20.171.207.222 - - [28/Apr/2025:08:49:12 -0400] "GET /wp-content/uploads/2024/09/Untitled_design__79_-removebg-preview.png%20300w,%20https:/360legaljusticehub.com/wp-content/uploads/2024/09/Untitled_design__79_-removebg-preview-150x150.png%20150w HTTP/1.1" 404 24443 "-" "Mozilla/5.0 AppleWebKit/537.36 (KHTML, like Gecko; compatible; GPTBot/1.2; +https://openai.com/gptbot)"
20.171.207.222 - - [28/Apr/2025:09:01:01 -0400] "GET /wp-json/elementskit/v1/ HTTP/1.1" 404 114 "-" "Mozilla/5.0 AppleWebKit/537.36 (KHTML, like Gecko; compatible; GPTBot/1.2; +https://openai.com/gptbot)"
66.29.132.124 - - [28/Apr/2025:09:01:11 -0400] "POST /wp-cron.php?doing_wp_cron=1745845270.8301301002502441406250 HTTP/1.1" 200 0 "-" "WordPress/6.8; https://360legaljusticehub.com"
66.29.132.124 - - [28/Apr/2025:09:01:12 -0400] "POST /wp-admin/admin-ajax.php?action=async_litespeed&nonce=yPTtNSomt3gV4TFxKqSZdnioI6kIU862&litespeed_type=imgoptm HTTP/1.1" 200 0 "-" "WordPress/6.8; https://360legaljusticehub.com"
20.171.207.222 - - [28/Apr/2025:09:01:03 -0400] "GET /wp-content/uploads/2024/09/Untitled_design__79_-removebg-preview.png%20300w,%20https:/360legaljusticehub.com/wp-content/uploads/2024/09/Untitled_design__79_-removebg-preview-150x150.png%20150w HTTP/1.1" 404 24444 "-" "Mozilla/5.0 AppleWebKit/537.36 (KHTML, like Gecko; compatible; GPTBot/1.2; +https://openai.com/gptbot)"
47.128.32.15 - - [28/Apr/2025:09:04:44 -0400] "GET / HTTP/1.1" 200 30722 "-" "Mozilla/5.0 (Linux; Android 5.0) AppleWebKit/537.36 (KHTML, like Gecko) Mobile Safari/537.36 (compatible; Bytespider; spider-feedback@bytedance.com)"
47.128.32.15 - - [28/Apr/2025:09:04:45 -0400] "GET /wp-content/uploads/elementor/css/post-15.css?ver=1744766852 HTTP/1.1" 200 3159 "https://360legaljusticehub.com/" "Mozilla/5.0 (Linux; Android 5.0) AppleWebKit/537.36 (KHTML, like Gecko) Mobile Safari/537.36 (compatible; Bytespider; spider-feedback@bytedance.com)"
47.128.32.15 - - [28/Apr/2025:09:04:46 -0400] "GET /wp-content/plugins/elementor/assets/css/widget-heading.min.css?ver=3.28.4 HTTP/1.1" 200 154 "https://360legaljusticehub.com/" "Mozilla/5.0 (Linux; Android 5.0) AppleWebKit/537.36 (KHTML, like Gecko) Mobile Safari/537.36 (compatible; Bytespider; spider-feedback@bytedance.com)"
47.128.32.15 - - [28/Apr/2025:09:04:46 -0400] "GET /wp-content/plugins/elementor/assets/lib/animations/styles/fadeInLeft.min.css?ver=3.28.4 HTTP/1.1" 200 137 "https://360legaljusticehub.com/" "Mozilla/5.0 (Linux; Android 5.0) AppleWebKit/537.36 (KHTML, like Gecko) Mobile Safari/537.36 (compatible; Bytespider; spider-feedback@bytedance.com)"
47.128.32.15 - - [28/Apr/2025:09:04:46 -0400] "GET /wp-content/plugins/pro-elements/assets/css/frontend.min.css?ver=3.23.3 HTTP/1.1" 200 43433 "https://360legaljusticehub.com/" "Mozilla/5.0 (Linux; Android 5.0) AppleWebKit/537.36 (KHTML, like Gecko) Mobile Safari/537.36 (compatible; Bytespider; spider-feedback@bytedance.com)"
47.128.32.15 - - [28/Apr/2025:09:04:46 -0400] "GET /wp-content/uploads/elementor/css/post-9.css?ver=1744766851 HTTP/1.1" 200 368 "https://360legaljusticehub.com/" "Mozilla/5.0 (Linux; Android 5.0) AppleWebKit/537.36 (KHTML, like Gecko) Mobile Safari/537.36 (compatible; Bytespider; spider-feedback@bytedance.com)"
47.128.32.15 - - [28/Apr/2025:09:04:46 -0400] "GET /wp-content/themes/hello-elementor/theme.min.css?ver=3.3.0 HTTP/1.1" 200 1131 "https://360legaljusticehub.com/" "Mozilla/5.0 (Linux; Android 5.0) AppleWebKit/537.36 (KHTML, like Gecko) Mobile Safari/537.36 (compatible; Bytespider; spider-feedback@bytedance.com)"
47.128.32.15 - - [28/Apr/2025:09:04:46 -0400] "GET /wp-content/uploads/elementor/css/post-112.css?ver=1744766851 HTTP/1.1" 200 1484 "https://360legaljusticehub.com/" "Mozilla/5.0 (Linux; Android 5.0) AppleWebKit/537.36 (KHTML, like Gecko) Mobile Safari/537.36 (compatible; Bytespider; spider-feedback@bytedance.com)"
47.128.32.15 - - [28/Apr/2025:09:04:46 -0400] "GET /wp-content/plugins/elementor/assets/lib/animations/styles/fadeInUp.min.css?ver=3.28.4 HTTP/1.1" 200 130 "https://360legaljusticehub.com/" "Mozilla/5.0 (Linux; Android 5.0) AppleWebKit/537.36 (KHTML, like Gecko) Mobile Safari/537.36 (compatible; Bytespider; spider-feedback@bytedance.com)"
47.128.32.15 - - [28/Apr/2025:09:04:46 -0400] "GET /wp-content/themes/hello-elementor/header-footer.min.css?ver=3.3.0 HTTP/1.1" 200 1292 "https://360legaljusticehub.com/" "Mozilla/5.0 (Linux; Android 5.0) AppleWebKit/537.36 (KHTML, like Gecko) Mobile Safari/537.36 (compatible; Bytespider; spider-feedback@bytedance.com)"
47.128.32.15 - - [28/Apr/2025:09:04:46 -0400] "GET /wp-content/plugins/elementor/assets/lib/animations/styles/fadeInRight.min.css?ver=3.28.4 HTTP/1.1" 200 139 "https://360legaljusticehub.com/" "Mozilla/5.0 (Linux; Android 5.0) AppleWebKit/537.36 (KHTML, like Gecko) Mobile Safari/537.36 (compatible; Bytespider; spider-feedback@bytedance.com)"
47.128.32.15 - - [28/Apr/2025:09:04:46 -0400] "GET /wp-content/themes/hello-elementor/style.min.css?ver=3.3.0 HTTP/1.1" 200 1591 "https://360legaljusticehub.com/" "Mozilla/5.0 (Linux; Android 5.0) AppleWebKit/537.36 (KHTML, like Gecko) Mobile Safari/537.36 (compatible; Bytespider; spider-feedback@bytedance.com)"
47.128.32.15 - - [28/Apr/2025:09:04:46 -0400] "GET /wp-content/plugins/click-to-chat-for-whatsapp/new/inc/assets/css/main.css?ver=4.20 HTTP/1.1" 200 511 "https://360legaljusticehub.com/" "Mozilla/5.0 (Linux; Android 5.0) AppleWebKit/537.36 (KHTML, like Gecko) Mobile Safari/537.36 (compatible; Bytespider; spider-feedback@bytedance.com)"
47.128.32.15 - - [28/Apr/2025:09:04:46 -0400] "GET /wp-content/plugins/elementor/assets/css/widget-counter.min.css?ver=3.28.4 HTTP/1.1" 200 234 "https://360legaljusticehub.com/" "Mozilla/5.0 (Linux; Android 5.0) AppleWebKit/537.36 (KHTML, like Gecko) Mobile Safari/537.36 (compatible; Bytespider; spider-feedback@bytedance.com)"
47.128.32.15 - - [28/Apr/2025:09:04:46 -0400] "GET /wp-content/plugins/elementor/assets/css/frontend.min.css?ver=3.28.4 HTTP/1.1" 200 6453 "https://360legaljusticehub.com/" "Mozilla/5.0 (Linux; Android 5.0) AppleWebKit/537.36 (KHTML, like Gecko) Mobile Safari/537.36 (compatible; Bytespider; spider-feedback@bytedance.com)"
47.128.32.15 - - [28/Apr/2025:09:04:46 -0400] "GET /wp-content/plugins/elementor/assets/css/widget-image.min.css?ver=3.28.4 HTTP/1.1" 200 254 "https://360legaljusticehub.com/" "Mozilla/5.0 (Linux; Android 5.0) AppleWebKit/537.36 (KHTML, like Gecko) Mobile Safari/537.36 (compatible; Bytespider; spider-feedback@bytedance.com)"
47.128.32.15 - - [28/Apr/2025:09:04:46 -0400] "GET /wp-content/plugins/elementor/assets/lib/animations/styles/fadeIn.min.css?ver=3.28.4 HTTP/1.1" 200 77 "https://360legaljusticehub.com/" "Mozilla/5.0 (Linux; Android 5.0) AppleWebKit/537.36 (KHTML, like Gecko) Mobile Safari/537.36 (compatible; Bytespider; spider-feedback@bytedance.com)"
47.128.32.15 - - [28/Apr/2025:09:04:46 -0400] "GET /wp-content/plugins/elementor/assets/css/widget-divider.min.css?ver=3.28.4 HTTP/1.1" 200 707 "https://360legaljusticehub.com/" "Mozilla/5.0 (Linux; Android 5.0) AppleWebKit/537.36 (KHTML, like Gecko) Mobile Safari/537.36 (compatible; Bytespider; spider-feedback@bytedance.com)"
47.128.32.15 - - [28/Apr/2025:09:04:46 -0400] "GET /wp-content/plugins/elementor/assets/lib/animations/styles/e-animation-float.min.css?ver=3.28.4 HTTP/1.1" 200 244 "https://360legaljusticehub.com/" "Mozilla/5.0 (Linux; Android 5.0) AppleWebKit/537.36 (KHTML, like Gecko) Mobile Safari/537.36 (compatible; Bytespider; spider-feedback@bytedance.com)"
47.128.32.15 - - [28/Apr/2025:09:04:46 -0400] "GET /wp-content/uploads/elementor/css/post-73.css?ver=1744766850 HTTP/1.1" 200 1682 "https://360legaljusticehub.com/" "Mozilla/5.0 (Linux; Android 5.0) AppleWebKit/537.36 (KHTML, like Gecko) Mobile Safari/537.36 (compatible; Bytespider; spider-feedback@bytedance.com)"
47.128.32.15 - - [28/Apr/2025:09:04:46 -0400] "GET /wp-content/plugins/elementskit-lite/widgets/init/assets/css/widget-styles.css?ver=3.5.0 HTTP/1.1" 200 48223 "https://360legaljusticehub.com/" "Mozilla/5.0 (Linux; Android 5.0) AppleWebKit/537.36 (KHTML, like Gecko) Mobile Safari/537.36 (compatible; Bytespider; spider-feedback@bytedance.com)"
47.128.32.15 - - [28/Apr/2025:09:04:46 -0400] "GET /wp-content/uploads/elementor/google-fonts/css/amiri.css?ver=1742308082 HTTP/1.1" 200 681 "https://360legaljusticehub.com/" "Mozilla/5.0 (Linux; Android 5.0) AppleWebKit/537.36 (KHTML, like Gecko) Mobile Safari/537.36 (compatible; Bytespider; spider-feedback@bytedance.com)"
47.128.32.15 - - [28/Apr/2025:09:04:46 -0400] "GET /wp-content/plugins/elementskit-lite/widgets/init/assets/css/responsive.css?ver=3.5.0 HTTP/1.1" 200 2859 "https://360legaljusticehub.com/" "Mozilla/5.0 (Linux; Android 5.0) AppleWebKit/537.36 (KHTML, like Gecko) Mobile Safari/537.36 (compatible; Bytespider; spider-feedback@bytedance.com)"
47.128.32.15 - - [28/Apr/2025:09:04:46 -0400] "GET /wp-content/uploads/elementor/google-fonts/css/roboto.css?ver=1742308081 HTTP/1.1" 200 1881 "https://360legaljusticehub.com/" "Mozilla/5.0 (Linux; Android 5.0) AppleWebKit/537.36 (KHTML, like Gecko) Mobile Safari/537.36 (compatible; Bytespider; spider-feedback@bytedance.com)"
47.128.32.15 - - [28/Apr/2025:09:04:46 -0400] "GET /wp-content/plugins/essential-addons-for-elementor-lite/assets/front-end/css/view/general.min.css?ver=6.1.11 HTTP/1.1" 200 1365 "https://360legaljusticehub.com/" "Mozilla/5.0 (Linux; Android 5.0) AppleWebKit/537.36 (KHTML, like Gecko) Mobile Safari/537.36 (compatible; Bytespider; spider-feedback@bytedance.com)"
47.128.32.15 - - [28/Apr/2025:09:04:46 -0400] "GET /wp-content/uploads/elementor/google-fonts/css/didactgothic.css?ver=1742308093 HTTP/1.1" 200 507 "https://360legaljusticehub.com/" "Mozilla/5.0 (Linux; Android 5.0) AppleWebKit/537.36 (KHTML, like Gecko) Mobile Safari/537.36 (compatible; Bytespider; spider-feedback@bytedance.com)"
47.128.32.15 - - [28/Apr/2025:09:04:46 -0400] "GET /wp-content/uploads/2024/09/Untitled_design__79_-removebg-preview.png HTTP/1.1" 206 500 "https://360legaljusticehub.com/" "Mozilla/5.0 (Linux; Android 5.0) AppleWebKit/537.36 (KHTML, like Gecko) Mobile Safari/537.36 (compatible; Bytespider; spider-feedback@bytedance.com)"
47.128.32.15 - - [28/Apr/2025:09:04:46 -0400] "GET /wp-content/uploads/elementor/google-fonts/css/lato.css?ver=1742308095 HTTP/1.1" 200 540 "https://360legaljusticehub.com/" "Mozilla/5.0 (Linux; Android 5.0) AppleWebKit/537.36 (KHTML, like Gecko) Mobile Safari/537.36 (compatible; Bytespider; spider-feedback@bytedance.com)"
47.128.32.15 - - [28/Apr/2025:09:04:46 -0400] "GET /wp-content/uploads/elementor/google-fonts/css/robotoslab.css?ver=1742308101 HTTP/1.1" 200 714 "https://360legaljusticehub.com/" "Mozilla/5.0 (Linux; Android 5.0) AppleWebKit/537.36 (KHTML, like Gecko) Mobile Safari/537.36 (compatible; Bytespider; spider-feedback@bytedance.com)"
47.128.32.15 - - [28/Apr/2025:09:04:46 -0400] "GET /wp-content/uploads/elementor/google-fonts/css/montserrat.css?ver=1742308092 HTTP/1.1" 200 758 "https://360legaljusticehub.com/" "Mozilla/5.0 (Linux; Android 5.0) AppleWebKit/537.36 (KHTML, like Gecko) Mobile Safari/537.36 (compatible; Bytespider; spider-feedback@bytedance.com)"
47.128.32.15 - - [28/Apr/2025:09:04:46 -0400] "GET /wp-content/plugins/elementskit-lite/modules/elementskit-icon-pack/assets/css/ekiticons.css?ver=3.5.0 HTTP/1.1" 200 11776 "https://360legaljusticehub.com/" "Mozilla/5.0 (Linux; Android 5.0) AppleWebKit/537.36 (KHTML, like Gecko) Mobile Safari/537.36 (compatible; Bytespider; spider-feedback@bytedance.com)"
47.128.32.15 - - [28/Apr/2025:09:04:47 -0400] "GET /wp-content/plugins/elementor/assets/css/widget-icon-list.min.css?ver=3.28.4 HTTP/1.1" 200 957 "https://360legaljusticehub.com/" "Mozilla/5.0 (Linux; Android 5.0) AppleWebKit/537.36 (KHTML, like Gecko) Mobile Safari/537.36 (compatible; Bytespider; spider-feedback@bytedance.com)"
47.128.32.15 - - [28/Apr/2025:09:04:47 -0400] "GET /wp-content/plugins/brave-popup-builder/assets/css/frontend.min.css?ver=6.8 HTTP/1.1" 200 7994 "https://360legaljusticehub.com/" "Mozilla/5.0 (Linux; Android 5.0) AppleWebKit/537.36 (KHTML, like Gecko) Mobile Safari/537.36 (compatible; Bytespider; spider-feedback@bytedance.com)"
47.128.32.15 - - [28/Apr/2025:09:04:48 -0400] "GET /wp-content/uploads/2024/09/home1-icon2.png HTTP/1.1" 206 500 "https://360legaljusticehub.com/" "Mozilla/5.0 (Linux; Android 5.0) AppleWebKit/537.36 (KHTML, like Gecko) Mobile Safari/537.36 (compatible; Bytespider; spider-feedback@bytedance.com)"
47.128.32.15 - - [28/Apr/2025:09:04:48 -0400] "GET /wp-content/plugins/brave-popup-builder/assets/images/preloader.png HTTP/1.1" 206 119 "https://360legaljusticehub.com/" "Mozilla/5.0 (Linux; Android 5.0) AppleWebKit/537.36 (KHTML, like Gecko) Mobile Safari/537.36 (compatible; Bytespider; spider-feedback@bytedance.com)"
47.128.32.15 - - [28/Apr/2025:09:04:48 -0400] "GET /wp-content/uploads/2024/09/home1-icon1.png HTTP/1.1" 206 500 "https://360legaljusticehub.com/" "Mozilla/5.0 (Linux; Android 5.0) AppleWebKit/537.36 (KHTML, like Gecko) Mobile Safari/537.36 (compatible; Bytespider; spider-feedback@bytedance.com)"
47.128.32.15 - - [28/Apr/2025:09:04:48 -0400] "GET /wp-content/uploads/2024/09/2147852066-compressed.jpg HTTP/1.1" 206 500 "https://360legaljusticehub.com/wp-content/uploads/elementor/css/post-15.css?ver=1744766852" "Mozilla/5.0 (Linux; Android 5.0) AppleWebKit/537.36 (KHTML, like Gecko) Mobile Safari/537.36 (compatible; Bytespider; spider-feedback@bytedance.com)"
47.128.32.15 - - [28/Apr/2025:09:04:48 -0400] "GET /wp-content/uploads/2024/09/rawpixel-592442-unsplash-copyright-min.jpg HTTP/1.1" 206 500 "https://360legaljusticehub.com/wp-content/uploads/elementor/css/post-15.css?ver=1744766852" "Mozilla/5.0 (Linux; Android 5.0) AppleWebKit/537.36 (KHTML, like Gecko) Mobile Safari/537.36 (compatible; Bytespider; spider-feedback@bytedance.com)"
47.128.32.15 - - [28/Apr/2025:09:04:48 -0400] "GET /wp-content/uploads/2024/09/92976-1.jpg HTTP/1.1" 206 500 "https://360legaljusticehub.com/wp-content/uploads/elementor/css/post-15.css?ver=1744766852" "Mozilla/5.0 (Linux; Android 5.0) AppleWebKit/537.36 (KHTML, like Gecko) Mobile Safari/537.36 (compatible; Bytespider; spider-feedback@bytedance.com)"
47.128.32.15 - - [28/Apr/2025:09:04:48 -0400] "GET /wp-content/uploads/2024/09/4.jpg HTTP/1.1" 206 500 "https://360legaljusticehub.com/wp-content/uploads/elementor/css/post-15.css?ver=1744766852" "Mozilla/5.0 (Linux; Android 5.0) AppleWebKit/537.36 (KHTML, like Gecko) Mobile Safari/537.36 (compatible; Bytespider; spider-feedback@bytedance.com)"
47.128.32.15 - - [28/Apr/2025:09:04:48 -0400] "GET /wp-content/uploads/elementor/thumbs/rawpixel-592442-unsplash-copyright-min-qu3cu7x2c4dqdda7wkztwozljn76s35oudpz261jr8.jpg HTTP/1.1" 206 500 "https://360legaljusticehub.com/" "Mozilla/5.0 (Linux; Android 5.0) AppleWebKit/537.36 (KHTML, like Gecko) Mobile Safari/537.36 (compatible; Bytespider; spider-feedback@bytedance.com)"
47.128.32.15 - - [28/Apr/2025:09:04:48 -0400] "GET /wp-content/uploads/2024/09/home1-icon4.png HTTP/1.1" 206 500 "https://360legaljusticehub.com/" "Mozilla/5.0 (Linux; Android 5.0) AppleWebKit/537.36 (KHTML, like Gecko) Mobile Safari/537.36 (compatible; Bytespider; spider-feedback@bytedance.com)"
47.128.32.15 - - [28/Apr/2025:09:04:48 -0400] "GET /wp-content/uploads/2024/09/home1-icon6.png HTTP/1.1" 206 500 "https://360legaljusticehub.com/" "Mozilla/5.0 (Linux; Android 5.0) AppleWebKit/537.36 (KHTML, like Gecko) Mobile Safari/537.36 (compatible; Bytespider; spider-feedback@bytedance.com)"
47.128.32.15 - - [28/Apr/2025:09:04:48 -0400] "GET /wp-content/uploads/2024/09/home1-icon3.png HTTP/1.1" 206 500 "https://360legaljusticehub.com/" "Mozilla/5.0 (Linux; Android 5.0) AppleWebKit/537.36 (KHTML, like Gecko) Mobile Safari/537.36 (compatible; Bytespider; spider-feedback@bytedance.com)"
47.128.32.15 - - [28/Apr/2025:09:04:48 -0400] "GET /wp-content/uploads/2024/09/home1-icon5.png HTTP/1.1" 206 500 "https://360legaljusticehub.com/" "Mozilla/5.0 (Linux; Android 5.0) AppleWebKit/537.36 (KHTML, like Gecko) Mobile Safari/537.36 (compatible; Bytespider; spider-feedback@bytedance.com)"
47.128.57.79 - - [28/Apr/2025:09:08:45 -0400] "GET /robots.txt HTTP/1.1" 200 120 "-" "Mozilla/5.0 (Linux; Android 5.0) AppleWebKit/537.36 (KHTML, like Gecko) Mobile Safari/537.36 (compatible; Bytespider; spider-feedback@bytedance.com)"
57.141.0.24 - - [28/Apr/2025:09:58:06 -0400] "GET / HTTP/1.1" 200 1514 "-" "meta-externalagent/1.1 (+https://developers.facebook.com/docs/sharing/webmasters/crawler)"
173.252.87.18 - - [28/Apr/2025:10:02:25 -0400] "GET /robots.txt HTTP/1.1" 200 0 "-" "facebookexternalhit/1.1 (+http://www.facebook.com/externalhit_uatext.php)"
66.29.132.124 - - [28/Apr/2025:10:02:38 -0400] "POST /wp-cron.php?doing_wp_cron=1745848957.3342039585113525390625 HTTP/1.1" 200 0 "-" "WordPress/6.8; https://360legaljusticehub.com"
66.29.132.124 - - [28/Apr/2025:10:02:40 -0400] "POST /wp-admin/admin-ajax.php?action=async_litespeed&nonce=wWkzVmAiKTAg4l2txDBMbezi2gE8cmf2&litespeed_type=imgoptm HTTP/1.1" 200 0 "-" "WordPress/6.8; https://360legaljusticehub.com"
66.29.132.124 - - [28/Apr/2025:10:40:50 -0400] "POST /wp-cron.php?doing_wp_cron=1745851249.0429379940032958984375 HTTP/1.1" 200 0 "-" "WordPress/6.8; https://360legaljusticehub.com"
20.171.207.222 - - [28/Apr/2025:10:40:36 -0400] "GET /wp-json/elementskit/v1/ HTTP/1.1" 404 114 "-" "Mozilla/5.0 AppleWebKit/537.36 (KHTML, like Gecko; compatible; GPTBot/1.2; +https://openai.com/gptbot)"
20.171.207.222 - - [28/Apr/2025:10:40:52 -0400] "GET /wp-content/uploads/2024/09/Untitled_design__79_-removebg-preview.png%20300w,%20https:/360legaljusticehub.com/wp-content/uploads/2024/09/Untitled_design__79_-removebg-preview-150x150.png%20150w HTTP/1.1" 404 24445 "-" "Mozilla/5.0 AppleWebKit/537.36 (KHTML, like Gecko; compatible; GPTBot/1.2; +https://openai.com/gptbot)"
66.29.132.124 - - [28/Apr/2025:11:11:27 -0400] "POST /wp-cron.php?doing_wp_cron=1745853086.1891551017761230468750 HTTP/1.1" 200 0 "-" "WordPress/6.8; https://360legaljusticehub.com"
85.196.241.148 - - [28/Apr/2025:11:11:15 -0400] "GET /wp-json/wp/v2/users HTTP/1.1" 200 854 "-" "Mozilla/5.0 (X11; Ubuntu; Linux i686; rv:24.0) Gecko/20100101 Firefox/24.0"
66.29.132.124 - - [28/Apr/2025:11:11:29 -0400] "POST /wp-admin/admin-ajax.php?action=async_litespeed&nonce=uIBx619maSNETHxBx9b9MB2SUJ7wkm2Z&litespeed_type=imgoptm HTTP/1.1" 200 0 "-" "WordPress/6.8; https://360legaljusticehub.com"
20.171.207.222 - - [28/Apr/2025:11:16:18 -0400] "GET /wp-json/elementskit/v1/ HTTP/1.1" 404 114 "-" "Mozilla/5.0 AppleWebKit/537.36 (KHTML, like Gecko; compatible; GPTBot/1.2; +https://openai.com/gptbot)"
66.29.132.124 - - [28/Apr/2025:11:16:30 -0400] "POST /wp-cron.php?doing_wp_cron=1745853390.5919361114501953125000 HTTP/1.1" 200 0 "-" "WordPress/6.8; https://360legaljusticehub.com"
66.29.132.124 - - [28/Apr/2025:11:16:32 -0400] "POST /wp-admin/admin-ajax.php?action=async_litespeed&nonce=9FbzlX0pT2rrRfYdBBkwYnhnZrtGixVR&litespeed_type=imgoptm HTTP/1.1" 200 0 "-" "WordPress/6.8; https://360legaljusticehub.com"
20.171.207.222 - - [28/Apr/2025:11:16:21 -0400] "GET /wp-content/uploads/2024/09/Untitled_design__79_-removebg-preview.png%20300w,%20https:/360legaljusticehub.com/wp-content/uploads/2024/09/Untitled_design__79_-removebg-preview-150x150.png%20150w HTTP/1.1" 404 24444 "-" "Mozilla/5.0 AppleWebKit/537.36 (KHTML, like Gecko; compatible; GPTBot/1.2; +https://openai.com/gptbot)"
66.29.132.124 - - [28/Apr/2025:11:16:36 -0400] "POST /wp-cron.php?doing_wp_cron=1745853395.6741030216217041015625 HTTP/1.1" 200 0 "-" "WordPress/6.8; https://360legaljusticehub.com"
20.171.207.222 - - [28/Apr/2025:11:16:34 -0400] "GET /env HTTP/1.1" 404 24375 "-" "Mozilla/5.0 AppleWebKit/537.36 (KHTML, like Gecko; compatible; GPTBot/1.2; +https://openai.com/gptbot)"
66.29.132.124 - - [28/Apr/2025:11:34:19 -0400] "POST /wp-cron.php?doing_wp_cron=1745854459.1951990127563476562500 HTTP/1.1" 200 0 "-" "WordPress/6.8; https://360legaljusticehub.com"
139.155.139.22 - - [28/Apr/2025:11:34:08 -0400] "GET / HTTP/1.1" 301 0 "http://www.360legaljusticehub.com" "Mozilla/5.0 (iPhone; CPU iPhone OS 13_2_3 like Mac OS X) AppleWebKit/605.1.15 (KHTML, like Gecko) Version/13.0.3 Mobile/15E148 Safari/604.1"
66.29.132.124 - - [28/Apr/2025:11:34:20 -0400] "POST /wp-admin/admin-ajax.php?action=async_litespeed&nonce=nuNyM5eco9wxpxtXw8G8u33dqJH4FxJG&litespeed_type=imgoptm HTTP/1.1" 200 0 "-" "WordPress/6.8; https://360legaljusticehub.com"
139.155.139.22 - - [28/Apr/2025:11:34:25 -0400] "GET / HTTP/1.1" 200 43699 "https://www.360legaljusticehub.com/" "Mozilla/5.0 (iPhone; CPU iPhone OS 13_2_3 like Mac OS X) AppleWebKit/605.1.15 (KHTML, like Gecko) Version/13.0.3 Mobile/15E148 Safari/604.1"
66.29.132.124 - - [28/Apr/2025:11:42:05 -0400] "POST /wp-cron.php?doing_wp_cron=1745854925.2909278869628906250000 HTTP/1.1" 200 0 "-" "WordPress/6.8; https://360legaljusticehub.com"
43.152.72.247 - - [28/Apr/2025:11:41:51 -0400] "GET / HTTP/1.1" 301 0 "http://www.360legaljusticehub.com" "Mozilla/5.0 (iPhone; CPU iPhone OS 13_2_3 like Mac OS X) AppleWebKit/605.1.15 (KHTML, like Gecko) Version/13.0.3 Mobile/15E148 Safari/604.1"
66.29.132.124 - - [28/Apr/2025:11:42:08 -0400] "POST /wp-admin/admin-ajax.php?action=async_litespeed&nonce=W91EEz8wLFyeCwatcQf8KmRzWayaVIjr&litespeed_type=imgoptm HTTP/1.1" 200 0 "-" "WordPress/6.8; https://360legaljusticehub.com"
43.152.72.247 - - [28/Apr/2025:11:42:10 -0400] "GET / HTTP/1.1" 200 43699 "https://www.360legaljusticehub.com/" "Mozilla/5.0 (iPhone; CPU iPhone OS 13_2_3 like Mac OS X) AppleWebKit/605.1.15 (KHTML, like Gecko) Version/13.0.3 Mobile/15E148 Safari/604.1"
66.29.132.124 - - [28/Apr/2025:11:48:29 -0400] "POST /wp-cron.php?doing_wp_cron=1745855309.7666308879852294921875 HTTP/1.1" 200 0 "-" "WordPress/6.8; https://360legaljusticehub.com"
20.171.207.222 - - [28/Apr/2025:11:48:20 -0400] "GET /wp-json/elementskit/v1/ HTTP/1.1" 404 114 "-" "Mozilla/5.0 AppleWebKit/537.36 (KHTML, like Gecko; compatible; GPTBot/1.2; +https://openai.com/gptbot)"
66.29.132.124 - - [28/Apr/2025:11:48:31 -0400] "POST /wp-admin/admin-ajax.php?action=async_litespeed&nonce=PjNQEhL8bF0S7ue96UauhHgcoJupUUIY&litespeed_type=imgoptm HTTP/1.1" 200 0 "-" "WordPress/6.8; https://360legaljusticehub.com"
20.171.207.222 - - [28/Apr/2025:11:48:32 -0400] "GET /wp-content/uploads/2024/09/Untitled_design__79_-removebg-preview.png%20300w,%20https:/360legaljusticehub.com/wp-content/uploads/2024/09/Untitled_design__79_-removebg-preview-150x150.png%20150w HTTP/1.1" 404 24444 "-" "Mozilla/5.0 AppleWebKit/537.36 (KHTML, like Gecko; compatible; GPTBot/1.2; +https://openai.com/gptbot)"
20.171.207.222 - - [28/Apr/2025:11:49:31 -0400] "GET /wp-json/elementskit/v1/ HTTP/1.1" 404 114 "-" "Mozilla/5.0 AppleWebKit/537.36 (KHTML, like Gecko; compatible; GPTBot/1.2; +https://openai.com/gptbot)"
66.29.132.124 - - [28/Apr/2025:11:49:35 -0400] "POST /wp-cron.php?doing_wp_cron=1745855375.1726090908050537109375 HTTP/1.1" 200 0 "-" "WordPress/6.8; https://360legaljusticehub.com"
20.171.207.222 - - [28/Apr/2025:11:49:34 -0400] "GET /wp-content/uploads/2024/09/Untitled_design__79_-removebg-preview.png%20300w,%20https:/360legaljusticehub.com/wp-content/uploads/2024/09/Untitled_design__79_-removebg-preview-150x150.png%20150w HTTP/1.1" 404 24443 "-" "Mozilla/5.0 AppleWebKit/537.36 (KHTML, like Gecko; compatible; GPTBot/1.2; +https://openai.com/gptbot)"
66.29.132.124 - - [28/Apr/2025:11:49:37 -0400] "POST /wp-admin/admin-ajax.php?action=async_litespeed&nonce=MQu8tQ6Td4jAnXM9Ee3jCCXkgZFVU0on&litespeed_type=imgoptm HTTP/1.1" 200 0 "-" "WordPress/6.8; https://360legaljusticehub.com"
43.135.138.128 - - [28/Apr/2025:11:55:31 -0400] "GET / HTTP/1.1" 200 43699 "http://360legaljusticehub.com" "Mozilla/5.0 (iPhone; CPU iPhone OS 13_2_3 like Mac OS X) AppleWebKit/605.1.15 (KHTML, like Gecko) Version/13.0.3 Mobile/15E148 Safari/604.1"
66.29.132.124 - - [28/Apr/2025:12:09:22 -0400] "POST /wp-cron.php?doing_wp_cron=1745856561.6004760265350341796875 HTTP/1.1" 200 0 "-" "WordPress/6.8; https://360legaljusticehub.com"
66.29.132.124 - - [28/Apr/2025:12:09:23 -0400] "POST /wp-admin/admin-ajax.php?action=async_litespeed&nonce=HFErvHXas69FsFyj6b4TeFrgtGipKK6n&litespeed_type=imgoptm HTTP/1.1" 200 0 "-" "WordPress/6.8; https://360legaljusticehub.com"
20.171.207.222 - - [28/Apr/2025:12:09:10 -0400] "GET /wp-includes/certificates/makeasmtp.php HTTP/1.1" 404 24436 "-" "Mozilla/5.0 AppleWebKit/537.36 (KHTML, like Gecko; compatible; GPTBot/1.2; +https://openai.com/gptbot)"
66.29.132.124 - - [28/Apr/2025:12:10:51 -0400] "POST /wp-cron.php?doing_wp_cron=1745856650.8125040531158447265625 HTTP/1.1" 200 0 "-" "WordPress/6.8; https://360legaljusticehub.com"
20.171.207.222 - - [28/Apr/2025:12:10:47 -0400] "GET /api/appsettings.json HTTP/1.1" 404 24415 "-" "Mozilla/5.0 AppleWebKit/537.36 (KHTML, like Gecko; compatible; GPTBot/1.2; +https://openai.com/gptbot)"
66.29.132.124 - - [28/Apr/2025:12:10:55 -0400] "POST /wp-admin/admin-ajax.php?action=async_litespeed&nonce=78aINburB8iWcmJtzOcBmUuzwqxc2bKa&litespeed_type=imgoptm HTTP/1.1" 200 0 "-" "WordPress/6.8; https://360legaljusticehub.com"
20.171.207.222 - - [28/Apr/2025:12:14:34 -0400] "GET /wp-json/elementskit/v1/ HTTP/1.1" 404 114 "-" "Mozilla/5.0 AppleWebKit/537.36 (KHTML, like Gecko; compatible; GPTBot/1.2; +https://openai.com/gptbot)"
66.29.132.124 - - [28/Apr/2025:12:14:42 -0400] "POST /wp-cron.php?doing_wp_cron=1745856881.7266678810119628906250 HTTP/1.1" 200 0 "-" "WordPress/6.8; https://360legaljusticehub.com"
20.171.207.222 - - [28/Apr/2025:12:14:39 -0400] "GET /wp-content/uploads/2024/09/Untitled_design__79_-removebg-preview.png%20300w,%20https:/360legaljusticehub.com/wp-content/uploads/2024/09/Untitled_design__79_-removebg-preview-150x150.png%20150w HTTP/1.1" 404 24444 "-" "Mozilla/5.0 AppleWebKit/537.36 (KHTML, like Gecko; compatible; GPTBot/1.2; +https://openai.com/gptbot)"
66.29.132.124 - - [28/Apr/2025:12:14:44 -0400] "POST /wp-admin/admin-ajax.php?action=async_litespeed&nonce=cDRqBvON456r53B2CUv7hQCGPxK149UA&litespeed_type=imgoptm HTTP/1.1" 200 0 "-" "WordPress/6.8; https://360legaljusticehub.com"
54.36.148.141 - - [28/Apr/2025:12:23:28 -0400] "GET /comments/feed/ HTTP/1.1" 304 0 "-" "Mozilla/5.0 (compatible; AhrefsBot/7.0; +http://ahrefs.com/robot/)"
4.227.36.118 - - [28/Apr/2025:13:10:47 -0400] "GET /robots.txt HTTP/1.1" 200 103 "-" "Mozilla/5.0 AppleWebKit/537.36 (KHTML, like Gecko; compatible; GPTBot/1.2; +https://openai.com/gptbot)"
66.29.132.124 - - [28/Apr/2025:13:10:57 -0400] "POST /wp-cron.php?doing_wp_cron=1745860257.0624449253082275390625 HTTP/1.1" 200 0 "-" "WordPress/6.8; https://360legaljusticehub.com"
66.29.132.124 - - [28/Apr/2025:13:10:59 -0400] "POST /wp-admin/admin-ajax.php?action=async_litespeed&nonce=oqQYFyTIhw7P1rF1jf1m4yPgjNgD9ewu&litespeed_type=imgoptm HTTP/1.1" 200 0 "-" "WordPress/6.8; https://360legaljusticehub.com"
20.171.207.222 - - [28/Apr/2025:13:10:48 -0400] "GET /img/xmrlpc.php HTTP/1.1" 404 24439 "-" "Mozilla/5.0 AppleWebKit/537.36 (KHTML, like Gecko; compatible; GPTBot/1.2; +https://openai.com/gptbot)"
66.29.132.124 - - [28/Apr/2025:13:21:13 -0400] "POST /wp-cron.php?doing_wp_cron=1745860872.5628681182861328125000 HTTP/1.1" 200 0 "-" "WordPress/6.8; https://360legaljusticehub.com"
20.171.207.222 - - [28/Apr/2025:13:21:03 -0400] "GET /wp-json/elementskit/v1/ HTTP/1.1" 404 114 "-" "Mozilla/5.0 AppleWebKit/537.36 (KHTML, like Gecko; compatible; GPTBot/1.2; +https://openai.com/gptbot)"
66.29.132.124 - - [28/Apr/2025:13:21:16 -0400] "POST /wp-admin/admin-ajax.php?action=async_litespeed&nonce=leXYB53q9M4hvBxji9T8WFX0QOZFLBQq&litespeed_type=imgoptm HTTP/1.1" 200 0 "-" "WordPress/6.8; https://360legaljusticehub.com"
20.171.207.222 - - [28/Apr/2025:13:21:15 -0400] "GET /wp-content/uploads/2024/09/Untitled_design__79_-removebg-preview.png%20300w,%20https:/360legaljusticehub.com/wp-content/uploads/2024/09/Untitled_design__79_-removebg-preview-150x150.png%20150w HTTP/1.1" 404 24444 "-" "Mozilla/5.0 AppleWebKit/537.36 (KHTML, like Gecko; compatible; GPTBot/1.2; +https://openai.com/gptbot)"
66.29.132.124 - - [28/Apr/2025:13:31:02 -0400] "POST /wp-cron.php?doing_wp_cron=1745861462.3333680629730224609375 HTTP/1.1" 200 0 "-" "WordPress/6.8; https://360legaljusticehub.com"
66.29.132.124 - - [28/Apr/2025:13:31:02 -0400] "POST /wp-admin/admin-ajax.php?action=async_litespeed&nonce=nRkCNoa7SttZyWqEZZbY1OJzfejo6oRZ&litespeed_type=imgoptm HTTP/1.1" 200 0 "-" "WordPress/6.8; https://360legaljusticehub.com"
20.171.207.222 - - [28/Apr/2025:13:30:51 -0400] "GET /config/actuator/env HTTP/1.1" 404 24349 "-" "Mozilla/5.0 AppleWebKit/537.36 (KHTML, like Gecko; compatible; GPTBot/1.2; +https://openai.com/gptbot)"
66.29.132.124 - - [28/Apr/2025:13:58:58 -0400] "POST /wp-cron.php?doing_wp_cron=1745863138.7751169204711914062500 HTTP/1.1" 200 0 "-" "WordPress/6.8; https://360legaljusticehub.com"
66.29.132.124 - - [28/Apr/2025:13:59:00 -0400] "POST /wp-admin/admin-ajax.php?action=async_litespeed&nonce=kjyjEyH21UUSd5UOJnjl3oiztSZYWkIK&litespeed_type=imgoptm HTTP/1.1" 200 0 "-" "WordPress/6.8; https://360legaljusticehub.com"
20.171.207.222 - - [28/Apr/2025:13:58:49 -0400] "GET /www/env HTTP/1.1" 404 24401 "-" "Mozilla/5.0 AppleWebKit/537.36 (KHTML, like Gecko; compatible; GPTBot/1.2; +https://openai.com/gptbot)"
20.171.207.222 - - [28/Apr/2025:13:59:24 -0400] "GET /wp-json/elementskit/v1/ HTTP/1.1" 404 114 "-" "Mozilla/5.0 AppleWebKit/537.36 (KHTML, like Gecko; compatible; GPTBot/1.2; +https://openai.com/gptbot)"
66.29.132.124 - - [28/Apr/2025:13:59:28 -0400] "POST /wp-cron.php?doing_wp_cron=1745863167.9574990272521972656250 HTTP/1.1" 200 0 "-" "WordPress/6.8; https://360legaljusticehub.com"
20.171.207.222 - - [28/Apr/2025:13:59:27 -0400] "GET /wp-content/uploads/2024/09/Untitled_design__79_-removebg-preview.png%20300w,%20https:/360legaljusticehub.com/wp-content/uploads/2024/09/Untitled_design__79_-removebg-preview-150x150.png%20150w HTTP/1.1" 404 24444 "-" "Mozilla/5.0 AppleWebKit/537.36 (KHTML, like Gecko; compatible; GPTBot/1.2; +https://openai.com/gptbot)"
20.171.207.222 - - [28/Apr/2025:14:00:00 -0400] "GET /wp-json/elementskit/v1/ HTTP/1.1" 404 114 "-" "Mozilla/5.0 AppleWebKit/537.36 (KHTML, like Gecko; compatible; GPTBot/1.2; +https://openai.com/gptbot)"
66.29.132.124 - - [28/Apr/2025:14:00:06 -0400] "POST /wp-cron.php?doing_wp_cron=1745863205.5286540985107421875000 HTTP/1.1" 200 0 "-" "WordPress/6.8; https://360legaljusticehub.com"
20.171.207.222 - - [28/Apr/2025:14:00:04 -0400] "GET /wp-content/uploads/2024/09/Untitled_design__79_-removebg-preview.png%20300w,%20https:/360legaljusticehub.com/wp-content/uploads/2024/09/Untitled_design__79_-removebg-preview-150x150.png%20150w HTTP/1.1" 404 24444 "-" "Mozilla/5.0 AppleWebKit/537.36 (KHTML, like Gecko; compatible; GPTBot/1.2; +https://openai.com/gptbot)"
66.29.132.124 - - [28/Apr/2025:14:00:10 -0400] "POST /wp-admin/admin-ajax.php?action=async_litespeed&nonce=795MgffANHR4qSj2SIwl8E5OeEFBCRYp&litespeed_type=imgoptm HTTP/1.1" 200 0 "-" "WordPress/6.8; https://360legaljusticehub.com"
66.29.132.124 - - [28/Apr/2025:14:07:43 -0400] "POST /wp-cron.php?doing_wp_cron=1745863661.3530919551849365234375 HTTP/1.1" 200 0 "-" "WordPress/6.8; https://360legaljusticehub.com"
20.171.207.222 - - [28/Apr/2025:14:07:29 -0400] "GET /360legaljusticehub/actuator/env HTTP/1.1" 404 24441 "-" "Mozilla/5.0 AppleWebKit/537.36 (KHTML, like Gecko; compatible; GPTBot/1.2; +https://openai.com/gptbot)"
66.29.132.124 - - [28/Apr/2025:14:11:54 -0400] "POST /wp-cron.php?doing_wp_cron=1745863911.9740219116210937500000 HTTP/1.1" 200 0 "-" "WordPress/6.8; https://360legaljusticehub.com"
20.171.207.222 - - [28/Apr/2025:14:11:39 -0400] "GET /wp-content/uploads/2024/09/Untitled_design__79_-removebg-preview.png%20300w,%20https:/360legaljusticehub.com/wp-content/uploads/2024/09/Untitled_design__79_-removebg-preview-150x150.png%20150w HTTP/1.1" 404 24444 "-" "Mozilla/5.0 AppleWebKit/537.36 (KHTML, like Gecko; compatible; GPTBot/1.2; +https://openai.com/gptbot)"
20.171.207.222 - - [28/Apr/2025:14:11:57 -0400] "GET /wp-json/elementskit/v1/ HTTP/1.1" 404 114 "-" "Mozilla/5.0 AppleWebKit/537.36 (KHTML, like Gecko; compatible; GPTBot/1.2; +https://openai.com/gptbot)"
66.29.132.124 - - [28/Apr/2025:14:16:32 -0400] "POST /wp-cron.php?doing_wp_cron=1745864192.5671648979187011718750 HTTP/1.1" 200 0 "-" "WordPress/6.8; https://360legaljusticehub.com"
66.29.132.124 - - [28/Apr/2025:14:16:33 -0400] "POST /wp-admin/admin-ajax.php?action=async_litespeed&nonce=bBZg299sTGxxVVYfIgOWQfzYuLH13ejo&litespeed_type=imgoptm HTTP/1.1" 200 0 "-" "WordPress/6.8; https://360legaljusticehub.com"
20.171.207.222 - - [28/Apr/2025:14:16:25 -0400] "GET /wp-content/uploads/2024/09/Untitled_design__79_-removebg-preview.png%20300w,%20https:/360legaljusticehub.com/wp-content/uploads/2024/09/Untitled_design__79_-removebg-preview-150x150.png%20150w HTTP/1.1" 404 24444 "-" "Mozilla/5.0 AppleWebKit/537.36 (KHTML, like Gecko; compatible; GPTBot/1.2; +https://openai.com/gptbot)"
20.171.207.222 - - [28/Apr/2025:14:16:35 -0400] "GET /wp-json/elementskit/v1/ HTTP/1.1" 404 114 "-" "Mozilla/5.0 AppleWebKit/537.36 (KHTML, like Gecko; compatible; GPTBot/1.2; +https://openai.com/gptbot)"
66.29.132.124 - - [28/Apr/2025:14:20:41 -0400] "POST /wp-cron.php?doing_wp_cron=1745864441.8536839485168457031250 HTTP/1.1" 200 0 "-" "WordPress/6.8; https://360legaljusticehub.com"
20.171.207.222 - - [28/Apr/2025:14:20:37 -0400] "GET /wp-content/uploads/2024/09/Untitled_design__79_-removebg-preview.png%20300w,%20https:/360legaljusticehub.com/wp-content/uploads/2024/09/Untitled_design__79_-removebg-preview-150x150.png%20150w HTTP/1.1" 404 24444 "-" "Mozilla/5.0 AppleWebKit/537.36 (KHTML, like Gecko; compatible; GPTBot/1.2; +https://openai.com/gptbot)"
20.171.207.222 - - [28/Apr/2025:14:20:43 -0400] "GET /wp-json/elementskit/v1/ HTTP/1.1" 404 114 "-" "Mozilla/5.0 AppleWebKit/537.36 (KHTML, like Gecko; compatible; GPTBot/1.2; +https://openai.com/gptbot)"
66.29.132.124 - - [28/Apr/2025:14:20:43 -0400] "POST /wp-admin/admin-ajax.php?action=async_litespeed&nonce=knFFzAedVJfqC778xk2JT2NbCTrChye2&litespeed_type=imgoptm HTTP/1.1" 200 0 "-" "WordPress/6.8; https://360legaljusticehub.com"
66.29.132.124 - - [28/Apr/2025:14:21:57 -0400] "POST /wp-cron.php?doing_wp_cron=1745864517.0201070308685302734375 HTTP/1.1" 200 0 "-" "WordPress/6.8; https://360legaljusticehub.com"
20.171.207.222 - - [28/Apr/2025:14:21:56 -0400] "GET /wp-json/elementskit/v1/ HTTP/1.1" 404 114 "-" "Mozilla/5.0 AppleWebKit/537.36 (KHTML, like Gecko; compatible; GPTBot/1.2; +https://openai.com/gptbot)"
66.29.132.124 - - [28/Apr/2025:14:21:58 -0400] "POST /wp-admin/admin-ajax.php?action=async_litespeed&nonce=QF9BPJmxmIzdUtjF9MuJcOEjQhYKWe8c&litespeed_type=imgoptm HTTP/1.1" 200 0 "-" "WordPress/6.8; https://360legaljusticehub.com"
20.171.207.222 - - [28/Apr/2025:14:21:59 -0400] "GET /wp-content/uploads/2024/09/Untitled_design__79_-removebg-preview.png%20300w,%20https:/360legaljusticehub.com/wp-content/uploads/2024/09/Untitled_design__79_-removebg-preview-150x150.png%20150w HTTP/1.1" 404 24444 "-" "Mozilla/5.0 AppleWebKit/537.36 (KHTML, like Gecko; compatible; GPTBot/1.2; +https://openai.com/gptbot)"
20.171.207.222 - - [28/Apr/2025:14:28:46 -0400] "GET /wp-json/elementskit/v1/ HTTP/1.1" 404 114 "-" "Mozilla/5.0 AppleWebKit/537.36 (KHTML, like Gecko; compatible; GPTBot/1.2; +https://openai.com/gptbot)"
66.29.132.124 - - [28/Apr/2025:14:28:57 -0400] "POST /wp-cron.php?doing_wp_cron=1745864937.5409760475158691406250 HTTP/1.1" 200 0 "-" "WordPress/6.8; https://360legaljusticehub.com"
66.29.132.124 - - [28/Apr/2025:14:28:59 -0400] "POST /wp-admin/admin-ajax.php?action=async_litespeed&nonce=eQiQT4W6gfzaqfbq2l1MJxGwh6A4YSfn&litespeed_type=imgoptm HTTP/1.1" 200 0 "-" "WordPress/6.8; https://360legaljusticehub.com"
20.171.207.222 - - [28/Apr/2025:14:28:49 -0400] "GET /wp-content/uploads/2024/09/Untitled_design__79_-removebg-preview.png%20300w,%20https:/360legaljusticehub.com/wp-content/uploads/2024/09/Untitled_design__79_-removebg-preview-150x150.png%20150w HTTP/1.1" 404 24444 "-" "Mozilla/5.0 AppleWebKit/537.36 (KHTML, like Gecko; compatible; GPTBot/1.2; +https://openai.com/gptbot)"
20.171.207.222 - - [28/Apr/2025:14:34:45 -0400] "GET /wp-json/elementskit/v1/ HTTP/1.1" 404 114 "-" "Mozilla/5.0 AppleWebKit/537.36 (KHTML, like Gecko; compatible; GPTBot/1.2; +https://openai.com/gptbot)"
66.29.132.124 - - [28/Apr/2025:14:34:57 -0400] "POST /wp-cron.php?doing_wp_cron=1745865296.1655879020690917968750 HTTP/1.1" 200 0 "-" "WordPress/6.8; https://360legaljusticehub.com"
20.171.207.222 - - [28/Apr/2025:14:34:47 -0400] "GET /wp-content/uploads/2024/09/Untitled_design__79_-removebg-preview.png%20300w,%20https:/360legaljusticehub.com/wp-content/uploads/2024/09/Untitled_design__79_-removebg-preview-150x150.png%20150w HTTP/1.1" 404 24444 "-" "Mozilla/5.0 AppleWebKit/537.36 (KHTML, like Gecko; compatible; GPTBot/1.2; +https://openai.com/gptbot)"
20.171.207.222 - - [28/Apr/2025:14:45:03 -0400] "GET /wp-json/elementskit/v1/ HTTP/1.1" 404 114 "-" "Mozilla/5.0 AppleWebKit/537.36 (KHTML, like Gecko; compatible; GPTBot/1.2; +https://openai.com/gptbot)"
66.29.132.124 - - [28/Apr/2025:14:45:20 -0400] "POST /wp-cron.php?doing_wp_cron=1745865920.1822381019592285156250 HTTP/1.1" 200 0 "-" "WordPress/6.8; https://360legaljusticehub.com"
66.29.132.124 - - [28/Apr/2025:14:45:21 -0400] "POST /wp-admin/admin-ajax.php?action=async_litespeed&nonce=2ojQePwrRDN9xYIM4JKZvmeTDNSkrFM8&litespeed_type=imgoptm HTTP/1.1" 200 0 "-" "WordPress/6.8; https://360legaljusticehub.com"
20.171.207.222 - - [28/Apr/2025:14:45:07 -0400] "GET /wp-content/uploads/2024/09/Untitled_design__79_-removebg-preview.png%20300w,%20https:/360legaljusticehub.com/wp-content/uploads/2024/09/Untitled_design__79_-removebg-preview-150x150.png%20150w HTTP/1.1" 404 24444 "-" "Mozilla/5.0 AppleWebKit/537.36 (KHTML, like Gecko; compatible; GPTBot/1.2; +https://openai.com/gptbot)"
101.42.117.179 - - [28/Apr/2025:14:45:55 -0400] "GET / HTTP/1.1" 200 43699 "http://360legaljusticehub.com" "Mozilla/5.0 (iPhone; CPU iPhone OS 13_2_3 like Mac OS X) AppleWebKit/605.1.15 (KHTML, like Gecko) Version/13.0.3 Mobile/15E148 Safari/604.1"
20.171.207.222 - - [28/Apr/2025:14:55:24 -0400] "GET /wp-json/elementskit/v1/ HTTP/1.1" 404 114 "-" "Mozilla/5.0 AppleWebKit/537.36 (KHTML, like Gecko; compatible; GPTBot/1.2; +https://openai.com/gptbot)"
66.29.132.124 - - [28/Apr/2025:14:55:37 -0400] "POST /wp-cron.php?doing_wp_cron=1745866536.9012629985809326171875 HTTP/1.1" 200 0 "-" "WordPress/6.8; https://360legaljusticehub.com"
66.29.132.124 - - [28/Apr/2025:14:55:39 -0400] "POST /wp-admin/admin-ajax.php?action=async_litespeed&nonce=69WdD6lEPTDB9C1oIgR6nXEZFA1F8upJ&litespeed_type=imgoptm HTTP/1.1" 200 0 "-" "WordPress/6.8; https://360legaljusticehub.com"
20.171.207.222 - - [28/Apr/2025:14:55:27 -0400] "GET /wp-content/uploads/2024/09/Untitled_design__79_-removebg-preview.png%20300w,%20https:/360legaljusticehub.com/wp-content/uploads/2024/09/Untitled_design__79_-removebg-preview-150x150.png%20150w HTTP/1.1" 404 24444 "-" "Mozilla/5.0 AppleWebKit/537.36 (KHTML, like Gecko; compatible; GPTBot/1.2; +https://openai.com/gptbot)"
20.171.207.222 - - [28/Apr/2025:14:56:45 -0400] "GET /wp-json/elementskit/v1/ HTTP/1.1" 404 114 "-" "Mozilla/5.0 AppleWebKit/537.36 (KHTML, like Gecko; compatible; GPTBot/1.2; +https://openai.com/gptbot)"
66.29.132.124 - - [28/Apr/2025:14:56:49 -0400] "POST /wp-cron.php?doing_wp_cron=1745866608.9143409729003906250000 HTTP/1.1" 200 0 "-" "WordPress/6.8; https://360legaljusticehub.com"
20.171.207.222 - - [28/Apr/2025:14:56:47 -0400] "GET /wp-content/uploads/2024/09/Untitled_design__79_-removebg-preview.png%20300w,%20https:/360legaljusticehub.com/wp-content/uploads/2024/09/Untitled_design__79_-removebg-preview-150x150.png%20150w HTTP/1.1" 404 24444 "-" "Mozilla/5.0 AppleWebKit/537.36 (KHTML, like Gecko; compatible; GPTBot/1.2; +https://openai.com/gptbot)"
66.29.132.124 - - [28/Apr/2025:14:56:50 -0400] "POST /wp-admin/admin-ajax.php?action=async_litespeed&nonce=QwOHUwNydx44t3RQfPyMhJE1qELRTem6&litespeed_type=imgoptm HTTP/1.1" 200 21 "-" "WordPress/6.8; https://360legaljusticehub.com"
66.29.132.124 - - [28/Apr/2025:15:09:07 -0400] "POST /wp-cron.php?doing_wp_cron=1745867346.9019110202789306640625 HTTP/1.1" 200 0 "-" "WordPress/6.8; https://360legaljusticehub.com"
66.29.132.124 - - [28/Apr/2025:15:09:08 -0400] "POST /wp-admin/admin-ajax.php?action=async_litespeed&nonce=8m4Augd98vXCA8xVBxBLrO56FKZjwqTM&litespeed_type=imgoptm HTTP/1.1" 200 0 "-" "WordPress/6.8; https://360legaljusticehub.com"
20.171.207.222 - - [28/Apr/2025:15:08:55 -0400] "GET /images/xmrlpc.php HTTP/1.1" 404 24450 "-" "Mozilla/5.0 AppleWebKit/537.36 (KHTML, like Gecko; compatible; GPTBot/1.2; +https://openai.com/gptbot)"
66.29.132.124 - - [28/Apr/2025:15:11:56 -0400] "POST /wp-cron.php?doing_wp_cron=1745867516.0217690467834472656250 HTTP/1.1" 200 0 "-" "WordPress/6.8; https://360legaljusticehub.com"
20.171.207.222 - - [28/Apr/2025:15:11:53 -0400] "GET /actuator HTTP/1.1" 404 24430 "-" "Mozilla/5.0 AppleWebKit/537.36 (KHTML, like Gecko; compatible; GPTBot/1.2; +https://openai.com/gptbot)"
66.29.132.124 - - [28/Apr/2025:15:11:57 -0400] "POST /wp-admin/admin-ajax.php?action=async_litespeed&nonce=xuV4pmUsrth8NlUWgS4NHMoNHn5ylUVd&litespeed_type=imgoptm HTTP/1.1" 200 0 "-" "WordPress/6.8; https://360legaljusticehub.com"
20.171.207.222 - - [28/Apr/2025:15:17:07 -0400] "GET /wp-json/elementskit/v1/ HTTP/1.1" 404 114 "-" "Mozilla/5.0 AppleWebKit/537.36 (KHTML, like Gecko; compatible; GPTBot/1.2; +https://openai.com/gptbot)"
66.29.132.124 - - [28/Apr/2025:15:17:22 -0400] "POST /wp-cron.php?doing_wp_cron=1745867842.2665319442749023437500 HTTP/1.1" 200 0 "-" "WordPress/6.8; https://360legaljusticehub.com"
66.29.132.124 - - [28/Apr/2025:15:17:24 -0400] "POST /wp-admin/admin-ajax.php?action=async_litespeed&nonce=gxmQM1gKDWxcXGqhmfzoE7CJMWREXenT&litespeed_type=imgoptm HTTP/1.1" 200 0 "-" "WordPress/6.8; https://360legaljusticehub.com"
20.171.207.222 - - [28/Apr/2025:15:17:11 -0400] "GET /wp-content/uploads/2024/09/Untitled_design__79_-removebg-preview.png%20300w,%20https:/360legaljusticehub.com/wp-content/uploads/2024/09/Untitled_design__79_-removebg-preview-150x150.png%20150w HTTP/1.1" 404 24443 "-" "Mozilla/5.0 AppleWebKit/537.36 (KHTML, like Gecko; compatible; GPTBot/1.2; +https://openai.com/gptbot)"
66.29.132.124 - - [28/Apr/2025:15:33:58 -0400] "POST /wp-cron.php?doing_wp_cron=1745868837.8583960533142089843750 HTTP/1.1" 200 0 "-" "WordPress/6.8; https://360legaljusticehub.com"
66.29.132.124 - - [28/Apr/2025:15:33:59 -0400] "POST /wp-admin/admin-ajax.php?action=async_litespeed&nonce=ys6ItF0qI8glJgJglI91LgCH1ehKO7iT&litespeed_type=imgoptm HTTP/1.1" 200 0 "-" "WordPress/6.8; https://360legaljusticehub.com"
20.171.207.222 - - [28/Apr/2025:15:33:45 -0400] "GET /env HTTP/1.1" 404 24374 "-" "Mozilla/5.0 AppleWebKit/537.36 (KHTML, like Gecko; compatible; GPTBot/1.2; +https://openai.com/gptbot)"
66.29.132.124 - - [28/Apr/2025:16:14:08 -0400] "POST /wp-cron.php?doing_wp_cron=1745871248.8073320388793945312500 HTTP/1.1" 200 0 "-" "WordPress/6.8; https://360legaljusticehub.com"
20.171.207.222 - - [28/Apr/2025:16:13:59 -0400] "GET /wp-json/elementskit/v1/ HTTP/1.1" 404 114 "-" "Mozilla/5.0 AppleWebKit/537.36 (KHTML, like Gecko; compatible; GPTBot/1.2; +https://openai.com/gptbot)"
66.29.132.124 - - [28/Apr/2025:16:14:09 -0400] "POST /wp-admin/admin-ajax.php?action=async_litespeed&nonce=kURQvjRvh1atk648u0GcIDuWkmeJruAb&litespeed_type=imgoptm HTTP/1.1" 200 21 "-" "WordPress/6.8; https://360legaljusticehub.com"
20.171.207.222 - - [28/Apr/2025:16:14:09 -0400] "GET /wp-content/uploads/2024/09/Untitled_design__79_-removebg-preview.png%20300w,%20https:/360legaljusticehub.com/wp-content/uploads/2024/09/Untitled_design__79_-removebg-preview-150x150.png%20150w HTTP/1.1" 404 24444 "-" "Mozilla/5.0 AppleWebKit/537.36 (KHTML, like Gecko; compatible; GPTBot/1.2; +https://openai.com/gptbot)"
20.171.207.222 - - [28/Apr/2025:16:43:11 -0400] "GET /wp-json/elementskit/v1/ HTTP/1.1" 404 114 "-" "Mozilla/5.0 AppleWebKit/537.36 (KHTML, like Gecko; compatible; GPTBot/1.2; +https://openai.com/gptbot)"
66.29.132.124 - - [28/Apr/2025:16:43:25 -0400] "POST /wp-cron.php?doing_wp_cron=1745873004.9382719993591308593750 HTTP/1.1" 200 0 "-" "WordPress/6.8; https://360legaljusticehub.com"
66.29.132.124 - - [28/Apr/2025:16:43:26 -0400] "POST /wp-admin/admin-ajax.php?action=async_litespeed&nonce=pdwSIGXZNakdTTTVAodFcm5hyJuH7JFZ&litespeed_type=imgoptm HTTP/1.1" 200 0 "-" "WordPress/6.8; https://360legaljusticehub.com"
20.171.207.222 - - [28/Apr/2025:16:43:14 -0400] "GET /wp-content/uploads/2024/09/Untitled_design__79_-removebg-preview.png%20300w,%20https:/360legaljusticehub.com/wp-content/uploads/2024/09/Untitled_design__79_-removebg-preview-150x150.png%20150w HTTP/1.1" 404 24444 "-" "Mozilla/5.0 AppleWebKit/537.36 (KHTML, like Gecko; compatible; GPTBot/1.2; +https://openai.com/gptbot)"
54.36.149.50 - - [28/Apr/2025:16:44:02 -0400] "GET /robots.txt HTTP/1.1" 200 103 "-" "Mozilla/5.0 (compatible; AhrefsBot/7.0; +http://ahrefs.com/robot/)"
64.227.104.90 - - [28/Apr/2025:16:49:14 -0400] "GET / HTTP/1.1" 200 205603 "-" "curl/8.9.1"
64.227.104.90 - - [28/Apr/2025:16:49:14 -0400] "GET / HTTP/1.1" 200 205603 "-" "curl/8.9.1"
66.29.132.124 - - [28/Apr/2025:17:30:41 -0400] "POST /wp-cron.php?doing_wp_cron=1745875841.2604470252990722656250 HTTP/1.1" 200 0 "-" "WordPress/6.8; https://360legaljusticehub.com"
173.252.83.2 - - [28/Apr/2025:17:30:32 -0400] "GET /robots.txt HTTP/1.1" 301 0 "-" "facebookexternalhit/1.1 (+http://www.facebook.com/externalhit_uatext.php)"
173.252.83.2 - - [28/Apr/2025:17:30:43 -0400] "GET /robots.txt HTTP/1.1" 200 123 "-" "facebookexternalhit/1.1 (+http://www.facebook.com/externalhit_uatext.php)"
66.29.132.124 - - [28/Apr/2025:17:30:42 -0400] "POST /wp-admin/admin-ajax.php?action=async_litespeed&nonce=BhR8dSfXx6ZYvJVw9bARSj11BeNgBqV0&litespeed_type=imgoptm HTTP/1.1" 200 0 "-" "WordPress/6.8; https://360legaljusticehub.com"
66.29.132.124 - - [28/Apr/2025:18:01:51 -0400] "POST /wp-cron.php?doing_wp_cron=1745877711.7210381031036376953125 HTTP/1.1" 200 0 "-" "WordPress/6.8; https://360legaljusticehub.com"
118.195.153.213 - - [28/Apr/2025:18:01:47 -0400] "GET / HTTP/1.1" 301 0 "http://www.360legaljusticehub.com" "Mozilla/5.0 (iPhone; CPU iPhone OS 13_2_3 like Mac OS X) AppleWebKit/605.1.15 (KHTML, like Gecko) Version/13.0.3 Mobile/15E148 Safari/604.1"
118.195.153.213 - - [28/Apr/2025:18:01:53 -0400] "GET / HTTP/1.1" 200 43699 "https://www.360legaljusticehub.com/" "Mozilla/5.0 (iPhone; CPU iPhone OS 13_2_3 like Mac OS X) AppleWebKit/605.1.15 (KHTML, like Gecko) Version/13.0.3 Mobile/15E148 Safari/604.1"
66.29.132.124 - - [28/Apr/2025:18:01:52 -0400] "POST /wp-admin/admin-ajax.php?action=async_litespeed&nonce=64JsvvYyDF7FXAH7zTNgR5ATzZ6XrMSH&litespeed_type=imgoptm HTTP/1.1" 200 21 "-" "WordPress/6.8; https://360legaljusticehub.com"
173.252.83.10 - - [28/Apr/2025:18:10:35 -0400] "GET /robots.txt HTTP/1.1" 200 123 "-" "facebookexternalhit/1.1 (+http://www.facebook.com/externalhit_uatext.php)"
54.36.148.92 - - [28/Apr/2025:18:27:24 -0400] "GET /feed/ HTTP/1.1" 304 0 "-" "Mozilla/5.0 (compatible; AhrefsBot/7.0; +http://ahrefs.com/robot/)"
66.29.132.124 - - [28/Apr/2025:18:52:52 -0400] "POST /wp-cron.php?doing_wp_cron=1745880772.4474749565124511718750 HTTP/1.1" 200 0 "-" "WordPress/6.8; https://360legaljusticehub.com"
43.153.107.22 - - [28/Apr/2025:18:52:46 -0400] "GET / HTTP/1.1" 301 0 "http://www.360legaljusticehub.com" "Mozilla/5.0 (iPhone; CPU iPhone OS 13_2_3 like Mac OS X) AppleWebKit/605.1.15 (KHTML, like Gecko) Version/13.0.3 Mobile/15E148 Safari/604.1"
43.153.107.22 - - [28/Apr/2025:18:52:53 -0400] "GET / HTTP/1.1" 200 43699 "https://www.360legaljusticehub.com/" "Mozilla/5.0 (iPhone; CPU iPhone OS 13_2_3 like Mac OS X) AppleWebKit/605.1.15 (KHTML, like Gecko) Version/13.0.3 Mobile/15E148 Safari/604.1"
66.29.132.124 - - [28/Apr/2025:18:52:53 -0400] "POST /wp-admin/admin-ajax.php?action=async_litespeed&nonce=LVKjM0lbypawy13kW4zsHG3F0lkoZ5fX&litespeed_type=imgoptm HTTP/1.1" 200 21 "-" "WordPress/6.8; https://360legaljusticehub.com"
43.153.27.244 - - [28/Apr/2025:19:01:29 -0400] "GET / HTTP/1.1" 200 43699 "http://360legaljusticehub.com" "Mozilla/5.0 (iPhone; CPU iPhone OS 13_2_3 like Mac OS X) AppleWebKit/605.1.15 (KHTML, like Gecko) Version/13.0.3 Mobile/15E148 Safari/604.1"
54.153.114.174 - - [28/Apr/2025:19:17:32 -0400] "GET / HTTP/1.1" 200 43699 "-" "Mozilla/5.0 (X11; Linux x86_64) AppleWebKit/537.36 (KHTML, like Gecko) Chrome/51.0.2704.103 Safari/537.36"
185.245.104.75 - - [28/Apr/2025:20:37:15 -0400] "GET / HTTP/1.1" 200 43699 "-" "Mozilla/5.0 (Macintosh; Intel Mac OS X 10_15_7) AppleWebKit/537.36 (KHTML, like Gecko) Chrome/133.0.0.0 Safari/537.36"
66.29.132.124 - - [28/Apr/2025:20:37:21 -0400] "POST /wp-cron.php?doing_wp_cron=1745887041.3969240188598632812500 HTTP/1.1" 200 0 "-" "WordPress/6.8; https://360legaljusticehub.com"
66.29.132.124 - - [28/Apr/2025:20:37:21 -0400] "POST /wp-admin/admin-ajax.php?action=async_litespeed&nonce=W5U3vKIoikZgT8kAEzetpVz23gw36WrY&litespeed_type=imgoptm HTTP/1.1" 200 21 "-" "WordPress/6.8; https://360legaljusticehub.com"
105.27.113.198 - - [28/Apr/2025:20:37:17 -0400] "POST / HTTP/1.1" 200 43652 "-" "Mozilla/5.0 (Macintosh; Intel Mac OS X 10_15_7) AppleWebKit/537.36 (KHTML, like Gecko) Chrome/133.0.0.0 Safari/537.36"
105.27.113.198 - - [28/Apr/2025:20:37:25 -0400] "POST / HTTP/1.1" 200 43652 "-" "Mozilla/5.0 (Windows NT 10.0; Win64; x64) AppleWebKit/537.36 (KHTML, like Gecko) Chrome/120.0.0.0 Safari/537.36"
105.27.113.198 - - [28/Apr/2025:20:37:28 -0400] "POST / HTTP/1.1" 200 43653 "-" "Mozilla/5.0 (Macintosh; Intel Mac OS X 10_15_7) AppleWebKit/537.36 (KHTML, like Gecko) Chrome/133.0.0.0 Safari/537.36"
