OwlCyberSecurity - MANAGER
Edit File: 360legaljusticehub.com.arsn.media-ssl_log
20.171.207.222 - - [28/Apr/2025:03:54:40 -0400] "GET /wp-json/elementskit/v1/ HTTP/1.1" 404 114 "-" "Mozilla/5.0 AppleWebKit/537.36 (KHTML, like Gecko; compatible; GPTBot/1.2; +https://openai.com/gptbot)"
66.29.132.124 - - [28/Apr/2025:03:54:54 -0400] "POST /wp-cron.php?doing_wp_cron=1745826894.6176769733428955078125 HTTP/1.1" 200 0 "-" "WordPress/6.8; https://360legaljusticehub.com"
66.29.132.124 - - [28/Apr/2025:03:54:55 -0400] "POST /wp-admin/admin-ajax.php?action=async_litespeed&nonce=6BsY3Z3U4WkAuP4hUspwUNwFXyqe3gJn&litespeed_type=imgoptm HTTP/1.1" 200 0 "-" "WordPress/6.8; https://360legaljusticehub.com"
20.171.207.222 - - [28/Apr/2025:03:54:43 -0400] "GET /wp-content/uploads/2024/09/Untitled_design__79_-removebg-preview.png%20300w,%20https:/360legaljusticehub.com/wp-content/uploads/2024/09/Untitled_design__79_-removebg-preview-150x150.png%20150w HTTP/1.1" 404 24441 "-" "Mozilla/5.0 AppleWebKit/537.36 (KHTML, like Gecko; compatible; GPTBot/1.2; +https://openai.com/gptbot)"
66.29.132.124 - - [28/Apr/2025:04:10:22 -0400] "GET / HTTP/1.1" 200 205603 "-" "Mozilla/5.0 (Windows NT 10.0; Win64; x64; rv:122.0) Gecko/20100101 Firefox/122.0"
66.29.132.124 - - [28/Apr/2025:04:10:48 -0400] "POST /wp-cron.php?doing_wp_cron=1745827848.0216290950775146484375 HTTP/1.1" 200 0 "-" "WordPress/6.8; https://360legaljusticehub.com"
20.171.207.222 - - [28/Apr/2025:04:10:34 -0400] "GET /wp-json/elementskit/v1/ HTTP/1.1" 404 114 "-" "Mozilla/5.0 AppleWebKit/537.36 (KHTML, like Gecko; compatible; GPTBot/1.2; +https://openai.com/gptbot)"
66.29.132.124 - - [28/Apr/2025:04:10:50 -0400] "POST /wp-admin/admin-ajax.php?action=async_litespeed&nonce=ULemjmfSzz6lZ3IMYH2NNicMvp2ezKPJ&litespeed_type=imgoptm HTTP/1.1" 200 0 "-" "WordPress/6.8; https://360legaljusticehub.com"
20.171.207.222 - - [28/Apr/2025:04:10:50 -0400] "GET /wp-content/uploads/2024/09/Untitled_design__79_-removebg-preview.png%20300w,%20https:/360legaljusticehub.com/wp-content/uploads/2024/09/Untitled_design__79_-removebg-preview-150x150.png%20150w HTTP/1.1" 404 24442 "-" "Mozilla/5.0 AppleWebKit/537.36 (KHTML, like Gecko; compatible; GPTBot/1.2; +https://openai.com/gptbot)"
66.29.132.124 - - [28/Apr/2025:04:13:25 -0400] "POST /wp-cron.php?doing_wp_cron=1745828005.1843640804290771484375 HTTP/1.1" 200 0 "-" "WordPress/6.8; https://360legaljusticehub.com"
66.29.132.124 - - [28/Apr/2025:04:13:26 -0400] "POST /wp-admin/admin-ajax.php?action=async_litespeed&nonce=XJ9pTIliDjUa4pAWc89UN1i243WG71xj&litespeed_type=imgoptm HTTP/1.1" 200 0 "-" "WordPress/6.8; https://360legaljusticehub.com"
134.17.14.122 - - [28/Apr/2025:04:13:17 -0400] "GET /style.php HTTP/1.1" 404 25346 "-" "Mozilla/4.0 (compatible; MSIE 6.0; Windows NT 5.1; SV1)"
66.29.132.124 - - [28/Apr/2025:04:14:18 -0400] "POST /wp-cron.php?doing_wp_cron=1745828058.2756290435791015625000 HTTP/1.1" 200 0 "-" "WordPress/6.8; https://360legaljusticehub.com"
20.171.207.222 - - [28/Apr/2025:04:14:17 -0400] "GET /wp-content/uploads/2024/09/Untitled_design__79_-removebg-preview.png%20300w,%20https:/360legaljusticehub.com/wp-content/uploads/2024/09/Untitled_design__79_-removebg-preview-150x150.png%20150w HTTP/1.1" 404 24442 "-" "Mozilla/5.0 AppleWebKit/537.36 (KHTML, like Gecko; compatible; GPTBot/1.2; +https://openai.com/gptbot)"
66.29.132.124 - - [28/Apr/2025:04:14:19 -0400] "POST /wp-admin/admin-ajax.php?action=async_litespeed&nonce=E1jb5RM7N6SjUguQDQz8rOrT66vvBtqL&litespeed_type=imgoptm HTTP/1.1" 200 0 "-" "WordPress/6.8; https://360legaljusticehub.com"
20.171.207.222 - - [28/Apr/2025:04:14:20 -0400] "GET /wp-json/elementskit/v1/ HTTP/1.1" 404 114 "-" "Mozilla/5.0 AppleWebKit/537.36 (KHTML, like Gecko; compatible; GPTBot/1.2; +https://openai.com/gptbot)"
144.76.133.160 - - [28/Apr/2025:04:16:09 -0400] "GET /contact-us/ HTTP/1.0" 200 144629 "https://360legaljusticehub.com/contact-us/" "Mozilla/5.0 (Windows NT 6.1; Win64; x64) AppleWebKit/537.36 (KHTML, like Gecko) Chrome/68.0.3440.106 Safari/537.36"
144.76.133.160 - - [28/Apr/2025:04:16:11 -0400] "GET /contact-us/ HTTP/1.0" 200 144629 "https://360legaljusticehub.com/contact-us/" "Mozilla/5.0 (Windows NT 6.1; Win64; x64) AppleWebKit/537.36 (KHTML, like Gecko) Chrome/68.0.3440.106 Safari/537.36"
66.29.132.124 - - [28/Apr/2025:04:16:22 -0400] "POST /wp-cron.php?doing_wp_cron=1745828180.7612679004669189453125 HTTP/1.1" 200 0 "-" "WordPress/6.8; https://360legaljusticehub.com"
144.76.133.160 - - [28/Apr/2025:04:16:14 -0400] "POST /contact-us/ HTTP/1.0" 200 144505 "https://360legaljusticehub.com/contact-us/" "Mozilla/5.0 (Windows NT 6.1; Win64; x64) AppleWebKit/537.36 (KHTML, like Gecko) Chrome/68.0.3440.106 Safari/537.36"
144.76.133.160 - - [28/Apr/2025:04:16:25 -0400] "GET /contact-us/ HTTP/1.0" 200 0 "https://360legaljusticehub.com/contact-us/" "Mozilla/5.0 (Windows NT 6.1; Win64; x64) AppleWebKit/537.36 (KHTML, like Gecko) Chrome/68.0.3440.106 Safari/537.36"
66.29.132.124 - - [28/Apr/2025:04:21:35 -0400] "POST /wp-cron.php?doing_wp_cron=1745828495.1806230545043945312500 HTTP/1.1" 200 0 "-" "WordPress/6.8; https://360legaljusticehub.com"
66.29.132.124 - - [28/Apr/2025:04:21:36 -0400] "POST /wp-admin/admin-ajax.php?action=async_litespeed&nonce=spsSrj5n0yUMrIEMnzi4VfaDOynA64jr&litespeed_type=imgoptm HTTP/1.1" 200 0 "-" "WordPress/6.8; https://360legaljusticehub.com"
20.171.207.222 - - [28/Apr/2025:04:21:28 -0400] "GET /admin/env HTTP/1.1" 404 24445 "-" "Mozilla/5.0 AppleWebKit/537.36 (KHTML, like Gecko; compatible; GPTBot/1.2; +https://openai.com/gptbot)"
20.171.207.222 - - [28/Apr/2025:04:24:22 -0400] "GET /wp-json/elementskit/v1/ HTTP/1.1" 404 114 "-" "Mozilla/5.0 AppleWebKit/537.36 (KHTML, like Gecko; compatible; GPTBot/1.2; +https://openai.com/gptbot)"
66.29.132.124 - - [28/Apr/2025:04:24:33 -0400] "POST /wp-cron.php?doing_wp_cron=1745828672.2292869091033935546875 HTTP/1.1" 200 0 "-" "WordPress/6.8; https://360legaljusticehub.com"
66.29.132.124 - - [28/Apr/2025:04:24:34 -0400] "POST /wp-admin/admin-ajax.php?action=async_litespeed&nonce=fftL6fZ3tFTnMddVH8dabtbTyPklqlK3&litespeed_type=imgoptm HTTP/1.1" 200 0 "-" "WordPress/6.8; https://360legaljusticehub.com"
20.171.207.222 - - [28/Apr/2025:04:24:25 -0400] "GET /wp-content/uploads/2024/09/Untitled_design__79_-removebg-preview.png%20300w,%20https:/360legaljusticehub.com/wp-content/uploads/2024/09/Untitled_design__79_-removebg-preview-150x150.png%20150w HTTP/1.1" 404 24442 "-" "Mozilla/5.0 AppleWebKit/537.36 (KHTML, like Gecko; compatible; GPTBot/1.2; +https://openai.com/gptbot)"
66.29.132.124 - - [28/Apr/2025:04:35:10 -0400] "POST /wp-cron.php?doing_wp_cron=1745829309.0014140605926513671875 HTTP/1.1" 200 0 "-" "WordPress/6.8; https://360legaljusticehub.com"
20.171.207.222 - - [28/Apr/2025:04:34:57 -0400] "GET /wp-content/uploads/2024/09/Untitled_design__79_-removebg-preview.png%20300w,%20https:/360legaljusticehub.com/wp-content/uploads/2024/09/Untitled_design__79_-removebg-preview-150x150.png%20150w HTTP/1.1" 404 24442 "-" "Mozilla/5.0 AppleWebKit/537.36 (KHTML, like Gecko; compatible; GPTBot/1.2; +https://openai.com/gptbot)"
20.171.207.222 - - [28/Apr/2025:04:35:15 -0400] "GET /wp-json/elementskit/v1/ HTTP/1.1" 404 114 "-" "Mozilla/5.0 AppleWebKit/537.36 (KHTML, like Gecko; compatible; GPTBot/1.2; +https://openai.com/gptbot)"
20.171.207.222 - - [28/Apr/2025:04:35:28 -0400] "GET /wp-json/elementskit/v1/ HTTP/1.1" 404 114 "-" "Mozilla/5.0 AppleWebKit/537.36 (KHTML, like Gecko; compatible; GPTBot/1.2; +https://openai.com/gptbot)"
20.171.207.222 - - [28/Apr/2025:04:35:32 -0400] "GET /wp-content/uploads/2024/09/Untitled_design__79_-removebg-preview.png%20300w,%20https:/360legaljusticehub.com/wp-content/uploads/2024/09/Untitled_design__79_-removebg-preview-150x150.png%20150w HTTP/1.1" 404 24442 "-" "Mozilla/5.0 AppleWebKit/537.36 (KHTML, like Gecko; compatible; GPTBot/1.2; +https://openai.com/gptbot)"
20.171.207.222 - - [28/Apr/2025:04:37:24 -0400] "GET /wp-json/elementskit/v1/ HTTP/1.1" 404 114 "-" "Mozilla/5.0 AppleWebKit/537.36 (KHTML, like Gecko; compatible; GPTBot/1.2; +https://openai.com/gptbot)"
66.29.132.124 - - [28/Apr/2025:04:37:38 -0400] "POST /wp-cron.php?doing_wp_cron=1745829457.3548679351806640625000 HTTP/1.1" 200 0 "-" "WordPress/6.8; https://360legaljusticehub.com"
66.29.132.124 - - [28/Apr/2025:04:37:40 -0400] "POST /wp-admin/admin-ajax.php?action=async_litespeed&nonce=JQAqXybXpKh3gU05Dm2pK1WfH9VZrHiw&litespeed_type=imgoptm HTTP/1.1" 200 0 "-" "WordPress/6.8; https://360legaljusticehub.com"
20.171.207.222 - - [28/Apr/2025:04:37:27 -0400] "GET /wp-content/uploads/2024/09/Untitled_design__79_-removebg-preview.png%20300w,%20https:/360legaljusticehub.com/wp-content/uploads/2024/09/Untitled_design__79_-removebg-preview-150x150.png%20150w HTTP/1.1" 404 24442 "-" "Mozilla/5.0 AppleWebKit/537.36 (KHTML, like Gecko; compatible; GPTBot/1.2; +https://openai.com/gptbot)"
66.29.132.124 - - [28/Apr/2025:04:44:53 -0400] "POST /wp-cron.php?doing_wp_cron=1745829893.4269649982452392578125 HTTP/1.1" 200 0 "-" "WordPress/6.8; https://360legaljusticehub.com"
66.29.132.124 - - [28/Apr/2025:04:44:54 -0400] "POST /wp-admin/admin-ajax.php?action=async_litespeed&nonce=Lr7L0lH1vqAKgUfknXel1WiRqUUhcggZ&litespeed_type=imgoptm HTTP/1.1" 200 0 "-" "WordPress/6.8; https://360legaljusticehub.com"
20.171.207.222 - - [28/Apr/2025:04:44:47 -0400] "GET /makeasmtp.php HTTP/1.1" 404 24402 "-" "Mozilla/5.0 AppleWebKit/537.36 (KHTML, like Gecko; compatible; GPTBot/1.2; +https://openai.com/gptbot)"
20.171.207.222 - - [28/Apr/2025:04:44:56 -0400] "GET /wp-content/uploads/2024/09/Untitled_design__79_-removebg-preview.png%20300w,%20https:/360legaljusticehub.com/wp-content/uploads/2024/09/Untitled_design__79_-removebg-preview-150x150.png%20150w HTTP/1.1" 404 24441 "-" "Mozilla/5.0 AppleWebKit/537.36 (KHTML, like Gecko; compatible; GPTBot/1.2; +https://openai.com/gptbot)"
20.171.207.222 - - [28/Apr/2025:04:44:59 -0400] "GET /wp-json/elementskit/v1/ HTTP/1.1" 404 114 "-" "Mozilla/5.0 AppleWebKit/537.36 (KHTML, like Gecko; compatible; GPTBot/1.2; +https://openai.com/gptbot)"
66.29.132.124 - - [28/Apr/2025:04:48:10 -0400] "POST /wp-cron.php?doing_wp_cron=1745830090.3961250782012939453125 HTTP/1.1" 200 0 "-" "WordPress/6.8; https://360legaljusticehub.com"
66.29.132.124 - - [28/Apr/2025:04:48:11 -0400] "POST /wp-admin/admin-ajax.php?action=async_litespeed&nonce=RBnDuZrvvuevieNGRAZYSpaHXFbf7pEv&litespeed_type=imgoptm HTTP/1.1" 200 0 "-" "WordPress/6.8; https://360legaljusticehub.com"
13.38.66.97 - - [28/Apr/2025:04:48:04 -0400] "GET /sftp-config.json HTTP/1.1" 404 29305 "-" "Mozilla/5.0 (Macintosh; Intel Mac OS X 10.15; rv:77.0) Gecko/20100101 Firefox/77.0"
66.29.132.124 - - [28/Apr/2025:04:48:16 -0400] "POST /wp-cron.php?doing_wp_cron=1745830096.2028839588165283203125 HTTP/1.1" 200 0 "-" "WordPress/6.8; https://360legaljusticehub.com"
13.38.66.97 - - [28/Apr/2025:04:48:15 -0400] "GET /.vscode/sftp.json HTTP/1.1" 404 29306 "-" "Mozilla/5.0 (Macintosh; Intel Mac OS X 10.15; rv:77.0) Gecko/20100101 Firefox/77.0"
20.171.207.222 - - [28/Apr/2025:04:50:29 -0400] "GET /wp-json/elementskit/v1/ HTTP/1.1" 404 114 "-" "Mozilla/5.0 AppleWebKit/537.36 (KHTML, like Gecko; compatible; GPTBot/1.2; +https://openai.com/gptbot)"
66.29.132.124 - - [28/Apr/2025:04:50:35 -0400] "POST /wp-cron.php?doing_wp_cron=1745830235.5430800914764404296875 HTTP/1.1" 200 0 "-" "WordPress/6.8; https://360legaljusticehub.com"
66.29.132.124 - - [28/Apr/2025:04:50:37 -0400] "POST /wp-admin/admin-ajax.php?action=async_litespeed&nonce=0oJOJIW6XCNHrV4JxypGoKFXuuIsgyIb&litespeed_type=imgoptm HTTP/1.1" 200 21 "-" "WordPress/6.8; https://360legaljusticehub.com"
20.171.207.222 - - [28/Apr/2025:04:50:32 -0400] "GET /wp-content/uploads/2024/09/Untitled_design__79_-removebg-preview.png%20300w,%20https:/360legaljusticehub.com/wp-content/uploads/2024/09/Untitled_design__79_-removebg-preview-150x150.png%20150w HTTP/1.1" 404 24442 "-" "Mozilla/5.0 AppleWebKit/537.36 (KHTML, like Gecko; compatible; GPTBot/1.2; +https://openai.com/gptbot)"
20.171.207.222 - - [28/Apr/2025:04:57:29 -0400] "GET /wp-json/elementskit/v1/ HTTP/1.1" 404 114 "-" "Mozilla/5.0 AppleWebKit/537.36 (KHTML, like Gecko; compatible; GPTBot/1.2; +https://openai.com/gptbot)"
66.29.132.124 - - [28/Apr/2025:04:57:44 -0400] "POST /wp-cron.php?doing_wp_cron=1745830662.6824500560760498046875 HTTP/1.1" 200 0 "-" "WordPress/6.8; https://360legaljusticehub.com"
20.171.207.222 - - [28/Apr/2025:04:57:31 -0400] "GET /wp-content/uploads/2024/09/Untitled_design__79_-removebg-preview.png%20300w,%20https:/360legaljusticehub.com/wp-content/uploads/2024/09/Untitled_design__79_-removebg-preview-150x150.png%20150w HTTP/1.1" 404 24441 "-" "Mozilla/5.0 AppleWebKit/537.36 (KHTML, like Gecko; compatible; GPTBot/1.2; +https://openai.com/gptbot)"
66.29.132.124 - - [28/Apr/2025:05:00:37 -0400] "POST /wp-cron.php?doing_wp_cron=1745830836.2973589897155761718750 HTTP/1.1" 200 0 "-" "WordPress/6.8; https://360legaljusticehub.com"
182.44.10.67 - - [28/Apr/2025:05:00:28 -0400] "GET / HTTP/1.1" 301 0 "http://www.360legaljusticehub.com" "Mozilla/5.0 (iPhone; CPU iPhone OS 13_2_3 like Mac OS X) AppleWebKit/605.1.15 (KHTML, like Gecko) Version/13.0.3 Mobile/15E148 Safari/604.1"
66.29.132.124 - - [28/Apr/2025:05:00:39 -0400] "POST /wp-admin/admin-ajax.php?action=async_litespeed&nonce=GGDmvMJiH8faR3kniEX6jYlZpuSBcL86&litespeed_type=imgoptm HTTP/1.1" 200 0 "-" "WordPress/6.8; https://360legaljusticehub.com"
66.29.132.124 - - [28/Apr/2025:05:00:42 -0400] "GET / HTTP/1.1" 200 43699 "-" "WordPress/6.8; https://360legaljusticehub.com"
182.44.10.67 - - [28/Apr/2025:05:00:47 -0400] "GET / HTTP/1.1" 200 43699 "https://www.360legaljusticehub.com/" "Mozilla/5.0 (iPhone; CPU iPhone OS 13_2_3 like Mac OS X) AppleWebKit/605.1.15 (KHTML, like Gecko) Version/13.0.3 Mobile/15E148 Safari/604.1"
20.171.207.222 - - [28/Apr/2025:05:06:14 -0400] "GET /wp-json/elementskit/v1/ HTTP/1.1" 404 114 "-" "Mozilla/5.0 AppleWebKit/537.36 (KHTML, like Gecko; compatible; GPTBot/1.2; +https://openai.com/gptbot)"
66.29.132.124 - - [28/Apr/2025:05:06:28 -0400] "POST /wp-cron.php?doing_wp_cron=1745831187.8502380847930908203125 HTTP/1.1" 200 0 "-" "WordPress/6.8; https://360legaljusticehub.com"
66.29.132.124 - - [28/Apr/2025:05:06:30 -0400] "POST /wp-admin/admin-ajax.php?action=async_litespeed&nonce=hGDKgIV8WrIlV9cvMLg3wjXmv7gsU8Wk&litespeed_type=imgoptm HTTP/1.1" 200 0 "-" "WordPress/6.8; https://360legaljusticehub.com"
20.171.207.222 - - [28/Apr/2025:05:06:17 -0400] "GET /wp-content/uploads/2024/09/Untitled_design__79_-removebg-preview.png%20300w,%20https:/360legaljusticehub.com/wp-content/uploads/2024/09/Untitled_design__79_-removebg-preview-150x150.png%20150w HTTP/1.1" 404 24442 "-" "Mozilla/5.0 AppleWebKit/537.36 (KHTML, like Gecko; compatible; GPTBot/1.2; +https://openai.com/gptbot)"
20.171.207.222 - - [28/Apr/2025:05:06:38 -0400] "GET /wp-json/elementskit/v1/ HTTP/1.1" 404 114 "-" "Mozilla/5.0 AppleWebKit/537.36 (KHTML, like Gecko; compatible; GPTBot/1.2; +https://openai.com/gptbot)"
66.29.132.124 - - [28/Apr/2025:05:06:42 -0400] "POST /wp-cron.php?doing_wp_cron=1745831202.3916330337524414062500 HTTP/1.1" 200 0 "-" "WordPress/6.8; https://360legaljusticehub.com"
20.171.207.222 - - [28/Apr/2025:05:06:41 -0400] "GET /wp-content/uploads/2024/09/Untitled_design__79_-removebg-preview.png%20300w,%20https:/360legaljusticehub.com/wp-content/uploads/2024/09/Untitled_design__79_-removebg-preview-150x150.png%20150w HTTP/1.1" 404 24441 "-" "Mozilla/5.0 AppleWebKit/537.36 (KHTML, like Gecko; compatible; GPTBot/1.2; +https://openai.com/gptbot)"
66.29.132.124 - - [28/Apr/2025:05:06:44 -0400] "POST /wp-admin/admin-ajax.php?action=async_litespeed&nonce=JjCjlwCHhYgza3ArBlb8RYBIjMHyMRcM&litespeed_type=imgoptm HTTP/1.1" 200 0 "-" "WordPress/6.8; https://360legaljusticehub.com"
66.29.132.124 - - [28/Apr/2025:05:06:45 -0400] "POST /wp-cron.php?doing_wp_cron=1745831205.4890270233154296875000 HTTP/1.1" 200 0 "-" "WordPress/6.8; https://360legaljusticehub.com"
20.171.207.222 - - [28/Apr/2025:05:11:17 -0400] "GET /wp-json/elementskit/v1/ HTTP/1.1" 404 114 "-" "Mozilla/5.0 AppleWebKit/537.36 (KHTML, like Gecko; compatible; GPTBot/1.2; +https://openai.com/gptbot)"
66.29.132.124 - - [28/Apr/2025:05:11:28 -0400] "POST /wp-cron.php?doing_wp_cron=1745831486.4919080734252929687500 HTTP/1.1" 200 0 "-" "WordPress/6.8; https://360legaljusticehub.com"
43.130.53.252 - - [28/Apr/2025:05:11:20 -0400] "GET / HTTP/1.1" 301 0 "http://www.360legaljusticehub.com" "Mozilla/5.0 (iPhone; CPU iPhone OS 13_2_3 like Mac OS X) AppleWebKit/605.1.15 (KHTML, like Gecko) Version/13.0.3 Mobile/15E148 Safari/604.1"
43.130.53.252 - - [28/Apr/2025:05:11:31 -0400] "GET / HTTP/1.1" 200 43699 "https://www.360legaljusticehub.com/" "Mozilla/5.0 (iPhone; CPU iPhone OS 13_2_3 like Mac OS X) AppleWebKit/605.1.15 (KHTML, like Gecko) Version/13.0.3 Mobile/15E148 Safari/604.1"
20.171.207.222 - - [28/Apr/2025:05:11:29 -0400] "GET /wp-content/uploads/2024/09/Untitled_design__79_-removebg-preview.png%20300w,%20https:/360legaljusticehub.com/wp-content/uploads/2024/09/Untitled_design__79_-removebg-preview-150x150.png%20150w HTTP/1.1" 404 24442 "-" "Mozilla/5.0 AppleWebKit/537.36 (KHTML, like Gecko; compatible; GPTBot/1.2; +https://openai.com/gptbot)"
124.156.226.179 - - [28/Apr/2025:05:21:32 -0400] "GET / HTTP/1.1" 200 43699 "http://360legaljusticehub.com" "Mozilla/5.0 (iPhone; CPU iPhone OS 13_2_3 like Mac OS X) AppleWebKit/605.1.15 (KHTML, like Gecko) Version/13.0.3 Mobile/15E148 Safari/604.1"
66.29.132.124 - - [28/Apr/2025:05:26:57 -0400] "POST /wp-cron.php?doing_wp_cron=1745832417.0522611141204833984375 HTTP/1.1" 200 0 "-" "WordPress/6.8; https://360legaljusticehub.com"
66.29.132.124 - - [28/Apr/2025:05:26:59 -0400] "POST /wp-admin/admin-ajax.php?action=async_litespeed&nonce=3uSIKmM76SAXPrPT3dHoeU03GrOrPIlc&litespeed_type=imgoptm HTTP/1.1" 200 0 "-" "WordPress/6.8; https://360legaljusticehub.com"
20.171.207.222 - - [28/Apr/2025:05:26:48 -0400] "GET /www/actuator/env HTTP/1.1" 404 24451 "-" "Mozilla/5.0 AppleWebKit/537.36 (KHTML, like Gecko; compatible; GPTBot/1.2; +https://openai.com/gptbot)"
20.171.207.222 - - [28/Apr/2025:05:31:17 -0400] "GET /wp-json/elementskit/v1/ HTTP/1.1" 404 114 "-" "Mozilla/5.0 AppleWebKit/537.36 (KHTML, like Gecko; compatible; GPTBot/1.2; +https://openai.com/gptbot)"
66.29.132.124 - - [28/Apr/2025:05:31:31 -0400] "POST /wp-cron.php?doing_wp_cron=1745832690.9519588947296142578125 HTTP/1.1" 200 0 "-" "WordPress/6.8; https://360legaljusticehub.com"
66.29.132.124 - - [28/Apr/2025:05:31:32 -0400] "POST /wp-admin/admin-ajax.php?action=async_litespeed&nonce=v6TkpSbSn5eEXsBclhyUKsNf9pVEYib1&litespeed_type=imgoptm HTTP/1.1" 200 0 "-" "WordPress/6.8; https://360legaljusticehub.com"
20.171.207.222 - - [28/Apr/2025:05:31:20 -0400] "GET /wp-content/uploads/2024/09/Untitled_design__79_-removebg-preview.png%20300w,%20https:/360legaljusticehub.com/wp-content/uploads/2024/09/Untitled_design__79_-removebg-preview-150x150.png%20150w HTTP/1.1" 404 24442 "-" "Mozilla/5.0 AppleWebKit/537.36 (KHTML, like Gecko; compatible; GPTBot/1.2; +https://openai.com/gptbot)"
66.29.132.124 - - [28/Apr/2025:05:32:28 -0400] "POST /wp-cron.php?doing_wp_cron=1745832748.4530971050262451171875 HTTP/1.1" 200 0 "-" "WordPress/6.8; https://360legaljusticehub.com"
20.171.207.222 - - [28/Apr/2025:05:32:27 -0400] "GET /appsettings.Production.json HTTP/1.1" 404 24442 "-" "Mozilla/5.0 AppleWebKit/537.36 (KHTML, like Gecko; compatible; GPTBot/1.2; +https://openai.com/gptbot)"
66.29.132.124 - - [28/Apr/2025:05:33:12 -0400] "POST /wp-cron.php?doing_wp_cron=1745832792.1392300128936767578125 HTTP/1.1" 200 0 "-" "WordPress/6.8; https://360legaljusticehub.com"
20.171.207.222 - - [28/Apr/2025:05:33:11 -0400] "GET /wp-content/uploads/makeasmtp.php HTTP/1.1" 404 24443 "-" "Mozilla/5.0 AppleWebKit/537.36 (KHTML, like Gecko; compatible; GPTBot/1.2; +https://openai.com/gptbot)"
66.29.132.124 - - [28/Apr/2025:05:33:13 -0400] "POST /wp-admin/admin-ajax.php?action=async_litespeed&nonce=jDVkLZWRonK9HiYj3rc7Ne2DdaB7uaP1&litespeed_type=imgoptm HTTP/1.1" 200 0 "-" "WordPress/6.8; https://360legaljusticehub.com"
20.171.207.222 - - [28/Apr/2025:05:36:05 -0400] "GET /wp-json/elementskit/v1/ HTTP/1.1" 404 114 "-" "Mozilla/5.0 AppleWebKit/537.36 (KHTML, like Gecko; compatible; GPTBot/1.2; +https://openai.com/gptbot)"
66.29.132.124 - - [28/Apr/2025:05:36:11 -0400] "POST /wp-cron.php?doing_wp_cron=1745832971.1995680332183837890625 HTTP/1.1" 200 0 "-" "WordPress/6.8; https://360legaljusticehub.com"
20.171.207.222 - - [28/Apr/2025:05:36:08 -0400] "GET /wp-content/uploads/2024/09/Untitled_design__79_-removebg-preview.png%20300w,%20https:/360legaljusticehub.com/wp-content/uploads/2024/09/Untitled_design__79_-removebg-preview-150x150.png%20150w HTTP/1.1" 404 24442 "-" "Mozilla/5.0 AppleWebKit/537.36 (KHTML, like Gecko; compatible; GPTBot/1.2; +https://openai.com/gptbot)"
66.29.132.124 - - [28/Apr/2025:05:36:12 -0400] "POST /wp-admin/admin-ajax.php?action=async_litespeed&nonce=I3QpFCCqn5ObegfDf3JC1TlV9TEVqg8p&litespeed_type=imgoptm HTTP/1.1" 200 0 "-" "WordPress/6.8; https://360legaljusticehub.com"
66.29.132.124 - - [28/Apr/2025:05:43:54 -0400] "POST /wp-cron.php?doing_wp_cron=1745833434.5843949317932128906250 HTTP/1.1" 200 0 "-" "WordPress/6.8; https://360legaljusticehub.com"
66.29.132.124 - - [28/Apr/2025:05:43:55 -0400] "POST /wp-admin/admin-ajax.php?action=async_litespeed&nonce=RZDbp9d2L9PnmyHjB8UFC7KwfWiuKmbv&litespeed_type=imgoptm HTTP/1.1" 200 0 "-" "WordPress/6.8; https://360legaljusticehub.com"
20.171.207.222 - - [28/Apr/2025:05:43:47 -0400] "GET /wp-content/uploads/2024/09/Untitled_design__79_-removebg-preview.png%20300w,%20https:/360legaljusticehub.com/wp-content/uploads/2024/09/Untitled_design__79_-removebg-preview-150x150.png%20150w HTTP/1.1" 404 24441 "-" "Mozilla/5.0 AppleWebKit/537.36 (KHTML, like Gecko; compatible; GPTBot/1.2; +https://openai.com/gptbot)"
20.171.207.222 - - [28/Apr/2025:05:43:57 -0400] "GET /wp-json/elementskit/v1/ HTTP/1.1" 404 114 "-" "Mozilla/5.0 AppleWebKit/537.36 (KHTML, like Gecko; compatible; GPTBot/1.2; +https://openai.com/gptbot)"
20.171.207.222 - - [28/Apr/2025:05:52:22 -0400] "GET /wp-content/plugins/elementskit-lite/modules/elementskit-icon-pack/assets/css/ekiticons.css?ver=3.4.9 HTTP/1.1" 200 11776 "-" "Mozilla/5.0 AppleWebKit/537.36 (KHTML, like Gecko; compatible; GPTBot/1.2; +https://openai.com/gptbot)"
20.171.207.222 - - [28/Apr/2025:05:52:26 -0400] "GET /wp-json/elementskit/v1/ HTTP/1.1" 404 114 "-" "Mozilla/5.0 AppleWebKit/537.36 (KHTML, like Gecko; compatible; GPTBot/1.2; +https://openai.com/gptbot)"
20.171.207.222 - - [28/Apr/2025:05:52:28 -0400] "GET /wp-content/plugins/elementskit-lite/widgets/init/assets/css/responsive.css?ver=3.4.9 HTTP/1.1" 200 2859 "-" "Mozilla/5.0 AppleWebKit/537.36 (KHTML, like Gecko; compatible; GPTBot/1.2; +https://openai.com/gptbot)"
20.171.207.222 - - [28/Apr/2025:05:52:31 -0400] "GET /wp-content/plugins/elementor/assets/css/widget-image.min.css?ver=3.28.3 HTTP/1.1" 200 254 "-" "Mozilla/5.0 AppleWebKit/537.36 (KHTML, like Gecko; compatible; GPTBot/1.2; +https://openai.com/gptbot)"
20.171.207.222 - - [28/Apr/2025:05:52:33 -0400] "GET /wp-content/plugins/elementor/assets/css/widget-icon-list.min.css?ver=3.28.3 HTTP/1.1" 200 957 "-" "Mozilla/5.0 AppleWebKit/537.36 (KHTML, like Gecko; compatible; GPTBot/1.2; +https://openai.com/gptbot)"
20.171.207.222 - - [28/Apr/2025:05:52:36 -0400] "GET /wp-content/plugins/elementor/assets/css/widget-heading.min.css?ver=3.28.3 HTTP/1.1" 200 154 "-" "Mozilla/5.0 AppleWebKit/537.36 (KHTML, like Gecko; compatible; GPTBot/1.2; +https://openai.com/gptbot)"
20.171.207.222 - - [28/Apr/2025:05:52:38 -0400] "GET /wp-content/plugins/elementor/assets/css/frontend.min.css?ver=3.28.3 HTTP/1.1" 200 6453 "-" "Mozilla/5.0 AppleWebKit/537.36 (KHTML, like Gecko; compatible; GPTBot/1.2; +https://openai.com/gptbot)"
20.171.207.222 - - [28/Apr/2025:05:52:40 -0400] "GET /wp-content/plugins/elementskit-lite/widgets/init/assets/css/widget-styles.css?ver=3.4.9 HTTP/1.1" 200 48223 "-" "Mozilla/5.0 AppleWebKit/537.36 (KHTML, like Gecko; compatible; GPTBot/1.2; +https://openai.com/gptbot)"
66.29.132.124 - - [28/Apr/2025:05:52:49 -0400] "POST /wp-cron.php?doing_wp_cron=1745833969.3609759807586669921875 HTTP/1.1" 200 0 "-" "WordPress/6.8; https://360legaljusticehub.com"
66.29.132.124 - - [28/Apr/2025:05:52:50 -0400] "POST /wp-admin/admin-ajax.php?action=async_litespeed&nonce=dZcT82vwppgXhZDOurjUuRz9j0X4cNzQ&litespeed_type=imgoptm HTTP/1.1" 200 0 "-" "WordPress/6.8; https://360legaljusticehub.com"
20.171.207.222 - - [28/Apr/2025:05:52:42 -0400] "GET /wp-content/uploads/2024/09/Untitled_design__79_-removebg-preview.png%20300w,%20https:/360legaljusticehub.com/wp-content/uploads/2024/09/Untitled_design__79_-removebg-preview-150x150.png%20150w HTTP/1.1" 404 24442 "-" "Mozilla/5.0 AppleWebKit/537.36 (KHTML, like Gecko; compatible; GPTBot/1.2; +https://openai.com/gptbot)"
20.171.207.222 - - [28/Apr/2025:05:52:51 -0400] "GET /wp-includes/css/dist/block-library/style.min.css?ver=6.8 HTTP/1.1" 200 14358 "-" "Mozilla/5.0 AppleWebKit/537.36 (KHTML, like Gecko; compatible; GPTBot/1.2; +https://openai.com/gptbot)"
20.171.207.222 - - [28/Apr/2025:05:52:53 -0400] "GET /wp-content/plugins/essential-addons-for-elementor-lite/assets/front-end/css/view/general.min.css?ver=6.1.10 HTTP/1.1" 200 1365 "-" "Mozilla/5.0 AppleWebKit/537.36 (KHTML, like Gecko; compatible; GPTBot/1.2; +https://openai.com/gptbot)"
20.171.207.222 - - [28/Apr/2025:06:03:39 -0400] "GET /wp-json/elementskit/v1/ HTTP/1.1" 404 114 "-" "Mozilla/5.0 AppleWebKit/537.36 (KHTML, like Gecko; compatible; GPTBot/1.2; +https://openai.com/gptbot)"
66.29.132.124 - - [28/Apr/2025:06:03:48 -0400] "POST /wp-cron.php?doing_wp_cron=1745834628.0857300758361816406250 HTTP/1.1" 200 0 "-" "WordPress/6.8; https://360legaljusticehub.com"
66.29.132.124 - - [28/Apr/2025:06:03:48 -0400] "POST /wp-admin/admin-ajax.php?action=async_litespeed&nonce=qlzDpcM6kzx0gHMn87tRix8Tk5YeLVIE&litespeed_type=imgoptm HTTP/1.1" 200 0 "-" "WordPress/6.8; https://360legaljusticehub.com"
20.171.207.222 - - [28/Apr/2025:06:03:40 -0400] "GET /wp-content/uploads/2024/09/Untitled_design__79_-removebg-preview.png%20300w,%20https:/360legaljusticehub.com/wp-content/uploads/2024/09/Untitled_design__79_-removebg-preview-150x150.png%20150w HTTP/1.1" 404 24442 "-" "Mozilla/5.0 AppleWebKit/537.36 (KHTML, like Gecko; compatible; GPTBot/1.2; +https://openai.com/gptbot)"
66.29.132.124 - - [28/Apr/2025:06:16:34 -0400] "POST /wp-cron.php?doing_wp_cron=1745835394.7652869224548339843750 HTTP/1.1" 200 0 "-" "WordPress/6.8; https://360legaljusticehub.com"
20.171.207.222 - - [28/Apr/2025:06:16:27 -0400] "GET /wp-json/elementskit/v1/ HTTP/1.1" 404 114 "-" "Mozilla/5.0 AppleWebKit/537.36 (KHTML, like Gecko; compatible; GPTBot/1.2; +https://openai.com/gptbot)"
66.29.132.124 - - [28/Apr/2025:06:16:35 -0400] "POST /wp-admin/admin-ajax.php?action=async_litespeed&nonce=PviarZNKRk5WdPJHvq9exLKo0JSwYdWN&litespeed_type=imgoptm HTTP/1.1" 200 21 "-" "WordPress/6.8; https://360legaljusticehub.com"
20.171.207.222 - - [28/Apr/2025:06:16:35 -0400] "GET /wp-content/uploads/2024/09/Untitled_design__79_-removebg-preview.png%20300w,%20https:/360legaljusticehub.com/wp-content/uploads/2024/09/Untitled_design__79_-removebg-preview-150x150.png%20150w HTTP/1.1" 404 24442 "-" "Mozilla/5.0 AppleWebKit/537.36 (KHTML, like Gecko; compatible; GPTBot/1.2; +https://openai.com/gptbot)"
20.171.207.222 - - [28/Apr/2025:06:17:49 -0400] "GET /wp-json/elementskit/v1/ HTTP/1.1" 404 114 "-" "Mozilla/5.0 AppleWebKit/537.36 (KHTML, like Gecko; compatible; GPTBot/1.2; +https://openai.com/gptbot)"
66.29.132.124 - - [28/Apr/2025:06:17:51 -0400] "POST /wp-cron.php?doing_wp_cron=1745835470.9163250923156738281250 HTTP/1.1" 200 0 "-" "WordPress/6.8; https://360legaljusticehub.com"
20.171.207.222 - - [28/Apr/2025:06:17:50 -0400] "GET /wp-content/uploads/2024/09/Untitled_design__79_-removebg-preview.png%20300w,%20https:/360legaljusticehub.com/wp-content/uploads/2024/09/Untitled_design__79_-removebg-preview-150x150.png%20150w HTTP/1.1" 404 24442 "-" "Mozilla/5.0 AppleWebKit/537.36 (KHTML, like Gecko; compatible; GPTBot/1.2; +https://openai.com/gptbot)"
66.29.132.124 - - [28/Apr/2025:06:17:51 -0400] "POST /wp-admin/admin-ajax.php?action=async_litespeed&nonce=7Z2qcU0D5vGOoPwIdBLlljgGS4IQRMP8&litespeed_type=imgoptm HTTP/1.1" 200 21 "-" "WordPress/6.8; https://360legaljusticehub.com"
20.171.207.222 - - [28/Apr/2025:06:18:24 -0400] "GET /wp-json/elementskit/v1/ HTTP/1.1" 404 114 "-" "Mozilla/5.0 AppleWebKit/537.36 (KHTML, like Gecko; compatible; GPTBot/1.2; +https://openai.com/gptbot)"
20.171.207.222 - - [28/Apr/2025:06:18:25 -0400] "GET /wp-content/uploads/2024/09/Untitled_design__79_-removebg-preview.png%20300w,%20https:/360legaljusticehub.com/wp-content/uploads/2024/09/Untitled_design__79_-removebg-preview-150x150.png%20150w HTTP/1.1" 404 24442 "-" "Mozilla/5.0 AppleWebKit/537.36 (KHTML, like Gecko; compatible; GPTBot/1.2; +https://openai.com/gptbot)"
20.171.207.222 - - [28/Apr/2025:06:19:31 -0400] "GET /wp-json/elementskit/v1/ HTTP/1.1" 404 114 "-" "Mozilla/5.0 AppleWebKit/537.36 (KHTML, like Gecko; compatible; GPTBot/1.2; +https://openai.com/gptbot)"
66.29.132.124 - - [28/Apr/2025:06:19:32 -0400] "POST /wp-cron.php?doing_wp_cron=1745835572.8824050426483154296875 HTTP/1.1" 200 0 "-" "WordPress/6.8; https://360legaljusticehub.com"
20.171.207.222 - - [28/Apr/2025:06:19:32 -0400] "GET /wp-content/uploads/2024/09/Untitled_design__79_-removebg-preview.png%20300w,%20https:/360legaljusticehub.com/wp-content/uploads/2024/09/Untitled_design__79_-removebg-preview-150x150.png%20150w HTTP/1.1" 404 24442 "-" "Mozilla/5.0 AppleWebKit/537.36 (KHTML, like Gecko; compatible; GPTBot/1.2; +https://openai.com/gptbot)"
66.29.132.124 - - [28/Apr/2025:06:19:33 -0400] "POST /wp-admin/admin-ajax.php?action=async_litespeed&nonce=hFb1t2xIe9xpZXMVi1ZmaqPEFRdcqeUq&litespeed_type=imgoptm HTTP/1.1" 200 21 "-" "WordPress/6.8; https://360legaljusticehub.com"
66.29.132.124 - - [28/Apr/2025:06:20:41 -0400] "POST /wp-cron.php?doing_wp_cron=1745835640.9509410858154296875000 HTTP/1.1" 200 0 "-" "WordPress/6.8; https://360legaljusticehub.com"
20.201.24.164 - - [28/Apr/2025:06:20:40 -0400] "POST /xmlrpc.php HTTP/1.1" 200 403 "-" "Mozilla/5.0 (Windows NT 6.1; WOW64; rv:42.0) Gecko/20100101 Firefox/42.0"
185.164.72.120 - - [28/Apr/2025:06:20:41 -0400] "POST /xmlrpc.php HTTP/1.1" 200 403 "-" "Mozilla/5.0 (Windows NT 5.1; rv:7.0.1) Gecko/20100101 Firefox/7.0.1"
66.29.132.124 - - [28/Apr/2025:06:20:42 -0400] "POST /wp-admin/admin-ajax.php?action=async_litespeed&nonce=F6WG6jrcUo6FQ2WrUNTE02YaWrDFDkSZ&litespeed_type=imgoptm HTTP/1.1" 200 0 "-" "WordPress/6.8; https://360legaljusticehub.com"
212.129.46.101 - - [28/Apr/2025:06:20:58 -0400] "POST /xmlrpc.php HTTP/1.1" 200 403 "-" "Mozilla/5.0 (Windows NT 10.0; Win64; x64; rv:79.0) Gecko/20100101 Firefox/79.0"
116.118.49.45 - - [28/Apr/2025:06:21:08 -0400] "POST /xmlrpc.php HTTP/1.1" 200 403 "-" "Mozilla/5.0 (Windows NT 10.0; Win64; x64) AppleWebKit/537.36 (KHTML, like Gecko) Chrome/79.0.3945.117 Safari/537.36"
77.55.253.208 - - [28/Apr/2025:06:21:14 -0400] "POST /xmlrpc.php HTTP/1.1" 200 403 "-" "Mozilla/5.0 (Windows NT 10.0; Win64; x64) AppleWebKit/537.36 (KHTML, like Gecko) Chrome/81.0.4044.138 Safari/537.36"
45.156.184.29 - - [28/Apr/2025:06:21:22 -0400] "POST /xmlrpc.php HTTP/1.1" 200 403 "-" "Mozilla/5.0 (X11; Ubuntu; Linux i686; rv:24.0) Gecko/20100101 Firefox/24.0"
27.254.86.43 - - [28/Apr/2025:06:21:22 -0400] "POST /xmlrpc.php HTTP/1.1" 200 403 "-" "Mozilla/5.0 (Linux; Android 10; SM-A102U) AppleWebKit/537.36 (KHTML, like Gecko) Chrome/91.0.4472.114 Mobile Safari/537.36"
66.29.132.124 - - [28/Apr/2025:06:21:37 -0400] "POST /wp-cron.php?doing_wp_cron=1745835697.5360898971557617187500 HTTP/1.1" 200 0 "-" "WordPress/6.8; https://360legaljusticehub.com"
45.156.184.29 - - [28/Apr/2025:06:21:36 -0400] "POST /xmlrpc.php HTTP/1.1" 200 403 "-" "Mozilla/5.0 (Windows NT 5.1; rv:52.0) Gecko/20100101 Firefox/52.0"
66.29.132.124 - - [28/Apr/2025:06:21:37 -0400] "POST /wp-admin/admin-ajax.php?action=async_litespeed&nonce=ZvV1txWzPmQbUFWCFvu6563KIrsJ9h5v&litespeed_type=imgoptm HTTP/1.1" 200 21 "-" "WordPress/6.8; https://360legaljusticehub.com"
20.171.207.222 - - [28/Apr/2025:06:28:24 -0400] "GET /wp-json/elementskit/v1/ HTTP/1.1" 404 114 "-" "Mozilla/5.0 AppleWebKit/537.36 (KHTML, like Gecko; compatible; GPTBot/1.2; +https://openai.com/gptbot)"
66.29.132.124 - - [28/Apr/2025:06:28:32 -0400] "POST /wp-cron.php?doing_wp_cron=1745836112.5758430957794189453125 HTTP/1.1" 200 0 "-" "WordPress/6.8; https://360legaljusticehub.com"
66.29.132.124 - - [28/Apr/2025:06:28:33 -0400] "POST /wp-admin/admin-ajax.php?action=async_litespeed&nonce=JQ9HPyrFjasMRiOtWJ6ahb2SeCTOJ7yM&litespeed_type=imgoptm HTTP/1.1" 200 0 "-" "WordPress/6.8; https://360legaljusticehub.com"
20.171.207.222 - - [28/Apr/2025:06:28:26 -0400] "GET /wp-content/uploads/2024/09/Untitled_design__79_-removebg-preview.png%20300w,%20https:/360legaljusticehub.com/wp-content/uploads/2024/09/Untitled_design__79_-removebg-preview-150x150.png%20150w HTTP/1.1" 404 24442 "-" "Mozilla/5.0 AppleWebKit/537.36 (KHTML, like Gecko; compatible; GPTBot/1.2; +https://openai.com/gptbot)"
20.171.207.222 - - [28/Apr/2025:06:30:41 -0400] "GET /wp-json/elementskit/v1/ HTTP/1.1" 404 114 "-" "Mozilla/5.0 AppleWebKit/537.36 (KHTML, like Gecko; compatible; GPTBot/1.2; +https://openai.com/gptbot)"
66.29.132.124 - - [28/Apr/2025:06:30:51 -0400] "POST /wp-cron.php?doing_wp_cron=1745836250.6495010852813720703125 HTTP/1.1" 200 0 "-" "WordPress/6.8; https://360legaljusticehub.com"
66.29.132.124 - - [28/Apr/2025:06:30:53 -0400] "POST /wp-admin/admin-ajax.php?action=async_litespeed&nonce=i3bCQpkTVuSu8JyV4Dz4jAww7PuvzAi8&litespeed_type=imgoptm HTTP/1.1" 200 0 "-" "WordPress/6.8; https://360legaljusticehub.com"
20.171.207.222 - - [28/Apr/2025:06:30:42 -0400] "GET /wp-content/uploads/2024/09/Untitled_design__79_-removebg-preview.png%20300w,%20https:/360legaljusticehub.com/wp-content/uploads/2024/09/Untitled_design__79_-removebg-preview-150x150.png%20150w HTTP/1.1" 404 24442 "-" "Mozilla/5.0 AppleWebKit/537.36 (KHTML, like Gecko; compatible; GPTBot/1.2; +https://openai.com/gptbot)"
20.171.207.222 - - [28/Apr/2025:06:36:40 -0400] "GET /wp-json/elementskit/v1/ HTTP/1.1" 404 114 "-" "Mozilla/5.0 AppleWebKit/537.36 (KHTML, like Gecko; compatible; GPTBot/1.2; +https://openai.com/gptbot)"
66.29.132.124 - - [28/Apr/2025:06:36:51 -0400] "POST /wp-cron.php?doing_wp_cron=1745836610.6444261074066162109375 HTTP/1.1" 200 0 "-" "WordPress/6.8; https://360legaljusticehub.com"
66.29.132.124 - - [28/Apr/2025:06:36:52 -0400] "POST /wp-admin/admin-ajax.php?action=async_litespeed&nonce=lAB3dMjXQ7Tz87Pie5UwztYuXVzS2KCJ&litespeed_type=imgoptm HTTP/1.1" 200 0 "-" "WordPress/6.8; https://360legaljusticehub.com"
20.171.207.222 - - [28/Apr/2025:06:36:41 -0400] "GET /wp-content/uploads/2024/09/Untitled_design__79_-removebg-preview.png%20300w,%20https:/360legaljusticehub.com/wp-content/uploads/2024/09/Untitled_design__79_-removebg-preview-150x150.png%20150w HTTP/1.1" 404 24442 "-" "Mozilla/5.0 AppleWebKit/537.36 (KHTML, like Gecko; compatible; GPTBot/1.2; +https://openai.com/gptbot)"
20.171.207.222 - - [28/Apr/2025:06:41:19 -0400] "GET /wp-json/elementskit/v1/ HTTP/1.1" 404 114 "-" "Mozilla/5.0 AppleWebKit/537.36 (KHTML, like Gecko; compatible; GPTBot/1.2; +https://openai.com/gptbot)"
66.29.132.124 - - [28/Apr/2025:06:41:31 -0400] "POST /wp-cron.php?doing_wp_cron=1745836890.6494779586791992187500 HTTP/1.1" 200 0 "-" "WordPress/6.8; https://360legaljusticehub.com"
66.29.132.124 - - [28/Apr/2025:06:41:33 -0400] "POST /wp-admin/admin-ajax.php?action=async_litespeed&nonce=T1xcxQtOkb0fPRAb4NQwMLbCJ165LVqW&litespeed_type=imgoptm HTTP/1.1" 200 0 "-" "WordPress/6.8; https://360legaljusticehub.com"
20.171.207.222 - - [28/Apr/2025:06:41:20 -0400] "GET /wp-content/uploads/2024/09/Untitled_design__79_-removebg-preview.png%20300w,%20https:/360legaljusticehub.com/wp-content/uploads/2024/09/Untitled_design__79_-removebg-preview-150x150.png%20150w HTTP/1.1" 404 24442 "-" "Mozilla/5.0 AppleWebKit/537.36 (KHTML, like Gecko; compatible; GPTBot/1.2; +https://openai.com/gptbot)"
66.29.132.124 - - [28/Apr/2025:06:55:49 -0400] "POST /wp-cron.php?doing_wp_cron=1745837749.0056970119476318359375 HTTP/1.1" 200 0 "-" "WordPress/6.8; https://360legaljusticehub.com"
66.29.132.124 - - [28/Apr/2025:06:55:50 -0400] "POST /wp-admin/admin-ajax.php?action=async_litespeed&nonce=2ydO8B7rGGeJ9sZelMiLtgxc9cPi3QqK&litespeed_type=imgoptm HTTP/1.1" 200 0 "-" "WordPress/6.8; https://360legaljusticehub.com"
20.171.207.222 - - [28/Apr/2025:06:55:38 -0400] "GET /config/env HTTP/1.1" 404 24439 "-" "Mozilla/5.0 AppleWebKit/537.36 (KHTML, like Gecko; compatible; GPTBot/1.2; +https://openai.com/gptbot)"
20.171.207.222 - - [28/Apr/2025:06:58:23 -0400] "GET /wp-json/elementskit/v1/ HTTP/1.1" 404 114 "-" "Mozilla/5.0 AppleWebKit/537.36 (KHTML, like Gecko; compatible; GPTBot/1.2; +https://openai.com/gptbot)"
66.29.132.124 - - [28/Apr/2025:06:58:32 -0400] "POST /wp-cron.php?doing_wp_cron=1745837911.8658959865570068359375 HTTP/1.1" 200 0 "-" "WordPress/6.8; https://360legaljusticehub.com"
66.29.132.124 - - [28/Apr/2025:06:58:33 -0400] "POST /wp-admin/admin-ajax.php?action=async_litespeed&nonce=86YfOM6cVbLHTjrnHKt3nTyLfWkChv3v&litespeed_type=imgoptm HTTP/1.1" 200 0 "-" "WordPress/6.8; https://360legaljusticehub.com"
20.171.207.222 - - [28/Apr/2025:06:58:24 -0400] "GET /wp-content/uploads/2024/09/Untitled_design__79_-removebg-preview.png%20300w,%20https:/360legaljusticehub.com/wp-content/uploads/2024/09/Untitled_design__79_-removebg-preview-150x150.png%20150w HTTP/1.1" 404 24442 "-" "Mozilla/5.0 AppleWebKit/537.36 (KHTML, like Gecko; compatible; GPTBot/1.2; +https://openai.com/gptbot)"
20.171.207.222 - - [28/Apr/2025:06:59:58 -0400] "GET /wp-json/elementskit/v1/ HTTP/1.1" 404 114 "-" "Mozilla/5.0 AppleWebKit/537.36 (KHTML, like Gecko; compatible; GPTBot/1.2; +https://openai.com/gptbot)"
66.29.132.124 - - [28/Apr/2025:07:00:04 -0400] "POST /wp-cron.php?doing_wp_cron=1745838002.6387469768524169921875 HTTP/1.1" 200 0 "-" "WordPress/6.8; https://360legaljusticehub.com"
20.171.207.222 - - [28/Apr/2025:07:00:00 -0400] "GET /wp-content/uploads/2024/09/Untitled_design__79_-removebg-preview.png%20300w,%20https:/360legaljusticehub.com/wp-content/uploads/2024/09/Untitled_design__79_-removebg-preview-150x150.png%20150w HTTP/1.1" 404 24442 "-" "Mozilla/5.0 AppleWebKit/537.36 (KHTML, like Gecko; compatible; GPTBot/1.2; +https://openai.com/gptbot)"
20.171.207.222 - - [28/Apr/2025:07:05:09 -0400] "GET /wp-json/elementskit/v1/ HTTP/1.1" 404 114 "-" "Mozilla/5.0 AppleWebKit/537.36 (KHTML, like Gecko; compatible; GPTBot/1.2; +https://openai.com/gptbot)"
66.29.132.124 - - [28/Apr/2025:07:05:23 -0400] "POST /wp-cron.php?doing_wp_cron=1745838322.7660670280456542968750 HTTP/1.1" 200 0 "-" "WordPress/6.8; https://360legaljusticehub.com"
66.29.132.124 - - [28/Apr/2025:07:05:24 -0400] "POST /wp-admin/admin-ajax.php?action=async_litespeed&nonce=MSJ7EqUuiK7MlDj2L02hDyQo7uyc54vB&litespeed_type=imgoptm HTTP/1.1" 200 0 "-" "WordPress/6.8; https://360legaljusticehub.com"
20.171.207.222 - - [28/Apr/2025:07:05:10 -0400] "GET /wp-content/uploads/2024/09/Untitled_design__79_-removebg-preview.png%20300w,%20https:/360legaljusticehub.com/wp-content/uploads/2024/09/Untitled_design__79_-removebg-preview-150x150.png%20150w HTTP/1.1" 404 24442 "-" "Mozilla/5.0 AppleWebKit/537.36 (KHTML, like Gecko; compatible; GPTBot/1.2; +https://openai.com/gptbot)"
20.171.207.222 - - [28/Apr/2025:07:15:26 -0400] "GET /wp-json/elementskit/v1/ HTTP/1.1" 404 114 "-" "Mozilla/5.0 AppleWebKit/537.36 (KHTML, like Gecko; compatible; GPTBot/1.2; +https://openai.com/gptbot)"
66.29.132.124 - - [28/Apr/2025:07:15:35 -0400] "POST /wp-cron.php?doing_wp_cron=1745838935.4697499275207519531250 HTTP/1.1" 200 0 "-" "WordPress/6.8; https://360legaljusticehub.com"
66.29.132.124 - - [28/Apr/2025:07:15:37 -0400] "POST /wp-admin/admin-ajax.php?action=async_litespeed&nonce=MkrRoqpcbGfG7sg9myC4YIjsn0KhhqNn&litespeed_type=imgoptm HTTP/1.1" 200 0 "-" "WordPress/6.8; https://360legaljusticehub.com"
20.171.207.222 - - [28/Apr/2025:07:15:27 -0400] "GET /wp-content/uploads/2024/09/Untitled_design__79_-removebg-preview.png%20300w,%20https:/360legaljusticehub.com/wp-content/uploads/2024/09/Untitled_design__79_-removebg-preview-150x150.png%20150w HTTP/1.1" 404 24442 "-" "Mozilla/5.0 AppleWebKit/537.36 (KHTML, like Gecko; compatible; GPTBot/1.2; +https://openai.com/gptbot)"
66.29.132.124 - - [28/Apr/2025:07:18:08 -0400] "POST /wp-cron.php?doing_wp_cron=1745839087.7927579879760742187500 HTTP/1.1" 200 0 "-" "WordPress/6.8; https://360legaljusticehub.com"
20.171.207.222 - - [28/Apr/2025:07:18:01 -0400] "GET /wp-json/elementskit/v1/ HTTP/1.1" 404 114 "-" "Mozilla/5.0 AppleWebKit/537.36 (KHTML, like Gecko; compatible; GPTBot/1.2; +https://openai.com/gptbot)"
66.29.132.124 - - [28/Apr/2025:07:18:09 -0400] "POST /wp-admin/admin-ajax.php?action=async_litespeed&nonce=n0BxwN9vQrG90YxUYyAmtu0TBo5YniqA&litespeed_type=imgoptm HTTP/1.1" 200 0 "-" "WordPress/6.8; https://360legaljusticehub.com"
20.171.207.222 - - [28/Apr/2025:07:18:09 -0400] "GET /wp-content/uploads/2024/09/Untitled_design__79_-removebg-preview.png%20300w,%20https:/360legaljusticehub.com/wp-content/uploads/2024/09/Untitled_design__79_-removebg-preview-150x150.png%20150w HTTP/1.1" 404 24442 "-" "Mozilla/5.0 AppleWebKit/537.36 (KHTML, like Gecko; compatible; GPTBot/1.2; +https://openai.com/gptbot)"
66.29.132.124 - - [28/Apr/2025:07:32:42 -0400] "POST /wp-cron.php?doing_wp_cron=1745839962.5449690818786621093750 HTTP/1.1" 200 0 "-" "WordPress/6.8; https://360legaljusticehub.com"
20.171.207.222 - - [28/Apr/2025:07:32:30 -0400] "GET /?p=1 HTTP/1.1" 301 0 "-" "Mozilla/5.0 AppleWebKit/537.36 (KHTML, like Gecko; compatible; GPTBot/1.2; +https://openai.com/gptbot)"
66.29.132.124 - - [28/Apr/2025:07:32:44 -0400] "POST /wp-admin/admin-ajax.php?action=async_litespeed&nonce=RCI4y56WPikLsk5rRlBIANim1fOAeojK&litespeed_type=imgoptm HTTP/1.1" 200 0 "-" "WordPress/6.8; https://360legaljusticehub.com"
20.171.207.222 - - [28/Apr/2025:07:32:44 -0400] "GET /wp-json/wp/v2/posts/1 HTTP/1.1" 200 1958 "-" "Mozilla/5.0 AppleWebKit/537.36 (KHTML, like Gecko; compatible; GPTBot/1.2; +https://openai.com/gptbot)"
20.171.207.222 - - [28/Apr/2025:07:32:59 -0400] "GET /xmlrpc.php HTTP/1.1" 405 46 "-" "Mozilla/5.0 AppleWebKit/537.36 (KHTML, like Gecko; compatible; GPTBot/1.2; +https://openai.com/gptbot)"
20.171.207.222 - - [28/Apr/2025:07:39:21 -0400] "GET /wp-json/elementskit/v1/ HTTP/1.1" 404 114 "-" "Mozilla/5.0 AppleWebKit/537.36 (KHTML, like Gecko; compatible; GPTBot/1.2; +https://openai.com/gptbot)"
66.29.132.124 - - [28/Apr/2025:07:39:45 -0400] "POST /wp-cron.php?doing_wp_cron=1745840384.8840088844299316406250 HTTP/1.1" 200 0 "-" "WordPress/6.8; https://360legaljusticehub.com"
66.29.132.124 - - [28/Apr/2025:07:39:46 -0400] "POST /wp-admin/admin-ajax.php?action=async_litespeed&nonce=zRuNqMrOlat55lmdyqQ6bko974aINUdG&litespeed_type=imgoptm HTTP/1.1" 200 0 "-" "WordPress/6.8; https://360legaljusticehub.com"
20.171.207.222 - - [28/Apr/2025:07:39:34 -0400] "GET /wp-content/uploads/2024/09/Untitled_design__79_-removebg-preview.png%20300w,%20https:/360legaljusticehub.com/wp-content/uploads/2024/09/Untitled_design__79_-removebg-preview-150x150.png%20150w HTTP/1.1" 404 24442 "-" "Mozilla/5.0 AppleWebKit/537.36 (KHTML, like Gecko; compatible; GPTBot/1.2; +https://openai.com/gptbot)"
182.43.70.143 - - [28/Apr/2025:08:10:15 -0400] "GET / HTTP/1.1" 200 43699 "http://360legaljusticehub.com" "Mozilla/5.0 (iPhone; CPU iPhone OS 13_2_3 like Mac OS X) AppleWebKit/605.1.15 (KHTML, like Gecko) Version/13.0.3 Mobile/15E148 Safari/604.1"
20.171.207.222 - - [28/Apr/2025:07:53:14 -0400] "GET /wp-json/elementskit/v1/ HTTP/1.1" 404 114 "-" "Mozilla/5.0 AppleWebKit/537.36 (KHTML, like Gecko; compatible; GPTBot/1.2; +https://openai.com/gptbot)"
66.29.132.124 - - [28/Apr/2025:07:53:34 -0400] "POST /wp-cron.php?doing_wp_cron=1745841214.6225800514221191406250 HTTP/1.1" 200 0 "-" "WordPress/6.8; https://360legaljusticehub.com"
66.29.132.124 - - [28/Apr/2025:07:53:35 -0400] "POST /wp-admin/admin-ajax.php?action=async_litespeed&nonce=gm0lgX59NmjdheisuqHueo5qxabkoLvT&litespeed_type=imgoptm HTTP/1.1" 200 21 "-" "WordPress/6.8; https://360legaljusticehub.com"
20.171.207.222 - - [28/Apr/2025:07:53:28 -0400] "GET /wp-content/uploads/2024/09/Untitled_design__79_-removebg-preview.png%20300w,%20https:/360legaljusticehub.com/wp-content/uploads/2024/09/Untitled_design__79_-removebg-preview-150x150.png%20150w HTTP/1.1" 404 24442 "-" "Mozilla/5.0 AppleWebKit/537.36 (KHTML, like Gecko; compatible; GPTBot/1.2; +https://openai.com/gptbot)"
20.171.207.222 - - [28/Apr/2025:07:54:54 -0400] "GET /wp-json/elementskit/v1/ HTTP/1.1" 404 114 "-" "Mozilla/5.0 AppleWebKit/537.36 (KHTML, like Gecko; compatible; GPTBot/1.2; +https://openai.com/gptbot)"
66.29.132.124 - - [28/Apr/2025:07:55:12 -0400] "POST /wp-cron.php?doing_wp_cron=1745841311.5478909015655517578125 HTTP/1.1" 200 0 "-" "WordPress/6.8; https://360legaljusticehub.com"
66.29.132.124 - - [28/Apr/2025:07:55:13 -0400] "POST /wp-admin/admin-ajax.php?action=async_litespeed&nonce=SgDJp5yWZ5PInQEdRRdcaHhpmOOQnM47&litespeed_type=imgoptm HTTP/1.1" 200 0 "-" "WordPress/6.8; https://360legaljusticehub.com"
20.171.207.222 - - [28/Apr/2025:07:55:08 -0400] "GET /wp-content/uploads/2024/09/Untitled_design__79_-removebg-preview.png%20300w,%20https:/360legaljusticehub.com/wp-content/uploads/2024/09/Untitled_design__79_-removebg-preview-150x150.png%20150w HTTP/1.1" 404 24442 "-" "Mozilla/5.0 AppleWebKit/537.36 (KHTML, like Gecko; compatible; GPTBot/1.2; +https://openai.com/gptbot)"
20.171.207.222 - - [28/Apr/2025:07:58:51 -0400] "GET /wp-json/elementskit/v1/ HTTP/1.1" 404 114 "-" "Mozilla/5.0 AppleWebKit/537.36 (KHTML, like Gecko; compatible; GPTBot/1.2; +https://openai.com/gptbot)"
66.29.132.124 - - [28/Apr/2025:07:59:13 -0400] "POST /wp-cron.php?doing_wp_cron=1745841552.8160951137542724609375 HTTP/1.1" 200 0 "-" "WordPress/6.8; https://360legaljusticehub.com"
66.29.132.124 - - [28/Apr/2025:07:59:14 -0400] "POST /wp-admin/admin-ajax.php?action=async_litespeed&nonce=04Nwz3sNakqzySg3AmbXGgUIOlVJNbek&litespeed_type=imgoptm HTTP/1.1" 200 0 "-" "WordPress/6.8; https://360legaljusticehub.com"
20.171.207.222 - - [28/Apr/2025:07:59:04 -0400] "GET /wp-content/uploads/2024/09/Untitled_design__79_-removebg-preview.png%20300w,%20https:/360legaljusticehub.com/wp-content/uploads/2024/09/Untitled_design__79_-removebg-preview-150x150.png%20150w HTTP/1.1" 404 24442 "-" "Mozilla/5.0 AppleWebKit/537.36 (KHTML, like Gecko; compatible; GPTBot/1.2; +https://openai.com/gptbot)"
57.141.0.20 - - [28/Apr/2025:08:12:26 -0400] "GET /index.html HTTP/1.1" 200 1514 "-" "meta-externalagent/1.1 (+https://developers.facebook.com/docs/sharing/webmasters/crawler)"
66.29.132.124 - - [28/Apr/2025:08:20:38 -0400] "POST /wp-cron.php?doing_wp_cron=1745842838.2808279991149902343750 HTTP/1.1" 200 0 "-" "WordPress/6.8; https://360legaljusticehub.com"
20.171.207.222 - - [28/Apr/2025:08:20:27 -0400] "GET /wp-json/elementskit/v1/ HTTP/1.1" 404 114 "-" "Mozilla/5.0 AppleWebKit/537.36 (KHTML, like Gecko; compatible; GPTBot/1.2; +https://openai.com/gptbot)"
66.29.132.124 - - [28/Apr/2025:08:20:41 -0400] "POST /wp-admin/admin-ajax.php?action=async_litespeed&nonce=Bm5EYeOUhEGbYlmdFnISwRiHrQomk1RL&litespeed_type=imgoptm HTTP/1.1" 200 0 "-" "WordPress/6.8; https://360legaljusticehub.com"
20.171.207.222 - - [28/Apr/2025:08:20:39 -0400] "GET /wp-content/uploads/2024/09/Untitled_design__79_-removebg-preview.png%20300w,%20https:/360legaljusticehub.com/wp-content/uploads/2024/09/Untitled_design__79_-removebg-preview-150x150.png%20150w HTTP/1.1" 404 24444 "-" "Mozilla/5.0 AppleWebKit/537.36 (KHTML, like Gecko; compatible; GPTBot/1.2; +https://openai.com/gptbot)"
20.171.207.222 - - [28/Apr/2025:08:29:12 -0400] "GET /wp-json/elementskit/v1/ HTTP/1.1" 404 114 "-" "Mozilla/5.0 AppleWebKit/537.36 (KHTML, like Gecko; compatible; GPTBot/1.2; +https://openai.com/gptbot)"
66.29.132.124 - - [28/Apr/2025:08:29:30 -0400] "POST /wp-cron.php?doing_wp_cron=1745843366.6503319740295410156250 HTTP/1.1" 200 0 "-" "WordPress/6.8; https://360legaljusticehub.com"
20.171.207.222 - - [28/Apr/2025:08:29:17 -0400] "GET /wp-content/uploads/2024/09/Untitled_design__79_-removebg-preview.png%20300w,%20https:/360legaljusticehub.com/wp-content/uploads/2024/09/Untitled_design__79_-removebg-preview-150x150.png%20150w HTTP/1.1" 404 24444 "-" "Mozilla/5.0 AppleWebKit/537.36 (KHTML, like Gecko; compatible; GPTBot/1.2; +https://openai.com/gptbot)"
169.150.205.135 - - [28/Apr/2025:08:40:04 -0400] "GET /wp-login.php HTTP/1.1" 200 6119 "https://360legaljusticehub.com/wp-login.php" "Mozilla/5.0 (Windows NT 10.0; WOW64) AppleWebKit/537.36 (KHTML, like Gecko) Chrome/62.0.3198.0 Safari/537.36 OPR/49.0.2711.0"
4.227.36.118 - - [28/Apr/2025:08:49:08 -0400] "GET /robots.txt HTTP/1.1" 200 103 "-" "Mozilla/5.0 AppleWebKit/537.36 (KHTML, like Gecko; compatible; GPTBot/1.2; +https://openai.com/gptbot)"
20.171.207.222 - - [28/Apr/2025:08:49:09 -0400] "GET /wp-json/elementskit/v1/ HTTP/1.1" 404 114 "-" "Mozilla/5.0 AppleWebKit/537.36 (KHTML, like Gecko; compatible; GPTBot/1.2; +https://openai.com/gptbot)"
66.29.132.124 - - [28/Apr/2025:08:49:23 -0400] "POST /wp-cron.php?doing_wp_cron=1745844563.2540578842163085937500 HTTP/1.1" 200 0 "-" "WordPress/6.8; https://360legaljusticehub.com"
66.29.132.124 - - [28/Apr/2025:08:49:25 -0400] "POST /wp-admin/admin-ajax.php?action=async_litespeed&nonce=AjHidT3NKIvYbKNBzmZOKDTBDzNyRZtf&litespeed_type=imgoptm HTTP/1.1" 200 0 "-" "WordPress/6.8; https://360legaljusticehub.com"
