47.128.115.89 - - [26/Apr/2025:09:03:42 -0400] "GET /wp-content/uploads/2024/09/rawpixel-592442-unsplash-copyright-min.jpg HTTP/1.1" 206 500 "https://360legaljusticehub.com/wp-content/uploads/elementor/css/post-15.css?ver=1744766852" "Mozilla/5.0 (Linux; Android 5.0) AppleWebKit/537.36 (KHTML, like Gecko) Mobile Safari/537.36 (compatible; Bytespider; spider-feedback@bytedance.com)"
47.128.115.89 - - [26/Apr/2025:09:03:42 -0400] "GET /wp-content/uploads/2024/09/home1-icon5.png HTTP/1.1" 206 500 "https://360legaljusticehub.com/" "Mozilla/5.0 (Linux; Android 5.0) AppleWebKit/537.36 (KHTML, like Gecko) Mobile Safari/537.36 (compatible; Bytespider; spider-feedback@bytedance.com)"
47.128.115.89 - - [26/Apr/2025:09:03:42 -0400] "GET /wp-content/uploads/2024/09/home1-icon6.png HTTP/1.1" 206 500 "https://360legaljusticehub.com/" "Mozilla/5.0 (Linux; Android 5.0) AppleWebKit/537.36 (KHTML, like Gecko) Mobile Safari/537.36 (compatible; Bytespider; spider-feedback@bytedance.com)"
47.128.115.89 - - [26/Apr/2025:09:03:42 -0400] "GET /wp-content/uploads/elementor/thumbs/rawpixel-592442-unsplash-copyright-min-qu3cu7x2c4dqdda7wkztwozljn76s35oudpz261jr8.jpg HTTP/1.1" 206 500 "https://360legaljusticehub.com/" "Mozilla/5.0 (Linux; Android 5.0) AppleWebKit/537.36 (KHTML, like Gecko) Mobile Safari/537.36 (compatible; Bytespider; spider-feedback@bytedance.com)"
47.128.115.89 - - [26/Apr/2025:09:03:42 -0400] "GET /wp-content/uploads/2024/09/home1-icon4.png HTTP/1.1" 206 500 "https://360legaljusticehub.com/" "Mozilla/5.0 (Linux; Android 5.0) AppleWebKit/537.36 (KHTML, like Gecko) Mobile Safari/537.36 (compatible; Bytespider; spider-feedback@bytedance.com)"
47.128.115.89 - - [26/Apr/2025:09:03:42 -0400] "GET /wp-content/uploads/2024/09/home1-icon3.png HTTP/1.1" 206 500 "https://360legaljusticehub.com/" "Mozilla/5.0 (Linux; Android 5.0) AppleWebKit/537.36 (KHTML, like Gecko) Mobile Safari/537.36 (compatible; Bytespider; spider-feedback@bytedance.com)"
47.128.115.89 - - [26/Apr/2025:09:03:42 -0400] "GET /wp-content/uploads/2024/09/92976-1.jpg HTTP/1.1" 206 500 "https://360legaljusticehub.com/wp-content/uploads/elementor/css/post-15.css?ver=1744766852" "Mozilla/5.0 (Linux; Android 5.0) AppleWebKit/537.36 (KHTML, like Gecko) Mobile Safari/537.36 (compatible; Bytespider; spider-feedback@bytedance.com)"
47.128.115.89 - - [26/Apr/2025:09:03:42 -0400] "GET /wp-content/uploads/2024/09/4.jpg HTTP/1.1" 206 500 "https://360legaljusticehub.com/wp-content/uploads/elementor/css/post-15.css?ver=1744766852" "Mozilla/5.0 (Linux; Android 5.0) AppleWebKit/537.36 (KHTML, like Gecko) Mobile Safari/537.36 (compatible; Bytespider; spider-feedback@bytedance.com)"
149.88.110.66 - - [26/Apr/2025:09:11:31 -0400] "GET / HTTP/1.1" 200 30722 "-" "Mozilla/5.0 (Linux; Android 4.4.2; LG-D855 Build/KVT49L.A1412087656) AppleWebKit/537.36 (KHTML, like Gecko) Chrome/39.0.2171.93 Mobile Safari/537.36"
66.29.132.124 - - [26/Apr/2025:09:20:40 -0400] "POST /wp-cron.php?doing_wp_cron=1745673640.0066928863525390625000 HTTP/1.1" 200 0 "-" "WordPress/6.8; https://360legaljusticehub.com"
4.227.36.67 - - [26/Apr/2025:09:20:35 -0400] "GET /robots.txt HTTP/1.1" 200 103 "http://360legaljusticehub.com/robots.txt" "Mozilla/5.0 AppleWebKit/537.36 (KHTML, like Gecko; compatible; GPTBot/1.2; +https://openai.com/gptbot)"
66.29.132.124 - - [26/Apr/2025:09:20:40 -0400] "POST /wp-admin/admin-ajax.php?action=async_litespeed&nonce=hiLmGcl6oAzwQ42gJogA2KEgK75Zo8VC&litespeed_type=imgoptm HTTP/1.1" 200 0 "-" "WordPress/6.8; https://360legaljusticehub.com"
66.29.132.124 - - [26/Apr/2025:09:46:24 -0400] "POST /wp-cron.php?doing_wp_cron=1745675184.3370580673217773437500 HTTP/1.1" 200 0 "-" "WordPress/6.8; https://360legaljusticehub.com"
43.130.31.17 - - [26/Apr/2025:09:46:17 -0400] "GET / HTTP/1.1" 301 0 "http://www.360legaljusticehub.com" "Mozilla/5.0 (iPhone; CPU iPhone OS 13_2_3 like Mac OS X) AppleWebKit/605.1.15 (KHTML, like Gecko) Version/13.0.3 Mobile/15E148 Safari/604.1"
66.29.132.124 - - [26/Apr/2025:09:46:24 -0400] "POST /wp-admin/admin-ajax.php?action=async_litespeed&nonce=aZCXF8p085PTDREe6ODKadV1jgEtKGAf&litespeed_type=imgoptm HTTP/1.1" 200 0 "-" "WordPress/6.8; https://360legaljusticehub.com"
43.130.31.17 - - [26/Apr/2025:09:46:25 -0400] "GET / HTTP/1.1" 200 43699 "https://www.360legaljusticehub.com/" "Mozilla/5.0 (iPhone; CPU iPhone OS 13_2_3 like Mac OS X) AppleWebKit/605.1.15 (KHTML, like Gecko) Version/13.0.3 Mobile/15E148 Safari/604.1"
66.29.132.124 - - [26/Apr/2025:09:52:38 -0400] "POST /wp-cron.php?doing_wp_cron=1745675557.9544661045074462890625 HTTP/1.1" 200 0 "-" "WordPress/6.8; https://360legaljusticehub.com"
66.29.132.124 - - [26/Apr/2025:09:52:39 -0400] "POST /wp-admin/admin-ajax.php?action=async_litespeed&nonce=nC5x73i4bPTllwm7uhHuRwLUzZ90KIg8&litespeed_type=imgoptm HTTP/1.1" 200 0 "-" "WordPress/6.8; https://360legaljusticehub.com"
50.6.206.128 - - [26/Apr/2025:09:52:32 -0400] "GET /file-manager/tinymce HTTP/1.1" 404 29323 "-" "Mozilla/5.0"
43.157.149.188 - - [26/Apr/2025:09:55:17 -0400] "GET / HTTP/1.1" 200 43699 "http://360legaljusticehub.com" "Mozilla/5.0 (iPhone; CPU iPhone OS 13_2_3 like Mac OS X) AppleWebKit/605.1.15 (KHTML, like Gecko) Version/13.0.3 Mobile/15E148 Safari/604.1"
198.235.24.25 - - [26/Apr/2025:10:01:15 -0400] "GET / HTTP/1.1" 200 205603 "-" "-"
66.29.132.124 - - [26/Apr/2025:10:02:05 -0400] "POST /wp-cron.php?doing_wp_cron=1745676125.4423079490661621093750 HTTP/1.1" 200 0 "-" "WordPress/6.8; https://360legaljusticehub.com"
66.29.132.124 - - [26/Apr/2025:10:02:06 -0400] "POST /wp-admin/admin-ajax.php?action=async_litespeed&nonce=UkzTKPyOSNq0OslfwgUJHdHQa4iHNIlj&litespeed_type=imgoptm HTTP/1.1" 200 21 "-" "WordPress/6.8; https://360legaljusticehub.com"
134.17.14.122 - - [26/Apr/2025:10:02:01 -0400] "GET /userfuns.php HTTP/1.1" 404 25395 "-" "Mozilla/4.0 (compatible; MSIE 6.0; Windows NT 5.1; SV1)"
198.54.126.98 - - [26/Apr/2025:10:18:57 -0400] "GET /wp-login.php HTTP/1.1" 200 0 "http://360legaljusticehub.com" "Mozilla/5.0 (Macintosh; Intel Mac OS X 10_15_7; rv:125.0.1) Gecko/20100101 Firefox/125.0.1"
66.29.132.124 - - [26/Apr/2025:10:19:07 -0400] "POST /wp-cron.php?doing_wp_cron=1745677147.2874150276184082031250 HTTP/1.1" 200 0 "-" "WordPress/6.8; https://360legaljusticehub.com"
66.29.132.124 - - [26/Apr/2025:10:19:08 -0400] "POST /wp-admin/admin-ajax.php?action=async_litespeed&nonce=Oqh1C2QMKfERTOWevF7lqk6oyvbPGG4Z&litespeed_type=imgoptm HTTP/1.1" 200 0 "-" "WordPress/6.8; https://360legaljusticehub.com"
4.227.36.67 - - [26/Apr/2025:10:45:41 -0400] "GET /robots.txt HTTP/1.1" 200 0 "-" "Mozilla/5.0 AppleWebKit/537.36 (KHTML, like Gecko; compatible; GPTBot/1.2; +https://openai.com/gptbot)"
66.29.132.124 - - [26/Apr/2025:10:45:58 -0400] "POST /wp-cron.php?doing_wp_cron=1745678758.5501871109008789062500 HTTP/1.1" 200 0 "-" "WordPress/6.8; https://360legaljusticehub.com"
66.29.132.124 - - [26/Apr/2025:10:46:01 -0400] "POST /wp-admin/admin-ajax.php?action=async_litespeed&nonce=odueaVutC43u2QfhihtEaNJtipxF9KF8&litespeed_type=imgoptm HTTP/1.1" 200 0 "-" "WordPress/6.8; https://360legaljusticehub.com"
5.133.192.105 - - [26/Apr/2025:10:49:27 -0400] "GET / HTTP/1.1" 200 43699 "-" "Mozilla/5.0 (Windows NT 10.0; Win64; x64) AppleWebKit/537.36 (KHTML, like Gecko) Chrome/105.0.0.0 Safari/537.36"
5.133.192.105 - - [26/Apr/2025:10:49:28 -0400] "GET /wp-content/uploads/2024/09/cropped-cropped-Untitled_design__79_-removebg-preview-32x32.png HTTP/1.1" 200 2015 "-" "Mozilla/5.0 (Windows NT 10.0; Win64; x64) AppleWebKit/537.36 (KHTML, like Gecko) Chrome/105.0.0.0 Safari/537.36"
68.65.123.234 - - [26/Apr/2025:11:02:46 -0400] "GET /wp-login.php HTTP/1.1" 200 0 "http://360legaljusticehub.com" "Mozilla/5.0 (Windows NT 10.0; Win64; x64) AppleWebKit/537.36 (KHTML, like Gecko) Chrome/114.0.5735.134 Safari/537.36"
196.251.86.177 - - [26/Apr/2025:11:08:02 -0400] "GET / HTTP/1.1" 200 0 "-" "-"
196.251.86.177 - - [26/Apr/2025:11:08:06 -0400] "GET / HTTP/1.1" 200 0 "-" "-"
196.251.86.177 - - [26/Apr/2025:11:08:11 -0400] "GET / HTTP/1.1" 200 0 "-" "-"
196.251.86.177 - - [26/Apr/2025:11:08:21 -0400] "GET / HTTP/1.1" 200 205603 "-" "-"
57.141.4.1 - - [26/Apr/2025:11:13:51 -0400] "GET /index.html HTTP/1.1" 404 118543 "-" "meta-externalagent/1.1 (+https://developers.facebook.com/docs/sharing/webmasters/crawler)"
198.54.120.17 - - [26/Apr/2025:11:17:36 -0400] "GET /wp-login.php HTTP/1.1" 200 0 "http://360legaljusticehub.com" "Mozilla/5.0 (Macintosh; Intel Mac OS X 10_15_7) AppleWebKit/537.36 (KHTML, like Gecko) Chrome/116.0.5845.96 Safari/537.36"
66.29.132.124 - - [26/Apr/2025:11:17:45 -0400] "POST /wp-cron.php?doing_wp_cron=1745680662.4546880722045898437500 HTTP/1.1" 200 0 "-" "WordPress/6.8; https://360legaljusticehub.com"
217.160.202.182 - - [26/Apr/2025:12:01:03 -0400] "GET / HTTP/1.1" 200 43699 "-" "Mozilla/5.0 (Windows NT 10.0; Win64; x64) AppleWebKit/537.36 (KHTML, like Gecko) Chrome/91.0.4472.114 Safari/537.36 Edg/91.0.864.54"
162.0.232.248 - - [26/Apr/2025:12:01:22 -0400] "GET /wp-login.php HTTP/1.1" 200 0 "http://360legaljusticehub.com" "Mozilla/5.0 (Windows NT 10.0; Win64; x64) AppleWebKit/537.36 (KHTML, like Gecko) Chrome/126.0.0.0 Safari/537.36"
66.29.132.124 - - [26/Apr/2025:12:01:35 -0400] "POST /wp-cron.php?doing_wp_cron=1745683295.5952699184417724609375 HTTP/1.1" 200 0 "-" "WordPress/6.8; https://360legaljusticehub.com"
66.29.132.124 - - [26/Apr/2025:12:01:36 -0400] "POST /wp-admin/admin-ajax.php?action=async_litespeed&nonce=4GMB90ibWpqXq4a0RKibQYXaA2PhTXUi&litespeed_type=imgoptm HTTP/1.1" 200 0 "-" "WordPress/6.8; https://360legaljusticehub.com"
89.110.109.74 - - [26/Apr/2025:12:15:50 -0400] "GET / HTTP/1.1" 200 43699 "-" "Mozilla/5.0 (Macintosh; Intel Mac OS X 10_15_7) AppleWebKit/537.36 (KHTML, like Gecko) Chrome/133.0.0.0 Safari/537.36"
66.29.132.124 - - [26/Apr/2025:12:16:06 -0400] "POST /wp-cron.php?doing_wp_cron=1745684166.2943050861358642578125 HTTP/1.1" 200 0 "-" "WordPress/6.8; https://360legaljusticehub.com"
162.213.251.71 - - [26/Apr/2025:12:16:03 -0400] "GET /wp-login.php HTTP/1.1" 200 2127 "http://360legaljusticehub.com" "Mozilla/5.0 (Macintosh; Intel Mac OS X 14.5) AppleWebKit/618.3.5 (KHTML, like Gecko) Version/17.4 Safari/618.3.5"
66.29.132.124 - - [26/Apr/2025:12:16:09 -0400] "POST /wp-admin/admin-ajax.php?action=async_litespeed&nonce=NlxxunXClDnlHf04fplWtOsUpmrFgBek&litespeed_type=imgoptm HTTP/1.1" 200 0 "-" "WordPress/6.8; https://360legaljusticehub.com"
41.67.129.153 - - [26/Apr/2025:12:15:54 -0400] "POST / HTTP/1.1" 200 43676 "-" "Mozilla/5.0 (Macintosh; Intel Mac OS X 10_15_7) AppleWebKit/537.36 (KHTML, like Gecko) Chrome/133.0.0.0 Safari/537.36"
41.67.129.153 - - [26/Apr/2025:12:16:20 -0400] "POST / HTTP/1.1" 200 43653 "-" "Mozilla/5.0 (Macintosh; Intel Mac OS X 10_15_7) AppleWebKit/537.36 (KHTML, like Gecko) Chrome/133.0.0.0 Safari/537.36"
41.67.129.153 - - [26/Apr/2025:12:16:25 -0400] "POST / HTTP/1.1" 200 43659 "-" "Mozilla/5.0 (Windows NT 10.0; Win64; x64) AppleWebKit/537.36 (KHTML, like Gecko) Chrome/120.0.0.0 Safari/537.36"
66.29.132.124 - - [26/Apr/2025:12:16:30 -0400] "POST /wp-cron.php?doing_wp_cron=1745684190.1578540802001953125000 HTTP/1.1" 200 0 "-" "WordPress/6.8; https://360legaljusticehub.com"
89.110.109.74 - - [26/Apr/2025:12:16:29 -0400] "GET /comments/feed/ HTTP/1.1" 200 775 "-" "Mozilla/5.0 (Macintosh; Intel Mac OS X 10_15_7) AppleWebKit/537.36 (KHTML, like Gecko) Chrome/133.0.0.0 Safari/537.36"
66.29.132.124 - - [26/Apr/2025:12:16:31 -0400] "POST /wp-admin/admin-ajax.php?action=async_litespeed&nonce=l8ctZDiiCbl9RNM5fjVjSgrORa2S4Dt5&litespeed_type=imgoptm HTTP/1.1" 200 21 "-" "WordPress/6.8; https://360legaljusticehub.com"
89.110.109.74 - - [26/Apr/2025:12:16:33 -0400] "GET /contact-us/ HTTP/1.1" 200 34653 "-" "Mozilla/5.0 (Macintosh; Intel Mac OS X 10_15_7) AppleWebKit/537.36 (KHTML, like Gecko) Chrome/133.0.0.0 Safari/537.36"
41.67.129.153 - - [26/Apr/2025:12:16:39 -0400] "POST /contact-us/ HTTP/1.1" 200 34602 "-" "Mozilla/5.0 (Macintosh; Intel Mac OS X 10_15_7) AppleWebKit/537.36 (KHTML, like Gecko) Chrome/133.0.0.0 Safari/537.36"
41.67.129.153 - - [26/Apr/2025:12:16:46 -0400] "POST /contact-us/ HTTP/1.1" 200 34602 "-" "Mozilla/5.0 (Windows NT 10.0; Win64; x64) AppleWebKit/537.36 (KHTML, like Gecko) Chrome/120.0.0.0 Safari/537.36"
41.67.129.153 - - [26/Apr/2025:12:16:51 -0400] "POST /contact-us/ HTTP/1.1" 200 34603 "-" "Mozilla/5.0 (Macintosh; Intel Mac OS X 10_15_7) AppleWebKit/537.36 (KHTML, like Gecko) Chrome/133.0.0.0 Safari/537.36"
41.67.129.153 - - [26/Apr/2025:12:16:55 -0400] "POST /contact-us/ HTTP/1.1" 200 34611 "-" "Mozilla/5.0 (Windows NT 10.0; Win64; x64) AppleWebKit/537.36 (KHTML, like Gecko) Chrome/120.0.0.0 Safari/537.36"
67.223.118.141 - - [26/Apr/2025:12:23:22 -0400] "GET /wp-login.php HTTP/1.1" 200 1893 "http://360legaljusticehub.com" "Mozilla/5.0 (Macintosh; Intel Mac OS X 14_6) AppleWebKit/605.1.15 (KHTML, like Gecko) Version/17.5 Safari/605.1.15"
66.29.132.124 - - [26/Apr/2025:12:24:11 -0400] "POST /wp-cron.php?doing_wp_cron=1745684651.4654259681701660156250 HTTP/1.1" 200 0 "-" "WordPress/6.8; https://360legaljusticehub.com"
4.227.36.67 - - [26/Apr/2025:12:24:02 -0400] "GET /robots.txt HTTP/1.1" 200 0 "-" "Mozilla/5.0 AppleWebKit/537.36 (KHTML, like Gecko; compatible; GPTBot/1.2; +https://openai.com/gptbot)"
66.29.132.124 - - [26/Apr/2025:12:24:12 -0400] "POST /wp-admin/admin-ajax.php?action=async_litespeed&nonce=1Kwqzl3a1RbOBrUIUpEjfI2Mkxr9mypv&litespeed_type=imgoptm HTTP/1.1" 200 0 "-" "WordPress/6.8; https://360legaljusticehub.com"
69.171.249.8 - - [26/Apr/2025:12:39:40 -0400] "GET /robots.txt HTTP/1.1" 200 0 "-" "facebookexternalhit/1.1 (+http://www.facebook.com/externalhit_uatext.php)"
66.29.132.124 - - [26/Apr/2025:12:39:52 -0400] "POST /wp-cron.php?doing_wp_cron=1745685592.5714240074157714843750 HTTP/1.1" 200 0 "-" "WordPress/6.8; https://360legaljusticehub.com"
66.29.132.124 - - [26/Apr/2025:12:39:54 -0400] "POST /wp-admin/admin-ajax.php?action=async_litespeed&nonce=0Pax3bvbPTqfNNXHJFN9KDr9kkaCdfgj&litespeed_type=imgoptm HTTP/1.1" 200 0 "-" "WordPress/6.8; https://360legaljusticehub.com"
57.141.4.8 - - [26/Apr/2025:12:57:54 -0400] "GET / HTTP/1.1" 200 205603 "-" "meta-externalagent/1.1 (+https://developers.facebook.com/docs/sharing/webmasters/crawler)"
162.0.235.216 - - [26/Apr/2025:13:12:58 -0400] "GET /wp-login.php HTTP/1.1" 200 2127 "http://360legaljusticehub.com" "Mozilla/5.0 (Windows NT 11.0; Win64; x64) AppleWebKit/537.36 (KHTML, like Gecko) Chrome/126.0.0.0 Safari/537.36 Edg/126.0.0.0"
68.65.123.234 - - [26/Apr/2025:13:20:05 -0400] "GET /wp-login.php HTTP/1.1" 200 1893 "http://360legaljusticehub.com" "Mozilla/5.0 (Windows NT 10.0; Win64; x64) AppleWebKit/537.36 (KHTML, like Gecko) Chrome/114.0.5735.134 Safari/537.36"
66.29.132.124 - - [26/Apr/2025:13:29:09 -0400] "POST /wp-cron.php?doing_wp_cron=1745688548.5798408985137939453125 HTTP/1.1" 200 0 "-" "WordPress/6.8; https://360legaljusticehub.com"
4.227.36.67 - - [26/Apr/2025:13:29:01 -0400] "GET /robots.txt HTTP/1.1" 200 0 "-" "Mozilla/5.0 AppleWebKit/537.36 (KHTML, like Gecko; compatible; GPTBot/1.2; +https://openai.com/gptbot)"
66.29.132.124 - - [26/Apr/2025:13:29:10 -0400] "POST /wp-admin/admin-ajax.php?action=async_litespeed&nonce=DbhShSTyHgFSNsuNfWJ9xwWIvBJDHCsq&litespeed_type=imgoptm HTTP/1.1" 200 0 "-" "WordPress/6.8; https://360legaljusticehub.com"
104.219.248.2 - - [26/Apr/2025:13:34:02 -0400] "GET /wp-login.php HTTP/1.1" 200 1893 "http://360legaljusticehub.com" "Mozilla/5.0 (Windows NT 10.0; Win64; x64) AppleWebKit/537.36 (KHTML, like Gecko) Chrome/115.0.5790.171 Safari/537.36 Edg/115.0.1901.203"
162.0.232.105 - - [26/Apr/2025:13:41:05 -0400] "GET /wp-login.php HTTP/1.1" 200 1893 "http://360legaljusticehub.com" "Mozilla/5.0 (Windows NT 10.0; Win64; x64) AppleWebKit/537.36 (KHTML, like Gecko) Chrome/126.0.0.0 Safari/537.36"
162.0.232.248 - - [26/Apr/2025:13:48:00 -0400] "GET /wp-login.php HTTP/1.1" 200 1893 "http://360legaljusticehub.com" "Mozilla/5.0 (Macintosh; Intel Mac OS X 13.3; rv:126.0) Gecko/20100101 Firefox/126.0"
66.29.132.124 - - [26/Apr/2025:14:01:26 -0400] "POST /wp-cron.php?doing_wp_cron=1745690486.0967369079589843750000 HTTP/1.1" 200 0 "-" "WordPress/6.8; https://360legaljusticehub.com"
49.7.227.204 - - [26/Apr/2025:14:01:19 -0400] "GET / HTTP/1.1" 301 0 "http://www.360legaljusticehub.com" "Mozilla/5.0 (iPhone; CPU iPhone OS 13_2_3 like Mac OS X) AppleWebKit/605.1.15 (KHTML, like Gecko) Version/13.0.3 Mobile/15E148 Safari/604.1"
66.29.132.124 - - [26/Apr/2025:14:01:26 -0400] "POST /wp-admin/admin-ajax.php?action=async_litespeed&nonce=40zxIi1LPcLqL0iGPmSgXjmCeLqaZMT7&litespeed_type=imgoptm HTTP/1.1" 200 21 "-" "WordPress/6.8; https://360legaljusticehub.com"
49.7.227.204 - - [26/Apr/2025:14:01:28 -0400] "GET / HTTP/1.1" 200 43699 "https://www.360legaljusticehub.com/" "Mozilla/5.0 (iPhone; CPU iPhone OS 13_2_3 like Mac OS X) AppleWebKit/605.1.15 (KHTML, like Gecko) Version/13.0.3 Mobile/15E148 Safari/604.1"
67.223.118.151 - - [26/Apr/2025:14:17:43 -0400] "GET /wp-login.php HTTP/1.1" 200 1893 "http://360legaljusticehub.com" "Mozilla/5.0 (Macintosh; Intel Mac OS X 10_15_7; rv:127.0) Gecko/20100101 Firefox/127.0"
162.0.232.99 - - [26/Apr/2025:14:25:22 -0400] "GET /wp-login.php HTTP/1.1" 200 1893 "http://360legaljusticehub.com" "Mozilla/5.0 (Macintosh; Intel Mac OS X 10_15_7; rv:127.0) Gecko/20100101 Firefox/127.0"
4.227.36.77 - - [26/Apr/2025:14:34:24 -0400] "GET /robots.txt HTTP/1.1" 200 0 "http://www.360legaljusticehub.com/robots.txt" "Mozilla/5.0 AppleWebKit/537.36 (KHTML, like Gecko; compatible; GPTBot/1.2; +https://openai.com/gptbot)"
4.227.36.77 - - [26/Apr/2025:14:34:23 -0400] "GET /robots.txt HTTP/1.1" 200 0 "-" "Mozilla/5.0 AppleWebKit/537.36 (KHTML, like Gecko; compatible; GPTBot/1.2; +https://openai.com/gptbot)"
4.227.36.67 - - [26/Apr/2025:14:34:24 -0400] "GET /robots.txt HTTP/1.1" 200 0 "http://360legaljusticehub.com/robots.txt" "Mozilla/5.0 AppleWebKit/537.36 (KHTML, like Gecko; compatible; GPTBot/1.2; +https://openai.com/gptbot)"
4.227.36.67 - - [26/Apr/2025:14:34:24 -0400] "GET /robots.txt HTTP/1.1" 200 0 "-" "Mozilla/5.0 AppleWebKit/537.36 (KHTML, like Gecko; compatible; GPTBot/1.2; +https://openai.com/gptbot)"
66.29.132.124 - - [26/Apr/2025:14:34:35 -0400] "POST /wp-cron.php?doing_wp_cron=1745692474.4081239700317382812500 HTTP/1.1" 200 0 "-" "WordPress/6.8; https://360legaljusticehub.com"
66.29.132.124 - - [26/Apr/2025:14:34:35 -0400] "POST /wp-cron.php?doing_wp_cron=1745692474.4074180126190185546875 HTTP/1.1" 200 0 "-" "WordPress/6.8; https://360legaljusticehub.com"
66.29.132.124 - - [26/Apr/2025:14:34:36 -0400] "POST /wp-admin/admin-ajax.php?action=async_litespeed&nonce=r2VyCszq1yB0ZkmZEX1nq1sxKhwe0Tp1&litespeed_type=imgoptm HTTP/1.1" 200 0 "-" "WordPress/6.8; https://360legaljusticehub.com"
162.0.232.105 - - [26/Apr/2025:14:40:35 -0400] "GET /wp-login.php HTTP/1.1" 200 2127 "http://360legaljusticehub.com" "Mozilla/5.0 (Macintosh; Intel Mac OS X 10.15; rv:126.0) Gecko/20100101 Firefox/126.0"
35.173.18.61 - - [26/Apr/2025:14:43:26 -0400] "GET /robots.txt HTTP/1.1" 200 0 "-" "Mozilla/5.0 AppleWebKit/537.36 (KHTML, like Gecko; compatible; Amazonbot/0.1; +https://developer.amazon.com/support/amazonbot) Chrome/119.0.6045.214 Safari/537.36"
66.29.132.124 - - [26/Apr/2025:14:43:35 -0400] "POST /wp-cron.php?doing_wp_cron=1745693014.8996989727020263671875 HTTP/1.1" 200 0 "-" "WordPress/6.8; https://360legaljusticehub.com"
66.29.132.124 - - [26/Apr/2025:14:43:36 -0400] "POST /wp-admin/admin-ajax.php?action=async_litespeed&nonce=Vj4061iizOmzYRFZ6QJx4yZJPKhu1GqJ&litespeed_type=imgoptm HTTP/1.1" 200 0 "-" "WordPress/6.8; https://360legaljusticehub.com"
34.226.89.140 - - [26/Apr/2025:14:43:34 -0400] "GET /about-us/ HTTP/1.1" 200 35688 "-" "Mozilla/5.0 AppleWebKit/537.36 (KHTML, like Gecko; compatible; Amazonbot/0.1; +https://developer.amazon.com/support/amazonbot) Chrome/119.0.6045.214 Safari/537.36"
66.29.132.7 - - [26/Apr/2025:15:10:34 -0400] "GET /wp-login.php HTTP/1.1" 200 2127 "http://360legaljusticehub.com" "Mozilla/5.0 (Windows NT 10.0; Win64; x64; rv:128.0) Gecko/20100101 Firefox/128.0"
66.29.132.124 - - [26/Apr/2025:15:36:10 -0400] "POST /wp-cron.php?doing_wp_cron=1745696169.8933660984039306640625 HTTP/1.1" 200 0 "-" "WordPress/6.8; https://360legaljusticehub.com"
137.74.39.64 - - [26/Apr/2025:15:36:00 -0400] "POST /xmlrpc.php HTTP/1.1" 200 403 "-" "Mozilla/5.0 (Windows NT 5.1; Win64; x64) AppleWebKit/537.36 (KHTML, like Gecko) Chrome/60.0.3112.90 Safari/537.36"
66.29.132.124 - - [26/Apr/2025:15:36:11 -0400] "POST /wp-admin/admin-ajax.php?action=async_litespeed&nonce=hvSIsGaGu1no5xd9GwjiQCre5Pa6YoYY&litespeed_type=imgoptm HTTP/1.1" 200 0 "-" "WordPress/6.8; https://360legaljusticehub.com"
41.73.194.141 - - [26/Apr/2025:15:36:15 -0400] "POST /xmlrpc.php HTTP/1.1" 200 403 "-" "Mozilla/5.0 (Windows NT 10.0; Win64; x64; rv:78.0) Gecko/20100101 Firefox/78.0"
66.29.132.124 - - [26/Apr/2025:15:36:43 -0400] "POST /wp-cron.php?doing_wp_cron=1745696203.1672520637512207031250 HTTP/1.1" 200 0 "-" "WordPress/6.8; https://360legaljusticehub.com"
52.228.14.127 - - [26/Apr/2025:15:36:42 -0400] "POST /xmlrpc.php HTTP/1.1" 200 403 "-" "Mozilla/5.0 (Windows NT 10.0; WOW64; rv:52.0) Gecko/20100101 Firefox/52.0"
66.29.132.124 - - [26/Apr/2025:15:36:43 -0400] "POST /wp-admin/admin-ajax.php?action=async_litespeed&nonce=uUyDnKTsAl18FzQQ5Xm3W1YyxxUx0w8x&litespeed_type=imgoptm HTTP/1.1" 200 21 "-" "WordPress/6.8; https://360legaljusticehub.com"
66.29.132.124 - - [26/Apr/2025:15:36:45 -0400] "POST /wp-cron.php?doing_wp_cron=1745696205.9159929752349853515625 HTTP/1.1" 200 0 "-" "WordPress/6.8; https://360legaljusticehub.com"
94.103.185.72 - - [26/Apr/2025:15:36:45 -0400] "POST /xmlrpc.php HTTP/1.1" 200 403 "-" "Mozilla/5.0 (Windows NT 10.0; Win64; x64) AppleWebKit/537.36 (KHTML, like Gecko) Chrome/61.0.3163.100 Safari/537.36"
3.232.222.179 - - [26/Apr/2025:15:36:52 -0400] "POST /xmlrpc.php HTTP/1.1" 200 403 "-" "Mozilla/5.0 (Windows NT 10.0; Win64; x64) AppleWebKit/537.36 (KHTML, like Gecko) Chrome/84.0.4147.105 Safari/537.36"
107.150.0.65 - - [26/Apr/2025:15:37:35 -0400] "GET /.env HTTP/1.1" 403 1242 "-" "Mozilla/5.0 (Windows NT 10.0; Win64; x64) AppleWebKit/537.36 (KHTML, like Gecko) Chrome/119.0.0.0 Safari/537.36"
107.150.0.65 - - [26/Apr/2025:15:37:39 -0400] "POST / HTTP/1.1" 508 829 "-" "Mozilla/5.0 (Windows NT 10.0; Win64; x64) AppleWebKit/537.36 (KHTML, like Gecko) Chrome/119.0.0.0 Safari/537.36"
178.20.47.92 - - [26/Apr/2025:15:45:52 -0400] "GET / HTTP/1.1" 200 43699 "-" "Mozilla/5.0 (Macintosh; Intel Mac OS X 10_15_7) AppleWebKit/537.36 (KHTML, like Gecko) Chrome/133.0.0.0 Safari/537.36"
66.29.132.124 - - [26/Apr/2025:15:45:59 -0400] "POST /wp-cron.php?doing_wp_cron=1745696759.5046339035034179687500 HTTP/1.1" 200 0 "-" "WordPress/6.8; https://360legaljusticehub.com"
66.29.132.124 - - [26/Apr/2025:15:45:59 -0400] "POST /wp-admin/admin-ajax.php?action=async_litespeed&nonce=V9QYP94NhAdhzQtn3JE6Oyougk4X22by&litespeed_type=imgoptm HTTP/1.1" 200 21 "-" "WordPress/6.8; https://360legaljusticehub.com"
111.90.182.54 - - [26/Apr/2025:15:45:54 -0400] "POST / HTTP/1.1" 200 43642 "-" "Mozilla/5.0 (Macintosh; Intel Mac OS X 10_15_7) AppleWebKit/537.36 (KHTML, like Gecko) Chrome/133.0.0.0 Safari/537.36"
111.90.182.54 - - [26/Apr/2025:15:46:03 -0400] "POST / HTTP/1.1" 200 43653 "-" "Mozilla/5.0 (Windows NT 10.0; Win64; x64) AppleWebKit/537.36 (KHTML, like Gecko) Chrome/120.0.0.0 Safari/537.36"
111.90.182.54 - - [26/Apr/2025:15:46:09 -0400] "POST / HTTP/1.1" 200 43654 "-" "Mozilla/5.0 (Macintosh; Intel Mac OS X 10_15_7) AppleWebKit/537.36 (KHTML, like Gecko) Chrome/133.0.0.0 Safari/537.36"
111.90.182.54 - - [26/Apr/2025:15:46:13 -0400] "POST / HTTP/1.1" 200 43643 "-" "Mozilla/5.0 (Windows NT 10.0; Win64; x64) AppleWebKit/537.36 (KHTML, like Gecko) Chrome/120.0.0.0 Safari/537.36"
178.20.47.92 - - [26/Apr/2025:15:46:15 -0400] "GET /comments/feed/ HTTP/1.1" 200 775 "-" "Mozilla/5.0 (Macintosh; Intel Mac OS X 10_15_7) AppleWebKit/537.36 (KHTML, like Gecko) Chrome/133.0.0.0 Safari/537.36"
178.20.47.92 - - [26/Apr/2025:15:46:16 -0400] "GET /contact-us/ HTTP/1.1" 200 34653 "-" "Mozilla/5.0 (Macintosh; Intel Mac OS X 10_15_7) AppleWebKit/537.36 (KHTML, like Gecko) Chrome/133.0.0.0 Safari/537.36"
111.90.182.54 - - [26/Apr/2025:15:46:18 -0400] "POST /contact-us/ HTTP/1.1" 200 34567 "-" "Mozilla/5.0 (Macintosh; Intel Mac OS X 10_15_7) AppleWebKit/537.36 (KHTML, like Gecko) Chrome/133.0.0.0 Safari/537.36"
111.90.182.54 - - [26/Apr/2025:15:46:21 -0400] "POST /contact-us/ HTTP/1.1" 200 34571 "-" "Mozilla/5.0 (Windows NT 10.0; Win64; x64) AppleWebKit/537.36 (KHTML, like Gecko) Chrome/120.0.0.0 Safari/537.36"
111.90.182.54 - - [26/Apr/2025:15:46:24 -0400] "POST /contact-us/ HTTP/1.1" 200 34570 "-" "Mozilla/5.0 (Macintosh; Intel Mac OS X 10_15_7) AppleWebKit/537.36 (KHTML, like Gecko) Chrome/133.0.0.0 Safari/537.36"
111.90.182.54 - - [26/Apr/2025:15:46:27 -0400] "POST /contact-us/ HTTP/1.1" 200 34576 "-" "Mozilla/5.0 (Windows NT 10.0; Win64; x64) AppleWebKit/537.36 (KHTML, like Gecko) Chrome/120.0.0.0 Safari/537.36"
66.29.132.124 - - [26/Apr/2025:16:20:39 -0400] "POST /wp-cron.php?doing_wp_cron=1745698839.3225560188293457031250 HTTP/1.1" 200 0 "-" "WordPress/6.8; https://360legaljusticehub.com"
66.29.132.124 - - [26/Apr/2025:16:20:39 -0400] "POST /wp-cron.php?doing_wp_cron=1745698839.3227128982543945312500 HTTP/1.1" 200 0 "-" "WordPress/6.8; https://360legaljusticehub.com"
4.227.36.67 - - [26/Apr/2025:16:20:35 -0400] "GET /robots.txt HTTP/1.1" 200 103 "-" "Mozilla/5.0 AppleWebKit/537.36 (KHTML, like Gecko; compatible; GPTBot/1.2; +https://openai.com/gptbot)"
4.227.36.67 - - [26/Apr/2025:16:20:35 -0400] "GET /robots.txt HTTP/1.1" 200 103 "http://360legaljusticehub.com/robots.txt" "Mozilla/5.0 AppleWebKit/537.36 (KHTML, like Gecko; compatible; GPTBot/1.2; +https://openai.com/gptbot)"
4.227.36.77 - - [26/Apr/2025:16:20:35 -0400] "GET /robots.txt HTTP/1.1" 301 0 "http://www.360legaljusticehub.com/robots.txt" "Mozilla/5.0 AppleWebKit/537.36 (KHTML, like Gecko; compatible; GPTBot/1.2; +https://openai.com/gptbot)"
4.227.36.77 - - [26/Apr/2025:16:20:35 -0400] "GET /robots.txt HTTP/1.1" 301 0 "-" "Mozilla/5.0 AppleWebKit/537.36 (KHTML, like Gecko; compatible; GPTBot/1.2; +https://openai.com/gptbot)"
4.227.36.77 - - [26/Apr/2025:16:20:39 -0400] "GET /robots.txt HTTP/1.1" 200 103 "https://www.360legaljusticehub.com/robots.txt" "Mozilla/5.0 AppleWebKit/537.36 (KHTML, like Gecko; compatible; GPTBot/1.2; +https://openai.com/gptbot)"
66.29.132.124 - - [26/Apr/2025:16:20:39 -0400] "POST /wp-admin/admin-ajax.php?action=async_litespeed&nonce=Nh5tyZ497sWOakuLgyGCYHnbzsBKgKoK&litespeed_type=imgoptm HTTP/1.1" 200 21 "-" "WordPress/6.8; https://360legaljusticehub.com"
4.227.36.77 - - [26/Apr/2025:16:20:39 -0400] "GET /robots.txt HTTP/1.1" 200 103 "https://www.360legaljusticehub.com/robots.txt" "Mozilla/5.0 AppleWebKit/537.36 (KHTML, like Gecko; compatible; GPTBot/1.2; +https://openai.com/gptbot)"
66.29.132.124 - - [26/Apr/2025:16:20:41 -0400] "POST /wp-cron.php?doing_wp_cron=1745698841.1601920127868652343750 HTTP/1.1" 200 0 "-" "WordPress/6.8; https://360legaljusticehub.com"
20.171.207.10 - - [26/Apr/2025:16:20:40 -0400] "GET /contact-us HTTP/1.1" 301 0 "-" "Mozilla/5.0 AppleWebKit/537.36 (KHTML, like Gecko; compatible; GPTBot/1.2; +https://openai.com/gptbot)"
20.171.207.27 - - [26/Apr/2025:16:20:44 -0400] "GET / HTTP/1.1" 301 0 "-" "Mozilla/5.0 AppleWebKit/537.36 (KHTML, like Gecko; compatible; GPTBot/1.2; +https://openai.com/gptbot)"
20.171.207.10 - - [26/Apr/2025:16:20:44 -0400] "GET /wp-json HTTP/1.1" 200 297852 "-" "Mozilla/5.0 AppleWebKit/537.36 (KHTML, like Gecko; compatible; GPTBot/1.2; +https://openai.com/gptbot)"
20.171.207.10 - - [26/Apr/2025:16:20:46 -0400] "GET /privacy-policy-2 HTTP/1.1" 301 0 "-" "Mozilla/5.0 AppleWebKit/537.36 (KHTML, like Gecko; compatible; GPTBot/1.2; +https://openai.com/gptbot)"
20.171.207.27 - - [26/Apr/2025:16:20:49 -0400] "GET /robots.txt HTTP/1.1" 301 0 "-" "Mozilla/5.0 AppleWebKit/537.36 (KHTML, like Gecko; compatible; GPTBot/1.2; +https://openai.com/gptbot)"
20.171.207.10 - - [26/Apr/2025:16:20:49 -0400] "GET /about-us HTTP/1.1" 301 0 "-" "Mozilla/5.0 AppleWebKit/537.36 (KHTML, like Gecko; compatible; GPTBot/1.2; +https://openai.com/gptbot)"
20.171.207.10 - - [26/Apr/2025:16:20:53 -0400] "GET /services HTTP/1.1" 301 0 "-" "Mozilla/5.0 AppleWebKit/537.36 (KHTML, like Gecko; compatible; GPTBot/1.2; +https://openai.com/gptbot)"
20.171.207.10 - - [26/Apr/2025:16:20:55 -0400] "GET /xmlrpc.php?rsd HTTP/1.1" 200 298 "-" "Mozilla/5.0 AppleWebKit/537.36 (KHTML, like Gecko; compatible; GPTBot/1.2; +https://openai.com/gptbot)"
20.171.207.10 - - [26/Apr/2025:16:20:57 -0400] "GET /feed HTTP/1.1" 301 0 "-" "Mozilla/5.0 AppleWebKit/537.36 (KHTML, like Gecko; compatible; GPTBot/1.2; +https://openai.com/gptbot)"
20.171.207.10 - - [26/Apr/2025:16:20:58 -0400] "GET /comments/feed HTTP/1.1" 301 0 "-" "Mozilla/5.0 AppleWebKit/537.36 (KHTML, like Gecko; compatible; GPTBot/1.2; +https://openai.com/gptbot)"
20.171.207.10 - - [26/Apr/2025:16:21:00 -0400] "GET /robots.txt HTTP/1.1" 200 103 "-" "Mozilla/5.0 AppleWebKit/537.36 (KHTML, like Gecko; compatible; GPTBot/1.2; +https://openai.com/gptbot)"
20.171.207.10 - - [26/Apr/2025:16:21:01 -0400] "GET /wp-sitemap.xml HTTP/1.1" 200 209 "-" "Mozilla/5.0 AppleWebKit/537.36 (KHTML, like Gecko; compatible; GPTBot/1.2; +https://openai.com/gptbot)"
66.29.132.124 - - [26/Apr/2025:16:59:16 -0400] "POST /wp-cron.php?doing_wp_cron=1745701156.3734869956970214843750 HTTP/1.1" 200 0 "-" "WordPress/6.8; https://360legaljusticehub.com"
69.171.249.116 - - [26/Apr/2025:16:59:09 -0400] "GET /robots.txt HTTP/1.1" 200 123 "-" "facebookexternalhit/1.1 (+http://www.facebook.com/externalhit_uatext.php)"
66.29.132.124 - - [26/Apr/2025:16:59:17 -0400] "POST /wp-admin/admin-ajax.php?action=async_litespeed&nonce=KK4gCDs68ZLgMrbfhzcCukxMPhfOodXV&litespeed_type=imgoptm HTTP/1.1" 200 0 "-" "WordPress/6.8; https://360legaljusticehub.com"
213.136.76.172 - - [26/Apr/2025:17:04:53 -0400] "GET /wp-includes/ HTTP/1.1" 403 1242 "www.google.com" "Mozlila/5.0 (Linux; Android 7.0; SM-G892A Bulid/NRD90M; wv) AppleWebKit/537.36 (KHTML, like Gecko) Version/4.0 Chrome/60.0.3112.107 Moblie Safari/537.36"
213.136.76.172 - - [26/Apr/2025:17:04:54 -0400] "GET /wp-admin/maint/ HTTP/1.1" 403 1242 "www.google.com" "Mozlila/5.0 (Linux; Android 7.0; SM-G892A Bulid/NRD90M; wv) AppleWebKit/537.36 (KHTML, like Gecko) Version/4.0 Chrome/60.0.3112.107 Moblie Safari/537.36"
213.136.76.172 - - [26/Apr/2025:17:04:56 -0400] "GET /wp-admin/includes/ HTTP/1.1" 403 1242 "www.google.com" "Mozlila/5.0 (Linux; Android 7.0; SM-G892A Bulid/NRD90M; wv) AppleWebKit/537.36 (KHTML, like Gecko) Version/4.0 Chrome/60.0.3112.107 Moblie Safari/537.36"
66.29.132.124 - - [26/Apr/2025:17:48:21 -0400] "POST /wp-cron.php?doing_wp_cron=1745704101.6923220157623291015625 HTTP/1.1" 200 0 "-" "WordPress/6.8; https://360legaljusticehub.com"
66.249.65.66 - - [26/Apr/2025:17:48:15 -0400] "GET /robots.txt HTTP/1.1" 301 0 "-" "Mozilla/5.0 (compatible; Googlebot/2.1; +http://www.google.com/bot.html)"
66.249.65.43 - - [26/Apr/2025:17:48:22 -0400] "GET /robots.txt HTTP/1.1" 200 103 "-" "Mozilla/5.0 (compatible; Googlebot/2.1; +http://www.google.com/bot.html)"
66.29.132.124 - - [26/Apr/2025:17:48:22 -0400] "POST /wp-admin/admin-ajax.php?action=async_litespeed&nonce=WeRBwcTDadUDlFskhHoC3o9EqOGM1H7F&litespeed_type=imgoptm HTTP/1.1" 200 0 "-" "WordPress/6.8; https://360legaljusticehub.com"
66.29.132.124 - - [26/Apr/2025:18:14:19 -0400] "POST /wp-cron.php?doing_wp_cron=1745705659.5950160026550292968750 HTTP/1.1" 200 0 "-" "WordPress/6.8; https://360legaljusticehub.com"
51.222.253.7 - - [26/Apr/2025:18:14:15 -0400] "GET /robots.txt HTTP/1.1" 200 103 "-" "Mozilla/5.0 (compatible; AhrefsBot/7.0; +http://ahrefs.com/robot/)"
66.29.132.124 - - [26/Apr/2025:18:14:19 -0400] "POST /wp-admin/admin-ajax.php?action=async_litespeed&nonce=TDQZ7St5XJ4QK2t8YnhwxKZlZoi5zX3R&litespeed_type=imgoptm HTTP/1.1" 200 21 "-" "WordPress/6.8; https://360legaljusticehub.com"
54.36.148.60 - - [26/Apr/2025:18:14:21 -0400] "GET / HTTP/1.1" 200 30722 "-" "Mozilla/5.0 (compatible; AhrefsBot/7.0; +http://ahrefs.com/robot/)"
66.29.132.124 - - [26/Apr/2025:18:27:44 -0400] "POST /wp-cron.php?doing_wp_cron=1745706464.8811600208282470703125 HTTP/1.1" 200 0 "-" "WordPress/6.8; https://360legaljusticehub.com"
4.227.36.67 - - [26/Apr/2025:18:27:39 -0400] "GET /robots.txt HTTP/1.1" 200 103 "-" "Mozilla/5.0 AppleWebKit/537.36 (KHTML, like Gecko; compatible; GPTBot/1.2; +https://openai.com/gptbot)"
20.171.207.10 - - [26/Apr/2025:18:27:45 -0400] "GET /wp-content/plugins/elementor/assets/js/frontend-modules.min.js?ver=3.27.6 HTTP/1.1" 200 14421 "-" "Mozilla/5.0 AppleWebKit/537.36 (KHTML, like Gecko; compatible; GPTBot/1.2; +https://openai.com/gptbot)"
66.29.132.124 - - [26/Apr/2025:18:27:45 -0400] "POST /wp-admin/admin-ajax.php?action=async_litespeed&nonce=zhhG2RBdbJHjRK3klyvSAzWIEeAnbfTJ&litespeed_type=imgoptm HTTP/1.1" 200 21 "-" "WordPress/6.8; https://360legaljusticehub.com"
20.171.207.10 - - [26/Apr/2025:18:27:48 -0400] "GET /wp-content/plugins/elementor/assets/css/widget-heading.min.css?ver=3.27.6 HTTP/1.1" 200 154 "-" "Mozilla/5.0 AppleWebKit/537.36 (KHTML, like Gecko; compatible; GPTBot/1.2; +https://openai.com/gptbot)"
20.171.207.10 - - [26/Apr/2025:18:27:51 -0400] "GET /wp-content/plugins/elementskit-lite/widgets/init/assets/js/animate-circle.min.js?ver=3.4.4 HTTP/1.1" 200 393 "-" "Mozilla/5.0 AppleWebKit/537.36 (KHTML, like Gecko; compatible; GPTBot/1.2; +https://openai.com/gptbot)"
20.171.207.10 - - [26/Apr/2025:18:27:54 -0400] "GET /wp-content/plugins/elementor/assets/css/widget-text-editor.min.css?ver=3.27.6 HTTP/1.1" 200 208 "-" "Mozilla/5.0 AppleWebKit/537.36 (KHTML, like Gecko; compatible; GPTBot/1.2; +https://openai.com/gptbot)"
20.171.207.10 - - [26/Apr/2025:18:27:56 -0400] "GET /wp-content/plugins/elementskit-lite/widgets/init/assets/css/responsive.css?ver=3.4.4 HTTP/1.1" 200 2859 "-" "Mozilla/5.0 AppleWebKit/537.36 (KHTML, like Gecko; compatible; GPTBot/1.2; +https://openai.com/gptbot)"
20.171.207.10 - - [26/Apr/2025:18:27:58 -0400] "GET /wp-content/plugins/elementskit-lite/libs/framework/assets/js/frontend-script.js?ver=3.4.4 HTTP/1.1" 200 40 "-" "Mozilla/5.0 AppleWebKit/537.36 (KHTML, like Gecko; compatible; GPTBot/1.2; +https://openai.com/gptbot)"
20.171.207.10 - - [26/Apr/2025:18:28:00 -0400] "GET /wp-content/plugins/essential-addons-for-elementor-lite/assets/front-end/css/view/general.min.css?ver=6.1.4 HTTP/1.1" 200 1365 "-" "Mozilla/5.0 AppleWebKit/537.36 (KHTML, like Gecko; compatible; GPTBot/1.2; +https://openai.com/gptbot)"
20.171.207.10 - - [26/Apr/2025:18:28:02 -0400] "GET /wp-json/elementskit/v1/ HTTP/1.1" 404 114 "-" "Mozilla/5.0 AppleWebKit/537.36 (KHTML, like Gecko; compatible; GPTBot/1.2; +https://openai.com/gptbot)"
20.171.207.10 - - [26/Apr/2025:18:28:03 -0400] "GET /wp-content/uploads/2024/09/Untitled_design__79_-removebg-preview.png%20300w,%20https:/360legaljusticehub.com/wp-content/uploads/2024/09/Untitled_design__79_-removebg-preview-150x150.png%20150w HTTP/1.1" 404 24432 "-" "Mozilla/5.0 AppleWebKit/537.36 (KHTML, like Gecko; compatible; GPTBot/1.2; +https://openai.com/gptbot)"
20.171.207.10 - - [26/Apr/2025:18:28:05 -0400] "GET /wp-content/plugins/elementor/assets/css/widget-icon-list.min.css?ver=3.27.6 HTTP/1.1" 200 957 "-" "Mozilla/5.0 AppleWebKit/537.36 (KHTML, like Gecko; compatible; GPTBot/1.2; +https://openai.com/gptbot)"
20.171.207.10 - - [26/Apr/2025:18:28:06 -0400] "GET /wp-content/plugins/click-to-chat-for-whatsapp/new/inc/assets/js/app.js?ver=4.18 HTTP/1.1" 200 2906 "-" "Mozilla/5.0 AppleWebKit/537.36 (KHTML, like Gecko; compatible; GPTBot/1.2; +https://openai.com/gptbot)"
20.171.207.10 - - [26/Apr/2025:18:28:08 -0400] "GET /wp-content/plugins/essential-addons-for-elementor-lite/assets/front-end/js/view/general.min.js?ver=6.1.4 HTTP/1.1" 200 3883 "-" "Mozilla/5.0 AppleWebKit/537.36 (KHTML, like Gecko; compatible; GPTBot/1.2; +https://openai.com/gptbot)"
20.171.207.10 - - [26/Apr/2025:18:28:09 -0400] "GET /wp-content/plugins/click-to-chat-for-whatsapp/new/inc/assets/css/main.css?ver=4.18 HTTP/1.1" 200 511 "-" "Mozilla/5.0 AppleWebKit/537.36 (KHTML, like Gecko; compatible; GPTBot/1.2; +https://openai.com/gptbot)"
20.171.207.10 - - [26/Apr/2025:18:28:10 -0400] "GET /wp-content/plugins/elementskit-lite/modules/elementskit-icon-pack/assets/css/ekiticons.css?ver=3.4.4 HTTP/1.1" 200 11776 "-" "Mozilla/5.0 AppleWebKit/537.36 (KHTML, like Gecko; compatible; GPTBot/1.2; +https://openai.com/gptbot)"
20.171.207.10 - - [26/Apr/2025:18:28:11 -0400] "GET /wp-content/plugins/elementor/assets/js/webpack.runtime.min.js?ver=3.27.6 HTTP/1.1" 200 2228 "-" "Mozilla/5.0 AppleWebKit/537.36 (KHTML, like Gecko; compatible; GPTBot/1.2; +https://openai.com/gptbot)"
20.171.207.10 - - [26/Apr/2025:18:28:13 -0400] "GET /wp-content/plugins/elementor/assets/css/widget-image.min.css?ver=3.27.6 HTTP/1.1" 200 254 "-" "Mozilla/5.0 AppleWebKit/537.36 (KHTML, like Gecko; compatible; GPTBot/1.2; +https://openai.com/gptbot)"
20.171.207.10 - - [26/Apr/2025:18:28:14 -0400] "GET /wp-content/plugins/elementor/assets/css/frontend.min.css?ver=3.27.6 HTTP/1.1" 200 6453 "-" "Mozilla/5.0 AppleWebKit/537.36 (KHTML, like Gecko; compatible; GPTBot/1.2; +https://openai.com/gptbot)"
20.171.207.10 - - [26/Apr/2025:18:28:15 -0400] "GET /wp-content/plugins/elementskit-lite/widgets/init/assets/css/widget-styles.css?ver=3.4.4 HTTP/1.1" 200 48223 "-" "Mozilla/5.0 AppleWebKit/537.36 (KHTML, like Gecko; compatible; GPTBot/1.2; +https://openai.com/gptbot)"
20.171.207.10 - - [26/Apr/2025:18:28:16 -0400] "GET /wp-content/plugins/elementskit-lite/widgets/init/assets/js/elementor.js?ver=3.4.4 HTTP/1.1" 200 5290 "-" "Mozilla/5.0 AppleWebKit/537.36 (KHTML, like Gecko; compatible; GPTBot/1.2; +https://openai.com/gptbot)"
20.171.207.10 - - [26/Apr/2025:18:28:17 -0400] "GET /wp-content/plugins/elementor/assets/js/frontend.min.js?ver=3.27.6 HTTP/1.1" 200 13099 "-" "Mozilla/5.0 AppleWebKit/537.36 (KHTML, like Gecko; compatible; GPTBot/1.2; +https://openai.com/gptbot)"
20.171.207.10 - - [26/Apr/2025:18:28:18 -0400] "GET /wp-content/plugins/elementskit-lite/widgets/init/assets/js/widget-scripts.js?ver=3.4.4 HTTP/1.1" 200 40425 "-" "Mozilla/5.0 AppleWebKit/537.36 (KHTML, like Gecko; compatible; GPTBot/1.2; +https://openai.com/gptbot)"
20.171.207.10 - - [26/Apr/2025:18:28:19 -0400] "GET /wp-content/plugins/elementskit-lite/widgets/init/assets/js/%url% HTTP/1.1" 403 1242 "-" "Mozilla/5.0 AppleWebKit/537.36 (KHTML, like Gecko; compatible; GPTBot/1.2; +https://openai.com/gptbot)"
66.29.132.124 - - [26/Apr/2025:19:00:14 -0400] "POST /wp-cron.php?doing_wp_cron=1745708414.1576468944549560546875 HTTP/1.1" 200 0 "-" "WordPress/6.8; https://360legaljusticehub.com"
43.157.95.239 - - [26/Apr/2025:19:00:01 -0400] "GET / HTTP/1.1" 301 0 "http://www.360legaljusticehub.com" "Mozilla/5.0 (iPhone; CPU iPhone OS 13_2_3 like Mac OS X) AppleWebKit/605.1.15 (KHTML, like Gecko) Version/13.0.3 Mobile/15E148 Safari/604.1"
66.29.132.124 - - [26/Apr/2025:19:00:15 -0400] "POST /wp-admin/admin-ajax.php?action=async_litespeed&nonce=wnIbzeb0p09eMBZuSYAEoV2NpGteajY3&litespeed_type=imgoptm HTTP/1.1" 200 0 "-" "WordPress/6.8; https://360legaljusticehub.com"
43.157.95.239 - - [26/Apr/2025:19:00:17 -0400] "GET / HTTP/1.1" 200 43699 "https://www.360legaljusticehub.com/" "Mozilla/5.0 (iPhone; CPU iPhone OS 13_2_3 like Mac OS X) AppleWebKit/605.1.15 (KHTML, like Gecko) Version/13.0.3 Mobile/15E148 Safari/604.1"
66.29.132.124 - - [26/Apr/2025:19:03:59 -0400] "POST /wp-cron.php?doing_wp_cron=1745708639.7840919494628906250000 HTTP/1.1" 200 0 "-" "WordPress/6.8; https://360legaljusticehub.com"
66.29.132.124 - - [26/Apr/2025:19:04:01 -0400] "POST /wp-admin/admin-ajax.php?action=async_litespeed&nonce=WwFvfNOuRwYdci3MhI0dbTNlIOrn86IH&litespeed_type=imgoptm HTTP/1.1" 200 21 "-" "WordPress/6.8; https://360legaljusticehub.com"
152.53.225.138 - - [26/Apr/2025:19:03:56 -0400] "GET /wp-content/plugins/HelloDollyV2/hello_dolly_v2.php HTTP/1.1" 404 29330 "www.google.com" "Mozlila/5.0 (Linux; Android 7.0; SM-G892A Bulid/NRD90M; wv) AppleWebKit/537.36 (KHTML, like Gecko) Version/4.0 Chrome/60.0.3112.107 Moblie Safari/537.36"
152.53.225.138 - - [26/Apr/2025:19:04:17 -0400] "GET /wp-content/themes/hello_dolly_v2.php HTTP/1.1" 404 29332 "www.google.com" "Mozlila/5.0 (Linux; Android 7.0; SM-G892A Bulid/NRD90M; wv) AppleWebKit/537.36 (KHTML, like Gecko) Version/4.0 Chrome/60.0.3112.107 Moblie Safari/537.36"
170.106.197.109 - - [26/Apr/2025:19:14:27 -0400] "GET / HTTP/1.1" 200 43699 "http://360legaljusticehub.com" "Mozilla/5.0 (iPhone; CPU iPhone OS 13_2_3 like Mac OS X) AppleWebKit/605.1.15 (KHTML, like Gecko) Version/13.0.3 Mobile/15E148 Safari/604.1"
66.29.132.124 - - [26/Apr/2025:19:16:06 -0400] "POST /wp-cron.php?doing_wp_cron=1745709366.7943189144134521484375 HTTP/1.1" 200 0 "-" "WordPress/6.8; https://360legaljusticehub.com"
170.106.113.159 - - [26/Apr/2025:19:15:59 -0400] "GET /wp-json/ HTTP/1.1" 200 297852 "-" "Mozilla/5.0 (iPhone; CPU iPhone OS 13_2_3 like Mac OS X) AppleWebKit/605.1.15 (KHTML, like Gecko) Version/13.0.3 Mobile/15E148 Safari/604.1"
66.29.132.124 - - [26/Apr/2025:19:16:07 -0400] "POST /wp-admin/admin-ajax.php?action=async_litespeed&nonce=fQ9kyCwRvE3pdgkLTKR8HWmG2nzkHNc8&litespeed_type=imgoptm HTTP/1.1" 200 0 "-" "WordPress/6.8; https://360legaljusticehub.com"
66.29.132.124 - - [26/Apr/2025:19:27:12 -0400] "POST /wp-cron.php?doing_wp_cron=1745710032.8643140792846679687500 HTTP/1.1" 200 0 "-" "WordPress/6.8; https://360legaljusticehub.com"
43.159.128.237 - - [26/Apr/2025:19:27:09 -0400] "GET /wp-json/oembed/1.0/embed?url=https%3A%2F%2F360legaljusticehub.com%2F HTTP/1.1" 200 2069 "-" "Mozilla/5.0 (iPhone; CPU iPhone OS 13_2_3 like Mac OS X) AppleWebKit/605.1.15 (KHTML, like Gecko) Version/13.0.3 Mobile/15E148 Safari/604.1"
66.29.132.124 - - [26/Apr/2025:19:27:13 -0400] "POST /wp-admin/admin-ajax.php?action=async_litespeed&nonce=cxTlLP1BK4wT560k63OfB3xAiB65NFKq&litespeed_type=imgoptm HTTP/1.1" 200 21 "-" "WordPress/6.8; https://360legaljusticehub.com"
66.29.132.124 - - [26/Apr/2025:19:36:38 -0400] "POST /wp-cron.php?doing_wp_cron=1745710597.9482939243316650390625 HTTP/1.1" 200 0 "-" "WordPress/6.8; https://360legaljusticehub.com"
66.29.132.124 - - [26/Apr/2025:19:36:39 -0400] "POST /wp-admin/admin-ajax.php?action=async_litespeed&nonce=yIeBmbAkhYyGfkITbtcQeEjMXZVuNgQa&litespeed_type=imgoptm HTTP/1.1" 200 0 "-" "WordPress/6.8; https://360legaljusticehub.com"
43.131.253.14 - - [26/Apr/2025:19:36:31 -0400] "GET /services/ HTTP/1.1" 200 39565 "-" "Mozilla/5.0 (iPhone; CPU iPhone OS 13_2_3 like Mac OS X) AppleWebKit/605.1.15 (KHTML, like Gecko) Version/13.0.3 Mobile/15E148 Safari/604.1"
66.29.132.124 - - [26/Apr/2025:19:49:23 -0400] "POST /wp-cron.php?doing_wp_cron=1745711363.2692968845367431640625 HTTP/1.1" 200 0 "-" "WordPress/6.8; https://360legaljusticehub.com"
66.29.132.124 - - [26/Apr/2025:19:49:23 -0400] "POST /wp-admin/admin-ajax.php?action=async_litespeed&nonce=SvoWz0ANn3V0WMU2tVFlsMRZEkaM5MIc&litespeed_type=imgoptm HTTP/1.1" 200 0 "-" "WordPress/6.8; https://360legaljusticehub.com"
170.106.192.208 - - [26/Apr/2025:19:49:17 -0400] "GET /feed/ HTTP/1.1" 200 882 "-" "Mozilla/5.0 (iPhone; CPU iPhone OS 13_2_3 like Mac OS X) AppleWebKit/605.1.15 (KHTML, like Gecko) Version/13.0.3 Mobile/15E148 Safari/604.1"
66.29.132.124 - - [26/Apr/2025:19:57:30 -0400] "POST /wp-cron.php?doing_wp_cron=1745711849.9867389202117919921875 HTTP/1.1" 200 0 "-" "WordPress/6.8; https://360legaljusticehub.com"
66.29.132.124 - - [26/Apr/2025:19:57:30 -0400] "POST /wp-admin/admin-ajax.php?action=async_litespeed&nonce=5MNnRbzprraV5sSQpqkkUfOWKVSzhI5X&litespeed_type=imgoptm HTTP/1.1" 200 21 "-" "WordPress/6.8; https://360legaljusticehub.com"
170.106.11.6 - - [26/Apr/2025:19:57:25 -0400] "GET /privacy-policy-2/ HTTP/1.1" 200 33418 "-" "Mozilla/5.0 (iPhone; CPU iPhone OS 13_2_3 like Mac OS X) AppleWebKit/605.1.15 (KHTML, like Gecko) Version/13.0.3 Mobile/15E148 Safari/604.1"
66.29.132.124 - - [26/Apr/2025:20:00:16 -0400] "POST /wp-cron.php?doing_wp_cron=1745712016.6570730209350585937500 HTTP/1.1" 200 0 "-" "WordPress/6.8; https://360legaljusticehub.com"
173.249.43.220 - - [26/Apr/2025:20:00:12 -0400] "GET /wp-content/plugins/suretriggers/readme.txt HTTP/1.1" 404 29313 "www.google.com" "Mozilla/5.0 (Linux; Android 7.0; SM-G892A Build/NRD90M; wv) AppleWebKit/537.36 (KHTML, like Gecko) Version/4.0 Chrome/60.0.3112.107 Mobile Safari/537.36"
66.29.132.124 - - [26/Apr/2025:20:00:17 -0400] "POST /wp-admin/admin-ajax.php?action=async_litespeed&nonce=o1Ve8pvamA7feb7pICEzEwk3ef9CkMWp&litespeed_type=imgoptm HTTP/1.1" 200 0 "-" "WordPress/6.8; https://360legaljusticehub.com"
170.106.35.153 - - [26/Apr/2025:20:07:22 -0400] "GET /contact-us/ HTTP/1.1" 200 34653 "-" "Mozilla/5.0 (iPhone; CPU iPhone OS 13_2_3 like Mac OS X) AppleWebKit/605.1.15 (KHTML, like Gecko) Version/13.0.3 Mobile/15E148 Safari/604.1"
66.29.132.124 - - [26/Apr/2025:20:17:21 -0400] "POST /wp-cron.php?doing_wp_cron=1745713041.3784470558166503906250 HTTP/1.1" 200 0 "-" "WordPress/6.8; https://360legaljusticehub.com"
66.29.132.124 - - [26/Apr/2025:20:17:21 -0400] "POST /wp-admin/admin-ajax.php?action=async_litespeed&nonce=wm4IzVfPDqz0OGkhlLAniEwvv5NIFO2T&litespeed_type=imgoptm HTTP/1.1" 200 21 "-" "WordPress/6.8; https://360legaljusticehub.com"
170.106.197.109 - - [26/Apr/2025:20:17:17 -0400] "GET /wp-json/wp/v2/pages/15 HTTP/1.1" 200 32099 "-" "Mozilla/5.0 (iPhone; CPU iPhone OS 13_2_3 like Mac OS X) AppleWebKit/605.1.15 (KHTML, like Gecko) Version/13.0.3 Mobile/15E148 Safari/604.1"
170.106.110.146 - - [26/Apr/2025:20:27:45 -0400] "GET /services/ HTTP/1.1" 200 39565 "-" "Mozilla/5.0 (iPhone; CPU iPhone OS 13_2_3 like Mac OS X) AppleWebKit/605.1.15 (KHTML, like Gecko) Version/13.0.3 Mobile/15E148 Safari/604.1"
66.29.132.124 - - [26/Apr/2025:20:32:08 -0400] "POST /wp-cron.php?doing_wp_cron=1745713928.7183101177215576171875 HTTP/1.1" 200 0 "-" "WordPress/6.8; https://360legaljusticehub.com"
66.249.65.66 - - [26/Apr/2025:20:32:04 -0400] "GET /robots.txt HTTP/1.1" 301 0 "-" "Mozilla/5.0 (compatible; Googlebot/2.1; +http://www.google.com/bot.html)"
66.249.65.43 - - [26/Apr/2025:20:32:09 -0400] "GET /robots.txt HTTP/1.1" 200 103 "-" "Mozilla/5.0 (compatible; Googlebot/2.1; +http://www.google.com/bot.html)"
66.29.132.124 - - [26/Apr/2025:20:32:09 -0400] "POST /wp-admin/admin-ajax.php?action=async_litespeed&nonce=yGYVn4mcgABH93sFbHGPHwnrGDcKj7h3&litespeed_type=imgoptm HTTP/1.1" 200 21 "-" "WordPress/6.8; https://360legaljusticehub.com"
66.29.132.124 - - [26/Apr/2025:20:34:11 -0400] "POST /wp-cron.php?doing_wp_cron=1745714051.1760189533233642578125 HTTP/1.1" 200 0 "-" "WordPress/6.8; https://360legaljusticehub.com"
43.157.209.67 - - [26/Apr/2025:20:34:09 -0400] "GET /?p=23 HTTP/1.1" 301 0 "-" "Mozilla/5.0 (iPhone; CPU iPhone OS 13_2_3 like Mac OS X) AppleWebKit/605.1.15 (KHTML, like Gecko) Version/13.0.3 Mobile/15E148 Safari/604.1"
66.29.132.124 - - [26/Apr/2025:20:34:11 -0400] "POST /wp-admin/admin-ajax.php?action=async_litespeed&nonce=RbcFuyD6C8HMbHdTdwFZlclTa0SPtRmb&litespeed_type=imgoptm HTTP/1.1" 200 21 "-" "WordPress/6.8; https://360legaljusticehub.com"
43.157.209.67 - - [26/Apr/2025:20:34:16 -0400] "GET /services/ HTTP/1.1" 200 39565 "https://360legaljusticehub.com/?p=23" "Mozilla/5.0 (iPhone; CPU iPhone OS 13_2_3 like Mac OS X) AppleWebKit/605.1.15 (KHTML, like Gecko) Version/13.0.3 Mobile/15E148 Safari/604.1"
43.166.255.122 - - [26/Apr/2025:20:46:49 -0400] "GET / HTTP/1.1" 200 43699 "-" "Mozilla/5.0 (iPhone; CPU iPhone OS 13_2_3 like Mac OS X) AppleWebKit/605.1.15 (KHTML, like Gecko) Version/13.0.3 Mobile/15E148 Safari/604.1"
66.29.132.124 - - [26/Apr/2025:20:54:53 -0400] "POST /wp-cron.php?doing_wp_cron=1745715293.7805509567260742187500 HTTP/1.1" 200 0 "-" "WordPress/6.8; https://360legaljusticehub.com"
103.186.31.213 - - [26/Apr/2025:20:54:49 -0400] "POST /xmlrpc.php HTTP/1.1" 200 403 "-" "Mozilla/5.0 (Windows NT 10.0; Win64; x64) AppleWebKit/537.36 (KHTML, like Gecko) Chrome/81.0.4044.138 Safari/537.36"
38.242.195.179 - - [26/Apr/2025:20:54:53 -0400] "POST /xmlrpc.php HTTP/1.1" 200 403 "-" "Mozilla/5.0 (Windows NT 10.0; Win64; x64) AppleWebKit/537.36 (KHTML, like Gecko) Chrome/65.0.3325.181 Safari/537.36"
63.250.40.100 - - [26/Apr/2025:20:54:50 -0400] "POST /xmlrpc.php HTTP/1.1" 200 403 "-" "Mozilla/5.0 (Windows NT 10.0; Win64; x64) AppleWebKit/537.36 (KHTML, like Gecko) Chrome/79.0.3945.117 Safari/537.36"
66.29.132.124 - - [26/Apr/2025:20:54:54 -0400] "POST /wp-admin/admin-ajax.php?action=async_litespeed&nonce=UjydwLxbP9WHrDYpr7NjhzQNhg0FJO2P&litespeed_type=imgoptm HTTP/1.1" 200 21 "-" "WordPress/6.8; https://360legaljusticehub.com"
66.29.132.124 - - [26/Apr/2025:20:54:59 -0400] "POST /wp-cron.php?doing_wp_cron=1745715299.2659790515899658203125 HTTP/1.1" 200 0 "-" "WordPress/6.8; https://360legaljusticehub.com"
137.74.39.64 - - [26/Apr/2025:20:54:59 -0400] "POST /xmlrpc.php HTTP/1.1" 200 403 "-" "Mozilla/5.0 (Windows NT 10.0; Win64; x64) AppleWebKit/537.36 (KHTML, like Gecko) Chrome/70.0.3538.102 Safari/537.36"
47.239.215.52 - - [26/Apr/2025:20:54:59 -0400] "POST /xmlrpc.php HTTP/1.1" 200 403 "-" "Mozilla/5.0 (Windows NT 10.0; Win64; x64; rv:61.0) Gecko/20100101 Firefox/61.0"
43.153.74.75 - - [26/Apr/2025:20:55:05 -0400] "GET /privacy-policy-2/ HTTP/1.1" 200 33418 "-" "Mozilla/5.0 (iPhone; CPU iPhone OS 13_2_3 like Mac OS X) AppleWebKit/605.1.15 (KHTML, like Gecko) Version/13.0.3 Mobile/15E148 Safari/604.1"
185.26.156.175 - - [26/Apr/2025:20:55:10 -0400] "POST /xmlrpc.php HTTP/1.1" 200 403 "-" "Mozilla/5.0 (Windows NT 6.1; Win64; x64) AppleWebKit/537.36 (KHTML, like Gecko) Chrome/69.0.3497.100 Safari/537.36"
66.29.132.124 - - [26/Apr/2025:21:02:54 -0400] "POST /wp-cron.php?doing_wp_cron=1745715774.5911459922790527343750 HTTP/1.1" 200 0 "-" "WordPress/6.8; https://360legaljusticehub.com"
