OwlCyberSecurity - MANAGER
Edit File: 360legaljusticehub.com.arsn.media-ssl_log
66.29.132.124 - - [25/Apr/2025:21:33:00 -0400] "POST /wp-cron.php?doing_wp_cron=1745631180.8850948810577392578125 HTTP/1.1" 200 0 "-" "WordPress/6.8; https://360legaljusticehub.com"
66.29.132.191 - - [25/Apr/2025:21:32:53 -0400] "GET /xmlrpc.php HTTP/1.1" 405 46 "http://360legaljusticehub.com" "Mozilla/5.0 (Windows NT 11.0; Win64; x64) AppleWebKit/537.36 (KHTML, like Gecko) Chrome/126.0.0.0 Safari/537.36 Edg/126.0.0.0"
66.29.132.124 - - [25/Apr/2025:21:33:01 -0400] "POST /wp-admin/admin-ajax.php?action=async_litespeed&nonce=jhIKYkapX8CIwx1RVVZdf2148jet5XM9&litespeed_type=imgoptm HTTP/1.1" 200 0 "-" "WordPress/6.8; https://360legaljusticehub.com"
66.29.132.124 - - [25/Apr/2025:21:42:46 -0400] "POST /wp-cron.php?doing_wp_cron=1745631766.6653790473937988281250 HTTP/1.1" 200 0 "-" "WordPress/6.8; https://360legaljusticehub.com"
66.29.132.124 - - [25/Apr/2025:21:42:48 -0400] "POST /wp-admin/admin-ajax.php?action=async_litespeed&nonce=K7EqsZFoV5HqYiQLxRCtjIOrvcH9vT0Z&litespeed_type=imgoptm HTTP/1.1" 200 0 "-" "WordPress/6.8; https://360legaljusticehub.com"
144.91.119.115 - - [25/Apr/2025:21:42:37 -0400] "GET /wp-content/plugins/HelloDollyV2/hello_dolly_v2.php HTTP/1.1" 404 29371 "www.google.com" "Mozilla/5.0 (Linux; Android 7.0; SM-G892A Build/NRD90M; wv) AppleWebKit/537.36 (KHTML, like Gecko) Version/4.0 Chrome/60.0.3112.107 Mobile Safari/537.36"
66.29.132.124 - - [25/Apr/2025:21:42:57 -0400] "POST /wp-cron.php?doing_wp_cron=1745631777.2580599784851074218750 HTTP/1.1" 200 0 "-" "WordPress/6.8; https://360legaljusticehub.com"
144.91.119.115 - - [25/Apr/2025:21:42:56 -0400] "GET /wp-content/themes/hello_dolly_v2.php HTTP/1.1" 404 29368 "www.google.com" "Mozilla/5.0 (Linux; Android 7.0; SM-G892A Build/NRD90M; wv) AppleWebKit/537.36 (KHTML, like Gecko) Version/4.0 Chrome/60.0.3112.107 Mobile Safari/537.36"
144.91.119.115 - - [25/Apr/2025:21:43:08 -0400] "GET /wp-content/plugins/WordPressCore/include.php HTTP/1.1" 404 29362 "www.google.com" "Mozilla/5.0 (Linux; Android 7.0; SM-G892A Build/NRD90M; wv) AppleWebKit/537.36 (KHTML, like Gecko) Version/4.0 Chrome/60.0.3112.107 Mobile Safari/537.36"
144.91.119.115 - - [25/Apr/2025:21:43:21 -0400] "GET /wp-content/themes/include.php HTTP/1.1" 404 29351 "www.google.com" "Mozilla/5.0 (Linux; Android 7.0; SM-G892A Build/NRD90M; wv) AppleWebKit/537.36 (KHTML, like Gecko) Version/4.0 Chrome/60.0.3112.107 Mobile Safari/537.36"
54.67.121.190 - - [25/Apr/2025:21:47:38 -0400] "GET / HTTP/1.1" 200 43485 "-" "Mozilla/5.0 (X11; Linux x86_64) AppleWebKit/537.36 (KHTML, like Gecko) Chrome/51.0.2704.103 Safari/537.36"
185.220.100.241 - - [25/Apr/2025:21:48:23 -0400] "GET / HTTP/1.1" 200 205547 "360legaljusticehub.com" "Mozilla/5.0 (Windows NT 10.0; Win64; x64) AppleWebKit/537.36 (KHTML, like Gecko) Chrome/125.0.0.0 Safari/537.36"
185.220.100.241 - - [25/Apr/2025:21:48:24 -0400] "GET / HTTP/1.1" 200 205547 "https://360legaljusticehub.com" "Mozilla/5.0 (Windows NT 10.0; Win64; x64) AppleWebKit/537.36 (KHTML, like Gecko) Chrome/125.0.0.0 Safari/537.36"
66.29.132.124 - - [25/Apr/2025:21:48:30 -0400] "POST /wp-cron.php?doing_wp_cron=1745632109.9991009235382080078125 HTTP/1.1" 200 0 "-" "WordPress/6.8; https://360legaljusticehub.com"
66.29.132.124 - - [25/Apr/2025:21:48:30 -0400] "POST /wp-admin/admin-ajax.php?action=async_litespeed&nonce=qHGCmvjR9ljOfqSvYZ4vvAhGu1YyG1Gn&litespeed_type=imgoptm HTTP/1.1" 200 21 "-" "WordPress/6.8; https://360legaljusticehub.com"
185.220.100.241 - - [25/Apr/2025:21:48:26 -0400] "POST / HTTP/1.1" 200 205516 "https://360legaljusticehub.com/" "Mozilla/5.0 (Windows NT 10.0; Win64; x64) AppleWebKit/537.36 (KHTML, like Gecko) Chrome/125.0.0.0 Safari/537.36"
45.138.16.107 - - [25/Apr/2025:21:48:33 -0400] "POST / HTTP/1.1" 200 205516 "https://360legaljusticehub.com/" "Mozilla/5.0 (Windows NT 10.0; Win64; x64) AppleWebKit/537.36 (KHTML, like Gecko) Chrome/125.0.0.0 Safari/537.36"
185.241.208.202 - - [25/Apr/2025:21:48:36 -0400] "POST / HTTP/1.1" 200 205516 "https://360legaljusticehub.com/" "Mozilla/5.0 (Windows NT 10.0; Win64; x64) AppleWebKit/537.36 (KHTML, like Gecko) Chrome/125.0.0.0 Safari/537.36"
185.241.208.202 - - [25/Apr/2025:21:48:38 -0400] "POST / HTTP/1.1" 200 205516 "https://360legaljusticehub.com/" "Mozilla/5.0 (Windows NT 10.0; Win64; x64) AppleWebKit/537.36 (KHTML, like Gecko) Chrome/125.0.0.0 Safari/537.36"
185.241.208.202 - - [25/Apr/2025:21:48:41 -0400] "POST / HTTP/1.1" 200 205516 "https://360legaljusticehub.com/" "Mozilla/5.0 (Windows NT 10.0; Win64; x64) AppleWebKit/537.36 (KHTML, like Gecko) Chrome/125.0.0.0 Safari/537.36"
185.241.208.202 - - [25/Apr/2025:21:48:43 -0400] "POST / HTTP/1.1" 200 205516 "https://360legaljusticehub.com/" "Mozilla/5.0 (Windows NT 10.0; Win64; x64) AppleWebKit/537.36 (KHTML, like Gecko) Chrome/125.0.0.0 Safari/537.36"
185.241.208.202 - - [25/Apr/2025:21:48:45 -0400] "POST / HTTP/1.1" 200 205516 "https://360legaljusticehub.com/" "Mozilla/5.0 (Windows NT 10.0; Win64; x64) AppleWebKit/537.36 (KHTML, like Gecko) Chrome/125.0.0.0 Safari/537.36"
176.65.149.88 - - [25/Apr/2025:21:48:48 -0400] "POST / HTTP/1.1" 200 205516 "https://360legaljusticehub.com/" "Mozilla/5.0 (Windows NT 10.0; Win64; x64) AppleWebKit/537.36 (KHTML, like Gecko) Chrome/125.0.0.0 Safari/537.36"
176.65.149.88 - - [25/Apr/2025:21:48:52 -0400] "GET /feed HTTP/1.1" 301 0 "https://360legaljusticehub.com/feed" "Mozilla/5.0 (Windows NT 10.0; Win64; x64) AppleWebKit/537.36 (KHTML, like Gecko) Chrome/125.0.0.0 Safari/537.36"
176.65.149.88 - - [25/Apr/2025:21:48:53 -0400] "GET /feed/ HTTP/1.1" 200 2024 "https://360legaljusticehub.com/feed" "Mozilla/5.0 (Windows NT 10.0; Win64; x64) AppleWebKit/537.36 (KHTML, like Gecko) Chrome/125.0.0.0 Safari/537.36"
176.65.149.88 - - [25/Apr/2025:21:48:55 -0400] "GET /wp-json HTTP/1.1" 200 297852 "https://360legaljusticehub.com/wp-json" "Mozilla/5.0 (Windows NT 10.0; Win64; x64) AppleWebKit/537.36 (KHTML, like Gecko) Chrome/125.0.0.0 Safari/537.36"
176.65.149.88 - - [25/Apr/2025:21:48:58 -0400] "GET /about-us HTTP/1.1" 301 0 "https://360legaljusticehub.com/about-us" "Mozilla/5.0 (Windows NT 10.0; Win64; x64) AppleWebKit/537.36 (KHTML, like Gecko) Chrome/125.0.0.0 Safari/537.36"
176.65.149.88 - - [25/Apr/2025:21:49:00 -0400] "GET /about-us/ HTTP/1.1" 200 162940 "https://360legaljusticehub.com/about-us" "Mozilla/5.0 (Windows NT 10.0; Win64; x64) AppleWebKit/537.36 (KHTML, like Gecko) Chrome/125.0.0.0 Safari/537.36"
176.65.149.88 - - [25/Apr/2025:21:49:01 -0400] "POST /about-us/ HTTP/1.1" 200 162929 "https://360legaljusticehub.com/about-us/" "Mozilla/5.0 (Windows NT 10.0; Win64; x64) AppleWebKit/537.36 (KHTML, like Gecko) Chrome/125.0.0.0 Safari/537.36"
185.220.101.138 - - [25/Apr/2025:21:49:05 -0400] "POST /about-us/ HTTP/1.1" 200 162929 "https://360legaljusticehub.com/about-us/" "Mozilla/5.0 (Windows NT 10.0; Win64; x64) AppleWebKit/537.36 (KHTML, like Gecko) Chrome/125.0.0.0 Safari/537.36"
185.220.101.138 - - [25/Apr/2025:21:49:08 -0400] "POST /about-us/ HTTP/1.1" 200 162929 "https://360legaljusticehub.com/about-us/" "Mozilla/5.0 (Windows NT 10.0; Win64; x64) AppleWebKit/537.36 (KHTML, like Gecko) Chrome/125.0.0.0 Safari/537.36"
185.220.101.138 - - [25/Apr/2025:21:49:11 -0400] "POST /about-us/ HTTP/1.1" 200 162929 "https://360legaljusticehub.com/about-us/" "Mozilla/5.0 (Windows NT 10.0; Win64; x64) AppleWebKit/537.36 (KHTML, like Gecko) Chrome/125.0.0.0 Safari/537.36"
185.220.101.138 - - [25/Apr/2025:21:49:14 -0400] "GET /services HTTP/1.1" 301 0 "https://360legaljusticehub.com/services" "Mozilla/5.0 (Windows NT 10.0; Win64; x64) AppleWebKit/537.36 (KHTML, like Gecko) Chrome/125.0.0.0 Safari/537.36"
185.220.101.138 - - [25/Apr/2025:21:49:14 -0400] "GET /services/ HTTP/1.1" 200 184387 "https://360legaljusticehub.com/services" "Mozilla/5.0 (Windows NT 10.0; Win64; x64) AppleWebKit/537.36 (KHTML, like Gecko) Chrome/125.0.0.0 Safari/537.36"
185.220.101.138 - - [25/Apr/2025:21:49:16 -0400] "POST /services/ HTTP/1.1" 200 184319 "https://360legaljusticehub.com/services/" "Mozilla/5.0 (Windows NT 10.0; Win64; x64) AppleWebKit/537.36 (KHTML, like Gecko) Chrome/125.0.0.0 Safari/537.36"
185.220.101.138 - - [25/Apr/2025:21:49:19 -0400] "POST /services/ HTTP/1.1" 200 184319 "https://360legaljusticehub.com/services/" "Mozilla/5.0 (Windows NT 10.0; Win64; x64) AppleWebKit/537.36 (KHTML, like Gecko) Chrome/125.0.0.0 Safari/537.36"
185.220.101.138 - - [25/Apr/2025:21:49:21 -0400] "POST /services/ HTTP/1.1" 200 184319 "https://360legaljusticehub.com/services/" "Mozilla/5.0 (Windows NT 10.0; Win64; x64) AppleWebKit/537.36 (KHTML, like Gecko) Chrome/125.0.0.0 Safari/537.36"
185.220.101.138 - - [25/Apr/2025:21:49:24 -0400] "POST /services/ HTTP/1.1" 200 184319 "https://360legaljusticehub.com/services/" "Mozilla/5.0 (Windows NT 10.0; Win64; x64) AppleWebKit/537.36 (KHTML, like Gecko) Chrome/125.0.0.0 Safari/537.36"
185.220.101.56 - - [25/Apr/2025:21:49:26 -0400] "GET /contact-us HTTP/1.1" 301 0 "https://360legaljusticehub.com/contact-us" "Mozilla/5.0 (Windows NT 10.0; Win64; x64) AppleWebKit/537.36 (KHTML, like Gecko) Chrome/125.0.0.0 Safari/537.36"
185.220.101.56 - - [25/Apr/2025:21:49:28 -0400] "GET /contact-us/ HTTP/1.1" 200 144573 "https://360legaljusticehub.com/contact-us" "Mozilla/5.0 (Windows NT 10.0; Win64; x64) AppleWebKit/537.36 (KHTML, like Gecko) Chrome/125.0.0.0 Safari/537.36"
66.29.132.124 - - [25/Apr/2025:21:49:30 -0400] "POST /wp-cron.php?doing_wp_cron=1745632170.5537478923797607421875 HTTP/1.1" 200 0 "-" "WordPress/6.8; https://360legaljusticehub.com"
66.29.132.124 - - [25/Apr/2025:21:49:31 -0400] "POST /wp-admin/admin-ajax.php?action=async_litespeed&nonce=HJZi98KABv2XgFqhOHCBS0rIZJFGfEQP&litespeed_type=imgoptm HTTP/1.1" 200 21 "-" "WordPress/6.8; https://360legaljusticehub.com"
185.220.101.23 - - [25/Apr/2025:21:49:29 -0400] "POST /contact-us/ HTTP/1.1" 200 144561 "https://360legaljusticehub.com/contact-us/" "Mozilla/5.0 (Windows NT 10.0; Win64; x64) AppleWebKit/537.36 (KHTML, like Gecko) Chrome/125.0.0.0 Safari/537.36"
185.220.101.23 - - [25/Apr/2025:21:49:33 -0400] "POST /contact-us/ HTTP/1.1" 200 144561 "https://360legaljusticehub.com/contact-us/" "Mozilla/5.0 (Windows NT 10.0; Win64; x64) AppleWebKit/537.36 (KHTML, like Gecko) Chrome/125.0.0.0 Safari/537.36"
185.220.101.23 - - [25/Apr/2025:21:49:36 -0400] "POST /contact-us/ HTTP/1.1" 200 144561 "https://360legaljusticehub.com/contact-us/" "Mozilla/5.0 (Windows NT 10.0; Win64; x64) AppleWebKit/537.36 (KHTML, like Gecko) Chrome/125.0.0.0 Safari/537.36"
185.220.101.23 - - [25/Apr/2025:21:49:38 -0400] "POST /contact-us/ HTTP/1.1" 200 144561 "https://360legaljusticehub.com/contact-us/" "Mozilla/5.0 (Windows NT 10.0; Win64; x64) AppleWebKit/537.36 (KHTML, like Gecko) Chrome/125.0.0.0 Safari/537.36"
185.220.100.240 - - [25/Apr/2025:21:49:40 -0400] "POST /contact-us/ HTTP/1.1" 200 144561 "https://360legaljusticehub.com/contact-us/" "Mozilla/5.0 (Windows NT 10.0; Win64; x64) AppleWebKit/537.36 (KHTML, like Gecko) Chrome/125.0.0.0 Safari/537.36"
185.220.100.240 - - [25/Apr/2025:21:49:43 -0400] "POST /contact-us/ HTTP/1.1" 200 144561 "https://360legaljusticehub.com/contact-us/" "Mozilla/5.0 (Windows NT 10.0; Win64; x64) AppleWebKit/537.36 (KHTML, like Gecko) Chrome/125.0.0.0 Safari/537.36"
185.220.100.240 - - [25/Apr/2025:21:49:46 -0400] "GET /comments/feed HTTP/1.1" 301 0 "https://360legaljusticehub.com/comments/feed" "Mozilla/5.0 (Windows NT 10.0; Win64; x64) AppleWebKit/537.36 (KHTML, like Gecko) Chrome/125.0.0.0 Safari/537.36"
185.220.100.240 - - [25/Apr/2025:21:49:46 -0400] "GET /comments/feed/ HTTP/1.1" 200 1715 "https://360legaljusticehub.com/comments/feed" "Mozilla/5.0 (Windows NT 10.0; Win64; x64) AppleWebKit/537.36 (KHTML, like Gecko) Chrome/125.0.0.0 Safari/537.36"
185.220.100.240 - - [25/Apr/2025:21:49:47 -0400] "GET /xmlrpc.php?rsd HTTP/1.1" 200 846 "https://360legaljusticehub.com/xmlrpc.php?rsd" "Mozilla/5.0 (Windows NT 10.0; Win64; x64) AppleWebKit/537.36 (KHTML, like Gecko) Chrome/125.0.0.0 Safari/537.36"
45.84.107.76 - - [25/Apr/2025:21:49:49 -0400] "GET /privacy-policy-2 HTTP/1.1" 301 0 "https://360legaljusticehub.com/privacy-policy-2" "Mozilla/5.0 (Windows NT 10.0; Win64; x64) AppleWebKit/537.36 (KHTML, like Gecko) Chrome/125.0.0.0 Safari/537.36"
45.84.107.76 - - [25/Apr/2025:21:49:50 -0400] "GET /privacy-policy-2/ HTTP/1.1" 200 143315 "https://360legaljusticehub.com/privacy-policy-2" "Mozilla/5.0 (Windows NT 10.0; Win64; x64) AppleWebKit/537.36 (KHTML, like Gecko) Chrome/125.0.0.0 Safari/537.36"
45.84.107.76 - - [25/Apr/2025:21:49:52 -0400] "POST /privacy-policy-2/ HTTP/1.1" 200 143247 "https://360legaljusticehub.com/privacy-policy-2/" "Mozilla/5.0 (Windows NT 10.0; Win64; x64) AppleWebKit/537.36 (KHTML, like Gecko) Chrome/125.0.0.0 Safari/537.36"
45.84.107.76 - - [25/Apr/2025:21:49:55 -0400] "POST /privacy-policy-2/ HTTP/1.1" 200 143247 "https://360legaljusticehub.com/privacy-policy-2/" "Mozilla/5.0 (Windows NT 10.0; Win64; x64) AppleWebKit/537.36 (KHTML, like Gecko) Chrome/125.0.0.0 Safari/537.36"
45.84.107.76 - - [25/Apr/2025:21:49:57 -0400] "POST /privacy-policy-2/ HTTP/1.1" 200 143247 "https://360legaljusticehub.com/privacy-policy-2/" "Mozilla/5.0 (Windows NT 10.0; Win64; x64) AppleWebKit/537.36 (KHTML, like Gecko) Chrome/125.0.0.0 Safari/537.36"
185.220.101.70 - - [25/Apr/2025:21:49:59 -0400] "POST /privacy-policy-2/ HTTP/1.1" 200 143247 "https://360legaljusticehub.com/privacy-policy-2/" "Mozilla/5.0 (Windows NT 10.0; Win64; x64) AppleWebKit/537.36 (KHTML, like Gecko) Chrome/125.0.0.0 Safari/537.36"
185.220.101.70 - - [25/Apr/2025:21:50:01 -0400] "GET /wp-json/wp/v2/pages/15 HTTP/1.1" 200 32099 "https://360legaljusticehub.com/wp-json/wp/v2/pages/15" "Mozilla/5.0 (Windows NT 10.0; Win64; x64) AppleWebKit/537.36 (KHTML, like Gecko) Chrome/125.0.0.0 Safari/537.36"
66.29.132.124 - - [25/Apr/2025:22:01:32 -0400] "POST /wp-cron.php?doing_wp_cron=1745632892.6745679378509521484375 HTTP/1.1" 200 0 "-" "WordPress/6.8; https://360legaljusticehub.com"
66.29.132.124 - - [25/Apr/2025:22:01:33 -0400] "POST /wp-admin/admin-ajax.php?action=async_litespeed&nonce=DNWvDSn5ZBThSyZjhLX57JLJeVnV9V4O&litespeed_type=imgoptm HTTP/1.1" 200 0 "-" "WordPress/6.8; https://360legaljusticehub.com"
57.141.4.19 - - [25/Apr/2025:22:01:24 -0400] "GET /sitemap HTTP/1.1" 404 118531 "-" "meta-externalagent/1.1 (+https://developers.facebook.com/docs/sharing/webmasters/crawler)"
66.29.132.124 - - [25/Apr/2025:22:18:05 -0400] "POST /wp-cron.php?doing_wp_cron=1745633885.5568048954010009765625 HTTP/1.1" 200 0 "-" "WordPress/6.8; https://360legaljusticehub.com"
66.29.132.124 - - [25/Apr/2025:22:18:05 -0400] "POST /wp-cron.php?doing_wp_cron=1745633885.5575320720672607421875 HTTP/1.1" 200 0 "-" "WordPress/6.8; https://360legaljusticehub.com"
66.29.132.124 - - [25/Apr/2025:22:18:05 -0400] "POST /wp-cron.php?doing_wp_cron=1745633885.5524609088897705078125 HTTP/1.1" 200 0 "-" "WordPress/6.8; https://360legaljusticehub.com"
46.101.216.118 - - [25/Apr/2025:22:17:55 -0400] "POST /xmlrpc.php HTTP/1.1" 200 403 "-" "Mozilla/5.0 (X11; Linux x86_64) AppleWebKit/537.36 (KHTML, like Gecko) Chrome/44.0.2403.157 Safari/537.36"
46.101.216.118 - - [25/Apr/2025:22:17:55 -0400] "POST /xmlrpc.php HTTP/1.1" 200 403 "-" "Mozilla/5.0 (Macintosh; Intel Mac OS X 11_4) AppleWebKit/537.36 (KHTML, like Gecko) Chrome/91.0.4472.114 Safari/537.36"
103.127.96.130 - - [25/Apr/2025:22:17:55 -0400] "POST /xmlrpc.php HTTP/1.1" 200 403 "-" "Mozilla/5.0 (Windows NT 6.1; WOW64; rv:44.0) Gecko/20100101 Firefox/44.0"
66.29.132.124 - - [25/Apr/2025:22:18:07 -0400] "POST /wp-admin/admin-ajax.php?action=async_litespeed&nonce=UCXryiGjlNhxjoC0hvVQHTp6HaDewgXA&litespeed_type=imgoptm HTTP/1.1" 200 0 "-" "WordPress/6.8; https://360legaljusticehub.com"
46.101.216.118 - - [25/Apr/2025:22:18:11 -0400] "POST /xmlrpc.php HTTP/1.1" 200 403 "-" "Mozilla/5.0 (Windows NT 10.0; Win64; x64; rv:57.0) Gecko/20100101 Firefox/57.0"
46.101.216.118 - - [25/Apr/2025:22:18:12 -0400] "POST /xmlrpc.php HTTP/1.1" 200 403 "-" "Mozilla/5.0 (Windows NT 10.0; Win64; x64) AppleWebKit/537.36 (KHTML, like Gecko) Chrome/60.0.3112.113 Safari/537.36"
103.124.93.184 - - [25/Apr/2025:22:18:18 -0400] "POST /xmlrpc.php HTTP/1.1" 200 403 "-" "Mozilla/5.0 (Macintosh; Intel Mac OS X 11_4) AppleWebKit/537.36 (KHTML, like Gecko) Chrome/91.0.4472.114 Safari/537.36"
45.156.184.29 - - [25/Apr/2025:22:18:18 -0400] "POST /xmlrpc.php HTTP/1.1" 200 403 "-" "Mozilla/5.0 (Windows NT 6.0; rv:34.0) Gecko/20100101 Firefox/34.0"
147.182.196.163 - - [25/Apr/2025:22:18:26 -0400] "POST /xmlrpc.php HTTP/1.1" 200 403 "-" "Mozilla/5.0 (Windows NT 6.1; WOW64; rv:50.0) Gecko/20100101 Firefox/50.0"
193.202.110.17 - - [25/Apr/2025:22:18:28 -0400] "POST /xmlrpc.php HTTP/1.1" 200 403 "-" "Mozilla/5.0 (Windows NT 6.1; Win64; x64) AppleWebKit/537.36 (KHTML, like Gecko) Chrome/63.0.3239.132 Safari/537.36"
66.29.132.124 - - [25/Apr/2025:22:18:34 -0400] "POST /wp-cron.php?doing_wp_cron=1745633914.6131019592285156250000 HTTP/1.1" 200 0 "-" "WordPress/6.8; https://360legaljusticehub.com"
185.164.72.120 - - [25/Apr/2025:22:18:34 -0400] "POST /xmlrpc.php HTTP/1.1" 200 403 "-" "Mozilla/5.0 (Linux; Android 10; SM-N960U) AppleWebKit/537.36 (KHTML, like Gecko) Chrome/91.0.4472.114 Mobile Safari/537.36"
66.29.132.124 - - [25/Apr/2025:22:18:35 -0400] "POST /wp-admin/admin-ajax.php?action=async_litespeed&nonce=3uY5LqgTGWqfQ5JqYO771bsb8BQEmvsW&litespeed_type=imgoptm HTTP/1.1" 200 21 "-" "WordPress/6.8; https://360legaljusticehub.com"
66.29.132.124 - - [25/Apr/2025:22:38:30 -0400] "POST /wp-cron.php?doing_wp_cron=1745635110.3139441013336181640625 HTTP/1.1" 200 0 "-" "WordPress/6.8; https://360legaljusticehub.com"
198.54.114.72 - - [25/Apr/2025:22:38:23 -0400] "GET /xmlrpc.php HTTP/1.1" 405 46 "http://360legaljusticehub.com" "Mozilla/5.0 (Windows NT 10.0; Win64; x64) AppleWebKit/537.36 (KHTML, like Gecko) Chrome/116.0.5845.96 Safari/537.36 Edg/116.0.1938.62"
66.29.132.124 - - [25/Apr/2025:22:38:31 -0400] "POST /wp-admin/admin-ajax.php?action=async_litespeed&nonce=hJ9haAyzaBrJa0Mwg8ZbXy20VXsMi5Gc&litespeed_type=imgoptm HTTP/1.1" 200 21 "-" "WordPress/6.8; https://360legaljusticehub.com"
159.65.155.27 - - [25/Apr/2025:22:48:27 -0400] "GET / HTTP/1.1" 200 43485 "-" "Mozilla/5.0 (compatible)"
159.65.155.27 - - [25/Apr/2025:22:48:34 -0400] "GET /wp-content/uploads/2024/09/cropped-cropped-Untitled_design__79_-removebg-preview-32x32.png HTTP/1.1" 200 2015 "https://360legaljusticehub.com/" "Mozilla/5.0 (compatible)"
66.29.132.42 - - [25/Apr/2025:23:32:06 -0400] "GET /xmlrpc.php HTTP/1.1" 200 0 "http://360legaljusticehub.com" "Mozilla/5.0 (Windows NT 10.0; Win64; x64; rv:127.0) Gecko/20100101 Firefox/127.0"
66.29.132.124 - - [25/Apr/2025:23:32:19 -0400] "POST /wp-cron.php?doing_wp_cron=1745638338.2199599742889404296875 HTTP/1.1" 200 0 "-" "WordPress/6.8; https://360legaljusticehub.com"
198.54.114.18 - - [25/Apr/2025:23:38:13 -0400] "GET /xmlrpc.php HTTP/1.1" 200 0 "http://360legaljusticehub.com" "Mozilla/5.0 (Windows NT 10.0; Win64; x64) AppleWebKit/537.36 (KHTML, like Gecko) Chrome/116.0.5845.96 Safari/537.36"
66.29.132.124 - - [25/Apr/2025:23:38:23 -0400] "POST /wp-cron.php?doing_wp_cron=1745638703.0918359756469726562500 HTTP/1.1" 200 0 "-" "WordPress/6.8; https://360legaljusticehub.com"
66.29.132.124 - - [25/Apr/2025:23:38:24 -0400] "POST /wp-admin/admin-ajax.php?action=async_litespeed&nonce=LzyKIGxXw5zHF9l5dxA72YyBMPMJD3bz&litespeed_type=imgoptm HTTP/1.1" 200 0 "-" "WordPress/6.8; https://360legaljusticehub.com"
66.29.132.124 - - [25/Apr/2025:23:44:24 -0400] "POST /wp-cron.php?doing_wp_cron=1745639063.5511291027069091796875 HTTP/1.1" 200 0 "-" "WordPress/6.8; https://360legaljusticehub.com"
69.57.162.2 - - [25/Apr/2025:23:44:17 -0400] "GET /xmlrpc.php HTTP/1.1" 405 60 "http://360legaljusticehub.com" "Mozilla/5.0 (Macintosh; Intel Mac OS X 14_6) AppleWebKit/605.1.15 (KHTML, like Gecko) Version/17.5 Safari/605.1.15"
66.29.132.124 - - [25/Apr/2025:23:44:25 -0400] "POST /wp-admin/admin-ajax.php?action=async_litespeed&nonce=Rx4mNLncWVHci0tot0Axmlr94QU8gPaK&litespeed_type=imgoptm HTTP/1.1" 200 0 "-" "WordPress/6.8; https://360legaljusticehub.com"
66.29.132.124 - - [25/Apr/2025:23:44:27 -0400] "POST /wp-cron.php?doing_wp_cron=1745639067.0626440048217773437500 HTTP/1.1" 200 0 "-" "WordPress/6.8; https://360legaljusticehub.com"
66.29.132.124 - - [25/Apr/2025:23:50:25 -0400] "POST /wp-cron.php?doing_wp_cron=1745639424.4552679061889648437500 HTTP/1.1" 200 0 "-" "WordPress/6.8; https://360legaljusticehub.com"
66.29.137.63 - - [25/Apr/2025:23:50:21 -0400] "GET /xmlrpc.php HTTP/1.1" 405 46 "http://360legaljusticehub.com" "Mozilla/5.0 (Macintosh; Intel Mac OS X 10_15_7; rv:126.0) Gecko/20100101 Firefox/126.0"
199.188.206.2 - - [26/Apr/2025:00:02:23 -0400] "GET /xmlrpc.php HTTP/1.1" 200 0 "http://360legaljusticehub.com" "Mozilla/5.0 (Windows NT 10.0; Win64; x64) AppleWebKit/537.36 (KHTML, like Gecko) Chrome/113.0.5672.93 Safari/537.36"
66.29.132.124 - - [26/Apr/2025:00:02:35 -0400] "POST /wp-cron.php?doing_wp_cron=1745640154.2631800174713134765625 HTTP/1.1" 200 0 "-" "WordPress/6.8; https://360legaljusticehub.com"
66.29.132.124 - - [26/Apr/2025:00:02:36 -0400] "POST /wp-admin/admin-ajax.php?action=async_litespeed&nonce=jU2dwCgjPyK8zFD0a96aLFXfSirHJIlP&litespeed_type=imgoptm HTTP/1.1" 200 0 "-" "WordPress/6.8; https://360legaljusticehub.com"
193.176.23.38 - - [26/Apr/2025:00:07:52 -0400] "GET / HTTP/1.0" 200 205547 "https://360legaljusticehub.com/" "Mozilla/5.0 (Windows NT 10.0; Win64; x64) AppleWebKit/537.36 (KHTML, like Gecko) Chrome/130.0.0.0 Safari/537.36"
193.176.23.38 - - [26/Apr/2025:00:07:57 -0400] "GET /contact-us/ HTTP/1.0" 200 144573 "https://360legaljusticehub.com/contact-us/" "Mozilla/5.0 (Windows NT 10.0; Win64; x64) AppleWebKit/537.36 (KHTML, like Gecko) Chrome/130.0.0.0 Safari/537.36"
66.29.132.124 - - [26/Apr/2025:00:12:43 -0400] "POST /wp-cron.php?doing_wp_cron=1745640763.8104219436645507812500 HTTP/1.1" 200 0 "-" "WordPress/6.8; https://360legaljusticehub.com"
60.188.57.0 - - [26/Apr/2025:00:12:28 -0400] "GET / HTTP/1.1" 301 0 "http://www.360legaljusticehub.com" "Mozilla/5.0 (iPhone; CPU iPhone OS 13_2_3 like Mac OS X) AppleWebKit/605.1.15 (KHTML, like Gecko) Version/13.0.3 Mobile/15E148 Safari/604.1"
66.29.132.124 - - [26/Apr/2025:00:12:46 -0400] "POST /wp-admin/admin-ajax.php?action=async_litespeed&nonce=Xh1YaXvMqGZZT4PNnrDdXWSlGaUyRJUN&litespeed_type=imgoptm HTTP/1.1" 200 0 "-" "WordPress/6.8; https://360legaljusticehub.com"
60.188.57.0 - - [26/Apr/2025:00:12:48 -0400] "GET / HTTP/1.1" 200 43485 "https://www.360legaljusticehub.com/" "Mozilla/5.0 (iPhone; CPU iPhone OS 13_2_3 like Mac OS X) AppleWebKit/605.1.15 (KHTML, like Gecko) Version/13.0.3 Mobile/15E148 Safari/604.1"
66.29.132.124 - - [26/Apr/2025:00:20:06 -0400] "POST /wp-cron.php?doing_wp_cron=1745641206.1581139564514160156250 HTTP/1.1" 200 0 "-" "WordPress/6.8; https://360legaljusticehub.com"
51.68.11.231 - - [26/Apr/2025:00:19:53 -0400] "POST /xmlrpc.php HTTP/1.1" 200 403 "-" "Mozilla/5.0 (Windows NT 6.3; Win64; x64) AppleWebKit/537.36 (KHTML, like Gecko) Chrome/60.0.3112.113 Safari/537.36"
66.29.132.124 - - [26/Apr/2025:00:20:10 -0400] "POST /wp-admin/admin-ajax.php?action=async_litespeed&nonce=QTGZHYe5ce0iKLppucg8m5jcU3YtYe7n&litespeed_type=imgoptm HTTP/1.1" 200 0 "-" "WordPress/6.8; https://360legaljusticehub.com"
63.250.40.73 - - [26/Apr/2025:00:20:13 -0400] "POST /xmlrpc.php HTTP/1.1" 200 403 "-" "Mozilla/5.0 (Windows NT 6.1; WOW64; rv:52.0) Gecko/20100101 Firefox/52.0"
27.254.86.43 - - [26/Apr/2025:00:20:15 -0400] "POST /xmlrpc.php HTTP/1.1" 200 403 "-" "Mozilla/5.0 (Windows NT 10.0; Win64; x64) AppleWebKit/537.36 (KHTML, like Gecko) Chrome/74.0.3729.157 Safari/537.36"
63.250.40.100 - - [26/Apr/2025:00:20:21 -0400] "POST /xmlrpc.php HTTP/1.1" 200 403 "-" "Mozilla/5.0 (Windows NT 6.2; Win64; x64) AppleWebKit/537.36 (KHTML, like Gecko) Chrome/60.0.3112.90 Safari/537.36"
45.58.159.50 - - [26/Apr/2025:00:20:33 -0400] "POST /xmlrpc.php HTTP/1.1" 200 403 "-" "Mozilla/5.0 (Windows NT 10.0; Win64; x64) AppleWebKit/537.36 (KHTML, like Gecko) Chrome/88.0.4324.104 Safari/537.36"
66.29.132.124 - - [26/Apr/2025:00:20:36 -0400] "POST /wp-cron.php?doing_wp_cron=1745641234.7720830440521240234375 HTTP/1.1" 200 0 "-" "WordPress/6.8; https://360legaljusticehub.com"
51.79.146.100 - - [26/Apr/2025:00:20:37 -0400] "POST /xmlrpc.php HTTP/1.1" 200 403 "-" "Mozilla/5.0 (Windows NT 10.0; Win64; x64) AppleWebKit/537.36 (KHTML, like Gecko) Chrome/67.0.3396.99 Safari/537.36"
63.250.40.100 - - [26/Apr/2025:00:20:38 -0400] "POST /xmlrpc.php HTTP/1.1" 200 403 "-" "Mozilla/5.0 (Windows NT 6.1; WOW64) AppleWebKit/537.1 (KHTML, like Gecko) Chrome/21.0.1180.83 Safari/537.1"
193.202.110.17 - - [26/Apr/2025:00:20:53 -0400] "POST /xmlrpc.php HTTP/1.1" 200 403 "-" "Mozilla/5.0 (Windows NT 10.0; Win64; x64) AppleWebKit/537.36 (KHTML, like Gecko) Chrome/64.0.3282.186 Safari/537.36"
80.85.246.140 - - [26/Apr/2025:00:40:54 -0400] "GET / HTTP/1.1" 200 43485 "-" "Mozilla/5.0 (Macintosh; Intel Mac OS X 10_15_7) AppleWebKit/537.36 (KHTML, like Gecko) Chrome/133.0.0.0 Safari/537.36"
66.29.132.124 - - [26/Apr/2025:00:41:13 -0400] "POST /wp-cron.php?doing_wp_cron=1745642472.6098570823669433593750 HTTP/1.1" 200 0 "-" "WordPress/6.8; https://360legaljusticehub.com"
185.129.215.253 - - [26/Apr/2025:00:40:57 -0400] "POST / HTTP/1.1" 200 0 "-" "Mozilla/5.0 (Macintosh; Intel Mac OS X 10_15_7) AppleWebKit/537.36 (KHTML, like Gecko) Chrome/133.0.0.0 Safari/537.36"
66.29.132.124 - - [26/Apr/2025:00:41:17 -0400] "POST /wp-admin/admin-ajax.php?action=async_litespeed&nonce=N0MeLVWrvRRPVc8lHwj7ttP8U8jOFlfU&litespeed_type=imgoptm HTTP/1.1" 200 0 "-" "WordPress/6.8; https://360legaljusticehub.com"
185.129.215.253 - - [26/Apr/2025:00:41:22 -0400] "POST / HTTP/1.1" 200 43647 "-" "Mozilla/5.0 (Windows NT 10.0; Win64; x64) AppleWebKit/537.36 (KHTML, like Gecko) Chrome/120.0.0.0 Safari/537.36"
66.29.132.124 - - [26/Apr/2025:00:41:33 -0400] "POST /wp-cron.php?doing_wp_cron=1745642491.9686949253082275390625 HTTP/1.1" 200 0 "-" "WordPress/6.8; https://360legaljusticehub.com"
185.129.215.253 - - [26/Apr/2025:00:41:30 -0400] "POST / HTTP/1.1" 200 43647 "-" "Mozilla/5.0 (Macintosh; Intel Mac OS X 10_15_7) AppleWebKit/537.36 (KHTML, like Gecko) Chrome/133.0.0.0 Safari/537.36"
185.129.215.253 - - [26/Apr/2025:00:41:37 -0400] "POST / HTTP/1.1" 200 43645 "-" "Mozilla/5.0 (Windows NT 10.0; Win64; x64) AppleWebKit/537.36 (KHTML, like Gecko) Chrome/120.0.0.0 Safari/537.36"
80.85.246.140 - - [26/Apr/2025:00:41:43 -0400] "GET /comments/feed/ HTTP/1.1" 200 775 "-" "Mozilla/5.0 (Macintosh; Intel Mac OS X 10_15_7) AppleWebKit/537.36 (KHTML, like Gecko) Chrome/133.0.0.0 Safari/537.36"
80.85.246.140 - - [26/Apr/2025:00:41:45 -0400] "GET /contact-us/ HTTP/1.1" 200 34644 "-" "Mozilla/5.0 (Macintosh; Intel Mac OS X 10_15_7) AppleWebKit/537.36 (KHTML, like Gecko) Chrome/133.0.0.0 Safari/537.36"
185.129.215.253 - - [26/Apr/2025:00:41:48 -0400] "POST /contact-us/ HTTP/1.1" 200 34601 "-" "Mozilla/5.0 (Macintosh; Intel Mac OS X 10_15_7) AppleWebKit/537.36 (KHTML, like Gecko) Chrome/133.0.0.0 Safari/537.36"
185.129.215.253 - - [26/Apr/2025:00:41:53 -0400] "POST /contact-us/ HTTP/1.1" 200 34602 "-" "Mozilla/5.0 (Macintosh; Intel Mac OS X 10_15_7) AppleWebKit/537.36 (KHTML, like Gecko) Chrome/133.0.0.0 Safari/537.36"
185.129.215.253 - - [26/Apr/2025:00:42:00 -0400] "POST /contact-us/ HTTP/1.1" 200 34600 "-" "Mozilla/5.0 (Windows NT 10.0; Win64; x64) AppleWebKit/537.36 (KHTML, like Gecko) Chrome/120.0.0.0 Safari/537.36"
199.188.201.153 - - [26/Apr/2025:00:50:52 -0400] "GET /xmlrpc.php HTTP/1.1" 200 0 "http://360legaljusticehub.com" "Mozilla/5.0 (Windows NT 10.0; Win64; x64) AppleWebKit/537.36 (KHTML, like Gecko) Chrome/112.0.5615.138 Safari/537.36"
66.29.132.124 - - [26/Apr/2025:00:51:06 -0400] "POST /wp-cron.php?doing_wp_cron=1745643065.9074599742889404296875 HTTP/1.1" 200 0 "-" "WordPress/6.8; https://360legaljusticehub.com"
66.29.132.124 - - [26/Apr/2025:00:51:10 -0400] "POST /wp-admin/admin-ajax.php?action=async_litespeed&nonce=lasxYrqEYXzyIUhpwoomSeTaxUKDDAJp&litespeed_type=imgoptm HTTP/1.1" 200 0 "-" "WordPress/6.8; https://360legaljusticehub.com"
107.150.0.65 - - [26/Apr/2025:01:04:27 -0400] "GET /.env HTTP/1.1" 403 1242 "-" "Mozilla/5.0 (Windows NT 10.0; Win64; x64) AppleWebKit/537.36 (KHTML, like Gecko) Chrome/119.0.0.0 Safari/537.36"
107.150.0.65 - - [26/Apr/2025:01:04:29 -0400] "POST / HTTP/1.1" 508 829 "-" "Mozilla/5.0 (Windows NT 10.0; Win64; x64) AppleWebKit/537.36 (KHTML, like Gecko) Chrome/119.0.0.0 Safari/537.36"
92.255.85.164 - - [26/Apr/2025:01:22:30 -0400] "GET / HTTP/1.0" 200 205547 "https://360legaljusticehub.com/" "Mozilla/5.0 (Windows NT 10.0; Win64; x64) AppleWebKit/537.36 (KHTML, like Gecko) Chrome/131.0.0.0 Safari/537.36"
92.255.85.164 - - [26/Apr/2025:01:22:33 -0400] "GET /contact-us/ HTTP/1.0" 200 144573 "https://360legaljusticehub.com/contact-us/" "Mozilla/5.0 (Windows NT 10.0; Win64; x64) AppleWebKit/537.36 (KHTML, like Gecko) Chrome/131.0.0.0 Safari/537.36"
198.54.114.98 - - [26/Apr/2025:02:09:36 -0400] "GET /xmlrpc.php HTTP/1.1" 200 0 "http://360legaljusticehub.com" "Mozilla/5.0 (Windows NT 10.0; Win64; x64) AppleWebKit/537.36 (KHTML, like Gecko) Chrome/126.0.0.0 Safari/537.36 Edg/126.0.0.0"
66.29.132.124 - - [26/Apr/2025:02:09:52 -0400] "POST /wp-cron.php?doing_wp_cron=1745647790.4329850673675537109375 HTTP/1.1" 200 0 "-" "WordPress/6.8; https://360legaljusticehub.com"
138.68.231.164 - - [26/Apr/2025:02:19:35 -0400] "GET / HTTP/1.1" 200 43485 "-" "python-requests/2.32.3"
66.29.132.124 - - [26/Apr/2025:02:22:50 -0400] "POST /wp-cron.php?doing_wp_cron=1745648569.5224969387054443359375 HTTP/1.1" 200 0 "-" "WordPress/6.8; https://360legaljusticehub.com"
43.159.143.139 - - [26/Apr/2025:02:22:40 -0400] "GET / HTTP/1.1" 301 0 "http://www.360legaljusticehub.com" "Mozilla/5.0 (iPhone; CPU iPhone OS 13_2_3 like Mac OS X) AppleWebKit/605.1.15 (KHTML, like Gecko) Version/13.0.3 Mobile/15E148 Safari/604.1"
66.29.132.124 - - [26/Apr/2025:02:22:51 -0400] "POST /wp-admin/admin-ajax.php?action=async_litespeed&nonce=y9F30j8vR9DHxhOreUygYTIyM98uoLoh&litespeed_type=imgoptm HTTP/1.1" 200 0 "-" "WordPress/6.8; https://360legaljusticehub.com"
43.159.143.139 - - [26/Apr/2025:02:22:53 -0400] "GET / HTTP/1.1" 200 43485 "https://www.360legaljusticehub.com/" "Mozilla/5.0 (iPhone; CPU iPhone OS 13_2_3 like Mac OS X) AppleWebKit/605.1.15 (KHTML, like Gecko) Version/13.0.3 Mobile/15E148 Safari/604.1"
43.153.36.110 - - [26/Apr/2025:02:47:17 -0400] "GET / HTTP/1.1" 200 43485 "http://360legaljusticehub.com" "Mozilla/5.0 (iPhone; CPU iPhone OS 13_2_3 like Mac OS X) AppleWebKit/605.1.15 (KHTML, like Gecko) Version/13.0.3 Mobile/15E148 Safari/604.1"
66.29.132.124 - - [26/Apr/2025:03:02:03 -0400] "POST /wp-cron.php?doing_wp_cron=1745650923.8198568820953369140625 HTTP/1.1" 200 0 "-" "WordPress/6.8; https://360legaljusticehub.com"
66.29.132.124 - - [26/Apr/2025:03:02:04 -0400] "POST /wp-admin/admin-ajax.php?action=async_litespeed&nonce=S33AUvqiW6gle3JlzqQX2yDoVJuEPDIC&litespeed_type=imgoptm HTTP/1.1" 200 21 "-" "WordPress/6.8; https://360legaljusticehub.com"
134.17.14.122 - - [26/Apr/2025:03:01:56 -0400] "POST /geju.php HTTP/1.1" 404 25352 "-" "Mozilla/4.0 (compatible; MSIE 6.0; Windows NT 5.1; SV1)"
92.255.85.164 - - [26/Apr/2025:03:02:28 -0400] "GET / HTTP/1.0" 200 205547 "https://360legaljusticehub.com/" "Mozilla/5.0 (Windows NT 10.0; Win64; x64) AppleWebKit/537.36 (KHTML, like Gecko) Chrome/131.0.0.0 Safari/537.36"
92.255.85.164 - - [26/Apr/2025:03:02:30 -0400] "GET /contact-us/ HTTP/1.0" 200 144573 "https://360legaljusticehub.com/contact-us/" "Mozilla/5.0 (Windows NT 10.0; Win64; x64) AppleWebKit/537.36 (KHTML, like Gecko) Chrome/131.0.0.0 Safari/537.36"
66.29.132.124 - - [26/Apr/2025:03:07:04 -0400] "POST /wp-cron.php?doing_wp_cron=1745651223.8938450813293457031250 HTTP/1.1" 200 0 "-" "WordPress/6.8; https://360legaljusticehub.com"
4.227.36.67 - - [26/Apr/2025:03:06:56 -0400] "GET /robots.txt HTTP/1.1" 200 103 "-" "Mozilla/5.0 AppleWebKit/537.36 (KHTML, like Gecko; compatible; GPTBot/1.2; +https://openai.com/gptbot)"
66.29.132.124 - - [26/Apr/2025:03:07:05 -0400] "POST /wp-admin/admin-ajax.php?action=async_litespeed&nonce=vLfojb2GeN84tAgZqgYAzvjGtEj8C3X0&litespeed_type=imgoptm HTTP/1.1" 200 0 "-" "WordPress/6.8; https://360legaljusticehub.com"
20.171.207.10 - - [26/Apr/2025:03:07:13 -0400] "GET / HTTP/1.1" 200 30701 "-" "Mozilla/5.0 AppleWebKit/537.36 (KHTML, like Gecko; compatible; GPTBot/1.2; +https://openai.com/gptbot)"
20.171.207.10 - - [26/Apr/2025:03:07:17 -0400] "GET /wp-includes/js/jquery/jquery-migrate.min.js?ver=3.4.1 HTTP/1.1" 200 4678 "-" "Mozilla/5.0 AppleWebKit/537.36 (KHTML, like Gecko; compatible; GPTBot/1.2; +https://openai.com/gptbot)"
20.171.207.10 - - [26/Apr/2025:03:07:19 -0400] "GET /wp-content/plugins/pro-elements/assets/js/frontend.min.js?ver=3.23.3 HTTP/1.1" 200 6468 "-" "Mozilla/5.0 AppleWebKit/537.36 (KHTML, like Gecko; compatible; GPTBot/1.2; +https://openai.com/gptbot)"
20.171.207.10 - - [26/Apr/2025:03:07:22 -0400] "GET /wp-content/plugins/pixelyoursite/dist/scripts/js.cookie-2.1.3.min.js?ver=2.1.3 HTTP/1.1" 200 803 "-" "Mozilla/5.0 AppleWebKit/537.36 (KHTML, like Gecko; compatible; GPTBot/1.2; +https://openai.com/gptbot)"
20.171.207.10 - - [26/Apr/2025:03:07:26 -0400] "GET /wp-content/plugins/elementskit-lite/widgets/init/assets/css/responsive.css?ver=3.5.0 HTTP/1.1" 200 2859 "-" "Mozilla/5.0 AppleWebKit/537.36 (KHTML, like Gecko; compatible; GPTBot/1.2; +https://openai.com/gptbot)"
20.171.207.10 - - [26/Apr/2025:03:07:28 -0400] "GET /wp-content/plugins/pro-elements/assets/lib/smartmenus/jquery.smartmenus.min.js?ver=1.2.1 HTTP/1.1" 200 6867 "-" "Mozilla/5.0 AppleWebKit/537.36 (KHTML, like Gecko; compatible; GPTBot/1.2; +https://openai.com/gptbot)"
20.171.207.10 - - [26/Apr/2025:03:07:30 -0400] "GET /wp-content/plugins/elementor/assets/css/widget-icon-list.min.css?ver=3.28.4 HTTP/1.1" 200 957 "-" "Mozilla/5.0 AppleWebKit/537.36 (KHTML, like Gecko; compatible; GPTBot/1.2; +https://openai.com/gptbot)"
20.171.207.10 - - [26/Apr/2025:03:07:32 -0400] "GET /wp-content/plugins/elementor/assets/js/frontend.min.js?ver=3.28.4 HTTP/1.1" 200 13099 "-" "Mozilla/5.0 AppleWebKit/537.36 (KHTML, like Gecko; compatible; GPTBot/1.2; +https://openai.com/gptbot)"
20.171.207.10 - - [26/Apr/2025:03:07:34 -0400] "GET /wp-content/uploads/elementor/google-fonts/css/lato.css?ver=1742308095 HTTP/1.1" 200 540 "-" "Mozilla/5.0 AppleWebKit/537.36 (KHTML, like Gecko; compatible; GPTBot/1.2; +https://openai.com/gptbot)"
20.171.207.10 - - [26/Apr/2025:03:07:35 -0400] "GET /wp-content/plugins/elementor/assets/lib/animations/styles/fadeIn.min.css?ver=3.28.4 HTTP/1.1" 200 77 "-" "Mozilla/5.0 AppleWebKit/537.36 (KHTML, like Gecko; compatible; GPTBot/1.2; +https://openai.com/gptbot)"
20.171.207.10 - - [26/Apr/2025:03:07:36 -0400] "GET /wp-content/plugins/elementor/assets/css/widget-counter.min.css?ver=3.28.4 HTTP/1.1" 200 234 "-" "Mozilla/5.0 AppleWebKit/537.36 (KHTML, like Gecko; compatible; GPTBot/1.2; +https://openai.com/gptbot)"
20.171.207.10 - - [26/Apr/2025:03:07:37 -0400] "GET /wp-content/plugins/elementor/assets/js/frontend-modules.min.js?ver=3.28.4 HTTP/1.1" 200 14421 "-" "Mozilla/5.0 AppleWebKit/537.36 (KHTML, like Gecko; compatible; GPTBot/1.2; +https://openai.com/gptbot)"
20.171.207.10 - - [26/Apr/2025:03:07:39 -0400] "GET /wp-content/uploads/elementor/google-fonts/css/robotoslab.css?ver=1742308101 HTTP/1.1" 200 714 "-" "Mozilla/5.0 AppleWebKit/537.36 (KHTML, like Gecko; compatible; GPTBot/1.2; +https://openai.com/gptbot)"
20.171.207.10 - - [26/Apr/2025:03:07:40 -0400] "GET /wp-content/plugins/pro-elements/assets/js/elements-handlers.min.js?ver=3.23.3 HTTP/1.1" 200 9631 "-" "Mozilla/5.0 AppleWebKit/537.36 (KHTML, like Gecko; compatible; GPTBot/1.2; +https://openai.com/gptbot)"
20.171.207.10 - - [26/Apr/2025:03:07:41 -0400] "GET /wp-content/uploads/elementor/thumbs/rawpixel-592442-unsplash-copyright-min-qu3cu7x2c4dqdda7wkztwozljn76s35oudpz261jr8.jpg HTTP/1.1" 200 27587 "-" "Mozilla/5.0 AppleWebKit/537.36 (KHTML, like Gecko; compatible; GPTBot/1.2; +https://openai.com/gptbot)"
20.171.207.10 - - [26/Apr/2025:03:07:42 -0400] "GET /wp-content/uploads/elementor/google-fonts/css/roboto.css?ver=1742308081 HTTP/1.1" 200 1881 "-" "Mozilla/5.0 AppleWebKit/537.36 (KHTML, like Gecko; compatible; GPTBot/1.2; +https://openai.com/gptbot)"
20.171.207.10 - - [26/Apr/2025:03:07:43 -0400] "GET /wp-content/uploads/elementor/google-fonts/css/amiri.css?ver=1742308082 HTTP/1.1" 200 681 "-" "Mozilla/5.0 AppleWebKit/537.36 (KHTML, like Gecko; compatible; GPTBot/1.2; +https://openai.com/gptbot)"
20.171.207.10 - - [26/Apr/2025:03:07:44 -0400] "GET /wp-content/plugins/elementor/assets/lib/animations/styles/e-animation-float.min.css?ver=3.28.4 HTTP/1.1" 200 244 "-" "Mozilla/5.0 AppleWebKit/537.36 (KHTML, like Gecko; compatible; GPTBot/1.2; +https://openai.com/gptbot)"
20.171.207.10 - - [26/Apr/2025:03:07:46 -0400] "GET /wp-content/uploads/elementor/google-fonts/fonts/lato-s6u8w4bmutphjxsaui-qjcy.woff2 HTTP/1.1" 200 5600 "-" "Mozilla/5.0 AppleWebKit/537.36 (KHTML, like Gecko; compatible; GPTBot/1.2; +https://openai.com/gptbot)"
20.171.207.10 - - [26/Apr/2025:03:07:47 -0400] "GET /wp-content/uploads/elementor/google-fonts/fonts/lato-s6u8w4bmutphjxsaxc-q.woff2 HTTP/1.1" 200 24408 "-" "Mozilla/5.0 AppleWebKit/537.36 (KHTML, like Gecko; compatible; GPTBot/1.2; +https://openai.com/gptbot)"
20.171.207.10 - - [26/Apr/2025:03:07:48 -0400] "GET /wp-content/uploads/elementor/google-fonts/fonts/lato-s6u_w4bmutphjxsi3wi_gwft.woff2 HTTP/1.1" 200 23736 "-" "Mozilla/5.0 AppleWebKit/537.36 (KHTML, like Gecko; compatible; GPTBot/1.2; +https://openai.com/gptbot)"
20.171.207.10 - - [26/Apr/2025:03:07:49 -0400] "GET /wp-content/uploads/elementor/google-fonts/fonts/lato-s6u_w4bmutphjxsi5wq_gwft.woff2 HTTP/1.1" 200 24448 "-" "Mozilla/5.0 AppleWebKit/537.36 (KHTML, like Gecko; compatible; GPTBot/1.2; +https://openai.com/gptbot)"
20.171.207.10 - - [26/Apr/2025:03:07:50 -0400] "GET /wp-content/uploads/elementor/google-fonts/fonts/lato-s6u8w4bmutphh30axc-q.woff2 HTTP/1.1" 200 21508 "-" "Mozilla/5.0 AppleWebKit/537.36 (KHTML, like Gecko; compatible; GPTBot/1.2; +https://openai.com/gptbot)"
20.171.207.10 - - [26/Apr/2025:03:07:51 -0400] "GET /wp-content/uploads/elementor/google-fonts/fonts/lato-s6u9w4bmutphh50xswipgq.woff2 HTTP/1.1" 200 22504 "-" "Mozilla/5.0 AppleWebKit/537.36 (KHTML, like Gecko; compatible; GPTBot/1.2; +https://openai.com/gptbot)"
20.171.207.10 - - [26/Apr/2025:03:07:52 -0400] "GET /wp-content/plugins/pro-elements/assets/lib/sticky/jquery.sticky.min.js?ver=3.23.3 HTTP/1.1" 200 1442 "-" "Mozilla/5.0 AppleWebKit/537.36 (KHTML, like Gecko; compatible; GPTBot/1.2; +https://openai.com/gptbot)"
20.171.207.10 - - [26/Apr/2025:03:07:54 -0400] "GET /wp-content/uploads/elementor/google-fonts/fonts/roboto-kfo7cnqeu92fr1me7ksn66agldtyluama3cubgee.woff2 HTTP/1.1" 200 4340 "-" "Mozilla/5.0 AppleWebKit/537.36 (KHTML, like Gecko; compatible; GPTBot/1.2; +https://openai.com/gptbot)"
20.171.207.10 - - [26/Apr/2025:03:07:55 -0400] "GET /wp-content/uploads/elementor/google-fonts/fonts/roboto-kfo7cnqeu92fr1me7ksn66agldtyluama3kubgee.woff2 HTTP/1.1" 200 26428 "-" "Mozilla/5.0 AppleWebKit/537.36 (KHTML, like Gecko; compatible; GPTBot/1.2; +https://openai.com/gptbot)"
20.171.207.10 - - [26/Apr/2025:03:07:56 -0400] "GET /wp-content/uploads/elementor/google-fonts/fonts/amiri-j7aanpd8cgxbhpurjao9_pxqhw.woff2 HTTP/1.1" 200 20168 "-" "Mozilla/5.0 AppleWebKit/537.36 (KHTML, like Gecko; compatible; GPTBot/1.2; +https://openai.com/gptbot)"
20.171.207.10 - - [26/Apr/2025:03:07:57 -0400] "GET /wp-content/uploads/elementor/google-fonts/fonts/amiri-j7aanpd8cgxbhpurjao9_pjqhwaa.woff2 HTTP/1.1" 200 10764 "-" "Mozilla/5.0 AppleWebKit/537.36 (KHTML, like Gecko; compatible; GPTBot/1.2; +https://openai.com/gptbot)"
20.171.207.10 - - [26/Apr/2025:03:07:58 -0400] "GET /wp-content/uploads/elementor/google-fonts/fonts/roboto-kfo7cnqeu92fr1me7ksn66agldtyluama3oubgee.woff2 HTTP/1.1" 200 13004 "-" "Mozilla/5.0 AppleWebKit/537.36 (KHTML, like Gecko; compatible; GPTBot/1.2; +https://openai.com/gptbot)"
20.171.207.10 - - [26/Apr/2025:03:07:59 -0400] "GET /wp-content/uploads/elementor/google-fonts/fonts/roboto-kfo7cnqeu92fr1me7ksn66agldtyluama3gubgee.woff2 HTTP/1.1" 200 35568 "-" "Mozilla/5.0 AppleWebKit/537.36 (KHTML, like Gecko; compatible; GPTBot/1.2; +https://openai.com/gptbot)"
20.171.207.10 - - [26/Apr/2025:03:08:00 -0400] "GET /wp-content/uploads/elementor/google-fonts/fonts/roboto-kfo5cnqeu92fr1mu53zec9_vu3r1gihoszmkc3kawzu.woff2 HTTP/1.1" 200 39456 "-" "Mozilla/5.0 AppleWebKit/537.36 (KHTML, like Gecko; compatible; GPTBot/1.2; +https://openai.com/gptbot)"
20.171.207.10 - - [26/Apr/2025:03:08:02 -0400] "GET /wp-content/uploads/elementor/google-fonts/fonts/amiri-j7acnpd8cgxbhp2vkay6zp5ygw.woff2 HTTP/1.1" 200 79732 "-" "Mozilla/5.0 AppleWebKit/537.36 (KHTML, like Gecko; compatible; GPTBot/1.2; +https://openai.com/gptbot)"
20.171.207.10 - - [26/Apr/2025:03:08:03 -0400] "GET /wp-content/uploads/elementor/google-fonts/fonts/amiri-j7afnpd8cgxbhpurhl8y66nl.woff2 HTTP/1.1" 200 10840 "-" "Mozilla/5.0 AppleWebKit/537.36 (KHTML, like Gecko; compatible; GPTBot/1.2; +https://openai.com/gptbot)"
20.171.207.10 - - [26/Apr/2025:03:08:04 -0400] "GET /wp-content/plugins/elementor/assets/lib/animations/styles/fadeInRight.min.css?ver=3.28.4 HTTP/1.1" 200 139 "-" "Mozilla/5.0 AppleWebKit/537.36 (KHTML, like Gecko; compatible; GPTBot/1.2; +https://openai.com/gptbot)"
20.171.207.10 - - [26/Apr/2025:03:08:05 -0400] "GET /wp-content/plugins/elementor/assets/lib/animations/styles/fadeInLeft.min.css?ver=3.28.4 HTTP/1.1" 200 137 "-" "Mozilla/5.0 AppleWebKit/537.36 (KHTML, like Gecko; compatible; GPTBot/1.2; +https://openai.com/gptbot)"
20.171.207.10 - - [26/Apr/2025:03:08:06 -0400] "GET /wp-content/plugins/elementor/assets/lib/animations/styles/fadeInUp.min.css?ver=3.28.4 HTTP/1.1" 200 130 "-" "Mozilla/5.0 AppleWebKit/537.36 (KHTML, like Gecko; compatible; GPTBot/1.2; +https://openai.com/gptbot)"
20.171.207.10 - - [26/Apr/2025:03:08:07 -0400] "GET /wp-content/uploads/elementor/google-fonts/fonts/roboto-kfo7cnqeu92fr1me7ksn66agldtyluama3iubgee.woff2 HTTP/1.1" 200 22796 "-" "Mozilla/5.0 AppleWebKit/537.36 (KHTML, like Gecko; compatible; GPTBot/1.2; +https://openai.com/gptbot)"
20.171.207.10 - - [26/Apr/2025:03:08:09 -0400] "GET /wp-content/uploads/elementor/google-fonts/fonts/roboto-kfo7cnqeu92fr1me7ksn66agldtyluama3yuba.woff2 HTTP/1.1" 200 40128 "-" "Mozilla/5.0 AppleWebKit/537.36 (KHTML, like Gecko; compatible; GPTBot/1.2; +https://openai.com/gptbot)"
20.171.207.10 - - [26/Apr/2025:03:08:10 -0400] "GET /wp-content/plugins/elementor/assets/css/widget-heading.min.css?ver=3.28.4 HTTP/1.1" 200 154 "-" "Mozilla/5.0 AppleWebKit/537.36 (KHTML, like Gecko; compatible; GPTBot/1.2; +https://openai.com/gptbot)"
20.171.207.10 - - [26/Apr/2025:03:08:11 -0400] "GET /wp-content/plugins/elementor/assets/css/widget-divider.min.css?ver=3.28.4 HTTP/1.1" 200 707 "-" "Mozilla/5.0 AppleWebKit/537.36 (KHTML, like Gecko; compatible; GPTBot/1.2; +https://openai.com/gptbot)"
20.171.207.10 - - [26/Apr/2025:03:08:12 -0400] "GET /wp-content/plugins/elementskit-lite/widgets/init/assets/js/animate-circle.min.js?ver=3.5.0 HTTP/1.1" 200 393 "-" "Mozilla/5.0 AppleWebKit/537.36 (KHTML, like Gecko; compatible; GPTBot/1.2; +https://openai.com/gptbot)"
20.171.207.10 - - [26/Apr/2025:03:08:13 -0400] "GET /wp-content/uploads/elementor/google-fonts/fonts/roboto-kfo5cnqeu92fr1mu53zec9_vu3r1gihoszmkcxkawzu.woff2 HTTP/1.1" 200 13888 "-" "Mozilla/5.0 AppleWebKit/537.36 (KHTML, like Gecko; compatible; GPTBot/1.2; +https://openai.com/gptbot)"
20.171.207.10 - - [26/Apr/2025:03:08:14 -0400] "GET /wp-content/uploads/elementor/google-fonts/fonts/roboto-kfo5cnqeu92fr1mu53zec9_vu3r1gihoszmkbxkawzu.woff2 HTTP/1.1" 200 18800 "-" "Mozilla/5.0 AppleWebKit/537.36 (KHTML, like Gecko; compatible; GPTBot/1.2; +https://openai.com/gptbot)"
20.171.207.10 - - [26/Apr/2025:03:08:15 -0400] "GET /wp-content/uploads/elementor/google-fonts/fonts/roboto-kfo7cnqeu92fr1me7ksn66agldtyluama3-ubgee.woff2 HTTP/1.1" 200 17628 "-" "Mozilla/5.0 AppleWebKit/537.36 (KHTML, like Gecko; compatible; GPTBot/1.2; +https://openai.com/gptbot)"
20.171.207.10 - - [26/Apr/2025:03:08:16 -0400] "GET /wp-content/uploads/2024/09/home1-icon2.png HTTP/1.1" 200 2574 "-" "Mozilla/5.0 AppleWebKit/537.36 (KHTML, like Gecko; compatible; GPTBot/1.2; +https://openai.com/gptbot)"
20.171.207.10 - - [26/Apr/2025:03:08:18 -0400] "GET /wp-content/uploads/2024/09/home1-icon4.png HTTP/1.1" 200 1625 "-" "Mozilla/5.0 AppleWebKit/537.36 (KHTML, like Gecko; compatible; GPTBot/1.2; +https://openai.com/gptbot)"
20.171.207.10 - - [26/Apr/2025:03:08:19 -0400] "GET /wp-content/uploads/2024/09/home1-icon1.png HTTP/1.1" 200 1263 "-" "Mozilla/5.0 AppleWebKit/537.36 (KHTML, like Gecko; compatible; GPTBot/1.2; +https://openai.com/gptbot)"
20.171.207.10 - - [26/Apr/2025:03:08:20 -0400] "GET /wp-content/plugins/pixelyoursite/dist/scripts/tld.min.js?ver=2.3.1 HTTP/1.1" 200 39434 "-" "Mozilla/5.0 AppleWebKit/537.36 (KHTML, like Gecko; compatible; GPTBot/1.2; +https://openai.com/gptbot)"
66.29.132.124 - - [26/Apr/2025:03:08:22 -0400] "POST /wp-cron.php?doing_wp_cron=1745651302.2260479927062988281250 HTTP/1.1" 200 0 "-" "WordPress/6.8; https://360legaljusticehub.com"
20.171.207.10 - - [26/Apr/2025:03:08:21 -0400] "GET /wp-json/wp/v2/pages/15 HTTP/1.1" 200 32099 "-" "Mozilla/5.0 AppleWebKit/537.36 (KHTML, like Gecko; compatible; GPTBot/1.2; +https://openai.com/gptbot)"
20.171.207.10 - - [26/Apr/2025:03:08:24 -0400] "GET /wp-content/plugins/essential-addons-for-elementor-lite/assets/front-end/css/view/general.min.css?ver=6.1.11 HTTP/1.1" 200 1365 "-" "Mozilla/5.0 AppleWebKit/537.36 (KHTML, like Gecko; compatible; GPTBot/1.2; +https://openai.com/gptbot)"
66.29.132.124 - - [26/Apr/2025:03:08:23 -0400] "POST /wp-admin/admin-ajax.php?action=async_litespeed&nonce=5AXz9Hg4PEnZxW2qDa67oGl3LDQd19wj&litespeed_type=imgoptm HTTP/1.1" 200 0 "-" "WordPress/6.8; https://360legaljusticehub.com"
20.171.207.10 - - [26/Apr/2025:03:08:27 -0400] "GET /wp-includes/js/jquery/jquery.min.js?ver=3.7.1 HTTP/1.1" 200 29744 "-" "Mozilla/5.0 AppleWebKit/537.36 (KHTML, like Gecko; compatible; GPTBot/1.2; +https://openai.com/gptbot)"
20.171.207.10 - - [26/Apr/2025:03:08:29 -0400] "GET /wp-content/uploads/elementor/google-fonts/fonts/lato-s6uyw4bmutphjxawxjeu.woff2 HTTP/1.1" 200 5472 "-" "Mozilla/5.0 AppleWebKit/537.36 (KHTML, like Gecko; compatible; GPTBot/1.2; +https://openai.com/gptbot)"
20.171.207.10 - - [26/Apr/2025:03:08:31 -0400] "GET /wp-content/uploads/elementor/google-fonts/fonts/amiri-j7arnpd8cgxbhpuutlm.woff2 HTTP/1.1" 200 20600 "-" "Mozilla/5.0 AppleWebKit/537.36 (KHTML, like Gecko; compatible; GPTBot/1.2; +https://openai.com/gptbot)"
20.171.207.10 - - [26/Apr/2025:03:08:33 -0400] "GET /wp-content/uploads/elementor/google-fonts/fonts/roboto-kfo5cnqeu92fr1mu53zec9_vu3r1gihoszmkbnka.woff2 HTTP/1.1" 200 44192 "-" "Mozilla/5.0 AppleWebKit/537.36 (KHTML, like Gecko; compatible; GPTBot/1.2; +https://openai.com/gptbot)"
20.171.207.10 - - [26/Apr/2025:03:08:35 -0400] "GET /wp-content/uploads/2024/09/Untitled_design__79_-removebg-preview.png HTTP/1.1" 200 70751 "-" "Mozilla/5.0 AppleWebKit/537.36 (KHTML, like Gecko; compatible; GPTBot/1.2; +https://openai.com/gptbot)"
20.171.207.10 - - [26/Apr/2025:03:08:37 -0400] "GET /wp-content/uploads/elementor/google-fonts/css/didactgothic.css?ver=1742308093 HTTP/1.1" 200 507 "-" "Mozilla/5.0 AppleWebKit/537.36 (KHTML, like Gecko; compatible; GPTBot/1.2; +https://openai.com/gptbot)"
20.171.207.10 - - [26/Apr/2025:03:08:38 -0400] "GET /wp-content/plugins/pro-elements/assets/css/frontend.min.css?ver=3.23.3 HTTP/1.1" 200 43433 "-" "Mozilla/5.0 AppleWebKit/537.36 (KHTML, like Gecko; compatible; GPTBot/1.2; +https://openai.com/gptbot)"
20.171.207.10 - - [26/Apr/2025:03:08:39 -0400] "GET /wp-content/themes/hello-elementor/header-footer.min.css?ver=3.3.0 HTTP/1.1" 200 1292 "-" "Mozilla/5.0 AppleWebKit/537.36 (KHTML, like Gecko; compatible; GPTBot/1.2; +https://openai.com/gptbot)"
20.171.207.10 - - [26/Apr/2025:03:08:41 -0400] "GET /wp-content/plugins/pro-elements/assets/js/webpack-pro.runtime.min.js?ver=3.23.3 HTTP/1.1" 200 2549 "-" "Mozilla/5.0 AppleWebKit/537.36 (KHTML, like Gecko; compatible; GPTBot/1.2; +https://openai.com/gptbot)"
20.171.207.10 - - [26/Apr/2025:03:08:42 -0400] "GET /wp-content/plugins/elementor/assets/lib/jquery-numerator/jquery-numerator.min.js?ver=0.2.1 HTTP/1.1" 200 677 "-" "Mozilla/5.0 AppleWebKit/537.36 (KHTML, like Gecko; compatible; GPTBot/1.2; +https://openai.com/gptbot)"
20.171.207.10 - - [26/Apr/2025:03:08:43 -0400] "GET /wp-content/uploads/elementor/google-fonts/css/montserrat.css?ver=1742308092 HTTP/1.1" 200 758 "-" "Mozilla/5.0 AppleWebKit/537.36 (KHTML, like Gecko; compatible; GPTBot/1.2; +https://openai.com/gptbot)"
66.29.132.124 - - [26/Apr/2025:03:08:45 -0400] "POST /wp-cron.php?doing_wp_cron=1745651325.1826539039611816406250 HTTP/1.1" 200 0 "-" "WordPress/6.8; https://360legaljusticehub.com"
20.171.207.10 - - [26/Apr/2025:03:08:44 -0400] "GET /wp-json/elementskit/v1/ HTTP/1.1" 404 114 "-" "Mozilla/5.0 AppleWebKit/537.36 (KHTML, like Gecko; compatible; GPTBot/1.2; +https://openai.com/gptbot)"
20.171.207.10 - - [26/Apr/2025:03:08:46 -0400] "GET /wp-includes/js/dist/hooks.min.js?ver=4d63a3d491d11ffd8ac6 HTTP/1.1" 200 1571 "-" "Mozilla/5.0 AppleWebKit/537.36 (KHTML, like Gecko; compatible; GPTBot/1.2; +https://openai.com/gptbot)"
66.29.132.124 - - [26/Apr/2025:03:08:46 -0400] "POST /wp-admin/admin-ajax.php?action=async_litespeed&nonce=yAU045k6v0SCb0AzCNFihsVX0mcTorT1&litespeed_type=imgoptm HTTP/1.1" 200 0 "-" "WordPress/6.8; https://360legaljusticehub.com"
