20.171.207.10 - - [26/Apr/2025:03:08:47 -0400] "GET /wp-content/uploads/elementor/google-fonts/fonts/amiri-j7arnpd8cgxbhpugtlma7w.woff2 HTTP/1.1" 200 10512 "-" "Mozilla/5.0 AppleWebKit/537.36 (KHTML, like Gecko; compatible; GPTBot/1.2; +https://openai.com/gptbot)"
20.171.207.10 - - [26/Apr/2025:03:08:48 -0400] "GET /wp-content/uploads/elementor/google-fonts/fonts/lato-s6uyw4bmutphjx4wxg.woff2 HTTP/1.1" 200 23580 "-" "Mozilla/5.0 AppleWebKit/537.36 (KHTML, like Gecko; compatible; GPTBot/1.2; +https://openai.com/gptbot)"
20.171.207.10 - - [26/Apr/2025:03:08:49 -0400] "GET /wp-content/uploads/elementor/google-fonts/fonts/didactgothic-ahcfv8qz1zt6hcc5g4f_p4asluuypg.woff2 HTTP/1.1" 200 17824 "-" "Mozilla/5.0 AppleWebKit/537.36 (KHTML, like Gecko; compatible; GPTBot/1.2; +https://openai.com/gptbot)"
20.171.207.10 - - [26/Apr/2025:03:08:50 -0400] "GET /wp-content/uploads/elementor/google-fonts/fonts/didactgothic-ahcfv8qz1zt6hcc5g4f_p4aslueypnll.woff2 HTTP/1.1" 200 11196 "-" "Mozilla/5.0 AppleWebKit/537.36 (KHTML, like Gecko; compatible; GPTBot/1.2; +https://openai.com/gptbot)"
20.171.207.10 - - [26/Apr/2025:03:08:51 -0400] "GET /wp-content/uploads/elementor/google-fonts/fonts/didactgothic-ahcfv8qz1zt6hcc5g4f_p4asluiypnll.woff2 HTTP/1.1" 200 8616 "-" "Mozilla/5.0 AppleWebKit/537.36 (KHTML, like Gecko; compatible; GPTBot/1.2; +https://openai.com/gptbot)"
20.171.207.10 - - [26/Apr/2025:03:08:52 -0400] "GET /wp-content/uploads/elementor/google-fonts/fonts/didactgothic-ahcfv8qz1zt6hcc5g4f_p4asluaypnll.woff2 HTTP/1.1" 200 8988 "-" "Mozilla/5.0 AppleWebKit/537.36 (KHTML, like Gecko; compatible; GPTBot/1.2; +https://openai.com/gptbot)"
20.171.207.10 - - [26/Apr/2025:03:08:54 -0400] "GET /wp-content/uploads/elementor/google-fonts/fonts/didactgothic-ahcfv8qz1zt6hcc5g4f_p4asluwypnll.woff2 HTTP/1.1" 200 26316 "-" "Mozilla/5.0 AppleWebKit/537.36 (KHTML, like Gecko; compatible; GPTBot/1.2; +https://openai.com/gptbot)"
20.171.207.10 - - [26/Apr/2025:03:08:55 -0400] "GET /wp-content/uploads/elementor/google-fonts/fonts/montserrat-jtuqjig1_i6t8kchkm459wxrxc7mw9c.woff2 HTTP/1.1" 200 26912 "-" "Mozilla/5.0 AppleWebKit/537.36 (KHTML, like Gecko; compatible; GPTBot/1.2; +https://openai.com/gptbot)"
20.171.207.10 - - [26/Apr/2025:03:08:56 -0400] "GET /wp-content/uploads/elementor/google-fonts/fonts/montserrat-jtuqjig1_i6t8kchkm459wxrxi7mw9c.woff2 HTTP/1.1" 200 13868 "-" "Mozilla/5.0 AppleWebKit/537.36 (KHTML, like Gecko; compatible; GPTBot/1.2; +https://openai.com/gptbot)"
20.171.207.10 - - [26/Apr/2025:03:08:57 -0400] "GET /wp-content/uploads/elementor/google-fonts/fonts/montserrat-jtuqjig1_i6t8kchkm459wxrxy7mw9c.woff2 HTTP/1.1" 200 75044 "-" "Mozilla/5.0 AppleWebKit/537.36 (KHTML, like Gecko; compatible; GPTBot/1.2; +https://openai.com/gptbot)"
20.171.207.10 - - [26/Apr/2025:03:08:58 -0400] "GET /wp-content/uploads/elementor/google-fonts/fonts/montserrat-jtuqjig1_i6t8kchkm459wxrzs7mw9c.woff2 HTTP/1.1" 200 24620 "-" "Mozilla/5.0 AppleWebKit/537.36 (KHTML, like Gecko; compatible; GPTBot/1.2; +https://openai.com/gptbot)"
20.171.207.10 - - [26/Apr/2025:03:08:59 -0400] "GET /wp-content/uploads/elementor/google-fonts/fonts/montserrat-jtusjig1_i6t8kchkm459wlhyw.woff2 HTTP/1.1" 200 37828 "-" "Mozilla/5.0 AppleWebKit/537.36 (KHTML, like Gecko; compatible; GPTBot/1.2; +https://openai.com/gptbot)"
20.171.207.10 - - [26/Apr/2025:03:09:00 -0400] "GET /wp-content/uploads/elementor/google-fonts/fonts/montserrat-jtusjig1_i6t8kchkm459wrhyzbi.woff2 HTTP/1.1" 200 26476 "-" "Mozilla/5.0 AppleWebKit/537.36 (KHTML, like Gecko; compatible; GPTBot/1.2; +https://openai.com/gptbot)"
20.171.207.10 - - [26/Apr/2025:03:09:01 -0400] "GET /wp-content/uploads/elementor/google-fonts/fonts/montserrat-jtusjig1_i6t8kchkm459wdhyzbi.woff2 HTTP/1.1" 200 70768 "-" "Mozilla/5.0 AppleWebKit/537.36 (KHTML, like Gecko; compatible; GPTBot/1.2; +https://openai.com/gptbot)"
20.171.207.10 - - [26/Apr/2025:03:09:03 -0400] "GET /wp-content/uploads/elementor/google-fonts/fonts/montserrat-jtusjig1_i6t8kchkm459wzhyzbi.woff2 HTTP/1.1" 200 13020 "-" "Mozilla/5.0 AppleWebKit/537.36 (KHTML, like Gecko; compatible; GPTBot/1.2; +https://openai.com/gptbot)"
20.171.207.10 - - [26/Apr/2025:03:09:04 -0400] "GET /wp-content/uploads/elementor/google-fonts/fonts/montserrat-jtusjig1_i6t8kchkm459w1hyzbi.woff2 HTTP/1.1" 200 23836 "-" "Mozilla/5.0 AppleWebKit/537.36 (KHTML, like Gecko; compatible; GPTBot/1.2; +https://openai.com/gptbot)"
20.171.207.10 - - [26/Apr/2025:03:09:05 -0400] "GET /wp-content/uploads/elementor/google-fonts/fonts/montserrat-jtuqjig1_i6t8kchkm459wxrys7m.woff2 HTTP/1.1" 200 39608 "-" "Mozilla/5.0 AppleWebKit/537.36 (KHTML, like Gecko; compatible; GPTBot/1.2; +https://openai.com/gptbot)"
20.171.207.10 - - [26/Apr/2025:03:09:06 -0400] "GET /wp-content/uploads/elementor/google-fonts/fonts/didactgothic-ahcfv8qz1zt6hcc5g4f_p4aslu-ypnll.woff2 HTTP/1.1" 200 10252 "-" "Mozilla/5.0 AppleWebKit/537.36 (KHTML, like Gecko; compatible; GPTBot/1.2; +https://openai.com/gptbot)"
20.171.207.10 - - [26/Apr/2025:03:09:07 -0400] "GET /wp-content/uploads/elementor/google-fonts/fonts/amiri-j7arnpd8cgxbhpurtlma7w.woff2 HTTP/1.1" 200 79316 "-" "Mozilla/5.0 AppleWebKit/537.36 (KHTML, like Gecko; compatible; GPTBot/1.2; +https://openai.com/gptbot)"
20.171.207.10 - - [26/Apr/2025:03:09:09 -0400] "GET /wp-content/themes/hello-elementor/theme.min.css?ver=3.3.0 HTTP/1.1" 200 1131 "-" "Mozilla/5.0 AppleWebKit/537.36 (KHTML, like Gecko; compatible; GPTBot/1.2; +https://openai.com/gptbot)"
20.171.207.10 - - [26/Apr/2025:03:09:10 -0400] "GET /wp-content/themes/hello-elementor/style.min.css?ver=3.3.0 HTTP/1.1" 200 1591 "-" "Mozilla/5.0 AppleWebKit/537.36 (KHTML, like Gecko; compatible; GPTBot/1.2; +https://openai.com/gptbot)"
20.171.207.10 - - [26/Apr/2025:03:09:11 -0400] "GET /wp-content/uploads/elementor/google-fonts/fonts/lato-s6u_w4bmutphjxsi5wq_fqft1dw.woff2 HTTP/1.1" 200 5616 "-" "Mozilla/5.0 AppleWebKit/537.36 (KHTML, like Gecko; compatible; GPTBot/1.2; +https://openai.com/gptbot)"
20.171.207.10 - - [26/Apr/2025:03:09:12 -0400] "GET /wp-content/uploads/elementor/google-fonts/fonts/lato-s6u_w4bmutphjxsi3wi_fqft1dw.woff2 HTTP/1.1" 200 5560 "-" "Mozilla/5.0 AppleWebKit/537.36 (KHTML, like Gecko; compatible; GPTBot/1.2; +https://openai.com/gptbot)"
20.171.207.10 - - [26/Apr/2025:03:09:13 -0400] "GET /wp-content/uploads/elementor/google-fonts/fonts/lato-s6u8w4bmutphh30aui-qjcy.woff2 HTTP/1.1" 200 5364 "-" "Mozilla/5.0 AppleWebKit/537.36 (KHTML, like Gecko; compatible; GPTBot/1.2; +https://openai.com/gptbot)"
20.171.207.10 - - [26/Apr/2025:03:09:14 -0400] "GET /wp-content/uploads/elementor/google-fonts/fonts/amiri-j7acnpd8cgxbhp2vkayxzp5ygw.woff2 HTTP/1.1" 200 10716 "-" "Mozilla/5.0 AppleWebKit/537.36 (KHTML, like Gecko; compatible; GPTBot/1.2; +https://openai.com/gptbot)"
20.171.207.10 - - [26/Apr/2025:03:09:15 -0400] "GET /wp-content/plugins/brave-popup-builder/assets/css/frontend.min.css?ver=6.8 HTTP/1.1" 200 7994 "-" "Mozilla/5.0 AppleWebKit/537.36 (KHTML, like Gecko; compatible; GPTBot/1.2; +https://openai.com/gptbot)"
20.171.207.10 - - [26/Apr/2025:03:09:16 -0400] "GET /wp-content/uploads/2024/09/home1-icon6.png HTTP/1.1" 200 1124 "-" "Mozilla/5.0 AppleWebKit/537.36 (KHTML, like Gecko; compatible; GPTBot/1.2; +https://openai.com/gptbot)"
20.171.207.10 - - [26/Apr/2025:03:09:18 -0400] "GET /wp-content/uploads/2024/09/home1-icon3.png HTTP/1.1" 200 1130 "-" "Mozilla/5.0 AppleWebKit/537.36 (KHTML, like Gecko; compatible; GPTBot/1.2; +https://openai.com/gptbot)"
20.171.207.10 - - [26/Apr/2025:03:09:19 -0400] "GET /wp-content/uploads/2024/09/home1-icon5.png HTTP/1.1" 200 2979 "-" "Mozilla/5.0 AppleWebKit/537.36 (KHTML, like Gecko; compatible; GPTBot/1.2; +https://openai.com/gptbot)"
20.171.207.10 - - [26/Apr/2025:03:09:20 -0400] "GET /wp-content/uploads/elementor/google-fonts/fonts/amiri-j7afnpd8cgxbhpurhley6w.woff2 HTTP/1.1" 200 20816 "-" "Mozilla/5.0 AppleWebKit/537.36 (KHTML, like Gecko; compatible; GPTBot/1.2; +https://openai.com/gptbot)"
20.171.207.10 - - [26/Apr/2025:03:09:21 -0400] "GET /wp-content/uploads/elementor/google-fonts/fonts/lato-s6u-w4bmutphjxsipx-opci.woff2 HTTP/1.1" 200 17072 "-" "Mozilla/5.0 AppleWebKit/537.36 (KHTML, like Gecko; compatible; GPTBot/1.2; +https://openai.com/gptbot)"
20.171.207.10 - - [26/Apr/2025:03:09:22 -0400] "GET /wp-content/plugins/click-to-chat-for-whatsapp/new/inc/assets/css/main.css?ver=4.20 HTTP/1.1" 200 511 "-" "Mozilla/5.0 AppleWebKit/537.36 (KHTML, like Gecko; compatible; GPTBot/1.2; +https://openai.com/gptbot)"
20.171.207.10 - - [26/Apr/2025:03:09:23 -0400] "GET /wp-content/plugins/elementskit-lite/modules/elementskit-icon-pack/assets/css/ekiticons.css?ver=3.5.0 HTTP/1.1" 200 11776 "-" "Mozilla/5.0 AppleWebKit/537.36 (KHTML, like Gecko; compatible; GPTBot/1.2; +https://openai.com/gptbot)"
20.171.207.10 - - [26/Apr/2025:03:09:24 -0400] "GET /wp-content/plugins/elementor/assets/js/webpack.runtime.min.js?ver=3.28.4 HTTP/1.1" 200 2228 "-" "Mozilla/5.0 AppleWebKit/537.36 (KHTML, like Gecko; compatible; GPTBot/1.2; +https://openai.com/gptbot)"
20.171.207.10 - - [26/Apr/2025:03:09:26 -0400] "GET /wp-content/uploads/elementor/css/post-9.css?ver=1744766851 HTTP/1.1" 200 368 "-" "Mozilla/5.0 AppleWebKit/537.36 (KHTML, like Gecko; compatible; GPTBot/1.2; +https://openai.com/gptbot)"
20.171.207.10 - - [26/Apr/2025:03:09:27 -0400] "GET /wp-content/uploads/elementor/css/post-112.css?ver=1744766851 HTTP/1.1" 200 1484 "-" "Mozilla/5.0 AppleWebKit/537.36 (KHTML, like Gecko; compatible; GPTBot/1.2; +https://openai.com/gptbot)"
20.171.207.10 - - [26/Apr/2025:03:09:28 -0400] "GET /wp-content/uploads/elementor/css/post-73.css?ver=1744766850 HTTP/1.1" 200 1682 "-" "Mozilla/5.0 AppleWebKit/537.36 (KHTML, like Gecko; compatible; GPTBot/1.2; +https://openai.com/gptbot)"
20.171.207.10 - - [26/Apr/2025:03:09:29 -0400] "GET /wp-content/uploads/elementor/css/post-15.css?ver=1744766852 HTTP/1.1" 200 3159 "-" "Mozilla/5.0 AppleWebKit/537.36 (KHTML, like Gecko; compatible; GPTBot/1.2; +https://openai.com/gptbot)"
20.171.207.10 - - [26/Apr/2025:03:09:30 -0400] "GET /wp-content/plugins/elementor/assets/css/widget-image.min.css?ver=3.28.4 HTTP/1.1" 200 254 "-" "Mozilla/5.0 AppleWebKit/537.36 (KHTML, like Gecko; compatible; GPTBot/1.2; +https://openai.com/gptbot)"
20.171.207.10 - - [26/Apr/2025:03:09:32 -0400] "GET /wp-content/uploads/elementor/google-fonts/fonts/lato-s6u9w4bmutphh6uvswipgq.woff2 HTTP/1.1" 200 23040 "-" "Mozilla/5.0 AppleWebKit/537.36 (KHTML, like Gecko; compatible; GPTBot/1.2; +https://openai.com/gptbot)"
20.171.207.10 - - [26/Apr/2025:03:09:34 -0400] "GET /wp-content/uploads/elementor/google-fonts/fonts/lato-s6u9w4bmutphh7usswipgq.woff2 HTTP/1.1" 200 23236 "-" "Mozilla/5.0 AppleWebKit/537.36 (KHTML, like Gecko; compatible; GPTBot/1.2; +https://openai.com/gptbot)"
20.171.207.10 - - [26/Apr/2025:03:09:35 -0400] "GET /wp-content/uploads/elementor/google-fonts/fonts/lato-s6u9w4bmutphh6uvswapgr_p.woff2 HTTP/1.1" 200 5368 "-" "Mozilla/5.0 AppleWebKit/537.36 (KHTML, like Gecko; compatible; GPTBot/1.2; +https://openai.com/gptbot)"
20.171.207.10 - - [26/Apr/2025:03:09:36 -0400] "GET /wp-content/plugins/elementskit-lite/modules/elementskit-icon-pack/assets/fonts/elementskit.woff?y24e1e HTTP/1.1" 200 459560 "-" "Mozilla/5.0 AppleWebKit/537.36 (KHTML, like Gecko; compatible; GPTBot/1.2; +https://openai.com/gptbot)"
20.171.207.10 - - [26/Apr/2025:03:09:38 -0400] "GET /wp-content/uploads/elementor/google-fonts/fonts/lato-s6u9w4bmutphh7usswapgr_p.woff2 HTTP/1.1" 200 5624 "-" "Mozilla/5.0 AppleWebKit/537.36 (KHTML, like Gecko; compatible; GPTBot/1.2; +https://openai.com/gptbot)"
20.171.207.10 - - [26/Apr/2025:03:09:40 -0400] "GET /wp-content/plugins/elementor/assets/css/frontend.min.css?ver=3.28.4 HTTP/1.1" 200 6453 "-" "Mozilla/5.0 AppleWebKit/537.36 (KHTML, like Gecko; compatible; GPTBot/1.2; +https://openai.com/gptbot)"
20.171.207.10 - - [26/Apr/2025:03:09:41 -0400] "GET /wp-content/themes/hello-elementor/assets/js/hello-frontend.min.js?ver=3.3.0 HTTP/1.1" 200 548 "-" "Mozilla/5.0 AppleWebKit/537.36 (KHTML, like Gecko; compatible; GPTBot/1.2; +https://openai.com/gptbot)"
20.171.207.10 - - [26/Apr/2025:03:09:43 -0400] "GET /wp-content/uploads/elementor/google-fonts/fonts/lato-s6u_w4bmutphjxsi9w2_gwft.woff2 HTTP/1.1" 200 17728 "-" "Mozilla/5.0 AppleWebKit/537.36 (KHTML, like Gecko; compatible; GPTBot/1.2; +https://openai.com/gptbot)"
20.171.207.10 - - [26/Apr/2025:03:09:45 -0400] "GET /wp-content/uploads/elementor/google-fonts/fonts/lato-s6u-w4bmutphjxsipx-mpclq7a.woff2 HTTP/1.1" 200 4208 "-" "Mozilla/5.0 AppleWebKit/537.36 (KHTML, like Gecko; compatible; GPTBot/1.2; +https://openai.com/gptbot)"
20.171.207.10 - - [26/Apr/2025:03:09:47 -0400] "GET /wp-content/uploads/elementor/google-fonts/fonts/lato-s6u9w4bmutphh50xswapgr_p.woff2 HTTP/1.1" 200 5412 "-" "Mozilla/5.0 AppleWebKit/537.36 (KHTML, like Gecko; compatible; GPTBot/1.2; +https://openai.com/gptbot)"
20.171.207.10 - - [26/Apr/2025:03:09:47 -0400] "GET /wp-content/uploads/elementor/google-fonts/fonts/robotoslab-bngmuxzytxpivibgjjsb6ufn5qu.woff2 HTTP/1.1" 200 34328 "-" "Mozilla/5.0 AppleWebKit/537.36 (KHTML, like Gecko; compatible; GPTBot/1.2; +https://openai.com/gptbot)"
20.171.207.10 - - [26/Apr/2025:03:09:48 -0400] "GET /wp-content/uploads/elementor/google-fonts/fonts/amiri-j7afnpd8cgxbhpurhlqy66nl.woff2 HTTP/1.1" 200 80840 "-" "Mozilla/5.0 AppleWebKit/537.36 (KHTML, like Gecko; compatible; GPTBot/1.2; +https://openai.com/gptbot)"
20.171.207.10 - - [26/Apr/2025:03:09:51 -0400] "GET /wp-content/plugins/elementskit-lite/widgets/init/assets/css/widget-styles.css?ver=3.5.0 HTTP/1.1" 200 48223 "-" "Mozilla/5.0 AppleWebKit/537.36 (KHTML, like Gecko; compatible; GPTBot/1.2; +https://openai.com/gptbot)"
20.171.207.10 - - [26/Apr/2025:03:09:51 -0400] "GET /wp-content/uploads/elementor/google-fonts/fonts/lato-s6u_w4bmutphjxsi9w2_fqft1dw.woff2 HTTP/1.1" 200 4340 "-" "Mozilla/5.0 AppleWebKit/537.36 (KHTML, like Gecko; compatible; GPTBot/1.2; +https://openai.com/gptbot)"
20.171.207.10 - - [26/Apr/2025:03:09:52 -0400] "GET /wp-content/plugins/elementskit-lite/libs/framework/assets/js/frontend-script.js?ver=3.5.0 HTTP/1.1" 200 40 "-" "Mozilla/5.0 AppleWebKit/537.36 (KHTML, like Gecko; compatible; GPTBot/1.2; +https://openai.com/gptbot)"
20.171.207.10 - - [26/Apr/2025:03:09:54 -0400] "GET /wp-content/uploads/elementor/google-fonts/fonts/amiri-j7acnpd8cgxbhp2vkay_zp4.woff2 HTTP/1.1" 200 20128 "-" "Mozilla/5.0 AppleWebKit/537.36 (KHTML, like Gecko; compatible; GPTBot/1.2; +https://openai.com/gptbot)"
20.171.207.10 - - [26/Apr/2025:03:09:56 -0400] "GET /wp-includes/js/dist/i18n.min.js?ver=5e580eb46a90c2b997e6 HTTP/1.1" 200 3542 "-" "Mozilla/5.0 AppleWebKit/537.36 (KHTML, like Gecko; compatible; GPTBot/1.2; +https://openai.com/gptbot)"
20.171.207.10 - - [26/Apr/2025:03:09:57 -0400] "GET /wp-content/plugins/elementskit-lite/widgets/init/assets/js/elementor.js?ver=3.5.0 HTTP/1.1" 200 5290 "-" "Mozilla/5.0 AppleWebKit/537.36 (KHTML, like Gecko; compatible; GPTBot/1.2; +https://openai.com/gptbot)"
20.171.207.10 - - [26/Apr/2025:03:09:59 -0400] "GET /wp-content/uploads/elementor/google-fonts/fonts/roboto-kfo5cnqeu92fr1mu53zec9_vu3r1gihoszmkcnkawzu.woff2 HTTP/1.1" 200 4468 "-" "Mozilla/5.0 AppleWebKit/537.36 (KHTML, like Gecko; compatible; GPTBot/1.2; +https://openai.com/gptbot)"
20.171.207.10 - - [26/Apr/2025:03:10:00 -0400] "GET /wp-content/uploads/elementor/google-fonts/fonts/roboto-kfo5cnqeu92fr1mu53zec9_vu3r1gihoszmkenkawzu.woff2 HTTP/1.1" 200 44336 "-" "Mozilla/5.0 AppleWebKit/537.36 (KHTML, like Gecko; compatible; GPTBot/1.2; +https://openai.com/gptbot)"
20.171.207.10 - - [26/Apr/2025:03:10:01 -0400] "GET /wp-content/uploads/elementor/google-fonts/fonts/roboto-kfo5cnqeu92fr1mu53zec9_vu3r1gihoszmkahkawzu.woff2 HTTP/1.1" 200 22288 "-" "Mozilla/5.0 AppleWebKit/537.36 (KHTML, like Gecko; compatible; GPTBot/1.2; +https://openai.com/gptbot)"
20.171.207.10 - - [26/Apr/2025:03:10:03 -0400] "GET /wp-content/uploads/elementor/google-fonts/fonts/roboto-kfo5cnqeu92fr1mu53zec9_vu3r1gihoszmkankawzu.woff2 HTTP/1.1" 200 24576 "-" "Mozilla/5.0 AppleWebKit/537.36 (KHTML, like Gecko; compatible; GPTBot/1.2; +https://openai.com/gptbot)"
20.171.207.10 - - [26/Apr/2025:03:10:04 -0400] "GET /wp-content/plugins/elementskit-lite/widgets/init/assets/img/cross-out.svg HTTP/1.1" 200 257 "-" "Mozilla/5.0 AppleWebKit/537.36 (KHTML, like Gecko; compatible; GPTBot/1.2; +https://openai.com/gptbot)"
20.171.207.10 - - [26/Apr/2025:03:10:06 -0400] "GET /wp-content/uploads/elementor/google-fonts/fonts/roboto-kfo5cnqeu92fr1mu53zec9_vu3r1gihoszmkchkawzu.woff2 HTTP/1.1" 200 28536 "-" "Mozilla/5.0 AppleWebKit/537.36 (KHTML, like Gecko; compatible; GPTBot/1.2; +https://openai.com/gptbot)"
20.171.207.10 - - [26/Apr/2025:03:10:08 -0400] "GET /wp-content/uploads/elementor/google-fonts/fonts/roboto-kfo7cnqeu92fr1me7ksn66agldtyluamawcubgee.woff2 HTTP/1.1" 200 40572 "-" "Mozilla/5.0 AppleWebKit/537.36 (KHTML, like Gecko; compatible; GPTBot/1.2; +https://openai.com/gptbot)"
20.171.207.10 - - [26/Apr/2025:03:10:10 -0400] "GET /wp-content/uploads/elementor/google-fonts/fonts/roboto-kfo7cnqeu92fr1me7ksn66agldtyluamaxkubgee.woff2 HTTP/1.1" 200 20408 "-" "Mozilla/5.0 AppleWebKit/537.36 (KHTML, like Gecko; compatible; GPTBot/1.2; +https://openai.com/gptbot)"
20.171.207.10 - - [26/Apr/2025:03:10:11 -0400] "GET /wp-content/uploads/elementor/google-fonts/fonts/amiri-j7aanpd8cgxbhpurjao9_plqhwaa.woff2 HTTP/1.1" 200 81308 "-" "Mozilla/5.0 AppleWebKit/537.36 (KHTML, like Gecko; compatible; GPTBot/1.2; +https://openai.com/gptbot)"
20.171.207.10 - - [26/Apr/2025:03:10:14 -0400] "GET /wp-content/plugins/essential-addons-for-elementor-lite/assets/front-end/js/view/general.min.js?ver=6.1.11 HTTP/1.1" 200 3883 "-" "Mozilla/5.0 AppleWebKit/537.36 (KHTML, like Gecko; compatible; GPTBot/1.2; +https://openai.com/gptbot)"
20.171.207.10 - - [26/Apr/2025:03:10:15 -0400] "GET /wp-content/plugins/elementskit-lite/widgets/init/assets/js/widget-scripts.js?ver=3.5.0 HTTP/1.1" 200 40425 "-" "Mozilla/5.0 AppleWebKit/537.36 (KHTML, like Gecko; compatible; GPTBot/1.2; +https://openai.com/gptbot)"
20.171.207.10 - - [26/Apr/2025:03:10:16 -0400] "GET /wp-content/uploads/elementor/google-fonts/fonts/robotoslab-bngmuxzytxpivibgjjsb6ufj5qw54a.woff2 HTTP/1.1" 200 21272 "-" "Mozilla/5.0 AppleWebKit/537.36 (KHTML, like Gecko; compatible; GPTBot/1.2; +https://openai.com/gptbot)"
20.171.207.10 - - [26/Apr/2025:03:10:18 -0400] "GET /wp-content/uploads/elementor/google-fonts/fonts/robotoslab-bngmuxzytxpivibgjjsb6ufb5qw54a.woff2 HTTP/1.1" 200 2184 "-" "Mozilla/5.0 AppleWebKit/537.36 (KHTML, like Gecko; compatible; GPTBot/1.2; +https://openai.com/gptbot)"
66.29.132.124 - - [26/Apr/2025:03:10:18 -0400] "POST /wp-cron.php?doing_wp_cron=1745651417.8094170093536376953125 HTTP/1.1" 200 0 "-" "WordPress/6.8; https://360legaljusticehub.com"
85.208.96.211 - - [26/Apr/2025:03:10:14 -0400] "GET /robots.txt HTTP/1.1" 200 120 "-" "Mozilla/5.0 (compatible; SemrushBot/7~bl; +http://www.semrush.com/bot.html)"
20.171.207.10 - - [26/Apr/2025:03:10:18 -0400] "GET /wp-content/uploads/elementor/google-fonts/fonts/robotoslab-bngmuxzytxpivibgjjsb6ufa5qw54a.woff2 HTTP/1.1" 200 32284 "-" "Mozilla/5.0 AppleWebKit/537.36 (KHTML, like Gecko; compatible; GPTBot/1.2; +https://openai.com/gptbot)"
66.29.132.124 - - [26/Apr/2025:03:10:19 -0400] "POST /wp-admin/admin-ajax.php?action=async_litespeed&nonce=oqxLkvEXpRwD5AAcdKvoUR2REhYab6V0&litespeed_type=imgoptm HTTP/1.1" 200 0 "-" "WordPress/6.8; https://360legaljusticehub.com"
20.171.207.10 - - [26/Apr/2025:03:10:21 -0400] "GET /wp-content/uploads/elementor/google-fonts/fonts/robotoslab-bngmuxzytxpivibgjjsb6ufd5qw54a.woff2 HTTP/1.1" 200 20760 "-" "Mozilla/5.0 AppleWebKit/537.36 (KHTML, like Gecko; compatible; GPTBot/1.2; +https://openai.com/gptbot)"
185.191.171.14 - - [26/Apr/2025:03:10:21 -0400] "GET /services/ HTTP/1.1" 200 39582 "-" "Mozilla/5.0 (compatible; SemrushBot/7~bl; +http://www.semrush.com/bot.html)"
20.171.207.10 - - [26/Apr/2025:03:10:22 -0400] "GET /wp-content/uploads/elementor/google-fonts/fonts/robotoslab-bngmuxzytxpivibgjjsb6ufc5qw54a.woff2 HTTP/1.1" 200 9872 "-" "Mozilla/5.0 AppleWebKit/537.36 (KHTML, like Gecko; compatible; GPTBot/1.2; +https://openai.com/gptbot)"
20.171.207.10 - - [26/Apr/2025:03:10:23 -0400] "GET /wp-content/uploads/elementor/google-fonts/fonts/robotoslab-bngmuxzytxpivibgjjsb6ufo5qw54a.woff2 HTTP/1.1" 200 14852 "-" "Mozilla/5.0 AppleWebKit/537.36 (KHTML, like Gecko; compatible; GPTBot/1.2; +https://openai.com/gptbot)"
20.171.207.10 - - [26/Apr/2025:03:10:25 -0400] "GET /wp-content/plugins/elementskit-lite/widgets/init/assets/js/%url% HTTP/1.1" 403 1242 "-" "Mozilla/5.0 AppleWebKit/537.36 (KHTML, like Gecko; compatible; GPTBot/1.2; +https://openai.com/gptbot)"
80.85.246.74 - - [26/Apr/2025:03:19:29 -0400] "GET / HTTP/1.1" 200 43485 "-" "Mozilla/5.0 (Macintosh; Intel Mac OS X 10_15_7) AppleWebKit/537.36 (KHTML, like Gecko) Chrome/133.0.0.0 Safari/537.36"
66.29.132.124 - - [26/Apr/2025:03:19:43 -0400] "POST /wp-cron.php?doing_wp_cron=1745651982.9328660964965820312500 HTTP/1.1" 200 0 "-" "WordPress/6.8; https://360legaljusticehub.com"
66.29.132.124 - - [26/Apr/2025:03:19:44 -0400] "POST /wp-admin/admin-ajax.php?action=async_litespeed&nonce=3fsNpOCHtdGVv225NCXgUTexZSdAoBA2&litespeed_type=imgoptm HTTP/1.1" 200 0 "-" "WordPress/6.8; https://360legaljusticehub.com"
201.244.122.173 - - [26/Apr/2025:03:19:31 -0400] "POST / HTTP/1.1" 200 43647 "-" "Mozilla/5.0 (Macintosh; Intel Mac OS X 10_15_7) AppleWebKit/537.36 (KHTML, like Gecko) Chrome/133.0.0.0 Safari/537.36"
66.29.132.124 - - [26/Apr/2025:03:19:54 -0400] "POST /wp-cron.php?doing_wp_cron=1745651994.1116158962249755859375 HTTP/1.1" 200 0 "-" "WordPress/6.8; https://360legaljusticehub.com"
201.244.122.173 - - [26/Apr/2025:03:19:53 -0400] "POST / HTTP/1.1" 200 43647 "-" "Mozilla/5.0 (Windows NT 10.0; Win64; x64) AppleWebKit/537.36 (KHTML, like Gecko) Chrome/120.0.0.0 Safari/537.36"
201.244.122.173 - - [26/Apr/2025:03:19:56 -0400] "POST / HTTP/1.1" 200 43651 "-" "Mozilla/5.0 (Macintosh; Intel Mac OS X 10_15_7) AppleWebKit/537.36 (KHTML, like Gecko) Chrome/133.0.0.0 Safari/537.36"
201.244.122.173 - - [26/Apr/2025:03:20:02 -0400] "POST / HTTP/1.1" 200 43648 "-" "Mozilla/5.0 (Windows NT 10.0; Win64; x64) AppleWebKit/537.36 (KHTML, like Gecko) Chrome/120.0.0.0 Safari/537.36"
80.85.246.74 - - [26/Apr/2025:03:20:07 -0400] "GET /comments/feed/ HTTP/1.1" 200 775 "-" "Mozilla/5.0 (Macintosh; Intel Mac OS X 10_15_7) AppleWebKit/537.36 (KHTML, like Gecko) Chrome/133.0.0.0 Safari/537.36"
80.85.246.74 - - [26/Apr/2025:03:20:11 -0400] "GET /contact-us/ HTTP/1.1" 200 34644 "-" "Mozilla/5.0 (Macintosh; Intel Mac OS X 10_15_7) AppleWebKit/537.36 (KHTML, like Gecko) Chrome/133.0.0.0 Safari/537.36"
201.244.122.173 - - [26/Apr/2025:03:20:13 -0400] "POST /contact-us/ HTTP/1.1" 200 34601 "-" "Mozilla/5.0 (Macintosh; Intel Mac OS X 10_15_7) AppleWebKit/537.36 (KHTML, like Gecko) Chrome/133.0.0.0 Safari/537.36"
201.244.122.173 - - [26/Apr/2025:03:20:17 -0400] "POST /contact-us/ HTTP/1.1" 200 34601 "-" "Mozilla/5.0 (Windows NT 10.0; Win64; x64) AppleWebKit/537.36 (KHTML, like Gecko) Chrome/120.0.0.0 Safari/537.36"
201.244.122.173 - - [26/Apr/2025:03:20:21 -0400] "POST /contact-us/ HTTP/1.1" 200 34603 "-" "Mozilla/5.0 (Macintosh; Intel Mac OS X 10_15_7) AppleWebKit/537.36 (KHTML, like Gecko) Chrome/133.0.0.0 Safari/537.36"
201.244.122.173 - - [26/Apr/2025:03:20:25 -0400] "POST /contact-us/ HTTP/1.1" 200 34600 "-" "Mozilla/5.0 (Windows NT 10.0; Win64; x64) AppleWebKit/537.36 (KHTML, like Gecko) Chrome/120.0.0.0 Safari/537.36"
154.16.192.74 - - [26/Apr/2025:03:40:12 -0400] "GET /.env HTTP/1.1" 200 0 "-" "Mozilla/5.0 (Macintosh; Intel Mac OS X 10.15; rv:77.0) Gecko/20100101 Firefox/77.0"
66.29.132.124 - - [26/Apr/2025:03:40:21 -0400] "POST /wp-cron.php?doing_wp_cron=1745653221.5203709602355957031250 HTTP/1.1" 200 0 "-" "WordPress/6.8; https://360legaljusticehub.com"
66.29.132.124 - - [26/Apr/2025:03:40:22 -0400] "POST /wp-admin/admin-ajax.php?action=async_litespeed&nonce=VavJkX2X7lnrKhmxgrGTWe1qMPkqMujK&litespeed_type=imgoptm HTTP/1.1" 200 21 "-" "WordPress/6.8; https://360legaljusticehub.com"
66.29.132.124 - - [26/Apr/2025:04:11:53 -0400] "GET / HTTP/1.1" 200 205547 "-" "Mozilla/5.0 (Windows NT 10.0; Win64; x64; rv:122.0) Gecko/20100101 Firefox/122.0"
66.29.132.124 - - [26/Apr/2025:04:12:18 -0400] "GET / HTTP/1.1" 200 205547 "-" "Softaculous"
66.29.132.124 - - [26/Apr/2025:04:12:19 -0400] "GET / HTTP/1.1" 200 205547 "-" "Mozilla/5.0 (Windows NT 10.0; Win64; x64; rv:122.0) Gecko/20100101 Firefox/122.0"
66.29.132.124 - - [26/Apr/2025:04:59:22 -0400] "POST /wp-cron.php?doing_wp_cron=1745657962.3817160129547119140625 HTTP/1.1" 200 0 "-" "WordPress/6.8; https://360legaljusticehub.com"
66.29.132.124 - - [26/Apr/2025:04:59:23 -0400] "POST /wp-admin/admin-ajax.php?action=async_litespeed&nonce=xPKSUiHtR6S9FObAbPdEOUczMMNLB1hu&litespeed_type=imgoptm HTTP/1.1" 200 0 "-" "WordPress/6.8; https://360legaljusticehub.com"
134.17.14.122 - - [26/Apr/2025:04:59:12 -0400] "POST /wp-content/themes/.index.php HTTP/1.1" 404 25333 "-" "Mozilla/4.0 (compatible; MSIE 6.0; Windows NT 5.1; SV1)"
66.29.132.124 - - [26/Apr/2025:04:59:26 -0400] "GET / HTTP/1.1" 200 0 "-" "WordPress/6.8; https://360legaljusticehub.com"
66.29.132.124 - - [26/Apr/2025:05:21:22 -0400] "POST /wp-cron.php?doing_wp_cron=1745659282.4928839206695556640625 HTTP/1.1" 200 0 "-" "WordPress/6.8; https://360legaljusticehub.com"
4.227.36.67 - - [26/Apr/2025:05:21:18 -0400] "GET /robots.txt HTTP/1.1" 200 103 "-" "Mozilla/5.0 AppleWebKit/537.36 (KHTML, like Gecko; compatible; GPTBot/1.2; +https://openai.com/gptbot)"
66.29.132.124 - - [26/Apr/2025:05:21:22 -0400] "POST /wp-admin/admin-ajax.php?action=async_litespeed&nonce=7O5G3swcEMltk8dW3VMODNoWsW6855tV&litespeed_type=imgoptm HTTP/1.1" 200 21 "-" "WordPress/6.8; https://360legaljusticehub.com"
20.171.207.10 - - [26/Apr/2025:05:21:23 -0400] "GET /api/actuator/env HTTP/1.1" 404 24374 "-" "Mozilla/5.0 AppleWebKit/537.36 (KHTML, like Gecko; compatible; GPTBot/1.2; +https://openai.com/gptbot)"
66.29.132.124 - - [26/Apr/2025:05:44:31 -0400] "POST /wp-cron.php?doing_wp_cron=1745660671.0681350231170654296875 HTTP/1.1" 200 0 "-" "WordPress/6.8; https://360legaljusticehub.com"
54.36.149.6 - - [26/Apr/2025:05:44:28 -0400] "GET /robots.txt HTTP/1.1" 200 103 "-" "Mozilla/5.0 (compatible; AhrefsBot/7.0; +http://ahrefs.com/robot/)"
66.29.132.124 - - [26/Apr/2025:05:44:31 -0400] "POST /wp-admin/admin-ajax.php?action=async_litespeed&nonce=4qcJNzfXVXUUjOfhXoZqCKFJGaeXKXXI&litespeed_type=imgoptm HTTP/1.1" 200 21 "-" "WordPress/6.8; https://360legaljusticehub.com"
20.171.207.10 - - [26/Apr/2025:05:57:48 -0400] "GET /wp-content/plugins/elementskit-lite/widgets/init/assets/css/responsive.css?ver=3.4.5 HTTP/1.1" 200 2859 "-" "Mozilla/5.0 AppleWebKit/537.36 (KHTML, like Gecko; compatible; GPTBot/1.2; +https://openai.com/gptbot)"
20.171.207.10 - - [26/Apr/2025:05:57:53 -0400] "GET /wp-content/plugins/essential-addons-for-elementor-lite/assets/front-end/css/view/general.min.css?ver=6.1.5 HTTP/1.1" 200 1365 "-" "Mozilla/5.0 AppleWebKit/537.36 (KHTML, like Gecko; compatible; GPTBot/1.2; +https://openai.com/gptbot)"
20.171.207.10 - - [26/Apr/2025:05:57:56 -0400] "GET /wp-content/plugins/elementor/assets/css/widget-icon-list.min.css?ver=3.27.7 HTTP/1.1" 200 957 "-" "Mozilla/5.0 AppleWebKit/537.36 (KHTML, like Gecko; compatible; GPTBot/1.2; +https://openai.com/gptbot)"
20.171.207.10 - - [26/Apr/2025:05:57:59 -0400] "GET /wp-content/plugins/elementskit-lite/widgets/init/assets/js/animate-circle.min.js?ver=3.4.5 HTTP/1.1" 200 393 "-" "Mozilla/5.0 AppleWebKit/537.36 (KHTML, like Gecko; compatible; GPTBot/1.2; +https://openai.com/gptbot)"
20.171.207.10 - - [26/Apr/2025:05:58:01 -0400] "GET /wp-content/plugins/brave-popup-builder/assets/css/frontend.min.css?ver=6.7.2 HTTP/1.1" 200 7994 "-" "Mozilla/5.0 AppleWebKit/537.36 (KHTML, like Gecko; compatible; GPTBot/1.2; +https://openai.com/gptbot)"
20.171.207.10 - - [26/Apr/2025:05:58:03 -0400] "GET /wp-content/plugins/brave-popup-builder/assets/frontend/brave.js?ver=6.7.2 HTTP/1.1" 200 23854 "-" "Mozilla/5.0 AppleWebKit/537.36 (KHTML, like Gecko; compatible; GPTBot/1.2; +https://openai.com/gptbot)"
20.171.207.10 - - [26/Apr/2025:05:58:05 -0400] "GET /wp-content/plugins/pixelyoursite/dist/scripts/public.js?ver=10.1.2.1 HTTP/1.1" 200 21619 "-" "Mozilla/5.0 AppleWebKit/537.36 (KHTML, like Gecko; compatible; GPTBot/1.2; +https://openai.com/gptbot)"
66.29.132.124 - - [26/Apr/2025:05:58:12 -0400] "POST /wp-cron.php?doing_wp_cron=1745661492.1932420730590820312500 HTTP/1.1" 200 0 "-" "WordPress/6.8; https://360legaljusticehub.com"
20.171.207.10 - - [26/Apr/2025:05:58:07 -0400] "GET /wp-json/elementskit/v1/ HTTP/1.1" 404 114 "-" "Mozilla/5.0 AppleWebKit/537.36 (KHTML, like Gecko; compatible; GPTBot/1.2; +https://openai.com/gptbot)"
66.29.132.124 - - [26/Apr/2025:05:58:12 -0400] "POST /wp-admin/admin-ajax.php?action=async_litespeed&nonce=5cFh9zb8tK4sJau5H4iRqmGqUCbXyafJ&litespeed_type=imgoptm HTTP/1.1" 200 21 "-" "WordPress/6.8; https://360legaljusticehub.com"
20.171.207.10 - - [26/Apr/2025:05:58:12 -0400] "GET /wp-content/uploads/2024/09/Untitled_design__79_-removebg-preview.png%20300w,%20https:/360legaljusticehub.com/wp-content/uploads/2024/09/Untitled_design__79_-removebg-preview-150x150.png%20150w HTTP/1.1" 404 24401 "-" "Mozilla/5.0 AppleWebKit/537.36 (KHTML, like Gecko; compatible; GPTBot/1.2; +https://openai.com/gptbot)"
20.171.207.10 - - [26/Apr/2025:05:58:14 -0400] "GET /wp-content/plugins/elementor/assets/css/widget-text-editor.min.css?ver=3.27.7 HTTP/1.1" 200 208 "-" "Mozilla/5.0 AppleWebKit/537.36 (KHTML, like Gecko; compatible; GPTBot/1.2; +https://openai.com/gptbot)"
20.171.207.10 - - [26/Apr/2025:05:58:16 -0400] "GET /wp-content/plugins/pixelyoursite/dist/scripts/jquery.bind-first-0.2.3.min.js?ver=6.7.2 HTTP/1.1" 200 625 "-" "Mozilla/5.0 AppleWebKit/537.36 (KHTML, like Gecko; compatible; GPTBot/1.2; +https://openai.com/gptbot)"
20.171.207.10 - - [26/Apr/2025:05:58:17 -0400] "GET /wp-content/uploads/2024/09/cropped-cropped-Untitled_design__79_-removebg-preview-270x270.png HTTP/1.1" 200 60178 "-" "Mozilla/5.0 AppleWebKit/537.36 (KHTML, like Gecko; compatible; GPTBot/1.2; +https://openai.com/gptbot)"
20.171.207.10 - - [26/Apr/2025:05:58:18 -0400] "GET /wp-content/plugins/click-to-chat-for-whatsapp/new/inc/assets/js/app.js?ver=4.19 HTTP/1.1" 200 2906 "-" "Mozilla/5.0 AppleWebKit/537.36 (KHTML, like Gecko; compatible; GPTBot/1.2; +https://openai.com/gptbot)"
20.171.207.10 - - [26/Apr/2025:05:58:20 -0400] "GET /wp-content/plugins/essential-addons-for-elementor-lite/assets/front-end/js/view/general.min.js?ver=6.1.5 HTTP/1.1" 200 3883 "-" "Mozilla/5.0 AppleWebKit/537.36 (KHTML, like Gecko; compatible; GPTBot/1.2; +https://openai.com/gptbot)"
20.171.207.10 - - [26/Apr/2025:05:58:21 -0400] "GET /wp-content/plugins/click-to-chat-for-whatsapp/new/inc/assets/css/main.css?ver=4.19 HTTP/1.1" 200 511 "-" "Mozilla/5.0 AppleWebKit/537.36 (KHTML, like Gecko; compatible; GPTBot/1.2; +https://openai.com/gptbot)"
20.171.207.10 - - [26/Apr/2025:05:58:22 -0400] "GET /wp-content/plugins/elementskit-lite/modules/elementskit-icon-pack/assets/css/ekiticons.css?ver=3.4.5 HTTP/1.1" 200 11776 "-" "Mozilla/5.0 AppleWebKit/537.36 (KHTML, like Gecko; compatible; GPTBot/1.2; +https://openai.com/gptbot)"
20.171.207.10 - - [26/Apr/2025:05:58:23 -0400] "GET /wp-content/plugins/elementor/assets/js/webpack.runtime.min.js?ver=3.27.7 HTTP/1.1" 200 2228 "-" "Mozilla/5.0 AppleWebKit/537.36 (KHTML, like Gecko; compatible; GPTBot/1.2; +https://openai.com/gptbot)"
20.171.207.10 - - [26/Apr/2025:05:58:24 -0400] "GET /wp-content/uploads/elementor/css/post-73.css?ver=1739293154 HTTP/1.1" 200 1682 "-" "Mozilla/5.0 AppleWebKit/537.36 (KHTML, like Gecko; compatible; GPTBot/1.2; +https://openai.com/gptbot)"
20.171.207.10 - - [26/Apr/2025:05:58:25 -0400] "GET /wp-content/uploads/elementor/css/post-112.css?ver=1739293154 HTTP/1.1" 200 1484 "-" "Mozilla/5.0 AppleWebKit/537.36 (KHTML, like Gecko; compatible; GPTBot/1.2; +https://openai.com/gptbot)"
20.171.207.10 - - [26/Apr/2025:05:58:26 -0400] "GET /wp-content/uploads/elementor/css/post-9.css?ver=1739330523 HTTP/1.1" 200 368 "-" "Mozilla/5.0 AppleWebKit/537.36 (KHTML, like Gecko; compatible; GPTBot/1.2; +https://openai.com/gptbot)"
20.171.207.10 - - [26/Apr/2025:05:58:28 -0400] "GET /wp-content/plugins/elementor/assets/css/frontend.min.css?ver=3.27.7 HTTP/1.1" 200 6453 "-" "Mozilla/5.0 AppleWebKit/537.36 (KHTML, like Gecko; compatible; GPTBot/1.2; +https://openai.com/gptbot)"
66.29.132.124 - - [26/Apr/2025:05:58:29 -0400] "POST /wp-cron.php?doing_wp_cron=1745661509.3595209121704101562500 HTTP/1.1" 200 0 "-" "WordPress/6.8; https://360legaljusticehub.com"
20.171.207.10 - - [26/Apr/2025:05:58:29 -0400] "GET /wp-content/plugins/brave-popup-builder/assets/frontend/'+content+' HTTP/1.1" 301 0 "-" "Mozilla/5.0 AppleWebKit/537.36 (KHTML, like Gecko; compatible; GPTBot/1.2; +https://openai.com/gptbot)"
20.171.207.10 - - [26/Apr/2025:05:58:30 -0400] "GET /wp-content/plugins/elementor/assets/js/frontend-modules.min.js?ver=3.27.7 HTTP/1.1" 200 14421 "-" "Mozilla/5.0 AppleWebKit/537.36 (KHTML, like Gecko; compatible; GPTBot/1.2; +https://openai.com/gptbot)"
20.171.207.10 - - [26/Apr/2025:05:58:31 -0400] "GET /wp-content/plugins/elementskit-lite/widgets/init/assets/css/widget-styles.css?ver=3.4.5 HTTP/1.1" 200 48223 "-" "Mozilla/5.0 AppleWebKit/537.36 (KHTML, like Gecko; compatible; GPTBot/1.2; +https://openai.com/gptbot)"
20.171.207.10 - - [26/Apr/2025:05:58:32 -0400] "GET /wp-content/plugins/elementskit-lite/libs/framework/assets/js/frontend-script.js?ver=3.4.5 HTTP/1.1" 200 40 "-" "Mozilla/5.0 AppleWebKit/537.36 (KHTML, like Gecko; compatible; GPTBot/1.2; +https://openai.com/gptbot)"
20.171.207.10 - - [26/Apr/2025:05:58:33 -0400] "GET /wp-content/plugins/elementskit-lite/widgets/init/assets/js/elementor.js?ver=3.4.5 HTTP/1.1" 200 5290 "-" "Mozilla/5.0 AppleWebKit/537.36 (KHTML, like Gecko; compatible; GPTBot/1.2; +https://openai.com/gptbot)"
20.171.207.10 - - [26/Apr/2025:05:58:34 -0400] "GET /wp-content/uploads/2024/09/2149443471-compressed.jpg HTTP/1.1" 200 109135 "-" "Mozilla/5.0 AppleWebKit/537.36 (KHTML, like Gecko; compatible; GPTBot/1.2; +https://openai.com/gptbot)"
20.171.207.10 - - [26/Apr/2025:05:58:36 -0400] "GET /wp-content/plugins/elementor/assets/js/frontend.min.js?ver=3.27.7 HTTP/1.1" 200 13099 "-" "Mozilla/5.0 AppleWebKit/537.36 (KHTML, like Gecko; compatible; GPTBot/1.2; +https://openai.com/gptbot)"
20.171.207.10 - - [26/Apr/2025:05:58:37 -0400] "GET /wp-content/plugins/elementskit-lite/widgets/init/assets/js/widget-scripts.js?ver=3.4.5 HTTP/1.1" 200 40425 "-" "Mozilla/5.0 AppleWebKit/537.36 (KHTML, like Gecko; compatible; GPTBot/1.2; +https://openai.com/gptbot)"
20.171.207.10 - - [26/Apr/2025:05:58:38 -0400] "GET /wp-includes/css/dist/block-library/style.min.css?ver=6.7.2 HTTP/1.1" 200 14358 "-" "Mozilla/5.0 AppleWebKit/537.36 (KHTML, like Gecko; compatible; GPTBot/1.2; +https://openai.com/gptbot)"
66.29.132.124 - - [26/Apr/2025:05:58:39 -0400] "POST /wp-cron.php?doing_wp_cron=1745661519.7112240791320800781250 HTTP/1.1" 200 0 "-" "WordPress/6.8; https://360legaljusticehub.com"
20.171.207.10 - - [26/Apr/2025:05:58:39 -0400] "GET /wp-content/plugins/brave-popup-builder/assets/frontend/+content+ HTTP/1.1" 404 24384 "-" "Mozilla/5.0 AppleWebKit/537.36 (KHTML, like Gecko; compatible; GPTBot/1.2; +https://openai.com/gptbot)"
66.29.132.124 - - [26/Apr/2025:05:58:39 -0400] "POST /wp-admin/admin-ajax.php?action=async_litespeed&nonce=GfiyJTwmYcbbu2owW596EylvZmd5jXMh&litespeed_type=imgoptm HTTP/1.1" 200 21 "-" "WordPress/6.8; https://360legaljusticehub.com"
20.171.207.10 - - [26/Apr/2025:05:58:40 -0400] "GET /wp-content/plugins/elementskit-lite/widgets/init/assets/js/%url% HTTP/1.1" 403 1242 "-" "Mozilla/5.0 AppleWebKit/537.36 (KHTML, like Gecko; compatible; GPTBot/1.2; +https://openai.com/gptbot)"
66.29.132.124 - - [26/Apr/2025:07:15:33 -0400] "POST /wp-cron.php?doing_wp_cron=1745666133.5613400936126708984375 HTTP/1.1" 200 0 "-" "WordPress/6.8; https://360legaljusticehub.com"
175.27.164.113 - - [26/Apr/2025:07:15:21 -0400] "GET / HTTP/1.1" 301 0 "http://www.360legaljusticehub.com" "Mozilla/5.0 (iPhone; CPU iPhone OS 13_2_3 like Mac OS X) AppleWebKit/605.1.15 (KHTML, like Gecko) Version/13.0.3 Mobile/15E148 Safari/604.1"
66.29.132.124 - - [26/Apr/2025:07:15:34 -0400] "POST /wp-admin/admin-ajax.php?action=async_litespeed&nonce=1a2JnYFwcgiIaYtLBFSotoIwKmuodGpW&litespeed_type=imgoptm HTTP/1.1" 200 0 "-" "WordPress/6.8; https://360legaljusticehub.com"
175.27.164.113 - - [26/Apr/2025:07:15:37 -0400] "GET / HTTP/1.1" 200 43699 "https://www.360legaljusticehub.com/" "Mozilla/5.0 (iPhone; CPU iPhone OS 13_2_3 like Mac OS X) AppleWebKit/605.1.15 (KHTML, like Gecko) Version/13.0.3 Mobile/15E148 Safari/604.1"
4.227.36.67 - - [26/Apr/2025:08:11:45 -0400] "GET /robots.txt HTTP/1.1" 200 0 "-" "Mozilla/5.0 AppleWebKit/537.36 (KHTML, like Gecko; compatible; GPTBot/1.2; +https://openai.com/gptbot)"
66.29.132.124 - - [26/Apr/2025:08:11:58 -0400] "POST /wp-cron.php?doing_wp_cron=1745669517.9682049751281738281250 HTTP/1.1" 200 0 "-" "WordPress/6.8; https://360legaljusticehub.com"
66.29.132.124 - - [26/Apr/2025:08:12:00 -0400] "POST /wp-admin/admin-ajax.php?action=async_litespeed&nonce=288rEixgU4ht0yZEvCZB7MIqqGs4zcuv&litespeed_type=imgoptm HTTP/1.1" 200 0 "-" "WordPress/6.8; https://360legaljusticehub.com"
66.29.132.124 - - [26/Apr/2025:08:12:02 -0400] "POST /wp-cron.php?doing_wp_cron=1745669522.0557448863983154296875 HTTP/1.1" 200 0 "-" "WordPress/6.8; https://360legaljusticehub.com"
47.128.115.89 - - [26/Apr/2025:09:03:40 -0400] "GET / HTTP/1.1" 200 30722 "-" "Mozilla/5.0 (Linux; Android 5.0) AppleWebKit/537.36 (KHTML, like Gecko) Mobile Safari/537.36 (compatible; Bytespider; spider-feedback@bytedance.com)"
47.128.115.89 - - [26/Apr/2025:09:03:41 -0400] "GET /wp-content/uploads/elementor/css/post-73.css?ver=1744766850 HTTP/1.1" 200 1682 "https://360legaljusticehub.com/" "Mozilla/5.0 (Linux; Android 5.0) AppleWebKit/537.36 (KHTML, like Gecko) Mobile Safari/537.36 (compatible; Bytespider; spider-feedback@bytedance.com)"
47.128.115.89 - - [26/Apr/2025:09:03:41 -0400] "GET /wp-content/uploads/elementor/css/post-112.css?ver=1744766851 HTTP/1.1" 200 1484 "https://360legaljusticehub.com/" "Mozilla/5.0 (Linux; Android 5.0) AppleWebKit/537.36 (KHTML, like Gecko) Mobile Safari/537.36 (compatible; Bytespider; spider-feedback@bytedance.com)"
47.128.115.89 - - [26/Apr/2025:09:03:41 -0400] "GET /wp-content/themes/hello-elementor/style.min.css?ver=3.3.0 HTTP/1.1" 200 1591 "https://360legaljusticehub.com/" "Mozilla/5.0 (Linux; Android 5.0) AppleWebKit/537.36 (KHTML, like Gecko) Mobile Safari/537.36 (compatible; Bytespider; spider-feedback@bytedance.com)"
47.128.115.89 - - [26/Apr/2025:09:03:41 -0400] "GET /wp-content/plugins/click-to-chat-for-whatsapp/new/inc/assets/css/main.css?ver=4.20 HTTP/1.1" 200 511 "https://360legaljusticehub.com/" "Mozilla/5.0 (Linux; Android 5.0) AppleWebKit/537.36 (KHTML, like Gecko) Mobile Safari/537.36 (compatible; Bytespider; spider-feedback@bytedance.com)"
47.128.115.89 - - [26/Apr/2025:09:03:41 -0400] "GET /wp-content/themes/hello-elementor/theme.min.css?ver=3.3.0 HTTP/1.1" 200 1131 "https://360legaljusticehub.com/" "Mozilla/5.0 (Linux; Android 5.0) AppleWebKit/537.36 (KHTML, like Gecko) Mobile Safari/537.36 (compatible; Bytespider; spider-feedback@bytedance.com)"
47.128.115.89 - - [26/Apr/2025:09:03:41 -0400] "GET /wp-content/themes/hello-elementor/header-footer.min.css?ver=3.3.0 HTTP/1.1" 200 1292 "https://360legaljusticehub.com/" "Mozilla/5.0 (Linux; Android 5.0) AppleWebKit/537.36 (KHTML, like Gecko) Mobile Safari/537.36 (compatible; Bytespider; spider-feedback@bytedance.com)"
47.128.115.89 - - [26/Apr/2025:09:03:41 -0400] "GET /wp-content/plugins/elementor/assets/css/frontend.min.css?ver=3.28.4 HTTP/1.1" 200 6453 "https://360legaljusticehub.com/" "Mozilla/5.0 (Linux; Android 5.0) AppleWebKit/537.36 (KHTML, like Gecko) Mobile Safari/537.36 (compatible; Bytespider; spider-feedback@bytedance.com)"
47.128.115.89 - - [26/Apr/2025:09:03:41 -0400] "GET /wp-content/plugins/elementor/assets/lib/animations/styles/e-animation-float.min.css?ver=3.28.4 HTTP/1.1" 200 244 "https://360legaljusticehub.com/" "Mozilla/5.0 (Linux; Android 5.0) AppleWebKit/537.36 (KHTML, like Gecko) Mobile Safari/537.36 (compatible; Bytespider; spider-feedback@bytedance.com)"
47.128.115.89 - - [26/Apr/2025:09:03:41 -0400] "GET /wp-content/plugins/elementor/assets/css/widget-image.min.css?ver=3.28.4 HTTP/1.1" 200 254 "https://360legaljusticehub.com/" "Mozilla/5.0 (Linux; Android 5.0) AppleWebKit/537.36 (KHTML, like Gecko) Mobile Safari/537.36 (compatible; Bytespider; spider-feedback@bytedance.com)"
47.128.115.89 - - [26/Apr/2025:09:03:41 -0400] "GET /wp-content/plugins/elementor/assets/lib/animations/styles/fadeIn.min.css?ver=3.28.4 HTTP/1.1" 200 77 "https://360legaljusticehub.com/" "Mozilla/5.0 (Linux; Android 5.0) AppleWebKit/537.36 (KHTML, like Gecko) Mobile Safari/537.36 (compatible; Bytespider; spider-feedback@bytedance.com)"
47.128.115.89 - - [26/Apr/2025:09:03:41 -0400] "GET /wp-content/uploads/elementor/css/post-9.css?ver=1744766851 HTTP/1.1" 200 368 "https://360legaljusticehub.com/" "Mozilla/5.0 (Linux; Android 5.0) AppleWebKit/537.36 (KHTML, like Gecko) Mobile Safari/537.36 (compatible; Bytespider; spider-feedback@bytedance.com)"
47.128.115.89 - - [26/Apr/2025:09:03:41 -0400] "GET /wp-content/plugins/elementor/assets/lib/animations/styles/fadeInUp.min.css?ver=3.28.4 HTTP/1.1" 200 130 "https://360legaljusticehub.com/" "Mozilla/5.0 (Linux; Android 5.0) AppleWebKit/537.36 (KHTML, like Gecko) Mobile Safari/537.36 (compatible; Bytespider; spider-feedback@bytedance.com)"
47.128.115.89 - - [26/Apr/2025:09:03:41 -0400] "GET /wp-content/plugins/elementor/assets/css/widget-heading.min.css?ver=3.28.4 HTTP/1.1" 200 154 "https://360legaljusticehub.com/" "Mozilla/5.0 (Linux; Android 5.0) AppleWebKit/537.36 (KHTML, like Gecko) Mobile Safari/537.36 (compatible; Bytespider; spider-feedback@bytedance.com)"
47.128.115.89 - - [26/Apr/2025:09:03:41 -0400] "GET /wp-content/plugins/elementor/assets/lib/animations/styles/fadeInLeft.min.css?ver=3.28.4 HTTP/1.1" 200 137 "https://360legaljusticehub.com/" "Mozilla/5.0 (Linux; Android 5.0) AppleWebKit/537.36 (KHTML, like Gecko) Mobile Safari/537.36 (compatible; Bytespider; spider-feedback@bytedance.com)"
47.128.115.89 - - [26/Apr/2025:09:03:41 -0400] "GET /wp-content/plugins/elementskit-lite/widgets/init/assets/css/responsive.css?ver=3.5.0 HTTP/1.1" 200 2859 "https://360legaljusticehub.com/" "Mozilla/5.0 (Linux; Android 5.0) AppleWebKit/537.36 (KHTML, like Gecko) Mobile Safari/537.36 (compatible; Bytespider; spider-feedback@bytedance.com)"
47.128.115.89 - - [26/Apr/2025:09:03:41 -0400] "GET /wp-content/plugins/elementor/assets/lib/animations/styles/fadeInRight.min.css?ver=3.28.4 HTTP/1.1" 200 139 "https://360legaljusticehub.com/" "Mozilla/5.0 (Linux; Android 5.0) AppleWebKit/537.36 (KHTML, like Gecko) Mobile Safari/537.36 (compatible; Bytespider; spider-feedback@bytedance.com)"
47.128.115.89 - - [26/Apr/2025:09:03:41 -0400] "GET /wp-content/plugins/pro-elements/assets/css/frontend.min.css?ver=3.23.3 HTTP/1.1" 200 43433 "https://360legaljusticehub.com/" "Mozilla/5.0 (Linux; Android 5.0) AppleWebKit/537.36 (KHTML, like Gecko) Mobile Safari/537.36 (compatible; Bytespider; spider-feedback@bytedance.com)"
47.128.115.89 - - [26/Apr/2025:09:03:41 -0400] "GET /wp-content/plugins/essential-addons-for-elementor-lite/assets/front-end/css/view/general.min.css?ver=6.1.11 HTTP/1.1" 200 1365 "https://360legaljusticehub.com/" "Mozilla/5.0 (Linux; Android 5.0) AppleWebKit/537.36 (KHTML, like Gecko) Mobile Safari/537.36 (compatible; Bytespider; spider-feedback@bytedance.com)"
47.128.115.89 - - [26/Apr/2025:09:03:41 -0400] "GET /wp-content/uploads/elementor/css/post-15.css?ver=1744766852 HTTP/1.1" 200 3159 "https://360legaljusticehub.com/" "Mozilla/5.0 (Linux; Android 5.0) AppleWebKit/537.36 (KHTML, like Gecko) Mobile Safari/537.36 (compatible; Bytespider; spider-feedback@bytedance.com)"
47.128.115.89 - - [26/Apr/2025:09:03:41 -0400] "GET /wp-content/plugins/elementor/assets/css/widget-counter.min.css?ver=3.28.4 HTTP/1.1" 200 234 "https://360legaljusticehub.com/" "Mozilla/5.0 (Linux; Android 5.0) AppleWebKit/537.36 (KHTML, like Gecko) Mobile Safari/537.36 (compatible; Bytespider; spider-feedback@bytedance.com)"
47.128.115.89 - - [26/Apr/2025:09:03:41 -0400] "GET /wp-content/plugins/elementor/assets/css/widget-divider.min.css?ver=3.28.4 HTTP/1.1" 200 707 "https://360legaljusticehub.com/" "Mozilla/5.0 (Linux; Android 5.0) AppleWebKit/537.36 (KHTML, like Gecko) Mobile Safari/537.36 (compatible; Bytespider; spider-feedback@bytedance.com)"
47.128.115.89 - - [26/Apr/2025:09:03:41 -0400] "GET /wp-content/plugins/elementskit-lite/widgets/init/assets/css/widget-styles.css?ver=3.5.0 HTTP/1.1" 200 48223 "https://360legaljusticehub.com/" "Mozilla/5.0 (Linux; Android 5.0) AppleWebKit/537.36 (KHTML, like Gecko) Mobile Safari/537.36 (compatible; Bytespider; spider-feedback@bytedance.com)"
47.128.115.89 - - [26/Apr/2025:09:03:41 -0400] "GET /wp-content/uploads/elementor/google-fonts/css/robotoslab.css?ver=1742308101 HTTP/1.1" 200 714 "https://360legaljusticehub.com/" "Mozilla/5.0 (Linux; Android 5.0) AppleWebKit/537.36 (KHTML, like Gecko) Mobile Safari/537.36 (compatible; Bytespider; spider-feedback@bytedance.com)"
47.128.115.89 - - [26/Apr/2025:09:03:41 -0400] "GET /wp-content/uploads/elementor/google-fonts/css/montserrat.css?ver=1742308092 HTTP/1.1" 200 758 "https://360legaljusticehub.com/" "Mozilla/5.0 (Linux; Android 5.0) AppleWebKit/537.36 (KHTML, like Gecko) Mobile Safari/537.36 (compatible; Bytespider; spider-feedback@bytedance.com)"
47.128.115.89 - - [26/Apr/2025:09:03:41 -0400] "GET /wp-content/uploads/elementor/google-fonts/css/roboto.css?ver=1742308081 HTTP/1.1" 200 1881 "https://360legaljusticehub.com/" "Mozilla/5.0 (Linux; Android 5.0) AppleWebKit/537.36 (KHTML, like Gecko) Mobile Safari/537.36 (compatible; Bytespider; spider-feedback@bytedance.com)"
47.128.115.89 - - [26/Apr/2025:09:03:41 -0400] "GET /wp-content/uploads/elementor/google-fonts/css/didactgothic.css?ver=1742308093 HTTP/1.1" 200 507 "https://360legaljusticehub.com/" "Mozilla/5.0 (Linux; Android 5.0) AppleWebKit/537.36 (KHTML, like Gecko) Mobile Safari/537.36 (compatible; Bytespider; spider-feedback@bytedance.com)"
47.128.115.89 - - [26/Apr/2025:09:03:41 -0400] "GET /wp-content/uploads/elementor/google-fonts/css/lato.css?ver=1742308095 HTTP/1.1" 200 540 "https://360legaljusticehub.com/" "Mozilla/5.0 (Linux; Android 5.0) AppleWebKit/537.36 (KHTML, like Gecko) Mobile Safari/537.36 (compatible; Bytespider; spider-feedback@bytedance.com)"
47.128.115.89 - - [26/Apr/2025:09:03:41 -0400] "GET /wp-content/uploads/elementor/google-fonts/css/amiri.css?ver=1742308082 HTTP/1.1" 200 681 "https://360legaljusticehub.com/" "Mozilla/5.0 (Linux; Android 5.0) AppleWebKit/537.36 (KHTML, like Gecko) Mobile Safari/537.36 (compatible; Bytespider; spider-feedback@bytedance.com)"
47.128.115.89 - - [26/Apr/2025:09:03:41 -0400] "GET /wp-content/uploads/2024/09/Untitled_design__79_-removebg-preview.png HTTP/1.1" 206 500 "https://360legaljusticehub.com/" "Mozilla/5.0 (Linux; Android 5.0) AppleWebKit/537.36 (KHTML, like Gecko) Mobile Safari/537.36 (compatible; Bytespider; spider-feedback@bytedance.com)"
47.128.115.89 - - [26/Apr/2025:09:03:41 -0400] "GET /wp-content/plugins/elementskit-lite/modules/elementskit-icon-pack/assets/css/ekiticons.css?ver=3.5.0 HTTP/1.1" 200 11776 "https://360legaljusticehub.com/" "Mozilla/5.0 (Linux; Android 5.0) AppleWebKit/537.36 (KHTML, like Gecko) Mobile Safari/537.36 (compatible; Bytespider; spider-feedback@bytedance.com)"
47.128.115.89 - - [26/Apr/2025:09:03:42 -0400] "GET /wp-content/plugins/elementor/assets/css/widget-icon-list.min.css?ver=3.28.4 HTTP/1.1" 200 957 "https://360legaljusticehub.com/" "Mozilla/5.0 (Linux; Android 5.0) AppleWebKit/537.36 (KHTML, like Gecko) Mobile Safari/537.36 (compatible; Bytespider; spider-feedback@bytedance.com)"
47.128.115.89 - - [26/Apr/2025:09:03:42 -0400] "GET /wp-content/plugins/brave-popup-builder/assets/css/frontend.min.css?ver=6.8 HTTP/1.1" 200 7994 "https://360legaljusticehub.com/" "Mozilla/5.0 (Linux; Android 5.0) AppleWebKit/537.36 (KHTML, like Gecko) Mobile Safari/537.36 (compatible; Bytespider; spider-feedback@bytedance.com)"
47.128.115.89 - - [26/Apr/2025:09:03:42 -0400] "GET /wp-content/uploads/2024/09/home1-icon2.png HTTP/1.1" 206 500 "https://360legaljusticehub.com/" "Mozilla/5.0 (Linux; Android 5.0) AppleWebKit/537.36 (KHTML, like Gecko) Mobile Safari/537.36 (compatible; Bytespider; spider-feedback@bytedance.com)"
47.128.115.89 - - [26/Apr/2025:09:03:42 -0400] "GET /wp-content/plugins/brave-popup-builder/assets/images/preloader.png HTTP/1.1" 206 119 "https://360legaljusticehub.com/" "Mozilla/5.0 (Linux; Android 5.0) AppleWebKit/537.36 (KHTML, like Gecko) Mobile Safari/537.36 (compatible; Bytespider; spider-feedback@bytedance.com)"
47.128.115.89 - - [26/Apr/2025:09:03:42 -0400] "GET /wp-content/uploads/2024/09/home1-icon1.png HTTP/1.1" 206 500 "https://360legaljusticehub.com/" "Mozilla/5.0 (Linux; Android 5.0) AppleWebKit/537.36 (KHTML, like Gecko) Mobile Safari/537.36 (compatible; Bytespider; spider-feedback@bytedance.com)"
47.128.115.89 - - [26/Apr/2025:09:03:42 -0400] "GET /wp-content/uploads/2024/09/2147852066-compressed.jpg HTTP/1.1" 206 500 "https://360legaljusticehub.com/wp-content/uploads/elementor/css/post-15.css?ver=1744766852" "Mozilla/5.0 (Linux; Android 5.0) AppleWebKit/537.36 (KHTML, like Gecko) Mobile Safari/537.36 (compatible; Bytespider; spider-feedback@bytedance.com)"
