119.73.116.222 - - [27/Apr/2025:07:06:30 -0400] "GET /wp-content/plugins/WP%20PROTECTION/custom-script.js HTTP/1.1" 404 19397 "https://aiqaderm.com/product/aiqa-grow-hair-shampoo/" "Mozilla/5.0 (Linux; Android 10; K) AppleWebKit/537.36 (KHTML, like Gecko) Chrome/135.0.0.0 Mobile Safari/537.36"
119.73.116.222 - - [27/Apr/2025:07:06:30 -0400] "GET /wp-content/plugins/medibazar-core//js/custom/social_share.js?ver=1.0 HTTP/1.1" 200 101 "https://aiqaderm.com/product/aiqa-grow-hair-shampoo/" "Mozilla/5.0 (Linux; Android 10; K) AppleWebKit/537.36 (KHTML, like Gecko) Chrome/135.0.0.0 Mobile Safari/537.36"
119.73.116.222 - - [27/Apr/2025:07:06:30 -0400] "GET /wp-content/plugins/medibazar-core//js/jquery-socialshare.js?ver=1.0 HTTP/1.1" 200 3812 "https://aiqaderm.com/product/aiqa-grow-hair-shampoo/" "Mozilla/5.0 (Linux; Android 10; K) AppleWebKit/537.36 (KHTML, like Gecko) Chrome/135.0.0.0 Mobile Safari/537.36"
119.73.116.222 - - [27/Apr/2025:07:06:30 -0400] "GET /wp-content/themes/medibazar/assets/js//custom/plus_minus.js?ver=1.0 HTTP/1.1" 200 487 "https://aiqaderm.com/product/aiqa-grow-hair-shampoo/" "Mozilla/5.0 (Linux; Android 10; K) AppleWebKit/537.36 (KHTML, like Gecko) Chrome/135.0.0.0 Mobile Safari/537.36"
119.73.116.222 - - [27/Apr/2025:07:06:30 -0400] "GET /wp-content/plugins/woocommerce/assets/js/flexslider/jquery.flexslider.min.js?ver=2.7.2-wc.9.8.2 HTTP/1.1" 200 6017 "https://aiqaderm.com/product/aiqa-grow-hair-shampoo/" "Mozilla/5.0 (Linux; Android 10; K) AppleWebKit/537.36 (KHTML, like Gecko) Chrome/135.0.0.0 Mobile Safari/537.36"
119.73.116.222 - - [27/Apr/2025:07:06:30 -0400] "GET /wp-content/plugins/woocommerce/assets/js/photoswipe/photoswipe.min.js?ver=4.1.1-wc.9.8.2 HTTP/1.1" 200 11652 "https://aiqaderm.com/product/aiqa-grow-hair-shampoo/" "Mozilla/5.0 (Linux; Android 10; K) AppleWebKit/537.36 (KHTML, like Gecko) Chrome/135.0.0.0 Mobile Safari/537.36"
119.73.116.222 - - [27/Apr/2025:07:06:30 -0400] "GET /wp-content/plugins/woocommerce/assets/js/photoswipe/photoswipe-ui-default.min.js?ver=4.1.1-wc.9.8.2 HTTP/1.1" 200 3478 "https://aiqaderm.com/product/aiqa-grow-hair-shampoo/" "Mozilla/5.0 (Linux; Android 10; K) AppleWebKit/537.36 (KHTML, like Gecko) Chrome/135.0.0.0 Mobile Safari/537.36"
119.73.116.222 - - [27/Apr/2025:07:06:30 -0400] "GET /wp-content/uploads/2020/09/7.png HTTP/1.1" 200 212598 "https://aiqaderm.com/product/aiqa-grow-hair-shampoo/" "Mozilla/5.0 (Linux; Android 10; K) AppleWebKit/537.36 (KHTML, like Gecko) Chrome/135.0.0.0 Mobile Safari/537.36"
119.73.116.222 - - [27/Apr/2025:07:06:30 -0400] "GET /wp-includes/js/comment-reply.min.js?ver=6.8 HTTP/1.1" 200 1247 "https://aiqaderm.com/product/aiqa-grow-hair-shampoo/" "Mozilla/5.0 (Linux; Android 10; K) AppleWebKit/537.36 (KHTML, like Gecko) Chrome/135.0.0.0 Mobile Safari/537.36"
119.73.116.222 - - [27/Apr/2025:07:06:30 -0400] "GET /wp-content/plugins/woocommerce/assets/js/frontend/single-product.min.js?ver=9.8.2 HTTP/1.1" 200 2539 "https://aiqaderm.com/product/aiqa-grow-hair-shampoo/" "Mozilla/5.0 (Linux; Android 10; K) AppleWebKit/537.36 (KHTML, like Gecko) Chrome/135.0.0.0 Mobile Safari/537.36"
119.73.116.222 - - [27/Apr/2025:07:06:30 -0400] "GET /wp-content/themes/medibazar/assets/css/fonts/CerebriSans-Heavy.woff2 HTTP/1.1" 200 26968 "https://aiqaderm.com/wp-content/themes/medibazar/assets/css//main.css?ver=1.0" "Mozilla/5.0 (Linux; Android 10; K) AppleWebKit/537.36 (KHTML, like Gecko) Chrome/135.0.0.0 Mobile Safari/537.36"
66.29.132.124 - - [27/Apr/2025:07:07:12 -0400] "POST /wp-cron.php?doing_wp_cron=1745752032.9448781013488769531250 HTTP/1.1" 200 0 "-" "WordPress/6.8; https://aiqaderm.com"
119.73.116.222 - - [27/Apr/2025:07:07:12 -0400] "POST /product/aiqa-grow-hair-shampoo/ HTTP/1.1" 200 24800 "https://aiqaderm.com/product/aiqa-grow-hair-shampoo/" "Mozilla/5.0 (Linux; Android 10; K) AppleWebKit/537.36 (KHTML, like Gecko) Chrome/135.0.0.0 Mobile Safari/537.36"
119.73.116.222 - - [27/Apr/2025:07:07:14 -0400] "GET /wp-content/plugins/WP%20PROTECTION/custom-script.js HTTP/1.1" 404 19397 "https://aiqaderm.com/product/aiqa-grow-hair-shampoo/" "Mozilla/5.0 (Linux; Android 10; K) AppleWebKit/537.36 (KHTML, like Gecko) Chrome/135.0.0.0 Mobile Safari/537.36"
66.29.132.124 - - [27/Apr/2025:07:07:13 -0400] "POST /wp-admin/admin-ajax.php?action=async_litespeed&nonce=UNB0VfGyOsLEf3fDYYyIytM0DOO7PbMp&litespeed_type=imgoptm HTTP/1.1" 200 21 "-" "WordPress/6.8; https://aiqaderm.com"
119.73.116.222 - - [27/Apr/2025:07:07:14 -0400] "POST /?wc-ajax=get_refreshed_fragments HTTP/1.1" 200 6645 "https://aiqaderm.com/product/aiqa-grow-hair-shampoo/" "Mozilla/5.0 (Linux; Android 10; K) AppleWebKit/537.36 (KHTML, like Gecko) Chrome/135.0.0.0 Mobile Safari/537.36"
66.29.132.124 - - [27/Apr/2025:07:07:31 -0400] "POST /wp-cron.php?doing_wp_cron=1745752051.8771450519561767578125 HTTP/1.1" 200 0 "-" "WordPress/6.8; https://aiqaderm.com"
119.73.116.222 - - [27/Apr/2025:07:07:31 -0400] "GET /cart-2/ HTTP/1.1" 200 23109 "https://aiqaderm.com/product/aiqa-grow-hair-shampoo/" "Mozilla/5.0 (Linux; Android 10; K) AppleWebKit/537.36 (KHTML, like Gecko) Chrome/135.0.0.0 Mobile Safari/537.36"
66.29.132.124 - - [27/Apr/2025:07:07:32 -0400] "POST /wp-admin/admin-ajax.php?action=async_litespeed&nonce=ZylIyA1Rt393p1bxcJ6IrRpHXrEGPT5r&litespeed_type=imgoptm HTTP/1.1" 200 21 "-" "WordPress/6.8; https://aiqaderm.com"
52.167.144.207 - - [27/Apr/2025:07:07:32 -0400] "GET /product/cool-aiq-lotion/ HTTP/1.1" 200 24507 "-" "Mozilla/5.0 AppleWebKit/537.36 (KHTML, like Gecko; compatible; bingbot/2.0; +http://www.bing.com/bingbot.htm) Chrome/116.0.1938.76 Safari/537.36"
119.73.116.222 - - [27/Apr/2025:07:07:32 -0400] "GET /wp-content/plugins/woocommerce/assets/css/select2.css?ver=9.8.2 HTTP/1.1" 200 1737 "https://aiqaderm.com/cart-2/" "Mozilla/5.0 (Linux; Android 10; K) AppleWebKit/537.36 (KHTML, like Gecko) Chrome/135.0.0.0 Mobile Safari/537.36"
119.73.116.222 - - [27/Apr/2025:07:07:32 -0400] "GET /wp-content/plugins/WP%20PROTECTION/custom-script.js HTTP/1.1" 404 19397 "https://aiqaderm.com/cart-2/" "Mozilla/5.0 (Linux; Android 10; K) AppleWebKit/537.36 (KHTML, like Gecko) Chrome/135.0.0.0 Mobile Safari/537.36"
119.73.116.222 - - [27/Apr/2025:07:07:33 -0400] "GET /wp-content/plugins/woocommerce/assets/js/selectWoo/selectWoo.full.min.js?ver=1.0.9-wc.9.8.2 HTTP/1.1" 200 20246 "https://aiqaderm.com/cart-2/" "Mozilla/5.0 (Linux; Android 10; K) AppleWebKit/537.36 (KHTML, like Gecko) Chrome/135.0.0.0 Mobile Safari/537.36"
119.73.116.222 - - [27/Apr/2025:07:07:33 -0400] "GET /wp-content/plugins/woocommerce/assets/js/frontend/cart.min.js?ver=9.8.2 HTTP/1.1" 200 2233 "https://aiqaderm.com/cart-2/" "Mozilla/5.0 (Linux; Android 10; K) AppleWebKit/537.36 (KHTML, like Gecko) Chrome/135.0.0.0 Mobile Safari/537.36"
119.73.116.222 - - [27/Apr/2025:07:07:33 -0400] "GET /wp-content/plugins/woocommerce/assets/js/frontend/address-i18n.min.js?ver=9.8.2 HTTP/1.1" 200 874 "https://aiqaderm.com/cart-2/" "Mozilla/5.0 (Linux; Android 10; K) AppleWebKit/537.36 (KHTML, like Gecko) Chrome/135.0.0.0 Mobile Safari/537.36"
66.29.132.124 - - [27/Apr/2025:07:08:55 -0400] "POST /wp-cron.php?doing_wp_cron=1745752135.5261669158935546875000 HTTP/1.1" 200 0 "-" "WordPress/6.8; https://aiqaderm.com"
119.73.116.222 - - [27/Apr/2025:07:08:55 -0400] "GET /checkout-2/ HTTP/1.1" 200 24317 "https://aiqaderm.com/cart-2/" "Mozilla/5.0 (Linux; Android 10; K) AppleWebKit/537.36 (KHTML, like Gecko) Chrome/135.0.0.0 Mobile Safari/537.36"
119.73.116.222 - - [27/Apr/2025:07:08:56 -0400] "GET /wp-content/plugins/WP%20PROTECTION/custom-script.js HTTP/1.1" 404 19397 "https://aiqaderm.com/checkout-2/" "Mozilla/5.0 (Linux; Android 10; K) AppleWebKit/537.36 (KHTML, like Gecko) Chrome/135.0.0.0 Mobile Safari/537.36"
119.73.116.222 - - [27/Apr/2025:07:08:56 -0400] "GET /wp-content/plugins/woocommerce/assets/js/frontend/checkout.min.js?ver=9.8.2 HTTP/1.1" 200 4368 "https://aiqaderm.com/checkout-2/" "Mozilla/5.0 (Linux; Android 10; K) AppleWebKit/537.36 (KHTML, like Gecko) Chrome/135.0.0.0 Mobile Safari/537.36"
119.73.116.222 - - [27/Apr/2025:07:08:57 -0400] "POST /?wc-ajax=update_order_review HTTP/1.1" 200 3960 "https://aiqaderm.com/checkout-2/" "Mozilla/5.0 (Linux; Android 10; K) AppleWebKit/537.36 (KHTML, like Gecko) Chrome/135.0.0.0 Mobile Safari/537.36"
119.73.116.222 - - [27/Apr/2025:07:09:20 -0400] "GET /cart-2/ HTTP/1.1" 200 23068 "https://aiqaderm.com/product/aiqa-grow-hair-shampoo/" "Mozilla/5.0 (Linux; Android 10; K) AppleWebKit/537.36 (KHTML, like Gecko) Chrome/135.0.0.0 Mobile Safari/537.36"
119.73.116.222 - - [27/Apr/2025:07:09:22 -0400] "GET /wp-content/plugins/WP%20PROTECTION/custom-script.js HTTP/1.1" 404 19397 "https://aiqaderm.com/cart-2/" "Mozilla/5.0 (Linux; Android 10; K) AppleWebKit/537.36 (KHTML, like Gecko) Chrome/135.0.0.0 Mobile Safari/537.36"
66.29.132.124 - - [27/Apr/2025:07:09:54 -0400] "POST /wp-cron.php?doing_wp_cron=1745752194.1403338909149169921875 HTTP/1.1" 200 0 "-" "WordPress/6.8; https://aiqaderm.com"
119.73.116.222 - - [27/Apr/2025:07:09:53 -0400] "GET /cart-2/ HTTP/1.1" 200 23068 "https://aiqaderm.com/product/aiqa-grow-hair-shampoo/" "Mozilla/5.0 (Linux; Android 10; K) AppleWebKit/537.36 (KHTML, like Gecko) Chrome/135.0.0.0 Mobile Safari/537.36"
66.29.132.124 - - [27/Apr/2025:07:09:54 -0400] "POST /wp-admin/admin-ajax.php?action=async_litespeed&nonce=xh12wna9byHE83qBcQpikWnKaidIUzKs&litespeed_type=imgoptm HTTP/1.1" 200 21 "-" "WordPress/6.8; https://aiqaderm.com"
119.73.116.222 - - [27/Apr/2025:07:09:55 -0400] "GET /wp-content/plugins/WP%20PROTECTION/custom-script.js HTTP/1.1" 404 19397 "https://aiqaderm.com/cart-2/" "Mozilla/5.0 (Linux; Android 10; K) AppleWebKit/537.36 (KHTML, like Gecko) Chrome/135.0.0.0 Mobile Safari/537.36"
119.73.116.222 - - [27/Apr/2025:07:10:14 -0400] "GET /cart-2/?remove_item=32b30a250abd6331e03a2a1f16466346&_wpnonce=3e1acad101 HTTP/1.1" 302 0 "https://aiqaderm.com/cart-2/" "Mozilla/5.0 (Linux; Android 10; K) AppleWebKit/537.36 (KHTML, like Gecko) Chrome/135.0.0.0 Mobile Safari/537.36"
119.73.116.222 - - [27/Apr/2025:07:10:15 -0400] "GET /cart-2/?removed_item=1 HTTP/1.1" 200 20918 "https://aiqaderm.com/cart-2/" "Mozilla/5.0 (Linux; Android 10; K) AppleWebKit/537.36 (KHTML, like Gecko) Chrome/135.0.0.0 Mobile Safari/537.36"
119.73.116.222 - - [27/Apr/2025:07:10:17 -0400] "POST /?wc-ajax=get_refreshed_fragments HTTP/1.1" 200 493 "https://aiqaderm.com/cart-2/" "Mozilla/5.0 (Linux; Android 10; K) AppleWebKit/537.36 (KHTML, like Gecko) Chrome/135.0.0.0 Mobile Safari/537.36"
119.73.116.222 - - [27/Apr/2025:07:10:25 -0400] "GET /cart-2/?undo_item=32b30a250abd6331e03a2a1f16466346&_wpnonce=3e1acad101 HTTP/1.1" 302 0 "https://aiqaderm.com/cart-2/" "Mozilla/5.0 (Linux; Android 10; K) AppleWebKit/537.36 (KHTML, like Gecko) Chrome/135.0.0.0 Mobile Safari/537.36"
119.73.116.222 - - [27/Apr/2025:07:10:26 -0400] "GET /cart-2/?undo_item=32b30a250abd6331e03a2a1f16466346&_wpnonce=3e1acad101 HTTP/1.1" 302 0 "https://aiqaderm.com/cart-2/" "Mozilla/5.0 (Linux; Android 10; K) AppleWebKit/537.36 (KHTML, like Gecko) Chrome/135.0.0.0 Mobile Safari/537.36"
66.29.132.124 - - [27/Apr/2025:07:10:27 -0400] "POST /wp-cron.php?doing_wp_cron=1745752227.2907879352569580078125 HTTP/1.1" 200 0 "-" "WordPress/6.8; https://aiqaderm.com"
119.73.116.222 - - [27/Apr/2025:07:10:26 -0400] "GET /cart-2/ HTTP/1.1" 200 23071 "https://aiqaderm.com/cart-2/" "Mozilla/5.0 (Linux; Android 10; K) AppleWebKit/537.36 (KHTML, like Gecko) Chrome/135.0.0.0 Mobile Safari/537.36"
66.29.132.124 - - [27/Apr/2025:07:10:27 -0400] "POST /wp-admin/admin-ajax.php?action=async_litespeed&nonce=URYpjX2sh9quzT70HNJ70lt8WkUEBzwZ&litespeed_type=imgoptm HTTP/1.1" 200 21 "-" "WordPress/6.8; https://aiqaderm.com"
119.73.116.222 - - [27/Apr/2025:07:10:28 -0400] "GET /cart-2/ HTTP/1.1" 200 23066 "https://aiqaderm.com/cart-2/" "Mozilla/5.0 (Linux; Android 10; K) AppleWebKit/537.36 (KHTML, like Gecko) Chrome/135.0.0.0 Mobile Safari/537.36"
119.73.116.222 - - [27/Apr/2025:07:10:29 -0400] "GET /cart-2/ HTTP/1.1" 200 0 "https://aiqaderm.com/cart-2/" "Mozilla/5.0 (Linux; Android 10; K) AppleWebKit/537.36 (KHTML, like Gecko) Chrome/135.0.0.0 Mobile Safari/537.36"
119.73.116.222 - - [27/Apr/2025:07:10:29 -0400] "GET /cart-2/ HTTP/1.1" 200 23067 "https://aiqaderm.com/cart-2/" "Mozilla/5.0 (Linux; Android 10; K) AppleWebKit/537.36 (KHTML, like Gecko) Chrome/135.0.0.0 Mobile Safari/537.36"
119.73.116.222 - - [27/Apr/2025:07:10:31 -0400] "GET /wp-content/plugins/WP%20PROTECTION/custom-script.js HTTP/1.1" 404 19397 "https://aiqaderm.com/cart-2/" "Mozilla/5.0 (Linux; Android 10; K) AppleWebKit/537.36 (KHTML, like Gecko) Chrome/135.0.0.0 Mobile Safari/537.36"
119.73.116.222 - - [27/Apr/2025:07:10:31 -0400] "POST /?wc-ajax=get_refreshed_fragments HTTP/1.1" 200 6649 "https://aiqaderm.com/cart-2/" "Mozilla/5.0 (Linux; Android 10; K) AppleWebKit/537.36 (KHTML, like Gecko) Chrome/135.0.0.0 Mobile Safari/537.36"
119.73.116.222 - - [27/Apr/2025:07:10:37 -0400] "GET /cart-2/?remove_item=32b30a250abd6331e03a2a1f16466346&_wpnonce=3e1acad101 HTTP/1.1" 302 0 "https://aiqaderm.com/cart-2/" "Mozilla/5.0 (Linux; Android 10; K) AppleWebKit/537.36 (KHTML, like Gecko) Chrome/135.0.0.0 Mobile Safari/537.36"
119.73.116.222 - - [27/Apr/2025:07:10:38 -0400] "GET /cart-2/?removed_item=1 HTTP/1.1" 200 20918 "https://aiqaderm.com/cart-2/" "Mozilla/5.0 (Linux; Android 10; K) AppleWebKit/537.36 (KHTML, like Gecko) Chrome/135.0.0.0 Mobile Safari/537.36"
119.73.116.222 - - [27/Apr/2025:07:10:40 -0400] "POST /?wc-ajax=get_refreshed_fragments HTTP/1.1" 200 493 "https://aiqaderm.com/cart-2/" "Mozilla/5.0 (Linux; Android 10; K) AppleWebKit/537.36 (KHTML, like Gecko) Chrome/135.0.0.0 Mobile Safari/537.36"
119.73.116.222 - - [27/Apr/2025:07:10:43 -0400] "GET /shop-2/ HTTP/1.1" 200 22720 "https://aiqaderm.com/cart-2/" "Mozilla/5.0 (Linux; Android 10; K) AppleWebKit/537.36 (KHTML, like Gecko) Chrome/135.0.0.0 Mobile Safari/537.36"
119.73.116.222 - - [27/Apr/2025:07:10:44 -0400] "GET /wp-content/uploads/2025/01/41.png HTTP/1.1" 200 204491 "https://aiqaderm.com/shop-2/" "Mozilla/5.0 (Linux; Android 10; K) AppleWebKit/537.36 (KHTML, like Gecko) Chrome/135.0.0.0 Mobile Safari/537.36"
119.73.116.222 - - [27/Apr/2025:07:10:44 -0400] "GET /wp-content/uploads/2025/01/34.png HTTP/1.1" 200 193849 "https://aiqaderm.com/shop-2/" "Mozilla/5.0 (Linux; Android 10; K) AppleWebKit/537.36 (KHTML, like Gecko) Chrome/135.0.0.0 Mobile Safari/537.36"
119.73.116.222 - - [27/Apr/2025:07:10:44 -0400] "GET /wp-content/plugins/WP%20PROTECTION/custom-script.js HTTP/1.1" 404 19397 "https://aiqaderm.com/shop-2/" "Mozilla/5.0 (Linux; Android 10; K) AppleWebKit/537.36 (KHTML, like Gecko) Chrome/135.0.0.0 Mobile Safari/537.36"
119.73.116.222 - - [27/Apr/2025:07:10:44 -0400] "GET /wp-content/uploads/2025/01/37.png HTTP/1.1" 200 244360 "https://aiqaderm.com/shop-2/" "Mozilla/5.0 (Linux; Android 10; K) AppleWebKit/537.36 (KHTML, like Gecko) Chrome/135.0.0.0 Mobile Safari/537.36"
119.73.116.222 - - [27/Apr/2025:07:07:33 -0400] "GET /wp-content/plugins/woocommerce/assets/js/frontend/country-select.min.js?ver=9.8.2 HTTP/1.1" 200 989 "https://aiqaderm.com/cart-2/" "Mozilla/5.0 (Linux; Android 10; K) AppleWebKit/537.36 (KHTML, like Gecko) Chrome/135.0.0.0 Mobile Safari/537.36"
119.73.116.222 - - [27/Apr/2025:07:07:33 -0400] "GET /wp-content/uploads/2024/12/25-300x300.png HTTP/1.1" 200 26718 "https://aiqaderm.com/cart-2/" "Mozilla/5.0 (Linux; Android 10; K) AppleWebKit/537.36 (KHTML, like Gecko) Chrome/135.0.0.0 Mobile Safari/537.36"
119.73.116.222 - - [27/Apr/2025:07:07:59 -0400] "GET /product/aiqa-grow-hair-shampoo/ HTTP/1.1" 200 24359 "https://aiqaderm.com/product-category/hair-regrowth/" "Mozilla/5.0 (Linux; Android 10; K) AppleWebKit/537.36 (KHTML, like Gecko) Chrome/135.0.0.0 Mobile Safari/537.36"
119.73.116.222 - - [27/Apr/2025:07:08:00 -0400] "GET /wp-content/plugins/WP%20PROTECTION/custom-script.js HTTP/1.1" 404 19397 "https://aiqaderm.com/product/aiqa-grow-hair-shampoo/" "Mozilla/5.0 (Linux; Android 10; K) AppleWebKit/537.36 (KHTML, like Gecko) Chrome/135.0.0.0 Mobile Safari/537.36"
66.29.132.124 - - [27/Apr/2025:07:08:25 -0400] "POST /wp-cron.php?doing_wp_cron=1745752105.0128469467163085937500 HTTP/1.1" 200 0 "-" "WordPress/6.8; https://aiqaderm.com"
119.73.116.222 - - [27/Apr/2025:07:08:24 -0400] "POST /product/aiqa-grow-hair-shampoo/ HTTP/1.1" 200 24919 "https://aiqaderm.com/product/aiqa-grow-hair-shampoo/" "Mozilla/5.0 (Linux; Android 10; K) AppleWebKit/537.36 (KHTML, like Gecko) Chrome/135.0.0.0 Mobile Safari/537.36"
119.73.116.222 - - [27/Apr/2025:07:08:26 -0400] "GET /wp-content/plugins/WP%20PROTECTION/custom-script.js HTTP/1.1" 404 19397 "https://aiqaderm.com/product/aiqa-grow-hair-shampoo/" "Mozilla/5.0 (Linux; Android 10; K) AppleWebKit/537.36 (KHTML, like Gecko) Chrome/135.0.0.0 Mobile Safari/537.36"
119.73.116.222 - - [27/Apr/2025:07:08:26 -0400] "GET /wp-content/uploads/2024/12/13.png HTTP/1.1" 200 249022 "https://aiqaderm.com/product/aiqa-grow-hair-shampoo/" "Mozilla/5.0 (Linux; Android 10; K) AppleWebKit/537.36 (KHTML, like Gecko) Chrome/135.0.0.0 Mobile Safari/537.36"
66.29.132.124 - - [27/Apr/2025:07:08:25 -0400] "POST /wp-admin/admin-ajax.php?action=async_litespeed&nonce=Tn7C7VRzBBaEN8b19JFq0pNYOE0UKpIX&litespeed_type=imgoptm HTTP/1.1" 200 21 "-" "WordPress/6.8; https://aiqaderm.com"
119.73.116.222 - - [27/Apr/2025:07:08:26 -0400] "GET /wp-content/uploads/2020/09/2.jpg HTTP/1.1" 200 194179 "https://aiqaderm.com/product/aiqa-grow-hair-shampoo/" "Mozilla/5.0 (Linux; Android 10; K) AppleWebKit/537.36 (KHTML, like Gecko) Chrome/135.0.0.0 Mobile Safari/537.36"
119.73.116.222 - - [27/Apr/2025:07:08:26 -0400] "POST /?wc-ajax=get_refreshed_fragments HTTP/1.1" 200 6649 "https://aiqaderm.com/product/aiqa-grow-hair-shampoo/" "Mozilla/5.0 (Linux; Android 10; K) AppleWebKit/537.36 (KHTML, like Gecko) Chrome/135.0.0.0 Mobile Safari/537.36"
119.73.116.222 - - [27/Apr/2025:07:08:33 -0400] "GET /cart-2/ HTTP/1.1" 200 23069 "https://aiqaderm.com/product/aiqa-grow-hair-shampoo/" "Mozilla/5.0 (Linux; Android 10; K) AppleWebKit/537.36 (KHTML, like Gecko) Chrome/135.0.0.0 Mobile Safari/537.36"
119.73.116.222 - - [27/Apr/2025:07:08:34 -0400] "GET /wp-content/plugins/WP%20PROTECTION/custom-script.js HTTP/1.1" 404 19397 "https://aiqaderm.com/cart-2/" "Mozilla/5.0 (Linux; Android 10; K) AppleWebKit/537.36 (KHTML, like Gecko) Chrome/135.0.0.0 Mobile Safari/537.36"
119.73.116.222 - - [27/Apr/2025:07:10:44 -0400] "GET /wp-content/uploads/2025/01/AIQA-DERM-ALL-IMAGES-SQUARE-2.png HTTP/1.1" 200 192019 "https://aiqaderm.com/shop-2/" "Mozilla/5.0 (Linux; Android 10; K) AppleWebKit/537.36 (KHTML, like Gecko) Chrome/135.0.0.0 Mobile Safari/537.36"
119.73.116.222 - - [27/Apr/2025:07:10:44 -0400] "GET /wp-content/uploads/woocommerce-placeholder.png HTTP/1.1" 200 48149 "https://aiqaderm.com/shop-2/" "Mozilla/5.0 (Linux; Android 10; K) AppleWebKit/537.36 (KHTML, like Gecko) Chrome/135.0.0.0 Mobile Safari/537.36"
119.73.116.222 - - [27/Apr/2025:07:10:44 -0400] "GET /wp-content/uploads/2025/01/45.png HTTP/1.1" 200 192693 "https://aiqaderm.com/shop-2/" "Mozilla/5.0 (Linux; Android 10; K) AppleWebKit/537.36 (KHTML, like Gecko) Chrome/135.0.0.0 Mobile Safari/537.36"
119.73.116.222 - - [27/Apr/2025:07:10:44 -0400] "GET /wp-content/uploads/2025/01/35.png HTTP/1.1" 200 284890 "https://aiqaderm.com/shop-2/" "Mozilla/5.0 (Linux; Android 10; K) AppleWebKit/537.36 (KHTML, like Gecko) Chrome/135.0.0.0 Mobile Safari/537.36"
119.73.116.222 - - [27/Apr/2025:07:10:48 -0400] "GET /wp-content/uploads/2025/01/43.png HTTP/1.1" 200 216233 "https://aiqaderm.com/shop-2/" "Mozilla/5.0 (Linux; Android 10; K) AppleWebKit/537.36 (KHTML, like Gecko) Chrome/135.0.0.0 Mobile Safari/537.36"
119.73.116.222 - - [27/Apr/2025:07:10:48 -0400] "GET /wp-content/uploads/2025/01/23.png HTTP/1.1" 200 217311 "https://aiqaderm.com/shop-2/" "Mozilla/5.0 (Linux; Android 10; K) AppleWebKit/537.36 (KHTML, like Gecko) Chrome/135.0.0.0 Mobile Safari/537.36"
66.29.132.124 - - [27/Apr/2025:07:11:14 -0400] "POST /wp-cron.php?doing_wp_cron=1745752274.0375559329986572265625 HTTP/1.1" 200 0 "-" "WordPress/6.8; https://aiqaderm.com"
119.73.116.222 - - [27/Apr/2025:07:11:13 -0400] "GET /product/scabiq-lotion/ HTTP/1.1" 200 23993 "https://aiqaderm.com/shop-2/" "Mozilla/5.0 (Linux; Android 10; K) AppleWebKit/537.36 (KHTML, like Gecko) Chrome/135.0.0.0 Mobile Safari/537.36"
119.73.116.222 - - [27/Apr/2025:07:11:18 -0400] "GET /product/zolti-shampoo/ HTTP/1.1" 200 23435 "https://aiqaderm.com/shop-2/" "Mozilla/5.0 (Linux; Android 10; K) AppleWebKit/537.36 (KHTML, like Gecko) Chrome/135.0.0.0 Mobile Safari/537.36"
119.73.116.222 - - [27/Apr/2025:07:11:21 -0400] "GET /product/uv-aiq-spf-60-cream/ HTTP/1.1" 200 24418 "https://aiqaderm.com/shop-2/" "Mozilla/5.0 (Linux; Android 10; K) AppleWebKit/537.36 (KHTML, like Gecko) Chrome/135.0.0.0 Mobile Safari/537.36"
119.73.116.222 - - [27/Apr/2025:07:11:23 -0400] "GET /product/morwing-tablet/ HTTP/1.1" 200 24136 "https://aiqaderm.com/shop-2/" "Mozilla/5.0 (Linux; Android 10; K) AppleWebKit/537.36 (KHTML, like Gecko) Chrome/135.0.0.0 Mobile Safari/537.36"
119.73.116.222 - - [27/Apr/2025:07:11:24 -0400] "GET /product/milex-ha-serum/ HTTP/1.1" 200 24626 "https://aiqaderm.com/shop-2/" "Mozilla/5.0 (Linux; Android 10; K) AppleWebKit/537.36 (KHTML, like Gecko) Chrome/135.0.0.0 Mobile Safari/537.36"
119.73.116.222 - - [27/Apr/2025:07:11:25 -0400] "GET /product/uv-aiq-sc-gel/ HTTP/1.1" 200 23971 "https://aiqaderm.com/shop-2/" "Mozilla/5.0 (Linux; Android 10; K) AppleWebKit/537.36 (KHTML, like Gecko) Chrome/135.0.0.0 Mobile Safari/537.36"
66.29.132.124 - - [27/Apr/2025:07:11:31 -0400] "POST /wp-cron.php?doing_wp_cron=1745752291.7355868816375732421875 HTTP/1.1" 200 0 "-" "WordPress/6.8; https://aiqaderm.com"
119.73.116.222 - - [27/Apr/2025:07:11:31 -0400] "GET /cart-2/ HTTP/1.1" 200 0 "https://aiqaderm.com/cart-2/" "Mozilla/5.0 (Linux; Android 10; K) AppleWebKit/537.36 (KHTML, like Gecko) Chrome/135.0.0.0 Mobile Safari/537.36"
119.73.116.222 - - [27/Apr/2025:07:11:32 -0400] "GET /product/aiqa-grow-hair-shampoo/ HTTP/1.1" 200 24359 "https://aiqaderm.com/product-category/hair-regrowth/" "Mozilla/5.0 (Linux; Android 10; K) AppleWebKit/537.36 (KHTML, like Gecko) Chrome/135.0.0.0 Mobile Safari/537.36"
66.29.132.124 - - [27/Apr/2025:07:11:33 -0400] "POST /wp-admin/admin-ajax.php?action=async_litespeed&nonce=IvUXND2t8X0iMXld36S3dw5OYNf6QslN&litespeed_type=imgoptm HTTP/1.1" 200 21 "-" "WordPress/6.8; https://aiqaderm.com"
119.73.116.222 - - [27/Apr/2025:07:11:33 -0400] "GET /wp-content/plugins/WP%20PROTECTION/custom-script.js HTTP/1.1" 404 19397 "https://aiqaderm.com/product/aiqa-grow-hair-shampoo/" "Mozilla/5.0 (Linux; Android 10; K) AppleWebKit/537.36 (KHTML, like Gecko) Chrome/135.0.0.0 Mobile Safari/537.36"
119.73.116.222 - - [27/Apr/2025:07:11:34 -0400] "POST /?wc-ajax=get_refreshed_fragments HTTP/1.1" 200 493 "https://aiqaderm.com/product-category/hair-regrowth/" "Mozilla/5.0 (Linux; Android 10; K) AppleWebKit/537.36 (KHTML, like Gecko) Chrome/135.0.0.0 Mobile Safari/537.36"
88.214.48.42 - - [27/Apr/2025:07:40:04 -0400] "POST /wp-content/themes/cleaner/wp-config-sample.php HTTP/1.1" 200 61 "-" "Mozilla/5.0 (Macintosh; Intel Mac OS X 10_15_7) AppleWebKit/537.36 (KHTML, like Gecko) Chrome/120.0.0.0 Safari/537.36"
88.214.48.42 - - [27/Apr/2025:07:40:05 -0400] "POST /wp-content/themes/cleaner/wp-config-sample.php HTTP/1.1" 200 41 "-" "Mozilla/5.0 (Macintosh; Intel Mac OS X 10_15_7) AppleWebKit/537.36 (KHTML, like Gecko) Chrome/120.0.0.0 Safari/537.36"
66.29.132.124 - - [27/Apr/2025:08:34:28 -0400] "POST /wp-cron.php?doing_wp_cron=1745757268.4478490352630615234375 HTTP/1.1" 200 0 "-" "WordPress/6.8; https://aiqaderm.com"
57.141.4.15 - - [27/Apr/2025:08:34:17 -0400] "GET /wp-json/wp/v2/product/892 HTTP/1.1" 200 2755 "-" "meta-externalagent/1.1 (+https://developers.facebook.com/docs/sharing/webmasters/crawler)"
66.29.132.124 - - [27/Apr/2025:08:34:30 -0400] "POST /wp-admin/admin-ajax.php?action=async_litespeed&nonce=lMe8fnlJGOu3wBt5V7vBUBfIA2oq2gih&litespeed_type=imgoptm HTTP/1.1" 200 0 "-" "WordPress/6.8; https://aiqaderm.com"
66.29.132.124 - - [27/Apr/2025:08:35:18 -0400] "POST /wp-cron.php?doing_wp_cron=1745757318.2644159793853759765625 HTTP/1.1" 200 0 "-" "WordPress/6.8; https://aiqaderm.com"
152.53.67.47 - - [27/Apr/2025:08:35:17 -0400] "POST /xmlrpc.php HTTP/1.1" 200 403 "-" "Mozilla/5.0 (Windows NT 6.1; WOW64; rv:40.0) Gecko/20100101 Firefox/40.1"
188.165.192.229 - - [27/Apr/2025:08:35:20 -0400] "POST /xmlrpc.php HTTP/1.1" 200 403 "-" "Mozilla/5.0 (Windows NT 10.0; Win64; x64) AppleWebKit/537.36 (KHTML, like Gecko) Chrome/74.0.3729.131 Safari/537.36"
193.37.145.68 - - [27/Apr/2025:08:35:22 -0400] "POST /xmlrpc.php HTTP/1.1" 200 403 "-" "Mozilla/5.0 (Linux; Android 10; SM-N960U) AppleWebKit/537.36 (KHTML, like Gecko) Chrome/91.0.4472.114 Mobile Safari/537.36"
66.29.132.124 - - [27/Apr/2025:08:35:30 -0400] "POST /wp-cron.php?doing_wp_cron=1745757330.9549710750579833984375 HTTP/1.1" 200 0 "-" "WordPress/6.8; https://aiqaderm.com"
51.77.52.109 - - [27/Apr/2025:08:35:30 -0400] "POST /xmlrpc.php HTTP/1.1" 200 403 "-" "Mozilla/5.0 (Windows NT 5.1; rv:36.0) Gecko/20100101 Firefox/36.0"
95.216.187.215 - - [27/Apr/2025:08:35:30 -0400] "POST /xmlrpc.php HTTP/1.1" 200 403 "-" "Mozilla/5.0 (Windows NT 6.1; WOW64; rv:50.0) Gecko/20100101 Firefox/50.0"
66.29.132.124 - - [27/Apr/2025:08:35:31 -0400] "POST /wp-admin/admin-ajax.php?action=async_litespeed&nonce=JEUHHMGKMMIJB3eEeSQn3Nk4ddnG3QiJ&litespeed_type=imgoptm HTTP/1.1" 200 21 "-" "WordPress/6.8; https://aiqaderm.com"
68.183.24.180 - - [27/Apr/2025:08:35:35 -0400] "POST /xmlrpc.php HTTP/1.1" 200 403 "-" "Mozilla/5.0 (Windows NT 10.0) AppleWebKit/537.36 (KHTML, like Gecko) Chrome/91.0.4472.114 Safari/537.36"
66.29.132.124 - - [27/Apr/2025:08:36:03 -0400] "POST /wp-cron.php?doing_wp_cron=1745757363.6724619865417480468750 HTTP/1.1" 200 0 "-" "WordPress/6.8; https://aiqaderm.com"
51.77.52.109 - - [27/Apr/2025:08:36:03 -0400] "POST /xmlrpc.php HTTP/1.1" 200 403 "-" "Mozilla/5.0 (Windows NT 6.0; rv:34.0) Gecko/20100101 Firefox/34.0"
52.167.144.172 - - [27/Apr/2025:08:38:20 -0400] "GET /product/bremiq-acne-serum/ HTTP/1.1" 200 24275 "-" "Mozilla/5.0 AppleWebKit/537.36 (KHTML, like Gecko; compatible; bingbot/2.0; +http://www.bing.com/bingbot.htm) Chrome/116.0.1938.76 Safari/537.36"
66.29.132.124 - - [27/Apr/2025:08:38:34 -0400] "POST /wp-cron.php?doing_wp_cron=1745757514.2453339099884033203125 HTTP/1.1" 200 0 "-" "WordPress/6.8; https://aiqaderm.com"
182.188.106.114 - - [27/Apr/2025:08:38:31 -0400] "GET /wp-content/plugins/WP%20PROTECTION/custom-script.js HTTP/1.1" 404 19395 "https://aiqaderm.com/product-category/antioxidant-immunity-booster/" "Mozilla/5.0 (Linux; Android 10; K) AppleWebKit/537.36 (KHTML, like Gecko) Chrome/135.0.0.0 Safari/537.36"
66.29.132.124 - - [27/Apr/2025:08:38:34 -0400] "POST /wp-admin/admin-ajax.php?action=async_litespeed&nonce=C0LnLC6gzzOw3zp4rYKTlF1XWBanf1Az&litespeed_type=imgoptm HTTP/1.1" 200 21 "-" "WordPress/6.8; https://aiqaderm.com"
182.188.106.114 - - [27/Apr/2025:08:38:35 -0400] "POST /?wc-ajax=get_refreshed_fragments HTTP/1.1" 200 493 "https://aiqaderm.com/product-category/antioxidant-immunity-booster/" "Mozilla/5.0 (Linux; Android 10; K) AppleWebKit/537.36 (KHTML, like Gecko) Chrome/135.0.0.0 Safari/537.36"
88.216.68.53 - - [27/Apr/2025:08:59:08 -0400] "GET /.git/config HTTP/1.1" 403 1242 "-" "Mozilla/5.0 (Macintosh; Intel Mac OS X 10_15_7) AppleWebKit/605.1.15 (KHTML, like Gecko) Version/17.3.1 Safari/605.1.1\x0920.51"
35.233.142.223 - - [27/Apr/2025:08:59:38 -0400] "GET /robots.txt HTTP/1.1" 200 158 "-" "python-requests/2.22.0"
66.29.132.124 - - [27/Apr/2025:09:16:52 -0400] "POST /wp-cron.php?doing_wp_cron=1745759811.9709448814392089843750 HTTP/1.1" 200 0 "-" "WordPress/6.8; https://aiqaderm.com"
87.236.176.175 - - [27/Apr/2025:09:16:44 -0400] "GET / HTTP/1.1" 500 17512 "-" "Mozilla/5.0 (compatible; InternetMeasurement/1.0; +https://internet-measurement.com/)"
66.29.132.124 - - [27/Apr/2025:09:16:52 -0400] "POST /wp-admin/admin-ajax.php?action=async_litespeed&nonce=Lf5AI7JPmy9ZN7jyTXxh2z3FBXveqE2s&litespeed_type=imgoptm HTTP/1.1" 200 0 "-" "WordPress/6.8; https://aiqaderm.com"
185.247.137.203 - - [27/Apr/2025:09:16:54 -0400] "GET /wp-content/uploads/2024/12/cropped-png-icon-aiqa-1-32x32.png HTTP/1.1" 200 1088 "-" "Mozilla/5.0 (compatible; InternetMeasurement/1.0; +https://internet-measurement.com/)"
87.236.176.8 - - [27/Apr/2025:09:16:54 -0400] "GET /wp-content/uploads/2024/12/cropped-png-icon-aiqa-1-192x192.png HTTP/1.1" 200 13784 "-" "Mozilla/5.0 (compatible; InternetMeasurement/1.0; +https://internet-measurement.com/)"
87.236.176.170 - - [27/Apr/2025:09:16:54 -0400] "GET /wp-content/uploads/2024/12/cropped-png-icon-aiqa-1-270x270.png HTTP/1.1" 200 22693 "-" "Mozilla/5.0 (compatible; InternetMeasurement/1.0; +https://internet-measurement.com/)"
87.236.176.37 - - [27/Apr/2025:09:16:54 -0400] "GET /wp-content/uploads/2024/12/cropped-png-icon-aiqa-1-180x180.png HTTP/1.1" 200 12688 "-" "Mozilla/5.0 (compatible; InternetMeasurement/1.0; +https://internet-measurement.com/)"
185.191.171.14 - - [27/Apr/2025:09:25:29 -0400] "GET /robots.txt HTTP/1.1" 200 158 "-" "Mozilla/5.0 (compatible; SemrushBot/7~bl; +http://www.semrush.com/bot.html)"
85.208.96.200 - - [27/Apr/2025:09:25:30 -0400] "GET /product/milex-ha-serum/ HTTP/1.1" 200 28439 "-" "Mozilla/5.0 (compatible; SemrushBot/7~bl; +http://www.semrush.com/bot.html)"
66.29.132.124 - - [27/Apr/2025:09:41:51 -0400] "POST /wp-cron.php?doing_wp_cron=1745761311.5169389247894287109375 HTTP/1.1" 200 0 "-" "WordPress/6.8; https://aiqaderm.com"
66.29.132.124 - - [27/Apr/2025:09:41:52 -0400] "POST /wp-admin/admin-ajax.php?action=async_litespeed&nonce=Mr3nZg2LGoUIPozXJcaqPlfWwtig80TX&litespeed_type=imgoptm HTTP/1.1" 200 0 "-" "WordPress/6.8; https://aiqaderm.com"
43.135.130.202 - - [27/Apr/2025:09:41:45 -0400] "GET / HTTP/1.1" 500 17512 "http://aiqaderm.com" "Mozilla/5.0 (iPhone; CPU iPhone OS 13_2_3 like Mac OS X) AppleWebKit/605.1.15 (KHTML, like Gecko) Version/13.0.3 Mobile/15E148 Safari/604.1"
66.29.132.124 - - [27/Apr/2025:09:55:19 -0400] "POST /wp-cron.php?doing_wp_cron=1745762119.3870360851287841796875 HTTP/1.1" 200 0 "-" "WordPress/6.8; https://aiqaderm.com"
88.214.48.42 - - [27/Apr/2025:09:55:14 -0400] "GET / HTTP/1.1" 500 17512 "-" "Mozilla/5.0 (Macintosh; Intel Mac OS X 10_15_7) AppleWebKit/537.36 (KHTML, like Gecko) Chrome/120.0.0.0 Safari/537.36"
66.29.132.124 - - [27/Apr/2025:09:55:20 -0400] "POST /wp-admin/admin-ajax.php?action=async_litespeed&nonce=bqujFyrFwqpVaDS3MhHvqgxAFeaeHnRD&litespeed_type=imgoptm HTTP/1.1" 200 0 "-" "WordPress/6.8; https://aiqaderm.com"
66.29.132.124 - - [27/Apr/2025:10:09:25 -0400] "POST /wp-cron.php?doing_wp_cron=1745762965.4167299270629882812500 HTTP/1.1" 200 0 "-" "WordPress/6.8; https://aiqaderm.com"
43.166.251.233 - - [27/Apr/2025:10:09:16 -0400] "GET / HTTP/1.1" 301 0 "http://www.aiqaderm.com" "Mozilla/5.0 (iPhone; CPU iPhone OS 13_2_3 like Mac OS X) AppleWebKit/605.1.15 (KHTML, like Gecko) Version/13.0.3 Mobile/15E148 Safari/604.1"
66.29.132.124 - - [27/Apr/2025:10:09:26 -0400] "POST /wp-admin/admin-ajax.php?action=async_litespeed&nonce=d4hxPIJq5KfkTjodsNE4TywMXsUP1E6G&litespeed_type=imgoptm HTTP/1.1" 200 0 "-" "WordPress/6.8; https://aiqaderm.com"
43.166.251.233 - - [27/Apr/2025:10:09:30 -0400] "GET / HTTP/1.1" 500 17505 "https://www.aiqaderm.com/" "Mozilla/5.0 (iPhone; CPU iPhone OS 13_2_3 like Mac OS X) AppleWebKit/605.1.15 (KHTML, like Gecko) Version/13.0.3 Mobile/15E148 Safari/604.1"
66.29.132.124 - - [27/Apr/2025:10:30:22 -0400] "POST /wp-cron.php?doing_wp_cron=1745764222.7300350666046142578125 HTTP/1.1" 200 0 "-" "WordPress/6.8; https://aiqaderm.com"
185.147.125.18 - - [27/Apr/2025:10:30:16 -0400] "GET / HTTP/1.0" 500 59578 "https://aiqaderm.com/" "Mozilla/5.0 (Windows NT 10.0; Win64; x64) AppleWebKit/537.36 (KHTML, like Gecko) Chrome/130.0.0.0 Safari/537.36"
66.29.132.124 - - [27/Apr/2025:10:30:23 -0400] "POST /wp-admin/admin-ajax.php?action=async_litespeed&nonce=RL9363amSM8kMeYDda9CXFXQ1lVB5px5&litespeed_type=imgoptm HTTP/1.1" 200 0 "-" "WordPress/6.8; https://aiqaderm.com"
17.241.75.176 - - [27/Apr/2025:10:46:31 -0400] "GET /robots.txt HTTP/1.1" 200 158 "-" "Mozilla/5.0 (Macintosh; Intel Mac OS X 10_15_7) AppleWebKit/605.1.15 (KHTML, like Gecko) Version/17.4 Safari/605.1.15 (Applebot/0.1; +http://www.apple.com/go/applebot)"
66.29.132.124 - - [27/Apr/2025:10:46:36 -0400] "POST /wp-cron.php?doing_wp_cron=1745765196.2188899517059326171875 HTTP/1.1" 200 0 "-" "WordPress/6.8; https://aiqaderm.com"
17.241.75.176 - - [27/Apr/2025:10:46:32 -0400] "GET / HTTP/1.1" 500 17512 "-" "Mozilla/5.0 (Macintosh; Intel Mac OS X 10_15_7) AppleWebKit/605.1.15 (KHTML, like Gecko) Version/17.4 Safari/605.1.15 (Applebot/0.1; +http://www.apple.com/go/applebot)"
66.29.132.124 - - [27/Apr/2025:10:46:36 -0400] "POST /wp-admin/admin-ajax.php?action=async_litespeed&nonce=ZIxNG5U2AIJtifVmuGDu6RmzDzy4rHnG&litespeed_type=imgoptm HTTP/1.1" 200 0 "-" "WordPress/6.8; https://aiqaderm.com"
17.22.245.124 - - [27/Apr/2025:10:48:06 -0400] "GET /wp-content/plugins/instagram-feed/css/sbi-styles.min.css?ver=6.8.0 HTTP/1.1" 200 10777 "https://aiqaderm.com/" "Mozilla/5.0 (Macintosh; Intel Mac OS X 10_15_7) AppleWebKit/605.1.15 (KHTML, like Gecko) Version/17.4 Safari/605.1.15 (Applebot/0.1; +http://www.apple.com/go/applebot)"
17.22.245.149 - - [27/Apr/2025:10:48:07 -0400] "GET /wp-content/plugins/contact-form-7/includes/css/styles.css?ver=6.0.6 HTTP/1.1" 200 1101 "https://aiqaderm.com/" "Mozilla/5.0 (Macintosh; Intel Mac OS X 10_15_7) AppleWebKit/605.1.15 (KHTML, like Gecko) Version/17.4 Safari/605.1.15 (Applebot/0.1; +http://www.apple.com/go/applebot)"
17.22.253.112 - - [27/Apr/2025:10:48:08 -0400] "GET /wp-content/plugins/click-to-chat-for-whatsapp/new/inc/assets/css/main.css?ver=4.20 HTTP/1.1" 200 630 "https://aiqaderm.com/" "Mozilla/5.0 (Macintosh; Intel Mac OS X 10_15_7) AppleWebKit/605.1.15 (KHTML, like Gecko) Version/17.4 Safari/605.1.15 (Applebot/0.1; +http://www.apple.com/go/applebot)"
17.22.253.160 - - [27/Apr/2025:10:48:08 -0400] "GET /wp-content/plugins/revslider/public/css/sr7.css?ver=6.7.23 HTTP/1.1" 200 1531 "https://aiqaderm.com/" "Mozilla/5.0 (Macintosh; Intel Mac OS X 10_15_7) AppleWebKit/605.1.15 (KHTML, like Gecko) Version/17.4 Safari/605.1.15 (Applebot/0.1; +http://www.apple.com/go/applebot)"
17.22.253.78 - - [27/Apr/2025:10:48:09 -0400] "GET /wp-content/plugins/ti-woocommerce-wishlist/assets/css/webfont.min.css?ver=2.9.2 HTTP/1.1" 200 910 "https://aiqaderm.com/" "Mozilla/5.0 (Macintosh; Intel Mac OS X 10_15_7) AppleWebKit/605.1.15 (KHTML, like Gecko) Version/17.4 Safari/605.1.15 (Applebot/0.1; +http://www.apple.com/go/applebot)"
17.22.245.124 - - [27/Apr/2025:10:48:09 -0400] "GET /wp-content/plugins/ti-woocommerce-wishlist/assets/css/public.min.css?ver=2.9.2 HTTP/1.1" 200 7026 "https://aiqaderm.com/" "Mozilla/5.0 (Macintosh; Intel Mac OS X 10_15_7) AppleWebKit/605.1.15 (KHTML, like Gecko) Version/17.4 Safari/605.1.15 (Applebot/0.1; +http://www.apple.com/go/applebot)"
17.22.253.25 - - [27/Apr/2025:10:48:09 -0400] "GET /wp-content/plugins/woocommerce/assets/css/brands.css?ver=9.8.2 HTTP/1.1" 200 731 "https://aiqaderm.com/" "Mozilla/5.0 (Macintosh; Intel Mac OS X 10_15_7) AppleWebKit/605.1.15 (KHTML, like Gecko) Version/17.4 Safari/605.1.15 (Applebot/0.1; +http://www.apple.com/go/applebot)"
17.22.245.145 - - [27/Apr/2025:10:48:10 -0400] "GET /wp-content/themes/medibazar/assets/css//owl.carousel.min.css?ver=1.0 HTTP/1.1" 200 984 "https://aiqaderm.com/" "Mozilla/5.0 (Macintosh; Intel Mac OS X 10_15_7) AppleWebKit/605.1.15 (KHTML, like Gecko) Version/17.4 Safari/605.1.15 (Applebot/0.1; +http://www.apple.com/go/applebot)"
17.22.237.177 - - [27/Apr/2025:10:48:10 -0400] "GET /wp-content/themes/medibazar/assets/css//animate.min.css?ver=1.0 HTTP/1.1" 200 5478 "https://aiqaderm.com/" "Mozilla/5.0 (Macintosh; Intel Mac OS X 10_15_7) AppleWebKit/605.1.15 (KHTML, like Gecko) Version/17.4 Safari/605.1.15 (Applebot/0.1; +http://www.apple.com/go/applebot)"
17.22.253.78 - - [27/Apr/2025:10:48:11 -0400] "GET /wp-content/themes/medibazar/assets/css//fontawesome-all.min.css?ver=1.0 HTTP/1.1" 200 35436 "https://aiqaderm.com/" "Mozilla/5.0 (Macintosh; Intel Mac OS X 10_15_7) AppleWebKit/605.1.15 (KHTML, like Gecko) Version/17.4 Safari/605.1.15 (Applebot/0.1; +http://www.apple.com/go/applebot)"
17.22.245.68 - - [27/Apr/2025:10:48:11 -0400] "GET /wp-content/themes/medibazar/assets/css//magnific-popup.css?ver=1.0 HTTP/1.1" 200 2120 "https://aiqaderm.com/" "Mozilla/5.0 (Macintosh; Intel Mac OS X 10_15_7) AppleWebKit/605.1.15 (KHTML, like Gecko) Version/17.4 Safari/605.1.15 (Applebot/0.1; +http://www.apple.com/go/applebot)"
17.22.253.54 - - [27/Apr/2025:10:48:12 -0400] "GET /wp-content/themes/medibazar/assets/css//themify-icons.css?ver=1.0 HTTP/1.1" 200 3246 "https://aiqaderm.com/" "Mozilla/5.0 (Macintosh; Intel Mac OS X 10_15_7) AppleWebKit/605.1.15 (KHTML, like Gecko) Version/17.4 Safari/605.1.15 (Applebot/0.1; +http://www.apple.com/go/applebot)"
17.22.253.112 - - [27/Apr/2025:10:48:12 -0400] "GET /wp-content/themes/medibazar/assets/css//slick.css?ver=1.0 HTTP/1.1" 200 611 "https://aiqaderm.com/" "Mozilla/5.0 (Macintosh; Intel Mac OS X 10_15_7) AppleWebKit/605.1.15 (KHTML, like Gecko) Version/17.4 Safari/605.1.15 (Applebot/0.1; +http://www.apple.com/go/applebot)"
17.22.245.81 - - [27/Apr/2025:10:48:12 -0400] "GET /wp-content/themes/medibazar/assets/css//meanmenu.css?ver=1.0 HTTP/1.1" 200 1208 "https://aiqaderm.com/" "Mozilla/5.0 (Macintosh; Intel Mac OS X 10_15_7) AppleWebKit/605.1.15 (KHTML, like Gecko) Version/17.4 Safari/605.1.15 (Applebot/0.1; +http://www.apple.com/go/applebot)"
114.119.128.203 - - [27/Apr/2025:10:48:13 -0400] "GET /robots.txt HTTP/1.1" 301 0 "-" "Mozilla/5.0 (compatible;PetalBot;+https://webmaster.petalsearch.com/site/petalbot)"
114.119.128.203 - - [27/Apr/2025:10:48:13 -0400] "GET /robots.txt HTTP/1.1" 200 158 "-" "Mozilla/5.0 (compatible;PetalBot;+https://webmaster.petalsearch.com/site/petalbot)"
17.22.245.158 - - [27/Apr/2025:10:48:14 -0400] "GET /wp-content/themes/medibazar/assets/css//main.css?ver=1.0 HTTP/1.1" 200 59657 "https://aiqaderm.com/" "Mozilla/5.0 (Macintosh; Intel Mac OS X 10_15_7) AppleWebKit/605.1.15 (KHTML, like Gecko) Version/17.4 Safari/605.1.15 (Applebot/0.1; +http://www.apple.com/go/applebot)"
17.22.237.250 - - [27/Apr/2025:10:48:14 -0400] "GET /wp-content/themes/medibazar/assets/css//responsive.css?ver=1.0 HTTP/1.1" 200 460 "https://aiqaderm.com/" "Mozilla/5.0 (Macintosh; Intel Mac OS X 10_15_7) AppleWebKit/605.1.15 (KHTML, like Gecko) Version/17.4 Safari/605.1.15 (Applebot/0.1; +http://www.apple.com/go/applebot)"
17.22.253.54 - - [27/Apr/2025:10:48:14 -0400] "GET /wp-content/plugins/elementor/assets/css/frontend.min.css?ver=3.28.4 HTTP/1.1" 200 8879 "https://aiqaderm.com/" "Mozilla/5.0 (Macintosh; Intel Mac OS X 10_15_7) AppleWebKit/605.1.15 (KHTML, like Gecko) Version/17.4 Safari/605.1.15 (Applebot/0.1; +http://www.apple.com/go/applebot)"
17.22.237.61 - - [27/Apr/2025:10:48:15 -0400] "GET /wp-content/themes/medibazar-child/style.css?ver=6.8 HTTP/1.1" 200 233 "https://aiqaderm.com/" "Mozilla/5.0 (Macintosh; Intel Mac OS X 10_15_7) AppleWebKit/605.1.15 (KHTML, like Gecko) Version/17.4 Safari/605.1.15 (Applebot/0.1; +http://www.apple.com/go/applebot)"
17.22.245.149 - - [27/Apr/2025:10:48:15 -0400] "GET /wp-content/plugins/elementor/assets/css/widget-heading.min.css?ver=3.28.4 HTTP/1.1" 200 192 "https://aiqaderm.com/" "Mozilla/5.0 (Macintosh; Intel Mac OS X 10_15_7) AppleWebKit/605.1.15 (KHTML, like Gecko) Version/17.4 Safari/605.1.15 (Applebot/0.1; +http://www.apple.com/go/applebot)"
17.22.245.243 - - [27/Apr/2025:10:48:15 -0400] "GET /wp-content/uploads/elementor/css/post-6.css?ver=1744797303 HTTP/1.1" 200 387 "https://aiqaderm.com/" "Mozilla/5.0 (Macintosh; Intel Mac OS X 10_15_7) AppleWebKit/605.1.15 (KHTML, like Gecko) Version/17.4 Safari/605.1.15 (Applebot/0.1; +http://www.apple.com/go/applebot)"
17.22.237.250 - - [27/Apr/2025:10:48:16 -0400] "GET /wp-content/uploads/elementor/css/post-597.css?ver=1744797310 HTTP/1.1" 200 578 "https://aiqaderm.com/" "Mozilla/5.0 (Macintosh; Intel Mac OS X 10_15_7) AppleWebKit/605.1.15 (KHTML, like Gecko) Version/17.4 Safari/605.1.15 (Applebot/0.1; +http://www.apple.com/go/applebot)"
17.22.253.54 - - [27/Apr/2025:10:48:17 -0400] "GET /wp-content/themes/medibazar-child/style.css?ver=1.8.9 HTTP/1.1" 200 233 "https://aiqaderm.com/" "Mozilla/5.0 (Macintosh; Intel Mac OS X 10_15_7) AppleWebKit/605.1.15 (KHTML, like Gecko) Version/17.4 Safari/605.1.15 (Applebot/0.1; +http://www.apple.com/go/applebot)"
17.22.245.17 - - [27/Apr/2025:10:48:17 -0400] "GET /wp-content/themes/medibazar/style.css?ver=6.8 HTTP/1.1" 200 18819 "https://aiqaderm.com/" "Mozilla/5.0 (Macintosh; Intel Mac OS X 10_15_7) AppleWebKit/605.1.15 (KHTML, like Gecko) Version/17.4 Safari/605.1.15 (Applebot/0.1; +http://www.apple.com/go/applebot)"
17.22.253.160 - - [27/Apr/2025:10:48:18 -0400] "GET /wp-includes/js/jquery/jquery.min.js?ver=3.7.1 HTTP/1.1" 200 35438 "https://aiqaderm.com/" "Mozilla/5.0 (Macintosh; Intel Mac OS X 10_15_7) AppleWebKit/605.1.15 (KHTML, like Gecko) Version/17.4 Safari/605.1.15 (Applebot/0.1; +http://www.apple.com/go/applebot)"
17.22.237.62 - - [27/Apr/2025:10:48:18 -0400] "GET /wp-content/uploads/elementor/google-fonts/css/roboto.css?ver=1742288800 HTTP/1.1" 200 4607 "https://aiqaderm.com/" "Mozilla/5.0 (Macintosh; Intel Mac OS X 10_15_7) AppleWebKit/605.1.15 (KHTML, like Gecko) Version/17.4 Safari/605.1.15 (Applebot/0.1; +http://www.apple.com/go/applebot)"
17.22.245.243 - - [27/Apr/2025:10:48:18 -0400] "GET /wp-content/uploads/elementor/google-fonts/css/robotoslab.css?ver=1742288808 HTTP/1.1" 200 1042 "https://aiqaderm.com/" "Mozilla/5.0 (Macintosh; Intel Mac OS X 10_15_7) AppleWebKit/605.1.15 (KHTML, like Gecko) Version/17.4 Safari/605.1.15 (Applebot/0.1; +http://www.apple.com/go/applebot)"
17.22.237.250 - - [27/Apr/2025:10:48:19 -0400] "GET /wp-includes/js/jquery/jquery-migrate.min.js?ver=3.4.1 HTTP/1.1" 200 5342 "https://aiqaderm.com/" "Mozilla/5.0 (Macintosh; Intel Mac OS X 10_15_7) AppleWebKit/605.1.15 (KHTML, like Gecko) Version/17.4 Safari/605.1.15 (Applebot/0.1; +http://www.apple.com/go/applebot)"
17.22.237.134 - - [27/Apr/2025:10:48:20 -0400] "GET /wp-content/plugins/woocommerce/assets/js/jquery-blockui/jquery.blockUI.min.js?ver=2.7.0-wc.9.8.2 HTTP/1.1" 200 3810 "https://aiqaderm.com/" "Mozilla/5.0 (Macintosh; Intel Mac OS X 10_15_7) AppleWebKit/605.1.15 (KHTML, like Gecko) Version/17.4 Safari/605.1.15 (Applebot/0.1; +http://www.apple.com/go/applebot)"
17.22.237.62 - - [27/Apr/2025:10:48:20 -0400] "GET /wp-content/plugins/woocommerce/assets/js/js-cookie/js.cookie.min.js?ver=2.1.4-wc.9.8.2 HTTP/1.1" 200 854 "https://aiqaderm.com/" "Mozilla/5.0 (Macintosh; Intel Mac OS X 10_15_7) AppleWebKit/605.1.15 (KHTML, like Gecko) Version/17.4 Safari/605.1.15 (Applebot/0.1; +http://www.apple.com/go/applebot)"
17.22.237.180 - - [27/Apr/2025:10:48:21 -0400] "GET /wp-content/plugins/woocommerce/assets/js/frontend/add-to-cart.min.js?ver=9.8.2 HTTP/1.1" 200 1482 "https://aiqaderm.com/" "Mozilla/5.0 (Macintosh; Intel Mac OS X 10_15_7) AppleWebKit/605.1.15 (KHTML, like Gecko) Version/17.4 Safari/605.1.15 (Applebot/0.1; +http://www.apple.com/go/applebot)"
17.22.253.160 - - [27/Apr/2025:10:48:21 -0400] "GET /wp-content/plugins/woocommerce/assets/js/frontend/woocommerce.min.js?ver=9.8.2 HTTP/1.1" 200 1544 "https://aiqaderm.com/" "Mozilla/5.0 (Macintosh; Intel Mac OS X 10_15_7) AppleWebKit/605.1.15 (KHTML, like Gecko) Version/17.4 Safari/605.1.15 (Applebot/0.1; +http://www.apple.com/go/applebot)"
17.22.245.243 - - [27/Apr/2025:10:48:21 -0400] "GET /wp-content/themes/medibazar/includes/pjax/js/helpers.js?ver=1.0 HTTP/1.1" 200 228 "https://aiqaderm.com/" "Mozilla/5.0 (Macintosh; Intel Mac OS X 10_15_7) AppleWebKit/605.1.15 (KHTML, like Gecko) Version/17.4 Safari/605.1.15 (Applebot/0.1; +http://www.apple.com/go/applebot)"
17.22.237.250 - - [27/Apr/2025:10:48:22 -0400] "GET /wp-content/plugins/revslider/public/js/libs/tptools.js?ver=6.7.23 HTTP/1.1" 200 85444 "https://aiqaderm.com/" "Mozilla/5.0 (Macintosh; Intel Mac OS X 10_15_7) AppleWebKit/605.1.15 (KHTML, like Gecko) Version/17.4 Safari/605.1.15 (Applebot/0.1; +http://www.apple.com/go/applebot)"
114.119.146.117 - - [27/Apr/2025:10:48:23 -0400] "GET /robots.txt HTTP/1.1" 301 0 "-" "Mozilla/5.0 (compatible;PetalBot;+https://webmaster.petalsearch.com/site/petalbot)"
17.22.245.138 - - [27/Apr/2025:10:48:23 -0400] "GET /wp-content/plugins/revslider/public/js/sr7.js?ver=6.7.23 HTTP/1.1" 200 109269 "https://aiqaderm.com/" "Mozilla/5.0 (Macintosh; Intel Mac OS X 10_15_7) AppleWebKit/605.1.15 (KHTML, like Gecko) Version/17.4 Safari/605.1.15 (Applebot/0.1; +http://www.apple.com/go/applebot)"
114.119.146.117 - - [27/Apr/2025:10:48:23 -0400] "GET /robots.txt HTTP/1.1" 200 158 "-" "Mozilla/5.0 (compatible;PetalBot;+https://webmaster.petalsearch.com/site/petalbot)"
66.29.132.124 - - [27/Apr/2025:11:09:34 -0400] "POST /wp-cron.php?doing_wp_cron=1745766574.8073608875274658203125 HTTP/1.1" 200 0 "-" "WordPress/6.8; https://aiqaderm.com"
149.28.139.239 - - [27/Apr/2025:11:09:29 -0400] "POST /xmlrpc.php HTTP/1.1" 200 403 "-" "Mozilla/5.0 (Windows NT 6.1; Win64; x64) AppleWebKit/537.36 (KHTML, like Gecko) Chrome/63.0.3239.132 Safari/537.36"
66.29.132.124 - - [27/Apr/2025:11:09:35 -0400] "POST /wp-admin/admin-ajax.php?action=async_litespeed&nonce=yiVUFugBugZXczbCvq3BMfSpv3YGJsM7&litespeed_type=imgoptm HTTP/1.1" 200 21 "-" "WordPress/6.8; https://aiqaderm.com"
66.29.132.124 - - [27/Apr/2025:11:16:18 -0400] "POST /wp-cron.php?doing_wp_cron=1745766978.4666259288787841796875 HTTP/1.1" 200 0 "-" "WordPress/6.8; https://aiqaderm.com"
196.191.223.130 - - [27/Apr/2025:11:16:13 -0400] "GET /product-category/hair-regrowth/?add-to-cart=804 HTTP/1.1" 200 22435 "-" "Mozilla/5.0 (X11; Linux x86_64) AppleWebKit/536.1 (KHTML, like Gecko) Chrome/40.0.892.0 Safari/536.1"
66.29.132.124 - - [27/Apr/2025:11:16:19 -0400] "POST /wp-admin/admin-ajax.php?action=async_litespeed&nonce=DBvOCLSOH22WtwtUEx0aXjlPSkIcXCyw&litespeed_type=imgoptm HTTP/1.1" 200 21 "-" "WordPress/6.8; https://aiqaderm.com"
66.29.132.124 - - [27/Apr/2025:11:23:57 -0400] "POST /wp-cron.php?doing_wp_cron=1745767437.1309790611267089843750 HTTP/1.1" 200 0 "-" "WordPress/6.8; https://aiqaderm.com"
91.134.248.249 - - [27/Apr/2025:11:23:54 -0400] "POST /xmlrpc.php HTTP/1.1" 200 403 "-" "Mozilla/5.0 (Windows NT 10.0; Win64; x64) AppleWebKit/537.36 (KHTML, like Gecko) Chrome/65.0.3325.181 Safari/537.36"
66.29.132.124 - - [27/Apr/2025:11:23:57 -0400] "POST /wp-admin/admin-ajax.php?action=async_litespeed&nonce=CU8sWuB1yABxf0V3VxsBi9lvQdP2nyG4&litespeed_type=imgoptm HTTP/1.1" 200 21 "-" "WordPress/6.8; https://aiqaderm.com"
23.23.99.55 - - [27/Apr/2025:11:50:21 -0400] "GET /product/brelix-brightening-face-wash/809 HTTP/1.1" 200 0 "-" "Mozilla/5.0 AppleWebKit/537.36 (KHTML, like Gecko; compatible; Amazonbot/0.1; +https://developer.amazon.com/support/amazonbot) Chrome/119.0.6045.214 Safari/537.36"
66.29.132.124 - - [27/Apr/2025:11:50:32 -0400] "POST /wp-cron.php?doing_wp_cron=1745769032.2129108905792236328125 HTTP/1.1" 200 0 "-" "WordPress/6.8; https://aiqaderm.com"
66.29.132.124 - - [27/Apr/2025:11:50:33 -0400] "POST /wp-admin/admin-ajax.php?action=async_litespeed&nonce=50sjcCGdg7vsSS6nNn654ibPlVH3T12L&litespeed_type=imgoptm HTTP/1.1" 200 0 "-" "WordPress/6.8; https://aiqaderm.com"
66.29.132.124 - - [27/Apr/2025:12:10:17 -0400] "POST /wp-cron.php?doing_wp_cron=1745770217.4340760707855224609375 HTTP/1.1" 200 0 "-" "WordPress/6.8; https://aiqaderm.com"
66.29.132.124 - - [27/Apr/2025:12:10:17 -0400] "POST /wp-cron.php?doing_wp_cron=1745770217.4384338855743408203125 HTTP/1.1" 200 0 "-" "WordPress/6.8; https://aiqaderm.com"
3.7.8.100 - - [27/Apr/2025:12:10:12 -0400] "POST /xmlrpc.php HTTP/1.1" 200 403 "-" "Mozilla/5.0 (Windows NT 6.1; WOW64; rv:44.0) Gecko/20100101 Firefox/44.0"
152.53.67.47 - - [27/Apr/2025:12:10:09 -0400] "POST /xmlrpc.php HTTP/1.1" 200 403 "-" "Mozilla/5.0 (Linux; Android 10; SM-A205U) AppleWebKit/537.36 (KHTML, like Gecko) Chrome/91.0.4472.114 Mobile Safari/537.36"
66.29.132.124 - - [27/Apr/2025:12:10:18 -0400] "POST /wp-admin/admin-ajax.php?action=async_litespeed&nonce=ndQtlxZjwAPEbDlM18DRC463t7PNcUHz&litespeed_type=imgoptm HTTP/1.1" 200 0 "-" "WordPress/6.8; https://aiqaderm.com"
66.29.132.124 - - [27/Apr/2025:12:10:26 -0400] "POST /wp-cron.php?doing_wp_cron=1745770226.2993459701538085937500 HTTP/1.1" 200 0 "-" "WordPress/6.8; https://aiqaderm.com"
3.7.8.100 - - [27/Apr/2025:12:10:25 -0400] "POST /xmlrpc.php HTTP/1.1" 200 403 "-" "Mozilla/5.0 (Windows NT 6.3; Win64; x64; rv:73.0) Gecko/20100101 Firefox/73.0"
66.29.132.124 - - [27/Apr/2025:12:10:27 -0400] "POST /wp-admin/admin-ajax.php?action=async_litespeed&nonce=jRwCYrZeL9rKpVwv5Feo07oGcr5CWgfl&litespeed_type=imgoptm HTTP/1.1" 200 21 "-" "WordPress/6.8; https://aiqaderm.com"
66.29.132.124 - - [27/Apr/2025:12:10:46 -0400] "POST /wp-cron.php?doing_wp_cron=1745770246.3565239906311035156250 HTTP/1.1" 200 0 "-" "WordPress/6.8; https://aiqaderm.com"
78.47.47.46 - - [27/Apr/2025:12:10:45 -0400] "POST /xmlrpc.php HTTP/1.1" 200 403 "-" "Mozilla/5.0 (Windows NT 10.0; Win64; x64) AppleWebKit/537.36 (KHTML, like Gecko) Chrome/80.0.3987.149 Safari/537.36"
68.183.24.180 - - [27/Apr/2025:12:10:54 -0400] "POST /xmlrpc.php HTTP/1.1" 200 403 "-" "Mozilla/5.0 (Linux; Android 10; LM-Q720) AppleWebKit/537.36 (KHTML, like Gecko) Chrome/91.0.4472.114 Mobile Safari/537.36"
34.227.234.246 - - [27/Apr/2025:12:19:44 -0400] "GET /product/cool-aiq-gel/ HTTP/1.1" 200 28376 "-" "Mozilla/5.0 AppleWebKit/537.36 (KHTML, like Gecko; compatible; Amazonbot/0.1; +https://developer.amazon.com/support/amazonbot) Chrome/119.0.6045.214 Safari/537.36"
