OwlCyberSecurity - MANAGER
Edit File: aiqaderm.com.arsn.media-ssl_log
157.245.113.172 - - [27/Apr/2025:03:43:00 -0400] "GET //wp-includes/ID3/license.txt HTTP/1.1" 200 1396 "-" "Mozilla/5.0 (Windows NT 10.0; Win64; x64) AppleWebKit/537.36 (KHTML, like Gecko) Chrome/95.0.4638.69 Safari/537.36"
66.29.132.124 - - [27/Apr/2025:03:43:12 -0400] "POST /wp-cron.php?doing_wp_cron=1745739791.7736580371856689453125 HTTP/1.1" 200 0 "-" "WordPress/6.8; https://aiqaderm.com"
157.245.113.172 - - [27/Apr/2025:03:43:01 -0400] "GET //feed/ HTTP/1.1" 301 0 "-" "Mozilla/5.0 (Windows NT 10.0; Win64; x64) AppleWebKit/537.36 (KHTML, like Gecko) Chrome/95.0.4638.69 Safari/537.36"
66.29.132.124 - - [27/Apr/2025:03:43:14 -0400] "POST /wp-admin/admin-ajax.php?action=async_litespeed&nonce=wt7bNJm95Pb8IQXhzNxHnAL0PrpQdkkf&litespeed_type=imgoptm HTTP/1.1" 200 0 "-" "WordPress/6.8; https://aiqaderm.com"
157.245.113.172 - - [27/Apr/2025:03:43:13 -0400] "GET //blog/wp-includes/wlwmanifest.xml HTTP/1.1" 301 0 "-" "Mozilla/5.0 (Windows NT 10.0; Win64; x64) AppleWebKit/537.36 (KHTML, like Gecko) Chrome/95.0.4638.69 Safari/537.36"
157.245.113.172 - - [27/Apr/2025:03:43:15 -0400] "GET //web/wp-includes/wlwmanifest.xml HTTP/1.1" 301 0 "-" "Mozilla/5.0 (Windows NT 10.0; Win64; x64) AppleWebKit/537.36 (KHTML, like Gecko) Chrome/95.0.4638.69 Safari/537.36"
157.245.113.172 - - [27/Apr/2025:03:43:18 -0400] "GET //wordpress/wp-includes/wlwmanifest.xml HTTP/1.1" 301 0 "-" "Mozilla/5.0 (Windows NT 10.0; Win64; x64) AppleWebKit/537.36 (KHTML, like Gecko) Chrome/95.0.4638.69 Safari/537.36"
157.245.113.172 - - [27/Apr/2025:03:43:20 -0400] "GET //wp/wp-includes/wlwmanifest.xml HTTP/1.1" 301 0 "-" "Mozilla/5.0 (Windows NT 10.0; Win64; x64) AppleWebKit/537.36 (KHTML, like Gecko) Chrome/95.0.4638.69 Safari/537.36"
66.29.132.124 - - [27/Apr/2025:03:43:25 -0400] "POST /wp-cron.php?doing_wp_cron=1745739805.1244699954986572265625 HTTP/1.1" 200 0 "-" "WordPress/6.8; https://aiqaderm.com"
157.245.113.172 - - [27/Apr/2025:03:43:22 -0400] "GET //2020/wp-includes/wlwmanifest.xml HTTP/1.1" 301 0 "-" "Mozilla/5.0 (Windows NT 10.0; Win64; x64) AppleWebKit/537.36 (KHTML, like Gecko) Chrome/95.0.4638.69 Safari/537.36"
66.29.132.124 - - [27/Apr/2025:03:43:26 -0400] "POST /wp-admin/admin-ajax.php?action=async_litespeed&nonce=6HQbHxSm3OVjJ3yvayw8sGHgol58ypHw&litespeed_type=imgoptm HTTP/1.1" 200 0 "-" "WordPress/6.8; https://aiqaderm.com"
157.245.113.172 - - [27/Apr/2025:03:43:25 -0400] "GET //2019/wp-includes/wlwmanifest.xml HTTP/1.1" 301 0 "-" "Mozilla/5.0 (Windows NT 10.0; Win64; x64) AppleWebKit/537.36 (KHTML, like Gecko) Chrome/95.0.4638.69 Safari/537.36"
157.245.113.172 - - [27/Apr/2025:03:43:28 -0400] "GET //2021/wp-includes/wlwmanifest.xml HTTP/1.1" 301 0 "-" "Mozilla/5.0 (Windows NT 10.0; Win64; x64) AppleWebKit/537.36 (KHTML, like Gecko) Chrome/95.0.4638.69 Safari/537.36"
157.245.113.172 - - [27/Apr/2025:03:43:30 -0400] "GET //shop/wp-includes/wlwmanifest.xml HTTP/1.1" 301 0 "-" "Mozilla/5.0 (Windows NT 10.0; Win64; x64) AppleWebKit/537.36 (KHTML, like Gecko) Chrome/95.0.4638.69 Safari/537.36"
157.245.113.172 - - [27/Apr/2025:03:43:33 -0400] "GET //wp1/wp-includes/wlwmanifest.xml HTTP/1.1" 301 0 "-" "Mozilla/5.0 (Windows NT 10.0; Win64; x64) AppleWebKit/537.36 (KHTML, like Gecko) Chrome/95.0.4638.69 Safari/537.36"
185.191.171.15 - - [27/Apr/2025:03:43:34 -0400] "GET /robots.txt HTTP/1.1" 200 158 "-" "Mozilla/5.0 (compatible; SemrushBot/7~bl; +http://www.semrush.com/bot.html)"
85.208.96.204 - - [27/Apr/2025:03:43:36 -0400] "GET /product-category/antioxidant-immunity-booster/ HTTP/1.1" 200 25109 "-" "Mozilla/5.0 (compatible; SemrushBot/7~bl; +http://www.semrush.com/bot.html)"
157.245.113.172 - - [27/Apr/2025:03:43:34 -0400] "GET //test/wp-includes/wlwmanifest.xml HTTP/1.1" 301 0 "-" "Mozilla/5.0 (Windows NT 10.0; Win64; x64) AppleWebKit/537.36 (KHTML, like Gecko) Chrome/95.0.4638.69 Safari/537.36"
157.245.113.172 - - [27/Apr/2025:03:43:37 -0400] "GET //site/wp-includes/wlwmanifest.xml HTTP/1.1" 301 0 "-" "Mozilla/5.0 (Windows NT 10.0; Win64; x64) AppleWebKit/537.36 (KHTML, like Gecko) Chrome/95.0.4638.69 Safari/537.36"
157.245.113.172 - - [27/Apr/2025:03:43:38 -0400] "GET //cms/wp-includes/wlwmanifest.xml HTTP/1.1" 301 0 "-" "Mozilla/5.0 (Windows NT 10.0; Win64; x64) AppleWebKit/537.36 (KHTML, like Gecko) Chrome/95.0.4638.69 Safari/537.36"
66.29.132.124 - - [27/Apr/2025:03:45:22 -0400] "POST /wp-cron.php?doing_wp_cron=1745739921.9880580902099609375000 HTTP/1.1" 200 0 "-" "WordPress/6.8; https://aiqaderm.com"
135.148.100.196 - - [27/Apr/2025:03:45:18 -0400] "GET / HTTP/1.1" 500 59578 "-" "-"
66.29.132.124 - - [27/Apr/2025:03:45:23 -0400] "POST /wp-admin/admin-ajax.php?action=async_litespeed&nonce=mFGSK5dCD3jcV850mlyVsTG1ni0HAT11&litespeed_type=imgoptm HTTP/1.1" 200 0 "-" "WordPress/6.8; https://aiqaderm.com"
66.29.132.124 - - [27/Apr/2025:03:46:20 -0400] "POST /wp-cron.php?doing_wp_cron=1745739980.4700820446014404296875 HTTP/1.1" 200 0 "-" "WordPress/6.8; https://aiqaderm.com"
57.141.4.12 - - [27/Apr/2025:03:46:20 -0400] "GET /wp-json/wp/v2/product_cat/51 HTTP/1.1" 200 650 "-" "meta-externalagent/1.1 (+https://developers.facebook.com/docs/sharing/webmasters/crawler)"
66.29.132.124 - - [27/Apr/2025:03:46:20 -0400] "POST /wp-admin/admin-ajax.php?action=async_litespeed&nonce=DgMKV42LFh1cN38ydNdXrNtbJLNnZzvi&litespeed_type=imgoptm HTTP/1.1" 200 21 "-" "WordPress/6.8; https://aiqaderm.com"
114.119.146.215 - - [27/Apr/2025:03:50:55 -0400] "GET /robots.txt HTTP/1.1" 301 0 "-" "Mozilla/5.0 (compatible;PetalBot;+https://webmaster.petalsearch.com/site/petalbot)"
114.119.146.215 - - [27/Apr/2025:03:50:56 -0400] "GET /robots.txt HTTP/1.1" 200 158 "-" "Mozilla/5.0 (compatible;PetalBot;+https://webmaster.petalsearch.com/site/petalbot)"
66.29.132.124 - - [27/Apr/2025:03:53:35 -0400] "POST /wp-cron.php?doing_wp_cron=1745740415.7236781120300292968750 HTTP/1.1" 200 0 "-" "WordPress/6.8; https://aiqaderm.com"
40.77.189.125 - - [27/Apr/2025:03:53:28 -0400] "POST /?wc-ajax=get_refreshed_fragments HTTP/1.1" 200 493 "-" "Mozilla/5.0 AppleWebKit/537.36 (KHTML, like Gecko; compatible; bingbot/2.0; +http://www.bing.com/bingbot.htm) Chrome/100.0.4896.127 Safari/537.36"
66.29.132.124 - - [27/Apr/2025:03:53:36 -0400] "POST /wp-admin/admin-ajax.php?action=async_litespeed&nonce=CXNWf2anSqpZ9e8zhImogt3qfCmm1BXZ&litespeed_type=imgoptm HTTP/1.1" 200 0 "-" "WordPress/6.8; https://aiqaderm.com"
66.29.132.124 - - [27/Apr/2025:04:05:46 -0400] "POST /wp-cron.php?doing_wp_cron=1745741146.2654991149902343750000 HTTP/1.1" 200 0 "-" "WordPress/6.8; https://aiqaderm.com"
66.29.132.124 - - [27/Apr/2025:04:05:37 -0400] "GET / HTTP/1.1" 500 59578 "-" "Mozilla/5.0 (Windows NT 10.0; Win64; x64; rv:122.0) Gecko/20100101 Firefox/122.0"
66.29.132.124 - - [27/Apr/2025:04:05:47 -0400] "POST /wp-admin/admin-ajax.php?action=async_litespeed&nonce=GrU5tTYGs6D7AiRi5ZKekYqye0OWhmQT&litespeed_type=imgoptm HTTP/1.1" 200 0 "-" "WordPress/6.8; https://aiqaderm.com"
125.228.216.16 - - [27/Apr/2025:04:25:20 -0400] "GET /2022/12/20/mihajlo-zborovskij-rozvitok-cifrovih-tehnologij-v/ HTTP/1.1" 200 22519 "-" "Mozilla/5.0 (Macintosh; Intel Mac OS X 12_5) AppleWebKit/605.1.15 (KHTML, like Gecko) Version/15.4 Safari/605.1.15"
66.29.132.124 - - [27/Apr/2025:04:30:23 -0400] "POST /wp-cron.php?doing_wp_cron=1745742623.8001570701599121093750 HTTP/1.1" 200 0 "-" "WordPress/6.8; https://aiqaderm.com"
52.167.144.214 - - [27/Apr/2025:04:30:07 -0400] "GET /product-category/face-serum/feed/ HTTP/1.1" 200 2168 "-" "Mozilla/5.0 AppleWebKit/537.36 (KHTML, like Gecko; compatible; bingbot/2.0; +http://www.bing.com/bingbot.htm) Chrome/116.0.1938.76 Safari/537.36"
66.29.132.124 - - [27/Apr/2025:04:30:26 -0400] "POST /wp-admin/admin-ajax.php?action=async_litespeed&nonce=uJnHhF94I5iz0IGIAZ3MrloVE4eQP9KQ&litespeed_type=imgoptm HTTP/1.1" 200 0 "-" "WordPress/6.8; https://aiqaderm.com"
66.29.132.124 - - [27/Apr/2025:04:32:26 -0400] "POST /wp-cron.php?doing_wp_cron=1745742746.4037079811096191406250 HTTP/1.1" 200 0 "-" "WordPress/6.8; https://aiqaderm.com"
43.248.243.133 - - [27/Apr/2025:04:32:21 -0400] "GET /product-category/hair-regrowth/?add-to-cart=804 HTTP/1.1" 200 22434 "-" "Mozilla/5.0 (Windows NT 6.0) AppleWebKit/532.2 (KHTML, like Gecko) Chrome/33.0.893.0 Safari/532.2"
66.29.132.124 - - [27/Apr/2025:04:32:27 -0400] "POST /wp-admin/admin-ajax.php?action=async_litespeed&nonce=wS46vOl79VvO6RbMj5oBZ7H2FKen4JMS&litespeed_type=imgoptm HTTP/1.1" 200 0 "-" "WordPress/6.8; https://aiqaderm.com"
66.29.132.124 - - [27/Apr/2025:04:57:40 -0400] "POST /wp-cron.php?doing_wp_cron=1745744260.3774619102478027343750 HTTP/1.1" 200 0 "-" "WordPress/6.8; https://aiqaderm.com"
91.201.115.174 - - [27/Apr/2025:04:57:27 -0400] "GET / HTTP/1.1" 500 17512 "-" "Mozilla/5.0 (Macintosh; Intel Mac OS X 10_15_7) AppleWebKit/537.36 (KHTML, like Gecko) Chrome/133.0.0.0 Safari/537.36"
91.201.115.174 - - [27/Apr/2025:04:57:42 -0400] "GET /comments/feed/ HTTP/1.1" 200 1585 "-" "Mozilla/5.0 (Macintosh; Intel Mac OS X 10_15_7) AppleWebKit/537.36 (KHTML, like Gecko) Chrome/133.0.0.0 Safari/537.36"
66.29.132.124 - - [27/Apr/2025:04:57:41 -0400] "POST /wp-admin/admin-ajax.php?action=async_litespeed&nonce=fY36ELZABg92zHpBZhwLAPlqvmnnLsa4&litespeed_type=imgoptm HTTP/1.1" 200 0 "-" "WordPress/6.8; https://aiqaderm.com"
91.201.115.174 - - [27/Apr/2025:04:57:43 -0400] "GET /2020/09/26/mirage-deep-dive-under-anding-timin-response/ HTTP/1.1" 200 26194 "-" "Mozilla/5.0 (Macintosh; Intel Mac OS X 10_15_7) AppleWebKit/537.36 (KHTML, like Gecko) Chrome/133.0.0.0 Safari/537.36"
66.29.132.124 - - [27/Apr/2025:04:57:46 -0400] "POST /wp-cron.php?doing_wp_cron=1745744266.0503740310668945312500 HTTP/1.1" 200 0 "-" "WordPress/6.8; https://aiqaderm.com"
105.22.73.218 - - [27/Apr/2025:04:57:45 -0400] "POST /wp-comments-post.php HTTP/1.1" 200 1184 "-" "Mozilla/5.0 (Macintosh; Intel Mac OS X 10_15_7) AppleWebKit/537.36 (KHTML, like Gecko) Chrome/133.0.0.0 Safari/537.36"
105.22.73.218 - - [27/Apr/2025:04:57:48 -0400] "POST /wp-comments-post.php HTTP/1.1" 200 0 "-" "Mozilla/5.0 (Windows NT 10.0; Win64; x64) AppleWebKit/537.36 (KHTML, like Gecko) Chrome/120.0.0.0 Safari/537.36"
91.201.115.174 - - [27/Apr/2025:04:57:50 -0400] "GET /my-account-2/ HTTP/1.1" 200 23318 "-" "Mozilla/5.0 (Macintosh; Intel Mac OS X 10_15_7) AppleWebKit/537.36 (KHTML, like Gecko) Chrome/133.0.0.0 Safari/537.36"
91.201.115.174 - - [27/Apr/2025:04:57:52 -0400] "GET /my-account-2/lost-password/ HTTP/1.1" 200 23675 "-" "Mozilla/5.0 (Macintosh; Intel Mac OS X 10_15_7) AppleWebKit/537.36 (KHTML, like Gecko) Chrome/133.0.0.0 Safari/537.36"
105.22.73.218 - - [27/Apr/2025:04:57:56 -0400] "POST /my-account-2/lost-password/ HTTP/1.1" 200 23676 "-" "Mozilla/5.0 (Macintosh; Intel Mac OS X 10_15_7) AppleWebKit/537.36 (KHTML, like Gecko) Chrome/133.0.0.0 Safari/537.36"
105.22.73.218 - - [27/Apr/2025:04:57:59 -0400] "POST /my-account-2/lost-password/ HTTP/1.1" 200 23631 "-" "Mozilla/5.0 (Windows NT 10.0; Win64; x64) AppleWebKit/537.36 (KHTML, like Gecko) Chrome/120.0.0.0 Safari/537.36"
91.201.115.174 - - [27/Apr/2025:04:58:01 -0400] "GET /product-category/hair-regrowth/ HTTP/1.1" 200 25279 "-" "Mozilla/5.0 (Macintosh; Intel Mac OS X 10_15_7) AppleWebKit/537.36 (KHTML, like Gecko) Chrome/133.0.0.0 Safari/537.36"
91.201.115.174 - - [27/Apr/2025:04:58:02 -0400] "GET /blog/ HTTP/1.1" 200 28410 "-" "Mozilla/5.0 (Macintosh; Intel Mac OS X 10_15_7) AppleWebKit/537.36 (KHTML, like Gecko) Chrome/133.0.0.0 Safari/537.36"
91.201.115.174 - - [27/Apr/2025:04:58:03 -0400] "GET /2022/12/20/mihajlo-zborovskij-rozvitok-cifrovih-tehnologij-v/ HTTP/1.1" 200 25978 "-" "Mozilla/5.0 (Macintosh; Intel Mac OS X 10_15_7) AppleWebKit/537.36 (KHTML, like Gecko) Chrome/133.0.0.0 Safari/537.36"
105.22.73.218 - - [27/Apr/2025:04:58:05 -0400] "POST /wp-comments-post.php HTTP/1.1" 200 1184 "-" "Mozilla/5.0 (Macintosh; Intel Mac OS X 10_15_7) AppleWebKit/537.36 (KHTML, like Gecko) Chrome/133.0.0.0 Safari/537.36"
105.22.73.218 - - [27/Apr/2025:04:58:08 -0400] "POST /wp-comments-post.php HTTP/1.1" 200 0 "-" "Mozilla/5.0 (Windows NT 10.0; Win64; x64) AppleWebKit/537.36 (KHTML, like Gecko) Chrome/120.0.0.0 Safari/537.36"
91.201.115.174 - - [27/Apr/2025:04:58:09 -0400] "GET /2022/12/12/mihail-zborovskij-kosmobet-rol-tehnologij-v/ HTTP/1.1" 200 25954 "-" "Mozilla/5.0 (Macintosh; Intel Mac OS X 10_15_7) AppleWebKit/537.36 (KHTML, like Gecko) Chrome/133.0.0.0 Safari/537.36"
91.201.115.174 - - [27/Apr/2025:04:58:11 -0400] "GET /blog/page/2/ HTTP/1.1" 200 24496 "-" "Mozilla/5.0 (Macintosh; Intel Mac OS X 10_15_7) AppleWebKit/537.36 (KHTML, like Gecko) Chrome/133.0.0.0 Safari/537.36"
91.201.115.174 - - [27/Apr/2025:04:58:12 -0400] "GET /contact-us/ HTTP/1.1" 500 17316 "-" "Mozilla/5.0 (Macintosh; Intel Mac OS X 10_15_7) AppleWebKit/537.36 (KHTML, like Gecko) Chrome/133.0.0.0 Safari/537.36"
66.29.132.124 - - [27/Apr/2025:05:02:27 -0400] "POST /wp-cron.php?doing_wp_cron=1745744547.3484210968017578125000 HTTP/1.1" 200 0 "-" "WordPress/6.8; https://aiqaderm.com"
152.53.225.138 - - [27/Apr/2025:05:02:21 -0400] "GET /wp-content/plugins/HelloDollyV2/hello_dolly_v2.php HTTP/1.1" 404 22436 "www.google.com" "Mozlila/5.0 (Linux; Android 7.0; SM-G892A Bulid/NRD90M; wv) AppleWebKit/537.36 (KHTML, like Gecko) Version/4.0 Chrome/60.0.3112.107 Moblie Safari/537.36"
66.29.132.124 - - [27/Apr/2025:05:02:27 -0400] "POST /wp-admin/admin-ajax.php?action=async_litespeed&nonce=dI1ZOIBQmLXmxpk2DHJSZudBAaSHZDjl&litespeed_type=imgoptm HTTP/1.1" 200 0 "-" "WordPress/6.8; https://aiqaderm.com"
152.53.225.138 - - [27/Apr/2025:05:02:40 -0400] "GET /wp-content/themes/hello_dolly_v2.php HTTP/1.1" 404 22430 "www.google.com" "Mozlila/5.0 (Linux; Android 7.0; SM-G892A Bulid/NRD90M; wv) AppleWebKit/537.36 (KHTML, like Gecko) Version/4.0 Chrome/60.0.3112.107 Moblie Safari/537.36"
47.242.145.162 - - [27/Apr/2025:05:03:18 -0400] "GET /robots.txt HTTP/1.1" 200 139 "-" "AliyunSecBot/Aliyun (AliyunSecBot@service.alibaba.com)"
66.29.132.124 - - [27/Apr/2025:05:03:20 -0400] "POST /wp-cron.php?doing_wp_cron=1745744599.9935181140899658203125 HTTP/1.1" 200 0 "-" "WordPress/6.8; https://aiqaderm.com"
47.76.74.166 - - [27/Apr/2025:05:03:19 -0400] "GET /product/acniq-bar-acne/ HTTP/1.1" 200 24399 "-" "AliyunSecBot/Aliyun (AliyunSecBot@service.alibaba.com)"
66.29.132.124 - - [27/Apr/2025:05:08:16 -0400] "POST /wp-cron.php?doing_wp_cron=1745744896.6506290435791015625000 HTTP/1.1" 200 0 "-" "WordPress/6.8; https://aiqaderm.com"
8.217.184.47 - - [27/Apr/2025:05:08:13 -0400] "GET /product-category/featured-products/801 HTTP/1.1" 404 19395 "-" "AliyunSecBot/Aliyun (AliyunSecBot@service.alibaba.com)"
66.29.132.124 - - [27/Apr/2025:05:08:17 -0400] "POST /wp-admin/admin-ajax.php?action=async_litespeed&nonce=QFPMwnlVMCPZBiEFuMsZ3B1xD1jXNPmv&litespeed_type=imgoptm HTTP/1.1" 200 0 "-" "WordPress/6.8; https://aiqaderm.com"
18.232.12.157 - - [27/Apr/2025:05:30:18 -0400] "GET /product/brelix-brightening-face-wash/78 HTTP/1.1" 200 0 "-" "Mozilla/5.0 AppleWebKit/537.36 (KHTML, like Gecko; compatible; Amazonbot/0.1; +https://developer.amazon.com/support/amazonbot) Chrome/119.0.6045.214 Safari/537.36"
66.29.132.124 - - [27/Apr/2025:05:30:28 -0400] "POST /wp-cron.php?doing_wp_cron=1745746228.8149459362030029296875 HTTP/1.1" 200 0 "-" "WordPress/6.8; https://aiqaderm.com"
66.29.132.124 - - [27/Apr/2025:05:30:30 -0400] "POST /wp-admin/admin-ajax.php?action=async_litespeed&nonce=bGQXWdu91RF6558a3wB9HWQetVo4iNHj&litespeed_type=imgoptm HTTP/1.1" 200 0 "-" "WordPress/6.8; https://aiqaderm.com"
66.29.132.124 - - [27/Apr/2025:05:30:31 -0400] "POST /wp-admin/admin-ajax.php?action=wp_1_wc_privacy_cleanup&nonce=934acd8b76 HTTP/1.1" 200 0 "-" "WordPress/6.8; https://aiqaderm.com"
8.218.0.216 - - [27/Apr/2025:05:35:28 -0400] "GET /product/bremiq-acne-serum/ HTTP/1.1" 200 24275 "-" "AliyunSecBot/Aliyun (AliyunSecBot@service.alibaba.com)"
66.29.132.124 - - [27/Apr/2025:05:35:48 -0400] "POST /wp-cron.php?doing_wp_cron=1745746548.9400219917297363281250 HTTP/1.1" 200 0 "-" "WordPress/6.8; https://aiqaderm.com"
47.76.111.27 - - [27/Apr/2025:05:35:42 -0400] "GET /product-category/featured-products/?add-to-cart=809 HTTP/1.1" 200 23057 "-" "AliyunSecBot/Aliyun (AliyunSecBot@service.alibaba.com)"
66.29.132.124 - - [27/Apr/2025:05:55:19 -0400] "POST /wp-cron.php?doing_wp_cron=1745747719.8248329162597656250000 HTTP/1.1" 200 0 "-" "WordPress/6.8; https://aiqaderm.com"
88.214.48.42 - - [27/Apr/2025:05:55:10 -0400] "GET / HTTP/1.1" 500 17512 "-" "Mozilla/5.0 (Macintosh; Intel Mac OS X 10_15_7) AppleWebKit/537.36 (KHTML, like Gecko) Chrome/120.0.0.0 Safari/537.36"
66.29.132.124 - - [27/Apr/2025:05:55:21 -0400] "POST /wp-admin/admin-ajax.php?action=async_litespeed&nonce=tJdBepsAog7PrUEthAbjFCtkn1HaLbOC&litespeed_type=imgoptm HTTP/1.1" 200 0 "-" "WordPress/6.8; https://aiqaderm.com"
66.29.132.124 - - [27/Apr/2025:06:17:13 -0400] "POST /wp-cron.php?doing_wp_cron=1745749033.4713420867919921875000 HTTP/1.1" 200 0 "-" "WordPress/6.8; https://aiqaderm.com"
132.232.165.4 - - [27/Apr/2025:06:17:05 -0400] "GET / HTTP/1.1" 500 17512 "http://aiqaderm.com" "Mozilla/5.0 (iPhone; CPU iPhone OS 13_2_3 like Mac OS X) AppleWebKit/605.1.15 (KHTML, like Gecko) Version/13.0.3 Mobile/15E148 Safari/604.1"
66.29.132.124 - - [27/Apr/2025:06:17:14 -0400] "POST /wp-admin/admin-ajax.php?action=async_litespeed&nonce=dWt0tcxhei8G1ElMN71Mky6hxpkOcgSl&litespeed_type=imgoptm HTTP/1.1" 200 0 "-" "WordPress/6.8; https://aiqaderm.com"
66.29.132.124 - - [27/Apr/2025:06:21:20 -0400] "POST /wp-cron.php?doing_wp_cron=1745749280.1244859695434570312500 HTTP/1.1" 200 0 "-" "WordPress/6.8; https://aiqaderm.com"
57.141.4.10 - - [27/Apr/2025:06:21:15 -0400] "GET /product/milex-c-vitamin-c-cream/881 HTTP/1.1" 301 0 "-" "meta-externalagent/1.1 (+https://developers.facebook.com/docs/sharing/webmasters/crawler)"
66.29.132.124 - - [27/Apr/2025:06:21:20 -0400] "POST /wp-admin/admin-ajax.php?action=async_litespeed&nonce=gJQ30BOfcK2nd8ZcXWqZ788TnKNIIBRM&litespeed_type=imgoptm HTTP/1.1" 200 21 "-" "WordPress/6.8; https://aiqaderm.com"
66.29.132.124 - - [27/Apr/2025:06:23:22 -0400] "POST /wp-cron.php?doing_wp_cron=1745749401.9855399131774902343750 HTTP/1.1" 200 0 "-" "WordPress/6.8; https://aiqaderm.com"
57.141.4.6 - - [27/Apr/2025:06:23:15 -0400] "GET /product/aiqa-grow-hair-oil-150ml/801 HTTP/1.1" 301 0 "-" "meta-externalagent/1.1 (+https://developers.facebook.com/docs/sharing/webmasters/crawler)"
66.29.132.124 - - [27/Apr/2025:06:23:22 -0400] "POST /wp-admin/admin-ajax.php?action=async_litespeed&nonce=KTRPdWX58DTy2U2cLkPeyKcXGQ26qu8T&litespeed_type=imgoptm HTTP/1.1" 200 0 "-" "WordPress/6.8; https://aiqaderm.com"
66.29.132.124 - - [27/Apr/2025:06:24:05 -0400] "POST /wp-cron.php?doing_wp_cron=1745749445.5215270519256591796875 HTTP/1.1" 200 0 "-" "WordPress/6.8; https://aiqaderm.com"
42.236.17.13 - - [27/Apr/2025:06:24:04 -0400] "GET / HTTP/1.1" 500 17512 "https://aiqaderm.com/" "Mozilla/5.0 (Windows NT 6.1; WOW64) AppleWebKit/537.36 (KHTML, like Gecko) Chrome/50.0.2661.102 Safari/537.36; 360Spider"
66.29.132.124 - - [27/Apr/2025:06:24:06 -0400] "POST /wp-admin/admin-ajax.php?action=async_litespeed&nonce=XdQuSWy6KdOiSD9A4fiAtoEDWQjlToZu&litespeed_type=imgoptm HTTP/1.1" 200 21 "-" "WordPress/6.8; https://aiqaderm.com"
66.29.132.124 - - [27/Apr/2025:06:43:10 -0400] "POST /wp-cron.php?doing_wp_cron=1745750590.8737270832061767578125 HTTP/1.1" 200 0 "-" "WordPress/6.8; https://aiqaderm.com"
78.110.50.106 - - [27/Apr/2025:06:43:06 -0400] "POST /xmlrpc.php HTTP/1.1" 200 403 "-" "Mozilla/5.0 (Windows NT 6.1; WOW64; rv:38.0) Gecko/20100101 Firefox/38.0"
149.28.139.239 - - [27/Apr/2025:06:43:06 -0400] "POST /xmlrpc.php HTTP/1.1" 200 403 "-" "Mozilla/5.0 (Windows NT 10.0; Win64; x64) AppleWebKit/537.36 (KHTML, like Gecko) Chrome/80.0.3987.149 Safari/537.36"
66.29.132.124 - - [27/Apr/2025:06:43:11 -0400] "POST /wp-admin/admin-ajax.php?action=async_litespeed&nonce=nGA4wDygwAGGhKnYIaNMKVtmVA6X5xXQ&litespeed_type=imgoptm HTTP/1.1" 200 0 "-" "WordPress/6.8; https://aiqaderm.com"
66.29.132.124 - - [27/Apr/2025:06:43:13 -0400] "GET / HTTP/1.1" 200 0 "-" "WordPress/6.8; https://aiqaderm.com"
104.237.141.13 - - [27/Apr/2025:06:43:16 -0400] "POST /xmlrpc.php HTTP/1.1" 200 403 "-" "Mozilla/5.0 (X11; Ubuntu; Linux i686; rv:24.0) Gecko/20100101 Firefox/24.0"
51.222.12.195 - - [27/Apr/2025:06:43:20 -0400] "POST /xmlrpc.php HTTP/1.1" 200 403 "-" "Mozilla/5.0 (Windows NT 10.0; Win64; x64) AppleWebKit/537.36 (KHTML, like Gecko) Chrome/80.0.3987.132 Safari/537.36"
66.29.132.124 - - [27/Apr/2025:06:43:26 -0400] "POST /wp-cron.php?doing_wp_cron=1745750606.3772990703582763671875 HTTP/1.1" 200 0 "-" "WordPress/6.8; https://aiqaderm.com"
194.233.90.160 - - [27/Apr/2025:06:43:25 -0400] "POST /xmlrpc.php HTTP/1.1" 200 403 "-" "Mozilla/5.0 (Windows NT 10.0; Win64; x64; rv:85.0) Gecko/20100101 Firefox/85.0"
66.29.132.124 - - [27/Apr/2025:06:43:26 -0400] "POST /wp-admin/admin-ajax.php?action=async_litespeed&nonce=D0kVTaERy4CR3rLnn8oXffOQdIpyrwxF&litespeed_type=imgoptm HTTP/1.1" 200 21 "-" "WordPress/6.8; https://aiqaderm.com"
66.29.132.124 - - [27/Apr/2025:06:57:18 -0400] "POST /wp-cron.php?doing_wp_cron=1745751438.5891699790954589843750 HTTP/1.1" 200 0 "-" "WordPress/6.8; https://aiqaderm.com"
195.20.18.145 - - [27/Apr/2025:06:57:12 -0400] "GET / HTTP/1.1" 500 60878 "-" "ALittle Client"
66.29.132.124 - - [27/Apr/2025:06:57:19 -0400] "POST /wp-admin/admin-ajax.php?action=async_litespeed&nonce=KqufjjYeaVUomySDZMYqEfWC2pDNG7tg&litespeed_type=imgoptm HTTP/1.1" 200 0 "-" "WordPress/6.8; https://aiqaderm.com"
119.73.116.222 - - [27/Apr/2025:07:05:35 -0400] "GET /product-category/hair-regrowth/ HTTP/1.1" 200 21858 "https://www.google.com/" "Mozilla/5.0 (Linux; Android 10; K) AppleWebKit/537.36 (KHTML, like Gecko) Chrome/135.0.0.0 Mobile Safari/537.36"
119.73.116.222 - - [27/Apr/2025:07:05:36 -0400] "GET /wp-content/plugins/click-to-chat-for-whatsapp/new/inc/assets/css/main.css?ver=4.20 HTTP/1.1" 200 511 "https://aiqaderm.com/product-category/hair-regrowth/" "Mozilla/5.0 (Linux; Android 10; K) AppleWebKit/537.36 (KHTML, like Gecko) Chrome/135.0.0.0 Mobile Safari/537.36"
119.73.116.222 - - [27/Apr/2025:07:05:36 -0400] "GET /wp-content/plugins/instagram-feed/css/sbi-styles.min.css?ver=6.8.0 HTTP/1.1" 200 8171 "https://aiqaderm.com/product-category/hair-regrowth/" "Mozilla/5.0 (Linux; Android 10; K) AppleWebKit/537.36 (KHTML, like Gecko) Chrome/135.0.0.0 Mobile Safari/537.36"
119.73.116.222 - - [27/Apr/2025:07:05:36 -0400] "GET /wp-includes/css/dist/block-library/style.min.css?ver=6.8 HTTP/1.1" 200 14358 "https://aiqaderm.com/product-category/hair-regrowth/" "Mozilla/5.0 (Linux; Android 10; K) AppleWebKit/537.36 (KHTML, like Gecko) Chrome/135.0.0.0 Mobile Safari/537.36"
119.73.116.222 - - [27/Apr/2025:07:05:36 -0400] "GET /wp-content/plugins/woocommerce/assets/css/brands.css?ver=9.8.2 HTTP/1.1" 200 579 "https://aiqaderm.com/product-category/hair-regrowth/" "Mozilla/5.0 (Linux; Android 10; K) AppleWebKit/537.36 (KHTML, like Gecko) Chrome/135.0.0.0 Mobile Safari/537.36"
119.73.116.222 - - [27/Apr/2025:07:05:36 -0400] "GET /wp-content/plugins/revslider/public/css/sr7.css?ver=6.7.23 HTTP/1.1" 200 1266 "https://aiqaderm.com/product-category/hair-regrowth/" "Mozilla/5.0 (Linux; Android 10; K) AppleWebKit/537.36 (KHTML, like Gecko) Chrome/135.0.0.0 Mobile Safari/537.36"
119.73.116.222 - - [27/Apr/2025:07:05:36 -0400] "GET /wp-content/plugins/contact-form-7/includes/css/styles.css?ver=6.0.6 HTTP/1.1" 200 890 "https://aiqaderm.com/product-category/hair-regrowth/" "Mozilla/5.0 (Linux; Android 10; K) AppleWebKit/537.36 (KHTML, like Gecko) Chrome/135.0.0.0 Mobile Safari/537.36"
119.73.116.222 - - [27/Apr/2025:07:05:36 -0400] "GET /wp-content/themes/medibazar/assets/css//owl.carousel.min.css?ver=1.0 HTTP/1.1" 200 789 "https://aiqaderm.com/product-category/hair-regrowth/" "Mozilla/5.0 (Linux; Android 10; K) AppleWebKit/537.36 (KHTML, like Gecko) Chrome/135.0.0.0 Mobile Safari/537.36"
119.73.116.222 - - [27/Apr/2025:07:05:36 -0400] "GET /wp-content/themes/medibazar/assets/css//meanmenu.css?ver=1.0 HTTP/1.1" 200 942 "https://aiqaderm.com/product-category/hair-regrowth/" "Mozilla/5.0 (Linux; Android 10; K) AppleWebKit/537.36 (KHTML, like Gecko) Chrome/135.0.0.0 Mobile Safari/537.36"
119.73.116.222 - - [27/Apr/2025:07:05:36 -0400] "GET /wp-content/plugins/ti-woocommerce-wishlist/assets/css/webfont.min.css?ver=2.9.2 HTTP/1.1" 200 785 "https://aiqaderm.com/product-category/hair-regrowth/" "Mozilla/5.0 (Linux; Android 10; K) AppleWebKit/537.36 (KHTML, like Gecko) Chrome/135.0.0.0 Mobile Safari/537.36"
119.73.116.222 - - [27/Apr/2025:07:05:36 -0400] "GET /wp-content/themes/medibazar/assets/css//magnific-popup.css?ver=1.0 HTTP/1.1" 200 1660 "https://aiqaderm.com/product-category/hair-regrowth/" "Mozilla/5.0 (Linux; Android 10; K) AppleWebKit/537.36 (KHTML, like Gecko) Chrome/135.0.0.0 Mobile Safari/537.36"
119.73.116.222 - - [27/Apr/2025:07:05:36 -0400] "GET /wp-content/themes/medibazar/assets/css//slick.css?ver=1.0 HTTP/1.1" 200 483 "https://aiqaderm.com/product-category/hair-regrowth/" "Mozilla/5.0 (Linux; Android 10; K) AppleWebKit/537.36 (KHTML, like Gecko) Chrome/135.0.0.0 Mobile Safari/537.36"
119.73.116.222 - - [27/Apr/2025:07:05:36 -0400] "GET /wp-content/themes/medibazar/assets/css//responsive.css?ver=1.0 HTTP/1.1" 200 366 "https://aiqaderm.com/product-category/hair-regrowth/" "Mozilla/5.0 (Linux; Android 10; K) AppleWebKit/537.36 (KHTML, like Gecko) Chrome/135.0.0.0 Mobile Safari/537.36"
119.73.116.222 - - [27/Apr/2025:07:05:36 -0400] "GET /wp-content/themes/medibazar/assets/css//main.css?ver=1.0 HTTP/1.1" 200 40160 "https://aiqaderm.com/product-category/hair-regrowth/" "Mozilla/5.0 (Linux; Android 10; K) AppleWebKit/537.36 (KHTML, like Gecko) Chrome/135.0.0.0 Mobile Safari/537.36"
119.73.116.222 - - [27/Apr/2025:07:05:36 -0400] "GET /wp-content/themes/medibazar/assets/css//themify-icons.css?ver=1.0 HTTP/1.1" 200 2678 "https://aiqaderm.com/product-category/hair-regrowth/" "Mozilla/5.0 (Linux; Android 10; K) AppleWebKit/537.36 (KHTML, like Gecko) Chrome/135.0.0.0 Mobile Safari/537.36"
119.73.116.222 - - [27/Apr/2025:07:05:36 -0400] "GET /wp-content/themes/medibazar-child/style.css?ver=6.8 HTTP/1.1" 200 233 "https://aiqaderm.com/product-category/hair-regrowth/" "Mozilla/5.0 (Linux; Android 10; K) AppleWebKit/537.36 (KHTML, like Gecko) Chrome/135.0.0.0 Mobile Safari/537.36"
119.73.116.222 - - [27/Apr/2025:07:05:36 -0400] "GET /wp-content/plugins/ti-woocommerce-wishlist/assets/css/public.min.css?ver=2.9.2 HTTP/1.1" 200 5295 "https://aiqaderm.com/product-category/hair-regrowth/" "Mozilla/5.0 (Linux; Android 10; K) AppleWebKit/537.36 (KHTML, like Gecko) Chrome/135.0.0.0 Mobile Safari/537.36"
119.73.116.222 - - [27/Apr/2025:07:05:36 -0400] "GET /wp-content/themes/medibazar/assets/css//animate.min.css?ver=1.0 HTTP/1.1" 200 3780 "https://aiqaderm.com/product-category/hair-regrowth/" "Mozilla/5.0 (Linux; Android 10; K) AppleWebKit/537.36 (KHTML, like Gecko) Chrome/135.0.0.0 Mobile Safari/537.36"
119.73.116.222 - - [27/Apr/2025:07:05:36 -0400] "GET /wp-content/themes/medibazar/assets/css//fontawesome-all.min.css?ver=1.0 HTTP/1.1" 200 28884 "https://aiqaderm.com/product-category/hair-regrowth/" "Mozilla/5.0 (Linux; Android 10; K) AppleWebKit/537.36 (KHTML, like Gecko) Chrome/135.0.0.0 Mobile Safari/537.36"
119.73.116.222 - - [27/Apr/2025:07:05:37 -0400] "GET /wp-content/themes/medibazar-child/style.css?ver=1.8.9 HTTP/1.1" 200 233 "https://aiqaderm.com/product-category/hair-regrowth/" "Mozilla/5.0 (Linux; Android 10; K) AppleWebKit/537.36 (KHTML, like Gecko) Chrome/135.0.0.0 Mobile Safari/537.36"
119.73.116.222 - - [27/Apr/2025:07:05:37 -0400] "GET /wp-content/plugins/ti-woocommerce-wishlist/assets/fonts/tinvwl-webfont.woff2?ver=xu2uyi HTTP/1.1" 200 4404 "https://aiqaderm.com/product-category/hair-regrowth/" "Mozilla/5.0 (Linux; Android 10; K) AppleWebKit/537.36 (KHTML, like Gecko) Chrome/135.0.0.0 Mobile Safari/537.36"
119.73.116.222 - - [27/Apr/2025:07:05:37 -0400] "GET /wp-includes/js/jquery/jquery.min.js?ver=3.7.1 HTTP/1.1" 200 29744 "https://aiqaderm.com/product-category/hair-regrowth/" "Mozilla/5.0 (Linux; Android 10; K) AppleWebKit/537.36 (KHTML, like Gecko) Chrome/135.0.0.0 Mobile Safari/537.36"
119.73.116.222 - - [27/Apr/2025:07:05:37 -0400] "GET /wp-content/plugins/woocommerce/assets/js/jquery-blockui/jquery.blockUI.min.js?ver=2.7.0-wc.9.8.2 HTTP/1.1" 200 3277 "https://aiqaderm.com/product-category/hair-regrowth/" "Mozilla/5.0 (Linux; Android 10; K) AppleWebKit/537.36 (KHTML, like Gecko) Chrome/135.0.0.0 Mobile Safari/537.36"
119.73.116.222 - - [27/Apr/2025:07:05:37 -0400] "GET /wp-content/plugins/woocommerce/assets/js/js-cookie/js.cookie.min.js?ver=2.1.4-wc.9.8.2 HTTP/1.1" 200 760 "https://aiqaderm.com/product-category/hair-regrowth/" "Mozilla/5.0 (Linux; Android 10; K) AppleWebKit/537.36 (KHTML, like Gecko) Chrome/135.0.0.0 Mobile Safari/537.36"
119.73.116.222 - - [27/Apr/2025:07:05:37 -0400] "GET /wp-content/uploads/2024/12/aiqaderm-logo-png-e1733748377144.png HTTP/1.1" 200 44503 "https://aiqaderm.com/product-category/hair-regrowth/" "Mozilla/5.0 (Linux; Android 10; K) AppleWebKit/537.36 (KHTML, like Gecko) Chrome/135.0.0.0 Mobile Safari/537.36"
119.73.116.222 - - [27/Apr/2025:07:05:37 -0400] "GET /wp-content/themes/medibazar/style.css?ver=6.8 HTTP/1.1" 200 13639 "https://aiqaderm.com/product-category/hair-regrowth/" "Mozilla/5.0 (Linux; Android 10; K) AppleWebKit/537.36 (KHTML, like Gecko) Chrome/135.0.0.0 Mobile Safari/537.36"
119.73.116.222 - - [27/Apr/2025:07:05:37 -0400] "GET /wp-includes/js/jquery/jquery-migrate.min.js?ver=3.4.1 HTTP/1.1" 200 4678 "https://aiqaderm.com/product-category/hair-regrowth/" "Mozilla/5.0 (Linux; Android 10; K) AppleWebKit/537.36 (KHTML, like Gecko) Chrome/135.0.0.0 Mobile Safari/537.36"
119.73.116.222 - - [27/Apr/2025:07:05:37 -0400] "GET /wp-content/themes/medibazar/includes/pjax/js/helpers.js?ver=1.0 HTTP/1.1" 200 228 "https://aiqaderm.com/product-category/hair-regrowth/" "Mozilla/5.0 (Linux; Android 10; K) AppleWebKit/537.36 (KHTML, like Gecko) Chrome/135.0.0.0 Mobile Safari/537.36"
119.73.116.222 - - [27/Apr/2025:07:05:37 -0400] "GET /wp-content/uploads/2020/10/c-1.png HTTP/1.1" 200 55294 "https://aiqaderm.com/product-category/hair-regrowth/" "Mozilla/5.0 (Linux; Android 10; K) AppleWebKit/537.36 (KHTML, like Gecko) Chrome/135.0.0.0 Mobile Safari/537.36"
119.73.116.222 - - [27/Apr/2025:07:05:41 -0400] "GET /wp-content/uploads/2024/12/25.png HTTP/1.1" 200 221530 "https://aiqaderm.com/product-category/hair-regrowth/" "Mozilla/5.0 (Linux; Android 10; K) AppleWebKit/537.36 (KHTML, like Gecko) Chrome/135.0.0.0 Mobile Safari/537.36"
119.73.116.222 - - [27/Apr/2025:07:05:41 -0400] "GET /wp-content/uploads/2024/12/2-3.png HTTP/1.1" 200 232254 "https://aiqaderm.com/product-category/hair-regrowth/" "Mozilla/5.0 (Linux; Android 10; K) AppleWebKit/537.36 (KHTML, like Gecko) Chrome/135.0.0.0 Mobile Safari/537.36"
119.73.116.222 - - [27/Apr/2025:07:05:41 -0400] "GET /wp-content/uploads/2024/12/30.png HTTP/1.1" 200 207806 "https://aiqaderm.com/product-category/hair-regrowth/" "Mozilla/5.0 (Linux; Android 10; K) AppleWebKit/537.36 (KHTML, like Gecko) Chrome/135.0.0.0 Mobile Safari/537.36"
119.73.116.222 - - [27/Apr/2025:07:05:41 -0400] "GET /wp-content/plugins/click-to-chat-for-whatsapp/new/inc/assets/js/app.js?ver=4.20 HTTP/1.1" 200 2906 "https://aiqaderm.com/product-category/hair-regrowth/" "Mozilla/5.0 (Linux; Android 10; K) AppleWebKit/537.36 (KHTML, like Gecko) Chrome/135.0.0.0 Mobile Safari/537.36"
119.73.116.222 - - [27/Apr/2025:07:05:41 -0400] "GET /wp-content/plugins/woocommerce/assets/client/blocks/wc-blocks.css?ver=wc-9.8.2 HTTP/1.1" 200 2282 "https://aiqaderm.com/product-category/hair-regrowth/" "Mozilla/5.0 (Linux; Android 10; K) AppleWebKit/537.36 (KHTML, like Gecko) Chrome/135.0.0.0 Mobile Safari/537.36"
119.73.116.222 - - [27/Apr/2025:07:05:41 -0400] "GET /wp-includes/js/dist/i18n.min.js?ver=5e580eb46a90c2b997e6 HTTP/1.1" 200 3542 "https://aiqaderm.com/product-category/hair-regrowth/" "Mozilla/5.0 (Linux; Android 10; K) AppleWebKit/537.36 (KHTML, like Gecko) Chrome/135.0.0.0 Mobile Safari/537.36"
119.73.116.222 - - [27/Apr/2025:07:05:41 -0400] "GET /wp-content/plugins/contact-form-7/includes/swv/js/index.js?ver=6.0.6 HTTP/1.1" 200 3369 "https://aiqaderm.com/product-category/hair-regrowth/" "Mozilla/5.0 (Linux; Android 10; K) AppleWebKit/537.36 (KHTML, like Gecko) Chrome/135.0.0.0 Mobile Safari/537.36"
119.73.116.222 - - [27/Apr/2025:07:05:41 -0400] "GET /wp-includes/js/dist/hooks.min.js?ver=4d63a3d491d11ffd8ac6 HTTP/1.1" 200 1571 "https://aiqaderm.com/product-category/hair-regrowth/" "Mozilla/5.0 (Linux; Android 10; K) AppleWebKit/537.36 (KHTML, like Gecko) Chrome/135.0.0.0 Mobile Safari/537.36"
119.73.116.222 - - [27/Apr/2025:07:05:41 -0400] "GET /wp-content/plugins/contact-form-7/includes/js/index.js?ver=6.0.6 HTTP/1.1" 200 4008 "https://aiqaderm.com/product-category/hair-regrowth/" "Mozilla/5.0 (Linux; Android 10; K) AppleWebKit/537.36 (KHTML, like Gecko) Chrome/135.0.0.0 Mobile Safari/537.36"
119.73.116.222 - - [27/Apr/2025:07:05:41 -0400] "GET /wp-content/themes/medibazar/assets/js//owl.carousel.min.js?ver=1.0 HTTP/1.1" 200 10691 "https://aiqaderm.com/product-category/hair-regrowth/" "Mozilla/5.0 (Linux; Android 10; K) AppleWebKit/537.36 (KHTML, like Gecko) Chrome/135.0.0.0 Mobile Safari/537.36"
119.73.116.222 - - [27/Apr/2025:07:05:41 -0400] "GET /wp-content/plugins/woocommerce/assets/js/frontend/cart-fragments.min.js?ver=9.8.2 HTTP/1.1" 200 943 "https://aiqaderm.com/product-category/hair-regrowth/" "Mozilla/5.0 (Linux; Android 10; K) AppleWebKit/537.36 (KHTML, like Gecko) Chrome/135.0.0.0 Mobile Safari/537.36"
119.73.116.222 - - [27/Apr/2025:07:05:41 -0400] "GET /wp-content/plugins/ti-woocommerce-wishlist/assets/js/public.min.js?ver=2.9.2 HTTP/1.1" 200 5635 "https://aiqaderm.com/product-category/hair-regrowth/" "Mozilla/5.0 (Linux; Android 10; K) AppleWebKit/537.36 (KHTML, like Gecko) Chrome/135.0.0.0 Mobile Safari/537.36"
119.73.116.222 - - [27/Apr/2025:07:05:41 -0400] "GET /wp-content/themes/medibazar/assets/js//bootstrap.min.js?ver=1.0 HTTP/1.1" 200 13430 "https://aiqaderm.com/product-category/hair-regrowth/" "Mozilla/5.0 (Linux; Android 10; K) AppleWebKit/537.36 (KHTML, like Gecko) Chrome/135.0.0.0 Mobile Safari/537.36"
119.73.116.222 - - [27/Apr/2025:07:05:41 -0400] "GET /wp-content/themes/medibazar/assets/js//waypoints.min.js?ver=1.0 HTTP/1.1" 200 2461 "https://aiqaderm.com/product-category/hair-regrowth/" "Mozilla/5.0 (Linux; Android 10; K) AppleWebKit/537.36 (KHTML, like Gecko) Chrome/135.0.0.0 Mobile Safari/537.36"
119.73.116.222 - - [27/Apr/2025:07:05:41 -0400] "GET /wp-content/themes/medibazar/assets/js//isotope.pkgd.min.js?ver=1.0 HTTP/1.1" 200 9626 "https://aiqaderm.com/product-category/hair-regrowth/" "Mozilla/5.0 (Linux; Android 10; K) AppleWebKit/537.36 (KHTML, like Gecko) Chrome/135.0.0.0 Mobile Safari/537.36"
119.73.116.222 - - [27/Apr/2025:07:05:41 -0400] "GET /wp-content/themes/medibazar/assets/js//popper.min.js?ver=1.0 HTTP/1.1" 200 6948 "https://aiqaderm.com/product-category/hair-regrowth/" "Mozilla/5.0 (Linux; Android 10; K) AppleWebKit/537.36 (KHTML, like Gecko) Chrome/135.0.0.0 Mobile Safari/537.36"
119.73.116.222 - - [27/Apr/2025:07:05:41 -0400] "GET /wp-content/themes/medibazar/assets/js//jquery.appear.js?ver=1.0 HTTP/1.1" 200 1159 "https://aiqaderm.com/product-category/hair-regrowth/" "Mozilla/5.0 (Linux; Android 10; K) AppleWebKit/537.36 (KHTML, like Gecko) Chrome/135.0.0.0 Mobile Safari/537.36"
119.73.116.222 - - [27/Apr/2025:07:05:41 -0400] "GET /wp-content/themes/medibazar/assets/js//vendor/modernizr-3.5.0.min.js?ver=1.0 HTTP/1.1" 200 3395 "https://aiqaderm.com/product-category/hair-regrowth/" "Mozilla/5.0 (Linux; Android 10; K) AppleWebKit/537.36 (KHTML, like Gecko) Chrome/135.0.0.0 Mobile Safari/537.36"
119.73.116.222 - - [27/Apr/2025:07:05:41 -0400] "GET /wp-content/themes/medibazar/assets/js//wow.min.js?ver=1.0 HTTP/1.1" 200 2572 "https://aiqaderm.com/product-category/hair-regrowth/" "Mozilla/5.0 (Linux; Android 10; K) AppleWebKit/537.36 (KHTML, like Gecko) Chrome/135.0.0.0 Mobile Safari/537.36"
119.73.116.222 - - [27/Apr/2025:07:05:41 -0400] "GET /wp-content/themes/medibazar/assets/js//jquery.meanmenu.min.js?ver=1.0 HTTP/1.1" 200 1302 "https://aiqaderm.com/product-category/hair-regrowth/" "Mozilla/5.0 (Linux; Android 10; K) AppleWebKit/537.36 (KHTML, like Gecko) Chrome/135.0.0.0 Mobile Safari/537.36"
119.73.116.222 - - [27/Apr/2025:07:05:41 -0400] "GET /wp-content/themes/medibazar/assets/js//slick.min.js?ver=1.0 HTTP/1.1" 200 10097 "https://aiqaderm.com/product-category/hair-regrowth/" "Mozilla/5.0 (Linux; Android 10; K) AppleWebKit/537.36 (KHTML, like Gecko) Chrome/135.0.0.0 Mobile Safari/537.36"
119.73.116.222 - - [27/Apr/2025:07:05:41 -0400] "GET /wp-content/themes/medibazar/assets/js//jquery.countdown.min.js?ver=1.0 HTTP/1.1" 200 2244 "https://aiqaderm.com/product-category/hair-regrowth/" "Mozilla/5.0 (Linux; Android 10; K) AppleWebKit/537.36 (KHTML, like Gecko) Chrome/135.0.0.0 Mobile Safari/537.36"
119.73.116.222 - - [27/Apr/2025:07:05:41 -0400] "GET /wp-content/themes/medibazar/assets/js//jquery.counterup.min.js?ver=1.0 HTTP/1.1" 200 496 "https://aiqaderm.com/product-category/hair-regrowth/" "Mozilla/5.0 (Linux; Android 10; K) AppleWebKit/537.36 (KHTML, like Gecko) Chrome/135.0.0.0 Mobile Safari/537.36"
119.73.116.222 - - [27/Apr/2025:07:05:41 -0400] "GET /wp-content/plugins/woocommerce/assets/js/sourcebuster/sourcebuster.min.js?ver=9.8.2 HTTP/1.1" 200 4609 "https://aiqaderm.com/product-category/hair-regrowth/" "Mozilla/5.0 (Linux; Android 10; K) AppleWebKit/537.36 (KHTML, like Gecko) Chrome/135.0.0.0 Mobile Safari/537.36"
119.73.116.222 - - [27/Apr/2025:07:05:41 -0400] "GET /wp-content/themes/medibazar/assets/js//main.js?ver=1.0 HTTP/1.1" 200 2640 "https://aiqaderm.com/product-category/hair-regrowth/" "Mozilla/5.0 (Linux; Android 10; K) AppleWebKit/537.36 (KHTML, like Gecko) Chrome/135.0.0.0 Mobile Safari/537.36"
119.73.116.222 - - [27/Apr/2025:07:05:41 -0400] "GET /wp-content/themes/medibazar/assets/js//jquery.scrollUp.min.js?ver=1.0 HTTP/1.1" 200 853 "https://aiqaderm.com/product-category/hair-regrowth/" "Mozilla/5.0 (Linux; Android 10; K) AppleWebKit/537.36 (KHTML, like Gecko) Chrome/135.0.0.0 Mobile Safari/537.36"
119.73.116.222 - - [27/Apr/2025:07:05:41 -0400] "GET /wp-content/themes/medibazar/assets/js/custom/quick_ajax.js?ver=1.0.0 HTTP/1.1" 200 812 "https://aiqaderm.com/product-category/hair-regrowth/" "Mozilla/5.0 (Linux; Android 10; K) AppleWebKit/537.36 (KHTML, like Gecko) Chrome/135.0.0.0 Mobile Safari/537.36"
119.73.116.222 - - [27/Apr/2025:07:05:41 -0400] "GET /wp-content/themes/medibazar/assets/js//jquery.magnific-popup.min.js?ver=1.0 HTTP/1.1" 200 7043 "https://aiqaderm.com/product-category/hair-regrowth/" "Mozilla/5.0 (Linux; Android 10; K) AppleWebKit/537.36 (KHTML, like Gecko) Chrome/135.0.0.0 Mobile Safari/537.36"
119.73.116.222 - - [27/Apr/2025:07:05:41 -0400] "GET /wp-content/themes/medibazar/assets/js//jquery.knob.js?ver=1.0 HTTP/1.1" 200 5731 "https://aiqaderm.com/product-category/hair-regrowth/" "Mozilla/5.0 (Linux; Android 10; K) AppleWebKit/537.36 (KHTML, like Gecko) Chrome/135.0.0.0 Mobile Safari/537.36"
119.73.116.222 - - [27/Apr/2025:07:05:41 -0400] "GET /wp-content/themes/medibazar/assets/js//plugins.js?ver=1.0 HTTP/1.1" 200 333 "https://aiqaderm.com/product-category/hair-regrowth/" "Mozilla/5.0 (Linux; Android 10; K) AppleWebKit/537.36 (KHTML, like Gecko) Chrome/135.0.0.0 Mobile Safari/537.36"
119.73.116.222 - - [27/Apr/2025:07:05:41 -0400] "GET /wp-includes/js/jquery/ui/core.min.js?ver=1.13.3 HTTP/1.1" 200 6812 "https://aiqaderm.com/product-category/hair-regrowth/" "Mozilla/5.0 (Linux; Android 10; K) AppleWebKit/537.36 (KHTML, like Gecko) Chrome/135.0.0.0 Mobile Safari/537.36"
119.73.116.222 - - [27/Apr/2025:07:05:41 -0400] "GET /wp-includes/js/jquery/ui/mouse.min.js?ver=1.13.3 HTTP/1.1" 200 1012 "https://aiqaderm.com/product-category/hair-regrowth/" "Mozilla/5.0 (Linux; Android 10; K) AppleWebKit/537.36 (KHTML, like Gecko) Chrome/135.0.0.0 Mobile Safari/537.36"
119.73.116.222 - - [27/Apr/2025:07:05:41 -0400] "GET /wp-includes/js/jquery/ui/slider.min.js?ver=1.13.3 HTTP/1.1" 200 3010 "https://aiqaderm.com/product-category/hair-regrowth/" "Mozilla/5.0 (Linux; Android 10; K) AppleWebKit/537.36 (KHTML, like Gecko) Chrome/135.0.0.0 Mobile Safari/537.36"
119.73.116.222 - - [27/Apr/2025:07:05:41 -0400] "GET /wp-content/plugins/woocommerce/assets/js/frontend/order-attribution.min.js?ver=9.8.2 HTTP/1.1" 200 1006 "https://aiqaderm.com/product-category/hair-regrowth/" "Mozilla/5.0 (Linux; Android 10; K) AppleWebKit/537.36 (KHTML, like Gecko) Chrome/135.0.0.0 Mobile Safari/537.36"
119.73.116.222 - - [27/Apr/2025:07:05:41 -0400] "GET /wp-content/plugins/woocommerce/assets/js/frontend/price-slider.min.js?ver=9.8.2 HTTP/1.1" 200 538 "https://aiqaderm.com/product-category/hair-regrowth/" "Mozilla/5.0 (Linux; Android 10; K) AppleWebKit/537.36 (KHTML, like Gecko) Chrome/135.0.0.0 Mobile Safari/537.36"
119.73.116.222 - - [27/Apr/2025:07:05:41 -0400] "GET /wp-content/plugins/woocommerce/assets/js/frontend/add-to-cart.min.js?ver=9.8.2 HTTP/1.1" 200 1225 "https://aiqaderm.com/product-category/hair-regrowth/" "Mozilla/5.0 (Linux; Android 10; K) AppleWebKit/537.36 (KHTML, like Gecko) Chrome/135.0.0.0 Mobile Safari/537.36"
119.73.116.222 - - [27/Apr/2025:07:05:41 -0400] "GET /wp-content/plugins/revslider/public/js/libs/tptools.js?ver=6.7.23 HTTP/1.1" 200 72603 "https://aiqaderm.com/product-category/hair-regrowth/" "Mozilla/5.0 (Linux; Android 10; K) AppleWebKit/537.36 (KHTML, like Gecko) Chrome/135.0.0.0 Mobile Safari/537.36"
119.73.116.222 - - [27/Apr/2025:07:05:41 -0400] "GET /wp-content/plugins/woocommerce/assets/js/accounting/accounting.min.js?ver=0.4.2 HTTP/1.1" 200 1321 "https://aiqaderm.com/product-category/hair-regrowth/" "Mozilla/5.0 (Linux; Android 10; K) AppleWebKit/537.36 (KHTML, like Gecko) Chrome/135.0.0.0 Mobile Safari/537.36"
119.73.116.222 - - [27/Apr/2025:07:05:41 -0400] "GET /wp-content/uploads/2020/09/22.png HTTP/1.1" 200 223101 "https://aiqaderm.com/product-category/hair-regrowth/" "Mozilla/5.0 (Linux; Android 10; K) AppleWebKit/537.36 (KHTML, like Gecko) Chrome/135.0.0.0 Mobile Safari/537.36"
119.73.116.222 - - [27/Apr/2025:07:05:41 -0400] "GET /wp-content/themes/medibazar/assets/img/preloader.gif HTTP/1.1" 200 7241 "https://aiqaderm.com/wp-content/themes/medibazar/style.css?ver=6.8" "Mozilla/5.0 (Linux; Android 10; K) AppleWebKit/537.36 (KHTML, like Gecko) Chrome/135.0.0.0 Mobile Safari/537.36"
119.73.116.222 - - [27/Apr/2025:07:05:41 -0400] "GET /wp-content/plugins/woocommerce/assets/js/jquery-ui-touch-punch/jquery-ui-touch-punch.min.js?ver=9.8.2 HTTP/1.1" 200 529 "https://aiqaderm.com/product-category/hair-regrowth/" "Mozilla/5.0 (Linux; Android 10; K) AppleWebKit/537.36 (KHTML, like Gecko) Chrome/135.0.0.0 Mobile Safari/537.36"
119.73.116.222 - - [27/Apr/2025:07:05:41 -0400] "GET /wp-content/plugins/woocommerce/assets/js/frontend/woocommerce.min.js?ver=9.8.2 HTTP/1.1" 200 1241 "https://aiqaderm.com/product-category/hair-regrowth/" "Mozilla/5.0 (Linux; Android 10; K) AppleWebKit/537.36 (KHTML, like Gecko) Chrome/135.0.0.0 Mobile Safari/537.36"
119.73.116.222 - - [27/Apr/2025:07:05:41 -0400] "GET /wp-content/plugins/revslider/public/js/sr7.js?ver=6.7.23 HTTP/1.1" 200 88089 "https://aiqaderm.com/product-category/hair-regrowth/" "Mozilla/5.0 (Linux; Android 10; K) AppleWebKit/537.36 (KHTML, like Gecko) Chrome/135.0.0.0 Mobile Safari/537.36"
119.73.116.222 - - [27/Apr/2025:07:05:42 -0400] "GET /wp-content/uploads/2020/10/breadcrumb.jpg HTTP/1.1" 200 239743 "https://aiqaderm.com/product-category/hair-regrowth/" "Mozilla/5.0 (Linux; Android 10; K) AppleWebKit/537.36 (KHTML, like Gecko) Chrome/135.0.0.0 Mobile Safari/537.36"
119.73.116.222 - - [27/Apr/2025:07:05:42 -0400] "GET /wp-content/themes/medibazar/assets/css/fonts/CerebriSans-SemiBold.woff2 HTTP/1.1" 200 27328 "https://aiqaderm.com/wp-content/themes/medibazar/assets/css//main.css?ver=1.0" "Mozilla/5.0 (Linux; Android 10; K) AppleWebKit/537.36 (KHTML, like Gecko) Chrome/135.0.0.0 Mobile Safari/537.36"
119.73.116.222 - - [27/Apr/2025:07:05:42 -0400] "GET /wp-content/themes/medibazar/assets/css/fonts/CerebriSans-Medium.woff2 HTTP/1.1" 200 27656 "https://aiqaderm.com/wp-content/themes/medibazar/assets/css//main.css?ver=1.0" "Mozilla/5.0 (Linux; Android 10; K) AppleWebKit/537.36 (KHTML, like Gecko) Chrome/135.0.0.0 Mobile Safari/537.36"
119.73.116.222 - - [27/Apr/2025:07:05:42 -0400] "GET /wp-content/themes/medibazar/assets/css/fonts/fa-regular-400.woff2 HTTP/1.1" 200 145076 "https://aiqaderm.com/wp-content/themes/medibazar/assets/css//fontawesome-all.min.css?ver=1.0" "Mozilla/5.0 (Linux; Android 10; K) AppleWebKit/537.36 (KHTML, like Gecko) Chrome/135.0.0.0 Mobile Safari/537.36"
119.73.116.222 - - [27/Apr/2025:07:05:42 -0400] "GET /wp-content/themes/medibazar/assets/css/fonts/CerebriSans-Regular.woff2 HTTP/1.1" 200 27464 "https://aiqaderm.com/wp-content/themes/medibazar/assets/css//main.css?ver=1.0" "Mozilla/5.0 (Linux; Android 10; K) AppleWebKit/537.36 (KHTML, like Gecko) Chrome/135.0.0.0 Mobile Safari/537.36"
119.73.116.222 - - [27/Apr/2025:07:05:42 -0400] "GET /wp-content/themes/medibazar/assets/css/fonts/CerebriSans-Bold.woff2 HTTP/1.1" 200 27516 "https://aiqaderm.com/wp-content/themes/medibazar/assets/css//main.css?ver=1.0" "Mozilla/5.0 (Linux; Android 10; K) AppleWebKit/537.36 (KHTML, like Gecko) Chrome/135.0.0.0 Mobile Safari/537.36"
119.73.116.222 - - [27/Apr/2025:07:05:42 -0400] "GET /wp-content/themes/medibazar/assets/css/fonts/fa-brands-400.woff2 HTTP/1.1" 200 74800 "https://aiqaderm.com/wp-content/themes/medibazar/assets/css//fontawesome-all.min.css?ver=1.0" "Mozilla/5.0 (Linux; Android 10; K) AppleWebKit/537.36 (KHTML, like Gecko) Chrome/135.0.0.0 Mobile Safari/537.36"
119.73.116.222 - - [27/Apr/2025:07:05:42 -0400] "GET /wp-content/themes/medibazar/assets/css/fonts/fa-solid-900.woff2 HTTP/1.1" 200 117536 "https://aiqaderm.com/wp-content/themes/medibazar/assets/css//fontawesome-all.min.css?ver=1.0" "Mozilla/5.0 (Linux; Android 10; K) AppleWebKit/537.36 (KHTML, like Gecko) Chrome/135.0.0.0 Mobile Safari/537.36"
66.29.132.124 - - [27/Apr/2025:07:05:46 -0400] "POST /wp-cron.php?doing_wp_cron=1745751946.3097729682922363281250 HTTP/1.1" 200 0 "-" "WordPress/6.8; https://aiqaderm.com"
119.73.116.222 - - [27/Apr/2025:07:05:41 -0400] "GET /wp-content/plugins/WP%20PROTECTION/custom-script.js HTTP/1.1" 404 19397 "https://aiqaderm.com/product-category/hair-regrowth/" "Mozilla/5.0 (Linux; Android 10; K) AppleWebKit/537.36 (KHTML, like Gecko) Chrome/135.0.0.0 Mobile Safari/537.36"
66.29.132.124 - - [27/Apr/2025:07:05:46 -0400] "POST /wp-admin/admin-ajax.php?action=async_litespeed&nonce=MEegMlODYwXJZMrfnkdh3rbfxGTGbjng&litespeed_type=imgoptm HTTP/1.1" 200 21 "-" "WordPress/6.8; https://aiqaderm.com"
119.73.116.222 - - [27/Apr/2025:07:05:50 -0400] "GET /wp-content/themes/medibazar/assets/css/fonts/fa-light-300.woff2 HTTP/1.1" 200 157064 "https://aiqaderm.com/wp-content/themes/medibazar/assets/css//fontawesome-all.min.css?ver=1.0" "Mozilla/5.0 (Linux; Android 10; K) AppleWebKit/537.36 (KHTML, like Gecko) Chrome/135.0.0.0 Mobile Safari/537.36"
119.73.116.222 - - [27/Apr/2025:07:05:50 -0400] "POST /?wc-ajax=get_refreshed_fragments HTTP/1.1" 200 493 "https://aiqaderm.com/product-category/hair-regrowth/" "Mozilla/5.0 (Linux; Android 10; K) AppleWebKit/537.36 (KHTML, like Gecko) Chrome/135.0.0.0 Mobile Safari/537.36"
119.73.116.222 - - [27/Apr/2025:07:05:55 -0400] "GET /wp-content/uploads/2024/12/cropped-png-icon-aiqa-1-192x192.png HTTP/1.1" 200 13784 "https://aiqaderm.com/product-category/hair-regrowth/" "Mozilla/5.0 (Linux; Android 10; K) AppleWebKit/537.36 (KHTML, like Gecko) Chrome/135.0.0.0 Mobile Safari/537.36"
119.73.116.222 - - [27/Apr/2025:07:05:55 -0400] "GET /wp-content/uploads/2024/12/cropped-png-icon-aiqa-1-180x180.png HTTP/1.1" 200 12688 "https://aiqaderm.com/product-category/hair-regrowth/" "Mozilla/5.0 (Linux; Android 10; K) AppleWebKit/537.36 (KHTML, like Gecko) Chrome/135.0.0.0 Mobile Safari/537.36"
119.73.116.222 - - [27/Apr/2025:07:06:23 -0400] "GET /product/aiqa-grow-hair-shampoo/ HTTP/1.1" 200 24359 "https://aiqaderm.com/product-category/hair-regrowth/" "Mozilla/5.0 (Linux; Android 10; K) AppleWebKit/537.36 (KHTML, like Gecko) Chrome/135.0.0.0 Mobile Safari/537.36"
119.73.116.222 - - [27/Apr/2025:07:06:29 -0400] "GET /wp-content/plugins/woocommerce/assets/css/photoswipe/default-skin/default-skin.min.css?ver=9.8.2 HTTP/1.1" 200 1759 "https://aiqaderm.com/product/aiqa-grow-hair-shampoo/" "Mozilla/5.0 (Linux; Android 10; K) AppleWebKit/537.36 (KHTML, like Gecko) Chrome/135.0.0.0 Mobile Safari/537.36"
119.73.116.222 - - [27/Apr/2025:07:06:29 -0400] "GET /wp-content/plugins/woocommerce/assets/css/photoswipe/photoswipe.min.css?ver=9.8.2 HTTP/1.1" 200 857 "https://aiqaderm.com/product/aiqa-grow-hair-shampoo/" "Mozilla/5.0 (Linux; Android 10; K) AppleWebKit/537.36 (KHTML, like Gecko) Chrome/135.0.0.0 Mobile Safari/537.36"
119.73.116.222 - - [27/Apr/2025:07:06:29 -0400] "GET /wp-content/uploads/2024/12/26.png HTTP/1.1" 200 136074 "https://aiqaderm.com/product/aiqa-grow-hair-shampoo/" "Mozilla/5.0 (Linux; Android 10; K) AppleWebKit/537.36 (KHTML, like Gecko) Chrome/135.0.0.0 Mobile Safari/537.36"
119.73.116.222 - - [27/Apr/2025:07:06:29 -0400] "GET /wp-content/uploads/2020/09/pr-banner.png HTTP/1.1" 200 86065 "https://aiqaderm.com/product/aiqa-grow-hair-shampoo/" "Mozilla/5.0 (Linux; Android 10; K) AppleWebKit/537.36 (KHTML, like Gecko) Chrome/135.0.0.0 Mobile Safari/537.36"
119.73.116.222 - - [27/Apr/2025:07:06:30 -0400] "GET /wp-content/uploads/2024/12/31.png HTTP/1.1" 200 275722 "https://aiqaderm.com/product/aiqa-grow-hair-shampoo/" "Mozilla/5.0 (Linux; Android 10; K) AppleWebKit/537.36 (KHTML, like Gecko) Chrome/135.0.0.0 Mobile Safari/537.36"
