66.29.132.124 - - [28/Apr/2025:08:46:32 -0400] "POST /wp-cron.php?doing_wp_cron=1745844391.6067070960998535156250 HTTP/1.1" 200 0 "-" "WordPress/6.8; https://aiqaderm.com"
20.171.207.143 - - [28/Apr/2025:08:46:16 -0400] "GET / HTTP/1.1" 500 15229 "-" "Mozilla/5.0 AppleWebKit/537.36 (KHTML, like Gecko; compatible; GPTBot/1.2; +https://openai.com/gptbot)"
66.29.132.124 - - [28/Apr/2025:08:46:34 -0400] "POST /wp-admin/admin-ajax.php?action=async_litespeed&nonce=KX0GjUJHAc1BjvcHp4d29jvGkv7JYRlO&litespeed_type=imgoptm HTTP/1.1" 200 0 "-" "WordPress/6.8; https://aiqaderm.com"
66.29.132.124 - - [28/Apr/2025:08:47:17 -0400] "POST /wp-cron.php?doing_wp_cron=1745844436.6902070045471191406250 HTTP/1.1" 200 0 "-" "WordPress/6.8; https://aiqaderm.com"
20.171.207.143 - - [28/Apr/2025:08:47:15 -0400] "GET / HTTP/1.1" 500 15227 "-" "Mozilla/5.0 AppleWebKit/537.36 (KHTML, like Gecko; compatible; GPTBot/1.2; +https://openai.com/gptbot)"
66.29.132.124 - - [28/Apr/2025:08:54:51 -0400] "POST /wp-cron.php?doing_wp_cron=1745844890.9397299289703369140625 HTTP/1.1" 200 0 "-" "WordPress/6.8; https://aiqaderm.com"
52.167.144.216 - - [28/Apr/2025:08:54:38 -0400] "GET /product/aiqa-grow-hair-oil-120ml/78 HTTP/1.1" 301 0 "-" "Mozilla/5.0 AppleWebKit/537.36 (KHTML, like Gecko; compatible; bingbot/2.0; +http://www.bing.com/bingbot.htm) Chrome/116.0.1938.76 Safari/537.36"
66.29.132.124 - - [28/Apr/2025:08:54:53 -0400] "POST /wp-admin/admin-ajax.php?action=async_litespeed&nonce=haFfNp4KxnEKqUvbHo9Qc0Cf6GMuq6LM&litespeed_type=imgoptm HTTP/1.1" 200 0 "-" "WordPress/6.8; https://aiqaderm.com"
66.29.132.124 - - [28/Apr/2025:08:59:49 -0400] "POST /wp-cron.php?doing_wp_cron=1745845189.3597691059112548828125 HTTP/1.1" 200 0 "-" "WordPress/6.8; https://aiqaderm.com"
20.171.207.143 - - [28/Apr/2025:08:59:39 -0400] "GET /xmlrpc.php HTTP/1.1" 405 46 "-" "Mozilla/5.0 AppleWebKit/537.36 (KHTML, like Gecko; compatible; GPTBot/1.2; +https://openai.com/gptbot)"
66.29.132.124 - - [28/Apr/2025:08:59:50 -0400] "POST /wp-admin/admin-ajax.php?action=async_litespeed&nonce=Mx8N4owYjsf0MlLpg4hBBmXdvxAywncp&litespeed_type=imgoptm HTTP/1.1" 200 0 "-" "WordPress/6.8; https://aiqaderm.com"
66.29.132.124 - - [28/Apr/2025:09:00:40 -0400] "POST /wp-cron.php?doing_wp_cron=1745845240.5273590087890625000000 HTTP/1.1" 200 0 "-" "WordPress/6.8; https://aiqaderm.com"
20.171.207.143 - - [28/Apr/2025:09:00:38 -0400] "GET /xmlrpc.php HTTP/1.1" 405 46 "-" "Mozilla/5.0 AppleWebKit/537.36 (KHTML, like Gecko; compatible; GPTBot/1.2; +https://openai.com/gptbot)"
66.29.132.124 - - [28/Apr/2025:09:00:42 -0400] "POST /wp-admin/admin-ajax.php?action=async_litespeed&nonce=tYtlZZzzN3z1ZMvBVywo75MjKJW8LURk&litespeed_type=imgoptm HTTP/1.1" 200 0 "-" "WordPress/6.8; https://aiqaderm.com"
66.29.132.124 - - [28/Apr/2025:09:08:56 -0400] "POST /wp-cron.php?doing_wp_cron=1745845736.1572940349578857421875 HTTP/1.1" 200 0 "-" "WordPress/6.8; https://aiqaderm.com"
20.171.207.143 - - [28/Apr/2025:09:08:45 -0400] "GET / HTTP/1.1" 500 15228 "-" "Mozilla/5.0 AppleWebKit/537.36 (KHTML, like Gecko; compatible; GPTBot/1.2; +https://openai.com/gptbot)"
66.29.132.124 - - [28/Apr/2025:09:08:58 -0400] "POST /wp-admin/admin-ajax.php?action=async_litespeed&nonce=aaAIpqozT6XRatuID7b90dDsjDSpjDRW&litespeed_type=imgoptm HTTP/1.1" 200 0 "-" "WordPress/6.8; https://aiqaderm.com"
20.171.207.143 - - [28/Apr/2025:09:09:48 -0400] "GET /wp-includes/css/wp-embed-template-ie.min.css?ver=6.7.2 HTTP/1.1" 200 745 "-" "Mozilla/5.0 AppleWebKit/537.36 (KHTML, like Gecko; compatible; GPTBot/1.2; +https://openai.com/gptbot)"
66.29.132.124 - - [28/Apr/2025:09:10:55 -0400] "POST /wp-cron.php?doing_wp_cron=1745845855.6106820106506347656250 HTTP/1.1" 200 0 "-" "WordPress/6.8; https://aiqaderm.com"
20.171.207.143 - - [28/Apr/2025:09:10:50 -0400] "GET /wp-content/uploads/2024/12/cropped-png-icon-aiqa-1-90x90.png%202x HTTP/1.1" 404 19395 "-" "Mozilla/5.0 AppleWebKit/537.36 (KHTML, like Gecko; compatible; GPTBot/1.2; +https://openai.com/gptbot)"
66.29.132.124 - - [28/Apr/2025:09:10:57 -0400] "POST /wp-admin/admin-ajax.php?action=async_litespeed&nonce=SDcWcNuPEr3DdfQDmuRMixB1jVN46SrI&litespeed_type=imgoptm HTTP/1.1" 200 0 "-" "WordPress/6.8; https://aiqaderm.com"
66.29.132.124 - - [28/Apr/2025:09:11:46 -0400] "POST /wp-cron.php?doing_wp_cron=1745845906.4635078907012939453125 HTTP/1.1" 200 0 "-" "WordPress/6.8; https://aiqaderm.com"
20.171.207.143 - - [28/Apr/2025:09:11:45 -0400] "GET /wp-includes/id3/license.txtac3_HTTP.404 HTTP/1.1" 404 19395 "-" "Mozilla/5.0 AppleWebKit/537.36 (KHTML, like Gecko; compatible; GPTBot/1.2; +https://openai.com/gptbot)"
66.29.132.124 - - [28/Apr/2025:09:11:47 -0400] "POST /wp-admin/admin-ajax.php?action=async_litespeed&nonce=cwhauSTtCbLXWDkaEGk2rfTOgYmUdBm4&litespeed_type=imgoptm HTTP/1.1" 200 0 "-" "WordPress/6.8; https://aiqaderm.com"
66.29.132.124 - - [28/Apr/2025:09:14:23 -0400] "POST /wp-cron.php?doing_wp_cron=1745846063.3055479526519775390625 HTTP/1.1" 200 0 "-" "WordPress/6.8; https://aiqaderm.com"
20.171.207.143 - - [28/Apr/2025:09:14:18 -0400] "GET /?p=812 HTTP/1.1" 301 0 "-" "Mozilla/5.0 AppleWebKit/537.36 (KHTML, like Gecko; compatible; GPTBot/1.2; +https://openai.com/gptbot)"
66.29.132.124 - - [28/Apr/2025:09:14:24 -0400] "POST /wp-admin/admin-ajax.php?action=async_litespeed&nonce=u7FIvwW8HzkXN2q2sY4mejlISVaKmiaU&litespeed_type=imgoptm HTTP/1.1" 200 0 "-" "WordPress/6.8; https://aiqaderm.com"
66.29.132.124 - - [28/Apr/2025:09:15:17 -0400] "POST /wp-cron.php?doing_wp_cron=1745846116.9712619781494140625000 HTTP/1.1" 200 0 "-" "WordPress/6.8; https://aiqaderm.com"
66.29.132.124 - - [28/Apr/2025:09:15:19 -0400] "POST /wp-admin/admin-ajax.php?action=async_litespeed&nonce=NcBNxlxVw1jpnvDusHomhqrLr0pBBCFI&litespeed_type=imgoptm HTTP/1.1" 200 0 "-" "WordPress/6.8; https://aiqaderm.com"
20.171.207.143 - - [28/Apr/2025:09:15:15 -0400] "GET /wp-json/wp/v2/product/812 HTTP/1.1" 200 2856 "-" "Mozilla/5.0 AppleWebKit/537.36 (KHTML, like Gecko; compatible; GPTBot/1.2; +https://openai.com/gptbot)"
66.29.132.124 - - [28/Apr/2025:09:30:55 -0400] "POST /wp-cron.php?doing_wp_cron=1745847054.6872339248657226562500 HTTP/1.1" 200 0 "-" "WordPress/6.8; https://aiqaderm.com"
20.171.207.143 - - [28/Apr/2025:09:30:40 -0400] "GET / HTTP/1.1" 500 15228 "-" "Mozilla/5.0 AppleWebKit/537.36 (KHTML, like Gecko; compatible; GPTBot/1.2; +https://openai.com/gptbot)"
66.29.132.124 - - [28/Apr/2025:09:30:58 -0400] "POST /wp-admin/admin-ajax.php?action=async_litespeed&nonce=kQpI9HWec8ZYcWJ2OSPNV6Eb08MqAafh&litespeed_type=imgoptm HTTP/1.1" 200 0 "-" "WordPress/6.8; https://aiqaderm.com"
66.29.132.124 - - [28/Apr/2025:09:35:41 -0400] "POST /wp-cron.php?doing_wp_cron=1745847340.8982560634613037109375 HTTP/1.1" 200 0 "-" "WordPress/6.8; https://aiqaderm.com"
20.171.207.143 - - [28/Apr/2025:09:35:27 -0400] "GET / HTTP/1.1" 500 15227 "-" "Mozilla/5.0 AppleWebKit/537.36 (KHTML, like Gecko; compatible; GPTBot/1.2; +https://openai.com/gptbot)"
66.29.132.124 - - [28/Apr/2025:09:35:43 -0400] "POST /wp-admin/admin-ajax.php?action=async_litespeed&nonce=TAhyZOIOBgZGNd9ICQeKh7NOV4CPKASD&litespeed_type=imgoptm HTTP/1.1" 200 0 "-" "WordPress/6.8; https://aiqaderm.com"
66.29.132.124 - - [28/Apr/2025:09:55:47 -0400] "POST /wp-cron.php?doing_wp_cron=1745848547.3028779029846191406250 HTTP/1.1" 200 0 "-" "WordPress/6.8; https://aiqaderm.com"
66.29.132.124 - - [28/Apr/2025:09:55:50 -0400] "POST /wp-admin/admin-ajax.php?action=async_litespeed&nonce=RyvgeZcJtrfElz8id33h6qa9zpNnLxQf&litespeed_type=imgoptm HTTP/1.1" 200 0 "-" "WordPress/6.8; https://aiqaderm.com"
88.214.48.42 - - [28/Apr/2025:09:55:31 -0400] "GET / HTTP/1.1" 500 17505 "-" "Mozilla/5.0 (Macintosh; Intel Mac OS X 10_15_7) AppleWebKit/537.36 (KHTML, like Gecko) Chrome/120.0.0.0 Safari/537.36"
66.29.132.124 - - [28/Apr/2025:09:57:09 -0400] "POST /wp-cron.php?doing_wp_cron=1745848629.6843340396881103515625 HTTP/1.1" 200 0 "-" "WordPress/6.8; https://aiqaderm.com"
20.171.207.143 - - [28/Apr/2025:09:57:08 -0400] "GET / HTTP/1.1" 500 15227 "-" "Mozilla/5.0 AppleWebKit/537.36 (KHTML, like Gecko; compatible; GPTBot/1.2; +https://openai.com/gptbot)"
66.29.132.124 - - [28/Apr/2025:09:57:12 -0400] "POST /wp-admin/admin-ajax.php?action=async_litespeed&nonce=W05TNSbPVFPQrqPnqaEKzWIaLtGfN7Q1&litespeed_type=imgoptm HTTP/1.1" 200 0 "-" "WordPress/6.8; https://aiqaderm.com"
66.29.132.124 - - [28/Apr/2025:10:22:34 -0400] "POST /wp-cron.php?doing_wp_cron=1745850154.6749219894409179687500 HTTP/1.1" 200 0 "-" "WordPress/6.8; https://aiqaderm.com"
182.189.107.236 - - [28/Apr/2025:10:22:19 -0400] "GET / HTTP/1.1" 500 15227 "https://www.google.com/url?q=https://aiqaderm.com/&sa=U&sqi=2&ved=2ahUKEwjascLJ9vqMAxWL_rsIHeeuF1UQFnoECAoQAQ&usg=AOvVaw3WIQRqbcUqtxlvbX0mjRO4" "Mozilla/5.0 (iPhone; CPU iPhone OS 18_3_1 like Mac OS X) AppleWebKit/605.1.15 (KHTML, like Gecko) GSA/365.1.750410080 Mobile/15E148 Safari/604.1"
66.29.132.124 - - [28/Apr/2025:10:22:37 -0400] "POST /wp-admin/admin-ajax.php?action=async_litespeed&nonce=XYdkcJOVQ6JskiS98WTiyVt72cuoGEid&litespeed_type=imgoptm HTTP/1.1" 200 0 "-" "WordPress/6.8; https://aiqaderm.com"
182.189.107.236 - - [28/Apr/2025:10:22:39 -0400] "GET /wp-content/themes/medibazar-child/style.css?ver=1.8.9 HTTP/1.1" 200 233 "https://aiqaderm.com/" "Mozilla/5.0 (iPhone; CPU iPhone OS 18_3_1 like Mac OS X) AppleWebKit/605.1.15 (KHTML, like Gecko) GSA/365.1.750410080 Mobile/15E148 Safari/604.1"
182.189.107.236 - - [28/Apr/2025:10:22:38 -0400] "GET /wp-content/plugins/instagram-feed/css/sbi-styles.min.css?ver=6.8.0 HTTP/1.1" 200 8171 "https://aiqaderm.com/" "Mozilla/5.0 (iPhone; CPU iPhone OS 18_3_1 like Mac OS X) AppleWebKit/605.1.15 (KHTML, like Gecko) GSA/365.1.750410080 Mobile/15E148 Safari/604.1"
182.189.107.236 - - [28/Apr/2025:10:22:38 -0400] "GET /wp-content/plugins/revslider/public/css/sr7.css?ver=6.7.23 HTTP/1.1" 200 1266 "https://aiqaderm.com/" "Mozilla/5.0 (iPhone; CPU iPhone OS 18_3_1 like Mac OS X) AppleWebKit/605.1.15 (KHTML, like Gecko) GSA/365.1.750410080 Mobile/15E148 Safari/604.1"
182.189.107.236 - - [28/Apr/2025:10:22:38 -0400] "GET /wp-content/plugins/click-to-chat-for-whatsapp/new/inc/assets/css/main.css?ver=4.20 HTTP/1.1" 200 511 "https://aiqaderm.com/" "Mozilla/5.0 (iPhone; CPU iPhone OS 18_3_1 like Mac OS X) AppleWebKit/605.1.15 (KHTML, like Gecko) GSA/365.1.750410080 Mobile/15E148 Safari/604.1"
182.189.107.236 - - [28/Apr/2025:10:22:38 -0400] "GET /wp-content/plugins/woocommerce/assets/css/brands.css?ver=9.8.2 HTTP/1.1" 200 579 "https://aiqaderm.com/" "Mozilla/5.0 (iPhone; CPU iPhone OS 18_3_1 like Mac OS X) AppleWebKit/605.1.15 (KHTML, like Gecko) GSA/365.1.750410080 Mobile/15E148 Safari/604.1"
182.189.107.236 - - [28/Apr/2025:10:22:38 -0400] "GET /wp-content/plugins/ti-woocommerce-wishlist/assets/fonts/tinvwl-webfont.woff2?ver=xu2uyi HTTP/1.1" 200 4404 "https://aiqaderm.com/" "Mozilla/5.0 (iPhone; CPU iPhone OS 18_3_1 like Mac OS X) AppleWebKit/605.1.15 (KHTML, like Gecko) GSA/365.1.750410080 Mobile/15E148 Safari/604.1"
182.189.107.236 - - [28/Apr/2025:10:22:38 -0400] "GET /wp-content/themes/medibazar/assets/css//animate.min.css?ver=1.0 HTTP/1.1" 200 3780 "https://aiqaderm.com/" "Mozilla/5.0 (iPhone; CPU iPhone OS 18_3_1 like Mac OS X) AppleWebKit/605.1.15 (KHTML, like Gecko) GSA/365.1.750410080 Mobile/15E148 Safari/604.1"
182.189.107.236 - - [28/Apr/2025:10:22:38 -0400] "GET /wp-content/themes/medibazar/assets/css//magnific-popup.css?ver=1.0 HTTP/1.1" 200 1660 "https://aiqaderm.com/" "Mozilla/5.0 (iPhone; CPU iPhone OS 18_3_1 like Mac OS X) AppleWebKit/605.1.15 (KHTML, like Gecko) GSA/365.1.750410080 Mobile/15E148 Safari/604.1"
182.189.107.236 - - [28/Apr/2025:10:22:38 -0400] "GET /wp-content/themes/medibazar/assets/css//themify-icons.css?ver=1.0 HTTP/1.1" 200 2678 "https://aiqaderm.com/" "Mozilla/5.0 (iPhone; CPU iPhone OS 18_3_1 like Mac OS X) AppleWebKit/605.1.15 (KHTML, like Gecko) GSA/365.1.750410080 Mobile/15E148 Safari/604.1"
182.189.107.236 - - [28/Apr/2025:10:22:38 -0400] "GET /wp-content/themes/medibazar/assets/css//main.css?ver=1.0 HTTP/1.1" 200 40160 "https://aiqaderm.com/" "Mozilla/5.0 (iPhone; CPU iPhone OS 18_3_1 like Mac OS X) AppleWebKit/605.1.15 (KHTML, like Gecko) GSA/365.1.750410080 Mobile/15E148 Safari/604.1"
182.189.107.236 - - [28/Apr/2025:10:22:38 -0400] "GET /wp-content/plugins/ti-woocommerce-wishlist/assets/css/public.min.css?ver=2.9.2 HTTP/1.1" 200 5295 "https://aiqaderm.com/" "Mozilla/5.0 (iPhone; CPU iPhone OS 18_3_1 like Mac OS X) AppleWebKit/605.1.15 (KHTML, like Gecko) GSA/365.1.750410080 Mobile/15E148 Safari/604.1"
182.189.107.236 - - [28/Apr/2025:10:22:38 -0400] "GET /wp-content/themes/medibazar/assets/css//owl.carousel.min.css?ver=1.0 HTTP/1.1" 200 789 "https://aiqaderm.com/" "Mozilla/5.0 (iPhone; CPU iPhone OS 18_3_1 like Mac OS X) AppleWebKit/605.1.15 (KHTML, like Gecko) GSA/365.1.750410080 Mobile/15E148 Safari/604.1"
182.189.107.236 - - [28/Apr/2025:10:22:38 -0400] "GET /wp-content/themes/medibazar/assets/css//slick.css?ver=1.0 HTTP/1.1" 200 483 "https://aiqaderm.com/" "Mozilla/5.0 (iPhone; CPU iPhone OS 18_3_1 like Mac OS X) AppleWebKit/605.1.15 (KHTML, like Gecko) GSA/365.1.750410080 Mobile/15E148 Safari/604.1"
182.189.107.236 - - [28/Apr/2025:10:22:38 -0400] "GET /wp-content/themes/medibazar/assets/css//responsive.css?ver=1.0 HTTP/1.1" 200 366 "https://aiqaderm.com/" "Mozilla/5.0 (iPhone; CPU iPhone OS 18_3_1 like Mac OS X) AppleWebKit/605.1.15 (KHTML, like Gecko) GSA/365.1.750410080 Mobile/15E148 Safari/604.1"
182.189.107.236 - - [28/Apr/2025:10:22:38 -0400] "GET /wp-content/plugins/ti-woocommerce-wishlist/assets/css/webfont.min.css?ver=2.9.2 HTTP/1.1" 200 785 "https://aiqaderm.com/" "Mozilla/5.0 (iPhone; CPU iPhone OS 18_3_1 like Mac OS X) AppleWebKit/605.1.15 (KHTML, like Gecko) GSA/365.1.750410080 Mobile/15E148 Safari/604.1"
182.189.107.236 - - [28/Apr/2025:10:22:38 -0400] "GET /wp-content/plugins/contact-form-7/includes/css/styles.css?ver=6.0.6 HTTP/1.1" 200 890 "https://aiqaderm.com/" "Mozilla/5.0 (iPhone; CPU iPhone OS 18_3_1 like Mac OS X) AppleWebKit/605.1.15 (KHTML, like Gecko) GSA/365.1.750410080 Mobile/15E148 Safari/604.1"
182.189.107.236 - - [28/Apr/2025:10:22:38 -0400] "GET /wp-content/themes/medibazar/assets/css//fontawesome-all.min.css?ver=1.0 HTTP/1.1" 200 28884 "https://aiqaderm.com/" "Mozilla/5.0 (iPhone; CPU iPhone OS 18_3_1 like Mac OS X) AppleWebKit/605.1.15 (KHTML, like Gecko) GSA/365.1.750410080 Mobile/15E148 Safari/604.1"
182.189.107.236 - - [28/Apr/2025:10:22:38 -0400] "GET /wp-content/themes/medibazar/assets/css//meanmenu.css?ver=1.0 HTTP/1.1" 200 942 "https://aiqaderm.com/" "Mozilla/5.0 (iPhone; CPU iPhone OS 18_3_1 like Mac OS X) AppleWebKit/605.1.15 (KHTML, like Gecko) GSA/365.1.750410080 Mobile/15E148 Safari/604.1"
182.189.107.236 - - [28/Apr/2025:10:22:39 -0400] "GET /wp-content/themes/medibazar-child/style.css?ver=6.8 HTTP/1.1" 200 233 "https://aiqaderm.com/" "Mozilla/5.0 (iPhone; CPU iPhone OS 18_3_1 like Mac OS X) AppleWebKit/605.1.15 (KHTML, like Gecko) GSA/365.1.750410080 Mobile/15E148 Safari/604.1"
182.189.107.236 - - [28/Apr/2025:10:22:39 -0400] "GET /wp-content/plugins/elementor/assets/css/frontend.min.css?ver=3.28.4 HTTP/1.1" 200 6453 "https://aiqaderm.com/" "Mozilla/5.0 (iPhone; CPU iPhone OS 18_3_1 like Mac OS X) AppleWebKit/605.1.15 (KHTML, like Gecko) GSA/365.1.750410080 Mobile/15E148 Safari/604.1"
182.189.107.236 - - [28/Apr/2025:10:22:39 -0400] "GET /wp-content/uploads/elementor/css/post-6.css?ver=1744797303 HTTP/1.1" 200 323 "https://aiqaderm.com/" "Mozilla/5.0 (iPhone; CPU iPhone OS 18_3_1 like Mac OS X) AppleWebKit/605.1.15 (KHTML, like Gecko) GSA/365.1.750410080 Mobile/15E148 Safari/604.1"
182.189.107.236 - - [28/Apr/2025:10:22:39 -0400] "GET /wp-content/plugins/elementor/assets/css/widget-heading.min.css?ver=3.28.4 HTTP/1.1" 200 154 "https://aiqaderm.com/" "Mozilla/5.0 (iPhone; CPU iPhone OS 18_3_1 like Mac OS X) AppleWebKit/605.1.15 (KHTML, like Gecko) GSA/365.1.750410080 Mobile/15E148 Safari/604.1"
182.189.107.236 - - [28/Apr/2025:10:22:39 -0400] "GET /wp-content/uploads/elementor/css/post-597.css?ver=1744797310 HTTP/1.1" 200 458 "https://aiqaderm.com/" "Mozilla/5.0 (iPhone; CPU iPhone OS 18_3_1 like Mac OS X) AppleWebKit/605.1.15 (KHTML, like Gecko) GSA/365.1.750410080 Mobile/15E148 Safari/604.1"
182.189.107.236 - - [28/Apr/2025:10:22:39 -0400] "GET /wp-content/themes/medibazar/style.css?ver=6.8 HTTP/1.1" 200 13639 "https://aiqaderm.com/" "Mozilla/5.0 (iPhone; CPU iPhone OS 18_3_1 like Mac OS X) AppleWebKit/605.1.15 (KHTML, like Gecko) GSA/365.1.750410080 Mobile/15E148 Safari/604.1"
182.189.107.236 - - [28/Apr/2025:10:22:39 -0400] "GET /wp-content/uploads/elementor/google-fonts/css/roboto.css?ver=1742288800 HTTP/1.1" 200 1872 "https://aiqaderm.com/" "Mozilla/5.0 (iPhone; CPU iPhone OS 18_3_1 like Mac OS X) AppleWebKit/605.1.15 (KHTML, like Gecko) GSA/365.1.750410080 Mobile/15E148 Safari/604.1"
182.189.107.236 - - [28/Apr/2025:10:22:39 -0400] "GET /wp-content/uploads/elementor/google-fonts/css/robotoslab.css?ver=1742288808 HTTP/1.1" 200 708 "https://aiqaderm.com/" "Mozilla/5.0 (iPhone; CPU iPhone OS 18_3_1 like Mac OS X) AppleWebKit/605.1.15 (KHTML, like Gecko) GSA/365.1.750410080 Mobile/15E148 Safari/604.1"
182.189.107.236 - - [28/Apr/2025:10:22:39 -0400] "GET /wp-includes/js/jquery/jquery.min.js?ver=3.7.1 HTTP/1.1" 200 29744 "https://aiqaderm.com/" "Mozilla/5.0 (iPhone; CPU iPhone OS 18_3_1 like Mac OS X) AppleWebKit/605.1.15 (KHTML, like Gecko) GSA/365.1.750410080 Mobile/15E148 Safari/604.1"
182.189.107.236 - - [28/Apr/2025:10:22:39 -0400] "GET /wp-content/plugins/woocommerce/assets/js/frontend/add-to-cart.min.js?ver=9.8.2 HTTP/1.1" 200 1225 "https://aiqaderm.com/" "Mozilla/5.0 (iPhone; CPU iPhone OS 18_3_1 like Mac OS X) AppleWebKit/605.1.15 (KHTML, like Gecko) GSA/365.1.750410080 Mobile/15E148 Safari/604.1"
182.189.107.236 - - [28/Apr/2025:10:22:39 -0400] "GET /wp-content/plugins/revslider/public/js/sr7.js?ver=6.7.23 HTTP/1.1" 200 88089 "https://aiqaderm.com/" "Mozilla/5.0 (iPhone; CPU iPhone OS 18_3_1 like Mac OS X) AppleWebKit/605.1.15 (KHTML, like Gecko) GSA/365.1.750410080 Mobile/15E148 Safari/604.1"
182.189.107.236 - - [28/Apr/2025:10:22:39 -0400] "GET /wp-content/plugins/revslider/public/js/libs/tptools.js?ver=6.7.23 HTTP/1.1" 200 72603 "https://aiqaderm.com/" "Mozilla/5.0 (iPhone; CPU iPhone OS 18_3_1 like Mac OS X) AppleWebKit/605.1.15 (KHTML, like Gecko) GSA/365.1.750410080 Mobile/15E148 Safari/604.1"
182.189.107.236 - - [28/Apr/2025:10:22:39 -0400] "GET /wp-content/themes/medibazar/includes/pjax/js/helpers.js?ver=1.0 HTTP/1.1" 200 228 "https://aiqaderm.com/" "Mozilla/5.0 (iPhone; CPU iPhone OS 18_3_1 like Mac OS X) AppleWebKit/605.1.15 (KHTML, like Gecko) GSA/365.1.750410080 Mobile/15E148 Safari/604.1"
182.189.107.236 - - [28/Apr/2025:10:22:39 -0400] "GET /wp-content/plugins/woocommerce/assets/js/frontend/woocommerce.min.js?ver=9.8.2 HTTP/1.1" 200 1241 "https://aiqaderm.com/" "Mozilla/5.0 (iPhone; CPU iPhone OS 18_3_1 like Mac OS X) AppleWebKit/605.1.15 (KHTML, like Gecko) GSA/365.1.750410080 Mobile/15E148 Safari/604.1"
182.189.107.236 - - [28/Apr/2025:10:22:39 -0400] "GET /wp-content/plugins/woocommerce/assets/js/js-cookie/js.cookie.min.js?ver=2.1.4-wc.9.8.2 HTTP/1.1" 200 760 "https://aiqaderm.com/" "Mozilla/5.0 (iPhone; CPU iPhone OS 18_3_1 like Mac OS X) AppleWebKit/605.1.15 (KHTML, like Gecko) GSA/365.1.750410080 Mobile/15E148 Safari/604.1"
182.189.107.236 - - [28/Apr/2025:10:22:39 -0400] "GET /wp-includes/js/jquery/jquery-migrate.min.js?ver=3.4.1 HTTP/1.1" 200 4678 "https://aiqaderm.com/" "Mozilla/5.0 (iPhone; CPU iPhone OS 18_3_1 like Mac OS X) AppleWebKit/605.1.15 (KHTML, like Gecko) GSA/365.1.750410080 Mobile/15E148 Safari/604.1"
182.189.107.236 - - [28/Apr/2025:10:22:39 -0400] "GET /wp-content/plugins/woocommerce/assets/js/jquery-blockui/jquery.blockUI.min.js?ver=2.7.0-wc.9.8.2 HTTP/1.1" 200 3277 "https://aiqaderm.com/" "Mozilla/5.0 (iPhone; CPU iPhone OS 18_3_1 like Mac OS X) AppleWebKit/605.1.15 (KHTML, like Gecko) GSA/365.1.750410080 Mobile/15E148 Safari/604.1"
182.189.107.236 - - [28/Apr/2025:10:22:41 -0400] "GET /wp-content/uploads/2024/12/aiqaderm-logo-png-e1733748377144.png HTTP/1.1" 200 44503 "https://aiqaderm.com/" "Mozilla/5.0 (iPhone; CPU iPhone OS 18_3_1 like Mac OS X) AppleWebKit/605.1.15 (KHTML, like Gecko) GSA/365.1.750410080 Mobile/15E148 Safari/604.1"
182.189.107.236 - - [28/Apr/2025:10:22:41 -0400] "GET /wp-content/themes/medibazar/assets/css/fonts/fa-regular-400.woff2 HTTP/1.1" 200 145076 "https://aiqaderm.com/" "Mozilla/5.0 (iPhone; CPU iPhone OS 18_3_1 like Mac OS X) AppleWebKit/605.1.15 (KHTML, like Gecko) GSA/365.1.750410080 Mobile/15E148 Safari/604.1"
182.189.107.236 - - [28/Apr/2025:10:22:41 -0400] "GET /wp-content/themes/medibazar/assets/img/preloader.gif HTTP/1.1" 200 7241 "https://aiqaderm.com/" "Mozilla/5.0 (iPhone; CPU iPhone OS 18_3_1 like Mac OS X) AppleWebKit/605.1.15 (KHTML, like Gecko) GSA/365.1.750410080 Mobile/15E148 Safari/604.1"
182.189.107.236 - - [28/Apr/2025:10:22:42 -0400] "GET /wp-content/themes/medibazar/assets/css/fonts/fa-light-300.woff2 HTTP/1.1" 200 157064 "https://aiqaderm.com/" "Mozilla/5.0 (iPhone; CPU iPhone OS 18_3_1 like Mac OS X) AppleWebKit/605.1.15 (KHTML, like Gecko) GSA/365.1.750410080 Mobile/15E148 Safari/604.1"
182.189.107.236 - - [28/Apr/2025:10:22:42 -0400] "GET /wp-content/uploads/2024/12/aiqa-1.png HTTP/1.1" 200 956232 "https://aiqaderm.com/" "Mozilla/5.0 (iPhone; CPU iPhone OS 18_3_1 like Mac OS X) AppleWebKit/605.1.15 (KHTML, like Gecko) GSA/365.1.750410080 Mobile/15E148 Safari/604.1"
182.189.107.236 - - [28/Apr/2025:10:22:43 -0400] "GET /wp-content/themes/medibazar/assets/css/fonts/fa-solid-900.woff2 HTTP/1.1" 200 117536 "https://aiqaderm.com/" "Mozilla/5.0 (iPhone; CPU iPhone OS 18_3_1 like Mac OS X) AppleWebKit/605.1.15 (KHTML, like Gecko) GSA/365.1.750410080 Mobile/15E148 Safari/604.1"
66.29.132.124 - - [28/Apr/2025:10:24:46 -0400] "POST /wp-cron.php?doing_wp_cron=1745850286.3661069869995117187500 HTTP/1.1" 200 0 "-" "WordPress/6.8; https://aiqaderm.com"
20.171.207.143 - - [28/Apr/2025:10:24:41 -0400] "GET / HTTP/1.1" 500 15228 "-" "Mozilla/5.0 AppleWebKit/537.36 (KHTML, like Gecko; compatible; GPTBot/1.2; +https://openai.com/gptbot)"
66.29.132.124 - - [28/Apr/2025:10:24:47 -0400] "POST /wp-admin/admin-ajax.php?action=async_litespeed&nonce=Orfs56GNYznkFMCgJRElo0yvvvZVIRYL&litespeed_type=imgoptm HTTP/1.1" 200 0 "-" "WordPress/6.8; https://aiqaderm.com"
66.29.132.124 - - [28/Apr/2025:10:25:29 -0400] "POST /wp-cron.php?doing_wp_cron=1745850329.2259619235992431640625 HTTP/1.1" 200 0 "-" "WordPress/6.8; https://aiqaderm.com"
20.171.207.143 - - [28/Apr/2025:10:25:27 -0400] "GET / HTTP/1.1" 500 15227 "-" "Mozilla/5.0 AppleWebKit/537.36 (KHTML, like Gecko; compatible; GPTBot/1.2; +https://openai.com/gptbot)"
66.29.132.124 - - [28/Apr/2025:10:25:31 -0400] "POST /wp-admin/admin-ajax.php?action=async_litespeed&nonce=OKeq6gNviypm7zZkVCNvgZGZD1F3XF94&litespeed_type=imgoptm HTTP/1.1" 200 0 "-" "WordPress/6.8; https://aiqaderm.com"
51.222.253.13 - - [28/Apr/2025:10:42:02 -0400] "GET /robots.txt HTTP/1.1" 200 139 "-" "Mozilla/5.0 (compatible; AhrefsBot/7.0; +http://ahrefs.com/robot/)"
66.29.132.124 - - [28/Apr/2025:10:42:16 -0400] "POST /wp-cron.php?doing_wp_cron=1745851335.5229380130767822265625 HTTP/1.1" 200 0 "-" "WordPress/6.8; https://aiqaderm.com"
51.222.253.18 - - [28/Apr/2025:10:42:04 -0400] "GET /product-category/skin-dullness/feed/ HTTP/1.1" 200 1436 "-" "Mozilla/5.0 (compatible; AhrefsBot/7.0; +http://ahrefs.com/robot/)"
66.29.132.124 - - [28/Apr/2025:10:42:18 -0400] "POST /wp-admin/admin-ajax.php?action=async_litespeed&nonce=yDemhX1lfE9skvpi5n2APy1XiQsXMymP&litespeed_type=imgoptm HTTP/1.1" 200 0 "-" "WordPress/6.8; https://aiqaderm.com"
77.238.225.146 - - [28/Apr/2025:11:09:51 -0400] "GET / HTTP/1.1" 200 0 "-" "Mozilla/5.0 (Macintosh; Intel Mac OS X 10_15_7) AppleWebKit/537.36 (KHTML, like Gecko) Chrome/133.0.0.0 Safari/537.36"
66.29.132.124 - - [28/Apr/2025:11:10:17 -0400] "POST /wp-cron.php?doing_wp_cron=1745853015.5464899539947509765625 HTTP/1.1" 200 0 "-" "WordPress/6.8; https://aiqaderm.com"
203.101.188.21 - - [28/Apr/2025:11:16:12 -0400] "GET /wp-content/plugins/click-to-chat-for-whatsapp/new/inc/assets/css/main.css?ver=4.20 HTTP/1.1" 200 511 "-" "Mozilla/5.0 (Linux; Android 10; K) AppleWebKit/537.36 (KHTML, like Gecko) Chrome/135.0.0.0 Mobile Safari/537.36"
203.101.188.21 - - [28/Apr/2025:11:16:12 -0400] "GET /wp-content/plugins/contact-form-7/includes/css/styles.css?ver=6.0.6 HTTP/1.1" 200 890 "-" "Mozilla/5.0 (Linux; Android 10; K) AppleWebKit/537.36 (KHTML, like Gecko) Chrome/135.0.0.0 Mobile Safari/537.36"
203.101.188.21 - - [28/Apr/2025:11:16:12 -0400] "GET /wp-content/plugins/instagram-feed/css/sbi-styles.min.css?ver=6.8.0 HTTP/1.1" 200 8171 "-" "Mozilla/5.0 (Linux; Android 10; K) AppleWebKit/537.36 (KHTML, like Gecko) Chrome/135.0.0.0 Mobile Safari/537.36"
203.101.188.21 - - [28/Apr/2025:11:16:13 -0400] "GET /wp-content/plugins/revslider/public/css/sr7.css?ver=6.7.23 HTTP/1.1" 200 1266 "-" "Mozilla/5.0 (Linux; Android 10; K) AppleWebKit/537.36 (KHTML, like Gecko) Chrome/135.0.0.0 Mobile Safari/537.36"
203.101.188.21 - - [28/Apr/2025:11:16:13 -0400] "GET /wp-content/plugins/woocommerce/assets/css/brands.css?ver=9.8.1 HTTP/1.1" 200 579 "-" "Mozilla/5.0 (Linux; Android 10; K) AppleWebKit/537.36 (KHTML, like Gecko) Chrome/135.0.0.0 Mobile Safari/537.36"
203.101.188.21 - - [28/Apr/2025:11:16:13 -0400] "GET /wp-content/plugins/ti-woocommerce-wishlist/assets/css/webfont.min.css?ver=2.9.2 HTTP/1.1" 200 785 "-" "Mozilla/5.0 (Linux; Android 10; K) AppleWebKit/537.36 (KHTML, like Gecko) Chrome/135.0.0.0 Mobile Safari/537.36"
203.101.188.21 - - [28/Apr/2025:11:16:13 -0400] "GET /wp-content/themes/medibazar/assets/css//owl.carousel.min.css?ver=1.0 HTTP/1.1" 200 789 "-" "Mozilla/5.0 (Linux; Android 10; K) AppleWebKit/537.36 (KHTML, like Gecko) Chrome/135.0.0.0 Mobile Safari/537.36"
203.101.188.21 - - [28/Apr/2025:11:16:13 -0400] "GET /wp-content/plugins/ti-woocommerce-wishlist/assets/css/public.min.css?ver=2.9.2 HTTP/1.1" 200 5295 "-" "Mozilla/5.0 (Linux; Android 10; K) AppleWebKit/537.36 (KHTML, like Gecko) Chrome/135.0.0.0 Mobile Safari/537.36"
203.101.188.21 - - [28/Apr/2025:11:16:13 -0400] "GET /wp-content/themes/medibazar/assets/css//animate.min.css?ver=1.0 HTTP/1.1" 200 3780 "-" "Mozilla/5.0 (Linux; Android 10; K) AppleWebKit/537.36 (KHTML, like Gecko) Chrome/135.0.0.0 Mobile Safari/537.36"
203.101.188.21 - - [28/Apr/2025:11:16:14 -0400] "GET /wp-content/themes/medibazar/assets/css//magnific-popup.css?ver=1.0 HTTP/1.1" 200 1660 "-" "Mozilla/5.0 (Linux; Android 10; K) AppleWebKit/537.36 (KHTML, like Gecko) Chrome/135.0.0.0 Mobile Safari/537.36"
203.101.188.21 - - [28/Apr/2025:11:16:10 -0400] "GET / HTTP/1.1" 200 0 "https://www.google.com/" "Mozilla/5.0 (Linux; Android 10; K) AppleWebKit/537.36 (KHTML, like Gecko) Chrome/135.0.0.0 Mobile Safari/537.36"
66.29.132.124 - - [28/Apr/2025:11:16:23 -0400] "POST /wp-cron.php?doing_wp_cron=1745853383.6378619670867919921875 HTTP/1.1" 200 0 "-" "WordPress/6.8; https://aiqaderm.com"
66.29.132.124 - - [28/Apr/2025:11:16:25 -0400] "POST /wp-admin/admin-ajax.php?action=async_litespeed&nonce=jl9zFiyWeTzqfhe8WDLIOUc0hWa1K4eH&litespeed_type=imgoptm HTTP/1.1" 200 0 "-" "WordPress/6.8; https://aiqaderm.com"
203.101.188.21 - - [28/Apr/2025:11:16:33 -0400] "GET /product-category/hair-regrowth/ HTTP/1.1" 200 21858 "https://www.google.com/" "Mozilla/5.0 (Linux; Android 10; K) AppleWebKit/537.36 (KHTML, like Gecko) Chrome/135.0.0.0 Mobile Safari/537.36"
203.101.188.21 - - [28/Apr/2025:11:16:33 -0400] "GET /wp-includes/css/dist/block-library/style.min.css?ver=6.8 HTTP/1.1" 200 14358 "-" "Mozilla/5.0 (Linux; Android 10; K) AppleWebKit/537.36 (KHTML, like Gecko) Chrome/135.0.0.0 Mobile Safari/537.36"
203.101.188.21 - - [28/Apr/2025:11:16:34 -0400] "GET /wp-content/plugins/woocommerce/assets/css/brands.css?ver=9.8.2 HTTP/1.1" 200 579 "https://aiqaderm.com/product-category/hair-regrowth/" "Mozilla/5.0 (Linux; Android 10; K) AppleWebKit/537.36 (KHTML, like Gecko) Chrome/135.0.0.0 Mobile Safari/537.36"
203.101.188.21 - - [28/Apr/2025:11:16:34 -0400] "GET /wp-content/themes/medibazar/assets/css//slick.css?ver=1.0 HTTP/1.1" 200 483 "https://aiqaderm.com/product-category/hair-regrowth/" "Mozilla/5.0 (Linux; Android 10; K) AppleWebKit/537.36 (KHTML, like Gecko) Chrome/135.0.0.0 Mobile Safari/537.36"
203.101.188.21 - - [28/Apr/2025:11:16:34 -0400] "GET /wp-content/plugins/ti-woocommerce-wishlist/assets/fonts/tinvwl-webfont.woff2?ver=xu2uyi HTTP/1.1" 200 4404 "https://aiqaderm.com/product-category/hair-regrowth/" "Mozilla/5.0 (Linux; Android 10; K) AppleWebKit/537.36 (KHTML, like Gecko) Chrome/135.0.0.0 Mobile Safari/537.36"
203.101.188.21 - - [28/Apr/2025:11:16:34 -0400] "GET /wp-content/themes/medibazar/assets/css//meanmenu.css?ver=1.0 HTTP/1.1" 200 942 "https://aiqaderm.com/product-category/hair-regrowth/" "Mozilla/5.0 (Linux; Android 10; K) AppleWebKit/537.36 (KHTML, like Gecko) Chrome/135.0.0.0 Mobile Safari/537.36"
203.101.188.21 - - [28/Apr/2025:11:16:34 -0400] "GET /wp-content/themes/medibazar/assets/css//themify-icons.css?ver=1.0 HTTP/1.1" 200 2678 "https://aiqaderm.com/product-category/hair-regrowth/" "Mozilla/5.0 (Linux; Android 10; K) AppleWebKit/537.36 (KHTML, like Gecko) Chrome/135.0.0.0 Mobile Safari/537.36"
203.101.188.21 - - [28/Apr/2025:11:16:34 -0400] "GET /wp-content/themes/medibazar/assets/css//responsive.css?ver=1.0 HTTP/1.1" 200 366 "https://aiqaderm.com/product-category/hair-regrowth/" "Mozilla/5.0 (Linux; Android 10; K) AppleWebKit/537.36 (KHTML, like Gecko) Chrome/135.0.0.0 Mobile Safari/537.36"
203.101.188.21 - - [28/Apr/2025:11:16:34 -0400] "GET /wp-content/themes/medibazar/assets/css//fontawesome-all.min.css?ver=1.0 HTTP/1.1" 200 28884 "https://aiqaderm.com/product-category/hair-regrowth/" "Mozilla/5.0 (Linux; Android 10; K) AppleWebKit/537.36 (KHTML, like Gecko) Chrome/135.0.0.0 Mobile Safari/537.36"
203.101.188.21 - - [28/Apr/2025:11:16:34 -0400] "GET /wp-content/themes/medibazar/assets/css//main.css?ver=1.0 HTTP/1.1" 200 40160 "https://aiqaderm.com/product-category/hair-regrowth/" "Mozilla/5.0 (Linux; Android 10; K) AppleWebKit/537.36 (KHTML, like Gecko) Chrome/135.0.0.0 Mobile Safari/537.36"
203.101.188.21 - - [28/Apr/2025:11:16:34 -0400] "GET /wp-content/themes/medibazar-child/style.css?ver=6.8 HTTP/1.1" 200 233 "https://aiqaderm.com/product-category/hair-regrowth/" "Mozilla/5.0 (Linux; Android 10; K) AppleWebKit/537.36 (KHTML, like Gecko) Chrome/135.0.0.0 Mobile Safari/537.36"
203.101.188.21 - - [28/Apr/2025:11:16:34 -0400] "GET /wp-content/themes/medibazar/style.css?ver=6.8 HTTP/1.1" 200 13639 "https://aiqaderm.com/product-category/hair-regrowth/" "Mozilla/5.0 (Linux; Android 10; K) AppleWebKit/537.36 (KHTML, like Gecko) Chrome/135.0.0.0 Mobile Safari/537.36"
203.101.188.21 - - [28/Apr/2025:11:16:34 -0400] "GET /wp-content/themes/medibazar-child/style.css?ver=1.8.9 HTTP/1.1" 200 233 "https://aiqaderm.com/product-category/hair-regrowth/" "Mozilla/5.0 (Linux; Android 10; K) AppleWebKit/537.36 (KHTML, like Gecko) Chrome/135.0.0.0 Mobile Safari/537.36"
203.101.188.21 - - [28/Apr/2025:11:16:34 -0400] "GET /wp-content/plugins/woocommerce/assets/js/jquery-blockui/jquery.blockUI.min.js?ver=2.7.0-wc.9.8.2 HTTP/1.1" 200 3277 "https://aiqaderm.com/product-category/hair-regrowth/" "Mozilla/5.0 (Linux; Android 10; K) AppleWebKit/537.36 (KHTML, like Gecko) Chrome/135.0.0.0 Mobile Safari/537.36"
203.101.188.21 - - [28/Apr/2025:11:16:34 -0400] "GET /wp-content/plugins/woocommerce/assets/js/js-cookie/js.cookie.min.js?ver=2.1.4-wc.9.8.2 HTTP/1.1" 200 760 "https://aiqaderm.com/product-category/hair-regrowth/" "Mozilla/5.0 (Linux; Android 10; K) AppleWebKit/537.36 (KHTML, like Gecko) Chrome/135.0.0.0 Mobile Safari/537.36"
203.101.188.21 - - [28/Apr/2025:11:16:34 -0400] "GET /wp-content/uploads/2020/10/c-1.png HTTP/1.1" 200 55294 "https://aiqaderm.com/product-category/hair-regrowth/" "Mozilla/5.0 (Linux; Android 10; K) AppleWebKit/537.36 (KHTML, like Gecko) Chrome/135.0.0.0 Mobile Safari/537.36"
203.101.188.21 - - [28/Apr/2025:11:16:34 -0400] "GET /wp-content/uploads/2024/12/aiqaderm-logo-png-e1733748377144.png HTTP/1.1" 200 44503 "https://aiqaderm.com/product-category/hair-regrowth/" "Mozilla/5.0 (Linux; Android 10; K) AppleWebKit/537.36 (KHTML, like Gecko) Chrome/135.0.0.0 Mobile Safari/537.36"
203.101.188.21 - - [28/Apr/2025:11:16:34 -0400] "GET /wp-content/themes/medibazar/includes/pjax/js/helpers.js?ver=1.0 HTTP/1.1" 200 228 "https://aiqaderm.com/product-category/hair-regrowth/" "Mozilla/5.0 (Linux; Android 10; K) AppleWebKit/537.36 (KHTML, like Gecko) Chrome/135.0.0.0 Mobile Safari/537.36"
203.101.188.21 - - [28/Apr/2025:11:16:34 -0400] "GET /wp-includes/js/jquery/jquery-migrate.min.js?ver=3.4.1 HTTP/1.1" 200 4678 "https://aiqaderm.com/product-category/hair-regrowth/" "Mozilla/5.0 (Linux; Android 10; K) AppleWebKit/537.36 (KHTML, like Gecko) Chrome/135.0.0.0 Mobile Safari/537.36"
203.101.188.21 - - [28/Apr/2025:11:16:34 -0400] "GET /wp-includes/js/jquery/jquery.min.js?ver=3.7.1 HTTP/1.1" 200 29744 "https://aiqaderm.com/product-category/hair-regrowth/" "Mozilla/5.0 (Linux; Android 10; K) AppleWebKit/537.36 (KHTML, like Gecko) Chrome/135.0.0.0 Mobile Safari/537.36"
203.101.188.21 - - [28/Apr/2025:11:16:35 -0400] "GET /wp-content/uploads/2024/12/25.png HTTP/1.1" 200 221530 "https://aiqaderm.com/product-category/hair-regrowth/" "Mozilla/5.0 (Linux; Android 10; K) AppleWebKit/537.36 (KHTML, like Gecko) Chrome/135.0.0.0 Mobile Safari/537.36"
203.101.188.21 - - [28/Apr/2025:11:16:35 -0400] "GET /wp-content/uploads/2024/12/2-3.png HTTP/1.1" 200 232254 "https://aiqaderm.com/product-category/hair-regrowth/" "Mozilla/5.0 (Linux; Android 10; K) AppleWebKit/537.36 (KHTML, like Gecko) Chrome/135.0.0.0 Mobile Safari/537.36"
203.101.188.21 - - [28/Apr/2025:11:16:36 -0400] "GET /wp-content/uploads/2024/12/30.png HTTP/1.1" 200 207806 "https://aiqaderm.com/product-category/hair-regrowth/" "Mozilla/5.0 (Linux; Android 10; K) AppleWebKit/537.36 (KHTML, like Gecko) Chrome/135.0.0.0 Mobile Safari/537.36"
203.101.188.21 - - [28/Apr/2025:11:16:36 -0400] "GET /wp-content/plugins/woocommerce/assets/client/blocks/wc-blocks.css?ver=wc-9.8.2 HTTP/1.1" 200 2282 "https://aiqaderm.com/product-category/hair-regrowth/" "Mozilla/5.0 (Linux; Android 10; K) AppleWebKit/537.36 (KHTML, like Gecko) Chrome/135.0.0.0 Mobile Safari/537.36"
203.101.188.21 - - [28/Apr/2025:11:16:36 -0400] "GET /wp-content/plugins/click-to-chat-for-whatsapp/new/inc/assets/js/app.js?ver=4.20 HTTP/1.1" 200 2906 "https://aiqaderm.com/product-category/hair-regrowth/" "Mozilla/5.0 (Linux; Android 10; K) AppleWebKit/537.36 (KHTML, like Gecko) Chrome/135.0.0.0 Mobile Safari/537.36"
203.101.188.21 - - [28/Apr/2025:11:16:36 -0400] "GET /wp-includes/js/dist/hooks.min.js?ver=4d63a3d491d11ffd8ac6 HTTP/1.1" 200 1571 "https://aiqaderm.com/product-category/hair-regrowth/" "Mozilla/5.0 (Linux; Android 10; K) AppleWebKit/537.36 (KHTML, like Gecko) Chrome/135.0.0.0 Mobile Safari/537.36"
203.101.188.21 - - [28/Apr/2025:11:16:36 -0400] "GET /wp-content/plugins/contact-form-7/includes/swv/js/index.js?ver=6.0.6 HTTP/1.1" 200 3369 "https://aiqaderm.com/product-category/hair-regrowth/" "Mozilla/5.0 (Linux; Android 10; K) AppleWebKit/537.36 (KHTML, like Gecko) Chrome/135.0.0.0 Mobile Safari/537.36"
203.101.188.21 - - [28/Apr/2025:11:16:36 -0400] "GET /wp-content/plugins/contact-form-7/includes/js/index.js?ver=6.0.6 HTTP/1.1" 200 4008 "https://aiqaderm.com/product-category/hair-regrowth/" "Mozilla/5.0 (Linux; Android 10; K) AppleWebKit/537.36 (KHTML, like Gecko) Chrome/135.0.0.0 Mobile Safari/537.36"
203.101.188.21 - - [28/Apr/2025:11:16:36 -0400] "GET /wp-content/plugins/woocommerce/assets/js/frontend/cart-fragments.min.js?ver=9.8.2 HTTP/1.1" 200 943 "https://aiqaderm.com/product-category/hair-regrowth/" "Mozilla/5.0 (Linux; Android 10; K) AppleWebKit/537.36 (KHTML, like Gecko) Chrome/135.0.0.0 Mobile Safari/537.36"
203.101.188.21 - - [28/Apr/2025:11:16:36 -0400] "GET /wp-includes/js/dist/i18n.min.js?ver=5e580eb46a90c2b997e6 HTTP/1.1" 200 3542 "https://aiqaderm.com/product-category/hair-regrowth/" "Mozilla/5.0 (Linux; Android 10; K) AppleWebKit/537.36 (KHTML, like Gecko) Chrome/135.0.0.0 Mobile Safari/537.36"
203.101.188.21 - - [28/Apr/2025:11:16:36 -0400] "GET /wp-content/themes/medibazar/assets/js//vendor/modernizr-3.5.0.min.js?ver=1.0 HTTP/1.1" 200 3395 "https://aiqaderm.com/product-category/hair-regrowth/" "Mozilla/5.0 (Linux; Android 10; K) AppleWebKit/537.36 (KHTML, like Gecko) Chrome/135.0.0.0 Mobile Safari/537.36"
203.101.188.21 - - [28/Apr/2025:11:16:36 -0400] "GET /wp-content/themes/medibazar/assets/js//bootstrap.min.js?ver=1.0 HTTP/1.1" 200 13430 "https://aiqaderm.com/product-category/hair-regrowth/" "Mozilla/5.0 (Linux; Android 10; K) AppleWebKit/537.36 (KHTML, like Gecko) Chrome/135.0.0.0 Mobile Safari/537.36"
203.101.188.21 - - [28/Apr/2025:11:16:36 -0400] "GET /wp-content/themes/medibazar/assets/js//popper.min.js?ver=1.0 HTTP/1.1" 200 6948 "https://aiqaderm.com/product-category/hair-regrowth/" "Mozilla/5.0 (Linux; Android 10; K) AppleWebKit/537.36 (KHTML, like Gecko) Chrome/135.0.0.0 Mobile Safari/537.36"
203.101.188.21 - - [28/Apr/2025:11:16:36 -0400] "GET /wp-content/themes/medibazar/assets/js//isotope.pkgd.min.js?ver=1.0 HTTP/1.1" 200 9626 "https://aiqaderm.com/product-category/hair-regrowth/" "Mozilla/5.0 (Linux; Android 10; K) AppleWebKit/537.36 (KHTML, like Gecko) Chrome/135.0.0.0 Mobile Safari/537.36"
203.101.188.21 - - [28/Apr/2025:11:16:36 -0400] "GET /wp-content/themes/medibazar/assets/js//owl.carousel.min.js?ver=1.0 HTTP/1.1" 200 10691 "https://aiqaderm.com/product-category/hair-regrowth/" "Mozilla/5.0 (Linux; Android 10; K) AppleWebKit/537.36 (KHTML, like Gecko) Chrome/135.0.0.0 Mobile Safari/537.36"
203.101.188.21 - - [28/Apr/2025:11:16:36 -0400] "GET /wp-content/plugins/ti-woocommerce-wishlist/assets/js/public.min.js?ver=2.9.2 HTTP/1.1" 200 5635 "https://aiqaderm.com/product-category/hair-regrowth/" "Mozilla/5.0 (Linux; Android 10; K) AppleWebKit/537.36 (KHTML, like Gecko) Chrome/135.0.0.0 Mobile Safari/537.36"
203.101.188.21 - - [28/Apr/2025:11:16:36 -0400] "GET /wp-content/themes/medibazar/assets/js//slick.min.js?ver=1.0 HTTP/1.1" 200 10097 "https://aiqaderm.com/product-category/hair-regrowth/" "Mozilla/5.0 (Linux; Android 10; K) AppleWebKit/537.36 (KHTML, like Gecko) Chrome/135.0.0.0 Mobile Safari/537.36"
203.101.188.21 - - [28/Apr/2025:11:16:36 -0400] "GET /wp-content/themes/medibazar/assets/js//jquery.meanmenu.min.js?ver=1.0 HTTP/1.1" 200 1302 "https://aiqaderm.com/product-category/hair-regrowth/" "Mozilla/5.0 (Linux; Android 10; K) AppleWebKit/537.36 (KHTML, like Gecko) Chrome/135.0.0.0 Mobile Safari/537.36"
203.101.188.21 - - [28/Apr/2025:11:16:36 -0400] "GET /wp-content/themes/medibazar/assets/js//wow.min.js?ver=1.0 HTTP/1.1" 200 2572 "https://aiqaderm.com/product-category/hair-regrowth/" "Mozilla/5.0 (Linux; Android 10; K) AppleWebKit/537.36 (KHTML, like Gecko) Chrome/135.0.0.0 Mobile Safari/537.36"
203.101.188.21 - - [28/Apr/2025:11:16:36 -0400] "GET /wp-content/themes/medibazar/assets/js//jquery.knob.js?ver=1.0 HTTP/1.1" 200 5731 "https://aiqaderm.com/product-category/hair-regrowth/" "Mozilla/5.0 (Linux; Android 10; K) AppleWebKit/537.36 (KHTML, like Gecko) Chrome/135.0.0.0 Mobile Safari/537.36"
203.101.188.21 - - [28/Apr/2025:11:16:36 -0400] "GET /wp-content/themes/medibazar/assets/js//jquery.counterup.min.js?ver=1.0 HTTP/1.1" 200 496 "https://aiqaderm.com/product-category/hair-regrowth/" "Mozilla/5.0 (Linux; Android 10; K) AppleWebKit/537.36 (KHTML, like Gecko) Chrome/135.0.0.0 Mobile Safari/537.36"
203.101.188.21 - - [28/Apr/2025:11:16:36 -0400] "GET /wp-content/themes/medibazar/assets/js//jquery.scrollUp.min.js?ver=1.0 HTTP/1.1" 200 853 "https://aiqaderm.com/product-category/hair-regrowth/" "Mozilla/5.0 (Linux; Android 10; K) AppleWebKit/537.36 (KHTML, like Gecko) Chrome/135.0.0.0 Mobile Safari/537.36"
203.101.188.21 - - [28/Apr/2025:11:16:36 -0400] "GET /wp-content/themes/medibazar/assets/js//jquery.magnific-popup.min.js?ver=1.0 HTTP/1.1" 200 7043 "https://aiqaderm.com/product-category/hair-regrowth/" "Mozilla/5.0 (Linux; Android 10; K) AppleWebKit/537.36 (KHTML, like Gecko) Chrome/135.0.0.0 Mobile Safari/537.36"
203.101.188.21 - - [28/Apr/2025:11:16:36 -0400] "GET /wp-content/themes/medibazar/assets/js//plugins.js?ver=1.0 HTTP/1.1" 200 333 "https://aiqaderm.com/product-category/hair-regrowth/" "Mozilla/5.0 (Linux; Android 10; K) AppleWebKit/537.36 (KHTML, like Gecko) Chrome/135.0.0.0 Mobile Safari/537.36"
203.101.188.21 - - [28/Apr/2025:11:16:36 -0400] "GET /wp-content/themes/medibazar/assets/js//jquery.countdown.min.js?ver=1.0 HTTP/1.1" 200 2244 "https://aiqaderm.com/product-category/hair-regrowth/" "Mozilla/5.0 (Linux; Android 10; K) AppleWebKit/537.36 (KHTML, like Gecko) Chrome/135.0.0.0 Mobile Safari/537.36"
203.101.188.21 - - [28/Apr/2025:11:16:36 -0400] "GET /wp-content/themes/medibazar/assets/js//waypoints.min.js?ver=1.0 HTTP/1.1" 200 2461 "https://aiqaderm.com/product-category/hair-regrowth/" "Mozilla/5.0 (Linux; Android 10; K) AppleWebKit/537.36 (KHTML, like Gecko) Chrome/135.0.0.0 Mobile Safari/537.36"
203.101.188.21 - - [28/Apr/2025:11:16:36 -0400] "GET /wp-content/themes/medibazar/assets/js//jquery.appear.js?ver=1.0 HTTP/1.1" 200 1159 "https://aiqaderm.com/product-category/hair-regrowth/" "Mozilla/5.0 (Linux; Android 10; K) AppleWebKit/537.36 (KHTML, like Gecko) Chrome/135.0.0.0 Mobile Safari/537.36"
203.101.188.21 - - [28/Apr/2025:11:16:37 -0400] "GET /wp-content/themes/medibazar/assets/js//main.js?ver=1.0 HTTP/1.1" 200 2640 "https://aiqaderm.com/product-category/hair-regrowth/" "Mozilla/5.0 (Linux; Android 10; K) AppleWebKit/537.36 (KHTML, like Gecko) Chrome/135.0.0.0 Mobile Safari/537.36"
203.101.188.21 - - [28/Apr/2025:11:16:37 -0400] "GET /wp-content/themes/medibazar/assets/js/custom/quick_ajax.js?ver=1.0.0 HTTP/1.1" 200 812 "https://aiqaderm.com/product-category/hair-regrowth/" "Mozilla/5.0 (Linux; Android 10; K) AppleWebKit/537.36 (KHTML, like Gecko) Chrome/135.0.0.0 Mobile Safari/537.36"
203.101.188.21 - - [28/Apr/2025:11:16:37 -0400] "GET /wp-includes/js/jquery/ui/core.min.js?ver=1.13.3 HTTP/1.1" 200 6812 "https://aiqaderm.com/product-category/hair-regrowth/" "Mozilla/5.0 (Linux; Android 10; K) AppleWebKit/537.36 (KHTML, like Gecko) Chrome/135.0.0.0 Mobile Safari/537.36"
203.101.188.21 - - [28/Apr/2025:11:16:37 -0400] "GET /wp-content/plugins/woocommerce/assets/js/sourcebuster/sourcebuster.min.js?ver=9.8.2 HTTP/1.1" 200 4609 "https://aiqaderm.com/product-category/hair-regrowth/" "Mozilla/5.0 (Linux; Android 10; K) AppleWebKit/537.36 (KHTML, like Gecko) Chrome/135.0.0.0 Mobile Safari/537.36"
203.101.188.21 - - [28/Apr/2025:11:16:37 -0400] "GET /wp-content/plugins/woocommerce/assets/js/frontend/order-attribution.min.js?ver=9.8.2 HTTP/1.1" 200 1006 "https://aiqaderm.com/product-category/hair-regrowth/" "Mozilla/5.0 (Linux; Android 10; K) AppleWebKit/537.36 (KHTML, like Gecko) Chrome/135.0.0.0 Mobile Safari/537.36"
203.101.188.21 - - [28/Apr/2025:11:16:37 -0400] "GET /wp-content/plugins/woocommerce/assets/js/accounting/accounting.min.js?ver=0.4.2 HTTP/1.1" 200 1321 "https://aiqaderm.com/product-category/hair-regrowth/" "Mozilla/5.0 (Linux; Android 10; K) AppleWebKit/537.36 (KHTML, like Gecko) Chrome/135.0.0.0 Mobile Safari/537.36"
203.101.188.21 - - [28/Apr/2025:11:16:37 -0400] "GET /wp-includes/js/jquery/ui/mouse.min.js?ver=1.13.3 HTTP/1.1" 200 1012 "https://aiqaderm.com/product-category/hair-regrowth/" "Mozilla/5.0 (Linux; Android 10; K) AppleWebKit/537.36 (KHTML, like Gecko) Chrome/135.0.0.0 Mobile Safari/537.36"
203.101.188.21 - - [28/Apr/2025:11:16:37 -0400] "GET /wp-includes/js/jquery/ui/slider.min.js?ver=1.13.3 HTTP/1.1" 200 3010 "https://aiqaderm.com/product-category/hair-regrowth/" "Mozilla/5.0 (Linux; Android 10; K) AppleWebKit/537.36 (KHTML, like Gecko) Chrome/135.0.0.0 Mobile Safari/537.36"
203.101.188.21 - - [28/Apr/2025:11:16:37 -0400] "GET /wp-content/plugins/woocommerce/assets/js/frontend/price-slider.min.js?ver=9.8.2 HTTP/1.1" 200 538 "https://aiqaderm.com/product-category/hair-regrowth/" "Mozilla/5.0 (Linux; Android 10; K) AppleWebKit/537.36 (KHTML, like Gecko) Chrome/135.0.0.0 Mobile Safari/537.36"
203.101.188.21 - - [28/Apr/2025:11:16:37 -0400] "GET /wp-content/plugins/woocommerce/assets/js/jquery-ui-touch-punch/jquery-ui-touch-punch.min.js?ver=9.8.2 HTTP/1.1" 200 529 "https://aiqaderm.com/product-category/hair-regrowth/" "Mozilla/5.0 (Linux; Android 10; K) AppleWebKit/537.36 (KHTML, like Gecko) Chrome/135.0.0.0 Mobile Safari/537.36"
203.101.188.21 - - [28/Apr/2025:11:16:37 -0400] "GET /wp-content/uploads/2020/09/22.png HTTP/1.1" 200 223101 "https://aiqaderm.com/product-category/hair-regrowth/" "Mozilla/5.0 (Linux; Android 10; K) AppleWebKit/537.36 (KHTML, like Gecko) Chrome/135.0.0.0 Mobile Safari/537.36"
203.101.188.21 - - [28/Apr/2025:11:16:37 -0400] "GET /wp-content/plugins/woocommerce/assets/js/frontend/woocommerce.min.js?ver=9.8.2 HTTP/1.1" 200 1241 "https://aiqaderm.com/product-category/hair-regrowth/" "Mozilla/5.0 (Linux; Android 10; K) AppleWebKit/537.36 (KHTML, like Gecko) Chrome/135.0.0.0 Mobile Safari/537.36"
203.101.188.21 - - [28/Apr/2025:11:16:37 -0400] "GET /wp-content/uploads/2020/10/breadcrumb.jpg HTTP/1.1" 200 239743 "https://aiqaderm.com/product-category/hair-regrowth/" "Mozilla/5.0 (Linux; Android 10; K) AppleWebKit/537.36 (KHTML, like Gecko) Chrome/135.0.0.0 Mobile Safari/537.36"
203.101.188.21 - - [28/Apr/2025:11:16:37 -0400] "GET /wp-content/themes/medibazar/assets/css/fonts/fa-regular-400.woff2 HTTP/1.1" 200 145076 "https://aiqaderm.com/wp-content/themes/medibazar/assets/css//fontawesome-all.min.css?ver=1.0" "Mozilla/5.0 (Linux; Android 10; K) AppleWebKit/537.36 (KHTML, like Gecko) Chrome/135.0.0.0 Mobile Safari/537.36"
203.101.188.21 - - [28/Apr/2025:11:16:37 -0400] "GET /wp-content/themes/medibazar/assets/img/preloader.gif HTTP/1.1" 200 7241 "https://aiqaderm.com/wp-content/themes/medibazar/style.css?ver=6.8" "Mozilla/5.0 (Linux; Android 10; K) AppleWebKit/537.36 (KHTML, like Gecko) Chrome/135.0.0.0 Mobile Safari/537.36"
203.101.188.21 - - [28/Apr/2025:11:16:37 -0400] "GET /wp-content/plugins/woocommerce/assets/js/frontend/add-to-cart.min.js?ver=9.8.2 HTTP/1.1" 200 1225 "https://aiqaderm.com/product-category/hair-regrowth/" "Mozilla/5.0 (Linux; Android 10; K) AppleWebKit/537.36 (KHTML, like Gecko) Chrome/135.0.0.0 Mobile Safari/537.36"
203.101.188.21 - - [28/Apr/2025:11:16:37 -0400] "GET /wp-content/plugins/revslider/public/js/libs/tptools.js?ver=6.7.23 HTTP/1.1" 200 72603 "https://aiqaderm.com/product-category/hair-regrowth/" "Mozilla/5.0 (Linux; Android 10; K) AppleWebKit/537.36 (KHTML, like Gecko) Chrome/135.0.0.0 Mobile Safari/537.36"
203.101.188.21 - - [28/Apr/2025:11:16:37 -0400] "GET /wp-content/plugins/revslider/public/js/sr7.js?ver=6.7.23 HTTP/1.1" 200 88089 "https://aiqaderm.com/product-category/hair-regrowth/" "Mozilla/5.0 (Linux; Android 10; K) AppleWebKit/537.36 (KHTML, like Gecko) Chrome/135.0.0.0 Mobile Safari/537.36"
203.101.188.21 - - [28/Apr/2025:11:16:37 -0400] "GET /wp-content/themes/medibazar/assets/css/fonts/CerebriSans-Bold.woff2 HTTP/1.1" 200 27516 "https://aiqaderm.com/wp-content/themes/medibazar/assets/css//main.css?ver=1.0" "Mozilla/5.0 (Linux; Android 10; K) AppleWebKit/537.36 (KHTML, like Gecko) Chrome/135.0.0.0 Mobile Safari/537.36"
203.101.188.21 - - [28/Apr/2025:11:16:37 -0400] "GET /wp-content/themes/medibazar/assets/css/fonts/fa-brands-400.woff2 HTTP/1.1" 200 74800 "https://aiqaderm.com/wp-content/themes/medibazar/assets/css//fontawesome-all.min.css?ver=1.0" "Mozilla/5.0 (Linux; Android 10; K) AppleWebKit/537.36 (KHTML, like Gecko) Chrome/135.0.0.0 Mobile Safari/537.36"
203.101.188.21 - - [28/Apr/2025:11:16:37 -0400] "GET /wp-content/themes/medibazar/assets/css/fonts/CerebriSans-Regular.woff2 HTTP/1.1" 200 27464 "https://aiqaderm.com/wp-content/themes/medibazar/assets/css//main.css?ver=1.0" "Mozilla/5.0 (Linux; Android 10; K) AppleWebKit/537.36 (KHTML, like Gecko) Chrome/135.0.0.0 Mobile Safari/537.36"
203.101.188.21 - - [28/Apr/2025:11:16:37 -0400] "GET /wp-content/themes/medibazar/assets/css/fonts/CerebriSans-SemiBold.woff2 HTTP/1.1" 200 27328 "https://aiqaderm.com/wp-content/themes/medibazar/assets/css//main.css?ver=1.0" "Mozilla/5.0 (Linux; Android 10; K) AppleWebKit/537.36 (KHTML, like Gecko) Chrome/135.0.0.0 Mobile Safari/537.36"
203.101.188.21 - - [28/Apr/2025:11:16:37 -0400] "GET /wp-content/themes/medibazar/assets/css/fonts/CerebriSans-Medium.woff2 HTTP/1.1" 200 27656 "https://aiqaderm.com/wp-content/themes/medibazar/assets/css//main.css?ver=1.0" "Mozilla/5.0 (Linux; Android 10; K) AppleWebKit/537.36 (KHTML, like Gecko) Chrome/135.0.0.0 Mobile Safari/537.36"
203.101.188.21 - - [28/Apr/2025:11:16:37 -0400] "GET /wp-content/themes/medibazar/assets/css/fonts/fa-solid-900.woff2 HTTP/1.1" 200 117536 "https://aiqaderm.com/wp-content/themes/medibazar/assets/css//fontawesome-all.min.css?ver=1.0" "Mozilla/5.0 (Linux; Android 10; K) AppleWebKit/537.36 (KHTML, like Gecko) Chrome/135.0.0.0 Mobile Safari/537.36"
203.101.188.21 - - [28/Apr/2025:11:16:36 -0400] "GET /wp-content/plugins/WP%20PROTECTION/custom-script.js HTTP/1.1" 404 19395 "https://aiqaderm.com/product-category/hair-regrowth/" "Mozilla/5.0 (Linux; Android 10; K) AppleWebKit/537.36 (KHTML, like Gecko) Chrome/135.0.0.0 Mobile Safari/537.36"
203.101.188.21 - - [28/Apr/2025:11:16:40 -0400] "GET /wp-content/themes/medibazar/assets/css/fonts/fa-light-300.woff2 HTTP/1.1" 200 157064 "https://aiqaderm.com/wp-content/themes/medibazar/assets/css//fontawesome-all.min.css?ver=1.0" "Mozilla/5.0 (Linux; Android 10; K) AppleWebKit/537.36 (KHTML, like Gecko) Chrome/135.0.0.0 Mobile Safari/537.36"
