OwlCyberSecurity - MANAGER
Edit File: aiqaderm.com.arsn.media-ssl_log
66.29.132.124 - - [28/Apr/2025:03:47:16 -0400] "POST /wp-cron.php?doing_wp_cron=1745826436.2493720054626464843750 HTTP/1.1" 200 0 "-" "WordPress/6.8; https://aiqaderm.com"
20.171.207.143 - - [28/Apr/2025:03:47:00 -0400] "GET /wp-includes/certificates/makeasmtp.php HTTP/1.1" 404 19396 "-" "Mozilla/5.0 AppleWebKit/537.36 (KHTML, like Gecko; compatible; GPTBot/1.2; +https://openai.com/gptbot)"
66.29.132.124 - - [28/Apr/2025:03:47:18 -0400] "POST /wp-admin/admin-ajax.php?action=async_litespeed&nonce=t5cXSFKZrXvRpPdmiBQeUfatGSAv2Grl&litespeed_type=imgoptm HTTP/1.1" 200 0 "-" "WordPress/6.8; https://aiqaderm.com"
66.29.132.124 - - [28/Apr/2025:03:47:47 -0400] "POST /wp-cron.php?doing_wp_cron=1745826467.4390509128570556640625 HTTP/1.1" 200 0 "-" "WordPress/6.8; https://aiqaderm.com"
20.171.207.143 - - [28/Apr/2025:03:47:45 -0400] "GET /?p=888 HTTP/1.1" 301 0 "-" "Mozilla/5.0 AppleWebKit/537.36 (KHTML, like Gecko; compatible; GPTBot/1.2; +https://openai.com/gptbot)"
66.29.132.124 - - [28/Apr/2025:03:47:48 -0400] "POST /wp-admin/admin-ajax.php?action=async_litespeed&nonce=89SqaIo9lkX8O1Ae6SSpce7JVFQT71sl&litespeed_type=imgoptm HTTP/1.1" 200 0 "-" "WordPress/6.8; https://aiqaderm.com"
40.77.167.152 - - [28/Apr/2025:03:53:19 -0400] "GET /product/brelix-brightening-face-wash/ HTTP/1.1" 200 24813 "-" "Mozilla/5.0 AppleWebKit/537.36 (KHTML, like Gecko; compatible; bingbot/2.0; +http://www.bing.com/bingbot.htm) Chrome/116.0.1938.76 Safari/537.36"
66.29.132.124 - - [28/Apr/2025:03:56:04 -0400] "POST /wp-cron.php?doing_wp_cron=1745826964.1342780590057373046875 HTTP/1.1" 200 0 "-" "WordPress/6.8; https://aiqaderm.com"
20.171.207.143 - - [28/Apr/2025:03:55:52 -0400] "GET / HTTP/1.1" 500 15228 "-" "Mozilla/5.0 AppleWebKit/537.36 (KHTML, like Gecko; compatible; GPTBot/1.2; +https://openai.com/gptbot)"
66.29.132.124 - - [28/Apr/2025:03:56:06 -0400] "POST /wp-admin/admin-ajax.php?action=async_litespeed&nonce=1j8qQpgbXRVgnFpyKowhv7qEbEvpC94P&litespeed_type=imgoptm HTTP/1.1" 200 0 "-" "WordPress/6.8; https://aiqaderm.com"
66.29.132.124 - - [28/Apr/2025:04:01:16 -0400] "POST /wp-cron.php?doing_wp_cron=1745827275.7928869724273681640625 HTTP/1.1" 200 0 "-" "WordPress/6.8; https://aiqaderm.com"
20.171.207.143 - - [28/Apr/2025:04:01:04 -0400] "GET / HTTP/1.1" 500 15229 "-" "Mozilla/5.0 AppleWebKit/537.36 (KHTML, like Gecko; compatible; GPTBot/1.2; +https://openai.com/gptbot)"
66.29.132.124 - - [28/Apr/2025:04:01:18 -0400] "POST /wp-admin/admin-ajax.php?action=async_litespeed&nonce=dmjkmZwQu8ryX6F0A4oufsO9mqYtKfkY&litespeed_type=imgoptm HTTP/1.1" 200 0 "-" "WordPress/6.8; https://aiqaderm.com"
66.29.132.124 - - [28/Apr/2025:04:04:31 -0400] "POST /wp-cron.php?doing_wp_cron=1745827470.3716640472412109375000 HTTP/1.1" 200 0 "-" "WordPress/6.8; https://aiqaderm.com"
66.29.132.124 - - [28/Apr/2025:04:04:33 -0400] "POST /wp-admin/admin-ajax.php?action=async_litespeed&nonce=9SkTEn4sZ0qoTRR9vN2Q5ixwhG7zIBOL&litespeed_type=imgoptm HTTP/1.1" 200 0 "-" "WordPress/6.8; https://aiqaderm.com"
20.171.207.143 - - [28/Apr/2025:04:04:17 -0400] "GET /wp-json/wp/v2/product/798 HTTP/1.1" 200 2753 "-" "Mozilla/5.0 AppleWebKit/537.36 (KHTML, like Gecko; compatible; GPTBot/1.2; +https://openai.com/gptbot)"
20.171.207.143 - - [28/Apr/2025:04:05:04 -0400] "GET /?p=798 HTTP/1.1" 301 0 "-" "Mozilla/5.0 AppleWebKit/537.36 (KHTML, like Gecko; compatible; GPTBot/1.2; +https://openai.com/gptbot)"
66.29.132.124 - - [28/Apr/2025:04:05:09 -0400] "POST /wp-cron.php?doing_wp_cron=1745827506.9076859951019287109375 HTTP/1.1" 200 0 "-" "WordPress/6.8; https://aiqaderm.com"
66.29.132.124 - - [28/Apr/2025:04:10:43 -0400] "POST /wp-cron.php?doing_wp_cron=1745827842.7319979667663574218750 HTTP/1.1" 200 0 "-" "WordPress/6.8; https://aiqaderm.com"
66.29.132.124 - - [28/Apr/2025:04:10:45 -0400] "POST /wp-admin/admin-ajax.php?action=async_litespeed&nonce=ZNBwZLwpOC5ICeJdPBeyMUlSGEArwAzW&litespeed_type=imgoptm HTTP/1.1" 200 0 "-" "WordPress/6.8; https://aiqaderm.com"
66.29.132.124 - - [28/Apr/2025:04:10:27 -0400] "GET / HTTP/1.1" 500 59578 "-" "Mozilla/5.0 (Windows NT 10.0; Win64; x64; rv:122.0) Gecko/20100101 Firefox/122.0"
20.171.207.143 - - [28/Apr/2025:04:10:59 -0400] "GET /wp-includes/rest-api/search/makeasmtp.php HTTP/1.1" 404 19396 "-" "Mozilla/5.0 AppleWebKit/537.36 (KHTML, like Gecko; compatible; GPTBot/1.2; +https://openai.com/gptbot)"
66.29.132.124 - - [28/Apr/2025:04:14:19 -0400] "POST /wp-cron.php?doing_wp_cron=1745828058.7928800582885742187500 HTTP/1.1" 200 0 "-" "WordPress/6.8; https://aiqaderm.com"
20.171.207.143 - - [28/Apr/2025:04:14:07 -0400] "GET / HTTP/1.1" 500 15228 "-" "Mozilla/5.0 AppleWebKit/537.36 (KHTML, like Gecko; compatible; GPTBot/1.2; +https://openai.com/gptbot)"
66.29.132.124 - - [28/Apr/2025:04:14:21 -0400] "POST /wp-admin/admin-ajax.php?action=async_litespeed&nonce=nX95syL9eU7Csan1Nvuo1HqIzQIuSBzG&litespeed_type=imgoptm HTTP/1.1" 200 0 "-" "WordPress/6.8; https://aiqaderm.com"
66.29.132.124 - - [28/Apr/2025:04:26:58 -0400] "POST /wp-cron.php?doing_wp_cron=1745828817.9859340190887451171875 HTTP/1.1" 200 0 "-" "WordPress/6.8; https://aiqaderm.com"
20.171.207.143 - - [28/Apr/2025:04:26:45 -0400] "GET /xmlrpc.php HTTP/1.1" 405 46 "-" "Mozilla/5.0 AppleWebKit/537.36 (KHTML, like Gecko; compatible; GPTBot/1.2; +https://openai.com/gptbot)"
66.29.132.124 - - [28/Apr/2025:04:27:00 -0400] "POST /wp-admin/admin-ajax.php?action=async_litespeed&nonce=uef7s9FZzPduyu5KOR6XxrrfYzXNREzQ&litespeed_type=imgoptm HTTP/1.1" 200 0 "-" "WordPress/6.8; https://aiqaderm.com"
66.29.132.124 - - [28/Apr/2025:04:33:22 -0400] "POST /wp-cron.php?doing_wp_cron=1745829202.3463580608367919921875 HTTP/1.1" 200 0 "-" "WordPress/6.8; https://aiqaderm.com"
66.29.132.124 - - [28/Apr/2025:04:33:22 -0400] "POST /wp-cron.php?doing_wp_cron=1745829202.3462910652160644531250 HTTP/1.1" 200 0 "-" "WordPress/6.8; https://aiqaderm.com"
95.217.121.232 - - [28/Apr/2025:04:33:13 -0400] "GET / HTTP/1.0" 500 59578 "https://aiqaderm.com/" "Mozilla/5.0 (Windows NT 10.0; Win64; x64) AppleWebKit/537.36 (KHTML, like Gecko) Chrome/131.0.0.0 Safari/537.36 Avast/131.0.0.0"
185.7.214.130 - - [28/Apr/2025:04:33:14 -0400] "GET / HTTP/1.0" 500 59578 "https://aiqaderm.com/" "Mozilla/5.0 (Windows NT 10.0; Win64; x64) AppleWebKit/537.36 (KHTML, like Gecko) Chrome/130.0.0.0 Safari/537.36 CCleaner/130.0.0.0"
66.29.132.124 - - [28/Apr/2025:04:33:23 -0400] "POST /wp-admin/admin-ajax.php?action=async_litespeed&nonce=It51wATYBYXAUfa3IOPJcqV5C81Dk14a&litespeed_type=imgoptm HTTP/1.1" 200 0 "-" "WordPress/6.8; https://aiqaderm.com"
66.29.132.124 - - [28/Apr/2025:04:33:40 -0400] "POST /wp-cron.php?doing_wp_cron=1745829220.5421140193939208984375 HTTP/1.1" 200 0 "-" "WordPress/6.8; https://aiqaderm.com"
20.171.207.143 - - [28/Apr/2025:04:33:39 -0400] "GET /xmlrpc.php HTTP/1.1" 405 46 "-" "Mozilla/5.0 AppleWebKit/537.36 (KHTML, like Gecko; compatible; GPTBot/1.2; +https://openai.com/gptbot)"
66.29.132.124 - - [28/Apr/2025:04:33:41 -0400] "POST /wp-admin/admin-ajax.php?action=async_litespeed&nonce=qFWixygXXRUs2dRD9dT1ZAvh7dehvmua&litespeed_type=imgoptm HTTP/1.1" 200 21 "-" "WordPress/6.8; https://aiqaderm.com"
66.29.132.124 - - [28/Apr/2025:04:41:19 -0400] "POST /wp-cron.php?doing_wp_cron=1745829678.3005809783935546875000 HTTP/1.1" 200 0 "-" "WordPress/6.8; https://aiqaderm.com"
20.171.207.143 - - [28/Apr/2025:04:41:04 -0400] "GET /wp-json/wp/v2/product_cat/59 HTTP/1.1" 200 641 "-" "Mozilla/5.0 AppleWebKit/537.36 (KHTML, like Gecko; compatible; GPTBot/1.2; +https://openai.com/gptbot)"
66.29.132.124 - - [28/Apr/2025:04:49:50 -0400] "POST /wp-cron.php?doing_wp_cron=1745830190.0456259250640869140625 HTTP/1.1" 200 0 "-" "WordPress/6.8; https://aiqaderm.com"
20.171.207.143 - - [28/Apr/2025:04:49:37 -0400] "GET /appsettings.Production.json HTTP/1.1" 404 19396 "-" "Mozilla/5.0 AppleWebKit/537.36 (KHTML, like Gecko; compatible; GPTBot/1.2; +https://openai.com/gptbot)"
66.29.132.124 - - [28/Apr/2025:04:49:52 -0400] "POST /wp-admin/admin-ajax.php?action=async_litespeed&nonce=vyI8LbDVRZ0N32OAK0xRtW4XXbicjmnh&litespeed_type=imgoptm HTTP/1.1" 200 0 "-" "WordPress/6.8; https://aiqaderm.com"
66.29.132.124 - - [28/Apr/2025:04:53:31 -0400] "POST /wp-cron.php?doing_wp_cron=1745830410.7004320621490478515625 HTTP/1.1" 200 0 "-" "WordPress/6.8; https://aiqaderm.com"
20.171.207.143 - - [28/Apr/2025:04:53:18 -0400] "GET / HTTP/1.1" 500 15229 "-" "Mozilla/5.0 AppleWebKit/537.36 (KHTML, like Gecko; compatible; GPTBot/1.2; +https://openai.com/gptbot)"
182.188.106.114 - - [28/Apr/2025:04:54:52 -0400] "GET /wp-content/themes/medibazar/assets/css/fonts/fa-regular-400.woff2 HTTP/1.1" 200 145076 "https://aiqaderm.com/wp-content/themes/medibazar/assets/css//fontawesome-all.min.css?ver=1.0" "Mozilla/5.0 (Linux; Android 10; K) AppleWebKit/537.36 (KHTML, like Gecko) Chrome/135.0.0.0 Safari/537.36"
182.188.106.114 - - [28/Apr/2025:04:54:52 -0400] "GET /wp-content/themes/medibazar/assets/css/fonts/fa-solid-900.woff2 HTTP/1.1" 200 117536 "https://aiqaderm.com/wp-content/themes/medibazar/assets/css//fontawesome-all.min.css?ver=1.0" "Mozilla/5.0 (Linux; Android 10; K) AppleWebKit/537.36 (KHTML, like Gecko) Chrome/135.0.0.0 Safari/537.36"
182.188.106.114 - - [28/Apr/2025:04:54:52 -0400] "GET /wp-content/uploads/2020/09/1-4.png HTTP/1.1" 200 230569 "https://aiqaderm.com/product-category/antioxidant-immunity-booster/" "Mozilla/5.0 (Linux; Android 10; K) AppleWebKit/537.36 (KHTML, like Gecko) Chrome/135.0.0.0 Safari/537.36"
182.188.106.114 - - [28/Apr/2025:04:54:52 -0400] "GET /wp-content/uploads/2025/01/37.png HTTP/1.1" 200 244360 "https://aiqaderm.com/product-category/antioxidant-immunity-booster/" "Mozilla/5.0 (Linux; Android 10; K) AppleWebKit/537.36 (KHTML, like Gecko) Chrome/135.0.0.0 Safari/537.36"
182.188.106.114 - - [28/Apr/2025:04:54:52 -0400] "GET /wp-content/uploads/2020/10/breadcrumb.jpg HTTP/1.1" 200 239743 "https://aiqaderm.com/product-category/antioxidant-immunity-booster/" "Mozilla/5.0 (Linux; Android 10; K) AppleWebKit/537.36 (KHTML, like Gecko) Chrome/135.0.0.0 Safari/537.36"
66.29.132.124 - - [28/Apr/2025:04:54:55 -0400] "POST /wp-cron.php?doing_wp_cron=1745830494.4406890869140625000000 HTTP/1.1" 200 0 "-" "WordPress/6.8; https://aiqaderm.com"
182.188.106.114 - - [28/Apr/2025:04:54:52 -0400] "GET /wp-content/plugins/WP%20PROTECTION/custom-script.js HTTP/1.1" 404 19396 "https://aiqaderm.com/product-category/antioxidant-immunity-booster/" "Mozilla/5.0 (Linux; Android 10; K) AppleWebKit/537.36 (KHTML, like Gecko) Chrome/135.0.0.0 Safari/537.36"
182.188.106.114 - - [28/Apr/2025:04:54:58 -0400] "GET /wp-content/themes/medibazar/assets/css/fonts/fa-light-300.woff2 HTTP/1.1" 200 157064 "https://aiqaderm.com/wp-content/themes/medibazar/assets/css//fontawesome-all.min.css?ver=1.0" "Mozilla/5.0 (Linux; Android 10; K) AppleWebKit/537.36 (KHTML, like Gecko) Chrome/135.0.0.0 Safari/537.36"
66.29.132.124 - - [28/Apr/2025:04:54:58 -0400] "POST /wp-admin/admin-ajax.php?action=async_litespeed&nonce=TrYlzi1DG8J0M6aXtMvtrY1Cn2QRdm9y&litespeed_type=imgoptm HTTP/1.1" 200 0 "-" "WordPress/6.8; https://aiqaderm.com"
182.188.106.114 - - [28/Apr/2025:04:54:58 -0400] "POST /?wc-ajax=get_refreshed_fragments HTTP/1.1" 200 493 "https://aiqaderm.com/product-category/antioxidant-immunity-booster/" "Mozilla/5.0 (Linux; Android 10; K) AppleWebKit/537.36 (KHTML, like Gecko) Chrome/135.0.0.0 Safari/537.36"
66.29.132.124 - - [28/Apr/2025:04:56:13 -0400] "POST /wp-cron.php?doing_wp_cron=1745830572.6686730384826660156250 HTTP/1.1" 200 0 "-" "WordPress/6.8; https://aiqaderm.com"
13.80.27.129 - - [28/Apr/2025:04:56:11 -0400] "POST /xmlrpc.php HTTP/1.1" 200 403 "-" "Mozilla/5.0 (Windows NT 6.1; Win64; x64; rv:25.0) Gecko/20100101 Firefox/29.0"
13.80.27.129 - - [28/Apr/2025:04:56:53 -0400] "POST /xmlrpc.php HTTP/1.1" 200 403 "-" "Mozilla/5.0 (Windows NT 5.1; rv:30.0) Gecko/20100101 Firefox/30.0"
103.186.31.213 - - [28/Apr/2025:04:57:04 -0400] "POST /xmlrpc.php HTTP/1.1" 200 403 "-" "Mozilla/5.0 (Windows NT 10.0; Win64; x64) AppleWebKit/537.36 (KHTML, like Gecko) Chrome/79.0.3945.130 Safari/537.36"
37.153.91.143 - - [28/Apr/2025:04:57:18 -0400] "POST /xmlrpc.php HTTP/1.1" 200 403 "-" "Mozilla/5.0 (iPod; CPU iPhone OS 14_6 like Mac OS X) AppleWebKit/605.1.15 (KHTML, like Gecko) CriOS/91.0.4472.80 Mobile/15E148 Safari/604.1"
66.29.132.124 - - [28/Apr/2025:04:57:22 -0400] "POST /wp-cron.php?doing_wp_cron=1745830639.2377669811248779296875 HTTP/1.1" 200 0 "-" "WordPress/6.8; https://aiqaderm.com"
66.29.132.124 - - [28/Apr/2025:04:58:34 -0400] "POST /wp-cron.php?doing_wp_cron=1745830712.8773200511932373046875 HTTP/1.1" 200 0 "-" "WordPress/6.8; https://aiqaderm.com"
51.8.102.81 - - [28/Apr/2025:04:58:26 -0400] "GET / HTTP/1.1" 500 15227 "-" "Mozilla/5.0 (Macintosh; Intel Mac OS X 10_15_7) AppleWebKit/537.36 (KHTML, like Gecko) Chrome/131.0.0.0 Safari/537.36; compatible; OAI-SearchBot/1.0; +https://openai.com/searchbot"
51.8.102.233 - - [28/Apr/2025:04:58:37 -0400] "GET / HTTP/1.1" 500 15227 "-" "Mozilla/5.0 (Macintosh; Intel Mac OS X 10_15_7) AppleWebKit/537.36 (KHTML, like Gecko) Chrome/131.0.0.0 Safari/537.36; compatible; OAI-SearchBot/1.0; +https://openai.com/searchbot"
51.8.102.59 - - [28/Apr/2025:04:58:39 -0400] "GET / HTTP/1.1" 500 15227 "-" "Mozilla/5.0 (Macintosh; Intel Mac OS X 10_15_7) AppleWebKit/537.36 (KHTML, like Gecko) Chrome/131.0.0.0 Safari/537.36; compatible; OAI-SearchBot/1.0; +https://openai.com/searchbot"
51.8.102.49 - - [28/Apr/2025:04:58:40 -0400] "GET / HTTP/1.1" 500 15227 "-" "Mozilla/5.0 (Macintosh; Intel Mac OS X 10_15_7) AppleWebKit/537.36 (KHTML, like Gecko) Chrome/131.0.0.0 Safari/537.36; compatible; OAI-SearchBot/1.0; +https://openai.com/searchbot"
47.76.69.33 - - [28/Apr/2025:05:04:21 -0400] "GET /robots.txt HTTP/1.1" 200 139 "-" "AliyunSecBot/Aliyun (AliyunSecBot@service.alibaba.com)"
66.29.132.124 - - [28/Apr/2025:05:04:27 -0400] "POST /wp-cron.php?doing_wp_cron=1745831067.4086360931396484375000 HTTP/1.1" 200 0 "-" "WordPress/6.8; https://aiqaderm.com"
8.217.172.157 - - [28/Apr/2025:05:04:22 -0400] "GET /product-category/hair-regrowth/?add-to-cart=80 HTTP/1.1" 200 22441 "-" "AliyunSecBot/Aliyun (AliyunSecBot@service.alibaba.com)"
66.29.132.124 - - [28/Apr/2025:05:04:29 -0400] "POST /wp-admin/admin-ajax.php?action=async_litespeed&nonce=ZYyqSAilr8xDiSD8JP7C0L9RKxJ2DTUa&litespeed_type=imgoptm HTTP/1.1" 200 0 "-" "WordPress/6.8; https://aiqaderm.com"
4.227.36.86 - - [28/Apr/2025:05:05:20 -0400] "GET /robots.txt HTTP/1.1" 200 139 "-" "Mozilla/5.0 AppleWebKit/537.36 (KHTML, like Gecko; compatible; GPTBot/1.2; +https://openai.com/gptbot)"
66.29.132.124 - - [28/Apr/2025:05:08:38 -0400] "POST /wp-cron.php?doing_wp_cron=1745831317.3196110725402832031250 HTTP/1.1" 200 0 "-" "WordPress/6.8; https://aiqaderm.com"
203.33.203.148 - - [28/Apr/2025:05:08:23 -0400] "GET / HTTP/1.1" 301 0 "http://www.aiqaderm.com" "Mozilla/5.0 (iPhone; CPU iPhone OS 13_2_3 like Mac OS X) AppleWebKit/605.1.15 (KHTML, like Gecko) Version/13.0.3 Mobile/15E148 Safari/604.1"
66.29.132.124 - - [28/Apr/2025:05:10:01 -0400] "POST /wp-cron.php?doing_wp_cron=1745831401.1381819248199462890625 HTTP/1.1" 200 0 "-" "WordPress/6.8; https://aiqaderm.com"
20.171.207.143 - - [28/Apr/2025:05:10:00 -0400] "GET / HTTP/1.1" 500 15228 "-" "Mozilla/5.0 AppleWebKit/537.36 (KHTML, like Gecko; compatible; GPTBot/1.2; +https://openai.com/gptbot)"
66.29.132.124 - - [28/Apr/2025:05:10:05 -0400] "POST /wp-admin/admin-ajax.php?action=async_litespeed&nonce=bnbglyWN6VQgAiOcKkMNlMNAdzGEJydI&litespeed_type=imgoptm HTTP/1.1" 200 0 "-" "WordPress/6.8; https://aiqaderm.com"
66.29.132.124 - - [28/Apr/2025:05:12:13 -0400] "POST /wp-cron.php?doing_wp_cron=1745831533.3431971073150634765625 HTTP/1.1" 200 0 "-" "WordPress/6.8; https://aiqaderm.com"
47.242.203.107 - - [28/Apr/2025:05:12:07 -0400] "GET /product-category/featured-products/801 HTTP/1.1" 404 19396 "-" "AliyunSecBot/Aliyun (AliyunSecBot@service.alibaba.com)"
66.29.132.124 - - [28/Apr/2025:05:12:14 -0400] "POST /wp-admin/admin-ajax.php?action=async_litespeed&nonce=jMHHl7POy7wuT9teDhepkqHPQ2iBb1dh&litespeed_type=imgoptm HTTP/1.1" 200 0 "-" "WordPress/6.8; https://aiqaderm.com"
66.29.132.124 - - [28/Apr/2025:05:12:15 -0400] "POST /wp-admin/admin-ajax.php?action=wp_1_wc_privacy_cleanup&nonce=aaaf64d32b HTTP/1.1" 200 0 "-" "WordPress/6.8; https://aiqaderm.com"
66.29.132.124 - - [28/Apr/2025:05:12:21 -0400] "POST /wp-cron.php?doing_wp_cron=1745831540.8652799129486083984375 HTTP/1.1" 200 0 "-" "WordPress/6.8; https://aiqaderm.com"
8.218.196.108 - - [28/Apr/2025:05:12:19 -0400] "GET /product/uv-aiq-spf-60-cream/?add-to-cart=884 HTTP/1.1" 200 25029 "-" "AliyunSecBot/Aliyun (AliyunSecBot@service.alibaba.com)"
20.171.207.143 - - [28/Apr/2025:05:14:44 -0400] "GET /wp-content/plugins/WP%20PROTECTION/custom-script.js HTTP/1.1" 404 19396 "-" "Mozilla/5.0 AppleWebKit/537.36 (KHTML, like Gecko; compatible; GPTBot/1.2; +https://openai.com/gptbot)"
47.76.233.171 - - [28/Apr/2025:05:15:12 -0400] "GET /product-category/featured-products/804 HTTP/1.1" 200 0 "-" "AliyunSecBot/Aliyun (AliyunSecBot@service.alibaba.com)"
66.29.132.124 - - [28/Apr/2025:05:15:29 -0400] "POST /wp-cron.php?doing_wp_cron=1745831728.1025030612945556640625 HTTP/1.1" 200 0 "-" "WordPress/6.8; https://aiqaderm.com"
66.29.132.124 - - [28/Apr/2025:05:15:31 -0400] "POST /wp-admin/admin-ajax.php?action=async_litespeed&nonce=CULmmBXh49K7yDC4ICDoF3Zk04L2luPb&litespeed_type=imgoptm HTTP/1.1" 200 0 "-" "WordPress/6.8; https://aiqaderm.com"
66.29.132.124 - - [28/Apr/2025:05:15:50 -0400] "POST /wp-cron.php?doing_wp_cron=1745831749.6049830913543701171875 HTTP/1.1" 200 0 "-" "WordPress/6.8; https://aiqaderm.com"
20.171.207.143 - - [28/Apr/2025:05:15:48 -0400] "GET /product-category/enlarged-pores/ HTTP/1.1" 404 19420 "-" "Mozilla/5.0 AppleWebKit/537.36 (KHTML, like Gecko; compatible; GPTBot/1.2; +https://openai.com/gptbot)"
66.29.132.124 - - [28/Apr/2025:05:16:50 -0400] "POST /wp-cron.php?doing_wp_cron=1745831810.7086799144744873046875 HTTP/1.1" 200 0 "-" "WordPress/6.8; https://aiqaderm.com"
20.171.207.143 - - [28/Apr/2025:05:16:49 -0400] "GET /wp-admin/admin-ajax.php HTTP/1.1" 400 5 "-" "Mozilla/5.0 AppleWebKit/537.36 (KHTML, like Gecko; compatible; GPTBot/1.2; +https://openai.com/gptbot)"
66.29.132.124 - - [28/Apr/2025:05:16:52 -0400] "POST /wp-admin/admin-ajax.php?action=async_litespeed&nonce=7KR483g0iBVuiCafh8xvFw483Rx9Ev3W&litespeed_type=imgoptm HTTP/1.1" 200 0 "-" "WordPress/6.8; https://aiqaderm.com"
66.29.132.124 - - [28/Apr/2025:05:17:52 -0400] "POST /wp-cron.php?doing_wp_cron=1745831872.2493970394134521484375 HTTP/1.1" 200 0 "-" "WordPress/6.8; https://aiqaderm.com"
20.171.207.143 - - [28/Apr/2025:05:17:50 -0400] "GET / HTTP/1.1" 500 15227 "-" "Mozilla/5.0 AppleWebKit/537.36 (KHTML, like Gecko; compatible; GPTBot/1.2; +https://openai.com/gptbot)"
66.29.132.124 - - [28/Apr/2025:05:17:53 -0400] "POST /wp-admin/admin-ajax.php?action=async_litespeed&nonce=oquLuMw4P2Q5Y89zB9XC9beUZXCs99iA&litespeed_type=imgoptm HTTP/1.1" 200 0 "-" "WordPress/6.8; https://aiqaderm.com"
20.171.207.143 - - [28/Apr/2025:05:18:53 -0400] "GET /product-category/body-lightening/ HTTP/1.1" 404 19422 "-" "Mozilla/5.0 AppleWebKit/537.36 (KHTML, like Gecko; compatible; GPTBot/1.2; +https://openai.com/gptbot)"
66.29.132.124 - - [28/Apr/2025:05:18:58 -0400] "POST /wp-cron.php?doing_wp_cron=1745831936.3515129089355468750000 HTTP/1.1" 200 0 "-" "WordPress/6.8; https://aiqaderm.com"
20.171.207.143 - - [28/Apr/2025:05:19:55 -0400] "GET /wp-content/themes/medibazar/assets/js/custom/carousel_slider.js?ver=1.0 HTTP/1.1" 200 339 "-" "Mozilla/5.0 AppleWebKit/537.36 (KHTML, like Gecko; compatible; GPTBot/1.2; +https://openai.com/gptbot)"
66.29.132.124 - - [28/Apr/2025:05:29:00 -0400] "POST /wp-cron.php?doing_wp_cron=1745832540.7669129371643066406250 HTTP/1.1" 200 0 "-" "WordPress/6.8; https://aiqaderm.com"
20.171.207.143 - - [28/Apr/2025:05:28:51 -0400] "GET / HTTP/1.1" 500 15229 "-" "Mozilla/5.0 AppleWebKit/537.36 (KHTML, like Gecko; compatible; GPTBot/1.2; +https://openai.com/gptbot)"
66.29.132.124 - - [28/Apr/2025:05:29:02 -0400] "POST /wp-admin/admin-ajax.php?action=async_litespeed&nonce=YDUQzvYm08KCcj4Z4WhEAz8UeKmCeaXJ&litespeed_type=imgoptm HTTP/1.1" 200 0 "-" "WordPress/6.8; https://aiqaderm.com"
66.29.132.124 - - [28/Apr/2025:05:29:52 -0400] "POST /wp-cron.php?doing_wp_cron=1745832591.9464879035949707031250 HTTP/1.1" 200 0 "-" "WordPress/6.8; https://aiqaderm.com"
20.171.207.143 - - [28/Apr/2025:05:29:50 -0400] "GET / HTTP/1.1" 500 15228 "-" "Mozilla/5.0 AppleWebKit/537.36 (KHTML, like Gecko; compatible; GPTBot/1.2; +https://openai.com/gptbot)"
66.29.132.124 - - [28/Apr/2025:05:29:53 -0400] "POST /wp-admin/admin-ajax.php?action=async_litespeed&nonce=IIeagjiovqnhRRIIFZnZVJw4JFChEYeK&litespeed_type=imgoptm HTTP/1.1" 200 0 "-" "WordPress/6.8; https://aiqaderm.com"
66.29.132.124 - - [28/Apr/2025:05:35:24 -0400] "POST /wp-cron.php?doing_wp_cron=1745832924.4279739856719970703125 HTTP/1.1" 200 0 "-" "WordPress/6.8; https://aiqaderm.com"
20.171.207.143 - - [28/Apr/2025:05:35:15 -0400] "GET /.aws/credentials HTTP/1.1" 404 19398 "-" "Mozilla/5.0 AppleWebKit/537.36 (KHTML, like Gecko; compatible; GPTBot/1.2; +https://openai.com/gptbot)"
66.29.132.124 - - [28/Apr/2025:05:35:25 -0400] "POST /wp-admin/admin-ajax.php?action=async_litespeed&nonce=6Qa9x72KjSCIvWejJCNaccTSkLOV8qol&litespeed_type=imgoptm HTTP/1.1" 200 21 "-" "WordPress/6.8; https://aiqaderm.com"
66.29.132.124 - - [28/Apr/2025:05:36:21 -0400] "POST /wp-cron.php?doing_wp_cron=1745832981.0659949779510498046875 HTTP/1.1" 200 0 "-" "WordPress/6.8; https://aiqaderm.com"
20.171.207.143 - - [28/Apr/2025:05:36:20 -0400] "GET /wp-json/wp/v2/product/73 HTTP/1.1" 200 3302 "-" "Mozilla/5.0 AppleWebKit/537.36 (KHTML, like Gecko; compatible; GPTBot/1.2; +https://openai.com/gptbot)"
66.29.132.124 - - [28/Apr/2025:05:37:22 -0400] "POST /wp-cron.php?doing_wp_cron=1745833042.3771319389343261718750 HTTP/1.1" 200 0 "-" "WordPress/6.8; https://aiqaderm.com"
20.171.207.143 - - [28/Apr/2025:05:37:21 -0400] "GET /?p=73 HTTP/1.1" 301 0 "-" "Mozilla/5.0 AppleWebKit/537.36 (KHTML, like Gecko; compatible; GPTBot/1.2; +https://openai.com/gptbot)"
66.29.132.124 - - [28/Apr/2025:05:37:24 -0400] "POST /wp-admin/admin-ajax.php?action=async_litespeed&nonce=kEaobZgmzGKERHCMeRFoK3QhSc2ppKvL&litespeed_type=imgoptm HTTP/1.1" 200 0 "-" "WordPress/6.8; https://aiqaderm.com"
66.29.132.124 - - [28/Apr/2025:05:41:20 -0400] "POST /wp-cron.php?doing_wp_cron=1745833279.9687659740447998046875 HTTP/1.1" 200 0 "-" "WordPress/6.8; https://aiqaderm.com"
87.236.176.15 - - [28/Apr/2025:05:41:11 -0400] "GET / HTTP/1.1" 500 17511 "-" "Mozilla/5.0 (compatible; InternetMeasurement/1.0; +https://internet-measurement.com/)"
66.29.132.124 - - [28/Apr/2025:05:41:21 -0400] "POST /wp-admin/admin-ajax.php?action=async_litespeed&nonce=Y1FR1DguCMLkygJRB561OiBys0dAz4yQ&litespeed_type=imgoptm HTTP/1.1" 200 0 "-" "WordPress/6.8; https://aiqaderm.com"
185.247.137.212 - - [28/Apr/2025:05:41:22 -0400] "GET /wp-content/uploads/2024/12/cropped-png-icon-aiqa-1-192x192.png HTTP/1.1" 200 13784 "-" "Mozilla/5.0 (compatible; InternetMeasurement/1.0; +https://internet-measurement.com/)"
87.236.176.238 - - [28/Apr/2025:05:41:22 -0400] "GET /wp-content/uploads/2024/12/cropped-png-icon-aiqa-1-32x32.png HTTP/1.1" 200 1088 "-" "Mozilla/5.0 (compatible; InternetMeasurement/1.0; +https://internet-measurement.com/)"
185.247.137.138 - - [28/Apr/2025:05:41:22 -0400] "GET /wp-content/uploads/2024/12/cropped-png-icon-aiqa-1-180x180.png HTTP/1.1" 200 12688 "-" "Mozilla/5.0 (compatible; InternetMeasurement/1.0; +https://internet-measurement.com/)"
87.236.176.120 - - [28/Apr/2025:05:41:22 -0400] "GET /wp-content/uploads/2024/12/cropped-png-icon-aiqa-1-270x270.png HTTP/1.1" 200 22693 "-" "Mozilla/5.0 (compatible; InternetMeasurement/1.0; +https://internet-measurement.com/)"
66.29.132.124 - - [28/Apr/2025:05:42:12 -0400] "POST /wp-cron.php?doing_wp_cron=1745833332.4378290176391601562500 HTTP/1.1" 200 0 "-" "WordPress/6.8; https://aiqaderm.com"
20.171.207.143 - - [28/Apr/2025:05:42:11 -0400] "GET /?p=874 HTTP/1.1" 301 0 "-" "Mozilla/5.0 AppleWebKit/537.36 (KHTML, like Gecko; compatible; GPTBot/1.2; +https://openai.com/gptbot)"
66.29.132.124 - - [28/Apr/2025:05:42:13 -0400] "POST /wp-admin/admin-ajax.php?action=async_litespeed&nonce=I886aKnN7gnsDSYhv7sjc10zprVSziwh&litespeed_type=imgoptm HTTP/1.1" 200 0 "-" "WordPress/6.8; https://aiqaderm.com"
66.29.132.124 - - [28/Apr/2025:05:43:03 -0400] "POST /wp-cron.php?doing_wp_cron=1745833383.1185410022735595703125 HTTP/1.1" 200 0 "-" "WordPress/6.8; https://aiqaderm.com"
20.171.207.143 - - [28/Apr/2025:05:43:02 -0400] "GET /wp-json/wp/v2/product/874 HTTP/1.1" 200 3088 "-" "Mozilla/5.0 AppleWebKit/537.36 (KHTML, like Gecko; compatible; GPTBot/1.2; +https://openai.com/gptbot)"
66.29.132.124 - - [28/Apr/2025:05:43:03 -0400] "POST /wp-admin/admin-ajax.php?action=async_litespeed&nonce=Oh2AkSOTkmJojAxbK3ZxebjzwNXmhGnE&litespeed_type=imgoptm HTTP/1.1" 200 21 "-" "WordPress/6.8; https://aiqaderm.com"
66.29.132.124 - - [28/Apr/2025:05:55:41 -0400] "POST /wp-cron.php?doing_wp_cron=1745834141.8641018867492675781250 HTTP/1.1" 200 0 "-" "WordPress/6.8; https://aiqaderm.com"
88.214.48.42 - - [28/Apr/2025:05:55:30 -0400] "GET / HTTP/1.1" 500 17505 "-" "Mozilla/5.0 (Macintosh; Intel Mac OS X 10_15_7) AppleWebKit/537.36 (KHTML, like Gecko) Chrome/120.0.0.0 Safari/537.36"
66.29.132.124 - - [28/Apr/2025:05:55:43 -0400] "POST /wp-admin/admin-ajax.php?action=async_litespeed&nonce=5gzLlrZPitWxbP0HIFnG1q06xHq8r5DN&litespeed_type=imgoptm HTTP/1.1" 200 0 "-" "WordPress/6.8; https://aiqaderm.com"
66.29.132.124 - - [28/Apr/2025:06:00:26 -0400] "POST /wp-cron.php?doing_wp_cron=1745834426.2187180519104003906250 HTTP/1.1" 200 0 "-" "WordPress/6.8; https://aiqaderm.com"
20.171.207.143 - - [28/Apr/2025:06:00:09 -0400] "GET /wp-json/wp/v2/product/892 HTTP/1.1" 200 2755 "-" "Mozilla/5.0 AppleWebKit/537.36 (KHTML, like Gecko; compatible; GPTBot/1.2; +https://openai.com/gptbot)"
66.29.132.124 - - [28/Apr/2025:06:00:29 -0400] "POST /wp-admin/admin-ajax.php?action=async_litespeed&nonce=9UKv3DzE54OVRBD1y8gQAsuTREe0lPaR&litespeed_type=imgoptm HTTP/1.1" 200 0 "-" "WordPress/6.8; https://aiqaderm.com"
66.29.132.124 - - [28/Apr/2025:06:00:50 -0400] "POST /wp-cron.php?doing_wp_cron=1745834450.7638709545135498046875 HTTP/1.1" 200 0 "-" "WordPress/6.8; https://aiqaderm.com"
20.171.207.143 - - [28/Apr/2025:06:00:50 -0400] "GET /?p=892 HTTP/1.1" 301 0 "-" "Mozilla/5.0 AppleWebKit/537.36 (KHTML, like Gecko; compatible; GPTBot/1.2; +https://openai.com/gptbot)"
66.29.132.124 - - [28/Apr/2025:06:01:27 -0400] "POST /wp-cron.php?doing_wp_cron=1745834487.1105270385742187500000 HTTP/1.1" 200 0 "-" "WordPress/6.8; https://aiqaderm.com"
20.171.207.143 - - [28/Apr/2025:06:01:26 -0400] "GET / HTTP/1.1" 500 15229 "-" "Mozilla/5.0 AppleWebKit/537.36 (KHTML, like Gecko; compatible; GPTBot/1.2; +https://openai.com/gptbot)"
66.29.132.124 - - [28/Apr/2025:06:01:27 -0400] "POST /wp-admin/admin-ajax.php?action=async_litespeed&nonce=pM6i0hyOWCxpQlOl3y0s7zCp7x3Snam3&litespeed_type=imgoptm HTTP/1.1" 200 0 "-" "WordPress/6.8; https://aiqaderm.com"
66.29.132.124 - - [28/Apr/2025:06:03:54 -0400] "POST /wp-cron.php?doing_wp_cron=1745834634.2122659683227539062500 HTTP/1.1" 200 0 "-" "WordPress/6.8; https://aiqaderm.com"
20.171.207.143 - - [28/Apr/2025:06:03:44 -0400] "GET /wp-json/wp/v2/product_tag/50 HTTP/1.1" 200 625 "-" "Mozilla/5.0 AppleWebKit/537.36 (KHTML, like Gecko; compatible; GPTBot/1.2; +https://openai.com/gptbot)"
66.29.132.124 - - [28/Apr/2025:06:03:55 -0400] "POST /wp-admin/admin-ajax.php?action=async_litespeed&nonce=BAvuUsmOVi0ehmmJaCmX5CNpoTisyC7r&litespeed_type=imgoptm HTTP/1.1" 200 0 "-" "WordPress/6.8; https://aiqaderm.com"
66.29.132.124 - - [28/Apr/2025:06:24:12 -0400] "POST /wp-cron.php?doing_wp_cron=1745835851.8955829143524169921875 HTTP/1.1" 200 0 "-" "WordPress/6.8; https://aiqaderm.com"
20.171.207.143 - - [28/Apr/2025:06:24:01 -0400] "GET / HTTP/1.1" 500 15229 "-" "Mozilla/5.0 AppleWebKit/537.36 (KHTML, like Gecko; compatible; GPTBot/1.2; +https://openai.com/gptbot)"
66.29.132.124 - - [28/Apr/2025:06:24:14 -0400] "POST /wp-admin/admin-ajax.php?action=async_litespeed&nonce=5J0PxH6YXu8NhL0Zi7uzJdaSQgOdNUu9&litespeed_type=imgoptm HTTP/1.1" 200 0 "-" "WordPress/6.8; https://aiqaderm.com"
66.29.132.124 - - [28/Apr/2025:06:28:03 -0400] "POST /wp-cron.php?doing_wp_cron=1745836083.7268629074096679687500 HTTP/1.1" 200 0 "-" "WordPress/6.8; https://aiqaderm.com"
20.171.207.143 - - [28/Apr/2025:06:27:53 -0400] "GET /?p=867 HTTP/1.1" 301 0 "-" "Mozilla/5.0 AppleWebKit/537.36 (KHTML, like Gecko; compatible; GPTBot/1.2; +https://openai.com/gptbot)"
66.29.132.124 - - [28/Apr/2025:06:28:04 -0400] "POST /wp-admin/admin-ajax.php?action=async_litespeed&nonce=SPRuuIBk8kxPkspsbYHikON9dzVXaFLy&litespeed_type=imgoptm HTTP/1.1" 200 0 "-" "WordPress/6.8; https://aiqaderm.com"
20.171.207.143 - - [28/Apr/2025:06:28:06 -0400] "GET /wp-json/wp/v2/product/867 HTTP/1.1" 200 2933 "-" "Mozilla/5.0 AppleWebKit/537.36 (KHTML, like Gecko; compatible; GPTBot/1.2; +https://openai.com/gptbot)"
66.29.132.124 - - [28/Apr/2025:06:39:55 -0400] "POST /wp-cron.php?doing_wp_cron=1745836795.0099580287933349609375 HTTP/1.1" 200 0 "-" "WordPress/6.8; https://aiqaderm.com"
20.171.207.143 - - [28/Apr/2025:06:39:44 -0400] "GET /wp-content__e8253f2/?ND HTTP/1.1" 404 19396 "-" "Mozilla/5.0 AppleWebKit/537.36 (KHTML, like Gecko; compatible; GPTBot/1.2; +https://openai.com/gptbot)"
66.29.132.124 - - [28/Apr/2025:06:39:56 -0400] "POST /wp-admin/admin-ajax.php?action=async_litespeed&nonce=GMrGZvZeHoTZ3fz9oZ51UAmBkMUXZ2sq&litespeed_type=imgoptm HTTP/1.1" 200 0 "-" "WordPress/6.8; https://aiqaderm.com"
66.29.132.124 - - [28/Apr/2025:06:39:58 -0400] "GET / HTTP/1.1" 200 0 "-" "WordPress/6.8; https://aiqaderm.com"
66.29.132.124 - - [28/Apr/2025:06:44:19 -0400] "POST /wp-cron.php?doing_wp_cron=1745837059.8909409046173095703125 HTTP/1.1" 200 0 "-" "WordPress/6.8; https://aiqaderm.com"
185.245.104.75 - - [28/Apr/2025:06:44:07 -0400] "GET / HTTP/1.1" 500 17505 "-" "Mozilla/5.0 (Macintosh; Intel Mac OS X 10_15_7) AppleWebKit/537.36 (KHTML, like Gecko) Chrome/133.0.0.0 Safari/537.36"
66.29.132.124 - - [28/Apr/2025:06:44:21 -0400] "POST /wp-admin/admin-ajax.php?action=async_litespeed&nonce=ACEc3MB9qp6wiEhFngb4vU9sOctgaCGC&litespeed_type=imgoptm HTTP/1.1" 200 0 "-" "WordPress/6.8; https://aiqaderm.com"
185.245.104.75 - - [28/Apr/2025:06:44:23 -0400] "GET /comments/feed/ HTTP/1.1" 200 1585 "-" "Mozilla/5.0 (Macintosh; Intel Mac OS X 10_15_7) AppleWebKit/537.36 (KHTML, like Gecko) Chrome/133.0.0.0 Safari/537.36"
185.245.104.75 - - [28/Apr/2025:06:44:24 -0400] "GET /2020/09/26/mirage-deep-dive-under-anding-timin-response/ HTTP/1.1" 200 26194 "-" "Mozilla/5.0 (Macintosh; Intel Mac OS X 10_15_7) AppleWebKit/537.36 (KHTML, like Gecko) Chrome/133.0.0.0 Safari/537.36"
66.29.132.124 - - [28/Apr/2025:06:44:28 -0400] "POST /wp-cron.php?doing_wp_cron=1745837067.9074831008911132812500 HTTP/1.1" 200 0 "-" "WordPress/6.8; https://aiqaderm.com"
27.147.255.146 - - [28/Apr/2025:06:44:27 -0400] "POST /wp-comments-post.php HTTP/1.1" 200 1184 "-" "Mozilla/5.0 (Macintosh; Intel Mac OS X 10_15_7) AppleWebKit/537.36 (KHTML, like Gecko) Chrome/133.0.0.0 Safari/537.36"
66.29.132.124 - - [28/Apr/2025:06:44:29 -0400] "POST /wp-admin/admin-ajax.php?action=async_litespeed&nonce=3vGc5h4n91kgThB22SNoW8bzNEIzvm6x&litespeed_type=imgoptm HTTP/1.1" 200 0 "-" "WordPress/6.8; https://aiqaderm.com"
27.147.255.146 - - [28/Apr/2025:06:44:33 -0400] "POST /wp-comments-post.php HTTP/1.1" 200 0 "-" "Mozilla/5.0 (Windows NT 10.0; Win64; x64) AppleWebKit/537.36 (KHTML, like Gecko) Chrome/120.0.0.0 Safari/537.36"
185.245.104.75 - - [28/Apr/2025:06:44:35 -0400] "GET /my-account-2/ HTTP/1.1" 200 23322 "-" "Mozilla/5.0 (Macintosh; Intel Mac OS X 10_15_7) AppleWebKit/537.36 (KHTML, like Gecko) Chrome/133.0.0.0 Safari/537.36"
185.245.104.75 - - [28/Apr/2025:06:44:38 -0400] "GET /my-account-2/lost-password/ HTTP/1.1" 200 23666 "-" "Mozilla/5.0 (Macintosh; Intel Mac OS X 10_15_7) AppleWebKit/537.36 (KHTML, like Gecko) Chrome/133.0.0.0 Safari/537.36"
66.29.132.124 - - [28/Apr/2025:06:44:46 -0400] "POST /wp-cron.php?doing_wp_cron=1745837086.0250730514526367187500 HTTP/1.1" 200 0 "-" "WordPress/6.8; https://aiqaderm.com"
27.147.255.146 - - [28/Apr/2025:06:44:45 -0400] "POST /my-account-2/lost-password/ HTTP/1.1" 200 23662 "-" "Mozilla/5.0 (Macintosh; Intel Mac OS X 10_15_7) AppleWebKit/537.36 (KHTML, like Gecko) Chrome/133.0.0.0 Safari/537.36"
27.147.255.146 - - [28/Apr/2025:06:44:51 -0400] "POST /my-account-2/lost-password/ HTTP/1.1" 200 23617 "-" "Mozilla/5.0 (Windows NT 10.0; Win64; x64) AppleWebKit/537.36 (KHTML, like Gecko) Chrome/120.0.0.0 Safari/537.36"
185.245.104.75 - - [28/Apr/2025:06:44:56 -0400] "GET /product-category/hair-regrowth/ HTTP/1.1" 200 25279 "-" "Mozilla/5.0 (Macintosh; Intel Mac OS X 10_15_7) AppleWebKit/537.36 (KHTML, like Gecko) Chrome/133.0.0.0 Safari/537.36"
185.245.104.75 - - [28/Apr/2025:06:44:57 -0400] "GET /blog/ HTTP/1.1" 200 28410 "-" "Mozilla/5.0 (Macintosh; Intel Mac OS X 10_15_7) AppleWebKit/537.36 (KHTML, like Gecko) Chrome/133.0.0.0 Safari/537.36"
185.245.104.75 - - [28/Apr/2025:06:44:58 -0400] "GET /2022/12/20/mihajlo-zborovskij-rozvitok-cifrovih-tehnologij-v/ HTTP/1.1" 200 25978 "-" "Mozilla/5.0 (Macintosh; Intel Mac OS X 10_15_7) AppleWebKit/537.36 (KHTML, like Gecko) Chrome/133.0.0.0 Safari/537.36"
27.147.255.146 - - [28/Apr/2025:06:45:00 -0400] "POST /wp-comments-post.php HTTP/1.1" 200 1184 "-" "Mozilla/5.0 (Macintosh; Intel Mac OS X 10_15_7) AppleWebKit/537.36 (KHTML, like Gecko) Chrome/133.0.0.0 Safari/537.36"
27.147.255.146 - - [28/Apr/2025:06:45:05 -0400] "POST /wp-comments-post.php HTTP/1.1" 200 0 "-" "Mozilla/5.0 (Windows NT 10.0; Win64; x64) AppleWebKit/537.36 (KHTML, like Gecko) Chrome/120.0.0.0 Safari/537.36"
185.245.104.75 - - [28/Apr/2025:06:45:07 -0400] "GET /2022/12/12/mihail-zborovskij-kosmobet-rol-tehnologij-v/ HTTP/1.1" 200 25954 "-" "Mozilla/5.0 (Macintosh; Intel Mac OS X 10_15_7) AppleWebKit/537.36 (KHTML, like Gecko) Chrome/133.0.0.0 Safari/537.36"
185.245.104.75 - - [28/Apr/2025:06:45:15 -0400] "GET /blog/page/2/ HTTP/1.1" 200 24496 "-" "Mozilla/5.0 (Macintosh; Intel Mac OS X 10_15_7) AppleWebKit/537.36 (KHTML, like Gecko) Chrome/133.0.0.0 Safari/537.36"
185.245.104.75 - - [28/Apr/2025:06:45:16 -0400] "GET /contact-us/ HTTP/1.1" 500 17310 "-" "Mozilla/5.0 (Macintosh; Intel Mac OS X 10_15_7) AppleWebKit/537.36 (KHTML, like Gecko) Chrome/133.0.0.0 Safari/537.36"
57.141.0.14 - - [28/Apr/2025:06:48:29 -0400] "GET /product-tag/hair-serum/feed/ HTTP/1.1" 200 1514 "-" "meta-externalagent/1.1 (+https://developers.facebook.com/docs/sharing/webmasters/crawler)"
66.29.132.124 - - [28/Apr/2025:06:53:24 -0400] "POST /wp-cron.php?doing_wp_cron=1745837604.0822589397430419921875 HTTP/1.1" 200 0 "-" "WordPress/6.8; https://aiqaderm.com"
20.171.207.143 - - [28/Apr/2025:06:53:10 -0400] "GET /?p=153 HTTP/1.1" 301 0 "-" "Mozilla/5.0 AppleWebKit/537.36 (KHTML, like Gecko; compatible; GPTBot/1.2; +https://openai.com/gptbot)"
66.29.132.124 - - [28/Apr/2025:06:53:25 -0400] "POST /wp-admin/admin-ajax.php?action=async_litespeed&nonce=T4wzK8SFHBrMc8gGy8ZMvhwsVUzj3EW1&litespeed_type=imgoptm HTTP/1.1" 200 0 "-" "WordPress/6.8; https://aiqaderm.com"
20.171.207.143 - - [28/Apr/2025:06:53:24 -0400] "GET /wp-json/wp/v2/posts/153 HTTP/1.1" 200 3883 "-" "Mozilla/5.0 AppleWebKit/537.36 (KHTML, like Gecko; compatible; GPTBot/1.2; +https://openai.com/gptbot)"
20.171.207.143 - - [28/Apr/2025:06:53:39 -0400] "GET /xmlrpc.php HTTP/1.1" 405 46 "-" "Mozilla/5.0 AppleWebKit/537.36 (KHTML, like Gecko; compatible; GPTBot/1.2; +https://openai.com/gptbot)"
66.29.132.124 - - [28/Apr/2025:06:56:11 -0400] "POST /wp-cron.php?doing_wp_cron=1745837771.2706329822540283203125 HTTP/1.1" 200 0 "-" "WordPress/6.8; https://aiqaderm.com"
20.171.207.143 - - [28/Apr/2025:06:56:00 -0400] "GET /wp-json/wp/v2/product/896 HTTP/1.1" 200 3015 "-" "Mozilla/5.0 AppleWebKit/537.36 (KHTML, like Gecko; compatible; GPTBot/1.2; +https://openai.com/gptbot)"
66.29.132.124 - - [28/Apr/2025:06:56:13 -0400] "POST /wp-admin/admin-ajax.php?action=async_litespeed&nonce=BsvlkTr4H421xvAqtbJZ38fBe2aJMD9h&litespeed_type=imgoptm HTTP/1.1" 200 0 "-" "WordPress/6.8; https://aiqaderm.com"
20.171.207.143 - - [28/Apr/2025:06:56:14 -0400] "GET /?p=896 HTTP/1.1" 301 0 "-" "Mozilla/5.0 AppleWebKit/537.36 (KHTML, like Gecko; compatible; GPTBot/1.2; +https://openai.com/gptbot)"
66.29.132.124 - - [28/Apr/2025:07:08:37 -0400] "POST /wp-cron.php?doing_wp_cron=1745838517.2783539295196533203125 HTTP/1.1" 200 0 "-" "WordPress/6.8; https://aiqaderm.com"
20.171.207.143 - - [28/Apr/2025:07:08:23 -0400] "GET /wp-json/wp/v2/product_cat/16 HTTP/1.1" 200 650 "-" "Mozilla/5.0 AppleWebKit/537.36 (KHTML, like Gecko; compatible; GPTBot/1.2; +https://openai.com/gptbot)"
66.29.132.124 - - [28/Apr/2025:07:08:39 -0400] "POST /wp-admin/admin-ajax.php?action=async_litespeed&nonce=ntD57pzuBWnapsBqvswClsGBY91aKmep&litespeed_type=imgoptm HTTP/1.1" 200 0 "-" "WordPress/6.8; https://aiqaderm.com"
66.29.132.124 - - [28/Apr/2025:07:20:31 -0400] "POST /wp-cron.php?doing_wp_cron=1745839230.2663500308990478515625 HTTP/1.1" 200 0 "-" "WordPress/6.8; https://aiqaderm.com"
20.171.207.143 - - [28/Apr/2025:07:20:17 -0400] "GET / HTTP/1.1" 500 15228 "-" "Mozilla/5.0 AppleWebKit/537.36 (KHTML, like Gecko; compatible; GPTBot/1.2; +https://openai.com/gptbot)"
66.29.132.124 - - [28/Apr/2025:07:20:33 -0400] "POST /wp-admin/admin-ajax.php?action=async_litespeed&nonce=w2EHvmkGpXuDFtGVTkNzmoCi7o8Lzr3d&litespeed_type=imgoptm HTTP/1.1" 200 0 "-" "WordPress/6.8; https://aiqaderm.com"
66.29.132.124 - - [28/Apr/2025:07:22:51 -0400] "POST /wp-cron.php?doing_wp_cron=1745839370.6914889812469482421875 HTTP/1.1" 200 0 "-" "WordPress/6.8; https://aiqaderm.com"
20.171.207.143 - - [28/Apr/2025:07:22:46 -0400] "GET / HTTP/1.1" 500 15227 "-" "Mozilla/5.0 AppleWebKit/537.36 (KHTML, like Gecko; compatible; GPTBot/1.2; +https://openai.com/gptbot)"
66.29.132.124 - - [28/Apr/2025:07:22:52 -0400] "POST /wp-admin/admin-ajax.php?action=async_litespeed&nonce=uf374li61lZMTyOXEDxifGUnSkChqtl9&litespeed_type=imgoptm HTTP/1.1" 200 0 "-" "WordPress/6.8; https://aiqaderm.com"
88.214.48.42 - - [28/Apr/2025:07:44:28 -0400] "POST /wp-content/themes/cleaner/wp-config-sample.php HTTP/1.1" 200 64 "-" "Mozilla/5.0 (Macintosh; Intel Mac OS X 10_15_7) AppleWebKit/537.36 (KHTML, like Gecko) Chrome/120.0.0.0 Safari/537.36"
88.214.48.42 - - [28/Apr/2025:07:44:30 -0400] "POST /wp-content/themes/cleaner/wp-config-sample.php HTTP/1.1" 200 41 "-" "Mozilla/5.0 (Macintosh; Intel Mac OS X 10_15_7) AppleWebKit/537.36 (KHTML, like Gecko) Chrome/120.0.0.0 Safari/537.36"
66.29.132.124 - - [28/Apr/2025:07:55:00 -0400] "POST /wp-cron.php?doing_wp_cron=1745841300.6213569641113281250000 HTTP/1.1" 200 0 "-" "WordPress/6.8; https://aiqaderm.com"
20.171.207.143 - - [28/Apr/2025:07:54:49 -0400] "GET /_fragment?_hash=DSWK0RwACRkvipqIvyLaNBy2CsI%3D&_path=_controller%3Dphpinfo%26what%3D-1%26return_value%3Dnull HTTP/1.1" 404 19396 "-" "Mozilla/5.0 AppleWebKit/537.36 (KHTML, like Gecko; compatible; GPTBot/1.2; +https://openai.com/gptbot)"
66.29.132.124 - - [28/Apr/2025:07:55:02 -0400] "POST /wp-admin/admin-ajax.php?action=async_litespeed&nonce=SDWj6ktXJt46slO1D7AYlm0dnWZ3If2t&litespeed_type=imgoptm HTTP/1.1" 200 0 "-" "WordPress/6.8; https://aiqaderm.com"
114.119.145.150 - - [28/Apr/2025:07:55:23 -0400] "GET /robots.txt HTTP/1.1" 301 0 "-" "Mozilla/5.0 (compatible;PetalBot;+https://webmaster.petalsearch.com/site/petalbot)"
114.119.145.150 - - [28/Apr/2025:07:55:23 -0400] "GET /robots.txt HTTP/1.1" 200 158 "-" "Mozilla/5.0 (compatible;PetalBot;+https://webmaster.petalsearch.com/site/petalbot)"
66.29.132.124 - - [28/Apr/2025:07:58:13 -0400] "POST /wp-cron.php?doing_wp_cron=1745841493.4321649074554443359375 HTTP/1.1" 200 0 "-" "WordPress/6.8; https://aiqaderm.com"
43.163.206.70 - - [28/Apr/2025:07:58:04 -0400] "GET / HTTP/1.1" 500 17511 "http://aiqaderm.com" "Mozilla/5.0 (iPhone; CPU iPhone OS 13_2_3 like Mac OS X) AppleWebKit/605.1.15 (KHTML, like Gecko) Version/13.0.3 Mobile/15E148 Safari/604.1"
66.29.132.124 - - [28/Apr/2025:07:58:14 -0400] "POST /wp-admin/admin-ajax.php?action=async_litespeed&nonce=jnyts4Pi2ec5wDanfos31gyDSmXyZZEN&litespeed_type=imgoptm HTTP/1.1" 200 0 "-" "WordPress/6.8; https://aiqaderm.com"
66.29.132.124 - - [28/Apr/2025:07:59:18 -0400] "POST /wp-cron.php?doing_wp_cron=1745841558.3120839595794677734375 HTTP/1.1" 200 0 "-" "WordPress/6.8; https://aiqaderm.com"
20.171.207.143 - - [28/Apr/2025:07:59:17 -0400] "GET /wp-includes__e8253f2/rss.php HTTP/1.1" 404 19396 "-" "Mozilla/5.0 AppleWebKit/537.36 (KHTML, like Gecko; compatible; GPTBot/1.2; +https://openai.com/gptbot)"
66.29.132.124 - - [28/Apr/2025:07:59:19 -0400] "POST /wp-admin/admin-ajax.php?action=async_litespeed&nonce=SXJoMsHfCywQ2oqc4Qjyty6S2S3t0nf7&litespeed_type=imgoptm HTTP/1.1" 200 0 "-" "WordPress/6.8; https://aiqaderm.com"
66.29.132.124 - - [28/Apr/2025:08:06:04 -0400] "POST /wp-cron.php?doing_wp_cron=1745841964.4587299823760986328125 HTTP/1.1" 200 0 "-" "WordPress/6.8; https://aiqaderm.com"
88.218.62.29 - - [28/Apr/2025:08:05:54 -0400] "GET / HTTP/1.1" 500 17511 "-" "Mozilla/5.0 (Macintosh; Intel Mac OS X 10_15_7) AppleWebKit/537.36 (KHTML, like Gecko) Chrome/133.0.0.0 Safari/537.36"
66.29.132.124 - - [28/Apr/2025:08:06:05 -0400] "POST /wp-admin/admin-ajax.php?action=async_litespeed&nonce=m0g7vWQfnF3ZPAVAfEWp6qjN5xZqrgD3&litespeed_type=imgoptm HTTP/1.1" 200 0 "-" "WordPress/6.8; https://aiqaderm.com"
88.218.62.29 - - [28/Apr/2025:08:06:06 -0400] "GET /comments/feed/ HTTP/1.1" 200 1585 "-" "Mozilla/5.0 (Macintosh; Intel Mac OS X 10_15_7) AppleWebKit/537.36 (KHTML, like Gecko) Chrome/133.0.0.0 Safari/537.36"
88.218.62.29 - - [28/Apr/2025:08:06:07 -0400] "GET /2020/09/26/mirage-deep-dive-under-anding-timin-response/ HTTP/1.1" 200 26194 "-" "Mozilla/5.0 (Macintosh; Intel Mac OS X 10_15_7) AppleWebKit/537.36 (KHTML, like Gecko) Chrome/133.0.0.0 Safari/537.36"
113.165.96.142 - - [28/Apr/2025:08:06:09 -0400] "POST /wp-comments-post.php HTTP/1.1" 200 1184 "-" "Mozilla/5.0 (Macintosh; Intel Mac OS X 10_15_7) AppleWebKit/537.36 (KHTML, like Gecko) Chrome/133.0.0.0 Safari/537.36"
113.165.96.142 - - [28/Apr/2025:08:06:12 -0400] "POST /wp-comments-post.php HTTP/1.1" 200 0 "-" "Mozilla/5.0 (Windows NT 10.0; Win64; x64) AppleWebKit/537.36 (KHTML, like Gecko) Chrome/120.0.0.0 Safari/537.36"
88.218.62.29 - - [28/Apr/2025:08:06:14 -0400] "GET /my-account-2/ HTTP/1.1" 200 23327 "-" "Mozilla/5.0 (Macintosh; Intel Mac OS X 10_15_7) AppleWebKit/537.36 (KHTML, like Gecko) Chrome/133.0.0.0 Safari/537.36"
88.218.62.29 - - [28/Apr/2025:08:06:16 -0400] "GET /my-account-2/lost-password/ HTTP/1.1" 200 23671 "-" "Mozilla/5.0 (Macintosh; Intel Mac OS X 10_15_7) AppleWebKit/537.36 (KHTML, like Gecko) Chrome/133.0.0.0 Safari/537.36"
113.165.96.142 - - [28/Apr/2025:08:06:19 -0400] "POST /my-account-2/lost-password/ HTTP/1.1" 200 23672 "-" "Mozilla/5.0 (Macintosh; Intel Mac OS X 10_15_7) AppleWebKit/537.36 (KHTML, like Gecko) Chrome/133.0.0.0 Safari/537.36"
113.165.96.142 - - [28/Apr/2025:08:06:23 -0400] "POST /my-account-2/lost-password/ HTTP/1.1" 200 23620 "-" "Mozilla/5.0 (Windows NT 10.0; Win64; x64) AppleWebKit/537.36 (KHTML, like Gecko) Chrome/120.0.0.0 Safari/537.36"
88.218.62.29 - - [28/Apr/2025:08:06:26 -0400] "GET /product-category/hair-regrowth/ HTTP/1.1" 200 25279 "-" "Mozilla/5.0 (Macintosh; Intel Mac OS X 10_15_7) AppleWebKit/537.36 (KHTML, like Gecko) Chrome/133.0.0.0 Safari/537.36"
88.218.62.29 - - [28/Apr/2025:08:06:27 -0400] "GET /blog/ HTTP/1.1" 200 28410 "-" "Mozilla/5.0 (Macintosh; Intel Mac OS X 10_15_7) AppleWebKit/537.36 (KHTML, like Gecko) Chrome/133.0.0.0 Safari/537.36"
88.218.62.29 - - [28/Apr/2025:08:06:28 -0400] "GET /2022/12/20/mihajlo-zborovskij-rozvitok-cifrovih-tehnologij-v/ HTTP/1.1" 200 25978 "-" "Mozilla/5.0 (Macintosh; Intel Mac OS X 10_15_7) AppleWebKit/537.36 (KHTML, like Gecko) Chrome/133.0.0.0 Safari/537.36"
66.29.132.124 - - [28/Apr/2025:08:06:30 -0400] "POST /wp-cron.php?doing_wp_cron=1745841990.5673339366912841796875 HTTP/1.1" 200 0 "-" "WordPress/6.8; https://aiqaderm.com"
113.165.96.142 - - [28/Apr/2025:08:06:29 -0400] "POST /wp-comments-post.php HTTP/1.1" 200 1184 "-" "Mozilla/5.0 (Macintosh; Intel Mac OS X 10_15_7) AppleWebKit/537.36 (KHTML, like Gecko) Chrome/133.0.0.0 Safari/537.36"
66.29.132.124 - - [28/Apr/2025:08:06:31 -0400] "POST /wp-admin/admin-ajax.php?action=async_litespeed&nonce=kdrDCiUaJZ46r5RSxE9BNhsqP1QUv0aa&litespeed_type=imgoptm HTTP/1.1" 200 21 "-" "WordPress/6.8; https://aiqaderm.com"
113.165.96.142 - - [28/Apr/2025:08:06:32 -0400] "POST /wp-comments-post.php HTTP/1.1" 200 0 "-" "Mozilla/5.0 (Windows NT 10.0; Win64; x64) AppleWebKit/537.36 (KHTML, like Gecko) Chrome/120.0.0.0 Safari/537.36"
88.218.62.29 - - [28/Apr/2025:08:06:34 -0400] "GET /2022/12/12/mihail-zborovskij-kosmobet-rol-tehnologij-v/ HTTP/1.1" 200 25954 "-" "Mozilla/5.0 (Macintosh; Intel Mac OS X 10_15_7) AppleWebKit/537.36 (KHTML, like Gecko) Chrome/133.0.0.0 Safari/537.36"
88.218.62.29 - - [28/Apr/2025:08:06:35 -0400] "GET /blog/page/2/ HTTP/1.1" 200 24496 "-" "Mozilla/5.0 (Macintosh; Intel Mac OS X 10_15_7) AppleWebKit/537.36 (KHTML, like Gecko) Chrome/133.0.0.0 Safari/537.36"
88.218.62.29 - - [28/Apr/2025:08:06:36 -0400] "GET /contact-us/ HTTP/1.1" 500 17316 "-" "Mozilla/5.0 (Macintosh; Intel Mac OS X 10_15_7) AppleWebKit/537.36 (KHTML, like Gecko) Chrome/133.0.0.0 Safari/537.36"
66.29.132.124 - - [28/Apr/2025:08:09:01 -0400] "POST /wp-cron.php?doing_wp_cron=1745842141.4236829280853271484375 HTTP/1.1" 200 0 "-" "WordPress/6.8; https://aiqaderm.com"
20.171.207.143 - - [28/Apr/2025:08:08:57 -0400] "GET / HTTP/1.1" 500 15229 "-" "Mozilla/5.0 AppleWebKit/537.36 (KHTML, like Gecko; compatible; GPTBot/1.2; +https://openai.com/gptbot)"
66.29.132.124 - - [28/Apr/2025:08:09:02 -0400] "POST /wp-admin/admin-ajax.php?action=async_litespeed&nonce=4hiWctWxVZp133LNH5VV2H3CU7nAD1u5&litespeed_type=imgoptm HTTP/1.1" 200 0 "-" "WordPress/6.8; https://aiqaderm.com"
66.29.132.124 - - [28/Apr/2025:08:11:26 -0400] "POST /wp-cron.php?doing_wp_cron=1745842286.8970348834991455078125 HTTP/1.1" 200 0 "-" "WordPress/6.8; https://aiqaderm.com"
20.171.207.143 - - [28/Apr/2025:08:11:23 -0400] "GET / HTTP/1.1" 500 15229 "-" "Mozilla/5.0 AppleWebKit/537.36 (KHTML, like Gecko; compatible; GPTBot/1.2; +https://openai.com/gptbot)"
66.29.132.124 - - [28/Apr/2025:08:11:27 -0400] "POST /wp-admin/admin-ajax.php?action=async_litespeed&nonce=zvVn47A4lFU677k6ht0pwP0JFJc85HBl&litespeed_type=imgoptm HTTP/1.1" 200 0 "-" "WordPress/6.8; https://aiqaderm.com"
66.29.132.124 - - [28/Apr/2025:08:21:22 -0400] "POST /wp-cron.php?doing_wp_cron=1745842882.4096989631652832031250 HTTP/1.1" 200 0 "-" "WordPress/6.8; https://aiqaderm.com"
43.153.119.119 - - [28/Apr/2025:08:21:03 -0400] "GET / HTTP/1.1" 301 0 "http://www.aiqaderm.com" "Mozilla/5.0 (iPhone; CPU iPhone OS 13_2_3 like Mac OS X) AppleWebKit/605.1.15 (KHTML, like Gecko) Version/13.0.3 Mobile/15E148 Safari/604.1"
43.153.119.119 - - [28/Apr/2025:08:21:25 -0400] "GET / HTTP/1.1" 500 17511 "https://www.aiqaderm.com/" "Mozilla/5.0 (iPhone; CPU iPhone OS 13_2_3 like Mac OS X) AppleWebKit/605.1.15 (KHTML, like Gecko) Version/13.0.3 Mobile/15E148 Safari/604.1"
66.29.132.124 - - [28/Apr/2025:08:21:29 -0400] "POST /wp-admin/admin-ajax.php?action=async_litespeed&nonce=9pDBRi5KUTcUE5EE5ovkIqeYy36qc9Wz&litespeed_type=imgoptm HTTP/1.1" 200 0 "-" "WordPress/6.8; https://aiqaderm.com"
66.29.132.124 - - [28/Apr/2025:08:21:44 -0400] "POST /wp-cron.php?doing_wp_cron=1745842904.2522590160369873046875 HTTP/1.1" 200 0 "-" "WordPress/6.8; https://aiqaderm.com"
51.195.219.160 - - [28/Apr/2025:08:21:42 -0400] "POST /xmlrpc.php HTTP/1.1" 200 403 "-" "Mozilla/5.0 (Linux; Android 10; LM-X420) AppleWebKit/537.36 (KHTML, like Gecko) Chrome/91.0.4472.114 Mobile Safari/537.36"
51.222.12.195 - - [28/Apr/2025:08:21:47 -0400] "POST /xmlrpc.php HTTP/1.1" 200 403 "-" "Mozilla/5.0 (Windows NT 6.1; WOW64) AppleWebKit/537.1 (KHTML, like Gecko) Chrome/21.0.1180.83 Safari/537.1"
91.134.248.235 - - [28/Apr/2025:08:21:46 -0400] "POST /xmlrpc.php HTTP/1.1" 200 403 "-" "Mozilla/5.0 (Windows NT 10.0; Win64; x64) AppleWebKit/537.36 (KHTML, like Gecko) Chrome/86.0.4240.198 Safari/537.36"
217.146.83.12 - - [28/Apr/2025:08:21:56 -0400] "POST /xmlrpc.php HTTP/1.1" 200 403 "-" "Mozilla/5.0 (Windows NT 10.0; Win64; x64) AppleWebKit/537.36 (KHTML, like Gecko) Chrome/88.0.4324.190 Safari/537.36"
45.32.240.193 - - [28/Apr/2025:08:21:58 -0400] "POST /xmlrpc.php HTTP/1.1" 200 403 "-" "Mozilla/5.0 (Windows NT 6.1; WOW64; rv:52.0) Gecko/20100101 Firefox/52.0"
188.165.192.229 - - [28/Apr/2025:08:22:03 -0400] "POST /xmlrpc.php HTTP/1.1" 200 403 "-" "Mozilla/5.0 (Windows NT 5.1; rv:30.0) Gecko/20100101 Firefox/30.0"
84.247.150.34 - - [28/Apr/2025:08:22:05 -0400] "POST /xmlrpc.php HTTP/1.1" 200 403 "-" "Mozilla/5.0 (Macintosh; Intel Mac OS X 10_10; rv:33.0) Gecko/20100101 Firefox/33.0"
20.171.207.143 - - [28/Apr/2025:08:22:21 -0400] "GET /wp-content/uploads/makeasmtp.php HTTP/1.1" 404 19395 "-" "Mozilla/5.0 AppleWebKit/537.36 (KHTML, like Gecko; compatible; GPTBot/1.2; +https://openai.com/gptbot)"
66.29.132.124 - - [28/Apr/2025:08:22:55 -0400] "POST /wp-cron.php?doing_wp_cron=1745842975.9296410083770751953125 HTTP/1.1" 200 0 "-" "WordPress/6.8; https://aiqaderm.com"
20.171.207.143 - - [28/Apr/2025:08:22:54 -0400] "GET /makeasmtp.php HTTP/1.1" 404 19395 "-" "Mozilla/5.0 AppleWebKit/537.36 (KHTML, like Gecko; compatible; GPTBot/1.2; +https://openai.com/gptbot)"
66.29.132.124 - - [28/Apr/2025:08:22:56 -0400] "POST /wp-admin/admin-ajax.php?action=async_litespeed&nonce=X3y4fWFmW7NsyM4vdFrkZx1eZbujUJ0p&litespeed_type=imgoptm HTTP/1.1" 200 0 "-" "WordPress/6.8; https://aiqaderm.com"
