203.101.188.21 - - [28/Apr/2025:11:16:40 -0400] "GET /wp-content/uploads/2024/12/cropped-png-icon-aiqa-1-192x192.png HTTP/1.1" 200 13784 "https://aiqaderm.com/product-category/hair-regrowth/" "Mozilla/5.0 (Linux; Android 10; K) AppleWebKit/537.36 (KHTML, like Gecko) Chrome/135.0.0.0 Mobile Safari/537.36"
203.101.188.21 - - [28/Apr/2025:11:16:40 -0400] "GET /wp-content/uploads/2024/12/cropped-png-icon-aiqa-1-180x180.png HTTP/1.1" 200 12688 "https://aiqaderm.com/product-category/hair-regrowth/" "Mozilla/5.0 (Linux; Android 10; K) AppleWebKit/537.36 (KHTML, like Gecko) Chrome/135.0.0.0 Mobile Safari/537.36"
203.101.188.21 - - [28/Apr/2025:11:16:40 -0400] "POST /?wc-ajax=get_refreshed_fragments HTTP/1.1" 200 493 "https://aiqaderm.com/product-category/hair-regrowth/" "Mozilla/5.0 (Linux; Android 10; K) AppleWebKit/537.36 (KHTML, like Gecko) Chrome/135.0.0.0 Mobile Safari/537.36"
66.29.132.124 - - [28/Apr/2025:11:16:45 -0400] "POST /wp-cron.php?doing_wp_cron=1745853405.7414839267730712890625 HTTP/1.1" 200 0 "-" "WordPress/6.8; https://aiqaderm.com"
203.101.188.21 - - [28/Apr/2025:11:16:46 -0400] "GET /shop-2/ HTTP/1.1" 200 22720 "https://aiqaderm.com/product-category/hair-regrowth/" "Mozilla/5.0 (Linux; Android 10; K) AppleWebKit/537.36 (KHTML, like Gecko) Chrome/135.0.0.0 Mobile Safari/537.36"
203.101.188.21 - - [28/Apr/2025:11:16:44 -0400] "POST /?wc-ajax=tinvwl HTTP/1.1" 200 750 "https://aiqaderm.com/product-category/hair-regrowth/" "Mozilla/5.0 (Linux; Android 10; K) AppleWebKit/537.36 (KHTML, like Gecko) Chrome/135.0.0.0 Mobile Safari/537.36"
203.101.188.21 - - [28/Apr/2025:11:16:47 -0400] "GET /wp-content/plugins/WP%20PROTECTION/custom-script.js HTTP/1.1" 404 19395 "https://aiqaderm.com/shop-2/" "Mozilla/5.0 (Linux; Android 10; K) AppleWebKit/537.36 (KHTML, like Gecko) Chrome/135.0.0.0 Mobile Safari/537.36"
203.101.188.21 - - [28/Apr/2025:11:16:47 -0400] "GET /wp-content/uploads/2025/01/37.png HTTP/1.1" 200 244360 "https://aiqaderm.com/shop-2/" "Mozilla/5.0 (Linux; Android 10; K) AppleWebKit/537.36 (KHTML, like Gecko) Chrome/135.0.0.0 Mobile Safari/537.36"
203.101.188.21 - - [28/Apr/2025:11:16:47 -0400] "GET /wp-content/uploads/2025/01/41.png HTTP/1.1" 200 204491 "https://aiqaderm.com/shop-2/" "Mozilla/5.0 (Linux; Android 10; K) AppleWebKit/537.36 (KHTML, like Gecko) Chrome/135.0.0.0 Mobile Safari/537.36"
203.101.188.21 - - [28/Apr/2025:11:16:47 -0400] "GET /wp-content/uploads/2025/01/34.png HTTP/1.1" 200 193849 "https://aiqaderm.com/shop-2/" "Mozilla/5.0 (Linux; Android 10; K) AppleWebKit/537.36 (KHTML, like Gecko) Chrome/135.0.0.0 Mobile Safari/537.36"
203.101.188.21 - - [28/Apr/2025:11:16:47 -0400] "GET /wp-content/uploads/2025/01/45.png HTTP/1.1" 200 192693 "https://aiqaderm.com/shop-2/" "Mozilla/5.0 (Linux; Android 10; K) AppleWebKit/537.36 (KHTML, like Gecko) Chrome/135.0.0.0 Mobile Safari/537.36"
203.101.188.21 - - [28/Apr/2025:11:16:47 -0400] "GET /wp-content/uploads/2025/01/43.png HTTP/1.1" 200 216233 "https://aiqaderm.com/shop-2/" "Mozilla/5.0 (Linux; Android 10; K) AppleWebKit/537.36 (KHTML, like Gecko) Chrome/135.0.0.0 Mobile Safari/537.36"
203.101.188.21 - - [28/Apr/2025:11:16:47 -0400] "GET /wp-content/uploads/woocommerce-placeholder.png HTTP/1.1" 200 48149 "https://aiqaderm.com/shop-2/" "Mozilla/5.0 (Linux; Android 10; K) AppleWebKit/537.36 (KHTML, like Gecko) Chrome/135.0.0.0 Mobile Safari/537.36"
203.101.188.21 - - [28/Apr/2025:11:16:47 -0400] "GET /wp-content/uploads/2025/01/23.png HTTP/1.1" 200 217311 "https://aiqaderm.com/shop-2/" "Mozilla/5.0 (Linux; Android 10; K) AppleWebKit/537.36 (KHTML, like Gecko) Chrome/135.0.0.0 Mobile Safari/537.36"
203.101.188.21 - - [28/Apr/2025:11:16:47 -0400] "GET /wp-content/uploads/2025/01/AIQA-DERM-ALL-IMAGES-SQUARE-2.png HTTP/1.1" 200 192019 "https://aiqaderm.com/shop-2/" "Mozilla/5.0 (Linux; Android 10; K) AppleWebKit/537.36 (KHTML, like Gecko) Chrome/135.0.0.0 Mobile Safari/537.36"
203.101.188.21 - - [28/Apr/2025:11:16:47 -0400] "GET /wp-content/uploads/2025/01/35.png HTTP/1.1" 200 284890 "https://aiqaderm.com/shop-2/" "Mozilla/5.0 (Linux; Android 10; K) AppleWebKit/537.36 (KHTML, like Gecko) Chrome/135.0.0.0 Mobile Safari/537.36"
203.101.188.21 - - [28/Apr/2025:11:16:51 -0400] "POST /?wc-ajax=tinvwl HTTP/1.1" 200 750 "https://aiqaderm.com/shop-2/" "Mozilla/5.0 (Linux; Android 10; K) AppleWebKit/537.36 (KHTML, like Gecko) Chrome/135.0.0.0 Mobile Safari/537.36"
203.101.188.21 - - [28/Apr/2025:11:16:55 -0400] "GET /product/uv-aiq-sc-gel/ HTTP/1.1" 200 23971 "https://aiqaderm.com/shop-2/" "Mozilla/5.0 (Linux; Android 10; K) AppleWebKit/537.36 (KHTML, like Gecko) Chrome/135.0.0.0 Mobile Safari/537.36"
203.101.188.21 - - [28/Apr/2025:11:16:57 -0400] "GET /product/morwing-tablet/ HTTP/1.1" 200 24136 "https://aiqaderm.com/shop-2/" "Mozilla/5.0 (Linux; Android 10; K) AppleWebKit/537.36 (KHTML, like Gecko) Chrome/135.0.0.0 Mobile Safari/537.36"
203.101.188.21 - - [28/Apr/2025:11:17:00 -0400] "GET /product/milex-ha-serum/ HTTP/1.1" 200 24626 "https://aiqaderm.com/shop-2/" "Mozilla/5.0 (Linux; Android 10; K) AppleWebKit/537.36 (KHTML, like Gecko) Chrome/135.0.0.0 Mobile Safari/537.36"
203.101.188.21 - - [28/Apr/2025:11:17:01 -0400] "GET /product/milex-r-serum-retinol/ HTTP/1.1" 200 24689 "https://aiqaderm.com/shop-2/" "Mozilla/5.0 (Linux; Android 10; K) AppleWebKit/537.36 (KHTML, like Gecko) Chrome/135.0.0.0 Mobile Safari/537.36"
203.101.188.21 - - [28/Apr/2025:11:17:02 -0400] "POST /?wc-ajax=tinvwl HTTP/1.1" 200 750 "https://aiqaderm.com/shop-2/" "Mozilla/5.0 (Linux; Android 10; K) AppleWebKit/537.36 (KHTML, like Gecko) Chrome/135.0.0.0 Mobile Safari/537.36"
203.101.188.21 - - [28/Apr/2025:11:17:02 -0400] "GET /shop-2/page/2/ HTTP/1.1" 200 22813 "https://aiqaderm.com/shop-2/" "Mozilla/5.0 (Linux; Android 10; K) AppleWebKit/537.36 (KHTML, like Gecko) Chrome/135.0.0.0 Mobile Safari/537.36"
203.101.188.21 - - [28/Apr/2025:11:17:06 -0400] "GET /wp-content/plugins/WP%20PROTECTION/custom-script.js HTTP/1.1" 404 19395 "https://aiqaderm.com/shop-2/page/2/" "Mozilla/5.0 (Linux; Android 10; K) AppleWebKit/537.36 (KHTML, like Gecko) Chrome/135.0.0.0 Mobile Safari/537.36"
203.101.188.21 - - [28/Apr/2025:11:17:06 -0400] "GET /wp-content/uploads/2025/01/AIQA-DERM-ALL-IMAGES-SQUARE.png HTTP/1.1" 200 154268 "https://aiqaderm.com/shop-2/page/2/" "Mozilla/5.0 (Linux; Android 10; K) AppleWebKit/537.36 (KHTML, like Gecko) Chrome/135.0.0.0 Mobile Safari/537.36"
203.101.188.21 - - [28/Apr/2025:11:17:06 -0400] "GET /wp-content/uploads/2024/12/13.png HTTP/1.1" 200 249022 "https://aiqaderm.com/shop-2/page/2/" "Mozilla/5.0 (Linux; Android 10; K) AppleWebKit/537.36 (KHTML, like Gecko) Chrome/135.0.0.0 Mobile Safari/537.36"
203.101.188.21 - - [28/Apr/2025:11:17:06 -0400] "GET /wp-content/uploads/2025/01/49.png HTTP/1.1" 200 296405 "https://aiqaderm.com/shop-2/page/2/" "Mozilla/5.0 (Linux; Android 10; K) AppleWebKit/537.36 (KHTML, like Gecko) Chrome/135.0.0.0 Mobile Safari/537.36"
203.101.188.21 - - [28/Apr/2025:11:17:06 -0400] "GET /wp-content/uploads/2024/12/31.png HTTP/1.1" 200 275722 "https://aiqaderm.com/shop-2/page/2/" "Mozilla/5.0 (Linux; Android 10; K) AppleWebKit/537.36 (KHTML, like Gecko) Chrome/135.0.0.0 Mobile Safari/537.36"
203.101.188.21 - - [28/Apr/2025:11:17:06 -0400] "GET /wp-content/uploads/2024/12/15.png HTTP/1.1" 200 267168 "https://aiqaderm.com/shop-2/page/2/" "Mozilla/5.0 (Linux; Android 10; K) AppleWebKit/537.36 (KHTML, like Gecko) Chrome/135.0.0.0 Mobile Safari/537.36"
203.101.188.21 - - [28/Apr/2025:11:17:12 -0400] "POST /?wc-ajax=tinvwl HTTP/1.1" 200 559 "https://aiqaderm.com/shop-2/page/2/" "Mozilla/5.0 (Linux; Android 10; K) AppleWebKit/537.36 (KHTML, like Gecko) Chrome/135.0.0.0 Mobile Safari/537.36"
203.101.188.21 - - [28/Apr/2025:11:17:15 -0400] "GET /product/hydro-aiq-bar/ HTTP/1.1" 200 24852 "https://aiqaderm.com/shop-2/page/2/" "Mozilla/5.0 (Linux; Android 10; K) AppleWebKit/537.36 (KHTML, like Gecko) Chrome/135.0.0.0 Mobile Safari/537.36"
203.101.188.21 - - [28/Apr/2025:11:17:18 -0400] "GET /product/bremiq-brightening-serum/ HTTP/1.1" 200 24398 "https://aiqaderm.com/shop-2/page/2/" "Mozilla/5.0 (Linux; Android 10; K) AppleWebKit/537.36 (KHTML, like Gecko) Chrome/135.0.0.0 Mobile Safari/537.36"
203.101.188.21 - - [28/Apr/2025:11:17:22 -0400] "GET /product/aiqa-grow-hair-shampoo/ HTTP/1.1" 200 24359 "https://aiqaderm.com/shop-2/page/2/" "Mozilla/5.0 (Linux; Android 10; K) AppleWebKit/537.36 (KHTML, like Gecko) Chrome/135.0.0.0 Mobile Safari/537.36"
203.101.188.21 - - [28/Apr/2025:11:17:22 -0400] "GET /shop-2/page/3/ HTTP/1.1" 200 22767 "https://aiqaderm.com/shop-2/page/2/" "Mozilla/5.0 (Linux; Android 10; K) AppleWebKit/537.36 (KHTML, like Gecko) Chrome/135.0.0.0 Mobile Safari/537.36"
203.101.188.21 - - [28/Apr/2025:11:17:24 -0400] "GET /wp-content/plugins/WP%20PROTECTION/custom-script.js HTTP/1.1" 404 19395 "https://aiqaderm.com/shop-2/page/3/" "Mozilla/5.0 (Linux; Android 10; K) AppleWebKit/537.36 (KHTML, like Gecko) Chrome/135.0.0.0 Mobile Safari/537.36"
203.101.188.21 - - [28/Apr/2025:11:17:25 -0400] "GET /wp-content/uploads/2020/09/5.png HTTP/1.1" 200 246693 "https://aiqaderm.com/shop-2/page/3/" "Mozilla/5.0 (Linux; Android 10; K) AppleWebKit/537.36 (KHTML, like Gecko) Chrome/135.0.0.0 Mobile Safari/537.36"
203.101.188.21 - - [28/Apr/2025:11:17:24 -0400] "GET /wp-content/uploads/2020/09/7.png HTTP/1.1" 200 212598 "https://aiqaderm.com/shop-2/page/3/" "Mozilla/5.0 (Linux; Android 10; K) AppleWebKit/537.36 (KHTML, like Gecko) Chrome/135.0.0.0 Mobile Safari/537.36"
203.101.188.21 - - [28/Apr/2025:11:17:25 -0400] "GET /wp-content/uploads/2020/09/1-4.png HTTP/1.1" 200 230569 "https://aiqaderm.com/shop-2/page/3/" "Mozilla/5.0 (Linux; Android 10; K) AppleWebKit/537.36 (KHTML, like Gecko) Chrome/135.0.0.0 Mobile Safari/537.36"
203.101.188.21 - - [28/Apr/2025:11:17:25 -0400] "GET /wp-content/uploads/2020/09/6.jpg HTTP/1.1" 200 110624 "https://aiqaderm.com/shop-2/page/3/" "Mozilla/5.0 (Linux; Android 10; K) AppleWebKit/537.36 (KHTML, like Gecko) Chrome/135.0.0.0 Mobile Safari/537.36"
203.101.188.21 - - [28/Apr/2025:11:17:25 -0400] "GET /wp-content/uploads/2020/09/10.jpg HTTP/1.1" 200 95507 "https://aiqaderm.com/shop-2/page/3/" "Mozilla/5.0 (Linux; Android 10; K) AppleWebKit/537.36 (KHTML, like Gecko) Chrome/135.0.0.0 Mobile Safari/537.36"
203.101.188.21 - - [28/Apr/2025:11:17:25 -0400] "GET /wp-content/uploads/2020/09/2.jpg HTTP/1.1" 200 194179 "https://aiqaderm.com/shop-2/page/3/" "Mozilla/5.0 (Linux; Android 10; K) AppleWebKit/537.36 (KHTML, like Gecko) Chrome/135.0.0.0 Mobile Safari/537.36"
203.101.188.21 - - [28/Apr/2025:11:17:25 -0400] "GET /wp-content/uploads/2020/09/1.jpg HTTP/1.1" 200 97548 "https://aiqaderm.com/shop-2/page/3/" "Mozilla/5.0 (Linux; Android 10; K) AppleWebKit/537.36 (KHTML, like Gecko) Chrome/135.0.0.0 Mobile Safari/537.36"
203.101.188.21 - - [28/Apr/2025:11:17:22 -0400] "GET /product/aiqa-grow-hair-oil-150ml/ HTTP/1.1" 200 24364 "https://aiqaderm.com/shop-2/page/2/" "Mozilla/5.0 (Linux; Android 10; K) AppleWebKit/537.36 (KHTML, like Gecko) Chrome/135.0.0.0 Mobile Safari/537.36"
203.101.188.21 - - [28/Apr/2025:11:17:24 -0400] "GET /wp-content/uploads/2020/09/3-8.png HTTP/1.1" 200 331413 "https://aiqaderm.com/shop-2/page/3/" "Mozilla/5.0 (Linux; Android 10; K) AppleWebKit/537.36 (KHTML, like Gecko) Chrome/135.0.0.0 Mobile Safari/537.36"
203.101.188.21 - - [28/Apr/2025:11:17:32 -0400] "GET /product/cool-aiq-lotion/ HTTP/1.1" 200 24507 "https://aiqaderm.com/shop-2/page/3/" "Mozilla/5.0 (Linux; Android 10; K) AppleWebKit/537.36 (KHTML, like Gecko) Chrome/135.0.0.0 Mobile Safari/537.36"
203.101.188.21 - - [28/Apr/2025:11:17:33 -0400] "GET /product/acniq-tea-tree-oil-cream/ HTTP/1.1" 200 24433 "https://aiqaderm.com/shop-2/page/3/" "Mozilla/5.0 (Linux; Android 10; K) AppleWebKit/537.36 (KHTML, like Gecko) Chrome/135.0.0.0 Mobile Safari/537.36"
66.29.132.124 - - [28/Apr/2025:11:17:36 -0400] "POST /wp-cron.php?doing_wp_cron=1745853456.6118309497833251953125 HTTP/1.1" 200 0 "-" "WordPress/6.8; https://aiqaderm.com"
203.101.188.21 - - [28/Apr/2025:11:17:35 -0400] "GET /product/berlix-skin-brightening-cream/ HTTP/1.1" 200 24397 "https://aiqaderm.com/shop-2/page/3/" "Mozilla/5.0 (Linux; Android 10; K) AppleWebKit/537.36 (KHTML, like Gecko) Chrome/135.0.0.0 Mobile Safari/537.36"
203.101.188.21 - - [28/Apr/2025:11:17:38 -0400] "GET /product/brelix-brightening-face-wash/ HTTP/1.1" 200 24813 "https://aiqaderm.com/shop-2/page/3/" "Mozilla/5.0 (Linux; Android 10; K) AppleWebKit/537.36 (KHTML, like Gecko) Chrome/135.0.0.0 Mobile Safari/537.36"
66.29.132.124 - - [28/Apr/2025:11:17:39 -0400] "POST /wp-admin/admin-ajax.php?action=async_litespeed&nonce=u7h2I6E0POT6mfMZu1v6nZBupbaBPmQw&litespeed_type=imgoptm HTTP/1.1" 200 0 "-" "WordPress/6.8; https://aiqaderm.com"
203.101.188.21 - - [28/Apr/2025:11:17:38 -0400] "POST /?wc-ajax=add_to_cart HTTP/1.1" 200 6847 "https://aiqaderm.com/shop-2/page/3/" "Mozilla/5.0 (Linux; Android 10; K) AppleWebKit/537.36 (KHTML, like Gecko) Chrome/135.0.0.0 Mobile Safari/537.36"
66.29.132.124 - - [28/Apr/2025:11:17:45 -0400] "POST /wp-cron.php?doing_wp_cron=1745853465.5545229911804199218750 HTTP/1.1" 200 0 "-" "WordPress/6.8; https://aiqaderm.com"
203.101.188.21 - - [28/Apr/2025:11:17:44 -0400] "GET /cart-2/ HTTP/1.1" 200 23119 "https://aiqaderm.com/shop-2/page/3/" "Mozilla/5.0 (Linux; Android 10; K) AppleWebKit/537.36 (KHTML, like Gecko) Chrome/135.0.0.0 Mobile Safari/537.36"
203.101.188.21 - - [28/Apr/2025:11:17:45 -0400] "POST /?wc-ajax=add_to_cart HTTP/1.1" 200 6851 "https://aiqaderm.com/shop-2/page/3/" "Mozilla/5.0 (Linux; Android 10; K) AppleWebKit/537.36 (KHTML, like Gecko) Chrome/135.0.0.0 Mobile Safari/537.36"
203.101.188.21 - - [28/Apr/2025:11:17:48 -0400] "GET /wp-content/plugins/WP%20PROTECTION/custom-script.js HTTP/1.1" 404 19395 "https://aiqaderm.com/cart-2/" "Mozilla/5.0 (Linux; Android 10; K) AppleWebKit/537.36 (KHTML, like Gecko) Chrome/135.0.0.0 Mobile Safari/537.36"
203.101.188.21 - - [28/Apr/2025:11:17:48 -0400] "GET /wp-content/themes/medibazar/assets/js//custom/plus_minus.js?ver=1.0 HTTP/1.1" 200 487 "https://aiqaderm.com/cart-2/" "Mozilla/5.0 (Linux; Android 10; K) AppleWebKit/537.36 (KHTML, like Gecko) Chrome/135.0.0.0 Mobile Safari/537.36"
203.101.188.21 - - [28/Apr/2025:11:17:48 -0400] "GET /wp-content/plugins/woocommerce/assets/css/select2.css?ver=9.8.2 HTTP/1.1" 200 1737 "https://aiqaderm.com/cart-2/" "Mozilla/5.0 (Linux; Android 10; K) AppleWebKit/537.36 (KHTML, like Gecko) Chrome/135.0.0.0 Mobile Safari/537.36"
203.101.188.21 - - [28/Apr/2025:11:17:49 -0400] "GET /wp-content/plugins/woocommerce/assets/js/frontend/country-select.min.js?ver=9.8.2 HTTP/1.1" 200 989 "https://aiqaderm.com/cart-2/" "Mozilla/5.0 (Linux; Android 10; K) AppleWebKit/537.36 (KHTML, like Gecko) Chrome/135.0.0.0 Mobile Safari/537.36"
203.101.188.21 - - [28/Apr/2025:11:17:49 -0400] "GET /wp-content/plugins/woocommerce/assets/js/frontend/address-i18n.min.js?ver=9.8.2 HTTP/1.1" 200 874 "https://aiqaderm.com/cart-2/" "Mozilla/5.0 (Linux; Android 10; K) AppleWebKit/537.36 (KHTML, like Gecko) Chrome/135.0.0.0 Mobile Safari/537.36"
203.101.188.21 - - [28/Apr/2025:11:17:49 -0400] "GET /wp-content/plugins/woocommerce/assets/js/selectWoo/selectWoo.full.min.js?ver=1.0.9-wc.9.8.2 HTTP/1.1" 200 20246 "https://aiqaderm.com/cart-2/" "Mozilla/5.0 (Linux; Android 10; K) AppleWebKit/537.36 (KHTML, like Gecko) Chrome/135.0.0.0 Mobile Safari/537.36"
203.101.188.21 - - [28/Apr/2025:11:17:49 -0400] "GET /wp-includes/js/comment-reply.min.js?ver=6.8 HTTP/1.1" 200 1247 "https://aiqaderm.com/cart-2/" "Mozilla/5.0 (Linux; Android 10; K) AppleWebKit/537.36 (KHTML, like Gecko) Chrome/135.0.0.0 Mobile Safari/537.36"
203.101.188.21 - - [28/Apr/2025:11:17:49 -0400] "GET /wp-content/uploads/2020/09/2-300x300.jpg HTTP/1.1" 200 13661 "https://aiqaderm.com/cart-2/" "Mozilla/5.0 (Linux; Android 10; K) AppleWebKit/537.36 (KHTML, like Gecko) Chrome/135.0.0.0 Mobile Safari/537.36"
203.101.188.21 - - [28/Apr/2025:11:17:49 -0400] "GET /wp-content/uploads/2020/09/2-768x768.jpg HTTP/1.1" 200 61923 "https://aiqaderm.com/cart-2/" "Mozilla/5.0 (Linux; Android 10; K) AppleWebKit/537.36 (KHTML, like Gecko) Chrome/135.0.0.0 Mobile Safari/537.36"
203.101.188.21 - - [28/Apr/2025:11:17:49 -0400] "GET /wp-content/plugins/woocommerce/assets/js/frontend/cart.min.js?ver=9.8.2 HTTP/1.1" 200 2233 "https://aiqaderm.com/cart-2/" "Mozilla/5.0 (Linux; Android 10; K) AppleWebKit/537.36 (KHTML, like Gecko) Chrome/135.0.0.0 Mobile Safari/537.36"
4.227.36.86 - - [28/Apr/2025:11:23:22 -0400] "GET /robots.txt HTTP/1.1" 200 139 "-" "Mozilla/5.0 AppleWebKit/537.36 (KHTML, like Gecko; compatible; GPTBot/1.2; +https://openai.com/gptbot)"
66.29.132.124 - - [28/Apr/2025:11:23:41 -0400] "POST /wp-cron.php?doing_wp_cron=1745853820.3132810592651367187500 HTTP/1.1" 200 0 "-" "WordPress/6.8; https://aiqaderm.com"
20.171.207.143 - - [28/Apr/2025:11:23:23 -0400] "GET /home-2/ HTTP/1.1" 500 15032 "-" "Mozilla/5.0 AppleWebKit/537.36 (KHTML, like Gecko; compatible; GPTBot/1.2; +https://openai.com/gptbot)"
66.29.132.124 - - [28/Apr/2025:11:37:34 -0400] "POST /wp-cron.php?doing_wp_cron=1745854652.1784780025482177734375 HTTP/1.1" 200 0 "-" "WordPress/6.8; https://aiqaderm.com"
20.171.207.143 - - [28/Apr/2025:11:37:16 -0400] "GET /wp-includes__e8253f2/html-api/ HTTP/1.1" 404 19395 "-" "Mozilla/5.0 AppleWebKit/537.36 (KHTML, like Gecko; compatible; GPTBot/1.2; +https://openai.com/gptbot)"
178.176.219.203 - - [28/Apr/2025:11:41:50 -0400] "GET /product/bremiq-brightening-serum/?add-to-cart=815 HTTP/1.1" 200 0 "-" "Mozilla/5.0 (Windows NT 5.01) AppleWebKit/534.0 (KHTML, like Gecko) Chrome/57.0.822.0 Safari/534.0"
66.29.132.124 - - [28/Apr/2025:11:42:09 -0400] "POST /wp-cron.php?doing_wp_cron=1745854928.2087581157684326171875 HTTP/1.1" 200 0 "-" "WordPress/6.8; https://aiqaderm.com"
189.40.91.128 - - [28/Apr/2025:11:42:09 -0400] "GET /product/bremiq-brightening-serum/?add-to-cart=815 HTTP/1.1" 200 25033 "-" "Opera/8.91.(X11; Linux x86_64; kl-GL) Presto/2.9.190 Version/12.00"
66.29.132.124 - - [28/Apr/2025:12:18:02 -0400] "POST /wp-cron.php?doing_wp_cron=1745857081.7219159603118896484375 HTTP/1.1" 200 0 "-" "WordPress/6.8; https://aiqaderm.com"
20.171.207.143 - - [28/Apr/2025:12:17:48 -0400] "GET /wp-content/plugins/WP%20PROTECTION/custom-script.js HTTP/1.1" 404 19396 "-" "Mozilla/5.0 AppleWebKit/537.36 (KHTML, like Gecko; compatible; GPTBot/1.2; +https://openai.com/gptbot)"
20.171.207.143 - - [28/Apr/2025:12:18:03 -0400] "GET /wp-admin/admin-ajax.php HTTP/1.1" 400 5 "-" "Mozilla/5.0 AppleWebKit/537.36 (KHTML, like Gecko; compatible; GPTBot/1.2; +https://openai.com/gptbot)"
20.171.207.143 - - [28/Apr/2025:12:18:07 -0400] "GET /wp-content/plugins/woocommerce/assets/js/js-cookie/js.cookie.min.js?ver=2.1.4-wc.9.7.0 HTTP/1.1" 200 760 "-" "Mozilla/5.0 AppleWebKit/537.36 (KHTML, like Gecko; compatible; GPTBot/1.2; +https://openai.com/gptbot)"
20.171.207.143 - - [28/Apr/2025:12:18:10 -0400] "GET /wp-content/plugins/woocommerce/assets/js/frontend/add-to-cart.min.js?ver=9.7.0 HTTP/1.1" 200 1225 "-" "Mozilla/5.0 AppleWebKit/537.36 (KHTML, like Gecko; compatible; GPTBot/1.2; +https://openai.com/gptbot)"
20.171.207.143 - - [28/Apr/2025:12:18:13 -0400] "GET /product-category/enlarged-pores/ HTTP/1.1" 404 19419 "-" "Mozilla/5.0 AppleWebKit/537.36 (KHTML, like Gecko; compatible; GPTBot/1.2; +https://openai.com/gptbot)"
20.171.207.143 - - [28/Apr/2025:12:18:16 -0400] "GET /wp-content/plugins/click-to-chat-for-whatsapp/new/inc/assets/js/app.js?ver=4.17 HTTP/1.1" 200 2906 "-" "Mozilla/5.0 AppleWebKit/537.36 (KHTML, like Gecko; compatible; GPTBot/1.2; +https://openai.com/gptbot)"
20.171.207.143 - - [28/Apr/2025:12:18:18 -0400] "GET /product-category/body-lightening/ HTTP/1.1" 404 19421 "-" "Mozilla/5.0 AppleWebKit/537.36 (KHTML, like Gecko; compatible; GPTBot/1.2; +https://openai.com/gptbot)"
20.171.207.143 - - [28/Apr/2025:12:18:23 -0400] "GET / HTTP/1.1" 500 15229 "-" "Mozilla/5.0 AppleWebKit/537.36 (KHTML, like Gecko; compatible; GPTBot/1.2; +https://openai.com/gptbot)"
20.171.207.143 - - [28/Apr/2025:12:18:27 -0400] "GET /wp-content/plugins/contact-form-7/includes/js/index.js?ver=6.0.4 HTTP/1.1" 200 4008 "-" "Mozilla/5.0 AppleWebKit/537.36 (KHTML, like Gecko; compatible; GPTBot/1.2; +https://openai.com/gptbot)"
20.171.207.143 - - [28/Apr/2025:12:18:34 -0400] "GET /wp-content/plugins/woocommerce/assets/js/jquery-blockui/jquery.blockUI.min.js?ver=2.7.0-wc.9.7.0 HTTP/1.1" 200 3277 "-" "Mozilla/5.0 AppleWebKit/537.36 (KHTML, like Gecko; compatible; GPTBot/1.2; +https://openai.com/gptbot)"
20.171.207.143 - - [28/Apr/2025:12:18:40 -0400] "GET /wp-content/plugins/woocommerce/assets/js/sourcebuster/sourcebuster.min.js?ver=9.7.0 HTTP/1.1" 200 4609 "-" "Mozilla/5.0 AppleWebKit/537.36 (KHTML, like Gecko; compatible; GPTBot/1.2; +https://openai.com/gptbot)"
20.171.207.143 - - [28/Apr/2025:12:18:45 -0400] "GET /wp-content/plugins/woocommerce/assets/js/frontend/woocommerce.min.js?ver=9.7.0 HTTP/1.1" 200 1241 "-" "Mozilla/5.0 AppleWebKit/537.36 (KHTML, like Gecko; compatible; GPTBot/1.2; +https://openai.com/gptbot)"
20.171.207.143 - - [28/Apr/2025:12:18:50 -0400] "GET /wp-content/plugins/woocommerce/assets/js/frontend/cart-fragments.min.js?ver=9.7.0 HTTP/1.1" 200 943 "-" "Mozilla/5.0 AppleWebKit/537.36 (KHTML, like Gecko; compatible; GPTBot/1.2; +https://openai.com/gptbot)"
20.171.207.143 - - [28/Apr/2025:12:18:54 -0400] "GET /wp-content/plugins/contact-form-7/includes/swv/js/index.js?ver=6.0.4 HTTP/1.1" 200 3369 "-" "Mozilla/5.0 AppleWebKit/537.36 (KHTML, like Gecko; compatible; GPTBot/1.2; +https://openai.com/gptbot)"
20.171.207.143 - - [28/Apr/2025:12:18:58 -0400] "GET /wp-content/plugins/woocommerce/assets/js/frontend/order-attribution.min.js?ver=9.7.0 HTTP/1.1" 200 1006 "-" "Mozilla/5.0 AppleWebKit/537.36 (KHTML, like Gecko; compatible; GPTBot/1.2; +https://openai.com/gptbot)"
20.171.207.143 - - [28/Apr/2025:12:19:02 -0400] "GET /wp-content/plugins/click-to-chat-for-whatsapp/new/inc/assets/css/main.css?ver=4.17 HTTP/1.1" 200 511 "-" "Mozilla/5.0 AppleWebKit/537.36 (KHTML, like Gecko; compatible; GPTBot/1.2; +https://openai.com/gptbot)"
20.171.207.143 - - [28/Apr/2025:12:19:06 -0400] "GET /wp-content/plugins/woocommerce/assets/client/blocks/wc-blocks.css?ver=wc-9.7.0 HTTP/1.1" 200 2282 "-" "Mozilla/5.0 AppleWebKit/537.36 (KHTML, like Gecko; compatible; GPTBot/1.2; +https://openai.com/gptbot)"
20.171.207.143 - - [28/Apr/2025:12:19:09 -0400] "GET /wp-content/plugins/instagram-feed/css/sbi-styles.min.css?ver=6.7.1 HTTP/1.1" 200 8171 "-" "Mozilla/5.0 AppleWebKit/537.36 (KHTML, like Gecko; compatible; GPTBot/1.2; +https://openai.com/gptbot)"
20.171.207.143 - - [28/Apr/2025:12:19:12 -0400] "GET /wp-content/plugins/woocommerce/assets/css/brands.css?ver=9.7.0 HTTP/1.1" 200 579 "-" "Mozilla/5.0 AppleWebKit/537.36 (KHTML, like Gecko; compatible; GPTBot/1.2; +https://openai.com/gptbot)"
20.171.207.143 - - [28/Apr/2025:12:19:14 -0400] "GET /wp-content/plugins/contact-form-7/includes/css/styles.css?ver=6.0.4 HTTP/1.1" 200 890 "-" "Mozilla/5.0 AppleWebKit/537.36 (KHTML, like Gecko; compatible; GPTBot/1.2; +https://openai.com/gptbot)"
157.55.39.53 - - [28/Apr/2025:12:25:10 -0400] "GET /wp-sitemap.xml HTTP/1.1" 200 223 "-" "Mozilla/5.0 AppleWebKit/537.36 (KHTML, like Gecko; compatible; bingbot/2.0; +http://www.bing.com/bingbot.htm) Chrome/116.0.1938.76 Safari/537.36"
173.252.87.113 - - [28/Apr/2025:13:09:56 -0400] "GET /robots.txt HTTP/1.1" 200 262 "-" "facebookexternalhit/1.1 (+http://www.facebook.com/externalhit_uatext.php)"
66.29.132.124 - - [28/Apr/2025:13:10:38 -0400] "POST /wp-cron.php?doing_wp_cron=1745860238.7826180458068847656250 HTTP/1.1" 200 0 "-" "WordPress/6.8; https://aiqaderm.com"
66.29.132.124 - - [28/Apr/2025:13:10:41 -0400] "POST /wp-cron.php?doing_wp_cron=1745860240.5466260910034179687500 HTTP/1.1" 200 0 "-" "WordPress/6.8; https://aiqaderm.com"
20.171.207.143 - - [28/Apr/2025:13:10:23 -0400] "GET /product-category/fresh-clothing/ HTTP/1.1" 404 19395 "-" "Mozilla/5.0 AppleWebKit/537.36 (KHTML, like Gecko; compatible; GPTBot/1.2; +https://openai.com/gptbot)"
187.19.245.14 - - [28/Apr/2025:13:10:37 -0400] "GET /product-category/featured-products/?add-to-cart=78 HTTP/1.1" 200 23051 "-" "Mozilla/5.0 (iPad; CPU iPad OS 17_1_1 like Mac OS X) AppleWebKit/533.0 (KHTML, like Gecko) FxiOS/12.7t8507.0 Mobile/09S018 Safari/533.0"
66.29.132.124 - - [28/Apr/2025:13:10:43 -0400] "POST /wp-admin/admin-ajax.php?action=async_litespeed&nonce=3nM36r22K04gT3HMnhvCZg2DDwbEm0mb&litespeed_type=imgoptm HTTP/1.1" 200 0 "-" "WordPress/6.8; https://aiqaderm.com"
173.252.83.1 - - [28/Apr/2025:13:11:16 -0400] "GET /robots.txt HTTP/1.1" 301 0 "-" "facebookexternalhit/1.1 (+http://www.facebook.com/externalhit_uatext.php)"
66.29.132.124 - - [28/Apr/2025:13:14:40 -0400] "POST /wp-cron.php?doing_wp_cron=1745860479.7273750305175781250000 HTTP/1.1" 200 0 "-" "WordPress/6.8; https://aiqaderm.com"
20.171.207.143 - - [28/Apr/2025:13:14:27 -0400] "GET /?MA HTTP/1.1" 500 15227 "-" "Mozilla/5.0 AppleWebKit/537.36 (KHTML, like Gecko; compatible; GPTBot/1.2; +https://openai.com/gptbot)"
66.29.132.124 - - [28/Apr/2025:13:14:42 -0400] "POST /wp-admin/admin-ajax.php?action=async_litespeed&nonce=gwInpFnyStlBHPxWT4A8nPG96nEjWtDW&litespeed_type=imgoptm HTTP/1.1" 200 0 "-" "WordPress/6.8; https://aiqaderm.com"
173.252.107.2 - - [28/Apr/2025:13:26:00 -0400] "GET /robots.txt HTTP/1.1" 301 0 "-" "facebookexternalhit/1.1 (+http://www.facebook.com/externalhit_uatext.php)"
173.252.107.2 - - [28/Apr/2025:13:26:01 -0400] "GET /robots.txt HTTP/1.1" 200 262 "-" "facebookexternalhit/1.1 (+http://www.facebook.com/externalhit_uatext.php)"
57.141.0.15 - - [28/Apr/2025:13:26:01 -0400] "GET / HTTP/1.1" 200 1514 "-" "meta-externalagent/1.1 (+https://developers.facebook.com/docs/sharing/webmasters/crawler)"
66.29.132.124 - - [28/Apr/2025:13:40:13 -0400] "POST /wp-cron.php?doing_wp_cron=1745862012.0906250476837158203125 HTTP/1.1" 200 0 "-" "WordPress/6.8; https://aiqaderm.com"
143.110.176.240 - - [28/Apr/2025:13:39:54 -0400] "GET / HTTP/1.1" 500 59578 "-" "Mozilla/5.0 (Windows NT 10.0; Win64; x64) AppleWebKit/537.36 (KHTML, like Gecko) Chrome/88.0.4240.193 Safari/537.36"
143.110.176.240 - - [28/Apr/2025:13:40:20 -0400] "GET //wp-includes/wlwmanifest.xml HTTP/1.1" 301 0 "-" "Mozilla/5.0 (Windows NT 10.0; Win64; x64) AppleWebKit/537.36 (KHTML, like Gecko) Chrome/88.0.4240.193 Safari/537.36"
143.110.176.240 - - [28/Apr/2025:13:40:23 -0400] "GET / HTTP/1.1" 500 59578 "-" "Mozilla/5.0 (Windows NT 10.0; Win64; x64) AppleWebKit/537.36 (KHTML, like Gecko) Chrome/88.0.4240.193 Safari/537.36"
88.214.48.42 - - [28/Apr/2025:13:45:28 -0400] "POST /wp-content/themes/cleaner/wp-config-sample.php HTTP/1.1" 200 63 "-" "Mozilla/5.0 (Macintosh; Intel Mac OS X 10_15_7) AppleWebKit/537.36 (KHTML, like Gecko) Chrome/120.0.0.0 Safari/537.36"
88.214.48.42 - - [28/Apr/2025:13:45:32 -0400] "POST /wp-content/themes/cleaner/wp-config-sample.php HTTP/1.1" 200 41 "-" "Mozilla/5.0 (Macintosh; Intel Mac OS X 10_15_7) AppleWebKit/537.36 (KHTML, like Gecko) Chrome/120.0.0.0 Safari/537.36"
20.171.207.143 - - [28/Apr/2025:13:47:54 -0400] "GET /appsettings.json HTTP/1.1" 404 19396 "-" "Mozilla/5.0 AppleWebKit/537.36 (KHTML, like Gecko; compatible; GPTBot/1.2; +https://openai.com/gptbot)"
66.29.132.124 - - [28/Apr/2025:13:48:08 -0400] "POST /wp-cron.php?doing_wp_cron=1745862487.4591290950775146484375 HTTP/1.1" 200 0 "-" "WordPress/6.8; https://aiqaderm.com"
66.29.132.124 - - [28/Apr/2025:13:48:10 -0400] "POST /wp-admin/admin-ajax.php?action=async_litespeed&nonce=U4CiuwA4QmWArUPoOEUPLzFx9uhrbeND&litespeed_type=imgoptm HTTP/1.1" 200 0 "-" "WordPress/6.8; https://aiqaderm.com"
66.29.132.124 - - [28/Apr/2025:13:55:46 -0400] "POST /wp-cron.php?doing_wp_cron=1745862945.7752759456634521484375 HTTP/1.1" 200 0 "-" "WordPress/6.8; https://aiqaderm.com"
88.214.48.42 - - [28/Apr/2025:13:55:31 -0400] "GET / HTTP/1.1" 500 17505 "-" "Mozilla/5.0 (Macintosh; Intel Mac OS X 10_15_7) AppleWebKit/537.36 (KHTML, like Gecko) Chrome/120.0.0.0 Safari/537.36"
66.29.132.124 - - [28/Apr/2025:13:55:49 -0400] "POST /wp-admin/admin-ajax.php?action=async_litespeed&nonce=oxGhJXFlthfCt6oyjGwJvmxYpYTSVMsq&litespeed_type=imgoptm HTTP/1.1" 200 0 "-" "WordPress/6.8; https://aiqaderm.com"
66.29.132.124 - - [28/Apr/2025:14:05:39 -0400] "POST /wp-cron.php?doing_wp_cron=1745863538.9535260200500488281250 HTTP/1.1" 200 0 "-" "WordPress/6.8; https://aiqaderm.com"
20.171.207.143 - - [28/Apr/2025:14:05:26 -0400] "GET /error_log__e8253f2 HTTP/1.1" 404 19397 "-" "Mozilla/5.0 AppleWebKit/537.36 (KHTML, like Gecko; compatible; GPTBot/1.2; +https://openai.com/gptbot)"
66.29.132.124 - - [28/Apr/2025:14:05:41 -0400] "POST /wp-admin/admin-ajax.php?action=async_litespeed&nonce=6FWqLXywnqunzom9KpUXj0W3ZPvKAbxF&litespeed_type=imgoptm HTTP/1.1" 200 0 "-" "WordPress/6.8; https://aiqaderm.com"
66.29.132.124 - - [28/Apr/2025:14:08:52 -0400] "POST /wp-cron.php?doing_wp_cron=1745863732.1449310779571533203125 HTTP/1.1" 200 0 "-" "WordPress/6.8; https://aiqaderm.com"
20.171.207.143 - - [28/Apr/2025:14:08:48 -0400] "GET / HTTP/1.1" 500 15228 "-" "Mozilla/5.0 AppleWebKit/537.36 (KHTML, like Gecko; compatible; GPTBot/1.2; +https://openai.com/gptbot)"
66.29.132.124 - - [28/Apr/2025:14:08:54 -0400] "POST /wp-admin/admin-ajax.php?action=async_litespeed&nonce=siwP36UhlXX9mDxEG991e777xS872DhD&litespeed_type=imgoptm HTTP/1.1" 200 0 "-" "WordPress/6.8; https://aiqaderm.com"
66.29.132.124 - - [28/Apr/2025:14:12:15 -0400] "POST /wp-cron.php?doing_wp_cron=1745863934.1192181110382080078125 HTTP/1.1" 200 0 "-" "WordPress/6.8; https://aiqaderm.com"
20.171.207.143 - - [28/Apr/2025:14:12:01 -0400] "GET / HTTP/1.1" 500 15227 "-" "Mozilla/5.0 AppleWebKit/537.36 (KHTML, like Gecko; compatible; GPTBot/1.2; +https://openai.com/gptbot)"
66.29.132.124 - - [28/Apr/2025:14:20:41 -0400] "POST /wp-cron.php?doing_wp_cron=1745864440.9138739109039306640625 HTTP/1.1" 200 0 "-" "WordPress/6.8; https://aiqaderm.com"
20.171.207.143 - - [28/Apr/2025:14:20:27 -0400] "GET / HTTP/1.1" 500 15228 "-" "Mozilla/5.0 AppleWebKit/537.36 (KHTML, like Gecko; compatible; GPTBot/1.2; +https://openai.com/gptbot)"
66.29.132.124 - - [28/Apr/2025:14:20:43 -0400] "POST /wp-admin/admin-ajax.php?action=async_litespeed&nonce=m5gh2KngiChWgB3BfX3jXbVgxgQ2D1VL&litespeed_type=imgoptm HTTP/1.1" 200 0 "-" "WordPress/6.8; https://aiqaderm.com"
66.29.132.124 - - [28/Apr/2025:14:36:14 -0400] "POST /wp-cron.php?doing_wp_cron=1745865373.9396600723266601562500 HTTP/1.1" 200 0 "-" "WordPress/6.8; https://aiqaderm.com"
20.171.207.143 - - [28/Apr/2025:14:35:57 -0400] "GET /cgi-bin__e8253f2/?SA HTTP/1.1" 404 19395 "-" "Mozilla/5.0 AppleWebKit/537.36 (KHTML, like Gecko; compatible; GPTBot/1.2; +https://openai.com/gptbot)"
66.29.132.124 - - [28/Apr/2025:14:36:16 -0400] "POST /wp-admin/admin-ajax.php?action=async_litespeed&nonce=5Ve65Xy7rN2ivEu79v4NlvUhyeNgtxU6&litespeed_type=imgoptm HTTP/1.1" 200 0 "-" "WordPress/6.8; https://aiqaderm.com"
66.29.132.124 - - [28/Apr/2025:14:40:24 -0400] "POST /wp-cron.php?doing_wp_cron=1745865624.6542370319366455078125 HTTP/1.1" 200 0 "-" "WordPress/6.8; https://aiqaderm.com"
20.171.207.143 - - [28/Apr/2025:14:40:09 -0400] "GET /wp-admin__e8253f2/ HTTP/1.1" 404 19395 "-" "Mozilla/5.0 AppleWebKit/537.36 (KHTML, like Gecko; compatible; GPTBot/1.2; +https://openai.com/gptbot)"
66.29.132.124 - - [28/Apr/2025:14:40:26 -0400] "POST /wp-admin/admin-ajax.php?action=async_litespeed&nonce=SFXpENuIeiXPtW7hMd2ZEFXTDiaC6ED8&litespeed_type=imgoptm HTTP/1.1" 200 0 "-" "WordPress/6.8; https://aiqaderm.com"
66.29.132.124 - - [28/Apr/2025:14:41:33 -0400] "POST /wp-cron.php?doing_wp_cron=1745865693.0553359985351562500000 HTTP/1.1" 200 0 "-" "WordPress/6.8; https://aiqaderm.com"
20.171.207.143 - - [28/Apr/2025:14:41:31 -0400] "GET /?NA HTTP/1.1" 500 15227 "-" "Mozilla/5.0 AppleWebKit/537.36 (KHTML, like Gecko; compatible; GPTBot/1.2; +https://openai.com/gptbot)"
66.29.132.124 - - [28/Apr/2025:14:41:35 -0400] "POST /wp-admin/admin-ajax.php?action=async_litespeed&nonce=z91V29orusYUireDghHnpAJ3RrO4UUo5&litespeed_type=imgoptm HTTP/1.1" 200 0 "-" "WordPress/6.8; https://aiqaderm.com"
66.29.132.124 - - [28/Apr/2025:14:46:34 -0400] "POST /wp-cron.php?doing_wp_cron=1745865994.5601949691772460937500 HTTP/1.1" 200 0 "-" "WordPress/6.8; https://aiqaderm.com"
43.130.16.140 - - [28/Apr/2025:14:46:30 -0400] "GET / HTTP/1.1" 500 17511 "http://aiqaderm.com" "Mozilla/5.0 (iPhone; CPU iPhone OS 13_2_3 like Mac OS X) AppleWebKit/605.1.15 (KHTML, like Gecko) Version/13.0.3 Mobile/15E148 Safari/604.1"
66.29.132.124 - - [28/Apr/2025:14:46:36 -0400] "POST /wp-admin/admin-ajax.php?action=async_litespeed&nonce=RSsDK55WDRZ2FXlFj6ZqLGYPl6ArPPNY&litespeed_type=imgoptm HTTP/1.1" 200 0 "-" "WordPress/6.8; https://aiqaderm.com"
66.29.132.124 - - [28/Apr/2025:14:47:12 -0400] "POST /wp-cron.php?doing_wp_cron=1745866031.9772820472717285156250 HTTP/1.1" 200 0 "-" "WordPress/6.8; https://aiqaderm.com"
20.171.207.143 - - [28/Apr/2025:14:47:10 -0400] "GET /product/camden-shorts/ HTTP/1.1" 404 19395 "-" "Mozilla/5.0 AppleWebKit/537.36 (KHTML, like Gecko; compatible; GPTBot/1.2; +https://openai.com/gptbot)"
66.29.132.124 - - [28/Apr/2025:14:54:35 -0400] "POST /wp-cron.php?doing_wp_cron=1745866474.2854781150817871093750 HTTP/1.1" 200 0 "-" "WordPress/6.8; https://aiqaderm.com"
162.14.197.180 - - [28/Apr/2025:14:54:27 -0400] "GET / HTTP/1.1" 500 17505 "http://aiqaderm.com" "Mozilla/5.0 (iPhone; CPU iPhone OS 13_2_3 like Mac OS X) AppleWebKit/605.1.15 (KHTML, like Gecko) Version/13.0.3 Mobile/15E148 Safari/604.1"
66.29.132.124 - - [28/Apr/2025:14:54:37 -0400] "POST /wp-admin/admin-ajax.php?action=async_litespeed&nonce=tsLEn2Ps6z8VghlcS8JUbpa3LgIUUVVE&litespeed_type=imgoptm HTTP/1.1" 200 0 "-" "WordPress/6.8; https://aiqaderm.com"
66.29.132.124 - - [28/Apr/2025:15:00:18 -0400] "POST /wp-cron.php?doing_wp_cron=1745866815.9326469898223876953125 HTTP/1.1" 200 0 "-" "WordPress/6.8; https://aiqaderm.com"
20.171.207.143 - - [28/Apr/2025:14:59:53 -0400] "GET /wp-json/wp/v2/posts/836 HTTP/1.1" 200 11164 "-" "Mozilla/5.0 AppleWebKit/537.36 (KHTML, like Gecko; compatible; GPTBot/1.2; +https://openai.com/gptbot)"
20.171.207.143 - - [28/Apr/2025:15:00:56 -0400] "GET /?p=836 HTTP/1.1" 301 0 "-" "Mozilla/5.0 AppleWebKit/537.36 (KHTML, like Gecko; compatible; GPTBot/1.2; +https://openai.com/gptbot)"
66.29.132.124 - - [28/Apr/2025:15:01:54 -0400] "POST /wp-cron.php?doing_wp_cron=1745866912.7930328845977783203125 HTTP/1.1" 200 0 "-" "WordPress/6.8; https://aiqaderm.com"
20.171.207.143 - - [28/Apr/2025:15:01:52 -0400] "GET /xmlrpc.php HTTP/1.1" 405 46 "-" "Mozilla/5.0 AppleWebKit/537.36 (KHTML, like Gecko; compatible; GPTBot/1.2; +https://openai.com/gptbot)"
20.171.207.143 - - [28/Apr/2025:15:04:59 -0400] "GET /?p=842 HTTP/1.1" 301 0 "-" "Mozilla/5.0 AppleWebKit/537.36 (KHTML, like Gecko; compatible; GPTBot/1.2; +https://openai.com/gptbot)"
66.29.132.124 - - [28/Apr/2025:15:05:11 -0400] "POST /wp-cron.php?doing_wp_cron=1745867108.2930889129638671875000 HTTP/1.1" 200 0 "-" "WordPress/6.8; https://aiqaderm.com"
20.171.207.143 - - [28/Apr/2025:15:05:50 -0400] "GET /xmlrpc.php HTTP/1.1" 405 46 "-" "Mozilla/5.0 AppleWebKit/537.36 (KHTML, like Gecko; compatible; GPTBot/1.2; +https://openai.com/gptbot)"
66.29.132.124 - - [28/Apr/2025:15:06:36 -0400] "POST /wp-cron.php?doing_wp_cron=1745867195.6363379955291748046875 HTTP/1.1" 200 0 "-" "WordPress/6.8; https://aiqaderm.com"
20.171.207.143 - - [28/Apr/2025:15:06:34 -0400] "GET /wp-json/wp/v2/posts/842 HTTP/1.1" 200 10021 "-" "Mozilla/5.0 AppleWebKit/537.36 (KHTML, like Gecko; compatible; GPTBot/1.2; +https://openai.com/gptbot)"
66.29.132.124 - - [28/Apr/2025:15:06:38 -0400] "POST /wp-admin/admin-ajax.php?action=async_litespeed&nonce=Dkkh3KHXJVicsG0yO7MtT5Pre1MK7Lf5&litespeed_type=imgoptm HTTP/1.1" 200 0 "-" "WordPress/6.8; https://aiqaderm.com"
185.191.171.2 - - [28/Apr/2025:15:07:00 -0400] "GET /robots.txt HTTP/1.1" 200 158 "-" "Mozilla/5.0 (compatible; SemrushBot/7~bl; +http://www.semrush.com/bot.html)"
85.208.96.198 - - [28/Apr/2025:15:07:00 -0400] "GET /product/aiqa-grow-hair-oil-120ml/ HTTP/1.1" 200 28265 "-" "Mozilla/5.0 (compatible; SemrushBot/7~bl; +http://www.semrush.com/bot.html)"
66.29.132.124 - - [28/Apr/2025:15:16:00 -0400] "POST /wp-cron.php?doing_wp_cron=1745867760.0854539871215820312500 HTTP/1.1" 200 0 "-" "WordPress/6.8; https://aiqaderm.com"
49.51.50.147 - - [28/Apr/2025:15:15:45 -0400] "GET / HTTP/1.1" 301 0 "http://www.aiqaderm.com" "Mozilla/5.0 (iPhone; CPU iPhone OS 13_2_3 like Mac OS X) AppleWebKit/605.1.15 (KHTML, like Gecko) Version/13.0.3 Mobile/15E148 Safari/604.1"
66.29.132.124 - - [28/Apr/2025:15:16:03 -0400] "POST /wp-admin/admin-ajax.php?action=async_litespeed&nonce=sfUzjvCTAppWd7wSUChVW3JD9xOsbZGa&litespeed_type=imgoptm HTTP/1.1" 200 0 "-" "WordPress/6.8; https://aiqaderm.com"
49.51.50.147 - - [28/Apr/2025:15:16:02 -0400] "GET / HTTP/1.1" 500 17505 "https://www.aiqaderm.com/" "Mozilla/5.0 (iPhone; CPU iPhone OS 13_2_3 like Mac OS X) AppleWebKit/605.1.15 (KHTML, like Gecko) Version/13.0.3 Mobile/15E148 Safari/604.1"
52.37.237.111 - - [28/Apr/2025:15:22:34 -0400] "GET / HTTP/1.1" 200 0 "-" "Mozilla/5.0 (Windows NT 10.0; Win64; x64)AppleWebKit/537.36 (KHTML, like Gecko) Chrome/66.0.3359.181 Safari/537.36"
66.29.132.124 - - [28/Apr/2025:15:22:47 -0400] "POST /wp-cron.php?doing_wp_cron=1745868167.1634879112243652343750 HTTP/1.1" 200 0 "-" "WordPress/6.8; https://aiqaderm.com"
52.37.237.111 - - [28/Apr/2025:15:22:48 -0400] "GET / HTTP/1.1" 500 17505 "-" "Mozilla/5.0 (Windows NT 10.0; Win64; x64)AppleWebKit/537.36 (KHTML, like Gecko) Chrome/66.0.3359.181 Safari/537.36"
66.29.132.124 - - [28/Apr/2025:15:22:49 -0400] "POST /wp-admin/admin-ajax.php?action=async_litespeed&nonce=Mj2foTya2fli0HgnoTpnTT4SYMbZqIrk&litespeed_type=imgoptm HTTP/1.1" 200 0 "-" "WordPress/6.8; https://aiqaderm.com"
66.29.132.124 - - [28/Apr/2025:15:35:34 -0400] "POST /wp-cron.php?doing_wp_cron=1745868932.2559928894042968750000 HTTP/1.1" 200 0 "-" "WordPress/6.8; https://aiqaderm.com"
20.171.207.143 - - [28/Apr/2025:15:35:13 -0400] "GET / HTTP/1.1" 500 15227 "-" "Mozilla/5.0 AppleWebKit/537.36 (KHTML, like Gecko; compatible; GPTBot/1.2; +https://openai.com/gptbot)"
66.29.132.124 - - [28/Apr/2025:15:36:46 -0400] "POST /wp-cron.php?doing_wp_cron=1745869005.8780961036682128906250 HTTP/1.1" 200 0 "-" "WordPress/6.8; https://aiqaderm.com"
20.171.207.143 - - [28/Apr/2025:15:36:44 -0400] "GET /xmlrpc.php HTTP/1.1" 405 46 "-" "Mozilla/5.0 AppleWebKit/537.36 (KHTML, like Gecko; compatible; GPTBot/1.2; +https://openai.com/gptbot)"
66.29.132.124 - - [28/Apr/2025:15:36:47 -0400] "POST /wp-admin/admin-ajax.php?action=async_litespeed&nonce=x8yygt7ceSMDSeLSLv3Hv0ofBylXx1PT&litespeed_type=imgoptm HTTP/1.1" 200 0 "-" "WordPress/6.8; https://aiqaderm.com"
66.29.132.124 - - [28/Apr/2025:15:45:34 -0400] "POST /wp-cron.php?doing_wp_cron=1745869534.4105029106140136718750 HTTP/1.1" 200 0 "-" "WordPress/6.8; https://aiqaderm.com"
20.171.207.143 - - [28/Apr/2025:15:45:18 -0400] "GET /wp-includes__e8253f2/?ND HTTP/1.1" 404 19395 "-" "Mozilla/5.0 AppleWebKit/537.36 (KHTML, like Gecko; compatible; GPTBot/1.2; +https://openai.com/gptbot)"
66.29.132.124 - - [28/Apr/2025:15:45:37 -0400] "POST /wp-admin/admin-ajax.php?action=async_litespeed&nonce=Y2v1SkDDRQtJ42cuTgMDtGlE7IuPKSrC&litespeed_type=imgoptm HTTP/1.1" 200 0 "-" "WordPress/6.8; https://aiqaderm.com"
66.29.132.124 - - [28/Apr/2025:15:46:40 -0400] "POST /wp-cron.php?doing_wp_cron=1745869600.4645531177520751953125 HTTP/1.1" 200 0 "-" "WordPress/6.8; https://aiqaderm.com"
103.195.240.105 - - [28/Apr/2025:15:46:39 -0400] "GET /wp-json/wp/v2/users HTTP/1.1" 200 1573 "-" "Mozilla/5.0 (Windows NT 6.1; WOW64; rv:47.0) Gecko/20100101 Firefox/47.0"
66.29.132.124 - - [28/Apr/2025:15:46:42 -0400] "POST /wp-admin/admin-ajax.php?action=async_litespeed&nonce=XWGYczX9AD8Q0fDTKS0XRjEBwkA8LS3Z&litespeed_type=imgoptm HTTP/1.1" 200 0 "-" "WordPress/6.8; https://aiqaderm.com"
66.29.132.124 - - [28/Apr/2025:15:53:34 -0400] "POST /wp-cron.php?doing_wp_cron=1745870013.9863219261169433593750 HTTP/1.1" 200 0 "-" "WordPress/6.8; https://aiqaderm.com"
20.171.207.143 - - [28/Apr/2025:15:53:29 -0400] "GET /api/appsettings.json HTTP/1.1" 404 19395 "-" "Mozilla/5.0 AppleWebKit/537.36 (KHTML, like Gecko; compatible; GPTBot/1.2; +https://openai.com/gptbot)"
66.29.132.124 - - [28/Apr/2025:15:53:34 -0400] "POST /wp-admin/admin-ajax.php?action=async_litespeed&nonce=qxylLDhR1FKNHtIffpUdL5wLEHPMQC2N&litespeed_type=imgoptm HTTP/1.1" 200 0 "-" "WordPress/6.8; https://aiqaderm.com"
40.77.167.126 - - [28/Apr/2025:16:02:36 -0400] "GET /wp-content/uploads/woocommerce-placeholder-600x600.png HTTP/1.1" 200 31287 "-" "Mozilla/5.0 AppleWebKit/537.36 (KHTML, like Gecko; compatible; bingbot/2.0; +http://www.bing.com/bingbot.htm) Chrome/116.0.1938.76 Safari/537.36"
51.8.102.121 - - [28/Apr/2025:16:06:19 -0400] "GET /robots.txt HTTP/1.1" 200 139 "-" "Mozilla/5.0 (Macintosh; Intel Mac OS X 10_15_7) AppleWebKit/537.36 (KHTML, like Gecko) Chrome/131.0.0.0 Safari/537.36; compatible; OAI-SearchBot/1.0; +https://openai.com/searchbot"
72.14.201.210 - - [28/Apr/2025:16:19:34 -0400] "GET /product/bremiq-acne-serum/ HTTP/1.1" 200 24275 "https://www.google.com/" "Mozilla/5.0 (Windows NT 10.0; Win64; x64) AppleWebKit/537.36 (KHTML, like Gecko) Chrome/135.0.0.0 Safari/537.36"
66.29.132.124 - - [28/Apr/2025:16:19:40 -0400] "POST /wp-cron.php?doing_wp_cron=1745871580.7291510105133056640625 HTTP/1.1" 200 0 "-" "WordPress/6.8; https://aiqaderm.com"
74.125.213.40 - - [28/Apr/2025:16:19:34 -0400] "GET /.well-known/traffic-advice HTTP/1.1" 404 22439 "-" "Chrome Privacy Preserving Prefetch Proxy"
66.29.132.124 - - [28/Apr/2025:16:19:41 -0400] "POST /wp-admin/admin-ajax.php?action=async_litespeed&nonce=EES9QgVAzIOGv53eEEK2yAD6lmabbG76&litespeed_type=imgoptm HTTP/1.1" 200 0 "-" "WordPress/6.8; https://aiqaderm.com"
193.186.4.247 - - [28/Apr/2025:16:19:52 -0400] "GET /product/bremiq-acne-serum/ HTTP/1.1" 200 24275 "https://www.google.com/" "Mozilla/5.0 (Windows NT 10.0; Win64; x64) AppleWebKit/537.36 (KHTML, like Gecko) Chrome/135.0.0.0 Safari/537.36"
66.29.132.124 - - [28/Apr/2025:16:21:45 -0400] "POST /wp-cron.php?doing_wp_cron=1745871705.8300271034240722656250 HTTP/1.1" 200 0 "-" "WordPress/6.8; https://aiqaderm.com"
20.171.207.143 - - [28/Apr/2025:16:21:42 -0400] "GET / HTTP/1.1" 500 15227 "-" "Mozilla/5.0 AppleWebKit/537.36 (KHTML, like Gecko; compatible; GPTBot/1.2; +https://openai.com/gptbot)"
66.29.132.124 - - [28/Apr/2025:16:21:47 -0400] "POST /wp-admin/admin-ajax.php?action=async_litespeed&nonce=gcI2yP63GHIk71TrHp8p0LicBSt6M8nE&litespeed_type=imgoptm HTTP/1.1" 200 0 "-" "WordPress/6.8; https://aiqaderm.com"
66.29.132.124 - - [28/Apr/2025:16:22:36 -0400] "POST /wp-cron.php?doing_wp_cron=1745871756.5654690265655517578125 HTTP/1.1" 200 0 "-" "WordPress/6.8; https://aiqaderm.com"
20.171.207.143 - - [28/Apr/2025:16:22:35 -0400] "GET / HTTP/1.1" 500 15229 "-" "Mozilla/5.0 AppleWebKit/537.36 (KHTML, like Gecko; compatible; GPTBot/1.2; +https://openai.com/gptbot)"
66.29.132.124 - - [28/Apr/2025:16:22:37 -0400] "POST /wp-admin/admin-ajax.php?action=async_litespeed&nonce=0IRKC87xA6zpSrUeBgz3etWb0CLUbE2k&litespeed_type=imgoptm HTTP/1.1" 200 0 "-" "WordPress/6.8; https://aiqaderm.com"
66.29.132.124 - - [28/Apr/2025:16:26:06 -0400] "POST /wp-cron.php?doing_wp_cron=1745871966.3739409446716308593750 HTTP/1.1" 200 0 "-" "WordPress/6.8; https://aiqaderm.com"
20.171.207.143 - - [28/Apr/2025:16:26:01 -0400] "GET / HTTP/1.1" 500 15227 "-" "Mozilla/5.0 AppleWebKit/537.36 (KHTML, like Gecko; compatible; GPTBot/1.2; +https://openai.com/gptbot)"
66.29.132.124 - - [28/Apr/2025:16:26:08 -0400] "POST /wp-admin/admin-ajax.php?action=async_litespeed&nonce=tHesaPzAZXpyqbzJx7Zw4CUlzYC1kSve&litespeed_type=imgoptm HTTP/1.1" 200 0 "-" "WordPress/6.8; https://aiqaderm.com"
66.29.132.124 - - [28/Apr/2025:16:28:13 -0400] "POST /wp-cron.php?doing_wp_cron=1745872093.2617080211639404296875 HTTP/1.1" 200 0 "-" "WordPress/6.8; https://aiqaderm.com"
66.29.132.124 - - [28/Apr/2025:16:28:14 -0400] "POST /wp-admin/admin-ajax.php?action=async_litespeed&nonce=jsT3L31dqG2AO6b2GL6242kWtZwLNYr4&litespeed_type=imgoptm HTTP/1.1" 200 0 "-" "WordPress/6.8; https://aiqaderm.com"
20.171.207.143 - - [28/Apr/2025:16:28:09 -0400] "GET /wp-json/wp/v2/product_cat/52 HTTP/1.1" 200 698 "-" "Mozilla/5.0 AppleWebKit/537.36 (KHTML, like Gecko; compatible; GPTBot/1.2; +https://openai.com/gptbot)"
66.29.132.124 - - [28/Apr/2025:16:44:05 -0400] "POST /wp-cron.php?doing_wp_cron=1745873045.7947258949279785156250 HTTP/1.1" 200 0 "-" "WordPress/6.8; https://aiqaderm.com"
51.222.253.10 - - [28/Apr/2025:16:43:53 -0400] "GET /product-category/uncategorized/feed/ HTTP/1.1" 200 1391 "-" "Mozilla/5.0 (compatible; AhrefsBot/7.0; +http://ahrefs.com/robot/)"
66.29.132.124 - - [28/Apr/2025:16:44:06 -0400] "POST /wp-admin/admin-ajax.php?action=async_litespeed&nonce=6S8yKoFKcjDKkom38XVbaESmq510GHyU&litespeed_type=imgoptm HTTP/1.1" 200 0 "-" "WordPress/6.8; https://aiqaderm.com"
52.167.144.163 - - [28/Apr/2025:16:44:09 -0400] "GET /wp-content/uploads/woocommerce-placeholder-600x600.png HTTP/1.1" 200 31287 "-" "Mozilla/5.0 AppleWebKit/537.36 (KHTML, like Gecko; compatible; bingbot/2.0; +http://www.bing.com/bingbot.htm) Chrome/116.0.1938.76 Safari/537.36"
66.29.132.124 - - [28/Apr/2025:17:06:36 -0400] "POST /wp-cron.php?doing_wp_cron=1745874396.4505670070648193359375 HTTP/1.1" 200 0 "-" "WordPress/6.8; https://aiqaderm.com"
51.222.253.7 - - [28/Apr/2025:17:06:26 -0400] "GET /product-category/body-scabies-itching-lotion/feed/ HTTP/1.1" 200 1447 "-" "Mozilla/5.0 (compatible; AhrefsBot/7.0; +http://ahrefs.com/robot/)"
66.29.132.124 - - [28/Apr/2025:17:06:38 -0400] "POST /wp-admin/admin-ajax.php?action=async_litespeed&nonce=lGLf1T9pPmRdnQY4yjGY8QmDcVnpkDzQ&litespeed_type=imgoptm HTTP/1.1" 200 0 "-" "WordPress/6.8; https://aiqaderm.com"
66.29.132.124 - - [28/Apr/2025:17:18:10 -0400] "POST /wp-cron.php?doing_wp_cron=1745875090.3142199516296386718750 HTTP/1.1" 200 0 "-" "WordPress/6.8; https://aiqaderm.com"
51.222.253.18 - - [28/Apr/2025:17:17:53 -0400] "GET /product-category/scalp-nouristment/feed/ HTTP/1.1" 200 1069 "-" "Mozilla/5.0 (compatible; AhrefsBot/7.0; +http://ahrefs.com/robot/)"
66.29.132.124 - - [28/Apr/2025:17:18:18 -0400] "POST /wp-admin/admin-ajax.php?action=async_litespeed&nonce=UAlfisCmizUQcAi3dzPvHijDX10d3zp2&litespeed_type=imgoptm HTTP/1.1" 200 0 "-" "WordPress/6.8; https://aiqaderm.com"
66.29.132.124 - - [28/Apr/2025:17:23:15 -0400] "POST /wp-cron.php?doing_wp_cron=1745875395.6369800567626953125000 HTTP/1.1" 200 0 "-" "WordPress/6.8; https://aiqaderm.com"
20.171.207.143 - - [28/Apr/2025:17:23:06 -0400] "GET / HTTP/1.1" 500 15228 "-" "Mozilla/5.0 AppleWebKit/537.36 (KHTML, like Gecko; compatible; GPTBot/1.2; +https://openai.com/gptbot)"
66.29.132.124 - - [28/Apr/2025:17:23:17 -0400] "POST /wp-admin/admin-ajax.php?action=async_litespeed&nonce=DpGLqLfI36jilOk1l5mH7Qp6Af2ScO6D&litespeed_type=imgoptm HTTP/1.1" 200 0 "-" "WordPress/6.8; https://aiqaderm.com"
4.227.36.86 - - [28/Apr/2025:17:26:32 -0400] "GET /robots.txt HTTP/1.1" 200 139 "-" "Mozilla/5.0 AppleWebKit/537.36 (KHTML, like Gecko; compatible; GPTBot/1.2; +https://openai.com/gptbot)"
66.29.132.124 - - [28/Apr/2025:17:29:32 -0400] "POST /wp-cron.php?doing_wp_cron=1745875772.5153410434722900390625 HTTP/1.1" 200 0 "-" "WordPress/6.8; https://aiqaderm.com"
51.222.253.10 - - [28/Apr/2025:17:29:28 -0400] "GET /product-tag/hair-serum/?add-to-cart=80 HTTP/1.1" 200 22173 "-" "Mozilla/5.0 (compatible; AhrefsBot/7.0; +http://ahrefs.com/robot/)"
66.29.132.124 - - [28/Apr/2025:17:29:33 -0400] "POST /wp-admin/admin-ajax.php?action=async_litespeed&nonce=figMurL7Em2YrrRvLb1tlsMtYBGHlidb&litespeed_type=imgoptm HTTP/1.1" 200 0 "-" "WordPress/6.8; https://aiqaderm.com"
66.29.132.124 - - [28/Apr/2025:17:32:17 -0400] "POST /wp-cron.php?doing_wp_cron=1745875937.8169879913330078125000 HTTP/1.1" 200 0 "-" "WordPress/6.8; https://aiqaderm.com"
188.225.40.140 - - [28/Apr/2025:17:32:14 -0400] "GET /wp-json/wp/v2/users/ HTTP/1.1" 200 1573 "-" "Mozilla/5.0 (X11; Linux x86_64) AppleWebKit/537.36 (KHTML, like Gecko) Chrome/135.0.7049.42 Safari/537.36"
66.29.132.124 - - [28/Apr/2025:17:32:19 -0400] "POST /wp-admin/admin-ajax.php?action=async_litespeed&nonce=a25VENKWhsqAivJoYqTORDoCPOo00Qew&litespeed_type=imgoptm HTTP/1.1" 200 0 "-" "WordPress/6.8; https://aiqaderm.com"
66.29.132.124 - - [28/Apr/2025:17:33:34 -0400] "POST /wp-cron.php?doing_wp_cron=1745876014.9611089229583740234375 HTTP/1.1" 200 0 "-" "WordPress/6.8; https://aiqaderm.com"
20.171.207.143 - - [28/Apr/2025:17:33:34 -0400] "GET / HTTP/1.1" 500 15229 "-" "Mozilla/5.0 AppleWebKit/537.36 (KHTML, like Gecko; compatible; GPTBot/1.2; +https://openai.com/gptbot)"
66.29.132.124 - - [28/Apr/2025:17:33:35 -0400] "POST /wp-admin/admin-ajax.php?action=async_litespeed&nonce=EGBIhDmOA8Y5XuGRWMmCPwIQnOx5NWK1&litespeed_type=imgoptm HTTP/1.1" 200 21 "-" "WordPress/6.8; https://aiqaderm.com"
66.29.132.124 - - [28/Apr/2025:17:38:40 -0400] "POST /wp-cron.php?doing_wp_cron=1745876320.3505470752716064453125 HTTP/1.1" 200 0 "-" "WordPress/6.8; https://aiqaderm.com"
51.222.253.10 - - [28/Apr/2025:17:38:38 -0400] "GET /category/uncategorized/feed/ HTTP/1.1" 200 10196 "-" "Mozilla/5.0 (compatible; AhrefsBot/7.0; +http://ahrefs.com/robot/)"
66.29.132.124 - - [28/Apr/2025:17:38:40 -0400] "POST /wp-admin/admin-ajax.php?action=async_litespeed&nonce=4xXw0OlYcP8K3DdJah7bEpuirxIm06oW&litespeed_type=imgoptm HTTP/1.1" 200 21 "-" "WordPress/6.8; https://aiqaderm.com"
209.99.158.126 - - [28/Apr/2025:17:44:10 -0400] "GET /robots.txt HTTP/1.1" 200 158 "-" "Mozilla/5.0 (Windows NT 10.0; Win64; x64) AppleWebKit/537.36 (KHTML, like Gecko) Chrome/115.0.0.0 Safari/537.36"
66.29.132.124 - - [28/Apr/2025:17:45:45 -0400] "POST /wp-cron.php?doing_wp_cron=1745876745.3197040557861328125000 HTTP/1.1" 200 0 "-" "WordPress/6.8; https://aiqaderm.com"
