182.188.106.114 - - [26/Apr/2025:15:35:40 -0400] "GET /wp-content/plugins/WP%20PROTECTION/custom-script.js HTTP/1.1" 404 19395 "https://aiqaderm.com/product-category/moisturizing-soothing/" "Mozilla/5.0 (Linux; Android 10; K) AppleWebKit/537.36 (KHTML, like Gecko) Chrome/135.0.0.0 Safari/537.36"
182.188.106.114 - - [26/Apr/2025:15:35:40 -0400] "GET /wp-content/uploads/2020/09/6.jpg HTTP/1.1" 200 110624 "https://aiqaderm.com/product-category/moisturizing-soothing/" "Mozilla/5.0 (Linux; Android 10; K) AppleWebKit/537.36 (KHTML, like Gecko) Chrome/135.0.0.0 Safari/537.36"
182.188.106.114 - - [26/Apr/2025:15:35:40 -0400] "GET /wp-content/uploads/2020/09/10.jpg HTTP/1.1" 200 95507 "https://aiqaderm.com/product-category/moisturizing-soothing/" "Mozilla/5.0 (Linux; Android 10; K) AppleWebKit/537.36 (KHTML, like Gecko) Chrome/135.0.0.0 Safari/537.36"
66.29.132.124 - - [26/Apr/2025:15:35:40 -0400] "POST /wp-admin/admin-ajax.php?action=async_litespeed&nonce=ruDgoY3J0g5LYdQpDDuIQCj9SLGCafe0&litespeed_type=imgoptm HTTP/1.1" 200 0 "-" "WordPress/6.8; https://aiqaderm.com"
182.188.106.114 - - [26/Apr/2025:15:35:48 -0400] "GET /product/hydro-aiq-bar/ HTTP/1.1" 200 24852 "https://aiqaderm.com/product-category/moisturizing-soothing/" "Mozilla/5.0 (Linux; Android 10; K) AppleWebKit/537.36 (KHTML, like Gecko) Chrome/135.0.0.0 Safari/537.36"
66.29.132.124 - - [26/Apr/2025:15:35:55 -0400] "POST /wp-cron.php?doing_wp_cron=1745696155.4852979183197021484375 HTTP/1.1" 200 0 "-" "WordPress/6.8; https://aiqaderm.com"
182.188.106.114 - - [26/Apr/2025:15:35:54 -0400] "GET /product/hydro-aiq-healing-lotion/ HTTP/1.1" 200 24844 "https://aiqaderm.com/product-category/moisturizing-soothing/" "Mozilla/5.0 (Linux; Android 10; K) AppleWebKit/537.36 (KHTML, like Gecko) Chrome/135.0.0.0 Safari/537.36"
182.188.106.114 - - [26/Apr/2025:15:35:57 -0400] "GET /product/hydro-aiq-moisturizing-ointment/ HTTP/1.1" 200 25432 "https://aiqaderm.com/product-category/moisturizing-soothing/" "Mozilla/5.0 (Linux; Android 10; K) AppleWebKit/537.36 (KHTML, like Gecko) Chrome/135.0.0.0 Safari/537.36"
182.188.106.114 - - [26/Apr/2025:15:36:01 -0400] "GET /product-category/moisturizing-soothing/ HTTP/1.1" 304 0 "https://aiqaderm.com/product-category/moisturizing-soothing/" "Mozilla/5.0 (Linux; Android 10; K) AppleWebKit/537.36 (KHTML, like Gecko) Chrome/135.0.0.0 Safari/537.36"
182.188.106.114 - - [26/Apr/2025:15:36:02 -0400] "GET /wp-content/plugins/WP%20PROTECTION/custom-script.js HTTP/1.1" 404 19395 "https://aiqaderm.com/product-category/moisturizing-soothing/" "Mozilla/5.0 (Linux; Android 10; K) AppleWebKit/537.36 (KHTML, like Gecko) Chrome/135.0.0.0 Safari/537.36"
182.188.106.114 - - [26/Apr/2025:15:36:05 -0400] "GET /product/cool-aiq-gel/ HTTP/1.1" 200 24588 "https://aiqaderm.com/product-category/moisturizing-soothing/" "Mozilla/5.0 (Linux; Android 10; K) AppleWebKit/537.36 (KHTML, like Gecko) Chrome/135.0.0.0 Safari/537.36"
182.188.106.114 - - [26/Apr/2025:15:36:09 -0400] "GET /product/hydro-aiq-bar/ HTTP/1.1" 304 0 "https://aiqaderm.com/product-category/moisturizing-soothing/" "Mozilla/5.0 (Linux; Android 10; K) AppleWebKit/537.36 (KHTML, like Gecko) Chrome/135.0.0.0 Safari/537.36"
182.188.106.114 - - [26/Apr/2025:15:36:14 -0400] "GET / HTTP/1.1" 500 15226 "https://aiqaderm.com/product-category/moisturizing-soothing/" "Mozilla/5.0 (Linux; Android 10; K) AppleWebKit/537.36 (KHTML, like Gecko) Chrome/135.0.0.0 Safari/537.36"
182.188.106.114 - - [26/Apr/2025:15:36:16 -0400] "GET /product/cool-aiq-gel/ HTTP/1.1" 304 0 "https://aiqaderm.com/product-category/moisturizing-soothing/" "Mozilla/5.0 (Linux; Android 10; K) AppleWebKit/537.36 (KHTML, like Gecko) Chrome/135.0.0.0 Safari/537.36"
66.29.132.124 - - [26/Apr/2025:15:36:40 -0400] "POST /wp-cron.php?doing_wp_cron=1745696200.1437020301818847656250 HTTP/1.1" 200 0 "-" "WordPress/6.8; https://aiqaderm.com"
182.188.106.114 - - [26/Apr/2025:15:36:39 -0400] "POST /?wc-ajax=get_refreshed_fragments HTTP/1.1" 200 493 "https://aiqaderm.com/product-category/antioxidant-immunity-booster/" "Mozilla/5.0 (Linux; Android 10; K) AppleWebKit/537.36 (KHTML, like Gecko) Chrome/135.0.0.0 Safari/537.36"
66.29.132.124 - - [26/Apr/2025:15:36:40 -0400] "POST /wp-admin/admin-ajax.php?action=async_litespeed&nonce=6VHHbX4dEFuCW8vTNlYMzcgqa3Upl9vL&litespeed_type=imgoptm HTTP/1.1" 200 21 "-" "WordPress/6.8; https://aiqaderm.com"
182.188.106.114 - - [26/Apr/2025:15:36:42 -0400] "GET /product-category/antioxidant-immunity-booster/ HTTP/1.1" 304 0 "https://aiqaderm.com/product-category/scalp-nouristment/" "Mozilla/5.0 (Linux; Android 10; K) AppleWebKit/537.36 (KHTML, like Gecko) Chrome/135.0.0.0 Safari/537.36"
182.188.106.114 - - [26/Apr/2025:15:36:42 -0400] "GET / HTTP/1.1" 500 15227 "https://aiqaderm.com/product-category/antioxidant-immunity-booster/" "Mozilla/5.0 (Linux; Android 10; K) AppleWebKit/537.36 (KHTML, like Gecko) Chrome/135.0.0.0 Safari/537.36"
182.188.106.114 - - [26/Apr/2025:15:36:43 -0400] "GET /wp-content/plugins/WP%20PROTECTION/custom-script.js HTTP/1.1" 404 19395 "https://aiqaderm.com/product-category/antioxidant-immunity-booster/" "Mozilla/5.0 (Linux; Android 10; K) AppleWebKit/537.36 (KHTML, like Gecko) Chrome/135.0.0.0 Safari/537.36"
107.150.0.65 - - [26/Apr/2025:15:37:23 -0400] "GET /.env HTTP/1.1" 403 1242 "-" "Mozilla/5.0 (Windows NT 10.0; Win64; x64) AppleWebKit/537.36 (KHTML, like Gecko) Chrome/119.0.0.0 Safari/537.36"
66.29.132.124 - - [26/Apr/2025:15:55:20 -0400] "POST /wp-cron.php?doing_wp_cron=1745697320.8184189796447753906250 HTTP/1.1" 200 0 "-" "WordPress/6.8; https://aiqaderm.com"
66.29.132.124 - - [26/Apr/2025:15:55:20 -0400] "POST /wp-cron.php?doing_wp_cron=1745697320.8184220790863037109375 HTTP/1.1" 200 0 "-" "WordPress/6.8; https://aiqaderm.com"
185.88.177.189 - - [26/Apr/2025:15:55:08 -0400] "POST /xmlrpc.php HTTP/1.1" 200 403 "-" "Mozilla/5.0 (Windows NT 6.2; Win64; x64) AppleWebKit/537.36 (KHTML, like Gecko) Chrome/60.0.3112.90 Safari/537.36"
94.152.10.189 - - [26/Apr/2025:15:55:16 -0400] "POST /xmlrpc.php HTTP/1.1" 200 403 "-" "Mozilla/5.0 (Windows NT 5.1; Win64; x64) AppleWebKit/537.36 (KHTML, like Gecko) Chrome/60.0.3112.90 Safari/537.36"
66.29.132.124 - - [26/Apr/2025:15:55:22 -0400] "POST /wp-admin/admin-ajax.php?action=async_litespeed&nonce=33QANlUrhP0pj6Uuezw2wHzSIkK6Ml6w&litespeed_type=imgoptm HTTP/1.1" 200 0 "-" "WordPress/6.8; https://aiqaderm.com"
94.152.10.189 - - [26/Apr/2025:15:55:23 -0400] "POST /xmlrpc.php HTTP/1.1" 200 403 "-" "Mozilla/5.0 (Windows NT 10.0; Win64; x64) AppleWebKit/537.36 (KHTML, like Gecko) Chrome/67.0.3396.99 Safari/537.36"
66.29.132.124 - - [26/Apr/2025:15:55:25 -0400] "POST /wp-cron.php?doing_wp_cron=1745697325.8650910854339599609375 HTTP/1.1" 200 0 "-" "WordPress/6.8; https://aiqaderm.com"
103.11.100.6 - - [26/Apr/2025:15:55:25 -0400] "POST /xmlrpc.php HTTP/1.1" 200 403 "-" "Mozilla/5.0 (Windows NT 6.1; WOW64; rv:52.0) Gecko/20100101 Firefox/52.0"
66.29.132.124 - - [26/Apr/2025:15:55:26 -0400] "POST /wp-admin/admin-ajax.php?action=async_litespeed&nonce=I9Dqb8Q8Zvjd5I09u7vyf4fyn3bQl9qR&litespeed_type=imgoptm HTTP/1.1" 200 21 "-" "WordPress/6.8; https://aiqaderm.com"
3.7.8.100 - - [26/Apr/2025:15:55:27 -0400] "POST /xmlrpc.php HTTP/1.1" 200 403 "-" "Mozilla/5.0 (Windows NT 6.1) AppleWebKit/537.36 (KHTML, like Gecko) Chrome/56.0.2924.76 Safari/537.36"
91.203.110.223 - - [26/Apr/2025:15:55:31 -0400] "POST /xmlrpc.php HTTP/1.1" 200 403 "-" "Mozilla/5.0 (Windows NT 10.0; Win64; x64) AppleWebKit/537.36 (KHTML, like Gecko) Chrome/84.0.4147.135 Safari/537.36"
3.7.8.100 - - [26/Apr/2025:15:55:35 -0400] "POST /xmlrpc.php HTTP/1.1" 200 403 "-" "Mozilla/5.0 (Linux; Android 6.0.1; RedMi Note 5 Build/RB3N5C; wv) AppleWebKit/537.36 (KHTML, like Gecko) Version/4.0 Chrome/68.0.3440.91 Mobile Safari/537.36"
83.167.244.157 - - [26/Apr/2025:15:55:35 -0400] "POST /xmlrpc.php HTTP/1.1" 200 403 "-" "Mozilla/5.0 (Windows NT 10.0; Win64; x64) AppleWebKit/537.36 (KHTML, like Gecko) Chrome/88.0.4324.104 Safari/537.36"
66.29.132.124 - - [26/Apr/2025:15:55:49 -0400] "POST /wp-cron.php?doing_wp_cron=1745697349.9141469001770019531250 HTTP/1.1" 200 0 "-" "WordPress/6.8; https://aiqaderm.com"
104.207.146.212 - - [26/Apr/2025:15:55:49 -0400] "POST /xmlrpc.php HTTP/1.1" 200 403 "-" "Mozilla/5.0 (Linux; Android 10; SM-N960U) AppleWebKit/537.36 (KHTML, like Gecko) Chrome/91.0.4472.114 Mobile Safari/537.36"
152.53.67.47 - - [26/Apr/2025:15:55:51 -0400] "POST /xmlrpc.php HTTP/1.1" 200 403 "-" "Mozilla/5.0 (Windows NT 10.0; Win64; x64; rv:59.0) Gecko/20100101 Firefox/59.0"
78.110.50.106 - - [26/Apr/2025:15:55:54 -0400] "POST /xmlrpc.php HTTP/1.1" 200 403 "-" "Mozilla/5.0 (Windows NT 10.0; Win64; x64; rv:57.0) Gecko/20100101 Firefox/57.0"
84.247.150.34 - - [26/Apr/2025:15:55:55 -0400] "POST /xmlrpc.php HTTP/1.1" 200 403 "-" "Mozilla/5.0 (Windows NT 5.1; rv:40.0) Gecko/20100101 Firefox/40.0"
66.29.132.124 - - [26/Apr/2025:16:18:18 -0400] "POST /wp-cron.php?doing_wp_cron=1745698698.7697100639343261718750 HTTP/1.1" 200 0 "-" "WordPress/6.8; https://aiqaderm.com"
57.141.4.15 - - [26/Apr/2025:16:18:11 -0400] "GET /wp-json/wp/v2/product/888 HTTP/1.1" 200 2401 "-" "meta-externalagent/1.1 (+https://developers.facebook.com/docs/sharing/webmasters/crawler)"
66.29.132.124 - - [26/Apr/2025:16:18:19 -0400] "POST /wp-admin/admin-ajax.php?action=async_litespeed&nonce=tykDK37iOOA6Z7YVCm2J6CzeFueOyKLC&litespeed_type=imgoptm HTTP/1.1" 200 0 "-" "WordPress/6.8; https://aiqaderm.com"
66.29.132.124 - - [26/Apr/2025:16:34:05 -0400] "POST /wp-cron.php?doing_wp_cron=1745699645.0438399314880371093750 HTTP/1.1" 200 0 "-" "WordPress/6.8; https://aiqaderm.com"
57.141.4.30 - - [26/Apr/2025:16:33:55 -0400] "GET /wp-json/oembed/1.0/embed?url=https%3A%2F%2Faiqaderm.com%2Fproduct%2Fscabiq-lotion%2F HTTP/1.1" 200 2286 "-" "meta-externalagent/1.1 (+https://developers.facebook.com/docs/sharing/webmasters/crawler)"
66.29.132.124 - - [26/Apr/2025:16:34:06 -0400] "POST /wp-admin/admin-ajax.php?action=async_litespeed&nonce=FMpQee1yvGgTpUvpD5ylZdd9E8vlDxJf&litespeed_type=imgoptm HTTP/1.1" 200 0 "-" "WordPress/6.8; https://aiqaderm.com"
66.29.132.124 - - [26/Apr/2025:16:40:16 -0400] "POST /wp-cron.php?doing_wp_cron=1745700016.7442669868469238281250 HTTP/1.1" 200 0 "-" "WordPress/6.8; https://aiqaderm.com"
51.222.253.19 - - [26/Apr/2025:16:40:04 -0400] "GET /product-category/body-scabies-itching-lotion/?add-to-cart=899 HTTP/1.1" 200 22144 "-" "Mozilla/5.0 (compatible; AhrefsBot/7.0; +http://ahrefs.com/robot/)"
66.29.132.124 - - [26/Apr/2025:16:40:17 -0400] "POST /wp-admin/admin-ajax.php?action=async_litespeed&nonce=Sf277iH1kROcDvwFqW7WLG2FrNBqg4u9&litespeed_type=imgoptm HTTP/1.1" 200 0 "-" "WordPress/6.8; https://aiqaderm.com"
66.29.132.124 - - [26/Apr/2025:16:49:09 -0400] "POST /wp-cron.php?doing_wp_cron=1745700549.4081659317016601562500 HTTP/1.1" 200 0 "-" "WordPress/6.8; https://aiqaderm.com"
137.59.220.111 - - [26/Apr/2025:16:49:06 -0400] "GET / HTTP/1.1" 500 15227 "-" "Mozilla/5.0 (Linux; Android 10; K) AppleWebKit/537.36 (KHTML, like Gecko) Chrome/135.0.0.0 Mobile Safari/537.36"
66.29.132.124 - - [26/Apr/2025:16:49:10 -0400] "POST /wp-admin/admin-ajax.php?action=async_litespeed&nonce=5MlJv8uavgpmO2lrxTFaBRy7egXO3n8O&litespeed_type=imgoptm HTTP/1.1" 200 0 "-" "WordPress/6.8; https://aiqaderm.com"
66.102.8.128 - - [26/Apr/2025:16:49:15 -0400] "GET / HTTP/1.1" 500 15227 "-" "Mozilla/5.0 (Linux; Android 7.0; SM-G930V Build/NRD90M) AppleWebKit/537.36 (KHTML, like Gecko) Chrome/59.0.3071.125 Mobile Safari/537.36 (compatible; Google-Read-Aloud; +https://support.google.com/webmasters/answer/1061943)"
66.102.8.132 - - [26/Apr/2025:16:49:15 -0400] "GET / HTTP/1.1" 500 15227 "-" "Mozilla/5.0 (Linux; Android 7.0; SM-G930V Build/NRD90M) AppleWebKit/537.36 (KHTML, like Gecko) Chrome/59.0.3071.125 Mobile Safari/537.36 (compatible; Google-Read-Aloud; +https://support.google.com/webmasters/answer/1061943)"
66.102.8.128 - - [26/Apr/2025:16:49:15 -0400] "GET /wp-content/plugins/woocommerce/assets/css/brands.css?ver=9.8.2 HTTP/1.1" 200 579 "https://aiqaderm.com/" "Mozilla/5.0 (Linux; Android 7.0; SM-G930V Build/NRD90M) AppleWebKit/537.36 (KHTML, like Gecko) Chrome/59.0.3071.125 Mobile Safari/537.36 (compatible; Google-Read-Aloud; +https://support.google.com/webmasters/answer/1061943)"
66.102.8.132 - - [26/Apr/2025:16:49:15 -0400] "GET /wp-content/plugins/ti-woocommerce-wishlist/assets/css/webfont.min.css?ver=2.9.2 HTTP/1.1" 200 785 "https://aiqaderm.com/" "Mozilla/5.0 (Linux; Android 7.0; SM-G930V Build/NRD90M) AppleWebKit/537.36 (KHTML, like Gecko) Chrome/59.0.3071.125 Mobile Safari/537.36 (compatible; Google-Read-Aloud; +https://support.google.com/webmasters/answer/1061943)"
66.102.8.132 - - [26/Apr/2025:16:49:15 -0400] "GET /wp-content/plugins/elementor/assets/css/frontend.min.css?ver=3.28.4 HTTP/1.1" 200 6453 "https://aiqaderm.com/" "Mozilla/5.0 (Linux; Android 7.0; SM-G930V Build/NRD90M) AppleWebKit/537.36 (KHTML, like Gecko) Chrome/59.0.3071.125 Mobile Safari/537.36 (compatible; Google-Read-Aloud; +https://support.google.com/webmasters/answer/1061943)"
66.102.8.132 - - [26/Apr/2025:16:49:15 -0400] "GET /wp-content/plugins/instagram-feed/css/sbi-styles.min.css?ver=6.8.0 HTTP/1.1" 200 8171 "https://aiqaderm.com/" "Mozilla/5.0 (Linux; Android 7.0; SM-G930V Build/NRD90M) AppleWebKit/537.36 (KHTML, like Gecko) Chrome/59.0.3071.125 Mobile Safari/537.36 (compatible; Google-Read-Aloud; +https://support.google.com/webmasters/answer/1061943)"
66.102.8.131 - - [26/Apr/2025:16:49:15 -0400] "GET /wp-content/plugins/revslider/public/css/sr7.css?ver=6.7.23 HTTP/1.1" 200 1266 "https://aiqaderm.com/" "Mozilla/5.0 (Linux; Android 7.0; SM-G930V Build/NRD90M) AppleWebKit/537.36 (KHTML, like Gecko) Chrome/59.0.3071.125 Mobile Safari/537.36 (compatible; Google-Read-Aloud; +https://support.google.com/webmasters/answer/1061943)"
66.102.8.132 - - [26/Apr/2025:16:49:15 -0400] "GET /wp-content/plugins/revslider/public/css/sr7.css?ver=6.7.23 HTTP/1.1" 200 1266 "https://aiqaderm.com/" "Mozilla/5.0 (Linux; Android 7.0; SM-G930V Build/NRD90M) AppleWebKit/537.36 (KHTML, like Gecko) Chrome/59.0.3071.125 Mobile Safari/537.36 (compatible; Google-Read-Aloud; +https://support.google.com/webmasters/answer/1061943)"
66.102.8.128 - - [26/Apr/2025:16:49:15 -0400] "GET /wp-content/plugins/instagram-feed/css/sbi-styles.min.css?ver=6.8.0 HTTP/1.1" 200 8171 "https://aiqaderm.com/" "Mozilla/5.0 (Linux; Android 7.0; SM-G930V Build/NRD90M) AppleWebKit/537.36 (KHTML, like Gecko) Chrome/59.0.3071.125 Mobile Safari/537.36 (compatible; Google-Read-Aloud; +https://support.google.com/webmasters/answer/1061943)"
66.102.8.131 - - [26/Apr/2025:16:49:15 -0400] "GET /wp-content/plugins/contact-form-7/includes/css/styles.css?ver=6.0.6 HTTP/1.1" 200 890 "https://aiqaderm.com/" "Mozilla/5.0 (Linux; Android 7.0; SM-G930V Build/NRD90M) AppleWebKit/537.36 (KHTML, like Gecko) Chrome/59.0.3071.125 Mobile Safari/537.36 (compatible; Google-Read-Aloud; +https://support.google.com/webmasters/answer/1061943)"
66.102.8.128 - - [26/Apr/2025:16:49:15 -0400] "GET /wp-content/themes/medibazar-child/style.css?ver=6.8 HTTP/1.1" 200 233 "https://aiqaderm.com/" "Mozilla/5.0 (Linux; Android 7.0; SM-G930V Build/NRD90M) AppleWebKit/537.36 (KHTML, like Gecko) Chrome/59.0.3071.125 Mobile Safari/537.36 (compatible; Google-Read-Aloud; +https://support.google.com/webmasters/answer/1061943)"
66.102.8.128 - - [26/Apr/2025:16:49:15 -0400] "GET /wp-content/themes/medibazar/assets/css//responsive.css?ver=1.0 HTTP/1.1" 200 366 "https://aiqaderm.com/" "Mozilla/5.0 (Linux; Android 7.0; SM-G930V Build/NRD90M) AppleWebKit/537.36 (KHTML, like Gecko) Chrome/59.0.3071.125 Mobile Safari/537.36 (compatible; Google-Read-Aloud; +https://support.google.com/webmasters/answer/1061943)"
66.102.8.132 - - [26/Apr/2025:16:49:15 -0400] "GET /wp-content/plugins/click-to-chat-for-whatsapp/new/inc/assets/css/main.css?ver=4.20 HTTP/1.1" 200 511 "https://aiqaderm.com/" "Mozilla/5.0 (Linux; Android 7.0; SM-G930V Build/NRD90M) AppleWebKit/537.36 (KHTML, like Gecko) Chrome/59.0.3071.125 Mobile Safari/537.36 (compatible; Google-Read-Aloud; +https://support.google.com/webmasters/answer/1061943)"
66.102.8.131 - - [26/Apr/2025:16:49:15 -0400] "GET /wp-content/plugins/ti-woocommerce-wishlist/assets/fonts/tinvwl-webfont.woff2?ver=xu2uyi HTTP/1.1" 200 4404 "https://aiqaderm.com/" "Mozilla/5.0 (Linux; Android 7.0; SM-G930V Build/NRD90M) AppleWebKit/537.36 (KHTML, like Gecko) Chrome/59.0.3071.125 Mobile Safari/537.36 (compatible; Google-Read-Aloud; +https://support.google.com/webmasters/answer/1061943)"
66.102.8.132 - - [26/Apr/2025:16:49:15 -0400] "GET /wp-content/themes/medibazar/assets/css//magnific-popup.css?ver=1.0 HTTP/1.1" 200 1660 "https://aiqaderm.com/" "Mozilla/5.0 (Linux; Android 7.0; SM-G930V Build/NRD90M) AppleWebKit/537.36 (KHTML, like Gecko) Chrome/59.0.3071.125 Mobile Safari/537.36 (compatible; Google-Read-Aloud; +https://support.google.com/webmasters/answer/1061943)"
66.102.8.131 - - [26/Apr/2025:16:49:15 -0400] "GET /wp-content/themes/medibazar/assets/css//main.css?ver=1.0 HTTP/1.1" 200 40160 "https://aiqaderm.com/" "Mozilla/5.0 (Linux; Android 7.0; SM-G930V Build/NRD90M) AppleWebKit/537.36 (KHTML, like Gecko) Chrome/59.0.3071.125 Mobile Safari/537.36 (compatible; Google-Read-Aloud; +https://support.google.com/webmasters/answer/1061943)"
66.102.8.128 - - [26/Apr/2025:16:49:15 -0400] "GET /wp-content/themes/medibazar/assets/css//fontawesome-all.min.css?ver=1.0 HTTP/1.1" 200 28884 "https://aiqaderm.com/" "Mozilla/5.0 (Linux; Android 7.0; SM-G930V Build/NRD90M) AppleWebKit/537.36 (KHTML, like Gecko) Chrome/59.0.3071.125 Mobile Safari/537.36 (compatible; Google-Read-Aloud; +https://support.google.com/webmasters/answer/1061943)"
66.102.8.131 - - [26/Apr/2025:16:49:15 -0400] "GET /wp-content/themes/medibazar/assets/css//slick.css?ver=1.0 HTTP/1.1" 200 483 "https://aiqaderm.com/" "Mozilla/5.0 (Linux; Android 7.0; SM-G930V Build/NRD90M) AppleWebKit/537.36 (KHTML, like Gecko) Chrome/59.0.3071.125 Mobile Safari/537.36 (compatible; Google-Read-Aloud; +https://support.google.com/webmasters/answer/1061943)"
66.102.8.131 - - [26/Apr/2025:16:49:15 -0400] "GET /wp-content/themes/medibazar/assets/css//animate.min.css?ver=1.0 HTTP/1.1" 200 3780 "https://aiqaderm.com/" "Mozilla/5.0 (Linux; Android 7.0; SM-G930V Build/NRD90M) AppleWebKit/537.36 (KHTML, like Gecko) Chrome/59.0.3071.125 Mobile Safari/537.36 (compatible; Google-Read-Aloud; +https://support.google.com/webmasters/answer/1061943)"
66.102.8.128 - - [26/Apr/2025:16:49:15 -0400] "GET /wp-content/themes/medibazar/assets/css//meanmenu.css?ver=1.0 HTTP/1.1" 200 942 "https://aiqaderm.com/" "Mozilla/5.0 (Linux; Android 7.0; SM-G930V Build/NRD90M) AppleWebKit/537.36 (KHTML, like Gecko) Chrome/59.0.3071.125 Mobile Safari/537.36 (compatible; Google-Read-Aloud; +https://support.google.com/webmasters/answer/1061943)"
66.102.8.131 - - [26/Apr/2025:16:49:15 -0400] "GET /wp-content/themes/medibazar/assets/css//themify-icons.css?ver=1.0 HTTP/1.1" 200 2678 "https://aiqaderm.com/" "Mozilla/5.0 (Linux; Android 7.0; SM-G930V Build/NRD90M) AppleWebKit/537.36 (KHTML, like Gecko) Chrome/59.0.3071.125 Mobile Safari/537.36 (compatible; Google-Read-Aloud; +https://support.google.com/webmasters/answer/1061943)"
66.102.8.128 - - [26/Apr/2025:16:49:15 -0400] "GET /wp-content/uploads/elementor/css/post-6.css?ver=1744797303 HTTP/1.1" 200 323 "https://aiqaderm.com/" "Mozilla/5.0 (Linux; Android 7.0; SM-G930V Build/NRD90M) AppleWebKit/537.36 (KHTML, like Gecko) Chrome/59.0.3071.125 Mobile Safari/537.36 (compatible; Google-Read-Aloud; +https://support.google.com/webmasters/answer/1061943)"
66.102.8.128 - - [26/Apr/2025:16:49:15 -0400] "GET /wp-content/plugins/ti-woocommerce-wishlist/assets/css/public.min.css?ver=2.9.2 HTTP/1.1" 200 5295 "https://aiqaderm.com/" "Mozilla/5.0 (Linux; Android 7.0; SM-G930V Build/NRD90M) AppleWebKit/537.36 (KHTML, like Gecko) Chrome/59.0.3071.125 Mobile Safari/537.36 (compatible; Google-Read-Aloud; +https://support.google.com/webmasters/answer/1061943)"
66.102.8.128 - - [26/Apr/2025:16:49:15 -0400] "GET /wp-content/themes/medibazar/assets/css//owl.carousel.min.css?ver=1.0 HTTP/1.1" 200 789 "https://aiqaderm.com/" "Mozilla/5.0 (Linux; Android 7.0; SM-G930V Build/NRD90M) AppleWebKit/537.36 (KHTML, like Gecko) Chrome/59.0.3071.125 Mobile Safari/537.36 (compatible; Google-Read-Aloud; +https://support.google.com/webmasters/answer/1061943)"
66.102.8.132 - - [26/Apr/2025:16:49:15 -0400] "GET /wp-content/uploads/elementor/css/post-597.css?ver=1744797310 HTTP/1.1" 200 458 "https://aiqaderm.com/" "Mozilla/5.0 (Linux; Android 7.0; SM-G930V Build/NRD90M) AppleWebKit/537.36 (KHTML, like Gecko) Chrome/59.0.3071.125 Mobile Safari/537.36 (compatible; Google-Read-Aloud; +https://support.google.com/webmasters/answer/1061943)"
66.102.8.132 - - [26/Apr/2025:16:49:15 -0400] "GET /wp-content/themes/medibazar/style.css?ver=6.8 HTTP/1.1" 200 13639 "https://aiqaderm.com/" "Mozilla/5.0 (Linux; Android 7.0; SM-G930V Build/NRD90M) AppleWebKit/537.36 (KHTML, like Gecko) Chrome/59.0.3071.125 Mobile Safari/537.36 (compatible; Google-Read-Aloud; +https://support.google.com/webmasters/answer/1061943)"
66.102.8.131 - - [26/Apr/2025:16:49:15 -0400] "GET /wp-content/plugins/elementor/assets/css/widget-heading.min.css?ver=3.28.4 HTTP/1.1" 200 154 "https://aiqaderm.com/" "Mozilla/5.0 (Linux; Android 7.0; SM-G930V Build/NRD90M) AppleWebKit/537.36 (KHTML, like Gecko) Chrome/59.0.3071.125 Mobile Safari/537.36 (compatible; Google-Read-Aloud; +https://support.google.com/webmasters/answer/1061943)"
66.102.8.128 - - [26/Apr/2025:16:49:15 -0400] "GET /wp-content/uploads/elementor/google-fonts/css/roboto.css?ver=1742288800 HTTP/1.1" 200 1872 "https://aiqaderm.com/" "Mozilla/5.0 (Linux; Android 7.0; SM-G930V Build/NRD90M) AppleWebKit/537.36 (KHTML, like Gecko) Chrome/59.0.3071.125 Mobile Safari/537.36 (compatible; Google-Read-Aloud; +https://support.google.com/webmasters/answer/1061943)"
66.102.8.128 - - [26/Apr/2025:16:49:15 -0400] "GET /wp-content/themes/medibazar/assets/css//meanmenu.css?ver=1.0 HTTP/1.1" 200 942 "https://aiqaderm.com/" "Mozilla/5.0 (Linux; Android 7.0; SM-G930V Build/NRD90M) AppleWebKit/537.36 (KHTML, like Gecko) Chrome/59.0.3071.125 Mobile Safari/537.36 (compatible; Google-Read-Aloud; +https://support.google.com/webmasters/answer/1061943)"
66.102.8.132 - - [26/Apr/2025:16:49:15 -0400] "GET /wp-content/themes/medibazar-child/style.css?ver=6.8 HTTP/1.1" 200 233 "https://aiqaderm.com/" "Mozilla/5.0 (Linux; Android 7.0; SM-G930V Build/NRD90M) AppleWebKit/537.36 (KHTML, like Gecko) Chrome/59.0.3071.125 Mobile Safari/537.36 (compatible; Google-Read-Aloud; +https://support.google.com/webmasters/answer/1061943)"
66.102.8.128 - - [26/Apr/2025:16:49:15 -0400] "GET /wp-content/plugins/elementor/assets/css/frontend.min.css?ver=3.28.4 HTTP/1.1" 200 6453 "https://aiqaderm.com/" "Mozilla/5.0 (Linux; Android 7.0; SM-G930V Build/NRD90M) AppleWebKit/537.36 (KHTML, like Gecko) Chrome/59.0.3071.125 Mobile Safari/537.36 (compatible; Google-Read-Aloud; +https://support.google.com/webmasters/answer/1061943)"
66.102.8.128 - - [26/Apr/2025:16:49:15 -0400] "GET /wp-content/themes/medibazar/assets/css//owl.carousel.min.css?ver=1.0 HTTP/1.1" 200 789 "https://aiqaderm.com/" "Mozilla/5.0 (Linux; Android 7.0; SM-G930V Build/NRD90M) AppleWebKit/537.36 (KHTML, like Gecko) Chrome/59.0.3071.125 Mobile Safari/537.36 (compatible; Google-Read-Aloud; +https://support.google.com/webmasters/answer/1061943)"
66.102.8.131 - - [26/Apr/2025:16:49:15 -0400] "GET /wp-content/plugins/contact-form-7/includes/css/styles.css?ver=6.0.6 HTTP/1.1" 200 890 "https://aiqaderm.com/" "Mozilla/5.0 (Linux; Android 7.0; SM-G930V Build/NRD90M) AppleWebKit/537.36 (KHTML, like Gecko) Chrome/59.0.3071.125 Mobile Safari/537.36 (compatible; Google-Read-Aloud; +https://support.google.com/webmasters/answer/1061943)"
66.102.8.131 - - [26/Apr/2025:16:49:15 -0400] "GET /wp-content/themes/medibazar/assets/css//animate.min.css?ver=1.0 HTTP/1.1" 200 3780 "https://aiqaderm.com/" "Mozilla/5.0 (Linux; Android 7.0; SM-G930V Build/NRD90M) AppleWebKit/537.36 (KHTML, like Gecko) Chrome/59.0.3071.125 Mobile Safari/537.36 (compatible; Google-Read-Aloud; +https://support.google.com/webmasters/answer/1061943)"
66.102.8.132 - - [26/Apr/2025:16:49:15 -0400] "GET /wp-content/themes/medibazar/assets/css//fontawesome-all.min.css?ver=1.0 HTTP/1.1" 200 28884 "https://aiqaderm.com/" "Mozilla/5.0 (Linux; Android 7.0; SM-G930V Build/NRD90M) AppleWebKit/537.36 (KHTML, like Gecko) Chrome/59.0.3071.125 Mobile Safari/537.36 (compatible; Google-Read-Aloud; +https://support.google.com/webmasters/answer/1061943)"
66.102.8.128 - - [26/Apr/2025:16:49:15 -0400] "GET /wp-content/themes/medibazar/assets/css//magnific-popup.css?ver=1.0 HTTP/1.1" 200 1660 "https://aiqaderm.com/" "Mozilla/5.0 (Linux; Android 7.0; SM-G930V Build/NRD90M) AppleWebKit/537.36 (KHTML, like Gecko) Chrome/59.0.3071.125 Mobile Safari/537.36 (compatible; Google-Read-Aloud; +https://support.google.com/webmasters/answer/1061943)"
66.102.8.132 - - [26/Apr/2025:16:49:15 -0400] "GET /wp-content/uploads/elementor/google-fonts/css/robotoslab.css?ver=1742288808 HTTP/1.1" 200 708 "https://aiqaderm.com/" "Mozilla/5.0 (Linux; Android 7.0; SM-G930V Build/NRD90M) AppleWebKit/537.36 (KHTML, like Gecko) Chrome/59.0.3071.125 Mobile Safari/537.36 (compatible; Google-Read-Aloud; +https://support.google.com/webmasters/answer/1061943)"
66.102.8.132 - - [26/Apr/2025:16:49:15 -0400] "GET /wp-content/plugins/ti-woocommerce-wishlist/assets/fonts/tinvwl-webfont.woff2?ver=xu2uyi HTTP/1.1" 200 4404 "https://aiqaderm.com/" "Mozilla/5.0 (Linux; Android 7.0; SM-G930V Build/NRD90M) AppleWebKit/537.36 (KHTML, like Gecko) Chrome/59.0.3071.125 Mobile Safari/537.36 (compatible; Google-Read-Aloud; +https://support.google.com/webmasters/answer/1061943)"
66.102.8.128 - - [26/Apr/2025:16:49:15 -0400] "GET /wp-content/plugins/ti-woocommerce-wishlist/assets/css/public.min.css?ver=2.9.2 HTTP/1.1" 200 5295 "https://aiqaderm.com/" "Mozilla/5.0 (Linux; Android 7.0; SM-G930V Build/NRD90M) AppleWebKit/537.36 (KHTML, like Gecko) Chrome/59.0.3071.125 Mobile Safari/537.36 (compatible; Google-Read-Aloud; +https://support.google.com/webmasters/answer/1061943)"
66.102.8.131 - - [26/Apr/2025:16:49:15 -0400] "GET /wp-content/themes/medibazar/assets/css//main.css?ver=1.0 HTTP/1.1" 200 40160 "https://aiqaderm.com/" "Mozilla/5.0 (Linux; Android 7.0; SM-G930V Build/NRD90M) AppleWebKit/537.36 (KHTML, like Gecko) Chrome/59.0.3071.125 Mobile Safari/537.36 (compatible; Google-Read-Aloud; +https://support.google.com/webmasters/answer/1061943)"
66.102.8.132 - - [26/Apr/2025:16:49:15 -0400] "GET /wp-content/plugins/elementor/assets/css/widget-heading.min.css?ver=3.28.4 HTTP/1.1" 200 154 "https://aiqaderm.com/" "Mozilla/5.0 (Linux; Android 7.0; SM-G930V Build/NRD90M) AppleWebKit/537.36 (KHTML, like Gecko) Chrome/59.0.3071.125 Mobile Safari/537.36 (compatible; Google-Read-Aloud; +https://support.google.com/webmasters/answer/1061943)"
66.102.8.131 - - [26/Apr/2025:16:49:15 -0400] "GET /wp-content/plugins/click-to-chat-for-whatsapp/new/inc/assets/css/main.css?ver=4.20 HTTP/1.1" 200 511 "https://aiqaderm.com/" "Mozilla/5.0 (Linux; Android 7.0; SM-G930V Build/NRD90M) AppleWebKit/537.36 (KHTML, like Gecko) Chrome/59.0.3071.125 Mobile Safari/537.36 (compatible; Google-Read-Aloud; +https://support.google.com/webmasters/answer/1061943)"
66.102.8.131 - - [26/Apr/2025:16:49:15 -0400] "GET /wp-content/themes/medibazar/assets/css//themify-icons.css?ver=1.0 HTTP/1.1" 200 2678 "https://aiqaderm.com/" "Mozilla/5.0 (Linux; Android 7.0; SM-G930V Build/NRD90M) AppleWebKit/537.36 (KHTML, like Gecko) Chrome/59.0.3071.125 Mobile Safari/537.36 (compatible; Google-Read-Aloud; +https://support.google.com/webmasters/answer/1061943)"
66.102.8.128 - - [26/Apr/2025:16:49:15 -0400] "GET /wp-content/plugins/ti-woocommerce-wishlist/assets/css/webfont.min.css?ver=2.9.2 HTTP/1.1" 200 785 "https://aiqaderm.com/" "Mozilla/5.0 (Linux; Android 7.0; SM-G930V Build/NRD90M) AppleWebKit/537.36 (KHTML, like Gecko) Chrome/59.0.3071.125 Mobile Safari/537.36 (compatible; Google-Read-Aloud; +https://support.google.com/webmasters/answer/1061943)"
66.102.8.132 - - [26/Apr/2025:16:49:15 -0400] "GET /wp-content/themes/medibazar-child/style.css?ver=1.8.9 HTTP/1.1" 200 233 "https://aiqaderm.com/" "Mozilla/5.0 (Linux; Android 7.0; SM-G930V Build/NRD90M) AppleWebKit/537.36 (KHTML, like Gecko) Chrome/59.0.3071.125 Mobile Safari/537.36 (compatible; Google-Read-Aloud; +https://support.google.com/webmasters/answer/1061943)"
66.102.8.132 - - [26/Apr/2025:16:49:15 -0400] "GET /wp-content/uploads/elementor/google-fonts/css/robotoslab.css?ver=1742288808 HTTP/1.1" 200 708 "https://aiqaderm.com/" "Mozilla/5.0 (Linux; Android 7.0; SM-G930V Build/NRD90M) AppleWebKit/537.36 (KHTML, like Gecko) Chrome/59.0.3071.125 Mobile Safari/537.36 (compatible; Google-Read-Aloud; +https://support.google.com/webmasters/answer/1061943)"
66.102.8.128 - - [26/Apr/2025:16:49:16 -0400] "GET /wp-content/themes/medibazar/assets/css//responsive.css?ver=1.0 HTTP/1.1" 200 366 "https://aiqaderm.com/" "Mozilla/5.0 (Linux; Android 7.0; SM-G930V Build/NRD90M) AppleWebKit/537.36 (KHTML, like Gecko) Chrome/59.0.3071.125 Mobile Safari/537.36 (compatible; Google-Read-Aloud; +https://support.google.com/webmasters/answer/1061943)"
66.102.8.132 - - [26/Apr/2025:16:49:16 -0400] "GET /wp-content/uploads/elementor/css/post-6.css?ver=1744797303 HTTP/1.1" 200 323 "https://aiqaderm.com/" "Mozilla/5.0 (Linux; Android 7.0; SM-G930V Build/NRD90M) AppleWebKit/537.36 (KHTML, like Gecko) Chrome/59.0.3071.125 Mobile Safari/537.36 (compatible; Google-Read-Aloud; +https://support.google.com/webmasters/answer/1061943)"
66.102.8.128 - - [26/Apr/2025:16:49:16 -0400] "GET /wp-content/themes/medibazar/assets/css//slick.css?ver=1.0 HTTP/1.1" 200 483 "https://aiqaderm.com/" "Mozilla/5.0 (Linux; Android 7.0; SM-G930V Build/NRD90M) AppleWebKit/537.36 (KHTML, like Gecko) Chrome/59.0.3071.125 Mobile Safari/537.36 (compatible; Google-Read-Aloud; +https://support.google.com/webmasters/answer/1061943)"
66.102.8.131 - - [26/Apr/2025:16:49:16 -0400] "GET /wp-content/plugins/woocommerce/assets/js/jquery-blockui/jquery.blockUI.min.js?ver=2.7.0-wc.9.8.2 HTTP/1.1" 200 3277 "https://aiqaderm.com/" "Mozilla/5.0 (Linux; Android 7.0; SM-G930V Build/NRD90M) AppleWebKit/537.36 (KHTML, like Gecko) Chrome/59.0.3071.125 Mobile Safari/537.36 (compatible; Google-Read-Aloud; +https://support.google.com/webmasters/answer/1061943)"
66.102.8.131 - - [26/Apr/2025:16:49:16 -0400] "GET /wp-content/uploads/elementor/css/post-597.css?ver=1744797310 HTTP/1.1" 200 458 "https://aiqaderm.com/" "Mozilla/5.0 (Linux; Android 7.0; SM-G930V Build/NRD90M) AppleWebKit/537.36 (KHTML, like Gecko) Chrome/59.0.3071.125 Mobile Safari/537.36 (compatible; Google-Read-Aloud; +https://support.google.com/webmasters/answer/1061943)"
66.102.8.132 - - [26/Apr/2025:16:49:16 -0400] "GET /wp-content/themes/medibazar/style.css?ver=6.8 HTTP/1.1" 200 13639 "https://aiqaderm.com/" "Mozilla/5.0 (Linux; Android 7.0; SM-G930V Build/NRD90M) AppleWebKit/537.36 (KHTML, like Gecko) Chrome/59.0.3071.125 Mobile Safari/537.36 (compatible; Google-Read-Aloud; +https://support.google.com/webmasters/answer/1061943)"
66.102.8.132 - - [26/Apr/2025:16:49:16 -0400] "GET /wp-content/themes/medibazar-child/style.css?ver=1.8.9 HTTP/1.1" 200 233 "https://aiqaderm.com/" "Mozilla/5.0 (Linux; Android 7.0; SM-G930V Build/NRD90M) AppleWebKit/537.36 (KHTML, like Gecko) Chrome/59.0.3071.125 Mobile Safari/537.36 (compatible; Google-Read-Aloud; +https://support.google.com/webmasters/answer/1061943)"
66.102.8.128 - - [26/Apr/2025:16:49:16 -0400] "GET /wp-content/plugins/woocommerce/assets/js/js-cookie/js.cookie.min.js?ver=2.1.4-wc.9.8.2 HTTP/1.1" 200 760 "https://aiqaderm.com/" "Mozilla/5.0 (Linux; Android 7.0; SM-G930V Build/NRD90M) AppleWebKit/537.36 (KHTML, like Gecko) Chrome/59.0.3071.125 Mobile Safari/537.36 (compatible; Google-Read-Aloud; +https://support.google.com/webmasters/answer/1061943)"
66.102.8.132 - - [26/Apr/2025:16:49:16 -0400] "GET /wp-content/themes/medibazar/includes/pjax/js/helpers.js?ver=1.0 HTTP/1.1" 200 228 "https://aiqaderm.com/" "Mozilla/5.0 (Linux; Android 7.0; SM-G930V Build/NRD90M) AppleWebKit/537.36 (KHTML, like Gecko) Chrome/59.0.3071.125 Mobile Safari/537.36 (compatible; Google-Read-Aloud; +https://support.google.com/webmasters/answer/1061943)"
66.102.8.128 - - [26/Apr/2025:16:49:16 -0400] "GET /wp-includes/js/jquery/jquery.min.js?ver=3.7.1 HTTP/1.1" 200 29744 "https://aiqaderm.com/" "Mozilla/5.0 (Linux; Android 7.0; SM-G930V Build/NRD90M) AppleWebKit/537.36 (KHTML, like Gecko) Chrome/59.0.3071.125 Mobile Safari/537.36 (compatible; Google-Read-Aloud; +https://support.google.com/webmasters/answer/1061943)"
66.102.8.132 - - [26/Apr/2025:16:49:16 -0400] "GET /wp-includes/js/jquery/jquery-migrate.min.js?ver=3.4.1 HTTP/1.1" 200 4678 "https://aiqaderm.com/" "Mozilla/5.0 (Linux; Android 7.0; SM-G930V Build/NRD90M) AppleWebKit/537.36 (KHTML, like Gecko) Chrome/59.0.3071.125 Mobile Safari/537.36 (compatible; Google-Read-Aloud; +https://support.google.com/webmasters/answer/1061943)"
66.102.8.132 - - [26/Apr/2025:16:49:16 -0400] "GET /wp-content/themes/medibazar/assets/css/fonts/fa-regular-400.woff2 HTTP/1.1" 200 145076 "https://aiqaderm.com/wp-content/themes/medibazar/assets/css//fontawesome-all.min.css?ver=1.0" "Mozilla/5.0 (Linux; Android 7.0; SM-G930V Build/NRD90M) AppleWebKit/537.36 (KHTML, like Gecko) Chrome/59.0.3071.125 Mobile Safari/537.36 (compatible; Google-Read-Aloud; +https://support.google.com/webmasters/answer/1061943)"
66.102.8.128 - - [26/Apr/2025:16:49:16 -0400] "GET /wp-content/uploads/elementor/google-fonts/fonts/roboto-kfo7cnqeu92fr1me7ksn66agldtyluama3yuba.woff2 HTTP/1.1" 200 40128 "https://aiqaderm.com/wp-content/uploads/elementor/google-fonts/css/roboto.css?ver=1742288800" "Mozilla/5.0 (Linux; Android 7.0; SM-G930V Build/NRD90M) AppleWebKit/537.36 (KHTML, like Gecko) Chrome/59.0.3071.125 Mobile Safari/537.36 (compatible; Google-Read-Aloud; +https://support.google.com/webmasters/answer/1061943)"
66.102.8.131 - - [26/Apr/2025:16:49:16 -0400] "GET /wp-content/plugins/revslider/public/js/libs/tptools.js?ver=6.7.23 HTTP/1.1" 200 72603 "https://aiqaderm.com/" "Mozilla/5.0 (Linux; Android 7.0; SM-G930V Build/NRD90M) AppleWebKit/537.36 (KHTML, like Gecko) Chrome/59.0.3071.125 Mobile Safari/537.36 (compatible; Google-Read-Aloud; +https://support.google.com/webmasters/answer/1061943)"
66.102.8.131 - - [26/Apr/2025:16:49:16 -0400] "GET /wp-content/plugins/revslider/public/js/sr7.js?ver=6.7.23 HTTP/1.1" 200 88089 "https://aiqaderm.com/" "Mozilla/5.0 (Linux; Android 7.0; SM-G930V Build/NRD90M) AppleWebKit/537.36 (KHTML, like Gecko) Chrome/59.0.3071.125 Mobile Safari/537.36 (compatible; Google-Read-Aloud; +https://support.google.com/webmasters/answer/1061943)"
66.102.8.128 - - [26/Apr/2025:16:49:16 -0400] "GET /wp-content/plugins/woocommerce/assets/js/frontend/add-to-cart.min.js?ver=9.8.2 HTTP/1.1" 200 1225 "https://aiqaderm.com/" "Mozilla/5.0 (Linux; Android 7.0; SM-G930V Build/NRD90M) AppleWebKit/537.36 (KHTML, like Gecko) Chrome/59.0.3071.125 Mobile Safari/537.36 (compatible; Google-Read-Aloud; +https://support.google.com/webmasters/answer/1061943)"
66.102.8.131 - - [26/Apr/2025:16:49:17 -0400] "GET /wp-content/plugins/woocommerce/assets/js/frontend/woocommerce.min.js?ver=9.8.2 HTTP/1.1" 200 1241 "https://aiqaderm.com/" "Mozilla/5.0 (Linux; Android 7.0; SM-G930V Build/NRD90M) AppleWebKit/537.36 (KHTML, like Gecko) Chrome/59.0.3071.125 Mobile Safari/537.36 (compatible; Google-Read-Aloud; +https://support.google.com/webmasters/answer/1061943)"
66.102.8.131 - - [26/Apr/2025:16:49:17 -0400] "GET /wp-includes/js/wp-emoji-release.min.js?ver=6.8 HTTP/1.1" 200 4771 "https://aiqaderm.com/" "Mozilla/5.0 (Linux; Android 7.0; SM-G930V Build/NRD90M) AppleWebKit/537.36 (KHTML, like Gecko) Chrome/59.0.3071.125 Mobile Safari/537.36 (compatible; Google-Read-Aloud; +https://support.google.com/webmasters/answer/1061943)"
66.29.132.124 - - [26/Apr/2025:16:56:31 -0400] "POST /wp-cron.php?doing_wp_cron=1745700991.7649059295654296875000 HTTP/1.1" 200 0 "-" "WordPress/6.8; https://aiqaderm.com"
186.122.212.214 - - [26/Apr/2025:16:56:27 -0400] "GET /product-category/featured-products/?add-to-cart=804 HTTP/1.1" 200 23060 "-" "Mozilla/5.0 (Android 3.1; Mobile; rv:24.0) Gecko/24.0 Firefox/24.0"
66.29.132.124 - - [26/Apr/2025:16:56:32 -0400] "POST /wp-admin/admin-ajax.php?action=async_litespeed&nonce=HFR0ibJ7IgaTrDthk6N7zu5FAXu7E5U5&litespeed_type=imgoptm HTTP/1.1" 200 0 "-" "WordPress/6.8; https://aiqaderm.com"
66.29.132.124 - - [26/Apr/2025:17:09:26 -0400] "POST /wp-cron.php?doing_wp_cron=1745701765.9960329532623291015625 HTTP/1.1" 200 0 "-" "WordPress/6.8; https://aiqaderm.com"
212.227.50.191 - - [26/Apr/2025:17:09:16 -0400] "POST /xmlrpc.php HTTP/1.1" 200 403 "-" "Mozilla/5.0 (Windows NT 10.0; Win64; x64) AppleWebKit/537.36 (KHTML, like Gecko) Chrome/79.0.3945.117 Safari/537.36"
66.29.132.124 - - [26/Apr/2025:17:09:27 -0400] "POST /wp-admin/admin-ajax.php?action=async_litespeed&nonce=ARmXC572LwLENXpQguZ635cs9hwA6qXL&litespeed_type=imgoptm HTTP/1.1" 200 0 "-" "WordPress/6.8; https://aiqaderm.com"
77.68.64.25 - - [26/Apr/2025:17:09:29 -0400] "POST /xmlrpc.php HTTP/1.1" 200 403 "-" "Mozilla/5.0 (Windows NT 10.0; Win64; x64) AppleWebKit/537.36 (KHTML, like Gecko) Chrome/79.0.3945.130 Safari/537.36"
91.134.248.192 - - [26/Apr/2025:17:09:31 -0400] "POST /xmlrpc.php HTTP/1.1" 200 403 "-" "Mozilla/5.0 (Windows NT 6.1; Win64; x64) AppleWebKit/537.36 (KHTML, like Gecko) Chrome/60.0.3112.90 Safari/537.36"
213.152.162.84 - - [26/Apr/2025:17:09:32 -0400] "POST /xmlrpc.php HTTP/1.1" 200 212 "-" "Mozilla/5.0 (Windows NT 10.0; Win64; x64) AppleWebKit/537.36 (KHTML, like Gecko) Chrome/135.0.0.0 Safari/537.36"
66.29.132.124 - - [26/Apr/2025:17:09:44 -0400] "POST /wp-cron.php?doing_wp_cron=1745701784.7380409240722656250000 HTTP/1.1" 200 0 "-" "WordPress/6.8; https://aiqaderm.com"
188.165.192.229 - - [26/Apr/2025:17:09:43 -0400] "POST /xmlrpc.php HTTP/1.1" 200 403 "-" "Mozilla/5.0 (Windows NT 10.0; Win64; x64) AppleWebKit/537.36 (KHTML, like Gecko) Chrome/79.0.3945.88 Safari/537.36"
84.247.150.34 - - [26/Apr/2025:17:09:44 -0400] "POST /xmlrpc.php HTTP/1.1" 200 403 "-" "Mozilla/5.0 (Windows NT 10.0; Win64; x64; rv:60.0) Gecko/20100101 Firefox/60.0"
84.247.150.34 - - [26/Apr/2025:17:09:46 -0400] "POST /xmlrpc.php HTTP/1.1" 200 403 "-" "Mozilla/5.0 (Macintosh; Intel Mac OS X 10_10; rv:33.0) Gecko/20100101 Firefox/33.0"
51.195.219.160 - - [26/Apr/2025:17:09:49 -0400] "POST /xmlrpc.php HTTP/1.1" 200 403 "-" "Mozilla/5.0 (Windows NT 6.1; WOW64; rv:44.0) Gecko/20100101 Firefox/44.0"
69.163.177.183 - - [26/Apr/2025:17:09:51 -0400] "POST /xmlrpc.php HTTP/1.1" 200 403 "-" "Mozilla/5.0 (Windows NT 10.0; Win64; x64) AppleWebKit/537.36 (KHTML, like Gecko) Chrome/78.0.3904.108 Safari/537.36"
66.249.73.14 - - [26/Apr/2025:17:15:05 -0400] "GET /robots.txt HTTP/1.1" 301 0 "-" "Mozilla/5.0 (compatible; Googlebot/2.1; +http://www.google.com/bot.html)"
66.249.74.132 - - [26/Apr/2025:17:15:06 -0400] "GET /robots.txt HTTP/1.1" 200 139 "-" "Mozilla/5.0 (compatible; Googlebot/2.1; +http://www.google.com/bot.html)"
66.29.132.124 - - [26/Apr/2025:17:15:47 -0400] "POST /wp-cron.php?doing_wp_cron=1745702147.1445229053497314453125 HTTP/1.1" 200 0 "-" "WordPress/6.8; https://aiqaderm.com"
114.119.139.167 - - [26/Apr/2025:17:15:41 -0400] "GET /product/cool-aiq-lotion/73 HTTP/1.1" 301 0 "https://aiqaderm.com/product/cool-aiq-lotion/" "Mozilla/5.0 (Linux; Android 7.0;) AppleWebKit/537.36 (KHTML, like Gecko) Mobile Safari/537.36 (compatible; PetalBot;+https://webmaster.petalsearch.com/site/petalbot)"
66.29.132.124 - - [26/Apr/2025:17:15:47 -0400] "POST /wp-admin/admin-ajax.php?action=async_litespeed&nonce=OzN4hIHQvluQ0dyKyA2AAm0NQr9gmFWE&litespeed_type=imgoptm HTTP/1.1" 200 0 "-" "WordPress/6.8; https://aiqaderm.com"
66.29.132.124 - - [26/Apr/2025:17:19:16 -0400] "POST /wp-cron.php?doing_wp_cron=1745702356.4382960796356201171875 HTTP/1.1" 200 0 "-" "WordPress/6.8; https://aiqaderm.com"
182.44.2.148 - - [26/Apr/2025:17:19:12 -0400] "GET / HTTP/1.1" 500 17511 "http://aiqaderm.com" "Mozilla/5.0 (iPhone; CPU iPhone OS 13_2_3 like Mac OS X) AppleWebKit/605.1.15 (KHTML, like Gecko) Version/13.0.3 Mobile/15E148 Safari/604.1"
66.29.132.124 - - [26/Apr/2025:17:19:17 -0400] "POST /wp-admin/admin-ajax.php?action=async_litespeed&nonce=j4w6DbH6tLrtMs0rfDDmkdcCDwQc4em8&litespeed_type=imgoptm HTTP/1.1" 200 0 "-" "WordPress/6.8; https://aiqaderm.com"
85.208.96.209 - - [26/Apr/2025:17:20:46 -0400] "GET /robots.txt HTTP/1.1" 200 158 "-" "Mozilla/5.0 (compatible; SemrushBot/7~bl; +http://www.semrush.com/bot.html)"
66.29.132.124 - - [26/Apr/2025:17:20:52 -0400] "POST /wp-cron.php?doing_wp_cron=1745702452.4545431137084960937500 HTTP/1.1" 200 0 "-" "WordPress/6.8; https://aiqaderm.com"
185.191.171.16 - - [26/Apr/2025:17:20:47 -0400] "GET /product/milex-r-serum-retinol/ HTTP/1.1" 200 28503 "-" "Mozilla/5.0 (compatible; SemrushBot/7~bl; +http://www.semrush.com/bot.html)"
66.29.132.124 - - [26/Apr/2025:17:20:53 -0400] "POST /wp-admin/admin-ajax.php?action=async_litespeed&nonce=PQqczpWX9hy3oQIwNSnFUhrjase1PX6P&litespeed_type=imgoptm HTTP/1.1" 200 21 "-" "WordPress/6.8; https://aiqaderm.com"
66.29.132.124 - - [26/Apr/2025:17:27:31 -0400] "POST /wp-cron.php?doing_wp_cron=1745702851.5839920043945312500000 HTTP/1.1" 200 0 "-" "WordPress/6.8; https://aiqaderm.com"
84.17.48.159 - - [26/Apr/2025:17:27:24 -0400] "GET / HTTP/1.0" 500 59578 "https://aiqaderm.com/" "Mozilla/5.0 (Windows NT 10.0; Win64; x64) AppleWebKit/537.36 (KHTML, like Gecko) Chrome/130.0.0.0 Safari/537.36 CCleaner/130.0.0.0"
66.29.132.124 - - [26/Apr/2025:17:27:32 -0400] "POST /wp-admin/admin-ajax.php?action=async_litespeed&nonce=m207NguBEkJjyWsGkVWbQGYtwAOd3Cso&litespeed_type=imgoptm HTTP/1.1" 200 0 "-" "WordPress/6.8; https://aiqaderm.com"
66.29.132.124 - - [26/Apr/2025:17:50:15 -0400] "POST /wp-cron.php?doing_wp_cron=1745704215.6231551170349121093750 HTTP/1.1" 200 0 "-" "WordPress/6.8; https://aiqaderm.com"
51.222.253.15 - - [26/Apr/2025:17:50:01 -0400] "GET /product-category/uncategorized/?add-to-cart=874 HTTP/1.1" 200 22173 "-" "Mozilla/5.0 (compatible; AhrefsBot/7.0; +http://ahrefs.com/robot/)"
66.29.132.124 - - [26/Apr/2025:17:50:17 -0400] "POST /wp-admin/admin-ajax.php?action=async_litespeed&nonce=JXpN7DuSeln8dH5zjoQg0ddWtnHk1LVb&litespeed_type=imgoptm HTTP/1.1" 200 0 "-" "WordPress/6.8; https://aiqaderm.com"
66.29.132.124 - - [26/Apr/2025:17:55:03 -0400] "POST /wp-cron.php?doing_wp_cron=1745704503.1619811058044433593750 HTTP/1.1" 200 0 "-" "WordPress/6.8; https://aiqaderm.com"
88.214.48.42 - - [26/Apr/2025:17:54:59 -0400] "GET / HTTP/1.1" 500 17511 "-" "Mozilla/5.0 (Macintosh; Intel Mac OS X 10_15_7) AppleWebKit/537.36 (KHTML, like Gecko) Chrome/120.0.0.0 Safari/537.36"
66.29.132.124 - - [26/Apr/2025:17:55:04 -0400] "POST /wp-admin/admin-ajax.php?action=async_litespeed&nonce=lMxUydgBNDqEx1bVamzo4Oj4nsaUnti7&litespeed_type=imgoptm HTTP/1.1" 200 0 "-" "WordPress/6.8; https://aiqaderm.com"
125.228.216.16 - - [26/Apr/2025:18:12:31 -0400] "GET /2022/12/20/mihajlo-zborovskij-rozvitok-cifrovih-tehnologij-v/ HTTP/1.1" 200 22519 "-" "Mozilla/5.0 (Macintosh; Intel Mac OS X 12_5) AppleWebKit/605.1.15 (KHTML, like Gecko) Version/15.4 Safari/605.1.15"
66.29.132.124 - - [26/Apr/2025:18:18:55 -0400] "POST /wp-cron.php?doing_wp_cron=1745705935.1837680339813232421875 HTTP/1.1" 200 0 "-" "WordPress/6.8; https://aiqaderm.com"
114.119.136.3 - - [26/Apr/2025:18:18:49 -0400] "GET / HTTP/1.1" 500 17511 "-" "Mozilla/5.0 (Linux; Android 7.0;) AppleWebKit/537.36 (KHTML, like Gecko) Mobile Safari/537.36 (compatible; PetalBot;+https://webmaster.petalsearch.com/site/petalbot)"
66.29.132.124 - - [26/Apr/2025:18:18:56 -0400] "POST /wp-admin/admin-ajax.php?action=async_litespeed&nonce=UW5DmsL2CmLDIAtQOrcEaW9pRi5qVtGH&litespeed_type=imgoptm HTTP/1.1" 200 0 "-" "WordPress/6.8; https://aiqaderm.com"
66.29.132.124 - - [26/Apr/2025:18:29:46 -0400] "POST /wp-cron.php?doing_wp_cron=1745706586.8246340751647949218750 HTTP/1.1" 200 0 "-" "WordPress/6.8; https://aiqaderm.com"
66.29.132.124 - - [26/Apr/2025:18:29:47 -0400] "POST /wp-cron.php?doing_wp_cron=1745706586.8264529705047607421875 HTTP/1.1" 200 0 "-" "WordPress/6.8; https://aiqaderm.com"
193.37.145.68 - - [26/Apr/2025:18:29:37 -0400] "POST /xmlrpc.php HTTP/1.1" 200 403 "-" "Mozilla/5.0 (Windows NT 10.0; Win64; x64) AppleWebKit/537.36 (KHTML, like Gecko) Chrome/78.0.3904.108 Safari/537.36"
212.227.50.191 - - [26/Apr/2025:18:29:38 -0400] "POST /xmlrpc.php HTTP/1.1" 200 403 "-" "Mozilla/5.0 (Windows NT 6.1; WOW64; rv:52.0) Gecko/20100101 Firefox/52.0"
84.247.150.34 - - [26/Apr/2025:18:29:37 -0400] "POST /xmlrpc.php HTTP/1.1" 200 403 "-" "Mozilla/5.0 (Windows NT 10.0; Win64; x64) AppleWebKit/537.36 (KHTML, like Gecko) Chrome/74.0.3729.131 Safari/537.36"
66.29.132.124 - - [26/Apr/2025:18:29:48 -0400] "POST /wp-admin/admin-ajax.php?action=async_litespeed&nonce=ZwGknPfRq0ZCgNDSAIT8m4tQKtJTGXlX&litespeed_type=imgoptm HTTP/1.1" 200 0 "-" "WordPress/6.8; https://aiqaderm.com"
96.9.212.16 - - [26/Apr/2025:18:29:49 -0400] "POST /xmlrpc.php HTTP/1.1" 200 403 "-" "Mozilla/5.0 (Macintosh; Intel Mac OS X 10_10; rv:33.0) Gecko/20100101 Firefox/33.0"
90.156.142.46 - - [26/Apr/2025:18:29:56 -0400] "POST /xmlrpc.php HTTP/1.1" 200 403 "-" "Mozilla/5.0 (Windows NT 10.0; Win64; x64) AppleWebKit/537.36 (KHTML, like Gecko) Chrome/79.0.3945.130 Safari/537.36"
84.247.150.34 - - [26/Apr/2025:18:30:07 -0400] "POST /xmlrpc.php HTTP/1.1" 200 403 "-" "Mozilla/5.0 (Windows NT 10.0; Win64; x64) AppleWebKit/537.36 (KHTML, like Gecko) Chrome/86.0.4240.198 Safari/537.36"
51.178.146.199 - - [26/Apr/2025:18:30:10 -0400] "POST /xmlrpc.php HTTP/1.1" 200 403 "-" "Mozilla/5.0 (Windows NT 6.1; rv:52.0) Gecko/20100101 Firefox/52.0"
91.134.248.249 - - [26/Apr/2025:18:30:11 -0400] "POST /xmlrpc.php HTTP/1.1" 200 403 "-" "Mozilla/5.0 (Windows NT 6.1; rv:52.0) Gecko/20100101 Firefox/52.0"
3.7.8.100 - - [26/Apr/2025:18:30:17 -0400] "POST /xmlrpc.php HTTP/1.1" 200 403 "-" "Mozilla/5.0 (Windows NT 10.0; Win64; x64) AppleWebKit/537.36 (KHTML, like Gecko) Chrome/84.0.4147.135 Safari/537.36"
51.178.146.199 - - [26/Apr/2025:18:30:19 -0400] "POST /xmlrpc.php HTTP/1.1" 200 403 "-" "Mozilla/5.0 (Windows NT 10.0; Win64; x64) AppleWebKit/537.36 (KHTML, like Gecko) Chrome/68.0.3440.106 Safari/537.36"
66.29.132.124 - - [26/Apr/2025:18:30:25 -0400] "POST /wp-cron.php?doing_wp_cron=1745706625.0620069503784179687500 HTTP/1.1" 200 0 "-" "WordPress/6.8; https://aiqaderm.com"
200.45.208.164 - - [26/Apr/2025:18:30:24 -0400] "POST /xmlrpc.php HTTP/1.1" 200 403 "-" "Mozilla/5.0 (Windows NT 10.0; Win64; x64) AppleWebKit/537.36 (KHTML, like Gecko) Chrome/90.0.4430.93 Safari/537.36"
66.29.132.124 - - [26/Apr/2025:18:30:26 -0400] "POST /wp-admin/admin-ajax.php?action=async_litespeed&nonce=EVykWSyOAnFzroe90HGT3M6hkAY6VMbJ&litespeed_type=imgoptm HTTP/1.1" 200 21 "-" "WordPress/6.8; https://aiqaderm.com"
217.146.83.12 - - [26/Apr/2025:18:30:29 -0400] "POST /xmlrpc.php HTTP/1.1" 200 403 "-" "Mozilla/5.0 (Windows NT 10.0; Win64; x64) AppleWebKit/537.36 (KHTML, like Gecko) Chrome/87.0.4280.141 Safari/537.36"
66.29.132.124 - - [26/Apr/2025:18:32:31 -0400] "POST /wp-cron.php?doing_wp_cron=1745706751.4662089347839355468750 HTTP/1.1" 200 0 "-" "WordPress/6.8; https://aiqaderm.com"
20.171.207.198 - - [26/Apr/2025:18:32:28 -0400] "GET /wp-json/wp/v2/tags/25 HTTP/1.1" 200 579 "-" "Mozilla/5.0 AppleWebKit/537.36 (KHTML, like Gecko; compatible; GPTBot/1.2; +https://openai.com/gptbot)"
66.29.132.124 - - [26/Apr/2025:18:32:32 -0400] "POST /wp-admin/admin-ajax.php?action=async_litespeed&nonce=VOw6rrXLYHYHJ7QMJE87ygXRDigVULTg&litespeed_type=imgoptm HTTP/1.1" 200 21 "-" "WordPress/6.8; https://aiqaderm.com"
66.29.132.124 - - [26/Apr/2025:18:49:37 -0400] "POST /wp-cron.php?doing_wp_cron=1745707777.6515018939971923828125 HTTP/1.1" 200 0 "-" "WordPress/6.8; https://aiqaderm.com"
102.216.154.51 - - [26/Apr/2025:18:49:29 -0400] "GET /product-category/uncategorized/874 HTTP/1.1" 404 19397 "-" "Mozilla/5.0 (iPod; U; CPU iPhone OS 4_1 like Mac OS X; ha-NG) AppleWebKit/532.8.5 (KHTML, like Gecko) Version/4.0.5 Mobile/8B112 Safari/6532.8.5"
66.29.132.124 - - [26/Apr/2025:18:49:38 -0400] "POST /wp-admin/admin-ajax.php?action=async_litespeed&nonce=0l01I9p6Fq53TjzjHcmjONEiob2rfu7l&litespeed_type=imgoptm HTTP/1.1" 200 0 "-" "WordPress/6.8; https://aiqaderm.com"
51.222.253.17 - - [26/Apr/2025:18:49:38 -0400] "GET /product-category/uncategorized/?add-to-cart=888 HTTP/1.1" 200 22132 "-" "Mozilla/5.0 (compatible; AhrefsBot/7.0; +http://ahrefs.com/robot/)"
66.29.132.124 - - [26/Apr/2025:18:51:10 -0400] "POST /wp-cron.php?doing_wp_cron=1745707870.8756508827209472656250 HTTP/1.1" 200 0 "-" "WordPress/6.8; https://aiqaderm.com"
173.249.43.220 - - [26/Apr/2025:18:51:07 -0400] "GET /wp-content/plugins/suretriggers/readme.txt HTTP/1.1" 404 22430 "www.google.com" "Mozilla/5.0 (Linux; Android 7.0; SM-G892A Build/NRD90M; wv) AppleWebKit/537.36 (KHTML, like Gecko) Version/4.0 Chrome/60.0.3112.107 Mobile Safari/537.36"
66.29.132.124 - - [26/Apr/2025:18:51:11 -0400] "POST /wp-admin/admin-ajax.php?action=async_litespeed&nonce=z7Eg8lLJDneSHamDlQ8aCSXlEdyozd6W&litespeed_type=imgoptm HTTP/1.1" 200 0 "-" "WordPress/6.8; https://aiqaderm.com"
66.29.132.124 - - [26/Apr/2025:19:16:28 -0400] "POST /wp-cron.php?doing_wp_cron=1745709388.1893160343170166015625 HTTP/1.1" 200 0 "-" "WordPress/6.8; https://aiqaderm.com"
213.152.162.84 - - [26/Apr/2025:19:16:18 -0400] "POST /xmlrpc.php HTTP/1.1" 200 212 "-" "Mozilla/5.0 (Windows NT 10.0; Win64; x64) AppleWebKit/537.36 (KHTML, like Gecko) Chrome/135.0.0.0 Safari/537.36"
