202.47.36.91 - - [25/Apr/2025:22:34:28 -0400] "GET /wp-content/uploads/2020/09/2.jpg HTTP/1.1" 200 194179 "https://aiqaderm.com/product/aiqa-grow-hair-shampoo/" "Mozilla/5.0 (Linux; Android 10; K) AppleWebKit/537.36 (KHTML, like Gecko) Chrome/135.0.0.0 Mobile Safari/537.36"
202.47.36.91 - - [25/Apr/2025:22:34:28 -0400] "GET /wp-content/plugins/medibazar-core//js/jquery-socialshare.js?ver=1.0 HTTP/1.1" 200 3812 "https://aiqaderm.com/product/aiqa-grow-hair-shampoo/" "Mozilla/5.0 (Linux; Android 10; K) AppleWebKit/537.36 (KHTML, like Gecko) Chrome/135.0.0.0 Mobile Safari/537.36"
202.47.36.91 - - [25/Apr/2025:22:34:28 -0400] "GET /wp-content/plugins/medibazar-core//js/custom/social_share.js?ver=1.0 HTTP/1.1" 200 101 "https://aiqaderm.com/product/aiqa-grow-hair-shampoo/" "Mozilla/5.0 (Linux; Android 10; K) AppleWebKit/537.36 (KHTML, like Gecko) Chrome/135.0.0.0 Mobile Safari/537.36"
202.47.36.91 - - [25/Apr/2025:22:34:28 -0400] "GET /wp-content/themes/medibazar/assets/js//custom/plus_minus.js?ver=1.0 HTTP/1.1" 200 487 "https://aiqaderm.com/product/aiqa-grow-hair-shampoo/" "Mozilla/5.0 (Linux; Android 10; K) AppleWebKit/537.36 (KHTML, like Gecko) Chrome/135.0.0.0 Mobile Safari/537.36"
66.29.132.124 - - [25/Apr/2025:22:17:29 -0400] "POST /wp-admin/admin-ajax.php?action=async_litespeed&nonce=MRCuKilRkINDNHpFvWnO9YpWl4PgpsG8&litespeed_type=imgoptm HTTP/1.1" 200 0 "-" "WordPress/6.8; https://aiqaderm.com"
4.227.36.81 - - [25/Apr/2025:22:24:44 -0400] "GET /robots.txt HTTP/1.1" 200 139 "-" "Mozilla/5.0 AppleWebKit/537.36 (KHTML, like Gecko; compatible; GPTBot/1.2; +https://openai.com/gptbot)"
202.47.36.91 - - [25/Apr/2025:22:34:28 -0400] "GET /wp-content/uploads/2020/09/7.png HTTP/1.1" 200 212598 "https://aiqaderm.com/product/aiqa-grow-hair-shampoo/" "Mozilla/5.0 (Linux; Android 10; K) AppleWebKit/537.36 (KHTML, like Gecko) Chrome/135.0.0.0 Mobile Safari/537.36"
202.47.36.91 - - [25/Apr/2025:22:34:28 -0400] "GET /wp-content/themes/medibazar/assets/css/fonts/CerebriSans-Heavy.woff2 HTTP/1.1" 200 26968 "https://aiqaderm.com/wp-content/themes/medibazar/assets/css//main.css?ver=1.0" "Mozilla/5.0 (Linux; Android 10; K) AppleWebKit/537.36 (KHTML, like Gecko) Chrome/135.0.0.0 Mobile Safari/537.36"
202.47.36.91 - - [25/Apr/2025:22:34:28 -0400] "GET /wp-content/plugins/woocommerce/assets/js/frontend/single-product.min.js?ver=9.8.2 HTTP/1.1" 200 2539 "https://aiqaderm.com/product/aiqa-grow-hair-shampoo/" "Mozilla/5.0 (Linux; Android 10; K) AppleWebKit/537.36 (KHTML, like Gecko) Chrome/135.0.0.0 Mobile Safari/537.36"
202.47.36.91 - - [25/Apr/2025:22:34:28 -0400] "GET /wp-includes/js/comment-reply.min.js?ver=6.8 HTTP/1.1" 200 1247 "https://aiqaderm.com/product/aiqa-grow-hair-shampoo/" "Mozilla/5.0 (Linux; Android 10; K) AppleWebKit/537.36 (KHTML, like Gecko) Chrome/135.0.0.0 Mobile Safari/537.36"
202.47.36.91 - - [25/Apr/2025:22:34:28 -0400] "GET /wp-content/plugins/woocommerce/assets/js/photoswipe/photoswipe-ui-default.min.js?ver=4.1.1-wc.9.8.2 HTTP/1.1" 200 3478 "https://aiqaderm.com/product/aiqa-grow-hair-shampoo/" "Mozilla/5.0 (Linux; Android 10; K) AppleWebKit/537.36 (KHTML, like Gecko) Chrome/135.0.0.0 Mobile Safari/537.36"
202.47.36.91 - - [25/Apr/2025:22:34:28 -0400] "GET /wp-content/plugins/woocommerce/assets/js/photoswipe/photoswipe.min.js?ver=4.1.1-wc.9.8.2 HTTP/1.1" 200 11652 "https://aiqaderm.com/product/aiqa-grow-hair-shampoo/" "Mozilla/5.0 (Linux; Android 10; K) AppleWebKit/537.36 (KHTML, like Gecko) Chrome/135.0.0.0 Mobile Safari/537.36"
202.47.36.91 - - [25/Apr/2025:22:34:28 -0400] "GET /wp-content/plugins/woocommerce/assets/js/flexslider/jquery.flexslider.min.js?ver=2.7.2-wc.9.8.2 HTTP/1.1" 200 6017 "https://aiqaderm.com/product/aiqa-grow-hair-shampoo/" "Mozilla/5.0 (Linux; Android 10; K) AppleWebKit/537.36 (KHTML, like Gecko) Chrome/135.0.0.0 Mobile Safari/537.36"
66.29.132.124 - - [25/Apr/2025:22:34:29 -0400] "POST /wp-admin/admin-ajax.php?action=async_litespeed&nonce=P2vNrtBq58drQZtCVWwhdiS07bp5Q2Cz&litespeed_type=imgoptm HTTP/1.1" 200 21 "-" "WordPress/6.8; https://aiqaderm.com"
202.47.36.91 - - [25/Apr/2025:22:34:30 -0400] "POST /?wc-ajax=tinvwl HTTP/1.1" 200 750 "https://aiqaderm.com/product/aiqa-grow-hair-shampoo/" "Mozilla/5.0 (Linux; Android 10; K) AppleWebKit/537.36 (KHTML, like Gecko) Chrome/135.0.0.0 Mobile Safari/537.36"
202.47.36.91 - - [25/Apr/2025:22:34:32 -0400] "POST /?wc-ajax=tinvwl HTTP/1.1" 200 750 "https://aiqaderm.com/product/aiqa-grow-hair-shampoo/" "Mozilla/5.0 (Linux; Android 10; K) AppleWebKit/537.36 (KHTML, like Gecko) Chrome/135.0.0.0 Mobile Safari/537.36"
66.29.132.124 - - [25/Apr/2025:22:34:43 -0400] "POST /wp-cron.php?doing_wp_cron=1745634883.5742759704589843750000 HTTP/1.1" 200 0 "-" "WordPress/6.8; https://aiqaderm.com"
202.47.36.91 - - [25/Apr/2025:22:34:42 -0400] "GET /product-category/featured-products/ HTTP/1.1" 200 22437 "https://aiqaderm.com/product/aiqa-grow-hair-shampoo/" "Mozilla/5.0 (Linux; Android 10; K) AppleWebKit/537.36 (KHTML, like Gecko) Chrome/135.0.0.0 Mobile Safari/537.36"
202.47.36.91 - - [25/Apr/2025:22:34:51 -0400] "GET /product/brelix-brightening-face-wash/ HTTP/1.1" 200 24801 "https://aiqaderm.com/product/aiqa-grow-hair-shampoo/" "Mozilla/5.0 (Linux; Android 10; K) AppleWebKit/537.36 (KHTML, like Gecko) Chrome/135.0.0.0 Mobile Safari/537.36"
202.47.36.91 - - [25/Apr/2025:22:34:54 -0400] "GET /product/acniq-cleanser-face-wash/ HTTP/1.1" 200 24561 "https://aiqaderm.com/product/aiqa-grow-hair-shampoo/" "Mozilla/5.0 (Linux; Android 10; K) AppleWebKit/537.36 (KHTML, like Gecko) Chrome/135.0.0.0 Mobile Safari/537.36"
202.47.36.91 - - [25/Apr/2025:22:34:57 -0400] "GET /product/aiqa-grow-hair-oil-150ml/ HTTP/1.1" 200 24479 "https://aiqaderm.com/product/aiqa-grow-hair-shampoo/" "Mozilla/5.0 (Linux; Android 10; K) AppleWebKit/537.36 (KHTML, like Gecko) Chrome/135.0.0.0 Mobile Safari/537.36"
202.47.36.91 - - [25/Apr/2025:22:35:06 -0400] "POST /?wc-ajax=get_refreshed_fragments HTTP/1.1" 200 0 "https://aiqaderm.com/product-category/hair-regrowth/" "Mozilla/5.0 (Linux; Android 10; K) AppleWebKit/537.36 (KHTML, like Gecko) Chrome/135.0.0.0 Mobile Safari/537.36"
114.119.153.105 - - [25/Apr/2025:22:35:11 -0400] "GET /shop-2/892 HTTP/1.1" 301 0 "https://aiqaderm.com/shop-2/884" "Mozilla/5.0 (Linux; Android 7.0;) AppleWebKit/537.36 (KHTML, like Gecko) Mobile Safari/537.36 (compatible; PetalBot;+https://webmaster.petalsearch.com/site/petalbot)"
114.119.153.105 - - [25/Apr/2025:22:35:14 -0400] "GET /shop-2/ HTTP/1.1" 200 26616 "https://aiqaderm.com/shop-2/884" "Mozilla/5.0 (Linux; Android 7.0;) AppleWebKit/537.36 (KHTML, like Gecko) Mobile Safari/537.36 (compatible; PetalBot;+https://webmaster.petalsearch.com/site/petalbot)"
66.29.132.124 - - [25/Apr/2025:22:35:43 -0400] "POST /wp-cron.php?doing_wp_cron=1745634942.7513270378112792968750 HTTP/1.1" 200 0 "-" "WordPress/6.8; https://aiqaderm.com"
57.141.4.23 - - [25/Apr/2025:22:35:41 -0400] "GET /product/aiqa-grow-hair-shampoo/78 HTTP/1.1" 301 0 "-" "meta-externalagent/1.1 (+https://developers.facebook.com/docs/sharing/webmasters/crawler)"
66.29.132.124 - - [25/Apr/2025:22:35:44 -0400] "POST /wp-admin/admin-ajax.php?action=async_litespeed&nonce=HexlWn8X5ALNcl6kSZRHGpO2XgF63V2c&litespeed_type=imgoptm HTTP/1.1" 200 0 "-" "WordPress/6.8; https://aiqaderm.com"
57.141.4.19 - - [25/Apr/2025:22:35:45 -0400] "GET /product/aiqa-grow-hair-shampoo/ HTTP/1.1" 200 102794 "-" "meta-externalagent/1.1 (+https://developers.facebook.com/docs/sharing/webmasters/crawler)"
66.29.132.124 - - [25/Apr/2025:22:49:18 -0400] "POST /wp-cron.php?doing_wp_cron=1745635758.3629920482635498046875 HTTP/1.1" 200 0 "-" "WordPress/6.8; https://aiqaderm.com"
57.141.4.21 - - [25/Apr/2025:22:49:13 -0400] "GET /product/berlix-skin-brightening-cream/73 HTTP/1.1" 301 0 "-" "meta-externalagent/1.1 (+https://developers.facebook.com/docs/sharing/webmasters/crawler)"
66.29.132.124 - - [25/Apr/2025:22:49:19 -0400] "POST /wp-admin/admin-ajax.php?action=async_litespeed&nonce=cYNaOPGzyiIKQaVcxWSc8Tl6v5kdx2Iq&litespeed_type=imgoptm HTTP/1.1" 200 0 "-" "WordPress/6.8; https://aiqaderm.com"
57.141.4.28 - - [25/Apr/2025:22:49:20 -0400] "GET /product/berlix-skin-brightening-cream/ HTTP/1.1" 200 98978 "-" "meta-externalagent/1.1 (+https://developers.facebook.com/docs/sharing/webmasters/crawler)"
66.29.132.124 - - [25/Apr/2025:22:54:07 -0400] "POST /wp-cron.php?doing_wp_cron=1745636047.5806670188903808593750 HTTP/1.1" 200 0 "-" "WordPress/6.8; https://aiqaderm.com"
114.119.154.215 - - [25/Apr/2025:22:53:58 -0400] "GET /product/milex-r-serum-retinol/815 HTTP/1.1" 301 0 "https://aiqaderm.com/product/milex-r-serum-retinol/812" "Mozilla/5.0 (Linux; Android 7.0;) AppleWebKit/537.36 (KHTML, like Gecko) Mobile Safari/537.36 (compatible; PetalBot;+https://webmaster.petalsearch.com/site/petalbot)"
66.29.132.124 - - [25/Apr/2025:22:54:08 -0400] "POST /wp-admin/admin-ajax.php?action=async_litespeed&nonce=D7iivPmHLtbncGu01tkhJLRdNRgyo8P8&litespeed_type=imgoptm HTTP/1.1" 200 0 "-" "WordPress/6.8; https://aiqaderm.com"
114.119.154.215 - - [25/Apr/2025:22:54:08 -0400] "GET /product/milex-r-serum-retinol/ HTTP/1.1" 200 28490 "https://aiqaderm.com/product/milex-r-serum-retinol/812" "Mozilla/5.0 (Linux; Android 7.0;) AppleWebKit/537.36 (KHTML, like Gecko) Mobile Safari/537.36 (compatible; PetalBot;+https://webmaster.petalsearch.com/site/petalbot)"
66.29.132.124 - - [25/Apr/2025:22:56:19 -0400] "POST /wp-cron.php?doing_wp_cron=1745636179.8513109683990478515625 HTTP/1.1" 200 0 "-" "WordPress/6.8; https://aiqaderm.com"
114.119.134.206 - - [25/Apr/2025:22:56:16 -0400] "GET /product/aiqa-grow-hair-serum/804 HTTP/1.1" 301 0 "https://aiqaderm.com/product/aiqa-grow-hair-serum/804" "Mozilla/5.0 (Linux; Android 7.0;) AppleWebKit/537.36 (KHTML, like Gecko) Mobile Safari/537.36 (compatible; PetalBot;+https://webmaster.petalsearch.com/site/petalbot)"
114.119.134.206 - - [25/Apr/2025:22:56:20 -0400] "GET /product/aiqa-grow-hair-serum/ HTTP/1.1" 200 28480 "https://aiqaderm.com/product/aiqa-grow-hair-serum/804" "Mozilla/5.0 (Linux; Android 7.0;) AppleWebKit/537.36 (KHTML, like Gecko) Mobile Safari/537.36 (compatible; PetalBot;+https://webmaster.petalsearch.com/site/petalbot)"
66.29.132.124 - - [25/Apr/2025:22:56:21 -0400] "POST /wp-admin/admin-ajax.php?action=async_litespeed&nonce=qtxjHQ5QaJ4XBwMkH9fTH12gREWDuNp5&litespeed_type=imgoptm HTTP/1.1" 200 0 "-" "WordPress/6.8; https://aiqaderm.com"
114.119.129.14 - - [25/Apr/2025:23:00:20 -0400] "GET /robots.txt HTTP/1.1" 301 0 "-" "Mozilla/5.0 (compatible;PetalBot;+https://webmaster.petalsearch.com/site/petalbot)"
114.119.129.14 - - [25/Apr/2025:23:00:21 -0400] "GET /robots.txt HTTP/1.1" 200 158 "-" "Mozilla/5.0 (compatible;PetalBot;+https://webmaster.petalsearch.com/site/petalbot)"
124.236.100.56 - - [25/Apr/2025:23:04:27 -0400] "GET / HTTP/1.1" 200 0 "-" "Mozilla/5.0 (Macintosh; Intel Mac OS X 10_11_6) AppleWebKit/537.36 (KHTML, like Gecko) Chrome/60.0.3112.113 Safari/537.36"
124.236.100.56 - - [25/Apr/2025:23:04:32 -0400] "GET / HTTP/1.1" 200 0 "-" "Mozilla/5.0 (X11; Linux x86_64) AppleWebKit/537.36 (KHTML, like Gecko) Chrome/59.0.3071.115 Safari/537.36"
66.29.132.124 - - [25/Apr/2025:23:04:35 -0400] "POST /wp-cron.php?doing_wp_cron=1745636675.7163639068603515625000 HTTP/1.1" 200 0 "-" "WordPress/6.8; https://aiqaderm.com"
66.29.132.124 - - [25/Apr/2025:23:04:35 -0400] "POST /wp-cron.php?doing_wp_cron=1745636675.7170109748840332031250 HTTP/1.1" 200 0 "-" "WordPress/6.8; https://aiqaderm.com"
66.29.132.124 - - [25/Apr/2025:23:04:36 -0400] "POST /wp-admin/admin-ajax.php?action=async_litespeed&nonce=sMWK6ZPnwyRCWT0ekk064zrBylTTj6ko&litespeed_type=imgoptm HTTP/1.1" 200 0 "-" "WordPress/6.8; https://aiqaderm.com"
66.29.132.124 - - [25/Apr/2025:23:04:53 -0400] "POST /wp-cron.php?doing_wp_cron=1745636693.3120679855346679687500 HTTP/1.1" 200 0 "-" "WordPress/6.8; https://aiqaderm.com"
57.141.4.17 - - [25/Apr/2025:23:04:52 -0400] "GET /product/aiqa-grow-hair-serum/73 HTTP/1.1" 301 0 "-" "meta-externalagent/1.1 (+https://developers.facebook.com/docs/sharing/webmasters/crawler)"
57.141.4.16 - - [25/Apr/2025:23:04:55 -0400] "GET /product/aiqa-grow-hair-serum/ HTTP/1.1" 200 106432 "-" "meta-externalagent/1.1 (+https://developers.facebook.com/docs/sharing/webmasters/crawler)"
66.29.132.124 - - [25/Apr/2025:23:07:04 -0400] "POST /wp-cron.php?doing_wp_cron=1745636823.1283850669860839843750 HTTP/1.1" 200 0 "-" "WordPress/6.8; https://aiqaderm.com"
57.141.4.3 - - [25/Apr/2025:23:06:57 -0400] "GET /?p=75 HTTP/1.1" 301 0 "-" "meta-externalagent/1.1 (+https://developers.facebook.com/docs/sharing/webmasters/crawler)"
57.141.4.7 - - [25/Apr/2025:23:07:06 -0400] "GET /?p=809 HTTP/1.1" 301 0 "-" "meta-externalagent/1.1 (+https://developers.facebook.com/docs/sharing/webmasters/crawler)"
57.141.4.29 - - [25/Apr/2025:23:07:14 -0400] "GET /product/berlix-skin-brightening-cream/ HTTP/1.1" 200 98978 "-" "meta-externalagent/1.1 (+https://developers.facebook.com/docs/sharing/webmasters/crawler)"
57.141.4.11 - - [25/Apr/2025:23:07:14 -0400] "GET /product/aiqa-grow-hair-shampoo/ HTTP/1.1" 200 102794 "-" "meta-externalagent/1.1 (+https://developers.facebook.com/docs/sharing/webmasters/crawler)"
66.29.132.124 - - [25/Apr/2025:23:08:46 -0400] "POST /wp-cron.php?doing_wp_cron=1745636926.6543469429016113281250 HTTP/1.1" 200 0 "-" "WordPress/6.8; https://aiqaderm.com"
57.141.4.16 - - [25/Apr/2025:23:08:43 -0400] "GET /product/gluti-glow-tablet/feed/ HTTP/1.1" 200 783 "-" "meta-externalagent/1.1 (+https://developers.facebook.com/docs/sharing/webmasters/crawler)"
66.29.132.124 - - [25/Apr/2025:23:08:47 -0400] "POST /wp-admin/admin-ajax.php?action=async_litespeed&nonce=ogjjb1my3BHBYOMQoWHgHbwRO96Uys7Y&litespeed_type=imgoptm HTTP/1.1" 200 0 "-" "WordPress/6.8; https://aiqaderm.com"
66.29.132.124 - - [25/Apr/2025:23:10:04 -0400] "POST /wp-cron.php?doing_wp_cron=1745637004.0032389163970947265625 HTTP/1.1" 200 0 "-" "WordPress/6.8; https://aiqaderm.com"
57.141.4.23 - - [25/Apr/2025:23:10:02 -0400] "GET /?p=198 HTTP/1.1" 301 0 "-" "meta-externalagent/1.1 (+https://developers.facebook.com/docs/sharing/webmasters/crawler)"
66.29.132.124 - - [25/Apr/2025:23:10:07 -0400] "POST /wp-admin/admin-ajax.php?action=async_litespeed&nonce=yI2t8xHjN5GVJF2S9P7Gv056p970KHm1&litespeed_type=imgoptm HTTP/1.1" 200 0 "-" "WordPress/6.8; https://aiqaderm.com"
57.141.4.6 - - [25/Apr/2025:23:10:06 -0400] "GET /product/milex-c-vitamin-c-cream/ HTTP/1.1" 200 107156 "-" "meta-externalagent/1.1 (+https://developers.facebook.com/docs/sharing/webmasters/crawler)"
66.29.132.124 - - [25/Apr/2025:23:15:32 -0400] "POST /wp-cron.php?doing_wp_cron=1745637332.7180819511413574218750 HTTP/1.1" 200 0 "-" "WordPress/6.8; https://aiqaderm.com"
57.141.4.25 - - [25/Apr/2025:23:15:25 -0400] "GET /product-tag/hair-serum/ HTTP/1.1" 200 84044 "-" "meta-externalagent/1.1 (+https://developers.facebook.com/docs/sharing/webmasters/crawler)"
57.141.4.23 - - [25/Apr/2025:23:15:33 -0400] "GET /product/gluti-glow-tablet/888 HTTP/1.1" 301 0 "-" "meta-externalagent/1.1 (+https://developers.facebook.com/docs/sharing/webmasters/crawler)"
66.29.132.124 - - [25/Apr/2025:23:15:33 -0400] "POST /wp-admin/admin-ajax.php?action=async_litespeed&nonce=G6Nv6oF3CHtD88ca4xv1zsmFPJEgluYU&litespeed_type=imgoptm HTTP/1.1" 200 0 "-" "WordPress/6.8; https://aiqaderm.com"
57.141.4.28 - - [25/Apr/2025:23:15:35 -0400] "GET /product/gluti-glow-tablet/ HTTP/1.1" 200 93208 "-" "meta-externalagent/1.1 (+https://developers.facebook.com/docs/sharing/webmasters/crawler)"
66.29.132.124 - - [25/Apr/2025:23:17:57 -0400] "POST /wp-cron.php?doing_wp_cron=1745637477.6218240261077880859375 HTTP/1.1" 200 0 "-" "WordPress/6.8; https://aiqaderm.com"
57.141.4.6 - - [25/Apr/2025:23:17:54 -0400] "GET /?p=804 HTTP/1.1" 301 0 "-" "meta-externalagent/1.1 (+https://developers.facebook.com/docs/sharing/webmasters/crawler)"
57.141.4.30 - - [25/Apr/2025:23:17:59 -0400] "GET /product/aiqa-grow-hair-oil-150ml/ HTTP/1.1" 200 103072 "-" "meta-externalagent/1.1 (+https://developers.facebook.com/docs/sharing/webmasters/crawler)"
66.29.132.124 - - [25/Apr/2025:23:17:58 -0400] "POST /wp-admin/admin-ajax.php?action=async_litespeed&nonce=R11OGBDNS5CSqTamrEModZZcvWMMUQ4b&litespeed_type=imgoptm HTTP/1.1" 200 0 "-" "WordPress/6.8; https://aiqaderm.com"
154.209.172.130 - - [25/Apr/2025:23:18:08 -0400] "POST /xmlrpc.php HTTP/1.1" 200 403 "-" "Mozilla/5.0 (Windows NT 10.0; Win64; x64) AppleWebKit/537.36 (KHTML, like Gecko) Chrome/72.0.3626.121 Safari/537.36"
57.141.4.12 - - [25/Apr/2025:23:18:13 -0400] "GET /product/brelix-brightening-face-wash/812 HTTP/1.1" 301 0 "-" "meta-externalagent/1.1 (+https://developers.facebook.com/docs/sharing/webmasters/crawler)"
57.141.4.23 - - [25/Apr/2025:23:18:15 -0400] "GET /product/brelix-brightening-face-wash/ HTTP/1.1" 200 105133 "-" "meta-externalagent/1.1 (+https://developers.facebook.com/docs/sharing/webmasters/crawler)"
193.202.110.29 - - [25/Apr/2025:23:18:17 -0400] "POST /xmlrpc.php HTTP/1.1" 200 403 "-" "Mozilla/5.0 (Windows NT 10.0; Win64; x64) AppleWebKit/537.36 (KHTML, like Gecko) Chrome/88.0.4324.104 Safari/537.36"
209.145.48.249 - - [25/Apr/2025:23:18:18 -0400] "POST /xmlrpc.php HTTP/1.1" 200 403 "-" "Mozilla/5.0 (Windows NT 10.0; Win64; x64) AppleWebKit/537.36 (KHTML, like Gecko) Chrome/63.0.3239.132 Safari/537.36"
3.7.8.100 - - [25/Apr/2025:23:18:19 -0400] "POST /xmlrpc.php HTTP/1.1" 200 403 "-" "Mozilla/5.0 (Windows NT 6.3; Win64; x64) AppleWebKit/537.36 (KHTML, like Gecko) Chrome/60.0.3112.113 Safari/537.36"
138.197.101.90 - - [25/Apr/2025:23:18:21 -0400] "POST /xmlrpc.php HTTP/1.1" 200 403 "-" "Mozilla/5.0 (Windows NT 10.0; Win64; x64) AppleWebKit/537.36 (KHTML, like Gecko) Chrome/72.0.3626.121 Safari/537.36"
152.53.67.47 - - [25/Apr/2025:23:18:21 -0400] "POST /xmlrpc.php HTTP/1.1" 200 403 "-" "Mozilla/5.0 (Windows NT 10.0; Win64; x64; rv:58.0) Gecko/20100101 Firefox/58.0"
185.76.236.239 - - [25/Apr/2025:23:18:22 -0400] "POST /xmlrpc.php HTTP/1.1" 200 403 "-" "Mozilla/5.0 (Windows NT 10.0; Win64; x64) AppleWebKit/537.36 (KHTML, like Gecko) Chrome/65.0.3325.181 Safari/537.36"
66.29.132.124 - - [25/Apr/2025:23:18:39 -0400] "POST /wp-cron.php?doing_wp_cron=1745637519.2946829795837402343750 HTTP/1.1" 200 0 "-" "WordPress/6.8; https://aiqaderm.com"
185.76.236.239 - - [25/Apr/2025:23:18:38 -0400] "POST /xmlrpc.php HTTP/1.1" 200 403 "-" "Mozilla/5.0 (Windows NT 10.0; Win64; x64; rv:88.0) Gecko/20100101 Firefox/88.0"
66.29.132.124 - - [25/Apr/2025:23:18:39 -0400] "POST /wp-admin/admin-ajax.php?action=async_litespeed&nonce=HWs7K8qasylPIg5V66HBpEnRdDaNvZv4&litespeed_type=imgoptm HTTP/1.1" 200 21 "-" "WordPress/6.8; https://aiqaderm.com"
66.29.132.124 - - [25/Apr/2025:23:19:09 -0400] "POST /wp-cron.php?doing_wp_cron=1745637549.4129650592803955078125 HTTP/1.1" 200 0 "-" "WordPress/6.8; https://aiqaderm.com"
57.141.4.4 - - [25/Apr/2025:23:19:08 -0400] "GET /product/acniq-bar-acne/812 HTTP/1.1" 301 0 "-" "meta-externalagent/1.1 (+https://developers.facebook.com/docs/sharing/webmasters/crawler)"
57.141.4.10 - - [25/Apr/2025:23:19:11 -0400] "GET /product/acniq-bar-acne/ HTTP/1.1" 200 102422 "-" "meta-externalagent/1.1 (+https://developers.facebook.com/docs/sharing/webmasters/crawler)"
66.29.132.124 - - [25/Apr/2025:23:20:05 -0400] "POST /wp-cron.php?doing_wp_cron=1745637605.2914559841156005859375 HTTP/1.1" 200 0 "-" "WordPress/6.8; https://aiqaderm.com"
57.141.4.18 - - [25/Apr/2025:23:20:04 -0400] "GET /product/aiqa-grow-hair-shampoo/73 HTTP/1.1" 301 0 "-" "meta-externalagent/1.1 (+https://developers.facebook.com/docs/sharing/webmasters/crawler)"
57.141.4.5 - - [25/Apr/2025:23:20:06 -0400] "GET /product/aiqa-grow-hair-shampoo/ HTTP/1.1" 200 102794 "-" "meta-externalagent/1.1 (+https://developers.facebook.com/docs/sharing/webmasters/crawler)"
66.29.132.124 - - [25/Apr/2025:23:20:06 -0400] "POST /wp-admin/admin-ajax.php?action=async_litespeed&nonce=uw8vQc3EQTOuJX4g1URs8OUY0gqTmi6m&litespeed_type=imgoptm HTTP/1.1" 200 0 "-" "WordPress/6.8; https://aiqaderm.com"
66.29.132.124 - - [25/Apr/2025:23:21:43 -0400] "POST /wp-cron.php?doing_wp_cron=1745637703.8005709648132324218750 HTTP/1.1" 200 0 "-" "WordPress/6.8; https://aiqaderm.com"
114.119.158.128 - - [25/Apr/2025:23:21:39 -0400] "GET /product/acniq-bar-acne/804 HTTP/1.1" 301 0 "https://aiqaderm.com/product/acniq-bar-acne/73" "Mozilla/5.0 (Linux; Android 7.0;) AppleWebKit/537.36 (KHTML, like Gecko) Mobile Safari/537.36 (compatible; PetalBot;+https://webmaster.petalsearch.com/site/petalbot)"
114.119.158.128 - - [25/Apr/2025:23:21:44 -0400] "GET /product/acniq-bar-acne/ HTTP/1.1" 200 28197 "https://aiqaderm.com/product/acniq-bar-acne/73" "Mozilla/5.0 (Linux; Android 7.0;) AppleWebKit/537.36 (KHTML, like Gecko) Mobile Safari/537.36 (compatible; PetalBot;+https://webmaster.petalsearch.com/site/petalbot)"
66.29.132.124 - - [25/Apr/2025:23:21:45 -0400] "POST /wp-admin/admin-ajax.php?action=async_litespeed&nonce=HcIWrTZ9QWnKnhAxrZjjT5xxil3c1edz&litespeed_type=imgoptm HTTP/1.1" 200 0 "-" "WordPress/6.8; https://aiqaderm.com"
66.29.132.124 - - [25/Apr/2025:23:26:33 -0400] "POST /wp-cron.php?doing_wp_cron=1745637993.2016849517822265625000 HTTP/1.1" 200 0 "-" "WordPress/6.8; https://aiqaderm.com"
57.141.4.29 - - [25/Apr/2025:23:26:28 -0400] "GET /?p=73 HTTP/1.1" 301 0 "-" "meta-externalagent/1.1 (+https://developers.facebook.com/docs/sharing/webmasters/crawler)"
57.141.4.7 - - [25/Apr/2025:23:26:35 -0400] "GET /product/brelix-brightening-face-wash/ HTTP/1.1" 200 105133 "-" "meta-externalagent/1.1 (+https://developers.facebook.com/docs/sharing/webmasters/crawler)"
66.29.132.124 - - [25/Apr/2025:23:26:34 -0400] "POST /wp-admin/admin-ajax.php?action=async_litespeed&nonce=qIox15dKG38HaxYzVaKUXQxIOMJ8t8QH&litespeed_type=imgoptm HTTP/1.1" 200 0 "-" "WordPress/6.8; https://aiqaderm.com"
66.29.132.124 - - [25/Apr/2025:23:41:38 -0400] "POST /wp-cron.php?doing_wp_cron=1745638897.5886878967285156250000 HTTP/1.1" 200 0 "-" "WordPress/6.8; https://aiqaderm.com"
219.92.75.133 - - [25/Apr/2025:23:41:35 -0400] "POST /xmlrpc.php HTTP/1.1" 200 403 "-" "Mozilla/5.0 (Windows NT 5.1) AppleWebKit/537.36 (KHTML, like Gecko) Chrome/46.0.2490.71 Safari/537.36"
13.80.27.129 - - [25/Apr/2025:23:41:24 -0400] "POST /xmlrpc.php HTTP/1.1" 200 403 "-" "Mozilla/5.0 (Windows NT 6.1; Win64; x64) AppleWebKit/537.36 (KHTML, like Gecko) Chrome/63.0.3239.132 Safari/537.36"
188.165.192.229 - - [25/Apr/2025:23:41:39 -0400] "POST /xmlrpc.php HTTP/1.1" 200 403 "-" "Mozilla/5.0 (Windows NT 6.1; rv:52.0) Gecko/20100101 Firefox/52.0"
66.29.132.124 - - [25/Apr/2025:23:41:40 -0400] "POST /wp-admin/admin-ajax.php?action=async_litespeed&nonce=7nTnFVnL0FhE3NrzTPQEWnyaI2i7cy0Z&litespeed_type=imgoptm HTTP/1.1" 200 0 "-" "WordPress/6.8; https://aiqaderm.com"
66.29.132.124 - - [25/Apr/2025:23:45:51 -0400] "POST /wp-cron.php?doing_wp_cron=1745639151.5556659698486328125000 HTTP/1.1" 200 0 "-" "WordPress/6.8; https://aiqaderm.com"
95.216.187.215 - - [25/Apr/2025:23:45:50 -0400] "POST /xmlrpc.php HTTP/1.1" 200 403 "-" "Mozilla/5.0 (Windows NT 10.0; WOW64; rv:54.0) Gecko/20100101 Firefox/54.0"
198.187.31.64 - - [25/Apr/2025:23:45:38 -0400] "POST /xmlrpc.php HTTP/1.1" 200 403 "-" "Mozilla/5.0 (Windows NT 10.0; Win64; x64) AppleWebKit/537.36 (KHTML, like Gecko) Chrome/79.0.3945.88 Safari/537.36"
66.29.132.124 - - [25/Apr/2025:23:45:53 -0400] "POST /wp-admin/admin-ajax.php?action=async_litespeed&nonce=V9olaRw3jlmcMwljttuoLEH4YkErA3C4&litespeed_type=imgoptm HTTP/1.1" 200 0 "-" "WordPress/6.8; https://aiqaderm.com"
41.193.5.58 - - [25/Apr/2025:23:45:53 -0400] "POST /xmlrpc.php HTTP/1.1" 200 403 "-" "Mozilla/5.0 (Windows; U; Windows NT 5.1; en-US; rv:1.7.5) Gecko/20041107 Firefox/1.0"
158.251.4.163 - - [25/Apr/2025:23:45:54 -0400] "POST /xmlrpc.php HTTP/1.1" 200 403 "-" "Mozilla/5.0 (Linux; Android 10) AppleWebKit/537.36 (KHTML, like Gecko) Chrome/91.0.4472.114 Mobile Safari/537.36"
153.122.52.116 - - [25/Apr/2025:23:45:56 -0400] "POST /xmlrpc.php HTTP/1.1" 200 403 "-" "Mozilla/5.0 (Windows NT 10.0; Win64; x64) AppleWebKit/537.36 (KHTML, like Gecko) Chrome/70.0.3538.102 Safari/537.36"
209.145.48.249 - - [25/Apr/2025:23:45:58 -0400] "POST /xmlrpc.php HTTP/1.1" 200 403 "-" "Mozilla/5.0 (Windows NT 6.3; Win64; x64; rv:73.0) Gecko/20100101 Firefox/73.0"
51.222.12.195 - - [25/Apr/2025:23:46:00 -0400] "POST /xmlrpc.php HTTP/1.1" 200 403 "-" "Mozilla/5.0 (Windows NT 6.1; Win64; x64) AppleWebKit/537.36 (KHTML, like Gecko) Chrome/79.0.3945.88 Safari/537.36"
103.124.107.10 - - [25/Apr/2025:23:46:05 -0400] "POST /xmlrpc.php HTTP/1.1" 200 403 "-" "Mozilla/5.0 (Windows NT 10.0; Win64; x64) AppleWebKit/537.36 (KHTML, like Gecko) Chrome/64.0.3282.186 Safari/537.36"
68.183.24.180 - - [25/Apr/2025:23:46:13 -0400] "POST /xmlrpc.php HTTP/1.1" 200 403 "-" "Mozilla/5.0 (Windows NT 6.1; WOW64; rv:18.0) Gecko/20100101 Firefox/18.0"
91.203.110.254 - - [25/Apr/2025:23:46:18 -0400] "POST /xmlrpc.php HTTP/1.1" 200 403 "-" "Mozilla/5.0 (Windows NT 10.0; Win64; x64) AppleWebKit/537.36 (KHTML, like Gecko) Chrome/74.0.3729.157 Safari/537.36"
66.29.132.124 - - [25/Apr/2025:23:51:40 -0400] "POST /wp-cron.php?doing_wp_cron=1745639500.1859769821166992187500 HTTP/1.1" 200 0 "-" "WordPress/6.8; https://aiqaderm.com"
57.141.4.9 - - [25/Apr/2025:23:51:35 -0400] "GET /?p=874 HTTP/1.1" 301 0 "-" "meta-externalagent/1.1 (+https://developers.facebook.com/docs/sharing/webmasters/crawler)"
57.141.4.11 - - [25/Apr/2025:23:51:42 -0400] "GET /product/gluti-glow-tablet/ HTTP/1.1" 200 93208 "-" "meta-externalagent/1.1 (+https://developers.facebook.com/docs/sharing/webmasters/crawler)"
66.29.132.124 - - [25/Apr/2025:23:51:41 -0400] "POST /wp-admin/admin-ajax.php?action=async_litespeed&nonce=y1zYDi0HF4nYZuPLlV5VLYiah5EGlEq5&litespeed_type=imgoptm HTTP/1.1" 200 0 "-" "WordPress/6.8; https://aiqaderm.com"
69.171.231.6 - - [26/Apr/2025:00:00:34 -0400] "GET /robots.txt HTTP/1.1" 301 0 "-" "facebookexternalhit/1.1 (+http://www.facebook.com/externalhit_uatext.php)"
69.171.231.6 - - [26/Apr/2025:00:00:35 -0400] "GET /robots.txt HTTP/1.1" 200 262 "-" "facebookexternalhit/1.1 (+http://www.facebook.com/externalhit_uatext.php)"
57.141.4.26 - - [26/Apr/2025:00:00:38 -0400] "GET /?p=80 HTTP/1.1" 301 0 "-" "meta-externalagent/1.1 (+https://developers.facebook.com/docs/sharing/webmasters/crawler)"
66.29.132.124 - - [26/Apr/2025:00:00:44 -0400] "POST /wp-cron.php?doing_wp_cron=1745640043.6714689731597900390625 HTTP/1.1" 200 0 "-" "WordPress/6.8; https://aiqaderm.com"
66.29.132.124 - - [26/Apr/2025:00:00:44 -0400] "POST /wp-cron.php?doing_wp_cron=1745640043.6697030067443847656250 HTTP/1.1" 200 0 "-" "WordPress/6.8; https://aiqaderm.com"
57.141.4.17 - - [26/Apr/2025:00:00:36 -0400] "GET /index.html HTTP/1.1" 301 0 "-" "meta-externalagent/1.1 (+https://developers.facebook.com/docs/sharing/webmasters/crawler)"
57.141.4.9 - - [26/Apr/2025:00:00:29 -0400] "GET / HTTP/1.1" 500 59578 "-" "meta-externalagent/1.1 (+https://developers.facebook.com/docs/sharing/webmasters/crawler)"
57.141.4.11 - - [26/Apr/2025:00:00:47 -0400] "GET /product/aiqa-grow-hair-serum/ HTTP/1.1" 200 106432 "-" "meta-externalagent/1.1 (+https://developers.facebook.com/docs/sharing/webmasters/crawler)"
66.29.132.124 - - [26/Apr/2025:00:00:47 -0400] "POST /wp-admin/admin-ajax.php?action=async_litespeed&nonce=2vhRxrvOxQ9urIY1T7o8RQCbbn7t2EeU&litespeed_type=imgoptm HTTP/1.1" 200 0 "-" "WordPress/6.8; https://aiqaderm.com"
18.214.251.19 - - [26/Apr/2025:00:14:33 -0400] "GET /robots.txt HTTP/1.1" 200 158 "-" "Mozilla/5.0 AppleWebKit/537.36 (KHTML, like Gecko; compatible; Amazonbot/0.1; +https://developer.amazon.com/support/amazonbot) Chrome/119.0.6045.214 Safari/537.36"
18.210.58.238 - - [26/Apr/2025:00:14:37 -0400] "GET /product/bremiq-acne-serum/875 HTTP/1.1" 200 0 "-" "Mozilla/5.0 AppleWebKit/537.36 (KHTML, like Gecko; compatible; Amazonbot/0.1; +https://developer.amazon.com/support/amazonbot) Chrome/119.0.6045.214 Safari/537.36"
66.29.132.124 - - [26/Apr/2025:00:15:05 -0400] "POST /wp-cron.php?doing_wp_cron=1745640903.5776228904724121093750 HTTP/1.1" 200 0 "-" "WordPress/6.8; https://aiqaderm.com"
157.55.39.52 - - [26/Apr/2025:00:15:35 -0400] "GET /wp-sitemap.xml HTTP/1.1" 200 223 "-" "Mozilla/5.0 AppleWebKit/537.36 (KHTML, like Gecko; compatible; bingbot/2.0; +http://www.bing.com/bingbot.htm) Chrome/116.0.1938.76 Safari/537.36"
66.29.132.124 - - [26/Apr/2025:00:18:57 -0400] "POST /wp-cron.php?doing_wp_cron=1745641137.0085461139678955078125 HTTP/1.1" 200 0 "-" "WordPress/6.8; https://aiqaderm.com"
57.141.4.8 - - [26/Apr/2025:00:18:52 -0400] "GET / HTTP/1.1" 500 59578 "-" "meta-externalagent/1.1 (+https://developers.facebook.com/docs/sharing/webmasters/crawler)"
66.29.132.124 - - [26/Apr/2025:00:19:01 -0400] "POST /wp-admin/admin-ajax.php?action=async_litespeed&nonce=Iyw0ANmDh7JlMwCjgq1eZT7FJDFVTV7m&litespeed_type=imgoptm HTTP/1.1" 200 0 "-" "WordPress/6.8; https://aiqaderm.com"
66.29.132.124 - - [26/Apr/2025:00:23:46 -0400] "POST /wp-cron.php?doing_wp_cron=1745641425.5921070575714111328125 HTTP/1.1" 200 0 "-" "WordPress/6.8; https://aiqaderm.com"
182.40.104.255 - - [26/Apr/2025:00:23:24 -0400] "GET / HTTP/1.1" 301 0 "http://www.aiqaderm.com" "Mozilla/5.0 (iPhone; CPU iPhone OS 13_2_3 like Mac OS X) AppleWebKit/605.1.15 (KHTML, like Gecko) Version/13.0.3 Mobile/15E148 Safari/604.1"
182.40.104.255 - - [26/Apr/2025:00:23:54 -0400] "GET / HTTP/1.1" 500 17505 "https://www.aiqaderm.com/" "Mozilla/5.0 (iPhone; CPU iPhone OS 13_2_3 like Mac OS X) AppleWebKit/605.1.15 (KHTML, like Gecko) Version/13.0.3 Mobile/15E148 Safari/604.1"
66.29.132.124 - - [26/Apr/2025:01:01:25 -0400] "POST /wp-cron.php?doing_wp_cron=1745643684.5983500480651855468750 HTTP/1.1" 200 0 "-" "WordPress/6.8; https://aiqaderm.com"
104.237.141.13 - - [26/Apr/2025:01:01:07 -0400] "POST /xmlrpc.php HTTP/1.1" 200 403 "-" "Mozilla/5.0 (iPhone; CPU iPhone OS 14_6 like Mac OS X) AppleWebKit/605.1.15 (KHTML, like Gecko) CriOS/91.0.4472.80 Mobile/15E148 Safari/604.1"
78.47.47.46 - - [26/Apr/2025:01:01:25 -0400] "POST /xmlrpc.php HTTP/1.1" 200 403 "-" "Mozilla/5.0 (Windows NT 6.1; WOW64; rv:52.0) Gecko/20100101 Firefox/52.0"
66.29.132.124 - - [26/Apr/2025:01:01:28 -0400] "POST /wp-admin/admin-ajax.php?action=async_litespeed&nonce=kR7YPFOjpsXcUqwS6U5pgnBskUG3Vtek&litespeed_type=imgoptm HTTP/1.1" 200 0 "-" "WordPress/6.8; https://aiqaderm.com"
66.29.132.124 - - [26/Apr/2025:01:01:49 -0400] "POST /wp-cron.php?doing_wp_cron=1745643709.3016500473022460937500 HTTP/1.1" 200 0 "-" "WordPress/6.8; https://aiqaderm.com"
3.7.8.100 - - [26/Apr/2025:01:01:47 -0400] "POST /xmlrpc.php HTTP/1.1" 200 403 "-" "Mozilla/5.0 (Linux; Android 10; SM-A205U) AppleWebKit/537.36 (KHTML, like Gecko) Chrome/91.0.4472.114 Mobile Safari/537.36"
188.121.119.94 - - [26/Apr/2025:01:01:47 -0400] "POST /xmlrpc.php HTTP/1.1" 200 403 "-" "Mozilla/5.0 (Windows NT 6.1) AppleWebKit/537.36 (KHTML, like Gecko) Chrome/56.0.2924.76 Safari/537.36"
51.195.219.160 - - [26/Apr/2025:01:02:02 -0400] "POST /xmlrpc.php HTTP/1.1" 200 403 "-" "Mozilla/5.0 (Windows NT 10.0; Win64; x64; rv:60.0) Gecko/20100101 Firefox/60.0"
107.150.0.65 - - [26/Apr/2025:01:04:11 -0400] "GET /.env HTTP/1.1" 403 1242 "-" "Mozilla/5.0 (Windows NT 10.0; Win64; x64) AppleWebKit/537.36 (KHTML, like Gecko) Chrome/119.0.0.0 Safari/537.36"
107.150.0.65 - - [26/Apr/2025:01:04:14 -0400] "POST / HTTP/1.1" 508 829 "-" "Mozilla/5.0 (Windows NT 10.0; Win64; x64) AppleWebKit/537.36 (KHTML, like Gecko) Chrome/119.0.0.0 Safari/537.36"
173.249.43.220 - - [26/Apr/2025:01:26:43 -0400] "GET /wp-content/plugins/HelloDollyV2/hello_dolly_v2.php HTTP/1.1" 200 0 "www.google.com" "Mozilla/5.0 (Linux; Android 7.0; SM-G892A Build/NRD90M; wv) AppleWebKit/537.36 (KHTML, like Gecko) Version/4.0 Chrome/60.0.3112.107 Mobile Safari/537.36"
66.29.132.124 - - [26/Apr/2025:01:27:02 -0400] "POST /wp-cron.php?doing_wp_cron=1745645221.6687800884246826171875 HTTP/1.1" 200 0 "-" "WordPress/6.8; https://aiqaderm.com"
88.214.48.42 - - [26/Apr/2025:01:34:35 -0400] "POST /wp-content/themes/cleaner/wp-config-sample.php HTTP/1.1" 200 57 "-" "Mozilla/5.0 (Macintosh; Intel Mac OS X 10_15_7) AppleWebKit/537.36 (KHTML, like Gecko) Chrome/120.0.0.0 Safari/537.36"
88.214.48.42 - - [26/Apr/2025:01:34:40 -0400] "POST /wp-content/themes/cleaner/wp-config-sample.php HTTP/1.1" 200 41 "-" "Mozilla/5.0 (Macintosh; Intel Mac OS X 10_15_7) AppleWebKit/537.36 (KHTML, like Gecko) Chrome/120.0.0.0 Safari/537.36"
34.195.60.66 - - [26/Apr/2025:01:51:33 -0400] "GET /product/cool-aiq-gel/ HTTP/1.1" 200 0 "-" "Mozilla/5.0 AppleWebKit/537.36 (KHTML, like Gecko; compatible; Amazonbot/0.1; +https://developer.amazon.com/support/amazonbot) Chrome/119.0.6045.214 Safari/537.36"
52.203.237.170 - - [26/Apr/2025:01:51:36 -0400] "GET /cart-2/ HTTP/1.1" 200 0 "-" "Mozilla/5.0 AppleWebKit/537.36 (KHTML, like Gecko; compatible; Amazonbot/0.1; +https://developer.amazon.com/support/amazonbot) Chrome/119.0.6045.214 Safari/537.36"
54.156.55.147 - - [26/Apr/2025:01:51:44 -0400] "GET /product-category/hair-regrowth/ HTTP/1.1" 200 25279 "-" "Mozilla/5.0 AppleWebKit/537.36 (KHTML, like Gecko; compatible; Amazonbot/0.1; +https://developer.amazon.com/support/amazonbot) Chrome/119.0.6045.214 Safari/537.36"
35.172.125.172 - - [26/Apr/2025:01:51:48 -0400] "GET /product/hydro-aiq-bar/ HTTP/1.1" 200 0 "-" "Mozilla/5.0 AppleWebKit/537.36 (KHTML, like Gecko; compatible; Amazonbot/0.1; +https://developer.amazon.com/support/amazonbot) Chrome/119.0.6045.214 Safari/537.36"
66.29.132.124 - - [26/Apr/2025:01:51:56 -0400] "POST /wp-cron.php?doing_wp_cron=1745646707.8478050231933593750000 HTTP/1.1" 200 0 "-" "WordPress/6.8; https://aiqaderm.com"
66.29.132.124 - - [26/Apr/2025:01:51:56 -0400] "POST /wp-cron.php?doing_wp_cron=1745646707.8427350521087646484375 HTTP/1.1" 200 0 "-" "WordPress/6.8; https://aiqaderm.com"
88.214.48.42 - - [26/Apr/2025:01:54:36 -0400] "GET / HTTP/1.1" 500 17505 "-" "Mozilla/5.0 (Macintosh; Intel Mac OS X 10_15_7) AppleWebKit/537.36 (KHTML, like Gecko) Chrome/120.0.0.0 Safari/537.36"
66.29.132.124 - - [26/Apr/2025:01:54:54 -0400] "POST /wp-cron.php?doing_wp_cron=1745646887.9086189270019531250000 HTTP/1.1" 200 0 "-" "WordPress/6.8; https://aiqaderm.com"
144.91.119.115 - - [26/Apr/2025:01:56:12 -0400] "GET /wp-content/plugins/HelloDollyV2/hello_dolly_v2.php HTTP/1.1" 404 22430 "www.google.com" "Mozilla/5.0 (Linux; Android 7.0; SM-G892A Build/NRD90M; wv) AppleWebKit/537.36 (KHTML, like Gecko) Version/4.0 Chrome/60.0.3112.107 Mobile Safari/537.36"
66.29.132.124 - - [26/Apr/2025:01:56:18 -0400] "POST /wp-cron.php?doing_wp_cron=1745646974.1597580909729003906250 HTTP/1.1" 200 0 "-" "WordPress/6.8; https://aiqaderm.com"
144.91.119.115 - - [26/Apr/2025:01:56:28 -0400] "GET /wp-content/themes/hello_dolly_v2.php HTTP/1.1" 404 22429 "www.google.com" "Mozilla/5.0 (Linux; Android 7.0; SM-G892A Build/NRD90M; wv) AppleWebKit/537.36 (KHTML, like Gecko) Version/4.0 Chrome/60.0.3112.107 Mobile Safari/537.36"
144.91.119.115 - - [26/Apr/2025:01:56:42 -0400] "GET /wp-content/plugins/WordPressCore/include.php HTTP/1.1" 404 22430 "www.google.com" "Mozilla/5.0 (Linux; Android 7.0; SM-G892A Build/NRD90M; wv) AppleWebKit/537.36 (KHTML, like Gecko) Version/4.0 Chrome/60.0.3112.107 Mobile Safari/537.36"
144.91.119.115 - - [26/Apr/2025:01:56:59 -0400] "GET /wp-content/themes/include.php HTTP/1.1" 404 22430 "www.google.com" "Mozilla/5.0 (Linux; Android 7.0; SM-G892A Build/NRD90M; wv) AppleWebKit/537.36 (KHTML, like Gecko) Version/4.0 Chrome/60.0.3112.107 Mobile Safari/537.36"
40.77.167.17 - - [26/Apr/2025:02:56:53 -0400] "GET /product/scabiq-lotion/ HTTP/1.1" 200 23994 "-" "Mozilla/5.0 AppleWebKit/537.36 (KHTML, like Gecko; compatible; bingbot/2.0; +http://www.bing.com/bingbot.htm) Chrome/116.0.1938.76 Safari/537.36"
52.167.144.183 - - [26/Apr/2025:02:57:11 -0400] "GET /wp-content/plugins/click-to-chat-for-whatsapp/new/inc/assets/js/app.js?ver=4.20 HTTP/1.1" 200 2906 "-" "Mozilla/5.0 AppleWebKit/537.36 (KHTML, like Gecko; compatible; bingbot/2.0; +http://www.bing.com/bingbot.htm) Chrome/116.0.1938.76 Safari/537.36"
52.167.144.183 - - [26/Apr/2025:02:57:12 -0400] "GET /wp-content/plugins/contact-form-7/includes/js/index.js?ver=6.0.6 HTTP/1.1" 200 4008 "-" "Mozilla/5.0 AppleWebKit/537.36 (KHTML, like Gecko; compatible; bingbot/2.0; +http://www.bing.com/bingbot.htm) Chrome/116.0.1938.76 Safari/537.36"
52.167.144.183 - - [26/Apr/2025:02:57:13 -0400] "GET /wp-content/plugins/contact-form-7/includes/swv/js/index.js?ver=6.0.6 HTTP/1.1" 200 3369 "-" "Mozilla/5.0 AppleWebKit/537.36 (KHTML, like Gecko; compatible; bingbot/2.0; +http://www.bing.com/bingbot.htm) Chrome/116.0.1938.76 Safari/537.36"
52.167.144.183 - - [26/Apr/2025:02:57:14 -0400] "GET /wp-content/plugins/medibazar-core//js/custom/social_share.js?ver=1.0 HTTP/1.1" 200 101 "-" "Mozilla/5.0 AppleWebKit/537.36 (KHTML, like Gecko; compatible; bingbot/2.0; +http://www.bing.com/bingbot.htm) Chrome/116.0.1938.76 Safari/537.36"
52.167.144.183 - - [26/Apr/2025:02:57:15 -0400] "GET /wp-content/plugins/revslider/public/js/sr7.js?ver=6.7.23 HTTP/1.1" 200 88089 "-" "Mozilla/5.0 AppleWebKit/537.36 (KHTML, like Gecko; compatible; bingbot/2.0; +http://www.bing.com/bingbot.htm) Chrome/116.0.1938.76 Safari/537.36"
52.167.144.183 - - [26/Apr/2025:02:57:16 -0400] "GET /wp-content/plugins/ti-woocommerce-wishlist/assets/css/webfont.min.css?ver=2.9.2 HTTP/1.1" 200 785 "-" "Mozilla/5.0 AppleWebKit/537.36 (KHTML, like Gecko; compatible; bingbot/2.0; +http://www.bing.com/bingbot.htm) Chrome/116.0.1938.76 Safari/537.36"
52.167.144.183 - - [26/Apr/2025:02:57:17 -0400] "GET /wp-content/plugins/ti-woocommerce-wishlist/assets/js/public.min.js?ver=2.9.2 HTTP/1.1" 200 5635 "-" "Mozilla/5.0 AppleWebKit/537.36 (KHTML, like Gecko; compatible; bingbot/2.0; +http://www.bing.com/bingbot.htm) Chrome/116.0.1938.76 Safari/537.36"
52.167.144.183 - - [26/Apr/2025:02:57:19 -0400] "GET /wp-content/plugins/woocommerce/assets/css/photoswipe/default-skin/default-skin.min.css?ver=9.8.2 HTTP/1.1" 200 1759 "-" "Mozilla/5.0 AppleWebKit/537.36 (KHTML, like Gecko; compatible; bingbot/2.0; +http://www.bing.com/bingbot.htm) Chrome/116.0.1938.76 Safari/537.36"
52.167.144.183 - - [26/Apr/2025:02:57:19 -0400] "GET /wp-content/plugins/woocommerce/assets/css/photoswipe/photoswipe.min.css?ver=9.8.2 HTTP/1.1" 200 857 "-" "Mozilla/5.0 AppleWebKit/537.36 (KHTML, like Gecko; compatible; bingbot/2.0; +http://www.bing.com/bingbot.htm) Chrome/116.0.1938.76 Safari/537.36"
52.167.144.183 - - [26/Apr/2025:02:57:20 -0400] "GET /wp-content/plugins/woocommerce/assets/js/flexslider/jquery.flexslider.min.js?ver=2.7.2-wc.9.8.2 HTTP/1.1" 200 6017 "-" "Mozilla/5.0 AppleWebKit/537.36 (KHTML, like Gecko; compatible; bingbot/2.0; +http://www.bing.com/bingbot.htm) Chrome/116.0.1938.76 Safari/537.36"
52.167.144.183 - - [26/Apr/2025:02:57:21 -0400] "GET /wp-content/plugins/woocommerce/assets/js/frontend/single-product.min.js?ver=9.8.2 HTTP/1.1" 200 2539 "-" "Mozilla/5.0 AppleWebKit/537.36 (KHTML, like Gecko; compatible; bingbot/2.0; +http://www.bing.com/bingbot.htm) Chrome/116.0.1938.76 Safari/537.36"
52.167.144.183 - - [26/Apr/2025:02:57:21 -0400] "GET /wp-content/plugins/woocommerce/assets/js/jquery-blockui/jquery.blockUI.min.js?ver=2.7.0-wc.9.8.2 HTTP/1.1" 200 3277 "-" "Mozilla/5.0 AppleWebKit/537.36 (KHTML, like Gecko; compatible; bingbot/2.0; +http://www.bing.com/bingbot.htm) Chrome/116.0.1938.76 Safari/537.36"
52.167.144.183 - - [26/Apr/2025:02:57:21 -0400] "GET /wp-content/plugins/woocommerce/assets/js/sourcebuster/sourcebuster.min.js?ver=9.8.2 HTTP/1.1" 200 4609 "-" "Mozilla/5.0 AppleWebKit/537.36 (KHTML, like Gecko; compatible; bingbot/2.0; +http://www.bing.com/bingbot.htm) Chrome/116.0.1938.76 Safari/537.36"
52.167.144.183 - - [26/Apr/2025:02:57:22 -0400] "GET /wp-content/themes/medibazar/assets/css//animate.min.css?ver=1.0 HTTP/1.1" 200 3780 "-" "Mozilla/5.0 AppleWebKit/537.36 (KHTML, like Gecko; compatible; bingbot/2.0; +http://www.bing.com/bingbot.htm) Chrome/116.0.1938.76 Safari/537.36"
52.167.144.183 - - [26/Apr/2025:02:57:22 -0400] "GET /wp-content/plugins/woocommerce/assets/js/photoswipe/photoswipe-ui-default.min.js?ver=4.1.1-wc.9.8.2 HTTP/1.1" 200 3478 "-" "Mozilla/5.0 AppleWebKit/537.36 (KHTML, like Gecko; compatible; bingbot/2.0; +http://www.bing.com/bingbot.htm) Chrome/116.0.1938.76 Safari/537.36"
52.167.144.183 - - [26/Apr/2025:02:57:23 -0400] "GET /wp-content/themes/medibazar/assets/js//bootstrap.min.js?ver=1.0 HTTP/1.1" 200 13430 "-" "Mozilla/5.0 AppleWebKit/537.36 (KHTML, like Gecko; compatible; bingbot/2.0; +http://www.bing.com/bingbot.htm) Chrome/116.0.1938.76 Safari/537.36"
52.167.144.183 - - [26/Apr/2025:02:57:23 -0400] "GET /wp-content/themes/medibazar/assets/js//jquery.countdown.min.js?ver=1.0 HTTP/1.1" 200 2244 "-" "Mozilla/5.0 AppleWebKit/537.36 (KHTML, like Gecko; compatible; bingbot/2.0; +http://www.bing.com/bingbot.htm) Chrome/116.0.1938.76 Safari/537.36"
52.167.144.183 - - [26/Apr/2025:02:57:24 -0400] "GET /wp-content/themes/medibazar/assets/js//jquery.magnific-popup.min.js?ver=1.0 HTTP/1.1" 200 7043 "-" "Mozilla/5.0 AppleWebKit/537.36 (KHTML, like Gecko; compatible; bingbot/2.0; +http://www.bing.com/bingbot.htm) Chrome/116.0.1938.76 Safari/537.36"
52.167.144.183 - - [26/Apr/2025:02:57:25 -0400] "GET /wp-content/themes/medibazar/assets/js//main.js?ver=1.0 HTTP/1.1" 200 2640 "-" "Mozilla/5.0 AppleWebKit/537.36 (KHTML, like Gecko; compatible; bingbot/2.0; +http://www.bing.com/bingbot.htm) Chrome/116.0.1938.76 Safari/537.36"
52.167.144.183 - - [26/Apr/2025:02:57:25 -0400] "GET /wp-content/themes/medibazar/assets/js//plugins.js?ver=1.0 HTTP/1.1" 200 333 "-" "Mozilla/5.0 AppleWebKit/537.36 (KHTML, like Gecko; compatible; bingbot/2.0; +http://www.bing.com/bingbot.htm) Chrome/116.0.1938.76 Safari/537.36"
52.167.144.183 - - [26/Apr/2025:02:57:25 -0400] "GET /wp-content/themes/medibazar/assets/js//popper.min.js?ver=1.0 HTTP/1.1" 200 6948 "-" "Mozilla/5.0 AppleWebKit/537.36 (KHTML, like Gecko; compatible; bingbot/2.0; +http://www.bing.com/bingbot.htm) Chrome/116.0.1938.76 Safari/537.36"
52.167.144.183 - - [26/Apr/2025:02:57:26 -0400] "GET /wp-content/themes/medibazar/includes/pjax/js/helpers.js?ver=1.0 HTTP/1.1" 200 228 "-" "Mozilla/5.0 AppleWebKit/537.36 (KHTML, like Gecko; compatible; bingbot/2.0; +http://www.bing.com/bingbot.htm) Chrome/116.0.1938.76 Safari/537.36"
52.167.144.183 - - [26/Apr/2025:02:57:26 -0400] "GET /wp-content/themes/medibazar/style.css?ver=6.8 HTTP/1.1" 200 13639 "-" "Mozilla/5.0 AppleWebKit/537.36 (KHTML, like Gecko; compatible; bingbot/2.0; +http://www.bing.com/bingbot.htm) Chrome/116.0.1938.76 Safari/537.36"
52.167.144.183 - - [26/Apr/2025:02:57:27 -0400] "GET /wp-includes/css/dist/block-library/style.min.css?ver=6.8 HTTP/1.1" 200 14358 "-" "Mozilla/5.0 AppleWebKit/537.36 (KHTML, like Gecko; compatible; bingbot/2.0; +http://www.bing.com/bingbot.htm) Chrome/116.0.1938.76 Safari/537.36"
52.167.144.183 - - [26/Apr/2025:02:57:28 -0400] "GET /wp-includes/js/jquery/jquery-migrate.min.js?ver=3.4.1 HTTP/1.1" 200 4678 "-" "Mozilla/5.0 AppleWebKit/537.36 (KHTML, like Gecko; compatible; bingbot/2.0; +http://www.bing.com/bingbot.htm) Chrome/116.0.1938.76 Safari/537.36"
207.46.13.86 - - [26/Apr/2025:02:57:34 -0400] "GET /wp-content/plugins/revslider/public/css/sr7.css?ver=6.7.23 HTTP/1.1" 200 1266 "-" "Mozilla/5.0 AppleWebKit/537.36 (KHTML, like Gecko; compatible; bingbot/2.0; +http://www.bing.com/bingbot.htm) Chrome/116.0.1938.76 Safari/537.36"
207.46.13.86 - - [26/Apr/2025:02:57:34 -0400] "GET /wp-content/plugins/ti-woocommerce-wishlist/assets/fonts/tinvwl-webfont.woff2?ver=xu2uyi HTTP/1.1" 200 4404 "-" "Mozilla/5.0 AppleWebKit/537.36 (KHTML, like Gecko; compatible; bingbot/2.0; +http://www.bing.com/bingbot.htm) Chrome/116.0.1938.76 Safari/537.36"
207.46.13.86 - - [26/Apr/2025:02:57:35 -0400] "GET /wp-content/plugins/woocommerce/assets/css/brands.css?ver=9.8.2 HTTP/1.1" 200 579 "-" "Mozilla/5.0 AppleWebKit/537.36 (KHTML, like Gecko; compatible; bingbot/2.0; +http://www.bing.com/bingbot.htm) Chrome/116.0.1938.76 Safari/537.36"
207.46.13.86 - - [26/Apr/2025:02:57:35 -0400] "GET /wp-content/plugins/woocommerce/assets/js/frontend/order-attribution.min.js?ver=9.8.2 HTTP/1.1" 200 1006 "-" "Mozilla/5.0 AppleWebKit/537.36 (KHTML, like Gecko; compatible; bingbot/2.0; +http://www.bing.com/bingbot.htm) Chrome/116.0.1938.76 Safari/537.36"
207.46.13.86 - - [26/Apr/2025:02:57:36 -0400] "GET /wp-content/plugins/woocommerce/assets/js/frontend/woocommerce.min.js?ver=9.8.2 HTTP/1.1" 200 1241 "-" "Mozilla/5.0 AppleWebKit/537.36 (KHTML, like Gecko; compatible; bingbot/2.0; +http://www.bing.com/bingbot.htm) Chrome/116.0.1938.76 Safari/537.36"
207.46.13.86 - - [26/Apr/2025:02:57:36 -0400] "GET /wp-content/plugins/woocommerce/assets/js/js-cookie/js.cookie.min.js?ver=2.1.4-wc.9.8.2 HTTP/1.1" 200 760 "-" "Mozilla/5.0 AppleWebKit/537.36 (KHTML, like Gecko; compatible; bingbot/2.0; +http://www.bing.com/bingbot.htm) Chrome/116.0.1938.76 Safari/537.36"
207.46.13.86 - - [26/Apr/2025:02:57:37 -0400] "GET /wp-content/plugins/woocommerce/assets/js/photoswipe/photoswipe.min.js?ver=4.1.1-wc.9.8.2 HTTP/1.1" 200 11652 "-" "Mozilla/5.0 AppleWebKit/537.36 (KHTML, like Gecko; compatible; bingbot/2.0; +http://www.bing.com/bingbot.htm) Chrome/116.0.1938.76 Safari/537.36"
207.46.13.86 - - [26/Apr/2025:02:57:37 -0400] "GET /wp-content/themes/medibazar/assets/css//fontawesome-all.min.css?ver=1.0 HTTP/1.1" 200 28884 "-" "Mozilla/5.0 AppleWebKit/537.36 (KHTML, like Gecko; compatible; bingbot/2.0; +http://www.bing.com/bingbot.htm) Chrome/116.0.1938.76 Safari/537.36"
207.46.13.86 - - [26/Apr/2025:02:57:37 -0400] "GET /wp-content/themes/medibazar/assets/css//owl.carousel.min.css?ver=1.0 HTTP/1.1" 200 789 "-" "Mozilla/5.0 AppleWebKit/537.36 (KHTML, like Gecko; compatible; bingbot/2.0; +http://www.bing.com/bingbot.htm) Chrome/116.0.1938.76 Safari/537.36"
207.46.13.86 - - [26/Apr/2025:02:57:38 -0400] "GET /wp-content/themes/medibazar/assets/js//jquery.appear.js?ver=1.0 HTTP/1.1" 200 1159 "-" "Mozilla/5.0 AppleWebKit/537.36 (KHTML, like Gecko; compatible; bingbot/2.0; +http://www.bing.com/bingbot.htm) Chrome/116.0.1938.76 Safari/537.36"
207.46.13.86 - - [26/Apr/2025:02:57:38 -0400] "GET /wp-content/themes/medibazar/assets/js//isotope.pkgd.min.js?ver=1.0 HTTP/1.1" 200 9626 "-" "Mozilla/5.0 AppleWebKit/537.36 (KHTML, like Gecko; compatible; bingbot/2.0; +http://www.bing.com/bingbot.htm) Chrome/116.0.1938.76 Safari/537.36"
207.46.13.86 - - [26/Apr/2025:02:57:38 -0400] "GET /wp-content/themes/medibazar/assets/js//jquery.knob.js?ver=1.0 HTTP/1.1" 200 5731 "-" "Mozilla/5.0 AppleWebKit/537.36 (KHTML, like Gecko; compatible; bingbot/2.0; +http://www.bing.com/bingbot.htm) Chrome/116.0.1938.76 Safari/537.36"
207.46.13.86 - - [26/Apr/2025:02:57:39 -0400] "GET /wp-content/themes/medibazar/assets/js//jquery.meanmenu.min.js?ver=1.0 HTTP/1.1" 200 1302 "-" "Mozilla/5.0 AppleWebKit/537.36 (KHTML, like Gecko; compatible; bingbot/2.0; +http://www.bing.com/bingbot.htm) Chrome/116.0.1938.76 Safari/537.36"
207.46.13.86 - - [26/Apr/2025:02:57:39 -0400] "GET /wp-content/themes/medibazar/assets/js//jquery.counterup.min.js?ver=1.0 HTTP/1.1" 200 496 "-" "Mozilla/5.0 AppleWebKit/537.36 (KHTML, like Gecko; compatible; bingbot/2.0; +http://www.bing.com/bingbot.htm) Chrome/116.0.1938.76 Safari/537.36"
207.46.13.86 - - [26/Apr/2025:02:57:39 -0400] "GET /wp-content/themes/medibazar/assets/js//owl.carousel.min.js?ver=1.0 HTTP/1.1" 200 10691 "-" "Mozilla/5.0 AppleWebKit/537.36 (KHTML, like Gecko; compatible; bingbot/2.0; +http://www.bing.com/bingbot.htm) Chrome/116.0.1938.76 Safari/537.36"
207.46.13.86 - - [26/Apr/2025:02:57:40 -0400] "GET /wp-content/themes/medibazar/assets/js//slick.min.js?ver=1.0 HTTP/1.1" 200 10097 "-" "Mozilla/5.0 AppleWebKit/537.36 (KHTML, like Gecko; compatible; bingbot/2.0; +http://www.bing.com/bingbot.htm) Chrome/116.0.1938.76 Safari/537.36"
207.46.13.86 - - [26/Apr/2025:02:57:40 -0400] "GET /wp-content/themes/medibazar/assets/js//waypoints.min.js?ver=1.0 HTTP/1.1" 200 2461 "-" "Mozilla/5.0 AppleWebKit/537.36 (KHTML, like Gecko; compatible; bingbot/2.0; +http://www.bing.com/bingbot.htm) Chrome/116.0.1938.76 Safari/537.36"
207.46.13.86 - - [26/Apr/2025:02:57:41 -0400] "GET /wp-includes/js/comment-reply.min.js?ver=6.8 HTTP/1.1" 200 1247 "-" "Mozilla/5.0 AppleWebKit/537.36 (KHTML, like Gecko; compatible; bingbot/2.0; +http://www.bing.com/bingbot.htm) Chrome/116.0.1938.76 Safari/537.36"
207.46.13.86 - - [26/Apr/2025:02:57:42 -0400] "GET /wp-includes/js/dist/hooks.min.js?ver=4d63a3d491d11ffd8ac6 HTTP/1.1" 200 1571 "-" "Mozilla/5.0 AppleWebKit/537.36 (KHTML, like Gecko; compatible; bingbot/2.0; +http://www.bing.com/bingbot.htm) Chrome/116.0.1938.76 Safari/537.36"
207.46.13.86 - - [26/Apr/2025:02:57:43 -0400] "GET /wp-includes/js/dist/i18n.min.js?ver=5e580eb46a90c2b997e6 HTTP/1.1" 200 3542 "-" "Mozilla/5.0 AppleWebKit/537.36 (KHTML, like Gecko; compatible; bingbot/2.0; +http://www.bing.com/bingbot.htm) Chrome/116.0.1938.76 Safari/537.36"
66.29.132.124 - - [26/Apr/2025:02:58:08 -0400] "POST /wp-cron.php?doing_wp_cron=1745650687.9391729831695556640625 HTTP/1.1" 200 0 "-" "WordPress/6.8; https://aiqaderm.com"
40.77.167.17 - - [26/Apr/2025:02:57:55 -0400] "GET /wp-content/plugins/WP%20PROTECTION/custom-script.js HTTP/1.1" 404 19395 "-" "Mozilla/5.0 AppleWebKit/537.36 (KHTML, like Gecko; compatible; bingbot/2.0; +http://www.bing.com/bingbot.htm) Chrome/116.0.1938.76 Safari/537.36"
40.77.167.17 - - [26/Apr/2025:02:58:10 -0400] "GET /wp-content/plugins/click-to-chat-for-whatsapp/new/inc/assets/css/main.css?ver=4.20 HTTP/1.1" 200 511 "-" "Mozilla/5.0 AppleWebKit/537.36 (KHTML, like Gecko; compatible; bingbot/2.0; +http://www.bing.com/bingbot.htm) Chrome/116.0.1938.76 Safari/537.36"
40.77.167.17 - - [26/Apr/2025:02:58:10 -0400] "GET /wp-content/plugins/contact-form-7/includes/css/styles.css?ver=6.0.6 HTTP/1.1" 200 890 "-" "Mozilla/5.0 AppleWebKit/537.36 (KHTML, like Gecko; compatible; bingbot/2.0; +http://www.bing.com/bingbot.htm) Chrome/116.0.1938.76 Safari/537.36"
