66.29.132.124 - - [26/Apr/2025:14:40:26 -0400] "POST /wp-admin/admin-ajax.php?action=async_litespeed&nonce=cq9iepEQ7usEUpLZMHTaMp28JKymakCZ&litespeed_type=imgoptm HTTP/1.1" 200 0 "-" "WordPress/6.8; https://aiqaderm.com"
93.114.185.78 - - [26/Apr/2025:14:40:35 -0400] "POST /xmlrpc.php HTTP/1.1" 200 403 "-" "Mozilla/5.0 (Windows NT 10.0; Win64; x64; rv:57.0) Gecko/20100101 Firefox/57.0"
78.110.50.106 - - [26/Apr/2025:14:40:40 -0400] "POST /xmlrpc.php HTTP/1.1" 200 403 "-" "Mozilla/5.0 (Windows NT 10.0; Win64; x64; rv:66.0) Gecko/20100101 Firefox/66.0"
66.29.132.124 - - [26/Apr/2025:14:40:59 -0400] "POST /wp-cron.php?doing_wp_cron=1745692859.0447859764099121093750 HTTP/1.1" 200 0 "-" "WordPress/6.8; https://aiqaderm.com"
95.216.187.215 - - [26/Apr/2025:14:40:58 -0400] "POST /xmlrpc.php HTTP/1.1" 200 403 "-" "Mozilla/5.0 (Windows NT 5.1; rv:33.0) Gecko/20100101 Firefox/33.0"
4.227.36.125 - - [26/Apr/2025:14:49:38 -0400] "GET /robots.txt HTTP/1.1" 200 139 "-" "Mozilla/5.0 AppleWebKit/537.36 (KHTML, like Gecko; compatible; GPTBot/1.2; +https://openai.com/gptbot)"
66.29.132.124 - - [26/Apr/2025:14:50:11 -0400] "POST /wp-cron.php?doing_wp_cron=1745693410.9541769027709960937500 HTTP/1.1" 200 0 "-" "WordPress/6.8; https://aiqaderm.com"
66.29.132.124 - - [26/Apr/2025:14:50:15 -0400] "POST /wp-admin/admin-ajax.php?action=async_litespeed&nonce=8YNUdKg5dYzCv5UA34oRXfsFBAQrgNpU&litespeed_type=imgoptm HTTP/1.1" 200 0 "-" "WordPress/6.8; https://aiqaderm.com"
20.171.207.198 - - [26/Apr/2025:14:49:53 -0400] "GET / HTTP/1.1" 500 15226 "-" "Mozilla/5.0 AppleWebKit/537.36 (KHTML, like Gecko; compatible; GPTBot/1.2; +https://openai.com/gptbot)"
20.171.207.198 - - [26/Apr/2025:14:55:15 -0400] "GET /wp-comments-post.php HTTP/1.1" 405 0 "-" "Mozilla/5.0 AppleWebKit/537.36 (KHTML, like Gecko; compatible; GPTBot/1.2; +https://openai.com/gptbot)"
66.29.132.124 - - [26/Apr/2025:14:55:52 -0400] "POST /wp-cron.php?doing_wp_cron=1745693752.8122880458831787109375 HTTP/1.1" 200 0 "-" "WordPress/6.8; https://aiqaderm.com"
20.171.207.198 - - [26/Apr/2025:14:55:38 -0400] "GET / HTTP/1.1" 500 15226 "-" "Mozilla/5.0 AppleWebKit/537.36 (KHTML, like Gecko; compatible; GPTBot/1.2; +https://openai.com/gptbot)"
66.29.132.124 - - [26/Apr/2025:14:55:54 -0400] "POST /wp-admin/admin-ajax.php?action=async_litespeed&nonce=32A1MwosSB8vBOiEYW868cDka3Okrjjt&litespeed_type=imgoptm HTTP/1.1" 200 0 "-" "WordPress/6.8; https://aiqaderm.com"
20.171.207.198 - - [26/Apr/2025:14:56:02 -0400] "GET /?p=261 HTTP/1.1" 301 0 "-" "Mozilla/5.0 AppleWebKit/537.36 (KHTML, like Gecko; compatible; GPTBot/1.2; +https://openai.com/gptbot)"
66.29.132.124 - - [26/Apr/2025:15:09:58 -0400] "POST /wp-cron.php?doing_wp_cron=1745694598.4458420276641845703125 HTTP/1.1" 200 0 "-" "WordPress/6.8; https://aiqaderm.com"
51.222.253.2 - - [26/Apr/2025:15:09:44 -0400] "GET /product-category/skin-dullness/?add-to-cart=75 HTTP/1.1" 200 22093 "-" "Mozilla/5.0 (compatible; AhrefsBot/7.0; +http://ahrefs.com/robot/)"
66.29.132.124 - - [26/Apr/2025:15:10:00 -0400] "POST /wp-admin/admin-ajax.php?action=async_litespeed&nonce=tUSWlEbegelx2noz1JLsB9yFLfOwW1rF&litespeed_type=imgoptm HTTP/1.1" 200 0 "-" "WordPress/6.8; https://aiqaderm.com"
72.14.201.116 - - [26/Apr/2025:15:33:00 -0400] "GET /product-category/hair-regrowth/ HTTP/1.1" 200 21858 "https://www.google.co.uk/" "Mozilla/5.0 (Linux; Android 10; K) AppleWebKit/537.36 (KHTML, like Gecko) Chrome/135.0.0.0 Safari/537.36"
182.188.106.114 - - [26/Apr/2025:15:33:06 -0400] "GET /wp-content/plugins/contact-form-7/includes/css/styles.css?ver=6.0.6 HTTP/1.1" 200 890 "https://aiqaderm.com/product-category/hair-regrowth/" "Mozilla/5.0 (Linux; Android 10; K) AppleWebKit/537.36 (KHTML, like Gecko) Chrome/135.0.0.0 Safari/537.36"
182.188.106.114 - - [26/Apr/2025:15:33:06 -0400] "GET /wp-content/themes/medibazar/assets/css//main.css?ver=1.0 HTTP/1.1" 200 40160 "https://aiqaderm.com/product-category/hair-regrowth/" "Mozilla/5.0 (Linux; Android 10; K) AppleWebKit/537.36 (KHTML, like Gecko) Chrome/135.0.0.0 Safari/537.36"
182.188.106.114 - - [26/Apr/2025:15:33:06 -0400] "GET /wp-content/themes/medibazar/assets/css//magnific-popup.css?ver=1.0 HTTP/1.1" 200 1660 "https://aiqaderm.com/product-category/hair-regrowth/" "Mozilla/5.0 (Linux; Android 10; K) AppleWebKit/537.36 (KHTML, like Gecko) Chrome/135.0.0.0 Safari/537.36"
182.188.106.114 - - [26/Apr/2025:15:33:06 -0400] "GET /wp-content/themes/medibazar/assets/css//responsive.css?ver=1.0 HTTP/1.1" 200 366 "https://aiqaderm.com/product-category/hair-regrowth/" "Mozilla/5.0 (Linux; Android 10; K) AppleWebKit/537.36 (KHTML, like Gecko) Chrome/135.0.0.0 Safari/537.36"
182.188.106.114 - - [26/Apr/2025:15:33:06 -0400] "GET /wp-content/themes/medibazar-child/style.css?ver=6.8 HTTP/1.1" 200 233 "https://aiqaderm.com/product-category/hair-regrowth/" "Mozilla/5.0 (Linux; Android 10; K) AppleWebKit/537.36 (KHTML, like Gecko) Chrome/135.0.0.0 Safari/537.36"
182.188.106.114 - - [26/Apr/2025:15:33:06 -0400] "GET /wp-content/themes/medibazar/assets/css//animate.min.css?ver=1.0 HTTP/1.1" 200 3780 "https://aiqaderm.com/product-category/hair-regrowth/" "Mozilla/5.0 (Linux; Android 10; K) AppleWebKit/537.36 (KHTML, like Gecko) Chrome/135.0.0.0 Safari/537.36"
182.188.106.114 - - [26/Apr/2025:15:33:06 -0400] "GET /wp-content/themes/medibazar/assets/css//fontawesome-all.min.css?ver=1.0 HTTP/1.1" 200 28884 "https://aiqaderm.com/product-category/hair-regrowth/" "Mozilla/5.0 (Linux; Android 10; K) AppleWebKit/537.36 (KHTML, like Gecko) Chrome/135.0.0.0 Safari/537.36"
182.188.106.114 - - [26/Apr/2025:15:33:06 -0400] "GET /wp-content/plugins/ti-woocommerce-wishlist/assets/css/public.min.css?ver=2.9.2 HTTP/1.1" 200 5295 "https://aiqaderm.com/product-category/hair-regrowth/" "Mozilla/5.0 (Linux; Android 10; K) AppleWebKit/537.36 (KHTML, like Gecko) Chrome/135.0.0.0 Safari/537.36"
182.188.106.114 - - [26/Apr/2025:15:33:06 -0400] "GET /wp-content/themes/medibazar/assets/css//slick.css?ver=1.0 HTTP/1.1" 200 483 "https://aiqaderm.com/product-category/hair-regrowth/" "Mozilla/5.0 (Linux; Android 10; K) AppleWebKit/537.36 (KHTML, like Gecko) Chrome/135.0.0.0 Safari/537.36"
182.188.106.114 - - [26/Apr/2025:15:33:06 -0400] "GET /wp-content/plugins/ti-woocommerce-wishlist/assets/css/webfont.min.css?ver=2.9.2 HTTP/1.1" 200 785 "https://aiqaderm.com/product-category/hair-regrowth/" "Mozilla/5.0 (Linux; Android 10; K) AppleWebKit/537.36 (KHTML, like Gecko) Chrome/135.0.0.0 Safari/537.36"
182.188.106.114 - - [26/Apr/2025:15:33:06 -0400] "GET /wp-content/themes/medibazar/assets/css//owl.carousel.min.css?ver=1.0 HTTP/1.1" 200 789 "https://aiqaderm.com/product-category/hair-regrowth/" "Mozilla/5.0 (Linux; Android 10; K) AppleWebKit/537.36 (KHTML, like Gecko) Chrome/135.0.0.0 Safari/537.36"
182.188.106.114 - - [26/Apr/2025:15:33:06 -0400] "GET /wp-content/themes/medibazar/assets/css//meanmenu.css?ver=1.0 HTTP/1.1" 200 942 "https://aiqaderm.com/product-category/hair-regrowth/" "Mozilla/5.0 (Linux; Android 10; K) AppleWebKit/537.36 (KHTML, like Gecko) Chrome/135.0.0.0 Safari/537.36"
182.188.106.114 - - [26/Apr/2025:15:33:06 -0400] "GET /wp-content/themes/medibazar/style.css?ver=6.8 HTTP/1.1" 200 13639 "https://aiqaderm.com/product-category/hair-regrowth/" "Mozilla/5.0 (Linux; Android 10; K) AppleWebKit/537.36 (KHTML, like Gecko) Chrome/135.0.0.0 Safari/537.36"
182.188.106.114 - - [26/Apr/2025:15:33:06 -0400] "GET /wp-content/themes/medibazar/assets/css//themify-icons.css?ver=1.0 HTTP/1.1" 200 2678 "https://aiqaderm.com/product-category/hair-regrowth/" "Mozilla/5.0 (Linux; Android 10; K) AppleWebKit/537.36 (KHTML, like Gecko) Chrome/135.0.0.0 Safari/537.36"
182.188.106.114 - - [26/Apr/2025:15:33:06 -0400] "GET /wp-content/plugins/woocommerce/assets/css/brands.css?ver=9.8.2 HTTP/1.1" 200 579 "https://aiqaderm.com/product-category/hair-regrowth/" "Mozilla/5.0 (Linux; Android 10; K) AppleWebKit/537.36 (KHTML, like Gecko) Chrome/135.0.0.0 Safari/537.36"
182.188.106.114 - - [26/Apr/2025:15:33:07 -0400] "GET /wp-content/themes/medibazar-child/style.css?ver=1.8.9 HTTP/1.1" 200 233 "https://aiqaderm.com/product-category/hair-regrowth/" "Mozilla/5.0 (Linux; Android 10; K) AppleWebKit/537.36 (KHTML, like Gecko) Chrome/135.0.0.0 Safari/537.36"
182.188.106.114 - - [26/Apr/2025:15:33:07 -0400] "GET /wp-content/plugins/revslider/public/css/sr7.css?ver=6.7.23 HTTP/1.1" 200 1266 "https://aiqaderm.com/product-category/hair-regrowth/" "Mozilla/5.0 (Linux; Android 10; K) AppleWebKit/537.36 (KHTML, like Gecko) Chrome/135.0.0.0 Safari/537.36"
182.188.106.114 - - [26/Apr/2025:15:33:07 -0400] "GET /wp-content/plugins/woocommerce/assets/js/jquery-blockui/jquery.blockUI.min.js?ver=2.7.0-wc.9.8.2 HTTP/1.1" 200 3277 "https://aiqaderm.com/product-category/hair-regrowth/" "Mozilla/5.0 (Linux; Android 10; K) AppleWebKit/537.36 (KHTML, like Gecko) Chrome/135.0.0.0 Safari/537.36"
182.188.106.114 - - [26/Apr/2025:15:33:07 -0400] "GET /wp-includes/js/jquery/jquery-migrate.min.js?ver=3.4.1 HTTP/1.1" 200 4678 "https://aiqaderm.com/product-category/hair-regrowth/" "Mozilla/5.0 (Linux; Android 10; K) AppleWebKit/537.36 (KHTML, like Gecko) Chrome/135.0.0.0 Safari/537.36"
182.188.106.114 - - [26/Apr/2025:15:33:07 -0400] "GET /wp-content/plugins/ti-woocommerce-wishlist/assets/fonts/tinvwl-webfont.woff2?ver=xu2uyi HTTP/1.1" 200 4404 "https://aiqaderm.com/product-category/hair-regrowth/" "Mozilla/5.0 (Linux; Android 10; K) AppleWebKit/537.36 (KHTML, like Gecko) Chrome/135.0.0.0 Safari/537.36"
182.188.106.114 - - [26/Apr/2025:15:33:07 -0400] "GET /wp-content/themes/medibazar/includes/pjax/js/helpers.js?ver=1.0 HTTP/1.1" 200 228 "https://aiqaderm.com/product-category/hair-regrowth/" "Mozilla/5.0 (Linux; Android 10; K) AppleWebKit/537.36 (KHTML, like Gecko) Chrome/135.0.0.0 Safari/537.36"
182.188.106.114 - - [26/Apr/2025:15:33:07 -0400] "GET /wp-content/plugins/woocommerce/assets/js/js-cookie/js.cookie.min.js?ver=2.1.4-wc.9.8.2 HTTP/1.1" 200 760 "https://aiqaderm.com/product-category/hair-regrowth/" "Mozilla/5.0 (Linux; Android 10; K) AppleWebKit/537.36 (KHTML, like Gecko) Chrome/135.0.0.0 Safari/537.36"
182.188.106.114 - - [26/Apr/2025:15:33:07 -0400] "GET /wp-includes/js/jquery/jquery.min.js?ver=3.7.1 HTTP/1.1" 200 29744 "https://aiqaderm.com/product-category/hair-regrowth/" "Mozilla/5.0 (Linux; Android 10; K) AppleWebKit/537.36 (KHTML, like Gecko) Chrome/135.0.0.0 Safari/537.36"
182.188.106.114 - - [26/Apr/2025:15:33:07 -0400] "GET /wp-includes/css/dist/block-library/style.min.css?ver=6.8 HTTP/1.1" 200 14358 "-" "Mozilla/5.0 (Linux; Android 10; K) AppleWebKit/537.36 (KHTML, like Gecko) Chrome/135.0.0.0 Safari/537.36"
182.188.106.114 - - [26/Apr/2025:15:33:07 -0400] "GET /wp-content/plugins/instagram-feed/css/sbi-styles.min.css?ver=6.8.0 HTTP/1.1" 200 8171 "-" "Mozilla/5.0 (Linux; Android 10; K) AppleWebKit/537.36 (KHTML, like Gecko) Chrome/135.0.0.0 Safari/537.36"
182.188.106.114 - - [26/Apr/2025:15:33:07 -0400] "GET /wp-content/plugins/click-to-chat-for-whatsapp/new/inc/assets/css/main.css?ver=4.20 HTTP/1.1" 200 511 "-" "Mozilla/5.0 (Linux; Android 10; K) AppleWebKit/537.36 (KHTML, like Gecko) Chrome/135.0.0.0 Safari/537.36"
182.188.106.114 - - [26/Apr/2025:15:33:07 -0400] "GET /wp-content/uploads/2024/12/aiqaderm-logo-png-e1733748377144.png HTTP/1.1" 200 44503 "https://aiqaderm.com/product-category/hair-regrowth/" "Mozilla/5.0 (Linux; Android 10; K) AppleWebKit/537.36 (KHTML, like Gecko) Chrome/135.0.0.0 Safari/537.36"
182.188.106.114 - - [26/Apr/2025:15:33:07 -0400] "GET /wp-content/uploads/2020/10/c-1.png HTTP/1.1" 200 55294 "https://aiqaderm.com/product-category/hair-regrowth/" "Mozilla/5.0 (Linux; Android 10; K) AppleWebKit/537.36 (KHTML, like Gecko) Chrome/135.0.0.0 Safari/537.36"
182.188.106.114 - - [26/Apr/2025:15:33:08 -0400] "GET /wp-content/plugins/woocommerce/assets/css/brands.css?ver=9.8.1 HTTP/1.1" 200 579 "-" "Mozilla/5.0 (Linux; Android 10; K) AppleWebKit/537.36 (KHTML, like Gecko) Chrome/135.0.0.0 Safari/537.36"
182.188.106.114 - - [26/Apr/2025:15:33:08 -0400] "GET /wp-content/uploads/2024/12/25.png HTTP/1.1" 200 221530 "https://aiqaderm.com/product-category/hair-regrowth/" "Mozilla/5.0 (Linux; Android 10; K) AppleWebKit/537.36 (KHTML, like Gecko) Chrome/135.0.0.0 Safari/537.36"
182.188.106.114 - - [26/Apr/2025:15:33:08 -0400] "GET /wp-content/uploads/2024/12/2-3.png HTTP/1.1" 200 232254 "https://aiqaderm.com/product-category/hair-regrowth/" "Mozilla/5.0 (Linux; Android 10; K) AppleWebKit/537.36 (KHTML, like Gecko) Chrome/135.0.0.0 Safari/537.36"
182.188.106.114 - - [26/Apr/2025:15:33:08 -0400] "GET /wp-content/uploads/2024/12/30.png HTTP/1.1" 200 207806 "https://aiqaderm.com/product-category/hair-regrowth/" "Mozilla/5.0 (Linux; Android 10; K) AppleWebKit/537.36 (KHTML, like Gecko) Chrome/135.0.0.0 Safari/537.36"
182.188.106.114 - - [26/Apr/2025:15:33:08 -0400] "GET /wp-content/plugins/woocommerce/assets/client/blocks/wc-blocks.css?ver=wc-9.8.2 HTTP/1.1" 200 2282 "https://aiqaderm.com/product-category/hair-regrowth/" "Mozilla/5.0 (Linux; Android 10; K) AppleWebKit/537.36 (KHTML, like Gecko) Chrome/135.0.0.0 Safari/537.36"
182.188.106.114 - - [26/Apr/2025:15:33:08 -0400] "GET /wp-content/plugins/click-to-chat-for-whatsapp/new/inc/assets/js/app.js?ver=4.20 HTTP/1.1" 200 2906 "https://aiqaderm.com/product-category/hair-regrowth/" "Mozilla/5.0 (Linux; Android 10; K) AppleWebKit/537.36 (KHTML, like Gecko) Chrome/135.0.0.0 Safari/537.36"
182.188.106.114 - - [26/Apr/2025:15:33:09 -0400] "GET /wp-includes/js/dist/i18n.min.js?ver=5e580eb46a90c2b997e6 HTTP/1.1" 200 3542 "https://aiqaderm.com/product-category/hair-regrowth/" "Mozilla/5.0 (Linux; Android 10; K) AppleWebKit/537.36 (KHTML, like Gecko) Chrome/135.0.0.0 Safari/537.36"
182.188.106.114 - - [26/Apr/2025:15:33:09 -0400] "GET /wp-content/plugins/contact-form-7/includes/swv/js/index.js?ver=6.0.6 HTTP/1.1" 200 3369 "https://aiqaderm.com/product-category/hair-regrowth/" "Mozilla/5.0 (Linux; Android 10; K) AppleWebKit/537.36 (KHTML, like Gecko) Chrome/135.0.0.0 Safari/537.36"
182.188.106.114 - - [26/Apr/2025:15:33:09 -0400] "GET /wp-includes/js/dist/hooks.min.js?ver=4d63a3d491d11ffd8ac6 HTTP/1.1" 200 1571 "https://aiqaderm.com/product-category/hair-regrowth/" "Mozilla/5.0 (Linux; Android 10; K) AppleWebKit/537.36 (KHTML, like Gecko) Chrome/135.0.0.0 Safari/537.36"
182.188.106.114 - - [26/Apr/2025:15:33:09 -0400] "GET /wp-content/plugins/contact-form-7/includes/js/index.js?ver=6.0.6 HTTP/1.1" 200 4008 "https://aiqaderm.com/product-category/hair-regrowth/" "Mozilla/5.0 (Linux; Android 10; K) AppleWebKit/537.36 (KHTML, like Gecko) Chrome/135.0.0.0 Safari/537.36"
182.188.106.114 - - [26/Apr/2025:15:33:09 -0400] "GET /wp-content/plugins/ti-woocommerce-wishlist/assets/js/public.min.js?ver=2.9.2 HTTP/1.1" 200 5635 "https://aiqaderm.com/product-category/hair-regrowth/" "Mozilla/5.0 (Linux; Android 10; K) AppleWebKit/537.36 (KHTML, like Gecko) Chrome/135.0.0.0 Safari/537.36"
182.188.106.114 - - [26/Apr/2025:15:33:09 -0400] "GET /wp-content/plugins/woocommerce/assets/js/frontend/cart-fragments.min.js?ver=9.8.2 HTTP/1.1" 200 943 "https://aiqaderm.com/product-category/hair-regrowth/" "Mozilla/5.0 (Linux; Android 10; K) AppleWebKit/537.36 (KHTML, like Gecko) Chrome/135.0.0.0 Safari/537.36"
182.188.106.114 - - [26/Apr/2025:15:33:09 -0400] "GET /wp-content/themes/medibazar/assets/js//popper.min.js?ver=1.0 HTTP/1.1" 200 6948 "https://aiqaderm.com/product-category/hair-regrowth/" "Mozilla/5.0 (Linux; Android 10; K) AppleWebKit/537.36 (KHTML, like Gecko) Chrome/135.0.0.0 Safari/537.36"
182.188.106.114 - - [26/Apr/2025:15:33:09 -0400] "GET /wp-content/themes/medibazar/assets/js//vendor/modernizr-3.5.0.min.js?ver=1.0 HTTP/1.1" 200 3395 "https://aiqaderm.com/product-category/hair-regrowth/" "Mozilla/5.0 (Linux; Android 10; K) AppleWebKit/537.36 (KHTML, like Gecko) Chrome/135.0.0.0 Safari/537.36"
182.188.106.114 - - [26/Apr/2025:15:33:09 -0400] "GET /wp-content/themes/medibazar/assets/js//bootstrap.min.js?ver=1.0 HTTP/1.1" 200 13430 "https://aiqaderm.com/product-category/hair-regrowth/" "Mozilla/5.0 (Linux; Android 10; K) AppleWebKit/537.36 (KHTML, like Gecko) Chrome/135.0.0.0 Safari/537.36"
182.188.106.114 - - [26/Apr/2025:15:33:09 -0400] "GET /wp-content/themes/medibazar/assets/js//owl.carousel.min.js?ver=1.0 HTTP/1.1" 200 10691 "https://aiqaderm.com/product-category/hair-regrowth/" "Mozilla/5.0 (Linux; Android 10; K) AppleWebKit/537.36 (KHTML, like Gecko) Chrome/135.0.0.0 Safari/537.36"
182.188.106.114 - - [26/Apr/2025:15:33:09 -0400] "GET /wp-content/themes/medibazar/assets/js//isotope.pkgd.min.js?ver=1.0 HTTP/1.1" 200 9626 "https://aiqaderm.com/product-category/hair-regrowth/" "Mozilla/5.0 (Linux; Android 10; K) AppleWebKit/537.36 (KHTML, like Gecko) Chrome/135.0.0.0 Safari/537.36"
182.188.106.114 - - [26/Apr/2025:15:33:09 -0400] "GET /wp-content/themes/medibazar/assets/js//slick.min.js?ver=1.0 HTTP/1.1" 200 10097 "https://aiqaderm.com/product-category/hair-regrowth/" "Mozilla/5.0 (Linux; Android 10; K) AppleWebKit/537.36 (KHTML, like Gecko) Chrome/135.0.0.0 Safari/537.36"
182.188.106.114 - - [26/Apr/2025:15:33:09 -0400] "GET /wp-content/themes/medibazar/assets/js//jquery.appear.js?ver=1.0 HTTP/1.1" 200 1159 "https://aiqaderm.com/product-category/hair-regrowth/" "Mozilla/5.0 (Linux; Android 10; K) AppleWebKit/537.36 (KHTML, like Gecko) Chrome/135.0.0.0 Safari/537.36"
182.188.106.114 - - [26/Apr/2025:15:33:09 -0400] "GET /wp-content/themes/medibazar/assets/js//wow.min.js?ver=1.0 HTTP/1.1" 200 2572 "https://aiqaderm.com/product-category/hair-regrowth/" "Mozilla/5.0 (Linux; Android 10; K) AppleWebKit/537.36 (KHTML, like Gecko) Chrome/135.0.0.0 Safari/537.36"
182.188.106.114 - - [26/Apr/2025:15:33:09 -0400] "GET /wp-content/themes/medibazar/assets/js//jquery.countdown.min.js?ver=1.0 HTTP/1.1" 200 2244 "https://aiqaderm.com/product-category/hair-regrowth/" "Mozilla/5.0 (Linux; Android 10; K) AppleWebKit/537.36 (KHTML, like Gecko) Chrome/135.0.0.0 Safari/537.36"
182.188.106.114 - - [26/Apr/2025:15:33:09 -0400] "GET /wp-content/themes/medibazar/assets/js//waypoints.min.js?ver=1.0 HTTP/1.1" 200 2461 "https://aiqaderm.com/product-category/hair-regrowth/" "Mozilla/5.0 (Linux; Android 10; K) AppleWebKit/537.36 (KHTML, like Gecko) Chrome/135.0.0.0 Safari/537.36"
182.188.106.114 - - [26/Apr/2025:15:33:09 -0400] "GET /wp-content/themes/medibazar/assets/js//jquery.meanmenu.min.js?ver=1.0 HTTP/1.1" 200 1302 "https://aiqaderm.com/product-category/hair-regrowth/" "Mozilla/5.0 (Linux; Android 10; K) AppleWebKit/537.36 (KHTML, like Gecko) Chrome/135.0.0.0 Safari/537.36"
182.188.106.114 - - [26/Apr/2025:15:33:09 -0400] "GET /wp-content/themes/medibazar/assets/js//jquery.knob.js?ver=1.0 HTTP/1.1" 200 5731 "https://aiqaderm.com/product-category/hair-regrowth/" "Mozilla/5.0 (Linux; Android 10; K) AppleWebKit/537.36 (KHTML, like Gecko) Chrome/135.0.0.0 Safari/537.36"
182.188.106.114 - - [26/Apr/2025:15:33:09 -0400] "GET /wp-content/themes/medibazar/assets/js//jquery.magnific-popup.min.js?ver=1.0 HTTP/1.1" 200 7043 "https://aiqaderm.com/product-category/hair-regrowth/" "Mozilla/5.0 (Linux; Android 10; K) AppleWebKit/537.36 (KHTML, like Gecko) Chrome/135.0.0.0 Safari/537.36"
182.188.106.114 - - [26/Apr/2025:15:33:09 -0400] "GET /wp-content/themes/medibazar/assets/js/custom/quick_ajax.js?ver=1.0.0 HTTP/1.1" 200 812 "https://aiqaderm.com/product-category/hair-regrowth/" "Mozilla/5.0 (Linux; Android 10; K) AppleWebKit/537.36 (KHTML, like Gecko) Chrome/135.0.0.0 Safari/537.36"
182.188.106.114 - - [26/Apr/2025:15:33:09 -0400] "GET /wp-content/themes/medibazar/assets/js//jquery.scrollUp.min.js?ver=1.0 HTTP/1.1" 200 853 "https://aiqaderm.com/product-category/hair-regrowth/" "Mozilla/5.0 (Linux; Android 10; K) AppleWebKit/537.36 (KHTML, like Gecko) Chrome/135.0.0.0 Safari/537.36"
182.188.106.114 - - [26/Apr/2025:15:33:09 -0400] "GET /wp-content/plugins/woocommerce/assets/js/sourcebuster/sourcebuster.min.js?ver=9.8.2 HTTP/1.1" 200 4609 "https://aiqaderm.com/product-category/hair-regrowth/" "Mozilla/5.0 (Linux; Android 10; K) AppleWebKit/537.36 (KHTML, like Gecko) Chrome/135.0.0.0 Safari/537.36"
182.188.106.114 - - [26/Apr/2025:15:33:09 -0400] "GET /wp-includes/js/jquery/ui/core.min.js?ver=1.13.3 HTTP/1.1" 200 6812 "https://aiqaderm.com/product-category/hair-regrowth/" "Mozilla/5.0 (Linux; Android 10; K) AppleWebKit/537.36 (KHTML, like Gecko) Chrome/135.0.0.0 Safari/537.36"
182.188.106.114 - - [26/Apr/2025:15:33:09 -0400] "GET /wp-content/themes/medibazar/assets/js//plugins.js?ver=1.0 HTTP/1.1" 200 333 "https://aiqaderm.com/product-category/hair-regrowth/" "Mozilla/5.0 (Linux; Android 10; K) AppleWebKit/537.36 (KHTML, like Gecko) Chrome/135.0.0.0 Safari/537.36"
182.188.106.114 - - [26/Apr/2025:15:33:09 -0400] "GET /wp-content/themes/medibazar/assets/js//main.js?ver=1.0 HTTP/1.1" 200 2640 "https://aiqaderm.com/product-category/hair-regrowth/" "Mozilla/5.0 (Linux; Android 10; K) AppleWebKit/537.36 (KHTML, like Gecko) Chrome/135.0.0.0 Safari/537.36"
182.188.106.114 - - [26/Apr/2025:15:33:09 -0400] "GET /wp-content/themes/medibazar/assets/js//jquery.counterup.min.js?ver=1.0 HTTP/1.1" 200 496 "https://aiqaderm.com/product-category/hair-regrowth/" "Mozilla/5.0 (Linux; Android 10; K) AppleWebKit/537.36 (KHTML, like Gecko) Chrome/135.0.0.0 Safari/537.36"
182.188.106.114 - - [26/Apr/2025:15:33:09 -0400] "GET /wp-content/plugins/woocommerce/assets/js/frontend/order-attribution.min.js?ver=9.8.2 HTTP/1.1" 200 1006 "https://aiqaderm.com/product-category/hair-regrowth/" "Mozilla/5.0 (Linux; Android 10; K) AppleWebKit/537.36 (KHTML, like Gecko) Chrome/135.0.0.0 Safari/537.36"
182.188.106.114 - - [26/Apr/2025:15:33:09 -0400] "GET /wp-includes/js/jquery/ui/mouse.min.js?ver=1.13.3 HTTP/1.1" 200 1012 "https://aiqaderm.com/product-category/hair-regrowth/" "Mozilla/5.0 (Linux; Android 10; K) AppleWebKit/537.36 (KHTML, like Gecko) Chrome/135.0.0.0 Safari/537.36"
182.188.106.114 - - [26/Apr/2025:15:33:09 -0400] "GET /wp-includes/js/jquery/ui/slider.min.js?ver=1.13.3 HTTP/1.1" 200 3010 "https://aiqaderm.com/product-category/hair-regrowth/" "Mozilla/5.0 (Linux; Android 10; K) AppleWebKit/537.36 (KHTML, like Gecko) Chrome/135.0.0.0 Safari/537.36"
182.188.106.114 - - [26/Apr/2025:15:33:09 -0400] "GET /wp-content/plugins/woocommerce/assets/js/jquery-ui-touch-punch/jquery-ui-touch-punch.min.js?ver=9.8.2 HTTP/1.1" 200 529 "https://aiqaderm.com/product-category/hair-regrowth/" "Mozilla/5.0 (Linux; Android 10; K) AppleWebKit/537.36 (KHTML, like Gecko) Chrome/135.0.0.0 Safari/537.36"
182.188.106.114 - - [26/Apr/2025:15:33:09 -0400] "GET /wp-content/plugins/woocommerce/assets/js/frontend/price-slider.min.js?ver=9.8.2 HTTP/1.1" 200 538 "https://aiqaderm.com/product-category/hair-regrowth/" "Mozilla/5.0 (Linux; Android 10; K) AppleWebKit/537.36 (KHTML, like Gecko) Chrome/135.0.0.0 Safari/537.36"
182.188.106.114 - - [26/Apr/2025:15:33:09 -0400] "GET /wp-content/plugins/woocommerce/assets/js/frontend/add-to-cart.min.js?ver=9.8.2 HTTP/1.1" 200 1225 "https://aiqaderm.com/product-category/hair-regrowth/" "Mozilla/5.0 (Linux; Android 10; K) AppleWebKit/537.36 (KHTML, like Gecko) Chrome/135.0.0.0 Safari/537.36"
182.188.106.114 - - [26/Apr/2025:15:33:09 -0400] "GET /wp-content/plugins/woocommerce/assets/js/frontend/woocommerce.min.js?ver=9.8.2 HTTP/1.1" 200 1241 "https://aiqaderm.com/product-category/hair-regrowth/" "Mozilla/5.0 (Linux; Android 10; K) AppleWebKit/537.36 (KHTML, like Gecko) Chrome/135.0.0.0 Safari/537.36"
182.188.106.114 - - [26/Apr/2025:15:33:09 -0400] "GET /wp-content/plugins/woocommerce/assets/js/accounting/accounting.min.js?ver=0.4.2 HTTP/1.1" 200 1321 "https://aiqaderm.com/product-category/hair-regrowth/" "Mozilla/5.0 (Linux; Android 10; K) AppleWebKit/537.36 (KHTML, like Gecko) Chrome/135.0.0.0 Safari/537.36"
182.188.106.114 - - [26/Apr/2025:15:33:09 -0400] "GET /wp-content/uploads/2020/09/22.png HTTP/1.1" 200 223101 "https://aiqaderm.com/product-category/hair-regrowth/" "Mozilla/5.0 (Linux; Android 10; K) AppleWebKit/537.36 (KHTML, like Gecko) Chrome/135.0.0.0 Safari/537.36"
182.188.106.114 - - [26/Apr/2025:15:33:09 -0400] "GET /wp-content/plugins/revslider/public/js/sr7.js?ver=6.7.23 HTTP/1.1" 200 88089 "https://aiqaderm.com/product-category/hair-regrowth/" "Mozilla/5.0 (Linux; Android 10; K) AppleWebKit/537.36 (KHTML, like Gecko) Chrome/135.0.0.0 Safari/537.36"
182.188.106.114 - - [26/Apr/2025:15:33:09 -0400] "GET /wp-content/plugins/revslider/public/js/libs/tptools.js?ver=6.7.23 HTTP/1.1" 200 72603 "https://aiqaderm.com/product-category/hair-regrowth/" "Mozilla/5.0 (Linux; Android 10; K) AppleWebKit/537.36 (KHTML, like Gecko) Chrome/135.0.0.0 Safari/537.36"
182.188.106.114 - - [26/Apr/2025:15:33:09 -0400] "GET /wp-content/themes/medibazar/assets/img/preloader.gif HTTP/1.1" 200 7241 "https://aiqaderm.com/wp-content/themes/medibazar/style.css?ver=6.8" "Mozilla/5.0 (Linux; Android 10; K) AppleWebKit/537.36 (KHTML, like Gecko) Chrome/135.0.0.0 Safari/537.36"
66.249.93.73 - - [26/Apr/2025:15:33:00 -0400] "GET /.well-known/traffic-advice HTTP/1.1" 200 0 "-" "Chrome Privacy Preserving Prefetch Proxy"
182.188.106.114 - - [26/Apr/2025:15:33:09 -0400] "GET /wp-content/uploads/2020/10/breadcrumb.jpg HTTP/1.1" 200 239743 "https://aiqaderm.com/product-category/hair-regrowth/" "Mozilla/5.0 (Linux; Android 10; K) AppleWebKit/537.36 (KHTML, like Gecko) Chrome/135.0.0.0 Safari/537.36"
182.188.106.114 - - [26/Apr/2025:15:33:09 -0400] "GET /wp-content/themes/medibazar/assets/css/fonts/fa-regular-400.woff2 HTTP/1.1" 200 145076 "https://aiqaderm.com/wp-content/themes/medibazar/assets/css//fontawesome-all.min.css?ver=1.0" "Mozilla/5.0 (Linux; Android 10; K) AppleWebKit/537.36 (KHTML, like Gecko) Chrome/135.0.0.0 Safari/537.36"
182.188.106.114 - - [26/Apr/2025:15:33:09 -0400] "GET /wp-content/themes/medibazar/assets/css/fonts/CerebriSans-SemiBold.woff2 HTTP/1.1" 200 27328 "https://aiqaderm.com/wp-content/themes/medibazar/assets/css//main.css?ver=1.0" "Mozilla/5.0 (Linux; Android 10; K) AppleWebKit/537.36 (KHTML, like Gecko) Chrome/135.0.0.0 Safari/537.36"
182.188.106.114 - - [26/Apr/2025:15:33:09 -0400] "GET /wp-content/themes/medibazar/assets/css/fonts/fa-brands-400.woff2 HTTP/1.1" 200 74800 "https://aiqaderm.com/wp-content/themes/medibazar/assets/css//fontawesome-all.min.css?ver=1.0" "Mozilla/5.0 (Linux; Android 10; K) AppleWebKit/537.36 (KHTML, like Gecko) Chrome/135.0.0.0 Safari/537.36"
182.188.106.114 - - [26/Apr/2025:15:33:09 -0400] "GET /wp-content/themes/medibazar/assets/css/fonts/fa-solid-900.woff2 HTTP/1.1" 200 117536 "https://aiqaderm.com/wp-content/themes/medibazar/assets/css//fontawesome-all.min.css?ver=1.0" "Mozilla/5.0 (Linux; Android 10; K) AppleWebKit/537.36 (KHTML, like Gecko) Chrome/135.0.0.0 Safari/537.36"
182.188.106.114 - - [26/Apr/2025:15:33:09 -0400] "GET /wp-content/themes/medibazar/assets/css/fonts/CerebriSans-Bold.woff2 HTTP/1.1" 200 27516 "https://aiqaderm.com/wp-content/themes/medibazar/assets/css//main.css?ver=1.0" "Mozilla/5.0 (Linux; Android 10; K) AppleWebKit/537.36 (KHTML, like Gecko) Chrome/135.0.0.0 Safari/537.36"
182.188.106.114 - - [26/Apr/2025:15:33:09 -0400] "GET /wp-content/themes/medibazar/assets/css/fonts/CerebriSans-Regular.woff2 HTTP/1.1" 200 27464 "https://aiqaderm.com/wp-content/themes/medibazar/assets/css//main.css?ver=1.0" "Mozilla/5.0 (Linux; Android 10; K) AppleWebKit/537.36 (KHTML, like Gecko) Chrome/135.0.0.0 Safari/537.36"
182.188.106.114 - - [26/Apr/2025:15:33:09 -0400] "GET /wp-content/themes/medibazar/assets/css/fonts/CerebriSans-Medium.woff2 HTTP/1.1" 200 27656 "https://aiqaderm.com/wp-content/themes/medibazar/assets/css//main.css?ver=1.0" "Mozilla/5.0 (Linux; Android 10; K) AppleWebKit/537.36 (KHTML, like Gecko) Chrome/135.0.0.0 Safari/537.36"
66.29.132.124 - - [26/Apr/2025:15:33:12 -0400] "POST /wp-cron.php?doing_wp_cron=1745695992.8009090423583984375000 HTTP/1.1" 200 0 "-" "WordPress/6.8; https://aiqaderm.com"
66.29.132.124 - - [26/Apr/2025:15:33:12 -0400] "POST /wp-cron.php?doing_wp_cron=1745695992.7987029552459716796875 HTTP/1.1" 200 0 "-" "WordPress/6.8; https://aiqaderm.com"
182.188.106.114 - - [26/Apr/2025:15:33:08 -0400] "GET /wp-content/plugins/WP%20PROTECTION/custom-script.js HTTP/1.1" 404 19395 "https://aiqaderm.com/product-category/hair-regrowth/" "Mozilla/5.0 (Linux; Android 10; K) AppleWebKit/537.36 (KHTML, like Gecko) Chrome/135.0.0.0 Safari/537.36"
182.188.106.114 - - [26/Apr/2025:15:33:14 -0400] "GET /wp-content/themes/medibazar/assets/css/fonts/fa-light-300.woff2 HTTP/1.1" 200 157064 "https://aiqaderm.com/wp-content/themes/medibazar/assets/css//fontawesome-all.min.css?ver=1.0" "Mozilla/5.0 (Linux; Android 10; K) AppleWebKit/537.36 (KHTML, like Gecko) Chrome/135.0.0.0 Safari/537.36"
66.29.132.124 - - [26/Apr/2025:15:33:14 -0400] "POST /wp-admin/admin-ajax.php?action=async_litespeed&nonce=4xUTOQzruhKJXVccl6JkEisZ28xqFnhp&litespeed_type=imgoptm HTTP/1.1" 200 0 "-" "WordPress/6.8; https://aiqaderm.com"
182.188.106.114 - - [26/Apr/2025:15:33:15 -0400] "GET /wp-content/uploads/2024/12/cropped-png-icon-aiqa-1-192x192.png HTTP/1.1" 200 13784 "https://aiqaderm.com/product-category/hair-regrowth/" "Mozilla/5.0 (Linux; Android 10; K) AppleWebKit/537.36 (KHTML, like Gecko) Chrome/135.0.0.0 Safari/537.36"
182.188.106.114 - - [26/Apr/2025:15:33:15 -0400] "GET /wp-content/uploads/2024/12/cropped-png-icon-aiqa-1-180x180.png HTTP/1.1" 200 12688 "https://aiqaderm.com/product-category/hair-regrowth/" "Mozilla/5.0 (Linux; Android 10; K) AppleWebKit/537.36 (KHTML, like Gecko) Chrome/135.0.0.0 Safari/537.36"
182.188.106.114 - - [26/Apr/2025:15:33:15 -0400] "POST /?wc-ajax=get_refreshed_fragments HTTP/1.1" 200 493 "https://aiqaderm.com/product-category/hair-regrowth/" "Mozilla/5.0 (Linux; Android 10; K) AppleWebKit/537.36 (KHTML, like Gecko) Chrome/135.0.0.0 Safari/537.36"
182.188.106.114 - - [26/Apr/2025:15:33:16 -0400] "POST /?wc-ajax=tinvwl HTTP/1.1" 200 559 "https://aiqaderm.com/product-category/hair-regrowth/" "Mozilla/5.0 (Linux; Android 10; K) AppleWebKit/537.36 (KHTML, like Gecko) Chrome/135.0.0.0 Safari/537.36"
182.188.106.114 - - [26/Apr/2025:15:33:16 -0400] "GET / HTTP/1.1" 500 15227 "https://aiqaderm.com/product-category/hair-regrowth/" "Mozilla/5.0 (Linux; Android 10; K) AppleWebKit/537.36 (KHTML, like Gecko) Chrome/135.0.0.0 Safari/537.36"
182.188.106.114 - - [26/Apr/2025:15:33:19 -0400] "GET /product-category/uncategorized/ HTTP/1.1" 200 21604 "https://aiqaderm.com/product-category/hair-regrowth/" "Mozilla/5.0 (Linux; Android 10; K) AppleWebKit/537.36 (KHTML, like Gecko) Chrome/135.0.0.0 Safari/537.36"
66.29.132.124 - - [26/Apr/2025:15:33:25 -0400] "POST /wp-cron.php?doing_wp_cron=1745696005.7640380859375000000000 HTTP/1.1" 200 0 "-" "WordPress/6.8; https://aiqaderm.com"
182.188.106.114 - - [26/Apr/2025:15:33:24 -0400] "GET /product/aiqa-grow-hair-shampoo/ HTTP/1.1" 200 24359 "https://aiqaderm.com/product-category/hair-regrowth/" "Mozilla/5.0 (Linux; Android 10; K) AppleWebKit/537.36 (KHTML, like Gecko) Chrome/135.0.0.0 Safari/537.36"
66.29.132.124 - - [26/Apr/2025:15:33:27 -0400] "POST /wp-admin/admin-ajax.php?action=async_litespeed&nonce=ecfcxeXiQnDRa6QacuNK9AKV3HSZo44Q&litespeed_type=imgoptm HTTP/1.1" 200 21 "-" "WordPress/6.8; https://aiqaderm.com"
182.188.106.114 - - [26/Apr/2025:15:33:29 -0400] "GET /product/aiqa-grow-hair-serum/ HTTP/1.1" 200 24611 "https://aiqaderm.com/product-category/hair-regrowth/" "Mozilla/5.0 (Linux; Android 10; K) AppleWebKit/537.36 (KHTML, like Gecko) Chrome/135.0.0.0 Safari/537.36"
182.188.106.114 - - [26/Apr/2025:15:33:30 -0400] "GET /wp-content/plugins/woocommerce/assets/css/photoswipe/photoswipe.min.css?ver=9.8.2 HTTP/1.1" 200 857 "https://aiqaderm.com/product/aiqa-grow-hair-serum/" "Mozilla/5.0 (Linux; Android 10; K) AppleWebKit/537.36 (KHTML, like Gecko) Chrome/135.0.0.0 Safari/537.36"
182.188.106.114 - - [26/Apr/2025:15:33:30 -0400] "GET /wp-content/plugins/woocommerce/assets/css/photoswipe/default-skin/default-skin.min.css?ver=9.8.2 HTTP/1.1" 200 1759 "https://aiqaderm.com/product/aiqa-grow-hair-serum/" "Mozilla/5.0 (Linux; Android 10; K) AppleWebKit/537.36 (KHTML, like Gecko) Chrome/135.0.0.0 Safari/537.36"
182.188.106.114 - - [26/Apr/2025:15:33:30 -0400] "GET /wp-content/uploads/2020/09/21-600x600.png HTTP/1.1" 200 63501 "https://aiqaderm.com/product/aiqa-grow-hair-serum/" "Mozilla/5.0 (Linux; Android 10; K) AppleWebKit/537.36 (KHTML, like Gecko) Chrome/135.0.0.0 Safari/537.36"
182.188.106.114 - - [26/Apr/2025:15:33:30 -0400] "GET /wp-content/uploads/2020/09/22-600x600.png HTTP/1.1" 200 86094 "https://aiqaderm.com/product/aiqa-grow-hair-serum/" "Mozilla/5.0 (Linux; Android 10; K) AppleWebKit/537.36 (KHTML, like Gecko) Chrome/135.0.0.0 Safari/537.36"
182.188.106.114 - - [26/Apr/2025:15:33:30 -0400] "GET /wp-content/uploads/2020/09/2-600x600.png HTTP/1.1" 200 83600 "https://aiqaderm.com/product/aiqa-grow-hair-serum/" "Mozilla/5.0 (Linux; Android 10; K) AppleWebKit/537.36 (KHTML, like Gecko) Chrome/135.0.0.0 Safari/537.36"
182.188.106.114 - - [26/Apr/2025:15:33:31 -0400] "GET /wp-content/plugins/WP%20PROTECTION/custom-script.js HTTP/1.1" 404 19395 "https://aiqaderm.com/product/aiqa-grow-hair-serum/" "Mozilla/5.0 (Linux; Android 10; K) AppleWebKit/537.36 (KHTML, like Gecko) Chrome/135.0.0.0 Safari/537.36"
182.188.106.114 - - [26/Apr/2025:15:33:31 -0400] "GET /wp-content/uploads/2020/09/pr-banner.png HTTP/1.1" 200 86065 "https://aiqaderm.com/product/aiqa-grow-hair-serum/" "Mozilla/5.0 (Linux; Android 10; K) AppleWebKit/537.36 (KHTML, like Gecko) Chrome/135.0.0.0 Safari/537.36"
182.188.106.114 - - [26/Apr/2025:15:33:31 -0400] "GET /wp-content/themes/medibazar/assets/js//custom/plus_minus.js?ver=1.0 HTTP/1.1" 200 487 "https://aiqaderm.com/product/aiqa-grow-hair-serum/" "Mozilla/5.0 (Linux; Android 10; K) AppleWebKit/537.36 (KHTML, like Gecko) Chrome/135.0.0.0 Safari/537.36"
182.188.106.114 - - [26/Apr/2025:15:33:31 -0400] "GET /wp-content/plugins/medibazar-core//js/jquery-socialshare.js?ver=1.0 HTTP/1.1" 200 3812 "https://aiqaderm.com/product/aiqa-grow-hair-serum/" "Mozilla/5.0 (Linux; Android 10; K) AppleWebKit/537.36 (KHTML, like Gecko) Chrome/135.0.0.0 Safari/537.36"
182.188.106.114 - - [26/Apr/2025:15:33:31 -0400] "GET /wp-content/plugins/medibazar-core//js/custom/social_share.js?ver=1.0 HTTP/1.1" 200 101 "https://aiqaderm.com/product/aiqa-grow-hair-serum/" "Mozilla/5.0 (Linux; Android 10; K) AppleWebKit/537.36 (KHTML, like Gecko) Chrome/135.0.0.0 Safari/537.36"
182.188.106.114 - - [26/Apr/2025:15:33:31 -0400] "GET /wp-content/plugins/woocommerce/assets/js/flexslider/jquery.flexslider.min.js?ver=2.7.2-wc.9.8.2 HTTP/1.1" 200 6017 "https://aiqaderm.com/product/aiqa-grow-hair-serum/" "Mozilla/5.0 (Linux; Android 10; K) AppleWebKit/537.36 (KHTML, like Gecko) Chrome/135.0.0.0 Safari/537.36"
182.188.106.114 - - [26/Apr/2025:15:33:31 -0400] "GET /wp-content/plugins/woocommerce/assets/js/photoswipe/photoswipe.min.js?ver=4.1.1-wc.9.8.2 HTTP/1.1" 200 11652 "https://aiqaderm.com/product/aiqa-grow-hair-serum/" "Mozilla/5.0 (Linux; Android 10; K) AppleWebKit/537.36 (KHTML, like Gecko) Chrome/135.0.0.0 Safari/537.36"
182.188.106.114 - - [26/Apr/2025:15:33:31 -0400] "GET /wp-includes/js/comment-reply.min.js?ver=6.8 HTTP/1.1" 200 1247 "https://aiqaderm.com/product/aiqa-grow-hair-serum/" "Mozilla/5.0 (Linux; Android 10; K) AppleWebKit/537.36 (KHTML, like Gecko) Chrome/135.0.0.0 Safari/537.36"
182.188.106.114 - - [26/Apr/2025:15:33:31 -0400] "GET /wp-content/plugins/woocommerce/assets/js/frontend/single-product.min.js?ver=9.8.2 HTTP/1.1" 200 2539 "https://aiqaderm.com/product/aiqa-grow-hair-serum/" "Mozilla/5.0 (Linux; Android 10; K) AppleWebKit/537.36 (KHTML, like Gecko) Chrome/135.0.0.0 Safari/537.36"
182.188.106.114 - - [26/Apr/2025:15:33:31 -0400] "GET /wp-content/uploads/2024/12/13.png HTTP/1.1" 200 249022 "https://aiqaderm.com/product/aiqa-grow-hair-serum/" "Mozilla/5.0 (Linux; Android 10; K) AppleWebKit/537.36 (KHTML, like Gecko) Chrome/135.0.0.0 Safari/537.36"
182.188.106.114 - - [26/Apr/2025:15:33:31 -0400] "GET /wp-content/plugins/woocommerce/assets/js/photoswipe/photoswipe-ui-default.min.js?ver=4.1.1-wc.9.8.2 HTTP/1.1" 200 3478 "https://aiqaderm.com/product/aiqa-grow-hair-serum/" "Mozilla/5.0 (Linux; Android 10; K) AppleWebKit/537.36 (KHTML, like Gecko) Chrome/135.0.0.0 Safari/537.36"
182.188.106.114 - - [26/Apr/2025:15:33:31 -0400] "GET /wp-content/uploads/2020/09/2.jpg HTTP/1.1" 200 194179 "https://aiqaderm.com/product/aiqa-grow-hair-serum/" "Mozilla/5.0 (Linux; Android 10; K) AppleWebKit/537.36 (KHTML, like Gecko) Chrome/135.0.0.0 Safari/537.36"
182.188.106.114 - - [26/Apr/2025:15:33:31 -0400] "GET /wp-content/uploads/2020/09/3-600x600.png HTTP/1.1" 200 67497 "https://aiqaderm.com/product/aiqa-grow-hair-serum/" "Mozilla/5.0 (Linux; Android 10; K) AppleWebKit/537.36 (KHTML, like Gecko) Chrome/135.0.0.0 Safari/537.36"
182.188.106.114 - - [26/Apr/2025:15:33:31 -0400] "GET /wp-content/themes/medibazar/assets/css/fonts/CerebriSans-Heavy.woff2 HTTP/1.1" 200 26968 "https://aiqaderm.com/wp-content/themes/medibazar/assets/css//main.css?ver=1.0" "Mozilla/5.0 (Linux; Android 10; K) AppleWebKit/537.36 (KHTML, like Gecko) Chrome/135.0.0.0 Safari/537.36"
182.188.106.114 - - [26/Apr/2025:15:33:33 -0400] "GET /wp-content/uploads/2020/09/3-54x54.png HTTP/1.1" 200 1247 "https://aiqaderm.com/product/aiqa-grow-hair-serum/" "Mozilla/5.0 (Linux; Android 10; K) AppleWebKit/537.36 (KHTML, like Gecko) Chrome/135.0.0.0 Safari/537.36"
182.188.106.114 - - [26/Apr/2025:15:33:36 -0400] "GET / HTTP/1.1" 500 15226 "https://aiqaderm.com/product/aiqa-grow-hair-serum/" "Mozilla/5.0 (Linux; Android 10; K) AppleWebKit/537.36 (KHTML, like Gecko) Chrome/135.0.0.0 Safari/537.36"
66.29.132.124 - - [26/Apr/2025:15:33:47 -0400] "POST /wp-cron.php?doing_wp_cron=1745696027.1391279697418212890625 HTTP/1.1" 200 0 "-" "WordPress/6.8; https://aiqaderm.com"
182.188.106.114 - - [26/Apr/2025:15:33:45 -0400] "GET /product-tag/hair-serum/ HTTP/1.1" 200 21460 "https://aiqaderm.com/product/aiqa-grow-hair-serum/" "Mozilla/5.0 (Linux; Android 10; K) AppleWebKit/537.36 (KHTML, like Gecko) Chrome/135.0.0.0 Safari/537.36"
182.188.106.114 - - [26/Apr/2025:15:33:54 -0400] "GET /product/aiqa-grow-hair-oil-120ml/ HTTP/1.1" 200 24384 "https://aiqaderm.com/product/aiqa-grow-hair-serum/" "Mozilla/5.0 (Linux; Android 10; K) AppleWebKit/537.36 (KHTML, like Gecko) Chrome/135.0.0.0 Safari/537.36"
182.188.106.114 - - [26/Apr/2025:15:34:01 -0400] "GET /product/brelix-brightening-face-wash/ HTTP/1.1" 200 24813 "https://aiqaderm.com/product/aiqa-grow-hair-serum/" "Mozilla/5.0 (Linux; Android 10; K) AppleWebKit/537.36 (KHTML, like Gecko) Chrome/135.0.0.0 Safari/537.36"
182.188.106.114 - - [26/Apr/2025:15:34:03 -0400] "GET /product/bremiq-acne-serum/ HTTP/1.1" 200 24275 "https://aiqaderm.com/product/aiqa-grow-hair-serum/" "Mozilla/5.0 (Linux; Android 10; K) AppleWebKit/537.36 (KHTML, like Gecko) Chrome/135.0.0.0 Safari/537.36"
182.188.106.114 - - [26/Apr/2025:15:34:09 -0400] "GET /shop-2/ HTTP/1.1" 200 22720 "https://aiqaderm.com/product/aiqa-grow-hair-serum/" "Mozilla/5.0 (Linux; Android 10; K) AppleWebKit/537.36 (KHTML, like Gecko) Chrome/135.0.0.0 Safari/537.36"
182.188.106.114 - - [26/Apr/2025:15:34:10 -0400] "GET /wp-content/uploads/2025/01/41.png HTTP/1.1" 200 204491 "https://aiqaderm.com/shop-2/" "Mozilla/5.0 (Linux; Android 10; K) AppleWebKit/537.36 (KHTML, like Gecko) Chrome/135.0.0.0 Safari/537.36"
182.188.106.114 - - [26/Apr/2025:15:34:10 -0400] "GET /wp-content/uploads/2025/01/34.png HTTP/1.1" 200 193849 "https://aiqaderm.com/shop-2/" "Mozilla/5.0 (Linux; Android 10; K) AppleWebKit/537.36 (KHTML, like Gecko) Chrome/135.0.0.0 Safari/537.36"
182.188.106.114 - - [26/Apr/2025:15:34:10 -0400] "GET /wp-content/plugins/WP%20PROTECTION/custom-script.js HTTP/1.1" 404 19395 "https://aiqaderm.com/shop-2/" "Mozilla/5.0 (Linux; Android 10; K) AppleWebKit/537.36 (KHTML, like Gecko) Chrome/135.0.0.0 Safari/537.36"
182.188.106.114 - - [26/Apr/2025:15:34:10 -0400] "GET /wp-content/uploads/2025/01/37.png HTTP/1.1" 200 244360 "https://aiqaderm.com/shop-2/" "Mozilla/5.0 (Linux; Android 10; K) AppleWebKit/537.36 (KHTML, like Gecko) Chrome/135.0.0.0 Safari/537.36"
182.188.106.114 - - [26/Apr/2025:15:34:10 -0400] "GET /wp-content/uploads/2025/01/AIQA-DERM-ALL-IMAGES-SQUARE-2.png HTTP/1.1" 200 192019 "https://aiqaderm.com/shop-2/" "Mozilla/5.0 (Linux; Android 10; K) AppleWebKit/537.36 (KHTML, like Gecko) Chrome/135.0.0.0 Safari/537.36"
182.188.106.114 - - [26/Apr/2025:15:34:10 -0400] "GET /wp-content/uploads/2025/01/43.png HTTP/1.1" 200 216233 "https://aiqaderm.com/shop-2/" "Mozilla/5.0 (Linux; Android 10; K) AppleWebKit/537.36 (KHTML, like Gecko) Chrome/135.0.0.0 Safari/537.36"
182.188.106.114 - - [26/Apr/2025:15:34:10 -0400] "GET /wp-content/uploads/woocommerce-placeholder.png HTTP/1.1" 200 48149 "https://aiqaderm.com/shop-2/" "Mozilla/5.0 (Linux; Android 10; K) AppleWebKit/537.36 (KHTML, like Gecko) Chrome/135.0.0.0 Safari/537.36"
182.188.106.114 - - [26/Apr/2025:15:34:10 -0400] "GET /wp-content/uploads/2025/01/45.png HTTP/1.1" 200 192693 "https://aiqaderm.com/shop-2/" "Mozilla/5.0 (Linux; Android 10; K) AppleWebKit/537.36 (KHTML, like Gecko) Chrome/135.0.0.0 Safari/537.36"
182.188.106.114 - - [26/Apr/2025:15:34:10 -0400] "GET /wp-content/uploads/2025/01/23.png HTTP/1.1" 200 217311 "https://aiqaderm.com/shop-2/" "Mozilla/5.0 (Linux; Android 10; K) AppleWebKit/537.36 (KHTML, like Gecko) Chrome/135.0.0.0 Safari/537.36"
182.188.106.114 - - [26/Apr/2025:15:34:10 -0400] "GET /wp-content/uploads/2025/01/35.png HTTP/1.1" 200 284890 "https://aiqaderm.com/shop-2/" "Mozilla/5.0 (Linux; Android 10; K) AppleWebKit/537.36 (KHTML, like Gecko) Chrome/135.0.0.0 Safari/537.36"
182.188.106.114 - - [26/Apr/2025:15:34:14 -0400] "GET / HTTP/1.1" 500 15226 "https://aiqaderm.com/shop-2/" "Mozilla/5.0 (Linux; Android 10; K) AppleWebKit/537.36 (KHTML, like Gecko) Chrome/135.0.0.0 Safari/537.36"
182.188.106.114 - - [26/Apr/2025:15:34:17 -0400] "GET /product-category/acne-breakouts/ HTTP/1.1" 200 21557 "https://aiqaderm.com/shop-2/" "Mozilla/5.0 (Linux; Android 10; K) AppleWebKit/537.36 (KHTML, like Gecko) Chrome/135.0.0.0 Safari/537.36"
182.188.106.114 - - [26/Apr/2025:15:34:19 -0400] "GET /wp-content/uploads/2020/09/5.png HTTP/1.1" 200 246693 "https://aiqaderm.com/product-category/acne-breakouts/" "Mozilla/5.0 (Linux; Android 10; K) AppleWebKit/537.36 (KHTML, like Gecko) Chrome/135.0.0.0 Safari/537.36"
182.188.106.114 - - [26/Apr/2025:15:34:19 -0400] "GET /wp-content/uploads/2020/09/7.png HTTP/1.1" 200 212598 "https://aiqaderm.com/product-category/acne-breakouts/" "Mozilla/5.0 (Linux; Android 10; K) AppleWebKit/537.36 (KHTML, like Gecko) Chrome/135.0.0.0 Safari/537.36"
182.188.106.114 - - [26/Apr/2025:15:34:19 -0400] "GET /wp-content/plugins/WP%20PROTECTION/custom-script.js HTTP/1.1" 404 19395 "https://aiqaderm.com/product-category/acne-breakouts/" "Mozilla/5.0 (Linux; Android 10; K) AppleWebKit/537.36 (KHTML, like Gecko) Chrome/135.0.0.0 Safari/537.36"
182.188.106.114 - - [26/Apr/2025:15:34:22 -0400] "GET / HTTP/1.1" 500 15226 "https://aiqaderm.com/product-category/acne-breakouts/" "Mozilla/5.0 (Linux; Android 10; K) AppleWebKit/537.36 (KHTML, like Gecko) Chrome/135.0.0.0 Safari/537.36"
66.29.132.124 - - [26/Apr/2025:15:34:31 -0400] "POST /wp-cron.php?doing_wp_cron=1745696071.4978559017181396484375 HTTP/1.1" 200 0 "-" "WordPress/6.8; https://aiqaderm.com"
182.188.106.114 - - [26/Apr/2025:15:34:31 -0400] "GET /shop-2/ HTTP/1.1" 304 0 "https://aiqaderm.com/product-category/acne-breakouts/" "Mozilla/5.0 (Linux; Android 10; K) AppleWebKit/537.36 (KHTML, like Gecko) Chrome/135.0.0.0 Safari/537.36"
182.188.106.114 - - [26/Apr/2025:15:34:29 -0400] "GET /product/acniq-tea-tree-oil-cream/ HTTP/1.1" 200 24433 "https://aiqaderm.com/product-category/acne-breakouts/" "Mozilla/5.0 (Linux; Android 10; K) AppleWebKit/537.36 (KHTML, like Gecko) Chrome/135.0.0.0 Safari/537.36"
182.188.106.114 - - [26/Apr/2025:15:34:32 -0400] "GET /wp-content/plugins/WP%20PROTECTION/custom-script.js HTTP/1.1" 404 19395 "https://aiqaderm.com/shop-2/" "Mozilla/5.0 (Linux; Android 10; K) AppleWebKit/537.36 (KHTML, like Gecko) Chrome/135.0.0.0 Safari/537.36"
66.29.132.124 - - [26/Apr/2025:15:34:33 -0400] "POST /wp-admin/admin-ajax.php?action=async_litespeed&nonce=kZBHdOoGUaVPjVaiJzrUlSsA0I1VN2ZM&litespeed_type=imgoptm HTTP/1.1" 200 0 "-" "WordPress/6.8; https://aiqaderm.com"
182.188.106.114 - - [26/Apr/2025:15:34:36 -0400] "GET / HTTP/1.1" 500 15226 "https://aiqaderm.com/shop-2/" "Mozilla/5.0 (Linux; Android 10; K) AppleWebKit/537.36 (KHTML, like Gecko) Chrome/135.0.0.0 Safari/537.36"
182.188.106.114 - - [26/Apr/2025:15:34:38 -0400] "GET /product-category/skin-dullness/ HTTP/1.1" 200 21532 "https://aiqaderm.com/shop-2/" "Mozilla/5.0 (Linux; Android 10; K) AppleWebKit/537.36 (KHTML, like Gecko) Chrome/135.0.0.0 Safari/537.36"
182.188.106.114 - - [26/Apr/2025:15:34:40 -0400] "GET /product-category/skin-dullness/ HTTP/1.1" 304 0 "https://aiqaderm.com/shop-2/" "Mozilla/5.0 (Linux; Android 10; K) AppleWebKit/537.36 (KHTML, like Gecko) Chrome/135.0.0.0 Safari/537.36"
182.188.106.114 - - [26/Apr/2025:15:34:40 -0400] "GET /wp-content/plugins/WP%20PROTECTION/custom-script.js HTTP/1.1" 404 19395 "https://aiqaderm.com/product-category/skin-dullness/" "Mozilla/5.0 (Linux; Android 10; K) AppleWebKit/537.36 (KHTML, like Gecko) Chrome/135.0.0.0 Safari/537.36"
182.188.106.114 - - [26/Apr/2025:15:34:40 -0400] "GET /wp-content/uploads/2020/09/1.jpg HTTP/1.1" 200 97548 "https://aiqaderm.com/product-category/skin-dullness/" "Mozilla/5.0 (Linux; Android 10; K) AppleWebKit/537.36 (KHTML, like Gecko) Chrome/135.0.0.0 Safari/537.36"
182.188.106.114 - - [26/Apr/2025:15:34:42 -0400] "GET / HTTP/1.1" 500 15226 "https://aiqaderm.com/product-category/skin-dullness/" "Mozilla/5.0 (Linux; Android 10; K) AppleWebKit/537.36 (KHTML, like Gecko) Chrome/135.0.0.0 Safari/537.36"
182.188.106.114 - - [26/Apr/2025:15:34:46 -0400] "GET /product/brelix-brightening-face-wash/ HTTP/1.1" 304 0 "https://aiqaderm.com/product-category/skin-dullness/" "Mozilla/5.0 (Linux; Android 10; K) AppleWebKit/537.36 (KHTML, like Gecko) Chrome/135.0.0.0 Safari/537.36"
182.188.106.114 - - [26/Apr/2025:15:34:49 -0400] "GET /shop-2/ HTTP/1.1" 304 0 "https://aiqaderm.com/product-category/skin-dullness/" "Mozilla/5.0 (Linux; Android 10; K) AppleWebKit/537.36 (KHTML, like Gecko) Chrome/135.0.0.0 Safari/537.36"
182.188.106.114 - - [26/Apr/2025:15:34:49 -0400] "GET /wp-content/plugins/WP%20PROTECTION/custom-script.js HTTP/1.1" 404 19395 "https://aiqaderm.com/shop-2/" "Mozilla/5.0 (Linux; Android 10; K) AppleWebKit/537.36 (KHTML, like Gecko) Chrome/135.0.0.0 Safari/537.36"
66.29.132.124 - - [26/Apr/2025:15:34:56 -0400] "POST /wp-cron.php?doing_wp_cron=1745696096.0262761116027832031250 HTTP/1.1" 200 0 "-" "WordPress/6.8; https://aiqaderm.com"
182.188.106.114 - - [26/Apr/2025:15:34:54 -0400] "GET /product-category/scalp-nouristment/ HTTP/1.1" 200 21079 "https://aiqaderm.com/shop-2/" "Mozilla/5.0 (Linux; Android 10; K) AppleWebKit/537.36 (KHTML, like Gecko) Chrome/135.0.0.0 Safari/537.36"
182.188.106.114 - - [26/Apr/2025:15:34:57 -0400] "GET /wp-content/plugins/WP%20PROTECTION/custom-script.js HTTP/1.1" 404 19395 "https://aiqaderm.com/product-category/scalp-nouristment/" "Mozilla/5.0 (Linux; Android 10; K) AppleWebKit/537.36 (KHTML, like Gecko) Chrome/135.0.0.0 Safari/537.36"
182.188.106.114 - - [26/Apr/2025:15:34:59 -0400] "GET / HTTP/1.1" 500 15226 "https://aiqaderm.com/product-category/scalp-nouristment/" "Mozilla/5.0 (Linux; Android 10; K) AppleWebKit/537.36 (KHTML, like Gecko) Chrome/135.0.0.0 Safari/537.36"
182.188.106.114 - - [26/Apr/2025:15:35:04 -0400] "GET /product/zolti-shampoo/ HTTP/1.1" 200 23435 "https://aiqaderm.com/product-category/scalp-nouristment/" "Mozilla/5.0 (Linux; Android 10; K) AppleWebKit/537.36 (KHTML, like Gecko) Chrome/135.0.0.0 Safari/537.36"
182.188.106.114 - - [26/Apr/2025:15:35:08 -0400] "GET /product-category/antioxidant-immunity-booster/ HTTP/1.1" 200 21670 "https://aiqaderm.com/product-category/scalp-nouristment/" "Mozilla/5.0 (Linux; Android 10; K) AppleWebKit/537.36 (KHTML, like Gecko) Chrome/135.0.0.0 Safari/537.36"
182.188.106.114 - - [26/Apr/2025:15:35:12 -0400] "GET /wp-content/plugins/WP%20PROTECTION/custom-script.js HTTP/1.1" 404 19395 "https://aiqaderm.com/product-category/antioxidant-immunity-booster/" "Mozilla/5.0 (Linux; Android 10; K) AppleWebKit/537.36 (KHTML, like Gecko) Chrome/135.0.0.0 Safari/537.36"
182.188.106.114 - - [26/Apr/2025:15:35:12 -0400] "GET /wp-content/uploads/2020/09/1-4.png HTTP/1.1" 200 230569 "https://aiqaderm.com/product-category/antioxidant-immunity-booster/" "Mozilla/5.0 (Linux; Android 10; K) AppleWebKit/537.36 (KHTML, like Gecko) Chrome/135.0.0.0 Safari/537.36"
66.29.132.124 - - [26/Apr/2025:15:35:38 -0400] "POST /wp-cron.php?doing_wp_cron=1745696138.6812078952789306640625 HTTP/1.1" 200 0 "-" "WordPress/6.8; https://aiqaderm.com"
182.188.106.114 - - [26/Apr/2025:15:35:36 -0400] "GET /product-category/moisturizing-soothing/ HTTP/1.1" 200 21887 "https://aiqaderm.com/product-category/antioxidant-immunity-booster/" "Mozilla/5.0 (Linux; Android 10; K) AppleWebKit/537.36 (KHTML, like Gecko) Chrome/135.0.0.0 Safari/537.36"
182.188.106.114 - - [26/Apr/2025:15:35:40 -0400] "GET /wp-content/uploads/2025/01/AIQA-DERM-ALL-IMAGES-SQUARE.png HTTP/1.1" 200 154268 "https://aiqaderm.com/product-category/moisturizing-soothing/" "Mozilla/5.0 (Linux; Android 10; K) AppleWebKit/537.36 (KHTML, like Gecko) Chrome/135.0.0.0 Safari/537.36"
182.188.106.114 - - [26/Apr/2025:15:35:40 -0400] "GET /wp-content/uploads/2025/01/49.png HTTP/1.1" 200 296405 "https://aiqaderm.com/product-category/moisturizing-soothing/" "Mozilla/5.0 (Linux; Android 10; K) AppleWebKit/537.36 (KHTML, like Gecko) Chrome/135.0.0.0 Safari/537.36"
