66.29.132.124 - - [26/Apr/2025:02:58:10 -0400] "POST /wp-admin/admin-ajax.php?action=async_litespeed&nonce=5L216FfLcvuFwEogLdrk8L82tubXg2NU&litespeed_type=imgoptm HTTP/1.1" 200 0 "-" "WordPress/6.8; https://aiqaderm.com"
40.77.167.17 - - [26/Apr/2025:02:58:10 -0400] "GET /wp-content/plugins/instagram-feed/css/sbi-styles.min.css?ver=6.8.0 HTTP/1.1" 200 8171 "-" "Mozilla/5.0 AppleWebKit/537.36 (KHTML, like Gecko; compatible; bingbot/2.0; +http://www.bing.com/bingbot.htm) Chrome/116.0.1938.76 Safari/537.36"
40.77.167.17 - - [26/Apr/2025:02:58:11 -0400] "GET /wp-content/plugins/medibazar-core//js/jquery-socialshare.js?ver=1.0 HTTP/1.1" 200 3812 "-" "Mozilla/5.0 AppleWebKit/537.36 (KHTML, like Gecko; compatible; bingbot/2.0; +http://www.bing.com/bingbot.htm) Chrome/116.0.1938.76 Safari/537.36"
40.77.167.17 - - [26/Apr/2025:02:58:12 -0400] "GET /wp-content/plugins/revslider/public/js/libs/tptools.js?ver=6.7.23 HTTP/1.1" 200 72603 "-" "Mozilla/5.0 AppleWebKit/537.36 (KHTML, like Gecko; compatible; bingbot/2.0; +http://www.bing.com/bingbot.htm) Chrome/116.0.1938.76 Safari/537.36"
40.77.167.17 - - [26/Apr/2025:02:58:12 -0400] "GET /wp-content/plugins/ti-woocommerce-wishlist/assets/css/public.min.css?ver=2.9.2 HTTP/1.1" 200 5295 "-" "Mozilla/5.0 AppleWebKit/537.36 (KHTML, like Gecko; compatible; bingbot/2.0; +http://www.bing.com/bingbot.htm) Chrome/116.0.1938.76 Safari/537.36"
40.77.167.17 - - [26/Apr/2025:02:58:13 -0400] "GET /wp-content/plugins/woocommerce/assets/client/blocks/wc-blocks.css?ver=wc-9.8.2 HTTP/1.1" 200 2282 "-" "Mozilla/5.0 AppleWebKit/537.36 (KHTML, like Gecko; compatible; bingbot/2.0; +http://www.bing.com/bingbot.htm) Chrome/116.0.1938.76 Safari/537.36"
40.77.167.17 - - [26/Apr/2025:02:58:13 -0400] "GET /wp-content/plugins/woocommerce/assets/js/frontend/add-to-cart.min.js?ver=9.8.2 HTTP/1.1" 200 1225 "-" "Mozilla/5.0 AppleWebKit/537.36 (KHTML, like Gecko; compatible; bingbot/2.0; +http://www.bing.com/bingbot.htm) Chrome/116.0.1938.76 Safari/537.36"
40.77.167.17 - - [26/Apr/2025:02:58:13 -0400] "GET /wp-content/plugins/woocommerce/assets/js/frontend/cart-fragments.min.js?ver=9.8.2 HTTP/1.1" 200 943 "-" "Mozilla/5.0 AppleWebKit/537.36 (KHTML, like Gecko; compatible; bingbot/2.0; +http://www.bing.com/bingbot.htm) Chrome/116.0.1938.76 Safari/537.36"
40.77.167.17 - - [26/Apr/2025:02:58:14 -0400] "GET /wp-content/themes/medibazar-child/style.css?ver=1.8.9 HTTP/1.1" 200 233 "-" "Mozilla/5.0 AppleWebKit/537.36 (KHTML, like Gecko; compatible; bingbot/2.0; +http://www.bing.com/bingbot.htm) Chrome/116.0.1938.76 Safari/537.36"
40.77.167.17 - - [26/Apr/2025:02:58:14 -0400] "GET /wp-content/themes/medibazar-child/style.css?ver=6.8 HTTP/1.1" 200 233 "-" "Mozilla/5.0 AppleWebKit/537.36 (KHTML, like Gecko; compatible; bingbot/2.0; +http://www.bing.com/bingbot.htm) Chrome/116.0.1938.76 Safari/537.36"
40.77.167.17 - - [26/Apr/2025:02:58:14 -0400] "GET /wp-content/themes/medibazar/assets/css//magnific-popup.css?ver=1.0 HTTP/1.1" 200 1660 "-" "Mozilla/5.0 AppleWebKit/537.36 (KHTML, like Gecko; compatible; bingbot/2.0; +http://www.bing.com/bingbot.htm) Chrome/116.0.1938.76 Safari/537.36"
40.77.167.17 - - [26/Apr/2025:02:58:15 -0400] "GET /wp-content/themes/medibazar/assets/css//main.css?ver=1.0 HTTP/1.1" 200 40160 "-" "Mozilla/5.0 AppleWebKit/537.36 (KHTML, like Gecko; compatible; bingbot/2.0; +http://www.bing.com/bingbot.htm) Chrome/116.0.1938.76 Safari/537.36"
40.77.167.17 - - [26/Apr/2025:02:58:15 -0400] "GET /wp-content/themes/medibazar/assets/css//meanmenu.css?ver=1.0 HTTP/1.1" 200 942 "-" "Mozilla/5.0 AppleWebKit/537.36 (KHTML, like Gecko; compatible; bingbot/2.0; +http://www.bing.com/bingbot.htm) Chrome/116.0.1938.76 Safari/537.36"
40.77.167.17 - - [26/Apr/2025:02:58:16 -0400] "GET /wp-content/themes/medibazar/assets/css//responsive.css?ver=1.0 HTTP/1.1" 200 366 "-" "Mozilla/5.0 AppleWebKit/537.36 (KHTML, like Gecko; compatible; bingbot/2.0; +http://www.bing.com/bingbot.htm) Chrome/116.0.1938.76 Safari/537.36"
40.77.167.17 - - [26/Apr/2025:02:58:16 -0400] "GET /wp-content/themes/medibazar/assets/css//slick.css?ver=1.0 HTTP/1.1" 200 483 "-" "Mozilla/5.0 AppleWebKit/537.36 (KHTML, like Gecko; compatible; bingbot/2.0; +http://www.bing.com/bingbot.htm) Chrome/116.0.1938.76 Safari/537.36"
40.77.167.17 - - [26/Apr/2025:02:58:17 -0400] "GET /wp-content/themes/medibazar/assets/css//themify-icons.css?ver=1.0 HTTP/1.1" 200 2678 "-" "Mozilla/5.0 AppleWebKit/537.36 (KHTML, like Gecko; compatible; bingbot/2.0; +http://www.bing.com/bingbot.htm) Chrome/116.0.1938.76 Safari/537.36"
40.77.167.17 - - [26/Apr/2025:02:58:18 -0400] "GET /wp-content/themes/medibazar/assets/js//custom/plus_minus.js?ver=1.0 HTTP/1.1" 200 487 "-" "Mozilla/5.0 AppleWebKit/537.36 (KHTML, like Gecko; compatible; bingbot/2.0; +http://www.bing.com/bingbot.htm) Chrome/116.0.1938.76 Safari/537.36"
40.77.167.17 - - [26/Apr/2025:02:58:18 -0400] "GET /wp-content/themes/medibazar/assets/js//jquery.scrollUp.min.js?ver=1.0 HTTP/1.1" 200 853 "-" "Mozilla/5.0 AppleWebKit/537.36 (KHTML, like Gecko; compatible; bingbot/2.0; +http://www.bing.com/bingbot.htm) Chrome/116.0.1938.76 Safari/537.36"
40.77.167.17 - - [26/Apr/2025:02:58:18 -0400] "GET /wp-content/themes/medibazar/assets/js//vendor/modernizr-3.5.0.min.js?ver=1.0 HTTP/1.1" 200 3395 "-" "Mozilla/5.0 AppleWebKit/537.36 (KHTML, like Gecko; compatible; bingbot/2.0; +http://www.bing.com/bingbot.htm) Chrome/116.0.1938.76 Safari/537.36"
40.77.167.17 - - [26/Apr/2025:02:58:19 -0400] "GET /wp-content/themes/medibazar/assets/js//wow.min.js?ver=1.0 HTTP/1.1" 200 2572 "-" "Mozilla/5.0 AppleWebKit/537.36 (KHTML, like Gecko; compatible; bingbot/2.0; +http://www.bing.com/bingbot.htm) Chrome/116.0.1938.76 Safari/537.36"
40.77.167.17 - - [26/Apr/2025:02:58:20 -0400] "GET /wp-content/themes/medibazar/assets/js/custom/quick_ajax.js?ver=1.0.0 HTTP/1.1" 200 812 "-" "Mozilla/5.0 AppleWebKit/537.36 (KHTML, like Gecko; compatible; bingbot/2.0; +http://www.bing.com/bingbot.htm) Chrome/116.0.1938.76 Safari/537.36"
40.77.167.17 - - [26/Apr/2025:02:58:20 -0400] "GET /wp-includes/js/jquery/jquery.min.js?ver=3.7.1 HTTP/1.1" 200 29744 "-" "Mozilla/5.0 AppleWebKit/537.36 (KHTML, like Gecko; compatible; bingbot/2.0; +http://www.bing.com/bingbot.htm) Chrome/116.0.1938.76 Safari/537.36"
40.77.167.17 - - [26/Apr/2025:02:58:21 -0400] "GET /wp-includes/js/wp-emoji-release.min.js?ver=6.8 HTTP/1.1" 200 4771 "-" "Mozilla/5.0 AppleWebKit/537.36 (KHTML, like Gecko; compatible; bingbot/2.0; +http://www.bing.com/bingbot.htm) Chrome/116.0.1938.76 Safari/537.36"
40.77.188.13 - - [26/Apr/2025:03:13:02 -0400] "GET /wp-content/themes/medibazar/assets/css/fonts/fa-regular-400.woff2 HTTP/1.1" 200 145076 "-" "Mozilla/5.0 AppleWebKit/537.36 (KHTML, like Gecko; compatible; bingbot/2.0; +http://www.bing.com/bingbot.htm) Chrome/100.0.4896.127 Safari/537.36"
40.77.190.94 - - [26/Apr/2025:03:13:02 -0400] "GET /wp-content/themes/medibazar/assets/css/fonts/CerebriSans-SemiBold.woff2 HTTP/1.1" 200 27328 "-" "Mozilla/5.0 AppleWebKit/537.36 (KHTML, like Gecko; compatible; bingbot/2.0; +http://www.bing.com/bingbot.htm) Chrome/100.0.4896.127 Safari/537.36"
40.77.190.109 - - [26/Apr/2025:03:13:02 -0400] "GET /wp-content/themes/medibazar/assets/css/fonts/CerebriSans-Bold.woff2 HTTP/1.1" 200 27516 "-" "Mozilla/5.0 AppleWebKit/537.36 (KHTML, like Gecko; compatible; bingbot/2.0; +http://www.bing.com/bingbot.htm) Chrome/100.0.4896.127 Safari/537.36"
40.77.190.195 - - [26/Apr/2025:03:13:02 -0400] "GET /wp-content/themes/medibazar/assets/css/fonts/CerebriSans-Regular.woff2 HTTP/1.1" 200 27464 "-" "Mozilla/5.0 AppleWebKit/537.36 (KHTML, like Gecko; compatible; bingbot/2.0; +http://www.bing.com/bingbot.htm) Chrome/100.0.4896.127 Safari/537.36"
40.77.188.3 - - [26/Apr/2025:03:13:03 -0400] "GET /wp-content/themes/medibazar/assets/css/fonts/fa-brands-400.woff2 HTTP/1.1" 200 74800 "-" "Mozilla/5.0 AppleWebKit/537.36 (KHTML, like Gecko; compatible; bingbot/2.0; +http://www.bing.com/bingbot.htm) Chrome/100.0.4896.127 Safari/537.36"
40.77.189.53 - - [26/Apr/2025:03:13:03 -0400] "GET /wp-content/themes/medibazar/assets/css/fonts/CerebriSans-Medium.woff2 HTTP/1.1" 200 27656 "-" "Mozilla/5.0 AppleWebKit/537.36 (KHTML, like Gecko; compatible; bingbot/2.0; +http://www.bing.com/bingbot.htm) Chrome/100.0.4896.127 Safari/537.36"
40.77.189.16 - - [26/Apr/2025:03:13:03 -0400] "GET /wp-content/themes/medibazar/assets/css/fonts/CerebriSans-Heavy.woff2 HTTP/1.1" 200 26968 "-" "Mozilla/5.0 AppleWebKit/537.36 (KHTML, like Gecko; compatible; bingbot/2.0; +http://www.bing.com/bingbot.htm) Chrome/100.0.4896.127 Safari/537.36"
40.77.189.45 - - [26/Apr/2025:03:13:03 -0400] "GET /wp-content/themes/medibazar/assets/css/fonts/fa-solid-900.woff2 HTTP/1.1" 200 117536 "-" "Mozilla/5.0 AppleWebKit/537.36 (KHTML, like Gecko; compatible; bingbot/2.0; +http://www.bing.com/bingbot.htm) Chrome/100.0.4896.127 Safari/537.36"
66.29.132.124 - - [26/Apr/2025:03:13:15 -0400] "POST /wp-cron.php?doing_wp_cron=1745651595.3131830692291259765625 HTTP/1.1" 200 0 "-" "WordPress/6.8; https://aiqaderm.com"
40.77.188.13 - - [26/Apr/2025:03:13:03 -0400] "POST /?wc-ajax=get_refreshed_fragments HTTP/1.1" 200 493 "-" "Mozilla/5.0 AppleWebKit/537.36 (KHTML, like Gecko; compatible; bingbot/2.0; +http://www.bing.com/bingbot.htm) Chrome/100.0.4896.127 Safari/537.36"
40.77.189.16 - - [26/Apr/2025:03:13:03 -0400] "POST /?wc-ajax=tinvwl HTTP/1.1" 200 750 "-" "Mozilla/5.0 AppleWebKit/537.36 (KHTML, like Gecko; compatible; bingbot/2.0; +http://www.bing.com/bingbot.htm) Chrome/100.0.4896.127 Safari/537.36"
66.29.132.124 - - [26/Apr/2025:03:13:17 -0400] "POST /wp-admin/admin-ajax.php?action=async_litespeed&nonce=X6SBT7CAEcGdzj5V9NuEQE2qJ7vcboWC&litespeed_type=imgoptm HTTP/1.1" 200 0 "-" "WordPress/6.8; https://aiqaderm.com"
66.29.132.124 - - [26/Apr/2025:03:29:29 -0400] "POST /wp-cron.php?doing_wp_cron=1745652568.9765141010284423828125 HTTP/1.1" 200 0 "-" "WordPress/6.8; https://aiqaderm.com"
114.119.134.206 - - [26/Apr/2025:03:29:17 -0400] "GET /product/hydro-aiq-bar/72 HTTP/1.1" 301 0 "https://aiqaderm.com/product/hydro-aiq-bar/798" "Mozilla/5.0 (Linux; Android 7.0;) AppleWebKit/537.36 (KHTML, like Gecko) Mobile Safari/537.36 (compatible; PetalBot;+https://webmaster.petalsearch.com/site/petalbot)"
66.29.132.124 - - [26/Apr/2025:03:29:31 -0400] "POST /wp-admin/admin-ajax.php?action=async_litespeed&nonce=A9l2mfhVOIVUlpouhHJ8uAxe0mY1Fb9h&litespeed_type=imgoptm HTTP/1.1" 200 0 "-" "WordPress/6.8; https://aiqaderm.com"
114.119.134.206 - - [26/Apr/2025:03:29:30 -0400] "GET /product/hydro-aiq-bar/ HTTP/1.1" 200 28591 "https://aiqaderm.com/product/hydro-aiq-bar/798" "Mozilla/5.0 (Linux; Android 7.0;) AppleWebKit/537.36 (KHTML, like Gecko) Mobile Safari/537.36 (compatible; PetalBot;+https://webmaster.petalsearch.com/site/petalbot)"
66.29.132.124 - - [26/Apr/2025:03:31:42 -0400] "POST /wp-cron.php?doing_wp_cron=1745652702.1510670185089111328125 HTTP/1.1" 200 0 "-" "WordPress/6.8; https://aiqaderm.com"
114.119.154.215 - - [26/Apr/2025:03:31:36 -0400] "GET / HTTP/1.1" 500 17505 "-" "Mozilla/5.0 (Linux; Android 7.0;) AppleWebKit/537.36 (KHTML, like Gecko) Mobile Safari/537.36 (compatible; PetalBot;+https://webmaster.petalsearch.com/site/petalbot)"
66.29.132.124 - - [26/Apr/2025:03:31:44 -0400] "POST /wp-admin/admin-ajax.php?action=async_litespeed&nonce=OfqJSGocondn1y9NZE6P7OJRrDAulGu3&litespeed_type=imgoptm HTTP/1.1" 200 0 "-" "WordPress/6.8; https://aiqaderm.com"
66.29.132.124 - - [26/Apr/2025:03:49:44 -0400] "POST /wp-cron.php?doing_wp_cron=1745653784.6443650722503662109375 HTTP/1.1" 200 0 "-" "WordPress/6.8; https://aiqaderm.com"
110.40.186.63 - - [26/Apr/2025:03:49:35 -0400] "GET / HTTP/1.1" 500 17511 "http://aiqaderm.com" "Mozilla/5.0 (iPhone; CPU iPhone OS 13_2_3 like Mac OS X) AppleWebKit/605.1.15 (KHTML, like Gecko) Version/13.0.3 Mobile/15E148 Safari/604.1"
66.29.132.124 - - [26/Apr/2025:03:49:45 -0400] "POST /wp-admin/admin-ajax.php?action=async_litespeed&nonce=yGetNQe1pF2FyrwKXnL9xi16Rl5bxCSN&litespeed_type=imgoptm HTTP/1.1" 200 0 "-" "WordPress/6.8; https://aiqaderm.com"
66.29.132.124 - - [26/Apr/2025:04:12:29 -0400] "POST /wp-cron.php?doing_wp_cron=1745655149.1209180355072021484375 HTTP/1.1" 200 0 "-" "WordPress/6.8; https://aiqaderm.com"
66.29.132.124 - - [26/Apr/2025:04:12:16 -0400] "GET / HTTP/1.1" 500 59578 "-" "Mozilla/5.0 (Windows NT 10.0; Win64; x64; rv:122.0) Gecko/20100101 Firefox/122.0"
66.29.132.124 - - [26/Apr/2025:04:12:31 -0400] "POST /wp-admin/admin-ajax.php?action=async_litespeed&nonce=nCe9au61p7nrTOAuTGPKShiBNzzmrwdg&litespeed_type=imgoptm HTTP/1.1" 200 0 "-" "WordPress/6.8; https://aiqaderm.com"
66.29.132.124 - - [26/Apr/2025:04:12:50 -0400] "POST /wp-cron.php?doing_wp_cron=1745655169.7130329608917236328125 HTTP/1.1" 200 0 "-" "WordPress/6.8; https://aiqaderm.com"
66.29.132.124 - - [26/Apr/2025:04:12:48 -0400] "GET / HTTP/1.1" 500 59578 "-" "Softaculous"
66.29.132.124 - - [26/Apr/2025:04:12:51 -0400] "GET / HTTP/1.1" 500 59578 "-" "Mozilla/5.0 (Windows NT 10.0; Win64; x64; rv:122.0) Gecko/20100101 Firefox/122.0"
66.29.132.124 - - [26/Apr/2025:04:30:59 -0400] "POST /wp-cron.php?doing_wp_cron=1745656258.5920948982238769531250 HTTP/1.1" 200 0 "-" "WordPress/6.8; https://aiqaderm.com"
66.29.132.124 - - [26/Apr/2025:04:31:00 -0400] "POST /wp-admin/admin-ajax.php?action=async_litespeed&nonce=ejn10qnxNZNl871Dqj2jD6P5LU73c7kO&litespeed_type=imgoptm HTTP/1.1" 200 0 "-" "WordPress/6.8; https://aiqaderm.com"
80.85.245.250 - - [26/Apr/2025:04:30:47 -0400] "GET / HTTP/1.1" 500 17511 "-" "Mozilla/5.0 (Macintosh; Intel Mac OS X 10_15_7) AppleWebKit/537.36 (KHTML, like Gecko) Chrome/133.0.0.0 Safari/537.36"
80.85.245.250 - - [26/Apr/2025:04:31:01 -0400] "GET /comments/feed/ HTTP/1.1" 200 1585 "-" "Mozilla/5.0 (Macintosh; Intel Mac OS X 10_15_7) AppleWebKit/537.36 (KHTML, like Gecko) Chrome/133.0.0.0 Safari/537.36"
80.85.245.250 - - [26/Apr/2025:04:31:03 -0400] "GET /2020/09/26/mirage-deep-dive-under-anding-timin-response/ HTTP/1.1" 200 26193 "-" "Mozilla/5.0 (Macintosh; Intel Mac OS X 10_15_7) AppleWebKit/537.36 (KHTML, like Gecko) Chrome/133.0.0.0 Safari/537.36"
102.0.0.14 - - [26/Apr/2025:04:31:05 -0400] "POST /wp-comments-post.php HTTP/1.1" 200 1184 "-" "Mozilla/5.0 (Macintosh; Intel Mac OS X 10_15_7) AppleWebKit/537.36 (KHTML, like Gecko) Chrome/133.0.0.0 Safari/537.36"
102.0.0.14 - - [26/Apr/2025:04:31:08 -0400] "POST /wp-comments-post.php HTTP/1.1" 200 0 "-" "Mozilla/5.0 (Windows NT 10.0; Win64; x64) AppleWebKit/537.36 (KHTML, like Gecko) Chrome/120.0.0.0 Safari/537.36"
72.14.201.60 - - [26/Apr/2025:04:31:09 -0400] "GET /product-category/hair-regrowth/ HTTP/1.1" 200 21857 "https://www.google.com/" "Mozilla/5.0 (Linux; Android 10; K) AppleWebKit/537.36 (KHTML, like Gecko) Chrome/135.0.0.0 Mobile Safari/537.36"
66.249.93.74 - - [26/Apr/2025:04:31:09 -0400] "GET /.well-known/traffic-advice HTTP/1.1" 404 22438 "-" "Chrome Privacy Preserving Prefetch Proxy"
80.85.245.250 - - [26/Apr/2025:04:31:11 -0400] "GET /my-account-2/ HTTP/1.1" 200 23320 "-" "Mozilla/5.0 (Macintosh; Intel Mac OS X 10_15_7) AppleWebKit/537.36 (KHTML, like Gecko) Chrome/133.0.0.0 Safari/537.36"
80.85.245.250 - - [26/Apr/2025:04:31:13 -0400] "GET /my-account-2/lost-password/ HTTP/1.1" 200 23668 "-" "Mozilla/5.0 (Macintosh; Intel Mac OS X 10_15_7) AppleWebKit/537.36 (KHTML, like Gecko) Chrome/133.0.0.0 Safari/537.36"
102.0.0.14 - - [26/Apr/2025:04:31:18 -0400] "POST /my-account-2/lost-password/ HTTP/1.1" 200 23662 "-" "Mozilla/5.0 (Macintosh; Intel Mac OS X 10_15_7) AppleWebKit/537.36 (KHTML, like Gecko) Chrome/133.0.0.0 Safari/537.36"
102.0.0.14 - - [26/Apr/2025:04:31:22 -0400] "POST /my-account-2/lost-password/ HTTP/1.1" 200 23617 "-" "Mozilla/5.0 (Windows NT 10.0; Win64; x64) AppleWebKit/537.36 (KHTML, like Gecko) Chrome/120.0.0.0 Safari/537.36"
80.85.245.250 - - [26/Apr/2025:04:31:26 -0400] "GET /product-category/hair-regrowth/ HTTP/1.1" 200 25279 "-" "Mozilla/5.0 (Macintosh; Intel Mac OS X 10_15_7) AppleWebKit/537.36 (KHTML, like Gecko) Chrome/133.0.0.0 Safari/537.36"
80.85.245.250 - - [26/Apr/2025:04:31:27 -0400] "GET /blog/ HTTP/1.1" 200 28411 "-" "Mozilla/5.0 (Macintosh; Intel Mac OS X 10_15_7) AppleWebKit/537.36 (KHTML, like Gecko) Chrome/133.0.0.0 Safari/537.36"
80.85.245.250 - - [26/Apr/2025:04:31:29 -0400] "GET /2022/12/20/mihajlo-zborovskij-rozvitok-cifrovih-tehnologij-v/ HTTP/1.1" 200 25980 "-" "Mozilla/5.0 (Macintosh; Intel Mac OS X 10_15_7) AppleWebKit/537.36 (KHTML, like Gecko) Chrome/133.0.0.0 Safari/537.36"
66.29.132.124 - - [26/Apr/2025:04:31:32 -0400] "POST /wp-cron.php?doing_wp_cron=1745656292.3563890457153320312500 HTTP/1.1" 200 0 "-" "WordPress/6.8; https://aiqaderm.com"
102.0.0.14 - - [26/Apr/2025:04:31:31 -0400] "POST /wp-comments-post.php HTTP/1.1" 200 1184 "-" "Mozilla/5.0 (Macintosh; Intel Mac OS X 10_15_7) AppleWebKit/537.36 (KHTML, like Gecko) Chrome/133.0.0.0 Safari/537.36"
66.29.132.124 - - [26/Apr/2025:04:31:34 -0400] "POST /wp-admin/admin-ajax.php?action=async_litespeed&nonce=VqAKXQ689cYgsS4TUUDTeLB9irwHDx0j&litespeed_type=imgoptm HTTP/1.1" 200 0 "-" "WordPress/6.8; https://aiqaderm.com"
102.0.0.14 - - [26/Apr/2025:04:31:34 -0400] "POST /wp-comments-post.php HTTP/1.1" 200 0 "-" "Mozilla/5.0 (Windows NT 10.0; Win64; x64) AppleWebKit/537.36 (KHTML, like Gecko) Chrome/120.0.0.0 Safari/537.36"
80.85.245.250 - - [26/Apr/2025:04:31:36 -0400] "GET /2022/12/12/mihail-zborovskij-kosmobet-rol-tehnologij-v/ HTTP/1.1" 200 25961 "-" "Mozilla/5.0 (Macintosh; Intel Mac OS X 10_15_7) AppleWebKit/537.36 (KHTML, like Gecko) Chrome/133.0.0.0 Safari/537.36"
80.85.245.250 - - [26/Apr/2025:04:31:37 -0400] "GET /blog/page/2/ HTTP/1.1" 200 24497 "-" "Mozilla/5.0 (Macintosh; Intel Mac OS X 10_15_7) AppleWebKit/537.36 (KHTML, like Gecko) Chrome/133.0.0.0 Safari/537.36"
80.85.245.250 - - [26/Apr/2025:04:31:38 -0400] "GET /contact-us/ HTTP/1.1" 500 17310 "-" "Mozilla/5.0 (Macintosh; Intel Mac OS X 10_15_7) AppleWebKit/537.36 (KHTML, like Gecko) Chrome/133.0.0.0 Safari/537.36"
52.167.144.159 - - [26/Apr/2025:04:41:50 -0400] "GET /product-category/hair-regrowth/ HTTP/1.1" 200 21857 "-" "Mozilla/5.0 AppleWebKit/537.36 (KHTML, like Gecko; compatible; bingbot/2.0; +http://www.bing.com/bingbot.htm) Chrome/116.0.1938.76 Safari/537.36"
157.55.39.13 - - [26/Apr/2025:04:42:10 -0400] "GET /wp-includes/js/jquery/ui/core.min.js?ver=1.13.3 HTTP/1.1" 200 6812 "-" "Mozilla/5.0 AppleWebKit/537.36 (KHTML, like Gecko; compatible; bingbot/2.0; +http://www.bing.com/bingbot.htm) Chrome/116.0.1938.76 Safari/537.36"
40.77.167.33 - - [26/Apr/2025:04:42:14 -0400] "GET /wp-content/plugins/woocommerce/assets/js/accounting/accounting.min.js?ver=0.4.2 HTTP/1.1" 200 1321 "-" "Mozilla/5.0 AppleWebKit/537.36 (KHTML, like Gecko; compatible; bingbot/2.0; +http://www.bing.com/bingbot.htm) Chrome/116.0.1938.76 Safari/537.36"
40.77.167.33 - - [26/Apr/2025:04:42:14 -0400] "GET /wp-content/plugins/woocommerce/assets/js/frontend/price-slider.min.js?ver=9.8.2 HTTP/1.1" 200 538 "-" "Mozilla/5.0 AppleWebKit/537.36 (KHTML, like Gecko; compatible; bingbot/2.0; +http://www.bing.com/bingbot.htm) Chrome/116.0.1938.76 Safari/537.36"
40.77.167.33 - - [26/Apr/2025:04:42:14 -0400] "GET /wp-includes/js/jquery/ui/mouse.min.js?ver=1.13.3 HTTP/1.1" 200 1012 "-" "Mozilla/5.0 AppleWebKit/537.36 (KHTML, like Gecko; compatible; bingbot/2.0; +http://www.bing.com/bingbot.htm) Chrome/116.0.1938.76 Safari/537.36"
40.77.167.33 - - [26/Apr/2025:04:42:14 -0400] "GET /wp-includes/js/jquery/ui/slider.min.js?ver=1.13.3 HTTP/1.1" 200 3010 "-" "Mozilla/5.0 AppleWebKit/537.36 (KHTML, like Gecko; compatible; bingbot/2.0; +http://www.bing.com/bingbot.htm) Chrome/116.0.1938.76 Safari/537.36"
66.29.132.124 - - [26/Apr/2025:04:49:16 -0400] "POST /wp-cron.php?doing_wp_cron=1745657356.5671958923339843750000 HTTP/1.1" 200 0 "-" "WordPress/6.8; https://aiqaderm.com"
157.55.39.223 - - [26/Apr/2025:04:49:10 -0400] "GET /robots.txt HTTP/1.1" 200 139 "-" "Mozilla/5.0 AppleWebKit/537.36 (KHTML, like Gecko; compatible; bingbot/2.0; +http://www.bing.com/bingbot.htm) Chrome/116.0.1938.76 Safari/537.36"
66.29.132.124 - - [26/Apr/2025:04:49:17 -0400] "POST /wp-admin/admin-ajax.php?action=async_litespeed&nonce=utTmGSzRgq641I34OKzP2G57vvcqeH6s&litespeed_type=imgoptm HTTP/1.1" 200 0 "-" "WordPress/6.8; https://aiqaderm.com"
66.29.132.124 - - [26/Apr/2025:04:49:37 -0400] "POST /wp-cron.php?doing_wp_cron=1745657377.4685559272766113281250 HTTP/1.1" 200 0 "-" "WordPress/6.8; https://aiqaderm.com"
161.35.94.66 - - [26/Apr/2025:04:49:36 -0400] "GET / HTTP/1.1" 500 17511 "-" "Mozilla/5.0 (compatible)"
66.29.132.124 - - [26/Apr/2025:04:49:38 -0400] "POST /wp-admin/admin-ajax.php?action=async_litespeed&nonce=7wQ2J93oKOBwrHoPlBJ9TvFMKo7b6rMO&litespeed_type=imgoptm HTTP/1.1" 200 21 "-" "WordPress/6.8; https://aiqaderm.com"
161.35.94.66 - - [26/Apr/2025:04:49:42 -0400] "GET /wp-content/uploads/2024/12/cropped-png-icon-aiqa-1-32x32.png HTTP/1.1" 200 1088 "https://aiqaderm.com/" "Mozilla/5.0 (compatible)"
66.29.132.124 - - [26/Apr/2025:04:54:43 -0400] "POST /wp-cron.php?doing_wp_cron=1745657683.0850169658660888671875 HTTP/1.1" 200 0 "-" "WordPress/6.8; https://aiqaderm.com"
57.141.4.6 - - [26/Apr/2025:04:54:35 -0400] "GET /wp-json/wp/v2/product/899 HTTP/1.1" 200 2729 "-" "meta-externalagent/1.1 (+https://developers.facebook.com/docs/sharing/webmasters/crawler)"
66.29.132.124 - - [26/Apr/2025:04:54:44 -0400] "POST /wp-admin/admin-ajax.php?action=async_litespeed&nonce=GpBSb5O0InAn2wKHcQM627XW8PQVfSt4&litespeed_type=imgoptm HTTP/1.1" 200 0 "-" "WordPress/6.8; https://aiqaderm.com"
40.77.189.13 - - [26/Apr/2025:04:58:03 -0400] "GET /wp-content/plugins/woocommerce/assets/js/jquery-ui-touch-punch/jquery-ui-touch-punch.min.js?ver=9.8.2 HTTP/1.1" 200 1289 "-" "Mozilla/5.0 AppleWebKit/537.36 (KHTML, like Gecko; compatible; bingbot/2.0; +http://www.bing.com/bingbot.htm) Chrome/100.0.4896.127 Safari/537.36"
66.29.132.124 - - [26/Apr/2025:04:58:08 -0400] "POST /wp-cron.php?doing_wp_cron=1745657888.2715849876403808593750 HTTP/1.1" 200 0 "-" "WordPress/6.8; https://aiqaderm.com"
40.77.190.21 - - [26/Apr/2025:04:58:03 -0400] "POST /?wc-ajax=get_refreshed_fragments HTTP/1.1" 200 493 "-" "Mozilla/5.0 AppleWebKit/537.36 (KHTML, like Gecko; compatible; bingbot/2.0; +http://www.bing.com/bingbot.htm) Chrome/100.0.4896.127 Safari/537.36"
66.29.132.124 - - [26/Apr/2025:04:58:08 -0400] "POST /wp-admin/admin-ajax.php?action=async_litespeed&nonce=pycgIhLTlI0gbEq4qQUheK0cz90K9Xkz&litespeed_type=imgoptm HTTP/1.1" 200 21 "-" "WordPress/6.8; https://aiqaderm.com"
66.29.132.124 - - [26/Apr/2025:05:04:42 -0400] "POST /wp-cron.php?doing_wp_cron=1745658282.8498470783233642578125 HTTP/1.1" 200 0 "-" "WordPress/6.8; https://aiqaderm.com"
207.46.13.107 - - [26/Apr/2025:05:04:34 -0400] "GET /shop-2/884 HTTP/1.1" 301 0 "-" "Mozilla/5.0 AppleWebKit/537.36 (KHTML, like Gecko; compatible; bingbot/2.0; +http://www.bing.com/bingbot.htm) Chrome/116.0.1938.76 Safari/537.36"
66.29.132.124 - - [26/Apr/2025:05:04:43 -0400] "POST /wp-admin/admin-ajax.php?action=async_litespeed&nonce=fBXGzZ3ShtZ61ceBfHpLCTg1YlC5N2WI&litespeed_type=imgoptm HTTP/1.1" 200 0 "-" "WordPress/6.8; https://aiqaderm.com"
4.227.36.125 - - [26/Apr/2025:05:16:38 -0400] "GET /robots.txt HTTP/1.1" 200 139 "-" "Mozilla/5.0 AppleWebKit/537.36 (KHTML, like Gecko; compatible; GPTBot/1.2; +https://openai.com/gptbot)"
4.227.36.125 - - [26/Apr/2025:05:16:38 -0400] "GET /robots.txt HTTP/1.1" 200 139 "http://aiqaderm.com/robots.txt" "Mozilla/5.0 AppleWebKit/537.36 (KHTML, like Gecko; compatible; GPTBot/1.2; +https://openai.com/gptbot)"
66.29.132.124 - - [26/Apr/2025:05:16:44 -0400] "POST /wp-cron.php?doing_wp_cron=1745659004.8700048923492431640625 HTTP/1.1" 200 0 "-" "WordPress/6.8; https://aiqaderm.com"
4.227.36.25 - - [26/Apr/2025:05:16:38 -0400] "GET /robots.txt HTTP/1.1" 301 0 "-" "Mozilla/5.0 AppleWebKit/537.36 (KHTML, like Gecko; compatible; GPTBot/1.2; +https://openai.com/gptbot)"
4.227.36.25 - - [26/Apr/2025:05:16:38 -0400] "GET /robots.txt HTTP/1.1" 301 0 "http://www.aiqaderm.com/robots.txt" "Mozilla/5.0 AppleWebKit/537.36 (KHTML, like Gecko; compatible; GPTBot/1.2; +https://openai.com/gptbot)"
4.227.36.25 - - [26/Apr/2025:05:16:45 -0400] "GET /robots.txt HTTP/1.1" 200 139 "https://www.aiqaderm.com/robots.txt" "Mozilla/5.0 AppleWebKit/537.36 (KHTML, like Gecko; compatible; GPTBot/1.2; +https://openai.com/gptbot)"
4.227.36.25 - - [26/Apr/2025:05:16:45 -0400] "GET /robots.txt HTTP/1.1" 200 139 "https://www.aiqaderm.com/robots.txt" "Mozilla/5.0 AppleWebKit/537.36 (KHTML, like Gecko; compatible; GPTBot/1.2; +https://openai.com/gptbot)"
20.171.207.198 - - [26/Apr/2025:05:16:45 -0400] "GET /product/milex-r-serum-retinol/812 HTTP/1.1" 301 0 "-" "Mozilla/5.0 AppleWebKit/537.36 (KHTML, like Gecko; compatible; GPTBot/1.2; +https://openai.com/gptbot)"
66.29.132.124 - - [26/Apr/2025:05:16:45 -0400] "POST /wp-admin/admin-ajax.php?action=async_litespeed&nonce=5GJhP3TUfejbm0HbZmYig6PICljaYrPl&litespeed_type=imgoptm HTTP/1.1" 200 0 "-" "WordPress/6.8; https://aiqaderm.com"
66.29.132.124 - - [26/Apr/2025:05:16:46 -0400] "POST /wp-admin/admin-ajax.php?action=wp_1_wc_privacy_cleanup&nonce=5b7a71148e HTTP/1.1" 200 0 "-" "WordPress/6.8; https://aiqaderm.com"
66.29.132.124 - - [26/Apr/2025:05:16:48 -0400] "POST /wp-cron.php?doing_wp_cron=1745659008.6048119068145751953125 HTTP/1.1" 200 0 "-" "WordPress/6.8; https://aiqaderm.com"
20.171.207.170 - - [26/Apr/2025:05:16:48 -0400] "GET / HTTP/1.1" 301 0 "-" "Mozilla/5.0 AppleWebKit/537.36 (KHTML, like Gecko; compatible; GPTBot/1.2; +https://openai.com/gptbot)"
20.171.207.198 - - [26/Apr/2025:05:16:48 -0400] "GET / HTTP/1.1" 500 15227 "-" "Mozilla/5.0 AppleWebKit/537.36 (KHTML, like Gecko; compatible; GPTBot/1.2; +https://openai.com/gptbot)"
20.171.207.198 - - [26/Apr/2025:05:16:50 -0400] "GET /product/aiqa-grow-hair-serum/804 HTTP/1.1" 301 0 "-" "Mozilla/5.0 AppleWebKit/537.36 (KHTML, like Gecko; compatible; GPTBot/1.2; +https://openai.com/gptbot)"
20.171.207.198 - - [26/Apr/2025:05:16:59 -0400] "GET /wp-comments-post.php HTTP/1.1" 405 0 "-" "Mozilla/5.0 AppleWebKit/537.36 (KHTML, like Gecko; compatible; GPTBot/1.2; +https://openai.com/gptbot)"
20.171.207.198 - - [26/Apr/2025:05:17:15 -0400] "GET /product/hydro-aiq-bar/798 HTTP/1.1" 301 0 "-" "Mozilla/5.0 AppleWebKit/537.36 (KHTML, like Gecko; compatible; GPTBot/1.2; +https://openai.com/gptbot)"
20.171.207.198 - - [26/Apr/2025:05:17:21 -0400] "GET /product/acniq-bar-acne/73 HTTP/1.1" 301 0 "-" "Mozilla/5.0 AppleWebKit/537.36 (KHTML, like Gecko; compatible; GPTBot/1.2; +https://openai.com/gptbot)"
20.171.207.198 - - [26/Apr/2025:05:17:28 -0400] "GET / HTTP/1.1" 500 15228 "-" "Mozilla/5.0 AppleWebKit/537.36 (KHTML, like Gecko; compatible; GPTBot/1.2; +https://openai.com/gptbot)"
121.237.36.28 - - [26/Apr/2025:05:42:29 -0400] "GET /favicon.ico HTTP/1.1" 404 1251 "-" "Dalvik/2.1.0 (Linux; U; Android 9.0; ZTE BA520 Build/MRA58K)"
66.29.132.124 - - [26/Apr/2025:05:49:31 -0400] "POST /wp-cron.php?doing_wp_cron=1745660971.9530980587005615234375 HTTP/1.1" 200 0 "-" "WordPress/6.8; https://aiqaderm.com"
121.237.36.27 - - [26/Apr/2025:05:49:26 -0400] "GET / HTTP/1.1" 500 17511 "-" "Dalvik/2.1.0 (Linux; U; Android 9.0; ZTE BA520 Build/MRA58K)"
66.29.132.124 - - [26/Apr/2025:05:49:32 -0400] "POST /wp-admin/admin-ajax.php?action=async_litespeed&nonce=s6FEyWCQGI5a07zlk3DQjIQ1XCorUj1u&litespeed_type=imgoptm HTTP/1.1" 200 0 "-" "WordPress/6.8; https://aiqaderm.com"
183.134.59.131 - - [26/Apr/2025:05:49:43 -0400] "GET /favicon.ico HTTP/1.1" 404 1251 "-" "Dalvik/2.1.0 (Linux; U; Android 9.0; ZTE BA520 Build/MRA58K)"
66.29.132.124 - - [26/Apr/2025:05:51:53 -0400] "POST /wp-cron.php?doing_wp_cron=1745661113.2101340293884277343750 HTTP/1.1" 200 0 "-" "WordPress/6.8; https://aiqaderm.com"
183.134.59.131 - - [26/Apr/2025:05:51:48 -0400] "GET / HTTP/1.1" 500 17511 "-" "Dalvik/2.1.0 (Linux; U; Android 9.0; ZTE BA520 Build/MRA58K)"
66.29.132.124 - - [26/Apr/2025:05:51:53 -0400] "POST /wp-admin/admin-ajax.php?action=async_litespeed&nonce=CKnkkH3I90xzg2HC745vW4MlIqkb6kUh&litespeed_type=imgoptm HTTP/1.1" 200 0 "-" "WordPress/6.8; https://aiqaderm.com"
57.141.4.1 - - [26/Apr/2025:05:51:57 -0400] "GET /wp-json/oembed/1.0/embed?url=https%3A%2F%2Faiqaderm.com%2Fproduct%2Fuv-aiq-sc-gel%2F HTTP/1.1" 200 2298 "-" "meta-externalagent/1.1 (+https://developers.facebook.com/docs/sharing/webmasters/crawler)"
66.29.132.124 - - [26/Apr/2025:05:54:42 -0400] "POST /wp-cron.php?doing_wp_cron=1745661282.3248229026794433593750 HTTP/1.1" 200 0 "-" "WordPress/6.8; https://aiqaderm.com"
66.29.132.124 - - [26/Apr/2025:05:54:42 -0400] "POST /wp-cron.php?doing_wp_cron=1745661282.3236711025238037109375 HTTP/1.1" 200 0 "-" "WordPress/6.8; https://aiqaderm.com"
183.134.59.131 - - [26/Apr/2025:05:54:40 -0400] "GET / HTTP/1.1" 500 17511 "-" "Mozilla/5.0 (Macintosh; Intel Mac OS X 10_11) AppleWebKit/601.1.27 (KHTML, like Gecko) Chrome/47.0.2526.106 Safari/601.1.27"
88.214.48.42 - - [26/Apr/2025:05:54:39 -0400] "GET / HTTP/1.1" 500 17511 "-" "Mozilla/5.0 (Macintosh; Intel Mac OS X 10_15_7) AppleWebKit/537.36 (KHTML, like Gecko) Chrome/120.0.0.0 Safari/537.36"
66.29.132.124 - - [26/Apr/2025:05:54:43 -0400] "POST /wp-admin/admin-ajax.php?action=async_litespeed&nonce=FAEuo02lQMdVBJiO52vobqURcnuPILGb&litespeed_type=imgoptm HTTP/1.1" 200 21 "-" "WordPress/6.8; https://aiqaderm.com"
66.29.132.124 - - [26/Apr/2025:06:03:43 -0400] "POST /wp-cron.php?doing_wp_cron=1745661823.1400420665740966796875 HTTP/1.1" 200 0 "-" "WordPress/6.8; https://aiqaderm.com"
186.231.42.242 - - [26/Apr/2025:06:03:36 -0400] "GET /product-category/featured-products/?add-to-cart=80 HTTP/1.1" 200 23021 "-" "Mozilla/5.0 (iPod; U; CPU iPhone OS 3_2 like Mac OS X; lij-IT) AppleWebKit/535.8.3 (KHTML, like Gecko) Version/4.0.5 Mobile/8B119 Safari/6535.8.3"
66.29.132.124 - - [26/Apr/2025:06:03:43 -0400] "POST /wp-admin/admin-ajax.php?action=async_litespeed&nonce=IxsOQjlhzRHraUin3nqL4OXgRcaQLnd6&litespeed_type=imgoptm HTTP/1.1" 200 0 "-" "WordPress/6.8; https://aiqaderm.com"
182.185.12.47 - - [26/Apr/2025:06:14:37 -0400] "GET /wp-content/uploads/2024/12/30.png HTTP/1.1" 200 207806 "https://www.google.com/" "Mozilla/5.0 (Linux; Android 10; Infinix X655C Build/QP1A.190711.020; wv) AppleWebKit/537.36 (KHTML, like Gecko) Version/4.0 Chrome/135.0.7049.110 Mobile Safari/537.36 GoogleApp/16.15.39.ve.arm64"
66.29.132.124 - - [26/Apr/2025:06:16:24 -0400] "POST /wp-cron.php?doing_wp_cron=1745662584.8353800773620605468750 HTTP/1.1" 200 0 "-" "WordPress/6.8; https://aiqaderm.com"
170.106.163.84 - - [26/Apr/2025:06:16:19 -0400] "GET / HTTP/1.1" 500 17511 "http://aiqaderm.com" "Mozilla/5.0 (iPhone; CPU iPhone OS 13_2_3 like Mac OS X) AppleWebKit/605.1.15 (KHTML, like Gecko) Version/13.0.3 Mobile/15E148 Safari/604.1"
66.29.132.124 - - [26/Apr/2025:06:16:25 -0400] "POST /wp-admin/admin-ajax.php?action=async_litespeed&nonce=y4gA6kZI9iZtbEPLufdcRmkwOcdJEOTt&litespeed_type=imgoptm HTTP/1.1" 200 0 "-" "WordPress/6.8; https://aiqaderm.com"
78.153.140.218 - - [26/Apr/2025:06:16:57 -0400] "GET /.env HTTP/1.1" 403 1242 "-" "Mozilla/5.0 (X11; U; Linux x86_64; en-US; rv:1.9.2.13) Gecko/20101223 Gentoo Firefox/3.6.13"
78.153.140.218 - - [26/Apr/2025:06:16:57 -0400] "GET /.env HTTP/1.1" 403 1242 "-" "Mozilla/5.0 (MSIE 9.0; Windows NT 6.1; WOW64; Trident/7.0; rv:11.0) like Gecko"
78.153.140.218 - - [26/Apr/2025:06:16:59 -0400] "GET /.aws/credentials HTTP/1.1" 200 1517 "-" "Mozilla/5.0 (iPad; CPU OS 8_1_3 like Mac OS X) AppleWebKit/600.1.4 (KHTML, like Gecko) GSA/7.0.55539 Mobile/12B466 Safari/600.1.4"
78.153.140.218 - - [26/Apr/2025:06:17:01 -0400] "GET /.aws/credentials HTTP/1.1" 200 1517 "-" "Opera/9.25 (Windows NT 6.0; U; ru)"
78.153.140.218 - - [26/Apr/2025:06:17:01 -0400] "GET /backend/.env HTTP/1.1" 403 1242 "-" "Mozilla/5.0 (Linux; Android 5.1.1; SAMSUNG SM-J120H Build/LMY47V) AppleWebKit/537.36 (KHTML, like Gecko) SamsungBrowser/3.5 Chrome/38.0.2125.102 Mobile Safari/537.36"
78.153.140.218 - - [26/Apr/2025:06:17:02 -0400] "GET /backend/.env HTTP/1.1" 403 1242 "-" "Mozilla/5.0 (Linux; U; Android 4.2.2; en-au; GT-P5210 Build/JDQ39) AppleWebKit/534.30 (KHTML, like Gecko) Version/4.0 Safari/534.30"
78.153.140.218 - - [26/Apr/2025:06:17:04 -0400] "GET /api/.env HTTP/1.1" 403 1242 "-" "Mozilla/5.0 (Windows NT 6.1; Trident/7.0; MATP; MATP; rv:11.0) like Gecko"
78.153.140.218 - - [26/Apr/2025:06:17:06 -0400] "GET /admin/.env HTTP/1.1" 403 1242 "-" "Mozilla/5.0 (Windows; U; Windows NT 5.2; en-US) AppleWebKit/531.21.8 (KHTML, like Gecko) Version/4.0.4 Safari/531.21.10"
78.153.140.218 - - [26/Apr/2025:06:17:07 -0400] "GET /app/.env HTTP/1.1" 403 1242 "-" "Mozilla/5.0 (Macintosh; Intel Mac OS X 10_10_5) AppleWebKit/537.36 (KHTML, like Gecko) Chrome/60.0.3112.90 Safari/537.36"
185.191.171.18 - - [26/Apr/2025:06:27:31 -0400] "GET /robots.txt HTTP/1.1" 200 158 "-" "Mozilla/5.0 (compatible; SemrushBot/7~bl; +http://www.semrush.com/bot.html)"
66.29.132.124 - - [26/Apr/2025:06:27:39 -0400] "POST /wp-cron.php?doing_wp_cron=1745663259.6941869258880615234375 HTTP/1.1" 200 0 "-" "WordPress/6.8; https://aiqaderm.com"
85.208.96.211 - - [26/Apr/2025:06:27:32 -0400] "GET /product/bremiq-acne-serum/73 HTTP/1.1" 301 0 "-" "Mozilla/5.0 (compatible; SemrushBot/7~bl; +http://www.semrush.com/bot.html)"
66.29.132.124 - - [26/Apr/2025:06:27:40 -0400] "POST /wp-admin/admin-ajax.php?action=async_litespeed&nonce=6Z5ablZDH2LlBXNIhJdsW4QwUgwP15LT&litespeed_type=imgoptm HTTP/1.1" 200 0 "-" "WordPress/6.8; https://aiqaderm.com"
85.208.96.211 - - [26/Apr/2025:06:27:41 -0400] "GET /product/bremiq-acne-serum/ HTTP/1.1" 200 28196 "-" "Mozilla/5.0 (compatible; SemrushBot/7~bl; +http://www.semrush.com/bot.html)"
66.29.132.124 - - [26/Apr/2025:06:28:22 -0400] "POST /wp-cron.php?doing_wp_cron=1745663302.6408751010894775390625 HTTP/1.1" 200 0 "-" "WordPress/6.8; https://aiqaderm.com"
114.119.139.53 - - [26/Apr/2025:06:28:22 -0400] "GET /product/uv-aiq-sc-gel/ HTTP/1.1" 200 27749 "https://aiqaderm.com/shop-2/875" "Mozilla/5.0 (Linux; Android 7.0;) AppleWebKit/537.36 (KHTML, like Gecko) Mobile Safari/537.36 (compatible; PetalBot;+https://webmaster.petalsearch.com/site/petalbot)"
66.29.132.124 - - [26/Apr/2025:06:40:41 -0400] "POST /wp-cron.php?doing_wp_cron=1745664040.9691751003265380859375 HTTP/1.1" 200 0 "-" "WordPress/6.8; https://aiqaderm.com"
41.96.88.254 - - [26/Apr/2025:06:40:32 -0400] "GET /product-category/featured-products/?add-to-cart=801 HTTP/1.1" 200 23055 "-" "Opera/9.43.(Windows 98; Win 9x 4.90; hr-HR) Presto/2.9.169 Version/12.00"
66.29.132.124 - - [26/Apr/2025:06:40:41 -0400] "POST /wp-admin/admin-ajax.php?action=async_litespeed&nonce=65ZBucV5anC7kjN3OHtVwHkSDzsZkbnV&litespeed_type=imgoptm HTTP/1.1" 200 0 "-" "WordPress/6.8; https://aiqaderm.com"
66.29.132.124 - - [26/Apr/2025:06:40:43 -0400] "GET / HTTP/1.1" 500 17511 "-" "WordPress/6.8; https://aiqaderm.com"
5.255.231.94 - - [26/Apr/2025:06:41:16 -0400] "GET /robots.txt HTTP/1.1" 200 262 "-" "Mozilla/5.0 (compatible; YandexBot/3.0; +http://yandex.com/bots)"
66.29.132.124 - - [26/Apr/2025:06:41:19 -0400] "POST /wp-cron.php?doing_wp_cron=1745664079.0789880752563476562500 HTTP/1.1" 200 0 "-" "WordPress/6.8; https://aiqaderm.com"
213.180.203.203 - - [26/Apr/2025:06:41:18 -0400] "GET /product/milex-c-vitamin-c-cream/ HTTP/1.1" 200 28818 "-" "Mozilla/5.0 (compatible; YandexBot/3.0; +http://yandex.com/bots)"
66.29.132.124 - - [26/Apr/2025:06:48:13 -0400] "POST /wp-cron.php?doing_wp_cron=1745664493.4774460792541503906250 HTTP/1.1" 200 0 "-" "WordPress/6.8; https://aiqaderm.com"
43.157.82.252 - - [26/Apr/2025:06:48:07 -0400] "GET / HTTP/1.1" 301 0 "http://www.aiqaderm.com" "Mozilla/5.0 (iPhone; CPU iPhone OS 13_2_3 like Mac OS X) AppleWebKit/605.1.15 (KHTML, like Gecko) Version/13.0.3 Mobile/15E148 Safari/604.1"
66.29.132.124 - - [26/Apr/2025:06:48:14 -0400] "POST /wp-admin/admin-ajax.php?action=async_litespeed&nonce=uCRWpoX8ufLSS2szfJwyvVT0WCzGc1C9&litespeed_type=imgoptm HTTP/1.1" 200 0 "-" "WordPress/6.8; https://aiqaderm.com"
43.157.82.252 - - [26/Apr/2025:06:48:14 -0400] "GET / HTTP/1.1" 500 17511 "https://www.aiqaderm.com/" "Mozilla/5.0 (iPhone; CPU iPhone OS 13_2_3 like Mac OS X) AppleWebKit/605.1.15 (KHTML, like Gecko) Version/13.0.3 Mobile/15E148 Safari/604.1"
66.29.132.124 - - [26/Apr/2025:07:03:34 -0400] "POST /wp-cron.php?doing_wp_cron=1745665414.3845489025115966796875 HTTP/1.1" 200 0 "-" "WordPress/6.8; https://aiqaderm.com"
201.140.228.202 - - [26/Apr/2025:07:03:26 -0400] "GET /product-category/uncategorized/874 HTTP/1.1" 404 19397 "-" "Opera/9.33.(Windows NT 10.0; ug-CN) Presto/2.9.181 Version/10.00"
66.29.132.124 - - [26/Apr/2025:07:03:35 -0400] "POST /wp-admin/admin-ajax.php?action=async_litespeed&nonce=W4HRAzVz3m6aUlOwksk4nnK9Zf21Fpb0&litespeed_type=imgoptm HTTP/1.1" 200 0 "-" "WordPress/6.8; https://aiqaderm.com"
52.204.37.237 - - [26/Apr/2025:07:09:49 -0400] "GET /product/aiqa-grow-hair-serum/809 HTTP/1.1" 301 0 "-" "Mozilla/5.0 AppleWebKit/537.36 (KHTML, like Gecko; compatible; Amazonbot/0.1; +https://developer.amazon.com/support/amazonbot) Chrome/119.0.6045.214 Safari/537.36"
66.29.132.124 - - [26/Apr/2025:07:09:56 -0400] "POST /wp-cron.php?doing_wp_cron=1745665796.5683310031890869140625 HTTP/1.1" 200 0 "-" "WordPress/6.8; https://aiqaderm.com"
66.29.132.124 - - [26/Apr/2025:07:09:57 -0400] "POST /wp-admin/admin-ajax.php?action=async_litespeed&nonce=8r69EbonWrfDY0vTacsPJYUEmC6VKXWn&litespeed_type=imgoptm HTTP/1.1" 200 0 "-" "WordPress/6.8; https://aiqaderm.com"
18.215.77.19 - - [26/Apr/2025:07:09:57 -0400] "GET /product/aiqa-grow-hair-serum/ HTTP/1.1" 200 28509 "-" "Mozilla/5.0 AppleWebKit/537.36 (KHTML, like Gecko; compatible; Amazonbot/0.1; +https://developer.amazon.com/support/amazonbot) Chrome/119.0.6045.214 Safari/537.36"
66.29.132.124 - - [26/Apr/2025:07:24:02 -0400] "POST /wp-cron.php?doing_wp_cron=1745666642.3514959812164306640625 HTTP/1.1" 200 0 "-" "WordPress/6.8; https://aiqaderm.com"
114.96.103.33 - - [26/Apr/2025:07:23:53 -0400] "GET / HTTP/1.1" 301 0 "http://www.aiqaderm.com" "Mozilla/5.0 (iPhone; CPU iPhone OS 13_2_3 like Mac OS X) AppleWebKit/605.1.15 (KHTML, like Gecko) Version/13.0.3 Mobile/15E148 Safari/604.1"
66.29.132.124 - - [26/Apr/2025:07:24:03 -0400] "POST /wp-admin/admin-ajax.php?action=async_litespeed&nonce=QZryPtL0a0WwVMeZiQasthi5R16JxTk0&litespeed_type=imgoptm HTTP/1.1" 200 0 "-" "WordPress/6.8; https://aiqaderm.com"
114.96.103.33 - - [26/Apr/2025:07:24:03 -0400] "GET / HTTP/1.1" 500 17511 "https://www.aiqaderm.com/" "Mozilla/5.0 (iPhone; CPU iPhone OS 13_2_3 like Mac OS X) AppleWebKit/605.1.15 (KHTML, like Gecko) Version/13.0.3 Mobile/15E148 Safari/604.1"
66.29.132.124 - - [26/Apr/2025:07:27:05 -0400] "POST /wp-cron.php?doing_wp_cron=1745666825.7605650424957275390625 HTTP/1.1" 200 0 "-" "WordPress/6.8; https://aiqaderm.com"
54.164.106.236 - - [26/Apr/2025:07:27:01 -0400] "GET /product/aiqa-grow-hair-serum/804 HTTP/1.1" 301 0 "-" "Mozilla/5.0 AppleWebKit/537.36 (KHTML, like Gecko; compatible; Amazonbot/0.1; +https://developer.amazon.com/support/amazonbot) Chrome/119.0.6045.214 Safari/537.36"
34.194.226.74 - - [26/Apr/2025:07:27:06 -0400] "GET /product/bremiq-acne-serum/809 HTTP/1.1" 301 0 "-" "Mozilla/5.0 AppleWebKit/537.36 (KHTML, like Gecko; compatible; Amazonbot/0.1; +https://developer.amazon.com/support/amazonbot) Chrome/119.0.6045.214 Safari/537.36"
66.29.132.124 - - [26/Apr/2025:07:27:06 -0400] "POST /wp-admin/admin-ajax.php?action=async_litespeed&nonce=MvOyUNOMkpWNpgnaX2Vy96z6xKfzWv0h&litespeed_type=imgoptm HTTP/1.1" 200 0 "-" "WordPress/6.8; https://aiqaderm.com"
34.194.226.74 - - [26/Apr/2025:07:27:08 -0400] "GET /product/bremiq-acne-serum/ HTTP/1.1" 200 28196 "-" "Mozilla/5.0 AppleWebKit/537.36 (KHTML, like Gecko; compatible; Amazonbot/0.1; +https://developer.amazon.com/support/amazonbot) Chrome/119.0.6045.214 Safari/537.36"
54.84.93.8 - - [26/Apr/2025:07:27:09 -0400] "GET /product/brelix-brightening-face-wash/804 HTTP/1.1" 301 0 "-" "Mozilla/5.0 AppleWebKit/537.36 (KHTML, like Gecko; compatible; Amazonbot/0.1; +https://developer.amazon.com/support/amazonbot) Chrome/119.0.6045.214 Safari/537.36"
18.213.102.186 - - [26/Apr/2025:07:27:10 -0400] "GET /product/brelix-brightening-face-wash/ HTTP/1.1" 200 28649 "-" "Mozilla/5.0 AppleWebKit/537.36 (KHTML, like Gecko; compatible; Amazonbot/0.1; +https://developer.amazon.com/support/amazonbot) Chrome/119.0.6045.214 Safari/537.36"
66.29.132.124 - - [26/Apr/2025:07:31:26 -0400] "POST /wp-cron.php?doing_wp_cron=1745667086.5780661106109619140625 HTTP/1.1" 200 0 "-" "WordPress/6.8; https://aiqaderm.com"
168.195.9.252 - - [26/Apr/2025:07:31:17 -0400] "GET /product-category/uncategorized/?add-to-cart=874 HTTP/1.1" 200 22173 "-" "Mozilla/5.0 (Windows 98; Win 9x 4.90) AppleWebKit/534.1 (KHTML, like Gecko) Chrome/50.0.889.0 Safari/534.1"
66.29.132.124 - - [26/Apr/2025:07:31:28 -0400] "POST /wp-admin/admin-ajax.php?action=async_litespeed&nonce=1z2bGPpvxiNBdo7GLJzMqXvxId7qvU30&litespeed_type=imgoptm HTTP/1.1" 200 0 "-" "WordPress/6.8; https://aiqaderm.com"
88.214.48.42 - - [26/Apr/2025:07:35:33 -0400] "POST /wp-content/themes/cleaner/wp-config-sample.php HTTP/1.1" 200 67 "-" "Mozilla/5.0 (Macintosh; Intel Mac OS X 10_15_7) AppleWebKit/537.36 (KHTML, like Gecko) Chrome/120.0.0.0 Safari/537.36"
88.214.48.42 - - [26/Apr/2025:07:35:34 -0400] "POST /wp-content/themes/cleaner/wp-config-sample.php HTTP/1.1" 200 41 "-" "Mozilla/5.0 (Macintosh; Intel Mac OS X 10_15_7) AppleWebKit/537.36 (KHTML, like Gecko) Chrome/120.0.0.0 Safari/537.36"
88.214.48.42 - - [26/Apr/2025:07:47:38 -0400] "POST /wp-content/themes/cleaner/wp-config-sample.php HTTP/1.1" 200 64 "-" "Mozilla/5.0 (Macintosh; Intel Mac OS X 10_15_7) AppleWebKit/537.36 (KHTML, like Gecko) Chrome/120.0.0.0 Safari/537.36"
88.214.48.42 - - [26/Apr/2025:07:47:39 -0400] "POST /wp-content/themes/cleaner/wp-config-sample.php HTTP/1.1" 200 57 "-" "Mozilla/5.0 (Macintosh; Intel Mac OS X 10_15_7) AppleWebKit/537.36 (KHTML, like Gecko) Chrome/120.0.0.0 Safari/537.36"
88.214.48.42 - - [26/Apr/2025:07:47:41 -0400] "POST /wp-content/themes/cleaner/wp-config-sample.php HTTP/1.1" 200 61 "-" "Mozilla/5.0 (Macintosh; Intel Mac OS X 10_15_7) AppleWebKit/537.36 (KHTML, like Gecko) Chrome/120.0.0.0 Safari/537.36"
88.214.48.42 - - [26/Apr/2025:07:47:42 -0400] "POST /wp-content/themes/cleaner/wp-config-sample.php HTTP/1.1" 200 26027 "-" "Mozilla/5.0 (Macintosh; Intel Mac OS X 10_15_7) AppleWebKit/537.36 (KHTML, like Gecko) Chrome/120.0.0.0 Safari/537.36"
88.214.48.42 - - [26/Apr/2025:07:47:43 -0400] "POST /wp-content/themes/cleaner/wp-config-sample.php HTTP/1.1" 200 58 "-" "Mozilla/5.0 (Macintosh; Intel Mac OS X 10_15_7) AppleWebKit/537.36 (KHTML, like Gecko) Chrome/120.0.0.0 Safari/537.36"
88.214.48.42 - - [26/Apr/2025:07:47:44 -0400] "POST /wp-content/themes/cleaner/wp-config-sample.php HTTP/1.1" 200 65 "-" "Mozilla/5.0 (Macintosh; Intel Mac OS X 10_15_7) AppleWebKit/537.36 (KHTML, like Gecko) Chrome/120.0.0.0 Safari/537.36"
88.214.48.42 - - [26/Apr/2025:07:47:45 -0400] "POST /wp-content/themes/cleaner/wp-config-sample.php HTTP/1.1" 200 65 "-" "Mozilla/5.0 (Macintosh; Intel Mac OS X 10_15_7) AppleWebKit/537.36 (KHTML, like Gecko) Chrome/120.0.0.0 Safari/537.36"
88.214.48.42 - - [26/Apr/2025:07:47:46 -0400] "POST /wp-content/themes/cleaner/wp-config-sample.php HTTP/1.1" 200 52 "-" "Mozilla/5.0 (Macintosh; Intel Mac OS X 10_15_7) AppleWebKit/537.36 (KHTML, like Gecko) Chrome/120.0.0.0 Safari/537.36"
88.214.48.42 - - [26/Apr/2025:07:47:46 -0400] "POST /wp-content/themes/cleaner/wp-config-sample.php HTTP/1.1" 200 68 "-" "Mozilla/5.0 (Macintosh; Intel Mac OS X 10_15_7) AppleWebKit/537.36 (KHTML, like Gecko) Chrome/120.0.0.0 Safari/537.36"
88.214.48.42 - - [26/Apr/2025:07:47:50 -0400] "POST /wp-content/themes/cleaner/wp-config-sample.php HTTP/1.1" 500 36 "-" "Mozilla/5.0 (Macintosh; Intel Mac OS X 10_15_7) AppleWebKit/537.36 (KHTML, like Gecko) Chrome/120.0.0.0 Safari/537.36"
88.214.48.42 - - [26/Apr/2025:07:47:51 -0400] "POST /wp-content/themes/cleaner/wp-config-sample.php HTTP/1.1" 200 64 "-" "Mozilla/5.0 (Macintosh; Intel Mac OS X 10_15_7) AppleWebKit/537.36 (KHTML, like Gecko) Chrome/120.0.0.0 Safari/537.36"
88.214.48.42 - - [26/Apr/2025:07:47:52 -0400] "POST /wp-content/themes/cleaner/wp-config-sample.php HTTP/1.1" 200 45 "-" "Mozilla/5.0 (Macintosh; Intel Mac OS X 10_15_7) AppleWebKit/537.36 (KHTML, like Gecko) Chrome/120.0.0.0 Safari/537.36"
88.214.48.42 - - [26/Apr/2025:07:47:53 -0400] "POST /wp-content/themes/cleaner/wp-config-sample.php HTTP/1.1" 200 71 "-" "Mozilla/5.0 (Macintosh; Intel Mac OS X 10_15_7) AppleWebKit/537.36 (KHTML, like Gecko) Chrome/120.0.0.0 Safari/537.36"
88.214.48.42 - - [26/Apr/2025:07:47:53 -0400] "POST /wp-content/themes/cleaner/wp-config-sample.php HTTP/1.1" 500 36 "-" "Mozilla/5.0 (Macintosh; Intel Mac OS X 10_15_7) AppleWebKit/537.36 (KHTML, like Gecko) Chrome/120.0.0.0 Safari/537.36"
66.29.132.124 - - [26/Apr/2025:08:08:01 -0400] "POST /wp-cron.php?doing_wp_cron=1745669281.5545129776000976562500 HTTP/1.1" 200 0 "-" "WordPress/6.8; https://aiqaderm.com"
125.228.216.16 - - [26/Apr/2025:08:07:53 -0400] "GET /2022/12/20/mihajlo-zborovskij-rozvitok-cifrovih-tehnologij-v/ HTTP/1.1" 200 22519 "-" "Mozilla/5.0 (Macintosh; Intel Mac OS X 12_5) AppleWebKit/537.36 (KHTML, like Gecko) Chrome/114.0.0.0 YaBrowser/22.7.0 Yowser/2.5 Safari/537.36"
66.29.132.124 - - [26/Apr/2025:08:08:03 -0400] "POST /wp-admin/admin-ajax.php?action=async_litespeed&nonce=MPMZOw4juHDzdjnYSskhFCXTGXmqEgt8&litespeed_type=imgoptm HTTP/1.1" 200 0 "-" "WordPress/6.8; https://aiqaderm.com"
4.227.36.125 - - [26/Apr/2025:08:26:18 -0400] "GET /robots.txt HTTP/1.1" 200 139 "-" "Mozilla/5.0 AppleWebKit/537.36 (KHTML, like Gecko; compatible; GPTBot/1.2; +https://openai.com/gptbot)"
66.29.132.124 - - [26/Apr/2025:08:26:38 -0400] "POST /wp-cron.php?doing_wp_cron=1745670398.3691489696502685546875 HTTP/1.1" 200 0 "-" "WordPress/6.8; https://aiqaderm.com"
20.171.207.198 - - [26/Apr/2025:08:26:29 -0400] "GET / HTTP/1.1" 500 15226 "-" "Mozilla/5.0 AppleWebKit/537.36 (KHTML, like Gecko; compatible; GPTBot/1.2; +https://openai.com/gptbot)"
66.29.132.124 - - [26/Apr/2025:08:26:39 -0400] "POST /wp-admin/admin-ajax.php?action=async_litespeed&nonce=yohc7Ctwz1Fc2JAKkupk0vrFhnkWEAvb&litespeed_type=imgoptm HTTP/1.1" 200 0 "-" "WordPress/6.8; https://aiqaderm.com"
66.29.132.124 - - [26/Apr/2025:08:29:52 -0400] "POST /wp-cron.php?doing_wp_cron=1745670592.5580120086669921875000 HTTP/1.1" 200 0 "-" "WordPress/6.8; https://aiqaderm.com"
57.141.4.27 - - [26/Apr/2025:08:29:44 -0400] "GET / HTTP/1.1" 500 59578 "-" "meta-externalagent/1.1 (+https://developers.facebook.com/docs/sharing/webmasters/crawler)"
66.29.132.124 - - [26/Apr/2025:08:29:53 -0400] "POST /wp-admin/admin-ajax.php?action=async_litespeed&nonce=jLIOxkNCDjy1Dw4BiI5nOLMqKrumuETj&litespeed_type=imgoptm HTTP/1.1" 200 0 "-" "WordPress/6.8; https://aiqaderm.com"
66.29.132.124 - - [26/Apr/2025:08:45:37 -0400] "POST /wp-cron.php?doing_wp_cron=1745671537.3686490058898925781250 HTTP/1.1" 200 0 "-" "WordPress/6.8; https://aiqaderm.com"
114.119.139.167 - - [26/Apr/2025:08:45:26 -0400] "GET /product/zolti-shampoo/ HTTP/1.1" 200 27239 "https://aiqaderm.com/shop-2/875" "Mozilla/5.0 (Linux; Android 7.0;) AppleWebKit/537.36 (KHTML, like Gecko) Mobile Safari/537.36 (compatible; PetalBot;+https://webmaster.petalsearch.com/site/petalbot)"
66.29.132.124 - - [26/Apr/2025:08:45:39 -0400] "POST /wp-admin/admin-ajax.php?action=async_litespeed&nonce=gREW0G4NkroM8w9xtL3G6f9uZj0BKXiw&litespeed_type=imgoptm HTTP/1.1" 200 0 "-" "WordPress/6.8; https://aiqaderm.com"
66.29.132.124 - - [26/Apr/2025:08:47:44 -0400] "POST /wp-cron.php?doing_wp_cron=1745671664.4189848899841308593750 HTTP/1.1" 200 0 "-" "WordPress/6.8; https://aiqaderm.com"
114.119.136.3 - - [26/Apr/2025:08:47:41 -0400] "GET /product/milex-c-vitamin-c-serum/881 HTTP/1.1" 301 0 "https://aiqaderm.com/product/milex-c-vitamin-c-serum/881" "Mozilla/5.0 (Linux; Android 7.0;) AppleWebKit/537.36 (KHTML, like Gecko) Mobile Safari/537.36 (compatible; PetalBot;+https://webmaster.petalsearch.com/site/petalbot)"
66.29.132.124 - - [26/Apr/2025:08:47:45 -0400] "POST /wp-admin/admin-ajax.php?action=async_litespeed&nonce=vRTTJfStdfkqBjNzMHQ5Q2xgaP3ehcgF&litespeed_type=imgoptm HTTP/1.1" 200 21 "-" "WordPress/6.8; https://aiqaderm.com"
114.119.136.3 - - [26/Apr/2025:08:47:45 -0400] "GET /product/milex-c-vitamin-c-serum/ HTTP/1.1" 200 28528 "https://aiqaderm.com/product/milex-c-vitamin-c-serum/881" "Mozilla/5.0 (Linux; Android 7.0;) AppleWebKit/537.36 (KHTML, like Gecko) Mobile Safari/537.36 (compatible; PetalBot;+https://webmaster.petalsearch.com/site/petalbot)"
66.29.132.124 - - [26/Apr/2025:08:50:03 -0400] "POST /wp-cron.php?doing_wp_cron=1745671802.8517920970916748046875 HTTP/1.1" 200 0 "-" "WordPress/6.8; https://aiqaderm.com"
114.119.153.105 - - [26/Apr/2025:08:49:58 -0400] "GET /shop-2/page/3/72 HTTP/1.1" 404 22436 "https://aiqaderm.com/shop-2/page/3/" "Mozilla/5.0 (Linux; Android 7.0;) AppleWebKit/537.36 (KHTML, like Gecko) Mobile Safari/537.36 (compatible; PetalBot;+https://webmaster.petalsearch.com/site/petalbot)"
66.29.132.124 - - [26/Apr/2025:08:50:05 -0400] "POST /wp-admin/admin-ajax.php?action=async_litespeed&nonce=DWZkwrvOPPvudxZr6qN7VsJOpF5ECH1a&litespeed_type=imgoptm HTTP/1.1" 200 0 "-" "WordPress/6.8; https://aiqaderm.com"
66.29.132.124 - - [26/Apr/2025:08:52:20 -0400] "POST /wp-cron.php?doing_wp_cron=1745671940.4174358844757080078125 HTTP/1.1" 200 0 "-" "WordPress/6.8; https://aiqaderm.com"
114.119.158.128 - - [26/Apr/2025:08:52:17 -0400] "GET /product/hydro-aiq-bar/57 HTTP/1.1" 301 0 "https://aiqaderm.com/product/hydro-aiq-bar/798" "Mozilla/5.0 (Linux; Android 7.0;) AppleWebKit/537.36 (KHTML, like Gecko) Mobile Safari/537.36 (compatible; PetalBot;+https://webmaster.petalsearch.com/site/petalbot)"
66.29.132.124 - - [26/Apr/2025:08:52:21 -0400] "POST /wp-admin/admin-ajax.php?action=async_litespeed&nonce=UdKN4RkBeSBrnn0yIlzFSGddh5qc55pc&litespeed_type=imgoptm HTTP/1.1" 200 0 "-" "WordPress/6.8; https://aiqaderm.com"
