OwlCyberSecurity - MANAGER
Edit File: aiqaderm.com.arsn.media-ssl_log
66.29.132.124 - - [25/Apr/2025:21:33:50 -0400] "POST /wp-cron.php?doing_wp_cron=1745631230.5558650493621826171875 HTTP/1.1" 200 0 "-" "WordPress/6.8; https://aiqaderm.com"
49.51.183.15 - - [25/Apr/2025:21:33:40 -0400] "GET /category/medical/ HTTP/1.1" 200 24216 "-" "Mozilla/5.0 (iPhone; CPU iPhone OS 13_2_3 like Mac OS X) AppleWebKit/605.1.15 (KHTML, like Gecko) Version/13.0.3 Mobile/15E148 Safari/604.1"
66.29.132.124 - - [25/Apr/2025:21:33:52 -0400] "POST /wp-admin/admin-ajax.php?action=async_litespeed&nonce=APbNUM8loY3jfM8dg4PI75ZgF9c2tROY&litespeed_type=imgoptm HTTP/1.1" 200 0 "-" "WordPress/6.8; https://aiqaderm.com"
66.29.132.124 - - [25/Apr/2025:21:39:35 -0400] "POST /wp-cron.php?doing_wp_cron=1745631575.2269248962402343750000 HTTP/1.1" 200 0 "-" "WordPress/6.8; https://aiqaderm.com"
57.141.4.25 - - [25/Apr/2025:21:39:25 -0400] "GET /sitemap HTTP/1.1" 404 74991 "-" "meta-externalagent/1.1 (+https://developers.facebook.com/docs/sharing/webmasters/crawler)"
66.29.132.124 - - [25/Apr/2025:21:39:36 -0400] "POST /wp-admin/admin-ajax.php?action=async_litespeed&nonce=3LpHXnzVPZ3PGxWDyUCTWIU0B6uIUGqz&litespeed_type=imgoptm HTTP/1.1" 200 0 "-" "WordPress/6.8; https://aiqaderm.com"
66.29.132.124 - - [25/Apr/2025:21:44:51 -0400] "POST /wp-cron.php?doing_wp_cron=1745631891.6619460582733154296875 HTTP/1.1" 200 0 "-" "WordPress/6.8; https://aiqaderm.com"
43.131.253.14 - - [25/Apr/2025:21:44:41 -0400] "GET /tag/vimeo/ HTTP/1.1" 200 24361 "-" "Mozilla/5.0 (iPhone; CPU iPhone OS 13_2_3 like Mac OS X) AppleWebKit/605.1.15 (KHTML, like Gecko) Version/13.0.3 Mobile/15E148 Safari/604.1"
66.29.132.124 - - [25/Apr/2025:21:44:52 -0400] "POST /wp-admin/admin-ajax.php?action=async_litespeed&nonce=a4Jf5CRkwT4LmH58upy7KkQkwopdMJRG&litespeed_type=imgoptm HTTP/1.1" 200 0 "-" "WordPress/6.8; https://aiqaderm.com"
66.29.132.124 - - [25/Apr/2025:21:45:54 -0400] "POST /wp-cron.php?doing_wp_cron=1745631954.7755520343780517578125 HTTP/1.1" 200 0 "-" "WordPress/6.8; https://aiqaderm.com"
57.141.4.5 - - [25/Apr/2025:21:45:53 -0400] "GET /wp-sitemap.xml HTTP/1.1" 200 960 "-" "meta-externalagent/1.1 (+https://developers.facebook.com/docs/sharing/webmasters/crawler)"
66.29.132.124 - - [25/Apr/2025:21:45:56 -0400] "POST /wp-admin/admin-ajax.php?action=async_litespeed&nonce=lIMytIU4GlqYw9mbLZ9tzQJGh4GwgFYL&litespeed_type=imgoptm HTTP/1.1" 200 21 "-" "WordPress/6.8; https://aiqaderm.com"
66.29.132.124 - - [25/Apr/2025:21:48:30 -0400] "POST /wp-cron.php?doing_wp_cron=1745632110.0031669139862060546875 HTTP/1.1" 200 0 "-" "WordPress/6.8; https://aiqaderm.com"
57.141.4.17 - - [25/Apr/2025:21:48:26 -0400] "GET /product/brelix-brightening-face-wash/798 HTTP/1.1" 301 0 "-" "meta-externalagent/1.1 (+https://developers.facebook.com/docs/sharing/webmasters/crawler)"
57.141.4.18 - - [25/Apr/2025:21:48:31 -0400] "GET /product/brelix-brightening-face-wash/ HTTP/1.1" 200 105133 "-" "meta-externalagent/1.1 (+https://developers.facebook.com/docs/sharing/webmasters/crawler)"
66.29.132.124 - - [25/Apr/2025:21:48:30 -0400] "POST /wp-admin/admin-ajax.php?action=async_litespeed&nonce=2rN0TP3PbnPrA2O83lQ328xharxcVGrs&litespeed_type=imgoptm HTTP/1.1" 200 0 "-" "WordPress/6.8; https://aiqaderm.com"
131.108.18.245 - - [25/Apr/2025:21:49:39 -0400] "GET /2022/12/20/mihajlo-zborovskij-rozvitok-cifrovih-tehnologij-v/ HTTP/1.1" 200 22520 "-" "Mozilla/5.0 (X11; Ubuntu; Linux x86_64; rv:114.0) Gecko/20100101 Firefox/114.0"
66.29.132.124 - - [25/Apr/2025:21:49:52 -0400] "POST /wp-cron.php?doing_wp_cron=1745632192.8642458915710449218750 HTTP/1.1" 200 0 "-" "WordPress/6.8; https://aiqaderm.com"
131.108.18.245 - - [25/Apr/2025:21:49:51 -0400] "GET /my-account-2/ HTTP/1.1" 200 20210 "https://aiqaderm.com/2022/12/20/mihajlo-zborovskij-rozvitok-cifrovih-tehnologij-v/" "Mozilla/5.0 (Windows NT 6.3; Win64; x64) AppleWebKit/537.36 (KHTML, like Gecko) Chrome/103.0.0.0 Safari/537.36"
66.29.132.124 - - [25/Apr/2025:21:49:54 -0400] "POST /wp-admin/admin-ajax.php?action=async_litespeed&nonce=4POWWlCeDUBECGrA4pHtjRHGuOK0CQ71&litespeed_type=imgoptm HTTP/1.1" 200 0 "-" "WordPress/6.8; https://aiqaderm.com"
131.108.18.245 - - [25/Apr/2025:21:49:58 -0400] "GET /my-account-2/ HTTP/1.1" 200 20212 "https://aiqaderm.com/my-account-2/" "Mozilla/5.0 (Windows NT 6.3; Win64; x64) AppleWebKit/537.36 (KHTML, like Gecko) Chrome/103.0.0.0 Safari/537.36"
131.108.18.245 - - [25/Apr/2025:21:50:05 -0400] "GET /2022/12/20/mihajlo-zborovskij-rozvitok-cifrovih-tehnologij-v/ HTTP/1.1" 200 22520 "https://aiqaderm.com/2022/12/20/mihajlo-zborovskij-rozvitok-cifrovih-tehnologij-v/" "Mozilla/5.0 (Windows NT 6.3; Win64; x64) AppleWebKit/537.36 (KHTML, like Gecko) Chrome/103.0.0.0 Safari/537.36"
131.108.18.245 - - [25/Apr/2025:21:50:11 -0400] "POST /wp-comments-post.php HTTP/1.1" 302 0 "https://aiqaderm.com/2022/12/20/mihajlo-zborovskij-rozvitok-cifrovih-tehnologij-v/" "Mozilla/5.0 (Windows NT 6.3; Win64; x64) AppleWebKit/537.36 (KHTML, like Gecko) Chrome/103.0.0.0 Safari/537.36"
131.108.18.245 - - [25/Apr/2025:21:50:16 -0400] "GET /2022/12/20/mihajlo-zborovskij-rozvitok-cifrovih-tehnologij-v/?unapproved=171&moderation-hash=6e5cf28290704fcb728e84e25d003976 HTTP/1.1" 200 23174 "https://aiqaderm.com/wp-comments-post.php" "Mozilla/5.0 (Windows NT 6.3; Win64; x64) AppleWebKit/537.36 (KHTML, like Gecko) Chrome/103.0.0.0 Safari/537.36"
125.228.216.16 - - [25/Apr/2025:21:50:21 -0400] "GET /2022/12/20/mihajlo-zborovskij-rozvitok-cifrovih-tehnologij-v/ HTTP/1.1" 200 22520 "-" "Mozilla/5.0 (Windows NT 6.3; Win64; x64) AppleWebKit/537.36 (KHTML, like Gecko) Chrome/103.0.0.0 Safari/537.36"
66.29.132.124 - - [25/Apr/2025:21:54:38 -0400] "POST /wp-cron.php?doing_wp_cron=1745632478.3106389045715332031250 HTTP/1.1" 200 0 "-" "WordPress/6.8; https://aiqaderm.com"
88.214.48.42 - - [25/Apr/2025:21:54:25 -0400] "GET / HTTP/1.1" 500 17505 "-" "Mozilla/5.0 (Macintosh; Intel Mac OS X 10_15_7) AppleWebKit/537.36 (KHTML, like Gecko) Chrome/120.0.0.0 Safari/537.36"
66.29.132.124 - - [25/Apr/2025:21:54:41 -0400] "POST /wp-admin/admin-ajax.php?action=async_litespeed&nonce=XdFRREcYXlVoElyjH7GTiVR4P6nxEdHk&litespeed_type=imgoptm HTTP/1.1" 200 0 "-" "WordPress/6.8; https://aiqaderm.com"
66.29.132.124 - - [25/Apr/2025:21:55:40 -0400] "POST /wp-cron.php?doing_wp_cron=1745632539.6183550357818603515625 HTTP/1.1" 200 0 "-" "WordPress/6.8; https://aiqaderm.com"
57.141.4.9 - - [25/Apr/2025:21:55:38 -0400] "GET /product/aiqa-grow-hair-serum/809 HTTP/1.1" 301 0 "-" "meta-externalagent/1.1 (+https://developers.facebook.com/docs/sharing/webmasters/crawler)"
57.141.4.22 - - [25/Apr/2025:21:55:42 -0400] "GET /product/aiqa-grow-hair-serum/ HTTP/1.1" 200 106432 "-" "meta-externalagent/1.1 (+https://developers.facebook.com/docs/sharing/webmasters/crawler)"
66.29.132.124 - - [25/Apr/2025:21:55:42 -0400] "POST /wp-admin/admin-ajax.php?action=async_litespeed&nonce=nbFxpIDSA9jQjuhTBKPFmcuvmVSPzN4I&litespeed_type=imgoptm HTTP/1.1" 200 0 "-" "WordPress/6.8; https://aiqaderm.com"
66.29.132.124 - - [25/Apr/2025:21:56:31 -0400] "POST /wp-cron.php?doing_wp_cron=1745632591.4269139766693115234375 HTTP/1.1" 200 0 "-" "WordPress/6.8; https://aiqaderm.com"
43.166.245.250 - - [25/Apr/2025:21:56:29 -0400] "GET /category/covid-19/ HTTP/1.1" 200 24217 "-" "Mozilla/5.0 (iPhone; CPU iPhone OS 13_2_3 like Mac OS X) AppleWebKit/605.1.15 (KHTML, like Gecko) Version/13.0.3 Mobile/15E148 Safari/604.1"
66.29.132.124 - - [25/Apr/2025:21:56:33 -0400] "POST /wp-admin/admin-ajax.php?action=async_litespeed&nonce=JaORBHmFaMzQOYAEqnI4ECOwui0zr8te&litespeed_type=imgoptm HTTP/1.1" 200 0 "-" "WordPress/6.8; https://aiqaderm.com"
52.167.144.220 - - [25/Apr/2025:21:56:44 -0400] "GET /product/aiqa-grow-hair-serum/feed/ HTTP/1.1" 200 401 "-" "Mozilla/5.0 AppleWebKit/537.36 (KHTML, like Gecko; compatible; bingbot/2.0; +http://www.bing.com/bingbot.htm) Chrome/116.0.1938.76 Safari/537.36"
125.228.216.16 - - [25/Apr/2025:21:57:24 -0400] "GET /2022/12/20/mihajlo-zborovskij-rozvitok-cifrovih-tehnologij-v/ HTTP/1.1" 200 22520 "-" "Mozilla/5.0 (Macintosh; Intel Mac OS X 12_5) AppleWebKit/537.36 (KHTML, like Gecko) Chrome/114.0.0.0 YaBrowser/22.7.0 Yowser/2.5 Safari/537.36"
66.29.132.124 - - [25/Apr/2025:21:57:31 -0400] "POST /wp-cron.php?doing_wp_cron=1745632651.5721681118011474609375 HTTP/1.1" 200 0 "-" "WordPress/6.8; https://aiqaderm.com"
54.215.235.255 - - [25/Apr/2025:21:57:30 -0400] "GET / HTTP/1.1" 500 17505 "-" "Mozilla/5.0 (X11; Linux x86_64) AppleWebKit/537.36 (KHTML, like Gecko) Chrome/51.0.2704.103 Safari/537.36"
66.29.132.124 - - [25/Apr/2025:21:57:33 -0400] "POST /wp-admin/admin-ajax.php?action=async_litespeed&nonce=W9S9qh9BCqASoKahRtTymviXhg5tD0Ct&litespeed_type=imgoptm HTTP/1.1" 200 0 "-" "WordPress/6.8; https://aiqaderm.com"
66.29.132.124 - - [25/Apr/2025:21:59:56 -0400] "POST /wp-cron.php?doing_wp_cron=1745632796.0879709720611572265625 HTTP/1.1" 200 0 "-" "WordPress/6.8; https://aiqaderm.com"
57.141.4.6 - - [25/Apr/2025:21:59:50 -0400] "GET /?p=798 HTTP/1.1" 301 0 "-" "meta-externalagent/1.1 (+https://developers.facebook.com/docs/sharing/webmasters/crawler)"
57.141.4.24 - - [25/Apr/2025:21:59:57 -0400] "GET /product/acniq-bar-acne/ HTTP/1.1" 200 102422 "-" "meta-externalagent/1.1 (+https://developers.facebook.com/docs/sharing/webmasters/crawler)"
66.29.132.124 - - [25/Apr/2025:21:59:56 -0400] "POST /wp-admin/admin-ajax.php?action=async_litespeed&nonce=kpUaDn3nCNULSbJrUqRUFKnSV6tpxSq2&litespeed_type=imgoptm HTTP/1.1" 200 0 "-" "WordPress/6.8; https://aiqaderm.com"
43.153.36.110 - - [25/Apr/2025:22:00:08 -0400] "GET /category/sanitizer/ HTTP/1.1" 200 24213 "-" "Mozilla/5.0 (iPhone; CPU iPhone OS 13_2_3 like Mac OS X) AppleWebKit/605.1.15 (KHTML, like Gecko) Version/13.0.3 Mobile/15E148 Safari/604.1"
66.29.132.124 - - [25/Apr/2025:22:00:28 -0400] "POST /wp-cron.php?doing_wp_cron=1745632828.1083068847656250000000 HTTP/1.1" 200 0 "-" "WordPress/6.8; https://aiqaderm.com"
57.141.4.21 - - [25/Apr/2025:22:00:27 -0400] "GET /?p=79 HTTP/1.1" 301 0 "-" "meta-externalagent/1.1 (+https://developers.facebook.com/docs/sharing/webmasters/crawler)"
57.141.4.16 - - [25/Apr/2025:22:00:29 -0400] "GET /product/cool-aiq-lotion/ HTTP/1.1" 200 100359 "-" "meta-externalagent/1.1 (+https://developers.facebook.com/docs/sharing/webmasters/crawler)"
66.29.132.124 - - [25/Apr/2025:22:00:29 -0400] "POST /wp-admin/admin-ajax.php?action=async_litespeed&nonce=cBxDR3w3NdzoE8TPoVHhGRPh7im0vc2H&litespeed_type=imgoptm HTTP/1.1" 200 0 "-" "WordPress/6.8; https://aiqaderm.com"
57.141.4.17 - - [25/Apr/2025:22:00:30 -0400] "GET /product/aiqa-grow-hair-shampoo/801 HTTP/1.1" 301 0 "-" "meta-externalagent/1.1 (+https://developers.facebook.com/docs/sharing/webmasters/crawler)"
57.141.4.24 - - [25/Apr/2025:22:00:33 -0400] "GET /product/aiqa-grow-hair-shampoo/ HTTP/1.1" 200 102794 "-" "meta-externalagent/1.1 (+https://developers.facebook.com/docs/sharing/webmasters/crawler)"
66.29.132.124 - - [25/Apr/2025:22:04:05 -0400] "POST /wp-cron.php?doing_wp_cron=1745633045.5839979648590087890625 HTTP/1.1" 200 0 "-" "WordPress/6.8; https://aiqaderm.com"
57.141.4.24 - - [25/Apr/2025:22:03:59 -0400] "GET /sitemap.xml HTTP/1.1" 301 0 "-" "meta-externalagent/1.1 (+https://developers.facebook.com/docs/sharing/webmasters/crawler)"
66.29.132.124 - - [25/Apr/2025:22:04:06 -0400] "POST /wp-admin/admin-ajax.php?action=async_litespeed&nonce=l2a0ZokINd1rcdRR5RWSv7ufBFo1SReO&litespeed_type=imgoptm HTTP/1.1" 200 0 "-" "WordPress/6.8; https://aiqaderm.com"
57.141.4.14 - - [25/Apr/2025:22:04:07 -0400] "GET /wp-sitemap.xml HTTP/1.1" 200 960 "-" "meta-externalagent/1.1 (+https://developers.facebook.com/docs/sharing/webmasters/crawler)"
66.29.132.124 - - [25/Apr/2025:22:09:42 -0400] "POST /wp-cron.php?doing_wp_cron=1745633381.8180398941040039062500 HTTP/1.1" 200 0 "-" "WordPress/6.8; https://aiqaderm.com"
66.29.132.124 - - [25/Apr/2025:22:09:43 -0400] "POST /wp-admin/admin-ajax.php?action=async_litespeed&nonce=n1kp1WpgUGpWNfZDv7tcteGulYxxk4Td&litespeed_type=imgoptm HTTP/1.1" 200 0 "-" "WordPress/6.8; https://aiqaderm.com"
43.167.157.80 - - [25/Apr/2025:22:09:28 -0400] "GET /wp-json/oembed/1.0/embed?url=https%3A%2F%2Faiqaderm.com%2Fmy-account-2%2F HTTP/1.1" 200 2109 "-" "Mozilla/5.0 (iPhone; CPU iPhone OS 13_2_3 like Mac OS X) AppleWebKit/605.1.15 (KHTML, like Gecko) Version/13.0.3 Mobile/15E148 Safari/604.1"
66.249.66.198 - - [25/Apr/2025:22:10:25 -0400] "GET /robots.txt HTTP/1.1" 301 0 "-" "Mozilla/5.0 (compatible; Googlebot/2.1; +http://www.google.com/bot.html)"
66.249.74.131 - - [25/Apr/2025:22:10:26 -0400] "GET /robots.txt HTTP/1.1" 200 139 "-" "Mozilla/5.0 (compatible; Googlebot/2.1; +http://www.google.com/bot.html)"
66.29.132.124 - - [25/Apr/2025:22:10:29 -0400] "POST /wp-cron.php?doing_wp_cron=1745633428.9580159187316894531250 HTTP/1.1" 200 0 "-" "WordPress/6.8; https://aiqaderm.com"
66.249.66.199 - - [25/Apr/2025:22:10:27 -0400] "GET / HTTP/1.1" 301 0 "-" "Mozilla/5.0 (Linux; Android 6.0.1; Nexus 5X Build/MMB29P) AppleWebKit/537.36 (KHTML, like Gecko) Chrome/135.0.7049.95 Mobile Safari/537.36 (compatible; Googlebot/2.1; +http://www.google.com/bot.html)"
66.29.132.124 - - [25/Apr/2025:22:10:31 -0400] "POST /wp-admin/admin-ajax.php?action=async_litespeed&nonce=nz50eaZUIrurFV06PAfa9mzxCgHkuL1G&litespeed_type=imgoptm HTTP/1.1" 200 0 "-" "WordPress/6.8; https://aiqaderm.com"
66.29.132.124 - - [25/Apr/2025:22:11:49 -0400] "POST /wp-cron.php?doing_wp_cron=1745633509.1198899745941162109375 HTTP/1.1" 200 0 "-" "WordPress/6.8; https://aiqaderm.com"
57.141.4.14 - - [25/Apr/2025:22:11:47 -0400] "GET /product/acniq-bar-acne/815 HTTP/1.1" 301 0 "-" "meta-externalagent/1.1 (+https://developers.facebook.com/docs/sharing/webmasters/crawler)"
57.141.4.3 - - [25/Apr/2025:22:11:51 -0400] "GET /product/acniq-bar-acne/ HTTP/1.1" 200 102422 "-" "meta-externalagent/1.1 (+https://developers.facebook.com/docs/sharing/webmasters/crawler)"
66.29.132.124 - - [25/Apr/2025:22:11:50 -0400] "POST /wp-admin/admin-ajax.php?action=async_litespeed&nonce=CE48KrLavKcxNx4OG7e0MBcNvMpDVH1A&litespeed_type=imgoptm HTTP/1.1" 200 0 "-" "WordPress/6.8; https://aiqaderm.com"
66.29.132.124 - - [25/Apr/2025:22:12:20 -0400] "POST /wp-cron.php?doing_wp_cron=1745633540.8510689735412597656250 HTTP/1.1" 200 0 "-" "WordPress/6.8; https://aiqaderm.com"
57.141.4.11 - - [25/Apr/2025:22:12:20 -0400] "GET /product/acniq-bar-acne/73 HTTP/1.1" 301 0 "-" "meta-externalagent/1.1 (+https://developers.facebook.com/docs/sharing/webmasters/crawler)"
57.141.4.13 - - [25/Apr/2025:22:12:22 -0400] "GET /product/acniq-bar-acne/ HTTP/1.1" 200 102422 "-" "meta-externalagent/1.1 (+https://developers.facebook.com/docs/sharing/webmasters/crawler)"
66.29.132.124 - - [25/Apr/2025:22:14:53 -0400] "POST /wp-cron.php?doing_wp_cron=1745633693.1699259281158447265625 HTTP/1.1" 200 0 "-" "WordPress/6.8; https://aiqaderm.com"
66.29.132.124 - - [25/Apr/2025:22:14:54 -0400] "POST /wp-admin/admin-ajax.php?action=async_litespeed&nonce=alQtlJzwkB8RF4rek0JQNW1vvWZurfth&litespeed_type=imgoptm HTTP/1.1" 200 0 "-" "WordPress/6.8; https://aiqaderm.com"
66.249.74.131 - - [25/Apr/2025:22:14:47 -0400] "GET / HTTP/1.1" 500 15228 "-" "Mozilla/5.0 (Linux; Android 6.0.1; Nexus 5X Build/MMB29P) AppleWebKit/537.36 (KHTML, like Gecko) Chrome/135.0.7049.95 Mobile Safari/537.36 (compatible; Googlebot/2.1; +http://www.google.com/bot.html)"
66.29.132.124 - - [25/Apr/2025:22:17:28 -0400] "POST /wp-cron.php?doing_wp_cron=1745633847.9483880996704101562500 HTTP/1.1" 200 0 "-" "WordPress/6.8; https://aiqaderm.com"
57.141.4.14 - - [25/Apr/2025:22:17:23 -0400] "GET /product/aiqa-grow-hair-serum/801 HTTP/1.1" 301 0 "-" "meta-externalagent/1.1 (+https://developers.facebook.com/docs/sharing/webmasters/crawler)"
57.141.4.12 - - [25/Apr/2025:22:17:29 -0400] "GET /product/aiqa-grow-hair-serum/ HTTP/1.1" 200 106432 "-" "meta-externalagent/1.1 (+https://developers.facebook.com/docs/sharing/webmasters/crawler)"
66.29.132.124 - - [25/Apr/2025:22:33:04 -0400] "POST /wp-cron.php?doing_wp_cron=1745634784.7097370624542236328125 HTTP/1.1" 200 0 "-" "WordPress/6.8; https://aiqaderm.com"
114.119.154.215 - - [25/Apr/2025:22:32:52 -0400] "GET /?fp=PUJiBkwS67yb6LuGSChGT%2BD8ZcZs6/%2BR/t61p3ivsxiQUhqOS5BGgmvH%2BU3wLxoQNLCT9YELp7KhmB4oPFIquBTLD7co35%2BxN9u05/iAU1OljDzF5vuxawI7jP%2B2sQJtUTb83FSQlYuzEQXKWPgj1arlqWlxIirH2YrjImCdgJc6yvKrvH3k1H%2B8X02ldDBkgEjHTAIlXhrfmNMboBtFI1dlnVqISE%2BeLngJRkmn%2B3iHrvvlCWhtrHzshpB29kLwNaF7GgLYI%2BvWyhXUKxhzRw%3D%3D&poru=K/OrlbBJJ5qbg727iNA1TKLecxSsjhE9OakHOwQ2bSQ%3D&_opnslfp=1 HTTP/1.1" 301 0 "https://aiqaderm.com/" "Mozilla/5.0 (Linux; Android 7.0;) AppleWebKit/537.36 (KHTML, like Gecko) Mobile Safari/537.36 (compatible; PetalBot;+https://webmaster.petalsearch.com/site/petalbot)"
114.119.154.215 - - [25/Apr/2025:22:33:05 -0400] "GET /?fp=PUJiBkwS67yb6LuGSChGT%2BD8ZcZs6/%2BR/t61p3ivsxiQUhqOS5BGgmvH%2BU3wLxoQNLCT9YELp7KhmB4oPFIquBTLD7co35%2BxN9u05/iAU1OljDzF5vuxawI7jP%2B2sQJtUTb83FSQlYuzEQXKWPgj1arlqWlxIirH2YrjImCdgJc6yvKrvH3k1H%2B8X02ldDBkgEjHTAIlXhrfmNMboBtFI1dlnVqISE%2BeLngJRkmn%2B3iHrvvlCWhtrHzshpB29kLwNaF7GgLYI%2BvWyhXUKxhzRw%3D%3D&poru=K/OrlbBJJ5qbg727iNA1TKLecxSsjhE9OakHOwQ2bSQ%3D&_opnslfp=1 HTTP/1.1" 301 0 "https://aiqaderm.com/" "Mozilla/5.0 (Linux; Android 7.0;) AppleWebKit/537.36 (KHTML, like Gecko) Mobile Safari/537.36 (compatible; PetalBot;+https://webmaster.petalsearch.com/site/petalbot)"
66.29.132.124 - - [25/Apr/2025:22:33:09 -0400] "POST /wp-admin/admin-ajax.php?action=async_litespeed&nonce=PcqRJIMMxr2ZE56lCJD5v0MGa2gU9Ah5&litespeed_type=imgoptm HTTP/1.1" 200 0 "-" "WordPress/6.8; https://aiqaderm.com"
114.119.154.215 - - [25/Apr/2025:22:33:08 -0400] "GET /?fp=PUJiBkwS67yb6LuGSChGT%2BD8ZcZs6/%2BR/t61p3ivsxiQUhqOS5BGgmvH%2BU3wLxoQNLCT9YELp7KhmB4oPFIquBTLD7co35%2BxN9u05/iAU1OljDzF5vuxawI7jP%2B2sQJtUTb83FSQlYuzEQXKWPgj1arlqWlxIirH2YrjImCdgJc6yvKrvH3k1H%2B8X02ldDBkgEjHTAIlXhrfmNMboBtFI1dlnVqISE%2BeLngJRkmn%2B3iHrvvlCWhtrHzshpB29kLwNaF7GgLYI%2BvWyhXUKxhzRw%3D%3D&poru=K/OrlbBJJ5qbg727iNA1TKLecxSsjhE9OakHOwQ2bSQ%3D&_opnslfp=1 HTTP/1.1" 301 0 "https://aiqaderm.com/" "Mozilla/5.0 (Linux; Android 7.0;) AppleWebKit/537.36 (KHTML, like Gecko) Mobile Safari/537.36 (compatible; PetalBot;+https://webmaster.petalsearch.com/site/petalbot)"
114.119.154.215 - - [25/Apr/2025:22:33:12 -0400] "GET /?fp=PUJiBkwS67yb6LuGSChGT%2BD8ZcZs6/%2BR/t61p3ivsxiQUhqOS5BGgmvH%2BU3wLxoQNLCT9YELp7KhmB4oPFIquBTLD7co35%2BxN9u05/iAU1OljDzF5vuxawI7jP%2B2sQJtUTb83FSQlYuzEQXKWPgj1arlqWlxIirH2YrjImCdgJc6yvKrvH3k1H%2B8X02ldDBkgEjHTAIlXhrfmNMboBtFI1dlnVqISE%2BeLngJRkmn%2B3iHrvvlCWhtrHzshpB29kLwNaF7GgLYI%2BvWyhXUKxhzRw%3D%3D&poru=K/OrlbBJJ5qbg727iNA1TKLecxSsjhE9OakHOwQ2bSQ%3D&_opnslfp=1 HTTP/1.1" 301 0 "https://aiqaderm.com/" "Mozilla/5.0 (Linux; Android 7.0;) AppleWebKit/537.36 (KHTML, like Gecko) Mobile Safari/537.36 (compatible; PetalBot;+https://webmaster.petalsearch.com/site/petalbot)"
114.119.154.215 - - [25/Apr/2025:22:33:15 -0400] "GET /?fp=PUJiBkwS67yb6LuGSChGT%2BD8ZcZs6/%2BR/t61p3ivsxiQUhqOS5BGgmvH%2BU3wLxoQNLCT9YELp7KhmB4oPFIquBTLD7co35%2BxN9u05/iAU1OljDzF5vuxawI7jP%2B2sQJtUTb83FSQlYuzEQXKWPgj1arlqWlxIirH2YrjImCdgJc6yvKrvH3k1H%2B8X02ldDBkgEjHTAIlXhrfmNMboBtFI1dlnVqISE%2BeLngJRkmn%2B3iHrvvlCWhtrHzshpB29kLwNaF7GgLYI%2BvWyhXUKxhzRw%3D%3D&poru=K/OrlbBJJ5qbg727iNA1TKLecxSsjhE9OakHOwQ2bSQ%3D&_opnslfp=1 HTTP/1.1" 301 0 "https://aiqaderm.com/" "Mozilla/5.0 (Linux; Android 7.0;) AppleWebKit/537.36 (KHTML, like Gecko) Mobile Safari/537.36 (compatible; PetalBot;+https://webmaster.petalsearch.com/site/petalbot)"
114.119.154.215 - - [25/Apr/2025:22:33:18 -0400] "GET /?fp=PUJiBkwS67yb6LuGSChGT%2BD8ZcZs6/%2BR/t61p3ivsxiQUhqOS5BGgmvH%2BU3wLxoQNLCT9YELp7KhmB4oPFIquBTLD7co35%2BxN9u05/iAU1OljDzF5vuxawI7jP%2B2sQJtUTb83FSQlYuzEQXKWPgj1arlqWlxIirH2YrjImCdgJc6yvKrvH3k1H%2B8X02ldDBkgEjHTAIlXhrfmNMboBtFI1dlnVqISE%2BeLngJRkmn%2B3iHrvvlCWhtrHzshpB29kLwNaF7GgLYI%2BvWyhXUKxhzRw%3D%3D&poru=K/OrlbBJJ5qbg727iNA1TKLecxSsjhE9OakHOwQ2bSQ%3D&_opnslfp=1 HTTP/1.1" 301 0 "https://aiqaderm.com/" "Mozilla/5.0 (Linux; Android 7.0;) AppleWebKit/537.36 (KHTML, like Gecko) Mobile Safari/537.36 (compatible; PetalBot;+https://webmaster.petalsearch.com/site/petalbot)"
202.47.36.91 - - [25/Apr/2025:22:33:58 -0400] "GET /product-category/hair-regrowth/ HTTP/1.1" 200 21857 "https://www.google.com/" "Mozilla/5.0 (Linux; Android 10; K) AppleWebKit/537.36 (KHTML, like Gecko) Chrome/135.0.0.0 Mobile Safari/537.36"
202.47.36.91 - - [25/Apr/2025:22:33:58 -0400] "GET /wp-content/plugins/click-to-chat-for-whatsapp/new/inc/assets/css/main.css?ver=4.20 HTTP/1.1" 200 511 "-" "Mozilla/5.0 (Linux; Android 10; K) AppleWebKit/537.36 (KHTML, like Gecko) Chrome/135.0.0.0 Mobile Safari/537.36"
202.47.36.91 - - [25/Apr/2025:22:33:58 -0400] "GET /wp-content/plugins/instagram-feed/css/sbi-styles.min.css?ver=6.8.0 HTTP/1.1" 200 8171 "-" "Mozilla/5.0 (Linux; Android 10; K) AppleWebKit/537.36 (KHTML, like Gecko) Chrome/135.0.0.0 Mobile Safari/537.36"
202.47.36.91 - - [25/Apr/2025:22:33:58 -0400] "GET /wp-includes/css/dist/block-library/style.min.css?ver=6.8 HTTP/1.1" 200 14358 "-" "Mozilla/5.0 (Linux; Android 10; K) AppleWebKit/537.36 (KHTML, like Gecko) Chrome/135.0.0.0 Mobile Safari/537.36"
202.47.36.91 - - [25/Apr/2025:22:33:59 -0400] "GET /wp-content/plugins/contact-form-7/includes/css/styles.css?ver=6.0.6 HTTP/1.1" 200 890 "-" "Mozilla/5.0 (Linux; Android 10; K) AppleWebKit/537.36 (KHTML, like Gecko) Chrome/135.0.0.0 Mobile Safari/537.36"
202.47.36.91 - - [25/Apr/2025:22:33:59 -0400] "GET /wp-content/plugins/revslider/public/css/sr7.css?ver=6.7.23 HTTP/1.1" 200 1266 "-" "Mozilla/5.0 (Linux; Android 10; K) AppleWebKit/537.36 (KHTML, like Gecko) Chrome/135.0.0.0 Mobile Safari/537.36"
202.47.36.91 - - [25/Apr/2025:22:33:59 -0400] "GET /wp-content/plugins/woocommerce/assets/css/brands.css?ver=9.8.2 HTTP/1.1" 200 579 "https://aiqaderm.com/product-category/hair-regrowth/" "Mozilla/5.0 (Linux; Android 10; K) AppleWebKit/537.36 (KHTML, like Gecko) Chrome/135.0.0.0 Mobile Safari/537.36"
202.47.36.91 - - [25/Apr/2025:22:33:59 -0400] "GET /wp-content/themes/medibazar/assets/css//owl.carousel.min.css?ver=1.0 HTTP/1.1" 200 789 "https://aiqaderm.com/product-category/hair-regrowth/" "Mozilla/5.0 (Linux; Android 10; K) AppleWebKit/537.36 (KHTML, like Gecko) Chrome/135.0.0.0 Mobile Safari/537.36"
202.47.36.91 - - [25/Apr/2025:22:33:59 -0400] "GET /wp-content/plugins/ti-woocommerce-wishlist/assets/css/webfont.min.css?ver=2.9.2 HTTP/1.1" 200 785 "https://aiqaderm.com/product-category/hair-regrowth/" "Mozilla/5.0 (Linux; Android 10; K) AppleWebKit/537.36 (KHTML, like Gecko) Chrome/135.0.0.0 Mobile Safari/537.36"
202.47.36.91 - - [25/Apr/2025:22:33:59 -0400] "GET /wp-content/themes/medibazar/assets/css//magnific-popup.css?ver=1.0 HTTP/1.1" 200 1660 "https://aiqaderm.com/product-category/hair-regrowth/" "Mozilla/5.0 (Linux; Android 10; K) AppleWebKit/537.36 (KHTML, like Gecko) Chrome/135.0.0.0 Mobile Safari/537.36"
202.47.36.91 - - [25/Apr/2025:22:33:59 -0400] "GET /wp-content/themes/medibazar/assets/css//animate.min.css?ver=1.0 HTTP/1.1" 200 3780 "https://aiqaderm.com/product-category/hair-regrowth/" "Mozilla/5.0 (Linux; Android 10; K) AppleWebKit/537.36 (KHTML, like Gecko) Chrome/135.0.0.0 Mobile Safari/537.36"
202.47.36.91 - - [25/Apr/2025:22:33:59 -0400] "GET /wp-content/themes/medibazar/assets/css//themify-icons.css?ver=1.0 HTTP/1.1" 200 2678 "https://aiqaderm.com/product-category/hair-regrowth/" "Mozilla/5.0 (Linux; Android 10; K) AppleWebKit/537.36 (KHTML, like Gecko) Chrome/135.0.0.0 Mobile Safari/537.36"
202.47.36.91 - - [25/Apr/2025:22:33:59 -0400] "GET /wp-content/plugins/ti-woocommerce-wishlist/assets/css/public.min.css?ver=2.9.2 HTTP/1.1" 200 5295 "https://aiqaderm.com/product-category/hair-regrowth/" "Mozilla/5.0 (Linux; Android 10; K) AppleWebKit/537.36 (KHTML, like Gecko) Chrome/135.0.0.0 Mobile Safari/537.36"
202.47.36.91 - - [25/Apr/2025:22:33:59 -0400] "GET /wp-content/themes/medibazar/assets/css//slick.css?ver=1.0 HTTP/1.1" 200 483 "https://aiqaderm.com/product-category/hair-regrowth/" "Mozilla/5.0 (Linux; Android 10; K) AppleWebKit/537.36 (KHTML, like Gecko) Chrome/135.0.0.0 Mobile Safari/537.36"
202.47.36.91 - - [25/Apr/2025:22:33:59 -0400] "GET /wp-content/plugins/ti-woocommerce-wishlist/assets/fonts/tinvwl-webfont.woff2?ver=xu2uyi HTTP/1.1" 200 4404 "https://aiqaderm.com/product-category/hair-regrowth/" "Mozilla/5.0 (Linux; Android 10; K) AppleWebKit/537.36 (KHTML, like Gecko) Chrome/135.0.0.0 Mobile Safari/537.36"
202.47.36.91 - - [25/Apr/2025:22:33:59 -0400] "GET /wp-content/themes/medibazar/assets/css//meanmenu.css?ver=1.0 HTTP/1.1" 200 942 "https://aiqaderm.com/product-category/hair-regrowth/" "Mozilla/5.0 (Linux; Android 10; K) AppleWebKit/537.36 (KHTML, like Gecko) Chrome/135.0.0.0 Mobile Safari/537.36"
202.47.36.91 - - [25/Apr/2025:22:33:59 -0400] "GET /wp-content/themes/medibazar/assets/css//fontawesome-all.min.css?ver=1.0 HTTP/1.1" 200 28884 "https://aiqaderm.com/product-category/hair-regrowth/" "Mozilla/5.0 (Linux; Android 10; K) AppleWebKit/537.36 (KHTML, like Gecko) Chrome/135.0.0.0 Mobile Safari/537.36"
202.47.36.91 - - [25/Apr/2025:22:33:59 -0400] "GET /wp-content/themes/medibazar/assets/css//main.css?ver=1.0 HTTP/1.1" 200 40160 "https://aiqaderm.com/product-category/hair-regrowth/" "Mozilla/5.0 (Linux; Android 10; K) AppleWebKit/537.36 (KHTML, like Gecko) Chrome/135.0.0.0 Mobile Safari/537.36"
202.47.36.91 - - [25/Apr/2025:22:33:59 -0400] "GET /wp-content/themes/medibazar-child/style.css?ver=1.8.9 HTTP/1.1" 200 233 "https://aiqaderm.com/product-category/hair-regrowth/" "Mozilla/5.0 (Linux; Android 10; K) AppleWebKit/537.36 (KHTML, like Gecko) Chrome/135.0.0.0 Mobile Safari/537.36"
202.47.36.91 - - [25/Apr/2025:22:33:59 -0400] "GET /wp-content/themes/medibazar/assets/css//responsive.css?ver=1.0 HTTP/1.1" 200 366 "https://aiqaderm.com/product-category/hair-regrowth/" "Mozilla/5.0 (Linux; Android 10; K) AppleWebKit/537.36 (KHTML, like Gecko) Chrome/135.0.0.0 Mobile Safari/537.36"
202.47.36.91 - - [25/Apr/2025:22:33:59 -0400] "GET /wp-content/themes/medibazar-child/style.css?ver=6.8 HTTP/1.1" 200 233 "https://aiqaderm.com/product-category/hair-regrowth/" "Mozilla/5.0 (Linux; Android 10; K) AppleWebKit/537.36 (KHTML, like Gecko) Chrome/135.0.0.0 Mobile Safari/537.36"
202.47.36.91 - - [25/Apr/2025:22:33:59 -0400] "GET /wp-content/plugins/woocommerce/assets/js/jquery-blockui/jquery.blockUI.min.js?ver=2.7.0-wc.9.8.2 HTTP/1.1" 200 3277 "https://aiqaderm.com/product-category/hair-regrowth/" "Mozilla/5.0 (Linux; Android 10; K) AppleWebKit/537.36 (KHTML, like Gecko) Chrome/135.0.0.0 Mobile Safari/537.36"
202.47.36.91 - - [25/Apr/2025:22:33:59 -0400] "GET /wp-content/uploads/2024/12/aiqaderm-logo-png-e1733748377144.png HTTP/1.1" 200 44503 "https://aiqaderm.com/product-category/hair-regrowth/" "Mozilla/5.0 (Linux; Android 10; K) AppleWebKit/537.36 (KHTML, like Gecko) Chrome/135.0.0.0 Mobile Safari/537.36"
202.47.36.91 - - [25/Apr/2025:22:33:59 -0400] "GET /wp-content/uploads/2020/10/c-1.png HTTP/1.1" 200 55294 "https://aiqaderm.com/product-category/hair-regrowth/" "Mozilla/5.0 (Linux; Android 10; K) AppleWebKit/537.36 (KHTML, like Gecko) Chrome/135.0.0.0 Mobile Safari/537.36"
202.47.36.91 - - [25/Apr/2025:22:33:59 -0400] "GET /wp-content/plugins/woocommerce/assets/js/js-cookie/js.cookie.min.js?ver=2.1.4-wc.9.8.2 HTTP/1.1" 200 760 "https://aiqaderm.com/product-category/hair-regrowth/" "Mozilla/5.0 (Linux; Android 10; K) AppleWebKit/537.36 (KHTML, like Gecko) Chrome/135.0.0.0 Mobile Safari/537.36"
202.47.36.91 - - [25/Apr/2025:22:33:59 -0400] "GET /wp-includes/js/jquery/jquery-migrate.min.js?ver=3.4.1 HTTP/1.1" 200 4678 "https://aiqaderm.com/product-category/hair-regrowth/" "Mozilla/5.0 (Linux; Android 10; K) AppleWebKit/537.36 (KHTML, like Gecko) Chrome/135.0.0.0 Mobile Safari/537.36"
202.47.36.91 - - [25/Apr/2025:22:33:59 -0400] "GET /wp-content/themes/medibazar/includes/pjax/js/helpers.js?ver=1.0 HTTP/1.1" 200 228 "https://aiqaderm.com/product-category/hair-regrowth/" "Mozilla/5.0 (Linux; Android 10; K) AppleWebKit/537.36 (KHTML, like Gecko) Chrome/135.0.0.0 Mobile Safari/537.36"
202.47.36.91 - - [25/Apr/2025:22:33:59 -0400] "GET /wp-includes/js/jquery/jquery.min.js?ver=3.7.1 HTTP/1.1" 200 29744 "https://aiqaderm.com/product-category/hair-regrowth/" "Mozilla/5.0 (Linux; Android 10; K) AppleWebKit/537.36 (KHTML, like Gecko) Chrome/135.0.0.0 Mobile Safari/537.36"
202.47.36.91 - - [25/Apr/2025:22:33:59 -0400] "GET /wp-content/themes/medibazar/style.css?ver=6.8 HTTP/1.1" 200 13639 "https://aiqaderm.com/product-category/hair-regrowth/" "Mozilla/5.0 (Linux; Android 10; K) AppleWebKit/537.36 (KHTML, like Gecko) Chrome/135.0.0.0 Mobile Safari/537.36"
202.47.36.91 - - [25/Apr/2025:22:34:00 -0400] "GET /wp-content/uploads/2024/12/2-3.png HTTP/1.1" 200 232254 "https://aiqaderm.com/product-category/hair-regrowth/" "Mozilla/5.0 (Linux; Android 10; K) AppleWebKit/537.36 (KHTML, like Gecko) Chrome/135.0.0.0 Mobile Safari/537.36"
202.47.36.91 - - [25/Apr/2025:22:34:00 -0400] "GET /wp-content/uploads/2024/12/25.png HTTP/1.1" 200 221530 "https://aiqaderm.com/product-category/hair-regrowth/" "Mozilla/5.0 (Linux; Android 10; K) AppleWebKit/537.36 (KHTML, like Gecko) Chrome/135.0.0.0 Mobile Safari/537.36"
202.47.36.91 - - [25/Apr/2025:22:34:00 -0400] "GET /wp-content/uploads/2024/12/30.png HTTP/1.1" 200 207806 "https://aiqaderm.com/product-category/hair-regrowth/" "Mozilla/5.0 (Linux; Android 10; K) AppleWebKit/537.36 (KHTML, like Gecko) Chrome/135.0.0.0 Mobile Safari/537.36"
202.47.36.91 - - [25/Apr/2025:22:34:00 -0400] "GET /wp-content/plugins/woocommerce/assets/client/blocks/wc-blocks.css?ver=wc-9.8.2 HTTP/1.1" 200 2282 "https://aiqaderm.com/product-category/hair-regrowth/" "Mozilla/5.0 (Linux; Android 10; K) AppleWebKit/537.36 (KHTML, like Gecko) Chrome/135.0.0.0 Mobile Safari/537.36"
202.47.36.91 - - [25/Apr/2025:22:34:00 -0400] "GET /wp-content/plugins/click-to-chat-for-whatsapp/new/inc/assets/js/app.js?ver=4.20 HTTP/1.1" 200 2906 "https://aiqaderm.com/product-category/hair-regrowth/" "Mozilla/5.0 (Linux; Android 10; K) AppleWebKit/537.36 (KHTML, like Gecko) Chrome/135.0.0.0 Mobile Safari/537.36"
202.47.36.91 - - [25/Apr/2025:22:34:00 -0400] "GET /wp-includes/js/dist/hooks.min.js?ver=4d63a3d491d11ffd8ac6 HTTP/1.1" 200 1571 "https://aiqaderm.com/product-category/hair-regrowth/" "Mozilla/5.0 (Linux; Android 10; K) AppleWebKit/537.36 (KHTML, like Gecko) Chrome/135.0.0.0 Mobile Safari/537.36"
202.47.36.91 - - [25/Apr/2025:22:34:00 -0400] "GET /wp-includes/js/dist/i18n.min.js?ver=5e580eb46a90c2b997e6 HTTP/1.1" 200 3542 "https://aiqaderm.com/product-category/hair-regrowth/" "Mozilla/5.0 (Linux; Android 10; K) AppleWebKit/537.36 (KHTML, like Gecko) Chrome/135.0.0.0 Mobile Safari/537.36"
202.47.36.91 - - [25/Apr/2025:22:34:00 -0400] "GET /wp-content/plugins/contact-form-7/includes/js/index.js?ver=6.0.6 HTTP/1.1" 200 4008 "https://aiqaderm.com/product-category/hair-regrowth/" "Mozilla/5.0 (Linux; Android 10; K) AppleWebKit/537.36 (KHTML, like Gecko) Chrome/135.0.0.0 Mobile Safari/537.36"
202.47.36.91 - - [25/Apr/2025:22:34:00 -0400] "GET /wp-content/plugins/woocommerce/assets/js/frontend/cart-fragments.min.js?ver=9.8.2 HTTP/1.1" 200 943 "https://aiqaderm.com/product-category/hair-regrowth/" "Mozilla/5.0 (Linux; Android 10; K) AppleWebKit/537.36 (KHTML, like Gecko) Chrome/135.0.0.0 Mobile Safari/537.36"
202.47.36.91 - - [25/Apr/2025:22:34:00 -0400] "GET /wp-content/plugins/contact-form-7/includes/swv/js/index.js?ver=6.0.6 HTTP/1.1" 200 3369 "https://aiqaderm.com/product-category/hair-regrowth/" "Mozilla/5.0 (Linux; Android 10; K) AppleWebKit/537.36 (KHTML, like Gecko) Chrome/135.0.0.0 Mobile Safari/537.36"
202.47.36.91 - - [25/Apr/2025:22:34:00 -0400] "GET /wp-content/themes/medibazar/assets/js//wow.min.js?ver=1.0 HTTP/1.1" 200 2572 "https://aiqaderm.com/product-category/hair-regrowth/" "Mozilla/5.0 (Linux; Android 10; K) AppleWebKit/537.36 (KHTML, like Gecko) Chrome/135.0.0.0 Mobile Safari/537.36"
202.47.36.91 - - [25/Apr/2025:22:34:00 -0400] "GET /wp-content/themes/medibazar/assets/js//jquery.appear.js?ver=1.0 HTTP/1.1" 200 1159 "https://aiqaderm.com/product-category/hair-regrowth/" "Mozilla/5.0 (Linux; Android 10; K) AppleWebKit/537.36 (KHTML, like Gecko) Chrome/135.0.0.0 Mobile Safari/537.36"
202.47.36.91 - - [25/Apr/2025:22:34:00 -0400] "GET /wp-content/themes/medibazar/assets/js//vendor/modernizr-3.5.0.min.js?ver=1.0 HTTP/1.1" 200 3395 "https://aiqaderm.com/product-category/hair-regrowth/" "Mozilla/5.0 (Linux; Android 10; K) AppleWebKit/537.36 (KHTML, like Gecko) Chrome/135.0.0.0 Mobile Safari/537.36"
202.47.36.91 - - [25/Apr/2025:22:34:00 -0400] "GET /wp-content/themes/medibazar/assets/js//jquery.counterup.min.js?ver=1.0 HTTP/1.1" 200 496 "https://aiqaderm.com/product-category/hair-regrowth/" "Mozilla/5.0 (Linux; Android 10; K) AppleWebKit/537.36 (KHTML, like Gecko) Chrome/135.0.0.0 Mobile Safari/537.36"
202.47.36.91 - - [25/Apr/2025:22:34:00 -0400] "GET /wp-content/themes/medibazar/assets/js//jquery.scrollUp.min.js?ver=1.0 HTTP/1.1" 200 853 "https://aiqaderm.com/product-category/hair-regrowth/" "Mozilla/5.0 (Linux; Android 10; K) AppleWebKit/537.36 (KHTML, like Gecko) Chrome/135.0.0.0 Mobile Safari/537.36"
202.47.36.91 - - [25/Apr/2025:22:34:00 -0400] "GET /wp-content/themes/medibazar/assets/js//jquery.countdown.min.js?ver=1.0 HTTP/1.1" 200 2244 "https://aiqaderm.com/product-category/hair-regrowth/" "Mozilla/5.0 (Linux; Android 10; K) AppleWebKit/537.36 (KHTML, like Gecko) Chrome/135.0.0.0 Mobile Safari/537.36"
202.47.36.91 - - [25/Apr/2025:22:34:00 -0400] "GET /wp-content/themes/medibazar/assets/js//jquery.meanmenu.min.js?ver=1.0 HTTP/1.1" 200 1302 "https://aiqaderm.com/product-category/hair-regrowth/" "Mozilla/5.0 (Linux; Android 10; K) AppleWebKit/537.36 (KHTML, like Gecko) Chrome/135.0.0.0 Mobile Safari/537.36"
202.47.36.91 - - [25/Apr/2025:22:34:00 -0400] "GET /wp-content/themes/medibazar/assets/js//popper.min.js?ver=1.0 HTTP/1.1" 200 6948 "https://aiqaderm.com/product-category/hair-regrowth/" "Mozilla/5.0 (Linux; Android 10; K) AppleWebKit/537.36 (KHTML, like Gecko) Chrome/135.0.0.0 Mobile Safari/537.36"
202.47.36.91 - - [25/Apr/2025:22:34:00 -0400] "GET /wp-content/themes/medibazar/assets/js//waypoints.min.js?ver=1.0 HTTP/1.1" 200 2461 "https://aiqaderm.com/product-category/hair-regrowth/" "Mozilla/5.0 (Linux; Android 10; K) AppleWebKit/537.36 (KHTML, like Gecko) Chrome/135.0.0.0 Mobile Safari/537.36"
202.47.36.91 - - [25/Apr/2025:22:34:00 -0400] "GET /wp-content/themes/medibazar/assets/js//isotope.pkgd.min.js?ver=1.0 HTTP/1.1" 200 9626 "https://aiqaderm.com/product-category/hair-regrowth/" "Mozilla/5.0 (Linux; Android 10; K) AppleWebKit/537.36 (KHTML, like Gecko) Chrome/135.0.0.0 Mobile Safari/537.36"
202.47.36.91 - - [25/Apr/2025:22:34:00 -0400] "GET /wp-content/plugins/ti-woocommerce-wishlist/assets/js/public.min.js?ver=2.9.2 HTTP/1.1" 200 5635 "https://aiqaderm.com/product-category/hair-regrowth/" "Mozilla/5.0 (Linux; Android 10; K) AppleWebKit/537.36 (KHTML, like Gecko) Chrome/135.0.0.0 Mobile Safari/537.36"
202.47.36.91 - - [25/Apr/2025:22:34:00 -0400] "GET /wp-content/themes/medibazar/assets/js//bootstrap.min.js?ver=1.0 HTTP/1.1" 200 13430 "https://aiqaderm.com/product-category/hair-regrowth/" "Mozilla/5.0 (Linux; Android 10; K) AppleWebKit/537.36 (KHTML, like Gecko) Chrome/135.0.0.0 Mobile Safari/537.36"
202.47.36.91 - - [25/Apr/2025:22:34:00 -0400] "GET /wp-content/themes/medibazar/assets/js//owl.carousel.min.js?ver=1.0 HTTP/1.1" 200 10691 "https://aiqaderm.com/product-category/hair-regrowth/" "Mozilla/5.0 (Linux; Android 10; K) AppleWebKit/537.36 (KHTML, like Gecko) Chrome/135.0.0.0 Mobile Safari/537.36"
202.47.36.91 - - [25/Apr/2025:22:34:00 -0400] "GET /wp-content/themes/medibazar/assets/js//slick.min.js?ver=1.0 HTTP/1.1" 200 10097 "https://aiqaderm.com/product-category/hair-regrowth/" "Mozilla/5.0 (Linux; Android 10; K) AppleWebKit/537.36 (KHTML, like Gecko) Chrome/135.0.0.0 Mobile Safari/537.36"
202.47.36.91 - - [25/Apr/2025:22:34:00 -0400] "GET /wp-content/themes/medibazar/assets/js//jquery.knob.js?ver=1.0 HTTP/1.1" 200 5731 "https://aiqaderm.com/product-category/hair-regrowth/" "Mozilla/5.0 (Linux; Android 10; K) AppleWebKit/537.36 (KHTML, like Gecko) Chrome/135.0.0.0 Mobile Safari/537.36"
202.47.36.91 - - [25/Apr/2025:22:34:00 -0400] "GET /wp-content/themes/medibazar/assets/js//main.js?ver=1.0 HTTP/1.1" 200 2640 "https://aiqaderm.com/product-category/hair-regrowth/" "Mozilla/5.0 (Linux; Android 10; K) AppleWebKit/537.36 (KHTML, like Gecko) Chrome/135.0.0.0 Mobile Safari/537.36"
202.47.36.91 - - [25/Apr/2025:22:34:00 -0400] "GET /wp-content/themes/medibazar/assets/js/custom/quick_ajax.js?ver=1.0.0 HTTP/1.1" 200 812 "https://aiqaderm.com/product-category/hair-regrowth/" "Mozilla/5.0 (Linux; Android 10; K) AppleWebKit/537.36 (KHTML, like Gecko) Chrome/135.0.0.0 Mobile Safari/537.36"
202.47.36.91 - - [25/Apr/2025:22:34:00 -0400] "GET /wp-content/themes/medibazar/assets/js//plugins.js?ver=1.0 HTTP/1.1" 200 333 "https://aiqaderm.com/product-category/hair-regrowth/" "Mozilla/5.0 (Linux; Android 10; K) AppleWebKit/537.36 (KHTML, like Gecko) Chrome/135.0.0.0 Mobile Safari/537.36"
202.47.36.91 - - [25/Apr/2025:22:34:00 -0400] "GET /wp-includes/js/jquery/ui/mouse.min.js?ver=1.13.3 HTTP/1.1" 200 1012 "https://aiqaderm.com/product-category/hair-regrowth/" "Mozilla/5.0 (Linux; Android 10; K) AppleWebKit/537.36 (KHTML, like Gecko) Chrome/135.0.0.0 Mobile Safari/537.36"
202.47.36.91 - - [25/Apr/2025:22:34:00 -0400] "GET /wp-content/plugins/woocommerce/assets/js/jquery-ui-touch-punch/jquery-ui-touch-punch.min.js?ver=9.8.2 HTTP/1.1" 200 529 "https://aiqaderm.com/product-category/hair-regrowth/" "Mozilla/5.0 (Linux; Android 10; K) AppleWebKit/537.36 (KHTML, like Gecko) Chrome/135.0.0.0 Mobile Safari/537.36"
202.47.36.91 - - [25/Apr/2025:22:34:00 -0400] "GET /wp-content/plugins/woocommerce/assets/js/frontend/order-attribution.min.js?ver=9.8.2 HTTP/1.1" 200 1006 "https://aiqaderm.com/product-category/hair-regrowth/" "Mozilla/5.0 (Linux; Android 10; K) AppleWebKit/537.36 (KHTML, like Gecko) Chrome/135.0.0.0 Mobile Safari/537.36"
202.47.36.91 - - [25/Apr/2025:22:34:00 -0400] "GET /wp-content/plugins/woocommerce/assets/js/frontend/add-to-cart.min.js?ver=9.8.2 HTTP/1.1" 200 1225 "https://aiqaderm.com/product-category/hair-regrowth/" "Mozilla/5.0 (Linux; Android 10; K) AppleWebKit/537.36 (KHTML, like Gecko) Chrome/135.0.0.0 Mobile Safari/537.36"
202.47.36.91 - - [25/Apr/2025:22:34:00 -0400] "GET /wp-content/uploads/2020/09/22.png HTTP/1.1" 200 223101 "https://aiqaderm.com/product-category/hair-regrowth/" "Mozilla/5.0 (Linux; Android 10; K) AppleWebKit/537.36 (KHTML, like Gecko) Chrome/135.0.0.0 Mobile Safari/537.36"
202.47.36.91 - - [25/Apr/2025:22:34:00 -0400] "GET /wp-content/themes/medibazar/assets/css/fonts/fa-regular-400.woff2 HTTP/1.1" 200 145076 "https://aiqaderm.com/wp-content/themes/medibazar/assets/css//fontawesome-all.min.css?ver=1.0" "Mozilla/5.0 (Linux; Android 10; K) AppleWebKit/537.36 (KHTML, like Gecko) Chrome/135.0.0.0 Mobile Safari/537.36"
202.47.36.91 - - [25/Apr/2025:22:34:00 -0400] "GET /wp-content/themes/medibazar/assets/css/fonts/CerebriSans-SemiBold.woff2 HTTP/1.1" 200 27328 "https://aiqaderm.com/wp-content/themes/medibazar/assets/css//main.css?ver=1.0" "Mozilla/5.0 (Linux; Android 10; K) AppleWebKit/537.36 (KHTML, like Gecko) Chrome/135.0.0.0 Mobile Safari/537.36"
202.47.36.91 - - [25/Apr/2025:22:34:00 -0400] "GET /wp-content/themes/medibazar/assets/css/fonts/CerebriSans-Medium.woff2 HTTP/1.1" 200 27656 "https://aiqaderm.com/wp-content/themes/medibazar/assets/css//main.css?ver=1.0" "Mozilla/5.0 (Linux; Android 10; K) AppleWebKit/537.36 (KHTML, like Gecko) Chrome/135.0.0.0 Mobile Safari/537.36"
202.47.36.91 - - [25/Apr/2025:22:34:00 -0400] "GET /wp-content/plugins/woocommerce/assets/js/frontend/woocommerce.min.js?ver=9.8.2 HTTP/1.1" 200 1241 "https://aiqaderm.com/product-category/hair-regrowth/" "Mozilla/5.0 (Linux; Android 10; K) AppleWebKit/537.36 (KHTML, like Gecko) Chrome/135.0.0.0 Mobile Safari/537.36"
202.47.36.91 - - [25/Apr/2025:22:34:00 -0400] "GET /wp-content/themes/medibazar/assets/css/fonts/CerebriSans-Regular.woff2 HTTP/1.1" 200 27464 "https://aiqaderm.com/wp-content/themes/medibazar/assets/css//main.css?ver=1.0" "Mozilla/5.0 (Linux; Android 10; K) AppleWebKit/537.36 (KHTML, like Gecko) Chrome/135.0.0.0 Mobile Safari/537.36"
202.47.36.91 - - [25/Apr/2025:22:34:00 -0400] "GET /wp-content/themes/medibazar/assets/img/preloader.gif HTTP/1.1" 200 7241 "https://aiqaderm.com/wp-content/themes/medibazar/style.css?ver=6.8" "Mozilla/5.0 (Linux; Android 10; K) AppleWebKit/537.36 (KHTML, like Gecko) Chrome/135.0.0.0 Mobile Safari/537.36"
202.47.36.91 - - [25/Apr/2025:22:34:00 -0400] "GET /wp-content/themes/medibazar/assets/css/fonts/fa-brands-400.woff2 HTTP/1.1" 200 74800 "https://aiqaderm.com/wp-content/themes/medibazar/assets/css//fontawesome-all.min.css?ver=1.0" "Mozilla/5.0 (Linux; Android 10; K) AppleWebKit/537.36 (KHTML, like Gecko) Chrome/135.0.0.0 Mobile Safari/537.36"
202.47.36.91 - - [25/Apr/2025:22:34:00 -0400] "GET /wp-content/themes/medibazar/assets/css/fonts/CerebriSans-Bold.woff2 HTTP/1.1" 200 27516 "https://aiqaderm.com/wp-content/themes/medibazar/assets/css//main.css?ver=1.0" "Mozilla/5.0 (Linux; Android 10; K) AppleWebKit/537.36 (KHTML, like Gecko) Chrome/135.0.0.0 Mobile Safari/537.36"
202.47.36.91 - - [25/Apr/2025:22:34:00 -0400] "GET /wp-content/plugins/woocommerce/assets/js/accounting/accounting.min.js?ver=0.4.2 HTTP/1.1" 200 1321 "https://aiqaderm.com/product-category/hair-regrowth/" "Mozilla/5.0 (Linux; Android 10; K) AppleWebKit/537.36 (KHTML, like Gecko) Chrome/135.0.0.0 Mobile Safari/537.36"
202.47.36.91 - - [25/Apr/2025:22:34:00 -0400] "GET /wp-content/uploads/2020/10/breadcrumb.jpg HTTP/1.1" 200 239743 "https://aiqaderm.com/product-category/hair-regrowth/" "Mozilla/5.0 (Linux; Android 10; K) AppleWebKit/537.36 (KHTML, like Gecko) Chrome/135.0.0.0 Mobile Safari/537.36"
202.47.36.91 - - [25/Apr/2025:22:34:00 -0400] "GET /wp-content/themes/medibazar/assets/css/fonts/fa-solid-900.woff2 HTTP/1.1" 200 117536 "https://aiqaderm.com/wp-content/themes/medibazar/assets/css//fontawesome-all.min.css?ver=1.0" "Mozilla/5.0 (Linux; Android 10; K) AppleWebKit/537.36 (KHTML, like Gecko) Chrome/135.0.0.0 Mobile Safari/537.36"
202.47.36.91 - - [25/Apr/2025:22:34:00 -0400] "GET /wp-content/plugins/woocommerce/assets/js/frontend/price-slider.min.js?ver=9.8.2 HTTP/1.1" 200 538 "https://aiqaderm.com/product-category/hair-regrowth/" "Mozilla/5.0 (Linux; Android 10; K) AppleWebKit/537.36 (KHTML, like Gecko) Chrome/135.0.0.0 Mobile Safari/537.36"
202.47.36.91 - - [25/Apr/2025:22:34:00 -0400] "GET /wp-includes/js/jquery/ui/slider.min.js?ver=1.13.3 HTTP/1.1" 200 3010 "https://aiqaderm.com/product-category/hair-regrowth/" "Mozilla/5.0 (Linux; Android 10; K) AppleWebKit/537.36 (KHTML, like Gecko) Chrome/135.0.0.0 Mobile Safari/537.36"
202.47.36.91 - - [25/Apr/2025:22:34:00 -0400] "GET /wp-content/plugins/woocommerce/assets/js/sourcebuster/sourcebuster.min.js?ver=9.8.2 HTTP/1.1" 200 4609 "https://aiqaderm.com/product-category/hair-regrowth/" "Mozilla/5.0 (Linux; Android 10; K) AppleWebKit/537.36 (KHTML, like Gecko) Chrome/135.0.0.0 Mobile Safari/537.36"
202.47.36.91 - - [25/Apr/2025:22:34:00 -0400] "GET /wp-content/themes/medibazar/assets/js//jquery.magnific-popup.min.js?ver=1.0 HTTP/1.1" 200 7043 "https://aiqaderm.com/product-category/hair-regrowth/" "Mozilla/5.0 (Linux; Android 10; K) AppleWebKit/537.36 (KHTML, like Gecko) Chrome/135.0.0.0 Mobile Safari/537.36"
202.47.36.91 - - [25/Apr/2025:22:34:00 -0400] "GET /wp-content/plugins/revslider/public/js/sr7.js?ver=6.7.23 HTTP/1.1" 200 88089 "https://aiqaderm.com/product-category/hair-regrowth/" "Mozilla/5.0 (Linux; Android 10; K) AppleWebKit/537.36 (KHTML, like Gecko) Chrome/135.0.0.0 Mobile Safari/537.36"
202.47.36.91 - - [25/Apr/2025:22:34:00 -0400] "GET /wp-content/plugins/revslider/public/js/libs/tptools.js?ver=6.7.23 HTTP/1.1" 200 72603 "https://aiqaderm.com/product-category/hair-regrowth/" "Mozilla/5.0 (Linux; Android 10; K) AppleWebKit/537.36 (KHTML, like Gecko) Chrome/135.0.0.0 Mobile Safari/537.36"
202.47.36.91 - - [25/Apr/2025:22:34:00 -0400] "GET /wp-includes/js/jquery/ui/core.min.js?ver=1.13.3 HTTP/1.1" 200 6812 "https://aiqaderm.com/product-category/hair-regrowth/" "Mozilla/5.0 (Linux; Android 10; K) AppleWebKit/537.36 (KHTML, like Gecko) Chrome/135.0.0.0 Mobile Safari/537.36"
66.29.132.124 - - [25/Apr/2025:22:34:01 -0400] "POST /wp-cron.php?doing_wp_cron=1745634841.1781079769134521484375 HTTP/1.1" 200 0 "-" "WordPress/6.8; https://aiqaderm.com"
202.47.36.91 - - [25/Apr/2025:22:34:00 -0400] "GET /wp-content/plugins/WP%20PROTECTION/custom-script.js HTTP/1.1" 404 19395 "https://aiqaderm.com/product-category/hair-regrowth/" "Mozilla/5.0 (Linux; Android 10; K) AppleWebKit/537.36 (KHTML, like Gecko) Chrome/135.0.0.0 Mobile Safari/537.36"
66.29.132.124 - - [25/Apr/2025:22:34:02 -0400] "POST /wp-admin/admin-ajax.php?action=async_litespeed&nonce=JX1gFfqnmifpqFt8FIWP3ptxDsq58tlI&litespeed_type=imgoptm HTTP/1.1" 200 21 "-" "WordPress/6.8; https://aiqaderm.com"
202.47.36.91 - - [25/Apr/2025:22:34:04 -0400] "GET /wp-content/themes/medibazar/assets/css/fonts/fa-light-300.woff2 HTTP/1.1" 200 157064 "https://aiqaderm.com/wp-content/themes/medibazar/assets/css//fontawesome-all.min.css?ver=1.0" "Mozilla/5.0 (Linux; Android 10; K) AppleWebKit/537.36 (KHTML, like Gecko) Chrome/135.0.0.0 Mobile Safari/537.36"
202.47.36.91 - - [25/Apr/2025:22:34:04 -0400] "POST /?wc-ajax=get_refreshed_fragments HTTP/1.1" 200 493 "https://aiqaderm.com/product-category/hair-regrowth/" "Mozilla/5.0 (Linux; Android 10; K) AppleWebKit/537.36 (KHTML, like Gecko) Chrome/135.0.0.0 Mobile Safari/537.36"
202.47.36.91 - - [25/Apr/2025:22:34:06 -0400] "GET /wp-content/uploads/2024/12/cropped-png-icon-aiqa-1-192x192.png HTTP/1.1" 200 13784 "https://aiqaderm.com/product-category/hair-regrowth/" "Mozilla/5.0 (Linux; Android 10; K) AppleWebKit/537.36 (KHTML, like Gecko) Chrome/135.0.0.0 Mobile Safari/537.36"
202.47.36.91 - - [25/Apr/2025:22:34:06 -0400] "GET /wp-content/uploads/2024/12/cropped-png-icon-aiqa-1-180x180.png HTTP/1.1" 200 12688 "https://aiqaderm.com/product-category/hair-regrowth/" "Mozilla/5.0 (Linux; Android 10; K) AppleWebKit/537.36 (KHTML, like Gecko) Chrome/135.0.0.0 Mobile Safari/537.36"
202.47.36.91 - - [25/Apr/2025:22:34:08 -0400] "GET /product/aiqa-grow-hair-shampoo/ HTTP/1.1" 200 24326 "https://aiqaderm.com/product-category/hair-regrowth/" "Mozilla/5.0 (Linux; Android 10; K) AppleWebKit/537.36 (KHTML, like Gecko) Chrome/135.0.0.0 Mobile Safari/537.36"
202.47.36.91 - - [25/Apr/2025:22:34:08 -0400] "POST /?wc-ajax=tinvwl HTTP/1.1" 200 750 "https://aiqaderm.com/product-category/hair-regrowth/" "Mozilla/5.0 (Linux; Android 10; K) AppleWebKit/537.36 (KHTML, like Gecko) Chrome/135.0.0.0 Mobile Safari/537.36"
202.47.36.91 - - [25/Apr/2025:22:34:14 -0400] "GET /product/aiqa-grow-hair-oil-120ml/ HTTP/1.1" 200 24405 "https://aiqaderm.com/product-category/hair-regrowth/" "Mozilla/5.0 (Linux; Android 10; K) AppleWebKit/537.36 (KHTML, like Gecko) Chrome/135.0.0.0 Mobile Safari/537.36"
202.47.36.91 - - [25/Apr/2025:22:34:26 -0400] "GET /product/aiqa-grow-hair-serum/ HTTP/1.1" 200 24550 "https://aiqaderm.com/product-category/hair-regrowth/" "Mozilla/5.0 (Linux; Android 10; K) AppleWebKit/537.36 (KHTML, like Gecko) Chrome/135.0.0.0 Mobile Safari/537.36"
202.47.36.91 - - [25/Apr/2025:22:34:26 -0400] "GET /product/aiqa-grow-hair-shampoo/ HTTP/1.1" 304 0 "https://aiqaderm.com/product-category/hair-regrowth/" "Mozilla/5.0 (Linux; Android 10; K) AppleWebKit/537.36 (KHTML, like Gecko) Chrome/135.0.0.0 Mobile Safari/537.36"
202.47.36.91 - - [25/Apr/2025:22:34:27 -0400] "GET /product/aiqa-grow-hair-shampoo/ HTTP/1.1" 304 0 "https://aiqaderm.com/product-category/hair-regrowth/" "Mozilla/5.0 (Linux; Android 10; K) AppleWebKit/537.36 (KHTML, like Gecko) Chrome/135.0.0.0 Mobile Safari/537.36"
202.47.36.91 - - [25/Apr/2025:22:34:27 -0400] "GET /wp-content/plugins/woocommerce/assets/css/photoswipe/photoswipe.min.css?ver=9.8.2 HTTP/1.1" 200 857 "https://aiqaderm.com/product/aiqa-grow-hair-shampoo/" "Mozilla/5.0 (Linux; Android 10; K) AppleWebKit/537.36 (KHTML, like Gecko) Chrome/135.0.0.0 Mobile Safari/537.36"
202.47.36.91 - - [25/Apr/2025:22:34:27 -0400] "GET /wp-content/plugins/woocommerce/assets/css/photoswipe/default-skin/default-skin.min.css?ver=9.8.2 HTTP/1.1" 200 1759 "https://aiqaderm.com/product/aiqa-grow-hair-shampoo/" "Mozilla/5.0 (Linux; Android 10; K) AppleWebKit/537.36 (KHTML, like Gecko) Chrome/135.0.0.0 Mobile Safari/537.36"
202.47.36.91 - - [25/Apr/2025:22:34:27 -0400] "GET /wp-content/uploads/2024/12/26.png HTTP/1.1" 200 136074 "https://aiqaderm.com/product/aiqa-grow-hair-shampoo/" "Mozilla/5.0 (Linux; Android 10; K) AppleWebKit/537.36 (KHTML, like Gecko) Chrome/135.0.0.0 Mobile Safari/537.36"
202.47.36.91 - - [25/Apr/2025:22:34:27 -0400] "GET /wp-content/uploads/2020/09/pr-banner.png HTTP/1.1" 200 86065 "https://aiqaderm.com/product/aiqa-grow-hair-shampoo/" "Mozilla/5.0 (Linux; Android 10; K) AppleWebKit/537.36 (KHTML, like Gecko) Chrome/135.0.0.0 Mobile Safari/537.36"
66.29.132.124 - - [25/Apr/2025:22:34:27 -0400] "POST /wp-cron.php?doing_wp_cron=1745634867.8642959594726562500000 HTTP/1.1" 200 0 "-" "WordPress/6.8; https://aiqaderm.com"
202.47.36.91 - - [25/Apr/2025:22:34:26 -0400] "POST /?wc-ajax=tinvwl HTTP/1.1" 200 750 "https://aiqaderm.com/product-category/hair-regrowth/" "Mozilla/5.0 (Linux; Android 10; K) AppleWebKit/537.36 (KHTML, like Gecko) Chrome/135.0.0.0 Mobile Safari/537.36"
202.47.36.91 - - [25/Apr/2025:22:34:28 -0400] "GET /wp-content/plugins/WP%20PROTECTION/custom-script.js HTTP/1.1" 404 19395 "https://aiqaderm.com/product/aiqa-grow-hair-shampoo/" "Mozilla/5.0 (Linux; Android 10; K) AppleWebKit/537.36 (KHTML, like Gecko) Chrome/135.0.0.0 Mobile Safari/537.36"
