114.119.158.128 - - [26/Apr/2025:08:52:21 -0400] "GET /product/hydro-aiq-bar/ HTTP/1.1" 200 28567 "https://aiqaderm.com/product/hydro-aiq-bar/798" "Mozilla/5.0 (Linux; Android 7.0;) AppleWebKit/537.36 (KHTML, like Gecko) Mobile Safari/537.36 (compatible; PetalBot;+https://webmaster.petalsearch.com/site/petalbot)"
66.29.132.124 - - [26/Apr/2025:09:01:06 -0400] "POST /wp-cron.php?doing_wp_cron=1745672466.8128280639648437500000 HTTP/1.1" 200 0 "-" "WordPress/6.8; https://aiqaderm.com"
114.119.153.105 - - [26/Apr/2025:09:01:03 -0400] "GET /shop-2/881 HTTP/1.1" 301 0 "https://aiqaderm.com/shop-2/875" "Mozilla/5.0 (Linux; Android 7.0;) AppleWebKit/537.36 (KHTML, like Gecko) Mobile Safari/537.36 (compatible; PetalBot;+https://webmaster.petalsearch.com/site/petalbot)"
114.119.153.105 - - [26/Apr/2025:09:01:07 -0400] "GET /shop-2/ HTTP/1.1" 200 26616 "https://aiqaderm.com/shop-2/875" "Mozilla/5.0 (Linux; Android 7.0;) AppleWebKit/537.36 (KHTML, like Gecko) Mobile Safari/537.36 (compatible; PetalBot;+https://webmaster.petalsearch.com/site/petalbot)"
66.29.132.124 - - [26/Apr/2025:09:01:08 -0400] "POST /wp-admin/admin-ajax.php?action=async_litespeed&nonce=eMDRL0oIJr8xKYRruVDKbYHB0rTmCWdQ&litespeed_type=imgoptm HTTP/1.1" 200 0 "-" "WordPress/6.8; https://aiqaderm.com"
4.227.36.25 - - [26/Apr/2025:09:05:02 -0400] "GET /robots.txt HTTP/1.1" 301 0 "-" "Mozilla/5.0 AppleWebKit/537.36 (KHTML, like Gecko; compatible; GPTBot/1.2; +https://openai.com/gptbot)"
4.227.36.125 - - [26/Apr/2025:09:05:02 -0400] "GET /robots.txt HTTP/1.1" 200 139 "http://aiqaderm.com/robots.txt" "Mozilla/5.0 AppleWebKit/537.36 (KHTML, like Gecko; compatible; GPTBot/1.2; +https://openai.com/gptbot)"
4.227.36.25 - - [26/Apr/2025:09:05:02 -0400] "GET /robots.txt HTTP/1.1" 301 0 "http://www.aiqaderm.com/robots.txt" "Mozilla/5.0 AppleWebKit/537.36 (KHTML, like Gecko; compatible; GPTBot/1.2; +https://openai.com/gptbot)"
4.227.36.25 - - [26/Apr/2025:09:05:02 -0400] "GET /robots.txt HTTP/1.1" 200 139 "https://www.aiqaderm.com/robots.txt" "Mozilla/5.0 AppleWebKit/537.36 (KHTML, like Gecko; compatible; GPTBot/1.2; +https://openai.com/gptbot)"
4.227.36.25 - - [26/Apr/2025:09:05:02 -0400] "GET /robots.txt HTTP/1.1" 200 139 "https://www.aiqaderm.com/robots.txt" "Mozilla/5.0 AppleWebKit/537.36 (KHTML, like Gecko; compatible; GPTBot/1.2; +https://openai.com/gptbot)"
20.171.207.198 - - [26/Apr/2025:09:05:02 -0400] "GET /wp-comments-post.php HTTP/1.1" 405 0 "-" "Mozilla/5.0 AppleWebKit/537.36 (KHTML, like Gecko; compatible; GPTBot/1.2; +https://openai.com/gptbot)"
20.171.207.170 - - [26/Apr/2025:09:05:05 -0400] "GET /robots.txt HTTP/1.1" 301 0 "-" "Mozilla/5.0 AppleWebKit/537.36 (KHTML, like Gecko; compatible; GPTBot/1.2; +https://openai.com/gptbot)"
66.29.132.124 - - [26/Apr/2025:09:05:11 -0400] "POST /wp-cron.php?doing_wp_cron=1745672711.6755189895629882812500 HTTP/1.1" 200 0 "-" "WordPress/6.8; https://aiqaderm.com"
66.29.132.124 - - [26/Apr/2025:09:05:13 -0400] "POST /wp-admin/admin-ajax.php?action=async_litespeed&nonce=bxiSCTFyV8uv21RmewQMFPY2VclwlT8P&litespeed_type=imgoptm HTTP/1.1" 200 0 "-" "WordPress/6.8; https://aiqaderm.com"
20.171.207.198 - - [26/Apr/2025:09:05:05 -0400] "GET / HTTP/1.1" 500 15226 "-" "Mozilla/5.0 AppleWebKit/537.36 (KHTML, like Gecko; compatible; GPTBot/1.2; +https://openai.com/gptbot)"
20.171.207.198 - - [26/Apr/2025:09:05:23 -0400] "GET /product/milex-c-vitamin-c-serum/881 HTTP/1.1" 301 0 "-" "Mozilla/5.0 AppleWebKit/537.36 (KHTML, like Gecko; compatible; GPTBot/1.2; +https://openai.com/gptbot)"
20.171.207.198 - - [26/Apr/2025:09:05:32 -0400] "GET /robots.txt HTTP/1.1" 200 139 "-" "Mozilla/5.0 AppleWebKit/537.36 (KHTML, like Gecko; compatible; GPTBot/1.2; +https://openai.com/gptbot)"
66.29.132.124 - - [26/Apr/2025:09:05:41 -0400] "POST /wp-cron.php?doing_wp_cron=1745672741.5037810802459716796875 HTTP/1.1" 200 0 "-" "WordPress/6.8; https://aiqaderm.com"
20.171.207.198 - - [26/Apr/2025:09:05:40 -0400] "GET /wp-sitemap.xml HTTP/1.1" 200 223 "-" "Mozilla/5.0 AppleWebKit/537.36 (KHTML, like Gecko; compatible; GPTBot/1.2; +https://openai.com/gptbot)"
66.29.132.124 - - [26/Apr/2025:09:05:42 -0400] "POST /wp-admin/admin-ajax.php?action=async_litespeed&nonce=gZxOeyL3RULPDa5LfoeQeVvrzrnQBOCR&litespeed_type=imgoptm HTTP/1.1" 200 21 "-" "WordPress/6.8; https://aiqaderm.com"
193.186.4.116 - - [26/Apr/2025:09:32:08 -0400] "GET /product-category/hair-regrowth/ HTTP/1.1" 200 0 "https://www.google.com/" "Mozilla/5.0 (Linux; Android 10; K) AppleWebKit/537.36 (KHTML, like Gecko) Chrome/135.0.0.0 Mobile Safari/537.36"
66.29.132.124 - - [26/Apr/2025:09:32:16 -0400] "POST /wp-cron.php?doing_wp_cron=1745674336.6119809150695800781250 HTTP/1.1" 200 0 "-" "WordPress/6.8; https://aiqaderm.com"
66.29.132.124 - - [26/Apr/2025:09:32:16 -0400] "POST /wp-cron.php?doing_wp_cron=1745674336.6162300109863281250000 HTTP/1.1" 200 0 "-" "WordPress/6.8; https://aiqaderm.com"
66.249.93.73 - - [26/Apr/2025:09:32:07 -0400] "GET /.well-known/traffic-advice HTTP/1.1" 200 0 "-" "Chrome Privacy Preserving Prefetch Proxy"
66.29.132.124 - - [26/Apr/2025:09:32:17 -0400] "POST /wp-admin/admin-ajax.php?action=async_litespeed&nonce=7yb7MUlz4judIfgvMd7dYpvDhlbLEzc1&litespeed_type=imgoptm HTTP/1.1" 200 0 "-" "WordPress/6.8; https://aiqaderm.com"
193.186.4.116 - - [26/Apr/2025:09:32:20 -0400] "GET /product-category/hair-regrowth/ HTTP/1.1" 200 21858 "https://www.google.com/" "Mozilla/5.0 (Linux; Android 10; K) AppleWebKit/537.36 (KHTML, like Gecko) Chrome/135.0.0.0 Mobile Safari/537.36"
114.119.151.131 - - [26/Apr/2025:09:49:35 -0400] "GET /robots.txt HTTP/1.1" 200 158 "-" "Mozilla/5.0 (compatible;PetalBot;+https://webmaster.petalsearch.com/site/petalbot)"
66.29.132.124 - - [26/Apr/2025:09:55:09 -0400] "POST /wp-cron.php?doing_wp_cron=1745675709.6977500915527343750000 HTTP/1.1" 200 0 "-" "WordPress/6.8; https://aiqaderm.com"
88.214.48.42 - - [26/Apr/2025:09:54:44 -0400] "GET / HTTP/1.1" 500 17505 "-" "Mozilla/5.0 (Macintosh; Intel Mac OS X 10_15_7) AppleWebKit/537.36 (KHTML, like Gecko) Chrome/120.0.0.0 Safari/537.36"
66.29.132.124 - - [26/Apr/2025:09:55:13 -0400] "POST /wp-admin/admin-ajax.php?action=async_litespeed&nonce=Rib848pneqoK4hgRcadmWCKwsupWhYUP&litespeed_type=imgoptm HTTP/1.1" 200 0 "-" "WordPress/6.8; https://aiqaderm.com"
193.186.4.60 - - [26/Apr/2025:10:07:01 -0400] "GET /product-category/hair-regrowth/ HTTP/1.1" 200 21858 "https://www.google.com/" "Mozilla/5.0 (Windows NT 10.0; Win64; x64) AppleWebKit/537.36 (KHTML, like Gecko) Chrome/135.0.0.0 Safari/537.36"
66.249.93.74 - - [26/Apr/2025:10:07:01 -0400] "GET /.well-known/traffic-advice HTTP/1.1" 200 0 "-" "Chrome Privacy Preserving Prefetch Proxy"
66.29.132.124 - - [26/Apr/2025:10:07:10 -0400] "POST /wp-cron.php?doing_wp_cron=1745676430.6141629219055175781250 HTTP/1.1" 200 0 "-" "WordPress/6.8; https://aiqaderm.com"
66.29.132.124 - - [26/Apr/2025:10:07:11 -0400] "POST /wp-admin/admin-ajax.php?action=async_litespeed&nonce=mttBMVaCBQBsuVbKsltQHlSoRZtOYeVq&litespeed_type=imgoptm HTTP/1.1" 200 0 "-" "WordPress/6.8; https://aiqaderm.com"
66.29.132.124 - - [26/Apr/2025:10:16:44 -0400] "POST /wp-cron.php?doing_wp_cron=1745677003.8719010353088378906250 HTTP/1.1" 200 0 "-" "WordPress/6.8; https://aiqaderm.com"
66.29.132.124 - - [26/Apr/2025:10:16:46 -0400] "POST /wp-admin/admin-ajax.php?action=async_litespeed&nonce=otMdlqqwD5InJt4gmZltc2R2RbP4ZrPH&litespeed_type=imgoptm HTTP/1.1" 200 0 "-" "WordPress/6.8; https://aiqaderm.com"
124.238.84.9 - - [26/Apr/2025:10:16:37 -0400] "GET / HTTP/1.1" 500 17511 "https://aiqaderm.com/" "Mozilla/5.0 (Windows NT 6.1; WOW64) AppleWebKit/537.36 (KHTML, like Gecko) Chrome/50.0.2661.102 Safari/537.36"
51.222.253.5 - - [26/Apr/2025:10:17:04 -0400] "GET /robots.txt HTTP/1.1" 200 139 "-" "Mozilla/5.0 (compatible; AhrefsBot/7.0; +http://ahrefs.com/robot/)"
51.222.253.6 - - [26/Apr/2025:10:17:06 -0400] "GET /product-category/bar/feed/ HTTP/1.1" 200 1693 "-" "Mozilla/5.0 (compatible; AhrefsBot/7.0; +http://ahrefs.com/robot/)"
66.29.132.124 - - [26/Apr/2025:10:17:32 -0400] "POST /wp-cron.php?doing_wp_cron=1745677051.9101281166076660156250 HTTP/1.1" 200 0 "-" "WordPress/6.8; https://aiqaderm.com"
114.119.156.225 - - [26/Apr/2025:10:17:29 -0400] "GET /shop-2/page/3/73 HTTP/1.1" 404 22430 "https://aiqaderm.com/shop-2/page/3/" "Mozilla/5.0 (Linux; Android 7.0;) AppleWebKit/537.36 (KHTML, like Gecko) Mobile Safari/537.36 (compatible; PetalBot;+https://webmaster.petalsearch.com/site/petalbot)"
66.29.132.124 - - [26/Apr/2025:10:17:34 -0400] "POST /wp-admin/admin-ajax.php?action=async_litespeed&nonce=VpCVtlYUG5NdVLzhjGpEysnSVVXCZji7&litespeed_type=imgoptm HTTP/1.1" 200 0 "-" "WordPress/6.8; https://aiqaderm.com"
66.29.132.124 - - [26/Apr/2025:10:18:08 -0400] "POST /wp-cron.php?doing_wp_cron=1745677088.1283140182495117187500 HTTP/1.1" 200 0 "-" "WordPress/6.8; https://aiqaderm.com"
20.171.207.198 - - [26/Apr/2025:10:18:06 -0400] "GET /?p=166 HTTP/1.1" 301 0 "-" "Mozilla/5.0 AppleWebKit/537.36 (KHTML, like Gecko; compatible; GPTBot/1.2; +https://openai.com/gptbot)"
20.171.207.198 - - [26/Apr/2025:10:18:09 -0400] "GET /wp-json/wp/v2/posts/166 HTTP/1.1" 200 3870 "-" "Mozilla/5.0 AppleWebKit/537.36 (KHTML, like Gecko; compatible; GPTBot/1.2; +https://openai.com/gptbot)"
66.29.132.124 - - [26/Apr/2025:10:19:45 -0400] "POST /wp-cron.php?doing_wp_cron=1745677185.3962140083312988281250 HTTP/1.1" 200 0 "-" "WordPress/6.8; https://aiqaderm.com"
98.84.60.17 - - [26/Apr/2025:10:19:41 -0400] "GET /product/bremiq-acne-serum/73 HTTP/1.1" 301 0 "-" "Mozilla/5.0 AppleWebKit/537.36 (KHTML, like Gecko; compatible; Amazonbot/0.1; +https://developer.amazon.com/support/amazonbot) Chrome/119.0.6045.214 Safari/537.36"
66.29.132.124 - - [26/Apr/2025:10:19:47 -0400] "POST /wp-admin/admin-ajax.php?action=async_litespeed&nonce=LVhvrp6YSaTALO0QwSXERdULdcwsJNhR&litespeed_type=imgoptm HTTP/1.1" 200 0 "-" "WordPress/6.8; https://aiqaderm.com"
66.29.132.124 - - [26/Apr/2025:10:34:12 -0400] "POST /wp-cron.php?doing_wp_cron=1745678051.5399839878082275390625 HTTP/1.1" 200 0 "-" "WordPress/6.8; https://aiqaderm.com"
34.91.125.183 - - [26/Apr/2025:10:34:12 -0400] "GET / HTTP/1.1" 301 0 "-" "Scrapy/2.12.0 (+https://scrapy.org)"
52.167.144.159 - - [26/Apr/2025:10:33:56 -0400] "GET /product/zolti-bar/ HTTP/1.1" 200 24140 "-" "Mozilla/5.0 AppleWebKit/537.36 (KHTML, like Gecko; compatible; bingbot/2.0; +http://www.bing.com/bingbot.htm) Chrome/116.0.1938.76 Safari/537.36"
34.91.125.183 - - [26/Apr/2025:10:34:16 -0400] "GET / HTTP/1.1" 500 17505 "-" "Scrapy/2.12.0 (+https://scrapy.org)"
52.167.144.159 - - [26/Apr/2025:10:34:33 -0400] "GET /wp-content/themes/medibazar/assets/css//main.css?ver=1.0 HTTP/1.1" 200 40160 "-" "Mozilla/5.0 AppleWebKit/537.36 (KHTML, like Gecko; compatible; bingbot/2.0; +http://www.bing.com/bingbot.htm) Chrome/116.0.1938.76 Safari/537.36"
52.167.144.159 - - [26/Apr/2025:10:34:34 -0400] "GET /wp-content/themes/medibazar/assets/js//custom/plus_minus.js?ver=1.0 HTTP/1.1" 200 487 "-" "Mozilla/5.0 AppleWebKit/537.36 (KHTML, like Gecko; compatible; bingbot/2.0; +http://www.bing.com/bingbot.htm) Chrome/116.0.1938.76 Safari/537.36"
207.46.13.126 - - [26/Apr/2025:10:34:38 -0400] "GET /wp-content/plugins/woocommerce/assets/js/frontend/woocommerce.min.js?ver=9.8.2 HTTP/1.1" 200 1241 "-" "Mozilla/5.0 AppleWebKit/537.36 (KHTML, like Gecko; compatible; bingbot/2.0; +http://www.bing.com/bingbot.htm) Chrome/116.0.1938.76 Safari/537.36"
207.46.13.126 - - [26/Apr/2025:10:34:40 -0400] "GET /wp-content/plugins/woocommerce/assets/js/js-cookie/js.cookie.min.js?ver=2.1.4-wc.9.8.2 HTTP/1.1" 200 760 "-" "Mozilla/5.0 AppleWebKit/537.36 (KHTML, like Gecko; compatible; bingbot/2.0; +http://www.bing.com/bingbot.htm) Chrome/116.0.1938.76 Safari/537.36"
207.46.13.126 - - [26/Apr/2025:10:34:40 -0400] "GET /wp-content/plugins/woocommerce/assets/js/photoswipe/photoswipe.min.js?ver=4.1.1-wc.9.8.2 HTTP/1.1" 200 11652 "-" "Mozilla/5.0 AppleWebKit/537.36 (KHTML, like Gecko; compatible; bingbot/2.0; +http://www.bing.com/bingbot.htm) Chrome/116.0.1938.76 Safari/537.36"
207.46.13.126 - - [26/Apr/2025:10:34:41 -0400] "GET /wp-content/themes/medibazar/assets/css//fontawesome-all.min.css?ver=1.0 HTTP/1.1" 200 28884 "-" "Mozilla/5.0 AppleWebKit/537.36 (KHTML, like Gecko; compatible; bingbot/2.0; +http://www.bing.com/bingbot.htm) Chrome/116.0.1938.76 Safari/537.36"
207.46.13.126 - - [26/Apr/2025:10:34:41 -0400] "GET /wp-content/themes/medibazar/assets/css//owl.carousel.min.css?ver=1.0 HTTP/1.1" 200 789 "-" "Mozilla/5.0 AppleWebKit/537.36 (KHTML, like Gecko; compatible; bingbot/2.0; +http://www.bing.com/bingbot.htm) Chrome/116.0.1938.76 Safari/537.36"
207.46.13.126 - - [26/Apr/2025:10:34:42 -0400] "GET /wp-content/themes/medibazar/assets/js//isotope.pkgd.min.js?ver=1.0 HTTP/1.1" 200 9626 "-" "Mozilla/5.0 AppleWebKit/537.36 (KHTML, like Gecko; compatible; bingbot/2.0; +http://www.bing.com/bingbot.htm) Chrome/116.0.1938.76 Safari/537.36"
207.46.13.126 - - [26/Apr/2025:10:34:43 -0400] "GET /wp-content/themes/medibazar/assets/js//jquery.appear.js?ver=1.0 HTTP/1.1" 200 1159 "-" "Mozilla/5.0 AppleWebKit/537.36 (KHTML, like Gecko; compatible; bingbot/2.0; +http://www.bing.com/bingbot.htm) Chrome/116.0.1938.76 Safari/537.36"
207.46.13.126 - - [26/Apr/2025:10:34:43 -0400] "GET /wp-content/themes/medibazar/assets/js//jquery.counterup.min.js?ver=1.0 HTTP/1.1" 200 496 "-" "Mozilla/5.0 AppleWebKit/537.36 (KHTML, like Gecko; compatible; bingbot/2.0; +http://www.bing.com/bingbot.htm) Chrome/116.0.1938.76 Safari/537.36"
207.46.13.126 - - [26/Apr/2025:10:34:43 -0400] "GET /wp-content/themes/medibazar/assets/js//jquery.knob.js?ver=1.0 HTTP/1.1" 200 5731 "-" "Mozilla/5.0 AppleWebKit/537.36 (KHTML, like Gecko; compatible; bingbot/2.0; +http://www.bing.com/bingbot.htm) Chrome/116.0.1938.76 Safari/537.36"
207.46.13.126 - - [26/Apr/2025:10:34:44 -0400] "GET /wp-content/themes/medibazar/assets/js//jquery.meanmenu.min.js?ver=1.0 HTTP/1.1" 200 1302 "-" "Mozilla/5.0 AppleWebKit/537.36 (KHTML, like Gecko; compatible; bingbot/2.0; +http://www.bing.com/bingbot.htm) Chrome/116.0.1938.76 Safari/537.36"
207.46.13.126 - - [26/Apr/2025:10:34:44 -0400] "GET /wp-content/themes/medibazar/assets/js//owl.carousel.min.js?ver=1.0 HTTP/1.1" 200 10691 "-" "Mozilla/5.0 AppleWebKit/537.36 (KHTML, like Gecko; compatible; bingbot/2.0; +http://www.bing.com/bingbot.htm) Chrome/116.0.1938.76 Safari/537.36"
207.46.13.126 - - [26/Apr/2025:10:34:44 -0400] "GET /wp-content/themes/medibazar/assets/js//slick.min.js?ver=1.0 HTTP/1.1" 200 10097 "-" "Mozilla/5.0 AppleWebKit/537.36 (KHTML, like Gecko; compatible; bingbot/2.0; +http://www.bing.com/bingbot.htm) Chrome/116.0.1938.76 Safari/537.36"
207.46.13.126 - - [26/Apr/2025:10:34:46 -0400] "GET /wp-content/themes/medibazar/assets/js//waypoints.min.js?ver=1.0 HTTP/1.1" 200 2461 "-" "Mozilla/5.0 AppleWebKit/537.36 (KHTML, like Gecko; compatible; bingbot/2.0; +http://www.bing.com/bingbot.htm) Chrome/116.0.1938.76 Safari/537.36"
40.77.167.131 - - [26/Apr/2025:10:34:51 -0400] "GET /wp-content/themes/medibazar/assets/js//jquery.magnific-popup.min.js?ver=1.0 HTTP/1.1" 200 7043 "-" "Mozilla/5.0 AppleWebKit/537.36 (KHTML, like Gecko; compatible; bingbot/2.0; +http://www.bing.com/bingbot.htm) Chrome/116.0.1938.76 Safari/537.36"
40.77.167.131 - - [26/Apr/2025:10:34:52 -0400] "GET /wp-includes/js/jquery/jquery-migrate.min.js?ver=3.4.1 HTTP/1.1" 200 4678 "-" "Mozilla/5.0 AppleWebKit/537.36 (KHTML, like Gecko; compatible; bingbot/2.0; +http://www.bing.com/bingbot.htm) Chrome/116.0.1938.76 Safari/537.36"
66.29.132.124 - - [26/Apr/2025:10:42:56 -0400] "POST /wp-cron.php?doing_wp_cron=1745678575.6645269393920898437500 HTTP/1.1" 200 0 "-" "WordPress/6.8; https://aiqaderm.com"
51.222.253.5 - - [26/Apr/2025:10:42:45 -0400] "GET /product-category/antioxidant-immunity-booster/?add-to-cart=76 HTTP/1.1" 200 22286 "-" "Mozilla/5.0 (compatible; AhrefsBot/7.0; +http://ahrefs.com/robot/)"
66.29.132.124 - - [26/Apr/2025:10:42:58 -0400] "POST /wp-admin/admin-ajax.php?action=async_litespeed&nonce=cRMc2EKXRz3d3Hzdpo6hoJltXn5k684N&litespeed_type=imgoptm HTTP/1.1" 200 0 "-" "WordPress/6.8; https://aiqaderm.com"
66.29.132.124 - - [26/Apr/2025:10:45:50 -0400] "POST /wp-cron.php?doing_wp_cron=1745678750.1884241104125976562500 HTTP/1.1" 200 0 "-" "WordPress/6.8; https://aiqaderm.com"
132.232.203.74 - - [26/Apr/2025:10:45:43 -0400] "GET / HTTP/1.1" 500 17511 "http://aiqaderm.com" "Mozilla/5.0 (iPhone; CPU iPhone OS 13_2_3 like Mac OS X) AppleWebKit/605.1.15 (KHTML, like Gecko) Version/13.0.3 Mobile/15E148 Safari/604.1"
66.29.132.124 - - [26/Apr/2025:10:45:53 -0400] "POST /wp-admin/admin-ajax.php?action=async_litespeed&nonce=RXZXf7PhqZ43vpLeuvn130eGw8vKxcCw&litespeed_type=imgoptm HTTP/1.1" 200 0 "-" "WordPress/6.8; https://aiqaderm.com"
66.29.132.124 - - [26/Apr/2025:10:48:17 -0400] "POST /wp-cron.php?doing_wp_cron=1745678896.4128260612487792968750 HTTP/1.1" 200 0 "-" "WordPress/6.8; https://aiqaderm.com"
66.29.132.124 - - [26/Apr/2025:10:48:18 -0400] "POST /wp-admin/admin-ajax.php?action=async_litespeed&nonce=Nva2aTURBIOSQty3Psa8j97XHY0T55Pb&litespeed_type=imgoptm HTTP/1.1" 200 0 "-" "WordPress/6.8; https://aiqaderm.com"
20.171.207.198 - - [26/Apr/2025:10:48:11 -0400] "GET /wp-json/wp/v2/product/198 HTTP/1.1" 200 3820 "-" "Mozilla/5.0 AppleWebKit/537.36 (KHTML, like Gecko; compatible; GPTBot/1.2; +https://openai.com/gptbot)"
20.171.207.198 - - [26/Apr/2025:10:48:19 -0400] "GET /?p=198 HTTP/1.1" 301 0 "-" "Mozilla/5.0 AppleWebKit/537.36 (KHTML, like Gecko; compatible; GPTBot/1.2; +https://openai.com/gptbot)"
40.77.202.161 - - [26/Apr/2025:10:50:33 -0400] "GET /wp-content/themes/medibazar/assets/css/fonts/CerebriSans-Heavy.woff2 HTTP/1.1" 200 26968 "https://aiqaderm.com/wp-content/themes/medibazar/assets/css//main.css?ver=1.0" "Mozilla/5.0 AppleWebKit/537.36 (KHTML, like Gecko; compatible; bingbot/2.0; +http://www.bing.com/bingbot.htm) Chrome/112.0.0.0 Safari/537.36"
40.77.202.161 - - [26/Apr/2025:10:50:33 -0400] "GET /wp-content/themes/medibazar/assets/css/fonts/fa-regular-400.woff2 HTTP/1.1" 200 145076 "https://aiqaderm.com/wp-content/themes/medibazar/assets/css//fontawesome-all.min.css?ver=1.0" "Mozilla/5.0 AppleWebKit/537.36 (KHTML, like Gecko; compatible; bingbot/2.0; +http://www.bing.com/bingbot.htm) Chrome/112.0.0.0 Safari/537.36"
40.77.202.161 - - [26/Apr/2025:10:50:33 -0400] "GET /wp-content/themes/medibazar/assets/css/fonts/CerebriSans-Bold.woff2 HTTP/1.1" 200 27516 "https://aiqaderm.com/wp-content/themes/medibazar/assets/css//main.css?ver=1.0" "Mozilla/5.0 AppleWebKit/537.36 (KHTML, like Gecko; compatible; bingbot/2.0; +http://www.bing.com/bingbot.htm) Chrome/112.0.0.0 Safari/537.36"
40.77.202.161 - - [26/Apr/2025:10:50:34 -0400] "GET /wp-content/themes/medibazar/assets/css/fonts/CerebriSans-Medium.woff2 HTTP/1.1" 200 27656 "https://aiqaderm.com/wp-content/themes/medibazar/assets/css//main.css?ver=1.0" "Mozilla/5.0 AppleWebKit/537.36 (KHTML, like Gecko; compatible; bingbot/2.0; +http://www.bing.com/bingbot.htm) Chrome/112.0.0.0 Safari/537.36"
40.77.202.161 - - [26/Apr/2025:10:50:34 -0400] "GET /wp-content/themes/medibazar/assets/css/fonts/CerebriSans-Regular.woff2 HTTP/1.1" 200 27464 "https://aiqaderm.com/wp-content/themes/medibazar/assets/css//main.css?ver=1.0" "Mozilla/5.0 AppleWebKit/537.36 (KHTML, like Gecko; compatible; bingbot/2.0; +http://www.bing.com/bingbot.htm) Chrome/112.0.0.0 Safari/537.36"
40.77.202.161 - - [26/Apr/2025:10:50:34 -0400] "GET /wp-content/themes/medibazar/assets/css/fonts/CerebriSans-SemiBold.woff2 HTTP/1.1" 200 27328 "https://aiqaderm.com/wp-content/themes/medibazar/assets/css//main.css?ver=1.0" "Mozilla/5.0 AppleWebKit/537.36 (KHTML, like Gecko; compatible; bingbot/2.0; +http://www.bing.com/bingbot.htm) Chrome/112.0.0.0 Safari/537.36"
40.77.202.161 - - [26/Apr/2025:10:50:34 -0400] "GET /wp-content/themes/medibazar/assets/css/fonts/fa-solid-900.woff2 HTTP/1.1" 200 117536 "https://aiqaderm.com/wp-content/themes/medibazar/assets/css//fontawesome-all.min.css?ver=1.0" "Mozilla/5.0 AppleWebKit/537.36 (KHTML, like Gecko; compatible; bingbot/2.0; +http://www.bing.com/bingbot.htm) Chrome/112.0.0.0 Safari/537.36"
40.77.202.161 - - [26/Apr/2025:10:50:34 -0400] "GET /wp-content/themes/medibazar/assets/css/fonts/fa-brands-400.woff2 HTTP/1.1" 200 74800 "https://aiqaderm.com/wp-content/themes/medibazar/assets/css//fontawesome-all.min.css?ver=1.0" "Mozilla/5.0 AppleWebKit/537.36 (KHTML, like Gecko; compatible; bingbot/2.0; +http://www.bing.com/bingbot.htm) Chrome/112.0.0.0 Safari/537.36"
40.77.202.161 - - [26/Apr/2025:10:50:35 -0400] "POST /?wc-ajax=get_refreshed_fragments HTTP/1.1" 200 0 "https://aiqaderm.com/product/zolti-bar/" "Mozilla/5.0 AppleWebKit/537.36 (KHTML, like Gecko; compatible; bingbot/2.0; +http://www.bing.com/bingbot.htm) Chrome/112.0.0.0 Safari/537.36"
40.77.202.161 - - [26/Apr/2025:10:50:35 -0400] "POST /?wc-ajax=tinvwl HTTP/1.1" 200 0 "https://aiqaderm.com/product/zolti-bar/" "Mozilla/5.0 AppleWebKit/537.36 (KHTML, like Gecko; compatible; bingbot/2.0; +http://www.bing.com/bingbot.htm) Chrome/112.0.0.0 Safari/537.36"
196.251.86.177 - - [26/Apr/2025:11:07:49 -0400] "GET / HTTP/1.1" 200 0 "-" "-"
196.251.86.177 - - [26/Apr/2025:11:07:59 -0400] "GET / HTTP/1.1" 200 0 "-" "-"
196.251.86.177 - - [26/Apr/2025:11:08:05 -0400] "GET / HTTP/1.1" 200 0 "-" "-"
196.251.86.177 - - [26/Apr/2025:11:08:08 -0400] "GET / HTTP/1.1" 200 0 "-" "-"
196.251.86.177 - - [26/Apr/2025:11:08:14 -0400] "GET / HTTP/1.1" 200 0 "-" "-"
66.29.132.124 - - [26/Apr/2025:11:08:16 -0400] "POST /wp-cron.php?doing_wp_cron=1745680090.8306620121002197265625 HTTP/1.1" 200 0 "-" "WordPress/6.8; https://aiqaderm.com"
51.222.253.5 - - [26/Apr/2025:11:10:39 -0400] "GET /product-category/antioxidant-immunity-booster/?add-to-cart=885 HTTP/1.1" 200 22278 "-" "Mozilla/5.0 (compatible; AhrefsBot/7.0; +http://ahrefs.com/robot/)"
66.29.132.124 - - [26/Apr/2025:11:10:59 -0400] "POST /wp-cron.php?doing_wp_cron=1745680253.9913420677185058593750 HTTP/1.1" 200 0 "-" "WordPress/6.8; https://aiqaderm.com"
66.29.132.124 - - [26/Apr/2025:11:22:47 -0400] "POST /wp-cron.php?doing_wp_cron=1745680966.3295989036560058593750 HTTP/1.1" 200 0 "-" "WordPress/6.8; https://aiqaderm.com"
66.29.132.124 - - [26/Apr/2025:11:22:48 -0400] "POST /wp-admin/admin-ajax.php?action=async_litespeed&nonce=F5fEp51HlETmauvO0FgUpEGqWSzYCHH7&litespeed_type=imgoptm HTTP/1.1" 200 0 "-" "WordPress/6.8; https://aiqaderm.com"
20.171.207.198 - - [26/Apr/2025:11:22:29 -0400] "GET / HTTP/1.1" 500 15226 "-" "Mozilla/5.0 AppleWebKit/537.36 (KHTML, like Gecko; compatible; GPTBot/1.2; +https://openai.com/gptbot)"
20.171.207.198 - - [26/Apr/2025:11:22:50 -0400] "GET /wp-comments-post.php HTTP/1.1" 405 0 "-" "Mozilla/5.0 AppleWebKit/537.36 (KHTML, like Gecko; compatible; GPTBot/1.2; +https://openai.com/gptbot)"
66.29.132.124 - - [26/Apr/2025:11:25:09 -0400] "POST /wp-cron.php?doing_wp_cron=1745681108.4882700443267822265625 HTTP/1.1" 200 0 "-" "WordPress/6.8; https://aiqaderm.com"
20.171.207.198 - - [26/Apr/2025:11:24:58 -0400] "GET / HTTP/1.1" 500 15226 "-" "Mozilla/5.0 AppleWebKit/537.36 (KHTML, like Gecko; compatible; GPTBot/1.2; +https://openai.com/gptbot)"
66.29.132.124 - - [26/Apr/2025:11:25:14 -0400] "POST /wp-admin/admin-ajax.php?action=async_litespeed&nonce=xi82cp9pVxN8fZHjTnHqicpcmEDMkhmM&litespeed_type=imgoptm HTTP/1.1" 200 0 "-" "WordPress/6.8; https://aiqaderm.com"
20.171.207.198 - - [26/Apr/2025:11:25:21 -0400] "GET /wp-comments-post.php HTTP/1.1" 405 0 "-" "Mozilla/5.0 AppleWebKit/537.36 (KHTML, like Gecko; compatible; GPTBot/1.2; +https://openai.com/gptbot)"
66.29.132.124 - - [26/Apr/2025:11:39:47 -0400] "POST /wp-cron.php?doing_wp_cron=1745681987.6285679340362548828125 HTTP/1.1" 200 0 "-" "WordPress/6.8; https://aiqaderm.com"
51.222.253.3 - - [26/Apr/2025:11:39:35 -0400] "GET /product-category/antioxidant-immunity-booster/?add-to-cart=884 HTTP/1.1" 200 22291 "-" "Mozilla/5.0 (compatible; AhrefsBot/7.0; +http://ahrefs.com/robot/)"
66.29.132.124 - - [26/Apr/2025:11:39:50 -0400] "POST /wp-admin/admin-ajax.php?action=async_litespeed&nonce=b1GvLQ36dEuyEg1iQBnmWl18U11AVnpC&litespeed_type=imgoptm HTTP/1.1" 200 0 "-" "WordPress/6.8; https://aiqaderm.com"
66.29.132.124 - - [26/Apr/2025:11:43:35 -0400] "POST /wp-cron.php?doing_wp_cron=1745682215.5032269954681396484375 HTTP/1.1" 200 0 "-" "WordPress/6.8; https://aiqaderm.com"
66.29.132.124 - - [26/Apr/2025:11:43:35 -0400] "POST /wp-cron.php?doing_wp_cron=1745682215.5027189254760742187500 HTTP/1.1" 200 0 "-" "WordPress/6.8; https://aiqaderm.com"
103.124.107.10 - - [26/Apr/2025:11:43:22 -0400] "POST /xmlrpc.php HTTP/1.1" 200 403 "-" "Mozilla/5.0 (Windows NT 6.1; WOW64; rv:47.0) Gecko/20100101 Firefox/47.0"
93.114.185.78 - - [26/Apr/2025:11:43:27 -0400] "POST /xmlrpc.php HTTP/1.1" 200 403 "-" "Mozilla/5.0 (X11; Linux x86_64) AppleWebKit/537.36 (KHTML, like Gecko) Chrome/91.0.4472.114 Safari/537.36"
208.98.35.210 - - [26/Apr/2025:11:43:27 -0400] "POST /xmlrpc.php HTTP/1.1" 200 403 "-" "Mozilla/5.0 (Windows NT 5.1; rv:7.0.1) Gecko/20100101 Firefox/7.0.1"
66.29.132.124 - - [26/Apr/2025:11:43:37 -0400] "POST /wp-admin/admin-ajax.php?action=async_litespeed&nonce=jpZIiMNdT84Bea2woHbN5dsxA2L4KsSm&litespeed_type=imgoptm HTTP/1.1" 200 0 "-" "WordPress/6.8; https://aiqaderm.com"
207.46.13.127 - - [26/Apr/2025:11:54:23 -0400] "GET /wp-content/uploads/2020/09/1-4.png HTTP/1.1" 200 230569 "-" "Mozilla/5.0 AppleWebKit/537.36 (KHTML, like Gecko; compatible; bingbot/2.0; +http://www.bing.com/bingbot.htm) Chrome/116.0.1938.76 Safari/537.36"
52.167.144.220 - - [26/Apr/2025:11:57:44 -0400] "GET /product/zolti-bar/ HTTP/1.1" 200 24140 "-" "Mozilla/5.0 AppleWebKit/537.36 (KHTML, like Gecko; compatible; bingbot/2.0; +http://www.bing.com/bingbot.htm) Chrome/116.0.1938.76 Safari/537.36"
157.55.39.63 - - [26/Apr/2025:11:58:52 -0400] "GET /wp-content/themes/medibazar/assets/css/fonts/CerebriSans-Heavy.woff HTTP/1.1" 200 40644 "-" "Mozilla/5.0 AppleWebKit/537.36 (KHTML, like Gecko; compatible; bingbot/2.0; +http://www.bing.com/bingbot.htm) Chrome/116.0.1938.76 Safari/537.36"
157.55.39.63 - - [26/Apr/2025:11:58:52 -0400] "GET /wp-content/themes/medibazar/assets/css/fonts/CerebriSans-Heavy.woff2 HTTP/1.1" 200 26968 "-" "Mozilla/5.0 AppleWebKit/537.36 (KHTML, like Gecko; compatible; bingbot/2.0; +http://www.bing.com/bingbot.htm) Chrome/116.0.1938.76 Safari/537.36"
52.167.144.220 - - [26/Apr/2025:11:59:05 -0400] "GET /wp-content/themes/medibazar/assets/css/fonts/CerebriSans-Bold.ttf HTTP/1.1" 200 99488 "-" "Mozilla/5.0 AppleWebKit/537.36 (KHTML, like Gecko; compatible; bingbot/2.0; +http://www.bing.com/bingbot.htm) Chrome/116.0.1938.76 Safari/537.36"
52.167.144.220 - - [26/Apr/2025:11:59:05 -0400] "GET /wp-content/themes/medibazar/assets/css/fonts/CerebriSans-Bold.woff2 HTTP/1.1" 200 27516 "-" "Mozilla/5.0 AppleWebKit/537.36 (KHTML, like Gecko; compatible; bingbot/2.0; +http://www.bing.com/bingbot.htm) Chrome/116.0.1938.76 Safari/537.36"
52.167.144.220 - - [26/Apr/2025:11:59:06 -0400] "GET /wp-content/themes/medibazar/assets/css/fonts/CerebriSans-Bold.woff HTTP/1.1" 200 41068 "-" "Mozilla/5.0 AppleWebKit/537.36 (KHTML, like Gecko; compatible; bingbot/2.0; +http://www.bing.com/bingbot.htm) Chrome/116.0.1938.76 Safari/537.36"
52.167.144.220 - - [26/Apr/2025:11:59:06 -0400] "GET /wp-content/themes/medibazar/assets/css/fonts/fa-brands-400.ttf HTTP/1.1" 200 129612 "-" "Mozilla/5.0 AppleWebKit/537.36 (KHTML, like Gecko; compatible; bingbot/2.0; +http://www.bing.com/bingbot.htm) Chrome/116.0.1938.76 Safari/537.36"
52.167.144.220 - - [26/Apr/2025:11:59:06 -0400] "GET /wp-content/themes/medibazar/assets/css/fonts/fa-brands-400.woff HTTP/1.1" 200 87688 "-" "Mozilla/5.0 AppleWebKit/537.36 (KHTML, like Gecko; compatible; bingbot/2.0; +http://www.bing.com/bingbot.htm) Chrome/116.0.1938.76 Safari/537.36"
52.167.144.220 - - [26/Apr/2025:11:59:07 -0400] "GET /wp-content/themes/medibazar/assets/css/fonts/fa-brands-400.woff2 HTTP/1.1" 200 74800 "-" "Mozilla/5.0 AppleWebKit/537.36 (KHTML, like Gecko; compatible; bingbot/2.0; +http://www.bing.com/bingbot.htm) Chrome/116.0.1938.76 Safari/537.36"
66.29.132.124 - - [26/Apr/2025:11:59:13 -0400] "POST /wp-cron.php?doing_wp_cron=1745683153.0037479400634765625000 HTTP/1.1" 200 0 "-" "WordPress/6.8; https://aiqaderm.com"
40.77.167.17 - - [26/Apr/2025:11:59:01 -0400] "POST /?wc-ajax=tinvwl HTTP/1.1" 200 559 "-" "Mozilla/5.0 AppleWebKit/537.36 (KHTML, like Gecko; compatible; bingbot/2.0; +http://www.bing.com/bingbot.htm) Chrome/116.0.1938.76 Safari/537.36"
66.29.132.124 - - [26/Apr/2025:11:59:15 -0400] "POST /wp-admin/admin-ajax.php?action=async_litespeed&nonce=MYmfPqdUJdjC6wSapPtKfLkrOddJJpbk&litespeed_type=imgoptm HTTP/1.1" 200 0 "-" "WordPress/6.8; https://aiqaderm.com"
40.77.167.17 - - [26/Apr/2025:11:59:22 -0400] "GET /wp-content/themes/medibazar/assets/css/fonts/CerebriSans-Heavy.ttf HTTP/1.1" 200 98808 "-" "Mozilla/5.0 AppleWebKit/537.36 (KHTML, like Gecko; compatible; bingbot/2.0; +http://www.bing.com/bingbot.htm) Chrome/116.0.1938.76 Safari/537.36"
66.29.132.124 - - [26/Apr/2025:12:03:02 -0400] "POST /wp-cron.php?doing_wp_cron=1745683382.1452970504760742187500 HTTP/1.1" 200 0 "-" "WordPress/6.8; https://aiqaderm.com"
52.167.144.220 - - [26/Apr/2025:12:02:56 -0400] "GET /product/bremiq-acne-serum/804 HTTP/1.1" 301 0 "-" "Mozilla/5.0 AppleWebKit/537.36 (KHTML, like Gecko; compatible; bingbot/2.0; +http://www.bing.com/bingbot.htm) Chrome/116.0.1938.76 Safari/537.36"
66.29.132.124 - - [26/Apr/2025:12:03:04 -0400] "POST /wp-admin/admin-ajax.php?action=async_litespeed&nonce=7Du7u5JdCFMMiOphEz52BKELfvUSe4ne&litespeed_type=imgoptm HTTP/1.1" 200 0 "-" "WordPress/6.8; https://aiqaderm.com"
66.29.132.124 - - [26/Apr/2025:12:05:54 -0400] "POST /wp-cron.php?doing_wp_cron=1745683554.3163359165191650390625 HTTP/1.1" 200 0 "-" "WordPress/6.8; https://aiqaderm.com"
66.29.132.124 - - [26/Apr/2025:12:05:57 -0400] "POST /wp-admin/admin-ajax.php?action=async_litespeed&nonce=ofs2miqHiIs2DQAFdeKxTvd7bWYxXoZU&litespeed_type=imgoptm HTTP/1.1" 200 0 "-" "WordPress/6.8; https://aiqaderm.com"
51.222.253.18 - - [26/Apr/2025:12:05:50 -0400] "GET /home-3/ HTTP/1.1" 500 15031 "-" "Mozilla/5.0 (compatible; AhrefsBot/7.0; +http://ahrefs.com/robot/)"
66.29.132.124 - - [26/Apr/2025:12:07:02 -0400] "POST /wp-cron.php?doing_wp_cron=1745683621.0222179889678955078125 HTTP/1.1" 200 0 "-" "WordPress/6.8; https://aiqaderm.com"
178.20.47.92 - - [26/Apr/2025:12:06:59 -0400] "GET / HTTP/1.1" 500 17505 "-" "Mozilla/5.0 (Macintosh; Intel Mac OS X 10_15_7) AppleWebKit/537.36 (KHTML, like Gecko) Chrome/133.0.0.0 Safari/537.36"
178.20.47.92 - - [26/Apr/2025:12:07:04 -0400] "GET /comments/feed/ HTTP/1.1" 200 1585 "-" "Mozilla/5.0 (Macintosh; Intel Mac OS X 10_15_7) AppleWebKit/537.36 (KHTML, like Gecko) Chrome/133.0.0.0 Safari/537.36"
178.20.47.92 - - [26/Apr/2025:12:07:08 -0400] "GET /2020/09/26/mirage-deep-dive-under-anding-timin-response/ HTTP/1.1" 200 26194 "-" "Mozilla/5.0 (Macintosh; Intel Mac OS X 10_15_7) AppleWebKit/537.36 (KHTML, like Gecko) Chrome/133.0.0.0 Safari/537.36"
37.130.34.82 - - [26/Apr/2025:12:07:13 -0400] "POST /wp-comments-post.php HTTP/1.1" 200 1184 "-" "Mozilla/5.0 (Macintosh; Intel Mac OS X 10_15_7) AppleWebKit/537.36 (KHTML, like Gecko) Chrome/133.0.0.0 Safari/537.36"
37.130.34.82 - - [26/Apr/2025:12:07:17 -0400] "POST /wp-comments-post.php HTTP/1.1" 200 0 "-" "Mozilla/5.0 (Windows NT 10.0; Win64; x64) AppleWebKit/537.36 (KHTML, like Gecko) Chrome/120.0.0.0 Safari/537.36"
178.20.47.92 - - [26/Apr/2025:12:07:20 -0400] "GET /my-account-2/ HTTP/1.1" 200 23321 "-" "Mozilla/5.0 (Macintosh; Intel Mac OS X 10_15_7) AppleWebKit/537.36 (KHTML, like Gecko) Chrome/133.0.0.0 Safari/537.36"
178.20.47.92 - - [26/Apr/2025:12:07:25 -0400] "GET /my-account-2/lost-password/ HTTP/1.1" 200 23671 "-" "Mozilla/5.0 (Macintosh; Intel Mac OS X 10_15_7) AppleWebKit/537.36 (KHTML, like Gecko) Chrome/133.0.0.0 Safari/537.36"
37.130.34.82 - - [26/Apr/2025:12:07:28 -0400] "POST /my-account-2/lost-password/ HTTP/1.1" 200 23666 "-" "Mozilla/5.0 (Macintosh; Intel Mac OS X 10_15_7) AppleWebKit/537.36 (KHTML, like Gecko) Chrome/133.0.0.0 Safari/537.36"
37.130.34.82 - - [26/Apr/2025:12:07:33 -0400] "POST /my-account-2/lost-password/ HTTP/1.1" 200 23621 "-" "Mozilla/5.0 (Windows NT 10.0; Win64; x64) AppleWebKit/537.36 (KHTML, like Gecko) Chrome/120.0.0.0 Safari/537.36"
178.20.47.92 - - [26/Apr/2025:12:07:37 -0400] "GET /product-category/hair-regrowth/ HTTP/1.1" 200 25279 "-" "Mozilla/5.0 (Macintosh; Intel Mac OS X 10_15_7) AppleWebKit/537.36 (KHTML, like Gecko) Chrome/133.0.0.0 Safari/537.36"
178.20.47.92 - - [26/Apr/2025:12:07:38 -0400] "GET /blog/ HTTP/1.1" 200 28410 "-" "Mozilla/5.0 (Macintosh; Intel Mac OS X 10_15_7) AppleWebKit/537.36 (KHTML, like Gecko) Chrome/133.0.0.0 Safari/537.36"
178.20.47.92 - - [26/Apr/2025:12:07:41 -0400] "GET /2022/12/20/mihajlo-zborovskij-rozvitok-cifrovih-tehnologij-v/ HTTP/1.1" 200 25978 "-" "Mozilla/5.0 (Macintosh; Intel Mac OS X 10_15_7) AppleWebKit/537.36 (KHTML, like Gecko) Chrome/133.0.0.0 Safari/537.36"
37.130.34.82 - - [26/Apr/2025:12:07:43 -0400] "POST /wp-comments-post.php HTTP/1.1" 200 1184 "-" "Mozilla/5.0 (Macintosh; Intel Mac OS X 10_15_7) AppleWebKit/537.36 (KHTML, like Gecko) Chrome/133.0.0.0 Safari/537.36"
37.130.34.82 - - [26/Apr/2025:12:07:47 -0400] "POST /wp-comments-post.php HTTP/1.1" 200 0 "-" "Mozilla/5.0 (Windows NT 10.0; Win64; x64) AppleWebKit/537.36 (KHTML, like Gecko) Chrome/120.0.0.0 Safari/537.36"
178.20.47.92 - - [26/Apr/2025:12:07:49 -0400] "GET /2022/12/12/mihail-zborovskij-kosmobet-rol-tehnologij-v/ HTTP/1.1" 200 25954 "-" "Mozilla/5.0 (Macintosh; Intel Mac OS X 10_15_7) AppleWebKit/537.36 (KHTML, like Gecko) Chrome/133.0.0.0 Safari/537.36"
178.20.47.92 - - [26/Apr/2025:12:07:54 -0400] "GET /blog/page/2/ HTTP/1.1" 200 24496 "-" "Mozilla/5.0 (Macintosh; Intel Mac OS X 10_15_7) AppleWebKit/537.36 (KHTML, like Gecko) Chrome/133.0.0.0 Safari/537.36"
178.20.47.92 - - [26/Apr/2025:12:07:56 -0400] "GET /contact-us/ HTTP/1.1" 500 17310 "-" "Mozilla/5.0 (Macintosh; Intel Mac OS X 10_15_7) AppleWebKit/537.36 (KHTML, like Gecko) Chrome/133.0.0.0 Safari/537.36"
66.29.132.124 - - [26/Apr/2025:12:08:42 -0400] "POST /wp-cron.php?doing_wp_cron=1745683721.3982210159301757812500 HTTP/1.1" 200 0 "-" "WordPress/6.8; https://aiqaderm.com"
20.171.207.198 - - [26/Apr/2025:12:08:39 -0400] "GET /wp-json/wp/v2/posts/840 HTTP/1.1" 200 10188 "-" "Mozilla/5.0 AppleWebKit/537.36 (KHTML, like Gecko; compatible; GPTBot/1.2; +https://openai.com/gptbot)"
20.171.207.198 - - [26/Apr/2025:12:08:45 -0400] "GET /?p=840 HTTP/1.1" 301 0 "-" "Mozilla/5.0 AppleWebKit/537.36 (KHTML, like Gecko; compatible; GPTBot/1.2; +https://openai.com/gptbot)"
40.77.189.230 - - [26/Apr/2025:12:15:56 -0400] "POST /?wc-ajax=get_refreshed_fragments HTTP/1.1" 200 0 "https://aiqaderm.com/product/zolti-bar/" "Mozilla/5.0 AppleWebKit/537.36 (KHTML, like Gecko; compatible; bingbot/2.0; +http://www.bing.com/bingbot.htm) Chrome/112.0.0.0 Safari/537.36"
66.29.132.124 - - [26/Apr/2025:12:16:12 -0400] "POST /wp-cron.php?doing_wp_cron=1745684172.6607909202575683593750 HTTP/1.1" 200 0 "-" "WordPress/6.8; https://aiqaderm.com"
66.29.132.124 - - [26/Apr/2025:12:16:14 -0400] "POST /wp-admin/admin-ajax.php?action=async_litespeed&nonce=4q649mHKfKwYn0i2aHpLmAEg9nlJmY8x&litespeed_type=imgoptm HTTP/1.1" 200 0 "-" "WordPress/6.8; https://aiqaderm.com"
66.29.132.124 - - [26/Apr/2025:12:34:17 -0400] "POST /wp-cron.php?doing_wp_cron=1745685257.9069170951843261718750 HTTP/1.1" 200 0 "-" "WordPress/6.8; https://aiqaderm.com"
51.222.253.7 - - [26/Apr/2025:12:34:06 -0400] "GET /home-2/ HTTP/1.1" 500 15031 "-" "Mozilla/5.0 (compatible; AhrefsBot/7.0; +http://ahrefs.com/robot/)"
66.29.132.124 - - [26/Apr/2025:12:34:19 -0400] "POST /wp-admin/admin-ajax.php?action=async_litespeed&nonce=1Px18aQSNrIcDsteEOXGK44xgDKpad8I&litespeed_type=imgoptm HTTP/1.1" 200 0 "-" "WordPress/6.8; https://aiqaderm.com"
66.29.132.124 - - [26/Apr/2025:12:35:31 -0400] "POST /wp-cron.php?doing_wp_cron=1745685329.9971399307250976562500 HTTP/1.1" 200 0 "-" "WordPress/6.8; https://aiqaderm.com"
20.171.207.198 - - [26/Apr/2025:12:35:28 -0400] "GET / HTTP/1.1" 500 15226 "-" "Mozilla/5.0 AppleWebKit/537.36 (KHTML, like Gecko; compatible; GPTBot/1.2; +https://openai.com/gptbot)"
44.193.115.232 - - [26/Apr/2025:12:46:01 -0400] "GET /product/zolti-shampoo/ HTTP/1.1" 200 27239 "-" "Mozilla/5.0 AppleWebKit/537.36 (KHTML, like Gecko; compatible; Amazonbot/0.1; +https://developer.amazon.com/support/amazonbot) Chrome/119.0.6045.214 Safari/537.36"
66.249.74.132 - - [26/Apr/2025:12:59:49 -0400] "GET /robots.txt HTTP/1.1" 200 139 "-" "Mozilla/5.0 (compatible; Googlebot/2.1; +http://www.google.com/bot.html)"
66.249.74.131 - - [26/Apr/2025:12:59:54 -0400] "GET /wp-content/uploads/2020/09/2.jpg HTTP/1.1" 200 194179 "-" "Googlebot-Image/1.0"
66.29.132.124 - - [26/Apr/2025:13:02:21 -0400] "POST /wp-cron.php?doing_wp_cron=1745686941.5851740837097167968750 HTTP/1.1" 200 0 "-" "WordPress/6.8; https://aiqaderm.com"
43.153.71.12 - - [26/Apr/2025:13:02:07 -0400] "GET / HTTP/1.1" 500 17511 "http://aiqaderm.com" "Mozilla/5.0 (iPhone; CPU iPhone OS 13_2_3 like Mac OS X) AppleWebKit/605.1.15 (KHTML, like Gecko) Version/13.0.3 Mobile/15E148 Safari/604.1"
66.29.132.124 - - [26/Apr/2025:13:02:23 -0400] "POST /wp-admin/admin-ajax.php?action=async_litespeed&nonce=9PsJ6a7Lk5TE6XUXLbqhzrhn42IDe005&litespeed_type=imgoptm HTTP/1.1" 200 0 "-" "WordPress/6.8; https://aiqaderm.com"
66.249.74.131 - - [26/Apr/2025:13:05:12 -0400] "GET /wp-content/uploads/2025/01/23.png HTTP/1.1" 200 217311 "-" "Googlebot-Image/1.0"
198.235.24.171 - - [26/Apr/2025:13:10:11 -0400] "GET / HTTP/1.1" 200 0 "http://66.29.132.124:80/" "-"
66.29.132.124 - - [26/Apr/2025:13:10:29 -0400] "POST /wp-cron.php?doing_wp_cron=1745687429.1355168819427490234375 HTTP/1.1" 200 0 "-" "WordPress/6.8; https://aiqaderm.com"
66.29.132.124 - - [26/Apr/2025:13:10:32 -0400] "POST /wp-admin/admin-ajax.php?action=async_litespeed&nonce=RbyLS7Y4HzFl2APv0jpmfM0rwet2dEHm&litespeed_type=imgoptm HTTP/1.1" 200 0 "-" "WordPress/6.8; https://aiqaderm.com"
20.171.207.198 - - [26/Apr/2025:13:12:45 -0400] "GET /wp-comments-post.php HTTP/1.1" 405 0 "-" "Mozilla/5.0 AppleWebKit/537.36 (KHTML, like Gecko; compatible; GPTBot/1.2; +https://openai.com/gptbot)"
66.29.132.124 - - [26/Apr/2025:13:12:54 -0400] "POST /wp-cron.php?doing_wp_cron=1745687574.3877360820770263671875 HTTP/1.1" 200 0 "-" "WordPress/6.8; https://aiqaderm.com"
20.171.207.198 - - [26/Apr/2025:13:12:48 -0400] "GET / HTTP/1.1" 500 15227 "-" "Mozilla/5.0 AppleWebKit/537.36 (KHTML, like Gecko; compatible; GPTBot/1.2; +https://openai.com/gptbot)"
66.29.132.124 - - [26/Apr/2025:13:12:58 -0400] "POST /wp-admin/admin-ajax.php?action=async_litespeed&nonce=d1ToaiQk6GZkGiPOOPeERHB4HkpiI9e5&litespeed_type=imgoptm HTTP/1.1" 200 0 "-" "WordPress/6.8; https://aiqaderm.com"
66.29.132.124 - - [26/Apr/2025:13:15:50 -0400] "POST /wp-cron.php?doing_wp_cron=1745687749.0326650142669677734375 HTTP/1.1" 200 0 "-" "WordPress/6.8; https://aiqaderm.com"
20.171.207.198 - - [26/Apr/2025:13:15:44 -0400] "GET / HTTP/1.1" 500 15227 "-" "Mozilla/5.0 AppleWebKit/537.36 (KHTML, like Gecko; compatible; GPTBot/1.2; +https://openai.com/gptbot)"
66.29.132.124 - - [26/Apr/2025:13:17:53 -0400] "POST /wp-cron.php?doing_wp_cron=1745687872.3368730545043945312500 HTTP/1.1" 200 0 "-" "WordPress/6.8; https://aiqaderm.com"
43.130.9.111 - - [26/Apr/2025:13:17:46 -0400] "GET /contact-us/ HTTP/1.1" 500 17316 "-" "Mozilla/5.0 (iPhone; CPU iPhone OS 13_2_3 like Mac OS X) AppleWebKit/605.1.15 (KHTML, like Gecko) Version/13.0.3 Mobile/15E148 Safari/604.1"
66.29.132.124 - - [26/Apr/2025:13:17:57 -0400] "POST /wp-admin/admin-ajax.php?action=async_litespeed&nonce=7Hupz7syVhthWYizqJSpD9j5rnSYttZ2&litespeed_type=imgoptm HTTP/1.1" 200 0 "-" "WordPress/6.8; https://aiqaderm.com"
43.130.53.252 - - [26/Apr/2025:13:27:28 -0400] "GET /wp-content/plugins/ti-woocommerce-wishlist/assets/fonts/tinvwl-webfont.woff2?ver=xu2uyi HTTP/1.1" 200 4404 "-" "Mozilla/5.0 (iPhone; CPU iPhone OS 13_2_3 like Mac OS X) AppleWebKit/605.1.15 (KHTML, like Gecko) Version/13.0.3 Mobile/15E148 Safari/604.1"
66.29.132.124 - - [26/Apr/2025:13:34:40 -0400] "POST /wp-cron.php?doing_wp_cron=1745688880.8076319694519042968750 HTTP/1.1" 200 0 "-" "WordPress/6.8; https://aiqaderm.com"
51.222.253.8 - - [26/Apr/2025:13:34:24 -0400] "GET /product-category/skin-dullness/?add-to-cart=73 HTTP/1.1" 200 22107 "-" "Mozilla/5.0 (compatible; AhrefsBot/7.0; +http://ahrefs.com/robot/)"
66.29.132.124 - - [26/Apr/2025:13:34:42 -0400] "POST /wp-admin/admin-ajax.php?action=async_litespeed&nonce=qavBguoGrEGwJxzrzd5JqOnWZA8vNSUT&litespeed_type=imgoptm HTTP/1.1" 200 0 "-" "WordPress/6.8; https://aiqaderm.com"
66.29.132.124 - - [26/Apr/2025:13:36:45 -0400] "POST /wp-cron.php?doing_wp_cron=1745689005.1687989234924316406250 HTTP/1.1" 200 0 "-" "WordPress/6.8; https://aiqaderm.com"
66.29.132.124 - - [26/Apr/2025:13:36:47 -0400] "POST /wp-admin/admin-ajax.php?action=async_litespeed&nonce=vWtxFGE0NiosjReRpLLoN6IhoatirHT3&litespeed_type=imgoptm HTTP/1.1" 200 0 "-" "WordPress/6.8; https://aiqaderm.com"
88.214.48.42 - - [26/Apr/2025:13:36:48 -0400] "POST /wp-content/themes/cleaner/wp-config-sample.php HTTP/1.1" 200 67 "-" "Mozilla/5.0 (Macintosh; Intel Mac OS X 10_15_7) AppleWebKit/537.36 (KHTML, like Gecko) Chrome/120.0.0.0 Safari/537.36"
43.157.156.190 - - [26/Apr/2025:13:36:40 -0400] "GET /wp-json/ HTTP/1.1" 200 1048576 "-" "Mozilla/5.0 (iPhone; CPU iPhone OS 13_2_3 like Mac OS X) AppleWebKit/605.1.15 (KHTML, like Gecko) Version/13.0.3 Mobile/15E148 Safari/604.1"
88.214.48.42 - - [26/Apr/2025:13:36:50 -0400] "POST /wp-content/themes/cleaner/wp-config-sample.php HTTP/1.1" 200 41 "-" "Mozilla/5.0 (Macintosh; Intel Mac OS X 10_15_7) AppleWebKit/537.36 (KHTML, like Gecko) Chrome/120.0.0.0 Safari/537.36"
66.29.132.124 - - [26/Apr/2025:13:37:37 -0400] "POST /wp-cron.php?doing_wp_cron=1745689057.0283620357513427734375 HTTP/1.1" 200 0 "-" "WordPress/6.8; https://aiqaderm.com"
66.29.132.124 - - [26/Apr/2025:13:37:38 -0400] "POST /wp-admin/admin-ajax.php?action=async_litespeed&nonce=u9x1g8c60FibJurtpk9EUpFbuo0lnHLu&litespeed_type=imgoptm HTTP/1.1" 200 0 "-" "WordPress/6.8; https://aiqaderm.com"
217.146.83.12 - - [26/Apr/2025:13:37:38 -0400] "POST /xmlrpc.php HTTP/1.1" 200 403 "-" "Mozilla/5.0 (Windows NT 5.1; rv:7.0.1) Gecko/20100101 Firefox/7.0.1"
103.11.100.6 - - [26/Apr/2025:13:37:35 -0400] "POST /xmlrpc.php HTTP/1.1" 200 403 "-" "Mozilla/5.0 (Windows NT 5.1; rv:7.0.1) Gecko/20100101 Firefox/7.0.1"
66.29.132.124 - - [26/Apr/2025:13:37:49 -0400] "POST /wp-cron.php?doing_wp_cron=1745689069.0156810283660888671875 HTTP/1.1" 200 0 "-" "WordPress/6.8; https://aiqaderm.com"
103.195.240.105 - - [26/Apr/2025:13:37:47 -0400] "POST /xmlrpc.php HTTP/1.1" 200 403 "-" "Mozilla/5.0 (Windows NT 10.0; Win64; x64) AppleWebKit/537.36 (KHTML, like Gecko) Chrome/74.0.3729.131 Safari/537.36"
91.134.248.245 - - [26/Apr/2025:13:38:04 -0400] "POST /xmlrpc.php HTTP/1.1" 200 403 "-" "Mozilla/5.0 (Windows NT 10.0; Win64; x64; rv:57.0) Gecko/20100101 Firefox/57.0"
77.94.250.180 - - [26/Apr/2025:13:38:08 -0400] "POST /xmlrpc.php HTTP/1.1" 200 403 "-" "Mozilla/5.0 (Windows NT 10.0; Win64; x64) AppleWebKit/537.36 (KHTML, like Gecko) Chrome/69.0.3497.100 Safari/537.36"
94.152.10.189 - - [26/Apr/2025:13:38:13 -0400] "POST /xmlrpc.php HTTP/1.1" 200 403 "-" "Mozilla/5.0 (Macintosh; Intel Mac OS X 10_10; rv:33.0) Gecko/20100101 Firefox/33.0"
66.29.132.124 - - [26/Apr/2025:13:40:44 -0400] "POST /wp-cron.php?doing_wp_cron=1745689244.9139769077301025390625 HTTP/1.1" 200 0 "-" "WordPress/6.8; https://aiqaderm.com"
43.153.10.83 - - [26/Apr/2025:13:40:40 -0400] "GET / HTTP/1.1" 301 0 "http://www.aiqaderm.com" "Mozilla/5.0 (iPhone; CPU iPhone OS 13_2_3 like Mac OS X) AppleWebKit/605.1.15 (KHTML, like Gecko) Version/13.0.3 Mobile/15E148 Safari/604.1"
66.29.132.124 - - [26/Apr/2025:13:40:48 -0400] "POST /wp-admin/admin-ajax.php?action=async_litespeed&nonce=atEVnflSH3YFAIHXtF6FBGzkIeDicwVu&litespeed_type=imgoptm HTTP/1.1" 200 0 "-" "WordPress/6.8; https://aiqaderm.com"
43.153.10.83 - - [26/Apr/2025:13:40:47 -0400] "GET / HTTP/1.1" 500 17511 "https://www.aiqaderm.com/" "Mozilla/5.0 (iPhone; CPU iPhone OS 13_2_3 like Mac OS X) AppleWebKit/605.1.15 (KHTML, like Gecko) Version/13.0.3 Mobile/15E148 Safari/604.1"
69.171.231.6 - - [26/Apr/2025:13:46:49 -0400] "GET /robots.txt HTTP/1.1" 200 262 "-" "facebookexternalhit/1.1 (+http://www.facebook.com/externalhit_uatext.php)"
66.29.132.124 - - [26/Apr/2025:13:50:38 -0400] "POST /wp-cron.php?doing_wp_cron=1745689837.9396750926971435546875 HTTP/1.1" 200 0 "-" "WordPress/6.8; https://aiqaderm.com"
66.29.132.124 - - [26/Apr/2025:13:50:41 -0400] "POST /wp-admin/admin-ajax.php?action=async_litespeed&nonce=ANNLP4H8M6yslQarR4qy9eQWmfEnDoTX&litespeed_type=imgoptm HTTP/1.1" 200 0 "-" "WordPress/6.8; https://aiqaderm.com"
43.130.39.254 - - [26/Apr/2025:13:50:25 -0400] "GET /wp-json/oembed/1.0/embed?url=https%3A%2F%2Faiqaderm.com%2Fcontact-us%2F HTTP/1.1" 200 2105 "-" "Mozilla/5.0 (iPhone; CPU iPhone OS 13_2_3 like Mac OS X) AppleWebKit/605.1.15 (KHTML, like Gecko) Version/13.0.3 Mobile/15E148 Safari/604.1"
66.29.132.124 - - [26/Apr/2025:13:55:00 -0400] "POST /wp-cron.php?doing_wp_cron=1745690100.0232739448547363281250 HTTP/1.1" 200 0 "-" "WordPress/6.8; https://aiqaderm.com"
66.29.132.124 - - [26/Apr/2025:13:55:03 -0400] "POST /wp-admin/admin-ajax.php?action=async_litespeed&nonce=abAkZ8LIosyhAnCiYHOfNpRbxEZp9Ped&litespeed_type=imgoptm HTTP/1.1" 200 0 "-" "WordPress/6.8; https://aiqaderm.com"
88.214.48.42 - - [26/Apr/2025:13:54:55 -0400] "GET / HTTP/1.1" 500 17511 "-" "Mozilla/5.0 (Macintosh; Intel Mac OS X 10_15_7) AppleWebKit/537.36 (KHTML, like Gecko) Chrome/120.0.0.0 Safari/537.36"
66.29.132.124 - - [26/Apr/2025:13:57:39 -0400] "POST /wp-cron.php?doing_wp_cron=1745690257.6875998973846435546875 HTTP/1.1" 200 0 "-" "WordPress/6.8; https://aiqaderm.com"
43.135.144.81 - - [26/Apr/2025:13:57:32 -0400] "GET /wp-json/oembed/1.0/embed?url=https%3A%2F%2Faiqaderm.com%2Fcontact-us%2F&format=xml HTTP/1.1" 200 1126 "-" "Mozilla/5.0 (iPhone; CPU iPhone OS 13_2_3 like Mac OS X) AppleWebKit/605.1.15 (KHTML, like Gecko) Version/13.0.3 Mobile/15E148 Safari/604.1"
66.29.132.124 - - [26/Apr/2025:14:09:13 -0400] "POST /wp-cron.php?doing_wp_cron=1745690953.6610929965972900390625 HTTP/1.1" 200 0 "-" "WordPress/6.8; https://aiqaderm.com"
66.29.132.124 - - [26/Apr/2025:14:09:14 -0400] "POST /wp-admin/admin-ajax.php?action=async_litespeed&nonce=0uS1RQHH5mC3isDQUerOotxFtNo6BsMf&litespeed_type=imgoptm HTTP/1.1" 200 0 "-" "WordPress/6.8; https://aiqaderm.com"
49.51.50.147 - - [26/Apr/2025:14:09:05 -0400] "GET /wp-json/wp/v2/pages/261 HTTP/1.1" 500 1257 "-" "Mozilla/5.0 (iPhone; CPU iPhone OS 13_2_3 like Mac OS X) AppleWebKit/605.1.15 (KHTML, like Gecko) Version/13.0.3 Mobile/15E148 Safari/604.1"
43.153.73.200 - - [26/Apr/2025:14:18:48 -0400] "GET /?p=261 HTTP/1.1" 301 0 "-" "Mozilla/5.0 (iPhone; CPU iPhone OS 13_2_3 like Mac OS X) AppleWebKit/605.1.15 (KHTML, like Gecko) Version/13.0.3 Mobile/15E148 Safari/604.1"
66.29.132.124 - - [26/Apr/2025:14:19:06 -0400] "POST /wp-cron.php?doing_wp_cron=1745691545.2742829322814941406250 HTTP/1.1" 200 0 "-" "WordPress/6.8; https://aiqaderm.com"
43.153.73.200 - - [26/Apr/2025:14:19:13 -0400] "GET /contact-us/ HTTP/1.1" 500 17310 "https://aiqaderm.com/?p=261" "Mozilla/5.0 (iPhone; CPU iPhone OS 13_2_3 like Mac OS X) AppleWebKit/605.1.15 (KHTML, like Gecko) Version/13.0.3 Mobile/15E148 Safari/604.1"
54.88.84.219 - - [26/Apr/2025:14:19:18 -0400] "GET /product/morwing-tablet/ HTTP/1.1" 200 27869 "-" "Mozilla/5.0 AppleWebKit/537.36 (KHTML, like Gecko; compatible; Amazonbot/0.1; +https://developer.amazon.com/support/amazonbot) Chrome/119.0.6045.214 Safari/537.36"
167.94.138.160 - - [26/Apr/2025:14:24:55 -0400] "GET / HTTP/1.1" 200 813 "-" "Mozilla/5.0 (compatible; CensysInspect/1.1; +https://about.censys.io/)"
167.94.138.160 - - [26/Apr/2025:14:25:03 -0400] "GET /favicon.ico HTTP/1.1" 404 1251 "-" "Mozilla/5.0 (compatible; CensysInspect/1.1; +https://about.censys.io/)"
167.94.138.160 - - [26/Apr/2025:14:26:19 -0400] "GET /favicon.ico HTTP/1.1" 404 1251 "-" "Mozilla/5.0 (compatible; CensysInspect/1.1; +https://about.censys.io/)"
66.29.132.124 - - [26/Apr/2025:14:27:40 -0400] "POST /wp-cron.php?doing_wp_cron=1745692060.3309090137481689453125 HTTP/1.1" 200 0 "-" "WordPress/6.8; https://aiqaderm.com"
114.119.139.167 - - [26/Apr/2025:14:27:28 -0400] "GET /wp-includes__e8253f2/revision.php HTTP/1.1" 404 22430 "https://aiqaderm.com/wp-includes__e8253f2/" "Mozilla/5.0 (Linux; Android 7.0;) AppleWebKit/537.36 (KHTML, like Gecko) Mobile Safari/537.36 (compatible; PetalBot;+https://webmaster.petalsearch.com/site/petalbot)"
66.29.132.124 - - [26/Apr/2025:14:27:42 -0400] "POST /wp-admin/admin-ajax.php?action=async_litespeed&nonce=Fo4oDSHrqeo3rjXtNaju7PSC87XzZ2cz&litespeed_type=imgoptm HTTP/1.1" 200 0 "-" "WordPress/6.8; https://aiqaderm.com"
66.29.132.124 - - [26/Apr/2025:14:28:51 -0400] "POST /wp-cron.php?doing_wp_cron=1745692131.1559228897094726562500 HTTP/1.1" 200 0 "-" "WordPress/6.8; https://aiqaderm.com"
43.167.236.228 - - [26/Apr/2025:14:28:49 -0400] "GET /contact-us/embed/ HTTP/1.1" 200 6984 "-" "Mozilla/5.0 (iPhone; CPU iPhone OS 13_2_3 like Mac OS X) AppleWebKit/605.1.15 (KHTML, like Gecko) Version/13.0.3 Mobile/15E148 Safari/604.1"
66.29.132.124 - - [26/Apr/2025:14:28:53 -0400] "POST /wp-admin/admin-ajax.php?action=async_litespeed&nonce=l3bvX8AIrN4Ak5ss97JGsK9V45UTmDhy&litespeed_type=imgoptm HTTP/1.1" 200 0 "-" "WordPress/6.8; https://aiqaderm.com"
66.29.132.124 - - [26/Apr/2025:14:40:23 -0400] "POST /wp-cron.php?doing_wp_cron=1745692823.0517449378967285156250 HTTP/1.1" 200 0 "-" "WordPress/6.8; https://aiqaderm.com"
78.110.50.106 - - [26/Apr/2025:14:40:07 -0400] "POST /xmlrpc.php HTTP/1.1" 200 403 "-" "Mozilla/5.0 (Windows NT 10.0; Win64; x64; rv:78.0) Gecko/20100101 Firefox/78.0"
