66.29.132.124 - - [27/Apr/2025:07:27:36 -0400] "POST /wp-cron.php?doing_wp_cron=1745753256.5182070732116699218750 HTTP/1.1" 200 0 "-" "WordPress/6.8; https://arsn.media"
66.29.132.124 - - [27/Apr/2025:07:27:37 -0400] "POST /wp-admin/admin-ajax.php?action=async_litespeed&nonce=DpdbQNanYdZKHrm9THhWE6yiAP0XUBbj&litespeed_type=imgoptm HTTP/1.1" 200 0 "-" "WordPress/6.8; https://arsn.media"
51.195.36.135 - - [27/Apr/2025:07:27:34 -0400] "GET /wp-admin/css/css/cache.php HTTP/1.1" 404 566131 "-" "Mozilla/5.0 (Windows NT 10.0; Win64; x64) AppleWebKit/537.36 (KHTML, like Gecko) Chrome/127.0.0.0 Safari/537.36"
51.195.36.135 - - [27/Apr/2025:07:27:41 -0400] "GET /img/img/cache.php HTTP/1.1" 404 565627 "-" "Mozilla/5.0 (Windows NT 10.0; Win64; x64) AppleWebKit/537.36 (KHTML, like Gecko) Chrome/127.0.0.0 Safari/537.36"
51.195.36.135 - - [27/Apr/2025:07:27:44 -0400] "GET /css/css/cache.php HTTP/1.1" 404 565627 "-" "Mozilla/5.0 (Windows NT 10.0; Win64; x64) AppleWebKit/537.36 (KHTML, like Gecko) Chrome/127.0.0.0 Safari/537.36"
51.195.36.135 - - [27/Apr/2025:07:27:47 -0400] "GET /images/images/images/cache.php HTTP/1.1" 404 566355 "-" "Mozilla/5.0 (Windows NT 10.0; Win64; x64) AppleWebKit/537.36 (KHTML, like Gecko) Chrome/127.0.0.0 Safari/537.36"
66.29.132.124 - - [27/Apr/2025:07:30:22 -0400] "POST /wp-cron.php?doing_wp_cron=1745753422.7046599388122558593750 HTTP/1.1" 200 0 "-" "WordPress/6.8; https://arsn.media"
3.145.149.120 - - [27/Apr/2025:07:30:18 -0400] "GET /ppc-management HTTP/1.1" 404 39216 "-" "Mozilla/5.0 AppleWebKit/537.36 (KHTML, like Gecko; compatible; ClaudeBot/1.0; +claudebot@anthropic.com)"
66.29.132.124 - - [27/Apr/2025:07:30:24 -0400] "POST /wp-admin/admin-ajax.php?action=async_litespeed&nonce=mGvLSYOca7eDeOaCeLRl9uAcCOANaiXA&litespeed_type=imgoptm HTTP/1.1" 200 21 "-" "WordPress/6.8; https://arsn.media"
85.208.96.198 - - [27/Apr/2025:07:33:37 -0400] "GET /robots.txt HTTP/1.1" 200 121 "-" "Mozilla/5.0 (compatible; SemrushBot/7~bl; +http://www.semrush.com/bot.html)"
66.29.132.124 - - [27/Apr/2025:07:33:42 -0400] "POST /wp-cron.php?doing_wp_cron=1745753622.8102509975433349609375 HTTP/1.1" 200 0 "-" "WordPress/6.8; https://arsn.media"
66.29.132.124 - - [27/Apr/2025:07:33:43 -0400] "POST /wp-admin/admin-ajax.php?action=async_litespeed&nonce=ahyfTxrP7TxOQ1OuTAzqcOPlkHi9sAQa&litespeed_type=imgoptm HTTP/1.1" 200 0 "-" "WordPress/6.8; https://arsn.media"
185.191.171.17 - - [27/Apr/2025:07:33:38 -0400] "GET /2024/10/17/how-to-analyze-and-improve-your-pest-control-marketing-roi/ HTTP/1.1" 200 73748 "-" "Mozilla/5.0 (compatible; SemrushBot/7~bl; +http://www.semrush.com/bot.html)"
66.29.132.124 - - [27/Apr/2025:07:37:22 -0400] "POST /wp-cron.php?doing_wp_cron=1745753842.6156229972839355468750 HTTP/1.1" 200 0 "-" "WordPress/6.8; https://arsn.media"
43.130.150.80 - - [27/Apr/2025:07:37:19 -0400] "GET / HTTP/1.1" 301 0 "http://www.arsn.media" "Mozilla/5.0 (iPhone; CPU iPhone OS 13_2_3 like Mac OS X) AppleWebKit/605.1.15 (KHTML, like Gecko) Version/13.0.3 Mobile/15E148 Safari/604.1"
66.29.132.124 - - [27/Apr/2025:07:37:23 -0400] "POST /wp-admin/admin-ajax.php?action=async_litespeed&nonce=PBgC0O1IidVjv0WzEEveSPcUgCnbbpgm&litespeed_type=imgoptm HTTP/1.1" 200 21 "-" "WordPress/6.8; https://arsn.media"
43.130.150.80 - - [27/Apr/2025:07:37:23 -0400] "GET / HTTP/1.1" 200 72544 "https://www.arsn.media/" "Mozilla/5.0 (iPhone; CPU iPhone OS 13_2_3 like Mac OS X) AppleWebKit/605.1.15 (KHTML, like Gecko) Version/13.0.3 Mobile/15E148 Safari/604.1"
66.29.132.124 - - [27/Apr/2025:07:39:21 -0400] "POST /wp-cron.php?doing_wp_cron=1745753961.9756290912628173828125 HTTP/1.1" 200 0 "-" "WordPress/6.8; https://arsn.media"
3.140.248.104 - - [27/Apr/2025:07:39:18 -0400] "GET /social-media-marketing HTTP/1.1" 301 0 "-" "Mozilla/5.0 AppleWebKit/537.36 (KHTML, like Gecko; compatible; ClaudeBot/1.0; +claudebot@anthropic.com)"
3.140.248.104 - - [27/Apr/2025:07:39:22 -0400] "GET /social-media-marketing-services/ HTTP/1.1" 200 47591 "https://arsn.media/social-media-marketing" "Mozilla/5.0 AppleWebKit/537.36 (KHTML, like Gecko; compatible; ClaudeBot/1.0; +claudebot@anthropic.com)"
66.29.132.124 - - [27/Apr/2025:07:39:22 -0400] "POST /wp-admin/admin-ajax.php?action=async_litespeed&nonce=ktrFISZrHcngaI6RaeYmKEp3MFLUBLfZ&litespeed_type=imgoptm HTTP/1.1" 200 0 "-" "WordPress/6.8; https://arsn.media"
66.29.132.124 - - [27/Apr/2025:07:39:22 -0400] "POST /wp-admin/admin-ajax.php?action=as_async_request_queue_runner&nonce=5a6adbe56e HTTP/1.1" 200 0 "-" "WordPress/6.8; https://arsn.media"
66.29.132.124 - - [27/Apr/2025:07:47:58 -0400] "POST /wp-cron.php?doing_wp_cron=1745754478.6436669826507568359375 HTTP/1.1" 200 0 "-" "WordPress/6.8; https://arsn.media"
198.54.119.106 - - [27/Apr/2025:07:47:54 -0400] "POST /xmlrpc.php HTTP/1.1" 200 186 "https://arsn.media" "Mozilla/5.0 (Windows NT 11.0; Win64; x64) AppleWebKit/537.36 (KHTML, like Gecko) Chrome/126.0.0.0 Safari/537.36"
66.29.132.124 - - [27/Apr/2025:07:47:59 -0400] "POST /wp-admin/admin-ajax.php?action=async_litespeed&nonce=DDOuGRQgXbkofSHf8gbn3TEMoa3jeL7T&litespeed_type=imgoptm HTTP/1.1" 200 0 "-" "WordPress/6.8; https://arsn.media"
66.29.132.124 - - [27/Apr/2025:07:47:59 -0400] "POST /wp-admin/admin-ajax.php?action=as_async_request_queue_runner&nonce=5a6adbe56e HTTP/1.1" 200 0 "-" "WordPress/6.8; https://arsn.media"
66.29.132.124 - - [27/Apr/2025:07:51:31 -0400] "POST /wp-cron.php?doing_wp_cron=1745754691.6204550266265869140625 HTTP/1.1" 200 0 "-" "WordPress/6.8; https://arsn.media"
43.153.74.75 - - [27/Apr/2025:07:51:28 -0400] "GET /comments/feed/ HTTP/1.1" 200 417 "-" "Mozilla/5.0 (iPhone; CPU iPhone OS 13_2_3 like Mac OS X) AppleWebKit/605.1.15 (KHTML, like Gecko) Version/13.0.3 Mobile/15E148 Safari/604.1"
66.29.132.124 - - [27/Apr/2025:07:51:32 -0400] "POST /wp-admin/admin-ajax.php?action=async_litespeed&nonce=dZUxZ30HZ1OR7d0UDXxlr90fn1NeNGxS&litespeed_type=imgoptm HTTP/1.1" 200 0 "-" "WordPress/6.8; https://arsn.media"
66.29.132.124 - - [27/Apr/2025:07:51:32 -0400] "POST /wp-admin/admin-ajax.php?action=as_async_request_queue_runner&nonce=5a6adbe56e HTTP/1.1" 200 0 "-" "WordPress/6.8; https://arsn.media"
185.191.171.19 - - [27/Apr/2025:07:57:42 -0400] "GET /content-marketing HTTP/1.1" 404 61380 "-" "Mozilla/5.0 (compatible; SemrushBot/7~bl; +http://www.semrush.com/bot.html)"
49.51.183.220 - - [27/Apr/2025:07:57:51 -0400] "GET / HTTP/1.1" 200 72544 "http://arsn.media" "Mozilla/5.0 (iPhone; CPU iPhone OS 13_2_3 like Mac OS X) AppleWebKit/605.1.15 (KHTML, like Gecko) Version/13.0.3 Mobile/15E148 Safari/604.1"
66.29.132.124 - - [27/Apr/2025:08:01:18 -0400] "POST /wp-cron.php?doing_wp_cron=1745755277.9457099437713623046875 HTTP/1.1" 200 0 "-" "WordPress/6.8; https://arsn.media"
170.106.167.214 - - [27/Apr/2025:08:01:11 -0400] "GET /wp-json/ HTTP/1.1" 200 288908 "-" "Mozilla/5.0 (iPhone; CPU iPhone OS 13_2_3 like Mac OS X) AppleWebKit/605.1.15 (KHTML, like Gecko) Version/13.0.3 Mobile/15E148 Safari/604.1"
66.29.132.124 - - [27/Apr/2025:08:01:18 -0400] "POST /wp-admin/admin-ajax.php?action=async_litespeed&nonce=r3c3DsYdLPxceZISmIXJzNRSuLtTyW89&litespeed_type=imgoptm HTTP/1.1" 200 0 "-" "WordPress/6.8; https://arsn.media"
66.29.132.124 - - [27/Apr/2025:08:01:19 -0400] "POST /wp-admin/admin-ajax.php?action=as_async_request_queue_runner&nonce=db6c3e20c5 HTTP/1.1" 200 0 "-" "WordPress/6.8; https://arsn.media"
43.225.189.111 - - [27/Apr/2025:08:01:34 -0400] "GET /contacts/ HTTP/1.1" 200 40532 "-" "Mozilla/5.0 (Macintosh; Intel Mac OS X 12.5; rv:114.0) Gecko/20100101 Firefox/114.0"
43.225.189.111 - - [27/Apr/2025:08:01:35 -0400] "GET /wp-content/plugins/contact-form-7/includes/js/index.js?ver=6.0.6 HTTP/1.1" 200 4008 "-" "Mozilla/5.0 (Macintosh; Intel Mac OS X 12.5; rv:114.0) Gecko/20100101 Firefox/114.0"
66.29.132.124 - - [27/Apr/2025:08:01:44 -0400] "POST /wp-cron.php?doing_wp_cron=1745755304.0177619457244873046875 HTTP/1.1" 200 0 "-" "WordPress/6.8; https://arsn.media"
66.29.132.124 - - [27/Apr/2025:08:01:44 -0400] "POST /wp-admin/admin-ajax.php?action=async_litespeed&nonce=OI4U098oduJikxeKLEi2wyOaMtgsRqJi&litespeed_type=imgoptm HTTP/1.1" 200 21 "-" "WordPress/6.8; https://arsn.media"
43.225.189.111 - - [27/Apr/2025:08:01:43 -0400] "POST /wp-admin/admin-ajax.php HTTP/1.1" 200 79 "https://arsn.media/contacts/" "Mozilla/5.0 (Macintosh; Intel Mac OS X 12.5; rv:114.0) Gecko/20100101 Firefox/114.0"
57.141.4.22 - - [27/Apr/2025:08:03:54 -0400] "GET /about-company/ HTTP/1.1" 200 608510 "-" "meta-externalagent/1.1 (+https://developers.facebook.com/docs/sharing/webmasters/crawler)"
66.29.132.124 - - [27/Apr/2025:08:06:48 -0400] "POST /wp-cron.php?doing_wp_cron=1745755608.3070859909057617187500 HTTP/1.1" 200 0 "-" "WordPress/6.8; https://arsn.media"
85.208.96.193 - - [27/Apr/2025:08:06:42 -0400] "GET /wp-admin/admin-ajax.php?action=process_simple_like&disabled=true&is_comment=0&nonce=4101ae8edc&post_id=12770 HTTP/1.1" 200 33 "-" "Mozilla/5.0 (compatible; SemrushBot/7~bl; +http://www.semrush.com/bot.html)"
66.29.132.124 - - [27/Apr/2025:08:06:48 -0400] "POST /wp-admin/admin-ajax.php?action=as_async_request_queue_runner&nonce=db6c3e20c5 HTTP/1.1" 200 0 "-" "WordPress/6.8; https://arsn.media"
66.29.132.124 - - [27/Apr/2025:08:06:49 -0400] "POST /wp-admin/admin-ajax.php?action=async_litespeed&nonce=jz6hj1HFkuRqahLWeaHQSYmzhAdUsUay&litespeed_type=imgoptm HTTP/1.1" 200 21 "-" "WordPress/6.8; https://arsn.media"
66.29.132.124 - - [27/Apr/2025:08:14:13 -0400] "POST /wp-cron.php?doing_wp_cron=1745756053.1915540695190429687500 HTTP/1.1" 200 0 "-" "WordPress/6.8; https://arsn.media"
66.29.132.124 - - [27/Apr/2025:08:14:13 -0400] "POST /wp-admin/admin-ajax.php?action=async_litespeed&nonce=yIw2B8d4Hzq0yc5wf2O8qHEuPcvN6rWR&litespeed_type=imgoptm HTTP/1.1" 200 21 "-" "WordPress/6.8; https://arsn.media"
43.159.140.236 - - [27/Apr/2025:08:14:10 -0400] "GET /wp-json/wp/v2/pages/7953 HTTP/1.1" 200 94743 "-" "Mozilla/5.0 (iPhone; CPU iPhone OS 13_2_3 like Mac OS X) AppleWebKit/605.1.15 (KHTML, like Gecko) Version/13.0.3 Mobile/15E148 Safari/604.1"
40.77.167.14 - - [27/Apr/2025:08:17:55 -0400] "GET /nc_assets/img/logos/namecheap-hd.png HTTP/1.1" 200 10161 "-" "Mozilla/5.0 AppleWebKit/537.36 (KHTML, like Gecko; compatible; bingbot/2.0; +http://www.bing.com/bingbot.htm) Chrome/116.0.1938.76 Safari/537.36"
43.153.123.3 - - [27/Apr/2025:08:22:43 -0400] "GET /limo-company-seo/ HTTP/1.1" 200 84208 "-" "Mozilla/5.0 (iPhone; CPU iPhone OS 13_2_3 like Mac OS X) AppleWebKit/605.1.15 (KHTML, like Gecko) Version/13.0.3 Mobile/15E148 Safari/604.1"
173.252.95.28 - - [27/Apr/2025:08:25:32 -0400] "GET / HTTP/1.1" 200 639584 "-" "facebookexternalhit/1.1 (+http://www.facebook.com/externalhit_uatext.php)"
134.209.170.190 - - [27/Apr/2025:08:28:28 -0400] "GET /wp-login.php HTTP/1.1" 200 2132 "-" "Mozilla/5.0"
66.29.132.124 - - [27/Apr/2025:08:28:33 -0400] "POST /wp-cron.php?doing_wp_cron=1745756913.4867579936981201171875 HTTP/1.1" 200 0 "-" "WordPress/6.8; https://arsn.media"
134.209.170.190 - - [27/Apr/2025:08:28:28 -0400] "POST /wp-login.php HTTP/1.1" 200 2247 "-" "Mozilla/5.0"
66.29.132.124 - - [27/Apr/2025:08:28:33 -0400] "POST /wp-admin/admin-ajax.php?action=async_litespeed&nonce=btd39JjVMzRvGJOb9wcAf6IukJ2qQqal&litespeed_type=imgoptm HTTP/1.1" 200 21 "-" "WordPress/6.8; https://arsn.media"
66.29.132.124 - - [27/Apr/2025:08:28:34 -0400] "POST /wp-admin/admin-ajax.php?action=as_async_request_queue_runner&nonce=db6c3e20c5 HTTP/1.1" 200 0 "-" "WordPress/6.8; https://arsn.media"
134.209.170.190 - - [27/Apr/2025:08:28:33 -0400] "GET /wp-admin/ HTTP/1.1" 302 0 "-" "Mozilla/5.0"
66.29.132.124 - - [27/Apr/2025:08:28:35 -0400] "POST /wp-cron.php?doing_wp_cron=1745756915.7229900360107421875000 HTTP/1.1" 200 0 "-" "WordPress/6.8; https://arsn.media"
134.209.170.190 - - [27/Apr/2025:08:28:35 -0400] "GET /wp-login.php?redirect_to=https%3A%2F%2Farsn.media%2Fwp-admin%2F&reauth=1 HTTP/1.1" 200 2131 "-" "Mozilla/5.0"
66.29.132.124 - - [27/Apr/2025:08:28:35 -0400] "POST /wp-admin/admin-ajax.php?action=async_litespeed&nonce=xdIoTwL0pKdTKo2x1jdlATmwmTw8EOEx&litespeed_type=imgoptm HTTP/1.1" 200 21 "-" "WordPress/6.8; https://arsn.media"
66.29.132.124 - - [27/Apr/2025:08:31:39 -0400] "POST /wp-cron.php?doing_wp_cron=1745757099.6998760700225830078125 HTTP/1.1" 200 0 "-" "WordPress/6.8; https://arsn.media"
66.29.132.124 - - [27/Apr/2025:08:31:40 -0400] "POST /wp-admin/admin-ajax.php?action=async_litespeed&nonce=qRqnsaTgKhpFOGREfDrGfIzWZ7ztdakV&litespeed_type=imgoptm HTTP/1.1" 200 21 "-" "WordPress/6.8; https://arsn.media"
49.51.50.147 - - [27/Apr/2025:08:31:34 -0400] "GET /affordable-youtube-seo-agency/ HTTP/1.1" 200 71185 "-" "Mozilla/5.0 (iPhone; CPU iPhone OS 13_2_3 like Mac OS X) AppleWebKit/605.1.15 (KHTML, like Gecko) Version/13.0.3 Mobile/15E148 Safari/604.1"
177.228.77.242 - - [27/Apr/2025:08:32:49 -0400] "GET / HTTP/1.1" 200 72353 "-" "Google"
43.157.201.184 - - [27/Apr/2025:08:40:07 -0400] "GET / HTTP/1.1" 200 72544 "-" "Mozilla/5.0 (iPhone; CPU iPhone OS 13_2_3 like Mac OS X) AppleWebKit/605.1.15 (KHTML, like Gecko) Version/13.0.3 Mobile/15E148 Safari/604.1"
66.29.132.124 - - [27/Apr/2025:08:40:28 -0400] "POST /wp-cron.php?doing_wp_cron=1745757628.0045011043548583984375 HTTP/1.1" 200 0 "-" "WordPress/6.8; https://arsn.media"
162.213.255.38 - - [27/Apr/2025:08:40:20 -0400] "POST /xmlrpc.php HTTP/1.1" 200 212 "https://arsn.media" "Mozilla/5.0 (Windows NT 10.0; Win64; x64) AppleWebKit/537.36 (KHTML, like Gecko) Chrome/116.0.5845.96 Safari/537.36 Edg/116.0.1938.62"
66.29.132.124 - - [27/Apr/2025:08:40:28 -0400] "POST /wp-admin/admin-ajax.php?action=async_litespeed&nonce=Vqc7L1gYMMm01rXeMjo14bzDHMzV3DRi&litespeed_type=imgoptm HTTP/1.1" 200 0 "-" "WordPress/6.8; https://arsn.media"
66.29.132.124 - - [27/Apr/2025:08:41:32 -0400] "POST /wp-cron.php?doing_wp_cron=1745757692.6790430545806884765625 HTTP/1.1" 200 0 "-" "WordPress/6.8; https://arsn.media"
134.209.170.190 - - [27/Apr/2025:08:41:32 -0400] "POST /xmlrpc.php HTTP/1.1" 200 687 "-" "Python-xmlrpc/3.13"
134.209.170.190 - - [27/Apr/2025:08:41:32 -0400] "POST /xmlrpc.php HTTP/1.1" 200 212 "-" "Python-xmlrpc/3.13"
66.29.132.124 - - [27/Apr/2025:08:41:32 -0400] "POST /wp-admin/admin-ajax.php?action=async_litespeed&nonce=YH0e7qcW5g6lUmqMRfX8w5H6rEUFndk3&litespeed_type=imgoptm HTTP/1.1" 200 0 "-" "WordPress/6.8; https://arsn.media"
66.29.132.124 - - [27/Apr/2025:08:41:33 -0400] "POST /wp-admin/admin-ajax.php?action=as_async_request_queue_runner&nonce=db6c3e20c5 HTTP/1.1" 200 0 "-" "WordPress/6.8; https://arsn.media"
1.92.196.252 - - [27/Apr/2025:08:43:55 -0400] "GET /?utm_medium=referral&utm_source=themanifest.com HTTP/1.1" 200 48662 "https://arsn.media/?utm_medium=referral&utm_source=themanifest.com" "Mozilla/5.0 (Windows NT 10.0; Win64; x64) AppleWebKit/537.36 (KHTML, like Gecko) Chrome/107.0.0.0 Safari/537.36"
196.251.87.240 - - [27/Apr/2025:08:50:54 -0400] "GET / HTTP/1.1" 200 639584 "-" "Mozlila/5.0 (Linux; Android 7.0; SM-G892A Bulid/NRD90M; wv) AppleWebKit/537.36 (KHTML, like Gecko) Version/4.0 Chrome/60.0.3112.107 Moblie Safari/537.36"
66.29.132.124 - - [27/Apr/2025:08:50:58 -0400] "POST /wp-cron.php?doing_wp_cron=1745758258.3894770145416259765625 HTTP/1.1" 200 0 "-" "WordPress/6.8; https://arsn.media"
66.29.132.124 - - [27/Apr/2025:08:50:58 -0400] "POST /wp-cron.php?doing_wp_cron=1745758258.3895430564880371093750 HTTP/1.1" 200 0 "-" "WordPress/6.8; https://arsn.media"
66.29.132.124 - - [27/Apr/2025:08:50:58 -0400] "POST /wp-cron.php?doing_wp_cron=1745758258.3895020484924316406250 HTTP/1.1" 200 0 "-" "WordPress/6.8; https://arsn.media"
66.29.132.124 - - [27/Apr/2025:08:50:58 -0400] "POST /wp-cron.php?doing_wp_cron=1745758258.3894960880279541015625 HTTP/1.1" 200 0 "-" "WordPress/6.8; https://arsn.media"
66.29.132.124 - - [27/Apr/2025:08:50:58 -0400] "POST /wp-cron.php?doing_wp_cron=1745758258.3894829750061035156250 HTTP/1.1" 200 0 "-" "WordPress/6.8; https://arsn.media"
196.251.87.240 - - [27/Apr/2025:08:50:54 -0400] "POST /ALFA_DATA/alfacgiapi/perl.alfa HTTP/1.1" 404 566326 "www.google.com" "Mozlila/5.0 (Linux; Android 7.0; SM-G892A Bulid/NRD90M; wv) AppleWebKit/537.36 (KHTML, like Gecko) Version/4.0 Chrome/60.0.3112.107 Moblie Safari/537.36"
196.251.87.240 - - [27/Apr/2025:08:50:54 -0400] "POST /wp-plain.php HTTP/1.1" 404 565295 "www.google.com" "Mozilla/5.0 (Linux; Android 7.0; SM-G892A Bulid/NRD90M; wv) AppleWebKit/537.36 (KHTML, like Gecko) Version/4.0 Chrome/60.0.3112.107 Moblie Safari/537.36"
196.251.87.240 - - [27/Apr/2025:08:50:55 -0400] "GET /wp-content/plugins/apikey/apikey.php?test=hello HTTP/1.1" 404 567307 "-" "Mozlila/5.0 (Linux; Android 7.0; SM-G892A Bulid/NRD90M; wv) AppleWebKit/537.36 (KHTML, like Gecko) Version/4.0 Chrome/60.0.3112.107 Moblie Safari/537.36"
196.251.87.240 - - [27/Apr/2025:08:50:54 -0400] "GET /wp-content/plugins/fix/up.php HTTP/1.1" 404 566299 "-" "Mozilla/5.0 (Windows NT 10.0; Win64; x64) AppleWebKit/537.36 (KHTML, like Gecko) Chrome/85.0.4183.102 Safari/537.36"
196.251.87.240 - - [27/Apr/2025:08:50:54 -0400] "GET /wp-content/themes/seotheme/db.php?u HTTP/1.1" 404 566681 "www.google.com" "Mozlila/5.0 (Linux; Android 7.0; SM-G892A Bulid/NRD90M; wv) AppleWebKit/537.36 (KHTML, like Gecko) Version/4.0 Chrome/60.0.3112.107 Moblie Safari/537.36"
66.29.132.124 - - [27/Apr/2025:08:50:58 -0400] "POST /wp-admin/admin-ajax.php?action=async_litespeed&nonce=BRUZUaBhYHSLPEIqR9X0Lq1Aq5W8R4cE&litespeed_type=imgoptm HTTP/1.1" 200 0 "-" "WordPress/6.8; https://arsn.media"
66.29.132.124 - - [27/Apr/2025:08:50:59 -0400] "POST /wp-admin/admin-ajax.php?action=as_async_request_queue_runner&nonce=db6c3e20c5 HTTP/1.1" 200 0 "-" "WordPress/6.8; https://arsn.media"
196.251.87.240 - - [27/Apr/2025:08:51:00 -0400] "GET /wp-content/themes/seotheme/db.php?u HTTP/1.1" 404 566681 "www.google.com" "Mozlila/5.0 (Linux; Android 7.0; SM-G892A Bulid/NRD90M; wv) AppleWebKit/537.36 (KHTML, like Gecko) Version/4.0 Chrome/60.0.3112.107 Moblie Safari/537.36"
196.251.87.240 - - [27/Apr/2025:08:51:00 -0400] "GET /ksnewobn.php?Fox=d3wL7 HTTP/1.1" 404 565923 "www.google.com" "Mozilla/5.0 (Linux; Android 7.0; SM-G892A Bulid/NRD90M; wv) AppleWebKit/537.36 (KHTML, like Gecko) Version/4.0 Chrome/60.0.3112.107 Moblie Safari/537.36"
196.251.87.240 - - [27/Apr/2025:08:51:00 -0400] "POST /alfacgiapi/perl.alfa HTTP/1.1" 404 565755 "www.google.com" "Mozlila/5.0 (Linux; Android 7.0; SM-G892A Bulid/NRD90M; wv) AppleWebKit/537.36 (KHTML, like Gecko) Version/4.0 Chrome/60.0.3112.107 Moblie Safari/537.36"
196.251.87.240 - - [27/Apr/2025:08:51:00 -0400] "GET /plugins/content/apismtp/apismtp.php?test=hello HTTP/1.1" 404 567251 "-" "Mozlila/5.0 (Linux; Android 7.0; SM-G892A Bulid/NRD90M; wv) AppleWebKit/537.36 (KHTML, like Gecko) Version/4.0 Chrome/60.0.3112.107 Moblie Safari/537.36"
196.251.87.240 - - [27/Apr/2025:08:51:01 -0400] "GET /wp-content/plugins/apikey/apikey.php.suspected?test=hello HTTP/1.1" 404 567867 "-" "Mozlila/5.0 (Linux; Android 7.0; SM-G892A Bulid/NRD90M; wv) AppleWebKit/537.36 (KHTML, like Gecko) Version/4.0 Chrome/60.0.3112.107 Moblie Safari/537.36"
196.251.87.240 - - [27/Apr/2025:08:51:03 -0400] "GET /plugins/content/apismtp/apismtp.php.suspected?test=hello HTTP/1.1" 404 567811 "-" "Mozlila/5.0 (Linux; Android 7.0; SM-G892A Bulid/NRD90M; wv) AppleWebKit/537.36 (KHTML, like Gecko) Version/4.0 Chrome/60.0.3112.107 Moblie Safari/537.36"
173.244.42.173 - - [27/Apr/2025:08:53:20 -0400] "GET / HTTP/1.1" 200 72353 "-" "Mozilla/5.0 (Windows; U; Windows NT 6.1; en-US; rv:1.9.1.5) Gecko/20091102 Firefox/3.5.5 (.NET CLR 3.5.30729)"
66.29.132.124 - - [27/Apr/2025:09:01:39 -0400] "POST /wp-cron.php?doing_wp_cron=1745758899.4135029315948486328125 HTTP/1.1" 200 0 "-" "WordPress/6.8; https://arsn.media"
101.33.66.34 - - [27/Apr/2025:09:01:33 -0400] "GET /?p=10025 HTTP/1.1" 301 0 "-" "Mozilla/5.0 (iPhone; CPU iPhone OS 13_2_3 like Mac OS X) AppleWebKit/605.1.15 (KHTML, like Gecko) Version/13.0.3 Mobile/15E148 Safari/604.1"
66.29.132.124 - - [27/Apr/2025:09:01:39 -0400] "POST /wp-admin/admin-ajax.php?action=async_litespeed&nonce=Z8nxKnKUCz8h41oKtxAUPD9etkjRFv8N&litespeed_type=imgoptm HTTP/1.1" 200 0 "-" "WordPress/6.8; https://arsn.media"
66.29.132.124 - - [27/Apr/2025:09:01:40 -0400] "POST /wp-admin/admin-ajax.php?action=as_async_request_queue_runner&nonce=db6c3e20c5 HTTP/1.1" 200 0 "-" "WordPress/6.8; https://arsn.media"
101.33.66.34 - - [27/Apr/2025:09:01:42 -0400] "GET /limo-company-seo/ HTTP/1.1" 200 84208 "https://arsn.media/?p=10025" "Mozilla/5.0 (iPhone; CPU iPhone OS 13_2_3 like Mac OS X) AppleWebKit/605.1.15 (KHTML, like Gecko) Version/13.0.3 Mobile/15E148 Safari/604.1"
20.161.75.222 - - [27/Apr/2025:09:11:09 -0400] "GET /robots.txt HTTP/1.1" 200 105 "-" "Mozilla/5.0 AppleWebKit/537.36 (KHTML, like Gecko); compatible; ChatGPT-User/1.0; +https://openai.com/bot"
66.29.132.124 - - [27/Apr/2025:09:11:18 -0400] "POST /wp-cron.php?doing_wp_cron=1745759478.9323730468750000000000 HTTP/1.1" 200 0 "-" "WordPress/6.8; https://arsn.media"
66.29.132.124 - - [27/Apr/2025:09:11:18 -0400] "POST /wp-cron.php?doing_wp_cron=1745759478.9303739070892333984375 HTTP/1.1" 200 0 "-" "WordPress/6.8; https://arsn.media"
20.161.75.222 - - [27/Apr/2025:09:11:09 -0400] "GET /2024/10/07/effective-digital-marketing-strategies-for-pest-control-companies/ HTTP/1.1" 200 0 "-" "Mozilla/5.0 AppleWebKit/537.36 (KHTML, like Gecko); compatible; ChatGPT-User/1.0; +https://openai.com/bot"
43.135.130.202 - - [27/Apr/2025:09:11:15 -0400] "GET /wp-json/oembed/1.0/embed?url=https%3A%2F%2Farsn.media%2Flimo-company-seo%2F HTTP/1.1" 200 2506 "-" "Mozilla/5.0 (iPhone; CPU iPhone OS 13_2_3 like Mac OS X) AppleWebKit/605.1.15 (KHTML, like Gecko) Version/13.0.3 Mobile/15E148 Safari/604.1"
66.29.132.124 - - [27/Apr/2025:09:11:20 -0400] "POST /wp-admin/admin-ajax.php?action=async_litespeed&nonce=Ry8HvmfVVvOgFM0BzhSW871YOgJyfF8F&litespeed_type=imgoptm HTTP/1.1" 200 0 "-" "WordPress/6.8; https://arsn.media"
124.236.100.56 - - [27/Apr/2025:09:15:57 -0400] "GET / HTTP/1.1" 200 72353 "-" "Mozilla/5.0 (Macintosh; Intel Mac OS X 10_10; rv:33.0) Gecko/20100101 Firefox/33.0"
43.166.226.186 - - [27/Apr/2025:09:21:37 -0400] "GET /limo-company-seo/ HTTP/1.1" 200 84208 "-" "Mozilla/5.0 (iPhone; CPU iPhone OS 13_2_3 like Mac OS X) AppleWebKit/605.1.15 (KHTML, like Gecko) Version/13.0.3 Mobile/15E148 Safari/604.1"
66.29.132.124 - - [27/Apr/2025:09:23:38 -0400] "POST /wp-cron.php?doing_wp_cron=1745760218.0758690834045410156250 HTTP/1.1" 200 0 "-" "WordPress/6.8; https://arsn.media"
66.29.132.124 - - [27/Apr/2025:09:23:38 -0400] "POST /wp-admin/admin-ajax.php?action=async_litespeed&nonce=nrvWA95yJZosB2lzqXF9P7jcnfUNjioC&litespeed_type=imgoptm HTTP/1.1" 200 0 "-" "WordPress/6.8; https://arsn.media"
39.48.49.64 - - [27/Apr/2025:09:23:31 -0400] "GET /personal-portfolio/ HTTP/1.1" 200 52338 "-" "Mozilla/5.0 (Linux; Android 10; K) AppleWebKit/537.36 (KHTML, like Gecko) Chrome/135.0.0.0 Mobile Safari/537.36"
66.29.132.124 - - [27/Apr/2025:09:23:39 -0400] "POST /wp-admin/admin-ajax.php?action=as_async_request_queue_runner&nonce=db6c3e20c5 HTTP/1.1" 200 0 "-" "WordPress/6.8; https://arsn.media"
39.48.49.64 - - [27/Apr/2025:09:23:41 -0400] "GET /wp-content/plugins/contact-form-7/includes/css/styles.css?ver=6.0.6 HTTP/1.1" 200 890 "https://arsn.media/personal-portfolio/" "Mozilla/5.0 (Linux; Android 10; K) AppleWebKit/537.36 (KHTML, like Gecko) Chrome/135.0.0.0 Mobile Safari/537.36"
39.48.49.64 - - [27/Apr/2025:09:23:41 -0400] "GET /wp-content/uploads/elementor/google-fonts/css/dmsans.css?ver=1742288945 HTTP/1.1" 200 496 "https://arsn.media/personal-portfolio/" "Mozilla/5.0 (Linux; Android 10; K) AppleWebKit/537.36 (KHTML, like Gecko) Chrome/135.0.0.0 Mobile Safari/537.36"
39.48.49.64 - - [27/Apr/2025:09:23:41 -0400] "GET /wp-content/plugins/primary-addon-for-elementor/assets/css/magnific-popup.min.css?ver=1.0 HTTP/1.1" 200 1432 "https://arsn.media/personal-portfolio/" "Mozilla/5.0 (Linux; Android 10; K) AppleWebKit/537.36 (KHTML, like Gecko) Chrome/135.0.0.0 Mobile Safari/537.36"
39.48.49.64 - - [27/Apr/2025:09:23:42 -0400] "GET /wp-content/themes/onum/css/font-awesome.css?ver=6.8 HTTP/1.1" 200 12196 "https://arsn.media/personal-portfolio/" "Mozilla/5.0 (Linux; Android 10; K) AppleWebKit/537.36 (KHTML, like Gecko) Chrome/135.0.0.0 Mobile Safari/537.36"
39.48.49.64 - - [27/Apr/2025:09:23:42 -0400] "GET /wp-content/plugins/primary-addon-for-elementor/assets/css/niche-frame.css?ver=1.2 HTTP/1.1" 200 1009 "https://arsn.media/personal-portfolio/" "Mozilla/5.0 (Linux; Android 10; K) AppleWebKit/537.36 (KHTML, like Gecko) Chrome/135.0.0.0 Mobile Safari/537.36"
39.48.49.64 - - [27/Apr/2025:09:23:42 -0400] "GET /wp-content/themes/onum/css/slick-theme.css?ver=6.8 HTTP/1.1" 200 592 "https://arsn.media/personal-portfolio/" "Mozilla/5.0 (Linux; Android 10; K) AppleWebKit/537.36 (KHTML, like Gecko) Chrome/135.0.0.0 Mobile Safari/537.36"
39.48.49.64 - - [27/Apr/2025:09:23:42 -0400] "GET /wp-content/themes/onum/css/slick.css?ver=6.8 HTTP/1.1" 200 487 "https://arsn.media/personal-portfolio/" "Mozilla/5.0 (Linux; Android 10; K) AppleWebKit/537.36 (KHTML, like Gecko) Chrome/135.0.0.0 Mobile Safari/537.36"
39.48.49.64 - - [27/Apr/2025:09:23:42 -0400] "GET /wp-content/plugins/elementor/assets/lib/eicons/css/elementor-icons.min.css?ver=5.36.0 HTTP/1.1" 200 3845 "https://arsn.media/personal-portfolio/" "Mozilla/5.0 (Linux; Android 10; K) AppleWebKit/537.36 (KHTML, like Gecko) Chrome/135.0.0.0 Mobile Safari/537.36"
39.48.49.64 - - [27/Apr/2025:09:23:42 -0400] "GET /wp-content/themes/onum/inc/backend/css/simple-likes-public.css?ver=6.8 HTTP/1.1" 200 653 "https://arsn.media/personal-portfolio/" "Mozilla/5.0 (Linux; Android 10; K) AppleWebKit/537.36 (KHTML, like Gecko) Chrome/135.0.0.0 Mobile Safari/537.36"
39.48.49.64 - - [27/Apr/2025:09:23:42 -0400] "GET /wp-content/themes/onum/style.css?ver=6.8 HTTP/1.1" 200 27645 "https://arsn.media/personal-portfolio/" "Mozilla/5.0 (Linux; Android 10; K) AppleWebKit/537.36 (KHTML, like Gecko) Chrome/135.0.0.0 Mobile Safari/537.36"
39.48.49.64 - - [27/Apr/2025:09:23:42 -0400] "GET /wp-content/plugins/elementskit-lite/widgets/init/assets/css/responsive.css?ver=3.5.0 HTTP/1.1" 200 2859 "https://arsn.media/personal-portfolio/" "Mozilla/5.0 (Linux; Android 10; K) AppleWebKit/537.36 (KHTML, like Gecko) Chrome/135.0.0.0 Mobile Safari/537.36"
39.48.49.64 - - [27/Apr/2025:09:23:42 -0400] "GET /wp-content/plugins/slider-video/Style/richwebicons.css?ver=6.8 HTTP/1.1" 200 6462 "https://arsn.media/personal-portfolio/" "Mozilla/5.0 (Linux; Android 10; K) AppleWebKit/537.36 (KHTML, like Gecko) Chrome/135.0.0.0 Mobile Safari/537.36"
39.48.49.64 - - [27/Apr/2025:09:23:42 -0400] "GET /wp-content/plugins/slider-video/Style/Rich-Web-Video-Slider-Widget.css?ver=6.8 HTTP/1.1" 200 417 "https://arsn.media/personal-portfolio/" "Mozilla/5.0 (Linux; Android 10; K) AppleWebKit/537.36 (KHTML, like Gecko) Chrome/135.0.0.0 Mobile Safari/537.36"
39.48.49.64 - - [27/Apr/2025:09:23:42 -0400] "GET /wp-content/plugins/widget-google-reviews/assets/css/public-main.css?ver=5.7.1 HTTP/1.1" 200 3520 "https://arsn.media/personal-portfolio/" "Mozilla/5.0 (Linux; Android 10; K) AppleWebKit/537.36 (KHTML, like Gecko) Chrome/135.0.0.0 Mobile Safari/537.36"
39.48.49.64 - - [27/Apr/2025:09:23:42 -0400] "GET /wp-content/plugins/elementor/assets/lib/font-awesome/css/font-awesome.min.css?ver=4.7.0 HTTP/1.1" 304 0 "https://arsn.media/personal-portfolio/" "Mozilla/5.0 (Linux; Android 10; K) AppleWebKit/537.36 (KHTML, like Gecko) Chrome/135.0.0.0 Mobile Safari/537.36"
39.48.49.64 - - [27/Apr/2025:09:23:42 -0400] "GET /wp-content/plugins/primary-addon-for-elementor/assets/css/themify-icons.min.css?ver=1.0.0 HTTP/1.1" 200 2620 "https://arsn.media/personal-portfolio/" "Mozilla/5.0 (Linux; Android 10; K) AppleWebKit/537.36 (KHTML, like Gecko) Chrome/135.0.0.0 Mobile Safari/537.36"
39.48.49.64 - - [27/Apr/2025:09:23:42 -0400] "GET /wp-content/plugins/primary-addon-for-elementor/assets/css/linea.min.css?ver=1.0.0 HTTP/1.1" 200 5115 "https://arsn.media/personal-portfolio/" "Mozilla/5.0 (Linux; Android 10; K) AppleWebKit/537.36 (KHTML, like Gecko) Chrome/135.0.0.0 Mobile Safari/537.36"
39.48.49.64 - - [27/Apr/2025:09:23:42 -0400] "GET /wp-content/themes/onum/css/flaticon.css?ver=6.8 HTTP/1.1" 200 1042 "https://arsn.media/personal-portfolio/" "Mozilla/5.0 (Linux; Android 10; K) AppleWebKit/537.36 (KHTML, like Gecko) Chrome/135.0.0.0 Mobile Safari/537.36"
39.48.49.64 - - [27/Apr/2025:09:23:42 -0400] "GET /wp-content/uploads/elementor/google-fonts/css/nunitosans.css?ver=1742288935 HTTP/1.1" 200 832 "https://arsn.media/personal-portfolio/" "Mozilla/5.0 (Linux; Android 10; K) AppleWebKit/537.36 (KHTML, like Gecko) Chrome/135.0.0.0 Mobile Safari/537.36"
39.48.49.64 - - [27/Apr/2025:09:23:42 -0400] "GET /wp-content/plugins/elementskit-lite/widgets/init/assets/css/widget-styles.css?ver=3.5.0 HTTP/1.1" 200 48223 "https://arsn.media/personal-portfolio/" "Mozilla/5.0 (Linux; Android 10; K) AppleWebKit/537.36 (KHTML, like Gecko) Chrome/135.0.0.0 Mobile Safari/537.36"
39.48.49.64 - - [27/Apr/2025:09:23:42 -0400] "GET /wp-content/uploads/elementor/google-fonts/css/intertight.css?ver=1742288921 HTTP/1.1" 200 894 "https://arsn.media/personal-portfolio/" "Mozilla/5.0 (Linux; Android 10; K) AppleWebKit/537.36 (KHTML, like Gecko) Chrome/135.0.0.0 Mobile Safari/537.36"
39.48.49.64 - - [27/Apr/2025:09:23:42 -0400] "GET /wp-content/plugins/primary-addon-for-elementor/assets/css/icofont.min.css?ver=1.0.1 HTTP/1.1" 200 1600 "https://arsn.media/personal-portfolio/" "Mozilla/5.0 (Linux; Android 10; K) AppleWebKit/537.36 (KHTML, like Gecko) Chrome/135.0.0.0 Mobile Safari/537.36"
39.48.49.64 - - [27/Apr/2025:09:23:42 -0400] "GET /wp-content/uploads/elementor/google-fonts/css/nunito.css?ver=1742301870 HTTP/1.1" 200 728 "https://arsn.media/personal-portfolio/" "Mozilla/5.0 (Linux; Android 10; K) AppleWebKit/537.36 (KHTML, like Gecko) Chrome/135.0.0.0 Mobile Safari/537.36"
39.48.49.64 - - [27/Apr/2025:09:23:42 -0400] "GET /wp-content/plugins/primary-addon-for-elementor/assets/css/juxtapose.css?ver=1.2.1 HTTP/1.1" 200 1256 "https://arsn.media/personal-portfolio/" "Mozilla/5.0 (Linux; Android 10; K) AppleWebKit/537.36 (KHTML, like Gecko) Chrome/135.0.0.0 Mobile Safari/537.36"
39.48.49.64 - - [27/Apr/2025:09:23:42 -0400] "GET /wp-content/uploads/elementor/google-fonts/css/manrope.css?ver=1742288903 HTTP/1.1" 200 634 "https://arsn.media/personal-portfolio/" "Mozilla/5.0 (Linux; Android 10; K) AppleWebKit/537.36 (KHTML, like Gecko) Chrome/135.0.0.0 Mobile Safari/537.36"
39.48.49.64 - - [27/Apr/2025:09:23:42 -0400] "GET /wp-content/plugins/primary-addon-for-elementor/assets/css/responsive.css?ver=1.2 HTTP/1.1" 200 1433 "https://arsn.media/personal-portfolio/" "Mozilla/5.0 (Linux; Android 10; K) AppleWebKit/537.36 (KHTML, like Gecko) Chrome/135.0.0.0 Mobile Safari/537.36"
39.48.49.64 - - [27/Apr/2025:09:23:42 -0400] "GET /wp-content/uploads/elementor/css/custom-pro-frontend.min.css?ver=1725365066 HTTP/1.1" 304 0 "https://arsn.media/personal-portfolio/" "Mozilla/5.0 (Linux; Android 10; K) AppleWebKit/537.36 (KHTML, like Gecko) Chrome/135.0.0.0 Mobile Safari/537.36"
39.48.49.64 - - [27/Apr/2025:09:23:42 -0400] "GET /wp-content/plugins/primary-addon-for-elementor/assets/css/owl.carousel.min.css?ver=2.3.4 HTTP/1.1" 200 915 "https://arsn.media/personal-portfolio/" "Mozilla/5.0 (Linux; Android 10; K) AppleWebKit/537.36 (KHTML, like Gecko) Chrome/135.0.0.0 Mobile Safari/537.36"
39.48.49.64 - - [27/Apr/2025:09:23:42 -0400] "GET /wp-content/plugins/primary-addon-for-elementor/assets/css/styles.css?ver=1.2 HTTP/1.1" 200 13347 "https://arsn.media/personal-portfolio/" "Mozilla/5.0 (Linux; Android 10; K) AppleWebKit/537.36 (KHTML, like Gecko) Chrome/135.0.0.0 Mobile Safari/537.36"
39.48.49.64 - - [27/Apr/2025:09:23:42 -0400] "GET /wp-content/uploads/elementor/css/custom-frontend.min.css?ver=1725365066 HTTP/1.1" 304 0 "https://arsn.media/personal-portfolio/" "Mozilla/5.0 (Linux; Android 10; K) AppleWebKit/537.36 (KHTML, like Gecko) Chrome/135.0.0.0 Mobile Safari/537.36"
39.48.49.64 - - [27/Apr/2025:09:23:42 -0400] "GET /wp-content/uploads/elementor/css/post-11460.css?ver=1726215436 HTTP/1.1" 304 0 "https://arsn.media/personal-portfolio/" "Mozilla/5.0 (Linux; Android 10; K) AppleWebKit/537.36 (KHTML, like Gecko) Chrome/135.0.0.0 Mobile Safari/537.36"
39.48.49.64 - - [27/Apr/2025:09:23:42 -0400] "GET /wp-content/plugins/primary-addon-for-elementor/assets/css/hover-min.css?ver=2.3.2 HTTP/1.1" 200 6307 "https://arsn.media/personal-portfolio/" "Mozilla/5.0 (Linux; Android 10; K) AppleWebKit/537.36 (KHTML, like Gecko) Chrome/135.0.0.0 Mobile Safari/537.36"
39.48.49.64 - - [27/Apr/2025:09:23:42 -0400] "GET /wp-content/plugins/elementskit-lite/modules/elementskit-icon-pack/assets/css/ekiticons.css?ver=3.5.0 HTTP/1.1" 200 11776 "https://arsn.media/personal-portfolio/" "Mozilla/5.0 (Linux; Android 10; K) AppleWebKit/537.36 (KHTML, like Gecko) Chrome/135.0.0.0 Mobile Safari/537.36"
39.48.49.64 - - [27/Apr/2025:09:23:42 -0400] "GET /wp-includes/js/jquery/jquery.min.js?ver=3.7.1 HTTP/1.1" 304 0 "https://arsn.media/personal-portfolio/" "Mozilla/5.0 (Linux; Android 10; K) AppleWebKit/537.36 (KHTML, like Gecko) Chrome/135.0.0.0 Mobile Safari/537.36"
39.48.49.64 - - [27/Apr/2025:09:23:42 -0400] "GET /wp-content/themes/onum/css/bootstrap.css?ver=3.3.7 HTTP/1.1" 304 0 "https://arsn.media/personal-portfolio/" "Mozilla/5.0 (Linux; Android 10; K) AppleWebKit/537.36 (KHTML, like Gecko) Chrome/135.0.0.0 Mobile Safari/537.36"
39.48.49.64 - - [27/Apr/2025:09:23:42 -0400] "GET /wp-content/plugins/elementor/assets/lib/font-awesome/css/fontawesome.min.css?ver=5.15.3 HTTP/1.1" 304 0 "https://arsn.media/personal-portfolio/" "Mozilla/5.0 (Linux; Android 10; K) AppleWebKit/537.36 (KHTML, like Gecko) Chrome/135.0.0.0 Mobile Safari/537.36"
39.48.49.64 - - [27/Apr/2025:09:23:42 -0400] "GET /wp-content/plugins/primary-addon-for-elementor/assets/css/animate.min.css?ver=3.7.2 HTTP/1.1" 200 4011 "https://arsn.media/personal-portfolio/" "Mozilla/5.0 (Linux; Android 10; K) AppleWebKit/537.36 (KHTML, like Gecko) Chrome/135.0.0.0 Mobile Safari/537.36"
39.48.49.64 - - [27/Apr/2025:09:23:42 -0400] "GET /wp-content/plugins/slider-video/Scripts/Rich-Web-Video-Slider-Widget.js?ver=6.8 HTTP/1.1" 200 281 "https://arsn.media/personal-portfolio/" "Mozilla/5.0 (Linux; Android 10; K) AppleWebKit/537.36 (KHTML, like Gecko) Chrome/135.0.0.0 Mobile Safari/537.36"
39.48.49.64 - - [27/Apr/2025:09:23:42 -0400] "GET /wp-content/uploads/2020/09/arsn-logo.png HTTP/1.1" 304 0 "https://arsn.media/personal-portfolio/" "Mozilla/5.0 (Linux; Android 10; K) AppleWebKit/537.36 (KHTML, like Gecko) Chrome/135.0.0.0 Mobile Safari/537.36"
39.48.49.64 - - [27/Apr/2025:09:23:42 -0400] "GET /wp-content/themes/onum/inc/backend/js/simple-likes-public.js?ver=0.5 HTTP/1.1" 304 0 "https://arsn.media/personal-portfolio/" "Mozilla/5.0 (Linux; Android 10; K) AppleWebKit/537.36 (KHTML, like Gecko) Chrome/135.0.0.0 Mobile Safari/537.36"
39.48.49.64 - - [27/Apr/2025:09:23:42 -0400] "GET /wp-content/uploads/2024/08/Untitled-design-42.png HTTP/1.1" 304 0 "https://arsn.media/personal-portfolio/" "Mozilla/5.0 (Linux; Android 10; K) AppleWebKit/537.36 (KHTML, like Gecko) Chrome/135.0.0.0 Mobile Safari/537.36"
39.48.49.64 - - [27/Apr/2025:09:23:42 -0400] "GET /wp-includes/js/jquery/jquery-migrate.min.js?ver=3.4.1 HTTP/1.1" 304 0 "https://arsn.media/personal-portfolio/" "Mozilla/5.0 (Linux; Android 10; K) AppleWebKit/537.36 (KHTML, like Gecko) Chrome/135.0.0.0 Mobile Safari/537.36"
39.48.49.64 - - [27/Apr/2025:09:23:42 -0400] "GET /wp-content/plugins/elementor/assets/lib/font-awesome/css/solid.min.css?ver=5.15.3 HTTP/1.1" 304 0 "https://arsn.media/personal-portfolio/" "Mozilla/5.0 (Linux; Android 10; K) AppleWebKit/537.36 (KHTML, like Gecko) Chrome/135.0.0.0 Mobile Safari/537.36"
39.48.49.64 - - [27/Apr/2025:09:23:42 -0400] "GET /wp-content/plugins/primary-addon-for-elementor/assets/css/flickity.min.css?ver=2.2.1 HTTP/1.1" 200 553 "https://arsn.media/personal-portfolio/" "Mozilla/5.0 (Linux; Android 10; K) AppleWebKit/537.36 (KHTML, like Gecko) Chrome/135.0.0.0 Mobile Safari/537.36"
39.48.49.64 - - [27/Apr/2025:09:23:42 -0400] "GET /wp-includes/js/jquery/ui/core.min.js?ver=1.13.3 HTTP/1.1" 200 6812 "https://arsn.media/personal-portfolio/" "Mozilla/5.0 (Linux; Android 10; K) AppleWebKit/537.36 (KHTML, like Gecko) Chrome/135.0.0.0 Mobile Safari/537.36"
39.48.49.64 - - [27/Apr/2025:09:23:42 -0400] "GET /wp-content/uploads/2020/09/ARSN-Final-Logos-1536x706.jpg HTTP/1.1" 200 120879 "https://arsn.media/personal-portfolio/" "Mozilla/5.0 (Linux; Android 10; K) AppleWebKit/537.36 (KHTML, like Gecko) Chrome/135.0.0.0 Mobile Safari/537.36"
39.48.49.64 - - [27/Apr/2025:09:23:42 -0400] "GET /wp-content/uploads/elementor/css/post-11332.css?ver=1725365060 HTTP/1.1" 404 39276 "https://arsn.media/personal-portfolio/" "Mozilla/5.0 (Linux; Android 10; K) AppleWebKit/537.36 (KHTML, like Gecko) Chrome/135.0.0.0 Mobile Safari/537.36"
39.48.49.64 - - [27/Apr/2025:09:23:42 -0400] "GET /wp-content/themes/onum/css/design-test.css?ver=6.8 HTTP/1.1" 404 39434 "https://arsn.media/personal-portfolio/" "Mozilla/5.0 (Linux; Android 10; K) AppleWebKit/537.36 (KHTML, like Gecko) Chrome/135.0.0.0 Mobile Safari/537.36"
39.48.49.64 - - [27/Apr/2025:09:23:44 -0400] "GET /wp-content/uploads/2024/07/Untitled-design-10.png HTTP/1.1" 304 0 "https://arsn.media/personal-portfolio/" "Mozilla/5.0 (Linux; Android 10; K) AppleWebKit/537.36 (KHTML, like Gecko) Chrome/135.0.0.0 Mobile Safari/537.36"
39.48.49.64 - - [27/Apr/2025:09:23:45 -0400] "GET /wp-content/plugins/elementor/assets/css/widget-image.min.css?ver=3.28.4 HTTP/1.1" 200 254 "https://arsn.media/personal-portfolio/" "Mozilla/5.0 (Linux; Android 10; K) AppleWebKit/537.36 (KHTML, like Gecko) Chrome/135.0.0.0 Mobile Safari/537.36"
39.48.49.64 - - [27/Apr/2025:09:23:45 -0400] "GET /wp-content/plugins/elementor/assets/css/widget-heading.min.css?ver=3.28.4 HTTP/1.1" 200 154 "https://arsn.media/personal-portfolio/" "Mozilla/5.0 (Linux; Android 10; K) AppleWebKit/537.36 (KHTML, like Gecko) Chrome/135.0.0.0 Mobile Safari/537.36"
39.48.49.64 - - [27/Apr/2025:09:23:45 -0400] "GET /wp-content/plugins/elementor/assets/css/widget-image-carousel.min.css?ver=3.28.4 HTTP/1.1" 200 163 "https://arsn.media/personal-portfolio/" "Mozilla/5.0 (Linux; Android 10; K) AppleWebKit/537.36 (KHTML, like Gecko) Chrome/135.0.0.0 Mobile Safari/537.36"
39.48.49.64 - - [27/Apr/2025:09:23:45 -0400] "GET /wp-content/plugins/elementor/assets/css/widget-counter.min.css?ver=3.28.4 HTTP/1.1" 200 234 "https://arsn.media/personal-portfolio/" "Mozilla/5.0 (Linux; Android 10; K) AppleWebKit/537.36 (KHTML, like Gecko) Chrome/135.0.0.0 Mobile Safari/537.36"
39.48.49.64 - - [27/Apr/2025:09:23:45 -0400] "GET /wp-content/plugins/elementor/assets/css/conditionals/e-swiper.min.css?ver=3.28.4 HTTP/1.1" 200 699 "https://arsn.media/personal-portfolio/" "Mozilla/5.0 (Linux; Android 10; K) AppleWebKit/537.36 (KHTML, like Gecko) Chrome/135.0.0.0 Mobile Safari/537.36"
39.48.49.64 - - [27/Apr/2025:09:23:45 -0400] "GET /wp-content/plugins/elementor/assets/css/widget-divider.min.css?ver=3.28.4 HTTP/1.1" 200 707 "https://arsn.media/personal-portfolio/" "Mozilla/5.0 (Linux; Android 10; K) AppleWebKit/537.36 (KHTML, like Gecko) Chrome/135.0.0.0 Mobile Safari/537.36"
39.48.49.64 - - [27/Apr/2025:09:23:45 -0400] "GET /wp-content/plugins/brave-popup-builder/assets/css/frontend.min.css?ver=6.8 HTTP/1.1" 200 7994 "https://arsn.media/personal-portfolio/" "Mozilla/5.0 (Linux; Android 10; K) AppleWebKit/537.36 (KHTML, like Gecko) Chrome/135.0.0.0 Mobile Safari/537.36"
39.48.49.64 - - [27/Apr/2025:09:23:45 -0400] "GET /wp-content/plugins/contact-form-7/includes/js/index.js?ver=6.0.6 HTTP/1.1" 200 4008 "https://arsn.media/personal-portfolio/" "Mozilla/5.0 (Linux; Android 10; K) AppleWebKit/537.36 (KHTML, like Gecko) Chrome/135.0.0.0 Mobile Safari/537.36"
39.48.49.64 - - [27/Apr/2025:09:23:45 -0400] "GET /wp-content/uploads/2024/07/WEB.png HTTP/1.1" 304 0 "https://arsn.media/personal-portfolio/" "Mozilla/5.0 (Linux; Android 10; K) AppleWebKit/537.36 (KHTML, like Gecko) Chrome/135.0.0.0 Mobile Safari/537.36"
39.48.49.64 - - [27/Apr/2025:09:23:45 -0400] "GET /wp-content/plugins/contact-form-7/includes/swv/js/index.js?ver=6.0.6 HTTP/1.1" 200 3369 "https://arsn.media/personal-portfolio/" "Mozilla/5.0 (Linux; Android 10; K) AppleWebKit/537.36 (KHTML, like Gecko) Chrome/135.0.0.0 Mobile Safari/537.36"
39.48.49.64 - - [27/Apr/2025:09:23:45 -0400] "GET /wp-content/plugins/elementskit-lite/libs/framework/assets/js/frontend-script.js?ver=3.5.0 HTTP/1.1" 200 40 "https://arsn.media/personal-portfolio/" "Mozilla/5.0 (Linux; Android 10; K) AppleWebKit/537.36 (KHTML, like Gecko) Chrome/135.0.0.0 Mobile Safari/537.36"
39.48.49.64 - - [27/Apr/2025:09:23:45 -0400] "GET /wp-content/plugins/elementskit-lite/widgets/init/assets/js/widget-scripts.js?ver=3.5.0 HTTP/1.1" 200 40425 "https://arsn.media/personal-portfolio/" "Mozilla/5.0 (Linux; Android 10; K) AppleWebKit/537.36 (KHTML, like Gecko) Chrome/135.0.0.0 Mobile Safari/537.36"
39.48.49.64 - - [27/Apr/2025:09:23:45 -0400] "GET /wp-content/plugins/facebook-conversion-pixel/video.js?ver=6.8 HTTP/1.1" 200 2666 "https://arsn.media/personal-portfolio/" "Mozilla/5.0 (Linux; Android 10; K) AppleWebKit/537.36 (KHTML, like Gecko) Chrome/135.0.0.0 Mobile Safari/537.36"
39.48.49.64 - - [27/Apr/2025:09:23:45 -0400] "GET /wp-content/plugins/facebook-conversion-pixel/pixel-cat.min.js?ver=3.0.7 HTTP/1.1" 200 4290 "https://arsn.media/personal-portfolio/" "Mozilla/5.0 (Linux; Android 10; K) AppleWebKit/537.36 (KHTML, like Gecko) Chrome/135.0.0.0 Mobile Safari/537.36"
39.48.49.64 - - [27/Apr/2025:09:23:45 -0400] "GET /wp-content/plugins/brave-popup-builder/assets/frontend/brave.js?ver=6.8 HTTP/1.1" 200 23854 "https://arsn.media/personal-portfolio/" "Mozilla/5.0 (Linux; Android 10; K) AppleWebKit/537.36 (KHTML, like Gecko) Chrome/135.0.0.0 Mobile Safari/537.36"
39.48.49.64 - - [27/Apr/2025:09:23:45 -0400] "GET /wp-content/plugins/elementor/assets/js/webpack.runtime.min.js?ver=3.28.4 HTTP/1.1" 200 2228 "https://arsn.media/personal-portfolio/" "Mozilla/5.0 (Linux; Android 10; K) AppleWebKit/537.36 (KHTML, like Gecko) Chrome/135.0.0.0 Mobile Safari/537.36"
39.48.49.64 - - [27/Apr/2025:09:23:45 -0400] "GET /wp-content/uploads/2024/07/SEM.png HTTP/1.1" 304 0 "https://arsn.media/personal-portfolio/" "Mozilla/5.0 (Linux; Android 10; K) AppleWebKit/537.36 (KHTML, like Gecko) Chrome/135.0.0.0 Mobile Safari/537.36"
39.48.49.64 - - [27/Apr/2025:09:23:45 -0400] "GET /wp-content/plugins/elementskit-lite/widgets/init/assets/js/animate-circle.min.js?ver=3.5.0 HTTP/1.1" 200 393 "https://arsn.media/personal-portfolio/" "Mozilla/5.0 (Linux; Android 10; K) AppleWebKit/537.36 (KHTML, like Gecko) Chrome/135.0.0.0 Mobile Safari/537.36"
39.48.49.64 - - [27/Apr/2025:09:23:45 -0400] "GET /wp-content/uploads/elementor/google-fonts/fonts/manrope-xn7gyhe41ni1adirggexsg.woff2 HTTP/1.1" 200 24376 "https://arsn.media/wp-content/uploads/elementor/google-fonts/css/manrope.css?ver=1742288903" "Mozilla/5.0 (Linux; Android 10; K) AppleWebKit/537.36 (KHTML, like Gecko) Chrome/135.0.0.0 Mobile Safari/537.36"
39.48.49.64 - - [27/Apr/2025:09:23:45 -0400] "GET /wp-content/uploads/elementor/css/post-3058.css?ver=1725365059 HTTP/1.1" 304 0 "https://arsn.media/personal-portfolio/" "Mozilla/5.0 (Linux; Android 10; K) AppleWebKit/537.36 (KHTML, like Gecko) Chrome/135.0.0.0 Mobile Safari/537.36"
39.48.49.64 - - [27/Apr/2025:09:23:45 -0400] "GET /wp-content/plugins/primary-addon-for-elementor/elementor//js/prim-elementor.js?ver=6.8 HTTP/1.1" 200 3039 "https://arsn.media/personal-portfolio/" "Mozilla/5.0 (Linux; Android 10; K) AppleWebKit/537.36 (KHTML, like Gecko) Chrome/135.0.0.0 Mobile Safari/537.36"
39.48.49.64 - - [27/Apr/2025:09:23:45 -0400] "GET /wp-content/uploads/elementor/css/custom-widget-icon-box.min.css?ver=1725365118 HTTP/1.1" 304 0 "https://arsn.media/personal-portfolio/" "Mozilla/5.0 (Linux; Android 10; K) AppleWebKit/537.36 (KHTML, like Gecko) Chrome/135.0.0.0 Mobile Safari/537.36"
39.48.49.64 - - [27/Apr/2025:09:23:45 -0400] "GET /wp-content/uploads/elementor/google-fonts/fonts/nunitosans-pe0tmimslybiv1o4x1m8ce2xcx3yop4tqpf_metm0lfgwvpnn64cl7u8uphzibmv51q42ptcp7t1r-s.woff2 HTTP/1.1" 200 31052 "https://arsn.media/wp-content/uploads/elementor/google-fonts/css/nunitosans.css?ver=1742288935" "Mozilla/5.0 (Linux; Android 10; K) AppleWebKit/537.36 (KHTML, like Gecko) Chrome/135.0.0.0 Mobile Safari/537.36"
39.48.49.64 - - [27/Apr/2025:09:23:45 -0400] "GET /wp-includes/js/dist/hooks.min.js?ver=4d63a3d491d11ffd8ac6 HTTP/1.1" 304 0 "https://arsn.media/personal-portfolio/" "Mozilla/5.0 (Linux; Android 10; K) AppleWebKit/537.36 (KHTML, like Gecko) Chrome/135.0.0.0 Mobile Safari/537.36"
39.48.49.64 - - [27/Apr/2025:09:23:45 -0400] "GET /wp-content/plugins/elementor/assets/js/frontend.min.js?ver=3.28.4 HTTP/1.1" 200 13099 "https://arsn.media/personal-portfolio/" "Mozilla/5.0 (Linux; Android 10; K) AppleWebKit/537.36 (KHTML, like Gecko) Chrome/135.0.0.0 Mobile Safari/537.36"
39.48.49.64 - - [27/Apr/2025:09:23:45 -0400] "GET /wp-content/plugins/elementor/assets/js/frontend-modules.min.js?ver=3.28.4 HTTP/1.1" 200 14421 "https://arsn.media/personal-portfolio/" "Mozilla/5.0 (Linux; Android 10; K) AppleWebKit/537.36 (KHTML, like Gecko) Chrome/135.0.0.0 Mobile Safari/537.36"
39.48.49.64 - - [27/Apr/2025:09:23:45 -0400] "GET /wp-content/plugins/widget-google-reviews/assets/js/public-main.js?ver=5.7.1 HTTP/1.1" 200 8429 "https://arsn.media/personal-portfolio/" "Mozilla/5.0 (Linux; Android 10; K) AppleWebKit/537.36 (KHTML, like Gecko) Chrome/135.0.0.0 Mobile Safari/537.36"
39.48.49.64 - - [27/Apr/2025:09:23:45 -0400] "GET /wp-content/uploads/elementor/google-fonts/fonts/nunito-xrxv3i6li01bkofineab.woff2 HTTP/1.1" 200 39124 "https://arsn.media/wp-content/uploads/elementor/google-fonts/css/nunito.css?ver=1742301870" "Mozilla/5.0 (Linux; Android 10; K) AppleWebKit/537.36 (KHTML, like Gecko) Chrome/135.0.0.0 Mobile Safari/537.36"
39.48.49.64 - - [27/Apr/2025:09:23:45 -0400] "GET /wp-content/plugins/primary-addon-for-elementor/assets/js/jquery.waypoints.js?ver=2.0.3 HTTP/1.1" 200 3505 "https://arsn.media/personal-portfolio/" "Mozilla/5.0 (Linux; Android 10; K) AppleWebKit/537.36 (KHTML, like Gecko) Chrome/135.0.0.0 Mobile Safari/537.36"
39.48.49.64 - - [27/Apr/2025:09:23:45 -0400] "GET /wp-content/uploads/elementor/css/post-10686.css?ver=1725365295 HTTP/1.1" 304 0 "https://arsn.media/personal-portfolio/" "Mozilla/5.0 (Linux; Android 10; K) AppleWebKit/537.36 (KHTML, like Gecko) Chrome/135.0.0.0 Mobile Safari/537.36"
39.48.49.64 - - [27/Apr/2025:09:23:45 -0400] "GET /wp-content/themes/onum/fonts/Flaticon.woff2 HTTP/1.1" 304 0 "https://arsn.media/wp-content/themes/onum/css/flaticon.css?ver=6.8" "Mozilla/5.0 (Linux; Android 10; K) AppleWebKit/537.36 (KHTML, like Gecko) Chrome/135.0.0.0 Mobile Safari/537.36"
39.48.49.64 - - [27/Apr/2025:09:23:45 -0400] "GET /wp-content/plugins/elementor/assets/lib/swiper/v8/css/swiper.min.css?ver=8.4.5 HTTP/1.1" 304 0 "https://arsn.media/personal-portfolio/" "Mozilla/5.0 (Linux; Android 10; K) AppleWebKit/537.36 (KHTML, like Gecko) Chrome/135.0.0.0 Mobile Safari/537.36"
39.48.49.64 - - [27/Apr/2025:09:23:45 -0400] "GET /wp-includes/js/dist/i18n.min.js?ver=5e580eb46a90c2b997e6 HTTP/1.1" 304 0 "https://arsn.media/personal-portfolio/" "Mozilla/5.0 (Linux; Android 10; K) AppleWebKit/537.36 (KHTML, like Gecko) Chrome/135.0.0.0 Mobile Safari/537.36"
39.48.49.64 - - [27/Apr/2025:09:23:45 -0400] "GET /wp-content/uploads/elementor/css/post-3910.css?ver=1725365297 HTTP/1.1" 304 0 "https://arsn.media/personal-portfolio/" "Mozilla/5.0 (Linux; Android 10; K) AppleWebKit/537.36 (KHTML, like Gecko) Chrome/135.0.0.0 Mobile Safari/537.36"
39.48.49.64 - - [27/Apr/2025:09:23:45 -0400] "GET /wp-content/plugins/primary-addon-for-elementor/assets/js/InstagramFeed.min.js?ver=1.3.8 HTTP/1.1" 200 1983 "https://arsn.media/personal-portfolio/" "Mozilla/5.0 (Linux; Android 10; K) AppleWebKit/537.36 (KHTML, like Gecko) Chrome/135.0.0.0 Mobile Safari/537.36"
39.48.49.64 - - [27/Apr/2025:09:23:45 -0400] "GET /wp-content/plugins/primary-addon-for-elementor/assets/js/jquery.counterup.min.js?ver=1.0 HTTP/1.1" 200 497 "https://arsn.media/personal-portfolio/" "Mozilla/5.0 (Linux; Android 10; K) AppleWebKit/537.36 (KHTML, like Gecko) Chrome/135.0.0.0 Mobile Safari/537.36"
39.48.49.64 - - [27/Apr/2025:09:23:45 -0400] "GET /wp-includes/js/imagesloaded.min.js?ver=5.0.0 HTTP/1.1" 304 0 "https://arsn.media/personal-portfolio/" "Mozilla/5.0 (Linux; Android 10; K) AppleWebKit/537.36 (KHTML, like Gecko) Chrome/135.0.0.0 Mobile Safari/537.36"
39.48.49.64 - - [27/Apr/2025:09:23:45 -0400] "GET /wp-content/plugins/primary-addon-for-elementor/assets/js/typed.min.js?ver=2.0.11 HTTP/1.1" 200 3320 "https://arsn.media/personal-portfolio/" "Mozilla/5.0 (Linux; Android 10; K) AppleWebKit/537.36 (KHTML, like Gecko) Chrome/135.0.0.0 Mobile Safari/537.36"
39.48.49.64 - - [27/Apr/2025:09:23:45 -0400] "GET /wp-content/plugins/primary-addon-for-elementor/assets/js/jquery.matchHeight.min.js?ver=0.7.2 HTTP/1.1" 200 1257 "https://arsn.media/personal-portfolio/" "Mozilla/5.0 (Linux; Android 10; K) AppleWebKit/537.36 (KHTML, like Gecko) Chrome/135.0.0.0 Mobile Safari/537.36"
39.48.49.64 - - [27/Apr/2025:09:23:45 -0400] "GET /wp-content/plugins/revslider/public/assets/css/rs6.css?ver=6.6.8 HTTP/1.1" 304 0 "https://arsn.media/personal-portfolio/" "Mozilla/5.0 (Linux; Android 10; K) AppleWebKit/537.36 (KHTML, like Gecko) Chrome/135.0.0.0 Mobile Safari/537.36"
39.48.49.64 - - [27/Apr/2025:09:23:45 -0400] "GET /wp-content/themes/onum/js/slick.min.js?ver=20190829 HTTP/1.1" 304 0 "https://arsn.media/personal-portfolio/" "Mozilla/5.0 (Linux; Android 10; K) AppleWebKit/537.36 (KHTML, like Gecko) Chrome/135.0.0.0 Mobile Safari/537.36"
