66.29.132.124 - - [27/Apr/2025:11:15:14 -0400] "POST /wp-admin/admin-ajax.php?action=async_litespeed&nonce=pwDX2arniTTRyITLtJgsJbjyDei7KG9C&litespeed_type=imgoptm HTTP/1.1" 200 0 "-" "WordPress/6.8; https://arsn.media"
51.178.146.199 - - [27/Apr/2025:11:15:30 -0400] "POST /xmlrpc.php HTTP/1.1" 200 403 "-" "Mozilla/5.0 (iPod; CPU iPhone OS 14_6 like Mac OS X) AppleWebKit/605.1.15 (KHTML, like Gecko) CriOS/91.0.4472.80 Mobile/15E148 Safari/604.1"
66.29.132.124 - - [27/Apr/2025:11:15:34 -0400] "POST /wp-cron.php?doing_wp_cron=1745766934.3486359119415283203125 HTTP/1.1" 200 0 "-" "WordPress/6.8; https://arsn.media"
134.119.244.251 - - [27/Apr/2025:11:15:34 -0400] "POST /xmlrpc.php HTTP/1.1" 200 403 "-" "Mozilla/5.0 (Windows NT 10.0; Win64; x64; rv:66.0) Gecko/20100101 Firefox/66.0"
66.29.132.124 - - [27/Apr/2025:11:15:34 -0400] "POST /wp-admin/admin-ajax.php?action=async_litespeed&nonce=ubg3NWmleq6wYsGT2U695TunxLd7CJOy&litespeed_type=imgoptm HTTP/1.1" 200 21 "-" "WordPress/6.8; https://arsn.media"
134.119.244.251 - - [27/Apr/2025:11:15:40 -0400] "POST /xmlrpc.php HTTP/1.1" 200 403 "-" "Mozilla/5.0 (Windows NT 6.1; Win64; x64) AppleWebKit/537.36 (KHTML, like Gecko) Chrome/79.0.3945.88 Safari/537.36"
128.140.71.242 - - [27/Apr/2025:11:15:45 -0400] "POST /xmlrpc.php HTTP/1.1" 200 403 "-" "Mozilla/5.0 (Windows NT 6.2; Win64; x64) AppleWebKit/537.36 (KHTML, like Gecko) Chrome/60.0.3112.90 Safari/537.36"
205.234.134.178 - - [27/Apr/2025:11:15:47 -0400] "POST /xmlrpc.php HTTP/1.1" 200 403 "-" "Mozilla/5.0 (Windows NT 6.1; Win64; x64) AppleWebKit/537.36 (KHTML, like Gecko) Chrome/74.0.3729.169 Safari/537.36"
66.29.132.124 - - [27/Apr/2025:11:16:06 -0400] "POST /wp-cron.php?doing_wp_cron=1745766966.2609219551086425781250 HTTP/1.1" 200 0 "-" "WordPress/6.8; https://arsn.media"
134.119.244.251 - - [27/Apr/2025:11:16:05 -0400] "POST /xmlrpc.php HTTP/1.1" 200 403 "-" "Mozilla/5.0 (Windows NT 10.0; Win64; x64; rv:60.0) Gecko/20100101 Firefox/60.0"
103.172.205.229 - - [27/Apr/2025:11:16:12 -0400] "POST /xmlrpc.php HTTP/1.1" 200 403 "-" "Mozilla/5.0 (Windows NT 6.1; WOW64) AppleWebKit/537.1 (KHTML, like Gecko) Chrome/21.0.1180.83 Safari/537.1"
66.29.132.124 - - [27/Apr/2025:11:19:30 -0400] "POST /wp-cron.php?doing_wp_cron=1745767170.3277370929718017578125 HTTP/1.1" 200 0 "-" "WordPress/6.8; https://arsn.media"
66.29.132.124 - - [27/Apr/2025:11:19:30 -0400] "POST /wp-admin/admin-ajax.php?action=async_litespeed&nonce=y3DTz59JSR4GU44gWJISl2E5gtCeHdCF&litespeed_type=imgoptm HTTP/1.1" 200 0 "-" "WordPress/6.8; https://arsn.media"
142.202.190.32 - - [27/Apr/2025:11:19:27 -0400] "GET /.env HTTP/1.1" 404 61239 "-" "python-requests/2.26.0"
142.202.190.32 - - [27/Apr/2025:11:19:31 -0400] "GET / HTTP/1.1" 200 72353 "-" "python-requests/2.26.0"
66.29.132.124 - - [27/Apr/2025:11:19:31 -0400] "POST /wp-admin/admin-ajax.php?action=as_async_request_queue_runner&nonce=db6c3e20c5 HTTP/1.1" 200 0 "-" "WordPress/6.8; https://arsn.media"
185.8.106.249 - - [27/Apr/2025:11:31:57 -0400] "GET /.git/config HTTP/1.1" 403 1242 "-" "Mozilla/5.0 (Macintosh; Intel Mac OS X 10_15_7) AppleWebKit/605.1.15 (KHTML, like Gecko) Version/17.2.1 Safari/605.2.20"
172.213.21.152 - - [27/Apr/2025:11:45:10 -0400] "GET / HTTP/1.1" 200 48706 "-" "Mozilla/5.0 AppleWebKit/537.36 (KHTML, like Gecko); compatible; ChatGPT-User/1.0; +https://openai.com/bot"
54.146.99.111 - - [27/Apr/2025:11:48:27 -0400] "HEAD / HTTP/1.1" 200 0 "-" "Mozilla/5.0 (Macintosh; Intel Mac OS X 10_15_7) AppleWebKit/537.36 (KHTML, like Gecko) Chrome/105.0.0.0 Safari/537.36"
185.191.171.3 - - [27/Apr/2025:12:03:23 -0400] "GET /robots.txt HTTP/1.1" 200 121 "-" "Mozilla/5.0 (compatible; SemrushBot/7~bl; +http://www.semrush.com/bot.html)"
66.29.132.124 - - [27/Apr/2025:12:03:38 -0400] "POST /wp-cron.php?doing_wp_cron=1745769818.4757740497589111328125 HTTP/1.1" 200 0 "-" "WordPress/6.8; https://arsn.media"
66.29.132.124 - - [27/Apr/2025:12:03:39 -0400] "POST /wp-admin/admin-ajax.php?action=async_litespeed&nonce=NoMWyWX9Bzij6UJU2DuTcyIh90dxELob&litespeed_type=imgoptm HTTP/1.1" 200 21 "-" "WordPress/6.8; https://arsn.media"
66.29.132.124 - - [27/Apr/2025:12:03:38 -0400] "POST /wp-admin/admin-ajax.php?action=as_async_request_queue_runner&nonce=db6c3e20c5 HTTP/1.1" 200 0 "-" "WordPress/6.8; https://arsn.media"
85.208.96.200 - - [27/Apr/2025:12:03:26 -0400] "GET /wp-admin/admin-ajax.php?action=process_simple_like&disabled=true&is_comment=0&nonce=a3484fe464&post_id=12968 HTTP/1.1" 200 33 "-" "Mozilla/5.0 (compatible; SemrushBot/7~bl; +http://www.semrush.com/bot.html)"
52.167.144.185 - - [27/Apr/2025:12:16:49 -0400] "GET /wp-content/uploads/2020/09/ARSN-Final-Logos.jpg HTTP/1.1" 200 181472 "-" "Mozilla/5.0 AppleWebKit/537.36 (KHTML, like Gecko; compatible; bingbot/2.0; +http://www.bing.com/bingbot.htm) Chrome/116.0.1938.76 Safari/537.36"
66.29.132.124 - - [27/Apr/2025:12:17:31 -0400] "POST /wp-cron.php?doing_wp_cron=1745770651.0851819515228271484375 HTTP/1.1" 200 0 "-" "WordPress/6.8; https://arsn.media"
66.29.132.124 - - [27/Apr/2025:12:17:31 -0400] "POST /wp-admin/admin-ajax.php?action=async_litespeed&nonce=SyriUeZy5tOtqYjp3ZzxYMpbtw5xsu4J&litespeed_type=imgoptm HTTP/1.1" 200 21 "-" "WordPress/6.8; https://arsn.media"
66.249.74.5 - - [27/Apr/2025:12:17:24 -0400] "GET /mlp/circles-lab-java.html HTTP/1.1" 404 39153 "-" "Mozilla/5.0 (Linux; Android 6.0.1; Nexus 5X Build/MMB29P) AppleWebKit/537.36 (KHTML, like Gecko) Chrome/135.0.7049.95 Mobile Safari/537.36 (compatible; GoogleOther)"
57.141.4.22 - - [27/Apr/2025:12:21:14 -0400] "GET / HTTP/1.1" 200 639584 "-" "meta-externalagent/1.1 (+https://developers.facebook.com/docs/sharing/webmasters/crawler)"
66.29.132.124 - - [27/Apr/2025:12:21:47 -0400] "POST /wp-cron.php?doing_wp_cron=1745770907.4008090496063232421875 HTTP/1.1" 200 0 "-" "WordPress/6.8; https://arsn.media"
66.29.132.124 - - [27/Apr/2025:12:21:47 -0400] "POST /wp-admin/admin-ajax.php?action=async_litespeed&nonce=GunznwTajTaVnAf0Kkj1cftrHQPEyIX0&litespeed_type=imgoptm HTTP/1.1" 200 0 "-" "WordPress/6.8; https://arsn.media"
66.249.74.5 - - [27/Apr/2025:12:21:40 -0400] "GET /mlp/colorbar-matlab-range.html HTTP/1.1" 404 39217 "-" "Mozilla/5.0 (Linux; Android 6.0.1; Nexus 5X Build/MMB29P) AppleWebKit/537.36 (KHTML, like Gecko) Chrome/135.0.7049.95 Mobile Safari/537.36 (compatible; GoogleOther)"
34.227.224.162 - - [27/Apr/2025:12:26:43 -0400] "HEAD / HTTP/1.1" 200 0 "-" "Mozilla/5.0 (Macintosh; Intel Mac OS X 10_15_7) AppleWebKit/537.36 (KHTML, like Gecko) Chrome/105.0.0.0 Safari/537.36"
54.37.234.111 - - [27/Apr/2025:12:27:53 -0400] "GET / HTTP/1.0" 200 639584 "https://arsn.media/" "Mozilla/5.0 (Windows NT 10.0; Win64; x64) AppleWebKit/537.36 (KHTML, like Gecko) Chrome/130.0.0.0 Safari/537.36 CCleaner/130.0.0.0"
66.29.132.124 - - [27/Apr/2025:12:28:14 -0400] "POST /wp-cron.php?doing_wp_cron=1745771294.4021070003509521484375 HTTP/1.1" 200 0 "-" "WordPress/6.8; https://arsn.media"
66.29.132.124 - - [27/Apr/2025:12:28:14 -0400] "POST /wp-admin/admin-ajax.php?action=async_litespeed&nonce=HXM4wFjuHXc3lCR9qttwkQlp0tAM5M7B&litespeed_type=imgoptm HTTP/1.1" 200 21 "-" "WordPress/6.8; https://arsn.media"
54.37.234.111 - - [27/Apr/2025:12:28:10 -0400] "POST /wp-admin/admin-ajax.php HTTP/1.0" 200 232 "https://arsn.media/" "Mozilla/5.0 (Windows NT 10.0; Win64; x64) AppleWebKit/537.36 (KHTML, like Gecko) Chrome/130.0.0.0 Safari/537.36 CCleaner/130.0.0.0"
51.8.155.49 - - [27/Apr/2025:12:32:10 -0400] "GET / HTTP/1.1" 200 48706 "-" "Mozilla/5.0 AppleWebKit/537.36 (KHTML, like Gecko); compatible; ChatGPT-User/1.0; +https://openai.com/bot"
66.29.132.124 - - [27/Apr/2025:12:48:29 -0400] "POST /wp-cron.php?doing_wp_cron=1745772509.6377139091491699218750 HTTP/1.1" 200 0 "-" "WordPress/6.8; https://arsn.media"
66.29.132.124 - - [27/Apr/2025:12:48:30 -0400] "POST /wp-admin/admin-ajax.php?action=async_litespeed&nonce=RKeqCELCYMvDmvpEG8zlqkyFO2gv0JR2&litespeed_type=imgoptm HTTP/1.1" 200 21 "-" "WordPress/6.8; https://arsn.media"
66.29.132.124 - - [27/Apr/2025:12:48:29 -0400] "POST /wp-admin/admin-ajax.php?action=as_async_request_queue_runner&nonce=db6c3e20c5 HTTP/1.1" 200 0 "-" "WordPress/6.8; https://arsn.media"
185.191.171.9 - - [27/Apr/2025:12:48:19 -0400] "GET /wp-admin/admin-ajax.php?action=process_simple_like&disabled=true&is_comment=0&nonce=e4d58420f9&post_id=12273 HTTP/1.1" 200 33 "-" "Mozilla/5.0 (compatible; SemrushBot/7~bl; +http://www.semrush.com/bot.html)"
157.55.39.223 - - [27/Apr/2025:12:52:22 -0400] "GET /robots.txt HTTP/1.1" 301 0 "-" "Mozilla/5.0 AppleWebKit/537.36 (KHTML, like Gecko; compatible; bingbot/2.0; +http://www.bing.com/bingbot.htm) Chrome/116.0.1938.76 Safari/537.36"
157.55.39.223 - - [27/Apr/2025:12:52:22 -0400] "GET /robots.txt HTTP/1.1" 200 105 "-" "Mozilla/5.0 AppleWebKit/537.36 (KHTML, like Gecko; compatible; bingbot/2.0; +http://www.bing.com/bingbot.htm) Chrome/116.0.1938.76 Safari/537.36"
66.29.132.124 - - [27/Apr/2025:12:52:25 -0400] "POST /wp-cron.php?doing_wp_cron=1745772745.8187029361724853515625 HTTP/1.1" 200 0 "-" "WordPress/6.8; https://arsn.media"
52.167.144.25 - - [27/Apr/2025:12:52:23 -0400] "GET /snw9shr/applinked-code-for-downloader.html HTTP/1.1" 301 0 "-" "Mozilla/5.0 (Windows NT 10.0; Win64; x64) AppleWebKit/537.36 (KHTML, like Gecko) Chrome/112.0.0.0 Safari/537.36 Edg/112.0.1722.68"
66.29.132.124 - - [27/Apr/2025:12:52:26 -0400] "POST /wp-admin/admin-ajax.php?action=async_litespeed&nonce=tEWqaAs93yUFRRDujF9O2ybSi26ACTiu&litespeed_type=imgoptm HTTP/1.1" 200 0 "-" "WordPress/6.8; https://arsn.media"
66.29.132.124 - - [27/Apr/2025:12:52:26 -0400] "POST /wp-admin/admin-ajax.php?action=as_async_request_queue_runner&nonce=db6c3e20c5 HTTP/1.1" 200 0 "-" "WordPress/6.8; https://arsn.media"
40.77.167.33 - - [27/Apr/2025:12:52:26 -0400] "GET /snw9shr/applinked-code-for-downloader.html HTTP/1.1" 404 39149 "-" "Mozilla/5.0 (Windows NT 10.0; Win64; x64) AppleWebKit/537.36 (KHTML, like Gecko) Chrome/112.0.0.0 Safari/537.36 Edg/112.0.1722.68"
66.29.132.124 - - [27/Apr/2025:12:53:27 -0400] "POST /wp-cron.php?doing_wp_cron=1745772807.4267520904541015625000 HTTP/1.1" 200 0 "-" "WordPress/6.8; https://arsn.media"
149.57.17.105 - - [27/Apr/2025:12:53:27 -0400] "GET /affordable-wordpress-seo-agency/ HTTP/1.1" 200 82874 "-" "Mozilla/5.0 (Macintosh; Intel Mac OS X 10_15_7) AppleWebKit/537.36 (KHTML, like Gecko) Chrome/130.0.0.0 Safari/537.36"
66.29.132.124 - - [27/Apr/2025:12:53:27 -0400] "POST /wp-admin/admin-ajax.php?action=async_litespeed&nonce=CZzuPQ7i1Y92Y1ptN2gqGKTQa2eUwrN7&litespeed_type=imgoptm HTTP/1.1" 200 0 "-" "WordPress/6.8; https://arsn.media"
66.29.132.124 - - [27/Apr/2025:12:53:28 -0400] "POST /wp-admin/admin-ajax.php?action=as_async_request_queue_runner&nonce=db6c3e20c5 HTTP/1.1" 200 0 "-" "WordPress/6.8; https://arsn.media"
66.249.74.4 - - [27/Apr/2025:12:56:01 -0400] "GET /robots.txt HTTP/1.1" 200 105 "-" "Mozilla/5.0 (compatible; Googlebot/2.1; +http://www.google.com/bot.html)"
66.29.132.124 - - [27/Apr/2025:12:56:04 -0400] "POST /wp-cron.php?doing_wp_cron=1745772964.8663220405578613281250 HTTP/1.1" 200 0 "-" "WordPress/6.8; https://arsn.media"
66.249.74.4 - - [27/Apr/2025:12:56:01 -0400] "GET /mlp/edexcel-november-2021-maths-paper-1-foundation.html HTTP/1.1" 404 39262 "-" "Mozilla/5.0 (Linux; Android 6.0.1; Nexus 5X Build/MMB29P) AppleWebKit/537.36 (KHTML, like Gecko) Chrome/135.0.7049.95 Mobile Safari/537.36 (compatible; GoogleOther)"
66.29.132.124 - - [27/Apr/2025:12:56:05 -0400] "POST /wp-admin/admin-ajax.php?action=async_litespeed&nonce=WM9Ff1PoVjyP7WwxcC8JnUhBKJwezbeo&litespeed_type=imgoptm HTTP/1.1" 200 0 "-" "WordPress/6.8; https://arsn.media"
66.29.132.124 - - [27/Apr/2025:12:56:05 -0400] "POST /wp-admin/admin-ajax.php?action=as_async_request_queue_runner&nonce=db6c3e20c5 HTTP/1.1" 200 0 "-" "WordPress/6.8; https://arsn.media"
185.191.171.5 - - [27/Apr/2025:13:02:57 -0400] "GET /shopify-seo-services/ HTTP/1.1" 200 83774 "-" "Mozilla/5.0 (compatible; SemrushBot/7~bl; +http://www.semrush.com/bot.html)"
66.29.132.124 - - [27/Apr/2025:13:06:15 -0400] "POST /wp-cron.php?doing_wp_cron=1745773575.1047139167785644531250 HTTP/1.1" 200 0 "-" "WordPress/6.8; https://arsn.media"
66.249.74.3 - - [27/Apr/2025:13:06:10 -0400] "GET /mlp/does-fidelis-cover-blood-pressure-monitors.html HTTP/1.1" 404 39364 "-" "Mozilla/5.0 (Linux; Android 6.0.1; Nexus 5X Build/MMB29P) AppleWebKit/537.36 (KHTML, like Gecko) Chrome/135.0.7049.95 Mobile Safari/537.36 (compatible; GoogleOther)"
66.29.132.124 - - [27/Apr/2025:13:06:15 -0400] "POST /wp-admin/admin-ajax.php?action=async_litespeed&nonce=iW6CkPtoymnjmI0kMoT3VEnHIcIFMbDt&litespeed_type=imgoptm HTTP/1.1" 200 0 "-" "WordPress/6.8; https://arsn.media"
66.29.132.124 - - [27/Apr/2025:13:06:16 -0400] "POST /wp-admin/admin-ajax.php?action=as_async_request_queue_runner&nonce=db6c3e20c5 HTTP/1.1" 200 0 "-" "WordPress/6.8; https://arsn.media"
85.208.96.196 - - [27/Apr/2025:13:11:18 -0400] "GET /robots.txt HTTP/1.1" 200 121 "-" "Mozilla/5.0 (compatible; SemrushBot/7~bl; +http://www.semrush.com/bot.html)"
66.29.132.124 - - [27/Apr/2025:13:11:21 -0400] "POST /wp-cron.php?doing_wp_cron=1745773881.6996929645538330078125 HTTP/1.1" 200 0 "-" "WordPress/6.8; https://arsn.media"
66.29.132.124 - - [27/Apr/2025:13:11:22 -0400] "POST /wp-admin/admin-ajax.php?action=async_litespeed&nonce=O1U2cBySwBu8mruOF8XweSbAESLeYgxT&litespeed_type=imgoptm HTTP/1.1" 200 21 "-" "WordPress/6.8; https://arsn.media"
66.29.132.124 - - [27/Apr/2025:13:11:21 -0400] "POST /wp-admin/admin-ajax.php?action=as_async_request_queue_runner&nonce=db6c3e20c5 HTTP/1.1" 200 0 "-" "WordPress/6.8; https://arsn.media"
85.208.96.211 - - [27/Apr/2025:13:11:19 -0400] "GET /wp-admin/admin-ajax.php?action=process_simple_like&disabled=true&is_comment=0&nonce=c0d781c28a&post_id=12803 HTTP/1.1" 200 33 "-" "Mozilla/5.0 (compatible; SemrushBot/7~bl; +http://www.semrush.com/bot.html)"
66.29.132.124 - - [27/Apr/2025:13:15:08 -0400] "POST /wp-cron.php?doing_wp_cron=1745774107.1976430416107177734375 HTTP/1.1" 200 0 "-" "WordPress/6.8; https://arsn.media"
47.82.22.49 - - [27/Apr/2025:13:15:01 -0400] "GET /wp-admin/admin-ajax.php?action=process_simple_like&post_id=12213&nonce=3d251bb02d&is_comment=0&disabled=true HTTP/1.1" 200 17 "-" "Mozilla/5.0 (Macintosh; Intel Mac OS X 10_15_7) AppleWebKit/537.36 (KHTML, like Gecko) Chrome/122.0.0.0 Safari/537.36"
66.29.132.124 - - [27/Apr/2025:13:15:10 -0400] "POST /wp-admin/admin-ajax.php?action=as_async_request_queue_runner&nonce=db6c3e20c5 HTTP/1.1" 200 0 "-" "WordPress/6.8; https://arsn.media"
216.244.66.201 - - [27/Apr/2025:13:16:40 -0400] "GET /robots.txt HTTP/1.1" 200 168 "-" "Mozilla/5.0 (compatible; DotBot/1.2; +https://opensiteexplorer.org/dotbot; help@moz.com)"
66.29.132.124 - - [27/Apr/2025:13:18:11 -0400] "POST /wp-cron.php?doing_wp_cron=1745774291.9597790241241455078125 HTTP/1.1" 200 0 "-" "WordPress/6.8; https://arsn.media"
66.29.132.124 - - [27/Apr/2025:13:18:12 -0400] "POST /wp-admin/admin-ajax.php?action=async_litespeed&nonce=VoXNRSa2zV0tgb8DYA9HCNgFfjmBIDXR&litespeed_type=imgoptm HTTP/1.1" 200 0 "-" "WordPress/6.8; https://arsn.media"
66.249.74.5 - - [27/Apr/2025:13:18:08 -0400] "GET /mlp/2006-chevrolet-silverado-heater-blowing-cold-air.html HTTP/1.1" 404 39119 "-" "Mozilla/5.0 (Linux; Android 6.0.1; Nexus 5X Build/MMB29P) AppleWebKit/537.36 (KHTML, like Gecko) Chrome/135.0.7049.95 Mobile Safari/537.36 (compatible; GoogleOther)"
66.29.132.124 - - [27/Apr/2025:13:18:13 -0400] "POST /wp-admin/admin-ajax.php?action=as_async_request_queue_runner&nonce=db6c3e20c5 HTTP/1.1" 200 0 "-" "WordPress/6.8; https://arsn.media"
66.29.132.124 - - [27/Apr/2025:13:19:35 -0400] "POST /wp-cron.php?doing_wp_cron=1745774375.2641210556030273437500 HTTP/1.1" 200 0 "-" "WordPress/6.8; https://arsn.media"
216.244.66.201 - - [27/Apr/2025:13:19:34 -0400] "GET /zegh/java-unmap-memory-mapped-file.html HTTP/1.1" 404 566859 "-" "Mozilla/5.0 (compatible; DotBot/1.2; +https://opensiteexplorer.org/dotbot; help@moz.com)"
66.29.132.124 - - [27/Apr/2025:13:19:35 -0400] "POST /wp-admin/admin-ajax.php?action=async_litespeed&nonce=FwzbtzhBaYwwcrjLdyz79Wj9kBTzls6V&litespeed_type=imgoptm HTTP/1.1" 200 0 "-" "WordPress/6.8; https://arsn.media"
66.29.132.124 - - [27/Apr/2025:13:19:36 -0400] "POST /wp-admin/admin-ajax.php?action=as_async_request_queue_runner&nonce=db6c3e20c5 HTTP/1.1" 200 0 "-" "WordPress/6.8; https://arsn.media"
66.29.132.124 - - [27/Apr/2025:13:20:13 -0400] "POST /wp-cron.php?doing_wp_cron=1745774413.5670919418334960937500 HTTP/1.1" 200 0 "-" "WordPress/6.8; https://arsn.media"
216.244.66.201 - - [27/Apr/2025:13:20:13 -0400] "GET /808/p0304-code-nissan-altima.html HTTP/1.1" 404 566523 "-" "Mozilla/5.0 (compatible; DotBot/1.2; +https://opensiteexplorer.org/dotbot; help@moz.com)"
66.29.132.124 - - [27/Apr/2025:13:20:48 -0400] "POST /wp-cron.php?doing_wp_cron=1745774448.4111299514770507812500 HTTP/1.1" 200 0 "-" "WordPress/6.8; https://arsn.media"
216.244.66.201 - - [27/Apr/2025:13:20:48 -0400] "GET /mlp/schumacher-jump-starter-blinking-green-light.html HTTP/1.1" 404 567643 "-" "Mozilla/5.0 (compatible; DotBot/1.2; +https://opensiteexplorer.org/dotbot; help@moz.com)"
66.29.132.124 - - [27/Apr/2025:13:20:48 -0400] "POST /wp-admin/admin-ajax.php?action=async_litespeed&nonce=J2i0TFs8KRRt2JcCc5Y8x3dyuktqQHI5&litespeed_type=imgoptm HTTP/1.1" 200 0 "-" "WordPress/6.8; https://arsn.media"
66.29.132.124 - - [27/Apr/2025:13:20:49 -0400] "POST /wp-admin/admin-ajax.php?action=as_async_request_queue_runner&nonce=db6c3e20c5 HTTP/1.1" 200 0 "-" "WordPress/6.8; https://arsn.media"
66.29.132.124 - - [27/Apr/2025:13:21:21 -0400] "POST /wp-cron.php?doing_wp_cron=1745774481.6264400482177734375000 HTTP/1.1" 200 0 "-" "WordPress/6.8; https://arsn.media"
216.244.66.201 - - [27/Apr/2025:13:21:21 -0400] "GET /808/mazak-programming-manual-pdf.html HTTP/1.1" 404 566747 "-" "Mozilla/5.0 (compatible; DotBot/1.2; +https://opensiteexplorer.org/dotbot; help@moz.com)"
66.29.132.124 - - [27/Apr/2025:13:21:54 -0400] "POST /wp-cron.php?doing_wp_cron=1745774514.4253070354461669921875 HTTP/1.1" 200 0 "-" "WordPress/6.8; https://arsn.media"
216.244.66.201 - - [27/Apr/2025:13:21:54 -0400] "GET /snw9shr/earth-dragon-names-female.html HTTP/1.1" 404 566803 "-" "Mozilla/5.0 (compatible; DotBot/1.2; +https://opensiteexplorer.org/dotbot; help@moz.com)"
66.29.132.124 - - [27/Apr/2025:13:21:54 -0400] "POST /wp-admin/admin-ajax.php?action=async_litespeed&nonce=ktvT90kb7MnWkpp67SmwLJg5UnR7mSRF&litespeed_type=imgoptm HTTP/1.1" 200 0 "-" "WordPress/6.8; https://arsn.media"
66.29.132.124 - - [27/Apr/2025:13:21:54 -0400] "POST /wp-admin/admin-ajax.php?action=as_async_request_queue_runner&nonce=db6c3e20c5 HTTP/1.1" 200 0 "-" "WordPress/6.8; https://arsn.media"
216.244.66.201 - - [27/Apr/2025:13:22:27 -0400] "GET /snw9shr/the-wizard-pipe.html HTTP/1.1" 404 566243 "-" "Mozilla/5.0 (compatible; DotBot/1.2; +https://opensiteexplorer.org/dotbot; help@moz.com)"
66.29.132.124 - - [27/Apr/2025:13:23:01 -0400] "POST /wp-cron.php?doing_wp_cron=1745774581.8786940574645996093750 HTTP/1.1" 200 0 "-" "WordPress/6.8; https://arsn.media"
216.244.66.201 - - [27/Apr/2025:13:23:01 -0400] "GET /808/southeast-missouri-homes-for-sale.html HTTP/1.1" 404 567027 "-" "Mozilla/5.0 (compatible; DotBot/1.2; +https://opensiteexplorer.org/dotbot; help@moz.com)"
66.29.132.124 - - [27/Apr/2025:13:23:02 -0400] "POST /wp-admin/admin-ajax.php?action=async_litespeed&nonce=3BSvYMkTCdTFSkYQIyY6WmnXKpWWdK1u&litespeed_type=imgoptm HTTP/1.1" 200 0 "-" "WordPress/6.8; https://arsn.media"
66.29.132.124 - - [27/Apr/2025:13:23:02 -0400] "POST /wp-admin/admin-ajax.php?action=as_async_request_queue_runner&nonce=db6c3e20c5 HTTP/1.1" 200 0 "-" "WordPress/6.8; https://arsn.media"
66.29.132.124 - - [27/Apr/2025:13:23:34 -0400] "POST /wp-cron.php?doing_wp_cron=1745774614.9103360176086425781250 HTTP/1.1" 200 0 "-" "WordPress/6.8; https://arsn.media"
216.244.66.201 - - [27/Apr/2025:13:23:34 -0400] "GET /snw9shr/kioti-ck25-backhoe.html HTTP/1.1" 404 566411 "-" "Mozilla/5.0 (compatible; DotBot/1.2; +https://opensiteexplorer.org/dotbot; help@moz.com)"
66.29.132.124 - - [27/Apr/2025:13:23:35 -0400] "POST /wp-admin/admin-ajax.php?action=async_litespeed&nonce=38TMRDTZAFFpRBDjdl4rMACDJnd5mrB8&litespeed_type=imgoptm HTTP/1.1" 200 21 "-" "WordPress/6.8; https://arsn.media"
66.29.132.124 - - [27/Apr/2025:13:24:08 -0400] "POST /wp-cron.php?doing_wp_cron=1745774648.9218890666961669921875 HTTP/1.1" 200 0 "-" "WordPress/6.8; https://arsn.media"
216.244.66.201 - - [27/Apr/2025:13:24:08 -0400] "GET /snw9shr/strength-studio-tt-coupon.html HTTP/1.1" 404 566803 "-" "Mozilla/5.0 (compatible; DotBot/1.2; +https://opensiteexplorer.org/dotbot; help@moz.com)"
66.29.132.124 - - [27/Apr/2025:13:24:41 -0400] "POST /wp-cron.php?doing_wp_cron=1745774681.1365590095520019531250 HTTP/1.1" 200 0 "-" "WordPress/6.8; https://arsn.media"
216.244.66.201 - - [27/Apr/2025:13:24:40 -0400] "GET /mlp/cheap-apartments-near-virginia.html HTTP/1.1" 404 566859 "-" "Mozilla/5.0 (compatible; DotBot/1.2; +https://opensiteexplorer.org/dotbot; help@moz.com)"
66.29.132.124 - - [27/Apr/2025:13:24:41 -0400] "POST /wp-admin/admin-ajax.php?action=async_litespeed&nonce=uvxCv6tqD2Cdom32yN4uhqan79MNZT3w&litespeed_type=imgoptm HTTP/1.1" 200 21 "-" "WordPress/6.8; https://arsn.media"
4.227.36.11 - - [27/Apr/2025:13:39:41 -0400] "GET /robots.txt HTTP/1.1" 200 105 "-" "Mozilla/5.0 AppleWebKit/537.36 (KHTML, like Gecko; compatible; GPTBot/1.2; +https://openai.com/gptbot)"
66.29.132.124 - - [27/Apr/2025:13:39:55 -0400] "POST /wp-cron.php?doing_wp_cron=1745775595.4923589229583740234375 HTTP/1.1" 200 0 "-" "WordPress/6.8; https://arsn.media"
20.171.207.19 - - [27/Apr/2025:13:39:41 -0400] "GET /xmlrpc.php HTTP/1.1" 405 46 "-" "Mozilla/5.0 AppleWebKit/537.36 (KHTML, like Gecko; compatible; GPTBot/1.2; +https://openai.com/gptbot)"
66.29.132.124 - - [27/Apr/2025:13:39:56 -0400] "POST /wp-admin/admin-ajax.php?action=async_litespeed&nonce=hllHjY8XwA8mWreCloGuE5QVDHA9UL2H&litespeed_type=imgoptm HTTP/1.1" 200 0 "-" "WordPress/6.8; https://arsn.media"
40.77.167.18 - - [27/Apr/2025:13:41:10 -0400] "GET /wp-content/uploads/2024/06/on-page-seo.png HTTP/1.1" 200 71690 "-" "Mozilla/5.0 AppleWebKit/537.36 (KHTML, like Gecko; compatible; bingbot/2.0; +http://www.bing.com/bingbot.htm) Chrome/116.0.1938.76 Safari/537.36"
156.228.106.33 - - [27/Apr/2025:13:42:40 -0400] "GET /contacts/ HTTP/1.1" 200 40532 "-" "Mozilla/5.0 (Macintosh; Intel Mac OS X 12.5; rv:114.0) Gecko/20100101 Firefox/114.0"
156.228.106.33 - - [27/Apr/2025:13:42:41 -0400] "GET /wp-content/plugins/contact-form-7/includes/js/index.js?ver=6.0.6 HTTP/1.1" 200 4008 "-" "Mozilla/5.0 (Macintosh; Intel Mac OS X 12.5; rv:114.0) Gecko/20100101 Firefox/114.0"
66.29.132.124 - - [27/Apr/2025:13:42:45 -0400] "POST /wp-cron.php?doing_wp_cron=1745775765.6576590538024902343750 HTTP/1.1" 200 0 "-" "WordPress/6.8; https://arsn.media"
66.29.132.124 - - [27/Apr/2025:13:42:46 -0400] "POST /wp-admin/admin-ajax.php?action=async_litespeed&nonce=532GUuTU1eWLmlXWFXannq10JoZrFrCI&litespeed_type=imgoptm HTTP/1.1" 200 0 "-" "WordPress/6.8; https://arsn.media"
156.228.106.33 - - [27/Apr/2025:13:42:41 -0400] "POST /wp-admin/admin-ajax.php HTTP/1.1" 200 79 "https://arsn.media/contacts/" "Mozilla/5.0 (Macintosh; Intel Mac OS X 12.5; rv:114.0) Gecko/20100101 Firefox/114.0"
66.29.132.124 - - [27/Apr/2025:13:42:47 -0400] "POST /wp-admin/admin-ajax.php?action=as_async_request_queue_runner&nonce=db6c3e20c5 HTTP/1.1" 200 0 "-" "WordPress/6.8; https://arsn.media"
66.29.132.124 - - [27/Apr/2025:13:43:06 -0400] "POST /wp-cron.php?doing_wp_cron=1745775786.3463640213012695312500 HTTP/1.1" 200 0 "-" "WordPress/6.8; https://arsn.media"
185.191.171.7 - - [27/Apr/2025:13:43:05 -0400] "GET /ukdygc/nopixel-lower-vault-reddit.html HTTP/1.1" 404 60662 "-" "Mozilla/5.0 (compatible; SemrushBot/7~bl; +http://www.semrush.com/bot.html)"
40.77.167.18 - - [27/Apr/2025:13:44:40 -0400] "GET /wp-content/uploads/2024/08/Untitled-design-42.png HTTP/1.1" 200 272092 "-" "Mozilla/5.0 AppleWebKit/537.36 (KHTML, like Gecko; compatible; bingbot/2.0; +http://www.bing.com/bingbot.htm) Chrome/116.0.1938.76 Safari/537.36"
66.29.132.124 - - [27/Apr/2025:13:50:33 -0400] "POST /wp-cron.php?doing_wp_cron=1745776233.4600250720977783203125 HTTP/1.1" 200 0 "-" "WordPress/6.8; https://arsn.media"
66.29.132.124 - - [27/Apr/2025:13:50:34 -0400] "POST /wp-admin/admin-ajax.php?action=async_litespeed&nonce=lPSRha3veNYyuIFPbqU2xgtl74d8Jp8q&litespeed_type=imgoptm HTTP/1.1" 200 0 "-" "WordPress/6.8; https://arsn.media"
66.249.74.3 - - [27/Apr/2025:13:50:29 -0400] "GET /mlp/2005-electra-glide-oil-capacity.html HTTP/1.1" 404 39286 "-" "Mozilla/5.0 (Linux; Android 6.0.1; Nexus 5X Build/MMB29P) AppleWebKit/537.36 (KHTML, like Gecko) Chrome/135.0.7049.95 Mobile Safari/537.36 (compatible; GoogleOther)"
66.29.132.124 - - [27/Apr/2025:13:50:34 -0400] "POST /wp-admin/admin-ajax.php?action=as_async_request_queue_runner&nonce=db6c3e20c5 HTTP/1.1" 200 0 "-" "WordPress/6.8; https://arsn.media"
54.36.148.213 - - [27/Apr/2025:13:55:31 -0400] "GET /robots.txt HTTP/1.1" 200 105 "-" "Mozilla/5.0 (compatible; AhrefsBot/7.0; +http://ahrefs.com/robot/)"
17.241.219.94 - - [27/Apr/2025:13:57:32 -0400] "GET /robots.txt HTTP/1.1" 200 121 "-" "Mozilla/5.0 (Macintosh; Intel Mac OS X 10_15_7) AppleWebKit/605.1.15 (KHTML, like Gecko) Version/17.4 Safari/605.1.15 (Applebot/0.1; +http://www.apple.com/go/applebot)"
17.241.219.94 - - [27/Apr/2025:13:57:33 -0400] "GET /search-engine-marketing-services/ HTTP/1.1" 200 79486 "-" "Mozilla/5.0 (Macintosh; Intel Mac OS X 10_15_7) AppleWebKit/605.1.15 (KHTML, like Gecko) Version/17.4 Safari/605.1.15 (Applebot/0.1; +http://www.apple.com/go/applebot)"
66.29.132.124 - - [27/Apr/2025:13:58:26 -0400] "POST /wp-cron.php?doing_wp_cron=1745776706.4348359107971191406250 HTTP/1.1" 200 0 "-" "WordPress/6.8; https://arsn.media"
142.93.213.178 - - [27/Apr/2025:13:58:20 -0400] "POST /xmlrpc.php HTTP/1.1" 200 403 "-" "Mozilla/5.0 (Windows NT 6.1; Win64; x64; rv:61.0) Gecko/20100101 Firefox/61.0"
185.103.159.21 - - [27/Apr/2025:13:58:20 -0400] "POST /xmlrpc.php HTTP/1.1" 200 403 "-" "Mozilla/5.0 (Windows NT 10.0; Win64; x64; rv:63.0) Gecko/20100101 Firefox/63.0"
66.29.132.124 - - [27/Apr/2025:13:58:27 -0400] "POST /wp-admin/admin-ajax.php?action=async_litespeed&nonce=03Hr9PWhMYcXN7xOyDrEfGMyYRYg7jGA&litespeed_type=imgoptm HTTP/1.1" 200 0 "-" "WordPress/6.8; https://arsn.media"
178.128.96.6 - - [27/Apr/2025:13:58:33 -0400] "POST /xmlrpc.php HTTP/1.1" 200 403 "-" "Mozilla/5.0 (Windows NT 10.0; Win64; x64) AppleWebKit/537.36 (KHTML, like Gecko) Chrome/87.0.4280.141 Safari/537.36"
66.29.132.124 - - [27/Apr/2025:13:58:39 -0400] "POST /wp-cron.php?doing_wp_cron=1745776719.8036270141601562500000 HTTP/1.1" 200 0 "-" "WordPress/6.8; https://arsn.media"
159.65.137.64 - - [27/Apr/2025:13:58:39 -0400] "POST /xmlrpc.php HTTP/1.1" 200 403 "-" "Mozilla/5.0 (Windows NT 5.1; rv:36.0) Gecko/20100101 Firefox/36.0"
66.29.132.124 - - [27/Apr/2025:13:58:40 -0400] "POST /wp-admin/admin-ajax.php?action=async_litespeed&nonce=5xuYNnhqggjDsiO2yHwA5tTVgm2COrDb&litespeed_type=imgoptm HTTP/1.1" 200 21 "-" "WordPress/6.8; https://arsn.media"
74.177.208.127 - - [27/Apr/2025:13:58:42 -0400] "POST /xmlrpc.php HTTP/1.1" 200 403 "-" "Mozilla/5.0 (Windows NT 10.0; Win64; x64) AppleWebKit/537.36 (KHTML, like Gecko) Chrome/79.0.3945.117 Safari/537.36"
159.65.137.64 - - [27/Apr/2025:13:58:43 -0400] "POST /xmlrpc.php HTTP/1.1" 200 403 "-" "Mozilla/5.0 (Windows NT 6.1; WOW64; rv:42.0) Gecko/20100101 Firefox/42.0"
51.68.11.227 - - [27/Apr/2025:13:58:46 -0400] "POST /xmlrpc.php HTTP/1.1" 200 403 "-" "Mozilla/5.0 (Windows NT 10.0; Win64; x64) AppleWebKit/537.36 (KHTML, like Gecko) Chrome/68.0.3440.106 Safari/537.36"
66.29.132.124 - - [27/Apr/2025:13:58:50 -0400] "POST /wp-cron.php?doing_wp_cron=1745776730.4415559768676757812500 HTTP/1.1" 200 0 "-" "WordPress/6.8; https://arsn.media"
77.245.159.21 - - [27/Apr/2025:13:58:50 -0400] "POST /xmlrpc.php HTTP/1.1" 200 403 "-" "Mozilla/5.0 (Windows NT 6.1; Win64; x64) AppleWebKit/537.36 (KHTML, like Gecko) Chrome/63.0.3239.132 Safari/537.36"
165.232.67.99 - - [27/Apr/2025:13:58:53 -0400] "POST /xmlrpc.php HTTP/1.1" 200 403 "-" "Mozilla/5.0 (Windows NT 6.0; rv:34.0) Gecko/20100101 Firefox/34.0"
5.44.111.184 - - [27/Apr/2025:13:58:56 -0400] "POST /xmlrpc.php HTTP/1.1" 200 403 "-" "Mozilla/5.0 (Windows NT 10.0; Win64; x64) AppleWebKit/537.36 (KHTML, like Gecko) Chrome/86.0.4240.198 Safari/537.36"
69.171.231.5 - - [27/Apr/2025:14:03:28 -0400] "GET /robots.txt HTTP/1.1" 200 168 "-" "facebookexternalhit/1.1 (+http://www.facebook.com/externalhit_uatext.php)"
57.141.4.23 - - [27/Apr/2025:14:10:25 -0400] "GET /about-company/ HTTP/1.1" 200 608510 "-" "meta-externalagent/1.1 (+https://developers.facebook.com/docs/sharing/webmasters/crawler)"
195.26.224.235 - - [27/Apr/2025:14:12:01 -0400] "GET / HTTP/1.1" 200 72353 "-" "Mozilla/5.0 (Macintosh; Intel Mac OS X 10_15_7) AppleWebKit/537.36 (KHTML, like Gecko) Chrome/133.0.0.0 Safari/537.36"
66.29.132.124 - - [27/Apr/2025:14:12:14 -0400] "POST /wp-cron.php?doing_wp_cron=1745777534.5084559917449951171875 HTTP/1.1" 200 0 "-" "WordPress/6.8; https://arsn.media"
66.29.132.124 - - [27/Apr/2025:14:12:15 -0400] "POST /wp-admin/admin-ajax.php?action=async_litespeed&nonce=mzpmkQ65OrtpnSi5JMOcnr32rtQewaBl&litespeed_type=imgoptm HTTP/1.1" 200 0 "-" "WordPress/6.8; https://arsn.media"
202.70.40.34 - - [27/Apr/2025:14:12:05 -0400] "POST / HTTP/1.1" 200 71692 "-" "Mozilla/5.0 (Macintosh; Intel Mac OS X 10_15_7) AppleWebKit/537.36 (KHTML, like Gecko) Chrome/133.0.0.0 Safari/537.36"
202.70.40.34 - - [27/Apr/2025:14:12:26 -0400] "POST / HTTP/1.1" 200 72397 "-" "Mozilla/5.0 (Windows NT 10.0; Win64; x64) AppleWebKit/537.36 (KHTML, like Gecko) Chrome/120.0.0.0 Safari/537.36"
66.29.132.124 - - [27/Apr/2025:14:12:38 -0400] "POST /wp-cron.php?doing_wp_cron=1745777558.3556718826293945312500 HTTP/1.1" 200 0 "-" "WordPress/6.8; https://arsn.media"
202.70.40.34 - - [27/Apr/2025:14:12:37 -0400] "POST / HTTP/1.1" 200 72481 "-" "Mozilla/5.0 (Macintosh; Intel Mac OS X 10_15_7) AppleWebKit/537.36 (KHTML, like Gecko) Chrome/133.0.0.0 Safari/537.36"
66.29.132.124 - - [27/Apr/2025:14:12:38 -0400] "POST /wp-admin/admin-ajax.php?action=async_litespeed&nonce=OzfHrqS0jwo8OdWFWUlGz8cpgEnnHSCw&litespeed_type=imgoptm HTTP/1.1" 200 21 "-" "WordPress/6.8; https://arsn.media"
202.70.40.34 - - [27/Apr/2025:14:12:44 -0400] "POST / HTTP/1.1" 200 72493 "-" "Mozilla/5.0 (Windows NT 10.0; Win64; x64) AppleWebKit/537.36 (KHTML, like Gecko) Chrome/120.0.0.0 Safari/537.36"
195.26.224.235 - - [27/Apr/2025:14:12:49 -0400] "GET /comments/feed/ HTTP/1.1" 200 417 "-" "Mozilla/5.0 (Macintosh; Intel Mac OS X 10_15_7) AppleWebKit/537.36 (KHTML, like Gecko) Chrome/133.0.0.0 Safari/537.36"
195.26.224.235 - - [27/Apr/2025:14:12:50 -0400] "GET /contacts/ HTTP/1.1" 200 60713 "-" "Mozilla/5.0 (Macintosh; Intel Mac OS X 10_15_7) AppleWebKit/537.36 (KHTML, like Gecko) Chrome/133.0.0.0 Safari/537.36"
66.29.132.124 - - [27/Apr/2025:14:12:55 -0400] "POST /wp-cron.php?doing_wp_cron=1745777575.8219668865203857421875 HTTP/1.1" 200 0 "-" "WordPress/6.8; https://arsn.media"
202.70.40.34 - - [27/Apr/2025:14:12:55 -0400] "POST /contacts/ HTTP/1.1" 200 60664 "-" "Mozilla/5.0 (Macintosh; Intel Mac OS X 10_15_7) AppleWebKit/537.36 (KHTML, like Gecko) Chrome/133.0.0.0 Safari/537.36"
202.70.40.34 - - [27/Apr/2025:14:13:00 -0400] "POST /contacts/ HTTP/1.1" 200 62444 "-" "Mozilla/5.0 (Windows NT 10.0; Win64; x64) AppleWebKit/537.36 (KHTML, like Gecko) Chrome/120.0.0.0 Safari/537.36"
202.70.40.34 - - [27/Apr/2025:14:13:06 -0400] "POST /contacts/ HTTP/1.1" 200 60664 "-" "Mozilla/5.0 (Macintosh; Intel Mac OS X 10_15_7) AppleWebKit/537.36 (KHTML, like Gecko) Chrome/133.0.0.0 Safari/537.36"
202.70.40.34 - - [27/Apr/2025:14:13:13 -0400] "POST /contacts/ HTTP/1.1" 200 62235 "-" "Mozilla/5.0 (Windows NT 10.0; Win64; x64) AppleWebKit/537.36 (KHTML, like Gecko) Chrome/120.0.0.0 Safari/537.36"
195.26.224.235 - - [27/Apr/2025:14:13:19 -0400] "GET /blog/ HTTP/1.1" 200 64331 "-" "Mozilla/5.0 (Macintosh; Intel Mac OS X 10_15_7) AppleWebKit/537.36 (KHTML, like Gecko) Chrome/133.0.0.0 Safari/537.36"
202.70.40.34 - - [27/Apr/2025:14:13:26 -0400] "POST /blog/ HTTP/1.1" 200 64631 "-" "Mozilla/5.0 (Macintosh; Intel Mac OS X 10_15_7) AppleWebKit/537.36 (KHTML, like Gecko) Chrome/133.0.0.0 Safari/537.36"
66.29.132.124 - - [27/Apr/2025:14:13:35 -0400] "POST /wp-cron.php?doing_wp_cron=1745777615.4021980762481689453125 HTTP/1.1" 200 0 "-" "WordPress/6.8; https://arsn.media"
202.70.40.34 - - [27/Apr/2025:14:13:34 -0400] "POST /blog/ HTTP/1.1" 200 64828 "-" "Mozilla/5.0 (Windows NT 10.0; Win64; x64) AppleWebKit/537.36 (KHTML, like Gecko) Chrome/120.0.0.0 Safari/537.36"
66.29.132.124 - - [27/Apr/2025:14:13:35 -0400] "POST /wp-admin/admin-ajax.php?action=async_litespeed&nonce=F8qM70MSLNUAF0a7ofgQT8NLHdxhetUK&litespeed_type=imgoptm HTTP/1.1" 200 0 "-" "WordPress/6.8; https://arsn.media"
66.29.132.124 - - [27/Apr/2025:14:13:36 -0400] "POST /wp-admin/admin-ajax.php?action=as_async_request_queue_runner&nonce=db6c3e20c5 HTTP/1.1" 200 0 "-" "WordPress/6.8; https://arsn.media"
202.70.40.34 - - [27/Apr/2025:14:13:39 -0400] "POST /blog/ HTTP/1.1" 200 64631 "-" "Mozilla/5.0 (Macintosh; Intel Mac OS X 10_15_7) AppleWebKit/537.36 (KHTML, like Gecko) Chrome/133.0.0.0 Safari/537.36"
202.70.40.34 - - [27/Apr/2025:14:13:45 -0400] "POST /blog/ HTTP/1.1" 200 64829 "-" "Mozilla/5.0 (Windows NT 10.0; Win64; x64) AppleWebKit/537.36 (KHTML, like Gecko) Chrome/120.0.0.0 Safari/537.36"
195.26.224.235 - - [27/Apr/2025:14:13:52 -0400] "GET /blog/page/2/ HTTP/1.1" 200 63600 "-" "Mozilla/5.0 (Macintosh; Intel Mac OS X 10_15_7) AppleWebKit/537.36 (KHTML, like Gecko) Chrome/133.0.0.0 Safari/537.36"
66.29.132.124 - - [27/Apr/2025:14:13:57 -0400] "POST /wp-cron.php?doing_wp_cron=1745777637.4543159008026123046875 HTTP/1.1" 200 0 "-" "WordPress/6.8; https://arsn.media"
202.70.40.34 - - [27/Apr/2025:14:13:57 -0400] "POST /blog/page/2/ HTTP/1.1" 200 64576 "-" "Mozilla/5.0 (Macintosh; Intel Mac OS X 10_15_7) AppleWebKit/537.36 (KHTML, like Gecko) Chrome/133.0.0.0 Safari/537.36"
202.70.40.34 - - [27/Apr/2025:14:14:05 -0400] "POST /blog/page/2/ HTTP/1.1" 200 64576 "-" "Mozilla/5.0 (Windows NT 10.0; Win64; x64) AppleWebKit/537.36 (KHTML, like Gecko) Chrome/120.0.0.0 Safari/537.36"
202.70.40.34 - - [27/Apr/2025:14:14:10 -0400] "POST /blog/page/2/ HTTP/1.1" 200 64576 "-" "Mozilla/5.0 (Macintosh; Intel Mac OS X 10_15_7) AppleWebKit/537.36 (KHTML, like Gecko) Chrome/133.0.0.0 Safari/537.36"
202.70.40.34 - - [27/Apr/2025:14:14:16 -0400] "POST /blog/page/2/ HTTP/1.1" 200 64544 "-" "Mozilla/5.0 (Windows NT 10.0; Win64; x64) AppleWebKit/537.36 (KHTML, like Gecko) Chrome/120.0.0.0 Safari/537.36"
195.26.224.235 - - [27/Apr/2025:14:14:21 -0400] "GET /blog/page/3/ HTTP/1.1" 200 64040 "-" "Mozilla/5.0 (Macintosh; Intel Mac OS X 10_15_7) AppleWebKit/537.36 (KHTML, like Gecko) Chrome/133.0.0.0 Safari/537.36"
202.70.40.34 - - [27/Apr/2025:14:14:26 -0400] "POST /blog/page/3/ HTTP/1.1" 200 63492 "-" "Mozilla/5.0 (Macintosh; Intel Mac OS X 10_15_7) AppleWebKit/537.36 (KHTML, like Gecko) Chrome/133.0.0.0 Safari/537.36"
202.70.40.34 - - [27/Apr/2025:14:14:31 -0400] "POST /blog/page/3/ HTTP/1.1" 200 64023 "-" "Mozilla/5.0 (Windows NT 10.0; Win64; x64) AppleWebKit/537.36 (KHTML, like Gecko) Chrome/120.0.0.0 Safari/537.36"
66.29.132.124 - - [27/Apr/2025:14:14:38 -0400] "POST /wp-cron.php?doing_wp_cron=1745777678.6980659961700439453125 HTTP/1.1" 200 0 "-" "WordPress/6.8; https://arsn.media"
202.70.40.34 - - [27/Apr/2025:14:14:37 -0400] "POST /blog/page/3/ HTTP/1.1" 200 64047 "-" "Mozilla/5.0 (Macintosh; Intel Mac OS X 10_15_7) AppleWebKit/537.36 (KHTML, like Gecko) Chrome/133.0.0.0 Safari/537.36"
66.29.132.124 - - [27/Apr/2025:14:14:39 -0400] "POST /wp-admin/admin-ajax.php?action=async_litespeed&nonce=XJgHHRNAgz7rw7ytxZPHoNb9b3Y0LwoR&litespeed_type=imgoptm HTTP/1.1" 200 0 "-" "WordPress/6.8; https://arsn.media"
66.29.132.124 - - [27/Apr/2025:14:14:40 -0400] "POST /wp-admin/admin-ajax.php?action=as_async_request_queue_runner&nonce=db6c3e20c5 HTTP/1.1" 200 0 "-" "WordPress/6.8; https://arsn.media"
202.70.40.34 - - [27/Apr/2025:14:14:45 -0400] "POST /blog/page/3/ HTTP/1.1" 200 64047 "-" "Mozilla/5.0 (Windows NT 10.0; Win64; x64) AppleWebKit/537.36 (KHTML, like Gecko) Chrome/120.0.0.0 Safari/537.36"
195.26.224.235 - - [27/Apr/2025:14:14:49 -0400] "GET /blog/page/4/ HTTP/1.1" 200 64399 "-" "Mozilla/5.0 (Macintosh; Intel Mac OS X 10_15_7) AppleWebKit/537.36 (KHTML, like Gecko) Chrome/133.0.0.0 Safari/537.36"
66.29.132.124 - - [27/Apr/2025:14:14:54 -0400] "POST /wp-cron.php?doing_wp_cron=1745777694.5701251029968261718750 HTTP/1.1" 200 0 "-" "WordPress/6.8; https://arsn.media"
202.70.40.34 - - [27/Apr/2025:14:14:53 -0400] "POST /blog/page/4/ HTTP/1.1" 200 63396 "-" "Mozilla/5.0 (Macintosh; Intel Mac OS X 10_15_7) AppleWebKit/537.36 (KHTML, like Gecko) Chrome/133.0.0.0 Safari/537.36"
202.70.40.34 - - [27/Apr/2025:14:15:00 -0400] "POST /blog/page/4/ HTTP/1.1" 200 63396 "-" "Mozilla/5.0 (Windows NT 10.0; Win64; x64) AppleWebKit/537.36 (KHTML, like Gecko) Chrome/120.0.0.0 Safari/537.36"
202.70.40.34 - - [27/Apr/2025:14:15:07 -0400] "POST /blog/page/4/ HTTP/1.1" 200 63396 "-" "Mozilla/5.0 (Macintosh; Intel Mac OS X 10_15_7) AppleWebKit/537.36 (KHTML, like Gecko) Chrome/133.0.0.0 Safari/537.36"
202.70.40.34 - - [27/Apr/2025:14:15:17 -0400] "POST /blog/page/4/ HTTP/1.1" 200 64345 "-" "Mozilla/5.0 (Windows NT 10.0; Win64; x64) AppleWebKit/537.36 (KHTML, like Gecko) Chrome/120.0.0.0 Safari/537.36"
195.26.224.235 - - [27/Apr/2025:14:15:23 -0400] "GET /blog/page/5/ HTTP/1.1" 200 64022 "-" "Mozilla/5.0 (Macintosh; Intel Mac OS X 10_15_7) AppleWebKit/537.36 (KHTML, like Gecko) Chrome/133.0.0.0 Safari/537.36"
202.70.40.34 - - [27/Apr/2025:14:15:27 -0400] "POST /blog/page/5/ HTTP/1.1" 200 64482 "-" "Mozilla/5.0 (Macintosh; Intel Mac OS X 10_15_7) AppleWebKit/537.36 (KHTML, like Gecko) Chrome/133.0.0.0 Safari/537.36"
66.29.132.124 - - [27/Apr/2025:14:15:34 -0400] "POST /wp-cron.php?doing_wp_cron=1745777734.3714120388031005859375 HTTP/1.1" 200 0 "-" "WordPress/6.8; https://arsn.media"
202.70.40.34 - - [27/Apr/2025:14:15:33 -0400] "POST /blog/page/5/ HTTP/1.1" 200 64482 "-" "Mozilla/5.0 (Windows NT 10.0; Win64; x64) AppleWebKit/537.36 (KHTML, like Gecko) Chrome/120.0.0.0 Safari/537.36"
66.29.132.124 - - [27/Apr/2025:14:15:35 -0400] "POST /wp-admin/admin-ajax.php?action=async_litespeed&nonce=yu8PG4p8CBrc0VWSFhGjRpawAW4UuNWl&litespeed_type=imgoptm HTTP/1.1" 200 21 "-" "WordPress/6.8; https://arsn.media"
202.70.40.34 - - [27/Apr/2025:14:15:39 -0400] "POST /blog/page/5/ HTTP/1.1" 200 64488 "-" "Mozilla/5.0 (Macintosh; Intel Mac OS X 10_15_7) AppleWebKit/537.36 (KHTML, like Gecko) Chrome/133.0.0.0 Safari/537.36"
202.70.40.34 - - [27/Apr/2025:14:15:44 -0400] "POST /blog/page/5/ HTTP/1.1" 200 64347 "-" "Mozilla/5.0 (Windows NT 10.0; Win64; x64) AppleWebKit/537.36 (KHTML, like Gecko) Chrome/120.0.0.0 Safari/537.36"
195.26.224.235 - - [27/Apr/2025:14:15:50 -0400] "GET /blog/page/6/ HTTP/1.1" 200 64535 "-" "Mozilla/5.0 (Macintosh; Intel Mac OS X 10_15_7) AppleWebKit/537.36 (KHTML, like Gecko) Chrome/133.0.0.0 Safari/537.36"
66.29.132.124 - - [27/Apr/2025:14:15:56 -0400] "POST /wp-cron.php?doing_wp_cron=1745777756.4585781097412109375000 HTTP/1.1" 200 0 "-" "WordPress/6.8; https://arsn.media"
202.70.40.34 - - [27/Apr/2025:14:15:55 -0400] "POST /blog/page/6/ HTTP/1.1" 200 63504 "-" "Mozilla/5.0 (Macintosh; Intel Mac OS X 10_15_7) AppleWebKit/537.36 (KHTML, like Gecko) Chrome/133.0.0.0 Safari/537.36"
202.70.40.34 - - [27/Apr/2025:14:16:02 -0400] "POST /blog/page/6/ HTTP/1.1" 200 63498 "-" "Mozilla/5.0 (Windows NT 10.0; Win64; x64) AppleWebKit/537.36 (KHTML, like Gecko) Chrome/120.0.0.0 Safari/537.36"
202.70.40.34 - - [27/Apr/2025:14:16:07 -0400] "POST /blog/page/6/ HTTP/1.1" 200 63657 "-" "Mozilla/5.0 (Macintosh; Intel Mac OS X 10_15_7) AppleWebKit/537.36 (KHTML, like Gecko) Chrome/133.0.0.0 Safari/537.36"
202.70.40.34 - - [27/Apr/2025:14:16:14 -0400] "POST /blog/page/6/ HTTP/1.1" 200 63657 "-" "Mozilla/5.0 (Windows NT 10.0; Win64; x64) AppleWebKit/537.36 (KHTML, like Gecko) Chrome/120.0.0.0 Safari/537.36"
66.29.132.124 - - [27/Apr/2025:14:18:13 -0400] "POST /wp-cron.php?doing_wp_cron=1745777893.5308320522308349609375 HTTP/1.1" 200 0 "-" "WordPress/6.8; https://arsn.media"
43.167.232.38 - - [27/Apr/2025:14:18:10 -0400] "GET / HTTP/1.1" 301 0 "http://www.arsn.media" "Mozilla/5.0 (iPhone; CPU iPhone OS 13_2_3 like Mac OS X) AppleWebKit/605.1.15 (KHTML, like Gecko) Version/13.0.3 Mobile/15E148 Safari/604.1"
66.29.132.124 - - [27/Apr/2025:14:18:14 -0400] "POST /wp-admin/admin-ajax.php?action=async_litespeed&nonce=Oz3vVT9PkWkqiClGz0uYbBhVGuLBRSG7&litespeed_type=imgoptm HTTP/1.1" 200 0 "-" "WordPress/6.8; https://arsn.media"
43.167.232.38 - - [27/Apr/2025:14:18:18 -0400] "GET / HTTP/1.1" 200 72544 "https://www.arsn.media/" "Mozilla/5.0 (iPhone; CPU iPhone OS 13_2_3 like Mac OS X) AppleWebKit/605.1.15 (KHTML, like Gecko) Version/13.0.3 Mobile/15E148 Safari/604.1"
66.29.132.124 - - [27/Apr/2025:14:21:51 -0400] "POST /wp-cron.php?doing_wp_cron=1745778111.6496250629425048828125 HTTP/1.1" 200 0 "-" "WordPress/6.8; https://arsn.media"
66.249.74.3 - - [27/Apr/2025:14:21:48 -0400] "GET /mlp/2004-impala-security-light-stays-on.html HTTP/1.1" 404 39347 "-" "Mozilla/5.0 (Linux; Android 6.0.1; Nexus 5X Build/MMB29P) AppleWebKit/537.36 (KHTML, like Gecko) Chrome/135.0.7049.95 Mobile Safari/537.36 (compatible; GoogleOther)"
66.29.132.124 - - [27/Apr/2025:14:21:52 -0400] "POST /wp-admin/admin-ajax.php?action=async_litespeed&nonce=EyL5VYY1VRWHipEve1aXHBg79nkBMSRj&litespeed_type=imgoptm HTTP/1.1" 200 0 "-" "WordPress/6.8; https://arsn.media"
66.29.132.124 - - [27/Apr/2025:14:21:52 -0400] "POST /wp-admin/admin-ajax.php?action=as_async_request_queue_runner&nonce=db6c3e20c5 HTTP/1.1" 200 0 "-" "WordPress/6.8; https://arsn.media"
66.249.74.5 - - [27/Apr/2025:14:24:47 -0400] "GET /mlp/best-rheumatologist-northern-va.html HTTP/1.1" 404 39289 "-" "Mozilla/5.0 (Linux; Android 6.0.1; Nexus 5X Build/MMB29P) AppleWebKit/537.36 (KHTML, like Gecko) Chrome/135.0.7049.95 Mobile Safari/537.36 (compatible; GoogleOther)"
188.212.135.51 - - [27/Apr/2025:14:38:59 -0400] "GET / HTTP/1.0" 200 639584 "https://arsn.media/" "Mozilla/5.0 (Windows NT 10.0; Win64; x64) AppleWebKit/537.36 (KHTML, like Gecko) Chrome/129.0.0.0 Safari/537.36"
66.29.132.124 - - [27/Apr/2025:14:39:14 -0400] "POST /wp-cron.php?doing_wp_cron=1745779154.6546480655670166015625 HTTP/1.1" 200 0 "-" "WordPress/6.8; https://arsn.media"
66.29.132.124 - - [27/Apr/2025:14:39:16 -0400] "POST /wp-admin/admin-ajax.php?action=async_litespeed&nonce=e7ZgpUpdZefZPNI30XiipfsAcUwNQCIZ&litespeed_type=imgoptm HTTP/1.1" 200 0 "-" "WordPress/6.8; https://arsn.media"
66.29.132.124 - - [27/Apr/2025:14:39:17 -0400] "POST /wp-admin/admin-ajax.php?action=as_async_request_queue_runner&nonce=db6c3e20c5 HTTP/1.1" 200 0 "-" "WordPress/6.8; https://arsn.media"
188.212.135.35 - - [27/Apr/2025:14:39:01 -0400] "POST /wp-admin/admin-ajax.php HTTP/1.0" 200 184 "https://arsn.media/" "Mozilla/5.0 (Windows NT 10.0; Win64; x64) AppleWebKit/537.36 (KHTML, like Gecko) Chrome/129.0.0.0 Safari/537.36"
170.106.82.209 - - [27/Apr/2025:14:43:09 -0400] "GET /wp-content/fonts/roboto/KFOMCnqEu92Fr1ME7kSn66aGLdTylUAMQXC89YmC2DPNWubEbVmbiArmlw.woff2 HTTP/1.1" 200 7856 "-" "Mozilla/5.0 (iPhone; CPU iPhone OS 13_2_3 like Mac OS X) AppleWebKit/605.1.15 (KHTML, like Gecko) Version/13.0.3 Mobile/15E148 Safari/604.1"
17.22.245.173 - - [27/Apr/2025:14:46:17 -0400] "GET /wp-content/plugins/primary-addon-for-elementor/assets/css/linea.min.css?ver=1.0.0 HTTP/1.1" 200 6678 "https://arsn.media/search-engine-marketing-services/" "Mozilla/5.0 (Macintosh; Intel Mac OS X 10_15_7) AppleWebKit/605.1.15 (KHTML, like Gecko) Version/17.4 Safari/605.1.15 (Applebot/0.1; +http://www.apple.com/go/applebot)"
17.22.253.16 - - [27/Apr/2025:14:46:17 -0400] "GET /wp-content/plugins/primary-addon-for-elementor/assets/css/animate.min.css?ver=3.7.2 HTTP/1.1" 200 5838 "https://arsn.media/search-engine-marketing-services/" "Mozilla/5.0 (Macintosh; Intel Mac OS X 10_15_7) AppleWebKit/605.1.15 (KHTML, like Gecko) Version/17.4 Safari/605.1.15 (Applebot/0.1; +http://www.apple.com/go/applebot)"
17.22.253.254 - - [27/Apr/2025:14:46:18 -0400] "GET /wp-content/plugins/primary-addon-for-elementor/assets/css/niche-frame.css?ver=1.2 HTTP/1.1" 200 1363 "https://arsn.media/search-engine-marketing-services/" "Mozilla/5.0 (Macintosh; Intel Mac OS X 10_15_7) AppleWebKit/605.1.15 (KHTML, like Gecko) Version/17.4 Safari/605.1.15 (Applebot/0.1; +http://www.apple.com/go/applebot)"
17.22.237.63 - - [27/Apr/2025:14:46:18 -0400] "GET /wp-content/plugins/primary-addon-for-elementor/assets/css/themify-icons.min.css?ver=1.0.0 HTTP/1.1" 200 3142 "https://arsn.media/search-engine-marketing-services/" "Mozilla/5.0 (Macintosh; Intel Mac OS X 10_15_7) AppleWebKit/605.1.15 (KHTML, like Gecko) Version/17.4 Safari/605.1.15 (Applebot/0.1; +http://www.apple.com/go/applebot)"
17.22.237.33 - - [27/Apr/2025:14:46:19 -0400] "GET /wp-content/plugins/contact-form-7/includes/css/styles.css?ver=6.0.6 HTTP/1.1" 200 1101 "https://arsn.media/search-engine-marketing-services/" "Mozilla/5.0 (Macintosh; Intel Mac OS X 10_15_7) AppleWebKit/605.1.15 (KHTML, like Gecko) Version/17.4 Safari/605.1.15 (Applebot/0.1; +http://www.apple.com/go/applebot)"
17.22.237.95 - - [27/Apr/2025:14:46:19 -0400] "GET /wp-content/plugins/elementor/assets/lib/font-awesome/css/font-awesome.min.css?ver=4.7.0 HTTP/1.1" 200 7947 "https://arsn.media/search-engine-marketing-services/" "Mozilla/5.0 (Macintosh; Intel Mac OS X 10_15_7) AppleWebKit/605.1.15 (KHTML, like Gecko) Version/17.4 Safari/605.1.15 (Applebot/0.1; +http://www.apple.com/go/applebot)"
17.22.253.16 - - [27/Apr/2025:14:46:20 -0400] "GET /wp-content/plugins/primary-addon-for-elementor/assets/css/icofont.min.css?ver=1.0.1 HTTP/1.1" 200 1909 "https://arsn.media/search-engine-marketing-services/" "Mozilla/5.0 (Macintosh; Intel Mac OS X 10_15_7) AppleWebKit/605.1.15 (KHTML, like Gecko) Version/17.4 Safari/605.1.15 (Applebot/0.1; +http://www.apple.com/go/applebot)"
17.22.245.211 - - [27/Apr/2025:14:46:20 -0400] "GET /wp-content/plugins/primary-addon-for-elementor/assets/css/hover-min.css?ver=2.3.2 HTTP/1.1" 200 9178 "https://arsn.media/search-engine-marketing-services/" "Mozilla/5.0 (Macintosh; Intel Mac OS X 10_15_7) AppleWebKit/605.1.15 (KHTML, like Gecko) Version/17.4 Safari/605.1.15 (Applebot/0.1; +http://www.apple.com/go/applebot)"
17.22.237.63 - - [27/Apr/2025:14:46:21 -0400] "GET /wp-content/plugins/primary-addon-for-elementor/assets/css/flickity.min.css?ver=2.2.1 HTTP/1.1" 200 686 "https://arsn.media/search-engine-marketing-services/" "Mozilla/5.0 (Macintosh; Intel Mac OS X 10_15_7) AppleWebKit/605.1.15 (KHTML, like Gecko) Version/17.4 Safari/605.1.15 (Applebot/0.1; +http://www.apple.com/go/applebot)"
17.22.245.201 - - [27/Apr/2025:14:46:21 -0400] "GET /wp-content/plugins/primary-addon-for-elementor/assets/css/magnific-popup.min.css?ver=1.0 HTTP/1.1" 200 1789 "https://arsn.media/search-engine-marketing-services/" "Mozilla/5.0 (Macintosh; Intel Mac OS X 10_15_7) AppleWebKit/605.1.15 (KHTML, like Gecko) Version/17.4 Safari/605.1.15 (Applebot/0.1; +http://www.apple.com/go/applebot)"
17.22.237.95 - - [27/Apr/2025:14:46:22 -0400] "GET /wp-content/plugins/primary-addon-for-elementor/assets/css/juxtapose.css?ver=1.2.1 HTTP/1.1" 200 1603 "https://arsn.media/search-engine-marketing-services/" "Mozilla/5.0 (Macintosh; Intel Mac OS X 10_15_7) AppleWebKit/605.1.15 (KHTML, like Gecko) Version/17.4 Safari/605.1.15 (Applebot/0.1; +http://www.apple.com/go/applebot)"
17.22.245.219 - - [27/Apr/2025:14:46:22 -0400] "GET /wp-content/plugins/primary-addon-for-elementor/assets/css/owl.carousel.min.css?ver=2.3.4 HTTP/1.1" 200 1144 "https://arsn.media/search-engine-marketing-services/" "Mozilla/5.0 (Macintosh; Intel Mac OS X 10_15_7) AppleWebKit/605.1.15 (KHTML, like Gecko) Version/17.4 Safari/605.1.15 (Applebot/0.1; +http://www.apple.com/go/applebot)"
17.22.245.211 - - [27/Apr/2025:14:46:22 -0400] "GET /wp-content/plugins/primary-addon-for-elementor/assets/css/styles.css?ver=1.2 HTTP/1.1" 200 18953 "https://arsn.media/search-engine-marketing-services/" "Mozilla/5.0 (Macintosh; Intel Mac OS X 10_15_7) AppleWebKit/605.1.15 (KHTML, like Gecko) Version/17.4 Safari/605.1.15 (Applebot/0.1; +http://www.apple.com/go/applebot)"
17.22.245.201 - - [27/Apr/2025:14:46:23 -0400] "GET /wp-content/plugins/slider-video/Style/richwebicons.css?ver=6.8 HTTP/1.1" 200 7707 "https://arsn.media/search-engine-marketing-services/" "Mozilla/5.0 (Macintosh; Intel Mac OS X 10_15_7) AppleWebKit/605.1.15 (KHTML, like Gecko) Version/17.4 Safari/605.1.15 (Applebot/0.1; +http://www.apple.com/go/applebot)"
17.22.253.174 - - [27/Apr/2025:14:46:23 -0400] "GET /wp-content/plugins/primary-addon-for-elementor/assets/css/responsive.css?ver=1.2 HTTP/1.1" 200 1891 "https://arsn.media/search-engine-marketing-services/" "Mozilla/5.0 (Macintosh; Intel Mac OS X 10_15_7) AppleWebKit/605.1.15 (KHTML, like Gecko) Version/17.4 Safari/605.1.15 (Applebot/0.1; +http://www.apple.com/go/applebot)"
17.22.237.63 - - [27/Apr/2025:14:46:24 -0400] "GET /wp-content/plugins/slider-video/Style/Rich-Web-Video-Slider-Widget.css?ver=6.8 HTTP/1.1" 200 528 "https://arsn.media/search-engine-marketing-services/" "Mozilla/5.0 (Macintosh; Intel Mac OS X 10_15_7) AppleWebKit/605.1.15 (KHTML, like Gecko) Version/17.4 Safari/605.1.15 (Applebot/0.1; +http://www.apple.com/go/applebot)"
17.22.237.33 - - [27/Apr/2025:14:46:24 -0400] "GET /wp-content/plugins/widget-google-reviews/assets/css/public-main.css?ver=5.7.1 HTTP/1.1" 200 4466 "https://arsn.media/search-engine-marketing-services/" "Mozilla/5.0 (Macintosh; Intel Mac OS X 10_15_7) AppleWebKit/605.1.15 (KHTML, like Gecko) Version/17.4 Safari/605.1.15 (Applebot/0.1; +http://www.apple.com/go/applebot)"
