39.48.49.64 - - [27/Apr/2025:09:23:45 -0400] "GET /wp-content/themes/onum/js/scripts.js?ver=20190829 HTTP/1.1" 304 0 "https://arsn.media/personal-portfolio/" "Mozilla/5.0 (Linux; Android 10; K) AppleWebKit/537.36 (KHTML, like Gecko) Chrome/135.0.0.0 Mobile Safari/537.36"
39.48.49.64 - - [27/Apr/2025:09:23:45 -0400] "GET /wp-content/themes/onum/js/header-mobile.js?ver=20190829 HTTP/1.1" 304 0 "https://arsn.media/personal-portfolio/" "Mozilla/5.0 (Linux; Android 10; K) AppleWebKit/537.36 (KHTML, like Gecko) Chrome/135.0.0.0 Mobile Safari/537.36"
39.48.49.64 - - [27/Apr/2025:09:23:45 -0400] "GET /wp-content/plugins/elementor/assets/lib/jquery-numerator/jquery-numerator.min.js?ver=0.2.1 HTTP/1.1" 304 0 "https://arsn.media/personal-portfolio/" "Mozilla/5.0 (Linux; Android 10; K) AppleWebKit/537.36 (KHTML, like Gecko) Chrome/135.0.0.0 Mobile Safari/537.36"
39.48.49.64 - - [27/Apr/2025:09:23:45 -0400] "GET /wp-content/themes/onum/js/particles.min.js?ver=20190829 HTTP/1.1" 304 0 "https://arsn.media/personal-portfolio/" "Mozilla/5.0 (Linux; Android 10; K) AppleWebKit/537.36 (KHTML, like Gecko) Chrome/135.0.0.0 Mobile Safari/537.36"
39.48.49.64 - - [27/Apr/2025:09:23:45 -0400] "GET /wp-content/plugins/pro-elements/assets/js/webpack-pro.runtime.min.js?ver=3.23.3 HTTP/1.1" 304 0 "https://arsn.media/personal-portfolio/" "Mozilla/5.0 (Linux; Android 10; K) AppleWebKit/537.36 (KHTML, like Gecko) Chrome/135.0.0.0 Mobile Safari/537.36"
39.48.49.64 - - [27/Apr/2025:09:23:45 -0400] "GET /wp-content/themes/onum/js/jquery.countdown.min.js?ver=20190829 HTTP/1.1" 304 0 "https://arsn.media/personal-portfolio/" "Mozilla/5.0 (Linux; Android 10; K) AppleWebKit/537.36 (KHTML, like Gecko) Chrome/135.0.0.0 Mobile Safari/537.36"
39.48.49.64 - - [27/Apr/2025:09:23:45 -0400] "GET /wp-content/plugins/primary-addon-for-elementor/assets/js/scripts.js?ver=1.2 HTTP/1.1" 200 1876 "https://arsn.media/personal-portfolio/" "Mozilla/5.0 (Linux; Android 10; K) AppleWebKit/537.36 (KHTML, like Gecko) Chrome/135.0.0.0 Mobile Safari/537.36"
39.48.49.64 - - [27/Apr/2025:09:23:45 -0400] "GET /wp-content/plugins/pro-elements/assets/js/elements-handlers.min.js?ver=3.23.3 HTTP/1.1" 304 0 "https://arsn.media/personal-portfolio/" "Mozilla/5.0 (Linux; Android 10; K) AppleWebKit/537.36 (KHTML, like Gecko) Chrome/135.0.0.0 Mobile Safari/537.36"
39.48.49.64 - - [27/Apr/2025:09:23:45 -0400] "GET /wp-content/themes/onum/js/easypiechart.js?ver=20190829 HTTP/1.1" 304 0 "https://arsn.media/personal-portfolio/" "Mozilla/5.0 (Linux; Android 10; K) AppleWebKit/537.36 (KHTML, like Gecko) Chrome/135.0.0.0 Mobile Safari/537.36"
39.48.49.64 - - [27/Apr/2025:09:23:45 -0400] "GET /wp-content/uploads/2024/09/13-150x150.png HTTP/1.1" 304 0 "https://arsn.media/personal-portfolio/" "Mozilla/5.0 (Linux; Android 10; K) AppleWebKit/537.36 (KHTML, like Gecko) Chrome/135.0.0.0 Mobile Safari/537.36"
39.48.49.64 - - [27/Apr/2025:09:23:45 -0400] "GET /wp-content/uploads/2024/09/10-150x150.png HTTP/1.1" 304 0 "https://arsn.media/personal-portfolio/" "Mozilla/5.0 (Linux; Android 10; K) AppleWebKit/537.36 (KHTML, like Gecko) Chrome/135.0.0.0 Mobile Safari/537.36"
39.48.49.64 - - [27/Apr/2025:09:23:45 -0400] "GET /wp-content/uploads/2024/09/12-150x150.png HTTP/1.1" 304 0 "https://arsn.media/personal-portfolio/" "Mozilla/5.0 (Linux; Android 10; K) AppleWebKit/537.36 (KHTML, like Gecko) Chrome/135.0.0.0 Mobile Safari/537.36"
39.48.49.64 - - [27/Apr/2025:09:23:45 -0400] "GET /wp-content/plugins/elementor/assets/lib/swiper/v8/swiper.min.js?ver=8.4.5 HTTP/1.1" 304 0 "https://arsn.media/personal-portfolio/" "Mozilla/5.0 (Linux; Android 10; K) AppleWebKit/537.36 (KHTML, like Gecko) Chrome/135.0.0.0 Mobile Safari/537.36"
39.48.49.64 - - [27/Apr/2025:09:23:45 -0400] "GET /wp-content/uploads/2024/09/9-150x150.png HTTP/1.1" 304 0 "https://arsn.media/personal-portfolio/" "Mozilla/5.0 (Linux; Android 10; K) AppleWebKit/537.36 (KHTML, like Gecko) Chrome/135.0.0.0 Mobile Safari/537.36"
39.48.49.64 - - [27/Apr/2025:09:23:45 -0400] "GET /wp-content/uploads/2024/09/8-150x150.png HTTP/1.1" 304 0 "https://arsn.media/personal-portfolio/" "Mozilla/5.0 (Linux; Android 10; K) AppleWebKit/537.36 (KHTML, like Gecko) Chrome/135.0.0.0 Mobile Safari/537.36"
39.48.49.64 - - [27/Apr/2025:09:23:45 -0400] "GET /wp-content/plugins/pro-elements/assets/js/frontend.min.js?ver=3.23.3 HTTP/1.1" 304 0 "https://arsn.media/personal-portfolio/" "Mozilla/5.0 (Linux; Android 10; K) AppleWebKit/537.36 (KHTML, like Gecko) Chrome/135.0.0.0 Mobile Safari/537.36"
39.48.49.64 - - [27/Apr/2025:09:23:45 -0400] "GET /wp-content/uploads/2024/09/4-150x150.png HTTP/1.1" 304 0 "https://arsn.media/personal-portfolio/" "Mozilla/5.0 (Linux; Android 10; K) AppleWebKit/537.36 (KHTML, like Gecko) Chrome/135.0.0.0 Mobile Safari/537.36"
39.48.49.64 - - [27/Apr/2025:09:23:45 -0400] "GET /wp-content/uploads/2024/09/14-150x150.png HTTP/1.1" 304 0 "https://arsn.media/personal-portfolio/" "Mozilla/5.0 (Linux; Android 10; K) AppleWebKit/537.36 (KHTML, like Gecko) Chrome/135.0.0.0 Mobile Safari/537.36"
39.48.49.64 - - [27/Apr/2025:09:23:45 -0400] "GET /wp-content/uploads/2024/09/7-150x150.png HTTP/1.1" 304 0 "https://arsn.media/personal-portfolio/" "Mozilla/5.0 (Linux; Android 10; K) AppleWebKit/537.36 (KHTML, like Gecko) Chrome/135.0.0.0 Mobile Safari/537.36"
39.48.49.64 - - [27/Apr/2025:09:23:45 -0400] "GET /wp-content/uploads/2024/07/SEO.png HTTP/1.1" 304 0 "https://arsn.media/personal-portfolio/" "Mozilla/5.0 (Linux; Android 10; K) AppleWebKit/537.36 (KHTML, like Gecko) Chrome/135.0.0.0 Mobile Safari/537.36"
39.48.49.64 - - [27/Apr/2025:09:23:45 -0400] "GET /wp-content/uploads/2024/09/3-150x150.png HTTP/1.1" 304 0 "https://arsn.media/personal-portfolio/" "Mozilla/5.0 (Linux; Android 10; K) AppleWebKit/537.36 (KHTML, like Gecko) Chrome/135.0.0.0 Mobile Safari/537.36"
39.48.49.64 - - [27/Apr/2025:09:23:45 -0400] "GET /wp-content/uploads/2024/09/11-150x150.png HTTP/1.1" 304 0 "https://arsn.media/personal-portfolio/" "Mozilla/5.0 (Linux; Android 10; K) AppleWebKit/537.36 (KHTML, like Gecko) Chrome/135.0.0.0 Mobile Safari/537.36"
39.48.49.64 - - [27/Apr/2025:09:23:45 -0400] "GET /wp-content/uploads/2024/09/1-150x150.png HTTP/1.1" 304 0 "https://arsn.media/personal-portfolio/" "Mozilla/5.0 (Linux; Android 10; K) AppleWebKit/537.36 (KHTML, like Gecko) Chrome/135.0.0.0 Mobile Safari/537.36"
39.48.49.64 - - [27/Apr/2025:09:23:45 -0400] "GET /wp-content/uploads/2024/08/2.png HTTP/1.1" 304 0 "https://arsn.media/personal-portfolio/" "Mozilla/5.0 (Linux; Android 10; K) AppleWebKit/537.36 (KHTML, like Gecko) Chrome/135.0.0.0 Mobile Safari/537.36"
39.48.49.64 - - [27/Apr/2025:09:23:45 -0400] "GET /wp-content/uploads/2024/08/3.png HTTP/1.1" 304 0 "https://arsn.media/personal-portfolio/" "Mozilla/5.0 (Linux; Android 10; K) AppleWebKit/537.36 (KHTML, like Gecko) Chrome/135.0.0.0 Mobile Safari/537.36"
39.48.49.64 - - [27/Apr/2025:09:23:45 -0400] "GET /wp-content/uploads/2024/08/8.png HTTP/1.1" 304 0 "https://arsn.media/personal-portfolio/" "Mozilla/5.0 (Linux; Android 10; K) AppleWebKit/537.36 (KHTML, like Gecko) Chrome/135.0.0.0 Mobile Safari/537.36"
39.48.49.64 - - [27/Apr/2025:09:23:45 -0400] "GET /wp-content/uploads/2024/08/9.png HTTP/1.1" 304 0 "https://arsn.media/personal-portfolio/" "Mozilla/5.0 (Linux; Android 10; K) AppleWebKit/537.36 (KHTML, like Gecko) Chrome/135.0.0.0 Mobile Safari/537.36"
39.48.49.64 - - [27/Apr/2025:09:23:45 -0400] "GET /wp-content/uploads/2024/08/288131784_505212788060475_8841652079611670571_n-removebg-preview.png HTTP/1.1" 304 0 "https://arsn.media/personal-portfolio/" "Mozilla/5.0 (Linux; Android 10; K) AppleWebKit/537.36 (KHTML, like Gecko) Chrome/135.0.0.0 Mobile Safari/537.36"
39.48.49.64 - - [27/Apr/2025:09:23:45 -0400] "GET /wp-content/uploads/2024/09/6-150x150.png HTTP/1.1" 304 0 "https://arsn.media/personal-portfolio/" "Mozilla/5.0 (Linux; Android 10; K) AppleWebKit/537.36 (KHTML, like Gecko) Chrome/135.0.0.0 Mobile Safari/537.36"
39.48.49.64 - - [27/Apr/2025:09:23:45 -0400] "GET /wp-content/uploads/2024/08/11.png HTTP/1.1" 304 0 "https://arsn.media/personal-portfolio/" "Mozilla/5.0 (Linux; Android 10; K) AppleWebKit/537.36 (KHTML, like Gecko) Chrome/135.0.0.0 Mobile Safari/537.36"
39.48.49.64 - - [27/Apr/2025:09:23:45 -0400] "GET /wp-content/uploads/2024/09/2-150x150.png HTTP/1.1" 304 0 "https://arsn.media/personal-portfolio/" "Mozilla/5.0 (Linux; Android 10; K) AppleWebKit/537.36 (KHTML, like Gecko) Chrome/135.0.0.0 Mobile Safari/537.36"
39.48.49.64 - - [27/Apr/2025:09:23:45 -0400] "GET /wp-content/uploads/elementor/css/custom-widget-image-box.min.css?ver=1725365296 HTTP/1.1" 304 0 "https://arsn.media/personal-portfolio/" "Mozilla/5.0 (Linux; Android 10; K) AppleWebKit/537.36 (KHTML, like Gecko) Chrome/135.0.0.0 Mobile Safari/537.36"
39.48.49.64 - - [27/Apr/2025:09:23:45 -0400] "GET /wp-content/uploads/2024/08/418905507_122104179860178270_2670658326269560367_n-removebg-preview-496x500.png HTTP/1.1" 304 0 "https://arsn.media/personal-portfolio/" "Mozilla/5.0 (Linux; Android 10; K) AppleWebKit/537.36 (KHTML, like Gecko) Chrome/135.0.0.0 Mobile Safari/537.36"
39.48.49.64 - - [27/Apr/2025:09:23:45 -0400] "GET /wp-content/themes/onum/js/elementor.js?ver=20190829 HTTP/1.1" 304 0 "https://arsn.media/personal-portfolio/" "Mozilla/5.0 (Linux; Android 10; K) AppleWebKit/537.36 (KHTML, like Gecko) Chrome/135.0.0.0 Mobile Safari/537.36"
39.48.49.64 - - [27/Apr/2025:09:23:45 -0400] "GET /wp-content/plugins/primary-addon-for-elementor/assets/js/isotope.min.js?ver=3.0.6 HTTP/1.1" 200 9601 "https://arsn.media/personal-portfolio/" "Mozilla/5.0 (Linux; Android 10; K) AppleWebKit/537.36 (KHTML, like Gecko) Chrome/135.0.0.0 Mobile Safari/537.36"
39.48.49.64 - - [27/Apr/2025:09:23:45 -0400] "GET /wp-content/plugins/primary-addon-for-elementor/assets/js/packery-mode.pkgd.min.js?ver=2.1.2 HTTP/1.1" 200 9510 "https://arsn.media/personal-portfolio/" "Mozilla/5.0 (Linux; Android 10; K) AppleWebKit/537.36 (KHTML, like Gecko) Chrome/135.0.0.0 Mobile Safari/537.36"
39.48.49.64 - - [27/Apr/2025:09:23:45 -0400] "GET /wp-content/plugins/elementskit-lite/widgets/init/assets/js/elementor.js?ver=3.5.0 HTTP/1.1" 200 5290 "https://arsn.media/personal-portfolio/" "Mozilla/5.0 (Linux; Android 10; K) AppleWebKit/537.36 (KHTML, like Gecko) Chrome/135.0.0.0 Mobile Safari/537.36"
39.48.49.64 - - [27/Apr/2025:09:23:45 -0400] "GET /wp-content/plugins/primary-addon-for-elementor/assets/js/owl.carousel.min.js?ver=2.3.4 HTTP/1.1" 200 11140 "https://arsn.media/personal-portfolio/" "Mozilla/5.0 (Linux; Android 10; K) AppleWebKit/537.36 (KHTML, like Gecko) Chrome/135.0.0.0 Mobile Safari/537.36"
39.48.49.64 - - [27/Apr/2025:09:23:45 -0400] "GET /wp-content/plugins/primary-addon-for-elementor/assets/js/juxtapose.js?ver=1.2.1 HTTP/1.1" 200 5679 "https://arsn.media/personal-portfolio/" "Mozilla/5.0 (Linux; Android 10; K) AppleWebKit/537.36 (KHTML, like Gecko) Chrome/135.0.0.0 Mobile Safari/537.36"
39.48.49.64 - - [27/Apr/2025:09:23:45 -0400] "GET /wp-content/plugins/primary-addon-for-elementor/assets/js/flickity.pkgd.min.js?ver=2.2.1 HTTP/1.1" 200 13241 "https://arsn.media/personal-portfolio/" "Mozilla/5.0 (Linux; Android 10; K) AppleWebKit/537.36 (KHTML, like Gecko) Chrome/135.0.0.0 Mobile Safari/537.36"
39.48.49.64 - - [27/Apr/2025:09:23:45 -0400] "GET /wp-content/plugins/primary-addon-for-elementor/assets/js/jquery.magnific-popup.min.js?ver=1.1.0 HTTP/1.1" 200 7045 "https://arsn.media/personal-portfolio/" "Mozilla/5.0 (Linux; Android 10; K) AppleWebKit/537.36 (KHTML, like Gecko) Chrome/135.0.0.0 Mobile Safari/537.36"
39.48.49.64 - - [27/Apr/2025:09:23:45 -0400] "GET /wp-content/plugins/primary-addon-for-elementor/assets/js/Chart.min.js?ver=2.9.3 HTTP/1.1" 200 55517 "https://arsn.media/personal-portfolio/" "Mozilla/5.0 (Linux; Android 10; K) AppleWebKit/537.36 (KHTML, like Gecko) Chrome/135.0.0.0 Mobile Safari/537.36"
39.48.49.64 - - [27/Apr/2025:09:23:45 -0400] "GET /wp-content/uploads/2024/08/7.png HTTP/1.1" 304 0 "https://arsn.media/personal-portfolio/" "Mozilla/5.0 (Linux; Android 10; K) AppleWebKit/537.36 (KHTML, like Gecko) Chrome/135.0.0.0 Mobile Safari/537.36"
39.48.49.64 - - [27/Apr/2025:09:23:45 -0400] "GET /wp-content/uploads/2024/08/6.png HTTP/1.1" 304 0 "https://arsn.media/personal-portfolio/" "Mozilla/5.0 (Linux; Android 10; K) AppleWebKit/537.36 (KHTML, like Gecko) Chrome/135.0.0.0 Mobile Safari/537.36"
39.48.49.64 - - [27/Apr/2025:09:23:45 -0400] "GET /wp-content/uploads/2024/08/14.png HTTP/1.1" 304 0 "https://arsn.media/personal-portfolio/" "Mozilla/5.0 (Linux; Android 10; K) AppleWebKit/537.36 (KHTML, like Gecko) Chrome/135.0.0.0 Mobile Safari/537.36"
39.48.49.64 - - [27/Apr/2025:09:23:45 -0400] "GET /wp-content/uploads/2024/08/13.png HTTP/1.1" 304 0 "https://arsn.media/personal-portfolio/" "Mozilla/5.0 (Linux; Android 10; K) AppleWebKit/537.36 (KHTML, like Gecko) Chrome/135.0.0.0 Mobile Safari/537.36"
39.48.49.64 - - [27/Apr/2025:09:23:45 -0400] "GET /wp-content/uploads/2024/08/4.png HTTP/1.1" 304 0 "https://arsn.media/personal-portfolio/" "Mozilla/5.0 (Linux; Android 10; K) AppleWebKit/537.36 (KHTML, like Gecko) Chrome/135.0.0.0 Mobile Safari/537.36"
39.48.49.64 - - [27/Apr/2025:09:23:45 -0400] "GET /wp-content/uploads/2024/08/10.png HTTP/1.1" 304 0 "https://arsn.media/personal-portfolio/" "Mozilla/5.0 (Linux; Android 10; K) AppleWebKit/537.36 (KHTML, like Gecko) Chrome/135.0.0.0 Mobile Safari/537.36"
39.48.49.64 - - [27/Apr/2025:09:23:45 -0400] "GET /wp-content/uploads/2024/08/1-1.png HTTP/1.1" 304 0 "https://arsn.media/wp-content/uploads/elementor/css/post-11460.css?ver=1726215436" "Mozilla/5.0 (Linux; Android 10; K) AppleWebKit/537.36 (KHTML, like Gecko) Chrome/135.0.0.0 Mobile Safari/537.36"
39.48.49.64 - - [27/Apr/2025:09:23:45 -0400] "GET /wp-content/themes/onum/images/close.png HTTP/1.1" 304 0 "https://arsn.media/wp-content/themes/onum/style.css?ver=6.8" "Mozilla/5.0 (Linux; Android 10; K) AppleWebKit/537.36 (KHTML, like Gecko) Chrome/135.0.0.0 Mobile Safari/537.36"
39.48.49.64 - - [27/Apr/2025:09:23:45 -0400] "GET /wp-content/plugins/brave-popup-builder/assets/images/preloader.png HTTP/1.1" 304 0 "https://arsn.media/personal-portfolio/" "Mozilla/5.0 (Linux; Android 10; K) AppleWebKit/537.36 (KHTML, like Gecko) Chrome/135.0.0.0 Mobile Safari/537.36"
39.48.49.64 - - [27/Apr/2025:09:23:45 -0400] "GET /wp-content/uploads/2024/08/12.png HTTP/1.1" 304 0 "https://arsn.media/personal-portfolio/" "Mozilla/5.0 (Linux; Android 10; K) AppleWebKit/537.36 (KHTML, like Gecko) Chrome/135.0.0.0 Mobile Safari/537.36"
39.48.49.64 - - [27/Apr/2025:09:23:45 -0400] "GET /wp-content/uploads/2024/08/5.png HTTP/1.1" 304 0 "https://arsn.media/personal-portfolio/" "Mozilla/5.0 (Linux; Android 10; K) AppleWebKit/537.36 (KHTML, like Gecko) Chrome/135.0.0.0 Mobile Safari/537.36"
39.48.49.64 - - [27/Apr/2025:09:23:45 -0400] "GET /wp-content/plugins/revslider/public/assets/js/rs6.min.js?ver=6.6.8 HTTP/1.1" 304 0 "https://arsn.media/personal-portfolio/" "Mozilla/5.0 (Linux; Android 10; K) AppleWebKit/537.36 (KHTML, like Gecko) Chrome/135.0.0.0 Mobile Safari/537.36"
39.48.49.64 - - [27/Apr/2025:09:23:45 -0400] "GET /wp-content/plugins/revslider/public/assets/js/rbtools.min.js?ver=6.6.8 HTTP/1.1" 304 0 "https://arsn.media/personal-portfolio/" "Mozilla/5.0 (Linux; Android 10; K) AppleWebKit/537.36 (KHTML, like Gecko) Chrome/135.0.0.0 Mobile Safari/537.36"
39.48.49.64 - - [27/Apr/2025:09:23:45 -0400] "GET /wp-content/uploads/2024/09/167088-compressed.jpg HTTP/1.1" 304 0 "https://arsn.media/wp-content/uploads/elementor/css/post-11460.css?ver=1726215436" "Mozilla/5.0 (Linux; Android 10; K) AppleWebKit/537.36 (KHTML, like Gecko) Chrome/135.0.0.0 Mobile Safari/537.36"
39.48.49.64 - - [27/Apr/2025:09:23:46 -0400] "GET /wp-content/plugins/elementor/assets/lib/eicons/fonts/eicons.woff2?5.36.0 HTTP/1.1" 200 99440 "https://arsn.media/wp-content/plugins/elementor/assets/lib/eicons/css/elementor-icons.min.css?ver=5.36.0" "Mozilla/5.0 (Linux; Android 10; K) AppleWebKit/537.36 (KHTML, like Gecko) Chrome/135.0.0.0 Mobile Safari/537.36"
39.48.49.64 - - [27/Apr/2025:09:23:46 -0400] "GET /wp-content/fonts/roboto/KFOMCnqEu92Fr1ME7kSn66aGLdTylUAMQXC89YmC2DPNWubEbVmUiAo.woff2 HTTP/1.1" 304 0 "https://arsn.media/personal-portfolio/" "Mozilla/5.0 (Linux; Android 10; K) AppleWebKit/537.36 (KHTML, like Gecko) Chrome/135.0.0.0 Mobile Safari/537.36"
39.48.49.64 - - [27/Apr/2025:09:23:46 -0400] "GET /wp-content/uploads/2024/08/2-2.png HTTP/1.1" 304 0 "https://arsn.media/wp-content/uploads/elementor/css/post-11460.css?ver=1726215436" "Mozilla/5.0 (Linux; Android 10; K) AppleWebKit/537.36 (KHTML, like Gecko) Chrome/135.0.0.0 Mobile Safari/537.36"
39.48.49.64 - - [27/Apr/2025:09:23:46 -0400] "GET /wp-content/uploads/2024/08/3-1.png HTTP/1.1" 304 0 "https://arsn.media/wp-content/uploads/elementor/css/post-11460.css?ver=1726215436" "Mozilla/5.0 (Linux; Android 10; K) AppleWebKit/537.36 (KHTML, like Gecko) Chrome/135.0.0.0 Mobile Safari/537.36"
39.48.49.64 - - [27/Apr/2025:09:23:46 -0400] "GET /wp-content/uploads/2024/08/3-2.png HTTP/1.1" 304 0 "https://arsn.media/wp-content/uploads/elementor/css/post-11460.css?ver=1726215436" "Mozilla/5.0 (Linux; Android 10; K) AppleWebKit/537.36 (KHTML, like Gecko) Chrome/135.0.0.0 Mobile Safari/537.36"
39.48.49.64 - - [27/Apr/2025:09:23:46 -0400] "GET /wp-content/uploads/2024/08/2-1.png HTTP/1.1" 304 0 "https://arsn.media/wp-content/uploads/elementor/css/post-11460.css?ver=1726215436" "Mozilla/5.0 (Linux; Android 10; K) AppleWebKit/537.36 (KHTML, like Gecko) Chrome/135.0.0.0 Mobile Safari/537.36"
39.48.49.64 - - [27/Apr/2025:09:23:46 -0400] "GET /wp-content/plugins/elementor/assets/lib/font-awesome/webfonts/fa-solid-900.woff2 HTTP/1.1" 304 0 "https://arsn.media/wp-content/plugins/elementor/assets/lib/font-awesome/css/solid.min.css?ver=5.15.3" "Mozilla/5.0 (Linux; Android 10; K) AppleWebKit/537.36 (KHTML, like Gecko) Chrome/135.0.0.0 Mobile Safari/537.36"
39.48.49.64 - - [27/Apr/2025:09:23:46 -0400] "GET /wp-content/uploads/2024/08/1-2.png HTTP/1.1" 304 0 "https://arsn.media/wp-content/uploads/elementor/css/post-11460.css?ver=1726215436" "Mozilla/5.0 (Linux; Android 10; K) AppleWebKit/537.36 (KHTML, like Gecko) Chrome/135.0.0.0 Mobile Safari/537.36"
39.48.49.64 - - [27/Apr/2025:09:23:46 -0400] "GET /wp-content/uploads/2024/08/4-1.png HTTP/1.1" 304 0 "https://arsn.media/wp-content/uploads/elementor/css/post-11460.css?ver=1726215436" "Mozilla/5.0 (Linux; Android 10; K) AppleWebKit/537.36 (KHTML, like Gecko) Chrome/135.0.0.0 Mobile Safari/537.36"
39.48.49.64 - - [27/Apr/2025:09:23:45 -0400] "GET /wp-content/themes/onum/js/design-test.js HTTP/1.1" 404 39284 "https://arsn.media/personal-portfolio/" "Mozilla/5.0 (Linux; Android 10; K) AppleWebKit/537.36 (KHTML, like Gecko) Chrome/135.0.0.0 Mobile Safari/537.36"
39.48.49.64 - - [27/Apr/2025:09:23:51 -0400] "GET /wp-includes/js/wp-emoji-release.min.js?ver=6.8 HTTP/1.1" 200 4771 "https://arsn.media/personal-portfolio/" "Mozilla/5.0 (Linux; Android 10; K) AppleWebKit/537.36 (KHTML, like Gecko) Chrome/135.0.0.0 Mobile Safari/537.36"
39.48.49.64 - - [27/Apr/2025:09:23:51 -0400] "GET /wp-content/plugins/elementor/assets/js/text-editor.c084ef86600b6f11690d.bundle.min.js HTTP/1.1" 200 621 "https://arsn.media/personal-portfolio/" "Mozilla/5.0 (Linux; Android 10; K) AppleWebKit/537.36 (KHTML, like Gecko) Chrome/135.0.0.0 Mobile Safari/537.36"
39.48.49.64 - - [27/Apr/2025:09:23:51 -0400] "GET /wp-content/plugins/pro-elements/assets/js/carousel.9b02b45d7826c1c48f33.bundle.min.js HTTP/1.1" 304 0 "https://arsn.media/personal-portfolio/" "Mozilla/5.0 (Linux; Android 10; K) AppleWebKit/537.36 (KHTML, like Gecko) Chrome/135.0.0.0 Mobile Safari/537.36"
39.48.49.64 - - [27/Apr/2025:09:23:51 -0400] "GET /wp-content/plugins/elementor/assets/js/image-carousel.6167d20b95b33386757b.bundle.min.js HTTP/1.1" 200 256 "https://arsn.media/personal-portfolio/" "Mozilla/5.0 (Linux; Android 10; K) AppleWebKit/537.36 (KHTML, like Gecko) Chrome/135.0.0.0 Mobile Safari/537.36"
39.48.49.64 - - [27/Apr/2025:09:23:51 -0400] "GET /wp-content/plugins/elementor/assets/js/counter.12335f45aaa79d244f24.bundle.min.js HTTP/1.1" 200 442 "https://arsn.media/personal-portfolio/" "Mozilla/5.0 (Linux; Android 10; K) AppleWebKit/537.36 (KHTML, like Gecko) Chrome/135.0.0.0 Mobile Safari/537.36"
39.48.49.64 - - [27/Apr/2025:09:23:52 -0400] "GET /wp-content/plugins/pro-elements/assets/js/video-playlist.74fca1f2470fa6474595.bundle.min.js HTTP/1.1" 304 0 "https://arsn.media/personal-portfolio/" "Mozilla/5.0 (Linux; Android 10; K) AppleWebKit/537.36 (KHTML, like Gecko) Chrome/135.0.0.0 Mobile Safari/537.36"
39.48.49.64 - - [27/Apr/2025:09:23:52 -0400] "GET /wp-content/plugins/pro-elements/assets/js/slides.fb6b9afd278bb9c5e75b.bundle.min.js HTTP/1.1" 304 0 "https://arsn.media/personal-portfolio/" "Mozilla/5.0 (Linux; Android 10; K) AppleWebKit/537.36 (KHTML, like Gecko) Chrome/135.0.0.0 Mobile Safari/537.36"
39.48.49.64 - - [27/Apr/2025:09:23:54 -0400] "GET /wp-content/uploads/2024/08/An_06PzT3DmaJZV5sIAp6vl_obRNByVandP16Cd5-pPjAHJc85khoVDsvjr5hTBkeiNqbkSj_d_WiQypQdLiMw-1.mp4 HTTP/1.1" 304 0 "https://arsn.media/personal-portfolio/" "Mozilla/5.0 (Linux; Android 10; K) AppleWebKit/537.36 (KHTML, like Gecko) Chrome/135.0.0.0 Mobile Safari/537.36"
39.48.49.64 - - [27/Apr/2025:09:23:55 -0400] "GET /wp-content/uploads/2024/08/An_06PzT3DmaJZV5sIAp6vl_obRNByVandP16Cd5-pPjAHJc85khoVDsvjr5hTBkeiNqbkSj_d_WiQypQdLiMw-1.mp4 HTTP/1.1" 206 716209 "https://arsn.media/personal-portfolio/" "Mozilla/5.0 (Linux; Android 10; K) AppleWebKit/537.36 (KHTML, like Gecko) Chrome/135.0.0.0 Mobile Safari/537.36"
39.48.49.64 - - [27/Apr/2025:09:23:55 -0400] "GET /wp-content/uploads/2024/08/An_06PzT3DmaJZV5sIAp6vl_obRNByVandP16Cd5-pPjAHJc85khoVDsvjr5hTBkeiNqbkSj_d_WiQypQdLiMw-1.mp4 HTTP/1.1" 206 3141041 "https://arsn.media/personal-portfolio/" "Mozilla/5.0 (Linux; Android 10; K) AppleWebKit/537.36 (KHTML, like Gecko) Chrome/135.0.0.0 Mobile Safari/537.36"
39.48.49.64 - - [27/Apr/2025:09:23:55 -0400] "GET /wp-content/uploads/2020/09/cropped-ARSN-PNG-192x192.png HTTP/1.1" 304 0 "https://arsn.media/personal-portfolio/" "Mozilla/5.0 (Linux; Android 10; K) AppleWebKit/537.36 (KHTML, like Gecko) Chrome/135.0.0.0 Mobile Safari/537.36"
39.48.49.64 - - [27/Apr/2025:09:23:55 -0400] "GET /wp-content/uploads/2020/09/cropped-ARSN-PNG-180x180.png HTTP/1.1" 304 0 "https://arsn.media/personal-portfolio/" "Mozilla/5.0 (Linux; Android 10; K) AppleWebKit/537.36 (KHTML, like Gecko) Chrome/135.0.0.0 Mobile Safari/537.36"
39.48.49.64 - - [27/Apr/2025:09:24:20 -0400] "GET /contacts/ HTTP/1.1" 200 40532 "https://arsn.media/personal-portfolio/" "Mozilla/5.0 (Linux; Android 10; K) AppleWebKit/537.36 (KHTML, like Gecko) Chrome/135.0.0.0 Mobile Safari/537.36"
39.48.49.64 - - [27/Apr/2025:09:24:21 -0400] "GET /wp-content/themes/onum/css/design-test.css?ver=6.8 HTTP/1.1" 404 39434 "https://arsn.media/contacts/" "Mozilla/5.0 (Linux; Android 10; K) AppleWebKit/537.36 (KHTML, like Gecko) Chrome/135.0.0.0 Mobile Safari/537.36"
39.48.49.64 - - [27/Apr/2025:09:24:21 -0400] "GET /wp-content/uploads/elementor/css/post-11332.css?ver=1725365060 HTTP/1.1" 404 39276 "https://arsn.media/contacts/" "Mozilla/5.0 (Linux; Android 10; K) AppleWebKit/537.36 (KHTML, like Gecko) Chrome/135.0.0.0 Mobile Safari/537.36"
39.48.49.64 - - [27/Apr/2025:09:24:21 -0400] "GET /wp-content/uploads/elementor/google-fonts/css/redhatdisplay.css?ver=1742288950 HTTP/1.1" 200 464 "https://arsn.media/contacts/" "Mozilla/5.0 (Linux; Android 10; K) AppleWebKit/537.36 (KHTML, like Gecko) Chrome/135.0.0.0 Mobile Safari/537.36"
39.48.49.64 - - [27/Apr/2025:09:24:21 -0400] "GET /wp-content/uploads/elementor/css/post-109.css?ver=1725365142 HTTP/1.1" 200 1545 "https://arsn.media/contacts/" "Mozilla/5.0 (Linux; Android 10; K) AppleWebKit/537.36 (KHTML, like Gecko) Chrome/135.0.0.0 Mobile Safari/537.36"
39.48.49.64 - - [27/Apr/2025:09:24:21 -0400] "GET /wp-content/uploads/elementor/css/post-3837.css?ver=1725365059 HTTP/1.1" 200 678 "https://arsn.media/contacts/" "Mozilla/5.0 (Linux; Android 10; K) AppleWebKit/537.36 (KHTML, like Gecko) Chrome/135.0.0.0 Mobile Safari/537.36"
39.48.49.64 - - [27/Apr/2025:09:24:21 -0400] "GET /wp-content/uploads/elementor/google-fonts/css/roboto.css?ver=1742293394 HTTP/1.1" 200 1869 "https://arsn.media/contacts/" "Mozilla/5.0 (Linux; Android 10; K) AppleWebKit/537.36 (KHTML, like Gecko) Chrome/135.0.0.0 Mobile Safari/537.36"
39.48.49.64 - - [27/Apr/2025:09:24:21 -0400] "GET /wp-content/uploads/elementor/css/custom-widget-icon-list.min.css?ver=1725365059 HTTP/1.1" 304 0 "https://arsn.media/contacts/" "Mozilla/5.0 (Linux; Android 10; K) AppleWebKit/537.36 (KHTML, like Gecko) Chrome/135.0.0.0 Mobile Safari/537.36"
39.48.49.64 - - [27/Apr/2025:09:24:22 -0400] "GET /wp-content/themes/onum/js/design-test.js HTTP/1.1" 404 39284 "https://arsn.media/contacts/" "Mozilla/5.0 (Linux; Android 10; K) AppleWebKit/537.36 (KHTML, like Gecko) Chrome/135.0.0.0 Mobile Safari/537.36"
39.48.49.64 - - [27/Apr/2025:09:24:22 -0400] "GET /wp-content/uploads/elementor/css/post-1108.css?ver=1730285452 HTTP/1.1" 304 0 "https://arsn.media/contacts/" "Mozilla/5.0 (Linux; Android 10; K) AppleWebKit/537.36 (KHTML, like Gecko) Chrome/135.0.0.0 Mobile Safari/537.36"
39.48.49.64 - - [27/Apr/2025:09:24:22 -0400] "GET /wp-content/plugins/elementor/assets/css/widget-text-editor.min.css?ver=3.28.4 HTTP/1.1" 200 208 "https://arsn.media/contacts/" "Mozilla/5.0 (Linux; Android 10; K) AppleWebKit/537.36 (KHTML, like Gecko) Chrome/135.0.0.0 Mobile Safari/537.36"
39.48.49.64 - - [27/Apr/2025:09:24:22 -0400] "GET /wp-content/plugins/elementor/assets/css/widget-social-icons.min.css?ver=3.28.4 HTTP/1.1" 200 1069 "https://arsn.media/contacts/" "Mozilla/5.0 (Linux; Android 10; K) AppleWebKit/537.36 (KHTML, like Gecko) Chrome/135.0.0.0 Mobile Safari/537.36"
39.48.49.64 - - [27/Apr/2025:09:24:22 -0400] "GET /wp-content/plugins/elementor/assets/lib/font-awesome/css/brands.min.css?ver=5.15.3 HTTP/1.1" 304 0 "https://arsn.media/contacts/" "Mozilla/5.0 (Linux; Android 10; K) AppleWebKit/537.36 (KHTML, like Gecko) Chrome/135.0.0.0 Mobile Safari/537.36"
39.48.49.64 - - [27/Apr/2025:09:24:22 -0400] "GET /wp-content/uploads/elementor/css/custom-apple-webkit.min.css?ver=1728007827 HTTP/1.1" 304 0 "https://arsn.media/contacts/" "Mozilla/5.0 (Linux; Android 10; K) AppleWebKit/537.36 (KHTML, like Gecko) Chrome/135.0.0.0 Mobile Safari/537.36"
39.48.49.64 - - [27/Apr/2025:09:24:22 -0400] "GET /wp-content/uploads/elementor/google-fonts/fonts/redhatdisplay-8viq7wur0m80wwyf0qcxzzyzuotg_t6h.woff2 HTTP/1.1" 200 30588 "https://arsn.media/wp-content/uploads/elementor/google-fonts/css/redhatdisplay.css?ver=1742288950" "Mozilla/5.0 (Linux; Android 10; K) AppleWebKit/537.36 (KHTML, like Gecko) Chrome/135.0.0.0 Mobile Safari/537.36"
39.48.49.64 - - [27/Apr/2025:09:24:22 -0400] "GET /wp-content/uploads/2024/07/2149041148-1.jpg HTTP/1.1" 200 30036 "https://arsn.media/wp-content/uploads/elementor/css/post-109.css?ver=1725365142" "Mozilla/5.0 (Linux; Android 10; K) AppleWebKit/537.36 (KHTML, like Gecko) Chrome/135.0.0.0 Mobile Safari/537.36"
39.48.49.64 - - [27/Apr/2025:09:24:22 -0400] "GET /wp-content/themes/onum/fonts/fa-solid-900.woff2 HTTP/1.1" 304 0 "https://arsn.media/wp-content/themes/onum/css/font-awesome.css?ver=6.8" "Mozilla/5.0 (Linux; Android 10; K) AppleWebKit/537.36 (KHTML, like Gecko) Chrome/135.0.0.0 Mobile Safari/537.36"
39.48.49.64 - - [27/Apr/2025:09:24:22 -0400] "GET /wp-content/themes/onum/fonts/fa-brands-400.woff2 HTTP/1.1" 304 0 "https://arsn.media/wp-content/themes/onum/css/font-awesome.css?ver=6.8" "Mozilla/5.0 (Linux; Android 10; K) AppleWebKit/537.36 (KHTML, like Gecko) Chrome/135.0.0.0 Mobile Safari/537.36"
39.48.49.64 - - [27/Apr/2025:09:24:22 -0400] "GET /wp-content/plugins/elementor/assets/lib/font-awesome/webfonts/fa-brands-400.woff2 HTTP/1.1" 304 0 "https://arsn.media/wp-content/plugins/elementor/assets/lib/font-awesome/css/brands.min.css?ver=5.15.3" "Mozilla/5.0 (Linux; Android 10; K) AppleWebKit/537.36 (KHTML, like Gecko) Chrome/135.0.0.0 Mobile Safari/537.36"
39.48.49.64 - - [27/Apr/2025:09:24:24 -0400] "GET /wp-content/plugins/pro-elements/assets/js/form.c4bc7eaa69583834a7d5.bundle.min.js HTTP/1.1" 304 0 "https://arsn.media/contacts/" "Mozilla/5.0 (Linux; Android 10; K) AppleWebKit/537.36 (KHTML, like Gecko) Chrome/135.0.0.0 Mobile Safari/537.36"
39.48.49.64 - - [27/Apr/2025:09:24:24 -0400] "GET /wp-content/plugins/pro-elements/assets/js/popup.085c1727e36940b18f29.bundle.min.js HTTP/1.1" 304 0 "https://arsn.media/contacts/" "Mozilla/5.0 (Linux; Android 10; K) AppleWebKit/537.36 (KHTML, like Gecko) Chrome/135.0.0.0 Mobile Safari/537.36"
39.48.49.64 - - [27/Apr/2025:09:24:49 -0400] "GET /about-company/ HTTP/1.1" 200 43636 "https://arsn.media/personal-portfolio/" "Mozilla/5.0 (Linux; Android 10; K) AppleWebKit/537.36 (KHTML, like Gecko) Chrome/135.0.0.0 Mobile Safari/537.36"
39.48.49.64 - - [27/Apr/2025:09:24:50 -0400] "GET /wp-content/themes/onum/css/design-test.css?ver=6.8 HTTP/1.1" 404 39434 "https://arsn.media/about-company/" "Mozilla/5.0 (Linux; Android 10; K) AppleWebKit/537.36 (KHTML, like Gecko) Chrome/135.0.0.0 Mobile Safari/537.36"
39.48.49.64 - - [27/Apr/2025:09:24:50 -0400] "GET /wp-content/uploads/elementor/css/post-11332.css?ver=1725365060 HTTP/1.1" 404 39276 "https://arsn.media/about-company/" "Mozilla/5.0 (Linux; Android 10; K) AppleWebKit/537.36 (KHTML, like Gecko) Chrome/135.0.0.0 Mobile Safari/537.36"
39.48.49.64 - - [27/Apr/2025:09:24:50 -0400] "GET /wp-content/uploads/elementor/css/post-753.css?ver=1725365113 HTTP/1.1" 200 2018 "https://arsn.media/about-company/" "Mozilla/5.0 (Linux; Android 10; K) AppleWebKit/537.36 (KHTML, like Gecko) Chrome/135.0.0.0 Mobile Safari/537.36"
39.48.49.64 - - [27/Apr/2025:09:24:50 -0400] "GET /wp-content/uploads/2024/08/807b28a7-2b97-4ac8-8d92-c8300eae3d51.jpeg HTTP/1.1" 200 23564 "https://arsn.media/about-company/" "Mozilla/5.0 (Linux; Android 10; K) AppleWebKit/537.36 (KHTML, like Gecko) Chrome/135.0.0.0 Mobile Safari/537.36"
39.48.49.64 - - [27/Apr/2025:09:24:51 -0400] "GET /wp-content/themes/onum/js/design-test.js HTTP/1.1" 404 39284 "https://arsn.media/about-company/" "Mozilla/5.0 (Linux; Android 10; K) AppleWebKit/537.36 (KHTML, like Gecko) Chrome/135.0.0.0 Mobile Safari/537.36"
39.48.49.64 - - [27/Apr/2025:09:24:51 -0400] "GET /wp-content/uploads/2024/07/44204-1.jpg HTTP/1.1" 200 71917 "https://arsn.media/wp-content/uploads/elementor/css/post-753.css?ver=1725365113" "Mozilla/5.0 (Linux; Android 10; K) AppleWebKit/537.36 (KHTML, like Gecko) Chrome/135.0.0.0 Mobile Safari/537.36"
39.48.49.64 - - [27/Apr/2025:09:24:56 -0400] "GET /wp-content/uploads/2024/08/Untitled-design-27.jpg HTTP/1.1" 200 90632 "https://arsn.media/about-company/" "Mozilla/5.0 (Linux; Android 10; K) AppleWebKit/537.36 (KHTML, like Gecko) Chrome/135.0.0.0 Mobile Safari/537.36"
39.48.49.64 - - [27/Apr/2025:09:24:57 -0400] "GET /wp-content/uploads/2024/08/Untitled-design-28.jpg HTTP/1.1" 200 84507 "https://arsn.media/about-company/" "Mozilla/5.0 (Linux; Android 10; K) AppleWebKit/537.36 (KHTML, like Gecko) Chrome/135.0.0.0 Mobile Safari/537.36"
39.48.49.64 - - [27/Apr/2025:09:24:59 -0400] "GET /wp-content/uploads/2024/08/Untitled-design-29.jpg HTTP/1.1" 200 85760 "https://arsn.media/about-company/" "Mozilla/5.0 (Linux; Android 10; K) AppleWebKit/537.36 (KHTML, like Gecko) Chrome/135.0.0.0 Mobile Safari/537.36"
39.48.49.64 - - [27/Apr/2025:09:24:59 -0400] "GET /wp-content/uploads/2024/08/Untitled-design-30.jpg HTTP/1.1" 200 90655 "https://arsn.media/about-company/" "Mozilla/5.0 (Linux; Android 10; K) AppleWebKit/537.36 (KHTML, like Gecko) Chrome/135.0.0.0 Mobile Safari/537.36"
39.48.49.64 - - [27/Apr/2025:09:24:59 -0400] "GET /wp-content/uploads/2024/08/Untitled-design-31.jpg HTTP/1.1" 200 95060 "https://arsn.media/about-company/" "Mozilla/5.0 (Linux; Android 10; K) AppleWebKit/537.36 (KHTML, like Gecko) Chrome/135.0.0.0 Mobile Safari/537.36"
39.48.49.64 - - [27/Apr/2025:09:25:06 -0400] "GET /about-company/ HTTP/1.1" 304 0 "https://arsn.media/personal-portfolio/" "Mozilla/5.0 (Linux; Android 10; K) AppleWebKit/537.36 (KHTML, like Gecko) Chrome/135.0.0.0 Mobile Safari/537.36"
39.48.49.64 - - [27/Apr/2025:09:25:07 -0400] "GET /wp-content/themes/onum/css/design-test.css?ver=6.8 HTTP/1.1" 404 39434 "https://arsn.media/about-company/" "Mozilla/5.0 (Linux; Android 10; K) AppleWebKit/537.36 (KHTML, like Gecko) Chrome/135.0.0.0 Mobile Safari/537.36"
39.48.49.64 - - [27/Apr/2025:09:25:07 -0400] "GET /wp-content/uploads/elementor/css/post-11332.css?ver=1725365060 HTTP/1.1" 404 39276 "https://arsn.media/about-company/" "Mozilla/5.0 (Linux; Android 10; K) AppleWebKit/537.36 (KHTML, like Gecko) Chrome/135.0.0.0 Mobile Safari/537.36"
39.48.49.64 - - [27/Apr/2025:09:25:07 -0400] "GET /wp-content/themes/onum/js/design-test.js HTTP/1.1" 404 39284 "https://arsn.media/about-company/" "Mozilla/5.0 (Linux; Android 10; K) AppleWebKit/537.36 (KHTML, like Gecko) Chrome/135.0.0.0 Mobile Safari/537.36"
66.29.132.124 - - [27/Apr/2025:09:32:39 -0400] "POST /wp-cron.php?doing_wp_cron=1745760759.1399199962615966796875 HTTP/1.1" 200 0 "-" "WordPress/6.8; https://arsn.media"
68.65.122.143 - - [27/Apr/2025:09:32:33 -0400] "POST /xmlrpc.php HTTP/1.1" 200 186 "https://arsn.media" "Mozilla/5.0 (Windows NT 11.0; Win64; x64) AppleWebKit/537.36 (KHTML, like Gecko) Chrome/126.0.0.0 Safari/537.36"
66.29.132.124 - - [27/Apr/2025:09:32:39 -0400] "POST /wp-admin/admin-ajax.php?action=async_litespeed&nonce=0zND6dlYyahOQeFv0mCpWLjwsDQSJyQu&litespeed_type=imgoptm HTTP/1.1" 200 21 "-" "WordPress/6.8; https://arsn.media"
43.130.3.120 - - [27/Apr/2025:09:33:24 -0400] "GET /affordable-youtube-seo-agency/ HTTP/1.1" 200 71185 "-" "Mozilla/5.0 (iPhone; CPU iPhone OS 13_2_3 like Mac OS X) AppleWebKit/605.1.15 (KHTML, like Gecko) Version/13.0.3 Mobile/15E148 Safari/604.1"
66.29.132.124 - - [27/Apr/2025:09:43:15 -0400] "POST /wp-cron.php?doing_wp_cron=1745761395.8257470130920410156250 HTTP/1.1" 200 0 "-" "WordPress/6.8; https://arsn.media"
43.143.248.236 - - [27/Apr/2025:09:43:07 -0400] "GET / HTTP/1.1" 301 0 "http://www.arsn.media" "Mozilla/5.0 (iPhone; CPU iPhone OS 13_2_3 like Mac OS X) AppleWebKit/605.1.15 (KHTML, like Gecko) Version/13.0.3 Mobile/15E148 Safari/604.1"
43.143.248.236 - - [27/Apr/2025:09:43:17 -0400] "GET / HTTP/1.1" 200 72544 "https://www.arsn.media/" "Mozilla/5.0 (iPhone; CPU iPhone OS 13_2_3 like Mac OS X) AppleWebKit/605.1.15 (KHTML, like Gecko) Version/13.0.3 Mobile/15E148 Safari/604.1"
66.29.132.124 - - [27/Apr/2025:09:43:16 -0400] "POST /wp-admin/admin-ajax.php?action=async_litespeed&nonce=tuYLZLiZPfc0DaER3d5SfMcMXrwHrIG7&litespeed_type=imgoptm HTTP/1.1" 200 21 "-" "WordPress/6.8; https://arsn.media"
66.29.132.124 - - [27/Apr/2025:09:50:16 -0400] "POST /wp-cron.php?doing_wp_cron=1745761816.5950810909271240234375 HTTP/1.1" 200 0 "-" "WordPress/6.8; https://arsn.media"
66.29.132.124 - - [27/Apr/2025:09:50:17 -0400] "POST /wp-admin/admin-ajax.php?action=async_litespeed&nonce=NjNcYDurYoUkaRYsbikPzb7gS2mOhbLI&litespeed_type=imgoptm HTTP/1.1" 200 0 "-" "WordPress/6.8; https://arsn.media"
82.29.221.72 - - [27/Apr/2025:09:50:08 -0400] "GET /seo-for-pest-control-companies/ HTTP/1.1" 200 87702 "-" "Mozilla/5.0 (Windows NT 10.0; Win64; x64) AppleWebKit/537.36 (KHTML, like Gecko) Chrome/130.0.0.0 Safari/537.36"
66.55.200.246 - - [27/Apr/2025:09:57:05 -0400] "GET /robots.txt HTTP/1.0" 200 121 "-" "WF search/Nutch-1.12"
66.55.200.246 - - [27/Apr/2025:09:57:06 -0400] "GET /limo-company-seo/ HTTP/1.0" 200 84214 "-" "WF search/Nutch-1.12"
66.29.132.124 - - [27/Apr/2025:10:02:10 -0400] "POST /wp-cron.php?doing_wp_cron=1745762530.2277090549468994140625 HTTP/1.1" 200 0 "-" "WordPress/6.8; https://arsn.media"
66.29.132.124 - - [27/Apr/2025:10:02:10 -0400] "POST /wp-admin/admin-ajax.php?action=async_litespeed&nonce=HGOVz8p3pKji4OP9VnfO7UjdcpWICrta&litespeed_type=imgoptm HTTP/1.1" 200 0 "-" "WordPress/6.8; https://arsn.media"
43.159.138.217 - - [27/Apr/2025:10:02:04 -0400] "GET /wp-json/wp/v2/pages/10025 HTTP/1.1" 200 190608 "-" "Mozilla/5.0 (iPhone; CPU iPhone OS 13_2_3 like Mac OS X) AppleWebKit/605.1.15 (KHTML, like Gecko) Version/13.0.3 Mobile/15E148 Safari/604.1"
66.29.132.124 - - [27/Apr/2025:10:02:11 -0400] "POST /wp-admin/admin-ajax.php?action=as_async_request_queue_runner&nonce=db6c3e20c5 HTTP/1.1" 200 0 "-" "WordPress/6.8; https://arsn.media"
173.244.56.34 - - [27/Apr/2025:10:11:12 -0400] "GET /contacts/ HTTP/1.1" 200 40532 "-" "Mozilla/5.0 (Macintosh; Intel Mac OS X 12.5; rv:114.0) Gecko/20100101 Firefox/114.0"
173.244.56.34 - - [27/Apr/2025:10:11:13 -0400] "GET /wp-content/plugins/contact-form-7/includes/js/index.js?ver=6.0.6 HTTP/1.1" 200 4008 "-" "Mozilla/5.0 (Macintosh; Intel Mac OS X 12.5; rv:114.0) Gecko/20100101 Firefox/114.0"
66.29.132.124 - - [27/Apr/2025:10:11:23 -0400] "POST /wp-cron.php?doing_wp_cron=1745763083.3587539196014404296875 HTTP/1.1" 200 0 "-" "WordPress/6.8; https://arsn.media"
66.29.132.124 - - [27/Apr/2025:10:11:24 -0400] "POST /wp-admin/admin-ajax.php?action=async_litespeed&nonce=V3z3frkgKb2N0Qb6USyTwjeKiLZTFFcO&litespeed_type=imgoptm HTTP/1.1" 200 0 "-" "WordPress/6.8; https://arsn.media"
66.29.132.124 - - [27/Apr/2025:10:11:25 -0400] "POST /wp-admin/admin-ajax.php?action=as_async_request_queue_runner&nonce=db6c3e20c5 HTTP/1.1" 200 0 "-" "WordPress/6.8; https://arsn.media"
173.244.56.34 - - [27/Apr/2025:10:11:14 -0400] "POST /wp-admin/admin-ajax.php HTTP/1.1" 200 79 "https://arsn.media/contacts/" "Mozilla/5.0 (Macintosh; Intel Mac OS X 12.5; rv:114.0) Gecko/20100101 Firefox/114.0"
43.130.110.130 - - [27/Apr/2025:10:12:12 -0400] "GET /limo-company-seo/ HTTP/1.1" 200 84208 "-" "Mozilla/5.0 (iPhone; CPU iPhone OS 13_2_3 like Mac OS X) AppleWebKit/605.1.15 (KHTML, like Gecko) Version/13.0.3 Mobile/15E148 Safari/604.1"
85.203.44.104 - - [27/Apr/2025:10:14:12 -0400] "GET / HTTP/1.0" 200 639584 "https://arsn.media/" "Mozilla/5.0 (Windows NT 10.0; Win64; x64) AppleWebKit/537.36 (KHTML, like Gecko) Chrome/131.0.0.0 Safari/537.36"
66.29.132.124 - - [27/Apr/2025:10:14:19 -0400] "POST /wp-cron.php?doing_wp_cron=1745763258.9898080825805664062500 HTTP/1.1" 200 0 "-" "WordPress/6.8; https://arsn.media"
66.29.132.124 - - [27/Apr/2025:10:14:19 -0400] "POST /wp-admin/admin-ajax.php?action=async_litespeed&nonce=p0GU5ydGnd6Rvu20zayx9XXgkRESARED&litespeed_type=imgoptm HTTP/1.1" 200 0 "-" "WordPress/6.8; https://arsn.media"
66.29.132.124 - - [27/Apr/2025:10:14:20 -0400] "POST /wp-admin/admin-ajax.php?action=as_async_request_queue_runner&nonce=db6c3e20c5 HTTP/1.1" 200 0 "-" "WordPress/6.8; https://arsn.media"
85.203.44.73 - - [27/Apr/2025:10:14:15 -0400] "POST /wp-admin/admin-ajax.php HTTP/1.0" 200 184 "https://arsn.media/" "Mozilla/5.0 (Windows NT 10.0; Win64; x64) AppleWebKit/537.36 (KHTML, like Gecko) Chrome/131.0.0.0 Safari/537.36"
85.208.96.202 - - [27/Apr/2025:10:17:46 -0400] "GET /robots.txt HTTP/1.1" 200 121 "-" "Mozilla/5.0 (compatible; SemrushBot/7~bl; +http://www.semrush.com/bot.html)"
66.29.132.124 - - [27/Apr/2025:10:17:49 -0400] "POST /wp-cron.php?doing_wp_cron=1745763469.2526431083679199218750 HTTP/1.1" 200 0 "-" "WordPress/6.8; https://arsn.media"
66.29.132.124 - - [27/Apr/2025:10:17:49 -0400] "POST /wp-admin/admin-ajax.php?action=async_litespeed&nonce=mau1oFaU0tLXo2t5F7o1wpHJyVjX4W2C&litespeed_type=imgoptm HTTP/1.1" 200 21 "-" "WordPress/6.8; https://arsn.media"
66.29.132.124 - - [27/Apr/2025:10:17:49 -0400] "POST /wp-admin/admin-ajax.php?action=as_async_request_queue_runner&nonce=db6c3e20c5 HTTP/1.1" 200 0 "-" "WordPress/6.8; https://arsn.media"
85.208.96.211 - - [27/Apr/2025:10:17:46 -0400] "GET /wp-admin/admin-ajax.php?action=process_simple_like&disabled=true&is_comment=0&nonce=e4d58420f9&post_id=12784 HTTP/1.1" 200 33 "-" "Mozilla/5.0 (compatible; SemrushBot/7~bl; +http://www.semrush.com/bot.html)"
66.29.132.124 - - [27/Apr/2025:10:18:26 -0400] "POST /wp-cron.php?doing_wp_cron=1745763506.3505580425262451171875 HTTP/1.1" 200 0 "-" "WordPress/6.8; https://arsn.media"
66.249.74.5 - - [27/Apr/2025:10:18:26 -0400] "GET /?trk=public_post-text HTTP/1.1" 200 48787 "-" "Mozilla/5.0 (Linux; Android 6.0.1; Nexus 5X Build/MMB29P) AppleWebKit/537.36 (KHTML, like Gecko) Chrome/135.0.7049.95 Mobile Safari/537.36 (compatible; Googlebot/2.1; +http://www.google.com/bot.html)"
66.249.74.3 - - [27/Apr/2025:10:18:38 -0400] "GET /wp-includes/js/jquery/ui/core.min.js?ver=1.13.3 HTTP/1.1" 200 6812 "https://arsn.media/?trk=public_post-text" "Mozilla/5.0 (Linux; Android 6.0.1; Nexus 5X Build/MMB29P) AppleWebKit/537.36 (KHTML, like Gecko) Chrome/134.0.6998.165 Mobile Safari/537.36 (compatible; Googlebot/2.1; +http://www.google.com/bot.html)"
66.249.74.3 - - [27/Apr/2025:10:18:41 -0400] "GET /wp-content/themes/onum/inc/backend/js/simple-likes-public.js?ver=0.5 HTTP/1.1" 200 491 "https://arsn.media/?trk=public_post-text" "Mozilla/5.0 (Linux; Android 6.0.1; Nexus 5X Build/MMB29P) AppleWebKit/537.36 (KHTML, like Gecko) Chrome/134.0.6998.165 Mobile Safari/537.36 (compatible; Googlebot/2.1; +http://www.google.com/bot.html)"
66.249.74.3 - - [27/Apr/2025:10:18:42 -0400] "GET /wp-content/uploads/elementor/css/custom-frontend.min.css?ver=1725365066 HTTP/1.1" 200 28098 "https://arsn.media/?trk=public_post-text" "Mozilla/5.0 (Linux; Android 6.0.1; Nexus 5X Build/MMB29P) AppleWebKit/537.36 (KHTML, like Gecko) Chrome/134.0.6998.165 Mobile Safari/537.36 (compatible; Googlebot/2.1; +http://www.google.com/bot.html)"
66.249.74.3 - - [27/Apr/2025:10:18:43 -0400] "GET /wp-content/themes/onum/css/slick-theme.css?ver=6.8 HTTP/1.1" 200 592 "https://arsn.media/?trk=public_post-text" "Mozilla/5.0 (Linux; Android 6.0.1; Nexus 5X Build/MMB29P) AppleWebKit/537.36 (KHTML, like Gecko) Chrome/134.0.6998.165 Mobile Safari/537.36 (compatible; Googlebot/2.1; +http://www.google.com/bot.html)"
66.249.74.3 - - [27/Apr/2025:10:18:43 -0400] "GET /wp-content/themes/onum/css/bootstrap.css?ver=3.3.7 HTTP/1.1" 200 2342 "https://arsn.media/?trk=public_post-text" "Mozilla/5.0 (Linux; Android 6.0.1; Nexus 5X Build/MMB29P) AppleWebKit/537.36 (KHTML, like Gecko) Chrome/134.0.6998.165 Mobile Safari/537.36 (compatible; Googlebot/2.1; +http://www.google.com/bot.html)"
66.249.74.3 - - [27/Apr/2025:10:18:44 -0400] "GET /wp-content/themes/onum/css/flaticon.css?ver=6.8 HTTP/1.1" 200 1042 "https://arsn.media/?trk=public_post-text" "Mozilla/5.0 (Linux; Android 6.0.1; Nexus 5X Build/MMB29P) AppleWebKit/537.36 (KHTML, like Gecko) Chrome/134.0.6998.165 Mobile Safari/537.36 (compatible; Googlebot/2.1; +http://www.google.com/bot.html)"
66.249.74.3 - - [27/Apr/2025:10:18:44 -0400] "GET /wp-content/uploads/elementor/google-fonts/css/roboto.css?ver=1742293394 HTTP/1.1" 200 1869 "https://arsn.media/?trk=public_post-text" "Mozilla/5.0 (Linux; Android 6.0.1; Nexus 5X Build/MMB29P) AppleWebKit/537.36 (KHTML, like Gecko) Chrome/134.0.6998.165 Mobile Safari/537.36 (compatible; Googlebot/2.1; +http://www.google.com/bot.html)"
66.249.74.3 - - [27/Apr/2025:10:18:55 -0400] "GET /wp-content/themes/onum/js/jquery.countdown.min.js?ver=20190829 HTTP/1.1" 200 616 "https://arsn.media/?trk=public_post-text" "Mozilla/5.0 (Linux; Android 6.0.1; Nexus 5X Build/MMB29P) AppleWebKit/537.36 (KHTML, like Gecko) Chrome/134.0.6998.165 Mobile Safari/537.36 (compatible; Googlebot/2.1; +http://www.google.com/bot.html)"
66.249.74.3 - - [27/Apr/2025:10:18:55 -0400] "GET /wp-includes/js/imagesloaded.min.js?ver=5.0.0 HTTP/1.1" 200 1687 "https://arsn.media/?trk=public_post-text" "Mozilla/5.0 (Linux; Android 6.0.1; Nexus 5X Build/MMB29P) AppleWebKit/537.36 (KHTML, like Gecko) Chrome/134.0.6998.165 Mobile Safari/537.36 (compatible; Googlebot/2.1; +http://www.google.com/bot.html)"
66.249.74.3 - - [27/Apr/2025:10:18:58 -0400] "GET /wp-content/uploads/elementor/css/custom-apple-webkit.min.css?ver=1728007827 HTTP/1.1" 200 470 "https://arsn.media/?trk=public_post-text" "Mozilla/5.0 (Linux; Android 6.0.1; Nexus 5X Build/MMB29P) AppleWebKit/537.36 (KHTML, like Gecko) Chrome/134.0.6998.165 Mobile Safari/537.36 (compatible; Googlebot/2.1; +http://www.google.com/bot.html)"
66.249.74.3 - - [27/Apr/2025:10:18:58 -0400] "GET /wp-content/plugins/elementor/assets/js/frontend.min.js?ver=3.28.4 HTTP/1.1" 200 13099 "https://arsn.media/?trk=public_post-text" "Mozilla/5.0 (Linux; Android 6.0.1; Nexus 5X Build/MMB29P) AppleWebKit/537.36 (KHTML, like Gecko) Chrome/134.0.6998.165 Mobile Safari/537.36 (compatible; Googlebot/2.1; +http://www.google.com/bot.html)"
66.249.74.3 - - [27/Apr/2025:10:18:59 -0400] "GET /wp-content/plugins/elementskit-lite/libs/framework/assets/js/frontend-script.js?ver=3.5.0 HTTP/1.1" 200 40 "https://arsn.media/?trk=public_post-text" "Mozilla/5.0 (Linux; Android 6.0.1; Nexus 5X Build/MMB29P) AppleWebKit/537.36 (KHTML, like Gecko) Chrome/134.0.6998.165 Mobile Safari/537.36 (compatible; Googlebot/2.1; +http://www.google.com/bot.html)"
66.249.74.3 - - [27/Apr/2025:10:18:59 -0400] "GET /wp-content/plugins/revslider/public/assets/js/rs6.min.js?ver=6.6.8 HTTP/1.1" 200 103316 "https://arsn.media/?trk=public_post-text" "Mozilla/5.0 (Linux; Android 6.0.1; Nexus 5X Build/MMB29P) AppleWebKit/537.36 (KHTML, like Gecko) Chrome/134.0.6998.165 Mobile Safari/537.36 (compatible; Googlebot/2.1; +http://www.google.com/bot.html)"
43.159.143.187 - - [27/Apr/2025:10:21:48 -0400] "GET /limo-company-seo/ HTTP/1.1" 200 84208 "-" "Mozilla/5.0 (iPhone; CPU iPhone OS 13_2_3 like Mac OS X) AppleWebKit/605.1.15 (KHTML, like Gecko) Version/13.0.3 Mobile/15E148 Safari/604.1"
194.195.91.60 - - [27/Apr/2025:10:24:20 -0400] "GET / HTTP/1.0" 200 639584 "https://arsn.media/" "Mozilla/5.0 (Windows NT 10.0; Win64; x64) AppleWebKit/537.36 (KHTML, like Gecko) Chrome/130.0.0.0 Safari/537.36"
66.29.132.124 - - [27/Apr/2025:10:24:27 -0400] "POST /wp-cron.php?doing_wp_cron=1745763867.3083310127258300781250 HTTP/1.1" 200 0 "-" "WordPress/6.8; https://arsn.media"
66.29.132.124 - - [27/Apr/2025:10:24:27 -0400] "POST /wp-admin/admin-ajax.php?action=async_litespeed&nonce=Gxbe6eE0I5u0REmHfgnw9yI4L11ICmd6&litespeed_type=imgoptm HTTP/1.1" 200 21 "-" "WordPress/6.8; https://arsn.media"
66.29.132.124 - - [27/Apr/2025:10:24:27 -0400] "POST /wp-admin/admin-ajax.php?action=as_async_request_queue_runner&nonce=db6c3e20c5 HTTP/1.1" 200 0 "-" "WordPress/6.8; https://arsn.media"
194.195.91.37 - - [27/Apr/2025:10:24:22 -0400] "POST /wp-admin/admin-ajax.php HTTP/1.0" 200 184 "https://arsn.media/" "Mozilla/5.0 (Windows NT 10.0; Win64; x64) AppleWebKit/537.36 (KHTML, like Gecko) Chrome/130.0.0.0 Safari/537.36"
66.29.132.124 - - [27/Apr/2025:10:30:15 -0400] "POST /wp-cron.php?doing_wp_cron=1745764215.1275289058685302734375 HTTP/1.1" 200 0 "-" "WordPress/6.8; https://arsn.media"
185.191.171.19 - - [27/Apr/2025:10:30:11 -0400] "GET /2024/11/01/how-to-craft-a-compelling-call-to-action-in-your-pest-control-ads/ HTTP/1.1" 301 0 "-" "Mozilla/5.0 (compatible; SemrushBot/7~bl; +http://www.semrush.com/bot.html)"
66.29.132.124 - - [27/Apr/2025:10:30:15 -0400] "POST /wp-admin/admin-ajax.php?action=async_litespeed&nonce=mcPjvNqslU1L0EsRGjxBxz4gXgEZrMR9&litespeed_type=imgoptm HTTP/1.1" 200 0 "-" "WordPress/6.8; https://arsn.media"
66.29.132.124 - - [27/Apr/2025:10:30:16 -0400] "POST /wp-admin/admin-ajax.php?action=as_async_request_queue_runner&nonce=db6c3e20c5 HTTP/1.1" 200 0 "-" "WordPress/6.8; https://arsn.media"
185.191.171.15 - - [27/Apr/2025:10:30:17 -0400] "GET /2024/11/01/how-to-craft-a-compelling-call-to-action-in-your-ideal-pest-control-ads/ HTTP/1.1" 200 72382 "-" "Mozilla/5.0 (compatible; SemrushBot/7~bl; +http://www.semrush.com/bot.html)"
49.51.253.26 - - [27/Apr/2025:10:33:54 -0400] "GET /affordable-youtube-seo-agency/ HTTP/1.1" 200 71185 "-" "Mozilla/5.0 (iPhone; CPU iPhone OS 13_2_3 like Mac OS X) AppleWebKit/605.1.15 (KHTML, like Gecko) Version/13.0.3 Mobile/15E148 Safari/604.1"
66.29.132.124 - - [27/Apr/2025:10:34:23 -0400] "POST /wp-cron.php?doing_wp_cron=1745764463.1959640979766845703125 HTTP/1.1" 200 0 "-" "WordPress/6.8; https://arsn.media"
66.29.132.124 - - [27/Apr/2025:10:34:23 -0400] "POST /wp-admin/admin-ajax.php?action=async_litespeed&nonce=QvaUt5qi0CLExrJdyea6Otb7KfSQzFrP&litespeed_type=imgoptm HTTP/1.1" 200 21 "-" "WordPress/6.8; https://arsn.media"
66.29.132.124 - - [27/Apr/2025:10:34:23 -0400] "POST /wp-admin/admin-ajax.php?action=as_async_request_queue_runner&nonce=db6c3e20c5 HTTP/1.1" 200 0 "-" "WordPress/6.8; https://arsn.media"
85.208.96.202 - - [27/Apr/2025:10:34:16 -0400] "GET /wp-admin/admin-ajax.php?action=process_simple_like&disabled=true&is_comment=0&nonce=baf0437680&post_id=12485 HTTP/1.1" 200 33 "-" "Mozilla/5.0 (compatible; SemrushBot/7~bl; +http://www.semrush.com/bot.html)"
66.29.132.124 - - [27/Apr/2025:10:39:21 -0400] "POST /wp-cron.php?doing_wp_cron=1745764761.8931660652160644531250 HTTP/1.1" 200 0 "-" "WordPress/6.8; https://arsn.media"
134.17.14.122 - - [27/Apr/2025:10:39:19 -0400] "POST /wp.php HTTP/1.1" 404 39158 "-" "Mozilla/4.0 (compatible; MSIE 6.0; Windows NT 5.1; SV1)"
66.29.132.124 - - [27/Apr/2025:10:39:22 -0400] "POST /wp-admin/admin-ajax.php?action=async_litespeed&nonce=ra18uxu1RWL9a3D7l68sagnzqTy2MXat&litespeed_type=imgoptm HTTP/1.1" 200 0 "-" "WordPress/6.8; https://arsn.media"
66.29.132.124 - - [27/Apr/2025:10:39:23 -0400] "POST /wp-admin/admin-ajax.php?action=as_async_request_queue_runner&nonce=db6c3e20c5 HTTP/1.1" 200 0 "-" "WordPress/6.8; https://arsn.media"
103.149.115.191 - - [27/Apr/2025:11:14:58 -0400] "GET / HTTP/1.1" 200 639584 "-" "Mozilla/5.0 (Windows NT 10.0; Win64; x64) AppleWebKit/537.36 (KHTML, like Gecko) Chrome/89.0.4389.114 Safari/537.36"
66.29.132.124 - - [27/Apr/2025:11:15:13 -0400] "POST /wp-cron.php?doing_wp_cron=1745766913.9183380603790283203125 HTTP/1.1" 200 0 "-" "WordPress/6.8; https://arsn.media"
103.149.115.191 - - [27/Apr/2025:11:15:01 -0400] "GET //wp-includes/wlwmanifest.xml HTTP/1.1" 301 0 "-" "Mozilla/5.0 (Windows NT 10.0; Win64; x64) AppleWebKit/537.36 (KHTML, like Gecko) Chrome/89.0.4389.114 Safari/537.36"
