OwlCyberSecurity - MANAGER
Edit File: arsn.media-ssl_log
157.245.113.172 - - [27/Apr/2025:03:43:03 -0400] "GET //wp-includes/ID3/license.txt HTTP/1.1" 200 1396 "-" "Mozilla/5.0 (Windows NT 10.0; Win64; x64) AppleWebKit/537.36 (KHTML, like Gecko) Chrome/95.0.4638.69 Safari/537.36"
66.29.132.124 - - [27/Apr/2025:03:43:20 -0400] "POST /wp-cron.php?doing_wp_cron=1745739800.0205419063568115234375 HTTP/1.1" 200 0 "-" "WordPress/6.8; https://arsn.media"
157.245.113.172 - - [27/Apr/2025:03:43:03 -0400] "GET //feed/ HTTP/1.1" 301 0 "-" "Mozilla/5.0 (Windows NT 10.0; Win64; x64) AppleWebKit/537.36 (KHTML, like Gecko) Chrome/95.0.4638.69 Safari/537.36"
66.29.132.124 - - [27/Apr/2025:03:43:21 -0400] "POST /wp-admin/admin-ajax.php?action=async_litespeed&nonce=eI0OdtZgqChU9LvVqpHV41p9m8zOOC7N&litespeed_type=imgoptm HTTP/1.1" 200 0 "-" "WordPress/6.8; https://arsn.media"
157.245.113.172 - - [27/Apr/2025:03:43:21 -0400] "GET //blog/wp-includes/wlwmanifest.xml HTTP/1.1" 301 0 "-" "Mozilla/5.0 (Windows NT 10.0; Win64; x64) AppleWebKit/537.36 (KHTML, like Gecko) Chrome/95.0.4638.69 Safari/537.36"
157.245.113.172 - - [27/Apr/2025:03:43:23 -0400] "GET //web/wp-includes/wlwmanifest.xml HTTP/1.1" 301 0 "-" "Mozilla/5.0 (Windows NT 10.0; Win64; x64) AppleWebKit/537.36 (KHTML, like Gecko) Chrome/95.0.4638.69 Safari/537.36"
157.245.113.172 - - [27/Apr/2025:03:43:25 -0400] "GET //wordpress/wp-includes/wlwmanifest.xml HTTP/1.1" 301 0 "-" "Mozilla/5.0 (Windows NT 10.0; Win64; x64) AppleWebKit/537.36 (KHTML, like Gecko) Chrome/95.0.4638.69 Safari/537.36"
157.245.113.172 - - [27/Apr/2025:03:43:27 -0400] "GET //wp/wp-includes/wlwmanifest.xml HTTP/1.1" 301 0 "-" "Mozilla/5.0 (Windows NT 10.0; Win64; x64) AppleWebKit/537.36 (KHTML, like Gecko) Chrome/95.0.4638.69 Safari/537.36"
157.245.113.172 - - [27/Apr/2025:03:43:28 -0400] "GET //2020/wp-includes/wlwmanifest.xml HTTP/1.1" 301 0 "-" "Mozilla/5.0 (Windows NT 10.0; Win64; x64) AppleWebKit/537.36 (KHTML, like Gecko) Chrome/95.0.4638.69 Safari/537.36"
157.245.113.172 - - [27/Apr/2025:03:43:30 -0400] "GET //2019/wp-includes/wlwmanifest.xml HTTP/1.1" 301 0 "-" "Mozilla/5.0 (Windows NT 10.0; Win64; x64) AppleWebKit/537.36 (KHTML, like Gecko) Chrome/95.0.4638.69 Safari/537.36"
66.29.132.124 - - [27/Apr/2025:03:43:35 -0400] "POST /wp-cron.php?doing_wp_cron=1745739815.6147589683532714843750 HTTP/1.1" 200 0 "-" "WordPress/6.8; https://arsn.media"
157.245.113.172 - - [27/Apr/2025:03:43:33 -0400] "GET //2021/wp-includes/wlwmanifest.xml HTTP/1.1" 301 0 "-" "Mozilla/5.0 (Windows NT 10.0; Win64; x64) AppleWebKit/537.36 (KHTML, like Gecko) Chrome/95.0.4638.69 Safari/537.36"
66.29.132.124 - - [27/Apr/2025:03:43:37 -0400] "POST /wp-admin/admin-ajax.php?action=async_litespeed&nonce=pLIX3LoNZxaQQ7eFJ9YkCluE6FA9oL5i&litespeed_type=imgoptm HTTP/1.1" 200 0 "-" "WordPress/6.8; https://arsn.media"
157.245.113.172 - - [27/Apr/2025:03:43:36 -0400] "GET //shop/wp-includes/wlwmanifest.xml HTTP/1.1" 301 0 "-" "Mozilla/5.0 (Windows NT 10.0; Win64; x64) AppleWebKit/537.36 (KHTML, like Gecko) Chrome/95.0.4638.69 Safari/537.36"
157.245.113.172 - - [27/Apr/2025:03:43:38 -0400] "GET //wp1/wp-includes/wlwmanifest.xml HTTP/1.1" 301 0 "-" "Mozilla/5.0 (Windows NT 10.0; Win64; x64) AppleWebKit/537.36 (KHTML, like Gecko) Chrome/95.0.4638.69 Safari/537.36"
157.245.113.172 - - [27/Apr/2025:03:43:39 -0400] "GET //test/wp-includes/wlwmanifest.xml HTTP/1.1" 301 0 "-" "Mozilla/5.0 (Windows NT 10.0; Win64; x64) AppleWebKit/537.36 (KHTML, like Gecko) Chrome/95.0.4638.69 Safari/537.36"
157.245.113.172 - - [27/Apr/2025:03:43:41 -0400] "GET //site/wp-includes/wlwmanifest.xml HTTP/1.1" 301 0 "-" "Mozilla/5.0 (Windows NT 10.0; Win64; x64) AppleWebKit/537.36 (KHTML, like Gecko) Chrome/95.0.4638.69 Safari/537.36"
157.245.113.172 - - [27/Apr/2025:03:43:42 -0400] "GET //cms/wp-includes/wlwmanifest.xml HTTP/1.1" 301 0 "-" "Mozilla/5.0 (Windows NT 10.0; Win64; x64) AppleWebKit/537.36 (KHTML, like Gecko) Chrome/95.0.4638.69 Safari/537.36"
52.167.144.200 - - [27/Apr/2025:03:45:37 -0400] "GET /wp-content/uploads/2024/07/302-1.jpg HTTP/1.1" 200 51357 "-" "Mozilla/5.0 AppleWebKit/537.36 (KHTML, like Gecko; compatible; bingbot/2.0; +http://www.bing.com/bingbot.htm) Chrome/116.0.1938.76 Safari/537.36"
66.29.132.124 - - [27/Apr/2025:04:05:24 -0400] "GET / HTTP/1.1" 200 639584 "-" "Mozilla/5.0 (Windows NT 10.0; Win64; x64; rv:122.0) Gecko/20100101 Firefox/122.0"
66.29.132.124 - - [27/Apr/2025:04:05:27 -0400] "GET /gillindustry HTTP/1.1" 301 795 "-" "Mozilla/5.0 (Windows NT 10.0; Win64; x64; rv:122.0) Gecko/20100101 Firefox/122.0"
66.29.132.124 - - [27/Apr/2025:04:05:33 -0400] "POST /gillindustry/wp-cron.php?doing_wp_cron=1745741133.3480179309844970703125 HTTP/1.1" 200 0 "-" "WordPress/6.8; https://arsn.media/gillindustry"
66.29.132.124 - - [27/Apr/2025:04:05:33 -0400] "POST /gillindustry/wp-admin/admin-ajax.php?action=async_litespeed&nonce=0iZqYlUsAlPG5vDEJsEDBa2ysbhSvpk3&litespeed_type=imgoptm HTTP/1.1" 200 21 "-" "WordPress/6.8; https://arsn.media/gillindustry"
66.29.132.124 - - [27/Apr/2025:04:05:27 -0400] "GET /gillindustry/ HTTP/1.1" 500 36488 "-" "Mozilla/5.0 (Windows NT 10.0; Win64; x64; rv:122.0) Gecko/20100101 Firefox/122.0"
66.29.148.5 - - [27/Apr/2025:04:10:42 -0400] "POST /xmlrpc.php HTTP/1.1" 200 0 "https://arsn.media" "Mozilla/5.0 (Macintosh; Intel Mac OS X 13.3; rv:126.0) Gecko/20100101 Firefox/126.0"
66.29.132.124 - - [27/Apr/2025:04:10:53 -0400] "POST /wp-cron.php?doing_wp_cron=1745741452.9706449508666992187500 HTTP/1.1" 200 0 "-" "WordPress/6.8; https://arsn.media"
66.29.132.124 - - [27/Apr/2025:04:10:54 -0400] "POST /wp-admin/admin-ajax.php?action=async_litespeed&nonce=jbZ9XWmvtFkQ2EDU7cxL8JnGpdf925Cg&litespeed_type=imgoptm HTTP/1.1" 200 0 "-" "WordPress/6.8; https://arsn.media"
66.29.132.124 - - [27/Apr/2025:04:16:10 -0400] "POST /wp-cron.php?doing_wp_cron=1745741770.3903601169586181640625 HTTP/1.1" 200 0 "-" "WordPress/6.8; https://arsn.media"
66.29.132.124 - - [27/Apr/2025:04:16:10 -0400] "POST /wp-admin/admin-ajax.php?action=async_litespeed&nonce=sTAH6jtauEzXaA10Y6hWHpXezZMmKA2v&litespeed_type=imgoptm HTTP/1.1" 200 0 "-" "WordPress/6.8; https://arsn.media"
52.167.144.169 - - [27/Apr/2025:04:16:03 -0400] "GET /wp-json/wp/v2/pages/7953 HTTP/1.1" 200 94743 "-" "Mozilla/5.0 AppleWebKit/537.36 (KHTML, like Gecko; compatible; bingbot/2.0; +http://www.bing.com/bingbot.htm) Chrome/116.0.1938.76 Safari/537.36"
66.29.132.124 - - [27/Apr/2025:04:19:04 -0400] "POST /wp-cron.php?doing_wp_cron=1745741944.0391929149627685546875 HTTP/1.1" 200 0 "-" "WordPress/6.8; https://arsn.media"
47.238.13.6 - - [27/Apr/2025:04:18:56 -0400] "GET /sitemap_index.xml HTTP/1.1" 200 305 "-" "Mozilla/5.0 (Macintosh; Intel Mac OS X 10_15_7) AppleWebKit/537.36 (KHTML, like Gecko) Chrome/109.0.0.0 Safari/537.36"
66.29.132.124 - - [27/Apr/2025:04:19:04 -0400] "POST /wp-admin/admin-ajax.php?action=async_litespeed&nonce=wKDpxZDYWPBC9bIPeu0eJ6oZOanoGt5e&litespeed_type=imgoptm HTTP/1.1" 200 0 "-" "WordPress/6.8; https://arsn.media"
66.29.132.124 - - [27/Apr/2025:04:32:59 -0400] "POST /wp-cron.php?doing_wp_cron=1745742779.3025751113891601562500 HTTP/1.1" 200 0 "-" "WordPress/6.8; https://arsn.media"
186.233.88.166 - - [27/Apr/2025:04:32:54 -0400] "POST /xmlrpc.php HTTP/1.1" 200 403 "-" "Mozilla/5.0 (Windows NT 6.1; Win64; x64) AppleWebKit/537.36 (KHTML, like Gecko) Chrome/79.0.3945.88 Safari/537.36"
34.126.208.38 - - [27/Apr/2025:04:32:53 -0400] "POST /xmlrpc.php HTTP/1.1" 200 403 "-" "Mozilla/5.0 (Windows NT 5.1; rv:52.0) Gecko/20100101 Firefox/52.0"
66.29.132.124 - - [27/Apr/2025:04:32:59 -0400] "POST /wp-admin/admin-ajax.php?action=async_litespeed&nonce=MkQtGx8Jf0zXVSjfIqhI7972Xjrfxau1&litespeed_type=imgoptm HTTP/1.1" 200 0 "-" "WordPress/6.8; https://arsn.media"
128.140.71.242 - - [27/Apr/2025:04:33:03 -0400] "POST /xmlrpc.php HTTP/1.1" 200 403 "-" "Mozilla/5.0 (Windows NT 10.0; WOW64; rv:52.0) Gecko/20100101 Firefox/52.0"
35.205.143.78 - - [27/Apr/2025:04:33:03 -0400] "POST /xmlrpc.php HTTP/1.1" 200 403 "-" "Mozilla/5.0 (X11; Linux x86_64) AppleWebKit/537.36 (KHTML, like Gecko) Chrome/44.0.2403.157 Safari/537.36"
80.250.12.186 - - [27/Apr/2025:04:33:07 -0400] "POST /xmlrpc.php HTTP/1.1" 200 403 "-" "Mozilla/5.0 (Windows NT 5.1; rv:30.0) Gecko/20100101 Firefox/30.0"
205.234.134.178 - - [27/Apr/2025:04:33:10 -0400] "POST /xmlrpc.php HTTP/1.1" 200 403 "-" "Mozilla/5.0 (Windows NT 10.0; Win64; x64; rv:63.0) Gecko/20100101 Firefox/63.0"
77.245.159.21 - - [27/Apr/2025:04:33:13 -0400] "POST /xmlrpc.php HTTP/1.1" 200 403 "-" "Mozilla/5.0 (Windows NT 10.0; Win64; x64) AppleWebKit/537.36 (KHTML, like Gecko) Chrome/63.0.3239.132 Safari/537.36"
47.254.25.133 - - [27/Apr/2025:04:33:15 -0400] "POST /xmlrpc.php HTTP/1.1" 200 403 "-" "Mozilla/5.0 (Windows NT 10.0; Win64; x64) AppleWebKit/537.36 (KHTML, like Gecko) Chrome/90.0.4430.212 Safari/537.36"
74.177.208.127 - - [27/Apr/2025:04:33:19 -0400] "POST /xmlrpc.php HTTP/1.1" 200 403 "-" "Mozilla/5.0 (Windows NT 10.0; Win64; x64) AppleWebKit/537.36 (KHTML, like Gecko) Chrome/84.0.4147.135 Safari/537.36"
193.202.110.22 - - [27/Apr/2025:04:33:26 -0400] "POST /xmlrpc.php HTTP/1.1" 200 403 "-" "Mozilla/5.0 (Windows NT 10.0; Win64; x64) AppleWebKit/537.36 (KHTML, like Gecko) Chrome/83.0.4103.116 Safari/537.36"
80.250.12.186 - - [27/Apr/2025:04:33:27 -0400] "POST /xmlrpc.php HTTP/1.1" 200 403 "-" "Mozilla/5.0 (Windows NT 10.0; Win64; x64; rv:57.0) Gecko/20100101 Firefox/57.0"
66.29.132.124 - - [27/Apr/2025:04:33:35 -0400] "POST /wp-cron.php?doing_wp_cron=1745742815.8194870948791503906250 HTTP/1.1" 200 0 "-" "WordPress/6.8; https://arsn.media"
80.250.12.186 - - [27/Apr/2025:04:33:35 -0400] "POST /xmlrpc.php HTTP/1.1" 200 403 "-" "Mozilla/5.0 (Windows NT 6.1; WOW64; rv:50.0) Gecko/20100101 Firefox/50.0"
66.29.132.124 - - [27/Apr/2025:04:33:36 -0400] "POST /wp-admin/admin-ajax.php?action=async_litespeed&nonce=OoC6ylvEzyeOSBBrRE46sZrGznr3PInt&litespeed_type=imgoptm HTTP/1.1" 200 0 "-" "WordPress/6.8; https://arsn.media"
85.208.96.198 - - [27/Apr/2025:04:39:15 -0400] "GET /robots.txt HTTP/1.1" 200 121 "-" "Mozilla/5.0 (compatible; SemrushBot/7~bl; +http://www.semrush.com/bot.html)"
66.29.132.124 - - [27/Apr/2025:04:39:27 -0400] "POST /wp-cron.php?doing_wp_cron=1745743167.2177259922027587890625 HTTP/1.1" 200 0 "-" "WordPress/6.8; https://arsn.media"
66.29.132.124 - - [27/Apr/2025:04:39:27 -0400] "POST /wp-admin/admin-ajax.php?action=as_async_request_queue_runner&nonce=5a6adbe56e HTTP/1.1" 200 0 "-" "WordPress/6.8; https://arsn.media"
85.208.96.205 - - [27/Apr/2025:04:39:15 -0400] "GET /wp-admin/admin-ajax.php?action=process_simple_like&disabled=true&is_comment=0&nonce=e8d04f6bba&post_id=13074 HTTP/1.1" 200 33 "-" "Mozilla/5.0 (compatible; SemrushBot/7~bl; +http://www.semrush.com/bot.html)"
66.29.132.124 - - [27/Apr/2025:04:39:28 -0400] "POST /wp-admin/admin-ajax.php?action=async_litespeed&nonce=MEaIGhXDibH87TLIa2L6I5WLmR0ei5gU&litespeed_type=imgoptm HTTP/1.1" 200 21 "-" "WordPress/6.8; https://arsn.media"
188.212.135.36 - - [27/Apr/2025:04:50:09 -0400] "GET / HTTP/1.0" 200 639584 "https://arsn.media/" "Mozilla/5.0 (Windows NT 10.0; Win64; x64) AppleWebKit/537.36 (KHTML, like Gecko) Chrome/131.0.0.0 Safari/537.36 Avast/131.0.0.0"
66.29.132.124 - - [27/Apr/2025:04:50:31 -0400] "POST /wp-cron.php?doing_wp_cron=1745743831.1775650978088378906250 HTTP/1.1" 200 0 "-" "WordPress/6.8; https://arsn.media"
66.29.132.124 - - [27/Apr/2025:04:50:33 -0400] "POST /wp-admin/admin-ajax.php?action=async_litespeed&nonce=jiCrYo6knjMlLzMkxSaKPLyiHbniKEmO&litespeed_type=imgoptm HTTP/1.1" 200 0 "-" "WordPress/6.8; https://arsn.media"
188.212.135.27 - - [27/Apr/2025:04:50:13 -0400] "POST /wp-admin/admin-ajax.php HTTP/1.0" 200 184 "https://arsn.media/" "Mozilla/5.0 (Windows NT 10.0; Win64; x64) AppleWebKit/537.36 (KHTML, like Gecko) Chrome/131.0.0.0 Safari/537.36 Avast/131.0.0.0"
152.53.225.138 - - [27/Apr/2025:05:05:56 -0400] "GET /wp-content/plugins/HelloDollyV2/hello_dolly_v2.php HTTP/1.1" 200 0 "www.google.com" "Mozlila/5.0 (Linux; Android 7.0; SM-G892A Bulid/NRD90M; wv) AppleWebKit/537.36 (KHTML, like Gecko) Version/4.0 Chrome/60.0.3112.107 Moblie Safari/537.36"
66.29.132.124 - - [27/Apr/2025:05:06:12 -0400] "POST /wp-cron.php?doing_wp_cron=1745744772.7113099098205566406250 HTTP/1.1" 200 0 "-" "WordPress/6.8; https://arsn.media"
66.29.132.124 - - [27/Apr/2025:05:06:13 -0400] "POST /wp-admin/admin-ajax.php?action=async_litespeed&nonce=UdnqEWnEgIS4t1ZM2GULNeeFvhembsCY&litespeed_type=imgoptm HTTP/1.1" 200 0 "-" "WordPress/6.8; https://arsn.media"
188.212.135.32 - - [27/Apr/2025:05:07:04 -0400] "GET / HTTP/1.0" 200 639584 "https://arsn.media/" "Mozilla/5.0 (Windows NT 10.0; Win64; x64) AppleWebKit/537.36 (KHTML, like Gecko) Chrome/130.0.0.0 Safari/537.36 CCleaner/130.0.0.0"
66.29.132.124 - - [27/Apr/2025:05:07:07 -0400] "POST /wp-cron.php?doing_wp_cron=1745744827.8479709625244140625000 HTTP/1.1" 200 0 "-" "WordPress/6.8; https://arsn.media"
188.212.135.17 - - [27/Apr/2025:05:07:06 -0400] "POST /wp-admin/admin-ajax.php HTTP/1.0" 200 184 "https://arsn.media/" "Mozilla/5.0 (Windows NT 10.0; Win64; x64) AppleWebKit/537.36 (KHTML, like Gecko) Chrome/130.0.0.0 Safari/537.36 CCleaner/130.0.0.0"
66.29.132.124 - - [27/Apr/2025:05:07:09 -0400] "POST /wp-admin/admin-ajax.php?action=async_litespeed&nonce=hHIekVMYQm07PXoQ5C33BNjbyd99arze&litespeed_type=imgoptm HTTP/1.1" 200 21 "-" "WordPress/6.8; https://arsn.media"
66.29.132.124 - - [27/Apr/2025:05:20:17 -0400] "POST /wp-cron.php?doing_wp_cron=1745745617.4726169109344482421875 HTTP/1.1" 200 0 "-" "WordPress/6.8; https://arsn.media"
47.79.215.10 - - [27/Apr/2025:05:20:09 -0400] "GET /affordable-local-seo-services HTTP/1.1" 301 0 "https://www.google.com/" "Mozilla/5.0 (Windows NT 10.0; Win64; x64) AppleWebKit/537.36 (KHTML, like Gecko) Chrome/132.0.0.0 Safari/537.36"
66.29.132.124 - - [27/Apr/2025:05:20:17 -0400] "POST /wp-admin/admin-ajax.php?action=async_litespeed&nonce=bVMUwOyLuRQMw4WfHszIkdWNys7tAY4G&litespeed_type=imgoptm HTTP/1.1" 200 0 "-" "WordPress/6.8; https://arsn.media"
47.79.215.10 - - [27/Apr/2025:05:20:17 -0400] "GET /affordable-local-seo-services/ HTTP/1.1" 200 97276 "https://www.google.com/" "Mozilla/5.0 (Windows NT 10.0; Win64; x64) AppleWebKit/537.36 (KHTML, like Gecko) Chrome/132.0.0.0 Safari/537.36"
66.29.132.124 - - [27/Apr/2025:05:21:28 -0400] "POST /wp-cron.php?doing_wp_cron=1745745688.0534238815307617187500 HTTP/1.1" 200 0 "-" "WordPress/6.8; https://arsn.media"
204.10.194.36 - - [27/Apr/2025:05:21:27 -0400] "GET /wp-content/plugins/HelloDollyV2/hello_dolly_v2.php HTTP/1.1" 404 61750 "www.google.com" "Mozilla/5.0 (Linux; Android 7.0; SM-G892A Build/NRD90M; wv) AppleWebKit/537.36 (KHTML, like Gecko) Version/4.0 Chrome/60.0.3112.107 Mobile Safari/537.36"
66.29.132.124 - - [27/Apr/2025:05:21:28 -0400] "POST /wp-admin/admin-ajax.php?action=async_litespeed&nonce=R2XRYTOfKoyEPYAKtLOVRsZnxw797f3a&litespeed_type=imgoptm HTTP/1.1" 200 0 "-" "WordPress/6.8; https://arsn.media"
66.29.132.124 - - [27/Apr/2025:05:21:28 -0400] "POST /wp-admin/admin-ajax.php?action=as_async_request_queue_runner&nonce=5a6adbe56e HTTP/1.1" 200 0 "-" "WordPress/6.8; https://arsn.media"
66.29.132.124 - - [27/Apr/2025:05:21:45 -0400] "POST /wp-cron.php?doing_wp_cron=1745745705.1882729530334472656250 HTTP/1.1" 200 0 "-" "WordPress/6.8; https://arsn.media"
204.10.194.36 - - [27/Apr/2025:05:21:44 -0400] "GET /wp-content/themes/hello_dolly_v2.php HTTP/1.1" 404 62398 "www.google.com" "Mozilla/5.0 (Linux; Android 7.0; SM-G892A Build/NRD90M; wv) AppleWebKit/537.36 (KHTML, like Gecko) Version/4.0 Chrome/60.0.3112.107 Mobile Safari/537.36"
66.29.132.124 - - [27/Apr/2025:05:21:45 -0400] "POST /wp-admin/admin-ajax.php?action=async_litespeed&nonce=rOs7fh6owllAuzyfoLW6LiTmMBAGwl9G&litespeed_type=imgoptm HTTP/1.1" 200 21 "-" "WordPress/6.8; https://arsn.media"
66.29.132.124 - - [27/Apr/2025:05:21:59 -0400] "POST /wp-cron.php?doing_wp_cron=1745745719.5643079280853271484375 HTTP/1.1" 200 0 "-" "WordPress/6.8; https://arsn.media"
204.10.194.36 - - [27/Apr/2025:05:21:59 -0400] "GET /wp-content/plugins/WordPressCore/include.php HTTP/1.1" 404 61035 "www.google.com" "Mozilla/5.0 (Linux; Android 7.0; SM-G892A Build/NRD90M; wv) AppleWebKit/537.36 (KHTML, like Gecko) Version/4.0 Chrome/60.0.3112.107 Mobile Safari/537.36"
204.10.194.36 - - [27/Apr/2025:05:22:11 -0400] "GET /wp-content/themes/include.php HTTP/1.1" 404 61323 "www.google.com" "Mozilla/5.0 (Linux; Android 7.0; SM-G892A Build/NRD90M; wv) AppleWebKit/537.36 (KHTML, like Gecko) Version/4.0 Chrome/60.0.3112.107 Mobile Safari/537.36"
66.29.132.124 - - [27/Apr/2025:05:22:57 -0400] "POST /wp-cron.php?doing_wp_cron=1745745777.3414330482482910156250 HTTP/1.1" 200 0 "-" "WordPress/6.8; https://arsn.media"
102.129.223.92 - - [27/Apr/2025:05:22:56 -0400] "GET /contacts/%09%092024-06-19+05:48%09Ready+contact+form+successfully+found%09http://arsn.media%09%09%09%09%09 HTTP/1.1" 301 0 "-" "Mozilla/5.0 (Macintosh; Intel Mac OS X 12.5; rv:114.0) Gecko/20100101 Firefox/114.0"
66.29.132.124 - - [27/Apr/2025:05:22:58 -0400] "POST /wp-admin/admin-ajax.php?action=async_litespeed&nonce=bXCI5qAjdQFxjjsS1A26S2YL2DI0jof5&litespeed_type=imgoptm HTTP/1.1" 200 0 "-" "WordPress/6.8; https://arsn.media"
102.129.223.92 - - [27/Apr/2025:05:22:58 -0400] "GET /contacts/%09%092024-06-19+05:48%09Ready+contact+form+successfully+found%09http:/arsn.media%09%09%09%09%09 HTTP/1.1" 404 39467 "https://arsn.media/contacts/%09%092024-06-19+05:48%09Ready+contact+form+successfully+found%09http://arsn.media%09%09%09%09%09" "Mozilla/5.0 (Macintosh; Intel Mac OS X 12.5; rv:114.0) Gecko/20100101 Firefox/114.0"
66.29.132.124 - - [27/Apr/2025:05:22:58 -0400] "POST /wp-admin/admin-ajax.php?action=as_async_request_queue_runner&nonce=5a6adbe56e HTTP/1.1" 200 0 "-" "WordPress/6.8; https://arsn.media"
102.129.223.92 - - [27/Apr/2025:05:23:00 -0400] "GET / HTTP/1.1" 200 48706 "-" "Mozilla/5.0 (Macintosh; Intel Mac OS X 12.5; rv:114.0) Gecko/20100101 Firefox/114.0"
102.129.223.92 - - [27/Apr/2025:05:23:24 -0400] "GET /wp-content/plugins/contact-form-7/includes/js/index.js?ver=6.0.6 HTTP/1.1" 200 4008 "-" "Mozilla/5.0 (Macintosh; Intel Mac OS X 12.5; rv:114.0) Gecko/20100101 Firefox/114.0"
102.129.223.92 - - [27/Apr/2025:05:23:24 -0400] "POST /wp-admin/admin-ajax.php HTTP/1.1" 200 232 "https://arsn.media/" "Mozilla/5.0 (Macintosh; Intel Mac OS X 12.5; rv:114.0) Gecko/20100101 Firefox/114.0"
23.98.186.201 - - [27/Apr/2025:05:38:11 -0400] "GET / HTTP/1.1" 200 48706 "-" "Mozilla/5.0 AppleWebKit/537.36 (KHTML, like Gecko); compatible; ChatGPT-User/1.0; +https://openai.com/bot"
198.54.114.58 - - [27/Apr/2025:05:41:37 -0400] "POST /xmlrpc.php HTTP/1.1" 200 0 "https://arsn.media" "Mozilla/5.0 (Macintosh; Intel Mac OS X 13_3) AppleWebKit/537.36 (KHTML, like Gecko) Chrome/126.0.0.0 Safari/537.36 Edg/126.0.0.0"
66.29.132.124 - - [27/Apr/2025:05:41:47 -0400] "POST /wp-cron.php?doing_wp_cron=1745746907.2799179553985595703125 HTTP/1.1" 200 0 "-" "WordPress/6.8; https://arsn.media"
66.29.132.124 - - [27/Apr/2025:05:41:48 -0400] "POST /wp-admin/admin-ajax.php?action=async_litespeed&nonce=UqooUNHr8Xpr2y4LTWMVa0b72PnGBlmG&litespeed_type=imgoptm HTTP/1.1" 200 0 "-" "WordPress/6.8; https://arsn.media"
110.249.201.147 - - [27/Apr/2025:05:58:26 -0400] "GET /robots.txt HTTP/1.1" 200 121 "-" "Mozilla/5.0 (Linux; Android 5.0) AppleWebKit/537.36 (KHTML, like Gecko) Mobile Safari/537.36 (compatible; Bytespider; https://zhanzhang.toutiao.com/)"
110.249.201.154 - - [27/Apr/2025:05:59:13 -0400] "GET /author/marsalanaleem/ HTTP/1.1" 200 41476 "-" "Mozilla/5.0 (Linux; Android 5.0) AppleWebKit/537.36 (KHTML, like Gecko) Mobile Safari/537.36 (compatible; Bytespider; https://zhanzhang.toutiao.com/)"
110.249.201.154 - - [27/Apr/2025:05:59:14 -0400] "GET /wp-includes/js/jquery/jquery-migrate.min.js?ver=3.4.1 HTTP/1.1" 200 4678 "https://arsn.media/author/marsalanaleem/" "Mozilla/5.0 (Linux; Android 5.0) AppleWebKit/537.36 (KHTML, like Gecko) Mobile Safari/537.36 (compatible; Bytespider; https://zhanzhang.toutiao.com/)"
110.249.201.154 - - [27/Apr/2025:05:59:14 -0400] "GET /wp-content/plugins/slider-video/Scripts/Rich-Web-Video-Slider-Widget.js?ver=6.8 HTTP/1.1" 200 281 "https://arsn.media/author/marsalanaleem/" "Mozilla/5.0 (Linux; Android 5.0) AppleWebKit/537.36 (KHTML, like Gecko) Mobile Safari/537.36 (compatible; Bytespider; https://zhanzhang.toutiao.com/)"
110.249.201.154 - - [27/Apr/2025:05:59:14 -0400] "GET /wp-includes/js/jquery/ui/core.min.js?ver=1.13.3 HTTP/1.1" 200 6812 "https://arsn.media/author/marsalanaleem/" "Mozilla/5.0 (Linux; Android 5.0) AppleWebKit/537.36 (KHTML, like Gecko) Mobile Safari/537.36 (compatible; Bytespider; https://zhanzhang.toutiao.com/)"
110.249.201.154 - - [27/Apr/2025:05:59:14 -0400] "GET /wp-includes/js/jquery/jquery.min.js?ver=3.7.1 HTTP/1.1" 200 29744 "https://arsn.media/author/marsalanaleem/" "Mozilla/5.0 (Linux; Android 5.0) AppleWebKit/537.36 (KHTML, like Gecko) Mobile Safari/537.36 (compatible; Bytespider; https://zhanzhang.toutiao.com/)"
110.249.201.154 - - [27/Apr/2025:05:59:14 -0400] "GET /wp-content/themes/onum/inc/backend/js/simple-likes-public.js?ver=0.5 HTTP/1.1" 200 491 "https://arsn.media/author/marsalanaleem/" "Mozilla/5.0 (Linux; Android 5.0) AppleWebKit/537.36 (KHTML, like Gecko) Mobile Safari/537.36 (compatible; Bytespider; https://zhanzhang.toutiao.com/)"
110.249.201.154 - - [27/Apr/2025:05:59:14 -0400] "GET /wp-content/uploads/2020/09/ARSN-Final-Logos-768x353.jpg HTTP/1.1" 206 500 "https://arsn.media/author/marsalanaleem/" "Mozilla/5.0 (Linux; Android 5.0) AppleWebKit/537.36 (KHTML, like Gecko) Mobile Safari/537.36 (compatible; Bytespider; https://zhanzhang.toutiao.com/)"
66.29.132.124 - - [27/Apr/2025:05:59:23 -0400] "POST /wp-cron.php?doing_wp_cron=1745747962.8803629875183105468750 HTTP/1.1" 200 0 "-" "WordPress/6.8; https://arsn.media"
66.29.132.124 - - [27/Apr/2025:05:59:23 -0400] "POST /wp-cron.php?doing_wp_cron=1745747962.8866169452667236328125 HTTP/1.1" 200 0 "-" "WordPress/6.8; https://arsn.media"
110.249.201.154 - - [27/Apr/2025:05:59:16 -0400] "GET /wp-content/uploads/elementor/css/post-11332.css?ver=1725365060 HTTP/1.1" 404 39250 "https://arsn.media/author/marsalanaleem/" "Mozilla/5.0 (Linux; Android 5.0) AppleWebKit/537.36 (KHTML, like Gecko) Mobile Safari/537.36 (compatible; Bytespider; https://zhanzhang.toutiao.com/)"
110.249.201.154 - - [27/Apr/2025:05:59:14 -0400] "GET /wp-content/themes/onum/css/design-test.css?ver=6.8 HTTP/1.1" 404 39475 "https://arsn.media/author/marsalanaleem/" "Mozilla/5.0 (Linux; Android 5.0) AppleWebKit/537.36 (KHTML, like Gecko) Mobile Safari/537.36 (compatible; Bytespider; https://zhanzhang.toutiao.com/)"
66.29.132.124 - - [27/Apr/2025:05:59:23 -0400] "POST /wp-admin/admin-ajax.php?action=async_litespeed&nonce=U7NtX7fLTg9NPUJrKqIRQg6AY4SJjiLF&litespeed_type=imgoptm HTTP/1.1" 200 0 "-" "WordPress/6.8; https://arsn.media"
110.249.201.154 - - [27/Apr/2025:05:59:25 -0400] "GET /wp-includes/js/dist/i18n.min.js?ver=5e580eb46a90c2b997e6 HTTP/1.1" 200 3542 "https://arsn.media/author/marsalanaleem/" "Mozilla/5.0 (Linux; Android 5.0) AppleWebKit/537.36 (KHTML, like Gecko) Mobile Safari/537.36 (compatible; Bytespider; https://zhanzhang.toutiao.com/)"
110.249.201.154 - - [27/Apr/2025:05:59:25 -0400] "GET /wp-includes/js/dist/hooks.min.js?ver=4d63a3d491d11ffd8ac6 HTTP/1.1" 200 1571 "https://arsn.media/author/marsalanaleem/" "Mozilla/5.0 (Linux; Android 5.0) AppleWebKit/537.36 (KHTML, like Gecko) Mobile Safari/537.36 (compatible; Bytespider; https://zhanzhang.toutiao.com/)"
110.249.201.154 - - [27/Apr/2025:05:59:25 -0400] "GET /wp-content/plugins/contact-form-7/includes/swv/js/index.js?ver=6.0.6 HTTP/1.1" 200 3369 "https://arsn.media/author/marsalanaleem/" "Mozilla/5.0 (Linux; Android 5.0) AppleWebKit/537.36 (KHTML, like Gecko) Mobile Safari/537.36 (compatible; Bytespider; https://zhanzhang.toutiao.com/)"
110.249.201.154 - - [27/Apr/2025:05:59:25 -0400] "GET /wp-includes/js/imagesloaded.min.js?ver=5.0.0 HTTP/1.1" 200 1687 "https://arsn.media/author/marsalanaleem/" "Mozilla/5.0 (Linux; Android 5.0) AppleWebKit/537.36 (KHTML, like Gecko) Mobile Safari/537.36 (compatible; Bytespider; https://zhanzhang.toutiao.com/)"
110.249.201.154 - - [27/Apr/2025:05:59:25 -0400] "GET /wp-content/plugins/contact-form-7/includes/js/index.js?ver=6.0.6 HTTP/1.1" 200 4008 "https://arsn.media/author/marsalanaleem/" "Mozilla/5.0 (Linux; Android 5.0) AppleWebKit/537.36 (KHTML, like Gecko) Mobile Safari/537.36 (compatible; Bytespider; https://zhanzhang.toutiao.com/)"
110.249.201.154 - - [27/Apr/2025:05:59:25 -0400] "GET /wp-content/plugins/primary-addon-for-elementor/assets/js/jquery.waypoints.js?ver=2.0.3 HTTP/1.1" 200 3505 "https://arsn.media/author/marsalanaleem/" "Mozilla/5.0 (Linux; Android 5.0) AppleWebKit/537.36 (KHTML, like Gecko) Mobile Safari/537.36 (compatible; Bytespider; https://zhanzhang.toutiao.com/)"
110.249.201.154 - - [27/Apr/2025:05:59:25 -0400] "GET /wp-content/plugins/primary-addon-for-elementor/assets/js/jquery.magnific-popup.min.js?ver=1.1.0 HTTP/1.1" 200 7045 "https://arsn.media/author/marsalanaleem/" "Mozilla/5.0 (Linux; Android 5.0) AppleWebKit/537.36 (KHTML, like Gecko) Mobile Safari/537.36 (compatible; Bytespider; https://zhanzhang.toutiao.com/)"
110.249.201.154 - - [27/Apr/2025:05:59:25 -0400] "GET /wp-content/plugins/primary-addon-for-elementor/assets/js/juxtapose.js?ver=1.2.1 HTTP/1.1" 200 5679 "https://arsn.media/author/marsalanaleem/" "Mozilla/5.0 (Linux; Android 5.0) AppleWebKit/537.36 (KHTML, like Gecko) Mobile Safari/537.36 (compatible; Bytespider; https://zhanzhang.toutiao.com/)"
110.249.201.154 - - [27/Apr/2025:05:59:26 -0400] "GET /wp-content/plugins/primary-addon-for-elementor/assets/js/owl.carousel.min.js?ver=2.3.4 HTTP/1.1" 200 11140 "https://arsn.media/author/marsalanaleem/" "Mozilla/5.0 (Linux; Android 5.0) AppleWebKit/537.36 (KHTML, like Gecko) Mobile Safari/537.36 (compatible; Bytespider; https://zhanzhang.toutiao.com/)"
110.249.201.154 - - [27/Apr/2025:05:59:26 -0400] "GET /wp-content/plugins/primary-addon-for-elementor/assets/js/InstagramFeed.min.js?ver=1.3.8 HTTP/1.1" 200 1983 "https://arsn.media/author/marsalanaleem/" "Mozilla/5.0 (Linux; Android 5.0) AppleWebKit/537.36 (KHTML, like Gecko) Mobile Safari/537.36 (compatible; Bytespider; https://zhanzhang.toutiao.com/)"
110.249.201.154 - - [27/Apr/2025:05:59:26 -0400] "GET /wp-content/plugins/primary-addon-for-elementor/assets/js/isotope.min.js?ver=3.0.6 HTTP/1.1" 200 9601 "https://arsn.media/author/marsalanaleem/" "Mozilla/5.0 (Linux; Android 5.0) AppleWebKit/537.36 (KHTML, like Gecko) Mobile Safari/537.36 (compatible; Bytespider; https://zhanzhang.toutiao.com/)"
110.249.201.154 - - [27/Apr/2025:05:59:26 -0400] "GET /wp-content/plugins/primary-addon-for-elementor/assets/js/jquery.matchHeight.min.js?ver=0.7.2 HTTP/1.1" 200 1257 "https://arsn.media/author/marsalanaleem/" "Mozilla/5.0 (Linux; Android 5.0) AppleWebKit/537.36 (KHTML, like Gecko) Mobile Safari/537.36 (compatible; Bytespider; https://zhanzhang.toutiao.com/)"
110.249.201.154 - - [27/Apr/2025:05:59:26 -0400] "GET /wp-content/plugins/primary-addon-for-elementor/assets/js/flickity.pkgd.min.js?ver=2.2.1 HTTP/1.1" 200 13241 "https://arsn.media/author/marsalanaleem/" "Mozilla/5.0 (Linux; Android 5.0) AppleWebKit/537.36 (KHTML, like Gecko) Mobile Safari/537.36 (compatible; Bytespider; https://zhanzhang.toutiao.com/)"
110.249.201.154 - - [27/Apr/2025:05:59:26 -0400] "GET /wp-content/plugins/primary-addon-for-elementor/assets/js/typed.min.js?ver=2.0.11 HTTP/1.1" 200 3320 "https://arsn.media/author/marsalanaleem/" "Mozilla/5.0 (Linux; Android 5.0) AppleWebKit/537.36 (KHTML, like Gecko) Mobile Safari/537.36 (compatible; Bytespider; https://zhanzhang.toutiao.com/)"
110.249.201.154 - - [27/Apr/2025:05:59:26 -0400] "GET /wp-content/plugins/primary-addon-for-elementor/assets/js/jquery.counterup.min.js?ver=1.0 HTTP/1.1" 200 497 "https://arsn.media/author/marsalanaleem/" "Mozilla/5.0 (Linux; Android 5.0) AppleWebKit/537.36 (KHTML, like Gecko) Mobile Safari/537.36 (compatible; Bytespider; https://zhanzhang.toutiao.com/)"
110.249.201.154 - - [27/Apr/2025:05:59:26 -0400] "GET /wp-content/plugins/primary-addon-for-elementor/assets/js/packery-mode.pkgd.min.js?ver=2.1.2 HTTP/1.1" 200 9510 "https://arsn.media/author/marsalanaleem/" "Mozilla/5.0 (Linux; Android 5.0) AppleWebKit/537.36 (KHTML, like Gecko) Mobile Safari/537.36 (compatible; Bytespider; https://zhanzhang.toutiao.com/)"
110.249.201.154 - - [27/Apr/2025:05:59:26 -0400] "GET /wp-content/themes/onum/js/slick.min.js?ver=20190829 HTTP/1.1" 200 10097 "https://arsn.media/author/marsalanaleem/" "Mozilla/5.0 (Linux; Android 5.0) AppleWebKit/537.36 (KHTML, like Gecko) Mobile Safari/537.36 (compatible; Bytespider; https://zhanzhang.toutiao.com/)"
110.249.201.154 - - [27/Apr/2025:05:59:26 -0400] "GET /wp-content/plugins/primary-addon-for-elementor/assets/js/scripts.js?ver=1.2 HTTP/1.1" 200 1876 "https://arsn.media/author/marsalanaleem/" "Mozilla/5.0 (Linux; Android 5.0) AppleWebKit/537.36 (KHTML, like Gecko) Mobile Safari/537.36 (compatible; Bytespider; https://zhanzhang.toutiao.com/)"
110.249.201.154 - - [27/Apr/2025:05:59:26 -0400] "GET /wp-content/themes/onum/js/jquery.countdown.min.js?ver=20190829 HTTP/1.1" 200 616 "https://arsn.media/author/marsalanaleem/" "Mozilla/5.0 (Linux; Android 5.0) AppleWebKit/537.36 (KHTML, like Gecko) Mobile Safari/537.36 (compatible; Bytespider; https://zhanzhang.toutiao.com/)"
110.249.201.154 - - [27/Apr/2025:05:59:26 -0400] "GET /wp-content/themes/onum/js/particles.min.js?ver=20190829 HTTP/1.1" 200 5735 "https://arsn.media/author/marsalanaleem/" "Mozilla/5.0 (Linux; Android 5.0) AppleWebKit/537.36 (KHTML, like Gecko) Mobile Safari/537.36 (compatible; Bytespider; https://zhanzhang.toutiao.com/)"
110.249.201.154 - - [27/Apr/2025:05:59:26 -0400] "GET /wp-content/themes/onum/js/easypiechart.js?ver=20190829 HTTP/1.1" 200 1586 "https://arsn.media/author/marsalanaleem/" "Mozilla/5.0 (Linux; Android 5.0) AppleWebKit/537.36 (KHTML, like Gecko) Mobile Safari/537.36 (compatible; Bytespider; https://zhanzhang.toutiao.com/)"
110.249.201.154 - - [27/Apr/2025:05:59:26 -0400] "GET /wp-content/themes/onum/js/elementor.js?ver=20190829 HTTP/1.1" 200 4703 "https://arsn.media/author/marsalanaleem/" "Mozilla/5.0 (Linux; Android 5.0) AppleWebKit/537.36 (KHTML, like Gecko) Mobile Safari/537.36 (compatible; Bytespider; https://zhanzhang.toutiao.com/)"
110.249.201.154 - - [27/Apr/2025:05:59:26 -0400] "GET /wp-content/themes/onum/js/header-mobile.js?ver=20190829 HTTP/1.1" 200 1246 "https://arsn.media/author/marsalanaleem/" "Mozilla/5.0 (Linux; Android 5.0) AppleWebKit/537.36 (KHTML, like Gecko) Mobile Safari/537.36 (compatible; Bytespider; https://zhanzhang.toutiao.com/)"
110.249.201.154 - - [27/Apr/2025:05:59:26 -0400] "GET /wp-content/themes/onum/js/scripts.js?ver=20190829 HTTP/1.1" 200 2162 "https://arsn.media/author/marsalanaleem/" "Mozilla/5.0 (Linux; Android 5.0) AppleWebKit/537.36 (KHTML, like Gecko) Mobile Safari/537.36 (compatible; Bytespider; https://zhanzhang.toutiao.com/)"
110.249.201.154 - - [27/Apr/2025:05:59:27 -0400] "GET /wp-content/plugins/elementskit-lite/libs/framework/assets/js/frontend-script.js?ver=3.5.0 HTTP/1.1" 200 40 "https://arsn.media/author/marsalanaleem/" "Mozilla/5.0 (Linux; Android 5.0) AppleWebKit/537.36 (KHTML, like Gecko) Mobile Safari/537.36 (compatible; Bytespider; https://zhanzhang.toutiao.com/)"
110.249.201.154 - - [27/Apr/2025:05:59:27 -0400] "GET /wp-content/plugins/facebook-conversion-pixel/pixel-cat.min.js?ver=3.0.7 HTTP/1.1" 200 4290 "https://arsn.media/author/marsalanaleem/" "Mozilla/5.0 (Linux; Android 5.0) AppleWebKit/537.36 (KHTML, like Gecko) Mobile Safari/537.36 (compatible; Bytespider; https://zhanzhang.toutiao.com/)"
110.249.201.154 - - [27/Apr/2025:05:59:27 -0400] "GET /wp-content/plugins/elementskit-lite/widgets/init/assets/js/widget-scripts.js?ver=3.5.0 HTTP/1.1" 200 40425 "https://arsn.media/author/marsalanaleem/" "Mozilla/5.0 (Linux; Android 5.0) AppleWebKit/537.36 (KHTML, like Gecko) Mobile Safari/537.36 (compatible; Bytespider; https://zhanzhang.toutiao.com/)"
110.249.201.154 - - [27/Apr/2025:05:59:27 -0400] "GET /wp-content/plugins/facebook-conversion-pixel/video.js?ver=6.8 HTTP/1.1" 200 2666 "https://arsn.media/author/marsalanaleem/" "Mozilla/5.0 (Linux; Android 5.0) AppleWebKit/537.36 (KHTML, like Gecko) Mobile Safari/537.36 (compatible; Bytespider; https://zhanzhang.toutiao.com/)"
110.249.201.154 - - [27/Apr/2025:05:59:27 -0400] "GET /wp-content/plugins/brave-popup-builder/assets/frontend/brave.js?ver=6.8 HTTP/1.1" 200 23854 "https://arsn.media/author/marsalanaleem/" "Mozilla/5.0 (Linux; Android 5.0) AppleWebKit/537.36 (KHTML, like Gecko) Mobile Safari/537.36 (compatible; Bytespider; https://zhanzhang.toutiao.com/)"
110.249.201.154 - - [27/Apr/2025:05:59:27 -0400] "GET /wp-content/plugins/elementor/assets/js/webpack.runtime.min.js?ver=3.28.4 HTTP/1.1" 200 2228 "https://arsn.media/author/marsalanaleem/" "Mozilla/5.0 (Linux; Android 5.0) AppleWebKit/537.36 (KHTML, like Gecko) Mobile Safari/537.36 (compatible; Bytespider; https://zhanzhang.toutiao.com/)"
110.249.201.154 - - [27/Apr/2025:05:59:27 -0400] "GET /wp-content/plugins/pro-elements/assets/js/webpack-pro.runtime.min.js?ver=3.23.3 HTTP/1.1" 200 2549 "https://arsn.media/author/marsalanaleem/" "Mozilla/5.0 (Linux; Android 5.0) AppleWebKit/537.36 (KHTML, like Gecko) Mobile Safari/537.36 (compatible; Bytespider; https://zhanzhang.toutiao.com/)"
110.249.201.154 - - [27/Apr/2025:05:59:27 -0400] "GET /wp-content/plugins/pro-elements/assets/js/frontend.min.js?ver=3.23.3 HTTP/1.1" 200 6468 "https://arsn.media/author/marsalanaleem/" "Mozilla/5.0 (Linux; Android 5.0) AppleWebKit/537.36 (KHTML, like Gecko) Mobile Safari/537.36 (compatible; Bytespider; https://zhanzhang.toutiao.com/)"
110.249.201.154 - - [27/Apr/2025:05:59:27 -0400] "GET /wp-content/plugins/elementor/assets/js/frontend-modules.min.js?ver=3.28.4 HTTP/1.1" 200 14421 "https://arsn.media/author/marsalanaleem/" "Mozilla/5.0 (Linux; Android 5.0) AppleWebKit/537.36 (KHTML, like Gecko) Mobile Safari/537.36 (compatible; Bytespider; https://zhanzhang.toutiao.com/)"
110.249.201.154 - - [27/Apr/2025:05:59:27 -0400] "GET /wp-content/plugins/pro-elements/assets/js/elements-handlers.min.js?ver=3.23.3 HTTP/1.1" 200 9631 "https://arsn.media/author/marsalanaleem/" "Mozilla/5.0 (Linux; Android 5.0) AppleWebKit/537.36 (KHTML, like Gecko) Mobile Safari/537.36 (compatible; Bytespider; https://zhanzhang.toutiao.com/)"
110.249.201.154 - - [27/Apr/2025:05:59:27 -0400] "GET /wp-content/plugins/elementor/assets/js/frontend.min.js?ver=3.28.4 HTTP/1.1" 200 13099 "https://arsn.media/author/marsalanaleem/" "Mozilla/5.0 (Linux; Android 5.0) AppleWebKit/537.36 (KHTML, like Gecko) Mobile Safari/537.36 (compatible; Bytespider; https://zhanzhang.toutiao.com/)"
110.249.201.154 - - [27/Apr/2025:05:59:27 -0400] "GET /wp-content/plugins/elementskit-lite/widgets/init/assets/js/elementor.js?ver=3.5.0 HTTP/1.1" 200 5290 "https://arsn.media/author/marsalanaleem/" "Mozilla/5.0 (Linux; Android 5.0) AppleWebKit/537.36 (KHTML, like Gecko) Mobile Safari/537.36 (compatible; Bytespider; https://zhanzhang.toutiao.com/)"
110.249.201.154 - - [27/Apr/2025:05:59:27 -0400] "GET /wp-content/themes/onum/js/design-test.js HTTP/1.1" 404 39251 "https://arsn.media/author/marsalanaleem/" "Mozilla/5.0 (Linux; Android 5.0) AppleWebKit/537.36 (KHTML, like Gecko) Mobile Safari/537.36 (compatible; Bytespider; https://zhanzhang.toutiao.com/)"
110.249.201.154 - - [27/Apr/2025:05:59:28 -0400] "GET /wp-content/plugins/elementskit-lite/widgets/init/assets/js/animate-circle.min.js?ver=3.5.0 HTTP/1.1" 200 393 "https://arsn.media/author/marsalanaleem/" "Mozilla/5.0 (Linux; Android 5.0) AppleWebKit/537.36 (KHTML, like Gecko) Mobile Safari/537.36 (compatible; Bytespider; https://zhanzhang.toutiao.com/)"
110.249.201.154 - - [27/Apr/2025:05:59:28 -0400] "GET /wp-content/plugins/primary-addon-for-elementor/assets/js/Chart.min.js?ver=2.9.3 HTTP/1.1" 200 55517 "https://arsn.media/author/marsalanaleem/" "Mozilla/5.0 (Linux; Android 5.0) AppleWebKit/537.36 (KHTML, like Gecko) Mobile Safari/537.36 (compatible; Bytespider; https://zhanzhang.toutiao.com/)"
110.249.201.154 - - [27/Apr/2025:05:59:28 -0400] "GET /wp-content/plugins/primary-addon-for-elementor/elementor//js/prim-elementor.js?ver=6.8 HTTP/1.1" 200 3039 "https://arsn.media/author/marsalanaleem/" "Mozilla/5.0 (Linux; Android 5.0) AppleWebKit/537.36 (KHTML, like Gecko) Mobile Safari/537.36 (compatible; Bytespider; https://zhanzhang.toutiao.com/)"
110.249.201.154 - - [27/Apr/2025:05:59:28 -0400] "GET /wp-content/plugins/widget-google-reviews/assets/js/public-main.js?ver=5.7.1 HTTP/1.1" 200 8429 "https://arsn.media/author/marsalanaleem/" "Mozilla/5.0 (Linux; Android 5.0) AppleWebKit/537.36 (KHTML, like Gecko) Mobile Safari/537.36 (compatible; Bytespider; https://zhanzhang.toutiao.com/)"
110.249.201.154 - - [27/Apr/2025:05:59:28 -0400] "GET /wp-content/plugins/revslider/public/assets/js/rbtools.min.js?ver=6.6.8 HTTP/1.1" 200 59937 "https://arsn.media/author/marsalanaleem/" "Mozilla/5.0 (Linux; Android 5.0) AppleWebKit/537.36 (KHTML, like Gecko) Mobile Safari/537.36 (compatible; Bytespider; https://zhanzhang.toutiao.com/)"
110.249.201.154 - - [27/Apr/2025:05:59:28 -0400] "GET /wp-content/plugins/revslider/public/assets/js/rs6.min.js?ver=6.6.8 HTTP/1.1" 200 103316 "https://arsn.media/author/marsalanaleem/" "Mozilla/5.0 (Linux; Android 5.0) AppleWebKit/537.36 (KHTML, like Gecko) Mobile Safari/537.36 (compatible; Bytespider; https://zhanzhang.toutiao.com/)"
110.249.201.154 - - [27/Apr/2025:05:59:28 -0400] "GET /wp-includes/js/wp-emoji-release.min.js?ver=6.8 HTTP/1.1" 200 4771 "https://arsn.media/author/marsalanaleem/" "Mozilla/5.0 (Linux; Android 5.0) AppleWebKit/537.36 (KHTML, like Gecko) Mobile Safari/537.36 (compatible; Bytespider; https://zhanzhang.toutiao.com/)"
110.249.201.154 - - [27/Apr/2025:05:59:29 -0400] "GET /wp-content/plugins/elementor/assets/js/text-editor.c084ef86600b6f11690d.bundle.min.js HTTP/1.1" 200 621 "https://arsn.media/author/marsalanaleem/" "Mozilla/5.0 (Linux; Android 5.0) AppleWebKit/537.36 (KHTML, like Gecko) Mobile Safari/537.36 (compatible; Bytespider; https://zhanzhang.toutiao.com/)"
57.141.4.20 - - [27/Apr/2025:06:20:52 -0400] "GET /about-company/ HTTP/1.1" 200 608510 "-" "meta-externalagent/1.1 (+https://developers.facebook.com/docs/sharing/webmasters/crawler)"
52.156.77.159 - - [27/Apr/2025:06:23:31 -0400] "GET / HTTP/1.1" 200 48706 "-" "Mozilla/5.0 AppleWebKit/537.36 (KHTML, like Gecko); compatible; ChatGPT-User/1.0; +https://openai.com/bot"
182.44.9.147 - - [27/Apr/2025:06:23:47 -0400] "GET / HTTP/1.1" 200 72544 "http://arsn.media" "Mozilla/5.0 (iPhone; CPU iPhone OS 13_2_3 like Mac OS X) AppleWebKit/605.1.15 (KHTML, like Gecko) Version/13.0.3 Mobile/15E148 Safari/604.1"
66.29.132.124 - - [27/Apr/2025:06:28:29 -0400] "POST /wp-cron.php?doing_wp_cron=1745749709.2138700485229492187500 HTTP/1.1" 200 0 "-" "WordPress/6.8; https://arsn.media"
47.79.212.210 - - [27/Apr/2025:06:28:19 -0400] "GET /ebook-marketing-services HTTP/1.1" 301 0 "https://www.google.com/" "Mozilla/5.0 (Windows NT 10.0; Win64; x64) AppleWebKit/537.36 (KHTML, like Gecko) Chrome/132.0.0.0 Safari/537.36"
47.79.212.210 - - [27/Apr/2025:06:28:29 -0400] "GET /ebook-marketing-services/ HTTP/1.1" 200 78950 "https://www.google.com/" "Mozilla/5.0 (Windows NT 10.0; Win64; x64) AppleWebKit/537.36 (KHTML, like Gecko) Chrome/132.0.0.0 Safari/537.36"
66.29.132.124 - - [27/Apr/2025:06:28:29 -0400] "POST /wp-admin/admin-ajax.php?action=async_litespeed&nonce=QSbUTjbJajEBbqJIC49vo2awuwJPDQPF&litespeed_type=imgoptm HTTP/1.1" 200 0 "-" "WordPress/6.8; https://arsn.media"
85.203.44.105 - - [27/Apr/2025:06:59:29 -0400] "GET / HTTP/1.0" 200 639584 "https://arsn.media/" "Mozilla/5.0 (Windows NT 10.0; Win64; x64) AppleWebKit/537.36 (KHTML, like Gecko) Chrome/130.0.0.0 Safari/537.36 CCleaner/130.0.0.0"
66.29.132.124 - - [27/Apr/2025:06:59:40 -0400] "POST /wp-cron.php?doing_wp_cron=1745751580.0010418891906738281250 HTTP/1.1" 200 0 "-" "WordPress/6.8; https://arsn.media"
85.203.44.94 - - [27/Apr/2025:06:59:31 -0400] "POST /wp-admin/admin-ajax.php HTTP/1.0" 200 184 "https://arsn.media/" "Mozilla/5.0 (Windows NT 10.0; Win64; x64) AppleWebKit/537.36 (KHTML, like Gecko) Chrome/130.0.0.0 Safari/537.36 CCleaner/130.0.0.0"
66.29.132.124 - - [27/Apr/2025:06:59:41 -0400] "POST /wp-admin/admin-ajax.php?action=async_litespeed&nonce=AsEyBWtBx3JA9LThbDFGV9HL4tS5GP13&litespeed_type=imgoptm HTTP/1.1" 200 21 "-" "WordPress/6.8; https://arsn.media"
18.217.13.162 - - [27/Apr/2025:06:41:49 -0400] "GET /robots.txt HTTP/1.1" 200 105 "-" "Mozilla/5.0 AppleWebKit/537.36 (KHTML, like Gecko; compatible; ClaudeBot/1.0; +claudebot@anthropic.com)"
66.29.132.124 - - [27/Apr/2025:06:41:57 -0400] "POST /wp-cron.php?doing_wp_cron=1745750517.1860311031341552734375 HTTP/1.1" 200 0 "-" "WordPress/6.8; https://arsn.media"
66.29.132.124 - - [27/Apr/2025:06:41:57 -0400] "POST /wp-admin/admin-ajax.php?action=async_litespeed&nonce=ncdSsWFCbkt8xHZYhNPsxtHwJSHhnuKR&litespeed_type=imgoptm HTTP/1.1" 200 0 "-" "WordPress/6.8; https://arsn.media"
18.217.13.162 - - [27/Apr/2025:06:41:49 -0400] "GET /search-engine-optimization HTTP/1.1" 404 39351 "-" "Mozilla/5.0 AppleWebKit/537.36 (KHTML, like Gecko; compatible; ClaudeBot/1.0; +claudebot@anthropic.com)"
66.29.132.124 - - [27/Apr/2025:06:41:58 -0400] "POST /wp-admin/admin-ajax.php?action=as_async_request_queue_runner&nonce=5a6adbe56e HTTP/1.1" 200 0 "-" "WordPress/6.8; https://arsn.media"
85.203.44.83 - - [27/Apr/2025:06:42:37 -0400] "GET / HTTP/1.0" 200 639584 "https://arsn.media/" "Mozilla/5.0 (Windows NT 10.0; Win64; x64) AppleWebKit/537.36 (KHTML, like Gecko) Chrome/130.0.0.0 Safari/537.36"
66.29.132.124 - - [27/Apr/2025:06:42:40 -0400] "POST /wp-cron.php?doing_wp_cron=1745750560.0581030845642089843750 HTTP/1.1" 200 0 "-" "WordPress/6.8; https://arsn.media"
85.203.44.68 - - [27/Apr/2025:06:42:39 -0400] "POST /wp-admin/admin-ajax.php HTTP/1.0" 200 184 "https://arsn.media/" "Mozilla/5.0 (Windows NT 10.0; Win64; x64) AppleWebKit/537.36 (KHTML, like Gecko) Chrome/130.0.0.0 Safari/537.36"
66.29.132.124 - - [27/Apr/2025:06:42:41 -0400] "POST /wp-admin/admin-ajax.php?action=async_litespeed&nonce=9f90LVWz5EXBkE6B8je4NKaIrV52qt9m&litespeed_type=imgoptm HTTP/1.1" 200 0 "-" "WordPress/6.8; https://arsn.media"
66.29.132.124 - - [27/Apr/2025:06:43:44 -0400] "POST /wp-cron.php?doing_wp_cron=1745750624.5159308910369873046875 HTTP/1.1" 200 0 "-" "WordPress/6.8; https://arsn.media"
198.54.114.67 - - [27/Apr/2025:06:43:44 -0400] "POST /xmlrpc.php HTTP/1.1" 200 186 "https://arsn.media" "Mozilla/5.0 (Macintosh; Intel Mac OS X 10_15_7) AppleWebKit/537.36 (KHTML, like Gecko) Chrome/113.0.5672.93 Safari/537.36"
66.29.132.124 - - [27/Apr/2025:06:43:45 -0400] "POST /wp-admin/admin-ajax.php?action=async_litespeed&nonce=XdL1kSxWgYTFAwzEBwgMv5F2KFEwlzTK&litespeed_type=imgoptm HTTP/1.1" 200 21 "-" "WordPress/6.8; https://arsn.media"
51.8.102.111 - - [27/Apr/2025:06:49:44 -0400] "GET /robots.txt HTTP/1.1" 200 105 "-" "Mozilla/5.0 (Macintosh; Intel Mac OS X 10_15_7) AppleWebKit/537.36 (KHTML, like Gecko) Chrome/131.0.0.0 Safari/537.36; compatible; OAI-SearchBot/1.0; +https://openai.com/searchbot"
66.55.200.246 - - [27/Apr/2025:06:57:40 -0400] "GET /robots.txt HTTP/1.0" 200 121 "-" "WF search/Nutch-1.12"
66.55.200.246 - - [27/Apr/2025:06:57:40 -0400] "GET /ecommerce-search-engine-optimization-services/ HTTP/1.0" 200 83336 "-" "WF search/Nutch-1.12"
66.29.132.124 - - [27/Apr/2025:07:08:32 -0400] "POST /wp-cron.php?doing_wp_cron=1745752112.1523699760437011718750 HTTP/1.1" 200 0 "-" "WordPress/6.8; https://arsn.media"
66.29.132.124 - - [27/Apr/2025:07:08:32 -0400] "POST /wp-cron.php?doing_wp_cron=1745752112.1523439884185791015625 HTTP/1.1" 200 0 "-" "WordPress/6.8; https://arsn.media"
128.140.71.242 - - [27/Apr/2025:07:08:25 -0400] "POST /xmlrpc.php HTTP/1.1" 200 403 "-" "Mozilla/5.0 (Windows NT 10.0; Win64; x64) AppleWebKit/537.36 (KHTML, like Gecko) Chrome/90.0.4430.93 Safari/537.36"
128.140.71.242 - - [27/Apr/2025:07:08:25 -0400] "POST /xmlrpc.php HTTP/1.1" 200 403 "-" "Mozilla/5.0 (Windows; U; Windows NT 5.1; en-US; rv:1.7.5) Gecko/20041107 Firefox/1.0"
66.29.132.124 - - [27/Apr/2025:07:08:32 -0400] "POST /wp-admin/admin-ajax.php?action=async_litespeed&nonce=7aPUoVRNcIMaqJScFdfcH7jhNyiDRAQJ&litespeed_type=imgoptm HTTP/1.1" 200 21 "-" "WordPress/6.8; https://arsn.media"
66.29.132.124 - - [27/Apr/2025:07:08:35 -0400] "POST /wp-cron.php?doing_wp_cron=1745752115.5647599697113037109375 HTTP/1.1" 200 0 "-" "WordPress/6.8; https://arsn.media"
74.177.208.127 - - [27/Apr/2025:07:08:35 -0400] "POST /xmlrpc.php HTTP/1.1" 200 403 "-" "Mozilla/5.0 (Windows NT 6.1; Win64; x64; rv:61.0) Gecko/20100101 Firefox/61.0"
66.29.132.124 - - [27/Apr/2025:07:08:35 -0400] "POST /wp-admin/admin-ajax.php?action=async_litespeed&nonce=Wbr81sk9XUfrld1KvCvfCjQm84h6ee0O&litespeed_type=imgoptm HTTP/1.1" 200 21 "-" "WordPress/6.8; https://arsn.media"
85.10.137.175 - - [27/Apr/2025:07:08:36 -0400] "POST /xmlrpc.php HTTP/1.1" 200 403 "-" "Mozilla/5.0 (Windows NT 10.0; Win64; x64) AppleWebKit/537.36 (KHTML, like Gecko) Chrome/88.0.4324.104 Safari/537.36"
101.126.80.238 - - [27/Apr/2025:07:08:41 -0400] "POST /xmlrpc.php HTTP/1.1" 200 403 "-" "Mozilla/5.0 (Windows NT 10.0; Win64; x64) AppleWebKit/537.36 (KHTML, like Gecko) Chrome/90.0.4430.93 Safari/537.36"
66.29.132.124 - - [27/Apr/2025:07:13:26 -0400] "POST /wp-cron.php?doing_wp_cron=1745752406.7757339477539062500000 HTTP/1.1" 200 0 "-" "WordPress/6.8; https://arsn.media"
205.210.31.41 - - [27/Apr/2025:07:13:22 -0400] "GET / HTTP/1.1" 301 0 "-" "-"
216.244.66.201 - - [27/Apr/2025:07:13:26 -0400] "GET /2025/01/17/on-page-seo-best-practices-for-pest-control-websites/feed/ HTTP/1.1" 200 880 "-" "Mozilla/5.0 (compatible; DotBot/1.2; +https://opensiteexplorer.org/dotbot; help@moz.com)"
205.210.31.41 - - [27/Apr/2025:07:13:27 -0400] "GET / HTTP/1.1" 200 639584 "-" "-"
66.29.132.124 - - [27/Apr/2025:07:13:27 -0400] "POST /wp-admin/admin-ajax.php?action=async_litespeed&nonce=leI23jJUNunUn5kWrtZbNPerL7Qtbc2V&litespeed_type=imgoptm HTTP/1.1" 200 21 "-" "WordPress/6.8; https://arsn.media"
101.126.80.238 - - [27/Apr/2025:07:08:46 -0400] "POST /xmlrpc.php HTTP/1.1" 200 403 "-" "Mozilla/5.0 (Windows NT 10.0; Win64; x64) AppleWebKit/537.36 (KHTML, like Gecko) Chrome/74.0.3729.157 Safari/537.36"
74.177.208.127 - - [27/Apr/2025:07:08:46 -0400] "POST /xmlrpc.php HTTP/1.1" 200 403 "-" "Mozilla/5.0 (Windows NT 5.1; rv:40.0) Gecko/20100101 Firefox/40.0"
66.29.132.124 - - [27/Apr/2025:07:08:55 -0400] "POST /wp-cron.php?doing_wp_cron=1745752135.2505629062652587890625 HTTP/1.1" 200 0 "-" "WordPress/6.8; https://arsn.media"
46.101.218.201 - - [27/Apr/2025:07:08:54 -0400] "POST /xmlrpc.php HTTP/1.1" 200 403 "-" "Mozilla/5.0 (Windows NT 10.0; Win64; x64; rv:67.0) Gecko/20100101 Firefox/67.0"
34.95.9.243 - - [27/Apr/2025:07:08:58 -0400] "POST /xmlrpc.php HTTP/1.1" 200 403 "-" "Mozilla/5.0 (iPod; CPU iPhone OS 14_6 like Mac OS X) AppleWebKit/605.1.15 (KHTML, like Gecko) CriOS/91.0.4472.80 Mobile/15E148 Safari/604.1"
85.128.143.77 - - [27/Apr/2025:07:08:59 -0400] "POST /xmlrpc.php HTTP/1.1" 200 403 "-" "Mozilla/5.0 (Linux; Android 10; LM-X420) AppleWebKit/537.36 (KHTML, like Gecko) Chrome/91.0.4472.114 Mobile Safari/537.36"
45.192.103.119 - - [27/Apr/2025:07:09:02 -0400] "POST /xmlrpc.php HTTP/1.1" 200 403 "-" "Mozilla/5.0 (X11; Ubuntu; Linux i686; rv:24.0) Gecko/20100101 Firefox/24.0"
103.159.51.29 - - [27/Apr/2025:07:09:03 -0400] "POST /xmlrpc.php HTTP/1.1" 200 403 "-" "Mozilla/5.0 (Linux; Android 10) AppleWebKit/537.36 (KHTML, like Gecko) Chrome/91.0.4472.114 Mobile Safari/537.36"
91.239.201.4 - - [27/Apr/2025:07:09:07 -0400] "POST /xmlrpc.php HTTP/1.1" 200 403 "-" "Mozilla/5.0 (Windows; U; Windows NT 5.1; en-US; rv:1.7.5) Gecko/20041107 Firefox/1.0"
216.244.66.201 - - [27/Apr/2025:07:10:28 -0400] "GET /robots.txt HTTP/1.1" 200 168 "-" "Mozilla/5.0 (compatible; DotBot/1.2; +https://opensiteexplorer.org/dotbot; help@moz.com)"
66.29.132.124 - - [27/Apr/2025:07:10:37 -0400] "POST /wp-cron.php?doing_wp_cron=1745752237.5483090877532958984375 HTTP/1.1" 200 0 "-" "WordPress/6.8; https://arsn.media"
3.133.108.227 - - [27/Apr/2025:07:10:35 -0400] "GET /privacy-policy HTTP/1.1" 301 0 "-" "Mozilla/5.0 AppleWebKit/537.36 (KHTML, like Gecko; compatible; ClaudeBot/1.0; +claudebot@anthropic.com)"
3.133.108.227 - - [27/Apr/2025:07:10:37 -0400] "GET /privacy-policy/ HTTP/1.1" 200 41561 "https://arsn.media/privacy-policy" "Mozilla/5.0 AppleWebKit/537.36 (KHTML, like Gecko; compatible; ClaudeBot/1.0; +claudebot@anthropic.com)"
66.29.132.124 - - [27/Apr/2025:07:10:38 -0400] "POST /wp-admin/admin-ajax.php?action=async_litespeed&nonce=dUewXJ0OeZT7aR7bJKKkFIPwtdCmEFrR&litespeed_type=imgoptm HTTP/1.1" 200 0 "-" "WordPress/6.8; https://arsn.media"
66.29.132.124 - - [27/Apr/2025:07:10:38 -0400] "POST /wp-admin/admin-ajax.php?action=as_async_request_queue_runner&nonce=5a6adbe56e HTTP/1.1" 200 0 "-" "WordPress/6.8; https://arsn.media"
66.29.132.124 - - [27/Apr/2025:07:18:37 -0400] "POST /wp-cron.php?doing_wp_cron=1745752717.9148468971252441406250 HTTP/1.1" 200 0 "-" "WordPress/6.8; https://arsn.media"
66.29.132.124 - - [27/Apr/2025:07:18:38 -0400] "POST /wp-admin/admin-ajax.php?action=async_litespeed&nonce=0mWiykfjeQjdO6lPiQ5MutCO9VqABOmg&litespeed_type=imgoptm HTTP/1.1" 200 0 "-" "WordPress/6.8; https://arsn.media"
18.222.207.132 - - [27/Apr/2025:07:18:34 -0400] "GET /content-marketing HTTP/1.1" 404 39387 "-" "Mozilla/5.0 AppleWebKit/537.36 (KHTML, like Gecko; compatible; ClaudeBot/1.0; +claudebot@anthropic.com)"
51.195.36.135 - - [27/Apr/2025:07:27:25 -0400] "GET /includes/includes/cache.php HTTP/1.1" 200 0 "-" "Mozilla/5.0 (Windows NT 10.0; Win64; x64) AppleWebKit/537.36 (KHTML, like Gecko) Chrome/127.0.0.0 Safari/537.36"
