192.99.36.61 - - [28/Apr/2025:11:23:31 -0400] "GET /808/%EF%BB%BFhttp:/2606arcolaave.805tstnw.com/mem/dc-soccer-club-executive-director.html HTTP/1.1" 404 39250 "-" "Mozilla/5.0 (compatible; MJ12bot/v1.4.8; http://mj12bot.com/)"
66.29.132.124 - - [28/Apr/2025:11:23:35 -0400] "POST /wp-cron.php?doing_wp_cron=1745853814.8825891017913818359375 HTTP/1.1" 200 0 "-" "WordPress/6.8; https://arsn.media"
147.135.252.179 - - [28/Apr/2025:11:23:33 -0400] "GET /mlp/%EF%BB%BFhttp://52-sell.com/o4q/descendants-characters-carlos.html HTTP/1.1" 301 0 "-" "Mozilla/5.0 (compatible; MJ12bot/v1.4.8; http://mj12bot.com/)"
66.29.132.124 - - [28/Apr/2025:11:23:37 -0400] "POST /wp-admin/admin-ajax.php?action=async_litespeed&nonce=YXGg1g6He5Di5hImUAUpKmYI6beNCTnl&litespeed_type=imgoptm HTTP/1.1" 200 0 "-" "WordPress/6.8; https://arsn.media"
217.113.194.76 - - [28/Apr/2025:11:23:36 -0400] "GET /2025/01/09/the-importance-of-local-seo-for-pest-control-companies-and-how-to-achieve-it/feed/ HTTP/1.1" 200 508 "-" "Mozilla/5.0 (compatible; Barkrowler/0.9; +https://babbar.tech/crawler)"
192.99.36.61 - - [28/Apr/2025:11:23:37 -0400] "GET /808/%EF%BB%BFhttp://2606arcolaave.805tstnw.com/mem/docking-station-not-detecting-monitor.html HTTP/1.1" 301 0 "-" "Mozilla/5.0 (compatible; MJ12bot/v1.4.8; http://mj12bot.com/)"
147.135.252.179 - - [28/Apr/2025:11:23:38 -0400] "GET /mlp/%EF%BB%BFhttp:/52-sell.com/o4q/descendants-characters-carlos.html HTTP/1.1" 404 39240 "-" "Mozilla/5.0 (compatible; MJ12bot/v1.4.8; http://mj12bot.com/)"
66.29.132.124 - - [28/Apr/2025:11:23:40 -0400] "POST /wp-admin/admin-ajax.php?action=as_async_request_queue_runner&nonce=77c05c7365 HTTP/1.1" 200 0 "-" "WordPress/6.8; https://arsn.media"
147.135.252.179 - - [28/Apr/2025:11:23:43 -0400] "GET /mlp/%EF%BB%BFhttp://52-sell.com/o4q/descendants-fanfiction-sub-ben.html HTTP/1.1" 301 0 "-" "Mozilla/5.0 (compatible; MJ12bot/v1.4.8; http://mj12bot.com/)"
192.99.36.61 - - [28/Apr/2025:11:23:41 -0400] "GET /808/%EF%BB%BFhttp:/2606arcolaave.805tstnw.com/mem/docking-station-not-detecting-monitor.html HTTP/1.1" 404 39323 "-" "Mozilla/5.0 (compatible; MJ12bot/v1.4.8; http://mj12bot.com/)"
147.135.252.179 - - [28/Apr/2025:11:23:45 -0400] "GET /mlp/%EF%BB%BFhttp:/52-sell.com/o4q/descendants-fanfiction-sub-ben.html HTTP/1.1" 404 39240 "-" "Mozilla/5.0 (compatible; MJ12bot/v1.4.8; http://mj12bot.com/)"
192.99.36.61 - - [28/Apr/2025:11:23:46 -0400] "GET /808/%EF%BB%BFhttp://2606arcolaave.805tstnw.com/mem/dometic-rv-ac.html HTTP/1.1" 301 0 "-" "Mozilla/5.0 (compatible; MJ12bot/v1.4.8; http://mj12bot.com/)"
147.135.252.179 - - [28/Apr/2025:11:23:51 -0400] "GET /mlp/%EF%BB%BFhttp://52-sell.com/o4q/detasseling-corn-by-hand.html HTTP/1.1" 301 0 "-" "Mozilla/5.0 (compatible; MJ12bot/v1.4.8; http://mj12bot.com/)"
66.29.132.124 - - [28/Apr/2025:11:23:53 -0400] "POST /wp-cron.php?doing_wp_cron=1745853833.2782790660858154296875 HTTP/1.1" 200 0 "-" "WordPress/6.8; https://arsn.media"
192.99.36.61 - - [28/Apr/2025:11:23:51 -0400] "GET /808/%EF%BB%BFhttp:/2606arcolaave.805tstnw.com/mem/dometic-rv-ac.html HTTP/1.1" 404 39317 "-" "Mozilla/5.0 (compatible; MJ12bot/v1.4.8; http://mj12bot.com/)"
147.135.252.179 - - [28/Apr/2025:11:23:57 -0400] "GET /mlp/%EF%BB%BFhttp:/52-sell.com/o4q/detasseling-corn-by-hand.html HTTP/1.1" 404 39262 "-" "Mozilla/5.0 (compatible; MJ12bot/v1.4.8; http://mj12bot.com/)"
192.99.36.61 - - [28/Apr/2025:11:23:59 -0400] "GET /808/%EF%BB%BFhttp://2606arcolaave.805tstnw.com/mem/eat-the-weeds-newsletter.html HTTP/1.1" 301 0 "-" "Mozilla/5.0 (compatible; MJ12bot/v1.4.8; http://mj12bot.com/)"
147.135.252.179 - - [28/Apr/2025:11:24:01 -0400] "GET /mlp/%EF%BB%BFhttp://52-sell.com/o4q/deutsche-bank-2021-results.html HTTP/1.1" 301 0 "-" "Mozilla/5.0 (compatible; MJ12bot/v1.4.8; http://mj12bot.com/)"
217.113.194.81 - - [28/Apr/2025:11:24:01 -0400] "GET /2025/01/06/top-seo-strategies-to-boost-your-pest-control-businesss-online-visibility/feed/ HTTP/1.1" 200 510 "-" "Mozilla/5.0 (compatible; Barkrowler/0.9; +https://babbar.tech/crawler)"
192.99.36.61 - - [28/Apr/2025:11:24:03 -0400] "GET /808/%EF%BB%BFhttp:/2606arcolaave.805tstnw.com/mem/eat-the-weeds-newsletter.html HTTP/1.1" 404 39171 "-" "Mozilla/5.0 (compatible; MJ12bot/v1.4.8; http://mj12bot.com/)"
147.135.252.179 - - [28/Apr/2025:11:24:05 -0400] "GET /mlp/%EF%BB%BFhttp:/52-sell.com/o4q/deutsche-bank-2021-results.html HTTP/1.1" 404 39334 "-" "Mozilla/5.0 (compatible; MJ12bot/v1.4.8; http://mj12bot.com/)"
192.99.36.61 - - [28/Apr/2025:11:24:07 -0400] "GET /808/%EF%BB%BFhttp://2606arcolaave.805tstnw.com/mem/edmondson-park.html HTTP/1.1" 301 0 "-" "Mozilla/5.0 (compatible; MJ12bot/v1.4.8; http://mj12bot.com/)"
147.135.252.179 - - [28/Apr/2025:11:24:10 -0400] "GET /mlp/%EF%BB%BFhttp://52-sell.com/o4q/devil-naruto-highschool-dxd-fanfiction.html HTTP/1.1" 301 0 "-" "Mozilla/5.0 (compatible; MJ12bot/v1.4.8; http://mj12bot.com/)"
192.99.36.61 - - [28/Apr/2025:11:24:10 -0400] "GET /808/%EF%BB%BFhttp:/2606arcolaave.805tstnw.com/mem/edmondson-park.html HTTP/1.1" 404 39303 "-" "Mozilla/5.0 (compatible; MJ12bot/v1.4.8; http://mj12bot.com/)"
192.99.36.61 - - [28/Apr/2025:11:24:14 -0400] "GET /808/%EF%BB%BFhttp://2606arcolaave.805tstnw.com/mem/electrical-testing-guide.html HTTP/1.1" 301 0 "-" "Mozilla/5.0 (compatible; MJ12bot/v1.4.8; http://mj12bot.com/)"
147.135.252.179 - - [28/Apr/2025:11:24:14 -0400] "GET /mlp/%EF%BB%BFhttp:/52-sell.com/o4q/devil-naruto-highschool-dxd-fanfiction.html HTTP/1.1" 404 39180 "-" "Mozilla/5.0 (compatible; MJ12bot/v1.4.8; http://mj12bot.com/)"
147.135.252.179 - - [28/Apr/2025:11:24:19 -0400] "GET /mlp/%EF%BB%BFhttp://52-sell.com/o4q/dickinson-shotgun-jamming.html HTTP/1.1" 301 0 "-" "Mozilla/5.0 (compatible; MJ12bot/v1.4.8; http://mj12bot.com/)"
192.99.36.61 - - [28/Apr/2025:11:24:18 -0400] "GET /808/%EF%BB%BFhttp:/2606arcolaave.805tstnw.com/mem/electrical-testing-guide.html HTTP/1.1" 404 39176 "-" "Mozilla/5.0 (compatible; MJ12bot/v1.4.8; http://mj12bot.com/)"
147.135.252.179 - - [28/Apr/2025:11:24:22 -0400] "GET /mlp/%EF%BB%BFhttp:/52-sell.com/o4q/dickinson-shotgun-jamming.html HTTP/1.1" 404 39254 "-" "Mozilla/5.0 (compatible; MJ12bot/v1.4.8; http://mj12bot.com/)"
192.99.36.61 - - [28/Apr/2025:11:24:23 -0400] "GET /808/%EF%BB%BFhttp://2606arcolaave.805tstnw.com/mem/examples-of-sentencing-guidelines.html HTTP/1.1" 301 0 "-" "Mozilla/5.0 (compatible; MJ12bot/v1.4.8; http://mj12bot.com/)"
217.113.194.72 - - [28/Apr/2025:11:24:27 -0400] "GET /2024/09/30/franchising-vs-independent-pest-control-business-which-is-right-for-you/feed/ HTTP/1.1" 200 500 "-" "Mozilla/5.0 (compatible; Barkrowler/0.9; +https://babbar.tech/crawler)"
147.135.252.179 - - [28/Apr/2025:11:24:27 -0400] "GET /mlp/%EF%BB%BFhttp://52-sell.com/o4q/difference-between-black-body-and-white-body.html HTTP/1.1" 301 0 "-" "Mozilla/5.0 (compatible; MJ12bot/v1.4.8; http://mj12bot.com/)"
192.99.36.61 - - [28/Apr/2025:11:24:27 -0400] "GET /808/%EF%BB%BFhttp:/2606arcolaave.805tstnw.com/mem/examples-of-sentencing-guidelines.html HTTP/1.1" 404 39261 "-" "Mozilla/5.0 (compatible; MJ12bot/v1.4.8; http://mj12bot.com/)"
147.135.252.179 - - [28/Apr/2025:11:24:31 -0400] "GET /mlp/%EF%BB%BFhttp:/52-sell.com/o4q/difference-between-black-body-and-white-body.html HTTP/1.1" 404 39396 "-" "Mozilla/5.0 (compatible; MJ12bot/v1.4.8; http://mj12bot.com/)"
66.29.132.124 - - [28/Apr/2025:11:24:35 -0400] "POST /wp-cron.php?doing_wp_cron=1745853874.5112340450286865234375 HTTP/1.1" 200 0 "-" "WordPress/6.8; https://arsn.media"
192.99.36.61 - - [28/Apr/2025:11:24:33 -0400] "GET /808/%EF%BB%BFhttp://2606arcolaave.805tstnw.com/mem/famous-alcohol-ink-artists.html HTTP/1.1" 301 0 "-" "Mozilla/5.0 (compatible; MJ12bot/v1.4.8; http://mj12bot.com/)"
147.135.252.179 - - [28/Apr/2025:11:24:38 -0400] "GET /mlp/%EF%BB%BFhttp://52-sell.com/o4q/dimplex-quantum-manual.html HTTP/1.1" 301 0 "-" "Mozilla/5.0 (compatible; MJ12bot/v1.4.8; http://mj12bot.com/)"
192.99.36.61 - - [28/Apr/2025:11:24:38 -0400] "GET /808/%EF%BB%BFhttp:/2606arcolaave.805tstnw.com/mem/famous-alcohol-ink-artists.html HTTP/1.1" 404 39320 "-" "Mozilla/5.0 (compatible; MJ12bot/v1.4.8; http://mj12bot.com/)"
192.99.36.61 - - [28/Apr/2025:11:24:44 -0400] "GET /808/%EF%BB%BFhttp://2606arcolaave.805tstnw.com/mem/feg-serial-number-lookup.html HTTP/1.1" 301 0 "-" "Mozilla/5.0 (compatible; MJ12bot/v1.4.8; http://mj12bot.com/)"
147.135.252.179 - - [28/Apr/2025:11:24:43 -0400] "GET /mlp/%EF%BB%BFhttp:/52-sell.com/o4q/dimplex-quantum-manual.html HTTP/1.1" 404 39337 "-" "Mozilla/5.0 (compatible; MJ12bot/v1.4.8; http://mj12bot.com/)"
217.113.194.75 - - [28/Apr/2025:11:24:48 -0400] "GET /2024/09/27/exploring-niche-markets-how-to-start-a-bed-bug-extermination-business/ HTTP/1.1" 200 74641 "-" "Mozilla/5.0 (compatible; Barkrowler/0.9; +https://babbar.tech/crawler)"
192.99.36.61 - - [28/Apr/2025:11:24:48 -0400] "GET /808/%EF%BB%BFhttp:/2606arcolaave.805tstnw.com/mem/feg-serial-number-lookup.html HTTP/1.1" 404 39177 "-" "Mozilla/5.0 (compatible; MJ12bot/v1.4.8; http://mj12bot.com/)"
147.135.252.179 - - [28/Apr/2025:11:24:49 -0400] "GET /mlp/%EF%BB%BFhttp://52-sell.com/o4q/dinothawr-libretro.html HTTP/1.1" 301 0 "-" "Mozilla/5.0 (compatible; MJ12bot/v1.4.8; http://mj12bot.com/)"
192.99.36.61 - - [28/Apr/2025:11:24:54 -0400] "GET /808/%EF%BB%BFhttp://2606arcolaave.805tstnw.com/mem/gigabyte-aorus-ap750gm.html HTTP/1.1" 301 0 "-" "Mozilla/5.0 (compatible; MJ12bot/v1.4.8; http://mj12bot.com/)"
147.135.252.179 - - [28/Apr/2025:11:24:54 -0400] "GET /mlp/%EF%BB%BFhttp:/52-sell.com/o4q/dinothawr-libretro.html HTTP/1.1" 404 39199 "-" "Mozilla/5.0 (compatible; MJ12bot/v1.4.8; http://mj12bot.com/)"
147.135.252.179 - - [28/Apr/2025:11:25:00 -0400] "GET /mlp/%EF%BB%BFhttp://52-sell.com/o4q/diocese-of-san-francisco-jobs.html HTTP/1.1" 301 0 "-" "Mozilla/5.0 (compatible; MJ12bot/v1.4.8; http://mj12bot.com/)"
192.99.36.61 - - [28/Apr/2025:11:25:00 -0400] "GET /808/%EF%BB%BFhttp:/2606arcolaave.805tstnw.com/mem/gigabyte-aorus-ap750gm.html HTTP/1.1" 404 39136 "-" "Mozilla/5.0 (compatible; MJ12bot/v1.4.8; http://mj12bot.com/)"
20.171.207.19 - - [28/Apr/2025:11:25:05 -0400] "GET /wp-json/elementskit/v1/ HTTP/1.1" 404 114 "-" "Mozilla/5.0 AppleWebKit/537.36 (KHTML, like Gecko; compatible; GPTBot/1.2; +https://openai.com/gptbot)"
192.99.36.61 - - [28/Apr/2025:11:25:06 -0400] "GET /808/%EF%BB%BFhttp://2606arcolaave.805tstnw.com/mem/gitea-webhook-jenkins.html HTTP/1.1" 301 0 "-" "Mozilla/5.0 (compatible; MJ12bot/v1.4.8; http://mj12bot.com/)"
20.171.207.19 - - [28/Apr/2025:11:25:10 -0400] "GET /wp-content/uploads/2020/10/404.png%20707w,%20https:/arsn.media/wp-content/uploads/2020/10/404-300x110.png%20300w HTTP/1.1" 404 39298 "-" "Mozilla/5.0 AppleWebKit/537.36 (KHTML, like Gecko; compatible; GPTBot/1.2; +https://openai.com/gptbot)"
147.135.252.179 - - [28/Apr/2025:11:25:05 -0400] "GET /mlp/%EF%BB%BFhttp:/52-sell.com/o4q/diocese-of-san-francisco-jobs.html HTTP/1.1" 404 39314 "-" "Mozilla/5.0 (compatible; MJ12bot/v1.4.8; http://mj12bot.com/)"
20.171.207.19 - - [28/Apr/2025:11:25:13 -0400] "GET /wp-content/uploads/2020/09/ARSN-Final-Logos-scaled.jpg%202560w,%20https:/arsn.media/wp-content/uploads/2020/09/ARSN-Final-Logos-300x138.jpg%20300w,%20https:/arsn.media/wp-content/uploads/2020/09/ARSN-Final-Logos-1024x471.jpg%201024w,%20https:/arsn.media/ARSN-Final-Logos-768x353.jpg%20768w,%20https:/ARSN-Final-Logos-1536x706.jpg%201536w,%20https:/ARSN-Final-Logos-2048x942.jpg%202048w HTTP/1.1" 404 39350 "-" "Mozilla/5.0 AppleWebKit/537.36 (KHTML, like Gecko; compatible; GPTBot/1.2; +https://openai.com/gptbot)"
154.54.249.200 - - [28/Apr/2025:11:25:12 -0400] "GET /2024/09/19/title-10-essential-steps-to-starting-a-pest-control-business-from-scratch/feed/ HTTP/1.1" 200 493 "-" "Mozilla/5.0 (compatible; Barkrowler/0.9; +https://babbar.tech/crawler)"
192.99.36.61 - - [28/Apr/2025:11:25:12 -0400] "GET /808/%EF%BB%BFhttp:/2606arcolaave.805tstnw.com/mem/gitea-webhook-jenkins.html HTTP/1.1" 404 39174 "-" "Mozilla/5.0 (compatible; MJ12bot/v1.4.8; http://mj12bot.com/)"
147.135.252.179 - - [28/Apr/2025:11:25:14 -0400] "GET /mlp/%EF%BB%BFhttp://52-sell.com/o4q/directx-12-samples.html HTTP/1.1" 301 0 "-" "Mozilla/5.0 (compatible; MJ12bot/v1.4.8; http://mj12bot.com/)"
20.171.207.19 - - [28/Apr/2025:11:25:16 -0400] "GET /wp-content/themes/onum/css/design-test.css?ver=6.7.1 HTTP/1.1" 404 22084 "-" "Mozilla/5.0 AppleWebKit/537.36 (KHTML, like Gecko; compatible; GPTBot/1.2; +https://openai.com/gptbot)"
192.99.36.61 - - [28/Apr/2025:11:25:19 -0400] "GET /808/%EF%BB%BFhttp://2606arcolaave.805tstnw.com/mem/gmod-addon-share-not-working.html HTTP/1.1" 301 0 "-" "Mozilla/5.0 (compatible; MJ12bot/v1.4.8; http://mj12bot.com/)"
20.171.207.19 - - [28/Apr/2025:11:25:20 -0400] "GET /wp-content/themes/onum/js/design-test.js HTTP/1.1" 404 18481 "-" "Mozilla/5.0 AppleWebKit/537.36 (KHTML, like Gecko; compatible; GPTBot/1.2; +https://openai.com/gptbot)"
147.135.252.179 - - [28/Apr/2025:11:25:20 -0400] "GET /mlp/%EF%BB%BFhttp:/52-sell.com/o4q/directx-12-samples.html HTTP/1.1" 404 39252 "-" "Mozilla/5.0 (compatible; MJ12bot/v1.4.8; http://mj12bot.com/)"
192.99.36.61 - - [28/Apr/2025:11:25:24 -0400] "GET /808/%EF%BB%BFhttp:/2606arcolaave.805tstnw.com/mem/gmod-addon-share-not-working.html HTTP/1.1" 404 39270 "-" "Mozilla/5.0 (compatible; MJ12bot/v1.4.8; http://mj12bot.com/)"
147.135.252.179 - - [28/Apr/2025:11:25:26 -0400] "GET /mlp/%EF%BB%BFhttp://52-sell.com/o4q/disadvantages-of-keeping-pets.html HTTP/1.1" 301 0 "-" "Mozilla/5.0 (compatible; MJ12bot/v1.4.8; http://mj12bot.com/)"
192.99.36.61 - - [28/Apr/2025:11:25:29 -0400] "GET /808/%EF%BB%BFhttp://2606arcolaave.805tstnw.com/mem/gt7-drag-racing.html HTTP/1.1" 301 0 "-" "Mozilla/5.0 (compatible; MJ12bot/v1.4.8; http://mj12bot.com/)"
147.135.252.179 - - [28/Apr/2025:11:25:30 -0400] "GET /mlp/%EF%BB%BFhttp:/52-sell.com/o4q/disadvantages-of-keeping-pets.html HTTP/1.1" 404 39304 "-" "Mozilla/5.0 (compatible; MJ12bot/v1.4.8; http://mj12bot.com/)"
66.29.132.124 - - [28/Apr/2025:11:25:35 -0400] "POST /wp-cron.php?doing_wp_cron=1745853934.6403141021728515625000 HTTP/1.1" 200 0 "-" "WordPress/6.8; https://arsn.media"
147.135.252.179 - - [28/Apr/2025:11:25:35 -0400] "GET /mlp/%EF%BB%BFhttp://52-sell.com/o4q/discord-fake-message-bot.html HTTP/1.1" 301 0 "-" "Mozilla/5.0 (compatible; MJ12bot/v1.4.8; http://mj12bot.com/)"
192.99.36.61 - - [28/Apr/2025:11:25:33 -0400] "GET /808/%EF%BB%BFhttp:/2606arcolaave.805tstnw.com/mem/gt7-drag-racing.html HTTP/1.1" 404 39296 "-" "Mozilla/5.0 (compatible; MJ12bot/v1.4.8; http://mj12bot.com/)"
66.29.132.124 - - [28/Apr/2025:11:25:36 -0400] "POST /wp-admin/admin-ajax.php?action=async_litespeed&nonce=2oMxJY7A0HpyCZ7F85MKUfoP0PIsuYOT&litespeed_type=imgoptm HTTP/1.1" 200 0 "-" "WordPress/6.8; https://arsn.media"
217.113.194.75 - - [28/Apr/2025:11:25:35 -0400] "GET /2024/09/25/what-do-i-need-to-start-a-pest-control-business-best-marketing-strategies/feed/ HTTP/1.1" 200 500 "-" "Mozilla/5.0 (compatible; Barkrowler/0.9; +https://babbar.tech/crawler)"
192.99.36.61 - - [28/Apr/2025:11:25:38 -0400] "GET /808/%EF%BB%BFhttp://2606arcolaave.805tstnw.com/mem/how-much-pea-gravel-do-i-need-for-a-circle.html HTTP/1.1" 301 0 "-" "Mozilla/5.0 (compatible; MJ12bot/v1.4.8; http://mj12bot.com/)"
147.135.252.179 - - [28/Apr/2025:11:25:38 -0400] "GET /mlp/%EF%BB%BFhttp:/52-sell.com/o4q/discord-fake-message-bot.html HTTP/1.1" 404 39211 "-" "Mozilla/5.0 (compatible; MJ12bot/v1.4.8; http://mj12bot.com/)"
147.135.252.179 - - [28/Apr/2025:11:25:44 -0400] "GET /mlp/%EF%BB%BFhttp://52-sell.com/o4q/distmesh-tutorial.html HTTP/1.1" 301 0 "-" "Mozilla/5.0 (compatible; MJ12bot/v1.4.8; http://mj12bot.com/)"
192.99.36.61 - - [28/Apr/2025:11:25:43 -0400] "GET /808/%EF%BB%BFhttp:/2606arcolaave.805tstnw.com/mem/how-much-pea-gravel-do-i-need-for-a-circle.html HTTP/1.1" 404 39277 "-" "Mozilla/5.0 (compatible; MJ12bot/v1.4.8; http://mj12bot.com/)"
192.99.36.61 - - [28/Apr/2025:11:25:46 -0400] "GET /808/%EF%BB%BFhttp://2606arcolaave.805tstnw.com/mem/how-to-enable-hdr10+-on-samsung-s10.html HTTP/1.1" 301 0 "-" "Mozilla/5.0 (compatible; MJ12bot/v1.4.8; http://mj12bot.com/)"
147.135.252.179 - - [28/Apr/2025:11:25:47 -0400] "GET /mlp/%EF%BB%BFhttp:/52-sell.com/o4q/distmesh-tutorial.html HTTP/1.1" 404 39290 "-" "Mozilla/5.0 (compatible; MJ12bot/v1.4.8; http://mj12bot.com/)"
66.29.132.124 - - [28/Apr/2025:11:25:51 -0400] "POST /wp-cron.php?doing_wp_cron=1745853951.5905530452728271484375 HTTP/1.1" 200 0 "-" "WordPress/6.8; https://arsn.media"
147.135.252.179 - - [28/Apr/2025:11:25:52 -0400] "GET /mlp/%EF%BB%BFhttp://52-sell.com/o4q/diy-small-engine-compression-tester.html HTTP/1.1" 301 0 "-" "Mozilla/5.0 (compatible; MJ12bot/v1.4.8; http://mj12bot.com/)"
192.99.36.61 - - [28/Apr/2025:11:25:50 -0400] "GET /808/%EF%BB%BFhttp:/2606arcolaave.805tstnw.com/mem/how-to-enable-hdr10+-on-samsung-s10.html HTTP/1.1" 404 39209 "-" "Mozilla/5.0 (compatible; MJ12bot/v1.4.8; http://mj12bot.com/)"
192.99.36.61 - - [28/Apr/2025:11:25:55 -0400] "GET /808/%EF%BB%BFhttp://2606arcolaave.805tstnw.com/mem/how-to-find-trends-on-redbubble.html HTTP/1.1" 301 0 "-" "Mozilla/5.0 (compatible; MJ12bot/v1.4.8; http://mj12bot.com/)"
147.135.252.179 - - [28/Apr/2025:11:25:55 -0400] "GET /mlp/%EF%BB%BFhttp:/52-sell.com/o4q/diy-small-engine-compression-tester.html HTTP/1.1" 404 39341 "-" "Mozilla/5.0 (compatible; MJ12bot/v1.4.8; http://mj12bot.com/)"
147.135.252.179 - - [28/Apr/2025:11:25:59 -0400] "GET /mlp/%EF%BB%BFhttp://52-sell.com/o4q/diy-stucco-underpinning.html HTTP/1.1" 301 0 "-" "Mozilla/5.0 (compatible; MJ12bot/v1.4.8; http://mj12bot.com/)"
192.99.36.61 - - [28/Apr/2025:11:25:59 -0400] "GET /808/%EF%BB%BFhttp:/2606arcolaave.805tstnw.com/mem/how-to-find-trends-on-redbubble.html HTTP/1.1" 404 39205 "-" "Mozilla/5.0 (compatible; MJ12bot/v1.4.8; http://mj12bot.com/)"
217.113.194.76 - - [28/Apr/2025:11:26:01 -0400] "GET /2024/11/01/how-to-craft-a-compelling-call-to-action-in-your-ideal-pest-control-ads/feed/ HTTP/1.1" 200 490 "-" "Mozilla/5.0 (compatible; Barkrowler/0.9; +https://babbar.tech/crawler)"
147.135.252.179 - - [28/Apr/2025:11:26:03 -0400] "GET /mlp/%EF%BB%BFhttp:/52-sell.com/o4q/diy-stucco-underpinning.html HTTP/1.1" 404 39383 "-" "Mozilla/5.0 (compatible; MJ12bot/v1.4.8; http://mj12bot.com/)"
192.99.36.61 - - [28/Apr/2025:11:26:03 -0400] "GET /808/%EF%BB%BFhttp://2606arcolaave.805tstnw.com/mem/how-to-use-hdmi-on-hotel-tv-lg.html HTTP/1.1" 301 0 "-" "Mozilla/5.0 (compatible; MJ12bot/v1.4.8; http://mj12bot.com/)"
147.135.252.179 - - [28/Apr/2025:11:26:06 -0400] "GET /mlp/%EF%BB%BFhttp://52-sell.com/o4q/django-rest-framework-image-upload.html HTTP/1.1" 301 0 "-" "Mozilla/5.0 (compatible; MJ12bot/v1.4.8; http://mj12bot.com/)"
192.99.36.61 - - [28/Apr/2025:11:26:06 -0400] "GET /808/%EF%BB%BFhttp:/2606arcolaave.805tstnw.com/mem/how-to-use-hdmi-on-hotel-tv-lg.html HTTP/1.1" 404 39392 "-" "Mozilla/5.0 (compatible; MJ12bot/v1.4.8; http://mj12bot.com/)"
147.135.252.179 - - [28/Apr/2025:11:26:10 -0400] "GET /mlp/%EF%BB%BFhttp:/52-sell.com/o4q/django-rest-framework-image-upload.html HTTP/1.1" 404 39192 "-" "Mozilla/5.0 (compatible; MJ12bot/v1.4.8; http://mj12bot.com/)"
192.99.36.61 - - [28/Apr/2025:11:26:10 -0400] "GET /808/%EF%BB%BFhttp://2606arcolaave.805tstnw.com/mem/how-to-use-zwiftalizer.html HTTP/1.1" 301 0 "-" "Mozilla/5.0 (compatible; MJ12bot/v1.4.8; http://mj12bot.com/)"
147.135.252.179 - - [28/Apr/2025:11:26:13 -0400] "GET /mlp/%EF%BB%BFhttp://52-sell.com/o4q/do-school-friends-last.html HTTP/1.1" 301 0 "-" "Mozilla/5.0 (compatible; MJ12bot/v1.4.8; http://mj12bot.com/)"
192.99.36.61 - - [28/Apr/2025:11:26:13 -0400] "GET /808/%EF%BB%BFhttp:/2606arcolaave.805tstnw.com/mem/how-to-use-zwiftalizer.html HTTP/1.1" 404 39143 "-" "Mozilla/5.0 (compatible; MJ12bot/v1.4.8; http://mj12bot.com/)"
147.135.252.179 - - [28/Apr/2025:11:26:17 -0400] "GET /mlp/%EF%BB%BFhttp:/52-sell.com/o4q/do-school-friends-last.html HTTP/1.1" 404 39338 "-" "Mozilla/5.0 (compatible; MJ12bot/v1.4.8; http://mj12bot.com/)"
192.99.36.61 - - [28/Apr/2025:11:26:18 -0400] "GET /808/%EF%BB%BFhttp://2606arcolaave.805tstnw.com/mem/husqvarna-z254-spark-plug.html HTTP/1.1" 301 0 "-" "Mozilla/5.0 (compatible; MJ12bot/v1.4.8; http://mj12bot.com/)"
147.135.252.179 - - [28/Apr/2025:11:26:21 -0400] "GET /mlp/%EF%BB%BFhttp://52-sell.com/o4q/doccano-rest-api.html HTTP/1.1" 301 0 "-" "Mozilla/5.0 (compatible; MJ12bot/v1.4.8; http://mj12bot.com/)"
192.99.36.61 - - [28/Apr/2025:11:26:22 -0400] "GET /808/%EF%BB%BFhttp:/2606arcolaave.805tstnw.com/mem/husqvarna-z254-spark-plug.html HTTP/1.1" 404 39284 "-" "Mozilla/5.0 (compatible; MJ12bot/v1.4.8; http://mj12bot.com/)"
217.113.194.76 - - [28/Apr/2025:11:26:23 -0400] "GET /2024/10/25/ideal-pest-control-customer-role-of-digital-ads-in-marketing-strategies/feed/ HTTP/1.1" 200 502 "-" "Mozilla/5.0 (compatible; Barkrowler/0.9; +https://babbar.tech/crawler)"
192.99.36.61 - - [28/Apr/2025:11:26:26 -0400] "GET /808/%EF%BB%BFhttp://2606arcolaave.805tstnw.com/mem/hyperpop-presets.html HTTP/1.1" 301 0 "-" "Mozilla/5.0 (compatible; MJ12bot/v1.4.8; http://mj12bot.com/)"
147.135.252.179 - - [28/Apr/2025:11:26:25 -0400] "GET /mlp/%EF%BB%BFhttp:/52-sell.com/o4q/doccano-rest-api.html HTTP/1.1" 404 39297 "-" "Mozilla/5.0 (compatible; MJ12bot/v1.4.8; http://mj12bot.com/)"
147.135.252.179 - - [28/Apr/2025:11:26:32 -0400] "GET /mlp/%EF%BB%BFhttp://52-sell.com/o4q/docm77-youtube.html HTTP/1.1" 301 0 "-" "Mozilla/5.0 (compatible; MJ12bot/v1.4.8; http://mj12bot.com/)"
192.99.36.61 - - [28/Apr/2025:11:26:31 -0400] "GET /808/%EF%BB%BFhttp:/2606arcolaave.805tstnw.com/mem/hyperpop-presets.html HTTP/1.1" 404 39184 "-" "Mozilla/5.0 (compatible; MJ12bot/v1.4.8; http://mj12bot.com/)"
66.29.132.124 - - [28/Apr/2025:11:26:38 -0400] "POST /wp-cron.php?doing_wp_cron=1745853997.2196910381317138671875 HTTP/1.1" 200 0 "-" "WordPress/6.8; https://arsn.media"
192.99.36.61 - - [28/Apr/2025:11:26:37 -0400] "GET /808/%EF%BB%BFhttp://2606arcolaave.805tstnw.com/mem/idyllwild-hotels-cabins.html HTTP/1.1" 301 0 "-" "Mozilla/5.0 (compatible; MJ12bot/v1.4.8; http://mj12bot.com/)"
147.135.252.179 - - [28/Apr/2025:11:26:36 -0400] "GET /mlp/%EF%BB%BFhttp:/52-sell.com/o4q/docm77-youtube.html HTTP/1.1" 404 39200 "-" "Mozilla/5.0 (compatible; MJ12bot/v1.4.8; http://mj12bot.com/)"
66.29.132.124 - - [28/Apr/2025:11:26:39 -0400] "POST /wp-admin/admin-ajax.php?action=async_litespeed&nonce=AqchWcgd91qf8mgtvxYBIQzzbV3ZAD97&litespeed_type=imgoptm HTTP/1.1" 200 0 "-" "WordPress/6.8; https://arsn.media"
66.29.132.124 - - [28/Apr/2025:11:26:41 -0400] "POST /wp-admin/admin-ajax.php?action=as_async_request_queue_runner&nonce=77c05c7365 HTTP/1.1" 200 0 "-" "WordPress/6.8; https://arsn.media"
147.135.252.179 - - [28/Apr/2025:11:26:41 -0400] "GET /mlp/%EF%BB%BFhttp://52-sell.com/o4q/dodge-dakota-starter-problems.html HTTP/1.1" 301 0 "-" "Mozilla/5.0 (compatible; MJ12bot/v1.4.8; http://mj12bot.com/)"
192.99.36.61 - - [28/Apr/2025:11:26:41 -0400] "GET /808/%EF%BB%BFhttp:/2606arcolaave.805tstnw.com/mem/idyllwild-hotels-cabins.html HTTP/1.1" 404 39110 "-" "Mozilla/5.0 (compatible; MJ12bot/v1.4.8; http://mj12bot.com/)"
192.99.36.61 - - [28/Apr/2025:11:26:46 -0400] "GET /808/%EF%BB%BFhttp://2606arcolaave.805tstnw.com/mem/job-fair-ct.html HTTP/1.1" 301 0 "-" "Mozilla/5.0 (compatible; MJ12bot/v1.4.8; http://mj12bot.com/)"
147.135.252.179 - - [28/Apr/2025:11:26:45 -0400] "GET /mlp/%EF%BB%BFhttp:/52-sell.com/o4q/dodge-dakota-starter-problems.html HTTP/1.1" 404 39305 "-" "Mozilla/5.0 (compatible; MJ12bot/v1.4.8; http://mj12bot.com/)"
40.77.167.78 - - [28/Apr/2025:11:26:47 -0400] "GET /wp-content/uploads/2024/12/2149500865.jpg HTTP/1.1" 200 998619 "-" "Mozilla/5.0 AppleWebKit/537.36 (KHTML, like Gecko; compatible; bingbot/2.0; +http://www.bing.com/bingbot.htm) Chrome/116.0.1938.76 Safari/537.36"
147.135.252.179 - - [28/Apr/2025:11:26:50 -0400] "GET /mlp/%EF%BB%BFhttp://52-sell.com/o4q/dodge-durango-recalls-2020.html HTTP/1.1" 301 0 "-" "Mozilla/5.0 (compatible; MJ12bot/v1.4.8; http://mj12bot.com/)"
66.29.132.124 - - [28/Apr/2025:11:26:51 -0400] "POST /wp-cron.php?doing_wp_cron=1745854010.1662139892578125000000 HTTP/1.1" 200 0 "-" "WordPress/6.8; https://arsn.media"
217.113.194.74 - - [28/Apr/2025:11:26:49 -0400] "GET /2024/10/24/how-to-use-targeted-advertising-to-reach-your-ideal-pest-control-customers/feed/ HTTP/1.1" 200 500 "-" "Mozilla/5.0 (compatible; Barkrowler/0.9; +https://babbar.tech/crawler)"
192.99.36.61 - - [28/Apr/2025:11:26:50 -0400] "GET /808/%EF%BB%BFhttp:/2606arcolaave.805tstnw.com/mem/job-fair-ct.html HTTP/1.1" 404 39383 "-" "Mozilla/5.0 (compatible; MJ12bot/v1.4.8; http://mj12bot.com/)"
147.135.252.179 - - [28/Apr/2025:11:26:53 -0400] "GET /mlp/%EF%BB%BFhttp:/52-sell.com/o4q/dodge-durango-recalls-2020.html HTTP/1.1" 404 39333 "-" "Mozilla/5.0 (compatible; MJ12bot/v1.4.8; http://mj12bot.com/)"
192.99.36.61 - - [28/Apr/2025:11:26:56 -0400] "GET /808/%EF%BB%BFhttp://2606arcolaave.805tstnw.com/mem/john-deere-parts-advisor-login.html HTTP/1.1" 301 0 "-" "Mozilla/5.0 (compatible; MJ12bot/v1.4.8; http://mj12bot.com/)"
147.135.252.179 - - [28/Apr/2025:11:26:59 -0400] "GET /mlp/%EF%BB%BFhttp://52-sell.com/o4q/does-fast-r.html HTTP/1.1" 301 0 "-" "Mozilla/5.0 (compatible; MJ12bot/v1.4.8; http://mj12bot.com/)"
192.99.36.61 - - [28/Apr/2025:11:27:01 -0400] "GET /808/%EF%BB%BFhttp:/2606arcolaave.805tstnw.com/mem/john-deere-parts-advisor-login.html HTTP/1.1" 404 39411 "-" "Mozilla/5.0 (compatible; MJ12bot/v1.4.8; http://mj12bot.com/)"
147.135.252.179 - - [28/Apr/2025:11:27:04 -0400] "GET /mlp/%EF%BB%BFhttp:/52-sell.com/o4q/does-fast-r.html HTTP/1.1" 404 39206 "-" "Mozilla/5.0 (compatible; MJ12bot/v1.4.8; http://mj12bot.com/)"
192.99.36.61 - - [28/Apr/2025:11:27:07 -0400] "GET /808/%EF%BB%BFhttp://2606arcolaave.805tstnw.com/mem/johnson-lifters-axle-oiling.html HTTP/1.1" 301 0 "-" "Mozilla/5.0 (compatible; MJ12bot/v1.4.8; http://mj12bot.com/)"
147.135.252.179 - - [28/Apr/2025:11:27:11 -0400] "GET /mlp/%EF%BB%BFhttp://52-sell.com/o4q/does-subway-take-ebt-in-michigan.html HTTP/1.1" 301 0 "-" "Mozilla/5.0 (compatible; MJ12bot/v1.4.8; http://mj12bot.com/)"
192.99.36.61 - - [28/Apr/2025:11:27:12 -0400] "GET /808/%EF%BB%BFhttp:/2606arcolaave.805tstnw.com/mem/johnson-lifters-axle-oiling.html HTTP/1.1" 404 39283 "-" "Mozilla/5.0 (compatible; MJ12bot/v1.4.8; http://mj12bot.com/)"
147.135.252.179 - - [28/Apr/2025:11:27:15 -0400] "GET /mlp/%EF%BB%BFhttp:/52-sell.com/o4q/does-subway-take-ebt-in-michigan.html HTTP/1.1" 404 39166 "-" "Mozilla/5.0 (compatible; MJ12bot/v1.4.8; http://mj12bot.com/)"
217.113.194.74 - - [28/Apr/2025:11:27:13 -0400] "GET /2025/01/23/local-seo-for-pest-control-how-to-leverage-google-my-business-for-better-results/ HTTP/1.1" 200 71304 "-" "Mozilla/5.0 (compatible; Barkrowler/0.9; +https://babbar.tech/crawler)"
192.99.36.61 - - [28/Apr/2025:11:27:17 -0400] "GET /808/%EF%BB%BFhttp://2606arcolaave.805tstnw.com/mem/kiakia-loan-login.html HTTP/1.1" 301 0 "-" "Mozilla/5.0 (compatible; MJ12bot/v1.4.8; http://mj12bot.com/)"
147.135.252.179 - - [28/Apr/2025:11:27:22 -0400] "GET /mlp/%EF%BB%BFhttp://52-sell.com/o4q/down-syndrome-association-of-south-texas.html HTTP/1.1" 301 0 "-" "Mozilla/5.0 (compatible; MJ12bot/v1.4.8; http://mj12bot.com/)"
192.99.36.61 - - [28/Apr/2025:11:27:21 -0400] "GET /808/%EF%BB%BFhttp:/2606arcolaave.805tstnw.com/mem/kiakia-loan-login.html HTTP/1.1" 404 39169 "-" "Mozilla/5.0 (compatible; MJ12bot/v1.4.8; http://mj12bot.com/)"
192.99.36.61 - - [28/Apr/2025:11:27:27 -0400] "GET /808/%EF%BB%BFhttp://2606arcolaave.805tstnw.com/mem/list-of-level-1-trauma-centers-in-arizona.html HTTP/1.1" 301 0 "-" "Mozilla/5.0 (compatible; MJ12bot/v1.4.8; http://mj12bot.com/)"
147.135.252.179 - - [28/Apr/2025:11:27:26 -0400] "GET /mlp/%EF%BB%BFhttp:/52-sell.com/o4q/down-syndrome-association-of-south-texas.html HTTP/1.1" 404 39238 "-" "Mozilla/5.0 (compatible; MJ12bot/v1.4.8; http://mj12bot.com/)"
147.135.252.179 - - [28/Apr/2025:11:27:32 -0400] "GET /mlp/%EF%BB%BFhttp://52-sell.com/o4q/download-your-phone-app-without-microsoft-store.html HTTP/1.1" 301 0 "-" "Mozilla/5.0 (compatible; MJ12bot/v1.4.8; http://mj12bot.com/)"
85.208.96.194 - - [28/Apr/2025:11:27:36 -0400] "GET /privacy-policy/ HTTP/1.1" 200 64331 "-" "Mozilla/5.0 (compatible; SemrushBot/7~bl; +http://www.semrush.com/bot.html)"
192.99.36.61 - - [28/Apr/2025:11:27:32 -0400] "GET /808/%EF%BB%BFhttp:/2606arcolaave.805tstnw.com/mem/list-of-level-1-trauma-centers-in-arizona.html HTTP/1.1" 404 39192 "-" "Mozilla/5.0 (compatible; MJ12bot/v1.4.8; http://mj12bot.com/)"
147.135.252.179 - - [28/Apr/2025:11:27:36 -0400] "GET /mlp/%EF%BB%BFhttp:/52-sell.com/o4q/download-your-phone-app-without-microsoft-store.html HTTP/1.1" 404 39320 "-" "Mozilla/5.0 (compatible; MJ12bot/v1.4.8; http://mj12bot.com/)"
192.99.36.61 - - [28/Apr/2025:11:27:38 -0400] "GET /808/%EF%BB%BFhttp://2606arcolaave.805tstnw.com/mem/luke-obey-me-age.html HTTP/1.1" 301 0 "-" "Mozilla/5.0 (compatible; MJ12bot/v1.4.8; http://mj12bot.com/)"
217.113.194.78 - - [28/Apr/2025:11:27:41 -0400] "GET /2024/09/27/exploring-niche-markets-how-to-start-a-bed-bug-extermination-business/feed/ HTTP/1.1" 200 493 "-" "Mozilla/5.0 (compatible; Barkrowler/0.9; +https://babbar.tech/crawler)"
147.135.252.179 - - [28/Apr/2025:11:27:43 -0400] "GET /mlp/%EF%BB%BFhttp://52-sell.com/o4q/download-zoom-for-windows.html HTTP/1.1" 301 0 "-" "Mozilla/5.0 (compatible; MJ12bot/v1.4.8; http://mj12bot.com/)"
192.99.36.61 - - [28/Apr/2025:11:27:43 -0400] "GET /808/%EF%BB%BFhttp:/2606arcolaave.805tstnw.com/mem/luke-obey-me-age.html HTTP/1.1" 404 39174 "-" "Mozilla/5.0 (compatible; MJ12bot/v1.4.8; http://mj12bot.com/)"
147.135.252.179 - - [28/Apr/2025:11:27:46 -0400] "GET /mlp/%EF%BB%BFhttp:/52-sell.com/o4q/download-zoom-for-windows.html HTTP/1.1" 404 39277 "-" "Mozilla/5.0 (compatible; MJ12bot/v1.4.8; http://mj12bot.com/)"
192.99.36.61 - - [28/Apr/2025:11:27:48 -0400] "GET /808/%EF%BB%BFhttp://2606arcolaave.805tstnw.com/mem/makoto-edamura-death.html HTTP/1.1" 301 0 "-" "Mozilla/5.0 (compatible; MJ12bot/v1.4.8; http://mj12bot.com/)"
66.29.132.124 - - [28/Apr/2025:11:27:53 -0400] "POST /wp-cron.php?doing_wp_cron=1745854072.3784880638122558593750 HTTP/1.1" 200 0 "-" "WordPress/6.8; https://arsn.media"
147.135.252.179 - - [28/Apr/2025:11:27:51 -0400] "GET /mlp/%EF%BB%BFhttp://52-sell.com/o4q/dr-khehlelezi-products.html HTTP/1.1" 301 0 "-" "Mozilla/5.0 (compatible; MJ12bot/v1.4.8; http://mj12bot.com/)"
66.29.132.124 - - [28/Apr/2025:11:27:54 -0400] "POST /wp-cron.php?doing_wp_cron=1745854073.1794409751892089843750 HTTP/1.1" 200 0 "-" "WordPress/6.8; https://arsn.media"
192.99.36.61 - - [28/Apr/2025:11:27:51 -0400] "GET /808/%EF%BB%BFhttp:/2606arcolaave.805tstnw.com/mem/makoto-edamura-death.html HTTP/1.1" 404 39289 "-" "Mozilla/5.0 (compatible; MJ12bot/v1.4.8; http://mj12bot.com/)"
192.99.36.61 - - [28/Apr/2025:11:27:57 -0400] "GET /808/%EF%BB%BFhttp://2606arcolaave.805tstnw.com/mem/mapleton-public-schools-salary-schedule.html HTTP/1.1" 301 0 "-" "Mozilla/5.0 (compatible; MJ12bot/v1.4.8; http://mj12bot.com/)"
147.135.252.179 - - [28/Apr/2025:11:27:56 -0400] "GET /mlp/%EF%BB%BFhttp:/52-sell.com/o4q/dr-khehlelezi-products.html HTTP/1.1" 404 39336 "-" "Mozilla/5.0 (compatible; MJ12bot/v1.4.8; http://mj12bot.com/)"
147.135.252.179 - - [28/Apr/2025:11:28:02 -0400] "GET /mlp/%EF%BB%BFhttp://52-sell.com/o4q/dr-khehlelezi-worth.html HTTP/1.1" 301 0 "-" "Mozilla/5.0 (compatible; MJ12bot/v1.4.8; http://mj12bot.com/)"
192.99.36.61 - - [28/Apr/2025:11:28:02 -0400] "GET /808/%EF%BB%BFhttp:/2606arcolaave.805tstnw.com/mem/mapleton-public-schools-salary-schedule.html HTTP/1.1" 404 39338 "-" "Mozilla/5.0 (compatible; MJ12bot/v1.4.8; http://mj12bot.com/)"
154.54.249.200 - - [28/Apr/2025:11:28:03 -0400] "GET /2025/01/23/local-seo-for-pest-control-how-to-leverage-google-my-business-for-better-results/feed/ HTTP/1.1" 200 511 "-" "Mozilla/5.0 (compatible; Barkrowler/0.9; +https://babbar.tech/crawler)"
192.99.36.61 - - [28/Apr/2025:11:28:05 -0400] "GET /808/%EF%BB%BFhttp://2606arcolaave.805tstnw.com/mem/marion-county-health-department-near-me.html HTTP/1.1" 301 0 "-" "Mozilla/5.0 (compatible; MJ12bot/v1.4.8; http://mj12bot.com/)"
147.135.252.179 - - [28/Apr/2025:11:28:05 -0400] "GET /mlp/%EF%BB%BFhttp:/52-sell.com/o4q/dr-khehlelezi-worth.html HTTP/1.1" 404 39220 "-" "Mozilla/5.0 (compatible; MJ12bot/v1.4.8; http://mj12bot.com/)"
192.99.36.61 - - [28/Apr/2025:11:28:08 -0400] "GET /808/%EF%BB%BFhttp:/2606arcolaave.805tstnw.com/mem/marion-county-health-department-near-me.html HTTP/1.1" 404 39342 "-" "Mozilla/5.0 (compatible; MJ12bot/v1.4.8; http://mj12bot.com/)"
147.135.252.179 - - [28/Apr/2025:11:28:11 -0400] "GET /mlp/%EF%BB%BFhttp://52-sell.com/o4q/drexel-swingmast-forklift.html HTTP/1.1" 301 0 "-" "Mozilla/5.0 (compatible; MJ12bot/v1.4.8; http://mj12bot.com/)"
192.99.36.61 - - [28/Apr/2025:11:28:13 -0400] "GET /808/%EF%BB%BFhttp://2606arcolaave.805tstnw.com/mem/mason-sand.html HTTP/1.1" 301 0 "-" "Mozilla/5.0 (compatible; MJ12bot/v1.4.8; http://mj12bot.com/)"
147.135.252.179 - - [28/Apr/2025:11:28:14 -0400] "GET /mlp/%EF%BB%BFhttp:/52-sell.com/o4q/drexel-swingmast-forklift.html HTTP/1.1" 404 39257 "-" "Mozilla/5.0 (compatible; MJ12bot/v1.4.8; http://mj12bot.com/)"
192.99.36.61 - - [28/Apr/2025:11:28:17 -0400] "GET /808/%EF%BB%BFhttp:/2606arcolaave.805tstnw.com/mem/mason-sand.html HTTP/1.1" 404 39253 "-" "Mozilla/5.0 (compatible; MJ12bot/v1.4.8; http://mj12bot.com/)"
147.135.252.179 - - [28/Apr/2025:11:28:20 -0400] "GET /mlp/%EF%BB%BFhttp://52-sell.com/o4q/drvene-kuhinje.html HTTP/1.1" 301 0 "-" "Mozilla/5.0 (compatible; MJ12bot/v1.4.8; http://mj12bot.com/)"
192.99.36.61 - - [28/Apr/2025:11:28:23 -0400] "GET /808/%EF%BB%BFhttp://2606arcolaave.805tstnw.com/mem/modern-homes-in-hill-country.html HTTP/1.1" 301 0 "-" "Mozilla/5.0 (compatible; MJ12bot/v1.4.8; http://mj12bot.com/)"
147.135.252.179 - - [28/Apr/2025:11:28:23 -0400] "GET /mlp/%EF%BB%BFhttp:/52-sell.com/o4q/drvene-kuhinje.html HTTP/1.1" 404 39178 "-" "Mozilla/5.0 (compatible; MJ12bot/v1.4.8; http://mj12bot.com/)"
192.99.36.61 - - [28/Apr/2025:11:28:27 -0400] "GET /808/%EF%BB%BFhttp:/2606arcolaave.805tstnw.com/mem/modern-homes-in-hill-country.html HTTP/1.1" 404 39214 "-" "Mozilla/5.0 (compatible; MJ12bot/v1.4.8; http://mj12bot.com/)"
147.135.252.179 - - [28/Apr/2025:11:28:30 -0400] "GET /mlp/%EF%BB%BFhttp://52-sell.com/o4q/dsi-to-lvds-converter.html HTTP/1.1" 301 0 "-" "Mozilla/5.0 (compatible; MJ12bot/v1.4.8; http://mj12bot.com/)"
192.99.36.61 - - [28/Apr/2025:11:28:32 -0400] "GET /808/%EF%BB%BFhttp://2606arcolaave.805tstnw.com/mem/moroso-crank-trigger.html HTTP/1.1" 301 0 "-" "Mozilla/5.0 (compatible; MJ12bot/v1.4.8; http://mj12bot.com/)"
147.135.252.179 - - [28/Apr/2025:11:28:33 -0400] "GET /mlp/%EF%BB%BFhttp:/52-sell.com/o4q/dsi-to-lvds-converter.html HTTP/1.1" 404 39397 "-" "Mozilla/5.0 (compatible; MJ12bot/v1.4.8; http://mj12bot.com/)"
192.99.36.61 - - [28/Apr/2025:11:28:37 -0400] "GET /808/%EF%BB%BFhttp:/2606arcolaave.805tstnw.com/mem/moroso-crank-trigger.html HTTP/1.1" 404 39339 "-" "Mozilla/5.0 (compatible; MJ12bot/v1.4.8; http://mj12bot.com/)"
147.135.252.179 - - [28/Apr/2025:11:28:39 -0400] "GET /mlp/%EF%BB%BFhttp://52-sell.com/o4q/dual-1229-no-power.html HTTP/1.1" 301 0 "-" "Mozilla/5.0 (compatible; MJ12bot/v1.4.8; http://mj12bot.com/)"
192.99.36.61 - - [28/Apr/2025:11:28:43 -0400] "GET /808/%EF%BB%BFhttp://2606arcolaave.805tstnw.com/mem/nighthaunt-2000-point-list-2021.html HTTP/1.1" 301 0 "-" "Mozilla/5.0 (compatible; MJ12bot/v1.4.8; http://mj12bot.com/)"
147.135.252.179 - - [28/Apr/2025:11:28:44 -0400] "GET /mlp/%EF%BB%BFhttp:/52-sell.com/o4q/dual-1229-no-power.html HTTP/1.1" 404 39198 "-" "Mozilla/5.0 (compatible; MJ12bot/v1.4.8; http://mj12bot.com/)"
147.135.252.179 - - [28/Apr/2025:11:28:49 -0400] "GET /mlp/%EF%BB%BFhttp://52-sell.com/o4q/dump-trucks-for-sale-georgia.html HTTP/1.1" 301 0 "-" "Mozilla/5.0 (compatible; MJ12bot/v1.4.8; http://mj12bot.com/)"
192.99.36.61 - - [28/Apr/2025:11:28:48 -0400] "GET /808/%EF%BB%BFhttp:/2606arcolaave.805tstnw.com/mem/nighthaunt-2000-point-list-2021.html HTTP/1.1" 404 39212 "-" "Mozilla/5.0 (compatible; MJ12bot/v1.4.8; http://mj12bot.com/)"
192.99.36.61 - - [28/Apr/2025:11:28:57 -0400] "GET /808/%EF%BB%BFhttp://2606arcolaave.805tstnw.com/mem/openosrs-blackjack.html HTTP/1.1" 301 0 "-" "Mozilla/5.0 (compatible; MJ12bot/v1.4.8; http://mj12bot.com/)"
147.135.252.179 - - [28/Apr/2025:11:28:55 -0400] "GET /mlp/%EF%BB%BFhttp:/52-sell.com/o4q/dump-trucks-for-sale-georgia.html HTTP/1.1" 404 39365 "-" "Mozilla/5.0 (compatible; MJ12bot/v1.4.8; http://mj12bot.com/)"
66.29.132.124 - - [28/Apr/2025:11:28:59 -0400] "POST /wp-cron.php?doing_wp_cron=1745854136.3631370067596435546875 HTTP/1.1" 200 0 "-" "WordPress/6.8; https://arsn.media"
147.135.252.179 - - [28/Apr/2025:11:29:02 -0400] "GET /mlp/%EF%BB%BFhttp://52-sell.com/o4q/dumpers-remorse-timeline.html HTTP/1.1" 301 0 "-" "Mozilla/5.0 (compatible; MJ12bot/v1.4.8; http://mj12bot.com/)"
192.99.36.61 - - [28/Apr/2025:11:29:02 -0400] "GET /808/%EF%BB%BFhttp:/2606arcolaave.805tstnw.com/mem/openosrs-blackjack.html HTTP/1.1" 404 39240 "-" "Mozilla/5.0 (compatible; MJ12bot/v1.4.8; http://mj12bot.com/)"
147.135.252.179 - - [28/Apr/2025:11:29:07 -0400] "GET /mlp/%EF%BB%BFhttp:/52-sell.com/o4q/dumpers-remorse-timeline.html HTTP/1.1" 404 39261 "-" "Mozilla/5.0 (compatible; MJ12bot/v1.4.8; http://mj12bot.com/)"
192.99.36.61 - - [28/Apr/2025:11:29:09 -0400] "GET /808/%EF%BB%BFhttp://2606arcolaave.805tstnw.com/mem/outlook-medstar.html HTTP/1.1" 301 0 "-" "Mozilla/5.0 (compatible; MJ12bot/v1.4.8; http://mj12bot.com/)"
147.135.252.179 - - [28/Apr/2025:11:29:14 -0400] "GET /mlp/%EF%BB%BFhttp://52-sell.com/o4q/duncanville-jail-inmate-lookup.html HTTP/1.1" 301 0 "-" "Mozilla/5.0 (compatible; MJ12bot/v1.4.8; http://mj12bot.com/)"
192.99.36.61 - - [28/Apr/2025:11:29:14 -0400] "GET /808/%EF%BB%BFhttp:/2606arcolaave.805tstnw.com/mem/outlook-medstar.html HTTP/1.1" 404 39276 "-" "Mozilla/5.0 (compatible; MJ12bot/v1.4.8; http://mj12bot.com/)"
192.99.36.61 - - [28/Apr/2025:11:29:19 -0400] "GET /808/%EF%BB%BFhttp://2606arcolaave.805tstnw.com/mem/progressive-house-sample-pack-free-download.html HTTP/1.1" 301 0 "-" "Mozilla/5.0 (compatible; MJ12bot/v1.4.8; http://mj12bot.com/)"
147.135.252.179 - - [28/Apr/2025:11:29:18 -0400] "GET /mlp/%EF%BB%BFhttp:/52-sell.com/o4q/duncanville-jail-inmate-lookup.html HTTP/1.1" 404 39242 "-" "Mozilla/5.0 (compatible; MJ12bot/v1.4.8; http://mj12bot.com/)"
147.135.252.179 - - [28/Apr/2025:11:29:25 -0400] "GET /mlp/%EF%BB%BFhttp://52-sell.com/o4q/duplex-for-sale-clovis.html HTTP/1.1" 301 0 "-" "Mozilla/5.0 (compatible; MJ12bot/v1.4.8; http://mj12bot.com/)"
192.99.36.61 - - [28/Apr/2025:11:29:25 -0400] "GET /808/%EF%BB%BFhttp:/2606arcolaave.805tstnw.com/mem/progressive-house-sample-pack-free-download.html HTTP/1.1" 404 39331 "-" "Mozilla/5.0 (compatible; MJ12bot/v1.4.8; http://mj12bot.com/)"
192.99.36.61 - - [28/Apr/2025:11:29:29 -0400] "GET /808/%EF%BB%BFhttp://2606arcolaave.805tstnw.com/mem/pynacl-aes.html HTTP/1.1" 301 0 "-" "Mozilla/5.0 (compatible; MJ12bot/v1.4.8; http://mj12bot.com/)"
147.135.252.179 - - [28/Apr/2025:11:29:29 -0400] "GET /mlp/%EF%BB%BFhttp:/52-sell.com/o4q/duplex-for-sale-clovis.html HTTP/1.1" 404 39288 "-" "Mozilla/5.0 (compatible; MJ12bot/v1.4.8; http://mj12bot.com/)"
192.99.36.61 - - [28/Apr/2025:11:29:32 -0400] "GET /808/%EF%BB%BFhttp:/2606arcolaave.805tstnw.com/mem/pynacl-aes.html HTTP/1.1" 404 39254 "-" "Mozilla/5.0 (compatible; MJ12bot/v1.4.8; http://mj12bot.com/)"
147.135.252.179 - - [28/Apr/2025:11:29:35 -0400] "GET /mlp/%EF%BB%BFhttp://52-sell.com/o4q/duplicates-6-letters.html HTTP/1.1" 301 0 "-" "Mozilla/5.0 (compatible; MJ12bot/v1.4.8; http://mj12bot.com/)"
192.99.36.61 - - [28/Apr/2025:11:29:37 -0400] "GET /808/%EF%BB%BFhttp://2606arcolaave.805tstnw.com/mem/quarry-park-trout-fishing.html HTTP/1.1" 301 0 "-" "Mozilla/5.0 (compatible; MJ12bot/v1.4.8; http://mj12bot.com/)"
147.135.252.179 - - [28/Apr/2025:11:29:38 -0400] "GET /mlp/%EF%BB%BFhttp:/52-sell.com/o4q/duplicates-6-letters.html HTTP/1.1" 404 39336 "-" "Mozilla/5.0 (compatible; MJ12bot/v1.4.8; http://mj12bot.com/)"
147.135.252.179 - - [28/Apr/2025:11:29:43 -0400] "GET /mlp/%EF%BB%BFhttp://52-sell.com/o4q/durango-citadel-vs-rt-exhaust.html HTTP/1.1" 301 0 "-" "Mozilla/5.0 (compatible; MJ12bot/v1.4.8; http://mj12bot.com/)"
192.99.36.61 - - [28/Apr/2025:11:29:42 -0400] "GET /808/%EF%BB%BFhttp:/2606arcolaave.805tstnw.com/mem/quarry-park-trout-fishing.html HTTP/1.1" 404 39229 "-" "Mozilla/5.0 (compatible; MJ12bot/v1.4.8; http://mj12bot.com/)"
192.99.36.61 - - [28/Apr/2025:11:29:48 -0400] "GET /808/%EF%BB%BFhttp://2606arcolaave.805tstnw.com/mem/rightmove-hawarden-rent.html HTTP/1.1" 301 0 "-" "Mozilla/5.0 (compatible; MJ12bot/v1.4.8; http://mj12bot.com/)"
147.135.252.179 - - [28/Apr/2025:11:29:47 -0400] "GET /mlp/%EF%BB%BFhttp:/52-sell.com/o4q/durango-citadel-vs-rt-exhaust.html HTTP/1.1" 404 39303 "-" "Mozilla/5.0 (compatible; MJ12bot/v1.4.8; http://mj12bot.com/)"
147.135.252.179 - - [28/Apr/2025:11:29:53 -0400] "GET /mlp/%EF%BB%BFhttp://52-sell.com/o4q/duty-free-cigarette-prices-dublin-airport.html HTTP/1.1" 301 0 "-" "Mozilla/5.0 (compatible; MJ12bot/v1.4.8; http://mj12bot.com/)"
192.99.36.61 - - [28/Apr/2025:11:29:52 -0400] "GET /808/%EF%BB%BFhttp:/2606arcolaave.805tstnw.com/mem/rightmove-hawarden-rent.html HTTP/1.1" 404 39178 "-" "Mozilla/5.0 (compatible; MJ12bot/v1.4.8; http://mj12bot.com/)"
66.29.132.124 - - [28/Apr/2025:11:29:58 -0400] "POST /wp-cron.php?doing_wp_cron=1745854197.9308040142059326171875 HTTP/1.1" 200 0 "-" "WordPress/6.8; https://arsn.media"
66.29.132.124 - - [28/Apr/2025:11:29:59 -0400] "POST /wp-cron.php?doing_wp_cron=1745854198.3502030372619628906250 HTTP/1.1" 200 0 "-" "WordPress/6.8; https://arsn.media"
192.99.36.61 - - [28/Apr/2025:11:29:57 -0400] "GET /808/%EF%BB%BFhttp://2606arcolaave.805tstnw.com/mem/samsung-40-inch-4k-tv-7-series.html HTTP/1.1" 301 0 "-" "Mozilla/5.0 (compatible; MJ12bot/v1.4.8; http://mj12bot.com/)"
147.135.252.179 - - [28/Apr/2025:11:29:57 -0400] "GET /mlp/%EF%BB%BFhttp:/52-sell.com/o4q/duty-free-cigarette-prices-dublin-airport.html HTTP/1.1" 404 39318 "-" "Mozilla/5.0 (compatible; MJ12bot/v1.4.8; http://mj12bot.com/)"
66.29.132.124 - - [28/Apr/2025:11:30:02 -0400] "POST /wp-admin/admin-ajax.php?action=async_litespeed&nonce=2NGtTpiENuLOCeSHams2XjWAWAbyjy84&litespeed_type=imgoptm HTTP/1.1" 200 0 "-" "WordPress/6.8; https://arsn.media"
147.135.252.179 - - [28/Apr/2025:11:30:02 -0400] "GET /mlp/%EF%BB%BFhttp://52-sell.com/o4q/eac-college.html HTTP/1.1" 301 0 "-" "Mozilla/5.0 (compatible; MJ12bot/v1.4.8; http://mj12bot.com/)"
192.99.36.61 - - [28/Apr/2025:11:30:01 -0400] "GET /808/%EF%BB%BFhttp:/2606arcolaave.805tstnw.com/mem/samsung-40-inch-4k-tv-7-series.html HTTP/1.1" 404 39394 "-" "Mozilla/5.0 (compatible; MJ12bot/v1.4.8; http://mj12bot.com/)"
192.99.36.61 - - [28/Apr/2025:11:30:10 -0400] "GET /808/%EF%BB%BFhttp://2606arcolaave.805tstnw.com/mem/section-8-income-limits-2021-virginia.html HTTP/1.1" 301 0 "-" "Mozilla/5.0 (compatible; MJ12bot/v1.4.8; http://mj12bot.com/)"
147.135.252.179 - - [28/Apr/2025:11:30:09 -0400] "GET /mlp/%EF%BB%BFhttp:/52-sell.com/o4q/eac-college.html HTTP/1.1" 404 39236 "-" "Mozilla/5.0 (compatible; MJ12bot/v1.4.8; http://mj12bot.com/)"
147.135.252.179 - - [28/Apr/2025:11:30:16 -0400] "GET /mlp/%EF%BB%BFhttp://52-sell.com/o4q/eac3-synology.html HTTP/1.1" 301 0 "-" "Mozilla/5.0 (compatible; MJ12bot/v1.4.8; http://mj12bot.com/)"
192.99.36.61 - - [28/Apr/2025:11:30:15 -0400] "GET /808/%EF%BB%BFhttp:/2606arcolaave.805tstnw.com/mem/section-8-income-limits-2021-virginia.html HTTP/1.1" 404 39299 "-" "Mozilla/5.0 (compatible; MJ12bot/v1.4.8; http://mj12bot.com/)"
192.99.36.61 - - [28/Apr/2025:11:30:22 -0400] "GET /808/%EF%BB%BFhttp://2606arcolaave.805tstnw.com/mem/shell-technology-centre.html HTTP/1.1" 301 0 "-" "Mozilla/5.0 (compatible; MJ12bot/v1.4.8; http://mj12bot.com/)"
147.135.252.179 - - [28/Apr/2025:11:30:21 -0400] "GET /mlp/%EF%BB%BFhttp:/52-sell.com/o4q/eac3-synology.html HTTP/1.1" 404 39423 "-" "Mozilla/5.0 (compatible; MJ12bot/v1.4.8; http://mj12bot.com/)"
147.135.252.179 - - [28/Apr/2025:11:30:28 -0400] "GET /mlp/%EF%BB%BFhttp://52-sell.com/o4q/ear-syringe-bulb-walmart.html HTTP/1.1" 301 0 "-" "Mozilla/5.0 (compatible; MJ12bot/v1.4.8; http://mj12bot.com/)"
192.99.36.61 - - [28/Apr/2025:11:30:27 -0400] "GET /808/%EF%BB%BFhttp:/2606arcolaave.805tstnw.com/mem/shell-technology-centre.html HTTP/1.1" 404 39177 "-" "Mozilla/5.0 (compatible; MJ12bot/v1.4.8; http://mj12bot.com/)"
192.99.36.61 - - [28/Apr/2025:11:30:33 -0400] "GET /808/%EF%BB%BFhttp://2606arcolaave.805tstnw.com/mem/spencer-car-dealerships.html HTTP/1.1" 301 0 "-" "Mozilla/5.0 (compatible; MJ12bot/v1.4.8; http://mj12bot.com/)"
66.29.132.124 - - [28/Apr/2025:11:30:35 -0400] "POST /wp-cron.php?doing_wp_cron=1745854234.2190070152282714843750 HTTP/1.1" 200 0 "-" "WordPress/6.8; https://arsn.media"
147.135.252.179 - - [28/Apr/2025:11:30:32 -0400] "GET /mlp/%EF%BB%BFhttp:/52-sell.com/o4q/ear-syringe-bulb-walmart.html HTTP/1.1" 404 39267 "-" "Mozilla/5.0 (compatible; MJ12bot/v1.4.8; http://mj12bot.com/)"
147.135.252.179 - - [28/Apr/2025:11:30:40 -0400] "GET /mlp/%EF%BB%BFhttp://52-sell.com/o4q/earthbound-battle-sound.html HTTP/1.1" 301 0 "-" "Mozilla/5.0 (compatible; MJ12bot/v1.4.8; http://mj12bot.com/)"
192.99.36.61 - - [28/Apr/2025:11:30:38 -0400] "GET /808/%EF%BB%BFhttp:/2606arcolaave.805tstnw.com/mem/spencer-car-dealerships.html HTTP/1.1" 404 39176 "-" "Mozilla/5.0 (compatible; MJ12bot/v1.4.8; http://mj12bot.com/)"
192.99.36.61 - - [28/Apr/2025:11:30:45 -0400] "GET /808/%EF%BB%BFhttp://2606arcolaave.805tstnw.com/mem/stringutils-convert-string-to-camelcase.html HTTP/1.1" 301 0 "-" "Mozilla/5.0 (compatible; MJ12bot/v1.4.8; http://mj12bot.com/)"
147.135.252.179 - - [28/Apr/2025:11:30:45 -0400] "GET /mlp/%EF%BB%BFhttp:/52-sell.com/o4q/earthbound-battle-sound.html HTTP/1.1" 404 39378 "-" "Mozilla/5.0 (compatible; MJ12bot/v1.4.8; http://mj12bot.com/)"
147.135.252.179 - - [28/Apr/2025:11:30:49 -0400] "GET /mlp/%EF%BB%BFhttp://52-sell.com/o4q/earthquake-versa-tiller-assembly.html HTTP/1.1" 301 0 "-" "Mozilla/5.0 (compatible; MJ12bot/v1.4.8; http://mj12bot.com/)"
192.99.36.61 - - [28/Apr/2025:11:30:49 -0400] "GET /808/%EF%BB%BFhttp:/2606arcolaave.805tstnw.com/mem/stringutils-convert-string-to-camelcase.html HTTP/1.1" 404 39342 "-" "Mozilla/5.0 (compatible; MJ12bot/v1.4.8; http://mj12bot.com/)"
147.135.252.179 - - [28/Apr/2025:11:30:53 -0400] "GET /mlp/%EF%BB%BFhttp:/52-sell.com/o4q/earthquake-versa-tiller-assembly.html HTTP/1.1" 404 39167 "-" "Mozilla/5.0 (compatible; MJ12bot/v1.4.8; http://mj12bot.com/)"
192.99.36.61 - - [28/Apr/2025:11:30:55 -0400] "GET /808/%EF%BB%BFhttp://2606arcolaave.805tstnw.com/mem/strut-bar-rear.html HTTP/1.1" 301 0 "-" "Mozilla/5.0 (compatible; MJ12bot/v1.4.8; http://mj12bot.com/)"
147.135.252.179 - - [28/Apr/2025:11:30:58 -0400] "GET /mlp/%EF%BB%BFhttp://52-sell.com/o4q/east-indian-mango-near-me.html HTTP/1.1" 301 0 "-" "Mozilla/5.0 (compatible; MJ12bot/v1.4.8; http://mj12bot.com/)"
192.99.36.61 - - [28/Apr/2025:11:30:59 -0400] "GET /808/%EF%BB%BFhttp:/2606arcolaave.805tstnw.com/mem/strut-bar-rear.html HTTP/1.1" 404 39239 "-" "Mozilla/5.0 (compatible; MJ12bot/v1.4.8; http://mj12bot.com/)"
192.99.36.61 - - [28/Apr/2025:11:31:04 -0400] "GET /808/%EF%BB%BFhttp://2606arcolaave.805tstnw.com/mem/target-delivery-fee.html HTTP/1.1" 301 0 "-" "Mozilla/5.0 (compatible; MJ12bot/v1.4.8; http://mj12bot.com/)"
147.135.252.179 - - [28/Apr/2025:11:31:02 -0400] "GET /mlp/%EF%BB%BFhttp:/52-sell.com/o4q/east-indian-mango-near-me.html HTTP/1.1" 404 39200 "-" "Mozilla/5.0 (compatible; MJ12bot/v1.4.8; http://mj12bot.com/)"
147.135.252.179 - - [28/Apr/2025:11:31:07 -0400] "GET /mlp/%EF%BB%BFhttp://52-sell.com/o4q/easy-connection-to-screen-samsung-download-windows-7.html HTTP/1.1" 301 0 "-" "Mozilla/5.0 (compatible; MJ12bot/v1.4.8; http://mj12bot.com/)"
192.99.36.61 - - [28/Apr/2025:11:31:07 -0400] "GET /808/%EF%BB%BFhttp:/2606arcolaave.805tstnw.com/mem/target-delivery-fee.html HTTP/1.1" 404 39238 "-" "Mozilla/5.0 (compatible; MJ12bot/v1.4.8; http://mj12bot.com/)"
66.29.132.124 - - [28/Apr/2025:11:31:38 -0400] "POST /wp-cron.php?doing_wp_cron=1745854296.5962820053100585937500 HTTP/1.1" 200 0 "-" "WordPress/6.8; https://arsn.media"
192.99.36.61 - - [28/Apr/2025:11:31:36 -0400] "GET /808/%EF%BB%BFhttp:/2606arcolaave.805tstnw.com/mem/unity-event-system-ui.html HTTP/1.1" 404 39248 "-" "Mozilla/5.0 (compatible; MJ12bot/v1.4.8; http://mj12bot.com/)"
147.135.252.179 - - [28/Apr/2025:11:31:37 -0400] "GET /mlp/%EF%BB%BFhttp:/52-sell.com/o4q/eclipse-gun-co-double-barrel-parts.html HTTP/1.1" 404 39230 "-" "Mozilla/5.0 (compatible; MJ12bot/v1.4.8; http://mj12bot.com/)"
147.135.252.179 - - [28/Apr/2025:11:31:41 -0400] "GET /mlp/%EF%BB%BFhttp://52-sell.com/o4q/ecodiesel-coolant-smell.html HTTP/1.1" 301 0 "-" "Mozilla/5.0 (compatible; MJ12bot/v1.4.8; http://mj12bot.com/)"
192.99.36.61 - - [28/Apr/2025:11:31:41 -0400] "GET /808/%EF%BB%BFhttp://2606arcolaave.805tstnw.com/mem/used-tank-for-sale-near-virginia.html HTTP/1.1" 301 0 "-" "Mozilla/5.0 (compatible; MJ12bot/v1.4.8; http://mj12bot.com/)"
192.99.36.61 - - [28/Apr/2025:11:31:43 -0400] "GET /808/%EF%BB%BFhttp:/2606arcolaave.805tstnw.com/mem/used-tank-for-sale-near-virginia.html HTTP/1.1" 404 39316 "-" "Mozilla/5.0 (compatible; MJ12bot/v1.4.8; http://mj12bot.com/)"
147.135.252.179 - - [28/Apr/2025:11:31:43 -0400] "GET /mlp/%EF%BB%BFhttp:/52-sell.com/o4q/ecodiesel-coolant-smell.html HTTP/1.1" 404 39376 "-" "Mozilla/5.0 (compatible; MJ12bot/v1.4.8; http://mj12bot.com/)"
20.171.207.19 - - [28/Apr/2025:11:31:44 -0400] "GET /wp-content/themes/onum/js/design-test.js HTTP/1.1" 404 18481 "-" "Mozilla/5.0 AppleWebKit/537.36 (KHTML, like Gecko; compatible; GPTBot/1.2; +https://openai.com/gptbot)"
20.171.207.19 - - [28/Apr/2025:11:31:47 -0400] "GET /wp-json/elementskit/v1/ HTTP/1.1" 404 114 "-" "Mozilla/5.0 AppleWebKit/537.36 (KHTML, like Gecko; compatible; GPTBot/1.2; +https://openai.com/gptbot)"
