20.171.207.19 - - [28/Apr/2025:05:04:43 -0400] "GET /zegh/abflug-mr2.html HTTP/1.1" 404 21364 "-" "Mozilla/5.0 AppleWebKit/537.36 (KHTML, like Gecko; compatible; GPTBot/1.2; +https://openai.com/gptbot)"
149.202.86.190 - - [28/Apr/2025:05:04:42 -0400] "GET /mlp/%EF%BB%BFhttp:/52-sell.com/o4q/immanuel-church-of-the-nazarene.html HTTP/1.1" 404 39127 "-" "Mozilla/5.0 (compatible; MJ12bot/v1.4.8; http://mj12bot.com/)"
149.202.86.190 - - [28/Apr/2025:05:04:47 -0400] "GET /mlp/%EF%BB%BFhttp://52-sell.com/o4q/in-a-deck-of-52-cards-what-is-the-probability-of-getting-a-heart-card.html HTTP/1.1" 301 0 "-" "Mozilla/5.0 (compatible; MJ12bot/v1.4.8; http://mj12bot.com/)"
66.29.132.124 - - [28/Apr/2025:05:04:50 -0400] "POST /wp-cron.php?doing_wp_cron=1745831090.3669369220733642578125 HTTP/1.1" 200 0 "-" "WordPress/6.8; https://arsn.media"
149.202.86.190 - - [28/Apr/2025:05:04:49 -0400] "GET /mlp/%EF%BB%BFhttp:/52-sell.com/o4q/in-a-deck-of-52-cards-what-is-the-probability-of-getting-a-heart-card.html HTTP/1.1" 404 39166 "-" "Mozilla/5.0 (compatible; MJ12bot/v1.4.8; http://mj12bot.com/)"
149.202.86.190 - - [28/Apr/2025:05:04:53 -0400] "GET /mlp/%EF%BB%BFhttp://52-sell.com/o4q/in-which-episode-luffy-crew-separate.html HTTP/1.1" 301 0 "-" "Mozilla/5.0 (compatible; MJ12bot/v1.4.8; http://mj12bot.com/)"
149.202.86.190 - - [28/Apr/2025:05:04:57 -0400] "GET /mlp/%EF%BB%BFhttp:/52-sell.com/o4q/in-which-episode-luffy-crew-separate.html HTTP/1.1" 404 39249 "-" "Mozilla/5.0 (compatible; MJ12bot/v1.4.8; http://mj12bot.com/)"
149.202.86.190 - - [28/Apr/2025:05:05:00 -0400] "GET /mlp/%EF%BB%BFhttp://52-sell.com/o4q/incense-holder.html HTTP/1.1" 301 0 "-" "Mozilla/5.0 (compatible; MJ12bot/v1.4.8; http://mj12bot.com/)"
103.244.175.189 - - [28/Apr/2025:05:05:04 -0400] "GET /seo-for-pest-control-companies/ HTTP/1.1" 200 0 "https://www.google.com/" "Mozilla/5.0 (X11; CrOS x86_64 14816.131.0) AppleWebKit/537.36 (KHTML, like Gecko) Chrome/103.0.0.0 Safari/537.36"
149.202.86.190 - - [28/Apr/2025:05:05:04 -0400] "GET /mlp/%EF%BB%BFhttp:/52-sell.com/o4q/incense-holder.html HTTP/1.1" 404 39209 "-" "Mozilla/5.0 (compatible; MJ12bot/v1.4.8; http://mj12bot.com/)"
20.171.207.19 - - [28/Apr/2025:05:05:04 -0400] "GET /mlp/%EF%BB%BFhttp:/52-sell.com/o4q/apartment-buildings-for-sale-in-austin-texas.html HTTP/1.1" 404 18516 "-" "Mozilla/5.0 AppleWebKit/537.36 (KHTML, like Gecko; compatible; GPTBot/1.2; +https://openai.com/gptbot)"
149.202.86.190 - - [28/Apr/2025:05:05:10 -0400] "GET /mlp/%EF%BB%BFhttp://52-sell.com/o4q/index-of-mp3-sounds.html HTTP/1.1" 301 0 "-" "Mozilla/5.0 (compatible; MJ12bot/v1.4.8; http://mj12bot.com/)"
149.202.86.190 - - [28/Apr/2025:05:05:13 -0400] "GET /mlp/%EF%BB%BFhttp:/52-sell.com/o4q/index-of-mp3-sounds.html HTTP/1.1" 404 39226 "-" "Mozilla/5.0 (compatible; MJ12bot/v1.4.8; http://mj12bot.com/)"
149.202.86.190 - - [28/Apr/2025:05:05:19 -0400] "GET /mlp/%EF%BB%BFhttp://52-sell.com/o4q/indian-pass-raw-bar-menu.html HTTP/1.1" 301 0 "-" "Mozilla/5.0 (compatible; MJ12bot/v1.4.8; http://mj12bot.com/)"
20.171.207.19 - - [28/Apr/2025:05:05:23 -0400] "GET /wp-content/uploads/2020/10/404.png%20707w,%20https:/arsn.media/wp-content/uploads/2020/10/404-300x110.png%20300w HTTP/1.1" 404 39275 "-" "Mozilla/5.0 AppleWebKit/537.36 (KHTML, like Gecko; compatible; GPTBot/1.2; +https://openai.com/gptbot)"
149.202.86.190 - - [28/Apr/2025:05:05:22 -0400] "GET /mlp/%EF%BB%BFhttp:/52-sell.com/o4q/indian-pass-raw-bar-menu.html HTTP/1.1" 404 39276 "-" "Mozilla/5.0 (compatible; MJ12bot/v1.4.8; http://mj12bot.com/)"
20.171.207.19 - - [28/Apr/2025:05:05:26 -0400] "GET /wp-content/uploads/2020/09/ARSN-Final-Logos-scaled.jpg%202560w,%20https:/arsn.media/wp-content/uploads/2020/09/ARSN-Final-Logos-300x138.jpg%20300w,%20https:/arsn.media/wp-content/uploads/2020/09/ARSN-Final-Logos-1024x471.jpg%201024w,%20https:/arsn.media/ARSN-Final-Logos-768x353.jpg%20768w,%20https:/ARSN-Final-Logos-1536x706.jpg%201536w,%20https:/ARSN-Final-Logos-2048x942.jpg%202048w HTTP/1.1" 404 39354 "-" "Mozilla/5.0 AppleWebKit/537.36 (KHTML, like Gecko; compatible; GPTBot/1.2; +https://openai.com/gptbot)"
20.171.207.19 - - [28/Apr/2025:05:05:27 -0400] "GET /wp-content/themes/onum/js/design-test.js HTTP/1.1" 404 39146 "-" "Mozilla/5.0 AppleWebKit/537.36 (KHTML, like Gecko; compatible; GPTBot/1.2; +https://openai.com/gptbot)"
149.202.86.190 - - [28/Apr/2025:05:05:28 -0400] "GET /mlp/%EF%BB%BFhttp://52-sell.com/o4q/indian-pass-rentals-by-owner.html HTTP/1.1" 301 0 "-" "Mozilla/5.0 (compatible; MJ12bot/v1.4.8; http://mj12bot.com/)"
20.171.207.19 - - [28/Apr/2025:05:05:30 -0400] "GET /wp-content/themes/onum/css/design-test.css?ver=6.7.2 HTTP/1.1" 404 39413 "-" "Mozilla/5.0 AppleWebKit/537.36 (KHTML, like Gecko; compatible; GPTBot/1.2; +https://openai.com/gptbot)"
20.171.207.19 - - [28/Apr/2025:05:05:32 -0400] "GET /wp-json/elementskit/v1/ HTTP/1.1" 404 114 "-" "Mozilla/5.0 AppleWebKit/537.36 (KHTML, like Gecko; compatible; GPTBot/1.2; +https://openai.com/gptbot)"
149.202.86.190 - - [28/Apr/2025:05:05:32 -0400] "GET /mlp/%EF%BB%BFhttp:/52-sell.com/o4q/indian-pass-rentals-by-owner.html HTTP/1.1" 404 39322 "-" "Mozilla/5.0 (compatible; MJ12bot/v1.4.8; http://mj12bot.com/)"
66.29.132.124 - - [28/Apr/2025:05:05:39 -0400] "POST /wp-cron.php?doing_wp_cron=1745831139.1861760616302490234375 HTTP/1.1" 200 0 "-" "WordPress/6.8; https://arsn.media"
149.202.86.190 - - [28/Apr/2025:05:05:38 -0400] "GET /mlp/%EF%BB%BFhttp://52-sell.com/o4q/indian-scout-dirty-bird-exhaust.html HTTP/1.1" 301 0 "-" "Mozilla/5.0 (compatible; MJ12bot/v1.4.8; http://mj12bot.com/)"
20.171.207.19 - - [28/Apr/2025:05:05:38 -0400] "GET /mlp/newark-square-apartments.html HTTP/1.1" 404 18538 "-" "Mozilla/5.0 AppleWebKit/537.36 (KHTML, like Gecko; compatible; GPTBot/1.2; +https://openai.com/gptbot)"
66.29.132.124 - - [28/Apr/2025:05:05:41 -0400] "POST /wp-admin/admin-ajax.php?action=async_litespeed&nonce=7ccPIlC4vHCLyVh0MWk8669uhE2nWCc1&litespeed_type=imgoptm HTTP/1.1" 200 0 "-" "WordPress/6.8; https://arsn.media"
66.29.132.124 - - [28/Apr/2025:05:05:43 -0400] "POST /wp-admin/admin-ajax.php?action=as_async_request_queue_runner&nonce=b691fb58eb HTTP/1.1" 200 0 "-" "WordPress/6.8; https://arsn.media"
149.202.86.190 - - [28/Apr/2025:05:05:42 -0400] "GET /mlp/%EF%BB%BFhttp:/52-sell.com/o4q/indian-scout-dirty-bird-exhaust.html HTTP/1.1" 404 39186 "-" "Mozilla/5.0 (compatible; MJ12bot/v1.4.8; http://mj12bot.com/)"
149.202.86.190 - - [28/Apr/2025:05:05:48 -0400] "GET /mlp/%EF%BB%BFhttp://52-sell.com/o4q/indoor-decorative-lanterns.html HTTP/1.1" 301 0 "-" "Mozilla/5.0 (compatible; MJ12bot/v1.4.8; http://mj12bot.com/)"
66.29.132.124 - - [28/Apr/2025:05:05:52 -0400] "POST /wp-cron.php?doing_wp_cron=1745831152.4764609336853027343750 HTTP/1.1" 200 0 "-" "WordPress/6.8; https://arsn.media"
149.202.86.190 - - [28/Apr/2025:05:05:51 -0400] "GET /mlp/%EF%BB%BFhttp:/52-sell.com/o4q/indoor-decorative-lanterns.html HTTP/1.1" 404 39391 "-" "Mozilla/5.0 (compatible; MJ12bot/v1.4.8; http://mj12bot.com/)"
149.202.86.190 - - [28/Apr/2025:05:05:57 -0400] "GET /mlp/%EF%BB%BFhttp://52-sell.com/o4q/infiniti-g37-trunk-release.html HTTP/1.1" 301 0 "-" "Mozilla/5.0 (compatible; MJ12bot/v1.4.8; http://mj12bot.com/)"
149.202.86.190 - - [28/Apr/2025:05:06:01 -0400] "GET /mlp/%EF%BB%BFhttp:/52-sell.com/o4q/infiniti-g37-trunk-release.html HTTP/1.1" 404 39336 "-" "Mozilla/5.0 (compatible; MJ12bot/v1.4.8; http://mj12bot.com/)"
149.202.86.190 - - [28/Apr/2025:05:06:07 -0400] "GET /mlp/%EF%BB%BFhttp://52-sell.com/o4q/inground-swimming-pool-pump-and-filter-system.html HTTP/1.1" 301 0 "-" "Mozilla/5.0 (compatible; MJ12bot/v1.4.8; http://mj12bot.com/)"
149.202.86.190 - - [28/Apr/2025:05:06:10 -0400] "GET /mlp/%EF%BB%BFhttp:/52-sell.com/o4q/inground-swimming-pool-pump-and-filter-system.html HTTP/1.1" 404 39416 "-" "Mozilla/5.0 (compatible; MJ12bot/v1.4.8; http://mj12bot.com/)"
20.171.207.19 - - [28/Apr/2025:05:06:16 -0400] "GET /wp-content/uploads/2020/10/404.png%20707w,%20https:/arsn.media/wp-content/uploads/2020/10/404-300x110.png%20300w HTTP/1.1" 404 39275 "-" "Mozilla/5.0 AppleWebKit/537.36 (KHTML, like Gecko; compatible; GPTBot/1.2; +https://openai.com/gptbot)"
149.202.86.190 - - [28/Apr/2025:05:06:15 -0400] "GET /mlp/%EF%BB%BFhttp://52-sell.com/o4q/injector-plug-identification.html HTTP/1.1" 301 0 "-" "Mozilla/5.0 (compatible; MJ12bot/v1.4.8; http://mj12bot.com/)"
20.171.207.19 - - [28/Apr/2025:05:06:18 -0400] "GET /wp-content/uploads/2020/09/ARSN-Final-Logos-scaled.jpg%202560w,%20https:/arsn.media/wp-content/uploads/2020/09/ARSN-Final-Logos-300x138.jpg%20300w,%20https:/arsn.media/wp-content/uploads/2020/09/ARSN-Final-Logos-1024x471.jpg%201024w,%20https:/arsn.media/ARSN-Final-Logos-768x353.jpg%20768w,%20https:/ARSN-Final-Logos-1536x706.jpg%201536w,%20https:/ARSN-Final-Logos-2048x942.jpg%202048w HTTP/1.1" 404 39354 "-" "Mozilla/5.0 AppleWebKit/537.36 (KHTML, like Gecko; compatible; GPTBot/1.2; +https://openai.com/gptbot)"
20.171.207.19 - - [28/Apr/2025:05:06:21 -0400] "GET /wp-content/themes/onum/css/design-test.css?ver=6.7.2 HTTP/1.1" 404 39413 "-" "Mozilla/5.0 AppleWebKit/537.36 (KHTML, like Gecko; compatible; GPTBot/1.2; +https://openai.com/gptbot)"
149.202.86.190 - - [28/Apr/2025:05:06:19 -0400] "GET /mlp/%EF%BB%BFhttp:/52-sell.com/o4q/injector-plug-identification.html HTTP/1.1" 404 39375 "-" "Mozilla/5.0 (compatible; MJ12bot/v1.4.8; http://mj12bot.com/)"
20.171.207.19 - - [28/Apr/2025:05:06:23 -0400] "GET /wp-content/themes/onum/js/design-test.js HTTP/1.1" 404 39146 "-" "Mozilla/5.0 AppleWebKit/537.36 (KHTML, like Gecko; compatible; GPTBot/1.2; +https://openai.com/gptbot)"
149.202.86.190 - - [28/Apr/2025:05:06:24 -0400] "GET /mlp/%EF%BB%BFhttp://52-sell.com/o4q/inside-out-screencaps.html HTTP/1.1" 301 0 "-" "Mozilla/5.0 (compatible; MJ12bot/v1.4.8; http://mj12bot.com/)"
20.171.207.19 - - [28/Apr/2025:05:06:24 -0400] "GET /wp-json/elementskit/v1/ HTTP/1.1" 404 114 "-" "Mozilla/5.0 AppleWebKit/537.36 (KHTML, like Gecko; compatible; GPTBot/1.2; +https://openai.com/gptbot)"
149.202.86.190 - - [28/Apr/2025:05:06:28 -0400] "GET /mlp/%EF%BB%BFhttp:/52-sell.com/o4q/inside-out-screencaps.html HTTP/1.1" 404 39397 "-" "Mozilla/5.0 (compatible; MJ12bot/v1.4.8; http://mj12bot.com/)"
149.202.86.190 - - [28/Apr/2025:05:06:33 -0400] "GET /mlp/%EF%BB%BFhttp://52-sell.com/o4q/inspired-trials-bikes-for-sale.html HTTP/1.1" 301 0 "-" "Mozilla/5.0 (compatible; MJ12bot/v1.4.8; http://mj12bot.com/)"
66.29.132.124 - - [28/Apr/2025:05:06:37 -0400] "POST /wp-cron.php?doing_wp_cron=1745831197.2455430030822753906250 HTTP/1.1" 200 0 "-" "WordPress/6.8; https://arsn.media"
149.202.86.190 - - [28/Apr/2025:05:06:36 -0400] "GET /mlp/%EF%BB%BFhttp:/52-sell.com/o4q/inspired-trials-bikes-for-sale.html HTTP/1.1" 404 39245 "-" "Mozilla/5.0 (compatible; MJ12bot/v1.4.8; http://mj12bot.com/)"
66.29.132.124 - - [28/Apr/2025:05:06:39 -0400] "POST /wp-admin/admin-ajax.php?action=async_litespeed&nonce=9PuNxy4mUh8kpPHm5LJwrtQ10Rh4moXE&litespeed_type=imgoptm HTTP/1.1" 200 0 "-" "WordPress/6.8; https://arsn.media"
149.202.86.190 - - [28/Apr/2025:05:06:41 -0400] "GET /mlp/%EF%BB%BFhttp://52-sell.com/o4q/install-pandas-on-alpine-docker.html HTTP/1.1" 301 0 "-" "Mozilla/5.0 (compatible; MJ12bot/v1.4.8; http://mj12bot.com/)"
149.202.86.190 - - [28/Apr/2025:05:06:45 -0400] "GET /mlp/%EF%BB%BFhttp:/52-sell.com/o4q/install-pandas-on-alpine-docker.html HTTP/1.1" 404 39126 "-" "Mozilla/5.0 (compatible; MJ12bot/v1.4.8; http://mj12bot.com/)"
20.171.207.19 - - [28/Apr/2025:05:06:52 -0400] "GET /wp-content/uploads/2020/09/ARSN-Final-Logos-scaled.jpg%202560w,%20https:/arsn.media/wp-content/uploads/2020/09/ARSN-Final-Logos-300x138.jpg%20300w,%20https:/arsn.media/wp-content/uploads/2020/09/ARSN-Final-Logos-1024x471.jpg%201024w,%20https:/arsn.media/ARSN-Final-Logos-768x353.jpg%20768w,%20https:/ARSN-Final-Logos-1536x706.jpg%201536w,%20https:/ARSN-Final-Logos-2048x942.jpg%202048w HTTP/1.1" 404 39354 "-" "Mozilla/5.0 AppleWebKit/537.36 (KHTML, like Gecko; compatible; GPTBot/1.2; +https://openai.com/gptbot)"
20.171.207.19 - - [28/Apr/2025:05:06:53 -0400] "GET /wp-content/uploads/2020/10/404.png%20707w,%20https:/arsn.media/wp-content/uploads/2020/10/404-300x110.png%20300w HTTP/1.1" 404 39275 "-" "Mozilla/5.0 AppleWebKit/537.36 (KHTML, like Gecko; compatible; GPTBot/1.2; +https://openai.com/gptbot)"
66.29.132.124 - - [28/Apr/2025:05:06:53 -0400] "POST /wp-cron.php?doing_wp_cron=1745831212.8951508998870849609375 HTTP/1.1" 200 0 "-" "WordPress/6.8; https://arsn.media"
149.202.86.190 - - [28/Apr/2025:05:06:52 -0400] "GET /mlp/%EF%BB%BFhttp://52-sell.com/o4q/install-perforce-linux.html HTTP/1.1" 301 0 "-" "Mozilla/5.0 (compatible; MJ12bot/v1.4.8; http://mj12bot.com/)"
20.171.207.19 - - [28/Apr/2025:05:06:57 -0400] "GET /wp-content/themes/onum/js/design-test.js HTTP/1.1" 404 39146 "-" "Mozilla/5.0 AppleWebKit/537.36 (KHTML, like Gecko; compatible; GPTBot/1.2; +https://openai.com/gptbot)"
20.171.207.19 - - [28/Apr/2025:05:06:58 -0400] "GET /wp-json/elementskit/v1/ HTTP/1.1" 404 114 "-" "Mozilla/5.0 AppleWebKit/537.36 (KHTML, like Gecko; compatible; GPTBot/1.2; +https://openai.com/gptbot)"
149.202.86.190 - - [28/Apr/2025:05:06:57 -0400] "GET /mlp/%EF%BB%BFhttp:/52-sell.com/o4q/install-perforce-linux.html HTTP/1.1" 404 39343 "-" "Mozilla/5.0 (compatible; MJ12bot/v1.4.8; http://mj12bot.com/)"
20.171.207.19 - - [28/Apr/2025:05:07:01 -0400] "GET /wp-content/themes/onum/css/design-test.css?ver=6.7.2 HTTP/1.1" 404 39413 "-" "Mozilla/5.0 AppleWebKit/537.36 (KHTML, like Gecko; compatible; GPTBot/1.2; +https://openai.com/gptbot)"
149.202.86.190 - - [28/Apr/2025:05:07:01 -0400] "GET /mlp/%EF%BB%BFhttp://52-sell.com/o4q/interactive-3d-visualization-python.html HTTP/1.1" 301 0 "-" "Mozilla/5.0 (compatible; MJ12bot/v1.4.8; http://mj12bot.com/)"
149.202.86.190 - - [28/Apr/2025:05:07:05 -0400] "GET /mlp/%EF%BB%BFhttp:/52-sell.com/o4q/interactive-3d-visualization-python.html HTTP/1.1" 404 39286 "-" "Mozilla/5.0 (compatible; MJ12bot/v1.4.8; http://mj12bot.com/)"
149.202.86.190 - - [28/Apr/2025:05:07:10 -0400] "GET /mlp/%EF%BB%BFhttp://52-sell.com/o4q/international-gem-and-jewelry-show-2021-schedule.html HTTP/1.1" 301 0 "-" "Mozilla/5.0 (compatible; MJ12bot/v1.4.8; http://mj12bot.com/)"
149.202.86.190 - - [28/Apr/2025:05:07:14 -0400] "GET /mlp/%EF%BB%BFhttp:/52-sell.com/o4q/international-gem-and-jewelry-show-2021-schedule.html HTTP/1.1" 404 39296 "-" "Mozilla/5.0 (compatible; MJ12bot/v1.4.8; http://mj12bot.com/)"
149.202.86.190 - - [28/Apr/2025:05:07:18 -0400] "GET /mlp/%EF%BB%BFhttp://52-sell.com/o4q/internet-safety-evaluator-telus.html HTTP/1.1" 301 0 "-" "Mozilla/5.0 (compatible; MJ12bot/v1.4.8; http://mj12bot.com/)"
149.202.86.190 - - [28/Apr/2025:05:07:21 -0400] "GET /mlp/%EF%BB%BFhttp:/52-sell.com/o4q/internet-safety-evaluator-telus.html HTTP/1.1" 404 39193 "-" "Mozilla/5.0 (compatible; MJ12bot/v1.4.8; http://mj12bot.com/)"
149.202.86.190 - - [28/Apr/2025:05:07:25 -0400] "GET /mlp/%EF%BB%BFhttp://52-sell.com/o4q/internship-project-report-pdf.html HTTP/1.1" 301 0 "-" "Mozilla/5.0 (compatible; MJ12bot/v1.4.8; http://mj12bot.com/)"
149.202.86.190 - - [28/Apr/2025:05:07:28 -0400] "GET /mlp/%EF%BB%BFhttp:/52-sell.com/o4q/internship-project-report-pdf.html HTTP/1.1" 404 39313 "-" "Mozilla/5.0 (compatible; MJ12bot/v1.4.8; http://mj12bot.com/)"
149.202.86.190 - - [28/Apr/2025:05:07:32 -0400] "GET /mlp/%EF%BB%BFhttp://52-sell.com/o4q/intex-pool-pump-inlet-and-outlet.html HTTP/1.1" 301 0 "-" "Mozilla/5.0 (compatible; MJ12bot/v1.4.8; http://mj12bot.com/)"
66.29.132.124 - - [28/Apr/2025:05:07:36 -0400] "POST /wp-cron.php?doing_wp_cron=1745831256.4715459346771240234375 HTTP/1.1" 200 0 "-" "WordPress/6.8; https://arsn.media"
149.202.86.190 - - [28/Apr/2025:05:07:35 -0400] "GET /mlp/%EF%BB%BFhttp:/52-sell.com/o4q/intex-pool-pump-inlet-and-outlet.html HTTP/1.1" 404 39174 "-" "Mozilla/5.0 (compatible; MJ12bot/v1.4.8; http://mj12bot.com/)"
66.29.132.124 - - [28/Apr/2025:05:07:38 -0400] "POST /wp-admin/admin-ajax.php?action=async_litespeed&nonce=n0DT4IRXTapON9qFWrjs4vPDDEgIEdq2&litespeed_type=imgoptm HTTP/1.1" 200 0 "-" "WordPress/6.8; https://arsn.media"
149.202.86.190 - - [28/Apr/2025:05:07:40 -0400] "GET /mlp/%EF%BB%BFhttp://52-sell.com/o4q/intj-3w4.html HTTP/1.1" 301 0 "-" "Mozilla/5.0 (compatible; MJ12bot/v1.4.8; http://mj12bot.com/)"
149.202.86.190 - - [28/Apr/2025:05:07:42 -0400] "GET /mlp/%EF%BB%BFhttp:/52-sell.com/o4q/intj-3w4.html HTTP/1.1" 404 39269 "-" "Mozilla/5.0 (compatible; MJ12bot/v1.4.8; http://mj12bot.com/)"
149.202.86.190 - - [28/Apr/2025:05:07:47 -0400] "GET /mlp/%EF%BB%BFhttp://52-sell.com/o4q/inventor-iproperties.html HTTP/1.1" 301 0 "-" "Mozilla/5.0 (compatible; MJ12bot/v1.4.8; http://mj12bot.com/)"
66.29.132.124 - - [28/Apr/2025:05:07:50 -0400] "POST /wp-cron.php?doing_wp_cron=1745831270.5485329627990722656250 HTTP/1.1" 200 0 "-" "WordPress/6.8; https://arsn.media"
149.202.86.190 - - [28/Apr/2025:05:07:49 -0400] "GET /mlp/%EF%BB%BFhttp:/52-sell.com/o4q/inventor-iproperties.html HTTP/1.1" 404 39339 "-" "Mozilla/5.0 (compatible; MJ12bot/v1.4.8; http://mj12bot.com/)"
149.202.86.190 - - [28/Apr/2025:05:07:54 -0400] "GET /mlp/%EF%BB%BFhttp://52-sell.com/o4q/investing-on-cash-app-reviews.html HTTP/1.1" 301 0 "-" "Mozilla/5.0 (compatible; MJ12bot/v1.4.8; http://mj12bot.com/)"
20.171.207.19 - - [28/Apr/2025:05:07:54 -0400] "GET /2025/02/22/seo-agency-how-to-choose-the-right-one-for-your-business/ HTTP/1.1" 404 24696 "-" "Mozilla/5.0 AppleWebKit/537.36 (KHTML, like Gecko; compatible; GPTBot/1.2; +https://openai.com/gptbot)"
149.202.86.190 - - [28/Apr/2025:05:07:57 -0400] "GET /mlp/%EF%BB%BFhttp:/52-sell.com/o4q/investing-on-cash-app-reviews.html HTTP/1.1" 404 39309 "-" "Mozilla/5.0 (compatible; MJ12bot/v1.4.8; http://mj12bot.com/)"
149.202.86.190 - - [28/Apr/2025:05:08:02 -0400] "GET /mlp/%EF%BB%BFhttp://52-sell.com/o4q/investment-banker-salary-nyc.html HTTP/1.1" 301 0 "-" "Mozilla/5.0 (compatible; MJ12bot/v1.4.8; http://mj12bot.com/)"
149.202.86.190 - - [28/Apr/2025:05:08:06 -0400] "GET /mlp/%EF%BB%BFhttp:/52-sell.com/o4q/investment-banker-salary-nyc.html HTTP/1.1" 404 39372 "-" "Mozilla/5.0 (compatible; MJ12bot/v1.4.8; http://mj12bot.com/)"
149.202.86.190 - - [28/Apr/2025:05:08:10 -0400] "GET /mlp/%EF%BB%BFhttp://52-sell.com/o4q/investment-fundamentals-course.html HTTP/1.1" 301 0 "-" "Mozilla/5.0 (compatible; MJ12bot/v1.4.8; http://mj12bot.com/)"
149.202.86.190 - - [28/Apr/2025:05:08:14 -0400] "GET /mlp/%EF%BB%BFhttp:/52-sell.com/o4q/investment-fundamentals-course.html HTTP/1.1" 404 39265 "-" "Mozilla/5.0 (compatible; MJ12bot/v1.4.8; http://mj12bot.com/)"
149.202.86.190 - - [28/Apr/2025:05:08:20 -0400] "GET /mlp/%EF%BB%BFhttp://52-sell.com/o4q/irs-customer-service-phone-number.html HTTP/1.1" 301 0 "-" "Mozilla/5.0 (compatible; MJ12bot/v1.4.8; http://mj12bot.com/)"
149.202.86.190 - - [28/Apr/2025:05:08:24 -0400] "GET /mlp/%EF%BB%BFhttp:/52-sell.com/o4q/irs-customer-service-phone-number.html HTTP/1.1" 404 39590 "-" "Mozilla/5.0 (compatible; MJ12bot/v1.4.8; http://mj12bot.com/)"
54.37.252.137 - - [28/Apr/2025:05:08:28 -0400] "GET /mlp/%EF%BB%BFhttp://52-sell.com/o4q/how-to-assign-ip-address-in-huawei-switch.html HTTP/1.1" 301 0 "-" "Mozilla/5.0 (compatible; MJ12bot/v1.4.8; http://mj12bot.com/)"
149.202.86.190 - - [28/Apr/2025:05:08:31 -0400] "GET /mlp/%EF%BB%BFhttp://52-sell.com/o4q/is-boss-services-legit-reddit.html HTTP/1.1" 301 0 "-" "Mozilla/5.0 (compatible; MJ12bot/v1.4.8; http://mj12bot.com/)"
66.29.132.124 - - [28/Apr/2025:05:08:36 -0400] "POST /wp-cron.php?doing_wp_cron=1745831315.4237051010131835937500 HTTP/1.1" 200 0 "-" "WordPress/6.8; https://arsn.media"
54.37.252.137 - - [28/Apr/2025:05:08:34 -0400] "GET /mlp/%EF%BB%BFhttp:/52-sell.com/o4q/how-to-assign-ip-address-in-huawei-switch.html HTTP/1.1" 404 39326 "-" "Mozilla/5.0 (compatible; MJ12bot/v1.4.8; http://mj12bot.com/)"
149.202.86.190 - - [28/Apr/2025:05:08:35 -0400] "GET /mlp/%EF%BB%BFhttp:/52-sell.com/o4q/is-boss-services-legit-reddit.html HTTP/1.1" 404 39245 "-" "Mozilla/5.0 (compatible; MJ12bot/v1.4.8; http://mj12bot.com/)"
54.37.252.137 - - [28/Apr/2025:05:08:41 -0400] "GET /mlp/%EF%BB%BFhttp://52-sell.com/o4q/how-to-balance-a-maytag-bravos-washer.html HTTP/1.1" 301 0 "-" "Mozilla/5.0 (compatible; MJ12bot/v1.4.8; http://mj12bot.com/)"
149.202.86.190 - - [28/Apr/2025:05:08:42 -0400] "GET /mlp/%EF%BB%BFhttp://52-sell.com/o4q/is-codeforces-worth-it.html HTTP/1.1" 301 0 "-" "Mozilla/5.0 (compatible; MJ12bot/v1.4.8; http://mj12bot.com/)"
54.37.252.137 - - [28/Apr/2025:05:08:46 -0400] "GET /mlp/%EF%BB%BFhttp:/52-sell.com/o4q/how-to-balance-a-maytag-bravos-washer.html HTTP/1.1" 404 39137 "-" "Mozilla/5.0 (compatible; MJ12bot/v1.4.8; http://mj12bot.com/)"
149.202.86.190 - - [28/Apr/2025:05:08:46 -0400] "GET /mlp/%EF%BB%BFhttp:/52-sell.com/o4q/is-codeforces-worth-it.html HTTP/1.1" 404 39340 "-" "Mozilla/5.0 (compatible; MJ12bot/v1.4.8; http://mj12bot.com/)"
54.37.252.137 - - [28/Apr/2025:05:08:51 -0400] "GET /mlp/%EF%BB%BFhttp://52-sell.com/o4q/how-to-break-up-without-regrets.html HTTP/1.1" 301 0 "-" "Mozilla/5.0 (compatible; MJ12bot/v1.4.8; http://mj12bot.com/)"
149.202.86.190 - - [28/Apr/2025:05:08:52 -0400] "GET /mlp/%EF%BB%BFhttp://52-sell.com/o4q/is-kewpie-mayonnaise-keto-friendly.html HTTP/1.1" 301 0 "-" "Mozilla/5.0 (compatible; MJ12bot/v1.4.8; http://mj12bot.com/)"
20.171.207.19 - - [28/Apr/2025:05:08:55 -0400] "GET /wp-content/uploads/2020/10/404.png%20707w,%20https:/arsn.media/wp-content/uploads/2020/10/404-300x110.png%20300w HTTP/1.1" 404 39275 "-" "Mozilla/5.0 AppleWebKit/537.36 (KHTML, like Gecko; compatible; GPTBot/1.2; +https://openai.com/gptbot)"
54.37.252.137 - - [28/Apr/2025:05:08:55 -0400] "GET /mlp/%EF%BB%BFhttp:/52-sell.com/o4q/how-to-break-up-without-regrets.html HTTP/1.1" 404 39129 "-" "Mozilla/5.0 (compatible; MJ12bot/v1.4.8; http://mj12bot.com/)"
20.171.207.19 - - [28/Apr/2025:05:08:57 -0400] "GET /wp-content/uploads/2020/09/ARSN-Final-Logos-scaled.jpg%202560w,%20https:/arsn.media/wp-content/uploads/2020/09/ARSN-Final-Logos-300x138.jpg%20300w,%20https:/arsn.media/wp-content/uploads/2020/09/ARSN-Final-Logos-1024x471.jpg%201024w,%20https:/arsn.media/ARSN-Final-Logos-768x353.jpg%20768w,%20https:/ARSN-Final-Logos-1536x706.jpg%201536w,%20https:/ARSN-Final-Logos-2048x942.jpg%202048w HTTP/1.1" 404 39354 "-" "Mozilla/5.0 AppleWebKit/537.36 (KHTML, like Gecko; compatible; GPTBot/1.2; +https://openai.com/gptbot)"
149.202.86.190 - - [28/Apr/2025:05:08:55 -0400] "GET /mlp/%EF%BB%BFhttp:/52-sell.com/o4q/is-kewpie-mayonnaise-keto-friendly.html HTTP/1.1" 404 39236 "-" "Mozilla/5.0 (compatible; MJ12bot/v1.4.8; http://mj12bot.com/)"
20.171.207.19 - - [28/Apr/2025:05:09:00 -0400] "GET /wp-content/themes/onum/css/design-test.css?ver=6.7.2 HTTP/1.1" 404 39413 "-" "Mozilla/5.0 AppleWebKit/537.36 (KHTML, like Gecko; compatible; GPTBot/1.2; +https://openai.com/gptbot)"
54.37.252.137 - - [28/Apr/2025:05:09:00 -0400] "GET /mlp/%EF%BB%BFhttp://52-sell.com/o4q/how-to-build-a-car-from-scratch-book.html HTTP/1.1" 301 0 "-" "Mozilla/5.0 (compatible; MJ12bot/v1.4.8; http://mj12bot.com/)"
20.171.207.19 - - [28/Apr/2025:05:09:02 -0400] "GET /wp-content/themes/onum/js/design-test.js HTTP/1.1" 404 39146 "-" "Mozilla/5.0 AppleWebKit/537.36 (KHTML, like Gecko; compatible; GPTBot/1.2; +https://openai.com/gptbot)"
149.202.86.190 - - [28/Apr/2025:05:09:02 -0400] "GET /mlp/%EF%BB%BFhttp://52-sell.com/o4q/is-loren-schauers-still-alive.html HTTP/1.1" 301 0 "-" "Mozilla/5.0 (compatible; MJ12bot/v1.4.8; http://mj12bot.com/)"
20.171.207.19 - - [28/Apr/2025:05:09:04 -0400] "GET /wp-json/elementskit/v1/ HTTP/1.1" 404 114 "-" "Mozilla/5.0 AppleWebKit/537.36 (KHTML, like Gecko; compatible; GPTBot/1.2; +https://openai.com/gptbot)"
54.37.252.137 - - [28/Apr/2025:05:09:04 -0400] "GET /mlp/%EF%BB%BFhttp:/52-sell.com/o4q/how-to-build-a-car-from-scratch-book.html HTTP/1.1" 404 39249 "-" "Mozilla/5.0 (compatible; MJ12bot/v1.4.8; http://mj12bot.com/)"
149.202.86.190 - - [28/Apr/2025:05:09:05 -0400] "GET /mlp/%EF%BB%BFhttp:/52-sell.com/o4q/is-loren-schauers-still-alive.html HTTP/1.1" 404 39306 "-" "Mozilla/5.0 (compatible; MJ12bot/v1.4.8; http://mj12bot.com/)"
54.37.252.137 - - [28/Apr/2025:05:09:10 -0400] "GET /mlp/%EF%BB%BFhttp://52-sell.com/o4q/how-to-build-an-engine-cradle-for-demo-derby.html HTTP/1.1" 301 0 "-" "Mozilla/5.0 (compatible; MJ12bot/v1.4.8; http://mj12bot.com/)"
149.202.86.190 - - [28/Apr/2025:05:09:12 -0400] "GET /mlp/%EF%BB%BFhttp://52-sell.com/o4q/is-she-mad-or-done.html HTTP/1.1" 301 0 "-" "Mozilla/5.0 (compatible; MJ12bot/v1.4.8; http://mj12bot.com/)"
54.37.252.137 - - [28/Apr/2025:05:09:14 -0400] "GET /mlp/%EF%BB%BFhttp:/52-sell.com/o4q/how-to-build-an-engine-cradle-for-demo-derby.html HTTP/1.1" 404 39397 "-" "Mozilla/5.0 (compatible; MJ12bot/v1.4.8; http://mj12bot.com/)"
149.202.86.190 - - [28/Apr/2025:05:09:15 -0400] "GET /mlp/%EF%BB%BFhttp:/52-sell.com/o4q/is-she-mad-or-done.html HTTP/1.1" 404 39248 "-" "Mozilla/5.0 (compatible; MJ12bot/v1.4.8; http://mj12bot.com/)"
54.37.252.137 - - [28/Apr/2025:05:09:18 -0400] "GET /mlp/%EF%BB%BFhttp://52-sell.com/o4q/how-to-build-device-tree-from-scratch.html HTTP/1.1" 301 0 "-" "Mozilla/5.0 (compatible; MJ12bot/v1.4.8; http://mj12bot.com/)"
149.202.86.190 - - [28/Apr/2025:05:09:19 -0400] "GET /mlp/%EF%BB%BFhttp://52-sell.com/o4q/is-snorkeling-in-belize-safe.html HTTP/1.1" 301 0 "-" "Mozilla/5.0 (compatible; MJ12bot/v1.4.8; http://mj12bot.com/)"
54.37.252.137 - - [28/Apr/2025:05:09:22 -0400] "GET /mlp/%EF%BB%BFhttp:/52-sell.com/o4q/how-to-build-device-tree-from-scratch.html HTTP/1.1" 404 39096 "-" "Mozilla/5.0 (compatible; MJ12bot/v1.4.8; http://mj12bot.com/)"
149.202.86.190 - - [28/Apr/2025:05:09:22 -0400] "GET /mlp/%EF%BB%BFhttp:/52-sell.com/o4q/is-snorkeling-in-belize-safe.html HTTP/1.1" 404 39370 "-" "Mozilla/5.0 (compatible; MJ12bot/v1.4.8; http://mj12bot.com/)"
149.202.86.190 - - [28/Apr/2025:05:09:26 -0400] "GET /mlp/%EF%BB%BFhttp://52-sell.com/o4q/islamic-classes-for-sisters-near-florida.html HTTP/1.1" 301 0 "-" "Mozilla/5.0 (compatible; MJ12bot/v1.4.8; http://mj12bot.com/)"
54.37.252.137 - - [28/Apr/2025:05:09:26 -0400] "GET /mlp/%EF%BB%BFhttp://52-sell.com/o4q/how-to-change-mcc-mnc-in-android.html HTTP/1.1" 301 0 "-" "Mozilla/5.0 (compatible; MJ12bot/v1.4.8; http://mj12bot.com/)"
54.37.252.137 - - [28/Apr/2025:05:09:31 -0400] "GET /mlp/%EF%BB%BFhttp:/52-sell.com/o4q/how-to-change-mcc-mnc-in-android.html HTTP/1.1" 404 39179 "-" "Mozilla/5.0 (compatible; MJ12bot/v1.4.8; http://mj12bot.com/)"
149.202.86.190 - - [28/Apr/2025:05:09:30 -0400] "GET /mlp/%EF%BB%BFhttp:/52-sell.com/o4q/islamic-classes-for-sisters-near-florida.html HTTP/1.1" 404 39297 "-" "Mozilla/5.0 (compatible; MJ12bot/v1.4.8; http://mj12bot.com/)"
66.29.132.124 - - [28/Apr/2025:05:09:37 -0400] "POST /wp-cron.php?doing_wp_cron=1745831376.5262129306793212890625 HTTP/1.1" 200 0 "-" "WordPress/6.8; https://arsn.media"
66.29.132.124 - - [28/Apr/2025:05:09:37 -0400] "POST /wp-cron.php?doing_wp_cron=1745831376.7645380496978759765625 HTTP/1.1" 200 0 "-" "WordPress/6.8; https://arsn.media"
149.202.86.190 - - [28/Apr/2025:05:09:35 -0400] "GET /mlp/%EF%BB%BFhttp://52-sell.com/o4q/islamic-institute-london.html HTTP/1.1" 301 0 "-" "Mozilla/5.0 (compatible; MJ12bot/v1.4.8; http://mj12bot.com/)"
54.37.252.137 - - [28/Apr/2025:05:09:35 -0400] "GET /mlp/%EF%BB%BFhttp://52-sell.com/o4q/how-to-create-an-application-form.html HTTP/1.1" 301 0 "-" "Mozilla/5.0 (compatible; MJ12bot/v1.4.8; http://mj12bot.com/)"
149.202.86.190 - - [28/Apr/2025:05:09:40 -0400] "GET /mlp/%EF%BB%BFhttp:/52-sell.com/o4q/islamic-institute-london.html HTTP/1.1" 404 39273 "-" "Mozilla/5.0 (compatible; MJ12bot/v1.4.8; http://mj12bot.com/)"
54.37.252.137 - - [28/Apr/2025:05:09:40 -0400] "GET /mlp/%EF%BB%BFhttp:/52-sell.com/o4q/how-to-create-an-application-form.html HTTP/1.1" 404 39188 "-" "Mozilla/5.0 (compatible; MJ12bot/v1.4.8; http://mj12bot.com/)"
149.202.86.190 - - [28/Apr/2025:05:09:44 -0400] "GET /mlp/%EF%BB%BFhttp://52-sell.com/o4q/issei-betrayed-by-rias-fanfiction.html HTTP/1.1" 301 0 "-" "Mozilla/5.0 (compatible; MJ12bot/v1.4.8; http://mj12bot.com/)"
54.37.252.137 - - [28/Apr/2025:05:09:45 -0400] "GET /mlp/%EF%BB%BFhttp://52-sell.com/o4q/how-to-deal-with-stepchildren-and-their-mother.html HTTP/1.1" 301 0 "-" "Mozilla/5.0 (compatible; MJ12bot/v1.4.8; http://mj12bot.com/)"
149.202.86.190 - - [28/Apr/2025:05:09:49 -0400] "GET /mlp/%EF%BB%BFhttp:/52-sell.com/o4q/issei-betrayed-by-rias-fanfiction.html HTTP/1.1" 404 39248 "-" "Mozilla/5.0 (compatible; MJ12bot/v1.4.8; http://mj12bot.com/)"
54.37.252.137 - - [28/Apr/2025:05:09:50 -0400] "GET /mlp/%EF%BB%BFhttp:/52-sell.com/o4q/how-to-deal-with-stepchildren-and-their-mother.html HTTP/1.1" 404 39185 "-" "Mozilla/5.0 (compatible; MJ12bot/v1.4.8; http://mj12bot.com/)"
149.202.86.190 - - [28/Apr/2025:05:09:53 -0400] "GET /mlp/%EF%BB%BFhttp://52-sell.com/o4q/it-manager-salary.html HTTP/1.1" 301 0 "-" "Mozilla/5.0 (compatible; MJ12bot/v1.4.8; http://mj12bot.com/)"
54.37.252.137 - - [28/Apr/2025:05:09:54 -0400] "GET /mlp/%EF%BB%BFhttp://52-sell.com/o4q/how-to-delete-whatsapp-group-without-admin.html HTTP/1.1" 301 0 "-" "Mozilla/5.0 (compatible; MJ12bot/v1.4.8; http://mj12bot.com/)"
149.202.86.190 - - [28/Apr/2025:05:09:56 -0400] "GET /mlp/%EF%BB%BFhttp:/52-sell.com/o4q/it-manager-salary.html HTTP/1.1" 404 39295 "-" "Mozilla/5.0 (compatible; MJ12bot/v1.4.8; http://mj12bot.com/)"
54.37.252.137 - - [28/Apr/2025:05:09:58 -0400] "GET /mlp/%EF%BB%BFhttp:/52-sell.com/o4q/how-to-delete-whatsapp-group-without-admin.html HTTP/1.1" 404 39308 "-" "Mozilla/5.0 (compatible; MJ12bot/v1.4.8; http://mj12bot.com/)"
149.202.86.190 - - [28/Apr/2025:05:10:00 -0400] "GET /mlp/%EF%BB%BFhttp://52-sell.com/o4q/iv-vitamin-therapy-suppliers.html HTTP/1.1" 301 0 "-" "Mozilla/5.0 (compatible; MJ12bot/v1.4.8; http://mj12bot.com/)"
54.37.252.137 - - [28/Apr/2025:05:10:04 -0400] "GET /mlp/%EF%BB%BFhttp://52-sell.com/o4q/how-to-dim-aftermarket-stereo.html HTTP/1.1" 301 0 "-" "Mozilla/5.0 (compatible; MJ12bot/v1.4.8; http://mj12bot.com/)"
149.202.86.190 - - [28/Apr/2025:05:10:04 -0400] "GET /mlp/%EF%BB%BFhttp:/52-sell.com/o4q/iv-vitamin-therapy-suppliers.html HTTP/1.1" 404 39374 "-" "Mozilla/5.0 (compatible; MJ12bot/v1.4.8; http://mj12bot.com/)"
20.171.207.19 - - [28/Apr/2025:05:10:05 -0400] "GET /wp-admin/comment.php?action=approve&c=574 HTTP/1.1" 302 0 "-" "Mozilla/5.0 AppleWebKit/537.36 (KHTML, like Gecko; compatible; GPTBot/1.2; +https://openai.com/gptbot)"
66.29.132.124 - - [28/Apr/2025:05:10:11 -0400] "POST /wp-admin/admin-ajax.php?action=as_async_request_queue_runner&nonce=b691fb58eb HTTP/1.1" 200 0 "-" "WordPress/6.8; https://arsn.media"
54.37.252.137 - - [28/Apr/2025:05:10:09 -0400] "GET /mlp/%EF%BB%BFhttp:/52-sell.com/o4q/how-to-dim-aftermarket-stereo.html HTTP/1.1" 404 39309 "-" "Mozilla/5.0 (compatible; MJ12bot/v1.4.8; http://mj12bot.com/)"
20.171.207.19 - - [28/Apr/2025:05:10:11 -0400] "GET /wp-admin/comment.php?action=trash&c=574 HTTP/1.1" 302 0 "-" "Mozilla/5.0 AppleWebKit/537.36 (KHTML, like Gecko; compatible; GPTBot/1.2; +https://openai.com/gptbot)"
149.202.86.190 - - [28/Apr/2025:05:10:11 -0400] "GET /mlp/%EF%BB%BFhttp://52-sell.com/o4q/ivey-cases-login.html HTTP/1.1" 301 0 "-" "Mozilla/5.0 (compatible; MJ12bot/v1.4.8; http://mj12bot.com/)"
54.37.252.137 - - [28/Apr/2025:05:10:13 -0400] "GET /mlp/%EF%BB%BFhttp://52-sell.com/o4q/how-to-enable-5ghz-wifi-on-android-9.html HTTP/1.1" 301 0 "-" "Mozilla/5.0 (compatible; MJ12bot/v1.4.8; http://mj12bot.com/)"
20.171.207.19 - - [28/Apr/2025:05:10:17 -0400] "GET /wp-admin/comment.php?action=spam&c=574 HTTP/1.1" 302 0 "-" "Mozilla/5.0 AppleWebKit/537.36 (KHTML, like Gecko; compatible; GPTBot/1.2; +https://openai.com/gptbot)"
149.202.86.190 - - [28/Apr/2025:05:10:15 -0400] "GET /mlp/%EF%BB%BFhttp:/52-sell.com/o4q/ivey-cases-login.html HTTP/1.1" 404 39294 "-" "Mozilla/5.0 (compatible; MJ12bot/v1.4.8; http://mj12bot.com/)"
54.37.252.137 - - [28/Apr/2025:05:10:18 -0400] "GET /mlp/%EF%BB%BFhttp:/52-sell.com/o4q/how-to-enable-5ghz-wifi-on-android-9.html HTTP/1.1" 404 39252 "-" "Mozilla/5.0 (compatible; MJ12bot/v1.4.8; http://mj12bot.com/)"
149.202.86.190 - - [28/Apr/2025:05:10:20 -0400] "GET /mlp/%EF%BB%BFhttp://52-sell.com/o4q/izuku-dragon-god-fanfiction.html HTTP/1.1" 301 0 "-" "Mozilla/5.0 (compatible; MJ12bot/v1.4.8; http://mj12bot.com/)"
20.171.207.19 - - [28/Apr/2025:05:10:21 -0400] "GET /wp-login.php?reauth=1&redirect_to=https%3A%2F%2Farsn.media%2Fwp-admin%2Fcomment.php%3Faction%3Dapprove%26c%3D574 HTTP/1.1" 200 1899 "-" "Mozilla/5.0 AppleWebKit/537.36 (KHTML, like Gecko; compatible; GPTBot/1.2; +https://openai.com/gptbot)"
54.37.252.137 - - [28/Apr/2025:05:10:22 -0400] "GET /mlp/%EF%BB%BFhttp://52-sell.com/o4q/how-to-fix-a-broken-axle-on-a-car.html HTTP/1.1" 301 0 "-" "Mozilla/5.0 (compatible; MJ12bot/v1.4.8; http://mj12bot.com/)"
149.202.86.190 - - [28/Apr/2025:05:10:24 -0400] "GET /mlp/%EF%BB%BFhttp:/52-sell.com/o4q/izuku-dragon-god-fanfiction.html HTTP/1.1" 404 39232 "-" "Mozilla/5.0 (compatible; MJ12bot/v1.4.8; http://mj12bot.com/)"
20.171.207.19 - - [28/Apr/2025:05:10:26 -0400] "GET /wp-login.php?reauth=1&redirect_to=https%3A%2F%2Farsn.media%2Fwp-admin%2Fcomment.php%3Faction%3Dtrash%26c%3D574 HTTP/1.1" 200 1897 "-" "Mozilla/5.0 AppleWebKit/537.36 (KHTML, like Gecko; compatible; GPTBot/1.2; +https://openai.com/gptbot)"
54.37.252.137 - - [28/Apr/2025:05:10:26 -0400] "GET /mlp/%EF%BB%BFhttp:/52-sell.com/o4q/how-to-fix-a-broken-axle-on-a-car.html HTTP/1.1" 404 39187 "-" "Mozilla/5.0 (compatible; MJ12bot/v1.4.8; http://mj12bot.com/)"
149.202.86.190 - - [28/Apr/2025:05:10:28 -0400] "GET /mlp/%EF%BB%BFhttp://52-sell.com/o4q/j-series-performance.html HTTP/1.1" 301 0 "-" "Mozilla/5.0 (compatible; MJ12bot/v1.4.8; http://mj12bot.com/)"
20.171.207.19 - - [28/Apr/2025:05:10:30 -0400] "GET /wp-login.php?reauth=1&redirect_to=https%3A%2F%2Farsn.media%2Fwp-admin%2Fcomment.php%3Faction%3Dspam%26c%3D574 HTTP/1.1" 200 1894 "-" "Mozilla/5.0 AppleWebKit/537.36 (KHTML, like Gecko; compatible; GPTBot/1.2; +https://openai.com/gptbot)"
54.37.252.137 - - [28/Apr/2025:05:10:31 -0400] "GET /mlp/%EF%BB%BFhttp://52-sell.com/o4q/how-to-flash-tuya-devices.html HTTP/1.1" 301 0 "-" "Mozilla/5.0 (compatible; MJ12bot/v1.4.8; http://mj12bot.com/)"
20.171.207.19 - - [28/Apr/2025:05:10:34 -0400] "GET /wp-content/uploads/2020/10/404.png%20707w,%20https:/arsn.media/wp-content/uploads/2020/10/404-300x110.png%20300w HTTP/1.1" 404 39275 "-" "Mozilla/5.0 AppleWebKit/537.36 (KHTML, like Gecko; compatible; GPTBot/1.2; +https://openai.com/gptbot)"
149.202.86.190 - - [28/Apr/2025:05:10:32 -0400] "GET /mlp/%EF%BB%BFhttp:/52-sell.com/o4q/j-series-performance.html HTTP/1.1" 404 39364 "-" "Mozilla/5.0 (compatible; MJ12bot/v1.4.8; http://mj12bot.com/)"
54.37.252.137 - - [28/Apr/2025:05:10:34 -0400] "GET /mlp/%EF%BB%BFhttp:/52-sell.com/o4q/how-to-flash-tuya-devices.html HTTP/1.1" 404 39202 "-" "Mozilla/5.0 (compatible; MJ12bot/v1.4.8; http://mj12bot.com/)"
20.171.207.19 - - [28/Apr/2025:05:10:37 -0400] "GET /wp-content/themes/onum/css/design-test.css?ver=6.7.2 HTTP/1.1" 404 39413 "-" "Mozilla/5.0 AppleWebKit/537.36 (KHTML, like Gecko; compatible; GPTBot/1.2; +https://openai.com/gptbot)"
66.29.132.124 - - [28/Apr/2025:05:10:37 -0400] "POST /wp-cron.php?doing_wp_cron=1745831437.3292000293731689453125 HTTP/1.1" 200 0 "-" "WordPress/6.8; https://arsn.media"
149.202.86.190 - - [28/Apr/2025:05:10:36 -0400] "GET /mlp/%EF%BB%BFhttp://52-sell.com/o4q/j-w-shed-moving.html HTTP/1.1" 301 0 "-" "Mozilla/5.0 (compatible; MJ12bot/v1.4.8; http://mj12bot.com/)"
178.20.44.82 - - [28/Apr/2025:05:10:39 -0400] "GET / HTTP/1.0" 200 639584 "https://arsn.media/" "Mozilla/5.0 (Windows NT 10.0; Win64; x64) AppleWebKit/537.36 (KHTML, like Gecko) Chrome/131.0.0.0 Safari/537.36 Avast/131.0.0.0"
66.29.132.124 - - [28/Apr/2025:05:10:39 -0400] "POST /wp-admin/admin-ajax.php?action=async_litespeed&nonce=gEg96J1lVuyv0jvJuYR4cT0hJoqWEaTW&litespeed_type=imgoptm HTTP/1.1" 200 0 "-" "WordPress/6.8; https://arsn.media"
20.171.207.19 - - [28/Apr/2025:05:10:40 -0400] "GET /wp-content/uploads/2020/09/ARSN-Final-Logos-scaled.jpg%202560w,%20https:/arsn.media/wp-content/uploads/2020/09/ARSN-Final-Logos-300x138.jpg%20300w,%20https:/arsn.media/wp-content/uploads/2020/09/ARSN-Final-Logos-1024x471.jpg%201024w,%20https:/arsn.media/ARSN-Final-Logos-768x353.jpg%20768w,%20https:/ARSN-Final-Logos-1536x706.jpg%201536w,%20https:/ARSN-Final-Logos-2048x942.jpg%202048w HTTP/1.1" 404 39354 "-" "Mozilla/5.0 AppleWebKit/537.36 (KHTML, like Gecko; compatible; GPTBot/1.2; +https://openai.com/gptbot)"
54.37.252.137 - - [28/Apr/2025:05:10:39 -0400] "GET /mlp/%EF%BB%BFhttp://52-sell.com/o4q/how-to-get-a-public-defender-in-colorado.html HTTP/1.1" 301 0 "-" "Mozilla/5.0 (compatible; MJ12bot/v1.4.8; http://mj12bot.com/)"
149.202.86.190 - - [28/Apr/2025:05:10:40 -0400] "GET /mlp/%EF%BB%BFhttp:/52-sell.com/o4q/j-w-shed-moving.html HTTP/1.1" 404 39350 "-" "Mozilla/5.0 (compatible; MJ12bot/v1.4.8; http://mj12bot.com/)"
178.20.44.82 - - [28/Apr/2025:05:10:42 -0400] "POST /wp-admin/admin-ajax.php HTTP/1.0" 200 184 "https://arsn.media/" "Mozilla/5.0 (Windows NT 10.0; Win64; x64) AppleWebKit/537.36 (KHTML, like Gecko) Chrome/131.0.0.0 Safari/537.36 Avast/131.0.0.0"
20.171.207.19 - - [28/Apr/2025:05:10:44 -0400] "GET /wp-content/themes/onum/js/design-test.js HTTP/1.1" 404 39146 "-" "Mozilla/5.0 AppleWebKit/537.36 (KHTML, like Gecko; compatible; GPTBot/1.2; +https://openai.com/gptbot)"
149.202.86.190 - - [28/Apr/2025:05:10:45 -0400] "GET /mlp/%EF%BB%BFhttp://52-sell.com/o4q/j7-pro-custom-rom.html HTTP/1.1" 301 0 "-" "Mozilla/5.0 (compatible; MJ12bot/v1.4.8; http://mj12bot.com/)"
54.37.252.137 - - [28/Apr/2025:05:10:43 -0400] "GET /mlp/%EF%BB%BFhttp:/52-sell.com/o4q/how-to-get-a-public-defender-in-colorado.html HTTP/1.1" 404 39300 "-" "Mozilla/5.0 (compatible; MJ12bot/v1.4.8; http://mj12bot.com/)"
20.171.207.19 - - [28/Apr/2025:05:10:47 -0400] "GET /wp-json/elementskit/v1/ HTTP/1.1" 404 114 "-" "Mozilla/5.0 AppleWebKit/537.36 (KHTML, like Gecko; compatible; GPTBot/1.2; +https://openai.com/gptbot)"
20.171.207.19 - - [28/Apr/2025:05:10:51 -0400] "GET /wp-content/uploads/2020/10/404.png%20707w,%20https:/arsn.media/wp-content/uploads/2020/10/404-300x110.png%20300w HTTP/1.1" 404 39275 "-" "Mozilla/5.0 AppleWebKit/537.36 (KHTML, like Gecko; compatible; GPTBot/1.2; +https://openai.com/gptbot)"
66.29.132.124 - - [28/Apr/2025:05:10:51 -0400] "POST /wp-cron.php?doing_wp_cron=1745831450.8221879005432128906250 HTTP/1.1" 200 0 "-" "WordPress/6.8; https://arsn.media"
66.29.132.124 - - [28/Apr/2025:05:10:51 -0400] "POST /wp-cron.php?doing_wp_cron=1745831450.8349430561065673828125 HTTP/1.1" 200 0 "-" "WordPress/6.8; https://arsn.media"
54.37.252.137 - - [28/Apr/2025:05:10:49 -0400] "GET /mlp/%EF%BB%BFhttp://52-sell.com/o4q/how-to-get-an-order-of-protection-dismissed-in-az.html HTTP/1.1" 301 0 "-" "Mozilla/5.0 (compatible; MJ12bot/v1.4.8; http://mj12bot.com/)"
149.202.86.190 - - [28/Apr/2025:05:10:49 -0400] "GET /mlp/%EF%BB%BFhttp:/52-sell.com/o4q/j7-pro-custom-rom.html HTTP/1.1" 404 39323 "-" "Mozilla/5.0 (compatible; MJ12bot/v1.4.8; http://mj12bot.com/)"
54.37.252.137 - - [28/Apr/2025:05:10:54 -0400] "GET /mlp/%EF%BB%BFhttp:/52-sell.com/o4q/how-to-get-an-order-of-protection-dismissed-in-az.html HTTP/1.1" 404 39303 "-" "Mozilla/5.0 (compatible; MJ12bot/v1.4.8; http://mj12bot.com/)"
149.202.86.190 - - [28/Apr/2025:05:10:58 -0400] "GET /mlp/%EF%BB%BFhttp://52-sell.com/o4q/jaeger-vs-nucleus.html HTTP/1.1" 301 0 "-" "Mozilla/5.0 (compatible; MJ12bot/v1.4.8; http://mj12bot.com/)"
54.37.252.137 - - [28/Apr/2025:05:10:59 -0400] "GET /mlp/%EF%BB%BFhttp://52-sell.com/o4q/how-to-get-camera-intrinsic-matrix.html HTTP/1.1" 301 0 "-" "Mozilla/5.0 (compatible; MJ12bot/v1.4.8; http://mj12bot.com/)"
149.202.86.190 - - [28/Apr/2025:05:11:00 -0400] "GET /mlp/%EF%BB%BFhttp:/52-sell.com/o4q/jaeger-vs-nucleus.html HTTP/1.1" 404 39235 "-" "Mozilla/5.0 (compatible; MJ12bot/v1.4.8; http://mj12bot.com/)"
54.37.252.137 - - [28/Apr/2025:05:11:03 -0400] "GET /mlp/%EF%BB%BFhttp:/52-sell.com/o4q/how-to-get-camera-intrinsic-matrix.html HTTP/1.1" 404 39247 "-" "Mozilla/5.0 (compatible; MJ12bot/v1.4.8; http://mj12bot.com/)"
149.202.86.190 - - [28/Apr/2025:05:11:05 -0400] "GET /mlp/%EF%BB%BFhttp://52-sell.com/o4q/jayco-eagle-ht-travel-trailer-for-sale.html HTTP/1.1" 301 0 "-" "Mozilla/5.0 (compatible; MJ12bot/v1.4.8; http://mj12bot.com/)"
54.37.252.137 - - [28/Apr/2025:05:11:08 -0400] "GET /mlp/%EF%BB%BFhttp://52-sell.com/o4q/how-to-get-mamba-mentality-in-2k22.html HTTP/1.1" 301 0 "-" "Mozilla/5.0 (compatible; MJ12bot/v1.4.8; http://mj12bot.com/)"
149.202.86.190 - - [28/Apr/2025:05:11:09 -0400] "GET /mlp/%EF%BB%BFhttp:/52-sell.com/o4q/jayco-eagle-ht-travel-trailer-for-sale.html HTTP/1.1" 404 39181 "-" "Mozilla/5.0 (compatible; MJ12bot/v1.4.8; http://mj12bot.com/)"
20.171.207.19 - - [28/Apr/2025:05:11:13 -0400] "GET /wp-admin/comment.php?action=trash&c=614 HTTP/1.1" 302 0 "-" "Mozilla/5.0 AppleWebKit/537.36 (KHTML, like Gecko; compatible; GPTBot/1.2; +https://openai.com/gptbot)"
149.202.86.190 - - [28/Apr/2025:05:11:15 -0400] "GET /mlp/%EF%BB%BFhttp://52-sell.com/o4q/jdm-hot-wheels.html HTTP/1.1" 301 0 "-" "Mozilla/5.0 (compatible; MJ12bot/v1.4.8; http://mj12bot.com/)"
54.37.252.137 - - [28/Apr/2025:05:11:14 -0400] "GET /mlp/%EF%BB%BFhttp:/52-sell.com/o4q/how-to-get-mamba-mentality-in-2k22.html HTTP/1.1" 404 39237 "-" "Mozilla/5.0 (compatible; MJ12bot/v1.4.8; http://mj12bot.com/)"
20.171.207.19 - - [28/Apr/2025:05:11:17 -0400] "GET /wp-admin/comment.php?action=spam&c=614 HTTP/1.1" 302 0 "-" "Mozilla/5.0 AppleWebKit/537.36 (KHTML, like Gecko; compatible; GPTBot/1.2; +https://openai.com/gptbot)"
20.171.207.19 - - [28/Apr/2025:05:11:19 -0400] "GET /wp-admin/comment.php?action=approve&c=614 HTTP/1.1" 302 0 "-" "Mozilla/5.0 AppleWebKit/537.36 (KHTML, like Gecko; compatible; GPTBot/1.2; +https://openai.com/gptbot)"
149.202.86.190 - - [28/Apr/2025:05:11:19 -0400] "GET /mlp/%EF%BB%BFhttp:/52-sell.com/o4q/jdm-hot-wheels.html HTTP/1.1" 404 39135 "-" "Mozilla/5.0 (compatible; MJ12bot/v1.4.8; http://mj12bot.com/)"
20.171.207.19 - - [28/Apr/2025:05:11:24 -0400] "GET /wp-login.php?reauth=1&redirect_to=https%3A%2F%2Farsn.media%2Fwp-admin%2Fcomment.php%3Faction%3Dtrash%26c%3D614 HTTP/1.1" 200 1897 "-" "Mozilla/5.0 AppleWebKit/537.36 (KHTML, like Gecko; compatible; GPTBot/1.2; +https://openai.com/gptbot)"
149.202.86.190 - - [28/Apr/2025:05:11:25 -0400] "GET /mlp/%EF%BB%BFhttp://52-sell.com/o4q/jeep-patriot-motor-mount-replacement.html HTTP/1.1" 301 0 "-" "Mozilla/5.0 (compatible; MJ12bot/v1.4.8; http://mj12bot.com/)"
20.171.207.19 - - [28/Apr/2025:05:11:27 -0400] "GET /wp-login.php?reauth=1&redirect_to=https%3A%2F%2Farsn.media%2Fwp-admin%2Fcomment.php%3Faction%3Dspam%26c%3D614 HTTP/1.1" 200 1894 "-" "Mozilla/5.0 AppleWebKit/537.36 (KHTML, like Gecko; compatible; GPTBot/1.2; +https://openai.com/gptbot)"
20.171.207.19 - - [28/Apr/2025:05:11:30 -0400] "GET /wp-login.php?reauth=1&redirect_to=https%3A%2F%2Farsn.media%2Fwp-admin%2Fcomment.php%3Faction%3Dapprove%26c%3D614 HTTP/1.1" 200 1898 "-" "Mozilla/5.0 AppleWebKit/537.36 (KHTML, like Gecko; compatible; GPTBot/1.2; +https://openai.com/gptbot)"
149.202.86.190 - - [28/Apr/2025:05:11:31 -0400] "GET /mlp/%EF%BB%BFhttp:/52-sell.com/o4q/jeep-patriot-motor-mount-replacement.html HTTP/1.1" 404 39178 "-" "Mozilla/5.0 (compatible; MJ12bot/v1.4.8; http://mj12bot.com/)"
20.171.207.19 - - [28/Apr/2025:05:11:35 -0400] "GET /wp-content/themes/onum/js/design-test.js HTTP/1.1" 404 39146 "-" "Mozilla/5.0 AppleWebKit/537.36 (KHTML, like Gecko; compatible; GPTBot/1.2; +https://openai.com/gptbot)"
20.171.207.19 - - [28/Apr/2025:05:11:39 -0400] "GET /wp-content/uploads/2020/10/404.png%20707w,%20https:/arsn.media/wp-content/uploads/2020/10/404-300x110.png%20300w HTTP/1.1" 404 39275 "-" "Mozilla/5.0 AppleWebKit/537.36 (KHTML, like Gecko; compatible; GPTBot/1.2; +https://openai.com/gptbot)"
66.29.132.124 - - [28/Apr/2025:05:11:39 -0400] "POST /wp-cron.php?doing_wp_cron=1745831498.8163270950317382812500 HTTP/1.1" 200 0 "-" "WordPress/6.8; https://arsn.media"
149.202.86.190 - - [28/Apr/2025:05:11:38 -0400] "GET /mlp/%EF%BB%BFhttp://52-sell.com/o4q/jennifer-lopez-on-my-way-lyrics.html HTTP/1.1" 301 0 "-" "Mozilla/5.0 (compatible; MJ12bot/v1.4.8; http://mj12bot.com/)"
20.171.207.19 - - [28/Apr/2025:05:11:42 -0400] "GET /wp-content/uploads/2020/09/ARSN-Final-Logos-scaled.jpg%202560w,%20https:/arsn.media/wp-content/uploads/2020/09/ARSN-Final-Logos-300x138.jpg%20300w,%20https:/arsn.media/wp-content/uploads/2020/09/ARSN-Final-Logos-1024x471.jpg%201024w,%20https:/arsn.media/ARSN-Final-Logos-768x353.jpg%20768w,%20https:/ARSN-Final-Logos-1536x706.jpg%201536w,%20https:/ARSN-Final-Logos-2048x942.jpg%202048w HTTP/1.1" 404 39354 "-" "Mozilla/5.0 AppleWebKit/537.36 (KHTML, like Gecko; compatible; GPTBot/1.2; +https://openai.com/gptbot)"
149.202.86.190 - - [28/Apr/2025:05:11:42 -0400] "GET /mlp/%EF%BB%BFhttp:/52-sell.com/o4q/jennifer-lopez-on-my-way-lyrics.html HTTP/1.1" 404 39187 "-" "Mozilla/5.0 (compatible; MJ12bot/v1.4.8; http://mj12bot.com/)"
20.171.207.19 - - [28/Apr/2025:05:11:47 -0400] "GET /wp-json/elementskit/v1/ HTTP/1.1" 404 114 "-" "Mozilla/5.0 AppleWebKit/537.36 (KHTML, like Gecko; compatible; GPTBot/1.2; +https://openai.com/gptbot)"
20.171.207.19 - - [28/Apr/2025:05:11:49 -0400] "GET /wp-content/themes/onum/css/design-test.css?ver=6.7.1 HTTP/1.1" 404 39412 "-" "Mozilla/5.0 AppleWebKit/537.36 (KHTML, like Gecko; compatible; GPTBot/1.2; +https://openai.com/gptbot)"
149.202.86.190 - - [28/Apr/2025:05:11:47 -0400] "GET /mlp/%EF%BB%BFhttp://52-sell.com/o4q/jfrog-cli-download.html HTTP/1.1" 301 0 "-" "Mozilla/5.0 (compatible; MJ12bot/v1.4.8; http://mj12bot.com/)"
149.202.86.190 - - [28/Apr/2025:05:11:53 -0400] "GET /mlp/%EF%BB%BFhttp:/52-sell.com/o4q/jfrog-cli-download.html HTTP/1.1" 404 39197 "-" "Mozilla/5.0 (compatible; MJ12bot/v1.4.8; http://mj12bot.com/)"
149.202.86.190 - - [28/Apr/2025:05:11:59 -0400] "GET /mlp/%EF%BB%BFhttp://52-sell.com/o4q/jim-beam-decanter-car-1935-duesenberg-model-vintage.html HTTP/1.1" 301 0 "-" "Mozilla/5.0 (compatible; MJ12bot/v1.4.8; http://mj12bot.com/)"
149.202.86.190 - - [28/Apr/2025:05:12:02 -0400] "GET /mlp/%EF%BB%BFhttp:/52-sell.com/o4q/jim-beam-decanter-car-1935-duesenberg-model-vintage.html HTTP/1.1" 404 39298 "-" "Mozilla/5.0 (compatible; MJ12bot/v1.4.8; http://mj12bot.com/)"
149.202.86.190 - - [28/Apr/2025:05:12:06 -0400] "GET /mlp/%EF%BB%BFhttp://52-sell.com/o4q/jjba-bruno-x-wife-reader.html HTTP/1.1" 301 0 "-" "Mozilla/5.0 (compatible; MJ12bot/v1.4.8; http://mj12bot.com/)"
149.202.86.190 - - [28/Apr/2025:05:12:09 -0400] "GET /mlp/%EF%BB%BFhttp:/52-sell.com/o4q/jjba-bruno-x-wife-reader.html HTTP/1.1" 404 39274 "-" "Mozilla/5.0 (compatible; MJ12bot/v1.4.8; http://mj12bot.com/)"
149.202.86.190 - - [28/Apr/2025:05:12:13 -0400] "GET /mlp/%EF%BB%BFhttp://52-sell.com/o4q/job-application-form-word-file.html HTTP/1.1" 301 0 "-" "Mozilla/5.0 (compatible; MJ12bot/v1.4.8; http://mj12bot.com/)"
149.202.86.190 - - [28/Apr/2025:05:12:16 -0400] "GET /mlp/%EF%BB%BFhttp:/52-sell.com/o4q/job-application-form-word-file.html HTTP/1.1" 404 39243 "-" "Mozilla/5.0 (compatible; MJ12bot/v1.4.8; http://mj12bot.com/)"
149.202.86.190 - - [28/Apr/2025:05:12:21 -0400] "GET /mlp/%EF%BB%BFhttp://52-sell.com/o4q/john-bean-wheel-alignment-software-update.html HTTP/1.1" 301 0 "-" "Mozilla/5.0 (compatible; MJ12bot/v1.4.8; http://mj12bot.com/)"
149.202.86.190 - - [28/Apr/2025:05:12:24 -0400] "GET /mlp/%EF%BB%BFhttp:/52-sell.com/o4q/john-bean-wheel-alignment-software-update.html HTTP/1.1" 404 39327 "-" "Mozilla/5.0 (compatible; MJ12bot/v1.4.8; http://mj12bot.com/)"
149.202.86.190 - - [28/Apr/2025:05:12:28 -0400] "GET /mlp/%EF%BB%BFhttp://52-sell.com/o4q/john-deere-314-manual-pdf.html HTTP/1.1" 301 0 "-" "Mozilla/5.0 (compatible; MJ12bot/v1.4.8; http://mj12bot.com/)"
149.202.86.190 - - [28/Apr/2025:05:12:31 -0400] "GET /mlp/%EF%BB%BFhttp:/52-sell.com/o4q/john-deere-314-manual-pdf.html HTTP/1.1" 404 39257 "-" "Mozilla/5.0 (compatible; MJ12bot/v1.4.8; http://mj12bot.com/)"
149.202.86.190 - - [28/Apr/2025:05:12:35 -0400] "GET /mlp/%EF%BB%BFhttp://52-sell.com/o4q/johnny-lightning-muscle-cars.html HTTP/1.1" 301 0 "-" "Mozilla/5.0 (compatible; MJ12bot/v1.4.8; http://mj12bot.com/)"
66.29.132.124 - - [28/Apr/2025:05:12:40 -0400] "POST /wp-cron.php?doing_wp_cron=1745831559.5621440410614013671875 HTTP/1.1" 200 0 "-" "WordPress/6.8; https://arsn.media"
149.202.86.190 - - [28/Apr/2025:05:12:38 -0400] "GET /mlp/%EF%BB%BFhttp:/52-sell.com/o4q/johnny-lightning-muscle-cars.html HTTP/1.1" 404 39325 "-" "Mozilla/5.0 (compatible; MJ12bot/v1.4.8; http://mj12bot.com/)"
66.29.132.124 - - [28/Apr/2025:05:12:41 -0400] "POST /wp-admin/admin-ajax.php?action=async_litespeed&nonce=pW0z9pWXgoBudqPwS7lJUOO3kU4LZzv4&litespeed_type=imgoptm HTTP/1.1" 200 0 "-" "WordPress/6.8; https://arsn.media"
149.202.86.190 - - [28/Apr/2025:05:12:43 -0400] "GET /mlp/%EF%BB%BFhttp://52-sell.com/o4q/johnson-2110r-pushrod-length.html HTTP/1.1" 301 0 "-" "Mozilla/5.0 (compatible; MJ12bot/v1.4.8; http://mj12bot.com/)"
149.202.86.190 - - [28/Apr/2025:05:12:46 -0400] "GET /mlp/%EF%BB%BFhttp:/52-sell.com/o4q/johnson-2110r-pushrod-length.html HTTP/1.1" 404 39371 "-" "Mozilla/5.0 (compatible; MJ12bot/v1.4.8; http://mj12bot.com/)"
149.202.86.190 - - [28/Apr/2025:05:12:50 -0400] "GET /mlp/%EF%BB%BFhttp://52-sell.com/o4q/josie-and-finch-break-up.html HTTP/1.1" 301 0 "-" "Mozilla/5.0 (compatible; MJ12bot/v1.4.8; http://mj12bot.com/)"
66.29.132.124 - - [28/Apr/2025:05:12:53 -0400] "POST /wp-cron.php?doing_wp_cron=1745831572.3304359912872314453125 HTTP/1.1" 200 0 "-" "WordPress/6.8; https://arsn.media"
149.202.86.190 - - [28/Apr/2025:05:12:55 -0400] "GET /mlp/%EF%BB%BFhttp:/52-sell.com/o4q/josie-and-finch-break-up.html HTTP/1.1" 404 39274 "-" "Mozilla/5.0 (compatible; MJ12bot/v1.4.8; http://mj12bot.com/)"
