192.95.29.138 - - [28/Apr/2025:06:55:49 -0400] "GET /mlp/%EF%BB%BFhttp:/52-sell.com/o4q/michigan-lottery-online-chat.html HTTP/1.1" 404 39324 "-" "Mozilla/5.0 (compatible; MJ12bot/v1.4.8; http://mj12bot.com/)"
65.108.110.26 - - [28/Apr/2025:06:55:52 -0400] "GET /mlp/%EF%BB%BFhttp://52-sell.com/o4q/read-each-question-carefully-write-the-letter-of-the-correct-answer-on-your-answer-sheet.html HTTP/1.1" 301 0 "-" "Mozilla/5.0 (compatible; MJ12bot/v1.4.8; http://mj12bot.com/)"
192.95.29.138 - - [28/Apr/2025:06:55:53 -0400] "GET /mlp/%EF%BB%BFhttp://52-sell.com/o4q/microcontroller-programming-languages-pdf.html HTTP/1.1" 301 0 "-" "Mozilla/5.0 (compatible; MJ12bot/v1.4.8; http://mj12bot.com/)"
66.29.132.124 - - [28/Apr/2025:06:55:57 -0400] "POST /wp-cron.php?doing_wp_cron=1745837757.3342680931091308593750 HTTP/1.1" 200 0 "-" "WordPress/6.8; https://arsn.media"
66.29.132.124 - - [28/Apr/2025:06:55:57 -0400] "POST /wp-cron.php?doing_wp_cron=1745837757.3554549217224121093750 HTTP/1.1" 200 0 "-" "WordPress/6.8; https://arsn.media"
192.95.29.138 - - [28/Apr/2025:06:55:56 -0400] "GET /mlp/%EF%BB%BFhttp:/52-sell.com/o4q/microcontroller-programming-languages-pdf.html HTTP/1.1" 404 39270 "-" "Mozilla/5.0 (compatible; MJ12bot/v1.4.8; http://mj12bot.com/)"
65.108.110.26 - - [28/Apr/2025:06:55:56 -0400] "GET /mlp/%EF%BB%BFhttp:/52-sell.com/o4q/read-each-question-carefully-write-the-letter-of-the-correct-answer-on-your-answer-sheet.html HTTP/1.1" 404 39303 "-" "Mozilla/5.0 (compatible; MJ12bot/v1.4.8; http://mj12bot.com/)"
66.29.132.124 - - [28/Apr/2025:06:55:59 -0400] "POST /wp-admin/admin-ajax.php?action=async_litespeed&nonce=jWyg70i8mRnTiGcwYn1bKoIorOivF5R8&litespeed_type=imgoptm HTTP/1.1" 200 0 "-" "WordPress/6.8; https://arsn.media"
192.95.29.138 - - [28/Apr/2025:06:56:00 -0400] "GET /mlp/%EF%BB%BFhttp://52-sell.com/o4q/microsoft-network-connectivity-test-tool.html HTTP/1.1" 301 0 "-" "Mozilla/5.0 (compatible; MJ12bot/v1.4.8; http://mj12bot.com/)"
65.108.110.26 - - [28/Apr/2025:06:56:01 -0400] "GET /mlp/%EF%BB%BFhttp://52-sell.com/o4q/reader-x-soundwave.html HTTP/1.1" 301 0 "-" "Mozilla/5.0 (compatible; MJ12bot/v1.4.8; http://mj12bot.com/)"
192.95.29.138 - - [28/Apr/2025:06:56:03 -0400] "GET /mlp/%EF%BB%BFhttp:/52-sell.com/o4q/microsoft-network-connectivity-test-tool.html HTTP/1.1" 404 39299 "-" "Mozilla/5.0 (compatible; MJ12bot/v1.4.8; http://mj12bot.com/)"
65.108.110.26 - - [28/Apr/2025:06:56:05 -0400] "GET /mlp/%EF%BB%BFhttp:/52-sell.com/o4q/reader-x-soundwave.html HTTP/1.1" 404 39202 "-" "Mozilla/5.0 (compatible; MJ12bot/v1.4.8; http://mj12bot.com/)"
192.95.29.138 - - [28/Apr/2025:06:56:08 -0400] "GET /mlp/%EF%BB%BFhttp://52-sell.com/o4q/microsoft-office-encryption.html HTTP/1.1" 301 0 "-" "Mozilla/5.0 (compatible; MJ12bot/v1.4.8; http://mj12bot.com/)"
65.108.110.26 - - [28/Apr/2025:06:56:09 -0400] "GET /mlp/%EF%BB%BFhttp://52-sell.com/o4q/reboot-to-bootloader-meaning.html HTTP/1.1" 301 0 "-" "Mozilla/5.0 (compatible; MJ12bot/v1.4.8; http://mj12bot.com/)"
20.171.207.19 - - [28/Apr/2025:06:56:11 -0400] "GET /wp-content/themes/onum/css/design-test.css?ver=6.7.2 HTTP/1.1" 404 39402 "-" "Mozilla/5.0 AppleWebKit/537.36 (KHTML, like Gecko; compatible; GPTBot/1.2; +https://openai.com/gptbot)"
192.95.29.138 - - [28/Apr/2025:06:56:10 -0400] "GET /mlp/%EF%BB%BFhttp:/52-sell.com/o4q/microsoft-office-encryption.html HTTP/1.1" 404 39230 "-" "Mozilla/5.0 (compatible; MJ12bot/v1.4.8; http://mj12bot.com/)"
65.108.110.26 - - [28/Apr/2025:06:56:13 -0400] "GET /mlp/%EF%BB%BFhttp:/52-sell.com/o4q/reboot-to-bootloader-meaning.html HTTP/1.1" 404 39370 "-" "Mozilla/5.0 (compatible; MJ12bot/v1.4.8; http://mj12bot.com/)"
192.95.29.138 - - [28/Apr/2025:06:56:15 -0400] "GET /mlp/%EF%BB%BFhttp://52-sell.com/o4q/midtown-palo-alto.html HTTP/1.1" 301 0 "-" "Mozilla/5.0 (compatible; MJ12bot/v1.4.8; http://mj12bot.com/)"
65.108.110.26 - - [28/Apr/2025:06:56:20 -0400] "GET /mlp/%EF%BB%BFhttp://52-sell.com/o4q/reboot-zebra-printer-from-web-interface.html HTTP/1.1" 301 0 "-" "Mozilla/5.0 (compatible; MJ12bot/v1.4.8; http://mj12bot.com/)"
192.95.29.138 - - [28/Apr/2025:06:56:20 -0400] "GET /mlp/%EF%BB%BFhttp:/52-sell.com/o4q/midtown-palo-alto.html HTTP/1.1" 404 39234 "-" "Mozilla/5.0 (compatible; MJ12bot/v1.4.8; http://mj12bot.com/)"
192.95.29.138 - - [28/Apr/2025:06:56:23 -0400] "GET /mlp/%EF%BB%BFhttp://52-sell.com/o4q/miguel-avocado-taste.html HTTP/1.1" 301 0 "-" "Mozilla/5.0 (compatible; MJ12bot/v1.4.8; http://mj12bot.com/)"
65.108.110.26 - - [28/Apr/2025:06:56:23 -0400] "GET /mlp/%EF%BB%BFhttp:/52-sell.com/o4q/reboot-zebra-printer-from-web-interface.html HTTP/1.1" 404 39176 "-" "Mozilla/5.0 (compatible; MJ12bot/v1.4.8; http://mj12bot.com/)"
192.95.29.138 - - [28/Apr/2025:06:56:26 -0400] "GET /mlp/%EF%BB%BFhttp:/52-sell.com/o4q/miguel-avocado-taste.html HTTP/1.1" 404 39278 "-" "Mozilla/5.0 (compatible; MJ12bot/v1.4.8; http://mj12bot.com/)"
65.108.110.26 - - [28/Apr/2025:06:56:28 -0400] "GET /mlp/%EF%BB%BFhttp://52-sell.com/o4q/rebyu-ng-isang-aklat-example.html HTTP/1.1" 301 0 "-" "Mozilla/5.0 (compatible; MJ12bot/v1.4.8; http://mj12bot.com/)"
192.95.29.138 - - [28/Apr/2025:06:56:29 -0400] "GET /mlp/%EF%BB%BFhttp://52-sell.com/o4q/miki-matsubara-net-worth.html HTTP/1.1" 301 0 "-" "Mozilla/5.0 (compatible; MJ12bot/v1.4.8; http://mj12bot.com/)"
20.171.207.19 - - [28/Apr/2025:06:56:29 -0400] "GET /808/%EF%BB%BFhttp:/52-sell.com/9it/thinkorswim-float-label.html HTTP/1.1" 404 18557 "-" "Mozilla/5.0 AppleWebKit/537.36 (KHTML, like Gecko; compatible; GPTBot/1.2; +https://openai.com/gptbot)"
65.108.110.26 - - [28/Apr/2025:06:56:31 -0400] "GET /mlp/%EF%BB%BFhttp:/52-sell.com/o4q/rebyu-ng-isang-aklat-example.html HTTP/1.1" 404 39322 "-" "Mozilla/5.0 (compatible; MJ12bot/v1.4.8; http://mj12bot.com/)"
192.95.29.138 - - [28/Apr/2025:06:56:33 -0400] "GET /mlp/%EF%BB%BFhttp:/52-sell.com/o4q/miki-matsubara-net-worth.html HTTP/1.1" 404 39212 "-" "Mozilla/5.0 (compatible; MJ12bot/v1.4.8; http://mj12bot.com/)"
66.29.132.124 - - [28/Apr/2025:06:56:36 -0400] "POST /wp-cron.php?doing_wp_cron=1745837796.8020899295806884765625 HTTP/1.1" 200 0 "-" "WordPress/6.8; https://arsn.media"
192.95.29.138 - - [28/Apr/2025:06:56:36 -0400] "GET /mlp/%EF%BB%BFhttp://52-sell.com/o4q/mikuni-to-keihin-main-jet-conversion.html HTTP/1.1" 301 0 "-" "Mozilla/5.0 (compatible; MJ12bot/v1.4.8; http://mj12bot.com/)"
65.108.110.26 - - [28/Apr/2025:06:56:36 -0400] "GET /mlp/%EF%BB%BFhttp://52-sell.com/o4q/red-arrow-x-male-reader.html HTTP/1.1" 301 0 "-" "Mozilla/5.0 (compatible; MJ12bot/v1.4.8; http://mj12bot.com/)"
66.29.132.124 - - [28/Apr/2025:06:56:37 -0400] "POST /wp-admin/admin-ajax.php?action=async_litespeed&nonce=MnRQqg9cnd48admuIzWQ1MjSsm7blI2d&litespeed_type=imgoptm HTTP/1.1" 200 21 "-" "WordPress/6.8; https://arsn.media"
192.95.29.138 - - [28/Apr/2025:06:56:38 -0400] "GET /mlp/%EF%BB%BFhttp:/52-sell.com/o4q/mikuni-to-keihin-main-jet-conversion.html HTTP/1.1" 404 39253 "-" "Mozilla/5.0 (compatible; MJ12bot/v1.4.8; http://mj12bot.com/)"
65.108.110.26 - - [28/Apr/2025:06:56:39 -0400] "GET /mlp/%EF%BB%BFhttp:/52-sell.com/o4q/red-arrow-x-male-reader.html HTTP/1.1" 404 39378 "-" "Mozilla/5.0 (compatible; MJ12bot/v1.4.8; http://mj12bot.com/)"
192.95.29.138 - - [28/Apr/2025:06:56:42 -0400] "GET /mlp/%EF%BB%BFhttp://52-sell.com/o4q/miller-memorial-chapel.html HTTP/1.1" 301 0 "-" "Mozilla/5.0 (compatible; MJ12bot/v1.4.8; http://mj12bot.com/)"
65.108.110.26 - - [28/Apr/2025:06:56:43 -0400] "GET /mlp/%EF%BB%BFhttp://52-sell.com/o4q/red-nose-pitbull-puppies-for-sale-in-san-antonio.html HTTP/1.1" 301 0 "-" "Mozilla/5.0 (compatible; MJ12bot/v1.4.8; http://mj12bot.com/)"
192.95.29.138 - - [28/Apr/2025:06:56:45 -0400] "GET /mlp/%EF%BB%BFhttp:/52-sell.com/o4q/miller-memorial-chapel.html HTTP/1.1" 404 39288 "-" "Mozilla/5.0 (compatible; MJ12bot/v1.4.8; http://mj12bot.com/)"
65.108.110.26 - - [28/Apr/2025:06:56:46 -0400] "GET /mlp/%EF%BB%BFhttp:/52-sell.com/o4q/red-nose-pitbull-puppies-for-sale-in-san-antonio.html HTTP/1.1" 404 39241 "-" "Mozilla/5.0 (compatible; MJ12bot/v1.4.8; http://mj12bot.com/)"
20.171.207.19 - - [28/Apr/2025:06:56:49 -0400] "GET /wp-content/uploads/2020/10/404.png%20707w,%20https:/arsn.media/wp-content/uploads/2020/10/404-300x110.png%20300w HTTP/1.1" 404 39244 "-" "Mozilla/5.0 AppleWebKit/537.36 (KHTML, like Gecko; compatible; GPTBot/1.2; +https://openai.com/gptbot)"
66.29.132.124 - - [28/Apr/2025:06:56:50 -0400] "POST /wp-cron.php?doing_wp_cron=1745837810.5944519042968750000000 HTTP/1.1" 200 0 "-" "WordPress/6.8; https://arsn.media"
192.95.29.138 - - [28/Apr/2025:06:56:49 -0400] "GET /mlp/%EF%BB%BFhttp://52-sell.com/o4q/millipede-worms.html HTTP/1.1" 301 0 "-" "Mozilla/5.0 (compatible; MJ12bot/v1.4.8; http://mj12bot.com/)"
65.108.110.26 - - [28/Apr/2025:06:56:50 -0400] "GET /mlp/%EF%BB%BFhttp://52-sell.com/o4q/reddit-aita-influencer.html HTTP/1.1" 301 0 "-" "Mozilla/5.0 (compatible; MJ12bot/v1.4.8; http://mj12bot.com/)"
192.95.29.138 - - [28/Apr/2025:06:56:52 -0400] "GET /mlp/%EF%BB%BFhttp:/52-sell.com/o4q/millipede-worms.html HTTP/1.1" 404 39343 "-" "Mozilla/5.0 (compatible; MJ12bot/v1.4.8; http://mj12bot.com/)"
65.108.110.26 - - [28/Apr/2025:06:56:54 -0400] "GET /mlp/%EF%BB%BFhttp:/52-sell.com/o4q/reddit-aita-influencer.html HTTP/1.1" 404 39286 "-" "Mozilla/5.0 (compatible; MJ12bot/v1.4.8; http://mj12bot.com/)"
192.95.29.138 - - [28/Apr/2025:06:56:56 -0400] "GET /mlp/%EF%BB%BFhttp://52-sell.com/o4q/mimi-movie-story-ending.html HTTP/1.1" 301 0 "-" "Mozilla/5.0 (compatible; MJ12bot/v1.4.8; http://mj12bot.com/)"
65.108.110.26 - - [28/Apr/2025:06:56:59 -0400] "GET /mlp/%EF%BB%BFhttp://52-sell.com/o4q/reddit-twoxchromosomes-hate.html HTTP/1.1" 301 0 "-" "Mozilla/5.0 (compatible; MJ12bot/v1.4.8; http://mj12bot.com/)"
192.95.29.138 - - [28/Apr/2025:06:56:59 -0400] "GET /mlp/%EF%BB%BFhttp:/52-sell.com/o4q/mimi-movie-story-ending.html HTTP/1.1" 404 39341 "-" "Mozilla/5.0 (compatible; MJ12bot/v1.4.8; http://mj12bot.com/)"
192.95.29.138 - - [28/Apr/2025:06:57:03 -0400] "GET /mlp/%EF%BB%BFhttp://52-sell.com/o4q/mimi-real-story.html HTTP/1.1" 301 0 "-" "Mozilla/5.0 (compatible; MJ12bot/v1.4.8; http://mj12bot.com/)"
65.108.110.26 - - [28/Apr/2025:06:57:02 -0400] "GET /mlp/%EF%BB%BFhttp:/52-sell.com/o4q/reddit-twoxchromosomes-hate.html HTTP/1.1" 404 39267 "-" "Mozilla/5.0 (compatible; MJ12bot/v1.4.8; http://mj12bot.com/)"
192.95.29.138 - - [28/Apr/2025:06:57:05 -0400] "GET /mlp/%EF%BB%BFhttp:/52-sell.com/o4q/mimi-real-story.html HTTP/1.1" 404 39343 "-" "Mozilla/5.0 (compatible; MJ12bot/v1.4.8; http://mj12bot.com/)"
65.108.110.26 - - [28/Apr/2025:06:57:07 -0400] "GET /mlp/%EF%BB%BFhttp://52-sell.com/o4q/redirect-http-to-https-wordpress-multisite.html HTTP/1.1" 301 0 "-" "Mozilla/5.0 (compatible; MJ12bot/v1.4.8; http://mj12bot.com/)"
20.171.207.19 - - [28/Apr/2025:06:57:07 -0400] "GET /wp-content/uploads/2020/09/ARSN-Final-Logos-scaled.jpg%202560w,%20https:/arsn.media/wp-content/uploads/2020/09/ARSN-Final-Logos-300x138.jpg%20300w,%20https:/arsn.media/wp-content/uploads/2020/09/ARSN-Final-Logos-1024x471.jpg%201024w,%20https:/arsn.media/ARSN-Final-Logos-768x353.jpg%20768w,%20https:/ARSN-Final-Logos-1536x706.jpg%201536w,%20https:/ARSN-Final-Logos-2048x942.jpg%202048w HTTP/1.1" 404 18529 "-" "Mozilla/5.0 AppleWebKit/537.36 (KHTML, like Gecko; compatible; GPTBot/1.2; +https://openai.com/gptbot)"
192.95.29.138 - - [28/Apr/2025:06:57:09 -0400] "GET /mlp/%EF%BB%BFhttp://52-sell.com/o4q/mini-sebastopol-geese-for-sale.html HTTP/1.1" 301 0 "-" "Mozilla/5.0 (compatible; MJ12bot/v1.4.8; http://mj12bot.com/)"
65.108.110.26 - - [28/Apr/2025:06:57:11 -0400] "GET /mlp/%EF%BB%BFhttp:/52-sell.com/o4q/redirect-http-to-https-wordpress-multisite.html HTTP/1.1" 404 39314 "-" "Mozilla/5.0 (compatible; MJ12bot/v1.4.8; http://mj12bot.com/)"
192.95.29.138 - - [28/Apr/2025:06:57:12 -0400] "GET /mlp/%EF%BB%BFhttp:/52-sell.com/o4q/mini-sebastopol-geese-for-sale.html HTTP/1.1" 404 39241 "-" "Mozilla/5.0 (compatible; MJ12bot/v1.4.8; http://mj12bot.com/)"
65.108.110.26 - - [28/Apr/2025:06:57:16 -0400] "GET /mlp/%EF%BB%BFhttp://52-sell.com/o4q/redmi-9t-codename.html HTTP/1.1" 301 0 "-" "Mozilla/5.0 (compatible; MJ12bot/v1.4.8; http://mj12bot.com/)"
192.95.29.138 - - [28/Apr/2025:06:57:16 -0400] "GET /mlp/%EF%BB%BFhttp://52-sell.com/o4q/miniature-dachshunds-for-sale-near-illinois.html HTTP/1.1" 301 0 "-" "Mozilla/5.0 (compatible; MJ12bot/v1.4.8; http://mj12bot.com/)"
65.108.110.26 - - [28/Apr/2025:06:57:19 -0400] "GET /mlp/%EF%BB%BFhttp:/52-sell.com/o4q/redmi-9t-codename.html HTTP/1.1" 404 39235 "-" "Mozilla/5.0 (compatible; MJ12bot/v1.4.8; http://mj12bot.com/)"
192.95.29.138 - - [28/Apr/2025:06:57:20 -0400] "GET /mlp/%EF%BB%BFhttp:/52-sell.com/o4q/miniature-dachshunds-for-sale-near-illinois.html HTTP/1.1" 404 39274 "-" "Mozilla/5.0 (compatible; MJ12bot/v1.4.8; http://mj12bot.com/)"
192.95.29.138 - - [28/Apr/2025:06:57:24 -0400] "GET /mlp/%EF%BB%BFhttp://52-sell.com/o4q/mipi-controller.html HTTP/1.1" 301 0 "-" "Mozilla/5.0 (compatible; MJ12bot/v1.4.8; http://mj12bot.com/)"
65.108.110.26 - - [28/Apr/2025:06:57:25 -0400] "GET /mlp/%EF%BB%BFhttp://52-sell.com/o4q/remote-start-cars-for-sale.html HTTP/1.1" 301 0 "-" "Mozilla/5.0 (compatible; MJ12bot/v1.4.8; http://mj12bot.com/)"
20.171.207.19 - - [28/Apr/2025:06:57:27 -0400] "GET /wp-json/elementskit/v1/ HTTP/1.1" 404 114 "-" "Mozilla/5.0 AppleWebKit/537.36 (KHTML, like Gecko; compatible; GPTBot/1.2; +https://openai.com/gptbot)"
192.95.29.138 - - [28/Apr/2025:06:57:27 -0400] "GET /mlp/%EF%BB%BFhttp:/52-sell.com/o4q/mipi-controller.html HTTP/1.1" 404 39372 "-" "Mozilla/5.0 (compatible; MJ12bot/v1.4.8; http://mj12bot.com/)"
65.108.110.26 - - [28/Apr/2025:06:57:28 -0400] "GET /mlp/%EF%BB%BFhttp:/52-sell.com/o4q/remote-start-cars-for-sale.html HTTP/1.1" 404 39392 "-" "Mozilla/5.0 (compatible; MJ12bot/v1.4.8; http://mj12bot.com/)"
65.108.110.26 - - [28/Apr/2025:06:57:34 -0400] "GET /mlp/%EF%BB%BFhttp://52-sell.com/o4q/remote-start-volkswagen-tiguan-2017.html HTTP/1.1" 301 0 "-" "Mozilla/5.0 (compatible; MJ12bot/v1.4.8; http://mj12bot.com/)"
66.29.132.124 - - [28/Apr/2025:06:57:35 -0400] "POST /wp-cron.php?doing_wp_cron=1745837854.6010730266571044921875 HTTP/1.1" 200 0 "-" "WordPress/6.8; https://arsn.media"
192.95.29.138 - - [28/Apr/2025:06:57:33 -0400] "GET /mlp/%EF%BB%BFhttp://52-sell.com/o4q/mirai-no-mirai.html HTTP/1.1" 301 0 "-" "Mozilla/5.0 (compatible; MJ12bot/v1.4.8; http://mj12bot.com/)"
66.29.132.124 - - [28/Apr/2025:06:57:37 -0400] "POST /wp-admin/admin-ajax.php?action=async_litespeed&nonce=1CcllWPPVE2rQSlMf3Scs0DQzYY6ZKxO&litespeed_type=imgoptm HTTP/1.1" 200 0 "-" "WordPress/6.8; https://arsn.media"
192.95.29.138 - - [28/Apr/2025:06:57:38 -0400] "GET /mlp/%EF%BB%BFhttp:/52-sell.com/o4q/mirai-no-mirai.html HTTP/1.1" 404 39163 "-" "Mozilla/5.0 (compatible; MJ12bot/v1.4.8; http://mj12bot.com/)"
65.108.110.26 - - [28/Apr/2025:06:57:38 -0400] "GET /mlp/%EF%BB%BFhttp:/52-sell.com/o4q/remote-start-volkswagen-tiguan-2017.html HTTP/1.1" 404 39284 "-" "Mozilla/5.0 (compatible; MJ12bot/v1.4.8; http://mj12bot.com/)"
192.95.29.138 - - [28/Apr/2025:06:57:42 -0400] "GET /mlp/%EF%BB%BFhttp://52-sell.com/o4q/mirrors-justin-timberlake.html HTTP/1.1" 301 0 "-" "Mozilla/5.0 (compatible; MJ12bot/v1.4.8; http://mj12bot.com/)"
65.108.110.26 - - [28/Apr/2025:06:57:43 -0400] "GET /mlp/%EF%BB%BFhttp://52-sell.com/o4q/rent-guarantee-insurance-nyc.html HTTP/1.1" 301 0 "-" "Mozilla/5.0 (compatible; MJ12bot/v1.4.8; http://mj12bot.com/)"
20.171.207.19 - - [28/Apr/2025:06:57:45 -0400] "GET /wp-content/themes/onum/js/design-test.js HTTP/1.1" 404 39107 "-" "Mozilla/5.0 AppleWebKit/537.36 (KHTML, like Gecko; compatible; GPTBot/1.2; +https://openai.com/gptbot)"
192.95.29.138 - - [28/Apr/2025:06:57:45 -0400] "GET /mlp/%EF%BB%BFhttp:/52-sell.com/o4q/mirrors-justin-timberlake.html HTTP/1.1" 404 39258 "-" "Mozilla/5.0 (compatible; MJ12bot/v1.4.8; http://mj12bot.com/)"
66.29.132.124 - - [28/Apr/2025:06:57:50 -0400] "POST /wp-cron.php?doing_wp_cron=1745837870.1214280128479003906250 HTTP/1.1" 200 0 "-" "WordPress/6.8; https://arsn.media"
65.108.110.26 - - [28/Apr/2025:06:57:47 -0400] "GET /mlp/%EF%BB%BFhttp:/52-sell.com/o4q/rent-guarantee-insurance-nyc.html HTTP/1.1" 404 39363 "-" "Mozilla/5.0 (compatible; MJ12bot/v1.4.8; http://mj12bot.com/)"
192.95.29.138 - - [28/Apr/2025:06:57:49 -0400] "GET /mlp/%EF%BB%BFhttp://52-sell.com/o4q/misis-ang-gusto-story-sex.html HTTP/1.1" 301 0 "-" "Mozilla/5.0 (compatible; MJ12bot/v1.4.8; http://mj12bot.com/)"
65.108.110.26 - - [28/Apr/2025:06:57:53 -0400] "GET /mlp/%EF%BB%BFhttp://52-sell.com/o4q/rent-to-own-termination-letter.html HTTP/1.1" 301 0 "-" "Mozilla/5.0 (compatible; MJ12bot/v1.4.8; http://mj12bot.com/)"
192.95.29.138 - - [28/Apr/2025:06:57:53 -0400] "GET /mlp/%EF%BB%BFhttp:/52-sell.com/o4q/misis-ang-gusto-story-sex.html HTTP/1.1" 404 39262 "-" "Mozilla/5.0 (compatible; MJ12bot/v1.4.8; http://mj12bot.com/)"
192.95.29.138 - - [28/Apr/2025:06:57:57 -0400] "GET /mlp/%EF%BB%BFhttp://52-sell.com/o4q/missing-woman-in-washington-state-found-dead.html HTTP/1.1" 301 0 "-" "Mozilla/5.0 (compatible; MJ12bot/v1.4.8; http://mj12bot.com/)"
65.108.110.26 - - [28/Apr/2025:06:57:57 -0400] "GET /mlp/%EF%BB%BFhttp:/52-sell.com/o4q/rent-to-own-termination-letter.html HTTP/1.1" 404 39295 "-" "Mozilla/5.0 (compatible; MJ12bot/v1.4.8; http://mj12bot.com/)"
65.108.110.26 - - [28/Apr/2025:06:58:01 -0400] "GET /mlp/%EF%BB%BFhttp://52-sell.com/o4q/rental-property-management-chico.html HTTP/1.1" 301 0 "-" "Mozilla/5.0 (compatible; MJ12bot/v1.4.8; http://mj12bot.com/)"
192.95.29.138 - - [28/Apr/2025:06:58:00 -0400] "GET /mlp/%EF%BB%BFhttp:/52-sell.com/o4q/missing-woman-in-washington-state-found-dead.html HTTP/1.1" 404 39373 "-" "Mozilla/5.0 (compatible; MJ12bot/v1.4.8; http://mj12bot.com/)"
20.171.207.19 - - [28/Apr/2025:06:58:03 -0400] "GET /wp-content/themes/onum/css/design-test.css?ver=6.7.1 HTTP/1.1" 404 39403 "-" "Mozilla/5.0 AppleWebKit/537.36 (KHTML, like Gecko; compatible; GPTBot/1.2; +https://openai.com/gptbot)"
192.95.29.138 - - [28/Apr/2025:06:58:04 -0400] "GET /mlp/%EF%BB%BFhttp://52-sell.com/o4q/mission-style-dining-room-set-for-sale.html HTTP/1.1" 301 0 "-" "Mozilla/5.0 (compatible; MJ12bot/v1.4.8; http://mj12bot.com/)"
65.108.110.26 - - [28/Apr/2025:06:58:05 -0400] "GET /mlp/%EF%BB%BFhttp:/52-sell.com/o4q/rental-property-management-chico.html HTTP/1.1" 404 39123 "-" "Mozilla/5.0 (compatible; MJ12bot/v1.4.8; http://mj12bot.com/)"
192.95.29.138 - - [28/Apr/2025:06:58:07 -0400] "GET /mlp/%EF%BB%BFhttp:/52-sell.com/o4q/mission-style-dining-room-set-for-sale.html HTTP/1.1" 404 39183 "-" "Mozilla/5.0 (compatible; MJ12bot/v1.4.8; http://mj12bot.com/)"
65.108.110.26 - - [28/Apr/2025:06:58:08 -0400] "GET /mlp/%EF%BB%BFhttp://52-sell.com/o4q/repair-shop-jukebox-episode.html HTTP/1.1" 301 0 "-" "Mozilla/5.0 (compatible; MJ12bot/v1.4.8; http://mj12bot.com/)"
192.95.29.138 - - [28/Apr/2025:06:58:10 -0400] "GET /mlp/%EF%BB%BFhttp://52-sell.com/o4q/missouri-rental-laws-carpet-replacement.html HTTP/1.1" 301 0 "-" "Mozilla/5.0 (compatible; MJ12bot/v1.4.8; http://mj12bot.com/)"
65.108.110.26 - - [28/Apr/2025:06:58:11 -0400] "GET /mlp/%EF%BB%BFhttp:/52-sell.com/o4q/repair-shop-jukebox-episode.html HTTP/1.1" 404 39183 "-" "Mozilla/5.0 (compatible; MJ12bot/v1.4.8; http://mj12bot.com/)"
192.95.29.138 - - [28/Apr/2025:06:58:13 -0400] "GET /mlp/%EF%BB%BFhttp:/52-sell.com/o4q/missouri-rental-laws-carpet-replacement.html HTTP/1.1" 404 39109 "-" "Mozilla/5.0 (compatible; MJ12bot/v1.4.8; http://mj12bot.com/)"
65.108.110.26 - - [28/Apr/2025:06:58:15 -0400] "GET /mlp/%EF%BB%BFhttp://52-sell.com/o4q/rescue-puppies-for-sale-near-illinois.html HTTP/1.1" 301 0 "-" "Mozilla/5.0 (compatible; MJ12bot/v1.4.8; http://mj12bot.com/)"
192.95.29.138 - - [28/Apr/2025:06:58:16 -0400] "GET /mlp/%EF%BB%BFhttp://52-sell.com/o4q/mitsubishi-k4a-engine.html HTTP/1.1" 301 0 "-" "Mozilla/5.0 (compatible; MJ12bot/v1.4.8; http://mj12bot.com/)"
65.108.110.26 - - [28/Apr/2025:06:58:18 -0400] "GET /mlp/%EF%BB%BFhttp:/52-sell.com/o4q/rescue-puppies-for-sale-near-illinois.html HTTP/1.1" 404 39150 "-" "Mozilla/5.0 (compatible; MJ12bot/v1.4.8; http://mj12bot.com/)"
192.95.29.138 - - [28/Apr/2025:06:58:18 -0400] "GET /mlp/%EF%BB%BFhttp:/52-sell.com/o4q/mitsubishi-k4a-engine.html HTTP/1.1" 404 39398 "-" "Mozilla/5.0 (compatible; MJ12bot/v1.4.8; http://mj12bot.com/)"
192.95.29.138 - - [28/Apr/2025:06:58:22 -0400] "GET /mlp/%EF%BB%BFhttp://52-sell.com/o4q/mitsubishi-vin-decoder-forum.html HTTP/1.1" 301 0 "-" "Mozilla/5.0 (compatible; MJ12bot/v1.4.8; http://mj12bot.com/)"
65.108.110.26 - - [28/Apr/2025:06:58:22 -0400] "GET /mlp/%EF%BB%BFhttp://52-sell.com/o4q/reset-check-powertrain-vz.html HTTP/1.1" 301 0 "-" "Mozilla/5.0 (compatible; MJ12bot/v1.4.8; http://mj12bot.com/)"
20.171.207.19 - - [28/Apr/2025:06:58:23 -0400] "GET /wp-admin/comment.php?action=trash&c=586 HTTP/1.1" 302 0 "-" "Mozilla/5.0 AppleWebKit/537.36 (KHTML, like Gecko; compatible; GPTBot/1.2; +https://openai.com/gptbot)"
192.95.29.138 - - [28/Apr/2025:06:58:24 -0400] "GET /mlp/%EF%BB%BFhttp:/52-sell.com/o4q/mitsubishi-vin-decoder-forum.html HTTP/1.1" 404 39374 "-" "Mozilla/5.0 (compatible; MJ12bot/v1.4.8; http://mj12bot.com/)"
65.108.110.26 - - [28/Apr/2025:06:58:25 -0400] "GET /mlp/%EF%BB%BFhttp:/52-sell.com/o4q/reset-check-powertrain-vz.html HTTP/1.1" 404 39268 "-" "Mozilla/5.0 (compatible; MJ12bot/v1.4.8; http://mj12bot.com/)"
192.95.29.138 - - [28/Apr/2025:06:58:28 -0400] "GET /mlp/%EF%BB%BFhttp://52-sell.com/o4q/mitty-clubs.html HTTP/1.1" 301 0 "-" "Mozilla/5.0 (compatible; MJ12bot/v1.4.8; http://mj12bot.com/)"
65.108.110.26 - - [28/Apr/2025:06:58:30 -0400] "GET /mlp/%EF%BB%BFhttp://52-sell.com/o4q/resident-evil-4-wii-save-file.html HTTP/1.1" 301 0 "-" "Mozilla/5.0 (compatible; MJ12bot/v1.4.8; http://mj12bot.com/)"
192.95.29.138 - - [28/Apr/2025:06:58:31 -0400] "GET /mlp/%EF%BB%BFhttp:/52-sell.com/o4q/mitty-clubs.html HTTP/1.1" 404 39241 "-" "Mozilla/5.0 (compatible; MJ12bot/v1.4.8; http://mj12bot.com/)"
66.29.132.124 - - [28/Apr/2025:06:58:35 -0400] "POST /wp-cron.php?doing_wp_cron=1745837914.6325519084930419921875 HTTP/1.1" 200 0 "-" "WordPress/6.8; https://arsn.media"
192.95.29.138 - - [28/Apr/2025:06:58:35 -0400] "GET /mlp/%EF%BB%BFhttp://52-sell.com/o4q/mixed-girl-hairstyles-with-rubber-bands.html HTTP/1.1" 301 0 "-" "Mozilla/5.0 (compatible; MJ12bot/v1.4.8; http://mj12bot.com/)"
65.108.110.26 - - [28/Apr/2025:06:58:33 -0400] "GET /mlp/%EF%BB%BFhttp:/52-sell.com/o4q/resident-evil-4-wii-save-file.html HTTP/1.1" 404 39306 "-" "Mozilla/5.0 (compatible; MJ12bot/v1.4.8; http://mj12bot.com/)"
66.29.132.124 - - [28/Apr/2025:06:58:36 -0400] "POST /wp-admin/admin-ajax.php?action=async_litespeed&nonce=HcAcQoeenoINSTc9hJjf8VkGTI0CrRu6&litespeed_type=imgoptm HTTP/1.1" 200 0 "-" "WordPress/6.8; https://arsn.media"
65.108.110.26 - - [28/Apr/2025:06:58:38 -0400] "GET /mlp/%EF%BB%BFhttp://52-sell.com/o4q/retro-arcade-nyc.html HTTP/1.1" 301 0 "-" "Mozilla/5.0 (compatible; MJ12bot/v1.4.8; http://mj12bot.com/)"
192.95.29.138 - - [28/Apr/2025:06:58:37 -0400] "GET /mlp/%EF%BB%BFhttp:/52-sell.com/o4q/mixed-girl-hairstyles-with-rubber-bands.html HTTP/1.1" 404 39173 "-" "Mozilla/5.0 (compatible; MJ12bot/v1.4.8; http://mj12bot.com/)"
192.95.29.138 - - [28/Apr/2025:06:58:41 -0400] "GET /mlp/%EF%BB%BFhttp://52-sell.com/o4q/mixed-tiktok.html HTTP/1.1" 301 0 "-" "Mozilla/5.0 (compatible; MJ12bot/v1.4.8; http://mj12bot.com/)"
65.108.110.26 - - [28/Apr/2025:06:58:41 -0400] "GET /mlp/%EF%BB%BFhttp:/52-sell.com/o4q/retro-arcade-nyc.html HTTP/1.1" 404 39241 "-" "Mozilla/5.0 (compatible; MJ12bot/v1.4.8; http://mj12bot.com/)"
20.171.207.19 - - [28/Apr/2025:06:58:43 -0400] "GET /wp-admin/comment.php?action=spam&c=586 HTTP/1.1" 302 0 "-" "Mozilla/5.0 AppleWebKit/537.36 (KHTML, like Gecko; compatible; GPTBot/1.2; +https://openai.com/gptbot)"
192.95.29.138 - - [28/Apr/2025:06:58:44 -0400] "GET /mlp/%EF%BB%BFhttp:/52-sell.com/o4q/mixed-tiktok.html HTTP/1.1" 404 39420 "-" "Mozilla/5.0 (compatible; MJ12bot/v1.4.8; http://mj12bot.com/)"
65.108.110.26 - - [28/Apr/2025:06:58:45 -0400] "GET /mlp/%EF%BB%BFhttp://52-sell.com/o4q/revival-prayer-points.html HTTP/1.1" 301 0 "-" "Mozilla/5.0 (compatible; MJ12bot/v1.4.8; http://mj12bot.com/)"
192.95.29.138 - - [28/Apr/2025:06:58:48 -0400] "GET /mlp/%EF%BB%BFhttp://52-sell.com/o4q/mk7-gti-reliability.html HTTP/1.1" 301 0 "-" "Mozilla/5.0 (compatible; MJ12bot/v1.4.8; http://mj12bot.com/)"
66.29.132.124 - - [28/Apr/2025:06:58:51 -0400] "POST /wp-cron.php?doing_wp_cron=1745837930.8522779941558837890625 HTTP/1.1" 200 0 "-" "WordPress/6.8; https://arsn.media"
65.108.110.26 - - [28/Apr/2025:06:58:50 -0400] "GET /mlp/%EF%BB%BFhttp:/52-sell.com/o4q/revival-prayer-points.html HTTP/1.1" 404 39397 "-" "Mozilla/5.0 (compatible; MJ12bot/v1.4.8; http://mj12bot.com/)"
192.95.29.138 - - [28/Apr/2025:06:58:52 -0400] "GET /mlp/%EF%BB%BFhttp:/52-sell.com/o4q/mk7-gti-reliability.html HTTP/1.1" 404 39278 "-" "Mozilla/5.0 (compatible; MJ12bot/v1.4.8; http://mj12bot.com/)"
65.108.110.26 - - [28/Apr/2025:06:58:54 -0400] "GET /mlp/%EF%BB%BFhttp://52-sell.com/o4q/rhodes-scholarship-2022-results.html HTTP/1.1" 301 0 "-" "Mozilla/5.0 (compatible; MJ12bot/v1.4.8; http://mj12bot.com/)"
192.95.29.138 - - [28/Apr/2025:06:58:57 -0400] "GET /mlp/%EF%BB%BFhttp://52-sell.com/o4q/mkvirtualenv-windows.html HTTP/1.1" 301 0 "-" "Mozilla/5.0 (compatible; MJ12bot/v1.4.8; http://mj12bot.com/)"
65.108.110.26 - - [28/Apr/2025:06:58:58 -0400] "GET /mlp/%EF%BB%BFhttp:/52-sell.com/o4q/rhodes-scholarship-2022-results.html HTTP/1.1" 404 39127 "-" "Mozilla/5.0 (compatible; MJ12bot/v1.4.8; http://mj12bot.com/)"
20.171.207.19 - - [28/Apr/2025:06:59:00 -0400] "GET /wp-admin/comment.php?action=approve&c=586 HTTP/1.1" 302 0 "-" "Mozilla/5.0 AppleWebKit/537.36 (KHTML, like Gecko; compatible; GPTBot/1.2; +https://openai.com/gptbot)"
192.95.29.138 - - [28/Apr/2025:06:59:01 -0400] "GET /mlp/%EF%BB%BFhttp:/52-sell.com/o4q/mkvirtualenv-windows.html HTTP/1.1" 404 39357 "-" "Mozilla/5.0 (compatible; MJ12bot/v1.4.8; http://mj12bot.com/)"
65.108.110.26 - - [28/Apr/2025:06:59:04 -0400] "GET /mlp/%EF%BB%BFhttp://52-sell.com/o4q/ricoh-hr-email-address.html HTTP/1.1" 301 0 "-" "Mozilla/5.0 (compatible; MJ12bot/v1.4.8; http://mj12bot.com/)"
192.95.29.138 - - [28/Apr/2025:06:59:06 -0400] "GET /mlp/%EF%BB%BFhttp://52-sell.com/o4q/mlambo-clan-names.html HTTP/1.1" 301 0 "-" "Mozilla/5.0 (compatible; MJ12bot/v1.4.8; http://mj12bot.com/)"
65.108.110.26 - - [28/Apr/2025:06:59:09 -0400] "GET /mlp/%EF%BB%BFhttp:/52-sell.com/o4q/ricoh-hr-email-address.html HTTP/1.1" 404 39309 "-" "Mozilla/5.0 (compatible; MJ12bot/v1.4.8; http://mj12bot.com/)"
192.95.29.138 - - [28/Apr/2025:06:59:09 -0400] "GET /mlp/%EF%BB%BFhttp:/52-sell.com/o4q/mlambo-clan-names.html HTTP/1.1" 404 39305 "-" "Mozilla/5.0 (compatible; MJ12bot/v1.4.8; http://mj12bot.com/)"
65.108.110.26 - - [28/Apr/2025:06:59:14 -0400] "GET /mlp/%EF%BB%BFhttp://52-sell.com/o4q/riverbend-yandina.html HTTP/1.1" 301 0 "-" "Mozilla/5.0 (compatible; MJ12bot/v1.4.8; http://mj12bot.com/)"
20.171.207.19 - - [28/Apr/2025:06:59:15 -0400] "GET /wp-content/uploads/2020/10/404.png%20707w,%20https:/arsn.media/wp-content/uploads/2020/10/404-300x110.png%20300w HTTP/1.1" 404 39244 "-" "Mozilla/5.0 AppleWebKit/537.36 (KHTML, like Gecko; compatible; GPTBot/1.2; +https://openai.com/gptbot)"
192.95.29.138 - - [28/Apr/2025:06:59:15 -0400] "GET /mlp/%EF%BB%BFhttp://52-sell.com/o4q/mobile-concrete-crushing-near-me.html HTTP/1.1" 301 0 "-" "Mozilla/5.0 (compatible; MJ12bot/v1.4.8; http://mj12bot.com/)"
65.108.110.26 - - [28/Apr/2025:06:59:17 -0400] "GET /mlp/%EF%BB%BFhttp:/52-sell.com/o4q/riverbend-yandina.html HTTP/1.1" 404 39292 "-" "Mozilla/5.0 (compatible; MJ12bot/v1.4.8; http://mj12bot.com/)"
192.95.29.138 - - [28/Apr/2025:06:59:18 -0400] "GET /mlp/%EF%BB%BFhttp:/52-sell.com/o4q/mobile-concrete-crushing-near-me.html HTTP/1.1" 404 39187 "-" "Mozilla/5.0 (compatible; MJ12bot/v1.4.8; http://mj12bot.com/)"
65.108.110.26 - - [28/Apr/2025:06:59:22 -0400] "GET /mlp/%EF%BB%BFhttp://52-sell.com/o4q/rjgman56-blog.html HTTP/1.1" 301 0 "-" "Mozilla/5.0 (compatible; MJ12bot/v1.4.8; http://mj12bot.com/)"
192.95.29.138 - - [28/Apr/2025:06:59:22 -0400] "GET /mlp/%EF%BB%BFhttp://52-sell.com/o4q/mobile-homes-for-sale-in-oxford-county-maine.html HTTP/1.1" 301 0 "-" "Mozilla/5.0 (compatible; MJ12bot/v1.4.8; http://mj12bot.com/)"
192.95.29.138 - - [28/Apr/2025:06:59:25 -0400] "GET /mlp/%EF%BB%BFhttp:/52-sell.com/o4q/mobile-homes-for-sale-in-oxford-county-maine.html HTTP/1.1" 404 39404 "-" "Mozilla/5.0 (compatible; MJ12bot/v1.4.8; http://mj12bot.com/)"
20.171.207.19 - - [28/Apr/2025:06:59:28 -0400] "GET /wp-json/elementskit/v1/ HTTP/1.1" 404 114 "-" "Mozilla/5.0 AppleWebKit/537.36 (KHTML, like Gecko; compatible; GPTBot/1.2; +https://openai.com/gptbot)"
65.108.110.26 - - [28/Apr/2025:06:59:26 -0400] "GET /mlp/%EF%BB%BFhttp:/52-sell.com/o4q/rjgman56-blog.html HTTP/1.1" 404 39445 "-" "Mozilla/5.0 (compatible; MJ12bot/v1.4.8; http://mj12bot.com/)"
192.95.29.138 - - [28/Apr/2025:06:59:29 -0400] "GET /mlp/%EF%BB%BFhttp://52-sell.com/o4q/mobile-homes-with-land-for-sale-by-owner-near-kansas.html HTTP/1.1" 301 0 "-" "Mozilla/5.0 (compatible; MJ12bot/v1.4.8; http://mj12bot.com/)"
65.108.110.26 - - [28/Apr/2025:06:59:31 -0400] "GET /mlp/%EF%BB%BFhttp://52-sell.com/o4q/roadstar-double-teyp.html HTTP/1.1" 301 0 "-" "Mozilla/5.0 (compatible; MJ12bot/v1.4.8; http://mj12bot.com/)"
192.95.29.138 - - [28/Apr/2025:06:59:32 -0400] "GET /mlp/%EF%BB%BFhttp:/52-sell.com/o4q/mobile-homes-with-land-for-sale-by-owner-near-kansas.html HTTP/1.1" 404 39333 "-" "Mozilla/5.0 (compatible; MJ12bot/v1.4.8; http://mj12bot.com/)"
66.29.132.124 - - [28/Apr/2025:06:59:35 -0400] "POST /wp-cron.php?doing_wp_cron=1745837975.4416429996490478515625 HTTP/1.1" 200 0 "-" "WordPress/6.8; https://arsn.media"
192.95.29.138 - - [28/Apr/2025:06:59:35 -0400] "GET /mlp/%EF%BB%BFhttp://52-sell.com/o4q/mobile-on-installment-in-attock.html HTTP/1.1" 301 0 "-" "Mozilla/5.0 (compatible; MJ12bot/v1.4.8; http://mj12bot.com/)"
65.108.110.26 - - [28/Apr/2025:06:59:34 -0400] "GET /mlp/%EF%BB%BFhttp:/52-sell.com/o4q/roadstar-double-teyp.html HTTP/1.1" 404 39330 "-" "Mozilla/5.0 (compatible; MJ12bot/v1.4.8; http://mj12bot.com/)"
66.29.132.124 - - [28/Apr/2025:06:59:36 -0400] "POST /wp-admin/admin-ajax.php?action=async_litespeed&nonce=p0CWvdJAQ4IjNj5xU39u2WRs1bl9bnSe&litespeed_type=imgoptm HTTP/1.1" 200 21 "-" "WordPress/6.8; https://arsn.media"
65.108.110.26 - - [28/Apr/2025:06:59:38 -0400] "GET /mlp/%EF%BB%BFhttp://52-sell.com/o4q/rockwell-delta-radial-arm-saw-manual.html HTTP/1.1" 301 0 "-" "Mozilla/5.0 (compatible; MJ12bot/v1.4.8; http://mj12bot.com/)"
192.95.29.138 - - [28/Apr/2025:06:59:37 -0400] "GET /mlp/%EF%BB%BFhttp:/52-sell.com/o4q/mobile-on-installment-in-attock.html HTTP/1.1" 404 39179 "-" "Mozilla/5.0 (compatible; MJ12bot/v1.4.8; http://mj12bot.com/)"
192.95.29.138 - - [28/Apr/2025:06:59:41 -0400] "GET /mlp/%EF%BB%BFhttp://52-sell.com/o4q/mobile-password-unlock-software-free-download-pc.html HTTP/1.1" 301 0 "-" "Mozilla/5.0 (compatible; MJ12bot/v1.4.8; http://mj12bot.com/)"
65.108.110.26 - - [28/Apr/2025:06:59:41 -0400] "GET /mlp/%EF%BB%BFhttp:/52-sell.com/o4q/rockwell-delta-radial-arm-saw-manual.html HTTP/1.1" 404 39188 "-" "Mozilla/5.0 (compatible; MJ12bot/v1.4.8; http://mj12bot.com/)"
20.171.207.19 - - [28/Apr/2025:06:59:42 -0400] "GET /wp-content/uploads/2020/09/ARSN-Final-Logos-scaled.jpg%202560w,%20https:/arsn.media/wp-content/uploads/2020/09/ARSN-Final-Logos-300x138.jpg%20300w,%20https:/arsn.media/wp-content/uploads/2020/09/ARSN-Final-Logos-1024x471.jpg%201024w,%20https:/arsn.media/ARSN-Final-Logos-768x353.jpg%20768w,%20https:/ARSN-Final-Logos-1536x706.jpg%201536w,%20https:/ARSN-Final-Logos-2048x942.jpg%202048w HTTP/1.1" 404 21114 "-" "Mozilla/5.0 AppleWebKit/537.36 (KHTML, like Gecko; compatible; GPTBot/1.2; +https://openai.com/gptbot)"
192.95.29.138 - - [28/Apr/2025:06:59:43 -0400] "GET /mlp/%EF%BB%BFhttp:/52-sell.com/o4q/mobile-password-unlock-software-free-download-pc.html HTTP/1.1" 404 39303 "-" "Mozilla/5.0 (compatible; MJ12bot/v1.4.8; http://mj12bot.com/)"
65.108.110.26 - - [28/Apr/2025:06:59:45 -0400] "GET /mlp/%EF%BB%BFhttp://52-sell.com/o4q/romance-novel-magazine.html HTTP/1.1" 301 0 "-" "Mozilla/5.0 (compatible; MJ12bot/v1.4.8; http://mj12bot.com/)"
192.95.29.138 - - [28/Apr/2025:06:59:47 -0400] "GET /mlp/%EF%BB%BFhttp://52-sell.com/o4q/modesto-furniture-outlet.html HTTP/1.1" 301 0 "-" "Mozilla/5.0 (compatible; MJ12bot/v1.4.8; http://mj12bot.com/)"
66.29.132.124 - - [28/Apr/2025:06:59:51 -0400] "POST /wp-cron.php?doing_wp_cron=1745837990.3261029720306396484375 HTTP/1.1" 200 0 "-" "WordPress/6.8; https://arsn.media"
65.108.110.26 - - [28/Apr/2025:06:59:49 -0400] "GET /mlp/%EF%BB%BFhttp:/52-sell.com/o4q/romance-novel-magazine.html HTTP/1.1" 404 39287 "-" "Mozilla/5.0 (compatible; MJ12bot/v1.4.8; http://mj12bot.com/)"
192.95.29.138 - - [28/Apr/2025:06:59:51 -0400] "GET /mlp/%EF%BB%BFhttp:/52-sell.com/o4q/modesto-furniture-outlet.html HTTP/1.1" 404 39276 "-" "Mozilla/5.0 (compatible; MJ12bot/v1.4.8; http://mj12bot.com/)"
65.108.110.26 - - [28/Apr/2025:06:59:54 -0400] "GET /mlp/%EF%BB%BFhttp://52-sell.com/o4q/romance-novels-for-13-year-olds.html HTTP/1.1" 301 0 "-" "Mozilla/5.0 (compatible; MJ12bot/v1.4.8; http://mj12bot.com/)"
192.95.29.138 - - [28/Apr/2025:06:59:55 -0400] "GET /mlp/%EF%BB%BFhttp://52-sell.com/o4q/moe-syllabus-science.html HTTP/1.1" 301 0 "-" "Mozilla/5.0 (compatible; MJ12bot/v1.4.8; http://mj12bot.com/)"
20.171.207.19 - - [28/Apr/2025:06:59:57 -0400] "GET /wp-login.php?reauth=1&redirect_to=https%3A%2F%2Farsn.media%2Fwp-admin%2Fcomment.php%3Faction%3Dtrash%26c%3D586 HTTP/1.1" 200 1897 "-" "Mozilla/5.0 AppleWebKit/537.36 (KHTML, like Gecko; compatible; GPTBot/1.2; +https://openai.com/gptbot)"
65.108.110.26 - - [28/Apr/2025:06:59:57 -0400] "GET /mlp/%EF%BB%BFhttp:/52-sell.com/o4q/romance-novels-for-13-year-olds.html HTTP/1.1" 404 39126 "-" "Mozilla/5.0 (compatible; MJ12bot/v1.4.8; http://mj12bot.com/)"
192.95.29.138 - - [28/Apr/2025:06:59:58 -0400] "GET /mlp/%EF%BB%BFhttp:/52-sell.com/o4q/moe-syllabus-science.html HTTP/1.1" 404 39335 "-" "Mozilla/5.0 (compatible; MJ12bot/v1.4.8; http://mj12bot.com/)"
65.108.110.26 - - [28/Apr/2025:07:00:01 -0400] "GET /mlp/%EF%BB%BFhttp://52-sell.com/o4q/romantic-novel-of-the-year-award.html HTTP/1.1" 301 0 "-" "Mozilla/5.0 (compatible; MJ12bot/v1.4.8; http://mj12bot.com/)"
192.95.29.138 - - [28/Apr/2025:07:00:03 -0400] "GET /mlp/%EF%BB%BFhttp://52-sell.com/o4q/mohawk-home-marble-argyle-gray-5-natural-stone-wall-tile.html HTTP/1.1" 301 0 "-" "Mozilla/5.0 (compatible; MJ12bot/v1.4.8; http://mj12bot.com/)"
65.108.110.26 - - [28/Apr/2025:07:00:07 -0400] "GET /mlp/%EF%BB%BFhttp:/52-sell.com/o4q/romantic-novel-of-the-year-award.html HTTP/1.1" 404 39124 "-" "Mozilla/5.0 (compatible; MJ12bot/v1.4.8; http://mj12bot.com/)"
192.95.29.138 - - [28/Apr/2025:07:00:07 -0400] "GET /mlp/%EF%BB%BFhttp:/52-sell.com/o4q/mohawk-home-marble-argyle-gray-5-natural-stone-wall-tile.html HTTP/1.1" 404 39286 "-" "Mozilla/5.0 (compatible; MJ12bot/v1.4.8; http://mj12bot.com/)"
20.171.207.19 - - [28/Apr/2025:07:00:11 -0400] "GET /wp-login.php?reauth=1&redirect_to=https%3A%2F%2Farsn.media%2Fwp-admin%2Fcomment.php%3Faction%3Dspam%26c%3D586 HTTP/1.1" 200 1894 "-" "Mozilla/5.0 AppleWebKit/537.36 (KHTML, like Gecko; compatible; GPTBot/1.2; +https://openai.com/gptbot)"
65.108.110.26 - - [28/Apr/2025:07:00:12 -0400] "GET /mlp/%EF%BB%BFhttp://52-sell.com/o4q/root-samsung-note-8.html HTTP/1.1" 301 0 "-" "Mozilla/5.0 (compatible; MJ12bot/v1.4.8; http://mj12bot.com/)"
192.95.29.138 - - [28/Apr/2025:07:00:12 -0400] "GET /mlp/%EF%BB%BFhttp://52-sell.com/o4q/molly-maid-jobs.html HTTP/1.1" 301 0 "-" "Mozilla/5.0 (compatible; MJ12bot/v1.4.8; http://mj12bot.com/)"
192.95.29.138 - - [28/Apr/2025:07:00:17 -0400] "GET /mlp/%EF%BB%BFhttp:/52-sell.com/o4q/molly-maid-jobs.html HTTP/1.1" 404 39344 "-" "Mozilla/5.0 (compatible; MJ12bot/v1.4.8; http://mj12bot.com/)"
65.108.110.26 - - [28/Apr/2025:07:00:18 -0400] "GET /mlp/%EF%BB%BFhttp:/52-sell.com/o4q/root-samsung-note-8.html HTTP/1.1" 404 39222 "-" "Mozilla/5.0 (compatible; MJ12bot/v1.4.8; http://mj12bot.com/)"
192.95.29.138 - - [28/Apr/2025:07:00:25 -0400] "GET /mlp/%EF%BB%BFhttp://52-sell.com/o4q/mom-jeans-band-racist.html HTTP/1.1" 301 0 "-" "Mozilla/5.0 (compatible; MJ12bot/v1.4.8; http://mj12bot.com/)"
20.171.207.19 - - [28/Apr/2025:07:00:25 -0400] "GET /wp-login.php?reauth=1&redirect_to=https%3A%2F%2Farsn.media%2Fwp-admin%2Fcomment.php%3Faction%3Dapprove%26c%3D586 HTTP/1.1" 200 1899 "-" "Mozilla/5.0 AppleWebKit/537.36 (KHTML, like Gecko; compatible; GPTBot/1.2; +https://openai.com/gptbot)"
65.108.110.26 - - [28/Apr/2025:07:00:26 -0400] "GET /mlp/%EF%BB%BFhttp://52-sell.com/o4q/rough-daddy-fucked-me-fantasy-stories.html HTTP/1.1" 301 0 "-" "Mozilla/5.0 (compatible; MJ12bot/v1.4.8; http://mj12bot.com/)"
192.95.29.138 - - [28/Apr/2025:07:00:29 -0400] "GET /mlp/%EF%BB%BFhttp:/52-sell.com/o4q/mom-jeans-band-racist.html HTTP/1.1" 404 39396 "-" "Mozilla/5.0 (compatible; MJ12bot/v1.4.8; http://mj12bot.com/)"
65.108.110.26 - - [28/Apr/2025:07:00:31 -0400] "GET /mlp/%EF%BB%BFhttp:/52-sell.com/o4q/rough-daddy-fucked-me-fantasy-stories.html HTTP/1.1" 404 39156 "-" "Mozilla/5.0 (compatible; MJ12bot/v1.4.8; http://mj12bot.com/)"
66.29.132.124 - - [28/Apr/2025:07:00:35 -0400] "POST /wp-cron.php?doing_wp_cron=1745838035.0049519538879394531250 HTTP/1.1" 200 0 "-" "WordPress/6.8; https://arsn.media"
192.95.29.138 - - [28/Apr/2025:07:00:33 -0400] "GET /mlp/%EF%BB%BFhttp://52-sell.com/o4q/moog-voyager-signature-edition.html HTTP/1.1" 301 0 "-" "Mozilla/5.0 (compatible; MJ12bot/v1.4.8; http://mj12bot.com/)"
20.171.207.19 - - [28/Apr/2025:07:00:34 -0400] "GET /wp-content/uploads/2020/09/ARSN-Final-Logos-scaled.jpg%202560w,%20https:/arsn.media/wp-content/uploads/2020/09/ARSN-Final-Logos-300x138.jpg%20300w,%20https:/arsn.media/wp-content/uploads/2020/09/ARSN-Final-Logos-1024x471.jpg%201024w,%20https:/arsn.media/ARSN-Final-Logos-768x353.jpg%20768w,%20https:/ARSN-Final-Logos-1536x706.jpg%201536w,%20https:/ARSN-Final-Logos-2048x942.jpg%202048w HTTP/1.1" 404 24319 "-" "Mozilla/5.0 AppleWebKit/537.36 (KHTML, like Gecko; compatible; GPTBot/1.2; +https://openai.com/gptbot)"
66.29.132.124 - - [28/Apr/2025:07:00:36 -0400] "POST /wp-admin/admin-ajax.php?action=async_litespeed&nonce=7XaXiCwKgqnxkZ9g4Ze6d3rhQXIDBMU7&litespeed_type=imgoptm HTTP/1.1" 200 0 "-" "WordPress/6.8; https://arsn.media"
65.108.110.26 - - [28/Apr/2025:07:00:36 -0400] "GET /mlp/%EF%BB%BFhttp://52-sell.com/o4q/rtx-2060-vs-rtx-3060-reddit.html HTTP/1.1" 301 0 "-" "Mozilla/5.0 (compatible; MJ12bot/v1.4.8; http://mj12bot.com/)"
192.95.29.138 - - [28/Apr/2025:07:00:37 -0400] "GET /mlp/%EF%BB%BFhttp:/52-sell.com/o4q/moog-voyager-signature-edition.html HTTP/1.1" 404 39284 "-" "Mozilla/5.0 (compatible; MJ12bot/v1.4.8; http://mj12bot.com/)"
66.29.132.124 - - [28/Apr/2025:07:00:38 -0400] "POST /wp-admin/admin-ajax.php?action=as_async_request_queue_runner&nonce=b691fb58eb HTTP/1.1" 200 0 "-" "WordPress/6.8; https://arsn.media"
192.95.29.138 - - [28/Apr/2025:07:00:41 -0400] "GET /mlp/%EF%BB%BFhttp://52-sell.com/o4q/moon-in-8th-house-synastry-reddit.html HTTP/1.1" 301 0 "-" "Mozilla/5.0 (compatible; MJ12bot/v1.4.8; http://mj12bot.com/)"
65.108.110.26 - - [28/Apr/2025:07:00:40 -0400] "GET /mlp/%EF%BB%BFhttp:/52-sell.com/o4q/rtx-2060-vs-rtx-3060-reddit.html HTTP/1.1" 404 39226 "-" "Mozilla/5.0 (compatible; MJ12bot/v1.4.8; http://mj12bot.com/)"
20.171.207.19 - - [28/Apr/2025:07:00:45 -0400] "GET /wp-content/uploads/2020/10/404.png%20707w,%20https:/arsn.media/wp-content/uploads/2020/10/404-300x110.png%20300w HTTP/1.1" 404 39244 "-" "Mozilla/5.0 AppleWebKit/537.36 (KHTML, like Gecko; compatible; GPTBot/1.2; +https://openai.com/gptbot)"
192.95.29.138 - - [28/Apr/2025:07:00:44 -0400] "GET /mlp/%EF%BB%BFhttp:/52-sell.com/o4q/moon-in-8th-house-synastry-reddit.html HTTP/1.1" 404 39263 "-" "Mozilla/5.0 (compatible; MJ12bot/v1.4.8; http://mj12bot.com/)"
65.108.110.26 - - [28/Apr/2025:07:00:46 -0400] "GET /mlp/%EF%BB%BFhttp://52-sell.com/o4q/rtx-3090-heat.html HTTP/1.1" 301 0 "-" "Mozilla/5.0 (compatible; MJ12bot/v1.4.8; http://mj12bot.com/)"
192.95.29.138 - - [28/Apr/2025:07:00:49 -0400] "GET /mlp/%EF%BB%BFhttp://52-sell.com/o4q/moondance-rv-lot.html HTTP/1.1" 301 0 "-" "Mozilla/5.0 (compatible; MJ12bot/v1.4.8; http://mj12bot.com/)"
66.29.132.124 - - [28/Apr/2025:07:00:52 -0400] "POST /wp-cron.php?doing_wp_cron=1745838051.5814380645751953125000 HTTP/1.1" 200 0 "-" "WordPress/6.8; https://arsn.media"
65.108.110.26 - - [28/Apr/2025:07:00:50 -0400] "GET /mlp/%EF%BB%BFhttp:/52-sell.com/o4q/rtx-3090-heat.html HTTP/1.1" 404 39392 "-" "Mozilla/5.0 (compatible; MJ12bot/v1.4.8; http://mj12bot.com/)"
192.95.29.138 - - [28/Apr/2025:07:00:52 -0400] "GET /mlp/%EF%BB%BFhttp:/52-sell.com/o4q/moondance-rv-lot.html HTTP/1.1" 404 39295 "-" "Mozilla/5.0 (compatible; MJ12bot/v1.4.8; http://mj12bot.com/)"
20.171.207.19 - - [28/Apr/2025:07:00:55 -0400] "GET /wp-json/elementskit/v1/ HTTP/1.1" 404 114 "-" "Mozilla/5.0 AppleWebKit/537.36 (KHTML, like Gecko; compatible; GPTBot/1.2; +https://openai.com/gptbot)"
65.108.110.26 - - [28/Apr/2025:07:00:56 -0400] "GET /mlp/%EF%BB%BFhttp://52-sell.com/o4q/rubber-band-bracelets-with-beads.html HTTP/1.1" 301 0 "-" "Mozilla/5.0 (compatible; MJ12bot/v1.4.8; http://mj12bot.com/)"
192.95.29.138 - - [28/Apr/2025:07:00:56 -0400] "GET /mlp/%EF%BB%BFhttp://52-sell.com/o4q/more-often-meaning-in-tamil.html HTTP/1.1" 301 0 "-" "Mozilla/5.0 (compatible; MJ12bot/v1.4.8; http://mj12bot.com/)"
192.95.29.138 - - [28/Apr/2025:07:00:59 -0400] "GET /mlp/%EF%BB%BFhttp:/52-sell.com/o4q/more-often-meaning-in-tamil.html HTTP/1.1" 404 39235 "-" "Mozilla/5.0 (compatible; MJ12bot/v1.4.8; http://mj12bot.com/)"
65.108.110.26 - - [28/Apr/2025:07:01:00 -0400] "GET /mlp/%EF%BB%BFhttp:/52-sell.com/o4q/rubber-band-bracelets-with-beads.html HTTP/1.1" 404 39175 "-" "Mozilla/5.0 (compatible; MJ12bot/v1.4.8; http://mj12bot.com/)"
192.95.29.138 - - [28/Apr/2025:07:01:02 -0400] "GET /mlp/%EF%BB%BFhttp://52-sell.com/o4q/more-plates-more-dates-sarms.html HTTP/1.1" 301 0 "-" "Mozilla/5.0 (compatible; MJ12bot/v1.4.8; http://mj12bot.com/)"
20.171.207.19 - - [28/Apr/2025:07:01:05 -0400] "GET /wp-content/themes/onum/css/design-test.css?ver=6.7.2 HTTP/1.1" 404 39402 "-" "Mozilla/5.0 AppleWebKit/537.36 (KHTML, like Gecko; compatible; GPTBot/1.2; +https://openai.com/gptbot)"
65.108.110.26 - - [28/Apr/2025:07:01:04 -0400] "GET /mlp/%EF%BB%BFhttp://52-sell.com/o4q/ruger-350-legend-muzzle-brake.html HTTP/1.1" 301 0 "-" "Mozilla/5.0 (compatible; MJ12bot/v1.4.8; http://mj12bot.com/)"
192.95.29.138 - - [28/Apr/2025:07:01:05 -0400] "GET /mlp/%EF%BB%BFhttp:/52-sell.com/o4q/more-plates-more-dates-sarms.html HTTP/1.1" 404 39363 "-" "Mozilla/5.0 (compatible; MJ12bot/v1.4.8; http://mj12bot.com/)"
192.95.29.138 - - [28/Apr/2025:07:01:08 -0400] "GET /mlp/%EF%BB%BFhttp://52-sell.com/o4q/more-than-a-human-werewolf-book-pdf.html HTTP/1.1" 301 0 "-" "Mozilla/5.0 (compatible; MJ12bot/v1.4.8; http://mj12bot.com/)"
65.108.110.26 - - [28/Apr/2025:07:01:08 -0400] "GET /mlp/%EF%BB%BFhttp:/52-sell.com/o4q/ruger-350-legend-muzzle-brake.html HTTP/1.1" 404 39308 "-" "Mozilla/5.0 (compatible; MJ12bot/v1.4.8; http://mj12bot.com/)"
192.95.29.138 - - [28/Apr/2025:07:01:10 -0400] "GET /mlp/%EF%BB%BFhttp:/52-sell.com/o4q/more-than-a-human-werewolf-book-pdf.html HTTP/1.1" 404 39349 "-" "Mozilla/5.0 (compatible; MJ12bot/v1.4.8; http://mj12bot.com/)"
65.108.110.26 - - [28/Apr/2025:07:01:12 -0400] "GET /mlp/%EF%BB%BFhttp://52-sell.com/o4q/ruger-m77-varmint-target-243.html HTTP/1.1" 301 0 "-" "Mozilla/5.0 (compatible; MJ12bot/v1.4.8; http://mj12bot.com/)"
192.95.29.138 - - [28/Apr/2025:07:01:13 -0400] "GET /mlp/%EF%BB%BFhttp://52-sell.com/o4q/mortuary-las-vegas.html HTTP/1.1" 301 0 "-" "Mozilla/5.0 (compatible; MJ12bot/v1.4.8; http://mj12bot.com/)"
20.171.207.19 - - [28/Apr/2025:07:01:15 -0400] "GET /wp-content/themes/onum/js/design-test.js HTTP/1.1" 404 39107 "-" "Mozilla/5.0 AppleWebKit/537.36 (KHTML, like Gecko; compatible; GPTBot/1.2; +https://openai.com/gptbot)"
65.108.110.26 - - [28/Apr/2025:07:01:14 -0400] "GET /mlp/%EF%BB%BFhttp:/52-sell.com/o4q/ruger-m77-varmint-target-243.html HTTP/1.1" 404 39324 "-" "Mozilla/5.0 (compatible; MJ12bot/v1.4.8; http://mj12bot.com/)"
192.95.29.138 - - [28/Apr/2025:07:01:15 -0400] "GET /mlp/%EF%BB%BFhttp:/52-sell.com/o4q/mortuary-las-vegas.html HTTP/1.1" 404 39249 "-" "Mozilla/5.0 (compatible; MJ12bot/v1.4.8; http://mj12bot.com/)"
65.108.110.26 - - [28/Apr/2025:07:01:18 -0400] "GET /mlp/%EF%BB%BFhttp://52-sell.com/o4q/ruger-mini-14-stainless-buds-gun-shop.html HTTP/1.1" 301 0 "-" "Mozilla/5.0 (compatible; MJ12bot/v1.4.8; http://mj12bot.com/)"
192.95.29.138 - - [28/Apr/2025:07:01:18 -0400] "GET /mlp/%EF%BB%BFhttp://52-sell.com/o4q/most-cringe-fanfic.html HTTP/1.1" 301 0 "-" "Mozilla/5.0 (compatible; MJ12bot/v1.4.8; http://mj12bot.com/)"
192.95.29.138 - - [28/Apr/2025:07:01:20 -0400] "GET /mlp/%EF%BB%BFhttp:/52-sell.com/o4q/most-cringe-fanfic.html HTTP/1.1" 404 39196 "-" "Mozilla/5.0 (compatible; MJ12bot/v1.4.8; http://mj12bot.com/)"
65.108.110.26 - - [28/Apr/2025:07:01:20 -0400] "GET /mlp/%EF%BB%BFhttp:/52-sell.com/o4q/ruger-mini-14-stainless-buds-gun-shop.html HTTP/1.1" 404 39095 "-" "Mozilla/5.0 (compatible; MJ12bot/v1.4.8; http://mj12bot.com/)"
192.95.29.138 - - [28/Apr/2025:07:01:23 -0400] "GET /mlp/%EF%BB%BFhttp://52-sell.com/o4q/most-valuable-baseball-cards-1991.html HTTP/1.1" 301 0 "-" "Mozilla/5.0 (compatible; MJ12bot/v1.4.8; http://mj12bot.com/)"
65.108.110.26 - - [28/Apr/2025:07:01:24 -0400] "GET /mlp/%EF%BB%BFhttp://52-sell.com/o4q/ruger-revolvers-9mm.html HTTP/1.1" 301 0 "-" "Mozilla/5.0 (compatible; MJ12bot/v1.4.8; http://mj12bot.com/)"
20.171.207.19 - - [28/Apr/2025:07:01:26 -0400] "GET /mlp/%EF%BB%BFhttp:/52-sell.com/o4q/1952-chevy-truck-specs.html HTTP/1.1" 404 18490 "-" "Mozilla/5.0 AppleWebKit/537.36 (KHTML, like Gecko; compatible; GPTBot/1.2; +https://openai.com/gptbot)"
192.95.29.138 - - [28/Apr/2025:07:01:26 -0400] "GET /mlp/%EF%BB%BFhttp:/52-sell.com/o4q/most-valuable-baseball-cards-1991.html HTTP/1.1" 404 39186 "-" "Mozilla/5.0 (compatible; MJ12bot/v1.4.8; http://mj12bot.com/)"
65.108.110.26 - - [28/Apr/2025:07:01:27 -0400] "GET /mlp/%EF%BB%BFhttp:/52-sell.com/o4q/ruger-revolvers-9mm.html HTTP/1.1" 404 39280 "-" "Mozilla/5.0 (compatible; MJ12bot/v1.4.8; http://mj12bot.com/)"
192.95.29.138 - - [28/Apr/2025:07:01:29 -0400] "GET /mlp/%EF%BB%BFhttp://52-sell.com/o4q/most-versatile-guitar-amp.html HTTP/1.1" 301 0 "-" "Mozilla/5.0 (compatible; MJ12bot/v1.4.8; http://mj12bot.com/)"
65.108.110.26 - - [28/Apr/2025:07:01:31 -0400] "GET /mlp/%EF%BB%BFhttp://52-sell.com/o4q/runtime-virtual-texture-ue4.html HTTP/1.1" 301 0 "-" "Mozilla/5.0 (compatible; MJ12bot/v1.4.8; http://mj12bot.com/)"
192.95.29.138 - - [28/Apr/2025:07:01:32 -0400] "GET /mlp/%EF%BB%BFhttp:/52-sell.com/o4q/most-versatile-guitar-amp.html HTTP/1.1" 404 39261 "-" "Mozilla/5.0 (compatible; MJ12bot/v1.4.8; http://mj12bot.com/)"
66.29.132.124 - - [28/Apr/2025:07:01:34 -0400] "POST /wp-cron.php?doing_wp_cron=1745838094.6613469123840332031250 HTTP/1.1" 200 0 "-" "WordPress/6.8; https://arsn.media"
65.108.110.26 - - [28/Apr/2025:07:01:33 -0400] "GET /mlp/%EF%BB%BFhttp:/52-sell.com/o4q/runtime-virtual-texture-ue4.html HTTP/1.1" 404 39186 "-" "Mozilla/5.0 (compatible; MJ12bot/v1.4.8; http://mj12bot.com/)"
192.95.29.138 - - [28/Apr/2025:07:01:36 -0400] "GET /mlp/%EF%BB%BFhttp://52-sell.com/o4q/moto-g-stylus-network-unlock-code.html HTTP/1.1" 301 0 "-" "Mozilla/5.0 (compatible; MJ12bot/v1.4.8; http://mj12bot.com/)"
66.29.132.124 - - [28/Apr/2025:07:01:36 -0400] "POST /wp-admin/admin-ajax.php?action=async_litespeed&nonce=btZCQcjnMo37CUOoxHFvT9sI8uVJauu9&litespeed_type=imgoptm HTTP/1.1" 200 0 "-" "WordPress/6.8; https://arsn.media"
20.171.207.19 - - [28/Apr/2025:07:01:36 -0400] "GET /wp-admin/comment.php?action=trash&c=627 HTTP/1.1" 302 0 "-" "Mozilla/5.0 AppleWebKit/537.36 (KHTML, like Gecko; compatible; GPTBot/1.2; +https://openai.com/gptbot)"
65.108.110.26 - - [28/Apr/2025:07:01:38 -0400] "GET /mlp/%EF%BB%BFhttp://52-sell.com/o4q/russian-thermal-imaging.html HTTP/1.1" 301 0 "-" "Mozilla/5.0 (compatible; MJ12bot/v1.4.8; http://mj12bot.com/)"
192.95.29.138 - - [28/Apr/2025:07:01:38 -0400] "GET /mlp/%EF%BB%BFhttp:/52-sell.com/o4q/moto-g-stylus-network-unlock-code.html HTTP/1.1" 404 39190 "-" "Mozilla/5.0 (compatible; MJ12bot/v1.4.8; http://mj12bot.com/)"
192.95.29.138 - - [28/Apr/2025:07:01:42 -0400] "GET /mlp/%EF%BB%BFhttp://52-sell.com/o4q/motorcycle-blinkers-for-sale.html HTTP/1.1" 301 0 "-" "Mozilla/5.0 (compatible; MJ12bot/v1.4.8; http://mj12bot.com/)"
65.108.110.26 - - [28/Apr/2025:07:01:41 -0400] "GET /mlp/%EF%BB%BFhttp:/52-sell.com/o4q/russian-thermal-imaging.html HTTP/1.1" 404 39343 "-" "Mozilla/5.0 (compatible; MJ12bot/v1.4.8; http://mj12bot.com/)"
65.108.110.26 - - [28/Apr/2025:07:01:46 -0400] "GET /mlp/%EF%BB%BFhttp://52-sell.com/o4q/rustic-hickory-amish-furniture.html HTTP/1.1" 301 0 "-" "Mozilla/5.0 (compatible; MJ12bot/v1.4.8; http://mj12bot.com/)"
192.95.29.138 - - [28/Apr/2025:07:01:45 -0400] "GET /mlp/%EF%BB%BFhttp:/52-sell.com/o4q/motorcycle-blinkers-for-sale.html HTTP/1.1" 404 39372 "-" "Mozilla/5.0 (compatible; MJ12bot/v1.4.8; http://mj12bot.com/)"
66.29.132.124 - - [28/Apr/2025:07:01:47 -0400] "POST /wp-admin/admin-ajax.php?action=as_async_request_queue_runner&nonce=b691fb58eb HTTP/1.1" 200 0 "-" "WordPress/6.8; https://arsn.media"
20.171.207.19 - - [28/Apr/2025:07:01:46 -0400] "GET /wp-admin/comment.php?action=approve&c=627 HTTP/1.1" 302 0 "-" "Mozilla/5.0 AppleWebKit/537.36 (KHTML, like Gecko; compatible; GPTBot/1.2; +https://openai.com/gptbot)"
192.95.29.138 - - [28/Apr/2025:07:01:49 -0400] "GET /mlp/%EF%BB%BFhttp://52-sell.com/o4q/mount-san-jacinto-state-park-map.html HTTP/1.1" 301 0 "-" "Mozilla/5.0 (compatible; MJ12bot/v1.4.8; http://mj12bot.com/)"
