192.99.36.61 - - [28/Apr/2025:11:38:18 -0400] "GET /808/%EF%BB%BFhttp://52-sell.com/9it/archdiocese-of-seattle-directory.html HTTP/1.1" 301 0 "-" "Mozilla/5.0 (compatible; MJ12bot/v1.4.8; http://mj12bot.com/)"
147.135.252.179 - - [28/Apr/2025:11:38:22 -0400] "GET /mlp/%EF%BB%BFhttp:/52-sell.com/o4q/face-tracking-app-for-android.html HTTP/1.1" 404 39306 "-" "Mozilla/5.0 (compatible; MJ12bot/v1.4.8; http://mj12bot.com/)"
192.99.36.61 - - [28/Apr/2025:11:38:23 -0400] "GET /808/%EF%BB%BFhttp:/52-sell.com/9it/archdiocese-of-seattle-directory.html HTTP/1.1" 404 39178 "-" "Mozilla/5.0 (compatible; MJ12bot/v1.4.8; http://mj12bot.com/)"
147.135.252.179 - - [28/Apr/2025:11:38:26 -0400] "GET /mlp/%EF%BB%BFhttp://52-sell.com/o4q/facebook-clone-react.html HTTP/1.1" 301 0 "-" "Mozilla/5.0 (compatible; MJ12bot/v1.4.8; http://mj12bot.com/)"
192.99.36.61 - - [28/Apr/2025:11:38:29 -0400] "GET /808/%EF%BB%BFhttp://52-sell.com/9it/argos-phase-3-maxroll.html HTTP/1.1" 301 0 "-" "Mozilla/5.0 (compatible; MJ12bot/v1.4.8; http://mj12bot.com/)"
147.135.252.179 - - [28/Apr/2025:11:38:31 -0400] "GET /mlp/%EF%BB%BFhttp:/52-sell.com/o4q/facebook-clone-react.html HTTP/1.1" 404 39334 "-" "Mozilla/5.0 (compatible; MJ12bot/v1.4.8; http://mj12bot.com/)"
192.99.36.61 - - [28/Apr/2025:11:38:33 -0400] "GET /808/%EF%BB%BFhttp:/52-sell.com/9it/argos-phase-3-maxroll.html HTTP/1.1" 404 39334 "-" "Mozilla/5.0 (compatible; MJ12bot/v1.4.8; http://mj12bot.com/)"
66.29.132.124 - - [28/Apr/2025:11:38:37 -0400] "POST /wp-cron.php?doing_wp_cron=1745854716.8031160831451416015625 HTTP/1.1" 200 0 "-" "WordPress/6.8; https://arsn.media"
147.135.252.179 - - [28/Apr/2025:11:38:35 -0400] "GET /mlp/%EF%BB%BFhttp://52-sell.com/o4q/facebook-data-scientist-jobs-near-indiana.html HTTP/1.1" 301 0 "-" "Mozilla/5.0 (compatible; MJ12bot/v1.4.8; http://mj12bot.com/)"
192.99.36.61 - - [28/Apr/2025:11:38:37 -0400] "GET /808/%EF%BB%BFhttp://52-sell.com/9it/ascension-lawsuit-2021.html HTTP/1.1" 301 0 "-" "Mozilla/5.0 (compatible; MJ12bot/v1.4.8; http://mj12bot.com/)"
66.29.132.124 - - [28/Apr/2025:11:38:39 -0400] "POST /wp-admin/admin-ajax.php?action=async_litespeed&nonce=GZXdBTv1yUoWW1OmgT5qsdvUrgbqdmzg&litespeed_type=imgoptm HTTP/1.1" 200 0 "-" "WordPress/6.8; https://arsn.media"
20.171.207.19 - - [28/Apr/2025:11:38:39 -0400] "GET /xmlrpc.php HTTP/1.1" 405 46 "-" "Mozilla/5.0 AppleWebKit/537.36 (KHTML, like Gecko; compatible; GPTBot/1.2; +https://openai.com/gptbot)"
147.135.252.179 - - [28/Apr/2025:11:38:40 -0400] "GET /mlp/%EF%BB%BFhttp:/52-sell.com/o4q/facebook-data-scientist-jobs-near-indiana.html HTTP/1.1" 404 39317 "-" "Mozilla/5.0 (compatible; MJ12bot/v1.4.8; http://mj12bot.com/)"
192.99.36.61 - - [28/Apr/2025:11:38:41 -0400] "GET /808/%EF%BB%BFhttp:/52-sell.com/9it/ascension-lawsuit-2021.html HTTP/1.1" 404 39339 "-" "Mozilla/5.0 (compatible; MJ12bot/v1.4.8; http://mj12bot.com/)"
147.135.252.179 - - [28/Apr/2025:11:38:44 -0400] "GET /mlp/%EF%BB%BFhttp://52-sell.com/o4q/facebook-otp-generator.html HTTP/1.1" 301 0 "-" "Mozilla/5.0 (compatible; MJ12bot/v1.4.8; http://mj12bot.com/)"
192.99.36.61 - - [28/Apr/2025:11:38:45 -0400] "GET /808/%EF%BB%BFhttp://52-sell.com/9it/atomic-habits-book.html HTTP/1.1" 301 0 "-" "Mozilla/5.0 (compatible; MJ12bot/v1.4.8; http://mj12bot.com/)"
147.135.252.179 - - [28/Apr/2025:11:38:47 -0400] "GET /mlp/%EF%BB%BFhttp:/52-sell.com/o4q/facebook-otp-generator.html HTTP/1.1" 404 39308 "-" "Mozilla/5.0 (compatible; MJ12bot/v1.4.8; http://mj12bot.com/)"
66.29.132.124 - - [28/Apr/2025:11:38:51 -0400] "POST /wp-cron.php?doing_wp_cron=1745854730.3118619918823242187500 HTTP/1.1" 200 0 "-" "WordPress/6.8; https://arsn.media"
192.99.36.61 - - [28/Apr/2025:11:38:48 -0400] "GET /808/%EF%BB%BFhttp:/52-sell.com/9it/atomic-habits-book.html HTTP/1.1" 404 39249 "-" "Mozilla/5.0 (compatible; MJ12bot/v1.4.8; http://mj12bot.com/)"
147.135.252.179 - - [28/Apr/2025:11:38:52 -0400] "GET /mlp/%EF%BB%BFhttp://52-sell.com/o4q/failed-to-fetch-deployment-error-from-outputxml.html HTTP/1.1" 301 0 "-" "Mozilla/5.0 (compatible; MJ12bot/v1.4.8; http://mj12bot.com/)"
192.99.36.61 - - [28/Apr/2025:11:38:55 -0400] "GET /808/%EF%BB%BFhttp://52-sell.com/9it/audio-processing-library-python.html HTTP/1.1" 301 0 "-" "Mozilla/5.0 (compatible; MJ12bot/v1.4.8; http://mj12bot.com/)"
147.135.252.179 - - [28/Apr/2025:11:38:56 -0400] "GET /mlp/%EF%BB%BFhttp:/52-sell.com/o4q/failed-to-fetch-deployment-error-from-outputxml.html HTTP/1.1" 404 39303 "-" "Mozilla/5.0 (compatible; MJ12bot/v1.4.8; http://mj12bot.com/)"
192.99.36.61 - - [28/Apr/2025:11:38:59 -0400] "GET /808/%EF%BB%BFhttp:/52-sell.com/9it/audio-processing-library-python.html HTTP/1.1" 404 39132 "-" "Mozilla/5.0 (compatible; MJ12bot/v1.4.8; http://mj12bot.com/)"
147.135.252.179 - - [28/Apr/2025:11:39:02 -0400] "GET /mlp/%EF%BB%BFhttp://52-sell.com/o4q/fake-big-toenail.html HTTP/1.1" 301 0 "-" "Mozilla/5.0 (compatible; MJ12bot/v1.4.8; http://mj12bot.com/)"
192.99.36.61 - - [28/Apr/2025:11:39:03 -0400] "GET /808/%EF%BB%BFhttp://52-sell.com/9it/australian-hawks-and-falcons.html HTTP/1.1" 301 0 "-" "Mozilla/5.0 (compatible; MJ12bot/v1.4.8; http://mj12bot.com/)"
147.135.252.179 - - [28/Apr/2025:11:39:05 -0400] "GET /mlp/%EF%BB%BFhttp:/52-sell.com/o4q/fake-big-toenail.html HTTP/1.1" 404 39289 "-" "Mozilla/5.0 (compatible; MJ12bot/v1.4.8; http://mj12bot.com/)"
192.99.36.61 - - [28/Apr/2025:11:39:07 -0400] "GET /808/%EF%BB%BFhttp:/52-sell.com/9it/australian-hawks-and-falcons.html HTTP/1.1" 404 39368 "-" "Mozilla/5.0 (compatible; MJ12bot/v1.4.8; http://mj12bot.com/)"
147.135.252.179 - - [28/Apr/2025:11:39:10 -0400] "GET /mlp/%EF%BB%BFhttp://52-sell.com/o4q/fake-toe-nails-for-nail-fungus.html HTTP/1.1" 301 0 "-" "Mozilla/5.0 (compatible; MJ12bot/v1.4.8; http://mj12bot.com/)"
192.99.36.61 - - [28/Apr/2025:11:39:12 -0400] "GET /808/%EF%BB%BFhttp://52-sell.com/9it/autodiscover-o365.html HTTP/1.1" 301 0 "-" "Mozilla/5.0 (compatible; MJ12bot/v1.4.8; http://mj12bot.com/)"
147.135.252.179 - - [28/Apr/2025:11:39:15 -0400] "GET /mlp/%EF%BB%BFhttp:/52-sell.com/o4q/fake-toe-nails-for-nail-fungus.html HTTP/1.1" 404 39283 "-" "Mozilla/5.0 (compatible; MJ12bot/v1.4.8; http://mj12bot.com/)"
192.99.36.61 - - [28/Apr/2025:11:39:17 -0400] "GET /808/%EF%BB%BFhttp:/52-sell.com/9it/autodiscover-o365.html HTTP/1.1" 404 39235 "-" "Mozilla/5.0 (compatible; MJ12bot/v1.4.8; http://mj12bot.com/)"
192.99.36.61 - - [28/Apr/2025:11:39:22 -0400] "GET /808/%EF%BB%BFhttp://52-sell.com/9it/b2b-gift-cards-target.html HTTP/1.1" 301 0 "-" "Mozilla/5.0 (compatible; MJ12bot/v1.4.8; http://mj12bot.com/)"
147.135.252.179 - - [28/Apr/2025:11:39:21 -0400] "GET /mlp/%EF%BB%BFhttp://52-sell.com/o4q/fake-twitter-verified-symbol-copy-and-paste-2020.html HTTP/1.1" 301 0 "-" "Mozilla/5.0 (compatible; MJ12bot/v1.4.8; http://mj12bot.com/)"
147.135.252.179 - - [28/Apr/2025:11:39:26 -0400] "GET /mlp/%EF%BB%BFhttp:/52-sell.com/o4q/fake-twitter-verified-symbol-copy-and-paste-2020.html HTTP/1.1" 404 39292 "-" "Mozilla/5.0 (compatible; MJ12bot/v1.4.8; http://mj12bot.com/)"
192.99.36.61 - - [28/Apr/2025:11:39:26 -0400] "GET /808/%EF%BB%BFhttp:/52-sell.com/9it/b2b-gift-cards-target.html HTTP/1.1" 404 39332 "-" "Mozilla/5.0 (compatible; MJ12bot/v1.4.8; http://mj12bot.com/)"
192.99.36.61 - - [28/Apr/2025:11:39:31 -0400] "GET /808/%EF%BB%BFhttp://52-sell.com/9it/bach-cello-suite-1-prelude-sheet-music-pdf.html HTTP/1.1" 301 0 "-" "Mozilla/5.0 (compatible; MJ12bot/v1.4.8; http://mj12bot.com/)"
147.135.252.179 - - [28/Apr/2025:11:39:31 -0400] "GET /mlp/%EF%BB%BFhttp://52-sell.com/o4q/fallenshadow-archive.html HTTP/1.1" 301 0 "-" "Mozilla/5.0 (compatible; MJ12bot/v1.4.8; http://mj12bot.com/)"
192.99.36.61 - - [28/Apr/2025:11:39:35 -0400] "GET /808/%EF%BB%BFhttp:/52-sell.com/9it/bach-cello-suite-1-prelude-sheet-music-pdf.html HTTP/1.1" 404 39303 "-" "Mozilla/5.0 (compatible; MJ12bot/v1.4.8; http://mj12bot.com/)"
147.135.252.179 - - [28/Apr/2025:11:39:35 -0400] "GET /mlp/%EF%BB%BFhttp:/52-sell.com/o4q/fallenshadow-archive.html HTTP/1.1" 404 39279 "-" "Mozilla/5.0 (compatible; MJ12bot/v1.4.8; http://mj12bot.com/)"
147.135.252.179 - - [28/Apr/2025:11:39:40 -0400] "GET /mlp/%EF%BB%BFhttp://52-sell.com/o4q/falling-film-evaporator-specifications.html HTTP/1.1" 301 0 "-" "Mozilla/5.0 (compatible; MJ12bot/v1.4.8; http://mj12bot.com/)"
192.99.36.61 - - [28/Apr/2025:11:39:40 -0400] "GET /808/%EF%BB%BFhttp://52-sell.com/9it/batman-joins-league-of-assassins-fanfiction.html HTTP/1.1" 301 0 "-" "Mozilla/5.0 (compatible; MJ12bot/v1.4.8; http://mj12bot.com/)"
147.135.252.179 - - [28/Apr/2025:11:39:43 -0400] "GET /mlp/%EF%BB%BFhttp:/52-sell.com/o4q/falling-film-evaporator-specifications.html HTTP/1.1" 404 39176 "-" "Mozilla/5.0 (compatible; MJ12bot/v1.4.8; http://mj12bot.com/)"
192.99.36.61 - - [28/Apr/2025:11:39:44 -0400] "GET /808/%EF%BB%BFhttp:/52-sell.com/9it/batman-joins-league-of-assassins-fanfiction.html HTTP/1.1" 404 39265 "-" "Mozilla/5.0 (compatible; MJ12bot/v1.4.8; http://mj12bot.com/)"
192.99.36.61 - - [28/Apr/2025:11:39:50 -0400] "GET /808/%EF%BB%BFhttp://52-sell.com/9it/beachfront-homes-for-sale-indian-pass-fl.html HTTP/1.1" 301 0 "-" "Mozilla/5.0 (compatible; MJ12bot/v1.4.8; http://mj12bot.com/)"
147.135.252.179 - - [28/Apr/2025:11:39:50 -0400] "GET /mlp/%EF%BB%BFhttp://52-sell.com/o4q/fallout-4-crash-on-startup-no-mods.html HTTP/1.1" 301 0 "-" "Mozilla/5.0 (compatible; MJ12bot/v1.4.8; http://mj12bot.com/)"
66.29.132.124 - - [28/Apr/2025:11:39:53 -0400] "POST /wp-cron.php?doing_wp_cron=1745854791.5498559474945068359375 HTTP/1.1" 200 0 "-" "WordPress/6.8; https://arsn.media"
66.29.132.124 - - [28/Apr/2025:11:39:53 -0400] "POST /wp-cron.php?doing_wp_cron=1745854791.9818260669708251953125 HTTP/1.1" 200 0 "-" "WordPress/6.8; https://arsn.media"
192.99.36.61 - - [28/Apr/2025:11:39:55 -0400] "GET /808/%EF%BB%BFhttp:/52-sell.com/9it/beachfront-homes-for-sale-indian-pass-fl.html HTTP/1.1" 404 39236 "-" "Mozilla/5.0 (compatible; MJ12bot/v1.4.8; http://mj12bot.com/)"
147.135.252.179 - - [28/Apr/2025:11:39:55 -0400] "GET /mlp/%EF%BB%BFhttp:/52-sell.com/o4q/fallout-4-crash-on-startup-no-mods.html HTTP/1.1" 404 39233 "-" "Mozilla/5.0 (compatible; MJ12bot/v1.4.8; http://mj12bot.com/)"
192.99.36.61 - - [28/Apr/2025:11:40:01 -0400] "GET /808/%EF%BB%BFhttp://52-sell.com/9it/because-he-lives-piano-music.html HTTP/1.1" 301 0 "-" "Mozilla/5.0 (compatible; MJ12bot/v1.4.8; http://mj12bot.com/)"
147.135.252.179 - - [28/Apr/2025:11:40:03 -0400] "GET /mlp/%EF%BB%BFhttp://52-sell.com/o4q/fallout-4-crashing-when-running-to-vault.html HTTP/1.1" 301 0 "-" "Mozilla/5.0 (compatible; MJ12bot/v1.4.8; http://mj12bot.com/)"
192.99.36.61 - - [28/Apr/2025:11:40:08 -0400] "GET /808/%EF%BB%BFhttp:/52-sell.com/9it/because-he-lives-piano-music.html HTTP/1.1" 404 39367 "-" "Mozilla/5.0 (compatible; MJ12bot/v1.4.8; http://mj12bot.com/)"
147.135.252.179 - - [28/Apr/2025:11:40:09 -0400] "GET /mlp/%EF%BB%BFhttp:/52-sell.com/o4q/fallout-4-crashing-when-running-to-vault.html HTTP/1.1" 404 39245 "-" "Mozilla/5.0 (compatible; MJ12bot/v1.4.8; http://mj12bot.com/)"
192.99.36.61 - - [28/Apr/2025:11:40:19 -0400] "GET /808/%EF%BB%BFhttp://52-sell.com/9it/because-he-lives-solfa-notation.html HTTP/1.1" 301 0 "-" "Mozilla/5.0 (compatible; MJ12bot/v1.4.8; http://mj12bot.com/)"
147.135.252.179 - - [28/Apr/2025:11:40:19 -0400] "GET /mlp/%EF%BB%BFhttp://52-sell.com/o4q/family-network-example.html HTTP/1.1" 301 0 "-" "Mozilla/5.0 (compatible; MJ12bot/v1.4.8; http://mj12bot.com/)"
192.99.36.61 - - [28/Apr/2025:11:40:26 -0400] "GET /808/%EF%BB%BFhttp:/52-sell.com/9it/because-he-lives-solfa-notation.html HTTP/1.1" 404 39186 "-" "Mozilla/5.0 (compatible; MJ12bot/v1.4.8; http://mj12bot.com/)"
147.135.252.179 - - [28/Apr/2025:11:40:27 -0400] "GET /mlp/%EF%BB%BFhttp:/52-sell.com/o4q/family-network-example.html HTTP/1.1" 404 39305 "-" "Mozilla/5.0 (compatible; MJ12bot/v1.4.8; http://mj12bot.com/)"
192.99.36.61 - - [28/Apr/2025:11:40:34 -0400] "GET /808/%EF%BB%BFhttp://52-sell.com/9it/best-5th-wheel-for-full-time-living-with-bunkhouse.html HTTP/1.1" 301 0 "-" "Mozilla/5.0 (compatible; MJ12bot/v1.4.8; http://mj12bot.com/)"
147.135.252.179 - - [28/Apr/2025:11:40:35 -0400] "GET /mlp/%EF%BB%BFhttp://52-sell.com/o4q/famous-apparitions.html HTTP/1.1" 301 0 "-" "Mozilla/5.0 (compatible; MJ12bot/v1.4.8; http://mj12bot.com/)"
192.99.36.61 - - [28/Apr/2025:11:40:40 -0400] "GET /808/%EF%BB%BFhttp:/52-sell.com/9it/best-5th-wheel-for-full-time-living-with-bunkhouse.html HTTP/1.1" 404 39278 "-" "Mozilla/5.0 (compatible; MJ12bot/v1.4.8; http://mj12bot.com/)"
147.135.252.179 - - [28/Apr/2025:11:40:41 -0400] "GET /mlp/%EF%BB%BFhttp:/52-sell.com/o4q/famous-apparitions.html HTTP/1.1" 404 39200 "-" "Mozilla/5.0 (compatible; MJ12bot/v1.4.8; http://mj12bot.com/)"
192.99.36.61 - - [28/Apr/2025:11:40:45 -0400] "GET /808/%EF%BB%BFhttp://52-sell.com/9it/best-mamoru-hosoda-movies.html HTTP/1.1" 301 0 "-" "Mozilla/5.0 (compatible; MJ12bot/v1.4.8; http://mj12bot.com/)"
147.135.252.179 - - [28/Apr/2025:11:40:48 -0400] "GET /mlp/%EF%BB%BFhttp://52-sell.com/o4q/famous-black-pastors.html HTTP/1.1" 301 0 "-" "Mozilla/5.0 (compatible; MJ12bot/v1.4.8; http://mj12bot.com/)"
66.29.132.124 - - [28/Apr/2025:11:40:53 -0400] "POST /wp-cron.php?doing_wp_cron=1745854853.0871930122375488281250 HTTP/1.1" 200 0 "-" "WordPress/6.8; https://arsn.media"
192.99.36.61 - - [28/Apr/2025:11:40:51 -0400] "GET /808/%EF%BB%BFhttp:/52-sell.com/9it/best-mamoru-hosoda-movies.html HTTP/1.1" 404 39263 "-" "Mozilla/5.0 (compatible; MJ12bot/v1.4.8; http://mj12bot.com/)"
147.135.252.179 - - [28/Apr/2025:11:40:53 -0400] "GET /mlp/%EF%BB%BFhttp:/52-sell.com/o4q/famous-black-pastors.html HTTP/1.1" 404 39281 "-" "Mozilla/5.0 (compatible; MJ12bot/v1.4.8; http://mj12bot.com/)"
66.29.132.124 - - [28/Apr/2025:11:41:00 -0400] "POST /wp-admin/admin-ajax.php?action=async_litespeed&nonce=N6hiV4BkG6FZJqNJZQteNFfWympIk75T&litespeed_type=imgoptm HTTP/1.1" 200 0 "-" "WordPress/6.8; https://arsn.media"
147.135.252.179 - - [28/Apr/2025:11:41:00 -0400] "GET /mlp/%EF%BB%BFhttp://52-sell.com/o4q/federal-inmate-lookup-near-georgia.html HTTP/1.1" 301 0 "-" "Mozilla/5.0 (compatible; MJ12bot/v1.4.8; http://mj12bot.com/)"
192.99.36.61 - - [28/Apr/2025:11:41:00 -0400] "GET /808/%EF%BB%BFhttp://52-sell.com/9it/best-ps1-emulator.html HTTP/1.1" 301 0 "-" "Mozilla/5.0 (compatible; MJ12bot/v1.4.8; http://mj12bot.com/)"
147.135.252.179 - - [28/Apr/2025:11:41:04 -0400] "GET /mlp/%EF%BB%BFhttp:/52-sell.com/o4q/federal-inmate-lookup-near-georgia.html HTTP/1.1" 404 39225 "-" "Mozilla/5.0 (compatible; MJ12bot/v1.4.8; http://mj12bot.com/)"
192.99.36.61 - - [28/Apr/2025:11:41:05 -0400] "GET /808/%EF%BB%BFhttp:/52-sell.com/9it/best-ps1-emulator.html HTTP/1.1" 404 39234 "-" "Mozilla/5.0 (compatible; MJ12bot/v1.4.8; http://mj12bot.com/)"
147.135.252.179 - - [28/Apr/2025:11:41:10 -0400] "GET /mlp/%EF%BB%BFhttp://52-sell.com/o4q/fema-rates-2021.html HTTP/1.1" 301 0 "-" "Mozilla/5.0 (compatible; MJ12bot/v1.4.8; http://mj12bot.com/)"
192.99.36.61 - - [28/Apr/2025:11:41:10 -0400] "GET /808/%EF%BB%BFhttp://52-sell.com/9it/bgp-cisco-live.html HTTP/1.1" 301 0 "-" "Mozilla/5.0 (compatible; MJ12bot/v1.4.8; http://mj12bot.com/)"
192.99.36.61 - - [28/Apr/2025:11:41:14 -0400] "GET /808/%EF%BB%BFhttp:/52-sell.com/9it/bgp-cisco-live.html HTTP/1.1" 404 39181 "-" "Mozilla/5.0 (compatible; MJ12bot/v1.4.8; http://mj12bot.com/)"
147.135.252.179 - - [28/Apr/2025:11:41:14 -0400] "GET /mlp/%EF%BB%BFhttp:/52-sell.com/o4q/fema-rates-2021.html HTTP/1.1" 404 39339 "-" "Mozilla/5.0 (compatible; MJ12bot/v1.4.8; http://mj12bot.com/)"
192.99.36.61 - - [28/Apr/2025:11:41:19 -0400] "GET /808/%EF%BB%BFhttp://52-sell.com/9it/black-ops-3-cheat-engine-crash.html HTTP/1.1" 301 0 "-" "Mozilla/5.0 (compatible; MJ12bot/v1.4.8; http://mj12bot.com/)"
147.135.252.179 - - [28/Apr/2025:11:41:19 -0400] "GET /mlp/%EF%BB%BFhttp://52-sell.com/o4q/ferrule-crimping-tool-harbor-freight.html HTTP/1.1" 301 0 "-" "Mozilla/5.0 (compatible; MJ12bot/v1.4.8; http://mj12bot.com/)"
20.171.207.19 - - [28/Apr/2025:11:41:23 -0400] "GET /wp-content/uploads/2020/10/404.png%20707w,%20https:/arsn.media/wp-content/uploads/2020/10/404-300x110.png%20300w HTTP/1.1" 404 39298 "-" "Mozilla/5.0 AppleWebKit/537.36 (KHTML, like Gecko; compatible; GPTBot/1.2; +https://openai.com/gptbot)"
192.99.36.61 - - [28/Apr/2025:11:41:21 -0400] "GET /808/%EF%BB%BFhttp:/52-sell.com/9it/black-ops-3-cheat-engine-crash.html HTTP/1.1" 404 39287 "-" "Mozilla/5.0 (compatible; MJ12bot/v1.4.8; http://mj12bot.com/)"
20.171.207.19 - - [28/Apr/2025:11:41:25 -0400] "GET /wp-content/uploads/2020/09/ARSN-Final-Logos-scaled.jpg%202560w,%20https:/arsn.media/wp-content/uploads/2020/09/ARSN-Final-Logos-300x138.jpg%20300w,%20https:/arsn.media/wp-content/uploads/2020/09/ARSN-Final-Logos-1024x471.jpg%201024w,%20https:/arsn.media/ARSN-Final-Logos-768x353.jpg%20768w,%20https:/ARSN-Final-Logos-1536x706.jpg%201536w,%20https:/ARSN-Final-Logos-2048x942.jpg%202048w HTTP/1.1" 404 39350 "-" "Mozilla/5.0 AppleWebKit/537.36 (KHTML, like Gecko; compatible; GPTBot/1.2; +https://openai.com/gptbot)"
147.135.252.179 - - [28/Apr/2025:11:41:23 -0400] "GET /mlp/%EF%BB%BFhttp:/52-sell.com/o4q/ferrule-crimping-tool-harbor-freight.html HTTP/1.1" 404 39243 "-" "Mozilla/5.0 (compatible; MJ12bot/v1.4.8; http://mj12bot.com/)"
192.99.36.61 - - [28/Apr/2025:11:41:26 -0400] "GET /808/%EF%BB%BFhttp://52-sell.com/9it/bleach-fanfiction-ichigo-first-male-shinigami.html HTTP/1.1" 301 0 "-" "Mozilla/5.0 (compatible; MJ12bot/v1.4.8; http://mj12bot.com/)"
147.135.252.179 - - [28/Apr/2025:11:41:28 -0400] "GET /mlp/%EF%BB%BFhttp://52-sell.com/o4q/ffx2-alchemist-ap.html HTTP/1.1" 301 0 "-" "Mozilla/5.0 (compatible; MJ12bot/v1.4.8; http://mj12bot.com/)"
20.171.207.19 - - [28/Apr/2025:11:41:27 -0400] "GET /wp-content/themes/onum/js/design-test.js HTTP/1.1" 404 21278 "-" "Mozilla/5.0 AppleWebKit/537.36 (KHTML, like Gecko; compatible; GPTBot/1.2; +https://openai.com/gptbot)"
192.99.36.61 - - [28/Apr/2025:11:41:29 -0400] "GET /808/%EF%BB%BFhttp:/52-sell.com/9it/bleach-fanfiction-ichigo-first-male-shinigami.html HTTP/1.1" 404 39390 "-" "Mozilla/5.0 (compatible; MJ12bot/v1.4.8; http://mj12bot.com/)"
20.171.207.19 - - [28/Apr/2025:11:41:30 -0400] "GET /wp-content/themes/onum/css/design-test.css?ver=6.7.1 HTTP/1.1" 404 22084 "-" "Mozilla/5.0 AppleWebKit/537.36 (KHTML, like Gecko; compatible; GPTBot/1.2; +https://openai.com/gptbot)"
147.135.252.179 - - [28/Apr/2025:11:41:31 -0400] "GET /mlp/%EF%BB%BFhttp:/52-sell.com/o4q/ffx2-alchemist-ap.html HTTP/1.1" 404 39291 "-" "Mozilla/5.0 (compatible; MJ12bot/v1.4.8; http://mj12bot.com/)"
20.171.207.19 - - [28/Apr/2025:11:41:33 -0400] "GET /wp-json/elementskit/v1/ HTTP/1.1" 404 114 "-" "Mozilla/5.0 AppleWebKit/537.36 (KHTML, like Gecko; compatible; GPTBot/1.2; +https://openai.com/gptbot)"
192.99.36.61 - - [28/Apr/2025:11:41:32 -0400] "GET /808/%EF%BB%BFhttp://52-sell.com/9it/blender-system-is-out-of-gpu-and-shared-host-memory.html HTTP/1.1" 301 0 "-" "Mozilla/5.0 (compatible; MJ12bot/v1.4.8; http://mj12bot.com/)"
66.29.132.124 - - [28/Apr/2025:11:41:36 -0400] "POST /wp-cron.php?doing_wp_cron=1745854895.7711811065673828125000 HTTP/1.1" 200 0 "-" "WordPress/6.8; https://arsn.media"
147.135.252.179 - - [28/Apr/2025:11:41:34 -0400] "GET /mlp/%EF%BB%BFhttp://52-sell.com/o4q/ffxiv-using-act.html HTTP/1.1" 301 0 "-" "Mozilla/5.0 (compatible; MJ12bot/v1.4.8; http://mj12bot.com/)"
192.99.36.61 - - [28/Apr/2025:11:41:35 -0400] "GET /808/%EF%BB%BFhttp:/52-sell.com/9it/blender-system-is-out-of-gpu-and-shared-host-memory.html HTTP/1.1" 404 39235 "-" "Mozilla/5.0 (compatible; MJ12bot/v1.4.8; http://mj12bot.com/)"
66.29.132.124 - - [28/Apr/2025:11:41:38 -0400] "POST /wp-admin/admin-ajax.php?action=async_litespeed&nonce=3Zd1jJhafIV5n6Q9DCaPnI965KF3R2nA&litespeed_type=imgoptm HTTP/1.1" 200 0 "-" "WordPress/6.8; https://arsn.media"
147.135.252.179 - - [28/Apr/2025:11:41:38 -0400] "GET /mlp/%EF%BB%BFhttp:/52-sell.com/o4q/ffxiv-using-act.html HTTP/1.1" 404 39342 "-" "Mozilla/5.0 (compatible; MJ12bot/v1.4.8; http://mj12bot.com/)"
216.244.66.201 - - [28/Apr/2025:11:41:38 -0400] "GET /ukdygc/property-with-land-for-sale-snowdonia.html HTTP/1.1" 404 567415 "-" "Mozilla/5.0 (compatible; DotBot/1.2; +https://opensiteexplorer.org/dotbot; help@moz.com)"
192.99.36.61 - - [28/Apr/2025:11:41:40 -0400] "GET /808/%EF%BB%BFhttp://52-sell.com/9it/blue-gateway-laptop.html HTTP/1.1" 301 0 "-" "Mozilla/5.0 (compatible; MJ12bot/v1.4.8; http://mj12bot.com/)"
20.171.207.19 - - [28/Apr/2025:11:41:42 -0400] "GET /?p=13211 HTTP/1.1" 301 0 "-" "Mozilla/5.0 AppleWebKit/537.36 (KHTML, like Gecko; compatible; GPTBot/1.2; +https://openai.com/gptbot)"
147.135.252.179 - - [28/Apr/2025:11:41:42 -0400] "GET /mlp/%EF%BB%BFhttp://52-sell.com/o4q/fictitious-business-name-publication-alameda-county.html HTTP/1.1" 301 0 "-" "Mozilla/5.0 (compatible; MJ12bot/v1.4.8; http://mj12bot.com/)"
20.171.207.19 - - [28/Apr/2025:11:41:44 -0400] "GET /xmlrpc.php HTTP/1.1" 405 46 "-" "Mozilla/5.0 AppleWebKit/537.36 (KHTML, like Gecko; compatible; GPTBot/1.2; +https://openai.com/gptbot)"
192.99.36.61 - - [28/Apr/2025:11:41:44 -0400] "GET /808/%EF%BB%BFhttp:/52-sell.com/9it/blue-gateway-laptop.html HTTP/1.1" 404 39271 "-" "Mozilla/5.0 (compatible; MJ12bot/v1.4.8; http://mj12bot.com/)"
147.135.252.179 - - [28/Apr/2025:11:41:46 -0400] "GET /mlp/%EF%BB%BFhttp:/52-sell.com/o4q/fictitious-business-name-publication-alameda-county.html HTTP/1.1" 404 39296 "-" "Mozilla/5.0 (compatible; MJ12bot/v1.4.8; http://mj12bot.com/)"
66.29.132.124 - - [28/Apr/2025:11:41:51 -0400] "POST /wp-cron.php?doing_wp_cron=1745854910.6598289012908935546875 HTTP/1.1" 200 0 "-" "WordPress/6.8; https://arsn.media"
192.99.36.61 - - [28/Apr/2025:11:41:49 -0400] "GET /808/%EF%BB%BFhttp://52-sell.com/9it/blue-iris-android-app-download.html HTTP/1.1" 301 0 "-" "Mozilla/5.0 (compatible; MJ12bot/v1.4.8; http://mj12bot.com/)"
147.135.252.179 - - [28/Apr/2025:11:41:52 -0400] "GET /mlp/%EF%BB%BFhttp://52-sell.com/o4q/final-fantasy-7-low-poly-stl.html HTTP/1.1" 301 0 "-" "Mozilla/5.0 (compatible; MJ12bot/v1.4.8; http://mj12bot.com/)"
192.99.36.61 - - [28/Apr/2025:11:41:53 -0400] "GET /808/%EF%BB%BFhttp:/52-sell.com/9it/blue-iris-android-app-download.html HTTP/1.1" 404 39250 "-" "Mozilla/5.0 (compatible; MJ12bot/v1.4.8; http://mj12bot.com/)"
147.135.252.179 - - [28/Apr/2025:11:41:56 -0400] "GET /mlp/%EF%BB%BFhttp:/52-sell.com/o4q/final-fantasy-7-low-poly-stl.html HTTP/1.1" 404 39366 "-" "Mozilla/5.0 (compatible; MJ12bot/v1.4.8; http://mj12bot.com/)"
192.99.36.61 - - [28/Apr/2025:11:41:59 -0400] "GET /808/%EF%BB%BFhttp://52-sell.com/9it/bootstrap-multiple-modal-close-issue.html HTTP/1.1" 301 0 "-" "Mozilla/5.0 (compatible; MJ12bot/v1.4.8; http://mj12bot.com/)"
20.171.207.19 - - [28/Apr/2025:11:42:02 -0400] "GET /wp-content/uploads/2020/09/ARSN-Final-Logos-scaled.jpg%202560w,%20https:/arsn.media/wp-content/uploads/2020/09/ARSN-Final-Logos-300x138.jpg%20300w,%20https:/arsn.media/wp-content/uploads/2020/09/ARSN-Final-Logos-1024x471.jpg%201024w,%20https:/arsn.media/ARSN-Final-Logos-768x353.jpg%20768w,%20https:/ARSN-Final-Logos-1536x706.jpg%201536w,%20https:/ARSN-Final-Logos-2048x942.jpg%202048w HTTP/1.1" 404 39350 "-" "Mozilla/5.0 AppleWebKit/537.36 (KHTML, like Gecko; compatible; GPTBot/1.2; +https://openai.com/gptbot)"
147.135.252.179 - - [28/Apr/2025:11:42:01 -0400] "GET /mlp/%EF%BB%BFhttp://52-sell.com/o4q/financial-aid-coursera-answers-quora.html HTTP/1.1" 301 0 "-" "Mozilla/5.0 (compatible; MJ12bot/v1.4.8; http://mj12bot.com/)"
192.99.36.61 - - [28/Apr/2025:11:42:02 -0400] "GET /808/%EF%BB%BFhttp:/52-sell.com/9it/bootstrap-multiple-modal-close-issue.html HTTP/1.1" 404 39244 "-" "Mozilla/5.0 (compatible; MJ12bot/v1.4.8; http://mj12bot.com/)"
20.171.207.19 - - [28/Apr/2025:11:42:05 -0400] "GET /wp-content/uploads/2020/10/404.png%20707w,%20https:/arsn.media/wp-content/uploads/2020/10/404-300x110.png%20300w HTTP/1.1" 404 39298 "-" "Mozilla/5.0 AppleWebKit/537.36 (KHTML, like Gecko; compatible; GPTBot/1.2; +https://openai.com/gptbot)"
20.171.207.19 - - [28/Apr/2025:11:42:07 -0400] "GET /wp-json/elementskit/v1/ HTTP/1.1" 404 114 "-" "Mozilla/5.0 AppleWebKit/537.36 (KHTML, like Gecko; compatible; GPTBot/1.2; +https://openai.com/gptbot)"
147.135.252.179 - - [28/Apr/2025:11:42:05 -0400] "GET /mlp/%EF%BB%BFhttp:/52-sell.com/o4q/financial-aid-coursera-answers-quora.html HTTP/1.1" 404 39180 "-" "Mozilla/5.0 (compatible; MJ12bot/v1.4.8; http://mj12bot.com/)"
192.99.36.61 - - [28/Apr/2025:11:42:07 -0400] "GET /808/%EF%BB%BFhttp://52-sell.com/9it/brembo-calipers-price.html HTTP/1.1" 301 0 "-" "Mozilla/5.0 (compatible; MJ12bot/v1.4.8; http://mj12bot.com/)"
20.171.207.19 - - [28/Apr/2025:11:42:09 -0400] "GET /wp-content/themes/onum/css/design-test.css?ver=6.7.2 HTTP/1.1" 404 39407 "-" "Mozilla/5.0 AppleWebKit/537.36 (KHTML, like Gecko; compatible; GPTBot/1.2; +https://openai.com/gptbot)"
40.77.167.33 - - [28/Apr/2025:11:42:10 -0400] "GET /wp-content/uploads/2020/09/arsn-logo.png HTTP/1.1" 200 24236 "-" "Mozilla/5.0 AppleWebKit/537.36 (KHTML, like Gecko; compatible; bingbot/2.0; +http://www.bing.com/bingbot.htm) Chrome/116.0.1938.76 Safari/537.36"
147.135.252.179 - - [28/Apr/2025:11:42:10 -0400] "GET /mlp/%EF%BB%BFhttp://52-sell.com/o4q/finch-funeral-home-obituary.html HTTP/1.1" 301 0 "-" "Mozilla/5.0 (compatible; MJ12bot/v1.4.8; http://mj12bot.com/)"
192.99.36.61 - - [28/Apr/2025:11:42:10 -0400] "GET /808/%EF%BB%BFhttp:/52-sell.com/9it/brembo-calipers-price.html HTTP/1.1" 404 39389 "-" "Mozilla/5.0 (compatible; MJ12bot/v1.4.8; http://mj12bot.com/)"
20.171.207.19 - - [28/Apr/2025:11:42:11 -0400] "GET /wp-content/themes/onum/js/design-test.js HTTP/1.1" 404 18481 "-" "Mozilla/5.0 AppleWebKit/537.36 (KHTML, like Gecko; compatible; GPTBot/1.2; +https://openai.com/gptbot)"
147.135.252.179 - - [28/Apr/2025:11:42:14 -0400] "GET /mlp/%EF%BB%BFhttp:/52-sell.com/o4q/finch-funeral-home-obituary.html HTTP/1.1" 404 39173 "-" "Mozilla/5.0 (compatible; MJ12bot/v1.4.8; http://mj12bot.com/)"
192.99.36.61 - - [28/Apr/2025:11:42:15 -0400] "GET /808/%EF%BB%BFhttp://52-sell.com/9it/browning-citori-725-sporting-maple.html HTTP/1.1" 301 0 "-" "Mozilla/5.0 (compatible; MJ12bot/v1.4.8; http://mj12bot.com/)"
216.244.66.201 - - [28/Apr/2025:11:42:16 -0400] "GET /snw9shr/micro-swiss-direct-drive-e-steps.html HTTP/1.1" 404 567191 "-" "Mozilla/5.0 (compatible; DotBot/1.2; +https://opensiteexplorer.org/dotbot; help@moz.com)"
147.135.252.179 - - [28/Apr/2025:11:42:17 -0400] "GET /mlp/%EF%BB%BFhttp://52-sell.com/o4q/fire-tv-cube-2021-specs.html HTTP/1.1" 301 0 "-" "Mozilla/5.0 (compatible; MJ12bot/v1.4.8; http://mj12bot.com/)"
192.99.36.61 - - [28/Apr/2025:11:42:19 -0400] "GET /808/%EF%BB%BFhttp:/52-sell.com/9it/browning-citori-725-sporting-maple.html HTTP/1.1" 404 39232 "-" "Mozilla/5.0 (compatible; MJ12bot/v1.4.8; http://mj12bot.com/)"
147.135.252.179 - - [28/Apr/2025:11:42:21 -0400] "GET /mlp/%EF%BB%BFhttp:/52-sell.com/o4q/fire-tv-cube-2021-specs.html HTTP/1.1" 404 39373 "-" "Mozilla/5.0 (compatible; MJ12bot/v1.4.8; http://mj12bot.com/)"
192.99.36.61 - - [28/Apr/2025:11:42:25 -0400] "GET /808/%EF%BB%BFhttp://52-sell.com/9it/bsa-martini-sights.html HTTP/1.1" 301 0 "-" "Mozilla/5.0 (compatible; MJ12bot/v1.4.8; http://mj12bot.com/)"
147.135.252.179 - - [28/Apr/2025:11:42:28 -0400] "GET /mlp/%EF%BB%BFhttp://52-sell.com/o4q/fire-tv-cube-troubleshooting.html HTTP/1.1" 301 0 "-" "Mozilla/5.0 (compatible; MJ12bot/v1.4.8; http://mj12bot.com/)"
192.99.36.61 - - [28/Apr/2025:11:42:29 -0400] "GET /808/%EF%BB%BFhttp:/52-sell.com/9it/bsa-martini-sights.html HTTP/1.1" 404 39242 "-" "Mozilla/5.0 (compatible; MJ12bot/v1.4.8; http://mj12bot.com/)"
147.135.252.179 - - [28/Apr/2025:11:42:32 -0400] "GET /mlp/%EF%BB%BFhttp:/52-sell.com/o4q/fire-tv-cube-troubleshooting.html HTTP/1.1" 404 39319 "-" "Mozilla/5.0 (compatible; MJ12bot/v1.4.8; http://mj12bot.com/)"
66.29.132.124 - - [28/Apr/2025:11:42:35 -0400] "POST /wp-cron.php?doing_wp_cron=1745854954.2268249988555908203125 HTTP/1.1" 200 0 "-" "WordPress/6.8; https://arsn.media"
192.99.36.61 - - [28/Apr/2025:11:42:33 -0400] "GET /808/%EF%BB%BFhttp://52-sell.com/9it/butcher-boy-a42-parts.html HTTP/1.1" 301 0 "-" "Mozilla/5.0 (compatible; MJ12bot/v1.4.8; http://mj12bot.com/)"
193.186.4.241 - - [28/Apr/2025:11:42:36 -0400] "GET / HTTP/1.1" 200 48706 "https://www.google.com/" "Mozilla/5.0 (Linux; Android 10; K) AppleWebKit/537.36 (KHTML, like Gecko) Chrome/135.0.0.0 Mobile Safari/537.36"
66.29.132.124 - - [28/Apr/2025:11:42:36 -0400] "POST /wp-admin/admin-ajax.php?action=async_litespeed&nonce=VmNS4Y4b5IU5YMXwZpq623RPADVKmiMB&litespeed_type=imgoptm HTTP/1.1" 200 0 "-" "WordPress/6.8; https://arsn.media"
66.249.88.167 - - [28/Apr/2025:11:42:36 -0400] "GET /.well-known/traffic-advice HTTP/1.1" 404 61937 "-" "Chrome Privacy Preserving Prefetch Proxy"
147.135.252.179 - - [28/Apr/2025:11:42:38 -0400] "GET /mlp/%EF%BB%BFhttp://52-sell.com/o4q/firmware-finder-apk.html HTTP/1.1" 301 0 "-" "Mozilla/5.0 (compatible; MJ12bot/v1.4.8; http://mj12bot.com/)"
192.99.36.61 - - [28/Apr/2025:11:42:39 -0400] "GET /808/%EF%BB%BFhttp:/52-sell.com/9it/butcher-boy-a42-parts.html HTTP/1.1" 404 39398 "-" "Mozilla/5.0 (compatible; MJ12bot/v1.4.8; http://mj12bot.com/)"
192.99.36.61 - - [28/Apr/2025:11:42:43 -0400] "GET /808/%EF%BB%BFhttp://52-sell.com/9it/buy-cold-war-account-pc.html HTTP/1.1" 301 0 "-" "Mozilla/5.0 (compatible; MJ12bot/v1.4.8; http://mj12bot.com/)"
147.135.252.179 - - [28/Apr/2025:11:42:42 -0400] "GET /mlp/%EF%BB%BFhttp:/52-sell.com/o4q/firmware-finder-apk.html HTTP/1.1" 404 39274 "-" "Mozilla/5.0 (compatible; MJ12bot/v1.4.8; http://mj12bot.com/)"
147.135.252.179 - - [28/Apr/2025:11:42:48 -0400] "GET /mlp/%EF%BB%BFhttp://52-sell.com/o4q/first-data-business-track-login.html HTTP/1.1" 301 0 "-" "Mozilla/5.0 (compatible; MJ12bot/v1.4.8; http://mj12bot.com/)"
192.99.36.61 - - [28/Apr/2025:11:42:48 -0400] "GET /808/%EF%BB%BFhttp:/52-sell.com/9it/buy-cold-war-account-pc.html HTTP/1.1" 404 39355 "-" "Mozilla/5.0 (compatible; MJ12bot/v1.4.8; http://mj12bot.com/)"
66.29.132.124 - - [28/Apr/2025:11:42:53 -0400] "POST /wp-cron.php?doing_wp_cron=1745854973.4041919708251953125000 HTTP/1.1" 200 0 "-" "WordPress/6.8; https://arsn.media"
192.99.36.61 - - [28/Apr/2025:11:42:53 -0400] "GET /808/%EF%BB%BFhttp://52-sell.com/9it/byrna-sd-pink.html HTTP/1.1" 301 0 "-" "Mozilla/5.0 (compatible; MJ12bot/v1.4.8; http://mj12bot.com/)"
147.135.252.179 - - [28/Apr/2025:11:42:52 -0400] "GET /mlp/%EF%BB%BFhttp:/52-sell.com/o4q/first-data-business-track-login.html HTTP/1.1" 404 39186 "-" "Mozilla/5.0 (compatible; MJ12bot/v1.4.8; http://mj12bot.com/)"
147.135.252.179 - - [28/Apr/2025:11:42:57 -0400] "GET /mlp/%EF%BB%BFhttp://52-sell.com/o4q/fish-aerator-walmart.html HTTP/1.1" 301 0 "-" "Mozilla/5.0 (compatible; MJ12bot/v1.4.8; http://mj12bot.com/)"
192.99.36.61 - - [28/Apr/2025:11:42:56 -0400] "GET /808/%EF%BB%BFhttp:/52-sell.com/9it/byrna-sd-pink.html HTTP/1.1" 404 39423 "-" "Mozilla/5.0 (compatible; MJ12bot/v1.4.8; http://mj12bot.com/)"
192.99.36.61 - - [28/Apr/2025:11:43:01 -0400] "GET /808/%EF%BB%BFhttp://52-sell.com/9it/cafe-for-sale-south-yorkshire.html HTTP/1.1" 301 0 "-" "Mozilla/5.0 (compatible; MJ12bot/v1.4.8; http://mj12bot.com/)"
147.135.252.179 - - [28/Apr/2025:11:43:01 -0400] "GET /mlp/%EF%BB%BFhttp:/52-sell.com/o4q/fish-aerator-walmart.html HTTP/1.1" 404 39338 "-" "Mozilla/5.0 (compatible; MJ12bot/v1.4.8; http://mj12bot.com/)"
147.135.252.179 - - [28/Apr/2025:11:43:05 -0400] "GET /mlp/%EF%BB%BFhttp://52-sell.com/o4q/fix-deform.html HTTP/1.1" 301 0 "-" "Mozilla/5.0 (compatible; MJ12bot/v1.4.8; http://mj12bot.com/)"
192.99.36.61 - - [28/Apr/2025:11:43:05 -0400] "GET /808/%EF%BB%BFhttp:/52-sell.com/9it/cafe-for-sale-south-yorkshire.html HTTP/1.1" 404 39307 "-" "Mozilla/5.0 (compatible; MJ12bot/v1.4.8; http://mj12bot.com/)"
147.135.252.179 - - [28/Apr/2025:11:43:09 -0400] "GET /mlp/%EF%BB%BFhttp:/52-sell.com/o4q/fix-deform.html HTTP/1.1" 404 39264 "-" "Mozilla/5.0 (compatible; MJ12bot/v1.4.8; http://mj12bot.com/)"
192.99.36.61 - - [28/Apr/2025:11:43:10 -0400] "GET /808/%EF%BB%BFhttp://52-sell.com/9it/calibre-drm.html HTTP/1.1" 301 0 "-" "Mozilla/5.0 (compatible; MJ12bot/v1.4.8; http://mj12bot.com/)"
147.135.252.179 - - [28/Apr/2025:11:43:13 -0400] "GET /mlp/%EF%BB%BFhttp://52-sell.com/o4q/flare-jeans-zara.html HTTP/1.1" 301 0 "-" "Mozilla/5.0 (compatible; MJ12bot/v1.4.8; http://mj12bot.com/)"
192.99.36.61 - - [28/Apr/2025:11:43:13 -0400] "GET /808/%EF%BB%BFhttp:/52-sell.com/9it/calibre-drm.html HTTP/1.1" 404 39235 "-" "Mozilla/5.0 (compatible; MJ12bot/v1.4.8; http://mj12bot.com/)"
147.135.252.179 - - [28/Apr/2025:11:43:16 -0400] "GET /mlp/%EF%BB%BFhttp:/52-sell.com/o4q/flare-jeans-zara.html HTTP/1.1" 404 39240 "-" "Mozilla/5.0 (compatible; MJ12bot/v1.4.8; http://mj12bot.com/)"
192.99.36.61 - - [28/Apr/2025:11:43:17 -0400] "GET /808/%EF%BB%BFhttp://52-sell.com/9it/campers-for-sale-$500-or-less.html HTTP/1.1" 301 0 "-" "Mozilla/5.0 (compatible; MJ12bot/v1.4.8; http://mj12bot.com/)"
147.135.252.179 - - [28/Apr/2025:11:43:21 -0400] "GET /mlp/%EF%BB%BFhttp://52-sell.com/o4q/flashing-d-honda-pilot.html HTTP/1.1" 301 0 "-" "Mozilla/5.0 (compatible; MJ12bot/v1.4.8; http://mj12bot.com/)"
192.99.36.61 - - [28/Apr/2025:11:43:21 -0400] "GET /808/%EF%BB%BFhttp:/52-sell.com/9it/campers-for-sale-500-or-less.html HTTP/1.1" 404 39371 "-" "Mozilla/5.0 (compatible; MJ12bot/v1.4.8; http://mj12bot.com/)"
192.99.36.61 - - [28/Apr/2025:11:43:26 -0400] "GET /808/%EF%BB%BFhttp://52-sell.com/9it/car-shows-ct.html HTTP/1.1" 301 0 "-" "Mozilla/5.0 (compatible; MJ12bot/v1.4.8; http://mj12bot.com/)"
147.135.252.179 - - [28/Apr/2025:11:43:25 -0400] "GET /mlp/%EF%BB%BFhttp:/52-sell.com/o4q/flashing-d-honda-pilot.html HTTP/1.1" 404 39335 "-" "Mozilla/5.0 (compatible; MJ12bot/v1.4.8; http://mj12bot.com/)"
147.135.252.179 - - [28/Apr/2025:11:43:30 -0400] "GET /mlp/%EF%BB%BFhttp://52-sell.com/o4q/flex-seal-safe-for-drinking-water.html HTTP/1.1" 301 0 "-" "Mozilla/5.0 (compatible; MJ12bot/v1.4.8; http://mj12bot.com/)"
192.99.36.61 - - [28/Apr/2025:11:43:30 -0400] "GET /808/%EF%BB%BFhttp:/52-sell.com/9it/car-shows-ct.html HTTP/1.1" 404 39351 "-" "Mozilla/5.0 (compatible; MJ12bot/v1.4.8; http://mj12bot.com/)"
66.29.132.124 - - [28/Apr/2025:11:43:35 -0400] "POST /wp-cron.php?doing_wp_cron=1745855015.6259028911590576171875 HTTP/1.1" 200 0 "-" "WordPress/6.8; https://arsn.media"
192.99.36.61 - - [28/Apr/2025:11:43:35 -0400] "GET /808/%EF%BB%BFhttp://52-sell.com/9it/casa-linda-apartments-newbury-park.html HTTP/1.1" 301 0 "-" "Mozilla/5.0 (compatible; MJ12bot/v1.4.8; http://mj12bot.com/)"
147.135.252.179 - - [28/Apr/2025:11:43:34 -0400] "GET /mlp/%EF%BB%BFhttp:/52-sell.com/o4q/flex-seal-safe-for-drinking-water.html HTTP/1.1" 404 39191 "-" "Mozilla/5.0 (compatible; MJ12bot/v1.4.8; http://mj12bot.com/)"
66.29.132.124 - - [28/Apr/2025:11:43:36 -0400] "POST /wp-admin/admin-ajax.php?action=async_litespeed&nonce=a7AhmY2X19nCTb7PMzswXBaUqbccXKpY&litespeed_type=imgoptm HTTP/1.1" 200 0 "-" "WordPress/6.8; https://arsn.media"
147.135.252.179 - - [28/Apr/2025:11:43:40 -0400] "GET /mlp/%EF%BB%BFhttp://52-sell.com/o4q/flights-to-new-zealand-from-msp.html HTTP/1.1" 301 0 "-" "Mozilla/5.0 (compatible; MJ12bot/v1.4.8; http://mj12bot.com/)"
192.99.36.61 - - [28/Apr/2025:11:43:40 -0400] "GET /808/%EF%BB%BFhttp:/52-sell.com/9it/casa-linda-apartments-newbury-park.html HTTP/1.1" 404 39240 "-" "Mozilla/5.0 (compatible; MJ12bot/v1.4.8; http://mj12bot.com/)"
192.99.36.61 - - [28/Apr/2025:11:43:43 -0400] "GET /808/%EF%BB%BFhttp://52-sell.com/9it/cdc-interview-questions.html HTTP/1.1" 301 0 "-" "Mozilla/5.0 (compatible; MJ12bot/v1.4.8; http://mj12bot.com/)"
147.135.252.179 - - [28/Apr/2025:11:43:43 -0400] "GET /mlp/%EF%BB%BFhttp:/52-sell.com/o4q/flights-to-new-zealand-from-msp.html HTTP/1.1" 404 39180 "-" "Mozilla/5.0 (compatible; MJ12bot/v1.4.8; http://mj12bot.com/)"
192.99.36.61 - - [28/Apr/2025:11:43:47 -0400] "GET /808/%EF%BB%BFhttp:/52-sell.com/9it/cdc-interview-questions.html HTTP/1.1" 404 39351 "-" "Mozilla/5.0 (compatible; MJ12bot/v1.4.8; http://mj12bot.com/)"
147.135.252.179 - - [28/Apr/2025:11:43:48 -0400] "GET /mlp/%EF%BB%BFhttp://52-sell.com/o4q/flink-vs-beam.html HTTP/1.1" 301 0 "-" "Mozilla/5.0 (compatible; MJ12bot/v1.4.8; http://mj12bot.com/)"
66.29.132.124 - - [28/Apr/2025:11:43:51 -0400] "POST /wp-cron.php?doing_wp_cron=1745855031.5980639457702636718750 HTTP/1.1" 200 0 "-" "WordPress/6.8; https://arsn.media"
192.99.36.61 - - [28/Apr/2025:11:43:50 -0400] "GET /808/%EF%BB%BFhttp://52-sell.com/9it/celestion-vintage-30.html HTTP/1.1" 301 0 "-" "Mozilla/5.0 (compatible; MJ12bot/v1.4.8; http://mj12bot.com/)"
147.135.252.179 - - [28/Apr/2025:11:43:50 -0400] "GET /mlp/%EF%BB%BFhttp:/52-sell.com/o4q/flink-vs-beam.html HTTP/1.1" 404 39453 "-" "Mozilla/5.0 (compatible; MJ12bot/v1.4.8; http://mj12bot.com/)"
147.135.252.179 - - [28/Apr/2025:11:43:55 -0400] "GET /mlp/%EF%BB%BFhttp://52-sell.com/o4q/floor-tile-that-goes-with-carrara-marble.html HTTP/1.1" 301 0 "-" "Mozilla/5.0 (compatible; MJ12bot/v1.4.8; http://mj12bot.com/)"
192.99.36.61 - - [28/Apr/2025:11:43:53 -0400] "GET /808/%EF%BB%BFhttp:/52-sell.com/9it/celestion-vintage-30.html HTTP/1.1" 404 39331 "-" "Mozilla/5.0 (compatible; MJ12bot/v1.4.8; http://mj12bot.com/)"
192.99.36.61 - - [28/Apr/2025:11:44:00 -0400] "GET /808/%EF%BB%BFhttp://52-sell.com/9it/chimera-command-line-tutorial.html HTTP/1.1" 301 0 "-" "Mozilla/5.0 (compatible; MJ12bot/v1.4.8; http://mj12bot.com/)"
147.135.252.179 - - [28/Apr/2025:11:44:00 -0400] "GET /mlp/%EF%BB%BFhttp:/52-sell.com/o4q/floor-tile-that-goes-with-carrara-marble.html HTTP/1.1" 404 39285 "-" "Mozilla/5.0 (compatible; MJ12bot/v1.4.8; http://mj12bot.com/)"
147.135.252.179 - - [28/Apr/2025:11:44:05 -0400] "GET /mlp/%EF%BB%BFhttp://52-sell.com/o4q/florence-prison-closing-date.html HTTP/1.1" 301 0 "-" "Mozilla/5.0 (compatible; MJ12bot/v1.4.8; http://mj12bot.com/)"
192.99.36.61 - - [28/Apr/2025:11:44:05 -0400] "GET /808/%EF%BB%BFhttp:/52-sell.com/9it/chimera-command-line-tutorial.html HTTP/1.1" 404 39307 "-" "Mozilla/5.0 (compatible; MJ12bot/v1.4.8; http://mj12bot.com/)"
192.99.36.61 - - [28/Apr/2025:11:44:10 -0400] "GET /808/%EF%BB%BFhttp://52-sell.com/9it/city-of-warwick-sanitation.html HTTP/1.1" 301 0 "-" "Mozilla/5.0 (compatible; MJ12bot/v1.4.8; http://mj12bot.com/)"
147.135.252.179 - - [28/Apr/2025:11:44:10 -0400] "GET /mlp/%EF%BB%BFhttp:/52-sell.com/o4q/florence-prison-closing-date.html HTTP/1.1" 404 39321 "-" "Mozilla/5.0 (compatible; MJ12bot/v1.4.8; http://mj12bot.com/)"
147.135.252.179 - - [28/Apr/2025:11:44:16 -0400] "GET /mlp/%EF%BB%BFhttp://52-sell.com/o4q/floyd-county-missing-persons.html HTTP/1.1" 301 0 "-" "Mozilla/5.0 (compatible; MJ12bot/v1.4.8; http://mj12bot.com/)"
192.99.36.61 - - [28/Apr/2025:11:44:15 -0400] "GET /808/%EF%BB%BFhttp:/52-sell.com/9it/city-of-warwick-sanitation.html HTTP/1.1" 404 39384 "-" "Mozilla/5.0 (compatible; MJ12bot/v1.4.8; http://mj12bot.com/)"
20.171.207.19 - - [28/Apr/2025:11:44:17 -0400] "GET /wp-content/uploads/2020/09/ARSN-Final-Logos-scaled.jpg%202560w,%20https:/arsn.media/wp-content/uploads/2020/09/ARSN-Final-Logos-300x138.jpg%20300w,%20https:/arsn.media/wp-content/uploads/2020/09/ARSN-Final-Logos-1024x471.jpg%201024w,%20https:/arsn.media/ARSN-Final-Logos-768x353.jpg%20768w,%20https:/ARSN-Final-Logos-1536x706.jpg%201536w,%20https:/ARSN-Final-Logos-2048x942.jpg%202048w HTTP/1.1" 404 21877 "-" "Mozilla/5.0 AppleWebKit/537.36 (KHTML, like Gecko; compatible; GPTBot/1.2; +https://openai.com/gptbot)"
20.171.207.19 - - [28/Apr/2025:11:44:20 -0400] "GET /wp-content/uploads/2020/10/404.png%20707w,%20https:/arsn.media/wp-content/uploads/2020/10/404-300x110.png%20300w HTTP/1.1" 404 39298 "-" "Mozilla/5.0 AppleWebKit/537.36 (KHTML, like Gecko; compatible; GPTBot/1.2; +https://openai.com/gptbot)"
147.135.252.179 - - [28/Apr/2025:11:44:20 -0400] "GET /mlp/%EF%BB%BFhttp:/52-sell.com/o4q/floyd-county-missing-persons.html HTTP/1.1" 404 39324 "-" "Mozilla/5.0 (compatible; MJ12bot/v1.4.8; http://mj12bot.com/)"
192.99.36.61 - - [28/Apr/2025:11:44:20 -0400] "GET /808/%EF%BB%BFhttp://52-sell.com/9it/clean-air-vehicle-assistance-program.html HTTP/1.1" 301 0 "-" "Mozilla/5.0 (compatible; MJ12bot/v1.4.8; http://mj12bot.com/)"
20.171.207.19 - - [28/Apr/2025:11:44:22 -0400] "GET /wp-content/themes/onum/js/design-test.js HTTP/1.1" 404 21278 "-" "Mozilla/5.0 AppleWebKit/537.36 (KHTML, like Gecko; compatible; GPTBot/1.2; +https://openai.com/gptbot)"
147.135.252.179 - - [28/Apr/2025:11:44:24 -0400] "GET /mlp/%EF%BB%BFhttp://52-sell.com/o4q/flubromazepam-side-effects.html HTTP/1.1" 301 0 "-" "Mozilla/5.0 (compatible; MJ12bot/v1.4.8; http://mj12bot.com/)"
20.171.207.19 - - [28/Apr/2025:11:44:24 -0400] "GET /wp-content/themes/onum/css/design-test.css?ver=6.7.1 HTTP/1.1" 404 22084 "-" "Mozilla/5.0 AppleWebKit/537.36 (KHTML, like Gecko; compatible; GPTBot/1.2; +https://openai.com/gptbot)"
192.99.36.61 - - [28/Apr/2025:11:44:24 -0400] "GET /808/%EF%BB%BFhttp:/52-sell.com/9it/clean-air-vehicle-assistance-program.html HTTP/1.1" 404 39245 "-" "Mozilla/5.0 (compatible; MJ12bot/v1.4.8; http://mj12bot.com/)"
20.171.207.19 - - [28/Apr/2025:11:44:27 -0400] "GET /wp-json/elementskit/v1/ HTTP/1.1" 404 114 "-" "Mozilla/5.0 AppleWebKit/537.36 (KHTML, like Gecko; compatible; GPTBot/1.2; +https://openai.com/gptbot)"
147.135.252.179 - - [28/Apr/2025:11:44:27 -0400] "GET /mlp/%EF%BB%BFhttp:/52-sell.com/o4q/flubromazepam-side-effects.html HTTP/1.1" 404 39336 "-" "Mozilla/5.0 (compatible; MJ12bot/v1.4.8; http://mj12bot.com/)"
192.99.36.61 - - [28/Apr/2025:11:44:29 -0400] "GET /808/%EF%BB%BFhttp://52-sell.com/9it/clermont-county-ohio-ordinances.html HTTP/1.1" 301 0 "-" "Mozilla/5.0 (compatible; MJ12bot/v1.4.8; http://mj12bot.com/)"
147.135.252.179 - - [28/Apr/2025:11:44:31 -0400] "GET /mlp/%EF%BB%BFhttp://52-sell.com/o4q/flutter-ble-esp32.html HTTP/1.1" 301 0 "-" "Mozilla/5.0 (compatible; MJ12bot/v1.4.8; http://mj12bot.com/)"
192.99.36.61 - - [28/Apr/2025:11:44:32 -0400] "GET /808/%EF%BB%BFhttp:/52-sell.com/9it/clermont-county-ohio-ordinances.html HTTP/1.1" 404 39131 "-" "Mozilla/5.0 (compatible; MJ12bot/v1.4.8; http://mj12bot.com/)"
66.29.132.124 - - [28/Apr/2025:11:44:37 -0400] "POST /wp-cron.php?doing_wp_cron=1745855076.4863638877868652343750 HTTP/1.1" 200 0 "-" "WordPress/6.8; https://arsn.media"
147.135.252.179 - - [28/Apr/2025:11:44:35 -0400] "GET /mlp/%EF%BB%BFhttp:/52-sell.com/o4q/flutter-ble-esp32.html HTTP/1.1" 404 39289 "-" "Mozilla/5.0 (compatible; MJ12bot/v1.4.8; http://mj12bot.com/)"
66.29.132.124 - - [28/Apr/2025:11:44:38 -0400] "POST /wp-admin/admin-ajax.php?action=async_litespeed&nonce=0pdI7Q7ZZFjMKy0nKWuIBW1ZFl0qxVPF&litespeed_type=imgoptm HTTP/1.1" 200 0 "-" "WordPress/6.8; https://arsn.media"
192.99.36.61 - - [28/Apr/2025:11:44:37 -0400] "GET /808/%EF%BB%BFhttp://52-sell.com/9it/coffee-grinder-for-espresso.html HTTP/1.1" 301 0 "-" "Mozilla/5.0 (compatible; MJ12bot/v1.4.8; http://mj12bot.com/)"
66.29.132.124 - - [28/Apr/2025:11:44:40 -0400] "POST /wp-admin/admin-ajax.php?action=as_async_request_queue_runner&nonce=77c05c7365 HTTP/1.1" 200 0 "-" "WordPress/6.8; https://arsn.media"
147.135.252.179 - - [28/Apr/2025:11:44:40 -0400] "GET /mlp/%EF%BB%BFhttp://52-sell.com/o4q/fluval-407-price-near-virginia.html HTTP/1.1" 301 0 "-" "Mozilla/5.0 (compatible; MJ12bot/v1.4.8; http://mj12bot.com/)"
192.99.36.61 - - [28/Apr/2025:11:44:41 -0400] "GET /808/%EF%BB%BFhttp:/52-sell.com/9it/coffee-grinder-for-espresso.html HTTP/1.1" 404 39230 "-" "Mozilla/5.0 (compatible; MJ12bot/v1.4.8; http://mj12bot.com/)"
147.135.252.179 - - [28/Apr/2025:11:44:43 -0400] "GET /mlp/%EF%BB%BFhttp:/52-sell.com/o4q/fluval-407-price-near-virginia.html HTTP/1.1" 404 39248 "-" "Mozilla/5.0 (compatible; MJ12bot/v1.4.8; http://mj12bot.com/)"
192.99.36.61 - - [28/Apr/2025:11:44:46 -0400] "GET /808/%EF%BB%BFhttp://52-sell.com/9it/companies-like-find-truck-service.html HTTP/1.1" 301 0 "-" "Mozilla/5.0 (compatible; MJ12bot/v1.4.8; http://mj12bot.com/)"
147.135.252.179 - - [28/Apr/2025:11:44:48 -0400] "GET /mlp/%EF%BB%BFhttp://52-sell.com/o4q/fluval-fx6-motor-replacement.html HTTP/1.1" 301 0 "-" "Mozilla/5.0 (compatible; MJ12bot/v1.4.8; http://mj12bot.com/)"
66.29.132.124 - - [28/Apr/2025:11:44:53 -0400] "POST /wp-cron.php?doing_wp_cron=1745855093.2598240375518798828125 HTTP/1.1" 200 0 "-" "WordPress/6.8; https://arsn.media"
147.135.252.179 - - [28/Apr/2025:11:44:51 -0400] "GET /mlp/%EF%BB%BFhttp:/52-sell.com/o4q/fluval-fx6-motor-replacement.html HTTP/1.1" 404 39363 "-" "Mozilla/5.0 (compatible; MJ12bot/v1.4.8; http://mj12bot.com/)"
192.99.36.61 - - [28/Apr/2025:11:44:50 -0400] "GET /808/%EF%BB%BFhttp:/52-sell.com/9it/companies-like-find-truck-service.html HTTP/1.1" 404 39231 "-" "Mozilla/5.0 (compatible; MJ12bot/v1.4.8; http://mj12bot.com/)"
147.135.252.179 - - [28/Apr/2025:11:44:58 -0400] "GET /mlp/%EF%BB%BFhttp://52-sell.com/o4q/fnf-vs-flippy-flipped-out-full-week.html HTTP/1.1" 301 0 "-" "Mozilla/5.0 (compatible; MJ12bot/v1.4.8; http://mj12bot.com/)"
192.99.36.61 - - [28/Apr/2025:11:44:58 -0400] "GET /808/%EF%BB%BFhttp://52-sell.com/9it/craigslist-furniture-for-sale-by-owner-near-alabama.html HTTP/1.1" 301 0 "-" "Mozilla/5.0 (compatible; MJ12bot/v1.4.8; http://mj12bot.com/)"
147.135.252.179 - - [28/Apr/2025:11:45:00 -0400] "GET /mlp/%EF%BB%BFhttp:/52-sell.com/o4q/fnf-vs-flippy-flipped-out-full-week.html HTTP/1.1" 404 39281 "-" "Mozilla/5.0 (compatible; MJ12bot/v1.4.8; http://mj12bot.com/)"
192.99.36.61 - - [28/Apr/2025:11:45:01 -0400] "GET /808/%EF%BB%BFhttp:/52-sell.com/9it/craigslist-furniture-for-sale-by-owner-near-alabama.html HTTP/1.1" 404 39301 "-" "Mozilla/5.0 (compatible; MJ12bot/v1.4.8; http://mj12bot.com/)"
192.99.36.61 - - [28/Apr/2025:11:45:08 -0400] "GET /808/%EF%BB%BFhttp://52-sell.com/9it/creamy-penne-pasta-recipes.html HTTP/1.1" 301 0 "-" "Mozilla/5.0 (compatible; MJ12bot/v1.4.8; http://mj12bot.com/)"
147.135.252.179 - - [28/Apr/2025:11:45:08 -0400] "GET /mlp/%EF%BB%BFhttp://52-sell.com/o4q/for-loop-flowchart-in-python.html HTTP/1.1" 301 0 "-" "Mozilla/5.0 (compatible; MJ12bot/v1.4.8; http://mj12bot.com/)"
147.135.252.179 - - [28/Apr/2025:11:45:25 -0400] "GET /mlp/%EF%BB%BFhttp:/52-sell.com/o4q/for-loop-flowchart-in-python.html HTTP/1.1" 404 39365 "-" "Mozilla/5.0 (compatible; MJ12bot/v1.4.8; http://mj12bot.com/)"
192.99.36.61 - - [28/Apr/2025:11:45:25 -0400] "GET /808/%EF%BB%BFhttp:/52-sell.com/9it/creamy-penne-pasta-recipes.html HTTP/1.1" 404 39332 "-" "Mozilla/5.0 (compatible; MJ12bot/v1.4.8; http://mj12bot.com/)"
147.135.252.179 - - [28/Apr/2025:11:45:31 -0400] "GET /mlp/%EF%BB%BFhttp://52-sell.com/o4q/for-rent-tri-cities-tn.html HTTP/1.1" 301 0 "-" "Mozilla/5.0 (compatible; MJ12bot/v1.4.8; http://mj12bot.com/)"
192.99.36.61 - - [28/Apr/2025:11:45:31 -0400] "GET /808/%EF%BB%BFhttp://52-sell.com/9it/create-avatar-from-photo-on-pc.html HTTP/1.1" 301 0 "-" "Mozilla/5.0 (compatible; MJ12bot/v1.4.8; http://mj12bot.com/)"
66.29.132.124 - - [28/Apr/2025:11:45:35 -0400] "POST /wp-cron.php?doing_wp_cron=1745855135.7119479179382324218750 HTTP/1.1" 200 0 "-" "WordPress/6.8; https://arsn.media"
147.135.252.179 - - [28/Apr/2025:11:45:34 -0400] "GET /mlp/%EF%BB%BFhttp:/52-sell.com/o4q/for-rent-tri-cities-tn.html HTTP/1.1" 404 39287 "-" "Mozilla/5.0 (compatible; MJ12bot/v1.4.8; http://mj12bot.com/)"
192.99.36.61 - - [28/Apr/2025:11:45:34 -0400] "GET /808/%EF%BB%BFhttp:/52-sell.com/9it/create-avatar-from-photo-on-pc.html HTTP/1.1" 404 39291 "-" "Mozilla/5.0 (compatible; MJ12bot/v1.4.8; http://mj12bot.com/)"
66.29.132.124 - - [28/Apr/2025:11:45:37 -0400] "POST /wp-admin/admin-ajax.php?action=async_litespeed&nonce=R6DcVEIrRAzbMGzDBblgnquAUEHbvfSu&litespeed_type=imgoptm HTTP/1.1" 200 0 "-" "WordPress/6.8; https://arsn.media"
192.99.36.61 - - [28/Apr/2025:11:45:39 -0400] "GET /808/%EF%BB%BFhttp://52-sell.com/9it/cremation-furnace-manufacturers.html HTTP/1.1" 301 0 "-" "Mozilla/5.0 (compatible; MJ12bot/v1.4.8; http://mj12bot.com/)"
147.135.252.179 - - [28/Apr/2025:11:45:39 -0400] "GET /mlp/%EF%BB%BFhttp://52-sell.com/o4q/force-sensitive-fox-ao3.html HTTP/1.1" 301 0 "-" "Mozilla/5.0 (compatible; MJ12bot/v1.4.8; http://mj12bot.com/)"
192.99.36.61 - - [28/Apr/2025:11:45:41 -0400] "GET /808/%EF%BB%BFhttp:/52-sell.com/9it/cremation-furnace-manufacturers.html HTTP/1.1" 404 39194 "-" "Mozilla/5.0 (compatible; MJ12bot/v1.4.8; http://mj12bot.com/)"
147.135.252.179 - - [28/Apr/2025:11:45:42 -0400] "GET /mlp/%EF%BB%BFhttp:/52-sell.com/o4q/force-sensitive-fox-ao3.html HTTP/1.1" 404 39353 "-" "Mozilla/5.0 (compatible; MJ12bot/v1.4.8; http://mj12bot.com/)"
192.99.36.61 - - [28/Apr/2025:11:45:45 -0400] "GET /808/%EF%BB%BFhttp://52-sell.com/9it/cry933-transmission-dipstick-chart.html HTTP/1.1" 301 0 "-" "Mozilla/5.0 (compatible; MJ12bot/v1.4.8; http://mj12bot.com/)"
147.135.252.179 - - [28/Apr/2025:11:45:45 -0400] "GET /mlp/%EF%BB%BFhttp://52-sell.com/o4q/ford-75w85-vs-75w90.html HTTP/1.1" 301 0 "-" "Mozilla/5.0 (compatible; MJ12bot/v1.4.8; http://mj12bot.com/)"
192.99.36.61 - - [28/Apr/2025:11:45:47 -0400] "GET /808/%EF%BB%BFhttp:/52-sell.com/9it/cry933-transmission-dipstick-chart.html HTTP/1.1" 404 39243 "-" "Mozilla/5.0 (compatible; MJ12bot/v1.4.8; http://mj12bot.com/)"
147.135.252.179 - - [28/Apr/2025:11:45:48 -0400] "GET /mlp/%EF%BB%BFhttp:/52-sell.com/o4q/ford-75w85-vs-75w90.html HTTP/1.1" 404 39222 "-" "Mozilla/5.0 (compatible; MJ12bot/v1.4.8; http://mj12bot.com/)"
147.135.252.179 - - [28/Apr/2025:11:45:52 -0400] "GET /mlp/%EF%BB%BFhttp://52-sell.com/o4q/ford-diesel-tractor-ignition-switch-wiring-diagram.html HTTP/1.1" 301 0 "-" "Mozilla/5.0 (compatible; MJ12bot/v1.4.8; http://mj12bot.com/)"
66.29.132.124 - - [28/Apr/2025:11:45:53 -0400] "POST /wp-cron.php?doing_wp_cron=1745855153.1447589397430419921875 HTTP/1.1" 200 0 "-" "WordPress/6.8; https://arsn.media"
192.99.36.61 - - [28/Apr/2025:11:45:52 -0400] "GET /808/%EF%BB%BFhttp://52-sell.com/9it/deadly-honeymoon-ending-explained.html HTTP/1.1" 301 0 "-" "Mozilla/5.0 (compatible; MJ12bot/v1.4.8; http://mj12bot.com/)"
