158.220.123.112 - - [28/Apr/2025:04:55:25 -0400] "GET /mlp/%EF%BB%BFhttp://52-sell.com/o4q/yale-history-professor-salary.html HTTP/1.1" 301 0 "-" "Mozilla/5.0 (compatible; MJ12bot/v1.4.8; http://mj12bot.com/)"
149.202.86.190 - - [28/Apr/2025:04:55:27 -0400] "GET /mlp/%EF%BB%BFhttp:/52-sell.com/o4q/how-to-make-reindeer-antlers-from-pipe-cleaners.html HTTP/1.1" 404 39288 "-" "Mozilla/5.0 (compatible; MJ12bot/v1.4.8; http://mj12bot.com/)"
158.220.123.112 - - [28/Apr/2025:04:55:28 -0400] "GET /mlp/%EF%BB%BFhttp:/52-sell.com/o4q/yale-history-professor-salary.html HTTP/1.1" 404 39309 "-" "Mozilla/5.0 (compatible; MJ12bot/v1.4.8; http://mj12bot.com/)"
149.202.86.190 - - [28/Apr/2025:04:55:32 -0400] "GET /mlp/%EF%BB%BFhttp://52-sell.com/o4q/how-to-make-smapi-load-faster.html HTTP/1.1" 301 0 "-" "Mozilla/5.0 (compatible; MJ12bot/v1.4.8; http://mj12bot.com/)"
158.220.123.112 - - [28/Apr/2025:04:55:32 -0400] "GET /mlp/%EF%BB%BFhttp://52-sell.com/o4q/yamaha-plugin-for-fl-studio.html HTTP/1.1" 301 0 "-" "Mozilla/5.0 (compatible; MJ12bot/v1.4.8; http://mj12bot.com/)"
66.29.132.124 - - [28/Apr/2025:04:55:38 -0400] "POST /wp-cron.php?doing_wp_cron=1745830537.5326890945434570312500 HTTP/1.1" 200 0 "-" "WordPress/6.8; https://arsn.media"
149.202.86.190 - - [28/Apr/2025:04:55:36 -0400] "GET /mlp/%EF%BB%BFhttp:/52-sell.com/o4q/how-to-make-smapi-load-faster.html HTTP/1.1" 404 39306 "-" "Mozilla/5.0 (compatible; MJ12bot/v1.4.8; http://mj12bot.com/)"
66.29.132.124 - - [28/Apr/2025:04:55:40 -0400] "POST /wp-admin/admin-ajax.php?action=async_litespeed&nonce=DZlWXeVEiUmWH3QLO7b5xlVOTSJqQvXV&litespeed_type=imgoptm HTTP/1.1" 200 0 "-" "WordPress/6.8; https://arsn.media"
158.220.123.112 - - [28/Apr/2025:04:55:36 -0400] "GET /mlp/%EF%BB%BFhttp:/52-sell.com/o4q/yamaha-plugin-for-fl-studio.html HTTP/1.1" 404 39232 "-" "Mozilla/5.0 (compatible; MJ12bot/v1.4.8; http://mj12bot.com/)"
158.220.123.112 - - [28/Apr/2025:04:55:43 -0400] "GET /mlp/%EF%BB%BFhttp://52-sell.com/o4q/yamaha-wolverine-1000-price.html HTTP/1.1" 301 0 "-" "Mozilla/5.0 (compatible; MJ12bot/v1.4.8; http://mj12bot.com/)"
149.202.86.190 - - [28/Apr/2025:04:55:43 -0400] "GET /mlp/%EF%BB%BFhttp://52-sell.com/o4q/how-to-make-synthetic-dreads-look-natural.html HTTP/1.1" 301 0 "-" "Mozilla/5.0 (compatible; MJ12bot/v1.4.8; http://mj12bot.com/)"
149.202.86.190 - - [28/Apr/2025:04:55:47 -0400] "GET /mlp/%EF%BB%BFhttp:/52-sell.com/o4q/how-to-make-synthetic-dreads-look-natural.html HTTP/1.1" 404 39318 "-" "Mozilla/5.0 (compatible; MJ12bot/v1.4.8; http://mj12bot.com/)"
158.220.123.112 - - [28/Apr/2025:04:55:47 -0400] "GET /mlp/%EF%BB%BFhttp:/52-sell.com/o4q/yamaha-wolverine-1000-price.html HTTP/1.1" 404 39231 "-" "Mozilla/5.0 (compatible; MJ12bot/v1.4.8; http://mj12bot.com/)"
66.29.132.124 - - [28/Apr/2025:04:55:52 -0400] "POST /wp-cron.php?doing_wp_cron=1745830552.5666270256042480468750 HTTP/1.1" 200 0 "-" "WordPress/6.8; https://arsn.media"
149.202.86.190 - - [28/Apr/2025:04:55:51 -0400] "GET /mlp/%EF%BB%BFhttp://52-sell.com/o4q/how-to-make-torch-in-minecraft.html HTTP/1.1" 301 0 "-" "Mozilla/5.0 (compatible; MJ12bot/v1.4.8; http://mj12bot.com/)"
158.220.123.112 - - [28/Apr/2025:04:55:53 -0400] "GET /mlp/%EF%BB%BFhttp://52-sell.com/o4q/yanantin-medicine.html HTTP/1.1" 301 0 "-" "Mozilla/5.0 (compatible; MJ12bot/v1.4.8; http://mj12bot.com/)"
149.202.86.190 - - [28/Apr/2025:04:55:55 -0400] "GET /mlp/%EF%BB%BFhttp:/52-sell.com/o4q/how-to-make-torch-in-minecraft.html HTTP/1.1" 404 39286 "-" "Mozilla/5.0 (compatible; MJ12bot/v1.4.8; http://mj12bot.com/)"
158.220.123.112 - - [28/Apr/2025:04:55:57 -0400] "GET /mlp/%EF%BB%BFhttp:/52-sell.com/o4q/yanantin-medicine.html HTTP/1.1" 404 39305 "-" "Mozilla/5.0 (compatible; MJ12bot/v1.4.8; http://mj12bot.com/)"
149.202.86.190 - - [28/Apr/2025:04:56:02 -0400] "GET /mlp/%EF%BB%BFhttp://52-sell.com/o4q/how-to-make-watercolor-out-of-makeup.html HTTP/1.1" 301 0 "-" "Mozilla/5.0 (compatible; MJ12bot/v1.4.8; http://mj12bot.com/)"
158.220.123.112 - - [28/Apr/2025:04:56:03 -0400] "GET /mlp/%EF%BB%BFhttp://52-sell.com/o4q/yellowstone-dutton-ranch-airbnb.html HTTP/1.1" 301 0 "-" "Mozilla/5.0 (compatible; MJ12bot/v1.4.8; http://mj12bot.com/)"
149.202.86.190 - - [28/Apr/2025:04:56:07 -0400] "GET /mlp/%EF%BB%BFhttp:/52-sell.com/o4q/how-to-make-watercolor-out-of-makeup.html HTTP/1.1" 404 39249 "-" "Mozilla/5.0 (compatible; MJ12bot/v1.4.8; http://mj12bot.com/)"
158.220.123.112 - - [28/Apr/2025:04:56:08 -0400] "GET /mlp/%EF%BB%BFhttp:/52-sell.com/o4q/yellowstone-dutton-ranch-airbnb.html HTTP/1.1" 404 39125 "-" "Mozilla/5.0 (compatible; MJ12bot/v1.4.8; http://mj12bot.com/)"
20.171.207.19 - - [28/Apr/2025:04:56:11 -0400] "GET /cgi-bin/xmrlpc.php HTTP/1.1" 404 18464 "-" "Mozilla/5.0 AppleWebKit/537.36 (KHTML, like Gecko; compatible; GPTBot/1.2; +https://openai.com/gptbot)"
149.202.86.190 - - [28/Apr/2025:04:56:13 -0400] "GET /mlp/%EF%BB%BFhttp://52-sell.com/o4q/how-to-pick-a-central-air-conditioner.html HTTP/1.1" 301 0 "-" "Mozilla/5.0 (compatible; MJ12bot/v1.4.8; http://mj12bot.com/)"
158.220.123.112 - - [28/Apr/2025:04:56:13 -0400] "GET /mlp/%EF%BB%BFhttp://52-sell.com/o4q/yellowstone-imdb-cast.html HTTP/1.1" 301 0 "-" "Mozilla/5.0 (compatible; MJ12bot/v1.4.8; http://mj12bot.com/)"
158.220.123.112 - - [28/Apr/2025:04:56:18 -0400] "GET /mlp/%EF%BB%BFhttp:/52-sell.com/o4q/yellowstone-imdb-cast.html HTTP/1.1" 404 39395 "-" "Mozilla/5.0 (compatible; MJ12bot/v1.4.8; http://mj12bot.com/)"
149.202.86.190 - - [28/Apr/2025:04:56:18 -0400] "GET /mlp/%EF%BB%BFhttp:/52-sell.com/o4q/how-to-pick-a-central-air-conditioner.html HTTP/1.1" 404 39139 "-" "Mozilla/5.0 (compatible; MJ12bot/v1.4.8; http://mj12bot.com/)"
158.220.123.112 - - [28/Apr/2025:04:56:23 -0400] "GET /mlp/%EF%BB%BFhttp://52-sell.com/o4q/yetter-row-cleaners-for-sale-craigslist.html HTTP/1.1" 301 0 "-" "Mozilla/5.0 (compatible; MJ12bot/v1.4.8; http://mj12bot.com/)"
149.202.86.190 - - [28/Apr/2025:04:56:24 -0400] "GET /mlp/%EF%BB%BFhttp://52-sell.com/o4q/how-to-pronounce-mrs.html HTTP/1.1" 301 0 "-" "Mozilla/5.0 (compatible; MJ12bot/v1.4.8; http://mj12bot.com/)"
158.220.123.112 - - [28/Apr/2025:04:56:27 -0400] "GET /mlp/%EF%BB%BFhttp:/52-sell.com/o4q/yetter-row-cleaners-for-sale-craigslist.html HTTP/1.1" 404 39179 "-" "Mozilla/5.0 (compatible; MJ12bot/v1.4.8; http://mj12bot.com/)"
149.202.86.190 - - [28/Apr/2025:04:56:29 -0400] "GET /mlp/%EF%BB%BFhttp:/52-sell.com/o4q/how-to-pronounce-mrs.html HTTP/1.1" 404 39336 "-" "Mozilla/5.0 (compatible; MJ12bot/v1.4.8; http://mj12bot.com/)"
158.220.123.112 - - [28/Apr/2025:04:56:33 -0400] "GET /mlp/%EF%BB%BFhttp://52-sell.com/o4q/yizhan-sweet-fic.html HTTP/1.1" 301 0 "-" "Mozilla/5.0 (compatible; MJ12bot/v1.4.8; http://mj12bot.com/)"
66.29.132.124 - - [28/Apr/2025:04:56:37 -0400] "POST /wp-cron.php?doing_wp_cron=1745830595.1309080123901367187500 HTTP/1.1" 200 0 "-" "WordPress/6.8; https://arsn.media"
149.202.86.190 - - [28/Apr/2025:04:56:36 -0400] "GET /mlp/%EF%BB%BFhttp://52-sell.com/o4q/how-to-put-spark-plug-wires-in-the-correct-order.html HTTP/1.1" 301 0 "-" "Mozilla/5.0 (compatible; MJ12bot/v1.4.8; http://mj12bot.com/)"
158.220.123.112 - - [28/Apr/2025:04:56:40 -0400] "GET /mlp/%EF%BB%BFhttp:/52-sell.com/o4q/yizhan-sweet-fic.html HTTP/1.1" 404 39294 "-" "Mozilla/5.0 (compatible; MJ12bot/v1.4.8; http://mj12bot.com/)"
149.202.86.190 - - [28/Apr/2025:04:56:41 -0400] "GET /mlp/%EF%BB%BFhttp:/52-sell.com/o4q/how-to-put-spark-plug-wires-in-the-correct-order.html HTTP/1.1" 404 39302 "-" "Mozilla/5.0 (compatible; MJ12bot/v1.4.8; http://mj12bot.com/)"
158.220.123.112 - - [28/Apr/2025:04:56:48 -0400] "GET /mlp/%EF%BB%BFhttp://52-sell.com/o4q/young-justice-oc-template.html HTTP/1.1" 301 0 "-" "Mozilla/5.0 (compatible; MJ12bot/v1.4.8; http://mj12bot.com/)"
149.202.86.190 - - [28/Apr/2025:04:56:50 -0400] "GET /mlp/%EF%BB%BFhttp://52-sell.com/o4q/how-to-read-guitar-tabs.html HTTP/1.1" 301 0 "-" "Mozilla/5.0 (compatible; MJ12bot/v1.4.8; http://mj12bot.com/)"
158.220.123.112 - - [28/Apr/2025:04:56:55 -0400] "GET /mlp/%EF%BB%BFhttp:/52-sell.com/o4q/young-justice-oc-template.html HTTP/1.1" 404 39258 "-" "Mozilla/5.0 (compatible; MJ12bot/v1.4.8; http://mj12bot.com/)"
149.202.86.190 - - [28/Apr/2025:04:56:57 -0400] "GET /mlp/%EF%BB%BFhttp:/52-sell.com/o4q/how-to-read-guitar-tabs.html HTTP/1.1" 404 39371 "-" "Mozilla/5.0 (compatible; MJ12bot/v1.4.8; http://mj12bot.com/)"
51.222.253.3 - - [28/Apr/2025:04:57:01 -0400] "GET /robots.txt HTTP/1.1" 200 105 "-" "Mozilla/5.0 (compatible; AhrefsBot/7.0; +http://ahrefs.com/robot/)"
158.220.123.112 - - [28/Apr/2025:04:57:02 -0400] "GET /mlp/%EF%BB%BFhttp://52-sell.com/o4q/yourtown-house-tour.html HTTP/1.1" 301 0 "-" "Mozilla/5.0 (compatible; MJ12bot/v1.4.8; http://mj12bot.com/)"
149.202.86.190 - - [28/Apr/2025:04:57:03 -0400] "GET /mlp/%EF%BB%BFhttp://52-sell.com/o4q/how-to-record-oculus-link-gameplay.html HTTP/1.1" 301 0 "-" "Mozilla/5.0 (compatible; MJ12bot/v1.4.8; http://mj12bot.com/)"
158.220.123.112 - - [28/Apr/2025:04:57:08 -0400] "GET /mlp/%EF%BB%BFhttp:/52-sell.com/o4q/yourtown-house-tour.html HTTP/1.1" 404 39224 "-" "Mozilla/5.0 (compatible; MJ12bot/v1.4.8; http://mj12bot.com/)"
149.202.86.190 - - [28/Apr/2025:04:57:09 -0400] "GET /mlp/%EF%BB%BFhttp:/52-sell.com/o4q/how-to-record-oculus-link-gameplay.html HTTP/1.1" 404 39237 "-" "Mozilla/5.0 (compatible; MJ12bot/v1.4.8; http://mj12bot.com/)"
158.220.123.112 - - [28/Apr/2025:04:57:17 -0400] "GET /mlp/%EF%BB%BFhttp://52-sell.com/o4q/youtube-clone-html-code.html HTTP/1.1" 301 0 "-" "Mozilla/5.0 (compatible; MJ12bot/v1.4.8; http://mj12bot.com/)"
149.202.86.190 - - [28/Apr/2025:04:57:18 -0400] "GET /mlp/%EF%BB%BFhttp://52-sell.com/o4q/how-to-register-a-death-during-coronavirus.html HTTP/1.1" 301 0 "-" "Mozilla/5.0 (compatible; MJ12bot/v1.4.8; http://mj12bot.com/)"
158.220.123.112 - - [28/Apr/2025:04:57:25 -0400] "GET /mlp/%EF%BB%BFhttp:/52-sell.com/o4q/youtube-clone-html-code.html HTTP/1.1" 404 39370 "-" "Mozilla/5.0 (compatible; MJ12bot/v1.4.8; http://mj12bot.com/)"
149.202.86.190 - - [28/Apr/2025:04:57:25 -0400] "GET /mlp/%EF%BB%BFhttp:/52-sell.com/o4q/how-to-register-a-death-during-coronavirus.html HTTP/1.1" 404 39311 "-" "Mozilla/5.0 (compatible; MJ12bot/v1.4.8; http://mj12bot.com/)"
158.220.123.112 - - [28/Apr/2025:04:57:29 -0400] "GET /mlp/%EF%BB%BFhttp://52-sell.com/o4q/youtube-the-woodsman.html HTTP/1.1" 301 0 "-" "Mozilla/5.0 (compatible; MJ12bot/v1.4.8; http://mj12bot.com/)"
149.202.86.190 - - [28/Apr/2025:04:57:31 -0400] "GET /mlp/%EF%BB%BFhttp://52-sell.com/o4q/how-to-remove-demo-mode.html HTTP/1.1" 301 0 "-" "Mozilla/5.0 (compatible; MJ12bot/v1.4.8; http://mj12bot.com/)"
158.220.123.112 - - [28/Apr/2025:04:57:33 -0400] "GET /mlp/%EF%BB%BFhttp:/52-sell.com/o4q/youtube-the-woodsman.html HTTP/1.1" 404 39276 "-" "Mozilla/5.0 (compatible; MJ12bot/v1.4.8; http://mj12bot.com/)"
66.29.132.124 - - [28/Apr/2025:04:57:40 -0400] "POST /wp-cron.php?doing_wp_cron=1745830658.9363470077514648437500 HTTP/1.1" 200 0 "-" "WordPress/6.8; https://arsn.media"
149.202.86.190 - - [28/Apr/2025:04:57:37 -0400] "GET /mlp/%EF%BB%BFhttp://52-sell.com/o4q/how-to-remove-google-feed-from-home-screen.html HTTP/1.1" 301 0 "-" "Mozilla/5.0 (compatible; MJ12bot/v1.4.8; http://mj12bot.com/)"
158.220.123.112 - - [28/Apr/2025:04:57:38 -0400] "GET /mlp/%EF%BB%BFhttp://52-sell.com/o4q/yum-install-tunctl.html HTTP/1.1" 301 0 "-" "Mozilla/5.0 (compatible; MJ12bot/v1.4.8; http://mj12bot.com/)"
66.29.132.124 - - [28/Apr/2025:04:57:40 -0400] "POST /wp-cron.php?doing_wp_cron=1745830659.3659141063690185546875 HTTP/1.1" 200 0 "-" "WordPress/6.8; https://arsn.media"
66.29.132.124 - - [28/Apr/2025:04:57:44 -0400] "POST /wp-admin/admin-ajax.php?action=async_litespeed&nonce=tNHFAY2UFffzHkR4Zr9uADM2J24RrulW&litespeed_type=imgoptm HTTP/1.1" 200 0 "-" "WordPress/6.8; https://arsn.media"
158.220.123.112 - - [28/Apr/2025:04:57:44 -0400] "GET /mlp/%EF%BB%BFhttp:/52-sell.com/o4q/yum-install-tunctl.html HTTP/1.1" 404 39250 "-" "Mozilla/5.0 (compatible; MJ12bot/v1.4.8; http://mj12bot.com/)"
149.202.86.190 - - [28/Apr/2025:04:57:44 -0400] "GET /mlp/%EF%BB%BFhttp:/52-sell.com/o4q/how-to-remove-google-feed-from-home-screen.html HTTP/1.1" 404 39312 "-" "Mozilla/5.0 (compatible; MJ12bot/v1.4.8; http://mj12bot.com/)"
149.202.86.190 - - [28/Apr/2025:04:57:52 -0400] "GET /mlp/%EF%BB%BFhttp://52-sell.com/o4q/how-to-replace-nox-sensor-2013-duramax.html HTTP/1.1" 301 0 "-" "Mozilla/5.0 (compatible; MJ12bot/v1.4.8; http://mj12bot.com/)"
66.29.132.124 - - [28/Apr/2025:04:57:55 -0400] "POST /wp-cron.php?doing_wp_cron=1745830674.5440800189971923828125 HTTP/1.1" 200 0 "-" "WordPress/6.8; https://arsn.media"
158.220.123.112 - - [28/Apr/2025:04:57:52 -0400] "GET /mlp/%EF%BB%BFhttp://52-sell.com/o4q/yz250-throttle-sticking.html HTTP/1.1" 301 0 "-" "Mozilla/5.0 (compatible; MJ12bot/v1.4.8; http://mj12bot.com/)"
149.202.86.190 - - [28/Apr/2025:04:57:58 -0400] "GET /mlp/%EF%BB%BFhttp:/52-sell.com/o4q/how-to-replace-nox-sensor-2013-duramax.html HTTP/1.1" 404 39179 "-" "Mozilla/5.0 (compatible; MJ12bot/v1.4.8; http://mj12bot.com/)"
158.220.123.112 - - [28/Apr/2025:04:57:58 -0400] "GET /mlp/%EF%BB%BFhttp:/52-sell.com/o4q/yz250-throttle-sticking.html HTTP/1.1" 404 39342 "-" "Mozilla/5.0 (compatible; MJ12bot/v1.4.8; http://mj12bot.com/)"
149.202.86.190 - - [28/Apr/2025:04:58:02 -0400] "GET /mlp/%EF%BB%BFhttp://52-sell.com/o4q/how-to-reset-trip-meter.html HTTP/1.1" 301 0 "-" "Mozilla/5.0 (compatible; MJ12bot/v1.4.8; http://mj12bot.com/)"
158.220.123.112 - - [28/Apr/2025:04:58:02 -0400] "GET /mlp/%EF%BB%BFhttp://52-sell.com/o4q/zambia-country-code.html HTTP/1.1" 301 0 "-" "Mozilla/5.0 (compatible; MJ12bot/v1.4.8; http://mj12bot.com/)"
149.202.86.190 - - [28/Apr/2025:04:58:05 -0400] "GET /mlp/%EF%BB%BFhttp:/52-sell.com/o4q/how-to-reset-trip-meter.html HTTP/1.1" 404 39348 "-" "Mozilla/5.0 (compatible; MJ12bot/v1.4.8; http://mj12bot.com/)"
158.220.123.112 - - [28/Apr/2025:04:58:05 -0400] "GET /mlp/%EF%BB%BFhttp:/52-sell.com/o4q/zambia-country-code.html HTTP/1.1" 508 829 "-" "Mozilla/5.0 (compatible; MJ12bot/v1.4.8; http://mj12bot.com/)"
149.202.86.190 - - [28/Apr/2025:04:58:09 -0400] "GET /mlp/%EF%BB%BFhttp://52-sell.com/o4q/how-to-save-hacked-whatsapp-account.html HTTP/1.1" 503 856 "-" "Mozilla/5.0 (compatible; MJ12bot/v1.4.8; http://mj12bot.com/)"
158.220.123.112 - - [28/Apr/2025:04:58:12 -0400] "GET /mlp/%EF%BB%BFhttp://52-sell.com/o4q/zbrush-lava.html HTTP/1.1" 503 856 "-" "Mozilla/5.0 (compatible; MJ12bot/v1.4.8; http://mj12bot.com/)"
20.171.207.19 - - [28/Apr/2025:04:58:13 -0400] "GET /wp-content/uploads/2020/09/ARSN-Final-Logos-scaled.jpg%202560w,%20https:/arsn.media/wp-content/uploads/2020/09/ARSN-Final-Logos-300x138.jpg%20300w,%20https:/arsn.media/wp-content/uploads/2020/09/ARSN-Final-Logos-1024x471.jpg%201024w,%20https:/arsn.media/ARSN-Final-Logos-768x353.jpg%20768w,%20https:/ARSN-Final-Logos-1536x706.jpg%201536w,%20https:/ARSN-Final-Logos-2048x942.jpg%202048w HTTP/1.1" 404 39354 "-" "Mozilla/5.0 AppleWebKit/537.36 (KHTML, like Gecko; compatible; GPTBot/1.2; +https://openai.com/gptbot)"
20.171.207.19 - - [28/Apr/2025:04:58:17 -0400] "GET /wp-content/uploads/2020/10/404.png%20707w,%20https:/arsn.media/wp-content/uploads/2020/10/404-300x110.png%20300w HTTP/1.1" 404 39275 "-" "Mozilla/5.0 AppleWebKit/537.36 (KHTML, like Gecko; compatible; GPTBot/1.2; +https://openai.com/gptbot)"
20.171.207.19 - - [28/Apr/2025:04:58:17 -0400] "GET /wp-json/elementskit/v1/ HTTP/1.1" 404 114 "-" "Mozilla/5.0 AppleWebKit/537.36 (KHTML, like Gecko; compatible; GPTBot/1.2; +https://openai.com/gptbot)"
20.171.207.19 - - [28/Apr/2025:04:58:20 -0400] "GET /wp-content/themes/onum/js/design-test.js HTTP/1.1" 404 39146 "-" "Mozilla/5.0 AppleWebKit/537.36 (KHTML, like Gecko; compatible; GPTBot/1.2; +https://openai.com/gptbot)"
20.171.207.19 - - [28/Apr/2025:04:58:23 -0400] "GET /wp-content/themes/onum/css/design-test.css?ver=6.7.1 HTTP/1.1" 404 39412 "-" "Mozilla/5.0 AppleWebKit/537.36 (KHTML, like Gecko; compatible; GPTBot/1.2; +https://openai.com/gptbot)"
149.202.86.190 - - [28/Apr/2025:04:58:13 -0400] "GET /mlp/%EF%BB%BFhttp://52-sell.com/o4q/how-to-screenshot-on-macbook-air-2020.html HTTP/1.1" 301 0 "-" "Mozilla/5.0 (compatible; MJ12bot/v1.4.8; http://mj12bot.com/)"
158.220.123.112 - - [28/Apr/2025:04:58:17 -0400] "GET /mlp/%EF%BB%BFhttp://52-sell.com/o4q/zillow-homes-for-rent-4-bedroom.html HTTP/1.1" 301 0 "-" "Mozilla/5.0 (compatible; MJ12bot/v1.4.8; http://mj12bot.com/)"
158.220.123.112 - - [28/Apr/2025:04:58:32 -0400] "GET /mlp/%EF%BB%BFhttp:/52-sell.com/o4q/zillow-homes-for-rent-4-bedroom.html HTTP/1.1" 404 39188 "-" "Mozilla/5.0 (compatible; MJ12bot/v1.4.8; http://mj12bot.com/)"
149.202.86.190 - - [28/Apr/2025:04:58:31 -0400] "GET /mlp/%EF%BB%BFhttp:/52-sell.com/o4q/how-to-screenshot-on-macbook-air-2020.html HTTP/1.1" 404 39152 "-" "Mozilla/5.0 (compatible; MJ12bot/v1.4.8; http://mj12bot.com/)"
158.220.123.112 - - [28/Apr/2025:04:58:39 -0400] "GET /mlp/%EF%BB%BFhttp://52-sell.com/o4q/zillow-otisfield-maine.html HTTP/1.1" 301 0 "-" "Mozilla/5.0 (compatible; MJ12bot/v1.4.8; http://mj12bot.com/)"
149.202.86.190 - - [28/Apr/2025:04:58:39 -0400] "GET /mlp/%EF%BB%BFhttp://52-sell.com/o4q/how-to-script-animations-on-roblox.html HTTP/1.1" 301 0 "-" "Mozilla/5.0 (compatible; MJ12bot/v1.4.8; http://mj12bot.com/)"
149.202.86.190 - - [28/Apr/2025:04:58:43 -0400] "GET /mlp/%EF%BB%BFhttp:/52-sell.com/o4q/how-to-script-animations-on-roblox.html HTTP/1.1" 404 39188 "-" "Mozilla/5.0 (compatible; MJ12bot/v1.4.8; http://mj12bot.com/)"
158.220.123.112 - - [28/Apr/2025:04:58:43 -0400] "GET /mlp/%EF%BB%BFhttp:/52-sell.com/o4q/zillow-otisfield-maine.html HTTP/1.1" 404 39342 "-" "Mozilla/5.0 (compatible; MJ12bot/v1.4.8; http://mj12bot.com/)"
158.220.123.112 - - [28/Apr/2025:04:58:47 -0400] "GET /mlp/%EF%BB%BFhttp://52-sell.com/o4q/zipalign-download-windows.html HTTP/1.1" 301 0 "-" "Mozilla/5.0 (compatible; MJ12bot/v1.4.8; http://mj12bot.com/)"
149.202.86.190 - - [28/Apr/2025:04:58:48 -0400] "GET /mlp/%EF%BB%BFhttp://52-sell.com/o4q/how-to-spell-vulnerability.html HTTP/1.1" 301 0 "-" "Mozilla/5.0 (compatible; MJ12bot/v1.4.8; http://mj12bot.com/)"
158.220.123.112 - - [28/Apr/2025:04:58:50 -0400] "GET /mlp/%EF%BB%BFhttp:/52-sell.com/o4q/zipalign-download-windows.html HTTP/1.1" 404 39307 "-" "Mozilla/5.0 (compatible; MJ12bot/v1.4.8; http://mj12bot.com/)"
149.202.86.190 - - [28/Apr/2025:04:58:51 -0400] "GET /mlp/%EF%BB%BFhttp:/52-sell.com/o4q/how-to-spell-vulnerability.html HTTP/1.1" 404 39389 "-" "Mozilla/5.0 (compatible; MJ12bot/v1.4.8; http://mj12bot.com/)"
149.202.86.190 - - [28/Apr/2025:04:58:55 -0400] "GET /mlp/%EF%BB%BFhttp://52-sell.com/o4q/how-to-stop-thinking-about-a-girl-who-rejected-you.html HTTP/1.1" 301 0 "-" "Mozilla/5.0 (compatible; MJ12bot/v1.4.8; http://mj12bot.com/)"
158.220.123.112 - - [28/Apr/2025:04:58:55 -0400] "GET /mlp/%EF%BB%BFhttp://52-sell.com/o4q/zipline-walmart.html HTTP/1.1" 301 0 "-" "Mozilla/5.0 (compatible; MJ12bot/v1.4.8; http://mj12bot.com/)"
66.29.132.124 - - [28/Apr/2025:04:58:57 -0400] "POST /wp-cron.php?doing_wp_cron=1745830736.3368771076202392578125 HTTP/1.1" 200 0 "-" "WordPress/6.8; https://arsn.media"
66.29.132.124 - - [28/Apr/2025:04:58:58 -0400] "POST /wp-cron.php?doing_wp_cron=1745830736.5046279430389404296875 HTTP/1.1" 200 0 "-" "WordPress/6.8; https://arsn.media"
149.202.86.190 - - [28/Apr/2025:04:59:00 -0400] "GET /mlp/%EF%BB%BFhttp:/52-sell.com/o4q/how-to-stop-thinking-about-a-girl-who-rejected-you.html HTTP/1.1" 404 39288 "-" "Mozilla/5.0 (compatible; MJ12bot/v1.4.8; http://mj12bot.com/)"
158.220.123.112 - - [28/Apr/2025:04:59:00 -0400] "GET /mlp/%EF%BB%BFhttp:/52-sell.com/o4q/zipline-walmart.html HTTP/1.1" 404 39294 "-" "Mozilla/5.0 (compatible; MJ12bot/v1.4.8; http://mj12bot.com/)"
149.202.86.190 - - [28/Apr/2025:04:59:04 -0400] "GET /mlp/%EF%BB%BFhttp://52-sell.com/o4q/how-to-train-your-dragon-movie.html HTTP/1.1" 301 0 "-" "Mozilla/5.0 (compatible; MJ12bot/v1.4.8; http://mj12bot.com/)"
158.220.123.112 - - [28/Apr/2025:04:59:05 -0400] "GET /mlp/%EF%BB%BFhttp://52-sell.com/o4q/zippay-gift-card-balance.html HTTP/1.1" 301 0 "-" "Mozilla/5.0 (compatible; MJ12bot/v1.4.8; http://mj12bot.com/)"
158.220.123.112 - - [28/Apr/2025:04:59:10 -0400] "GET /mlp/%EF%BB%BFhttp:/52-sell.com/o4q/zippay-gift-card-balance.html HTTP/1.1" 404 39272 "-" "Mozilla/5.0 (compatible; MJ12bot/v1.4.8; http://mj12bot.com/)"
149.202.86.190 - - [28/Apr/2025:04:59:09 -0400] "GET /mlp/%EF%BB%BFhttp:/52-sell.com/o4q/how-to-train-your-dragon-movie.html HTTP/1.1" 404 39290 "-" "Mozilla/5.0 (compatible; MJ12bot/v1.4.8; http://mj12bot.com/)"
149.202.86.190 - - [28/Apr/2025:04:59:13 -0400] "GET /mlp/%EF%BB%BFhttp://52-sell.com/o4q/how-to-tune-a-torque-converter.html HTTP/1.1" 301 0 "-" "Mozilla/5.0 (compatible; MJ12bot/v1.4.8; http://mj12bot.com/)"
158.220.123.112 - - [28/Apr/2025:04:59:13 -0400] "GET /mlp/%EF%BB%BFhttp://52-sell.com/o4q/zmodo-d9104bh-manual.html HTTP/1.1" 301 0 "-" "Mozilla/5.0 (compatible; MJ12bot/v1.4.8; http://mj12bot.com/)"
149.202.86.190 - - [28/Apr/2025:04:59:17 -0400] "GET /mlp/%EF%BB%BFhttp:/52-sell.com/o4q/how-to-tune-a-torque-converter.html HTTP/1.1" 404 39290 "-" "Mozilla/5.0 (compatible; MJ12bot/v1.4.8; http://mj12bot.com/)"
158.220.123.112 - - [28/Apr/2025:04:59:18 -0400] "GET /mlp/%EF%BB%BFhttp:/52-sell.com/o4q/zmodo-d9104bh-manual.html HTTP/1.1" 404 39279 "-" "Mozilla/5.0 (compatible; MJ12bot/v1.4.8; http://mj12bot.com/)"
149.202.86.190 - - [28/Apr/2025:04:59:22 -0400] "GET /mlp/%EF%BB%BFhttp://52-sell.com/o4q/how-to-unlock-child-lock-in-samsung-top-load-washing-machine.html HTTP/1.1" 301 0 "-" "Mozilla/5.0 (compatible; MJ12bot/v1.4.8; http://mj12bot.com/)"
149.202.86.190 - - [28/Apr/2025:04:59:25 -0400] "GET /mlp/%EF%BB%BFhttp:/52-sell.com/o4q/how-to-unlock-child-lock-in-samsung-top-load-washing-machine.html HTTP/1.1" 404 39398 "-" "Mozilla/5.0 (compatible; MJ12bot/v1.4.8; http://mj12bot.com/)"
149.202.86.190 - - [28/Apr/2025:04:59:30 -0400] "GET /mlp/%EF%BB%BFhttp://52-sell.com/o4q/how-to-use-ftp-in-terminal.html HTTP/1.1" 301 0 "-" "Mozilla/5.0 (compatible; MJ12bot/v1.4.8; http://mj12bot.com/)"
149.202.86.190 - - [28/Apr/2025:04:59:35 -0400] "GET /mlp/%EF%BB%BFhttp:/52-sell.com/o4q/how-to-use-ftp-in-terminal.html HTTP/1.1" 404 39333 "-" "Mozilla/5.0 (compatible; MJ12bot/v1.4.8; http://mj12bot.com/)"
149.202.86.190 - - [28/Apr/2025:04:59:39 -0400] "GET /mlp/%EF%BB%BFhttp://52-sell.com/o4q/how-to-use-wynns-diesel-egr-cleaner.html HTTP/1.1" 301 0 "-" "Mozilla/5.0 (compatible; MJ12bot/v1.4.8; http://mj12bot.com/)"
149.202.86.190 - - [28/Apr/2025:04:59:43 -0400] "GET /mlp/%EF%BB%BFhttp:/52-sell.com/o4q/how-to-use-wynns-diesel-egr-cleaner.html HTTP/1.1" 404 39344 "-" "Mozilla/5.0 (compatible; MJ12bot/v1.4.8; http://mj12bot.com/)"
149.202.86.190 - - [28/Apr/2025:04:59:49 -0400] "GET /mlp/%EF%BB%BFhttp://52-sell.com/o4q/how-to-watch-crackstreams-on-roku.html HTTP/1.1" 301 0 "-" "Mozilla/5.0 (compatible; MJ12bot/v1.4.8; http://mj12bot.com/)"
149.202.86.190 - - [28/Apr/2025:04:59:53 -0400] "GET /mlp/%EF%BB%BFhttp:/52-sell.com/o4q/how-to-watch-crackstreams-on-roku.html HTTP/1.1" 404 39188 "-" "Mozilla/5.0 (compatible; MJ12bot/v1.4.8; http://mj12bot.com/)"
66.29.132.124 - - [28/Apr/2025:04:59:58 -0400] "POST /wp-cron.php?doing_wp_cron=1745830797.7574479579925537109375 HTTP/1.1" 200 0 "-" "WordPress/6.8; https://arsn.media"
149.202.86.190 - - [28/Apr/2025:04:59:57 -0400] "GET /mlp/%EF%BB%BFhttp://52-sell.com/o4q/how-to-work-with-lilith-in-cancer.html HTTP/1.1" 301 0 "-" "Mozilla/5.0 (compatible; MJ12bot/v1.4.8; http://mj12bot.com/)"
66.29.132.124 - - [28/Apr/2025:05:00:01 -0400] "POST /wp-admin/admin-ajax.php?action=async_litespeed&nonce=Udca6mlgjU1HK0qNKX325jyilBnwFvKr&litespeed_type=imgoptm HTTP/1.1" 200 0 "-" "WordPress/6.8; https://arsn.media"
149.202.86.190 - - [28/Apr/2025:05:00:00 -0400] "GET /mlp/%EF%BB%BFhttp:/52-sell.com/o4q/how-to-work-with-lilith-in-cancer.html HTTP/1.1" 404 39191 "-" "Mozilla/5.0 (compatible; MJ12bot/v1.4.8; http://mj12bot.com/)"
149.202.86.190 - - [28/Apr/2025:05:00:07 -0400] "GET /mlp/%EF%BB%BFhttp://52-sell.com/o4q/hp-omen-boot-menu.html HTTP/1.1" 301 0 "-" "Mozilla/5.0 (compatible; MJ12bot/v1.4.8; http://mj12bot.com/)"
149.202.86.190 - - [28/Apr/2025:05:00:12 -0400] "GET /mlp/%EF%BB%BFhttp:/52-sell.com/o4q/hp-omen-boot-menu.html HTTP/1.1" 404 39293 "-" "Mozilla/5.0 (compatible; MJ12bot/v1.4.8; http://mj12bot.com/)"
149.202.86.190 - - [28/Apr/2025:05:00:17 -0400] "GET /mlp/%EF%BB%BFhttp://52-sell.com/o4q/hrt-blind.html HTTP/1.1" 301 0 "-" "Mozilla/5.0 (compatible; MJ12bot/v1.4.8; http://mj12bot.com/)"
149.202.86.190 - - [28/Apr/2025:05:00:20 -0400] "GET /mlp/%EF%BB%BFhttp:/52-sell.com/o4q/hrt-blind.html HTTP/1.1" 404 39308 "-" "Mozilla/5.0 (compatible; MJ12bot/v1.4.8; http://mj12bot.com/)"
149.202.86.190 - - [28/Apr/2025:05:00:25 -0400] "GET /mlp/%EF%BB%BFhttp://52-sell.com/o4q/hrt-return-offer.html HTTP/1.1" 301 0 "-" "Mozilla/5.0 (compatible; MJ12bot/v1.4.8; http://mj12bot.com/)"
149.202.86.190 - - [28/Apr/2025:05:00:29 -0400] "GET /mlp/%EF%BB%BFhttp:/52-sell.com/o4q/hrt-return-offer.html HTTP/1.1" 404 39298 "-" "Mozilla/5.0 (compatible; MJ12bot/v1.4.8; http://mj12bot.com/)"
66.29.132.124 - - [28/Apr/2025:05:00:37 -0400] "POST /wp-cron.php?doing_wp_cron=1745830836.8553769588470458984375 HTTP/1.1" 200 0 "-" "WordPress/6.8; https://arsn.media"
149.202.86.190 - - [28/Apr/2025:05:00:35 -0400] "GET /mlp/%EF%BB%BFhttp://52-sell.com/o4q/https-cgtricks-com-nvidia-ai-playground-gaugan-beta.html HTTP/1.1" 301 0 "-" "Mozilla/5.0 (compatible; MJ12bot/v1.4.8; http://mj12bot.com/)"
20.171.207.19 - - [28/Apr/2025:05:00:37 -0400] "GET /wp-admin/comment.php?action=spam&c=610 HTTP/1.1" 302 0 "-" "Mozilla/5.0 AppleWebKit/537.36 (KHTML, like Gecko; compatible; GPTBot/1.2; +https://openai.com/gptbot)"
66.29.132.124 - - [28/Apr/2025:05:00:40 -0400] "POST /wp-admin/admin-ajax.php?action=async_litespeed&nonce=TH0uFzWethwS1MqD1vxVRBhTax3YmYxh&litespeed_type=imgoptm HTTP/1.1" 200 0 "-" "WordPress/6.8; https://arsn.media"
20.171.207.19 - - [28/Apr/2025:05:00:41 -0400] "GET /wp-admin/comment.php?action=trash&c=610 HTTP/1.1" 302 0 "-" "Mozilla/5.0 AppleWebKit/537.36 (KHTML, like Gecko; compatible; GPTBot/1.2; +https://openai.com/gptbot)"
149.202.86.190 - - [28/Apr/2025:05:00:41 -0400] "GET /mlp/%EF%BB%BFhttp:/52-sell.com/o4q/https-cgtricks-com-nvidia-ai-playground-gaugan-beta.html HTTP/1.1" 404 39298 "-" "Mozilla/5.0 (compatible; MJ12bot/v1.4.8; http://mj12bot.com/)"
20.171.207.19 - - [28/Apr/2025:05:00:43 -0400] "GET /wp-admin/comment.php?action=approve&c=610 HTTP/1.1" 302 0 "-" "Mozilla/5.0 AppleWebKit/537.36 (KHTML, like Gecko; compatible; GPTBot/1.2; +https://openai.com/gptbot)"
149.202.86.190 - - [28/Apr/2025:05:00:45 -0400] "GET /mlp/%EF%BB%BFhttp://52-sell.com/o4q/hu-tao-x-male-reader-lemon.html HTTP/1.1" 301 0 "-" "Mozilla/5.0 (compatible; MJ12bot/v1.4.8; http://mj12bot.com/)"
20.171.207.19 - - [28/Apr/2025:05:00:46 -0400] "GET /2025/02/16/boost-your-business-with-affordable-local-seo-services/ HTTP/1.1" 404 18530 "-" "Mozilla/5.0 AppleWebKit/537.36 (KHTML, like Gecko; compatible; GPTBot/1.2; +https://openai.com/gptbot)"
149.202.86.190 - - [28/Apr/2025:05:00:48 -0400] "GET /mlp/%EF%BB%BFhttp:/52-sell.com/o4q/hu-tao-x-male-reader-lemon.html HTTP/1.1" 404 39393 "-" "Mozilla/5.0 (compatible; MJ12bot/v1.4.8; http://mj12bot.com/)"
66.29.132.124 - - [28/Apr/2025:05:00:50 -0400] "POST /wp-cron.php?doing_wp_cron=1745830850.2254030704498291015625 HTTP/1.1" 200 0 "-" "WordPress/6.8; https://arsn.media"
20.171.207.19 - - [28/Apr/2025:05:00:49 -0400] "GET /wp-login.php?reauth=1&redirect_to=https%3A%2F%2Farsn.media%2Fwp-admin%2Fcomment.php%3Faction%3Dspam%26c%3D610 HTTP/1.1" 200 1894 "-" "Mozilla/5.0 AppleWebKit/537.36 (KHTML, like Gecko; compatible; GPTBot/1.2; +https://openai.com/gptbot)"
149.202.86.190 - - [28/Apr/2025:05:00:52 -0400] "GET /mlp/%EF%BB%BFhttp://52-sell.com/o4q/huawei-y6-prime-2019-schematic-diagram.html HTTP/1.1" 301 0 "-" "Mozilla/5.0 (compatible; MJ12bot/v1.4.8; http://mj12bot.com/)"
20.171.207.19 - - [28/Apr/2025:05:00:51 -0400] "GET /wp-login.php?reauth=1&redirect_to=https%3A%2F%2Farsn.media%2Fwp-admin%2Fcomment.php%3Faction%3Dtrash%26c%3D610 HTTP/1.1" 200 1897 "-" "Mozilla/5.0 AppleWebKit/537.36 (KHTML, like Gecko; compatible; GPTBot/1.2; +https://openai.com/gptbot)"
20.171.207.19 - - [28/Apr/2025:05:00:54 -0400] "GET /wp-login.php?reauth=1&redirect_to=https%3A%2F%2Farsn.media%2Fwp-admin%2Fcomment.php%3Faction%3Dapprove%26c%3D610 HTTP/1.1" 200 1898 "-" "Mozilla/5.0 AppleWebKit/537.36 (KHTML, like Gecko; compatible; GPTBot/1.2; +https://openai.com/gptbot)"
149.202.86.190 - - [28/Apr/2025:05:00:55 -0400] "GET /mlp/%EF%BB%BFhttp:/52-sell.com/o4q/huawei-y6-prime-2019-schematic-diagram.html HTTP/1.1" 404 39110 "-" "Mozilla/5.0 (compatible; MJ12bot/v1.4.8; http://mj12bot.com/)"
149.202.86.190 - - [28/Apr/2025:05:00:59 -0400] "GET /mlp/%EF%BB%BFhttp://52-sell.com/o4q/hudson-reed-sarenna.html HTTP/1.1" 301 0 "-" "Mozilla/5.0 (compatible; MJ12bot/v1.4.8; http://mj12bot.com/)"
149.202.86.190 - - [28/Apr/2025:05:01:02 -0400] "GET /mlp/%EF%BB%BFhttp:/52-sell.com/o4q/hudson-reed-sarenna.html HTTP/1.1" 404 39275 "-" "Mozilla/5.0 (compatible; MJ12bot/v1.4.8; http://mj12bot.com/)"
149.202.86.190 - - [28/Apr/2025:05:01:06 -0400] "GET /mlp/%EF%BB%BFhttp://52-sell.com/o4q/hudson-reed-shower-hose.html HTTP/1.1" 301 0 "-" "Mozilla/5.0 (compatible; MJ12bot/v1.4.8; http://mj12bot.com/)"
149.202.86.190 - - [28/Apr/2025:05:01:09 -0400] "GET /mlp/%EF%BB%BFhttp:/52-sell.com/o4q/hudson-reed-shower-hose.html HTTP/1.1" 404 39370 "-" "Mozilla/5.0 (compatible; MJ12bot/v1.4.8; http://mj12bot.com/)"
149.202.86.190 - - [28/Apr/2025:05:01:12 -0400] "GET /mlp/%EF%BB%BFhttp://52-sell.com/o4q/hudson-reed-thermostatic-shower-valve.html HTTP/1.1" 301 0 "-" "Mozilla/5.0 (compatible; MJ12bot/v1.4.8; http://mj12bot.com/)"
149.202.86.190 - - [28/Apr/2025:05:01:14 -0400] "GET /mlp/%EF%BB%BFhttp:/52-sell.com/o4q/hudson-reed-thermostatic-shower-valve.html HTTP/1.1" 404 39095 "-" "Mozilla/5.0 (compatible; MJ12bot/v1.4.8; http://mj12bot.com/)"
149.202.86.190 - - [28/Apr/2025:05:01:17 -0400] "GET /mlp/%EF%BB%BFhttp://52-sell.com/o4q/hull-city-fixtures.html HTTP/1.1" 301 0 "-" "Mozilla/5.0 (compatible; MJ12bot/v1.4.8; http://mj12bot.com/)"
149.202.86.190 - - [28/Apr/2025:05:01:21 -0400] "GET /mlp/%EF%BB%BFhttp:/52-sell.com/o4q/hull-city-fixtures.html HTTP/1.1" 404 39252 "-" "Mozilla/5.0 (compatible; MJ12bot/v1.4.8; http://mj12bot.com/)"
66.29.132.124 - - [28/Apr/2025:05:01:36 -0400] "POST /wp-cron.php?doing_wp_cron=1745830896.2529439926147460937500 HTTP/1.1" 200 0 "-" "WordPress/6.8; https://arsn.media"
149.202.86.190 - - [28/Apr/2025:05:01:35 -0400] "GET /mlp/%EF%BB%BFhttp:/52-sell.com/o4q/hum-do-hamare-do-box-office-collection.html HTTP/1.1" 404 39178 "-" "Mozilla/5.0 (compatible; MJ12bot/v1.4.8; http://mj12bot.com/)"
66.29.132.124 - - [28/Apr/2025:05:01:37 -0400] "POST /wp-admin/admin-ajax.php?action=async_litespeed&nonce=1Md8QcrZTrekS10eLhnvUYLykFkbpD49&litespeed_type=imgoptm HTTP/1.1" 200 0 "-" "WordPress/6.8; https://arsn.media"
66.29.132.124 - - [28/Apr/2025:05:01:38 -0400] "POST /wp-admin/admin-ajax.php?action=as_async_request_queue_runner&nonce=b691fb58eb HTTP/1.1" 200 0 "-" "WordPress/6.8; https://arsn.media"
149.202.86.190 - - [28/Apr/2025:05:01:40 -0400] "GET /mlp/%EF%BB%BFhttp://52-sell.com/o4q/hume-doors-cavity-slider.html HTTP/1.1" 301 0 "-" "Mozilla/5.0 (compatible; MJ12bot/v1.4.8; http://mj12bot.com/)"
149.202.86.190 - - [28/Apr/2025:05:01:42 -0400] "GET /mlp/%EF%BB%BFhttp:/52-sell.com/o4q/hume-doors-cavity-slider.html HTTP/1.1" 404 39213 "-" "Mozilla/5.0 (compatible; MJ12bot/v1.4.8; http://mj12bot.com/)"
149.202.86.190 - - [28/Apr/2025:05:01:46 -0400] "GET /mlp/%EF%BB%BFhttp://52-sell.com/o4q/hume-doors-price-list-2020.html HTTP/1.1" 301 0 "-" "Mozilla/5.0 (compatible; MJ12bot/v1.4.8; http://mj12bot.com/)"
66.29.132.124 - - [28/Apr/2025:05:01:51 -0400] "POST /wp-cron.php?doing_wp_cron=1745830910.7714109420776367187500 HTTP/1.1" 200 0 "-" "WordPress/6.8; https://arsn.media"
149.202.86.190 - - [28/Apr/2025:05:01:50 -0400] "GET /mlp/%EF%BB%BFhttp:/52-sell.com/o4q/hume-doors-price-list-2020.html HTTP/1.1" 404 39388 "-" "Mozilla/5.0 (compatible; MJ12bot/v1.4.8; http://mj12bot.com/)"
149.202.86.190 - - [28/Apr/2025:05:01:54 -0400] "GET /mlp/%EF%BB%BFhttp://52-sell.com/o4q/hunnibee-asmr-died.html HTTP/1.1" 301 0 "-" "Mozilla/5.0 (compatible; MJ12bot/v1.4.8; http://mj12bot.com/)"
20.171.207.19 - - [28/Apr/2025:05:01:57 -0400] "GET /wp-content/uploads/2020/09/ARSN-Final-Logos-scaled.jpg%202560w,%20https:/arsn.media/wp-content/uploads/2020/09/ARSN-Final-Logos-300x138.jpg%20300w,%20https:/arsn.media/wp-content/uploads/2020/09/ARSN-Final-Logos-1024x471.jpg%201024w,%20https:/arsn.media/ARSN-Final-Logos-768x353.jpg%20768w,%20https:/ARSN-Final-Logos-1536x706.jpg%201536w,%20https:/ARSN-Final-Logos-2048x942.jpg%202048w HTTP/1.1" 404 39354 "-" "Mozilla/5.0 AppleWebKit/537.36 (KHTML, like Gecko; compatible; GPTBot/1.2; +https://openai.com/gptbot)"
149.202.86.190 - - [28/Apr/2025:05:01:57 -0400] "GET /mlp/%EF%BB%BFhttp:/52-sell.com/o4q/hunnibee-asmr-died.html HTTP/1.1" 404 39249 "-" "Mozilla/5.0 (compatible; MJ12bot/v1.4.8; http://mj12bot.com/)"
20.171.207.19 - - [28/Apr/2025:05:01:59 -0400] "GET /wp-content/uploads/2020/10/404.png%20707w,%20https:/arsn.media/wp-content/uploads/2020/10/404-300x110.png%20300w HTTP/1.1" 404 39275 "-" "Mozilla/5.0 AppleWebKit/537.36 (KHTML, like Gecko; compatible; GPTBot/1.2; +https://openai.com/gptbot)"
20.171.207.19 - - [28/Apr/2025:05:02:02 -0400] "GET /wp-content/themes/onum/js/design-test.js HTTP/1.1" 404 39146 "-" "Mozilla/5.0 AppleWebKit/537.36 (KHTML, like Gecko; compatible; GPTBot/1.2; +https://openai.com/gptbot)"
149.202.86.190 - - [28/Apr/2025:05:02:01 -0400] "GET /mlp/%EF%BB%BFhttp://52-sell.com/o4q/hutchinson-mn-cop.html HTTP/1.1" 301 0 "-" "Mozilla/5.0 (compatible; MJ12bot/v1.4.8; http://mj12bot.com/)"
20.171.207.19 - - [28/Apr/2025:05:02:04 -0400] "GET /wp-content/themes/onum/css/design-test.css?ver=6.7.2 HTTP/1.1" 404 39413 "-" "Mozilla/5.0 AppleWebKit/537.36 (KHTML, like Gecko; compatible; GPTBot/1.2; +https://openai.com/gptbot)"
20.171.207.19 - - [28/Apr/2025:05:02:07 -0400] "GET /wp-json/elementskit/v1/ HTTP/1.1" 404 114 "-" "Mozilla/5.0 AppleWebKit/537.36 (KHTML, like Gecko; compatible; GPTBot/1.2; +https://openai.com/gptbot)"
149.202.86.190 - - [28/Apr/2025:05:02:04 -0400] "GET /mlp/%EF%BB%BFhttp:/52-sell.com/o4q/hutchinson-mn-cop.html HTTP/1.1" 404 39236 "-" "Mozilla/5.0 (compatible; MJ12bot/v1.4.8; http://mj12bot.com/)"
149.202.86.190 - - [28/Apr/2025:05:02:09 -0400] "GET /mlp/%EF%BB%BFhttp://52-sell.com/o4q/hydraulic-fan-drive-system.html HTTP/1.1" 301 0 "-" "Mozilla/5.0 (compatible; MJ12bot/v1.4.8; http://mj12bot.com/)"
149.202.86.190 - - [28/Apr/2025:05:02:12 -0400] "GET /mlp/%EF%BB%BFhttp:/52-sell.com/o4q/hydraulic-fan-drive-system.html HTTP/1.1" 404 39389 "-" "Mozilla/5.0 (compatible; MJ12bot/v1.4.8; http://mj12bot.com/)"
149.202.86.190 - - [28/Apr/2025:05:02:18 -0400] "GET /mlp/%EF%BB%BFhttp://52-sell.com/o4q/hydraulic-wire-crimper.html HTTP/1.1" 301 0 "-" "Mozilla/5.0 (compatible; MJ12bot/v1.4.8; http://mj12bot.com/)"
20.171.207.19 - - [28/Apr/2025:05:02:22 -0400] "GET /wp-content/uploads/2020/09/ARSN-Final-Logos-scaled.jpg%202560w,%20https:/arsn.media/wp-content/uploads/2020/09/ARSN-Final-Logos-300x138.jpg%20300w,%20https:/arsn.media/wp-content/uploads/2020/09/ARSN-Final-Logos-1024x471.jpg%201024w,%20https:/arsn.media/ARSN-Final-Logos-768x353.jpg%20768w,%20https:/ARSN-Final-Logos-1536x706.jpg%201536w,%20https:/ARSN-Final-Logos-2048x942.jpg%202048w HTTP/1.1" 404 39354 "-" "Mozilla/5.0 AppleWebKit/537.36 (KHTML, like Gecko; compatible; GPTBot/1.2; +https://openai.com/gptbot)"
20.171.207.19 - - [28/Apr/2025:05:02:24 -0400] "GET /wp-json/elementskit/v1/ HTTP/1.1" 404 114 "-" "Mozilla/5.0 AppleWebKit/537.36 (KHTML, like Gecko; compatible; GPTBot/1.2; +https://openai.com/gptbot)"
149.202.86.190 - - [28/Apr/2025:05:02:22 -0400] "GET /mlp/%EF%BB%BFhttp:/52-sell.com/o4q/hydraulic-wire-crimper.html HTTP/1.1" 404 39338 "-" "Mozilla/5.0 (compatible; MJ12bot/v1.4.8; http://mj12bot.com/)"
20.171.207.19 - - [28/Apr/2025:05:02:26 -0400] "GET /wp-content/uploads/2020/10/404.png%20707w,%20https:/arsn.media/wp-content/uploads/2020/10/404-300x110.png%20300w HTTP/1.1" 404 39275 "-" "Mozilla/5.0 AppleWebKit/537.36 (KHTML, like Gecko; compatible; GPTBot/1.2; +https://openai.com/gptbot)"
149.202.86.190 - - [28/Apr/2025:05:02:27 -0400] "GET /mlp/%EF%BB%BFhttp://52-sell.com/o4q/hyundai-getz-tappet-noise.html HTTP/1.1" 301 0 "-" "Mozilla/5.0 (compatible; MJ12bot/v1.4.8; http://mj12bot.com/)"
20.171.207.19 - - [28/Apr/2025:05:02:28 -0400] "GET /wp-content/themes/onum/js/design-test.js HTTP/1.1" 404 39146 "-" "Mozilla/5.0 AppleWebKit/537.36 (KHTML, like Gecko; compatible; GPTBot/1.2; +https://openai.com/gptbot)"
20.171.207.19 - - [28/Apr/2025:05:02:30 -0400] "GET /wp-content/themes/onum/css/design-test.css?ver=6.7.2 HTTP/1.1" 404 39413 "-" "Mozilla/5.0 AppleWebKit/537.36 (KHTML, like Gecko; compatible; GPTBot/1.2; +https://openai.com/gptbot)"
149.202.86.190 - - [28/Apr/2025:05:02:29 -0400] "GET /mlp/%EF%BB%BFhttp:/52-sell.com/o4q/hyundai-getz-tappet-noise.html HTTP/1.1" 404 39265 "-" "Mozilla/5.0 (compatible; MJ12bot/v1.4.8; http://mj12bot.com/)"
66.29.132.124 - - [28/Apr/2025:05:02:34 -0400] "POST /wp-cron.php?doing_wp_cron=1745830954.6905789375305175781250 HTTP/1.1" 200 0 "-" "WordPress/6.8; https://arsn.media"
149.202.86.190 - - [28/Apr/2025:05:02:33 -0400] "GET /mlp/%EF%BB%BFhttp://52-sell.com/o4q/hyundai-wreckers-cannington.html HTTP/1.1" 301 0 "-" "Mozilla/5.0 (compatible; MJ12bot/v1.4.8; http://mj12bot.com/)"
66.29.132.124 - - [28/Apr/2025:05:02:35 -0400] "POST /wp-admin/admin-ajax.php?action=async_litespeed&nonce=0CY5SkRBb3LUoNbLEagX0hDdMYmMdBPv&litespeed_type=imgoptm HTTP/1.1" 200 0 "-" "WordPress/6.8; https://arsn.media"
149.202.86.190 - - [28/Apr/2025:05:02:37 -0400] "GET /mlp/%EF%BB%BFhttp:/52-sell.com/o4q/hyundai-wreckers-cannington.html HTTP/1.1" 404 39182 "-" "Mozilla/5.0 (compatible; MJ12bot/v1.4.8; http://mj12bot.com/)"
149.202.86.190 - - [28/Apr/2025:05:02:40 -0400] "GET /mlp/%EF%BB%BFhttp://52-sell.com/o4q/i-broke-the-love-of-my-life-heart.html HTTP/1.1" 301 0 "-" "Mozilla/5.0 (compatible; MJ12bot/v1.4.8; http://mj12bot.com/)"
149.202.86.190 - - [28/Apr/2025:05:02:43 -0400] "GET /mlp/%EF%BB%BFhttp:/52-sell.com/o4q/i-broke-the-love-of-my-life-heart.html HTTP/1.1" 404 39187 "-" "Mozilla/5.0 (compatible; MJ12bot/v1.4.8; http://mj12bot.com/)"
66.29.132.124 - - [28/Apr/2025:05:02:50 -0400] "POST /wp-cron.php?doing_wp_cron=1745830970.0175778865814208984375 HTTP/1.1" 200 0 "-" "WordPress/6.8; https://arsn.media"
149.202.86.190 - - [28/Apr/2025:05:02:48 -0400] "GET /mlp/%EF%BB%BFhttp://52-sell.com/o4q/i-love-to-see-the-temple-flipchart.html HTTP/1.1" 301 0 "-" "Mozilla/5.0 (compatible; MJ12bot/v1.4.8; http://mj12bot.com/)"
149.202.86.190 - - [28/Apr/2025:05:02:52 -0400] "GET /mlp/%EF%BB%BFhttp:/52-sell.com/o4q/i-love-to-see-the-temple-flipchart.html HTTP/1.1" 404 39249 "-" "Mozilla/5.0 (compatible; MJ12bot/v1.4.8; http://mj12bot.com/)"
149.202.86.190 - - [28/Apr/2025:05:02:56 -0400] "GET /mlp/%EF%BB%BFhttp://52-sell.com/o4q/i-teach-therefore-i-am.html HTTP/1.1" 301 0 "-" "Mozilla/5.0 (compatible; MJ12bot/v1.4.8; http://mj12bot.com/)"
20.171.207.19 - - [28/Apr/2025:05:02:59 -0400] "GET /wp-json/elementskit/v1/ HTTP/1.1" 404 114 "-" "Mozilla/5.0 AppleWebKit/537.36 (KHTML, like Gecko; compatible; GPTBot/1.2; +https://openai.com/gptbot)"
149.202.86.190 - - [28/Apr/2025:05:02:59 -0400] "GET /mlp/%EF%BB%BFhttp:/52-sell.com/o4q/i-teach-therefore-i-am.html HTTP/1.1" 404 39338 "-" "Mozilla/5.0 (compatible; MJ12bot/v1.4.8; http://mj12bot.com/)"
20.171.207.19 - - [28/Apr/2025:05:03:01 -0400] "GET /wp-content/uploads/2020/09/ARSN-Final-Logos-scaled.jpg%202560w,%20https:/arsn.media/wp-content/uploads/2020/09/ARSN-Final-Logos-300x138.jpg%20300w,%20https:/arsn.media/wp-content/uploads/2020/09/ARSN-Final-Logos-1024x471.jpg%201024w,%20https:/arsn.media/ARSN-Final-Logos-768x353.jpg%20768w,%20https:/ARSN-Final-Logos-1536x706.jpg%201536w,%20https:/ARSN-Final-Logos-2048x942.jpg%202048w HTTP/1.1" 404 39354 "-" "Mozilla/5.0 AppleWebKit/537.36 (KHTML, like Gecko; compatible; GPTBot/1.2; +https://openai.com/gptbot)"
149.202.86.190 - - [28/Apr/2025:05:03:02 -0400] "GET /mlp/%EF%BB%BFhttp://52-sell.com/o4q/i3-12100-plex.html HTTP/1.1" 301 0 "-" "Mozilla/5.0 (compatible; MJ12bot/v1.4.8; http://mj12bot.com/)"
20.171.207.19 - - [28/Apr/2025:05:03:04 -0400] "GET /wp-content/uploads/2020/10/404.png%20707w,%20https:/arsn.media/wp-content/uploads/2020/10/404-300x110.png%20300w HTTP/1.1" 404 39275 "-" "Mozilla/5.0 AppleWebKit/537.36 (KHTML, like Gecko; compatible; GPTBot/1.2; +https://openai.com/gptbot)"
20.171.207.19 - - [28/Apr/2025:05:03:06 -0400] "GET /wp-content/themes/onum/css/design-test.css?ver=6.7.2 HTTP/1.1" 404 39413 "-" "Mozilla/5.0 AppleWebKit/537.36 (KHTML, like Gecko; compatible; GPTBot/1.2; +https://openai.com/gptbot)"
149.202.86.190 - - [28/Apr/2025:05:03:06 -0400] "GET /mlp/%EF%BB%BFhttp:/52-sell.com/o4q/i3-12100-plex.html HTTP/1.1" 404 39428 "-" "Mozilla/5.0 (compatible; MJ12bot/v1.4.8; http://mj12bot.com/)"
20.171.207.19 - - [28/Apr/2025:05:03:08 -0400] "GET /wp-content/themes/onum/js/design-test.js HTTP/1.1" 404 39146 "-" "Mozilla/5.0 AppleWebKit/537.36 (KHTML, like Gecko; compatible; GPTBot/1.2; +https://openai.com/gptbot)"
149.202.86.190 - - [28/Apr/2025:05:03:09 -0400] "GET /mlp/%EF%BB%BFhttp://52-sell.com/o4q/ice-hockey-officials-association.html HTTP/1.1" 301 0 "-" "Mozilla/5.0 (compatible; MJ12bot/v1.4.8; http://mj12bot.com/)"
149.202.86.190 - - [28/Apr/2025:05:03:12 -0400] "GET /mlp/%EF%BB%BFhttp:/52-sell.com/o4q/ice-hockey-officials-association.html HTTP/1.1" 404 39172 "-" "Mozilla/5.0 (compatible; MJ12bot/v1.4.8; http://mj12bot.com/)"
149.202.86.190 - - [28/Apr/2025:05:03:16 -0400] "GET /mlp/%EF%BB%BFhttp://52-sell.com/o4q/iceberg-sweater.html HTTP/1.1" 301 0 "-" "Mozilla/5.0 (compatible; MJ12bot/v1.4.8; http://mj12bot.com/)"
149.202.86.190 - - [28/Apr/2025:05:03:18 -0400] "GET /mlp/%EF%BB%BFhttp:/52-sell.com/o4q/iceberg-sweater.html HTTP/1.1" 404 39343 "-" "Mozilla/5.0 (compatible; MJ12bot/v1.4.8; http://mj12bot.com/)"
149.202.86.190 - - [28/Apr/2025:05:01:25 -0400] "GET /mlp/%EF%BB%BFhttp://52-sell.com/o4q/hullovota-e12-bulb-dimmable.html HTTP/1.1" 301 0 "-" "Mozilla/5.0 (compatible; MJ12bot/v1.4.8; http://mj12bot.com/)"
149.202.86.190 - - [28/Apr/2025:05:01:27 -0400] "GET /mlp/%EF%BB%BFhttp:/52-sell.com/o4q/hullovota-e12-bulb-dimmable.html HTTP/1.1" 404 39182 "-" "Mozilla/5.0 (compatible; MJ12bot/v1.4.8; http://mj12bot.com/)"
149.202.86.190 - - [28/Apr/2025:05:01:32 -0400] "GET /mlp/%EF%BB%BFhttp://52-sell.com/o4q/hum-do-hamare-do-box-office-collection.html HTTP/1.1" 301 0 "-" "Mozilla/5.0 (compatible; MJ12bot/v1.4.8; http://mj12bot.com/)"
149.202.86.190 - - [28/Apr/2025:05:03:21 -0400] "GET /mlp/%EF%BB%BFhttp://52-sell.com/o4q/ict-michael-huddleston-course-pdf.html HTTP/1.1" 301 0 "-" "Mozilla/5.0 (compatible; MJ12bot/v1.4.8; http://mj12bot.com/)"
149.202.86.190 - - [28/Apr/2025:05:03:24 -0400] "GET /mlp/%EF%BB%BFhttp:/52-sell.com/o4q/ict-michael-huddleston-course-pdf.html HTTP/1.1" 404 39186 "-" "Mozilla/5.0 (compatible; MJ12bot/v1.4.8; http://mj12bot.com/)"
149.202.86.190 - - [28/Apr/2025:05:03:28 -0400] "GET /mlp/%EF%BB%BFhttp://52-sell.com/o4q/id4-in-snow.html HTTP/1.1" 301 0 "-" "Mozilla/5.0 (compatible; MJ12bot/v1.4.8; http://mj12bot.com/)"
149.202.86.190 - - [28/Apr/2025:05:03:31 -0400] "GET /mlp/%EF%BB%BFhttp:/52-sell.com/o4q/id4-in-snow.html HTTP/1.1" 404 39249 "-" "Mozilla/5.0 (compatible; MJ12bot/v1.4.8; http://mj12bot.com/)"
66.29.132.124 - - [28/Apr/2025:05:03:35 -0400] "POST /wp-cron.php?doing_wp_cron=1745831015.3901040554046630859375 HTTP/1.1" 200 0 "-" "WordPress/6.8; https://arsn.media"
149.202.86.190 - - [28/Apr/2025:05:03:34 -0400] "GET /mlp/%EF%BB%BFhttp://52-sell.com/o4q/idyllwild-school-bell-schedule.html HTTP/1.1" 301 0 "-" "Mozilla/5.0 (compatible; MJ12bot/v1.4.8; http://mj12bot.com/)"
66.29.132.124 - - [28/Apr/2025:05:03:37 -0400] "POST /wp-admin/admin-ajax.php?action=async_litespeed&nonce=gySTT2IlRn08NxGn9ZxOLOADmeznYdZL&litespeed_type=imgoptm HTTP/1.1" 200 0 "-" "WordPress/6.8; https://arsn.media"
149.202.86.190 - - [28/Apr/2025:05:03:38 -0400] "GET /mlp/%EF%BB%BFhttp:/52-sell.com/o4q/idyllwild-school-bell-schedule.html HTTP/1.1" 404 39286 "-" "Mozilla/5.0 (compatible; MJ12bot/v1.4.8; http://mj12bot.com/)"
149.202.86.190 - - [28/Apr/2025:05:03:43 -0400] "GET /mlp/%EF%BB%BFhttp://52-sell.com/o4q/iga-opening-hours-today.html HTTP/1.1" 301 0 "-" "Mozilla/5.0 (compatible; MJ12bot/v1.4.8; http://mj12bot.com/)"
149.202.86.190 - - [28/Apr/2025:05:03:45 -0400] "GET /mlp/%EF%BB%BFhttp:/52-sell.com/o4q/iga-opening-hours-today.html HTTP/1.1" 404 39346 "-" "Mozilla/5.0 (compatible; MJ12bot/v1.4.8; http://mj12bot.com/)"
149.202.86.190 - - [28/Apr/2025:05:03:49 -0400] "GET /mlp/%EF%BB%BFhttp://52-sell.com/o4q/igcse-geography-notes-pdf-2021.html HTTP/1.1" 301 0 "-" "Mozilla/5.0 (compatible; MJ12bot/v1.4.8; http://mj12bot.com/)"
66.29.132.124 - - [28/Apr/2025:05:03:52 -0400] "POST /wp-cron.php?doing_wp_cron=1745831032.3091099262237548828125 HTTP/1.1" 200 0 "-" "WordPress/6.8; https://arsn.media"
149.202.86.190 - - [28/Apr/2025:05:03:51 -0400] "GET /mlp/%EF%BB%BFhttp:/52-sell.com/o4q/igcse-geography-notes-pdf-2021.html HTTP/1.1" 404 39287 "-" "Mozilla/5.0 (compatible; MJ12bot/v1.4.8; http://mj12bot.com/)"
149.202.86.190 - - [28/Apr/2025:05:03:55 -0400] "GET /mlp/%EF%BB%BFhttp://52-sell.com/o4q/ih-2350-loader-mounting-brackets-for-sale.html HTTP/1.1" 301 0 "-" "Mozilla/5.0 (compatible; MJ12bot/v1.4.8; http://mj12bot.com/)"
149.202.86.190 - - [28/Apr/2025:05:03:57 -0400] "GET /mlp/%EF%BB%BFhttp:/52-sell.com/o4q/ih-2350-loader-mounting-brackets-for-sale.html HTTP/1.1" 404 39324 "-" "Mozilla/5.0 (compatible; MJ12bot/v1.4.8; http://mj12bot.com/)"
149.202.86.190 - - [28/Apr/2025:05:04:00 -0400] "GET /mlp/%EF%BB%BFhttp://52-sell.com/o4q/ikea-desk-reddit.html HTTP/1.1" 301 0 "-" "Mozilla/5.0 (compatible; MJ12bot/v1.4.8; http://mj12bot.com/)"
149.202.86.190 - - [28/Apr/2025:05:04:03 -0400] "GET /mlp/%EF%BB%BFhttp:/52-sell.com/o4q/ikea-desk-reddit.html HTTP/1.1" 404 39244 "-" "Mozilla/5.0 (compatible; MJ12bot/v1.4.8; http://mj12bot.com/)"
169.150.201.31 - - [28/Apr/2025:05:04:07 -0400] "GET / HTTP/1.1" 200 72353 "-" "Mozilla/5.0 (Linux; Android 6.0; Nexus 5 Build/MRA58N) AppleWebKit/537.36 (KHTML, like Gecko) Chrome/128.0.0.0 Mobile Safari/537.36"
149.202.86.190 - - [28/Apr/2025:05:04:07 -0400] "GET /mlp/%EF%BB%BFhttp://52-sell.com/o4q/ikea-drawer-front-sizes.html HTTP/1.1" 301 0 "-" "Mozilla/5.0 (compatible; MJ12bot/v1.4.8; http://mj12bot.com/)"
95.173.222.37 - - [28/Apr/2025:05:04:08 -0400] "POST /wp-login.php HTTP/1.1" 200 2239 "https://arsn.media/wp-admin/" "Mozilla/5.0 (Windows NT 10.0; Win64; x64) AppleWebKit/537.36 (KHTML, like Gecko) Chrome/90.0.4430.85 Safari/537.36"
95.173.222.37 - - [28/Apr/2025:05:04:09 -0400] "GET /wp-admin/ HTTP/1.1" 302 0 "www.google.com" "Mozilla/5.0 (Windows NT 10.0; Win64; x64) AppleWebKit/537.36 (KHTML, like Gecko) Chrome/90.0.4430.85 Safari/537.36"
149.202.86.190 - - [28/Apr/2025:05:04:09 -0400] "GET /mlp/%EF%BB%BFhttp:/52-sell.com/o4q/ikea-drawer-front-sizes.html HTTP/1.1" 404 39379 "-" "Mozilla/5.0 (compatible; MJ12bot/v1.4.8; http://mj12bot.com/)"
95.173.222.37 - - [28/Apr/2025:05:04:10 -0400] "GET /wp-login.php?redirect_to=https%3A%2F%2Farsn.media%2Fwp-admin%2F&reauth=1 HTTP/1.1" 200 2133 "www.google.com" "Mozilla/5.0 (Windows NT 10.0; Win64; x64) AppleWebKit/537.36 (KHTML, like Gecko) Chrome/90.0.4430.85 Safari/537.36"
149.202.86.190 - - [28/Apr/2025:05:04:12 -0400] "GET /mlp/%EF%BB%BFhttp://52-sell.com/o4q/ikea-godmorgon-plumbing.html HTTP/1.1" 301 0 "-" "Mozilla/5.0 (compatible; MJ12bot/v1.4.8; http://mj12bot.com/)"
149.202.86.190 - - [28/Apr/2025:05:04:15 -0400] "GET /mlp/%EF%BB%BFhttp:/52-sell.com/o4q/ikea-godmorgon-plumbing.html HTTP/1.1" 404 39370 "-" "Mozilla/5.0 (compatible; MJ12bot/v1.4.8; http://mj12bot.com/)"
149.202.86.190 - - [28/Apr/2025:05:04:19 -0400] "GET /mlp/%EF%BB%BFhttp://52-sell.com/o4q/ikea-intercom-codes.html HTTP/1.1" 301 0 "-" "Mozilla/5.0 (compatible; MJ12bot/v1.4.8; http://mj12bot.com/)"
149.202.86.190 - - [28/Apr/2025:05:04:21 -0400] "GET /mlp/%EF%BB%BFhttp:/52-sell.com/o4q/ikea-intercom-codes.html HTTP/1.1" 404 39281 "-" "Mozilla/5.0 (compatible; MJ12bot/v1.4.8; http://mj12bot.com/)"
149.202.86.190 - - [28/Apr/2025:05:04:24 -0400] "GET /mlp/%EF%BB%BFhttp://52-sell.com/o4q/ikea-sofa-cushions-replacement.html HTTP/1.1" 301 0 "-" "Mozilla/5.0 (compatible; MJ12bot/v1.4.8; http://mj12bot.com/)"
149.202.86.190 - - [28/Apr/2025:05:04:27 -0400] "GET /mlp/%EF%BB%BFhttp:/52-sell.com/o4q/ikea-sofa-cushions-replacement.html HTTP/1.1" 404 39286 "-" "Mozilla/5.0 (compatible; MJ12bot/v1.4.8; http://mj12bot.com/)"
149.202.86.190 - - [28/Apr/2025:05:04:31 -0400] "GET /mlp/%EF%BB%BFhttp://52-sell.com/o4q/illume-gumroad.html HTTP/1.1" 301 0 "-" "Mozilla/5.0 (compatible; MJ12bot/v1.4.8; http://mj12bot.com/)"
66.29.132.124 - - [28/Apr/2025:05:04:35 -0400] "POST /wp-cron.php?doing_wp_cron=1745831075.7622320652008056640625 HTTP/1.1" 200 0 "-" "WordPress/6.8; https://arsn.media"
149.202.86.190 - - [28/Apr/2025:05:04:34 -0400] "GET /mlp/%EF%BB%BFhttp:/52-sell.com/o4q/illume-gumroad.html HTTP/1.1" 404 39181 "-" "Mozilla/5.0 (compatible; MJ12bot/v1.4.8; http://mj12bot.com/)"
66.29.132.124 - - [28/Apr/2025:05:04:37 -0400] "POST /wp-admin/admin-ajax.php?action=async_litespeed&nonce=iFWcaqzsfRZnsbwx1LJhRUdFuDJ58zPh&litespeed_type=imgoptm HTTP/1.1" 200 0 "-" "WordPress/6.8; https://arsn.media"
149.202.86.190 - - [28/Apr/2025:05:04:39 -0400] "GET /mlp/%EF%BB%BFhttp://52-sell.com/o4q/immanuel-church-of-the-nazarene.html HTTP/1.1" 301 0 "-" "Mozilla/5.0 (compatible; MJ12bot/v1.4.8; http://mj12bot.com/)"
