52.14.186.84 - - [28/Apr/2025:11:57:53 -0400] "GET /2024/09/25/what-do-i-need-to-start-a-pest-control-business-best-marketing-strategies/feed HTTP/1.1" 301 0 "-" "Mozilla/5.0 AppleWebKit/537.36 (KHTML, like Gecko; compatible; ClaudeBot/1.0; +claudebot@anthropic.com)"
20.171.207.19 - - [28/Apr/2025:11:57:55 -0400] "GET /wp-content/themes/onum/css/design-test.css?ver=6.7.2 HTTP/1.1" 404 39407 "-" "Mozilla/5.0 AppleWebKit/537.36 (KHTML, like Gecko; compatible; GPTBot/1.2; +https://openai.com/gptbot)"
52.14.186.84 - - [28/Apr/2025:11:57:55 -0400] "GET /2024/09/25/what-do-i-need-to-start-a-pest-control-business-best-marketing-strategies/feed/ HTTP/1.1" 200 460 "https://arsn.media/2024/09/25/what-do-i-need-to-start-a-pest-control-business-best-marketing-strategies/feed" "Mozilla/5.0 AppleWebKit/537.36 (KHTML, like Gecko; compatible; ClaudeBot/1.0; +claudebot@anthropic.com)"
147.135.252.179 - - [28/Apr/2025:11:57:53 -0400] "GET /mlp/%EF%BB%BFhttp:/52-sell.com/o4q/gta-5-tow-truck-cheat-pc.html HTTP/1.1" 404 39266 "-" "Mozilla/5.0 (compatible; MJ12bot/v1.4.8; http://mj12bot.com/)"
192.99.36.61 - - [28/Apr/2025:11:57:53 -0400] "GET /808/%EF%BB%BFhttp:/52-sell.com/9it/naruto-original-hybrid-fanfiction.html HTTP/1.1" 404 39244 "-" "Mozilla/5.0 (compatible; MJ12bot/v1.4.8; http://mj12bot.com/)"
20.171.207.19 - - [28/Apr/2025:11:57:57 -0400] "GET /wp-json/elementskit/v1/ HTTP/1.1" 404 114 "-" "Mozilla/5.0 AppleWebKit/537.36 (KHTML, like Gecko; compatible; GPTBot/1.2; +https://openai.com/gptbot)"
147.135.252.179 - - [28/Apr/2025:11:57:57 -0400] "GET /mlp/%EF%BB%BFhttp://52-sell.com/o4q/gta-v-properties.html HTTP/1.1" 301 0 "-" "Mozilla/5.0 (compatible; MJ12bot/v1.4.8; http://mj12bot.com/)"
20.171.207.19 - - [28/Apr/2025:11:57:59 -0400] "GET /wp-content/uploads/2020/10/404.png%20707w,%20https:/arsn.media/wp-content/uploads/2020/10/404-300x110.png%20300w HTTP/1.1" 404 39298 "-" "Mozilla/5.0 AppleWebKit/537.36 (KHTML, like Gecko; compatible; GPTBot/1.2; +https://openai.com/gptbot)"
192.99.36.61 - - [28/Apr/2025:11:57:59 -0400] "GET /808/%EF%BB%BFhttp://52-sell.com/9it/nba-2k22-arcade-edition-99-overall.html HTTP/1.1" 301 0 "-" "Mozilla/5.0 (compatible; MJ12bot/v1.4.8; http://mj12bot.com/)"
20.171.207.19 - - [28/Apr/2025:11:58:02 -0400] "GET /wp-content/themes/onum/js/design-test.js HTTP/1.1" 404 39143 "-" "Mozilla/5.0 AppleWebKit/537.36 (KHTML, like Gecko; compatible; GPTBot/1.2; +https://openai.com/gptbot)"
147.135.252.179 - - [28/Apr/2025:11:58:01 -0400] "GET /mlp/%EF%BB%BFhttp:/52-sell.com/o4q/gta-v-properties.html HTTP/1.1" 404 39292 "-" "Mozilla/5.0 (compatible; MJ12bot/v1.4.8; http://mj12bot.com/)"
192.99.36.61 - - [28/Apr/2025:11:58:03 -0400] "GET /808/%EF%BB%BFhttp:/52-sell.com/9it/nba-2k22-arcade-edition-99-overall.html HTTP/1.1" 404 39240 "-" "Mozilla/5.0 (compatible; MJ12bot/v1.4.8; http://mj12bot.com/)"
147.135.252.179 - - [28/Apr/2025:11:58:05 -0400] "GET /mlp/%EF%BB%BFhttp://52-sell.com/o4q/gta-v-towing-impound-missions.html HTTP/1.1" 301 0 "-" "Mozilla/5.0 (compatible; MJ12bot/v1.4.8; http://mj12bot.com/)"
192.99.36.61 - - [28/Apr/2025:11:58:07 -0400] "GET /808/%EF%BB%BFhttp://52-sell.com/9it/ncic-background-check-reddit.html HTTP/1.1" 301 0 "-" "Mozilla/5.0 (compatible; MJ12bot/v1.4.8; http://mj12bot.com/)"
147.135.252.179 - - [28/Apr/2025:11:58:08 -0400] "GET /mlp/%EF%BB%BFhttp:/52-sell.com/o4q/gta-v-towing-impound-missions.html HTTP/1.1" 404 39306 "-" "Mozilla/5.0 (compatible; MJ12bot/v1.4.8; http://mj12bot.com/)"
192.99.36.61 - - [28/Apr/2025:11:58:10 -0400] "GET /808/%EF%BB%BFhttp:/52-sell.com/9it/ncic-background-check-reddit.html HTTP/1.1" 404 39330 "-" "Mozilla/5.0 (compatible; MJ12bot/v1.4.8; http://mj12bot.com/)"
147.135.252.179 - - [28/Apr/2025:11:58:13 -0400] "GET /mlp/%EF%BB%BFhttp://52-sell.com/o4q/gumawa-ng-sariling-dagli-brainly.html HTTP/1.1" 301 0 "-" "Mozilla/5.0 (compatible; MJ12bot/v1.4.8; http://mj12bot.com/)"
192.99.36.61 - - [28/Apr/2025:11:58:15 -0400] "GET /808/%EF%BB%BFhttp://52-sell.com/9it/new-bluebird-school-bus-price-near-texas.html HTTP/1.1" 301 0 "-" "Mozilla/5.0 (compatible; MJ12bot/v1.4.8; http://mj12bot.com/)"
147.135.252.179 - - [28/Apr/2025:11:58:17 -0400] "GET /mlp/%EF%BB%BFhttp:/52-sell.com/o4q/gumawa-ng-sariling-dagli-brainly.html HTTP/1.1" 404 39155 "-" "Mozilla/5.0 (compatible; MJ12bot/v1.4.8; http://mj12bot.com/)"
192.99.36.61 - - [28/Apr/2025:11:58:20 -0400] "GET /808/%EF%BB%BFhttp:/52-sell.com/9it/new-bluebird-school-bus-price-near-texas.html HTTP/1.1" 404 39289 "-" "Mozilla/5.0 (compatible; MJ12bot/v1.4.8; http://mj12bot.com/)"
147.135.252.179 - - [28/Apr/2025:11:58:23 -0400] "GET /mlp/%EF%BB%BFhttp://52-sell.com/o4q/guncom-2-ps2-iso.html HTTP/1.1" 301 0 "-" "Mozilla/5.0 (compatible; MJ12bot/v1.4.8; http://mj12bot.com/)"
192.99.36.61 - - [28/Apr/2025:11:58:25 -0400] "GET /808/%EF%BB%BFhttp://52-sell.com/9it/new-single-shot-rifles-for-2022.html HTTP/1.1" 301 0 "-" "Mozilla/5.0 (compatible; MJ12bot/v1.4.8; http://mj12bot.com/)"
147.135.252.179 - - [28/Apr/2025:11:58:27 -0400] "GET /mlp/%EF%BB%BFhttp:/52-sell.com/o4q/guncom-2-ps2-iso.html HTTP/1.1" 404 39290 "-" "Mozilla/5.0 (compatible; MJ12bot/v1.4.8; http://mj12bot.com/)"
192.99.36.61 - - [28/Apr/2025:11:58:29 -0400] "GET /808/%EF%BB%BFhttp:/52-sell.com/9it/new-single-shot-rifles-for-2022.html HTTP/1.1" 404 39185 "-" "Mozilla/5.0 (compatible; MJ12bot/v1.4.8; http://mj12bot.com/)"
147.135.252.179 - - [28/Apr/2025:11:58:32 -0400] "GET /mlp/%EF%BB%BFhttp://52-sell.com/o4q/guy-is-quiet-around-me-reddit.html HTTP/1.1" 301 0 "-" "Mozilla/5.0 (compatible; MJ12bot/v1.4.8; http://mj12bot.com/)"
20.171.207.19 - - [28/Apr/2025:11:58:34 -0400] "GET /wp-content/uploads/2020/10/404.png%20707w,%20https:/arsn.media/wp-content/uploads/2020/10/404-300x110.png%20300w HTTP/1.1" 404 39298 "-" "Mozilla/5.0 AppleWebKit/537.36 (KHTML, like Gecko; compatible; GPTBot/1.2; +https://openai.com/gptbot)"
20.171.207.19 - - [28/Apr/2025:11:58:37 -0400] "GET /wp-json/elementskit/v1/ HTTP/1.1" 404 114 "-" "Mozilla/5.0 AppleWebKit/537.36 (KHTML, like Gecko; compatible; GPTBot/1.2; +https://openai.com/gptbot)"
192.99.36.61 - - [28/Apr/2025:11:58:35 -0400] "GET /808/%EF%BB%BFhttp://52-sell.com/9it/nextcloud-ocs-api.html HTTP/1.1" 301 0 "-" "Mozilla/5.0 (compatible; MJ12bot/v1.4.8; http://mj12bot.com/)"
66.29.132.124 - - [28/Apr/2025:11:58:37 -0400] "POST /wp-cron.php?doing_wp_cron=1745855916.7537078857421875000000 HTTP/1.1" 200 0 "-" "WordPress/6.8; https://arsn.media"
20.171.207.19 - - [28/Apr/2025:11:58:39 -0400] "GET /wp-content/uploads/2020/09/ARSN-Final-Logos-scaled.jpg%202560w,%20https:/arsn.media/wp-content/uploads/2020/09/ARSN-Final-Logos-300x138.jpg%20300w,%20https:/arsn.media/wp-content/uploads/2020/09/ARSN-Final-Logos-1024x471.jpg%201024w,%20https:/arsn.media/ARSN-Final-Logos-768x353.jpg%20768w,%20https:/ARSN-Final-Logos-1536x706.jpg%201536w,%20https:/ARSN-Final-Logos-2048x942.jpg%202048w HTTP/1.1" 404 39351 "-" "Mozilla/5.0 AppleWebKit/537.36 (KHTML, like Gecko; compatible; GPTBot/1.2; +https://openai.com/gptbot)"
66.29.132.124 - - [28/Apr/2025:11:58:40 -0400] "POST /wp-admin/admin-ajax.php?action=async_litespeed&nonce=6ZOkRDPPpprJ2sh5COb5F7KPaqm93BTW&litespeed_type=imgoptm HTTP/1.1" 200 0 "-" "WordPress/6.8; https://arsn.media"
147.135.252.179 - - [28/Apr/2025:11:58:35 -0400] "GET /mlp/%EF%BB%BFhttp:/52-sell.com/o4q/guy-is-quiet-around-me-reddit.html HTTP/1.1" 404 39305 "-" "Mozilla/5.0 (compatible; MJ12bot/v1.4.8; http://mj12bot.com/)"
20.171.207.19 - - [28/Apr/2025:11:58:41 -0400] "GET /wp-content/themes/onum/js/design-test.js HTTP/1.1" 404 39143 "-" "Mozilla/5.0 AppleWebKit/537.36 (KHTML, like Gecko; compatible; GPTBot/1.2; +https://openai.com/gptbot)"
192.99.36.61 - - [28/Apr/2025:11:58:40 -0400] "GET /808/%EF%BB%BFhttp:/52-sell.com/9it/nextcloud-ocs-api.html HTTP/1.1" 404 39289 "-" "Mozilla/5.0 (compatible; MJ12bot/v1.4.8; http://mj12bot.com/)"
20.171.207.19 - - [28/Apr/2025:11:58:43 -0400] "GET /wp-json/elementskit/v1/ HTTP/1.1" 404 114 "-" "Mozilla/5.0 AppleWebKit/537.36 (KHTML, like Gecko; compatible; GPTBot/1.2; +https://openai.com/gptbot)"
147.135.252.179 - - [28/Apr/2025:11:58:43 -0400] "GET /mlp/%EF%BB%BFhttp://52-sell.com/o4q/gw2-soulbeast.html HTTP/1.1" 301 0 "-" "Mozilla/5.0 (compatible; MJ12bot/v1.4.8; http://mj12bot.com/)"
192.99.36.61 - - [28/Apr/2025:11:58:45 -0400] "GET /808/%EF%BB%BFhttp://52-sell.com/9it/no-time-for-a-girlfriend.html HTTP/1.1" 301 0 "-" "Mozilla/5.0 (compatible; MJ12bot/v1.4.8; http://mj12bot.com/)"
147.135.252.179 - - [28/Apr/2025:11:58:48 -0400] "GET /mlp/%EF%BB%BFhttp:/52-sell.com/o4q/gw2-soulbeast.html HTTP/1.1" 404 39391 "-" "Mozilla/5.0 (compatible; MJ12bot/v1.4.8; http://mj12bot.com/)"
66.29.132.124 - - [28/Apr/2025:11:58:52 -0400] "POST /wp-cron.php?doing_wp_cron=1745855931.6297159194946289062500 HTTP/1.1" 200 0 "-" "WordPress/6.8; https://arsn.media"
192.99.36.61 - - [28/Apr/2025:11:58:50 -0400] "GET /808/%EF%BB%BFhttp:/52-sell.com/9it/no-time-for-a-girlfriend.html HTTP/1.1" 404 39272 "-" "Mozilla/5.0 (compatible; MJ12bot/v1.4.8; http://mj12bot.com/)"
147.135.252.179 - - [28/Apr/2025:11:58:53 -0400] "GET /mlp/%EF%BB%BFhttp://52-sell.com/o4q/gw2-specter-build.html HTTP/1.1" 301 0 "-" "Mozilla/5.0 (compatible; MJ12bot/v1.4.8; http://mj12bot.com/)"
192.99.36.61 - - [28/Apr/2025:11:58:57 -0400] "GET /808/%EF%BB%BFhttp://52-sell.com/9it/noiseless-and-fuelless-generator-jumia.html HTTP/1.1" 301 0 "-" "Mozilla/5.0 (compatible; MJ12bot/v1.4.8; http://mj12bot.com/)"
147.135.252.179 - - [28/Apr/2025:11:58:57 -0400] "GET /mlp/%EF%BB%BFhttp:/52-sell.com/o4q/gw2-specter-build.html HTTP/1.1" 404 39319 "-" "Mozilla/5.0 (compatible; MJ12bot/v1.4.8; http://mj12bot.com/)"
147.135.252.179 - - [28/Apr/2025:11:59:01 -0400] "GET /mlp/%EF%BB%BFhttp://52-sell.com/o4q/gw2-strength-of-the-pack.html HTTP/1.1" 301 0 "-" "Mozilla/5.0 (compatible; MJ12bot/v1.4.8; http://mj12bot.com/)"
192.99.36.61 - - [28/Apr/2025:11:59:00 -0400] "GET /808/%EF%BB%BFhttp:/52-sell.com/9it/noiseless-and-fuelless-generator-jumia.html HTTP/1.1" 404 39174 "-" "Mozilla/5.0 (compatible; MJ12bot/v1.4.8; http://mj12bot.com/)"
192.99.36.61 - - [28/Apr/2025:11:59:05 -0400] "GET /808/%EF%BB%BFhttp://52-sell.com/9it/novation-launchkey-mini-2.html HTTP/1.1" 301 0 "-" "Mozilla/5.0 (compatible; MJ12bot/v1.4.8; http://mj12bot.com/)"
147.135.252.179 - - [28/Apr/2025:11:59:04 -0400] "GET /mlp/%EF%BB%BFhttp:/52-sell.com/o4q/gw2-strength-of-the-pack.html HTTP/1.1" 404 39273 "-" "Mozilla/5.0 (compatible; MJ12bot/v1.4.8; http://mj12bot.com/)"
147.135.252.179 - - [28/Apr/2025:11:59:09 -0400] "GET /mlp/%EF%BB%BFhttp://52-sell.com/o4q/h4-visa-interview-experience-2021.html HTTP/1.1" 301 0 "-" "Mozilla/5.0 (compatible; MJ12bot/v1.4.8; http://mj12bot.com/)"
192.99.36.61 - - [28/Apr/2025:11:59:08 -0400] "GET /808/%EF%BB%BFhttp:/52-sell.com/9it/novation-launchkey-mini-2.html HTTP/1.1" 404 39260 "-" "Mozilla/5.0 (compatible; MJ12bot/v1.4.8; http://mj12bot.com/)"
192.99.36.61 - - [28/Apr/2025:11:59:11 -0400] "GET /808/%EF%BB%BFhttp://52-sell.com/9it/ob3whatsapp-2022-download.html HTTP/1.1" 301 0 "-" "Mozilla/5.0 (compatible; MJ12bot/v1.4.8; http://mj12bot.com/)"
147.135.252.179 - - [28/Apr/2025:11:59:11 -0400] "GET /mlp/%EF%BB%BFhttp:/52-sell.com/o4q/h4-visa-interview-experience-2021.html HTTP/1.1" 404 39187 "-" "Mozilla/5.0 (compatible; MJ12bot/v1.4.8; http://mj12bot.com/)"
192.99.36.61 - - [28/Apr/2025:11:59:14 -0400] "GET /808/%EF%BB%BFhttp:/52-sell.com/9it/ob3whatsapp-2022-download.html HTTP/1.1" 404 39257 "-" "Mozilla/5.0 (compatible; MJ12bot/v1.4.8; http://mj12bot.com/)"
147.135.252.179 - - [28/Apr/2025:11:59:15 -0400] "GET /mlp/%EF%BB%BFhttp://52-sell.com/o4q/haldex-disassembly.html HTTP/1.1" 301 0 "-" "Mozilla/5.0 (compatible; MJ12bot/v1.4.8; http://mj12bot.com/)"
192.99.36.61 - - [28/Apr/2025:11:59:17 -0400] "GET /808/%EF%BB%BFhttp://52-sell.com/9it/obituaries-hudson-register-star.html HTTP/1.1" 301 0 "-" "Mozilla/5.0 (compatible; MJ12bot/v1.4.8; http://mj12bot.com/)"
147.135.252.179 - - [28/Apr/2025:11:59:17 -0400] "GET /mlp/%EF%BB%BFhttp:/52-sell.com/o4q/haldex-disassembly.html HTTP/1.1" 404 39204 "-" "Mozilla/5.0 (compatible; MJ12bot/v1.4.8; http://mj12bot.com/)"
192.99.36.61 - - [28/Apr/2025:11:59:20 -0400] "GET /808/%EF%BB%BFhttp:/52-sell.com/9it/obituaries-hudson-register-star.html HTTP/1.1" 404 39184 "-" "Mozilla/5.0 (compatible; MJ12bot/v1.4.8; http://mj12bot.com/)"
147.135.252.179 - - [28/Apr/2025:11:59:22 -0400] "GET /mlp/%EF%BB%BFhttp://52-sell.com/o4q/hallmark-movies-now-vs-frndly.html HTTP/1.1" 301 0 "-" "Mozilla/5.0 (compatible; MJ12bot/v1.4.8; http://mj12bot.com/)"
192.99.36.61 - - [28/Apr/2025:11:59:23 -0400] "GET /808/%EF%BB%BFhttp://52-sell.com/9it/oculus-quest-2-download-stuck.html HTTP/1.1" 301 0 "-" "Mozilla/5.0 (compatible; MJ12bot/v1.4.8; http://mj12bot.com/)"
20.171.207.19 - - [28/Apr/2025:11:59:27 -0400] "GET /wp-content/uploads/2020/09/ARSN-Final-Logos-scaled.jpg%202560w,%20https:/arsn.media/wp-content/uploads/2020/09/ARSN-Final-Logos-300x138.jpg%20300w,%20https:/arsn.media/wp-content/uploads/2020/09/ARSN-Final-Logos-1024x471.jpg%201024w,%20https:/arsn.media/ARSN-Final-Logos-768x353.jpg%20768w,%20https:/ARSN-Final-Logos-1536x706.jpg%201536w,%20https:/ARSN-Final-Logos-2048x942.jpg%202048w HTTP/1.1" 404 39351 "-" "Mozilla/5.0 AppleWebKit/537.36 (KHTML, like Gecko; compatible; GPTBot/1.2; +https://openai.com/gptbot)"
147.135.252.179 - - [28/Apr/2025:11:59:25 -0400] "GET /mlp/%EF%BB%BFhttp:/52-sell.com/o4q/hallmark-movies-now-vs-frndly.html HTTP/1.1" 404 39304 "-" "Mozilla/5.0 (compatible; MJ12bot/v1.4.8; http://mj12bot.com/)"
192.99.36.61 - - [28/Apr/2025:11:59:25 -0400] "GET /808/%EF%BB%BFhttp:/52-sell.com/9it/oculus-quest-2-download-stuck.html HTTP/1.1" 404 39244 "-" "Mozilla/5.0 (compatible; MJ12bot/v1.4.8; http://mj12bot.com/)"
20.171.207.19 - - [28/Apr/2025:11:59:30 -0400] "GET /wp-content/uploads/2020/10/404.png%20707w,%20https:/arsn.media/wp-content/uploads/2020/10/404-300x110.png%20300w HTTP/1.1" 404 39298 "-" "Mozilla/5.0 AppleWebKit/537.36 (KHTML, like Gecko; compatible; GPTBot/1.2; +https://openai.com/gptbot)"
147.135.252.179 - - [28/Apr/2025:11:59:30 -0400] "GET /mlp/%EF%BB%BFhttp://52-sell.com/o4q/hallmark-romance-movies-2021-youtube-full-length.html HTTP/1.1" 301 0 "-" "Mozilla/5.0 (compatible; MJ12bot/v1.4.8; http://mj12bot.com/)"
20.171.207.19 - - [28/Apr/2025:11:59:32 -0400] "GET /wp-content/themes/onum/js/design-test.js HTTP/1.1" 404 39143 "-" "Mozilla/5.0 AppleWebKit/537.36 (KHTML, like Gecko; compatible; GPTBot/1.2; +https://openai.com/gptbot)"
192.99.36.61 - - [28/Apr/2025:11:59:31 -0400] "GET /808/%EF%BB%BFhttp://52-sell.com/9it/office-boy-jobs-lahore-2021.html HTTP/1.1" 301 0 "-" "Mozilla/5.0 (compatible; MJ12bot/v1.4.8; http://mj12bot.com/)"
20.171.207.19 - - [28/Apr/2025:11:59:34 -0400] "GET /wp-json/elementskit/v1/ HTTP/1.1" 404 114 "-" "Mozilla/5.0 AppleWebKit/537.36 (KHTML, like Gecko; compatible; GPTBot/1.2; +https://openai.com/gptbot)"
147.135.252.179 - - [28/Apr/2025:11:59:34 -0400] "GET /mlp/%EF%BB%BFhttp:/52-sell.com/o4q/hallmark-romance-movies-2021-youtube-full-length.html HTTP/1.1" 404 39292 "-" "Mozilla/5.0 (compatible; MJ12bot/v1.4.8; http://mj12bot.com/)"
192.99.36.61 - - [28/Apr/2025:11:59:34 -0400] "GET /808/%EF%BB%BFhttp:/52-sell.com/9it/office-boy-jobs-lahore-2021.html HTTP/1.1" 404 39238 "-" "Mozilla/5.0 (compatible; MJ12bot/v1.4.8; http://mj12bot.com/)"
147.135.252.179 - - [28/Apr/2025:11:59:37 -0400] "GET /mlp/%EF%BB%BFhttp://52-sell.com/o4q/hamanasi-resort-map.html HTTP/1.1" 301 0 "-" "Mozilla/5.0 (compatible; MJ12bot/v1.4.8; http://mj12bot.com/)"
20.171.207.19 - - [28/Apr/2025:11:59:36 -0400] "GET /wp-content/themes/onum/css/design-test.css?ver=6.7.1 HTTP/1.1" 404 18502 "-" "Mozilla/5.0 AppleWebKit/537.36 (KHTML, like Gecko; compatible; GPTBot/1.2; +https://openai.com/gptbot)"
192.99.36.61 - - [28/Apr/2025:11:59:38 -0400] "GET /808/%EF%BB%BFhttp://52-sell.com/9it/ogle-county-fair-2022.html HTTP/1.1" 301 0 "-" "Mozilla/5.0 (compatible; MJ12bot/v1.4.8; http://mj12bot.com/)"
192.99.36.61 - - [28/Apr/2025:11:59:40 -0400] "GET /808/%EF%BB%BFhttp:/52-sell.com/9it/ogle-county-fair-2022.html HTTP/1.1" 404 39394 "-" "Mozilla/5.0 (compatible; MJ12bot/v1.4.8; http://mj12bot.com/)"
147.135.252.179 - - [28/Apr/2025:11:59:40 -0400] "GET /mlp/%EF%BB%BFhttp:/52-sell.com/o4q/hamanasi-resort-map.html HTTP/1.1" 404 39220 "-" "Mozilla/5.0 (compatible; MJ12bot/v1.4.8; http://mj12bot.com/)"
192.99.36.61 - - [28/Apr/2025:11:59:44 -0400] "GET /808/%EF%BB%BFhttp://52-sell.com/9it/ohio-ebt-customer-service-number.html HTTP/1.1" 301 0 "-" "Mozilla/5.0 (compatible; MJ12bot/v1.4.8; http://mj12bot.com/)"
147.135.252.179 - - [28/Apr/2025:11:59:45 -0400] "GET /mlp/%EF%BB%BFhttp://52-sell.com/o4q/hand-plane-lever-cap.html HTTP/1.1" 301 0 "-" "Mozilla/5.0 (compatible; MJ12bot/v1.4.8; http://mj12bot.com/)"
147.135.252.179 - - [28/Apr/2025:11:59:48 -0400] "GET /mlp/%EF%BB%BFhttp:/52-sell.com/o4q/hand-plane-lever-cap.html HTTP/1.1" 404 39332 "-" "Mozilla/5.0 (compatible; MJ12bot/v1.4.8; http://mj12bot.com/)"
192.99.36.61 - - [28/Apr/2025:11:59:48 -0400] "GET /808/%EF%BB%BFhttp:/52-sell.com/9it/ohio-ebt-customer-service-number.html HTTP/1.1" 404 39428 "-" "Mozilla/5.0 (compatible; MJ12bot/v1.4.8; http://mj12bot.com/)"
66.29.132.124 - - [28/Apr/2025:11:59:55 -0400] "POST /wp-cron.php?doing_wp_cron=1745855994.5859649181365966796875 HTTP/1.1" 200 0 "-" "WordPress/6.8; https://arsn.media"
66.29.132.124 - - [28/Apr/2025:11:59:55 -0400] "POST /wp-cron.php?doing_wp_cron=1745855994.8088779449462890625000 HTTP/1.1" 200 0 "-" "WordPress/6.8; https://arsn.media"
147.135.252.179 - - [28/Apr/2025:11:59:53 -0400] "GET /mlp/%EF%BB%BFhttp://52-sell.com/o4q/handleitgrips-glitter.html HTTP/1.1" 301 0 "-" "Mozilla/5.0 (compatible; MJ12bot/v1.4.8; http://mj12bot.com/)"
192.99.36.61 - - [28/Apr/2025:11:59:53 -0400] "GET /808/%EF%BB%BFhttp://52-sell.com/9it/onan-microquiet-4000-3-blinks.html HTTP/1.1" 301 0 "-" "Mozilla/5.0 (compatible; MJ12bot/v1.4.8; http://mj12bot.com/)"
66.29.132.124 - - [28/Apr/2025:11:59:59 -0400] "POST /wp-admin/admin-ajax.php?action=async_litespeed&nonce=afi5hcYkbMXI5DfRgMasRPmiaXl6vfZE&litespeed_type=imgoptm HTTP/1.1" 200 0 "-" "WordPress/6.8; https://arsn.media"
147.135.252.179 - - [28/Apr/2025:11:59:59 -0400] "GET /mlp/%EF%BB%BFhttp:/52-sell.com/o4q/handleitgrips-glitter.html HTTP/1.1" 404 39391 "-" "Mozilla/5.0 (compatible; MJ12bot/v1.4.8; http://mj12bot.com/)"
192.99.36.61 - - [28/Apr/2025:11:59:59 -0400] "GET /808/%EF%BB%BFhttp:/52-sell.com/9it/onan-microquiet-4000-3-blinks.html HTTP/1.1" 404 39240 "-" "Mozilla/5.0 (compatible; MJ12bot/v1.4.8; http://mj12bot.com/)"
192.99.36.61 - - [28/Apr/2025:12:00:06 -0400] "GET /808/%EF%BB%BFhttp://52-sell.com/9it/orbi-lbr20-bridge-mode.html HTTP/1.1" 301 0 "-" "Mozilla/5.0 (compatible; MJ12bot/v1.4.8; http://mj12bot.com/)"
147.135.252.179 - - [28/Apr/2025:12:00:06 -0400] "GET /mlp/%EF%BB%BFhttp://52-sell.com/o4q/hansgrohe-shower-reviews.html HTTP/1.1" 301 0 "-" "Mozilla/5.0 (compatible; MJ12bot/v1.4.8; http://mj12bot.com/)"
147.135.252.179 - - [28/Apr/2025:12:00:13 -0400] "GET /mlp/%EF%BB%BFhttp:/52-sell.com/o4q/hansgrohe-shower-reviews.html HTTP/1.1" 404 39267 "-" "Mozilla/5.0 (compatible; MJ12bot/v1.4.8; http://mj12bot.com/)"
192.99.36.61 - - [28/Apr/2025:12:00:13 -0400] "GET /808/%EF%BB%BFhttp:/52-sell.com/9it/orbi-lbr20-bridge-mode.html HTTP/1.1" 404 39284 "-" "Mozilla/5.0 (compatible; MJ12bot/v1.4.8; http://mj12bot.com/)"
192.99.36.61 - - [28/Apr/2025:12:00:19 -0400] "GET /808/%EF%BB%BFhttp://52-sell.com/9it/pes-2014-psp-iso.html HTTP/1.1" 301 0 "-" "Mozilla/5.0 (compatible; MJ12bot/v1.4.8; http://mj12bot.com/)"
147.135.252.179 - - [28/Apr/2025:12:00:19 -0400] "GET /mlp/%EF%BB%BFhttp://52-sell.com/o4q/harbor-freight-email-sign-up.html HTTP/1.1" 301 0 "-" "Mozilla/5.0 (compatible; MJ12bot/v1.4.8; http://mj12bot.com/)"
192.99.36.61 - - [28/Apr/2025:12:00:24 -0400] "GET /808/%EF%BB%BFhttp:/52-sell.com/9it/pes-2014-psp-iso.html HTTP/1.1" 404 39240 "-" "Mozilla/5.0 (compatible; MJ12bot/v1.4.8; http://mj12bot.com/)"
147.135.252.179 - - [28/Apr/2025:12:00:24 -0400] "GET /mlp/%EF%BB%BFhttp:/52-sell.com/o4q/harbor-freight-email-sign-up.html HTTP/1.1" 404 39326 "-" "Mozilla/5.0 (compatible; MJ12bot/v1.4.8; http://mj12bot.com/)"
192.99.36.61 - - [28/Apr/2025:12:00:31 -0400] "GET /808/%EF%BB%BFhttp://52-sell.com/9it/pet-friendly-lake-house-rentals-north-carolina.html HTTP/1.1" 301 0 "-" "Mozilla/5.0 (compatible; MJ12bot/v1.4.8; http://mj12bot.com/)"
147.135.252.179 - - [28/Apr/2025:12:00:31 -0400] "GET /mlp/%EF%BB%BFhttp://52-sell.com/o4q/harcourt-math-grade-2-pdf.html HTTP/1.1" 301 0 "-" "Mozilla/5.0 (compatible; MJ12bot/v1.4.8; http://mj12bot.com/)"
66.29.132.124 - - [28/Apr/2025:12:00:38 -0400] "POST /wp-cron.php?doing_wp_cron=1745856037.2190890312194824218750 HTTP/1.1" 200 0 "-" "WordPress/6.8; https://arsn.media"
147.135.252.179 - - [28/Apr/2025:12:00:36 -0400] "GET /mlp/%EF%BB%BFhttp:/52-sell.com/o4q/harcourt-math-grade-2-pdf.html HTTP/1.1" 404 39258 "-" "Mozilla/5.0 (compatible; MJ12bot/v1.4.8; http://mj12bot.com/)"
192.99.36.61 - - [28/Apr/2025:12:00:35 -0400] "GET /808/%EF%BB%BFhttp:/52-sell.com/9it/pet-friendly-lake-house-rentals-north-carolina.html HTTP/1.1" 404 39209 "-" "Mozilla/5.0 (compatible; MJ12bot/v1.4.8; http://mj12bot.com/)"
147.135.252.179 - - [28/Apr/2025:12:00:41 -0400] "GET /mlp/%EF%BB%BFhttp://52-sell.com/o4q/hargreaves-lansdown-close-account.html HTTP/1.1" 301 0 "-" "Mozilla/5.0 (compatible; MJ12bot/v1.4.8; http://mj12bot.com/)"
192.99.36.61 - - [28/Apr/2025:12:00:43 -0400] "GET /808/%EF%BB%BFhttp://52-sell.com/9it/pfclean-price.html HTTP/1.1" 301 0 "-" "Mozilla/5.0 (compatible; MJ12bot/v1.4.8; http://mj12bot.com/)"
147.135.252.179 - - [28/Apr/2025:12:00:46 -0400] "GET /mlp/%EF%BB%BFhttp:/52-sell.com/o4q/hargreaves-lansdown-close-account.html HTTP/1.1" 404 39246 "-" "Mozilla/5.0 (compatible; MJ12bot/v1.4.8; http://mj12bot.com/)"
192.99.36.61 - - [28/Apr/2025:12:00:47 -0400] "GET /808/%EF%BB%BFhttp:/52-sell.com/9it/pfclean-price.html HTTP/1.1" 404 39390 "-" "Mozilla/5.0 (compatible; MJ12bot/v1.4.8; http://mj12bot.com/)"
147.135.252.179 - - [28/Apr/2025:12:00:51 -0400] "GET /mlp/%EF%BB%BFhttp://52-sell.com/o4q/harley-braided-clutch-cable-adjustment.html HTTP/1.1" 301 0 "-" "Mozilla/5.0 (compatible; MJ12bot/v1.4.8; http://mj12bot.com/)"
192.99.36.61 - - [28/Apr/2025:12:00:53 -0400] "GET /808/%EF%BB%BFhttp://52-sell.com/9it/phantom-fireworks-prices.html HTTP/1.1" 301 0 "-" "Mozilla/5.0 (compatible; MJ12bot/v1.4.8; http://mj12bot.com/)"
147.135.252.179 - - [28/Apr/2025:12:00:55 -0400] "GET /mlp/%EF%BB%BFhttp:/52-sell.com/o4q/harley-braided-clutch-cable-adjustment.html HTTP/1.1" 404 39114 "-" "Mozilla/5.0 (compatible; MJ12bot/v1.4.8; http://mj12bot.com/)"
192.99.36.61 - - [28/Apr/2025:12:00:57 -0400] "GET /808/%EF%BB%BFhttp:/52-sell.com/9it/phantom-fireworks-prices.html HTTP/1.1" 404 39268 "-" "Mozilla/5.0 (compatible; MJ12bot/v1.4.8; http://mj12bot.com/)"
147.135.252.179 - - [28/Apr/2025:12:01:00 -0400] "GET /mlp/%EF%BB%BFhttp://52-sell.com/o4q/harmonic-pattern-indicator.html HTTP/1.1" 301 0 "-" "Mozilla/5.0 (compatible; MJ12bot/v1.4.8; http://mj12bot.com/)"
192.99.36.61 - - [28/Apr/2025:12:01:01 -0400] "GET /808/%EF%BB%BFhttp://52-sell.com/9it/photonic-universe-solar-charge-controller-manual.html HTTP/1.1" 301 0 "-" "Mozilla/5.0 (compatible; MJ12bot/v1.4.8; http://mj12bot.com/)"
147.135.252.179 - - [28/Apr/2025:12:01:03 -0400] "GET /mlp/%EF%BB%BFhttp:/52-sell.com/o4q/harmonic-pattern-indicator.html HTTP/1.1" 404 39386 "-" "Mozilla/5.0 (compatible; MJ12bot/v1.4.8; http://mj12bot.com/)"
192.99.36.61 - - [28/Apr/2025:12:01:04 -0400] "GET /808/%EF%BB%BFhttp:/52-sell.com/9it/photonic-universe-solar-charge-controller-manual.html HTTP/1.1" 404 39291 "-" "Mozilla/5.0 (compatible; MJ12bot/v1.4.8; http://mj12bot.com/)"
147.135.252.179 - - [28/Apr/2025:12:01:08 -0400] "GET /mlp/%EF%BB%BFhttp://52-sell.com/o4q/harry-potter-fanfiction-time-travel-peverell.html HTTP/1.1" 301 0 "-" "Mozilla/5.0 (compatible; MJ12bot/v1.4.8; http://mj12bot.com/)"
192.99.36.61 - - [28/Apr/2025:12:01:09 -0400] "GET /808/%EF%BB%BFhttp://52-sell.com/9it/pinky-patel-wikipedia.html HTTP/1.1" 301 0 "-" "Mozilla/5.0 (compatible; MJ12bot/v1.4.8; http://mj12bot.com/)"
147.135.252.179 - - [28/Apr/2025:12:01:12 -0400] "GET /mlp/%EF%BB%BFhttp:/52-sell.com/o4q/harry-potter-fanfiction-time-travel-peverell.html HTTP/1.1" 404 39393 "-" "Mozilla/5.0 (compatible; MJ12bot/v1.4.8; http://mj12bot.com/)"
192.99.36.61 - - [28/Apr/2025:12:01:13 -0400] "GET /808/%EF%BB%BFhttp:/52-sell.com/9it/pinky-patel-wikipedia.html HTTP/1.1" 404 39391 "-" "Mozilla/5.0 (compatible; MJ12bot/v1.4.8; http://mj12bot.com/)"
147.135.252.179 - - [28/Apr/2025:12:01:17 -0400] "GET /mlp/%EF%BB%BFhttp://52-sell.com/o4q/harry-potter-leaves-for-america-fanfiction.html HTTP/1.1" 301 0 "-" "Mozilla/5.0 (compatible; MJ12bot/v1.4.8; http://mj12bot.com/)"
192.99.36.61 - - [28/Apr/2025:12:01:17 -0400] "GET /808/%EF%BB%BFhttp://52-sell.com/9it/player-tracking-and-analysis-of-basketball-plays.html HTTP/1.1" 301 0 "-" "Mozilla/5.0 (compatible; MJ12bot/v1.4.8; http://mj12bot.com/)"
192.99.36.61 - - [28/Apr/2025:12:01:20 -0400] "GET /808/%EF%BB%BFhttp:/52-sell.com/9it/player-tracking-and-analysis-of-basketball-plays.html HTTP/1.1" 404 39245 "-" "Mozilla/5.0 (compatible; MJ12bot/v1.4.8; http://mj12bot.com/)"
147.135.252.179 - - [28/Apr/2025:12:01:20 -0400] "GET /mlp/%EF%BB%BFhttp:/52-sell.com/o4q/harry-potter-leaves-for-america-fanfiction.html HTTP/1.1" 404 39302 "-" "Mozilla/5.0 (compatible; MJ12bot/v1.4.8; http://mj12bot.com/)"
192.99.36.61 - - [28/Apr/2025:12:01:24 -0400] "GET /808/%EF%BB%BFhttp://52-sell.com/9it/pleasant-hill-mo-high-school-sports-schedule.html HTTP/1.1" 301 0 "-" "Mozilla/5.0 (compatible; MJ12bot/v1.4.8; http://mj12bot.com/)"
147.135.252.179 - - [28/Apr/2025:12:01:25 -0400] "GET /mlp/%EF%BB%BFhttp://52-sell.com/o4q/harry-potter-x-oc-fanfiction-completed.html HTTP/1.1" 301 0 "-" "Mozilla/5.0 (compatible; MJ12bot/v1.4.8; http://mj12bot.com/)"
192.99.36.61 - - [28/Apr/2025:12:01:27 -0400] "GET /808/%EF%BB%BFhttp:/52-sell.com/9it/pleasant-hill-mo-high-school-sports-schedule.html HTTP/1.1" 404 39384 "-" "Mozilla/5.0 (compatible; MJ12bot/v1.4.8; http://mj12bot.com/)"
147.135.252.179 - - [28/Apr/2025:12:01:28 -0400] "GET /mlp/%EF%BB%BFhttp:/52-sell.com/o4q/harry-potter-x-oc-fanfiction-completed.html HTTP/1.1" 404 39109 "-" "Mozilla/5.0 (compatible; MJ12bot/v1.4.8; http://mj12bot.com/)"
20.171.207.19 - - [28/Apr/2025:12:01:29 -0400] "GET /808/how-to-connect-4drc-drone-to-phone.html HTTP/1.1" 404 18532 "-" "Mozilla/5.0 AppleWebKit/537.36 (KHTML, like Gecko; compatible; GPTBot/1.2; +https://openai.com/gptbot)"
192.99.36.61 - - [28/Apr/2025:12:01:32 -0400] "GET /808/%EF%BB%BFhttp://52-sell.com/9it/pontiac-grand-prix-not-starting.html HTTP/1.1" 301 0 "-" "Mozilla/5.0 (compatible; MJ12bot/v1.4.8; http://mj12bot.com/)"
147.135.252.179 - - [28/Apr/2025:12:01:32 -0400] "GET /mlp/%EF%BB%BFhttp://52-sell.com/o4q/harvey-gulf-jobs.html HTTP/1.1" 301 0 "-" "Mozilla/5.0 (compatible; MJ12bot/v1.4.8; http://mj12bot.com/)"
192.99.36.61 - - [28/Apr/2025:12:01:34 -0400] "GET /808/%EF%BB%BFhttp:/52-sell.com/9it/pontiac-grand-prix-not-starting.html HTTP/1.1" 404 39131 "-" "Mozilla/5.0 (compatible; MJ12bot/v1.4.8; http://mj12bot.com/)"
66.29.132.124 - - [28/Apr/2025:12:01:40 -0400] "POST /wp-cron.php?doing_wp_cron=1745856098.4245190620422363281250 HTTP/1.1" 200 0 "-" "WordPress/6.8; https://arsn.media"
147.135.252.179 - - [28/Apr/2025:12:01:36 -0400] "GET /mlp/%EF%BB%BFhttp:/52-sell.com/o4q/harvey-gulf-jobs.html HTTP/1.1" 404 39291 "-" "Mozilla/5.0 (compatible; MJ12bot/v1.4.8; http://mj12bot.com/)"
192.99.36.61 - - [28/Apr/2025:12:01:40 -0400] "GET /808/%EF%BB%BFhttp://52-sell.com/9it/pur-black-foam-vs-great-stuff.html HTTP/1.1" 301 0 "-" "Mozilla/5.0 (compatible; MJ12bot/v1.4.8; http://mj12bot.com/)"
20.171.207.19 - - [28/Apr/2025:12:01:43 -0400] "GET /wp-content/uploads/2020/09/ARSN-Final-Logos-scaled.jpg%202560w,%20https:/arsn.media/wp-content/uploads/2020/09/ARSN-Final-Logos-300x138.jpg%20300w,%20https:/arsn.media/wp-content/uploads/2020/09/ARSN-Final-Logos-1024x471.jpg%201024w,%20https:/arsn.media/ARSN-Final-Logos-768x353.jpg%20768w,%20https:/ARSN-Final-Logos-1536x706.jpg%201536w,%20https:/ARSN-Final-Logos-2048x942.jpg%202048w HTTP/1.1" 404 39351 "-" "Mozilla/5.0 AppleWebKit/537.36 (KHTML, like Gecko; compatible; GPTBot/1.2; +https://openai.com/gptbot)"
147.135.252.179 - - [28/Apr/2025:12:01:42 -0400] "GET /mlp/%EF%BB%BFhttp://52-sell.com/o4q/hastings-funeral-homes.html HTTP/1.1" 301 0 "-" "Mozilla/5.0 (compatible; MJ12bot/v1.4.8; http://mj12bot.com/)"
20.171.207.19 - - [28/Apr/2025:12:01:46 -0400] "GET /wp-json/elementskit/v1/ HTTP/1.1" 404 114 "-" "Mozilla/5.0 AppleWebKit/537.36 (KHTML, like Gecko; compatible; GPTBot/1.2; +https://openai.com/gptbot)"
192.99.36.61 - - [28/Apr/2025:12:01:45 -0400] "GET /808/%EF%BB%BFhttp:/52-sell.com/9it/pur-black-foam-vs-great-stuff.html HTTP/1.1" 404 39241 "-" "Mozilla/5.0 (compatible; MJ12bot/v1.4.8; http://mj12bot.com/)"
20.171.207.19 - - [28/Apr/2025:12:01:47 -0400] "GET /wp-content/uploads/2020/10/404.png%20707w,%20https:/arsn.media/wp-content/uploads/2020/10/404-300x110.png%20300w HTTP/1.1" 404 39298 "-" "Mozilla/5.0 AppleWebKit/537.36 (KHTML, like Gecko; compatible; GPTBot/1.2; +https://openai.com/gptbot)"
147.135.252.179 - - [28/Apr/2025:12:01:46 -0400] "GET /mlp/%EF%BB%BFhttp:/52-sell.com/o4q/hastings-funeral-homes.html HTTP/1.1" 404 39337 "-" "Mozilla/5.0 (compatible; MJ12bot/v1.4.8; http://mj12bot.com/)"
192.99.36.61 - - [28/Apr/2025:12:01:49 -0400] "GET /808/%EF%BB%BFhttp://52-sell.com/9it/qemu-tap-macos.html HTTP/1.1" 301 0 "-" "Mozilla/5.0 (compatible; MJ12bot/v1.4.8; http://mj12bot.com/)"
20.171.207.19 - - [28/Apr/2025:12:01:50 -0400] "GET /wp-content/themes/onum/css/design-test.css?ver=6.7.2 HTTP/1.1" 404 18501 "-" "Mozilla/5.0 AppleWebKit/537.36 (KHTML, like Gecko; compatible; GPTBot/1.2; +https://openai.com/gptbot)"
147.135.252.179 - - [28/Apr/2025:12:01:51 -0400] "GET /mlp/%EF%BB%BFhttp://52-sell.com/o4q/hatteras-65-long-range-cruiser.html HTTP/1.1" 301 0 "-" "Mozilla/5.0 (compatible; MJ12bot/v1.4.8; http://mj12bot.com/)"
20.171.207.19 - - [28/Apr/2025:12:01:53 -0400] "GET /wp-content/themes/onum/js/design-test.js HTTP/1.1" 404 39143 "-" "Mozilla/5.0 AppleWebKit/537.36 (KHTML, like Gecko; compatible; GPTBot/1.2; +https://openai.com/gptbot)"
192.99.36.61 - - [28/Apr/2025:12:01:52 -0400] "GET /808/%EF%BB%BFhttp:/52-sell.com/9it/qemu-tap-macos.html HTTP/1.1" 404 39177 "-" "Mozilla/5.0 (compatible; MJ12bot/v1.4.8; http://mj12bot.com/)"
147.135.252.179 - - [28/Apr/2025:12:01:55 -0400] "GET /mlp/%EF%BB%BFhttp:/52-sell.com/o4q/hatteras-65-long-range-cruiser.html HTTP/1.1" 404 39290 "-" "Mozilla/5.0 (compatible; MJ12bot/v1.4.8; http://mj12bot.com/)"
192.99.36.61 - - [28/Apr/2025:12:01:57 -0400] "GET /808/%EF%BB%BFhttp://52-sell.com/9it/r53-white-smoke.html HTTP/1.1" 301 0 "-" "Mozilla/5.0 (compatible; MJ12bot/v1.4.8; http://mj12bot.com/)"
147.135.252.179 - - [28/Apr/2025:12:01:59 -0400] "GET /mlp/%EF%BB%BFhttp://52-sell.com/o4q/haunted-mansion-movie-2021.html HTTP/1.1" 301 0 "-" "Mozilla/5.0 (compatible; MJ12bot/v1.4.8; http://mj12bot.com/)"
192.99.36.61 - - [28/Apr/2025:12:02:00 -0400] "GET /808/%EF%BB%BFhttp:/52-sell.com/9it/r53-white-smoke.html HTTP/1.1" 404 39289 "-" "Mozilla/5.0 (compatible; MJ12bot/v1.4.8; http://mj12bot.com/)"
147.135.252.179 - - [28/Apr/2025:12:02:03 -0400] "GET /mlp/%EF%BB%BFhttp:/52-sell.com/o4q/haunted-mansion-movie-2021.html HTTP/1.1" 404 39383 "-" "Mozilla/5.0 (compatible; MJ12bot/v1.4.8; http://mj12bot.com/)"
192.99.36.61 - - [28/Apr/2025:12:02:04 -0400] "GET /808/%EF%BB%BFhttp://52-sell.com/9it/recliner-makes-popping-noise-when-rocking.html HTTP/1.1" 301 0 "-" "Mozilla/5.0 (compatible; MJ12bot/v1.4.8; http://mj12bot.com/)"
147.135.252.179 - - [28/Apr/2025:12:02:07 -0400] "GET /mlp/%EF%BB%BFhttp://52-sell.com/o4q/hawkeye-community-college-respiratory-therapy.html HTTP/1.1" 301 0 "-" "Mozilla/5.0 (compatible; MJ12bot/v1.4.8; http://mj12bot.com/)"
192.99.36.61 - - [28/Apr/2025:12:02:07 -0400] "GET /808/%EF%BB%BFhttp:/52-sell.com/9it/recliner-makes-popping-noise-when-rocking.html HTTP/1.1" 404 39319 "-" "Mozilla/5.0 (compatible; MJ12bot/v1.4.8; http://mj12bot.com/)"
192.99.36.61 - - [28/Apr/2025:12:02:11 -0400] "GET /808/%EF%BB%BFhttp://52-sell.com/9it/rent-guarantee-insurance.html HTTP/1.1" 301 0 "-" "Mozilla/5.0 (compatible; MJ12bot/v1.4.8; http://mj12bot.com/)"
147.135.252.179 - - [28/Apr/2025:12:02:11 -0400] "GET /mlp/%EF%BB%BFhttp:/52-sell.com/o4q/hawkeye-community-college-respiratory-therapy.html HTTP/1.1" 404 39413 "-" "Mozilla/5.0 (compatible; MJ12bot/v1.4.8; http://mj12bot.com/)"
147.135.252.179 - - [28/Apr/2025:12:02:15 -0400] "GET /mlp/%EF%BB%BFhttp://52-sell.com/o4q/hazbin-hotel-husk-x-child-reader.html HTTP/1.1" 301 0 "-" "Mozilla/5.0 (compatible; MJ12bot/v1.4.8; http://mj12bot.com/)"
192.99.36.61 - - [28/Apr/2025:12:02:14 -0400] "GET /808/%EF%BB%BFhttp:/52-sell.com/9it/rent-guarantee-insurance.html HTTP/1.1" 404 39214 "-" "Mozilla/5.0 (compatible; MJ12bot/v1.4.8; http://mj12bot.com/)"
192.99.36.61 - - [28/Apr/2025:12:02:18 -0400] "GET /808/%EF%BB%BFhttp://52-sell.com/9it/restaurant-supplies-las-vegas.html HTTP/1.1" 301 0 "-" "Mozilla/5.0 (compatible; MJ12bot/v1.4.8; http://mj12bot.com/)"
147.135.252.179 - - [28/Apr/2025:12:02:18 -0400] "GET /mlp/%EF%BB%BFhttp:/52-sell.com/o4q/hazbin-hotel-husk-x-child-reader.html HTTP/1.1" 404 39171 "-" "Mozilla/5.0 (compatible; MJ12bot/v1.4.8; http://mj12bot.com/)"
147.135.252.179 - - [28/Apr/2025:12:02:22 -0400] "GET /mlp/%EF%BB%BFhttp://52-sell.com/o4q/hc-decryptor-apk.html HTTP/1.1" 301 0 "-" "Mozilla/5.0 (compatible; MJ12bot/v1.4.8; http://mj12bot.com/)"
192.99.36.61 - - [28/Apr/2025:12:02:21 -0400] "GET /808/%EF%BB%BFhttp:/52-sell.com/9it/restaurant-supplies-las-vegas.html HTTP/1.1" 404 39305 "-" "Mozilla/5.0 (compatible; MJ12bot/v1.4.8; http://mj12bot.com/)"
192.99.36.61 - - [28/Apr/2025:12:02:26 -0400] "GET /808/%EF%BB%BFhttp://52-sell.com/9it/retroarch-dreamcast-android.html HTTP/1.1" 301 0 "-" "Mozilla/5.0 (compatible; MJ12bot/v1.4.8; http://mj12bot.com/)"
147.135.252.179 - - [28/Apr/2025:12:02:26 -0400] "GET /mlp/%EF%BB%BFhttp:/52-sell.com/o4q/hc-decryptor-apk.html HTTP/1.1" 404 39288 "-" "Mozilla/5.0 (compatible; MJ12bot/v1.4.8; http://mj12bot.com/)"
192.99.36.61 - - [28/Apr/2025:12:02:30 -0400] "GET /808/%EF%BB%BFhttp:/52-sell.com/9it/retroarch-dreamcast-android.html HTTP/1.1" 404 39182 "-" "Mozilla/5.0 (compatible; MJ12bot/v1.4.8; http://mj12bot.com/)"
147.135.252.179 - - [28/Apr/2025:12:02:32 -0400] "GET /mlp/%EF%BB%BFhttp://52-sell.com/o4q/hc-synthetic-vs-fully-synthetic.html HTTP/1.1" 301 0 "-" "Mozilla/5.0 (compatible; MJ12bot/v1.4.8; http://mj12bot.com/)"
192.99.36.61 - - [28/Apr/2025:12:02:35 -0400] "GET /808/%EF%BB%BFhttp://52-sell.com/9it/ricoh-printer-repair-service-near-me.html HTTP/1.1" 301 0 "-" "Mozilla/5.0 (compatible; MJ12bot/v1.4.8; http://mj12bot.com/)"
147.135.252.179 - - [28/Apr/2025:12:02:36 -0400] "GET /mlp/%EF%BB%BFhttp:/52-sell.com/o4q/hc-synthetic-vs-fully-synthetic.html HTTP/1.1" 404 39184 "-" "Mozilla/5.0 (compatible; MJ12bot/v1.4.8; http://mj12bot.com/)"
66.29.132.124 - - [28/Apr/2025:12:02:41 -0400] "POST /wp-cron.php?doing_wp_cron=1745856160.3967111110687255859375 HTTP/1.1" 200 0 "-" "WordPress/6.8; https://arsn.media"
20.171.207.19 - - [28/Apr/2025:12:02:43 -0400] "GET /wp-content/uploads/2020/09/ARSN-Final-Logos-scaled.jpg%202560w,%20https:/arsn.media/wp-content/uploads/2020/09/ARSN-Final-Logos-300x138.jpg%20300w,%20https:/arsn.media/wp-content/uploads/2020/09/ARSN-Final-Logos-1024x471.jpg%201024w,%20https:/arsn.media/ARSN-Final-Logos-768x353.jpg%20768w,%20https:/ARSN-Final-Logos-1536x706.jpg%201536w,%20https:/ARSN-Final-Logos-2048x942.jpg%202048w HTTP/1.1" 404 39351 "-" "Mozilla/5.0 AppleWebKit/537.36 (KHTML, like Gecko; compatible; GPTBot/1.2; +https://openai.com/gptbot)"
147.135.252.179 - - [28/Apr/2025:12:02:41 -0400] "GET /mlp/%EF%BB%BFhttp://52-sell.com/o4q/hd52mq129.html HTTP/1.1" 301 0 "-" "Mozilla/5.0 (compatible; MJ12bot/v1.4.8; http://mj12bot.com/)"
192.99.36.61 - - [28/Apr/2025:12:02:39 -0400] "GET /808/%EF%BB%BFhttp:/52-sell.com/9it/ricoh-printer-repair-service-near-me.html HTTP/1.1" 404 39184 "-" "Mozilla/5.0 (compatible; MJ12bot/v1.4.8; http://mj12bot.com/)"
66.29.132.124 - - [28/Apr/2025:12:02:43 -0400] "POST /wp-admin/admin-ajax.php?action=async_litespeed&nonce=RGPtRXsoMJmzIZEKyu8L5hU1T3YD0IkT&litespeed_type=imgoptm HTTP/1.1" 200 0 "-" "WordPress/6.8; https://arsn.media"
20.171.207.19 - - [28/Apr/2025:12:02:45 -0400] "GET /wp-content/uploads/2020/10/404.png%20707w,%20https:/arsn.media/wp-content/uploads/2020/10/404-300x110.png%20300w HTTP/1.1" 404 39298 "-" "Mozilla/5.0 AppleWebKit/537.36 (KHTML, like Gecko; compatible; GPTBot/1.2; +https://openai.com/gptbot)"
20.171.207.19 - - [28/Apr/2025:12:02:47 -0400] "GET /wp-json/elementskit/v1/ HTTP/1.1" 404 114 "-" "Mozilla/5.0 AppleWebKit/537.36 (KHTML, like Gecko; compatible; GPTBot/1.2; +https://openai.com/gptbot)"
192.99.36.61 - - [28/Apr/2025:12:02:46 -0400] "GET /808/%EF%BB%BFhttp://52-sell.com/9it/roadmaster-base-plate-installers.html HTTP/1.1" 301 0 "-" "Mozilla/5.0 (compatible; MJ12bot/v1.4.8; http://mj12bot.com/)"
147.135.252.179 - - [28/Apr/2025:12:02:45 -0400] "GET /mlp/%EF%BB%BFhttp:/52-sell.com/o4q/hd52mq129.html HTTP/1.1" 404 39260 "-" "Mozilla/5.0 (compatible; MJ12bot/v1.4.8; http://mj12bot.com/)"
20.171.207.19 - - [28/Apr/2025:12:02:49 -0400] "GET /wp-content/themes/onum/js/design-test.js HTTP/1.1" 404 39143 "-" "Mozilla/5.0 AppleWebKit/537.36 (KHTML, like Gecko; compatible; GPTBot/1.2; +https://openai.com/gptbot)"
66.29.132.124 - - [28/Apr/2025:12:02:51 -0400] "POST /wp-cron.php?doing_wp_cron=1745856170.4416460990905761718750 HTTP/1.1" 200 0 "-" "WordPress/6.8; https://arsn.media"
147.135.252.179 - - [28/Apr/2025:12:02:51 -0400] "GET /mlp/%EF%BB%BFhttp://52-sell.com/o4q/hdmi-port-not-working-on-tv.html HTTP/1.1" 301 0 "-" "Mozilla/5.0 (compatible; MJ12bot/v1.4.8; http://mj12bot.com/)"
20.171.207.19 - - [28/Apr/2025:12:02:51 -0400] "GET /wp-content/themes/onum/css/design-test.css?ver=6.7.2 HTTP/1.1" 404 21363 "-" "Mozilla/5.0 AppleWebKit/537.36 (KHTML, like Gecko; compatible; GPTBot/1.2; +https://openai.com/gptbot)"
192.99.36.61 - - [28/Apr/2025:12:02:49 -0400] "GET /808/%EF%BB%BFhttp:/52-sell.com/9it/roadmaster-base-plate-installers.html HTTP/1.1" 404 39126 "-" "Mozilla/5.0 (compatible; MJ12bot/v1.4.8; http://mj12bot.com/)"
192.99.36.61 - - [28/Apr/2025:12:02:55 -0400] "GET /808/%EF%BB%BFhttp://52-sell.com/9it/roku-youtube-not-working-2022.html HTTP/1.1" 301 0 "-" "Mozilla/5.0 (compatible; MJ12bot/v1.4.8; http://mj12bot.com/)"
147.135.252.179 - - [28/Apr/2025:12:02:55 -0400] "GET /mlp/%EF%BB%BFhttp:/52-sell.com/o4q/hdmi-port-not-working-on-tv.html HTTP/1.1" 404 39227 "-" "Mozilla/5.0 (compatible; MJ12bot/v1.4.8; http://mj12bot.com/)"
147.135.252.179 - - [28/Apr/2025:12:02:58 -0400] "GET /mlp/%EF%BB%BFhttp://52-sell.com/o4q/he-is-confident-around-everyone-but-me.html HTTP/1.1" 301 0 "-" "Mozilla/5.0 (compatible; MJ12bot/v1.4.8; http://mj12bot.com/)"
192.99.36.61 - - [28/Apr/2025:12:02:58 -0400] "GET /808/%EF%BB%BFhttp:/52-sell.com/9it/roku-youtube-not-working-2022.html HTTP/1.1" 404 39304 "-" "Mozilla/5.0 (compatible; MJ12bot/v1.4.8; http://mj12bot.com/)"
147.135.252.179 - - [28/Apr/2025:12:03:02 -0400] "GET /mlp/%EF%BB%BFhttp:/52-sell.com/o4q/he-is-confident-around-everyone-but-me.html HTTP/1.1" 404 39179 "-" "Mozilla/5.0 (compatible; MJ12bot/v1.4.8; http://mj12bot.com/)"
20.171.207.19 - - [28/Apr/2025:12:03:04 -0400] "GET /wp-content/themes/onum/js/design-test.js HTTP/1.1" 404 39143 "-" "Mozilla/5.0 AppleWebKit/537.36 (KHTML, like Gecko; compatible; GPTBot/1.2; +https://openai.com/gptbot)"
192.99.36.61 - - [28/Apr/2025:12:03:03 -0400] "GET /808/%EF%BB%BFhttp://52-sell.com/9it/rtl8723be-github.html HTTP/1.1" 301 0 "-" "Mozilla/5.0 (compatible; MJ12bot/v1.4.8; http://mj12bot.com/)"
20.171.207.19 - - [28/Apr/2025:12:03:07 -0400] "GET /wp-json/elementskit/v1/ HTTP/1.1" 404 114 "-" "Mozilla/5.0 AppleWebKit/537.36 (KHTML, like Gecko; compatible; GPTBot/1.2; +https://openai.com/gptbot)"
147.135.252.179 - - [28/Apr/2025:12:03:05 -0400] "GET /mlp/%EF%BB%BFhttp://52-sell.com/o4q/heartburn-friendly-meals-during-pregnancy.html HTTP/1.1" 301 0 "-" "Mozilla/5.0 (compatible; MJ12bot/v1.4.8; http://mj12bot.com/)"
192.99.36.61 - - [28/Apr/2025:12:03:07 -0400] "GET /808/%EF%BB%BFhttp:/52-sell.com/9it/rtl8723be-github.html HTTP/1.1" 404 39289 "-" "Mozilla/5.0 (compatible; MJ12bot/v1.4.8; http://mj12bot.com/)"
20.171.207.19 - - [28/Apr/2025:12:03:08 -0400] "GET /wp-content/themes/onum/css/design-test.css?ver=6.7.2 HTTP/1.1" 404 18501 "-" "Mozilla/5.0 AppleWebKit/537.36 (KHTML, like Gecko; compatible; GPTBot/1.2; +https://openai.com/gptbot)"
20.171.207.19 - - [28/Apr/2025:12:03:11 -0400] "GET /wp-content/uploads/2020/10/404.png%20707w,%20https:/arsn.media/wp-content/uploads/2020/10/404-300x110.png%20300w HTTP/1.1" 404 39298 "-" "Mozilla/5.0 AppleWebKit/537.36 (KHTML, like Gecko; compatible; GPTBot/1.2; +https://openai.com/gptbot)"
147.135.252.179 - - [28/Apr/2025:12:03:09 -0400] "GET /mlp/%EF%BB%BFhttp:/52-sell.com/o4q/heartburn-friendly-meals-during-pregnancy.html HTTP/1.1" 404 39304 "-" "Mozilla/5.0 (compatible; MJ12bot/v1.4.8; http://mj12bot.com/)"
192.99.36.61 - - [28/Apr/2025:12:03:11 -0400] "GET /808/%EF%BB%BFhttp://52-sell.com/9it/rv-ice-box-for-sale.html HTTP/1.1" 301 0 "-" "Mozilla/5.0 (compatible; MJ12bot/v1.4.8; http://mj12bot.com/)"
20.171.207.19 - - [28/Apr/2025:12:03:13 -0400] "GET /wp-content/uploads/2020/09/ARSN-Final-Logos-scaled.jpg%202560w,%20https:/arsn.media/wp-content/uploads/2020/09/ARSN-Final-Logos-300x138.jpg%20300w,%20https:/arsn.media/wp-content/uploads/2020/09/ARSN-Final-Logos-1024x471.jpg%201024w,%20https:/arsn.media/ARSN-Final-Logos-768x353.jpg%20768w,%20https:/ARSN-Final-Logos-1536x706.jpg%201536w,%20https:/ARSN-Final-Logos-2048x942.jpg%202048w HTTP/1.1" 404 39351 "-" "Mozilla/5.0 AppleWebKit/537.36 (KHTML, like Gecko; compatible; GPTBot/1.2; +https://openai.com/gptbot)"
147.135.252.179 - - [28/Apr/2025:12:03:14 -0400] "GET /mlp/%EF%BB%BFhttp://52-sell.com/o4q/heathrow-to-colchester.html HTTP/1.1" 301 0 "-" "Mozilla/5.0 (compatible; MJ12bot/v1.4.8; http://mj12bot.com/)"
20.171.207.19 - - [28/Apr/2025:12:03:16 -0400] "GET /wp-json/elementskit/v1/ HTTP/1.1" 404 114 "-" "Mozilla/5.0 AppleWebKit/537.36 (KHTML, like Gecko; compatible; GPTBot/1.2; +https://openai.com/gptbot)"
192.99.36.61 - - [28/Apr/2025:12:03:15 -0400] "GET /808/%EF%BB%BFhttp:/52-sell.com/9it/rv-ice-box-for-sale.html HTTP/1.1" 404 39271 "-" "Mozilla/5.0 (compatible; MJ12bot/v1.4.8; http://mj12bot.com/)"
147.135.252.179 - - [28/Apr/2025:12:03:17 -0400] "GET /mlp/%EF%BB%BFhttp:/52-sell.com/o4q/heathrow-to-colchester.html HTTP/1.1" 404 39333 "-" "Mozilla/5.0 (compatible; MJ12bot/v1.4.8; http://mj12bot.com/)"
192.99.36.61 - - [28/Apr/2025:12:03:19 -0400] "GET /808/%EF%BB%BFhttp://52-sell.com/9it/sal-meetings.html HTTP/1.1" 301 0 "-" "Mozilla/5.0 (compatible; MJ12bot/v1.4.8; http://mj12bot.com/)"
147.135.252.179 - - [28/Apr/2025:12:03:22 -0400] "GET /mlp/%EF%BB%BFhttp://52-sell.com/o4q/hebrew-verb-groups.html HTTP/1.1" 301 0 "-" "Mozilla/5.0 (compatible; MJ12bot/v1.4.8; http://mj12bot.com/)"
192.99.36.61 - - [28/Apr/2025:12:03:23 -0400] "GET /808/%EF%BB%BFhttp:/52-sell.com/9it/sal-meetings.html HTTP/1.1" 404 39438 "-" "Mozilla/5.0 (compatible; MJ12bot/v1.4.8; http://mj12bot.com/)"
20.171.207.19 - - [28/Apr/2025:12:03:24 -0400] "GET /808/%EF%BB%BFhttp:/52-sell.com/9it/smart-audiobook-player-apk.html HTTP/1.1" 404 18521 "-" "Mozilla/5.0 AppleWebKit/537.36 (KHTML, like Gecko; compatible; GPTBot/1.2; +https://openai.com/gptbot)"
147.135.252.179 - - [28/Apr/2025:12:03:26 -0400] "GET /mlp/%EF%BB%BFhttp:/52-sell.com/o4q/hebrew-verb-groups.html HTTP/1.1" 404 39200 "-" "Mozilla/5.0 (compatible; MJ12bot/v1.4.8; http://mj12bot.com/)"
192.99.36.61 - - [28/Apr/2025:12:03:27 -0400] "GET /808/%EF%BB%BFhttp://52-sell.com/9it/samsung-qn32q50rafxza-review.html HTTP/1.1" 301 0 "-" "Mozilla/5.0 (compatible; MJ12bot/v1.4.8; http://mj12bot.com/)"
147.135.252.179 - - [28/Apr/2025:12:03:30 -0400] "GET /mlp/%EF%BB%BFhttp://52-sell.com/o4q/hema-virginia.html HTTP/1.1" 301 0 "-" "Mozilla/5.0 (compatible; MJ12bot/v1.4.8; http://mj12bot.com/)"
192.99.36.61 - - [28/Apr/2025:12:03:30 -0400] "GET /808/%EF%BB%BFhttp:/52-sell.com/9it/samsung-qn32q50rafxza-review.html HTTP/1.1" 404 39322 "-" "Mozilla/5.0 (compatible; MJ12bot/v1.4.8; http://mj12bot.com/)"
66.29.132.124 - - [28/Apr/2025:12:03:35 -0400] "POST /wp-cron.php?doing_wp_cron=1745856215.0276141166687011718750 HTTP/1.1" 200 0 "-" "WordPress/6.8; https://arsn.media"
147.135.252.179 - - [28/Apr/2025:12:03:33 -0400] "GET /mlp/%EF%BB%BFhttp:/52-sell.com/o4q/hema-virginia.html HTTP/1.1" 404 39450 "-" "Mozilla/5.0 (compatible; MJ12bot/v1.4.8; http://mj12bot.com/)"
66.29.132.124 - - [28/Apr/2025:12:03:37 -0400] "POST /wp-admin/admin-ajax.php?action=async_litespeed&nonce=KkOHnSvNOGg02FUyGOSqnKXMLgFe6zfA&litespeed_type=imgoptm HTTP/1.1" 200 0 "-" "WordPress/6.8; https://arsn.media"
147.135.252.179 - - [28/Apr/2025:12:03:39 -0400] "GET /mlp/%EF%BB%BFhttp://52-sell.com/o4q/hemet-horse-property-for-sale.html HTTP/1.1" 301 0 "-" "Mozilla/5.0 (compatible; MJ12bot/v1.4.8; http://mj12bot.com/)"
147.135.252.179 - - [28/Apr/2025:12:03:43 -0400] "GET /mlp/%EF%BB%BFhttp:/52-sell.com/o4q/hemet-horse-property-for-sale.html HTTP/1.1" 404 39240 "-" "Mozilla/5.0 (compatible; MJ12bot/v1.4.8; http://mj12bot.com/)"
66.29.132.124 - - [28/Apr/2025:12:03:50 -0400] "POST /wp-cron.php?doing_wp_cron=1745856230.1645650863647460937500 HTTP/1.1" 200 0 "-" "WordPress/6.8; https://arsn.media"
147.135.252.179 - - [28/Apr/2025:12:03:48 -0400] "GET /mlp/%EF%BB%BFhttp://52-sell.com/o4q/hennessey-mammoth-specs.html HTTP/1.1" 301 0 "-" "Mozilla/5.0 (compatible; MJ12bot/v1.4.8; http://mj12bot.com/)"
147.135.252.179 - - [28/Apr/2025:12:03:53 -0400] "GET /mlp/%EF%BB%BFhttp:/52-sell.com/o4q/hennessey-mammoth-specs.html HTTP/1.1" 404 39373 "-" "Mozilla/5.0 (compatible; MJ12bot/v1.4.8; http://mj12bot.com/)"
147.135.252.179 - - [28/Apr/2025:12:03:59 -0400] "GET /mlp/%EF%BB%BFhttp://52-sell.com/o4q/hennessy-og-strain.html HTTP/1.1" 301 0 "-" "Mozilla/5.0 (compatible; MJ12bot/v1.4.8; http://mj12bot.com/)"
147.135.252.179 - - [28/Apr/2025:12:04:03 -0400] "GET /mlp/%EF%BB%BFhttp:/52-sell.com/o4q/hennessy-og-strain.html HTTP/1.1" 404 39249 "-" "Mozilla/5.0 (compatible; MJ12bot/v1.4.8; http://mj12bot.com/)"
147.135.252.179 - - [28/Apr/2025:12:04:07 -0400] "GET /mlp/%EF%BB%BFhttp://52-sell.com/o4q/hermione-glamour-charm-fanfiction.html HTTP/1.1" 301 0 "-" "Mozilla/5.0 (compatible; MJ12bot/v1.4.8; http://mj12bot.com/)"
147.135.252.179 - - [28/Apr/2025:12:04:11 -0400] "GET /mlp/%EF%BB%BFhttp:/52-sell.com/o4q/hermione-glamour-charm-fanfiction.html HTTP/1.1" 404 39244 "-" "Mozilla/5.0 (compatible; MJ12bot/v1.4.8; http://mj12bot.com/)"
147.135.252.179 - - [28/Apr/2025:12:04:15 -0400] "GET /mlp/%EF%BB%BFhttp://52-sell.com/o4q/hermione-tells-the-truth-about-the-troll-fanfiction.html HTTP/1.1" 301 0 "-" "Mozilla/5.0 (compatible; MJ12bot/v1.4.8; http://mj12bot.com/)"
147.135.252.179 - - [28/Apr/2025:12:04:19 -0400] "GET /mlp/%EF%BB%BFhttp:/52-sell.com/o4q/hermione-tells-the-truth-about-the-troll-fanfiction.html HTTP/1.1" 404 39292 "-" "Mozilla/5.0 (compatible; MJ12bot/v1.4.8; http://mj12bot.com/)"
147.135.252.179 - - [28/Apr/2025:12:04:23 -0400] "GET /mlp/%EF%BB%BFhttp://52-sell.com/o4q/hfss-cavity-resonator-tutorial.html HTTP/1.1" 301 0 "-" "Mozilla/5.0 (compatible; MJ12bot/v1.4.8; http://mj12bot.com/)"
20.171.207.19 - - [28/Apr/2025:12:04:23 -0400] "GET /wp-content/themes/onum/css/design-test.css?ver=6.7.2 HTTP/1.1" 404 31710 "-" "Mozilla/5.0 AppleWebKit/537.36 (KHTML, like Gecko; compatible; GPTBot/1.2; +https://openai.com/gptbot)"
20.171.207.19 - - [28/Apr/2025:12:04:26 -0400] "GET /wp-content/uploads/2020/09/ARSN-Final-Logos-scaled.jpg%202560w,%20https:/arsn.media/wp-content/uploads/2020/09/ARSN-Final-Logos-300x138.jpg%20300w,%20https:/arsn.media/wp-content/uploads/2020/09/ARSN-Final-Logos-1024x471.jpg%201024w,%20https:/arsn.media/ARSN-Final-Logos-768x353.jpg%20768w,%20https:/ARSN-Final-Logos-1536x706.jpg%201536w,%20https:/ARSN-Final-Logos-2048x942.jpg%202048w HTTP/1.1" 404 39351 "-" "Mozilla/5.0 AppleWebKit/537.36 (KHTML, like Gecko; compatible; GPTBot/1.2; +https://openai.com/gptbot)"
20.171.207.19 - - [28/Apr/2025:12:04:29 -0400] "GET /wp-content/uploads/2020/10/404.png%20707w,%20https:/arsn.media/wp-content/uploads/2020/10/404-300x110.png%20300w HTTP/1.1" 404 39298 "-" "Mozilla/5.0 AppleWebKit/537.36 (KHTML, like Gecko; compatible; GPTBot/1.2; +https://openai.com/gptbot)"
147.135.252.179 - - [28/Apr/2025:12:04:27 -0400] "GET /mlp/%EF%BB%BFhttp:/52-sell.com/o4q/hfss-cavity-resonator-tutorial.html HTTP/1.1" 404 39242 "-" "Mozilla/5.0 (compatible; MJ12bot/v1.4.8; http://mj12bot.com/)"
20.171.207.19 - - [28/Apr/2025:12:04:30 -0400] "GET /wp-content/themes/onum/js/design-test.js HTTP/1.1" 404 39143 "-" "Mozilla/5.0 AppleWebKit/537.36 (KHTML, like Gecko; compatible; GPTBot/1.2; +https://openai.com/gptbot)"
20.171.207.19 - - [28/Apr/2025:12:04:33 -0400] "GET /wp-json/elementskit/v1/ HTTP/1.1" 404 114 "-" "Mozilla/5.0 AppleWebKit/537.36 (KHTML, like Gecko; compatible; GPTBot/1.2; +https://openai.com/gptbot)"
147.135.252.179 - - [28/Apr/2025:12:04:32 -0400] "GET /mlp/%EF%BB%BFhttp://52-sell.com/o4q/hide-propane-tanks.html HTTP/1.1" 301 0 "-" "Mozilla/5.0 (compatible; MJ12bot/v1.4.8; http://mj12bot.com/)"
66.29.132.124 - - [28/Apr/2025:12:04:37 -0400] "POST /wp-cron.php?doing_wp_cron=1745856277.5732619762420654296875 HTTP/1.1" 200 0 "-" "WordPress/6.8; https://arsn.media"
