66.29.132.124 - - [28/Apr/2025:05:22:39 -0400] "POST /wp-admin/admin-ajax.php?action=as_async_request_queue_runner&nonce=b691fb58eb HTTP/1.1" 200 0 "-" "WordPress/6.8; https://arsn.media"
178.20.44.82 - - [28/Apr/2025:05:22:37 -0400] "POST /wp-admin/admin-ajax.php HTTP/1.0" 200 184 "https://arsn.media/" "Mozilla/5.0 (Windows NT 10.0; Win64; x64) AppleWebKit/537.36 (KHTML, like Gecko) Chrome/131.0.0.0 Safari/537.36 Avast/131.0.0.0"
149.202.86.190 - - [28/Apr/2025:05:22:41 -0400] "GET /mlp/%EF%BB%BFhttp://52-sell.com/o4q/lightning-particles-roblox.html HTTP/1.1" 301 0 "-" "Mozilla/5.0 (compatible; MJ12bot/v1.4.8; http://mj12bot.com/)"
20.171.207.19 - - [28/Apr/2025:05:22:45 -0400] "GET /wp-content/uploads/2020/10/404.png%20707w,%20https:/arsn.media/wp-content/uploads/2020/10/404-300x110.png%20300w HTTP/1.1" 404 39275 "-" "Mozilla/5.0 AppleWebKit/537.36 (KHTML, like Gecko; compatible; GPTBot/1.2; +https://openai.com/gptbot)"
149.202.86.190 - - [28/Apr/2025:05:22:43 -0400] "GET /mlp/%EF%BB%BFhttp:/52-sell.com/o4q/lightning-particles-roblox.html HTTP/1.1" 404 39390 "-" "Mozilla/5.0 (compatible; MJ12bot/v1.4.8; http://mj12bot.com/)"
20.171.207.19 - - [28/Apr/2025:05:22:47 -0400] "GET /wp-content/uploads/2020/09/ARSN-Final-Logos-scaled.jpg%202560w,%20https:/arsn.media/wp-content/uploads/2020/09/ARSN-Final-Logos-300x138.jpg%20300w,%20https:/arsn.media/wp-content/uploads/2020/09/ARSN-Final-Logos-1024x471.jpg%201024w,%20https:/arsn.media/ARSN-Final-Logos-768x353.jpg%20768w,%20https:/ARSN-Final-Logos-1536x706.jpg%201536w,%20https:/ARSN-Final-Logos-2048x942.jpg%202048w HTTP/1.1" 404 39354 "-" "Mozilla/5.0 AppleWebKit/537.36 (KHTML, like Gecko; compatible; GPTBot/1.2; +https://openai.com/gptbot)"
149.202.86.190 - - [28/Apr/2025:05:22:47 -0400] "GET /mlp/%EF%BB%BFhttp://52-sell.com/o4q/lightweight-folding-travel-walker-with-seat.html HTTP/1.1" 301 0 "-" "Mozilla/5.0 (compatible; MJ12bot/v1.4.8; http://mj12bot.com/)"
20.171.207.19 - - [28/Apr/2025:05:22:49 -0400] "GET /wp-content/themes/onum/js/design-test.js HTTP/1.1" 404 39136 "-" "Mozilla/5.0 AppleWebKit/537.36 (KHTML, like Gecko; compatible; GPTBot/1.2; +https://openai.com/gptbot)"
66.29.132.124 - - [28/Apr/2025:05:22:50 -0400] "POST /wp-cron.php?doing_wp_cron=1745832170.5044689178466796875000 HTTP/1.1" 200 0 "-" "WordPress/6.8; https://arsn.media"
149.202.86.190 - - [28/Apr/2025:05:22:49 -0400] "GET /mlp/%EF%BB%BFhttp:/52-sell.com/o4q/lightweight-folding-travel-walker-with-seat.html HTTP/1.1" 404 39270 "-" "Mozilla/5.0 (compatible; MJ12bot/v1.4.8; http://mj12bot.com/)"
20.171.207.19 - - [28/Apr/2025:05:22:51 -0400] "GET /wp-json/elementskit/v1/ HTTP/1.1" 404 114 "-" "Mozilla/5.0 AppleWebKit/537.36 (KHTML, like Gecko; compatible; GPTBot/1.2; +https://openai.com/gptbot)"
149.202.86.190 - - [28/Apr/2025:05:22:53 -0400] "GET /mlp/%EF%BB%BFhttp://52-sell.com/o4q/ligonier-echo-obituaries.html HTTP/1.1" 301 0 "-" "Mozilla/5.0 (compatible; MJ12bot/v1.4.8; http://mj12bot.com/)"
52.167.144.171 - - [28/Apr/2025:05:22:54 -0400] "GET /wp-content/uploads/2024/09/Starting-an-Exterminator-Business-scaled.jpg HTTP/1.1" 404 39148 "-" "Mozilla/5.0 AppleWebKit/537.36 (KHTML, like Gecko; compatible; bingbot/2.0; +http://www.bing.com/bingbot.htm) Chrome/116.0.1938.76 Safari/537.36"
149.202.86.190 - - [28/Apr/2025:05:22:55 -0400] "GET /mlp/%EF%BB%BFhttp:/52-sell.com/o4q/ligonier-echo-obituaries.html HTTP/1.1" 404 39273 "-" "Mozilla/5.0 (compatible; MJ12bot/v1.4.8; http://mj12bot.com/)"
149.202.86.190 - - [28/Apr/2025:05:22:58 -0400] "GET /mlp/%EF%BB%BFhttp://52-sell.com/o4q/liheap-application-status-california.html HTTP/1.1" 301 0 "-" "Mozilla/5.0 (compatible; MJ12bot/v1.4.8; http://mj12bot.com/)"
149.202.86.190 - - [28/Apr/2025:05:23:01 -0400] "GET /mlp/%EF%BB%BFhttp:/52-sell.com/o4q/liheap-application-status-california.html HTTP/1.1" 404 39177 "-" "Mozilla/5.0 (compatible; MJ12bot/v1.4.8; http://mj12bot.com/)"
149.202.86.190 - - [28/Apr/2025:05:23:05 -0400] "GET /mlp/%EF%BB%BFhttp://52-sell.com/o4q/lime-for-sale-bulk.html HTTP/1.1" 301 0 "-" "Mozilla/5.0 (compatible; MJ12bot/v1.4.8; http://mj12bot.com/)"
149.202.86.190 - - [28/Apr/2025:05:23:08 -0400] "GET /mlp/%EF%BB%BFhttp:/52-sell.com/o4q/lime-for-sale-bulk.html HTTP/1.1" 404 39200 "-" "Mozilla/5.0 (compatible; MJ12bot/v1.4.8; http://mj12bot.com/)"
149.202.86.190 - - [28/Apr/2025:05:23:11 -0400] "GET /mlp/%EF%BB%BFhttp://52-sell.com/o4q/lime-scooter-san-diego.html HTTP/1.1" 301 0 "-" "Mozilla/5.0 (compatible; MJ12bot/v1.4.8; http://mj12bot.com/)"
149.202.86.190 - - [28/Apr/2025:05:23:14 -0400] "GET /mlp/%EF%BB%BFhttp:/52-sell.com/o4q/lime-scooter-san-diego.html HTTP/1.1" 404 39338 "-" "Mozilla/5.0 (compatible; MJ12bot/v1.4.8; http://mj12bot.com/)"
149.202.86.190 - - [28/Apr/2025:05:23:18 -0400] "GET /mlp/%EF%BB%BFhttp://52-sell.com/o4q/limu-emu-and-doug-car.html HTTP/1.1" 301 0 "-" "Mozilla/5.0 (compatible; MJ12bot/v1.4.8; http://mj12bot.com/)"
20.171.207.19 - - [28/Apr/2025:05:23:22 -0400] "GET /wp-content/uploads/2020/09/ARSN-Final-Logos-scaled.jpg%202560w,%20https:/arsn.media/wp-content/uploads/2020/09/ARSN-Final-Logos-300x138.jpg%20300w,%20https:/arsn.media/wp-content/uploads/2020/09/ARSN-Final-Logos-1024x471.jpg%201024w,%20https:/arsn.media/ARSN-Final-Logos-768x353.jpg%20768w,%20https:/ARSN-Final-Logos-1536x706.jpg%201536w,%20https:/ARSN-Final-Logos-2048x942.jpg%202048w HTTP/1.1" 404 39354 "-" "Mozilla/5.0 AppleWebKit/537.36 (KHTML, like Gecko; compatible; GPTBot/1.2; +https://openai.com/gptbot)"
149.202.86.190 - - [28/Apr/2025:05:23:21 -0400] "GET /mlp/%EF%BB%BFhttp:/52-sell.com/o4q/limu-emu-and-doug-car.html HTTP/1.1" 404 39337 "-" "Mozilla/5.0 (compatible; MJ12bot/v1.4.8; http://mj12bot.com/)"
20.171.207.19 - - [28/Apr/2025:05:23:24 -0400] "GET /wp-json/elementskit/v1/ HTTP/1.1" 404 114 "-" "Mozilla/5.0 AppleWebKit/537.36 (KHTML, like Gecko; compatible; GPTBot/1.2; +https://openai.com/gptbot)"
149.202.86.190 - - [28/Apr/2025:05:23:24 -0400] "GET /mlp/%EF%BB%BFhttp://52-sell.com/o4q/lincoln-electric-reviews.html HTTP/1.1" 301 0 "-" "Mozilla/5.0 (compatible; MJ12bot/v1.4.8; http://mj12bot.com/)"
20.171.207.19 - - [28/Apr/2025:05:23:26 -0400] "GET /wp-content/uploads/2020/10/404.png%20707w,%20https:/arsn.media/wp-content/uploads/2020/10/404-300x110.png%20300w HTTP/1.1" 404 39275 "-" "Mozilla/5.0 AppleWebKit/537.36 (KHTML, like Gecko; compatible; GPTBot/1.2; +https://openai.com/gptbot)"
149.202.86.190 - - [28/Apr/2025:05:23:27 -0400] "GET /mlp/%EF%BB%BFhttp:/52-sell.com/o4q/lincoln-electric-reviews.html HTTP/1.1" 404 39215 "-" "Mozilla/5.0 (compatible; MJ12bot/v1.4.8; http://mj12bot.com/)"
20.171.207.19 - - [28/Apr/2025:05:23:28 -0400] "GET /wp-content/themes/onum/css/design-test.css?ver=6.7.1 HTTP/1.1" 404 39412 "-" "Mozilla/5.0 AppleWebKit/537.36 (KHTML, like Gecko; compatible; GPTBot/1.2; +https://openai.com/gptbot)"
149.202.86.190 - - [28/Apr/2025:05:23:30 -0400] "GET /mlp/%EF%BB%BFhttp://52-sell.com/o4q/lionbridge-online-map-quality-analyst-pay.html HTTP/1.1" 301 0 "-" "Mozilla/5.0 (compatible; MJ12bot/v1.4.8; http://mj12bot.com/)"
20.171.207.19 - - [28/Apr/2025:05:23:30 -0400] "GET /wp-content/themes/onum/js/design-test.js HTTP/1.1" 404 39136 "-" "Mozilla/5.0 AppleWebKit/537.36 (KHTML, like Gecko; compatible; GPTBot/1.2; +https://openai.com/gptbot)"
149.202.86.190 - - [28/Apr/2025:05:23:32 -0400] "GET /mlp/%EF%BB%BFhttp:/52-sell.com/o4q/lionbridge-online-map-quality-analyst-pay.html HTTP/1.1" 404 39326 "-" "Mozilla/5.0 (compatible; MJ12bot/v1.4.8; http://mj12bot.com/)"
66.29.132.124 - - [28/Apr/2025:05:23:36 -0400] "POST /wp-cron.php?doing_wp_cron=1745832216.2841711044311523437500 HTTP/1.1" 200 0 "-" "WordPress/6.8; https://arsn.media"
149.202.86.190 - - [28/Apr/2025:05:23:35 -0400] "GET /mlp/%EF%BB%BFhttp://52-sell.com/o4q/liqui-moly-engine-oil-10w40.html HTTP/1.1" 301 0 "-" "Mozilla/5.0 (compatible; MJ12bot/v1.4.8; http://mj12bot.com/)"
178.20.44.82 - - [28/Apr/2025:05:23:38 -0400] "GET / HTTP/1.0" 200 639584 "https://arsn.media/" "Mozilla/5.0 (Windows NT 10.0; Win64; x64) AppleWebKit/537.36 (KHTML, like Gecko) Chrome/130.0.0.0 Safari/537.36 CCleaner/130.0.0.0"
66.29.132.124 - - [28/Apr/2025:05:23:37 -0400] "POST /wp-admin/admin-ajax.php?action=async_litespeed&nonce=WKOkGeSmED7Ucb5ONtXZpAn4WPhCqjLQ&litespeed_type=imgoptm HTTP/1.1" 200 0 "-" "WordPress/6.8; https://arsn.media"
149.202.86.190 - - [28/Apr/2025:05:23:38 -0400] "GET /mlp/%EF%BB%BFhttp:/52-sell.com/o4q/liqui-moly-engine-oil-10w40.html HTTP/1.1" 404 39182 "-" "Mozilla/5.0 (compatible; MJ12bot/v1.4.8; http://mj12bot.com/)"
149.202.86.190 - - [28/Apr/2025:05:23:41 -0400] "GET /mlp/%EF%BB%BFhttp://52-sell.com/o4q/liquids-in-checked-baggage-domestic-flights.html HTTP/1.1" 301 0 "-" "Mozilla/5.0 (compatible; MJ12bot/v1.4.8; http://mj12bot.com/)"
20.171.207.19 - - [28/Apr/2025:05:23:44 -0400] "GET /wp-content/uploads/2020/10/404.png%20707w,%20https:/arsn.media/wp-content/uploads/2020/10/404-300x110.png%20300w HTTP/1.1" 404 39275 "-" "Mozilla/5.0 AppleWebKit/537.36 (KHTML, like Gecko; compatible; GPTBot/1.2; +https://openai.com/gptbot)"
149.202.86.190 - - [28/Apr/2025:05:23:44 -0400] "GET /mlp/%EF%BB%BFhttp:/52-sell.com/o4q/liquids-in-checked-baggage-domestic-flights.html HTTP/1.1" 404 39218 "-" "Mozilla/5.0 (compatible; MJ12bot/v1.4.8; http://mj12bot.com/)"
20.171.207.19 - - [28/Apr/2025:05:23:46 -0400] "GET /wp-content/uploads/2020/09/ARSN-Final-Logos-scaled.jpg%202560w,%20https:/arsn.media/wp-content/uploads/2020/09/ARSN-Final-Logos-300x138.jpg%20300w,%20https:/arsn.media/wp-content/uploads/2020/09/ARSN-Final-Logos-1024x471.jpg%201024w,%20https:/arsn.media/ARSN-Final-Logos-768x353.jpg%20768w,%20https:/ARSN-Final-Logos-1536x706.jpg%201536w,%20https:/ARSN-Final-Logos-2048x942.jpg%202048w HTTP/1.1" 404 39354 "-" "Mozilla/5.0 AppleWebKit/537.36 (KHTML, like Gecko; compatible; GPTBot/1.2; +https://openai.com/gptbot)"
20.171.207.19 - - [28/Apr/2025:05:23:48 -0400] "GET /wp-content/themes/onum/css/design-test.css?ver=6.7.2 HTTP/1.1" 404 39413 "-" "Mozilla/5.0 AppleWebKit/537.36 (KHTML, like Gecko; compatible; GPTBot/1.2; +https://openai.com/gptbot)"
149.202.86.190 - - [28/Apr/2025:05:23:47 -0400] "GET /mlp/%EF%BB%BFhttp://52-sell.com/o4q/liquor-bottle-chandelier-diy.html HTTP/1.1" 301 0 "-" "Mozilla/5.0 (compatible; MJ12bot/v1.4.8; http://mj12bot.com/)"
20.171.207.19 - - [28/Apr/2025:05:23:50 -0400] "GET /wp-json/elementskit/v1/ HTTP/1.1" 404 114 "-" "Mozilla/5.0 AppleWebKit/537.36 (KHTML, like Gecko; compatible; GPTBot/1.2; +https://openai.com/gptbot)"
66.29.132.124 - - [28/Apr/2025:05:23:51 -0400] "POST /wp-cron.php?doing_wp_cron=1745832231.3482160568237304687500 HTTP/1.1" 200 0 "-" "WordPress/6.8; https://arsn.media"
20.171.207.19 - - [28/Apr/2025:05:23:52 -0400] "GET /wp-content/themes/onum/js/design-test.js HTTP/1.1" 404 39136 "-" "Mozilla/5.0 AppleWebKit/537.36 (KHTML, like Gecko; compatible; GPTBot/1.2; +https://openai.com/gptbot)"
149.202.86.190 - - [28/Apr/2025:05:23:50 -0400] "GET /mlp/%EF%BB%BFhttp:/52-sell.com/o4q/liquor-bottle-chandelier-diy.html HTTP/1.1" 404 39370 "-" "Mozilla/5.0 (compatible; MJ12bot/v1.4.8; http://mj12bot.com/)"
149.202.86.190 - - [28/Apr/2025:05:23:54 -0400] "GET /mlp/%EF%BB%BFhttp://52-sell.com/o4q/list-of-aboriginal-land-councils.html HTTP/1.1" 301 0 "-" "Mozilla/5.0 (compatible; MJ12bot/v1.4.8; http://mj12bot.com/)"
149.202.86.190 - - [28/Apr/2025:05:23:56 -0400] "GET /mlp/%EF%BB%BFhttp:/52-sell.com/o4q/list-of-aboriginal-land-councils.html HTTP/1.1" 404 39176 "-" "Mozilla/5.0 (compatible; MJ12bot/v1.4.8; http://mj12bot.com/)"
149.202.86.190 - - [28/Apr/2025:05:24:00 -0400] "GET /mlp/%EF%BB%BFhttp://52-sell.com/o4q/little-peter-parker-x-little-reader.html HTTP/1.1" 301 0 "-" "Mozilla/5.0 (compatible; MJ12bot/v1.4.8; http://mj12bot.com/)"
149.202.86.190 - - [28/Apr/2025:05:24:02 -0400] "GET /mlp/%EF%BB%BFhttp:/52-sell.com/o4q/little-peter-parker-x-little-reader.html HTTP/1.1" 404 39337 "-" "Mozilla/5.0 (compatible; MJ12bot/v1.4.8; http://mj12bot.com/)"
149.202.86.190 - - [28/Apr/2025:05:24:07 -0400] "GET /mlp/%EF%BB%BFhttp://52-sell.com/o4q/lm-k300-frp-bypass-no-pc.html HTTP/1.1" 301 0 "-" "Mozilla/5.0 (compatible; MJ12bot/v1.4.8; http://mj12bot.com/)"
149.202.86.190 - - [28/Apr/2025:05:24:10 -0400] "GET /mlp/%EF%BB%BFhttp:/52-sell.com/o4q/lm-k300-frp-bypass-no-pc.html HTTP/1.1" 404 39272 "-" "Mozilla/5.0 (compatible; MJ12bot/v1.4.8; http://mj12bot.com/)"
149.202.86.190 - - [28/Apr/2025:05:24:14 -0400] "GET /mlp/%EF%BB%BFhttp://52-sell.com/o4q/load-all-system-settings-current-settings-will-be-lost.html HTTP/1.1" 301 0 "-" "Mozilla/5.0 (compatible; MJ12bot/v1.4.8; http://mj12bot.com/)"
149.202.86.190 - - [28/Apr/2025:05:24:17 -0400] "GET /mlp/%EF%BB%BFhttp:/52-sell.com/o4q/load-all-system-settings-current-settings-will-be-lost.html HTTP/1.1" 404 39345 "-" "Mozilla/5.0 (compatible; MJ12bot/v1.4.8; http://mj12bot.com/)"
149.202.86.190 - - [28/Apr/2025:05:24:21 -0400] "GET /mlp/%EF%BB%BFhttp://52-sell.com/o4q/lodynet-app.html HTTP/1.1" 301 0 "-" "Mozilla/5.0 (compatible; MJ12bot/v1.4.8; http://mj12bot.com/)"
149.202.86.190 - - [28/Apr/2025:05:24:25 -0400] "GET /mlp/%EF%BB%BFhttp:/52-sell.com/o4q/lodynet-app.html HTTP/1.1" 404 39241 "-" "Mozilla/5.0 (compatible; MJ12bot/v1.4.8; http://mj12bot.com/)"
149.202.86.190 - - [28/Apr/2025:05:24:29 -0400] "GET /mlp/%EF%BB%BFhttp://52-sell.com/o4q/lofi-drums-sample-pack-free.html HTTP/1.1" 301 0 "-" "Mozilla/5.0 (compatible; MJ12bot/v1.4.8; http://mj12bot.com/)"
149.202.86.190 - - [28/Apr/2025:05:24:32 -0400] "GET /mlp/%EF%BB%BFhttp:/52-sell.com/o4q/lofi-drums-sample-pack-free.html HTTP/1.1" 404 39238 "-" "Mozilla/5.0 (compatible; MJ12bot/v1.4.8; http://mj12bot.com/)"
66.29.132.124 - - [28/Apr/2025:05:24:37 -0400] "POST /wp-cron.php?doing_wp_cron=1745832277.2663779258728027343750 HTTP/1.1" 200 0 "-" "WordPress/6.8; https://arsn.media"
149.202.86.190 - - [28/Apr/2025:05:24:36 -0400] "GET /mlp/%EF%BB%BFhttp://52-sell.com/o4q/lofi-sample-packs-download.html HTTP/1.1" 301 0 "-" "Mozilla/5.0 (compatible; MJ12bot/v1.4.8; http://mj12bot.com/)"
66.29.132.124 - - [28/Apr/2025:05:24:38 -0400] "POST /wp-admin/admin-ajax.php?action=async_litespeed&nonce=2OuTW9DBrKyuoHV8DW1tH4V4qMSHYzd2&litespeed_type=imgoptm HTTP/1.1" 200 0 "-" "WordPress/6.8; https://arsn.media"
20.171.207.19 - - [28/Apr/2025:05:24:39 -0400] "GET /mlp/%EF%BB%BFhttp:/2606arcolaave.805tstnw.com/mem/battle-of-dazar-alor-solo-2021.html HTTP/1.1" 404 21482 "-" "Mozilla/5.0 AppleWebKit/537.36 (KHTML, like Gecko; compatible; GPTBot/1.2; +https://openai.com/gptbot)"
149.202.86.190 - - [28/Apr/2025:05:24:40 -0400] "GET /mlp/%EF%BB%BFhttp:/52-sell.com/o4q/lofi-sample-packs-download.html HTTP/1.1" 404 39395 "-" "Mozilla/5.0 (compatible; MJ12bot/v1.4.8; http://mj12bot.com/)"
149.202.86.190 - - [28/Apr/2025:05:24:43 -0400] "GET /mlp/%EF%BB%BFhttp://52-sell.com/o4q/logging-equipment-rental-near-me.html HTTP/1.1" 301 0 "-" "Mozilla/5.0 (compatible; MJ12bot/v1.4.8; http://mj12bot.com/)"
149.202.86.190 - - [28/Apr/2025:05:24:47 -0400] "GET /mlp/%EF%BB%BFhttp:/52-sell.com/o4q/logging-equipment-rental-near-me.html HTTP/1.1" 404 39172 "-" "Mozilla/5.0 (compatible; MJ12bot/v1.4.8; http://mj12bot.com/)"
66.29.132.124 - - [28/Apr/2025:05:24:52 -0400] "POST /wp-cron.php?doing_wp_cron=1745832292.8524529933929443359375 HTTP/1.1" 200 0 "-" "WordPress/6.8; https://arsn.media"
149.202.86.190 - - [28/Apr/2025:05:24:51 -0400] "GET /mlp/%EF%BB%BFhttp://52-sell.com/o4q/logitech-rally-camera-settings-software.html HTTP/1.1" 301 0 "-" "Mozilla/5.0 (compatible; MJ12bot/v1.4.8; http://mj12bot.com/)"
149.202.86.190 - - [28/Apr/2025:05:24:55 -0400] "GET /mlp/%EF%BB%BFhttp:/52-sell.com/o4q/logitech-rally-camera-settings-software.html HTTP/1.1" 404 39173 "-" "Mozilla/5.0 (compatible; MJ12bot/v1.4.8; http://mj12bot.com/)"
20.171.207.19 - - [28/Apr/2025:05:24:57 -0400] "GET /wp-content/uploads/2020/10/404.png%20707w,%20https:/arsn.media/wp-content/uploads/2020/10/404-300x110.png%20300w HTTP/1.1" 404 39275 "-" "Mozilla/5.0 AppleWebKit/537.36 (KHTML, like Gecko; compatible; GPTBot/1.2; +https://openai.com/gptbot)"
20.171.207.19 - - [28/Apr/2025:05:24:59 -0400] "GET /wp-content/uploads/2020/09/ARSN-Final-Logos-scaled.jpg%202560w,%20https:/arsn.media/wp-content/uploads/2020/09/ARSN-Final-Logos-300x138.jpg%20300w,%20https:/arsn.media/wp-content/uploads/2020/09/ARSN-Final-Logos-1024x471.jpg%201024w,%20https:/arsn.media/ARSN-Final-Logos-768x353.jpg%20768w,%20https:/ARSN-Final-Logos-1536x706.jpg%201536w,%20https:/ARSN-Final-Logos-2048x942.jpg%202048w HTTP/1.1" 404 39354 "-" "Mozilla/5.0 AppleWebKit/537.36 (KHTML, like Gecko; compatible; GPTBot/1.2; +https://openai.com/gptbot)"
149.202.86.190 - - [28/Apr/2025:05:24:58 -0400] "GET /mlp/%EF%BB%BFhttp://52-sell.com/o4q/loki-rumors-reddit.html HTTP/1.1" 301 0 "-" "Mozilla/5.0 (compatible; MJ12bot/v1.4.8; http://mj12bot.com/)"
20.171.207.19 - - [28/Apr/2025:05:25:01 -0400] "GET /wp-json/elementskit/v1/ HTTP/1.1" 404 114 "-" "Mozilla/5.0 AppleWebKit/537.36 (KHTML, like Gecko; compatible; GPTBot/1.2; +https://openai.com/gptbot)"
20.171.207.19 - - [28/Apr/2025:05:25:04 -0400] "GET /wp-content/themes/onum/js/design-test.js HTTP/1.1" 404 39136 "-" "Mozilla/5.0 AppleWebKit/537.36 (KHTML, like Gecko; compatible; GPTBot/1.2; +https://openai.com/gptbot)"
149.202.86.190 - - [28/Apr/2025:05:25:01 -0400] "GET /mlp/%EF%BB%BFhttp:/52-sell.com/o4q/loki-rumors-reddit.html HTTP/1.1" 404 39196 "-" "Mozilla/5.0 (compatible; MJ12bot/v1.4.8; http://mj12bot.com/)"
20.171.207.19 - - [28/Apr/2025:05:25:06 -0400] "GET /wp-content/themes/onum/css/design-test.css?ver=6.7.1 HTTP/1.1" 404 39412 "-" "Mozilla/5.0 AppleWebKit/537.36 (KHTML, like Gecko; compatible; GPTBot/1.2; +https://openai.com/gptbot)"
149.202.86.190 - - [28/Apr/2025:05:25:07 -0400] "GET /mlp/%EF%BB%BFhttp://52-sell.com/o4q/long-beach-parking-app.html HTTP/1.1" 301 0 "-" "Mozilla/5.0 (compatible; MJ12bot/v1.4.8; http://mj12bot.com/)"
149.202.86.190 - - [28/Apr/2025:05:25:11 -0400] "GET /mlp/%EF%BB%BFhttp:/52-sell.com/o4q/long-beach-parking-app.html HTTP/1.1" 404 39342 "-" "Mozilla/5.0 (compatible; MJ12bot/v1.4.8; http://mj12bot.com/)"
149.202.86.190 - - [28/Apr/2025:05:25:18 -0400] "GET /mlp/%EF%BB%BFhttp://52-sell.com/o4q/long-distance-towing-service-near-maryland.html HTTP/1.1" 301 0 "-" "Mozilla/5.0 (compatible; MJ12bot/v1.4.8; http://mj12bot.com/)"
149.202.86.190 - - [28/Apr/2025:05:25:21 -0400] "GET /mlp/%EF%BB%BFhttp:/52-sell.com/o4q/long-distance-towing-service-near-maryland.html HTTP/1.1" 404 39254 "-" "Mozilla/5.0 (compatible; MJ12bot/v1.4.8; http://mj12bot.com/)"
20.171.207.19 - - [28/Apr/2025:05:25:24 -0400] "GET /wp-content/themes/onum/css/design-test.css?ver=6.7.2 HTTP/1.1" 404 39413 "-" "Mozilla/5.0 AppleWebKit/537.36 (KHTML, like Gecko; compatible; GPTBot/1.2; +https://openai.com/gptbot)"
20.171.207.19 - - [28/Apr/2025:05:25:26 -0400] "GET /wp-content/uploads/2020/10/404.png%20707w,%20https:/arsn.media/wp-content/uploads/2020/10/404-300x110.png%20300w HTTP/1.1" 404 39275 "-" "Mozilla/5.0 AppleWebKit/537.36 (KHTML, like Gecko; compatible; GPTBot/1.2; +https://openai.com/gptbot)"
149.202.86.190 - - [28/Apr/2025:05:25:26 -0400] "GET /mlp/%EF%BB%BFhttp://52-sell.com/o4q/long-term-rentals-california.html HTTP/1.1" 301 0 "-" "Mozilla/5.0 (compatible; MJ12bot/v1.4.8; http://mj12bot.com/)"
20.171.207.19 - - [28/Apr/2025:05:25:28 -0400] "GET /wp-content/uploads/2020/09/ARSN-Final-Logos-scaled.jpg%202560w,%20https:/arsn.media/wp-content/uploads/2020/09/ARSN-Final-Logos-300x138.jpg%20300w,%20https:/arsn.media/wp-content/uploads/2020/09/ARSN-Final-Logos-1024x471.jpg%201024w,%20https:/arsn.media/ARSN-Final-Logos-768x353.jpg%20768w,%20https:/ARSN-Final-Logos-1536x706.jpg%201536w,%20https:/ARSN-Final-Logos-2048x942.jpg%202048w HTTP/1.1" 404 39354 "-" "Mozilla/5.0 AppleWebKit/537.36 (KHTML, like Gecko; compatible; GPTBot/1.2; +https://openai.com/gptbot)"
20.171.207.19 - - [28/Apr/2025:05:25:31 -0400] "GET /wp-content/themes/onum/js/design-test.js HTTP/1.1" 404 39136 "-" "Mozilla/5.0 AppleWebKit/537.36 (KHTML, like Gecko; compatible; GPTBot/1.2; +https://openai.com/gptbot)"
149.202.86.190 - - [28/Apr/2025:05:25:29 -0400] "GET /mlp/%EF%BB%BFhttp:/52-sell.com/o4q/long-term-rentals-california.html HTTP/1.1" 404 39374 "-" "Mozilla/5.0 (compatible; MJ12bot/v1.4.8; http://mj12bot.com/)"
178.20.44.82 - - [28/Apr/2025:05:25:30 -0400] "POST /wp-admin/admin-ajax.php HTTP/1.0" 200 184 "https://arsn.media/" "Mozilla/5.0 (Windows NT 10.0; Win64; x64) AppleWebKit/537.36 (KHTML, like Gecko) Chrome/130.0.0.0 Safari/537.36 CCleaner/130.0.0.0"
20.171.207.19 - - [28/Apr/2025:05:25:32 -0400] "GET /wp-json/elementskit/v1/ HTTP/1.1" 404 114 "-" "Mozilla/5.0 AppleWebKit/537.36 (KHTML, like Gecko; compatible; GPTBot/1.2; +https://openai.com/gptbot)"
66.29.132.124 - - [28/Apr/2025:05:25:34 -0400] "POST /wp-cron.php?doing_wp_cron=1745832334.4736139774322509765625 HTTP/1.1" 200 0 "-" "WordPress/6.8; https://arsn.media"
149.202.86.190 - - [28/Apr/2025:05:25:33 -0400] "GET /mlp/%EF%BB%BFhttp://52-sell.com/o4q/los-lunas-townhomes.html HTTP/1.1" 301 0 "-" "Mozilla/5.0 (compatible; MJ12bot/v1.4.8; http://mj12bot.com/)"
66.29.132.124 - - [28/Apr/2025:05:25:35 -0400] "POST /wp-admin/admin-ajax.php?action=async_litespeed&nonce=au3GrNz2BCVArluadpbYiJnfnYu38r1Y&litespeed_type=imgoptm HTTP/1.1" 200 0 "-" "WordPress/6.8; https://arsn.media"
149.202.86.190 - - [28/Apr/2025:05:25:36 -0400] "GET /mlp/%EF%BB%BFhttp:/52-sell.com/o4q/los-lunas-townhomes.html HTTP/1.1" 404 39280 "-" "Mozilla/5.0 (compatible; MJ12bot/v1.4.8; http://mj12bot.com/)"
149.202.86.190 - - [28/Apr/2025:05:25:40 -0400] "GET /mlp/%EF%BB%BFhttp://52-sell.com/o4q/loud-noises-make-me-angry.html HTTP/1.1" 301 0 "-" "Mozilla/5.0 (compatible; MJ12bot/v1.4.8; http://mj12bot.com/)"
149.202.86.190 - - [28/Apr/2025:05:25:43 -0400] "GET /mlp/%EF%BB%BFhttp:/52-sell.com/o4q/loud-noises-make-me-angry.html HTTP/1.1" 404 39252 "-" "Mozilla/5.0 (compatible; MJ12bot/v1.4.8; http://mj12bot.com/)"
149.202.86.190 - - [28/Apr/2025:05:25:47 -0400] "GET /mlp/%EF%BB%BFhttp://52-sell.com/o4q/louisville-property-tax.html HTTP/1.1" 301 0 "-" "Mozilla/5.0 (compatible; MJ12bot/v1.4.8; http://mj12bot.com/)"
20.171.207.19 - - [28/Apr/2025:05:25:50 -0400] "GET /wp-content/uploads/2020/10/404.png%20707w,%20https:/arsn.media/wp-content/uploads/2020/10/404-300x110.png%20300w HTTP/1.1" 404 39275 "-" "Mozilla/5.0 AppleWebKit/537.36 (KHTML, like Gecko; compatible; GPTBot/1.2; +https://openai.com/gptbot)"
66.29.132.124 - - [28/Apr/2025:05:25:51 -0400] "POST /wp-cron.php?doing_wp_cron=1745832351.2044150829315185546875 HTTP/1.1" 200 0 "-" "WordPress/6.8; https://arsn.media"
20.171.207.19 - - [28/Apr/2025:05:25:52 -0400] "GET /wp-content/uploads/2020/09/ARSN-Final-Logos-scaled.jpg%202560w,%20https:/arsn.media/wp-content/uploads/2020/09/ARSN-Final-Logos-300x138.jpg%20300w,%20https:/arsn.media/wp-content/uploads/2020/09/ARSN-Final-Logos-1024x471.jpg%201024w,%20https:/arsn.media/ARSN-Final-Logos-768x353.jpg%20768w,%20https:/ARSN-Final-Logos-1536x706.jpg%201536w,%20https:/ARSN-Final-Logos-2048x942.jpg%202048w HTTP/1.1" 404 39354 "-" "Mozilla/5.0 AppleWebKit/537.36 (KHTML, like Gecko; compatible; GPTBot/1.2; +https://openai.com/gptbot)"
149.202.86.190 - - [28/Apr/2025:05:25:50 -0400] "GET /mlp/%EF%BB%BFhttp:/52-sell.com/o4q/louisville-property-tax.html HTTP/1.1" 404 39375 "-" "Mozilla/5.0 (compatible; MJ12bot/v1.4.8; http://mj12bot.com/)"
20.171.207.19 - - [28/Apr/2025:05:25:54 -0400] "GET /wp-json/elementskit/v1/ HTTP/1.1" 404 114 "-" "Mozilla/5.0 AppleWebKit/537.36 (KHTML, like Gecko; compatible; GPTBot/1.2; +https://openai.com/gptbot)"
149.202.86.190 - - [28/Apr/2025:05:25:54 -0400] "GET /mlp/%EF%BB%BFhttp://52-sell.com/o4q/lowndes-covid.html HTTP/1.1" 301 0 "-" "Mozilla/5.0 (compatible; MJ12bot/v1.4.8; http://mj12bot.com/)"
20.171.207.19 - - [28/Apr/2025:05:25:56 -0400] "GET /wp-content/themes/onum/css/design-test.css?ver=6.7.2 HTTP/1.1" 404 39413 "-" "Mozilla/5.0 AppleWebKit/537.36 (KHTML, like Gecko; compatible; GPTBot/1.2; +https://openai.com/gptbot)"
20.171.207.19 - - [28/Apr/2025:05:25:58 -0400] "GET /wp-content/themes/onum/js/design-test.js HTTP/1.1" 404 39136 "-" "Mozilla/5.0 AppleWebKit/537.36 (KHTML, like Gecko; compatible; GPTBot/1.2; +https://openai.com/gptbot)"
149.202.86.190 - - [28/Apr/2025:05:25:57 -0400] "GET /mlp/%EF%BB%BFhttp:/52-sell.com/o4q/lowndes-covid.html HTTP/1.1" 404 39427 "-" "Mozilla/5.0 (compatible; MJ12bot/v1.4.8; http://mj12bot.com/)"
149.202.86.190 - - [28/Apr/2025:05:26:01 -0400] "GET /mlp/%EF%BB%BFhttp://52-sell.com/o4q/ls-swapped-toyota-camry.html HTTP/1.1" 301 0 "-" "Mozilla/5.0 (compatible; MJ12bot/v1.4.8; http://mj12bot.com/)"
149.202.86.190 - - [28/Apr/2025:05:26:04 -0400] "GET /mlp/%EF%BB%BFhttp:/52-sell.com/o4q/ls-swapped-toyota-camry.html HTTP/1.1" 404 39378 "-" "Mozilla/5.0 (compatible; MJ12bot/v1.4.8; http://mj12bot.com/)"
149.202.86.190 - - [28/Apr/2025:05:26:07 -0400] "GET /mlp/%EF%BB%BFhttp://52-sell.com/o4q/lund-tune-2021-mustang-gt.html HTTP/1.1" 301 0 "-" "Mozilla/5.0 (compatible; MJ12bot/v1.4.8; http://mj12bot.com/)"
149.202.86.190 - - [28/Apr/2025:05:26:10 -0400] "GET /mlp/%EF%BB%BFhttp:/52-sell.com/o4q/lund-tune-2021-mustang-gt.html HTTP/1.1" 404 39260 "-" "Mozilla/5.0 (compatible; MJ12bot/v1.4.8; http://mj12bot.com/)"
149.202.86.190 - - [28/Apr/2025:05:26:13 -0400] "GET /mlp/%EF%BB%BFhttp://52-sell.com/o4q/luxury-pop-up-camper-with-shower.html HTTP/1.1" 301 0 "-" "Mozilla/5.0 (compatible; MJ12bot/v1.4.8; http://mj12bot.com/)"
149.202.86.190 - - [28/Apr/2025:05:26:15 -0400] "GET /mlp/%EF%BB%BFhttp:/52-sell.com/o4q/luxury-pop-up-camper-with-shower.html HTTP/1.1" 404 39176 "-" "Mozilla/5.0 (compatible; MJ12bot/v1.4.8; http://mj12bot.com/)"
149.202.86.190 - - [28/Apr/2025:05:26:19 -0400] "GET /mlp/%EF%BB%BFhttp://52-sell.com/o4q/lvn-to-rn-bridge-programs-online.html HTTP/1.1" 301 0 "-" "Mozilla/5.0 (compatible; MJ12bot/v1.4.8; http://mj12bot.com/)"
149.202.86.190 - - [28/Apr/2025:05:26:22 -0400] "GET /mlp/%EF%BB%BFhttp:/52-sell.com/o4q/lvn-to-rn-bridge-programs-online.html HTTP/1.1" 404 39125 "-" "Mozilla/5.0 (compatible; MJ12bot/v1.4.8; http://mj12bot.com/)"
149.202.86.190 - - [28/Apr/2025:05:26:25 -0400] "GET /mlp/%EF%BB%BFhttp://52-sell.com/o4q/m3u8-youtube-dl.html HTTP/1.1" 301 0 "-" "Mozilla/5.0 (compatible; MJ12bot/v1.4.8; http://mj12bot.com/)"
149.202.86.190 - - [28/Apr/2025:05:26:28 -0400] "GET /mlp/%EF%BB%BFhttp:/52-sell.com/o4q/m3u8-youtube-dl.html HTTP/1.1" 404 39313 "-" "Mozilla/5.0 (compatible; MJ12bot/v1.4.8; http://mj12bot.com/)"
66.29.132.124 - - [28/Apr/2025:05:26:34 -0400] "POST /wp-cron.php?doing_wp_cron=1745832394.5666821002960205078125 HTTP/1.1" 200 0 "-" "WordPress/6.8; https://arsn.media"
149.202.86.190 - - [28/Apr/2025:05:26:33 -0400] "GET /mlp/%EF%BB%BFhttp://52-sell.com/o4q/m42-forged-rods.html HTTP/1.1" 301 0 "-" "Mozilla/5.0 (compatible; MJ12bot/v1.4.8; http://mj12bot.com/)"
66.29.132.124 - - [28/Apr/2025:05:26:36 -0400] "POST /wp-admin/admin-ajax.php?action=async_litespeed&nonce=72bnxzdk2qD8n2apXGvJCddJccIvtfb0&litespeed_type=imgoptm HTTP/1.1" 200 0 "-" "WordPress/6.8; https://arsn.media"
66.29.132.124 - - [28/Apr/2025:05:26:37 -0400] "POST /wp-admin/admin-ajax.php?action=as_async_request_queue_runner&nonce=b691fb58eb HTTP/1.1" 200 0 "-" "WordPress/6.8; https://arsn.media"
149.202.86.190 - - [28/Apr/2025:05:26:37 -0400] "GET /mlp/%EF%BB%BFhttp:/52-sell.com/o4q/m42-forged-rods.html HTTP/1.1" 404 39342 "-" "Mozilla/5.0 (compatible; MJ12bot/v1.4.8; http://mj12bot.com/)"
20.171.207.19 - - [28/Apr/2025:05:26:40 -0400] "GET /wp-admin/comment.php?action=approve&c=560 HTTP/1.1" 302 0 "-" "Mozilla/5.0 AppleWebKit/537.36 (KHTML, like Gecko; compatible; GPTBot/1.2; +https://openai.com/gptbot)"
149.202.86.190 - - [28/Apr/2025:05:26:42 -0400] "GET /mlp/%EF%BB%BFhttp://52-sell.com/o4q/macbook-2k-hidpi.html HTTP/1.1" 301 0 "-" "Mozilla/5.0 (compatible; MJ12bot/v1.4.8; http://mj12bot.com/)"
20.171.207.19 - - [28/Apr/2025:05:26:41 -0400] "GET /wp-admin/comment.php?action=trash&c=560 HTTP/1.1" 302 0 "-" "Mozilla/5.0 AppleWebKit/537.36 (KHTML, like Gecko; compatible; GPTBot/1.2; +https://openai.com/gptbot)"
20.171.207.19 - - [28/Apr/2025:05:26:45 -0400] "GET /wp-admin/comment.php?action=spam&c=560 HTTP/1.1" 302 0 "-" "Mozilla/5.0 AppleWebKit/537.36 (KHTML, like Gecko; compatible; GPTBot/1.2; +https://openai.com/gptbot)"
149.202.86.190 - - [28/Apr/2025:05:26:46 -0400] "GET /mlp/%EF%BB%BFhttp:/52-sell.com/o4q/macbook-2k-hidpi.html HTTP/1.1" 404 39245 "-" "Mozilla/5.0 (compatible; MJ12bot/v1.4.8; http://mj12bot.com/)"
20.171.207.19 - - [28/Apr/2025:05:26:47 -0400] "GET /wp-login.php?reauth=1&redirect_to=https%3A%2F%2Farsn.media%2Fwp-admin%2Fcomment.php%3Faction%3Dapprove%26c%3D560 HTTP/1.1" 200 1898 "-" "Mozilla/5.0 AppleWebKit/537.36 (KHTML, like Gecko; compatible; GPTBot/1.2; +https://openai.com/gptbot)"
149.202.86.190 - - [28/Apr/2025:05:26:49 -0400] "GET /mlp/%EF%BB%BFhttp://52-sell.com/o4q/mack-b61.html HTTP/1.1" 301 0 "-" "Mozilla/5.0 (compatible; MJ12bot/v1.4.8; http://mj12bot.com/)"
20.171.207.19 - - [28/Apr/2025:05:26:49 -0400] "GET /wp-login.php?reauth=1&redirect_to=https%3A%2F%2Farsn.media%2Fwp-admin%2Fcomment.php%3Faction%3Dtrash%26c%3D560 HTTP/1.1" 200 1897 "-" "Mozilla/5.0 AppleWebKit/537.36 (KHTML, like Gecko; compatible; GPTBot/1.2; +https://openai.com/gptbot)"
66.29.132.124 - - [28/Apr/2025:05:26:51 -0400] "POST /wp-cron.php?doing_wp_cron=1745832410.1823449134826660156250 HTTP/1.1" 200 0 "-" "WordPress/6.8; https://arsn.media"
20.171.207.19 - - [28/Apr/2025:05:26:51 -0400] "GET /wp-login.php?reauth=1&redirect_to=https%3A%2F%2Farsn.media%2Fwp-admin%2Fcomment.php%3Faction%3Dspam%26c%3D560 HTTP/1.1" 200 1894 "-" "Mozilla/5.0 AppleWebKit/537.36 (KHTML, like Gecko; compatible; GPTBot/1.2; +https://openai.com/gptbot)"
20.171.207.19 - - [28/Apr/2025:05:26:54 -0400] "GET /wp-admin/comment.php?action=spam&c=609 HTTP/1.1" 302 0 "-" "Mozilla/5.0 AppleWebKit/537.36 (KHTML, like Gecko; compatible; GPTBot/1.2; +https://openai.com/gptbot)"
149.202.86.190 - - [28/Apr/2025:05:26:53 -0400] "GET /mlp/%EF%BB%BFhttp:/52-sell.com/o4q/mack-b61.html HTTP/1.1" 404 39288 "-" "Mozilla/5.0 (compatible; MJ12bot/v1.4.8; http://mj12bot.com/)"
20.171.207.19 - - [28/Apr/2025:05:26:57 -0400] "GET /wp-admin/comment.php?action=trash&c=609 HTTP/1.1" 302 0 "-" "Mozilla/5.0 AppleWebKit/537.36 (KHTML, like Gecko; compatible; GPTBot/1.2; +https://openai.com/gptbot)"
149.202.86.190 - - [28/Apr/2025:05:26:59 -0400] "GET /mlp/%EF%BB%BFhttp://52-sell.com/o4q/maine-arrests-logs-penobscot-county.html HTTP/1.1" 301 0 "-" "Mozilla/5.0 (compatible; MJ12bot/v1.4.8; http://mj12bot.com/)"
20.171.207.19 - - [28/Apr/2025:05:26:59 -0400] "GET /wp-admin/comment.php?action=approve&c=609 HTTP/1.1" 302 0 "-" "Mozilla/5.0 AppleWebKit/537.36 (KHTML, like Gecko; compatible; GPTBot/1.2; +https://openai.com/gptbot)"
20.171.207.19 - - [28/Apr/2025:05:27:01 -0400] "GET /wp-login.php?reauth=1&redirect_to=https%3A%2F%2Farsn.media%2Fwp-admin%2Fcomment.php%3Faction%3Dspam%26c%3D609 HTTP/1.1" 200 1894 "-" "Mozilla/5.0 AppleWebKit/537.36 (KHTML, like Gecko; compatible; GPTBot/1.2; +https://openai.com/gptbot)"
149.202.86.190 - - [28/Apr/2025:05:27:02 -0400] "GET /mlp/%EF%BB%BFhttp:/52-sell.com/o4q/maine-arrests-logs-penobscot-county.html HTTP/1.1" 404 39347 "-" "Mozilla/5.0 (compatible; MJ12bot/v1.4.8; http://mj12bot.com/)"
20.171.207.19 - - [28/Apr/2025:05:27:04 -0400] "GET /wp-login.php?reauth=1&redirect_to=https%3A%2F%2Farsn.media%2Fwp-admin%2Fcomment.php%3Faction%3Dtrash%26c%3D609 HTTP/1.1" 200 1897 "-" "Mozilla/5.0 AppleWebKit/537.36 (KHTML, like Gecko; compatible; GPTBot/1.2; +https://openai.com/gptbot)"
20.171.207.19 - - [28/Apr/2025:05:27:07 -0400] "GET /wp-login.php?reauth=1&redirect_to=https%3A%2F%2Farsn.media%2Fwp-admin%2Fcomment.php%3Faction%3Dapprove%26c%3D609 HTTP/1.1" 200 1898 "-" "Mozilla/5.0 AppleWebKit/537.36 (KHTML, like Gecko; compatible; GPTBot/1.2; +https://openai.com/gptbot)"
149.202.86.190 - - [28/Apr/2025:05:27:08 -0400] "GET /mlp/%EF%BB%BFhttp://52-sell.com/o4q/makahil-abtirsi.html HTTP/1.1" 301 0 "-" "Mozilla/5.0 (compatible; MJ12bot/v1.4.8; http://mj12bot.com/)"
149.202.86.190 - - [28/Apr/2025:05:27:10 -0400] "GET /mlp/%EF%BB%BFhttp:/52-sell.com/o4q/makahil-abtirsi.html HTTP/1.1" 404 39287 "-" "Mozilla/5.0 (compatible; MJ12bot/v1.4.8; http://mj12bot.com/)"
149.202.86.190 - - [28/Apr/2025:05:27:15 -0400] "GET /mlp/%EF%BB%BFhttp://52-sell.com/o4q/make-array-consecutive-2-python.html HTTP/1.1" 301 0 "-" "Mozilla/5.0 (compatible; MJ12bot/v1.4.8; http://mj12bot.com/)"
149.202.86.190 - - [28/Apr/2025:05:27:19 -0400] "GET /mlp/%EF%BB%BFhttp:/52-sell.com/o4q/make-array-consecutive-2-python.html HTTP/1.1" 404 39190 "-" "Mozilla/5.0 (compatible; MJ12bot/v1.4.8; http://mj12bot.com/)"
20.171.207.19 - - [28/Apr/2025:05:27:23 -0400] "GET /wp-content/uploads/2020/09/ARSN-Final-Logos-scaled.jpg%202560w,%20https:/arsn.media/wp-content/uploads/2020/09/ARSN-Final-Logos-300x138.jpg%20300w,%20https:/arsn.media/wp-content/uploads/2020/09/ARSN-Final-Logos-1024x471.jpg%201024w,%20https:/arsn.media/ARSN-Final-Logos-768x353.jpg%20768w,%20https:/ARSN-Final-Logos-1536x706.jpg%201536w,%20https:/ARSN-Final-Logos-2048x942.jpg%202048w HTTP/1.1" 404 39354 "-" "Mozilla/5.0 AppleWebKit/537.36 (KHTML, like Gecko; compatible; GPTBot/1.2; +https://openai.com/gptbot)"
149.202.86.190 - - [28/Apr/2025:05:27:23 -0400] "GET /mlp/%EF%BB%BFhttp://52-sell.com/o4q/makefile-echo-multiline.html HTTP/1.1" 301 0 "-" "Mozilla/5.0 (compatible; MJ12bot/v1.4.8; http://mj12bot.com/)"
20.171.207.19 - - [28/Apr/2025:05:27:25 -0400] "GET /wp-content/uploads/2020/10/404.png%20707w,%20https:/arsn.media/wp-content/uploads/2020/10/404-300x110.png%20300w HTTP/1.1" 404 39275 "-" "Mozilla/5.0 AppleWebKit/537.36 (KHTML, like Gecko; compatible; GPTBot/1.2; +https://openai.com/gptbot)"
20.171.207.19 - - [28/Apr/2025:05:27:27 -0400] "GET /wp-content/themes/onum/js/design-test.js HTTP/1.1" 404 39136 "-" "Mozilla/5.0 AppleWebKit/537.36 (KHTML, like Gecko; compatible; GPTBot/1.2; +https://openai.com/gptbot)"
149.202.86.190 - - [28/Apr/2025:05:27:26 -0400] "GET /mlp/%EF%BB%BFhttp:/52-sell.com/o4q/makefile-echo-multiline.html HTTP/1.1" 404 39342 "-" "Mozilla/5.0 (compatible; MJ12bot/v1.4.8; http://mj12bot.com/)"
20.171.207.19 - - [28/Apr/2025:05:27:29 -0400] "GET /wp-content/themes/onum/css/design-test.css?ver=6.7.2 HTTP/1.1" 404 39413 "-" "Mozilla/5.0 AppleWebKit/537.36 (KHTML, like Gecko; compatible; GPTBot/1.2; +https://openai.com/gptbot)"
20.171.207.19 - - [28/Apr/2025:05:27:31 -0400] "GET /wp-json/elementskit/v1/ HTTP/1.1" 404 114 "-" "Mozilla/5.0 AppleWebKit/537.36 (KHTML, like Gecko; compatible; GPTBot/1.2; +https://openai.com/gptbot)"
149.202.86.190 - - [28/Apr/2025:05:27:30 -0400] "GET /mlp/%EF%BB%BFhttp://52-sell.com/o4q/manunulat-ng-dagli.html HTTP/1.1" 301 0 "-" "Mozilla/5.0 (compatible; MJ12bot/v1.4.8; http://mj12bot.com/)"
20.171.207.19 - - [28/Apr/2025:05:27:33 -0400] "GET /wp-admin/comment.php?action=spam&c=601 HTTP/1.1" 302 0 "-" "Mozilla/5.0 AppleWebKit/537.36 (KHTML, like Gecko; compatible; GPTBot/1.2; +https://openai.com/gptbot)"
149.202.86.190 - - [28/Apr/2025:05:27:33 -0400] "GET /mlp/%EF%BB%BFhttp:/52-sell.com/o4q/manunulat-ng-dagli.html HTTP/1.1" 404 39199 "-" "Mozilla/5.0 (compatible; MJ12bot/v1.4.8; http://mj12bot.com/)"
20.171.207.19 - - [28/Apr/2025:05:27:35 -0400] "GET /wp-admin/comment.php?action=trash&c=601 HTTP/1.1" 302 0 "-" "Mozilla/5.0 AppleWebKit/537.36 (KHTML, like Gecko; compatible; GPTBot/1.2; +https://openai.com/gptbot)"
149.202.86.190 - - [28/Apr/2025:05:27:36 -0400] "GET /mlp/%EF%BB%BFhttp://52-sell.com/o4q/mapwingis-exe.html HTTP/1.1" 301 0 "-" "Mozilla/5.0 (compatible; MJ12bot/v1.4.8; http://mj12bot.com/)"
20.171.207.19 - - [28/Apr/2025:05:27:37 -0400] "GET /wp-admin/comment.php?action=approve&c=601 HTTP/1.1" 302 0 "-" "Mozilla/5.0 AppleWebKit/537.36 (KHTML, like Gecko; compatible; GPTBot/1.2; +https://openai.com/gptbot)"
20.171.207.19 - - [28/Apr/2025:05:27:38 -0400] "GET /wp-content/themes/onum/css/design-test.css?ver=6.7.1 HTTP/1.1" 404 39412 "-" "Mozilla/5.0 AppleWebKit/537.36 (KHTML, like Gecko; compatible; GPTBot/1.2; +https://openai.com/gptbot)"
149.202.86.190 - - [28/Apr/2025:05:27:38 -0400] "GET /mlp/%EF%BB%BFhttp:/52-sell.com/o4q/mapwingis-exe.html HTTP/1.1" 404 39431 "-" "Mozilla/5.0 (compatible; MJ12bot/v1.4.8; http://mj12bot.com/)"
20.171.207.19 - - [28/Apr/2025:05:27:40 -0400] "GET /wp-login.php?reauth=1&redirect_to=https%3A%2F%2Farsn.media%2Fwp-admin%2Fcomment.php%3Faction%3Dspam%26c%3D601 HTTP/1.1" 200 1892 "-" "Mozilla/5.0 AppleWebKit/537.36 (KHTML, like Gecko; compatible; GPTBot/1.2; +https://openai.com/gptbot)"
149.202.86.190 - - [28/Apr/2025:05:27:41 -0400] "GET /mlp/%EF%BB%BFhttp://52-sell.com/o4q/march-2019-international-sat-answers.html HTTP/1.1" 301 0 "-" "Mozilla/5.0 (compatible; MJ12bot/v1.4.8; http://mj12bot.com/)"
20.171.207.19 - - [28/Apr/2025:05:27:41 -0400] "GET /mlp/%EF%BB%BFhttp:/52-sell.com/o4q/astra-vxr-stage-2-bhp.html HTTP/1.1" 404 39398 "-" "Mozilla/5.0 AppleWebKit/537.36 (KHTML, like Gecko; compatible; GPTBot/1.2; +https://openai.com/gptbot)"
20.171.207.19 - - [28/Apr/2025:05:27:43 -0400] "GET /wp-login.php?reauth=1&redirect_to=https%3A%2F%2Farsn.media%2Fwp-admin%2Fcomment.php%3Faction%3Dtrash%26c%3D601 HTTP/1.1" 200 1895 "-" "Mozilla/5.0 AppleWebKit/537.36 (KHTML, like Gecko; compatible; GPTBot/1.2; +https://openai.com/gptbot)"
149.202.86.190 - - [28/Apr/2025:05:27:43 -0400] "GET /mlp/%EF%BB%BFhttp:/52-sell.com/o4q/march-2019-international-sat-answers.html HTTP/1.1" 404 39182 "-" "Mozilla/5.0 (compatible; MJ12bot/v1.4.8; http://mj12bot.com/)"
20.171.207.19 - - [28/Apr/2025:05:27:44 -0400] "GET /wp-login.php?reauth=1&redirect_to=https%3A%2F%2Farsn.media%2Fwp-admin%2Fcomment.php%3Faction%3Dapprove%26c%3D601 HTTP/1.1" 200 1896 "-" "Mozilla/5.0 AppleWebKit/537.36 (KHTML, like Gecko; compatible; GPTBot/1.2; +https://openai.com/gptbot)"
149.202.86.190 - - [28/Apr/2025:05:27:45 -0400] "GET /mlp/%EF%BB%BFhttp://52-sell.com/o4q/march-24-2021-sat-answers.html HTTP/1.1" 301 0 "-" "Mozilla/5.0 (compatible; MJ12bot/v1.4.8; http://mj12bot.com/)"
149.202.86.190 - - [28/Apr/2025:05:27:48 -0400] "GET /mlp/%EF%BB%BFhttp:/52-sell.com/o4q/march-24-2021-sat-answers.html HTTP/1.1" 404 39202 "-" "Mozilla/5.0 (compatible; MJ12bot/v1.4.8; http://mj12bot.com/)"
66.29.132.124 - - [28/Apr/2025:05:27:50 -0400] "POST /wp-cron.php?doing_wp_cron=1745832470.8354790210723876953125 HTTP/1.1" 200 0 "-" "WordPress/6.8; https://arsn.media"
149.202.86.190 - - [28/Apr/2025:05:27:50 -0400] "GET /mlp/%EF%BB%BFhttp://52-sell.com/o4q/mario-64-gameshark-codes.html HTTP/1.1" 301 0 "-" "Mozilla/5.0 (compatible; MJ12bot/v1.4.8; http://mj12bot.com/)"
66.29.132.124 - - [28/Apr/2025:05:27:51 -0400] "POST /wp-admin/admin-ajax.php?action=async_litespeed&nonce=2EadjqInisuOiW3q1DgOesnRRuLOcSn5&litespeed_type=imgoptm HTTP/1.1" 200 21 "-" "WordPress/6.8; https://arsn.media"
149.202.86.190 - - [28/Apr/2025:05:27:52 -0400] "GET /mlp/%EF%BB%BFhttp:/52-sell.com/o4q/mario-64-gameshark-codes.html HTTP/1.1" 404 39263 "-" "Mozilla/5.0 (compatible; MJ12bot/v1.4.8; http://mj12bot.com/)"
149.202.86.190 - - [28/Apr/2025:05:27:55 -0400] "GET /mlp/%EF%BB%BFhttp://52-sell.com/o4q/mark-fixes-stuff-paypal.html HTTP/1.1" 301 0 "-" "Mozilla/5.0 (compatible; MJ12bot/v1.4.8; http://mj12bot.com/)"
149.202.86.190 - - [28/Apr/2025:05:27:57 -0400] "GET /mlp/%EF%BB%BFhttp:/52-sell.com/o4q/mark-fixes-stuff-paypal.html HTTP/1.1" 404 39345 "-" "Mozilla/5.0 (compatible; MJ12bot/v1.4.8; http://mj12bot.com/)"
149.202.86.190 - - [28/Apr/2025:05:28:00 -0400] "GET /mlp/%EF%BB%BFhttp://52-sell.com/o4q/marlboro-accident.html HTTP/1.1" 301 0 "-" "Mozilla/5.0 (compatible; MJ12bot/v1.4.8; http://mj12bot.com/)"
149.202.86.190 - - [28/Apr/2025:05:28:02 -0400] "GET /mlp/%EF%BB%BFhttp:/52-sell.com/o4q/marlboro-accident.html HTTP/1.1" 404 39237 "-" "Mozilla/5.0 (compatible; MJ12bot/v1.4.8; http://mj12bot.com/)"
149.202.86.190 - - [28/Apr/2025:05:28:05 -0400] "GET /mlp/%EF%BB%BFhttp://52-sell.com/o4q/married-female-coworker-attraction-signs.html HTTP/1.1" 301 0 "-" "Mozilla/5.0 (compatible; MJ12bot/v1.4.8; http://mj12bot.com/)"
149.202.86.190 - - [28/Apr/2025:05:28:07 -0400] "GET /mlp/%EF%BB%BFhttp:/52-sell.com/o4q/married-female-coworker-attraction-signs.html HTTP/1.1" 404 39294 "-" "Mozilla/5.0 (compatible; MJ12bot/v1.4.8; http://mj12bot.com/)"
149.202.86.190 - - [28/Apr/2025:05:28:10 -0400] "GET /mlp/%EF%BB%BFhttp://52-sell.com/o4q/marrying-a-blind-man.html HTTP/1.1" 301 0 "-" "Mozilla/5.0 (compatible; MJ12bot/v1.4.8; http://mj12bot.com/)"
149.202.86.190 - - [28/Apr/2025:05:28:12 -0400] "GET /mlp/%EF%BB%BFhttp:/52-sell.com/o4q/marrying-a-blind-man.html HTTP/1.1" 404 39333 "-" "Mozilla/5.0 (compatible; MJ12bot/v1.4.8; http://mj12bot.com/)"
149.202.86.190 - - [28/Apr/2025:05:28:15 -0400] "GET /mlp/%EF%BB%BFhttp://52-sell.com/o4q/martini-cadet-firing-pin.html HTTP/1.1" 301 0 "-" "Mozilla/5.0 (compatible; MJ12bot/v1.4.8; http://mj12bot.com/)"
149.202.86.190 - - [28/Apr/2025:05:28:17 -0400] "GET /mlp/%EF%BB%BFhttp:/52-sell.com/o4q/martini-cadet-firing-pin.html HTTP/1.1" 404 39213 "-" "Mozilla/5.0 (compatible; MJ12bot/v1.4.8; http://mj12bot.com/)"
149.202.86.190 - - [28/Apr/2025:05:28:20 -0400] "GET /mlp/%EF%BB%BFhttp://52-sell.com/o4q/marvel-what-if-netflix.html HTTP/1.1" 301 0 "-" "Mozilla/5.0 (compatible; MJ12bot/v1.4.8; http://mj12bot.com/)"
149.202.86.190 - - [28/Apr/2025:05:28:22 -0400] "GET /mlp/%EF%BB%BFhttp:/52-sell.com/o4q/marvel-what-if-netflix.html HTTP/1.1" 404 39342 "-" "Mozilla/5.0 (compatible; MJ12bot/v1.4.8; http://mj12bot.com/)"
149.202.86.190 - - [28/Apr/2025:05:28:26 -0400] "GET /mlp/%EF%BB%BFhttp://52-sell.com/o4q/maryland-junkyard-auto-parts.html HTTP/1.1" 301 0 "-" "Mozilla/5.0 (compatible; MJ12bot/v1.4.8; http://mj12bot.com/)"
149.202.86.190 - - [28/Apr/2025:05:28:29 -0400] "GET /mlp/%EF%BB%BFhttp:/52-sell.com/o4q/maryland-junkyard-auto-parts.html HTTP/1.1" 404 39375 "-" "Mozilla/5.0 (compatible; MJ12bot/v1.4.8; http://mj12bot.com/)"
149.202.86.190 - - [28/Apr/2025:05:28:32 -0400] "GET /mlp/%EF%BB%BFhttp://52-sell.com/o4q/maryland-quarter-2000.html HTTP/1.1" 301 0 "-" "Mozilla/5.0 (compatible; MJ12bot/v1.4.8; http://mj12bot.com/)"
66.29.132.124 - - [28/Apr/2025:05:28:35 -0400] "POST /wp-cron.php?doing_wp_cron=1745832515.2398450374603271484375 HTTP/1.1" 200 0 "-" "WordPress/6.8; https://arsn.media"
149.202.86.190 - - [28/Apr/2025:05:28:34 -0400] "GET /mlp/%EF%BB%BFhttp:/52-sell.com/o4q/maryland-quarter-2000.html HTTP/1.1" 404 39400 "-" "Mozilla/5.0 (compatible; MJ12bot/v1.4.8; http://mj12bot.com/)"
66.29.132.124 - - [28/Apr/2025:05:28:36 -0400] "POST /wp-admin/admin-ajax.php?action=async_litespeed&nonce=NNNnbedOrfGzFt0NnSy5nQeVwppdqXpl&litespeed_type=imgoptm HTTP/1.1" 200 0 "-" "WordPress/6.8; https://arsn.media"
149.202.86.190 - - [28/Apr/2025:05:28:38 -0400] "GET /mlp/%EF%BB%BFhttp://52-sell.com/o4q/massage-package-contract.html HTTP/1.1" 301 0 "-" "Mozilla/5.0 (compatible; MJ12bot/v1.4.8; http://mj12bot.com/)"
149.202.86.190 - - [28/Apr/2025:05:28:41 -0400] "GET /mlp/%EF%BB%BFhttp:/52-sell.com/o4q/massage-package-contract.html HTTP/1.1" 404 39281 "-" "Mozilla/5.0 (compatible; MJ12bot/v1.4.8; http://mj12bot.com/)"
149.202.86.190 - - [28/Apr/2025:05:28:45 -0400] "GET /mlp/%EF%BB%BFhttp://52-sell.com/o4q/massey-ferguson-165-pto-parts.html HTTP/1.1" 301 0 "-" "Mozilla/5.0 (compatible; MJ12bot/v1.4.8; http://mj12bot.com/)"
149.202.86.190 - - [28/Apr/2025:05:28:47 -0400] "GET /mlp/%EF%BB%BFhttp:/52-sell.com/o4q/massey-ferguson-165-pto-parts.html HTTP/1.1" 404 39240 "-" "Mozilla/5.0 (compatible; MJ12bot/v1.4.8; http://mj12bot.com/)"
66.29.132.124 - - [28/Apr/2025:05:28:51 -0400] "POST /wp-cron.php?doing_wp_cron=1745832531.3094670772552490234375 HTTP/1.1" 200 0 "-" "WordPress/6.8; https://arsn.media"
149.202.86.190 - - [28/Apr/2025:05:28:50 -0400] "GET /mlp/%EF%BB%BFhttp://52-sell.com/o4q/massey-ferguson-4707-price.html HTTP/1.1" 301 0 "-" "Mozilla/5.0 (compatible; MJ12bot/v1.4.8; http://mj12bot.com/)"
149.202.86.190 - - [28/Apr/2025:05:28:53 -0400] "GET /mlp/%EF%BB%BFhttp:/52-sell.com/o4q/massey-ferguson-4707-price.html HTTP/1.1" 404 39392 "-" "Mozilla/5.0 (compatible; MJ12bot/v1.4.8; http://mj12bot.com/)"
149.202.86.190 - - [28/Apr/2025:05:28:56 -0400] "GET /mlp/%EF%BB%BFhttp://52-sell.com/o4q/mastiff-5e.html HTTP/1.1" 301 0 "-" "Mozilla/5.0 (compatible; MJ12bot/v1.4.8; http://mj12bot.com/)"
149.202.86.190 - - [28/Apr/2025:05:28:58 -0400] "GET /mlp/%EF%BB%BFhttp:/52-sell.com/o4q/mastiff-5e.html HTTP/1.1" 404 39272 "-" "Mozilla/5.0 (compatible; MJ12bot/v1.4.8; http://mj12bot.com/)"
149.202.86.190 - - [28/Apr/2025:05:29:01 -0400] "GET /mlp/%EF%BB%BFhttp://52-sell.com/o4q/matlab-download-mac.html HTTP/1.1" 301 0 "-" "Mozilla/5.0 (compatible; MJ12bot/v1.4.8; http://mj12bot.com/)"
20.171.207.19 - - [28/Apr/2025:05:29:01 -0400] "GET /mlp/%EF%BB%BFhttp:/52-sell.com/o4q/2007-grand-prix-starter-location.html HTTP/1.1" 404 39160 "-" "Mozilla/5.0 AppleWebKit/537.36 (KHTML, like Gecko; compatible; GPTBot/1.2; +https://openai.com/gptbot)"
149.202.86.190 - - [28/Apr/2025:05:29:03 -0400] "GET /mlp/%EF%BB%BFhttp:/52-sell.com/o4q/matlab-download-mac.html HTTP/1.1" 404 39279 "-" "Mozilla/5.0 (compatible; MJ12bot/v1.4.8; http://mj12bot.com/)"
20.171.207.19 - - [28/Apr/2025:05:29:04 -0400] "GET /mlp/%EF%BB%BFhttp:/52-sell.com/o4q/2000-ford-excursion-body-panels.html HTTP/1.1" 404 39131 "-" "Mozilla/5.0 AppleWebKit/537.36 (KHTML, like Gecko; compatible; GPTBot/1.2; +https://openai.com/gptbot)"
149.202.86.190 - - [28/Apr/2025:05:29:06 -0400] "GET /mlp/%EF%BB%BFhttp://52-sell.com/o4q/maven-local-repository.html HTTP/1.1" 301 0 "-" "Mozilla/5.0 (compatible; MJ12bot/v1.4.8; http://mj12bot.com/)"
20.171.207.19 - - [28/Apr/2025:05:29:06 -0400] "GET /mlp/%EF%BB%BFhttp:/52-sell.com/o4q/1974-suzuki-ts185-value.html HTTP/1.1" 404 39349 "-" "Mozilla/5.0 AppleWebKit/537.36 (KHTML, like Gecko; compatible; GPTBot/1.2; +https://openai.com/gptbot)"
149.202.86.190 - - [28/Apr/2025:05:29:08 -0400] "GET /mlp/%EF%BB%BFhttp:/52-sell.com/o4q/maven-local-repository.html HTTP/1.1" 404 39342 "-" "Mozilla/5.0 (compatible; MJ12bot/v1.4.8; http://mj12bot.com/)"
149.202.86.190 - - [28/Apr/2025:05:29:11 -0400] "GET /mlp/%EF%BB%BFhttp://52-sell.com/o4q/maxine-vee-twitter.html HTTP/1.1" 301 0 "-" "Mozilla/5.0 (compatible; MJ12bot/v1.4.8; http://mj12bot.com/)"
149.202.86.190 - - [28/Apr/2025:05:29:14 -0400] "GET /mlp/%EF%BB%BFhttp:/52-sell.com/o4q/maxine-vee-twitter.html HTTP/1.1" 404 39249 "-" "Mozilla/5.0 (compatible; MJ12bot/v1.4.8; http://mj12bot.com/)"
149.202.86.190 - - [28/Apr/2025:05:29:18 -0400] "GET /mlp/%EF%BB%BFhttp://52-sell.com/o4q/mayra-moreno-salary.html HTTP/1.1" 301 0 "-" "Mozilla/5.0 (compatible; MJ12bot/v1.4.8; http://mj12bot.com/)"
149.202.86.190 - - [28/Apr/2025:05:29:20 -0400] "GET /mlp/%EF%BB%BFhttp:/52-sell.com/o4q/mayra-moreno-salary.html HTTP/1.1" 404 39222 "-" "Mozilla/5.0 (compatible; MJ12bot/v1.4.8; http://mj12bot.com/)"
149.202.86.190 - - [28/Apr/2025:05:29:24 -0400] "GET /mlp/%EF%BB%BFhttp://52-sell.com/o4q/maytag-bravos-washer-stops-at-spin-cycle.html HTTP/1.1" 301 0 "-" "Mozilla/5.0 (compatible; MJ12bot/v1.4.8; http://mj12bot.com/)"
149.202.86.190 - - [28/Apr/2025:05:29:26 -0400] "GET /mlp/%EF%BB%BFhttp:/52-sell.com/o4q/maytag-bravos-washer-stops-at-spin-cycle.html HTTP/1.1" 404 39295 "-" "Mozilla/5.0 (compatible; MJ12bot/v1.4.8; http://mj12bot.com/)"
149.202.86.190 - - [28/Apr/2025:05:29:28 -0400] "GET /mlp/%EF%BB%BFhttp://52-sell.com/o4q/maytag-front-load-washer-and-dryer-reviews.html HTTP/1.1" 301 0 "-" "Mozilla/5.0 (compatible; MJ12bot/v1.4.8; http://mj12bot.com/)"
149.202.86.190 - - [28/Apr/2025:05:29:31 -0400] "GET /mlp/%EF%BB%BFhttp:/52-sell.com/o4q/maytag-front-load-washer-and-dryer-reviews.html HTTP/1.1" 404 39307 "-" "Mozilla/5.0 (compatible; MJ12bot/v1.4.8; http://mj12bot.com/)"
66.29.132.124 - - [28/Apr/2025:05:29:35 -0400] "POST /wp-cron.php?doing_wp_cron=1745832575.0935430526733398437500 HTTP/1.1" 200 0 "-" "WordPress/6.8; https://arsn.media"
149.202.86.190 - - [28/Apr/2025:05:29:34 -0400] "GET /mlp/%EF%BB%BFhttp://52-sell.com/o4q/maytag-top-load-washer-reviews.html HTTP/1.1" 301 0 "-" "Mozilla/5.0 (compatible; MJ12bot/v1.4.8; http://mj12bot.com/)"
66.29.132.124 - - [28/Apr/2025:05:29:35 -0400] "POST /wp-admin/admin-ajax.php?action=async_litespeed&nonce=UwIwcW3K3utJqNvDDD4gKealNbJwKPb0&litespeed_type=imgoptm HTTP/1.1" 200 21 "-" "WordPress/6.8; https://arsn.media"
20.171.207.19 - - [28/Apr/2025:05:29:37 -0400] "GET /wp-content/uploads/2020/09/ARSN-Final-Logos-scaled.jpg%202560w,%20https:/arsn.media/wp-content/uploads/2020/09/ARSN-Final-Logos-300x138.jpg%20300w,%20https:/arsn.media/wp-content/uploads/2020/09/ARSN-Final-Logos-1024x471.jpg%201024w,%20https:/arsn.media/ARSN-Final-Logos-768x353.jpg%20768w,%20https:/ARSN-Final-Logos-1536x706.jpg%201536w,%20https:/ARSN-Final-Logos-2048x942.jpg%202048w HTTP/1.1" 404 39354 "-" "Mozilla/5.0 AppleWebKit/537.36 (KHTML, like Gecko; compatible; GPTBot/1.2; +https://openai.com/gptbot)"
149.202.86.190 - - [28/Apr/2025:05:29:36 -0400] "GET /mlp/%EF%BB%BFhttp:/52-sell.com/o4q/maytag-top-load-washer-reviews.html HTTP/1.1" 404 39282 "-" "Mozilla/5.0 (compatible; MJ12bot/v1.4.8; http://mj12bot.com/)"
20.171.207.19 - - [28/Apr/2025:05:29:39 -0400] "GET /wp-content/uploads/2020/10/404.png%20707w,%20https:/arsn.media/wp-content/uploads/2020/10/404-300x110.png%20300w HTTP/1.1" 404 39275 "-" "Mozilla/5.0 AppleWebKit/537.36 (KHTML, like Gecko; compatible; GPTBot/1.2; +https://openai.com/gptbot)"
20.171.207.19 - - [28/Apr/2025:05:29:40 -0400] "GET /wp-json/elementskit/v1/ HTTP/1.1" 404 114 "-" "Mozilla/5.0 AppleWebKit/537.36 (KHTML, like Gecko; compatible; GPTBot/1.2; +https://openai.com/gptbot)"
20.171.207.19 - - [28/Apr/2025:05:29:41 -0400] "GET /wp-content/themes/onum/js/design-test.js HTTP/1.1" 404 39136 "-" "Mozilla/5.0 AppleWebKit/537.36 (KHTML, like Gecko; compatible; GPTBot/1.2; +https://openai.com/gptbot)"
