66.29.132.124 - - [28/Apr/2025:09:32:57 -0400] "POST /wp-cron.php?doing_wp_cron=1745847177.2567069530487060546875 HTTP/1.1" 200 0 "-" "WordPress/6.8; https://arsn.media"
156.67.83.167 - - [28/Apr/2025:09:32:56 -0400] "GET /mlp/%EF%BB%BFhttp:/52-sell.com/o4q/home-theater-power-amplifier.html HTTP/1.1" 404 39363 "-" "Mozilla/5.0 (compatible; MJ12bot/v1.4.8; http://mj12bot.com/)"
156.67.83.167 - - [28/Apr/2025:09:33:14 -0400] "GET /mlp/%EF%BB%BFhttp://52-sell.com/o4q/homes-for-sale-by-owner-in-richmond-va.html HTTP/1.1" 301 0 "-" "Mozilla/5.0 (compatible; MJ12bot/v1.4.8; http://mj12bot.com/)"
135.181.79.106 - - [28/Apr/2025:09:33:36 -0400] "GET /robots.txt HTTP/1.1" 200 168 "-" "Mozilla/5.0 (compatible; MJ12bot/v1.4.8; http://mj12bot.com/)"
66.29.132.124 - - [28/Apr/2025:09:33:41 -0400] "POST /wp-cron.php?doing_wp_cron=1745847220.0980720520019531250000 HTTP/1.1" 200 0 "-" "WordPress/6.8; https://arsn.media"
135.181.79.106 - - [28/Apr/2025:09:33:39 -0400] "GET /808/%EF%BB%BFhttp://52-sell.com/9it/samsung-s6-lite-vs-lenovo-p11-pro.html HTTP/1.1" 301 0 "-" "Mozilla/5.0 (compatible; MJ12bot/v1.4.8; http://mj12bot.com/)"
156.67.83.167 - - [28/Apr/2025:09:33:38 -0400] "GET /mlp/%EF%BB%BFhttp:/52-sell.com/o4q/homes-for-sale-by-owner-in-richmond-va.html HTTP/1.1" 404 39179 "-" "Mozilla/5.0 (compatible; MJ12bot/v1.4.8; http://mj12bot.com/)"
66.29.132.124 - - [28/Apr/2025:09:33:42 -0400] "POST /wp-admin/admin-ajax.php?action=async_litespeed&nonce=rRDWW8OjxfWKjGvF2KO5oM5AuoXZrGwF&litespeed_type=imgoptm HTTP/1.1" 200 0 "-" "WordPress/6.8; https://arsn.media"
135.181.79.106 - - [28/Apr/2025:09:33:44 -0400] "GET /808/%EF%BB%BFhttp:/52-sell.com/9it/samsung-s6-lite-vs-lenovo-p11-pro.html HTTP/1.1" 404 39186 "-" "Mozilla/5.0 (compatible; MJ12bot/v1.4.8; http://mj12bot.com/)"
66.29.132.124 - - [28/Apr/2025:09:33:51 -0400] "POST /wp-cron.php?doing_wp_cron=1745847230.4225809574127197265625 HTTP/1.1" 200 0 "-" "WordPress/6.8; https://arsn.media"
135.181.79.106 - - [28/Apr/2025:09:33:49 -0400] "GET /808/%EF%BB%BFhttp://52-sell.com/9it/sap-access-for-practice.html HTTP/1.1" 301 0 "-" "Mozilla/5.0 (compatible; MJ12bot/v1.4.8; http://mj12bot.com/)"
135.181.79.106 - - [28/Apr/2025:09:33:54 -0400] "GET /808/%EF%BB%BFhttp:/52-sell.com/9it/sap-access-for-practice.html HTTP/1.1" 404 39353 "-" "Mozilla/5.0 (compatible; MJ12bot/v1.4.8; http://mj12bot.com/)"
156.67.83.167 - - [28/Apr/2025:09:33:56 -0400] "GET /mlp/%EF%BB%BFhttp://52-sell.com/o4q/homes-for-sale-south-paris-maine.html HTTP/1.1" 301 0 "-" "Mozilla/5.0 (compatible; MJ12bot/v1.4.8; http://mj12bot.com/)"
135.181.79.106 - - [28/Apr/2025:09:33:59 -0400] "GET /808/%EF%BB%BFhttp://52-sell.com/9it/sapphire-foxx-tg.html HTTP/1.1" 301 0 "-" "Mozilla/5.0 (compatible; MJ12bot/v1.4.8; http://mj12bot.com/)"
135.181.79.106 - - [28/Apr/2025:09:34:04 -0400] "GET /808/%EF%BB%BFhttp:/52-sell.com/9it/sapphire-foxx-tg.html HTTP/1.1" 404 39288 "-" "Mozilla/5.0 (compatible; MJ12bot/v1.4.8; http://mj12bot.com/)"
135.181.79.106 - - [28/Apr/2025:09:34:09 -0400] "GET /808/%EF%BB%BFhttp://52-sell.com/9it/scythe-robotics-cost.html HTTP/1.1" 301 0 "-" "Mozilla/5.0 (compatible; MJ12bot/v1.4.8; http://mj12bot.com/)"
135.181.79.106 - - [28/Apr/2025:09:34:13 -0400] "GET /808/%EF%BB%BFhttp:/52-sell.com/9it/scythe-robotics-cost.html HTTP/1.1" 404 39333 "-" "Mozilla/5.0 (compatible; MJ12bot/v1.4.8; http://mj12bot.com/)"
156.67.83.167 - - [28/Apr/2025:09:34:15 -0400] "GET /mlp/%EF%BB%BFhttp:/52-sell.com/o4q/homes-for-sale-south-paris-maine.html HTTP/1.1" 404 39158 "-" "Mozilla/5.0 (compatible; MJ12bot/v1.4.8; http://mj12bot.com/)"
135.181.79.106 - - [28/Apr/2025:09:34:18 -0400] "GET /808/%EF%BB%BFhttp://52-sell.com/9it/sea-jet-ferry.html HTTP/1.1" 301 0 "-" "Mozilla/5.0 (compatible; MJ12bot/v1.4.8; http://mj12bot.com/)"
135.181.79.106 - - [28/Apr/2025:09:34:22 -0400] "GET /808/%EF%BB%BFhttp:/52-sell.com/9it/sea-jet-ferry.html HTTP/1.1" 404 39422 "-" "Mozilla/5.0 (compatible; MJ12bot/v1.4.8; http://mj12bot.com/)"
135.181.79.106 - - [28/Apr/2025:09:34:27 -0400] "GET /808/%EF%BB%BFhttp://52-sell.com/9it/senju-x-wakasa-ao3.html HTTP/1.1" 301 0 "-" "Mozilla/5.0 (compatible; MJ12bot/v1.4.8; http://mj12bot.com/)"
156.67.83.167 - - [28/Apr/2025:09:34:29 -0400] "GET /mlp/%EF%BB%BFhttp://52-sell.com/o4q/homestead-flea-market-us1.html HTTP/1.1" 301 0 "-" "Mozilla/5.0 (compatible; MJ12bot/v1.4.8; http://mj12bot.com/)"
135.181.79.106 - - [28/Apr/2025:09:34:32 -0400] "GET /808/%EF%BB%BFhttp:/52-sell.com/9it/senju-x-wakasa-ao3.html HTTP/1.1" 404 39246 "-" "Mozilla/5.0 (compatible; MJ12bot/v1.4.8; http://mj12bot.com/)"
66.29.132.124 - - [28/Apr/2025:09:34:35 -0400] "POST /wp-cron.php?doing_wp_cron=1745847274.6991720199584960937500 HTTP/1.1" 200 0 "-" "WordPress/6.8; https://arsn.media"
18.119.120.229 - - [28/Apr/2025:09:34:33 -0400] "GET /2024/09/24/how-start-mosquito-control-business-plan-for-your-new-business HTTP/1.1" 301 0 "-" "Mozilla/5.0 AppleWebKit/537.36 (KHTML, like Gecko; compatible; ClaudeBot/1.0; +claudebot@anthropic.com)"
135.181.79.106 - - [28/Apr/2025:09:34:37 -0400] "GET /808/%EF%BB%BFhttp://52-sell.com/9it/sheetz-potato-skins-discontinued.html HTTP/1.1" 301 0 "-" "Mozilla/5.0 (compatible; MJ12bot/v1.4.8; http://mj12bot.com/)"
18.119.120.229 - - [28/Apr/2025:09:34:36 -0400] "GET /2024/09/24/how-start-mosquito-control-business-plan-for-your-new-business/ HTTP/1.1" 200 50837 "https://arsn.media/2024/09/24/how-start-mosquito-control-business-plan-for-your-new-business" "Mozilla/5.0 AppleWebKit/537.36 (KHTML, like Gecko; compatible; ClaudeBot/1.0; +claudebot@anthropic.com)"
135.181.79.106 - - [28/Apr/2025:09:34:41 -0400] "GET /808/%EF%BB%BFhttp:/52-sell.com/9it/sheetz-potato-skins-discontinued.html HTTP/1.1" 404 39125 "-" "Mozilla/5.0 (compatible; MJ12bot/v1.4.8; http://mj12bot.com/)"
156.67.83.167 - - [28/Apr/2025:09:34:44 -0400] "GET /mlp/%EF%BB%BFhttp:/52-sell.com/o4q/homestead-flea-market-us1.html HTTP/1.1" 404 39200 "-" "Mozilla/5.0 (compatible; MJ12bot/v1.4.8; http://mj12bot.com/)"
135.181.79.106 - - [28/Apr/2025:09:34:46 -0400] "GET /808/%EF%BB%BFhttp://52-sell.com/9it/shershaah-imdb.html HTTP/1.1" 301 0 "-" "Mozilla/5.0 (compatible; MJ12bot/v1.4.8; http://mj12bot.com/)"
135.181.79.106 - - [28/Apr/2025:09:34:50 -0400] "GET /808/%EF%BB%BFhttp:/52-sell.com/9it/shershaah-imdb.html HTTP/1.1" 404 39188 "-" "Mozilla/5.0 (compatible; MJ12bot/v1.4.8; http://mj12bot.com/)"
156.67.83.167 - - [28/Apr/2025:09:34:54 -0400] "GET /mlp/%EF%BB%BFhttp://52-sell.com/o4q/honda-accord-modified-2017.html HTTP/1.1" 301 0 "-" "Mozilla/5.0 (compatible; MJ12bot/v1.4.8; http://mj12bot.com/)"
135.181.79.106 - - [28/Apr/2025:09:34:56 -0400] "GET /808/%EF%BB%BFhttp://52-sell.com/9it/sickle-cell-trait-athletes-death.html HTTP/1.1" 301 0 "-" "Mozilla/5.0 (compatible; MJ12bot/v1.4.8; http://mj12bot.com/)"
135.181.79.106 - - [28/Apr/2025:09:35:01 -0400] "GET /808/%EF%BB%BFhttp:/52-sell.com/9it/sickle-cell-trait-athletes-death.html HTTP/1.1" 404 39125 "-" "Mozilla/5.0 (compatible; MJ12bot/v1.4.8; http://mj12bot.com/)"
135.181.79.106 - - [28/Apr/2025:09:35:07 -0400] "GET /mlp/%EF%BB%BFhttp://52-sell.com/o4q/2015-ford-focus-radio-removal.html HTTP/1.1" 301 0 "-" "Mozilla/5.0 (compatible; MJ12bot/v1.4.8; http://mj12bot.com/)"
135.181.79.106 - - [28/Apr/2025:09:35:12 -0400] "GET /mlp/%EF%BB%BFhttp:/52-sell.com/o4q/2015-ford-focus-radio-removal.html HTTP/1.1" 404 39310 "-" "Mozilla/5.0 (compatible; MJ12bot/v1.4.8; http://mj12bot.com/)"
156.67.83.167 - - [28/Apr/2025:09:35:14 -0400] "GET /mlp/%EF%BB%BFhttp:/52-sell.com/o4q/honda-accord-modified-2017.html HTTP/1.1" 404 39385 "-" "Mozilla/5.0 (compatible; MJ12bot/v1.4.8; http://mj12bot.com/)"
135.181.79.106 - - [28/Apr/2025:09:35:20 -0400] "GET /mlp/%EF%BB%BFhttp://52-sell.com/o4q/2015-toyota-corolla-heater-not-working.html HTTP/1.1" 301 0 "-" "Mozilla/5.0 (compatible; MJ12bot/v1.4.8; http://mj12bot.com/)"
135.181.79.106 - - [28/Apr/2025:09:35:24 -0400] "GET /mlp/%EF%BB%BFhttp:/52-sell.com/o4q/2015-toyota-corolla-heater-not-working.html HTTP/1.1" 404 39175 "-" "Mozilla/5.0 (compatible; MJ12bot/v1.4.8; http://mj12bot.com/)"
135.181.79.106 - - [28/Apr/2025:09:35:29 -0400] "GET /mlp/%EF%BB%BFhttp://52-sell.com/o4q/2015-volvo-s60-t5-oil-consumption.html HTTP/1.1" 301 0 "-" "Mozilla/5.0 (compatible; MJ12bot/v1.4.8; http://mj12bot.com/)"
156.67.83.167 - - [28/Apr/2025:09:35:32 -0400] "GET /mlp/%EF%BB%BFhttp://52-sell.com/o4q/honda-ignition-switch-buzzing.html HTTP/1.1" 301 0 "-" "Mozilla/5.0 (compatible; MJ12bot/v1.4.8; http://mj12bot.com/)"
135.181.79.106 - - [28/Apr/2025:09:35:33 -0400] "GET /mlp/%EF%BB%BFhttp:/52-sell.com/o4q/2015-volvo-s60-t5-oil-consumption.html HTTP/1.1" 404 39257 "-" "Mozilla/5.0 (compatible; MJ12bot/v1.4.8; http://mj12bot.com/)"
66.29.132.124 - - [28/Apr/2025:09:35:39 -0400] "POST /wp-cron.php?doing_wp_cron=1745847339.5219459533691406250000 HTTP/1.1" 200 0 "-" "WordPress/6.8; https://arsn.media"
135.181.79.106 - - [28/Apr/2025:09:35:38 -0400] "GET /mlp/%EF%BB%BFhttp://52-sell.com/o4q/2017-textron-stampede-parts-manual.html HTTP/1.1" 301 0 "-" "Mozilla/5.0 (compatible; MJ12bot/v1.4.8; http://mj12bot.com/)"
66.29.132.124 - - [28/Apr/2025:09:35:41 -0400] "POST /wp-admin/admin-ajax.php?action=async_litespeed&nonce=MnhInuk5cEVbnXlSt7KDirg3hraKOVbE&litespeed_type=imgoptm HTTP/1.1" 200 0 "-" "WordPress/6.8; https://arsn.media"
135.181.79.106 - - [28/Apr/2025:09:35:43 -0400] "GET /mlp/%EF%BB%BFhttp:/52-sell.com/o4q/2017-textron-stampede-parts-manual.html HTTP/1.1" 404 39182 "-" "Mozilla/5.0 (compatible; MJ12bot/v1.4.8; http://mj12bot.com/)"
135.181.79.106 - - [28/Apr/2025:09:35:47 -0400] "GET /mlp/%EF%BB%BFhttp://52-sell.com/o4q/2019-ford-f350-radio-not-working.html HTTP/1.1" 301 0 "-" "Mozilla/5.0 (compatible; MJ12bot/v1.4.8; http://mj12bot.com/)"
66.29.132.124 - - [28/Apr/2025:09:35:51 -0400] "POST /wp-cron.php?doing_wp_cron=1745847351.5156400203704833984375 HTTP/1.1" 200 0 "-" "WordPress/6.8; https://arsn.media"
156.67.83.167 - - [28/Apr/2025:09:35:50 -0400] "GET /mlp/%EF%BB%BFhttp:/52-sell.com/o4q/honda-ignition-switch-buzzing.html HTTP/1.1" 404 39240 "-" "Mozilla/5.0 (compatible; MJ12bot/v1.4.8; http://mj12bot.com/)"
135.181.79.106 - - [28/Apr/2025:09:35:51 -0400] "GET /mlp/%EF%BB%BFhttp:/52-sell.com/o4q/2019-ford-f350-radio-not-working.html HTTP/1.1" 404 39172 "-" "Mozilla/5.0 (compatible; MJ12bot/v1.4.8; http://mj12bot.com/)"
135.181.79.106 - - [28/Apr/2025:09:35:57 -0400] "GET /mlp/%EF%BB%BFhttp://52-sell.com/o4q/2019-ram-2500-big-horn-night-edition.html HTTP/1.1" 301 0 "-" "Mozilla/5.0 (compatible; MJ12bot/v1.4.8; http://mj12bot.com/)"
135.181.79.106 - - [28/Apr/2025:09:36:01 -0400] "GET /mlp/%EF%BB%BFhttp:/52-sell.com/o4q/2019-ram-2500-big-horn-night-edition.html HTTP/1.1" 404 39232 "-" "Mozilla/5.0 (compatible; MJ12bot/v1.4.8; http://mj12bot.com/)"
156.67.83.167 - - [28/Apr/2025:09:36:03 -0400] "GET /mlp/%EF%BB%BFhttp://52-sell.com/o4q/honda-j32-heads.html HTTP/1.1" 301 0 "-" "Mozilla/5.0 (compatible; MJ12bot/v1.4.8; http://mj12bot.com/)"
135.181.79.106 - - [28/Apr/2025:09:36:06 -0400] "GET /mlp/%EF%BB%BFhttp://52-sell.com/o4q/2020-honda-foreman-520-fuel-pump-issues.html HTTP/1.1" 301 0 "-" "Mozilla/5.0 (compatible; MJ12bot/v1.4.8; http://mj12bot.com/)"
135.181.79.106 - - [28/Apr/2025:09:36:09 -0400] "GET /mlp/%EF%BB%BFhttp:/52-sell.com/o4q/2020-honda-foreman-520-fuel-pump-issues.html HTTP/1.1" 404 39110 "-" "Mozilla/5.0 (compatible; MJ12bot/v1.4.8; http://mj12bot.com/)"
135.181.79.106 - - [28/Apr/2025:09:36:14 -0400] "GET /mlp/%EF%BB%BFhttp://52-sell.com/o4q/2020-honda-rancher-fuel-pump.html HTTP/1.1" 301 0 "-" "Mozilla/5.0 (compatible; MJ12bot/v1.4.8; http://mj12bot.com/)"
135.181.79.106 - - [28/Apr/2025:09:36:18 -0400] "GET /mlp/%EF%BB%BFhttp:/52-sell.com/o4q/2020-honda-rancher-fuel-pump.html HTTP/1.1" 404 39364 "-" "Mozilla/5.0 (compatible; MJ12bot/v1.4.8; http://mj12bot.com/)"
156.67.83.167 - - [28/Apr/2025:09:36:19 -0400] "GET /mlp/%EF%BB%BFhttp:/52-sell.com/o4q/honda-j32-heads.html HTTP/1.1" 404 39344 "-" "Mozilla/5.0 (compatible; MJ12bot/v1.4.8; http://mj12bot.com/)"
135.181.79.106 - - [28/Apr/2025:09:36:25 -0400] "GET /mlp/%EF%BB%BFhttp://52-sell.com/o4q/2020-rhodes-scholars.html HTTP/1.1" 301 0 "-" "Mozilla/5.0 (compatible; MJ12bot/v1.4.8; http://mj12bot.com/)"
135.181.79.106 - - [28/Apr/2025:09:36:29 -0400] "GET /mlp/%EF%BB%BFhttp:/52-sell.com/o4q/2020-rhodes-scholars.html HTTP/1.1" 404 39331 "-" "Mozilla/5.0 (compatible; MJ12bot/v1.4.8; http://mj12bot.com/)"
66.29.132.124 - - [28/Apr/2025:09:36:35 -0400] "POST /wp-cron.php?doing_wp_cron=1745847395.3040359020233154296875 HTTP/1.1" 200 0 "-" "WordPress/6.8; https://arsn.media"
135.181.79.106 - - [28/Apr/2025:09:36:34 -0400] "GET /mlp/%EF%BB%BFhttp://52-sell.com/o4q/2021-corvette-z06-price.html HTTP/1.1" 301 0 "-" "Mozilla/5.0 (compatible; MJ12bot/v1.4.8; http://mj12bot.com/)"
66.29.132.124 - - [28/Apr/2025:09:36:36 -0400] "POST /wp-admin/admin-ajax.php?action=async_litespeed&nonce=cMC10iFASuHLYEtq62DXwAOR584nh8fq&litespeed_type=imgoptm HTTP/1.1" 200 0 "-" "WordPress/6.8; https://arsn.media"
156.67.83.167 - - [28/Apr/2025:09:36:37 -0400] "GET /mlp/%EF%BB%BFhttp://52-sell.com/o4q/honda-shadow-vlx-600-for-sale-near-me.html HTTP/1.1" 301 0 "-" "Mozilla/5.0 (compatible; MJ12bot/v1.4.8; http://mj12bot.com/)"
135.181.79.106 - - [28/Apr/2025:09:36:38 -0400] "GET /mlp/%EF%BB%BFhttp:/52-sell.com/o4q/2021-corvette-z06-price.html HTTP/1.1" 404 39369 "-" "Mozilla/5.0 (compatible; MJ12bot/v1.4.8; http://mj12bot.com/)"
135.181.79.106 - - [28/Apr/2025:09:36:42 -0400] "GET /mlp/%EF%BB%BFhttp://52-sell.com/o4q/2021-honda-hrv-android-auto.html HTTP/1.1" 301 0 "-" "Mozilla/5.0 (compatible; MJ12bot/v1.4.8; http://mj12bot.com/)"
135.181.79.106 - - [28/Apr/2025:09:36:46 -0400] "GET /mlp/%EF%BB%BFhttp:/52-sell.com/o4q/2021-honda-hrv-android-auto.html HTTP/1.1" 404 39184 "-" "Mozilla/5.0 (compatible; MJ12bot/v1.4.8; http://mj12bot.com/)"
66.29.132.124 - - [28/Apr/2025:09:36:51 -0400] "POST /wp-cron.php?doing_wp_cron=1745847411.5565900802612304687500 HTTP/1.1" 200 0 "-" "WordPress/6.8; https://arsn.media"
135.181.79.106 - - [28/Apr/2025:09:36:51 -0400] "GET /mlp/%EF%BB%BFhttp://52-sell.com/o4q/2021-polaris-rzr-xp-4-1000-turbo-specs.html HTTP/1.1" 301 0 "-" "Mozilla/5.0 (compatible; MJ12bot/v1.4.8; http://mj12bot.com/)"
156.67.83.167 - - [28/Apr/2025:09:36:54 -0400] "GET /mlp/%EF%BB%BFhttp:/52-sell.com/o4q/honda-shadow-vlx-600-for-sale-near-me.html HTTP/1.1" 404 39147 "-" "Mozilla/5.0 (compatible; MJ12bot/v1.4.8; http://mj12bot.com/)"
135.181.79.106 - - [28/Apr/2025:09:36:54 -0400] "GET /mlp/%EF%BB%BFhttp:/52-sell.com/o4q/2021-polaris-rzr-xp-4-1000-turbo-specs.html HTTP/1.1" 404 39184 "-" "Mozilla/5.0 (compatible; MJ12bot/v1.4.8; http://mj12bot.com/)"
135.181.79.106 - - [28/Apr/2025:09:37:00 -0400] "GET /mlp/%EF%BB%BFhttp://52-sell.com/o4q/2021-ram-2500-turbo-diesel-price.html HTTP/1.1" 301 0 "-" "Mozilla/5.0 (compatible; MJ12bot/v1.4.8; http://mj12bot.com/)"
135.181.79.106 - - [28/Apr/2025:09:37:04 -0400] "GET /mlp/%EF%BB%BFhttp:/52-sell.com/o4q/2021-ram-2500-turbo-diesel-price.html HTTP/1.1" 404 39168 "-" "Mozilla/5.0 (compatible; MJ12bot/v1.4.8; http://mj12bot.com/)"
156.67.83.167 - - [28/Apr/2025:09:37:06 -0400] "GET /mlp/%EF%BB%BFhttp://52-sell.com/o4q/hondalink-security.html HTTP/1.1" 301 0 "-" "Mozilla/5.0 (compatible; MJ12bot/v1.4.8; http://mj12bot.com/)"
135.181.79.106 - - [28/Apr/2025:09:37:10 -0400] "GET /mlp/%EF%BB%BFhttp://52-sell.com/o4q/2021-ram-trx-performance-parts.html HTTP/1.1" 301 0 "-" "Mozilla/5.0 (compatible; MJ12bot/v1.4.8; http://mj12bot.com/)"
135.181.79.106 - - [28/Apr/2025:09:37:14 -0400] "GET /mlp/%EF%BB%BFhttp:/52-sell.com/o4q/2021-ram-trx-performance-parts.html HTTP/1.1" 404 39285 "-" "Mozilla/5.0 (compatible; MJ12bot/v1.4.8; http://mj12bot.com/)"
135.181.79.106 - - [28/Apr/2025:09:37:19 -0400] "GET /mlp/%EF%BB%BFhttp://52-sell.com/o4q/2021-trailblazer-for-sale-near-florida.html HTTP/1.1" 301 0 "-" "Mozilla/5.0 (compatible; MJ12bot/v1.4.8; http://mj12bot.com/)"
156.67.83.167 - - [28/Apr/2025:09:37:21 -0400] "GET /mlp/%EF%BB%BFhttp:/52-sell.com/o4q/hondalink-security.html HTTP/1.1" 404 39248 "-" "Mozilla/5.0 (compatible; MJ12bot/v1.4.8; http://mj12bot.com/)"
3.17.166.43 - - [28/Apr/2025:09:37:24 -0400] "GET /?p=13121 HTTP/1.1" 301 0 "-" "Mozilla/5.0 AppleWebKit/537.36 (KHTML, like Gecko; compatible; ClaudeBot/1.0; +claudebot@anthropic.com)"
135.181.79.106 - - [28/Apr/2025:09:37:23 -0400] "GET /mlp/%EF%BB%BFhttp:/52-sell.com/o4q/2021-trailblazer-for-sale-near-florida.html HTTP/1.1" 404 39171 "-" "Mozilla/5.0 (compatible; MJ12bot/v1.4.8; http://mj12bot.com/)"
3.17.166.43 - - [28/Apr/2025:09:37:27 -0400] "GET /2025/01/10/keyword-research-tips-for-effective-pest-control-seo/ HTTP/1.1" 200 47727 "https://arsn.media/?p=13121" "Mozilla/5.0 AppleWebKit/537.36 (KHTML, like Gecko; compatible; ClaudeBot/1.0; +claudebot@anthropic.com)"
135.181.79.106 - - [28/Apr/2025:09:37:30 -0400] "GET /mlp/%EF%BB%BFhttp://52-sell.com/o4q/2022-dodge-durango-for-sale.html HTTP/1.1" 301 0 "-" "Mozilla/5.0 (compatible; MJ12bot/v1.4.8; http://mj12bot.com/)"
66.29.132.124 - - [28/Apr/2025:09:37:36 -0400] "POST /wp-cron.php?doing_wp_cron=1745847456.4500939846038818359375 HTTP/1.1" 200 0 "-" "WordPress/6.8; https://arsn.media"
135.181.79.106 - - [28/Apr/2025:09:37:35 -0400] "GET /mlp/%EF%BB%BFhttp:/52-sell.com/o4q/2022-dodge-durango-for-sale.html HTTP/1.1" 404 39184 "-" "Mozilla/5.0 (compatible; MJ12bot/v1.4.8; http://mj12bot.com/)"
66.29.132.124 - - [28/Apr/2025:09:37:38 -0400] "POST /wp-admin/admin-ajax.php?action=async_litespeed&nonce=cs5QdaD8jNUozIcQdIX5v3u3Xr5a7rf5&litespeed_type=imgoptm HTTP/1.1" 200 0 "-" "WordPress/6.8; https://arsn.media"
156.67.83.167 - - [28/Apr/2025:09:37:39 -0400] "GET /mlp/%EF%BB%BFhttp://52-sell.com/o4q/honey-select-2-cards.html HTTP/1.1" 301 0 "-" "Mozilla/5.0 (compatible; MJ12bot/v1.4.8; http://mj12bot.com/)"
135.181.79.106 - - [28/Apr/2025:09:37:41 -0400] "GET /mlp/%EF%BB%BFhttp://52-sell.com/o4q/2023-corvette-price-increase.html HTTP/1.1" 301 0 "-" "Mozilla/5.0 (compatible; MJ12bot/v1.4.8; http://mj12bot.com/)"
135.181.79.106 - - [28/Apr/2025:09:37:43 -0400] "GET /mlp/%EF%BB%BFhttp:/52-sell.com/o4q/2023-corvette-price-increase.html HTTP/1.1" 404 39319 "-" "Mozilla/5.0 (compatible; MJ12bot/v1.4.8; http://mj12bot.com/)"
135.181.79.106 - - [28/Apr/2025:09:37:47 -0400] "GET /mlp/%EF%BB%BFhttp://52-sell.com/o4q/243-heads-valves.html HTTP/1.1" 301 0 "-" "Mozilla/5.0 (compatible; MJ12bot/v1.4.8; http://mj12bot.com/)"
66.29.132.124 - - [28/Apr/2025:09:37:52 -0400] "POST /wp-cron.php?doing_wp_cron=1745847472.4461619853973388671875 HTTP/1.1" 200 0 "-" "WordPress/6.8; https://arsn.media"
135.181.79.106 - - [28/Apr/2025:09:37:51 -0400] "GET /mlp/%EF%BB%BFhttp:/52-sell.com/o4q/243-heads-valves.html HTTP/1.1" 404 39290 "-" "Mozilla/5.0 (compatible; MJ12bot/v1.4.8; http://mj12bot.com/)"
156.67.83.167 - - [28/Apr/2025:09:37:53 -0400] "GET /mlp/%EF%BB%BFhttp:/52-sell.com/o4q/honey-select-2-cards.html HTTP/1.1" 404 39356 "-" "Mozilla/5.0 (compatible; MJ12bot/v1.4.8; http://mj12bot.com/)"
135.181.79.106 - - [28/Apr/2025:09:37:56 -0400] "GET /mlp/%EF%BB%BFhttp://52-sell.com/o4q/27gn950-hdr-settings.html HTTP/1.1" 301 0 "-" "Mozilla/5.0 (compatible; MJ12bot/v1.4.8; http://mj12bot.com/)"
135.181.79.106 - - [28/Apr/2025:09:38:00 -0400] "GET /mlp/%EF%BB%BFhttp:/52-sell.com/o4q/27gn950-hdr-settings.html HTTP/1.1" 404 39281 "-" "Mozilla/5.0 (compatible; MJ12bot/v1.4.8; http://mj12bot.com/)"
135.181.79.106 - - [28/Apr/2025:09:38:04 -0400] "GET /mlp/%EF%BB%BFhttp://52-sell.com/o4q/289-rocker-arm-ratio.html HTTP/1.1" 301 0 "-" "Mozilla/5.0 (compatible; MJ12bot/v1.4.8; http://mj12bot.com/)"
156.67.83.167 - - [28/Apr/2025:09:38:06 -0400] "GET /mlp/%EF%BB%BFhttp://52-sell.com/o4q/hong-kong-government-news.html HTTP/1.1" 301 0 "-" "Mozilla/5.0 (compatible; MJ12bot/v1.4.8; http://mj12bot.com/)"
142.250.32.34 - - [28/Apr/2025:09:38:06 -0400] "GET /.well-known/traffic-advice HTTP/1.1" 404 62233 "-" "Chrome Privacy Preserving Prefetch Proxy"
135.181.79.106 - - [28/Apr/2025:09:38:08 -0400] "GET /mlp/%EF%BB%BFhttp:/52-sell.com/o4q/289-rocker-arm-ratio.html HTTP/1.1" 404 39280 "-" "Mozilla/5.0 (compatible; MJ12bot/v1.4.8; http://mj12bot.com/)"
193.186.4.60 - - [28/Apr/2025:09:38:09 -0400] "GET / HTTP/1.1" 200 48706 "https://www.google.com/" "Mozilla/5.0 (Linux; Android 10; K) AppleWebKit/537.36 (KHTML, like Gecko) Chrome/135.0.0.0 Mobile Safari/537.36"
135.181.79.106 - - [28/Apr/2025:09:38:12 -0400] "GET /mlp/%EF%BB%BFhttp://52-sell.com/o4q/311-car-blocking-driveway.html HTTP/1.1" 301 0 "-" "Mozilla/5.0 (compatible; MJ12bot/v1.4.8; http://mj12bot.com/)"
135.181.79.106 - - [28/Apr/2025:09:38:15 -0400] "GET /mlp/%EF%BB%BFhttp:/52-sell.com/o4q/311-car-blocking-driveway.html HTTP/1.1" 404 39203 "-" "Mozilla/5.0 (compatible; MJ12bot/v1.4.8; http://mj12bot.com/)"
156.67.83.167 - - [28/Apr/2025:09:38:18 -0400] "GET /mlp/%EF%BB%BFhttp:/52-sell.com/o4q/hong-kong-government-news.html HTTP/1.1" 404 21350 "-" "Mozilla/5.0 (compatible; MJ12bot/v1.4.8; http://mj12bot.com/)"
135.181.79.106 - - [28/Apr/2025:09:38:20 -0400] "GET /mlp/%EF%BB%BFhttp://52-sell.com/o4q/33rd-degree-mason-boy-bride.html HTTP/1.1" 503 856 "-" "Mozilla/5.0 (compatible; MJ12bot/v1.4.8; http://mj12bot.com/)"
156.67.83.167 - - [28/Apr/2025:09:38:24 -0400] "GET /mlp/%EF%BB%BFhttp://52-sell.com/o4q/horizon-alf-assisted-living-facility.html HTTP/1.1" 503 856 "-" "Mozilla/5.0 (compatible; MJ12bot/v1.4.8; http://mj12bot.com/)"
135.181.79.106 - - [28/Apr/2025:09:38:28 -0400] "GET /mlp/%EF%BB%BFhttp://52-sell.com/o4q/35-ft-sailing-boat-for-sale.html HTTP/1.1" 503 856 "-" "Mozilla/5.0 (compatible; MJ12bot/v1.4.8; http://mj12bot.com/)"
156.67.83.167 - - [28/Apr/2025:09:38:35 -0400] "GET /mlp/%EF%BB%BFhttp://52-sell.com/o4q/horizon-rp-stormworks.html HTTP/1.1" 503 856 "-" "Mozilla/5.0 (compatible; MJ12bot/v1.4.8; http://mj12bot.com/)"
135.181.79.106 - - [28/Apr/2025:09:38:37 -0400] "GET /mlp/%EF%BB%BFhttp://52-sell.com/o4q/36-40-ft-trawlers-for-sale.html HTTP/1.1" 503 856 "-" "Mozilla/5.0 (compatible; MJ12bot/v1.4.8; http://mj12bot.com/)"
66.29.132.124 - - [28/Apr/2025:09:38:51 -0400] "POST /wp-cron.php?doing_wp_cron=1745847531.7580211162567138671875 HTTP/1.1" 200 0 "-" "WordPress/6.8; https://arsn.media"
66.29.132.124 - - [28/Apr/2025:09:38:51 -0400] "POST /wp-cron.php?doing_wp_cron=1745847531.7580049037933349609375 HTTP/1.1" 200 0 "-" "WordPress/6.8; https://arsn.media"
156.67.83.167 - - [28/Apr/2025:09:38:43 -0400] "GET /mlp/%EF%BB%BFhttp://52-sell.com/o4q/hot-club-of-cowtown-youtube.html HTTP/1.1" 301 0 "-" "Mozilla/5.0 (compatible; MJ12bot/v1.4.8; http://mj12bot.com/)"
135.181.79.106 - - [28/Apr/2025:09:38:44 -0400] "GET /mlp/%EF%BB%BFhttp://52-sell.com/o4q/3d-graphics-programming-from-scratch.html HTTP/1.1" 301 0 "-" "Mozilla/5.0 (compatible; MJ12bot/v1.4.8; http://mj12bot.com/)"
3.143.142.200 - - [28/Apr/2025:09:38:52 -0400] "GET / HTTP/1.1" 200 72353 "http://arsn.media" "Mozilla/5.0 (Windows NT 10.0; Win64; x64) AppleWebKit/537.36 (KHTML, like Gecko) Chrome/91.0.4472.124 Safari/537.36"
18.191.157.31 - - [28/Apr/2025:09:38:51 -0400] "GET /2024/09/25/what-do-i-need-to-start-a-pest-control-business-best-marketing-strategies HTTP/1.1" 301 0 "-" "Mozilla/5.0 AppleWebKit/537.36 (KHTML, like Gecko; compatible; ClaudeBot/1.0; +claudebot@anthropic.com)"
18.191.157.31 - - [28/Apr/2025:09:38:52 -0400] "GET /2024/09/25/what-do-i-need-to-start-a-pest-control-business-best-marketing-strategies/ HTTP/1.1" 200 48503 "https://arsn.media/2024/09/25/what-do-i-need-to-start-a-pest-control-business-best-marketing-strategies" "Mozilla/5.0 AppleWebKit/537.36 (KHTML, like Gecko; compatible; ClaudeBot/1.0; +claudebot@anthropic.com)"
66.29.132.124 - - [28/Apr/2025:09:38:52 -0400] "POST /wp-admin/admin-ajax.php?action=async_litespeed&nonce=mv3xaMu8QhCK96JNr3g1QqMWoZOr4XFz&litespeed_type=imgoptm HTTP/1.1" 200 0 "-" "WordPress/6.8; https://arsn.media"
72.14.201.116 - - [28/Apr/2025:09:38:55 -0400] "GET / HTTP/1.1" 200 48706 "https://www.google.com/" "Mozilla/5.0 (Linux; Android 10; K) AppleWebKit/537.36 (KHTML, like Gecko) Chrome/135.0.0.0 Mobile Safari/537.36"
135.181.79.106 - - [28/Apr/2025:09:38:54 -0400] "GET /mlp/%EF%BB%BFhttp:/52-sell.com/o4q/3d-graphics-programming-from-scratch.html HTTP/1.1" 404 39179 "-" "Mozilla/5.0 (compatible; MJ12bot/v1.4.8; http://mj12bot.com/)"
135.181.79.106 - - [28/Apr/2025:09:39:01 -0400] "GET /mlp/%EF%BB%BFhttp://52-sell.com/o4q/3d-printed-slinky.html HTTP/1.1" 301 0 "-" "Mozilla/5.0 (compatible; MJ12bot/v1.4.8; http://mj12bot.com/)"
156.67.83.167 - - [28/Apr/2025:09:39:02 -0400] "GET /mlp/%EF%BB%BFhttp:/52-sell.com/o4q/hot-club-of-cowtown-youtube.html HTTP/1.1" 404 39182 "-" "Mozilla/5.0 (compatible; MJ12bot/v1.4.8; http://mj12bot.com/)"
135.181.79.106 - - [28/Apr/2025:09:39:04 -0400] "GET /mlp/%EF%BB%BFhttp:/52-sell.com/o4q/3d-printed-slinky.html HTTP/1.1" 404 39290 "-" "Mozilla/5.0 (compatible; MJ12bot/v1.4.8; http://mj12bot.com/)"
135.181.79.106 - - [28/Apr/2025:09:39:10 -0400] "GET /mlp/%EF%BB%BFhttp://52-sell.com/o4q/3g0853601bdpj.html HTTP/1.1" 301 0 "-" "Mozilla/5.0 (compatible; MJ12bot/v1.4.8; http://mj12bot.com/)"
156.67.83.167 - - [28/Apr/2025:09:39:15 -0400] "GET /mlp/%EF%BB%BFhttp://52-sell.com/o4q/house-envy-reddit.html HTTP/1.1" 301 0 "-" "Mozilla/5.0 (compatible; MJ12bot/v1.4.8; http://mj12bot.com/)"
135.181.79.106 - - [28/Apr/2025:09:39:14 -0400] "GET /mlp/%EF%BB%BFhttp:/52-sell.com/o4q/3g0853601bdpj.html HTTP/1.1" 404 39424 "-" "Mozilla/5.0 (compatible; MJ12bot/v1.4.8; http://mj12bot.com/)"
135.181.79.106 - - [28/Apr/2025:09:39:21 -0400] "GET /mlp/%EF%BB%BFhttp://52-sell.com/o4q/4-burner-gas-cooktop.html HTTP/1.1" 301 0 "-" "Mozilla/5.0 (compatible; MJ12bot/v1.4.8; http://mj12bot.com/)"
135.181.79.106 - - [28/Apr/2025:09:39:24 -0400] "GET /mlp/%EF%BB%BFhttp:/52-sell.com/o4q/4-burner-gas-cooktop.html HTTP/1.1" 404 39280 "-" "Mozilla/5.0 (compatible; MJ12bot/v1.4.8; http://mj12bot.com/)"
156.67.83.167 - - [28/Apr/2025:09:39:27 -0400] "GET /mlp/%EF%BB%BFhttp:/52-sell.com/o4q/house-envy-reddit.html HTTP/1.1" 404 39292 "-" "Mozilla/5.0 (compatible; MJ12bot/v1.4.8; http://mj12bot.com/)"
135.181.79.106 - - [28/Apr/2025:09:39:29 -0400] "GET /mlp/%EF%BB%BFhttp://52-sell.com/o4q/40-meter-fishing-pole-antenna.html HTTP/1.1" 301 0 "-" "Mozilla/5.0 (compatible; MJ12bot/v1.4.8; http://mj12bot.com/)"
66.29.132.124 - - [28/Apr/2025:09:39:35 -0400] "POST /wp-cron.php?doing_wp_cron=1745847574.5128169059753417968750 HTTP/1.1" 200 0 "-" "WordPress/6.8; https://arsn.media"
135.181.79.106 - - [28/Apr/2025:09:39:33 -0400] "GET /mlp/%EF%BB%BFhttp:/52-sell.com/o4q/40-meter-fishing-pole-antenna.html HTTP/1.1" 404 39304 "-" "Mozilla/5.0 (compatible; MJ12bot/v1.4.8; http://mj12bot.com/)"
135.181.79.106 - - [28/Apr/2025:09:39:39 -0400] "GET /mlp/%EF%BB%BFhttp://52-sell.com/o4q/40x80-pole-barn-with-living-quarters.html HTTP/1.1" 301 0 "-" "Mozilla/5.0 (compatible; MJ12bot/v1.4.8; http://mj12bot.com/)"
156.67.83.167 - - [28/Apr/2025:09:39:39 -0400] "GET /mlp/%EF%BB%BFhttp://52-sell.com/o4q/house-for-rent-17517.html HTTP/1.1" 301 0 "-" "Mozilla/5.0 (compatible; MJ12bot/v1.4.8; http://mj12bot.com/)"
135.181.79.106 - - [28/Apr/2025:09:39:43 -0400] "GET /mlp/%EF%BB%BFhttp:/52-sell.com/o4q/40x80-pole-barn-with-living-quarters.html HTTP/1.1" 404 39185 "-" "Mozilla/5.0 (compatible; MJ12bot/v1.4.8; http://mj12bot.com/)"
135.181.79.106 - - [28/Apr/2025:09:39:48 -0400] "GET /mlp/%EF%BB%BFhttp://52-sell.com/o4q/432-park-avenue-apartments-for-sale.html HTTP/1.1" 301 0 "-" "Mozilla/5.0 (compatible; MJ12bot/v1.4.8; http://mj12bot.com/)"
156.67.83.167 - - [28/Apr/2025:09:39:49 -0400] "GET /mlp/%EF%BB%BFhttp:/52-sell.com/o4q/house-for-rent-17517.html HTTP/1.1" 404 39338 "-" "Mozilla/5.0 (compatible; MJ12bot/v1.4.8; http://mj12bot.com/)"
193.176.23.38 - - [28/Apr/2025:09:39:52 -0400] "GET / HTTP/1.0" 200 639584 "https://arsn.media/" "Mozilla/5.0 (Windows NT 10.0; Win64; x64) AppleWebKit/537.36 (KHTML, like Gecko) Chrome/130.0.0.0 Safari/537.36"
135.181.79.106 - - [28/Apr/2025:09:39:53 -0400] "GET /mlp/%EF%BB%BFhttp:/52-sell.com/o4q/432-park-avenue-apartments-for-sale.html HTTP/1.1" 404 39280 "-" "Mozilla/5.0 (compatible; MJ12bot/v1.4.8; http://mj12bot.com/)"
156.67.83.167 - - [28/Apr/2025:09:39:56 -0400] "GET /mlp/%EF%BB%BFhttp://52-sell.com/o4q/houses-for-rent-in-pa.html HTTP/1.1" 301 0 "-" "Mozilla/5.0 (compatible; MJ12bot/v1.4.8; http://mj12bot.com/)"
66.29.132.124 - - [28/Apr/2025:09:39:58 -0400] "POST /wp-admin/admin-ajax.php?action=as_async_request_queue_runner&nonce=77c05c7365 HTTP/1.1" 200 0 "-" "WordPress/6.8; https://arsn.media"
193.176.23.38 - - [28/Apr/2025:09:39:54 -0400] "POST /wp-admin/admin-ajax.php HTTP/1.0" 200 184 "https://arsn.media/" "Mozilla/5.0 (Windows NT 10.0; Win64; x64) AppleWebKit/537.36 (KHTML, like Gecko) Chrome/130.0.0.0 Safari/537.36"
135.181.79.106 - - [28/Apr/2025:09:39:58 -0400] "GET /mlp/%EF%BB%BFhttp://52-sell.com/o4q/4x4-flood-and-drain-tray.html HTTP/1.1" 301 0 "-" "Mozilla/5.0 (compatible; MJ12bot/v1.4.8; http://mj12bot.com/)"
135.181.79.106 - - [28/Apr/2025:09:40:01 -0400] "GET /mlp/%EF%BB%BFhttp:/52-sell.com/o4q/4x4-flood-and-drain-tray.html HTTP/1.1" 404 39256 "-" "Mozilla/5.0 (compatible; MJ12bot/v1.4.8; http://mj12bot.com/)"
135.181.79.106 - - [28/Apr/2025:09:40:09 -0400] "GET /mlp/%EF%BB%BFhttp://52-sell.com/o4q/4x8x16-lumber-near-me.html HTTP/1.1" 301 0 "-" "Mozilla/5.0 (compatible; MJ12bot/v1.4.8; http://mj12bot.com/)"
156.67.83.167 - - [28/Apr/2025:09:40:09 -0400] "GET /mlp/%EF%BB%BFhttp:/52-sell.com/o4q/houses-for-rent-in-pa.html HTTP/1.1" 404 39337 "-" "Mozilla/5.0 (compatible; MJ12bot/v1.4.8; http://mj12bot.com/)"
135.181.79.106 - - [28/Apr/2025:09:40:13 -0400] "GET /mlp/%EF%BB%BFhttp:/52-sell.com/o4q/4x8x16-lumber-near-me.html HTTP/1.1" 404 39403 "-" "Mozilla/5.0 (compatible; MJ12bot/v1.4.8; http://mj12bot.com/)"
135.181.79.106 - - [28/Apr/2025:09:40:18 -0400] "GET /mlp/%EF%BB%BFhttp://52-sell.com/o4q/5-week-flowering-strains.html HTTP/1.1" 301 0 "-" "Mozilla/5.0 (compatible; MJ12bot/v1.4.8; http://mj12bot.com/)"
156.67.83.167 - - [28/Apr/2025:09:40:20 -0400] "GET /mlp/%EF%BB%BFhttp://52-sell.com/o4q/houses-for-rent-in-pennfield-michigan.html HTTP/1.1" 301 0 "-" "Mozilla/5.0 (compatible; MJ12bot/v1.4.8; http://mj12bot.com/)"
135.181.79.106 - - [28/Apr/2025:09:40:22 -0400] "GET /mlp/%EF%BB%BFhttp:/52-sell.com/o4q/5-week-flowering-strains.html HTTP/1.1" 404 39275 "-" "Mozilla/5.0 (compatible; MJ12bot/v1.4.8; http://mj12bot.com/)"
135.181.79.106 - - [28/Apr/2025:09:40:27 -0400] "GET /mlp/%EF%BB%BFhttp://52-sell.com/o4q/5e-avatar.html HTTP/1.1" 301 0 "-" "Mozilla/5.0 (compatible; MJ12bot/v1.4.8; http://mj12bot.com/)"
156.67.83.167 - - [28/Apr/2025:09:40:32 -0400] "GET /mlp/%EF%BB%BFhttp:/52-sell.com/o4q/houses-for-rent-in-pennfield-michigan.html HTTP/1.1" 404 39146 "-" "Mozilla/5.0 (compatible; MJ12bot/v1.4.8; http://mj12bot.com/)"
135.181.79.106 - - [28/Apr/2025:09:40:32 -0400] "GET /mlp/%EF%BB%BFhttp:/52-sell.com/o4q/5e-avatar.html HTTP/1.1" 404 39305 "-" "Mozilla/5.0 (compatible; MJ12bot/v1.4.8; http://mj12bot.com/)"
66.29.132.124 - - [28/Apr/2025:09:40:38 -0400] "POST /wp-cron.php?doing_wp_cron=1745847638.5190069675445556640625 HTTP/1.1" 200 0 "-" "WordPress/6.8; https://arsn.media"
135.181.79.106 - - [28/Apr/2025:09:40:37 -0400] "GET /mlp/%EF%BB%BFhttp://52-sell.com/o4q/62-inch-rv-couch.html HTTP/1.1" 301 0 "-" "Mozilla/5.0 (compatible; MJ12bot/v1.4.8; http://mj12bot.com/)"
66.29.132.124 - - [28/Apr/2025:09:40:39 -0400] "POST /wp-admin/admin-ajax.php?action=async_litespeed&nonce=busaDrNmi6epMb1iOvJkTfq8mKnHMc9B&litespeed_type=imgoptm HTTP/1.1" 200 21 "-" "WordPress/6.8; https://arsn.media"
156.67.83.167 - - [28/Apr/2025:09:40:41 -0400] "GET /mlp/%EF%BB%BFhttp://52-sell.com/o4q/houses-for-sale-canton-ohio.html HTTP/1.1" 301 0 "-" "Mozilla/5.0 (compatible; MJ12bot/v1.4.8; http://mj12bot.com/)"
135.181.79.106 - - [28/Apr/2025:09:40:41 -0400] "GET /mlp/%EF%BB%BFhttp:/52-sell.com/o4q/62-inch-rv-couch.html HTTP/1.1" 404 39241 "-" "Mozilla/5.0 (compatible; MJ12bot/v1.4.8; http://mj12bot.com/)"
135.181.79.106 - - [28/Apr/2025:09:40:45 -0400] "GET /mlp/%EF%BB%BFhttp://52-sell.com/o4q/7-days-to-die-melee-weapons.html HTTP/1.1" 301 0 "-" "Mozilla/5.0 (compatible; MJ12bot/v1.4.8; http://mj12bot.com/)"
135.181.79.106 - - [28/Apr/2025:09:40:48 -0400] "GET /mlp/%EF%BB%BFhttp:/52-sell.com/o4q/7-days-to-die-melee-weapons.html HTTP/1.1" 404 39227 "-" "Mozilla/5.0 (compatible; MJ12bot/v1.4.8; http://mj12bot.com/)"
66.29.132.124 - - [28/Apr/2025:09:40:51 -0400] "POST /wp-cron.php?doing_wp_cron=1745847650.8289029598236083984375 HTTP/1.1" 200 0 "-" "WordPress/6.8; https://arsn.media"
156.67.83.167 - - [28/Apr/2025:09:40:49 -0400] "GET /mlp/%EF%BB%BFhttp:/52-sell.com/o4q/houses-for-sale-canton-ohio.html HTTP/1.1" 404 39231 "-" "Mozilla/5.0 (compatible; MJ12bot/v1.4.8; http://mj12bot.com/)"
135.181.79.106 - - [28/Apr/2025:09:40:53 -0400] "GET /mlp/%EF%BB%BFhttp://52-sell.com/o4q/80-percent-arms-complaints.html HTTP/1.1" 301 0 "-" "Mozilla/5.0 (compatible; MJ12bot/v1.4.8; http://mj12bot.com/)"
156.67.83.167 - - [28/Apr/2025:09:40:56 -0400] "GET /mlp/%EF%BB%BFhttp://52-sell.com/o4q/houses-for-sale-in-edgewood-montgomery-al.html HTTP/1.1" 301 0 "-" "Mozilla/5.0 (compatible; MJ12bot/v1.4.8; http://mj12bot.com/)"
135.181.79.106 - - [28/Apr/2025:09:40:58 -0400] "GET /mlp/%EF%BB%BFhttp:/52-sell.com/o4q/80-percent-arms-complaints.html HTTP/1.1" 404 39388 "-" "Mozilla/5.0 (compatible; MJ12bot/v1.4.8; http://mj12bot.com/)"
135.181.79.106 - - [28/Apr/2025:09:41:03 -0400] "GET /mlp/%EF%BB%BFhttp://52-sell.com/o4q/80-series-land-cruiser-steering-wheel.html HTTP/1.1" 301 0 "-" "Mozilla/5.0 (compatible; MJ12bot/v1.4.8; http://mj12bot.com/)"
135.181.79.106 - - [28/Apr/2025:09:41:08 -0400] "GET /mlp/%EF%BB%BFhttp:/52-sell.com/o4q/80-series-land-cruiser-steering-wheel.html HTTP/1.1" 404 39146 "-" "Mozilla/5.0 (compatible; MJ12bot/v1.4.8; http://mj12bot.com/)"
156.67.83.167 - - [28/Apr/2025:09:41:08 -0400] "GET /mlp/%EF%BB%BFhttp:/52-sell.com/o4q/houses-for-sale-in-edgewood-montgomery-al.html HTTP/1.1" 404 39320 "-" "Mozilla/5.0 (compatible; MJ12bot/v1.4.8; http://mj12bot.com/)"
135.181.79.106 - - [28/Apr/2025:09:41:12 -0400] "GET /mlp/%EF%BB%BFhttp://52-sell.com/o4q/85-chevy-350-fuel-pump.html HTTP/1.1" 301 0 "-" "Mozilla/5.0 (compatible; MJ12bot/v1.4.8; http://mj12bot.com/)"
135.181.79.106 - - [28/Apr/2025:09:41:15 -0400] "GET /mlp/%EF%BB%BFhttp:/52-sell.com/o4q/85-chevy-350-fuel-pump.html HTTP/1.1" 404 39337 "-" "Mozilla/5.0 (compatible; MJ12bot/v1.4.8; http://mj12bot.com/)"
156.67.83.167 - - [28/Apr/2025:09:41:16 -0400] "GET /mlp/%EF%BB%BFhttp://52-sell.com/o4q/houses-for-sale-in-panania.html HTTP/1.1" 301 0 "-" "Mozilla/5.0 (compatible; MJ12bot/v1.4.8; http://mj12bot.com/)"
135.181.79.106 - - [28/Apr/2025:09:41:19 -0400] "GET /mlp/%EF%BB%BFhttp://52-sell.com/o4q/90s-hip-hop-workout-songs.html HTTP/1.1" 301 0 "-" "Mozilla/5.0 (compatible; MJ12bot/v1.4.8; http://mj12bot.com/)"
135.181.79.106 - - [28/Apr/2025:09:41:23 -0400] "GET /mlp/%EF%BB%BFhttp:/52-sell.com/o4q/90s-hip-hop-workout-songs.html HTTP/1.1" 404 39201 "-" "Mozilla/5.0 (compatible; MJ12bot/v1.4.8; http://mj12bot.com/)"
156.67.83.167 - - [28/Apr/2025:09:41:26 -0400] "GET /mlp/%EF%BB%BFhttp:/52-sell.com/o4q/houses-for-sale-in-panania.html HTTP/1.1" 404 39384 "-" "Mozilla/5.0 (compatible; MJ12bot/v1.4.8; http://mj12bot.com/)"
135.181.79.106 - - [28/Apr/2025:09:41:29 -0400] "GET /mlp/%EF%BB%BFhttp://52-sell.com/o4q/99-club-car-ds-controller.html HTTP/1.1" 301 0 "-" "Mozilla/5.0 (compatible; MJ12bot/v1.4.8; http://mj12bot.com/)"
156.67.83.167 - - [28/Apr/2025:09:41:31 -0400] "GET /mlp/%EF%BB%BFhttp://52-sell.com/o4q/houses-in-georgia-for-sale.html HTTP/1.1" 301 0 "-" "Mozilla/5.0 (compatible; MJ12bot/v1.4.8; http://mj12bot.com/)"
135.181.79.106 - - [28/Apr/2025:09:41:32 -0400] "GET /mlp/%EF%BB%BFhttp:/52-sell.com/o4q/99-club-car-ds-controller.html HTTP/1.1" 404 39253 "-" "Mozilla/5.0 (compatible; MJ12bot/v1.4.8; http://mj12bot.com/)"
66.29.132.124 - - [28/Apr/2025:09:41:37 -0400] "POST /wp-cron.php?doing_wp_cron=1745847697.6632750034332275390625 HTTP/1.1" 200 0 "-" "WordPress/6.8; https://arsn.media"
135.181.79.106 - - [28/Apr/2025:09:41:37 -0400] "GET /mlp/%EF%BB%BFhttp://52-sell.com/o4q/aap-kaha-ho-in-nepali.html HTTP/1.1" 301 0 "-" "Mozilla/5.0 (compatible; MJ12bot/v1.4.8; http://mj12bot.com/)"
66.29.132.124 - - [28/Apr/2025:09:41:39 -0400] "POST /wp-admin/admin-ajax.php?action=async_litespeed&nonce=XyloDmDVVOl2AxtxNvIOPQmaJ4f39mCN&litespeed_type=imgoptm HTTP/1.1" 200 0 "-" "WordPress/6.8; https://arsn.media"
66.29.132.124 - - [28/Apr/2025:09:41:40 -0400] "POST /wp-admin/admin-ajax.php?action=as_async_request_queue_runner&nonce=77c05c7365 HTTP/1.1" 200 0 "-" "WordPress/6.8; https://arsn.media"
156.67.83.167 - - [28/Apr/2025:09:41:39 -0400] "GET /mlp/%EF%BB%BFhttp:/52-sell.com/o4q/houses-in-georgia-for-sale.html HTTP/1.1" 404 39379 "-" "Mozilla/5.0 (compatible; MJ12bot/v1.4.8; http://mj12bot.com/)"
3.16.90.150 - - [28/Apr/2025:09:41:40 -0400] "GET /2025/01/10/keyword-research-tips-for-effective-pest-control-seo/feed HTTP/1.1" 301 0 "-" "Mozilla/5.0 AppleWebKit/537.36 (KHTML, like Gecko; compatible; ClaudeBot/1.0; +claudebot@anthropic.com)"
135.181.79.106 - - [28/Apr/2025:09:41:40 -0400] "GET /mlp/%EF%BB%BFhttp:/52-sell.com/o4q/aap-kaha-ho-in-nepali.html HTTP/1.1" 404 39334 "-" "Mozilla/5.0 (compatible; MJ12bot/v1.4.8; http://mj12bot.com/)"
3.16.90.150 - - [28/Apr/2025:09:41:42 -0400] "GET /2025/01/10/keyword-research-tips-for-effective-pest-control-seo/feed/ HTTP/1.1" 200 440 "https://arsn.media/2025/01/10/keyword-research-tips-for-effective-pest-control-seo/feed" "Mozilla/5.0 AppleWebKit/537.36 (KHTML, like Gecko; compatible; ClaudeBot/1.0; +claudebot@anthropic.com)"
135.181.79.106 - - [28/Apr/2025:09:41:45 -0400] "GET /mlp/%EF%BB%BFhttp://52-sell.com/o4q/absame-pronunciation.html HTTP/1.1" 301 0 "-" "Mozilla/5.0 (compatible; MJ12bot/v1.4.8; http://mj12bot.com/)"
135.181.79.106 - - [28/Apr/2025:09:41:48 -0400] "GET /mlp/%EF%BB%BFhttp:/52-sell.com/o4q/absame-pronunciation.html HTTP/1.1" 404 39333 "-" "Mozilla/5.0 (compatible; MJ12bot/v1.4.8; http://mj12bot.com/)"
156.67.83.167 - - [28/Apr/2025:09:41:49 -0400] "GET /mlp/%EF%BB%BFhttp://52-sell.com/o4q/how-did-enoch-go-to-heaven-without-dying.html HTTP/1.1" 301 0 "-" "Mozilla/5.0 (compatible; MJ12bot/v1.4.8; http://mj12bot.com/)"
66.29.132.124 - - [28/Apr/2025:09:41:53 -0400] "POST /wp-cron.php?doing_wp_cron=1745847713.1891939640045166015625 HTTP/1.1" 200 0 "-" "WordPress/6.8; https://arsn.media"
156.67.83.167 - - [28/Apr/2025:09:42:12 -0400] "GET /mlp/%EF%BB%BFhttp:/52-sell.com/o4q/how-do-yabbies-get-into-dams.html HTTP/1.1" 404 39366 "-" "Mozilla/5.0 (compatible; MJ12bot/v1.4.8; http://mj12bot.com/)"
135.181.79.106 - - [28/Apr/2025:09:42:12 -0400] "GET /mlp/%EF%BB%BFhttp:/52-sell.com/o4q/accel-spark-plug-576s.html HTTP/1.1" 404 39335 "-" "Mozilla/5.0 (compatible; MJ12bot/v1.4.8; http://mj12bot.com/)"
135.181.79.106 - - [28/Apr/2025:09:42:17 -0400] "GET /mlp/%EF%BB%BFhttp://52-sell.com/o4q/accurate-car-blueprints.html HTTP/1.1" 301 0 "-" "Mozilla/5.0 (compatible; MJ12bot/v1.4.8; http://mj12bot.com/)"
156.67.83.167 - - [28/Apr/2025:09:42:20 -0400] "GET /mlp/%EF%BB%BFhttp://52-sell.com/o4q/how-do-you-pray-the-9-day-novena.html HTTP/1.1" 301 0 "-" "Mozilla/5.0 (compatible; MJ12bot/v1.4.8; http://mj12bot.com/)"
135.181.79.106 - - [28/Apr/2025:09:42:21 -0400] "GET /mlp/%EF%BB%BFhttp:/52-sell.com/o4q/accurate-car-blueprints.html HTTP/1.1" 404 39380 "-" "Mozilla/5.0 (compatible; MJ12bot/v1.4.8; http://mj12bot.com/)"
135.181.79.106 - - [28/Apr/2025:09:42:25 -0400] "GET /mlp/%EF%BB%BFhttp://52-sell.com/o4q/aconite-flower.html HTTP/1.1" 301 0 "-" "Mozilla/5.0 (compatible; MJ12bot/v1.4.8; http://mj12bot.com/)"
156.67.83.167 - - [28/Apr/2025:09:42:26 -0400] "GET /mlp/%EF%BB%BFhttp:/52-sell.com/o4q/how-do-you-pray-the-9-day-novena.html HTTP/1.1" 404 39167 "-" "Mozilla/5.0 (compatible; MJ12bot/v1.4.8; http://mj12bot.com/)"
135.181.79.106 - - [28/Apr/2025:09:42:29 -0400] "GET /mlp/%EF%BB%BFhttp:/52-sell.com/o4q/aconite-flower.html HTTP/1.1" 404 39163 "-" "Mozilla/5.0 (compatible; MJ12bot/v1.4.8; http://mj12bot.com/)"
156.67.83.167 - - [28/Apr/2025:09:42:33 -0400] "GET /mlp/%EF%BB%BFhttp://52-sell.com/o4q/how-long-does-a-used-transmission-last.html HTTP/1.1" 301 0 "-" "Mozilla/5.0 (compatible; MJ12bot/v1.4.8; http://mj12bot.com/)"
66.29.132.124 - - [28/Apr/2025:09:42:34 -0400] "POST /wp-cron.php?doing_wp_cron=1745847754.4877541065216064453125 HTTP/1.1" 200 0 "-" "WordPress/6.8; https://arsn.media"
135.181.79.106 - - [28/Apr/2025:09:42:33 -0400] "GET /mlp/%EF%BB%BFhttp://52-sell.com/o4q/acrylic-sheet-spotlight.html HTTP/1.1" 301 0 "-" "Mozilla/5.0 (compatible; MJ12bot/v1.4.8; http://mj12bot.com/)"
66.29.132.124 - - [28/Apr/2025:09:42:35 -0400] "POST /wp-admin/admin-ajax.php?action=async_litespeed&nonce=Z2qjEy6ypdRfSe2B7XvFTRLCzt5NbMnq&litespeed_type=imgoptm HTTP/1.1" 200 21 "-" "WordPress/6.8; https://arsn.media"
20.171.207.19 - - [28/Apr/2025:09:42:35 -0400] "GET /wp-admin/comment.php?action=spam&c=623 HTTP/1.1" 302 0 "-" "Mozilla/5.0 AppleWebKit/537.36 (KHTML, like Gecko; compatible; GPTBot/1.2; +https://openai.com/gptbot)"
20.171.207.19 - - [28/Apr/2025:09:42:38 -0400] "GET /wp-admin/comment.php?action=trash&c=623 HTTP/1.1" 302 0 "-" "Mozilla/5.0 AppleWebKit/537.36 (KHTML, like Gecko; compatible; GPTBot/1.2; +https://openai.com/gptbot)"
135.181.79.106 - - [28/Apr/2025:09:42:37 -0400] "GET /mlp/%EF%BB%BFhttp:/52-sell.com/o4q/acrylic-sheet-spotlight.html HTTP/1.1" 404 39352 "-" "Mozilla/5.0 (compatible; MJ12bot/v1.4.8; http://mj12bot.com/)"
156.67.83.167 - - [28/Apr/2025:09:42:39 -0400] "GET /mlp/%EF%BB%BFhttp:/52-sell.com/o4q/how-long-does-a-used-transmission-last.html HTTP/1.1" 404 39183 "-" "Mozilla/5.0 (compatible; MJ12bot/v1.4.8; http://mj12bot.com/)"
66.29.132.124 - - [28/Apr/2025:09:42:41 -0400] "POST /wp-admin/admin-ajax.php?action=as_async_request_queue_runner&nonce=77c05c7365 HTTP/1.1" 200 0 "-" "WordPress/6.8; https://arsn.media"
20.171.207.19 - - [28/Apr/2025:09:42:40 -0400] "GET /wp-admin/comment.php?action=approve&c=623 HTTP/1.1" 302 0 "-" "Mozilla/5.0 AppleWebKit/537.36 (KHTML, like Gecko; compatible; GPTBot/1.2; +https://openai.com/gptbot)"
135.181.79.106 - - [28/Apr/2025:09:42:41 -0400] "GET /mlp/%EF%BB%BFhttp://52-sell.com/o4q/active-autowerke-midpipe-install.html HTTP/1.1" 301 0 "-" "Mozilla/5.0 (compatible; MJ12bot/v1.4.8; http://mj12bot.com/)"
20.171.207.19 - - [28/Apr/2025:09:42:42 -0400] "GET /wp-login.php?reauth=1&redirect_to=https%3A%2F%2Farsn.media%2Fwp-admin%2Fcomment.php%3Faction%3Dspam%26c%3D623 HTTP/1.1" 200 1895 "-" "Mozilla/5.0 AppleWebKit/537.36 (KHTML, like Gecko; compatible; GPTBot/1.2; +https://openai.com/gptbot)"
20.171.207.19 - - [28/Apr/2025:09:42:44 -0400] "GET /wp-login.php?reauth=1&redirect_to=https%3A%2F%2Farsn.media%2Fwp-admin%2Fcomment.php%3Faction%3Dtrash%26c%3D623 HTTP/1.1" 200 1897 "-" "Mozilla/5.0 AppleWebKit/537.36 (KHTML, like Gecko; compatible; GPTBot/1.2; +https://openai.com/gptbot)"
135.181.79.106 - - [28/Apr/2025:09:42:44 -0400] "GET /mlp/%EF%BB%BFhttp:/52-sell.com/o4q/active-autowerke-midpipe-install.html HTTP/1.1" 404 39124 "-" "Mozilla/5.0 (compatible; MJ12bot/v1.4.8; http://mj12bot.com/)"
156.67.83.167 - - [28/Apr/2025:09:42:46 -0400] "GET /mlp/%EF%BB%BFhttp://52-sell.com/o4q/how-long-does-bios-update-take-lenovo.html HTTP/1.1" 301 0 "-" "Mozilla/5.0 (compatible; MJ12bot/v1.4.8; http://mj12bot.com/)"
20.171.207.19 - - [28/Apr/2025:09:42:47 -0400] "GET /wp-login.php?reauth=1&redirect_to=https%3A%2F%2Farsn.media%2Fwp-admin%2Fcomment.php%3Faction%3Dapprove%26c%3D623 HTTP/1.1" 200 1899 "-" "Mozilla/5.0 AppleWebKit/537.36 (KHTML, like Gecko; compatible; GPTBot/1.2; +https://openai.com/gptbot)"
135.181.79.106 - - [28/Apr/2025:09:42:49 -0400] "GET /mlp/%EF%BB%BFhttp://52-sell.com/o4q/addon-redux-age-of-civilization-2.html HTTP/1.1" 301 0 "-" "Mozilla/5.0 (compatible; MJ12bot/v1.4.8; http://mj12bot.com/)"
66.29.132.124 - - [28/Apr/2025:09:42:53 -0400] "POST /wp-cron.php?doing_wp_cron=1745847773.3241140842437744140625 HTTP/1.1" 200 0 "-" "WordPress/6.8; https://arsn.media"
135.181.79.106 - - [28/Apr/2025:09:42:52 -0400] "GET /mlp/%EF%BB%BFhttp:/52-sell.com/o4q/addon-redux-age-of-civilization-2.html HTTP/1.1" 404 39245 "-" "Mozilla/5.0 (compatible; MJ12bot/v1.4.8; http://mj12bot.com/)"
156.67.83.167 - - [28/Apr/2025:09:42:53 -0400] "GET /mlp/%EF%BB%BFhttp:/52-sell.com/o4q/how-long-does-bios-update-take-lenovo.html HTTP/1.1" 404 39146 "-" "Mozilla/5.0 (compatible; MJ12bot/v1.4.8; http://mj12bot.com/)"
135.181.79.106 - - [28/Apr/2025:09:42:56 -0400] "GET /mlp/%EF%BB%BFhttp://52-sell.com/o4q/adidas-jiu-jitsu.html HTTP/1.1" 301 0 "-" "Mozilla/5.0 (compatible; MJ12bot/v1.4.8; http://mj12bot.com/)"
156.67.83.167 - - [28/Apr/2025:09:43:00 -0400] "GET /mlp/%EF%BB%BFhttp://52-sell.com/o4q/how-long-does-ereassign-take.html HTTP/1.1" 301 0 "-" "Mozilla/5.0 (compatible; MJ12bot/v1.4.8; http://mj12bot.com/)"
135.181.79.106 - - [28/Apr/2025:09:42:59 -0400] "GET /mlp/%EF%BB%BFhttp:/52-sell.com/o4q/adidas-jiu-jitsu.html HTTP/1.1" 404 39292 "-" "Mozilla/5.0 (compatible; MJ12bot/v1.4.8; http://mj12bot.com/)"
135.181.79.106 - - [28/Apr/2025:09:43:04 -0400] "GET /mlp/%EF%BB%BFhttp://52-sell.com/o4q/adp-coil-tonnage.html HTTP/1.1" 301 0 "-" "Mozilla/5.0 (compatible; MJ12bot/v1.4.8; http://mj12bot.com/)"
156.67.83.167 - - [28/Apr/2025:09:43:06 -0400] "GET /mlp/%EF%BB%BFhttp:/52-sell.com/o4q/how-long-does-ereassign-take.html HTTP/1.1" 404 39321 "-" "Mozilla/5.0 (compatible; MJ12bot/v1.4.8; http://mj12bot.com/)"
135.181.79.106 - - [28/Apr/2025:09:43:07 -0400] "GET /mlp/%EF%BB%BFhttp:/52-sell.com/o4q/adp-coil-tonnage.html HTTP/1.1" 404 39288 "-" "Mozilla/5.0 (compatible; MJ12bot/v1.4.8; http://mj12bot.com/)"
135.181.79.106 - - [28/Apr/2025:09:43:11 -0400] "GET /mlp/%EF%BB%BFhttp://52-sell.com/o4q/aev-katla-wheels.html HTTP/1.1" 301 0 "-" "Mozilla/5.0 (compatible; MJ12bot/v1.4.8; http://mj12bot.com/)"
156.67.83.167 - - [28/Apr/2025:09:43:15 -0400] "GET /mlp/%EF%BB%BFhttp://52-sell.com/o4q/how-long-does-oculus-quest-2-take-to-update.html HTTP/1.1" 301 0 "-" "Mozilla/5.0 (compatible; MJ12bot/v1.4.8; http://mj12bot.com/)"
135.181.79.106 - - [28/Apr/2025:09:43:15 -0400] "GET /mlp/%EF%BB%BFhttp:/52-sell.com/o4q/aev-katla-wheels.html HTTP/1.1" 404 39290 "-" "Mozilla/5.0 (compatible; MJ12bot/v1.4.8; http://mj12bot.com/)"
156.67.83.167 - - [28/Apr/2025:09:43:29 -0400] "GET /mlp/%EF%BB%BFhttp://52-sell.com/o4q/how-long-to-steam-kale.html HTTP/1.1" 301 0 "-" "Mozilla/5.0 (compatible; MJ12bot/v1.4.8; http://mj12bot.com/)"
135.181.79.106 - - [28/Apr/2025:09:43:29 -0400] "GET /mlp/%EF%BB%BFhttp:/52-sell.com/o4q/affordable-housing-los-angeles.html HTTP/1.1" 404 39241 "-" "Mozilla/5.0 (compatible; MJ12bot/v1.4.8; http://mj12bot.com/)"
66.29.132.124 - - [28/Apr/2025:09:43:35 -0400] "POST /wp-cron.php?doing_wp_cron=1745847815.0105080604553222656250 HTTP/1.1" 200 0 "-" "WordPress/6.8; https://arsn.media"
135.181.79.106 - - [28/Apr/2025:09:43:34 -0400] "GET /mlp/%EF%BB%BFhttp://52-sell.com/o4q/affordable-prefab-homes.html HTTP/1.1" 301 0 "-" "Mozilla/5.0 (compatible; MJ12bot/v1.4.8; http://mj12bot.com/)"
156.67.83.167 - - [28/Apr/2025:09:43:34 -0400] "GET /mlp/%EF%BB%BFhttp:/52-sell.com/o4q/how-long-to-steam-kale.html HTTP/1.1" 404 39285 "-" "Mozilla/5.0 (compatible; MJ12bot/v1.4.8; http://mj12bot.com/)"
66.29.132.124 - - [28/Apr/2025:09:43:36 -0400] "POST /wp-admin/admin-ajax.php?action=async_litespeed&nonce=7WgoBLTA35cLqnvuUfCx60uDeDnskbzr&litespeed_type=imgoptm HTTP/1.1" 200 0 "-" "WordPress/6.8; https://arsn.media"
135.181.79.106 - - [28/Apr/2025:09:43:37 -0400] "GET /mlp/%EF%BB%BFhttp:/52-sell.com/o4q/affordable-prefab-homes.html HTTP/1.1" 404 39395 "-" "Mozilla/5.0 (compatible; MJ12bot/v1.4.8; http://mj12bot.com/)"
156.67.83.167 - - [28/Apr/2025:09:43:40 -0400] "GET /mlp/%EF%BB%BFhttp://52-sell.com/o4q/how-many-bags-of-sand-for-pool-filter.html HTTP/1.1" 301 0 "-" "Mozilla/5.0 (compatible; MJ12bot/v1.4.8; http://mj12bot.com/)"
135.181.79.106 - - [28/Apr/2025:09:43:41 -0400] "GET /mlp/%EF%BB%BFhttp://52-sell.com/o4q/after-scanning-all-your-packages-during-loadout-when-should-you-swipe-to-finish-quizlet.html HTTP/1.1" 301 0 "-" "Mozilla/5.0 (compatible; MJ12bot/v1.4.8; http://mj12bot.com/)"
135.181.79.106 - - [28/Apr/2025:09:43:44 -0400] "GET /mlp/%EF%BB%BFhttp:/52-sell.com/o4q/after-scanning-all-your-packages-during-loadout-when-should-you-swipe-to-finish-quizlet.html HTTP/1.1" 404 39360 "-" "Mozilla/5.0 (compatible; MJ12bot/v1.4.8; http://mj12bot.com/)"
156.67.83.167 - - [28/Apr/2025:09:43:45 -0400] "GET /mlp/%EF%BB%BFhttp:/52-sell.com/o4q/how-many-bags-of-sand-for-pool-filter.html HTTP/1.1" 404 39162 "-" "Mozilla/5.0 (compatible; MJ12bot/v1.4.8; http://mj12bot.com/)"
135.181.79.106 - - [28/Apr/2025:09:43:47 -0400] "GET /mlp/%EF%BB%BFhttp://52-sell.com/o4q/airdrop-solana-devnet.html HTTP/1.1" 301 0 "-" "Mozilla/5.0 (compatible; MJ12bot/v1.4.8; http://mj12bot.com/)"
66.29.132.124 - - [28/Apr/2025:09:43:51 -0400] "POST /wp-cron.php?doing_wp_cron=1745847831.8456680774688720703125 HTTP/1.1" 200 0 "-" "WordPress/6.8; https://arsn.media"
156.67.83.167 - - [28/Apr/2025:09:43:51 -0400] "GET /mlp/%EF%BB%BFhttp://52-sell.com/o4q/how-many-hashtags-on-tiktok.html HTTP/1.1" 301 0 "-" "Mozilla/5.0 (compatible; MJ12bot/v1.4.8; http://mj12bot.com/)"
135.181.79.106 - - [28/Apr/2025:09:43:51 -0400] "GET /mlp/%EF%BB%BFhttp:/52-sell.com/o4q/airdrop-solana-devnet.html HTTP/1.1" 404 39392 "-" "Mozilla/5.0 (compatible; MJ12bot/v1.4.8; http://mj12bot.com/)"
135.181.79.106 - - [28/Apr/2025:09:43:55 -0400] "GET /mlp/%EF%BB%BFhttp://52-sell.com/o4q/airflow-microservices.html HTTP/1.1" 301 0 "-" "Mozilla/5.0 (compatible; MJ12bot/v1.4.8; http://mj12bot.com/)"
