192.95.29.138 - - [28/Apr/2025:07:31:15 -0400] "GET /mlp/%EF%BB%BFhttp:/52-sell.com/o4q/pumpkin-perfume-bath-and-body-works.html HTTP/1.1" 404 39288 "-" "Mozilla/5.0 (compatible; MJ12bot/v1.4.8; http://mj12bot.com/)"
65.108.110.26 - - [28/Apr/2025:07:31:17 -0400] "GET /mlp/%EF%BB%BFhttp:/52-sell.com/o4q/used-go-kart-parts-for-sale-near-ohio.html HTTP/1.1" 404 39096 "-" "Mozilla/5.0 (compatible; MJ12bot/v1.4.8; http://mj12bot.com/)"
192.95.29.138 - - [28/Apr/2025:07:31:20 -0400] "GET /mlp/%EF%BB%BFhttp://52-sell.com/o4q/purplebricks-grimsby.html HTTP/1.1" 301 0 "-" "Mozilla/5.0 (compatible; MJ12bot/v1.4.8; http://mj12bot.com/)"
65.108.110.26 - - [28/Apr/2025:07:31:22 -0400] "GET /mlp/%EF%BB%BFhttp://52-sell.com/o4q/used-halloween-costumes-for-sale.html HTTP/1.1" 301 0 "-" "Mozilla/5.0 (compatible; MJ12bot/v1.4.8; http://mj12bot.com/)"
192.95.29.138 - - [28/Apr/2025:07:31:23 -0400] "GET /mlp/%EF%BB%BFhttp:/52-sell.com/o4q/purplebricks-grimsby.html HTTP/1.1" 404 39335 "-" "Mozilla/5.0 (compatible; MJ12bot/v1.4.8; http://mj12bot.com/)"
65.108.110.26 - - [28/Apr/2025:07:31:28 -0400] "GET /mlp/%EF%BB%BFhttp:/52-sell.com/o4q/used-halloween-costumes-for-sale.html HTTP/1.1" 404 39127 "-" "Mozilla/5.0 (compatible; MJ12bot/v1.4.8; http://mj12bot.com/)"
192.95.29.138 - - [28/Apr/2025:07:31:30 -0400] "GET /mlp/%EF%BB%BFhttp://52-sell.com/o4q/putnam-county-courthouse-tax-office.html HTTP/1.1" 301 0 "-" "Mozilla/5.0 (compatible; MJ12bot/v1.4.8; http://mj12bot.com/)"
66.29.132.124 - - [28/Apr/2025:07:31:35 -0400] "POST /wp-cron.php?doing_wp_cron=1745839895.3853499889373779296875 HTTP/1.1" 200 0 "-" "WordPress/6.8; https://arsn.media"
65.108.110.26 - - [28/Apr/2025:07:31:34 -0400] "GET /mlp/%EF%BB%BFhttp://52-sell.com/o4q/used-haulmark-trailers-for-sale-near-me.html HTTP/1.1" 301 0 "-" "Mozilla/5.0 (compatible; MJ12bot/v1.4.8; http://mj12bot.com/)"
192.95.29.138 - - [28/Apr/2025:07:31:34 -0400] "GET /mlp/%EF%BB%BFhttp:/52-sell.com/o4q/putnam-county-courthouse-tax-office.html HTTP/1.1" 404 39349 "-" "Mozilla/5.0 (compatible; MJ12bot/v1.4.8; http://mj12bot.com/)"
66.29.132.124 - - [28/Apr/2025:07:31:37 -0400] "POST /wp-admin/admin-ajax.php?action=async_litespeed&nonce=hlxZMXBwAFxiH8fB2EeqG4yMItjTsxaj&litespeed_type=imgoptm HTTP/1.1" 200 0 "-" "WordPress/6.8; https://arsn.media"
65.108.110.26 - - [28/Apr/2025:07:31:38 -0400] "GET /mlp/%EF%BB%BFhttp:/52-sell.com/o4q/used-haulmark-trailers-for-sale-near-me.html HTTP/1.1" 404 39175 "-" "Mozilla/5.0 (compatible; MJ12bot/v1.4.8; http://mj12bot.com/)"
192.95.29.138 - - [28/Apr/2025:07:31:39 -0400] "GET /mlp/%EF%BB%BFhttp://52-sell.com/o4q/pyqt5-background-color.html HTTP/1.1" 301 0 "-" "Mozilla/5.0 (compatible; MJ12bot/v1.4.8; http://mj12bot.com/)"
20.171.207.19 - - [28/Apr/2025:07:31:41 -0400] "GET /wp-content/uploads/2020/10/404.png%20707w,%20https:/arsn.media/wp-content/uploads/2020/10/404-300x110.png%20300w HTTP/1.1" 404 39244 "-" "Mozilla/5.0 AppleWebKit/537.36 (KHTML, like Gecko; compatible; GPTBot/1.2; +https://openai.com/gptbot)"
65.108.110.26 - - [28/Apr/2025:07:31:42 -0400] "GET /mlp/%EF%BB%BFhttp://52-sell.com/o4q/used-maytag-washer-for-sale.html HTTP/1.1" 301 0 "-" "Mozilla/5.0 (compatible; MJ12bot/v1.4.8; http://mj12bot.com/)"
20.171.207.19 - - [28/Apr/2025:07:31:44 -0400] "GET /wp-content/uploads/2020/09/ARSN-Final-Logos-scaled.jpg%202560w,%20https:/arsn.media/wp-content/uploads/2020/09/ARSN-Final-Logos-300x138.jpg%20300w,%20https:/arsn.media/wp-content/uploads/2020/09/ARSN-Final-Logos-1024x471.jpg%201024w,%20https:/arsn.media/ARSN-Final-Logos-768x353.jpg%20768w,%20https:/ARSN-Final-Logos-1536x706.jpg%201536w,%20https:/ARSN-Final-Logos-2048x942.jpg%202048w HTTP/1.1" 404 39352 "-" "Mozilla/5.0 AppleWebKit/537.36 (KHTML, like Gecko; compatible; GPTBot/1.2; +https://openai.com/gptbot)"
192.95.29.138 - - [28/Apr/2025:07:31:42 -0400] "GET /mlp/%EF%BB%BFhttp:/52-sell.com/o4q/pyqt5-background-color.html HTTP/1.1" 404 39361 "-" "Mozilla/5.0 (compatible; MJ12bot/v1.4.8; http://mj12bot.com/)"
192.95.29.138 - - [28/Apr/2025:07:31:46 -0400] "GET /mlp/%EF%BB%BFhttp://52-sell.com/o4q/pyqt5-qlistwidget-get-selected-item.html HTTP/1.1" 301 0 "-" "Mozilla/5.0 (compatible; MJ12bot/v1.4.8; http://mj12bot.com/)"
20.171.207.19 - - [28/Apr/2025:07:31:46 -0400] "GET /wp-content/themes/onum/js/design-test.js HTTP/1.1" 404 21276 "-" "Mozilla/5.0 AppleWebKit/537.36 (KHTML, like Gecko; compatible; GPTBot/1.2; +https://openai.com/gptbot)"
20.171.207.19 - - [28/Apr/2025:07:31:48 -0400] "GET /wp-json/elementskit/v1/ HTTP/1.1" 404 114 "-" "Mozilla/5.0 AppleWebKit/537.36 (KHTML, like Gecko; compatible; GPTBot/1.2; +https://openai.com/gptbot)"
65.108.110.26 - - [28/Apr/2025:07:31:46 -0400] "GET /mlp/%EF%BB%BFhttp:/52-sell.com/o4q/used-maytag-washer-for-sale.html HTTP/1.1" 404 39231 "-" "Mozilla/5.0 (compatible; MJ12bot/v1.4.8; http://mj12bot.com/)"
66.29.132.124 - - [28/Apr/2025:07:31:50 -0400] "POST /wp-cron.php?doing_wp_cron=1745839910.2502770423889160156250 HTTP/1.1" 200 0 "-" "WordPress/6.8; https://arsn.media"
20.171.207.19 - - [28/Apr/2025:07:31:51 -0400] "GET /wp-content/themes/onum/css/design-test.css?ver=6.7.1 HTTP/1.1" 404 39403 "-" "Mozilla/5.0 AppleWebKit/537.36 (KHTML, like Gecko; compatible; GPTBot/1.2; +https://openai.com/gptbot)"
192.95.29.138 - - [28/Apr/2025:07:31:49 -0400] "GET /mlp/%EF%BB%BFhttp:/52-sell.com/o4q/pyqt5-qlistwidget-get-selected-item.html HTTP/1.1" 404 39306 "-" "Mozilla/5.0 (compatible; MJ12bot/v1.4.8; http://mj12bot.com/)"
65.108.110.26 - - [28/Apr/2025:07:31:51 -0400] "GET /mlp/%EF%BB%BFhttp://52-sell.com/o4q/used-mercedes-for-sale-mn.html HTTP/1.1" 301 0 "-" "Mozilla/5.0 (compatible; MJ12bot/v1.4.8; http://mj12bot.com/)"
192.95.29.138 - - [28/Apr/2025:07:31:53 -0400] "GET /mlp/%EF%BB%BFhttp://52-sell.com/o4q/python-3d-graphics-library.html HTTP/1.1" 301 0 "-" "Mozilla/5.0 (compatible; MJ12bot/v1.4.8; http://mj12bot.com/)"
65.108.110.26 - - [28/Apr/2025:07:31:54 -0400] "GET /mlp/%EF%BB%BFhttp:/52-sell.com/o4q/used-mercedes-for-sale-mn.html HTTP/1.1" 404 39263 "-" "Mozilla/5.0 (compatible; MJ12bot/v1.4.8; http://mj12bot.com/)"
192.95.29.138 - - [28/Apr/2025:07:31:55 -0400] "GET /mlp/%EF%BB%BFhttp:/52-sell.com/o4q/python-3d-graphics-library.html HTTP/1.1" 404 39336 "-" "Mozilla/5.0 (compatible; MJ12bot/v1.4.8; http://mj12bot.com/)"
65.108.110.26 - - [28/Apr/2025:07:31:58 -0400] "GET /mlp/%EF%BB%BFhttp://52-sell.com/o4q/used-minivans-for-sale-near-me-under-10-000.html HTTP/1.1" 301 0 "-" "Mozilla/5.0 (compatible; MJ12bot/v1.4.8; http://mj12bot.com/)"
192.95.29.138 - - [28/Apr/2025:07:31:58 -0400] "GET /mlp/%EF%BB%BFhttp://52-sell.com/o4q/python-cryptography-fernet.html HTTP/1.1" 301 0 "-" "Mozilla/5.0 (compatible; MJ12bot/v1.4.8; http://mj12bot.com/)"
192.95.29.138 - - [28/Apr/2025:07:32:01 -0400] "GET /mlp/%EF%BB%BFhttp:/52-sell.com/o4q/python-cryptography-fernet.html HTTP/1.1" 404 39388 "-" "Mozilla/5.0 (compatible; MJ12bot/v1.4.8; http://mj12bot.com/)"
65.108.110.26 - - [28/Apr/2025:07:32:01 -0400] "GET /mlp/%EF%BB%BFhttp:/52-sell.com/o4q/used-minivans-for-sale-near-me-under-10-000.html HTTP/1.1" 404 39276 "-" "Mozilla/5.0 (compatible; MJ12bot/v1.4.8; http://mj12bot.com/)"
192.95.29.138 - - [28/Apr/2025:07:32:05 -0400] "GET /mlp/%EF%BB%BFhttp://52-sell.com/o4q/python-return-or-raise-valueerror-hackerrank-solution.html HTTP/1.1" 301 0 "-" "Mozilla/5.0 (compatible; MJ12bot/v1.4.8; http://mj12bot.com/)"
65.108.110.26 - - [28/Apr/2025:07:32:06 -0400] "GET /mlp/%EF%BB%BFhttp://52-sell.com/o4q/used-suzuki-motorcycle-for-sale.html HTTP/1.1" 301 0 "-" "Mozilla/5.0 (compatible; MJ12bot/v1.4.8; http://mj12bot.com/)"
192.95.29.138 - - [28/Apr/2025:07:32:08 -0400] "GET /mlp/%EF%BB%BFhttp:/52-sell.com/o4q/python-return-or-raise-valueerror-hackerrank-solution.html HTTP/1.1" 404 39396 "-" "Mozilla/5.0 (compatible; MJ12bot/v1.4.8; http://mj12bot.com/)"
65.108.110.26 - - [28/Apr/2025:07:32:09 -0400] "GET /mlp/%EF%BB%BFhttp:/52-sell.com/o4q/used-suzuki-motorcycle-for-sale.html HTTP/1.1" 404 39186 "-" "Mozilla/5.0 (compatible; MJ12bot/v1.4.8; http://mj12bot.com/)"
192.95.29.138 - - [28/Apr/2025:07:32:12 -0400] "GET /mlp/%EF%BB%BFhttp://52-sell.com/o4q/qfs-quantum-financial-system-2021.html HTTP/1.1" 301 0 "-" "Mozilla/5.0 (compatible; MJ12bot/v1.4.8; http://mj12bot.com/)"
65.108.110.26 - - [28/Apr/2025:07:32:13 -0400] "GET /mlp/%EF%BB%BFhttp://52-sell.com/o4q/usssa-baseball-tournaments-az.html HTTP/1.1" 301 0 "-" "Mozilla/5.0 (compatible; MJ12bot/v1.4.8; http://mj12bot.com/)"
192.95.29.138 - - [28/Apr/2025:07:32:14 -0400] "GET /mlp/%EF%BB%BFhttp:/52-sell.com/o4q/qfs-quantum-financial-system-2021.html HTTP/1.1" 404 39190 "-" "Mozilla/5.0 (compatible; MJ12bot/v1.4.8; http://mj12bot.com/)"
65.108.110.26 - - [28/Apr/2025:07:32:16 -0400] "GET /mlp/%EF%BB%BFhttp:/52-sell.com/o4q/usssa-baseball-tournaments-az.html HTTP/1.1" 404 39239 "-" "Mozilla/5.0 (compatible; MJ12bot/v1.4.8; http://mj12bot.com/)"
192.95.29.138 - - [28/Apr/2025:07:32:17 -0400] "GET /mlp/%EF%BB%BFhttp://52-sell.com/o4q/qlink-phones-and-prices.html HTTP/1.1" 301 0 "-" "Mozilla/5.0 (compatible; MJ12bot/v1.4.8; http://mj12bot.com/)"
65.108.110.26 - - [28/Apr/2025:07:32:19 -0400] "GET /mlp/%EF%BB%BFhttp://52-sell.com/o4q/v2rayn-ubuntu.html HTTP/1.1" 301 0 "-" "Mozilla/5.0 (compatible; MJ12bot/v1.4.8; http://mj12bot.com/)"
192.95.29.138 - - [28/Apr/2025:07:32:19 -0400] "GET /mlp/%EF%BB%BFhttp:/52-sell.com/o4q/qlink-phones-and-prices.html HTTP/1.1" 404 39346 "-" "Mozilla/5.0 (compatible; MJ12bot/v1.4.8; http://mj12bot.com/)"
192.95.29.138 - - [28/Apr/2025:07:32:22 -0400] "GET /mlp/%EF%BB%BFhttp://52-sell.com/o4q/qlink-replacement-phone.html HTTP/1.1" 301 0 "-" "Mozilla/5.0 (compatible; MJ12bot/v1.4.8; http://mj12bot.com/)"
65.108.110.26 - - [28/Apr/2025:07:32:23 -0400] "GET /mlp/%EF%BB%BFhttp:/52-sell.com/o4q/v2rayn-ubuntu.html HTTP/1.1" 404 39456 "-" "Mozilla/5.0 (compatible; MJ12bot/v1.4.8; http://mj12bot.com/)"
192.95.29.138 - - [28/Apr/2025:07:32:25 -0400] "GET /mlp/%EF%BB%BFhttp:/52-sell.com/o4q/qlink-replacement-phone.html HTTP/1.1" 404 39393 "-" "Mozilla/5.0 (compatible; MJ12bot/v1.4.8; http://mj12bot.com/)"
65.108.110.26 - - [28/Apr/2025:07:32:26 -0400] "GET /mlp/%EF%BB%BFhttp://52-sell.com/o4q/va-circuit-court.html HTTP/1.1" 301 0 "-" "Mozilla/5.0 (compatible; MJ12bot/v1.4.8; http://mj12bot.com/)"
192.95.29.138 - - [28/Apr/2025:07:32:29 -0400] "GET /mlp/%EF%BB%BFhttp://52-sell.com/o4q/qml-component-ondestruction.html HTTP/1.1" 301 0 "-" "Mozilla/5.0 (compatible; MJ12bot/v1.4.8; http://mj12bot.com/)"
65.108.110.26 - - [28/Apr/2025:07:32:31 -0400] "GET /mlp/%EF%BB%BFhttp:/52-sell.com/o4q/va-circuit-court.html HTTP/1.1" 404 39296 "-" "Mozilla/5.0 (compatible; MJ12bot/v1.4.8; http://mj12bot.com/)"
192.95.29.138 - - [28/Apr/2025:07:32:33 -0400] "GET /mlp/%EF%BB%BFhttp:/52-sell.com/o4q/qml-component-ondestruction.html HTTP/1.1" 404 39235 "-" "Mozilla/5.0 (compatible; MJ12bot/v1.4.8; http://mj12bot.com/)"
66.29.132.124 - - [28/Apr/2025:07:32:37 -0400] "POST /wp-cron.php?doing_wp_cron=1745839956.9906508922576904296875 HTTP/1.1" 200 0 "-" "WordPress/6.8; https://arsn.media"
192.95.29.138 - - [28/Apr/2025:07:32:35 -0400] "GET /mlp/%EF%BB%BFhttp://52-sell.com/o4q/quick-assist-install-failed.html HTTP/1.1" 301 0 "-" "Mozilla/5.0 (compatible; MJ12bot/v1.4.8; http://mj12bot.com/)"
65.108.110.26 - - [28/Apr/2025:07:32:35 -0400] "GET /mlp/%EF%BB%BFhttp://52-sell.com/o4q/valid-email-verifier-download.html HTTP/1.1" 301 0 "-" "Mozilla/5.0 (compatible; MJ12bot/v1.4.8; http://mj12bot.com/)"
66.29.132.124 - - [28/Apr/2025:07:32:38 -0400] "POST /wp-admin/admin-ajax.php?action=async_litespeed&nonce=QqycTcNBAVTjutOxzTIay9CI5cuMRVw2&litespeed_type=imgoptm HTTP/1.1" 200 0 "-" "WordPress/6.8; https://arsn.media"
192.95.29.138 - - [28/Apr/2025:07:32:39 -0400] "GET /mlp/%EF%BB%BFhttp:/52-sell.com/o4q/quick-assist-install-failed.html HTTP/1.1" 404 39189 "-" "Mozilla/5.0 (compatible; MJ12bot/v1.4.8; http://mj12bot.com/)"
65.108.110.26 - - [28/Apr/2025:07:32:39 -0400] "GET /mlp/%EF%BB%BFhttp:/52-sell.com/o4q/valid-email-verifier-download.html HTTP/1.1" 404 39277 "-" "Mozilla/5.0 (compatible; MJ12bot/v1.4.8; http://mj12bot.com/)"
192.95.29.138 - - [28/Apr/2025:07:32:42 -0400] "GET /mlp/%EF%BB%BFhttp://52-sell.com/o4q/quicksight-free-form.html HTTP/1.1" 301 0 "-" "Mozilla/5.0 (compatible; MJ12bot/v1.4.8; http://mj12bot.com/)"
65.108.110.26 - - [28/Apr/2025:07:32:44 -0400] "GET /mlp/%EF%BB%BFhttp://52-sell.com/o4q/valvoline-75w140-synthetic-gear-oil-review.html HTTP/1.1" 301 0 "-" "Mozilla/5.0 (compatible; MJ12bot/v1.4.8; http://mj12bot.com/)"
192.95.29.138 - - [28/Apr/2025:07:32:44 -0400] "GET /mlp/%EF%BB%BFhttp:/52-sell.com/o4q/quicksight-free-form.html HTTP/1.1" 404 39363 "-" "Mozilla/5.0 (compatible; MJ12bot/v1.4.8; http://mj12bot.com/)"
20.171.207.19 - - [28/Apr/2025:07:32:45 -0400] "GET /808/%EF%BB%BFhttp:/52-sell.com/9it/united-health-group-address.html HTTP/1.1" 404 39259 "-" "Mozilla/5.0 AppleWebKit/537.36 (KHTML, like Gecko; compatible; GPTBot/1.2; +https://openai.com/gptbot)"
192.95.29.138 - - [28/Apr/2025:07:32:48 -0400] "GET /mlp/%EF%BB%BFhttp://52-sell.com/o4q/qvc-dresses-susan-graver.html HTTP/1.1" 301 0 "-" "Mozilla/5.0 (compatible; MJ12bot/v1.4.8; http://mj12bot.com/)"
65.108.110.26 - - [28/Apr/2025:07:32:48 -0400] "GET /mlp/%EF%BB%BFhttp:/52-sell.com/o4q/valvoline-75w140-synthetic-gear-oil-review.html HTTP/1.1" 404 39308 "-" "Mozilla/5.0 (compatible; MJ12bot/v1.4.8; http://mj12bot.com/)"
66.29.132.124 - - [28/Apr/2025:07:32:52 -0400] "POST /wp-cron.php?doing_wp_cron=1745839972.1470570564270019531250 HTTP/1.1" 200 0 "-" "WordPress/6.8; https://arsn.media"
65.108.110.26 - - [28/Apr/2025:07:32:52 -0400] "GET /mlp/%EF%BB%BFhttp://52-sell.com/o4q/van-captain-seat.html HTTP/1.1" 301 0 "-" "Mozilla/5.0 (compatible; MJ12bot/v1.4.8; http://mj12bot.com/)"
192.95.29.138 - - [28/Apr/2025:07:32:51 -0400] "GET /mlp/%EF%BB%BFhttp:/52-sell.com/o4q/qvc-dresses-susan-graver.html HTTP/1.1" 404 39219 "-" "Mozilla/5.0 (compatible; MJ12bot/v1.4.8; http://mj12bot.com/)"
192.95.29.138 - - [28/Apr/2025:07:32:57 -0400] "GET /mlp/%EF%BB%BFhttp://52-sell.com/o4q/r53-valve-adjustment.html HTTP/1.1" 301 0 "-" "Mozilla/5.0 (compatible; MJ12bot/v1.4.8; http://mj12bot.com/)"
65.108.110.26 - - [28/Apr/2025:07:32:56 -0400] "GET /mlp/%EF%BB%BFhttp:/52-sell.com/o4q/van-captain-seat.html HTTP/1.1" 404 39245 "-" "Mozilla/5.0 (compatible; MJ12bot/v1.4.8; http://mj12bot.com/)"
192.95.29.138 - - [28/Apr/2025:07:33:00 -0400] "GET /mlp/%EF%BB%BFhttp:/52-sell.com/o4q/r53-valve-adjustment.html HTTP/1.1" 404 39337 "-" "Mozilla/5.0 (compatible; MJ12bot/v1.4.8; http://mj12bot.com/)"
65.108.110.26 - - [28/Apr/2025:07:33:02 -0400] "GET /mlp/%EF%BB%BFhttp://52-sell.com/o4q/vance-and-hines-exhaust-warranty.html HTTP/1.1" 301 0 "-" "Mozilla/5.0 (compatible; MJ12bot/v1.4.8; http://mj12bot.com/)"
192.95.29.138 - - [28/Apr/2025:07:33:04 -0400] "GET /mlp/%EF%BB%BFhttp://52-sell.com/o4q/raf-admin-jobs.html HTTP/1.1" 301 0 "-" "Mozilla/5.0 (compatible; MJ12bot/v1.4.8; http://mj12bot.com/)"
65.108.110.26 - - [28/Apr/2025:07:33:05 -0400] "GET /mlp/%EF%BB%BFhttp:/52-sell.com/o4q/vance-and-hines-exhaust-warranty.html HTTP/1.1" 404 39173 "-" "Mozilla/5.0 (compatible; MJ12bot/v1.4.8; http://mj12bot.com/)"
192.95.29.138 - - [28/Apr/2025:07:33:06 -0400] "GET /mlp/%EF%BB%BFhttp:/52-sell.com/o4q/raf-admin-jobs.html HTTP/1.1" 404 39162 "-" "Mozilla/5.0 (compatible; MJ12bot/v1.4.8; http://mj12bot.com/)"
65.108.110.26 - - [28/Apr/2025:07:33:10 -0400] "GET /mlp/%EF%BB%BFhttp://52-sell.com/o4q/vape-mod-basics.html HTTP/1.1" 301 0 "-" "Mozilla/5.0 (compatible; MJ12bot/v1.4.8; http://mj12bot.com/)"
192.95.29.138 - - [28/Apr/2025:07:33:10 -0400] "GET /mlp/%EF%BB%BFhttp://52-sell.com/o4q/raidrive-vs-rclone.html HTTP/1.1" 301 0 "-" "Mozilla/5.0 (compatible; MJ12bot/v1.4.8; http://mj12bot.com/)"
192.95.29.138 - - [28/Apr/2025:07:33:13 -0400] "GET /mlp/%EF%BB%BFhttp:/52-sell.com/o4q/raidrive-vs-rclone.html HTTP/1.1" 404 39247 "-" "Mozilla/5.0 (compatible; MJ12bot/v1.4.8; http://mj12bot.com/)"
65.108.110.26 - - [28/Apr/2025:07:33:13 -0400] "GET /mlp/%EF%BB%BFhttp:/52-sell.com/o4q/vape-mod-basics.html HTTP/1.1" 404 39341 "-" "Mozilla/5.0 (compatible; MJ12bot/v1.4.8; http://mj12bot.com/)"
192.95.29.138 - - [28/Apr/2025:07:33:16 -0400] "GET /mlp/%EF%BB%BFhttp://52-sell.com/o4q/rails-scope-with-params.html HTTP/1.1" 301 0 "-" "Mozilla/5.0 (compatible; MJ12bot/v1.4.8; http://mj12bot.com/)"
65.108.110.26 - - [28/Apr/2025:07:33:18 -0400] "GET /mlp/%EF%BB%BFhttp://52-sell.com/o4q/vbmeta-image.html HTTP/1.1" 301 0 "-" "Mozilla/5.0 (compatible; MJ12bot/v1.4.8; http://mj12bot.com/)"
192.95.29.138 - - [28/Apr/2025:07:33:18 -0400] "GET /mlp/%EF%BB%BFhttp:/52-sell.com/o4q/rails-scope-with-params.html HTTP/1.1" 404 39386 "-" "Mozilla/5.0 (compatible; MJ12bot/v1.4.8; http://mj12bot.com/)"
192.95.29.138 - - [28/Apr/2025:07:33:22 -0400] "GET /mlp/%EF%BB%BFhttp://52-sell.com/o4q/raising-hands-in-dua-after-prayer.html HTTP/1.1" 301 0 "-" "Mozilla/5.0 (compatible; MJ12bot/v1.4.8; http://mj12bot.com/)"
65.108.110.26 - - [28/Apr/2025:07:33:21 -0400] "GET /mlp/%EF%BB%BFhttp:/52-sell.com/o4q/vbmeta-image.html HTTP/1.1" 404 39451 "-" "Mozilla/5.0 (compatible; MJ12bot/v1.4.8; http://mj12bot.com/)"
192.95.29.138 - - [28/Apr/2025:07:33:24 -0400] "GET /mlp/%EF%BB%BFhttp:/52-sell.com/o4q/raising-hands-in-dua-after-prayer.html HTTP/1.1" 404 39190 "-" "Mozilla/5.0 (compatible; MJ12bot/v1.4.8; http://mj12bot.com/)"
65.108.110.26 - - [28/Apr/2025:07:33:27 -0400] "GET /mlp/%EF%BB%BFhttp://52-sell.com/o4q/velvet-ropes-celebrity-homes.html HTTP/1.1" 301 0 "-" "Mozilla/5.0 (compatible; MJ12bot/v1.4.8; http://mj12bot.com/)"
192.95.29.138 - - [28/Apr/2025:07:33:28 -0400] "GET /mlp/%EF%BB%BFhttp://52-sell.com/o4q/ram-trx-hennessey-horsepower.html HTTP/1.1" 301 0 "-" "Mozilla/5.0 (compatible; MJ12bot/v1.4.8; http://mj12bot.com/)"
65.108.110.26 - - [28/Apr/2025:07:33:30 -0400] "GET /mlp/%EF%BB%BFhttp:/52-sell.com/o4q/velvet-ropes-celebrity-homes.html HTTP/1.1" 404 39325 "-" "Mozilla/5.0 (compatible; MJ12bot/v1.4.8; http://mj12bot.com/)"
192.95.29.138 - - [28/Apr/2025:07:33:31 -0400] "GET /mlp/%EF%BB%BFhttp:/52-sell.com/o4q/ram-trx-hennessey-horsepower.html HTTP/1.1" 404 39367 "-" "Mozilla/5.0 (compatible; MJ12bot/v1.4.8; http://mj12bot.com/)"
65.108.110.26 - - [28/Apr/2025:07:33:35 -0400] "GET /mlp/%EF%BB%BFhttp://52-sell.com/o4q/venn-diagram-word-problems-with-answers-pdf.html HTTP/1.1" 301 0 "-" "Mozilla/5.0 (compatible; MJ12bot/v1.4.8; http://mj12bot.com/)"
66.29.132.124 - - [28/Apr/2025:07:33:36 -0400] "POST /wp-cron.php?doing_wp_cron=1745840016.4027390480041503906250 HTTP/1.1" 200 0 "-" "WordPress/6.8; https://arsn.media"
192.95.29.138 - - [28/Apr/2025:07:33:35 -0400] "GET /mlp/%EF%BB%BFhttp://52-sell.com/o4q/ranch-fence-wire.html HTTP/1.1" 301 0 "-" "Mozilla/5.0 (compatible; MJ12bot/v1.4.8; http://mj12bot.com/)"
66.29.132.124 - - [28/Apr/2025:07:33:37 -0400] "POST /wp-admin/admin-ajax.php?action=async_litespeed&nonce=Avq3XOPEEj0xowVNOggUEggDBYhEF4PC&litespeed_type=imgoptm HTTP/1.1" 200 0 "-" "WordPress/6.8; https://arsn.media"
192.95.29.138 - - [28/Apr/2025:07:33:38 -0400] "GET /mlp/%EF%BB%BFhttp:/52-sell.com/o4q/ranch-fence-wire.html HTTP/1.1" 404 39292 "-" "Mozilla/5.0 (compatible; MJ12bot/v1.4.8; http://mj12bot.com/)"
65.108.110.26 - - [28/Apr/2025:07:33:39 -0400] "GET /mlp/%EF%BB%BFhttp:/52-sell.com/o4q/venn-diagram-word-problems-with-answers-pdf.html HTTP/1.1" 404 39216 "-" "Mozilla/5.0 (compatible; MJ12bot/v1.4.8; http://mj12bot.com/)"
20.171.207.19 - - [28/Apr/2025:07:33:43 -0400] "GET /wp-json/elementskit/v1/ HTTP/1.1" 404 114 "-" "Mozilla/5.0 AppleWebKit/537.36 (KHTML, like Gecko; compatible; GPTBot/1.2; +https://openai.com/gptbot)"
192.95.29.138 - - [28/Apr/2025:07:33:42 -0400] "GET /mlp/%EF%BB%BFhttp://52-sell.com/o4q/random-vtuber.html HTTP/1.1" 301 0 "-" "Mozilla/5.0 (compatible; MJ12bot/v1.4.8; http://mj12bot.com/)"
20.171.207.19 - - [28/Apr/2025:07:33:45 -0400] "GET /wp-content/uploads/2020/09/ARSN-Final-Logos-scaled.jpg%202560w,%20https:/arsn.media/wp-content/uploads/2020/09/ARSN-Final-Logos-300x138.jpg%20300w,%20https:/arsn.media/wp-content/uploads/2020/09/ARSN-Final-Logos-1024x471.jpg%201024w,%20https:/arsn.media/ARSN-Final-Logos-768x353.jpg%20768w,%20https:/ARSN-Final-Logos-1536x706.jpg%201536w,%20https:/ARSN-Final-Logos-2048x942.jpg%202048w HTTP/1.1" 404 39352 "-" "Mozilla/5.0 AppleWebKit/537.36 (KHTML, like Gecko; compatible; GPTBot/1.2; +https://openai.com/gptbot)"
65.108.110.26 - - [28/Apr/2025:07:33:44 -0400] "GET /mlp/%EF%BB%BFhttp://52-sell.com/o4q/venus-conjunct-ascendant-synastry-forum.html HTTP/1.1" 301 0 "-" "Mozilla/5.0 (compatible; MJ12bot/v1.4.8; http://mj12bot.com/)"
20.171.207.19 - - [28/Apr/2025:07:33:47 -0400] "GET /wp-content/uploads/2020/10/404.png%20707w,%20https:/arsn.media/wp-content/uploads/2020/10/404-300x110.png%20300w HTTP/1.1" 404 39244 "-" "Mozilla/5.0 AppleWebKit/537.36 (KHTML, like Gecko; compatible; GPTBot/1.2; +https://openai.com/gptbot)"
192.95.29.138 - - [28/Apr/2025:07:33:45 -0400] "GET /mlp/%EF%BB%BFhttp:/52-sell.com/o4q/random-vtuber.html HTTP/1.1" 404 39432 "-" "Mozilla/5.0 (compatible; MJ12bot/v1.4.8; http://mj12bot.com/)"
65.108.110.26 - - [28/Apr/2025:07:33:47 -0400] "GET /mlp/%EF%BB%BFhttp:/52-sell.com/o4q/venus-conjunct-ascendant-synastry-forum.html HTTP/1.1" 404 39185 "-" "Mozilla/5.0 (compatible; MJ12bot/v1.4.8; http://mj12bot.com/)"
20.171.207.19 - - [28/Apr/2025:07:33:49 -0400] "GET /wp-content/themes/onum/css/design-test.css?ver=6.7.1 HTTP/1.1" 404 39403 "-" "Mozilla/5.0 AppleWebKit/537.36 (KHTML, like Gecko; compatible; GPTBot/1.2; +https://openai.com/gptbot)"
192.95.29.138 - - [28/Apr/2025:07:33:49 -0400] "GET /mlp/%EF%BB%BFhttp://52-sell.com/o4q/rascal-mobility-scooter-battery.html HTTP/1.1" 301 0 "-" "Mozilla/5.0 (compatible; MJ12bot/v1.4.8; http://mj12bot.com/)"
65.108.110.26 - - [28/Apr/2025:07:33:51 -0400] "GET /mlp/%EF%BB%BFhttp://52-sell.com/o4q/vermont-cart-wheels.html HTTP/1.1" 301 0 "-" "Mozilla/5.0 (compatible; MJ12bot/v1.4.8; http://mj12bot.com/)"
66.29.132.124 - - [28/Apr/2025:07:33:52 -0400] "POST /wp-cron.php?doing_wp_cron=1745840032.4409289360046386718750 HTTP/1.1" 200 0 "-" "WordPress/6.8; https://arsn.media"
20.171.207.19 - - [28/Apr/2025:07:33:51 -0400] "GET /wp-content/themes/onum/js/design-test.js HTTP/1.1" 404 21276 "-" "Mozilla/5.0 AppleWebKit/537.36 (KHTML, like Gecko; compatible; GPTBot/1.2; +https://openai.com/gptbot)"
192.95.29.138 - - [28/Apr/2025:07:33:51 -0400] "GET /mlp/%EF%BB%BFhttp:/52-sell.com/o4q/rascal-mobility-scooter-battery.html HTTP/1.1" 404 39187 "-" "Mozilla/5.0 (compatible; MJ12bot/v1.4.8; http://mj12bot.com/)"
192.95.29.138 - - [28/Apr/2025:07:33:55 -0400] "GET /mlp/%EF%BB%BFhttp://52-sell.com/o4q/raspberry-pi-zero-camera-install.html HTTP/1.1" 301 0 "-" "Mozilla/5.0 (compatible; MJ12bot/v1.4.8; http://mj12bot.com/)"
65.108.110.26 - - [28/Apr/2025:07:33:54 -0400] "GET /mlp/%EF%BB%BFhttp:/52-sell.com/o4q/vermont-cart-wheels.html HTTP/1.1" 404 39278 "-" "Mozilla/5.0 (compatible; MJ12bot/v1.4.8; http://mj12bot.com/)"
192.95.29.138 - - [28/Apr/2025:07:33:57 -0400] "GET /mlp/%EF%BB%BFhttp:/52-sell.com/o4q/raspberry-pi-zero-camera-install.html HTTP/1.1" 404 39170 "-" "Mozilla/5.0 (compatible; MJ12bot/v1.4.8; http://mj12bot.com/)"
65.108.110.26 - - [28/Apr/2025:07:33:58 -0400] "GET /mlp/%EF%BB%BFhttp://52-sell.com/o4q/vespa-cdi-unit-problems.html HTTP/1.1" 301 0 "-" "Mozilla/5.0 (compatible; MJ12bot/v1.4.8; http://mj12bot.com/)"
20.171.207.19 - - [28/Apr/2025:07:33:58 -0400] "GET /2025/02/16/wordpress-seo-service-boost-your-websites-visibility-and-ranking/ HTTP/1.1" 404 39248 "-" "Mozilla/5.0 AppleWebKit/537.36 (KHTML, like Gecko; compatible; GPTBot/1.2; +https://openai.com/gptbot)"
192.95.29.138 - - [28/Apr/2025:07:34:00 -0400] "GET /mlp/%EF%BB%BFhttp://52-sell.com/o4q/raw-crystal-meaning.html HTTP/1.1" 301 0 "-" "Mozilla/5.0 (compatible; MJ12bot/v1.4.8; http://mj12bot.com/)"
65.108.110.26 - - [28/Apr/2025:07:34:02 -0400] "GET /mlp/%EF%BB%BFhttp:/52-sell.com/o4q/vespa-cdi-unit-problems.html HTTP/1.1" 404 39374 "-" "Mozilla/5.0 (compatible; MJ12bot/v1.4.8; http://mj12bot.com/)"
192.95.29.138 - - [28/Apr/2025:07:34:04 -0400] "GET /mlp/%EF%BB%BFhttp:/52-sell.com/o4q/raw-crystal-meaning.html HTTP/1.1" 404 39223 "-" "Mozilla/5.0 (compatible; MJ12bot/v1.4.8; http://mj12bot.com/)"
65.108.110.26 - - [28/Apr/2025:07:34:08 -0400] "GET /mlp/%EF%BB%BFhttp://52-sell.com/o4q/vetementsshop-reddit.html HTTP/1.1" 301 0 "-" "Mozilla/5.0 (compatible; MJ12bot/v1.4.8; http://mj12bot.com/)"
65.108.110.26 - - [28/Apr/2025:07:34:10 -0400] "GET /mlp/%EF%BB%BFhttp:/52-sell.com/o4q/vetementsshop-reddit.html HTTP/1.1" 404 39283 "-" "Mozilla/5.0 (compatible; MJ12bot/v1.4.8; http://mj12bot.com/)"
20.171.207.19 - - [28/Apr/2025:07:34:11 -0400] "GET /wp-content/themes/twentyfour/inc/ HTTP/1.1" 404 39234 "-" "Mozilla/5.0 AppleWebKit/537.36 (KHTML, like Gecko; compatible; GPTBot/1.2; +https://openai.com/gptbot)"
65.108.110.26 - - [28/Apr/2025:07:34:13 -0400] "GET /mlp/%EF%BB%BFhttp://52-sell.com/o4q/vgg-face-weights-h5.html HTTP/1.1" 301 0 "-" "Mozilla/5.0 (compatible; MJ12bot/v1.4.8; http://mj12bot.com/)"
20.171.207.19 - - [28/Apr/2025:07:34:14 -0400] "GET /xmlrpc.php HTTP/1.1" 405 46 "-" "Mozilla/5.0 AppleWebKit/537.36 (KHTML, like Gecko; compatible; GPTBot/1.2; +https://openai.com/gptbot)"
65.108.110.26 - - [28/Apr/2025:07:34:16 -0400] "GET /mlp/%EF%BB%BFhttp:/52-sell.com/o4q/vgg-face-weights-h5.html HTTP/1.1" 404 39248 "-" "Mozilla/5.0 (compatible; MJ12bot/v1.4.8; http://mj12bot.com/)"
20.171.207.19 - - [28/Apr/2025:07:34:16 -0400] "GET /?p=12770 HTTP/1.1" 301 0 "-" "Mozilla/5.0 AppleWebKit/537.36 (KHTML, like Gecko; compatible; GPTBot/1.2; +https://openai.com/gptbot)"
65.108.110.26 - - [28/Apr/2025:07:34:19 -0400] "GET /mlp/%EF%BB%BFhttp://52-sell.com/o4q/video-player-apk-mod.html HTTP/1.1" 301 0 "-" "Mozilla/5.0 (compatible; MJ12bot/v1.4.8; http://mj12bot.com/)"
65.108.110.26 - - [28/Apr/2025:07:34:23 -0400] "GET /mlp/%EF%BB%BFhttp:/52-sell.com/o4q/video-player-apk-mod.html HTTP/1.1" 404 39333 "-" "Mozilla/5.0 (compatible; MJ12bot/v1.4.8; http://mj12bot.com/)"
65.108.110.26 - - [28/Apr/2025:07:34:27 -0400] "GET /mlp/%EF%BB%BFhttp://52-sell.com/o4q/video-processing-system-design.html HTTP/1.1" 301 0 "-" "Mozilla/5.0 (compatible; MJ12bot/v1.4.8; http://mj12bot.com/)"
65.108.110.26 - - [28/Apr/2025:07:34:30 -0400] "GET /mlp/%EF%BB%BFhttp:/52-sell.com/o4q/video-processing-system-design.html HTTP/1.1" 404 39264 "-" "Mozilla/5.0 (compatible; MJ12bot/v1.4.8; http://mj12bot.com/)"
66.29.132.124 - - [28/Apr/2025:07:34:36 -0400] "POST /wp-cron.php?doing_wp_cron=1745840076.6220569610595703125000 HTTP/1.1" 200 0 "-" "WordPress/6.8; https://arsn.media"
65.108.110.26 - - [28/Apr/2025:07:34:35 -0400] "GET /mlp/%EF%BB%BFhttp://52-sell.com/o4q/videojet-software-download.html HTTP/1.1" 301 0 "-" "Mozilla/5.0 (compatible; MJ12bot/v1.4.8; http://mj12bot.com/)"
66.29.132.124 - - [28/Apr/2025:07:34:38 -0400] "POST /wp-admin/admin-ajax.php?action=async_litespeed&nonce=JlyGCB7p3Z0pifSoq6k7w2btz1jfrbz8&litespeed_type=imgoptm HTTP/1.1" 200 0 "-" "WordPress/6.8; https://arsn.media"
66.29.132.124 - - [28/Apr/2025:07:34:40 -0400] "POST /wp-admin/admin-ajax.php?action=as_async_request_queue_runner&nonce=b691fb58eb HTTP/1.1" 200 0 "-" "WordPress/6.8; https://arsn.media"
65.108.110.26 - - [28/Apr/2025:07:34:40 -0400] "GET /mlp/%EF%BB%BFhttp:/52-sell.com/o4q/videojet-software-download.html HTTP/1.1" 404 39334 "-" "Mozilla/5.0 (compatible; MJ12bot/v1.4.8; http://mj12bot.com/)"
65.108.110.26 - - [28/Apr/2025:07:34:46 -0400] "GET /mlp/%EF%BB%BFhttp://52-sell.com/o4q/villiers-magneto.html HTTP/1.1" 301 0 "-" "Mozilla/5.0 (compatible; MJ12bot/v1.4.8; http://mj12bot.com/)"
66.29.132.124 - - [28/Apr/2025:07:34:51 -0400] "POST /wp-cron.php?doing_wp_cron=1745840091.4444460868835449218750 HTTP/1.1" 200 0 "-" "WordPress/6.8; https://arsn.media"
65.108.110.26 - - [28/Apr/2025:07:34:50 -0400] "GET /mlp/%EF%BB%BFhttp:/52-sell.com/o4q/villiers-magneto.html HTTP/1.1" 404 39297 "-" "Mozilla/5.0 (compatible; MJ12bot/v1.4.8; http://mj12bot.com/)"
66.29.132.124 - - [28/Apr/2025:07:35:00 -0400] "POST /wp-cron.php?doing_wp_cron=1745840100.2277629375457763671875 HTTP/1.1" 200 0 "-" "WordPress/6.8; https://arsn.media"
65.108.110.26 - - [28/Apr/2025:07:34:59 -0400] "GET /mlp/%EF%BB%BFhttp://52-sell.com/o4q/vintage-cast-iron-wheels-for-sale.html HTTP/1.1" 301 0 "-" "Mozilla/5.0 (compatible; MJ12bot/v1.4.8; http://mj12bot.com/)"
20.171.207.19 - - [28/Apr/2025:07:35:08 -0400] "GET /wp-content/uploads/2020/09/ARSN-Final-Logos-scaled.jpg%202560w,%20https:/arsn.media/wp-content/uploads/2020/09/ARSN-Final-Logos-300x138.jpg%20300w,%20https:/arsn.media/wp-content/uploads/2020/09/ARSN-Final-Logos-1024x471.jpg%201024w,%20https:/arsn.media/ARSN-Final-Logos-768x353.jpg%20768w,%20https:/ARSN-Final-Logos-1536x706.jpg%201536w,%20https:/ARSN-Final-Logos-2048x942.jpg%202048w HTTP/1.1" 404 39352 "-" "Mozilla/5.0 AppleWebKit/537.36 (KHTML, like Gecko; compatible; GPTBot/1.2; +https://openai.com/gptbot)"
65.108.110.26 - - [28/Apr/2025:07:35:05 -0400] "GET /mlp/%EF%BB%BFhttp:/52-sell.com/o4q/vintage-cast-iron-wheels-for-sale.html HTTP/1.1" 404 39188 "-" "Mozilla/5.0 (compatible; MJ12bot/v1.4.8; http://mj12bot.com/)"
20.171.207.19 - - [28/Apr/2025:07:35:10 -0400] "GET /wp-content/uploads/2020/10/404.png%20707w,%20https:/arsn.media/wp-content/uploads/2020/10/404-300x110.png%20300w HTTP/1.1" 404 39244 "-" "Mozilla/5.0 AppleWebKit/537.36 (KHTML, like Gecko; compatible; GPTBot/1.2; +https://openai.com/gptbot)"
20.171.207.19 - - [28/Apr/2025:07:35:11 -0400] "GET /wp-content/themes/onum/css/design-test.css?ver=6.7.2 HTTP/1.1" 404 39402 "-" "Mozilla/5.0 AppleWebKit/537.36 (KHTML, like Gecko; compatible; GPTBot/1.2; +https://openai.com/gptbot)"
20.171.207.19 - - [28/Apr/2025:07:35:14 -0400] "GET /wp-json/elementskit/v1/ HTTP/1.1" 404 114 "-" "Mozilla/5.0 AppleWebKit/537.36 (KHTML, like Gecko; compatible; GPTBot/1.2; +https://openai.com/gptbot)"
65.108.110.26 - - [28/Apr/2025:07:35:14 -0400] "GET /mlp/%EF%BB%BFhttp://52-sell.com/o4q/vintage-hood-ornaments-identification.html HTTP/1.1" 301 0 "-" "Mozilla/5.0 (compatible; MJ12bot/v1.4.8; http://mj12bot.com/)"
20.171.207.19 - - [28/Apr/2025:07:35:14 -0400] "GET /wp-content/themes/onum/js/design-test.js HTTP/1.1" 404 18479 "-" "Mozilla/5.0 AppleWebKit/537.36 (KHTML, like Gecko; compatible; GPTBot/1.2; +https://openai.com/gptbot)"
65.108.110.26 - - [28/Apr/2025:07:35:19 -0400] "GET /mlp/%EF%BB%BFhttp:/52-sell.com/o4q/vintage-hood-ornaments-identification.html HTTP/1.1" 404 39155 "-" "Mozilla/5.0 (compatible; MJ12bot/v1.4.8; http://mj12bot.com/)"
65.108.110.26 - - [28/Apr/2025:07:35:28 -0400] "GET /mlp/%EF%BB%BFhttp://52-sell.com/o4q/vinyl-wrap-a-door.html HTTP/1.1" 301 0 "-" "Mozilla/5.0 (compatible; MJ12bot/v1.4.8; http://mj12bot.com/)"
66.29.132.124 - - [28/Apr/2025:07:35:35 -0400] "POST /wp-cron.php?doing_wp_cron=1745840134.5402629375457763671875 HTTP/1.1" 200 0 "-" "WordPress/6.8; https://arsn.media"
66.29.132.124 - - [28/Apr/2025:07:35:37 -0400] "POST /wp-admin/admin-ajax.php?action=async_litespeed&nonce=JidbmKq3I5Xzmh2K2ghKCf8v19mojtFE&litespeed_type=imgoptm HTTP/1.1" 200 0 "-" "WordPress/6.8; https://arsn.media"
65.108.110.26 - - [28/Apr/2025:07:35:33 -0400] "GET /mlp/%EF%BB%BFhttp:/52-sell.com/o4q/vinyl-wrap-a-door.html HTTP/1.1" 404 39237 "-" "Mozilla/5.0 (compatible; MJ12bot/v1.4.8; http://mj12bot.com/)"
65.108.110.26 - - [28/Apr/2025:07:35:41 -0400] "GET /mlp/%EF%BB%BFhttp://52-sell.com/o4q/viper-212cc-engine-parts.html HTTP/1.1" 301 0 "-" "Mozilla/5.0 (compatible; MJ12bot/v1.4.8; http://mj12bot.com/)"
20.171.207.19 - - [28/Apr/2025:07:35:44 -0400] "GET /wp-content/uploads/2020/09/ARSN-Final-Logos-scaled.jpg%202560w,%20https:/arsn.media/wp-content/uploads/2020/09/ARSN-Final-Logos-300x138.jpg%20300w,%20https:/arsn.media/wp-content/uploads/2020/09/ARSN-Final-Logos-1024x471.jpg%201024w,%20https:/arsn.media/ARSN-Final-Logos-768x353.jpg%20768w,%20https:/ARSN-Final-Logos-1536x706.jpg%201536w,%20https:/ARSN-Final-Logos-2048x942.jpg%202048w HTTP/1.1" 404 39352 "-" "Mozilla/5.0 AppleWebKit/537.36 (KHTML, like Gecko; compatible; GPTBot/1.2; +https://openai.com/gptbot)"
20.171.207.19 - - [28/Apr/2025:07:35:45 -0400] "GET /wp-content/uploads/2020/10/404.png%20707w,%20https:/arsn.media/wp-content/uploads/2020/10/404-300x110.png%20300w HTTP/1.1" 404 39244 "-" "Mozilla/5.0 AppleWebKit/537.36 (KHTML, like Gecko; compatible; GPTBot/1.2; +https://openai.com/gptbot)"
65.108.110.26 - - [28/Apr/2025:07:35:45 -0400] "GET /mlp/%EF%BB%BFhttp:/52-sell.com/o4q/viper-212cc-engine-parts.html HTTP/1.1" 404 39273 "-" "Mozilla/5.0 (compatible; MJ12bot/v1.4.8; http://mj12bot.com/)"
20.171.207.19 - - [28/Apr/2025:07:35:47 -0400] "GET /wp-content/themes/onum/css/design-test.css?ver=6.7.1 HTTP/1.1" 404 39403 "-" "Mozilla/5.0 AppleWebKit/537.36 (KHTML, like Gecko; compatible; GPTBot/1.2; +https://openai.com/gptbot)"
65.108.110.26 - - [28/Apr/2025:07:35:50 -0400] "GET /mlp/%EF%BB%BFhttp://52-sell.com/o4q/virginia-to-dublin-bus-timetable.html HTTP/1.1" 301 0 "-" "Mozilla/5.0 (compatible; MJ12bot/v1.4.8; http://mj12bot.com/)"
66.29.132.124 - - [28/Apr/2025:07:35:51 -0400] "POST /wp-cron.php?doing_wp_cron=1745840150.8280339241027832031250 HTTP/1.1" 200 0 "-" "WordPress/6.8; https://arsn.media"
20.171.207.19 - - [28/Apr/2025:07:35:50 -0400] "GET /wp-content/themes/onum/js/design-test.js HTTP/1.1" 404 18479 "-" "Mozilla/5.0 AppleWebKit/537.36 (KHTML, like Gecko; compatible; GPTBot/1.2; +https://openai.com/gptbot)"
20.171.207.19 - - [28/Apr/2025:07:35:54 -0400] "GET /wp-json/elementskit/v1/ HTTP/1.1" 404 114 "-" "Mozilla/5.0 AppleWebKit/537.36 (KHTML, like Gecko; compatible; GPTBot/1.2; +https://openai.com/gptbot)"
65.108.110.26 - - [28/Apr/2025:07:35:54 -0400] "GET /mlp/%EF%BB%BFhttp:/52-sell.com/o4q/virginia-to-dublin-bus-timetable.html HTTP/1.1" 404 39173 "-" "Mozilla/5.0 (compatible; MJ12bot/v1.4.8; http://mj12bot.com/)"
65.108.110.26 - - [28/Apr/2025:07:36:00 -0400] "GET /mlp/%EF%BB%BFhttp://52-sell.com/o4q/virtua-fighter-5-ultimate-showdown-ps4-tier-list.html HTTP/1.1" 301 0 "-" "Mozilla/5.0 (compatible; MJ12bot/v1.4.8; http://mj12bot.com/)"
65.108.110.26 - - [28/Apr/2025:07:36:05 -0400] "GET /mlp/%EF%BB%BFhttp:/52-sell.com/o4q/virtua-fighter-5-ultimate-showdown-ps4-tier-list.html HTTP/1.1" 404 39305 "-" "Mozilla/5.0 (compatible; MJ12bot/v1.4.8; http://mj12bot.com/)"
65.108.110.26 - - [28/Apr/2025:07:36:09 -0400] "GET /mlp/%EF%BB%BFhttp://52-sell.com/o4q/virtual-android-pc.html HTTP/1.1" 301 0 "-" "Mozilla/5.0 (compatible; MJ12bot/v1.4.8; http://mj12bot.com/)"
65.108.110.26 - - [28/Apr/2025:07:36:13 -0400] "GET /mlp/%EF%BB%BFhttp:/52-sell.com/o4q/virtual-android-pc.html HTTP/1.1" 404 39217 "-" "Mozilla/5.0 (compatible; MJ12bot/v1.4.8; http://mj12bot.com/)"
65.108.110.26 - - [28/Apr/2025:07:36:18 -0400] "GET /mlp/%EF%BB%BFhttp://52-sell.com/o4q/virtual-graphics-card.html HTTP/1.1" 301 0 "-" "Mozilla/5.0 (compatible; MJ12bot/v1.4.8; http://mj12bot.com/)"
65.108.110.26 - - [28/Apr/2025:07:36:23 -0400] "GET /mlp/%EF%BB%BFhttp:/52-sell.com/o4q/virtual-graphics-card.html HTTP/1.1" 404 39337 "-" "Mozilla/5.0 (compatible; MJ12bot/v1.4.8; http://mj12bot.com/)"
65.108.110.26 - - [28/Apr/2025:07:36:28 -0400] "GET /mlp/%EF%BB%BFhttp://52-sell.com/o4q/visual-studio-git.html HTTP/1.1" 301 0 "-" "Mozilla/5.0 (compatible; MJ12bot/v1.4.8; http://mj12bot.com/)"
65.108.110.26 - - [28/Apr/2025:07:36:32 -0400] "GET /mlp/%EF%BB%BFhttp:/52-sell.com/o4q/visual-studio-git.html HTTP/1.1" 404 39294 "-" "Mozilla/5.0 (compatible; MJ12bot/v1.4.8; http://mj12bot.com/)"
66.29.132.124 - - [28/Apr/2025:07:36:38 -0400] "POST /wp-cron.php?doing_wp_cron=1745840197.8571970462799072265625 HTTP/1.1" 200 0 "-" "WordPress/6.8; https://arsn.media"
65.108.110.26 - - [28/Apr/2025:07:36:36 -0400] "GET /mlp/%EF%BB%BFhttp://52-sell.com/o4q/vivo-y11-1906-qcn-file-download.html HTTP/1.1" 301 0 "-" "Mozilla/5.0 (compatible; MJ12bot/v1.4.8; http://mj12bot.com/)"
20.171.207.19 - - [28/Apr/2025:07:36:40 -0400] "GET /wp-content/uploads/2020/10/404.png%20707w,%20https:/arsn.media/wp-content/uploads/2020/10/404-300x110.png%20300w HTTP/1.1" 404 39244 "-" "Mozilla/5.0 AppleWebKit/537.36 (KHTML, like Gecko; compatible; GPTBot/1.2; +https://openai.com/gptbot)"
66.29.132.124 - - [28/Apr/2025:07:36:39 -0400] "POST /wp-admin/admin-ajax.php?action=async_litespeed&nonce=UlSSCxtfww0VdQuZJpaPtGAI19XE4TER&litespeed_type=imgoptm HTTP/1.1" 200 0 "-" "WordPress/6.8; https://arsn.media"
20.171.207.19 - - [28/Apr/2025:07:36:42 -0400] "GET /wp-content/uploads/2020/09/ARSN-Final-Logos-scaled.jpg%202560w,%20https:/arsn.media/wp-content/uploads/2020/09/ARSN-Final-Logos-300x138.jpg%20300w,%20https:/arsn.media/wp-content/uploads/2020/09/ARSN-Final-Logos-1024x471.jpg%201024w,%20https:/arsn.media/ARSN-Final-Logos-768x353.jpg%20768w,%20https:/ARSN-Final-Logos-1536x706.jpg%201536w,%20https:/ARSN-Final-Logos-2048x942.jpg%202048w HTTP/1.1" 404 39352 "-" "Mozilla/5.0 AppleWebKit/537.36 (KHTML, like Gecko; compatible; GPTBot/1.2; +https://openai.com/gptbot)"
65.108.110.26 - - [28/Apr/2025:07:36:41 -0400] "GET /mlp/%EF%BB%BFhttp:/52-sell.com/o4q/vivo-y11-1906-qcn-file-download.html HTTP/1.1" 404 39130 "-" "Mozilla/5.0 (compatible; MJ12bot/v1.4.8; http://mj12bot.com/)"
20.171.207.19 - - [28/Apr/2025:07:36:44 -0400] "GET /wp-json/elementskit/v1/ HTTP/1.1" 404 114 "-" "Mozilla/5.0 AppleWebKit/537.36 (KHTML, like Gecko; compatible; GPTBot/1.2; +https://openai.com/gptbot)"
65.108.110.26 - - [28/Apr/2025:07:36:45 -0400] "GET /mlp/%EF%BB%BFhttp://52-sell.com/o4q/volkswagen-parts-catalog.html HTTP/1.1" 301 0 "-" "Mozilla/5.0 (compatible; MJ12bot/v1.4.8; http://mj12bot.com/)"
20.171.207.19 - - [28/Apr/2025:07:36:45 -0400] "GET /wp-content/themes/onum/js/design-test.js HTTP/1.1" 404 28505 "-" "Mozilla/5.0 AppleWebKit/537.36 (KHTML, like Gecko; compatible; GPTBot/1.2; +https://openai.com/gptbot)"
20.171.207.19 - - [28/Apr/2025:07:36:48 -0400] "GET /wp-content/themes/onum/css/design-test.css?ver=6.7.2 HTTP/1.1" 404 39402 "-" "Mozilla/5.0 AppleWebKit/537.36 (KHTML, like Gecko; compatible; GPTBot/1.2; +https://openai.com/gptbot)"
66.29.132.124 - - [28/Apr/2025:07:36:50 -0400] "POST /wp-cron.php?doing_wp_cron=1745840210.7247049808502197265625 HTTP/1.1" 200 0 "-" "WordPress/6.8; https://arsn.media"
65.108.110.26 - - [28/Apr/2025:07:36:49 -0400] "GET /mlp/%EF%BB%BFhttp:/52-sell.com/o4q/volkswagen-parts-catalog.html HTTP/1.1" 404 39273 "-" "Mozilla/5.0 (compatible; MJ12bot/v1.4.8; http://mj12bot.com/)"
20.171.207.19 - - [28/Apr/2025:07:36:50 -0400] "GET /808/%EF%BB%BFhttp:/52-sell.com/9it/veteran-grown-hemp-reddit.html HTTP/1.1" 404 24594 "-" "Mozilla/5.0 AppleWebKit/537.36 (KHTML, like Gecko; compatible; GPTBot/1.2; +https://openai.com/gptbot)"
65.108.110.26 - - [28/Apr/2025:07:36:53 -0400] "GET /mlp/%EF%BB%BFhttp://52-sell.com/o4q/volkswagen-pickup-truck.html HTTP/1.1" 301 0 "-" "Mozilla/5.0 (compatible; MJ12bot/v1.4.8; http://mj12bot.com/)"
65.108.110.26 - - [28/Apr/2025:07:36:57 -0400] "GET /mlp/%EF%BB%BFhttp:/52-sell.com/o4q/volkswagen-pickup-truck.html HTTP/1.1" 404 39342 "-" "Mozilla/5.0 (compatible; MJ12bot/v1.4.8; http://mj12bot.com/)"
65.108.110.26 - - [28/Apr/2025:07:37:00 -0400] "GET /mlp/%EF%BB%BFhttp://52-sell.com/o4q/volkswagen-t4-for-sale-near-brooklyn.html HTTP/1.1" 301 0 "-" "Mozilla/5.0 (compatible; MJ12bot/v1.4.8; http://mj12bot.com/)"
65.108.110.26 - - [28/Apr/2025:07:37:03 -0400] "GET /mlp/%EF%BB%BFhttp:/52-sell.com/o4q/volkswagen-t4-for-sale-near-brooklyn.html HTTP/1.1" 404 39252 "-" "Mozilla/5.0 (compatible; MJ12bot/v1.4.8; http://mj12bot.com/)"
65.108.110.26 - - [28/Apr/2025:07:37:06 -0400] "GET /mlp/%EF%BB%BFhttp://52-sell.com/o4q/volvo-s60-t5.html HTTP/1.1" 301 0 "-" "Mozilla/5.0 (compatible; MJ12bot/v1.4.8; http://mj12bot.com/)"
65.108.110.26 - - [28/Apr/2025:07:37:09 -0400] "GET /mlp/%EF%BB%BFhttp:/52-sell.com/o4q/volvo-s60-t5.html HTTP/1.1" 404 39352 "-" "Mozilla/5.0 (compatible; MJ12bot/v1.4.8; http://mj12bot.com/)"
65.108.110.26 - - [28/Apr/2025:07:37:13 -0400] "GET /mlp/%EF%BB%BFhttp://52-sell.com/o4q/vortex-indicator-screener.html HTTP/1.1" 301 0 "-" "Mozilla/5.0 (compatible; MJ12bot/v1.4.8; http://mj12bot.com/)"
65.108.110.26 - - [28/Apr/2025:07:37:16 -0400] "GET /mlp/%EF%BB%BFhttp:/52-sell.com/o4q/vortex-indicator-screener.html HTTP/1.1" 404 39204 "-" "Mozilla/5.0 (compatible; MJ12bot/v1.4.8; http://mj12bot.com/)"
65.108.110.26 - - [28/Apr/2025:07:37:20 -0400] "GET /mlp/%EF%BB%BFhttp://52-sell.com/o4q/vrchat-custom-shaders.html HTTP/1.1" 301 0 "-" "Mozilla/5.0 (compatible; MJ12bot/v1.4.8; http://mj12bot.com/)"
65.108.110.26 - - [28/Apr/2025:07:37:23 -0400] "GET /mlp/%EF%BB%BFhttp:/52-sell.com/o4q/vrchat-custom-shaders.html HTTP/1.1" 404 39402 "-" "Mozilla/5.0 (compatible; MJ12bot/v1.4.8; http://mj12bot.com/)"
65.108.110.26 - - [28/Apr/2025:07:37:27 -0400] "GET /mlp/%EF%BB%BFhttp://52-sell.com/o4q/vue-watch-a-computed-property.html HTTP/1.1" 301 0 "-" "Mozilla/5.0 (compatible; MJ12bot/v1.4.8; http://mj12bot.com/)"
65.108.110.26 - - [28/Apr/2025:07:37:30 -0400] "GET /mlp/%EF%BB%BFhttp:/52-sell.com/o4q/vue-watch-a-computed-property.html HTTP/1.1" 404 39309 "-" "Mozilla/5.0 (compatible; MJ12bot/v1.4.8; http://mj12bot.com/)"
66.29.132.124 - - [28/Apr/2025:07:37:36 -0400] "POST /wp-cron.php?doing_wp_cron=1745840256.1365571022033691406250 HTTP/1.1" 200 0 "-" "WordPress/6.8; https://arsn.media"
65.108.110.26 - - [28/Apr/2025:07:37:35 -0400] "GET /mlp/%EF%BB%BFhttp://52-sell.com/o4q/vulnerability-assessment-meaning-in-marathi.html HTTP/1.1" 301 0 "-" "Mozilla/5.0 (compatible; MJ12bot/v1.4.8; http://mj12bot.com/)"
66.29.132.124 - - [28/Apr/2025:07:37:37 -0400] "POST /wp-admin/admin-ajax.php?action=async_litespeed&nonce=tkNgAacJRRcjQ57oLn1TdpKyO74g8jmW&litespeed_type=imgoptm HTTP/1.1" 200 0 "-" "WordPress/6.8; https://arsn.media"
65.108.110.26 - - [28/Apr/2025:07:37:38 -0400] "GET /mlp/%EF%BB%BFhttp:/52-sell.com/o4q/vulnerability-assessment-meaning-in-marathi.html HTTP/1.1" 404 39213 "-" "Mozilla/5.0 (compatible; MJ12bot/v1.4.8; http://mj12bot.com/)"
65.108.110.26 - - [28/Apr/2025:07:37:43 -0400] "GET /mlp/%EF%BB%BFhttp://52-sell.com/o4q/vw-beetle-dwell-angle.html HTTP/1.1" 301 0 "-" "Mozilla/5.0 (compatible; MJ12bot/v1.4.8; http://mj12bot.com/)"
65.108.110.26 - - [28/Apr/2025:07:37:46 -0400] "GET /mlp/%EF%BB%BFhttp:/52-sell.com/o4q/vw-beetle-dwell-angle.html HTTP/1.1" 404 39395 "-" "Mozilla/5.0 (compatible; MJ12bot/v1.4.8; http://mj12bot.com/)"
66.29.132.124 - - [28/Apr/2025:07:37:51 -0400] "POST /wp-cron.php?doing_wp_cron=1745840271.0571138858795166015625 HTTP/1.1" 200 0 "-" "WordPress/6.8; https://arsn.media"
65.108.110.26 - - [28/Apr/2025:07:37:50 -0400] "GET /mlp/%EF%BB%BFhttp://52-sell.com/o4q/vw-mk3-airbag-light.html HTTP/1.1" 301 0 "-" "Mozilla/5.0 (compatible; MJ12bot/v1.4.8; http://mj12bot.com/)"
65.108.110.26 - - [28/Apr/2025:07:37:53 -0400] "GET /mlp/%EF%BB%BFhttp:/52-sell.com/o4q/vw-mk3-airbag-light.html HTTP/1.1" 404 39300 "-" "Mozilla/5.0 (compatible; MJ12bot/v1.4.8; http://mj12bot.com/)"
65.108.110.26 - - [28/Apr/2025:07:37:56 -0400] "GET /mlp/%EF%BB%BFhttp://52-sell.com/o4q/vw-t4-swivel-seat-base.html HTTP/1.1" 301 0 "-" "Mozilla/5.0 (compatible; MJ12bot/v1.4.8; http://mj12bot.com/)"
65.108.110.26 - - [28/Apr/2025:07:37:59 -0400] "GET /mlp/%EF%BB%BFhttp:/52-sell.com/o4q/vw-t4-swivel-seat-base.html HTTP/1.1" 404 39337 "-" "Mozilla/5.0 (compatible; MJ12bot/v1.4.8; http://mj12bot.com/)"
65.108.110.26 - - [28/Apr/2025:07:38:03 -0400] "GET /mlp/%EF%BB%BFhttp://52-sell.com/o4q/vxr-insignia.html HTTP/1.1" 301 0 "-" "Mozilla/5.0 (compatible; MJ12bot/v1.4.8; http://mj12bot.com/)"
20.171.207.19 - - [28/Apr/2025:07:38:06 -0400] "GET /wp-content/uploads/2020/09/ARSN-Final-Logos-scaled.jpg%202560w,%20https:/arsn.media/wp-content/uploads/2020/09/ARSN-Final-Logos-300x138.jpg%20300w,%20https:/arsn.media/wp-content/uploads/2020/09/ARSN-Final-Logos-1024x471.jpg%201024w,%20https:/arsn.media/ARSN-Final-Logos-768x353.jpg%20768w,%20https:/ARSN-Final-Logos-1536x706.jpg%201536w,%20https:/ARSN-Final-Logos-2048x942.jpg%202048w HTTP/1.1" 404 39352 "-" "Mozilla/5.0 AppleWebKit/537.36 (KHTML, like Gecko; compatible; GPTBot/1.2; +https://openai.com/gptbot)"
65.108.110.26 - - [28/Apr/2025:07:38:06 -0400] "GET /mlp/%EF%BB%BFhttp:/52-sell.com/o4q/vxr-insignia.html HTTP/1.1" 404 39380 "-" "Mozilla/5.0 (compatible; MJ12bot/v1.4.8; http://mj12bot.com/)"
20.171.207.19 - - [28/Apr/2025:07:38:08 -0400] "GET /wp-content/themes/onum/css/design-test.css?ver=6.7.2 HTTP/1.1" 404 39402 "-" "Mozilla/5.0 AppleWebKit/537.36 (KHTML, like Gecko; compatible; GPTBot/1.2; +https://openai.com/gptbot)"
20.171.207.19 - - [28/Apr/2025:07:38:10 -0400] "GET /wp-content/uploads/2020/10/404.png%20707w,%20https:/arsn.media/wp-content/uploads/2020/10/404-300x110.png%20300w HTTP/1.1" 404 39244 "-" "Mozilla/5.0 AppleWebKit/537.36 (KHTML, like Gecko; compatible; GPTBot/1.2; +https://openai.com/gptbot)"
65.108.110.26 - - [28/Apr/2025:07:38:10 -0400] "GET /mlp/%EF%BB%BFhttp://52-sell.com/o4q/w211-esp-control-module.html HTTP/1.1" 301 0 "-" "Mozilla/5.0 (compatible; MJ12bot/v1.4.8; http://mj12bot.com/)"
20.171.207.19 - - [28/Apr/2025:07:38:12 -0400] "GET /wp-json/elementskit/v1/ HTTP/1.1" 404 114 "-" "Mozilla/5.0 AppleWebKit/537.36 (KHTML, like Gecko; compatible; GPTBot/1.2; +https://openai.com/gptbot)"
20.171.207.19 - - [28/Apr/2025:07:38:14 -0400] "GET /wp-content/themes/onum/js/design-test.js HTTP/1.1" 404 39107 "-" "Mozilla/5.0 AppleWebKit/537.36 (KHTML, like Gecko; compatible; GPTBot/1.2; +https://openai.com/gptbot)"
65.108.110.26 - - [28/Apr/2025:07:38:13 -0400] "GET /mlp/%EF%BB%BFhttp:/52-sell.com/o4q/w211-esp-control-module.html HTTP/1.1" 404 39383 "-" "Mozilla/5.0 (compatible; MJ12bot/v1.4.8; http://mj12bot.com/)"
20.171.207.19 - - [28/Apr/2025:07:38:16 -0400] "GET /808/%EF%BB%BFhttp:/52-sell.com/9it/sr-25-airsoft-loadout.html HTTP/1.1" 404 21470 "-" "Mozilla/5.0 AppleWebKit/537.36 (KHTML, like Gecko; compatible; GPTBot/1.2; +https://openai.com/gptbot)"
65.108.110.26 - - [28/Apr/2025:07:38:18 -0400] "GET /mlp/%EF%BB%BFhttp://52-sell.com/o4q/walmart-hourly-pay-louisiana.html HTTP/1.1" 301 0 "-" "Mozilla/5.0 (compatible; MJ12bot/v1.4.8; http://mj12bot.com/)"
65.108.110.26 - - [28/Apr/2025:07:38:21 -0400] "GET /mlp/%EF%BB%BFhttp:/52-sell.com/o4q/walmart-hourly-pay-louisiana.html HTTP/1.1" 404 39375 "-" "Mozilla/5.0 (compatible; MJ12bot/v1.4.8; http://mj12bot.com/)"
65.108.110.26 - - [28/Apr/2025:07:38:24 -0400] "GET /mlp/%EF%BB%BFhttp://52-sell.com/o4q/walmart-speakers.html HTTP/1.1" 301 0 "-" "Mozilla/5.0 (compatible; MJ12bot/v1.4.8; http://mj12bot.com/)"
20.171.207.19 - - [28/Apr/2025:07:38:24 -0400] "GET /808/%EF%BB%BFhttp:/52-sell.com/9it/zip-folder-google-colab.html HTTP/1.1" 404 31679 "-" "Mozilla/5.0 AppleWebKit/537.36 (KHTML, like Gecko; compatible; GPTBot/1.2; +https://openai.com/gptbot)"
20.171.207.19 - - [28/Apr/2025:07:38:28 -0400] "GET /wp-content/uploads/2020/09/ARSN-Final-Logos-scaled.jpg%202560w,%20https:/arsn.media/wp-content/uploads/2020/09/ARSN-Final-Logos-300x138.jpg%20300w,%20https:/arsn.media/wp-content/uploads/2020/09/ARSN-Final-Logos-1024x471.jpg%201024w,%20https:/arsn.media/ARSN-Final-Logos-768x353.jpg%20768w,%20https:/ARSN-Final-Logos-1536x706.jpg%201536w,%20https:/ARSN-Final-Logos-2048x942.jpg%202048w HTTP/1.1" 404 39352 "-" "Mozilla/5.0 AppleWebKit/537.36 (KHTML, like Gecko; compatible; GPTBot/1.2; +https://openai.com/gptbot)"
65.108.110.26 - - [28/Apr/2025:07:38:27 -0400] "GET /mlp/%EF%BB%BFhttp:/52-sell.com/o4q/walmart-speakers.html HTTP/1.1" 404 39299 "-" "Mozilla/5.0 (compatible; MJ12bot/v1.4.8; http://mj12bot.com/)"
20.171.207.19 - - [28/Apr/2025:07:38:30 -0400] "GET /wp-content/uploads/2020/10/404.png%20707w,%20https:/arsn.media/wp-content/uploads/2020/10/404-300x110.png%20300w HTTP/1.1" 404 39244 "-" "Mozilla/5.0 AppleWebKit/537.36 (KHTML, like Gecko; compatible; GPTBot/1.2; +https://openai.com/gptbot)"
20.171.207.19 - - [28/Apr/2025:07:38:32 -0400] "GET /wp-content/themes/onum/js/design-test.js HTTP/1.1" 404 39107 "-" "Mozilla/5.0 AppleWebKit/537.36 (KHTML, like Gecko; compatible; GPTBot/1.2; +https://openai.com/gptbot)"
65.108.110.26 - - [28/Apr/2025:07:38:31 -0400] "GET /mlp/%EF%BB%BFhttp://52-sell.com/o4q/walton-county-permit-application.html HTTP/1.1" 301 0 "-" "Mozilla/5.0 (compatible; MJ12bot/v1.4.8; http://mj12bot.com/)"
20.171.207.19 - - [28/Apr/2025:07:38:34 -0400] "GET /wp-json/elementskit/v1/ HTTP/1.1" 404 114 "-" "Mozilla/5.0 AppleWebKit/537.36 (KHTML, like Gecko; compatible; GPTBot/1.2; +https://openai.com/gptbot)"
20.171.207.19 - - [28/Apr/2025:07:38:37 -0400] "GET /wp-content/themes/onum/css/design-test.css?ver=6.7.1 HTTP/1.1" 404 39403 "-" "Mozilla/5.0 AppleWebKit/537.36 (KHTML, like Gecko; compatible; GPTBot/1.2; +https://openai.com/gptbot)"
66.29.132.124 - - [28/Apr/2025:07:38:38 -0400] "POST /wp-cron.php?doing_wp_cron=1745840317.2442800998687744140625 HTTP/1.1" 200 0 "-" "WordPress/6.8; https://arsn.media"
195.179.204.206 - - [28/Apr/2025:07:38:39 -0400] "GET /personal-portfolio/ HTTP/1.1" 200 52338 "-" "Mozilla/5.0 (Linux; Android 10; K) AppleWebKit/537.36 (KHTML, like Gecko) Chrome/135.0.0.0 Mobile Safari/537.36"
20.171.207.19 - - [28/Apr/2025:07:38:39 -0400] "GET /wp-content/themes/onum/css/design-test.css?ver=6.7.2 HTTP/1.1" 404 39402 "-" "Mozilla/5.0 AppleWebKit/537.36 (KHTML, like Gecko; compatible; GPTBot/1.2; +https://openai.com/gptbot)"
65.108.110.26 - - [28/Apr/2025:07:38:36 -0400] "GET /mlp/%EF%BB%BFhttp:/52-sell.com/o4q/walton-county-permit-application.html HTTP/1.1" 404 39132 "-" "Mozilla/5.0 (compatible; MJ12bot/v1.4.8; http://mj12bot.com/)"
66.29.132.124 - - [28/Apr/2025:07:38:39 -0400] "POST /wp-admin/admin-ajax.php?action=async_litespeed&nonce=g0wGzohQioqEyjzHZXwRoEbYrc5zIK4m&litespeed_type=imgoptm HTTP/1.1" 200 0 "-" "WordPress/6.8; https://arsn.media"
