135.181.79.106 - - [28/Apr/2025:09:51:17 -0400] "GET /mlp/%EF%BB%BFhttp://52-sell.com/o4q/beyond-use-date-chart.html HTTP/1.1" 301 0 "-" "Mozilla/5.0 (compatible; MJ12bot/v1.4.8; http://mj12bot.com/)"
156.67.83.167 - - [28/Apr/2025:09:51:20 -0400] "GET /mlp/%EF%BB%BFhttp://52-sell.com/o4q/skyrim-vr-low-resolution.html HTTP/1.1" 301 0 "-" "Mozilla/5.0 (compatible; MJ12bot/v1.4.8; http://mj12bot.com/)"
135.181.79.106 - - [28/Apr/2025:09:51:20 -0400] "GET /mlp/%EF%BB%BFhttp:/52-sell.com/o4q/beyond-use-date-chart.html HTTP/1.1" 404 39405 "-" "Mozilla/5.0 (compatible; MJ12bot/v1.4.8; http://mj12bot.com/)"
156.67.83.167 - - [28/Apr/2025:09:51:24 -0400] "GET /mlp/%EF%BB%BFhttp:/52-sell.com/o4q/skyrim-vr-low-resolution.html HTTP/1.1" 404 39263 "-" "Mozilla/5.0 (compatible; MJ12bot/v1.4.8; http://mj12bot.com/)"
135.181.79.106 - - [28/Apr/2025:09:51:25 -0400] "GET /mlp/%EF%BB%BFhttp://52-sell.com/o4q/bfn-at-11dpo-but-feel-pregnant.html HTTP/1.1" 301 0 "-" "Mozilla/5.0 (compatible; MJ12bot/v1.4.8; http://mj12bot.com/)"
156.67.83.167 - - [28/Apr/2025:09:51:29 -0400] "GET /mlp/%EF%BB%BFhttp://52-sell.com/o4q/small-closet-organizer-home-depot.html HTTP/1.1" 301 0 "-" "Mozilla/5.0 (compatible; MJ12bot/v1.4.8; http://mj12bot.com/)"
135.181.79.106 - - [28/Apr/2025:09:51:29 -0400] "GET /mlp/%EF%BB%BFhttp:/52-sell.com/o4q/bfn-at-11dpo-but-feel-pregnant.html HTTP/1.1" 404 39283 "-" "Mozilla/5.0 (compatible; MJ12bot/v1.4.8; http://mj12bot.com/)"
66.29.132.124 - - [28/Apr/2025:09:51:34 -0400] "POST /wp-cron.php?doing_wp_cron=1745848294.0314071178436279296875 HTTP/1.1" 200 0 "-" "WordPress/6.8; https://arsn.media"
135.181.79.106 - - [28/Apr/2025:09:51:33 -0400] "GET /mlp/%EF%BB%BFhttp://52-sell.com/o4q/bfp-9dpo.html HTTP/1.1" 301 0 "-" "Mozilla/5.0 (compatible; MJ12bot/v1.4.8; http://mj12bot.com/)"
156.67.83.167 - - [28/Apr/2025:09:51:32 -0400] "GET /mlp/%EF%BB%BFhttp:/52-sell.com/o4q/small-closet-organizer-home-depot.html HTTP/1.1" 404 39244 "-" "Mozilla/5.0 (compatible; MJ12bot/v1.4.8; http://mj12bot.com/)"
66.29.132.124 - - [28/Apr/2025:09:51:36 -0400] "POST /wp-admin/admin-ajax.php?action=async_litespeed&nonce=8jRztElsJqiS6XBx9qHoL709uaUvdTlM&litespeed_type=imgoptm HTTP/1.1" 200 0 "-" "WordPress/6.8; https://arsn.media"
135.181.79.106 - - [28/Apr/2025:09:51:37 -0400] "GET /mlp/%EF%BB%BFhttp:/52-sell.com/o4q/bfp-9dpo.html HTTP/1.1" 404 39219 "-" "Mozilla/5.0 (compatible; MJ12bot/v1.4.8; http://mj12bot.com/)"
156.67.83.167 - - [28/Apr/2025:09:51:39 -0400] "GET /mlp/%EF%BB%BFhttp://52-sell.com/o4q/small-toy-hauler-for-sale-arizona.html HTTP/1.1" 301 0 "-" "Mozilla/5.0 (compatible; MJ12bot/v1.4.8; http://mj12bot.com/)"
135.181.79.106 - - [28/Apr/2025:09:51:42 -0400] "GET /mlp/%EF%BB%BFhttp://52-sell.com/o4q/bgp-cisco-commands.html HTTP/1.1" 301 0 "-" "Mozilla/5.0 (compatible; MJ12bot/v1.4.8; http://mj12bot.com/)"
156.67.83.167 - - [28/Apr/2025:09:51:45 -0400] "GET /mlp/%EF%BB%BFhttp:/52-sell.com/o4q/small-toy-hauler-for-sale-arizona.html HTTP/1.1" 404 39246 "-" "Mozilla/5.0 (compatible; MJ12bot/v1.4.8; http://mj12bot.com/)"
135.181.79.106 - - [28/Apr/2025:09:51:45 -0400] "GET /mlp/%EF%BB%BFhttp:/52-sell.com/o4q/bgp-cisco-commands.html HTTP/1.1" 404 39244 "-" "Mozilla/5.0 (compatible; MJ12bot/v1.4.8; http://mj12bot.com/)"
66.29.132.124 - - [28/Apr/2025:09:51:52 -0400] "POST /wp-cron.php?doing_wp_cron=1745848311.5590848922729492187500 HTTP/1.1" 200 0 "-" "WordPress/6.8; https://arsn.media"
135.181.79.106 - - [28/Apr/2025:09:51:50 -0400] "GET /mlp/%EF%BB%BFhttp://52-sell.com/o4q/bgp-configuration-commands-step-by-step.html HTTP/1.1" 301 0 "-" "Mozilla/5.0 (compatible; MJ12bot/v1.4.8; http://mj12bot.com/)"
156.67.83.167 - - [28/Apr/2025:09:51:51 -0400] "GET /mlp/%EF%BB%BFhttp://52-sell.com/o4q/smart-fortwo-for-sale-near-me.html HTTP/1.1" 301 0 "-" "Mozilla/5.0 (compatible; MJ12bot/v1.4.8; http://mj12bot.com/)"
135.181.79.106 - - [28/Apr/2025:09:51:55 -0400] "GET /mlp/%EF%BB%BFhttp:/52-sell.com/o4q/bgp-configuration-commands-step-by-step.html HTTP/1.1" 404 39171 "-" "Mozilla/5.0 (compatible; MJ12bot/v1.4.8; http://mj12bot.com/)"
156.67.83.167 - - [28/Apr/2025:09:51:55 -0400] "GET /mlp/%EF%BB%BFhttp:/52-sell.com/o4q/smart-fortwo-for-sale-near-me.html HTTP/1.1" 404 39311 "-" "Mozilla/5.0 (compatible; MJ12bot/v1.4.8; http://mj12bot.com/)"
135.181.79.106 - - [28/Apr/2025:09:51:59 -0400] "GET /mlp/%EF%BB%BFhttp://52-sell.com/o4q/bh-best-arms-shotgun.html HTTP/1.1" 301 0 "-" "Mozilla/5.0 (compatible; MJ12bot/v1.4.8; http://mj12bot.com/)"
156.67.83.167 - - [28/Apr/2025:09:52:01 -0400] "GET /mlp/%EF%BB%BFhttp://52-sell.com/o4q/smart-luffy-one-piece-fanfiction.html HTTP/1.1" 301 0 "-" "Mozilla/5.0 (compatible; MJ12bot/v1.4.8; http://mj12bot.com/)"
135.181.79.106 - - [28/Apr/2025:09:52:03 -0400] "GET /mlp/%EF%BB%BFhttp:/52-sell.com/o4q/bh-best-arms-shotgun.html HTTP/1.1" 404 39331 "-" "Mozilla/5.0 (compatible; MJ12bot/v1.4.8; http://mj12bot.com/)"
135.181.79.106 - - [28/Apr/2025:09:52:08 -0400] "GET /mlp/%EF%BB%BFhttp://52-sell.com/o4q/big-2-news.html HTTP/1.1" 301 0 "-" "Mozilla/5.0 (compatible; MJ12bot/v1.4.8; http://mj12bot.com/)"
156.67.83.167 - - [28/Apr/2025:09:52:08 -0400] "GET /mlp/%EF%BB%BFhttp:/52-sell.com/o4q/smart-luffy-one-piece-fanfiction.html HTTP/1.1" 404 39169 "-" "Mozilla/5.0 (compatible; MJ12bot/v1.4.8; http://mj12bot.com/)"
135.181.79.106 - - [28/Apr/2025:09:52:12 -0400] "GET /mlp/%EF%BB%BFhttp:/52-sell.com/o4q/big-2-news.html HTTP/1.1" 404 39241 "-" "Mozilla/5.0 (compatible; MJ12bot/v1.4.8; http://mj12bot.com/)"
156.67.83.167 - - [28/Apr/2025:09:52:14 -0400] "GET /mlp/%EF%BB%BFhttp://52-sell.com/o4q/smart-payment-plan-phones.html HTTP/1.1" 301 0 "-" "Mozilla/5.0 (compatible; MJ12bot/v1.4.8; http://mj12bot.com/)"
135.181.79.106 - - [28/Apr/2025:09:52:16 -0400] "GET /mlp/%EF%BB%BFhttp://52-sell.com/o4q/big-4-exit-opportunities-salary.html HTTP/1.1" 301 0 "-" "Mozilla/5.0 (compatible; MJ12bot/v1.4.8; http://mj12bot.com/)"
135.181.79.106 - - [28/Apr/2025:09:52:19 -0400] "GET /mlp/%EF%BB%BFhttp:/52-sell.com/o4q/big-4-exit-opportunities-salary.html HTTP/1.1" 404 39183 "-" "Mozilla/5.0 (compatible; MJ12bot/v1.4.8; http://mj12bot.com/)"
156.67.83.167 - - [28/Apr/2025:09:52:21 -0400] "GET /mlp/%EF%BB%BFhttp:/52-sell.com/o4q/smart-payment-plan-phones.html HTTP/1.1" 404 39259 "-" "Mozilla/5.0 (compatible; MJ12bot/v1.4.8; http://mj12bot.com/)"
135.181.79.106 - - [28/Apr/2025:09:52:23 -0400] "GET /mlp/%EF%BB%BFhttp://52-sell.com/o4q/big-boggle-rules-pdf.html HTTP/1.1" 301 0 "-" "Mozilla/5.0 (compatible; MJ12bot/v1.4.8; http://mj12bot.com/)"
156.67.83.167 - - [28/Apr/2025:09:52:27 -0400] "GET /mlp/%EF%BB%BFhttp://52-sell.com/o4q/smart-proxy-chrome-extension.html HTTP/1.1" 301 0 "-" "Mozilla/5.0 (compatible; MJ12bot/v1.4.8; http://mj12bot.com/)"
135.181.79.106 - - [28/Apr/2025:09:52:26 -0400] "GET /mlp/%EF%BB%BFhttp:/52-sell.com/o4q/big-boggle-rules-pdf.html HTTP/1.1" 404 39331 "-" "Mozilla/5.0 (compatible; MJ12bot/v1.4.8; http://mj12bot.com/)"
135.181.79.106 - - [28/Apr/2025:09:52:30 -0400] "GET /mlp/%EF%BB%BFhttp://52-sell.com/o4q/big-lots-associate-salary.html HTTP/1.1" 301 0 "-" "Mozilla/5.0 (compatible; MJ12bot/v1.4.8; http://mj12bot.com/)"
156.67.83.167 - - [28/Apr/2025:09:52:30 -0400] "GET /mlp/%EF%BB%BFhttp:/52-sell.com/o4q/smart-proxy-chrome-extension.html HTTP/1.1" 404 39365 "-" "Mozilla/5.0 (compatible; MJ12bot/v1.4.8; http://mj12bot.com/)"
66.29.132.124 - - [28/Apr/2025:09:52:34 -0400] "POST /wp-cron.php?doing_wp_cron=1745848354.3697268962860107421875 HTTP/1.1" 200 0 "-" "WordPress/6.8; https://arsn.media"
66.29.132.124 - - [28/Apr/2025:09:52:34 -0400] "POST /wp-admin/admin-ajax.php?action=async_litespeed&nonce=0QY4BpwXFXT16V6Y61Q8jZRy0Rf0rJYt&litespeed_type=imgoptm HTTP/1.1" 200 21 "-" "WordPress/6.8; https://arsn.media"
135.181.79.106 - - [28/Apr/2025:09:52:33 -0400] "GET /mlp/%EF%BB%BFhttp:/52-sell.com/o4q/big-lots-associate-salary.html HTTP/1.1" 404 39257 "-" "Mozilla/5.0 (compatible; MJ12bot/v1.4.8; http://mj12bot.com/)"
156.67.83.167 - - [28/Apr/2025:09:52:36 -0400] "GET /mlp/%EF%BB%BFhttp://52-sell.com/o4q/smartpond-black-pond-foam-sealer.html HTTP/1.1" 301 0 "-" "Mozilla/5.0 (compatible; MJ12bot/v1.4.8; http://mj12bot.com/)"
135.181.79.106 - - [28/Apr/2025:09:52:37 -0400] "GET /mlp/%EF%BB%BFhttp://52-sell.com/o4q/big-lots-email-address-format.html HTTP/1.1" 301 0 "-" "Mozilla/5.0 (compatible; MJ12bot/v1.4.8; http://mj12bot.com/)"
156.67.83.167 - - [28/Apr/2025:09:52:39 -0400] "GET /mlp/%EF%BB%BFhttp:/52-sell.com/o4q/smartpond-black-pond-foam-sealer.html HTTP/1.1" 404 39122 "-" "Mozilla/5.0 (compatible; MJ12bot/v1.4.8; http://mj12bot.com/)"
135.181.79.106 - - [28/Apr/2025:09:52:41 -0400] "GET /mlp/%EF%BB%BFhttp:/52-sell.com/o4q/big-lots-email-address-format.html HTTP/1.1" 404 39378 "-" "Mozilla/5.0 (compatible; MJ12bot/v1.4.8; http://mj12bot.com/)"
156.67.83.167 - - [28/Apr/2025:09:52:44 -0400] "GET /mlp/%EF%BB%BFhttp://52-sell.com/o4q/snc1d-electricity-practice-test-with-answers.html HTTP/1.1" 301 0 "-" "Mozilla/5.0 (compatible; MJ12bot/v1.4.8; http://mj12bot.com/)"
135.181.79.106 - - [28/Apr/2025:09:52:45 -0400] "GET /mlp/%EF%BB%BFhttp://52-sell.com/o4q/biggest-bts-fan.html HTTP/1.1" 301 0 "-" "Mozilla/5.0 (compatible; MJ12bot/v1.4.8; http://mj12bot.com/)"
135.181.79.106 - - [28/Apr/2025:09:52:48 -0400] "GET /mlp/%EF%BB%BFhttp:/52-sell.com/o4q/biggest-bts-fan.html HTTP/1.1" 404 39287 "-" "Mozilla/5.0 (compatible; MJ12bot/v1.4.8; http://mj12bot.com/)"
156.67.83.167 - - [28/Apr/2025:09:52:48 -0400] "GET /mlp/%EF%BB%BFhttp:/52-sell.com/o4q/snc1d-electricity-practice-test-with-answers.html HTTP/1.1" 404 39398 "-" "Mozilla/5.0 (compatible; MJ12bot/v1.4.8; http://mj12bot.com/)"
66.29.132.124 - - [28/Apr/2025:09:52:53 -0400] "POST /wp-cron.php?doing_wp_cron=1745848373.8116700649261474609375 HTTP/1.1" 200 0 "-" "WordPress/6.8; https://arsn.media"
135.181.79.106 - - [28/Apr/2025:09:52:52 -0400] "GET /mlp/%EF%BB%BFhttp://52-sell.com/o4q/biggest-castle-in-bannerlord.html HTTP/1.1" 301 0 "-" "Mozilla/5.0 (compatible; MJ12bot/v1.4.8; http://mj12bot.com/)"
156.67.83.167 - - [28/Apr/2025:09:52:54 -0400] "GET /mlp/%EF%BB%BFhttp://52-sell.com/o4q/sniper-grey-cerakote-muzzle-brake.html HTTP/1.1" 301 0 "-" "Mozilla/5.0 (compatible; MJ12bot/v1.4.8; http://mj12bot.com/)"
135.181.79.106 - - [28/Apr/2025:09:52:56 -0400] "GET /mlp/%EF%BB%BFhttp:/52-sell.com/o4q/biggest-castle-in-bannerlord.html HTTP/1.1" 404 39322 "-" "Mozilla/5.0 (compatible; MJ12bot/v1.4.8; http://mj12bot.com/)"
156.67.83.167 - - [28/Apr/2025:09:52:59 -0400] "GET /mlp/%EF%BB%BFhttp:/52-sell.com/o4q/sniper-grey-cerakote-muzzle-brake.html HTTP/1.1" 404 39186 "-" "Mozilla/5.0 (compatible; MJ12bot/v1.4.8; http://mj12bot.com/)"
135.181.79.106 - - [28/Apr/2025:09:53:01 -0400] "GET /mlp/%EF%BB%BFhttp://52-sell.com/o4q/biggest-questions-in-life-funny.html HTTP/1.1" 301 0 "-" "Mozilla/5.0 (compatible; MJ12bot/v1.4.8; http://mj12bot.com/)"
156.67.83.167 - - [28/Apr/2025:09:53:06 -0400] "GET /mlp/%EF%BB%BFhttp://52-sell.com/o4q/snoqualmie-tribe-benefits.html HTTP/1.1" 301 0 "-" "Mozilla/5.0 (compatible; MJ12bot/v1.4.8; http://mj12bot.com/)"
135.181.79.106 - - [28/Apr/2025:09:53:06 -0400] "GET /mlp/%EF%BB%BFhttp:/52-sell.com/o4q/biggest-questions-in-life-funny.html HTTP/1.1" 404 39130 "-" "Mozilla/5.0 (compatible; MJ12bot/v1.4.8; http://mj12bot.com/)"
135.181.79.106 - - [28/Apr/2025:09:53:11 -0400] "GET /mlp/%EF%BB%BFhttp://52-sell.com/o4q/bigtreetech-github-skr-mini-e3-v2.html HTTP/1.1" 301 0 "-" "Mozilla/5.0 (compatible; MJ12bot/v1.4.8; http://mj12bot.com/)"
156.67.83.167 - - [28/Apr/2025:09:53:10 -0400] "GET /mlp/%EF%BB%BFhttp:/52-sell.com/o4q/snoqualmie-tribe-benefits.html HTTP/1.1" 404 39256 "-" "Mozilla/5.0 (compatible; MJ12bot/v1.4.8; http://mj12bot.com/)"
156.67.83.167 - - [28/Apr/2025:09:53:17 -0400] "GET /mlp/%EF%BB%BFhttp://52-sell.com/o4q/sobel-test-interpretation.html HTTP/1.1" 301 0 "-" "Mozilla/5.0 (compatible; MJ12bot/v1.4.8; http://mj12bot.com/)"
135.181.79.106 - - [28/Apr/2025:09:53:15 -0400] "GET /mlp/%EF%BB%BFhttp:/52-sell.com/o4q/bigtreetech-github-skr-mini-e3-v2.html HTTP/1.1" 404 39246 "-" "Mozilla/5.0 (compatible; MJ12bot/v1.4.8; http://mj12bot.com/)"
135.181.79.106 - - [28/Apr/2025:09:53:20 -0400] "GET /mlp/%EF%BB%BFhttp://52-sell.com/o4q/billionaire-ex-wife-is-mommy-of-twins-pdf.html HTTP/1.1" 301 0 "-" "Mozilla/5.0 (compatible; MJ12bot/v1.4.8; http://mj12bot.com/)"
156.67.83.167 - - [28/Apr/2025:09:53:22 -0400] "GET /mlp/%EF%BB%BFhttp:/52-sell.com/o4q/sobel-test-interpretation.html HTTP/1.1" 404 39261 "-" "Mozilla/5.0 (compatible; MJ12bot/v1.4.8; http://mj12bot.com/)"
135.181.79.106 - - [28/Apr/2025:09:53:24 -0400] "GET /mlp/%EF%BB%BFhttp:/52-sell.com/o4q/billionaire-ex-wife-is-mommy-of-twins-pdf.html HTTP/1.1" 404 39318 "-" "Mozilla/5.0 (compatible; MJ12bot/v1.4.8; http://mj12bot.com/)"
156.67.83.167 - - [28/Apr/2025:09:53:28 -0400] "GET /mlp/%EF%BB%BFhttp://52-sell.com/o4q/sonic-cd-intro-us.html HTTP/1.1" 301 0 "-" "Mozilla/5.0 (compatible; MJ12bot/v1.4.8; http://mj12bot.com/)"
135.181.79.106 - - [28/Apr/2025:09:53:28 -0400] "GET /mlp/%EF%BB%BFhttp://52-sell.com/o4q/bindrune-generator.html HTTP/1.1" 301 0 "-" "Mozilla/5.0 (compatible; MJ12bot/v1.4.8; http://mj12bot.com/)"
156.67.83.167 - - [28/Apr/2025:09:53:32 -0400] "GET /mlp/%EF%BB%BFhttp:/52-sell.com/o4q/sonic-cd-intro-us.html HTTP/1.1" 404 39237 "-" "Mozilla/5.0 (compatible; MJ12bot/v1.4.8; http://mj12bot.com/)"
135.181.79.106 - - [28/Apr/2025:09:53:32 -0400] "GET /mlp/%EF%BB%BFhttp:/52-sell.com/o4q/bindrune-generator.html HTTP/1.1" 404 39247 "-" "Mozilla/5.0 (compatible; MJ12bot/v1.4.8; http://mj12bot.com/)"
66.29.132.124 - - [28/Apr/2025:09:53:38 -0400] "POST /wp-cron.php?doing_wp_cron=1745848418.2972440719604492187500 HTTP/1.1" 200 0 "-" "WordPress/6.8; https://arsn.media"
156.67.83.167 - - [28/Apr/2025:09:53:37 -0400] "GET /mlp/%EF%BB%BFhttp://52-sell.com/o4q/sonic-vs-tails-fnf.html HTTP/1.1" 301 0 "-" "Mozilla/5.0 (compatible; MJ12bot/v1.4.8; http://mj12bot.com/)"
135.181.79.106 - - [28/Apr/2025:09:53:37 -0400] "GET /mlp/%EF%BB%BFhttp://52-sell.com/o4q/biology-paper-1br-may-2013-mark-scheme.html HTTP/1.1" 301 0 "-" "Mozilla/5.0 (compatible; MJ12bot/v1.4.8; http://mj12bot.com/)"
66.29.132.124 - - [28/Apr/2025:09:53:39 -0400] "POST /wp-admin/admin-ajax.php?action=async_litespeed&nonce=qFf3argTTKcXmZKfeiyjZJQ1t4WHnGmb&litespeed_type=imgoptm HTTP/1.1" 200 0 "-" "WordPress/6.8; https://arsn.media"
135.181.79.106 - - [28/Apr/2025:09:53:41 -0400] "GET /mlp/%EF%BB%BFhttp:/52-sell.com/o4q/biology-paper-1br-may-2013-mark-scheme.html HTTP/1.1" 404 39173 "-" "Mozilla/5.0 (compatible; MJ12bot/v1.4.8; http://mj12bot.com/)"
156.67.83.167 - - [28/Apr/2025:09:53:41 -0400] "GET /mlp/%EF%BB%BFhttp:/52-sell.com/o4q/sonic-vs-tails-fnf.html HTTP/1.1" 404 39197 "-" "Mozilla/5.0 (compatible; MJ12bot/v1.4.8; http://mj12bot.com/)"
135.181.79.106 - - [28/Apr/2025:09:53:45 -0400] "GET /mlp/%EF%BB%BFhttp://52-sell.com/o4q/biqu-h2-all-metal-hotend.html HTTP/1.1" 301 0 "-" "Mozilla/5.0 (compatible; MJ12bot/v1.4.8; http://mj12bot.com/)"
156.67.83.167 - - [28/Apr/2025:09:53:46 -0400] "GET /mlp/%EF%BB%BFhttp://52-sell.com/o4q/sony-a90k-42-reddit.html HTTP/1.1" 301 0 "-" "Mozilla/5.0 (compatible; MJ12bot/v1.4.8; http://mj12bot.com/)"
66.29.132.124 - - [28/Apr/2025:09:53:50 -0400] "POST /wp-cron.php?doing_wp_cron=1745848430.3777289390563964843750 HTTP/1.1" 200 0 "-" "WordPress/6.8; https://arsn.media"
135.181.79.106 - - [28/Apr/2025:09:53:49 -0400] "GET /mlp/%EF%BB%BFhttp:/52-sell.com/o4q/biqu-h2-all-metal-hotend.html HTTP/1.1" 404 39212 "-" "Mozilla/5.0 (compatible; MJ12bot/v1.4.8; http://mj12bot.com/)"
156.67.83.167 - - [28/Apr/2025:09:53:49 -0400] "GET /mlp/%EF%BB%BFhttp:/52-sell.com/o4q/sony-a90k-42-reddit.html HTTP/1.1" 404 39274 "-" "Mozilla/5.0 (compatible; MJ12bot/v1.4.8; http://mj12bot.com/)"
135.181.79.106 - - [28/Apr/2025:09:49:38 -0400] "GET /mlp/%EF%BB%BFhttp:/52-sell.com/o4q/best-cydia-sources-ios-14.html HTTP/1.1" 404 39257 "-" "Mozilla/5.0 (compatible; MJ12bot/v1.4.8; http://mj12bot.com/)"
156.67.83.167 - - [28/Apr/2025:09:49:40 -0400] "GET /mlp/%EF%BB%BFhttp://52-sell.com/o4q/signal-12-police-code.html HTTP/1.1" 301 0 "-" "Mozilla/5.0 (compatible; MJ12bot/v1.4.8; http://mj12bot.com/)"
135.181.79.106 - - [28/Apr/2025:09:49:42 -0400] "GET /mlp/%EF%BB%BFhttp://52-sell.com/o4q/best-cylinder-heads.html HTTP/1.1" 301 0 "-" "Mozilla/5.0 (compatible; MJ12bot/v1.4.8; http://mj12bot.com/)"
156.67.83.167 - - [28/Apr/2025:09:49:43 -0400] "GET /mlp/%EF%BB%BFhttp:/52-sell.com/o4q/signal-12-police-code.html HTTP/1.1" 404 39392 "-" "Mozilla/5.0 (compatible; MJ12bot/v1.4.8; http://mj12bot.com/)"
135.181.79.106 - - [28/Apr/2025:09:49:45 -0400] "GET /mlp/%EF%BB%BFhttp:/52-sell.com/o4q/best-cylinder-heads.html HTTP/1.1" 404 39222 "-" "Mozilla/5.0 (compatible; MJ12bot/v1.4.8; http://mj12bot.com/)"
156.67.83.167 - - [28/Apr/2025:09:49:47 -0400] "GET /mlp/%EF%BB%BFhttp://52-sell.com/o4q/silica-sand-price.html HTTP/1.1" 301 0 "-" "Mozilla/5.0 (compatible; MJ12bot/v1.4.8; http://mj12bot.com/)"
135.181.79.106 - - [28/Apr/2025:09:49:50 -0400] "GET /mlp/%EF%BB%BFhttp://52-sell.com/o4q/best-flea-market-near-me.html HTTP/1.1" 301 0 "-" "Mozilla/5.0 (compatible; MJ12bot/v1.4.8; http://mj12bot.com/)"
66.29.132.124 - - [28/Apr/2025:09:49:51 -0400] "POST /wp-cron.php?doing_wp_cron=1745848191.0998380184173583984375 HTTP/1.1" 200 0 "-" "WordPress/6.8; https://arsn.media"
156.67.83.167 - - [28/Apr/2025:09:49:50 -0400] "GET /mlp/%EF%BB%BFhttp:/52-sell.com/o4q/silica-sand-price.html HTTP/1.1" 404 39290 "-" "Mozilla/5.0 (compatible; MJ12bot/v1.4.8; http://mj12bot.com/)"
135.181.79.106 - - [28/Apr/2025:09:49:53 -0400] "GET /mlp/%EF%BB%BFhttp:/52-sell.com/o4q/best-flea-market-near-me.html HTTP/1.1" 404 39264 "-" "Mozilla/5.0 (compatible; MJ12bot/v1.4.8; http://mj12bot.com/)"
156.67.83.167 - - [28/Apr/2025:09:53:56 -0400] "GET /mlp/%EF%BB%BFhttp://52-sell.com/o4q/sony-xh95-sound-settings.html HTTP/1.1" 301 0 "-" "Mozilla/5.0 (compatible; MJ12bot/v1.4.8; http://mj12bot.com/)"
135.181.79.106 - - [28/Apr/2025:09:53:56 -0400] "GET /mlp/%EF%BB%BFhttp://52-sell.com/o4q/bird-2-scooter.html HTTP/1.1" 301 0 "-" "Mozilla/5.0 (compatible; MJ12bot/v1.4.8; http://mj12bot.com/)"
156.67.83.167 - - [28/Apr/2025:09:54:00 -0400] "GET /mlp/%EF%BB%BFhttp:/52-sell.com/o4q/sony-xh95-sound-settings.html HTTP/1.1" 404 39268 "-" "Mozilla/5.0 (compatible; MJ12bot/v1.4.8; http://mj12bot.com/)"
135.181.79.106 - - [28/Apr/2025:09:54:01 -0400] "GET /mlp/%EF%BB%BFhttp:/52-sell.com/o4q/bird-2-scooter.html HTTP/1.1" 404 39207 "-" "Mozilla/5.0 (compatible; MJ12bot/v1.4.8; http://mj12bot.com/)"
135.181.79.106 - - [28/Apr/2025:09:54:05 -0400] "GET /mlp/%EF%BB%BFhttp://52-sell.com/o4q/bitcointalk-airdrop-2021.html HTTP/1.1" 301 0 "-" "Mozilla/5.0 (compatible; MJ12bot/v1.4.8; http://mj12bot.com/)"
156.67.83.167 - - [28/Apr/2025:09:54:06 -0400] "GET /mlp/%EF%BB%BFhttp://52-sell.com/o4q/sony-xperia-z5-pattern-unlock.html HTTP/1.1" 301 0 "-" "Mozilla/5.0 (compatible; MJ12bot/v1.4.8; http://mj12bot.com/)"
135.181.79.106 - - [28/Apr/2025:09:54:08 -0400] "GET /mlp/%EF%BB%BFhttp:/52-sell.com/o4q/bitcointalk-airdrop-2021.html HTTP/1.1" 404 39267 "-" "Mozilla/5.0 (compatible; MJ12bot/v1.4.8; http://mj12bot.com/)"
156.67.83.167 - - [28/Apr/2025:09:54:09 -0400] "GET /mlp/%EF%BB%BFhttp:/52-sell.com/o4q/sony-xperia-z5-pattern-unlock.html HTTP/1.1" 404 39305 "-" "Mozilla/5.0 (compatible; MJ12bot/v1.4.8; http://mj12bot.com/)"
156.67.83.167 - - [28/Apr/2025:09:54:15 -0400] "GET /mlp/%EF%BB%BFhttp://52-sell.com/o4q/soundwave-x-arcee.html HTTP/1.1" 301 0 "-" "Mozilla/5.0 (compatible; MJ12bot/v1.4.8; http://mj12bot.com/)"
135.181.79.106 - - [28/Apr/2025:09:54:14 -0400] "GET /mlp/%EF%BB%BFhttp://52-sell.com/o4q/bitdefender-gravityzone-support.html HTTP/1.1" 301 0 "-" "Mozilla/5.0 (compatible; MJ12bot/v1.4.8; http://mj12bot.com/)"
156.67.83.167 - - [28/Apr/2025:09:54:18 -0400] "GET /mlp/%EF%BB%BFhttp:/52-sell.com/o4q/soundwave-x-arcee.html HTTP/1.1" 404 39289 "-" "Mozilla/5.0 (compatible; MJ12bot/v1.4.8; http://mj12bot.com/)"
135.181.79.106 - - [28/Apr/2025:09:54:18 -0400] "GET /mlp/%EF%BB%BFhttp:/52-sell.com/o4q/bitdefender-gravityzone-support.html HTTP/1.1" 404 39191 "-" "Mozilla/5.0 (compatible; MJ12bot/v1.4.8; http://mj12bot.com/)"
135.181.79.106 - - [28/Apr/2025:09:54:24 -0400] "GET /mlp/%EF%BB%BFhttp://52-sell.com/o4q/bitwarden-cloud.html HTTP/1.1" 301 0 "-" "Mozilla/5.0 (compatible; MJ12bot/v1.4.8; http://mj12bot.com/)"
156.67.83.167 - - [28/Apr/2025:09:54:24 -0400] "GET /mlp/%EF%BB%BFhttp://52-sell.com/o4q/south-craigslist.html HTTP/1.1" 301 0 "-" "Mozilla/5.0 (compatible; MJ12bot/v1.4.8; http://mj12bot.com/)"
135.181.79.106 - - [28/Apr/2025:09:54:29 -0400] "GET /mlp/%EF%BB%BFhttp:/52-sell.com/o4q/bitwarden-cloud.html HTTP/1.1" 404 39342 "-" "Mozilla/5.0 (compatible; MJ12bot/v1.4.8; http://mj12bot.com/)"
156.67.83.167 - - [28/Apr/2025:09:54:29 -0400] "GET /mlp/%EF%BB%BFhttp:/52-sell.com/o4q/south-craigslist.html HTTP/1.1" 404 39288 "-" "Mozilla/5.0 (compatible; MJ12bot/v1.4.8; http://mj12bot.com/)"
66.29.132.124 - - [28/Apr/2025:09:54:35 -0400] "POST /wp-cron.php?doing_wp_cron=1745848475.1642189025878906250000 HTTP/1.1" 200 0 "-" "WordPress/6.8; https://arsn.media"
135.181.79.106 - - [28/Apr/2025:09:54:34 -0400] "GET /mlp/%EF%BB%BFhttp://52-sell.com/o4q/bitwise-blend-codechef-solution.html HTTP/1.1" 301 0 "-" "Mozilla/5.0 (compatible; MJ12bot/v1.4.8; http://mj12bot.com/)"
156.67.83.167 - - [28/Apr/2025:09:54:35 -0400] "GET /mlp/%EF%BB%BFhttp://52-sell.com/o4q/south-san-francisco-scavenger.html HTTP/1.1" 301 0 "-" "Mozilla/5.0 (compatible; MJ12bot/v1.4.8; http://mj12bot.com/)"
66.29.132.124 - - [28/Apr/2025:09:54:36 -0400] "POST /wp-admin/admin-ajax.php?action=async_litespeed&nonce=w8dMrX1an8uapVoQvlRmwoDkP5EXu7Yz&litespeed_type=imgoptm HTTP/1.1" 200 0 "-" "WordPress/6.8; https://arsn.media"
217.113.194.73 - - [28/Apr/2025:09:54:38 -0400] "GET /robots.txt HTTP/1.1" 200 121 "-" "Mozilla/5.0 (compatible; Barkrowler/0.9; +https://babbar.tech/crawler)"
135.181.79.106 - - [28/Apr/2025:09:54:38 -0400] "GET /mlp/%EF%BB%BFhttp:/52-sell.com/o4q/bitwise-blend-codechef-solution.html HTTP/1.1" 404 39131 "-" "Mozilla/5.0 (compatible; MJ12bot/v1.4.8; http://mj12bot.com/)"
156.67.83.167 - - [28/Apr/2025:09:54:40 -0400] "GET /mlp/%EF%BB%BFhttp:/52-sell.com/o4q/south-san-francisco-scavenger.html HTTP/1.1" 404 39240 "-" "Mozilla/5.0 (compatible; MJ12bot/v1.4.8; http://mj12bot.com/)"
135.181.79.106 - - [28/Apr/2025:09:54:45 -0400] "GET /mlp/%EF%BB%BFhttp://52-sell.com/o4q/black-butler-x-little-sister-reader.html HTTP/1.1" 301 0 "-" "Mozilla/5.0 (compatible; MJ12bot/v1.4.8; http://mj12bot.com/)"
156.67.83.167 - - [28/Apr/2025:09:54:48 -0400] "GET /mlp/%EF%BB%BFhttp://52-sell.com/o4q/southern-baptist-church-near-me.html HTTP/1.1" 301 0 "-" "Mozilla/5.0 (compatible; MJ12bot/v1.4.8; http://mj12bot.com/)"
66.29.132.124 - - [28/Apr/2025:09:54:51 -0400] "POST /wp-cron.php?doing_wp_cron=1745848490.7991909980773925781250 HTTP/1.1" 200 0 "-" "WordPress/6.8; https://arsn.media"
217.113.194.73 - - [28/Apr/2025:09:54:52 -0400] "GET /robots.txt HTTP/1.1" 200 121 "-" "Mozilla/5.0 (compatible; Barkrowler/0.9; +https://babbar.tech/crawler)"
135.181.79.106 - - [28/Apr/2025:09:54:50 -0400] "GET /mlp/%EF%BB%BFhttp:/52-sell.com/o4q/black-butler-x-little-sister-reader.html HTTP/1.1" 404 39342 "-" "Mozilla/5.0 (compatible; MJ12bot/v1.4.8; http://mj12bot.com/)"
156.67.83.167 - - [28/Apr/2025:09:54:53 -0400] "GET /mlp/%EF%BB%BFhttp:/52-sell.com/o4q/southern-baptist-church-near-me.html HTTP/1.1" 404 39182 "-" "Mozilla/5.0 (compatible; MJ12bot/v1.4.8; http://mj12bot.com/)"
135.181.79.106 - - [28/Apr/2025:09:54:55 -0400] "GET /mlp/%EF%BB%BFhttp://52-sell.com/o4q/black-rhino-wheels-jeep-gladiator.html HTTP/1.1" 301 0 "-" "Mozilla/5.0 (compatible; MJ12bot/v1.4.8; http://mj12bot.com/)"
156.67.83.167 - - [28/Apr/2025:09:54:58 -0400] "GET /mlp/%EF%BB%BFhttp://52-sell.com/o4q/sparklers-fireworks-target.html HTTP/1.1" 301 0 "-" "Mozilla/5.0 (compatible; MJ12bot/v1.4.8; http://mj12bot.com/)"
135.181.79.106 - - [28/Apr/2025:09:54:58 -0400] "GET /mlp/%EF%BB%BFhttp:/52-sell.com/o4q/black-rhino-wheels-jeep-gladiator.html HTTP/1.1" 404 39240 "-" "Mozilla/5.0 (compatible; MJ12bot/v1.4.8; http://mj12bot.com/)"
217.113.194.75 - - [28/Apr/2025:09:55:02 -0400] "GET / HTTP/1.1" 200 72353 "-" "Mozilla/5.0 (compatible; Barkrowler/0.9; +https://babbar.tech/crawler)"
156.67.83.167 - - [28/Apr/2025:09:55:01 -0400] "GET /mlp/%EF%BB%BFhttp:/52-sell.com/o4q/sparklers-fireworks-target.html HTTP/1.1" 404 39329 "-" "Mozilla/5.0 (compatible; MJ12bot/v1.4.8; http://mj12bot.com/)"
135.181.79.106 - - [28/Apr/2025:09:55:03 -0400] "GET /mlp/%EF%BB%BFhttp://52-sell.com/o4q/black-singles-event-near-me.html HTTP/1.1" 301 0 "-" "Mozilla/5.0 (compatible; MJ12bot/v1.4.8; http://mj12bot.com/)"
156.67.83.167 - - [28/Apr/2025:09:55:07 -0400] "GET /mlp/%EF%BB%BFhttp://52-sell.com/o4q/speed-dating-nyc-today.html HTTP/1.1" 301 0 "-" "Mozilla/5.0 (compatible; MJ12bot/v1.4.8; http://mj12bot.com/)"
135.181.79.106 - - [28/Apr/2025:09:55:09 -0400] "GET /mlp/%EF%BB%BFhttp:/52-sell.com/o4q/black-singles-event-near-me.html HTTP/1.1" 404 39255 "-" "Mozilla/5.0 (compatible; MJ12bot/v1.4.8; http://mj12bot.com/)"
156.67.83.167 - - [28/Apr/2025:09:55:11 -0400] "GET /mlp/%EF%BB%BFhttp:/52-sell.com/o4q/speed-dating-nyc-today.html HTTP/1.1" 404 39335 "-" "Mozilla/5.0 (compatible; MJ12bot/v1.4.8; http://mj12bot.com/)"
135.181.79.106 - - [28/Apr/2025:09:55:16 -0400] "GET /mlp/%EF%BB%BFhttp://52-sell.com/o4q/blazor-input-radio-bind.html HTTP/1.1" 301 0 "-" "Mozilla/5.0 (compatible; MJ12bot/v1.4.8; http://mj12bot.com/)"
156.67.83.167 - - [28/Apr/2025:09:55:16 -0400] "GET /mlp/%EF%BB%BFhttp://52-sell.com/o4q/spincasting-shakespeare-reels.html HTTP/1.1" 301 0 "-" "Mozilla/5.0 (compatible; MJ12bot/v1.4.8; http://mj12bot.com/)"
135.181.79.106 - - [28/Apr/2025:09:55:21 -0400] "GET /mlp/%EF%BB%BFhttp:/52-sell.com/o4q/blazor-input-radio-bind.html HTTP/1.1" 404 39410 "-" "Mozilla/5.0 (compatible; MJ12bot/v1.4.8; http://mj12bot.com/)"
156.67.83.167 - - [28/Apr/2025:09:55:20 -0400] "GET /mlp/%EF%BB%BFhttp:/52-sell.com/o4q/spincasting-shakespeare-reels.html HTTP/1.1" 404 39304 "-" "Mozilla/5.0 (compatible; MJ12bot/v1.4.8; http://mj12bot.com/)"
217.113.194.77 - - [28/Apr/2025:09:55:24 -0400] "GET /blog/ HTTP/1.1" 200 64331 "-" "Mozilla/5.0 (compatible; Barkrowler/0.9; +https://babbar.tech/crawler)"
135.181.79.106 - - [28/Apr/2025:09:55:26 -0400] "GET /mlp/%EF%BB%BFhttp://52-sell.com/o4q/blooket-box-opening-hack.html HTTP/1.1" 301 0 "-" "Mozilla/5.0 (compatible; MJ12bot/v1.4.8; http://mj12bot.com/)"
156.67.83.167 - - [28/Apr/2025:09:55:28 -0400] "GET /mlp/%EF%BB%BFhttp://52-sell.com/o4q/split-bumper-camaro-z28.html HTTP/1.1" 301 0 "-" "Mozilla/5.0 (compatible; MJ12bot/v1.4.8; http://mj12bot.com/)"
156.67.83.167 - - [28/Apr/2025:09:55:31 -0400] "GET /mlp/%EF%BB%BFhttp:/52-sell.com/o4q/split-bumper-camaro-z28.html HTTP/1.1" 404 39436 "-" "Mozilla/5.0 (compatible; MJ12bot/v1.4.8; http://mj12bot.com/)"
135.181.79.106 - - [28/Apr/2025:09:55:31 -0400] "GET /mlp/%EF%BB%BFhttp:/52-sell.com/o4q/blooket-box-opening-hack.html HTTP/1.1" 404 39271 "-" "Mozilla/5.0 (compatible; MJ12bot/v1.4.8; http://mj12bot.com/)"
135.181.79.106 - - [28/Apr/2025:09:55:37 -0400] "GET /mlp/%EF%BB%BFhttp://52-sell.com/o4q/blue-bird-bus-price-near-mong-kok.html HTTP/1.1" 301 0 "-" "Mozilla/5.0 (compatible; MJ12bot/v1.4.8; http://mj12bot.com/)"
66.29.132.124 - - [28/Apr/2025:09:55:38 -0400] "POST /wp-cron.php?doing_wp_cron=1745848537.9964420795440673828125 HTTP/1.1" 200 0 "-" "WordPress/6.8; https://arsn.media"
156.67.83.167 - - [28/Apr/2025:09:55:36 -0400] "GET /mlp/%EF%BB%BFhttp://52-sell.com/o4q/spoof-gpu-id.html HTTP/1.1" 301 0 "-" "Mozilla/5.0 (compatible; MJ12bot/v1.4.8; http://mj12bot.com/)"
66.29.132.124 - - [28/Apr/2025:09:55:40 -0400] "POST /wp-admin/admin-ajax.php?action=async_litespeed&nonce=8STlmEotHYBzk9egkkn1tSg7Da7ufD13&litespeed_type=imgoptm HTTP/1.1" 200 0 "-" "WordPress/6.8; https://arsn.media"
156.67.83.167 - - [28/Apr/2025:09:55:42 -0400] "GET /mlp/%EF%BB%BFhttp:/52-sell.com/o4q/spoof-gpu-id.html HTTP/1.1" 404 39411 "-" "Mozilla/5.0 (compatible; MJ12bot/v1.4.8; http://mj12bot.com/)"
135.181.79.106 - - [28/Apr/2025:09:55:41 -0400] "GET /mlp/%EF%BB%BFhttp:/52-sell.com/o4q/blue-bird-bus-price-near-mong-kok.html HTTP/1.1" 404 39247 "-" "Mozilla/5.0 (compatible; MJ12bot/v1.4.8; http://mj12bot.com/)"
135.181.79.106 - - [28/Apr/2025:09:55:47 -0400] "GET /mlp/%EF%BB%BFhttp://52-sell.com/o4q/bmw-floor-mats-3-series.html HTTP/1.1" 301 0 "-" "Mozilla/5.0 (compatible; MJ12bot/v1.4.8; http://mj12bot.com/)"
156.67.83.167 - - [28/Apr/2025:09:55:47 -0400] "GET /mlp/%EF%BB%BFhttp://52-sell.com/o4q/sporcle-anime.html HTTP/1.1" 301 0 "-" "Mozilla/5.0 (compatible; MJ12bot/v1.4.8; http://mj12bot.com/)"
217.113.194.77 - - [28/Apr/2025:09:55:50 -0400] "GET /feed/ HTTP/1.1" 200 53631 "-" "Mozilla/5.0 (compatible; Barkrowler/0.9; +https://babbar.tech/crawler)"
66.29.132.124 - - [28/Apr/2025:09:55:56 -0400] "POST /wp-cron.php?doing_wp_cron=1745848554.1200010776519775390625 HTTP/1.1" 200 0 "-" "WordPress/6.8; https://arsn.media"
135.181.79.106 - - [28/Apr/2025:09:55:52 -0400] "GET /mlp/%EF%BB%BFhttp:/52-sell.com/o4q/bmw-floor-mats-3-series.html HTTP/1.1" 404 39365 "-" "Mozilla/5.0 (compatible; MJ12bot/v1.4.8; http://mj12bot.com/)"
156.67.83.167 - - [28/Apr/2025:09:55:52 -0400] "GET /mlp/%EF%BB%BFhttp:/52-sell.com/o4q/sporcle-anime.html HTTP/1.1" 404 39422 "-" "Mozilla/5.0 (compatible; MJ12bot/v1.4.8; http://mj12bot.com/)"
135.181.79.106 - - [28/Apr/2025:09:55:59 -0400] "GET /mlp/%EF%BB%BFhttp://52-sell.com/o4q/bmw-n20-cylinder-1-misfire.html HTTP/1.1" 301 0 "-" "Mozilla/5.0 (compatible; MJ12bot/v1.4.8; http://mj12bot.com/)"
156.67.83.167 - - [28/Apr/2025:09:55:59 -0400] "GET /mlp/%EF%BB%BFhttp://52-sell.com/o4q/sprinter-2500-mpg.html HTTP/1.1" 301 0 "-" "Mozilla/5.0 (compatible; MJ12bot/v1.4.8; http://mj12bot.com/)"
156.67.83.167 - - [28/Apr/2025:09:56:04 -0400] "GET /mlp/%EF%BB%BFhttp:/52-sell.com/o4q/sprinter-2500-mpg.html HTTP/1.1" 404 39294 "-" "Mozilla/5.0 (compatible; MJ12bot/v1.4.8; http://mj12bot.com/)"
135.181.79.106 - - [28/Apr/2025:09:56:04 -0400] "GET /mlp/%EF%BB%BFhttp:/52-sell.com/o4q/bmw-n20-cylinder-1-misfire.html HTTP/1.1" 404 39334 "-" "Mozilla/5.0 (compatible; MJ12bot/v1.4.8; http://mj12bot.com/)"
156.67.83.167 - - [28/Apr/2025:09:56:08 -0400] "GET /mlp/%EF%BB%BFhttp://52-sell.com/o4q/spt-aki-remove-fog.html HTTP/1.1" 301 0 "-" "Mozilla/5.0 (compatible; MJ12bot/v1.4.8; http://mj12bot.com/)"
135.181.79.106 - - [28/Apr/2025:09:56:09 -0400] "GET /mlp/%EF%BB%BFhttp://52-sell.com/o4q/bmw-n57-oil-temperature.html HTTP/1.1" 301 0 "-" "Mozilla/5.0 (compatible; MJ12bot/v1.4.8; http://mj12bot.com/)"
156.67.83.167 - - [28/Apr/2025:09:56:11 -0400] "GET /mlp/%EF%BB%BFhttp:/52-sell.com/o4q/spt-aki-remove-fog.html HTTP/1.1" 404 39248 "-" "Mozilla/5.0 (compatible; MJ12bot/v1.4.8; http://mj12bot.com/)"
135.181.79.106 - - [28/Apr/2025:09:56:12 -0400] "GET /mlp/%EF%BB%BFhttp:/52-sell.com/o4q/bmw-n57-oil-temperature.html HTTP/1.1" 404 39377 "-" "Mozilla/5.0 (compatible; MJ12bot/v1.4.8; http://mj12bot.com/)"
217.113.194.72 - - [28/Apr/2025:09:56:17 -0400] "GET /contacts/ HTTP/1.1" 200 60713 "-" "Mozilla/5.0 (compatible; Barkrowler/0.9; +https://babbar.tech/crawler)"
156.67.83.167 - - [28/Apr/2025:09:56:16 -0400] "GET /mlp/%EF%BB%BFhttp://52-sell.com/o4q/spy-family.html HTTP/1.1" 301 0 "-" "Mozilla/5.0 (compatible; MJ12bot/v1.4.8; http://mj12bot.com/)"
135.181.79.106 - - [28/Apr/2025:09:56:17 -0400] "GET /mlp/%EF%BB%BFhttp://52-sell.com/o4q/bob-has-n-workers-working-under-him.html HTTP/1.1" 301 0 "-" "Mozilla/5.0 (compatible; MJ12bot/v1.4.8; http://mj12bot.com/)"
156.67.83.167 - - [28/Apr/2025:09:56:21 -0400] "GET /mlp/%EF%BB%BFhttp:/52-sell.com/o4q/spy-family.html HTTP/1.1" 404 39272 "-" "Mozilla/5.0 (compatible; MJ12bot/v1.4.8; http://mj12bot.com/)"
135.181.79.106 - - [28/Apr/2025:09:56:21 -0400] "GET /mlp/%EF%BB%BFhttp:/52-sell.com/o4q/bob-has-n-workers-working-under-him.html HTTP/1.1" 404 39346 "-" "Mozilla/5.0 (compatible; MJ12bot/v1.4.8; http://mj12bot.com/)"
156.67.83.167 - - [28/Apr/2025:09:56:26 -0400] "GET /mlp/%EF%BB%BFhttp://52-sell.com/o4q/spy-x-family-anime-episode-8-release-date.html HTTP/1.1" 301 0 "-" "Mozilla/5.0 (compatible; MJ12bot/v1.4.8; http://mj12bot.com/)"
135.181.79.106 - - [28/Apr/2025:09:56:27 -0400] "GET /mlp/%EF%BB%BFhttp://52-sell.com/o4q/bobcat-miner-shipping-time-to-us.html HTTP/1.1" 301 0 "-" "Mozilla/5.0 (compatible; MJ12bot/v1.4.8; http://mj12bot.com/)"
156.67.83.167 - - [28/Apr/2025:09:56:29 -0400] "GET /mlp/%EF%BB%BFhttp:/52-sell.com/o4q/spy-x-family-anime-episode-8-release-date.html HTTP/1.1" 404 39319 "-" "Mozilla/5.0 (compatible; MJ12bot/v1.4.8; http://mj12bot.com/)"
135.181.79.106 - - [28/Apr/2025:09:56:30 -0400] "GET /mlp/%EF%BB%BFhttp:/52-sell.com/o4q/bobcat-miner-shipping-time-to-us.html HTTP/1.1" 404 39125 "-" "Mozilla/5.0 (compatible; MJ12bot/v1.4.8; http://mj12bot.com/)"
156.67.83.167 - - [28/Apr/2025:09:56:33 -0400] "GET /mlp/%EF%BB%BFhttp://52-sell.com/o4q/spy-x-family-crunchyroll-release-date.html HTTP/1.1" 301 0 "-" "Mozilla/5.0 (compatible; MJ12bot/v1.4.8; http://mj12bot.com/)"
135.181.79.106 - - [28/Apr/2025:09:56:34 -0400] "GET /mlp/%EF%BB%BFhttp://52-sell.com/o4q/body-found-owen-county-indiana.html HTTP/1.1" 301 0 "-" "Mozilla/5.0 (compatible; MJ12bot/v1.4.8; http://mj12bot.com/)"
156.67.83.167 - - [28/Apr/2025:09:56:36 -0400] "GET /mlp/%EF%BB%BFhttp:/52-sell.com/o4q/spy-x-family-crunchyroll-release-date.html HTTP/1.1" 404 39147 "-" "Mozilla/5.0 (compatible; MJ12bot/v1.4.8; http://mj12bot.com/)"
217.113.194.79 - - [28/Apr/2025:09:56:42 -0400] "GET /privacy-policy/ HTTP/1.1" 200 64331 "-" "Mozilla/5.0 (compatible; Barkrowler/0.9; +https://babbar.tech/crawler)"
135.181.79.106 - - [28/Apr/2025:09:56:39 -0400] "GET /mlp/%EF%BB%BFhttp:/52-sell.com/o4q/body-found-owen-county-indiana.html HTTP/1.1" 404 39247 "-" "Mozilla/5.0 (compatible; MJ12bot/v1.4.8; http://mj12bot.com/)"
156.67.83.167 - - [28/Apr/2025:09:56:41 -0400] "GET /mlp/%EF%BB%BFhttp://52-sell.com/o4q/sr11x-for-sale.html HTTP/1.1" 301 0 "-" "Mozilla/5.0 (compatible; MJ12bot/v1.4.8; http://mj12bot.com/)"
135.181.79.106 - - [28/Apr/2025:09:56:45 -0400] "GET /mlp/%EF%BB%BFhttp://52-sell.com/o4q/bon-voyage-season-4.html HTTP/1.1" 301 0 "-" "Mozilla/5.0 (compatible; MJ12bot/v1.4.8; http://mj12bot.com/)"
156.67.83.167 - - [28/Apr/2025:09:56:45 -0400] "GET /mlp/%EF%BB%BFhttp:/52-sell.com/o4q/sr11x-for-sale.html HTTP/1.1" 404 39164 "-" "Mozilla/5.0 (compatible; MJ12bot/v1.4.8; http://mj12bot.com/)"
135.181.79.106 - - [28/Apr/2025:09:56:49 -0400] "GET /mlp/%EF%BB%BFhttp:/52-sell.com/o4q/bon-voyage-season-4.html HTTP/1.1" 404 39219 "-" "Mozilla/5.0 (compatible; MJ12bot/v1.4.8; http://mj12bot.com/)"
156.67.83.167 - - [28/Apr/2025:09:56:52 -0400] "GET /mlp/%EF%BB%BFhttp://52-sell.com/o4q/st1300-gear-indicator.html HTTP/1.1" 301 0 "-" "Mozilla/5.0 (compatible; MJ12bot/v1.4.8; http://mj12bot.com/)"
66.29.132.124 - - [28/Apr/2025:09:56:56 -0400] "POST /wp-cron.php?doing_wp_cron=1745848616.2571220397949218750000 HTTP/1.1" 200 0 "-" "WordPress/6.8; https://arsn.media"
135.181.79.106 - - [28/Apr/2025:09:56:55 -0400] "GET /mlp/%EF%BB%BFhttp://52-sell.com/o4q/bonner-candidates.html HTTP/1.1" 301 0 "-" "Mozilla/5.0 (compatible; MJ12bot/v1.4.8; http://mj12bot.com/)"
156.67.83.167 - - [28/Apr/2025:09:56:56 -0400] "GET /mlp/%EF%BB%BFhttp:/52-sell.com/o4q/st1300-gear-indicator.html HTTP/1.1" 404 39336 "-" "Mozilla/5.0 (compatible; MJ12bot/v1.4.8; http://mj12bot.com/)"
66.29.132.124 - - [28/Apr/2025:09:57:01 -0400] "POST /wp-admin/admin-ajax.php?action=async_litespeed&nonce=oeJYuMHSjISgz2L8gRPolWMiXanFDp7C&litespeed_type=imgoptm HTTP/1.1" 200 0 "-" "WordPress/6.8; https://arsn.media"
217.113.194.79 - - [28/Apr/2025:09:57:02 -0400] "GET /blog/page/2/ HTTP/1.1" 200 63600 "-" "Mozilla/5.0 (compatible; Barkrowler/0.9; +https://babbar.tech/crawler)"
135.181.79.106 - - [28/Apr/2025:09:57:00 -0400] "GET /mlp/%EF%BB%BFhttp:/52-sell.com/o4q/bonner-candidates.html HTTP/1.1" 404 39236 "-" "Mozilla/5.0 (compatible; MJ12bot/v1.4.8; http://mj12bot.com/)"
156.67.83.167 - - [28/Apr/2025:09:57:02 -0400] "GET /mlp/%EF%BB%BFhttp://52-sell.com/o4q/super-target-systems-bullet-trap.html HTTP/1.1" 301 0 "-" "Mozilla/5.0 (compatible; MJ12bot/v1.4.8; http://mj12bot.com/)"
135.181.79.106 - - [28/Apr/2025:09:57:05 -0400] "GET /mlp/%EF%BB%BFhttp://52-sell.com/o4q/book-of-the-day-meaning.html HTTP/1.1" 301 0 "-" "Mozilla/5.0 (compatible; MJ12bot/v1.4.8; http://mj12bot.com/)"
156.67.83.167 - - [28/Apr/2025:09:57:06 -0400] "GET /mlp/%EF%BB%BFhttp:/52-sell.com/o4q/super-target-systems-bullet-trap.html HTTP/1.1" 404 39169 "-" "Mozilla/5.0 (compatible; MJ12bot/v1.4.8; http://mj12bot.com/)"
135.181.79.106 - - [28/Apr/2025:09:57:09 -0400] "GET /mlp/%EF%BB%BFhttp:/52-sell.com/o4q/book-of-the-day-meaning.html HTTP/1.1" 404 39370 "-" "Mozilla/5.0 (compatible; MJ12bot/v1.4.8; http://mj12bot.com/)"
156.67.83.167 - - [28/Apr/2025:09:57:11 -0400] "GET /mlp/%EF%BB%BFhttp://52-sell.com/o4q/supervised-visitation-monitor.html HTTP/1.1" 301 0 "-" "Mozilla/5.0 (compatible; MJ12bot/v1.4.8; http://mj12bot.com/)"
135.181.79.106 - - [28/Apr/2025:09:57:14 -0400] "GET /mlp/%EF%BB%BFhttp://52-sell.com/o4q/boost-apn-settings-2021.html HTTP/1.1" 301 0 "-" "Mozilla/5.0 (compatible; MJ12bot/v1.4.8; http://mj12bot.com/)"
156.67.83.167 - - [28/Apr/2025:09:57:14 -0400] "GET /mlp/%EF%BB%BFhttp:/52-sell.com/o4q/supervised-visitation-monitor.html HTTP/1.1" 404 39310 "-" "Mozilla/5.0 (compatible; MJ12bot/v1.4.8; http://mj12bot.com/)"
135.181.79.106 - - [28/Apr/2025:09:57:18 -0400] "GET /mlp/%EF%BB%BFhttp:/52-sell.com/o4q/boost-apn-settings-2021.html HTTP/1.1" 404 39367 "-" "Mozilla/5.0 (compatible; MJ12bot/v1.4.8; http://mj12bot.com/)"
156.67.83.167 - - [28/Apr/2025:09:57:21 -0400] "GET /mlp/%EF%BB%BFhttp://52-sell.com/o4q/supervised-visitation-services-near-me.html HTTP/1.1" 301 0 "-" "Mozilla/5.0 (compatible; MJ12bot/v1.4.8; http://mj12bot.com/)"
135.181.79.106 - - [28/Apr/2025:09:57:24 -0400] "GET /mlp/%EF%BB%BFhttp://52-sell.com/o4q/boost-instead-of-overdrive.html HTTP/1.1" 301 0 "-" "Mozilla/5.0 (compatible; MJ12bot/v1.4.8; http://mj12bot.com/)"
156.67.83.167 - - [28/Apr/2025:09:57:25 -0400] "GET /mlp/%EF%BB%BFhttp:/52-sell.com/o4q/supervised-visitation-services-near-me.html HTTP/1.1" 404 39196 "-" "Mozilla/5.0 (compatible; MJ12bot/v1.4.8; http://mj12bot.com/)"
217.113.194.75 - - [28/Apr/2025:09:57:28 -0400] "GET /about-company/ HTTP/1.1" 200 67936 "-" "Mozilla/5.0 (compatible; Barkrowler/0.9; +https://babbar.tech/crawler)"
135.181.79.106 - - [28/Apr/2025:09:57:28 -0400] "GET /mlp/%EF%BB%BFhttp:/52-sell.com/o4q/boost-instead-of-overdrive.html HTTP/1.1" 404 39335 "-" "Mozilla/5.0 (compatible; MJ12bot/v1.4.8; http://mj12bot.com/)"
156.67.83.167 - - [28/Apr/2025:09:57:30 -0400] "GET /mlp/%EF%BB%BFhttp://52-sell.com/o4q/sustainability-in-construction-coursera-answers.html HTTP/1.1" 301 0 "-" "Mozilla/5.0 (compatible; MJ12bot/v1.4.8; http://mj12bot.com/)"
135.181.79.106 - - [28/Apr/2025:09:57:34 -0400] "GET /mlp/%EF%BB%BFhttp://52-sell.com/o4q/boron-bath-soak.html HTTP/1.1" 301 0 "-" "Mozilla/5.0 (compatible; MJ12bot/v1.4.8; http://mj12bot.com/)"
66.29.132.124 - - [28/Apr/2025:09:57:35 -0400] "POST /wp-cron.php?doing_wp_cron=1745848654.9580678939819335937500 HTTP/1.1" 200 0 "-" "WordPress/6.8; https://arsn.media"
66.29.132.124 - - [28/Apr/2025:09:57:37 -0400] "POST /wp-admin/admin-ajax.php?action=async_litespeed&nonce=XYzgtHT1Kfh1dOpZ3DzV3YoeqaH2dmlX&litespeed_type=imgoptm HTTP/1.1" 200 0 "-" "WordPress/6.8; https://arsn.media"
156.67.83.167 - - [28/Apr/2025:09:57:34 -0400] "GET /mlp/%EF%BB%BFhttp:/52-sell.com/o4q/sustainability-in-construction-coursera-answers.html HTTP/1.1" 404 39316 "-" "Mozilla/5.0 (compatible; MJ12bot/v1.4.8; http://mj12bot.com/)"
135.181.79.106 - - [28/Apr/2025:09:57:38 -0400] "GET /mlp/%EF%BB%BFhttp:/52-sell.com/o4q/boron-bath-soak.html HTTP/1.1" 404 39339 "-" "Mozilla/5.0 (compatible; MJ12bot/v1.4.8; http://mj12bot.com/)"
156.67.83.167 - - [28/Apr/2025:09:57:40 -0400] "GET /mlp/%EF%BB%BFhttp://52-sell.com/o4q/suzuki-boulevard-m109r-2022.html HTTP/1.1" 301 0 "-" "Mozilla/5.0 (compatible; MJ12bot/v1.4.8; http://mj12bot.com/)"
135.181.79.106 - - [28/Apr/2025:09:57:43 -0400] "GET /mlp/%EF%BB%BFhttp://52-sell.com/o4q/bose-outlet.html HTTP/1.1" 301 0 "-" "Mozilla/5.0 (compatible; MJ12bot/v1.4.8; http://mj12bot.com/)"
156.67.83.167 - - [28/Apr/2025:09:57:44 -0400] "GET /mlp/%EF%BB%BFhttp:/52-sell.com/o4q/suzuki-boulevard-m109r-2022.html HTTP/1.1" 404 39184 "-" "Mozilla/5.0 (compatible; MJ12bot/v1.4.8; http://mj12bot.com/)"
135.181.79.106 - - [28/Apr/2025:09:57:47 -0400] "GET /mlp/%EF%BB%BFhttp:/52-sell.com/o4q/bose-outlet.html HTTP/1.1" 404 39268 "-" "Mozilla/5.0 (compatible; MJ12bot/v1.4.8; http://mj12bot.com/)"
66.29.132.124 - - [28/Apr/2025:09:57:51 -0400] "POST /wp-cron.php?doing_wp_cron=1745848670.9917619228363037109375 HTTP/1.1" 200 0 "-" "WordPress/6.8; https://arsn.media"
156.67.83.167 - - [28/Apr/2025:09:57:49 -0400] "GET /mlp/%EF%BB%BFhttp://52-sell.com/o4q/suzuki-car-parts.html HTTP/1.1" 301 0 "-" "Mozilla/5.0 (compatible; MJ12bot/v1.4.8; http://mj12bot.com/)"
217.113.194.80 - - [28/Apr/2025:09:57:53 -0400] "GET /comments/feed/ HTTP/1.1" 200 417 "-" "Mozilla/5.0 (compatible; Barkrowler/0.9; +https://babbar.tech/crawler)"
135.181.79.106 - - [28/Apr/2025:09:57:52 -0400] "GET /mlp/%EF%BB%BFhttp://52-sell.com/o4q/brainwashing-a-child-against-a-parent-quotes.html HTTP/1.1" 301 0 "-" "Mozilla/5.0 (compatible; MJ12bot/v1.4.8; http://mj12bot.com/)"
3.129.10.46 - - [28/Apr/2025:09:57:53 -0400] "GET /author/marsalanaleem/feed HTTP/1.1" 301 0 "-" "Mozilla/5.0 AppleWebKit/537.36 (KHTML, like Gecko; compatible; ClaudeBot/1.0; +claudebot@anthropic.com)"
156.67.83.167 - - [28/Apr/2025:09:57:54 -0400] "GET /mlp/%EF%BB%BFhttp:/52-sell.com/o4q/suzuki-car-parts.html HTTP/1.1" 404 39290 "-" "Mozilla/5.0 (compatible; MJ12bot/v1.4.8; http://mj12bot.com/)"
3.129.10.46 - - [28/Apr/2025:09:57:55 -0400] "GET /author/marsalanaleem/feed/ HTTP/1.1" 200 41900 "https://arsn.media/author/marsalanaleem/feed" "Mozilla/5.0 AppleWebKit/537.36 (KHTML, like Gecko; compatible; ClaudeBot/1.0; +claudebot@anthropic.com)"
135.181.79.106 - - [28/Apr/2025:09:57:55 -0400] "GET /mlp/%EF%BB%BFhttp:/52-sell.com/o4q/brainwashing-a-child-against-a-parent-quotes.html HTTP/1.1" 404 39381 "-" "Mozilla/5.0 (compatible; MJ12bot/v1.4.8; http://mj12bot.com/)"
156.67.83.167 - - [28/Apr/2025:09:58:00 -0400] "GET /mlp/%EF%BB%BFhttp://52-sell.com/o4q/swagbucks-paypal-reddit.html HTTP/1.1" 301 0 "-" "Mozilla/5.0 (compatible; MJ12bot/v1.4.8; http://mj12bot.com/)"
135.181.79.106 - - [28/Apr/2025:09:58:01 -0400] "GET /mlp/%EF%BB%BFhttp://52-sell.com/o4q/brake-lamp-honda-odyssey-2001.html HTTP/1.1" 301 0 "-" "Mozilla/5.0 (compatible; MJ12bot/v1.4.8; http://mj12bot.com/)"
20.171.207.19 - - [28/Apr/2025:09:58:05 -0400] "GET /wp-json/elementskit/v1/ HTTP/1.1" 404 114 "-" "Mozilla/5.0 AppleWebKit/537.36 (KHTML, like Gecko; compatible; GPTBot/1.2; +https://openai.com/gptbot)"
20.171.207.19 - - [28/Apr/2025:09:58:06 -0400] "GET /wp-content/uploads/2020/10/404.png%20707w,%20https:/arsn.media/wp-content/uploads/2020/10/404-300x110.png%20300w HTTP/1.1" 404 39311 "-" "Mozilla/5.0 AppleWebKit/537.36 (KHTML, like Gecko; compatible; GPTBot/1.2; +https://openai.com/gptbot)"
156.67.83.167 - - [28/Apr/2025:09:58:04 -0400] "GET /mlp/%EF%BB%BFhttp:/52-sell.com/o4q/swagbucks-paypal-reddit.html HTTP/1.1" 404 39368 "-" "Mozilla/5.0 (compatible; MJ12bot/v1.4.8; http://mj12bot.com/)"
20.171.207.19 - - [28/Apr/2025:09:58:08 -0400] "GET /wp-content/uploads/2020/09/ARSN-Final-Logos-scaled.jpg%202560w,%20https:/arsn.media/wp-content/uploads/2020/09/ARSN-Final-Logos-300x138.jpg%20300w,%20https:/arsn.media/wp-content/uploads/2020/09/ARSN-Final-Logos-1024x471.jpg%201024w,%20https:/arsn.media/ARSN-Final-Logos-768x353.jpg%20768w,%20https:/ARSN-Final-Logos-1536x706.jpg%201536w,%20https:/ARSN-Final-Logos-2048x942.jpg%202048w HTTP/1.1" 404 39349 "-" "Mozilla/5.0 AppleWebKit/537.36 (KHTML, like Gecko; compatible; GPTBot/1.2; +https://openai.com/gptbot)"
135.181.79.106 - - [28/Apr/2025:09:58:05 -0400] "GET /mlp/%EF%BB%BFhttp:/52-sell.com/o4q/brake-lamp-honda-odyssey-2001.html HTTP/1.1" 404 39240 "-" "Mozilla/5.0 (compatible; MJ12bot/v1.4.8; http://mj12bot.com/)"
156.67.83.167 - - [28/Apr/2025:09:58:09 -0400] "GET /mlp/%EF%BB%BFhttp://52-sell.com/o4q/swift-gpi-mt103-format.html HTTP/1.1" 301 0 "-" "Mozilla/5.0 (compatible; MJ12bot/v1.4.8; http://mj12bot.com/)"
135.181.79.106 - - [28/Apr/2025:09:58:11 -0400] "GET /mlp/%EF%BB%BFhttp://52-sell.com/o4q/brand-new-apartments-in-houston-2021.html HTTP/1.1" 301 0 "-" "Mozilla/5.0 (compatible; MJ12bot/v1.4.8; http://mj12bot.com/)"
20.171.207.19 - - [28/Apr/2025:09:58:11 -0400] "GET /wp-content/themes/onum/js/design-test.js HTTP/1.1" 404 18481 "-" "Mozilla/5.0 AppleWebKit/537.36 (KHTML, like Gecko; compatible; GPTBot/1.2; +https://openai.com/gptbot)"
156.67.83.167 - - [28/Apr/2025:09:58:14 -0400] "GET /mlp/%EF%BB%BFhttp:/52-sell.com/o4q/swift-gpi-mt103-format.html HTTP/1.1" 404 39337 "-" "Mozilla/5.0 (compatible; MJ12bot/v1.4.8; http://mj12bot.com/)"
217.113.194.79 - - [28/Apr/2025:09:58:18 -0400] "GET /blog/page/5/ HTTP/1.1" 200 64022 "-" "Mozilla/5.0 (compatible; Barkrowler/0.9; +https://babbar.tech/crawler)"
156.67.83.167 - - [28/Apr/2025:09:58:18 -0400] "GET /mlp/%EF%BB%BFhttp://52-sell.com/o4q/swim-with-dolphins-florida.html HTTP/1.1" 301 0 "-" "Mozilla/5.0 (compatible; MJ12bot/v1.4.8; http://mj12bot.com/)"
135.181.79.106 - - [28/Apr/2025:09:58:17 -0400] "GET /mlp/%EF%BB%BFhttp:/52-sell.com/o4q/brand-new-apartments-in-houston-2021.html HTTP/1.1" 404 39177 "-" "Mozilla/5.0 (compatible; MJ12bot/v1.4.8; http://mj12bot.com/)"
156.67.83.167 - - [28/Apr/2025:09:58:29 -0400] "GET /mlp/%EF%BB%BFhttp://52-sell.com/o4q/swing-trading-upro-reddit.html HTTP/1.1" 301 0 "-" "Mozilla/5.0 (compatible; MJ12bot/v1.4.8; http://mj12bot.com/)"
135.181.79.106 - - [28/Apr/2025:09:58:32 -0400] "GET /mlp/%EF%BB%BFhttp://52-sell.com/o4q/bryant-boats.html HTTP/1.1" 301 0 "-" "Mozilla/5.0 (compatible; MJ12bot/v1.4.8; http://mj12bot.com/)"
66.29.132.124 - - [28/Apr/2025:09:58:34 -0400] "POST /wp-cron.php?doing_wp_cron=1745848714.5954380035400390625000 HTTP/1.1" 200 0 "-" "WordPress/6.8; https://arsn.media"
156.67.83.167 - - [28/Apr/2025:09:58:33 -0400] "GET /mlp/%EF%BB%BFhttp:/52-sell.com/o4q/swing-trading-upro-reddit.html HTTP/1.1" 404 39210 "-" "Mozilla/5.0 (compatible; MJ12bot/v1.4.8; http://mj12bot.com/)"
66.29.132.124 - - [28/Apr/2025:09:58:36 -0400] "POST /wp-admin/admin-ajax.php?action=async_litespeed&nonce=A0QBvC4bqOLzl08zW2bOsWYjBIHgkkda&litespeed_type=imgoptm HTTP/1.1" 200 0 "-" "WordPress/6.8; https://arsn.media"
135.181.79.106 - - [28/Apr/2025:09:58:34 -0400] "GET /mlp/%EF%BB%BFhttp:/52-sell.com/o4q/bryant-boats.html HTTP/1.1" 404 39411 "-" "Mozilla/5.0 (compatible; MJ12bot/v1.4.8; http://mj12bot.com/)"
66.29.132.124 - - [28/Apr/2025:09:58:37 -0400] "POST /wp-admin/admin-ajax.php?action=as_async_request_queue_runner&nonce=77c05c7365 HTTP/1.1" 200 0 "-" "WordPress/6.8; https://arsn.media"
156.67.83.167 - - [28/Apr/2025:09:58:38 -0400] "GET /mlp/%EF%BB%BFhttp://52-sell.com/o4q/switch-emulator-android-apk.html HTTP/1.1" 301 0 "-" "Mozilla/5.0 (compatible; MJ12bot/v1.4.8; http://mj12bot.com/)"
154.54.249.200 - - [28/Apr/2025:09:58:39 -0400] "GET /blog/page/4/ HTTP/1.1" 200 64399 "-" "Mozilla/5.0 (compatible; Barkrowler/0.9; +https://babbar.tech/crawler)"
135.181.79.106 - - [28/Apr/2025:09:58:39 -0400] "GET /mlp/%EF%BB%BFhttp://52-sell.com/o4q/brytor-international-moving-reviews.html HTTP/1.1" 301 0 "-" "Mozilla/5.0 (compatible; MJ12bot/v1.4.8; http://mj12bot.com/)"
156.67.83.167 - - [28/Apr/2025:09:58:41 -0400] "GET /mlp/%EF%BB%BFhttp:/52-sell.com/o4q/switch-emulator-android-apk.html HTTP/1.1" 404 39228 "-" "Mozilla/5.0 (compatible; MJ12bot/v1.4.8; http://mj12bot.com/)"
135.181.79.106 - - [28/Apr/2025:09:58:43 -0400] "GET /mlp/%EF%BB%BFhttp:/52-sell.com/o4q/brytor-international-moving-reviews.html HTTP/1.1" 404 39288 "-" "Mozilla/5.0 (compatible; MJ12bot/v1.4.8; http://mj12bot.com/)"
156.67.83.167 - - [28/Apr/2025:09:58:46 -0400] "GET /mlp/%EF%BB%BFhttp://52-sell.com/o4q/syncthing-gui.html HTTP/1.1" 301 0 "-" "Mozilla/5.0 (compatible; MJ12bot/v1.4.8; http://mj12bot.com/)"
135.181.79.106 - - [28/Apr/2025:09:58:48 -0400] "GET /mlp/%EF%BB%BFhttp://52-sell.com/o4q/bts-reaction-to-you-debuting.html HTTP/1.1" 301 0 "-" "Mozilla/5.0 (compatible; MJ12bot/v1.4.8; http://mj12bot.com/)"
66.29.132.124 - - [28/Apr/2025:09:58:51 -0400] "POST /wp-cron.php?doing_wp_cron=1745848730.8853549957275390625000 HTTP/1.1" 200 0 "-" "WordPress/6.8; https://arsn.media"
156.67.83.167 - - [28/Apr/2025:09:58:49 -0400] "GET /mlp/%EF%BB%BFhttp:/52-sell.com/o4q/syncthing-gui.html HTTP/1.1" 404 39423 "-" "Mozilla/5.0 (compatible; MJ12bot/v1.4.8; http://mj12bot.com/)"
135.181.79.106 - - [28/Apr/2025:09:58:51 -0400] "GET /mlp/%EF%BB%BFhttp:/52-sell.com/o4q/bts-reaction-to-you-debuting.html HTTP/1.1" 404 39347 "-" "Mozilla/5.0 (compatible; MJ12bot/v1.4.8; http://mj12bot.com/)"
156.67.83.167 - - [28/Apr/2025:09:58:55 -0400] "GET /mlp/%EF%BB%BFhttp://52-sell.com/o4q/t4-t70-turbo-specs.html HTTP/1.1" 301 0 "-" "Mozilla/5.0 (compatible; MJ12bot/v1.4.8; http://mj12bot.com/)"
135.181.79.106 - - [28/Apr/2025:09:58:56 -0400] "GET /mlp/%EF%BB%BFhttp://52-sell.com/o4q/buddha-lo.html HTTP/1.1" 301 0 "-" "Mozilla/5.0 (compatible; MJ12bot/v1.4.8; http://mj12bot.com/)"
156.67.83.167 - - [28/Apr/2025:09:58:59 -0400] "GET /mlp/%EF%BB%BFhttp:/52-sell.com/o4q/t4-t70-turbo-specs.html HTTP/1.1" 404 39199 "-" "Mozilla/5.0 (compatible; MJ12bot/v1.4.8; http://mj12bot.com/)"
135.181.79.106 - - [28/Apr/2025:09:58:59 -0400] "GET /mlp/%EF%BB%BFhttp:/52-sell.com/o4q/buddha-lo.html HTTP/1.1" 404 39305 "-" "Mozilla/5.0 (compatible; MJ12bot/v1.4.8; http://mj12bot.com/)"
