20.171.207.19 - - [28/Apr/2025:11:31:49 -0400] "GET /wp-content/uploads/2020/09/ARSN-Final-Logos-scaled.jpg%202560w,%20https:/arsn.media/wp-content/uploads/2020/09/ARSN-Final-Logos-300x138.jpg%20300w,%20https:/arsn.media/wp-content/uploads/2020/09/ARSN-Final-Logos-1024x471.jpg%201024w,%20https:/arsn.media/ARSN-Final-Logos-768x353.jpg%20768w,%20https:/ARSN-Final-Logos-1536x706.jpg%201536w,%20https:/ARSN-Final-Logos-2048x942.jpg%202048w HTTP/1.1" 404 39350 "-" "Mozilla/5.0 AppleWebKit/537.36 (KHTML, like Gecko; compatible; GPTBot/1.2; +https://openai.com/gptbot)"
192.99.36.61 - - [28/Apr/2025:11:31:47 -0400] "GET /808/%EF%BB%BFhttp://2606arcolaave.805tstnw.com/mem/used-tractor-dealers-in-louisiana.html HTTP/1.1" 301 0 "-" "Mozilla/5.0 (compatible; MJ12bot/v1.4.8; http://mj12bot.com/)"
147.135.252.179 - - [28/Apr/2025:11:31:48 -0400] "GET /mlp/%EF%BB%BFhttp://52-sell.com/o4q/edelbrock-performer-intake-manifold-chevy-350.html HTTP/1.1" 301 0 "-" "Mozilla/5.0 (compatible; MJ12bot/v1.4.8; http://mj12bot.com/)"
20.171.207.19 - - [28/Apr/2025:11:31:51 -0400] "GET /wp-content/uploads/2020/10/404.png%20707w,%20https:/arsn.media/wp-content/uploads/2020/10/404-300x110.png%20300w HTTP/1.1" 404 39298 "-" "Mozilla/5.0 AppleWebKit/537.36 (KHTML, like Gecko; compatible; GPTBot/1.2; +https://openai.com/gptbot)"
192.99.36.61 - - [28/Apr/2025:11:31:50 -0400] "GET /808/%EF%BB%BFhttp:/2606arcolaave.805tstnw.com/mem/used-tractor-dealers-in-louisiana.html HTTP/1.1" 404 39292 "-" "Mozilla/5.0 (compatible; MJ12bot/v1.4.8; http://mj12bot.com/)"
20.171.207.19 - - [28/Apr/2025:11:31:53 -0400] "GET /wp-content/themes/onum/css/design-test.css?ver=6.7.2 HTTP/1.1" 404 39407 "-" "Mozilla/5.0 AppleWebKit/537.36 (KHTML, like Gecko; compatible; GPTBot/1.2; +https://openai.com/gptbot)"
147.135.252.179 - - [28/Apr/2025:11:31:51 -0400] "GET /mlp/%EF%BB%BFhttp:/52-sell.com/o4q/edelbrock-performer-intake-manifold-chevy-350.html HTTP/1.1" 404 39392 "-" "Mozilla/5.0 (compatible; MJ12bot/v1.4.8; http://mj12bot.com/)"
192.99.36.61 - - [28/Apr/2025:11:31:55 -0400] "GET /808/%EF%BB%BFhttp://2606arcolaave.805tstnw.com/mem/what-to-do-if-you-get-hydraulic-fluid-on-your-skin.html HTTP/1.1" 301 0 "-" "Mozilla/5.0 (compatible; MJ12bot/v1.4.8; http://mj12bot.com/)"
20.171.207.19 - - [28/Apr/2025:11:31:57 -0400] "GET /wp-content/themes/onum/js/design-test.js HTTP/1.1" 404 18481 "-" "Mozilla/5.0 AppleWebKit/537.36 (KHTML, like Gecko; compatible; GPTBot/1.2; +https://openai.com/gptbot)"
147.135.252.179 - - [28/Apr/2025:11:31:58 -0400] "GET /mlp/%EF%BB%BFhttp://52-sell.com/o4q/eg18-smoke-grenade-gender-reveal.html HTTP/1.1" 301 0 "-" "Mozilla/5.0 (compatible; MJ12bot/v1.4.8; http://mj12bot.com/)"
20.171.207.19 - - [28/Apr/2025:11:32:02 -0400] "GET /wp-json/elementskit/v1/ HTTP/1.1" 404 114 "-" "Mozilla/5.0 AppleWebKit/537.36 (KHTML, like Gecko; compatible; GPTBot/1.2; +https://openai.com/gptbot)"
192.99.36.61 - - [28/Apr/2025:11:31:59 -0400] "GET /808/%EF%BB%BFhttp:/2606arcolaave.805tstnw.com/mem/what-to-do-if-you-get-hydraulic-fluid-on-your-skin.html HTTP/1.1" 404 39252 "-" "Mozilla/5.0 (compatible; MJ12bot/v1.4.8; http://mj12bot.com/)"
20.171.207.19 - - [28/Apr/2025:11:32:03 -0400] "GET /wp-content/uploads/2020/10/404.png%20707w,%20https:/arsn.media/wp-content/uploads/2020/10/404-300x110.png%20300w HTTP/1.1" 404 39298 "-" "Mozilla/5.0 AppleWebKit/537.36 (KHTML, like Gecko; compatible; GPTBot/1.2; +https://openai.com/gptbot)"
147.135.252.179 - - [28/Apr/2025:11:32:02 -0400] "GET /mlp/%EF%BB%BFhttp:/52-sell.com/o4q/eg18-smoke-grenade-gender-reveal.html HTTP/1.1" 404 39168 "-" "Mozilla/5.0 (compatible; MJ12bot/v1.4.8; http://mj12bot.com/)"
20.171.207.19 - - [28/Apr/2025:11:32:06 -0400] "GET /wp-content/uploads/2020/09/ARSN-Final-Logos-scaled.jpg%202560w,%20https:/arsn.media/wp-content/uploads/2020/09/ARSN-Final-Logos-300x138.jpg%20300w,%20https:/arsn.media/wp-content/uploads/2020/09/ARSN-Final-Logos-1024x471.jpg%201024w,%20https:/arsn.media/ARSN-Final-Logos-768x353.jpg%20768w,%20https:/ARSN-Final-Logos-1536x706.jpg%201536w,%20https:/ARSN-Final-Logos-2048x942.jpg%202048w HTTP/1.1" 404 39350 "-" "Mozilla/5.0 AppleWebKit/537.36 (KHTML, like Gecko; compatible; GPTBot/1.2; +https://openai.com/gptbot)"
192.99.36.61 - - [28/Apr/2025:11:32:05 -0400] "GET /808/%EF%BB%BFhttp://2606arcolaave.805tstnw.com/mem/where-did-the-snakehead-fish-come-from.html HTTP/1.1" 301 0 "-" "Mozilla/5.0 (compatible; MJ12bot/v1.4.8; http://mj12bot.com/)"
20.171.207.19 - - [28/Apr/2025:11:32:08 -0400] "GET /wp-content/themes/onum/css/design-test.css?ver=6.7.2 HTTP/1.1" 404 39407 "-" "Mozilla/5.0 AppleWebKit/537.36 (KHTML, like Gecko; compatible; GPTBot/1.2; +https://openai.com/gptbot)"
147.135.252.179 - - [28/Apr/2025:11:32:07 -0400] "GET /mlp/%EF%BB%BFhttp://52-sell.com/o4q/egg-crate-grille-revit-family.html HTTP/1.1" 301 0 "-" "Mozilla/5.0 (compatible; MJ12bot/v1.4.8; http://mj12bot.com/)"
192.99.36.61 - - [28/Apr/2025:11:32:08 -0400] "GET /808/%EF%BB%BFhttp:/2606arcolaave.805tstnw.com/mem/where-did-the-snakehead-fish-come-from.html HTTP/1.1" 404 39369 "-" "Mozilla/5.0 (compatible; MJ12bot/v1.4.8; http://mj12bot.com/)"
20.171.207.19 - - [28/Apr/2025:11:32:10 -0400] "GET /wp-content/themes/onum/js/design-test.js HTTP/1.1" 404 18481 "-" "Mozilla/5.0 AppleWebKit/537.36 (KHTML, like Gecko; compatible; GPTBot/1.2; +https://openai.com/gptbot)"
192.99.36.61 - - [28/Apr/2025:11:32:14 -0400] "GET /808/%EF%BB%BFhttp://2606arcolaave.805tstnw.com/mem/who-is-abdullah-in-islam.html HTTP/1.1" 301 0 "-" "Mozilla/5.0 (compatible; MJ12bot/v1.4.8; http://mj12bot.com/)"
147.135.252.179 - - [28/Apr/2025:11:32:12 -0400] "GET /mlp/%EF%BB%BFhttp:/52-sell.com/o4q/egg-crate-grille-revit-family.html HTTP/1.1" 404 39240 "-" "Mozilla/5.0 (compatible; MJ12bot/v1.4.8; http://mj12bot.com/)"
147.135.252.179 - - [28/Apr/2025:11:32:17 -0400] "GET /mlp/%EF%BB%BFhttp://52-sell.com/o4q/elahmad-tv-manar.html HTTP/1.1" 301 0 "-" "Mozilla/5.0 (compatible; MJ12bot/v1.4.8; http://mj12bot.com/)"
192.99.36.61 - - [28/Apr/2025:11:32:17 -0400] "GET /808/%EF%BB%BFhttp:/2606arcolaave.805tstnw.com/mem/who-is-abdullah-in-islam.html HTTP/1.1" 404 39172 "-" "Mozilla/5.0 (compatible; MJ12bot/v1.4.8; http://mj12bot.com/)"
192.99.36.61 - - [28/Apr/2025:11:32:20 -0400] "GET /808/%EF%BB%BFhttp://2606arcolaave.805tstnw.com/mem/why-do-you-want-to-be-a-driver.html HTTP/1.1" 301 0 "-" "Mozilla/5.0 (compatible; MJ12bot/v1.4.8; http://mj12bot.com/)"
147.135.252.179 - - [28/Apr/2025:11:32:20 -0400] "GET /mlp/%EF%BB%BFhttp:/52-sell.com/o4q/elahmad-tv-manar.html HTTP/1.1" 404 39241 "-" "Mozilla/5.0 (compatible; MJ12bot/v1.4.8; http://mj12bot.com/)"
147.135.252.179 - - [28/Apr/2025:11:32:26 -0400] "GET /mlp/%EF%BB%BFhttp://52-sell.com/o4q/elasticsearch-max-http-request-size.html HTTP/1.1" 301 0 "-" "Mozilla/5.0 (compatible; MJ12bot/v1.4.8; http://mj12bot.com/)"
192.99.36.61 - - [28/Apr/2025:11:32:24 -0400] "GET /808/%EF%BB%BFhttp:/2606arcolaave.805tstnw.com/mem/why-do-you-want-to-be-a-driver.html HTTP/1.1" 404 39393 "-" "Mozilla/5.0 (compatible; MJ12bot/v1.4.8; http://mj12bot.com/)"
192.99.36.61 - - [28/Apr/2025:11:32:29 -0400] "GET /808/%EF%BB%BFhttp://2606arcolaave.805tstnw.com/mem/xen-vs-qemu.html HTTP/1.1" 301 0 "-" "Mozilla/5.0 (compatible; MJ12bot/v1.4.8; http://mj12bot.com/)"
147.135.252.179 - - [28/Apr/2025:11:32:29 -0400] "GET /mlp/%EF%BB%BFhttp:/52-sell.com/o4q/elasticsearch-max-http-request-size.html HTTP/1.1" 404 39340 "-" "Mozilla/5.0 (compatible; MJ12bot/v1.4.8; http://mj12bot.com/)"
192.99.36.61 - - [28/Apr/2025:11:32:34 -0400] "GET /808/%EF%BB%BFhttp:/2606arcolaave.805tstnw.com/mem/xen-vs-qemu.html HTTP/1.1" 404 39387 "-" "Mozilla/5.0 (compatible; MJ12bot/v1.4.8; http://mj12bot.com/)"
147.135.252.179 - - [28/Apr/2025:11:32:36 -0400] "GET /mlp/%EF%BB%BFhttp://52-sell.com/o4q/elavon-lawsuit.html HTTP/1.1" 301 0 "-" "Mozilla/5.0 (compatible; MJ12bot/v1.4.8; http://mj12bot.com/)"
66.29.132.124 - - [28/Apr/2025:11:32:40 -0400] "POST /wp-cron.php?doing_wp_cron=1745854357.9786310195922851562500 HTTP/1.1" 200 0 "-" "WordPress/6.8; https://arsn.media"
192.99.36.61 - - [28/Apr/2025:11:32:40 -0400] "GET /808/%EF%BB%BFhttp://52-sell.com/9it/12-apostles-names-in-spanish.html HTTP/1.1" 301 0 "-" "Mozilla/5.0 (compatible; MJ12bot/v1.4.8; http://mj12bot.com/)"
147.135.252.179 - - [28/Apr/2025:11:32:42 -0400] "GET /mlp/%EF%BB%BFhttp:/52-sell.com/o4q/elavon-lawsuit.html HTTP/1.1" 404 39177 "-" "Mozilla/5.0 (compatible; MJ12bot/v1.4.8; http://mj12bot.com/)"
192.99.36.61 - - [28/Apr/2025:11:32:45 -0400] "GET /808/%EF%BB%BFhttp:/52-sell.com/9it/12-apostles-names-in-spanish.html HTTP/1.1" 404 39365 "-" "Mozilla/5.0 (compatible; MJ12bot/v1.4.8; http://mj12bot.com/)"
147.135.252.179 - - [28/Apr/2025:11:32:47 -0400] "GET /mlp/%EF%BB%BFhttp://52-sell.com/o4q/elddis-majestic-145-for-sale.html HTTP/1.1" 301 0 "-" "Mozilla/5.0 (compatible; MJ12bot/v1.4.8; http://mj12bot.com/)"
192.99.36.61 - - [28/Apr/2025:11:32:50 -0400] "GET /808/%EF%BB%BFhttp://52-sell.com/9it/1962-aloha-travel-trailer-for-sale.html HTTP/1.1" 301 0 "-" "Mozilla/5.0 (compatible; MJ12bot/v1.4.8; http://mj12bot.com/)"
147.135.252.179 - - [28/Apr/2025:11:32:51 -0400] "GET /mlp/%EF%BB%BFhttp:/52-sell.com/o4q/elddis-majestic-145-for-sale.html HTTP/1.1" 404 39365 "-" "Mozilla/5.0 (compatible; MJ12bot/v1.4.8; http://mj12bot.com/)"
192.99.36.61 - - [28/Apr/2025:11:32:53 -0400] "GET /808/%EF%BB%BFhttp:/52-sell.com/9it/1962-aloha-travel-trailer-for-sale.html HTTP/1.1" 404 39178 "-" "Mozilla/5.0 (compatible; MJ12bot/v1.4.8; http://mj12bot.com/)"
147.135.252.179 - - [28/Apr/2025:11:32:57 -0400] "GET /mlp/%EF%BB%BFhttp://52-sell.com/o4q/elden-ring-pc-stuttering-reddit.html HTTP/1.1" 301 0 "-" "Mozilla/5.0 (compatible; MJ12bot/v1.4.8; http://mj12bot.com/)"
192.99.36.61 - - [28/Apr/2025:11:32:59 -0400] "GET /808/%EF%BB%BFhttp://52-sell.com/9it/1982-kawasaki-gpz-550-for-sale.html HTTP/1.1" 301 0 "-" "Mozilla/5.0 (compatible; MJ12bot/v1.4.8; http://mj12bot.com/)"
147.135.252.179 - - [28/Apr/2025:11:33:00 -0400] "GET /mlp/%EF%BB%BFhttp:/52-sell.com/o4q/elden-ring-pc-stuttering-reddit.html HTTP/1.1" 404 39196 "-" "Mozilla/5.0 (compatible; MJ12bot/v1.4.8; http://mj12bot.com/)"
147.135.252.179 - - [28/Apr/2025:11:33:05 -0400] "GET /mlp/%EF%BB%BFhttp://52-sell.com/o4q/elektor-magazines.html HTTP/1.1" 301 0 "-" "Mozilla/5.0 (compatible; MJ12bot/v1.4.8; http://mj12bot.com/)"
192.99.36.61 - - [28/Apr/2025:11:33:04 -0400] "GET /808/%EF%BB%BFhttp:/52-sell.com/9it/1982-kawasaki-gpz-550-for-sale.html HTTP/1.1" 404 39243 "-" "Mozilla/5.0 (compatible; MJ12bot/v1.4.8; http://mj12bot.com/)"
192.99.36.61 - - [28/Apr/2025:11:33:11 -0400] "GET /808/%EF%BB%BFhttp://52-sell.com/9it/1996-yamaha-wave-raider-700-specs.html HTTP/1.1" 301 0 "-" "Mozilla/5.0 (compatible; MJ12bot/v1.4.8; http://mj12bot.com/)"
147.135.252.179 - - [28/Apr/2025:11:33:10 -0400] "GET /mlp/%EF%BB%BFhttp:/52-sell.com/o4q/elektor-magazines.html HTTP/1.1" 404 39237 "-" "Mozilla/5.0 (compatible; MJ12bot/v1.4.8; http://mj12bot.com/)"
192.99.36.61 - - [28/Apr/2025:11:33:15 -0400] "GET /808/%EF%BB%BFhttp:/52-sell.com/9it/1996-yamaha-wave-raider-700-specs.html HTTP/1.1" 404 39246 "-" "Mozilla/5.0 (compatible; MJ12bot/v1.4.8; http://mj12bot.com/)"
147.135.252.179 - - [28/Apr/2025:11:33:15 -0400] "GET /mlp/%EF%BB%BFhttp://52-sell.com/o4q/emmvrc-functions.html HTTP/1.1" 301 0 "-" "Mozilla/5.0 (compatible; MJ12bot/v1.4.8; http://mj12bot.com/)"
192.99.36.61 - - [28/Apr/2025:11:33:18 -0400] "GET /808/%EF%BB%BFhttp://52-sell.com/9it/2004-ford-focus-trunk-won-t-open.html HTTP/1.1" 301 0 "-" "Mozilla/5.0 (compatible; MJ12bot/v1.4.8; http://mj12bot.com/)"
147.135.252.179 - - [28/Apr/2025:11:33:19 -0400] "GET /mlp/%EF%BB%BFhttp:/52-sell.com/o4q/emmvrc-functions.html HTTP/1.1" 404 39320 "-" "Mozilla/5.0 (compatible; MJ12bot/v1.4.8; http://mj12bot.com/)"
192.99.36.61 - - [28/Apr/2025:11:33:23 -0400] "GET /808/%EF%BB%BFhttp:/52-sell.com/9it/2004-ford-focus-trunk-won-t-open.html HTTP/1.1" 404 39171 "-" "Mozilla/5.0 (compatible; MJ12bot/v1.4.8; http://mj12bot.com/)"
147.135.252.179 - - [28/Apr/2025:11:33:24 -0400] "GET /mlp/%EF%BB%BFhttp://52-sell.com/o4q/emoji-changer-apk.html HTTP/1.1" 301 0 "-" "Mozilla/5.0 (compatible; MJ12bot/v1.4.8; http://mj12bot.com/)"
192.99.36.61 - - [28/Apr/2025:11:33:28 -0400] "GET /808/%EF%BB%BFhttp://52-sell.com/9it/2005-chevy-impala-ls-radio-wiring-diagram.html HTTP/1.1" 301 0 "-" "Mozilla/5.0 (compatible; MJ12bot/v1.4.8; http://mj12bot.com/)"
147.135.252.179 - - [28/Apr/2025:11:33:28 -0400] "GET /mlp/%EF%BB%BFhttp:/52-sell.com/o4q/emoji-changer-apk.html HTTP/1.1" 404 39318 "-" "Mozilla/5.0 (compatible; MJ12bot/v1.4.8; http://mj12bot.com/)"
147.135.252.179 - - [28/Apr/2025:11:33:33 -0400] "GET /mlp/%EF%BB%BFhttp://52-sell.com/o4q/employment-primary-6.html HTTP/1.1" 301 0 "-" "Mozilla/5.0 (compatible; MJ12bot/v1.4.8; http://mj12bot.com/)"
192.99.36.61 - - [28/Apr/2025:11:33:32 -0400] "GET /808/%EF%BB%BFhttp:/52-sell.com/9it/2005-chevy-impala-ls-radio-wiring-diagram.html HTTP/1.1" 404 39273 "-" "Mozilla/5.0 (compatible; MJ12bot/v1.4.8; http://mj12bot.com/)"
147.135.252.179 - - [28/Apr/2025:11:33:36 -0400] "GET /mlp/%EF%BB%BFhttp:/52-sell.com/o4q/employment-primary-6.html HTTP/1.1" 404 39358 "-" "Mozilla/5.0 (compatible; MJ12bot/v1.4.8; http://mj12bot.com/)"
66.29.132.124 - - [28/Apr/2025:11:33:40 -0400] "POST /wp-cron.php?doing_wp_cron=1745854419.8386869430541992187500 HTTP/1.1" 200 0 "-" "WordPress/6.8; https://arsn.media"
192.99.36.61 - - [28/Apr/2025:11:33:38 -0400] "GET /808/%EF%BB%BFhttp://52-sell.com/9it/2006-lexus-for-sale.html HTTP/1.1" 301 0 "-" "Mozilla/5.0 (compatible; MJ12bot/v1.4.8; http://mj12bot.com/)"
66.29.132.124 - - [28/Apr/2025:11:33:43 -0400] "POST /wp-admin/admin-ajax.php?action=async_litespeed&nonce=AuIQMJUpwCTCV1VM47ZCxUM6xBK7VSrX&litespeed_type=imgoptm HTTP/1.1" 200 0 "-" "WordPress/6.8; https://arsn.media"
147.135.252.179 - - [28/Apr/2025:11:31:11 -0400] "GET /mlp/%EF%BB%BFhttp:/52-sell.com/o4q/easy-connection-to-screen-samsung-download-windows-7.html HTTP/1.1" 404 39321 "-" "Mozilla/5.0 (compatible; MJ12bot/v1.4.8; http://mj12bot.com/)"
192.99.36.61 - - [28/Apr/2025:11:31:12 -0400] "GET /808/%EF%BB%BFhttp://2606arcolaave.805tstnw.com/mem/the-universes-of-deku-wattpad.html HTTP/1.1" 301 0 "-" "Mozilla/5.0 (compatible; MJ12bot/v1.4.8; http://mj12bot.com/)"
147.135.252.179 - - [28/Apr/2025:11:31:15 -0400] "GET /mlp/%EF%BB%BFhttp://52-sell.com/o4q/ebay-bose-headphones.html HTTP/1.1" 301 0 "-" "Mozilla/5.0 (compatible; MJ12bot/v1.4.8; http://mj12bot.com/)"
192.99.36.61 - - [28/Apr/2025:11:31:15 -0400] "GET /808/%EF%BB%BFhttp:/2606arcolaave.805tstnw.com/mem/the-universes-of-deku-wattpad.html HTTP/1.1" 404 39366 "-" "Mozilla/5.0 (compatible; MJ12bot/v1.4.8; http://mj12bot.com/)"
147.135.252.179 - - [28/Apr/2025:11:31:19 -0400] "GET /mlp/%EF%BB%BFhttp:/52-sell.com/o4q/ebay-bose-headphones.html HTTP/1.1" 404 39332 "-" "Mozilla/5.0 (compatible; MJ12bot/v1.4.8; http://mj12bot.com/)"
192.99.36.61 - - [28/Apr/2025:11:31:20 -0400] "GET /808/%EF%BB%BFhttp://2606arcolaave.805tstnw.com/mem/the-visitor-2021.html HTTP/1.1" 301 0 "-" "Mozilla/5.0 (compatible; MJ12bot/v1.4.8; http://mj12bot.com/)"
147.135.252.179 - - [28/Apr/2025:11:31:24 -0400] "GET /mlp/%EF%BB%BFhttp://52-sell.com/o4q/ebay-samsung-watch.html HTTP/1.1" 301 0 "-" "Mozilla/5.0 (compatible; MJ12bot/v1.4.8; http://mj12bot.com/)"
192.99.36.61 - - [28/Apr/2025:11:31:24 -0400] "GET /808/%EF%BB%BFhttp:/2606arcolaave.805tstnw.com/mem/the-visitor-2021.html HTTP/1.1" 404 39132 "-" "Mozilla/5.0 (compatible; MJ12bot/v1.4.8; http://mj12bot.com/)"
147.135.252.179 - - [28/Apr/2025:11:31:27 -0400] "GET /mlp/%EF%BB%BFhttp:/52-sell.com/o4q/ebay-samsung-watch.html HTTP/1.1" 404 39200 "-" "Mozilla/5.0 (compatible; MJ12bot/v1.4.8; http://mj12bot.com/)"
192.99.36.61 - - [28/Apr/2025:11:31:29 -0400] "GET /808/%EF%BB%BFhttp://2606arcolaave.805tstnw.com/mem/unity-event-system-ui.html HTTP/1.1" 301 0 "-" "Mozilla/5.0 (compatible; MJ12bot/v1.4.8; http://mj12bot.com/)"
147.135.252.179 - - [28/Apr/2025:11:31:33 -0400] "GET /mlp/%EF%BB%BFhttp://52-sell.com/o4q/eclipse-gun-co-double-barrel-parts.html HTTP/1.1" 301 0 "-" "Mozilla/5.0 (compatible; MJ12bot/v1.4.8; http://mj12bot.com/)"
147.135.252.179 - - [28/Apr/2025:11:33:42 -0400] "GET /mlp/%EF%BB%BFhttp://52-sell.com/o4q/empyrion-lcd-projector.html HTTP/1.1" 301 0 "-" "Mozilla/5.0 (compatible; MJ12bot/v1.4.8; http://mj12bot.com/)"
192.99.36.61 - - [28/Apr/2025:11:33:43 -0400] "GET /808/%EF%BB%BFhttp:/52-sell.com/9it/2006-lexus-for-sale.html HTTP/1.1" 404 39218 "-" "Mozilla/5.0 (compatible; MJ12bot/v1.4.8; http://mj12bot.com/)"
147.135.252.179 - - [28/Apr/2025:11:33:46 -0400] "GET /mlp/%EF%BB%BFhttp:/52-sell.com/o4q/empyrion-lcd-projector.html HTTP/1.1" 404 39336 "-" "Mozilla/5.0 (compatible; MJ12bot/v1.4.8; http://mj12bot.com/)"
20.171.207.19 - - [28/Apr/2025:11:33:50 -0400] "GET /wp-content/uploads/2020/10/404.png%20707w,%20https:/arsn.media/wp-content/uploads/2020/10/404-300x110.png%20300w HTTP/1.1" 404 39298 "-" "Mozilla/5.0 AppleWebKit/537.36 (KHTML, like Gecko; compatible; GPTBot/1.2; +https://openai.com/gptbot)"
192.99.36.61 - - [28/Apr/2025:11:33:49 -0400] "GET /808/%EF%BB%BFhttp://52-sell.com/9it/2007-cadillac-cts-used-price.html HTTP/1.1" 301 0 "-" "Mozilla/5.0 (compatible; MJ12bot/v1.4.8; http://mj12bot.com/)"
66.29.132.124 - - [28/Apr/2025:11:33:53 -0400] "POST /wp-cron.php?doing_wp_cron=1745854431.3666169643402099609375 HTTP/1.1" 200 0 "-" "WordPress/6.8; https://arsn.media"
20.171.207.19 - - [28/Apr/2025:11:33:53 -0400] "GET /wp-json/elementskit/v1/ HTTP/1.1" 404 114 "-" "Mozilla/5.0 AppleWebKit/537.36 (KHTML, like Gecko; compatible; GPTBot/1.2; +https://openai.com/gptbot)"
147.135.252.179 - - [28/Apr/2025:11:33:53 -0400] "GET /mlp/%EF%BB%BFhttp://52-sell.com/o4q/emuelec-missing-bios.html HTTP/1.1" 301 0 "-" "Mozilla/5.0 (compatible; MJ12bot/v1.4.8; http://mj12bot.com/)"
192.99.36.61 - - [28/Apr/2025:11:33:54 -0400] "GET /808/%EF%BB%BFhttp:/52-sell.com/9it/2007-cadillac-cts-used-price.html HTTP/1.1" 404 39363 "-" "Mozilla/5.0 (compatible; MJ12bot/v1.4.8; http://mj12bot.com/)"
20.171.207.19 - - [28/Apr/2025:11:33:55 -0400] "GET /wp-content/themes/onum/css/design-test.css?ver=6.7.1 HTTP/1.1" 404 18502 "-" "Mozilla/5.0 AppleWebKit/537.36 (KHTML, like Gecko; compatible; GPTBot/1.2; +https://openai.com/gptbot)"
147.135.252.179 - - [28/Apr/2025:11:33:57 -0400] "GET /mlp/%EF%BB%BFhttp:/52-sell.com/o4q/emuelec-missing-bios.html HTTP/1.1" 404 39336 "-" "Mozilla/5.0 (compatible; MJ12bot/v1.4.8; http://mj12bot.com/)"
192.99.36.61 - - [28/Apr/2025:11:34:00 -0400] "GET /808/%EF%BB%BFhttp://52-sell.com/9it/2009-lexus-is-350-horsepower.html HTTP/1.1" 301 0 "-" "Mozilla/5.0 (compatible; MJ12bot/v1.4.8; http://mj12bot.com/)"
20.171.207.19 - - [28/Apr/2025:11:33:59 -0400] "GET /wp-content/themes/onum/js/design-test.js HTTP/1.1" 404 21278 "-" "Mozilla/5.0 AppleWebKit/537.36 (KHTML, like Gecko; compatible; GPTBot/1.2; +https://openai.com/gptbot)"
20.171.207.19 - - [28/Apr/2025:11:34:02 -0400] "GET /wp-content/uploads/2020/09/ARSN-Final-Logos-scaled.jpg%202560w,%20https:/arsn.media/wp-content/uploads/2020/09/ARSN-Final-Logos-300x138.jpg%20300w,%20https:/arsn.media/wp-content/uploads/2020/09/ARSN-Final-Logos-1024x471.jpg%201024w,%20https:/arsn.media/ARSN-Final-Logos-768x353.jpg%20768w,%20https:/ARSN-Final-Logos-1536x706.jpg%201536w,%20https:/ARSN-Final-Logos-2048x942.jpg%202048w HTTP/1.1" 404 39350 "-" "Mozilla/5.0 AppleWebKit/537.36 (KHTML, like Gecko; compatible; GPTBot/1.2; +https://openai.com/gptbot)"
147.135.252.179 - - [28/Apr/2025:11:34:02 -0400] "GET /mlp/%EF%BB%BFhttp://52-sell.com/o4q/engleski-jezik.html HTTP/1.1" 301 0 "-" "Mozilla/5.0 (compatible; MJ12bot/v1.4.8; http://mj12bot.com/)"
192.99.36.61 - - [28/Apr/2025:11:34:03 -0400] "GET /808/%EF%BB%BFhttp:/52-sell.com/9it/2009-lexus-is-350-horsepower.html HTTP/1.1" 404 39380 "-" "Mozilla/5.0 (compatible; MJ12bot/v1.4.8; http://mj12bot.com/)"
147.135.252.179 - - [28/Apr/2025:11:34:06 -0400] "GET /mlp/%EF%BB%BFhttp:/52-sell.com/o4q/engleski-jezik.html HTTP/1.1" 404 39178 "-" "Mozilla/5.0 (compatible; MJ12bot/v1.4.8; http://mj12bot.com/)"
192.99.36.61 - - [28/Apr/2025:11:34:08 -0400] "GET /808/%EF%BB%BFhttp://52-sell.com/9it/2011-mercedes-c300-front-grill.html HTTP/1.1" 301 0 "-" "Mozilla/5.0 (compatible; MJ12bot/v1.4.8; http://mj12bot.com/)"
147.135.252.179 - - [28/Apr/2025:11:34:11 -0400] "GET /mlp/%EF%BB%BFhttp://52-sell.com/o4q/enkanomiya-quest-dialogue.html HTTP/1.1" 301 0 "-" "Mozilla/5.0 (compatible; MJ12bot/v1.4.8; http://mj12bot.com/)"
192.99.36.61 - - [28/Apr/2025:11:34:11 -0400] "GET /808/%EF%BB%BFhttp:/52-sell.com/9it/2011-mercedes-c300-front-grill.html HTTP/1.1" 404 39287 "-" "Mozilla/5.0 (compatible; MJ12bot/v1.4.8; http://mj12bot.com/)"
192.99.36.61 - - [28/Apr/2025:11:34:16 -0400] "GET /808/%EF%BB%BFhttp://52-sell.com/9it/2015-acura-rdx-sport-utility-4d.html HTTP/1.1" 301 0 "-" "Mozilla/5.0 (compatible; MJ12bot/v1.4.8; http://mj12bot.com/)"
147.135.252.179 - - [28/Apr/2025:11:34:14 -0400] "GET /mlp/%EF%BB%BFhttp:/52-sell.com/o4q/enkanomiya-quest-dialogue.html HTTP/1.1" 404 39258 "-" "Mozilla/5.0 (compatible; MJ12bot/v1.4.8; http://mj12bot.com/)"
147.135.252.179 - - [28/Apr/2025:11:34:19 -0400] "GET /mlp/%EF%BB%BFhttp://52-sell.com/o4q/enneagram-mbti-compatibility.html HTTP/1.1" 301 0 "-" "Mozilla/5.0 (compatible; MJ12bot/v1.4.8; http://mj12bot.com/)"
192.99.36.61 - - [28/Apr/2025:11:34:19 -0400] "GET /808/%EF%BB%BFhttp:/52-sell.com/9it/2015-acura-rdx-sport-utility-4d.html HTTP/1.1" 404 39187 "-" "Mozilla/5.0 (compatible; MJ12bot/v1.4.8; http://mj12bot.com/)"
192.99.36.61 - - [28/Apr/2025:11:34:23 -0400] "GET /808/%EF%BB%BFhttp://52-sell.com/9it/220-lbs-to-180-lbs-before-and-after-female.html HTTP/1.1" 301 0 "-" "Mozilla/5.0 (compatible; MJ12bot/v1.4.8; http://mj12bot.com/)"
147.135.252.179 - - [28/Apr/2025:11:34:23 -0400] "GET /mlp/%EF%BB%BFhttp:/52-sell.com/o4q/enneagram-mbti-compatibility.html HTTP/1.1" 404 39327 "-" "Mozilla/5.0 (compatible; MJ12bot/v1.4.8; http://mj12bot.com/)"
147.135.252.179 - - [28/Apr/2025:11:34:27 -0400] "GET /mlp/%EF%BB%BFhttp://52-sell.com/o4q/equibase-racing-dates.html HTTP/1.1" 301 0 "-" "Mozilla/5.0 (compatible; MJ12bot/v1.4.8; http://mj12bot.com/)"
192.99.36.61 - - [28/Apr/2025:11:34:26 -0400] "GET /808/%EF%BB%BFhttp:/52-sell.com/9it/220-lbs-to-180-lbs-before-and-after-female.html HTTP/1.1" 404 39315 "-" "Mozilla/5.0 (compatible; MJ12bot/v1.4.8; http://mj12bot.com/)"
192.99.36.61 - - [28/Apr/2025:11:34:31 -0400] "GET /808/%EF%BB%BFhttp://52-sell.com/9it/4-cylinder-continental-engine-parts.html HTTP/1.1" 301 0 "-" "Mozilla/5.0 (compatible; MJ12bot/v1.4.8; http://mj12bot.com/)"
147.135.252.179 - - [28/Apr/2025:11:34:30 -0400] "GET /mlp/%EF%BB%BFhttp:/52-sell.com/o4q/equibase-racing-dates.html HTTP/1.1" 404 39392 "-" "Mozilla/5.0 (compatible; MJ12bot/v1.4.8; http://mj12bot.com/)"
47.128.63.110 - - [28/Apr/2025:11:34:32 -0400] "GET /2024/10/22/top-5-pest-control-advertisement-examples-and-what-makes-them-work/ HTTP/1.1" 200 46253 "-" "Mozilla/5.0 (compatible; Bytespider; spider-feedback@bytedance.com) AppleWebKit/537.36 (KHTML, like Gecko) Chrome/70.0.0.0 Safari/537.36"
147.135.252.179 - - [28/Apr/2025:11:34:36 -0400] "GET /mlp/%EF%BB%BFhttp://52-sell.com/o4q/era-evansville-agents.html HTTP/1.1" 301 0 "-" "Mozilla/5.0 (compatible; MJ12bot/v1.4.8; http://mj12bot.com/)"
47.128.63.110 - - [28/Apr/2025:11:34:37 -0400] "GET /wp-content/uploads/2020/09/ARSN-Final-Logos-2048x942.jpg HTTP/1.1" 206 500 "https://arsn.media/2024/10/22/top-5-pest-control-advertisement-examples-and-what-makes-them-work/" "Mozilla/5.0 (compatible; Bytespider; spider-feedback@bytedance.com) AppleWebKit/537.36 (KHTML, like Gecko) Chrome/70.0.0.0 Safari/537.36"
192.99.36.61 - - [28/Apr/2025:11:34:35 -0400] "GET /808/%EF%BB%BFhttp:/52-sell.com/9it/4-cylinder-continental-engine-parts.html HTTP/1.1" 404 39337 "-" "Mozilla/5.0 (compatible; MJ12bot/v1.4.8; http://mj12bot.com/)"
47.128.63.110 - - [28/Apr/2025:11:34:37 -0400] "GET /wp-content/themes/onum/css/design-test.css?ver=6.8 HTTP/1.1" 404 31568 "https://arsn.media/2024/10/22/top-5-pest-control-advertisement-examples-and-what-makes-them-work/" "Mozilla/5.0 (compatible; Bytespider; spider-feedback@bytedance.com) AppleWebKit/537.36 (KHTML, like Gecko) Chrome/70.0.0.0 Safari/537.36"
47.128.63.110 - - [28/Apr/2025:11:34:37 -0400] "GET /wp-content/uploads/elementor/css/post-11332.css?ver=1725365060 HTTP/1.1" 404 34403 "https://arsn.media/2024/10/22/top-5-pest-control-advertisement-examples-and-what-makes-them-work/" "Mozilla/5.0 (compatible; Bytespider; spider-feedback@bytedance.com) AppleWebKit/537.36 (KHTML, like Gecko) Chrome/70.0.0.0 Safari/537.36"
192.99.36.61 - - [28/Apr/2025:11:34:41 -0400] "GET /808/%EF%BB%BFhttp://52-sell.com/9it/470-taylor-road.html HTTP/1.1" 301 0 "-" "Mozilla/5.0 (compatible; MJ12bot/v1.4.8; http://mj12bot.com/)"
47.128.63.110 - - [28/Apr/2025:11:34:42 -0400] "GET /wp-content/uploads/2023/01/post1.jpg HTTP/1.1" 206 500 "https://arsn.media/2024/10/22/top-5-pest-control-advertisement-examples-and-what-makes-them-work/" "Mozilla/5.0 (compatible; Bytespider; spider-feedback@bytedance.com) AppleWebKit/537.36 (KHTML, like Gecko) Chrome/70.0.0.0 Safari/537.36"
47.128.63.110 - - [28/Apr/2025:11:34:42 -0400] "GET /wp-content/uploads/2024/10/2148848552.jpg HTTP/1.1" 206 500 "https://arsn.media/2024/10/22/top-5-pest-control-advertisement-examples-and-what-makes-them-work/" "Mozilla/5.0 (compatible; Bytespider; spider-feedback@bytedance.com) AppleWebKit/537.36 (KHTML, like Gecko) Chrome/70.0.0.0 Safari/537.36"
47.128.63.110 - - [28/Apr/2025:11:34:42 -0400] "GET /wp-content/uploads/2024/10/6237.jpg HTTP/1.1" 206 500 "https://arsn.media/2024/10/22/top-5-pest-control-advertisement-examples-and-what-makes-them-work/" "Mozilla/5.0 (compatible; Bytespider; spider-feedback@bytedance.com) AppleWebKit/537.36 (KHTML, like Gecko) Chrome/70.0.0.0 Safari/537.36"
47.128.63.110 - - [28/Apr/2025:11:34:42 -0400] "GET /wp-content/uploads/2024/10/864.jpg HTTP/1.1" 206 500 "https://arsn.media/2024/10/22/top-5-pest-control-advertisement-examples-and-what-makes-them-work/" "Mozilla/5.0 (compatible; Bytespider; spider-feedback@bytedance.com) AppleWebKit/537.36 (KHTML, like Gecko) Chrome/70.0.0.0 Safari/537.36"
147.135.252.179 - - [28/Apr/2025:11:34:40 -0400] "GET /mlp/%EF%BB%BFhttp:/52-sell.com/o4q/era-evansville-agents.html HTTP/1.1" 404 39392 "-" "Mozilla/5.0 (compatible; MJ12bot/v1.4.8; http://mj12bot.com/)"
147.135.252.179 - - [28/Apr/2025:11:34:44 -0400] "GET /mlp/%EF%BB%BFhttp://52-sell.com/o4q/ereassign-offer-letter.html HTTP/1.1" 301 0 "-" "Mozilla/5.0 (compatible; MJ12bot/v1.4.8; http://mj12bot.com/)"
192.99.36.61 - - [28/Apr/2025:11:34:44 -0400] "GET /808/%EF%BB%BFhttp:/52-sell.com/9it/470-taylor-road.html HTTP/1.1" 404 39339 "-" "Mozilla/5.0 (compatible; MJ12bot/v1.4.8; http://mj12bot.com/)"
192.99.36.61 - - [28/Apr/2025:11:34:49 -0400] "GET /808/%EF%BB%BFhttp://52-sell.com/9it/49-western-bus-tracker-northbound.html HTTP/1.1" 301 0 "-" "Mozilla/5.0 (compatible; MJ12bot/v1.4.8; http://mj12bot.com/)"
147.135.252.179 - - [28/Apr/2025:11:34:48 -0400] "GET /mlp/%EF%BB%BFhttp:/52-sell.com/o4q/ereassign-offer-letter.html HTTP/1.1" 404 39336 "-" "Mozilla/5.0 (compatible; MJ12bot/v1.4.8; http://mj12bot.com/)"
66.29.132.124 - - [28/Apr/2025:11:34:54 -0400] "POST /wp-cron.php?doing_wp_cron=1745854493.5904309749603271484375 HTTP/1.1" 200 0 "-" "WordPress/6.8; https://arsn.media"
66.29.132.124 - - [28/Apr/2025:11:34:54 -0400] "POST /wp-cron.php?doing_wp_cron=1745854494.3791730403900146484375 HTTP/1.1" 200 0 "-" "WordPress/6.8; https://arsn.media"
147.135.252.179 - - [28/Apr/2025:11:34:53 -0400] "GET /mlp/%EF%BB%BFhttp://52-sell.com/o4q/erwin-x-reader-arm.html HTTP/1.1" 301 0 "-" "Mozilla/5.0 (compatible; MJ12bot/v1.4.8; http://mj12bot.com/)"
192.99.36.61 - - [28/Apr/2025:11:34:52 -0400] "GET /808/%EF%BB%BFhttp:/52-sell.com/9it/49-western-bus-tracker-northbound.html HTTP/1.1" 404 39188 "-" "Mozilla/5.0 (compatible; MJ12bot/v1.4.8; http://mj12bot.com/)"
66.29.132.124 - - [28/Apr/2025:11:34:57 -0400] "POST /wp-admin/admin-ajax.php?action=async_litespeed&nonce=hP8QoInHPmbFrUm2HMvBRoa8r3VBhbut&litespeed_type=imgoptm HTTP/1.1" 200 0 "-" "WordPress/6.8; https://arsn.media"
66.29.132.124 - - [28/Apr/2025:11:34:59 -0400] "POST /wp-cron.php?doing_wp_cron=1745854498.3248190879821777343750 HTTP/1.1" 200 0 "-" "WordPress/6.8; https://arsn.media"
192.99.36.61 - - [28/Apr/2025:11:34:58 -0400] "GET /808/%EF%BB%BFhttp://52-sell.com/9it/4th-gen-4runner-rear-air-bags.html HTTP/1.1" 301 0 "-" "Mozilla/5.0 (compatible; MJ12bot/v1.4.8; http://mj12bot.com/)"
147.135.252.179 - - [28/Apr/2025:11:34:57 -0400] "GET /mlp/%EF%BB%BFhttp:/52-sell.com/o4q/erwin-x-reader-arm.html HTTP/1.1" 404 39248 "-" "Mozilla/5.0 (compatible; MJ12bot/v1.4.8; http://mj12bot.com/)"
147.135.252.179 - - [28/Apr/2025:11:35:02 -0400] "GET /mlp/%EF%BB%BFhttp://52-sell.com/o4q/esim-samsung-s21.html HTTP/1.1" 301 0 "-" "Mozilla/5.0 (compatible; MJ12bot/v1.4.8; http://mj12bot.com/)"
192.99.36.61 - - [28/Apr/2025:11:35:02 -0400] "GET /808/%EF%BB%BFhttp:/52-sell.com/9it/4th-gen-4runner-rear-air-bags.html HTTP/1.1" 404 39239 "-" "Mozilla/5.0 (compatible; MJ12bot/v1.4.8; http://mj12bot.com/)"
192.99.36.61 - - [28/Apr/2025:11:35:11 -0400] "GET /808/%EF%BB%BFhttp://52-sell.com/9it/4th-pregnancy-reddit.html HTTP/1.1" 301 0 "-" "Mozilla/5.0 (compatible; MJ12bot/v1.4.8; http://mj12bot.com/)"
147.135.252.179 - - [28/Apr/2025:11:35:10 -0400] "GET /mlp/%EF%BB%BFhttp:/52-sell.com/o4q/esim-samsung-s21.html HTTP/1.1" 404 39246 "-" "Mozilla/5.0 (compatible; MJ12bot/v1.4.8; http://mj12bot.com/)"
147.135.252.179 - - [28/Apr/2025:11:35:16 -0400] "GET /mlp/%EF%BB%BFhttp://52-sell.com/o4q/esp32-error-codes.html HTTP/1.1" 301 0 "-" "Mozilla/5.0 (compatible; MJ12bot/v1.4.8; http://mj12bot.com/)"
192.99.36.61 - - [28/Apr/2025:11:35:16 -0400] "GET /808/%EF%BB%BFhttp:/52-sell.com/9it/4th-pregnancy-reddit.html HTTP/1.1" 404 39276 "-" "Mozilla/5.0 (compatible; MJ12bot/v1.4.8; http://mj12bot.com/)"
192.99.36.61 - - [28/Apr/2025:11:35:21 -0400] "GET /808/%EF%BB%BFhttp://52-sell.com/9it/8-inch-jack-plate.html HTTP/1.1" 301 0 "-" "Mozilla/5.0 (compatible; MJ12bot/v1.4.8; http://mj12bot.com/)"
147.135.252.179 - - [28/Apr/2025:11:35:21 -0400] "GET /mlp/%EF%BB%BFhttp:/52-sell.com/o4q/esp32-error-codes.html HTTP/1.1" 404 39238 "-" "Mozilla/5.0 (compatible; MJ12bot/v1.4.8; http://mj12bot.com/)"
192.99.36.61 - - [28/Apr/2025:11:35:24 -0400] "GET /808/%EF%BB%BFhttp:/52-sell.com/9it/8-inch-jack-plate.html HTTP/1.1" 404 39290 "-" "Mozilla/5.0 (compatible; MJ12bot/v1.4.8; http://mj12bot.com/)"
147.135.252.179 - - [28/Apr/2025:11:35:25 -0400] "GET /mlp/%EF%BB%BFhttp://52-sell.com/o4q/esp32-nimble-tutorial.html HTTP/1.1" 301 0 "-" "Mozilla/5.0 (compatible; MJ12bot/v1.4.8; http://mj12bot.com/)"
192.99.36.61 - - [28/Apr/2025:11:35:28 -0400] "GET /808/%EF%BB%BFhttp://52-sell.com/9it/80-percent-arms-shipping-time.html HTTP/1.1" 301 0 "-" "Mozilla/5.0 (compatible; MJ12bot/v1.4.8; http://mj12bot.com/)"
147.135.252.179 - - [28/Apr/2025:11:35:29 -0400] "GET /mlp/%EF%BB%BFhttp:/52-sell.com/o4q/esp32-nimble-tutorial.html HTTP/1.1" 404 39389 "-" "Mozilla/5.0 (compatible; MJ12bot/v1.4.8; http://mj12bot.com/)"
192.99.36.61 - - [28/Apr/2025:11:35:32 -0400] "GET /808/%EF%BB%BFhttp:/52-sell.com/9it/80-percent-arms-shipping-time.html HTTP/1.1" 404 39302 "-" "Mozilla/5.0 (compatible; MJ12bot/v1.4.8; http://mj12bot.com/)"
66.29.132.124 - - [28/Apr/2025:11:35:36 -0400] "POST /wp-cron.php?doing_wp_cron=1745854535.5930569171905517578125 HTTP/1.1" 200 0 "-" "WordPress/6.8; https://arsn.media"
147.135.252.179 - - [28/Apr/2025:11:35:34 -0400] "GET /mlp/%EF%BB%BFhttp://52-sell.com/o4q/esphome-gpio-output.html HTTP/1.1" 301 0 "-" "Mozilla/5.0 (compatible; MJ12bot/v1.4.8; http://mj12bot.com/)"
192.99.36.61 - - [28/Apr/2025:11:35:36 -0400] "GET /808/%EF%BB%BFhttp://52-sell.com/9it/925-ud-mean.html HTTP/1.1" 301 0 "-" "Mozilla/5.0 (compatible; MJ12bot/v1.4.8; http://mj12bot.com/)"
66.29.132.124 - - [28/Apr/2025:11:35:37 -0400] "POST /wp-admin/admin-ajax.php?action=async_litespeed&nonce=J6LeDjmGkpgMQzYXmi1UWxLmHCEUEPtx&litespeed_type=imgoptm HTTP/1.1" 200 21 "-" "WordPress/6.8; https://arsn.media"
192.99.36.61 - - [28/Apr/2025:11:35:39 -0400] "GET /808/%EF%BB%BFhttp:/52-sell.com/9it/925-ud-mean.html HTTP/1.1" 404 39207 "-" "Mozilla/5.0 (compatible; MJ12bot/v1.4.8; http://mj12bot.com/)"
147.135.252.179 - - [28/Apr/2025:11:35:38 -0400] "GET /mlp/%EF%BB%BFhttp:/52-sell.com/o4q/esphome-gpio-output.html HTTP/1.1" 404 39273 "-" "Mozilla/5.0 (compatible; MJ12bot/v1.4.8; http://mj12bot.com/)"
192.99.36.61 - - [28/Apr/2025:11:35:43 -0400] "GET /808/%EF%BB%BFhttp://52-sell.com/9it/above-the-bar-fitness.html HTTP/1.1" 301 0 "-" "Mozilla/5.0 (compatible; MJ12bot/v1.4.8; http://mj12bot.com/)"
147.135.252.179 - - [28/Apr/2025:11:35:43 -0400] "GET /mlp/%EF%BB%BFhttp://52-sell.com/o4q/esx-garage.html HTTP/1.1" 301 0 "-" "Mozilla/5.0 (compatible; MJ12bot/v1.4.8; http://mj12bot.com/)"
192.99.36.61 - - [28/Apr/2025:11:35:46 -0400] "GET /808/%EF%BB%BFhttp:/52-sell.com/9it/above-the-bar-fitness.html HTTP/1.1" 404 39404 "-" "Mozilla/5.0 (compatible; MJ12bot/v1.4.8; http://mj12bot.com/)"
147.135.252.179 - - [28/Apr/2025:11:35:46 -0400] "GET /mlp/%EF%BB%BFhttp:/52-sell.com/o4q/esx-garage.html HTTP/1.1" 404 39241 "-" "Mozilla/5.0 (compatible; MJ12bot/v1.4.8; http://mj12bot.com/)"
147.135.252.179 - - [28/Apr/2025:11:35:52 -0400] "GET /mlp/%EF%BB%BFhttp://52-sell.com/o4q/ethercat-master-code.html HTTP/1.1" 301 0 "-" "Mozilla/5.0 (compatible; MJ12bot/v1.4.8; http://mj12bot.com/)"
66.29.132.124 - - [28/Apr/2025:11:35:55 -0400] "POST /wp-cron.php?doing_wp_cron=1745854554.2769219875335693359375 HTTP/1.1" 200 0 "-" "WordPress/6.8; https://arsn.media"
192.99.36.61 - - [28/Apr/2025:11:35:52 -0400] "GET /808/%EF%BB%BFhttp://52-sell.com/9it/abscond-part-of-speech.html HTTP/1.1" 301 0 "-" "Mozilla/5.0 (compatible; MJ12bot/v1.4.8; http://mj12bot.com/)"
147.135.252.179 - - [28/Apr/2025:11:35:57 -0400] "GET /mlp/%EF%BB%BFhttp:/52-sell.com/o4q/ethercat-master-code.html HTTP/1.1" 404 39279 "-" "Mozilla/5.0 (compatible; MJ12bot/v1.4.8; http://mj12bot.com/)"
192.99.36.61 - - [28/Apr/2025:11:35:58 -0400] "GET /808/%EF%BB%BFhttp:/52-sell.com/9it/abscond-part-of-speech.html HTTP/1.1" 404 39348 "-" "Mozilla/5.0 (compatible; MJ12bot/v1.4.8; http://mj12bot.com/)"
147.135.252.179 - - [28/Apr/2025:11:36:02 -0400] "GET /mlp/%EF%BB%BFhttp://52-sell.com/o4q/ethos-cookies-strain-leafly.html HTTP/1.1" 301 0 "-" "Mozilla/5.0 (compatible; MJ12bot/v1.4.8; http://mj12bot.com/)"
192.99.36.61 - - [28/Apr/2025:11:36:02 -0400] "GET /808/%EF%BB%BFhttp://52-sell.com/9it/adidas-promo-code-groupon.html HTTP/1.1" 301 0 "-" "Mozilla/5.0 (compatible; MJ12bot/v1.4.8; http://mj12bot.com/)"
147.135.252.179 - - [28/Apr/2025:11:36:05 -0400] "GET /mlp/%EF%BB%BFhttp:/52-sell.com/o4q/ethos-cookies-strain-leafly.html HTTP/1.1" 404 39183 "-" "Mozilla/5.0 (compatible; MJ12bot/v1.4.8; http://mj12bot.com/)"
192.99.36.61 - - [28/Apr/2025:11:36:07 -0400] "GET /808/%EF%BB%BFhttp:/52-sell.com/9it/adidas-promo-code-groupon.html HTTP/1.1" 404 39259 "-" "Mozilla/5.0 (compatible; MJ12bot/v1.4.8; http://mj12bot.com/)"
192.99.36.61 - - [28/Apr/2025:11:36:12 -0400] "GET /808/%EF%BB%BFhttp://52-sell.com/9it/adrian-steam-engine-show.html HTTP/1.1" 301 0 "-" "Mozilla/5.0 (compatible; MJ12bot/v1.4.8; http://mj12bot.com/)"
147.135.252.179 - - [28/Apr/2025:11:36:12 -0400] "GET /mlp/%EF%BB%BFhttp://52-sell.com/o4q/euro-truck-simulator-2-controller-setup.html HTTP/1.1" 301 0 "-" "Mozilla/5.0 (compatible; MJ12bot/v1.4.8; http://mj12bot.com/)"
192.99.36.61 - - [28/Apr/2025:11:36:17 -0400] "GET /808/%EF%BB%BFhttp:/52-sell.com/9it/adrian-steam-engine-show.html HTTP/1.1" 404 39210 "-" "Mozilla/5.0 (compatible; MJ12bot/v1.4.8; http://mj12bot.com/)"
147.135.252.179 - - [28/Apr/2025:11:36:18 -0400] "GET /mlp/%EF%BB%BFhttp:/52-sell.com/o4q/euro-truck-simulator-2-controller-setup.html HTTP/1.1" 404 39116 "-" "Mozilla/5.0 (compatible; MJ12bot/v1.4.8; http://mj12bot.com/)"
192.99.36.61 - - [28/Apr/2025:11:36:22 -0400] "GET /808/%EF%BB%BFhttp://52-sell.com/9it/aftermarket-audi-parts.html HTTP/1.1" 301 0 "-" "Mozilla/5.0 (compatible; MJ12bot/v1.4.8; http://mj12bot.com/)"
20.171.207.19 - - [28/Apr/2025:11:36:24 -0400] "GET /wp-content/uploads/2020/10/404.png%20707w,%20https:/arsn.media/wp-content/uploads/2020/10/404-300x110.png%20300w HTTP/1.1" 404 39298 "-" "Mozilla/5.0 AppleWebKit/537.36 (KHTML, like Gecko; compatible; GPTBot/1.2; +https://openai.com/gptbot)"
147.135.252.179 - - [28/Apr/2025:11:36:24 -0400] "GET /mlp/%EF%BB%BFhttp://52-sell.com/o4q/european-collision-repair-reviews.html HTTP/1.1" 301 0 "-" "Mozilla/5.0 (compatible; MJ12bot/v1.4.8; http://mj12bot.com/)"
20.171.207.19 - - [28/Apr/2025:11:36:26 -0400] "GET /wp-content/uploads/2020/09/ARSN-Final-Logos-scaled.jpg%202560w,%20https:/arsn.media/wp-content/uploads/2020/09/ARSN-Final-Logos-300x138.jpg%20300w,%20https:/arsn.media/wp-content/uploads/2020/09/ARSN-Final-Logos-1024x471.jpg%201024w,%20https:/arsn.media/ARSN-Final-Logos-768x353.jpg%20768w,%20https:/ARSN-Final-Logos-1536x706.jpg%201536w,%20https:/ARSN-Final-Logos-2048x942.jpg%202048w HTTP/1.1" 404 39350 "-" "Mozilla/5.0 AppleWebKit/537.36 (KHTML, like Gecko; compatible; GPTBot/1.2; +https://openai.com/gptbot)"
192.99.36.61 - - [28/Apr/2025:11:36:25 -0400] "GET /808/%EF%BB%BFhttp:/52-sell.com/9it/aftermarket-audi-parts.html HTTP/1.1" 404 39339 "-" "Mozilla/5.0 (compatible; MJ12bot/v1.4.8; http://mj12bot.com/)"
20.171.207.19 - - [28/Apr/2025:11:36:28 -0400] "GET /wp-content/themes/onum/css/design-test.css?ver=6.7.2 HTTP/1.1" 404 39407 "-" "Mozilla/5.0 AppleWebKit/537.36 (KHTML, like Gecko; compatible; GPTBot/1.2; +https://openai.com/gptbot)"
147.135.252.179 - - [28/Apr/2025:11:36:27 -0400] "GET /mlp/%EF%BB%BFhttp:/52-sell.com/o4q/european-collision-repair-reviews.html HTTP/1.1" 404 39245 "-" "Mozilla/5.0 (compatible; MJ12bot/v1.4.8; http://mj12bot.com/)"
192.99.36.61 - - [28/Apr/2025:11:36:30 -0400] "GET /808/%EF%BB%BFhttp://52-sell.com/9it/afton-family-book-pdf.html HTTP/1.1" 301 0 "-" "Mozilla/5.0 (compatible; MJ12bot/v1.4.8; http://mj12bot.com/)"
147.135.252.179 - - [28/Apr/2025:11:36:31 -0400] "GET /mlp/%EF%BB%BFhttp://52-sell.com/o4q/event-id-1258.html HTTP/1.1" 301 0 "-" "Mozilla/5.0 (compatible; MJ12bot/v1.4.8; http://mj12bot.com/)"
20.171.207.19 - - [28/Apr/2025:11:36:31 -0400] "GET /wp-content/themes/onum/js/design-test.js HTTP/1.1" 404 18481 "-" "Mozilla/5.0 AppleWebKit/537.36 (KHTML, like Gecko; compatible; GPTBot/1.2; +https://openai.com/gptbot)"
20.171.207.19 - - [28/Apr/2025:11:36:33 -0400] "GET /wp-json/elementskit/v1/ HTTP/1.1" 404 114 "-" "Mozilla/5.0 AppleWebKit/537.36 (KHTML, like Gecko; compatible; GPTBot/1.2; +https://openai.com/gptbot)"
66.29.132.124 - - [28/Apr/2025:11:36:35 -0400] "POST /wp-cron.php?doing_wp_cron=1745854594.7434780597686767578125 HTTP/1.1" 200 0 "-" "WordPress/6.8; https://arsn.media"
147.135.252.179 - - [28/Apr/2025:11:36:34 -0400] "GET /mlp/%EF%BB%BFhttp:/52-sell.com/o4q/event-id-1258.html HTTP/1.1" 404 39423 "-" "Mozilla/5.0 (compatible; MJ12bot/v1.4.8; http://mj12bot.com/)"
66.29.132.124 - - [28/Apr/2025:11:36:37 -0400] "POST /wp-admin/admin-ajax.php?action=async_litespeed&nonce=VgjxhuNVc0ACVNnijUqTebYqEV8Gotha&litespeed_type=imgoptm HTTP/1.1" 200 0 "-" "WordPress/6.8; https://arsn.media"
192.99.36.61 - - [28/Apr/2025:11:36:33 -0400] "GET /808/%EF%BB%BFhttp:/52-sell.com/9it/afton-family-book-pdf.html HTTP/1.1" 404 39401 "-" "Mozilla/5.0 (compatible; MJ12bot/v1.4.8; http://mj12bot.com/)"
147.135.252.179 - - [28/Apr/2025:11:36:39 -0400] "GET /mlp/%EF%BB%BFhttp://52-sell.com/o4q/everdrive-x5-vs-x7.html HTTP/1.1" 301 0 "-" "Mozilla/5.0 (compatible; MJ12bot/v1.4.8; http://mj12bot.com/)"
192.99.36.61 - - [28/Apr/2025:11:36:39 -0400] "GET /808/%EF%BB%BFhttp://52-sell.com/9it/air-india-cabin-baggage.html HTTP/1.1" 301 0 "-" "Mozilla/5.0 (compatible; MJ12bot/v1.4.8; http://mj12bot.com/)"
147.135.252.179 - - [28/Apr/2025:11:36:43 -0400] "GET /mlp/%EF%BB%BFhttp:/52-sell.com/o4q/everdrive-x5-vs-x7.html HTTP/1.1" 404 39247 "-" "Mozilla/5.0 (compatible; MJ12bot/v1.4.8; http://mj12bot.com/)"
192.99.36.61 - - [28/Apr/2025:11:36:43 -0400] "GET /808/%EF%BB%BFhttp:/52-sell.com/9it/air-india-cabin-baggage.html HTTP/1.1" 404 39370 "-" "Mozilla/5.0 (compatible; MJ12bot/v1.4.8; http://mj12bot.com/)"
147.135.252.179 - - [28/Apr/2025:11:36:46 -0400] "GET /mlp/%EF%BB%BFhttp://52-sell.com/o4q/everglades-farm-mango-trees.html HTTP/1.1" 301 0 "-" "Mozilla/5.0 (compatible; MJ12bot/v1.4.8; http://mj12bot.com/)"
192.99.36.61 - - [28/Apr/2025:11:36:47 -0400] "GET /808/%EF%BB%BFhttp://52-sell.com/9it/airbnb-florida-investment.html HTTP/1.1" 301 0 "-" "Mozilla/5.0 (compatible; MJ12bot/v1.4.8; http://mj12bot.com/)"
20.171.207.19 - - [28/Apr/2025:11:36:47 -0400] "GET /wp-content/themes/onum/css/design-test.css?ver=6.7.1 HTTP/1.1" 404 24768 "-" "Mozilla/5.0 AppleWebKit/537.36 (KHTML, like Gecko; compatible; GPTBot/1.2; +https://openai.com/gptbot)"
66.29.132.124 - - [28/Apr/2025:11:36:51 -0400] "POST /wp-cron.php?doing_wp_cron=1745854611.2305390834808349609375 HTTP/1.1" 200 0 "-" "WordPress/6.8; https://arsn.media"
192.99.36.61 - - [28/Apr/2025:11:36:50 -0400] "GET /808/%EF%BB%BFhttp:/52-sell.com/9it/airbnb-florida-investment.html HTTP/1.1" 404 39258 "-" "Mozilla/5.0 (compatible; MJ12bot/v1.4.8; http://mj12bot.com/)"
147.135.252.179 - - [28/Apr/2025:11:36:49 -0400] "GET /mlp/%EF%BB%BFhttp:/52-sell.com/o4q/everglades-farm-mango-trees.html HTTP/1.1" 404 39179 "-" "Mozilla/5.0 (compatible; MJ12bot/v1.4.8; http://mj12bot.com/)"
147.135.252.179 - - [28/Apr/2025:11:36:56 -0400] "GET /mlp/%EF%BB%BFhttp://52-sell.com/o4q/everstart-maxx-jump-starter-charger.html HTTP/1.1" 301 0 "-" "Mozilla/5.0 (compatible; MJ12bot/v1.4.8; http://mj12bot.com/)"
192.99.36.61 - - [28/Apr/2025:11:36:55 -0400] "GET /808/%EF%BB%BFhttp://52-sell.com/9it/alabama-bass-tournaments-2022.html HTTP/1.1" 301 0 "-" "Mozilla/5.0 (compatible; MJ12bot/v1.4.8; http://mj12bot.com/)"
147.135.252.179 - - [28/Apr/2025:11:36:59 -0400] "GET /mlp/%EF%BB%BFhttp:/52-sell.com/o4q/everstart-maxx-jump-starter-charger.html HTTP/1.1" 404 39334 "-" "Mozilla/5.0 (compatible; MJ12bot/v1.4.8; http://mj12bot.com/)"
192.99.36.61 - - [28/Apr/2025:11:36:59 -0400] "GET /808/%EF%BB%BFhttp:/52-sell.com/9it/alabama-bass-tournaments-2022.html HTTP/1.1" 404 39304 "-" "Mozilla/5.0 (compatible; MJ12bot/v1.4.8; http://mj12bot.com/)"
147.135.252.179 - - [28/Apr/2025:11:37:05 -0400] "GET /mlp/%EF%BB%BFhttp://52-sell.com/o4q/evertale-ssr-tier-list.html HTTP/1.1" 301 0 "-" "Mozilla/5.0 (compatible; MJ12bot/v1.4.8; http://mj12bot.com/)"
192.99.36.61 - - [28/Apr/2025:11:37:06 -0400] "GET /808/%EF%BB%BFhttp://52-sell.com/9it/all-facebook-passwords-list.html HTTP/1.1" 301 0 "-" "Mozilla/5.0 (compatible; MJ12bot/v1.4.8; http://mj12bot.com/)"
147.135.252.179 - - [28/Apr/2025:11:37:09 -0400] "GET /mlp/%EF%BB%BFhttp:/52-sell.com/o4q/evertale-ssr-tier-list.html HTTP/1.1" 404 39285 "-" "Mozilla/5.0 (compatible; MJ12bot/v1.4.8; http://mj12bot.com/)"
192.99.36.61 - - [28/Apr/2025:11:37:10 -0400] "GET /808/%EF%BB%BFhttp:/52-sell.com/9it/all-facebook-passwords-list.html HTTP/1.1" 404 39211 "-" "Mozilla/5.0 (compatible; MJ12bot/v1.4.8; http://mj12bot.com/)"
147.135.252.179 - - [28/Apr/2025:11:37:13 -0400] "GET /mlp/%EF%BB%BFhttp://52-sell.com/o4q/excel-export-limit.html HTTP/1.1" 301 0 "-" "Mozilla/5.0 (compatible; MJ12bot/v1.4.8; http://mj12bot.com/)"
192.99.36.61 - - [28/Apr/2025:11:37:14 -0400] "GET /808/%EF%BB%BFhttp://52-sell.com/9it/alua-philippines.html HTTP/1.1" 301 0 "-" "Mozilla/5.0 (compatible; MJ12bot/v1.4.8; http://mj12bot.com/)"
216.244.66.201 - - [28/Apr/2025:11:37:17 -0400] "GET /robots.txt HTTP/1.1" 200 168 "-" "Mozilla/5.0 (compatible; DotBot/1.2; +https://opensiteexplorer.org/dotbot; help@moz.com)"
147.135.252.179 - - [28/Apr/2025:11:37:17 -0400] "GET /mlp/%EF%BB%BFhttp:/52-sell.com/o4q/excel-export-limit.html HTTP/1.1" 404 39245 "-" "Mozilla/5.0 (compatible; MJ12bot/v1.4.8; http://mj12bot.com/)"
192.99.36.61 - - [28/Apr/2025:11:37:18 -0400] "GET /808/%EF%BB%BFhttp:/52-sell.com/9it/alua-philippines.html HTTP/1.1" 404 39288 "-" "Mozilla/5.0 (compatible; MJ12bot/v1.4.8; http://mj12bot.com/)"
147.135.252.179 - - [28/Apr/2025:11:37:22 -0400] "GET /mlp/%EF%BB%BFhttp://52-sell.com/o4q/exchange-rate-for-taiwan-currency.html HTTP/1.1" 301 0 "-" "Mozilla/5.0 (compatible; MJ12bot/v1.4.8; http://mj12bot.com/)"
192.99.36.61 - - [28/Apr/2025:11:37:23 -0400] "GET /808/%EF%BB%BFhttp://52-sell.com/9it/amazon-no-show-socks.html HTTP/1.1" 301 0 "-" "Mozilla/5.0 (compatible; MJ12bot/v1.4.8; http://mj12bot.com/)"
192.99.36.61 - - [28/Apr/2025:11:37:27 -0400] "GET /808/%EF%BB%BFhttp:/52-sell.com/9it/amazon-no-show-socks.html HTTP/1.1" 404 39334 "-" "Mozilla/5.0 (compatible; MJ12bot/v1.4.8; http://mj12bot.com/)"
147.135.252.179 - - [28/Apr/2025:11:37:27 -0400] "GET /mlp/%EF%BB%BFhttp:/52-sell.com/o4q/exchange-rate-for-taiwan-currency.html HTTP/1.1" 404 39248 "-" "Mozilla/5.0 (compatible; MJ12bot/v1.4.8; http://mj12bot.com/)"
192.99.36.61 - - [28/Apr/2025:11:37:31 -0400] "GET /808/%EF%BB%BFhttp://52-sell.com/9it/amd-ryzen-9-3900x-music-production.html HTTP/1.1" 301 0 "-" "Mozilla/5.0 (compatible; MJ12bot/v1.4.8; http://mj12bot.com/)"
146.190.94.19 - - [28/Apr/2025:11:37:33 -0400] "GET /wp-content/uploads/2024/06/Untitled_design__6_-removebg-preview.png HTTP/1.1" 200 181367 "-" "Mozilla/5.0 (Linux; Android 10; K) AppleWebKit/537.36 (KHTML, like Gecko) Chrome/122.0.0.0 Mobile Safari/537.36"
147.135.252.179 - - [28/Apr/2025:11:37:34 -0400] "GET /mlp/%EF%BB%BFhttp://52-sell.com/o4q/exmark-mower-service.html HTTP/1.1" 301 0 "-" "Mozilla/5.0 (compatible; MJ12bot/v1.4.8; http://mj12bot.com/)"
66.29.132.124 - - [28/Apr/2025:11:37:37 -0400] "POST /wp-cron.php?doing_wp_cron=1745854655.3869030475616455078125 HTTP/1.1" 200 0 "-" "WordPress/6.8; https://arsn.media"
192.99.36.61 - - [28/Apr/2025:11:37:36 -0400] "GET /808/%EF%BB%BFhttp:/52-sell.com/9it/amd-ryzen-9-3900x-music-production.html HTTP/1.1" 404 39242 "-" "Mozilla/5.0 (compatible; MJ12bot/v1.4.8; http://mj12bot.com/)"
147.135.252.179 - - [28/Apr/2025:11:37:39 -0400] "GET /mlp/%EF%BB%BFhttp:/52-sell.com/o4q/exmark-mower-service.html HTTP/1.1" 404 39280 "-" "Mozilla/5.0 (compatible; MJ12bot/v1.4.8; http://mj12bot.com/)"
192.99.36.61 - - [28/Apr/2025:11:37:41 -0400] "GET /808/%EF%BB%BFhttp://52-sell.com/9it/american-english-bulldog-puppies-for-sale.html HTTP/1.1" 301 0 "-" "Mozilla/5.0 (compatible; MJ12bot/v1.4.8; http://mj12bot.com/)"
147.135.252.179 - - [28/Apr/2025:11:37:44 -0400] "GET /mlp/%EF%BB%BFhttp://52-sell.com/o4q/exotic-bully-lifespan.html HTTP/1.1" 301 0 "-" "Mozilla/5.0 (compatible; MJ12bot/v1.4.8; http://mj12bot.com/)"
192.99.36.61 - - [28/Apr/2025:11:37:44 -0400] "GET /808/%EF%BB%BFhttp:/52-sell.com/9it/american-english-bulldog-puppies-for-sale.html HTTP/1.1" 404 39304 "-" "Mozilla/5.0 (compatible; MJ12bot/v1.4.8; http://mj12bot.com/)"
147.135.252.179 - - [28/Apr/2025:11:37:47 -0400] "GET /mlp/%EF%BB%BFhttp:/52-sell.com/o4q/exotic-bully-lifespan.html HTTP/1.1" 404 39388 "-" "Mozilla/5.0 (compatible; MJ12bot/v1.4.8; http://mj12bot.com/)"
192.99.36.61 - - [28/Apr/2025:11:37:50 -0400] "GET /808/%EF%BB%BFhttp://52-sell.com/9it/apex-coins-price-2021.html HTTP/1.1" 301 0 "-" "Mozilla/5.0 (compatible; MJ12bot/v1.4.8; http://mj12bot.com/)"
147.135.252.179 - - [28/Apr/2025:11:37:51 -0400] "GET /mlp/%EF%BB%BFhttp://52-sell.com/o4q/explorers-itch-io.html HTTP/1.1" 301 0 "-" "Mozilla/5.0 (compatible; MJ12bot/v1.4.8; http://mj12bot.com/)"
192.99.36.61 - - [28/Apr/2025:11:37:54 -0400] "GET /808/%EF%BB%BFhttp:/52-sell.com/9it/apex-coins-price-2021.html HTTP/1.1" 404 39337 "-" "Mozilla/5.0 (compatible; MJ12bot/v1.4.8; http://mj12bot.com/)"
147.135.252.179 - - [28/Apr/2025:11:37:55 -0400] "GET /mlp/%EF%BB%BFhttp:/52-sell.com/o4q/explorers-itch-io.html HTTP/1.1" 404 39237 "-" "Mozilla/5.0 (compatible; MJ12bot/v1.4.8; http://mj12bot.com/)"
192.99.36.61 - - [28/Apr/2025:11:37:59 -0400] "GET /808/%EF%BB%BFhttp://52-sell.com/9it/april-romance-book-releases-2022.html HTTP/1.1" 301 0 "-" "Mozilla/5.0 (compatible; MJ12bot/v1.4.8; http://mj12bot.com/)"
147.135.252.179 - - [28/Apr/2025:11:38:01 -0400] "GET /mlp/%EF%BB%BFhttp://52-sell.com/o4q/explosive-bullets-cheat.html HTTP/1.1" 301 0 "-" "Mozilla/5.0 (compatible; MJ12bot/v1.4.8; http://mj12bot.com/)"
192.99.36.61 - - [28/Apr/2025:11:38:03 -0400] "GET /808/%EF%BB%BFhttp:/52-sell.com/9it/april-romance-book-releases-2022.html HTTP/1.1" 404 39169 "-" "Mozilla/5.0 (compatible; MJ12bot/v1.4.8; http://mj12bot.com/)"
147.135.252.179 - - [28/Apr/2025:11:38:04 -0400] "GET /mlp/%EF%BB%BFhttp:/52-sell.com/o4q/explosive-bullets-cheat.html HTTP/1.1" 404 39377 "-" "Mozilla/5.0 (compatible; MJ12bot/v1.4.8; http://mj12bot.com/)"
192.99.36.61 - - [28/Apr/2025:11:38:09 -0400] "GET /808/%EF%BB%BFhttp://52-sell.com/9it/archdiocese-of-philadelphia-superintendent-of-schools.html HTTP/1.1" 301 0 "-" "Mozilla/5.0 (compatible; MJ12bot/v1.4.8; http://mj12bot.com/)"
147.135.252.179 - - [28/Apr/2025:11:38:12 -0400] "GET /mlp/%EF%BB%BFhttp://52-sell.com/o4q/extra-offers.html HTTP/1.1" 301 0 "-" "Mozilla/5.0 (compatible; MJ12bot/v1.4.8; http://mj12bot.com/)"
192.99.36.61 - - [28/Apr/2025:11:38:12 -0400] "GET /808/%EF%BB%BFhttp:/52-sell.com/9it/archdiocese-of-philadelphia-superintendent-of-schools.html HTTP/1.1" 404 39358 "-" "Mozilla/5.0 (compatible; MJ12bot/v1.4.8; http://mj12bot.com/)"
147.135.252.179 - - [28/Apr/2025:11:38:15 -0400] "GET /mlp/%EF%BB%BFhttp:/52-sell.com/o4q/extra-offers.html HTTP/1.1" 404 39346 "-" "Mozilla/5.0 (compatible; MJ12bot/v1.4.8; http://mj12bot.com/)"
147.135.252.179 - - [28/Apr/2025:11:38:18 -0400] "GET /mlp/%EF%BB%BFhttp://52-sell.com/o4q/face-tracking-app-for-android.html HTTP/1.1" 301 0 "-" "Mozilla/5.0 (compatible; MJ12bot/v1.4.8; http://mj12bot.com/)"
