65.108.110.26 - - [28/Apr/2025:07:19:46 -0400] "GET /mlp/%EF%BB%BFhttp://52-sell.com/o4q/tommy-shelby-headcanons.html HTTP/1.1" 301 0 "-" "Mozilla/5.0 (compatible; MJ12bot/v1.4.8; http://mj12bot.com/)"
192.95.29.138 - - [28/Apr/2025:07:19:46 -0400] "GET /mlp/%EF%BB%BFhttp:/52-sell.com/o4q/panama-city-motorcycle-accident.html HTTP/1.1" 404 39127 "-" "Mozilla/5.0 (compatible; MJ12bot/v1.4.8; http://mj12bot.com/)"
66.29.132.124 - - [28/Apr/2025:07:19:52 -0400] "POST /wp-cron.php?doing_wp_cron=1745839191.4241440296173095703125 HTTP/1.1" 200 0 "-" "WordPress/6.8; https://arsn.media"
192.95.29.138 - - [28/Apr/2025:07:19:50 -0400] "GET /mlp/%EF%BB%BFhttp://52-sell.com/o4q/pandale-projectile-point.html HTTP/1.1" 301 0 "-" "Mozilla/5.0 (compatible; MJ12bot/v1.4.8; http://mj12bot.com/)"
65.108.110.26 - - [28/Apr/2025:07:19:50 -0400] "GET /mlp/%EF%BB%BFhttp:/52-sell.com/o4q/tommy-shelby-headcanons.html HTTP/1.1" 404 39348 "-" "Mozilla/5.0 (compatible; MJ12bot/v1.4.8; http://mj12bot.com/)"
192.95.29.138 - - [28/Apr/2025:07:19:54 -0400] "GET /mlp/%EF%BB%BFhttp:/52-sell.com/o4q/pandale-projectile-point.html HTTP/1.1" 404 39217 "-" "Mozilla/5.0 (compatible; MJ12bot/v1.4.8; http://mj12bot.com/)"
65.108.110.26 - - [28/Apr/2025:07:19:55 -0400] "GET /mlp/%EF%BB%BFhttp://52-sell.com/o4q/too-hot-spark-plug-symptoms.html HTTP/1.1" 301 0 "-" "Mozilla/5.0 (compatible; MJ12bot/v1.4.8; http://mj12bot.com/)"
192.95.29.138 - - [28/Apr/2025:07:19:57 -0400] "GET /mlp/%EF%BB%BFhttp://52-sell.com/o4q/paragraph-development-by-definition.html HTTP/1.1" 301 0 "-" "Mozilla/5.0 (compatible; MJ12bot/v1.4.8; http://mj12bot.com/)"
65.108.110.26 - - [28/Apr/2025:07:19:58 -0400] "GET /mlp/%EF%BB%BFhttp:/52-sell.com/o4q/too-hot-spark-plug-symptoms.html HTTP/1.1" 404 39181 "-" "Mozilla/5.0 (compatible; MJ12bot/v1.4.8; http://mj12bot.com/)"
192.95.29.138 - - [28/Apr/2025:07:20:00 -0400] "GET /mlp/%EF%BB%BFhttp:/52-sell.com/o4q/paragraph-development-by-definition.html HTTP/1.1" 404 39340 "-" "Mozilla/5.0 (compatible; MJ12bot/v1.4.8; http://mj12bot.com/)"
65.108.110.26 - - [28/Apr/2025:07:20:03 -0400] "GET /mlp/%EF%BB%BFhttp://52-sell.com/o4q/top-10-urologist-near-me.html HTTP/1.1" 301 0 "-" "Mozilla/5.0 (compatible; MJ12bot/v1.4.8; http://mj12bot.com/)"
192.95.29.138 - - [28/Apr/2025:07:20:04 -0400] "GET /mlp/%EF%BB%BFhttp://52-sell.com/o4q/park-pilot-malfunction-ford-focus.html HTTP/1.1" 301 0 "-" "Mozilla/5.0 (compatible; MJ12bot/v1.4.8; http://mj12bot.com/)"
192.95.29.138 - - [28/Apr/2025:07:20:07 -0400] "GET /mlp/%EF%BB%BFhttp:/52-sell.com/o4q/park-pilot-malfunction-ford-focus.html HTTP/1.1" 404 39248 "-" "Mozilla/5.0 (compatible; MJ12bot/v1.4.8; http://mj12bot.com/)"
65.108.110.26 - - [28/Apr/2025:07:20:07 -0400] "GET /mlp/%EF%BB%BFhttp:/52-sell.com/o4q/top-10-urologist-near-me.html HTTP/1.1" 404 39274 "-" "Mozilla/5.0 (compatible; MJ12bot/v1.4.8; http://mj12bot.com/)"
192.95.29.138 - - [28/Apr/2025:07:20:12 -0400] "GET /mlp/%EF%BB%BFhttp://52-sell.com/o4q/parrot-for-sale-nj.html HTTP/1.1" 301 0 "-" "Mozilla/5.0 (compatible; MJ12bot/v1.4.8; http://mj12bot.com/)"
65.108.110.26 - - [28/Apr/2025:07:20:13 -0400] "GET /mlp/%EF%BB%BFhttp://52-sell.com/o4q/top-200-songs-of-1986.html HTTP/1.1" 301 0 "-" "Mozilla/5.0 (compatible; MJ12bot/v1.4.8; http://mj12bot.com/)"
192.95.29.138 - - [28/Apr/2025:07:20:16 -0400] "GET /mlp/%EF%BB%BFhttp:/52-sell.com/o4q/parrot-for-sale-nj.html HTTP/1.1" 404 39251 "-" "Mozilla/5.0 (compatible; MJ12bot/v1.4.8; http://mj12bot.com/)"
65.108.110.26 - - [28/Apr/2025:07:20:18 -0400] "GET /mlp/%EF%BB%BFhttp:/52-sell.com/o4q/top-200-songs-of-1986.html HTTP/1.1" 404 39397 "-" "Mozilla/5.0 (compatible; MJ12bot/v1.4.8; http://mj12bot.com/)"
216.244.66.201 - - [28/Apr/2025:07:20:17 -0400] "GET /ukdygc/grass-chute-blocker.html HTTP/1.1" 404 566407 "-" "Mozilla/5.0 (compatible; DotBot/1.2; +https://opensiteexplorer.org/dotbot; help@moz.com)"
192.95.29.138 - - [28/Apr/2025:07:20:22 -0400] "GET /mlp/%EF%BB%BFhttp://52-sell.com/o4q/pashto-sherona-sms.html HTTP/1.1" 301 0 "-" "Mozilla/5.0 (compatible; MJ12bot/v1.4.8; http://mj12bot.com/)"
65.108.110.26 - - [28/Apr/2025:07:20:23 -0400] "GET /mlp/%EF%BB%BFhttp://52-sell.com/o4q/top-chef-winners-by-season.html HTTP/1.1" 301 0 "-" "Mozilla/5.0 (compatible; MJ12bot/v1.4.8; http://mj12bot.com/)"
192.95.29.138 - - [28/Apr/2025:07:20:25 -0400] "GET /mlp/%EF%BB%BFhttp:/52-sell.com/o4q/pashto-sherona-sms.html HTTP/1.1" 404 39196 "-" "Mozilla/5.0 (compatible; MJ12bot/v1.4.8; http://mj12bot.com/)"
65.108.110.26 - - [28/Apr/2025:07:20:27 -0400] "GET /mlp/%EF%BB%BFhttp:/52-sell.com/o4q/top-chef-winners-by-season.html HTTP/1.1" 404 39335 "-" "Mozilla/5.0 (compatible; MJ12bot/v1.4.8; http://mj12bot.com/)"
192.95.29.138 - - [28/Apr/2025:07:20:29 -0400] "GET /mlp/%EF%BB%BFhttp://52-sell.com/o4q/past-questions-on-social-studies-for-primary-5.html HTTP/1.1" 301 0 "-" "Mozilla/5.0 (compatible; MJ12bot/v1.4.8; http://mj12bot.com/)"
65.108.110.26 - - [28/Apr/2025:07:20:31 -0400] "GET /mlp/%EF%BB%BFhttp://52-sell.com/o4q/top-fin-29-gallon-filter.html HTTP/1.1" 301 0 "-" "Mozilla/5.0 (compatible; MJ12bot/v1.4.8; http://mj12bot.com/)"
192.95.29.138 - - [28/Apr/2025:07:20:32 -0400] "GET /mlp/%EF%BB%BFhttp:/52-sell.com/o4q/past-questions-on-social-studies-for-primary-5.html HTTP/1.1" 404 39144 "-" "Mozilla/5.0 (compatible; MJ12bot/v1.4.8; http://mj12bot.com/)"
192.95.29.138 - - [28/Apr/2025:07:20:35 -0400] "GET /mlp/%EF%BB%BFhttp://52-sell.com/o4q/pasta-plating-drawing.html HTTP/1.1" 301 0 "-" "Mozilla/5.0 (compatible; MJ12bot/v1.4.8; http://mj12bot.com/)"
66.29.132.124 - - [28/Apr/2025:07:20:36 -0400] "POST /wp-cron.php?doing_wp_cron=1745839235.7028369903564453125000 HTTP/1.1" 200 0 "-" "WordPress/6.8; https://arsn.media"
65.108.110.26 - - [28/Apr/2025:07:20:34 -0400] "GET /mlp/%EF%BB%BFhttp:/52-sell.com/o4q/top-fin-29-gallon-filter.html HTTP/1.1" 404 39273 "-" "Mozilla/5.0 (compatible; MJ12bot/v1.4.8; http://mj12bot.com/)"
66.29.132.124 - - [28/Apr/2025:07:20:37 -0400] "POST /wp-admin/admin-ajax.php?action=async_litespeed&nonce=RyqsNlQFTZOvVSvWPfAsTELTzk47S187&litespeed_type=imgoptm HTTP/1.1" 200 0 "-" "WordPress/6.8; https://arsn.media"
20.171.207.19 - - [28/Apr/2025:07:20:38 -0400] "GET /wp-json/elementskit/v1/ HTTP/1.1" 404 114 "-" "Mozilla/5.0 AppleWebKit/537.36 (KHTML, like Gecko; compatible; GPTBot/1.2; +https://openai.com/gptbot)"
192.95.29.138 - - [28/Apr/2025:07:20:37 -0400] "GET /mlp/%EF%BB%BFhttp:/52-sell.com/o4q/pasta-plating-drawing.html HTTP/1.1" 404 39338 "-" "Mozilla/5.0 (compatible; MJ12bot/v1.4.8; http://mj12bot.com/)"
65.108.110.26 - - [28/Apr/2025:07:20:40 -0400] "GET /mlp/%EF%BB%BFhttp://52-sell.com/o4q/topper-johnny-lightning-mirror-finish.html HTTP/1.1" 301 0 "-" "Mozilla/5.0 (compatible; MJ12bot/v1.4.8; http://mj12bot.com/)"
20.171.207.19 - - [28/Apr/2025:07:20:41 -0400] "GET /wp-content/uploads/2020/09/ARSN-Final-Logos-scaled.jpg%202560w,%20https:/arsn.media/wp-content/uploads/2020/09/ARSN-Final-Logos-300x138.jpg%20300w,%20https:/arsn.media/wp-content/uploads/2020/09/ARSN-Final-Logos-1024x471.jpg%201024w,%20https:/arsn.media/ARSN-Final-Logos-768x353.jpg%20768w,%20https:/ARSN-Final-Logos-1536x706.jpg%201536w,%20https:/ARSN-Final-Logos-2048x942.jpg%202048w HTTP/1.1" 404 39352 "-" "Mozilla/5.0 AppleWebKit/537.36 (KHTML, like Gecko; compatible; GPTBot/1.2; +https://openai.com/gptbot)"
192.95.29.138 - - [28/Apr/2025:07:20:41 -0400] "GET /mlp/%EF%BB%BFhttp://52-sell.com/o4q/patch-certificate-without-root.html HTTP/1.1" 301 0 "-" "Mozilla/5.0 (compatible; MJ12bot/v1.4.8; http://mj12bot.com/)"
20.171.207.19 - - [28/Apr/2025:07:20:43 -0400] "GET /wp-content/uploads/2020/10/404.png%20707w,%20https:/arsn.media/wp-content/uploads/2020/10/404-300x110.png%20300w HTTP/1.1" 404 39244 "-" "Mozilla/5.0 AppleWebKit/537.36 (KHTML, like Gecko; compatible; GPTBot/1.2; +https://openai.com/gptbot)"
65.108.110.26 - - [28/Apr/2025:07:20:43 -0400] "GET /mlp/%EF%BB%BFhttp:/52-sell.com/o4q/topper-johnny-lightning-mirror-finish.html HTTP/1.1" 404 39150 "-" "Mozilla/5.0 (compatible; MJ12bot/v1.4.8; http://mj12bot.com/)"
20.171.207.19 - - [28/Apr/2025:07:20:46 -0400] "GET /wp-content/themes/onum/css/design-test.css?ver=6.7.2 HTTP/1.1" 404 39402 "-" "Mozilla/5.0 AppleWebKit/537.36 (KHTML, like Gecko; compatible; GPTBot/1.2; +https://openai.com/gptbot)"
192.95.29.138 - - [28/Apr/2025:07:20:44 -0400] "GET /mlp/%EF%BB%BFhttp:/52-sell.com/o4q/patch-certificate-without-root.html HTTP/1.1" 404 39280 "-" "Mozilla/5.0 (compatible; MJ12bot/v1.4.8; http://mj12bot.com/)"
65.108.110.26 - - [28/Apr/2025:07:20:47 -0400] "GET /mlp/%EF%BB%BFhttp://52-sell.com/o4q/total-shop-wood-planer.html HTTP/1.1" 301 0 "-" "Mozilla/5.0 (compatible; MJ12bot/v1.4.8; http://mj12bot.com/)"
192.95.29.138 - - [28/Apr/2025:07:20:47 -0400] "GET /mlp/%EF%BB%BFhttp://52-sell.com/o4q/pathfinder-barbarian-rage-powers.html HTTP/1.1" 301 0 "-" "Mozilla/5.0 (compatible; MJ12bot/v1.4.8; http://mj12bot.com/)"
20.171.207.19 - - [28/Apr/2025:07:20:49 -0400] "GET /wp-content/themes/onum/js/design-test.js HTTP/1.1" 404 39107 "-" "Mozilla/5.0 AppleWebKit/537.36 (KHTML, like Gecko; compatible; GPTBot/1.2; +https://openai.com/gptbot)"
66.29.132.124 - - [28/Apr/2025:07:20:51 -0400] "POST /wp-cron.php?doing_wp_cron=1745839251.3462910652160644531250 HTTP/1.1" 200 0 "-" "WordPress/6.8; https://arsn.media"
65.108.110.26 - - [28/Apr/2025:07:20:50 -0400] "GET /mlp/%EF%BB%BFhttp:/52-sell.com/o4q/total-shop-wood-planer.html HTTP/1.1" 404 39287 "-" "Mozilla/5.0 (compatible; MJ12bot/v1.4.8; http://mj12bot.com/)"
192.95.29.138 - - [28/Apr/2025:07:20:50 -0400] "GET /mlp/%EF%BB%BFhttp:/52-sell.com/o4q/pathfinder-barbarian-rage-powers.html HTTP/1.1" 404 39167 "-" "Mozilla/5.0 (compatible; MJ12bot/v1.4.8; http://mj12bot.com/)"
20.171.207.19 - - [28/Apr/2025:07:20:51 -0400] "GET /mlp/%EF%BB%BFhttp:/52-sell.com/o4q/argentina-steam-account-ban.html HTTP/1.1" 404 28507 "-" "Mozilla/5.0 AppleWebKit/537.36 (KHTML, like Gecko; compatible; GPTBot/1.2; +https://openai.com/gptbot)"
65.108.110.26 - - [28/Apr/2025:07:20:54 -0400] "GET /mlp/%EF%BB%BFhttp://52-sell.com/o4q/total-shop-woodworking-machine-manual.html HTTP/1.1" 301 0 "-" "Mozilla/5.0 (compatible; MJ12bot/v1.4.8; http://mj12bot.com/)"
192.95.29.138 - - [28/Apr/2025:07:20:54 -0400] "GET /mlp/%EF%BB%BFhttp://52-sell.com/o4q/patreon-archiver.html HTTP/1.1" 301 0 "-" "Mozilla/5.0 (compatible; MJ12bot/v1.4.8; http://mj12bot.com/)"
192.95.29.138 - - [28/Apr/2025:07:20:57 -0400] "GET /mlp/%EF%BB%BFhttp:/52-sell.com/o4q/patreon-archiver.html HTTP/1.1" 404 39297 "-" "Mozilla/5.0 (compatible; MJ12bot/v1.4.8; http://mj12bot.com/)"
65.108.110.26 - - [28/Apr/2025:07:20:57 -0400] "GET /mlp/%EF%BB%BFhttp:/52-sell.com/o4q/total-shop-woodworking-machine-manual.html HTTP/1.1" 404 39139 "-" "Mozilla/5.0 (compatible; MJ12bot/v1.4.8; http://mj12bot.com/)"
192.95.29.138 - - [28/Apr/2025:07:21:00 -0400] "GET /mlp/%EF%BB%BFhttp://52-sell.com/o4q/paul-crouch-wife.html HTTP/1.1" 301 0 "-" "Mozilla/5.0 (compatible; MJ12bot/v1.4.8; http://mj12bot.com/)"
65.108.110.26 - - [28/Apr/2025:07:21:01 -0400] "GET /mlp/%EF%BB%BFhttp://52-sell.com/o4q/touch-latch-for-heavy-doors.html HTTP/1.1" 301 0 "-" "Mozilla/5.0 (compatible; MJ12bot/v1.4.8; http://mj12bot.com/)"
192.95.29.138 - - [28/Apr/2025:07:21:02 -0400] "GET /mlp/%EF%BB%BFhttp:/52-sell.com/o4q/paul-crouch-wife.html HTTP/1.1" 404 39293 "-" "Mozilla/5.0 (compatible; MJ12bot/v1.4.8; http://mj12bot.com/)"
65.108.110.26 - - [28/Apr/2025:07:21:04 -0400] "GET /mlp/%EF%BB%BFhttp:/52-sell.com/o4q/touch-latch-for-heavy-doors.html HTTP/1.1" 404 39233 "-" "Mozilla/5.0 (compatible; MJ12bot/v1.4.8; http://mj12bot.com/)"
192.95.29.138 - - [28/Apr/2025:07:21:06 -0400] "GET /mlp/%EF%BB%BFhttp://52-sell.com/o4q/paul-ippolito-funeral-home.html HTTP/1.1" 301 0 "-" "Mozilla/5.0 (compatible; MJ12bot/v1.4.8; http://mj12bot.com/)"
65.108.110.26 - - [28/Apr/2025:07:21:08 -0400] "GET /mlp/%EF%BB%BFhttp://52-sell.com/o4q/toyota-odyssey-rv-for-sale.html HTTP/1.1" 301 0 "-" "Mozilla/5.0 (compatible; MJ12bot/v1.4.8; http://mj12bot.com/)"
192.95.29.138 - - [28/Apr/2025:07:21:09 -0400] "GET /mlp/%EF%BB%BFhttp:/52-sell.com/o4q/paul-ippolito-funeral-home.html HTTP/1.1" 404 39389 "-" "Mozilla/5.0 (compatible; MJ12bot/v1.4.8; http://mj12bot.com/)"
65.108.110.26 - - [28/Apr/2025:07:21:12 -0400] "GET /mlp/%EF%BB%BFhttp:/52-sell.com/o4q/toyota-odyssey-rv-for-sale.html HTTP/1.1" 404 39331 "-" "Mozilla/5.0 (compatible; MJ12bot/v1.4.8; http://mj12bot.com/)"
192.95.29.138 - - [28/Apr/2025:07:21:14 -0400] "GET /mlp/%EF%BB%BFhttp://52-sell.com/o4q/pay-later-attorney.html HTTP/1.1" 301 0 "-" "Mozilla/5.0 (compatible; MJ12bot/v1.4.8; http://mj12bot.com/)"
65.108.110.26 - - [28/Apr/2025:07:21:17 -0400] "GET /mlp/%EF%BB%BFhttp://52-sell.com/o4q/toyota-pallet-jack-code-c14.html HTTP/1.1" 301 0 "-" "Mozilla/5.0 (compatible; MJ12bot/v1.4.8; http://mj12bot.com/)"
192.95.29.138 - - [28/Apr/2025:07:21:17 -0400] "GET /mlp/%EF%BB%BFhttp:/52-sell.com/o4q/pay-later-attorney.html HTTP/1.1" 404 39286 "-" "Mozilla/5.0 (compatible; MJ12bot/v1.4.8; http://mj12bot.com/)"
192.95.29.138 - - [28/Apr/2025:07:21:21 -0400] "GET /mlp/%EF%BB%BFhttp://52-sell.com/o4q/pay-ohio-property-tax-online.html HTTP/1.1" 301 0 "-" "Mozilla/5.0 (compatible; MJ12bot/v1.4.8; http://mj12bot.com/)"
65.108.110.26 - - [28/Apr/2025:07:21:20 -0400] "GET /mlp/%EF%BB%BFhttp:/52-sell.com/o4q/toyota-pallet-jack-code-c14.html HTTP/1.1" 404 39184 "-" "Mozilla/5.0 (compatible; MJ12bot/v1.4.8; http://mj12bot.com/)"
192.95.29.138 - - [28/Apr/2025:07:21:24 -0400] "GET /mlp/%EF%BB%BFhttp:/52-sell.com/o4q/pay-ohio-property-tax-online.html HTTP/1.1" 404 39373 "-" "Mozilla/5.0 (compatible; MJ12bot/v1.4.8; http://mj12bot.com/)"
65.108.110.26 - - [28/Apr/2025:07:21:25 -0400] "GET /mlp/%EF%BB%BFhttp://52-sell.com/o4q/toyota-previa-1998-for-sale-near-new-jersey.html HTTP/1.1" 301 0 "-" "Mozilla/5.0 (compatible; MJ12bot/v1.4.8; http://mj12bot.com/)"
192.95.29.138 - - [28/Apr/2025:07:21:28 -0400] "GET /mlp/%EF%BB%BFhttp://52-sell.com/o4q/pay-property-taxes-online-cameron-county.html HTTP/1.1" 301 0 "-" "Mozilla/5.0 (compatible; MJ12bot/v1.4.8; http://mj12bot.com/)"
65.108.110.26 - - [28/Apr/2025:07:21:29 -0400] "GET /mlp/%EF%BB%BFhttp:/52-sell.com/o4q/toyota-previa-1998-for-sale-near-new-jersey.html HTTP/1.1" 404 39219 "-" "Mozilla/5.0 (compatible; MJ12bot/v1.4.8; http://mj12bot.com/)"
192.95.29.138 - - [28/Apr/2025:07:21:31 -0400] "GET /mlp/%EF%BB%BFhttp:/52-sell.com/o4q/pay-property-taxes-online-cameron-county.html HTTP/1.1" 404 39300 "-" "Mozilla/5.0 (compatible; MJ12bot/v1.4.8; http://mj12bot.com/)"
66.29.132.124 - - [28/Apr/2025:07:21:36 -0400] "POST /wp-cron.php?doing_wp_cron=1745839296.3735818862915039062500 HTTP/1.1" 200 0 "-" "WordPress/6.8; https://arsn.media"
65.108.110.26 - - [28/Apr/2025:07:21:35 -0400] "GET /mlp/%EF%BB%BFhttp://52-sell.com/o4q/toyota-winnebago-warrior-interior.html HTTP/1.1" 301 0 "-" "Mozilla/5.0 (compatible; MJ12bot/v1.4.8; http://mj12bot.com/)"
192.95.29.138 - - [28/Apr/2025:07:21:35 -0400] "GET /mlp/%EF%BB%BFhttp://52-sell.com/o4q/pay-property-taxes-online-hidalgo-county.html HTTP/1.1" 301 0 "-" "Mozilla/5.0 (compatible; MJ12bot/v1.4.8; http://mj12bot.com/)"
66.29.132.124 - - [28/Apr/2025:07:21:37 -0400] "POST /wp-admin/admin-ajax.php?action=async_litespeed&nonce=EiQRk3eWxLJSv9bWUjKGzcjQjBcy9dbm&litespeed_type=imgoptm HTTP/1.1" 200 0 "-" "WordPress/6.8; https://arsn.media"
192.95.29.138 - - [28/Apr/2025:07:21:38 -0400] "GET /mlp/%EF%BB%BFhttp:/52-sell.com/o4q/pay-property-taxes-online-hidalgo-county.html HTTP/1.1" 404 39239 "-" "Mozilla/5.0 (compatible; MJ12bot/v1.4.8; http://mj12bot.com/)"
65.108.110.26 - - [28/Apr/2025:07:21:38 -0400] "GET /mlp/%EF%BB%BFhttp:/52-sell.com/o4q/toyota-winnebago-warrior-interior.html HTTP/1.1" 404 39188 "-" "Mozilla/5.0 (compatible; MJ12bot/v1.4.8; http://mj12bot.com/)"
192.95.29.138 - - [28/Apr/2025:07:21:42 -0400] "GET /mlp/%EF%BB%BFhttp://52-sell.com/o4q/pba-practice-centers.html HTTP/1.1" 301 0 "-" "Mozilla/5.0 (compatible; MJ12bot/v1.4.8; http://mj12bot.com/)"
65.108.110.26 - - [28/Apr/2025:07:21:42 -0400] "GET /mlp/%EF%BB%BFhttp://52-sell.com/o4q/tr3yway6k-hoover.html HTTP/1.1" 301 0 "-" "Mozilla/5.0 (compatible; MJ12bot/v1.4.8; http://mj12bot.com/)"
192.95.29.138 - - [28/Apr/2025:07:21:45 -0400] "GET /mlp/%EF%BB%BFhttp:/52-sell.com/o4q/pba-practice-centers.html HTTP/1.1" 404 39364 "-" "Mozilla/5.0 (compatible; MJ12bot/v1.4.8; http://mj12bot.com/)"
65.108.110.26 - - [28/Apr/2025:07:21:46 -0400] "GET /mlp/%EF%BB%BFhttp:/52-sell.com/o4q/tr3yway6k-hoover.html HTTP/1.1" 404 39295 "-" "Mozilla/5.0 (compatible; MJ12bot/v1.4.8; http://mj12bot.com/)"
66.29.132.124 - - [28/Apr/2025:07:21:52 -0400] "POST /wp-cron.php?doing_wp_cron=1745839311.4023060798645019531250 HTTP/1.1" 200 0 "-" "WordPress/6.8; https://arsn.media"
192.95.29.138 - - [28/Apr/2025:07:21:50 -0400] "GET /mlp/%EF%BB%BFhttp://52-sell.com/o4q/pcj-roster.html HTTP/1.1" 301 0 "-" "Mozilla/5.0 (compatible; MJ12bot/v1.4.8; http://mj12bot.com/)"
65.108.110.26 - - [28/Apr/2025:07:21:52 -0400] "GET /mlp/%EF%BB%BFhttp://52-sell.com/o4q/tractor-rake-for-sale-near-illinois.html HTTP/1.1" 301 0 "-" "Mozilla/5.0 (compatible; MJ12bot/v1.4.8; http://mj12bot.com/)"
192.95.29.138 - - [28/Apr/2025:07:21:54 -0400] "GET /mlp/%EF%BB%BFhttp:/52-sell.com/o4q/pcj-roster.html HTTP/1.1" 404 39271 "-" "Mozilla/5.0 (compatible; MJ12bot/v1.4.8; http://mj12bot.com/)"
65.108.110.26 - - [28/Apr/2025:07:21:56 -0400] "GET /mlp/%EF%BB%BFhttp:/52-sell.com/o4q/tractor-rake-for-sale-near-illinois.html HTTP/1.1" 404 39344 "-" "Mozilla/5.0 (compatible; MJ12bot/v1.4.8; http://mj12bot.com/)"
192.95.29.138 - - [28/Apr/2025:07:22:00 -0400] "GET /mlp/%EF%BB%BFhttp://52-sell.com/o4q/peace-raleigh-apartments.html HTTP/1.1" 301 0 "-" "Mozilla/5.0 (compatible; MJ12bot/v1.4.8; http://mj12bot.com/)"
65.108.110.26 - - [28/Apr/2025:07:22:02 -0400] "GET /mlp/%EF%BB%BFhttp://52-sell.com/o4q/tractor-runs-better-with-choke-on.html HTTP/1.1" 301 0 "-" "Mozilla/5.0 (compatible; MJ12bot/v1.4.8; http://mj12bot.com/)"
192.95.29.138 - - [28/Apr/2025:07:22:03 -0400] "GET /mlp/%EF%BB%BFhttp:/52-sell.com/o4q/peace-raleigh-apartments.html HTTP/1.1" 404 39273 "-" "Mozilla/5.0 (compatible; MJ12bot/v1.4.8; http://mj12bot.com/)"
20.171.207.19 - - [28/Apr/2025:07:22:06 -0400] "GET /wp-content/uploads/2020/09/ARSN-Final-Logos-scaled.jpg%202560w,%20https:/arsn.media/wp-content/uploads/2020/09/ARSN-Final-Logos-300x138.jpg%20300w,%20https:/arsn.media/wp-content/uploads/2020/09/ARSN-Final-Logos-1024x471.jpg%201024w,%20https:/arsn.media/ARSN-Final-Logos-768x353.jpg%20768w,%20https:/ARSN-Final-Logos-1536x706.jpg%201536w,%20https:/ARSN-Final-Logos-2048x942.jpg%202048w HTTP/1.1" 404 39352 "-" "Mozilla/5.0 AppleWebKit/537.36 (KHTML, like Gecko; compatible; GPTBot/1.2; +https://openai.com/gptbot)"
65.108.110.26 - - [28/Apr/2025:07:22:07 -0400] "GET /mlp/%EF%BB%BFhttp:/52-sell.com/o4q/tractor-runs-better-with-choke-on.html HTTP/1.1" 404 39241 "-" "Mozilla/5.0 (compatible; MJ12bot/v1.4.8; http://mj12bot.com/)"
20.171.207.19 - - [28/Apr/2025:07:22:09 -0400] "GET /wp-json/elementskit/v1/ HTTP/1.1" 404 114 "-" "Mozilla/5.0 AppleWebKit/537.36 (KHTML, like Gecko; compatible; GPTBot/1.2; +https://openai.com/gptbot)"
192.95.29.138 - - [28/Apr/2025:07:22:09 -0400] "GET /mlp/%EF%BB%BFhttp://52-sell.com/o4q/pediatric-emergency-medicine-physician-assistant-fellowship.html HTTP/1.1" 301 0 "-" "Mozilla/5.0 (compatible; MJ12bot/v1.4.8; http://mj12bot.com/)"
20.171.207.19 - - [28/Apr/2025:07:22:11 -0400] "GET /wp-content/themes/onum/css/design-test.css?ver=6.7.2 HTTP/1.1" 404 39402 "-" "Mozilla/5.0 AppleWebKit/537.36 (KHTML, like Gecko; compatible; GPTBot/1.2; +https://openai.com/gptbot)"
20.171.207.19 - - [28/Apr/2025:07:22:14 -0400] "GET /wp-content/uploads/2020/10/404.png%20707w,%20https:/arsn.media/wp-content/uploads/2020/10/404-300x110.png%20300w HTTP/1.1" 404 39244 "-" "Mozilla/5.0 AppleWebKit/537.36 (KHTML, like Gecko; compatible; GPTBot/1.2; +https://openai.com/gptbot)"
65.108.110.26 - - [28/Apr/2025:07:22:12 -0400] "GET /mlp/%EF%BB%BFhttp://52-sell.com/o4q/tractor-supply-panama.html HTTP/1.1" 301 0 "-" "Mozilla/5.0 (compatible; MJ12bot/v1.4.8; http://mj12bot.com/)"
192.95.29.138 - - [28/Apr/2025:07:22:12 -0400] "GET /mlp/%EF%BB%BFhttp:/52-sell.com/o4q/pediatric-emergency-medicine-physician-assistant-fellowship.html HTTP/1.1" 404 39254 "-" "Mozilla/5.0 (compatible; MJ12bot/v1.4.8; http://mj12bot.com/)"
20.171.207.19 - - [28/Apr/2025:07:22:18 -0400] "GET /wp-content/themes/onum/js/design-test.js HTTP/1.1" 404 39107 "-" "Mozilla/5.0 AppleWebKit/537.36 (KHTML, like Gecko; compatible; GPTBot/1.2; +https://openai.com/gptbot)"
192.95.29.138 - - [28/Apr/2025:07:22:18 -0400] "GET /mlp/%EF%BB%BFhttp://52-sell.com/o4q/penny-press-machine-branson-mo.html HTTP/1.1" 301 0 "-" "Mozilla/5.0 (compatible; MJ12bot/v1.4.8; http://mj12bot.com/)"
65.108.110.26 - - [28/Apr/2025:07:22:18 -0400] "GET /mlp/%EF%BB%BFhttp:/52-sell.com/o4q/tractor-supply-panama.html HTTP/1.1" 404 39337 "-" "Mozilla/5.0 (compatible; MJ12bot/v1.4.8; http://mj12bot.com/)"
192.95.29.138 - - [28/Apr/2025:07:22:23 -0400] "GET /mlp/%EF%BB%BFhttp:/52-sell.com/o4q/penny-press-machine-branson-mo.html HTTP/1.1" 404 39295 "-" "Mozilla/5.0 (compatible; MJ12bot/v1.4.8; http://mj12bot.com/)"
65.108.110.26 - - [28/Apr/2025:07:22:25 -0400] "GET /mlp/%EF%BB%BFhttp://52-sell.com/o4q/trading-course-mega.html HTTP/1.1" 301 0 "-" "Mozilla/5.0 (compatible; MJ12bot/v1.4.8; http://mj12bot.com/)"
192.95.29.138 - - [28/Apr/2025:07:22:27 -0400] "GET /mlp/%EF%BB%BFhttp://52-sell.com/o4q/penyata-gaji-mbpp.html HTTP/1.1" 301 0 "-" "Mozilla/5.0 (compatible; MJ12bot/v1.4.8; http://mj12bot.com/)"
65.108.110.26 - - [28/Apr/2025:07:22:30 -0400] "GET /mlp/%EF%BB%BFhttp:/52-sell.com/o4q/trading-course-mega.html HTTP/1.1" 404 39238 "-" "Mozilla/5.0 (compatible; MJ12bot/v1.4.8; http://mj12bot.com/)"
192.95.29.138 - - [28/Apr/2025:07:22:31 -0400] "GET /mlp/%EF%BB%BFhttp:/52-sell.com/o4q/penyata-gaji-mbpp.html HTTP/1.1" 404 39306 "-" "Mozilla/5.0 (compatible; MJ12bot/v1.4.8; http://mj12bot.com/)"
192.95.29.138 - - [28/Apr/2025:07:22:36 -0400] "GET /mlp/%EF%BB%BFhttp://52-sell.com/o4q/percentage-of-iphone-users-vs-android-2020.html HTTP/1.1" 301 0 "-" "Mozilla/5.0 (compatible; MJ12bot/v1.4.8; http://mj12bot.com/)"
66.29.132.124 - - [28/Apr/2025:07:22:37 -0400] "POST /wp-cron.php?doing_wp_cron=1745839357.1580049991607666015625 HTTP/1.1" 200 0 "-" "WordPress/6.8; https://arsn.media"
65.108.110.26 - - [28/Apr/2025:07:22:36 -0400] "GET /mlp/%EF%BB%BFhttp://52-sell.com/o4q/transmission-tailshaft-plug-harbor-freight.html HTTP/1.1" 301 0 "-" "Mozilla/5.0 (compatible; MJ12bot/v1.4.8; http://mj12bot.com/)"
66.29.132.124 - - [28/Apr/2025:07:22:38 -0400] "POST /wp-admin/admin-ajax.php?action=async_litespeed&nonce=LoZZAWaD6sLyAumQBU4SHEWdhnWQvuvg&litespeed_type=imgoptm HTTP/1.1" 200 0 "-" "WordPress/6.8; https://arsn.media"
192.95.29.138 - - [28/Apr/2025:07:22:39 -0400] "GET /mlp/%EF%BB%BFhttp:/52-sell.com/o4q/percentage-of-iphone-users-vs-android-2020.html HTTP/1.1" 404 39253 "-" "Mozilla/5.0 (compatible; MJ12bot/v1.4.8; http://mj12bot.com/)"
65.108.110.26 - - [28/Apr/2025:07:22:41 -0400] "GET /mlp/%EF%BB%BFhttp:/52-sell.com/o4q/transmission-tailshaft-plug-harbor-freight.html HTTP/1.1" 404 39252 "-" "Mozilla/5.0 (compatible; MJ12bot/v1.4.8; http://mj12bot.com/)"
192.95.29.138 - - [28/Apr/2025:07:22:42 -0400] "GET /mlp/%EF%BB%BFhttp://52-sell.com/o4q/perodua-kancil-engine-diagram.html HTTP/1.1" 301 0 "-" "Mozilla/5.0 (compatible; MJ12bot/v1.4.8; http://mj12bot.com/)"
65.108.110.26 - - [28/Apr/2025:07:22:44 -0400] "GET /mlp/%EF%BB%BFhttp://52-sell.com/o4q/transworld-business-advisors-west-palm-beach.html HTTP/1.1" 301 0 "-" "Mozilla/5.0 (compatible; MJ12bot/v1.4.8; http://mj12bot.com/)"
192.95.29.138 - - [28/Apr/2025:07:22:45 -0400] "GET /mlp/%EF%BB%BFhttp:/52-sell.com/o4q/perodua-kancil-engine-diagram.html HTTP/1.1" 404 39306 "-" "Mozilla/5.0 (compatible; MJ12bot/v1.4.8; http://mj12bot.com/)"
192.95.29.138 - - [28/Apr/2025:07:22:48 -0400] "GET /mlp/%EF%BB%BFhttp://52-sell.com/o4q/personal-loan-aeon-ok-ke.html HTTP/1.1" 301 0 "-" "Mozilla/5.0 (compatible; MJ12bot/v1.4.8; http://mj12bot.com/)"
65.108.110.26 - - [28/Apr/2025:07:22:48 -0400] "GET /mlp/%EF%BB%BFhttp:/52-sell.com/o4q/transworld-business-advisors-west-palm-beach.html HTTP/1.1" 404 39404 "-" "Mozilla/5.0 (compatible; MJ12bot/v1.4.8; http://mj12bot.com/)"
66.29.132.124 - - [28/Apr/2025:07:22:53 -0400] "POST /wp-cron.php?doing_wp_cron=1745839372.7101678848266601562500 HTTP/1.1" 200 0 "-" "WordPress/6.8; https://arsn.media"
65.108.110.26 - - [28/Apr/2025:07:22:53 -0400] "GET /mlp/%EF%BB%BFhttp://52-sell.com/o4q/transworld-minnesota.html HTTP/1.1" 301 0 "-" "Mozilla/5.0 (compatible; MJ12bot/v1.4.8; http://mj12bot.com/)"
192.95.29.138 - - [28/Apr/2025:07:22:51 -0400] "GET /mlp/%EF%BB%BFhttp:/52-sell.com/o4q/personal-loan-aeon-ok-ke.html HTTP/1.1" 404 39270 "-" "Mozilla/5.0 (compatible; MJ12bot/v1.4.8; http://mj12bot.com/)"
192.95.29.138 - - [28/Apr/2025:07:22:56 -0400] "GET /mlp/%EF%BB%BFhttp://52-sell.com/o4q/personality-and-intelligence-pdf.html HTTP/1.1" 301 0 "-" "Mozilla/5.0 (compatible; MJ12bot/v1.4.8; http://mj12bot.com/)"
65.108.110.26 - - [28/Apr/2025:07:22:57 -0400] "GET /mlp/%EF%BB%BFhttp:/52-sell.com/o4q/transworld-minnesota.html HTTP/1.1" 404 39362 "-" "Mozilla/5.0 (compatible; MJ12bot/v1.4.8; http://mj12bot.com/)"
192.95.29.138 - - [28/Apr/2025:07:22:59 -0400] "GET /mlp/%EF%BB%BFhttp:/52-sell.com/o4q/personality-and-intelligence-pdf.html HTTP/1.1" 404 39173 "-" "Mozilla/5.0 (compatible; MJ12bot/v1.4.8; http://mj12bot.com/)"
65.108.110.26 - - [28/Apr/2025:07:23:03 -0400] "GET /mlp/%EF%BB%BFhttp://52-sell.com/o4q/traveller-b1-audio-download.html HTTP/1.1" 301 0 "-" "Mozilla/5.0 (compatible; MJ12bot/v1.4.8; http://mj12bot.com/)"
192.95.29.138 - - [28/Apr/2025:07:23:03 -0400] "GET /mlp/%EF%BB%BFhttp://52-sell.com/o4q/pes-14-android-offline-download.html HTTP/1.1" 301 0 "-" "Mozilla/5.0 (compatible; MJ12bot/v1.4.8; http://mj12bot.com/)"
192.95.29.138 - - [28/Apr/2025:07:23:07 -0400] "GET /mlp/%EF%BB%BFhttp:/52-sell.com/o4q/pes-14-android-offline-download.html HTTP/1.1" 404 39191 "-" "Mozilla/5.0 (compatible; MJ12bot/v1.4.8; http://mj12bot.com/)"
65.108.110.26 - - [28/Apr/2025:07:23:08 -0400] "GET /mlp/%EF%BB%BFhttp:/52-sell.com/o4q/traveller-b1-audio-download.html HTTP/1.1" 404 39183 "-" "Mozilla/5.0 (compatible; MJ12bot/v1.4.8; http://mj12bot.com/)"
192.95.29.138 - - [28/Apr/2025:07:23:13 -0400] "GET /mlp/%EF%BB%BFhttp://52-sell.com/o4q/pes-2015-apk-download-apkpure.html HTTP/1.1" 301 0 "-" "Mozilla/5.0 (compatible; MJ12bot/v1.4.8; http://mj12bot.com/)"
65.108.110.26 - - [28/Apr/2025:07:23:14 -0400] "GET /mlp/%EF%BB%BFhttp://52-sell.com/o4q/tree-law-comic.html HTTP/1.1" 301 0 "-" "Mozilla/5.0 (compatible; MJ12bot/v1.4.8; http://mj12bot.com/)"
192.95.29.138 - - [28/Apr/2025:07:23:16 -0400] "GET /mlp/%EF%BB%BFhttp:/52-sell.com/o4q/pes-2015-apk-download-apkpure.html HTTP/1.1" 404 39305 "-" "Mozilla/5.0 (compatible; MJ12bot/v1.4.8; http://mj12bot.com/)"
65.108.110.26 - - [28/Apr/2025:07:23:18 -0400] "GET /mlp/%EF%BB%BFhttp:/52-sell.com/o4q/tree-law-comic.html HTTP/1.1" 404 39182 "-" "Mozilla/5.0 (compatible; MJ12bot/v1.4.8; http://mj12bot.com/)"
192.95.29.138 - - [28/Apr/2025:07:23:20 -0400] "GET /mlp/%EF%BB%BFhttp://52-sell.com/o4q/pes-2015-download-uptodown.html HTTP/1.1" 301 0 "-" "Mozilla/5.0 (compatible; MJ12bot/v1.4.8; http://mj12bot.com/)"
65.108.110.26 - - [28/Apr/2025:07:23:23 -0400] "GET /mlp/%EF%BB%BFhttp://52-sell.com/o4q/truck-camper-for-sale-tennessee.html HTTP/1.1" 301 0 "-" "Mozilla/5.0 (compatible; MJ12bot/v1.4.8; http://mj12bot.com/)"
192.95.29.138 - - [28/Apr/2025:07:23:23 -0400] "GET /mlp/%EF%BB%BFhttp:/52-sell.com/o4q/pes-2015-download-uptodown.html HTTP/1.1" 404 39388 "-" "Mozilla/5.0 (compatible; MJ12bot/v1.4.8; http://mj12bot.com/)"
192.95.29.138 - - [28/Apr/2025:07:23:27 -0400] "GET /mlp/%EF%BB%BFhttp://52-sell.com/o4q/pet-adoption-houston.html HTTP/1.1" 301 0 "-" "Mozilla/5.0 (compatible; MJ12bot/v1.4.8; http://mj12bot.com/)"
65.108.110.26 - - [28/Apr/2025:07:23:27 -0400] "GET /mlp/%EF%BB%BFhttp:/52-sell.com/o4q/truck-camper-for-sale-tennessee.html HTTP/1.1" 404 39187 "-" "Mozilla/5.0 (compatible; MJ12bot/v1.4.8; http://mj12bot.com/)"
192.95.29.138 - - [28/Apr/2025:07:23:30 -0400] "GET /mlp/%EF%BB%BFhttp:/52-sell.com/o4q/pet-adoption-houston.html HTTP/1.1" 404 39279 "-" "Mozilla/5.0 (compatible; MJ12bot/v1.4.8; http://mj12bot.com/)"
66.29.132.124 - - [28/Apr/2025:07:23:34 -0400] "POST /wp-cron.php?doing_wp_cron=1745839414.5269279479980468750000 HTTP/1.1" 200 0 "-" "WordPress/6.8; https://arsn.media"
65.108.110.26 - - [28/Apr/2025:07:23:33 -0400] "GET /mlp/%EF%BB%BFhttp://52-sell.com/o4q/truenas-vm-audio.html HTTP/1.1" 301 0 "-" "Mozilla/5.0 (compatible; MJ12bot/v1.4.8; http://mj12bot.com/)"
66.29.132.124 - - [28/Apr/2025:07:23:35 -0400] "POST /wp-admin/admin-ajax.php?action=async_litespeed&nonce=mtqqxruScrdsc1O62CGsuG6ReWKVhWMg&litespeed_type=imgoptm HTTP/1.1" 200 0 "-" "WordPress/6.8; https://arsn.media"
192.95.29.138 - - [28/Apr/2025:07:23:36 -0400] "GET /mlp/%EF%BB%BFhttp://52-sell.com/o4q/pet-sim-x-script-2022-pastebin.html HTTP/1.1" 301 0 "-" "Mozilla/5.0 (compatible; MJ12bot/v1.4.8; http://mj12bot.com/)"
65.108.110.26 - - [28/Apr/2025:07:23:37 -0400] "GET /mlp/%EF%BB%BFhttp:/52-sell.com/o4q/truenas-vm-audio.html HTTP/1.1" 404 39292 "-" "Mozilla/5.0 (compatible; MJ12bot/v1.4.8; http://mj12bot.com/)"
192.95.29.138 - - [28/Apr/2025:07:23:38 -0400] "GET /mlp/%EF%BB%BFhttp:/52-sell.com/o4q/pet-sim-x-script-2022-pastebin.html HTTP/1.1" 404 39242 "-" "Mozilla/5.0 (compatible; MJ12bot/v1.4.8; http://mj12bot.com/)"
20.171.207.19 - - [28/Apr/2025:07:23:41 -0400] "GET /eycm6w/amatuers-porn-video.html HTTP/1.1" 404 18553 "-" "Mozilla/5.0 AppleWebKit/537.36 (KHTML, like Gecko; compatible; GPTBot/1.2; +https://openai.com/gptbot)"
65.108.110.26 - - [28/Apr/2025:07:23:43 -0400] "GET /mlp/%EF%BB%BFhttp://52-sell.com/o4q/tsukasa-osu-skin.html HTTP/1.1" 301 0 "-" "Mozilla/5.0 (compatible; MJ12bot/v1.4.8; http://mj12bot.com/)"
192.95.29.138 - - [28/Apr/2025:07:23:43 -0400] "GET /mlp/%EF%BB%BFhttp://52-sell.com/o4q/peta-animal-testing.html HTTP/1.1" 301 0 "-" "Mozilla/5.0 (compatible; MJ12bot/v1.4.8; http://mj12bot.com/)"
65.108.110.26 - - [28/Apr/2025:07:23:46 -0400] "GET /mlp/%EF%BB%BFhttp:/52-sell.com/o4q/tsukasa-osu-skin.html HTTP/1.1" 404 39293 "-" "Mozilla/5.0 (compatible; MJ12bot/v1.4.8; http://mj12bot.com/)"
192.95.29.138 - - [28/Apr/2025:07:23:46 -0400] "GET /mlp/%EF%BB%BFhttp:/52-sell.com/o4q/peta-animal-testing.html HTTP/1.1" 404 39288 "-" "Mozilla/5.0 (compatible; MJ12bot/v1.4.8; http://mj12bot.com/)"
192.95.29.138 - - [28/Apr/2025:07:23:50 -0400] "GET /mlp/%EF%BB%BFhttp://52-sell.com/o4q/peter-parker-is-one-of-the-infinity-stones-fanfiction-wattpad.html HTTP/1.1" 301 0 "-" "Mozilla/5.0 (compatible; MJ12bot/v1.4.8; http://mj12bot.com/)"
66.29.132.124 - - [28/Apr/2025:07:23:51 -0400] "POST /wp-cron.php?doing_wp_cron=1745839431.2304909229278564453125 HTTP/1.1" 200 0 "-" "WordPress/6.8; https://arsn.media"
65.108.110.26 - - [28/Apr/2025:07:23:50 -0400] "GET /mlp/%EF%BB%BFhttp://52-sell.com/o4q/tube-in-tube-condenser.html HTTP/1.1" 301 0 "-" "Mozilla/5.0 (compatible; MJ12bot/v1.4.8; http://mj12bot.com/)"
192.95.29.138 - - [28/Apr/2025:07:23:53 -0400] "GET /mlp/%EF%BB%BFhttp:/52-sell.com/o4q/peter-parker-is-one-of-the-infinity-stones-fanfiction-wattpad.html HTTP/1.1" 404 39320 "-" "Mozilla/5.0 (compatible; MJ12bot/v1.4.8; http://mj12bot.com/)"
65.108.110.26 - - [28/Apr/2025:07:23:53 -0400] "GET /mlp/%EF%BB%BFhttp:/52-sell.com/o4q/tube-in-tube-condenser.html HTTP/1.1" 404 39341 "-" "Mozilla/5.0 (compatible; MJ12bot/v1.4.8; http://mj12bot.com/)"
192.95.29.138 - - [28/Apr/2025:07:23:55 -0400] "GET /mlp/%EF%BB%BFhttp://52-sell.com/o4q/peterbilt-386-fuse-panel-location.html HTTP/1.1" 301 0 "-" "Mozilla/5.0 (compatible; MJ12bot/v1.4.8; http://mj12bot.com/)"
65.108.110.26 - - [28/Apr/2025:07:23:58 -0400] "GET /mlp/%EF%BB%BFhttp://52-sell.com/o4q/tulare-crime-log.html HTTP/1.1" 301 0 "-" "Mozilla/5.0 (compatible; MJ12bot/v1.4.8; http://mj12bot.com/)"
192.95.29.138 - - [28/Apr/2025:07:23:59 -0400] "GET /mlp/%EF%BB%BFhttp:/52-sell.com/o4q/peterbilt-386-fuse-panel-location.html HTTP/1.1" 404 39185 "-" "Mozilla/5.0 (compatible; MJ12bot/v1.4.8; http://mj12bot.com/)"
65.108.110.26 - - [28/Apr/2025:07:24:01 -0400] "GET /mlp/%EF%BB%BFhttp:/52-sell.com/o4q/tulare-crime-log.html HTTP/1.1" 404 39240 "-" "Mozilla/5.0 (compatible; MJ12bot/v1.4.8; http://mj12bot.com/)"
192.95.29.138 - - [28/Apr/2025:07:24:05 -0400] "GET /mlp/%EF%BB%BFhttp://52-sell.com/o4q/peterbilt-starter-solenoid.html HTTP/1.1" 301 0 "-" "Mozilla/5.0 (compatible; MJ12bot/v1.4.8; http://mj12bot.com/)"
65.108.110.26 - - [28/Apr/2025:07:24:07 -0400] "GET /mlp/%EF%BB%BFhttp://52-sell.com/o4q/turbanli-got-deligi-ev-kadini-gizli-sikis.html HTTP/1.1" 301 0 "-" "Mozilla/5.0 (compatible; MJ12bot/v1.4.8; http://mj12bot.com/)"
192.95.29.138 - - [28/Apr/2025:07:24:08 -0400] "GET /mlp/%EF%BB%BFhttp:/52-sell.com/o4q/peterbilt-starter-solenoid.html HTTP/1.1" 404 39336 "-" "Mozilla/5.0 (compatible; MJ12bot/v1.4.8; http://mj12bot.com/)"
65.108.110.26 - - [28/Apr/2025:07:24:11 -0400] "GET /mlp/%EF%BB%BFhttp:/52-sell.com/o4q/turbanli-got-deligi-ev-kadini-gizli-sikis.html HTTP/1.1" 404 39323 "-" "Mozilla/5.0 (compatible; MJ12bot/v1.4.8; http://mj12bot.com/)"
192.95.29.138 - - [28/Apr/2025:07:24:13 -0400] "GET /mlp/%EF%BB%BFhttp://52-sell.com/o4q/petrol-and-diesel-chemical-formula.html HTTP/1.1" 301 0 "-" "Mozilla/5.0 (compatible; MJ12bot/v1.4.8; http://mj12bot.com/)"
65.108.110.26 - - [28/Apr/2025:07:24:16 -0400] "GET /mlp/%EF%BB%BFhttp://52-sell.com/o4q/turbotax-prepaid-card-customer-service-real-person.html HTTP/1.1" 301 0 "-" "Mozilla/5.0 (compatible; MJ12bot/v1.4.8; http://mj12bot.com/)"
192.95.29.138 - - [28/Apr/2025:07:24:16 -0400] "GET /mlp/%EF%BB%BFhttp:/52-sell.com/o4q/petrol-and-diesel-chemical-formula.html HTTP/1.1" 404 39244 "-" "Mozilla/5.0 (compatible; MJ12bot/v1.4.8; http://mj12bot.com/)"
65.108.110.26 - - [28/Apr/2025:07:24:20 -0400] "GET /mlp/%EF%BB%BFhttp:/52-sell.com/o4q/turbotax-prepaid-card-customer-service-real-person.html HTTP/1.1" 404 39504 "-" "Mozilla/5.0 (compatible; MJ12bot/v1.4.8; http://mj12bot.com/)"
192.95.29.138 - - [28/Apr/2025:07:24:22 -0400] "GET /mlp/%EF%BB%BFhttp://52-sell.com/o4q/pha-income-limits.html HTTP/1.1" 301 0 "-" "Mozilla/5.0 (compatible; MJ12bot/v1.4.8; http://mj12bot.com/)"
65.108.110.26 - - [28/Apr/2025:07:24:26 -0400] "GET /mlp/%EF%BB%BFhttp://52-sell.com/o4q/turlock-police-log.html HTTP/1.1" 301 0 "-" "Mozilla/5.0 (compatible; MJ12bot/v1.4.8; http://mj12bot.com/)"
192.95.29.138 - - [28/Apr/2025:07:24:26 -0400] "GET /mlp/%EF%BB%BFhttp:/52-sell.com/o4q/pha-income-limits.html HTTP/1.1" 404 39237 "-" "Mozilla/5.0 (compatible; MJ12bot/v1.4.8; http://mj12bot.com/)"
20.171.207.19 - - [28/Apr/2025:07:24:33 -0400] "GET /wp-content/themes/onum/css/design-test.css?ver=6.7.2 HTTP/1.1" 404 39402 "-" "Mozilla/5.0 AppleWebKit/537.36 (KHTML, like Gecko; compatible; GPTBot/1.2; +https://openai.com/gptbot)"
65.108.110.26 - - [28/Apr/2025:07:24:31 -0400] "GET /mlp/%EF%BB%BFhttp:/52-sell.com/o4q/turlock-police-log.html HTTP/1.1" 404 39250 "-" "Mozilla/5.0 (compatible; MJ12bot/v1.4.8; http://mj12bot.com/)"
20.171.207.19 - - [28/Apr/2025:07:24:35 -0400] "GET /wp-content/uploads/2020/10/404.png%20707w,%20https:/arsn.media/wp-content/uploads/2020/10/404-300x110.png%20300w HTTP/1.1" 404 39244 "-" "Mozilla/5.0 AppleWebKit/537.36 (KHTML, like Gecko; compatible; GPTBot/1.2; +https://openai.com/gptbot)"
66.29.132.124 - - [28/Apr/2025:07:24:35 -0400] "POST /wp-cron.php?doing_wp_cron=1745839474.8794939517974853515625 HTTP/1.1" 200 0 "-" "WordPress/6.8; https://arsn.media"
192.95.29.138 - - [28/Apr/2025:07:24:32 -0400] "GET /mlp/%EF%BB%BFhttp://52-sell.com/o4q/phrases-to-invite-someone.html HTTP/1.1" 301 0 "-" "Mozilla/5.0 (compatible; MJ12bot/v1.4.8; http://mj12bot.com/)"
20.171.207.19 - - [28/Apr/2025:07:24:37 -0400] "GET /wp-content/themes/onum/js/design-test.js HTTP/1.1" 404 39107 "-" "Mozilla/5.0 AppleWebKit/537.36 (KHTML, like Gecko; compatible; GPTBot/1.2; +https://openai.com/gptbot)"
66.29.132.124 - - [28/Apr/2025:07:24:37 -0400] "POST /wp-admin/admin-ajax.php?action=async_litespeed&nonce=fIUNZcz3QV9cyfutS8ZA0LZihupsYcJU&litespeed_type=imgoptm HTTP/1.1" 200 0 "-" "WordPress/6.8; https://arsn.media"
65.108.110.26 - - [28/Apr/2025:07:24:37 -0400] "GET /mlp/%EF%BB%BFhttp://52-sell.com/o4q/tuya-local-hacs.html HTTP/1.1" 301 0 "-" "Mozilla/5.0 (compatible; MJ12bot/v1.4.8; http://mj12bot.com/)"
20.171.207.19 - - [28/Apr/2025:07:24:40 -0400] "GET /wp-json/elementskit/v1/ HTTP/1.1" 404 114 "-" "Mozilla/5.0 AppleWebKit/537.36 (KHTML, like Gecko; compatible; GPTBot/1.2; +https://openai.com/gptbot)"
192.95.29.138 - - [28/Apr/2025:07:24:39 -0400] "GET /mlp/%EF%BB%BFhttp:/52-sell.com/o4q/phrases-to-invite-someone.html HTTP/1.1" 404 39262 "-" "Mozilla/5.0 (compatible; MJ12bot/v1.4.8; http://mj12bot.com/)"
20.171.207.19 - - [28/Apr/2025:07:24:43 -0400] "GET /wp-content/uploads/2020/09/ARSN-Final-Logos-scaled.jpg%202560w,%20https:/arsn.media/wp-content/uploads/2020/09/ARSN-Final-Logos-300x138.jpg%20300w,%20https:/arsn.media/wp-content/uploads/2020/09/ARSN-Final-Logos-1024x471.jpg%201024w,%20https:/arsn.media/ARSN-Final-Logos-768x353.jpg%20768w,%20https:/ARSN-Final-Logos-1536x706.jpg%201536w,%20https:/ARSN-Final-Logos-2048x942.jpg%202048w HTTP/1.1" 404 39352 "-" "Mozilla/5.0 AppleWebKit/537.36 (KHTML, like Gecko; compatible; GPTBot/1.2; +https://openai.com/gptbot)"
65.108.110.26 - - [28/Apr/2025:07:24:42 -0400] "GET /mlp/%EF%BB%BFhttp:/52-sell.com/o4q/tuya-local-hacs.html HTTP/1.1" 404 39373 "-" "Mozilla/5.0 (compatible; MJ12bot/v1.4.8; http://mj12bot.com/)"
192.95.29.138 - - [28/Apr/2025:07:24:44 -0400] "GET /mlp/%EF%BB%BFhttp://52-sell.com/o4q/pickles-auctions-melbourne-catalogue.html HTTP/1.1" 301 0 "-" "Mozilla/5.0 (compatible; MJ12bot/v1.4.8; http://mj12bot.com/)"
65.108.110.26 - - [28/Apr/2025:07:24:47 -0400] "GET /mlp/%EF%BB%BFhttp://52-sell.com/o4q/twilight-fanfiction-bella-is-changed-by-carlisle.html HTTP/1.1" 301 0 "-" "Mozilla/5.0 (compatible; MJ12bot/v1.4.8; http://mj12bot.com/)"
192.95.29.138 - - [28/Apr/2025:07:24:46 -0400] "GET /mlp/%EF%BB%BFhttp:/52-sell.com/o4q/pickles-auctions-melbourne-catalogue.html HTTP/1.1" 404 39245 "-" "Mozilla/5.0 (compatible; MJ12bot/v1.4.8; http://mj12bot.com/)"
66.29.132.124 - - [28/Apr/2025:07:24:54 -0400] "POST /wp-cron.php?doing_wp_cron=1745839493.7277059555053710937500 HTTP/1.1" 200 0 "-" "WordPress/6.8; https://arsn.media"
192.95.29.138 - - [28/Apr/2025:07:24:52 -0400] "GET /mlp/%EF%BB%BFhttp://52-sell.com/o4q/pickles-belmore-fixed-price-cars.html HTTP/1.1" 301 0 "-" "Mozilla/5.0 (compatible; MJ12bot/v1.4.8; http://mj12bot.com/)"
65.108.110.26 - - [28/Apr/2025:07:24:53 -0400] "GET /mlp/%EF%BB%BFhttp:/52-sell.com/o4q/twilight-fanfiction-bella-is-changed-by-carlisle.html HTTP/1.1" 404 39295 "-" "Mozilla/5.0 (compatible; MJ12bot/v1.4.8; http://mj12bot.com/)"
192.95.29.138 - - [28/Apr/2025:07:24:56 -0400] "GET /mlp/%EF%BB%BFhttp:/52-sell.com/o4q/pickles-belmore-fixed-price-cars.html HTTP/1.1" 404 39124 "-" "Mozilla/5.0 (compatible; MJ12bot/v1.4.8; http://mj12bot.com/)"
65.108.110.26 - - [28/Apr/2025:07:24:59 -0400] "GET /mlp/%EF%BB%BFhttp://52-sell.com/o4q/twin-bagger-for-42-in-tractor.html HTTP/1.1" 301 0 "-" "Mozilla/5.0 (compatible; MJ12bot/v1.4.8; http://mj12bot.com/)"
192.95.29.138 - - [28/Apr/2025:07:25:01 -0400] "GET /mlp/%EF%BB%BFhttp://52-sell.com/o4q/picture-in-picture-xfinity-2020.html HTTP/1.1" 301 0 "-" "Mozilla/5.0 (compatible; MJ12bot/v1.4.8; http://mj12bot.com/)"
65.108.110.26 - - [28/Apr/2025:07:25:04 -0400] "GET /mlp/%EF%BB%BFhttp:/52-sell.com/o4q/twin-bagger-for-42-in-tractor.html HTTP/1.1" 404 39242 "-" "Mozilla/5.0 (compatible; MJ12bot/v1.4.8; http://mj12bot.com/)"
192.95.29.138 - - [28/Apr/2025:07:25:06 -0400] "GET /mlp/%EF%BB%BFhttp:/52-sell.com/o4q/picture-in-picture-xfinity-2020.html HTTP/1.1" 404 39186 "-" "Mozilla/5.0 (compatible; MJ12bot/v1.4.8; http://mj12bot.com/)"
65.108.110.26 - - [28/Apr/2025:07:25:10 -0400] "GET /mlp/%EF%BB%BFhttp://52-sell.com/o4q/twitter-api-python.html HTTP/1.1" 301 0 "-" "Mozilla/5.0 (compatible; MJ12bot/v1.4.8; http://mj12bot.com/)"
192.95.29.138 - - [28/Apr/2025:07:25:12 -0400] "GET /mlp/%EF%BB%BFhttp://52-sell.com/o4q/pictures-of-prestonplayz.html HTTP/1.1" 301 0 "-" "Mozilla/5.0 (compatible; MJ12bot/v1.4.8; http://mj12bot.com/)"
192.95.29.138 - - [28/Apr/2025:07:25:15 -0400] "GET /mlp/%EF%BB%BFhttp:/52-sell.com/o4q/pictures-of-prestonplayz.html HTTP/1.1" 404 39279 "-" "Mozilla/5.0 (compatible; MJ12bot/v1.4.8; http://mj12bot.com/)"
65.108.110.26 - - [28/Apr/2025:07:25:15 -0400] "GET /mlp/%EF%BB%BFhttp:/52-sell.com/o4q/twitter-api-python.html HTTP/1.1" 404 39249 "-" "Mozilla/5.0 (compatible; MJ12bot/v1.4.8; http://mj12bot.com/)"
192.95.29.138 - - [28/Apr/2025:07:25:20 -0400] "GET /mlp/%EF%BB%BFhttp://52-sell.com/o4q/pigeon-forge-cabins-for-sale-foreclosures.html HTTP/1.1" 301 0 "-" "Mozilla/5.0 (compatible; MJ12bot/v1.4.8; http://mj12bot.com/)"
65.108.110.26 - - [28/Apr/2025:07:25:21 -0400] "GET /mlp/%EF%BB%BFhttp://52-sell.com/o4q/two-bedroom-house-for-rent-in-hayes.html HTTP/1.1" 301 0 "-" "Mozilla/5.0 (compatible; MJ12bot/v1.4.8; http://mj12bot.com/)"
192.95.29.138 - - [28/Apr/2025:07:25:23 -0400] "GET /mlp/%EF%BB%BFhttp:/52-sell.com/o4q/pigeon-forge-cabins-for-sale-foreclosures.html HTTP/1.1" 404 39324 "-" "Mozilla/5.0 (compatible; MJ12bot/v1.4.8; http://mj12bot.com/)"
65.108.110.26 - - [28/Apr/2025:07:25:25 -0400] "GET /mlp/%EF%BB%BFhttp:/52-sell.com/o4q/two-bedroom-house-for-rent-in-hayes.html HTTP/1.1" 404 39342 "-" "Mozilla/5.0 (compatible; MJ12bot/v1.4.8; http://mj12bot.com/)"
20.171.207.19 - - [28/Apr/2025:07:25:27 -0400] "GET /wp-admin/comment.php?action=trash&c=605 HTTP/1.1" 302 0 "-" "Mozilla/5.0 AppleWebKit/537.36 (KHTML, like Gecko; compatible; GPTBot/1.2; +https://openai.com/gptbot)"
192.95.29.138 - - [28/Apr/2025:07:25:28 -0400] "GET /mlp/%EF%BB%BFhttp://52-sell.com/o4q/pineapple-ea.html HTTP/1.1" 301 0 "-" "Mozilla/5.0 (compatible; MJ12bot/v1.4.8; http://mj12bot.com/)"
65.108.110.26 - - [28/Apr/2025:07:25:30 -0400] "GET /mlp/%EF%BB%BFhttp://52-sell.com/o4q/two-players-are-playing-a-game-where-white-or-black-pieces-are-represented-by-a-string.html HTTP/1.1" 301 0 "-" "Mozilla/5.0 (compatible; MJ12bot/v1.4.8; http://mj12bot.com/)"
20.171.207.19 - - [28/Apr/2025:07:25:30 -0400] "GET /wp-admin/comment.php?action=spam&c=605 HTTP/1.1" 302 0 "-" "Mozilla/5.0 AppleWebKit/537.36 (KHTML, like Gecko; compatible; GPTBot/1.2; +https://openai.com/gptbot)"
192.95.29.138 - - [28/Apr/2025:07:25:31 -0400] "GET /mlp/%EF%BB%BFhttp:/52-sell.com/o4q/pineapple-ea.html HTTP/1.1" 404 39415 "-" "Mozilla/5.0 (compatible; MJ12bot/v1.4.8; http://mj12bot.com/)"
66.29.132.124 - - [28/Apr/2025:07:25:34 -0400] "POST /wp-cron.php?doing_wp_cron=1745839534.3119590282440185546875 HTTP/1.1" 200 0 "-" "WordPress/6.8; https://arsn.media"
20.171.207.19 - - [28/Apr/2025:07:25:33 -0400] "GET /2025/01/23/how-to-leverage-google-my-business-for-better-local-seo-in-pest-control/ HTTP/1.1" 301 0 "-" "Mozilla/5.0 AppleWebKit/537.36 (KHTML, like Gecko; compatible; GPTBot/1.2; +https://openai.com/gptbot)"
65.108.110.26 - - [28/Apr/2025:07:25:33 -0400] "GET /mlp/%EF%BB%BFhttp:/52-sell.com/o4q/two-players-are-playing-a-game-where-white-or-black-pieces-are-represented-by-a-string.html HTTP/1.1" 404 39382 "-" "Mozilla/5.0 (compatible; MJ12bot/v1.4.8; http://mj12bot.com/)"
66.29.132.124 - - [28/Apr/2025:07:25:37 -0400] "POST /wp-admin/admin-ajax.php?action=async_litespeed&nonce=ZkjzyRzCZDtR8wnYYTikhckNgZIenngH&litespeed_type=imgoptm HTTP/1.1" 200 0 "-" "WordPress/6.8; https://arsn.media"
20.171.207.19 - - [28/Apr/2025:07:25:36 -0400] "GET /wp-admin/comment.php?action=approve&c=605 HTTP/1.1" 302 0 "-" "Mozilla/5.0 AppleWebKit/537.36 (KHTML, like Gecko; compatible; GPTBot/1.2; +https://openai.com/gptbot)"
192.95.29.138 - - [28/Apr/2025:07:25:36 -0400] "GET /mlp/%EF%BB%BFhttp://52-sell.com/o4q/pioneer-electric-cooperative-ohio.html HTTP/1.1" 301 0 "-" "Mozilla/5.0 (compatible; MJ12bot/v1.4.8; http://mj12bot.com/)"
20.171.207.19 - - [28/Apr/2025:07:25:38 -0400] "GET /wp-login.php?reauth=1&redirect_to=https%3A%2F%2Farsn.media%2Fwp-admin%2Fcomment.php%3Faction%3Dtrash%26c%3D605 HTTP/1.1" 200 1897 "-" "Mozilla/5.0 AppleWebKit/537.36 (KHTML, like Gecko; compatible; GPTBot/1.2; +https://openai.com/gptbot)"
65.108.110.26 - - [28/Apr/2025:07:25:38 -0400] "GET /mlp/%EF%BB%BFhttp://52-sell.com/o4q/tyco-crimping-tool.html HTTP/1.1" 301 0 "-" "Mozilla/5.0 (compatible; MJ12bot/v1.4.8; http://mj12bot.com/)"
20.171.207.19 - - [28/Apr/2025:07:25:40 -0400] "GET /wp-login.php?reauth=1&redirect_to=https%3A%2F%2Farsn.media%2Fwp-admin%2Fcomment.php%3Faction%3Dspam%26c%3D605 HTTP/1.1" 200 1894 "-" "Mozilla/5.0 AppleWebKit/537.36 (KHTML, like Gecko; compatible; GPTBot/1.2; +https://openai.com/gptbot)"
192.95.29.138 - - [28/Apr/2025:07:25:39 -0400] "GET /mlp/%EF%BB%BFhttp:/52-sell.com/o4q/pioneer-electric-cooperative-ohio.html HTTP/1.1" 404 39249 "-" "Mozilla/5.0 (compatible; MJ12bot/v1.4.8; http://mj12bot.com/)"
20.171.207.19 - - [28/Apr/2025:07:25:43 -0400] "GET /wp-content/uploads/2020/09/ARSN-Final-Logos-scaled.jpg%202560w,%20https:/arsn.media/wp-content/uploads/2020/09/ARSN-Final-Logos-300x138.jpg%20300w,%20https:/arsn.media/wp-content/uploads/2020/09/ARSN-Final-Logos-1024x471.jpg%201024w,%20https:/arsn.media/ARSN-Final-Logos-768x353.jpg%20768w,%20https:/ARSN-Final-Logos-1536x706.jpg%201536w,%20https:/ARSN-Final-Logos-2048x942.jpg%202048w HTTP/1.1" 404 39352 "-" "Mozilla/5.0 AppleWebKit/537.36 (KHTML, like Gecko; compatible; GPTBot/1.2; +https://openai.com/gptbot)"
192.95.29.138 - - [28/Apr/2025:07:25:43 -0400] "GET /mlp/%EF%BB%BFhttp://52-sell.com/o4q/piston-cooling-oil-pressure-critically-low-mack.html HTTP/1.1" 301 0 "-" "Mozilla/5.0 (compatible; MJ12bot/v1.4.8; http://mj12bot.com/)"
20.171.207.19 - - [28/Apr/2025:07:25:45 -0400] "GET /wp-content/themes/onum/css/design-test.css?ver=6.7.2 HTTP/1.1" 404 39402 "-" "Mozilla/5.0 AppleWebKit/537.36 (KHTML, like Gecko; compatible; GPTBot/1.2; +https://openai.com/gptbot)"
65.108.110.26 - - [28/Apr/2025:07:25:43 -0400] "GET /mlp/%EF%BB%BFhttp:/52-sell.com/o4q/tyco-crimping-tool.html HTTP/1.1" 404 39198 "-" "Mozilla/5.0 (compatible; MJ12bot/v1.4.8; http://mj12bot.com/)"
20.171.207.19 - - [28/Apr/2025:07:25:48 -0400] "GET /wp-json/elementskit/v1/ HTTP/1.1" 404 114 "-" "Mozilla/5.0 AppleWebKit/537.36 (KHTML, like Gecko; compatible; GPTBot/1.2; +https://openai.com/gptbot)"
192.95.29.138 - - [28/Apr/2025:07:25:47 -0400] "GET /mlp/%EF%BB%BFhttp:/52-sell.com/o4q/piston-cooling-oil-pressure-critically-low-mack.html HTTP/1.1" 404 39320 "-" "Mozilla/5.0 (compatible; MJ12bot/v1.4.8; http://mj12bot.com/)"
65.108.110.26 - - [28/Apr/2025:07:25:48 -0400] "GET /mlp/%EF%BB%BFhttp://52-sell.com/o4q/type-f-transmission-fluid-vs-dexron.html HTTP/1.1" 301 0 "-" "Mozilla/5.0 (compatible; MJ12bot/v1.4.8; http://mj12bot.com/)"
20.171.207.19 - - [28/Apr/2025:07:25:49 -0400] "GET /wp-content/uploads/2020/10/404.png%20707w,%20https:/arsn.media/wp-content/uploads/2020/10/404-300x110.png%20300w HTTP/1.1" 404 39244 "-" "Mozilla/5.0 AppleWebKit/537.36 (KHTML, like Gecko; compatible; GPTBot/1.2; +https://openai.com/gptbot)"
20.171.207.19 - - [28/Apr/2025:07:25:51 -0400] "GET /wp-content/themes/onum/js/design-test.js HTTP/1.1" 404 39107 "-" "Mozilla/5.0 AppleWebKit/537.36 (KHTML, like Gecko; compatible; GPTBot/1.2; +https://openai.com/gptbot)"
66.29.132.124 - - [28/Apr/2025:07:25:51 -0400] "POST /wp-cron.php?doing_wp_cron=1745839551.5158369541168212890625 HTTP/1.1" 200 0 "-" "WordPress/6.8; https://arsn.media"
192.95.29.138 - - [28/Apr/2025:07:25:50 -0400] "GET /mlp/%EF%BB%BFhttp://52-sell.com/o4q/planar-surface-grasshopper.html HTTP/1.1" 301 0 "-" "Mozilla/5.0 (compatible; MJ12bot/v1.4.8; http://mj12bot.com/)"
65.108.110.26 - - [28/Apr/2025:07:25:51 -0400] "GET /mlp/%EF%BB%BFhttp:/52-sell.com/o4q/type-f-transmission-fluid-vs-dexron.html HTTP/1.1" 404 39348 "-" "Mozilla/5.0 (compatible; MJ12bot/v1.4.8; http://mj12bot.com/)"
20.171.207.19 - - [28/Apr/2025:07:25:54 -0400] "GET /wp-login.php?reauth=1&redirect_to=https%3A%2F%2Farsn.media%2Fwp-admin%2Fcomment.php%3Faction%3Dapprove%26c%3D605 HTTP/1.1" 200 1898 "-" "Mozilla/5.0 AppleWebKit/537.36 (KHTML, like Gecko; compatible; GPTBot/1.2; +https://openai.com/gptbot)"
192.95.29.138 - - [28/Apr/2025:07:25:54 -0400] "GET /mlp/%EF%BB%BFhttp:/52-sell.com/o4q/planar-surface-grasshopper.html HTTP/1.1" 404 39392 "-" "Mozilla/5.0 (compatible; MJ12bot/v1.4.8; http://mj12bot.com/)"
65.108.110.26 - - [28/Apr/2025:07:25:57 -0400] "GET /mlp/%EF%BB%BFhttp://52-sell.com/o4q/types-of-condenser-in-distillation.html HTTP/1.1" 301 0 "-" "Mozilla/5.0 (compatible; MJ12bot/v1.4.8; http://mj12bot.com/)"
192.95.29.138 - - [28/Apr/2025:07:25:58 -0400] "GET /mlp/%EF%BB%BFhttp://52-sell.com/o4q/planer-safety-quizlet.html HTTP/1.1" 301 0 "-" "Mozilla/5.0 (compatible; MJ12bot/v1.4.8; http://mj12bot.com/)"
192.95.29.138 - - [28/Apr/2025:07:26:00 -0400] "GET /mlp/%EF%BB%BFhttp:/52-sell.com/o4q/planer-safety-quizlet.html HTTP/1.1" 404 39399 "-" "Mozilla/5.0 (compatible; MJ12bot/v1.4.8; http://mj12bot.com/)"
20.171.207.19 - - [28/Apr/2025:07:26:02 -0400] "GET /wp-content/uploads/2020/09/ARSN-Final-Logos-scaled.jpg%202560w,%20https:/arsn.media/wp-content/uploads/2020/09/ARSN-Final-Logos-300x138.jpg%20300w,%20https:/arsn.media/wp-content/uploads/2020/09/ARSN-Final-Logos-1024x471.jpg%201024w,%20https:/arsn.media/ARSN-Final-Logos-768x353.jpg%20768w,%20https:/ARSN-Final-Logos-1536x706.jpg%201536w,%20https:/ARSN-Final-Logos-2048x942.jpg%202048w HTTP/1.1" 404 39352 "-" "Mozilla/5.0 AppleWebKit/537.36 (KHTML, like Gecko; compatible; GPTBot/1.2; +https://openai.com/gptbot)"
