65.108.110.26 - - [28/Apr/2025:07:07:35 -0400] "GET /mlp/%EF%BB%BFhttp:/52-sell.com/o4q/standard-foxhound-stud-book.html HTTP/1.1" 404 39264 "-" "Mozilla/5.0 (compatible; MJ12bot/v1.4.8; http://mj12bot.com/)"
66.29.132.124 - - [28/Apr/2025:07:07:38 -0400] "POST /wp-admin/admin-ajax.php?action=async_litespeed&nonce=BFfAHo1iG5FHqd3O7z0k2xRZrtI18y8M&litespeed_type=imgoptm HTTP/1.1" 200 0 "-" "WordPress/6.8; https://arsn.media"
20.171.207.19 - - [28/Apr/2025:07:07:41 -0400] "GET /wp-content/uploads/2020/09/ARSN-Final-Logos-scaled.jpg%202560w,%20https:/arsn.media/wp-content/uploads/2020/09/ARSN-Final-Logos-300x138.jpg%20300w,%20https:/arsn.media/wp-content/uploads/2020/09/ARSN-Final-Logos-1024x471.jpg%201024w,%20https:/arsn.media/ARSN-Final-Logos-768x353.jpg%20768w,%20https:/ARSN-Final-Logos-1536x706.jpg%201536w,%20https:/ARSN-Final-Logos-2048x942.jpg%202048w HTTP/1.1" 404 39352 "-" "Mozilla/5.0 AppleWebKit/537.36 (KHTML, like Gecko; compatible; GPTBot/1.2; +https://openai.com/gptbot)"
65.108.110.26 - - [28/Apr/2025:07:07:40 -0400] "GET /mlp/%EF%BB%BFhttp://52-sell.com/o4q/standard-rolling-walker.html HTTP/1.1" 301 0 "-" "Mozilla/5.0 (compatible; MJ12bot/v1.4.8; http://mj12bot.com/)"
192.95.29.138 - - [28/Apr/2025:07:07:40 -0400] "GET /mlp/%EF%BB%BFhttp:/52-sell.com/o4q/new-music-composers-in-the-philippines-brainly.html HTTP/1.1" 404 39149 "-" "Mozilla/5.0 (compatible; MJ12bot/v1.4.8; http://mj12bot.com/)"
192.95.29.138 - - [28/Apr/2025:07:07:44 -0400] "GET /mlp/%EF%BB%BFhttp://52-sell.com/o4q/new-trailblazer-for-sale-near-me.html HTTP/1.1" 301 0 "-" "Mozilla/5.0 (compatible; MJ12bot/v1.4.8; http://mj12bot.com/)"
65.108.110.26 - - [28/Apr/2025:07:07:45 -0400] "GET /mlp/%EF%BB%BFhttp:/52-sell.com/o4q/standard-rolling-walker.html HTTP/1.1" 404 39407 "-" "Mozilla/5.0 (compatible; MJ12bot/v1.4.8; http://mj12bot.com/)"
20.171.207.19 - - [28/Apr/2025:07:07:47 -0400] "GET /wp-content/uploads/2020/10/404.png%20707w,%20https:/arsn.media/wp-content/uploads/2020/10/404-300x110.png%20300w HTTP/1.1" 404 39244 "-" "Mozilla/5.0 AppleWebKit/537.36 (KHTML, like Gecko; compatible; GPTBot/1.2; +https://openai.com/gptbot)"
66.29.132.124 - - [28/Apr/2025:07:07:51 -0400] "POST /wp-cron.php?doing_wp_cron=1745838470.8046619892120361328125 HTTP/1.1" 200 0 "-" "WordPress/6.8; https://arsn.media"
192.95.29.138 - - [28/Apr/2025:07:07:48 -0400] "GET /mlp/%EF%BB%BFhttp:/52-sell.com/o4q/new-trailblazer-for-sale-near-me.html HTTP/1.1" 404 39175 "-" "Mozilla/5.0 (compatible; MJ12bot/v1.4.8; http://mj12bot.com/)"
65.108.110.26 - - [28/Apr/2025:07:07:49 -0400] "GET /mlp/%EF%BB%BFhttp://52-sell.com/o4q/star-in-my-mind-novel-english-translation.html HTTP/1.1" 301 0 "-" "Mozilla/5.0 (compatible; MJ12bot/v1.4.8; http://mj12bot.com/)"
20.171.207.19 - - [28/Apr/2025:07:07:53 -0400] "GET /wp-content/themes/onum/js/design-test.js HTTP/1.1" 404 39107 "-" "Mozilla/5.0 AppleWebKit/537.36 (KHTML, like Gecko; compatible; GPTBot/1.2; +https://openai.com/gptbot)"
192.95.29.138 - - [28/Apr/2025:07:07:54 -0400] "GET /mlp/%EF%BB%BFhttp://52-sell.com/o4q/new-vw-transporter-4motion-for-sale.html HTTP/1.1" 301 0 "-" "Mozilla/5.0 (compatible; MJ12bot/v1.4.8; http://mj12bot.com/)"
65.108.110.26 - - [28/Apr/2025:07:07:54 -0400] "GET /mlp/%EF%BB%BFhttp:/52-sell.com/o4q/star-in-my-mind-novel-english-translation.html HTTP/1.1" 404 39276 "-" "Mozilla/5.0 (compatible; MJ12bot/v1.4.8; http://mj12bot.com/)"
20.171.207.19 - - [28/Apr/2025:07:07:58 -0400] "GET /wp-content/themes/onum/css/design-test.css?ver=6.7.2 HTTP/1.1" 404 39402 "-" "Mozilla/5.0 AppleWebKit/537.36 (KHTML, like Gecko; compatible; GPTBot/1.2; +https://openai.com/gptbot)"
65.108.110.26 - - [28/Apr/2025:07:07:59 -0400] "GET /mlp/%EF%BB%BFhttp://52-sell.com/o4q/starsat-90000-hd-extreme.html HTTP/1.1" 301 0 "-" "Mozilla/5.0 (compatible; MJ12bot/v1.4.8; http://mj12bot.com/)"
192.95.29.138 - - [28/Apr/2025:07:07:58 -0400] "GET /mlp/%EF%BB%BFhttp:/52-sell.com/o4q/new-vw-transporter-4motion-for-sale.html HTTP/1.1" 404 39301 "-" "Mozilla/5.0 (compatible; MJ12bot/v1.4.8; http://mj12bot.com/)"
192.95.29.138 - - [28/Apr/2025:07:08:02 -0400] "GET /mlp/%EF%BB%BFhttp://52-sell.com/o4q/new-york-city-park.html HTTP/1.1" 301 0 "-" "Mozilla/5.0 (compatible; MJ12bot/v1.4.8; http://mj12bot.com/)"
65.108.110.26 - - [28/Apr/2025:07:08:03 -0400] "GET /mlp/%EF%BB%BFhttp:/52-sell.com/o4q/starsat-90000-hd-extreme.html HTTP/1.1" 404 39277 "-" "Mozilla/5.0 (compatible; MJ12bot/v1.4.8; http://mj12bot.com/)"
20.171.207.19 - - [28/Apr/2025:07:08:03 -0400] "GET /wp-json/elementskit/v1/ HTTP/1.1" 404 114 "-" "Mozilla/5.0 AppleWebKit/537.36 (KHTML, like Gecko; compatible; GPTBot/1.2; +https://openai.com/gptbot)"
65.108.110.26 - - [28/Apr/2025:07:08:08 -0400] "GET /mlp/%EF%BB%BFhttp://52-sell.com/o4q/state-workers-salary.html HTTP/1.1" 301 0 "-" "Mozilla/5.0 (compatible; MJ12bot/v1.4.8; http://mj12bot.com/)"
192.95.29.138 - - [28/Apr/2025:07:08:07 -0400] "GET /mlp/%EF%BB%BFhttp:/52-sell.com/o4q/new-york-city-park.html HTTP/1.1" 404 39248 "-" "Mozilla/5.0 (compatible; MJ12bot/v1.4.8; http://mj12bot.com/)"
192.95.29.138 - - [28/Apr/2025:07:08:14 -0400] "GET /mlp/%EF%BB%BFhttp://52-sell.com/o4q/news-car-accident-los-angeles.html HTTP/1.1" 301 0 "-" "Mozilla/5.0 (compatible; MJ12bot/v1.4.8; http://mj12bot.com/)"
65.108.110.26 - - [28/Apr/2025:07:08:14 -0400] "GET /mlp/%EF%BB%BFhttp:/52-sell.com/o4q/state-workers-salary.html HTTP/1.1" 404 39334 "-" "Mozilla/5.0 (compatible; MJ12bot/v1.4.8; http://mj12bot.com/)"
65.108.110.26 - - [28/Apr/2025:07:08:20 -0400] "GET /mlp/%EF%BB%BFhttp://52-sell.com/o4q/stay-with-me-english-lyrics-caitlin-myers.html HTTP/1.1" 301 0 "-" "Mozilla/5.0 (compatible; MJ12bot/v1.4.8; http://mj12bot.com/)"
192.95.29.138 - - [28/Apr/2025:07:08:18 -0400] "GET /mlp/%EF%BB%BFhttp:/52-sell.com/o4q/news-car-accident-los-angeles.html HTTP/1.1" 404 39308 "-" "Mozilla/5.0 (compatible; MJ12bot/v1.4.8; http://mj12bot.com/)"
192.95.29.138 - - [28/Apr/2025:07:08:24 -0400] "GET /mlp/%EF%BB%BFhttp://52-sell.com/o4q/newsday-today.html HTTP/1.1" 301 0 "-" "Mozilla/5.0 (compatible; MJ12bot/v1.4.8; http://mj12bot.com/)"
65.108.110.26 - - [28/Apr/2025:07:08:24 -0400] "GET /mlp/%EF%BB%BFhttp:/52-sell.com/o4q/stay-with-me-english-lyrics-caitlin-myers.html HTTP/1.1" 404 39322 "-" "Mozilla/5.0 (compatible; MJ12bot/v1.4.8; http://mj12bot.com/)"
192.95.29.138 - - [28/Apr/2025:07:08:28 -0400] "GET /mlp/%EF%BB%BFhttp:/52-sell.com/o4q/newsday-today.html HTTP/1.1" 404 39457 "-" "Mozilla/5.0 (compatible; MJ12bot/v1.4.8; http://mj12bot.com/)"
65.108.110.26 - - [28/Apr/2025:07:08:30 -0400] "GET /mlp/%EF%BB%BFhttp://52-sell.com/o4q/stay-with-me-lyrics-sam-smith-chords.html HTTP/1.1" 301 0 "-" "Mozilla/5.0 (compatible; MJ12bot/v1.4.8; http://mj12bot.com/)"
192.95.29.138 - - [28/Apr/2025:07:08:32 -0400] "GET /mlp/%EF%BB%BFhttp://52-sell.com/o4q/nextcloud-setting-strong-directory-permissions.html HTTP/1.1" 301 0 "-" "Mozilla/5.0 (compatible; MJ12bot/v1.4.8; http://mj12bot.com/)"
66.29.132.124 - - [28/Apr/2025:07:08:35 -0400] "POST /wp-cron.php?doing_wp_cron=1745838515.7262279987335205078125 HTTP/1.1" 200 0 "-" "WordPress/6.8; https://arsn.media"
65.108.110.26 - - [28/Apr/2025:07:08:34 -0400] "GET /mlp/%EF%BB%BFhttp:/52-sell.com/o4q/stay-with-me-lyrics-sam-smith-chords.html HTTP/1.1" 404 39247 "-" "Mozilla/5.0 (compatible; MJ12bot/v1.4.8; http://mj12bot.com/)"
66.29.132.124 - - [28/Apr/2025:07:08:38 -0400] "POST /wp-admin/admin-ajax.php?action=async_litespeed&nonce=IGKDdnqPn7OCdp52wVg16fulPNR1IVHE&litespeed_type=imgoptm HTTP/1.1" 200 0 "-" "WordPress/6.8; https://arsn.media"
192.95.29.138 - - [28/Apr/2025:07:08:35 -0400] "GET /mlp/%EF%BB%BFhttp:/52-sell.com/o4q/nextcloud-setting-strong-directory-permissions.html HTTP/1.1" 404 39210 "-" "Mozilla/5.0 (compatible; MJ12bot/v1.4.8; http://mj12bot.com/)"
65.108.110.26 - - [28/Apr/2025:07:08:41 -0400] "GET /mlp/%EF%BB%BFhttp://52-sell.com/o4q/steam-games-with-voice-chat.html HTTP/1.1" 301 0 "-" "Mozilla/5.0 (compatible; MJ12bot/v1.4.8; http://mj12bot.com/)"
192.95.29.138 - - [28/Apr/2025:07:08:42 -0400] "GET /mlp/%EF%BB%BFhttp://52-sell.com/o4q/nextjs-redirect-loop.html HTTP/1.1" 301 0 "-" "Mozilla/5.0 (compatible; MJ12bot/v1.4.8; http://mj12bot.com/)"
20.171.207.19 - - [28/Apr/2025:07:08:41 -0400] "GET /wp-content/uploads/2024/08/Untitled-design-30.jpg%20680w,%20https:/arsn.media/wp-content/uploads/2024/08/Untitled-design-30-300x169.jpg%20300w HTTP/1.1" 404 18489 "-" "Mozilla/5.0 AppleWebKit/537.36 (KHTML, like Gecko; compatible; GPTBot/1.2; +https://openai.com/gptbot)"
20.171.207.19 - - [28/Apr/2025:07:08:46 -0400] "GET /wp-content/uploads/2020/09/ARSN-Final-Logos-scaled.jpg%202560w,%20https:/arsn.media/wp-content/uploads/2020/09/ARSN-Final-Logos-300x138.jpg%20300w,%20https:/arsn.media/wp-content/uploads/2020/09/ARSN-Final-Logos-1024x471.jpg%201024w,%20https:/arsn.media/ARSN-Final-Logos-768x353.jpg%20768w,%20https:/ARSN-Final-Logos-1536x706.jpg%201536w,%20https:/ARSN-Final-Logos-2048x942.jpg%202048w HTTP/1.1" 404 39352 "-" "Mozilla/5.0 AppleWebKit/537.36 (KHTML, like Gecko; compatible; GPTBot/1.2; +https://openai.com/gptbot)"
192.95.29.138 - - [28/Apr/2025:07:08:46 -0400] "GET /mlp/%EF%BB%BFhttp:/52-sell.com/o4q/nextjs-redirect-loop.html HTTP/1.1" 404 39342 "-" "Mozilla/5.0 (compatible; MJ12bot/v1.4.8; http://mj12bot.com/)"
65.108.110.26 - - [28/Apr/2025:07:08:46 -0400] "GET /mlp/%EF%BB%BFhttp:/52-sell.com/o4q/steam-games-with-voice-chat.html HTTP/1.1" 404 39183 "-" "Mozilla/5.0 (compatible; MJ12bot/v1.4.8; http://mj12bot.com/)"
66.29.132.124 - - [28/Apr/2025:07:08:50 -0400] "POST /wp-cron.php?doing_wp_cron=1745838530.2127609252929687500000 HTTP/1.1" 200 0 "-" "WordPress/6.8; https://arsn.media"
192.95.29.138 - - [28/Apr/2025:07:08:49 -0400] "GET /mlp/%EF%BB%BFhttp://52-sell.com/o4q/nexus-5k-cpu-utilization.html HTTP/1.1" 301 0 "-" "Mozilla/5.0 (compatible; MJ12bot/v1.4.8; http://mj12bot.com/)"
65.108.110.26 - - [28/Apr/2025:07:08:49 -0400] "GET /mlp/%EF%BB%BFhttp://52-sell.com/o4q/steam-sterilizer.html HTTP/1.1" 301 0 "-" "Mozilla/5.0 (compatible; MJ12bot/v1.4.8; http://mj12bot.com/)"
20.171.207.19 - - [28/Apr/2025:07:08:52 -0400] "GET /?p=753 HTTP/1.1" 301 0 "-" "Mozilla/5.0 AppleWebKit/537.36 (KHTML, like Gecko; compatible; GPTBot/1.2; +https://openai.com/gptbot)"
192.95.29.138 - - [28/Apr/2025:07:08:52 -0400] "GET /mlp/%EF%BB%BFhttp:/52-sell.com/o4q/nexus-5k-cpu-utilization.html HTTP/1.1" 404 39213 "-" "Mozilla/5.0 (compatible; MJ12bot/v1.4.8; http://mj12bot.com/)"
65.108.110.26 - - [28/Apr/2025:07:08:53 -0400] "GET /mlp/%EF%BB%BFhttp:/52-sell.com/o4q/steam-sterilizer.html HTTP/1.1" 404 39234 "-" "Mozilla/5.0 (compatible; MJ12bot/v1.4.8; http://mj12bot.com/)"
192.95.29.138 - - [28/Apr/2025:07:08:56 -0400] "GET /mlp/%EF%BB%BFhttp://52-sell.com/o4q/nft-batch-minting.html HTTP/1.1" 301 0 "-" "Mozilla/5.0 (compatible; MJ12bot/v1.4.8; http://mj12bot.com/)"
20.171.207.19 - - [28/Apr/2025:07:08:57 -0400] "GET /wp-content/uploads/2024/08/Untitled-design-27.jpg%20680w,%20https:/arsn.media/wp-content/uploads/2024/08/Untitled-design-27-300x169.jpg%20300w HTTP/1.1" 404 18489 "-" "Mozilla/5.0 AppleWebKit/537.36 (KHTML, like Gecko; compatible; GPTBot/1.2; +https://openai.com/gptbot)"
65.108.110.26 - - [28/Apr/2025:07:08:57 -0400] "GET /mlp/%EF%BB%BFhttp://52-sell.com/o4q/steamed-kale-with-lemon-and-garlic.html HTTP/1.1" 301 0 "-" "Mozilla/5.0 (compatible; MJ12bot/v1.4.8; http://mj12bot.com/)"
192.95.29.138 - - [28/Apr/2025:07:08:59 -0400] "GET /mlp/%EF%BB%BFhttp:/52-sell.com/o4q/nft-batch-minting.html HTTP/1.1" 404 39236 "-" "Mozilla/5.0 (compatible; MJ12bot/v1.4.8; http://mj12bot.com/)"
20.171.207.19 - - [28/Apr/2025:07:09:01 -0400] "GET /wp-content/uploads/2024/08/807b28a7-2b97-4ac8-8d92-c8300eae3d51.jpeg%20680w,%20https:/arsn.media/wp-content/uploads/2024/08/807b28a7-2b97-4ac8-8d92-c8300eae3d51-300x169.jpeg%20300w HTTP/1.1" 404 21241 "-" "Mozilla/5.0 AppleWebKit/537.36 (KHTML, like Gecko; compatible; GPTBot/1.2; +https://openai.com/gptbot)"
65.108.110.26 - - [28/Apr/2025:07:09:01 -0400] "GET /mlp/%EF%BB%BFhttp:/52-sell.com/o4q/steamed-kale-with-lemon-and-garlic.html HTTP/1.1" 404 39241 "-" "Mozilla/5.0 (compatible; MJ12bot/v1.4.8; http://mj12bot.com/)"
192.95.29.138 - - [28/Apr/2025:07:09:02 -0400] "GET /mlp/%EF%BB%BFhttp://52-sell.com/o4q/ngk-heat-range-8.html HTTP/1.1" 301 0 "-" "Mozilla/5.0 (compatible; MJ12bot/v1.4.8; http://mj12bot.com/)"
65.108.110.26 - - [28/Apr/2025:07:09:06 -0400] "GET /mlp/%EF%BB%BFhttp://52-sell.com/o4q/steel-i-beam-chart.html HTTP/1.1" 301 0 "-" "Mozilla/5.0 (compatible; MJ12bot/v1.4.8; http://mj12bot.com/)"
192.95.29.138 - - [28/Apr/2025:07:09:06 -0400] "GET /mlp/%EF%BB%BFhttp:/52-sell.com/o4q/ngk-heat-range-8.html HTTP/1.1" 404 39298 "-" "Mozilla/5.0 (compatible; MJ12bot/v1.4.8; http://mj12bot.com/)"
20.171.207.19 - - [28/Apr/2025:07:09:07 -0400] "GET /wp-content/uploads/2024/08/Untitled-design-28.jpg%20680w,%20https:/arsn.media/wp-content/uploads/2024/08/Untitled-design-28-300x169.jpg%20300w HTTP/1.1" 404 18487 "-" "Mozilla/5.0 AppleWebKit/537.36 (KHTML, like Gecko; compatible; GPTBot/1.2; +https://openai.com/gptbot)"
192.95.29.138 - - [28/Apr/2025:07:09:10 -0400] "GET /mlp/%EF%BB%BFhttp://52-sell.com/o4q/ngo-vacancy-in-up.html HTTP/1.1" 301 0 "-" "Mozilla/5.0 (compatible; MJ12bot/v1.4.8; http://mj12bot.com/)"
65.108.110.26 - - [28/Apr/2025:07:09:10 -0400] "GET /mlp/%EF%BB%BFhttp:/52-sell.com/o4q/steel-i-beam-chart.html HTTP/1.1" 404 39250 "-" "Mozilla/5.0 (compatible; MJ12bot/v1.4.8; http://mj12bot.com/)"
20.171.207.19 - - [28/Apr/2025:07:09:11 -0400] "GET /wp-content/uploads/2024/08/Untitled-design-29.jpg%20680w,%20https:/arsn.media/wp-content/uploads/2024/08/Untitled-design-29-300x169.jpg%20300w HTTP/1.1" 404 18490 "-" "Mozilla/5.0 AppleWebKit/537.36 (KHTML, like Gecko; compatible; GPTBot/1.2; +https://openai.com/gptbot)"
192.95.29.138 - - [28/Apr/2025:07:09:13 -0400] "GET /mlp/%EF%BB%BFhttp:/52-sell.com/o4q/ngo-vacancy-in-up.html HTTP/1.1" 404 39294 "-" "Mozilla/5.0 (compatible; MJ12bot/v1.4.8; http://mj12bot.com/)"
65.108.110.26 - - [28/Apr/2025:07:09:14 -0400] "GET /mlp/%EF%BB%BFhttp://52-sell.com/o4q/stella-glow-cia-download.html HTTP/1.1" 301 0 "-" "Mozilla/5.0 (compatible; MJ12bot/v1.4.8; http://mj12bot.com/)"
192.95.29.138 - - [28/Apr/2025:07:09:17 -0400] "GET /mlp/%EF%BB%BFhttp://52-sell.com/o4q/ngskintools-crack.html HTTP/1.1" 301 0 "-" "Mozilla/5.0 (compatible; MJ12bot/v1.4.8; http://mj12bot.com/)"
20.171.207.19 - - [28/Apr/2025:07:09:16 -0400] "GET /wp-content/uploads/2024/08/Untitled-design-31.jpg%20680w,%20https:/arsn.media/wp-content/uploads/2024/08/Untitled-design-31-300x169.jpg%20300w HTTP/1.1" 404 18487 "-" "Mozilla/5.0 AppleWebKit/537.36 (KHTML, like Gecko; compatible; GPTBot/1.2; +https://openai.com/gptbot)"
65.108.110.26 - - [28/Apr/2025:07:09:18 -0400] "GET /mlp/%EF%BB%BFhttp:/52-sell.com/o4q/stella-glow-cia-download.html HTTP/1.1" 404 39263 "-" "Mozilla/5.0 (compatible; MJ12bot/v1.4.8; http://mj12bot.com/)"
20.171.207.19 - - [28/Apr/2025:07:09:21 -0400] "GET /wp-content/themes/onum/js/design-test.js HTTP/1.1" 404 39107 "-" "Mozilla/5.0 AppleWebKit/537.36 (KHTML, like Gecko; compatible; GPTBot/1.2; +https://openai.com/gptbot)"
192.95.29.138 - - [28/Apr/2025:07:09:20 -0400] "GET /mlp/%EF%BB%BFhttp:/52-sell.com/o4q/ngskintools-crack.html HTTP/1.1" 404 39299 "-" "Mozilla/5.0 (compatible; MJ12bot/v1.4.8; http://mj12bot.com/)"
65.108.110.26 - - [28/Apr/2025:07:09:22 -0400] "GET /mlp/%EF%BB%BFhttp://52-sell.com/o4q/stellaris-fallen-republic.html HTTP/1.1" 301 0 "-" "Mozilla/5.0 (compatible; MJ12bot/v1.4.8; http://mj12bot.com/)"
192.95.29.138 - - [28/Apr/2025:07:09:24 -0400] "GET /mlp/%EF%BB%BFhttp://52-sell.com/o4q/nhdt-w59g-language-change.html HTTP/1.1" 301 0 "-" "Mozilla/5.0 (compatible; MJ12bot/v1.4.8; http://mj12bot.com/)"
20.171.207.19 - - [28/Apr/2025:07:09:26 -0400] "GET /wp-content/uploads/2024/08/Untitled-design-32.jpg%20680w,%20https:/arsn.media/wp-content/uploads/2024/08/Untitled-design-32-300x169.jpg%20300w HTTP/1.1" 404 18487 "-" "Mozilla/5.0 AppleWebKit/537.36 (KHTML, like Gecko; compatible; GPTBot/1.2; +https://openai.com/gptbot)"
65.108.110.26 - - [28/Apr/2025:07:09:26 -0400] "GET /mlp/%EF%BB%BFhttp:/52-sell.com/o4q/stellaris-fallen-republic.html HTTP/1.1" 404 39254 "-" "Mozilla/5.0 (compatible; MJ12bot/v1.4.8; http://mj12bot.com/)"
192.95.29.138 - - [28/Apr/2025:07:09:26 -0400] "GET /mlp/%EF%BB%BFhttp:/52-sell.com/o4q/nhdt-w59g-language-change.html HTTP/1.1" 404 39204 "-" "Mozilla/5.0 (compatible; MJ12bot/v1.4.8; http://mj12bot.com/)"
20.171.207.19 - - [28/Apr/2025:07:09:31 -0400] "GET /wp-json/elementskit/v1/ HTTP/1.1" 404 114 "-" "Mozilla/5.0 AppleWebKit/537.36 (KHTML, like Gecko; compatible; GPTBot/1.2; +https://openai.com/gptbot)"
192.95.29.138 - - [28/Apr/2025:07:09:31 -0400] "GET /mlp/%EF%BB%BFhttp://52-sell.com/o4q/nifi-components.html HTTP/1.1" 301 0 "-" "Mozilla/5.0 (compatible; MJ12bot/v1.4.8; http://mj12bot.com/)"
65.108.110.26 - - [28/Apr/2025:07:09:31 -0400] "GET /mlp/%EF%BB%BFhttp://52-sell.com/o4q/stihl-br600-carburetor-diagram.html HTTP/1.1" 301 0 "-" "Mozilla/5.0 (compatible; MJ12bot/v1.4.8; http://mj12bot.com/)"
66.29.132.124 - - [28/Apr/2025:07:09:37 -0400] "POST /wp-cron.php?doing_wp_cron=1745838576.4291100502014160156250 HTTP/1.1" 200 0 "-" "WordPress/6.8; https://arsn.media"
20.171.207.19 - - [28/Apr/2025:07:09:36 -0400] "GET /?p=12803 HTTP/1.1" 301 0 "-" "Mozilla/5.0 AppleWebKit/537.36 (KHTML, like Gecko; compatible; GPTBot/1.2; +https://openai.com/gptbot)"
65.108.110.26 - - [28/Apr/2025:07:09:35 -0400] "GET /mlp/%EF%BB%BFhttp:/52-sell.com/o4q/stihl-br600-carburetor-diagram.html HTTP/1.1" 404 39290 "-" "Mozilla/5.0 (compatible; MJ12bot/v1.4.8; http://mj12bot.com/)"
192.95.29.138 - - [28/Apr/2025:07:09:35 -0400] "GET /mlp/%EF%BB%BFhttp:/52-sell.com/o4q/nifi-components.html HTTP/1.1" 404 39343 "-" "Mozilla/5.0 (compatible; MJ12bot/v1.4.8; http://mj12bot.com/)"
66.29.132.124 - - [28/Apr/2025:07:09:40 -0400] "POST /wp-admin/admin-ajax.php?action=async_litespeed&nonce=1l09YohtZwCE0yzo3osf6JoM8pNsGZm2&litespeed_type=imgoptm HTTP/1.1" 200 0 "-" "WordPress/6.8; https://arsn.media"
65.108.110.26 - - [28/Apr/2025:07:09:41 -0400] "GET /mlp/%EF%BB%BFhttp://52-sell.com/o4q/stihl-fs100rx-drive-shaft.html HTTP/1.1" 301 0 "-" "Mozilla/5.0 (compatible; MJ12bot/v1.4.8; http://mj12bot.com/)"
192.95.29.138 - - [28/Apr/2025:07:09:41 -0400] "GET /mlp/%EF%BB%BFhttp://52-sell.com/o4q/nissan-juke-sunroof-drain-location.html HTTP/1.1" 301 0 "-" "Mozilla/5.0 (compatible; MJ12bot/v1.4.8; http://mj12bot.com/)"
20.171.207.19 - - [28/Apr/2025:07:09:41 -0400] "GET /xmlrpc.php HTTP/1.1" 405 46 "-" "Mozilla/5.0 AppleWebKit/537.36 (KHTML, like Gecko; compatible; GPTBot/1.2; +https://openai.com/gptbot)"
20.171.207.19 - - [28/Apr/2025:07:09:45 -0400] "GET /wp-admin/comment.php?action=trash&c=565 HTTP/1.1" 302 0 "-" "Mozilla/5.0 AppleWebKit/537.36 (KHTML, like Gecko; compatible; GPTBot/1.2; +https://openai.com/gptbot)"
192.95.29.138 - - [28/Apr/2025:07:09:44 -0400] "GET /mlp/%EF%BB%BFhttp:/52-sell.com/o4q/nissan-juke-sunroof-drain-location.html HTTP/1.1" 404 39245 "-" "Mozilla/5.0 (compatible; MJ12bot/v1.4.8; http://mj12bot.com/)"
65.108.110.26 - - [28/Apr/2025:07:09:44 -0400] "GET /mlp/%EF%BB%BFhttp:/52-sell.com/o4q/stihl-fs100rx-drive-shaft.html HTTP/1.1" 404 39202 "-" "Mozilla/5.0 (compatible; MJ12bot/v1.4.8; http://mj12bot.com/)"
20.171.207.19 - - [28/Apr/2025:07:09:50 -0400] "GET /wp-admin/comment.php?action=approve&c=565 HTTP/1.1" 302 0 "-" "Mozilla/5.0 AppleWebKit/537.36 (KHTML, like Gecko; compatible; GPTBot/1.2; +https://openai.com/gptbot)"
66.29.132.124 - - [28/Apr/2025:07:09:52 -0400] "POST /wp-cron.php?doing_wp_cron=1745838591.5360820293426513671875 HTTP/1.1" 200 0 "-" "WordPress/6.8; https://arsn.media"
192.95.29.138 - - [28/Apr/2025:07:09:50 -0400] "GET /mlp/%EF%BB%BFhttp://52-sell.com/o4q/nissan-titan-engine.html HTTP/1.1" 301 0 "-" "Mozilla/5.0 (compatible; MJ12bot/v1.4.8; http://mj12bot.com/)"
65.108.110.26 - - [28/Apr/2025:07:09:51 -0400] "GET /mlp/%EF%BB%BFhttp://52-sell.com/o4q/stone-spiral-staircase-ark.html HTTP/1.1" 301 0 "-" "Mozilla/5.0 (compatible; MJ12bot/v1.4.8; http://mj12bot.com/)"
20.171.207.19 - - [28/Apr/2025:07:09:54 -0400] "GET /wp-admin/comment.php?action=spam&c=565 HTTP/1.1" 302 0 "-" "Mozilla/5.0 AppleWebKit/537.36 (KHTML, like Gecko; compatible; GPTBot/1.2; +https://openai.com/gptbot)"
192.95.29.138 - - [28/Apr/2025:07:09:55 -0400] "GET /mlp/%EF%BB%BFhttp:/52-sell.com/o4q/nissan-titan-engine.html HTTP/1.1" 404 39223 "-" "Mozilla/5.0 (compatible; MJ12bot/v1.4.8; http://mj12bot.com/)"
20.171.207.19 - - [28/Apr/2025:07:09:57 -0400] "GET /wp-content/uploads/2020/09/ARSN-Final-Logos-scaled.jpg%202560w,%20https:/arsn.media/wp-content/uploads/2020/09/ARSN-Final-Logos-300x138.jpg%20300w,%20https:/arsn.media/wp-content/uploads/2020/09/ARSN-Final-Logos-1024x471.jpg%201024w,%20https:/arsn.media/ARSN-Final-Logos-768x353.jpg%20768w,%20https:/ARSN-Final-Logos-1536x706.jpg%201536w,%20https:/ARSN-Final-Logos-2048x942.jpg%202048w HTTP/1.1" 404 39352 "-" "Mozilla/5.0 AppleWebKit/537.36 (KHTML, like Gecko; compatible; GPTBot/1.2; +https://openai.com/gptbot)"
65.108.110.26 - - [28/Apr/2025:07:09:56 -0400] "GET /mlp/%EF%BB%BFhttp:/52-sell.com/o4q/stone-spiral-staircase-ark.html HTTP/1.1" 404 39389 "-" "Mozilla/5.0 (compatible; MJ12bot/v1.4.8; http://mj12bot.com/)"
192.95.29.138 - - [28/Apr/2025:07:09:59 -0400] "GET /mlp/%EF%BB%BFhttp://52-sell.com/o4q/nj-urology-mychart-login.html HTTP/1.1" 301 0 "-" "Mozilla/5.0 (compatible; MJ12bot/v1.4.8; http://mj12bot.com/)"
20.171.207.19 - - [28/Apr/2025:07:10:01 -0400] "GET /wp-content/uploads/2020/10/404.png%20707w,%20https:/arsn.media/wp-content/uploads/2020/10/404-300x110.png%20300w HTTP/1.1" 404 39244 "-" "Mozilla/5.0 AppleWebKit/537.36 (KHTML, like Gecko; compatible; GPTBot/1.2; +https://openai.com/gptbot)"
65.108.110.26 - - [28/Apr/2025:07:10:03 -0400] "GET /mlp/%EF%BB%BFhttp://52-sell.com/o4q/store-intercom-codes.html HTTP/1.1" 301 0 "-" "Mozilla/5.0 (compatible; MJ12bot/v1.4.8; http://mj12bot.com/)"
20.171.207.19 - - [28/Apr/2025:07:10:05 -0400] "GET /wp-content/themes/onum/css/design-test.css?ver=6.7.2 HTTP/1.1" 404 39402 "-" "Mozilla/5.0 AppleWebKit/537.36 (KHTML, like Gecko; compatible; GPTBot/1.2; +https://openai.com/gptbot)"
192.95.29.138 - - [28/Apr/2025:07:10:05 -0400] "GET /mlp/%EF%BB%BFhttp:/52-sell.com/o4q/nj-urology-mychart-login.html HTTP/1.1" 404 39211 "-" "Mozilla/5.0 (compatible; MJ12bot/v1.4.8; http://mj12bot.com/)"
20.171.207.19 - - [28/Apr/2025:07:10:08 -0400] "GET /wp-json/elementskit/v1/ HTTP/1.1" 404 114 "-" "Mozilla/5.0 AppleWebKit/537.36 (KHTML, like Gecko; compatible; GPTBot/1.2; +https://openai.com/gptbot)"
20.171.207.19 - - [28/Apr/2025:07:10:10 -0400] "GET /wp-content/themes/onum/js/design-test.js HTTP/1.1" 404 39107 "-" "Mozilla/5.0 AppleWebKit/537.36 (KHTML, like Gecko; compatible; GPTBot/1.2; +https://openai.com/gptbot)"
192.95.29.138 - - [28/Apr/2025:07:10:10 -0400] "GET /mlp/%EF%BB%BFhttp://52-sell.com/o4q/nmcli-signal-strength.html HTTP/1.1" 301 0 "-" "Mozilla/5.0 (compatible; MJ12bot/v1.4.8; http://mj12bot.com/)"
65.108.110.26 - - [28/Apr/2025:07:10:09 -0400] "GET /mlp/%EF%BB%BFhttp:/52-sell.com/o4q/store-intercom-codes.html HTTP/1.1" 404 39342 "-" "Mozilla/5.0 (compatible; MJ12bot/v1.4.8; http://mj12bot.com/)"
20.171.207.19 - - [28/Apr/2025:07:10:15 -0400] "GET /wp-login.php?reauth=1&redirect_to=https%3A%2F%2Farsn.media%2Fwp-admin%2Fcomment.php%3Faction%3Dtrash%26c%3D565 HTTP/1.1" 200 1897 "-" "Mozilla/5.0 AppleWebKit/537.36 (KHTML, like Gecko; compatible; GPTBot/1.2; +https://openai.com/gptbot)"
192.95.29.138 - - [28/Apr/2025:07:10:17 -0400] "GET /mlp/%EF%BB%BFhttp:/52-sell.com/o4q/nmcli-signal-strength.html HTTP/1.1" 404 39400 "-" "Mozilla/5.0 (compatible; MJ12bot/v1.4.8; http://mj12bot.com/)"
65.108.110.26 - - [28/Apr/2025:07:10:20 -0400] "GET /mlp/%EF%BB%BFhttp://52-sell.com/o4q/storewise-kansas-city.html HTTP/1.1" 301 0 "-" "Mozilla/5.0 (compatible; MJ12bot/v1.4.8; http://mj12bot.com/)"
20.171.207.19 - - [28/Apr/2025:07:10:20 -0400] "GET /makeasmtp.php HTTP/1.1" 404 21326 "-" "Mozilla/5.0 AppleWebKit/537.36 (KHTML, like Gecko; compatible; GPTBot/1.2; +https://openai.com/gptbot)"
192.95.29.138 - - [28/Apr/2025:07:10:25 -0400] "GET /mlp/%EF%BB%BFhttp://52-sell.com/o4q/no-credit-check-rent-to-own-homes-near-me.html HTTP/1.1" 301 0 "-" "Mozilla/5.0 (compatible; MJ12bot/v1.4.8; http://mj12bot.com/)"
20.171.207.19 - - [28/Apr/2025:07:10:26 -0400] "GET /wp-login.php?reauth=1&redirect_to=https%3A%2F%2Farsn.media%2Fwp-admin%2Fcomment.php%3Faction%3Dapprove%26c%3D565 HTTP/1.1" 200 1899 "-" "Mozilla/5.0 AppleWebKit/537.36 (KHTML, like Gecko; compatible; GPTBot/1.2; +https://openai.com/gptbot)"
65.108.110.26 - - [28/Apr/2025:07:10:27 -0400] "GET /mlp/%EF%BB%BFhttp:/52-sell.com/o4q/storewise-kansas-city.html HTTP/1.1" 404 39399 "-" "Mozilla/5.0 (compatible; MJ12bot/v1.4.8; http://mj12bot.com/)"
20.171.207.19 - - [28/Apr/2025:07:10:31 -0400] "GET /wp-login.php?reauth=1&redirect_to=https%3A%2F%2Farsn.media%2Fwp-admin%2Fcomment.php%3Faction%3Dspam%26c%3D565 HTTP/1.1" 200 1894 "-" "Mozilla/5.0 AppleWebKit/537.36 (KHTML, like Gecko; compatible; GPTBot/1.2; +https://openai.com/gptbot)"
192.95.29.138 - - [28/Apr/2025:07:10:31 -0400] "GET /mlp/%EF%BB%BFhttp:/52-sell.com/o4q/no-credit-check-rent-to-own-homes-near-me.html HTTP/1.1" 404 39280 "-" "Mozilla/5.0 (compatible; MJ12bot/v1.4.8; http://mj12bot.com/)"
65.108.110.26 - - [28/Apr/2025:07:10:32 -0400] "GET /mlp/%EF%BB%BFhttp://52-sell.com/o4q/storm-door-closes-too-fast.html HTTP/1.1" 301 0 "-" "Mozilla/5.0 (compatible; MJ12bot/v1.4.8; http://mj12bot.com/)"
20.171.207.19 - - [28/Apr/2025:07:10:34 -0400] "GET /wp-content/uploads/2020/10/404.png%20707w,%20https:/arsn.media/wp-content/uploads/2020/10/404-300x110.png%20300w HTTP/1.1" 404 39244 "-" "Mozilla/5.0 AppleWebKit/537.36 (KHTML, like Gecko; compatible; GPTBot/1.2; +https://openai.com/gptbot)"
192.95.29.138 - - [28/Apr/2025:07:10:35 -0400] "GET /mlp/%EF%BB%BFhttp://52-sell.com/o4q/no-internet-when-connected-to-vpn.html HTTP/1.1" 301 0 "-" "Mozilla/5.0 (compatible; MJ12bot/v1.4.8; http://mj12bot.com/)"
20.171.207.19 - - [28/Apr/2025:07:10:38 -0400] "GET /wp-json/elementskit/v1/ HTTP/1.1" 404 114 "-" "Mozilla/5.0 AppleWebKit/537.36 (KHTML, like Gecko; compatible; GPTBot/1.2; +https://openai.com/gptbot)"
65.108.110.26 - - [28/Apr/2025:07:10:36 -0400] "GET /mlp/%EF%BB%BFhttp:/52-sell.com/o4q/storm-door-closes-too-fast.html HTTP/1.1" 404 39388 "-" "Mozilla/5.0 (compatible; MJ12bot/v1.4.8; http://mj12bot.com/)"
20.171.207.19 - - [28/Apr/2025:07:10:42 -0400] "GET /wp-content/uploads/2020/09/ARSN-Final-Logos-scaled.jpg%202560w,%20https:/arsn.media/wp-content/uploads/2020/09/ARSN-Final-Logos-300x138.jpg%20300w,%20https:/arsn.media/wp-content/uploads/2020/09/ARSN-Final-Logos-1024x471.jpg%201024w,%20https:/arsn.media/ARSN-Final-Logos-768x353.jpg%20768w,%20https:/ARSN-Final-Logos-1536x706.jpg%201536w,%20https:/ARSN-Final-Logos-2048x942.jpg%202048w HTTP/1.1" 404 39352 "-" "Mozilla/5.0 AppleWebKit/537.36 (KHTML, like Gecko; compatible; GPTBot/1.2; +https://openai.com/gptbot)"
192.95.29.138 - - [28/Apr/2025:07:10:39 -0400] "GET /mlp/%EF%BB%BFhttp:/52-sell.com/o4q/no-internet-when-connected-to-vpn.html HTTP/1.1" 404 39189 "-" "Mozilla/5.0 (compatible; MJ12bot/v1.4.8; http://mj12bot.com/)"
65.108.110.26 - - [28/Apr/2025:07:10:42 -0400] "GET /mlp/%EF%BB%BFhttp://52-sell.com/o4q/strawberry-cherry-strain.html HTTP/1.1" 301 0 "-" "Mozilla/5.0 (compatible; MJ12bot/v1.4.8; http://mj12bot.com/)"
20.171.207.19 - - [28/Apr/2025:07:10:45 -0400] "GET /wp-content/themes/onum/js/design-test.js HTTP/1.1" 404 39107 "-" "Mozilla/5.0 AppleWebKit/537.36 (KHTML, like Gecko; compatible; GPTBot/1.2; +https://openai.com/gptbot)"
192.95.29.138 - - [28/Apr/2025:07:10:44 -0400] "GET /mlp/%EF%BB%BFhttp://52-sell.com/o4q/no-recoil-csgo-script.html HTTP/1.1" 301 0 "-" "Mozilla/5.0 (compatible; MJ12bot/v1.4.8; http://mj12bot.com/)"
20.171.207.19 - - [28/Apr/2025:07:10:50 -0400] "GET /wp-content/themes/onum/css/design-test.css?ver=6.7.2 HTTP/1.1" 404 39402 "-" "Mozilla/5.0 AppleWebKit/537.36 (KHTML, like Gecko; compatible; GPTBot/1.2; +https://openai.com/gptbot)"
65.108.110.26 - - [28/Apr/2025:07:10:46 -0400] "GET /mlp/%EF%BB%BFhttp:/52-sell.com/o4q/strawberry-cherry-strain.html HTTP/1.1" 404 39277 "-" "Mozilla/5.0 (compatible; MJ12bot/v1.4.8; http://mj12bot.com/)"
192.95.29.138 - - [28/Apr/2025:07:10:48 -0400] "GET /mlp/%EF%BB%BFhttp:/52-sell.com/o4q/no-recoil-csgo-script.html HTTP/1.1" 404 39401 "-" "Mozilla/5.0 (compatible; MJ12bot/v1.4.8; http://mj12bot.com/)"
66.29.132.124 - - [28/Apr/2025:07:10:54 -0400] "POST /wp-cron.php?doing_wp_cron=1745838654.2737920284271240234375 HTTP/1.1" 200 0 "-" "WordPress/6.8; https://arsn.media"
66.29.132.124 - - [28/Apr/2025:07:10:55 -0400] "POST /wp-cron.php?doing_wp_cron=1745838654.6591041088104248046875 HTTP/1.1" 200 0 "-" "WordPress/6.8; https://arsn.media"
192.95.29.138 - - [28/Apr/2025:07:10:53 -0400] "GET /mlp/%EF%BB%BFhttp://52-sell.com/o4q/noesis-basecomponent.html HTTP/1.1" 301 0 "-" "Mozilla/5.0 (compatible; MJ12bot/v1.4.8; http://mj12bot.com/)"
65.108.110.26 - - [28/Apr/2025:07:10:53 -0400] "GET /mlp/%EF%BB%BFhttp://52-sell.com/o4q/street-fighter-6-xbox.html HTTP/1.1" 301 0 "-" "Mozilla/5.0 (compatible; MJ12bot/v1.4.8; http://mj12bot.com/)"
66.29.132.124 - - [28/Apr/2025:07:10:57 -0400] "POST /wp-admin/admin-ajax.php?action=async_litespeed&nonce=Wvlod32vWz9q2DoSSUafhLaevYuazvIU&litespeed_type=imgoptm HTTP/1.1" 200 0 "-" "WordPress/6.8; https://arsn.media"
20.171.207.19 - - [28/Apr/2025:07:11:00 -0400] "GET /wp-content/uploads/2020/10/404.png%20707w,%20https:/arsn.media/wp-content/uploads/2020/10/404-300x110.png%20300w HTTP/1.1" 404 39244 "-" "Mozilla/5.0 AppleWebKit/537.36 (KHTML, like Gecko; compatible; GPTBot/1.2; +https://openai.com/gptbot)"
192.95.29.138 - - [28/Apr/2025:07:10:57 -0400] "GET /mlp/%EF%BB%BFhttp:/52-sell.com/o4q/noesis-basecomponent.html HTTP/1.1" 404 39332 "-" "Mozilla/5.0 (compatible; MJ12bot/v1.4.8; http://mj12bot.com/)"
65.108.110.26 - - [28/Apr/2025:07:10:59 -0400] "GET /mlp/%EF%BB%BFhttp:/52-sell.com/o4q/street-fighter-6-xbox.html HTTP/1.1" 404 39400 "-" "Mozilla/5.0 (compatible; MJ12bot/v1.4.8; http://mj12bot.com/)"
20.171.207.19 - - [28/Apr/2025:07:11:03 -0400] "GET /wp-json/elementskit/v1/ HTTP/1.1" 404 114 "-" "Mozilla/5.0 AppleWebKit/537.36 (KHTML, like Gecko; compatible; GPTBot/1.2; +https://openai.com/gptbot)"
192.95.29.138 - - [28/Apr/2025:07:11:02 -0400] "GET /mlp/%EF%BB%BFhttp://52-sell.com/o4q/nordstrom-david-yurman-bracelet-mens.html HTTP/1.1" 301 0 "-" "Mozilla/5.0 (compatible; MJ12bot/v1.4.8; http://mj12bot.com/)"
65.108.110.26 - - [28/Apr/2025:07:11:05 -0400] "GET /mlp/%EF%BB%BFhttp://52-sell.com/o4q/street-stock-race-car-for-sale-near-south-carolina.html HTTP/1.1" 301 0 "-" "Mozilla/5.0 (compatible; MJ12bot/v1.4.8; http://mj12bot.com/)"
20.171.207.19 - - [28/Apr/2025:07:11:07 -0400] "GET /wp-content/uploads/2020/09/ARSN-Final-Logos-scaled.jpg%202560w,%20https:/arsn.media/wp-content/uploads/2020/09/ARSN-Final-Logos-300x138.jpg%20300w,%20https:/arsn.media/wp-content/uploads/2020/09/ARSN-Final-Logos-1024x471.jpg%201024w,%20https:/arsn.media/ARSN-Final-Logos-768x353.jpg%20768w,%20https:/ARSN-Final-Logos-1536x706.jpg%201536w,%20https:/ARSN-Final-Logos-2048x942.jpg%202048w HTTP/1.1" 404 39352 "-" "Mozilla/5.0 AppleWebKit/537.36 (KHTML, like Gecko; compatible; GPTBot/1.2; +https://openai.com/gptbot)"
192.95.29.138 - - [28/Apr/2025:07:11:06 -0400] "GET /mlp/%EF%BB%BFhttp:/52-sell.com/o4q/nordstrom-david-yurman-bracelet-mens.html HTTP/1.1" 404 39177 "-" "Mozilla/5.0 (compatible; MJ12bot/v1.4.8; http://mj12bot.com/)"
20.171.207.19 - - [28/Apr/2025:07:11:11 -0400] "GET /wp-content/themes/onum/css/design-test.css?ver=6.7.2 HTTP/1.1" 404 39402 "-" "Mozilla/5.0 AppleWebKit/537.36 (KHTML, like Gecko; compatible; GPTBot/1.2; +https://openai.com/gptbot)"
65.108.110.26 - - [28/Apr/2025:07:11:09 -0400] "GET /mlp/%EF%BB%BFhttp:/52-sell.com/o4q/street-stock-race-car-for-sale-near-south-carolina.html HTTP/1.1" 404 39203 "-" "Mozilla/5.0 (compatible; MJ12bot/v1.4.8; http://mj12bot.com/)"
192.95.29.138 - - [28/Apr/2025:07:11:11 -0400] "GET /mlp/%EF%BB%BFhttp://52-sell.com/o4q/north-sea-wind-farm.html HTTP/1.1" 301 0 "-" "Mozilla/5.0 (compatible; MJ12bot/v1.4.8; http://mj12bot.com/)"
20.171.207.19 - - [28/Apr/2025:07:11:15 -0400] "GET /wp-content/themes/onum/js/design-test.js HTTP/1.1" 404 39107 "-" "Mozilla/5.0 AppleWebKit/537.36 (KHTML, like Gecko; compatible; GPTBot/1.2; +https://openai.com/gptbot)"
65.108.110.26 - - [28/Apr/2025:07:11:14 -0400] "GET /mlp/%EF%BB%BFhttp://52-sell.com/o4q/sts-scale-model-decals.html HTTP/1.1" 301 0 "-" "Mozilla/5.0 (compatible; MJ12bot/v1.4.8; http://mj12bot.com/)"
192.95.29.138 - - [28/Apr/2025:07:11:14 -0400] "GET /mlp/%EF%BB%BFhttp:/52-sell.com/o4q/north-sea-wind-farm.html HTTP/1.1" 404 39280 "-" "Mozilla/5.0 (compatible; MJ12bot/v1.4.8; http://mj12bot.com/)"
192.95.29.138 - - [28/Apr/2025:07:11:19 -0400] "GET /mlp/%EF%BB%BFhttp://52-sell.com/o4q/northern-lite-campers-for-sale-in-california.html HTTP/1.1" 301 0 "-" "Mozilla/5.0 (compatible; MJ12bot/v1.4.8; http://mj12bot.com/)"
65.108.110.26 - - [28/Apr/2025:07:11:18 -0400] "GET /mlp/%EF%BB%BFhttp:/52-sell.com/o4q/sts-scale-model-decals.html HTTP/1.1" 404 39340 "-" "Mozilla/5.0 (compatible; MJ12bot/v1.4.8; http://mj12bot.com/)"
20.171.207.19 - - [28/Apr/2025:07:11:21 -0400] "GET /wp-admin/comment.php?action=spam&c=589 HTTP/1.1" 302 0 "-" "Mozilla/5.0 AppleWebKit/537.36 (KHTML, like Gecko; compatible; GPTBot/1.2; +https://openai.com/gptbot)"
192.95.29.138 - - [28/Apr/2025:07:11:23 -0400] "GET /mlp/%EF%BB%BFhttp:/52-sell.com/o4q/northern-lite-campers-for-sale-in-california.html HTTP/1.1" 404 39402 "-" "Mozilla/5.0 (compatible; MJ12bot/v1.4.8; http://mj12bot.com/)"
65.108.110.26 - - [28/Apr/2025:07:11:24 -0400] "GET /mlp/%EF%BB%BFhttp://52-sell.com/o4q/stuck-in-volterra-fanfic.html HTTP/1.1" 301 0 "-" "Mozilla/5.0 (compatible; MJ12bot/v1.4.8; http://mj12bot.com/)"
20.171.207.19 - - [28/Apr/2025:07:11:26 -0400] "GET /wp-admin/comment.php?action=approve&c=589 HTTP/1.1" 302 0 "-" "Mozilla/5.0 AppleWebKit/537.36 (KHTML, like Gecko; compatible; GPTBot/1.2; +https://openai.com/gptbot)"
192.95.29.138 - - [28/Apr/2025:07:11:27 -0400] "GET /mlp/%EF%BB%BFhttp://52-sell.com/o4q/norwich-strangers-canaries.html HTTP/1.1" 301 0 "-" "Mozilla/5.0 (compatible; MJ12bot/v1.4.8; http://mj12bot.com/)"
20.171.207.19 - - [28/Apr/2025:07:11:29 -0400] "GET /wp-admin/comment.php?action=trash&c=589 HTTP/1.1" 302 0 "-" "Mozilla/5.0 AppleWebKit/537.36 (KHTML, like Gecko; compatible; GPTBot/1.2; +https://openai.com/gptbot)"
65.108.110.26 - - [28/Apr/2025:07:11:28 -0400] "GET /mlp/%EF%BB%BFhttp:/52-sell.com/o4q/stuck-in-volterra-fanfic.html HTTP/1.1" 404 39272 "-" "Mozilla/5.0 (compatible; MJ12bot/v1.4.8; http://mj12bot.com/)"
192.95.29.138 - - [28/Apr/2025:07:11:30 -0400] "GET /mlp/%EF%BB%BFhttp:/52-sell.com/o4q/norwich-strangers-canaries.html HTTP/1.1" 404 39391 "-" "Mozilla/5.0 (compatible; MJ12bot/v1.4.8; http://mj12bot.com/)"
66.29.132.124 - - [28/Apr/2025:07:11:35 -0400] "POST /wp-cron.php?doing_wp_cron=1745838694.3816149234771728515625 HTTP/1.1" 200 0 "-" "WordPress/6.8; https://arsn.media"
20.171.207.19 - - [28/Apr/2025:07:11:33 -0400] "GET /wp-login.php?reauth=1&redirect_to=https%3A%2F%2Farsn.media%2Fwp-admin%2Fcomment.php%3Faction%3Dspam%26c%3D589 HTTP/1.1" 200 1894 "-" "Mozilla/5.0 AppleWebKit/537.36 (KHTML, like Gecko; compatible; GPTBot/1.2; +https://openai.com/gptbot)"
216.244.66.201 - - [28/Apr/2025:07:11:36 -0400] "GET /robots.txt HTTP/1.1" 200 168 "-" "Mozilla/5.0 (compatible; DotBot/1.2; +https://opensiteexplorer.org/dotbot; help@moz.com)"
192.95.29.138 - - [28/Apr/2025:07:11:35 -0400] "GET /mlp/%EF%BB%BFhttp://52-sell.com/o4q/notarial-cancellation-of-contract-to-sell-sample.html HTTP/1.1" 301 0 "-" "Mozilla/5.0 (compatible; MJ12bot/v1.4.8; http://mj12bot.com/)"
66.29.132.124 - - [28/Apr/2025:07:11:37 -0400] "POST /wp-admin/admin-ajax.php?action=async_litespeed&nonce=U3Q96V3IZ9ljz9lyrbNQoHXhzqUz3ogQ&litespeed_type=imgoptm HTTP/1.1" 200 0 "-" "WordPress/6.8; https://arsn.media"
65.108.110.26 - - [28/Apr/2025:07:11:36 -0400] "GET /mlp/%EF%BB%BFhttp://52-sell.com/o4q/substitute-antonym.html HTTP/1.1" 301 0 "-" "Mozilla/5.0 (compatible; MJ12bot/v1.4.8; http://mj12bot.com/)"
20.171.207.19 - - [28/Apr/2025:07:11:36 -0400] "GET /wp-login.php?reauth=1&redirect_to=https%3A%2F%2Farsn.media%2Fwp-admin%2Fcomment.php%3Faction%3Dapprove%26c%3D589 HTTP/1.1" 200 1899 "-" "Mozilla/5.0 AppleWebKit/537.36 (KHTML, like Gecko; compatible; GPTBot/1.2; +https://openai.com/gptbot)"
20.171.207.19 - - [28/Apr/2025:07:11:39 -0400] "GET /wp-login.php?reauth=1&redirect_to=https%3A%2F%2Farsn.media%2Fwp-admin%2Fcomment.php%3Faction%3Dtrash%26c%3D589 HTTP/1.1" 200 1897 "-" "Mozilla/5.0 AppleWebKit/537.36 (KHTML, like Gecko; compatible; GPTBot/1.2; +https://openai.com/gptbot)"
192.95.29.138 - - [28/Apr/2025:07:11:39 -0400] "GET /mlp/%EF%BB%BFhttp:/52-sell.com/o4q/notarial-cancellation-of-contract-to-sell-sample.html HTTP/1.1" 404 39252 "-" "Mozilla/5.0 (compatible; MJ12bot/v1.4.8; http://mj12bot.com/)"
65.108.110.26 - - [28/Apr/2025:07:11:41 -0400] "GET /mlp/%EF%BB%BFhttp:/52-sell.com/o4q/substitute-antonym.html HTTP/1.1" 404 39197 "-" "Mozilla/5.0 (compatible; MJ12bot/v1.4.8; http://mj12bot.com/)"
192.95.29.138 - - [28/Apr/2025:07:11:45 -0400] "GET /mlp/%EF%BB%BFhttp://52-sell.com/o4q/notre-dame-high-school-tuition.html HTTP/1.1" 301 0 "-" "Mozilla/5.0 (compatible; MJ12bot/v1.4.8; http://mj12bot.com/)"
65.108.110.26 - - [28/Apr/2025:07:11:46 -0400] "GET /mlp/%EF%BB%BFhttp://52-sell.com/o4q/summer-camps-cincinnati.html HTTP/1.1" 301 0 "-" "Mozilla/5.0 (compatible; MJ12bot/v1.4.8; http://mj12bot.com/)"
192.95.29.138 - - [28/Apr/2025:07:11:48 -0400] "GET /mlp/%EF%BB%BFhttp:/52-sell.com/o4q/notre-dame-high-school-tuition.html HTTP/1.1" 404 39245 "-" "Mozilla/5.0 (compatible; MJ12bot/v1.4.8; http://mj12bot.com/)"
66.29.132.124 - - [28/Apr/2025:07:11:52 -0400] "POST /wp-cron.php?doing_wp_cron=1745838711.2956860065460205078125 HTTP/1.1" 200 0 "-" "WordPress/6.8; https://arsn.media"
65.108.110.26 - - [28/Apr/2025:07:11:50 -0400] "GET /mlp/%EF%BB%BFhttp:/52-sell.com/o4q/summer-camps-cincinnati.html HTTP/1.1" 404 39369 "-" "Mozilla/5.0 (compatible; MJ12bot/v1.4.8; http://mj12bot.com/)"
192.95.29.138 - - [28/Apr/2025:07:11:54 -0400] "GET /mlp/%EF%BB%BFhttp://52-sell.com/o4q/npr-name-pattern.html HTTP/1.1" 301 0 "-" "Mozilla/5.0 (compatible; MJ12bot/v1.4.8; http://mj12bot.com/)"
65.108.110.26 - - [28/Apr/2025:07:11:57 -0400] "GET /mlp/%EF%BB%BFhttp://52-sell.com/o4q/summerland-bong-review.html HTTP/1.1" 301 0 "-" "Mozilla/5.0 (compatible; MJ12bot/v1.4.8; http://mj12bot.com/)"
192.95.29.138 - - [28/Apr/2025:07:11:58 -0400] "GET /mlp/%EF%BB%BFhttp:/52-sell.com/o4q/npr-name-pattern.html HTTP/1.1" 404 39324 "-" "Mozilla/5.0 (compatible; MJ12bot/v1.4.8; http://mj12bot.com/)"
192.95.29.138 - - [28/Apr/2025:07:12:03 -0400] "GET /mlp/%EF%BB%BFhttp://52-sell.com/o4q/numpy-sample-from-2d-array.html HTTP/1.1" 301 0 "-" "Mozilla/5.0 (compatible; MJ12bot/v1.4.8; http://mj12bot.com/)"
65.108.110.26 - - [28/Apr/2025:07:12:01 -0400] "GET /mlp/%EF%BB%BFhttp:/52-sell.com/o4q/summerland-bong-review.html HTTP/1.1" 404 39286 "-" "Mozilla/5.0 (compatible; MJ12bot/v1.4.8; http://mj12bot.com/)"
192.95.29.138 - - [28/Apr/2025:07:12:06 -0400] "GET /mlp/%EF%BB%BFhttp:/52-sell.com/o4q/numpy-sample-from-2d-array.html HTTP/1.1" 404 39335 "-" "Mozilla/5.0 (compatible; MJ12bot/v1.4.8; http://mj12bot.com/)"
65.108.110.26 - - [28/Apr/2025:07:12:08 -0400] "GET /mlp/%EF%BB%BFhttp://52-sell.com/o4q/sun-sextile-descendant-synastry.html HTTP/1.1" 301 0 "-" "Mozilla/5.0 (compatible; MJ12bot/v1.4.8; http://mj12bot.com/)"
192.95.29.138 - - [28/Apr/2025:07:12:11 -0400] "GET /mlp/%EF%BB%BFhttp://52-sell.com/o4q/nvidia-performance-tuning-download.html HTTP/1.1" 301 0 "-" "Mozilla/5.0 (compatible; MJ12bot/v1.4.8; http://mj12bot.com/)"
65.108.110.26 - - [28/Apr/2025:07:12:12 -0400] "GET /mlp/%EF%BB%BFhttp:/52-sell.com/o4q/sun-sextile-descendant-synastry.html HTTP/1.1" 404 39192 "-" "Mozilla/5.0 (compatible; MJ12bot/v1.4.8; http://mj12bot.com/)"
192.95.29.138 - - [28/Apr/2025:07:12:13 -0400] "GET /mlp/%EF%BB%BFhttp:/52-sell.com/o4q/nvidia-performance-tuning-download.html HTTP/1.1" 404 39185 "-" "Mozilla/5.0 (compatible; MJ12bot/v1.4.8; http://mj12bot.com/)"
65.108.110.26 - - [28/Apr/2025:07:12:16 -0400] "GET /mlp/%EF%BB%BFhttp://52-sell.com/o4q/sunbiz-fictitious-name-registration.html HTTP/1.1" 301 0 "-" "Mozilla/5.0 (compatible; MJ12bot/v1.4.8; http://mj12bot.com/)"
192.95.29.138 - - [28/Apr/2025:07:12:19 -0400] "GET /mlp/%EF%BB%BFhttp://52-sell.com/o4q/nvidia-shield-not-recognizing-external-hard-drive.html HTTP/1.1" 301 0 "-" "Mozilla/5.0 (compatible; MJ12bot/v1.4.8; http://mj12bot.com/)"
65.108.110.26 - - [28/Apr/2025:07:12:20 -0400] "GET /mlp/%EF%BB%BFhttp:/52-sell.com/o4q/sunbiz-fictitious-name-registration.html HTTP/1.1" 404 39284 "-" "Mozilla/5.0 (compatible; MJ12bot/v1.4.8; http://mj12bot.com/)"
192.95.29.138 - - [28/Apr/2025:07:12:24 -0400] "GET /mlp/%EF%BB%BFhttp:/52-sell.com/o4q/nvidia-shield-not-recognizing-external-hard-drive.html HTTP/1.1" 404 39317 "-" "Mozilla/5.0 (compatible; MJ12bot/v1.4.8; http://mj12bot.com/)"
66.29.132.124 - - [28/Apr/2025:07:12:27 -0400] "POST /wp-admin/admin-ajax.php?action=as_async_request_queue_runner&nonce=b691fb58eb HTTP/1.1" 200 0 "-" "WordPress/6.8; https://arsn.media"
20.171.207.19 - - [28/Apr/2025:07:12:26 -0400] "GET /wp-admin/comment.php?action=spam&c=594 HTTP/1.1" 302 0 "-" "Mozilla/5.0 AppleWebKit/537.36 (KHTML, like Gecko; compatible; GPTBot/1.2; +https://openai.com/gptbot)"
65.108.110.26 - - [28/Apr/2025:07:12:27 -0400] "GET /mlp/%EF%BB%BFhttp://52-sell.com/o4q/sunshine-snacks-zoomers.html HTTP/1.1" 301 0 "-" "Mozilla/5.0 (compatible; MJ12bot/v1.4.8; http://mj12bot.com/)"
192.95.29.138 - - [28/Apr/2025:07:12:29 -0400] "GET /mlp/%EF%BB%BFhttp://52-sell.com/o4q/nvidia-shield-remote-battery-2017.html HTTP/1.1" 301 0 "-" "Mozilla/5.0 (compatible; MJ12bot/v1.4.8; http://mj12bot.com/)"
20.171.207.19 - - [28/Apr/2025:07:12:29 -0400] "GET /wp-admin/comment.php?action=trash&c=594 HTTP/1.1" 302 0 "-" "Mozilla/5.0 AppleWebKit/537.36 (KHTML, like Gecko; compatible; GPTBot/1.2; +https://openai.com/gptbot)"
20.171.207.19 - - [28/Apr/2025:07:12:32 -0400] "GET /wp-admin/comment.php?action=approve&c=594 HTTP/1.1" 302 0 "-" "Mozilla/5.0 AppleWebKit/537.36 (KHTML, like Gecko; compatible; GPTBot/1.2; +https://openai.com/gptbot)"
65.108.110.26 - - [28/Apr/2025:07:12:31 -0400] "GET /mlp/%EF%BB%BFhttp:/52-sell.com/o4q/sunshine-snacks-zoomers.html HTTP/1.1" 404 39348 "-" "Mozilla/5.0 (compatible; MJ12bot/v1.4.8; http://mj12bot.com/)"
66.29.132.124 - - [28/Apr/2025:07:12:35 -0400] "POST /wp-cron.php?doing_wp_cron=1745838754.2019450664520263671875 HTTP/1.1" 200 0 "-" "WordPress/6.8; https://arsn.media"
192.95.29.138 - - [28/Apr/2025:07:12:32 -0400] "GET /mlp/%EF%BB%BFhttp:/52-sell.com/o4q/nvidia-shield-remote-battery-2017.html HTTP/1.1" 404 39188 "-" "Mozilla/5.0 (compatible; MJ12bot/v1.4.8; http://mj12bot.com/)"
20.171.207.19 - - [28/Apr/2025:07:12:36 -0400] "GET /wp-login.php?reauth=1&redirect_to=https%3A%2F%2Farsn.media%2Fwp-admin%2Fcomment.php%3Faction%3Dspam%26c%3D594 HTTP/1.1" 200 1894 "-" "Mozilla/5.0 AppleWebKit/537.36 (KHTML, like Gecko; compatible; GPTBot/1.2; +https://openai.com/gptbot)"
65.108.110.26 - - [28/Apr/2025:07:12:37 -0400] "GET /mlp/%EF%BB%BFhttp://52-sell.com/o4q/super-kale-smoothie.html HTTP/1.1" 301 0 "-" "Mozilla/5.0 (compatible; MJ12bot/v1.4.8; http://mj12bot.com/)"
20.171.207.19 - - [28/Apr/2025:07:12:39 -0400] "GET /wp-login.php?reauth=1&redirect_to=https%3A%2F%2Farsn.media%2Fwp-admin%2Fcomment.php%3Faction%3Dtrash%26c%3D594 HTTP/1.1" 200 1897 "-" "Mozilla/5.0 AppleWebKit/537.36 (KHTML, like Gecko; compatible; GPTBot/1.2; +https://openai.com/gptbot)"
192.95.29.138 - - [28/Apr/2025:07:12:39 -0400] "GET /mlp/%EF%BB%BFhttp://52-sell.com/o4q/nypd-tier-3-contract.html HTTP/1.1" 301 0 "-" "Mozilla/5.0 (compatible; MJ12bot/v1.4.8; http://mj12bot.com/)"
20.171.207.19 - - [28/Apr/2025:07:12:41 -0400] "GET /wp-login.php?reauth=1&redirect_to=https%3A%2F%2Farsn.media%2Fwp-admin%2Fcomment.php%3Faction%3Dapprove%26c%3D594 HTTP/1.1" 200 1899 "-" "Mozilla/5.0 AppleWebKit/537.36 (KHTML, like Gecko; compatible; GPTBot/1.2; +https://openai.com/gptbot)"
65.108.110.26 - - [28/Apr/2025:07:12:41 -0400] "GET /mlp/%EF%BB%BFhttp:/52-sell.com/o4q/super-kale-smoothie.html HTTP/1.1" 404 39288 "-" "Mozilla/5.0 (compatible; MJ12bot/v1.4.8; http://mj12bot.com/)"
192.95.29.138 - - [28/Apr/2025:07:12:43 -0400] "GET /mlp/%EF%BB%BFhttp:/52-sell.com/o4q/nypd-tier-3-contract.html HTTP/1.1" 404 39335 "-" "Mozilla/5.0 (compatible; MJ12bot/v1.4.8; http://mj12bot.com/)"
65.108.110.26 - - [28/Apr/2025:07:12:46 -0400] "GET /mlp/%EF%BB%BFhttp://52-sell.com/o4q/super-metroid-randomizer-discord.html HTTP/1.1" 301 0 "-" "Mozilla/5.0 (compatible; MJ12bot/v1.4.8; http://mj12bot.com/)"
192.95.29.138 - - [28/Apr/2025:07:12:47 -0400] "GET /mlp/%EF%BB%BFhttp://52-sell.com/o4q/o-level-english-paper-2018.html HTTP/1.1" 301 0 "-" "Mozilla/5.0 (compatible; MJ12bot/v1.4.8; http://mj12bot.com/)"
65.108.110.26 - - [28/Apr/2025:07:12:51 -0400] "GET /mlp/%EF%BB%BFhttp:/52-sell.com/o4q/super-metroid-randomizer-discord.html HTTP/1.1" 404 39126 "-" "Mozilla/5.0 (compatible; MJ12bot/v1.4.8; http://mj12bot.com/)"
192.95.29.138 - - [28/Apr/2025:07:12:51 -0400] "GET /mlp/%EF%BB%BFhttp:/52-sell.com/o4q/o-level-english-paper-2018.html HTTP/1.1" 404 39340 "-" "Mozilla/5.0 (compatible; MJ12bot/v1.4.8; http://mj12bot.com/)"
192.95.29.138 - - [28/Apr/2025:07:12:56 -0400] "GET /mlp/%EF%BB%BFhttp://52-sell.com/o4q/oatey-42099-shower-drain-installation-instructions.html HTTP/1.1" 301 0 "-" "Mozilla/5.0 (compatible; MJ12bot/v1.4.8; http://mj12bot.com/)"
65.108.110.26 - - [28/Apr/2025:07:12:56 -0400] "GET /mlp/%EF%BB%BFhttp://52-sell.com/o4q/tamarin-wings-of-fire.html HTTP/1.1" 301 0 "-" "Mozilla/5.0 (compatible; MJ12bot/v1.4.8; http://mj12bot.com/)"
192.95.29.138 - - [28/Apr/2025:07:13:00 -0400] "GET /mlp/%EF%BB%BFhttp:/52-sell.com/o4q/oatey-42099-shower-drain-installation-instructions.html HTTP/1.1" 404 39270 "-" "Mozilla/5.0 (compatible; MJ12bot/v1.4.8; http://mj12bot.com/)"
65.108.110.26 - - [28/Apr/2025:07:13:01 -0400] "GET /mlp/%EF%BB%BFhttp:/52-sell.com/o4q/tamarin-wings-of-fire.html HTTP/1.1" 404 39397 "-" "Mozilla/5.0 (compatible; MJ12bot/v1.4.8; http://mj12bot.com/)"
192.95.29.138 - - [28/Apr/2025:07:13:05 -0400] "GET /mlp/%EF%BB%BFhttp://52-sell.com/o4q/oauth2-revoke-token-example.html HTTP/1.1" 301 0 "-" "Mozilla/5.0 (compatible; MJ12bot/v1.4.8; http://mj12bot.com/)"
65.108.110.26 - - [28/Apr/2025:07:13:07 -0400] "GET /mlp/%EF%BB%BFhttp://52-sell.com/o4q/tamoxifen-and-ostarine.html HTTP/1.1" 301 0 "-" "Mozilla/5.0 (compatible; MJ12bot/v1.4.8; http://mj12bot.com/)"
192.95.29.138 - - [28/Apr/2025:07:13:08 -0400] "GET /mlp/%EF%BB%BFhttp:/52-sell.com/o4q/oauth2-revoke-token-example.html HTTP/1.1" 404 39231 "-" "Mozilla/5.0 (compatible; MJ12bot/v1.4.8; http://mj12bot.com/)"
65.108.110.26 - - [28/Apr/2025:07:13:12 -0400] "GET /mlp/%EF%BB%BFhttp:/52-sell.com/o4q/tamoxifen-and-ostarine.html HTTP/1.1" 404 39338 "-" "Mozilla/5.0 (compatible; MJ12bot/v1.4.8; http://mj12bot.com/)"
192.95.29.138 - - [28/Apr/2025:07:13:14 -0400] "GET /mlp/%EF%BB%BFhttp://52-sell.com/o4q/obey-me-birthday-calls.html HTTP/1.1" 301 0 "-" "Mozilla/5.0 (compatible; MJ12bot/v1.4.8; http://mj12bot.com/)"
65.108.110.26 - - [28/Apr/2025:07:13:19 -0400] "GET /mlp/%EF%BB%BFhttp://52-sell.com/o4q/tangled-free-download-full-movie-mp4.html HTTP/1.1" 301 0 "-" "Mozilla/5.0 (compatible; MJ12bot/v1.4.8; http://mj12bot.com/)"
192.95.29.138 - - [28/Apr/2025:07:13:18 -0400] "GET /mlp/%EF%BB%BFhttp:/52-sell.com/o4q/obey-me-birthday-calls.html HTTP/1.1" 404 39341 "-" "Mozilla/5.0 (compatible; MJ12bot/v1.4.8; http://mj12bot.com/)"
192.95.29.138 - - [28/Apr/2025:07:13:24 -0400] "GET /mlp/%EF%BB%BFhttp://52-sell.com/o4q/ocrevus-600-mg-infusion.html HTTP/1.1" 301 0 "-" "Mozilla/5.0 (compatible; MJ12bot/v1.4.8; http://mj12bot.com/)"
65.108.110.26 - - [28/Apr/2025:07:13:24 -0400] "GET /mlp/%EF%BB%BFhttp:/52-sell.com/o4q/tangled-free-download-full-movie-mp4.html HTTP/1.1" 404 39249 "-" "Mozilla/5.0 (compatible; MJ12bot/v1.4.8; http://mj12bot.com/)"
65.108.110.26 - - [28/Apr/2025:07:13:27 -0400] "GET /mlp/%EF%BB%BFhttp://52-sell.com/o4q/tannoy-cvs4.html HTTP/1.1" 301 0 "-" "Mozilla/5.0 (compatible; MJ12bot/v1.4.8; http://mj12bot.com/)"
192.95.29.138 - - [28/Apr/2025:07:13:27 -0400] "GET /mlp/%EF%BB%BFhttp:/52-sell.com/o4q/ocrevus-600-mg-infusion.html HTTP/1.1" 404 39343 "-" "Mozilla/5.0 (compatible; MJ12bot/v1.4.8; http://mj12bot.com/)"
192.95.29.138 - - [28/Apr/2025:07:13:31 -0400] "GET /mlp/%EF%BB%BFhttp://52-sell.com/o4q/ocrevus-infusion-reactions.html HTTP/1.1" 301 0 "-" "Mozilla/5.0 (compatible; MJ12bot/v1.4.8; http://mj12bot.com/)"
65.108.110.26 - - [28/Apr/2025:07:13:31 -0400] "GET /mlp/%EF%BB%BFhttp:/52-sell.com/o4q/tannoy-cvs4.html HTTP/1.1" 404 39242 "-" "Mozilla/5.0 (compatible; MJ12bot/v1.4.8; http://mj12bot.com/)"
66.29.132.124 - - [28/Apr/2025:07:13:37 -0400] "POST /wp-cron.php?doing_wp_cron=1745838816.9393510818481445312500 HTTP/1.1" 200 0 "-" "WordPress/6.8; https://arsn.media"
66.29.132.124 - - [28/Apr/2025:07:13:39 -0400] "POST /wp-cron.php?doing_wp_cron=1745838818.1077699661254882812500 HTTP/1.1" 200 0 "-" "WordPress/6.8; https://arsn.media"
65.108.110.26 - - [28/Apr/2025:07:13:36 -0400] "GET /mlp/%EF%BB%BFhttp://52-sell.com/o4q/tannoy-hts-101-subwoofer.html HTTP/1.1" 301 0 "-" "Mozilla/5.0 (compatible; MJ12bot/v1.4.8; http://mj12bot.com/)"
192.95.29.138 - - [28/Apr/2025:07:13:35 -0400] "GET /mlp/%EF%BB%BFhttp:/52-sell.com/o4q/ocrevus-infusion-reactions.html HTTP/1.1" 404 39387 "-" "Mozilla/5.0 (compatible; MJ12bot/v1.4.8; http://mj12bot.com/)"
