66.29.132.124 - - [28/Apr/2025:07:13:41 -0400] "POST /wp-admin/admin-ajax.php?action=async_litespeed&nonce=3Da4wknUB4hewNEvQ54PzSoxgNPOvfEp&litespeed_type=imgoptm HTTP/1.1" 200 0 "-" "WordPress/6.8; https://arsn.media"
192.95.29.138 - - [28/Apr/2025:07:13:42 -0400] "GET /mlp/%EF%BB%BFhttp://52-sell.com/o4q/oculus-airplay-laggy.html HTTP/1.1" 301 0 "-" "Mozilla/5.0 (compatible; MJ12bot/v1.4.8; http://mj12bot.com/)"
65.108.110.26 - - [28/Apr/2025:07:13:42 -0400] "GET /mlp/%EF%BB%BFhttp:/52-sell.com/o4q/tannoy-hts-101-subwoofer.html HTTP/1.1" 404 39212 "-" "Mozilla/5.0 (compatible; MJ12bot/v1.4.8; http://mj12bot.com/)"
192.95.29.138 - - [28/Apr/2025:07:13:47 -0400] "GET /mlp/%EF%BB%BFhttp:/52-sell.com/o4q/oculus-airplay-laggy.html HTTP/1.1" 404 39282 "-" "Mozilla/5.0 (compatible; MJ12bot/v1.4.8; http://mj12bot.com/)"
65.108.110.26 - - [28/Apr/2025:07:13:50 -0400] "GET /mlp/%EF%BB%BFhttp://52-sell.com/o4q/tara-calico-reddit.html HTTP/1.1" 301 0 "-" "Mozilla/5.0 (compatible; MJ12bot/v1.4.8; http://mj12bot.com/)"
66.29.132.124 - - [28/Apr/2025:07:13:53 -0400] "POST /wp-cron.php?doing_wp_cron=1745838831.4082698822021484375000 HTTP/1.1" 200 0 "-" "WordPress/6.8; https://arsn.media"
192.95.29.138 - - [28/Apr/2025:07:13:53 -0400] "GET /mlp/%EF%BB%BFhttp://52-sell.com/o4q/oculus-quest-2-controller-battery-replacement.html HTTP/1.1" 301 0 "-" "Mozilla/5.0 (compatible; MJ12bot/v1.4.8; http://mj12bot.com/)"
65.108.110.26 - - [28/Apr/2025:07:13:56 -0400] "GET /mlp/%EF%BB%BFhttp:/52-sell.com/o4q/tara-calico-reddit.html HTTP/1.1" 404 39195 "-" "Mozilla/5.0 (compatible; MJ12bot/v1.4.8; http://mj12bot.com/)"
192.95.29.138 - - [28/Apr/2025:07:13:57 -0400] "GET /mlp/%EF%BB%BFhttp:/52-sell.com/o4q/oculus-quest-2-controller-battery-replacement.html HTTP/1.1" 404 39396 "-" "Mozilla/5.0 (compatible; MJ12bot/v1.4.8; http://mj12bot.com/)"
65.108.110.26 - - [28/Apr/2025:07:14:02 -0400] "GET /mlp/%EF%BB%BFhttp://52-sell.com/o4q/target-changes-2021.html HTTP/1.1" 301 0 "-" "Mozilla/5.0 (compatible; MJ12bot/v1.4.8; http://mj12bot.com/)"
192.95.29.138 - - [28/Apr/2025:07:14:03 -0400] "GET /mlp/%EF%BB%BFhttp://52-sell.com/o4q/odot-functional-classification.html HTTP/1.1" 301 0 "-" "Mozilla/5.0 (compatible; MJ12bot/v1.4.8; http://mj12bot.com/)"
65.108.110.26 - - [28/Apr/2025:07:14:07 -0400] "GET /mlp/%EF%BB%BFhttp:/52-sell.com/o4q/target-changes-2021.html HTTP/1.1" 404 39297 "-" "Mozilla/5.0 (compatible; MJ12bot/v1.4.8; http://mj12bot.com/)"
192.95.29.138 - - [28/Apr/2025:07:14:07 -0400] "GET /mlp/%EF%BB%BFhttp:/52-sell.com/o4q/odot-functional-classification.html HTTP/1.1" 404 39289 "-" "Mozilla/5.0 (compatible; MJ12bot/v1.4.8; http://mj12bot.com/)"
192.95.29.138 - - [28/Apr/2025:07:14:12 -0400] "GET /mlp/%EF%BB%BFhttp://52-sell.com/o4q/odot-twitter-portland.html HTTP/1.1" 301 0 "-" "Mozilla/5.0 (compatible; MJ12bot/v1.4.8; http://mj12bot.com/)"
65.108.110.26 - - [28/Apr/2025:07:14:12 -0400] "GET /mlp/%EF%BB%BFhttp://52-sell.com/o4q/target-tech-consultant-salary-near-california.html HTTP/1.1" 301 0 "-" "Mozilla/5.0 (compatible; MJ12bot/v1.4.8; http://mj12bot.com/)"
192.95.29.138 - - [28/Apr/2025:07:14:15 -0400] "GET /mlp/%EF%BB%BFhttp:/52-sell.com/o4q/odot-twitter-portland.html HTTP/1.1" 404 39396 "-" "Mozilla/5.0 (compatible; MJ12bot/v1.4.8; http://mj12bot.com/)"
65.108.110.26 - - [28/Apr/2025:07:14:16 -0400] "GET /mlp/%EF%BB%BFhttp:/52-sell.com/o4q/target-tech-consultant-salary-near-california.html HTTP/1.1" 404 39394 "-" "Mozilla/5.0 (compatible; MJ12bot/v1.4.8; http://mj12bot.com/)"
192.95.29.138 - - [28/Apr/2025:07:14:20 -0400] "GET /mlp/%EF%BB%BFhttp://52-sell.com/o4q/odu-library-room.html HTTP/1.1" 301 0 "-" "Mozilla/5.0 (compatible; MJ12bot/v1.4.8; http://mj12bot.com/)"
65.108.110.26 - - [28/Apr/2025:07:14:20 -0400] "GET /mlp/%EF%BB%BFhttp://52-sell.com/o4q/tau-leaks.html HTTP/1.1" 301 0 "-" "Mozilla/5.0 (compatible; MJ12bot/v1.4.8; http://mj12bot.com/)"
192.95.29.138 - - [28/Apr/2025:07:14:23 -0400] "GET /mlp/%EF%BB%BFhttp:/52-sell.com/o4q/odu-library-room.html HTTP/1.1" 404 39324 "-" "Mozilla/5.0 (compatible; MJ12bot/v1.4.8; http://mj12bot.com/)"
65.108.110.26 - - [28/Apr/2025:07:14:25 -0400] "GET /mlp/%EF%BB%BFhttp:/52-sell.com/o4q/tau-leaks.html HTTP/1.1" 404 39309 "-" "Mozilla/5.0 (compatible; MJ12bot/v1.4.8; http://mj12bot.com/)"
216.244.66.201 - - [28/Apr/2025:07:14:25 -0400] "GET /808/european-anime-characters.html HTTP/1.1" 404 566575 "-" "Mozilla/5.0 (compatible; DotBot/1.2; +https://opensiteexplorer.org/dotbot; help@moz.com)"
192.95.29.138 - - [28/Apr/2025:07:14:28 -0400] "GET /mlp/%EF%BB%BFhttp://52-sell.com/o4q/officer-lapointe-pasco-county-lawsuit.html HTTP/1.1" 301 0 "-" "Mozilla/5.0 (compatible; MJ12bot/v1.4.8; http://mj12bot.com/)"
65.108.110.26 - - [28/Apr/2025:07:14:29 -0400] "GET /mlp/%EF%BB%BFhttp://52-sell.com/o4q/taurus-605-38-special.html HTTP/1.1" 301 0 "-" "Mozilla/5.0 (compatible; MJ12bot/v1.4.8; http://mj12bot.com/)"
192.95.29.138 - - [28/Apr/2025:07:14:30 -0400] "GET /mlp/%EF%BB%BFhttp:/52-sell.com/o4q/officer-lapointe-pasco-county-lawsuit.html HTTP/1.1" 404 39151 "-" "Mozilla/5.0 (compatible; MJ12bot/v1.4.8; http://mj12bot.com/)"
65.108.110.26 - - [28/Apr/2025:07:14:33 -0400] "GET /mlp/%EF%BB%BFhttp:/52-sell.com/o4q/taurus-605-38-special.html HTTP/1.1" 404 39341 "-" "Mozilla/5.0 (compatible; MJ12bot/v1.4.8; http://mj12bot.com/)"
192.95.29.138 - - [28/Apr/2025:07:14:35 -0400] "GET /mlp/%EF%BB%BFhttp://52-sell.com/o4q/oil-temperature-sensor-symptoms.html HTTP/1.1" 301 0 "-" "Mozilla/5.0 (compatible; MJ12bot/v1.4.8; http://mj12bot.com/)"
65.108.110.26 - - [28/Apr/2025:07:14:38 -0400] "GET /mlp/%EF%BB%BFhttp://52-sell.com/o4q/tcl-10-5g-bootloader-unlock.html HTTP/1.1" 301 0 "-" "Mozilla/5.0 (compatible; MJ12bot/v1.4.8; http://mj12bot.com/)"
192.95.29.138 - - [28/Apr/2025:07:14:37 -0400] "GET /mlp/%EF%BB%BFhttp:/52-sell.com/o4q/oil-temperature-sensor-symptoms.html HTTP/1.1" 404 39125 "-" "Mozilla/5.0 (compatible; MJ12bot/v1.4.8; http://mj12bot.com/)"
216.244.66.201 - - [28/Apr/2025:07:14:37 -0400] "GET /808/obi-wan-kenobi-episode-2-reddit.html HTTP/1.1" 404 566911 "-" "Mozilla/5.0 (compatible; DotBot/1.2; +https://opensiteexplorer.org/dotbot; help@moz.com)"
192.95.29.138 - - [28/Apr/2025:07:14:42 -0400] "GET /mlp/%EF%BB%BFhttp://52-sell.com/o4q/okanogan-county-local-news.html HTTP/1.1" 301 0 "-" "Mozilla/5.0 (compatible; MJ12bot/v1.4.8; http://mj12bot.com/)"
65.108.110.26 - - [28/Apr/2025:07:14:43 -0400] "GET /mlp/%EF%BB%BFhttp:/52-sell.com/o4q/tcl-10-5g-bootloader-unlock.html HTTP/1.1" 404 39233 "-" "Mozilla/5.0 (compatible; MJ12bot/v1.4.8; http://mj12bot.com/)"
192.95.29.138 - - [28/Apr/2025:07:14:45 -0400] "GET /mlp/%EF%BB%BFhttp:/52-sell.com/o4q/okanogan-county-local-news.html HTTP/1.1" 404 39390 "-" "Mozilla/5.0 (compatible; MJ12bot/v1.4.8; http://mj12bot.com/)"
65.108.110.26 - - [28/Apr/2025:07:14:47 -0400] "GET /mlp/%EF%BB%BFhttp://52-sell.com/o4q/tcl-50s431.html HTTP/1.1" 301 0 "-" "Mozilla/5.0 (compatible; MJ12bot/v1.4.8; http://mj12bot.com/)"
192.95.29.138 - - [28/Apr/2025:07:14:49 -0400] "GET /mlp/%EF%BB%BFhttp://52-sell.com/o4q/okex-support-email.html HTTP/1.1" 301 0 "-" "Mozilla/5.0 (compatible; MJ12bot/v1.4.8; http://mj12bot.com/)"
66.29.132.124 - - [28/Apr/2025:07:14:53 -0400] "POST /wp-cron.php?doing_wp_cron=1745838892.5824229717254638671875 HTTP/1.1" 200 0 "-" "WordPress/6.8; https://arsn.media"
65.108.110.26 - - [28/Apr/2025:07:14:51 -0400] "GET /mlp/%EF%BB%BFhttp:/52-sell.com/o4q/tcl-50s431.html HTTP/1.1" 404 39241 "-" "Mozilla/5.0 (compatible; MJ12bot/v1.4.8; http://mj12bot.com/)"
192.95.29.138 - - [28/Apr/2025:07:14:53 -0400] "GET /mlp/%EF%BB%BFhttp:/52-sell.com/o4q/okex-support-email.html HTTP/1.1" 404 39270 "-" "Mozilla/5.0 (compatible; MJ12bot/v1.4.8; http://mj12bot.com/)"
66.29.132.124 - - [28/Apr/2025:07:14:56 -0400] "POST /wp-admin/admin-ajax.php?action=async_litespeed&nonce=uD4gesSM5XXk0WZ0rwlHkieCAGlcA7oH&litespeed_type=imgoptm HTTP/1.1" 200 0 "-" "WordPress/6.8; https://arsn.media"
65.108.110.26 - - [28/Apr/2025:07:14:57 -0400] "GET /mlp/%EF%BB%BFhttp://52-sell.com/o4q/tcl-65r635-vs.html HTTP/1.1" 301 0 "-" "Mozilla/5.0 (compatible; MJ12bot/v1.4.8; http://mj12bot.com/)"
216.244.66.201 - - [28/Apr/2025:07:14:56 -0400] "GET /808/yamaha-battery-replacement.html HTTP/1.1" 404 566631 "-" "Mozilla/5.0 (compatible; DotBot/1.2; +https://opensiteexplorer.org/dotbot; help@moz.com)"
192.95.29.138 - - [28/Apr/2025:07:14:58 -0400] "GET /mlp/%EF%BB%BFhttp://52-sell.com/o4q/old-discord-icon-png.html HTTP/1.1" 301 0 "-" "Mozilla/5.0 (compatible; MJ12bot/v1.4.8; http://mj12bot.com/)"
192.95.29.138 - - [28/Apr/2025:07:15:01 -0400] "GET /mlp/%EF%BB%BFhttp:/52-sell.com/o4q/old-discord-icon-png.html HTTP/1.1" 404 39336 "-" "Mozilla/5.0 (compatible; MJ12bot/v1.4.8; http://mj12bot.com/)"
65.108.110.26 - - [28/Apr/2025:07:15:02 -0400] "GET /mlp/%EF%BB%BFhttp:/52-sell.com/o4q/tcl-65r635-vs.html HTTP/1.1" 404 39428 "-" "Mozilla/5.0 (compatible; MJ12bot/v1.4.8; http://mj12bot.com/)"
192.95.29.138 - - [28/Apr/2025:07:15:07 -0400] "GET /mlp/%EF%BB%BFhttp://52-sell.com/o4q/old-shimano-baitcaster.html HTTP/1.1" 301 0 "-" "Mozilla/5.0 (compatible; MJ12bot/v1.4.8; http://mj12bot.com/)"
65.108.110.26 - - [28/Apr/2025:07:15:08 -0400] "GET /mlp/%EF%BB%BFhttp://52-sell.com/o4q/tcu-tune-mercedes.html HTTP/1.1" 301 0 "-" "Mozilla/5.0 (compatible; MJ12bot/v1.4.8; http://mj12bot.com/)"
192.95.29.138 - - [28/Apr/2025:07:15:11 -0400] "GET /mlp/%EF%BB%BFhttp:/52-sell.com/o4q/old-shimano-baitcaster.html HTTP/1.1" 404 39339 "-" "Mozilla/5.0 (compatible; MJ12bot/v1.4.8; http://mj12bot.com/)"
20.171.207.19 - - [28/Apr/2025:07:15:15 -0400] "GET /wp-content/uploads/2020/10/404.png%20707w,%20https:/arsn.media/wp-content/uploads/2020/10/404-300x110.png%20300w HTTP/1.1" 404 39244 "-" "Mozilla/5.0 AppleWebKit/537.36 (KHTML, like Gecko; compatible; GPTBot/1.2; +https://openai.com/gptbot)"
65.108.110.26 - - [28/Apr/2025:07:15:13 -0400] "GET /mlp/%EF%BB%BFhttp:/52-sell.com/o4q/tcu-tune-mercedes.html HTTP/1.1" 404 39237 "-" "Mozilla/5.0 (compatible; MJ12bot/v1.4.8; http://mj12bot.com/)"
20.171.207.19 - - [28/Apr/2025:07:15:17 -0400] "GET /wp-content/uploads/2020/09/ARSN-Final-Logos-scaled.jpg%202560w,%20https:/arsn.media/wp-content/uploads/2020/09/ARSN-Final-Logos-300x138.jpg%20300w,%20https:/arsn.media/wp-content/uploads/2020/09/ARSN-Final-Logos-1024x471.jpg%201024w,%20https:/arsn.media/ARSN-Final-Logos-768x353.jpg%20768w,%20https:/ARSN-Final-Logos-1536x706.jpg%201536w,%20https:/ARSN-Final-Logos-2048x942.jpg%202048w HTTP/1.1" 404 39352 "-" "Mozilla/5.0 AppleWebKit/537.36 (KHTML, like Gecko; compatible; GPTBot/1.2; +https://openai.com/gptbot)"
20.171.207.19 - - [28/Apr/2025:07:15:20 -0400] "GET /wp-json/elementskit/v1/ HTTP/1.1" 404 114 "-" "Mozilla/5.0 AppleWebKit/537.36 (KHTML, like Gecko; compatible; GPTBot/1.2; +https://openai.com/gptbot)"
192.95.29.138 - - [28/Apr/2025:07:15:19 -0400] "GET /mlp/%EF%BB%BFhttp://52-sell.com/o4q/olympic-national-park.html HTTP/1.1" 301 0 "-" "Mozilla/5.0 (compatible; MJ12bot/v1.4.8; http://mj12bot.com/)"
216.244.66.201 - - [28/Apr/2025:07:15:19 -0400] "GET /ukdygc/everquest-tlp-cleric.html HTTP/1.1" 404 566463 "-" "Mozilla/5.0 (compatible; DotBot/1.2; +https://opensiteexplorer.org/dotbot; help@moz.com)"
20.171.207.19 - - [28/Apr/2025:07:15:22 -0400] "GET /wp-content/themes/onum/js/design-test.js HTTP/1.1" 404 39107 "-" "Mozilla/5.0 AppleWebKit/537.36 (KHTML, like Gecko; compatible; GPTBot/1.2; +https://openai.com/gptbot)"
65.108.110.26 - - [28/Apr/2025:07:15:21 -0400] "GET /mlp/%EF%BB%BFhttp://52-sell.com/o4q/teco-appointment-for-translation.html HTTP/1.1" 301 0 "-" "Mozilla/5.0 (compatible; MJ12bot/v1.4.8; http://mj12bot.com/)"
20.171.207.19 - - [28/Apr/2025:07:15:24 -0400] "GET /wp-content/themes/onum/css/design-test.css?ver=6.7.1 HTTP/1.1" 404 39403 "-" "Mozilla/5.0 AppleWebKit/537.36 (KHTML, like Gecko; compatible; GPTBot/1.2; +https://openai.com/gptbot)"
192.95.29.138 - - [28/Apr/2025:07:15:24 -0400] "GET /mlp/%EF%BB%BFhttp:/52-sell.com/o4q/olympic-national-park.html HTTP/1.1" 404 39396 "-" "Mozilla/5.0 (compatible; MJ12bot/v1.4.8; http://mj12bot.com/)"
65.108.110.26 - - [28/Apr/2025:07:15:26 -0400] "GET /mlp/%EF%BB%BFhttp:/52-sell.com/o4q/teco-appointment-for-translation.html HTTP/1.1" 404 39180 "-" "Mozilla/5.0 (compatible; MJ12bot/v1.4.8; http://mj12bot.com/)"
192.95.29.138 - - [28/Apr/2025:07:15:28 -0400] "GET /mlp/%EF%BB%BFhttp://52-sell.com/o4q/omaha-camera-store.html HTTP/1.1" 301 0 "-" "Mozilla/5.0 (compatible; MJ12bot/v1.4.8; http://mj12bot.com/)"
65.108.110.26 - - [28/Apr/2025:07:15:31 -0400] "GET /mlp/%EF%BB%BFhttp://52-sell.com/o4q/tecumseh-engine-carburetor.html HTTP/1.1" 301 0 "-" "Mozilla/5.0 (compatible; MJ12bot/v1.4.8; http://mj12bot.com/)"
192.95.29.138 - - [28/Apr/2025:07:15:31 -0400] "GET /mlp/%EF%BB%BFhttp:/52-sell.com/o4q/omaha-camera-store.html HTTP/1.1" 404 39251 "-" "Mozilla/5.0 (compatible; MJ12bot/v1.4.8; http://mj12bot.com/)"
66.29.132.124 - - [28/Apr/2025:07:15:35 -0400] "POST /wp-cron.php?doing_wp_cron=1745838935.3808050155639648437500 HTTP/1.1" 200 0 "-" "WordPress/6.8; https://arsn.media"
20.171.207.19 - - [28/Apr/2025:07:15:34 -0400] "GET /xmlrpc.php HTTP/1.1" 405 46 "-" "Mozilla/5.0 AppleWebKit/537.36 (KHTML, like Gecko; compatible; GPTBot/1.2; +https://openai.com/gptbot)"
192.95.29.138 - - [28/Apr/2025:07:15:35 -0400] "GET /mlp/%EF%BB%BFhttp://52-sell.com/o4q/one-arm-pole-vault-drill.html HTTP/1.1" 301 0 "-" "Mozilla/5.0 (compatible; MJ12bot/v1.4.8; http://mj12bot.com/)"
66.29.132.124 - - [28/Apr/2025:07:15:37 -0400] "POST /wp-admin/admin-ajax.php?action=async_litespeed&nonce=JuO8shAYvMEBWRAFL41RnaxlFaXTvdYD&litespeed_type=imgoptm HTTP/1.1" 200 0 "-" "WordPress/6.8; https://arsn.media"
65.108.110.26 - - [28/Apr/2025:07:15:35 -0400] "GET /mlp/%EF%BB%BFhttp:/52-sell.com/o4q/tecumseh-engine-carburetor.html HTTP/1.1" 404 39383 "-" "Mozilla/5.0 (compatible; MJ12bot/v1.4.8; http://mj12bot.com/)"
216.244.66.201 - - [28/Apr/2025:07:15:37 -0400] "GET /808/structural-equation-modeling-with-the-sem-package-in-r.html HTTP/1.1" 404 568199 "-" "Mozilla/5.0 (compatible; DotBot/1.2; +https://opensiteexplorer.org/dotbot; help@moz.com)"
192.95.29.138 - - [28/Apr/2025:07:15:38 -0400] "GET /mlp/%EF%BB%BFhttp:/52-sell.com/o4q/one-arm-pole-vault-drill.html HTTP/1.1" 404 39271 "-" "Mozilla/5.0 (compatible; MJ12bot/v1.4.8; http://mj12bot.com/)"
65.108.110.26 - - [28/Apr/2025:07:15:40 -0400] "GET /mlp/%EF%BB%BFhttp://52-sell.com/o4q/telegraph-local-news.html HTTP/1.1" 301 0 "-" "Mozilla/5.0 (compatible; MJ12bot/v1.4.8; http://mj12bot.com/)"
192.95.29.138 - - [28/Apr/2025:07:15:42 -0400] "GET /mlp/%EF%BB%BFhttp://52-sell.com/o4q/one-punch-man-fanfiction.html HTTP/1.1" 301 0 "-" "Mozilla/5.0 (compatible; MJ12bot/v1.4.8; http://mj12bot.com/)"
65.108.110.26 - - [28/Apr/2025:07:15:44 -0400] "GET /mlp/%EF%BB%BFhttp:/52-sell.com/o4q/telegraph-local-news.html HTTP/1.1" 404 39335 "-" "Mozilla/5.0 (compatible; MJ12bot/v1.4.8; http://mj12bot.com/)"
192.95.29.138 - - [28/Apr/2025:07:15:45 -0400] "GET /mlp/%EF%BB%BFhttp:/52-sell.com/o4q/one-punch-man-fanfiction.html HTTP/1.1" 404 39271 "-" "Mozilla/5.0 (compatible; MJ12bot/v1.4.8; http://mj12bot.com/)"
192.95.29.138 - - [28/Apr/2025:07:15:49 -0400] "GET /mlp/%EF%BB%BFhttp://52-sell.com/o4q/oneida-correctional-facility-address.html HTTP/1.1" 301 0 "-" "Mozilla/5.0 (compatible; MJ12bot/v1.4.8; http://mj12bot.com/)"
66.29.132.124 - - [28/Apr/2025:07:15:51 -0400] "POST /wp-cron.php?doing_wp_cron=1745838950.7169890403747558593750 HTTP/1.1" 200 0 "-" "WordPress/6.8; https://arsn.media"
65.108.110.26 - - [28/Apr/2025:07:15:49 -0400] "GET /mlp/%EF%BB%BFhttp://52-sell.com/o4q/tenda-router-ip-address-not-working.html HTTP/1.1" 301 0 "-" "Mozilla/5.0 (compatible; MJ12bot/v1.4.8; http://mj12bot.com/)"
192.95.29.138 - - [28/Apr/2025:07:15:52 -0400] "GET /mlp/%EF%BB%BFhttp:/52-sell.com/o4q/oneida-correctional-facility-address.html HTTP/1.1" 404 39215 "-" "Mozilla/5.0 (compatible; MJ12bot/v1.4.8; http://mj12bot.com/)"
65.108.110.26 - - [28/Apr/2025:07:15:54 -0400] "GET /mlp/%EF%BB%BFhttp:/52-sell.com/o4q/tenda-router-ip-address-not-working.html HTTP/1.1" 404 39348 "-" "Mozilla/5.0 (compatible; MJ12bot/v1.4.8; http://mj12bot.com/)"
192.95.29.138 - - [28/Apr/2025:07:15:56 -0400] "GET /mlp/%EF%BB%BFhttp://52-sell.com/o4q/onenote-for-windows-11.html HTTP/1.1" 301 0 "-" "Mozilla/5.0 (compatible; MJ12bot/v1.4.8; http://mj12bot.com/)"
216.244.66.201 - - [28/Apr/2025:07:15:56 -0400] "GET /mlp/qualcomm-atheros-qca9984-openwrt.html HTTP/1.1" 404 566967 "-" "Mozilla/5.0 (compatible; DotBot/1.2; +https://opensiteexplorer.org/dotbot; help@moz.com)"
65.108.110.26 - - [28/Apr/2025:07:15:59 -0400] "GET /mlp/%EF%BB%BFhttp://52-sell.com/o4q/terraria-anarchist-mod-wiki.html HTTP/1.1" 301 0 "-" "Mozilla/5.0 (compatible; MJ12bot/v1.4.8; http://mj12bot.com/)"
192.95.29.138 - - [28/Apr/2025:07:16:00 -0400] "GET /mlp/%EF%BB%BFhttp:/52-sell.com/o4q/onenote-for-windows-11.html HTTP/1.1" 404 39340 "-" "Mozilla/5.0 (compatible; MJ12bot/v1.4.8; http://mj12bot.com/)"
65.108.110.26 - - [28/Apr/2025:07:16:04 -0400] "GET /mlp/%EF%BB%BFhttp:/52-sell.com/o4q/terraria-anarchist-mod-wiki.html HTTP/1.1" 404 39236 "-" "Mozilla/5.0 (compatible; MJ12bot/v1.4.8; http://mj12bot.com/)"
192.95.29.138 - - [28/Apr/2025:07:16:06 -0400] "GET /mlp/%EF%BB%BFhttp://52-sell.com/o4q/oneplus-launcher-port-no-root.html HTTP/1.1" 301 0 "-" "Mozilla/5.0 (compatible; MJ12bot/v1.4.8; http://mj12bot.com/)"
65.108.110.26 - - [28/Apr/2025:07:16:08 -0400] "GET /mlp/%EF%BB%BFhttp://52-sell.com/o4q/texas-modern-farmhouse-plans.html HTTP/1.1" 301 0 "-" "Mozilla/5.0 (compatible; MJ12bot/v1.4.8; http://mj12bot.com/)"
192.95.29.138 - - [28/Apr/2025:07:16:09 -0400] "GET /mlp/%EF%BB%BFhttp:/52-sell.com/o4q/oneplus-launcher-port-no-root.html HTTP/1.1" 404 39307 "-" "Mozilla/5.0 (compatible; MJ12bot/v1.4.8; http://mj12bot.com/)"
65.108.110.26 - - [28/Apr/2025:07:16:12 -0400] "GET /mlp/%EF%BB%BFhttp:/52-sell.com/o4q/texas-modern-farmhouse-plans.html HTTP/1.1" 404 39365 "-" "Mozilla/5.0 (compatible; MJ12bot/v1.4.8; http://mj12bot.com/)"
192.95.29.138 - - [28/Apr/2025:07:16:14 -0400] "GET /mlp/%EF%BB%BFhttp://52-sell.com/o4q/onion-browser-not-working-ios.html HTTP/1.1" 301 0 "-" "Mozilla/5.0 (compatible; MJ12bot/v1.4.8; http://mj12bot.com/)"
65.108.110.26 - - [28/Apr/2025:07:16:19 -0400] "GET /mlp/%EF%BB%BFhttp://52-sell.com/o4q/texas-ranch-style-home-plans.html HTTP/1.1" 301 0 "-" "Mozilla/5.0 (compatible; MJ12bot/v1.4.8; http://mj12bot.com/)"
192.95.29.138 - - [28/Apr/2025:07:16:19 -0400] "GET /mlp/%EF%BB%BFhttp:/52-sell.com/o4q/onion-browser-not-working-ios.html HTTP/1.1" 404 39243 "-" "Mozilla/5.0 (compatible; MJ12bot/v1.4.8; http://mj12bot.com/)"
65.108.110.26 - - [28/Apr/2025:07:16:24 -0400] "GET /mlp/%EF%BB%BFhttp:/52-sell.com/o4q/texas-ranch-style-home-plans.html HTTP/1.1" 404 39377 "-" "Mozilla/5.0 (compatible; MJ12bot/v1.4.8; http://mj12bot.com/)"
192.95.29.138 - - [28/Apr/2025:07:16:26 -0400] "GET /mlp/%EF%BB%BFhttp://52-sell.com/o4q/onion-petals.html HTTP/1.1" 301 0 "-" "Mozilla/5.0 (compatible; MJ12bot/v1.4.8; http://mj12bot.com/)"
65.108.110.26 - - [28/Apr/2025:07:16:29 -0400] "GET /mlp/%EF%BB%BFhttp://52-sell.com/o4q/tf2-opengl-vs-directx.html HTTP/1.1" 301 0 "-" "Mozilla/5.0 (compatible; MJ12bot/v1.4.8; http://mj12bot.com/)"
192.95.29.138 - - [28/Apr/2025:07:16:29 -0400] "GET /mlp/%EF%BB%BFhttp:/52-sell.com/o4q/onion-petals.html HTTP/1.1" 404 39415 "-" "Mozilla/5.0 (compatible; MJ12bot/v1.4.8; http://mj12bot.com/)"
66.29.132.124 - - [28/Apr/2025:07:16:35 -0400] "POST /wp-cron.php?doing_wp_cron=1745838995.2295770645141601562500 HTTP/1.1" 200 0 "-" "WordPress/6.8; https://arsn.media"
192.95.29.138 - - [28/Apr/2025:07:16:34 -0400] "GET /mlp/%EF%BB%BFhttp://52-sell.com/o4q/onlyfans-leaks-discord-server.html HTTP/1.1" 301 0 "-" "Mozilla/5.0 (compatible; MJ12bot/v1.4.8; http://mj12bot.com/)"
65.108.110.26 - - [28/Apr/2025:07:16:33 -0400] "GET /mlp/%EF%BB%BFhttp:/52-sell.com/o4q/tf2-opengl-vs-directx.html HTTP/1.1" 404 39399 "-" "Mozilla/5.0 (compatible; MJ12bot/v1.4.8; http://mj12bot.com/)"
216.244.66.201 - - [28/Apr/2025:07:16:34 -0400] "GET /zegh/captain-america-team.html HTTP/1.1" 404 566351 "-" "Mozilla/5.0 (compatible; DotBot/1.2; +https://opensiteexplorer.org/dotbot; help@moz.com)"
66.29.132.124 - - [28/Apr/2025:07:16:37 -0400] "POST /wp-admin/admin-ajax.php?action=async_litespeed&nonce=YXewAUbpZ4DGiBqWeUK06vTLTAGSTz2h&litespeed_type=imgoptm HTTP/1.1" 200 0 "-" "WordPress/6.8; https://arsn.media"
65.108.110.26 - - [28/Apr/2025:07:16:39 -0400] "GET /mlp/%EF%BB%BFhttp://52-sell.com/o4q/tf2-support-x-reader.html HTTP/1.1" 301 0 "-" "Mozilla/5.0 (compatible; MJ12bot/v1.4.8; http://mj12bot.com/)"
192.95.29.138 - - [28/Apr/2025:07:16:39 -0400] "GET /mlp/%EF%BB%BFhttp:/52-sell.com/o4q/onlyfans-leaks-discord-server.html HTTP/1.1" 404 39242 "-" "Mozilla/5.0 (compatible; MJ12bot/v1.4.8; http://mj12bot.com/)"
65.108.110.26 - - [28/Apr/2025:07:16:44 -0400] "GET /mlp/%EF%BB%BFhttp:/52-sell.com/o4q/tf2-support-x-reader.html HTTP/1.1" 404 39334 "-" "Mozilla/5.0 (compatible; MJ12bot/v1.4.8; http://mj12bot.com/)"
192.95.29.138 - - [28/Apr/2025:07:16:45 -0400] "GET /mlp/%EF%BB%BFhttp://52-sell.com/o4q/oorah-rebbetzins.html HTTP/1.1" 301 0 "-" "Mozilla/5.0 (compatible; MJ12bot/v1.4.8; http://mj12bot.com/)"
20.171.207.19 - - [28/Apr/2025:07:16:48 -0400] "GET /wp-content/uploads/2020/10/404.png%20707w,%20https:/arsn.media/wp-content/uploads/2020/10/404-300x110.png%20300w HTTP/1.1" 404 39244 "-" "Mozilla/5.0 AppleWebKit/537.36 (KHTML, like Gecko; compatible; GPTBot/1.2; +https://openai.com/gptbot)"
20.171.207.19 - - [28/Apr/2025:07:16:50 -0400] "GET /wp-content/uploads/2020/09/ARSN-Final-Logos-scaled.jpg%202560w,%20https:/arsn.media/wp-content/uploads/2020/09/ARSN-Final-Logos-300x138.jpg%20300w,%20https:/arsn.media/wp-content/uploads/2020/09/ARSN-Final-Logos-1024x471.jpg%201024w,%20https:/arsn.media/ARSN-Final-Logos-768x353.jpg%20768w,%20https:/ARSN-Final-Logos-1536x706.jpg%201536w,%20https:/ARSN-Final-Logos-2048x942.jpg%202048w HTTP/1.1" 404 39352 "-" "Mozilla/5.0 AppleWebKit/537.36 (KHTML, like Gecko; compatible; GPTBot/1.2; +https://openai.com/gptbot)"
66.29.132.124 - - [28/Apr/2025:07:16:50 -0400] "POST /wp-cron.php?doing_wp_cron=1745839010.2513079643249511718750 HTTP/1.1" 200 0 "-" "WordPress/6.8; https://arsn.media"
66.29.132.124 - - [28/Apr/2025:07:16:50 -0400] "POST /wp-cron.php?doing_wp_cron=1745839010.2681128978729248046875 HTTP/1.1" 200 0 "-" "WordPress/6.8; https://arsn.media"
65.108.110.26 - - [28/Apr/2025:07:16:48 -0400] "GET /mlp/%EF%BB%BFhttp://52-sell.com/o4q/tg-ar-ap.html HTTP/1.1" 301 0 "-" "Mozilla/5.0 (compatible; MJ12bot/v1.4.8; http://mj12bot.com/)"
20.171.207.19 - - [28/Apr/2025:07:16:52 -0400] "GET /wp-json/elementskit/v1/ HTTP/1.1" 404 114 "-" "Mozilla/5.0 AppleWebKit/537.36 (KHTML, like Gecko; compatible; GPTBot/1.2; +https://openai.com/gptbot)"
192.95.29.138 - - [28/Apr/2025:07:16:48 -0400] "GET /mlp/%EF%BB%BFhttp:/52-sell.com/o4q/oorah-rebbetzins.html HTTP/1.1" 404 39295 "-" "Mozilla/5.0 (compatible; MJ12bot/v1.4.8; http://mj12bot.com/)"
20.171.207.19 - - [28/Apr/2025:07:16:54 -0400] "GET /wp-content/themes/onum/css/design-test.css?ver=6.7.2 HTTP/1.1" 404 39402 "-" "Mozilla/5.0 AppleWebKit/537.36 (KHTML, like Gecko; compatible; GPTBot/1.2; +https://openai.com/gptbot)"
192.95.29.138 - - [28/Apr/2025:07:16:54 -0400] "GET /mlp/%EF%BB%BFhttp://52-sell.com/o4q/opencascade-datastructure.html HTTP/1.1" 301 0 "-" "Mozilla/5.0 (compatible; MJ12bot/v1.4.8; http://mj12bot.com/)"
65.108.110.26 - - [28/Apr/2025:07:16:53 -0400] "GET /mlp/%EF%BB%BFhttp:/52-sell.com/o4q/tg-ar-ap.html HTTP/1.1" 404 39259 "-" "Mozilla/5.0 (compatible; MJ12bot/v1.4.8; http://mj12bot.com/)"
20.171.207.19 - - [28/Apr/2025:07:16:57 -0400] "GET /wp-content/themes/onum/js/design-test.js HTTP/1.1" 404 39107 "-" "Mozilla/5.0 AppleWebKit/537.36 (KHTML, like Gecko; compatible; GPTBot/1.2; +https://openai.com/gptbot)"
65.108.110.26 - - [28/Apr/2025:07:16:57 -0400] "GET /mlp/%EF%BB%BFhttp://52-sell.com/o4q/thaiger-pharma-wikipedia.html HTTP/1.1" 301 0 "-" "Mozilla/5.0 (compatible; MJ12bot/v1.4.8; http://mj12bot.com/)"
192.95.29.138 - - [28/Apr/2025:07:16:57 -0400] "GET /mlp/%EF%BB%BFhttp:/52-sell.com/o4q/opencascade-datastructure.html HTTP/1.1" 404 39260 "-" "Mozilla/5.0 (compatible; MJ12bot/v1.4.8; http://mj12bot.com/)"
65.108.110.26 - - [28/Apr/2025:07:17:00 -0400] "GET /mlp/%EF%BB%BFhttp:/52-sell.com/o4q/thaiger-pharma-wikipedia.html HTTP/1.1" 404 39274 "-" "Mozilla/5.0 (compatible; MJ12bot/v1.4.8; http://mj12bot.com/)"
192.95.29.138 - - [28/Apr/2025:07:17:01 -0400] "GET /mlp/%EF%BB%BFhttp://52-sell.com/o4q/openvpn-android-config-file.html HTTP/1.1" 301 0 "-" "Mozilla/5.0 (compatible; MJ12bot/v1.4.8; http://mj12bot.com/)"
65.108.110.26 - - [28/Apr/2025:07:17:04 -0400] "GET /mlp/%EF%BB%BFhttp://52-sell.com/o4q/the-clues-that-make-up-the-hpi-are-what-we-know-as.html HTTP/1.1" 301 0 "-" "Mozilla/5.0 (compatible; MJ12bot/v1.4.8; http://mj12bot.com/)"
192.95.29.138 - - [28/Apr/2025:07:17:04 -0400] "GET /mlp/%EF%BB%BFhttp:/52-sell.com/o4q/openvpn-android-config-file.html HTTP/1.1" 404 39232 "-" "Mozilla/5.0 (compatible; MJ12bot/v1.4.8; http://mj12bot.com/)"
192.95.29.138 - - [28/Apr/2025:07:17:07 -0400] "GET /mlp/%EF%BB%BFhttp://52-sell.com/o4q/opzelura-cream-reviews.html HTTP/1.1" 301 0 "-" "Mozilla/5.0 (compatible; MJ12bot/v1.4.8; http://mj12bot.com/)"
65.108.110.26 - - [28/Apr/2025:07:17:07 -0400] "GET /mlp/%EF%BB%BFhttp:/52-sell.com/o4q/the-clues-that-make-up-the-hpi-are-what-we-know-as.html HTTP/1.1" 404 39207 "-" "Mozilla/5.0 (compatible; MJ12bot/v1.4.8; http://mj12bot.com/)"
192.95.29.138 - - [28/Apr/2025:07:17:10 -0400] "GET /mlp/%EF%BB%BFhttp:/52-sell.com/o4q/opzelura-cream-reviews.html HTTP/1.1" 404 39341 "-" "Mozilla/5.0 (compatible; MJ12bot/v1.4.8; http://mj12bot.com/)"
65.108.110.26 - - [28/Apr/2025:07:17:12 -0400] "GET /mlp/%EF%BB%BFhttp://52-sell.com/o4q/the-estate-sale-ladies.html HTTP/1.1" 301 0 "-" "Mozilla/5.0 (compatible; MJ12bot/v1.4.8; http://mj12bot.com/)"
216.244.66.201 - - [28/Apr/2025:07:17:12 -0400] "GET /808/headers-c4-corvette.html HTTP/1.1" 404 566239 "-" "Mozilla/5.0 (compatible; DotBot/1.2; +https://opensiteexplorer.org/dotbot; help@moz.com)"
192.95.29.138 - - [28/Apr/2025:07:17:13 -0400] "GET /mlp/%EF%BB%BFhttp://52-sell.com/o4q/oregon-housing-and-community-services.html HTTP/1.1" 301 0 "-" "Mozilla/5.0 (compatible; MJ12bot/v1.4.8; http://mj12bot.com/)"
65.108.110.26 - - [28/Apr/2025:07:17:14 -0400] "GET /mlp/%EF%BB%BFhttp:/52-sell.com/o4q/the-estate-sale-ladies.html HTTP/1.1" 404 39338 "-" "Mozilla/5.0 (compatible; MJ12bot/v1.4.8; http://mj12bot.com/)"
192.95.29.138 - - [28/Apr/2025:07:17:16 -0400] "GET /mlp/%EF%BB%BFhttp:/52-sell.com/o4q/oregon-housing-and-community-services.html HTTP/1.1" 404 39149 "-" "Mozilla/5.0 (compatible; MJ12bot/v1.4.8; http://mj12bot.com/)"
65.108.110.26 - - [28/Apr/2025:07:17:20 -0400] "GET /mlp/%EF%BB%BFhttp://52-sell.com/o4q/the-fastest-gun-in-the-south.html HTTP/1.1" 301 0 "-" "Mozilla/5.0 (compatible; MJ12bot/v1.4.8; http://mj12bot.com/)"
192.95.29.138 - - [28/Apr/2025:07:17:20 -0400] "GET /mlp/%EF%BB%BFhttp://52-sell.com/o4q/oregon-state-plane-north-nad-1983.html HTTP/1.1" 301 0 "-" "Mozilla/5.0 (compatible; MJ12bot/v1.4.8; http://mj12bot.com/)"
65.108.110.26 - - [28/Apr/2025:07:17:23 -0400] "GET /mlp/%EF%BB%BFhttp:/52-sell.com/o4q/the-fastest-gun-in-the-south.html HTTP/1.1" 404 39375 "-" "Mozilla/5.0 (compatible; MJ12bot/v1.4.8; http://mj12bot.com/)"
192.95.29.138 - - [28/Apr/2025:07:17:23 -0400] "GET /mlp/%EF%BB%BFhttp:/52-sell.com/o4q/oregon-state-plane-north-nad-1983.html HTTP/1.1" 404 39189 "-" "Mozilla/5.0 (compatible; MJ12bot/v1.4.8; http://mj12bot.com/)"
192.95.29.138 - - [28/Apr/2025:07:17:29 -0400] "GET /mlp/%EF%BB%BFhttp://52-sell.com/o4q/oregon-summer-concerts-2022.html HTTP/1.1" 301 0 "-" "Mozilla/5.0 (compatible; MJ12bot/v1.4.8; http://mj12bot.com/)"
65.108.110.26 - - [28/Apr/2025:07:17:30 -0400] "GET /mlp/%EF%BB%BFhttp://52-sell.com/o4q/the-good-witch-movies.html HTTP/1.1" 301 0 "-" "Mozilla/5.0 (compatible; MJ12bot/v1.4.8; http://mj12bot.com/)"
192.95.29.138 - - [28/Apr/2025:07:17:32 -0400] "GET /mlp/%EF%BB%BFhttp:/52-sell.com/o4q/oregon-summer-concerts-2022.html HTTP/1.1" 404 39231 "-" "Mozilla/5.0 (compatible; MJ12bot/v1.4.8; http://mj12bot.com/)"
66.29.132.124 - - [28/Apr/2025:07:17:37 -0400] "POST /wp-cron.php?doing_wp_cron=1745839056.1972000598907470703125 HTTP/1.1" 200 0 "-" "WordPress/6.8; https://arsn.media"
66.29.132.124 - - [28/Apr/2025:07:17:38 -0400] "POST /wp-admin/admin-ajax.php?action=async_litespeed&nonce=laBxxLqNEVQ2xdsvCQEnmRCvvyJMDRAi&litespeed_type=imgoptm HTTP/1.1" 200 0 "-" "WordPress/6.8; https://arsn.media"
65.108.110.26 - - [28/Apr/2025:07:17:34 -0400] "GET /mlp/%EF%BB%BFhttp:/52-sell.com/o4q/the-good-witch-movies.html HTTP/1.1" 404 39396 "-" "Mozilla/5.0 (compatible; MJ12bot/v1.4.8; http://mj12bot.com/)"
192.95.29.138 - - [28/Apr/2025:07:17:38 -0400] "GET /mlp/%EF%BB%BFhttp://52-sell.com/o4q/oriki-ile-ife-mp3.html HTTP/1.1" 301 0 "-" "Mozilla/5.0 (compatible; MJ12bot/v1.4.8; http://mj12bot.com/)"
20.171.207.19 - - [28/Apr/2025:07:17:40 -0400] "GET /wp-content/uploads/2020/10/404.png%20707w,%20https:/arsn.media/wp-content/uploads/2020/10/404-300x110.png%20300w HTTP/1.1" 404 39244 "-" "Mozilla/5.0 AppleWebKit/537.36 (KHTML, like Gecko; compatible; GPTBot/1.2; +https://openai.com/gptbot)"
20.171.207.19 - - [28/Apr/2025:07:17:42 -0400] "GET /wp-json/elementskit/v1/ HTTP/1.1" 404 114 "-" "Mozilla/5.0 AppleWebKit/537.36 (KHTML, like Gecko; compatible; GPTBot/1.2; +https://openai.com/gptbot)"
65.108.110.26 - - [28/Apr/2025:07:17:41 -0400] "GET /mlp/%EF%BB%BFhttp://52-sell.com/o4q/the-jungle-room-graceland.html HTTP/1.1" 301 0 "-" "Mozilla/5.0 (compatible; MJ12bot/v1.4.8; http://mj12bot.com/)"
192.95.29.138 - - [28/Apr/2025:07:17:41 -0400] "GET /mlp/%EF%BB%BFhttp:/52-sell.com/o4q/oriki-ile-ife-mp3.html HTTP/1.1" 404 39234 "-" "Mozilla/5.0 (compatible; MJ12bot/v1.4.8; http://mj12bot.com/)"
20.171.207.19 - - [28/Apr/2025:07:17:45 -0400] "GET /wp-content/uploads/2020/09/ARSN-Final-Logos-scaled.jpg%202560w,%20https:/arsn.media/wp-content/uploads/2020/09/ARSN-Final-Logos-300x138.jpg%20300w,%20https:/arsn.media/wp-content/uploads/2020/09/ARSN-Final-Logos-1024x471.jpg%201024w,%20https:/arsn.media/ARSN-Final-Logos-768x353.jpg%20768w,%20https:/ARSN-Final-Logos-1536x706.jpg%201536w,%20https:/ARSN-Final-Logos-2048x942.jpg%202048w HTTP/1.1" 404 39352 "-" "Mozilla/5.0 AppleWebKit/537.36 (KHTML, like Gecko; compatible; GPTBot/1.2; +https://openai.com/gptbot)"
20.171.207.19 - - [28/Apr/2025:07:17:47 -0400] "GET /wp-content/themes/onum/js/design-test.js HTTP/1.1" 404 39107 "-" "Mozilla/5.0 AppleWebKit/537.36 (KHTML, like Gecko; compatible; GPTBot/1.2; +https://openai.com/gptbot)"
192.95.29.138 - - [28/Apr/2025:07:17:47 -0400] "GET /mlp/%EF%BB%BFhttp://52-sell.com/o4q/orleans-bowling-tournaments.html HTTP/1.1" 301 0 "-" "Mozilla/5.0 (compatible; MJ12bot/v1.4.8; http://mj12bot.com/)"
65.108.110.26 - - [28/Apr/2025:07:17:46 -0400] "GET /mlp/%EF%BB%BFhttp:/52-sell.com/o4q/the-jungle-room-graceland.html HTTP/1.1" 404 39206 "-" "Mozilla/5.0 (compatible; MJ12bot/v1.4.8; http://mj12bot.com/)"
20.171.207.19 - - [28/Apr/2025:07:17:49 -0400] "GET /wp-content/themes/onum/css/design-test.css?ver=6.7.2 HTTP/1.1" 404 39402 "-" "Mozilla/5.0 AppleWebKit/537.36 (KHTML, like Gecko; compatible; GPTBot/1.2; +https://openai.com/gptbot)"
66.29.132.124 - - [28/Apr/2025:07:17:50 -0400] "POST /wp-cron.php?doing_wp_cron=1745839070.2245950698852539062500 HTTP/1.1" 200 0 "-" "WordPress/6.8; https://arsn.media"
192.95.29.138 - - [28/Apr/2025:07:17:50 -0400] "GET /mlp/%EF%BB%BFhttp:/52-sell.com/o4q/orleans-bowling-tournaments.html HTTP/1.1" 404 39228 "-" "Mozilla/5.0 (compatible; MJ12bot/v1.4.8; http://mj12bot.com/)"
216.244.66.201 - - [28/Apr/2025:07:17:48 -0400] "GET /zegh/pagbuo-ng-flyer.html HTTP/1.1" 404 566071 "-" "Mozilla/5.0 (compatible; DotBot/1.2; +https://opensiteexplorer.org/dotbot; help@moz.com)"
65.108.110.26 - - [28/Apr/2025:07:17:52 -0400] "GET /mlp/%EF%BB%BFhttp://52-sell.com/o4q/the-prop-trading-affiliate.html HTTP/1.1" 301 0 "-" "Mozilla/5.0 (compatible; MJ12bot/v1.4.8; http://mj12bot.com/)"
20.171.207.19 - - [28/Apr/2025:07:17:52 -0400] "GET /wp-admin/comment.php?action=approve&c=567 HTTP/1.1" 302 0 "-" "Mozilla/5.0 AppleWebKit/537.36 (KHTML, like Gecko; compatible; GPTBot/1.2; +https://openai.com/gptbot)"
20.171.207.19 - - [28/Apr/2025:07:17:54 -0400] "GET /wp-admin/comment.php?action=trash&c=567 HTTP/1.1" 302 0 "-" "Mozilla/5.0 AppleWebKit/537.36 (KHTML, like Gecko; compatible; GPTBot/1.2; +https://openai.com/gptbot)"
192.95.29.138 - - [28/Apr/2025:07:17:54 -0400] "GET /mlp/%EF%BB%BFhttp://52-sell.com/o4q/osep-exam.html HTTP/1.1" 301 0 "-" "Mozilla/5.0 (compatible; MJ12bot/v1.4.8; http://mj12bot.com/)"
20.171.207.19 - - [28/Apr/2025:07:17:56 -0400] "GET /wp-admin/comment.php?action=spam&c=567 HTTP/1.1" 302 0 "-" "Mozilla/5.0 AppleWebKit/537.36 (KHTML, like Gecko; compatible; GPTBot/1.2; +https://openai.com/gptbot)"
65.108.110.26 - - [28/Apr/2025:07:17:56 -0400] "GET /mlp/%EF%BB%BFhttp:/52-sell.com/o4q/the-prop-trading-affiliate.html HTTP/1.1" 404 39386 "-" "Mozilla/5.0 (compatible; MJ12bot/v1.4.8; http://mj12bot.com/)"
20.171.207.19 - - [28/Apr/2025:07:17:59 -0400] "GET /wp-login.php?reauth=1&redirect_to=https%3A%2F%2Farsn.media%2Fwp-admin%2Fcomment.php%3Faction%3Dapprove%26c%3D567 HTTP/1.1" 200 1899 "-" "Mozilla/5.0 AppleWebKit/537.36 (KHTML, like Gecko; compatible; GPTBot/1.2; +https://openai.com/gptbot)"
192.95.29.138 - - [28/Apr/2025:07:17:59 -0400] "GET /mlp/%EF%BB%BFhttp:/52-sell.com/o4q/osep-exam.html HTTP/1.1" 404 39311 "-" "Mozilla/5.0 (compatible; MJ12bot/v1.4.8; http://mj12bot.com/)"
65.108.110.26 - - [28/Apr/2025:07:18:02 -0400] "GET /mlp/%EF%BB%BFhttp://52-sell.com/o4q/the-spare-wolf-book.html HTTP/1.1" 301 0 "-" "Mozilla/5.0 (compatible; MJ12bot/v1.4.8; http://mj12bot.com/)"
20.171.207.19 - - [28/Apr/2025:07:18:02 -0400] "GET /wp-login.php?reauth=1&redirect_to=https%3A%2F%2Farsn.media%2Fwp-admin%2Fcomment.php%3Faction%3Dtrash%26c%3D567 HTTP/1.1" 200 1897 "-" "Mozilla/5.0 AppleWebKit/537.36 (KHTML, like Gecko; compatible; GPTBot/1.2; +https://openai.com/gptbot)"
192.95.29.138 - - [28/Apr/2025:07:18:03 -0400] "GET /mlp/%EF%BB%BFhttp://52-sell.com/o4q/our-lady-of-all-nations-feast-day.html HTTP/1.1" 301 0 "-" "Mozilla/5.0 (compatible; MJ12bot/v1.4.8; http://mj12bot.com/)"
20.171.207.19 - - [28/Apr/2025:07:18:03 -0400] "GET /wp-login.php?reauth=1&redirect_to=https%3A%2F%2Farsn.media%2Fwp-admin%2Fcomment.php%3Faction%3Dspam%26c%3D567 HTTP/1.1" 200 1894 "-" "Mozilla/5.0 AppleWebKit/537.36 (KHTML, like Gecko; compatible; GPTBot/1.2; +https://openai.com/gptbot)"
65.108.110.26 - - [28/Apr/2025:07:18:05 -0400] "GET /mlp/%EF%BB%BFhttp:/52-sell.com/o4q/the-spare-wolf-book.html HTTP/1.1" 404 39275 "-" "Mozilla/5.0 (compatible; MJ12bot/v1.4.8; http://mj12bot.com/)"
192.95.29.138 - - [28/Apr/2025:07:18:06 -0400] "GET /mlp/%EF%BB%BFhttp:/52-sell.com/o4q/our-lady-of-all-nations-feast-day.html HTTP/1.1" 404 39247 "-" "Mozilla/5.0 (compatible; MJ12bot/v1.4.8; http://mj12bot.com/)"
65.108.110.26 - - [28/Apr/2025:07:18:09 -0400] "GET /mlp/%EF%BB%BFhttp://52-sell.com/o4q/the-venue-apartments-san-jose.html HTTP/1.1" 301 0 "-" "Mozilla/5.0 (compatible; MJ12bot/v1.4.8; http://mj12bot.com/)"
192.95.29.138 - - [28/Apr/2025:07:18:10 -0400] "GET /mlp/%EF%BB%BFhttp://52-sell.com/o4q/overlook-apartments-dc.html HTTP/1.1" 301 0 "-" "Mozilla/5.0 (compatible; MJ12bot/v1.4.8; http://mj12bot.com/)"
192.95.29.138 - - [28/Apr/2025:07:18:12 -0400] "GET /mlp/%EF%BB%BFhttp:/52-sell.com/o4q/overlook-apartments-dc.html HTTP/1.1" 404 39301 "-" "Mozilla/5.0 (compatible; MJ12bot/v1.4.8; http://mj12bot.com/)"
65.108.110.26 - - [28/Apr/2025:07:18:12 -0400] "GET /mlp/%EF%BB%BFhttp:/52-sell.com/o4q/the-venue-apartments-san-jose.html HTTP/1.1" 404 39239 "-" "Mozilla/5.0 (compatible; MJ12bot/v1.4.8; http://mj12bot.com/)"
192.95.29.138 - - [28/Apr/2025:07:18:16 -0400] "GET /mlp/%EF%BB%BFhttp://52-sell.com/o4q/p0017-gmc-acadia.html HTTP/1.1" 301 0 "-" "Mozilla/5.0 (compatible; MJ12bot/v1.4.8; http://mj12bot.com/)"
65.108.110.26 - - [28/Apr/2025:07:18:17 -0400] "GET /mlp/%EF%BB%BFhttp://52-sell.com/o4q/the-webb-school.html HTTP/1.1" 301 0 "-" "Mozilla/5.0 (compatible; MJ12bot/v1.4.8; http://mj12bot.com/)"
192.95.29.138 - - [28/Apr/2025:07:18:19 -0400] "GET /mlp/%EF%BB%BFhttp:/52-sell.com/o4q/p0017-gmc-acadia.html HTTP/1.1" 404 39293 "-" "Mozilla/5.0 (compatible; MJ12bot/v1.4.8; http://mj12bot.com/)"
65.108.110.26 - - [28/Apr/2025:07:18:21 -0400] "GET /mlp/%EF%BB%BFhttp:/52-sell.com/o4q/the-webb-school.html HTTP/1.1" 404 39342 "-" "Mozilla/5.0 (compatible; MJ12bot/v1.4.8; http://mj12bot.com/)"
192.95.29.138 - - [28/Apr/2025:07:18:23 -0400] "GET /mlp/%EF%BB%BFhttp://52-sell.com/o4q/p0304-bmw-x3.html HTTP/1.1" 301 0 "-" "Mozilla/5.0 (compatible; MJ12bot/v1.4.8; http://mj12bot.com/)"
216.244.66.201 - - [28/Apr/2025:07:18:23 -0400] "GET /808/my-boyfriend-has-no-personality.html HTTP/1.1" 404 566911 "-" "Mozilla/5.0 (compatible; DotBot/1.2; +https://opensiteexplorer.org/dotbot; help@moz.com)"
65.108.110.26 - - [28/Apr/2025:07:18:25 -0400] "GET /mlp/%EF%BB%BFhttp://52-sell.com/o4q/thermostat-sensor-home.html HTTP/1.1" 301 0 "-" "Mozilla/5.0 (compatible; MJ12bot/v1.4.8; http://mj12bot.com/)"
192.95.29.138 - - [28/Apr/2025:07:18:26 -0400] "GET /mlp/%EF%BB%BFhttp:/52-sell.com/o4q/p0304-bmw-x3.html HTTP/1.1" 404 39417 "-" "Mozilla/5.0 (compatible; MJ12bot/v1.4.8; http://mj12bot.com/)"
192.95.29.138 - - [28/Apr/2025:07:18:31 -0400] "GET /mlp/%EF%BB%BFhttp://52-sell.com/o4q/p117a-code.html HTTP/1.1" 301 0 "-" "Mozilla/5.0 (compatible; MJ12bot/v1.4.8; http://mj12bot.com/)"
65.108.110.26 - - [28/Apr/2025:07:18:29 -0400] "GET /mlp/%EF%BB%BFhttp:/52-sell.com/o4q/thermostat-sensor-home.html HTTP/1.1" 404 39340 "-" "Mozilla/5.0 (compatible; MJ12bot/v1.4.8; http://mj12bot.com/)"
65.108.110.26 - - [28/Apr/2025:07:18:35 -0400] "GET /mlp/%EF%BB%BFhttp://52-sell.com/o4q/third-term-agricultural-science-scheme-of-work-for-primary-4.html HTTP/1.1" 301 0 "-" "Mozilla/5.0 (compatible; MJ12bot/v1.4.8; http://mj12bot.com/)"
66.29.132.124 - - [28/Apr/2025:07:18:35 -0400] "POST /wp-cron.php?doing_wp_cron=1745839115.4138970375061035156250 HTTP/1.1" 200 0 "-" "WordPress/6.8; https://arsn.media"
66.29.132.124 - - [28/Apr/2025:07:18:37 -0400] "POST /wp-admin/admin-ajax.php?action=async_litespeed&nonce=PPfKfth354dPJIoKvZLK69OaInlhvgNo&litespeed_type=imgoptm HTTP/1.1" 200 0 "-" "WordPress/6.8; https://arsn.media"
192.95.29.138 - - [28/Apr/2025:07:18:33 -0400] "GET /mlp/%EF%BB%BFhttp:/52-sell.com/o4q/p117a-code.html HTTP/1.1" 404 39267 "-" "Mozilla/5.0 (compatible; MJ12bot/v1.4.8; http://mj12bot.com/)"
65.108.110.26 - - [28/Apr/2025:07:18:38 -0400] "GET /mlp/%EF%BB%BFhttp:/52-sell.com/o4q/third-term-agricultural-science-scheme-of-work-for-primary-4.html HTTP/1.1" 404 39404 "-" "Mozilla/5.0 (compatible; MJ12bot/v1.4.8; http://mj12bot.com/)"
192.95.29.138 - - [28/Apr/2025:07:18:40 -0400] "GET /mlp/%EF%BB%BFhttp://52-sell.com/o4q/p2096-vw-gti.html HTTP/1.1" 301 0 "-" "Mozilla/5.0 (compatible; MJ12bot/v1.4.8; http://mj12bot.com/)"
65.108.110.26 - - [28/Apr/2025:07:18:44 -0400] "GET /mlp/%EF%BB%BFhttp://52-sell.com/o4q/thrifty-nickel-cars.html HTTP/1.1" 301 0 "-" "Mozilla/5.0 (compatible; MJ12bot/v1.4.8; http://mj12bot.com/)"
192.95.29.138 - - [28/Apr/2025:07:18:45 -0400] "GET /mlp/%EF%BB%BFhttp:/52-sell.com/o4q/p2096-vw-gti.html HTTP/1.1" 404 39353 "-" "Mozilla/5.0 (compatible; MJ12bot/v1.4.8; http://mj12bot.com/)"
20.171.207.19 - - [28/Apr/2025:07:18:48 -0400] "GET /wp-content/themes/onum/css/design-test.css?ver=6.7.2 HTTP/1.1" 404 39402 "-" "Mozilla/5.0 AppleWebKit/537.36 (KHTML, like Gecko; compatible; GPTBot/1.2; +https://openai.com/gptbot)"
65.108.110.26 - - [28/Apr/2025:07:18:48 -0400] "GET /mlp/%EF%BB%BFhttp:/52-sell.com/o4q/thrifty-nickel-cars.html HTTP/1.1" 404 39278 "-" "Mozilla/5.0 (compatible; MJ12bot/v1.4.8; http://mj12bot.com/)"
66.29.132.124 - - [28/Apr/2025:07:18:50 -0400] "POST /wp-cron.php?doing_wp_cron=1745839130.4130799770355224609375 HTTP/1.1" 200 0 "-" "WordPress/6.8; https://arsn.media"
192.95.29.138 - - [28/Apr/2025:07:18:49 -0400] "GET /mlp/%EF%BB%BFhttp://52-sell.com/o4q/pa-sentencing-matrix.html HTTP/1.1" 301 0 "-" "Mozilla/5.0 (compatible; MJ12bot/v1.4.8; http://mj12bot.com/)"
20.171.207.19 - - [28/Apr/2025:07:18:51 -0400] "GET /wp-content/uploads/2020/10/404.png%20707w,%20https:/arsn.media/wp-content/uploads/2020/10/404-300x110.png%20300w HTTP/1.1" 404 39244 "-" "Mozilla/5.0 AppleWebKit/537.36 (KHTML, like Gecko; compatible; GPTBot/1.2; +https://openai.com/gptbot)"
20.171.207.19 - - [28/Apr/2025:07:18:54 -0400] "GET /wp-content/uploads/2020/09/ARSN-Final-Logos-scaled.jpg%202560w,%20https:/arsn.media/wp-content/uploads/2020/09/ARSN-Final-Logos-300x138.jpg%20300w,%20https:/arsn.media/wp-content/uploads/2020/09/ARSN-Final-Logos-1024x471.jpg%201024w,%20https:/arsn.media/ARSN-Final-Logos-768x353.jpg%20768w,%20https:/ARSN-Final-Logos-1536x706.jpg%201536w,%20https:/ARSN-Final-Logos-2048x942.jpg%202048w HTTP/1.1" 404 39352 "-" "Mozilla/5.0 AppleWebKit/537.36 (KHTML, like Gecko; compatible; GPTBot/1.2; +https://openai.com/gptbot)"
65.108.110.26 - - [28/Apr/2025:07:18:53 -0400] "GET /mlp/%EF%BB%BFhttp://52-sell.com/o4q/timing-1835-vw-engine.html HTTP/1.1" 301 0 "-" "Mozilla/5.0 (compatible; MJ12bot/v1.4.8; http://mj12bot.com/)"
192.95.29.138 - - [28/Apr/2025:07:18:52 -0400] "GET /mlp/%EF%BB%BFhttp:/52-sell.com/o4q/pa-sentencing-matrix.html HTTP/1.1" 404 39284 "-" "Mozilla/5.0 (compatible; MJ12bot/v1.4.8; http://mj12bot.com/)"
20.171.207.19 - - [28/Apr/2025:07:18:56 -0400] "GET /wp-content/themes/onum/js/design-test.js HTTP/1.1" 404 39107 "-" "Mozilla/5.0 AppleWebKit/537.36 (KHTML, like Gecko; compatible; GPTBot/1.2; +https://openai.com/gptbot)"
192.95.29.138 - - [28/Apr/2025:07:18:57 -0400] "GET /mlp/%EF%BB%BFhttp://52-sell.com/o4q/paano-mo-maipagmamalaki-ang-pagiging-isang-asyano.html HTTP/1.1" 301 0 "-" "Mozilla/5.0 (compatible; MJ12bot/v1.4.8; http://mj12bot.com/)"
65.108.110.26 - - [28/Apr/2025:07:18:57 -0400] "GET /mlp/%EF%BB%BFhttp:/52-sell.com/o4q/timing-1835-vw-engine.html HTTP/1.1" 404 39398 "-" "Mozilla/5.0 (compatible; MJ12bot/v1.4.8; http://mj12bot.com/)"
20.171.207.19 - - [28/Apr/2025:07:18:59 -0400] "GET /wp-json/elementskit/v1/ HTTP/1.1" 404 114 "-" "Mozilla/5.0 AppleWebKit/537.36 (KHTML, like Gecko; compatible; GPTBot/1.2; +https://openai.com/gptbot)"
192.95.29.138 - - [28/Apr/2025:07:18:59 -0400] "GET /mlp/%EF%BB%BFhttp:/52-sell.com/o4q/paano-mo-maipagmamalaki-ang-pagiging-isang-asyano.html HTTP/1.1" 404 39275 "-" "Mozilla/5.0 (compatible; MJ12bot/v1.4.8; http://mj12bot.com/)"
20.171.207.19 - - [28/Apr/2025:07:19:02 -0400] "GET /wp-content/themes/onum/js/design-test.js HTTP/1.1" 404 39107 "-" "Mozilla/5.0 AppleWebKit/537.36 (KHTML, like Gecko; compatible; GPTBot/1.2; +https://openai.com/gptbot)"
216.244.66.201 - - [28/Apr/2025:07:19:00 -0400] "GET /808/oculus-quest-2-turn-off-automatic-updates.html HTTP/1.1" 404 567471 "-" "Mozilla/5.0 (compatible; DotBot/1.2; +https://opensiteexplorer.org/dotbot; help@moz.com)"
65.108.110.26 - - [28/Apr/2025:07:19:01 -0400] "GET /mlp/%EF%BB%BFhttp://52-sell.com/o4q/tina-watson-death.html HTTP/1.1" 301 0 "-" "Mozilla/5.0 (compatible; MJ12bot/v1.4.8; http://mj12bot.com/)"
192.95.29.138 - - [28/Apr/2025:07:19:03 -0400] "GET /mlp/%EF%BB%BFhttp://52-sell.com/o4q/package-title-for-fiverr.html HTTP/1.1" 301 0 "-" "Mozilla/5.0 (compatible; MJ12bot/v1.4.8; http://mj12bot.com/)"
65.108.110.26 - - [28/Apr/2025:07:19:05 -0400] "GET /mlp/%EF%BB%BFhttp:/52-sell.com/o4q/tina-watson-death.html HTTP/1.1" 404 39237 "-" "Mozilla/5.0 (compatible; MJ12bot/v1.4.8; http://mj12bot.com/)"
192.95.29.138 - - [28/Apr/2025:07:19:06 -0400] "GET /mlp/%EF%BB%BFhttp:/52-sell.com/o4q/package-title-for-fiverr.html HTTP/1.1" 404 39306 "-" "Mozilla/5.0 (compatible; MJ12bot/v1.4.8; http://mj12bot.com/)"
65.108.110.26 - - [28/Apr/2025:07:19:10 -0400] "GET /mlp/%EF%BB%BFhttp://52-sell.com/o4q/tisas-1911-duty-45-acp-pistol-with-5-inch-barrel-and-black-cerakote-finish.html HTTP/1.1" 301 0 "-" "Mozilla/5.0 (compatible; MJ12bot/v1.4.8; http://mj12bot.com/)"
192.95.29.138 - - [28/Apr/2025:07:19:11 -0400] "GET /mlp/%EF%BB%BFhttp://52-sell.com/o4q/padron-1926-40th-anniversary-maduro.html HTTP/1.1" 301 0 "-" "Mozilla/5.0 (compatible; MJ12bot/v1.4.8; http://mj12bot.com/)"
192.95.29.138 - - [28/Apr/2025:07:19:14 -0400] "GET /mlp/%EF%BB%BFhttp:/52-sell.com/o4q/padron-1926-40th-anniversary-maduro.html HTTP/1.1" 404 39283 "-" "Mozilla/5.0 (compatible; MJ12bot/v1.4.8; http://mj12bot.com/)"
65.108.110.26 - - [28/Apr/2025:07:19:14 -0400] "GET /mlp/%EF%BB%BFhttp:/52-sell.com/o4q/tisas-1911-duty-45-acp-pistol-with-5-inch-barrel-and-black-cerakote-finish.html HTTP/1.1" 404 39342 "-" "Mozilla/5.0 (compatible; MJ12bot/v1.4.8; http://mj12bot.com/)"
192.95.29.138 - - [28/Apr/2025:07:19:18 -0400] "GET /mlp/%EF%BB%BFhttp://52-sell.com/o4q/padron-cigars-1926.html HTTP/1.1" 301 0 "-" "Mozilla/5.0 (compatible; MJ12bot/v1.4.8; http://mj12bot.com/)"
65.108.110.26 - - [28/Apr/2025:07:19:19 -0400] "GET /mlp/%EF%BB%BFhttp://52-sell.com/o4q/tokio-socket.html HTTP/1.1" 301 0 "-" "Mozilla/5.0 (compatible; MJ12bot/v1.4.8; http://mj12bot.com/)"
192.95.29.138 - - [28/Apr/2025:07:19:22 -0400] "GET /mlp/%EF%BB%BFhttp:/52-sell.com/o4q/padron-cigars-1926.html HTTP/1.1" 404 39251 "-" "Mozilla/5.0 (compatible; MJ12bot/v1.4.8; http://mj12bot.com/)"
65.108.110.26 - - [28/Apr/2025:07:19:23 -0400] "GET /mlp/%EF%BB%BFhttp:/52-sell.com/o4q/tokio-socket.html HTTP/1.1" 404 39417 "-" "Mozilla/5.0 (compatible; MJ12bot/v1.4.8; http://mj12bot.com/)"
20.171.207.19 - - [28/Apr/2025:07:19:26 -0400] "GET /wp-content/uploads/2020/10/404.png%20707w,%20https:/arsn.media/wp-content/uploads/2020/10/404-300x110.png%20300w HTTP/1.1" 404 39244 "-" "Mozilla/5.0 AppleWebKit/537.36 (KHTML, like Gecko; compatible; GPTBot/1.2; +https://openai.com/gptbot)"
192.95.29.138 - - [28/Apr/2025:07:19:27 -0400] "GET /mlp/%EF%BB%BFhttp://52-sell.com/o4q/palm-beach-county-booking-blotter.html HTTP/1.1" 301 0 "-" "Mozilla/5.0 (compatible; MJ12bot/v1.4.8; http://mj12bot.com/)"
20.171.207.19 - - [28/Apr/2025:07:19:29 -0400] "GET /wp-json/elementskit/v1/ HTTP/1.1" 404 114 "-" "Mozilla/5.0 AppleWebKit/537.36 (KHTML, like Gecko; compatible; GPTBot/1.2; +https://openai.com/gptbot)"
65.108.110.26 - - [28/Apr/2025:07:19:29 -0400] "GET /mlp/%EF%BB%BFhttp://52-sell.com/o4q/tom-macdonald-mp3-download.html HTTP/1.1" 301 0 "-" "Mozilla/5.0 (compatible; MJ12bot/v1.4.8; http://mj12bot.com/)"
20.171.207.19 - - [28/Apr/2025:07:19:31 -0400] "GET /wp-content/uploads/2020/09/ARSN-Final-Logos-scaled.jpg%202560w,%20https:/arsn.media/wp-content/uploads/2020/09/ARSN-Final-Logos-300x138.jpg%20300w,%20https:/arsn.media/wp-content/uploads/2020/09/ARSN-Final-Logos-1024x471.jpg%201024w,%20https:/arsn.media/ARSN-Final-Logos-768x353.jpg%20768w,%20https:/ARSN-Final-Logos-1536x706.jpg%201536w,%20https:/ARSN-Final-Logos-2048x942.jpg%202048w HTTP/1.1" 404 39352 "-" "Mozilla/5.0 AppleWebKit/537.36 (KHTML, like Gecko; compatible; GPTBot/1.2; +https://openai.com/gptbot)"
192.95.29.138 - - [28/Apr/2025:07:19:30 -0400] "GET /mlp/%EF%BB%BFhttp:/52-sell.com/o4q/palm-beach-county-booking-blotter.html HTTP/1.1" 404 39184 "-" "Mozilla/5.0 (compatible; MJ12bot/v1.4.8; http://mj12bot.com/)"
20.171.207.19 - - [28/Apr/2025:07:19:34 -0400] "GET /wp-content/themes/onum/css/design-test.css?ver=6.7.2 HTTP/1.1" 404 39402 "-" "Mozilla/5.0 AppleWebKit/537.36 (KHTML, like Gecko; compatible; GPTBot/1.2; +https://openai.com/gptbot)"
66.29.132.124 - - [28/Apr/2025:07:19:34 -0400] "POST /wp-cron.php?doing_wp_cron=1745839174.5138850212097167968750 HTTP/1.1" 200 0 "-" "WordPress/6.8; https://arsn.media"
65.108.110.26 - - [28/Apr/2025:07:19:33 -0400] "GET /mlp/%EF%BB%BFhttp:/52-sell.com/o4q/tom-macdonald-mp3-download.html HTTP/1.1" 404 39389 "-" "Mozilla/5.0 (compatible; MJ12bot/v1.4.8; http://mj12bot.com/)"
66.29.132.124 - - [28/Apr/2025:07:19:36 -0400] "POST /wp-admin/admin-ajax.php?action=async_litespeed&nonce=mZ5ScsC2YvvjSt9DE9tsMZQGGxv6k6qI&litespeed_type=imgoptm HTTP/1.1" 200 0 "-" "WordPress/6.8; https://arsn.media"
20.171.207.19 - - [28/Apr/2025:07:19:37 -0400] "GET /wp-content/themes/onum/js/design-test.js HTTP/1.1" 404 39107 "-" "Mozilla/5.0 AppleWebKit/537.36 (KHTML, like Gecko; compatible; GPTBot/1.2; +https://openai.com/gptbot)"
192.95.29.138 - - [28/Apr/2025:07:19:36 -0400] "GET /mlp/%EF%BB%BFhttp://52-sell.com/o4q/palms-funeral-home-obituaries.html HTTP/1.1" 301 0 "-" "Mozilla/5.0 (compatible; MJ12bot/v1.4.8; http://mj12bot.com/)"
216.244.66.201 - - [28/Apr/2025:07:19:36 -0400] "GET /ukdygc/carnival-fayetteville-nc-cross-creek-mall.html HTTP/1.1" 404 567639 "-" "Mozilla/5.0 (compatible; DotBot/1.2; +https://opensiteexplorer.org/dotbot; help@moz.com)"
66.29.132.124 - - [28/Apr/2025:07:19:38 -0400] "POST /wp-admin/admin-ajax.php?action=as_async_request_queue_runner&nonce=b691fb58eb HTTP/1.1" 200 0 "-" "WordPress/6.8; https://arsn.media"
65.108.110.26 - - [28/Apr/2025:07:19:38 -0400] "GET /mlp/%EF%BB%BFhttp://52-sell.com/o4q/tomei-brz-parts.html HTTP/1.1" 301 0 "-" "Mozilla/5.0 (compatible; MJ12bot/v1.4.8; http://mj12bot.com/)"
192.95.29.138 - - [28/Apr/2025:07:19:38 -0400] "GET /mlp/%EF%BB%BFhttp:/52-sell.com/o4q/palms-funeral-home-obituaries.html HTTP/1.1" 404 39310 "-" "Mozilla/5.0 (compatible; MJ12bot/v1.4.8; http://mj12bot.com/)"
65.108.110.26 - - [28/Apr/2025:07:19:42 -0400] "GET /mlp/%EF%BB%BFhttp:/52-sell.com/o4q/tomei-brz-parts.html HTTP/1.1" 404 39341 "-" "Mozilla/5.0 (compatible; MJ12bot/v1.4.8; http://mj12bot.com/)"
192.95.29.138 - - [28/Apr/2025:07:19:43 -0400] "GET /mlp/%EF%BB%BFhttp://52-sell.com/o4q/panama-city-motorcycle-accident.html HTTP/1.1" 301 0 "-" "Mozilla/5.0 (compatible; MJ12bot/v1.4.8; http://mj12bot.com/)"
