66.29.132.124 - - [28/Apr/2025:10:30:16 -0400] "POST /wp-cron.php?doing_wp_cron=1745850614.1524391174316406250000 HTTP/1.1" 200 0 "-" "WordPress/6.8; https://arsn.media"
217.113.194.78 - - [28/Apr/2025:10:30:38 -0400] "GET /ukdygc/wrestling-shows-near-me.html HTTP/1.1" 404 62674 "-" "Mozilla/5.0 (compatible; Barkrowler/0.9; +https://babbar.tech/crawler)"
217.113.194.73 - - [28/Apr/2025:10:31:04 -0400] "GET /ukdygc/oak-ridge-police-scanner.html HTTP/1.1" 404 62994 "-" "Mozilla/5.0 (compatible; Barkrowler/0.9; +https://babbar.tech/crawler)"
66.29.132.124 - - [28/Apr/2025:10:31:34 -0400] "POST /wp-cron.php?doing_wp_cron=1745850693.3688900470733642578125 HTTP/1.1" 200 0 "-" "WordPress/6.8; https://arsn.media"
217.113.194.77 - - [28/Apr/2025:10:31:31 -0400] "GET /ukdygc/north-port-police-chief.html HTTP/1.1" 404 62672 "-" "Mozilla/5.0 (compatible; Barkrowler/0.9; +https://babbar.tech/crawler)"
66.29.132.124 - - [28/Apr/2025:10:31:37 -0400] "POST /wp-admin/admin-ajax.php?action=async_litespeed&nonce=4H6tDYK7AkOeT2ELEEDdwYJcd3XBfXkL&litespeed_type=imgoptm HTTP/1.1" 200 0 "-" "WordPress/6.8; https://arsn.media"
66.29.132.124 - - [28/Apr/2025:10:32:03 -0400] "POST /wp-cron.php?doing_wp_cron=1745850722.2816500663757324218750 HTTP/1.1" 200 0 "-" "WordPress/6.8; https://arsn.media"
217.113.194.76 - - [28/Apr/2025:10:32:01 -0400] "GET /ukdygc/everest-delta-8-reviews.html HTTP/1.1" 404 62672 "-" "Mozilla/5.0 (compatible; Barkrowler/0.9; +https://babbar.tech/crawler)"
217.113.194.74 - - [28/Apr/2025:10:32:25 -0400] "GET /ukdygc/short-term-let-hounslow.html HTTP/1.1" 404 62673 "-" "Mozilla/5.0 (compatible; Barkrowler/0.9; +https://babbar.tech/crawler)"
217.113.194.77 - - [28/Apr/2025:10:32:51 -0400] "GET /ukdygc/styrofoam-vase-inserts.html HTTP/1.1" 404 61820 "-" "Mozilla/5.0 (compatible; Barkrowler/0.9; +https://babbar.tech/crawler)"
66.29.132.124 - - [28/Apr/2025:10:33:18 -0400] "POST /wp-cron.php?doing_wp_cron=1745850797.9942679405212402343750 HTTP/1.1" 200 0 "-" "WordPress/6.8; https://arsn.media"
154.54.249.200 - - [28/Apr/2025:10:33:16 -0400] "GET /ukdygc/free-wolf-plush-pattern.html HTTP/1.1" 404 62673 "-" "Mozilla/5.0 (compatible; Barkrowler/0.9; +https://babbar.tech/crawler)"
66.29.132.124 - - [28/Apr/2025:10:33:21 -0400] "POST /wp-admin/admin-ajax.php?action=async_litespeed&nonce=BamtrsDMNNSdUeS0AOdiWuK4qSMaiCDw&litespeed_type=imgoptm HTTP/1.1" 200 0 "-" "WordPress/6.8; https://arsn.media"
66.29.132.124 - - [28/Apr/2025:10:33:47 -0400] "POST /wp-cron.php?doing_wp_cron=1745850826.6667609214782714843750 HTTP/1.1" 200 0 "-" "WordPress/6.8; https://arsn.media"
217.113.194.77 - - [28/Apr/2025:10:33:45 -0400] "GET /ukdygc/keeping-clove-in-mouth.html HTTP/1.1" 404 61819 "-" "Mozilla/5.0 (compatible; Barkrowler/0.9; +https://babbar.tech/crawler)"
217.113.194.77 - - [28/Apr/2025:10:34:09 -0400] "GET /ukdygc/option-trading-strategies-pdf.html HTTP/1.1" 404 62083 "-" "Mozilla/5.0 (compatible; Barkrowler/0.9; +https://babbar.tech/crawler)"
217.113.194.77 - - [28/Apr/2025:10:34:35 -0400] "GET /ukdygc/kpop-concerts-2022-atlanta.html HTTP/1.1" 404 60342 "-" "Mozilla/5.0 (compatible; Barkrowler/0.9; +https://babbar.tech/crawler)"
66.29.132.124 - - [28/Apr/2025:10:35:09 -0400] "POST /wp-cron.php?doing_wp_cron=1745850907.4795889854431152343750 HTTP/1.1" 200 0 "-" "WordPress/6.8; https://arsn.media"
217.113.194.79 - - [28/Apr/2025:10:35:05 -0400] "GET /ukdygc/hooklift-semi-trailer.html HTTP/1.1" 404 61895 "-" "Mozilla/5.0 (compatible; Barkrowler/0.9; +https://babbar.tech/crawler)"
154.54.249.200 - - [28/Apr/2025:10:35:36 -0400] "GET /ukdygc/big-brother-in-chinese-slang.html HTTP/1.1" 404 62874 "-" "Mozilla/5.0 (compatible; Barkrowler/0.9; +https://babbar.tech/crawler)"
154.213.166.165 - - [28/Apr/2025:10:36:06 -0400] "GET / HTTP/1.1" 200 48706 "-" "Mozilla/5.0 (Macintosh; Intel Mac OS X 12_5) AppleWebKit/537.36 (KHTML, like Gecko) Chrome/114.0.0.0 Safari/537.36"
217.113.194.79 - - [28/Apr/2025:10:36:05 -0400] "GET /ukdygc/fashion-brands-based-in-los-angeles.html HTTP/1.1" 404 63091 "-" "Mozilla/5.0 (compatible; Barkrowler/0.9; +https://babbar.tech/crawler)"
66.29.132.124 - - [28/Apr/2025:10:36:38 -0400] "POST /wp-cron.php?doing_wp_cron=1745850997.6837170124053955078125 HTTP/1.1" 200 0 "-" "WordPress/6.8; https://arsn.media"
66.29.132.124 - - [28/Apr/2025:10:36:41 -0400] "POST /wp-admin/admin-ajax.php?action=async_litespeed&nonce=v0Tt0NYzhYvwGu9w35q0kgUVSQzWqnCI&litespeed_type=imgoptm HTTP/1.1" 200 0 "-" "WordPress/6.8; https://arsn.media"
66.29.132.124 - - [28/Apr/2025:10:36:44 -0400] "POST /wp-admin/admin-ajax.php?action=as_async_request_queue_runner&nonce=77c05c7365 HTTP/1.1" 200 0 "-" "WordPress/6.8; https://arsn.media"
217.113.194.80 - - [28/Apr/2025:10:36:36 -0400] "GET /ukdygc/photon-vs-photon-zero.html HTTP/1.1" 404 61880 "-" "Mozilla/5.0 (compatible; Barkrowler/0.9; +https://babbar.tech/crawler)"
66.29.132.124 - - [28/Apr/2025:10:37:12 -0400] "POST /wp-cron.php?doing_wp_cron=1745851032.4689610004425048828125 HTTP/1.1" 200 0 "-" "WordPress/6.8; https://arsn.media"
217.113.194.74 - - [28/Apr/2025:10:37:10 -0400] "GET /ukdygc/brazzers-shemale-porno.html HTTP/1.1" 404 61540 "-" "Mozilla/5.0 (compatible; Barkrowler/0.9; +https://babbar.tech/crawler)"
3.145.70.197 - - [28/Apr/2025:10:37:20 -0400] "GET /author/marsalanaleem/page/4 HTTP/1.1" 301 0 "-" "Mozilla/5.0 AppleWebKit/537.36 (KHTML, like Gecko; compatible; ClaudeBot/1.0; +claudebot@anthropic.com)"
3.145.70.197 - - [28/Apr/2025:10:37:23 -0400] "GET /author/marsalanaleem/page/4/ HTTP/1.1" 200 42168 "https://arsn.media/author/marsalanaleem/page/4" "Mozilla/5.0 AppleWebKit/537.36 (KHTML, like Gecko; compatible; ClaudeBot/1.0; +claudebot@anthropic.com)"
66.29.132.124 - - [28/Apr/2025:10:37:35 -0400] "POST /wp-cron.php?doing_wp_cron=1745851055.0137500762939453125000 HTTP/1.1" 200 0 "-" "WordPress/6.8; https://arsn.media"
66.29.132.124 - - [28/Apr/2025:10:37:35 -0400] "POST /wp-admin/admin-ajax.php?action=async_litespeed&nonce=z2fTypoo5865l2a5FwRtNObxvavOLXJp&litespeed_type=imgoptm HTTP/1.1" 200 0 "-" "WordPress/6.8; https://arsn.media"
217.113.194.75 - - [28/Apr/2025:10:37:33 -0400] "GET /ukdygc/20-passenger-van-rental-price.html HTTP/1.1" 404 62779 "-" "Mozilla/5.0 (compatible; Barkrowler/0.9; +https://babbar.tech/crawler)"
20.171.207.19 - - [28/Apr/2025:10:37:37 -0400] "GET /wp-content/uploads/2020/09/ARSN-Final-Logos-scaled.jpg%202560w,%20https:/arsn.media/wp-content/uploads/2020/09/ARSN-Final-Logos-300x138.jpg%20300w,%20https:/arsn.media/wp-content/uploads/2020/09/ARSN-Final-Logos-1024x471.jpg%201024w,%20https:/arsn.media/ARSN-Final-Logos-768x353.jpg%20768w,%20https:/ARSN-Final-Logos-1536x706.jpg%201536w,%20https:/ARSN-Final-Logos-2048x942.jpg%202048w HTTP/1.1" 404 26751 "-" "Mozilla/5.0 AppleWebKit/537.36 (KHTML, like Gecko; compatible; GPTBot/1.2; +https://openai.com/gptbot)"
20.171.207.19 - - [28/Apr/2025:10:37:40 -0400] "GET /wp-json/elementskit/v1/ HTTP/1.1" 404 114 "-" "Mozilla/5.0 AppleWebKit/537.36 (KHTML, like Gecko; compatible; GPTBot/1.2; +https://openai.com/gptbot)"
20.171.207.19 - - [28/Apr/2025:10:37:42 -0400] "GET /wp-content/uploads/2020/10/404.png%20707w,%20https:/arsn.media/wp-content/uploads/2020/10/404-300x110.png%20300w HTTP/1.1" 404 21296 "-" "Mozilla/5.0 AppleWebKit/537.36 (KHTML, like Gecko; compatible; GPTBot/1.2; +https://openai.com/gptbot)"
20.171.207.19 - - [28/Apr/2025:10:37:45 -0400] "GET /wp-content/themes/onum/css/design-test.css?ver=6.7.1 HTTP/1.1" 404 18502 "-" "Mozilla/5.0 AppleWebKit/537.36 (KHTML, like Gecko; compatible; GPTBot/1.2; +https://openai.com/gptbot)"
20.171.207.19 - - [28/Apr/2025:10:37:48 -0400] "GET /wp-content/themes/onum/js/design-test.js HTTP/1.1" 404 39143 "-" "Mozilla/5.0 AppleWebKit/537.36 (KHTML, like Gecko; compatible; GPTBot/1.2; +https://openai.com/gptbot)"
66.29.132.124 - - [28/Apr/2025:10:38:02 -0400] "POST /wp-cron.php?doing_wp_cron=1745851081.5549490451812744140625 HTTP/1.1" 200 0 "-" "WordPress/6.8; https://arsn.media"
217.113.194.78 - - [28/Apr/2025:10:38:00 -0400] "GET /ukdygc/interfiling-485-success-stories.html HTTP/1.1" 404 62781 "-" "Mozilla/5.0 (compatible; Barkrowler/0.9; +https://babbar.tech/crawler)"
217.113.194.81 - - [28/Apr/2025:10:38:28 -0400] "GET /ukdygc/winter-garden-police-activity-today.html HTTP/1.1" 404 61937 "-" "Mozilla/5.0 (compatible; Barkrowler/0.9; +https://babbar.tech/crawler)"
66.29.132.124 - - [28/Apr/2025:10:38:57 -0400] "POST /wp-cron.php?doing_wp_cron=1745851136.4454369544982910156250 HTTP/1.1" 200 0 "-" "WordPress/6.8; https://arsn.media"
66.29.132.124 - - [28/Apr/2025:10:38:58 -0400] "POST /wp-admin/admin-ajax.php?action=async_litespeed&nonce=KE2KnhVR8mqZwXpHgf59uMcdxl1J27aI&litespeed_type=imgoptm HTTP/1.1" 200 0 "-" "WordPress/6.8; https://arsn.media"
217.113.194.75 - - [28/Apr/2025:10:38:55 -0400] "GET /ukdygc/louisville-kentucky-missing-persons.html HTTP/1.1" 404 63094 "-" "Mozilla/5.0 (compatible; Barkrowler/0.9; +https://babbar.tech/crawler)"
217.113.194.81 - - [28/Apr/2025:10:39:18 -0400] "GET /ukdygc/tennessee-state-swim-meet-2022.html HTTP/1.1" 404 61806 "-" "Mozilla/5.0 (compatible; Barkrowler/0.9; +https://babbar.tech/crawler)"
66.29.132.124 - - [28/Apr/2025:10:39:46 -0400] "POST /wp-cron.php?doing_wp_cron=1745851184.9314479827880859375000 HTTP/1.1" 200 0 "-" "WordPress/6.8; https://arsn.media"
217.113.194.76 - - [28/Apr/2025:10:39:43 -0400] "GET /ukdygc/standard-fireplace-surround-dimensions.html HTTP/1.1" 404 60841 "-" "Mozilla/5.0 (compatible; Barkrowler/0.9; +https://babbar.tech/crawler)"
20.171.207.19 - - [28/Apr/2025:10:39:57 -0400] "GET /wp-content/themes/onum/css/design-test.css?ver=6.7.2 HTTP/1.1" 404 18501 "-" "Mozilla/5.0 AppleWebKit/537.36 (KHTML, like Gecko; compatible; GPTBot/1.2; +https://openai.com/gptbot)"
20.171.207.19 - - [28/Apr/2025:10:39:59 -0400] "GET /wp-content/uploads/2020/10/404.png%20707w,%20https:/arsn.media/wp-content/uploads/2020/10/404-300x110.png%20300w HTTP/1.1" 404 18514 "-" "Mozilla/5.0 AppleWebKit/537.36 (KHTML, like Gecko; compatible; GPTBot/1.2; +https://openai.com/gptbot)"
20.171.207.19 - - [28/Apr/2025:10:40:03 -0400] "GET /wp-content/uploads/2020/09/ARSN-Final-Logos-scaled.jpg%202560w,%20https:/arsn.media/wp-content/uploads/2020/09/ARSN-Final-Logos-300x138.jpg%20300w,%20https:/arsn.media/wp-content/uploads/2020/09/ARSN-Final-Logos-1024x471.jpg%201024w,%20https:/arsn.media/ARSN-Final-Logos-768x353.jpg%20768w,%20https:/ARSN-Final-Logos-1536x706.jpg%201536w,%20https:/ARSN-Final-Logos-2048x942.jpg%202048w HTTP/1.1" 404 21114 "-" "Mozilla/5.0 AppleWebKit/537.36 (KHTML, like Gecko; compatible; GPTBot/1.2; +https://openai.com/gptbot)"
20.171.207.19 - - [28/Apr/2025:10:40:04 -0400] "GET /wp-json/elementskit/v1/ HTTP/1.1" 404 114 "-" "Mozilla/5.0 AppleWebKit/537.36 (KHTML, like Gecko; compatible; GPTBot/1.2; +https://openai.com/gptbot)"
20.171.207.19 - - [28/Apr/2025:10:40:08 -0400] "GET /wp-content/themes/onum/js/design-test.js HTTP/1.1" 404 39143 "-" "Mozilla/5.0 AppleWebKit/537.36 (KHTML, like Gecko; compatible; GPTBot/1.2; +https://openai.com/gptbot)"
217.113.194.78 - - [28/Apr/2025:10:40:11 -0400] "GET /ukdygc/fighter-jets-over-las-vegas-today.html HTTP/1.1" 404 62200 "-" "Mozilla/5.0 (compatible; Barkrowler/0.9; +https://babbar.tech/crawler)"
217.113.194.78 - - [28/Apr/2025:10:40:37 -0400] "GET /ukdygc/caregiver-san-jose-craigslist.html HTTP/1.1" 404 62159 "-" "Mozilla/5.0 (compatible; Barkrowler/0.9; +https://babbar.tech/crawler)"
20.171.207.19 - - [28/Apr/2025:10:40:41 -0400] "GET /xmlrpc.php HTTP/1.1" 405 46 "-" "Mozilla/5.0 AppleWebKit/537.36 (KHTML, like Gecko; compatible; GPTBot/1.2; +https://openai.com/gptbot)"
66.29.132.124 - - [28/Apr/2025:10:40:57 -0400] "POST /wp-cron.php?doing_wp_cron=1745851257.6403961181640625000000 HTTP/1.1" 200 0 "-" "WordPress/6.8; https://arsn.media"
20.171.207.19 - - [28/Apr/2025:10:40:56 -0400] "GET /xmlrpc.php HTTP/1.1" 405 46 "-" "Mozilla/5.0 AppleWebKit/537.36 (KHTML, like Gecko; compatible; GPTBot/1.2; +https://openai.com/gptbot)"
66.29.132.124 - - [28/Apr/2025:10:40:59 -0400] "POST /wp-admin/admin-ajax.php?action=async_litespeed&nonce=fl9wByNg6qnx3KZwMRUU3Es13Z7lV6y3&litespeed_type=imgoptm HTTP/1.1" 200 0 "-" "WordPress/6.8; https://arsn.media"
217.113.194.81 - - [28/Apr/2025:10:41:01 -0400] "GET /ukdygc/moving-back-in-with-parents-at-40.html HTTP/1.1" 404 62098 "-" "Mozilla/5.0 (compatible; Barkrowler/0.9; +https://babbar.tech/crawler)"
217.113.194.75 - - [28/Apr/2025:10:41:27 -0400] "GET /ukdygc/mature-nude-sex-party-vids.html HTTP/1.1" 404 60594 "-" "Mozilla/5.0 (compatible; Barkrowler/0.9; +https://babbar.tech/crawler)"
66.29.132.124 - - [28/Apr/2025:10:41:54 -0400] "POST /wp-cron.php?doing_wp_cron=1745851314.1641409397125244140625 HTTP/1.1" 200 0 "-" "WordPress/6.8; https://arsn.media"
3.143.116.179 - - [28/Apr/2025:10:41:53 -0400] "GET /author/marsalanaleem/page/5 HTTP/1.1" 301 0 "-" "Mozilla/5.0 AppleWebKit/537.36 (KHTML, like Gecko; compatible; ClaudeBot/1.0; +claudebot@anthropic.com)"
3.143.116.179 - - [28/Apr/2025:10:41:55 -0400] "GET /author/marsalanaleem/page/5/ HTTP/1.1" 200 42190 "https://arsn.media/author/marsalanaleem/page/5" "Mozilla/5.0 AppleWebKit/537.36 (KHTML, like Gecko; compatible; ClaudeBot/1.0; +claudebot@anthropic.com)"
66.29.132.124 - - [28/Apr/2025:10:41:55 -0400] "POST /wp-admin/admin-ajax.php?action=async_litespeed&nonce=2HeYkYfYY2sQ56BECakycv5ZD6LC1NFy&litespeed_type=imgoptm HTTP/1.1" 200 0 "-" "WordPress/6.8; https://arsn.media"
217.113.194.73 - - [28/Apr/2025:10:41:54 -0400] "GET /ukdygc/old-buildings-for-sale-new-hampshire.html HTTP/1.1" 404 62118 "-" "Mozilla/5.0 (compatible; Barkrowler/0.9; +https://babbar.tech/crawler)"
154.54.249.200 - - [28/Apr/2025:10:42:20 -0400] "GET /ukdygc/iphone-13-pro-esim-activation.html HTTP/1.1" 404 62084 "-" "Mozilla/5.0 (compatible; Barkrowler/0.9; +https://babbar.tech/crawler)"
20.171.207.19 - - [28/Apr/2025:10:42:43 -0400] "GET /wp-json/elementskit/v1/ HTTP/1.1" 404 114 "-" "Mozilla/5.0 AppleWebKit/537.36 (KHTML, like Gecko; compatible; GPTBot/1.2; +https://openai.com/gptbot)"
66.29.132.124 - - [28/Apr/2025:10:42:47 -0400] "POST /wp-cron.php?doing_wp_cron=1745851366.8420720100402832031250 HTTP/1.1" 200 0 "-" "WordPress/6.8; https://arsn.media"
217.113.194.73 - - [28/Apr/2025:10:42:46 -0400] "GET /ukdygc/darkwolf-sabers-mystery-box.html HTTP/1.1" 404 60623 "-" "Mozilla/5.0 (compatible; Barkrowler/0.9; +https://babbar.tech/crawler)"
20.171.207.19 - - [28/Apr/2025:10:42:45 -0400] "GET /wp-content/uploads/2020/10/404.png%20707w,%20https:/arsn.media/wp-content/uploads/2020/10/404-300x110.png%20300w HTTP/1.1" 404 18514 "-" "Mozilla/5.0 AppleWebKit/537.36 (KHTML, like Gecko; compatible; GPTBot/1.2; +https://openai.com/gptbot)"
66.29.132.124 - - [28/Apr/2025:10:42:50 -0400] "POST /wp-admin/admin-ajax.php?action=async_litespeed&nonce=bjU8QIwBOvorKHQipWTAY8KUtur0wvcv&litespeed_type=imgoptm HTTP/1.1" 200 0 "-" "WordPress/6.8; https://arsn.media"
20.171.207.19 - - [28/Apr/2025:10:42:50 -0400] "GET /wp-content/themes/onum/js/design-test.js HTTP/1.1" 404 39143 "-" "Mozilla/5.0 AppleWebKit/537.36 (KHTML, like Gecko; compatible; GPTBot/1.2; +https://openai.com/gptbot)"
66.29.132.124 - - [28/Apr/2025:10:42:53 -0400] "POST /wp-cron.php?doing_wp_cron=1745851373.1332600116729736328125 HTTP/1.1" 200 0 "-" "WordPress/6.8; https://arsn.media"
20.171.207.19 - - [28/Apr/2025:10:42:51 -0400] "GET /wp-content/uploads/2020/09/ARSN-Final-Logos-scaled.jpg%202560w,%20https:/arsn.media/wp-content/uploads/2020/09/ARSN-Final-Logos-300x138.jpg%20300w,%20https:/arsn.media/wp-content/uploads/2020/09/ARSN-Final-Logos-1024x471.jpg%201024w,%20https:/arsn.media/ARSN-Final-Logos-768x353.jpg%20768w,%20https:/ARSN-Final-Logos-1536x706.jpg%201536w,%20https:/ARSN-Final-Logos-2048x942.jpg%202048w HTTP/1.1" 404 18529 "-" "Mozilla/5.0 AppleWebKit/537.36 (KHTML, like Gecko; compatible; GPTBot/1.2; +https://openai.com/gptbot)"
217.113.194.73 - - [28/Apr/2025:10:43:12 -0400] "GET /ukdygc/therapist-office-space-for-rent-atlanta.html HTTP/1.1" 404 62308 "-" "Mozilla/5.0 (compatible; Barkrowler/0.9; +https://babbar.tech/crawler)"
20.171.207.19 - - [28/Apr/2025:10:43:32 -0400] "GET /wp-content/uploads/2020/10/404.png%20707w,%20https:/arsn.media/wp-content/uploads/2020/10/404-300x110.png%20300w HTTP/1.1" 404 18514 "-" "Mozilla/5.0 AppleWebKit/537.36 (KHTML, like Gecko; compatible; GPTBot/1.2; +https://openai.com/gptbot)"
66.29.132.124 - - [28/Apr/2025:10:43:35 -0400] "POST /wp-cron.php?doing_wp_cron=1745851415.6294460296630859375000 HTTP/1.1" 200 0 "-" "WordPress/6.8; https://arsn.media"
20.171.207.19 - - [28/Apr/2025:10:43:35 -0400] "GET /wp-content/uploads/2020/09/ARSN-Final-Logos-scaled.jpg%202560w,%20https:/arsn.media/wp-content/uploads/2020/09/ARSN-Final-Logos-300x138.jpg%20300w,%20https:/arsn.media/wp-content/uploads/2020/09/ARSN-Final-Logos-1024x471.jpg%201024w,%20https:/arsn.media/ARSN-Final-Logos-768x353.jpg%20768w,%20https:/ARSN-Final-Logos-1536x706.jpg%201536w,%20https:/ARSN-Final-Logos-2048x942.jpg%202048w HTTP/1.1" 404 39350 "-" "Mozilla/5.0 AppleWebKit/537.36 (KHTML, like Gecko; compatible; GPTBot/1.2; +https://openai.com/gptbot)"
66.29.132.124 - - [28/Apr/2025:10:43:36 -0400] "POST /wp-admin/admin-ajax.php?action=async_litespeed&nonce=mKnMyBgEGfZH9LwNTgt25TcLEI19BXki&litespeed_type=imgoptm HTTP/1.1" 200 0 "-" "WordPress/6.8; https://arsn.media"
20.171.207.19 - - [28/Apr/2025:10:43:37 -0400] "GET /wp-content/themes/onum/css/design-test.css?ver=6.7.1 HTTP/1.1" 404 18502 "-" "Mozilla/5.0 AppleWebKit/537.36 (KHTML, like Gecko; compatible; GPTBot/1.2; +https://openai.com/gptbot)"
20.171.207.19 - - [28/Apr/2025:10:43:39 -0400] "GET /wp-json/elementskit/v1/ HTTP/1.1" 404 114 "-" "Mozilla/5.0 AppleWebKit/537.36 (KHTML, like Gecko; compatible; GPTBot/1.2; +https://openai.com/gptbot)"
217.113.194.72 - - [28/Apr/2025:10:43:39 -0400] "GET /ukdygc/anne-arundel-county-crime-map.html HTTP/1.1" 404 62785 "-" "Mozilla/5.0 (compatible; Barkrowler/0.9; +https://babbar.tech/crawler)"
20.171.207.19 - - [28/Apr/2025:10:43:42 -0400] "GET /wp-content/themes/onum/js/design-test.js HTTP/1.1" 404 39143 "-" "Mozilla/5.0 AppleWebKit/537.36 (KHTML, like Gecko; compatible; GPTBot/1.2; +https://openai.com/gptbot)"
20.171.207.19 - - [28/Apr/2025:10:43:44 -0400] "GET /wp-content/themes/onum/css/design-test.css?ver=6.7.2 HTTP/1.1" 404 18501 "-" "Mozilla/5.0 AppleWebKit/537.36 (KHTML, like Gecko; compatible; GPTBot/1.2; +https://openai.com/gptbot)"
217.113.194.80 - - [28/Apr/2025:10:44:05 -0400] "GET /ukdygc/where-is-axman-from-street-outlaws.html HTTP/1.1" 404 63033 "-" "Mozilla/5.0 (compatible; Barkrowler/0.9; +https://babbar.tech/crawler)"
20.171.207.19 - - [28/Apr/2025:10:44:11 -0400] "GET /wp-content/uploads/2020/09/ARSN-Final-Logos-scaled.jpg%202560w,%20https:/arsn.media/wp-content/uploads/2020/09/ARSN-Final-Logos-300x138.jpg%20300w,%20https:/arsn.media/wp-content/uploads/2020/09/ARSN-Final-Logos-1024x471.jpg%201024w,%20https:/arsn.media/ARSN-Final-Logos-768x353.jpg%20768w,%20https:/ARSN-Final-Logos-1536x706.jpg%201536w,%20https:/ARSN-Final-Logos-2048x942.jpg%202048w HTTP/1.1" 404 39350 "-" "Mozilla/5.0 AppleWebKit/537.36 (KHTML, like Gecko; compatible; GPTBot/1.2; +https://openai.com/gptbot)"
20.171.207.19 - - [28/Apr/2025:10:44:13 -0400] "GET /wp-content/themes/onum/css/design-test.css?ver=6.7.2 HTTP/1.1" 404 18501 "-" "Mozilla/5.0 AppleWebKit/537.36 (KHTML, like Gecko; compatible; GPTBot/1.2; +https://openai.com/gptbot)"
20.171.207.19 - - [28/Apr/2025:10:44:15 -0400] "GET /wp-content/uploads/2020/10/404.png%20707w,%20https:/arsn.media/wp-content/uploads/2020/10/404-300x110.png%20300w HTTP/1.1" 404 18514 "-" "Mozilla/5.0 AppleWebKit/537.36 (KHTML, like Gecko; compatible; GPTBot/1.2; +https://openai.com/gptbot)"
20.171.207.19 - - [28/Apr/2025:10:44:18 -0400] "GET /wp-json/elementskit/v1/ HTTP/1.1" 404 114 "-" "Mozilla/5.0 AppleWebKit/537.36 (KHTML, like Gecko; compatible; GPTBot/1.2; +https://openai.com/gptbot)"
20.171.207.19 - - [28/Apr/2025:10:44:21 -0400] "GET /wp-content/themes/onum/js/design-test.js HTTP/1.1" 404 39143 "-" "Mozilla/5.0 AppleWebKit/537.36 (KHTML, like Gecko; compatible; GPTBot/1.2; +https://openai.com/gptbot)"
217.113.194.80 - - [28/Apr/2025:10:44:31 -0400] "GET /ukdygc/unreal-engine-create-camera-from-view.html HTTP/1.1" 404 62007 "-" "Mozilla/5.0 (compatible; Barkrowler/0.9; +https://babbar.tech/crawler)"
20.171.207.19 - - [28/Apr/2025:10:44:53 -0400] "GET /xmlrpc.php HTTP/1.1" 405 46 "-" "Mozilla/5.0 AppleWebKit/537.36 (KHTML, like Gecko; compatible; GPTBot/1.2; +https://openai.com/gptbot)"
20.171.207.19 - - [28/Apr/2025:10:44:55 -0400] "GET /?p=12784 HTTP/1.1" 301 0 "-" "Mozilla/5.0 AppleWebKit/537.36 (KHTML, like Gecko; compatible; GPTBot/1.2; +https://openai.com/gptbot)"
154.54.249.200 - - [28/Apr/2025:10:44:58 -0400] "GET /ukdygc/google-sheets-login-to-website.html HTTP/1.1" 404 61802 "-" "Mozilla/5.0 (compatible; Barkrowler/0.9; +https://babbar.tech/crawler)"
185.191.171.10 - - [28/Apr/2025:10:45:13 -0400] "GET /robots.txt HTTP/1.1" 200 121 "-" "Mozilla/5.0 (compatible; SemrushBot/7~bl; +http://www.semrush.com/bot.html)"
185.191.171.1 - - [28/Apr/2025:10:45:16 -0400] "GET /2024/11/01/how-to-craft-a-compelling-call-to-action-in-your-ideal-pest-control-ads/ HTTP/1.1" 200 72382 "-" "Mozilla/5.0 (compatible; SemrushBot/7~bl; +http://www.semrush.com/bot.html)"
66.29.132.124 - - [28/Apr/2025:10:45:29 -0400] "POST /wp-cron.php?doing_wp_cron=1745851529.2542939186096191406250 HTTP/1.1" 200 0 "-" "WordPress/6.8; https://arsn.media"
154.54.249.200 - - [28/Apr/2025:10:45:28 -0400] "GET /ukdygc/iron-bull-vs-pj-trailers.html HTTP/1.1" 404 62996 "-" "Mozilla/5.0 (compatible; Barkrowler/0.9; +https://babbar.tech/crawler)"
66.29.132.124 - - [28/Apr/2025:10:45:31 -0400] "POST /wp-admin/admin-ajax.php?action=async_litespeed&nonce=M9bygkNbc9KW0dAIJ4r9SUwGNjWNxsrQ&litespeed_type=imgoptm HTTP/1.1" 200 0 "-" "WordPress/6.8; https://arsn.media"
66.29.132.124 - - [28/Apr/2025:10:45:56 -0400] "POST /wp-cron.php?doing_wp_cron=1745851556.1761128902435302734375 HTTP/1.1" 200 0 "-" "WordPress/6.8; https://arsn.media"
217.113.194.78 - - [28/Apr/2025:10:45:55 -0400] "GET /2024/10/01/starting-pest-control-business-hiring-team/feed/ HTTP/1.1" 200 471 "-" "Mozilla/5.0 (compatible; Barkrowler/0.9; +https://babbar.tech/crawler)"
66.29.132.124 - - [28/Apr/2025:10:45:57 -0400] "POST /wp-admin/admin-ajax.php?action=async_litespeed&nonce=cMrpirkLWHCIkKNahPqOQIOB67ACOXQP&litespeed_type=imgoptm HTTP/1.1" 200 21 "-" "WordPress/6.8; https://arsn.media"
217.113.194.81 - - [28/Apr/2025:10:46:16 -0400] "GET /ukdygc/reddit-man-gets-paternity-test.html HTTP/1.1" 404 61805 "-" "Mozilla/5.0 (compatible; Barkrowler/0.9; +https://babbar.tech/crawler)"
66.29.132.124 - - [28/Apr/2025:10:46:41 -0400] "POST /wp-cron.php?doing_wp_cron=1745851601.8026430606842041015625 HTTP/1.1" 200 0 "-" "WordPress/6.8; https://arsn.media"
217.113.194.74 - - [28/Apr/2025:10:46:40 -0400] "GET /ukdygc/portland-parks-and-recreation-staff-directory.html HTTP/1.1" 404 62641 "-" "Mozilla/5.0 (compatible; Barkrowler/0.9; +https://babbar.tech/crawler)"
66.29.132.124 - - [28/Apr/2025:10:46:42 -0400] "POST /wp-admin/admin-ajax.php?action=async_litespeed&nonce=iFzdn0j31r5VSfKtDB3A9d2MRegLnh0O&litespeed_type=imgoptm HTTP/1.1" 200 0 "-" "WordPress/6.8; https://arsn.media"
66.29.132.124 - - [28/Apr/2025:10:46:43 -0400] "POST /wp-admin/admin-ajax.php?action=as_async_request_queue_runner&nonce=77c05c7365 HTTP/1.1" 200 0 "-" "WordPress/6.8; https://arsn.media"
66.29.132.124 - - [28/Apr/2025:10:47:08 -0400] "POST /wp-cron.php?doing_wp_cron=1745851628.4628601074218750000000 HTTP/1.1" 200 0 "-" "WordPress/6.8; https://arsn.media"
154.54.249.200 - - [28/Apr/2025:10:47:07 -0400] "GET /ukdygc/puyallup-motorcycle-accident-2022.html HTTP/1.1" 404 62082 "-" "Mozilla/5.0 (compatible; Barkrowler/0.9; +https://babbar.tech/crawler)"
66.29.132.124 - - [28/Apr/2025:10:47:36 -0400] "POST /wp-cron.php?doing_wp_cron=1745851656.3128969669342041015625 HTTP/1.1" 200 0 "-" "WordPress/6.8; https://arsn.media"
217.113.194.73 - - [28/Apr/2025:10:47:35 -0400] "GET /ukdygc/foxworth-hall-charlottesville-virginia.html HTTP/1.1" 404 60847 "-" "Mozilla/5.0 (compatible; Barkrowler/0.9; +https://babbar.tech/crawler)"
66.29.132.124 - - [28/Apr/2025:10:47:38 -0400] "POST /wp-admin/admin-ajax.php?action=async_litespeed&nonce=v3bYWZphLsWMbaqiGwA0fQt5OZvXdNqj&litespeed_type=imgoptm HTTP/1.1" 200 0 "-" "WordPress/6.8; https://arsn.media"
66.29.132.124 - - [28/Apr/2025:10:48:03 -0400] "POST /wp-cron.php?doing_wp_cron=1745851682.7182528972625732421875 HTTP/1.1" 200 0 "-" "WordPress/6.8; https://arsn.media"
217.113.194.78 - - [28/Apr/2025:10:48:01 -0400] "GET /ukdygc/why-do-i-doubt-my-boyfriends-love.html HTTP/1.1" 404 62101 "-" "Mozilla/5.0 (compatible; Barkrowler/0.9; +https://babbar.tech/crawler)"
217.113.194.73 - - [28/Apr/2025:10:48:27 -0400] "GET /ukdygc/why-is-the-daily-show-being-cancelled.html HTTP/1.1" 404 62617 "-" "Mozilla/5.0 (compatible; Barkrowler/0.9; +https://babbar.tech/crawler)"
217.113.194.76 - - [28/Apr/2025:10:48:54 -0400] "GET /ukdygc/emma-and-ej-catfish-reddit.html HTTP/1.1" 404 60507 "-" "Mozilla/5.0 (compatible; Barkrowler/0.9; +https://babbar.tech/crawler)"
66.29.132.124 - - [28/Apr/2025:10:49:23 -0400] "POST /wp-cron.php?doing_wp_cron=1745851763.5083000659942626953125 HTTP/1.1" 200 0 "-" "WordPress/6.8; https://arsn.media"
217.113.194.80 - - [28/Apr/2025:10:49:22 -0400] "GET /ukdygc/budweiser-clydesdales-schedule-2022.html HTTP/1.1" 404 61944 "-" "Mozilla/5.0 (compatible; Barkrowler/0.9; +https://babbar.tech/crawler)"
66.29.132.124 - - [28/Apr/2025:10:49:27 -0400] "POST /wp-admin/admin-ajax.php?action=async_litespeed&nonce=r5d43DXOExW0bNMPZTGq1llYFSOuulKD&litespeed_type=imgoptm HTTP/1.1" 200 0 "-" "WordPress/6.8; https://arsn.media"
217.113.194.80 - - [28/Apr/2025:10:49:49 -0400] "GET /2025/01/03/a-complete-guide-to-seo-for-pest-control-companies/feed/ HTTP/1.1" 200 469 "-" "Mozilla/5.0 (compatible; Barkrowler/0.9; +https://babbar.tech/crawler)"
66.29.132.124 - - [28/Apr/2025:10:49:52 -0400] "POST /wp-cron.php?doing_wp_cron=1745851790.3702619075775146484375 HTTP/1.1" 200 0 "-" "WordPress/6.8; https://arsn.media"
154.54.249.200 - - [28/Apr/2025:10:50:17 -0400] "GET /2024/10/11/how-to-develop-a-winning-pest-control-marketing-plan/ HTTP/1.1" 200 73006 "-" "Mozilla/5.0 (compatible; Barkrowler/0.9; +https://babbar.tech/crawler)"
217.113.194.72 - - [28/Apr/2025:10:50:45 -0400] "GET /2024/12/19/pest-control-flyers-dos-donts-for-maximum-impact/ HTTP/1.1" 200 70574 "-" "Mozilla/5.0 (compatible; Barkrowler/0.9; +https://babbar.tech/crawler)"
66.29.132.124 - - [28/Apr/2025:10:51:13 -0400] "POST /wp-cron.php?doing_wp_cron=1745851872.1194870471954345703125 HTTP/1.1" 200 0 "-" "WordPress/6.8; https://arsn.media"
217.113.194.76 - - [28/Apr/2025:10:51:10 -0400] "GET /ukdygc/gmail-filter-subject-contains-multiple-words.html HTTP/1.1" 404 62310 "-" "Mozilla/5.0 (compatible; Barkrowler/0.9; +https://babbar.tech/crawler)"
217.113.194.80 - - [28/Apr/2025:10:51:35 -0400] "GET /2025/01/08/how-to-optimize-your-pest-control-website-for-local-seo/feed/ HTTP/1.1" 200 485 "-" "Mozilla/5.0 (compatible; Barkrowler/0.9; +https://babbar.tech/crawler)"
217.113.194.78 - - [28/Apr/2025:10:52:02 -0400] "GET /2025/01/10/keyword-research-tips-for-effective-pest-control-seo/ HTTP/1.1" 200 70581 "-" "Mozilla/5.0 (compatible; Barkrowler/0.9; +https://babbar.tech/crawler)"
66.29.132.124 - - [28/Apr/2025:10:52:29 -0400] "POST /wp-cron.php?doing_wp_cron=1745851948.8872840404510498046875 HTTP/1.1" 200 0 "-" "WordPress/6.8; https://arsn.media"
217.113.194.78 - - [28/Apr/2025:10:52:28 -0400] "GET /2024/10/11/how-to-develop-a-winning-pest-control-marketing-plan/feed/ HTTP/1.1" 200 478 "-" "Mozilla/5.0 (compatible; Barkrowler/0.9; +https://babbar.tech/crawler)"
66.29.132.124 - - [28/Apr/2025:10:52:30 -0400] "POST /wp-admin/admin-ajax.php?action=async_litespeed&nonce=5WHre2PPnZJrl4s1WQiJVvBY4ICXeFQu&litespeed_type=imgoptm HTTP/1.1" 200 0 "-" "WordPress/6.8; https://arsn.media"
66.29.132.124 - - [28/Apr/2025:10:52:31 -0400] "POST /wp-admin/admin-ajax.php?action=as_async_request_queue_runner&nonce=77c05c7365 HTTP/1.1" 200 0 "-" "WordPress/6.8; https://arsn.media"
66.29.132.124 - - [28/Apr/2025:10:52:54 -0400] "POST /wp-cron.php?doing_wp_cron=1745851973.7686378955841064453125 HTTP/1.1" 200 0 "-" "WordPress/6.8; https://arsn.media"
217.113.194.75 - - [28/Apr/2025:10:52:52 -0400] "GET /2024/11/11/pest-control-advertisement-strategies-for-different-platforms/ HTTP/1.1" 301 0 "-" "Mozilla/5.0 (compatible; Barkrowler/0.9; +https://babbar.tech/crawler)"
66.29.132.124 - - [28/Apr/2025:10:52:55 -0400] "POST /wp-admin/admin-ajax.php?action=async_litespeed&nonce=hm1s8nReR1VFb3wcY2KGo3l4ZRBDbLDv&litespeed_type=imgoptm HTTP/1.1" 200 0 "-" "WordPress/6.8; https://arsn.media"
217.113.194.78 - - [28/Apr/2025:10:53:16 -0400] "GET /2024/10/14/why-pest-control-business-needs-social-media-presence/ HTTP/1.1" 200 74153 "-" "Mozilla/5.0 (compatible; Barkrowler/0.9; +https://babbar.tech/crawler)"
66.29.132.124 - - [28/Apr/2025:10:53:42 -0400] "POST /wp-cron.php?doing_wp_cron=1745852022.0310869216918945312500 HTTP/1.1" 200 0 "-" "WordPress/6.8; https://arsn.media"
217.113.194.74 - - [28/Apr/2025:10:53:41 -0400] "GET /2024/10/14/why-pest-control-business-needs-social-media-presence/feed/ HTTP/1.1" 200 473 "-" "Mozilla/5.0 (compatible; Barkrowler/0.9; +https://babbar.tech/crawler)"
216.244.66.201 - - [28/Apr/2025:10:53:44 -0400] "GET /robots.txt HTTP/1.1" 200 168 "-" "Mozilla/5.0 (compatible; DotBot/1.2; +https://opensiteexplorer.org/dotbot; help@moz.com)"
66.29.132.124 - - [28/Apr/2025:10:53:43 -0400] "POST /wp-admin/admin-ajax.php?action=async_litespeed&nonce=3EzfGBe9UWAv2as9oAHesnc119i7p7ro&litespeed_type=imgoptm HTTP/1.1" 200 0 "-" "WordPress/6.8; https://arsn.media"
66.29.132.124 - - [28/Apr/2025:10:53:45 -0400] "POST /wp-admin/admin-ajax.php?action=as_async_request_queue_runner&nonce=77c05c7365 HTTP/1.1" 200 0 "-" "WordPress/6.8; https://arsn.media"
66.29.132.124 - - [28/Apr/2025:10:54:07 -0400] "POST /wp-cron.php?doing_wp_cron=1745852046.3075969219207763671875 HTTP/1.1" 200 0 "-" "WordPress/6.8; https://arsn.media"
217.113.194.80 - - [28/Apr/2025:10:54:04 -0400] "GET /ukdygc/reincarnated-as-a-dragon-hatchling-japanese-name.html HTTP/1.1" 404 61336 "-" "Mozilla/5.0 (compatible; Barkrowler/0.9; +https://babbar.tech/crawler)"
217.113.194.72 - - [28/Apr/2025:10:54:32 -0400] "GET /2025/01/16/improve-your-pest-control-rankings-with-pest-control-seo/ HTTP/1.1" 200 71359 "-" "Mozilla/5.0 (compatible; Barkrowler/0.9; +https://babbar.tech/crawler)"
66.29.132.124 - - [28/Apr/2025:10:54:39 -0400] "POST /wp-cron.php?doing_wp_cron=1745852078.5730319023132324218750 HTTP/1.1" 200 0 "-" "WordPress/6.8; https://arsn.media"
66.29.132.124 - - [28/Apr/2025:10:54:40 -0400] "POST /wp-admin/admin-ajax.php?action=async_litespeed&nonce=aBihs3P5fmls0TEjkqgAlfcZnNeYOyIs&litespeed_type=imgoptm HTTP/1.1" 200 0 "-" "WordPress/6.8; https://arsn.media"
185.128.227.187 - - [28/Apr/2025:10:54:37 -0400] "GET /wp-content/plugins/HelloDollyV2/hello_dolly_v2.php HTTP/1.1" 404 60839 "-" "ShellBot 2.0"
217.113.194.79 - - [28/Apr/2025:10:54:57 -0400] "GET /2025/01/10/keyword-research-tips-for-effective-pest-control-seo/feed/ HTTP/1.1" 200 475 "-" "Mozilla/5.0 (compatible; Barkrowler/0.9; +https://babbar.tech/crawler)"
66.29.132.124 - - [28/Apr/2025:10:55:18 -0400] "POST /wp-cron.php?doing_wp_cron=1745852117.9042758941650390625000 HTTP/1.1" 200 0 "-" "WordPress/6.8; https://arsn.media"
154.54.249.200 - - [28/Apr/2025:10:55:16 -0400] "GET /2024/12/04/essential-elements-of-a-high-impact-pest-control-flyer/ HTTP/1.1" 200 70962 "-" "Mozilla/5.0 (compatible; Barkrowler/0.9; +https://babbar.tech/crawler)"
66.29.132.124 - - [28/Apr/2025:10:55:45 -0400] "POST /wp-cron.php?doing_wp_cron=1745852144.9442200660705566406250 HTTP/1.1" 200 0 "-" "WordPress/6.8; https://arsn.media"
217.113.194.80 - - [28/Apr/2025:10:55:44 -0400] "GET /2024/12/04/essential-elements-of-a-high-impact-pest-control-flyer/feed/ HTTP/1.1" 200 480 "-" "Mozilla/5.0 (compatible; Barkrowler/0.9; +https://babbar.tech/crawler)"
66.29.132.124 - - [28/Apr/2025:10:55:47 -0400] "POST /wp-admin/admin-ajax.php?action=async_litespeed&nonce=iyPz6CKI1aaHW8nQ9SBwfoo058v9LIl7&litespeed_type=imgoptm HTTP/1.1" 200 0 "-" "WordPress/6.8; https://arsn.media"
217.113.194.81 - - [28/Apr/2025:10:56:10 -0400] "GET /2024/10/04/how-to-start-a-pest-control-business-navigating-regulations/ HTTP/1.1" 200 76438 "-" "Mozilla/5.0 (compatible; Barkrowler/0.9; +https://babbar.tech/crawler)"
66.29.132.124 - - [28/Apr/2025:10:56:37 -0400] "POST /wp-cron.php?doing_wp_cron=1745852197.1509830951690673828125 HTTP/1.1" 200 0 "-" "WordPress/6.8; https://arsn.media"
217.113.194.80 - - [28/Apr/2025:10:56:35 -0400] "GET /2024/12/19/pest-control-flyers-dos-donts-for-maximum-impact/feed/ HTTP/1.1" 200 492 "-" "Mozilla/5.0 (compatible; Barkrowler/0.9; +https://babbar.tech/crawler)"
66.29.132.124 - - [28/Apr/2025:10:56:41 -0400] "POST /wp-admin/admin-ajax.php?action=async_litespeed&nonce=URJWjIy99GiOwp0VsWMnQqblTw26ZJxJ&litespeed_type=imgoptm HTTP/1.1" 200 0 "-" "WordPress/6.8; https://arsn.media"
4.227.36.11 - - [28/Apr/2025:10:56:55 -0400] "GET /robots.txt HTTP/1.1" 200 105 "-" "Mozilla/5.0 AppleWebKit/537.36 (KHTML, like Gecko; compatible; GPTBot/1.2; +https://openai.com/gptbot)"
20.171.207.19 - - [28/Apr/2025:10:56:56 -0400] "GET /wp-content/uploads/2020/09/ARSN-Final-Logos-scaled.jpg%202560w,%20https:/arsn.media/wp-content/uploads/2020/09/ARSN-Final-Logos-300x138.jpg%20300w,%20https:/arsn.media/wp-content/uploads/2020/09/ARSN-Final-Logos-1024x471.jpg%201024w,%20https:/arsn.media/ARSN-Final-Logos-768x353.jpg%20768w,%20https:/ARSN-Final-Logos-1536x706.jpg%201536w,%20https:/ARSN-Final-Logos-2048x942.jpg%202048w HTTP/1.1" 404 39350 "-" "Mozilla/5.0 AppleWebKit/537.36 (KHTML, like Gecko; compatible; GPTBot/1.2; +https://openai.com/gptbot)"
20.171.207.19 - - [28/Apr/2025:10:56:58 -0400] "GET /wp-json/elementskit/v1/ HTTP/1.1" 404 114 "-" "Mozilla/5.0 AppleWebKit/537.36 (KHTML, like Gecko; compatible; GPTBot/1.2; +https://openai.com/gptbot)"
66.29.132.124 - - [28/Apr/2025:10:56:59 -0400] "POST /wp-cron.php?doing_wp_cron=1745852218.7080979347229003906250 HTTP/1.1" 200 0 "-" "WordPress/6.8; https://arsn.media"
217.113.194.80 - - [28/Apr/2025:10:56:57 -0400] "GET /2024/10/21/how-to-create-effective-pest-control-ads-that-convert/feed/ HTTP/1.1" 200 475 "-" "Mozilla/5.0 (compatible; Barkrowler/0.9; +https://babbar.tech/crawler)"
20.171.207.19 - - [28/Apr/2025:10:57:00 -0400] "GET /wp-content/themes/onum/css/design-test.css?ver=6.7.1 HTTP/1.1" 404 21364 "-" "Mozilla/5.0 AppleWebKit/537.36 (KHTML, like Gecko; compatible; GPTBot/1.2; +https://openai.com/gptbot)"
20.171.207.19 - - [28/Apr/2025:10:57:03 -0400] "GET /wp-content/themes/onum/js/design-test.js HTTP/1.1" 404 39143 "-" "Mozilla/5.0 AppleWebKit/537.36 (KHTML, like Gecko; compatible; GPTBot/1.2; +https://openai.com/gptbot)"
20.171.207.19 - - [28/Apr/2025:10:57:06 -0400] "GET /wp-content/uploads/2020/10/404.png%20707w,%20https:/arsn.media/wp-content/uploads/2020/10/404-300x110.png%20300w HTTP/1.1" 404 18514 "-" "Mozilla/5.0 AppleWebKit/537.36 (KHTML, like Gecko; compatible; GPTBot/1.2; +https://openai.com/gptbot)"
216.244.66.201 - - [28/Apr/2025:10:57:13 -0400] "GET /snw9shr/farms-in-ohio-to-visit.html HTTP/1.1" 404 566631 "-" "Mozilla/5.0 (compatible; DotBot/1.2; +https://opensiteexplorer.org/dotbot; help@moz.com)"
20.171.207.19 - - [28/Apr/2025:10:57:20 -0400] "GET /pest-control-seo/ HTTP/1.1" 404 39287 "-" "Mozilla/5.0 AppleWebKit/537.36 (KHTML, like Gecko; compatible; GPTBot/1.2; +https://openai.com/gptbot)"
20.171.207.19 - - [28/Apr/2025:10:57:24 -0400] "GET /wp-content/uploads/2020/10/404.png%20707w,%20https:/arsn.media/wp-content/uploads/2020/10/404-300x110.png%20300w HTTP/1.1" 404 18514 "-" "Mozilla/5.0 AppleWebKit/537.36 (KHTML, like Gecko; compatible; GPTBot/1.2; +https://openai.com/gptbot)"
154.54.249.200 - - [28/Apr/2025:10:57:23 -0400] "GET /2024/10/21/how-to-create-effective-pest-control-ads-that-convert/ HTTP/1.1" 200 72797 "-" "Mozilla/5.0 (compatible; Barkrowler/0.9; +https://babbar.tech/crawler)"
20.171.207.19 - - [28/Apr/2025:10:57:26 -0400] "GET /wp-content/themes/onum/css/design-test.css?ver=6.7.2 HTTP/1.1" 404 24767 "-" "Mozilla/5.0 AppleWebKit/537.36 (KHTML, like Gecko; compatible; GPTBot/1.2; +https://openai.com/gptbot)"
20.171.207.19 - - [28/Apr/2025:10:57:29 -0400] "GET /wp-content/uploads/2020/09/ARSN-Final-Logos-scaled.jpg%202560w,%20https:/arsn.media/wp-content/uploads/2020/09/ARSN-Final-Logos-300x138.jpg%20300w,%20https:/arsn.media/wp-content/uploads/2020/09/ARSN-Final-Logos-1024x471.jpg%201024w,%20https:/arsn.media/ARSN-Final-Logos-768x353.jpg%20768w,%20https:/ARSN-Final-Logos-1536x706.jpg%201536w,%20https:/ARSN-Final-Logos-2048x942.jpg%202048w HTTP/1.1" 404 39350 "-" "Mozilla/5.0 AppleWebKit/537.36 (KHTML, like Gecko; compatible; GPTBot/1.2; +https://openai.com/gptbot)"
20.171.207.19 - - [28/Apr/2025:10:57:32 -0400] "GET /wp-content/themes/onum/js/design-test.js HTTP/1.1" 404 39143 "-" "Mozilla/5.0 AppleWebKit/537.36 (KHTML, like Gecko; compatible; GPTBot/1.2; +https://openai.com/gptbot)"
20.171.207.19 - - [28/Apr/2025:10:57:34 -0400] "GET /wp-json/elementskit/v1/ HTTP/1.1" 404 114 "-" "Mozilla/5.0 AppleWebKit/537.36 (KHTML, like Gecko; compatible; GPTBot/1.2; +https://openai.com/gptbot)"
217.113.194.78 - - [28/Apr/2025:10:57:50 -0400] "GET /2024/10/17/how-to-analyze-and-improve-your-pest-control-marketing-roi/ HTTP/1.1" 200 73748 "-" "Mozilla/5.0 (compatible; Barkrowler/0.9; +https://babbar.tech/crawler)"
66.29.132.124 - - [28/Apr/2025:10:58:16 -0400] "POST /wp-cron.php?doing_wp_cron=1745852294.7151360511779785156250 HTTP/1.1" 200 0 "-" "WordPress/6.8; https://arsn.media"
154.54.249.200 - - [28/Apr/2025:10:58:13 -0400] "GET /2025/01/16/improve-your-pest-control-rankings-with-pest-control-seo/feed/ HTTP/1.1" 200 471 "-" "Mozilla/5.0 (compatible; Barkrowler/0.9; +https://babbar.tech/crawler)"
217.113.194.80 - - [28/Apr/2025:10:58:37 -0400] "GET /2024/09/27/how-to-build-a-brand-identity-for-your-pest-control-business/ HTTP/1.1" 200 77528 "-" "Mozilla/5.0 (compatible; Barkrowler/0.9; +https://babbar.tech/crawler)"
217.113.194.77 - - [28/Apr/2025:10:59:00 -0400] "GET /2024/09/27/how-to-build-a-brand-identity-for-your-pest-control-business/feed/ HTTP/1.1" 200 485 "-" "Mozilla/5.0 (compatible; Barkrowler/0.9; +https://babbar.tech/crawler)"
217.113.194.80 - - [28/Apr/2025:10:59:26 -0400] "GET /2024/09/24/how-start-mosquito-control-business-plan-for-your-new-business/ HTTP/1.1" 200 76351 "-" "Mozilla/5.0 (compatible; Barkrowler/0.9; +https://babbar.tech/crawler)"
66.29.132.124 - - [28/Apr/2025:10:59:50 -0400] "POST /wp-cron.php?doing_wp_cron=1745852390.5106680393218994140625 HTTP/1.1" 200 0 "-" "WordPress/6.8; https://arsn.media"
217.113.194.78 - - [28/Apr/2025:10:59:49 -0400] "GET /2024/09/24/how-start-mosquito-control-business-plan-for-your-new-business/feed/ HTTP/1.1" 200 487 "-" "Mozilla/5.0 (compatible; Barkrowler/0.9; +https://babbar.tech/crawler)"
66.29.132.124 - - [28/Apr/2025:10:59:53 -0400] "POST /wp-admin/admin-ajax.php?action=async_litespeed&nonce=wyLnLXpXM1BfTELxLdL4BpCLzxrNSCVB&litespeed_type=imgoptm HTTP/1.1" 200 0 "-" "WordPress/6.8; https://arsn.media"
217.113.194.77 - - [28/Apr/2025:11:00:19 -0400] "GET /2024/09/19/how-to-start-a-pest-control-business-licensing-certification/ HTTP/1.1" 200 80527 "-" "Mozilla/5.0 (compatible; Barkrowler/0.9; +https://babbar.tech/crawler)"
77.75.78.172 - - [28/Apr/2025:11:00:43 -0400] "GET /seo-for-pest-control-companies/ HTTP/1.1" 200 87712 "-" "Mozilla/5.0 (compatible; SeznamBot/4.0; +https://o-seznam.cz/napoveda/vyhledavani/en/seznambot-crawler/)"
217.113.194.79 - - [28/Apr/2025:11:00:50 -0400] "GET /2024/09/16/what-you-need-to-know-before-starting-an-exterminator-business/ HTTP/1.1" 200 76385 "-" "Mozilla/5.0 (compatible; Barkrowler/0.9; +https://babbar.tech/crawler)"
66.29.132.124 - - [28/Apr/2025:11:01:04 -0400] "POST /wp-cron.php?doing_wp_cron=1745852464.1943609714508056640625 HTTP/1.1" 200 0 "-" "WordPress/6.8; https://arsn.media"
20.171.207.19 - - [28/Apr/2025:11:01:02 -0400] "GET /wp-content/uploads/2020/10/404.png%20707w,%20https:/arsn.media/wp-content/uploads/2020/10/404-300x110.png%20300w HTTP/1.1" 404 21296 "-" "Mozilla/5.0 AppleWebKit/537.36 (KHTML, like Gecko; compatible; GPTBot/1.2; +https://openai.com/gptbot)"
66.29.132.124 - - [28/Apr/2025:11:01:07 -0400] "POST /wp-admin/admin-ajax.php?action=async_litespeed&nonce=fU8Ex0turHKjXtIDvlVdOgf2QqwjMnyT&litespeed_type=imgoptm HTTP/1.1" 200 0 "-" "WordPress/6.8; https://arsn.media"
20.171.207.19 - - [28/Apr/2025:11:01:09 -0400] "GET /wp-content/themes/onum/css/design-test.css?ver=6.7.2 HTTP/1.1" 404 39407 "-" "Mozilla/5.0 AppleWebKit/537.36 (KHTML, like Gecko; compatible; GPTBot/1.2; +https://openai.com/gptbot)"
20.171.207.19 - - [28/Apr/2025:11:01:10 -0400] "GET /wp-content/themes/onum/js/design-test.js HTTP/1.1" 404 39143 "-" "Mozilla/5.0 AppleWebKit/537.36 (KHTML, like Gecko; compatible; GPTBot/1.2; +https://openai.com/gptbot)"
20.171.207.19 - - [28/Apr/2025:11:01:13 -0400] "GET /wp-content/uploads/2020/09/ARSN-Final-Logos-scaled.jpg%202560w,%20https:/arsn.media/wp-content/uploads/2020/09/ARSN-Final-Logos-300x138.jpg%20300w,%20https:/arsn.media/wp-content/uploads/2020/09/ARSN-Final-Logos-1024x471.jpg%201024w,%20https:/arsn.media/ARSN-Final-Logos-768x353.jpg%20768w,%20https:/ARSN-Final-Logos-1536x706.jpg%201536w,%20https:/ARSN-Final-Logos-2048x942.jpg%202048w HTTP/1.1" 404 39350 "-" "Mozilla/5.0 AppleWebKit/537.36 (KHTML, like Gecko; compatible; GPTBot/1.2; +https://openai.com/gptbot)"
20.171.207.19 - - [28/Apr/2025:11:01:16 -0400] "GET /wp-json/elementskit/v1/ HTTP/1.1" 404 114 "-" "Mozilla/5.0 AppleWebKit/537.36 (KHTML, like Gecko; compatible; GPTBot/1.2; +https://openai.com/gptbot)"
217.113.194.75 - - [28/Apr/2025:11:01:19 -0400] "GET /2024/09/26/what-equipment-do-you-need-to-start-a-pest-control-business/ HTTP/1.1" 200 71549 "-" "Mozilla/5.0 (compatible; Barkrowler/0.9; +https://babbar.tech/crawler)"
66.29.132.124 - - [28/Apr/2025:11:01:53 -0400] "POST /wp-cron.php?doing_wp_cron=1745852512.5112481117248535156250 HTTP/1.1" 200 0 "-" "WordPress/6.8; https://arsn.media"
217.113.194.72 - - [28/Apr/2025:11:01:50 -0400] "GET /2024/09/26/what-equipment-do-you-need-to-start-a-pest-control-business/feed/ HTTP/1.1" 200 487 "-" "Mozilla/5.0 (compatible; Barkrowler/0.9; +https://babbar.tech/crawler)"
217.113.194.80 - - [28/Apr/2025:11:02:14 -0400] "GET /2024/10/04/how-to-start-a-pest-control-business-navigating-regulations/feed/ HTTP/1.1" 200 481 "-" "Mozilla/5.0 (compatible; Barkrowler/0.9; +https://babbar.tech/crawler)"
217.113.194.80 - - [28/Apr/2025:11:02:42 -0400] "GET /2024/11/12/how-to-measure-effectiveness-for-ideal-pest-control-customer/feed/ HTTP/1.1" 200 481 "-" "Mozilla/5.0 (compatible; Barkrowler/0.9; +https://babbar.tech/crawler)"
217.113.194.76 - - [28/Apr/2025:11:03:08 -0400] "GET /2024/12/18/designing-a-pest-control-flyer-for-special-offers-and-discounts/ HTTP/1.1" 200 70947 "-" "Mozilla/5.0 (compatible; Barkrowler/0.9; +https://babbar.tech/crawler)"
66.29.132.124 - - [28/Apr/2025:11:03:38 -0400] "POST /wp-cron.php?doing_wp_cron=1745852617.3406529426574707031250 HTTP/1.1" 200 0 "-" "WordPress/6.8; https://arsn.media"
217.113.194.79 - - [28/Apr/2025:11:03:36 -0400] "GET /2024/12/18/designing-a-pest-control-flyer-for-special-offers-and-discounts/feed/ HTTP/1.1" 200 484 "-" "Mozilla/5.0 (compatible; Barkrowler/0.9; +https://babbar.tech/crawler)"
66.29.132.124 - - [28/Apr/2025:11:03:40 -0400] "POST /wp-admin/admin-ajax.php?action=async_litespeed&nonce=5eCPNmhKWRdCb4rt07U7vvtniCl88tlO&litespeed_type=imgoptm HTTP/1.1" 200 0 "-" "WordPress/6.8; https://arsn.media"
66.29.132.124 - - [28/Apr/2025:11:04:01 -0400] "POST /wp-cron.php?doing_wp_cron=1745852640.5525660514831542968750 HTTP/1.1" 200 0 "-" "WordPress/6.8; https://arsn.media"
217.113.194.80 - - [28/Apr/2025:11:03:59 -0400] "GET /2024/10/23/a-guide-to-designing-eye-catching-pest-control-adverts/feed/ HTTP/1.1" 200 477 "-" "Mozilla/5.0 (compatible; Barkrowler/0.9; +https://babbar.tech/crawler)"
217.113.194.78 - - [28/Apr/2025:11:04:25 -0400] "GET /2024/10/17/how-to-analyze-and-improve-your-pest-control-marketing-roi/feed/ HTTP/1.1" 200 489 "-" "Mozilla/5.0 (compatible; Barkrowler/0.9; +https://babbar.tech/crawler)"
66.29.132.124 - - [28/Apr/2025:11:04:52 -0400] "POST /wp-cron.php?doing_wp_cron=1745852692.0208849906921386718750 HTTP/1.1" 200 0 "-" "WordPress/6.8; https://arsn.media"
217.113.194.72 - - [28/Apr/2025:11:04:50 -0400] "GET /2025/01/21/the-role-of-content-marketing-in-pest-control-seo-success/feed/ HTTP/1.1" 200 480 "-" "Mozilla/5.0 (compatible; Barkrowler/0.9; +https://babbar.tech/crawler)"
66.29.132.124 - - [28/Apr/2025:11:04:53 -0400] "POST /wp-admin/admin-ajax.php?action=async_litespeed&nonce=kqfEtNsW34tM9l6Ls14Ola42iofwrPy9&litespeed_type=imgoptm HTTP/1.1" 200 0 "-" "WordPress/6.8; https://arsn.media"
66.29.132.124 - - [28/Apr/2025:11:04:54 -0400] "POST /wp-admin/admin-ajax.php?action=as_async_request_queue_runner&nonce=77c05c7365 HTTP/1.1" 200 0 "-" "WordPress/6.8; https://arsn.media"
217.113.194.73 - - [28/Apr/2025:11:05:16 -0400] "GET /2025/02/16/affordable-youtube-seo-agency-is-it-worth-the-investment/feed/ HTTP/1.1" 404 62193 "-" "Mozilla/5.0 (compatible; Barkrowler/0.9; +https://babbar.tech/crawler)"
217.113.194.78 - - [28/Apr/2025:11:05:43 -0400] "GET /2025/01/24/local-seo-for-pest-control-building-quality-backlinks-for-success/ HTTP/1.1" 200 70305 "-" "Mozilla/5.0 (compatible; Barkrowler/0.9; +https://babbar.tech/crawler)"
66.29.132.124 - - [28/Apr/2025:11:06:07 -0400] "POST /wp-cron.php?doing_wp_cron=1745852767.2894608974456787109375 HTTP/1.1" 200 0 "-" "WordPress/6.8; https://arsn.media"
217.113.194.74 - - [28/Apr/2025:11:06:06 -0400] "GET /2024/09/19/how-to-start-a-pest-control-business-licensing-certification/feed/ HTTP/1.1" 200 482 "-" "Mozilla/5.0 (compatible; Barkrowler/0.9; +https://babbar.tech/crawler)"
66.29.132.124 - - [28/Apr/2025:11:06:09 -0400] "POST /wp-admin/admin-ajax.php?action=async_litespeed&nonce=E6qzRNAanXZz5Qwdm7hNjnXTIfqCtXMI&litespeed_type=imgoptm HTTP/1.1" 200 0 "-" "WordPress/6.8; https://arsn.media"
66.29.132.124 - - [28/Apr/2025:11:06:34 -0400] "POST /wp-cron.php?doing_wp_cron=1745852794.1472969055175781250000 HTTP/1.1" 200 0 "-" "WordPress/6.8; https://arsn.media"
66.29.132.124 - - [28/Apr/2025:11:06:35 -0400] "POST /wp-admin/admin-ajax.php?action=async_litespeed&nonce=TMplT07dxdxLsDpicqSFMyRG0fEVixne&litespeed_type=imgoptm HTTP/1.1" 200 0 "-" "WordPress/6.8; https://arsn.media"
154.54.249.200 - - [28/Apr/2025:11:06:33 -0400] "GET /2024/10/07/effective-digital-marketing-strategies-for-pest-control-companies/ HTTP/1.1" 200 73059 "-" "Mozilla/5.0 (compatible; Barkrowler/0.9; +https://babbar.tech/crawler)"
217.113.194.81 - - [28/Apr/2025:11:07:02 -0400] "GET /2024/12/13/how-to-incorporate-your-branding-into-pest-control-flyer-templates/ HTTP/1.1" 200 75368 "-" "Mozilla/5.0 (compatible; Barkrowler/0.9; +https://babbar.tech/crawler)"
20.171.207.19 - - [28/Apr/2025:11:07:18 -0400] "GET /wp-json/elementskit/v1/ HTTP/1.1" 404 114 "-" "Mozilla/5.0 AppleWebKit/537.36 (KHTML, like Gecko; compatible; GPTBot/1.2; +https://openai.com/gptbot)"
66.29.132.124 - - [28/Apr/2025:11:07:21 -0400] "POST /wp-cron.php?doing_wp_cron=1745852841.7842419147491455078125 HTTP/1.1" 200 0 "-" "WordPress/6.8; https://arsn.media"
20.171.207.19 - - [28/Apr/2025:11:07:20 -0400] "GET /wp-content/uploads/2020/10/404.png%20707w,%20https:/arsn.media/wp-content/uploads/2020/10/404-300x110.png%20300w HTTP/1.1" 404 21296 "-" "Mozilla/5.0 AppleWebKit/537.36 (KHTML, like Gecko; compatible; GPTBot/1.2; +https://openai.com/gptbot)"
20.171.207.19 - - [28/Apr/2025:11:07:24 -0400] "GET /wp-content/themes/onum/css/design-test.css?ver=6.7.2 HTTP/1.1" 404 39407 "-" "Mozilla/5.0 AppleWebKit/537.36 (KHTML, like Gecko; compatible; GPTBot/1.2; +https://openai.com/gptbot)"
217.113.194.81 - - [28/Apr/2025:11:07:28 -0400] "GET /2024/11/06/ideal-pest-control-customer-successful-advertising-campaigns/feed/ HTTP/1.1" 200 477 "-" "Mozilla/5.0 (compatible; Barkrowler/0.9; +https://babbar.tech/crawler)"
20.171.207.19 - - [28/Apr/2025:11:07:27 -0400] "GET /wp-content/themes/onum/js/design-test.js HTTP/1.1" 404 18481 "-" "Mozilla/5.0 AppleWebKit/537.36 (KHTML, like Gecko; compatible; GPTBot/1.2; +https://openai.com/gptbot)"
20.171.207.19 - - [28/Apr/2025:11:07:32 -0400] "GET /wp-content/uploads/2020/09/ARSN-Final-Logos-scaled.jpg%202560w,%20https:/arsn.media/wp-content/uploads/2020/09/ARSN-Final-Logos-300x138.jpg%20300w,%20https:/arsn.media/wp-content/uploads/2020/09/ARSN-Final-Logos-1024x471.jpg%201024w,%20https:/arsn.media/ARSN-Final-Logos-768x353.jpg%20768w,%20https:/ARSN-Final-Logos-1536x706.jpg%201536w,%20https:/ARSN-Final-Logos-2048x942.jpg%202048w HTTP/1.1" 404 39350 "-" "Mozilla/5.0 AppleWebKit/537.36 (KHTML, like Gecko; compatible; GPTBot/1.2; +https://openai.com/gptbot)"
154.54.249.200 - - [28/Apr/2025:11:07:53 -0400] "GET /ukdygc/3-bedroom-house-to-rent-in-croydon-dss-accepted.html HTTP/1.1" 404 61095 "-" "Mozilla/5.0 (compatible; Barkrowler/0.9; +https://babbar.tech/crawler)"
66.29.132.124 - - [28/Apr/2025:11:07:58 -0400] "POST /wp-cron.php?doing_wp_cron=1745852874.9665920734405517578125 HTTP/1.1" 200 0 "-" "WordPress/6.8; https://arsn.media"
217.113.194.74 - - [28/Apr/2025:11:08:25 -0400] "GET /2025/01/24/local-seo-for-pest-control-building-quality-backlinks-for-success/feed/ HTTP/1.1" 200 487 "-" "Mozilla/5.0 (compatible; Barkrowler/0.9; +https://babbar.tech/crawler)"
217.113.194.75 - - [28/Apr/2025:11:08:54 -0400] "GET /2024/09/21/the-ultimate-guide-to-starting-a-mosquito-control-exterminator-business/feed/ HTTP/1.1" 200 489 "-" "Mozilla/5.0 (compatible; Barkrowler/0.9; +https://babbar.tech/crawler)"
