40.77.167.116 - - [26/Apr/2025:12:26:17 -0400] "GET /wp-content/themes/onum/js/easypiechart.js?ver=20190829 HTTP/1.1" 200 1586 "-" "Mozilla/5.0 AppleWebKit/537.36 (KHTML, like Gecko; compatible; bingbot/2.0; +http://www.bing.com/bingbot.htm) Chrome/116.0.1938.76 Safari/537.36"
40.77.167.116 - - [26/Apr/2025:12:26:17 -0400] "GET /wp-content/uploads/elementor/css/custom-frontend.min.css?ver=1725365066 HTTP/1.1" 200 28098 "-" "Mozilla/5.0 AppleWebKit/537.36 (KHTML, like Gecko; compatible; bingbot/2.0; +http://www.bing.com/bingbot.htm) Chrome/116.0.1938.76 Safari/537.36"
40.77.167.116 - - [26/Apr/2025:12:26:18 -0400] "GET /wp-content/uploads/elementor/css/post-3058.css?ver=1725365059 HTTP/1.1" 200 433 "-" "Mozilla/5.0 AppleWebKit/537.36 (KHTML, like Gecko; compatible; bingbot/2.0; +http://www.bing.com/bingbot.htm) Chrome/116.0.1938.76 Safari/537.36"
40.77.167.116 - - [26/Apr/2025:12:26:18 -0400] "GET /wp-content/uploads/elementor/google-fonts/css/intertight.css?ver=1742288921 HTTP/1.1" 200 894 "-" "Mozilla/5.0 AppleWebKit/537.36 (KHTML, like Gecko; compatible; bingbot/2.0; +http://www.bing.com/bingbot.htm) Chrome/116.0.1938.76 Safari/537.36"
40.77.167.116 - - [26/Apr/2025:12:26:19 -0400] "GET /wp-includes/css/dist/block-library/style.min.css?ver=6.8 HTTP/1.1" 200 14358 "-" "Mozilla/5.0 AppleWebKit/537.36 (KHTML, like Gecko; compatible; bingbot/2.0; +http://www.bing.com/bingbot.htm) Chrome/116.0.1938.76 Safari/537.36"
40.77.167.116 - - [26/Apr/2025:12:26:20 -0400] "GET /wp-includes/js/dist/i18n.min.js?ver=5e580eb46a90c2b997e6 HTTP/1.1" 200 3542 "-" "Mozilla/5.0 AppleWebKit/537.36 (KHTML, like Gecko; compatible; bingbot/2.0; +http://www.bing.com/bingbot.htm) Chrome/116.0.1938.76 Safari/537.36"
157.55.39.223 - - [26/Apr/2025:12:26:24 -0400] "GET /robots.txt HTTP/1.1" 200 105 "-" "Mozilla/5.0 AppleWebKit/537.36 (KHTML, like Gecko; compatible; bingbot/2.0; +http://www.bing.com/bingbot.htm) Chrome/116.0.1938.76 Safari/537.36"
52.167.144.233 - - [26/Apr/2025:12:26:33 -0400] "GET /wp-content/plugins/contact-form-7/includes/css/styles.css?ver=6.0.6 HTTP/1.1" 200 890 "-" "Mozilla/5.0 AppleWebKit/537.36 (KHTML, like Gecko; compatible; bingbot/2.0; +http://www.bing.com/bingbot.htm) Chrome/116.0.1938.76 Safari/537.36"
52.167.144.233 - - [26/Apr/2025:12:26:33 -0400] "GET /wp-content/plugins/elementor/assets/js/webpack.runtime.min.js?ver=3.28.4 HTTP/1.1" 200 2228 "-" "Mozilla/5.0 AppleWebKit/537.36 (KHTML, like Gecko; compatible; bingbot/2.0; +http://www.bing.com/bingbot.htm) Chrome/116.0.1938.76 Safari/537.36"
52.167.144.233 - - [26/Apr/2025:12:26:34 -0400] "GET /wp-content/plugins/elementor/assets/lib/eicons/css/elementor-icons.min.css?ver=5.36.0 HTTP/1.1" 200 3845 "-" "Mozilla/5.0 AppleWebKit/537.36 (KHTML, like Gecko; compatible; bingbot/2.0; +http://www.bing.com/bingbot.htm) Chrome/116.0.1938.76 Safari/537.36"
52.167.144.233 - - [26/Apr/2025:12:26:34 -0400] "GET /wp-content/plugins/elementor/assets/lib/font-awesome/css/fontawesome.min.css?ver=5.15.3 HTTP/1.1" 200 12164 "-" "Mozilla/5.0 AppleWebKit/537.36 (KHTML, like Gecko; compatible; bingbot/2.0; +http://www.bing.com/bingbot.htm) Chrome/116.0.1938.76 Safari/537.36"
52.167.144.233 - - [26/Apr/2025:12:26:34 -0400] "GET /wp-content/plugins/elementor/assets/lib/font-awesome/css/brands.min.css?ver=5.15.3 HTTP/1.1" 200 284 "-" "Mozilla/5.0 AppleWebKit/537.36 (KHTML, like Gecko; compatible; bingbot/2.0; +http://www.bing.com/bingbot.htm) Chrome/116.0.1938.76 Safari/537.36"
52.167.144.233 - - [26/Apr/2025:12:26:34 -0400] "GET /wp-content/plugins/elementor/assets/lib/font-awesome/css/solid.min.css?ver=5.15.3 HTTP/1.1" 200 286 "-" "Mozilla/5.0 AppleWebKit/537.36 (KHTML, like Gecko; compatible; bingbot/2.0; +http://www.bing.com/bingbot.htm) Chrome/116.0.1938.76 Safari/537.36"
40.77.167.116 - - [26/Apr/2025:12:26:34 -0400] "GET /wp-includes/js/jquery/jquery-migrate.min.js?ver=3.4.1 HTTP/1.1" 200 4678 "-" "Mozilla/5.0 AppleWebKit/537.36 (KHTML, like Gecko; compatible; bingbot/2.0; +http://www.bing.com/bingbot.htm) Chrome/116.0.1938.76 Safari/537.36"
52.167.144.233 - - [26/Apr/2025:12:26:35 -0400] "GET /wp-content/plugins/elementskit-lite/widgets/init/assets/css/widget-styles.css?ver=3.5.0 HTTP/1.1" 200 48223 "-" "Mozilla/5.0 AppleWebKit/537.36 (KHTML, like Gecko; compatible; bingbot/2.0; +http://www.bing.com/bingbot.htm) Chrome/116.0.1938.76 Safari/537.36"
52.167.144.233 - - [26/Apr/2025:12:26:35 -0400] "GET /wp-content/plugins/facebook-conversion-pixel/pixel-cat.min.js?ver=3.0.7 HTTP/1.1" 200 4290 "-" "Mozilla/5.0 AppleWebKit/537.36 (KHTML, like Gecko; compatible; bingbot/2.0; +http://www.bing.com/bingbot.htm) Chrome/116.0.1938.76 Safari/537.36"
52.167.144.233 - - [26/Apr/2025:12:26:35 -0400] "GET /wp-content/plugins/primary-addon-for-elementor/assets/css/hover-min.css?ver=2.3.2 HTTP/1.1" 200 6307 "-" "Mozilla/5.0 AppleWebKit/537.36 (KHTML, like Gecko; compatible; bingbot/2.0; +http://www.bing.com/bingbot.htm) Chrome/116.0.1938.76 Safari/537.36"
66.29.132.124 - - [26/Apr/2025:12:26:35 -0400] "POST /wp-cron.php?doing_wp_cron=1745684795.9428710937500000000000 HTTP/1.1" 200 0 "-" "WordPress/6.8; https://arsn.media"
52.167.144.233 - - [26/Apr/2025:12:26:36 -0400] "GET /wp-content/plugins/primary-addon-for-elementor/assets/css/icofont.min.css?ver=1.0.1 HTTP/1.1" 200 1600 "-" "Mozilla/5.0 AppleWebKit/537.36 (KHTML, like Gecko; compatible; bingbot/2.0; +http://www.bing.com/bingbot.htm) Chrome/116.0.1938.76 Safari/537.36"
52.167.144.233 - - [26/Apr/2025:12:26:36 -0400] "GET /wp-content/plugins/primary-addon-for-elementor/assets/css/magnific-popup.min.css?ver=1.0 HTTP/1.1" 200 1432 "-" "Mozilla/5.0 AppleWebKit/537.36 (KHTML, like Gecko; compatible; bingbot/2.0; +http://www.bing.com/bingbot.htm) Chrome/116.0.1938.76 Safari/537.36"
185.220.100.242 - - [26/Apr/2025:12:26:34 -0400] "POST / HTTP/1.1" 200 639549 "https://arsn.media" "Mozilla/5.0 (X11; U; Linux x86_64; pl-PL; rv:2.0) Gecko/20110307 Firefox/4.0"
52.167.144.233 - - [26/Apr/2025:12:26:37 -0400] "GET /wp-content/plugins/pro-elements/assets/js/webpack-pro.runtime.min.js?ver=3.23.3 HTTP/1.1" 200 2549 "-" "Mozilla/5.0 AppleWebKit/537.36 (KHTML, like Gecko; compatible; bingbot/2.0; +http://www.bing.com/bingbot.htm) Chrome/116.0.1938.76 Safari/537.36"
52.167.144.233 - - [26/Apr/2025:12:26:37 -0400] "GET /wp-content/plugins/slider-video/Style/Rich-Web-Video-Slider-Widget.css?ver=6.8 HTTP/1.1" 200 417 "-" "Mozilla/5.0 AppleWebKit/537.36 (KHTML, like Gecko; compatible; bingbot/2.0; +http://www.bing.com/bingbot.htm) Chrome/116.0.1938.76 Safari/537.36"
66.29.132.124 - - [26/Apr/2025:12:26:36 -0400] "POST /wp-admin/admin-ajax.php?action=async_litespeed&nonce=F02vtxrISu6ErKNqka53hzYJvlipEKBo&litespeed_type=imgoptm HTTP/1.1" 200 0 "-" "WordPress/6.8; https://arsn.media"
52.167.144.233 - - [26/Apr/2025:12:26:38 -0400] "GET /wp-content/plugins/widget-google-reviews/assets/js/public-main.js?ver=5.7.1 HTTP/1.1" 200 8429 "-" "Mozilla/5.0 AppleWebKit/537.36 (KHTML, like Gecko; compatible; bingbot/2.0; +http://www.bing.com/bingbot.htm) Chrome/116.0.1938.76 Safari/537.36"
66.29.132.124 - - [26/Apr/2025:12:26:37 -0400] "POST /wp-admin/admin-ajax.php?action=as_async_request_queue_runner&nonce=6887159dad HTTP/1.1" 200 0 "-" "WordPress/6.8; https://arsn.media"
52.167.144.233 - - [26/Apr/2025:12:26:38 -0400] "GET /wp-content/themes/onum/css/bootstrap.css?ver=3.3.7 HTTP/1.1" 200 2342 "-" "Mozilla/5.0 AppleWebKit/537.36 (KHTML, like Gecko; compatible; bingbot/2.0; +http://www.bing.com/bingbot.htm) Chrome/116.0.1938.76 Safari/537.36"
52.167.144.233 - - [26/Apr/2025:12:26:38 -0400] "GET /wp-content/themes/onum/css/design-test.css?ver=6.8 HTTP/1.1" 404 39465 "-" "Mozilla/5.0 AppleWebKit/537.36 (KHTML, like Gecko; compatible; bingbot/2.0; +http://www.bing.com/bingbot.htm) Chrome/116.0.1938.76 Safari/537.36"
52.167.144.233 - - [26/Apr/2025:12:26:41 -0400] "GET /wp-content/themes/onum/css/font-awesome.css?ver=6.8 HTTP/1.1" 200 12196 "-" "Mozilla/5.0 AppleWebKit/537.36 (KHTML, like Gecko; compatible; bingbot/2.0; +http://www.bing.com/bingbot.htm) Chrome/116.0.1938.76 Safari/537.36"
52.167.144.233 - - [26/Apr/2025:12:26:41 -0400] "GET /wp-content/themes/onum/css/slick.css?ver=6.8 HTTP/1.1" 200 487 "-" "Mozilla/5.0 AppleWebKit/537.36 (KHTML, like Gecko; compatible; bingbot/2.0; +http://www.bing.com/bingbot.htm) Chrome/116.0.1938.76 Safari/537.36"
52.167.144.233 - - [26/Apr/2025:12:26:41 -0400] "GET /wp-content/themes/onum/js/design-test.js HTTP/1.1" 404 39233 "-" "Mozilla/5.0 AppleWebKit/537.36 (KHTML, like Gecko; compatible; bingbot/2.0; +http://www.bing.com/bingbot.htm) Chrome/116.0.1938.76 Safari/537.36"
52.167.144.233 - - [26/Apr/2025:12:26:42 -0400] "GET /wp-content/themes/onum/js/elementor.js?ver=20190829 HTTP/1.1" 200 4703 "-" "Mozilla/5.0 AppleWebKit/537.36 (KHTML, like Gecko; compatible; bingbot/2.0; +http://www.bing.com/bingbot.htm) Chrome/116.0.1938.76 Safari/537.36"
52.167.144.233 - - [26/Apr/2025:12:26:42 -0400] "GET /wp-content/themes/onum/js/header-mobile.js?ver=20190829 HTTP/1.1" 200 1246 "-" "Mozilla/5.0 AppleWebKit/537.36 (KHTML, like Gecko; compatible; bingbot/2.0; +http://www.bing.com/bingbot.htm) Chrome/116.0.1938.76 Safari/537.36"
52.167.144.233 - - [26/Apr/2025:12:26:42 -0400] "GET /wp-content/themes/onum/js/jquery.countdown.min.js?ver=20190829 HTTP/1.1" 200 616 "-" "Mozilla/5.0 AppleWebKit/537.36 (KHTML, like Gecko; compatible; bingbot/2.0; +http://www.bing.com/bingbot.htm) Chrome/116.0.1938.76 Safari/537.36"
52.167.144.233 - - [26/Apr/2025:12:26:43 -0400] "GET /wp-content/themes/onum/js/slick.min.js?ver=20190829 HTTP/1.1" 200 10097 "-" "Mozilla/5.0 AppleWebKit/537.36 (KHTML, like Gecko; compatible; bingbot/2.0; +http://www.bing.com/bingbot.htm) Chrome/116.0.1938.76 Safari/537.36"
52.167.144.233 - - [26/Apr/2025:12:26:43 -0400] "GET /wp-content/uploads/elementor/css/custom-apple-webkit.min.css?ver=1728007827 HTTP/1.1" 200 470 "-" "Mozilla/5.0 AppleWebKit/537.36 (KHTML, like Gecko; compatible; bingbot/2.0; +http://www.bing.com/bingbot.htm) Chrome/116.0.1938.76 Safari/537.36"
52.167.144.233 - - [26/Apr/2025:12:26:44 -0400] "GET /wp-content/uploads/elementor/css/custom-widget-icon-list.min.css?ver=1725365059 HTTP/1.1" 200 846 "-" "Mozilla/5.0 AppleWebKit/537.36 (KHTML, like Gecko; compatible; bingbot/2.0; +http://www.bing.com/bingbot.htm) Chrome/116.0.1938.76 Safari/537.36"
52.167.144.233 - - [26/Apr/2025:12:26:44 -0400] "GET /wp-content/uploads/elementor/css/custom-pro-frontend.min.css?ver=1725365066 HTTP/1.1" 200 43386 "-" "Mozilla/5.0 AppleWebKit/537.36 (KHTML, like Gecko; compatible; bingbot/2.0; +http://www.bing.com/bingbot.htm) Chrome/116.0.1938.76 Safari/537.36"
52.167.144.233 - - [26/Apr/2025:12:26:44 -0400] "GET /wp-content/uploads/elementor/css/post-1108.css?ver=1730285452 HTTP/1.1" 200 1015 "-" "Mozilla/5.0 AppleWebKit/537.36 (KHTML, like Gecko; compatible; bingbot/2.0; +http://www.bing.com/bingbot.htm) Chrome/116.0.1938.76 Safari/537.36"
52.167.144.233 - - [26/Apr/2025:12:26:44 -0400] "GET /wp-content/uploads/elementor/css/post-11332.css?ver=1725365060 HTTP/1.1" 404 39233 "-" "Mozilla/5.0 AppleWebKit/537.36 (KHTML, like Gecko; compatible; bingbot/2.0; +http://www.bing.com/bingbot.htm) Chrome/116.0.1938.76 Safari/537.36"
52.167.144.233 - - [26/Apr/2025:12:26:46 -0400] "GET /wp-content/uploads/elementor/google-fonts/css/dmsans.css?ver=1742288945 HTTP/1.1" 200 496 "-" "Mozilla/5.0 AppleWebKit/537.36 (KHTML, like Gecko; compatible; bingbot/2.0; +http://www.bing.com/bingbot.htm) Chrome/116.0.1938.76 Safari/537.36"
185.220.101.44 - - [26/Apr/2025:12:26:44 -0400] "POST / HTTP/1.1" 200 639549 "https://arsn.media" "Mozilla/5.0 (X11; U; Linux x86_64; pl-PL; rv:2.0) Gecko/20110307 Firefox/4.0"
52.167.144.233 - - [26/Apr/2025:12:26:46 -0400] "GET /wp-content/uploads/elementor/google-fonts/css/nunitosans.css?ver=1742288935 HTTP/1.1" 200 832 "-" "Mozilla/5.0 AppleWebKit/537.36 (KHTML, like Gecko; compatible; bingbot/2.0; +http://www.bing.com/bingbot.htm) Chrome/116.0.1938.76 Safari/537.36"
185.220.101.44 - - [26/Apr/2025:12:26:48 -0400] "POST / HTTP/1.1" 200 639549 "https://arsn.media" "Mozilla/5.0 (X11; U; Linux x86_64; pl-PL; rv:2.0) Gecko/20110307 Firefox/4.0"
66.29.132.124 - - [26/Apr/2025:12:26:54 -0400] "POST /wp-cron.php?doing_wp_cron=1745684814.4333879947662353515625 HTTP/1.1" 200 0 "-" "WordPress/6.8; https://arsn.media"
185.220.101.70 - - [26/Apr/2025:12:26:53 -0400] "POST / HTTP/1.1" 200 639549 "https://arsn.media" "Mozilla/5.0 (X11; U; Linux x86_64; pl-PL; rv:2.0) Gecko/20110307 Firefox/4.0"
192.42.116.216 - - [26/Apr/2025:12:26:57 -0400] "POST / HTTP/1.1" 200 639549 "https://arsn.media" "Mozilla/5.0 (X11; U; Linux x86_64; pl-PL; rv:2.0) Gecko/20110307 Firefox/4.0"
52.167.144.233 - - [26/Apr/2025:12:27:03 -0400] "GET /wp-includes/js/comment-reply.min.js?ver=6.8 HTTP/1.1" 200 1247 "-" "Mozilla/5.0 AppleWebKit/537.36 (KHTML, like Gecko; compatible; bingbot/2.0; +http://www.bing.com/bingbot.htm) Chrome/116.0.1938.76 Safari/537.36"
40.77.167.116 - - [26/Apr/2025:12:27:04 -0400] "GET /wp-includes/js/wp-emoji-release.min.js?ver=6.8 HTTP/1.1" 200 4771 "-" "Mozilla/5.0 AppleWebKit/537.36 (KHTML, like Gecko; compatible; bingbot/2.0; +http://www.bing.com/bingbot.htm) Chrome/116.0.1938.76 Safari/537.36"
52.167.144.233 - - [26/Apr/2025:12:27:04 -0400] "GET /wp-includes/js/imagesloaded.min.js?ver=5.0.0 HTTP/1.1" 200 1687 "-" "Mozilla/5.0 AppleWebKit/537.36 (KHTML, like Gecko; compatible; bingbot/2.0; +http://www.bing.com/bingbot.htm) Chrome/116.0.1938.76 Safari/537.36"
52.167.144.233 - - [26/Apr/2025:12:27:04 -0400] "GET /wp-includes/js/jquery/jquery.min.js?ver=3.7.1 HTTP/1.1" 200 29744 "-" "Mozilla/5.0 AppleWebKit/537.36 (KHTML, like Gecko; compatible; bingbot/2.0; +http://www.bing.com/bingbot.htm) Chrome/116.0.1938.76 Safari/537.36"
192.42.116.216 - - [26/Apr/2025:12:27:02 -0400] "POST / HTTP/1.1" 200 639549 "https://arsn.media" "Mozilla/5.0 (X11; U; Linux x86_64; pl-PL; rv:2.0) Gecko/20110307 Firefox/4.0"
192.42.116.216 - - [26/Apr/2025:12:27:06 -0400] "POST / HTTP/1.1" 200 639549 "https://arsn.media" "Mozilla/5.0 (X11; U; Linux x86_64; pl-PL; rv:2.0) Gecko/20110307 Firefox/4.0"
52.167.144.212 - - [26/Apr/2025:12:27:13 -0400] "GET /wp-content/plugins/contact-form-7/includes/js/index.js?ver=6.0.6 HTTP/1.1" 200 4008 "-" "Mozilla/5.0 AppleWebKit/537.36 (KHTML, like Gecko; compatible; bingbot/2.0; +http://www.bing.com/bingbot.htm) Chrome/116.0.1938.76 Safari/537.36"
52.167.144.212 - - [26/Apr/2025:12:27:14 -0400] "GET /wp-content/plugins/elementor/assets/js/frontend-modules.min.js?ver=3.28.4 HTTP/1.1" 200 14421 "-" "Mozilla/5.0 AppleWebKit/537.36 (KHTML, like Gecko; compatible; bingbot/2.0; +http://www.bing.com/bingbot.htm) Chrome/116.0.1938.76 Safari/537.36"
45.84.107.55 - - [26/Apr/2025:12:27:11 -0400] "POST / HTTP/1.1" 200 639549 "https://arsn.media" "Mozilla/5.0 (X11; U; Linux x86_64; pl-PL; rv:2.0) Gecko/20110307 Firefox/4.0"
52.167.144.212 - - [26/Apr/2025:12:27:14 -0400] "GET /wp-content/plugins/elementor/assets/js/frontend.min.js?ver=3.28.4 HTTP/1.1" 200 13099 "-" "Mozilla/5.0 AppleWebKit/537.36 (KHTML, like Gecko; compatible; bingbot/2.0; +http://www.bing.com/bingbot.htm) Chrome/116.0.1938.76 Safari/537.36"
52.167.144.212 - - [26/Apr/2025:12:27:15 -0400] "GET /wp-content/plugins/elementskit-lite/modules/elementskit-icon-pack/assets/css/ekiticons.css?ver=3.5.0 HTTP/1.1" 200 11776 "-" "Mozilla/5.0 AppleWebKit/537.36 (KHTML, like Gecko; compatible; bingbot/2.0; +http://www.bing.com/bingbot.htm) Chrome/116.0.1938.76 Safari/537.36"
52.167.144.212 - - [26/Apr/2025:12:27:15 -0400] "GET /wp-content/plugins/elementskit-lite/widgets/init/assets/css/responsive.css?ver=3.5.0 HTTP/1.1" 200 2859 "-" "Mozilla/5.0 AppleWebKit/537.36 (KHTML, like Gecko; compatible; bingbot/2.0; +http://www.bing.com/bingbot.htm) Chrome/116.0.1938.76 Safari/537.36"
52.167.144.212 - - [26/Apr/2025:12:27:16 -0400] "GET /wp-content/plugins/elementskit-lite/widgets/init/assets/js/widget-scripts.js?ver=3.5.0 HTTP/1.1" 200 40425 "-" "Mozilla/5.0 AppleWebKit/537.36 (KHTML, like Gecko; compatible; bingbot/2.0; +http://www.bing.com/bingbot.htm) Chrome/116.0.1938.76 Safari/537.36"
52.167.144.212 - - [26/Apr/2025:12:27:16 -0400] "GET /wp-content/plugins/primary-addon-for-elementor/assets/css/flickity.min.css?ver=2.2.1 HTTP/1.1" 200 553 "-" "Mozilla/5.0 AppleWebKit/537.36 (KHTML, like Gecko; compatible; bingbot/2.0; +http://www.bing.com/bingbot.htm) Chrome/116.0.1938.76 Safari/537.36"
52.167.144.212 - - [26/Apr/2025:12:27:17 -0400] "GET /wp-content/plugins/primary-addon-for-elementor/assets/css/animate.min.css?ver=3.7.2 HTTP/1.1" 200 4011 "-" "Mozilla/5.0 AppleWebKit/537.36 (KHTML, like Gecko; compatible; bingbot/2.0; +http://www.bing.com/bingbot.htm) Chrome/116.0.1938.76 Safari/537.36"
52.167.144.212 - - [26/Apr/2025:12:27:17 -0400] "GET /wp-content/plugins/primary-addon-for-elementor/assets/css/linea.min.css?ver=1.0.0 HTTP/1.1" 200 5115 "-" "Mozilla/5.0 AppleWebKit/537.36 (KHTML, like Gecko; compatible; bingbot/2.0; +http://www.bing.com/bingbot.htm) Chrome/116.0.1938.76 Safari/537.36"
52.167.144.212 - - [26/Apr/2025:12:27:18 -0400] "GET /wp-content/plugins/primary-addon-for-elementor/assets/css/niche-frame.css?ver=1.2 HTTP/1.1" 200 1009 "-" "Mozilla/5.0 AppleWebKit/537.36 (KHTML, like Gecko; compatible; bingbot/2.0; +http://www.bing.com/bingbot.htm) Chrome/116.0.1938.76 Safari/537.36"
52.167.144.212 - - [26/Apr/2025:12:27:18 -0400] "GET /wp-content/plugins/primary-addon-for-elementor/assets/css/styles.css?ver=1.2 HTTP/1.1" 200 13347 "-" "Mozilla/5.0 AppleWebKit/537.36 (KHTML, like Gecko; compatible; bingbot/2.0; +http://www.bing.com/bingbot.htm) Chrome/116.0.1938.76 Safari/537.36"
52.167.144.212 - - [26/Apr/2025:12:27:18 -0400] "GET /wp-content/plugins/primary-addon-for-elementor/assets/css/responsive.css?ver=1.2 HTTP/1.1" 200 1433 "-" "Mozilla/5.0 AppleWebKit/537.36 (KHTML, like Gecko; compatible; bingbot/2.0; +http://www.bing.com/bingbot.htm) Chrome/116.0.1938.76 Safari/537.36"
52.167.144.212 - - [26/Apr/2025:12:27:19 -0400] "GET /wp-content/plugins/primary-addon-for-elementor/assets/css/themify-icons.min.css?ver=1.0.0 HTTP/1.1" 200 2620 "-" "Mozilla/5.0 AppleWebKit/537.36 (KHTML, like Gecko; compatible; bingbot/2.0; +http://www.bing.com/bingbot.htm) Chrome/116.0.1938.76 Safari/537.36"
52.167.144.212 - - [26/Apr/2025:12:27:19 -0400] "GET /wp-content/plugins/primary-addon-for-elementor/assets/js/isotope.min.js?ver=3.0.6 HTTP/1.1" 200 9601 "-" "Mozilla/5.0 AppleWebKit/537.36 (KHTML, like Gecko; compatible; bingbot/2.0; +http://www.bing.com/bingbot.htm) Chrome/116.0.1938.76 Safari/537.36"
52.167.144.212 - - [26/Apr/2025:12:27:19 -0400] "GET /wp-content/plugins/primary-addon-for-elementor/assets/js/jquery.magnific-popup.min.js?ver=1.1.0 HTTP/1.1" 200 7045 "-" "Mozilla/5.0 AppleWebKit/537.36 (KHTML, like Gecko; compatible; bingbot/2.0; +http://www.bing.com/bingbot.htm) Chrome/116.0.1938.76 Safari/537.36"
52.167.144.212 - - [26/Apr/2025:12:27:20 -0400] "GET /wp-content/plugins/primary-addon-for-elementor/assets/js/jquery.matchHeight.min.js?ver=0.7.2 HTTP/1.1" 200 1257 "-" "Mozilla/5.0 AppleWebKit/537.36 (KHTML, like Gecko; compatible; bingbot/2.0; +http://www.bing.com/bingbot.htm) Chrome/116.0.1938.76 Safari/537.36"
52.167.144.212 - - [26/Apr/2025:12:27:20 -0400] "GET /wp-content/plugins/primary-addon-for-elementor/assets/js/juxtapose.js?ver=1.2.1 HTTP/1.1" 200 5679 "-" "Mozilla/5.0 AppleWebKit/537.36 (KHTML, like Gecko; compatible; bingbot/2.0; +http://www.bing.com/bingbot.htm) Chrome/116.0.1938.76 Safari/537.36"
52.167.144.212 - - [26/Apr/2025:12:27:21 -0400] "GET /wp-content/plugins/primary-addon-for-elementor/assets/js/packery-mode.pkgd.min.js?ver=2.1.2 HTTP/1.1" 200 9510 "-" "Mozilla/5.0 AppleWebKit/537.36 (KHTML, like Gecko; compatible; bingbot/2.0; +http://www.bing.com/bingbot.htm) Chrome/116.0.1938.76 Safari/537.36"
52.167.144.212 - - [26/Apr/2025:12:27:21 -0400] "GET /wp-content/plugins/primary-addon-for-elementor/elementor//js/prim-elementor.js?ver=6.8 HTTP/1.1" 200 3039 "-" "Mozilla/5.0 AppleWebKit/537.36 (KHTML, like Gecko; compatible; bingbot/2.0; +http://www.bing.com/bingbot.htm) Chrome/116.0.1938.76 Safari/537.36"
52.167.144.212 - - [26/Apr/2025:12:27:22 -0400] "GET /wp-content/plugins/revslider/public/assets/css/rs6.css?ver=6.6.8 HTTP/1.1" 200 11947 "-" "Mozilla/5.0 AppleWebKit/537.36 (KHTML, like Gecko; compatible; bingbot/2.0; +http://www.bing.com/bingbot.htm) Chrome/116.0.1938.76 Safari/537.36"
52.167.144.212 - - [26/Apr/2025:12:27:22 -0400] "GET /wp-content/plugins/pro-elements/assets/js/frontend.min.js?ver=3.23.3 HTTP/1.1" 200 6468 "-" "Mozilla/5.0 AppleWebKit/537.36 (KHTML, like Gecko; compatible; bingbot/2.0; +http://www.bing.com/bingbot.htm) Chrome/116.0.1938.76 Safari/537.36"
52.167.144.212 - - [26/Apr/2025:12:27:23 -0400] "GET /wp-content/themes/onum/css/slick-theme.css?ver=6.8 HTTP/1.1" 200 592 "-" "Mozilla/5.0 AppleWebKit/537.36 (KHTML, like Gecko; compatible; bingbot/2.0; +http://www.bing.com/bingbot.htm) Chrome/116.0.1938.76 Safari/537.36"
52.167.144.212 - - [26/Apr/2025:12:27:23 -0400] "GET /wp-content/themes/onum/js/particles.min.js?ver=20190829 HTTP/1.1" 200 5735 "-" "Mozilla/5.0 AppleWebKit/537.36 (KHTML, like Gecko; compatible; bingbot/2.0; +http://www.bing.com/bingbot.htm) Chrome/116.0.1938.76 Safari/537.36"
52.167.144.212 - - [26/Apr/2025:12:27:23 -0400] "GET /wp-content/themes/onum/js/scripts.js?ver=20190829 HTTP/1.1" 200 2162 "-" "Mozilla/5.0 AppleWebKit/537.36 (KHTML, like Gecko; compatible; bingbot/2.0; +http://www.bing.com/bingbot.htm) Chrome/116.0.1938.76 Safari/537.36"
52.167.144.212 - - [26/Apr/2025:12:27:24 -0400] "GET /wp-content/themes/onum/style.css?ver=6.8 HTTP/1.1" 200 27645 "-" "Mozilla/5.0 AppleWebKit/537.36 (KHTML, like Gecko; compatible; bingbot/2.0; +http://www.bing.com/bingbot.htm) Chrome/116.0.1938.76 Safari/537.36"
52.167.144.212 - - [26/Apr/2025:12:27:24 -0400] "GET /wp-content/uploads/elementor/css/post-3837.css?ver=1725365059 HTTP/1.1" 200 678 "-" "Mozilla/5.0 AppleWebKit/537.36 (KHTML, like Gecko; compatible; bingbot/2.0; +http://www.bing.com/bingbot.htm) Chrome/116.0.1938.76 Safari/537.36"
52.167.144.212 - - [26/Apr/2025:12:27:24 -0400] "GET /wp-content/uploads/elementor/google-fonts/css/manrope.css?ver=1742288903 HTTP/1.1" 200 634 "-" "Mozilla/5.0 AppleWebKit/537.36 (KHTML, like Gecko; compatible; bingbot/2.0; +http://www.bing.com/bingbot.htm) Chrome/116.0.1938.76 Safari/537.36"
52.167.144.212 - - [26/Apr/2025:12:27:25 -0400] "GET /wp-content/uploads/elementor/google-fonts/css/redhatdisplay.css?ver=1742288950 HTTP/1.1" 200 464 "-" "Mozilla/5.0 AppleWebKit/537.36 (KHTML, like Gecko; compatible; bingbot/2.0; +http://www.bing.com/bingbot.htm) Chrome/116.0.1938.76 Safari/537.36"
52.167.144.212 - - [26/Apr/2025:12:27:25 -0400] "GET /wp-includes/js/dist/hooks.min.js?ver=4d63a3d491d11ffd8ac6 HTTP/1.1" 200 1571 "-" "Mozilla/5.0 AppleWebKit/537.36 (KHTML, like Gecko; compatible; bingbot/2.0; +http://www.bing.com/bingbot.htm) Chrome/116.0.1938.76 Safari/537.36"
52.167.144.212 - - [26/Apr/2025:12:27:25 -0400] "GET /wp-includes/js/jquery/ui/core.min.js?ver=1.13.3 HTTP/1.1" 200 6812 "-" "Mozilla/5.0 AppleWebKit/537.36 (KHTML, like Gecko; compatible; bingbot/2.0; +http://www.bing.com/bingbot.htm) Chrome/116.0.1938.76 Safari/537.36"
20.171.207.233 - - [26/Apr/2025:12:27:30 -0400] "GET /wp-content/themes/onum/js/design-test.js HTTP/1.1" 404 39233 "-" "Mozilla/5.0 AppleWebKit/537.36 (KHTML, like Gecko; compatible; GPTBot/1.2; +https://openai.com/gptbot)"
20.171.207.233 - - [26/Apr/2025:12:27:31 -0400] "GET /wp-json/elementskit/v1/ HTTP/1.1" 404 114 "-" "Mozilla/5.0 AppleWebKit/537.36 (KHTML, like Gecko; compatible; GPTBot/1.2; +https://openai.com/gptbot)"
20.171.207.233 - - [26/Apr/2025:12:27:35 -0400] "GET /wp-content/uploads/2020/09/ARSN-Final-Logos-scaled.jpg%202560w,%20https:/arsn.media/wp-content/uploads/2020/09/ARSN-Final-Logos-300x138.jpg%20300w,%20https:/arsn.media/wp-content/uploads/2020/09/ARSN-Final-Logos-1024x471.jpg%201024w,%20https:/arsn.media/ARSN-Final-Logos-768x353.jpg%20768w,%20https:/ARSN-Final-Logos-1536x706.jpg%201536w,%20https:/ARSN-Final-Logos-2048x942.jpg%202048w HTTP/1.1" 404 39596 "-" "Mozilla/5.0 AppleWebKit/537.36 (KHTML, like Gecko; compatible; GPTBot/1.2; +https://openai.com/gptbot)"
109.70.100.71 - - [26/Apr/2025:12:27:31 -0400] "POST / HTTP/1.1" 200 639549 "https://arsn.media" "Mozilla/5.0 (X11; U; Linux x86_64; pl-PL; rv:2.0) Gecko/20110307 Firefox/4.0"
20.171.207.233 - - [26/Apr/2025:12:27:36 -0400] "GET /wp-content/themes/onum/css/design-test.css?ver=6.7.2 HTTP/1.1" 404 39252 "-" "Mozilla/5.0 AppleWebKit/537.36 (KHTML, like Gecko; compatible; GPTBot/1.2; +https://openai.com/gptbot)"
20.171.207.233 - - [26/Apr/2025:12:27:37 -0400] "GET /wp-content/uploads/2020/10/404.png%20707w,%20https:/arsn.media/wp-content/uploads/2020/10/404-300x110.png%20300w HTTP/1.1" 404 39403 "-" "Mozilla/5.0 AppleWebKit/537.36 (KHTML, like Gecko; compatible; GPTBot/1.2; +https://openai.com/gptbot)"
66.29.132.124 - - [26/Apr/2025:12:27:39 -0400] "POST /wp-cron.php?doing_wp_cron=1745684859.2334249019622802734375 HTTP/1.1" 200 0 "-" "WordPress/6.8; https://arsn.media"
94.230.208.147 - - [26/Apr/2025:12:27:38 -0400] "POST / HTTP/1.1" 200 639549 "https://arsn.media" "Mozilla/5.0 (X11; U; Linux x86_64; pl-PL; rv:2.0) Gecko/20110307 Firefox/4.0"
66.29.132.124 - - [26/Apr/2025:12:27:41 -0400] "POST /wp-admin/admin-ajax.php?action=async_litespeed&nonce=K7GbR44cOxViE5YPqBynn0Rpr02EaxbO&litespeed_type=imgoptm HTTP/1.1" 200 0 "-" "WordPress/6.8; https://arsn.media"
66.29.132.124 - - [26/Apr/2025:12:27:42 -0400] "POST /wp-admin/admin-ajax.php?action=as_async_request_queue_runner&nonce=6887159dad HTTP/1.1" 200 0 "-" "WordPress/6.8; https://arsn.media"
45.84.107.55 - - [26/Apr/2025:12:27:44 -0400] "POST / HTTP/1.1" 200 639549 "https://arsn.media" "Mozilla/5.0 (X11; U; Linux x86_64; pl-PL; rv:2.0) Gecko/20110307 Firefox/4.0"
66.29.132.124 - - [26/Apr/2025:12:27:56 -0400] "POST /wp-cron.php?doing_wp_cron=1745684875.7096240520477294921875 HTTP/1.1" 200 0 "-" "WordPress/6.8; https://arsn.media"
185.220.100.251 - - [26/Apr/2025:12:27:54 -0400] "POST / HTTP/1.1" 200 639549 "https://arsn.media" "Mozilla/5.0 (X11; U; Linux x86_64; pl-PL; rv:2.0) Gecko/20110307 Firefox/4.0"
45.138.16.107 - - [26/Apr/2025:12:28:12 -0400] "POST / HTTP/1.1" 200 639549 "https://arsn.media" "Mozilla/5.0 (X11; U; Linux x86_64; pl-PL; rv:2.0) Gecko/20110307 Firefox/4.0"
45.138.16.107 - - [26/Apr/2025:12:28:19 -0400] "POST / HTTP/1.1" 200 639549 "https://arsn.media" "Mozilla/5.0 (X11; U; Linux x86_64; pl-PL; rv:2.0) Gecko/20110307 Firefox/4.0"
45.141.215.63 - - [26/Apr/2025:12:28:28 -0400] "POST / HTTP/1.1" 200 639549 "https://arsn.media" "Mozilla/5.0 (X11; U; Linux x86_64; pl-PL; rv:2.0) Gecko/20110307 Firefox/4.0"
66.29.132.124 - - [26/Apr/2025:12:28:38 -0400] "POST /wp-cron.php?doing_wp_cron=1745684918.8910329341888427734375 HTTP/1.1" 200 0 "-" "WordPress/6.8; https://arsn.media"
146.59.126.232 - - [26/Apr/2025:12:28:38 -0400] "GET /affordable-wordpress-seo-agency HTTP/1.1" 301 0 "https://arsn.media/affordable-wordpress-seo-agency" "Mozilla/5.0 (X11; U; Linux x86_64; pl-PL; rv:2.0) Gecko/20110307 Firefox/4.0"
146.59.126.232 - - [26/Apr/2025:12:28:41 -0400] "GET /affordable-wordpress-seo-agency/ HTTP/1.1" 200 714355 "https://arsn.media/affordable-wordpress-seo-agency" "Mozilla/5.0 (X11; U; Linux x86_64; pl-PL; rv:2.0) Gecko/20110307 Firefox/4.0"
66.29.132.124 - - [26/Apr/2025:12:28:41 -0400] "POST /wp-admin/admin-ajax.php?action=async_litespeed&nonce=cRaruHIYxxcWCH9dK93DtU9A3lboLnmL&litespeed_type=imgoptm HTTP/1.1" 200 0 "-" "WordPress/6.8; https://arsn.media"
66.29.132.124 - - [26/Apr/2025:12:28:58 -0400] "POST /wp-cron.php?doing_wp_cron=1745684938.0918750762939453125000 HTTP/1.1" 200 0 "-" "WordPress/6.8; https://arsn.media"
195.47.238.82 - - [26/Apr/2025:12:28:56 -0400] "GET /affordable-youtube-seo-agency HTTP/1.1" 301 0 "https://arsn.media/affordable-youtube-seo-agency" "Mozilla/5.0 (X11; U; Linux x86_64; pl-PL; rv:2.0) Gecko/20110307 Firefox/4.0"
195.47.238.82 - - [26/Apr/2025:12:28:59 -0400] "GET /affordable-youtube-seo-agency/ HTTP/1.1" 200 642793 "https://arsn.media/affordable-youtube-seo-agency" "Mozilla/5.0 (X11; U; Linux x86_64; pl-PL; rv:2.0) Gecko/20110307 Firefox/4.0"
185.246.188.74 - - [26/Apr/2025:12:29:08 -0400] "POST /Form HTTP/1.1" 404 564831 "https://arsn.media/Form" "Mozilla/5.0 (X11; U; Linux x86_64; pl-PL; rv:2.0) Gecko/20110307 Firefox/4.0"
20.171.207.233 - - [26/Apr/2025:12:29:11 -0400] "GET /wp-content/uploads/2020/10/404.png%20707w,%20https:/arsn.media/wp-content/uploads/2020/10/404-300x110.png%20300w HTTP/1.1" 404 39403 "-" "Mozilla/5.0 AppleWebKit/537.36 (KHTML, like Gecko; compatible; GPTBot/1.2; +https://openai.com/gptbot)"
20.171.207.233 - - [26/Apr/2025:12:29:12 -0400] "GET /wp-content/themes/onum/js/design-test.js HTTP/1.1" 404 39233 "-" "Mozilla/5.0 AppleWebKit/537.36 (KHTML, like Gecko; compatible; GPTBot/1.2; +https://openai.com/gptbot)"
20.171.207.233 - - [26/Apr/2025:12:29:13 -0400] "GET /wp-content/themes/onum/css/design-test.css?ver=6.7.2 HTTP/1.1" 404 39252 "-" "Mozilla/5.0 AppleWebKit/537.36 (KHTML, like Gecko; compatible; GPTBot/1.2; +https://openai.com/gptbot)"
185.246.188.74 - - [26/Apr/2025:12:29:13 -0400] "POST /Form HTTP/1.1" 404 564831 "https://arsn.media/Form" "Mozilla/5.0 (X11; U; Linux x86_64; pl-PL; rv:2.0) Gecko/20110307 Firefox/4.0"
20.171.207.233 - - [26/Apr/2025:12:29:14 -0400] "GET /wp-content/uploads/2020/09/ARSN-Final-Logos-scaled.jpg%202560w,%20https:/arsn.media/wp-content/uploads/2020/09/ARSN-Final-Logos-300x138.jpg%20300w,%20https:/arsn.media/wp-content/uploads/2020/09/ARSN-Final-Logos-1024x471.jpg%201024w,%20https:/arsn.media/ARSN-Final-Logos-768x353.jpg%20768w,%20https:/ARSN-Final-Logos-1536x706.jpg%201536w,%20https:/ARSN-Final-Logos-2048x942.jpg%202048w HTTP/1.1" 404 39596 "-" "Mozilla/5.0 AppleWebKit/537.36 (KHTML, like Gecko; compatible; GPTBot/1.2; +https://openai.com/gptbot)"
20.171.207.233 - - [26/Apr/2025:12:29:15 -0400] "GET /wp-json/elementskit/v1/ HTTP/1.1" 404 114 "-" "Mozilla/5.0 AppleWebKit/537.36 (KHTML, like Gecko; compatible; GPTBot/1.2; +https://openai.com/gptbot)"
185.246.188.74 - - [26/Apr/2025:12:29:16 -0400] "POST / HTTP/1.1" 200 639549 "https://arsn.media" "Mozilla/5.0 (X11; U; Linux x86_64; pl-PL; rv:2.0) Gecko/20110307 Firefox/4.0"
45.84.107.172 - - [26/Apr/2025:12:29:22 -0400] "POST / HTTP/1.1" 200 639549 "https://arsn.media" "Mozilla/5.0 (X11; U; Linux x86_64; pl-PL; rv:2.0) Gecko/20110307 Firefox/4.0"
185.244.192.175 - - [26/Apr/2025:12:29:32 -0400] "POST / HTTP/1.1" 200 639549 "https://arsn.media" "Mozilla/5.0 (X11; U; Linux x86_64; pl-PL; rv:2.0) Gecko/20110307 Firefox/4.0"
66.29.132.124 - - [26/Apr/2025:12:29:42 -0400] "POST /wp-cron.php?doing_wp_cron=1745684982.4880709648132324218750 HTTP/1.1" 200 0 "-" "WordPress/6.8; https://arsn.media"
185.244.192.175 - - [26/Apr/2025:12:29:41 -0400] "POST / HTTP/1.1" 200 639549 "https://arsn.media" "Mozilla/5.0 (X11; U; Linux x86_64; pl-PL; rv:2.0) Gecko/20110307 Firefox/4.0"
66.29.132.124 - - [26/Apr/2025:12:29:44 -0400] "POST /wp-admin/admin-ajax.php?action=async_litespeed&nonce=xm48rHFSIfhzdIjtC5pVtaaX659NpdXJ&litespeed_type=imgoptm HTTP/1.1" 200 0 "-" "WordPress/6.8; https://arsn.media"
192.42.116.219 - - [26/Apr/2025:12:29:46 -0400] "POST / HTTP/1.1" 200 639549 "https://arsn.media" "Mozilla/5.0 (X11; U; Linux x86_64; pl-PL; rv:2.0) Gecko/20110307 Firefox/4.0"
66.29.132.124 - - [26/Apr/2025:12:29:54 -0400] "POST /wp-cron.php?doing_wp_cron=1745684994.8618829250335693359375 HTTP/1.1" 200 0 "-" "WordPress/6.8; https://arsn.media"
185.220.100.242 - - [26/Apr/2025:12:29:53 -0400] "POST / HTTP/1.1" 200 639549 "https://arsn.media" "Mozilla/5.0 (X11; U; Linux x86_64; pl-PL; rv:2.0) Gecko/20110307 Firefox/4.0"
109.70.100.5 - - [26/Apr/2025:12:30:03 -0400] "POST / HTTP/1.1" 200 639549 "https://arsn.media" "Mozilla/5.0 (X11; U; Linux x86_64; pl-PL; rv:2.0) Gecko/20110307 Firefox/4.0"
192.42.116.211 - - [26/Apr/2025:12:30:09 -0400] "POST / HTTP/1.1" 200 639549 "https://arsn.media" "Mozilla/5.0 (X11; U; Linux x86_64; pl-PL; rv:2.0) Gecko/20110307 Firefox/4.0"
20.171.207.233 - - [26/Apr/2025:12:30:10 -0400] "GET /our-portfolio/ HTTP/1.1" 200 46871 "-" "Mozilla/5.0 AppleWebKit/537.36 (KHTML, like Gecko; compatible; GPTBot/1.2; +https://openai.com/gptbot)"
20.171.207.233 - - [26/Apr/2025:12:30:16 -0400] "GET /?p=11014 HTTP/1.1" 301 0 "-" "Mozilla/5.0 AppleWebKit/537.36 (KHTML, like Gecko; compatible; GPTBot/1.2; +https://openai.com/gptbot)"
171.25.193.77 - - [26/Apr/2025:12:30:19 -0400] "POST / HTTP/1.1" 200 639549 "https://arsn.media" "Mozilla/5.0 (X11; U; Linux x86_64; pl-PL; rv:2.0) Gecko/20110307 Firefox/4.0"
20.171.207.233 - - [26/Apr/2025:12:30:23 -0400] "GET /wp-json/wp/v2/pages/11014 HTTP/1.1" 200 73661 "-" "Mozilla/5.0 AppleWebKit/537.36 (KHTML, like Gecko; compatible; GPTBot/1.2; +https://openai.com/gptbot)"
20.171.207.233 - - [26/Apr/2025:12:30:28 -0400] "GET /wp-json/elementskit/v1/ HTTP/1.1" 404 114 "-" "Mozilla/5.0 AppleWebKit/537.36 (KHTML, like Gecko; compatible; GPTBot/1.2; +https://openai.com/gptbot)"
20.171.207.233 - - [26/Apr/2025:12:30:32 -0400] "GET /wp-content/uploads/elementor/google-fonts/css/tangerine.css?ver=1742531275 HTTP/1.1" 200 280 "-" "Mozilla/5.0 AppleWebKit/537.36 (KHTML, like Gecko; compatible; GPTBot/1.2; +https://openai.com/gptbot)"
45.84.107.182 - - [26/Apr/2025:12:30:31 -0400] "POST / HTTP/1.1" 200 639549 "https://arsn.media" "Mozilla/5.0 (X11; U; Linux x86_64; pl-PL; rv:2.0) Gecko/20110307 Firefox/4.0"
20.171.207.233 - - [26/Apr/2025:12:30:37 -0400] "GET /wp-content/uploads/elementor/css/custom-widget-image-box.min.css?ver=1725365296 HTTP/1.1" 200 267 "-" "Mozilla/5.0 AppleWebKit/537.36 (KHTML, like Gecko; compatible; GPTBot/1.2; +https://openai.com/gptbot)"
66.29.132.124 - - [26/Apr/2025:12:30:38 -0400] "POST /wp-cron.php?doing_wp_cron=1745685038.1334559917449951171875 HTTP/1.1" 200 0 "-" "WordPress/6.8; https://arsn.media"
66.29.132.124 - - [26/Apr/2025:12:30:39 -0400] "POST /wp-admin/admin-ajax.php?action=async_litespeed&nonce=aM9mxNDGXbOG78rcb71bPUAkNKMfCEt7&litespeed_type=imgoptm HTTP/1.1" 200 0 "-" "WordPress/6.8; https://arsn.media"
45.84.107.182 - - [26/Apr/2025:12:30:36 -0400] "POST / HTTP/1.1" 200 639549 "https://arsn.media" "Mozilla/5.0 (X11; U; Linux x86_64; pl-PL; rv:2.0) Gecko/20110307 Firefox/4.0"
20.171.207.233 - - [26/Apr/2025:12:30:41 -0400] "GET /wp-content/uploads/elementor/css/post-11014.css?ver=1725447251 HTTP/1.1" 200 1905 "-" "Mozilla/5.0 AppleWebKit/537.36 (KHTML, like Gecko; compatible; GPTBot/1.2; +https://openai.com/gptbot)"
20.171.207.233 - - [26/Apr/2025:12:30:45 -0400] "GET /wp-content/plugins/elementor/assets/css/widget-image-carousel.min.css?ver=3.28.4 HTTP/1.1" 200 163 "-" "Mozilla/5.0 AppleWebKit/537.36 (KHTML, like Gecko; compatible; GPTBot/1.2; +https://openai.com/gptbot)"
195.47.238.86 - - [26/Apr/2025:12:30:44 -0400] "POST / HTTP/1.1" 200 639549 "https://arsn.media" "Mozilla/5.0 (X11; U; Linux x86_64; pl-PL; rv:2.0) Gecko/20110307 Firefox/4.0"
20.171.207.233 - - [26/Apr/2025:12:30:49 -0400] "GET /wp-content/themes/onum/js/design-test.js HTTP/1.1" 404 39233 "-" "Mozilla/5.0 AppleWebKit/537.36 (KHTML, like Gecko; compatible; GPTBot/1.2; +https://openai.com/gptbot)"
66.29.132.124 - - [26/Apr/2025:12:30:54 -0400] "POST /wp-cron.php?doing_wp_cron=1745685054.1844279766082763671875 HTTP/1.1" 200 0 "-" "WordPress/6.8; https://arsn.media"
20.171.207.233 - - [26/Apr/2025:12:30:53 -0400] "GET /wp-json/oembed/1.0/embed?url=https%3A%2F%2Farsn.media%2Four-portfolio%2F HTTP/1.1" 200 2637 "-" "Mozilla/5.0 AppleWebKit/537.36 (KHTML, like Gecko; compatible; GPTBot/1.2; +https://openai.com/gptbot)"
20.171.207.233 - - [26/Apr/2025:12:30:55 -0400] "GET /wp-json/oembed/1.0/embed?format=xml&url=https%3A%2F%2Farsn.media%2Four-portfolio%2F HTTP/1.1" 200 1317 "-" "Mozilla/5.0 AppleWebKit/537.36 (KHTML, like Gecko; compatible; GPTBot/1.2; +https://openai.com/gptbot)"
20.171.207.233 - - [26/Apr/2025:12:30:58 -0400] "GET /wp-content/uploads/elementor/google-fonts/fonts/tangerine-iurd6y5j_osczzow4vo5srnzi5fn.woff2 HTTP/1.1" 200 24804 "-" "Mozilla/5.0 AppleWebKit/537.36 (KHTML, like Gecko; compatible; GPTBot/1.2; +https://openai.com/gptbot)"
38.97.116.244 - - [26/Apr/2025:12:30:57 -0400] "POST / HTTP/1.1" 200 639549 "https://arsn.media" "Mozilla/5.0 (X11; U; Linux x86_64; pl-PL; rv:2.0) Gecko/20110307 Firefox/4.0"
20.171.207.233 - - [26/Apr/2025:12:31:00 -0400] "GET /wp-content/uploads/elementor/google-fonts/fonts/tangerine-iury6y5j_osczzow4voxczzm.woff2 HTTP/1.1" 200 23304 "-" "Mozilla/5.0 AppleWebKit/537.36 (KHTML, like Gecko; compatible; GPTBot/1.2; +https://openai.com/gptbot)"
192.42.116.219 - - [26/Apr/2025:12:31:03 -0400] "POST / HTTP/1.1" 200 639549 "https://arsn.media" "Mozilla/5.0 (X11; U; Linux x86_64; pl-PL; rv:2.0) Gecko/20110307 Firefox/4.0"
20.171.207.233 - - [26/Apr/2025:12:31:03 -0400] "GET /our-portfolio/embed/ HTTP/1.1" 200 6276 "-" "Mozilla/5.0 AppleWebKit/537.36 (KHTML, like Gecko; compatible; GPTBot/1.2; +https://openai.com/gptbot)"
185.246.188.74 - - [26/Apr/2025:12:31:17 -0400] "POST / HTTP/1.1" 200 639549 "https://arsn.media" "Mozilla/5.0 (X11; U; Linux x86_64; pl-PL; rv:2.0) Gecko/20110307 Firefox/4.0"
185.220.100.252 - - [26/Apr/2025:12:31:24 -0400] "POST / HTTP/1.1" 200 639549 "https://arsn.media" "Mozilla/5.0 (X11; U; Linux x86_64; pl-PL; rv:2.0) Gecko/20110307 Firefox/4.0"
192.42.116.211 - - [26/Apr/2025:12:31:33 -0400] "POST / HTTP/1.1" 200 639549 "https://arsn.media" "Mozilla/5.0 (X11; U; Linux x86_64; pl-PL; rv:2.0) Gecko/20110307 Firefox/4.0"
66.29.132.124 - - [26/Apr/2025:12:31:41 -0400] "POST /wp-cron.php?doing_wp_cron=1745685101.4094769954681396484375 HTTP/1.1" 200 0 "-" "WordPress/6.8; https://arsn.media"
185.220.101.106 - - [26/Apr/2025:12:31:40 -0400] "POST / HTTP/1.1" 200 639549 "https://arsn.media" "Mozilla/5.0 (X11; U; Linux x86_64; pl-PL; rv:2.0) Gecko/20110307 Firefox/4.0"
66.29.132.124 - - [26/Apr/2025:12:31:42 -0400] "POST /wp-admin/admin-ajax.php?action=async_litespeed&nonce=ijQ2GhkqD6qaYjzHQpAE3aeIn2W4fJWn&litespeed_type=imgoptm HTTP/1.1" 200 21 "-" "WordPress/6.8; https://arsn.media"
185.220.101.106 - - [26/Apr/2025:12:31:45 -0400] "POST / HTTP/1.1" 200 639549 "https://arsn.media" "Mozilla/5.0 (X11; U; Linux x86_64; pl-PL; rv:2.0) Gecko/20110307 Firefox/4.0"
66.29.132.124 - - [26/Apr/2025:12:31:51 -0400] "POST /wp-cron.php?doing_wp_cron=1745685110.6645989418029785156250 HTTP/1.1" 200 0 "-" "WordPress/6.8; https://arsn.media"
51.195.166.174 - - [26/Apr/2025:12:31:49 -0400] "POST / HTTP/1.1" 200 639549 "https://arsn.media" "Mozilla/5.0 (X11; U; Linux x86_64; pl-PL; rv:2.0) Gecko/20110307 Firefox/4.0"
185.220.100.242 - - [26/Apr/2025:12:32:09 -0400] "POST / HTTP/1.1" 200 639549 "https://arsn.media" "Mozilla/5.0 (X11; U; Linux x86_64; pl-PL; rv:2.0) Gecko/20110307 Firefox/4.0"
45.84.107.222 - - [26/Apr/2025:12:32:22 -0400] "POST / HTTP/1.1" 200 639549 "https://arsn.media" "Mozilla/5.0 (X11; U; Linux x86_64; pl-PL; rv:2.0) Gecko/20110307 Firefox/4.0"
45.84.107.222 - - [26/Apr/2025:12:32:28 -0400] "POST / HTTP/1.1" 200 639549 "https://arsn.media" "Mozilla/5.0 (X11; U; Linux x86_64; pl-PL; rv:2.0) Gecko/20110307 Firefox/4.0"
192.42.116.200 - - [26/Apr/2025:12:32:31 -0400] "POST / HTTP/1.1" 200 639549 "https://arsn.media" "Mozilla/5.0 (X11; U; Linux x86_64; pl-PL; rv:2.0) Gecko/20110307 Firefox/4.0"
66.29.132.124 - - [26/Apr/2025:12:32:36 -0400] "POST /wp-cron.php?doing_wp_cron=1745685156.4934809207916259765625 HTTP/1.1" 200 0 "-" "WordPress/6.8; https://arsn.media"
192.42.116.200 - - [26/Apr/2025:12:32:35 -0400] "POST / HTTP/1.1" 200 639549 "https://arsn.media" "Mozilla/5.0 (X11; U; Linux x86_64; pl-PL; rv:2.0) Gecko/20110307 Firefox/4.0"
66.29.132.124 - - [26/Apr/2025:12:32:37 -0400] "POST /wp-admin/admin-ajax.php?action=async_litespeed&nonce=eosWZHFawDJYohB19e0gyZpfVeAJWVdi&litespeed_type=imgoptm HTTP/1.1" 200 0 "-" "WordPress/6.8; https://arsn.media"
51.15.116.168 - - [26/Apr/2025:12:32:41 -0400] "POST / HTTP/1.1" 200 639549 "https://arsn.media" "Mozilla/5.0 (X11; U; Linux x86_64; pl-PL; rv:2.0) Gecko/20110307 Firefox/4.0"
66.29.132.124 - - [26/Apr/2025:12:33:02 -0400] "POST /wp-cron.php?doing_wp_cron=1745685182.2162849903106689453125 HTTP/1.1" 200 0 "-" "WordPress/6.8; https://arsn.media"
185.220.100.248 - - [26/Apr/2025:12:33:01 -0400] "POST / HTTP/1.1" 200 639549 "https://arsn.media" "Mozilla/5.0 (X11; U; Linux x86_64; pl-PL; rv:2.0) Gecko/20110307 Firefox/4.0"
185.220.100.248 - - [26/Apr/2025:12:33:07 -0400] "GET /blog HTTP/1.1" 301 0 "https://arsn.media/blog" "Mozilla/5.0 (X11; U; Linux x86_64; pl-PL; rv:2.0) Gecko/20110307 Firefox/4.0"
185.220.100.248 - - [26/Apr/2025:12:33:09 -0400] "GET /blog/ HTTP/1.1" 200 582677 "https://arsn.media/blog" "Mozilla/5.0 (X11; U; Linux x86_64; pl-PL; rv:2.0) Gecko/20110307 Firefox/4.0"
192.42.116.213 - - [26/Apr/2025:12:33:15 -0400] "POST / HTTP/1.1" 200 639524 "https://arsn.media" "Mozilla/5.0 (X11; U; Linux x86_64; pl-PL; rv:2.0) Gecko/20110307 Firefox/4.0"
185.220.101.28 - - [26/Apr/2025:12:33:22 -0400] "POST / HTTP/1.1" 200 639524 "https://arsn.media" "Mozilla/5.0 (X11; U; Linux x86_64; pl-PL; rv:2.0) Gecko/20110307 Firefox/4.0"
37.221.208.71 - - [26/Apr/2025:12:33:25 -0400] "POST / HTTP/1.1" 200 639524 "https://arsn.media" "Mozilla/5.0 (X11; U; Linux x86_64; pl-PL; rv:2.0) Gecko/20110307 Firefox/4.0"
192.42.116.217 - - [26/Apr/2025:12:33:29 -0400] "POST / HTTP/1.1" 200 639524 "https://arsn.media" "Mozilla/5.0 (X11; U; Linux x86_64; pl-PL; rv:2.0) Gecko/20110307 Firefox/4.0"
66.29.132.124 - - [26/Apr/2025:12:33:35 -0400] "POST /wp-cron.php?doing_wp_cron=1745685215.5539588928222656250000 HTTP/1.1" 200 0 "-" "WordPress/6.8; https://arsn.media"
192.42.116.217 - - [26/Apr/2025:12:33:34 -0400] "POST / HTTP/1.1" 200 639524 "https://arsn.media" "Mozilla/5.0 (X11; U; Linux x86_64; pl-PL; rv:2.0) Gecko/20110307 Firefox/4.0"
66.29.132.124 - - [26/Apr/2025:12:33:36 -0400] "POST /wp-admin/admin-ajax.php?action=async_litespeed&nonce=8Osen6ytShzGt7YAOIevgPKVP3rhwABP&litespeed_type=imgoptm HTTP/1.1" 200 21 "-" "WordPress/6.8; https://arsn.media"
185.220.101.18 - - [26/Apr/2025:12:33:40 -0400] "POST / HTTP/1.1" 200 639524 "https://arsn.media" "Mozilla/5.0 (X11; U; Linux x86_64; pl-PL; rv:2.0) Gecko/20110307 Firefox/4.0"
45.84.107.182 - - [26/Apr/2025:12:33:48 -0400] "POST / HTTP/1.1" 200 639524 "https://arsn.media" "Mozilla/5.0 (X11; U; Linux x86_64; pl-PL; rv:2.0) Gecko/20110307 Firefox/4.0"
66.29.132.124 - - [26/Apr/2025:12:33:56 -0400] "POST /wp-cron.php?doing_wp_cron=1745685236.9493598937988281250000 HTTP/1.1" 200 0 "-" "WordPress/6.8; https://arsn.media"
20.171.207.233 - - [26/Apr/2025:12:33:57 -0400] "GET /wp-content/themes/onum/js/design-test.js HTTP/1.1" 404 39233 "-" "Mozilla/5.0 AppleWebKit/537.36 (KHTML, like Gecko; compatible; GPTBot/1.2; +https://openai.com/gptbot)"
45.138.16.178 - - [26/Apr/2025:12:33:56 -0400] "POST / HTTP/1.1" 200 639524 "https://arsn.media" "Mozilla/5.0 (X11; U; Linux x86_64; pl-PL; rv:2.0) Gecko/20110307 Firefox/4.0"
20.171.207.233 - - [26/Apr/2025:12:33:59 -0400] "GET /wp-content/uploads/2020/10/404.png%20707w,%20https:/arsn.media/wp-content/uploads/2020/10/404-300x110.png%20300w HTTP/1.1" 404 39403 "-" "Mozilla/5.0 AppleWebKit/537.36 (KHTML, like Gecko; compatible; GPTBot/1.2; +https://openai.com/gptbot)"
20.171.207.233 - - [26/Apr/2025:12:34:01 -0400] "GET /wp-content/uploads/2020/09/ARSN-Final-Logos-scaled.jpg%202560w,%20https:/arsn.media/wp-content/uploads/2020/09/ARSN-Final-Logos-300x138.jpg%20300w,%20https:/arsn.media/wp-content/uploads/2020/09/ARSN-Final-Logos-1024x471.jpg%201024w,%20https:/arsn.media/ARSN-Final-Logos-768x353.jpg%20768w,%20https:/ARSN-Final-Logos-1536x706.jpg%201536w,%20https:/ARSN-Final-Logos-2048x942.jpg%202048w HTTP/1.1" 404 39596 "-" "Mozilla/5.0 AppleWebKit/537.36 (KHTML, like Gecko; compatible; GPTBot/1.2; +https://openai.com/gptbot)"
20.171.207.233 - - [26/Apr/2025:12:34:03 -0400] "GET /wp-content/plugins/elementor/assets/js/frontend.min.js?ver=3.26.4 HTTP/1.1" 200 13099 "-" "Mozilla/5.0 AppleWebKit/537.36 (KHTML, like Gecko; compatible; GPTBot/1.2; +https://openai.com/gptbot)"
20.171.207.233 - - [26/Apr/2025:12:34:05 -0400] "GET /wp-content/plugins/elementor/assets/js/frontend-modules.min.js?ver=3.26.4 HTTP/1.1" 200 14421 "-" "Mozilla/5.0 AppleWebKit/537.36 (KHTML, like Gecko; compatible; GPTBot/1.2; +https://openai.com/gptbot)"
20.171.207.233 - - [26/Apr/2025:12:34:07 -0400] "GET /wp-content/plugins/elementor/assets/js/webpack.runtime.min.js?ver=3.26.4 HTTP/1.1" 200 2228 "-" "Mozilla/5.0 AppleWebKit/537.36 (KHTML, like Gecko; compatible; GPTBot/1.2; +https://openai.com/gptbot)"
20.171.207.233 - - [26/Apr/2025:12:34:08 -0400] "GET /wp-content/plugins/elementor/assets/css/widget-image.min.css?ver=3.26.4 HTTP/1.1" 200 254 "-" "Mozilla/5.0 AppleWebKit/537.36 (KHTML, like Gecko; compatible; GPTBot/1.2; +https://openai.com/gptbot)"
20.171.207.233 - - [26/Apr/2025:12:34:09 -0400] "GET /wp-content/plugins/elementor/assets/css/conditionals/e-swiper.min.css?ver=3.26.4 HTTP/1.1" 200 699 "-" "Mozilla/5.0 AppleWebKit/537.36 (KHTML, like Gecko; compatible; GPTBot/1.2; +https://openai.com/gptbot)"
20.171.207.233 - - [26/Apr/2025:12:34:11 -0400] "GET /wp-json/elementskit/v1/ HTTP/1.1" 404 114 "-" "Mozilla/5.0 AppleWebKit/537.36 (KHTML, like Gecko; compatible; GPTBot/1.2; +https://openai.com/gptbot)"
45.84.107.54 - - [26/Apr/2025:12:34:07 -0400] "POST / HTTP/1.1" 200 639524 "https://arsn.media" "Mozilla/5.0 (X11; U; Linux x86_64; pl-PL; rv:2.0) Gecko/20110307 Firefox/4.0"
20.171.207.233 - - [26/Apr/2025:12:34:12 -0400] "GET /wp-content/themes/onum/css/design-test.css?ver=6.7.1 HTTP/1.1" 404 39251 "-" "Mozilla/5.0 AppleWebKit/537.36 (KHTML, like Gecko; compatible; GPTBot/1.2; +https://openai.com/gptbot)"
20.171.207.233 - - [26/Apr/2025:12:34:13 -0400] "GET /wp-content/plugins/elementor/assets/css/widget-heading.min.css?ver=3.26.4 HTTP/1.1" 200 154 "-" "Mozilla/5.0 AppleWebKit/537.36 (KHTML, like Gecko; compatible; GPTBot/1.2; +https://openai.com/gptbot)"
20.171.207.233 - - [26/Apr/2025:12:34:14 -0400] "GET /wp-content/plugins/elementor/assets/css/widget-social-icons.min.css?ver=3.26.4 HTTP/1.1" 200 1069 "-" "Mozilla/5.0 AppleWebKit/537.36 (KHTML, like Gecko; compatible; GPTBot/1.2; +https://openai.com/gptbot)"
20.171.207.233 - - [26/Apr/2025:12:34:15 -0400] "GET /wp-content/plugins/elementor/assets/css/widget-text-editor.min.css?ver=3.26.4 HTTP/1.1" 200 208 "-" "Mozilla/5.0 AppleWebKit/537.36 (KHTML, like Gecko; compatible; GPTBot/1.2; +https://openai.com/gptbot)"
45.84.107.33 - - [26/Apr/2025:12:34:17 -0400] "POST / HTTP/1.1" 200 639524 "https://arsn.media" "Mozilla/5.0 (X11; U; Linux x86_64; pl-PL; rv:2.0) Gecko/20110307 Firefox/4.0"
45.84.107.17 - - [26/Apr/2025:12:34:29 -0400] "POST / HTTP/1.1" 200 639524 "https://arsn.media" "Mozilla/5.0 (X11; U; Linux x86_64; pl-PL; rv:2.0) Gecko/20110307 Firefox/4.0"
66.29.132.124 - - [26/Apr/2025:12:35:00 -0400] "POST /wp-cron.php?doing_wp_cron=1745685300.6472949981689453125000 HTTP/1.1" 200 0 "-" "WordPress/6.8; https://arsn.media"
66.29.132.124 - - [26/Apr/2025:12:35:02 -0400] "POST /wp-admin/admin-ajax.php?action=async_litespeed&nonce=i1xbzmVY12dtKJModurzqJAEz4uPqKrM&litespeed_type=imgoptm HTTP/1.1" 200 0 "-" "WordPress/6.8; https://arsn.media"
192.42.116.213 - - [26/Apr/2025:12:34:58 -0400] "POST / HTTP/1.1" 200 639524 "https://arsn.media" "Mozilla/5.0 (X11; U; Linux x86_64; pl-PL; rv:2.0) Gecko/20110307 Firefox/4.0"
192.42.116.213 - - [26/Apr/2025:12:35:07 -0400] "POST / HTTP/1.1" 200 639524 "https://arsn.media" "Mozilla/5.0 (X11; U; Linux x86_64; pl-PL; rv:2.0) Gecko/20110307 Firefox/4.0"
45.84.107.182 - - [26/Apr/2025:12:35:13 -0400] "POST / HTTP/1.1" 200 639524 "https://arsn.media" "Mozilla/5.0 (X11; U; Linux x86_64; pl-PL; rv:2.0) Gecko/20110307 Firefox/4.0"
109.70.100.69 - - [26/Apr/2025:12:35:31 -0400] "POST / HTTP/1.1" 200 639524 "https://arsn.media" "Mozilla/5.0 (X11; U; Linux x86_64; pl-PL; rv:2.0) Gecko/20110307 Firefox/4.0"
66.29.132.124 - - [26/Apr/2025:12:35:39 -0400] "POST /wp-cron.php?doing_wp_cron=1745685338.9843449592590332031250 HTTP/1.1" 200 0 "-" "WordPress/6.8; https://arsn.media"
66.29.132.124 - - [26/Apr/2025:12:35:42 -0400] "POST /wp-admin/admin-ajax.php?action=async_litespeed&nonce=M3baYF77A5JbpEUbGZi4GlMSETatGloM&litespeed_type=imgoptm HTTP/1.1" 200 0 "-" "WordPress/6.8; https://arsn.media"
185.220.100.249 - - [26/Apr/2025:12:35:37 -0400] "POST / HTTP/1.1" 200 639524 "https://arsn.media" "Mozilla/5.0 (X11; U; Linux x86_64; pl-PL; rv:2.0) Gecko/20110307 Firefox/4.0"
193.189.100.195 - - [26/Apr/2025:12:35:45 -0400] "POST / HTTP/1.1" 200 639524 "https://arsn.media" "Mozilla/5.0 (X11; U; Linux x86_64; pl-PL; rv:2.0) Gecko/20110307 Firefox/4.0"
66.29.132.124 - - [26/Apr/2025:12:35:51 -0400] "POST /wp-cron.php?doing_wp_cron=1745685351.3516910076141357421875 HTTP/1.1" 200 0 "-" "WordPress/6.8; https://arsn.media"
193.189.100.195 - - [26/Apr/2025:12:35:50 -0400] "POST / HTTP/1.1" 200 639524 "https://arsn.media" "Mozilla/5.0 (X11; U; Linux x86_64; pl-PL; rv:2.0) Gecko/20110307 Firefox/4.0"
185.220.101.17 - - [26/Apr/2025:12:35:55 -0400] "POST / HTTP/1.1" 200 639524 "https://arsn.media" "Mozilla/5.0 (X11; U; Linux x86_64; pl-PL; rv:2.0) Gecko/20110307 Firefox/4.0"
192.42.116.219 - - [26/Apr/2025:12:36:07 -0400] "POST / HTTP/1.1" 200 639524 "https://arsn.media" "Mozilla/5.0 (X11; U; Linux x86_64; pl-PL; rv:2.0) Gecko/20110307 Firefox/4.0"
45.138.16.164 - - [26/Apr/2025:12:36:20 -0400] "POST / HTTP/1.1" 200 639524 "https://arsn.media" "Mozilla/5.0 (X11; U; Linux x86_64; pl-PL; rv:2.0) Gecko/20110307 Firefox/4.0"
45.138.16.164 - - [26/Apr/2025:12:36:25 -0400] "POST / HTTP/1.1" 200 639524 "https://arsn.media" "Mozilla/5.0 (X11; U; Linux x86_64; pl-PL; rv:2.0) Gecko/20110307 Firefox/4.0"
66.29.132.124 - - [26/Apr/2025:12:36:35 -0400] "POST /wp-cron.php?doing_wp_cron=1745685395.0183339118957519531250 HTTP/1.1" 200 0 "-" "WordPress/6.8; https://arsn.media"
