OwlCyberSecurity - MANAGER
Edit File: arsn.media-ssl_log
162.213.255.38 - - [25/Apr/2025:21:39:44 -0400] "POST /xmlrpc.php HTTP/1.1" 200 0 "https://arsn.media" "Mozilla/5.0 (Windows NT 10.0; Win64; x64) AppleWebKit/537.36 (KHTML, like Gecko) Chrome/126.0.0.0 Safari/537.36 Edg/126.0.0.0"
66.29.132.124 - - [25/Apr/2025:21:39:56 -0400] "POST /wp-cron.php?doing_wp_cron=1745631596.6768848896026611328125 HTTP/1.1" 200 0 "-" "WordPress/6.8; https://arsn.media"
66.29.132.124 - - [25/Apr/2025:21:39:57 -0400] "POST /wp-admin/admin-ajax.php?action=async_litespeed&nonce=REbLogL5rzYOKUQkgJXuKczrpcUNZyRh&litespeed_type=imgoptm HTTP/1.1" 200 0 "-" "WordPress/6.8; https://arsn.media"
69.171.231.7 - - [25/Apr/2025:21:46:21 -0400] "GET /robots.txt HTTP/1.1" 200 168 "-" "facebookexternalhit/1.1 (+http://www.facebook.com/externalhit_uatext.php)"
66.29.132.124 - - [25/Apr/2025:21:46:32 -0400] "POST /wp-cron.php?doing_wp_cron=1745631992.4425270557403564453125 HTTP/1.1" 200 0 "-" "WordPress/6.8; https://arsn.media"
57.141.4.20 - - [25/Apr/2025:21:46:21 -0400] "GET /sitemap_index.xml HTTP/1.1" 200 511 "-" "meta-externalagent/1.1 (+https://developers.facebook.com/docs/sharing/webmasters/crawler)"
66.29.132.124 - - [25/Apr/2025:21:46:33 -0400] "POST /wp-admin/admin-ajax.php?action=async_litespeed&nonce=htvkFlxKufgKcGmfyWpDT89eY5R63jjt&litespeed_type=imgoptm HTTP/1.1" 200 0 "-" "WordPress/6.8; https://arsn.media"
68.65.123.34 - - [25/Apr/2025:21:51:33 -0400] "POST /xmlrpc.php HTTP/1.1" 200 0 "https://arsn.media" "Mozilla/5.0 (Windows NT 10.0; Win64; x64) AppleWebKit/537.36 (KHTML, like Gecko) Chrome/116.0.5845.96 Safari/537.36 Edg/116.0.1938.62"
66.29.132.124 - - [25/Apr/2025:21:51:42 -0400] "POST /wp-cron.php?doing_wp_cron=1745632302.9347999095916748046875 HTTP/1.1" 200 0 "-" "WordPress/6.8; https://arsn.media"
66.29.132.124 - - [25/Apr/2025:21:51:43 -0400] "POST /wp-admin/admin-ajax.php?action=async_litespeed&nonce=6FYU9GY2u6vCPqO2wJ2NxG9Tz9EjpTtX&litespeed_type=imgoptm HTTP/1.1" 200 0 "-" "WordPress/6.8; https://arsn.media"
66.29.132.124 - - [25/Apr/2025:22:03:21 -0400] "POST /wp-cron.php?doing_wp_cron=1745633001.2592780590057373046875 HTTP/1.1" 200 0 "-" "WordPress/6.8; https://arsn.media"
66.29.132.124 - - [25/Apr/2025:22:03:23 -0400] "POST /wp-admin/admin-ajax.php?action=async_litespeed&nonce=8WQYasYzkgjAe7TcLHyiu4EYRa7Kzdm5&litespeed_type=imgoptm HTTP/1.1" 200 0 "-" "WordPress/6.8; https://arsn.media"
66.249.74.4 - - [25/Apr/2025:22:03:09 -0400] "GET /mlp/battlefield-3-skip-mission-cheat.html HTTP/1.1" 404 39329 "-" "Mozilla/5.0 (Linux; Android 6.0.1; Nexus 5X Build/MMB29P) AppleWebKit/537.36 (KHTML, like Gecko) Chrome/135.0.7049.95 Mobile Safari/537.36 (compatible; GoogleOther)"
66.29.132.124 - - [25/Apr/2025:22:06:34 -0400] "POST /wp-cron.php?doing_wp_cron=1745633194.2566111087799072265625 HTTP/1.1" 200 0 "-" "WordPress/6.8; https://arsn.media"
66.29.132.124 - - [25/Apr/2025:22:06:34 -0400] "POST /wp-admin/admin-ajax.php?action=async_litespeed&nonce=2lalvdyZ4v5lFhKaRvZpq1Flgf3Ehs77&litespeed_type=imgoptm HTTP/1.1" 200 0 "-" "WordPress/6.8; https://arsn.media"
57.141.4.28 - - [25/Apr/2025:22:06:30 -0400] "GET /sitemap HTTP/1.1" 404 565067 "-" "meta-externalagent/1.1 (+https://developers.facebook.com/docs/sharing/webmasters/crawler)"
66.29.132.124 - - [25/Apr/2025:22:06:35 -0400] "POST /wp-admin/admin-ajax.php?action=as_async_request_queue_runner&nonce=874121055a HTTP/1.1" 200 0 "-" "WordPress/6.8; https://arsn.media"
66.29.132.124 - - [25/Apr/2025:22:09:31 -0400] "POST /wp-cron.php?doing_wp_cron=1745633370.5467131137847900390625 HTTP/1.1" 200 0 "-" "WordPress/6.8; https://arsn.media"
198.54.126.98 - - [25/Apr/2025:22:09:24 -0400] "POST /xmlrpc.php HTTP/1.1" 200 186 "https://arsn.media" "Mozilla/5.0 (Macintosh; Intel Mac OS X 10_15_7) AppleWebKit/537.36 (KHTML, like Gecko) Chrome/113.0.5672.93 Safari/537.36"
66.29.132.124 - - [25/Apr/2025:22:09:37 -0400] "POST /wp-admin/admin-ajax.php?action=async_litespeed&nonce=q0vxeKIdiOIWoJceuarszVkcEKpdYATs&litespeed_type=imgoptm HTTP/1.1" 200 0 "-" "WordPress/6.8; https://arsn.media"
66.29.132.124 - - [25/Apr/2025:22:21:21 -0400] "POST /wp-cron.php?doing_wp_cron=1745634081.9053769111633300781250 HTTP/1.1" 200 0 "-" "WordPress/6.8; https://arsn.media"
66.29.132.124 - - [25/Apr/2025:22:21:24 -0400] "POST /wp-admin/admin-ajax.php?action=async_litespeed&nonce=p7im8OF6pe0irYhrDZdahsoMfMyJeJDS&litespeed_type=imgoptm HTTP/1.1" 200 0 "-" "WordPress/6.8; https://arsn.media"
52.167.144.207 - - [25/Apr/2025:22:21:06 -0400] "GET /mlp/overhead-storage-netting.html HTTP/1.1" 404 39553 "-" "Mozilla/5.0 AppleWebKit/537.36 (KHTML, like Gecko; compatible; bingbot/2.0; +http://www.bing.com/bingbot.htm) Chrome/116.0.1938.76 Safari/537.36"
63.250.38.151 - - [25/Apr/2025:22:21:25 -0400] "POST /xmlrpc.php HTTP/1.1" 200 212 "https://arsn.media" "Mozilla/5.0 (Windows NT 11.0; Win64; x64) AppleWebKit/537.36 (KHTML, like Gecko) Chrome/126.0.0.0 Safari/537.36 Edg/126.0.0.0"
66.29.132.124 - - [25/Apr/2025:22:22:28 -0400] "POST /wp-cron.php?doing_wp_cron=1745634147.8748540878295898437500 HTTP/1.1" 200 0 "-" "WordPress/6.8; https://arsn.media"
52.167.144.193 - - [25/Apr/2025:22:22:27 -0400] "GET /mlp/fiat-dualogic-repair.html HTTP/1.1" 404 39362 "-" "Mozilla/5.0 AppleWebKit/537.36 (KHTML, like Gecko; compatible; bingbot/2.0; +http://www.bing.com/bingbot.htm) Chrome/116.0.1938.76 Safari/537.36"
66.29.132.124 - - [25/Apr/2025:22:22:28 -0400] "POST /wp-admin/admin-ajax.php?action=async_litespeed&nonce=uWrVG69S3WsBD6yXgeIKXOsnXlCI9cub&litespeed_type=imgoptm HTTP/1.1" 200 0 "-" "WordPress/6.8; https://arsn.media"
66.29.132.124 - - [25/Apr/2025:22:22:29 -0400] "POST /wp-admin/admin-ajax.php?action=as_async_request_queue_runner&nonce=874121055a HTTP/1.1" 200 0 "-" "WordPress/6.8; https://arsn.media"
188.19.32.166 - - [25/Apr/2025:22:22:35 -0400] "GET /2024/10/04/how-to-start-a-pest-control-business-navigating-regulations/ HTTP/1.1" 200 51286 "https://yandex.ru/" "Mozilla/5.0 (Windows NT 10.0; Win64; x64) AppleWebKit/537.36 (KHTML, like Gecko) Chrome/114.0.5735.196 Safari/537.36"
188.19.32.166 - - [25/Apr/2025:22:22:36 -0400] "GET /wp-content/plugins/primary-addon-for-elementor/assets/css/niche-frame.css?ver=1.2 HTTP/1.1" 200 1009 "https://arsn.media/2024/10/04/how-to-start-a-pest-control-business-navigating-regulations/" "Mozilla/5.0 (Windows NT 10.0; Win64; x64) AppleWebKit/537.36 (KHTML, like Gecko) Chrome/114.0.5735.196 Safari/537.36"
188.19.32.166 - - [25/Apr/2025:22:22:36 -0400] "GET /wp-content/plugins/contact-form-7/includes/css/styles.css?ver=6.0.6 HTTP/1.1" 200 890 "https://arsn.media/2024/10/04/how-to-start-a-pest-control-business-navigating-regulations/" "Mozilla/5.0 (Windows NT 10.0; Win64; x64) AppleWebKit/537.36 (KHTML, like Gecko) Chrome/114.0.5735.196 Safari/537.36"
188.19.32.166 - - [25/Apr/2025:22:22:36 -0400] "GET /wp-content/plugins/primary-addon-for-elementor/assets/css/animate.min.css?ver=3.7.2 HTTP/1.1" 200 4011 "https://arsn.media/2024/10/04/how-to-start-a-pest-control-business-navigating-regulations/" "Mozilla/5.0 (Windows NT 10.0; Win64; x64) AppleWebKit/537.36 (KHTML, like Gecko) Chrome/114.0.5735.196 Safari/537.36"
188.19.32.166 - - [25/Apr/2025:22:22:36 -0400] "GET /wp-content/plugins/primary-addon-for-elementor/assets/css/themify-icons.min.css?ver=1.0.0 HTTP/1.1" 200 2620 "https://arsn.media/2024/10/04/how-to-start-a-pest-control-business-navigating-regulations/" "Mozilla/5.0 (Windows NT 10.0; Win64; x64) AppleWebKit/537.36 (KHTML, like Gecko) Chrome/114.0.5735.196 Safari/537.36"
188.19.32.166 - - [25/Apr/2025:22:22:36 -0400] "GET /wp-content/plugins/primary-addon-for-elementor/assets/css/icofont.min.css?ver=1.0.1 HTTP/1.1" 200 1600 "https://arsn.media/2024/10/04/how-to-start-a-pest-control-business-navigating-regulations/" "Mozilla/5.0 (Windows NT 10.0; Win64; x64) AppleWebKit/537.36 (KHTML, like Gecko) Chrome/114.0.5735.196 Safari/537.36"
188.19.32.166 - - [25/Apr/2025:22:22:36 -0400] "GET /wp-content/plugins/primary-addon-for-elementor/assets/css/flickity.min.css?ver=2.2.1 HTTP/1.1" 200 553 "https://arsn.media/2024/10/04/how-to-start-a-pest-control-business-navigating-regulations/" "Mozilla/5.0 (Windows NT 10.0; Win64; x64) AppleWebKit/537.36 (KHTML, like Gecko) Chrome/114.0.5735.196 Safari/537.36"
188.19.32.166 - - [25/Apr/2025:22:22:36 -0400] "GET /wp-content/plugins/primary-addon-for-elementor/assets/css/owl.carousel.min.css?ver=2.3.4 HTTP/1.1" 200 915 "https://arsn.media/2024/10/04/how-to-start-a-pest-control-business-navigating-regulations/" "Mozilla/5.0 (Windows NT 10.0; Win64; x64) AppleWebKit/537.36 (KHTML, like Gecko) Chrome/114.0.5735.196 Safari/537.36"
188.19.32.166 - - [25/Apr/2025:22:22:36 -0400] "GET /wp-content/plugins/primary-addon-for-elementor/assets/css/magnific-popup.min.css?ver=1.0 HTTP/1.1" 200 1432 "https://arsn.media/2024/10/04/how-to-start-a-pest-control-business-navigating-regulations/" "Mozilla/5.0 (Windows NT 10.0; Win64; x64) AppleWebKit/537.36 (KHTML, like Gecko) Chrome/114.0.5735.196 Safari/537.36"
188.19.32.166 - - [25/Apr/2025:22:22:36 -0400] "GET /wp-content/plugins/primary-addon-for-elementor/assets/css/juxtapose.css?ver=1.2.1 HTTP/1.1" 200 1256 "https://arsn.media/2024/10/04/how-to-start-a-pest-control-business-navigating-regulations/" "Mozilla/5.0 (Windows NT 10.0; Win64; x64) AppleWebKit/537.36 (KHTML, like Gecko) Chrome/114.0.5735.196 Safari/537.36"
188.19.32.166 - - [25/Apr/2025:22:22:36 -0400] "GET /wp-content/plugins/primary-addon-for-elementor/assets/css/responsive.css?ver=1.2 HTTP/1.1" 200 1433 "https://arsn.media/2024/10/04/how-to-start-a-pest-control-business-navigating-regulations/" "Mozilla/5.0 (Windows NT 10.0; Win64; x64) AppleWebKit/537.36 (KHTML, like Gecko) Chrome/114.0.5735.196 Safari/537.36"
188.19.32.166 - - [25/Apr/2025:22:22:36 -0400] "GET /wp-includes/css/dist/block-library/style.min.css?ver=6.8 HTTP/1.1" 200 14358 "https://arsn.media/2024/10/04/how-to-start-a-pest-control-business-navigating-regulations/" "Mozilla/5.0 (Windows NT 10.0; Win64; x64) AppleWebKit/537.36 (KHTML, like Gecko) Chrome/114.0.5735.196 Safari/537.36"
188.19.32.166 - - [25/Apr/2025:22:22:36 -0400] "GET /wp-content/plugins/primary-addon-for-elementor/assets/css/linea.min.css?ver=1.0.0 HTTP/1.1" 200 5115 "https://arsn.media/2024/10/04/how-to-start-a-pest-control-business-navigating-regulations/" "Mozilla/5.0 (Windows NT 10.0; Win64; x64) AppleWebKit/537.36 (KHTML, like Gecko) Chrome/114.0.5735.196 Safari/537.36"
188.19.32.166 - - [25/Apr/2025:22:22:36 -0400] "GET /wp-content/plugins/primary-addon-for-elementor/assets/css/hover-min.css?ver=2.3.2 HTTP/1.1" 200 6307 "https://arsn.media/2024/10/04/how-to-start-a-pest-control-business-navigating-regulations/" "Mozilla/5.0 (Windows NT 10.0; Win64; x64) AppleWebKit/537.36 (KHTML, like Gecko) Chrome/114.0.5735.196 Safari/537.36"
188.19.32.166 - - [25/Apr/2025:22:22:36 -0400] "GET /wp-content/plugins/elementor/assets/lib/font-awesome/css/font-awesome.min.css?ver=4.7.0 HTTP/1.1" 200 6657 "https://arsn.media/2024/10/04/how-to-start-a-pest-control-business-navigating-regulations/" "Mozilla/5.0 (Windows NT 10.0; Win64; x64) AppleWebKit/537.36 (KHTML, like Gecko) Chrome/114.0.5735.196 Safari/537.36"
188.19.32.166 - - [25/Apr/2025:22:22:36 -0400] "GET /wp-content/plugins/primary-addon-for-elementor/assets/css/styles.css?ver=1.2 HTTP/1.1" 200 13347 "https://arsn.media/2024/10/04/how-to-start-a-pest-control-business-navigating-regulations/" "Mozilla/5.0 (Windows NT 10.0; Win64; x64) AppleWebKit/537.36 (KHTML, like Gecko) Chrome/114.0.5735.196 Safari/537.36"
188.19.32.166 - - [25/Apr/2025:22:22:36 -0400] "GET /wp-content/plugins/slider-video/Style/Rich-Web-Video-Slider-Widget.css?ver=6.8 HTTP/1.1" 200 417 "https://arsn.media/2024/10/04/how-to-start-a-pest-control-business-navigating-regulations/" "Mozilla/5.0 (Windows NT 10.0; Win64; x64) AppleWebKit/537.36 (KHTML, like Gecko) Chrome/114.0.5735.196 Safari/537.36"
188.19.32.166 - - [25/Apr/2025:22:22:36 -0400] "GET /wp-content/plugins/widget-google-reviews/assets/css/public-main.css?ver=5.7.1 HTTP/1.1" 200 3520 "https://arsn.media/2024/10/04/how-to-start-a-pest-control-business-navigating-regulations/" "Mozilla/5.0 (Windows NT 10.0; Win64; x64) AppleWebKit/537.36 (KHTML, like Gecko) Chrome/114.0.5735.196 Safari/537.36"
188.19.32.166 - - [25/Apr/2025:22:22:36 -0400] "GET /wp-content/themes/onum/css/bootstrap.css?ver=3.3.7 HTTP/1.1" 200 2342 "https://arsn.media/2024/10/04/how-to-start-a-pest-control-business-navigating-regulations/" "Mozilla/5.0 (Windows NT 10.0; Win64; x64) AppleWebKit/537.36 (KHTML, like Gecko) Chrome/114.0.5735.196 Safari/537.36"
188.19.32.166 - - [25/Apr/2025:22:22:36 -0400] "GET /wp-content/themes/onum/css/flaticon.css?ver=6.8 HTTP/1.1" 200 1042 "https://arsn.media/2024/10/04/how-to-start-a-pest-control-business-navigating-regulations/" "Mozilla/5.0 (Windows NT 10.0; Win64; x64) AppleWebKit/537.36 (KHTML, like Gecko) Chrome/114.0.5735.196 Safari/537.36"
188.19.32.166 - - [25/Apr/2025:22:22:36 -0400] "GET /wp-content/themes/onum/css/slick.css?ver=6.8 HTTP/1.1" 200 487 "https://arsn.media/2024/10/04/how-to-start-a-pest-control-business-navigating-regulations/" "Mozilla/5.0 (Windows NT 10.0; Win64; x64) AppleWebKit/537.36 (KHTML, like Gecko) Chrome/114.0.5735.196 Safari/537.36"
188.19.32.166 - - [25/Apr/2025:22:22:36 -0400] "GET /wp-content/themes/onum/css/slick-theme.css?ver=6.8 HTTP/1.1" 200 592 "https://arsn.media/2024/10/04/how-to-start-a-pest-control-business-navigating-regulations/" "Mozilla/5.0 (Windows NT 10.0; Win64; x64) AppleWebKit/537.36 (KHTML, like Gecko) Chrome/114.0.5735.196 Safari/537.36"
188.19.32.166 - - [25/Apr/2025:22:22:36 -0400] "GET /wp-content/themes/onum/inc/backend/css/simple-likes-public.css?ver=6.8 HTTP/1.1" 200 653 "https://arsn.media/2024/10/04/how-to-start-a-pest-control-business-navigating-regulations/" "Mozilla/5.0 (Windows NT 10.0; Win64; x64) AppleWebKit/537.36 (KHTML, like Gecko) Chrome/114.0.5735.196 Safari/537.36"
188.19.32.166 - - [25/Apr/2025:22:22:36 -0400] "GET /wp-content/plugins/elementor/assets/lib/eicons/css/elementor-icons.min.css?ver=5.36.0 HTTP/1.1" 200 3845 "https://arsn.media/2024/10/04/how-to-start-a-pest-control-business-navigating-regulations/" "Mozilla/5.0 (Windows NT 10.0; Win64; x64) AppleWebKit/537.36 (KHTML, like Gecko) Chrome/114.0.5735.196 Safari/537.36"
188.19.32.166 - - [25/Apr/2025:22:22:36 -0400] "GET /wp-content/plugins/elementor/assets/css/widget-text-editor.min.css?ver=3.28.4 HTTP/1.1" 200 208 "https://arsn.media/2024/10/04/how-to-start-a-pest-control-business-navigating-regulations/" "Mozilla/5.0 (Windows NT 10.0; Win64; x64) AppleWebKit/537.36 (KHTML, like Gecko) Chrome/114.0.5735.196 Safari/537.36"
188.19.32.166 - - [25/Apr/2025:22:22:36 -0400] "GET /wp-content/plugins/elementskit-lite/widgets/init/assets/css/responsive.css?ver=3.5.0 HTTP/1.1" 200 2859 "https://arsn.media/2024/10/04/how-to-start-a-pest-control-business-navigating-regulations/" "Mozilla/5.0 (Windows NT 10.0; Win64; x64) AppleWebKit/537.36 (KHTML, like Gecko) Chrome/114.0.5735.196 Safari/537.36"
188.19.32.166 - - [25/Apr/2025:22:22:36 -0400] "GET /wp-content/uploads/elementor/google-fonts/css/dmsans.css?ver=1742288945 HTTP/1.1" 200 496 "https://arsn.media/2024/10/04/how-to-start-a-pest-control-business-navigating-regulations/" "Mozilla/5.0 (Windows NT 10.0; Win64; x64) AppleWebKit/537.36 (KHTML, like Gecko) Chrome/114.0.5735.196 Safari/537.36"
188.19.32.166 - - [25/Apr/2025:22:22:36 -0400] "GET /wp-content/uploads/elementor/google-fonts/css/manrope.css?ver=1742288903 HTTP/1.1" 200 634 "https://arsn.media/2024/10/04/how-to-start-a-pest-control-business-navigating-regulations/" "Mozilla/5.0 (Windows NT 10.0; Win64; x64) AppleWebKit/537.36 (KHTML, like Gecko) Chrome/114.0.5735.196 Safari/537.36"
188.19.32.166 - - [25/Apr/2025:22:22:36 -0400] "GET /wp-content/uploads/elementor/google-fonts/css/intertight.css?ver=1742288921 HTTP/1.1" 200 894 "https://arsn.media/2024/10/04/how-to-start-a-pest-control-business-navigating-regulations/" "Mozilla/5.0 (Windows NT 10.0; Win64; x64) AppleWebKit/537.36 (KHTML, like Gecko) Chrome/114.0.5735.196 Safari/537.36"
188.19.32.166 - - [25/Apr/2025:22:22:36 -0400] "GET /wp-content/uploads/elementor/google-fonts/css/nunitosans.css?ver=1742288935 HTTP/1.1" 200 832 "https://arsn.media/2024/10/04/how-to-start-a-pest-control-business-navigating-regulations/" "Mozilla/5.0 (Windows NT 10.0; Win64; x64) AppleWebKit/537.36 (KHTML, like Gecko) Chrome/114.0.5735.196 Safari/537.36"
188.19.32.166 - - [25/Apr/2025:22:22:36 -0400] "GET /wp-content/plugins/slider-video/Scripts/Rich-Web-Video-Slider-Widget.js?ver=6.8 HTTP/1.1" 200 281 "https://arsn.media/2024/10/04/how-to-start-a-pest-control-business-navigating-regulations/" "Mozilla/5.0 (Windows NT 10.0; Win64; x64) AppleWebKit/537.36 (KHTML, like Gecko) Chrome/114.0.5735.196 Safari/537.36"
188.19.32.166 - - [25/Apr/2025:22:22:36 -0400] "GET /wp-content/plugins/slider-video/Style/richwebicons.css?ver=6.8 HTTP/1.1" 200 6462 "https://arsn.media/2024/10/04/how-to-start-a-pest-control-business-navigating-regulations/" "Mozilla/5.0 (Windows NT 10.0; Win64; x64) AppleWebKit/537.36 (KHTML, like Gecko) Chrome/114.0.5735.196 Safari/537.36"
188.19.32.166 - - [25/Apr/2025:22:22:36 -0400] "GET /wp-content/themes/onum/css/font-awesome.css?ver=6.8 HTTP/1.1" 200 12196 "https://arsn.media/2024/10/04/how-to-start-a-pest-control-business-navigating-regulations/" "Mozilla/5.0 (Windows NT 10.0; Win64; x64) AppleWebKit/537.36 (KHTML, like Gecko) Chrome/114.0.5735.196 Safari/537.36"
188.19.32.166 - - [25/Apr/2025:22:22:36 -0400] "GET /wp-content/themes/onum/style.css?ver=6.8 HTTP/1.1" 200 27645 "https://arsn.media/2024/10/04/how-to-start-a-pest-control-business-navigating-regulations/" "Mozilla/5.0 (Windows NT 10.0; Win64; x64) AppleWebKit/537.36 (KHTML, like Gecko) Chrome/114.0.5735.196 Safari/537.36"
188.19.32.166 - - [25/Apr/2025:22:22:36 -0400] "GET /wp-content/uploads/elementor/css/custom-frontend.min.css?ver=1725365066 HTTP/1.1" 200 28098 "https://arsn.media/2024/10/04/how-to-start-a-pest-control-business-navigating-regulations/" "Mozilla/5.0 (Windows NT 10.0; Win64; x64) AppleWebKit/537.36 (KHTML, like Gecko) Chrome/114.0.5735.196 Safari/537.36"
188.19.32.166 - - [25/Apr/2025:22:22:36 -0400] "GET /wp-content/uploads/elementor/css/custom-pro-frontend.min.css?ver=1725365066 HTTP/1.1" 200 43386 "https://arsn.media/2024/10/04/how-to-start-a-pest-control-business-navigating-regulations/" "Mozilla/5.0 (Windows NT 10.0; Win64; x64) AppleWebKit/537.36 (KHTML, like Gecko) Chrome/114.0.5735.196 Safari/537.36"
188.19.32.166 - - [25/Apr/2025:22:22:36 -0400] "GET /wp-content/plugins/elementskit-lite/widgets/init/assets/css/widget-styles.css?ver=3.5.0 HTTP/1.1" 200 48223 "https://arsn.media/2024/10/04/how-to-start-a-pest-control-business-navigating-regulations/" "Mozilla/5.0 (Windows NT 10.0; Win64; x64) AppleWebKit/537.36 (KHTML, like Gecko) Chrome/114.0.5735.196 Safari/537.36"
188.19.32.166 - - [25/Apr/2025:22:22:36 -0400] "GET /wp-includes/js/jquery/jquery-migrate.min.js?ver=3.4.1 HTTP/1.1" 200 4678 "https://arsn.media/2024/10/04/how-to-start-a-pest-control-business-navigating-regulations/" "Mozilla/5.0 (Windows NT 10.0; Win64; x64) AppleWebKit/537.36 (KHTML, like Gecko) Chrome/114.0.5735.196 Safari/537.36"
188.19.32.166 - - [25/Apr/2025:22:22:36 -0400] "GET /wp-includes/js/jquery/jquery.min.js?ver=3.7.1 HTTP/1.1" 200 29744 "https://arsn.media/2024/10/04/how-to-start-a-pest-control-business-navigating-regulations/" "Mozilla/5.0 (Windows NT 10.0; Win64; x64) AppleWebKit/537.36 (KHTML, like Gecko) Chrome/114.0.5735.196 Safari/537.36"
188.19.32.166 - - [25/Apr/2025:22:22:36 -0400] "GET /wp-includes/js/jquery/ui/core.min.js?ver=1.13.3 HTTP/1.1" 200 6812 "https://arsn.media/2024/10/04/how-to-start-a-pest-control-business-navigating-regulations/" "Mozilla/5.0 (Windows NT 10.0; Win64; x64) AppleWebKit/537.36 (KHTML, like Gecko) Chrome/114.0.5735.196 Safari/537.36"
188.19.32.166 - - [25/Apr/2025:22:22:37 -0400] "GET /wp-content/themes/onum/inc/backend/js/simple-likes-public.js?ver=0.5 HTTP/1.1" 200 491 "https://arsn.media/2024/10/04/how-to-start-a-pest-control-business-navigating-regulations/" "Mozilla/5.0 (Windows NT 10.0; Win64; x64) AppleWebKit/537.36 (KHTML, like Gecko) Chrome/114.0.5735.196 Safari/537.36"
188.19.32.166 - - [25/Apr/2025:22:22:37 -0400] "GET /wp-content/uploads/2020/09/arsn-logo.png HTTP/1.1" 200 24236 "https://arsn.media/2024/10/04/how-to-start-a-pest-control-business-navigating-regulations/" "Mozilla/5.0 (Windows NT 10.0; Win64; x64) AppleWebKit/537.36 (KHTML, like Gecko) Chrome/114.0.5735.196 Safari/537.36"
188.19.32.166 - - [25/Apr/2025:22:22:37 -0400] "GET /wp-content/uploads/2024/09/2148666346-1.jpg HTTP/1.1" 200 57470 "https://arsn.media/2024/10/04/how-to-start-a-pest-control-business-navigating-regulations/" "Mozilla/5.0 (Windows NT 10.0; Win64; x64) AppleWebKit/537.36 (KHTML, like Gecko) Chrome/114.0.5735.196 Safari/537.36"
188.19.32.166 - - [25/Apr/2025:22:22:37 -0400] "GET /wp-content/uploads/2020/09/ARSN-Final-Logos-2048x942.jpg HTTP/1.1" 200 185616 "https://arsn.media/2024/10/04/how-to-start-a-pest-control-business-navigating-regulations/" "Mozilla/5.0 (Windows NT 10.0; Win64; x64) AppleWebKit/537.36 (KHTML, like Gecko) Chrome/114.0.5735.196 Safari/537.36"
66.29.132.124 - - [25/Apr/2025:22:22:37 -0400] "POST /wp-cron.php?doing_wp_cron=1745634157.4246940612792968750000 HTTP/1.1" 200 0 "-" "WordPress/6.8; https://arsn.media"
188.19.32.166 - - [25/Apr/2025:22:22:38 -0400] "GET /wp-content/plugins/brave-popup-builder/assets/images/preloader.png HTTP/1.1" 200 119 "https://arsn.media/2024/10/04/how-to-start-a-pest-control-business-navigating-regulations/" "Mozilla/5.0 (Windows NT 10.0; Win64; x64) AppleWebKit/537.36 (KHTML, like Gecko) Chrome/114.0.5735.196 Safari/537.36"
188.19.32.166 - - [25/Apr/2025:22:22:38 -0400] "GET /wp-content/uploads/elementor/css/post-3837.css?ver=1725365059 HTTP/1.1" 200 678 "https://arsn.media/2024/10/04/how-to-start-a-pest-control-business-navigating-regulations/" "Mozilla/5.0 (Windows NT 10.0; Win64; x64) AppleWebKit/537.36 (KHTML, like Gecko) Chrome/114.0.5735.196 Safari/537.36"
188.19.32.166 - - [25/Apr/2025:22:22:38 -0400] "GET /wp-content/uploads/elementor/css/custom-widget-icon-list.min.css?ver=1725365059 HTTP/1.1" 200 846 "https://arsn.media/2024/10/04/how-to-start-a-pest-control-business-navigating-regulations/" "Mozilla/5.0 (Windows NT 10.0; Win64; x64) AppleWebKit/537.36 (KHTML, like Gecko) Chrome/114.0.5735.196 Safari/537.36"
188.19.32.166 - - [25/Apr/2025:22:22:38 -0400] "GET /wp-content/uploads/elementor/css/post-3058.css?ver=1725365059 HTTP/1.1" 200 433 "https://arsn.media/2024/10/04/how-to-start-a-pest-control-business-navigating-regulations/" "Mozilla/5.0 (Windows NT 10.0; Win64; x64) AppleWebKit/537.36 (KHTML, like Gecko) Chrome/114.0.5735.196 Safari/537.36"
188.19.32.166 - - [25/Apr/2025:22:22:36 -0400] "GET /wp-content/uploads/elementor/css/post-11332.css?ver=1725365060 HTTP/1.1" 404 24602 "https://arsn.media/2024/10/04/how-to-start-a-pest-control-business-navigating-regulations/" "Mozilla/5.0 (Windows NT 10.0; Win64; x64) AppleWebKit/537.36 (KHTML, like Gecko) Chrome/114.0.5735.196 Safari/537.36"
188.19.32.166 - - [25/Apr/2025:22:22:38 -0400] "GET /wp-content/uploads/elementor/css/post-1108.css?ver=1730285452 HTTP/1.1" 200 1015 "https://arsn.media/2024/10/04/how-to-start-a-pest-control-business-navigating-regulations/" "Mozilla/5.0 (Windows NT 10.0; Win64; x64) AppleWebKit/537.36 (KHTML, like Gecko) Chrome/114.0.5735.196 Safari/537.36"
188.19.32.166 - - [25/Apr/2025:22:22:36 -0400] "GET /wp-content/themes/onum/css/design-test.css?ver=6.8 HTTP/1.1" 404 24842 "https://arsn.media/2024/10/04/how-to-start-a-pest-control-business-navigating-regulations/" "Mozilla/5.0 (Windows NT 10.0; Win64; x64) AppleWebKit/537.36 (KHTML, like Gecko) Chrome/114.0.5735.196 Safari/537.36"
188.19.32.166 - - [25/Apr/2025:22:22:39 -0400] "GET /wp-content/plugins/elementor/assets/css/widget-social-icons.min.css?ver=3.28.4 HTTP/1.1" 200 1069 "https://arsn.media/2024/10/04/how-to-start-a-pest-control-business-navigating-regulations/" "Mozilla/5.0 (Windows NT 10.0; Win64; x64) AppleWebKit/537.36 (KHTML, like Gecko) Chrome/114.0.5735.196 Safari/537.36"
188.19.32.166 - - [25/Apr/2025:22:22:39 -0400] "GET /wp-content/uploads/elementor/css/custom-apple-webkit.min.css?ver=1728007827 HTTP/1.1" 200 470 "https://arsn.media/2024/10/04/how-to-start-a-pest-control-business-navigating-regulations/" "Mozilla/5.0 (Windows NT 10.0; Win64; x64) AppleWebKit/537.36 (KHTML, like Gecko) Chrome/114.0.5735.196 Safari/537.36"
188.19.32.166 - - [25/Apr/2025:22:22:39 -0400] "GET /wp-content/plugins/brave-popup-builder/assets/css/frontend.min.css?ver=6.8 HTTP/1.1" 200 7994 "https://arsn.media/2024/10/04/how-to-start-a-pest-control-business-navigating-regulations/" "Mozilla/5.0 (Windows NT 10.0; Win64; x64) AppleWebKit/537.36 (KHTML, like Gecko) Chrome/114.0.5735.196 Safari/537.36"
188.19.32.166 - - [25/Apr/2025:22:22:39 -0400] "GET /wp-content/plugins/elementskit-lite/modules/elementskit-icon-pack/assets/css/ekiticons.css?ver=3.5.0 HTTP/1.1" 200 11776 "https://arsn.media/2024/10/04/how-to-start-a-pest-control-business-navigating-regulations/" "Mozilla/5.0 (Windows NT 10.0; Win64; x64) AppleWebKit/537.36 (KHTML, like Gecko) Chrome/114.0.5735.196 Safari/537.36"
188.19.32.166 - - [25/Apr/2025:22:22:39 -0400] "GET /wp-content/uploads/elementor/google-fonts/css/redhatdisplay.css?ver=1742288950 HTTP/1.1" 200 464 "https://arsn.media/2024/10/04/how-to-start-a-pest-control-business-navigating-regulations/" "Mozilla/5.0 (Windows NT 10.0; Win64; x64) AppleWebKit/537.36 (KHTML, like Gecko) Chrome/114.0.5735.196 Safari/537.36"
66.29.132.124 - - [25/Apr/2025:22:22:39 -0400] "POST /wp-admin/admin-ajax.php?action=async_litespeed&nonce=dHZ5gl3iktnvEhVy1YJCEDhGPtrhUIH5&litespeed_type=imgoptm HTTP/1.1" 200 0 "-" "WordPress/6.8; https://arsn.media"
188.19.32.166 - - [25/Apr/2025:22:22:39 -0400] "GET /wp-content/plugins/elementor/assets/lib/font-awesome/css/solid.min.css?ver=5.15.3 HTTP/1.1" 200 286 "https://arsn.media/2024/10/04/how-to-start-a-pest-control-business-navigating-regulations/" "Mozilla/5.0 (Windows NT 10.0; Win64; x64) AppleWebKit/537.36 (KHTML, like Gecko) Chrome/114.0.5735.196 Safari/537.36"
188.19.32.166 - - [25/Apr/2025:22:22:39 -0400] "GET /wp-content/plugins/elementor/assets/lib/font-awesome/css/brands.min.css?ver=5.15.3 HTTP/1.1" 200 284 "https://arsn.media/2024/10/04/how-to-start-a-pest-control-business-navigating-regulations/" "Mozilla/5.0 (Windows NT 10.0; Win64; x64) AppleWebKit/537.36 (KHTML, like Gecko) Chrome/114.0.5735.196 Safari/537.36"
188.19.32.166 - - [25/Apr/2025:22:22:39 -0400] "GET /wp-includes/js/dist/hooks.min.js?ver=4d63a3d491d11ffd8ac6 HTTP/1.1" 200 1571 "https://arsn.media/2024/10/04/how-to-start-a-pest-control-business-navigating-regulations/" "Mozilla/5.0 (Windows NT 10.0; Win64; x64) AppleWebKit/537.36 (KHTML, like Gecko) Chrome/114.0.5735.196 Safari/537.36"
188.19.32.166 - - [25/Apr/2025:22:22:39 -0400] "GET /wp-content/plugins/contact-form-7/includes/js/index.js?ver=6.0.6 HTTP/1.1" 200 4008 "https://arsn.media/2024/10/04/how-to-start-a-pest-control-business-navigating-regulations/" "Mozilla/5.0 (Windows NT 10.0; Win64; x64) AppleWebKit/537.36 (KHTML, like Gecko) Chrome/114.0.5735.196 Safari/537.36"
188.19.32.166 - - [25/Apr/2025:22:22:39 -0400] "GET /wp-content/plugins/primary-addon-for-elementor/assets/js/jquery.waypoints.js?ver=2.0.3 HTTP/1.1" 200 3505 "https://arsn.media/2024/10/04/how-to-start-a-pest-control-business-navigating-regulations/" "Mozilla/5.0 (Windows NT 10.0; Win64; x64) AppleWebKit/537.36 (KHTML, like Gecko) Chrome/114.0.5735.196 Safari/537.36"
188.19.32.166 - - [25/Apr/2025:22:22:39 -0400] "GET /wp-includes/js/imagesloaded.min.js?ver=5.0.0 HTTP/1.1" 200 1687 "https://arsn.media/2024/10/04/how-to-start-a-pest-control-business-navigating-regulations/" "Mozilla/5.0 (Windows NT 10.0; Win64; x64) AppleWebKit/537.36 (KHTML, like Gecko) Chrome/114.0.5735.196 Safari/537.36"
188.19.32.166 - - [25/Apr/2025:22:22:39 -0400] "GET /wp-content/plugins/primary-addon-for-elementor/assets/js/typed.min.js?ver=2.0.11 HTTP/1.1" 200 3320 "https://arsn.media/2024/10/04/how-to-start-a-pest-control-business-navigating-regulations/" "Mozilla/5.0 (Windows NT 10.0; Win64; x64) AppleWebKit/537.36 (KHTML, like Gecko) Chrome/114.0.5735.196 Safari/537.36"
188.19.32.166 - - [25/Apr/2025:22:22:39 -0400] "GET /wp-content/plugins/primary-addon-for-elementor/assets/js/jquery.counterup.min.js?ver=1.0 HTTP/1.1" 200 497 "https://arsn.media/2024/10/04/how-to-start-a-pest-control-business-navigating-regulations/" "Mozilla/5.0 (Windows NT 10.0; Win64; x64) AppleWebKit/537.36 (KHTML, like Gecko) Chrome/114.0.5735.196 Safari/537.36"
188.19.32.166 - - [25/Apr/2025:22:22:39 -0400] "GET /wp-content/plugins/primary-addon-for-elementor/assets/js/InstagramFeed.min.js?ver=1.3.8 HTTP/1.1" 200 1983 "https://arsn.media/2024/10/04/how-to-start-a-pest-control-business-navigating-regulations/" "Mozilla/5.0 (Windows NT 10.0; Win64; x64) AppleWebKit/537.36 (KHTML, like Gecko) Chrome/114.0.5735.196 Safari/537.36"
188.19.32.166 - - [25/Apr/2025:22:22:39 -0400] "GET /wp-content/plugins/primary-addon-for-elementor/assets/js/jquery.matchHeight.min.js?ver=0.7.2 HTTP/1.1" 200 1257 "https://arsn.media/2024/10/04/how-to-start-a-pest-control-business-navigating-regulations/" "Mozilla/5.0 (Windows NT 10.0; Win64; x64) AppleWebKit/537.36 (KHTML, like Gecko) Chrome/114.0.5735.196 Safari/537.36"
188.19.32.166 - - [25/Apr/2025:22:22:39 -0400] "GET /wp-content/plugins/contact-form-7/includes/swv/js/index.js?ver=6.0.6 HTTP/1.1" 200 3369 "https://arsn.media/2024/10/04/how-to-start-a-pest-control-business-navigating-regulations/" "Mozilla/5.0 (Windows NT 10.0; Win64; x64) AppleWebKit/537.36 (KHTML, like Gecko) Chrome/114.0.5735.196 Safari/537.36"
188.19.32.166 - - [25/Apr/2025:22:22:39 -0400] "GET /wp-includes/js/dist/i18n.min.js?ver=5e580eb46a90c2b997e6 HTTP/1.1" 200 3542 "https://arsn.media/2024/10/04/how-to-start-a-pest-control-business-navigating-regulations/" "Mozilla/5.0 (Windows NT 10.0; Win64; x64) AppleWebKit/537.36 (KHTML, like Gecko) Chrome/114.0.5735.196 Safari/537.36"
188.19.32.166 - - [25/Apr/2025:22:22:39 -0400] "GET /wp-content/plugins/elementor/assets/lib/font-awesome/css/fontawesome.min.css?ver=5.15.3 HTTP/1.1" 200 12164 "https://arsn.media/2024/10/04/how-to-start-a-pest-control-business-navigating-regulations/" "Mozilla/5.0 (Windows NT 10.0; Win64; x64) AppleWebKit/537.36 (KHTML, like Gecko) Chrome/114.0.5735.196 Safari/537.36"
188.19.32.166 - - [25/Apr/2025:22:22:39 -0400] "GET /wp-content/plugins/revslider/public/assets/css/rs6.css?ver=6.6.8 HTTP/1.1" 200 11947 "https://arsn.media/2024/10/04/how-to-start-a-pest-control-business-navigating-regulations/" "Mozilla/5.0 (Windows NT 10.0; Win64; x64) AppleWebKit/537.36 (KHTML, like Gecko) Chrome/114.0.5735.196 Safari/537.36"
188.19.32.166 - - [25/Apr/2025:22:22:39 -0400] "GET /wp-content/themes/onum/js/easypiechart.js?ver=20190829 HTTP/1.1" 200 1586 "https://arsn.media/2024/10/04/how-to-start-a-pest-control-business-navigating-regulations/" "Mozilla/5.0 (Windows NT 10.0; Win64; x64) AppleWebKit/537.36 (KHTML, like Gecko) Chrome/114.0.5735.196 Safari/537.36"
188.19.32.166 - - [25/Apr/2025:22:22:39 -0400] "GET /wp-content/themes/onum/js/header-mobile.js?ver=20190829 HTTP/1.1" 200 1246 "https://arsn.media/2024/10/04/how-to-start-a-pest-control-business-navigating-regulations/" "Mozilla/5.0 (Windows NT 10.0; Win64; x64) AppleWebKit/537.36 (KHTML, like Gecko) Chrome/114.0.5735.196 Safari/537.36"
188.19.32.166 - - [25/Apr/2025:22:22:39 -0400] "GET /wp-content/themes/onum/js/scripts.js?ver=20190829 HTTP/1.1" 200 2162 "https://arsn.media/2024/10/04/how-to-start-a-pest-control-business-navigating-regulations/" "Mozilla/5.0 (Windows NT 10.0; Win64; x64) AppleWebKit/537.36 (KHTML, like Gecko) Chrome/114.0.5735.196 Safari/537.36"
188.19.32.166 - - [25/Apr/2025:22:22:39 -0400] "GET /wp-content/themes/onum/js/jquery.countdown.min.js?ver=20190829 HTTP/1.1" 200 616 "https://arsn.media/2024/10/04/how-to-start-a-pest-control-business-navigating-regulations/" "Mozilla/5.0 (Windows NT 10.0; Win64; x64) AppleWebKit/537.36 (KHTML, like Gecko) Chrome/114.0.5735.196 Safari/537.36"
188.19.32.166 - - [25/Apr/2025:22:22:39 -0400] "GET /wp-content/plugins/elementskit-lite/libs/framework/assets/js/frontend-script.js?ver=3.5.0 HTTP/1.1" 200 40 "https://arsn.media/2024/10/04/how-to-start-a-pest-control-business-navigating-regulations/" "Mozilla/5.0 (Windows NT 10.0; Win64; x64) AppleWebKit/537.36 (KHTML, like Gecko) Chrome/114.0.5735.196 Safari/537.36"
188.19.32.166 - - [25/Apr/2025:22:22:39 -0400] "GET /wp-content/plugins/primary-addon-for-elementor/assets/js/scripts.js?ver=1.2 HTTP/1.1" 200 1876 "https://arsn.media/2024/10/04/how-to-start-a-pest-control-business-navigating-regulations/" "Mozilla/5.0 (Windows NT 10.0; Win64; x64) AppleWebKit/537.36 (KHTML, like Gecko) Chrome/114.0.5735.196 Safari/537.36"
188.19.32.166 - - [25/Apr/2025:22:22:39 -0400] "GET /wp-content/plugins/primary-addon-for-elementor/assets/js/jquery.magnific-popup.min.js?ver=1.1.0 HTTP/1.1" 200 7045 "https://arsn.media/2024/10/04/how-to-start-a-pest-control-business-navigating-regulations/" "Mozilla/5.0 (Windows NT 10.0; Win64; x64) AppleWebKit/537.36 (KHTML, like Gecko) Chrome/114.0.5735.196 Safari/537.36"
188.19.32.166 - - [25/Apr/2025:22:22:39 -0400] "GET /wp-content/plugins/primary-addon-for-elementor/assets/js/juxtapose.js?ver=1.2.1 HTTP/1.1" 200 5679 "https://arsn.media/2024/10/04/how-to-start-a-pest-control-business-navigating-regulations/" "Mozilla/5.0 (Windows NT 10.0; Win64; x64) AppleWebKit/537.36 (KHTML, like Gecko) Chrome/114.0.5735.196 Safari/537.36"
188.19.32.166 - - [25/Apr/2025:22:22:39 -0400] "GET /wp-content/plugins/primary-addon-for-elementor/assets/js/owl.carousel.min.js?ver=2.3.4 HTTP/1.1" 200 11140 "https://arsn.media/2024/10/04/how-to-start-a-pest-control-business-navigating-regulations/" "Mozilla/5.0 (Windows NT 10.0; Win64; x64) AppleWebKit/537.36 (KHTML, like Gecko) Chrome/114.0.5735.196 Safari/537.36"
188.19.32.166 - - [25/Apr/2025:22:22:39 -0400] "GET /wp-content/plugins/primary-addon-for-elementor/assets/js/isotope.min.js?ver=3.0.6 HTTP/1.1" 200 9601 "https://arsn.media/2024/10/04/how-to-start-a-pest-control-business-navigating-regulations/" "Mozilla/5.0 (Windows NT 10.0; Win64; x64) AppleWebKit/537.36 (KHTML, like Gecko) Chrome/114.0.5735.196 Safari/537.36"
188.19.32.166 - - [25/Apr/2025:22:22:39 -0400] "GET /wp-content/plugins/primary-addon-for-elementor/assets/js/flickity.pkgd.min.js?ver=2.2.1 HTTP/1.1" 200 13241 "https://arsn.media/2024/10/04/how-to-start-a-pest-control-business-navigating-regulations/" "Mozilla/5.0 (Windows NT 10.0; Win64; x64) AppleWebKit/537.36 (KHTML, like Gecko) Chrome/114.0.5735.196 Safari/537.36"
188.19.32.166 - - [25/Apr/2025:22:22:39 -0400] "GET /wp-content/plugins/primary-addon-for-elementor/assets/js/packery-mode.pkgd.min.js?ver=2.1.2 HTTP/1.1" 200 9510 "https://arsn.media/2024/10/04/how-to-start-a-pest-control-business-navigating-regulations/" "Mozilla/5.0 (Windows NT 10.0; Win64; x64) AppleWebKit/537.36 (KHTML, like Gecko) Chrome/114.0.5735.196 Safari/537.36"
188.19.32.166 - - [25/Apr/2025:22:22:39 -0400] "GET /wp-content/themes/onum/js/slick.min.js?ver=20190829 HTTP/1.1" 200 10097 "https://arsn.media/2024/10/04/how-to-start-a-pest-control-business-navigating-regulations/" "Mozilla/5.0 (Windows NT 10.0; Win64; x64) AppleWebKit/537.36 (KHTML, like Gecko) Chrome/114.0.5735.196 Safari/537.36"
188.19.32.166 - - [25/Apr/2025:22:22:39 -0400] "GET /wp-content/themes/onum/js/particles.min.js?ver=20190829 HTTP/1.1" 200 5735 "https://arsn.media/2024/10/04/how-to-start-a-pest-control-business-navigating-regulations/" "Mozilla/5.0 (Windows NT 10.0; Win64; x64) AppleWebKit/537.36 (KHTML, like Gecko) Chrome/114.0.5735.196 Safari/537.36"
188.19.32.166 - - [25/Apr/2025:22:22:39 -0400] "GET /wp-content/themes/onum/js/elementor.js?ver=20190829 HTTP/1.1" 200 4703 "https://arsn.media/2024/10/04/how-to-start-a-pest-control-business-navigating-regulations/" "Mozilla/5.0 (Windows NT 10.0; Win64; x64) AppleWebKit/537.36 (KHTML, like Gecko) Chrome/114.0.5735.196 Safari/537.36"
188.19.32.166 - - [25/Apr/2025:22:22:39 -0400] "GET /wp-content/plugins/elementskit-lite/widgets/init/assets/js/widget-scripts.js?ver=3.5.0 HTTP/1.1" 200 40425 "https://arsn.media/2024/10/04/how-to-start-a-pest-control-business-navigating-regulations/" "Mozilla/5.0 (Windows NT 10.0; Win64; x64) AppleWebKit/537.36 (KHTML, like Gecko) Chrome/114.0.5735.196 Safari/537.36"
188.19.32.166 - - [25/Apr/2025:22:22:40 -0400] "GET /wp-content/plugins/facebook-conversion-pixel/video.js?ver=6.8 HTTP/1.1" 200 2666 "https://arsn.media/2024/10/04/how-to-start-a-pest-control-business-navigating-regulations/" "Mozilla/5.0 (Windows NT 10.0; Win64; x64) AppleWebKit/537.36 (KHTML, like Gecko) Chrome/114.0.5735.196 Safari/537.36"
188.19.32.166 - - [25/Apr/2025:22:22:40 -0400] "GET /wp-content/plugins/pro-elements/assets/js/webpack-pro.runtime.min.js?ver=3.23.3 HTTP/1.1" 200 2549 "https://arsn.media/2024/10/04/how-to-start-a-pest-control-business-navigating-regulations/" "Mozilla/5.0 (Windows NT 10.0; Win64; x64) AppleWebKit/537.36 (KHTML, like Gecko) Chrome/114.0.5735.196 Safari/537.36"
188.19.32.166 - - [25/Apr/2025:22:22:40 -0400] "GET /wp-content/plugins/elementor/assets/js/webpack.runtime.min.js?ver=3.28.4 HTTP/1.1" 200 2228 "https://arsn.media/2024/10/04/how-to-start-a-pest-control-business-navigating-regulations/" "Mozilla/5.0 (Windows NT 10.0; Win64; x64) AppleWebKit/537.36 (KHTML, like Gecko) Chrome/114.0.5735.196 Safari/537.36"
188.19.32.166 - - [25/Apr/2025:22:22:40 -0400] "GET /wp-content/plugins/elementskit-lite/widgets/init/assets/js/animate-circle.min.js?ver=3.5.0 HTTP/1.1" 200 393 "https://arsn.media/2024/10/04/how-to-start-a-pest-control-business-navigating-regulations/" "Mozilla/5.0 (Windows NT 10.0; Win64; x64) AppleWebKit/537.36 (KHTML, like Gecko) Chrome/114.0.5735.196 Safari/537.36"
188.19.32.166 - - [25/Apr/2025:22:22:40 -0400] "GET /wp-content/plugins/primary-addon-for-elementor/elementor//js/prim-elementor.js?ver=6.8 HTTP/1.1" 200 3039 "https://arsn.media/2024/10/04/how-to-start-a-pest-control-business-navigating-regulations/" "Mozilla/5.0 (Windows NT 10.0; Win64; x64) AppleWebKit/537.36 (KHTML, like Gecko) Chrome/114.0.5735.196 Safari/537.36"
188.19.32.166 - - [25/Apr/2025:22:22:40 -0400] "GET /wp-content/themes/onum/images/close.png HTTP/1.1" 200 452 "https://arsn.media/wp-content/themes/onum/style.css?ver=6.8" "Mozilla/5.0 (Windows NT 10.0; Win64; x64) AppleWebKit/537.36 (KHTML, like Gecko) Chrome/114.0.5735.196 Safari/537.36"
188.19.32.166 - - [25/Apr/2025:22:22:40 -0400] "GET /wp-includes/js/comment-reply.min.js?ver=6.8 HTTP/1.1" 200 1247 "https://arsn.media/2024/10/04/how-to-start-a-pest-control-business-navigating-regulations/" "Mozilla/5.0 (Windows NT 10.0; Win64; x64) AppleWebKit/537.36 (KHTML, like Gecko) Chrome/114.0.5735.196 Safari/537.36"
188.19.32.166 - - [25/Apr/2025:22:22:40 -0400] "GET /wp-content/plugins/facebook-conversion-pixel/pixel-cat.min.js?ver=3.0.7 HTTP/1.1" 200 4290 "https://arsn.media/2024/10/04/how-to-start-a-pest-control-business-navigating-regulations/" "Mozilla/5.0 (Windows NT 10.0; Win64; x64) AppleWebKit/537.36 (KHTML, like Gecko) Chrome/114.0.5735.196 Safari/537.36"
188.19.32.166 - - [25/Apr/2025:22:22:40 -0400] "GET /wp-content/plugins/brave-popup-builder/assets/frontend/brave.js?ver=6.8 HTTP/1.1" 200 23854 "https://arsn.media/2024/10/04/how-to-start-a-pest-control-business-navigating-regulations/" "Mozilla/5.0 (Windows NT 10.0; Win64; x64) AppleWebKit/537.36 (KHTML, like Gecko) Chrome/114.0.5735.196 Safari/537.36"
188.19.32.166 - - [25/Apr/2025:22:22:40 -0400] "GET /wp-content/plugins/elementor/assets/js/frontend.min.js?ver=3.28.4 HTTP/1.1" 200 13099 "https://arsn.media/2024/10/04/how-to-start-a-pest-control-business-navigating-regulations/" "Mozilla/5.0 (Windows NT 10.0; Win64; x64) AppleWebKit/537.36 (KHTML, like Gecko) Chrome/114.0.5735.196 Safari/537.36"
188.19.32.166 - - [25/Apr/2025:22:22:40 -0400] "GET /wp-content/plugins/elementor/assets/js/frontend-modules.min.js?ver=3.28.4 HTTP/1.1" 200 14421 "https://arsn.media/2024/10/04/how-to-start-a-pest-control-business-navigating-regulations/" "Mozilla/5.0 (Windows NT 10.0; Win64; x64) AppleWebKit/537.36 (KHTML, like Gecko) Chrome/114.0.5735.196 Safari/537.36"
188.19.32.166 - - [25/Apr/2025:22:22:40 -0400] "GET /wp-content/plugins/pro-elements/assets/js/elements-handlers.min.js?ver=3.23.3 HTTP/1.1" 200 9631 "https://arsn.media/2024/10/04/how-to-start-a-pest-control-business-navigating-regulations/" "Mozilla/5.0 (Windows NT 10.0; Win64; x64) AppleWebKit/537.36 (KHTML, like Gecko) Chrome/114.0.5735.196 Safari/537.36"
188.19.32.166 - - [25/Apr/2025:22:22:40 -0400] "GET /wp-content/plugins/pro-elements/assets/js/frontend.min.js?ver=3.23.3 HTTP/1.1" 200 6468 "https://arsn.media/2024/10/04/how-to-start-a-pest-control-business-navigating-regulations/" "Mozilla/5.0 (Windows NT 10.0; Win64; x64) AppleWebKit/537.36 (KHTML, like Gecko) Chrome/114.0.5735.196 Safari/537.36"
188.19.32.166 - - [25/Apr/2025:22:22:40 -0400] "GET /wp-content/plugins/primary-addon-for-elementor/assets/js/Chart.min.js?ver=2.9.3 HTTP/1.1" 200 55517 "https://arsn.media/2024/10/04/how-to-start-a-pest-control-business-navigating-regulations/" "Mozilla/5.0 (Windows NT 10.0; Win64; x64) AppleWebKit/537.36 (KHTML, like Gecko) Chrome/114.0.5735.196 Safari/537.36"
188.19.32.166 - - [25/Apr/2025:22:22:40 -0400] "GET /wp-content/plugins/widget-google-reviews/assets/js/public-main.js?ver=5.7.1 HTTP/1.1" 200 8429 "https://arsn.media/2024/10/04/how-to-start-a-pest-control-business-navigating-regulations/" "Mozilla/5.0 (Windows NT 10.0; Win64; x64) AppleWebKit/537.36 (KHTML, like Gecko) Chrome/114.0.5735.196 Safari/537.36"
188.19.32.166 - - [25/Apr/2025:22:22:40 -0400] "GET /wp-content/plugins/elementskit-lite/widgets/init/assets/js/elementor.js?ver=3.5.0 HTTP/1.1" 200 5290 "https://arsn.media/2024/10/04/how-to-start-a-pest-control-business-navigating-regulations/" "Mozilla/5.0 (Windows NT 10.0; Win64; x64) AppleWebKit/537.36 (KHTML, like Gecko) Chrome/114.0.5735.196 Safari/537.36"
188.19.32.166 - - [25/Apr/2025:22:22:40 -0400] "GET /wp-content/plugins/revslider/public/assets/js/rs6.min.js?ver=6.6.8 HTTP/1.1" 200 103316 "https://arsn.media/2024/10/04/how-to-start-a-pest-control-business-navigating-regulations/" "Mozilla/5.0 (Windows NT 10.0; Win64; x64) AppleWebKit/537.36 (KHTML, like Gecko) Chrome/114.0.5735.196 Safari/537.36"
188.19.32.166 - - [25/Apr/2025:22:22:40 -0400] "GET /wp-content/themes/onum/fonts/Flaticon.woff2 HTTP/1.1" 200 12024 "https://arsn.media/wp-content/themes/onum/css/flaticon.css?ver=6.8" "Mozilla/5.0 (Windows NT 10.0; Win64; x64) AppleWebKit/537.36 (KHTML, like Gecko) Chrome/114.0.5735.196 Safari/537.36"
188.19.32.166 - - [25/Apr/2025:22:22:40 -0400] "GET /wp-content/themes/onum/fonts/fa-brands-400.woff2 HTTP/1.1" 200 74656 "https://arsn.media/wp-content/themes/onum/css/font-awesome.css?ver=6.8" "Mozilla/5.0 (Windows NT 10.0; Win64; x64) AppleWebKit/537.36 (KHTML, like Gecko) Chrome/114.0.5735.196 Safari/537.36"
188.19.32.166 - - [25/Apr/2025:22:22:40 -0400] "GET /wp-content/themes/onum/fonts/fa-solid-900.woff2 HTTP/1.1" 200 74328 "https://arsn.media/wp-content/themes/onum/css/font-awesome.css?ver=6.8" "Mozilla/5.0 (Windows NT 10.0; Win64; x64) AppleWebKit/537.36 (KHTML, like Gecko) Chrome/114.0.5735.196 Safari/537.36"
188.19.32.166 - - [25/Apr/2025:22:22:40 -0400] "GET /wp-content/uploads/2024/09/7318-compressed.jpg HTTP/1.1" 200 110828 "https://arsn.media/2024/10/04/how-to-start-a-pest-control-business-navigating-regulations/" "Mozilla/5.0 (Windows NT 10.0; Win64; x64) AppleWebKit/537.36 (KHTML, like Gecko) Chrome/114.0.5735.196 Safari/537.36"
188.19.32.166 - - [25/Apr/2025:22:22:40 -0400] "GET /wp-content/plugins/revslider/public/assets/js/rbtools.min.js?ver=6.6.8 HTTP/1.1" 200 59937 "https://arsn.media/2024/10/04/how-to-start-a-pest-control-business-navigating-regulations/" "Mozilla/5.0 (Windows NT 10.0; Win64; x64) AppleWebKit/537.36 (KHTML, like Gecko) Chrome/114.0.5735.196 Safari/537.36"
188.19.32.166 - - [25/Apr/2025:22:22:40 -0400] "GET /wp-content/uploads/2023/01/post1.jpg HTTP/1.1" 200 141896 "https://arsn.media/2024/10/04/how-to-start-a-pest-control-business-navigating-regulations/" "Mozilla/5.0 (Windows NT 10.0; Win64; x64) AppleWebKit/537.36 (KHTML, like Gecko) Chrome/114.0.5735.196 Safari/537.36"
188.19.32.166 - - [25/Apr/2025:22:22:40 -0400] "GET /wp-content/uploads/elementor/google-fonts/fonts/redhatdisplay-8viq7wur0m80wwyf0qcxzzyzuotg_t6h.woff2 HTTP/1.1" 200 30588 "https://arsn.media/wp-content/uploads/elementor/google-fonts/css/redhatdisplay.css?ver=1742288950" "Mozilla/5.0 (Windows NT 10.0; Win64; x64) AppleWebKit/537.36 (KHTML, like Gecko) Chrome/114.0.5735.196 Safari/537.36"
188.19.32.166 - - [25/Apr/2025:22:22:40 -0400] "GET /wp-content/plugins/elementor/assets/lib/font-awesome/webfonts/fa-brands-400.woff2 HTTP/1.1" 200 81612 "https://arsn.media/wp-content/plugins/elementor/assets/lib/font-awesome/css/brands.min.css?ver=5.15.3" "Mozilla/5.0 (Windows NT 10.0; Win64; x64) AppleWebKit/537.36 (KHTML, like Gecko) Chrome/114.0.5735.196 Safari/537.36"
188.19.32.166 - - [25/Apr/2025:22:22:40 -0400] "GET /wp-content/plugins/elementor/assets/lib/font-awesome/webfonts/fa-solid-900.woff2 HTTP/1.1" 200 78196 "https://arsn.media/wp-content/plugins/elementor/assets/lib/font-awesome/css/solid.min.css?ver=5.15.3" "Mozilla/5.0 (Windows NT 10.0; Win64; x64) AppleWebKit/537.36 (KHTML, like Gecko) Chrome/114.0.5735.196 Safari/537.36"
188.19.32.166 - - [25/Apr/2025:22:22:39 -0400] "GET /wp-content/themes/onum/js/design-test.js HTTP/1.1" 404 39281 "https://arsn.media/2024/10/04/how-to-start-a-pest-control-business-navigating-regulations/" "Mozilla/5.0 (Windows NT 10.0; Win64; x64) AppleWebKit/537.36 (KHTML, like Gecko) Chrome/114.0.5735.196 Safari/537.36"
188.19.32.166 - - [25/Apr/2025:22:22:41 -0400] "GET /wp-includes/js/wp-emoji-release.min.js?ver=6.8 HTTP/1.1" 200 4771 "https://arsn.media/2024/10/04/how-to-start-a-pest-control-business-navigating-regulations/" "Mozilla/5.0 (Windows NT 10.0; Win64; x64) AppleWebKit/537.36 (KHTML, like Gecko) Chrome/114.0.5735.196 Safari/537.36"
188.19.32.166 - - [25/Apr/2025:22:22:42 -0400] "GET /wp-content/plugins/elementor/assets/js/text-editor.c084ef86600b6f11690d.bundle.min.js HTTP/1.1" 200 621 "https://arsn.media/2024/10/04/how-to-start-a-pest-control-business-navigating-regulations/" "Mozilla/5.0 (Windows NT 10.0; Win64; x64) AppleWebKit/537.36 (KHTML, like Gecko) Chrome/114.0.5735.196 Safari/537.36"
154.47.29.194 - - [25/Apr/2025:22:25:01 -0400] "GET / HTTP/1.0" 200 639584 "-" "Mozilla/5.0 (Windows NT 6.3; Win64; x64) AppleWebKit/537.36 (KHTML, like Gecko) Chrome/75.0.3770.100 Safari/537.36"
52.167.144.207 - - [25/Apr/2025:22:26:27 -0400] "GET /webmail HTTP/1.1" 200 13283 "-" "Mozilla/5.0 AppleWebKit/537.36 (KHTML, like Gecko; compatible; bingbot/2.0; +http://www.bing.com/bingbot.htm) Chrome/116.0.1938.76 Safari/537.36"
66.29.132.124 - - [25/Apr/2025:22:33:51 -0400] "POST /wp-cron.php?doing_wp_cron=1745634830.3899469375610351562500 HTTP/1.1" 200 0 "-" "WordPress/6.8; https://arsn.media"
40.77.167.132 - - [25/Apr/2025:22:33:30 -0400] "GET /2024/12/13/how-to-incorporate-your-branding-into-pest-control-flyer-templates/feed/ HTTP/1.1" 200 453 "-" "Mozilla/5.0 AppleWebKit/537.36 (KHTML, like Gecko; compatible; bingbot/2.0; +http://www.bing.com/bingbot.htm) Chrome/116.0.1938.76 Safari/537.36"
66.29.132.124 - - [25/Apr/2025:22:33:53 -0400] "POST /wp-admin/admin-ajax.php?action=async_litespeed&nonce=s72QD5wlJIm24Ct7JFMazYSzLxHjs4cw&litespeed_type=imgoptm HTTP/1.1" 200 0 "-" "WordPress/6.8; https://arsn.media"
66.29.132.124 - - [25/Apr/2025:22:45:48 -0400] "POST /wp-cron.php?doing_wp_cron=1745635548.4371719360351562500000 HTTP/1.1" 200 0 "-" "WordPress/6.8; https://arsn.media"
66.29.132.124 - - [25/Apr/2025:22:45:49 -0400] "POST /wp-admin/admin-ajax.php?action=async_litespeed&nonce=MbBFCPI2e3rp2HlAfrxdNiUDIN8ooUlZ&litespeed_type=imgoptm HTTP/1.1" 200 0 "-" "WordPress/6.8; https://arsn.media"
114.119.159.101 - - [25/Apr/2025:22:45:32 -0400] "GET /author/marsalanaleem/page/2/ HTTP/1.1" 200 65094 "https://arsn.media/author/marsalanaleem/" "Mozilla/5.0 (Linux; Android 7.0;) AppleWebKit/537.36 (KHTML, like Gecko) Mobile Safari/537.36 (compatible; PetalBot;+https://webmaster.petalsearch.com/site/petalbot)"
154.3.62.44 - - [25/Apr/2025:22:49:20 -0400] "GET / HTTP/1.1" 200 48700 "-" "Mozilla/5.0 (compatible; MixrankBot; crawler@mixrank.com)"
57.141.4.4 - - [25/Apr/2025:22:49:41 -0400] "GET /about-company/ HTTP/1.1" 200 608510 "-" "meta-externalagent/1.1 (+https://developers.facebook.com/docs/sharing/webmasters/crawler)"
66.29.132.124 - - [25/Apr/2025:22:51:19 -0400] "POST /wp-cron.php?doing_wp_cron=1745635879.7747390270233154296875 HTTP/1.1" 200 0 "-" "WordPress/6.8; https://arsn.media"
69.57.162.20 - - [25/Apr/2025:22:51:11 -0400] "POST /xmlrpc.php HTTP/1.1" 200 186 "https://arsn.media" "Mozilla/5.0 (Windows NT 10.0; Win64; x64; rv:128.0) Gecko/20100101 Firefox/128.0"
66.29.132.124 - - [25/Apr/2025:22:51:20 -0400] "POST /wp-admin/admin-ajax.php?action=async_litespeed&nonce=rTQR2OmcEPZ4BcGzu2P00qr6iFXbiSuJ&litespeed_type=imgoptm HTTP/1.1" 200 0 "-" "WordPress/6.8; https://arsn.media"
66.29.132.124 - - [25/Apr/2025:23:02:20 -0400] "POST /wp-cron.php?doing_wp_cron=1745636540.4141919612884521484375 HTTP/1.1" 200 0 "-" "WordPress/6.8; https://arsn.media"
157.100.198.32 - - [25/Apr/2025:23:02:09 -0400] "GET /xmlrpc.php HTTP/1.1" 405 60 "http://arsn.media/xmlrpc.php" "Mozilla/5.0 (Windows NT 10.0; Win64; x64) AppleWebKit/537.36 (KHTML, like Gecko) Chrome/97.0.4692.99 Safari/537.36"
