66.29.132.124 - - [25/Apr/2025:23:02:20 -0400] "POST /wp-admin/admin-ajax.php?action=async_litespeed&nonce=72RJf7IapPL5ekfym1Wdyl8IVyDufBeQ&litespeed_type=imgoptm HTTP/1.1" 200 0 "-" "WordPress/6.8; https://arsn.media"
194.127.110.241 - - [25/Apr/2025:23:02:31 -0400] "GET /xmlrpc.php HTTP/1.1" 405 60 "http://arsn.media/xmlrpc.php" "Mozilla/5.0 (Windows NT 6.3; WOW64; rv:43.0) Gecko/20100101 Firefox/43.0"
66.29.132.124 - - [25/Apr/2025:23:09:12 -0400] "POST /wp-cron.php?doing_wp_cron=1745636952.1570200920104980468750 HTTP/1.1" 200 0 "-" "WordPress/6.8; https://arsn.media"
199.188.201.172 - - [25/Apr/2025:23:09:04 -0400] "POST /xmlrpc.php HTTP/1.1" 200 186 "https://arsn.media" "Mozilla/5.0 (Macintosh; Intel Mac OS X 10_15_7; rv:125.0.1) Gecko/20100101 Firefox/125.0.1"
66.29.132.124 - - [25/Apr/2025:23:09:13 -0400] "POST /wp-admin/admin-ajax.php?action=async_litespeed&nonce=urF44eVT9SlvzUZnHDamsxZJahCLMuWZ&litespeed_type=imgoptm HTTP/1.1" 200 0 "-" "WordPress/6.8; https://arsn.media"
66.29.132.124 - - [25/Apr/2025:23:09:14 -0400] "POST /wp-admin/admin-ajax.php?action=as_async_request_queue_runner&nonce=874121055a HTTP/1.1" 200 0 "-" "WordPress/6.8; https://arsn.media"
20.15.133.164 - - [25/Apr/2025:23:12:48 -0400] "GET /robots.txt HTTP/1.1" 200 105 "-" "Mozilla/5.0 AppleWebKit/537.36 (KHTML, like Gecko; compatible; bingbot/2.0; +http://www.bing.com/bingbot.htm) Chrome/116.0.1938.76 Safari/537.36"
66.29.132.124 - - [25/Apr/2025:23:15:11 -0400] "POST /wp-cron.php?doing_wp_cron=1745637311.3720209598541259765625 HTTP/1.1" 200 0 "-" "WordPress/6.8; https://arsn.media"
199.188.201.172 - - [25/Apr/2025:23:15:04 -0400] "POST /xmlrpc.php HTTP/1.1" 200 186 "https://arsn.media" "Mozilla/5.0 (Windows NT 10.0; Win64; x64) AppleWebKit/537.36 (KHTML, like Gecko) Chrome/113.0.5672.93 Safari/537.36"
66.29.132.124 - - [25/Apr/2025:23:15:11 -0400] "POST /wp-admin/admin-ajax.php?action=async_litespeed&nonce=X74AJ1qsRrLqbW00Cqm49er8aPBrDcOt&litespeed_type=imgoptm HTTP/1.1" 200 0 "-" "WordPress/6.8; https://arsn.media"
66.29.132.124 - - [25/Apr/2025:23:15:12 -0400] "POST /wp-admin/admin-ajax.php?action=as_async_request_queue_runner&nonce=874121055a HTTP/1.1" 200 0 "-" "WordPress/6.8; https://arsn.media"
66.29.132.124 - - [25/Apr/2025:23:22:18 -0400] "POST /wp-cron.php?doing_wp_cron=1745637738.8847150802612304687500 HTTP/1.1" 200 0 "-" "WordPress/6.8; https://arsn.media"
66.29.132.124 - - [25/Apr/2025:23:22:19 -0400] "POST /wp-admin/admin-ajax.php?action=async_litespeed&nonce=5CmA5IAvjGDrhCmmbfuYVOL8vHBSMyLv&litespeed_type=imgoptm HTTP/1.1" 200 0 "-" "WordPress/6.8; https://arsn.media"
20.15.133.191 - - [25/Apr/2025:23:22:14 -0400] "GET /mlp/laura-wright-wes-ramsey-age-difference.html HTTP/1.1" 404 39344 "-" "Mozilla/5.0 AppleWebKit/537.36 (KHTML, like Gecko; compatible; bingbot/2.0; +http://www.bing.com/bingbot.htm) Chrome/116.0.1938.76 Safari/537.36"
195.2.78.89 - - [25/Apr/2025:23:29:34 -0400] "GET / HTTP/1.1" 200 72453 "-" "Mozilla/5.0 (Macintosh; Intel Mac OS X 10_15_7) AppleWebKit/537.36 (KHTML, like Gecko) Chrome/133.0.0.0 Safari/537.36"
66.29.132.124 - - [25/Apr/2025:23:29:50 -0400] "POST /wp-cron.php?doing_wp_cron=1745638190.8166809082031250000000 HTTP/1.1" 200 0 "-" "WordPress/6.8; https://arsn.media"
66.29.132.124 - - [25/Apr/2025:23:29:51 -0400] "POST /wp-admin/admin-ajax.php?action=async_litespeed&nonce=LazgZmCUpXN5JQIRmfJXXLCwCdTSaiK9&litespeed_type=imgoptm HTTP/1.1" 200 0 "-" "WordPress/6.8; https://arsn.media"
66.29.132.124 - - [25/Apr/2025:23:29:52 -0400] "POST /wp-admin/admin-ajax.php?action=as_async_request_queue_runner&nonce=874121055a HTTP/1.1" 200 0 "-" "WordPress/6.8; https://arsn.media"
65.20.209.32 - - [25/Apr/2025:23:29:37 -0400] "POST / HTTP/1.1" 200 72487 "-" "Mozilla/5.0 (Macintosh; Intel Mac OS X 10_15_7) AppleWebKit/537.36 (KHTML, like Gecko) Chrome/133.0.0.0 Safari/537.36"
65.20.209.32 - - [25/Apr/2025:23:29:57 -0400] "POST / HTTP/1.1" 200 71686 "-" "Mozilla/5.0 (Windows NT 10.0; Win64; x64) AppleWebKit/537.36 (KHTML, like Gecko) Chrome/120.0.0.0 Safari/537.36"
65.20.209.32 - - [25/Apr/2025:23:30:08 -0400] "POST / HTTP/1.1" 200 72487 "-" "Mozilla/5.0 (Macintosh; Intel Mac OS X 10_15_7) AppleWebKit/537.36 (KHTML, like Gecko) Chrome/133.0.0.0 Safari/537.36"
65.20.209.32 - - [25/Apr/2025:23:30:17 -0400] "POST / HTTP/1.1" 200 71697 "-" "Mozilla/5.0 (Windows NT 10.0; Win64; x64) AppleWebKit/537.36 (KHTML, like Gecko) Chrome/120.0.0.0 Safari/537.36"
195.2.78.89 - - [25/Apr/2025:23:30:24 -0400] "GET /comments/feed/ HTTP/1.1" 200 417 "-" "Mozilla/5.0 (Macintosh; Intel Mac OS X 10_15_7) AppleWebKit/537.36 (KHTML, like Gecko) Chrome/133.0.0.0 Safari/537.36"
195.2.78.89 - - [25/Apr/2025:23:30:26 -0400] "GET /contacts/ HTTP/1.1" 200 62490 "-" "Mozilla/5.0 (Macintosh; Intel Mac OS X 10_15_7) AppleWebKit/537.36 (KHTML, like Gecko) Chrome/133.0.0.0 Safari/537.36"
66.29.132.124 - - [25/Apr/2025:23:30:34 -0400] "POST /wp-cron.php?doing_wp_cron=1745638234.0786600112915039062500 HTTP/1.1" 200 0 "-" "WordPress/6.8; https://arsn.media"
66.29.132.124 - - [25/Apr/2025:23:30:34 -0400] "POST /wp-admin/admin-ajax.php?action=async_litespeed&nonce=IGya0D6Ay4xRD8DQETmKHdKlg1lYUiSF&litespeed_type=imgoptm HTTP/1.1" 200 21 "-" "WordPress/6.8; https://arsn.media"
65.20.209.32 - - [25/Apr/2025:23:30:33 -0400] "POST /contacts/ HTTP/1.1" 200 62232 "-" "Mozilla/5.0 (Macintosh; Intel Mac OS X 10_15_7) AppleWebKit/537.36 (KHTML, like Gecko) Chrome/133.0.0.0 Safari/537.36"
65.20.209.32 - - [25/Apr/2025:23:30:38 -0400] "POST /contacts/ HTTP/1.1" 200 60678 "-" "Mozilla/5.0 (Windows NT 10.0; Win64; x64) AppleWebKit/537.36 (KHTML, like Gecko) Chrome/120.0.0.0 Safari/537.36"
65.20.209.32 - - [25/Apr/2025:23:30:43 -0400] "POST /contacts/ HTTP/1.1" 200 62232 "-" "Mozilla/5.0 (Macintosh; Intel Mac OS X 10_15_7) AppleWebKit/537.36 (KHTML, like Gecko) Chrome/133.0.0.0 Safari/537.36"
65.20.209.32 - - [25/Apr/2025:23:30:49 -0400] "POST /contacts/ HTTP/1.1" 200 62435 "-" "Mozilla/5.0 (Windows NT 10.0; Win64; x64) AppleWebKit/537.36 (KHTML, like Gecko) Chrome/120.0.0.0 Safari/537.36"
66.29.132.124 - - [25/Apr/2025:23:30:52 -0400] "POST /wp-cron.php?doing_wp_cron=1745638252.6898140907287597656250 HTTP/1.1" 200 0 "-" "WordPress/6.8; https://arsn.media"
195.2.78.89 - - [25/Apr/2025:23:30:51 -0400] "GET /blog/ HTTP/1.1" 200 63491 "-" "Mozilla/5.0 (Macintosh; Intel Mac OS X 10_15_7) AppleWebKit/537.36 (KHTML, like Gecko) Chrome/133.0.0.0 Safari/537.36"
65.20.209.32 - - [25/Apr/2025:23:30:58 -0400] "POST /blog/ HTTP/1.1" 200 63570 "-" "Mozilla/5.0 (Macintosh; Intel Mac OS X 10_15_7) AppleWebKit/537.36 (KHTML, like Gecko) Chrome/133.0.0.0 Safari/537.36"
65.20.209.32 - - [25/Apr/2025:23:31:11 -0400] "POST /blog/ HTTP/1.1" 200 64272 "-" "Mozilla/5.0 (Windows NT 10.0; Win64; x64) AppleWebKit/537.36 (KHTML, like Gecko) Chrome/120.0.0.0 Safari/537.36"
65.20.209.32 - - [25/Apr/2025:23:31:19 -0400] "POST /blog/ HTTP/1.1" 200 63570 "-" "Mozilla/5.0 (Macintosh; Intel Mac OS X 10_15_7) AppleWebKit/537.36 (KHTML, like Gecko) Chrome/133.0.0.0 Safari/537.36"
65.20.209.32 - - [25/Apr/2025:23:31:27 -0400] "POST /blog/ HTTP/1.1" 200 63570 "-" "Mozilla/5.0 (Windows NT 10.0; Win64; x64) AppleWebKit/537.36 (KHTML, like Gecko) Chrome/120.0.0.0 Safari/537.36"
66.29.132.124 - - [25/Apr/2025:23:31:40 -0400] "POST /wp-cron.php?doing_wp_cron=1745638299.2549970149993896484375 HTTP/1.1" 200 0 "-" "WordPress/6.8; https://arsn.media"
195.2.78.89 - - [25/Apr/2025:23:31:37 -0400] "GET /blog/page/2/ HTTP/1.1" 200 63600 "-" "Mozilla/5.0 (Macintosh; Intel Mac OS X 10_15_7) AppleWebKit/537.36 (KHTML, like Gecko) Chrome/133.0.0.0 Safari/537.36"
66.29.132.124 - - [25/Apr/2025:23:31:42 -0400] "POST /wp-admin/admin-ajax.php?action=async_litespeed&nonce=A9IFyJnRiWXEGpVavPlsZRL54ETpOLmp&litespeed_type=imgoptm HTTP/1.1" 200 0 "-" "WordPress/6.8; https://arsn.media"
65.20.209.32 - - [25/Apr/2025:23:31:45 -0400] "POST /blog/page/2/ HTTP/1.1" 200 63602 "-" "Mozilla/5.0 (Macintosh; Intel Mac OS X 10_15_7) AppleWebKit/537.36 (KHTML, like Gecko) Chrome/133.0.0.0 Safari/537.36"
66.29.132.124 - - [25/Apr/2025:23:31:58 -0400] "POST /wp-cron.php?doing_wp_cron=1745638318.4465820789337158203125 HTTP/1.1" 200 0 "-" "WordPress/6.8; https://arsn.media"
65.20.209.32 - - [25/Apr/2025:23:31:56 -0400] "POST /blog/page/2/ HTTP/1.1" 200 64578 "-" "Mozilla/5.0 (Windows NT 10.0; Win64; x64) AppleWebKit/537.36 (KHTML, like Gecko) Chrome/120.0.0.0 Safari/537.36"
65.20.209.32 - - [25/Apr/2025:23:32:04 -0400] "POST /blog/page/2/ HTTP/1.1" 200 64578 "-" "Mozilla/5.0 (Macintosh; Intel Mac OS X 10_15_7) AppleWebKit/537.36 (KHTML, like Gecko) Chrome/133.0.0.0 Safari/537.36"
65.20.209.32 - - [25/Apr/2025:23:32:09 -0400] "POST /blog/page/2/ HTTP/1.1" 200 64578 "-" "Mozilla/5.0 (Windows NT 10.0; Win64; x64) AppleWebKit/537.36 (KHTML, like Gecko) Chrome/120.0.0.0 Safari/537.36"
195.2.78.89 - - [25/Apr/2025:23:32:16 -0400] "GET /blog/page/3/ HTTP/1.1" 200 64038 "-" "Mozilla/5.0 (Macintosh; Intel Mac OS X 10_15_7) AppleWebKit/537.36 (KHTML, like Gecko) Chrome/133.0.0.0 Safari/537.36"
65.20.209.32 - - [25/Apr/2025:23:32:22 -0400] "POST /blog/page/3/ HTTP/1.1" 200 63984 "-" "Mozilla/5.0 (Macintosh; Intel Mac OS X 10_15_7) AppleWebKit/537.36 (KHTML, like Gecko) Chrome/133.0.0.0 Safari/537.36"
65.20.209.32 - - [25/Apr/2025:23:32:28 -0400] "POST /blog/page/3/ HTTP/1.1" 200 64502 "-" "Mozilla/5.0 (Macintosh; Intel Mac OS X 10_15_7) AppleWebKit/537.36 (KHTML, like Gecko) Chrome/133.0.0.0 Safari/537.36"
195.2.78.89 - - [25/Apr/2025:23:32:32 -0400] "GET /blog/page/4/ HTTP/1.1" 200 64398 "-" "Mozilla/5.0 (Macintosh; Intel Mac OS X 10_15_7) AppleWebKit/537.36 (KHTML, like Gecko) Chrome/133.0.0.0 Safari/537.36"
66.29.132.124 - - [25/Apr/2025:23:32:37 -0400] "POST /wp-cron.php?doing_wp_cron=1745638357.6545209884643554687500 HTTP/1.1" 200 0 "-" "WordPress/6.8; https://arsn.media"
65.20.209.32 - - [25/Apr/2025:23:32:37 -0400] "POST /blog/page/4/ HTTP/1.1" 200 63397 "-" "Mozilla/5.0 (Macintosh; Intel Mac OS X 10_15_7) AppleWebKit/537.36 (KHTML, like Gecko) Chrome/133.0.0.0 Safari/537.36"
66.29.132.124 - - [25/Apr/2025:23:32:38 -0400] "POST /wp-admin/admin-ajax.php?action=async_litespeed&nonce=85vw2DonOn2JEumm7I5oFnl1SrwJiNOg&litespeed_type=imgoptm HTTP/1.1" 200 21 "-" "WordPress/6.8; https://arsn.media"
65.20.209.32 - - [25/Apr/2025:23:32:43 -0400] "POST /blog/page/4/ HTTP/1.1" 200 64344 "-" "Mozilla/5.0 (Windows NT 10.0; Win64; x64) AppleWebKit/537.36 (KHTML, like Gecko) Chrome/120.0.0.0 Safari/537.36"
65.20.209.32 - - [25/Apr/2025:23:32:48 -0400] "POST /blog/page/4/ HTTP/1.1" 200 63395 "-" "Mozilla/5.0 (Macintosh; Intel Mac OS X 10_15_7) AppleWebKit/537.36 (KHTML, like Gecko) Chrome/133.0.0.0 Safari/537.36"
66.29.132.124 - - [25/Apr/2025:23:32:55 -0400] "POST /wp-cron.php?doing_wp_cron=1745638375.3547589778900146484375 HTTP/1.1" 200 0 "-" "WordPress/6.8; https://arsn.media"
65.20.209.32 - - [25/Apr/2025:23:32:54 -0400] "POST /blog/page/4/ HTTP/1.1" 200 64344 "-" "Mozilla/5.0 (Windows NT 10.0; Win64; x64) AppleWebKit/537.36 (KHTML, like Gecko) Chrome/120.0.0.0 Safari/537.36"
195.2.78.89 - - [25/Apr/2025:23:33:00 -0400] "GET /blog/page/5/ HTTP/1.1" 200 64092 "-" "Mozilla/5.0 (Macintosh; Intel Mac OS X 10_15_7) AppleWebKit/537.36 (KHTML, like Gecko) Chrome/133.0.0.0 Safari/537.36"
65.20.209.32 - - [25/Apr/2025:23:33:04 -0400] "POST /blog/page/5/ HTTP/1.1" 200 63953 "-" "Mozilla/5.0 (Macintosh; Intel Mac OS X 10_15_7) AppleWebKit/537.36 (KHTML, like Gecko) Chrome/133.0.0.0 Safari/537.36"
65.20.209.32 - - [25/Apr/2025:23:33:09 -0400] "POST /blog/page/5/ HTTP/1.1" 200 63966 "-" "Mozilla/5.0 (Windows NT 10.0; Win64; x64) AppleWebKit/537.36 (KHTML, like Gecko) Chrome/120.0.0.0 Safari/537.36"
65.20.209.32 - - [25/Apr/2025:23:33:14 -0400] "POST /blog/page/5/ HTTP/1.1" 200 63966 "-" "Mozilla/5.0 (Macintosh; Intel Mac OS X 10_15_7) AppleWebKit/537.36 (KHTML, like Gecko) Chrome/133.0.0.0 Safari/537.36"
65.20.209.32 - - [25/Apr/2025:23:33:19 -0400] "POST /blog/page/5/ HTTP/1.1" 200 64038 "-" "Mozilla/5.0 (Windows NT 10.0; Win64; x64) AppleWebKit/537.36 (KHTML, like Gecko) Chrome/120.0.0.0 Safari/537.36"
195.2.78.89 - - [25/Apr/2025:23:33:23 -0400] "GET /blog/page/6/ HTTP/1.1" 200 65034 "-" "Mozilla/5.0 (Macintosh; Intel Mac OS X 10_15_7) AppleWebKit/537.36 (KHTML, like Gecko) Chrome/133.0.0.0 Safari/537.36"
65.20.209.32 - - [25/Apr/2025:23:33:28 -0400] "POST /blog/page/6/ HTTP/1.1" 200 64480 "-" "Mozilla/5.0 (Macintosh; Intel Mac OS X 10_15_7) AppleWebKit/537.36 (KHTML, like Gecko) Chrome/133.0.0.0 Safari/537.36"
66.29.132.124 - - [25/Apr/2025:23:33:40 -0400] "POST /wp-cron.php?doing_wp_cron=1745638420.1589620113372802734375 HTTP/1.1" 200 0 "-" "WordPress/6.8; https://arsn.media"
65.20.209.32 - - [25/Apr/2025:23:33:39 -0400] "POST /blog/page/6/ HTTP/1.1" 200 64980 "-" "Mozilla/5.0 (Windows NT 10.0; Win64; x64) AppleWebKit/537.36 (KHTML, like Gecko) Chrome/120.0.0.0 Safari/537.36"
66.29.132.124 - - [25/Apr/2025:23:33:41 -0400] "POST /wp-admin/admin-ajax.php?action=async_litespeed&nonce=vxYmG3T5w0qj5z2wYj6qOAYNZaA48Jrd&litespeed_type=imgoptm HTTP/1.1" 200 0 "-" "WordPress/6.8; https://arsn.media"
66.29.132.124 - - [25/Apr/2025:23:33:41 -0400] "POST /wp-admin/admin-ajax.php?action=as_async_request_queue_runner&nonce=874121055a HTTP/1.1" 200 0 "-" "WordPress/6.8; https://arsn.media"
65.20.209.32 - - [25/Apr/2025:23:33:49 -0400] "POST /blog/page/6/ HTTP/1.1" 200 64987 "-" "Mozilla/5.0 (Macintosh; Intel Mac OS X 10_15_7) AppleWebKit/537.36 (KHTML, like Gecko) Chrome/133.0.0.0 Safari/537.36"
66.29.132.124 - - [25/Apr/2025:23:33:56 -0400] "POST /wp-cron.php?doing_wp_cron=1745638436.5278289318084716796875 HTTP/1.1" 200 0 "-" "WordPress/6.8; https://arsn.media"
65.20.209.32 - - [25/Apr/2025:23:33:56 -0400] "POST /blog/page/6/ HTTP/1.1" 200 64652 "-" "Mozilla/5.0 (Windows NT 10.0; Win64; x64) AppleWebKit/537.36 (KHTML, like Gecko) Chrome/120.0.0.0 Safari/537.36"
216.244.66.201 - - [25/Apr/2025:23:37:24 -0400] "GET /robots.txt HTTP/1.1" 200 168 "-" "Mozilla/5.0 (compatible; DotBot/1.2; +https://opensiteexplorer.org/dotbot; help@moz.com)"
165.22.61.53 - - [25/Apr/2025:23:38:12 -0400] "GET /wp-content/uploads/2024/08/10-removebg-preview-150x150.png HTTP/1.1" 200 13455 "-" "Mozilla/5.0 (Windows NT 10.0; Win64; x64) AppleWebKit/537.36 (KHTML, like Gecko) Chrome/122.0.0.0 Safari/537.36"
216.244.66.201 - - [25/Apr/2025:23:42:17 -0400] "GET /808/dracut-regenerate-initramfs-centos-7.html HTTP/1.1" 200 0 "-" "Mozilla/5.0 (compatible; DotBot/1.2; +https://opensiteexplorer.org/dotbot; help@moz.com)"
66.29.132.124 - - [25/Apr/2025:23:42:37 -0400] "POST /wp-cron.php?doing_wp_cron=1745638957.6985518932342529296875 HTTP/1.1" 200 0 "-" "WordPress/6.8; https://arsn.media"
66.29.132.124 - - [25/Apr/2025:23:42:38 -0400] "POST /wp-admin/admin-ajax.php?action=async_litespeed&nonce=XYvTG0B0sTSwtxdnTxTKQfgQdvqFfPf1&litespeed_type=imgoptm HTTP/1.1" 200 0 "-" "WordPress/6.8; https://arsn.media"
216.244.66.201 - - [25/Apr/2025:23:42:47 -0400] "GET /808/vw-transporter-fuel-cap-location.html HTTP/1.1" 404 566971 "-" "Mozilla/5.0 (compatible; DotBot/1.2; +https://opensiteexplorer.org/dotbot; help@moz.com)"
66.29.132.124 - - [25/Apr/2025:23:43:21 -0400] "POST /wp-cron.php?doing_wp_cron=1745639000.7680120468139648437500 HTTP/1.1" 200 0 "-" "WordPress/6.8; https://arsn.media"
216.244.66.201 - - [25/Apr/2025:23:43:19 -0400] "GET /snw9shr/fever-goes-away-and-comes-back-days-later-toddler.html HTTP/1.1" 404 568147 "-" "Mozilla/5.0 (compatible; DotBot/1.2; +https://opensiteexplorer.org/dotbot; help@moz.com)"
66.29.132.124 - - [25/Apr/2025:23:44:18 -0400] "POST /wp-cron.php?doing_wp_cron=1745639058.2276930809020996093750 HTTP/1.1" 200 0 "-" "WordPress/6.8; https://arsn.media"
216.244.66.201 - - [25/Apr/2025:23:44:17 -0400] "GET /808/oakland-county-ranch-condos.html HTTP/1.1" 404 566691 "-" "Mozilla/5.0 (compatible; DotBot/1.2; +https://opensiteexplorer.org/dotbot; help@moz.com)"
66.29.132.124 - - [25/Apr/2025:23:44:20 -0400] "POST /wp-admin/admin-ajax.php?action=async_litespeed&nonce=V6ZSXCTUHXN0cbm4r8Ad2xUtMf9REvhg&litespeed_type=imgoptm HTTP/1.1" 200 0 "-" "WordPress/6.8; https://arsn.media"
66.29.132.124 - - [25/Apr/2025:23:45:11 -0400] "POST /wp-cron.php?doing_wp_cron=1745639110.8779010772705078125000 HTTP/1.1" 200 0 "-" "WordPress/6.8; https://arsn.media"
66.29.132.124 - - [25/Apr/2025:23:45:14 -0400] "POST /wp-admin/admin-ajax.php?action=async_litespeed&nonce=FlK97LOYMYodSJ6HT46GsWNKzvkhr1fE&litespeed_type=imgoptm HTTP/1.1" 200 0 "-" "WordPress/6.8; https://arsn.media"
216.244.66.201 - - [25/Apr/2025:23:45:09 -0400] "GET /ukdygc/rock-records-reviewed.html HTTP/1.1" 404 566523 "-" "Mozilla/5.0 (compatible; DotBot/1.2; +https://opensiteexplorer.org/dotbot; help@moz.com)"
66.29.132.124 - - [25/Apr/2025:23:46:07 -0400] "POST /wp-cron.php?doing_wp_cron=1745639167.0020720958709716796875 HTTP/1.1" 200 0 "-" "WordPress/6.8; https://arsn.media"
157.100.138.96 - - [25/Apr/2025:23:46:05 -0400] "GET /xmlrpc.php HTTP/1.1" 405 60 "http://arsn.media/xmlrpc.php" "Mozilla/5.0 (Windows NT 10.0; Win64; x64) AppleWebKit/537.36 (KHTML, like Gecko) Chrome/97.0.4692.99 Safari/537.36"
66.29.132.124 - - [25/Apr/2025:23:46:07 -0400] "POST /wp-admin/admin-ajax.php?action=async_litespeed&nonce=kWd6xqebmoJU7A925H5TNBIDautaAMIk&litespeed_type=imgoptm HTTP/1.1" 200 0 "-" "WordPress/6.8; https://arsn.media"
66.29.132.124 - - [25/Apr/2025:23:46:08 -0400] "POST /wp-admin/admin-ajax.php?action=as_async_request_queue_runner&nonce=874121055a HTTP/1.1" 200 0 "-" "WordPress/6.8; https://arsn.media"
5.29.21.224 - - [25/Apr/2025:23:46:10 -0400] "GET /xmlrpc.php HTTP/1.1" 405 60 "http://arsn.media/xmlrpc.php" "Mozilla/5.0 (Windows NT 10.0; Win64; x64) AppleWebKit/537.36 (KHTML, like Gecko) Chrome/97.0.4692.99 Safari/537.36"
66.29.132.191 - - [25/Apr/2025:23:57:11 -0400] "POST /xmlrpc.php HTTP/1.1" 200 0 "https://arsn.media" "Mozilla/5.0 (Windows NT 10.0; Win64; x64; rv:126.0) Gecko/20100101 Firefox/126.0"
66.29.132.124 - - [25/Apr/2025:23:57:33 -0400] "POST /wp-cron.php?doing_wp_cron=1745639852.4774839878082275390625 HTTP/1.1" 200 0 "-" "WordPress/6.8; https://arsn.media"
216.131.109.249 - - [26/Apr/2025:00:01:47 -0400] "GET / HTTP/1.0" 200 645986 "https://arsn.media/" "Mozilla/5.0 (Windows NT 10.0; Win64; x64) AppleWebKit/537.36 (KHTML, like Gecko) Chrome/131.0.0.0 Safari/537.36 Avast/131.0.0.0"
66.29.132.124 - - [26/Apr/2025:00:02:06 -0400] "POST /wp-cron.php?doing_wp_cron=1745640126.5400989055633544921875 HTTP/1.1" 200 0 "-" "WordPress/6.8; https://arsn.media"
66.29.132.124 - - [26/Apr/2025:00:02:08 -0400] "POST /wp-admin/admin-ajax.php?action=async_litespeed&nonce=PtNLsfyHA0fjfd4Fv5WHcdClLZcvWYCc&litespeed_type=imgoptm HTTP/1.1" 200 0 "-" "WordPress/6.8; https://arsn.media"
216.131.109.249 - - [26/Apr/2025:00:01:50 -0400] "POST /wp-admin/admin-ajax.php HTTP/1.0" 200 184 "https://arsn.media/" "Mozilla/5.0 (Windows NT 10.0; Win64; x64) AppleWebKit/537.36 (KHTML, like Gecko) Chrome/131.0.0.0 Safari/537.36 Avast/131.0.0.0"
212.34.153.180 - - [26/Apr/2025:00:12:37 -0400] "GET / HTTP/1.1" 200 72453 "-" "Mozilla/5.0 (Macintosh; Intel Mac OS X 10_15_7) AppleWebKit/537.36 (KHTML, like Gecko) Chrome/133.0.0.0 Safari/537.36"
37.130.15.38 - - [26/Apr/2025:00:12:40 -0400] "POST / HTTP/1.1" 200 0 "-" "Mozilla/5.0 (Macintosh; Intel Mac OS X 10_15_7) AppleWebKit/537.36 (KHTML, like Gecko) Chrome/133.0.0.0 Safari/537.36"
37.130.15.38 - - [26/Apr/2025:00:13:00 -0400] "POST / HTTP/1.1" 200 71686 "-" "Mozilla/5.0 (Windows NT 10.0; Win64; x64) AppleWebKit/537.36 (KHTML, like Gecko) Chrome/120.0.0.0 Safari/537.36"
37.130.15.38 - - [26/Apr/2025:00:13:21 -0400] "POST / HTTP/1.1" 200 72389 "-" "Mozilla/5.0 (Macintosh; Intel Mac OS X 10_15_7) AppleWebKit/537.36 (KHTML, like Gecko) Chrome/133.0.0.0 Safari/537.36"
212.34.153.180 - - [26/Apr/2025:00:13:40 -0400] "GET /comments/feed/ HTTP/1.1" 200 417 "-" "Mozilla/5.0 (Macintosh; Intel Mac OS X 10_15_7) AppleWebKit/537.36 (KHTML, like Gecko) Chrome/133.0.0.0 Safari/537.36"
212.34.153.180 - - [26/Apr/2025:00:13:42 -0400] "GET /contacts/ HTTP/1.1" 200 62490 "-" "Mozilla/5.0 (Macintosh; Intel Mac OS X 10_15_7) AppleWebKit/537.36 (KHTML, like Gecko) Chrome/133.0.0.0 Safari/537.36"
37.130.15.38 - - [26/Apr/2025:00:13:47 -0400] "POST /contacts/ HTTP/1.1" 200 60655 "-" "Mozilla/5.0 (Macintosh; Intel Mac OS X 10_15_7) AppleWebKit/537.36 (KHTML, like Gecko) Chrome/133.0.0.0 Safari/537.36"
37.130.15.38 - - [26/Apr/2025:00:13:57 -0400] "POST /contacts/ HTTP/1.1" 200 62435 "-" "Mozilla/5.0 (Windows NT 10.0; Win64; x64) AppleWebKit/537.36 (KHTML, like Gecko) Chrome/120.0.0.0 Safari/537.36"
37.130.15.38 - - [26/Apr/2025:00:14:03 -0400] "POST /contacts/ HTTP/1.1" 200 60655 "-" "Mozilla/5.0 (Macintosh; Intel Mac OS X 10_15_7) AppleWebKit/537.36 (KHTML, like Gecko) Chrome/133.0.0.0 Safari/537.36"
66.29.132.124 - - [26/Apr/2025:00:14:11 -0400] "POST /wp-cron.php?doing_wp_cron=1745640850.9728019237518310546875 HTTP/1.1" 200 0 "-" "WordPress/6.8; https://arsn.media"
66.29.132.124 - - [26/Apr/2025:00:14:13 -0400] "POST /wp-admin/admin-ajax.php?action=async_litespeed&nonce=mIGL6ckTsLocnmQK8go71vrBPX1znWxQ&litespeed_type=imgoptm HTTP/1.1" 200 0 "-" "WordPress/6.8; https://arsn.media"
37.130.15.38 - - [26/Apr/2025:00:14:09 -0400] "POST /contacts/ HTTP/1.1" 200 60655 "-" "Mozilla/5.0 (Windows NT 10.0; Win64; x64) AppleWebKit/537.36 (KHTML, like Gecko) Chrome/120.0.0.0 Safari/537.36"
212.34.153.180 - - [26/Apr/2025:00:14:15 -0400] "GET /blog/ HTTP/1.1" 200 63491 "-" "Mozilla/5.0 (Macintosh; Intel Mac OS X 10_15_7) AppleWebKit/537.36 (KHTML, like Gecko) Chrome/133.0.0.0 Safari/537.36"
37.130.15.38 - - [26/Apr/2025:00:14:18 -0400] "POST /blog/ HTTP/1.1" 200 64364 "-" "Mozilla/5.0 (Macintosh; Intel Mac OS X 10_15_7) AppleWebKit/537.36 (KHTML, like Gecko) Chrome/133.0.0.0 Safari/537.36"
37.130.15.38 - - [26/Apr/2025:00:14:24 -0400] "POST /blog/ HTTP/1.1" 200 63570 "-" "Mozilla/5.0 (Windows NT 10.0; Win64; x64) AppleWebKit/537.36 (KHTML, like Gecko) Chrome/120.0.0.0 Safari/537.36"
37.130.15.38 - - [26/Apr/2025:00:14:30 -0400] "POST /blog/ HTTP/1.1" 200 63435 "-" "Mozilla/5.0 (Macintosh; Intel Mac OS X 10_15_7) AppleWebKit/537.36 (KHTML, like Gecko) Chrome/133.0.0.0 Safari/537.36"
66.29.132.124 - - [26/Apr/2025:00:14:38 -0400] "POST /wp-cron.php?doing_wp_cron=1745640877.7068729400634765625000 HTTP/1.1" 200 0 "-" "WordPress/6.8; https://arsn.media"
37.130.15.38 - - [26/Apr/2025:00:14:36 -0400] "POST /blog/ HTTP/1.1" 200 64272 "-" "Mozilla/5.0 (Windows NT 10.0; Win64; x64) AppleWebKit/537.36 (KHTML, like Gecko) Chrome/120.0.0.0 Safari/537.36"
212.34.153.180 - - [26/Apr/2025:00:14:41 -0400] "GET /blog/page/2/ HTTP/1.1" 200 63600 "-" "Mozilla/5.0 (Macintosh; Intel Mac OS X 10_15_7) AppleWebKit/537.36 (KHTML, like Gecko) Chrome/133.0.0.0 Safari/537.36"
37.130.15.38 - - [26/Apr/2025:00:14:44 -0400] "POST /blog/page/2/ HTTP/1.1" 200 64578 "-" "Mozilla/5.0 (Macintosh; Intel Mac OS X 10_15_7) AppleWebKit/537.36 (KHTML, like Gecko) Chrome/133.0.0.0 Safari/537.36"
66.29.132.124 - - [26/Apr/2025:00:14:53 -0400] "POST /wp-cron.php?doing_wp_cron=1745640892.4257369041442871093750 HTTP/1.1" 200 0 "-" "WordPress/6.8; https://arsn.media"
37.130.15.38 - - [26/Apr/2025:00:14:50 -0400] "POST /blog/page/2/ HTTP/1.1" 200 63602 "-" "Mozilla/5.0 (Windows NT 10.0; Win64; x64) AppleWebKit/537.36 (KHTML, like Gecko) Chrome/120.0.0.0 Safari/537.36"
37.130.15.38 - - [26/Apr/2025:00:14:57 -0400] "POST /blog/page/2/ HTTP/1.1" 200 64578 "-" "Mozilla/5.0 (Macintosh; Intel Mac OS X 10_15_7) AppleWebKit/537.36 (KHTML, like Gecko) Chrome/133.0.0.0 Safari/537.36"
37.130.15.38 - - [26/Apr/2025:00:15:01 -0400] "POST /blog/page/2/ HTTP/1.1" 200 64683 "-" "Mozilla/5.0 (Windows NT 10.0; Win64; x64) AppleWebKit/537.36 (KHTML, like Gecko) Chrome/120.0.0.0 Safari/537.36"
212.34.153.180 - - [26/Apr/2025:00:15:07 -0400] "GET /blog/page/3/ HTTP/1.1" 200 64038 "-" "Mozilla/5.0 (Macintosh; Intel Mac OS X 10_15_7) AppleWebKit/537.36 (KHTML, like Gecko) Chrome/133.0.0.0 Safari/537.36"
37.130.15.38 - - [26/Apr/2025:00:15:11 -0400] "POST /blog/page/3/ HTTP/1.1" 200 64502 "-" "Mozilla/5.0 (Macintosh; Intel Mac OS X 10_15_7) AppleWebKit/537.36 (KHTML, like Gecko) Chrome/133.0.0.0 Safari/537.36"
37.130.15.38 - - [26/Apr/2025:00:15:17 -0400] "POST /blog/page/3/ HTTP/1.1" 200 63984 "-" "Mozilla/5.0 (Windows NT 10.0; Win64; x64) AppleWebKit/537.36 (KHTML, like Gecko) Chrome/120.0.0.0 Safari/537.36"
37.130.15.38 - - [26/Apr/2025:00:15:23 -0400] "POST /blog/page/3/ HTTP/1.1" 200 64451 "-" "Mozilla/5.0 (Macintosh; Intel Mac OS X 10_15_7) AppleWebKit/537.36 (KHTML, like Gecko) Chrome/133.0.0.0 Safari/537.36"
37.130.15.38 - - [26/Apr/2025:00:15:29 -0400] "POST /blog/page/3/ HTTP/1.1" 200 64502 "-" "Mozilla/5.0 (Windows NT 10.0; Win64; x64) AppleWebKit/537.36 (KHTML, like Gecko) Chrome/120.0.0.0 Safari/537.36"
212.34.153.180 - - [26/Apr/2025:00:15:33 -0400] "GET /blog/page/4/ HTTP/1.1" 200 64398 "-" "Mozilla/5.0 (Macintosh; Intel Mac OS X 10_15_7) AppleWebKit/537.36 (KHTML, like Gecko) Chrome/133.0.0.0 Safari/537.36"
37.130.15.38 - - [26/Apr/2025:00:15:37 -0400] "POST /blog/page/4/ HTTP/1.1" 200 63395 "-" "Mozilla/5.0 (Macintosh; Intel Mac OS X 10_15_7) AppleWebKit/537.36 (KHTML, like Gecko) Chrome/133.0.0.0 Safari/537.36"
37.130.15.38 - - [26/Apr/2025:00:15:42 -0400] "POST /blog/page/4/ HTTP/1.1" 200 63395 "-" "Mozilla/5.0 (Windows NT 10.0; Win64; x64) AppleWebKit/537.36 (KHTML, like Gecko) Chrome/120.0.0.0 Safari/537.36"
37.130.15.38 - - [26/Apr/2025:00:15:50 -0400] "POST /blog/page/4/ HTTP/1.1" 200 63390 "-" "Mozilla/5.0 (Macintosh; Intel Mac OS X 10_15_7) AppleWebKit/537.36 (KHTML, like Gecko) Chrome/133.0.0.0 Safari/537.36"
66.29.132.124 - - [26/Apr/2025:00:15:59 -0400] "POST /wp-cron.php?doing_wp_cron=1745640959.3874580860137939453125 HTTP/1.1" 200 0 "-" "WordPress/6.8; https://arsn.media"
37.130.15.38 - - [26/Apr/2025:00:15:58 -0400] "POST /blog/page/4/ HTTP/1.1" 200 63395 "-" "Mozilla/5.0 (Windows NT 10.0; Win64; x64) AppleWebKit/537.36 (KHTML, like Gecko) Chrome/120.0.0.0 Safari/537.36"
66.29.132.124 - - [26/Apr/2025:00:16:01 -0400] "POST /wp-admin/admin-ajax.php?action=async_litespeed&nonce=Vus59bJAQnLZegux667ipeEFICtSIwgJ&litespeed_type=imgoptm HTTP/1.1" 200 0 "-" "WordPress/6.8; https://arsn.media"
212.34.153.180 - - [26/Apr/2025:00:16:03 -0400] "GET /blog/page/5/ HTTP/1.1" 200 64092 "-" "Mozilla/5.0 (Macintosh; Intel Mac OS X 10_15_7) AppleWebKit/537.36 (KHTML, like Gecko) Chrome/133.0.0.0 Safari/537.36"
37.130.15.38 - - [26/Apr/2025:00:16:05 -0400] "POST /blog/page/5/ HTTP/1.1" 200 63953 "-" "Mozilla/5.0 (Macintosh; Intel Mac OS X 10_15_7) AppleWebKit/537.36 (KHTML, like Gecko) Chrome/133.0.0.0 Safari/537.36"
37.130.15.38 - - [26/Apr/2025:00:16:09 -0400] "POST /blog/page/5/ HTTP/1.1" 200 63966 "-" "Mozilla/5.0 (Windows NT 10.0; Win64; x64) AppleWebKit/537.36 (KHTML, like Gecko) Chrome/120.0.0.0 Safari/537.36"
37.130.15.38 - - [26/Apr/2025:00:16:14 -0400] "POST /blog/page/5/ HTTP/1.1" 200 63953 "-" "Mozilla/5.0 (Macintosh; Intel Mac OS X 10_15_7) AppleWebKit/537.36 (KHTML, like Gecko) Chrome/133.0.0.0 Safari/537.36"
37.130.15.38 - - [26/Apr/2025:00:16:17 -0400] "POST /blog/page/5/ HTTP/1.1" 200 64038 "-" "Mozilla/5.0 (Windows NT 10.0; Win64; x64) AppleWebKit/537.36 (KHTML, like Gecko) Chrome/120.0.0.0 Safari/537.36"
212.34.153.180 - - [26/Apr/2025:00:16:23 -0400] "GET /blog/page/6/ HTTP/1.1" 200 65034 "-" "Mozilla/5.0 (Macintosh; Intel Mac OS X 10_15_7) AppleWebKit/537.36 (KHTML, like Gecko) Chrome/133.0.0.0 Safari/537.36"
47.239.90.6 - - [26/Apr/2025:00:19:14 -0400] "HEAD /robots.txt HTTP/1.1" 200 0 "-" "Mozilla/5.0 (Windows NT 6.2; Win64; x64) AppleWebKit/537.36 (KHTML, like Gecko) Chrome/71.0.3782.139 Safari/537.36"
47.239.90.6 - - [26/Apr/2025:00:19:17 -0400] "GET /robots.txt HTTP/1.1" 200 121 "-" "Mozilla/5.0 (Windows NT 6.2; Win64; x64) AppleWebKit/537.36 (KHTML, like Gecko) Chrome/71.0.3782.139 Safari/537.36"
62.33.138.39 - - [26/Apr/2025:00:19:47 -0400] "GET / HTTP/1.0" 200 645986 "https://arsn.media/" "Mozilla/5.0 (Windows NT 10.0; Win64; x64) AppleWebKit/537.36 (KHTML, like Gecko) Chrome/131.0.0.0 Safari/537.36"
66.29.132.124 - - [26/Apr/2025:00:20:14 -0400] "POST /wp-cron.php?doing_wp_cron=1745641213.1689319610595703125000 HTTP/1.1" 200 0 "-" "WordPress/6.8; https://arsn.media"
66.29.132.124 - - [26/Apr/2025:00:20:17 -0400] "POST /wp-admin/admin-ajax.php?action=as_async_request_queue_runner&nonce=874121055a HTTP/1.1" 200 0 "-" "WordPress/6.8; https://arsn.media"
62.33.138.39 - - [26/Apr/2025:00:19:52 -0400] "POST /wp-admin/admin-ajax.php HTTP/1.0" 200 184 "https://arsn.media/" "Mozilla/5.0 (Windows NT 10.0; Win64; x64) AppleWebKit/537.36 (KHTML, like Gecko) Chrome/131.0.0.0 Safari/537.36"
62.33.138.39 - - [26/Apr/2025:00:20:19 -0400] "GET / HTTP/1.0" 200 639584 "https://arsn.media/" "Mozilla/5.0 (Windows NT 10.0; Win64; x64) AppleWebKit/537.36 (KHTML, like Gecko) Chrome/131.0.0.0 Safari/537.36"
3.144.26.11 - - [26/Apr/2025:00:20:36 -0400] "GET /robots.txt HTTP/1.1" 200 105 "-" "Mozilla/5.0 AppleWebKit/537.36 (KHTML, like Gecko; compatible; ClaudeBot/1.0; +claudebot@anthropic.com)"
3.144.26.11 - - [26/Apr/2025:00:20:37 -0400] "GET / HTTP/1.1" 200 48700 "-" "Mozilla/5.0 AppleWebKit/537.36 (KHTML, like Gecko; compatible; ClaudeBot/1.0; +claudebot@anthropic.com)"
202.8.43.236 - - [26/Apr/2025:00:22:37 -0400] "GET /seo-for-pest-control-companies/ HTTP/1.1" 200 59368 "-" "Mozilla/5.0 (compatible; AhrefsBot/7.0; +http://ahrefs.com/robot/)"
216.244.66.201 - - [26/Apr/2025:00:22:38 -0400] "GET /robots.txt HTTP/1.1" 200 168 "-" "Mozilla/5.0 (compatible; DotBot/1.2; +https://opensiteexplorer.org/dotbot; help@moz.com)"
66.29.132.124 - - [26/Apr/2025:00:23:47 -0400] "POST /wp-cron.php?doing_wp_cron=1745641426.9720098972320556640625 HTTP/1.1" 200 0 "-" "WordPress/6.8; https://arsn.media"
52.167.144.168 - - [26/Apr/2025:00:23:35 -0400] "GET /sitemap_index.xml HTTP/1.1" 200 273 "-" "Mozilla/5.0 AppleWebKit/537.36 (KHTML, like Gecko; compatible; bingbot/2.0; +http://www.bing.com/bingbot.htm) Chrome/116.0.1938.76 Safari/537.36"
66.29.132.124 - - [26/Apr/2025:00:23:49 -0400] "POST /wp-admin/admin-ajax.php?action=async_litespeed&nonce=p7DNcDHMzCGrUxiy98WDl1whWtwwSSAr&litespeed_type=imgoptm HTTP/1.1" 200 0 "-" "WordPress/6.8; https://arsn.media"
66.29.132.124 - - [26/Apr/2025:00:25:07 -0400] "POST /wp-cron.php?doing_wp_cron=1745641505.0700280666351318359375 HTTP/1.1" 200 0 "-" "WordPress/6.8; https://arsn.media"
216.244.66.201 - - [26/Apr/2025:00:25:03 -0400] "GET /snw9shr/hospitality-nye.html HTTP/1.1" 404 566243 "-" "Mozilla/5.0 (compatible; DotBot/1.2; +https://opensiteexplorer.org/dotbot; help@moz.com)"
216.244.66.201 - - [26/Apr/2025:00:25:54 -0400] "GET /808/spring-boot-refresh-token.html HTTP/1.1" 404 566579 "-" "Mozilla/5.0 (compatible; DotBot/1.2; +https://opensiteexplorer.org/dotbot; help@moz.com)"
66.29.132.124 - - [26/Apr/2025:00:26:38 -0400] "POST /wp-cron.php?doing_wp_cron=1745641596.4562280178070068359375 HTTP/1.1" 200 0 "-" "WordPress/6.8; https://arsn.media"
216.244.66.201 - - [26/Apr/2025:00:26:34 -0400] "GET /mlp/iccid-number-generator.html HTTP/1.1" 404 566411 "-" "Mozilla/5.0 (compatible; DotBot/1.2; +https://opensiteexplorer.org/dotbot; help@moz.com)"
216.244.66.201 - - [26/Apr/2025:00:27:16 -0400] "GET /snw9shr/algs-standings-2022.html HTTP/1.1" 404 566467 "-" "Mozilla/5.0 (compatible; DotBot/1.2; +https://opensiteexplorer.org/dotbot; help@moz.com)"
66.29.137.140 - - [26/Apr/2025:00:27:26 -0400] "POST /xmlrpc.php HTTP/1.1" 200 212 "https://arsn.media" "Mozilla/5.0 (Macintosh; Intel Mac OS X 14.5) AppleWebKit/618.3.5 (KHTML, like Gecko) Version/17.4 Safari/618.3.5"
45.142.104.250 - - [26/Apr/2025:00:40:53 -0400] "POST /xmlrpc.php HTTP/1.1" 200 0 "-" "Mozilla/5.0 (X11; Fedora; Linux x86_64; rv:94.0) Gecko/20100101 Firefox/95.0"
66.29.132.124 - - [26/Apr/2025:00:41:26 -0400] "POST /wp-cron.php?doing_wp_cron=1745642484.5986349582672119140625 HTTP/1.1" 200 0 "-" "WordPress/6.8; https://arsn.media"
66.29.132.124 - - [26/Apr/2025:00:42:37 -0400] "POST /wp-cron.php?doing_wp_cron=1745642557.1195800304412841796875 HTTP/1.1" 200 0 "-" "WordPress/6.8; https://arsn.media"
3.128.226.211 - - [26/Apr/2025:00:42:35 -0400] "GET /2025/01/03/a-complete-guide-to-seo-for-pest-control-companies HTTP/1.1" 301 0 "-" "Mozilla/5.0 AppleWebKit/537.36 (KHTML, like Gecko; compatible; ClaudeBot/1.0; +claudebot@anthropic.com)"
66.29.132.124 - - [26/Apr/2025:00:42:40 -0400] "POST /wp-admin/admin-ajax.php?action=async_litespeed&nonce=2WrpUnIDsd1sECUmb8ignjNUUjXTpn5P&litespeed_type=imgoptm HTTP/1.1" 200 0 "-" "WordPress/6.8; https://arsn.media"
3.128.226.211 - - [26/Apr/2025:00:42:40 -0400] "GET /2025/01/03/a-complete-guide-to-seo-for-pest-control-companies/ HTTP/1.1" 200 0 "https://arsn.media/2025/01/03/a-complete-guide-to-seo-for-pest-control-companies" "Mozilla/5.0 AppleWebKit/537.36 (KHTML, like Gecko; compatible; ClaudeBot/1.0; +claudebot@anthropic.com)"
66.29.132.183 - - [26/Apr/2025:00:51:43 -0400] "POST /xmlrpc.php HTTP/1.1" 200 0 "https://arsn.media" "Mozilla/5.0 (Windows NT 11.0; Win64; x64; rv:126.0) Gecko/20100101 Firefox/126.0"
66.29.132.124 - - [26/Apr/2025:00:52:15 -0400] "POST /wp-cron.php?doing_wp_cron=1745643134.7021410465240478515625 HTTP/1.1" 200 0 "-" "WordPress/6.8; https://arsn.media"
66.29.132.124 - - [26/Apr/2025:00:52:23 -0400] "POST /wp-admin/admin-ajax.php?action=async_litespeed&nonce=Xb62ivjr6CMA8WNJIp74oF2cxJvFAxvN&litespeed_type=imgoptm HTTP/1.1" 200 0 "-" "WordPress/6.8; https://arsn.media"
14.116.211.167 - - [26/Apr/2025:00:57:03 -0400] "GET /wp-login.php HTTP/1.1" 200 2130 "-" "Apache-HttpClient/4.5.2 (Java/1.8.0_161)"
66.29.132.124 - - [26/Apr/2025:00:57:25 -0400] "POST /wp-cron.php?doing_wp_cron=1745643445.0243289470672607421875 HTTP/1.1" 200 0 "-" "WordPress/6.8; https://arsn.media"
14.116.211.167 - - [26/Apr/2025:00:57:05 -0400] "GET /?author=1 HTTP/1.1" 301 0 "-" "Apache-HttpClient/4.5.2 (Java/1.8.0_161)"
14.116.211.167 - - [26/Apr/2025:00:57:27 -0400] "GET /author/marsalanaleem/ HTTP/1.1" 200 64737 "-" "Apache-HttpClient/4.5.2 (Java/1.8.0_161)"
66.29.132.124 - - [26/Apr/2025:00:57:27 -0400] "POST /wp-admin/admin-ajax.php?action=async_litespeed&nonce=hOPduDqlb3b28GJPNv6YXks9tgnXR8FR&litespeed_type=imgoptm HTTP/1.1" 200 0 "-" "WordPress/6.8; https://arsn.media"
14.116.211.167 - - [26/Apr/2025:00:57:28 -0400] "GET /?author=2 HTTP/1.1" 404 61120 "-" "Apache-HttpClient/4.5.2 (Java/1.8.0_161)"
66.29.132.124 - - [26/Apr/2025:00:57:39 -0400] "POST /wp-cron.php?doing_wp_cron=1745643458.7783479690551757812500 HTTP/1.1" 200 0 "-" "WordPress/6.8; https://arsn.media"
14.116.211.167 - - [26/Apr/2025:00:57:37 -0400] "GET /?author=3 HTTP/1.1" 404 61665 "-" "Apache-HttpClient/4.5.2 (Java/1.8.0_161)"
66.29.132.124 - - [26/Apr/2025:00:57:41 -0400] "POST /wp-admin/admin-ajax.php?action=async_litespeed&nonce=QMq3ilUiygERtSGu3spJX3uLzMu2HdSm&litespeed_type=imgoptm HTTP/1.1" 200 0 "-" "WordPress/6.8; https://arsn.media"
14.116.211.167 - - [26/Apr/2025:00:57:41 -0400] "GET /?author=4 HTTP/1.1" 404 61099 "-" "Apache-HttpClient/4.5.2 (Java/1.8.0_161)"
14.116.211.167 - - [26/Apr/2025:00:57:44 -0400] "GET /?author=5 HTTP/1.1" 404 61665 "-" "Apache-HttpClient/4.5.2 (Java/1.8.0_161)"
14.116.211.167 - - [26/Apr/2025:00:57:47 -0400] "GET /?author=6 HTTP/1.1" 404 61184 "-" "Apache-HttpClient/4.5.2 (Java/1.8.0_161)"
66.29.132.124 - - [26/Apr/2025:00:57:51 -0400] "POST /wp-cron.php?doing_wp_cron=1745643471.0349640846252441406250 HTTP/1.1" 200 0 "-" "WordPress/6.8; https://arsn.media"
14.116.211.167 - - [26/Apr/2025:00:57:50 -0400] "GET /?author=7 HTTP/1.1" 404 61670 "-" "Apache-HttpClient/4.5.2 (Java/1.8.0_161)"
14.116.211.167 - - [26/Apr/2025:00:57:52 -0400] "GET /?author=8 HTTP/1.1" 404 61664 "-" "Apache-HttpClient/4.5.2 (Java/1.8.0_161)"
14.116.211.167 - - [26/Apr/2025:00:57:56 -0400] "GET /?author=9 HTTP/1.1" 404 61665 "-" "Apache-HttpClient/4.5.2 (Java/1.8.0_161)"
14.116.211.167 - - [26/Apr/2025:00:57:59 -0400] "GET /?author=10 HTTP/1.1" 404 61717 "-" "Apache-HttpClient/4.5.2 (Java/1.8.0_161)"
14.116.211.167 - - [26/Apr/2025:00:58:01 -0400] "GET /?author=11 HTTP/1.1" 404 61678 "-" "Apache-HttpClient/4.5.2 (Java/1.8.0_161)"
14.116.211.167 - - [26/Apr/2025:00:58:04 -0400] "GET /?author=12 HTTP/1.1" 404 59732 "-" "Apache-HttpClient/4.5.2 (Java/1.8.0_161)"
14.116.211.167 - - [26/Apr/2025:00:58:07 -0400] "GET /?author=13 HTTP/1.1" 404 61717 "-" "Apache-HttpClient/4.5.2 (Java/1.8.0_161)"
14.116.211.167 - - [26/Apr/2025:00:58:11 -0400] "GET /?author=14 HTTP/1.1" 404 61154 "-" "Apache-HttpClient/4.5.2 (Java/1.8.0_161)"
14.116.211.167 - - [26/Apr/2025:00:58:15 -0400] "GET /?author=15 HTTP/1.1" 404 61152 "-" "Apache-HttpClient/4.5.2 (Java/1.8.0_161)"
14.116.211.167 - - [26/Apr/2025:00:58:18 -0400] "GET /?author=16 HTTP/1.1" 404 61717 "-" "Apache-HttpClient/4.5.2 (Java/1.8.0_161)"
14.116.211.167 - - [26/Apr/2025:00:58:22 -0400] "GET /?author=17 HTTP/1.1" 404 61721 "-" "Apache-HttpClient/4.5.2 (Java/1.8.0_161)"
14.116.211.167 - - [26/Apr/2025:00:58:25 -0400] "GET /?author=18 HTTP/1.1" 404 61152 "-" "Apache-HttpClient/4.5.2 (Java/1.8.0_161)"
14.116.211.167 - - [26/Apr/2025:00:58:29 -0400] "GET /?author=19 HTTP/1.1" 404 61152 "-" "Apache-HttpClient/4.5.2 (Java/1.8.0_161)"
14.116.211.167 - - [26/Apr/2025:00:58:32 -0400] "GET /?author=20 HTTP/1.1" 404 61219 "-" "Apache-HttpClient/4.5.2 (Java/1.8.0_161)"
66.29.132.124 - - [26/Apr/2025:00:58:43 -0400] "POST /wp-cron.php?doing_wp_cron=1745643522.5969529151916503906250 HTTP/1.1" 200 0 "-" "WordPress/6.8; https://arsn.media"
14.116.211.167 - - [26/Apr/2025:00:58:40 -0400] "GET /xmlrpc.php HTTP/1.1" 405 60 "-" "Apache-HttpClient/4.5.2 (Java/1.8.0_161)"
14.116.211.167 - - [26/Apr/2025:00:58:54 -0400] "POST /xmlrpc.php HTTP/1.1" 200 212 "-" "Apache-HttpClient/4.5.2 (Java/1.8.0_161)"
14.116.211.167 - - [26/Apr/2025:00:58:56 -0400] "POST /xmlrpc.php HTTP/1.1" 200 212 "-" "Apache-HttpClient/4.5.2 (Java/1.8.0_161)"
14.116.211.167 - - [26/Apr/2025:00:58:59 -0400] "POST /xmlrpc.php HTTP/1.1" 200 212 "-" "Apache-HttpClient/4.5.2 (Java/1.8.0_161)"
14.116.211.167 - - [26/Apr/2025:00:59:02 -0400] "POST /xmlrpc.php HTTP/1.1" 200 212 "-" "Apache-HttpClient/4.5.2 (Java/1.8.0_161)"
14.116.211.167 - - [26/Apr/2025:00:59:05 -0400] "POST /xmlrpc.php HTTP/1.1" 200 212 "-" "Apache-HttpClient/4.5.2 (Java/1.8.0_161)"
14.116.211.167 - - [26/Apr/2025:00:59:07 -0400] "POST /xmlrpc.php HTTP/1.1" 200 212 "-" "Apache-HttpClient/4.5.2 (Java/1.8.0_161)"
14.116.211.167 - - [26/Apr/2025:00:59:24 -0400] "POST /xmlrpc.php HTTP/1.1" 200 812 "-" "Apache-HttpClient/4.5.2 (Java/1.8.0_161)"
14.116.211.167 - - [26/Apr/2025:00:59:26 -0400] "POST /xmlrpc.php HTTP/1.1" 200 812 "-" "Apache-HttpClient/4.5.2 (Java/1.8.0_161)"
14.116.211.167 - - [26/Apr/2025:00:59:29 -0400] "POST /xmlrpc.php HTTP/1.1" 200 812 "-" "Apache-HttpClient/4.5.2 (Java/1.8.0_161)"
14.116.211.167 - - [26/Apr/2025:00:59:31 -0400] "POST /xmlrpc.php HTTP/1.1" 200 812 "-" "Apache-HttpClient/4.5.2 (Java/1.8.0_161)"
14.116.211.167 - - [26/Apr/2025:00:59:34 -0400] "POST /xmlrpc.php HTTP/1.1" 200 812 "-" "Apache-HttpClient/4.5.2 (Java/1.8.0_161)"
14.116.211.167 - - [26/Apr/2025:00:59:38 -0400] "POST /xmlrpc.php HTTP/1.1" 200 812 "-" "Apache-HttpClient/4.5.2 (Java/1.8.0_161)"
14.116.211.167 - - [26/Apr/2025:00:59:54 -0400] "POST /xmlrpc.php HTTP/1.1" 200 812 "-" "Apache-HttpClient/4.5.2 (Java/1.8.0_161)"
107.150.0.65 - - [26/Apr/2025:01:04:32 -0400] "GET /.env HTTP/1.1" 403 1242 "-" "Mozilla/5.0 (Windows NT 10.0; Win64; x64) AppleWebKit/537.36 (KHTML, like Gecko) Chrome/119.0.0.0 Safari/537.36"
107.150.0.65 - - [26/Apr/2025:01:04:33 -0400] "POST / HTTP/1.1" 508 829 "-" "Mozilla/5.0 (Windows NT 10.0; Win64; x64) AppleWebKit/537.36 (KHTML, like Gecko) Chrome/119.0.0.0 Safari/537.36"
14.116.211.167 - - [26/Apr/2025:00:59:59 -0400] "POST /xmlrpc.php HTTP/1.1" 200 0 "-" "Apache-HttpClient/4.5.2 (Java/1.8.0_161)"
14.116.211.167 - - [26/Apr/2025:01:00:05 -0400] "POST /xmlrpc.php HTTP/1.1" 200 0 "-" "Apache-HttpClient/4.5.2 (Java/1.8.0_161)"
14.116.211.167 - - [26/Apr/2025:01:00:14 -0400] "POST /xmlrpc.php HTTP/1.1" 200 0 "-" "Apache-HttpClient/4.5.2 (Java/1.8.0_161)"
14.116.211.167 - - [26/Apr/2025:01:00:35 -0400] "POST /xmlrpc.php HTTP/1.1" 200 0 "-" "Apache-HttpClient/4.5.2 (Java/1.8.0_161)"
14.116.211.167 - - [26/Apr/2025:01:00:42 -0400] "POST /xmlrpc.php HTTP/1.1" 200 0 "-" "Apache-HttpClient/4.5.2 (Java/1.8.0_161)"
14.116.211.167 - - [26/Apr/2025:01:00:52 -0400] "POST /xmlrpc.php HTTP/1.1" 200 0 "-" "Apache-HttpClient/4.5.2 (Java/1.8.0_161)"
14.116.211.167 - - [26/Apr/2025:01:00:58 -0400] "POST /xmlrpc.php HTTP/1.1" 200 0 "-" "Apache-HttpClient/4.5.2 (Java/1.8.0_161)"
14.116.211.167 - - [26/Apr/2025:01:01:03 -0400] "POST /xmlrpc.php HTTP/1.1" 200 0 "-" "Apache-HttpClient/4.5.2 (Java/1.8.0_161)"
14.116.211.167 - - [26/Apr/2025:01:01:09 -0400] "POST /xmlrpc.php HTTP/1.1" 200 0 "-" "Apache-HttpClient/4.5.2 (Java/1.8.0_161)"
14.116.211.167 - - [26/Apr/2025:01:01:19 -0400] "POST /xmlrpc.php HTTP/1.1" 200 0 "-" "Apache-HttpClient/4.5.2 (Java/1.8.0_161)"
14.116.211.167 - - [26/Apr/2025:01:01:24 -0400] "POST /xmlrpc.php HTTP/1.1" 200 0 "-" "Apache-HttpClient/4.5.2 (Java/1.8.0_161)"
14.116.211.167 - - [26/Apr/2025:01:01:45 -0400] "POST /xmlrpc.php HTTP/1.1" 200 0 "-" "Apache-HttpClient/4.5.2 (Java/1.8.0_161)"
14.116.211.167 - - [26/Apr/2025:01:01:51 -0400] "POST /xmlrpc.php HTTP/1.1" 200 0 "-" "Apache-HttpClient/4.5.2 (Java/1.8.0_161)"
14.116.211.167 - - [26/Apr/2025:01:01:57 -0400] "POST /xmlrpc.php HTTP/1.1" 200 0 "-" "Apache-HttpClient/4.5.2 (Java/1.8.0_161)"
14.116.211.167 - - [26/Apr/2025:01:02:08 -0400] "POST /xmlrpc.php HTTP/1.1" 200 0 "-" "Apache-HttpClient/4.5.2 (Java/1.8.0_161)"
14.116.211.167 - - [26/Apr/2025:01:02:14 -0400] "POST /xmlrpc.php HTTP/1.1" 200 0 "-" "Apache-HttpClient/4.5.2 (Java/1.8.0_161)"
14.116.211.167 - - [26/Apr/2025:01:02:19 -0400] "POST /xmlrpc.php HTTP/1.1" 200 0 "-" "Apache-HttpClient/4.5.2 (Java/1.8.0_161)"
14.116.211.167 - - [26/Apr/2025:01:02:29 -0400] "POST /xmlrpc.php HTTP/1.1" 200 0 "-" "Apache-HttpClient/4.5.2 (Java/1.8.0_161)"
14.116.211.167 - - [26/Apr/2025:01:02:33 -0400] "POST /xmlrpc.php HTTP/1.1" 200 0 "-" "Apache-HttpClient/4.5.2 (Java/1.8.0_161)"
14.116.211.167 - - [26/Apr/2025:01:02:44 -0400] "POST /xmlrpc.php HTTP/1.1" 200 0 "-" "Apache-HttpClient/4.5.2 (Java/1.8.0_161)"
14.116.211.167 - - [26/Apr/2025:01:02:56 -0400] "POST /xmlrpc.php HTTP/1.1" 200 0 "-" "Apache-HttpClient/4.5.2 (Java/1.8.0_161)"
14.116.211.167 - - [26/Apr/2025:01:03:01 -0400] "POST /xmlrpc.php HTTP/1.1" 200 0 "-" "Apache-HttpClient/4.5.2 (Java/1.8.0_161)"
14.116.211.167 - - [26/Apr/2025:01:03:10 -0400] "POST /xmlrpc.php HTTP/1.1" 200 0 "-" "Apache-HttpClient/4.5.2 (Java/1.8.0_161)"
14.116.211.167 - - [26/Apr/2025:01:03:16 -0400] "POST /xmlrpc.php HTTP/1.1" 200 0 "-" "Apache-HttpClient/4.5.2 (Java/1.8.0_161)"
14.116.211.167 - - [26/Apr/2025:01:03:27 -0400] "POST /xmlrpc.php HTTP/1.1" 200 0 "-" "Apache-HttpClient/4.5.2 (Java/1.8.0_161)"
216.244.66.201 - - [26/Apr/2025:01:08:35 -0400] "GET /robots.txt HTTP/1.1" 200 168 "-" "Mozilla/5.0 (compatible; DotBot/1.2; +https://opensiteexplorer.org/dotbot; help@moz.com)"
14.116.211.167 - - [26/Apr/2025:01:03:39 -0400] "POST /xmlrpc.php HTTP/1.1" 200 0 "-" "Apache-HttpClient/4.5.2 (Java/1.8.0_161)"
14.116.211.167 - - [26/Apr/2025:01:03:47 -0400] "POST /xmlrpc.php HTTP/1.1" 200 0 "-" "Apache-HttpClient/4.5.2 (Java/1.8.0_161)"
14.116.211.167 - - [26/Apr/2025:01:04:07 -0400] "POST /xmlrpc.php HTTP/1.1" 200 0 "-" "Apache-HttpClient/4.5.2 (Java/1.8.0_161)"
14.116.211.167 - - [26/Apr/2025:01:04:13 -0400] "POST /xmlrpc.php HTTP/1.1" 200 0 "-" "Apache-HttpClient/4.5.2 (Java/1.8.0_161)"
14.116.211.167 - - [26/Apr/2025:01:04:32 -0400] "POST /xmlrpc.php HTTP/1.1" 200 0 "-" "Apache-HttpClient/4.5.2 (Java/1.8.0_161)"
14.116.211.167 - - [26/Apr/2025:01:04:47 -0400] "POST /xmlrpc.php HTTP/1.1" 200 0 "-" "Apache-HttpClient/4.5.2 (Java/1.8.0_161)"
14.116.211.167 - - [26/Apr/2025:01:04:57 -0400] "POST /xmlrpc.php HTTP/1.1" 200 0 "-" "Apache-HttpClient/4.5.2 (Java/1.8.0_161)"
14.116.211.167 - - [26/Apr/2025:01:05:05 -0400] "POST /xmlrpc.php HTTP/1.1" 200 0 "-" "Apache-HttpClient/4.5.2 (Java/1.8.0_161)"
14.116.211.167 - - [26/Apr/2025:01:05:16 -0400] "POST /xmlrpc.php HTTP/1.1" 200 0 "-" "Apache-HttpClient/4.5.2 (Java/1.8.0_161)"
14.116.211.167 - - [26/Apr/2025:01:05:21 -0400] "POST /xmlrpc.php HTTP/1.1" 200 0 "-" "Apache-HttpClient/4.5.2 (Java/1.8.0_161)"
14.116.211.167 - - [26/Apr/2025:01:05:33 -0400] "POST /xmlrpc.php HTTP/1.1" 200 0 "-" "Apache-HttpClient/4.5.2 (Java/1.8.0_161)"
14.116.211.167 - - [26/Apr/2025:01:05:40 -0400] "POST /xmlrpc.php HTTP/1.1" 200 0 "-" "Apache-HttpClient/4.5.2 (Java/1.8.0_161)"
14.116.211.167 - - [26/Apr/2025:01:05:49 -0400] "POST /xmlrpc.php HTTP/1.1" 200 0 "-" "Apache-HttpClient/4.5.2 (Java/1.8.0_161)"
14.116.211.167 - - [26/Apr/2025:01:05:59 -0400] "POST /xmlrpc.php HTTP/1.1" 200 0 "-" "Apache-HttpClient/4.5.2 (Java/1.8.0_161)"
14.116.211.167 - - [26/Apr/2025:01:06:05 -0400] "POST /xmlrpc.php HTTP/1.1" 200 0 "-" "Apache-HttpClient/4.5.2 (Java/1.8.0_161)"
14.116.211.167 - - [26/Apr/2025:01:06:14 -0400] "POST /xmlrpc.php HTTP/1.1" 200 0 "-" "Apache-HttpClient/4.5.2 (Java/1.8.0_161)"
14.116.211.167 - - [26/Apr/2025:01:06:19 -0400] "POST /xmlrpc.php HTTP/1.1" 200 0 "-" "Apache-HttpClient/4.5.2 (Java/1.8.0_161)"
14.116.211.167 - - [26/Apr/2025:01:06:25 -0400] "POST /xmlrpc.php HTTP/1.1" 200 0 "-" "Apache-HttpClient/4.5.2 (Java/1.8.0_161)"
91.142.73.116 - - [26/Apr/2025:01:11:37 -0400] "GET / HTTP/1.0" 200 645986 "https://arsn.media/" "Mozilla/5.0 (Windows NT 10.0; Win64; x64) AppleWebKit/537.36 (KHTML, like Gecko) Chrome/131.0.0.0 Safari/537.36"
14.116.211.167 - - [26/Apr/2025:01:06:41 -0400] "POST /xmlrpc.php HTTP/1.1" 200 0 "-" "Apache-HttpClient/4.5.2 (Java/1.8.0_161)"
216.244.66.201 - - [26/Apr/2025:01:11:22 -0400] "GET /808/neurological-disorders-in-cocker-spaniels.html HTTP/1.1" 200 0 "-" "Mozilla/5.0 (compatible; DotBot/1.2; +https://opensiteexplorer.org/dotbot; help@moz.com)"
14.116.211.167 - - [26/Apr/2025:01:06:46 -0400] "POST /xmlrpc.php HTTP/1.1" 200 0 "-" "Apache-HttpClient/4.5.2 (Java/1.8.0_161)"
66.29.132.124 - - [26/Apr/2025:01:11:47 -0400] "POST /wp-cron.php?doing_wp_cron=1745644307.1163930892944335937500 HTTP/1.1" 200 0 "-" "WordPress/6.8; https://arsn.media"
66.29.132.124 - - [26/Apr/2025:01:11:49 -0400] "POST /wp-admin/admin-ajax.php?action=async_litespeed&nonce=uf030noENFRYzwHDJvo28hGzmDmQwqux&litespeed_type=imgoptm HTTP/1.1" 200 0 "-" "WordPress/6.8; https://arsn.media"
14.116.211.167 - - [26/Apr/2025:01:06:52 -0400] "POST /xmlrpc.php HTTP/1.1" 200 0 "-" "Apache-HttpClient/4.5.2 (Java/1.8.0_161)"
216.244.66.201 - - [26/Apr/2025:01:11:52 -0400] "GET /808/seekonk-route-6.html HTTP/1.1" 404 566019 "-" "Mozilla/5.0 (compatible; DotBot/1.2; +https://opensiteexplorer.org/dotbot; help@moz.com)"
14.116.211.167 - - [26/Apr/2025:01:07:03 -0400] "POST /xmlrpc.php HTTP/1.1" 200 0 "-" "Apache-HttpClient/4.5.2 (Java/1.8.0_161)"
14.116.211.167 - - [26/Apr/2025:01:07:09 -0400] "POST /xmlrpc.php HTTP/1.1" 200 0 "-" "Apache-HttpClient/4.5.2 (Java/1.8.0_161)"
14.116.211.167 - - [26/Apr/2025:01:07:17 -0400] "POST /xmlrpc.php HTTP/1.1" 200 0 "-" "Apache-HttpClient/4.5.2 (Java/1.8.0_161)"
14.116.211.167 - - [26/Apr/2025:01:07:26 -0400] "POST /xmlrpc.php HTTP/1.1" 200 0 "-" "Apache-HttpClient/4.5.2 (Java/1.8.0_161)"
66.29.132.124 - - [26/Apr/2025:01:12:35 -0400] "POST /wp-cron.php?doing_wp_cron=1745644354.9415040016174316406250 HTTP/1.1" 200 0 "-" "WordPress/6.8; https://arsn.media"
216.244.66.201 - - [26/Apr/2025:01:12:33 -0400] "GET /808/craigslist-near-manchester.html HTTP/1.1" 404 566635 "-" "Mozilla/5.0 (compatible; DotBot/1.2; +https://opensiteexplorer.org/dotbot; help@moz.com)"
66.29.132.124 - - [26/Apr/2025:01:12:37 -0400] "POST /wp-admin/admin-ajax.php?action=async_litespeed&nonce=dluML7yJvnzHdB6tyXF0wu3eIuuIbSiT&litespeed_type=imgoptm HTTP/1.1" 200 0 "-" "WordPress/6.8; https://arsn.media"
14.116.211.167 - - [26/Apr/2025:01:07:41 -0400] "POST /xmlrpc.php HTTP/1.1" 200 0 "-" "Apache-HttpClient/4.5.2 (Java/1.8.0_161)"
14.116.211.167 - - [26/Apr/2025:01:07:47 -0400] "POST /xmlrpc.php HTTP/1.1" 200 0 "-" "Apache-HttpClient/4.5.2 (Java/1.8.0_161)"
14.116.211.167 - - [26/Apr/2025:01:07:53 -0400] "POST /xmlrpc.php HTTP/1.1" 200 0 "-" "Apache-HttpClient/4.5.2 (Java/1.8.0_161)"
14.116.211.167 - - [26/Apr/2025:01:07:58 -0400] "POST /xmlrpc.php HTTP/1.1" 200 0 "-" "Apache-HttpClient/4.5.2 (Java/1.8.0_161)"
14.116.211.167 - - [26/Apr/2025:01:08:04 -0400] "POST /xmlrpc.php HTTP/1.1" 200 0 "-" "Apache-HttpClient/4.5.2 (Java/1.8.0_161)"
14.116.211.167 - - [26/Apr/2025:01:08:10 -0400] "POST /xmlrpc.php HTTP/1.1" 200 0 "-" "Apache-HttpClient/4.5.2 (Java/1.8.0_161)"
66.29.132.124 - - [26/Apr/2025:01:13:19 -0400] "POST /wp-cron.php?doing_wp_cron=1745644396.9324910640716552734375 HTTP/1.1" 200 0 "-" "WordPress/6.8; https://arsn.media"
216.244.66.201 - - [26/Apr/2025:01:13:15 -0400] "GET /808/google-exclamation-mark.html HTTP/1.1" 404 566467 "-" "Mozilla/5.0 (compatible; DotBot/1.2; +https://opensiteexplorer.org/dotbot; help@moz.com)"
14.116.211.167 - - [26/Apr/2025:01:08:19 -0400] "POST /xmlrpc.php HTTP/1.1" 200 0 "-" "Apache-HttpClient/4.5.2 (Java/1.8.0_161)"
14.116.211.167 - - [26/Apr/2025:01:08:24 -0400] "POST /xmlrpc.php HTTP/1.1" 200 0 "-" "Apache-HttpClient/4.5.2 (Java/1.8.0_161)"
14.116.211.167 - - [26/Apr/2025:01:08:34 -0400] "POST /xmlrpc.php HTTP/1.1" 200 0 "-" "Apache-HttpClient/4.5.2 (Java/1.8.0_161)"
14.116.211.167 - - [26/Apr/2025:01:08:40 -0400] "POST /xmlrpc.php HTTP/1.1" 200 0 "-" "Apache-HttpClient/4.5.2 (Java/1.8.0_161)"
14.116.211.167 - - [26/Apr/2025:01:08:47 -0400] "POST /xmlrpc.php HTTP/1.1" 200 0 "-" "Apache-HttpClient/4.5.2 (Java/1.8.0_161)"
14.116.211.167 - - [26/Apr/2025:01:08:52 -0400] "POST /xmlrpc.php HTTP/1.1" 200 0 "-" "Apache-HttpClient/4.5.2 (Java/1.8.0_161)"
