217.182.194.41 - - [26/Apr/2025:07:13:13 -0400] "GET /mlp/%EF%BB%BFhttp://52-sell.com/o4q/2013-ford-focus-radio.html HTTP/1.1" 301 0 "-" "Mozilla/5.0 (compatible; MJ12bot/v1.4.8; http://mj12bot.com/)"
217.182.194.41 - - [26/Apr/2025:07:13:16 -0400] "GET /mlp/%EF%BB%BFhttp:/52-sell.com/o4q/2013-ford-focus-radio.html HTTP/1.1" 404 39380 "-" "Mozilla/5.0 (compatible; MJ12bot/v1.4.8; http://mj12bot.com/)"
217.182.194.41 - - [26/Apr/2025:07:13:19 -0400] "GET /mlp/%EF%BB%BFhttp://52-sell.com/o4q/2013-hyundai-elantra-engine-problems.html HTTP/1.1" 301 0 "-" "Mozilla/5.0 (compatible; MJ12bot/v1.4.8; http://mj12bot.com/)"
217.182.194.41 - - [26/Apr/2025:07:13:21 -0400] "GET /mlp/%EF%BB%BFhttp:/52-sell.com/o4q/2013-hyundai-elantra-engine-problems.html HTTP/1.1" 404 39382 "-" "Mozilla/5.0 (compatible; MJ12bot/v1.4.8; http://mj12bot.com/)"
217.182.194.41 - - [26/Apr/2025:07:13:24 -0400] "GET /mlp/%EF%BB%BFhttp://52-sell.com/o4q/2014-infiniti-q50-premium-reliability.html HTTP/1.1" 301 0 "-" "Mozilla/5.0 (compatible; MJ12bot/v1.4.8; http://mj12bot.com/)"
217.182.194.41 - - [26/Apr/2025:07:13:26 -0400] "GET /mlp/%EF%BB%BFhttp:/52-sell.com/o4q/2014-infiniti-q50-premium-reliability.html HTTP/1.1" 404 39281 "-" "Mozilla/5.0 (compatible; MJ12bot/v1.4.8; http://mj12bot.com/)"
217.182.194.41 - - [26/Apr/2025:07:13:29 -0400] "GET /mlp/%EF%BB%BFhttp://52-sell.com/o4q/anycubic-vyper-build-volume.html HTTP/1.1" 301 0 "-" "Mozilla/5.0 (compatible; MJ12bot/v1.4.8; http://mj12bot.com/)"
217.182.194.41 - - [26/Apr/2025:07:13:31 -0400] "GET /mlp/%EF%BB%BFhttp:/52-sell.com/o4q/anycubic-vyper-build-volume.html HTTP/1.1" 404 39439 "-" "Mozilla/5.0 (compatible; MJ12bot/v1.4.8; http://mj12bot.com/)"
66.29.132.124 - - [26/Apr/2025:07:13:34 -0400] "POST /wp-cron.php?doing_wp_cron=1745666014.1986770629882812500000 HTTP/1.1" 200 0 "-" "WordPress/6.8; https://arsn.media"
217.182.194.41 - - [26/Apr/2025:07:13:33 -0400] "GET /mlp/%EF%BB%BFhttp://52-sell.com/o4q/apartment-buildings-for-sale-in-austin-texas.html HTTP/1.1" 301 0 "-" "Mozilla/5.0 (compatible; MJ12bot/v1.4.8; http://mj12bot.com/)"
66.29.132.124 - - [26/Apr/2025:07:13:34 -0400] "POST /wp-admin/admin-ajax.php?action=async_litespeed&nonce=4ccpOUgwJgsRrUDvJAvVqvLulLqIgfmd&litespeed_type=imgoptm HTTP/1.1" 200 21 "-" "WordPress/6.8; https://arsn.media"
217.182.194.41 - - [26/Apr/2025:07:13:35 -0400] "GET /mlp/%EF%BB%BFhttp:/52-sell.com/o4q/apartment-buildings-for-sale-in-austin-texas.html HTTP/1.1" 404 39319 "-" "Mozilla/5.0 (compatible; MJ12bot/v1.4.8; http://mj12bot.com/)"
217.182.194.41 - - [26/Apr/2025:07:13:39 -0400] "GET /mlp/%EF%BB%BFhttp://52-sell.com/o4q/apktool-windows.html HTTP/1.1" 301 0 "-" "Mozilla/5.0 (compatible; MJ12bot/v1.4.8; http://mj12bot.com/)"
217.182.194.41 - - [26/Apr/2025:07:13:41 -0400] "GET /mlp/%EF%BB%BFhttp:/52-sell.com/o4q/apktool-windows.html HTTP/1.1" 404 39268 "-" "Mozilla/5.0 (compatible; MJ12bot/v1.4.8; http://mj12bot.com/)"
217.182.194.41 - - [26/Apr/2025:07:13:44 -0400] "GET /mlp/%EF%BB%BFhttp://52-sell.com/o4q/appalachia-stories.html HTTP/1.1" 301 0 "-" "Mozilla/5.0 (compatible; MJ12bot/v1.4.8; http://mj12bot.com/)"
217.182.194.41 - - [26/Apr/2025:07:13:46 -0400] "GET /mlp/%EF%BB%BFhttp:/52-sell.com/o4q/appalachia-stories.html HTTP/1.1" 404 39395 "-" "Mozilla/5.0 (compatible; MJ12bot/v1.4.8; http://mj12bot.com/)"
217.182.194.41 - - [26/Apr/2025:07:13:49 -0400] "GET /mlp/%EF%BB%BFhttp://52-sell.com/o4q/aqueduct-otb-results.html HTTP/1.1" 301 0 "-" "Mozilla/5.0 (compatible; MJ12bot/v1.4.8; http://mj12bot.com/)"
66.29.132.124 - - [26/Apr/2025:07:13:51 -0400] "POST /wp-cron.php?doing_wp_cron=1745666031.5711250305175781250000 HTTP/1.1" 200 0 "-" "WordPress/6.8; https://arsn.media"
217.182.194.41 - - [26/Apr/2025:07:13:51 -0400] "GET /mlp/%EF%BB%BFhttp:/52-sell.com/o4q/aqueduct-otb-results.html HTTP/1.1" 404 39319 "-" "Mozilla/5.0 (compatible; MJ12bot/v1.4.8; http://mj12bot.com/)"
217.182.194.41 - - [26/Apr/2025:07:13:53 -0400] "GET /mlp/%EF%BB%BFhttp://52-sell.com/o4q/aramex-shop-and-ship.html HTTP/1.1" 301 0 "-" "Mozilla/5.0 (compatible; MJ12bot/v1.4.8; http://mj12bot.com/)"
217.182.194.41 - - [26/Apr/2025:07:13:56 -0400] "GET /mlp/%EF%BB%BFhttp:/52-sell.com/o4q/aramex-shop-and-ship.html HTTP/1.1" 404 39360 "-" "Mozilla/5.0 (compatible; MJ12bot/v1.4.8; http://mj12bot.com/)"
217.182.194.41 - - [26/Apr/2025:07:13:59 -0400] "GET /mlp/%EF%BB%BFhttp://52-sell.com/o4q/area-419-sidewinder-vs-hellfire.html HTTP/1.1" 301 0 "-" "Mozilla/5.0 (compatible; MJ12bot/v1.4.8; http://mj12bot.com/)"
217.182.194.41 - - [26/Apr/2025:07:14:01 -0400] "GET /mlp/%EF%BB%BFhttp:/52-sell.com/o4q/area-419-sidewinder-vs-hellfire.html HTTP/1.1" 404 39233 "-" "Mozilla/5.0 (compatible; MJ12bot/v1.4.8; http://mj12bot.com/)"
217.182.194.41 - - [26/Apr/2025:07:14:03 -0400] "GET /mlp/%EF%BB%BFhttp://52-sell.com/o4q/argentina-fake-address-with-zip-code.html HTTP/1.1" 301 0 "-" "Mozilla/5.0 (compatible; MJ12bot/v1.4.8; http://mj12bot.com/)"
217.182.194.41 - - [26/Apr/2025:07:14:06 -0400] "GET /mlp/%EF%BB%BFhttp:/52-sell.com/o4q/argentina-fake-address-with-zip-code.html HTTP/1.1" 404 39416 "-" "Mozilla/5.0 (compatible; MJ12bot/v1.4.8; http://mj12bot.com/)"
217.182.194.41 - - [26/Apr/2025:07:14:09 -0400] "GET /mlp/%EF%BB%BFhttp://52-sell.com/o4q/argentina-steam-account-ban.html HTTP/1.1" 301 0 "-" "Mozilla/5.0 (compatible; MJ12bot/v1.4.8; http://mj12bot.com/)"
217.182.194.41 - - [26/Apr/2025:07:14:11 -0400] "GET /mlp/%EF%BB%BFhttp:/52-sell.com/o4q/argentina-steam-account-ban.html HTTP/1.1" 404 39392 "-" "Mozilla/5.0 (compatible; MJ12bot/v1.4.8; http://mj12bot.com/)"
217.182.194.41 - - [26/Apr/2025:07:14:14 -0400] "GET /mlp/%EF%BB%BFhttp://52-sell.com/o4q/arizona-nursing-license.html HTTP/1.1" 301 0 "-" "Mozilla/5.0 (compatible; MJ12bot/v1.4.8; http://mj12bot.com/)"
217.182.194.41 - - [26/Apr/2025:07:14:17 -0400] "GET /mlp/%EF%BB%BFhttp:/52-sell.com/o4q/arizona-nursing-license.html HTTP/1.1" 404 39209 "-" "Mozilla/5.0 (compatible; MJ12bot/v1.4.8; http://mj12bot.com/)"
217.182.194.41 - - [26/Apr/2025:07:14:20 -0400] "GET /mlp/%EF%BB%BFhttp://52-sell.com/o4q/ark-how-to-paint-dinos-pc.html HTTP/1.1" 301 0 "-" "Mozilla/5.0 (compatible; MJ12bot/v1.4.8; http://mj12bot.com/)"
217.182.194.41 - - [26/Apr/2025:07:14:23 -0400] "GET /mlp/%EF%BB%BFhttp:/52-sell.com/o4q/ark-how-to-paint-dinos-pc.html HTTP/1.1" 404 39589 "-" "Mozilla/5.0 (compatible; MJ12bot/v1.4.8; http://mj12bot.com/)"
217.182.194.41 - - [26/Apr/2025:07:14:26 -0400] "GET /mlp/%EF%BB%BFhttp://52-sell.com/o4q/arrogant-tae-instagram.html HTTP/1.1" 301 0 "-" "Mozilla/5.0 (compatible; MJ12bot/v1.4.8; http://mj12bot.com/)"
217.182.194.41 - - [26/Apr/2025:07:14:28 -0400] "GET /mlp/%EF%BB%BFhttp:/52-sell.com/o4q/arrogant-tae-instagram.html HTTP/1.1" 404 39227 "-" "Mozilla/5.0 (compatible; MJ12bot/v1.4.8; http://mj12bot.com/)"
217.182.194.41 - - [26/Apr/2025:07:14:31 -0400] "GET /mlp/%EF%BB%BFhttp://52-sell.com/o4q/artillery-genius-simplify3d-profile.html HTTP/1.1" 301 0 "-" "Mozilla/5.0 (compatible; MJ12bot/v1.4.8; http://mj12bot.com/)"
66.29.132.124 - - [26/Apr/2025:07:14:34 -0400] "POST /wp-cron.php?doing_wp_cron=1745666074.8604049682617187500000 HTTP/1.1" 200 0 "-" "WordPress/6.8; https://arsn.media"
217.182.194.41 - - [26/Apr/2025:07:14:34 -0400] "GET /mlp/%EF%BB%BFhttp:/52-sell.com/o4q/artillery-genius-simplify3d-profile.html HTTP/1.1" 404 39332 "-" "Mozilla/5.0 (compatible; MJ12bot/v1.4.8; http://mj12bot.com/)"
66.29.132.124 - - [26/Apr/2025:07:14:36 -0400] "POST /wp-admin/admin-ajax.php?action=async_litespeed&nonce=EGFBS69DtUsiojsIEW9RDuZwpb11HNCZ&litespeed_type=imgoptm HTTP/1.1" 200 21 "-" "WordPress/6.8; https://arsn.media"
217.182.194.41 - - [26/Apr/2025:07:14:37 -0400] "GET /mlp/%EF%BB%BFhttp://52-sell.com/o4q/ascend-2-insurance.html HTTP/1.1" 301 0 "-" "Mozilla/5.0 (compatible; MJ12bot/v1.4.8; http://mj12bot.com/)"
217.182.194.41 - - [26/Apr/2025:07:14:40 -0400] "GET /mlp/%EF%BB%BFhttp:/52-sell.com/o4q/ascend-2-insurance.html HTTP/1.1" 404 39392 "-" "Mozilla/5.0 (compatible; MJ12bot/v1.4.8; http://mj12bot.com/)"
217.182.194.41 - - [26/Apr/2025:07:14:43 -0400] "GET /mlp/%EF%BB%BFhttp://52-sell.com/o4q/ashlelnok-tiktok.html HTTP/1.1" 301 0 "-" "Mozilla/5.0 (compatible; MJ12bot/v1.4.8; http://mj12bot.com/)"
217.182.194.41 - - [26/Apr/2025:07:14:45 -0400] "GET /mlp/%EF%BB%BFhttp:/52-sell.com/o4q/ashlelnok-tiktok.html HTTP/1.1" 404 39305 "-" "Mozilla/5.0 (compatible; MJ12bot/v1.4.8; http://mj12bot.com/)"
217.182.194.41 - - [26/Apr/2025:07:14:48 -0400] "GET /mlp/%EF%BB%BFhttp://52-sell.com/o4q/ashley-furniture-sectional-replacement-cushion-covers.html HTTP/1.1" 301 0 "-" "Mozilla/5.0 (compatible; MJ12bot/v1.4.8; http://mj12bot.com/)"
66.29.132.124 - - [26/Apr/2025:07:14:51 -0400] "POST /wp-cron.php?doing_wp_cron=1745666091.1250588893890380859375 HTTP/1.1" 200 0 "-" "WordPress/6.8; https://arsn.media"
217.182.194.41 - - [26/Apr/2025:07:14:50 -0400] "GET /mlp/%EF%BB%BFhttp:/52-sell.com/o4q/ashley-furniture-sectional-replacement-cushion-covers.html HTTP/1.1" 404 39361 "-" "Mozilla/5.0 (compatible; MJ12bot/v1.4.8; http://mj12bot.com/)"
217.182.194.41 - - [26/Apr/2025:07:14:53 -0400] "GET /mlp/%EF%BB%BFhttp://52-sell.com/o4q/ashrae-99-design-temperature.html HTTP/1.1" 301 0 "-" "Mozilla/5.0 (compatible; MJ12bot/v1.4.8; http://mj12bot.com/)"
217.182.194.41 - - [26/Apr/2025:07:14:56 -0400] "GET /mlp/%EF%BB%BFhttp:/52-sell.com/o4q/ashrae-99-design-temperature.html HTTP/1.1" 404 39251 "-" "Mozilla/5.0 (compatible; MJ12bot/v1.4.8; http://mj12bot.com/)"
217.182.194.41 - - [26/Apr/2025:07:14:59 -0400] "GET /mlp/%EF%BB%BFhttp://52-sell.com/o4q/assign-material-to-vertex-group-blender.html HTTP/1.1" 301 0 "-" "Mozilla/5.0 (compatible; MJ12bot/v1.4.8; http://mj12bot.com/)"
217.182.194.41 - - [26/Apr/2025:07:15:03 -0400] "GET /mlp/%EF%BB%BFhttp:/52-sell.com/o4q/assign-material-to-vertex-group-blender.html HTTP/1.1" 404 39333 "-" "Mozilla/5.0 (compatible; MJ12bot/v1.4.8; http://mj12bot.com/)"
217.182.194.41 - - [26/Apr/2025:07:15:07 -0400] "GET /mlp/%EF%BB%BFhttp://52-sell.com/o4q/assistant-vice-president-barclays-salary-india.html HTTP/1.1" 301 0 "-" "Mozilla/5.0 (compatible; MJ12bot/v1.4.8; http://mj12bot.com/)"
217.182.194.41 - - [26/Apr/2025:07:15:10 -0400] "GET /mlp/%EF%BB%BFhttp:/52-sell.com/o4q/assistant-vice-president-barclays-salary-india.html HTTP/1.1" 404 39342 "-" "Mozilla/5.0 (compatible; MJ12bot/v1.4.8; http://mj12bot.com/)"
217.182.194.41 - - [26/Apr/2025:07:15:14 -0400] "GET /mlp/%EF%BB%BFhttp://52-sell.com/o4q/astra-vxr-stage-2-bhp.html HTTP/1.1" 301 0 "-" "Mozilla/5.0 (compatible; MJ12bot/v1.4.8; http://mj12bot.com/)"
217.182.194.41 - - [26/Apr/2025:07:15:17 -0400] "GET /mlp/%EF%BB%BFhttp:/52-sell.com/o4q/astra-vxr-stage-2-bhp.html HTTP/1.1" 404 39389 "-" "Mozilla/5.0 (compatible; MJ12bot/v1.4.8; http://mj12bot.com/)"
217.182.194.41 - - [26/Apr/2025:07:15:20 -0400] "GET /mlp/%EF%BB%BFhttp://52-sell.com/o4q/astrological-moon-calendar-2022.html HTTP/1.1" 301 0 "-" "Mozilla/5.0 (compatible; MJ12bot/v1.4.8; http://mj12bot.com/)"
217.182.194.41 - - [26/Apr/2025:07:15:23 -0400] "GET /mlp/%EF%BB%BFhttp:/52-sell.com/o4q/astrological-moon-calendar-2022.html HTTP/1.1" 404 39230 "-" "Mozilla/5.0 (compatible; MJ12bot/v1.4.8; http://mj12bot.com/)"
217.182.194.41 - - [26/Apr/2025:07:15:28 -0400] "GET /mlp/%EF%BB%BFhttp://52-sell.com/o4q/asus-prime-z690-manual.html HTTP/1.1" 301 0 "-" "Mozilla/5.0 (compatible; MJ12bot/v1.4.8; http://mj12bot.com/)"
217.182.194.41 - - [26/Apr/2025:07:15:30 -0400] "GET /mlp/%EF%BB%BFhttp:/52-sell.com/o4q/asus-prime-z690-manual.html HTTP/1.1" 404 39229 "-" "Mozilla/5.0 (compatible; MJ12bot/v1.4.8; http://mj12bot.com/)"
66.29.132.124 - - [26/Apr/2025:07:15:36 -0400] "POST /wp-cron.php?doing_wp_cron=1745666136.2638990879058837890625 HTTP/1.1" 200 0 "-" "WordPress/6.8; https://arsn.media"
217.182.194.41 - - [26/Apr/2025:07:15:35 -0400] "GET /mlp/%EF%BB%BFhttp://52-sell.com/o4q/asus-secure-boot-windows-11-reddit.html HTTP/1.1" 301 0 "-" "Mozilla/5.0 (compatible; MJ12bot/v1.4.8; http://mj12bot.com/)"
66.29.132.124 - - [26/Apr/2025:07:15:37 -0400] "POST /wp-admin/admin-ajax.php?action=async_litespeed&nonce=3M9JSdkijDf5aHof2apyKVh0mWXk0fHI&litespeed_type=imgoptm HTTP/1.1" 200 0 "-" "WordPress/6.8; https://arsn.media"
66.29.132.124 - - [26/Apr/2025:07:15:39 -0400] "POST /wp-admin/admin-ajax.php?action=as_async_request_queue_runner&nonce=874121055a HTTP/1.1" 200 0 "-" "WordPress/6.8; https://arsn.media"
217.182.194.41 - - [26/Apr/2025:07:15:38 -0400] "GET /mlp/%EF%BB%BFhttp:/52-sell.com/o4q/asus-secure-boot-windows-11-reddit.html HTTP/1.1" 404 39182 "-" "Mozilla/5.0 (compatible; MJ12bot/v1.4.8; http://mj12bot.com/)"
217.182.194.41 - - [26/Apr/2025:07:15:42 -0400] "GET /mlp/%EF%BB%BFhttp://52-sell.com/o4q/ataaps-leave-request.html HTTP/1.1" 301 0 "-" "Mozilla/5.0 (compatible; MJ12bot/v1.4.8; http://mj12bot.com/)"
217.182.194.41 - - [26/Apr/2025:07:15:45 -0400] "GET /mlp/%EF%BB%BFhttp:/52-sell.com/o4q/ataaps-leave-request.html HTTP/1.1" 404 39383 "-" "Mozilla/5.0 (compatible; MJ12bot/v1.4.8; http://mj12bot.com/)"
217.182.194.41 - - [26/Apr/2025:07:15:48 -0400] "GET /mlp/%EF%BB%BFhttp://52-sell.com/o4q/attleboro-sun-chronicle-obituaries.html HTTP/1.1" 301 0 "-" "Mozilla/5.0 (compatible; MJ12bot/v1.4.8; http://mj12bot.com/)"
66.29.132.124 - - [26/Apr/2025:07:15:51 -0400] "POST /wp-cron.php?doing_wp_cron=1745666151.8455750942230224609375 HTTP/1.1" 200 0 "-" "WordPress/6.8; https://arsn.media"
217.182.194.41 - - [26/Apr/2025:07:15:51 -0400] "GET /mlp/%EF%BB%BFhttp:/52-sell.com/o4q/attleboro-sun-chronicle-obituaries.html HTTP/1.1" 404 39181 "-" "Mozilla/5.0 (compatible; MJ12bot/v1.4.8; http://mj12bot.com/)"
217.182.194.41 - - [26/Apr/2025:07:15:55 -0400] "GET /mlp/%EF%BB%BFhttp://52-sell.com/o4q/au-falcon-cam-upgrade.html HTTP/1.1" 301 0 "-" "Mozilla/5.0 (compatible; MJ12bot/v1.4.8; http://mj12bot.com/)"
217.182.194.41 - - [26/Apr/2025:07:15:57 -0400] "GET /mlp/%EF%BB%BFhttp:/52-sell.com/o4q/au-falcon-cam-upgrade.html HTTP/1.1" 404 39333 "-" "Mozilla/5.0 (compatible; MJ12bot/v1.4.8; http://mj12bot.com/)"
217.182.194.41 - - [26/Apr/2025:07:16:00 -0400] "GET /mlp/%EF%BB%BFhttp://52-sell.com/o4q/audi-a3-navigation-sd-card.html HTTP/1.1" 301 0 "-" "Mozilla/5.0 (compatible; MJ12bot/v1.4.8; http://mj12bot.com/)"
217.182.194.41 - - [26/Apr/2025:07:16:02 -0400] "GET /mlp/%EF%BB%BFhttp:/52-sell.com/o4q/audi-a3-navigation-sd-card.html HTTP/1.1" 404 39423 "-" "Mozilla/5.0 (compatible; MJ12bot/v1.4.8; http://mj12bot.com/)"
217.182.194.41 - - [26/Apr/2025:07:16:05 -0400] "GET /mlp/%EF%BB%BFhttp://52-sell.com/o4q/audials-movie-crack.html HTTP/1.1" 301 0 "-" "Mozilla/5.0 (compatible; MJ12bot/v1.4.8; http://mj12bot.com/)"
217.182.194.41 - - [26/Apr/2025:07:16:08 -0400] "GET /mlp/%EF%BB%BFhttp:/52-sell.com/o4q/audials-movie-crack.html HTTP/1.1" 404 39311 "-" "Mozilla/5.0 (compatible; MJ12bot/v1.4.8; http://mj12bot.com/)"
217.182.194.41 - - [26/Apr/2025:07:16:11 -0400] "GET /mlp/%EF%BB%BFhttp://52-sell.com/o4q/auto-buy-credit-inventory.html HTTP/1.1" 301 0 "-" "Mozilla/5.0 (compatible; MJ12bot/v1.4.8; http://mj12bot.com/)"
217.182.194.41 - - [26/Apr/2025:07:16:14 -0400] "GET /mlp/%EF%BB%BFhttp:/52-sell.com/o4q/auto-buy-credit-inventory.html HTTP/1.1" 404 39509 "-" "Mozilla/5.0 (compatible; MJ12bot/v1.4.8; http://mj12bot.com/)"
217.182.194.41 - - [26/Apr/2025:07:16:16 -0400] "GET /mlp/%EF%BB%BFhttp://52-sell.com/o4q/auto-repair-houston.html HTTP/1.1" 301 0 "-" "Mozilla/5.0 (compatible; MJ12bot/v1.4.8; http://mj12bot.com/)"
217.182.194.41 - - [26/Apr/2025:07:16:18 -0400] "GET /mlp/%EF%BB%BFhttp:/52-sell.com/o4q/auto-repair-houston.html HTTP/1.1" 404 39358 "-" "Mozilla/5.0 (compatible; MJ12bot/v1.4.8; http://mj12bot.com/)"
217.182.194.41 - - [26/Apr/2025:07:16:21 -0400] "GET /mlp/%EF%BB%BFhttp://52-sell.com/o4q/auto-source-colorado-springs.html HTTP/1.1" 301 0 "-" "Mozilla/5.0 (compatible; MJ12bot/v1.4.8; http://mj12bot.com/)"
217.182.194.41 - - [26/Apr/2025:07:16:23 -0400] "GET /mlp/%EF%BB%BFhttp:/52-sell.com/o4q/auto-source-colorado-springs.html HTTP/1.1" 404 39288 "-" "Mozilla/5.0 (compatible; MJ12bot/v1.4.8; http://mj12bot.com/)"
217.182.194.41 - - [26/Apr/2025:07:16:26 -0400] "GET /mlp/%EF%BB%BFhttp://52-sell.com/o4q/automatic-pool-surface-cleaner.html HTTP/1.1" 301 0 "-" "Mozilla/5.0 (compatible; MJ12bot/v1.4.8; http://mj12bot.com/)"
217.182.194.41 - - [26/Apr/2025:07:16:28 -0400] "GET /mlp/%EF%BB%BFhttp:/52-sell.com/o4q/automatic-pool-surface-cleaner.html HTTP/1.1" 404 39277 "-" "Mozilla/5.0 (compatible; MJ12bot/v1.4.8; http://mj12bot.com/)"
217.182.194.41 - - [26/Apr/2025:07:16:31 -0400] "GET /mlp/%EF%BB%BFhttp://52-sell.com/o4q/autonomous-navigation-github.html HTTP/1.1" 301 0 "-" "Mozilla/5.0 (compatible; MJ12bot/v1.4.8; http://mj12bot.com/)"
66.29.132.124 - - [26/Apr/2025:07:16:34 -0400] "POST /wp-cron.php?doing_wp_cron=1745666194.5519258975982666015625 HTTP/1.1" 200 0 "-" "WordPress/6.8; https://arsn.media"
217.182.194.41 - - [26/Apr/2025:07:16:34 -0400] "GET /mlp/%EF%BB%BFhttp:/52-sell.com/o4q/autonomous-navigation-github.html HTTP/1.1" 404 39252 "-" "Mozilla/5.0 (compatible; MJ12bot/v1.4.8; http://mj12bot.com/)"
40.77.167.48 - - [26/Apr/2025:07:16:35 -0400] "GET / HTTP/1.1" 200 48662 "-" "Mozilla/5.0 (Windows NT 6.1; WOW64) AppleWebKit/534+ (KHTML, like Gecko) BingPreview/1.0b"
66.29.132.124 - - [26/Apr/2025:07:16:35 -0400] "POST /wp-admin/admin-ajax.php?action=async_litespeed&nonce=GzCkks6B0OWYTtXTcCx9kEsseBWegGO7&litespeed_type=imgoptm HTTP/1.1" 200 21 "-" "WordPress/6.8; https://arsn.media"
52.167.144.139 - - [26/Apr/2025:07:16:37 -0400] "GET /wp-content/uploads/2020/09/cropped-ARSN-PNG-32x32.png HTTP/1.1" 200 2003 "-" "Mozilla/5.0 (Windows NT 6.1; WOW64) AppleWebKit/534+ (KHTML, like Gecko) BingPreview/1.0b"
217.182.194.41 - - [26/Apr/2025:07:16:37 -0400] "GET /mlp/%EF%BB%BFhttp://52-sell.com/o4q/aws-formula-1-partnership.html HTTP/1.1" 301 0 "-" "Mozilla/5.0 (compatible; MJ12bot/v1.4.8; http://mj12bot.com/)"
40.77.167.48 - - [26/Apr/2025:07:16:38 -0400] "GET /wp-content/uploads/2020/09/cropped-ARSN-PNG-192x192.png HTTP/1.1" 200 38008 "-" "Mozilla/5.0 (Windows NT 6.1; WOW64) AppleWebKit/534+ (KHTML, like Gecko) BingPreview/1.0b"
40.77.167.48 - - [26/Apr/2025:07:16:39 -0400] "GET /wp-content/uploads/2020/09/cropped-ARSN-PNG-180x180.png HTTP/1.1" 200 34282 "-" "Mozilla/5.0 (Windows NT 6.1; WOW64) AppleWebKit/534+ (KHTML, like Gecko) BingPreview/1.0b"
52.167.144.139 - - [26/Apr/2025:07:16:40 -0400] "GET /favicon.ico HTTP/1.1" 404 1251 "-" "Mozilla/5.0 (Windows NT 6.1; WOW64) AppleWebKit/534+ (KHTML, like Gecko) BingPreview/1.0b"
217.182.194.41 - - [26/Apr/2025:07:16:39 -0400] "GET /mlp/%EF%BB%BFhttp:/52-sell.com/o4q/aws-formula-1-partnership.html HTTP/1.1" 404 39586 "-" "Mozilla/5.0 (compatible; MJ12bot/v1.4.8; http://mj12bot.com/)"
20.110.58.60 - - [26/Apr/2025:07:16:41 -0400] "GET /favicon.ico HTTP/1.1" 404 1251 "-" "Mozilla/5.0 (Windows NT 10.0; Win64; x64) AppleWebKit/537.36 (KHTML, like Gecko) Chrome/119.0.0.0 Safari/537.36"
217.182.194.41 - - [26/Apr/2025:07:16:42 -0400] "GET /mlp/%EF%BB%BFhttp://52-sell.com/o4q/b-series-all-motor-pistons.html HTTP/1.1" 301 0 "-" "Mozilla/5.0 (compatible; MJ12bot/v1.4.8; http://mj12bot.com/)"
217.182.194.41 - - [26/Apr/2025:07:16:45 -0400] "GET /mlp/%EF%BB%BFhttp:/52-sell.com/o4q/b-series-all-motor-pistons.html HTTP/1.1" 404 39328 "-" "Mozilla/5.0 (compatible; MJ12bot/v1.4.8; http://mj12bot.com/)"
217.182.194.41 - - [26/Apr/2025:07:16:48 -0400] "GET /mlp/%EF%BB%BFhttp://52-sell.com/o4q/baby-albino-alligator-for-sale.html HTTP/1.1" 301 0 "-" "Mozilla/5.0 (compatible; MJ12bot/v1.4.8; http://mj12bot.com/)"
66.29.132.124 - - [26/Apr/2025:07:16:51 -0400] "POST /wp-cron.php?doing_wp_cron=1745666211.0813980102539062500000 HTTP/1.1" 200 0 "-" "WordPress/6.8; https://arsn.media"
217.182.194.41 - - [26/Apr/2025:07:16:50 -0400] "GET /mlp/%EF%BB%BFhttp:/52-sell.com/o4q/baby-albino-alligator-for-sale.html HTTP/1.1" 404 39277 "-" "Mozilla/5.0 (compatible; MJ12bot/v1.4.8; http://mj12bot.com/)"
217.182.194.41 - - [26/Apr/2025:07:16:53 -0400] "GET /mlp/%EF%BB%BFhttp://52-sell.com/o4q/bach-prelude-in-c-major-guitar-tab-pdf.html HTTP/1.1" 301 0 "-" "Mozilla/5.0 (compatible; MJ12bot/v1.4.8; http://mj12bot.com/)"
217.182.194.41 - - [26/Apr/2025:07:16:55 -0400] "GET /mlp/%EF%BB%BFhttp:/52-sell.com/o4q/bach-prelude-in-c-major-guitar-tab-pdf.html HTTP/1.1" 404 39298 "-" "Mozilla/5.0 (compatible; MJ12bot/v1.4.8; http://mj12bot.com/)"
217.182.194.41 - - [26/Apr/2025:07:16:58 -0400] "GET /mlp/%EF%BB%BFhttp://52-sell.com/o4q/bactoferm-for-salami.html HTTP/1.1" 301 0 "-" "Mozilla/5.0 (compatible; MJ12bot/v1.4.8; http://mj12bot.com/)"
217.182.194.41 - - [26/Apr/2025:07:17:00 -0400] "GET /mlp/%EF%BB%BFhttp:/52-sell.com/o4q/bactoferm-for-salami.html HTTP/1.1" 404 39361 "-" "Mozilla/5.0 (compatible; MJ12bot/v1.4.8; http://mj12bot.com/)"
217.182.194.41 - - [26/Apr/2025:07:17:02 -0400] "GET /mlp/%EF%BB%BFhttp://52-sell.com/o4q/zootopia-x-male-reader-wattpad.html HTTP/1.1" 301 0 "-" "Mozilla/5.0 (compatible; MJ12bot/v1.4.8; http://mj12bot.com/)"
217.182.194.41 - - [26/Apr/2025:07:17:05 -0400] "GET /mlp/%EF%BB%BFhttp:/52-sell.com/o4q/zootopia-x-male-reader-wattpad.html HTTP/1.1" 404 39221 "-" "Mozilla/5.0 (compatible; MJ12bot/v1.4.8; http://mj12bot.com/)"
66.29.132.124 - - [26/Apr/2025:07:23:25 -0400] "POST /wp-cron.php?doing_wp_cron=1745666605.3011949062347412109375 HTTP/1.1" 200 0 "-" "WordPress/6.8; https://arsn.media"
66.29.132.124 - - [26/Apr/2025:07:23:26 -0400] "POST /wp-admin/admin-ajax.php?action=async_litespeed&nonce=HfoNilcuT4o8QhOfJa0uJkzyOW6s38Ch&litespeed_type=imgoptm HTTP/1.1" 200 0 "-" "WordPress/6.8; https://arsn.media"
134.17.14.122 - - [26/Apr/2025:07:23:15 -0400] "GET /userfuns.php HTTP/1.1" 404 39399 "-" "Mozilla/4.0 (compatible; MSIE 6.0; Windows NT 5.1; SV1)"
216.244.66.201 - - [26/Apr/2025:07:28:08 -0400] "GET /robots.txt HTTP/1.1" 200 168 "-" "Mozilla/5.0 (compatible; DotBot/1.2; +https://opensiteexplorer.org/dotbot; help@moz.com)"
66.29.132.124 - - [26/Apr/2025:07:28:34 -0400] "POST /wp-cron.php?doing_wp_cron=1745666913.8449730873107910156250 HTTP/1.1" 200 0 "-" "WordPress/6.8; https://arsn.media"
114.119.154.200 - - [26/Apr/2025:07:28:20 -0400] "GET /author/marsalanaleem/page/1/ HTTP/1.1" 301 0 "https://arsn.media/author/marsalanaleem/page/2/" "Mozilla/5.0 (Linux; Android 7.0;) AppleWebKit/537.36 (KHTML, like Gecko) Mobile Safari/537.36 (compatible; PetalBot;+https://webmaster.petalsearch.com/site/petalbot)"
66.29.132.124 - - [26/Apr/2025:07:28:35 -0400] "POST /wp-admin/admin-ajax.php?action=async_litespeed&nonce=rlfnvPnu8FybJC9Dw68TuYRLceiJ320k&litespeed_type=imgoptm HTTP/1.1" 200 0 "-" "WordPress/6.8; https://arsn.media"
114.119.154.200 - - [26/Apr/2025:07:28:35 -0400] "GET /author/marsalanaleem/ HTTP/1.1" 200 64787 "https://arsn.media/author/marsalanaleem/page/2/" "Mozilla/5.0 (Linux; Android 7.0;) AppleWebKit/537.36 (KHTML, like Gecko) Mobile Safari/537.36 (compatible; PetalBot;+https://webmaster.petalsearch.com/site/petalbot)"
66.29.132.124 - - [26/Apr/2025:07:30:26 -0400] "POST /wp-cron.php?doing_wp_cron=1745667025.9166569709777832031250 HTTP/1.1" 200 0 "-" "WordPress/6.8; https://arsn.media"
49.7.227.204 - - [26/Apr/2025:07:30:21 -0400] "GET / HTTP/1.1" 301 0 "http://www.arsn.media" "Mozilla/5.0 (iPhone; CPU iPhone OS 13_2_3 like Mac OS X) AppleWebKit/605.1.15 (KHTML, like Gecko) Version/13.0.3 Mobile/15E148 Safari/604.1"
49.7.227.204 - - [26/Apr/2025:07:30:27 -0400] "GET / HTTP/1.1" 200 72536 "https://www.arsn.media/" "Mozilla/5.0 (iPhone; CPU iPhone OS 13_2_3 like Mac OS X) AppleWebKit/605.1.15 (KHTML, like Gecko) Version/13.0.3 Mobile/15E148 Safari/604.1"
66.29.132.124 - - [26/Apr/2025:07:30:27 -0400] "POST /wp-admin/admin-ajax.php?action=async_litespeed&nonce=7bMUE44Xwve642dbrpxKa896aFg9sAt7&litespeed_type=imgoptm HTTP/1.1" 200 0 "-" "WordPress/6.8; https://arsn.media"
66.29.132.124 - - [26/Apr/2025:07:33:05 -0400] "POST /wp-cron.php?doing_wp_cron=1745667185.4735629558563232421875 HTTP/1.1" 200 0 "-" "WordPress/6.8; https://arsn.media"
66.29.132.124 - - [26/Apr/2025:07:33:06 -0400] "POST /wp-admin/admin-ajax.php?action=async_litespeed&nonce=6QcEscu10WwQdgw62B2MdKkpGiaWJAr7&litespeed_type=imgoptm HTTP/1.1" 200 0 "-" "WordPress/6.8; https://arsn.media"
216.244.66.201 - - [26/Apr/2025:07:33:02 -0400] "GET /zegh/aes-key-generator-python.html HTTP/1.1" 404 566579 "-" "Mozilla/5.0 (compatible; DotBot/1.2; +https://opensiteexplorer.org/dotbot; help@moz.com)"
66.29.132.124 - - [26/Apr/2025:07:33:06 -0400] "POST /wp-admin/admin-ajax.php?action=as_async_request_queue_runner&nonce=874121055a HTTP/1.1" 200 0 "-" "WordPress/6.8; https://arsn.media"
66.29.132.124 - - [26/Apr/2025:07:33:44 -0400] "POST /wp-cron.php?doing_wp_cron=1745667224.5774919986724853515625 HTTP/1.1" 200 0 "-" "WordPress/6.8; https://arsn.media"
216.244.66.201 - - [26/Apr/2025:07:33:43 -0400] "GET /808/citroen-update-software-download.html HTTP/1.1" 404 566971 "-" "Mozilla/5.0 (compatible; DotBot/1.2; +https://opensiteexplorer.org/dotbot; help@moz.com)"
66.29.132.124 - - [26/Apr/2025:07:33:45 -0400] "POST /wp-admin/admin-ajax.php?action=async_litespeed&nonce=8n33084Hhc8zKSS0V6dXLkXDOTTb4G7X&litespeed_type=imgoptm HTTP/1.1" 200 21 "-" "WordPress/6.8; https://arsn.media"
66.29.132.124 - - [26/Apr/2025:07:34:18 -0400] "POST /wp-cron.php?doing_wp_cron=1745667258.1865150928497314453125 HTTP/1.1" 200 0 "-" "WordPress/6.8; https://arsn.media"
216.244.66.201 - - [26/Apr/2025:07:34:17 -0400] "GET /808/jurassic-quest-video.html HTTP/1.1" 404 566299 "-" "Mozilla/5.0 (compatible; DotBot/1.2; +https://opensiteexplorer.org/dotbot; help@moz.com)"
66.29.132.124 - - [26/Apr/2025:07:34:53 -0400] "POST /wp-cron.php?doing_wp_cron=1745667293.0443520545959472656250 HTTP/1.1" 200 0 "-" "WordPress/6.8; https://arsn.media"
216.244.66.201 - - [26/Apr/2025:07:34:51 -0400] "GET /808/imarflex-coffee-grinder.html HTTP/1.1" 404 566467 "-" "Mozilla/5.0 (compatible; DotBot/1.2; +https://opensiteexplorer.org/dotbot; help@moz.com)"
66.29.132.124 - - [26/Apr/2025:07:34:54 -0400] "POST /wp-admin/admin-ajax.php?action=async_litespeed&nonce=LJyI11ZvBoFMj1NdYRXnXxzVoRhMpQJA&litespeed_type=imgoptm HTTP/1.1" 200 0 "-" "WordPress/6.8; https://arsn.media"
66.29.132.124 - - [26/Apr/2025:07:53:52 -0400] "POST /wp-cron.php?doing_wp_cron=1745668432.7161500453948974609375 HTTP/1.1" 200 0 "-" "WordPress/6.8; https://arsn.media"
66.29.132.124 - - [26/Apr/2025:07:53:53 -0400] "POST /wp-admin/admin-ajax.php?action=async_litespeed&nonce=DDX7UibPstwhUF8PJtxZXMICdSsYANWS&litespeed_type=imgoptm HTTP/1.1" 200 0 "-" "WordPress/6.8; https://arsn.media"
216.244.66.201 - - [26/Apr/2025:07:53:38 -0400] "GET /ukdygc/dataflow-watermark-example.html HTTP/1.1" 404 566803 "-" "Mozilla/5.0 (compatible; DotBot/1.2; +https://opensiteexplorer.org/dotbot; help@moz.com)"
4.227.36.107 - - [26/Apr/2025:08:05:47 -0400] "GET /robots.txt HTTP/1.1" 200 105 "-" "Mozilla/5.0 AppleWebKit/537.36 (KHTML, like Gecko; compatible; GPTBot/1.2; +https://openai.com/gptbot)"
66.29.132.124 - - [26/Apr/2025:08:05:58 -0400] "POST /wp-cron.php?doing_wp_cron=1745669158.1863720417022705078125 HTTP/1.1" 200 0 "-" "WordPress/6.8; https://arsn.media"
66.29.132.124 - - [26/Apr/2025:08:05:58 -0400] "POST /wp-admin/admin-ajax.php?action=async_litespeed&nonce=GEhPy6DicElFhiX944k8HLAF79WW5BUy&litespeed_type=imgoptm HTTP/1.1" 200 0 "-" "WordPress/6.8; https://arsn.media"
20.171.207.233 - - [26/Apr/2025:08:05:47 -0400] "GET /wp-content/uploads/2020/10/404.png%20707w,%20https:/arsn.media/wp-content/uploads/2020/10/404-300x110.png%20300w HTTP/1.1" 404 39423 "-" "Mozilla/5.0 AppleWebKit/537.36 (KHTML, like Gecko; compatible; GPTBot/1.2; +https://openai.com/gptbot)"
20.171.207.233 - - [26/Apr/2025:08:06:01 -0400] "GET /wp-content/themes/onum/css/design-test.css?ver=6.7.2 HTTP/1.1" 404 18473 "-" "Mozilla/5.0 AppleWebKit/537.36 (KHTML, like Gecko; compatible; GPTBot/1.2; +https://openai.com/gptbot)"
20.171.207.233 - - [26/Apr/2025:08:06:04 -0400] "GET /wp-content/themes/onum/js/design-test.js HTTP/1.1" 404 21361 "-" "Mozilla/5.0 AppleWebKit/537.36 (KHTML, like Gecko; compatible; GPTBot/1.2; +https://openai.com/gptbot)"
20.171.207.233 - - [26/Apr/2025:08:06:07 -0400] "GET /wp-json/elementskit/v1/ HTTP/1.1" 404 114 "-" "Mozilla/5.0 AppleWebKit/537.36 (KHTML, like Gecko; compatible; GPTBot/1.2; +https://openai.com/gptbot)"
20.171.207.233 - - [26/Apr/2025:08:06:10 -0400] "GET /wp-content/uploads/2020/09/ARSN-Final-Logos-scaled.jpg%202560w,%20https:/arsn.media/wp-content/uploads/2020/09/ARSN-Final-Logos-300x138.jpg%20300w,%20https:/arsn.media/wp-content/uploads/2020/09/ARSN-Final-Logos-1024x471.jpg%201024w,%20https:/arsn.media/ARSN-Final-Logos-768x353.jpg%20768w,%20https:/ARSN-Final-Logos-1536x706.jpg%201536w,%20https:/ARSN-Final-Logos-2048x942.jpg%202048w HTTP/1.1" 404 24607 "-" "Mozilla/5.0 AppleWebKit/537.36 (KHTML, like Gecko; compatible; GPTBot/1.2; +https://openai.com/gptbot)"
20.171.207.233 - - [26/Apr/2025:08:13:02 -0400] "GET /wp-content/uploads/2020/10/404.png%20707w,%20https:/arsn.media/wp-content/uploads/2020/10/404-300x110.png%20300w HTTP/1.1" 404 39423 "-" "Mozilla/5.0 AppleWebKit/537.36 (KHTML, like Gecko; compatible; GPTBot/1.2; +https://openai.com/gptbot)"
20.171.207.233 - - [26/Apr/2025:08:13:05 -0400] "GET /wp-json/elementskit/v1/ HTTP/1.1" 404 114 "-" "Mozilla/5.0 AppleWebKit/537.36 (KHTML, like Gecko; compatible; GPTBot/1.2; +https://openai.com/gptbot)"
66.29.132.124 - - [26/Apr/2025:08:13:19 -0400] "POST /wp-cron.php?doing_wp_cron=1745669599.3212900161743164062500 HTTP/1.1" 200 0 "-" "WordPress/6.8; https://arsn.media"
66.29.132.124 - - [26/Apr/2025:08:13:20 -0400] "POST /wp-admin/admin-ajax.php?action=async_litespeed&nonce=P5P1X52kM46eaV1amX28S33GsJnZHImz&litespeed_type=imgoptm HTTP/1.1" 200 0 "-" "WordPress/6.8; https://arsn.media"
20.171.207.233 - - [26/Apr/2025:08:13:09 -0400] "GET /wp-content/uploads/2020/09/ARSN-Final-Logos-scaled.jpg%202560w,%20https:/arsn.media/wp-content/uploads/2020/09/ARSN-Final-Logos-300x138.jpg%20300w,%20https:/arsn.media/wp-content/uploads/2020/09/ARSN-Final-Logos-1024x471.jpg%201024w,%20https:/arsn.media/ARSN-Final-Logos-768x353.jpg%20768w,%20https:/ARSN-Final-Logos-1536x706.jpg%201536w,%20https:/ARSN-Final-Logos-2048x942.jpg%202048w HTTP/1.1" 404 39631 "-" "Mozilla/5.0 AppleWebKit/537.36 (KHTML, like Gecko; compatible; GPTBot/1.2; +https://openai.com/gptbot)"
20.171.207.233 - - [26/Apr/2025:08:13:21 -0400] "GET /wp-content/themes/onum/js/design-test.js HTTP/1.1" 404 39271 "-" "Mozilla/5.0 AppleWebKit/537.36 (KHTML, like Gecko; compatible; GPTBot/1.2; +https://openai.com/gptbot)"
216.244.66.201 - - [26/Apr/2025:08:14:17 -0400] "GET /robots.txt HTTP/1.1" 200 168 "-" "Mozilla/5.0 (compatible; DotBot/1.2; +https://opensiteexplorer.org/dotbot; help@moz.com)"
121.237.36.30 - - [26/Apr/2025:08:18:44 -0400] "GET /favicon.ico HTTP/1.1" 404 1251 "-" "Dalvik/2.1.0 (Linux; U; Android 9.0; ZTE BA520 Build/MRA58K)"
66.29.132.124 - - [26/Apr/2025:08:19:16 -0400] "POST /wp-cron.php?doing_wp_cron=1745669956.4224960803985595703125 HTTP/1.1" 200 0 "-" "WordPress/6.8; https://arsn.media"
216.244.66.201 - - [26/Apr/2025:08:19:13 -0400] "GET /808/sim-racing-wind-simulator-diy.html HTTP/1.1" 404 566803 "-" "Mozilla/5.0 (compatible; DotBot/1.2; +https://opensiteexplorer.org/dotbot; help@moz.com)"
66.29.132.124 - - [26/Apr/2025:08:19:17 -0400] "POST /wp-admin/admin-ajax.php?action=async_litespeed&nonce=H7el1yXms6ztiDSFsQTd0CetticXm1Lq&litespeed_type=imgoptm HTTP/1.1" 200 0 "-" "WordPress/6.8; https://arsn.media"
66.29.132.124 - - [26/Apr/2025:08:19:56 -0400] "POST /wp-cron.php?doing_wp_cron=1745669996.0198090076446533203125 HTTP/1.1" 200 0 "-" "WordPress/6.8; https://arsn.media"
216.244.66.201 - - [26/Apr/2025:08:19:55 -0400] "GET /808/ngc-group-gift-cards.html HTTP/1.1" 404 566299 "-" "Mozilla/5.0 (compatible; DotBot/1.2; +https://opensiteexplorer.org/dotbot; help@moz.com)"
66.29.132.124 - - [26/Apr/2025:08:19:56 -0400] "POST /wp-admin/admin-ajax.php?action=async_litespeed&nonce=mlveV0x9gcuwuPKoizGgBi5IwtHzZQb2&litespeed_type=imgoptm HTTP/1.1" 200 21 "-" "WordPress/6.8; https://arsn.media"
216.244.66.201 - - [26/Apr/2025:08:20:19 -0400] "GET /mlp/how-to-tell-if-someone-is-lying-to-you.html HTTP/1.1" 404 567307 "-" "Mozilla/5.0 (compatible; DotBot/1.2; +https://opensiteexplorer.org/dotbot; help@moz.com)"
66.29.132.124 - - [26/Apr/2025:08:20:39 -0400] "POST /wp-cron.php?doing_wp_cron=1745670039.6513829231262207031250 HTTP/1.1" 200 0 "-" "WordPress/6.8; https://arsn.media"
216.244.66.201 - - [26/Apr/2025:08:20:39 -0400] "GET /mlp/jct-brush-cutter-dealers-near-brooklyn.html HTTP/1.1" 404 567307 "-" "Mozilla/5.0 (compatible; DotBot/1.2; +https://opensiteexplorer.org/dotbot; help@moz.com)"
66.29.132.124 - - [26/Apr/2025:08:20:39 -0400] "POST /wp-admin/admin-ajax.php?action=async_litespeed&nonce=3RvxP2MWxtW44N2ffBHI3KFdr3v05Kaq&litespeed_type=imgoptm HTTP/1.1" 200 0 "-" "WordPress/6.8; https://arsn.media"
66.29.132.124 - - [26/Apr/2025:08:20:40 -0400] "POST /wp-admin/admin-ajax.php?action=as_async_request_queue_runner&nonce=6887159dad HTTP/1.1" 200 0 "-" "WordPress/6.8; https://arsn.media"
66.29.132.124 - - [26/Apr/2025:08:39:32 -0400] "POST /wp-cron.php?doing_wp_cron=1745671171.9138619899749755859375 HTTP/1.1" 200 0 "-" "WordPress/6.8; https://arsn.media"
121.237.36.31 - - [26/Apr/2025:08:39:17 -0400] "GET / HTTP/1.1" 200 0 "-" "Dalvik/2.1.0 (Linux; U; Android 9.0; ZTE BA520 Build/MRA58K)"
66.29.132.124 - - [26/Apr/2025:08:39:34 -0400] "POST /wp-admin/admin-ajax.php?action=async_litespeed&nonce=FBb33fkrNsxaf4OgyOhjMBTGZZalLLjs&litespeed_type=imgoptm HTTP/1.1" 200 0 "-" "WordPress/6.8; https://arsn.media"
54.36.148.46 - - [26/Apr/2025:08:47:47 -0400] "GET /robots.txt HTTP/1.1" 200 105 "-" "Mozilla/5.0 (compatible; AhrefsBot/7.0; +http://ahrefs.com/robot/)"
66.29.132.124 - - [26/Apr/2025:08:52:17 -0400] "POST /wp-cron.php?doing_wp_cron=1745671937.2162969112396240234375 HTTP/1.1" 200 0 "-" "WordPress/6.8; https://arsn.media"
77.75.78.172 - - [26/Apr/2025:08:52:08 -0400] "GET /affordable-wordpress-seo-agency/ HTTP/1.1" 200 0 "-" "Mozilla/5.0 (compatible; SeznamBot/4.0; +https://o-seznam.cz/napoveda/vyhledavani/en/seznambot-crawler/)"
66.29.132.124 - - [26/Apr/2025:08:52:18 -0400] "POST /wp-admin/admin-ajax.php?action=async_litespeed&nonce=9PQLDxjLFO2xYKz0AXUQAarIAP1zMTmX&litespeed_type=imgoptm HTTP/1.1" 200 0 "-" "WordPress/6.8; https://arsn.media"
66.29.132.124 - - [26/Apr/2025:08:57:51 -0400] "POST /wp-cron.php?doing_wp_cron=1745672271.6820130348205566406250 HTTP/1.1" 200 0 "-" "WordPress/6.8; https://arsn.media"
20.171.207.233 - - [26/Apr/2025:08:57:47 -0400] "GET /wp-content/themes/onum/css/design-test.css?ver=6.7.2 HTTP/1.1" 404 39206 "-" "Mozilla/5.0 AppleWebKit/537.36 (KHTML, like Gecko; compatible; GPTBot/1.2; +https://openai.com/gptbot)"
20.171.207.233 - - [26/Apr/2025:08:57:52 -0400] "GET /wp-content/uploads/2020/10/404.png%20707w,%20https:/arsn.media/wp-content/uploads/2020/10/404-300x110.png%20300w HTTP/1.1" 404 39423 "-" "Mozilla/5.0 AppleWebKit/537.36 (KHTML, like Gecko; compatible; GPTBot/1.2; +https://openai.com/gptbot)"
66.29.132.124 - - [26/Apr/2025:08:57:52 -0400] "POST /wp-admin/admin-ajax.php?action=async_litespeed&nonce=504GgS1DMhHZYf84tCGZxLCiMqsVuHfp&litespeed_type=imgoptm HTTP/1.1" 200 0 "-" "WordPress/6.8; https://arsn.media"
66.29.132.124 - - [26/Apr/2025:08:57:53 -0400] "POST /wp-admin/admin-ajax.php?action=as_async_request_queue_runner&nonce=6887159dad HTTP/1.1" 200 0 "-" "WordPress/6.8; https://arsn.media"
20.171.207.233 - - [26/Apr/2025:08:57:55 -0400] "GET /wp-json/elementskit/v1/ HTTP/1.1" 404 114 "-" "Mozilla/5.0 AppleWebKit/537.36 (KHTML, like Gecko; compatible; GPTBot/1.2; +https://openai.com/gptbot)"
20.171.207.233 - - [26/Apr/2025:08:57:58 -0400] "GET /wp-content/uploads/2020/09/ARSN-Final-Logos-scaled.jpg%202560w,%20https:/arsn.media/wp-content/uploads/2020/09/ARSN-Final-Logos-300x138.jpg%20300w,%20https:/arsn.media/wp-content/uploads/2020/09/ARSN-Final-Logos-1024x471.jpg%201024w,%20https:/arsn.media/ARSN-Final-Logos-768x353.jpg%20768w,%20https:/ARSN-Final-Logos-1536x706.jpg%201536w,%20https:/ARSN-Final-Logos-2048x942.jpg%202048w HTTP/1.1" 404 39631 "-" "Mozilla/5.0 AppleWebKit/537.36 (KHTML, like Gecko; compatible; GPTBot/1.2; +https://openai.com/gptbot)"
20.171.207.233 - - [26/Apr/2025:08:58:01 -0400] "GET /wp-content/themes/onum/js/design-test.js HTTP/1.1" 404 39271 "-" "Mozilla/5.0 AppleWebKit/537.36 (KHTML, like Gecko; compatible; GPTBot/1.2; +https://openai.com/gptbot)"
216.244.66.201 - - [26/Apr/2025:09:00:11 -0400] "GET /robots.txt HTTP/1.1" 200 168 "-" "Mozilla/5.0 (compatible; DotBot/1.2; +https://opensiteexplorer.org/dotbot; help@moz.com)"
66.29.132.124 - - [26/Apr/2025:09:05:27 -0400] "POST /wp-cron.php?doing_wp_cron=1745672727.9096310138702392578125 HTTP/1.1" 200 0 "-" "WordPress/6.8; https://arsn.media"
66.29.132.124 - - [26/Apr/2025:09:05:29 -0400] "POST /wp-admin/admin-ajax.php?action=async_litespeed&nonce=07NIq1eIzus71661jW6SNV31GNmOZtIe&litespeed_type=imgoptm HTTP/1.1" 200 0 "-" "WordPress/6.8; https://arsn.media"
216.244.66.201 - - [26/Apr/2025:09:05:15 -0400] "GET /808/dry-cleaning-san-francisco.html HTTP/1.1" 404 566635 "-" "Mozilla/5.0 (compatible; DotBot/1.2; +https://opensiteexplorer.org/dotbot; help@moz.com)"
66.29.132.124 - - [26/Apr/2025:09:05:47 -0400] "POST /wp-cron.php?doing_wp_cron=1745672747.7280850410461425781250 HTTP/1.1" 200 0 "-" "WordPress/6.8; https://arsn.media"
216.244.66.201 - - [26/Apr/2025:09:05:47 -0400] "GET /808/harry-potter-crossover-slash-fanfiction.html HTTP/1.1" 404 567363 "-" "Mozilla/5.0 (compatible; DotBot/1.2; +https://opensiteexplorer.org/dotbot; help@moz.com)"
66.29.132.124 - - [26/Apr/2025:09:05:48 -0400] "POST /wp-admin/admin-ajax.php?action=async_litespeed&nonce=QFxaE0rnXD8ayVr7LDfucjvUa0gXsII5&litespeed_type=imgoptm HTTP/1.1" 200 21 "-" "WordPress/6.8; https://arsn.media"
66.29.132.124 - - [26/Apr/2025:09:06:19 -0400] "POST /wp-cron.php?doing_wp_cron=1745672779.5443279743194580078125 HTTP/1.1" 200 0 "-" "WordPress/6.8; https://arsn.media"
216.244.66.201 - - [26/Apr/2025:09:06:18 -0400] "GET /808/reborn-in-dc-as-a-god-fanfiction.html HTTP/1.1" 404 566971 "-" "Mozilla/5.0 (compatible; DotBot/1.2; +https://opensiteexplorer.org/dotbot; help@moz.com)"
66.29.132.124 - - [26/Apr/2025:09:06:51 -0400] "POST /wp-cron.php?doing_wp_cron=1745672811.1712269783020019531250 HTTP/1.1" 200 0 "-" "WordPress/6.8; https://arsn.media"
216.244.66.201 - - [26/Apr/2025:09:06:50 -0400] "GET /snw9shr/filezilla-online-login.html HTTP/1.1" 404 566635 "-" "Mozilla/5.0 (compatible; DotBot/1.2; +https://opensiteexplorer.org/dotbot; help@moz.com)"
66.29.132.124 - - [26/Apr/2025:09:06:51 -0400] "POST /wp-admin/admin-ajax.php?action=async_litespeed&nonce=LDNmzXqu56o5QYF6OGq43TSBhkLWMe2W&litespeed_type=imgoptm HTTP/1.1" 200 0 "-" "WordPress/6.8; https://arsn.media"
216.244.66.201 - - [26/Apr/2025:09:07:20 -0400] "GET /snw9shr/psychologist-narcissism.html HTTP/1.1" 404 566691 "-" "Mozilla/5.0 (compatible; DotBot/1.2; +https://opensiteexplorer.org/dotbot; help@moz.com)"
66.29.132.124 - - [26/Apr/2025:09:07:52 -0400] "POST /wp-cron.php?doing_wp_cron=1745672872.2097990512847900390625 HTTP/1.1" 200 0 "-" "WordPress/6.8; https://arsn.media"
216.244.66.201 - - [26/Apr/2025:09:07:51 -0400] "GET /808/kemono-jihen-voice-actor.html HTTP/1.1" 404 566523 "-" "Mozilla/5.0 (compatible; DotBot/1.2; +https://opensiteexplorer.org/dotbot; help@moz.com)"
66.29.132.124 - - [26/Apr/2025:09:07:52 -0400] "POST /wp-admin/admin-ajax.php?action=async_litespeed&nonce=crLCnHdmi8yMh5c6Y7ksybDFcKMF4AEr&litespeed_type=imgoptm HTTP/1.1" 200 0 "-" "WordPress/6.8; https://arsn.media"
66.29.132.124 - - [26/Apr/2025:09:07:53 -0400] "POST /wp-admin/admin-ajax.php?action=as_async_request_queue_runner&nonce=6887159dad HTTP/1.1" 200 0 "-" "WordPress/6.8; https://arsn.media"
216.244.66.201 - - [26/Apr/2025:09:08:24 -0400] "GET /snw9shr/king-solo-prediction.html HTTP/1.1" 404 566523 "-" "Mozilla/5.0 (compatible; DotBot/1.2; +https://opensiteexplorer.org/dotbot; help@moz.com)"
66.29.132.124 - - [26/Apr/2025:09:08:56 -0400] "POST /wp-cron.php?doing_wp_cron=1745672936.8163609504699707031250 HTTP/1.1" 200 0 "-" "WordPress/6.8; https://arsn.media"
66.29.132.124 - - [26/Apr/2025:09:08:56 -0400] "POST /wp-admin/admin-ajax.php?action=as_async_request_queue_runner&nonce=6887159dad HTTP/1.1" 200 0 "-" "WordPress/6.8; https://arsn.media"
52.167.144.183 - - [26/Apr/2025:09:08:56 -0400] "GET /wp-admin/admin-ajax.php?action=process_simple_like&post_id=12306&nonce=fad811846c&is_comment=0&disabled=true HTTP/1.1" 200 17 "-" "Mozilla/5.0 AppleWebKit/537.36 (KHTML, like Gecko; compatible; bingbot/2.0; +http://www.bing.com/bingbot.htm) Chrome/116.0.1938.76 Safari/537.36"
66.29.132.124 - - [26/Apr/2025:09:08:57 -0400] "POST /wp-admin/admin-ajax.php?action=async_litespeed&nonce=1K5XZp6bwgNTqiLl5xM92vNr1jJZisnW&litespeed_type=imgoptm HTTP/1.1" 200 21 "-" "WordPress/6.8; https://arsn.media"
216.244.66.201 - - [26/Apr/2025:09:09:01 -0400] "GET /808/lafd-in-the-news.html HTTP/1.1" 404 566075 "-" "Mozilla/5.0 (compatible; DotBot/1.2; +https://opensiteexplorer.org/dotbot; help@moz.com)"
20.171.207.233 - - [26/Apr/2025:09:09:13 -0400] "GET /wp-content/uploads/2020/10/404.png%20707w,%20https:/arsn.media/wp-content/uploads/2020/10/404-300x110.png%20300w HTTP/1.1" 404 39364 "-" "Mozilla/5.0 AppleWebKit/537.36 (KHTML, like Gecko; compatible; GPTBot/1.2; +https://openai.com/gptbot)"
20.171.207.233 - - [26/Apr/2025:09:09:16 -0400] "GET /wp-content/themes/onum/js/design-test.js HTTP/1.1" 404 39271 "-" "Mozilla/5.0 AppleWebKit/537.36 (KHTML, like Gecko; compatible; GPTBot/1.2; +https://openai.com/gptbot)"
20.171.207.233 - - [26/Apr/2025:09:09:19 -0400] "GET /wp-content/themes/onum/css/design-test.css?ver=6.7.2 HTTP/1.1" 404 39206 "-" "Mozilla/5.0 AppleWebKit/537.36 (KHTML, like Gecko; compatible; GPTBot/1.2; +https://openai.com/gptbot)"
20.171.207.233 - - [26/Apr/2025:09:09:22 -0400] "GET /wp-content/uploads/2020/09/ARSN-Final-Logos-scaled.jpg%202560w,%20https:/arsn.media/wp-content/uploads/2020/09/ARSN-Final-Logos-300x138.jpg%20300w,%20https:/arsn.media/wp-content/uploads/2020/09/ARSN-Final-Logos-1024x471.jpg%201024w,%20https:/arsn.media/ARSN-Final-Logos-768x353.jpg%20768w,%20https:/ARSN-Final-Logos-1536x706.jpg%201536w,%20https:/ARSN-Final-Logos-2048x942.jpg%202048w HTTP/1.1" 404 39631 "-" "Mozilla/5.0 AppleWebKit/537.36 (KHTML, like Gecko; compatible; GPTBot/1.2; +https://openai.com/gptbot)"
20.171.207.233 - - [26/Apr/2025:09:09:26 -0400] "GET /wp-json/elementskit/v1/ HTTP/1.1" 404 114 "-" "Mozilla/5.0 AppleWebKit/537.36 (KHTML, like Gecko; compatible; GPTBot/1.2; +https://openai.com/gptbot)"
216.244.66.201 - - [26/Apr/2025:09:09:32 -0400] "GET /snw9shr/menards-2-x-8-plywood.html HTTP/1.1" 404 566579 "-" "Mozilla/5.0 (compatible; DotBot/1.2; +https://opensiteexplorer.org/dotbot; help@moz.com)"
66.29.132.124 - - [26/Apr/2025:09:10:09 -0400] "POST /wp-cron.php?doing_wp_cron=1745673008.8629639148712158203125 HTTP/1.1" 200 0 "-" "WordPress/6.8; https://arsn.media"
216.244.66.201 - - [26/Apr/2025:09:10:07 -0400] "GET /snw9shr/tceq-public-water-system-database.html HTTP/1.1" 404 567251 "-" "Mozilla/5.0 (compatible; DotBot/1.2; +https://opensiteexplorer.org/dotbot; help@moz.com)"
66.29.132.124 - - [26/Apr/2025:09:10:10 -0400] "POST /wp-admin/admin-ajax.php?action=async_litespeed&nonce=mbJP5DZFFhIs5px7pLC7Ip1BShhpv75L&litespeed_type=imgoptm HTTP/1.1" 200 0 "-" "WordPress/6.8; https://arsn.media"
213.136.76.172 - - [26/Apr/2025:09:14:05 -0400] "GET /wp-includes/ HTTP/1.1" 403 1242 "www.google.com" "Mozlila/5.0 (Linux; Android 7.0; SM-G892A Bulid/NRD90M; wv) AppleWebKit/537.36 (KHTML, like Gecko) Version/4.0 Chrome/60.0.3112.107 Moblie Safari/537.36"
213.136.76.172 - - [26/Apr/2025:09:14:06 -0400] "GET /wp-admin/maint/ HTTP/1.1" 403 1242 "www.google.com" "Mozlila/5.0 (Linux; Android 7.0; SM-G892A Bulid/NRD90M; wv) AppleWebKit/537.36 (KHTML, like Gecko) Version/4.0 Chrome/60.0.3112.107 Moblie Safari/537.36"
213.136.76.172 - - [26/Apr/2025:09:14:07 -0400] "GET /wp-admin/includes/ HTTP/1.1" 403 1242 "www.google.com" "Mozlila/5.0 (Linux; Android 7.0; SM-G892A Bulid/NRD90M; wv) AppleWebKit/537.36 (KHTML, like Gecko) Version/4.0 Chrome/60.0.3112.107 Moblie Safari/537.36"
66.29.132.124 - - [26/Apr/2025:09:16:13 -0400] "POST /wp-cron.php?doing_wp_cron=1745673373.4778330326080322265625 HTTP/1.1" 200 0 "-" "WordPress/6.8; https://arsn.media"
66.29.132.124 - - [26/Apr/2025:09:16:14 -0400] "POST /wp-admin/admin-ajax.php?action=async_litespeed&nonce=pGWX8pBc5KepAzmfB3mLdvGugyjdddMC&litespeed_type=imgoptm HTTP/1.1" 200 0 "-" "WordPress/6.8; https://arsn.media"
20.171.207.233 - - [26/Apr/2025:09:16:04 -0400] "GET /wp-content/themes/twentyfour/inc/ HTTP/1.1" 404 39545 "-" "Mozilla/5.0 AppleWebKit/537.36 (KHTML, like Gecko; compatible; GPTBot/1.2; +https://openai.com/gptbot)"
20.171.207.233 - - [26/Apr/2025:09:16:27 -0400] "GET /wp-content/themes/onum/js/design-test.js HTTP/1.1" 404 39235 "-" "Mozilla/5.0 AppleWebKit/537.36 (KHTML, like Gecko; compatible; GPTBot/1.2; +https://openai.com/gptbot)"
20.171.207.233 - - [26/Apr/2025:09:16:30 -0400] "GET /wp-content/uploads/2020/10/404.png%20707w,%20https:/arsn.media/wp-content/uploads/2020/10/404-300x110.png%20300w HTTP/1.1" 404 39364 "-" "Mozilla/5.0 AppleWebKit/537.36 (KHTML, like Gecko; compatible; GPTBot/1.2; +https://openai.com/gptbot)"
66.29.132.124 - - [26/Apr/2025:09:16:34 -0400] "POST /wp-cron.php?doing_wp_cron=1745673394.7718720436096191406250 HTTP/1.1" 200 0 "-" "WordPress/6.8; https://arsn.media"
20.171.207.233 - - [26/Apr/2025:09:16:34 -0400] "GET /wp-content/uploads/2020/09/ARSN-Final-Logos-scaled.jpg%202560w,%20https:/arsn.media/wp-content/uploads/2020/09/ARSN-Final-Logos-300x138.jpg%20300w,%20https:/arsn.media/wp-content/uploads/2020/09/ARSN-Final-Logos-1024x471.jpg%201024w,%20https:/arsn.media/ARSN-Final-Logos-768x353.jpg%20768w,%20https:/ARSN-Final-Logos-1536x706.jpg%201536w,%20https:/ARSN-Final-Logos-2048x942.jpg%202048w HTTP/1.1" 404 39632 "-" "Mozilla/5.0 AppleWebKit/537.36 (KHTML, like Gecko; compatible; GPTBot/1.2; +https://openai.com/gptbot)"
66.29.132.124 - - [26/Apr/2025:09:16:35 -0400] "POST /wp-admin/admin-ajax.php?action=async_litespeed&nonce=Dg4Gz5JnOdjd0F5zNhqmeG0ikZ8JNP1h&litespeed_type=imgoptm HTTP/1.1" 200 0 "-" "WordPress/6.8; https://arsn.media"
20.171.207.233 - - [26/Apr/2025:09:16:37 -0400] "GET /wp-json/elementskit/v1/ HTTP/1.1" 404 114 "-" "Mozilla/5.0 AppleWebKit/537.36 (KHTML, like Gecko; compatible; GPTBot/1.2; +https://openai.com/gptbot)"
20.171.207.233 - - [26/Apr/2025:09:18:55 -0400] "GET /wp-content/uploads/2020/10/404.png%20707w,%20https:/arsn.media/wp-content/uploads/2020/10/404-300x110.png%20300w HTTP/1.1" 404 39364 "-" "Mozilla/5.0 AppleWebKit/537.36 (KHTML, like Gecko; compatible; GPTBot/1.2; +https://openai.com/gptbot)"
20.171.207.233 - - [26/Apr/2025:09:18:58 -0400] "GET /wp-content/themes/onum/css/design-test.css?ver=6.7.2 HTTP/1.1" 404 39206 "-" "Mozilla/5.0 AppleWebKit/537.36 (KHTML, like Gecko; compatible; GPTBot/1.2; +https://openai.com/gptbot)"
20.171.207.233 - - [26/Apr/2025:09:19:01 -0400] "GET /wp-json/elementskit/v1/ HTTP/1.1" 404 114 "-" "Mozilla/5.0 AppleWebKit/537.36 (KHTML, like Gecko; compatible; GPTBot/1.2; +https://openai.com/gptbot)"
20.171.207.233 - - [26/Apr/2025:09:19:04 -0400] "GET /wp-content/themes/onum/js/design-test.js HTTP/1.1" 404 39235 "-" "Mozilla/5.0 AppleWebKit/537.36 (KHTML, like Gecko; compatible; GPTBot/1.2; +https://openai.com/gptbot)"
20.171.207.233 - - [26/Apr/2025:09:19:07 -0400] "GET /wp-content/uploads/2020/09/ARSN-Final-Logos-scaled.jpg%202560w,%20https:/arsn.media/wp-content/uploads/2020/09/ARSN-Final-Logos-300x138.jpg%20300w,%20https:/arsn.media/wp-content/uploads/2020/09/ARSN-Final-Logos-1024x471.jpg%201024w,%20https:/arsn.media/ARSN-Final-Logos-768x353.jpg%20768w,%20https:/ARSN-Final-Logos-1536x706.jpg%201536w,%20https:/ARSN-Final-Logos-2048x942.jpg%202048w HTTP/1.1" 404 39632 "-" "Mozilla/5.0 AppleWebKit/537.36 (KHTML, like Gecko; compatible; GPTBot/1.2; +https://openai.com/gptbot)"
66.29.132.124 - - [26/Apr/2025:09:23:51 -0400] "POST /wp-cron.php?doing_wp_cron=1745673831.9044458866119384765625 HTTP/1.1" 200 0 "-" "WordPress/6.8; https://arsn.media"
40.77.167.67 - - [26/Apr/2025:09:23:46 -0400] "GET /progress-bars/ HTTP/1.1" 404 39218 "-" "Mozilla/5.0 AppleWebKit/537.36 (KHTML, like Gecko; compatible; bingbot/2.0; +http://www.bing.com/bingbot.htm) Chrome/116.0.1938.76 Safari/537.36"
66.29.132.124 - - [26/Apr/2025:09:23:53 -0400] "POST /wp-admin/admin-ajax.php?action=async_litespeed&nonce=jHEyiofDHaNFc8dnF4Tsj7QNye19A6SQ&litespeed_type=imgoptm HTTP/1.1" 200 0 "-" "WordPress/6.8; https://arsn.media"
20.171.207.233 - - [26/Apr/2025:09:31:19 -0400] "GET /wp-content/uploads/2020/10/404.png%20707w,%20https:/arsn.media/wp-content/uploads/2020/10/404-300x110.png%20300w HTTP/1.1" 404 39364 "-" "Mozilla/5.0 AppleWebKit/537.36 (KHTML, like Gecko; compatible; GPTBot/1.2; +https://openai.com/gptbot)"
20.171.207.233 - - [26/Apr/2025:09:31:22 -0400] "GET /wp-content/uploads/2020/09/ARSN-Final-Logos-scaled.jpg%202560w,%20https:/arsn.media/wp-content/uploads/2020/09/ARSN-Final-Logos-300x138.jpg%20300w,%20https:/arsn.media/wp-content/uploads/2020/09/ARSN-Final-Logos-1024x471.jpg%201024w,%20https:/arsn.media/ARSN-Final-Logos-768x353.jpg%20768w,%20https:/ARSN-Final-Logos-1536x706.jpg%201536w,%20https:/ARSN-Final-Logos-2048x942.jpg%202048w HTTP/1.1" 404 39632 "-" "Mozilla/5.0 AppleWebKit/537.36 (KHTML, like Gecko; compatible; GPTBot/1.2; +https://openai.com/gptbot)"
20.171.207.233 - - [26/Apr/2025:09:31:25 -0400] "GET /wp-content/themes/onum/js/design-test.js HTTP/1.1" 404 39235 "-" "Mozilla/5.0 AppleWebKit/537.36 (KHTML, like Gecko; compatible; GPTBot/1.2; +https://openai.com/gptbot)"
20.171.207.233 - - [26/Apr/2025:09:31:29 -0400] "GET /wp-json/elementskit/v1/ HTTP/1.1" 404 114 "-" "Mozilla/5.0 AppleWebKit/537.36 (KHTML, like Gecko; compatible; GPTBot/1.2; +https://openai.com/gptbot)"
