20.171.207.233 - - [26/Apr/2025:14:07:26 -0400] "GET /wp-content/uploads/2020/09/ARSN-Final-Logos-scaled.jpg%202560w,%20https:/arsn.media/wp-content/uploads/2020/09/ARSN-Final-Logos-300x138.jpg%20300w,%20https:/arsn.media/wp-content/uploads/2020/09/ARSN-Final-Logos-1024x471.jpg%201024w,%20https:/arsn.media/ARSN-Final-Logos-768x353.jpg%20768w,%20https:/ARSN-Final-Logos-1536x706.jpg%201536w,%20https:/ARSN-Final-Logos-2048x942.jpg%202048w HTTP/1.1" 404 39653 "-" "Mozilla/5.0 AppleWebKit/537.36 (KHTML, like Gecko; compatible; GPTBot/1.2; +https://openai.com/gptbot)"
66.29.132.124 - - [26/Apr/2025:14:07:34 -0400] "POST /wp-cron.php?doing_wp_cron=1745690854.8937599658966064453125 HTTP/1.1" 200 0 "-" "WordPress/6.8; https://arsn.media"
20.171.207.233 - - [26/Apr/2025:14:07:29 -0400] "GET /wp-content/themes/onum/js/design-test.js HTTP/1.1" 404 39272 "-" "Mozilla/5.0 AppleWebKit/537.36 (KHTML, like Gecko; compatible; GPTBot/1.2; +https://openai.com/gptbot)"
20.171.207.233 - - [26/Apr/2025:14:07:36 -0400] "GET /wp-content/uploads/2020/10/404.png%20707w,%20https:/arsn.media/wp-content/uploads/2020/10/404-300x110.png%20300w HTTP/1.1" 404 39424 "-" "Mozilla/5.0 AppleWebKit/537.36 (KHTML, like Gecko; compatible; GPTBot/1.2; +https://openai.com/gptbot)"
66.29.132.124 - - [26/Apr/2025:14:07:35 -0400] "POST /wp-admin/admin-ajax.php?action=async_litespeed&nonce=P88nFhEbk0sri0zUvJdrIsWzP2gcO1la&litespeed_type=imgoptm HTTP/1.1" 200 0 "-" "WordPress/6.8; https://arsn.media"
66.29.132.124 - - [26/Apr/2025:14:10:30 -0400] "POST /wp-cron.php?doing_wp_cron=1745691029.8346021175384521484375 HTTP/1.1" 200 0 "-" "WordPress/6.8; https://arsn.media"
20.171.207.233 - - [26/Apr/2025:14:10:25 -0400] "GET /808/%EF%BB%BFhttp:/52-sell.com/9it/veteran-grown-hemp-reddit.html HTTP/1.1" 404 18574 "-" "Mozilla/5.0 AppleWebKit/537.36 (KHTML, like Gecko; compatible; GPTBot/1.2; +https://openai.com/gptbot)"
20.171.207.233 - - [26/Apr/2025:14:15:30 -0400] "GET /wp-content/themes/onum/css/design-test.css?ver=6.7.2 HTTP/1.1" 404 39252 "-" "Mozilla/5.0 AppleWebKit/537.36 (KHTML, like Gecko; compatible; GPTBot/1.2; +https://openai.com/gptbot)"
20.171.207.233 - - [26/Apr/2025:14:15:33 -0400] "GET /wp-content/uploads/2020/10/404.png%20707w,%20https:/arsn.media/wp-content/uploads/2020/10/404-300x110.png%20300w HTTP/1.1" 404 39424 "-" "Mozilla/5.0 AppleWebKit/537.36 (KHTML, like Gecko; compatible; GPTBot/1.2; +https://openai.com/gptbot)"
20.171.207.233 - - [26/Apr/2025:14:15:36 -0400] "GET /wp-content/themes/onum/js/design-test.js HTTP/1.1" 404 39272 "-" "Mozilla/5.0 AppleWebKit/537.36 (KHTML, like Gecko; compatible; GPTBot/1.2; +https://openai.com/gptbot)"
20.171.207.233 - - [26/Apr/2025:14:15:40 -0400] "GET /wp-json/elementskit/v1/ HTTP/1.1" 404 114 "-" "Mozilla/5.0 AppleWebKit/537.36 (KHTML, like Gecko; compatible; GPTBot/1.2; +https://openai.com/gptbot)"
20.171.207.233 - - [26/Apr/2025:14:15:42 -0400] "GET /wp-content/uploads/2020/09/ARSN-Final-Logos-scaled.jpg%202560w,%20https:/arsn.media/wp-content/uploads/2020/09/ARSN-Final-Logos-300x138.jpg%20300w,%20https:/arsn.media/wp-content/uploads/2020/09/ARSN-Final-Logos-1024x471.jpg%201024w,%20https:/arsn.media/ARSN-Final-Logos-768x353.jpg%20768w,%20https:/ARSN-Final-Logos-1536x706.jpg%201536w,%20https:/ARSN-Final-Logos-2048x942.jpg%202048w HTTP/1.1" 404 39653 "-" "Mozilla/5.0 AppleWebKit/537.36 (KHTML, like Gecko; compatible; GPTBot/1.2; +https://openai.com/gptbot)"
20.171.207.233 - - [26/Apr/2025:14:16:22 -0400] "GET /wp-content/uploads/2020/10/404.png%20707w,%20https:/arsn.media/wp-content/uploads/2020/10/404-300x110.png%20300w HTTP/1.1" 404 39424 "-" "Mozilla/5.0 AppleWebKit/537.36 (KHTML, like Gecko; compatible; GPTBot/1.2; +https://openai.com/gptbot)"
20.171.207.233 - - [26/Apr/2025:14:16:26 -0400] "GET /wp-content/themes/onum/js/design-test.js HTTP/1.1" 404 39272 "-" "Mozilla/5.0 AppleWebKit/537.36 (KHTML, like Gecko; compatible; GPTBot/1.2; +https://openai.com/gptbot)"
66.29.132.124 - - [26/Apr/2025:14:16:33 -0400] "POST /wp-cron.php?doing_wp_cron=1745691393.4143600463867187500000 HTTP/1.1" 200 0 "-" "WordPress/6.8; https://arsn.media"
66.29.132.124 - - [26/Apr/2025:14:16:33 -0400] "POST /wp-cron.php?doing_wp_cron=1745691393.4102139472961425781250 HTTP/1.1" 200 0 "-" "WordPress/6.8; https://arsn.media"
182.42.110.255 - - [26/Apr/2025:14:16:16 -0400] "GET / HTTP/1.1" 301 0 "http://www.arsn.media" "Mozilla/5.0 (iPhone; CPU iPhone OS 13_2_3 like Mac OS X) AppleWebKit/605.1.15 (KHTML, like Gecko) Version/13.0.3 Mobile/15E148 Safari/604.1"
66.29.132.124 - - [26/Apr/2025:14:16:37 -0400] "POST /wp-admin/admin-ajax.php?action=async_litespeed&nonce=3WSUyPGmY4FhBCRTVd6knrBnM2kKrL9a&litespeed_type=imgoptm HTTP/1.1" 200 0 "-" "WordPress/6.8; https://arsn.media"
20.171.207.233 - - [26/Apr/2025:14:16:29 -0400] "GET /wp-content/themes/onum/css/design-test.css?ver=6.7.1 HTTP/1.1" 404 18472 "-" "Mozilla/5.0 AppleWebKit/537.36 (KHTML, like Gecko; compatible; GPTBot/1.2; +https://openai.com/gptbot)"
20.171.207.233 - - [26/Apr/2025:14:16:38 -0400] "GET /wp-json/elementskit/v1/ HTTP/1.1" 404 114 "-" "Mozilla/5.0 AppleWebKit/537.36 (KHTML, like Gecko; compatible; GPTBot/1.2; +https://openai.com/gptbot)"
182.42.110.255 - - [26/Apr/2025:14:16:38 -0400] "GET / HTTP/1.1" 200 72544 "https://www.arsn.media/" "Mozilla/5.0 (iPhone; CPU iPhone OS 13_2_3 like Mac OS X) AppleWebKit/605.1.15 (KHTML, like Gecko) Version/13.0.3 Mobile/15E148 Safari/604.1"
20.171.207.233 - - [26/Apr/2025:14:16:42 -0400] "GET /wp-content/uploads/2020/09/ARSN-Final-Logos-scaled.jpg%202560w,%20https:/arsn.media/wp-content/uploads/2020/09/ARSN-Final-Logos-300x138.jpg%20300w,%20https:/arsn.media/wp-content/uploads/2020/09/ARSN-Final-Logos-1024x471.jpg%201024w,%20https:/arsn.media/ARSN-Final-Logos-768x353.jpg%20768w,%20https:/ARSN-Final-Logos-1536x706.jpg%201536w,%20https:/ARSN-Final-Logos-2048x942.jpg%202048w HTTP/1.1" 404 39653 "-" "Mozilla/5.0 AppleWebKit/537.36 (KHTML, like Gecko; compatible; GPTBot/1.2; +https://openai.com/gptbot)"
20.171.207.233 - - [26/Apr/2025:14:19:47 -0400] "GET /wp-content/themes/onum/js/design-test.js HTTP/1.1" 404 39272 "-" "Mozilla/5.0 AppleWebKit/537.36 (KHTML, like Gecko; compatible; GPTBot/1.2; +https://openai.com/gptbot)"
20.171.207.233 - - [26/Apr/2025:14:19:49 -0400] "GET /wp-content/uploads/2020/10/404.png%20707w,%20https:/arsn.media/wp-content/uploads/2020/10/404-300x110.png%20300w HTTP/1.1" 404 39424 "-" "Mozilla/5.0 AppleWebKit/537.36 (KHTML, like Gecko; compatible; GPTBot/1.2; +https://openai.com/gptbot)"
20.171.207.233 - - [26/Apr/2025:14:19:52 -0400] "GET /wp-content/uploads/2020/09/ARSN-Final-Logos-scaled.jpg%202560w,%20https:/arsn.media/wp-content/uploads/2020/09/ARSN-Final-Logos-300x138.jpg%20300w,%20https:/arsn.media/wp-content/uploads/2020/09/ARSN-Final-Logos-1024x471.jpg%201024w,%20https:/arsn.media/ARSN-Final-Logos-768x353.jpg%20768w,%20https:/ARSN-Final-Logos-1536x706.jpg%201536w,%20https:/ARSN-Final-Logos-2048x942.jpg%202048w HTTP/1.1" 404 39653 "-" "Mozilla/5.0 AppleWebKit/537.36 (KHTML, like Gecko; compatible; GPTBot/1.2; +https://openai.com/gptbot)"
20.171.207.233 - - [26/Apr/2025:14:19:56 -0400] "GET /wp-content/plugins/elementskit-lite/widgets/init/assets/js/animate-circle.min.js?ver=3.3.6 HTTP/1.1" 200 393 "-" "Mozilla/5.0 AppleWebKit/537.36 (KHTML, like Gecko; compatible; GPTBot/1.2; +https://openai.com/gptbot)"
20.171.207.233 - - [26/Apr/2025:14:19:59 -0400] "GET /wp-content/plugins/elementskit-lite/widgets/init/assets/js/widget-scripts.js?ver=3.3.6 HTTP/1.1" 200 40425 "-" "Mozilla/5.0 AppleWebKit/537.36 (KHTML, like Gecko; compatible; GPTBot/1.2; +https://openai.com/gptbot)"
20.171.207.233 - - [26/Apr/2025:14:20:01 -0400] "GET /wp-json/elementskit/v1/ HTTP/1.1" 404 114 "-" "Mozilla/5.0 AppleWebKit/537.36 (KHTML, like Gecko; compatible; GPTBot/1.2; +https://openai.com/gptbot)"
66.29.132.124 - - [26/Apr/2025:14:20:22 -0400] "POST /wp-cron.php?doing_wp_cron=1745691620.5411839485168457031250 HTTP/1.1" 200 0 "-" "WordPress/6.8; https://arsn.media"
20.171.207.233 - - [26/Apr/2025:14:20:04 -0400] "GET /wp-content/themes/onum/css/design-test.css?ver=6.7.1 HTTP/1.1" 404 21320 "-" "Mozilla/5.0 AppleWebKit/537.36 (KHTML, like Gecko; compatible; GPTBot/1.2; +https://openai.com/gptbot)"
20.171.207.233 - - [26/Apr/2025:14:20:26 -0400] "GET /wp-content/plugins/elementskit-lite/widgets/init/assets/js/elementor.js?ver=3.3.6 HTTP/1.1" 200 5290 "-" "Mozilla/5.0 AppleWebKit/537.36 (KHTML, like Gecko; compatible; GPTBot/1.2; +https://openai.com/gptbot)"
20.171.207.233 - - [26/Apr/2025:14:20:28 -0400] "GET /wp-content/plugins/elementskit-lite/libs/framework/assets/js/frontend-script.js?ver=3.3.6 HTTP/1.1" 200 40 "-" "Mozilla/5.0 AppleWebKit/537.36 (KHTML, like Gecko; compatible; GPTBot/1.2; +https://openai.com/gptbot)"
20.171.207.233 - - [26/Apr/2025:14:20:31 -0400] "GET /wp-content/plugins/elementskit-lite/widgets/init/assets/css/widget-styles.css?ver=3.3.6 HTTP/1.1" 200 48223 "-" "Mozilla/5.0 AppleWebKit/537.36 (KHTML, like Gecko; compatible; GPTBot/1.2; +https://openai.com/gptbot)"
20.171.207.233 - - [26/Apr/2025:14:20:32 -0400] "GET /wp-content/plugins/elementskit-lite/widgets/init/assets/css/responsive.css?ver=3.3.6 HTTP/1.1" 200 2859 "-" "Mozilla/5.0 AppleWebKit/537.36 (KHTML, like Gecko; compatible; GPTBot/1.2; +https://openai.com/gptbot)"
20.171.207.233 - - [26/Apr/2025:14:20:34 -0400] "GET /wp-content/plugins/elementskit-lite/widgets/init/assets/js/%url% HTTP/1.1" 403 1242 "-" "Mozilla/5.0 AppleWebKit/537.36 (KHTML, like Gecko; compatible; GPTBot/1.2; +https://openai.com/gptbot)"
51.8.102.73 - - [26/Apr/2025:14:20:31 -0400] "GET /2025/01/10/keyword-research-tips-for-effective-pest-control-seo/ HTTP/1.1" 200 47757 "-" "Mozilla/5.0 (Macintosh; Intel Mac OS X 10_15_7) AppleWebKit/537.36 (KHTML, like Gecko) Chrome/131.0.0.0 Safari/537.36; compatible; OAI-SearchBot/1.0; +https://openai.com/searchbot"
66.29.132.124 - - [26/Apr/2025:14:22:37 -0400] "POST /wp-cron.php?doing_wp_cron=1745691756.0286738872528076171875 HTTP/1.1" 200 0 "-" "WordPress/6.8; https://arsn.media"
66.249.74.5 - - [26/Apr/2025:14:22:30 -0400] "GET /808/bach-prelude-in-c-minor-pdf.html HTTP/1.1" 404 39279 "-" "Mozilla/5.0 (Linux; Android 6.0.1; Nexus 5X Build/MMB29P) AppleWebKit/537.36 (KHTML, like Gecko) Chrome/135.0.7049.95 Mobile Safari/537.36 (compatible; GoogleOther)"
20.171.207.233 - - [26/Apr/2025:14:27:47 -0400] "GET /wp-content/themes/onum/js/design-test.js HTTP/1.1" 404 39272 "-" "Mozilla/5.0 AppleWebKit/537.36 (KHTML, like Gecko; compatible; GPTBot/1.2; +https://openai.com/gptbot)"
66.29.132.124 - - [26/Apr/2025:14:28:03 -0400] "POST /wp-cron.php?doing_wp_cron=1745692083.4328711032867431640625 HTTP/1.1" 200 0 "-" "WordPress/6.8; https://arsn.media"
66.29.132.124 - - [26/Apr/2025:14:28:08 -0400] "POST /wp-admin/admin-ajax.php?action=async_litespeed&nonce=2RmHV8HYBLzEsrLsTgbxn0mUzrRK1WOO&litespeed_type=imgoptm HTTP/1.1" 200 0 "-" "WordPress/6.8; https://arsn.media"
20.171.207.233 - - [26/Apr/2025:14:27:48 -0400] "GET /wp-content/themes/onum/css/design-test.css?ver=6.7.2 HTTP/1.1" 404 22045 "-" "Mozilla/5.0 AppleWebKit/537.36 (KHTML, like Gecko; compatible; GPTBot/1.2; +https://openai.com/gptbot)"
20.171.207.233 - - [26/Apr/2025:14:28:08 -0400] "GET /wp-content/uploads/2020/10/404.png%20707w,%20https:/arsn.media/wp-content/uploads/2020/10/404-300x110.png%20300w HTTP/1.1" 404 39424 "-" "Mozilla/5.0 AppleWebKit/537.36 (KHTML, like Gecko; compatible; GPTBot/1.2; +https://openai.com/gptbot)"
20.171.207.233 - - [26/Apr/2025:14:28:10 -0400] "GET /wp-json/elementskit/v1/ HTTP/1.1" 404 114 "-" "Mozilla/5.0 AppleWebKit/537.36 (KHTML, like Gecko; compatible; GPTBot/1.2; +https://openai.com/gptbot)"
20.171.207.233 - - [26/Apr/2025:14:28:12 -0400] "GET /wp-content/uploads/2020/09/ARSN-Final-Logos-scaled.jpg%202560w,%20https:/arsn.media/wp-content/uploads/2020/09/ARSN-Final-Logos-300x138.jpg%20300w,%20https:/arsn.media/wp-content/uploads/2020/09/ARSN-Final-Logos-1024x471.jpg%201024w,%20https:/arsn.media/ARSN-Final-Logos-768x353.jpg%20768w,%20https:/ARSN-Final-Logos-1536x706.jpg%201536w,%20https:/ARSN-Final-Logos-2048x942.jpg%202048w HTTP/1.1" 404 39653 "-" "Mozilla/5.0 AppleWebKit/537.36 (KHTML, like Gecko; compatible; GPTBot/1.2; +https://openai.com/gptbot)"
212.34.140.200 - - [26/Apr/2025:14:31:05 -0400] "GET / HTTP/1.1" 200 72353 "-" "Mozilla/5.0 (Macintosh; Intel Mac OS X 10_15_7) AppleWebKit/537.36 (KHTML, like Gecko) Chrome/133.0.0.0 Safari/537.36"
66.29.132.124 - - [26/Apr/2025:14:31:24 -0400] "POST /wp-cron.php?doing_wp_cron=1745692283.8972599506378173828125 HTTP/1.1" 200 0 "-" "WordPress/6.8; https://arsn.media"
61.247.176.110 - - [26/Apr/2025:14:31:09 -0400] "POST / HTTP/1.1" 200 0 "-" "Mozilla/5.0 (Macintosh; Intel Mac OS X 10_15_7) AppleWebKit/537.36 (KHTML, like Gecko) Chrome/133.0.0.0 Safari/537.36"
66.29.132.124 - - [26/Apr/2025:14:31:25 -0400] "POST /wp-admin/admin-ajax.php?action=async_litespeed&nonce=2ljNfOLWqoAm3O2GNWEduyLRNmYQybSR&litespeed_type=imgoptm HTTP/1.1" 200 0 "-" "WordPress/6.8; https://arsn.media"
61.247.176.110 - - [26/Apr/2025:14:31:28 -0400] "POST / HTTP/1.1" 200 72391 "-" "Mozilla/5.0 (Windows NT 10.0; Win64; x64) AppleWebKit/537.36 (KHTML, like Gecko) Chrome/120.0.0.0 Safari/537.36"
66.29.132.124 - - [26/Apr/2025:14:31:36 -0400] "POST /wp-cron.php?doing_wp_cron=1745692296.5259249210357666015625 HTTP/1.1" 200 0 "-" "WordPress/6.8; https://arsn.media"
66.29.132.124 - - [26/Apr/2025:14:31:39 -0400] "POST /wp-admin/admin-ajax.php?action=async_litespeed&nonce=RzVERt1oa5N7HmBLf6Idf9bkL7hSn1Sj&litespeed_type=imgoptm HTTP/1.1" 200 0 "-" "WordPress/6.8; https://arsn.media"
61.247.176.110 - - [26/Apr/2025:14:31:35 -0400] "POST / HTTP/1.1" 200 72391 "-" "Mozilla/5.0 (Macintosh; Intel Mac OS X 10_15_7) AppleWebKit/537.36 (KHTML, like Gecko) Chrome/133.0.0.0 Safari/537.36"
61.247.176.110 - - [26/Apr/2025:14:31:42 -0400] "POST / HTTP/1.1" 200 71686 "-" "Mozilla/5.0 (Windows NT 10.0; Win64; x64) AppleWebKit/537.36 (KHTML, like Gecko) Chrome/120.0.0.0 Safari/537.36"
212.34.140.200 - - [26/Apr/2025:14:31:47 -0400] "GET /comments/feed/ HTTP/1.1" 200 417 "-" "Mozilla/5.0 (Macintosh; Intel Mac OS X 10_15_7) AppleWebKit/537.36 (KHTML, like Gecko) Chrome/133.0.0.0 Safari/537.36"
212.34.140.200 - - [26/Apr/2025:14:31:48 -0400] "GET /contacts/ HTTP/1.1" 200 60713 "-" "Mozilla/5.0 (Macintosh; Intel Mac OS X 10_15_7) AppleWebKit/537.36 (KHTML, like Gecko) Chrome/133.0.0.0 Safari/537.36"
66.29.132.124 - - [26/Apr/2025:14:31:54 -0400] "POST /wp-cron.php?doing_wp_cron=1745692314.4835040569305419921875 HTTP/1.1" 200 0 "-" "WordPress/6.8; https://arsn.media"
61.247.176.110 - - [26/Apr/2025:14:31:53 -0400] "POST /contacts/ HTTP/1.1" 200 62224 "-" "Mozilla/5.0 (Macintosh; Intel Mac OS X 10_15_7) AppleWebKit/537.36 (KHTML, like Gecko) Chrome/133.0.0.0 Safari/537.36"
61.247.176.110 - - [26/Apr/2025:14:31:58 -0400] "POST /contacts/ HTTP/1.1" 200 62230 "-" "Mozilla/5.0 (Windows NT 10.0; Win64; x64) AppleWebKit/537.36 (KHTML, like Gecko) Chrome/120.0.0.0 Safari/537.36"
61.247.176.110 - - [26/Apr/2025:14:32:04 -0400] "POST /contacts/ HTTP/1.1" 200 60653 "-" "Mozilla/5.0 (Macintosh; Intel Mac OS X 10_15_7) AppleWebKit/537.36 (KHTML, like Gecko) Chrome/133.0.0.0 Safari/537.36"
61.247.176.110 - - [26/Apr/2025:14:32:10 -0400] "POST /contacts/ HTTP/1.1" 200 60653 "-" "Mozilla/5.0 (Windows NT 10.0; Win64; x64) AppleWebKit/537.36 (KHTML, like Gecko) Chrome/120.0.0.0 Safari/537.36"
212.34.140.200 - - [26/Apr/2025:14:32:15 -0400] "GET /blog/ HTTP/1.1" 200 64331 "-" "Mozilla/5.0 (Macintosh; Intel Mac OS X 10_15_7) AppleWebKit/537.36 (KHTML, like Gecko) Chrome/133.0.0.0 Safari/537.36"
61.247.176.110 - - [26/Apr/2025:14:32:24 -0400] "POST /blog/ HTTP/1.1" 200 63570 "-" "Mozilla/5.0 (Macintosh; Intel Mac OS X 10_15_7) AppleWebKit/537.36 (KHTML, like Gecko) Chrome/133.0.0.0 Safari/537.36"
61.247.176.110 - - [26/Apr/2025:14:32:30 -0400] "POST /blog/ HTTP/1.1" 200 63570 "-" "Mozilla/5.0 (Windows NT 10.0; Win64; x64) AppleWebKit/537.36 (KHTML, like Gecko) Chrome/120.0.0.0 Safari/537.36"
66.29.132.124 - - [26/Apr/2025:14:32:38 -0400] "POST /wp-cron.php?doing_wp_cron=1745692357.9123139381408691406250 HTTP/1.1" 200 0 "-" "WordPress/6.8; https://arsn.media"
61.247.176.110 - - [26/Apr/2025:14:32:36 -0400] "POST /blog/ HTTP/1.1" 200 63570 "-" "Mozilla/5.0 (Macintosh; Intel Mac OS X 10_15_7) AppleWebKit/537.36 (KHTML, like Gecko) Chrome/133.0.0.0 Safari/537.36"
66.29.132.124 - - [26/Apr/2025:14:32:40 -0400] "POST /wp-admin/admin-ajax.php?action=async_litespeed&nonce=14zpnATTFfPLZbl3VPQhQp4Hmg2bqkpO&litespeed_type=imgoptm HTTP/1.1" 200 0 "-" "WordPress/6.8; https://arsn.media"
66.29.132.124 - - [26/Apr/2025:14:32:42 -0400] "POST /wp-admin/admin-ajax.php?action=as_async_request_queue_runner&nonce=6887159dad HTTP/1.1" 200 0 "-" "WordPress/6.8; https://arsn.media"
61.247.176.110 - - [26/Apr/2025:14:32:44 -0400] "POST /blog/ HTTP/1.1" 200 63570 "-" "Mozilla/5.0 (Windows NT 10.0; Win64; x64) AppleWebKit/537.36 (KHTML, like Gecko) Chrome/120.0.0.0 Safari/537.36"
66.29.132.124 - - [26/Apr/2025:14:32:51 -0400] "POST /wp-cron.php?doing_wp_cron=1745692370.5784521102905273437500 HTTP/1.1" 200 0 "-" "WordPress/6.8; https://arsn.media"
212.34.140.200 - - [26/Apr/2025:14:32:49 -0400] "GET /blog/page/2/ HTTP/1.1" 200 63600 "-" "Mozilla/5.0 (Macintosh; Intel Mac OS X 10_15_7) AppleWebKit/537.36 (KHTML, like Gecko) Chrome/133.0.0.0 Safari/537.36"
61.247.176.110 - - [26/Apr/2025:14:33:07 -0400] "POST /blog/page/2/ HTTP/1.1" 200 63602 "-" "Mozilla/5.0 (Windows NT 10.0; Win64; x64) AppleWebKit/537.36 (KHTML, like Gecko) Chrome/120.0.0.0 Safari/537.36"
61.247.176.110 - - [26/Apr/2025:14:33:15 -0400] "POST /blog/page/2/ HTTP/1.1" 200 64578 "-" "Mozilla/5.0 (Macintosh; Intel Mac OS X 10_15_7) AppleWebKit/537.36 (KHTML, like Gecko) Chrome/133.0.0.0 Safari/537.36"
61.247.176.110 - - [26/Apr/2025:14:33:22 -0400] "POST /blog/page/2/ HTTP/1.1" 200 63602 "-" "Mozilla/5.0 (Windows NT 10.0; Win64; x64) AppleWebKit/537.36 (KHTML, like Gecko) Chrome/120.0.0.0 Safari/537.36"
212.34.140.200 - - [26/Apr/2025:14:33:27 -0400] "GET /blog/page/3/ HTTP/1.1" 200 64040 "-" "Mozilla/5.0 (Macintosh; Intel Mac OS X 10_15_7) AppleWebKit/537.36 (KHTML, like Gecko) Chrome/133.0.0.0 Safari/537.36"
66.29.132.124 - - [26/Apr/2025:14:33:35 -0400] "POST /wp-cron.php?doing_wp_cron=1745692415.0127580165863037109375 HTTP/1.1" 200 0 "-" "WordPress/6.8; https://arsn.media"
61.247.176.110 - - [26/Apr/2025:14:33:33 -0400] "POST /blog/page/3/ HTTP/1.1" 200 64503 "-" "Mozilla/5.0 (Macintosh; Intel Mac OS X 10_15_7) AppleWebKit/537.36 (KHTML, like Gecko) Chrome/133.0.0.0 Safari/537.36"
66.29.132.124 - - [26/Apr/2025:14:33:36 -0400] "POST /wp-admin/admin-ajax.php?action=async_litespeed&nonce=ne16jqiK6FGeSjmx5bylPbYnkzQv9MAy&litespeed_type=imgoptm HTTP/1.1" 200 0 "-" "WordPress/6.8; https://arsn.media"
61.247.176.110 - - [26/Apr/2025:14:33:40 -0400] "POST /blog/page/3/ HTTP/1.1" 200 63985 "-" "Mozilla/5.0 (Windows NT 10.0; Win64; x64) AppleWebKit/537.36 (KHTML, like Gecko) Chrome/120.0.0.0 Safari/537.36"
61.247.176.110 - - [26/Apr/2025:14:33:48 -0400] "POST /blog/page/3/ HTTP/1.1" 200 63985 "-" "Mozilla/5.0 (Macintosh; Intel Mac OS X 10_15_7) AppleWebKit/537.36 (KHTML, like Gecko) Chrome/133.0.0.0 Safari/537.36"
66.29.132.124 - - [26/Apr/2025:14:33:54 -0400] "POST /wp-cron.php?doing_wp_cron=1745692434.5471661090850830078125 HTTP/1.1" 200 0 "-" "WordPress/6.8; https://arsn.media"
61.247.176.110 - - [26/Apr/2025:14:33:53 -0400] "POST /blog/page/3/ HTTP/1.1" 200 64503 "-" "Mozilla/5.0 (Windows NT 10.0; Win64; x64) AppleWebKit/537.36 (KHTML, like Gecko) Chrome/120.0.0.0 Safari/537.36"
212.34.140.200 - - [26/Apr/2025:14:33:59 -0400] "GET /blog/page/4/ HTTP/1.1" 200 64399 "-" "Mozilla/5.0 (Macintosh; Intel Mac OS X 10_15_7) AppleWebKit/537.36 (KHTML, like Gecko) Chrome/133.0.0.0 Safari/537.36"
61.247.176.110 - - [26/Apr/2025:14:34:04 -0400] "POST /blog/page/4/ HTTP/1.1" 200 63395 "-" "Mozilla/5.0 (Macintosh; Intel Mac OS X 10_15_7) AppleWebKit/537.36 (KHTML, like Gecko) Chrome/133.0.0.0 Safari/537.36"
61.247.176.110 - - [26/Apr/2025:14:34:12 -0400] "POST /blog/page/4/ HTTP/1.1" 200 63395 "-" "Mozilla/5.0 (Windows NT 10.0; Win64; x64) AppleWebKit/537.36 (KHTML, like Gecko) Chrome/120.0.0.0 Safari/537.36"
61.247.176.110 - - [26/Apr/2025:14:34:17 -0400] "POST /blog/page/4/ HTTP/1.1" 200 63395 "-" "Mozilla/5.0 (Macintosh; Intel Mac OS X 10_15_7) AppleWebKit/537.36 (KHTML, like Gecko) Chrome/133.0.0.0 Safari/537.36"
61.247.176.110 - - [26/Apr/2025:14:34:23 -0400] "POST /blog/page/4/ HTTP/1.1" 200 63395 "-" "Mozilla/5.0 (Windows NT 10.0; Win64; x64) AppleWebKit/537.36 (KHTML, like Gecko) Chrome/120.0.0.0 Safari/537.36"
212.34.140.200 - - [26/Apr/2025:14:34:29 -0400] "GET /blog/page/5/ HTTP/1.1" 200 64022 "-" "Mozilla/5.0 (Macintosh; Intel Mac OS X 10_15_7) AppleWebKit/537.36 (KHTML, like Gecko) Chrome/133.0.0.0 Safari/537.36"
66.29.132.124 - - [26/Apr/2025:14:34:36 -0400] "POST /wp-cron.php?doing_wp_cron=1745692476.4779438972473144531250 HTTP/1.1" 200 0 "-" "WordPress/6.8; https://arsn.media"
61.247.176.110 - - [26/Apr/2025:14:34:35 -0400] "POST /blog/page/5/ HTTP/1.1" 200 63967 "-" "Mozilla/5.0 (Macintosh; Intel Mac OS X 10_15_7) AppleWebKit/537.36 (KHTML, like Gecko) Chrome/133.0.0.0 Safari/537.36"
66.29.132.124 - - [26/Apr/2025:14:34:38 -0400] "POST /wp-admin/admin-ajax.php?action=async_litespeed&nonce=F0n4NAYSvVCMGJjrPCdcrBcMt6sNMXSQ&litespeed_type=imgoptm HTTP/1.1" 200 0 "-" "WordPress/6.8; https://arsn.media"
61.247.176.110 - - [26/Apr/2025:14:34:42 -0400] "POST /blog/page/5/ HTTP/1.1" 200 64038 "-" "Mozilla/5.0 (Windows NT 10.0; Win64; x64) AppleWebKit/537.36 (KHTML, like Gecko) Chrome/120.0.0.0 Safari/537.36"
61.247.176.110 - - [26/Apr/2025:14:34:48 -0400] "POST /blog/page/5/ HTTP/1.1" 200 64038 "-" "Mozilla/5.0 (Macintosh; Intel Mac OS X 10_15_7) AppleWebKit/537.36 (KHTML, like Gecko) Chrome/133.0.0.0 Safari/537.36"
66.29.132.124 - - [26/Apr/2025:14:34:54 -0400] "POST /wp-cron.php?doing_wp_cron=1745692494.1846339702606201171875 HTTP/1.1" 200 0 "-" "WordPress/6.8; https://arsn.media"
61.247.176.110 - - [26/Apr/2025:14:34:53 -0400] "POST /blog/page/5/ HTTP/1.1" 200 63746 "-" "Mozilla/5.0 (Windows NT 10.0; Win64; x64) AppleWebKit/537.36 (KHTML, like Gecko) Chrome/120.0.0.0 Safari/537.36"
66.29.132.124 - - [26/Apr/2025:14:34:58 -0400] "POST /wp-cron.php?doing_wp_cron=1745692498.2153708934783935546875 HTTP/1.1" 200 0 "-" "WordPress/6.8; https://arsn.media"
212.34.140.200 - - [26/Apr/2025:14:34:57 -0400] "GET /blog/page/6/ HTTP/1.1" 200 64535 "-" "Mozilla/5.0 (Macintosh; Intel Mac OS X 10_15_7) AppleWebKit/537.36 (KHTML, like Gecko) Chrome/133.0.0.0 Safari/537.36"
61.247.176.110 - - [26/Apr/2025:14:35:01 -0400] "POST /blog/page/6/ HTTP/1.1" 200 64575 "-" "Mozilla/5.0 (Macintosh; Intel Mac OS X 10_15_7) AppleWebKit/537.36 (KHTML, like Gecko) Chrome/133.0.0.0 Safari/537.36"
61.247.176.110 - - [26/Apr/2025:14:35:08 -0400] "POST /blog/page/6/ HTTP/1.1" 200 64981 "-" "Mozilla/5.0 (Windows NT 10.0; Win64; x64) AppleWebKit/537.36 (KHTML, like Gecko) Chrome/120.0.0.0 Safari/537.36"
61.247.176.110 - - [26/Apr/2025:14:35:15 -0400] "POST /blog/page/6/ HTTP/1.1" 200 64479 "-" "Mozilla/5.0 (Macintosh; Intel Mac OS X 10_15_7) AppleWebKit/537.36 (KHTML, like Gecko) Chrome/133.0.0.0 Safari/537.36"
61.247.176.110 - - [26/Apr/2025:14:35:21 -0400] "POST /blog/page/6/ HTTP/1.1" 200 64981 "-" "Mozilla/5.0 (Windows NT 10.0; Win64; x64) AppleWebKit/537.36 (KHTML, like Gecko) Chrome/120.0.0.0 Safari/537.36"
68.221.75.27 - - [26/Apr/2025:14:36:50 -0400] "GET / HTTP/1.1" 200 48706 "-" "Mozilla/5.0 AppleWebKit/537.36 (KHTML, like Gecko); compatible; ChatGPT-User/1.0; +https://openai.com/bot"
66.29.132.124 - - [26/Apr/2025:14:41:30 -0400] "POST /wp-cron.php?doing_wp_cron=1745692890.7687950134277343750000 HTTP/1.1" 200 0 "-" "WordPress/6.8; https://arsn.media"
66.29.132.124 - - [26/Apr/2025:14:41:32 -0400] "POST /wp-admin/admin-ajax.php?action=async_litespeed&nonce=lT5HppSWcRRpW8C53STjCdhm5TOS2nAh&litespeed_type=imgoptm HTTP/1.1" 200 0 "-" "WordPress/6.8; https://arsn.media"
66.249.74.5 - - [26/Apr/2025:14:41:12 -0400] "GET /808/maui-humane-society.html HTTP/1.1" 404 39297 "-" "Mozilla/5.0 (Linux; Android 6.0.1; Nexus 5X Build/MMB29P) AppleWebKit/537.36 (KHTML, like Gecko) Chrome/135.0.7049.95 Mobile Safari/537.36 (compatible; GoogleOther)"
66.29.132.124 - - [26/Apr/2025:14:49:32 -0400] "POST /wp-cron.php?doing_wp_cron=1745693372.2972230911254882812500 HTTP/1.1" 200 0 "-" "WordPress/6.8; https://arsn.media"
66.29.132.124 - - [26/Apr/2025:14:49:33 -0400] "POST /wp-admin/admin-ajax.php?action=async_litespeed&nonce=DAf0ecOIFLBqe69bJdZEh2SPLvdyAySf&litespeed_type=imgoptm HTTP/1.1" 200 0 "-" "WordPress/6.8; https://arsn.media"
66.249.74.3 - - [26/Apr/2025:14:49:25 -0400] "GET /808/sc300-transmission-swap.html HTTP/1.1" 404 39286 "-" "Mozilla/5.0 (Linux; Android 6.0.1; Nexus 5X Build/MMB29P) AppleWebKit/537.36 (KHTML, like Gecko) Chrome/135.0.7049.95 Mobile Safari/537.36 (compatible; GoogleOther)"
52.167.144.172 - - [26/Apr/2025:14:51:09 -0400] "GET /wp-content/uploads/2024/07/SMM.png HTTP/1.1" 200 32793 "-" "Mozilla/5.0 AppleWebKit/537.36 (KHTML, like Gecko; compatible; bingbot/2.0; +http://www.bing.com/bingbot.htm) Chrome/116.0.1938.76 Safari/537.36"
66.29.132.124 - - [26/Apr/2025:14:55:45 -0400] "POST /wp-cron.php?doing_wp_cron=1745693745.6476099491119384765625 HTTP/1.1" 200 0 "-" "WordPress/6.8; https://arsn.media"
66.29.132.124 - - [26/Apr/2025:14:55:48 -0400] "POST /wp-admin/admin-ajax.php?action=async_litespeed&nonce=9OQuK3474LdcMPhepx4gJc8b8cEJvmnx&litespeed_type=imgoptm HTTP/1.1" 200 0 "-" "WordPress/6.8; https://arsn.media"
66.249.74.3 - - [26/Apr/2025:14:55:35 -0400] "GET /808/stellaris-ship-power-generation.html HTTP/1.1" 404 39289 "-" "Mozilla/5.0 (Linux; Android 6.0.1; Nexus 5X Build/MMB29P) AppleWebKit/537.36 (KHTML, like Gecko) Chrome/135.0.7049.95 Mobile Safari/537.36 (compatible; GoogleOther)"
196.251.81.142 - - [26/Apr/2025:14:58:38 -0400] "POST /wp-plain.php HTTP/1.1" 200 0 "www.google.com" "Mozilla/5.0 (Linux; Android 7.0; SM-G892A Bulid/NRD90M; wv) AppleWebKit/537.36 (KHTML, like Gecko) Version/4.0 Chrome/60.0.3112.107 Moblie Safari/537.36"
196.251.81.142 - - [26/Apr/2025:14:58:45 -0400] "GET /wp-content/themes/seotheme/db.php?u HTTP/1.1" 200 0 "www.google.com" "Mozlila/5.0 (Linux; Android 7.0; SM-G892A Bulid/NRD90M; wv) AppleWebKit/537.36 (KHTML, like Gecko) Version/4.0 Chrome/60.0.3112.107 Moblie Safari/537.36"
66.29.132.124 - - [26/Apr/2025:14:58:52 -0400] "POST /wp-cron.php?doing_wp_cron=1745693932.2763679027557373046875 HTTP/1.1" 200 0 "-" "WordPress/6.8; https://arsn.media"
66.29.132.124 - - [26/Apr/2025:14:58:52 -0400] "POST /wp-cron.php?doing_wp_cron=1745693932.2779281139373779296875 HTTP/1.1" 200 0 "-" "WordPress/6.8; https://arsn.media"
196.251.81.142 - - [26/Apr/2025:14:58:50 -0400] "GET /wp-content/themes/seotheme/db.php?u HTTP/1.1" 200 0 "www.google.com" "Mozlila/5.0 (Linux; Android 7.0; SM-G892A Bulid/NRD90M; wv) AppleWebKit/537.36 (KHTML, like Gecko) Version/4.0 Chrome/60.0.3112.107 Moblie Safari/537.36"
196.251.81.142 - - [26/Apr/2025:14:58:38 -0400] "POST /ALFA_DATA/alfacgiapi/perl.alfa HTTP/1.1" 404 566326 "www.google.com" "Mozlila/5.0 (Linux; Android 7.0; SM-G892A Bulid/NRD90M; wv) AppleWebKit/537.36 (KHTML, like Gecko) Version/4.0 Chrome/60.0.3112.107 Moblie Safari/537.36"
66.29.132.124 - - [26/Apr/2025:14:58:58 -0400] "POST /wp-admin/admin-ajax.php?action=async_litespeed&nonce=irhDazk8xSqAGENLppggCcRijmn6kfQw&litespeed_type=imgoptm HTTP/1.1" 200 0 "-" "WordPress/6.8; https://arsn.media"
196.251.81.142 - - [26/Apr/2025:14:58:57 -0400] "GET /wp-content/themes/seotheme/db.php?u HTTP/1.1" 404 566681 "www.google.com" "Mozlila/5.0 (Linux; Android 7.0; SM-G892A Bulid/NRD90M; wv) AppleWebKit/537.36 (KHTML, like Gecko) Version/4.0 Chrome/60.0.3112.107 Moblie Safari/537.36"
196.251.81.142 - - [26/Apr/2025:14:59:05 -0400] "POST /ALFA_DATA/alfacgiapi/perl.alfa HTTP/1.1" 404 566326 "www.google.com" "Mozlila/5.0 (Linux; Android 7.0; SM-G892A Bulid/NRD90M; wv) AppleWebKit/537.36 (KHTML, like Gecko) Version/4.0 Chrome/60.0.3112.107 Moblie Safari/537.36"
196.251.81.142 - - [26/Apr/2025:14:59:10 -0400] "POST /alfacgiapi/perl.alfa HTTP/1.1" 404 565755 "www.google.com" "Mozlila/5.0 (Linux; Android 7.0; SM-G892A Bulid/NRD90M; wv) AppleWebKit/537.36 (KHTML, like Gecko) Version/4.0 Chrome/60.0.3112.107 Moblie Safari/537.36"
20.171.207.233 - - [26/Apr/2025:14:59:23 -0400] "GET /wp-content/uploads/2020/10/404.png%20707w,%20https:/arsn.media/wp-content/uploads/2020/10/404-300x110.png%20300w HTTP/1.1" 404 39426 "-" "Mozilla/5.0 AppleWebKit/537.36 (KHTML, like Gecko; compatible; GPTBot/1.2; +https://openai.com/gptbot)"
20.171.207.233 - - [26/Apr/2025:14:59:26 -0400] "GET /wp-json/elementskit/v1/ HTTP/1.1" 404 114 "-" "Mozilla/5.0 AppleWebKit/537.36 (KHTML, like Gecko; compatible; GPTBot/1.2; +https://openai.com/gptbot)"
20.171.207.233 - - [26/Apr/2025:14:59:30 -0400] "GET /wp-content/uploads/2020/09/ARSN-Final-Logos-scaled.jpg%202560w,%20https:/arsn.media/wp-content/uploads/2020/09/ARSN-Final-Logos-300x138.jpg%20300w,%20https:/arsn.media/wp-content/uploads/2020/09/ARSN-Final-Logos-1024x471.jpg%201024w,%20https:/arsn.media/ARSN-Final-Logos-768x353.jpg%20768w,%20https:/ARSN-Final-Logos-1536x706.jpg%201536w,%20https:/ARSN-Final-Logos-2048x942.jpg%202048w HTTP/1.1" 404 18524 "-" "Mozilla/5.0 AppleWebKit/537.36 (KHTML, like Gecko; compatible; GPTBot/1.2; +https://openai.com/gptbot)"
20.171.207.233 - - [26/Apr/2025:14:59:35 -0400] "GET /wp-content/themes/onum/js/design-test.js HTTP/1.1" 404 39272 "-" "Mozilla/5.0 AppleWebKit/537.36 (KHTML, like Gecko; compatible; GPTBot/1.2; +https://openai.com/gptbot)"
66.29.132.124 - - [26/Apr/2025:14:59:38 -0400] "POST /wp-cron.php?doing_wp_cron=1745693977.1854240894317626953125 HTTP/1.1" 200 0 "-" "WordPress/6.8; https://arsn.media"
20.171.207.233 - - [26/Apr/2025:14:59:35 -0400] "GET /wp-content/themes/onum/css/design-test.css?ver=6.7.1 HTTP/1.1" 404 18472 "-" "Mozilla/5.0 AppleWebKit/537.36 (KHTML, like Gecko; compatible; GPTBot/1.2; +https://openai.com/gptbot)"
66.29.132.124 - - [26/Apr/2025:15:01:07 -0400] "POST /wp-cron.php?doing_wp_cron=1745694067.0722041130065917968750 HTTP/1.1" 200 0 "-" "WordPress/6.8; https://arsn.media"
40.77.167.7 - - [26/Apr/2025:15:01:02 -0400] "GET /ukdygc/appalachian-stove-parts.html HTTP/1.1" 404 39363 "-" "Mozilla/5.0 (Windows NT 10.0; Win64; x64) AppleWebKit/537.36 (KHTML, like Gecko) Chrome/112.0.0.0 Safari/537.36 Edg/112.0.1722.68"
66.29.132.124 - - [26/Apr/2025:15:01:09 -0400] "POST /wp-admin/admin-ajax.php?action=async_litespeed&nonce=XeVT3wDI7zjJjWNQehXihBkVKQOxexII&litespeed_type=imgoptm HTTP/1.1" 200 0 "-" "WordPress/6.8; https://arsn.media"
20.171.207.233 - - [26/Apr/2025:15:03:19 -0400] "GET /wp-content/uploads/2020/10/404.png%20707w,%20https:/arsn.media/wp-content/uploads/2020/10/404-300x110.png%20300w HTTP/1.1" 404 39426 "-" "Mozilla/5.0 AppleWebKit/537.36 (KHTML, like Gecko; compatible; GPTBot/1.2; +https://openai.com/gptbot)"
66.29.132.124 - - [26/Apr/2025:15:03:26 -0400] "POST /wp-cron.php?doing_wp_cron=1745694206.5140860080718994140625 HTTP/1.1" 200 0 "-" "WordPress/6.8; https://arsn.media"
66.29.132.124 - - [26/Apr/2025:15:03:30 -0400] "POST /wp-admin/admin-ajax.php?action=async_litespeed&nonce=FTUDS464E60q7gTuWxRryliRfwN6h8rZ&litespeed_type=imgoptm HTTP/1.1" 200 0 "-" "WordPress/6.8; https://arsn.media"
20.171.207.233 - - [26/Apr/2025:15:03:21 -0400] "GET /wp-content/themes/onum/css/design-test.css?ver=6.7.2 HTTP/1.1" 404 18473 "-" "Mozilla/5.0 AppleWebKit/537.36 (KHTML, like Gecko; compatible; GPTBot/1.2; +https://openai.com/gptbot)"
66.249.74.4 - - [26/Apr/2025:15:03:26 -0400] "GET /808/indian-motorcycle-headdress-light.html HTTP/1.1" 404 39200 "-" "Mozilla/5.0 (Linux; Android 6.0.1; Nexus 5X Build/MMB29P) AppleWebKit/537.36 (KHTML, like Gecko) Chrome/135.0.7049.95 Mobile Safari/537.36 (compatible; GoogleOther)"
20.171.207.233 - - [26/Apr/2025:15:03:32 -0400] "GET /wp-content/uploads/2020/09/ARSN-Final-Logos-scaled.jpg%202560w,%20https:/arsn.media/wp-content/uploads/2020/09/ARSN-Final-Logos-300x138.jpg%20300w,%20https:/arsn.media/wp-content/uploads/2020/09/ARSN-Final-Logos-1024x471.jpg%201024w,%20https:/arsn.media/ARSN-Final-Logos-768x353.jpg%20768w,%20https:/ARSN-Final-Logos-1536x706.jpg%201536w,%20https:/ARSN-Final-Logos-2048x942.jpg%202048w HTTP/1.1" 404 26988 "-" "Mozilla/5.0 AppleWebKit/537.36 (KHTML, like Gecko; compatible; GPTBot/1.2; +https://openai.com/gptbot)"
20.171.207.233 - - [26/Apr/2025:15:03:35 -0400] "GET /wp-content/themes/onum/js/design-test.js HTTP/1.1" 404 39272 "-" "Mozilla/5.0 AppleWebKit/537.36 (KHTML, like Gecko; compatible; GPTBot/1.2; +https://openai.com/gptbot)"
20.171.207.233 - - [26/Apr/2025:15:03:40 -0400] "GET /wp-json/elementskit/v1/ HTTP/1.1" 404 114 "-" "Mozilla/5.0 AppleWebKit/537.36 (KHTML, like Gecko; compatible; GPTBot/1.2; +https://openai.com/gptbot)"
20.161.75.209 - - [26/Apr/2025:15:04:15 -0400] "GET / HTTP/1.1" 200 48706 "-" "Mozilla/5.0 AppleWebKit/537.36 (KHTML, like Gecko); compatible; ChatGPT-User/1.0; +https://openai.com/bot"
173.252.79.5 - - [26/Apr/2025:15:06:59 -0400] "GET /robots.txt HTTP/1.1" 200 168 "-" "facebookexternalhit/1.1 (+http://www.facebook.com/externalhit_uatext.php)"
173.252.79.113 - - [26/Apr/2025:15:07:00 -0400] "GET / HTTP/1.1" 200 639584 "-" "facebookexternalhit/1.1 (+http://www.facebook.com/externalhit_uatext.php)"
173.252.127.15 - - [26/Apr/2025:15:07:09 -0400] "GET /?fbclid=IwZXh0bgNhZW0CMTEAAR4Zxqh17eR3Ya11I9tedXP4v5JJEh7QMJIDdLoOOtJLIMhbfrNS67RnOLR63g_aem_fQOytZjDCUkZO8SbeOxWvA HTTP/1.1" 200 48706 "-" "Mozilla/5.0 (X11; Linux x86_64) AppleWebKit/537.36 (KHTML, like Gecko) Chrome/135.0.0.0 Safari/537.36"
173.252.127.17 - - [26/Apr/2025:15:07:21 -0400] "GET /wp-content/plugins/contact-form-7/includes/css/styles.css?ver=6.0.6 HTTP/1.1" 200 890 "https://arsn.media/?fbclid=IwZXh0bgNhZW0CMTEAAR4Zxqh17eR3Ya11I9tedXP4v5JJEh7QMJIDdLoOOtJLIMhbfrNS67RnOLR63g_aem_fQOytZjDCUkZO8SbeOxWvA" "Mozilla/5.0 (X11; Linux x86_64) AppleWebKit/537.36 (KHTML, like Gecko) Chrome/135.0.0.0 Safari/537.36"
173.252.127.17 - - [26/Apr/2025:15:07:22 -0400] "GET /wp-content/plugins/primary-addon-for-elementor/assets/css/niche-frame.css?ver=1.2 HTTP/1.1" 200 1009 "https://arsn.media/?fbclid=IwZXh0bgNhZW0CMTEAAR4Zxqh17eR3Ya11I9tedXP4v5JJEh7QMJIDdLoOOtJLIMhbfrNS67RnOLR63g_aem_fQOytZjDCUkZO8SbeOxWvA" "Mozilla/5.0 (X11; Linux x86_64) AppleWebKit/537.36 (KHTML, like Gecko) Chrome/135.0.0.0 Safari/537.36"
173.252.127.112 - - [26/Apr/2025:15:07:22 -0400] "GET /wp-content/plugins/elementor/assets/lib/font-awesome/css/font-awesome.min.css?ver=4.7.0 HTTP/1.1" 200 6657 "https://arsn.media/?fbclid=IwZXh0bgNhZW0CMTEAAR4Zxqh17eR3Ya11I9tedXP4v5JJEh7QMJIDdLoOOtJLIMhbfrNS67RnOLR63g_aem_fQOytZjDCUkZO8SbeOxWvA" "Mozilla/5.0 (X11; Linux x86_64) AppleWebKit/537.36 (KHTML, like Gecko) Chrome/135.0.0.0 Safari/537.36"
173.252.127.17 - - [26/Apr/2025:15:07:22 -0400] "GET /wp-content/plugins/primary-addon-for-elementor/assets/css/animate.min.css?ver=3.7.2 HTTP/1.1" 200 4011 "https://arsn.media/?fbclid=IwZXh0bgNhZW0CMTEAAR4Zxqh17eR3Ya11I9tedXP4v5JJEh7QMJIDdLoOOtJLIMhbfrNS67RnOLR63g_aem_fQOytZjDCUkZO8SbeOxWvA" "Mozilla/5.0 (X11; Linux x86_64) AppleWebKit/537.36 (KHTML, like Gecko) Chrome/135.0.0.0 Safari/537.36"
173.252.127.17 - - [26/Apr/2025:15:07:24 -0400] "GET /wp-content/plugins/primary-addon-for-elementor/assets/css/themify-icons.min.css?ver=1.0.0 HTTP/1.1" 200 2620 "https://arsn.media/?fbclid=IwZXh0bgNhZW0CMTEAAR4Zxqh17eR3Ya11I9tedXP4v5JJEh7QMJIDdLoOOtJLIMhbfrNS67RnOLR63g_aem_fQOytZjDCUkZO8SbeOxWvA" "Mozilla/5.0 (X11; Linux x86_64) AppleWebKit/537.36 (KHTML, like Gecko) Chrome/135.0.0.0 Safari/537.36"
173.252.127.17 - - [26/Apr/2025:15:07:24 -0400] "GET /wp-content/plugins/primary-addon-for-elementor/assets/css/hover-min.css?ver=2.3.2 HTTP/1.1" 200 6307 "https://arsn.media/?fbclid=IwZXh0bgNhZW0CMTEAAR4Zxqh17eR3Ya11I9tedXP4v5JJEh7QMJIDdLoOOtJLIMhbfrNS67RnOLR63g_aem_fQOytZjDCUkZO8SbeOxWvA" "Mozilla/5.0 (X11; Linux x86_64) AppleWebKit/537.36 (KHTML, like Gecko) Chrome/135.0.0.0 Safari/537.36"
173.252.127.17 - - [26/Apr/2025:15:07:24 -0400] "GET /wp-content/plugins/primary-addon-for-elementor/assets/css/icofont.min.css?ver=1.0.1 HTTP/1.1" 200 1600 "https://arsn.media/?fbclid=IwZXh0bgNhZW0CMTEAAR4Zxqh17eR3Ya11I9tedXP4v5JJEh7QMJIDdLoOOtJLIMhbfrNS67RnOLR63g_aem_fQOytZjDCUkZO8SbeOxWvA" "Mozilla/5.0 (X11; Linux x86_64) AppleWebKit/537.36 (KHTML, like Gecko) Chrome/135.0.0.0 Safari/537.36"
173.252.127.4 - - [26/Apr/2025:15:07:24 -0400] "GET /wp-content/plugins/primary-addon-for-elementor/assets/css/linea.min.css?ver=1.0.0 HTTP/1.1" 200 5115 "https://arsn.media/?fbclid=IwZXh0bgNhZW0CMTEAAR4Zxqh17eR3Ya11I9tedXP4v5JJEh7QMJIDdLoOOtJLIMhbfrNS67RnOLR63g_aem_fQOytZjDCUkZO8SbeOxWvA" "Mozilla/5.0 (X11; Linux x86_64) AppleWebKit/537.36 (KHTML, like Gecko) Chrome/135.0.0.0 Safari/537.36"
173.252.127.17 - - [26/Apr/2025:15:07:25 -0400] "GET /wp-content/plugins/primary-addon-for-elementor/assets/css/magnific-popup.min.css?ver=1.0 HTTP/1.1" 200 1432 "https://arsn.media/?fbclid=IwZXh0bgNhZW0CMTEAAR4Zxqh17eR3Ya11I9tedXP4v5JJEh7QMJIDdLoOOtJLIMhbfrNS67RnOLR63g_aem_fQOytZjDCUkZO8SbeOxWvA" "Mozilla/5.0 (X11; Linux x86_64) AppleWebKit/537.36 (KHTML, like Gecko) Chrome/135.0.0.0 Safari/537.36"
173.252.127.4 - - [26/Apr/2025:15:07:25 -0400] "GET /wp-content/plugins/primary-addon-for-elementor/assets/css/owl.carousel.min.css?ver=2.3.4 HTTP/1.1" 200 915 "https://arsn.media/?fbclid=IwZXh0bgNhZW0CMTEAAR4Zxqh17eR3Ya11I9tedXP4v5JJEh7QMJIDdLoOOtJLIMhbfrNS67RnOLR63g_aem_fQOytZjDCUkZO8SbeOxWvA" "Mozilla/5.0 (X11; Linux x86_64) AppleWebKit/537.36 (KHTML, like Gecko) Chrome/135.0.0.0 Safari/537.36"
173.252.127.39 - - [26/Apr/2025:15:07:25 -0400] "GET /wp-content/plugins/primary-addon-for-elementor/assets/css/flickity.min.css?ver=2.2.1 HTTP/1.1" 200 553 "https://arsn.media/?fbclid=IwZXh0bgNhZW0CMTEAAR4Zxqh17eR3Ya11I9tedXP4v5JJEh7QMJIDdLoOOtJLIMhbfrNS67RnOLR63g_aem_fQOytZjDCUkZO8SbeOxWvA" "Mozilla/5.0 (X11; Linux x86_64) AppleWebKit/537.36 (KHTML, like Gecko) Chrome/135.0.0.0 Safari/537.36"
173.252.127.17 - - [26/Apr/2025:15:07:25 -0400] "GET /wp-content/plugins/primary-addon-for-elementor/assets/css/juxtapose.css?ver=1.2.1 HTTP/1.1" 200 1256 "https://arsn.media/?fbclid=IwZXh0bgNhZW0CMTEAAR4Zxqh17eR3Ya11I9tedXP4v5JJEh7QMJIDdLoOOtJLIMhbfrNS67RnOLR63g_aem_fQOytZjDCUkZO8SbeOxWvA" "Mozilla/5.0 (X11; Linux x86_64) AppleWebKit/537.36 (KHTML, like Gecko) Chrome/135.0.0.0 Safari/537.36"
173.252.127.39 - - [26/Apr/2025:15:07:25 -0400] "GET /wp-content/plugins/primary-addon-for-elementor/assets/css/responsive.css?ver=1.2 HTTP/1.1" 200 1433 "https://arsn.media/?fbclid=IwZXh0bgNhZW0CMTEAAR4Zxqh17eR3Ya11I9tedXP4v5JJEh7QMJIDdLoOOtJLIMhbfrNS67RnOLR63g_aem_fQOytZjDCUkZO8SbeOxWvA" "Mozilla/5.0 (X11; Linux x86_64) AppleWebKit/537.36 (KHTML, like Gecko) Chrome/135.0.0.0 Safari/537.36"
173.252.127.4 - - [26/Apr/2025:15:07:25 -0400] "GET /wp-content/plugins/primary-addon-for-elementor/assets/css/styles.css?ver=1.2 HTTP/1.1" 200 13347 "https://arsn.media/?fbclid=IwZXh0bgNhZW0CMTEAAR4Zxqh17eR3Ya11I9tedXP4v5JJEh7QMJIDdLoOOtJLIMhbfrNS67RnOLR63g_aem_fQOytZjDCUkZO8SbeOxWvA" "Mozilla/5.0 (X11; Linux x86_64) AppleWebKit/537.36 (KHTML, like Gecko) Chrome/135.0.0.0 Safari/537.36"
173.252.127.17 - - [26/Apr/2025:15:07:26 -0400] "GET /wp-content/plugins/slider-video/Style/Rich-Web-Video-Slider-Widget.css?ver=6.8 HTTP/1.1" 200 417 "https://arsn.media/?fbclid=IwZXh0bgNhZW0CMTEAAR4Zxqh17eR3Ya11I9tedXP4v5JJEh7QMJIDdLoOOtJLIMhbfrNS67RnOLR63g_aem_fQOytZjDCUkZO8SbeOxWvA" "Mozilla/5.0 (X11; Linux x86_64) AppleWebKit/537.36 (KHTML, like Gecko) Chrome/135.0.0.0 Safari/537.36"
173.252.127.39 - - [26/Apr/2025:15:07:26 -0400] "GET /wp-content/plugins/slider-video/Style/richwebicons.css?ver=6.8 HTTP/1.1" 200 6462 "https://arsn.media/?fbclid=IwZXh0bgNhZW0CMTEAAR4Zxqh17eR3Ya11I9tedXP4v5JJEh7QMJIDdLoOOtJLIMhbfrNS67RnOLR63g_aem_fQOytZjDCUkZO8SbeOxWvA" "Mozilla/5.0 (X11; Linux x86_64) AppleWebKit/537.36 (KHTML, like Gecko) Chrome/135.0.0.0 Safari/537.36"
173.252.127.4 - - [26/Apr/2025:15:07:26 -0400] "GET /wp-content/plugins/widget-google-reviews/assets/css/public-main.css?ver=5.7.1 HTTP/1.1" 200 3520 "https://arsn.media/?fbclid=IwZXh0bgNhZW0CMTEAAR4Zxqh17eR3Ya11I9tedXP4v5JJEh7QMJIDdLoOOtJLIMhbfrNS67RnOLR63g_aem_fQOytZjDCUkZO8SbeOxWvA" "Mozilla/5.0 (X11; Linux x86_64) AppleWebKit/537.36 (KHTML, like Gecko) Chrome/135.0.0.0 Safari/537.36"
173.252.127.39 - - [26/Apr/2025:15:07:26 -0400] "GET /wp-content/themes/onum/css/bootstrap.css?ver=3.3.7 HTTP/1.1" 200 2342 "https://arsn.media/?fbclid=IwZXh0bgNhZW0CMTEAAR4Zxqh17eR3Ya11I9tedXP4v5JJEh7QMJIDdLoOOtJLIMhbfrNS67RnOLR63g_aem_fQOytZjDCUkZO8SbeOxWvA" "Mozilla/5.0 (X11; Linux x86_64) AppleWebKit/537.36 (KHTML, like Gecko) Chrome/135.0.0.0 Safari/537.36"
173.252.127.39 - - [26/Apr/2025:15:07:26 -0400] "GET /wp-content/themes/onum/css/font-awesome.css?ver=6.8 HTTP/1.1" 200 12196 "https://arsn.media/?fbclid=IwZXh0bgNhZW0CMTEAAR4Zxqh17eR3Ya11I9tedXP4v5JJEh7QMJIDdLoOOtJLIMhbfrNS67RnOLR63g_aem_fQOytZjDCUkZO8SbeOxWvA" "Mozilla/5.0 (X11; Linux x86_64) AppleWebKit/537.36 (KHTML, like Gecko) Chrome/135.0.0.0 Safari/537.36"
173.252.127.4 - - [26/Apr/2025:15:07:26 -0400] "GET /wp-content/themes/onum/css/flaticon.css?ver=6.8 HTTP/1.1" 200 1042 "https://arsn.media/?fbclid=IwZXh0bgNhZW0CMTEAAR4Zxqh17eR3Ya11I9tedXP4v5JJEh7QMJIDdLoOOtJLIMhbfrNS67RnOLR63g_aem_fQOytZjDCUkZO8SbeOxWvA" "Mozilla/5.0 (X11; Linux x86_64) AppleWebKit/537.36 (KHTML, like Gecko) Chrome/135.0.0.0 Safari/537.36"
173.252.127.39 - - [26/Apr/2025:15:07:27 -0400] "GET /wp-content/themes/onum/css/slick.css?ver=6.8 HTTP/1.1" 200 487 "https://arsn.media/?fbclid=IwZXh0bgNhZW0CMTEAAR4Zxqh17eR3Ya11I9tedXP4v5JJEh7QMJIDdLoOOtJLIMhbfrNS67RnOLR63g_aem_fQOytZjDCUkZO8SbeOxWvA" "Mozilla/5.0 (X11; Linux x86_64) AppleWebKit/537.36 (KHTML, like Gecko) Chrome/135.0.0.0 Safari/537.36"
173.252.127.4 - - [26/Apr/2025:15:07:27 -0400] "GET /wp-content/themes/onum/css/slick-theme.css?ver=6.8 HTTP/1.1" 200 592 "https://arsn.media/?fbclid=IwZXh0bgNhZW0CMTEAAR4Zxqh17eR3Ya11I9tedXP4v5JJEh7QMJIDdLoOOtJLIMhbfrNS67RnOLR63g_aem_fQOytZjDCUkZO8SbeOxWvA" "Mozilla/5.0 (X11; Linux x86_64) AppleWebKit/537.36 (KHTML, like Gecko) Chrome/135.0.0.0 Safari/537.36"
173.252.127.39 - - [26/Apr/2025:15:07:27 -0400] "GET /wp-content/themes/onum/style.css?ver=6.8 HTTP/1.1" 200 27645 "https://arsn.media/?fbclid=IwZXh0bgNhZW0CMTEAAR4Zxqh17eR3Ya11I9tedXP4v5JJEh7QMJIDdLoOOtJLIMhbfrNS67RnOLR63g_aem_fQOytZjDCUkZO8SbeOxWvA" "Mozilla/5.0 (X11; Linux x86_64) AppleWebKit/537.36 (KHTML, like Gecko) Chrome/135.0.0.0 Safari/537.36"
173.252.127.10 - - [26/Apr/2025:15:07:27 -0400] "GET /wp-content/themes/onum/inc/backend/css/simple-likes-public.css?ver=6.8 HTTP/1.1" 200 653 "https://arsn.media/?fbclid=IwZXh0bgNhZW0CMTEAAR4Zxqh17eR3Ya11I9tedXP4v5JJEh7QMJIDdLoOOtJLIMhbfrNS67RnOLR63g_aem_fQOytZjDCUkZO8SbeOxWvA" "Mozilla/5.0 (X11; Linux x86_64) AppleWebKit/537.36 (KHTML, like Gecko) Chrome/135.0.0.0 Safari/537.36"
173.252.127.112 - - [26/Apr/2025:15:07:29 -0400] "GET /wp-content/plugins/elementor/assets/lib/eicons/css/elementor-icons.min.css?ver=5.36.0 HTTP/1.1" 200 3845 "https://arsn.media/?fbclid=IwZXh0bgNhZW0CMTEAAR4Zxqh17eR3Ya11I9tedXP4v5JJEh7QMJIDdLoOOtJLIMhbfrNS67RnOLR63g_aem_fQOytZjDCUkZO8SbeOxWvA" "Mozilla/5.0 (X11; Linux x86_64) AppleWebKit/537.36 (KHTML, like Gecko) Chrome/135.0.0.0 Safari/537.36"
173.252.127.112 - - [26/Apr/2025:15:07:29 -0400] "GET /wp-content/uploads/elementor/css/custom-frontend.min.css?ver=1725365066 HTTP/1.1" 200 28098 "https://arsn.media/?fbclid=IwZXh0bgNhZW0CMTEAAR4Zxqh17eR3Ya11I9tedXP4v5JJEh7QMJIDdLoOOtJLIMhbfrNS67RnOLR63g_aem_fQOytZjDCUkZO8SbeOxWvA" "Mozilla/5.0 (X11; Linux x86_64) AppleWebKit/537.36 (KHTML, like Gecko) Chrome/135.0.0.0 Safari/537.36"
173.252.127.112 - - [26/Apr/2025:15:07:30 -0400] "GET /wp-content/uploads/elementor/css/custom-pro-frontend.min.css?ver=1725365066 HTTP/1.1" 200 43386 "https://arsn.media/?fbclid=IwZXh0bgNhZW0CMTEAAR4Zxqh17eR3Ya11I9tedXP4v5JJEh7QMJIDdLoOOtJLIMhbfrNS67RnOLR63g_aem_fQOytZjDCUkZO8SbeOxWvA" "Mozilla/5.0 (X11; Linux x86_64) AppleWebKit/537.36 (KHTML, like Gecko) Chrome/135.0.0.0 Safari/537.36"
173.252.127.112 - - [26/Apr/2025:15:07:30 -0400] "GET /wp-content/uploads/elementor/css/post-7953.css?ver=1725377460 HTTP/1.1" 200 4470 "https://arsn.media/?fbclid=IwZXh0bgNhZW0CMTEAAR4Zxqh17eR3Ya11I9tedXP4v5JJEh7QMJIDdLoOOtJLIMhbfrNS67RnOLR63g_aem_fQOytZjDCUkZO8SbeOxWvA" "Mozilla/5.0 (X11; Linux x86_64) AppleWebKit/537.36 (KHTML, like Gecko) Chrome/135.0.0.0 Safari/537.36"
173.252.127.112 - - [26/Apr/2025:15:07:30 -0400] "GET /wp-content/plugins/elementskit-lite/widgets/init/assets/css/widget-styles.css?ver=3.5.0 HTTP/1.1" 200 48223 "https://arsn.media/?fbclid=IwZXh0bgNhZW0CMTEAAR4Zxqh17eR3Ya11I9tedXP4v5JJEh7QMJIDdLoOOtJLIMhbfrNS67RnOLR63g_aem_fQOytZjDCUkZO8SbeOxWvA" "Mozilla/5.0 (X11; Linux x86_64) AppleWebKit/537.36 (KHTML, like Gecko) Chrome/135.0.0.0 Safari/537.36"
173.252.127.112 - - [26/Apr/2025:15:07:31 -0400] "GET /wp-content/plugins/elementskit-lite/widgets/init/assets/css/responsive.css?ver=3.5.0 HTTP/1.1" 200 2859 "https://arsn.media/?fbclid=IwZXh0bgNhZW0CMTEAAR4Zxqh17eR3Ya11I9tedXP4v5JJEh7QMJIDdLoOOtJLIMhbfrNS67RnOLR63g_aem_fQOytZjDCUkZO8SbeOxWvA" "Mozilla/5.0 (X11; Linux x86_64) AppleWebKit/537.36 (KHTML, like Gecko) Chrome/135.0.0.0 Safari/537.36"
173.252.127.112 - - [26/Apr/2025:15:07:31 -0400] "GET /wp-content/uploads/elementor/google-fonts/css/dmsans.css?ver=1742288945 HTTP/1.1" 200 496 "https://arsn.media/?fbclid=IwZXh0bgNhZW0CMTEAAR4Zxqh17eR3Ya11I9tedXP4v5JJEh7QMJIDdLoOOtJLIMhbfrNS67RnOLR63g_aem_fQOytZjDCUkZO8SbeOxWvA" "Mozilla/5.0 (X11; Linux x86_64) AppleWebKit/537.36 (KHTML, like Gecko) Chrome/135.0.0.0 Safari/537.36"
173.252.127.112 - - [26/Apr/2025:15:07:31 -0400] "GET /wp-content/uploads/elementor/google-fonts/css/manrope.css?ver=1742288903 HTTP/1.1" 200 634 "https://arsn.media/?fbclid=IwZXh0bgNhZW0CMTEAAR4Zxqh17eR3Ya11I9tedXP4v5JJEh7QMJIDdLoOOtJLIMhbfrNS67RnOLR63g_aem_fQOytZjDCUkZO8SbeOxWvA" "Mozilla/5.0 (X11; Linux x86_64) AppleWebKit/537.36 (KHTML, like Gecko) Chrome/135.0.0.0 Safari/537.36"
173.252.127.112 - - [26/Apr/2025:15:07:32 -0400] "GET /wp-content/uploads/elementor/google-fonts/css/intertight.css?ver=1742288921 HTTP/1.1" 200 894 "https://arsn.media/?fbclid=IwZXh0bgNhZW0CMTEAAR4Zxqh17eR3Ya11I9tedXP4v5JJEh7QMJIDdLoOOtJLIMhbfrNS67RnOLR63g_aem_fQOytZjDCUkZO8SbeOxWvA" "Mozilla/5.0 (X11; Linux x86_64) AppleWebKit/537.36 (KHTML, like Gecko) Chrome/135.0.0.0 Safari/537.36"
173.252.127.112 - - [26/Apr/2025:15:07:32 -0400] "GET /wp-content/uploads/elementor/google-fonts/css/nunitosans.css?ver=1742288935 HTTP/1.1" 200 832 "https://arsn.media/?fbclid=IwZXh0bgNhZW0CMTEAAR4Zxqh17eR3Ya11I9tedXP4v5JJEh7QMJIDdLoOOtJLIMhbfrNS67RnOLR63g_aem_fQOytZjDCUkZO8SbeOxWvA" "Mozilla/5.0 (X11; Linux x86_64) AppleWebKit/537.36 (KHTML, like Gecko) Chrome/135.0.0.0 Safari/537.36"
173.252.127.112 - - [26/Apr/2025:15:07:32 -0400] "GET /wp-content/uploads/elementor/google-fonts/css/redhatdisplay.css?ver=1742288950 HTTP/1.1" 200 464 "https://arsn.media/?fbclid=IwZXh0bgNhZW0CMTEAAR4Zxqh17eR3Ya11I9tedXP4v5JJEh7QMJIDdLoOOtJLIMhbfrNS67RnOLR63g_aem_fQOytZjDCUkZO8SbeOxWvA" "Mozilla/5.0 (X11; Linux x86_64) AppleWebKit/537.36 (KHTML, like Gecko) Chrome/135.0.0.0 Safari/537.36"
173.252.127.112 - - [26/Apr/2025:15:07:32 -0400] "GET /wp-includes/js/jquery/jquery.min.js?ver=3.7.1 HTTP/1.1" 200 29744 "https://arsn.media/?fbclid=IwZXh0bgNhZW0CMTEAAR4Zxqh17eR3Ya11I9tedXP4v5JJEh7QMJIDdLoOOtJLIMhbfrNS67RnOLR63g_aem_fQOytZjDCUkZO8SbeOxWvA" "Mozilla/5.0 (X11; Linux x86_64) AppleWebKit/537.36 (KHTML, like Gecko) Chrome/135.0.0.0 Safari/537.36"
173.252.127.113 - - [26/Apr/2025:15:07:32 -0400] "GET /wp-content/uploads/elementor/google-fonts/css/roboto.css?ver=1742293394 HTTP/1.1" 200 1869 "https://arsn.media/?fbclid=IwZXh0bgNhZW0CMTEAAR4Zxqh17eR3Ya11I9tedXP4v5JJEh7QMJIDdLoOOtJLIMhbfrNS67RnOLR63g_aem_fQOytZjDCUkZO8SbeOxWvA" "Mozilla/5.0 (X11; Linux x86_64) AppleWebKit/537.36 (KHTML, like Gecko) Chrome/135.0.0.0 Safari/537.36"
173.252.127.4 - - [26/Apr/2025:15:07:32 -0400] "GET /wp-content/uploads/elementor/google-fonts/css/inter.css?ver=1742304699 HTTP/1.1" 200 910 "https://arsn.media/?fbclid=IwZXh0bgNhZW0CMTEAAR4Zxqh17eR3Ya11I9tedXP4v5JJEh7QMJIDdLoOOtJLIMhbfrNS67RnOLR63g_aem_fQOytZjDCUkZO8SbeOxWvA" "Mozilla/5.0 (X11; Linux x86_64) AppleWebKit/537.36 (KHTML, like Gecko) Chrome/135.0.0.0 Safari/537.36"
173.252.127.112 - - [26/Apr/2025:15:07:32 -0400] "GET /wp-includes/js/jquery/jquery-migrate.min.js?ver=3.4.1 HTTP/1.1" 200 4678 "https://arsn.media/?fbclid=IwZXh0bgNhZW0CMTEAAR4Zxqh17eR3Ya11I9tedXP4v5JJEh7QMJIDdLoOOtJLIMhbfrNS67RnOLR63g_aem_fQOytZjDCUkZO8SbeOxWvA" "Mozilla/5.0 (X11; Linux x86_64) AppleWebKit/537.36 (KHTML, like Gecko) Chrome/135.0.0.0 Safari/537.36"
173.252.127.113 - - [26/Apr/2025:15:07:33 -0400] "GET /wp-includes/js/jquery/ui/core.min.js?ver=1.13.3 HTTP/1.1" 200 6812 "https://arsn.media/?fbclid=IwZXh0bgNhZW0CMTEAAR4Zxqh17eR3Ya11I9tedXP4v5JJEh7QMJIDdLoOOtJLIMhbfrNS67RnOLR63g_aem_fQOytZjDCUkZO8SbeOxWvA" "Mozilla/5.0 (X11; Linux x86_64) AppleWebKit/537.36 (KHTML, like Gecko) Chrome/135.0.0.0 Safari/537.36"
173.252.127.112 - - [26/Apr/2025:15:07:33 -0400] "GET /wp-content/plugins/slider-video/Scripts/Rich-Web-Video-Slider-Widget.js?ver=6.8 HTTP/1.1" 200 281 "https://arsn.media/?fbclid=IwZXh0bgNhZW0CMTEAAR4Zxqh17eR3Ya11I9tedXP4v5JJEh7QMJIDdLoOOtJLIMhbfrNS67RnOLR63g_aem_fQOytZjDCUkZO8SbeOxWvA" "Mozilla/5.0 (X11; Linux x86_64) AppleWebKit/537.36 (KHTML, like Gecko) Chrome/135.0.0.0 Safari/537.36"
173.252.127.113 - - [26/Apr/2025:15:07:33 -0400] "GET /wp-content/themes/onum/inc/backend/js/simple-likes-public.js?ver=0.5 HTTP/1.1" 200 491 "https://arsn.media/?fbclid=IwZXh0bgNhZW0CMTEAAR4Zxqh17eR3Ya11I9tedXP4v5JJEh7QMJIDdLoOOtJLIMhbfrNS67RnOLR63g_aem_fQOytZjDCUkZO8SbeOxWvA" "Mozilla/5.0 (X11; Linux x86_64) AppleWebKit/537.36 (KHTML, like Gecko) Chrome/135.0.0.0 Safari/537.36"
