156.228.103.149 - - [26/Apr/2025:05:44:32 -0400] "POST /wp-login.php?wpe-login=true&hide_my_wp=1&hmwp_do=login&login=1 HTTP/1.1" 200 6580 "https://arsn.media" "Mozilla/5.0 (Windows NT 6.1; Win64; x64; rv:94.0) Gecko/20100101 Firefox/94.0"
66.29.132.124 - - [26/Apr/2025:05:48:49 -0400] "POST /wp-cron.php?doing_wp_cron=1745660929.3186640739440917968750 HTTP/1.1" 200 0 "-" "WordPress/6.8; https://arsn.media"
66.29.132.124 - - [26/Apr/2025:05:48:49 -0400] "POST /wp-admin/admin-ajax.php?action=async_litespeed&nonce=wFKejoUlwOyzPB1KRienuhH8WIuuYK0X&litespeed_type=imgoptm HTTP/1.1" 200 0 "-" "WordPress/6.8; https://arsn.media"
20.171.207.233 - - [26/Apr/2025:05:48:41 -0400] "GET /config/env HTTP/1.1" 404 39131 "-" "Mozilla/5.0 AppleWebKit/537.36 (KHTML, like Gecko; compatible; GPTBot/1.2; +https://openai.com/gptbot)"
66.29.132.124 - - [26/Apr/2025:05:48:50 -0400] "POST /wp-admin/admin-ajax.php?action=as_async_request_queue_runner&nonce=874121055a HTTP/1.1" 200 0 "-" "WordPress/6.8; https://arsn.media"
66.29.132.124 - - [26/Apr/2025:05:56:14 -0400] "POST /wp-cron.php?doing_wp_cron=1745661374.2095599174499511718750 HTTP/1.1" 200 0 "-" "WordPress/6.8; https://arsn.media"
66.249.79.167 - - [26/Apr/2025:05:56:08 -0400] "GET /robots.txt HTTP/1.1" 301 0 "-" "Mozilla/5.0 (compatible; Googlebot/2.1; +http://www.google.com/bot.html)"
66.249.74.5 - - [26/Apr/2025:05:56:15 -0400] "GET /robots.txt HTTP/1.1" 200 105 "-" "Mozilla/5.0 (compatible; Googlebot/2.1; +http://www.google.com/bot.html)"
66.29.132.124 - - [26/Apr/2025:05:56:14 -0400] "POST /wp-admin/admin-ajax.php?action=async_litespeed&nonce=NIqF0WK90YYGywA0EffDSCaYI5fFmtEK&litespeed_type=imgoptm HTTP/1.1" 200 0 "-" "WordPress/6.8; https://arsn.media"
66.29.132.124 - - [26/Apr/2025:05:56:15 -0400] "POST /wp-admin/admin-ajax.php?action=as_async_request_queue_runner&nonce=874121055a HTTP/1.1" 200 0 "-" "WordPress/6.8; https://arsn.media"
66.249.79.166 - - [26/Apr/2025:05:56:16 -0400] "GET / HTTP/1.1" 301 0 "-" "Mozilla/5.0 (Linux; Android 6.0.1; Nexus 5X Build/MMB29P) AppleWebKit/537.36 (KHTML, like Gecko) Chrome/135.0.7049.95 Mobile Safari/537.36 (compatible; Googlebot/2.1; +http://www.google.com/bot.html)"
216.244.66.201 - - [26/Apr/2025:05:56:49 -0400] "GET /robots.txt HTTP/1.1" 200 168 "-" "Mozilla/5.0 (compatible; DotBot/1.2; +https://opensiteexplorer.org/dotbot; help@moz.com)"
20.171.207.233 - - [26/Apr/2025:05:57:10 -0400] "GET /wp-content/uploads/2020/10/404.png%20707w,%20https:/arsn.media/wp-content/uploads/2020/10/404-300x110.png%20300w HTTP/1.1" 404 39366 "-" "Mozilla/5.0 AppleWebKit/537.36 (KHTML, like Gecko; compatible; GPTBot/1.2; +https://openai.com/gptbot)"
20.171.207.233 - - [26/Apr/2025:05:57:11 -0400] "GET /wp-json/elementskit/v1/ HTTP/1.1" 404 114 "-" "Mozilla/5.0 AppleWebKit/537.36 (KHTML, like Gecko; compatible; GPTBot/1.2; +https://openai.com/gptbot)"
20.171.207.233 - - [26/Apr/2025:05:57:12 -0400] "GET /wp-content/uploads/2020/09/ARSN-Final-Logos-scaled.jpg%202560w,%20https:/arsn.media/wp-content/uploads/2020/09/ARSN-Final-Logos-300x138.jpg%20300w,%20https:/arsn.media/wp-content/uploads/2020/09/ARSN-Final-Logos-1024x471.jpg%201024w,%20https:/arsn.media/ARSN-Final-Logos-768x353.jpg%20768w,%20https:/ARSN-Final-Logos-1536x706.jpg%201536w,%20https:/ARSN-Final-Logos-2048x942.jpg%202048w HTTP/1.1" 404 39628 "-" "Mozilla/5.0 AppleWebKit/537.36 (KHTML, like Gecko; compatible; GPTBot/1.2; +https://openai.com/gptbot)"
20.171.207.233 - - [26/Apr/2025:05:57:13 -0400] "GET /wp-content/themes/onum/css/design-test.css?ver=6.7.2 HTTP/1.1" 404 39203 "-" "Mozilla/5.0 AppleWebKit/537.36 (KHTML, like Gecko; compatible; GPTBot/1.2; +https://openai.com/gptbot)"
20.171.207.233 - - [26/Apr/2025:05:57:14 -0400] "GET /wp-content/themes/onum/js/design-test.js HTTP/1.1" 404 39234 "-" "Mozilla/5.0 AppleWebKit/537.36 (KHTML, like Gecko; compatible; GPTBot/1.2; +https://openai.com/gptbot)"
66.29.132.124 - - [26/Apr/2025:06:01:37 -0400] "POST /wp-cron.php?doing_wp_cron=1745661697.6590690612792968750000 HTTP/1.1" 200 0 "-" "WordPress/6.8; https://arsn.media"
66.29.132.124 - - [26/Apr/2025:06:01:38 -0400] "POST /wp-admin/admin-ajax.php?action=async_litespeed&nonce=AaS76n5NdIxtN41b2hkfuwnd0VdDWgUS&litespeed_type=imgoptm HTTP/1.1" 200 0 "-" "WordPress/6.8; https://arsn.media"
216.244.66.201 - - [26/Apr/2025:06:01:25 -0400] "GET /mlp/ali-guyam-ali-joyam.html HTTP/1.1" 404 566243 "-" "Mozilla/5.0 (compatible; DotBot/1.2; +https://opensiteexplorer.org/dotbot; help@moz.com)"
114.119.136.243 - - [26/Apr/2025:06:01:48 -0400] "GET /2024/09/25/what-do-i-need-to-start-a-pest-control-business-best-marketing-strategies/ HTTP/1.1" 200 71770 "https://arsn.media/author/marsalanaleem/page/5/" "Mozilla/5.0 (Linux; Android 7.0;) AppleWebKit/537.36 (KHTML, like Gecko) Mobile Safari/537.36 (compatible; PetalBot;+https://webmaster.petalsearch.com/site/petalbot)"
66.29.132.124 - - [26/Apr/2025:06:02:29 -0400] "POST /wp-cron.php?doing_wp_cron=1745661749.0717821121215820312500 HTTP/1.1" 200 0 "-" "WordPress/6.8; https://arsn.media"
216.244.66.201 - - [26/Apr/2025:06:02:28 -0400] "GET /snw9shr/spendor-a7-amplifier.html HTTP/1.1" 404 566523 "-" "Mozilla/5.0 (compatible; DotBot/1.2; +https://opensiteexplorer.org/dotbot; help@moz.com)"
20.171.207.233 - - [26/Apr/2025:06:07:02 -0400] "GET /wp-content/uploads/2020/09/ARSN-Final-Logos-scaled.jpg%202560w,%20https:/arsn.media/wp-content/uploads/2020/09/ARSN-Final-Logos-300x138.jpg%20300w,%20https:/arsn.media/wp-content/uploads/2020/09/ARSN-Final-Logos-1024x471.jpg%201024w,%20https:/arsn.media/ARSN-Final-Logos-768x353.jpg%20768w,%20https:/ARSN-Final-Logos-1536x706.jpg%201536w,%20https:/ARSN-Final-Logos-2048x942.jpg%202048w HTTP/1.1" 404 39628 "-" "Mozilla/5.0 AppleWebKit/537.36 (KHTML, like Gecko; compatible; GPTBot/1.2; +https://openai.com/gptbot)"
20.171.207.233 - - [26/Apr/2025:06:07:03 -0400] "GET /wp-content/themes/onum/js/design-test.js HTTP/1.1" 404 39234 "-" "Mozilla/5.0 AppleWebKit/537.36 (KHTML, like Gecko; compatible; GPTBot/1.2; +https://openai.com/gptbot)"
20.171.207.233 - - [26/Apr/2025:06:07:04 -0400] "GET /wp-json/elementskit/v1/ HTTP/1.1" 404 114 "-" "Mozilla/5.0 AppleWebKit/537.36 (KHTML, like Gecko; compatible; GPTBot/1.2; +https://openai.com/gptbot)"
20.171.207.233 - - [26/Apr/2025:06:07:05 -0400] "GET /wp-content/uploads/2020/10/404.png%20707w,%20https:/arsn.media/wp-content/uploads/2020/10/404-300x110.png%20300w HTTP/1.1" 404 39366 "-" "Mozilla/5.0 AppleWebKit/537.36 (KHTML, like Gecko; compatible; GPTBot/1.2; +https://openai.com/gptbot)"
20.171.207.233 - - [26/Apr/2025:06:09:04 -0400] "GET /wp-content/uploads/2020/10/404.png%20707w,%20https:/arsn.media/wp-content/uploads/2020/10/404-300x110.png%20300w HTTP/1.1" 404 39366 "-" "Mozilla/5.0 AppleWebKit/537.36 (KHTML, like Gecko; compatible; GPTBot/1.2; +https://openai.com/gptbot)"
20.171.207.233 - - [26/Apr/2025:06:09:06 -0400] "GET /wp-json/elementskit/v1/ HTTP/1.1" 404 114 "-" "Mozilla/5.0 AppleWebKit/537.36 (KHTML, like Gecko; compatible; GPTBot/1.2; +https://openai.com/gptbot)"
20.171.207.233 - - [26/Apr/2025:06:09:07 -0400] "GET /wp-content/plugins/elementor/assets/js/frontend-modules.min.js?ver=3.27.7 HTTP/1.1" 200 14421 "-" "Mozilla/5.0 AppleWebKit/537.36 (KHTML, like Gecko; compatible; GPTBot/1.2; +https://openai.com/gptbot)"
20.171.207.233 - - [26/Apr/2025:06:09:08 -0400] "GET /wp-content/themes/onum/js/design-test.js HTTP/1.1" 404 39234 "-" "Mozilla/5.0 AppleWebKit/537.36 (KHTML, like Gecko; compatible; GPTBot/1.2; +https://openai.com/gptbot)"
20.171.207.233 - - [26/Apr/2025:06:09:09 -0400] "GET /wp-content/plugins/elementskit-lite/widgets/init/assets/js/elementor.js?ver=3.4.5 HTTP/1.1" 200 5290 "-" "Mozilla/5.0 AppleWebKit/537.36 (KHTML, like Gecko; compatible; GPTBot/1.2; +https://openai.com/gptbot)"
20.171.207.233 - - [26/Apr/2025:06:09:10 -0400] "GET /wp-content/plugins/elementskit-lite/widgets/init/assets/js/animate-circle.min.js?ver=3.4.5 HTTP/1.1" 200 393 "-" "Mozilla/5.0 AppleWebKit/537.36 (KHTML, like Gecko; compatible; GPTBot/1.2; +https://openai.com/gptbot)"
20.171.207.233 - - [26/Apr/2025:06:09:11 -0400] "GET /wp-content/uploads/2020/09/ARSN-Final-Logos-scaled.jpg%202560w,%20https:/arsn.media/wp-content/uploads/2020/09/ARSN-Final-Logos-300x138.jpg%20300w,%20https:/arsn.media/wp-content/uploads/2020/09/ARSN-Final-Logos-1024x471.jpg%201024w,%20https:/arsn.media/ARSN-Final-Logos-768x353.jpg%20768w,%20https:/ARSN-Final-Logos-1536x706.jpg%201536w,%20https:/ARSN-Final-Logos-2048x942.jpg%202048w HTTP/1.1" 404 39628 "-" "Mozilla/5.0 AppleWebKit/537.36 (KHTML, like Gecko; compatible; GPTBot/1.2; +https://openai.com/gptbot)"
20.171.207.233 - - [26/Apr/2025:06:09:13 -0400] "GET /wp-content/plugins/elementor/assets/js/frontend.min.js?ver=3.27.7 HTTP/1.1" 200 13099 "-" "Mozilla/5.0 AppleWebKit/537.36 (KHTML, like Gecko; compatible; GPTBot/1.2; +https://openai.com/gptbot)"
20.171.207.233 - - [26/Apr/2025:06:09:14 -0400] "GET /wp-content/plugins/elementskit-lite/widgets/init/assets/js/widget-scripts.js?ver=3.4.5 HTTP/1.1" 200 40425 "-" "Mozilla/5.0 AppleWebKit/537.36 (KHTML, like Gecko; compatible; GPTBot/1.2; +https://openai.com/gptbot)"
20.171.207.233 - - [26/Apr/2025:06:09:15 -0400] "GET /wp-content/plugins/elementskit-lite/libs/framework/assets/js/frontend-script.js?ver=3.4.5 HTTP/1.1" 200 40 "-" "Mozilla/5.0 AppleWebKit/537.36 (KHTML, like Gecko; compatible; GPTBot/1.2; +https://openai.com/gptbot)"
20.171.207.233 - - [26/Apr/2025:06:09:16 -0400] "GET /wp-content/plugins/elementor/assets/js/webpack.runtime.min.js?ver=3.27.7 HTTP/1.1" 200 2228 "-" "Mozilla/5.0 AppleWebKit/537.36 (KHTML, like Gecko; compatible; GPTBot/1.2; +https://openai.com/gptbot)"
20.171.207.233 - - [26/Apr/2025:06:09:17 -0400] "GET /wp-content/plugins/widget-google-reviews/assets/js/public-main.js?ver=5.5 HTTP/1.1" 200 8429 "-" "Mozilla/5.0 AppleWebKit/537.36 (KHTML, like Gecko; compatible; GPTBot/1.2; +https://openai.com/gptbot)"
20.171.207.233 - - [26/Apr/2025:06:09:18 -0400] "GET /wp-content/plugins/contact-form-7/includes/js/index.js?ver=6.0.5 HTTP/1.1" 200 4008 "-" "Mozilla/5.0 AppleWebKit/537.36 (KHTML, like Gecko; compatible; GPTBot/1.2; +https://openai.com/gptbot)"
20.171.207.233 - - [26/Apr/2025:06:09:19 -0400] "GET /wp-content/plugins/contact-form-7/includes/swv/js/index.js?ver=6.0.5 HTTP/1.1" 200 3369 "-" "Mozilla/5.0 AppleWebKit/537.36 (KHTML, like Gecko; compatible; GPTBot/1.2; +https://openai.com/gptbot)"
20.171.207.233 - - [26/Apr/2025:06:09:21 -0400] "GET /wp-content/themes/onum/css/design-test.css?ver=6.7.2 HTTP/1.1" 404 39203 "-" "Mozilla/5.0 AppleWebKit/537.36 (KHTML, like Gecko; compatible; GPTBot/1.2; +https://openai.com/gptbot)"
20.171.207.233 - - [26/Apr/2025:06:09:22 -0400] "GET /wp-content/plugins/elementskit-lite/widgets/init/assets/css/widget-styles.css?ver=3.4.5 HTTP/1.1" 200 48223 "-" "Mozilla/5.0 AppleWebKit/537.36 (KHTML, like Gecko; compatible; GPTBot/1.2; +https://openai.com/gptbot)"
20.171.207.233 - - [26/Apr/2025:06:09:23 -0400] "GET /wp-content/plugins/widget-google-reviews/assets/css/public-main.css?ver=5.5 HTTP/1.1" 200 3520 "-" "Mozilla/5.0 AppleWebKit/537.36 (KHTML, like Gecko; compatible; GPTBot/1.2; +https://openai.com/gptbot)"
20.171.207.233 - - [26/Apr/2025:06:09:24 -0400] "GET /wp-content/plugins/elementor/assets/css/conditionals/e-swiper.min.css?ver=3.27.7 HTTP/1.1" 200 699 "-" "Mozilla/5.0 AppleWebKit/537.36 (KHTML, like Gecko; compatible; GPTBot/1.2; +https://openai.com/gptbot)"
20.171.207.233 - - [26/Apr/2025:06:09:25 -0400] "GET /wp-content/plugins/elementskit-lite/widgets/init/assets/js/%url% HTTP/1.1" 403 1242 "-" "Mozilla/5.0 AppleWebKit/537.36 (KHTML, like Gecko; compatible; GPTBot/1.2; +https://openai.com/gptbot)"
20.171.207.233 - - [26/Apr/2025:06:09:26 -0400] "GET /wp-content/plugins/elementor/assets/css/widget-image.min.css?ver=3.27.7 HTTP/1.1" 200 254 "-" "Mozilla/5.0 AppleWebKit/537.36 (KHTML, like Gecko; compatible; GPTBot/1.2; +https://openai.com/gptbot)"
20.171.207.233 - - [26/Apr/2025:06:09:28 -0400] "GET /wp-content/plugins/elementor/assets/css/widget-heading.min.css?ver=3.27.7 HTTP/1.1" 200 154 "-" "Mozilla/5.0 AppleWebKit/537.36 (KHTML, like Gecko; compatible; GPTBot/1.2; +https://openai.com/gptbot)"
20.171.207.233 - - [26/Apr/2025:06:09:29 -0400] "GET /wp-content/plugins/contact-form-7/includes/css/styles.css?ver=6.0.5 HTTP/1.1" 200 890 "-" "Mozilla/5.0 AppleWebKit/537.36 (KHTML, like Gecko; compatible; GPTBot/1.2; +https://openai.com/gptbot)"
20.171.207.233 - - [26/Apr/2025:06:09:30 -0400] "GET /wp-content/plugins/elementskit-lite/widgets/init/assets/css/responsive.css?ver=3.4.5 HTTP/1.1" 200 2859 "-" "Mozilla/5.0 AppleWebKit/537.36 (KHTML, like Gecko; compatible; GPTBot/1.2; +https://openai.com/gptbot)"
20.171.207.233 - - [26/Apr/2025:06:09:31 -0400] "GET /wp-content/plugins/elementskit-lite/modules/elementskit-icon-pack/assets/css/ekiticons.css?ver=3.4.5 HTTP/1.1" 200 11776 "-" "Mozilla/5.0 AppleWebKit/537.36 (KHTML, like Gecko; compatible; GPTBot/1.2; +https://openai.com/gptbot)"
20.171.207.233 - - [26/Apr/2025:06:09:32 -0400] "GET /wp-content/plugins/elementor/assets/css/widget-text-editor.min.css?ver=3.27.7 HTTP/1.1" 200 208 "-" "Mozilla/5.0 AppleWebKit/537.36 (KHTML, like Gecko; compatible; GPTBot/1.2; +https://openai.com/gptbot)"
20.171.207.233 - - [26/Apr/2025:06:09:33 -0400] "GET /wp-content/plugins/elementor/assets/css/widget-social-icons.min.css?ver=3.27.7 HTTP/1.1" 200 1069 "-" "Mozilla/5.0 AppleWebKit/537.36 (KHTML, like Gecko; compatible; GPTBot/1.2; +https://openai.com/gptbot)"
20.171.207.233 - - [26/Apr/2025:06:09:38 -0400] "GET /wp-content/uploads/2020/10/404.png%20707w,%20https:/arsn.media/wp-content/uploads/2020/10/404-300x110.png%20300w HTTP/1.1" 404 39366 "-" "Mozilla/5.0 AppleWebKit/537.36 (KHTML, like Gecko; compatible; GPTBot/1.2; +https://openai.com/gptbot)"
20.171.207.233 - - [26/Apr/2025:06:09:40 -0400] "GET /wp-json/elementskit/v1/ HTTP/1.1" 404 114 "-" "Mozilla/5.0 AppleWebKit/537.36 (KHTML, like Gecko; compatible; GPTBot/1.2; +https://openai.com/gptbot)"
20.171.207.233 - - [26/Apr/2025:06:09:41 -0400] "GET /wp-content/themes/onum/css/design-test.css?ver=6.7.2 HTTP/1.1" 404 39203 "-" "Mozilla/5.0 AppleWebKit/537.36 (KHTML, like Gecko; compatible; GPTBot/1.2; +https://openai.com/gptbot)"
20.171.207.233 - - [26/Apr/2025:06:09:42 -0400] "GET /wp-content/themes/onum/js/design-test.js HTTP/1.1" 404 39234 "-" "Mozilla/5.0 AppleWebKit/537.36 (KHTML, like Gecko; compatible; GPTBot/1.2; +https://openai.com/gptbot)"
20.171.207.233 - - [26/Apr/2025:06:09:43 -0400] "GET /wp-content/uploads/2020/09/ARSN-Final-Logos-scaled.jpg%202560w,%20https:/arsn.media/wp-content/uploads/2020/09/ARSN-Final-Logos-300x138.jpg%20300w,%20https:/arsn.media/wp-content/uploads/2020/09/ARSN-Final-Logos-1024x471.jpg%201024w,%20https:/arsn.media/ARSN-Final-Logos-768x353.jpg%20768w,%20https:/ARSN-Final-Logos-1536x706.jpg%201536w,%20https:/ARSN-Final-Logos-2048x942.jpg%202048w HTTP/1.1" 404 39628 "-" "Mozilla/5.0 AppleWebKit/537.36 (KHTML, like Gecko; compatible; GPTBot/1.2; +https://openai.com/gptbot)"
20.171.207.233 - - [26/Apr/2025:06:10:01 -0400] "GET /wp-content/uploads/2020/10/404.png%20707w,%20https:/arsn.media/wp-content/uploads/2020/10/404-300x110.png%20300w HTTP/1.1" 404 39366 "-" "Mozilla/5.0 AppleWebKit/537.36 (KHTML, like Gecko; compatible; GPTBot/1.2; +https://openai.com/gptbot)"
20.171.207.233 - - [26/Apr/2025:06:10:02 -0400] "GET /wp-json/elementskit/v1/ HTTP/1.1" 404 114 "-" "Mozilla/5.0 AppleWebKit/537.36 (KHTML, like Gecko; compatible; GPTBot/1.2; +https://openai.com/gptbot)"
20.171.207.233 - - [26/Apr/2025:06:10:03 -0400] "GET /wp-content/uploads/2020/09/ARSN-Final-Logos-scaled.jpg%202560w,%20https:/arsn.media/wp-content/uploads/2020/09/ARSN-Final-Logos-300x138.jpg%20300w,%20https:/arsn.media/wp-content/uploads/2020/09/ARSN-Final-Logos-1024x471.jpg%201024w,%20https:/arsn.media/ARSN-Final-Logos-768x353.jpg%20768w,%20https:/ARSN-Final-Logos-1536x706.jpg%201536w,%20https:/ARSN-Final-Logos-2048x942.jpg%202048w HTTP/1.1" 404 39628 "-" "Mozilla/5.0 AppleWebKit/537.36 (KHTML, like Gecko; compatible; GPTBot/1.2; +https://openai.com/gptbot)"
20.171.207.233 - - [26/Apr/2025:06:10:04 -0400] "GET /wp-content/themes/onum/css/design-test.css?ver=6.7.2 HTTP/1.1" 404 39203 "-" "Mozilla/5.0 AppleWebKit/537.36 (KHTML, like Gecko; compatible; GPTBot/1.2; +https://openai.com/gptbot)"
20.171.207.233 - - [26/Apr/2025:06:10:05 -0400] "GET /wp-content/themes/onum/js/design-test.js HTTP/1.1" 404 39234 "-" "Mozilla/5.0 AppleWebKit/537.36 (KHTML, like Gecko; compatible; GPTBot/1.2; +https://openai.com/gptbot)"
20.171.207.233 - - [26/Apr/2025:06:13:22 -0400] "GET /wp-content/uploads/2020/10/404.png%20707w,%20https:/arsn.media/wp-content/uploads/2020/10/404-300x110.png%20300w HTTP/1.1" 404 39366 "-" "Mozilla/5.0 AppleWebKit/537.36 (KHTML, like Gecko; compatible; GPTBot/1.2; +https://openai.com/gptbot)"
20.171.207.233 - - [26/Apr/2025:06:13:24 -0400] "GET /wp-content/themes/onum/css/design-test.css?ver=6.7.2 HTTP/1.1" 404 39203 "-" "Mozilla/5.0 AppleWebKit/537.36 (KHTML, like Gecko; compatible; GPTBot/1.2; +https://openai.com/gptbot)"
20.171.207.233 - - [26/Apr/2025:06:13:25 -0400] "GET /wp-json/elementskit/v1/ HTTP/1.1" 404 114 "-" "Mozilla/5.0 AppleWebKit/537.36 (KHTML, like Gecko; compatible; GPTBot/1.2; +https://openai.com/gptbot)"
20.171.207.233 - - [26/Apr/2025:06:13:26 -0400] "GET /wp-content/uploads/2020/09/ARSN-Final-Logos-scaled.jpg%202560w,%20https:/arsn.media/wp-content/uploads/2020/09/ARSN-Final-Logos-300x138.jpg%20300w,%20https:/arsn.media/wp-content/uploads/2020/09/ARSN-Final-Logos-1024x471.jpg%201024w,%20https:/arsn.media/ARSN-Final-Logos-768x353.jpg%20768w,%20https:/ARSN-Final-Logos-1536x706.jpg%201536w,%20https:/ARSN-Final-Logos-2048x942.jpg%202048w HTTP/1.1" 404 39628 "-" "Mozilla/5.0 AppleWebKit/537.36 (KHTML, like Gecko; compatible; GPTBot/1.2; +https://openai.com/gptbot)"
20.171.207.233 - - [26/Apr/2025:06:13:27 -0400] "GET /wp-content/themes/onum/js/design-test.js HTTP/1.1" 404 39234 "-" "Mozilla/5.0 AppleWebKit/537.36 (KHTML, like Gecko; compatible; GPTBot/1.2; +https://openai.com/gptbot)"
66.29.132.124 - - [26/Apr/2025:06:15:39 -0400] "POST /wp-cron.php?doing_wp_cron=1745662539.2885038852691650390625 HTTP/1.1" 200 0 "-" "WordPress/6.8; https://arsn.media"
66.29.132.124 - - [26/Apr/2025:06:15:39 -0400] "POST /wp-admin/admin-ajax.php?action=async_litespeed&nonce=nwgyu3GniKmcGNQHdx4NxCQjJ3VcgBRO&litespeed_type=imgoptm HTTP/1.1" 200 0 "-" "WordPress/6.8; https://arsn.media"
66.249.74.3 - - [26/Apr/2025:06:15:31 -0400] "GET / HTTP/1.1" 200 48662 "-" "Mozilla/5.0 (Linux; Android 6.0.1; Nexus 5X Build/MMB29P) AppleWebKit/537.36 (KHTML, like Gecko) Chrome/135.0.7049.95 Mobile Safari/537.36 (compatible; Googlebot/2.1; +http://www.google.com/bot.html)"
66.29.132.124 - - [26/Apr/2025:06:15:40 -0400] "POST /wp-admin/admin-ajax.php?action=as_async_request_queue_runner&nonce=874121055a HTTP/1.1" 200 0 "-" "WordPress/6.8; https://arsn.media"
66.249.74.3 - - [26/Apr/2025:06:15:46 -0400] "GET /wp-content/plugins/primary-addon-for-elementor/assets/css/niche-frame.css?ver=1.2 HTTP/1.1" 200 1009 "https://arsn.media/" "Mozilla/5.0 (Linux; Android 6.0.1; Nexus 5X Build/MMB29P) AppleWebKit/537.36 (KHTML, like Gecko) Chrome/134.0.6998.165 Mobile Safari/537.36 (compatible; Googlebot/2.1; +http://www.google.com/bot.html)"
66.249.74.3 - - [26/Apr/2025:06:15:55 -0400] "GET /wp-content/plugins/elementor/assets/lib/eicons/css/elementor-icons.min.css?ver=5.36.0 HTTP/1.1" 200 3845 "https://arsn.media/" "Mozilla/5.0 (Linux; Android 6.0.1; Nexus 5X Build/MMB29P) AppleWebKit/537.36 (KHTML, like Gecko) Chrome/134.0.6998.165 Mobile Safari/537.36 (compatible; Googlebot/2.1; +http://www.google.com/bot.html)"
110.249.201.83 - - [26/Apr/2025:06:16:27 -0400] "GET /robots.txt HTTP/1.1" 200 121 "-" "Mozilla/5.0 (Linux; Android 5.0) AppleWebKit/537.36 (KHTML, like Gecko) Mobile Safari/537.36 (compatible; Bytespider; https://zhanzhang.toutiao.com/)"
66.29.132.124 - - [26/Apr/2025:06:20:18 -0400] "POST /wp-cron.php?doing_wp_cron=1745662818.1342830657958984375000 HTTP/1.1" 200 0 "-" "WordPress/6.8; https://arsn.media"
66.29.132.124 - - [26/Apr/2025:06:20:19 -0400] "POST /wp-admin/admin-ajax.php?action=async_litespeed&nonce=8zXYOPhIZK1t3iK0J1TJ6DeEQXCzlxbT&litespeed_type=imgoptm HTTP/1.1" 200 0 "-" "WordPress/6.8; https://arsn.media"
52.167.144.191 - - [26/Apr/2025:06:19:58 -0400] "GET /2024/ HTTP/1.1" 200 41382 "-" "Mozilla/5.0 AppleWebKit/537.36 (KHTML, like Gecko; compatible; bingbot/2.0; +http://www.bing.com/bingbot.htm) Chrome/116.0.1938.76 Safari/537.36"
66.29.132.124 - - [26/Apr/2025:06:29:16 -0400] "POST /wp-cron.php?doing_wp_cron=1745663356.7315289974212646484375 HTTP/1.1" 200 0 "-" "WordPress/6.8; https://arsn.media"
66.29.132.124 - - [26/Apr/2025:06:29:17 -0400] "POST /wp-admin/admin-ajax.php?action=async_litespeed&nonce=FqpnnKbG6YPsLHMuwDZcKDPVA0CDTBhr&litespeed_type=imgoptm HTTP/1.1" 200 0 "-" "WordPress/6.8; https://arsn.media"
57.141.4.6 - - [26/Apr/2025:06:29:06 -0400] "GET /about-company/ HTTP/1.1" 200 608510 "-" "meta-externalagent/1.1 (+https://developers.facebook.com/docs/sharing/webmasters/crawler)"
216.244.66.201 - - [26/Apr/2025:06:42:31 -0400] "GET /robots.txt HTTP/1.1" 200 168 "-" "Mozilla/5.0 (compatible; DotBot/1.2; +https://opensiteexplorer.org/dotbot; help@moz.com)"
66.29.132.124 - - [26/Apr/2025:06:45:58 -0400] "POST /wp-cron.php?doing_wp_cron=1745664358.6764209270477294921875 HTTP/1.1" 200 0 "-" "WordPress/6.8; https://arsn.media"
66.29.132.124 - - [26/Apr/2025:06:45:59 -0400] "POST /wp-admin/admin-ajax.php?action=async_litespeed&nonce=f6dYGtPrADsEG3HT3jar3htGcqFXb6H8&litespeed_type=imgoptm HTTP/1.1" 200 0 "-" "WordPress/6.8; https://arsn.media"
185.231.155.169 - - [26/Apr/2025:06:45:48 -0400] "GET / HTTP/1.0" 200 639584 "https://arsn.media/" "Mozilla/5.0 (Windows NT 10.0; Win64; x64) AppleWebKit/537.36 (KHTML, like Gecko) Chrome/130.0.0.0 Safari/537.36"
185.231.155.169 - - [26/Apr/2025:06:46:05 -0400] "POST /wp-admin/admin-ajax.php HTTP/1.0" 200 184 "https://arsn.media/" "Mozilla/5.0 (Windows NT 10.0; Win64; x64) AppleWebKit/537.36 (KHTML, like Gecko) Chrome/130.0.0.0 Safari/537.36"
31.13.103.9 - - [26/Apr/2025:06:47:06 -0400] "GET / HTTP/1.1" 200 639584 "-" "facebookexternalhit/1.1 (+http://www.facebook.com/externalhit_uatext.php)"
31.13.103.7 - - [26/Apr/2025:06:47:06 -0400] "GET / HTTP/1.1" 200 639584 "-" "facebookexternalhit/1.1 (+http://www.facebook.com/externalhit_uatext.php)"
66.29.132.124 - - [26/Apr/2025:06:47:06 -0400] "POST /wp-cron.php?doing_wp_cron=1745664426.5856530666351318359375 HTTP/1.1" 200 0 "-" "WordPress/6.8; https://arsn.media"
31.13.103.10 - - [26/Apr/2025:06:47:06 -0400] "GET /meta.json HTTP/1.1" 404 565179 "-" "facebookexternalhit/1.1 (+http://www.facebook.com/externalhit_uatext.php)"
66.29.132.124 - - [26/Apr/2025:06:47:07 -0400] "POST /wp-admin/admin-ajax.php?action=async_litespeed&nonce=BpzfVn2YJWX05LBdhy9JPFQApC7UdEur&litespeed_type=imgoptm HTTP/1.1" 200 0 "-" "WordPress/6.8; https://arsn.media"
66.29.132.124 - - [26/Apr/2025:06:47:07 -0400] "POST /wp-admin/admin-ajax.php?action=as_async_request_queue_runner&nonce=874121055a HTTP/1.1" 200 0 "-" "WordPress/6.8; https://arsn.media"
66.29.132.124 - - [26/Apr/2025:06:48:09 -0400] "POST /wp-cron.php?doing_wp_cron=1745664489.1560199260711669921875 HTTP/1.1" 200 0 "-" "WordPress/6.8; https://arsn.media"
216.244.66.201 - - [26/Apr/2025:06:48:08 -0400] "GET /mlp/column-design-excel-sheet-bs-8110.html HTTP/1.1" 404 567027 "-" "Mozilla/5.0 (compatible; DotBot/1.2; +https://opensiteexplorer.org/dotbot; help@moz.com)"
66.29.132.124 - - [26/Apr/2025:06:48:09 -0400] "POST /wp-admin/admin-ajax.php?action=async_litespeed&nonce=RShPjn1U8xjgyJfeaJ5NjuJpI8adELej&litespeed_type=imgoptm HTTP/1.1" 200 0 "-" "WordPress/6.8; https://arsn.media"
66.29.132.124 - - [26/Apr/2025:06:48:10 -0400] "POST /wp-admin/admin-ajax.php?action=as_async_request_queue_runner&nonce=874121055a HTTP/1.1" 200 0 "-" "WordPress/6.8; https://arsn.media"
66.29.132.124 - - [26/Apr/2025:06:48:39 -0400] "POST /wp-cron.php?doing_wp_cron=1745664519.9305670261383056640625 HTTP/1.1" 200 0 "-" "WordPress/6.8; https://arsn.media"
216.244.66.201 - - [26/Apr/2025:06:48:39 -0400] "GET /zegh/billy-hargrove-x-reader-wattpad.html HTTP/1.1" 404 566971 "-" "Mozilla/5.0 (compatible; DotBot/1.2; +https://opensiteexplorer.org/dotbot; help@moz.com)"
66.29.132.124 - - [26/Apr/2025:06:48:40 -0400] "POST /wp-admin/admin-ajax.php?action=async_litespeed&nonce=IKiCEFIEUI5zKCHQf385iDxOaujySqRu&litespeed_type=imgoptm HTTP/1.1" 200 21 "-" "WordPress/6.8; https://arsn.media"
66.29.132.124 - - [26/Apr/2025:06:49:53 -0400] "POST /wp-cron.php?doing_wp_cron=1745664593.3410310745239257812500 HTTP/1.1" 200 0 "-" "WordPress/6.8; https://arsn.media"
216.244.66.201 - - [26/Apr/2025:06:49:51 -0400] "GET /snw9shr/clip-twitch-vod.html HTTP/1.1" 404 566243 "-" "Mozilla/5.0 (compatible; DotBot/1.2; +https://opensiteexplorer.org/dotbot; help@moz.com)"
66.29.132.124 - - [26/Apr/2025:06:49:53 -0400] "POST /wp-admin/admin-ajax.php?action=async_litespeed&nonce=seihowFbFwEaLfucvG7oaP14uoRqqpNr&litespeed_type=imgoptm HTTP/1.1" 200 21 "-" "WordPress/6.8; https://arsn.media"
216.244.66.201 - - [26/Apr/2025:06:50:23 -0400] "GET /808/how-many-years-do-you-have-to-work-to-get-social-security.html HTTP/1.1" 404 568371 "-" "Mozilla/5.0 (compatible; DotBot/1.2; +https://opensiteexplorer.org/dotbot; help@moz.com)"
66.29.132.124 - - [26/Apr/2025:06:52:06 -0400] "POST /wp-cron.php?doing_wp_cron=1745664726.8525960445404052734375 HTTP/1.1" 200 0 "-" "WordPress/6.8; https://arsn.media"
66.29.132.124 - - [26/Apr/2025:06:52:07 -0400] "POST /wp-admin/admin-ajax.php?action=async_litespeed&nonce=pgov0YmkmtTRmim3oJV3v3CtF1Ddm3x4&litespeed_type=imgoptm HTTP/1.1" 200 0 "-" "WordPress/6.8; https://arsn.media"
216.244.66.201 - - [26/Apr/2025:06:51:59 -0400] "GET /808/do-federal-employees-get-a-pension-and-social-security.html HTTP/1.1" 404 568203 "-" "Mozilla/5.0 (compatible; DotBot/1.2; +https://opensiteexplorer.org/dotbot; help@moz.com)"
4.151.241.243 - - [26/Apr/2025:06:55:10 -0400] "GET / HTTP/1.1" 200 48706 "-" "Mozilla/5.0 AppleWebKit/537.36 (KHTML, like Gecko); compatible; ChatGPT-User/1.0; +https://openai.com/bot"
52.167.144.226 - - [26/Apr/2025:06:58:03 -0400] "GET /wp-content/uploads/2024/12/2148848581.jpg HTTP/1.1" 200 547449 "-" "Mozilla/5.0 AppleWebKit/537.36 (KHTML, like Gecko; compatible; bingbot/2.0; +http://www.bing.com/bingbot.htm) Chrome/116.0.1938.76 Safari/537.36"
217.182.194.41 - - [26/Apr/2025:06:59:39 -0400] "GET /robots.txt HTTP/1.1" 200 168 "-" "Mozilla/5.0 (compatible; MJ12bot/v1.4.8; http://mj12bot.com/)"
66.29.132.124 - - [26/Apr/2025:06:59:49 -0400] "POST /wp-cron.php?doing_wp_cron=1745665189.6462969779968261718750 HTTP/1.1" 200 0 "-" "WordPress/6.8; https://arsn.media"
217.182.194.41 - - [26/Apr/2025:06:59:41 -0400] "GET /808/%EF%BB%BFhttp://52-sell.com/9it/short-to-ground-symptoms.html HTTP/1.1" 301 0 "-" "Mozilla/5.0 (compatible; MJ12bot/v1.4.8; http://mj12bot.com/)"
66.29.132.124 - - [26/Apr/2025:06:59:50 -0400] "POST /wp-admin/admin-ajax.php?action=async_litespeed&nonce=Qzpf66hFcduj3ezXxdDpFUCphDtNgT9f&litespeed_type=imgoptm HTTP/1.1" 200 0 "-" "WordPress/6.8; https://arsn.media"
66.29.132.124 - - [26/Apr/2025:06:59:50 -0400] "POST /wp-admin/admin-ajax.php?action=as_async_request_queue_runner&nonce=874121055a HTTP/1.1" 200 0 "-" "WordPress/6.8; https://arsn.media"
217.182.194.41 - - [26/Apr/2025:06:59:51 -0400] "GET /808/%EF%BB%BFhttp:/52-sell.com/9it/short-to-ground-symptoms.html HTTP/1.1" 404 39350 "-" "Mozilla/5.0 (compatible; MJ12bot/v1.4.8; http://mj12bot.com/)"
217.182.194.41 - - [26/Apr/2025:06:59:57 -0400] "GET /808/%EF%BB%BFhttp://52-sell.com/9it/sims-3-relationship-mods.html HTTP/1.1" 301 0 "-" "Mozilla/5.0 (compatible; MJ12bot/v1.4.8; http://mj12bot.com/)"
217.182.194.41 - - [26/Apr/2025:07:00:00 -0400] "GET /808/%EF%BB%BFhttp:/52-sell.com/9it/sims-3-relationship-mods.html HTTP/1.1" 404 39263 "-" "Mozilla/5.0 (compatible; MJ12bot/v1.4.8; http://mj12bot.com/)"
217.182.194.41 - - [26/Apr/2025:07:00:03 -0400] "GET /808/%EF%BB%BFhttp://52-sell.com/9it/slingshot-vegas-ride.html HTTP/1.1" 301 0 "-" "Mozilla/5.0 (compatible; MJ12bot/v1.4.8; http://mj12bot.com/)"
217.182.194.41 - - [26/Apr/2025:07:00:07 -0400] "GET /808/%EF%BB%BFhttp:/52-sell.com/9it/slingshot-vegas-ride.html HTTP/1.1" 404 39361 "-" "Mozilla/5.0 (compatible; MJ12bot/v1.4.8; http://mj12bot.com/)"
217.182.194.41 - - [26/Apr/2025:07:00:13 -0400] "GET /808/%EF%BB%BFhttp://52-sell.com/9it/small-pink-pocket-knife.html HTTP/1.1" 301 0 "-" "Mozilla/5.0 (compatible; MJ12bot/v1.4.8; http://mj12bot.com/)"
217.182.194.41 - - [26/Apr/2025:07:00:16 -0400] "GET /808/%EF%BB%BFhttp:/52-sell.com/9it/small-pink-pocket-knife.html HTTP/1.1" 404 39241 "-" "Mozilla/5.0 (compatible; MJ12bot/v1.4.8; http://mj12bot.com/)"
217.182.194.41 - - [26/Apr/2025:07:00:20 -0400] "GET /808/%EF%BB%BFhttp://52-sell.com/9it/smart-audiobook-player-apk.html HTTP/1.1" 301 0 "-" "Mozilla/5.0 (compatible; MJ12bot/v1.4.8; http://mj12bot.com/)"
217.182.194.41 - - [26/Apr/2025:07:00:22 -0400] "GET /808/%EF%BB%BFhttp:/52-sell.com/9it/smart-audiobook-player-apk.html HTTP/1.1" 404 39328 "-" "Mozilla/5.0 (compatible; MJ12bot/v1.4.8; http://mj12bot.com/)"
217.182.194.41 - - [26/Apr/2025:07:00:25 -0400] "GET /808/%EF%BB%BFhttp://52-sell.com/9it/snhu-career-services.html HTTP/1.1" 301 0 "-" "Mozilla/5.0 (compatible; MJ12bot/v1.4.8; http://mj12bot.com/)"
217.182.194.41 - - [26/Apr/2025:07:00:28 -0400] "GET /808/%EF%BB%BFhttp:/52-sell.com/9it/snhu-career-services.html HTTP/1.1" 404 39378 "-" "Mozilla/5.0 (compatible; MJ12bot/v1.4.8; http://mj12bot.com/)"
217.182.194.41 - - [26/Apr/2025:07:00:31 -0400] "GET /808/%EF%BB%BFhttp://52-sell.com/9it/snow-globe-tumbler-diy.html HTTP/1.1" 301 0 "-" "Mozilla/5.0 (compatible; MJ12bot/v1.4.8; http://mj12bot.com/)"
217.182.194.41 - - [26/Apr/2025:07:00:33 -0400] "GET /808/%EF%BB%BFhttp:/52-sell.com/9it/snow-globe-tumbler-diy.html HTTP/1.1" 404 39260 "-" "Mozilla/5.0 (compatible; MJ12bot/v1.4.8; http://mj12bot.com/)"
66.29.132.124 - - [26/Apr/2025:07:00:37 -0400] "POST /wp-cron.php?doing_wp_cron=1745665237.0670530796051025390625 HTTP/1.1" 200 0 "-" "WordPress/6.8; https://arsn.media"
217.182.194.41 - - [26/Apr/2025:07:00:36 -0400] "GET /808/%EF%BB%BFhttp://52-sell.com/9it/sr-25-airsoft-loadout.html HTTP/1.1" 301 0 "-" "Mozilla/5.0 (compatible; MJ12bot/v1.4.8; http://mj12bot.com/)"
66.29.132.124 - - [26/Apr/2025:07:00:37 -0400] "POST /wp-admin/admin-ajax.php?action=async_litespeed&nonce=e54CPpCxlg3FSqmd65xMdl0uTPtUHKcr&litespeed_type=imgoptm HTTP/1.1" 200 0 "-" "WordPress/6.8; https://arsn.media"
217.182.194.41 - - [26/Apr/2025:07:00:38 -0400] "GET /808/%EF%BB%BFhttp:/52-sell.com/9it/sr-25-airsoft-loadout.html HTTP/1.1" 404 39383 "-" "Mozilla/5.0 (compatible; MJ12bot/v1.4.8; http://mj12bot.com/)"
217.182.194.41 - - [26/Apr/2025:07:00:41 -0400] "GET /808/%EF%BB%BFhttp://52-sell.com/9it/stellaris-arcology-project-decision.html HTTP/1.1" 301 0 "-" "Mozilla/5.0 (compatible; MJ12bot/v1.4.8; http://mj12bot.com/)"
217.182.194.41 - - [26/Apr/2025:07:00:43 -0400] "GET /808/%EF%BB%BFhttp:/52-sell.com/9it/stellaris-arcology-project-decision.html HTTP/1.1" 404 39293 "-" "Mozilla/5.0 (compatible; MJ12bot/v1.4.8; http://mj12bot.com/)"
217.182.194.41 - - [26/Apr/2025:07:00:46 -0400] "GET /808/%EF%BB%BFhttp://52-sell.com/9it/step-by-step-how-to-make-a-wand.html HTTP/1.1" 301 0 "-" "Mozilla/5.0 (compatible; MJ12bot/v1.4.8; http://mj12bot.com/)"
217.182.194.41 - - [26/Apr/2025:07:00:49 -0400] "GET /808/%EF%BB%BFhttp:/52-sell.com/9it/step-by-step-how-to-make-a-wand.html HTTP/1.1" 404 39228 "-" "Mozilla/5.0 (compatible; MJ12bot/v1.4.8; http://mj12bot.com/)"
66.29.132.124 - - [26/Apr/2025:07:00:53 -0400] "POST /wp-cron.php?doing_wp_cron=1745665253.0007789134979248046875 HTTP/1.1" 200 0 "-" "WordPress/6.8; https://arsn.media"
217.182.194.41 - - [26/Apr/2025:07:00:52 -0400] "GET /808/%EF%BB%BFhttp://52-sell.com/9it/stern-college-acceptance-rate.html HTTP/1.1" 301 0 "-" "Mozilla/5.0 (compatible; MJ12bot/v1.4.8; http://mj12bot.com/)"
217.182.194.41 - - [26/Apr/2025:07:00:55 -0400] "GET /808/%EF%BB%BFhttp:/52-sell.com/9it/stern-college-acceptance-rate.html HTTP/1.1" 404 39336 "-" "Mozilla/5.0 (compatible; MJ12bot/v1.4.8; http://mj12bot.com/)"
217.182.194.41 - - [26/Apr/2025:07:00:58 -0400] "GET /808/%EF%BB%BFhttp://52-sell.com/9it/steve-rogers-height-in-cm.html HTTP/1.1" 301 0 "-" "Mozilla/5.0 (compatible; MJ12bot/v1.4.8; http://mj12bot.com/)"
217.182.194.41 - - [26/Apr/2025:07:01:01 -0400] "GET /808/%EF%BB%BFhttp:/52-sell.com/9it/steve-rogers-height-in-cm.html HTTP/1.1" 404 39589 "-" "Mozilla/5.0 (compatible; MJ12bot/v1.4.8; http://mj12bot.com/)"
217.182.194.41 - - [26/Apr/2025:07:01:04 -0400] "GET /808/%EF%BB%BFhttp://52-sell.com/9it/storage-for-deep-pantry-shelves.html HTTP/1.1" 301 0 "-" "Mozilla/5.0 (compatible; MJ12bot/v1.4.8; http://mj12bot.com/)"
217.182.194.41 - - [26/Apr/2025:07:01:07 -0400] "GET /808/%EF%BB%BFhttp:/52-sell.com/9it/storage-for-deep-pantry-shelves.html HTTP/1.1" 404 39224 "-" "Mozilla/5.0 (compatible; MJ12bot/v1.4.8; http://mj12bot.com/)"
217.182.194.41 - - [26/Apr/2025:07:01:10 -0400] "GET /808/%EF%BB%BFhttp://52-sell.com/9it/sub-18-5k-training-plan.html HTTP/1.1" 301 0 "-" "Mozilla/5.0 (compatible; MJ12bot/v1.4.8; http://mj12bot.com/)"
217.182.194.41 - - [26/Apr/2025:07:01:12 -0400] "GET /808/%EF%BB%BFhttp:/52-sell.com/9it/sub-18-5k-training-plan.html HTTP/1.1" 404 39172 "-" "Mozilla/5.0 (compatible; MJ12bot/v1.4.8; http://mj12bot.com/)"
217.182.194.41 - - [26/Apr/2025:07:01:16 -0400] "GET /808/%EF%BB%BFhttp://52-sell.com/9it/subaru-transmission-drain-plug-gasket.html HTTP/1.1" 301 0 "-" "Mozilla/5.0 (compatible; MJ12bot/v1.4.8; http://mj12bot.com/)"
217.182.194.41 - - [26/Apr/2025:07:01:18 -0400] "GET /808/%EF%BB%BFhttp:/52-sell.com/9it/subaru-transmission-drain-plug-gasket.html HTTP/1.1" 404 39281 "-" "Mozilla/5.0 (compatible; MJ12bot/v1.4.8; http://mj12bot.com/)"
217.182.194.41 - - [26/Apr/2025:07:01:21 -0400] "GET /808/%EF%BB%BFhttp://52-sell.com/9it/sun-sentinel-classifieds-jobs.html HTTP/1.1" 301 0 "-" "Mozilla/5.0 (compatible; MJ12bot/v1.4.8; http://mj12bot.com/)"
217.182.194.41 - - [26/Apr/2025:07:01:24 -0400] "GET /808/%EF%BB%BFhttp:/52-sell.com/9it/sun-sentinel-classifieds-jobs.html HTTP/1.1" 404 39333 "-" "Mozilla/5.0 (compatible; MJ12bot/v1.4.8; http://mj12bot.com/)"
217.182.194.41 - - [26/Apr/2025:07:01:26 -0400] "GET /808/%EF%BB%BFhttp://52-sell.com/9it/surah-kausar-wazifa-for-money.html HTTP/1.1" 301 0 "-" "Mozilla/5.0 (compatible; MJ12bot/v1.4.8; http://mj12bot.com/)"
217.182.194.41 - - [26/Apr/2025:07:01:29 -0400] "GET /808/%EF%BB%BFhttp:/52-sell.com/9it/surah-kausar-wazifa-for-money.html HTTP/1.1" 404 39265 "-" "Mozilla/5.0 (compatible; MJ12bot/v1.4.8; http://mj12bot.com/)"
217.182.194.41 - - [26/Apr/2025:07:01:31 -0400] "GET /808/%EF%BB%BFhttp://52-sell.com/9it/taylor-brands-llc-website.html HTTP/1.1" 301 0 "-" "Mozilla/5.0 (compatible; MJ12bot/v1.4.8; http://mj12bot.com/)"
66.29.132.124 - - [26/Apr/2025:07:01:34 -0400] "POST /wp-cron.php?doing_wp_cron=1745665294.0015780925750732421875 HTTP/1.1" 200 0 "-" "WordPress/6.8; https://arsn.media"
217.182.194.41 - - [26/Apr/2025:07:01:33 -0400] "GET /808/%EF%BB%BFhttp:/52-sell.com/9it/taylor-brands-llc-website.html HTTP/1.1" 404 39508 "-" "Mozilla/5.0 (compatible; MJ12bot/v1.4.8; http://mj12bot.com/)"
66.29.132.124 - - [26/Apr/2025:07:01:34 -0400] "POST /wp-admin/admin-ajax.php?action=async_litespeed&nonce=lcN6EcBSILtQvTekveKiA2XvOTH4YkZV&litespeed_type=imgoptm HTTP/1.1" 200 21 "-" "WordPress/6.8; https://arsn.media"
217.182.194.41 - - [26/Apr/2025:07:01:36 -0400] "GET /808/%EF%BB%BFhttp://52-sell.com/9it/td5-diagnostic-tool.html HTTP/1.1" 301 0 "-" "Mozilla/5.0 (compatible; MJ12bot/v1.4.8; http://mj12bot.com/)"
217.182.194.41 - - [26/Apr/2025:07:01:38 -0400] "GET /808/%EF%BB%BFhttp:/52-sell.com/9it/td5-diagnostic-tool.html HTTP/1.1" 404 39346 "-" "Mozilla/5.0 (compatible; MJ12bot/v1.4.8; http://mj12bot.com/)"
217.182.194.41 - - [26/Apr/2025:07:01:41 -0400] "GET /808/%EF%BB%BFhttp://52-sell.com/9it/tennessee-hot-pocket.html HTTP/1.1" 301 0 "-" "Mozilla/5.0 (compatible; MJ12bot/v1.4.8; http://mj12bot.com/)"
217.182.194.41 - - [26/Apr/2025:07:01:44 -0400] "GET /808/%EF%BB%BFhttp:/52-sell.com/9it/tennessee-hot-pocket.html HTTP/1.1" 404 39361 "-" "Mozilla/5.0 (compatible; MJ12bot/v1.4.8; http://mj12bot.com/)"
217.182.194.41 - - [26/Apr/2025:07:01:46 -0400] "GET /808/%EF%BB%BFhttp://52-sell.com/9it/texas-cream-limestone-veneer.html HTTP/1.1" 301 0 "-" "Mozilla/5.0 (compatible; MJ12bot/v1.4.8; http://mj12bot.com/)"
217.182.194.41 - - [26/Apr/2025:07:01:48 -0400] "GET /808/%EF%BB%BFhttp:/52-sell.com/9it/texas-cream-limestone-veneer.html HTTP/1.1" 404 39258 "-" "Mozilla/5.0 (compatible; MJ12bot/v1.4.8; http://mj12bot.com/)"
66.29.132.124 - - [26/Apr/2025:07:01:52 -0400] "POST /wp-cron.php?doing_wp_cron=1745665312.0453670024871826171875 HTTP/1.1" 200 0 "-" "WordPress/6.8; https://arsn.media"
217.182.194.41 - - [26/Apr/2025:07:01:51 -0400] "GET /808/%EF%BB%BFhttp://52-sell.com/9it/texas-homes.html HTTP/1.1" 301 0 "-" "Mozilla/5.0 (compatible; MJ12bot/v1.4.8; http://mj12bot.com/)"
217.182.194.41 - - [26/Apr/2025:07:01:54 -0400] "GET /808/%EF%BB%BFhttp:/52-sell.com/9it/texas-homes.html HTTP/1.1" 404 39403 "-" "Mozilla/5.0 (compatible; MJ12bot/v1.4.8; http://mj12bot.com/)"
217.182.194.41 - - [26/Apr/2025:07:01:56 -0400] "GET /808/%EF%BB%BFhttp://52-sell.com/9it/the-bad-girl-attack-wattpad.html HTTP/1.1" 301 0 "-" "Mozilla/5.0 (compatible; MJ12bot/v1.4.8; http://mj12bot.com/)"
217.182.194.41 - - [26/Apr/2025:07:01:59 -0400] "GET /808/%EF%BB%BFhttp:/52-sell.com/9it/the-bad-girl-attack-wattpad.html HTTP/1.1" 404 39393 "-" "Mozilla/5.0 (compatible; MJ12bot/v1.4.8; http://mj12bot.com/)"
217.182.194.41 - - [26/Apr/2025:07:02:02 -0400] "GET /808/%EF%BB%BFhttp://52-sell.com/9it/the-thunderbirds-phoenix.html HTTP/1.1" 301 0 "-" "Mozilla/5.0 (compatible; MJ12bot/v1.4.8; http://mj12bot.com/)"
217.182.194.41 - - [26/Apr/2025:07:02:04 -0400] "GET /808/%EF%BB%BFhttp:/52-sell.com/9it/the-thunderbirds-phoenix.html HTTP/1.1" 404 39351 "-" "Mozilla/5.0 (compatible; MJ12bot/v1.4.8; http://mj12bot.com/)"
217.182.194.41 - - [26/Apr/2025:07:02:07 -0400] "GET /808/%EF%BB%BFhttp://52-sell.com/9it/there-can-be-only-one-active-event-system.html HTTP/1.1" 301 0 "-" "Mozilla/5.0 (compatible; MJ12bot/v1.4.8; http://mj12bot.com/)"
217.182.194.41 - - [26/Apr/2025:07:02:09 -0400] "GET /808/%EF%BB%BFhttp:/52-sell.com/9it/there-can-be-only-one-active-event-system.html HTTP/1.1" 404 39436 "-" "Mozilla/5.0 (compatible; MJ12bot/v1.4.8; http://mj12bot.com/)"
217.182.194.41 - - [26/Apr/2025:07:02:12 -0400] "GET /808/%EF%BB%BFhttp://52-sell.com/9it/thinkorswim-float-label.html HTTP/1.1" 301 0 "-" "Mozilla/5.0 (compatible; MJ12bot/v1.4.8; http://mj12bot.com/)"
217.182.194.41 - - [26/Apr/2025:07:02:14 -0400] "GET /808/%EF%BB%BFhttp:/52-sell.com/9it/thinkorswim-float-label.html HTTP/1.1" 404 39176 "-" "Mozilla/5.0 (compatible; MJ12bot/v1.4.8; http://mj12bot.com/)"
217.182.194.41 - - [26/Apr/2025:07:02:16 -0400] "GET /808/%EF%BB%BFhttp://52-sell.com/9it/titan-factory-direct-homes.html HTTP/1.1" 301 0 "-" "Mozilla/5.0 (compatible; MJ12bot/v1.4.8; http://mj12bot.com/)"
217.182.194.41 - - [26/Apr/2025:07:02:18 -0400] "GET /808/%EF%BB%BFhttp:/52-sell.com/9it/titan-factory-direct-homes.html HTTP/1.1" 404 39328 "-" "Mozilla/5.0 (compatible; MJ12bot/v1.4.8; http://mj12bot.com/)"
217.182.194.41 - - [26/Apr/2025:07:02:21 -0400] "GET /808/%EF%BB%BFhttp://52-sell.com/9it/tobacco-pipe-parts.html HTTP/1.1" 301 0 "-" "Mozilla/5.0 (compatible; MJ12bot/v1.4.8; http://mj12bot.com/)"
217.182.194.41 - - [26/Apr/2025:07:02:23 -0400] "GET /808/%EF%BB%BFhttp:/52-sell.com/9it/tobacco-pipe-parts.html HTTP/1.1" 404 39341 "-" "Mozilla/5.0 (compatible; MJ12bot/v1.4.8; http://mj12bot.com/)"
217.182.194.41 - - [26/Apr/2025:07:02:26 -0400] "GET /808/%EF%BB%BFhttp://52-sell.com/9it/top-selling-nascar-merchandise-2021.html HTTP/1.1" 301 0 "-" "Mozilla/5.0 (compatible; MJ12bot/v1.4.8; http://mj12bot.com/)"
217.182.194.41 - - [26/Apr/2025:07:02:28 -0400] "GET /808/%EF%BB%BFhttp:/52-sell.com/9it/top-selling-nascar-merchandise-2021.html HTTP/1.1" 404 39295 "-" "Mozilla/5.0 (compatible; MJ12bot/v1.4.8; http://mj12bot.com/)"
217.182.194.41 - - [26/Apr/2025:07:02:30 -0400] "GET /808/%EF%BB%BFhttp://52-sell.com/9it/toyota-yaris-radio.html HTTP/1.1" 301 0 "-" "Mozilla/5.0 (compatible; MJ12bot/v1.4.8; http://mj12bot.com/)"
217.182.194.41 - - [26/Apr/2025:07:02:33 -0400] "GET /808/%EF%BB%BFhttp:/52-sell.com/9it/toyota-yaris-radio.html HTTP/1.1" 404 39340 "-" "Mozilla/5.0 (compatible; MJ12bot/v1.4.8; http://mj12bot.com/)"
66.29.132.124 - - [26/Apr/2025:07:02:35 -0400] "POST /wp-cron.php?doing_wp_cron=1745665355.8115279674530029296875 HTTP/1.1" 200 0 "-" "WordPress/6.8; https://arsn.media"
217.182.194.41 - - [26/Apr/2025:07:02:35 -0400] "GET /808/%EF%BB%BFhttp://52-sell.com/9it/tp4056-esp8266.html HTTP/1.1" 301 0 "-" "Mozilla/5.0 (compatible; MJ12bot/v1.4.8; http://mj12bot.com/)"
66.29.132.124 - - [26/Apr/2025:07:02:36 -0400] "POST /wp-admin/admin-ajax.php?action=async_litespeed&nonce=IgGptTMDrArzQzqxgIXO3pPK48Jf7B14&litespeed_type=imgoptm HTTP/1.1" 200 0 "-" "WordPress/6.8; https://arsn.media"
66.29.132.124 - - [26/Apr/2025:07:02:36 -0400] "POST /wp-admin/admin-ajax.php?action=as_async_request_queue_runner&nonce=874121055a HTTP/1.1" 200 0 "-" "WordPress/6.8; https://arsn.media"
217.182.194.41 - - [26/Apr/2025:07:02:37 -0400] "GET /808/%EF%BB%BFhttp:/52-sell.com/9it/tp4056-esp8266.html HTTP/1.1" 404 39273 "-" "Mozilla/5.0 (compatible; MJ12bot/v1.4.8; http://mj12bot.com/)"
217.182.194.41 - - [26/Apr/2025:07:02:40 -0400] "GET /808/%EF%BB%BFhttp://52-sell.com/9it/tqqq-vs-upro-reddit.html HTTP/1.1" 301 0 "-" "Mozilla/5.0 (compatible; MJ12bot/v1.4.8; http://mj12bot.com/)"
217.182.194.41 - - [26/Apr/2025:07:02:42 -0400] "GET /808/%EF%BB%BFhttp:/52-sell.com/9it/tqqq-vs-upro-reddit.html HTTP/1.1" 404 39314 "-" "Mozilla/5.0 (compatible; MJ12bot/v1.4.8; http://mj12bot.com/)"
217.182.194.41 - - [26/Apr/2025:07:02:45 -0400] "GET /808/%EF%BB%BFhttp://52-sell.com/9it/troy-bilt-13an77bs023-parts-diagram.html HTTP/1.1" 301 0 "-" "Mozilla/5.0 (compatible; MJ12bot/v1.4.8; http://mj12bot.com/)"
217.182.194.41 - - [26/Apr/2025:07:02:47 -0400] "GET /808/%EF%BB%BFhttp:/52-sell.com/9it/troy-bilt-13an77bs023-parts-diagram.html HTTP/1.1" 404 39357 "-" "Mozilla/5.0 (compatible; MJ12bot/v1.4.8; http://mj12bot.com/)"
66.29.132.124 - - [26/Apr/2025:07:02:50 -0400] "POST /wp-cron.php?doing_wp_cron=1745665370.4406940937042236328125 HTTP/1.1" 200 0 "-" "WordPress/6.8; https://arsn.media"
217.182.194.41 - - [26/Apr/2025:07:02:50 -0400] "GET /808/%EF%BB%BFhttp://52-sell.com/9it/truck-apu-unit.html HTTP/1.1" 301 0 "-" "Mozilla/5.0 (compatible; MJ12bot/v1.4.8; http://mj12bot.com/)"
217.182.194.41 - - [26/Apr/2025:07:02:52 -0400] "GET /808/%EF%BB%BFhttp:/52-sell.com/9it/truck-apu-unit.html HTTP/1.1" 404 39274 "-" "Mozilla/5.0 (compatible; MJ12bot/v1.4.8; http://mj12bot.com/)"
217.182.194.41 - - [26/Apr/2025:07:02:54 -0400] "GET /808/%EF%BB%BFhttp://52-sell.com/9it/truenas-scale-ssh.html HTTP/1.1" 301 0 "-" "Mozilla/5.0 (compatible; MJ12bot/v1.4.8; http://mj12bot.com/)"
217.182.194.41 - - [26/Apr/2025:07:02:57 -0400] "GET /808/%EF%BB%BFhttp:/52-sell.com/9it/truenas-scale-ssh.html HTTP/1.1" 404 39113 "-" "Mozilla/5.0 (compatible; MJ12bot/v1.4.8; http://mj12bot.com/)"
217.182.194.41 - - [26/Apr/2025:07:02:59 -0400] "GET /808/%EF%BB%BFhttp://52-sell.com/9it/tuff-shed-models.html HTTP/1.1" 301 0 "-" "Mozilla/5.0 (compatible; MJ12bot/v1.4.8; http://mj12bot.com/)"
217.182.194.41 - - [26/Apr/2025:07:03:01 -0400] "GET /808/%EF%BB%BFhttp:/52-sell.com/9it/tuff-shed-models.html HTTP/1.1" 404 39293 "-" "Mozilla/5.0 (compatible; MJ12bot/v1.4.8; http://mj12bot.com/)"
217.182.194.41 - - [26/Apr/2025:07:03:04 -0400] "GET /808/%EF%BB%BFhttp://52-sell.com/9it/tumblestones-wholesale.html HTTP/1.1" 301 0 "-" "Mozilla/5.0 (compatible; MJ12bot/v1.4.8; http://mj12bot.com/)"
217.182.194.41 - - [26/Apr/2025:07:03:06 -0400] "GET /808/%EF%BB%BFhttp:/52-sell.com/9it/tumblestones-wholesale.html HTTP/1.1" 404 39232 "-" "Mozilla/5.0 (compatible; MJ12bot/v1.4.8; http://mj12bot.com/)"
217.182.194.41 - - [26/Apr/2025:07:03:09 -0400] "GET /808/%EF%BB%BFhttp://52-sell.com/9it/twilight-preferences-you-turn-him-on.html HTTP/1.1" 301 0 "-" "Mozilla/5.0 (compatible; MJ12bot/v1.4.8; http://mj12bot.com/)"
217.182.194.41 - - [26/Apr/2025:07:03:11 -0400] "GET /808/%EF%BB%BFhttp:/52-sell.com/9it/twilight-preferences-you-turn-him-on.html HTTP/1.1" 404 39432 "-" "Mozilla/5.0 (compatible; MJ12bot/v1.4.8; http://mj12bot.com/)"
217.182.194.41 - - [26/Apr/2025:07:03:14 -0400] "GET /808/%EF%BB%BFhttp://52-sell.com/9it/tyflow-convert-to-mesh.html HTTP/1.1" 301 0 "-" "Mozilla/5.0 (compatible; MJ12bot/v1.4.8; http://mj12bot.com/)"
217.182.194.41 - - [26/Apr/2025:07:03:16 -0400] "GET /808/%EF%BB%BFhttp:/52-sell.com/9it/tyflow-convert-to-mesh.html HTTP/1.1" 404 39230 "-" "Mozilla/5.0 (compatible; MJ12bot/v1.4.8; http://mj12bot.com/)"
217.182.194.41 - - [26/Apr/2025:07:03:18 -0400] "GET /808/%EF%BB%BFhttp://52-sell.com/9it/uber-interview-bar.html HTTP/1.1" 301 0 "-" "Mozilla/5.0 (compatible; MJ12bot/v1.4.8; http://mj12bot.com/)"
217.182.194.41 - - [26/Apr/2025:07:03:20 -0400] "GET /808/%EF%BB%BFhttp:/52-sell.com/9it/uber-interview-bar.html HTTP/1.1" 404 39402 "-" "Mozilla/5.0 (compatible; MJ12bot/v1.4.8; http://mj12bot.com/)"
217.182.194.41 - - [26/Apr/2025:07:03:22 -0400] "GET /808/%EF%BB%BFhttp://52-sell.com/9it/united-health-group-address.html HTTP/1.1" 301 0 "-" "Mozilla/5.0 (compatible; MJ12bot/v1.4.8; http://mj12bot.com/)"
217.182.194.41 - - [26/Apr/2025:07:03:24 -0400] "GET /808/%EF%BB%BFhttp:/52-sell.com/9it/united-health-group-address.html HTTP/1.1" 404 39428 "-" "Mozilla/5.0 (compatible; MJ12bot/v1.4.8; http://mj12bot.com/)"
217.182.194.41 - - [26/Apr/2025:07:03:27 -0400] "GET /808/%EF%BB%BFhttp://52-sell.com/9it/unity-cache-component-references.html HTTP/1.1" 301 0 "-" "Mozilla/5.0 (compatible; MJ12bot/v1.4.8; http://mj12bot.com/)"
217.182.194.41 - - [26/Apr/2025:07:03:29 -0400] "GET /808/%EF%BB%BFhttp:/52-sell.com/9it/unity-cache-component-references.html HTTP/1.1" 404 39272 "-" "Mozilla/5.0 (compatible; MJ12bot/v1.4.8; http://mj12bot.com/)"
217.182.194.41 - - [26/Apr/2025:07:03:32 -0400] "GET /808/%EF%BB%BFhttp://52-sell.com/9it/used-hotel-outdoor-furniture-for-sale.html HTTP/1.1" 301 0 "-" "Mozilla/5.0 (compatible; MJ12bot/v1.4.8; http://mj12bot.com/)"
66.29.132.124 - - [26/Apr/2025:07:03:35 -0400] "POST /wp-cron.php?doing_wp_cron=1745665415.7407250404357910156250 HTTP/1.1" 200 0 "-" "WordPress/6.8; https://arsn.media"
217.182.194.41 - - [26/Apr/2025:07:03:34 -0400] "GET /808/%EF%BB%BFhttp:/52-sell.com/9it/used-hotel-outdoor-furniture-for-sale.html HTTP/1.1" 404 39324 "-" "Mozilla/5.0 (compatible; MJ12bot/v1.4.8; http://mj12bot.com/)"
66.29.132.124 - - [26/Apr/2025:07:03:36 -0400] "POST /wp-admin/admin-ajax.php?action=async_litespeed&nonce=wdqmPWsZN5QhEIXcGow3KUZdaHhhKQVX&litespeed_type=imgoptm HTTP/1.1" 200 0 "-" "WordPress/6.8; https://arsn.media"
66.29.132.124 - - [26/Apr/2025:07:03:37 -0400] "POST /wp-admin/admin-ajax.php?action=as_async_request_queue_runner&nonce=874121055a HTTP/1.1" 200 0 "-" "WordPress/6.8; https://arsn.media"
217.182.194.41 - - [26/Apr/2025:07:03:37 -0400] "GET /808/%EF%BB%BFhttp://52-sell.com/9it/uses-of-soil-components.html HTTP/1.1" 301 0 "-" "Mozilla/5.0 (compatible; MJ12bot/v1.4.8; http://mj12bot.com/)"
217.182.194.41 - - [26/Apr/2025:07:03:39 -0400] "GET /808/%EF%BB%BFhttp:/52-sell.com/9it/uses-of-soil-components.html HTTP/1.1" 404 39251 "-" "Mozilla/5.0 (compatible; MJ12bot/v1.4.8; http://mj12bot.com/)"
217.182.194.41 - - [26/Apr/2025:07:03:42 -0400] "GET /808/%EF%BB%BFhttp://52-sell.com/9it/usys-vs-ecnl.html HTTP/1.1" 301 0 "-" "Mozilla/5.0 (compatible; MJ12bot/v1.4.8; http://mj12bot.com/)"
217.182.194.41 - - [26/Apr/2025:07:03:45 -0400] "GET /808/%EF%BB%BFhttp:/52-sell.com/9it/usys-vs-ecnl.html HTTP/1.1" 404 39275 "-" "Mozilla/5.0 (compatible; MJ12bot/v1.4.8; http://mj12bot.com/)"
217.182.194.41 - - [26/Apr/2025:07:03:48 -0400] "GET /808/%EF%BB%BFhttp://52-sell.com/9it/verify-email-address-without-sending-email-free.html HTTP/1.1" 301 0 "-" "Mozilla/5.0 (compatible; MJ12bot/v1.4.8; http://mj12bot.com/)"
66.29.132.124 - - [26/Apr/2025:07:03:50 -0400] "POST /wp-cron.php?doing_wp_cron=1745665430.6292669773101806640625 HTTP/1.1" 200 0 "-" "WordPress/6.8; https://arsn.media"
217.182.194.41 - - [26/Apr/2025:07:03:50 -0400] "GET /808/%EF%BB%BFhttp:/52-sell.com/9it/verify-email-address-without-sending-email-free.html HTTP/1.1" 404 39320 "-" "Mozilla/5.0 (compatible; MJ12bot/v1.4.8; http://mj12bot.com/)"
217.182.194.41 - - [26/Apr/2025:07:03:53 -0400] "GET /808/%EF%BB%BFhttp://52-sell.com/9it/veteran-grown-hemp-reddit.html HTTP/1.1" 301 0 "-" "Mozilla/5.0 (compatible; MJ12bot/v1.4.8; http://mj12bot.com/)"
217.182.194.41 - - [26/Apr/2025:07:03:55 -0400] "GET /808/%EF%BB%BFhttp:/52-sell.com/9it/veteran-grown-hemp-reddit.html HTTP/1.1" 404 39511 "-" "Mozilla/5.0 (compatible; MJ12bot/v1.4.8; http://mj12bot.com/)"
217.182.194.41 - - [26/Apr/2025:07:03:58 -0400] "GET /808/%EF%BB%BFhttp://52-sell.com/9it/voice-of-healing.html HTTP/1.1" 301 0 "-" "Mozilla/5.0 (compatible; MJ12bot/v1.4.8; http://mj12bot.com/)"
217.182.194.41 - - [26/Apr/2025:07:04:00 -0400] "GET /808/%EF%BB%BFhttp:/52-sell.com/9it/voice-of-healing.html HTTP/1.1" 404 39289 "-" "Mozilla/5.0 (compatible; MJ12bot/v1.4.8; http://mj12bot.com/)"
217.182.194.41 - - [26/Apr/2025:07:04:03 -0400] "GET /808/%EF%BB%BFhttp://52-sell.com/9it/votex-dp006.html HTTP/1.1" 301 0 "-" "Mozilla/5.0 (compatible; MJ12bot/v1.4.8; http://mj12bot.com/)"
