20.171.207.233 - - [26/Apr/2025:09:31:32 -0400] "GET /wp-content/themes/onum/css/design-test.css?ver=6.7.2 HTTP/1.1" 404 39206 "-" "Mozilla/5.0 AppleWebKit/537.36 (KHTML, like Gecko; compatible; GPTBot/1.2; +https://openai.com/gptbot)"
20.171.207.233 - - [26/Apr/2025:09:34:33 -0400] "GET /wp-content/uploads/2020/10/404.png%20707w,%20https:/arsn.media/wp-content/uploads/2020/10/404-300x110.png%20300w HTTP/1.1" 404 39364 "-" "Mozilla/5.0 AppleWebKit/537.36 (KHTML, like Gecko; compatible; GPTBot/1.2; +https://openai.com/gptbot)"
20.171.207.233 - - [26/Apr/2025:09:34:36 -0400] "GET /wp-json/elementskit/v1/ HTTP/1.1" 404 114 "-" "Mozilla/5.0 AppleWebKit/537.36 (KHTML, like Gecko; compatible; GPTBot/1.2; +https://openai.com/gptbot)"
20.171.207.233 - - [26/Apr/2025:09:34:39 -0400] "GET /wp-content/themes/onum/js/design-test.js HTTP/1.1" 404 39235 "-" "Mozilla/5.0 AppleWebKit/537.36 (KHTML, like Gecko; compatible; GPTBot/1.2; +https://openai.com/gptbot)"
20.171.207.233 - - [26/Apr/2025:09:34:43 -0400] "GET /wp-content/uploads/2020/09/ARSN-Final-Logos-scaled.jpg%202560w,%20https:/arsn.media/wp-content/uploads/2020/09/ARSN-Final-Logos-300x138.jpg%20300w,%20https:/arsn.media/wp-content/uploads/2020/09/ARSN-Final-Logos-1024x471.jpg%201024w,%20https:/arsn.media/ARSN-Final-Logos-768x353.jpg%20768w,%20https:/ARSN-Final-Logos-1536x706.jpg%201536w,%20https:/ARSN-Final-Logos-2048x942.jpg%202048w HTTP/1.1" 404 39632 "-" "Mozilla/5.0 AppleWebKit/537.36 (KHTML, like Gecko; compatible; GPTBot/1.2; +https://openai.com/gptbot)"
20.171.207.233 - - [26/Apr/2025:09:34:46 -0400] "GET /wp-content/plugins/elementor/assets/css/conditionals/e-swiper.min.css?ver=3.28.4 HTTP/1.1" 200 699 "-" "Mozilla/5.0 AppleWebKit/537.36 (KHTML, like Gecko; compatible; GPTBot/1.2; +https://openai.com/gptbot)"
51.8.155.56 - - [26/Apr/2025:09:36:07 -0400] "GET / HTTP/1.1" 200 48706 "-" "Mozilla/5.0 AppleWebKit/537.36 (KHTML, like Gecko); compatible; ChatGPT-User/1.0; +https://openai.com/bot"
66.29.132.124 - - [26/Apr/2025:09:36:51 -0400] "POST /wp-cron.php?doing_wp_cron=1745674610.9163219928741455078125 HTTP/1.1" 200 0 "-" "WordPress/6.8; https://arsn.media"
66.29.132.124 - - [26/Apr/2025:09:36:54 -0400] "POST /wp-admin/admin-ajax.php?action=async_litespeed&nonce=aY4HPhRMSs2ygREXEXIU2XGZ8tBqXuuF&litespeed_type=imgoptm HTTP/1.1" 200 0 "-" "WordPress/6.8; https://arsn.media"
20.171.207.233 - - [26/Apr/2025:09:36:31 -0400] "GET /mlp/%EF%BB%BFhttp:/52-sell.com/o4q/1991-toyota-mr2-turbo-engine.html HTTP/1.1" 404 28573 "-" "Mozilla/5.0 AppleWebKit/537.36 (KHTML, like Gecko; compatible; GPTBot/1.2; +https://openai.com/gptbot)"
20.171.207.233 - - [26/Apr/2025:09:40:42 -0400] "GET /wp-content/uploads/2020/09/ARSN-Final-Logos-scaled.jpg%202560w,%20https:/arsn.media/wp-content/uploads/2020/09/ARSN-Final-Logos-300x138.jpg%20300w,%20https:/arsn.media/wp-content/uploads/2020/09/ARSN-Final-Logos-1024x471.jpg%201024w,%20https:/arsn.media/ARSN-Final-Logos-768x353.jpg%20768w,%20https:/ARSN-Final-Logos-1536x706.jpg%201536w,%20https:/ARSN-Final-Logos-2048x942.jpg%202048w HTTP/1.1" 404 39632 "-" "Mozilla/5.0 AppleWebKit/537.36 (KHTML, like Gecko; compatible; GPTBot/1.2; +https://openai.com/gptbot)"
20.171.207.233 - - [26/Apr/2025:09:40:45 -0400] "GET /wp-content/uploads/2020/10/404.png%20707w,%20https:/arsn.media/wp-content/uploads/2020/10/404-300x110.png%20300w HTTP/1.1" 404 39364 "-" "Mozilla/5.0 AppleWebKit/537.36 (KHTML, like Gecko; compatible; GPTBot/1.2; +https://openai.com/gptbot)"
20.171.207.233 - - [26/Apr/2025:09:40:48 -0400] "GET /wp-content/themes/onum/js/design-test.js HTTP/1.1" 404 39235 "-" "Mozilla/5.0 AppleWebKit/537.36 (KHTML, like Gecko; compatible; GPTBot/1.2; +https://openai.com/gptbot)"
20.171.207.233 - - [26/Apr/2025:09:40:50 -0400] "GET /wp-json/elementskit/v1/ HTTP/1.1" 404 114 "-" "Mozilla/5.0 AppleWebKit/537.36 (KHTML, like Gecko; compatible; GPTBot/1.2; +https://openai.com/gptbot)"
20.171.207.233 - - [26/Apr/2025:09:42:17 -0400] "GET /wp-content/themes/onum/js/design-test.js HTTP/1.1" 404 39235 "-" "Mozilla/5.0 AppleWebKit/537.36 (KHTML, like Gecko; compatible; GPTBot/1.2; +https://openai.com/gptbot)"
20.171.207.233 - - [26/Apr/2025:09:42:20 -0400] "GET /wp-content/themes/onum/css/design-test.css?ver=6.7.2 HTTP/1.1" 404 39206 "-" "Mozilla/5.0 AppleWebKit/537.36 (KHTML, like Gecko; compatible; GPTBot/1.2; +https://openai.com/gptbot)"
20.171.207.233 - - [26/Apr/2025:09:42:23 -0400] "GET /wp-json/elementskit/v1/ HTTP/1.1" 404 114 "-" "Mozilla/5.0 AppleWebKit/537.36 (KHTML, like Gecko; compatible; GPTBot/1.2; +https://openai.com/gptbot)"
20.171.207.233 - - [26/Apr/2025:09:42:26 -0400] "GET /wp-content/uploads/2020/10/404.png%20707w,%20https:/arsn.media/wp-content/uploads/2020/10/404-300x110.png%20300w HTTP/1.1" 404 39364 "-" "Mozilla/5.0 AppleWebKit/537.36 (KHTML, like Gecko; compatible; GPTBot/1.2; +https://openai.com/gptbot)"
20.171.207.233 - - [26/Apr/2025:09:42:29 -0400] "GET /wp-content/uploads/2020/09/ARSN-Final-Logos-scaled.jpg%202560w,%20https:/arsn.media/wp-content/uploads/2020/09/ARSN-Final-Logos-300x138.jpg%20300w,%20https:/arsn.media/wp-content/uploads/2020/09/ARSN-Final-Logos-1024x471.jpg%201024w,%20https:/arsn.media/ARSN-Final-Logos-768x353.jpg%20768w,%20https:/ARSN-Final-Logos-1536x706.jpg%201536w,%20https:/ARSN-Final-Logos-2048x942.jpg%202048w HTTP/1.1" 404 39632 "-" "Mozilla/5.0 AppleWebKit/537.36 (KHTML, like Gecko; compatible; GPTBot/1.2; +https://openai.com/gptbot)"
66.29.132.124 - - [26/Apr/2025:09:42:51 -0400] "POST /wp-cron.php?doing_wp_cron=1745674971.3950679302215576171875 HTTP/1.1" 200 0 "-" "WordPress/6.8; https://arsn.media"
66.29.132.124 - - [26/Apr/2025:09:42:52 -0400] "POST /wp-admin/admin-ajax.php?action=async_litespeed&nonce=cXBmnkxl2o3jqCO61TA86Hk8qWpz93bB&litespeed_type=imgoptm HTTP/1.1" 200 0 "-" "WordPress/6.8; https://arsn.media"
52.167.144.216 - - [26/Apr/2025:09:42:35 -0400] "GET /snw9shr/f1-2021-hdr-greyed-out.html HTTP/1.1" 404 39414 "-" "Mozilla/5.0 AppleWebKit/537.36 (KHTML, like Gecko; compatible; bingbot/2.0; +http://www.bing.com/bingbot.htm) Chrome/116.0.1938.76 Safari/537.36"
198.235.24.161 - - [26/Apr/2025:09:44:40 -0400] "GET / HTTP/1.1" 200 639584 "-" "-"
66.29.132.124 - - [26/Apr/2025:09:46:33 -0400] "POST /wp-cron.php?doing_wp_cron=1745675193.0009899139404296875000 HTTP/1.1" 200 0 "-" "WordPress/6.8; https://arsn.media"
20.171.207.233 - - [26/Apr/2025:09:46:29 -0400] "GET /808/%EF%BB%BFhttp:/52-sell.com/9it/votex-dp006.html HTTP/1.1" 404 24768 "-" "Mozilla/5.0 AppleWebKit/537.36 (KHTML, like Gecko; compatible; GPTBot/1.2; +https://openai.com/gptbot)"
66.29.132.124 - - [26/Apr/2025:09:46:33 -0400] "POST /wp-admin/admin-ajax.php?action=async_litespeed&nonce=o7Wul2NQr7Kj7joWNF8Wi5nHFExLzFLR&litespeed_type=imgoptm HTTP/1.1" 200 0 "-" "WordPress/6.8; https://arsn.media"
66.29.132.124 - - [26/Apr/2025:09:46:34 -0400] "POST /wp-admin/admin-ajax.php?action=as_async_request_queue_runner&nonce=6887159dad HTTP/1.1" 200 0 "-" "WordPress/6.8; https://arsn.media"
216.244.66.201 - - [26/Apr/2025:09:46:42 -0400] "GET /robots.txt HTTP/1.1" 200 168 "-" "Mozilla/5.0 (compatible; DotBot/1.2; +https://opensiteexplorer.org/dotbot; help@moz.com)"
20.171.207.233 - - [26/Apr/2025:09:48:08 -0400] "GET /wp-content/uploads/2020/10/404.png%20707w,%20https:/arsn.media/wp-content/uploads/2020/10/404-300x110.png%20300w HTTP/1.1" 404 39364 "-" "Mozilla/5.0 AppleWebKit/537.36 (KHTML, like Gecko; compatible; GPTBot/1.2; +https://openai.com/gptbot)"
20.171.207.233 - - [26/Apr/2025:09:48:11 -0400] "GET /wp-json/elementskit/v1/ HTTP/1.1" 404 114 "-" "Mozilla/5.0 AppleWebKit/537.36 (KHTML, like Gecko; compatible; GPTBot/1.2; +https://openai.com/gptbot)"
20.171.207.233 - - [26/Apr/2025:09:48:14 -0400] "GET /wp-content/themes/onum/css/design-test.css?ver=6.7.2 HTTP/1.1" 404 39206 "-" "Mozilla/5.0 AppleWebKit/537.36 (KHTML, like Gecko; compatible; GPTBot/1.2; +https://openai.com/gptbot)"
20.171.207.233 - - [26/Apr/2025:09:48:16 -0400] "GET /wp-content/uploads/2020/09/ARSN-Final-Logos-scaled.jpg%202560w,%20https:/arsn.media/wp-content/uploads/2020/09/ARSN-Final-Logos-300x138.jpg%20300w,%20https:/arsn.media/wp-content/uploads/2020/09/ARSN-Final-Logos-1024x471.jpg%201024w,%20https:/arsn.media/ARSN-Final-Logos-768x353.jpg%20768w,%20https:/ARSN-Final-Logos-1536x706.jpg%201536w,%20https:/ARSN-Final-Logos-2048x942.jpg%202048w HTTP/1.1" 404 39632 "-" "Mozilla/5.0 AppleWebKit/537.36 (KHTML, like Gecko; compatible; GPTBot/1.2; +https://openai.com/gptbot)"
20.171.207.233 - - [26/Apr/2025:09:48:19 -0400] "GET /wp-content/themes/onum/js/design-test.js HTTP/1.1" 404 39235 "-" "Mozilla/5.0 AppleWebKit/537.36 (KHTML, like Gecko; compatible; GPTBot/1.2; +https://openai.com/gptbot)"
20.171.207.233 - - [26/Apr/2025:09:50:12 -0400] "GET /wp-content/uploads/2020/10/404.png%20707w,%20https:/arsn.media/wp-content/uploads/2020/10/404-300x110.png%20300w HTTP/1.1" 404 39364 "-" "Mozilla/5.0 AppleWebKit/537.36 (KHTML, like Gecko; compatible; GPTBot/1.2; +https://openai.com/gptbot)"
20.171.207.233 - - [26/Apr/2025:09:50:15 -0400] "GET /wp-content/themes/onum/css/design-test.css?ver=6.7.2 HTTP/1.1" 404 39206 "-" "Mozilla/5.0 AppleWebKit/537.36 (KHTML, like Gecko; compatible; GPTBot/1.2; +https://openai.com/gptbot)"
20.171.207.233 - - [26/Apr/2025:09:50:18 -0400] "GET /wp-content/uploads/2020/09/ARSN-Final-Logos-scaled.jpg%202560w,%20https:/arsn.media/wp-content/uploads/2020/09/ARSN-Final-Logos-300x138.jpg%20300w,%20https:/arsn.media/wp-content/uploads/2020/09/ARSN-Final-Logos-1024x471.jpg%201024w,%20https:/arsn.media/ARSN-Final-Logos-768x353.jpg%20768w,%20https:/ARSN-Final-Logos-1536x706.jpg%201536w,%20https:/ARSN-Final-Logos-2048x942.jpg%202048w HTTP/1.1" 404 39632 "-" "Mozilla/5.0 AppleWebKit/537.36 (KHTML, like Gecko; compatible; GPTBot/1.2; +https://openai.com/gptbot)"
20.171.207.233 - - [26/Apr/2025:09:50:21 -0400] "GET /wp-json/elementskit/v1/ HTTP/1.1" 404 114 "-" "Mozilla/5.0 AppleWebKit/537.36 (KHTML, like Gecko; compatible; GPTBot/1.2; +https://openai.com/gptbot)"
20.171.207.233 - - [26/Apr/2025:09:50:24 -0400] "GET /wp-content/themes/onum/js/design-test.js HTTP/1.1" 404 39235 "-" "Mozilla/5.0 AppleWebKit/537.36 (KHTML, like Gecko; compatible; GPTBot/1.2; +https://openai.com/gptbot)"
66.29.132.124 - - [26/Apr/2025:09:51:46 -0400] "POST /wp-cron.php?doing_wp_cron=1745675506.4961879253387451171875 HTTP/1.1" 200 0 "-" "WordPress/6.8; https://arsn.media"
216.244.66.201 - - [26/Apr/2025:09:51:39 -0400] "GET /808/2009-corolla-low-idle.html HTTP/1.1" 404 566355 "-" "Mozilla/5.0 (compatible; DotBot/1.2; +https://opensiteexplorer.org/dotbot; help@moz.com)"
66.29.132.124 - - [26/Apr/2025:09:51:47 -0400] "POST /wp-admin/admin-ajax.php?action=async_litespeed&nonce=830lPZ1sy2b8mPrVu2cV71sTWNJSwVO0&litespeed_type=imgoptm HTTP/1.1" 200 0 "-" "WordPress/6.8; https://arsn.media"
66.29.132.124 - - [26/Apr/2025:09:52:25 -0400] "POST /wp-cron.php?doing_wp_cron=1745675545.9087030887603759765625 HTTP/1.1" 200 0 "-" "WordPress/6.8; https://arsn.media"
216.244.66.201 - - [26/Apr/2025:09:52:25 -0400] "GET /808/bna-clothing.html HTTP/1.1" 404 565851 "-" "Mozilla/5.0 (compatible; DotBot/1.2; +https://opensiteexplorer.org/dotbot; help@moz.com)"
66.29.132.124 - - [26/Apr/2025:09:53:25 -0400] "POST /wp-cron.php?doing_wp_cron=1745675605.3985168933868408203125 HTTP/1.1" 200 0 "-" "WordPress/6.8; https://arsn.media"
20.171.207.233 - - [26/Apr/2025:09:53:24 -0400] "GET /2025/02/16/boost-your-business-with-affordable-local-seo-services/ HTTP/1.1" 404 31662 "-" "Mozilla/5.0 AppleWebKit/537.36 (KHTML, like Gecko; compatible; GPTBot/1.2; +https://openai.com/gptbot)"
66.29.132.124 - - [26/Apr/2025:09:53:25 -0400] "POST /wp-admin/admin-ajax.php?action=async_litespeed&nonce=YaZP1FRNlo7mO9TiKC2OAx1TJFk1UupJ&litespeed_type=imgoptm HTTP/1.1" 200 0 "-" "WordPress/6.8; https://arsn.media"
66.29.132.124 - - [26/Apr/2025:09:53:26 -0400] "POST /wp-admin/admin-ajax.php?action=as_async_request_queue_runner&nonce=6887159dad HTTP/1.1" 200 0 "-" "WordPress/6.8; https://arsn.media"
20.171.207.233 - - [26/Apr/2025:09:53:27 -0400] "GET /wp-admin/comment.php?action=approve&c=635 HTTP/1.1" 302 0 "-" "Mozilla/5.0 AppleWebKit/537.36 (KHTML, like Gecko; compatible; GPTBot/1.2; +https://openai.com/gptbot)"
20.171.207.233 - - [26/Apr/2025:09:53:30 -0400] "GET /wp-admin/comment.php?action=spam&c=635 HTTP/1.1" 302 0 "-" "Mozilla/5.0 AppleWebKit/537.36 (KHTML, like Gecko; compatible; GPTBot/1.2; +https://openai.com/gptbot)"
20.171.207.233 - - [26/Apr/2025:09:53:32 -0400] "GET /wp-admin/comment.php?action=trash&c=635 HTTP/1.1" 302 0 "-" "Mozilla/5.0 AppleWebKit/537.36 (KHTML, like Gecko; compatible; GPTBot/1.2; +https://openai.com/gptbot)"
66.29.132.124 - - [26/Apr/2025:09:53:35 -0400] "POST /wp-cron.php?doing_wp_cron=1745675615.9748098850250244140625 HTTP/1.1" 200 0 "-" "WordPress/6.8; https://arsn.media"
20.171.207.233 - - [26/Apr/2025:09:53:34 -0400] "GET /wp-admin/edit-comments.php?comment_status=moderated HTTP/1.1" 302 0 "-" "Mozilla/5.0 AppleWebKit/537.36 (KHTML, like Gecko; compatible; GPTBot/1.2; +https://openai.com/gptbot)"
66.29.132.124 - - [26/Apr/2025:09:53:36 -0400] "POST /wp-admin/admin-ajax.php?action=async_litespeed&nonce=oJHUPt0w8ltN7Go0AdC1omCXD25VkqlN&litespeed_type=imgoptm HTTP/1.1" 200 21 "-" "WordPress/6.8; https://arsn.media"
20.171.207.233 - - [26/Apr/2025:09:53:37 -0400] "GET /wp-login.php?reauth=1&redirect_to=https%3A%2F%2Farsn.media%2Fwp-admin%2Fcomment.php%3Faction%3Dapprove%26c%3D635 HTTP/1.1" 200 1898 "-" "Mozilla/5.0 AppleWebKit/537.36 (KHTML, like Gecko; compatible; GPTBot/1.2; +https://openai.com/gptbot)"
20.171.207.233 - - [26/Apr/2025:09:53:38 -0400] "GET /wp-login.php?reauth=1&redirect_to=https%3A%2F%2Farsn.media%2Fwp-admin%2Fcomment.php%3Faction%3Dspam%26c%3D635 HTTP/1.1" 200 1894 "-" "Mozilla/5.0 AppleWebKit/537.36 (KHTML, like Gecko; compatible; GPTBot/1.2; +https://openai.com/gptbot)"
20.171.207.233 - - [26/Apr/2025:09:53:40 -0400] "GET /wp-login.php?reauth=1&redirect_to=https%3A%2F%2Farsn.media%2Fwp-admin%2Fcomment.php%3Faction%3Dtrash%26c%3D635 HTTP/1.1" 200 1897 "-" "Mozilla/5.0 AppleWebKit/537.36 (KHTML, like Gecko; compatible; GPTBot/1.2; +https://openai.com/gptbot)"
20.171.207.233 - - [26/Apr/2025:09:53:42 -0400] "GET /wp-login.php?reauth=1&redirect_to=https%3A%2F%2Farsn.media%2Fwp-admin%2Fedit-comments.php%3Fcomment_status%3Dmoderated HTTP/1.1" 200 1900 "-" "Mozilla/5.0 AppleWebKit/537.36 (KHTML, like Gecko; compatible; GPTBot/1.2; +https://openai.com/gptbot)"
20.171.207.233 - - [26/Apr/2025:09:53:43 -0400] "GET /wp-includes/js/underscore.min.js?ver=1.13.7 HTTP/1.1" 200 7185 "-" "Mozilla/5.0 AppleWebKit/537.36 (KHTML, like Gecko; compatible; GPTBot/1.2; +https://openai.com/gptbot)"
20.171.207.233 - - [26/Apr/2025:09:53:45 -0400] "GET /wp-admin/js/password-strength-meter.min.js?ver=6.8 HTTP/1.1" 200 558 "-" "Mozilla/5.0 AppleWebKit/537.36 (KHTML, like Gecko; compatible; GPTBot/1.2; +https://openai.com/gptbot)"
20.171.207.233 - - [26/Apr/2025:09:53:47 -0400] "GET /wp-includes/js/dist/dom-ready.min.js?ver=f77871ff7694fffea381 HTTP/1.1" 200 275 "-" "Mozilla/5.0 AppleWebKit/537.36 (KHTML, like Gecko; compatible; GPTBot/1.2; +https://openai.com/gptbot)"
20.171.207.233 - - [26/Apr/2025:09:53:48 -0400] "GET /wp-includes/js/zxcvbn-async.min.js?ver=1.0 HTTP/1.1" 200 187 "-" "Mozilla/5.0 AppleWebKit/537.36 (KHTML, like Gecko; compatible; GPTBot/1.2; +https://openai.com/gptbot)"
20.171.207.233 - - [26/Apr/2025:09:53:49 -0400] "GET /wp-includes/js/clipboard.min.js?ver=2.0.11 HTTP/1.1" 200 2989 "-" "Mozilla/5.0 AppleWebKit/537.36 (KHTML, like Gecko; compatible; GPTBot/1.2; +https://openai.com/gptbot)"
20.171.207.233 - - [26/Apr/2025:09:53:51 -0400] "GET /wp-admin/js/user-profile.min.js?ver=6.8 HTTP/1.1" 200 2388 "-" "Mozilla/5.0 AppleWebKit/537.36 (KHTML, like Gecko; compatible; GPTBot/1.2; +https://openai.com/gptbot)"
20.171.207.233 - - [26/Apr/2025:09:53:52 -0400] "GET /wp-includes/js/wp-util.min.js?ver=6.8 HTTP/1.1" 200 690 "-" "Mozilla/5.0 AppleWebKit/537.36 (KHTML, like Gecko; compatible; GPTBot/1.2; +https://openai.com/gptbot)"
20.171.207.233 - - [26/Apr/2025:09:53:53 -0400] "GET /wp-includes/js/dist/a11y.min.js?ver=3156534cc54473497e14 HTTP/1.1" 200 827 "-" "Mozilla/5.0 AppleWebKit/537.36 (KHTML, like Gecko; compatible; GPTBot/1.2; +https://openai.com/gptbot)"
66.29.132.124 - - [26/Apr/2025:09:53:56 -0400] "POST /wp-cron.php?doing_wp_cron=1745675636.7585101127624511718750 HTTP/1.1" 200 0 "-" "WordPress/6.8; https://arsn.media"
20.171.207.233 - - [26/Apr/2025:09:53:54 -0400] "GET /wp-login.php?action=lostpassword HTTP/1.1" 200 1090 "-" "Mozilla/5.0 AppleWebKit/537.36 (KHTML, like Gecko; compatible; GPTBot/1.2; +https://openai.com/gptbot)"
20.171.207.233 - - [26/Apr/2025:09:53:56 -0400] "GET /wp-includes/css/dashicons.min.css?ver=6.8 HTTP/1.1" 200 35110 "-" "Mozilla/5.0 AppleWebKit/537.36 (KHTML, like Gecko; compatible; GPTBot/1.2; +https://openai.com/gptbot)"
20.171.207.233 - - [26/Apr/2025:09:53:59 -0400] "GET /wp-admin/css/l10n.min.css?ver=6.8 HTTP/1.1" 200 675 "-" "Mozilla/5.0 AppleWebKit/537.36 (KHTML, like Gecko; compatible; GPTBot/1.2; +https://openai.com/gptbot)"
20.171.207.233 - - [26/Apr/2025:09:54:01 -0400] "GET /wp-includes/css/buttons.min.css?ver=6.8 HTTP/1.1" 200 1275 "-" "Mozilla/5.0 AppleWebKit/537.36 (KHTML, like Gecko; compatible; GPTBot/1.2; +https://openai.com/gptbot)"
20.171.207.233 - - [26/Apr/2025:09:54:03 -0400] "GET /wp-admin/css/login.min.css?ver=6.8 HTTP/1.1" 200 1965 "-" "Mozilla/5.0 AppleWebKit/537.36 (KHTML, like Gecko; compatible; GPTBot/1.2; +https://openai.com/gptbot)"
20.171.207.233 - - [26/Apr/2025:09:54:05 -0400] "GET /wp-admin/css/forms.min.css?ver=6.8 HTTP/1.1" 200 6387 "-" "Mozilla/5.0 AppleWebKit/537.36 (KHTML, like Gecko; compatible; GPTBot/1.2; +https://openai.com/gptbot)"
20.171.207.233 - - [26/Apr/2025:09:54:06 -0400] "GET /wp-login.php HTTP/1.1" 200 1873 "-" "Mozilla/5.0 AppleWebKit/537.36 (KHTML, like Gecko; compatible; GPTBot/1.2; +https://openai.com/gptbot)"
20.171.207.233 - - [26/Apr/2025:09:54:09 -0400] "GET /wp-includes/fonts/dashicons.ttf?99ac726223c749443b642ce33df8b800 HTTP/1.1" 200 56392 "-" "Mozilla/5.0 AppleWebKit/537.36 (KHTML, like Gecko; compatible; GPTBot/1.2; +https://openai.com/gptbot)"
20.171.207.233 - - [26/Apr/2025:09:54:12 -0400] "GET /wp-includes/fonts/dashicons.eot?99ac726223c749443b642ce33df8b800 HTTP/1.1" 200 56564 "-" "Mozilla/5.0 AppleWebKit/537.36 (KHTML, like Gecko; compatible; GPTBot/1.2; +https://openai.com/gptbot)"
20.171.207.233 - - [26/Apr/2025:09:54:14 -0400] "GET /wp-admin/images/w-logo-blue.png?ver=20131202 HTTP/1.1" 200 3113 "-" "Mozilla/5.0 AppleWebKit/537.36 (KHTML, like Gecko; compatible; GPTBot/1.2; +https://openai.com/gptbot)"
20.171.207.233 - - [26/Apr/2025:09:54:16 -0400] "GET /wp-admin/images/wordpress-logo.svg?ver=20131107 HTTP/1.1" 200 759 "-" "Mozilla/5.0 AppleWebKit/537.36 (KHTML, like Gecko; compatible; GPTBot/1.2; +https://openai.com/gptbot)"
20.171.207.233 - - [26/Apr/2025:09:54:18 -0400] "GET /wp-admin/images/loading.gif HTTP/1.1" 200 1368 "-" "Mozilla/5.0 AppleWebKit/537.36 (KHTML, like Gecko; compatible; GPTBot/1.2; +https://openai.com/gptbot)"
20.171.207.233 - - [26/Apr/2025:09:54:26 -0400] "GET /wp-login.php?action=rp&key=4et0J6sqPjO42Uf9AQYT&login=Aneela HTTP/1.1" 302 0 "-" "Mozilla/5.0 AppleWebKit/537.36 (KHTML, like Gecko; compatible; GPTBot/1.2; +https://openai.com/gptbot)"
20.171.207.233 - - [26/Apr/2025:09:54:29 -0400] "GET /wp-login.php?action=rp HTTP/1.1" 302 0 "-" "Mozilla/5.0 AppleWebKit/537.36 (KHTML, like Gecko; compatible; GPTBot/1.2; +https://openai.com/gptbot)"
20.171.207.233 - - [26/Apr/2025:09:54:31 -0400] "GET /wp-login.php?action=lostpassword&error=invalidkey HTTP/1.1" 200 1160 "-" "Mozilla/5.0 AppleWebKit/537.36 (KHTML, like Gecko; compatible; GPTBot/1.2; +https://openai.com/gptbot)"
66.29.132.124 - - [26/Apr/2025:09:54:41 -0400] "POST /wp-cron.php?doing_wp_cron=1745675681.1096470355987548828125 HTTP/1.1" 200 0 "-" "WordPress/6.8; https://arsn.media"
66.29.132.124 - - [26/Apr/2025:09:54:42 -0400] "POST /wp-admin/admin-ajax.php?action=async_litespeed&nonce=eWLkxAV46U8mLfLDq9vmKfxKX2VHZY5b&litespeed_type=imgoptm HTTP/1.1" 200 0 "-" "WordPress/6.8; https://arsn.media"
216.244.66.201 - - [26/Apr/2025:09:54:38 -0400] "GET /808/michigan-train-show-2022.html HTTP/1.1" 404 566523 "-" "Mozilla/5.0 (compatible; DotBot/1.2; +https://opensiteexplorer.org/dotbot; help@moz.com)"
66.29.132.124 - - [26/Apr/2025:09:54:46 -0400] "POST /wp-admin/admin-ajax.php?action=as_async_request_queue_runner&nonce=6887159dad HTTP/1.1" 200 0 "-" "WordPress/6.8; https://arsn.media"
66.29.132.124 - - [26/Apr/2025:09:55:02 -0400] "POST /wp-admin/admin-ajax.php?action=as_async_request_queue_runner&nonce=6887159dad HTTP/1.1" 200 0 "-" "WordPress/6.8; https://arsn.media"
66.29.132.124 - - [26/Apr/2025:09:55:03 -0400] "POST /wp-cron.php?doing_wp_cron=1745675703.5942080020904541015625 HTTP/1.1" 200 0 "-" "WordPress/6.8; https://arsn.media"
216.244.66.201 - - [26/Apr/2025:09:55:14 -0400] "GET /zegh/wix-7356-oil-filter.html HTTP/1.1" 404 566299 "-" "Mozilla/5.0 (compatible; DotBot/1.2; +https://opensiteexplorer.org/dotbot; help@moz.com)"
20.171.207.233 - - [26/Apr/2025:09:55:49 -0400] "GET /wp-content/uploads/2020/10/404.png%20707w,%20https:/arsn.media/wp-content/uploads/2020/10/404-300x110.png%20300w HTTP/1.1" 404 39364 "-" "Mozilla/5.0 AppleWebKit/537.36 (KHTML, like Gecko; compatible; GPTBot/1.2; +https://openai.com/gptbot)"
66.29.132.124 - - [26/Apr/2025:09:55:51 -0400] "POST /wp-cron.php?doing_wp_cron=1745675751.8888130187988281250000 HTTP/1.1" 200 0 "-" "WordPress/6.8; https://arsn.media"
20.171.207.233 - - [26/Apr/2025:09:55:50 -0400] "GET /wp-content/themes/onum/css/design-test.css?ver=6.7.1 HTTP/1.1" 404 39252 "-" "Mozilla/5.0 AppleWebKit/537.36 (KHTML, like Gecko; compatible; GPTBot/1.2; +https://openai.com/gptbot)"
20.171.207.233 - - [26/Apr/2025:09:55:53 -0400] "GET /wp-content/uploads/2020/09/ARSN-Final-Logos-scaled.jpg%202560w,%20https:/arsn.media/wp-content/uploads/2020/09/ARSN-Final-Logos-300x138.jpg%20300w,%20https:/arsn.media/wp-content/uploads/2020/09/ARSN-Final-Logos-1024x471.jpg%201024w,%20https:/arsn.media/ARSN-Final-Logos-768x353.jpg%20768w,%20https:/ARSN-Final-Logos-1536x706.jpg%201536w,%20https:/ARSN-Final-Logos-2048x942.jpg%202048w HTTP/1.1" 404 39632 "-" "Mozilla/5.0 AppleWebKit/537.36 (KHTML, like Gecko; compatible; GPTBot/1.2; +https://openai.com/gptbot)"
66.29.132.124 - - [26/Apr/2025:09:55:53 -0400] "POST /wp-admin/admin-ajax.php?action=async_litespeed&nonce=o7TUZBR3avcVO0dQ3B6JsTJMHgTVMgxs&litespeed_type=imgoptm HTTP/1.1" 200 0 "-" "WordPress/6.8; https://arsn.media"
20.171.207.233 - - [26/Apr/2025:09:55:55 -0400] "GET /wp-json/elementskit/v1/ HTTP/1.1" 404 114 "-" "Mozilla/5.0 AppleWebKit/537.36 (KHTML, like Gecko; compatible; GPTBot/1.2; +https://openai.com/gptbot)"
2a06:98c0:3600::103 - - [26/Apr/2025:09:55:53 -0400] "GET /limo-company-seo/ HTTP/1.1" 200 84208 "-" "Mozilla/5.0 (X11; Linux x86_64) AppleWebKit/537.36 (KHTML, like Gecko) Chrome/83.0.4103.7 Safari/537.36"
20.171.207.233 - - [26/Apr/2025:09:55:57 -0400] "GET /wp-content/themes/onum/js/design-test.js HTTP/1.1" 404 39235 "-" "Mozilla/5.0 AppleWebKit/537.36 (KHTML, like Gecko; compatible; GPTBot/1.2; +https://openai.com/gptbot)"
20.171.207.233 - - [26/Apr/2025:09:56:52 -0400] "GET /wp-content/uploads/2020/10/404.png%20707w,%20https:/arsn.media/wp-content/uploads/2020/10/404-300x110.png%20300w HTTP/1.1" 404 39364 "-" "Mozilla/5.0 AppleWebKit/537.36 (KHTML, like Gecko; compatible; GPTBot/1.2; +https://openai.com/gptbot)"
20.171.207.233 - - [26/Apr/2025:09:56:54 -0400] "GET /wp-content/themes/onum/css/design-test.css?ver=6.7.2 HTTP/1.1" 404 39206 "-" "Mozilla/5.0 AppleWebKit/537.36 (KHTML, like Gecko; compatible; GPTBot/1.2; +https://openai.com/gptbot)"
20.171.207.233 - - [26/Apr/2025:09:56:56 -0400] "GET /wp-content/uploads/2020/09/ARSN-Final-Logos-scaled.jpg%202560w,%20https:/arsn.media/wp-content/uploads/2020/09/ARSN-Final-Logos-300x138.jpg%20300w,%20https:/arsn.media/wp-content/uploads/2020/09/ARSN-Final-Logos-1024x471.jpg%201024w,%20https:/arsn.media/ARSN-Final-Logos-768x353.jpg%20768w,%20https:/ARSN-Final-Logos-1536x706.jpg%201536w,%20https:/ARSN-Final-Logos-2048x942.jpg%202048w HTTP/1.1" 404 39632 "-" "Mozilla/5.0 AppleWebKit/537.36 (KHTML, like Gecko; compatible; GPTBot/1.2; +https://openai.com/gptbot)"
20.171.207.233 - - [26/Apr/2025:09:56:58 -0400] "GET /wp-json/elementskit/v1/ HTTP/1.1" 404 114 "-" "Mozilla/5.0 AppleWebKit/537.36 (KHTML, like Gecko; compatible; GPTBot/1.2; +https://openai.com/gptbot)"
20.171.207.233 - - [26/Apr/2025:09:56:59 -0400] "GET /wp-content/themes/onum/js/design-test.js HTTP/1.1" 404 39235 "-" "Mozilla/5.0 AppleWebKit/537.36 (KHTML, like Gecko; compatible; GPTBot/1.2; +https://openai.com/gptbot)"
66.29.132.124 - - [26/Apr/2025:09:57:03 -0400] "POST /wp-cron.php?doing_wp_cron=1745675823.0080630779266357421875 HTTP/1.1" 200 0 "-" "WordPress/6.8; https://arsn.media"
20.171.207.233 - - [26/Apr/2025:09:57:02 -0400] "GET /808/%EF%BB%BFhttp:/52-sell.com/9it/texas-cream-limestone-veneer.html HTTP/1.1" 404 39257 "-" "Mozilla/5.0 AppleWebKit/537.36 (KHTML, like Gecko; compatible; GPTBot/1.2; +https://openai.com/gptbot)"
66.29.132.124 - - [26/Apr/2025:09:57:03 -0400] "POST /wp-admin/admin-ajax.php?action=async_litespeed&nonce=BkdJlyvZCb8LMfiPEFwtjjx0ReE2FaRY&litespeed_type=imgoptm HTTP/1.1" 200 0 "-" "WordPress/6.8; https://arsn.media"
66.29.132.124 - - [26/Apr/2025:09:57:04 -0400] "POST /wp-admin/admin-ajax.php?action=as_async_request_queue_runner&nonce=6887159dad HTTP/1.1" 200 0 "-" "WordPress/6.8; https://arsn.media"
216.244.66.201 - - [26/Apr/2025:09:57:05 -0400] "GET /snw9shr/runelite-how-to-mark-tiles.html HTTP/1.1" 404 566859 "-" "Mozilla/5.0 (compatible; DotBot/1.2; +https://opensiteexplorer.org/dotbot; help@moz.com)"
20.171.207.233 - - [26/Apr/2025:09:57:15 -0400] "GET /wp-content/uploads/2020/10/404.png%20707w,%20https:/arsn.media/wp-content/uploads/2020/10/404-300x110.png%20300w HTTP/1.1" 404 39364 "-" "Mozilla/5.0 AppleWebKit/537.36 (KHTML, like Gecko; compatible; GPTBot/1.2; +https://openai.com/gptbot)"
20.171.207.233 - - [26/Apr/2025:09:57:16 -0400] "GET /wp-content/themes/onum/css/design-test.css?ver=6.7.2 HTTP/1.1" 404 39206 "-" "Mozilla/5.0 AppleWebKit/537.36 (KHTML, like Gecko; compatible; GPTBot/1.2; +https://openai.com/gptbot)"
20.171.207.233 - - [26/Apr/2025:09:57:18 -0400] "GET /wp-content/themes/onum/js/design-test.js HTTP/1.1" 404 39235 "-" "Mozilla/5.0 AppleWebKit/537.36 (KHTML, like Gecko; compatible; GPTBot/1.2; +https://openai.com/gptbot)"
20.171.207.233 - - [26/Apr/2025:09:57:20 -0400] "GET /wp-content/uploads/2020/09/ARSN-Final-Logos-scaled.jpg%202560w,%20https:/arsn.media/wp-content/uploads/2020/09/ARSN-Final-Logos-300x138.jpg%20300w,%20https:/arsn.media/wp-content/uploads/2020/09/ARSN-Final-Logos-1024x471.jpg%201024w,%20https:/arsn.media/ARSN-Final-Logos-768x353.jpg%20768w,%20https:/ARSN-Final-Logos-1536x706.jpg%201536w,%20https:/ARSN-Final-Logos-2048x942.jpg%202048w HTTP/1.1" 404 39632 "-" "Mozilla/5.0 AppleWebKit/537.36 (KHTML, like Gecko; compatible; GPTBot/1.2; +https://openai.com/gptbot)"
20.171.207.233 - - [26/Apr/2025:09:57:22 -0400] "GET /wp-json/elementskit/v1/ HTTP/1.1" 404 114 "-" "Mozilla/5.0 AppleWebKit/537.36 (KHTML, like Gecko; compatible; GPTBot/1.2; +https://openai.com/gptbot)"
66.29.132.124 - - [26/Apr/2025:10:07:48 -0400] "POST /wp-cron.php?doing_wp_cron=1745676468.1903660297393798828125 HTTP/1.1" 200 0 "-" "WordPress/6.8; https://arsn.media"
66.29.132.124 - - [26/Apr/2025:10:07:48 -0400] "POST /wp-admin/admin-ajax.php?action=async_litespeed&nonce=UfNc5N9cVR95ReHQXpsh4UYAXquqlpA2&litespeed_type=imgoptm HTTP/1.1" 200 0 "-" "WordPress/6.8; https://arsn.media"
20.171.207.233 - - [26/Apr/2025:10:07:36 -0400] "GET /mlp/%EF%BB%BFhttp:/52-sell.com/o4q/1957-chevy-sedan-delivery-for-sale-craigslist-near-illinois.html HTTP/1.1" 404 18608 "-" "Mozilla/5.0 AppleWebKit/537.36 (KHTML, like Gecko; compatible; GPTBot/1.2; +https://openai.com/gptbot)"
20.171.207.233 - - [26/Apr/2025:10:08:03 -0400] "GET /wp-content/uploads/2020/10/404.png%20707w,%20https:/arsn.media/wp-content/uploads/2020/10/404-300x110.png%20300w HTTP/1.1" 404 39364 "-" "Mozilla/5.0 AppleWebKit/537.36 (KHTML, like Gecko; compatible; GPTBot/1.2; +https://openai.com/gptbot)"
20.171.207.233 - - [26/Apr/2025:10:08:05 -0400] "GET /wp-content/themes/onum/js/design-test.js HTTP/1.1" 404 39235 "-" "Mozilla/5.0 AppleWebKit/537.36 (KHTML, like Gecko; compatible; GPTBot/1.2; +https://openai.com/gptbot)"
66.29.132.124 - - [26/Apr/2025:10:08:08 -0400] "POST /wp-cron.php?doing_wp_cron=1745676488.5796170234680175781250 HTTP/1.1" 200 0 "-" "WordPress/6.8; https://arsn.media"
20.171.207.233 - - [26/Apr/2025:10:08:07 -0400] "GET /wp-content/themes/onum/css/design-test.css?ver=6.7.2 HTTP/1.1" 404 18473 "-" "Mozilla/5.0 AppleWebKit/537.36 (KHTML, like Gecko; compatible; GPTBot/1.2; +https://openai.com/gptbot)"
20.171.207.233 - - [26/Apr/2025:10:08:10 -0400] "GET /wp-content/uploads/2020/09/ARSN-Final-Logos-scaled.jpg%202560w,%20https:/arsn.media/wp-content/uploads/2020/09/ARSN-Final-Logos-300x138.jpg%20300w,%20https:/arsn.media/wp-content/uploads/2020/09/ARSN-Final-Logos-1024x471.jpg%201024w,%20https:/arsn.media/ARSN-Final-Logos-768x353.jpg%20768w,%20https:/ARSN-Final-Logos-1536x706.jpg%201536w,%20https:/ARSN-Final-Logos-2048x942.jpg%202048w HTTP/1.1" 404 39632 "-" "Mozilla/5.0 AppleWebKit/537.36 (KHTML, like Gecko; compatible; GPTBot/1.2; +https://openai.com/gptbot)"
20.171.207.233 - - [26/Apr/2025:10:08:11 -0400] "GET /wp-json/elementskit/v1/ HTTP/1.1" 404 114 "-" "Mozilla/5.0 AppleWebKit/537.36 (KHTML, like Gecko; compatible; GPTBot/1.2; +https://openai.com/gptbot)"
20.171.207.233 - - [26/Apr/2025:10:09:52 -0400] "GET /wp-content/uploads/2020/09/ARSN-Final-Logos-scaled.jpg%202560w,%20https:/arsn.media/wp-content/uploads/2020/09/ARSN-Final-Logos-300x138.jpg%20300w,%20https:/arsn.media/wp-content/uploads/2020/09/ARSN-Final-Logos-1024x471.jpg%201024w,%20https:/arsn.media/ARSN-Final-Logos-768x353.jpg%20768w,%20https:/ARSN-Final-Logos-1536x706.jpg%201536w,%20https:/ARSN-Final-Logos-2048x942.jpg%202048w HTTP/1.1" 404 39632 "-" "Mozilla/5.0 AppleWebKit/537.36 (KHTML, like Gecko; compatible; GPTBot/1.2; +https://openai.com/gptbot)"
66.29.132.124 - - [26/Apr/2025:10:09:59 -0400] "POST /wp-cron.php?doing_wp_cron=1745676599.2849040031433105468750 HTTP/1.1" 200 0 "-" "WordPress/6.8; https://arsn.media"
20.171.207.233 - - [26/Apr/2025:10:09:54 -0400] "GET /wp-content/uploads/2020/10/404.png%20707w,%20https:/arsn.media/wp-content/uploads/2020/10/404-300x110.png%20300w HTTP/1.1" 404 18523 "-" "Mozilla/5.0 AppleWebKit/537.36 (KHTML, like Gecko; compatible; GPTBot/1.2; +https://openai.com/gptbot)"
20.171.207.233 - - [26/Apr/2025:10:10:01 -0400] "GET /wp-content/themes/onum/js/design-test.js HTTP/1.1" 404 39235 "-" "Mozilla/5.0 AppleWebKit/537.36 (KHTML, like Gecko; compatible; GPTBot/1.2; +https://openai.com/gptbot)"
66.29.132.124 - - [26/Apr/2025:10:10:00 -0400] "POST /wp-admin/admin-ajax.php?action=async_litespeed&nonce=D7pw7qRph5ExC8KzxS7P7iIZuJXOBKE4&litespeed_type=imgoptm HTTP/1.1" 200 0 "-" "WordPress/6.8; https://arsn.media"
20.171.207.233 - - [26/Apr/2025:10:10:03 -0400] "GET /wp-json/elementskit/v1/ HTTP/1.1" 404 114 "-" "Mozilla/5.0 AppleWebKit/537.36 (KHTML, like Gecko; compatible; GPTBot/1.2; +https://openai.com/gptbot)"
66.29.132.124 - - [26/Apr/2025:10:12:53 -0400] "POST /wp-cron.php?doing_wp_cron=1745676772.8324019908905029296875 HTTP/1.1" 200 0 "-" "WordPress/6.8; https://arsn.media"
198.54.114.98 - - [26/Apr/2025:10:12:48 -0400] "POST /wp-login.php HTTP/1.1" 200 1963 "https://arsn.media" "Mozilla/5.0 (Macintosh; Intel Mac OS X 10_15_7) AppleWebKit/537.36 (KHTML, like Gecko) Chrome/112.0.5615.138 Safari/537.36"
66.29.132.124 - - [26/Apr/2025:10:12:53 -0400] "POST /wp-admin/admin-ajax.php?action=async_litespeed&nonce=OLRkAPw2BjLMvGalMeEKQj02MRtLdn7d&litespeed_type=imgoptm HTTP/1.1" 200 0 "-" "WordPress/6.8; https://arsn.media"
66.29.132.124 - - [26/Apr/2025:10:12:55 -0400] "POST /wp-admin/admin-ajax.php?action=as_async_request_queue_runner&nonce=6887159dad HTTP/1.1" 200 0 "-" "WordPress/6.8; https://arsn.media"
66.29.132.124 - - [26/Apr/2025:10:16:40 -0400] "POST /wp-cron.php?doing_wp_cron=1745677000.5486459732055664062500 HTTP/1.1" 200 0 "-" "WordPress/6.8; https://arsn.media"
66.29.132.124 - - [26/Apr/2025:10:16:42 -0400] "POST /wp-admin/admin-ajax.php?action=async_litespeed&nonce=oDn5GfGqlNSsmGKPfiJcHQlFUO34GjZb&litespeed_type=imgoptm HTTP/1.1" 200 0 "-" "WordPress/6.8; https://arsn.media"
77.75.78.172 - - [26/Apr/2025:10:16:35 -0400] "GET /post-sitemap.xml HTTP/1.1" 200 0 "-" "Mozilla/5.0 (compatible; SeznamBot/4.0; +https://o-seznam.cz/napoveda/vyhledavani/en/seznambot-crawler/)"
66.29.132.124 - - [26/Apr/2025:10:16:51 -0400] "POST /wp-cron.php?doing_wp_cron=1745677011.0222330093383789062500 HTTP/1.1" 200 0 "-" "WordPress/6.8; https://arsn.media"
20.171.207.233 - - [26/Apr/2025:10:16:49 -0400] "GET /wp-content/themes/onum/js/design-test.js HTTP/1.1" 404 22065 "-" "Mozilla/5.0 AppleWebKit/537.36 (KHTML, like Gecko; compatible; GPTBot/1.2; +https://openai.com/gptbot)"
20.171.207.233 - - [26/Apr/2025:10:16:56 -0400] "GET /wp-content/uploads/2020/10/404.png%20707w,%20https:/arsn.media/wp-content/uploads/2020/10/404-300x110.png%20300w HTTP/1.1" 404 18523 "-" "Mozilla/5.0 AppleWebKit/537.36 (KHTML, like Gecko; compatible; GPTBot/1.2; +https://openai.com/gptbot)"
20.171.207.233 - - [26/Apr/2025:10:16:59 -0400] "GET /wp-content/themes/onum/css/design-test.css?ver=6.7.2 HTTP/1.1" 404 21321 "-" "Mozilla/5.0 AppleWebKit/537.36 (KHTML, like Gecko; compatible; GPTBot/1.2; +https://openai.com/gptbot)"
20.171.207.233 - - [26/Apr/2025:10:17:02 -0400] "GET /wp-content/uploads/2020/09/ARSN-Final-Logos-scaled.jpg%202560w,%20https:/arsn.media/wp-content/uploads/2020/09/ARSN-Final-Logos-300x138.jpg%20300w,%20https:/arsn.media/wp-content/uploads/2020/09/ARSN-Final-Logos-1024x471.jpg%201024w,%20https:/arsn.media/ARSN-Final-Logos-768x353.jpg%20768w,%20https:/ARSN-Final-Logos-1536x706.jpg%201536w,%20https:/ARSN-Final-Logos-2048x942.jpg%202048w HTTP/1.1" 404 18524 "-" "Mozilla/5.0 AppleWebKit/537.36 (KHTML, like Gecko; compatible; GPTBot/1.2; +https://openai.com/gptbot)"
20.171.207.233 - - [26/Apr/2025:10:17:04 -0400] "GET /wp-json/elementskit/v1/ HTTP/1.1" 404 114 "-" "Mozilla/5.0 AppleWebKit/537.36 (KHTML, like Gecko; compatible; GPTBot/1.2; +https://openai.com/gptbot)"
66.29.132.124 - - [26/Apr/2025:10:18:07 -0400] "POST /wp-cron.php?doing_wp_cron=1745677087.0603098869323730468750 HTTP/1.1" 200 0 "-" "WordPress/6.8; https://arsn.media"
66.29.132.124 - - [26/Apr/2025:10:18:09 -0400] "POST /wp-admin/admin-ajax.php?action=async_litespeed&nonce=tlumvvbNA07sCSOQfHzZ9opQ1FtMroBI&litespeed_type=imgoptm HTTP/1.1" 200 0 "-" "WordPress/6.8; https://arsn.media"
20.171.207.233 - - [26/Apr/2025:10:18:05 -0400] "GET /xmrlpc.php HTTP/1.1" 404 39184 "-" "Mozilla/5.0 AppleWebKit/537.36 (KHTML, like Gecko; compatible; GPTBot/1.2; +https://openai.com/gptbot)"
66.29.132.124 - - [26/Apr/2025:10:20:13 -0400] "POST /wp-cron.php?doing_wp_cron=1745677213.2066121101379394531250 HTTP/1.1" 200 0 "-" "WordPress/6.8; https://arsn.media"
66.29.137.140 - - [26/Apr/2025:10:20:06 -0400] "POST /wp-login.php HTTP/1.1" 200 1963 "https://arsn.media" "Mozilla/5.0 (Windows NT 11.0; Win64; x64) AppleWebKit/537.36 (KHTML, like Gecko) Chrome/126.0.0.0 Safari/537.36"
66.29.132.124 - - [26/Apr/2025:10:20:15 -0400] "POST /wp-admin/admin-ajax.php?action=async_litespeed&nonce=tNU5ckihG1R3fZppcC8uWOPyV6YI7Zy4&litespeed_type=imgoptm HTTP/1.1" 200 0 "-" "WordPress/6.8; https://arsn.media"
114.119.154.237 - - [26/Apr/2025:10:23:45 -0400] "GET /robots.txt HTTP/1.1" 200 121 "-" "Mozilla/5.0 (compatible;PetalBot;+https://webmaster.petalsearch.com/site/petalbot)"
114.119.151.72 - - [26/Apr/2025:10:24:25 -0400] "GET /robots.txt HTTP/1.1" 200 121 "-" "Mozilla/5.0 (compatible;PetalBot;+https://webmaster.petalsearch.com/site/petalbot)"
216.244.66.201 - - [26/Apr/2025:10:33:27 -0400] "GET /robots.txt HTTP/1.1" 200 168 "-" "Mozilla/5.0 (compatible; DotBot/1.2; +https://opensiteexplorer.org/dotbot; help@moz.com)"
216.244.66.201 - - [26/Apr/2025:10:38:33 -0400] "GET /808/blynk-virtualwrite.html HTTP/1.1" 200 0 "-" "Mozilla/5.0 (compatible; DotBot/1.2; +https://opensiteexplorer.org/dotbot; help@moz.com)"
66.29.132.124 - - [26/Apr/2025:10:38:54 -0400] "POST /wp-cron.php?doing_wp_cron=1745678334.6933069229125976562500 HTTP/1.1" 200 0 "-" "WordPress/6.8; https://arsn.media"
66.29.132.124 - - [26/Apr/2025:10:38:55 -0400] "POST /wp-admin/admin-ajax.php?action=async_litespeed&nonce=SVXvQCPdKdgdIgmPvs7ztUw8xn13Sgsv&litespeed_type=imgoptm HTTP/1.1" 200 0 "-" "WordPress/6.8; https://arsn.media"
216.244.66.201 - - [26/Apr/2025:10:39:04 -0400] "GET /808/mercedes-c300-for-sale-near-illinois.html HTTP/1.1" 404 567195 "-" "Mozilla/5.0 (compatible; DotBot/1.2; +https://opensiteexplorer.org/dotbot; help@moz.com)"
216.244.66.201 - - [26/Apr/2025:10:39:30 -0400] "GET /snw9shr/2017-nissan-maxima-bose-amp-wiring-diagram.html HTTP/1.1" 404 567755 "-" "Mozilla/5.0 (compatible; DotBot/1.2; +https://opensiteexplorer.org/dotbot; help@moz.com)"
66.29.132.124 - - [26/Apr/2025:10:40:01 -0400] "POST /wp-cron.php?doing_wp_cron=1745678401.0755169391632080078125 HTTP/1.1" 200 0 "-" "WordPress/6.8; https://arsn.media"
216.244.66.201 - - [26/Apr/2025:10:40:00 -0400] "GET /snw9shr/misophonia-apartment-living.html HTTP/1.1" 404 566915 "-" "Mozilla/5.0 (compatible; DotBot/1.2; +https://opensiteexplorer.org/dotbot; help@moz.com)"
66.29.132.124 - - [26/Apr/2025:10:40:02 -0400] "POST /wp-admin/admin-ajax.php?action=async_litespeed&nonce=Oexde47dkBL66La5QfgMaNGJFa732mLN&litespeed_type=imgoptm HTTP/1.1" 200 0 "-" "WordPress/6.8; https://arsn.media"
216.244.66.201 - - [26/Apr/2025:10:40:26 -0400] "GET /snw9shr/tls-detox-reviews.html HTTP/1.1" 404 566355 "-" "Mozilla/5.0 (compatible; DotBot/1.2; +https://opensiteexplorer.org/dotbot; help@moz.com)"
66.29.132.124 - - [26/Apr/2025:10:41:27 -0400] "POST /wp-cron.php?doing_wp_cron=1745678486.1056039333343505859375 HTTP/1.1" 200 0 "-" "WordPress/6.8; https://arsn.media"
216.244.66.201 - - [26/Apr/2025:10:41:25 -0400] "GET /808/kenshi-best-base-location-fog-islands.html HTTP/1.1" 404 567251 "-" "Mozilla/5.0 (compatible; DotBot/1.2; +https://opensiteexplorer.org/dotbot; help@moz.com)"
66.29.132.124 - - [26/Apr/2025:10:41:29 -0400] "POST /wp-admin/admin-ajax.php?action=async_litespeed&nonce=uDS43yiPXIcj0UmvIXdOk3kr4VYcGCyF&litespeed_type=imgoptm HTTP/1.1" 200 0 "-" "WordPress/6.8; https://arsn.media"
66.29.132.124 - - [26/Apr/2025:10:41:50 -0400] "POST /wp-cron.php?doing_wp_cron=1745678510.4634070396423339843750 HTTP/1.1" 200 0 "-" "WordPress/6.8; https://arsn.media"
104.219.248.2 - - [26/Apr/2025:10:41:49 -0400] "POST /wp-login.php HTTP/1.1" 200 1963 "https://arsn.media" "Mozilla/5.0 (Windows NT 10.0; Win64; x64) AppleWebKit/537.36 (KHTML, like Gecko) Chrome/113.0.5672.126 Safari/537.36 Edg/113.0.1774.50"
216.244.66.201 - - [26/Apr/2025:10:41:49 -0400] "GET /snw9shr/eldar-rangers-metal.html HTTP/1.1" 404 566467 "-" "Mozilla/5.0 (compatible; DotBot/1.2; +https://opensiteexplorer.org/dotbot; help@moz.com)"
66.29.132.124 - - [26/Apr/2025:10:41:51 -0400] "POST /wp-admin/admin-ajax.php?action=async_litespeed&nonce=WDOq5qG7Fyf62AJjqmn2YazftAtGO7hB&litespeed_type=imgoptm HTTP/1.1" 200 21 "-" "WordPress/6.8; https://arsn.media"
216.244.66.201 - - [26/Apr/2025:10:42:11 -0400] "GET /ukdygc/lucas-motorcycle-parts-catalogue-pdf.html HTTP/1.1" 404 567363 "-" "Mozilla/5.0 (compatible; DotBot/1.2; +https://opensiteexplorer.org/dotbot; help@moz.com)"
66.29.132.124 - - [26/Apr/2025:10:45:59 -0400] "POST /wp-cron.php?doing_wp_cron=1745678758.8889238834381103515625 HTTP/1.1" 200 0 "-" "WordPress/6.8; https://arsn.media"
66.29.132.124 - - [26/Apr/2025:10:46:01 -0400] "POST /wp-admin/admin-ajax.php?action=async_litespeed&nonce=f8aTXPCZquhiQtb1ILVb8McJlkUnu7T7&litespeed_type=imgoptm HTTP/1.1" 200 0 "-" "WordPress/6.8; https://arsn.media"
20.171.207.233 - - [26/Apr/2025:10:45:34 -0400] "GET /wp-content/uploads/2020/10/404.png%20707w,%20https:/arsn.media/wp-content/uploads/2020/10/404-300x110.png%20300w HTTP/1.1" 200 0 "-" "Mozilla/5.0 AppleWebKit/537.36 (KHTML, like Gecko; compatible; GPTBot/1.2; +https://openai.com/gptbot)"
20.171.207.233 - - [26/Apr/2025:10:46:04 -0400] "GET /wp-json/elementskit/v1/ HTTP/1.1" 404 114 "-" "Mozilla/5.0 AppleWebKit/537.36 (KHTML, like Gecko; compatible; GPTBot/1.2; +https://openai.com/gptbot)"
43.166.255.102 - - [26/Apr/2025:10:46:03 -0400] "GET / HTTP/1.1" 301 0 "http://www.arsn.media" "Mozilla/5.0 (iPhone; CPU iPhone OS 13_2_3 like Mac OS X) AppleWebKit/605.1.15 (KHTML, like Gecko) Version/13.0.3 Mobile/15E148 Safari/604.1"
43.166.255.102 - - [26/Apr/2025:10:46:07 -0400] "GET / HTTP/1.1" 200 61631 "https://www.arsn.media/" "Mozilla/5.0 (iPhone; CPU iPhone OS 13_2_3 like Mac OS X) AppleWebKit/605.1.15 (KHTML, like Gecko) Version/13.0.3 Mobile/15E148 Safari/604.1"
66.29.132.124 - - [26/Apr/2025:10:46:39 -0400] "POST /wp-cron.php?doing_wp_cron=1745678799.3506278991699218750000 HTTP/1.1" 200 0 "-" "WordPress/6.8; https://arsn.media"
20.171.207.233 - - [26/Apr/2025:10:46:37 -0400] "GET /wp-content/uploads/2020/09/ARSN-Final-Logos-scaled.jpg%202560w,%20https:/arsn.media/wp-content/uploads/2020/09/ARSN-Final-Logos-300x138.jpg%20300w,%20https:/arsn.media/wp-content/uploads/2020/09/ARSN-Final-Logos-1024x471.jpg%201024w,%20https:/arsn.media/ARSN-Final-Logos-768x353.jpg%20768w,%20https:/ARSN-Final-Logos-1536x706.jpg%201536w,%20https:/ARSN-Final-Logos-2048x942.jpg%202048w HTTP/1.1" 404 39653 "-" "Mozilla/5.0 AppleWebKit/537.36 (KHTML, like Gecko; compatible; GPTBot/1.2; +https://openai.com/gptbot)"
66.29.132.124 - - [26/Apr/2025:10:46:41 -0400] "POST /wp-admin/admin-ajax.php?action=async_litespeed&nonce=PU4VHDtWo4il7KzTo2TXwAiqFbJ8i5Qe&litespeed_type=imgoptm HTTP/1.1" 200 0 "-" "WordPress/6.8; https://arsn.media"
66.29.132.124 - - [26/Apr/2025:10:47:10 -0400] "POST /wp-cron.php?doing_wp_cron=1745678830.2459249496459960937500 HTTP/1.1" 200 0 "-" "WordPress/6.8; https://arsn.media"
20.171.207.233 - - [26/Apr/2025:10:47:09 -0400] "GET /wp-content/themes/onum/js/design-test.js HTTP/1.1" 404 24627 "-" "Mozilla/5.0 AppleWebKit/537.36 (KHTML, like Gecko; compatible; GPTBot/1.2; +https://openai.com/gptbot)"
20.171.207.233 - - [26/Apr/2025:10:47:41 -0400] "GET /wp-content/themes/onum/css/design-test.css?ver=6.7.1 HTTP/1.1" 404 39252 "-" "Mozilla/5.0 AppleWebKit/537.36 (KHTML, like Gecko; compatible; GPTBot/1.2; +https://openai.com/gptbot)"
66.29.132.124 - - [26/Apr/2025:10:48:53 -0400] "POST /wp-cron.php?doing_wp_cron=1745678932.4146590232849121093750 HTTP/1.1" 200 0 "-" "WordPress/6.8; https://arsn.media"
66.29.132.124 - - [26/Apr/2025:10:48:54 -0400] "POST /wp-admin/admin-ajax.php?action=async_litespeed&nonce=44mkcoSgm1pMIlIhhL6OwnQDRTHSifCm&litespeed_type=imgoptm HTTP/1.1" 200 0 "-" "WordPress/6.8; https://arsn.media"
20.171.207.233 - - [26/Apr/2025:10:48:46 -0400] "GET /2025/03/02/content-marketing-seo-a-winning-strategy-for-online-growth/ HTTP/1.1" 404 21354 "-" "Mozilla/5.0 AppleWebKit/537.36 (KHTML, like Gecko; compatible; GPTBot/1.2; +https://openai.com/gptbot)"
20.171.207.233 - - [26/Apr/2025:10:49:18 -0400] "GET /wp-content/uploads/2024/07/44204-1.jpg HTTP/1.1" 200 71917 "-" "Mozilla/5.0 AppleWebKit/537.36 (KHTML, like Gecko; compatible; GPTBot/1.2; +https://openai.com/gptbot)"
66.29.132.124 - - [26/Apr/2025:10:49:53 -0400] "POST /wp-cron.php?doing_wp_cron=1745678992.4863550662994384765625 HTTP/1.1" 200 0 "-" "WordPress/6.8; https://arsn.media"
20.171.207.233 - - [26/Apr/2025:10:49:51 -0400] "GET /wp-content/uploads/2020/10/404.png%20707w,%20https:/arsn.media/wp-content/uploads/2020/10/404-300x110.png%20300w HTTP/1.1" 404 21399 "-" "Mozilla/5.0 AppleWebKit/537.36 (KHTML, like Gecko; compatible; GPTBot/1.2; +https://openai.com/gptbot)"
20.171.207.233 - - [26/Apr/2025:10:50:18 -0400] "GET /wp-content/uploads/2020/09/ARSN-Final-Logos-scaled.jpg%202560w,%20https:/arsn.media/wp-content/uploads/2020/09/ARSN-Final-Logos-300x138.jpg%20300w,%20https:/arsn.media/wp-content/uploads/2020/09/ARSN-Final-Logos-1024x471.jpg%201024w,%20https:/arsn.media/ARSN-Final-Logos-768x353.jpg%20768w,%20https:/ARSN-Final-Logos-1536x706.jpg%201536w,%20https:/ARSN-Final-Logos-2048x942.jpg%202048w HTTP/1.1" 404 39653 "-" "Mozilla/5.0 AppleWebKit/537.36 (KHTML, like Gecko; compatible; GPTBot/1.2; +https://openai.com/gptbot)"
66.29.132.124 - - [26/Apr/2025:10:50:57 -0400] "POST /wp-cron.php?doing_wp_cron=1745679056.9630069732666015625000 HTTP/1.1" 200 0 "-" "WordPress/6.8; https://arsn.media"
66.29.132.124 - - [26/Apr/2025:10:51:01 -0400] "POST /wp-admin/admin-ajax.php?action=async_litespeed&nonce=Bh8ZiKmFRAw6yselp1APbXegg90tndmh&litespeed_type=imgoptm HTTP/1.1" 200 0 "-" "WordPress/6.8; https://arsn.media"
20.171.207.233 - - [26/Apr/2025:10:50:53 -0400] "GET /wp-content/themes/onum/js/design-test.js HTTP/1.1" 404 39270 "-" "Mozilla/5.0 AppleWebKit/537.36 (KHTML, like Gecko; compatible; GPTBot/1.2; +https://openai.com/gptbot)"
20.171.207.233 - - [26/Apr/2025:10:51:15 -0400] "GET /wp-json/elementskit/v1/ HTTP/1.1" 404 114 "-" "Mozilla/5.0 AppleWebKit/537.36 (KHTML, like Gecko; compatible; GPTBot/1.2; +https://openai.com/gptbot)"
66.29.132.124 - - [26/Apr/2025:10:51:46 -0400] "POST /wp-cron.php?doing_wp_cron=1745679105.7792439460754394531250 HTTP/1.1" 200 0 "-" "WordPress/6.8; https://arsn.media"
20.171.207.233 - - [26/Apr/2025:10:51:44 -0400] "GET /808/%EF%BB%BFhttp:/52-sell.com/9it/step-by-step-how-to-make-a-wand.html HTTP/1.1" 404 21366 "-" "Mozilla/5.0 AppleWebKit/537.36 (KHTML, like Gecko; compatible; GPTBot/1.2; +https://openai.com/gptbot)"
121.4.97.180 - - [26/Apr/2025:10:52:50 -0400] "GET / HTTP/1.1" 200 72544 "http://arsn.media" "Mozilla/5.0 (iPhone; CPU iPhone OS 13_2_3 like Mac OS X) AppleWebKit/605.1.15 (KHTML, like Gecko) Version/13.0.3 Mobile/15E148 Safari/604.1"
66.29.132.124 - - [26/Apr/2025:11:06:24 -0400] "POST /wp-cron.php?doing_wp_cron=1745679984.0700259208679199218750 HTTP/1.1" 200 0 "-" "WordPress/6.8; https://arsn.media"
66.29.132.124 - - [26/Apr/2025:11:06:26 -0400] "POST /wp-admin/admin-ajax.php?action=async_litespeed&nonce=JJtVIwEuHhFF7bZxbhsNxLfPmLqDGene&litespeed_type=imgoptm HTTP/1.1" 200 0 "-" "WordPress/6.8; https://arsn.media"
47.128.18.82 - - [26/Apr/2025:11:06:01 -0400] "GET /2024/10/21/how-to-create-effective-pest-control-ads-that-convert/ HTTP/1.1" 200 47899 "-" "Mozilla/5.0 (compatible; Bytespider; spider-feedback@bytedance.com) AppleWebKit/537.36 (KHTML, like Gecko) Chrome/70.0.0.0 Safari/537.36"
47.128.18.82 - - [26/Apr/2025:11:06:35 -0400] "GET /wp-content/plugins/primary-addon-for-elementor/assets/css/niche-frame.css?ver=1.2 HTTP/1.1" 200 1009 "https://arsn.media/2024/10/21/how-to-create-effective-pest-control-ads-that-convert/" "Mozilla/5.0 (compatible; Bytespider; spider-feedback@bytedance.com) AppleWebKit/537.36 (KHTML, like Gecko) Chrome/70.0.0.0 Safari/537.36"
47.128.18.82 - - [26/Apr/2025:11:06:35 -0400] "GET /wp-content/plugins/contact-form-7/includes/css/styles.css?ver=6.0.6 HTTP/1.1" 200 890 "https://arsn.media/2024/10/21/how-to-create-effective-pest-control-ads-that-convert/" "Mozilla/5.0 (compatible; Bytespider; spider-feedback@bytedance.com) AppleWebKit/537.36 (KHTML, like Gecko) Chrome/70.0.0.0 Safari/537.36"
47.128.18.82 - - [26/Apr/2025:11:06:35 -0400] "GET /wp-content/plugins/primary-addon-for-elementor/assets/css/animate.min.css?ver=3.7.2 HTTP/1.1" 200 4011 "https://arsn.media/2024/10/21/how-to-create-effective-pest-control-ads-that-convert/" "Mozilla/5.0 (compatible; Bytespider; spider-feedback@bytedance.com) AppleWebKit/537.36 (KHTML, like Gecko) Chrome/70.0.0.0 Safari/537.36"
47.128.18.82 - - [26/Apr/2025:11:06:35 -0400] "GET /wp-content/plugins/primary-addon-for-elementor/assets/css/themify-icons.min.css?ver=1.0.0 HTTP/1.1" 200 2620 "https://arsn.media/2024/10/21/how-to-create-effective-pest-control-ads-that-convert/" "Mozilla/5.0 (compatible; Bytespider; spider-feedback@bytedance.com) AppleWebKit/537.36 (KHTML, like Gecko) Chrome/70.0.0.0 Safari/537.36"
47.128.18.82 - - [26/Apr/2025:11:06:35 -0400] "GET /wp-content/plugins/primary-addon-for-elementor/assets/css/icofont.min.css?ver=1.0.1 HTTP/1.1" 200 1600 "https://arsn.media/2024/10/21/how-to-create-effective-pest-control-ads-that-convert/" "Mozilla/5.0 (compatible; Bytespider; spider-feedback@bytedance.com) AppleWebKit/537.36 (KHTML, like Gecko) Chrome/70.0.0.0 Safari/537.36"
47.128.18.82 - - [26/Apr/2025:11:06:35 -0400] "GET /wp-content/plugins/elementor/assets/lib/font-awesome/css/font-awesome.min.css?ver=4.7.0 HTTP/1.1" 200 6657 "https://arsn.media/2024/10/21/how-to-create-effective-pest-control-ads-that-convert/" "Mozilla/5.0 (compatible; Bytespider; spider-feedback@bytedance.com) AppleWebKit/537.36 (KHTML, like Gecko) Chrome/70.0.0.0 Safari/537.36"
47.128.18.82 - - [26/Apr/2025:11:06:35 -0400] "GET /wp-content/plugins/primary-addon-for-elementor/assets/css/hover-min.css?ver=2.3.2 HTTP/1.1" 200 6307 "https://arsn.media/2024/10/21/how-to-create-effective-pest-control-ads-that-convert/" "Mozilla/5.0 (compatible; Bytespider; spider-feedback@bytedance.com) AppleWebKit/537.36 (KHTML, like Gecko) Chrome/70.0.0.0 Safari/537.36"
47.128.18.82 - - [26/Apr/2025:11:06:35 -0400] "GET /wp-content/plugins/primary-addon-for-elementor/assets/css/linea.min.css?ver=1.0.0 HTTP/1.1" 200 5115 "https://arsn.media/2024/10/21/how-to-create-effective-pest-control-ads-that-convert/" "Mozilla/5.0 (compatible; Bytespider; spider-feedback@bytedance.com) AppleWebKit/537.36 (KHTML, like Gecko) Chrome/70.0.0.0 Safari/537.36"
