2.220.17.124 - - [26/Apr/2025:19:28:44 -0400] "GET /about-company/ HTTP/1.1" 304 0 "https://arsn.media/about-company/" "Mozilla/5.0 (iPhone; CPU iPhone OS 18_4_1 like Mac OS X) AppleWebKit/605.1.15 (KHTML, like Gecko) Version/18.4 Mobile/15E148 Safari/604.1"
185.191.171.1 - - [26/Apr/2025:19:28:44 -0400] "GET /robots.txt HTTP/1.1" 200 121 "-" "Mozilla/5.0 (compatible; SemrushBot/7~bl; +http://www.semrush.com/bot.html)"
2.220.17.124 - - [26/Apr/2025:19:28:44 -0400] "GET /wp-content/themes/onum/css/design-test.css?ver=6.8 HTTP/1.1" 404 39446 "https://arsn.media/about-company/" "Mozilla/5.0 (iPhone; CPU iPhone OS 18_4_1 like Mac OS X) AppleWebKit/605.1.15 (KHTML, like Gecko) Version/18.4 Mobile/15E148 Safari/604.1"
2.220.17.124 - - [26/Apr/2025:19:28:44 -0400] "GET /wp-content/uploads/elementor/css/post-11332.css?ver=1725365060 HTTP/1.1" 404 39217 "https://arsn.media/about-company/" "Mozilla/5.0 (iPhone; CPU iPhone OS 18_4_1 like Mac OS X) AppleWebKit/605.1.15 (KHTML, like Gecko) Version/18.4 Mobile/15E148 Safari/604.1"
2.220.17.124 - - [26/Apr/2025:19:28:44 -0400] "GET /wp-content/themes/onum/js/design-test.js HTTP/1.1" 404 39250 "https://arsn.media/about-company/" "Mozilla/5.0 (iPhone; CPU iPhone OS 18_4_1 like Mac OS X) AppleWebKit/605.1.15 (KHTML, like Gecko) Version/18.4 Mobile/15E148 Safari/604.1"
66.29.132.124 - - [26/Apr/2025:19:28:48 -0400] "POST /wp-cron.php?doing_wp_cron=1745710128.7125511169433593750000 HTTP/1.1" 200 0 "-" "WordPress/6.8; https://arsn.media"
185.191.171.12 - - [26/Apr/2025:19:28:45 -0400] "GET /2024/12/13/how-to-incorporate-your-branding-into-pest-control-flyer-templates/ HTTP/1.1" 200 75368 "-" "Mozilla/5.0 (compatible; SemrushBot/7~bl; +http://www.semrush.com/bot.html)"
66.29.132.124 - - [26/Apr/2025:19:28:49 -0400] "POST /wp-admin/admin-ajax.php?action=async_litespeed&nonce=27lhuICpigdJVUQfnmZeTDgK1n4ozRO7&litespeed_type=imgoptm HTTP/1.1" 200 0 "-" "WordPress/6.8; https://arsn.media"
4.227.36.11 - - [26/Apr/2025:19:32:38 -0400] "GET /robots.txt HTTP/1.1" 200 105 "-" "Mozilla/5.0 AppleWebKit/537.36 (KHTML, like Gecko; compatible; GPTBot/1.2; +https://openai.com/gptbot)"
66.29.132.124 - - [26/Apr/2025:19:32:43 -0400] "POST /wp-cron.php?doing_wp_cron=1745710363.2698600292205810546875 HTTP/1.1" 200 0 "-" "WordPress/6.8; https://arsn.media"
20.171.207.194 - - [26/Apr/2025:19:32:38 -0400] "GET /wp-json/elementskit/v1/ HTTP/1.1" 404 114 "-" "Mozilla/5.0 AppleWebKit/537.36 (KHTML, like Gecko; compatible; GPTBot/1.2; +https://openai.com/gptbot)"
66.29.132.124 - - [26/Apr/2025:19:32:44 -0400] "POST /wp-admin/admin-ajax.php?action=async_litespeed&nonce=jd1NapAUXGQcbHq0jpV0ETZrTz8vuLgg&litespeed_type=imgoptm HTTP/1.1" 200 0 "-" "WordPress/6.8; https://arsn.media"
20.171.207.194 - - [26/Apr/2025:19:32:44 -0400] "GET /wp-content/uploads/2020/10/404.png%20707w,%20https:/arsn.media/wp-content/uploads/2020/10/404-300x110.png%20300w HTTP/1.1" 404 31554 "-" "Mozilla/5.0 AppleWebKit/537.36 (KHTML, like Gecko; compatible; GPTBot/1.2; +https://openai.com/gptbot)"
66.29.132.124 - - [26/Apr/2025:19:32:45 -0400] "POST /wp-admin/admin-ajax.php?action=as_async_request_queue_runner&nonce=6887159dad HTTP/1.1" 200 0 "-" "WordPress/6.8; https://arsn.media"
20.171.207.194 - - [26/Apr/2025:19:32:47 -0400] "GET /wp-content/uploads/2020/09/ARSN-Final-Logos-scaled.jpg%202560w,%20https:/arsn.media/wp-content/uploads/2020/09/ARSN-Final-Logos-300x138.jpg%20300w,%20https:/arsn.media/wp-content/uploads/2020/09/ARSN-Final-Logos-1024x471.jpg%201024w,%20https:/arsn.media/ARSN-Final-Logos-768x353.jpg%20768w,%20https:/ARSN-Final-Logos-1536x706.jpg%201536w,%20https:/ARSN-Final-Logos-2048x942.jpg%202048w HTTP/1.1" 404 39630 "-" "Mozilla/5.0 AppleWebKit/537.36 (KHTML, like Gecko; compatible; GPTBot/1.2; +https://openai.com/gptbot)"
66.29.132.124 - - [26/Apr/2025:19:32:51 -0400] "POST /wp-cron.php?doing_wp_cron=1745710371.2034780979156494140625 HTTP/1.1" 200 0 "-" "WordPress/6.8; https://arsn.media"
20.171.207.194 - - [26/Apr/2025:19:32:50 -0400] "GET /wp-content/themes/onum/js/design-test.js HTTP/1.1" 404 39233 "-" "Mozilla/5.0 AppleWebKit/537.36 (KHTML, like Gecko; compatible; GPTBot/1.2; +https://openai.com/gptbot)"
20.171.207.194 - - [26/Apr/2025:19:32:53 -0400] "GET /wp-content/themes/onum/css/design-test.css?ver=6.7.2 HTTP/1.1" 404 39240 "-" "Mozilla/5.0 AppleWebKit/537.36 (KHTML, like Gecko; compatible; GPTBot/1.2; +https://openai.com/gptbot)"
20.171.207.194 - - [26/Apr/2025:19:35:05 -0400] "GET /wp-content/uploads/2020/10/404.png%20707w,%20https:/arsn.media/wp-content/uploads/2020/10/404-300x110.png%20300w HTTP/1.1" 404 39423 "-" "Mozilla/5.0 AppleWebKit/537.36 (KHTML, like Gecko; compatible; GPTBot/1.2; +https://openai.com/gptbot)"
20.171.207.194 - - [26/Apr/2025:19:35:08 -0400] "GET /wp-content/uploads/2020/09/ARSN-Final-Logos-scaled.jpg%202560w,%20https:/arsn.media/wp-content/uploads/2020/09/ARSN-Final-Logos-300x138.jpg%20300w,%20https:/arsn.media/wp-content/uploads/2020/09/ARSN-Final-Logos-1024x471.jpg%201024w,%20https:/arsn.media/ARSN-Final-Logos-768x353.jpg%20768w,%20https:/ARSN-Final-Logos-1536x706.jpg%201536w,%20https:/ARSN-Final-Logos-2048x942.jpg%202048w HTTP/1.1" 404 39630 "-" "Mozilla/5.0 AppleWebKit/537.36 (KHTML, like Gecko; compatible; GPTBot/1.2; +https://openai.com/gptbot)"
20.171.207.194 - - [26/Apr/2025:19:35:11 -0400] "GET /wp-content/themes/onum/css/design-test.css?ver=6.7.2 HTTP/1.1" 404 39240 "-" "Mozilla/5.0 AppleWebKit/537.36 (KHTML, like Gecko; compatible; GPTBot/1.2; +https://openai.com/gptbot)"
20.171.207.194 - - [26/Apr/2025:19:35:15 -0400] "GET /wp-content/themes/onum/js/design-test.js HTTP/1.1" 404 39233 "-" "Mozilla/5.0 AppleWebKit/537.36 (KHTML, like Gecko; compatible; GPTBot/1.2; +https://openai.com/gptbot)"
20.171.207.194 - - [26/Apr/2025:19:35:17 -0400] "GET /wp-json/elementskit/v1/ HTTP/1.1" 404 114 "-" "Mozilla/5.0 AppleWebKit/537.36 (KHTML, like Gecko; compatible; GPTBot/1.2; +https://openai.com/gptbot)"
20.171.207.194 - - [26/Apr/2025:19:35:51 -0400] "GET /wp-content/themes/onum/js/design-test.js HTTP/1.1" 404 39233 "-" "Mozilla/5.0 AppleWebKit/537.36 (KHTML, like Gecko; compatible; GPTBot/1.2; +https://openai.com/gptbot)"
20.171.207.194 - - [26/Apr/2025:19:35:54 -0400] "GET /wp-content/uploads/2020/09/ARSN-Final-Logos-scaled.jpg%202560w,%20https:/arsn.media/wp-content/uploads/2020/09/ARSN-Final-Logos-300x138.jpg%20300w,%20https:/arsn.media/wp-content/uploads/2020/09/ARSN-Final-Logos-1024x471.jpg%201024w,%20https:/arsn.media/ARSN-Final-Logos-768x353.jpg%20768w,%20https:/ARSN-Final-Logos-1536x706.jpg%201536w,%20https:/ARSN-Final-Logos-2048x942.jpg%202048w HTTP/1.1" 404 39630 "-" "Mozilla/5.0 AppleWebKit/537.36 (KHTML, like Gecko; compatible; GPTBot/1.2; +https://openai.com/gptbot)"
20.171.207.194 - - [26/Apr/2025:19:35:57 -0400] "GET /wp-content/uploads/2020/10/404.png%20707w,%20https:/arsn.media/wp-content/uploads/2020/10/404-300x110.png%20300w HTTP/1.1" 404 39423 "-" "Mozilla/5.0 AppleWebKit/537.36 (KHTML, like Gecko; compatible; GPTBot/1.2; +https://openai.com/gptbot)"
20.171.207.194 - - [26/Apr/2025:19:36:00 -0400] "GET /wp-json/elementskit/v1/ HTTP/1.1" 404 114 "-" "Mozilla/5.0 AppleWebKit/537.36 (KHTML, like Gecko; compatible; GPTBot/1.2; +https://openai.com/gptbot)"
20.171.207.194 - - [26/Apr/2025:19:36:04 -0400] "GET /wp-content/themes/onum/css/design-test.css?ver=6.7.2 HTTP/1.1" 404 39240 "-" "Mozilla/5.0 AppleWebKit/537.36 (KHTML, like Gecko; compatible; GPTBot/1.2; +https://openai.com/gptbot)"
66.29.132.124 - - [26/Apr/2025:19:37:39 -0400] "POST /wp-cron.php?doing_wp_cron=1745710659.6624150276184082031250 HTTP/1.1" 200 0 "-" "WordPress/6.8; https://arsn.media"
20.171.207.194 - - [26/Apr/2025:19:37:26 -0400] "GET /con= HTTP/1.1" 301 0 "-" "Mozilla/5.0 AppleWebKit/537.36 (KHTML, like Gecko; compatible; GPTBot/1.2; +https://openai.com/gptbot)"
20.171.207.194 - - [26/Apr/2025:19:37:40 -0400] "GET /contacts= HTTP/1.1" 301 0 "-" "Mozilla/5.0 AppleWebKit/537.36 (KHTML, like Gecko; compatible; GPTBot/1.2; +https://openai.com/gptbot)"
66.29.132.124 - - [26/Apr/2025:19:37:40 -0400] "POST /wp-admin/admin-ajax.php?action=async_litespeed&nonce=7YVQxRjx0UY6tfqplohXs5mxOwXC87QK&litespeed_type=imgoptm HTTP/1.1" 200 0 "-" "WordPress/6.8; https://arsn.media"
66.29.132.124 - - [26/Apr/2025:19:39:53 -0400] "POST /wp-cron.php?doing_wp_cron=1745710793.8406169414520263671875 HTTP/1.1" 200 0 "-" "WordPress/6.8; https://arsn.media"
66.29.132.124 - - [26/Apr/2025:19:39:55 -0400] "POST /wp-admin/admin-ajax.php?action=async_litespeed&nonce=1TOdgt4G6bFrXBPGHwG192QlxvqFzStA&litespeed_type=imgoptm HTTP/1.1" 200 0 "-" "WordPress/6.8; https://arsn.media"
66.249.74.3 - - [26/Apr/2025:19:39:49 -0400] "GET /808/11dpo-bfn-mumsnet.html HTTP/1.1" 404 39347 "-" "Mozilla/5.0 (Linux; Android 6.0.1; Nexus 5X Build/MMB29P) AppleWebKit/537.36 (KHTML, like Gecko) Chrome/135.0.7049.95 Mobile Safari/537.36 (compatible; GoogleOther)"
66.29.132.124 - - [26/Apr/2025:19:40:40 -0400] "POST /wp-cron.php?doing_wp_cron=1745710840.8423409461975097656250 HTTP/1.1" 200 0 "-" "WordPress/6.8; https://arsn.media"
20.171.207.194 - - [26/Apr/2025:19:40:40 -0400] "GET /conta= HTTP/1.1" 301 0 "-" "Mozilla/5.0 AppleWebKit/537.36 (KHTML, like Gecko; compatible; GPTBot/1.2; +https://openai.com/gptbot)"
66.29.132.124 - - [26/Apr/2025:19:40:41 -0400] "POST /wp-admin/admin-ajax.php?action=async_litespeed&nonce=dxtiGdpzSvqaXcSPBI0FO4aR2Qd1SIP0&litespeed_type=imgoptm HTTP/1.1" 200 21 "-" "WordPress/6.8; https://arsn.media"
40.77.167.116 - - [26/Apr/2025:19:40:54 -0400] "GET /wp-content/uploads/2025/01/7070.jpg HTTP/1.1" 200 567318 "-" "Mozilla/5.0 AppleWebKit/537.36 (KHTML, like Gecko; compatible; bingbot/2.0; +http://www.bing.com/bingbot.htm) Chrome/116.0.1938.76 Safari/537.36"
135.125.28.114 - - [26/Apr/2025:19:43:25 -0400] "GET /affordable-youtube-seo-agency/ HTTP/1.1" 200 71199 "-" "Mozilla/5.0 (X11; Linux x86_64) AppleWebKit/537.36 (KHTML, like Gecko) Chrome/39.0.2171.99 Safari/537.36"
66.29.132.124 - - [26/Apr/2025:19:45:51 -0400] "POST /wp-cron.php?doing_wp_cron=1745711151.3915469646453857421875 HTTP/1.1" 200 0 "-" "WordPress/6.8; https://arsn.media"
20.171.207.194 - - [26/Apr/2025:19:45:43 -0400] "GET /= HTTP/1.1" 404 39197 "-" "Mozilla/5.0 AppleWebKit/537.36 (KHTML, like Gecko; compatible; GPTBot/1.2; +https://openai.com/gptbot)"
66.29.132.124 - - [26/Apr/2025:19:45:53 -0400] "POST /wp-admin/admin-ajax.php?action=async_litespeed&nonce=76GDWFqHEpnUJlOiqmOXUWiEkbHUkFOQ&litespeed_type=imgoptm HTTP/1.1" 200 0 "-" "WordPress/6.8; https://arsn.media"
20.171.207.194 - - [26/Apr/2025:19:45:55 -0400] "GET /lp-ebook-marketing/ HTTP/1.1" 200 51087 "-" "Mozilla/5.0 AppleWebKit/537.36 (KHTML, like Gecko; compatible; GPTBot/1.2; +https://openai.com/gptbot)"
20.171.207.194 - - [26/Apr/2025:19:46:07 -0400] "GET /wp-content/uploads/2024/05/SEO.jpg HTTP/1.1" 200 107027 "-" "Mozilla/5.0 AppleWebKit/537.36 (KHTML, like Gecko; compatible; GPTBot/1.2; +https://openai.com/gptbot)"
20.171.207.194 - - [26/Apr/2025:19:46:17 -0400] "GET /wp-content/uploads/2024/04/award-01.png HTTP/1.1" 200 8544 "-" "Mozilla/5.0 AppleWebKit/537.36 (KHTML, like Gecko; compatible; GPTBot/1.2; +https://openai.com/gptbot)"
20.171.207.194 - - [26/Apr/2025:19:46:26 -0400] "GET /wp-content/uploads/2024/04/award-02.png HTTP/1.1" 200 9149 "-" "Mozilla/5.0 AppleWebKit/537.36 (KHTML, like Gecko; compatible; GPTBot/1.2; +https://openai.com/gptbot)"
20.171.207.194 - - [26/Apr/2025:19:46:35 -0400] "GET /wp-content/uploads/2024/05/admin-ajax.jpeg HTTP/1.1" 200 34466 "-" "Mozilla/5.0 AppleWebKit/537.36 (KHTML, like Gecko; compatible; GPTBot/1.2; +https://openai.com/gptbot)"
20.171.207.194 - - [26/Apr/2025:19:46:43 -0400] "GET /wp-content/uploads/elementor/thumbs/3-qo9r1puoj2vdhox74jhh3ajfgf53szrpqyazvgp37s.png HTTP/1.1" 200 103682 "-" "Mozilla/5.0 AppleWebKit/537.36 (KHTML, like Gecko; compatible; GPTBot/1.2; +https://openai.com/gptbot)"
20.171.207.194 - - [26/Apr/2025:19:46:49 -0400] "GET /wp-content/themes/onum/js/design-test.js HTTP/1.1" 404 39233 "-" "Mozilla/5.0 AppleWebKit/537.36 (KHTML, like Gecko; compatible; GPTBot/1.2; +https://openai.com/gptbot)"
20.171.207.194 - - [26/Apr/2025:19:46:56 -0400] "GET /wp-content/uploads/2024/05/Testimonial-1.jpg HTTP/1.1" 200 91246 "-" "Mozilla/5.0 AppleWebKit/537.36 (KHTML, like Gecko; compatible; GPTBot/1.2; +https://openai.com/gptbot)"
66.29.132.124 - - [26/Apr/2025:19:47:03 -0400] "POST /wp-cron.php?doing_wp_cron=1745711223.9129090309143066406250 HTTP/1.1" 200 0 "-" "WordPress/6.8; https://arsn.media"
20.171.207.194 - - [26/Apr/2025:19:47:02 -0400] "GET /?p=8473 HTTP/1.1" 301 0 "-" "Mozilla/5.0 AppleWebKit/537.36 (KHTML, like Gecko; compatible; GPTBot/1.2; +https://openai.com/gptbot)"
66.29.132.124 - - [26/Apr/2025:19:47:04 -0400] "POST /wp-admin/admin-ajax.php?action=async_litespeed&nonce=MHJSHpn4ouaC1Cb4LrQJp9E2xrYjts2d&litespeed_type=imgoptm HTTP/1.1" 200 0 "-" "WordPress/6.8; https://arsn.media"
66.29.132.124 - - [26/Apr/2025:19:47:05 -0400] "POST /wp-admin/admin-ajax.php?action=as_async_request_queue_runner&nonce=6887159dad HTTP/1.1" 200 0 "-" "WordPress/6.8; https://arsn.media"
20.171.207.194 - - [26/Apr/2025:19:47:08 -0400] "GET /wp-content/uploads/2024/05/SMM.jpg HTTP/1.1" 200 111082 "-" "Mozilla/5.0 AppleWebKit/537.36 (KHTML, like Gecko; compatible; GPTBot/1.2; +https://openai.com/gptbot)"
20.171.207.194 - - [26/Apr/2025:19:47:13 -0400] "GET /wp-content/uploads/2024/05/Google-Ads-1.jpg HTTP/1.1" 200 125429 "-" "Mozilla/5.0 AppleWebKit/537.36 (KHTML, like Gecko; compatible; GPTBot/1.2; +https://openai.com/gptbot)"
20.171.207.194 - - [26/Apr/2025:19:47:17 -0400] "GET /contac= HTTP/1.1" 301 0 "-" "Mozilla/5.0 AppleWebKit/537.36 (KHTML, like Gecko; compatible; GPTBot/1.2; +https://openai.com/gptbot)"
20.171.207.194 - - [26/Apr/2025:19:47:21 -0400] "GET /lp-ebook-marketing/?gtm_debug=1716514355742 HTTP/1.1" 200 51101 "-" "Mozilla/5.0 AppleWebKit/537.36 (KHTML, like Gecko; compatible; GPTBot/1.2; +https://openai.com/gptbot)"
20.171.207.194 - - [26/Apr/2025:19:47:25 -0400] "GET /contact= HTTP/1.1" 301 0 "-" "Mozilla/5.0 AppleWebKit/537.36 (KHTML, like Gecko; compatible; GPTBot/1.2; +https://openai.com/gptbot)"
20.171.207.194 - - [26/Apr/2025:19:47:28 -0400] "GET /wp-json/oembed/1.0/embed?url=https%3A%2F%2Farsn.media%2Flp-ebook-marketing%2F HTTP/1.1" 200 2705 "-" "Mozilla/5.0 AppleWebKit/537.36 (KHTML, like Gecko; compatible; GPTBot/1.2; +https://openai.com/gptbot)"
20.171.207.194 - - [26/Apr/2025:19:47:31 -0400] "GET /cont= HTTP/1.1" 301 0 "-" "Mozilla/5.0 AppleWebKit/537.36 (KHTML, like Gecko; compatible; GPTBot/1.2; +https://openai.com/gptbot)"
20.171.207.194 - - [26/Apr/2025:19:47:34 -0400] "GET /wp-json/elementskit/v1/ HTTP/1.1" 404 114 "-" "Mozilla/5.0 AppleWebKit/537.36 (KHTML, like Gecko; compatible; GPTBot/1.2; +https://openai.com/gptbot)"
66.29.132.124 - - [26/Apr/2025:19:47:37 -0400] "POST /wp-cron.php?doing_wp_cron=1745711257.3016970157623291015625 HTTP/1.1" 200 0 "-" "WordPress/6.8; https://arsn.media"
20.171.207.194 - - [26/Apr/2025:19:47:36 -0400] "GET /wp-json/wp/v2/pages/8473 HTTP/1.1" 200 167717 "-" "Mozilla/5.0 AppleWebKit/537.36 (KHTML, like Gecko; compatible; GPTBot/1.2; +https://openai.com/gptbot)"
66.29.132.124 - - [26/Apr/2025:19:47:38 -0400] "POST /wp-admin/admin-ajax.php?action=async_litespeed&nonce=WN8b9oyJ2m1iQkp8oSS6piy3hVHkmPp0&litespeed_type=imgoptm HTTP/1.1" 200 21 "-" "WordPress/6.8; https://arsn.media"
20.171.207.194 - - [26/Apr/2025:19:47:39 -0400] "GET /wp-json/oembed/1.0/embed?format=xml&url=https%3A%2F%2Farsn.media%2Flp-ebook-marketing%2F HTTP/1.1" 200 1288 "-" "Mozilla/5.0 AppleWebKit/537.36 (KHTML, like Gecko; compatible; GPTBot/1.2; +https://openai.com/gptbot)"
20.171.207.194 - - [26/Apr/2025:19:47:41 -0400] "GET /wp-content/uploads/elementor/css/post-8473.css?ver=1725740846 HTTP/1.1" 200 4599 "-" "Mozilla/5.0 AppleWebKit/537.36 (KHTML, like Gecko; compatible; GPTBot/1.2; +https://openai.com/gptbot)"
20.171.207.194 - - [26/Apr/2025:19:47:43 -0400] "GET /wp-content/themes/onum/js/design-test.js HTTP/1.1" 404 39233 "-" "Mozilla/5.0 AppleWebKit/537.36 (KHTML, like Gecko; compatible; GPTBot/1.2; +https://openai.com/gptbot)"
20.171.207.194 - - [26/Apr/2025:19:47:44 -0400] "GET /lp-ebook-marketing/embed/ HTTP/1.1" 200 6245 "-" "Mozilla/5.0 AppleWebKit/537.36 (KHTML, like Gecko; compatible; GPTBot/1.2; +https://openai.com/gptbot)"
20.171.207.194 - - [26/Apr/2025:19:47:46 -0400] "GET /wp-content/uploads/2024/05/Ebook-Publishing.jpg HTTP/1.1" 200 208178 "-" "Mozilla/5.0 AppleWebKit/537.36 (KHTML, like Gecko; compatible; GPTBot/1.2; +https://openai.com/gptbot)"
20.171.207.194 - - [26/Apr/2025:19:47:48 -0400] "GET /wp-content/uploads/2024/05/Ebook-publish.jpg HTTP/1.1" 200 190711 "-" "Mozilla/5.0 AppleWebKit/537.36 (KHTML, like Gecko; compatible; GPTBot/1.2; +https://openai.com/gptbot)"
20.171.207.194 - - [26/Apr/2025:19:47:49 -0400] "GET /wp-content/uploads/2023/11/cover-1.png HTTP/1.1" 200 387726 "-" "Mozilla/5.0 AppleWebKit/537.36 (KHTML, like Gecko; compatible; GPTBot/1.2; +https://openai.com/gptbot)"
20.171.207.194 - - [26/Apr/2025:19:47:50 -0400] "GET /wp-content/uploads/2024/05/Google-Ads-1-768x554.jpg HTTP/1.1" 200 58867 "-" "Mozilla/5.0 AppleWebKit/537.36 (KHTML, like Gecko; compatible; GPTBot/1.2; +https://openai.com/gptbot)"
20.171.207.194 - - [26/Apr/2025:19:47:52 -0400] "GET /wp-content/uploads/2024/05/Ebook-Publisher.jpg HTTP/1.1" 200 203031 "-" "Mozilla/5.0 AppleWebKit/537.36 (KHTML, like Gecko; compatible; GPTBot/1.2; +https://openai.com/gptbot)"
20.171.207.194 - - [26/Apr/2025:19:47:53 -0400] "GET /wp-content/uploads/2024/05/Ebook-writing.jpg HTTP/1.1" 200 202553 "-" "Mozilla/5.0 AppleWebKit/537.36 (KHTML, like Gecko; compatible; GPTBot/1.2; +https://openai.com/gptbot)"
20.171.207.194 - - [26/Apr/2025:19:47:54 -0400] "GET /wp-content/uploads/2024/04/2147845951-compressed.jpg HTTP/1.1" 200 146754 "-" "Mozilla/5.0 AppleWebKit/537.36 (KHTML, like Gecko; compatible; GPTBot/1.2; +https://openai.com/gptbot)"
20.171.207.194 - - [26/Apr/2025:19:47:55 -0400] "GET /wp-content/uploads/2024/05/Web-development.jpg HTTP/1.1" 200 189709 "-" "Mozilla/5.0 AppleWebKit/537.36 (KHTML, like Gecko; compatible; GPTBot/1.2; +https://openai.com/gptbot)"
20.171.207.194 - - [26/Apr/2025:19:49:07 -0400] "GET /= HTTP/1.1" 404 39197 "-" "Mozilla/5.0 AppleWebKit/537.36 (KHTML, like Gecko; compatible; GPTBot/1.2; +https://openai.com/gptbot)"
66.29.132.124 - - [26/Apr/2025:19:50:17 -0400] "POST /wp-cron.php?doing_wp_cron=1745711416.6899549961090087890625 HTTP/1.1" 200 0 "-" "WordPress/6.8; https://arsn.media"
20.171.207.194 - - [26/Apr/2025:19:50:11 -0400] "GET /pest-control-seo/ HTTP/1.1" 404 39475 "-" "Mozilla/5.0 AppleWebKit/537.36 (KHTML, like Gecko; compatible; GPTBot/1.2; +https://openai.com/gptbot)"
66.29.132.124 - - [26/Apr/2025:19:50:22 -0400] "POST /wp-admin/admin-ajax.php?action=async_litespeed&nonce=RwC1Nx0zNGILPyImK77vOuBqiD6ECxrZ&litespeed_type=imgoptm HTTP/1.1" 200 0 "-" "WordPress/6.8; https://arsn.media"
20.171.207.194 - - [26/Apr/2025:19:51:32 -0400] "GET /pest-control-seo/ HTTP/1.1" 404 39475 "-" "Mozilla/5.0 AppleWebKit/537.36 (KHTML, like Gecko; compatible; GPTBot/1.2; +https://openai.com/gptbot)"
66.29.132.124 - - [26/Apr/2025:19:52:03 -0400] "POST /wp-cron.php?doing_wp_cron=1745711523.1520850658416748046875 HTTP/1.1" 200 0 "-" "WordPress/6.8; https://arsn.media"
20.171.207.194 - - [26/Apr/2025:19:51:59 -0400] "GET /se= HTTP/1.1" 301 0 "-" "Mozilla/5.0 AppleWebKit/537.36 (KHTML, like Gecko; compatible; GPTBot/1.2; +https://openai.com/gptbot)"
66.29.132.124 - - [26/Apr/2025:19:52:04 -0400] "POST /wp-admin/admin-ajax.php?action=async_litespeed&nonce=lPWPfyD6gML1PrAdGm08O28TSUyANZCu&litespeed_type=imgoptm HTTP/1.1" 200 0 "-" "WordPress/6.8; https://arsn.media"
20.171.207.194 - - [26/Apr/2025:19:52:30 -0400] "GET /lp-ebook-marketing/?gtm_debug=1716514546321 HTTP/1.1" 200 51099 "-" "Mozilla/5.0 AppleWebKit/537.36 (KHTML, like Gecko; compatible; GPTBot/1.2; +https://openai.com/gptbot)"
20.171.207.194 - - [26/Apr/2025:19:52:34 -0400] "GET /wp-json/elementskit/v1/ HTTP/1.1" 404 114 "-" "Mozilla/5.0 AppleWebKit/537.36 (KHTML, like Gecko; compatible; GPTBot/1.2; +https://openai.com/gptbot)"
20.171.207.194 - - [26/Apr/2025:19:52:37 -0400] "GET /wp-content/themes/onum/js/design-test.js HTTP/1.1" 404 39233 "-" "Mozilla/5.0 AppleWebKit/537.36 (KHTML, like Gecko; compatible; GPTBot/1.2; +https://openai.com/gptbot)"
20.171.207.194 - - [26/Apr/2025:19:54:01 -0400] "GET /= HTTP/1.1" 404 39197 "-" "Mozilla/5.0 AppleWebKit/537.36 (KHTML, like Gecko; compatible; GPTBot/1.2; +https://openai.com/gptbot)"
66.29.132.124 - - [26/Apr/2025:19:54:22 -0400] "POST /wp-cron.php?doing_wp_cron=1745711662.3056519031524658203125 HTTP/1.1" 200 0 "-" "WordPress/6.8; https://arsn.media"
20.171.207.194 - - [26/Apr/2025:19:54:18 -0400] "GET /co= HTTP/1.1" 301 0 "-" "Mozilla/5.0 AppleWebKit/537.36 (KHTML, like Gecko; compatible; GPTBot/1.2; +https://openai.com/gptbot)"
66.29.132.124 - - [26/Apr/2025:19:54:23 -0400] "POST /wp-admin/admin-ajax.php?action=async_litespeed&nonce=5eSsCu3bSq5BUborlUFr8kPLbrdsYtnd&litespeed_type=imgoptm HTTP/1.1" 200 0 "-" "WordPress/6.8; https://arsn.media"
66.29.132.124 - - [26/Apr/2025:19:54:23 -0400] "POST /wp-admin/admin-ajax.php?action=as_async_request_queue_runner&nonce=6887159dad HTTP/1.1" 200 0 "-" "WordPress/6.8; https://arsn.media"
20.171.207.194 - - [26/Apr/2025:19:56:01 -0400] "GET /= HTTP/1.1" 404 39197 "-" "Mozilla/5.0 AppleWebKit/537.36 (KHTML, like Gecko; compatible; GPTBot/1.2; +https://openai.com/gptbot)"
20.171.207.194 - - [26/Apr/2025:19:56:57 -0400] "GET /pest-control-seo/ HTTP/1.1" 404 39475 "-" "Mozilla/5.0 AppleWebKit/537.36 (KHTML, like Gecko; compatible; GPTBot/1.2; +https://openai.com/gptbot)"
66.29.132.124 - - [26/Apr/2025:19:57:47 -0400] "POST /wp-cron.php?doing_wp_cron=1745711867.1083009243011474609375 HTTP/1.1" 200 0 "-" "WordPress/6.8; https://arsn.media"
20.171.207.194 - - [26/Apr/2025:19:57:43 -0400] "GET /contacts/= HTTP/1.1" 404 39240 "-" "Mozilla/5.0 AppleWebKit/537.36 (KHTML, like Gecko; compatible; GPTBot/1.2; +https://openai.com/gptbot)"
66.29.132.124 - - [26/Apr/2025:19:57:47 -0400] "POST /wp-admin/admin-ajax.php?action=async_litespeed&nonce=LSauBvuPkINcydzGPJZD8vE4PDgZEjjr&litespeed_type=imgoptm HTTP/1.1" 200 0 "-" "WordPress/6.8; https://arsn.media"
66.29.132.124 - - [26/Apr/2025:19:57:48 -0400] "POST /wp-admin/admin-ajax.php?action=as_async_request_queue_runner&nonce=6887159dad HTTP/1.1" 200 0 "-" "WordPress/6.8; https://arsn.media"
77.75.78.172 - - [26/Apr/2025:19:58:51 -0400] "GET /robots.txt HTTP/1.1" 200 121 "-" "Mozilla/5.0 (compatible; SeznamBot/4.0; +https://o-seznam.cz/napoveda/vyhledavani/en/seznambot-crawler/)"
77.75.78.172 - - [26/Apr/2025:19:58:51 -0400] "GET /ebook-marketing-services/ HTTP/1.1" 200 78863 "-" "Mozilla/5.0 (compatible; SeznamBot/4.0; +https://o-seznam.cz/napoveda/vyhledavani/en/seznambot-crawler/)"
196.251.87.240 - - [26/Apr/2025:19:59:00 -0400] "GET / HTTP/1.1" 200 639584 "-" "-"
66.29.132.124 - - [26/Apr/2025:19:59:01 -0400] "POST /wp-cron.php?doing_wp_cron=1745711941.8589279651641845703125 HTTP/1.1" 200 0 "-" "WordPress/6.8; https://arsn.media"
196.251.87.240 - - [26/Apr/2025:19:59:01 -0400] "GET /wp-admin/install.php HTTP/1.1" 200 1245 "-" "-"
196.251.87.240 - - [26/Apr/2025:19:59:02 -0400] "GET /wp-admin/setup-config.php HTTP/1.1" 409 2665 "-" "-"
66.29.132.124 - - [26/Apr/2025:20:01:20 -0400] "POST /wp-cron.php?doing_wp_cron=1745712080.7323100566864013671875 HTTP/1.1" 200 0 "-" "WordPress/6.8; https://arsn.media"
20.171.207.194 - - [26/Apr/2025:20:01:17 -0400] "GET /?page_id=10034&preview=true HTTP/1.1" 301 0 "-" "Mozilla/5.0 AppleWebKit/537.36 (KHTML, like Gecko; compatible; GPTBot/1.2; +https://openai.com/gptbot)"
66.29.132.124 - - [26/Apr/2025:20:01:21 -0400] "POST /wp-admin/admin-ajax.php?action=async_litespeed&nonce=gB91D9ZyFxUoWB33eRZdIMlTM4PIF7Ad&litespeed_type=imgoptm HTTP/1.1" 200 21 "-" "WordPress/6.8; https://arsn.media"
137.184.74.195 - - [26/Apr/2025:20:13:23 -0400] "GET / HTTP/1.1" 200 72544 "-" "Mozilla/5.0 (compatible)"
137.184.74.195 - - [26/Apr/2025:20:13:25 -0400] "GET /wp-content/uploads/2020/09/cropped-ARSN-PNG-32x32.png HTTP/1.1" 200 2003 "https://arsn.media/" "Mozilla/5.0 (compatible)"
66.29.132.124 - - [26/Apr/2025:20:21:12 -0400] "POST /wp-cron.php?doing_wp_cron=1745713271.9672169685363769531250 HTTP/1.1" 200 0 "-" "WordPress/6.8; https://arsn.media"
52.167.144.161 - - [26/Apr/2025:20:21:01 -0400] "GET /snw9shr/applinked-code-for-downloader.html HTTP/1.1" 301 0 "-" "Mozilla/5.0 (Windows NT 10.0; Win64; x64) AppleWebKit/537.36 (KHTML, like Gecko) Chrome/112.0.0.0 Safari/537.36 Edg/112.0.1722.68"
66.29.132.124 - - [26/Apr/2025:20:21:12 -0400] "POST /wp-admin/admin-ajax.php?action=async_litespeed&nonce=BrulaOvY6kwx60R9ZeH3YUDOUVXvDtyd&litespeed_type=imgoptm HTTP/1.1" 200 0 "-" "WordPress/6.8; https://arsn.media"
52.167.144.223 - - [26/Apr/2025:20:21:13 -0400] "GET /snw9shr/applinked-code-for-downloader.html HTTP/1.1" 404 39189 "-" "Mozilla/5.0 (Windows NT 10.0; Win64; x64) AppleWebKit/537.36 (KHTML, like Gecko) Chrome/112.0.0.0 Safari/537.36 Edg/112.0.1722.68"
66.29.132.124 - - [26/Apr/2025:20:22:18 -0400] "POST /wp-cron.php?doing_wp_cron=1745713338.1044828891754150390625 HTTP/1.1" 200 0 "-" "WordPress/6.8; https://arsn.media"
52.167.144.159 - - [26/Apr/2025:20:22:17 -0400] "GET /sitemap_index.xml HTTP/1.1" 200 273 "-" "Mozilla/5.0 AppleWebKit/537.36 (KHTML, like Gecko; compatible; bingbot/2.0; +http://www.bing.com/bingbot.htm) Chrome/116.0.1938.76 Safari/537.36"
66.29.132.124 - - [26/Apr/2025:20:22:18 -0400] "POST /wp-admin/admin-ajax.php?action=async_litespeed&nonce=QQJF6hcyRsBNQ1lFRM4bdBU3Q1uYpI3z&litespeed_type=imgoptm HTTP/1.1" 200 0 "-" "WordPress/6.8; https://arsn.media"
66.29.132.124 - - [26/Apr/2025:20:22:19 -0400] "POST /wp-admin/admin-ajax.php?action=as_async_request_queue_runner&nonce=5a6adbe56e HTTP/1.1" 200 0 "-" "WordPress/6.8; https://arsn.media"
66.29.132.124 - - [26/Apr/2025:20:25:50 -0400] "POST /wp-cron.php?doing_wp_cron=1745713550.6933929920196533203125 HTTP/1.1" 200 0 "-" "WordPress/6.8; https://arsn.media"
47.79.197.93 - - [26/Apr/2025:20:25:45 -0400] "GET /ecommerce-search-engine-optimization-services HTTP/1.1" 301 0 "https://www.google.com/" "Mozilla/5.0 (Linux; Android 10; K) AppleWebKit/537.36 (KHTML, like Gecko) Chrome/132.0.0.0 Mobile Safari/537.36"
66.29.132.124 - - [26/Apr/2025:20:25:51 -0400] "POST /wp-admin/admin-ajax.php?action=async_litespeed&nonce=4gAl8sIbeSJvUedJVWfBKd81859BaFti&litespeed_type=imgoptm HTTP/1.1" 200 0 "-" "WordPress/6.8; https://arsn.media"
66.29.132.124 - - [26/Apr/2025:20:25:52 -0400] "POST /wp-admin/admin-ajax.php?action=as_async_request_queue_runner&nonce=5a6adbe56e HTTP/1.1" 200 0 "-" "WordPress/6.8; https://arsn.media"
47.79.197.93 - - [26/Apr/2025:20:25:51 -0400] "GET /ecommerce-search-engine-optimization-services/ HTTP/1.1" 200 83322 "https://www.google.com/" "Mozilla/5.0 (Linux; Android 10; K) AppleWebKit/537.36 (KHTML, like Gecko) Chrome/132.0.0.0 Mobile Safari/537.36"
196.251.81.142 - - [26/Apr/2025:20:27:47 -0400] "GET / HTTP/1.1" 200 639584 "-" "Mozlila/5.0 (Linux; Android 7.0; SM-G892A Bulid/NRD90M; wv) AppleWebKit/537.36 (KHTML, like Gecko) Version/4.0 Chrome/60.0.3112.107 Moblie Safari/537.36"
66.29.132.124 - - [26/Apr/2025:20:27:50 -0400] "POST /wp-cron.php?doing_wp_cron=1745713670.5673890113830566406250 HTTP/1.1" 200 0 "-" "WordPress/6.8; https://arsn.media"
196.251.81.142 - - [26/Apr/2025:20:27:47 -0400] "GET /wp-content/plugins/dzs-zoomsounds/savepng.php?location=1877.php HTTP/1.1" 404 568203 "-" "Mozilla/5.0 (Windows NT 10.0; Win64; x64) AppleWebKit/537.36 (KHTML, like Gecko) Chrome/85.0.4183.102 Safari/537.36"
66.29.132.124 - - [26/Apr/2025:20:27:51 -0400] "POST /wp-admin/admin-ajax.php?action=async_litespeed&nonce=xsVl7G1Ob6nz4q216OCSix538EKzY9Pg&litespeed_type=imgoptm HTTP/1.1" 200 0 "-" "WordPress/6.8; https://arsn.media"
66.29.132.124 - - [26/Apr/2025:20:27:51 -0400] "POST /wp-admin/admin-ajax.php?action=as_async_request_queue_runner&nonce=5a6adbe56e HTTP/1.1" 200 0 "-" "WordPress/6.8; https://arsn.media"
196.251.81.142 - - [26/Apr/2025:20:27:54 -0400] "GET / HTTP/1.1" 200 639584 "-" "Mozlila/5.0 (Linux; Android 7.0; SM-G892A Bulid/NRD90M; wv) AppleWebKit/537.36 (KHTML, like Gecko) Version/4.0 Chrome/60.0.3112.107 Moblie Safari/537.36"
196.251.81.142 - - [26/Apr/2025:20:27:54 -0400] "GET /wp-content/plugins/dzs-zoomsounds/savepng.php?location=1877.php HTTP/1.1" 404 568203 "-" "Mozilla/5.0 (Windows NT 10.0; Win64; x64) AppleWebKit/537.36 (KHTML, like Gecko) Chrome/85.0.4183.102 Safari/537.36"
196.251.81.142 - - [26/Apr/2025:20:27:57 -0400] "POST /wp-plain.php HTTP/1.1" 404 565295 "www.google.com" "Mozilla/5.0 (Linux; Android 7.0; SM-G892A Bulid/NRD90M; wv) AppleWebKit/537.36 (KHTML, like Gecko) Version/4.0 Chrome/60.0.3112.107 Moblie Safari/537.36"
196.251.81.142 - - [26/Apr/2025:20:27:57 -0400] "GET /wp-content/themes/seotheme/db.php?u HTTP/1.1" 404 566681 "www.google.com" "Mozlila/5.0 (Linux; Android 7.0; SM-G892A Bulid/NRD90M; wv) AppleWebKit/537.36 (KHTML, like Gecko) Version/4.0 Chrome/60.0.3112.107 Moblie Safari/537.36"
196.251.81.142 - - [26/Apr/2025:20:28:02 -0400] "GET /wp-content/plugins/dzs-zoomsounds/savepng.php?location=1877.php HTTP/1.1" 404 568203 "-" "Mozilla/5.0 (Windows NT 10.0; Win64; x64) AppleWebKit/537.36 (KHTML, like Gecko) Chrome/85.0.4183.102 Safari/537.36"
196.251.81.142 - - [26/Apr/2025:20:28:02 -0400] "GET / HTTP/1.1" 200 639584 "-" "Mozlila/5.0 (Linux; Android 7.0; SM-G892A Bulid/NRD90M; wv) AppleWebKit/537.36 (KHTML, like Gecko) Version/4.0 Chrome/60.0.3112.107 Moblie Safari/537.36"
196.251.81.142 - - [26/Apr/2025:20:28:03 -0400] "GET /wp-content/themes/seotheme/db.php?u HTTP/1.1" 404 566681 "www.google.com" "Mozlila/5.0 (Linux; Android 7.0; SM-G892A Bulid/NRD90M; wv) AppleWebKit/537.36 (KHTML, like Gecko) Version/4.0 Chrome/60.0.3112.107 Moblie Safari/537.36"
196.251.81.142 - - [26/Apr/2025:20:28:08 -0400] "GET /wp-content/plugins/dzs-zoomsounds/savepng.php?location=1877.php HTTP/1.1" 404 568203 "-" "Mozilla/5.0 (Windows NT 10.0; Win64; x64) AppleWebKit/537.36 (KHTML, like Gecko) Chrome/85.0.4183.102 Safari/537.36"
196.251.81.142 - - [26/Apr/2025:20:28:09 -0400] "GET /wp-content/themes/seotheme/db.php?u HTTP/1.1" 404 566681 "www.google.com" "Mozlila/5.0 (Linux; Android 7.0; SM-G892A Bulid/NRD90M; wv) AppleWebKit/537.36 (KHTML, like Gecko) Version/4.0 Chrome/60.0.3112.107 Moblie Safari/537.36"
196.251.81.142 - - [26/Apr/2025:20:28:14 -0400] "GET /wp-content/plugins/dzs-zoomsounds/savepng.php?location=1877.php HTTP/1.1" 404 568203 "-" "Mozilla/5.0 (Windows NT 10.0; Win64; x64) AppleWebKit/537.36 (KHTML, like Gecko) Chrome/85.0.4183.102 Safari/537.36"
196.251.81.142 - - [26/Apr/2025:20:28:15 -0400] "GET /wp-content/themes/seotheme/db.php?u HTTP/1.1" 404 566681 "www.google.com" "Mozlila/5.0 (Linux; Android 7.0; SM-G892A Bulid/NRD90M; wv) AppleWebKit/537.36 (KHTML, like Gecko) Version/4.0 Chrome/60.0.3112.107 Moblie Safari/537.36"
196.251.81.142 - - [26/Apr/2025:20:28:20 -0400] "GET /wp-content/themes/seotheme/db.php?u HTTP/1.1" 404 566681 "www.google.com" "Mozlila/5.0 (Linux; Android 7.0; SM-G892A Bulid/NRD90M; wv) AppleWebKit/537.36 (KHTML, like Gecko) Version/4.0 Chrome/60.0.3112.107 Moblie Safari/537.36"
66.29.132.124 - - [26/Apr/2025:20:30:14 -0400] "POST /wp-cron.php?doing_wp_cron=1745713813.9398250579833984375000 HTTP/1.1" 200 0 "-" "WordPress/6.8; https://arsn.media"
43.153.96.79 - - [26/Apr/2025:20:30:09 -0400] "GET / HTTP/1.1" 301 0 "http://www.arsn.media" "Mozilla/5.0 (iPhone; CPU iPhone OS 13_2_3 like Mac OS X) AppleWebKit/605.1.15 (KHTML, like Gecko) Version/13.0.3 Mobile/15E148 Safari/604.1"
43.153.96.79 - - [26/Apr/2025:20:30:15 -0400] "GET / HTTP/1.1" 200 72544 "https://www.arsn.media/" "Mozilla/5.0 (iPhone; CPU iPhone OS 13_2_3 like Mac OS X) AppleWebKit/605.1.15 (KHTML, like Gecko) Version/13.0.3 Mobile/15E148 Safari/604.1"
66.29.132.124 - - [26/Apr/2025:20:30:15 -0400] "POST /wp-admin/admin-ajax.php?action=async_litespeed&nonce=2TEoluS86q8wzGDJoN8gFZcfg2ylcNbh&litespeed_type=imgoptm HTTP/1.1" 200 0 "-" "WordPress/6.8; https://arsn.media"
66.29.132.124 - - [26/Apr/2025:20:35:23 -0400] "POST /wp-cron.php?doing_wp_cron=1745714123.5201499462127685546875 HTTP/1.1" 200 0 "-" "WordPress/6.8; https://arsn.media"
66.29.132.124 - - [26/Apr/2025:20:35:23 -0400] "POST /wp-admin/admin-ajax.php?action=async_litespeed&nonce=aEoBCO2oclHJlXqQGMl0biquXOtaGfVh&litespeed_type=imgoptm HTTP/1.1" 200 0 "-" "WordPress/6.8; https://arsn.media"
66.249.74.3 - - [26/Apr/2025:20:35:16 -0400] "GET /808/common-things-that-weigh-30-pounds.html HTTP/1.1" 404 39334 "-" "Mozilla/5.0 (Linux; Android 6.0.1; Nexus 5X Build/MMB29P) AppleWebKit/537.36 (KHTML, like Gecko) Chrome/135.0.7049.95 Mobile Safari/537.36 (compatible; GoogleOther)"
66.29.132.124 - - [26/Apr/2025:20:35:24 -0400] "POST /wp-admin/admin-ajax.php?action=as_async_request_queue_runner&nonce=5a6adbe56e HTTP/1.1" 200 0 "-" "WordPress/6.8; https://arsn.media"
66.29.132.124 - - [26/Apr/2025:20:40:47 -0400] "POST /wp-cron.php?doing_wp_cron=1745714447.6217150688171386718750 HTTP/1.1" 200 0 "-" "WordPress/6.8; https://arsn.media"
124.222.142.44 - - [26/Apr/2025:20:40:39 -0400] "GET / HTTP/1.1" 301 0 "http://www.arsn.media" "Mozilla/5.0 (iPhone; CPU iPhone OS 13_2_3 like Mac OS X) AppleWebKit/605.1.15 (KHTML, like Gecko) Version/13.0.3 Mobile/15E148 Safari/604.1"
66.29.132.124 - - [26/Apr/2025:20:40:48 -0400] "POST /wp-admin/admin-ajax.php?action=async_litespeed&nonce=jTRMx7x789XfYPhnBuTsJxYjRhG1TSDV&litespeed_type=imgoptm HTTP/1.1" 200 0 "-" "WordPress/6.8; https://arsn.media"
124.222.142.44 - - [26/Apr/2025:20:40:54 -0400] "GET / HTTP/1.1" 200 72544 "https://www.arsn.media/" "Mozilla/5.0 (iPhone; CPU iPhone OS 13_2_3 like Mac OS X) AppleWebKit/605.1.15 (KHTML, like Gecko) Version/13.0.3 Mobile/15E148 Safari/604.1"
66.29.132.124 - - [26/Apr/2025:20:45:16 -0400] "POST /wp-cron.php?doing_wp_cron=1745714716.6683769226074218750000 HTTP/1.1" 200 0 "-" "WordPress/6.8; https://arsn.media"
66.29.132.124 - - [26/Apr/2025:20:45:17 -0400] "POST /wp-admin/admin-ajax.php?action=async_litespeed&nonce=3V27qW4f09sFNC7Kmn7k7NfjMSqPJwVY&litespeed_type=imgoptm HTTP/1.1" 200 21 "-" "WordPress/6.8; https://arsn.media"
43.157.142.101 - - [26/Apr/2025:20:45:12 -0400] "GET /ebook-marketing-services/ HTTP/1.1" 200 78950 "-" "Mozilla/5.0 (iPhone; CPU iPhone OS 13_2_3 like Mac OS X) AppleWebKit/605.1.15 (KHTML, like Gecko) Version/13.0.3 Mobile/15E148 Safari/604.1"
20.171.207.194 - - [26/Apr/2025:20:47:30 -0400] "GET /contacts/= HTTP/1.1" 404 39240 "-" "Mozilla/5.0 AppleWebKit/537.36 (KHTML, like Gecko; compatible; GPTBot/1.2; +https://openai.com/gptbot)"
66.29.132.124 - - [26/Apr/2025:20:47:55 -0400] "POST /wp-cron.php?doing_wp_cron=1745714875.1708290576934814453125 HTTP/1.1" 200 0 "-" "WordPress/6.8; https://arsn.media"
20.171.207.194 - - [26/Apr/2025:20:47:51 -0400] "GET /= HTTP/1.1" 404 39246 "-" "Mozilla/5.0 AppleWebKit/537.36 (KHTML, like Gecko; compatible; GPTBot/1.2; +https://openai.com/gptbot)"
66.29.132.124 - - [26/Apr/2025:20:47:55 -0400] "POST /wp-admin/admin-ajax.php?action=async_litespeed&nonce=3XY8GWis2RSmDYXNjYUh5kWOEDaOVeNa&litespeed_type=imgoptm HTTP/1.1" 200 0 "-" "WordPress/6.8; https://arsn.media"
66.29.132.124 - - [26/Apr/2025:20:47:56 -0400] "POST /wp-admin/admin-ajax.php?action=as_async_request_queue_runner&nonce=5a6adbe56e HTTP/1.1" 200 0 "-" "WordPress/6.8; https://arsn.media"
20.171.207.194 - - [26/Apr/2025:20:52:05 -0400] "GET /= HTTP/1.1" 404 39246 "-" "Mozilla/5.0 AppleWebKit/537.36 (KHTML, like Gecko; compatible; GPTBot/1.2; +https://openai.com/gptbot)"
66.29.132.124 - - [26/Apr/2025:20:56:00 -0400] "POST /wp-cron.php?doing_wp_cron=1745715360.4197540283203125000000 HTTP/1.1" 200 0 "-" "WordPress/6.8; https://arsn.media"
66.29.132.124 - - [26/Apr/2025:20:56:00 -0400] "POST /wp-admin/admin-ajax.php?action=async_litespeed&nonce=292gmG4XrNfGb1Z4LLSblTivovQlmqcB&litespeed_type=imgoptm HTTP/1.1" 200 0 "-" "WordPress/6.8; https://arsn.media"
43.153.113.127 - - [26/Apr/2025:20:55:57 -0400] "GET /shopify-seo-services/ HTTP/1.1" 200 83779 "-" "Mozilla/5.0 (iPhone; CPU iPhone OS 13_2_3 like Mac OS X) AppleWebKit/605.1.15 (KHTML, like Gecko) Version/13.0.3 Mobile/15E148 Safari/604.1"
66.29.132.124 - - [26/Apr/2025:20:56:01 -0400] "POST /wp-admin/admin-ajax.php?action=as_async_request_queue_runner&nonce=5a6adbe56e HTTP/1.1" 200 0 "-" "WordPress/6.8; https://arsn.media"
20.171.207.194 - - [26/Apr/2025:21:02:15 -0400] "GET /= HTTP/1.1" 404 39246 "-" "Mozilla/5.0 AppleWebKit/537.36 (KHTML, like Gecko; compatible; GPTBot/1.2; +https://openai.com/gptbot)"
4.227.36.11 - - [26/Apr/2025:21:03:24 -0400] "GET /robots.txt HTTP/1.1" 200 105 "http://arsn.media/robots.txt" "Mozilla/5.0 AppleWebKit/537.36 (KHTML, like Gecko; compatible; GPTBot/1.2; +https://openai.com/gptbot)"
4.227.36.46 - - [26/Apr/2025:21:03:30 -0400] "GET /robots.txt HTTP/1.1" 301 0 "-" "Mozilla/5.0 AppleWebKit/537.36 (KHTML, like Gecko; compatible; GPTBot/1.2; +https://openai.com/gptbot)"
4.227.36.46 - - [26/Apr/2025:21:03:30 -0400] "GET /robots.txt HTTP/1.1" 200 105 "https://www.arsn.media/robots.txt" "Mozilla/5.0 AppleWebKit/537.36 (KHTML, like Gecko; compatible; GPTBot/1.2; +https://openai.com/gptbot)"
66.29.132.124 - - [26/Apr/2025:21:03:33 -0400] "POST /wp-cron.php?doing_wp_cron=1745715813.1225481033325195312500 HTTP/1.1" 200 0 "-" "WordPress/6.8; https://arsn.media"
20.171.207.20 - - [26/Apr/2025:21:03:30 -0400] "GET / HTTP/1.1" 301 0 "-" "Mozilla/5.0 AppleWebKit/537.36 (KHTML, like Gecko; compatible; GPTBot/1.2; +https://openai.com/gptbot)"
66.29.132.124 - - [26/Apr/2025:21:03:33 -0400] "POST /wp-admin/admin-ajax.php?action=async_litespeed&nonce=ULXyjwmZIUy9T7S20iYtNta7OhG2iItI&litespeed_type=imgoptm HTTP/1.1" 200 0 "-" "WordPress/6.8; https://arsn.media"
66.29.132.124 - - [26/Apr/2025:21:03:34 -0400] "POST /wp-admin/admin-ajax.php?action=as_async_request_queue_runner&nonce=5a6adbe56e HTTP/1.1" 200 0 "-" "WordPress/6.8; https://arsn.media"
66.29.132.124 - - [26/Apr/2025:21:03:36 -0400] "POST /wp-cron.php?doing_wp_cron=1745715816.1581768989562988281250 HTTP/1.1" 200 0 "-" "WordPress/6.8; https://arsn.media"
66.29.132.124 - - [26/Apr/2025:21:03:36 -0400] "POST /wp-admin/admin-ajax.php?action=async_litespeed&nonce=PfvXzks5F6vvV2TKiV62adObnZaguE0g&litespeed_type=imgoptm HTTP/1.1" 200 21 "-" "WordPress/6.8; https://arsn.media"
20.171.207.194 - - [26/Apr/2025:21:03:35 -0400] "GET /unsubscribe?email=info%40arsn.media HTTP/1.1" 404 39377 "-" "Mozilla/5.0 AppleWebKit/537.36 (KHTML, like Gecko; compatible; GPTBot/1.2; +https://openai.com/gptbot)"
66.29.132.124 - - [26/Apr/2025:21:04:12 -0400] "POST /wp-cron.php?doing_wp_cron=1745715852.7282590866088867187500 HTTP/1.1" 200 0 "-" "WordPress/6.8; https://arsn.media"
20.171.207.194 - - [26/Apr/2025:21:04:12 -0400] "GET /2024/10/24/how-to-=use-targeted-advertising-to-reach-your-ideal-pest-control-customers/ HTTP/1.1" 200 49253 "-" "Mozilla/5.0 AppleWebKit/537.36 (KHTML, like Gecko; compatible; GPTBot/1.2; +https://openai.com/gptbot)"
20.171.207.194 - - [26/Apr/2025:21:04:14 -0400] "GET /2024/10/24/how-t=o-use-targeted-advertising-to-reach-your-ideal-pest-control-customers/ HTTP/1.1" 200 49332 "-" "Mozilla/5.0 AppleWebKit/537.36 (KHTML, like Gecko; compatible; GPTBot/1.2; +https://openai.com/gptbot)"
43.135.145.77 - - [26/Apr/2025:21:04:17 -0400] "GET / HTTP/1.1" 200 72544 "http://arsn.media" "Mozilla/5.0 (iPhone; CPU iPhone OS 13_2_3 like Mac OS X) AppleWebKit/605.1.15 (KHTML, like Gecko) Version/13.0.3 Mobile/15E148 Safari/604.1"
20.171.207.194 - - [26/Apr/2025:21:04:17 -0400] "GET /?p=12625 HTTP/1.1" 301 0 "-" "Mozilla/5.0 AppleWebKit/537.36 (KHTML, like Gecko; compatible; GPTBot/1.2; +https://openai.com/gptbot)"
20.171.207.194 - - [26/Apr/2025:21:04:19 -0400] "GET /xmlrpc.php HTTP/1.1" 405 46 "-" "Mozilla/5.0 AppleWebKit/537.36 (KHTML, like Gecko; compatible; GPTBot/1.2; +https://openai.com/gptbot)"
20.171.207.194 - - [26/Apr/2025:21:04:22 -0400] "GET /wp-content/themes/onum/js/design-test.js HTTP/1.1" 404 39276 "-" "Mozilla/5.0 AppleWebKit/537.36 (KHTML, like Gecko; compatible; GPTBot/1.2; +https://openai.com/gptbot)"
20.171.207.194 - - [26/Apr/2025:21:04:24 -0400] "GET /wp-admin/admin-ajax.php?action=process_simple_like&disabled=true&is_comment=0&nonce=1882077ea1&post_id=12625 HTTP/1.1" 302 0 "-" "Mozilla/5.0 AppleWebKit/537.36 (KHTML, like Gecko; compatible; GPTBot/1.2; +https://openai.com/gptbot)"
20.171.207.194 - - [26/Apr/2025:21:04:26 -0400] "GET /wp-json/elementskit/v1/ HTTP/1.1" 404 114 "-" "Mozilla/5.0 AppleWebKit/537.36 (KHTML, like Gecko; compatible; GPTBot/1.2; +https://openai.com/gptbot)"
20.171.207.194 - - [26/Apr/2025:21:04:28 -0400] "GET /2024/10/24/how-to-=use-targeted-advertising-to-reach-your-ideal-pest-control-customers%2F HTTP/1.1" 404 39332 "-" "Mozilla/5.0 AppleWebKit/537.36 (KHTML, like Gecko; compatible; GPTBot/1.2; +https://openai.com/gptbot)"
20.171.207.194 - - [26/Apr/2025:21:04:30 -0400] "GET /2024/10/24/how-t=o-use-targeted-advertising-to-reach-your-ideal-pest-control-customers%2F HTTP/1.1" 404 39383 "-" "Mozilla/5.0 AppleWebKit/537.36 (KHTML, like Gecko; compatible; GPTBot/1.2; +https://openai.com/gptbot)"
20.171.207.194 - - [26/Apr/2025:21:04:32 -0400] "GET /2024/10/24/how-to-use-targeted-advertising-to-reach-you= HTTP/1.1" 301 0 "-" "Mozilla/5.0 AppleWebKit/537.36 (KHTML, like Gecko; compatible; GPTBot/1.2; +https://openai.com/gptbot)"
20.171.207.194 - - [26/Apr/2025:21:04:34 -0400] "GET /2024/10/24/how-to-=use-targeted-advertising-to-reach-your-ideal-pest-control-customers%2F HTTP/1.1" 404 39332 "-" "Mozilla/5.0 AppleWebKit/537.36 (KHTML, like Gecko; compatible; GPTBot/1.2; +https://openai.com/gptbot)"
77.75.78.172 - - [26/Apr/2025:21:05:01 -0400] "GET /blog/page/5/ HTTP/1.1" 200 64022 "-" "Mozilla/5.0 (compatible; SeznamBot/4.0; +https://o-seznam.cz/napoveda/vyhledavani/en/seznambot-crawler/)"
170.106.35.153 - - [26/Apr/2025:21:05:58 -0400] "GET / HTTP/1.1" 200 72544 "-" "Mozilla/5.0 (iPhone; CPU iPhone OS 13_2_3 like Mac OS X) AppleWebKit/605.1.15 (KHTML, like Gecko) Version/13.0.3 Mobile/15E148 Safari/604.1"
40.77.167.65 - - [26/Apr/2025:21:13:32 -0400] "GET /wp-content/uploads/2025/01/7070.jpg HTTP/1.1" 200 567318 "-" "Mozilla/5.0 AppleWebKit/537.36 (KHTML, like Gecko; compatible; bingbot/2.0; +http://www.bing.com/bingbot.htm) Chrome/116.0.1938.76 Safari/537.36"
66.29.132.124 - - [26/Apr/2025:21:19:12 -0400] "POST /wp-cron.php?doing_wp_cron=1745716752.1883029937744140625000 HTTP/1.1" 200 0 "-" "WordPress/6.8; https://arsn.media"
43.166.253.94 - - [26/Apr/2025:21:19:02 -0400] "GET /wp-json/oembed/1.0/embed?url=https%3A%2F%2Farsn.media%2F HTTP/1.1" 200 2391 "-" "Mozilla/5.0 (iPhone; CPU iPhone OS 13_2_3 like Mac OS X) AppleWebKit/605.1.15 (KHTML, like Gecko) Version/13.0.3 Mobile/15E148 Safari/604.1"
66.29.132.124 - - [26/Apr/2025:21:19:12 -0400] "POST /wp-admin/admin-ajax.php?action=async_litespeed&nonce=QutRU1bxReu7VNnVeAfGh41UJdnubmQE&litespeed_type=imgoptm HTTP/1.1" 200 0 "-" "WordPress/6.8; https://arsn.media"
43.166.238.12 - - [26/Apr/2025:21:26:45 -0400] "GET /wp-content/fonts/roboto/KFOMCnqEu92Fr1ME7kSn66aGLdTylUAMQXC89YmC2DPNWubEbVmQiArmlw.woff2 HTTP/1.1" 200 11840 "-" "Mozilla/5.0 (iPhone; CPU iPhone OS 13_2_3 like Mac OS X) AppleWebKit/605.1.15 (KHTML, like Gecko) Version/13.0.3 Mobile/15E148 Safari/604.1"
66.29.132.124 - - [26/Apr/2025:21:41:14 -0400] "POST /wp-cron.php?doing_wp_cron=1745718074.2374920845031738281250 HTTP/1.1" 200 0 "-" "WordPress/6.8; https://arsn.media"
66.29.132.124 - - [26/Apr/2025:21:41:15 -0400] "POST /wp-admin/admin-ajax.php?action=async_litespeed&nonce=ulv8Z7xNqrYhoK55LGqopVnljWqORML0&litespeed_type=imgoptm HTTP/1.1" 200 0 "-" "WordPress/6.8; https://arsn.media"
43.165.65.75 - - [26/Apr/2025:21:41:01 -0400] "GET /?s= HTTP/1.1" 200 63291 "-" "Mozilla/5.0 (iPhone; CPU iPhone OS 13_2_3 like Mac OS X) AppleWebKit/605.1.15 (KHTML, like Gecko) Version/13.0.3 Mobile/15E148 Safari/604.1"
66.29.132.124 - - [26/Apr/2025:21:46:24 -0400] "POST /wp-cron.php?doing_wp_cron=1745718384.0441160202026367187500 HTTP/1.1" 200 0 "-" "WordPress/6.8; https://arsn.media"
51.68.11.195 - - [26/Apr/2025:21:46:20 -0400] "POST /xmlrpc.php HTTP/1.1" 200 403 "-" "Mozilla/5.0 (Windows NT 10.0; Win64; x64) AppleWebKit/537.36 (KHTML, like Gecko) Chrome/84.0.4147.135 Safari/537.36"
135.181.12.10 - - [26/Apr/2025:21:46:14 -0400] "POST /xmlrpc.php HTTP/1.1" 200 403 "-" "Mozilla/5.0 (Windows NT 6.1; WOW64; rv:44.0) Gecko/20100101 Firefox/44.0"
162.254.32.228 - - [26/Apr/2025:21:46:25 -0400] "POST /xmlrpc.php HTTP/1.1" 200 403 "-" "Mozilla/5.0 (Windows NT 6.1; Win64; x64) AppleWebKit/537.36 (KHTML, like Gecko) Chrome/79.0.3945.88 Safari/537.36"
66.29.132.124 - - [26/Apr/2025:21:46:24 -0400] "POST /wp-admin/admin-ajax.php?action=async_litespeed&nonce=7UIjIyrea1RDz8BO7FPplXNK6wuJThNm&litespeed_type=imgoptm HTTP/1.1" 200 0 "-" "WordPress/6.8; https://arsn.media"
14.241.111.210 - - [26/Apr/2025:21:46:27 -0400] "POST /xmlrpc.php HTTP/1.1" 200 403 "-" "Mozilla/5.0 (Windows NT 6.1; WOW64; rv:43.0) Gecko/20100101 Firefox/43.0"
94.46.178.8 - - [26/Apr/2025:21:46:28 -0400] "POST /xmlrpc.php HTTP/1.1" 200 403 "-" "Mozilla/5.0 (Windows NT 6.1; WOW64; rv:44.0) Gecko/20100101 Firefox/44.0"
66.29.132.124 - - [26/Apr/2025:21:46:37 -0400] "POST /wp-cron.php?doing_wp_cron=1745718397.6486508846282958984375 HTTP/1.1" 200 0 "-" "WordPress/6.8; https://arsn.media"
130.117.90.161 - - [26/Apr/2025:21:46:37 -0400] "POST /xmlrpc.php HTTP/1.1" 200 403 "-" "Mozilla/5.0 (Windows NT 10.0; Win64; x64; rv:88.0) Gecko/20100101 Firefox/88.0"
66.29.132.124 - - [26/Apr/2025:21:46:38 -0400] "POST /wp-admin/admin-ajax.php?action=async_litespeed&nonce=Bxq6mTz9u8hwvR3zSb80lJBakwsFFVuA&litespeed_type=imgoptm HTTP/1.1" 200 21 "-" "WordPress/6.8; https://arsn.media"
80.250.12.186 - - [26/Apr/2025:21:46:45 -0400] "POST /xmlrpc.php HTTP/1.1" 200 403 "-" "Mozilla/5.0 (Windows NT 6.1; WOW64; rv:44.0) Gecko/20100101 Firefox/44.0"
43.135.185.59 - - [26/Apr/2025:21:47:14 -0400] "GET /ebook-marketing-services/ HTTP/1.1" 200 78950 "-" "Mozilla/5.0 (iPhone; CPU iPhone OS 13_2_3 like Mac OS X) AppleWebKit/605.1.15 (KHTML, like Gecko) Version/13.0.3 Mobile/15E148 Safari/604.1"
43.133.220.37 - - [26/Apr/2025:21:55:29 -0400] "GET /shopify-seo-services/ HTTP/1.1" 200 83779 "-" "Mozilla/5.0 (iPhone; CPU iPhone OS 13_2_3 like Mac OS X) AppleWebKit/605.1.15 (KHTML, like Gecko) Version/13.0.3 Mobile/15E148 Safari/604.1"
66.29.132.124 - - [26/Apr/2025:21:55:35 -0400] "POST /wp-cron.php?doing_wp_cron=1745718935.8935708999633789062500 HTTP/1.1" 200 0 "-" "WordPress/6.8; https://arsn.media"
52.167.144.219 - - [26/Apr/2025:21:55:25 -0400] "GET /sitemap_index.xml HTTP/1.1" 200 273 "-" "Mozilla/5.0 AppleWebKit/537.36 (KHTML, like Gecko; compatible; bingbot/2.0; +http://www.bing.com/bingbot.htm) Chrome/116.0.1938.76 Safari/537.36"
66.29.132.124 - - [26/Apr/2025:21:55:37 -0400] "POST /wp-admin/admin-ajax.php?action=async_litespeed&nonce=sdpKS3zqOFsiWG7feWFvLvrY5WirhFT4&litespeed_type=imgoptm HTTP/1.1" 200 0 "-" "WordPress/6.8; https://arsn.media"
3.142.144.163 - - [26/Apr/2025:21:57:50 -0400] "GET /robots.txt HTTP/1.1" 200 105 "-" "Mozilla/5.0 AppleWebKit/537.36 (KHTML, like Gecko; compatible; ClaudeBot/1.0; +claudebot@anthropic.com)"
66.29.132.124 - - [26/Apr/2025:21:57:54 -0400] "POST /wp-cron.php?doing_wp_cron=1745719074.0749950408935546875000 HTTP/1.1" 200 0 "-" "WordPress/6.8; https://arsn.media"
3.142.144.163 - - [26/Apr/2025:21:57:50 -0400] "GET /our-services HTTP/1.1" 301 0 "-" "Mozilla/5.0 AppleWebKit/537.36 (KHTML, like Gecko; compatible; ClaudeBot/1.0; +claudebot@anthropic.com)"
66.29.132.124 - - [26/Apr/2025:21:57:55 -0400] "POST /wp-admin/admin-ajax.php?action=async_litespeed&nonce=e0694FuUSTBhIFmbCp78uu0vhgiQ9n1a&litespeed_type=imgoptm HTTP/1.1" 200 0 "-" "WordPress/6.8; https://arsn.media"
3.142.144.163 - - [26/Apr/2025:21:57:54 -0400] "GET /our-services/ HTTP/1.1" 200 51538 "https://arsn.media/our-services" "Mozilla/5.0 AppleWebKit/537.36 (KHTML, like Gecko; compatible; ClaudeBot/1.0; +claudebot@anthropic.com)"
84.17.48.159 - - [26/Apr/2025:22:02:12 -0400] "GET / HTTP/1.0" 200 639584 "https://arsn.media/" "Mozilla/5.0 (Windows NT 10.0; Win64; x64) AppleWebKit/537.36 (KHTML, like Gecko) Chrome/131.0.0.0 Safari/537.36 Avast/131.0.0.0"
66.29.132.124 - - [26/Apr/2025:22:02:19 -0400] "POST /wp-cron.php?doing_wp_cron=1745719339.6761949062347412109375 HTTP/1.1" 200 0 "-" "WordPress/6.8; https://arsn.media"
66.29.132.124 - - [26/Apr/2025:22:02:20 -0400] "POST /wp-admin/admin-ajax.php?action=async_litespeed&nonce=8rGXaokneOaSvS8wQjSN6g7oJcjuu5np&litespeed_type=imgoptm HTTP/1.1" 200 21 "-" "WordPress/6.8; https://arsn.media"
66.29.132.124 - - [26/Apr/2025:22:02:20 -0400] "POST /wp-admin/admin-ajax.php?action=as_async_request_queue_runner&nonce=5a6adbe56e HTTP/1.1" 200 0 "-" "WordPress/6.8; https://arsn.media"
84.17.48.159 - - [26/Apr/2025:22:02:15 -0400] "POST /wp-admin/admin-ajax.php HTTP/1.0" 200 184 "https://arsn.media/" "Mozilla/5.0 (Windows NT 10.0; Win64; x64) AppleWebKit/537.36 (KHTML, like Gecko) Chrome/131.0.0.0 Safari/537.36 Avast/131.0.0.0"
66.29.132.124 - - [26/Apr/2025:22:06:28 -0400] "POST /wp-cron.php?doing_wp_cron=1745719588.0588650703430175781250 HTTP/1.1" 200 0 "-" "WordPress/6.8; https://arsn.media"
43.153.96.233 - - [26/Apr/2025:22:06:23 -0400] "GET /wp-json/oembed/1.0/embed?url=https%3A%2F%2Farsn.media%2F&format=xml HTTP/1.1" 200 1289 "-" "Mozilla/5.0 (iPhone; CPU iPhone OS 13_2_3 like Mac OS X) AppleWebKit/605.1.15 (KHTML, like Gecko) Version/13.0.3 Mobile/15E148 Safari/604.1"
66.29.132.124 - - [26/Apr/2025:22:06:28 -0400] "POST /wp-admin/admin-ajax.php?action=async_litespeed&nonce=mBufb6GIWt6uHQXda7LAZgieOth5J1iK&litespeed_type=imgoptm HTTP/1.1" 200 0 "-" "WordPress/6.8; https://arsn.media"
