66.29.132.124 - - [26/Apr/2025:15:32:45 -0400] "POST /wp-admin/admin-ajax.php?action=async_litespeed&nonce=mdOdrbR6Yo5ihSCNP49gHAqGxzeaOwzp&litespeed_type=imgoptm HTTP/1.1" 200 0 "-" "WordPress/6.8; https://arsn.media"
66.29.132.124 - - [26/Apr/2025:15:33:42 -0400] "POST /wp-cron.php?doing_wp_cron=1745696022.8333430290222167968750 HTTP/1.1" 200 0 "-" "WordPress/6.8; https://arsn.media"
66.29.132.124 - - [26/Apr/2025:15:33:43 -0400] "POST /wp-admin/admin-ajax.php?action=async_litespeed&nonce=OBp3pZMPcSEZUKav6PabKwL9A4ppmrLH&litespeed_type=imgoptm HTTP/1.1" 200 21 "-" "WordPress/6.8; https://arsn.media"
20.171.207.233 - - [26/Apr/2025:15:33:41 -0400] "GET /ecommerce-s....earch-engine-optimiz HTTP/1.1" 404 39393 "-" "Mozilla/5.0 AppleWebKit/537.36 (KHTML, like Gecko; compatible; GPTBot/1.2; +https://openai.com/gptbot)"
20.171.207.233 - - [26/Apr/2025:15:35:55 -0400] "GET /ecommerce-s....earch-engine-optimiz HTTP/1.1" 404 39393 "-" "Mozilla/5.0 AppleWebKit/537.36 (KHTML, like Gecko; compatible; GPTBot/1.2; +https://openai.com/gptbot)"
107.150.0.65 - - [26/Apr/2025:15:37:39 -0400] "GET /.env HTTP/1.1" 403 1242 "-" "Mozilla/5.0 (Windows NT 10.0; Win64; x64) AppleWebKit/537.36 (KHTML, like Gecko) Chrome/119.0.0.0 Safari/537.36"
107.150.0.65 - - [26/Apr/2025:15:37:41 -0400] "POST / HTTP/1.1" 508 829 "-" "Mozilla/5.0 (Windows NT 10.0; Win64; x64) AppleWebKit/537.36 (KHTML, like Gecko) Chrome/119.0.0.0 Safari/537.36"
20.171.207.233 - - [26/Apr/2025:15:39:03 -0400] "GET /wp-content/uploads/2020/10/404.png%20707w,%20https:/arsn.media/wp-content/uploads/2020/10/404-300x110.png%20300w HTTP/1.1" 404 39426 "-" "Mozilla/5.0 AppleWebKit/537.36 (KHTML, like Gecko; compatible; GPTBot/1.2; +https://openai.com/gptbot)"
20.171.207.233 - - [26/Apr/2025:15:39:06 -0400] "GET /wp-content/uploads/2020/09/ARSN-Final-Logos-scaled.jpg%202560w,%20https:/arsn.media/wp-content/uploads/2020/09/ARSN-Final-Logos-300x138.jpg%20300w,%20https:/arsn.media/wp-content/uploads/2020/09/ARSN-Final-Logos-1024x471.jpg%201024w,%20https:/arsn.media/ARSN-Final-Logos-768x353.jpg%20768w,%20https:/ARSN-Final-Logos-1536x706.jpg%201536w,%20https:/ARSN-Final-Logos-2048x942.jpg%202048w HTTP/1.1" 404 39631 "-" "Mozilla/5.0 AppleWebKit/537.36 (KHTML, like Gecko; compatible; GPTBot/1.2; +https://openai.com/gptbot)"
20.171.207.233 - - [26/Apr/2025:15:39:09 -0400] "GET /wp-content/themes/onum/js/design-test.js HTTP/1.1" 404 39383 "-" "Mozilla/5.0 AppleWebKit/537.36 (KHTML, like Gecko; compatible; GPTBot/1.2; +https://openai.com/gptbot)"
20.171.207.233 - - [26/Apr/2025:15:39:12 -0400] "GET /wp-json/elementskit/v1/ HTTP/1.1" 404 114 "-" "Mozilla/5.0 AppleWebKit/537.36 (KHTML, like Gecko; compatible; GPTBot/1.2; +https://openai.com/gptbot)"
20.171.207.233 - - [26/Apr/2025:15:39:15 -0400] "GET /wp-content/themes/onum/css/design-test.css?ver=6.7.2 HTTP/1.1" 404 39204 "-" "Mozilla/5.0 AppleWebKit/537.36 (KHTML, like Gecko; compatible; GPTBot/1.2; +https://openai.com/gptbot)"
20.171.207.233 - - [26/Apr/2025:15:41:29 -0400] "GET /wp-content/uploads/2020/10/404.png%20707w,%20https:/arsn.media/wp-content/uploads/2020/10/404-300x110.png%20300w HTTP/1.1" 404 39426 "-" "Mozilla/5.0 AppleWebKit/537.36 (KHTML, like Gecko; compatible; GPTBot/1.2; +https://openai.com/gptbot)"
20.171.207.233 - - [26/Apr/2025:15:41:32 -0400] "GET /wp-content/themes/onum/css/design-test.css?ver=6.7.2 HTTP/1.1" 404 39204 "-" "Mozilla/5.0 AppleWebKit/537.36 (KHTML, like Gecko; compatible; GPTBot/1.2; +https://openai.com/gptbot)"
20.171.207.233 - - [26/Apr/2025:15:41:36 -0400] "GET /wp-json/elementskit/v1/ HTTP/1.1" 404 114 "-" "Mozilla/5.0 AppleWebKit/537.36 (KHTML, like Gecko; compatible; GPTBot/1.2; +https://openai.com/gptbot)"
20.171.207.233 - - [26/Apr/2025:15:41:39 -0400] "GET /wp-content/themes/onum/js/design-test.js HTTP/1.1" 404 39383 "-" "Mozilla/5.0 AppleWebKit/537.36 (KHTML, like Gecko; compatible; GPTBot/1.2; +https://openai.com/gptbot)"
20.171.207.233 - - [26/Apr/2025:15:41:42 -0400] "GET /wp-content/uploads/2020/09/ARSN-Final-Logos-scaled.jpg%202560w,%20https:/arsn.media/wp-content/uploads/2020/09/ARSN-Final-Logos-300x138.jpg%20300w,%20https:/arsn.media/wp-content/uploads/2020/09/ARSN-Final-Logos-1024x471.jpg%201024w,%20https:/arsn.media/ARSN-Final-Logos-768x353.jpg%20768w,%20https:/ARSN-Final-Logos-1536x706.jpg%201536w,%20https:/ARSN-Final-Logos-2048x942.jpg%202048w HTTP/1.1" 404 39631 "-" "Mozilla/5.0 AppleWebKit/537.36 (KHTML, like Gecko; compatible; GPTBot/1.2; +https://openai.com/gptbot)"
66.29.132.124 - - [26/Apr/2025:15:47:10 -0400] "POST /wp-cron.php?doing_wp_cron=1745696830.0871429443359375000000 HTTP/1.1" 200 0 "-" "WordPress/6.8; https://arsn.media"
66.29.132.124 - - [26/Apr/2025:15:47:11 -0400] "POST /wp-admin/admin-ajax.php?action=async_litespeed&nonce=B1uxUpw8EY7Yf4UbzDFzZif7Mo3nw9Dz&litespeed_type=imgoptm HTTP/1.1" 200 0 "-" "WordPress/6.8; https://arsn.media"
104.253.91.98 - - [26/Apr/2025:15:47:00 -0400] "GET /2025/02/22/online-reputation-management-how-it-can-improve-your-search-rankings/ HTTP/1.1" 404 39426 "-" "Mozilla/5.0 (X11; Linux x86_64) AppleWebKit/537.36 (KHTML, like Gecko) Chrome/106.0.0.0 Safari/537.36"
20.171.207.233 - - [26/Apr/2025:15:48:57 -0400] "GET /ecommerce-s....earch-engine-optimiz HTTP/1.1" 404 39393 "-" "Mozilla/5.0 AppleWebKit/537.36 (KHTML, like Gecko; compatible; GPTBot/1.2; +https://openai.com/gptbot)"
20.171.207.233 - - [26/Apr/2025:15:51:54 -0400] "GET /wp-content/themes/onum/css/design-test.css?ver=6.7.2 HTTP/1.1" 404 39204 "-" "Mozilla/5.0 AppleWebKit/537.36 (KHTML, like Gecko; compatible; GPTBot/1.2; +https://openai.com/gptbot)"
20.171.207.233 - - [26/Apr/2025:15:51:57 -0400] "GET /wp-content/uploads/2020/09/ARSN-Final-Logos-scaled.jpg%202560w,%20https:/arsn.media/wp-content/uploads/2020/09/ARSN-Final-Logos-300x138.jpg%20300w,%20https:/arsn.media/wp-content/uploads/2020/09/ARSN-Final-Logos-1024x471.jpg%201024w,%20https:/arsn.media/ARSN-Final-Logos-768x353.jpg%20768w,%20https:/ARSN-Final-Logos-1536x706.jpg%201536w,%20https:/ARSN-Final-Logos-2048x942.jpg%202048w HTTP/1.1" 404 39631 "-" "Mozilla/5.0 AppleWebKit/537.36 (KHTML, like Gecko; compatible; GPTBot/1.2; +https://openai.com/gptbot)"
20.171.207.233 - - [26/Apr/2025:15:52:00 -0400] "GET /wp-content/themes/onum/js/design-test.js HTTP/1.1" 404 39383 "-" "Mozilla/5.0 AppleWebKit/537.36 (KHTML, like Gecko; compatible; GPTBot/1.2; +https://openai.com/gptbot)"
20.171.207.233 - - [26/Apr/2025:15:52:03 -0400] "GET /wp-content/uploads/2020/10/404.png%20707w,%20https:/arsn.media/wp-content/uploads/2020/10/404-300x110.png%20300w HTTP/1.1" 404 39426 "-" "Mozilla/5.0 AppleWebKit/537.36 (KHTML, like Gecko; compatible; GPTBot/1.2; +https://openai.com/gptbot)"
20.171.207.233 - - [26/Apr/2025:15:52:06 -0400] "GET /wp-json/elementskit/v1/ HTTP/1.1" 404 114 "-" "Mozilla/5.0 AppleWebKit/537.36 (KHTML, like Gecko; compatible; GPTBot/1.2; +https://openai.com/gptbot)"
20.171.207.233 - - [26/Apr/2025:15:53:31 -0400] "GET /wp-content/uploads/2020/10/404.png%20707w,%20https:/arsn.media/wp-content/uploads/2020/10/404-300x110.png%20300w HTTP/1.1" 404 39426 "-" "Mozilla/5.0 AppleWebKit/537.36 (KHTML, like Gecko; compatible; GPTBot/1.2; +https://openai.com/gptbot)"
20.171.207.233 - - [26/Apr/2025:15:53:35 -0400] "GET /wp-content/themes/onum/css/design-test.css?ver=6.7.2 HTTP/1.1" 404 39204 "-" "Mozilla/5.0 AppleWebKit/537.36 (KHTML, like Gecko; compatible; GPTBot/1.2; +https://openai.com/gptbot)"
20.171.207.233 - - [26/Apr/2025:15:53:38 -0400] "GET /wp-content/themes/onum/js/design-test.js HTTP/1.1" 404 39383 "-" "Mozilla/5.0 AppleWebKit/537.36 (KHTML, like Gecko; compatible; GPTBot/1.2; +https://openai.com/gptbot)"
20.171.207.233 - - [26/Apr/2025:15:53:41 -0400] "GET /wp-content/uploads/2020/09/ARSN-Final-Logos-scaled.jpg%202560w,%20https:/arsn.media/wp-content/uploads/2020/09/ARSN-Final-Logos-300x138.jpg%20300w,%20https:/arsn.media/wp-content/uploads/2020/09/ARSN-Final-Logos-1024x471.jpg%201024w,%20https:/arsn.media/ARSN-Final-Logos-768x353.jpg%20768w,%20https:/ARSN-Final-Logos-1536x706.jpg%201536w,%20https:/ARSN-Final-Logos-2048x942.jpg%202048w HTTP/1.1" 404 39631 "-" "Mozilla/5.0 AppleWebKit/537.36 (KHTML, like Gecko; compatible; GPTBot/1.2; +https://openai.com/gptbot)"
20.171.207.233 - - [26/Apr/2025:15:53:44 -0400] "GET /wp-json/elementskit/v1/ HTTP/1.1" 404 114 "-" "Mozilla/5.0 AppleWebKit/537.36 (KHTML, like Gecko; compatible; GPTBot/1.2; +https://openai.com/gptbot)"
66.29.132.124 - - [26/Apr/2025:15:55:50 -0400] "POST /wp-cron.php?doing_wp_cron=1745697350.3780438899993896484375 HTTP/1.1" 200 0 "-" "WordPress/6.8; https://arsn.media"
66.29.132.124 - - [26/Apr/2025:15:55:51 -0400] "POST /wp-admin/admin-ajax.php?action=async_litespeed&nonce=OR3Fv867WGDFCXq538IumXKoWpY0YsNb&litespeed_type=imgoptm HTTP/1.1" 200 0 "-" "WordPress/6.8; https://arsn.media"
66.249.74.4 - - [26/Apr/2025:15:55:38 -0400] "GET /808/furritsubs-twitter.html HTTP/1.1" 404 39319 "-" "Mozilla/5.0 (Linux; Android 6.0.1; Nexus 5X Build/MMB29P) AppleWebKit/537.36 (KHTML, like Gecko) Chrome/135.0.7049.95 Mobile Safari/537.36 (compatible; GoogleOther)"
162.0.232.248 - - [26/Apr/2025:15:56:08 -0400] "POST /wp-login.php HTTP/1.1" 200 1963 "https://arsn.media" "Mozilla/5.0 (Macintosh; Intel Mac OS X 10_15_7; rv:126.0) Gecko/20100101 Firefox/126.0"
196.251.86.177 - - [26/Apr/2025:15:56:24 -0400] "GET / HTTP/1.1" 200 639584 "-" "-"
66.29.132.124 - - [26/Apr/2025:16:00:31 -0400] "POST /wp-cron.php?doing_wp_cron=1745697630.2593441009521484375000 HTTP/1.1" 200 0 "-" "WordPress/6.8; https://arsn.media"
66.249.74.4 - - [26/Apr/2025:16:00:13 -0400] "GET /808/raw-specimen-ebay.html HTTP/1.1" 404 39302 "-" "Mozilla/5.0 (Linux; Android 6.0.1; Nexus 5X Build/MMB29P) AppleWebKit/537.36 (KHTML, like Gecko) Chrome/135.0.7049.95 Mobile Safari/537.36 (compatible; GoogleOther)"
20.171.207.233 - - [26/Apr/2025:16:07:08 -0400] "GET /ecommerce-s....earch-engine-optimiz HTTP/1.1" 404 39393 "-" "Mozilla/5.0 AppleWebKit/537.36 (KHTML, like Gecko; compatible; GPTBot/1.2; +https://openai.com/gptbot)"
77.75.78.172 - - [26/Apr/2025:16:12:38 -0400] "GET /ecommerce-search-engine-optimization-services/ HTTP/1.1" 200 83336 "-" "Mozilla/5.0 (compatible; SeznamBot/4.0; +https://o-seznam.cz/napoveda/vyhledavani/en/seznambot-crawler/)"
66.29.132.124 - - [26/Apr/2025:16:13:24 -0400] "POST /wp-cron.php?doing_wp_cron=1745698404.0004138946533203125000 HTTP/1.1" 200 0 "-" "WordPress/6.8; https://arsn.media"
66.29.132.124 - - [26/Apr/2025:16:13:24 -0400] "POST /wp-admin/admin-ajax.php?action=async_litespeed&nonce=2TrNQ332MibjMZDCABBPvwXrjZcEnlMo&litespeed_type=imgoptm HTTP/1.1" 200 0 "-" "WordPress/6.8; https://arsn.media"
40.77.167.5 - - [26/Apr/2025:16:13:16 -0400] "GET /808/kenwood-chef-vs-kmix.html HTTP/1.1" 404 39322 "-" "Mozilla/5.0 AppleWebKit/537.36 (KHTML, like Gecko; compatible; bingbot/2.0; +http://www.bing.com/bingbot.htm) Chrome/116.0.1938.76 Safari/537.36"
66.29.132.124 - - [26/Apr/2025:16:25:28 -0400] "POST /wp-cron.php?doing_wp_cron=1745699127.8266210556030273437500 HTTP/1.1" 200 0 "-" "WordPress/6.8; https://arsn.media"
66.29.132.124 - - [26/Apr/2025:16:25:28 -0400] "POST /wp-admin/admin-ajax.php?action=as_async_request_queue_runner&nonce=6887159dad HTTP/1.1" 200 0 "-" "WordPress/6.8; https://arsn.media"
20.171.207.233 - - [26/Apr/2025:16:25:18 -0400] "GET /wp-admin/comment.php?action=approve&c=587 HTTP/1.1" 302 0 "-" "Mozilla/5.0 AppleWebKit/537.36 (KHTML, like Gecko; compatible; GPTBot/1.2; +https://openai.com/gptbot)"
66.29.132.124 - - [26/Apr/2025:16:25:28 -0400] "POST /wp-admin/admin-ajax.php?action=async_litespeed&nonce=QNm8rdozSZImc7EjclnNKvvauRcZ3q6s&litespeed_type=imgoptm HTTP/1.1" 200 0 "-" "WordPress/6.8; https://arsn.media"
20.171.207.233 - - [26/Apr/2025:16:25:29 -0400] "GET /wp-admin/comment.php?action=spam&c=587 HTTP/1.1" 302 0 "-" "Mozilla/5.0 AppleWebKit/537.36 (KHTML, like Gecko; compatible; GPTBot/1.2; +https://openai.com/gptbot)"
66.29.132.124 - - [26/Apr/2025:16:25:41 -0400] "POST /wp-cron.php?doing_wp_cron=1745699141.4285430908203125000000 HTTP/1.1" 200 0 "-" "WordPress/6.8; https://arsn.media"
20.171.207.233 - - [26/Apr/2025:16:25:41 -0400] "GET /wp-admin/comment.php?action=trash&c=587 HTTP/1.1" 302 0 "-" "Mozilla/5.0 AppleWebKit/537.36 (KHTML, like Gecko; compatible; GPTBot/1.2; +https://openai.com/gptbot)"
66.29.132.124 - - [26/Apr/2025:16:25:41 -0400] "POST /wp-admin/admin-ajax.php?action=async_litespeed&nonce=Kbn6YHomZv6aYI9ekpeWO4yEl2WTCB4w&litespeed_type=imgoptm HTTP/1.1" 200 21 "-" "WordPress/6.8; https://arsn.media"
66.29.132.124 - - [26/Apr/2025:16:25:52 -0400] "POST /wp-cron.php?doing_wp_cron=1745699152.1069049835205078125000 HTTP/1.1" 200 0 "-" "WordPress/6.8; https://arsn.media"
20.171.207.233 - - [26/Apr/2025:16:25:51 -0400] "GET /wp-login.php?reauth=1&redirect_to=https%3A%2F%2Farsn.media%2Fwp-admin%2Fcomment.php%3Faction%3Dapprove%26c%3D587 HTTP/1.1" 200 1898 "-" "Mozilla/5.0 AppleWebKit/537.36 (KHTML, like Gecko; compatible; GPTBot/1.2; +https://openai.com/gptbot)"
66.249.74.4 - - [26/Apr/2025:16:25:53 -0400] "GET /808/best-motor-yachts-under-50-feet.html HTTP/1.1" 404 39255 "-" "Mozilla/5.0 (Linux; Android 6.0.1; Nexus 5X Build/MMB29P) AppleWebKit/537.36 (KHTML, like Gecko) Chrome/135.0.7049.95 Mobile Safari/537.36 (compatible; GoogleOther)"
20.171.207.233 - - [26/Apr/2025:16:26:01 -0400] "GET /wp-login.php?reauth=1&redirect_to=https%3A%2F%2Farsn.media%2Fwp-admin%2Fcomment.php%3Faction%3Dspam%26c%3D587 HTTP/1.1" 200 1894 "-" "Mozilla/5.0 AppleWebKit/537.36 (KHTML, like Gecko; compatible; GPTBot/1.2; +https://openai.com/gptbot)"
20.171.207.233 - - [26/Apr/2025:16:26:10 -0400] "GET /wp-login.php?reauth=1&redirect_to=https%3A%2F%2Farsn.media%2Fwp-admin%2Fcomment.php%3Faction%3Dtrash%26c%3D587 HTTP/1.1" 200 1897 "-" "Mozilla/5.0 AppleWebKit/537.36 (KHTML, like Gecko; compatible; GPTBot/1.2; +https://openai.com/gptbot)"
40.77.167.152 - - [26/Apr/2025:16:26:15 -0400] "GET /2024/10/29/maximizing-your-roi-with-pest-control-ads-tips-for-success/ HTTP/1.1" 200 52726 "-" "Mozilla/5.0 AppleWebKit/537.36 (KHTML, like Gecko; compatible; bingbot/2.0; +http://www.bing.com/bingbot.htm) Chrome/116.0.1938.76 Safari/537.36"
40.77.167.78 - - [26/Apr/2025:16:26:34 -0400] "GET /wp-content/themes/onum/fonts/fa-brands-400.woff2 HTTP/1.1" 200 74656 "-" "Mozilla/5.0 AppleWebKit/537.36 (KHTML, like Gecko; compatible; bingbot/2.0; +http://www.bing.com/bingbot.htm) Chrome/116.0.1938.76 Safari/537.36"
40.77.167.78 - - [26/Apr/2025:16:26:35 -0400] "GET /wp-content/themes/onum/fonts/fa-solid-900.ttf HTTP/1.1" 200 186424 "-" "Mozilla/5.0 AppleWebKit/537.36 (KHTML, like Gecko; compatible; bingbot/2.0; +http://www.bing.com/bingbot.htm) Chrome/116.0.1938.76 Safari/537.36"
40.77.167.57 - - [26/Apr/2025:16:26:39 -0400] "GET /wp-content/themes/onum/fonts/fa-brands-400.ttf HTTP/1.1" 200 129344 "-" "Mozilla/5.0 AppleWebKit/537.36 (KHTML, like Gecko; compatible; bingbot/2.0; +http://www.bing.com/bingbot.htm) Chrome/116.0.1938.76 Safari/537.36"
40.77.167.57 - - [26/Apr/2025:16:26:39 -0400] "GET /wp-content/themes/onum/fonts/fa-brands-400.woff HTTP/1.1" 200 87544 "-" "Mozilla/5.0 AppleWebKit/537.36 (KHTML, like Gecko; compatible; bingbot/2.0; +http://www.bing.com/bingbot.htm) Chrome/116.0.1938.76 Safari/537.36"
40.77.167.57 - - [26/Apr/2025:16:26:39 -0400] "GET /wp-content/themes/onum/fonts/fa-solid-900.woff2 HTTP/1.1" 200 74328 "-" "Mozilla/5.0 AppleWebKit/537.36 (KHTML, like Gecko; compatible; bingbot/2.0; +http://www.bing.com/bingbot.htm) Chrome/116.0.1938.76 Safari/537.36"
66.29.132.124 - - [26/Apr/2025:16:27:13 -0400] "POST /wp-cron.php?doing_wp_cron=1745699233.2033588886260986328125 HTTP/1.1" 200 0 "-" "WordPress/6.8; https://arsn.media"
66.249.74.4 - - [26/Apr/2025:16:27:12 -0400] "GET /808/pegasus-frontend-metadata-generator.html HTTP/1.1" 404 39350 "-" "Mozilla/5.0 (Linux; Android 6.0.1; Nexus 5X Build/MMB29P) AppleWebKit/537.36 (KHTML, like Gecko) Chrome/135.0.7049.95 Mobile Safari/537.36 (compatible; GoogleOther)"
66.29.132.124 - - [26/Apr/2025:16:27:13 -0400] "POST /wp-admin/admin-ajax.php?action=async_litespeed&nonce=P6NZ0BgBHpmDWPjxmsG1huvbzGyqTsHy&litespeed_type=imgoptm HTTP/1.1" 200 0 "-" "WordPress/6.8; https://arsn.media"
66.29.132.124 - - [26/Apr/2025:16:27:14 -0400] "POST /wp-admin/admin-ajax.php?action=as_async_request_queue_runner&nonce=6887159dad HTTP/1.1" 200 0 "-" "WordPress/6.8; https://arsn.media"
66.29.132.124 - - [26/Apr/2025:16:30:50 -0400] "POST /wp-cron.php?doing_wp_cron=1745699450.2950201034545898437500 HTTP/1.1" 200 0 "-" "WordPress/6.8; https://arsn.media"
66.29.132.124 - - [26/Apr/2025:16:30:50 -0400] "POST /wp-admin/admin-ajax.php?action=async_litespeed&nonce=AMCvMiOsvUCqY0iUFXi4hO7AC4aQVoK4&litespeed_type=imgoptm HTTP/1.1" 200 0 "-" "WordPress/6.8; https://arsn.media"
114.119.159.101 - - [26/Apr/2025:16:30:47 -0400] "GET /author/marsalanaleem/page/5/ HTTP/1.1" 200 64738 "https://arsn.media/author/marsalanaleem/" "Mozilla/5.0 (Linux; Android 7.0;) AppleWebKit/537.36 (KHTML, like Gecko) Mobile Safari/537.36 (compatible; PetalBot;+https://webmaster.petalsearch.com/site/petalbot)"
66.29.132.124 - - [26/Apr/2025:16:30:51 -0400] "POST /wp-admin/admin-ajax.php?action=as_async_request_queue_runner&nonce=6887159dad HTTP/1.1" 200 0 "-" "WordPress/6.8; https://arsn.media"
66.29.132.124 - - [26/Apr/2025:16:32:04 -0400] "POST /wp-cron.php?doing_wp_cron=1745699524.6829710006713867187500 HTTP/1.1" 200 0 "-" "WordPress/6.8; https://arsn.media"
20.171.207.233 - - [26/Apr/2025:16:32:04 -0400] "GET /wp-content/uploads/2020/10/404.png%20707w,%20https:/arsn.media/wp-content/uploads/2020/10/404-300x110.png%20300w HTTP/1.1" 404 39424 "-" "Mozilla/5.0 AppleWebKit/537.36 (KHTML, like Gecko; compatible; GPTBot/1.2; +https://openai.com/gptbot)"
66.29.132.124 - - [26/Apr/2025:16:32:05 -0400] "POST /wp-admin/admin-ajax.php?action=async_litespeed&nonce=FbfM555pqlXDKOruIDA0Jbnq0C19mNoM&litespeed_type=imgoptm HTTP/1.1" 200 0 "-" "WordPress/6.8; https://arsn.media"
66.29.132.124 - - [26/Apr/2025:16:32:05 -0400] "POST /wp-admin/admin-ajax.php?action=as_async_request_queue_runner&nonce=6887159dad HTTP/1.1" 200 0 "-" "WordPress/6.8; https://arsn.media"
20.171.207.233 - - [26/Apr/2025:16:32:11 -0400] "GET /wp-content/uploads/2020/09/ARSN-Final-Logos-scaled.jpg%202560w,%20https:/arsn.media/wp-content/uploads/2020/09/ARSN-Final-Logos-300x138.jpg%20300w,%20https:/arsn.media/wp-content/uploads/2020/09/ARSN-Final-Logos-1024x471.jpg%201024w,%20https:/arsn.media/ARSN-Final-Logos-768x353.jpg%20768w,%20https:/ARSN-Final-Logos-1536x706.jpg%201536w,%20https:/ARSN-Final-Logos-2048x942.jpg%202048w HTTP/1.1" 404 39596 "-" "Mozilla/5.0 AppleWebKit/537.36 (KHTML, like Gecko; compatible; GPTBot/1.2; +https://openai.com/gptbot)"
20.171.207.233 - - [26/Apr/2025:16:32:17 -0400] "GET /wp-json/elementskit/v1/ HTTP/1.1" 404 114 "-" "Mozilla/5.0 AppleWebKit/537.36 (KHTML, like Gecko; compatible; GPTBot/1.2; +https://openai.com/gptbot)"
20.171.207.233 - - [26/Apr/2025:16:32:25 -0400] "GET /wp-content/themes/onum/js/design-test.js HTTP/1.1" 404 39233 "-" "Mozilla/5.0 AppleWebKit/537.36 (KHTML, like Gecko; compatible; GPTBot/1.2; +https://openai.com/gptbot)"
47.79.212.220 - - [26/Apr/2025:16:32:32 -0400] "GET /affordable-digital-marketing-services HTTP/1.1" 301 0 "https://www.google.com/" "Mozilla/5.0 (Linux; Android 10; K) AppleWebKit/537.36 (KHTML, like Gecko) Chrome/132.0.0.0 Mobile Safari/537.36"
47.79.212.220 - - [26/Apr/2025:16:32:33 -0400] "GET /affordable-digital-marketing-services/ HTTP/1.1" 200 77374 "https://www.google.com/" "Mozilla/5.0 (Linux; Android 10; K) AppleWebKit/537.36 (KHTML, like Gecko) Chrome/132.0.0.0 Mobile Safari/537.36"
173.249.43.220 - - [26/Apr/2025:16:54:06 -0400] "GET /wp-content/plugins/suretriggers/readme.txt HTTP/1.1" 200 0 "www.google.com" "Mozilla/5.0 (Linux; Android 7.0; SM-G892A Build/NRD90M; wv) AppleWebKit/537.36 (KHTML, like Gecko) Version/4.0 Chrome/60.0.3112.107 Mobile Safari/537.36"
66.29.132.124 - - [26/Apr/2025:16:54:22 -0400] "POST /wp-cron.php?doing_wp_cron=1745700861.8053300380706787109375 HTTP/1.1" 200 0 "-" "WordPress/6.8; https://arsn.media"
66.29.132.124 - - [26/Apr/2025:16:54:22 -0400] "POST /wp-admin/admin-ajax.php?action=async_litespeed&nonce=CHF6P7tEAyyFHphiMxyV9gpe8g8dXMzR&litespeed_type=imgoptm HTTP/1.1" 200 0 "-" "WordPress/6.8; https://arsn.media"
138.94.55.213 - - [26/Apr/2025:17:04:36 -0400] "POST /xmlrpc.php HTTP/1.1" 200 0 "-" "Mozilla/5.0 (Windows NT 10.0; Win64; x64) AppleWebKit/537.36 (KHTML, like Gecko) Chrome/91.0.4472.124 Safari/537.36"
66.29.132.124 - - [26/Apr/2025:17:04:55 -0400] "POST /wp-cron.php?doing_wp_cron=1745701494.5906898975372314453125 HTTP/1.1" 200 0 "-" "WordPress/6.8; https://arsn.media"
66.29.132.124 - - [26/Apr/2025:17:04:56 -0400] "POST /wp-admin/admin-ajax.php?action=async_litespeed&nonce=hBEo1GLbruyFUo9TbWpz3pYPv9ojAvgH&litespeed_type=imgoptm HTTP/1.1" 200 0 "-" "WordPress/6.8; https://arsn.media"
66.29.132.124 - - [26/Apr/2025:17:10:45 -0400] "POST /wp-cron.php?doing_wp_cron=1745701845.8940610885620117187500 HTTP/1.1" 200 0 "-" "WordPress/6.8; https://arsn.media"
66.29.132.124 - - [26/Apr/2025:17:10:45 -0400] "POST /wp-cron.php?doing_wp_cron=1745701845.8940610885620117187500 HTTP/1.1" 200 0 "-" "WordPress/6.8; https://arsn.media"
38.242.195.179 - - [26/Apr/2025:17:10:37 -0400] "POST /xmlrpc.php HTTP/1.1" 200 403 "-" "Mozilla/5.0 (Windows NT 10.0; Win64; x64) AppleWebKit/537.36 (KHTML, like Gecko) Chrome/74.0.3729.131 Safari/537.36"
185.109.216.44 - - [26/Apr/2025:17:10:43 -0400] "POST /xmlrpc.php HTTP/1.1" 200 403 "-" "Mozilla/5.0 (Windows NT 5.1; rv:30.0) Gecko/20100101 Firefox/30.0"
162.250.127.222 - - [26/Apr/2025:17:10:45 -0400] "POST /xmlrpc.php HTTP/1.1" 200 403 "-" "Mozilla/5.0 (Windows NT 10.0; Win64; x64) AppleWebKit/537.36 (KHTML, like Gecko) Chrome/80.0.3987.149 Safari/537.36"
66.29.132.124 - - [26/Apr/2025:17:10:46 -0400] "POST /wp-admin/admin-ajax.php?action=async_litespeed&nonce=1WFxKoNiNNGbyg0QPmAm9yKKXS0DkC9t&litespeed_type=imgoptm HTTP/1.1" 200 21 "-" "WordPress/6.8; https://arsn.media"
66.29.132.124 - - [26/Apr/2025:17:10:46 -0400] "POST /wp-admin/admin-ajax.php?action=async_litespeed&nonce=3OPlGhStRpfdX4jwPn1JIjEKA6MEmUa3&litespeed_type=imgoptm HTTP/1.1" 200 0 "-" "WordPress/6.8; https://arsn.media"
66.29.132.124 - - [26/Apr/2025:17:10:47 -0400] "POST /wp-admin/admin-ajax.php?action=as_async_request_queue_runner&nonce=6887159dad HTTP/1.1" 200 0 "-" "WordPress/6.8; https://arsn.media"
66.29.132.124 - - [26/Apr/2025:17:10:50 -0400] "POST /wp-cron.php?doing_wp_cron=1745701850.7438230514526367187500 HTTP/1.1" 200 0 "-" "WordPress/6.8; https://arsn.media"
194.5.175.29 - - [26/Apr/2025:17:10:49 -0400] "POST /xmlrpc.php HTTP/1.1" 200 403 "-" "Mozilla/5.0 (Windows NT 10.0; Win64; x64; rv:67.0) Gecko/20100101 Firefox/67.0"
85.10.137.175 - - [26/Apr/2025:17:10:51 -0400] "POST /xmlrpc.php HTTP/1.1" 200 403 "-" "Mozilla/5.0 (Windows NT 10.0) AppleWebKit/537.36 (KHTML, like Gecko) Chrome/91.0.4472.114 Safari/537.36"
52.4.219.39 - - [26/Apr/2025:17:10:51 -0400] "POST /xmlrpc.php HTTP/1.1" 200 403 "-" "Mozilla/5.0 (Windows NT 10.0; Win64; x64) AppleWebKit/537.36 (KHTML, like Gecko) Chrome/87.0.4280.88 Safari/537.36"
139.59.73.249 - - [26/Apr/2025:17:11:03 -0400] "POST /xmlrpc.php HTTP/1.1" 200 403 "-" "Mozilla/5.0 (Windows; U; Windows NT 5.1; en-US; rv:1.7.12) Gecko/20050915 Firefox/1.0.7"
51.68.229.140 - - [26/Apr/2025:17:11:06 -0400] "POST /xmlrpc.php HTTP/1.1" 200 403 "-" "Mozilla/5.0 (Windows NT 6.1; WOW64) AppleWebKit/537.1 (KHTML, like Gecko) Chrome/21.0.1180.83 Safari/537.1"
114.119.154.200 - - [26/Apr/2025:17:18:31 -0400] "GET /2024/10/29/maximizing-your-roi-with-pest-control-ads-tips-for-success/ HTTP/1.1" 200 77463 "https://arsn.media/category/uncategorized/page/3/" "Mozilla/5.0 (Linux; Android 7.0;) AppleWebKit/537.36 (KHTML, like Gecko) Mobile Safari/537.36 (compatible; PetalBot;+https://webmaster.petalsearch.com/site/petalbot)"
80.85.247.161 - - [26/Apr/2025:17:21:12 -0400] "GET / HTTP/1.1" 200 72353 "-" "Mozilla/5.0 (Macintosh; Intel Mac OS X 10_15_7) AppleWebKit/537.36 (KHTML, like Gecko) Chrome/133.0.0.0 Safari/537.36"
66.29.132.124 - - [26/Apr/2025:17:21:24 -0400] "POST /wp-cron.php?doing_wp_cron=1745702484.8859090805053710937500 HTTP/1.1" 200 0 "-" "WordPress/6.8; https://arsn.media"
66.29.132.124 - - [26/Apr/2025:17:21:25 -0400] "POST /wp-admin/admin-ajax.php?action=async_litespeed&nonce=diu57CH0TrFsam5ecYjFPDKYAY6WDzib&litespeed_type=imgoptm HTTP/1.1" 200 0 "-" "WordPress/6.8; https://arsn.media"
195.32.2.158 - - [26/Apr/2025:17:21:13 -0400] "POST / HTTP/1.1" 200 71696 "-" "Mozilla/5.0 (Macintosh; Intel Mac OS X 10_15_7) AppleWebKit/537.36 (KHTML, like Gecko) Chrome/133.0.0.0 Safari/537.36"
195.32.2.158 - - [26/Apr/2025:17:21:28 -0400] "POST / HTTP/1.1" 200 71693 "-" "Mozilla/5.0 (Windows NT 10.0; Win64; x64) AppleWebKit/537.36 (KHTML, like Gecko) Chrome/120.0.0.0 Safari/537.36"
195.32.2.158 - - [26/Apr/2025:17:21:31 -0400] "POST / HTTP/1.1" 200 71702 "-" "Mozilla/5.0 (Macintosh; Intel Mac OS X 10_15_7) AppleWebKit/537.36 (KHTML, like Gecko) Chrome/133.0.0.0 Safari/537.36"
195.32.2.158 - - [26/Apr/2025:17:21:33 -0400] "POST / HTTP/1.1" 200 72489 "-" "Mozilla/5.0 (Windows NT 10.0; Win64; x64) AppleWebKit/537.36 (KHTML, like Gecko) Chrome/120.0.0.0 Safari/537.36"
80.85.247.161 - - [26/Apr/2025:17:21:35 -0400] "GET /comments/feed/ HTTP/1.1" 200 417 "-" "Mozilla/5.0 (Macintosh; Intel Mac OS X 10_15_7) AppleWebKit/537.36 (KHTML, like Gecko) Chrome/133.0.0.0 Safari/537.36"
80.85.247.161 - - [26/Apr/2025:17:21:36 -0400] "GET /contacts/ HTTP/1.1" 200 60713 "-" "Mozilla/5.0 (Macintosh; Intel Mac OS X 10_15_7) AppleWebKit/537.36 (KHTML, like Gecko) Chrome/133.0.0.0 Safari/537.36"
66.29.132.124 - - [26/Apr/2025:17:21:38 -0400] "POST /wp-cron.php?doing_wp_cron=1745702498.7284200191497802734375 HTTP/1.1" 200 0 "-" "WordPress/6.8; https://arsn.media"
195.32.2.158 - - [26/Apr/2025:17:21:38 -0400] "POST /contacts/ HTTP/1.1" 200 60653 "-" "Mozilla/5.0 (Macintosh; Intel Mac OS X 10_15_7) AppleWebKit/537.36 (KHTML, like Gecko) Chrome/133.0.0.0 Safari/537.36"
66.29.132.124 - - [26/Apr/2025:17:21:39 -0400] "POST /wp-admin/admin-ajax.php?action=async_litespeed&nonce=nnYZiUmvzteCE2i9GUYRMf3BUJfUTr8s&litespeed_type=imgoptm HTTP/1.1" 200 21 "-" "WordPress/6.8; https://arsn.media"
195.32.2.158 - - [26/Apr/2025:17:21:40 -0400] "POST /contacts/ HTTP/1.1" 200 60653 "-" "Mozilla/5.0 (Windows NT 10.0; Win64; x64) AppleWebKit/537.36 (KHTML, like Gecko) Chrome/120.0.0.0 Safari/537.36"
195.32.2.158 - - [26/Apr/2025:17:21:42 -0400] "POST /contacts/ HTTP/1.1" 200 60653 "-" "Mozilla/5.0 (Macintosh; Intel Mac OS X 10_15_7) AppleWebKit/537.36 (KHTML, like Gecko) Chrome/133.0.0.0 Safari/537.36"
195.32.2.158 - - [26/Apr/2025:17:21:45 -0400] "POST /contacts/ HTTP/1.1" 200 62224 "-" "Mozilla/5.0 (Windows NT 10.0; Win64; x64) AppleWebKit/537.36 (KHTML, like Gecko) Chrome/120.0.0.0 Safari/537.36"
80.85.247.161 - - [26/Apr/2025:17:21:47 -0400] "GET /blog/ HTTP/1.1" 200 64331 "-" "Mozilla/5.0 (Macintosh; Intel Mac OS X 10_15_7) AppleWebKit/537.36 (KHTML, like Gecko) Chrome/133.0.0.0 Safari/537.36"
195.32.2.158 - - [26/Apr/2025:17:21:48 -0400] "POST /blog/ HTTP/1.1" 200 64272 "-" "Mozilla/5.0 (Macintosh; Intel Mac OS X 10_15_7) AppleWebKit/537.36 (KHTML, like Gecko) Chrome/133.0.0.0 Safari/537.36"
66.29.132.124 - - [26/Apr/2025:17:21:52 -0400] "POST /wp-cron.php?doing_wp_cron=1745702512.2538969516754150390625 HTTP/1.1" 200 0 "-" "WordPress/6.8; https://arsn.media"
195.32.2.158 - - [26/Apr/2025:17:21:51 -0400] "POST /blog/ HTTP/1.1" 200 63434 "-" "Mozilla/5.0 (Windows NT 10.0; Win64; x64) AppleWebKit/537.36 (KHTML, like Gecko) Chrome/120.0.0.0 Safari/537.36"
195.32.2.158 - - [26/Apr/2025:17:21:55 -0400] "POST /blog/ HTTP/1.1" 200 64272 "-" "Mozilla/5.0 (Macintosh; Intel Mac OS X 10_15_7) AppleWebKit/537.36 (KHTML, like Gecko) Chrome/133.0.0.0 Safari/537.36"
195.32.2.158 - - [26/Apr/2025:17:21:57 -0400] "POST /blog/ HTTP/1.1" 200 64272 "-" "Mozilla/5.0 (Windows NT 10.0; Win64; x64) AppleWebKit/537.36 (KHTML, like Gecko) Chrome/120.0.0.0 Safari/537.36"
80.85.247.161 - - [26/Apr/2025:17:21:59 -0400] "GET /blog/page/2/ HTTP/1.1" 200 63600 "-" "Mozilla/5.0 (Macintosh; Intel Mac OS X 10_15_7) AppleWebKit/537.36 (KHTML, like Gecko) Chrome/133.0.0.0 Safari/537.36"
195.32.2.158 - - [26/Apr/2025:17:22:01 -0400] "POST /blog/page/2/ HTTP/1.1" 200 64578 "-" "Mozilla/5.0 (Macintosh; Intel Mac OS X 10_15_7) AppleWebKit/537.36 (KHTML, like Gecko) Chrome/133.0.0.0 Safari/537.36"
195.32.2.158 - - [26/Apr/2025:17:22:04 -0400] "POST /blog/page/2/ HTTP/1.1" 200 63543 "-" "Mozilla/5.0 (Windows NT 10.0; Win64; x64) AppleWebKit/537.36 (KHTML, like Gecko) Chrome/120.0.0.0 Safari/537.36"
195.32.2.158 - - [26/Apr/2025:17:22:07 -0400] "POST /blog/page/2/ HTTP/1.1" 200 64578 "-" "Mozilla/5.0 (Macintosh; Intel Mac OS X 10_15_7) AppleWebKit/537.36 (KHTML, like Gecko) Chrome/133.0.0.0 Safari/537.36"
195.32.2.158 - - [26/Apr/2025:17:22:09 -0400] "POST /blog/page/2/ HTTP/1.1" 200 64578 "-" "Mozilla/5.0 (Windows NT 10.0; Win64; x64) AppleWebKit/537.36 (KHTML, like Gecko) Chrome/120.0.0.0 Safari/537.36"
80.85.247.161 - - [26/Apr/2025:17:22:11 -0400] "GET /blog/page/3/ HTTP/1.1" 200 64040 "-" "Mozilla/5.0 (Macintosh; Intel Mac OS X 10_15_7) AppleWebKit/537.36 (KHTML, like Gecko) Chrome/133.0.0.0 Safari/537.36"
195.32.2.158 - - [26/Apr/2025:17:22:13 -0400] "POST /blog/page/3/ HTTP/1.1" 200 63985 "-" "Mozilla/5.0 (Macintosh; Intel Mac OS X 10_15_7) AppleWebKit/537.36 (KHTML, like Gecko) Chrome/133.0.0.0 Safari/537.36"
195.32.2.158 - - [26/Apr/2025:17:22:15 -0400] "POST /blog/page/3/ HTTP/1.1" 200 64503 "-" "Mozilla/5.0 (Windows NT 10.0; Win64; x64) AppleWebKit/537.36 (KHTML, like Gecko) Chrome/120.0.0.0 Safari/537.36"
195.32.2.158 - - [26/Apr/2025:17:22:17 -0400] "POST /blog/page/3/ HTTP/1.1" 200 64503 "-" "Mozilla/5.0 (Macintosh; Intel Mac OS X 10_15_7) AppleWebKit/537.36 (KHTML, like Gecko) Chrome/133.0.0.0 Safari/537.36"
195.32.2.158 - - [26/Apr/2025:17:22:20 -0400] "POST /blog/page/3/ HTTP/1.1" 200 64452 "-" "Mozilla/5.0 (Windows NT 10.0; Win64; x64) AppleWebKit/537.36 (KHTML, like Gecko) Chrome/120.0.0.0 Safari/537.36"
80.85.247.161 - - [26/Apr/2025:17:22:24 -0400] "GET /blog/page/4/ HTTP/1.1" 200 64399 "-" "Mozilla/5.0 (Macintosh; Intel Mac OS X 10_15_7) AppleWebKit/537.36 (KHTML, like Gecko) Chrome/133.0.0.0 Safari/537.36"
20.171.207.233 - - [26/Apr/2025:17:22:25 -0400] "GET /?p=13156 HTTP/1.1" 301 0 "-" "Mozilla/5.0 AppleWebKit/537.36 (KHTML, like Gecko; compatible; GPTBot/1.2; +https://openai.com/gptbot)"
195.32.2.158 - - [26/Apr/2025:17:22:26 -0400] "POST /blog/page/4/ HTTP/1.1" 200 63390 "-" "Mozilla/5.0 (Macintosh; Intel Mac OS X 10_15_7) AppleWebKit/537.36 (KHTML, like Gecko) Chrome/133.0.0.0 Safari/537.36"
20.171.207.233 - - [26/Apr/2025:17:22:28 -0400] "GET /xmlrpc.php HTTP/1.1" 405 46 "-" "Mozilla/5.0 AppleWebKit/537.36 (KHTML, like Gecko; compatible; GPTBot/1.2; +https://openai.com/gptbot)"
195.32.2.158 - - [26/Apr/2025:17:22:29 -0400] "POST /blog/page/4/ HTTP/1.1" 200 64160 "-" "Mozilla/5.0 (Windows NT 10.0; Win64; x64) AppleWebKit/537.36 (KHTML, like Gecko) Chrome/120.0.0.0 Safari/537.36"
20.171.207.233 - - [26/Apr/2025:17:22:31 -0400] "GET /2025/01/17/on-page-seo-best-practices-for-pest-control-websites/ HTTP/1.1" 200 49708 "-" "Mozilla/5.0 AppleWebKit/537.36 (KHTML, like Gecko; compatible; GPTBot/1.2; +https://openai.com/gptbot)"
195.32.2.158 - - [26/Apr/2025:17:22:31 -0400] "POST /blog/page/4/ HTTP/1.1" 200 63390 "-" "Mozilla/5.0 (Macintosh; Intel Mac OS X 10_15_7) AppleWebKit/537.36 (KHTML, like Gecko) Chrome/133.0.0.0 Safari/537.36"
66.29.132.124 - - [26/Apr/2025:17:22:34 -0400] "POST /wp-cron.php?doing_wp_cron=1745702554.8337719440460205078125 HTTP/1.1" 200 0 "-" "WordPress/6.8; https://arsn.media"
195.32.2.158 - - [26/Apr/2025:17:22:34 -0400] "POST /blog/page/4/ HTTP/1.1" 200 63395 "-" "Mozilla/5.0 (Windows NT 10.0; Win64; x64) AppleWebKit/537.36 (KHTML, like Gecko) Chrome/120.0.0.0 Safari/537.36"
66.29.132.124 - - [26/Apr/2025:17:22:35 -0400] "POST /wp-admin/admin-ajax.php?action=as_async_request_queue_runner&nonce=6887159dad HTTP/1.1" 200 0 "-" "WordPress/6.8; https://arsn.media"
20.171.207.233 - - [26/Apr/2025:17:22:34 -0400] "GET /wp-admin/admin-ajax.php?action=process_simple_like&disabled=true&is_comment=0&nonce=a3484fe464&post_id=13156 HTTP/1.1" 302 0 "-" "Mozilla/5.0 AppleWebKit/537.36 (KHTML, like Gecko; compatible; GPTBot/1.2; +https://openai.com/gptbot)"
80.85.247.161 - - [26/Apr/2025:17:22:36 -0400] "GET /blog/page/5/ HTTP/1.1" 200 64022 "-" "Mozilla/5.0 (Macintosh; Intel Mac OS X 10_15_7) AppleWebKit/537.36 (KHTML, like Gecko) Chrome/133.0.0.0 Safari/537.36"
66.29.132.124 - - [26/Apr/2025:17:22:35 -0400] "POST /wp-admin/admin-ajax.php?action=async_litespeed&nonce=ZenTODp4xNLuDJo7GQyyzb1zb1Zae9Gy&litespeed_type=imgoptm HTTP/1.1" 200 0 "-" "WordPress/6.8; https://arsn.media"
20.171.207.233 - - [26/Apr/2025:17:22:36 -0400] "GET /xmlrpc.php HTTP/1.1" 405 46 "-" "Mozilla/5.0 AppleWebKit/537.36 (KHTML, like Gecko; compatible; GPTBot/1.2; +https://openai.com/gptbot)"
20.171.207.233 - - [26/Apr/2025:17:22:39 -0400] "GET /wp-content/themes/onum/js/design-test.js HTTP/1.1" 404 24053 "-" "Mozilla/5.0 AppleWebKit/537.36 (KHTML, like Gecko; compatible; GPTBot/1.2; +https://openai.com/gptbot)"
20.171.207.233 - - [26/Apr/2025:17:22:41 -0400] "GET /wp-json/elementskit/v1/ HTTP/1.1" 404 114 "-" "Mozilla/5.0 AppleWebKit/537.36 (KHTML, like Gecko; compatible; GPTBot/1.2; +https://openai.com/gptbot)"
195.32.2.158 - - [26/Apr/2025:17:22:39 -0400] "POST /blog/page/5/ HTTP/1.1" 200 64038 "-" "Mozilla/5.0 (Macintosh; Intel Mac OS X 10_15_7) AppleWebKit/537.36 (KHTML, like Gecko) Chrome/133.0.0.0 Safari/537.36"
20.171.207.233 - - [26/Apr/2025:17:22:43 -0400] "GET /wp-content/uploads/2023/01/post1.jpg HTTP/1.1" 200 141896 "-" "Mozilla/5.0 AppleWebKit/537.36 (KHTML, like Gecko; compatible; GPTBot/1.2; +https://openai.com/gptbot)"
195.32.2.158 - - [26/Apr/2025:17:22:44 -0400] "POST /blog/page/5/ HTTP/1.1" 200 64038 "-" "Mozilla/5.0 (Windows NT 10.0; Win64; x64) AppleWebKit/537.36 (KHTML, like Gecko) Chrome/120.0.0.0 Safari/537.36"
195.32.2.158 - - [26/Apr/2025:17:22:48 -0400] "POST /blog/page/5/ HTTP/1.1" 200 63967 "-" "Mozilla/5.0 (Macintosh; Intel Mac OS X 10_15_7) AppleWebKit/537.36 (KHTML, like Gecko) Chrome/133.0.0.0 Safari/537.36"
66.29.132.124 - - [26/Apr/2025:17:22:54 -0400] "POST /wp-cron.php?doing_wp_cron=1745702574.0017309188842773437500 HTTP/1.1" 200 0 "-" "WordPress/6.8; https://arsn.media"
195.32.2.158 - - [26/Apr/2025:17:22:53 -0400] "POST /blog/page/5/ HTTP/1.1" 200 63953 "-" "Mozilla/5.0 (Windows NT 10.0; Win64; x64) AppleWebKit/537.36 (KHTML, like Gecko) Chrome/120.0.0.0 Safari/537.36"
80.85.247.161 - - [26/Apr/2025:17:22:56 -0400] "GET /blog/page/6/ HTTP/1.1" 200 64535 "-" "Mozilla/5.0 (Macintosh; Intel Mac OS X 10_15_7) AppleWebKit/537.36 (KHTML, like Gecko) Chrome/133.0.0.0 Safari/537.36"
195.32.2.158 - - [26/Apr/2025:17:22:59 -0400] "POST /blog/page/6/ HTTP/1.1" 200 64479 "-" "Mozilla/5.0 (Macintosh; Intel Mac OS X 10_15_7) AppleWebKit/537.36 (KHTML, like Gecko) Chrome/133.0.0.0 Safari/537.36"
195.32.2.158 - - [26/Apr/2025:17:23:02 -0400] "POST /blog/page/6/ HTTP/1.1" 200 64486 "-" "Mozilla/5.0 (Windows NT 10.0; Win64; x64) AppleWebKit/537.36 (KHTML, like Gecko) Chrome/120.0.0.0 Safari/537.36"
195.32.2.158 - - [26/Apr/2025:17:23:06 -0400] "POST /blog/page/6/ HTTP/1.1" 200 64479 "-" "Mozilla/5.0 (Macintosh; Intel Mac OS X 10_15_7) AppleWebKit/537.36 (KHTML, like Gecko) Chrome/133.0.0.0 Safari/537.36"
195.32.2.158 - - [26/Apr/2025:17:23:09 -0400] "POST /blog/page/6/ HTTP/1.1" 200 64981 "-" "Mozilla/5.0 (Windows NT 10.0; Win64; x64) AppleWebKit/537.36 (KHTML, like Gecko) Chrome/120.0.0.0 Safari/537.36"
106.119.167.146 - - [26/Apr/2025:17:25:02 -0400] "GET / HTTP/1.1" 200 72544 "http://arsn.media" "Mozilla/5.0 (iPhone; CPU iPhone OS 13_2_3 like Mac OS X) AppleWebKit/605.1.15 (KHTML, like Gecko) Version/13.0.3 Mobile/15E148 Safari/604.1"
66.29.132.124 - - [26/Apr/2025:17:25:07 -0400] "POST /wp-cron.php?doing_wp_cron=1745702707.1402349472045898437500 HTTP/1.1" 200 0 "-" "WordPress/6.8; https://arsn.media"
20.171.207.233 - - [26/Apr/2025:17:25:01 -0400] "GET /xmlrpc.php HTTP/1.1" 405 46 "-" "Mozilla/5.0 AppleWebKit/537.36 (KHTML, like Gecko; compatible; GPTBot/1.2; +https://openai.com/gptbot)"
66.29.132.124 - - [26/Apr/2025:17:25:10 -0400] "POST /wp-admin/admin-ajax.php?action=async_litespeed&nonce=N14ofoUsK6qPsbgLSVvFLOxMKfq065Lk&litespeed_type=imgoptm HTTP/1.1" 200 0 "-" "WordPress/6.8; https://arsn.media"
66.29.132.124 - - [26/Apr/2025:17:26:05 -0400] "POST /wp-cron.php?doing_wp_cron=1745702764.9853310585021972656250 HTTP/1.1" 200 0 "-" "WordPress/6.8; https://arsn.media"
66.29.132.124 - - [26/Apr/2025:17:26:05 -0400] "POST /wp-admin/admin-ajax.php?action=async_litespeed&nonce=FzPfb2DrOIr5Z88Sx83brSxKczBFcFOK&litespeed_type=imgoptm HTTP/1.1" 200 21 "-" "WordPress/6.8; https://arsn.media"
20.171.207.233 - - [26/Apr/2025:17:26:03 -0400] "GET /env HTTP/1.1" 404 39326 "-" "Mozilla/5.0 AppleWebKit/537.36 (KHTML, like Gecko; compatible; GPTBot/1.2; +https://openai.com/gptbot)"
40.77.167.7 - - [26/Apr/2025:17:32:23 -0400] "GET /wp-content/uploads/2025/01/132170.jpg HTTP/1.1" 200 509792 "-" "Mozilla/5.0 AppleWebKit/537.36 (KHTML, like Gecko; compatible; bingbot/2.0; +http://www.bing.com/bingbot.htm) Chrome/116.0.1938.76 Safari/537.36"
66.29.132.124 - - [26/Apr/2025:17:42:14 -0400] "POST /wp-cron.php?doing_wp_cron=1745703734.0452909469604492187500 HTTP/1.1" 200 0 "-" "WordPress/6.8; https://arsn.media"
66.29.132.124 - - [26/Apr/2025:17:42:14 -0400] "POST /wp-admin/admin-ajax.php?action=async_litespeed&nonce=MrVvzrrw8TvkunxdCwkslSGS2XzhHhX5&litespeed_type=imgoptm HTTP/1.1" 200 0 "-" "WordPress/6.8; https://arsn.media"
114.119.136.243 - - [26/Apr/2025:17:42:04 -0400] "GET /2024/10/04/how-to-start-a-pest-control-business-navigating-regulations/ HTTP/1.1" 200 76438 "https://arsn.media/2024/10/07/effective-digital-marketing-strategies-for-pest-control-companies/" "Mozilla/5.0 (Linux; Android 7.0;) AppleWebKit/537.36 (KHTML, like Gecko) Mobile Safari/537.36 (compatible; PetalBot;+https://webmaster.petalsearch.com/site/petalbot)"
66.29.132.124 - - [26/Apr/2025:17:44:02 -0400] "POST /wp-cron.php?doing_wp_cron=1745703842.5615000724792480468750 HTTP/1.1" 200 0 "-" "WordPress/6.8; https://arsn.media"
52.167.144.19 - - [26/Apr/2025:17:43:59 -0400] "GET /snw9shr/applinked-code-for-downloader.html HTTP/1.1" 301 0 "-" "Mozilla/5.0 (Windows NT 10.0; Win64; x64) AppleWebKit/537.36 (KHTML, like Gecko) Chrome/112.0.0.0 Safari/537.36 Edg/112.0.1722.68"
66.29.132.124 - - [26/Apr/2025:17:44:03 -0400] "POST /wp-admin/admin-ajax.php?action=async_litespeed&nonce=CydMcxOOKdpVMkW1418qEk3vmOgcgZz2&litespeed_type=imgoptm HTTP/1.1" 200 0 "-" "WordPress/6.8; https://arsn.media"
66.29.132.124 - - [26/Apr/2025:17:44:03 -0400] "POST /wp-admin/admin-ajax.php?action=as_async_request_queue_runner&nonce=6887159dad HTTP/1.1" 200 0 "-" "WordPress/6.8; https://arsn.media"
52.167.144.167 - - [26/Apr/2025:17:44:03 -0400] "GET /snw9shr/applinked-code-for-downloader.html HTTP/1.1" 404 39205 "-" "Mozilla/5.0 (Windows NT 10.0; Win64; x64) AppleWebKit/537.36 (KHTML, like Gecko) Chrome/112.0.0.0 Safari/537.36 Edg/112.0.1722.68"
66.29.132.124 - - [26/Apr/2025:17:49:21 -0400] "POST /wp-cron.php?doing_wp_cron=1745704160.9620430469512939453125 HTTP/1.1" 200 0 "-" "WordPress/6.8; https://arsn.media"
66.249.74.3 - - [26/Apr/2025:17:49:17 -0400] "GET /ukdygc/the-ruins.html HTTP/1.1" 404 39209 "-" "Mozilla/5.0 (Linux; Android 6.0.1; Nexus 5X Build/MMB29P) AppleWebKit/537.36 (KHTML, like Gecko) Chrome/135.0.7049.95 Mobile Safari/537.36 (compatible; Googlebot/2.1; +http://www.google.com/bot.html)"
66.29.132.124 - - [26/Apr/2025:17:49:21 -0400] "POST /wp-admin/admin-ajax.php?action=async_litespeed&nonce=aI75lbztZgYNlsuhNoOHLUiPGJaPCHpJ&litespeed_type=imgoptm HTTP/1.1" 200 0 "-" "WordPress/6.8; https://arsn.media"
66.29.132.124 - - [26/Apr/2025:17:49:22 -0400] "POST /wp-admin/admin-ajax.php?action=as_async_request_queue_runner&nonce=6887159dad HTTP/1.1" 200 0 "-" "WordPress/6.8; https://arsn.media"
69.171.231.3 - - [26/Apr/2025:17:55:02 -0400] "GET /robots.txt HTTP/1.1" 200 168 "-" "facebookexternalhit/1.1 (+http://www.facebook.com/externalhit_uatext.php)"
114.119.131.116 - - [26/Apr/2025:18:09:14 -0400] "GET /wp-content/uploads/2025/01/32366.jpg HTTP/1.1" 200 561023 "https://arsn.media/2025/01/06/top-seo-strategies-to-boost-your-pest-control-businesss-online-visibility/" "Mozilla/5.0 (Linux; Android 7.0;) AppleWebKit/537.36 (KHTML, like Gecko) Mobile Safari/537.36 (compatible; PetalBot;+https://webmaster.petalsearch.com/site/petalbot)"
66.29.132.124 - - [26/Apr/2025:18:09:49 -0400] "POST /wp-cron.php?doing_wp_cron=1745705389.5541610717773437500000 HTTP/1.1" 200 0 "-" "WordPress/6.8; https://arsn.media"
66.29.132.124 - - [26/Apr/2025:18:09:50 -0400] "POST /wp-admin/admin-ajax.php?action=async_litespeed&nonce=Psrqy9RsJ5bQSNObvonL1mjh7cgqDU5r&litespeed_type=imgoptm HTTP/1.1" 200 0 "-" "WordPress/6.8; https://arsn.media"
156.253.166.130 - - [26/Apr/2025:18:09:38 -0400] "GET /contacts/ HTTP/1.1" 200 40532 "-" "Mozilla/5.0 (Linux x86_64; rv:114.0) Gecko/20100101 Firefox/114.0"
156.253.166.130 - - [26/Apr/2025:18:09:55 -0400] "GET /wp-content/plugins/contact-form-7/includes/js/index.js?ver=6.0.6 HTTP/1.1" 200 4008 "-" "Mozilla/5.0 (Linux x86_64; rv:114.0) Gecko/20100101 Firefox/114.0"
156.253.166.130 - - [26/Apr/2025:18:09:56 -0400] "POST /wp-admin/admin-ajax.php HTTP/1.1" 200 79 "https://arsn.media/contacts/" "Mozilla/5.0 (Linux x86_64; rv:114.0) Gecko/20100101 Firefox/114.0"
66.29.132.124 - - [26/Apr/2025:18:14:48 -0400] "POST /wp-cron.php?doing_wp_cron=1745705688.6821091175079345703125 HTTP/1.1" 200 0 "-" "WordPress/6.8; https://arsn.media"
47.238.13.4 - - [26/Apr/2025:18:14:42 -0400] "GET /sitemap_index.xml HTTP/1.1" 200 305 "-" "Mozilla/5.0 (Macintosh; Intel Mac OS X 10_15_7) AppleWebKit/537.36 (KHTML, like Gecko) Chrome/109.0.0.0 Safari/537.36"
66.29.132.124 - - [26/Apr/2025:18:14:49 -0400] "POST /wp-admin/admin-ajax.php?action=async_litespeed&nonce=vBySNGQr03sYVFkBMS9z0KVzrz51RdlJ&litespeed_type=imgoptm HTTP/1.1" 200 0 "-" "WordPress/6.8; https://arsn.media"
66.29.132.124 - - [26/Apr/2025:18:15:53 -0400] "POST /wp-cron.php?doing_wp_cron=1745705753.5681650638580322265625 HTTP/1.1" 200 0 "-" "WordPress/6.8; https://arsn.media"
66.29.132.124 - - [26/Apr/2025:18:15:54 -0400] "POST /wp-admin/admin-ajax.php?action=async_litespeed&nonce=S7TfJEg6NfuXJHjKrugYWsMU2OvAUsvm&litespeed_type=imgoptm HTTP/1.1" 200 0 "-" "WordPress/6.8; https://arsn.media"
66.249.74.4 - - [26/Apr/2025:18:15:52 -0400] "GET /eycm6w/xxxold-broads-and-young-studs.html HTTP/1.1" 404 39285 "-" "Mozilla/5.0 (Linux; Android 6.0.1; Nexus 5X Build/MMB29P) AppleWebKit/537.36 (KHTML, like Gecko) Chrome/135.0.7049.95 Mobile Safari/537.36 (compatible; Googlebot/2.1; +http://www.google.com/bot.html)"
66.29.132.124 - - [26/Apr/2025:18:17:17 -0400] "POST /wp-cron.php?doing_wp_cron=1745705837.3261818885803222656250 HTTP/1.1" 200 0 "-" "WordPress/6.8; https://arsn.media"
66.249.74.3 - - [26/Apr/2025:18:17:16 -0400] "GET /eycm6w/black-girls-alone.html HTTP/1.1" 404 39326 "-" "Mozilla/5.0 (Linux; Android 6.0.1; Nexus 5X Build/MMB29P) AppleWebKit/537.36 (KHTML, like Gecko) Chrome/135.0.7049.95 Mobile Safari/537.36 (compatible; Googlebot/2.1; +http://www.google.com/bot.html)"
66.29.132.124 - - [26/Apr/2025:18:17:17 -0400] "POST /wp-admin/admin-ajax.php?action=async_litespeed&nonce=DBZJ50jgkiYqfqIUB69i2PvhCuuZ1fe0&litespeed_type=imgoptm HTTP/1.1" 200 0 "-" "WordPress/6.8; https://arsn.media"
66.29.132.124 - - [26/Apr/2025:18:17:18 -0400] "POST /wp-admin/admin-ajax.php?action=as_async_request_queue_runner&nonce=6887159dad HTTP/1.1" 200 0 "-" "WordPress/6.8; https://arsn.media"
35.173.64.170 - - [26/Apr/2025:18:26:26 -0400] "GET / HTTP/1.1" 200 72544 "-" "Mozilla/5.0 (Windows NT 10.0; Win64; x64) AppleWebKit/537.36 (KHTML, like Gecko) Chrome/115.0.0.0 Safari/537.36"
4.227.36.107 - - [26/Apr/2025:18:26:53 -0400] "GET /robots.txt HTTP/1.1" 200 105 "-" "Mozilla/5.0 AppleWebKit/537.36 (KHTML, like Gecko; compatible; GPTBot/1.2; +https://openai.com/gptbot)"
66.29.132.124 - - [26/Apr/2025:18:27:01 -0400] "POST /wp-cron.php?doing_wp_cron=1745706421.7890429496765136718750 HTTP/1.1" 200 0 "-" "WordPress/6.8; https://arsn.media"
66.29.132.124 - - [26/Apr/2025:18:27:02 -0400] "POST /wp-admin/admin-ajax.php?action=async_litespeed&nonce=HIR2yYeq7SBgrJghfKnz3NDS8ivTPnhm&litespeed_type=imgoptm HTTP/1.1" 200 0 "-" "WordPress/6.8; https://arsn.media"
20.171.207.233 - - [26/Apr/2025:18:26:53 -0400] "GET /wp-content/uploads/2020/10/404.png%20707w,%20https:/arsn.media/wp-content/uploads/2020/10/404-300x110.png%20300w HTTP/1.1" 404 39403 "-" "Mozilla/5.0 AppleWebKit/537.36 (KHTML, like Gecko; compatible; GPTBot/1.2; +https://openai.com/gptbot)"
20.171.207.233 - - [26/Apr/2025:18:27:03 -0400] "GET /wp-content/uploads/2020/09/ARSN-Final-Logos-scaled.jpg%202560w,%20https:/arsn.media/wp-content/uploads/2020/09/ARSN-Final-Logos-300x138.jpg%20300w,%20https:/arsn.media/wp-content/uploads/2020/09/ARSN-Final-Logos-1024x471.jpg%201024w,%20https:/arsn.media/ARSN-Final-Logos-768x353.jpg%20768w,%20https:/ARSN-Final-Logos-1536x706.jpg%201536w,%20https:/ARSN-Final-Logos-2048x942.jpg%202048w HTTP/1.1" 404 39630 "-" "Mozilla/5.0 AppleWebKit/537.36 (KHTML, like Gecko; compatible; GPTBot/1.2; +https://openai.com/gptbot)"
20.171.207.233 - - [26/Apr/2025:18:27:07 -0400] "GET /wp-content/themes/onum/js/design-test.js HTTP/1.1" 404 39235 "-" "Mozilla/5.0 AppleWebKit/537.36 (KHTML, like Gecko; compatible; GPTBot/1.2; +https://openai.com/gptbot)"
20.171.207.233 - - [26/Apr/2025:18:27:10 -0400] "GET /wp-json/elementskit/v1/ HTTP/1.1" 404 114 "-" "Mozilla/5.0 AppleWebKit/537.36 (KHTML, like Gecko; compatible; GPTBot/1.2; +https://openai.com/gptbot)"
20.171.207.233 - - [26/Apr/2025:18:27:13 -0400] "GET /wp-content/themes/onum/css/design-test.css?ver=6.7.1 HTTP/1.1" 404 39205 "-" "Mozilla/5.0 AppleWebKit/537.36 (KHTML, like Gecko; compatible; GPTBot/1.2; +https://openai.com/gptbot)"
20.171.207.233 - - [26/Apr/2025:18:27:16 -0400] "GET /ecommerce-search-engine-optimization-services/ HTTP/1.1" 200 56753 "-" "Mozilla/5.0 AppleWebKit/537.36 (KHTML, like Gecko; compatible; GPTBot/1.2; +https://openai.com/gptbot)"
20.171.207.233 - - [26/Apr/2025:18:27:19 -0400] "GET /wp-content/uploads/elementor/css/post-10034.css?ver=1725377057 HTTP/1.1" 200 7537 "-" "Mozilla/5.0 AppleWebKit/537.36 (KHTML, like Gecko; compatible; GPTBot/1.2; +https://openai.com/gptbot)"
20.171.207.233 - - [26/Apr/2025:18:27:22 -0400] "GET /wp-content/uploads/2024/06/SEO.png HTTP/1.1" 200 131776 "-" "Mozilla/5.0 AppleWebKit/537.36 (KHTML, like Gecko; compatible; GPTBot/1.2; +https://openai.com/gptbot)"
20.171.207.233 - - [26/Apr/2025:18:27:24 -0400] "GET /wp-content/uploads/2024/07/2148657637-compressed-768x554.jpg HTTP/1.1" 200 40956 "-" "Mozilla/5.0 AppleWebKit/537.36 (KHTML, like Gecko; compatible; GPTBot/1.2; +https://openai.com/gptbot)"
20.171.207.233 - - [26/Apr/2025:18:27:26 -0400] "GET /wp-content/themes/onum/js/design-test.js HTTP/1.1" 404 39235 "-" "Mozilla/5.0 AppleWebKit/537.36 (KHTML, like Gecko; compatible; GPTBot/1.2; +https://openai.com/gptbot)"
20.171.207.233 - - [26/Apr/2025:18:27:28 -0400] "GET /wp-json/elementskit/v1/ HTTP/1.1" 404 114 "-" "Mozilla/5.0 AppleWebKit/537.36 (KHTML, like Gecko; compatible; GPTBot/1.2; +https://openai.com/gptbot)"
20.171.207.233 - - [26/Apr/2025:18:27:30 -0400] "GET /wp-content/uploads/2024/07/Ecommerce-seo-1024x683.jpg HTTP/1.1" 200 49371 "-" "Mozilla/5.0 AppleWebKit/537.36 (KHTML, like Gecko; compatible; GPTBot/1.2; +https://openai.com/gptbot)"
20.171.207.233 - - [26/Apr/2025:18:27:32 -0400] "GET /?p=10034 HTTP/1.1" 301 0 "-" "Mozilla/5.0 AppleWebKit/537.36 (KHTML, like Gecko; compatible; GPTBot/1.2; +https://openai.com/gptbot)"
20.171.207.233 - - [26/Apr/2025:18:27:34 -0400] "GET /wp-content/uploads/2024/06/Comprehensive-Analytics.jpg HTTP/1.1" 200 109690 "-" "Mozilla/5.0 AppleWebKit/537.36 (KHTML, like Gecko; compatible; GPTBot/1.2; +https://openai.com/gptbot)"
20.171.207.233 - - [26/Apr/2025:18:27:36 -0400] "GET /wp-content/uploads/2024/07/306-compressed-768x512.jpg HTTP/1.1" 200 49982 "-" "Mozilla/5.0 AppleWebKit/537.36 (KHTML, like Gecko; compatible; GPTBot/1.2; +https://openai.com/gptbot)"
20.171.207.233 - - [26/Apr/2025:18:27:37 -0400] "GET /wp-content/uploads/2024/07/pexels-cottonbro-3944405.jpg HTTP/1.1" 200 53802 "-" "Mozilla/5.0 AppleWebKit/537.36 (KHTML, like Gecko; compatible; GPTBot/1.2; +https://openai.com/gptbot)"
20.171.207.233 - - [26/Apr/2025:18:27:41 -0400] "GET /wp-content/uploads/2020/10/404.png%20707w,%20https:/arsn.media/wp-content/uploads/2020/10/404-300x110.png%20300w HTTP/1.1" 404 39403 "-" "Mozilla/5.0 AppleWebKit/537.36 (KHTML, like Gecko; compatible; GPTBot/1.2; +https://openai.com/gptbot)"
20.171.207.233 - - [26/Apr/2025:18:27:43 -0400] "GET /wp-content/uploads/2020/09/ARSN-Final-Logos-scaled.jpg%202560w,%20https:/arsn.media/wp-content/uploads/2020/09/ARSN-Final-Logos-300x138.jpg%20300w,%20https:/arsn.media/wp-content/uploads/2020/09/ARSN-Final-Logos-1024x471.jpg%201024w,%20https:/arsn.media/ARSN-Final-Logos-768x353.jpg%20768w,%20https:/ARSN-Final-Logos-1536x706.jpg%201536w,%20https:/ARSN-Final-Logos-2048x942.jpg%202048w HTTP/1.1" 404 39630 "-" "Mozilla/5.0 AppleWebKit/537.36 (KHTML, like Gecko; compatible; GPTBot/1.2; +https://openai.com/gptbot)"
20.171.207.233 - - [26/Apr/2025:18:27:44 -0400] "GET /wp-content/themes/onum/js/design-test.js HTTP/1.1" 404 39235 "-" "Mozilla/5.0 AppleWebKit/537.36 (KHTML, like Gecko; compatible; GPTBot/1.2; +https://openai.com/gptbot)"
66.29.132.124 - - [26/Apr/2025:18:27:45 -0400] "POST /wp-cron.php?doing_wp_cron=1745706465.9797530174255371093750 HTTP/1.1" 200 0 "-" "WordPress/6.8; https://arsn.media"
