14.116.211.167 - - [26/Apr/2025:02:30:28 -0400] "POST /xmlrpc.php HTTP/1.1" 200 0 "-" "Apache-HttpClient/4.5.2 (Java/1.8.0_161)"
14.116.211.167 - - [26/Apr/2025:02:30:33 -0400] "POST /xmlrpc.php HTTP/1.1" 200 0 "-" "Apache-HttpClient/4.5.2 (Java/1.8.0_161)"
14.116.211.167 - - [26/Apr/2025:02:30:44 -0400] "POST /xmlrpc.php HTTP/1.1" 200 0 "-" "Apache-HttpClient/4.5.2 (Java/1.8.0_161)"
14.116.211.167 - - [26/Apr/2025:02:30:53 -0400] "POST /xmlrpc.php HTTP/1.1" 200 0 "-" "Apache-HttpClient/4.5.2 (Java/1.8.0_161)"
14.116.211.167 - - [26/Apr/2025:02:30:58 -0400] "POST /xmlrpc.php HTTP/1.1" 200 0 "-" "Apache-HttpClient/4.5.2 (Java/1.8.0_161)"
14.116.211.167 - - [26/Apr/2025:02:31:04 -0400] "POST /xmlrpc.php HTTP/1.1" 200 0 "-" "Apache-HttpClient/4.5.2 (Java/1.8.0_161)"
14.116.211.167 - - [26/Apr/2025:02:31:09 -0400] "POST /xmlrpc.php HTTP/1.1" 200 0 "-" "Apache-HttpClient/4.5.2 (Java/1.8.0_161)"
14.116.211.167 - - [26/Apr/2025:02:31:18 -0400] "POST /xmlrpc.php HTTP/1.1" 200 0 "-" "Apache-HttpClient/4.5.2 (Java/1.8.0_161)"
14.116.211.167 - - [26/Apr/2025:02:31:23 -0400] "POST /xmlrpc.php HTTP/1.1" 200 0 "-" "Apache-HttpClient/4.5.2 (Java/1.8.0_161)"
14.116.211.167 - - [26/Apr/2025:02:31:28 -0400] "POST /xmlrpc.php HTTP/1.1" 200 0 "-" "Apache-HttpClient/4.5.2 (Java/1.8.0_161)"
14.116.211.167 - - [26/Apr/2025:02:31:38 -0400] "POST /xmlrpc.php HTTP/1.1" 200 0 "-" "Apache-HttpClient/4.5.2 (Java/1.8.0_161)"
14.116.211.167 - - [26/Apr/2025:02:31:42 -0400] "POST /xmlrpc.php HTTP/1.1" 200 0 "-" "Apache-HttpClient/4.5.2 (Java/1.8.0_161)"
152.42.221.161 - - [26/Apr/2025:02:36:48 -0400] "GET /wp-content/uploads/2024/05/35002759_4749-compressed-removebg-preview.png HTTP/1.1" 200 118737 "-" "Mozilla/5.0 (Windows NT 10.0; Win64; x64; rv:123.0) Gecko/20100101 Firefox/123.0 Config/92.2.7601.2"
14.116.211.167 - - [26/Apr/2025:02:31:49 -0400] "POST /xmlrpc.php HTTP/1.1" 200 0 "-" "Apache-HttpClient/4.5.2 (Java/1.8.0_161)"
14.116.211.167 - - [26/Apr/2025:02:31:55 -0400] "POST /xmlrpc.php HTTP/1.1" 200 0 "-" "Apache-HttpClient/4.5.2 (Java/1.8.0_161)"
14.116.211.167 - - [26/Apr/2025:02:32:04 -0400] "POST /xmlrpc.php HTTP/1.1" 200 0 "-" "Apache-HttpClient/4.5.2 (Java/1.8.0_161)"
14.116.211.167 - - [26/Apr/2025:02:32:09 -0400] "POST /xmlrpc.php HTTP/1.1" 200 0 "-" "Apache-HttpClient/4.5.2 (Java/1.8.0_161)"
14.116.211.167 - - [26/Apr/2025:02:32:15 -0400] "POST /xmlrpc.php HTTP/1.1" 200 0 "-" "Apache-HttpClient/4.5.2 (Java/1.8.0_161)"
14.116.211.167 - - [26/Apr/2025:02:32:20 -0400] "POST /xmlrpc.php HTTP/1.1" 200 0 "-" "Apache-HttpClient/4.5.2 (Java/1.8.0_161)"
14.116.211.167 - - [26/Apr/2025:02:32:26 -0400] "POST /xmlrpc.php HTTP/1.1" 200 0 "-" "Apache-HttpClient/4.5.2 (Java/1.8.0_161)"
14.116.211.167 - - [26/Apr/2025:02:32:33 -0400] "POST /xmlrpc.php HTTP/1.1" 200 0 "-" "Apache-HttpClient/4.5.2 (Java/1.8.0_161)"
14.116.211.167 - - [26/Apr/2025:02:32:42 -0400] "POST /xmlrpc.php HTTP/1.1" 200 0 "-" "Apache-HttpClient/4.5.2 (Java/1.8.0_161)"
14.116.211.167 - - [26/Apr/2025:02:32:51 -0400] "POST /xmlrpc.php HTTP/1.1" 200 0 "-" "Apache-HttpClient/4.5.2 (Java/1.8.0_161)"
14.116.211.167 - - [26/Apr/2025:02:33:00 -0400] "POST /xmlrpc.php HTTP/1.1" 200 0 "-" "Apache-HttpClient/4.5.2 (Java/1.8.0_161)"
14.116.211.167 - - [26/Apr/2025:02:33:05 -0400] "POST /xmlrpc.php HTTP/1.1" 200 0 "-" "Apache-HttpClient/4.5.2 (Java/1.8.0_161)"
14.116.211.167 - - [26/Apr/2025:02:33:11 -0400] "POST /xmlrpc.php HTTP/1.1" 200 0 "-" "Apache-HttpClient/4.5.2 (Java/1.8.0_161)"
14.116.211.167 - - [26/Apr/2025:02:33:16 -0400] "POST /xmlrpc.php HTTP/1.1" 200 0 "-" "Apache-HttpClient/4.5.2 (Java/1.8.0_161)"
14.116.211.167 - - [26/Apr/2025:02:33:22 -0400] "POST /xmlrpc.php HTTP/1.1" 200 0 "-" "Apache-HttpClient/4.5.2 (Java/1.8.0_161)"
14.116.211.167 - - [26/Apr/2025:02:33:27 -0400] "POST /xmlrpc.php HTTP/1.1" 200 0 "-" "Apache-HttpClient/4.5.2 (Java/1.8.0_161)"
14.116.211.167 - - [26/Apr/2025:02:33:33 -0400] "POST /xmlrpc.php HTTP/1.1" 200 0 "-" "Apache-HttpClient/4.5.2 (Java/1.8.0_161)"
14.116.211.167 - - [26/Apr/2025:02:33:38 -0400] "POST /xmlrpc.php HTTP/1.1" 200 0 "-" "Apache-HttpClient/4.5.2 (Java/1.8.0_161)"
14.116.211.167 - - [26/Apr/2025:02:33:47 -0400] "POST /xmlrpc.php HTTP/1.1" 200 0 "-" "Apache-HttpClient/4.5.2 (Java/1.8.0_161)"
14.116.211.167 - - [26/Apr/2025:02:33:52 -0400] "POST /xmlrpc.php HTTP/1.1" 200 0 "-" "Apache-HttpClient/4.5.2 (Java/1.8.0_161)"
14.116.211.167 - - [26/Apr/2025:02:33:58 -0400] "POST /xmlrpc.php HTTP/1.1" 200 0 "-" "Apache-HttpClient/4.5.2 (Java/1.8.0_161)"
14.116.211.167 - - [26/Apr/2025:02:34:04 -0400] "POST /xmlrpc.php HTTP/1.1" 200 0 "-" "Apache-HttpClient/4.5.2 (Java/1.8.0_161)"
178.20.45.128 - - [26/Apr/2025:02:39:11 -0400] "GET / HTTP/1.0" 200 645986 "https://arsn.media/" "Mozilla/5.0 (Windows NT 10.0; Win64; x64) AppleWebKit/537.36 (KHTML, like Gecko) Chrome/131.0.0.0 Safari/537.36"
14.116.211.167 - - [26/Apr/2025:02:34:10 -0400] "POST /xmlrpc.php HTTP/1.1" 200 0 "-" "Apache-HttpClient/4.5.2 (Java/1.8.0_161)"
14.116.211.167 - - [26/Apr/2025:02:34:15 -0400] "POST /xmlrpc.php HTTP/1.1" 200 0 "-" "Apache-HttpClient/4.5.2 (Java/1.8.0_161)"
14.116.211.167 - - [26/Apr/2025:02:34:21 -0400] "POST /xmlrpc.php HTTP/1.1" 200 0 "-" "Apache-HttpClient/4.5.2 (Java/1.8.0_161)"
66.29.132.124 - - [26/Apr/2025:02:39:26 -0400] "POST /wp-cron.php?doing_wp_cron=1745649566.2202289104461669921875 HTTP/1.1" 200 0 "-" "WordPress/6.8; https://arsn.media"
178.20.45.128 - - [26/Apr/2025:02:39:14 -0400] "POST /wp-admin/admin-ajax.php HTTP/1.0" 200 184 "https://arsn.media/" "Mozilla/5.0 (Windows NT 10.0; Win64; x64) AppleWebKit/537.36 (KHTML, like Gecko) Chrome/131.0.0.0 Safari/537.36"
66.29.132.124 - - [26/Apr/2025:02:39:27 -0400] "POST /wp-admin/admin-ajax.php?action=async_litespeed&nonce=gOVeqDwvV5R4dhJv00epKm4bg9tqMfUa&litespeed_type=imgoptm HTTP/1.1" 200 0 "-" "WordPress/6.8; https://arsn.media"
66.29.132.124 - - [26/Apr/2025:02:39:27 -0400] "POST /wp-admin/admin-ajax.php?action=as_async_request_queue_runner&nonce=874121055a HTTP/1.1" 200 0 "-" "WordPress/6.8; https://arsn.media"
14.116.211.167 - - [26/Apr/2025:02:34:31 -0400] "POST /xmlrpc.php HTTP/1.1" 200 0 "-" "Apache-HttpClient/4.5.2 (Java/1.8.0_161)"
14.116.211.167 - - [26/Apr/2025:02:34:37 -0400] "POST /xmlrpc.php HTTP/1.1" 200 0 "-" "Apache-HttpClient/4.5.2 (Java/1.8.0_161)"
14.116.211.167 - - [26/Apr/2025:02:34:42 -0400] "POST /xmlrpc.php HTTP/1.1" 200 0 "-" "Apache-HttpClient/4.5.2 (Java/1.8.0_161)"
14.116.211.167 - - [26/Apr/2025:02:34:53 -0400] "POST /xmlrpc.php HTTP/1.1" 200 0 "-" "Apache-HttpClient/4.5.2 (Java/1.8.0_161)"
14.116.211.167 - - [26/Apr/2025:02:34:58 -0400] "POST /xmlrpc.php HTTP/1.1" 200 0 "-" "Apache-HttpClient/4.5.2 (Java/1.8.0_161)"
14.116.211.167 - - [26/Apr/2025:02:35:07 -0400] "POST /xmlrpc.php HTTP/1.1" 200 0 "-" "Apache-HttpClient/4.5.2 (Java/1.8.0_161)"
14.116.211.167 - - [26/Apr/2025:02:35:12 -0400] "POST /xmlrpc.php HTTP/1.1" 200 0 "-" "Apache-HttpClient/4.5.2 (Java/1.8.0_161)"
14.116.211.167 - - [26/Apr/2025:02:35:19 -0400] "POST /xmlrpc.php HTTP/1.1" 200 0 "-" "Apache-HttpClient/4.5.2 (Java/1.8.0_161)"
14.116.211.167 - - [26/Apr/2025:02:35:30 -0400] "POST /xmlrpc.php HTTP/1.1" 200 0 "-" "Apache-HttpClient/4.5.2 (Java/1.8.0_161)"
14.116.211.167 - - [26/Apr/2025:02:35:36 -0400] "POST /xmlrpc.php HTTP/1.1" 200 0 "-" "Apache-HttpClient/4.5.2 (Java/1.8.0_161)"
66.29.132.124 - - [26/Apr/2025:02:40:43 -0400] "POST /wp-cron.php?doing_wp_cron=1745649642.9260070323944091796875 HTTP/1.1" 200 0 "-" "WordPress/6.8; https://arsn.media"
66.29.132.124 - - [26/Apr/2025:02:40:43 -0400] "POST /wp-admin/admin-ajax.php?action=async_litespeed&nonce=Dk6gdt7kD3kuNoddxoyJ1WcLTqB2AGhe&litespeed_type=imgoptm HTTP/1.1" 200 0 "-" "WordPress/6.8; https://arsn.media"
170.106.161.78 - - [26/Apr/2025:02:40:42 -0400] "GET /2025/01/09/the-importance-of-local-seo-for-pest-control-companies-and-how-to-achieve-it/ HTTP/1.1" 200 71828 "-" "Mozilla/5.0 (iPhone; CPU iPhone OS 13_2_3 like Mac OS X) AppleWebKit/605.1.15 (KHTML, like Gecko) Version/13.0.3 Mobile/15E148 Safari/604.1"
14.116.211.167 - - [26/Apr/2025:02:35:44 -0400] "POST /xmlrpc.php HTTP/1.1" 200 0 "-" "Apache-HttpClient/4.5.2 (Java/1.8.0_161)"
66.29.132.124 - - [26/Apr/2025:02:40:45 -0400] "POST /wp-admin/admin-ajax.php?action=as_async_request_queue_runner&nonce=874121055a HTTP/1.1" 200 0 "-" "WordPress/6.8; https://arsn.media"
176.67.82.123 - - [26/Apr/2025:02:40:46 -0400] "GET / HTTP/1.0" 200 645986 "https://arsn.media/" "Mozilla/5.0 (Windows NT 10.0; Win64; x64) AppleWebKit/537.36 (KHTML, like Gecko) Chrome/130.0.0.0 Safari/537.36"
176.67.82.123 - - [26/Apr/2025:02:40:48 -0400] "POST /wp-admin/admin-ajax.php HTTP/1.0" 200 184 "https://arsn.media/" "Mozilla/5.0 (Windows NT 10.0; Win64; x64) AppleWebKit/537.36 (KHTML, like Gecko) Chrome/130.0.0.0 Safari/537.36"
14.116.211.167 - - [26/Apr/2025:02:35:53 -0400] "POST /xmlrpc.php HTTP/1.1" 200 0 "-" "Apache-HttpClient/4.5.2 (Java/1.8.0_161)"
14.116.211.167 - - [26/Apr/2025:02:35:58 -0400] "POST /xmlrpc.php HTTP/1.1" 200 0 "-" "Apache-HttpClient/4.5.2 (Java/1.8.0_161)"
14.116.211.167 - - [26/Apr/2025:02:36:05 -0400] "POST /xmlrpc.php HTTP/1.1" 200 0 "-" "Apache-HttpClient/4.5.2 (Java/1.8.0_161)"
14.116.211.167 - - [26/Apr/2025:02:36:10 -0400] "POST /xmlrpc.php HTTP/1.1" 200 0 "-" "Apache-HttpClient/4.5.2 (Java/1.8.0_161)"
14.116.211.167 - - [26/Apr/2025:02:36:15 -0400] "POST /xmlrpc.php HTTP/1.1" 200 0 "-" "Apache-HttpClient/4.5.2 (Java/1.8.0_161)"
14.116.211.167 - - [26/Apr/2025:02:36:21 -0400] "POST /xmlrpc.php HTTP/1.1" 200 0 "-" "Apache-HttpClient/4.5.2 (Java/1.8.0_161)"
14.116.211.167 - - [26/Apr/2025:02:36:26 -0400] "POST /xmlrpc.php HTTP/1.1" 200 0 "-" "Apache-HttpClient/4.5.2 (Java/1.8.0_161)"
14.116.211.167 - - [26/Apr/2025:02:36:32 -0400] "POST /xmlrpc.php HTTP/1.1" 200 0 "-" "Apache-HttpClient/4.5.2 (Java/1.8.0_161)"
14.116.211.167 - - [26/Apr/2025:02:36:38 -0400] "POST /xmlrpc.php HTTP/1.1" 200 0 "-" "Apache-HttpClient/4.5.2 (Java/1.8.0_161)"
14.116.211.167 - - [26/Apr/2025:02:36:44 -0400] "POST /xmlrpc.php HTTP/1.1" 200 0 "-" "Apache-HttpClient/4.5.2 (Java/1.8.0_161)"
14.116.211.167 - - [26/Apr/2025:02:36:49 -0400] "POST /xmlrpc.php HTTP/1.1" 200 0 "-" "Apache-HttpClient/4.5.2 (Java/1.8.0_161)"
14.116.211.167 - - [26/Apr/2025:02:36:54 -0400] "POST /xmlrpc.php HTTP/1.1" 200 0 "-" "Apache-HttpClient/4.5.2 (Java/1.8.0_161)"
14.116.211.167 - - [26/Apr/2025:02:37:03 -0400] "POST /xmlrpc.php HTTP/1.1" 200 0 "-" "Apache-HttpClient/4.5.2 (Java/1.8.0_161)"
14.116.211.167 - - [26/Apr/2025:02:37:08 -0400] "POST /xmlrpc.php HTTP/1.1" 200 0 "-" "Apache-HttpClient/4.5.2 (Java/1.8.0_161)"
14.116.211.167 - - [26/Apr/2025:02:37:14 -0400] "POST /xmlrpc.php HTTP/1.1" 200 0 "-" "Apache-HttpClient/4.5.2 (Java/1.8.0_161)"
14.116.211.167 - - [26/Apr/2025:02:37:22 -0400] "POST /xmlrpc.php HTTP/1.1" 200 0 "-" "Apache-HttpClient/4.5.2 (Java/1.8.0_161)"
14.116.211.167 - - [26/Apr/2025:02:37:27 -0400] "POST /xmlrpc.php HTTP/1.1" 200 0 "-" "Apache-HttpClient/4.5.2 (Java/1.8.0_161)"
66.29.132.124 - - [26/Apr/2025:02:47:37 -0400] "POST /wp-cron.php?doing_wp_cron=1745650057.6509160995483398437500 HTTP/1.1" 200 0 "-" "WordPress/6.8; https://arsn.media"
66.29.132.124 - - [26/Apr/2025:02:47:41 -0400] "POST /wp-admin/admin-ajax.php?action=async_litespeed&nonce=4drLUw9TWeurVBt8PfBmVS3743Ruh2Au&litespeed_type=imgoptm HTTP/1.1" 200 0 "-" "WordPress/6.8; https://arsn.media"
43.135.183.82 - - [26/Apr/2025:02:47:24 -0400] "GET /2025/01/23/local-seo-for-pest-control-how-to-leverage-google-my-business-for-better-results/ HTTP/1.1" 200 72221 "-" "Mozilla/5.0 (iPhone; CPU iPhone OS 13_2_3 like Mac OS X) AppleWebKit/605.1.15 (KHTML, like Gecko) Version/13.0.3 Mobile/15E148 Safari/604.1"
40.77.167.65 - - [26/Apr/2025:02:53:58 -0400] "GET /wp-content/uploads/2020/09/ARSN-Final-Logos-scaled.jpg HTTP/1.1" 200 257347 "-" "Mozilla/5.0 AppleWebKit/537.36 (KHTML, like Gecko; compatible; bingbot/2.0; +http://www.bing.com/bingbot.htm) Chrome/116.0.1938.76 Safari/537.36"
114.119.136.243 - - [26/Apr/2025:02:56:55 -0400] "GET /blog/page/2/ HTTP/1.1" 200 63600 "https://arsn.media/blog/" "Mozilla/5.0 (Linux; Android 7.0;) AppleWebKit/537.36 (KHTML, like Gecko) Mobile Safari/537.36 (compatible; PetalBot;+https://webmaster.petalsearch.com/site/petalbot)"
66.29.132.124 - - [26/Apr/2025:03:00:15 -0400] "POST /wp-cron.php?doing_wp_cron=1745650814.4996860027313232421875 HTTP/1.1" 200 0 "-" "WordPress/6.8; https://arsn.media"
170.106.152.218 - - [26/Apr/2025:02:59:53 -0400] "GET /wp-json/wp/v2/posts/13107 HTTP/1.1" 200 38366 "-" "Mozilla/5.0 (iPhone; CPU iPhone OS 13_2_3 like Mac OS X) AppleWebKit/605.1.15 (KHTML, like Gecko) Version/13.0.3 Mobile/15E148 Safari/604.1"
66.29.132.124 - - [26/Apr/2025:03:00:21 -0400] "POST /wp-admin/admin-ajax.php?action=async_litespeed&nonce=3IrWSAD5HVW7EGSoA7rkekNGZC6f96pO&litespeed_type=imgoptm HTTP/1.1" 200 0 "-" "WordPress/6.8; https://arsn.media"
66.29.132.124 - - [26/Apr/2025:03:18:49 -0400] "POST /wp-cron.php?doing_wp_cron=1745651929.7369570732116699218750 HTTP/1.1" 200 0 "-" "WordPress/6.8; https://arsn.media"
43.157.172.39 - - [26/Apr/2025:03:18:27 -0400] "GET /wp-json/oembed/1.0/embed?url=https%3A%2F%2Farsn.media%2F2025%2F01%2F09%2Fthe-importance-of-local-seo-for-pest-control-companies-and-how-to-achieve-it%2F&format=xml HTTP/1.1" 200 1361 "-" "Mozilla/5.0 (iPhone; CPU iPhone OS 13_2_3 like Mac OS X) AppleWebKit/605.1.15 (KHTML, like Gecko) Version/13.0.3 Mobile/15E148 Safari/604.1"
66.29.132.124 - - [26/Apr/2025:03:18:51 -0400] "POST /wp-admin/admin-ajax.php?action=async_litespeed&nonce=cuVqXHDuDehzzeSIveQ64O6xSNWGDY83&litespeed_type=imgoptm HTTP/1.1" 200 0 "-" "WordPress/6.8; https://arsn.media"
66.29.132.124 - - [26/Apr/2025:03:25:27 -0400] "POST /wp-cron.php?doing_wp_cron=1745652327.2784850597381591796875 HTTP/1.1" 200 0 "-" "WordPress/6.8; https://arsn.media"
185.228.3.84 - - [26/Apr/2025:03:25:12 -0400] "GET /wp-includes/ID3/index.php HTTP/1.1" 301 0 "-" "Mozilla/5.0 (Linux; Android 7.0; SM-G892A Build/NRD90M; wv) AppleWebKit/537.36 (KHTML, like Gecko) Version/4.0 Chrome/60.0.3112.107 Mobile Safari/537.36"
185.228.3.84 - - [26/Apr/2025:03:25:29 -0400] "GET /wp-includes/ID3/ HTTP/1.1" 403 1242 "-" "Mozilla/5.0 (Linux; Android 7.0; SM-G892A Build/NRD90M; wv) AppleWebKit/537.36 (KHTML, like Gecko) Version/4.0 Chrome/60.0.3112.107 Mobile Safari/537.36"
66.29.132.124 - - [26/Apr/2025:03:25:28 -0400] "POST /wp-admin/admin-ajax.php?action=async_litespeed&nonce=jZttneWFZTZ8ar2AU6lD6H4QJFHvx4lV&litespeed_type=imgoptm HTTP/1.1" 200 0 "-" "WordPress/6.8; https://arsn.media"
185.228.3.88 - - [26/Apr/2025:03:25:33 -0400] "GET /wp-content/plugins/index.php HTTP/1.1" 200 0 "-" "Mozilla/5.0 (Linux; Android 7.0; SM-G892A Build/NRD90M; wv) AppleWebKit/537.36 (KHTML, like Gecko) Version/4.0 Chrome/60.0.3112.107 Mobile Safari/537.36"
66.29.132.124 - - [26/Apr/2025:03:25:38 -0400] "POST /wp-cron.php?doing_wp_cron=1745652338.1099181175231933593750 HTTP/1.1" 200 0 "-" "WordPress/6.8; https://arsn.media"
185.228.3.93 - - [26/Apr/2025:03:25:36 -0400] "GET /wp-admin/network/index.php HTTP/1.1" 302 0 "-" "Mozilla/5.0 (Linux; Android 7.0; SM-G892A Build/NRD90M; wv) AppleWebKit/537.36 (KHTML, like Gecko) Version/4.0 Chrome/60.0.3112.107 Mobile Safari/537.36"
185.228.3.93 - - [26/Apr/2025:03:25:38 -0400] "GET /wp-login.php?redirect_to=https%3A%2F%2Farsn.media%2Fwp-admin%2Fnetwork%2Findex.php&reauth=1 HTTP/1.1" 200 2147 "-" "Mozilla/5.0 (Linux; Android 7.0; SM-G892A Build/NRD90M; wv) AppleWebKit/537.36 (KHTML, like Gecko) Version/4.0 Chrome/60.0.3112.107 Mobile Safari/537.36"
66.29.132.124 - - [26/Apr/2025:03:25:39 -0400] "POST /wp-admin/admin-ajax.php?action=async_litespeed&nonce=mTVwJM8sE5lxjKMtw1rfbPLkHmnytRLP&litespeed_type=imgoptm HTTP/1.1" 200 0 "-" "WordPress/6.8; https://arsn.media"
185.228.3.93 - - [26/Apr/2025:03:25:42 -0400] "GET /wp-includes/IXR/index.php HTTP/1.1" 301 0 "-" "Mozilla/5.0 (Linux; Android 7.0; SM-G892A Build/NRD90M; wv) AppleWebKit/537.36 (KHTML, like Gecko) Version/4.0 Chrome/60.0.3112.107 Mobile Safari/537.36"
185.228.3.93 - - [26/Apr/2025:03:25:44 -0400] "GET /wp-includes/IXR/ HTTP/1.1" 403 1242 "-" "Mozilla/5.0 (Linux; Android 7.0; SM-G892A Build/NRD90M; wv) AppleWebKit/537.36 (KHTML, like Gecko) Version/4.0 Chrome/60.0.3112.107 Mobile Safari/537.36"
66.29.132.124 - - [26/Apr/2025:03:25:54 -0400] "POST /wp-cron.php?doing_wp_cron=1745652354.0489211082458496093750 HTTP/1.1" 200 0 "-" "WordPress/6.8; https://arsn.media"
185.228.3.89 - - [26/Apr/2025:03:25:53 -0400] "GET /wp-admin/images/index.php HTTP/1.1" 301 0 "-" "Mozilla/5.0 (Linux; Android 7.0; SM-G892A Build/NRD90M; wv) AppleWebKit/537.36 (KHTML, like Gecko) Version/4.0 Chrome/60.0.3112.107 Mobile Safari/537.36"
185.228.3.89 - - [26/Apr/2025:03:25:54 -0400] "GET /wp-admin/images/ HTTP/1.1" 403 1242 "-" "Mozilla/5.0 (Linux; Android 7.0; SM-G892A Build/NRD90M; wv) AppleWebKit/537.36 (KHTML, like Gecko) Version/4.0 Chrome/60.0.3112.107 Mobile Safari/537.36"
43.131.39.179 - - [26/Apr/2025:03:25:57 -0400] "GET /wp-content/fonts/roboto/KFOMCnqEu92Fr1ME7kSn66aGLdTylUAMQXC89YmC2DPNWubEbVmZiArmlw.woff2 HTTP/1.1" 200 16848 "-" "Mozilla/5.0 (iPhone; CPU iPhone OS 13_2_3 like Mac OS X) AppleWebKit/605.1.15 (KHTML, like Gecko) Version/13.0.3 Mobile/15E148 Safari/604.1"
185.228.3.70 - - [26/Apr/2025:03:25:58 -0400] "GET /wp-login.php HTTP/1.1" 200 2130 "-" "Mozilla/5.0 (Linux; Android 7.0; SM-G892A Build/NRD90M; wv) AppleWebKit/537.36 (KHTML, like Gecko) Version/4.0 Chrome/60.0.3112.107 Mobile Safari/537.36"
185.228.3.102 - - [26/Apr/2025:03:26:00 -0400] "GET /wp-content/plugins/admin.php HTTP/1.1" 404 61087 "-" "Mozilla/5.0 (Linux; Android 7.0; SM-G892A Build/NRD90M; wv) AppleWebKit/537.36 (KHTML, like Gecko) Version/4.0 Chrome/60.0.3112.107 Mobile Safari/537.36"
185.228.3.89 - - [26/Apr/2025:03:26:21 -0400] "GET /wp-admin.php HTTP/1.1" 404 61856 "-" "Mozilla/5.0 (Linux; Android 7.0; SM-G892A Build/NRD90M; wv) AppleWebKit/537.36 (KHTML, like Gecko) Version/4.0 Chrome/60.0.3112.107 Mobile Safari/537.36"
185.228.3.60 - - [26/Apr/2025:03:26:27 -0400] "GET /wp-content/plugins/Core-Econ/upH.php HTTP/1.1" 404 62690 "-" "Mozilla/5.0 (Linux; Android 7.0; SM-G892A Build/NRD90M; wv) AppleWebKit/537.36 (KHTML, like Gecko) Version/4.0 Chrome/60.0.3112.107 Mobile Safari/537.36"
66.29.132.124 - - [26/Apr/2025:03:26:41 -0400] "POST /wp-cron.php?doing_wp_cron=1745652401.2612619400024414062500 HTTP/1.1" 200 0 "-" "WordPress/6.8; https://arsn.media"
66.29.132.124 - - [26/Apr/2025:03:26:43 -0400] "POST /wp-admin/admin-ajax.php?action=async_litespeed&nonce=1ndeqzDibFGQexLUshtLLzXaLWFORvAA&litespeed_type=imgoptm HTTP/1.1" 200 0 "-" "WordPress/6.8; https://arsn.media"
185.228.3.91 - - [26/Apr/2025:03:26:40 -0400] "GET /wp-content/plugins/fix/up.php HTTP/1.1" 404 61276 "-" "Mozilla/5.0 (Linux; Android 7.0; SM-G892A Build/NRD90M; wv) AppleWebKit/537.36 (KHTML, like Gecko) Version/4.0 Chrome/60.0.3112.107 Mobile Safari/537.36"
66.29.132.124 - - [26/Apr/2025:03:26:45 -0400] "POST /wp-admin/admin-ajax.php?action=as_async_request_queue_runner&nonce=874121055a HTTP/1.1" 200 0 "-" "WordPress/6.8; https://arsn.media"
183.82.161.224 - - [26/Apr/2025:03:26:53 -0400] "GET / HTTP/1.1" 200 48700 "-" "Mozilla/5.0 (Windows NT 10.0; Win64; x64) AppleWebKit/537.36 (KHTML, like Gecko) Chrome/135.0.0.0 Safari/537.36"
183.82.161.224 - - [26/Apr/2025:03:26:54 -0400] "GET /about-company/ HTTP/1.1" 200 43637 "-" "Mozilla/5.0 (Windows NT 10.0; Win64; x64) AppleWebKit/537.36 (KHTML, like Gecko) Chrome/135.0.0.0 Safari/537.36"
183.82.161.224 - - [26/Apr/2025:03:26:54 -0400] "GET /contacts/ HTTP/1.1" 200 40458 "-" "Mozilla/5.0 (Windows NT 10.0; Win64; x64) AppleWebKit/537.36 (KHTML, like Gecko) Chrome/135.0.0.0 Safari/537.36"
66.29.132.124 - - [26/Apr/2025:03:27:06 -0400] "POST /wp-cron.php?doing_wp_cron=1745652425.9315741062164306640625 HTTP/1.1" 200 0 "-" "WordPress/6.8; https://arsn.media"
185.228.3.105 - - [26/Apr/2025:03:27:04 -0400] "GET /wp-content/plugins/pwnd/pwnd.php HTTP/1.1" 404 62602 "-" "Mozilla/5.0 (Linux; Android 7.0; SM-G892A Build/NRD90M; wv) AppleWebKit/537.36 (KHTML, like Gecko) Version/4.0 Chrome/60.0.3112.107 Mobile Safari/537.36"
185.228.3.73 - - [26/Apr/2025:03:27:18 -0400] "GET /wp-content/plugins/shell/noimg.php HTTP/1.1" 404 60916 "-" "Mozilla/5.0 (Linux; Android 7.0; SM-G892A Build/NRD90M; wv) AppleWebKit/537.36 (KHTML, like Gecko) Version/4.0 Chrome/60.0.3112.107 Mobile Safari/537.36"
185.228.3.74 - - [26/Apr/2025:03:27:25 -0400] "GET /wp-content/plugins/pwnd-1/pwnd.php HTTP/1.1" 404 61293 "-" "Mozilla/5.0 (Linux; Android 7.0; SM-G892A Build/NRD90M; wv) AppleWebKit/537.36 (KHTML, like Gecko) Version/4.0 Chrome/60.0.3112.107 Mobile Safari/537.36"
66.29.132.124 - - [26/Apr/2025:03:27:35 -0400] "POST /wp-cron.php?doing_wp_cron=1745652455.4363930225372314453125 HTTP/1.1" 200 0 "-" "WordPress/6.8; https://arsn.media"
66.29.132.124 - - [26/Apr/2025:03:27:36 -0400] "POST /wp-admin/admin-ajax.php?action=async_litespeed&nonce=PL94KTnezVWZyPnpTVBwQuRwRXodaoZx&litespeed_type=imgoptm HTTP/1.1" 200 0 "-" "WordPress/6.8; https://arsn.media"
185.228.3.74 - - [26/Apr/2025:03:27:34 -0400] "GET /wp-content/plugins/dummyyummy/wp-signup.php HTTP/1.1" 404 62354 "-" "Mozilla/5.0 (Linux; Android 7.0; SM-G892A Build/NRD90M; wv) AppleWebKit/537.36 (KHTML, like Gecko) Version/4.0 Chrome/60.0.3112.107 Mobile Safari/537.36"
66.29.132.124 - - [26/Apr/2025:03:27:51 -0400] "POST /wp-cron.php?doing_wp_cron=1745652471.2754878997802734375000 HTTP/1.1" 200 0 "-" "WordPress/6.8; https://arsn.media"
185.228.3.97 - - [26/Apr/2025:03:27:50 -0400] "GET /wp-content/plugins/clara/clara.php HTTP/1.1" 404 60913 "-" "Mozilla/5.0 (Linux; Android 7.0; SM-G892A Build/NRD90M; wv) AppleWebKit/537.36 (KHTML, like Gecko) Version/4.0 Chrome/60.0.3112.107 Mobile Safari/537.36"
185.228.3.65 - - [26/Apr/2025:03:28:09 -0400] "GET /wp-content/uploads/shell.php HTTP/1.1" 404 60817 "-" "Mozilla/5.0 (Linux; Android 7.0; SM-G892A Build/NRD90M; wv) AppleWebKit/537.36 (KHTML, like Gecko) Version/4.0 Chrome/60.0.3112.107 Mobile Safari/537.36"
185.228.3.84 - - [26/Apr/2025:03:28:19 -0400] "GET /wp-content/themes/twentytwenty/shell.php HTTP/1.1" 404 63057 "-" "Mozilla/5.0 (Linux; Android 7.0; SM-G892A Build/NRD90M; wv) AppleWebKit/537.36 (KHTML, like Gecko) Version/4.0 Chrome/60.0.3112.107 Mobile Safari/537.36"
185.228.3.90 - - [26/Apr/2025:03:28:30 -0400] "GET /wp-content/mu-plugins/shell.php HTTP/1.1" 404 62568 "-" "Mozilla/5.0 (Linux; Android 7.0; SM-G892A Build/NRD90M; wv) AppleWebKit/537.36 (KHTML, like Gecko) Version/4.0 Chrome/60.0.3112.107 Mobile Safari/537.36"
66.29.132.124 - - [26/Apr/2025:03:28:40 -0400] "POST /wp-cron.php?doing_wp_cron=1745652520.1623449325561523437500 HTTP/1.1" 200 0 "-" "WordPress/6.8; https://arsn.media"
185.228.3.82 - - [26/Apr/2025:03:28:38 -0400] "GET /wp-admin/shell.php HTTP/1.1" 404 61294 "-" "Mozilla/5.0 (Linux; Android 7.0; SM-G892A Build/NRD90M; wv) AppleWebKit/537.36 (KHTML, like Gecko) Version/4.0 Chrome/60.0.3112.107 Mobile Safari/537.36"
66.29.132.124 - - [26/Apr/2025:03:28:41 -0400] "POST /wp-admin/admin-ajax.php?action=async_litespeed&nonce=v5Lvxkhj6ivnwnFQOtAeJO9SCVl9kUWK&litespeed_type=imgoptm HTTP/1.1" 200 0 "-" "WordPress/6.8; https://arsn.media"
66.29.132.124 - - [26/Apr/2025:03:28:52 -0400] "POST /wp-cron.php?doing_wp_cron=1745652531.9881629943847656250000 HTTP/1.1" 200 0 "-" "WordPress/6.8; https://arsn.media"
185.228.3.62 - - [26/Apr/2025:03:28:50 -0400] "GET /wp-admin/network/index.php HTTP/1.1" 302 0 "-" "Mozilla/5.0 (Linux; Android 7.0; SM-G892A Build/NRD90M; wv) AppleWebKit/537.36 (KHTML, like Gecko) Version/4.0 Chrome/60.0.3112.107 Mobile Safari/537.36"
185.228.3.62 - - [26/Apr/2025:03:28:52 -0400] "GET /wp-login.php?redirect_to=https%3A%2F%2Farsn.media%2Fwp-admin%2Fnetwork%2Findex.php&reauth=1 HTTP/1.1" 200 2147 "-" "Mozilla/5.0 (Linux; Android 7.0; SM-G892A Build/NRD90M; wv) AppleWebKit/537.36 (KHTML, like Gecko) Version/4.0 Chrome/60.0.3112.107 Mobile Safari/537.36"
185.228.3.98 - - [26/Apr/2025:03:28:55 -0400] "GET /wp-admin/js/index.php HTTP/1.1" 301 0 "-" "Mozilla/5.0 (Linux; Android 7.0; SM-G892A Build/NRD90M; wv) AppleWebKit/537.36 (KHTML, like Gecko) Version/4.0 Chrome/60.0.3112.107 Mobile Safari/537.36"
185.228.3.98 - - [26/Apr/2025:03:28:57 -0400] "GET /wp-admin/js/ HTTP/1.1" 403 1242 "-" "Mozilla/5.0 (Linux; Android 7.0; SM-G892A Build/NRD90M; wv) AppleWebKit/537.36 (KHTML, like Gecko) Version/4.0 Chrome/60.0.3112.107 Mobile Safari/537.36"
185.228.3.68 - - [26/Apr/2025:03:29:02 -0400] "GET /wp-admin/images/index.php HTTP/1.1" 301 0 "-" "Mozilla/5.0 (Linux; Android 7.0; SM-G892A Build/NRD90M; wv) AppleWebKit/537.36 (KHTML, like Gecko) Version/4.0 Chrome/60.0.3112.107 Mobile Safari/537.36"
185.228.3.68 - - [26/Apr/2025:03:29:02 -0400] "GET /wp-admin/images/ HTTP/1.1" 403 1242 "-" "Mozilla/5.0 (Linux; Android 7.0; SM-G892A Build/NRD90M; wv) AppleWebKit/537.36 (KHTML, like Gecko) Version/4.0 Chrome/60.0.3112.107 Mobile Safari/537.36"
185.228.3.86 - - [26/Apr/2025:03:29:09 -0400] "GET /wp-admin/css/index.php HTTP/1.1" 301 0 "-" "Mozilla/5.0 (Linux; Android 7.0; SM-G892A Build/NRD90M; wv) AppleWebKit/537.36 (KHTML, like Gecko) Version/4.0 Chrome/60.0.3112.107 Mobile Safari/537.36"
185.228.3.86 - - [26/Apr/2025:03:29:11 -0400] "GET /wp-admin/css/ HTTP/1.1" 403 1242 "-" "Mozilla/5.0 (Linux; Android 7.0; SM-G892A Build/NRD90M; wv) AppleWebKit/537.36 (KHTML, like Gecko) Version/4.0 Chrome/60.0.3112.107 Mobile Safari/537.36"
185.228.3.69 - - [26/Apr/2025:03:29:15 -0400] "GET /wp-includes/SimplePie/Content/Type/index.php HTTP/1.1" 301 0 "-" "Mozilla/5.0 (Linux; Android 7.0; SM-G892A Build/NRD90M; wv) AppleWebKit/537.36 (KHTML, like Gecko) Version/4.0 Chrome/60.0.3112.107 Mobile Safari/537.36"
185.228.3.69 - - [26/Apr/2025:03:29:17 -0400] "GET /wp-includes/SimplePie/Content/Type/ HTTP/1.1" 404 62344 "-" "Mozilla/5.0 (Linux; Android 7.0; SM-G892A Build/NRD90M; wv) AppleWebKit/537.36 (KHTML, like Gecko) Version/4.0 Chrome/60.0.3112.107 Mobile Safari/537.36"
185.228.3.81 - - [26/Apr/2025:03:29:26 -0400] "GET /wp-includes/Requests/Auth/index.php HTTP/1.1" 301 0 "-" "Mozilla/5.0 (Linux; Android 7.0; SM-G892A Build/NRD90M; wv) AppleWebKit/537.36 (KHTML, like Gecko) Version/4.0 Chrome/60.0.3112.107 Mobile Safari/537.36"
185.228.3.81 - - [26/Apr/2025:03:29:27 -0400] "GET /wp-includes/Requests/Auth/ HTTP/1.1" 404 61789 "-" "Mozilla/5.0 (Linux; Android 7.0; SM-G892A Build/NRD90M; wv) AppleWebKit/537.36 (KHTML, like Gecko) Version/4.0 Chrome/60.0.3112.107 Mobile Safari/537.36"
66.29.132.124 - - [26/Apr/2025:03:29:39 -0400] "POST /wp-cron.php?doing_wp_cron=1745652579.9229490756988525390625 HTTP/1.1" 200 0 "-" "WordPress/6.8; https://arsn.media"
185.228.3.55 - - [26/Apr/2025:03:29:39 -0400] "GET /wp-admin/css/colors/index.php HTTP/1.1" 301 0 "-" "Mozilla/5.0 (Linux; Android 7.0; SM-G892A Build/NRD90M; wv) AppleWebKit/537.36 (KHTML, like Gecko) Version/4.0 Chrome/60.0.3112.107 Mobile Safari/537.36"
185.228.3.55 - - [26/Apr/2025:03:29:40 -0400] "GET /wp-admin/css/colors/ HTTP/1.1" 403 1242 "-" "Mozilla/5.0 (Linux; Android 7.0; SM-G892A Build/NRD90M; wv) AppleWebKit/537.36 (KHTML, like Gecko) Version/4.0 Chrome/60.0.3112.107 Mobile Safari/537.36"
66.29.132.124 - - [26/Apr/2025:03:29:40 -0400] "POST /wp-admin/admin-ajax.php?action=async_litespeed&nonce=fZ5mH3CP3lNjbsIlkZPg0FjanV4D2P26&litespeed_type=imgoptm HTTP/1.1" 200 0 "-" "WordPress/6.8; https://arsn.media"
185.228.3.99 - - [26/Apr/2025:03:29:44 -0400] "GET /wp-content/languages/index.php HTTP/1.1" 301 0 "-" "Mozilla/5.0 (Linux; Android 7.0; SM-G892A Build/NRD90M; wv) AppleWebKit/537.36 (KHTML, like Gecko) Version/4.0 Chrome/60.0.3112.107 Mobile Safari/537.36"
185.228.3.99 - - [26/Apr/2025:03:29:46 -0400] "GET /wp-content/languages/ HTTP/1.1" 404 61885 "-" "Mozilla/5.0 (Linux; Android 7.0; SM-G892A Build/NRD90M; wv) AppleWebKit/537.36 (KHTML, like Gecko) Version/4.0 Chrome/60.0.3112.107 Mobile Safari/537.36"
66.29.132.124 - - [26/Apr/2025:03:29:59 -0400] "POST /wp-cron.php?doing_wp_cron=1745652599.3524670600891113281250 HTTP/1.1" 200 0 "-" "WordPress/6.8; https://arsn.media"
185.228.3.102 - - [26/Apr/2025:03:29:58 -0400] "GET /wp-content/upgrade/index.php HTTP/1.1" 301 0 "-" "Mozilla/5.0 (Linux; Android 7.0; SM-G892A Build/NRD90M; wv) AppleWebKit/537.36 (KHTML, like Gecko) Version/4.0 Chrome/60.0.3112.107 Mobile Safari/537.36"
185.228.3.102 - - [26/Apr/2025:03:30:00 -0400] "GET /wp-content/upgrade/ HTTP/1.1" 403 1242 "-" "Mozilla/5.0 (Linux; Android 7.0; SM-G892A Build/NRD90M; wv) AppleWebKit/537.36 (KHTML, like Gecko) Version/4.0 Chrome/60.0.3112.107 Mobile Safari/537.36"
185.228.3.63 - - [26/Apr/2025:03:30:07 -0400] "GET /wp-content/IXR/index.php HTTP/1.1" 301 0 "-" "Mozilla/5.0 (Linux; Android 7.0; SM-G892A Build/NRD90M; wv) AppleWebKit/537.36 (KHTML, like Gecko) Version/4.0 Chrome/60.0.3112.107 Mobile Safari/537.36"
185.228.3.63 - - [26/Apr/2025:03:30:11 -0400] "GET /wp-content/IXR/ HTTP/1.1" 404 61195 "-" "Mozilla/5.0 (Linux; Android 7.0; SM-G892A Build/NRD90M; wv) AppleWebKit/537.36 (KHTML, like Gecko) Version/4.0 Chrome/60.0.3112.107 Mobile Safari/537.36"
185.228.3.67 - - [26/Apr/2025:03:30:23 -0400] "GET /wp-content/plugins/index.php HTTP/1.1" 200 0 "-" "Mozilla/5.0 (Linux; Android 7.0; SM-G892A Build/NRD90M; wv) AppleWebKit/537.36 (KHTML, like Gecko) Version/4.0 Chrome/60.0.3112.107 Mobile Safari/537.36"
185.228.3.98 - - [26/Apr/2025:03:30:26 -0400] "GET /wp-content/themes/index.php HTTP/1.1" 200 0 "-" "Mozilla/5.0 (Linux; Android 7.0; SM-G892A Build/NRD90M; wv) AppleWebKit/537.36 (KHTML, like Gecko) Version/4.0 Chrome/60.0.3112.107 Mobile Safari/537.36"
185.228.3.90 - - [26/Apr/2025:03:30:28 -0400] "GET /wp-content/uploads/index.php HTTP/1.1" 301 0 "-" "Mozilla/5.0 (Linux; Android 7.0; SM-G892A Build/NRD90M; wv) AppleWebKit/537.36 (KHTML, like Gecko) Version/4.0 Chrome/60.0.3112.107 Mobile Safari/537.36"
185.228.3.90 - - [26/Apr/2025:03:30:30 -0400] "GET /wp-content/uploads/ HTTP/1.1" 403 1242 "-" "Mozilla/5.0 (Linux; Android 7.0; SM-G892A Build/NRD90M; wv) AppleWebKit/537.36 (KHTML, like Gecko) Version/4.0 Chrome/60.0.3112.107 Mobile Safari/537.36"
66.29.132.124 - - [26/Apr/2025:03:30:35 -0400] "POST /wp-cron.php?doing_wp_cron=1745652635.6673069000244140625000 HTTP/1.1" 200 0 "-" "WordPress/6.8; https://arsn.media"
185.228.3.68 - - [26/Apr/2025:03:30:34 -0400] "GET /wp-admin/includes/index.php HTTP/1.1" 301 0 "-" "Mozilla/5.0 (Linux; Android 7.0; SM-G892A Build/NRD90M; wv) AppleWebKit/537.36 (KHTML, like Gecko) Version/4.0 Chrome/60.0.3112.107 Mobile Safari/537.36"
185.228.3.68 - - [26/Apr/2025:03:30:36 -0400] "GET /wp-admin/includes/ HTTP/1.1" 403 1242 "-" "Mozilla/5.0 (Linux; Android 7.0; SM-G892A Build/NRD90M; wv) AppleWebKit/537.36 (KHTML, like Gecko) Version/4.0 Chrome/60.0.3112.107 Mobile Safari/537.36"
66.29.132.124 - - [26/Apr/2025:03:30:38 -0400] "POST /wp-admin/admin-ajax.php?action=async_litespeed&nonce=JYVV2AWPFbo568Dkwg93La4NMvSPq9xy&litespeed_type=imgoptm HTTP/1.1" 200 0 "-" "WordPress/6.8; https://arsn.media"
66.29.132.124 - - [26/Apr/2025:03:30:50 -0400] "POST /wp-cron.php?doing_wp_cron=1745652650.4232850074768066406250 HTTP/1.1" 200 0 "-" "WordPress/6.8; https://arsn.media"
185.228.3.99 - - [26/Apr/2025:03:30:48 -0400] "GET /wp-includes/js/index.php HTTP/1.1" 301 0 "-" "Mozilla/5.0 (Linux; Android 7.0; SM-G892A Build/NRD90M; wv) AppleWebKit/537.36 (KHTML, like Gecko) Version/4.0 Chrome/60.0.3112.107 Mobile Safari/537.36"
185.228.3.99 - - [26/Apr/2025:03:30:52 -0400] "GET /wp-includes/js/ HTTP/1.1" 403 1242 "-" "Mozilla/5.0 (Linux; Android 7.0; SM-G892A Build/NRD90M; wv) AppleWebKit/537.36 (KHTML, like Gecko) Version/4.0 Chrome/60.0.3112.107 Mobile Safari/537.36"
185.228.3.83 - - [26/Apr/2025:03:30:56 -0400] "GET /wp-includes/Text/Diff/Engine/index.php HTTP/1.1" 301 0 "-" "Mozilla/5.0 (Linux; Android 7.0; SM-G892A Build/NRD90M; wv) AppleWebKit/537.36 (KHTML, like Gecko) Version/4.0 Chrome/60.0.3112.107 Mobile Safari/537.36"
185.228.3.83 - - [26/Apr/2025:03:30:57 -0400] "GET /wp-includes/Text/Diff/Engine/ HTTP/1.1" 403 1242 "-" "Mozilla/5.0 (Linux; Android 7.0; SM-G892A Build/NRD90M; wv) AppleWebKit/537.36 (KHTML, like Gecko) Version/4.0 Chrome/60.0.3112.107 Mobile Safari/537.36"
185.228.3.98 - - [26/Apr/2025:03:31:01 -0400] "GET /bk/index.php HTTP/1.1" 301 0 "-" "Mozilla/5.0 (Linux; Android 7.0; SM-G892A Build/NRD90M; wv) AppleWebKit/537.36 (KHTML, like Gecko) Version/4.0 Chrome/60.0.3112.107 Mobile Safari/537.36"
185.228.3.98 - - [26/Apr/2025:03:31:03 -0400] "GET /bk/ HTTP/1.1" 404 61053 "-" "Mozilla/5.0 (Linux; Android 7.0; SM-G892A Build/NRD90M; wv) AppleWebKit/537.36 (KHTML, like Gecko) Version/4.0 Chrome/60.0.3112.107 Mobile Safari/537.36"
185.228.3.92 - - [26/Apr/2025:03:31:11 -0400] "GET /wp-admin/bk/index.php HTTP/1.1" 301 0 "-" "Mozilla/5.0 (Linux; Android 7.0; SM-G892A Build/NRD90M; wv) AppleWebKit/537.36 (KHTML, like Gecko) Version/4.0 Chrome/60.0.3112.107 Mobile Safari/537.36"
185.228.3.92 - - [26/Apr/2025:03:31:12 -0400] "GET /wp-admin/bk/ HTTP/1.1" 404 61180 "-" "Mozilla/5.0 (Linux; Android 7.0; SM-G892A Build/NRD90M; wv) AppleWebKit/537.36 (KHTML, like Gecko) Version/4.0 Chrome/60.0.3112.107 Mobile Safari/537.36"
185.228.3.58 - - [26/Apr/2025:03:31:16 -0400] "GET /wp-content/bk/index.php HTTP/1.1" 301 0 "-" "Mozilla/5.0 (Linux; Android 7.0; SM-G892A Build/NRD90M; wv) AppleWebKit/537.36 (KHTML, like Gecko) Version/4.0 Chrome/60.0.3112.107 Mobile Safari/537.36"
185.228.3.58 - - [26/Apr/2025:03:31:18 -0400] "GET /wp-content/bk/ HTTP/1.1" 404 61908 "-" "Mozilla/5.0 (Linux; Android 7.0; SM-G892A Build/NRD90M; wv) AppleWebKit/537.36 (KHTML, like Gecko) Version/4.0 Chrome/60.0.3112.107 Mobile Safari/537.36"
185.228.3.72 - - [26/Apr/2025:03:31:26 -0400] "GET /wp-content/themes/bk/index.php HTTP/1.1" 301 0 "-" "Mozilla/5.0 (Linux; Android 7.0; SM-G892A Build/NRD90M; wv) AppleWebKit/537.36 (KHTML, like Gecko) Version/4.0 Chrome/60.0.3112.107 Mobile Safari/537.36"
185.228.3.72 - - [26/Apr/2025:03:31:27 -0400] "GET /wp-content/themes/bk/ HTTP/1.1" 404 61889 "-" "Mozilla/5.0 (Linux; Android 7.0; SM-G892A Build/NRD90M; wv) AppleWebKit/537.36 (KHTML, like Gecko) Version/4.0 Chrome/60.0.3112.107 Mobile Safari/537.36"
66.29.132.124 - - [26/Apr/2025:03:31:38 -0400] "POST /wp-cron.php?doing_wp_cron=1745652698.1060860157012939453125 HTTP/1.1" 200 0 "-" "WordPress/6.8; https://arsn.media"
185.228.3.99 - - [26/Apr/2025:03:31:36 -0400] "GET /wp-content/plugins/bk/index.php HTTP/1.1" 301 0 "-" "Mozilla/5.0 (Linux; Android 7.0; SM-G892A Build/NRD90M; wv) AppleWebKit/537.36 (KHTML, like Gecko) Version/4.0 Chrome/60.0.3112.107 Mobile Safari/537.36"
66.29.132.124 - - [26/Apr/2025:03:31:39 -0400] "POST /wp-admin/admin-ajax.php?action=async_litespeed&nonce=0c6ro25B99YZ1yKN662VOZtzeV53kmby&litespeed_type=imgoptm HTTP/1.1" 200 0 "-" "WordPress/6.8; https://arsn.media"
185.228.3.99 - - [26/Apr/2025:03:31:38 -0400] "GET /wp-content/plugins/bk/ HTTP/1.1" 404 61945 "-" "Mozilla/5.0 (Linux; Android 7.0; SM-G892A Build/NRD90M; wv) AppleWebKit/537.36 (KHTML, like Gecko) Version/4.0 Chrome/60.0.3112.107 Mobile Safari/537.36"
66.29.132.124 - - [26/Apr/2025:03:31:40 -0400] "POST /wp-admin/admin-ajax.php?action=as_async_request_queue_runner&nonce=874121055a HTTP/1.1" 200 0 "-" "WordPress/6.8; https://arsn.media"
66.29.132.124 - - [26/Apr/2025:03:31:53 -0400] "POST /wp-cron.php?doing_wp_cron=1745652713.9640119075775146484375 HTTP/1.1" 200 0 "-" "WordPress/6.8; https://arsn.media"
185.228.3.66 - - [26/Apr/2025:03:31:52 -0400] "GET /wp-content/uploads/bk/index.php HTTP/1.1" 301 0 "-" "Mozilla/5.0 (Linux; Android 7.0; SM-G892A Build/NRD90M; wv) AppleWebKit/537.36 (KHTML, like Gecko) Version/4.0 Chrome/60.0.3112.107 Mobile Safari/537.36"
185.228.3.66 - - [26/Apr/2025:03:31:55 -0400] "GET /wp-content/uploads/bk/ HTTP/1.1" 404 61942 "-" "Mozilla/5.0 (Linux; Android 7.0; SM-G892A Build/NRD90M; wv) AppleWebKit/537.36 (KHTML, like Gecko) Version/4.0 Chrome/60.0.3112.107 Mobile Safari/537.36"
185.228.3.91 - - [26/Apr/2025:03:32:08 -0400] "GET /wp-includes/bk/index.php HTTP/1.1" 301 0 "-" "Mozilla/5.0 (Linux; Android 7.0; SM-G892A Build/NRD90M; wv) AppleWebKit/537.36 (KHTML, like Gecko) Version/4.0 Chrome/60.0.3112.107 Mobile Safari/537.36"
185.228.3.91 - - [26/Apr/2025:03:32:10 -0400] "GET /wp-includes/bk/ HTTP/1.1" 404 61213 "-" "Mozilla/5.0 (Linux; Android 7.0; SM-G892A Build/NRD90M; wv) AppleWebKit/537.36 (KHTML, like Gecko) Version/4.0 Chrome/60.0.3112.107 Mobile Safari/537.36"
43.135.185.59 - - [26/Apr/2025:03:43:40 -0400] "GET /wp-content/fonts/roboto/KFOMCnqEu92Fr1ME7kSn66aGLdTylUAMQXC89YmC2DPNWubEbVn6iArmlw.woff2 HTTP/1.1" 200 10576 "-" "Mozilla/5.0 (iPhone; CPU iPhone OS 13_2_3 like Mac OS X) AppleWebKit/605.1.15 (KHTML, like Gecko) Version/13.0.3 Mobile/15E148 Safari/604.1"
77.75.78.172 - - [26/Apr/2025:03:46:45 -0400] "GET /ebook-marketing-services/ HTTP/1.1" 200 0 "-" "Mozilla/5.0 (compatible; SeznamBot/4.0; +https://o-seznam.cz/napoveda/vyhledavani/en/seznambot-crawler/)"
66.29.132.124 - - [26/Apr/2025:03:46:55 -0400] "POST /wp-cron.php?doing_wp_cron=1745653615.1725249290466308593750 HTTP/1.1" 200 0 "-" "WordPress/6.8; https://arsn.media"
66.29.132.124 - - [26/Apr/2025:03:46:56 -0400] "POST /wp-admin/admin-ajax.php?action=async_litespeed&nonce=9bpLGHSKo4u2awt73DOlQiTQfj28rIBg&litespeed_type=imgoptm HTTP/1.1" 200 0 "-" "WordPress/6.8; https://arsn.media"
66.29.132.124 - - [26/Apr/2025:03:47:53 -0400] "POST /wp-cron.php?doing_wp_cron=1745653673.5932409763336181640625 HTTP/1.1" 200 0 "-" "WordPress/6.8; https://arsn.media"
43.130.67.33 - - [26/Apr/2025:03:47:52 -0400] "GET /wp-admin/admin-ajax.php?action=process_simple_like&post_id=13194&nonce=3361b5d9fd&is_comment=0&disabled=true HTTP/1.1" 302 0 "-" "Mozilla/5.0 (iPhone; CPU iPhone OS 13_2_3 like Mac OS X) AppleWebKit/605.1.15 (KHTML, like Gecko) Version/13.0.3 Mobile/15E148 Safari/604.1"
66.29.132.124 - - [26/Apr/2025:03:47:54 -0400] "POST /wp-admin/admin-ajax.php?action=async_litespeed&nonce=OYk0XGaUUIIFFyPbk6qvFkxUF0kQnNBI&litespeed_type=imgoptm HTTP/1.1" 200 21 "-" "WordPress/6.8; https://arsn.media"
43.130.67.33 - - [26/Apr/2025:03:47:57 -0400] "GET /2025/01/23/local-seo-for-pest-control-how-to-leverage-google-my-business-for-better-results/ HTTP/1.1" 200 72221 "https://arsn.media/wp-admin/admin-ajax.php?action=process_simple_like&post_id=13194&nonce=3361b5d9fd&is_comment=0&disabled=true" "Mozilla/5.0 (iPhone; CPU iPhone OS 13_2_3 like Mac OS X) AppleWebKit/605.1.15 (KHTML, like Gecko) Version/13.0.3 Mobile/15E148 Safari/604.1"
66.29.132.124 - - [26/Apr/2025:03:52:13 -0400] "POST /wp-cron.php?doing_wp_cron=1745653933.2812180519104003906250 HTTP/1.1" 200 0 "-" "WordPress/6.8; https://arsn.media"
43.135.148.92 - - [26/Apr/2025:03:52:01 -0400] "GET / HTTP/1.1" 301 0 "http://www.arsn.media" "Mozilla/5.0 (iPhone; CPU iPhone OS 13_2_3 like Mac OS X) AppleWebKit/605.1.15 (KHTML, like Gecko) Version/13.0.3 Mobile/15E148 Safari/604.1"
66.29.132.124 - - [26/Apr/2025:03:52:14 -0400] "POST /wp-admin/admin-ajax.php?action=async_litespeed&nonce=XYjmyK1G5W1MP7SXhKiJEKpoIl56DRYO&litespeed_type=imgoptm HTTP/1.1" 200 0 "-" "WordPress/6.8; https://arsn.media"
43.135.148.92 - - [26/Apr/2025:03:52:16 -0400] "GET / HTTP/1.1" 200 72048 "https://www.arsn.media/" "Mozilla/5.0 (iPhone; CPU iPhone OS 13_2_3 like Mac OS X) AppleWebKit/605.1.15 (KHTML, like Gecko) Version/13.0.3 Mobile/15E148 Safari/604.1"
114.119.134.161 - - [26/Apr/2025:03:53:04 -0400] "GET /wp-content/uploads/2024/09/9780-compressed.jpg HTTP/1.1" 200 110403 "https://arsn.media/2024/09/27/exploring-niche-markets-how-to-start-a-bed-bug-extermination-business/" "Mozilla/5.0 (Linux; Android 7.0;) AppleWebKit/537.36 (KHTML, like Gecko) Mobile Safari/537.36 (compatible; PetalBot;+https://webmaster.petalsearch.com/site/petalbot)"
123.187.240.242 - - [26/Apr/2025:03:57:13 -0400] "GET / HTTP/1.1" 200 72048 "http://arsn.media" "Mozilla/5.0 (iPhone; CPU iPhone OS 13_2_3 like Mac OS X) AppleWebKit/605.1.15 (KHTML, like Gecko) Version/13.0.3 Mobile/15E148 Safari/604.1"
91.142.73.116 - - [26/Apr/2025:04:08:31 -0400] "GET / HTTP/1.0" 200 645986 "https://arsn.media/" "Mozilla/5.0 (Windows NT 10.0; Win64; x64) AppleWebKit/537.36 (KHTML, like Gecko) Chrome/131.0.0.0 Safari/537.36 Avast/131.0.0.0"
66.29.132.124 - - [26/Apr/2025:04:08:54 -0400] "POST /wp-cron.php?doing_wp_cron=1745654934.5731890201568603515625 HTTP/1.1" 200 0 "-" "WordPress/6.8; https://arsn.media"
66.29.132.124 - - [26/Apr/2025:04:08:55 -0400] "POST /wp-admin/admin-ajax.php?action=async_litespeed&nonce=CfG4VMD4sDykL6L5zDtJVK3GAHK9c44z&litespeed_type=imgoptm HTTP/1.1" 200 0 "-" "WordPress/6.8; https://arsn.media"
91.142.73.116 - - [26/Apr/2025:04:08:34 -0400] "POST /wp-admin/admin-ajax.php HTTP/1.0" 200 184 "https://arsn.media/" "Mozilla/5.0 (Windows NT 10.0; Win64; x64) AppleWebKit/537.36 (KHTML, like Gecko) Chrome/131.0.0.0 Safari/537.36 Avast/131.0.0.0"
66.29.132.124 - - [26/Apr/2025:04:08:56 -0400] "POST /wp-admin/admin-ajax.php?action=as_async_request_queue_runner&nonce=874121055a HTTP/1.1" 200 0 "-" "WordPress/6.8; https://arsn.media"
43.130.102.7 - - [26/Apr/2025:04:10:11 -0400] "GET /wp-content/fonts/roboto/KFOMCnqEu92Fr1ME7kSn66aGLdTylUAMQXC89YmC2DPNWubEbVmaiArmlw.woff2 HTTP/1.1" 200 13740 "-" "Mozilla/5.0 (iPhone; CPU iPhone OS 13_2_3 like Mac OS X) AppleWebKit/605.1.15 (KHTML, like Gecko) Version/13.0.3 Mobile/15E148 Safari/604.1"
66.29.132.124 - - [26/Apr/2025:04:11:31 -0400] "GET / HTTP/1.1" 200 639584 "-" "Mozilla/5.0 (Windows NT 10.0; Win64; x64; rv:122.0) Gecko/20100101 Firefox/122.0"
66.29.132.124 - - [26/Apr/2025:04:11:37 -0400] "GET /gillindustry HTTP/1.1" 301 795 "-" "Mozilla/5.0 (Windows NT 10.0; Win64; x64; rv:122.0) Gecko/20100101 Firefox/122.0"
66.29.132.124 - - [26/Apr/2025:04:11:45 -0400] "POST /gillindustry/wp-cron.php?doing_wp_cron=1745655105.2608139514923095703125 HTTP/1.1" 200 0 "-" "WordPress/6.8; https://arsn.media/gillindustry"
66.29.132.124 - - [26/Apr/2025:04:11:45 -0400] "POST /gillindustry/wp-admin/admin-ajax.php?action=async_litespeed&nonce=Jh8a5d3BXbN3ZraWonDAg8tAhpc0wNGI&litespeed_type=imgoptm HTTP/1.1" 200 0 "-" "WordPress/6.8; https://arsn.media/gillindustry"
66.29.132.124 - - [26/Apr/2025:04:11:38 -0400] "GET /gillindustry/ HTTP/1.1" 500 36488 "-" "Mozilla/5.0 (Windows NT 10.0; Win64; x64; rv:122.0) Gecko/20100101 Firefox/122.0"
57.141.4.24 - - [26/Apr/2025:04:17:05 -0400] "GET / HTTP/1.1" 200 639584 "-" "meta-externalagent/1.1 (+https://developers.facebook.com/docs/sharing/webmasters/crawler)"
124.29.192.9 - - [26/Apr/2025:04:24:00 -0400] "GET /personal-portfolio/ HTTP/1.1" 200 52394 "-" "Mozilla/5.0 (Linux; Android 10; K) AppleWebKit/537.36 (KHTML, like Gecko) Chrome/135.0.0.0 Mobile Safari/537.36"
124.29.192.9 - - [26/Apr/2025:04:24:01 -0400] "GET /wp-content/plugins/contact-form-7/includes/css/styles.css?ver=6.0.6 HTTP/1.1" 200 890 "https://arsn.media/personal-portfolio/" "Mozilla/5.0 (Linux; Android 10; K) AppleWebKit/537.36 (KHTML, like Gecko) Chrome/135.0.0.0 Mobile Safari/537.36"
124.29.192.9 - - [26/Apr/2025:04:24:01 -0400] "GET /wp-content/plugins/primary-addon-for-elementor/assets/css/niche-frame.css?ver=1.2 HTTP/1.1" 200 1009 "https://arsn.media/personal-portfolio/" "Mozilla/5.0 (Linux; Android 10; K) AppleWebKit/537.36 (KHTML, like Gecko) Chrome/135.0.0.0 Mobile Safari/537.36"
124.29.192.9 - - [26/Apr/2025:04:24:01 -0400] "GET /wp-content/plugins/elementor/assets/lib/font-awesome/css/font-awesome.min.css?ver=4.7.0 HTTP/1.1" 200 6657 "https://arsn.media/personal-portfolio/" "Mozilla/5.0 (Linux; Android 10; K) AppleWebKit/537.36 (KHTML, like Gecko) Chrome/135.0.0.0 Mobile Safari/537.36"
124.29.192.9 - - [26/Apr/2025:04:24:01 -0400] "GET /wp-content/plugins/primary-addon-for-elementor/assets/css/hover-min.css?ver=2.3.2 HTTP/1.1" 200 6307 "https://arsn.media/personal-portfolio/" "Mozilla/5.0 (Linux; Android 10; K) AppleWebKit/537.36 (KHTML, like Gecko) Chrome/135.0.0.0 Mobile Safari/537.36"
124.29.192.9 - - [26/Apr/2025:04:24:01 -0400] "GET /wp-content/plugins/primary-addon-for-elementor/assets/css/linea.min.css?ver=1.0.0 HTTP/1.1" 200 5115 "https://arsn.media/personal-portfolio/" "Mozilla/5.0 (Linux; Android 10; K) AppleWebKit/537.36 (KHTML, like Gecko) Chrome/135.0.0.0 Mobile Safari/537.36"
124.29.192.9 - - [26/Apr/2025:04:24:01 -0400] "GET /wp-content/plugins/primary-addon-for-elementor/assets/css/magnific-popup.min.css?ver=1.0 HTTP/1.1" 200 1432 "https://arsn.media/personal-portfolio/" "Mozilla/5.0 (Linux; Android 10; K) AppleWebKit/537.36 (KHTML, like Gecko) Chrome/135.0.0.0 Mobile Safari/537.36"
124.29.192.9 - - [26/Apr/2025:04:24:01 -0400] "GET /wp-content/plugins/primary-addon-for-elementor/assets/css/flickity.min.css?ver=2.2.1 HTTP/1.1" 200 553 "https://arsn.media/personal-portfolio/" "Mozilla/5.0 (Linux; Android 10; K) AppleWebKit/537.36 (KHTML, like Gecko) Chrome/135.0.0.0 Mobile Safari/537.36"
124.29.192.9 - - [26/Apr/2025:04:24:01 -0400] "GET /wp-content/plugins/primary-addon-for-elementor/assets/css/animate.min.css?ver=3.7.2 HTTP/1.1" 200 4011 "https://arsn.media/personal-portfolio/" "Mozilla/5.0 (Linux; Android 10; K) AppleWebKit/537.36 (KHTML, like Gecko) Chrome/135.0.0.0 Mobile Safari/537.36"
124.29.192.9 - - [26/Apr/2025:04:24:01 -0400] "GET /wp-content/plugins/primary-addon-for-elementor/assets/css/themify-icons.min.css?ver=1.0.0 HTTP/1.1" 200 2620 "https://arsn.media/personal-portfolio/" "Mozilla/5.0 (Linux; Android 10; K) AppleWebKit/537.36 (KHTML, like Gecko) Chrome/135.0.0.0 Mobile Safari/537.36"
124.29.192.9 - - [26/Apr/2025:04:24:01 -0400] "GET /wp-content/plugins/primary-addon-for-elementor/assets/css/icofont.min.css?ver=1.0.1 HTTP/1.1" 200 1600 "https://arsn.media/personal-portfolio/" "Mozilla/5.0 (Linux; Android 10; K) AppleWebKit/537.36 (KHTML, like Gecko) Chrome/135.0.0.0 Mobile Safari/537.36"
124.29.192.9 - - [26/Apr/2025:04:24:02 -0400] "GET /wp-content/plugins/primary-addon-for-elementor/assets/css/responsive.css?ver=1.2 HTTP/1.1" 200 1433 "https://arsn.media/personal-portfolio/" "Mozilla/5.0 (Linux; Android 10; K) AppleWebKit/537.36 (KHTML, like Gecko) Chrome/135.0.0.0 Mobile Safari/537.36"
124.29.192.9 - - [26/Apr/2025:04:24:02 -0400] "GET /wp-content/plugins/primary-addon-for-elementor/assets/css/owl.carousel.min.css?ver=2.3.4 HTTP/1.1" 200 915 "https://arsn.media/personal-portfolio/" "Mozilla/5.0 (Linux; Android 10; K) AppleWebKit/537.36 (KHTML, like Gecko) Chrome/135.0.0.0 Mobile Safari/537.36"
124.29.192.9 - - [26/Apr/2025:04:24:02 -0400] "GET /wp-content/plugins/primary-addon-for-elementor/assets/css/styles.css?ver=1.2 HTTP/1.1" 200 13347 "https://arsn.media/personal-portfolio/" "Mozilla/5.0 (Linux; Android 10; K) AppleWebKit/537.36 (KHTML, like Gecko) Chrome/135.0.0.0 Mobile Safari/537.36"
124.29.192.9 - - [26/Apr/2025:04:24:02 -0400] "GET /wp-content/plugins/primary-addon-for-elementor/assets/css/juxtapose.css?ver=1.2.1 HTTP/1.1" 200 1256 "https://arsn.media/personal-portfolio/" "Mozilla/5.0 (Linux; Android 10; K) AppleWebKit/537.36 (KHTML, like Gecko) Chrome/135.0.0.0 Mobile Safari/537.36"
124.29.192.9 - - [26/Apr/2025:04:24:02 -0400] "GET /wp-content/plugins/slider-video/Style/Rich-Web-Video-Slider-Widget.css?ver=6.8 HTTP/1.1" 200 417 "https://arsn.media/personal-portfolio/" "Mozilla/5.0 (Linux; Android 10; K) AppleWebKit/537.36 (KHTML, like Gecko) Chrome/135.0.0.0 Mobile Safari/537.36"
124.29.192.9 - - [26/Apr/2025:04:24:02 -0400] "GET /wp-content/plugins/slider-video/Style/richwebicons.css?ver=6.8 HTTP/1.1" 200 6462 "https://arsn.media/personal-portfolio/" "Mozilla/5.0 (Linux; Android 10; K) AppleWebKit/537.36 (KHTML, like Gecko) Chrome/135.0.0.0 Mobile Safari/537.36"
124.29.192.9 - - [26/Apr/2025:04:24:02 -0400] "GET /wp-content/plugins/widget-google-reviews/assets/css/public-main.css?ver=5.7.1 HTTP/1.1" 200 3520 "https://arsn.media/personal-portfolio/" "Mozilla/5.0 (Linux; Android 10; K) AppleWebKit/537.36 (KHTML, like Gecko) Chrome/135.0.0.0 Mobile Safari/537.36"
124.29.192.9 - - [26/Apr/2025:04:24:02 -0400] "GET /wp-content/themes/onum/css/bootstrap.css?ver=3.3.7 HTTP/1.1" 200 2342 "https://arsn.media/personal-portfolio/" "Mozilla/5.0 (Linux; Android 10; K) AppleWebKit/537.36 (KHTML, like Gecko) Chrome/135.0.0.0 Mobile Safari/537.36"
124.29.192.9 - - [26/Apr/2025:04:24:02 -0400] "GET /wp-content/themes/onum/css/font-awesome.css?ver=6.8 HTTP/1.1" 200 12196 "https://arsn.media/personal-portfolio/" "Mozilla/5.0 (Linux; Android 10; K) AppleWebKit/537.36 (KHTML, like Gecko) Chrome/135.0.0.0 Mobile Safari/537.36"
124.29.192.9 - - [26/Apr/2025:04:24:02 -0400] "GET /wp-content/themes/onum/css/flaticon.css?ver=6.8 HTTP/1.1" 200 1042 "https://arsn.media/personal-portfolio/" "Mozilla/5.0 (Linux; Android 10; K) AppleWebKit/537.36 (KHTML, like Gecko) Chrome/135.0.0.0 Mobile Safari/537.36"
124.29.192.9 - - [26/Apr/2025:04:24:02 -0400] "GET /wp-content/themes/onum/css/slick-theme.css?ver=6.8 HTTP/1.1" 200 592 "https://arsn.media/personal-portfolio/" "Mozilla/5.0 (Linux; Android 10; K) AppleWebKit/537.36 (KHTML, like Gecko) Chrome/135.0.0.0 Mobile Safari/537.36"
124.29.192.9 - - [26/Apr/2025:04:24:02 -0400] "GET /wp-content/themes/onum/css/slick.css?ver=6.8 HTTP/1.1" 200 487 "https://arsn.media/personal-portfolio/" "Mozilla/5.0 (Linux; Android 10; K) AppleWebKit/537.36 (KHTML, like Gecko) Chrome/135.0.0.0 Mobile Safari/537.36"
124.29.192.9 - - [26/Apr/2025:04:24:02 -0400] "GET /wp-content/themes/onum/style.css?ver=6.8 HTTP/1.1" 200 27645 "https://arsn.media/personal-portfolio/" "Mozilla/5.0 (Linux; Android 10; K) AppleWebKit/537.36 (KHTML, like Gecko) Chrome/135.0.0.0 Mobile Safari/537.36"
124.29.192.9 - - [26/Apr/2025:04:24:02 -0400] "GET /wp-content/themes/onum/inc/backend/css/simple-likes-public.css?ver=6.8 HTTP/1.1" 200 653 "https://arsn.media/personal-portfolio/" "Mozilla/5.0 (Linux; Android 10; K) AppleWebKit/537.36 (KHTML, like Gecko) Chrome/135.0.0.0 Mobile Safari/537.36"
