173.252.127.4 - - [26/Apr/2025:15:07:33 -0400] "GET /wp-content/uploads/2020/09/ARSN-Final-Logos-1536x706.jpg HTTP/1.1" 200 120879 "https://arsn.media/?fbclid=IwZXh0bgNhZW0CMTEAAR4Zxqh17eR3Ya11I9tedXP4v5JJEh7QMJIDdLoOOtJLIMhbfrNS67RnOLR63g_aem_fQOytZjDCUkZO8SbeOxWvA" "Mozilla/5.0 (X11; Linux x86_64) AppleWebKit/537.36 (KHTML, like Gecko) Chrome/135.0.0.0 Safari/537.36"
173.252.127.112 - - [26/Apr/2025:15:07:33 -0400] "GET /wp-content/uploads/2020/09/arsn-logo.png HTTP/1.1" 200 24236 "https://arsn.media/?fbclid=IwZXh0bgNhZW0CMTEAAR4Zxqh17eR3Ya11I9tedXP4v5JJEh7QMJIDdLoOOtJLIMhbfrNS67RnOLR63g_aem_fQOytZjDCUkZO8SbeOxWvA" "Mozilla/5.0 (X11; Linux x86_64) AppleWebKit/537.36 (KHTML, like Gecko) Chrome/135.0.0.0 Safari/537.36"
173.252.127.113 - - [26/Apr/2025:15:07:33 -0400] "GET /wp-content/uploads/2024/04/sec-badge1.png HTTP/1.1" 200 7539 "https://arsn.media/?fbclid=IwZXh0bgNhZW0CMTEAAR4Zxqh17eR3Ya11I9tedXP4v5JJEh7QMJIDdLoOOtJLIMhbfrNS67RnOLR63g_aem_fQOytZjDCUkZO8SbeOxWvA" "Mozilla/5.0 (X11; Linux x86_64) AppleWebKit/537.36 (KHTML, like Gecko) Chrome/135.0.0.0 Safari/537.36"
173.252.127.112 - - [26/Apr/2025:15:07:33 -0400] "GET /wp-content/uploads/2024/04/sec-badge2.png HTTP/1.1" 200 5952 "https://arsn.media/?fbclid=IwZXh0bgNhZW0CMTEAAR4Zxqh17eR3Ya11I9tedXP4v5JJEh7QMJIDdLoOOtJLIMhbfrNS67RnOLR63g_aem_fQOytZjDCUkZO8SbeOxWvA" "Mozilla/5.0 (X11; Linux x86_64) AppleWebKit/537.36 (KHTML, like Gecko) Chrome/135.0.0.0 Safari/537.36"
173.252.127.113 - - [26/Apr/2025:15:07:33 -0400] "GET /wp-content/uploads/2024/04/sec-badge3.png HTTP/1.1" 200 7625 "https://arsn.media/?fbclid=IwZXh0bgNhZW0CMTEAAR4Zxqh17eR3Ya11I9tedXP4v5JJEh7QMJIDdLoOOtJLIMhbfrNS67RnOLR63g_aem_fQOytZjDCUkZO8SbeOxWvA" "Mozilla/5.0 (X11; Linux x86_64) AppleWebKit/537.36 (KHTML, like Gecko) Chrome/135.0.0.0 Safari/537.36"
173.252.127.112 - - [26/Apr/2025:15:07:34 -0400] "GET /wp-content/uploads/elementor/css/post-11128.css?ver=1725367537 HTTP/1.1" 200 680 "https://arsn.media/?fbclid=IwZXh0bgNhZW0CMTEAAR4Zxqh17eR3Ya11I9tedXP4v5JJEh7QMJIDdLoOOtJLIMhbfrNS67RnOLR63g_aem_fQOytZjDCUkZO8SbeOxWvA" "Mozilla/5.0 (X11; Linux x86_64) AppleWebKit/537.36 (KHTML, like Gecko) Chrome/135.0.0.0 Safari/537.36"
173.252.127.113 - - [26/Apr/2025:15:07:34 -0400] "GET /wp-content/uploads/elementor/css/custom-widget-icon-list.min.css?ver=1725365059 HTTP/1.1" 200 846 "https://arsn.media/?fbclid=IwZXh0bgNhZW0CMTEAAR4Zxqh17eR3Ya11I9tedXP4v5JJEh7QMJIDdLoOOtJLIMhbfrNS67RnOLR63g_aem_fQOytZjDCUkZO8SbeOxWvA" "Mozilla/5.0 (X11; Linux x86_64) AppleWebKit/537.36 (KHTML, like Gecko) Chrome/135.0.0.0 Safari/537.36"
173.252.127.112 - - [26/Apr/2025:15:07:34 -0400] "GET /wp-content/uploads/elementor/css/post-3058.css?ver=1725365059 HTTP/1.1" 200 433 "https://arsn.media/?fbclid=IwZXh0bgNhZW0CMTEAAR4Zxqh17eR3Ya11I9tedXP4v5JJEh7QMJIDdLoOOtJLIMhbfrNS67RnOLR63g_aem_fQOytZjDCUkZO8SbeOxWvA" "Mozilla/5.0 (X11; Linux x86_64) AppleWebKit/537.36 (KHTML, like Gecko) Chrome/135.0.0.0 Safari/537.36"
173.252.127.113 - - [26/Apr/2025:15:07:34 -0400] "GET /wp-content/plugins/elementor/assets/css/widget-heading.min.css?ver=3.28.4 HTTP/1.1" 200 154 "https://arsn.media/?fbclid=IwZXh0bgNhZW0CMTEAAR4Zxqh17eR3Ya11I9tedXP4v5JJEh7QMJIDdLoOOtJLIMhbfrNS67RnOLR63g_aem_fQOytZjDCUkZO8SbeOxWvA" "Mozilla/5.0 (X11; Linux x86_64) AppleWebKit/537.36 (KHTML, like Gecko) Chrome/135.0.0.0 Safari/537.36"
173.252.127.112 - - [26/Apr/2025:15:07:34 -0400] "GET /wp-content/plugins/elementor/assets/css/widget-image.min.css?ver=3.28.4 HTTP/1.1" 200 254 "https://arsn.media/?fbclid=IwZXh0bgNhZW0CMTEAAR4Zxqh17eR3Ya11I9tedXP4v5JJEh7QMJIDdLoOOtJLIMhbfrNS67RnOLR63g_aem_fQOytZjDCUkZO8SbeOxWvA" "Mozilla/5.0 (X11; Linux x86_64) AppleWebKit/537.36 (KHTML, like Gecko) Chrome/135.0.0.0 Safari/537.36"
66.29.132.124 - - [26/Apr/2025:15:07:34 -0400] "POST /wp-cron.php?doing_wp_cron=1745694454.7454390525817871093750 HTTP/1.1" 200 0 "-" "WordPress/6.8; https://arsn.media"
66.29.132.124 - - [26/Apr/2025:15:07:34 -0400] "POST /wp-cron.php?doing_wp_cron=1745694454.7417559623718261718750 HTTP/1.1" 200 0 "-" "WordPress/6.8; https://arsn.media"
173.252.127.112 - - [26/Apr/2025:15:07:35 -0400] "GET /wp-content/plugins/elementor/assets/css/widget-text-editor.min.css?ver=3.28.4 HTTP/1.1" 200 208 "https://arsn.media/?fbclid=IwZXh0bgNhZW0CMTEAAR4Zxqh17eR3Ya11I9tedXP4v5JJEh7QMJIDdLoOOtJLIMhbfrNS67RnOLR63g_aem_fQOytZjDCUkZO8SbeOxWvA" "Mozilla/5.0 (X11; Linux x86_64) AppleWebKit/537.36 (KHTML, like Gecko) Chrome/135.0.0.0 Safari/537.36"
173.252.127.113 - - [26/Apr/2025:15:07:35 -0400] "GET /wp-content/uploads/elementor/css/post-1108.css?ver=1730285452 HTTP/1.1" 200 1015 "https://arsn.media/?fbclid=IwZXh0bgNhZW0CMTEAAR4Zxqh17eR3Ya11I9tedXP4v5JJEh7QMJIDdLoOOtJLIMhbfrNS67RnOLR63g_aem_fQOytZjDCUkZO8SbeOxWvA" "Mozilla/5.0 (X11; Linux x86_64) AppleWebKit/537.36 (KHTML, like Gecko) Chrome/135.0.0.0 Safari/537.36"
173.252.127.112 - - [26/Apr/2025:15:07:35 -0400] "GET /wp-content/uploads/elementor/css/custom-apple-webkit.min.css?ver=1728007827 HTTP/1.1" 200 470 "https://arsn.media/?fbclid=IwZXh0bgNhZW0CMTEAAR4Zxqh17eR3Ya11I9tedXP4v5JJEh7QMJIDdLoOOtJLIMhbfrNS67RnOLR63g_aem_fQOytZjDCUkZO8SbeOxWvA" "Mozilla/5.0 (X11; Linux x86_64) AppleWebKit/537.36 (KHTML, like Gecko) Chrome/135.0.0.0 Safari/537.36"
173.252.127.113 - - [26/Apr/2025:15:07:35 -0400] "GET /wp-content/plugins/elementor/assets/css/widget-social-icons.min.css?ver=3.28.4 HTTP/1.1" 200 1069 "https://arsn.media/?fbclid=IwZXh0bgNhZW0CMTEAAR4Zxqh17eR3Ya11I9tedXP4v5JJEh7QMJIDdLoOOtJLIMhbfrNS67RnOLR63g_aem_fQOytZjDCUkZO8SbeOxWvA" "Mozilla/5.0 (X11; Linux x86_64) AppleWebKit/537.36 (KHTML, like Gecko) Chrome/135.0.0.0 Safari/537.36"
173.252.127.113 - - [26/Apr/2025:15:07:36 -0400] "GET /wp-content/plugins/brave-popup-builder/assets/css/frontend.min.css?ver=6.8 HTTP/1.1" 200 7994 "https://arsn.media/?fbclid=IwZXh0bgNhZW0CMTEAAR4Zxqh17eR3Ya11I9tedXP4v5JJEh7QMJIDdLoOOtJLIMhbfrNS67RnOLR63g_aem_fQOytZjDCUkZO8SbeOxWvA" "Mozilla/5.0 (X11; Linux x86_64) AppleWebKit/537.36 (KHTML, like Gecko) Chrome/135.0.0.0 Safari/537.36"
173.252.127.112 - - [26/Apr/2025:15:07:36 -0400] "GET /wp-content/plugins/elementskit-lite/modules/elementskit-icon-pack/assets/css/ekiticons.css?ver=3.5.0 HTTP/1.1" 200 11776 "https://arsn.media/?fbclid=IwZXh0bgNhZW0CMTEAAR4Zxqh17eR3Ya11I9tedXP4v5JJEh7QMJIDdLoOOtJLIMhbfrNS67RnOLR63g_aem_fQOytZjDCUkZO8SbeOxWvA" "Mozilla/5.0 (X11; Linux x86_64) AppleWebKit/537.36 (KHTML, like Gecko) Chrome/135.0.0.0 Safari/537.36"
66.29.132.124 - - [26/Apr/2025:15:07:35 -0400] "POST /wp-admin/admin-ajax.php?action=async_litespeed&nonce=9sYn4nuMrr2wXMQDLWqBPAja64lwN9v3&litespeed_type=imgoptm HTTP/1.1" 200 0 "-" "WordPress/6.8; https://arsn.media"
173.252.127.113 - - [26/Apr/2025:15:07:36 -0400] "GET /wp-content/plugins/elementor/assets/lib/font-awesome/css/solid.min.css?ver=5.15.3 HTTP/1.1" 200 286 "https://arsn.media/?fbclid=IwZXh0bgNhZW0CMTEAAR4Zxqh17eR3Ya11I9tedXP4v5JJEh7QMJIDdLoOOtJLIMhbfrNS67RnOLR63g_aem_fQOytZjDCUkZO8SbeOxWvA" "Mozilla/5.0 (X11; Linux x86_64) AppleWebKit/537.36 (KHTML, like Gecko) Chrome/135.0.0.0 Safari/537.36"
173.252.127.112 - - [26/Apr/2025:15:07:36 -0400] "GET /wp-content/plugins/elementor/assets/lib/font-awesome/css/fontawesome.min.css?ver=5.15.3 HTTP/1.1" 200 12164 "https://arsn.media/?fbclid=IwZXh0bgNhZW0CMTEAAR4Zxqh17eR3Ya11I9tedXP4v5JJEh7QMJIDdLoOOtJLIMhbfrNS67RnOLR63g_aem_fQOytZjDCUkZO8SbeOxWvA" "Mozilla/5.0 (X11; Linux x86_64) AppleWebKit/537.36 (KHTML, like Gecko) Chrome/135.0.0.0 Safari/537.36"
173.252.127.39 - - [26/Apr/2025:15:07:27 -0400] "GET /wp-content/themes/onum/css/design-test.css?ver=6.8 HTTP/1.1" 404 39580 "https://arsn.media/?fbclid=IwZXh0bgNhZW0CMTEAAR4Zxqh17eR3Ya11I9tedXP4v5JJEh7QMJIDdLoOOtJLIMhbfrNS67RnOLR63g_aem_fQOytZjDCUkZO8SbeOxWvA" "Mozilla/5.0 (X11; Linux x86_64) AppleWebKit/537.36 (KHTML, like Gecko) Chrome/135.0.0.0 Safari/537.36"
173.252.127.114 - - [26/Apr/2025:15:07:29 -0400] "GET /wp-content/uploads/elementor/css/post-11332.css?ver=1725365060 HTTP/1.1" 404 39347 "https://arsn.media/?fbclid=IwZXh0bgNhZW0CMTEAAR4Zxqh17eR3Ya11I9tedXP4v5JJEh7QMJIDdLoOOtJLIMhbfrNS67RnOLR63g_aem_fQOytZjDCUkZO8SbeOxWvA" "Mozilla/5.0 (X11; Linux x86_64) AppleWebKit/537.36 (KHTML, like Gecko) Chrome/135.0.0.0 Safari/537.36"
173.252.127.112 - - [26/Apr/2025:15:07:36 -0400] "GET /wp-content/plugins/revslider/public/assets/css/rs6.css?ver=6.6.8 HTTP/1.1" 200 11947 "https://arsn.media/?fbclid=IwZXh0bgNhZW0CMTEAAR4Zxqh17eR3Ya11I9tedXP4v5JJEh7QMJIDdLoOOtJLIMhbfrNS67RnOLR63g_aem_fQOytZjDCUkZO8SbeOxWvA" "Mozilla/5.0 (X11; Linux x86_64) AppleWebKit/537.36 (KHTML, like Gecko) Chrome/135.0.0.0 Safari/537.36"
173.252.127.113 - - [26/Apr/2025:15:07:36 -0400] "GET /wp-content/plugins/elementor/assets/lib/font-awesome/css/brands.min.css?ver=5.15.3 HTTP/1.1" 200 284 "https://arsn.media/?fbclid=IwZXh0bgNhZW0CMTEAAR4Zxqh17eR3Ya11I9tedXP4v5JJEh7QMJIDdLoOOtJLIMhbfrNS67RnOLR63g_aem_fQOytZjDCUkZO8SbeOxWvA" "Mozilla/5.0 (X11; Linux x86_64) AppleWebKit/537.36 (KHTML, like Gecko) Chrome/135.0.0.0 Safari/537.36"
173.252.127.113 - - [26/Apr/2025:15:07:37 -0400] "GET /wp-content/uploads/elementor/google-fonts/fonts/redhatdisplay-8viq7wur0m80wwyf0qcxzzyzuotg_t6h.woff2 HTTP/1.1" 200 30588 "https://arsn.media/wp-content/uploads/elementor/google-fonts/css/redhatdisplay.css?ver=1742288950" "Mozilla/5.0 (X11; Linux x86_64) AppleWebKit/537.36 (KHTML, like Gecko) Chrome/135.0.0.0 Safari/537.36"
173.252.127.112 - - [26/Apr/2025:15:07:37 -0400] "GET /wp-content/themes/onum/fonts/Flaticon.woff2 HTTP/1.1" 200 12024 "https://arsn.media/wp-content/themes/onum/css/flaticon.css?ver=6.8" "Mozilla/5.0 (X11; Linux x86_64) AppleWebKit/537.36 (KHTML, like Gecko) Chrome/135.0.0.0 Safari/537.36"
173.252.127.4 - - [26/Apr/2025:15:07:37 -0400] "GET /wp-content/uploads/2024/07/trust.jpg HTTP/1.1" 200 113395 "https://arsn.media/?fbclid=IwZXh0bgNhZW0CMTEAAR4Zxqh17eR3Ya11I9tedXP4v5JJEh7QMJIDdLoOOtJLIMhbfrNS67RnOLR63g_aem_fQOytZjDCUkZO8SbeOxWvA" "Mozilla/5.0 (X11; Linux x86_64) AppleWebKit/537.36 (KHTML, like Gecko) Chrome/135.0.0.0 Safari/537.36"
173.252.127.114 - - [26/Apr/2025:15:07:37 -0400] "GET /wp-content/uploads/2024/07/Digital-marketing-Services-1-e1719864984234-1536x732.jpg HTTP/1.1" 200 81570 "https://arsn.media/?fbclid=IwZXh0bgNhZW0CMTEAAR4Zxqh17eR3Ya11I9tedXP4v5JJEh7QMJIDdLoOOtJLIMhbfrNS67RnOLR63g_aem_fQOytZjDCUkZO8SbeOxWvA" "Mozilla/5.0 (X11; Linux x86_64) AppleWebKit/537.36 (KHTML, like Gecko) Chrome/135.0.0.0 Safari/537.36"
173.252.127.112 - - [26/Apr/2025:15:07:37 -0400] "GET /wp-content/uploads/elementor/google-fonts/fonts/inter-ucc73fwrk3iltehus_nvmrmxcp50sjia1zl7.woff2 HTTP/1.1" 200 48444 "https://arsn.media/wp-content/uploads/elementor/google-fonts/css/inter.css?ver=1742304699" "Mozilla/5.0 (X11; Linux x86_64) AppleWebKit/537.36 (KHTML, like Gecko) Chrome/135.0.0.0 Safari/537.36"
173.252.127.113 - - [26/Apr/2025:15:07:37 -0400] "GET /wp-content/uploads/elementor/google-fonts/fonts/redhatdisplay-8vis7wur0m80wwyf0qcxzzyzuotg-a6jty8.woff2 HTTP/1.1" 200 32072 "https://arsn.media/wp-content/uploads/elementor/google-fonts/css/redhatdisplay.css?ver=1742288950" "Mozilla/5.0 (X11; Linux x86_64) AppleWebKit/537.36 (KHTML, like Gecko) Chrome/135.0.0.0 Safari/537.36"
173.252.127.114 - - [26/Apr/2025:15:07:37 -0400] "GET /wp-content/themes/onum/fonts/fa-solid-900.woff2 HTTP/1.1" 200 74328 "https://arsn.media/wp-content/themes/onum/css/font-awesome.css?ver=6.8" "Mozilla/5.0 (X11; Linux x86_64) AppleWebKit/537.36 (KHTML, like Gecko) Chrome/135.0.0.0 Safari/537.36"
173.252.127.113 - - [26/Apr/2025:15:07:37 -0400] "GET /wp-content/fonts/roboto/KFOMCnqEu92Fr1ME7kSn66aGLdTylUAMQXC89YmC2DPNWubEbVmUiAo.woff2 HTTP/1.1" 200 20612 "https://arsn.media/?fbclid=IwZXh0bgNhZW0CMTEAAR4Zxqh17eR3Ya11I9tedXP4v5JJEh7QMJIDdLoOOtJLIMhbfrNS67RnOLR63g_aem_fQOytZjDCUkZO8SbeOxWvA" "Mozilla/5.0 (X11; Linux x86_64) AppleWebKit/537.36 (KHTML, like Gecko) Chrome/135.0.0.0 Safari/537.36"
173.252.127.112 - - [26/Apr/2025:15:07:37 -0400] "GET /wp-content/themes/onum/fonts/fa-brands-400.woff2 HTTP/1.1" 200 74656 "https://arsn.media/wp-content/themes/onum/css/font-awesome.css?ver=6.8" "Mozilla/5.0 (X11; Linux x86_64) AppleWebKit/537.36 (KHTML, like Gecko) Chrome/135.0.0.0 Safari/537.36"
173.252.127.114 - - [26/Apr/2025:15:07:37 -0400] "GET /wp-content/plugins/elementor/assets/lib/font-awesome/webfonts/fa-solid-900.woff2 HTTP/1.1" 200 78196 "https://arsn.media/wp-content/plugins/elementor/assets/lib/font-awesome/css/solid.min.css?ver=5.15.3" "Mozilla/5.0 (X11; Linux x86_64) AppleWebKit/537.36 (KHTML, like Gecko) Chrome/135.0.0.0 Safari/537.36"
173.252.127.113 - - [26/Apr/2025:15:07:37 -0400] "GET /wp-content/plugins/elementor/assets/lib/font-awesome/webfonts/fa-brands-400.woff2 HTTP/1.1" 200 81612 "https://arsn.media/wp-content/plugins/elementor/assets/lib/font-awesome/css/brands.min.css?ver=5.15.3" "Mozilla/5.0 (X11; Linux x86_64) AppleWebKit/537.36 (KHTML, like Gecko) Chrome/135.0.0.0 Safari/537.36"
173.252.127.112 - - [26/Apr/2025:15:07:37 -0400] "GET /wp-includes/js/dist/hooks.min.js?ver=4d63a3d491d11ffd8ac6 HTTP/1.1" 200 1571 "https://arsn.media/?fbclid=IwZXh0bgNhZW0CMTEAAR4Zxqh17eR3Ya11I9tedXP4v5JJEh7QMJIDdLoOOtJLIMhbfrNS67RnOLR63g_aem_fQOytZjDCUkZO8SbeOxWvA" "Mozilla/5.0 (X11; Linux x86_64) AppleWebKit/537.36 (KHTML, like Gecko) Chrome/135.0.0.0 Safari/537.36"
173.252.127.114 - - [26/Apr/2025:15:07:38 -0400] "GET /wp-includes/js/dist/i18n.min.js?ver=5e580eb46a90c2b997e6 HTTP/1.1" 200 3542 "https://arsn.media/?fbclid=IwZXh0bgNhZW0CMTEAAR4Zxqh17eR3Ya11I9tedXP4v5JJEh7QMJIDdLoOOtJLIMhbfrNS67RnOLR63g_aem_fQOytZjDCUkZO8SbeOxWvA" "Mozilla/5.0 (X11; Linux x86_64) AppleWebKit/537.36 (KHTML, like Gecko) Chrome/135.0.0.0 Safari/537.36"
173.252.127.112 - - [26/Apr/2025:15:07:38 -0400] "GET /wp-content/plugins/contact-form-7/includes/swv/js/index.js?ver=6.0.6 HTTP/1.1" 200 3369 "https://arsn.media/?fbclid=IwZXh0bgNhZW0CMTEAAR4Zxqh17eR3Ya11I9tedXP4v5JJEh7QMJIDdLoOOtJLIMhbfrNS67RnOLR63g_aem_fQOytZjDCUkZO8SbeOxWvA" "Mozilla/5.0 (X11; Linux x86_64) AppleWebKit/537.36 (KHTML, like Gecko) Chrome/135.0.0.0 Safari/537.36"
173.252.127.4 - - [26/Apr/2025:15:07:38 -0400] "GET /wp-content/uploads/2024/07/SEO.png HTTP/1.1" 200 35418 "https://arsn.media/?fbclid=IwZXh0bgNhZW0CMTEAAR4Zxqh17eR3Ya11I9tedXP4v5JJEh7QMJIDdLoOOtJLIMhbfrNS67RnOLR63g_aem_fQOytZjDCUkZO8SbeOxWvA" "Mozilla/5.0 (X11; Linux x86_64) AppleWebKit/537.36 (KHTML, like Gecko) Chrome/135.0.0.0 Safari/537.36"
173.252.127.113 - - [26/Apr/2025:15:07:38 -0400] "GET /wp-content/plugins/contact-form-7/includes/js/index.js?ver=6.0.6 HTTP/1.1" 200 4008 "https://arsn.media/?fbclid=IwZXh0bgNhZW0CMTEAAR4Zxqh17eR3Ya11I9tedXP4v5JJEh7QMJIDdLoOOtJLIMhbfrNS67RnOLR63g_aem_fQOytZjDCUkZO8SbeOxWvA" "Mozilla/5.0 (X11; Linux x86_64) AppleWebKit/537.36 (KHTML, like Gecko) Chrome/135.0.0.0 Safari/537.36"
173.252.127.112 - - [26/Apr/2025:15:07:38 -0400] "GET /wp-includes/js/imagesloaded.min.js?ver=5.0.0 HTTP/1.1" 200 1687 "https://arsn.media/?fbclid=IwZXh0bgNhZW0CMTEAAR4Zxqh17eR3Ya11I9tedXP4v5JJEh7QMJIDdLoOOtJLIMhbfrNS67RnOLR63g_aem_fQOytZjDCUkZO8SbeOxWvA" "Mozilla/5.0 (X11; Linux x86_64) AppleWebKit/537.36 (KHTML, like Gecko) Chrome/135.0.0.0 Safari/537.36"
173.252.127.114 - - [26/Apr/2025:15:07:38 -0400] "GET /wp-content/plugins/primary-addon-for-elementor/assets/js/jquery.waypoints.js?ver=2.0.3 HTTP/1.1" 200 3505 "https://arsn.media/?fbclid=IwZXh0bgNhZW0CMTEAAR4Zxqh17eR3Ya11I9tedXP4v5JJEh7QMJIDdLoOOtJLIMhbfrNS67RnOLR63g_aem_fQOytZjDCUkZO8SbeOxWvA" "Mozilla/5.0 (X11; Linux x86_64) AppleWebKit/537.36 (KHTML, like Gecko) Chrome/135.0.0.0 Safari/537.36"
173.252.127.113 - - [26/Apr/2025:15:07:38 -0400] "GET /wp-content/plugins/primary-addon-for-elementor/assets/js/jquery.magnific-popup.min.js?ver=1.1.0 HTTP/1.1" 200 7045 "https://arsn.media/?fbclid=IwZXh0bgNhZW0CMTEAAR4Zxqh17eR3Ya11I9tedXP4v5JJEh7QMJIDdLoOOtJLIMhbfrNS67RnOLR63g_aem_fQOytZjDCUkZO8SbeOxWvA" "Mozilla/5.0 (X11; Linux x86_64) AppleWebKit/537.36 (KHTML, like Gecko) Chrome/135.0.0.0 Safari/537.36"
173.252.127.112 - - [26/Apr/2025:15:07:38 -0400] "GET /wp-content/plugins/primary-addon-for-elementor/assets/js/InstagramFeed.min.js?ver=1.3.8 HTTP/1.1" 200 1983 "https://arsn.media/?fbclid=IwZXh0bgNhZW0CMTEAAR4Zxqh17eR3Ya11I9tedXP4v5JJEh7QMJIDdLoOOtJLIMhbfrNS67RnOLR63g_aem_fQOytZjDCUkZO8SbeOxWvA" "Mozilla/5.0 (X11; Linux x86_64) AppleWebKit/537.36 (KHTML, like Gecko) Chrome/135.0.0.0 Safari/537.36"
173.252.127.114 - - [26/Apr/2025:15:07:38 -0400] "GET /wp-content/plugins/primary-addon-for-elementor/assets/js/typed.min.js?ver=2.0.11 HTTP/1.1" 200 3320 "https://arsn.media/?fbclid=IwZXh0bgNhZW0CMTEAAR4Zxqh17eR3Ya11I9tedXP4v5JJEh7QMJIDdLoOOtJLIMhbfrNS67RnOLR63g_aem_fQOytZjDCUkZO8SbeOxWvA" "Mozilla/5.0 (X11; Linux x86_64) AppleWebKit/537.36 (KHTML, like Gecko) Chrome/135.0.0.0 Safari/537.36"
173.252.127.113 - - [26/Apr/2025:15:07:38 -0400] "GET /wp-content/plugins/primary-addon-for-elementor/assets/js/flickity.pkgd.min.js?ver=2.2.1 HTTP/1.1" 200 13241 "https://arsn.media/?fbclid=IwZXh0bgNhZW0CMTEAAR4Zxqh17eR3Ya11I9tedXP4v5JJEh7QMJIDdLoOOtJLIMhbfrNS67RnOLR63g_aem_fQOytZjDCUkZO8SbeOxWvA" "Mozilla/5.0 (X11; Linux x86_64) AppleWebKit/537.36 (KHTML, like Gecko) Chrome/135.0.0.0 Safari/537.36"
173.252.127.4 - - [26/Apr/2025:15:07:38 -0400] "GET /wp-content/plugins/primary-addon-for-elementor/assets/js/juxtapose.js?ver=1.2.1 HTTP/1.1" 200 5679 "https://arsn.media/?fbclid=IwZXh0bgNhZW0CMTEAAR4Zxqh17eR3Ya11I9tedXP4v5JJEh7QMJIDdLoOOtJLIMhbfrNS67RnOLR63g_aem_fQOytZjDCUkZO8SbeOxWvA" "Mozilla/5.0 (X11; Linux x86_64) AppleWebKit/537.36 (KHTML, like Gecko) Chrome/135.0.0.0 Safari/537.36"
173.252.127.114 - - [26/Apr/2025:15:07:38 -0400] "GET /wp-content/plugins/primary-addon-for-elementor/assets/js/jquery.matchHeight.min.js?ver=0.7.2 HTTP/1.1" 200 1257 "https://arsn.media/?fbclid=IwZXh0bgNhZW0CMTEAAR4Zxqh17eR3Ya11I9tedXP4v5JJEh7QMJIDdLoOOtJLIMhbfrNS67RnOLR63g_aem_fQOytZjDCUkZO8SbeOxWvA" "Mozilla/5.0 (X11; Linux x86_64) AppleWebKit/537.36 (KHTML, like Gecko) Chrome/135.0.0.0 Safari/537.36"
173.252.127.112 - - [26/Apr/2025:15:07:38 -0400] "GET /wp-content/plugins/primary-addon-for-elementor/assets/js/owl.carousel.min.js?ver=2.3.4 HTTP/1.1" 200 11140 "https://arsn.media/?fbclid=IwZXh0bgNhZW0CMTEAAR4Zxqh17eR3Ya11I9tedXP4v5JJEh7QMJIDdLoOOtJLIMhbfrNS67RnOLR63g_aem_fQOytZjDCUkZO8SbeOxWvA" "Mozilla/5.0 (X11; Linux x86_64) AppleWebKit/537.36 (KHTML, like Gecko) Chrome/135.0.0.0 Safari/537.36"
173.252.127.113 - - [26/Apr/2025:15:07:38 -0400] "GET /wp-content/plugins/primary-addon-for-elementor/assets/js/isotope.min.js?ver=3.0.6 HTTP/1.1" 200 9601 "https://arsn.media/?fbclid=IwZXh0bgNhZW0CMTEAAR4Zxqh17eR3Ya11I9tedXP4v5JJEh7QMJIDdLoOOtJLIMhbfrNS67RnOLR63g_aem_fQOytZjDCUkZO8SbeOxWvA" "Mozilla/5.0 (X11; Linux x86_64) AppleWebKit/537.36 (KHTML, like Gecko) Chrome/135.0.0.0 Safari/537.36"
173.252.127.112 - - [26/Apr/2025:15:07:38 -0400] "GET /wp-content/uploads/2024/07/SEM.png HTTP/1.1" 200 30373 "https://arsn.media/?fbclid=IwZXh0bgNhZW0CMTEAAR4Zxqh17eR3Ya11I9tedXP4v5JJEh7QMJIDdLoOOtJLIMhbfrNS67RnOLR63g_aem_fQOytZjDCUkZO8SbeOxWvA" "Mozilla/5.0 (X11; Linux x86_64) AppleWebKit/537.36 (KHTML, like Gecko) Chrome/135.0.0.0 Safari/537.36"
173.252.127.114 - - [26/Apr/2025:15:07:38 -0400] "GET /wp-content/plugins/primary-addon-for-elementor/assets/js/jquery.counterup.min.js?ver=1.0 HTTP/1.1" 200 497 "https://arsn.media/?fbclid=IwZXh0bgNhZW0CMTEAAR4Zxqh17eR3Ya11I9tedXP4v5JJEh7QMJIDdLoOOtJLIMhbfrNS67RnOLR63g_aem_fQOytZjDCUkZO8SbeOxWvA" "Mozilla/5.0 (X11; Linux x86_64) AppleWebKit/537.36 (KHTML, like Gecko) Chrome/135.0.0.0 Safari/537.36"
173.252.127.112 - - [26/Apr/2025:15:07:39 -0400] "GET /wp-content/themes/onum/js/slick.min.js?ver=20190829 HTTP/1.1" 200 10097 "https://arsn.media/?fbclid=IwZXh0bgNhZW0CMTEAAR4Zxqh17eR3Ya11I9tedXP4v5JJEh7QMJIDdLoOOtJLIMhbfrNS67RnOLR63g_aem_fQOytZjDCUkZO8SbeOxWvA" "Mozilla/5.0 (X11; Linux x86_64) AppleWebKit/537.36 (KHTML, like Gecko) Chrome/135.0.0.0 Safari/537.36"
173.252.127.113 - - [26/Apr/2025:15:07:39 -0400] "GET /wp-content/plugins/primary-addon-for-elementor/assets/js/packery-mode.pkgd.min.js?ver=2.1.2 HTTP/1.1" 200 9510 "https://arsn.media/?fbclid=IwZXh0bgNhZW0CMTEAAR4Zxqh17eR3Ya11I9tedXP4v5JJEh7QMJIDdLoOOtJLIMhbfrNS67RnOLR63g_aem_fQOytZjDCUkZO8SbeOxWvA" "Mozilla/5.0 (X11; Linux x86_64) AppleWebKit/537.36 (KHTML, like Gecko) Chrome/135.0.0.0 Safari/537.36"
173.252.127.114 - - [26/Apr/2025:15:07:39 -0400] "GET /wp-content/themes/onum/js/easypiechart.js?ver=20190829 HTTP/1.1" 200 1586 "https://arsn.media/?fbclid=IwZXh0bgNhZW0CMTEAAR4Zxqh17eR3Ya11I9tedXP4v5JJEh7QMJIDdLoOOtJLIMhbfrNS67RnOLR63g_aem_fQOytZjDCUkZO8SbeOxWvA" "Mozilla/5.0 (X11; Linux x86_64) AppleWebKit/537.36 (KHTML, like Gecko) Chrome/135.0.0.0 Safari/537.36"
173.252.127.4 - - [26/Apr/2025:15:07:39 -0400] "GET /wp-content/plugins/primary-addon-for-elementor/assets/js/scripts.js?ver=1.2 HTTP/1.1" 200 1876 "https://arsn.media/?fbclid=IwZXh0bgNhZW0CMTEAAR4Zxqh17eR3Ya11I9tedXP4v5JJEh7QMJIDdLoOOtJLIMhbfrNS67RnOLR63g_aem_fQOytZjDCUkZO8SbeOxWvA" "Mozilla/5.0 (X11; Linux x86_64) AppleWebKit/537.36 (KHTML, like Gecko) Chrome/135.0.0.0 Safari/537.36"
173.252.127.112 - - [26/Apr/2025:15:07:39 -0400] "GET /wp-content/themes/onum/js/particles.min.js?ver=20190829 HTTP/1.1" 200 5735 "https://arsn.media/?fbclid=IwZXh0bgNhZW0CMTEAAR4Zxqh17eR3Ya11I9tedXP4v5JJEh7QMJIDdLoOOtJLIMhbfrNS67RnOLR63g_aem_fQOytZjDCUkZO8SbeOxWvA" "Mozilla/5.0 (X11; Linux x86_64) AppleWebKit/537.36 (KHTML, like Gecko) Chrome/135.0.0.0 Safari/537.36"
173.252.127.113 - - [26/Apr/2025:15:07:39 -0400] "GET /wp-content/themes/onum/js/jquery.countdown.min.js?ver=20190829 HTTP/1.1" 200 616 "https://arsn.media/?fbclid=IwZXh0bgNhZW0CMTEAAR4Zxqh17eR3Ya11I9tedXP4v5JJEh7QMJIDdLoOOtJLIMhbfrNS67RnOLR63g_aem_fQOytZjDCUkZO8SbeOxWvA" "Mozilla/5.0 (X11; Linux x86_64) AppleWebKit/537.36 (KHTML, like Gecko) Chrome/135.0.0.0 Safari/537.36"
173.252.127.114 - - [26/Apr/2025:15:07:39 -0400] "GET /wp-content/themes/onum/js/elementor.js?ver=20190829 HTTP/1.1" 200 4703 "https://arsn.media/?fbclid=IwZXh0bgNhZW0CMTEAAR4Zxqh17eR3Ya11I9tedXP4v5JJEh7QMJIDdLoOOtJLIMhbfrNS67RnOLR63g_aem_fQOytZjDCUkZO8SbeOxWvA" "Mozilla/5.0 (X11; Linux x86_64) AppleWebKit/537.36 (KHTML, like Gecko) Chrome/135.0.0.0 Safari/537.36"
173.252.127.112 - - [26/Apr/2025:15:07:39 -0400] "GET /wp-content/themes/onum/js/header-mobile.js?ver=20190829 HTTP/1.1" 200 1246 "https://arsn.media/?fbclid=IwZXh0bgNhZW0CMTEAAR4Zxqh17eR3Ya11I9tedXP4v5JJEh7QMJIDdLoOOtJLIMhbfrNS67RnOLR63g_aem_fQOytZjDCUkZO8SbeOxWvA" "Mozilla/5.0 (X11; Linux x86_64) AppleWebKit/537.36 (KHTML, like Gecko) Chrome/135.0.0.0 Safari/537.36"
173.252.127.114 - - [26/Apr/2025:15:07:39 -0400] "GET /wp-content/plugins/elementskit-lite/libs/framework/assets/js/frontend-script.js?ver=3.5.0 HTTP/1.1" 200 40 "https://arsn.media/?fbclid=IwZXh0bgNhZW0CMTEAAR4Zxqh17eR3Ya11I9tedXP4v5JJEh7QMJIDdLoOOtJLIMhbfrNS67RnOLR63g_aem_fQOytZjDCUkZO8SbeOxWvA" "Mozilla/5.0 (X11; Linux x86_64) AppleWebKit/537.36 (KHTML, like Gecko) Chrome/135.0.0.0 Safari/537.36"
173.252.127.112 - - [26/Apr/2025:15:07:39 -0400] "GET /wp-content/plugins/facebook-conversion-pixel/pixel-cat.min.js?ver=3.0.7 HTTP/1.1" 200 4290 "https://arsn.media/?fbclid=IwZXh0bgNhZW0CMTEAAR4Zxqh17eR3Ya11I9tedXP4v5JJEh7QMJIDdLoOOtJLIMhbfrNS67RnOLR63g_aem_fQOytZjDCUkZO8SbeOxWvA" "Mozilla/5.0 (X11; Linux x86_64) AppleWebKit/537.36 (KHTML, like Gecko) Chrome/135.0.0.0 Safari/537.36"
173.252.127.114 - - [26/Apr/2025:15:07:39 -0400] "GET /wp-content/plugins/facebook-conversion-pixel/video.js?ver=6.8 HTTP/1.1" 200 2666 "https://arsn.media/?fbclid=IwZXh0bgNhZW0CMTEAAR4Zxqh17eR3Ya11I9tedXP4v5JJEh7QMJIDdLoOOtJLIMhbfrNS67RnOLR63g_aem_fQOytZjDCUkZO8SbeOxWvA" "Mozilla/5.0 (X11; Linux x86_64) AppleWebKit/537.36 (KHTML, like Gecko) Chrome/135.0.0.0 Safari/537.36"
173.252.127.112 - - [26/Apr/2025:15:07:39 -0400] "GET /wp-content/plugins/brave-popup-builder/assets/frontend/brave.js?ver=6.8 HTTP/1.1" 200 23854 "https://arsn.media/?fbclid=IwZXh0bgNhZW0CMTEAAR4Zxqh17eR3Ya11I9tedXP4v5JJEh7QMJIDdLoOOtJLIMhbfrNS67RnOLR63g_aem_fQOytZjDCUkZO8SbeOxWvA" "Mozilla/5.0 (X11; Linux x86_64) AppleWebKit/537.36 (KHTML, like Gecko) Chrome/135.0.0.0 Safari/537.36"
173.252.127.114 - - [26/Apr/2025:15:07:39 -0400] "GET /wp-content/plugins/pro-elements/assets/js/webpack-pro.runtime.min.js?ver=3.23.3 HTTP/1.1" 200 2549 "https://arsn.media/?fbclid=IwZXh0bgNhZW0CMTEAAR4Zxqh17eR3Ya11I9tedXP4v5JJEh7QMJIDdLoOOtJLIMhbfrNS67RnOLR63g_aem_fQOytZjDCUkZO8SbeOxWvA" "Mozilla/5.0 (X11; Linux x86_64) AppleWebKit/537.36 (KHTML, like Gecko) Chrome/135.0.0.0 Safari/537.36"
173.252.127.4 - - [26/Apr/2025:15:07:39 -0400] "GET /wp-content/plugins/elementskit-lite/widgets/init/assets/js/widget-scripts.js?ver=3.5.0 HTTP/1.1" 200 40425 "https://arsn.media/?fbclid=IwZXh0bgNhZW0CMTEAAR4Zxqh17eR3Ya11I9tedXP4v5JJEh7QMJIDdLoOOtJLIMhbfrNS67RnOLR63g_aem_fQOytZjDCUkZO8SbeOxWvA" "Mozilla/5.0 (X11; Linux x86_64) AppleWebKit/537.36 (KHTML, like Gecko) Chrome/135.0.0.0 Safari/537.36"
173.252.127.114 - - [26/Apr/2025:15:07:39 -0400] "GET /wp-content/plugins/elementor/assets/js/webpack.runtime.min.js?ver=3.28.4 HTTP/1.1" 200 2228 "https://arsn.media/?fbclid=IwZXh0bgNhZW0CMTEAAR4Zxqh17eR3Ya11I9tedXP4v5JJEh7QMJIDdLoOOtJLIMhbfrNS67RnOLR63g_aem_fQOytZjDCUkZO8SbeOxWvA" "Mozilla/5.0 (X11; Linux x86_64) AppleWebKit/537.36 (KHTML, like Gecko) Chrome/135.0.0.0 Safari/537.36"
173.252.127.112 - - [26/Apr/2025:15:07:39 -0400] "GET /wp-content/plugins/elementor/assets/js/frontend-modules.min.js?ver=3.28.4 HTTP/1.1" 200 14421 "https://arsn.media/?fbclid=IwZXh0bgNhZW0CMTEAAR4Zxqh17eR3Ya11I9tedXP4v5JJEh7QMJIDdLoOOtJLIMhbfrNS67RnOLR63g_aem_fQOytZjDCUkZO8SbeOxWvA" "Mozilla/5.0 (X11; Linux x86_64) AppleWebKit/537.36 (KHTML, like Gecko) Chrome/135.0.0.0 Safari/537.36"
173.252.127.3 - - [26/Apr/2025:15:07:39 -0400] "GET /wp-content/themes/onum/js/scripts.js?ver=20190829 HTTP/1.1" 200 2162 "https://arsn.media/?fbclid=IwZXh0bgNhZW0CMTEAAR4Zxqh17eR3Ya11I9tedXP4v5JJEh7QMJIDdLoOOtJLIMhbfrNS67RnOLR63g_aem_fQOytZjDCUkZO8SbeOxWvA" "Mozilla/5.0 (X11; Linux x86_64) AppleWebKit/537.36 (KHTML, like Gecko) Chrome/135.0.0.0 Safari/537.36"
173.252.127.112 - - [26/Apr/2025:15:07:40 -0400] "GET /wp-content/plugins/elementor/assets/js/frontend.min.js?ver=3.28.4 HTTP/1.1" 200 13099 "https://arsn.media/?fbclid=IwZXh0bgNhZW0CMTEAAR4Zxqh17eR3Ya11I9tedXP4v5JJEh7QMJIDdLoOOtJLIMhbfrNS67RnOLR63g_aem_fQOytZjDCUkZO8SbeOxWvA" "Mozilla/5.0 (X11; Linux x86_64) AppleWebKit/537.36 (KHTML, like Gecko) Chrome/135.0.0.0 Safari/537.36"
173.252.127.114 - - [26/Apr/2025:15:07:40 -0400] "GET /wp-content/plugins/pro-elements/assets/js/frontend.min.js?ver=3.23.3 HTTP/1.1" 200 6468 "https://arsn.media/?fbclid=IwZXh0bgNhZW0CMTEAAR4Zxqh17eR3Ya11I9tedXP4v5JJEh7QMJIDdLoOOtJLIMhbfrNS67RnOLR63g_aem_fQOytZjDCUkZO8SbeOxWvA" "Mozilla/5.0 (X11; Linux x86_64) AppleWebKit/537.36 (KHTML, like Gecko) Chrome/135.0.0.0 Safari/537.36"
173.252.127.4 - - [26/Apr/2025:15:07:40 -0400] "GET /wp-content/plugins/pro-elements/assets/js/elements-handlers.min.js?ver=3.23.3 HTTP/1.1" 200 9631 "https://arsn.media/?fbclid=IwZXh0bgNhZW0CMTEAAR4Zxqh17eR3Ya11I9tedXP4v5JJEh7QMJIDdLoOOtJLIMhbfrNS67RnOLR63g_aem_fQOytZjDCUkZO8SbeOxWvA" "Mozilla/5.0 (X11; Linux x86_64) AppleWebKit/537.36 (KHTML, like Gecko) Chrome/135.0.0.0 Safari/537.36"
173.252.127.112 - - [26/Apr/2025:15:07:40 -0400] "GET /wp-content/plugins/elementskit-lite/widgets/init/assets/js/animate-circle.min.js?ver=3.5.0 HTTP/1.1" 200 393 "https://arsn.media/?fbclid=IwZXh0bgNhZW0CMTEAAR4Zxqh17eR3Ya11I9tedXP4v5JJEh7QMJIDdLoOOtJLIMhbfrNS67RnOLR63g_aem_fQOytZjDCUkZO8SbeOxWvA" "Mozilla/5.0 (X11; Linux x86_64) AppleWebKit/537.36 (KHTML, like Gecko) Chrome/135.0.0.0 Safari/537.36"
173.252.127.114 - - [26/Apr/2025:15:07:40 -0400] "GET /wp-content/plugins/elementskit-lite/widgets/init/assets/js/elementor.js?ver=3.5.0 HTTP/1.1" 200 5290 "https://arsn.media/?fbclid=IwZXh0bgNhZW0CMTEAAR4Zxqh17eR3Ya11I9tedXP4v5JJEh7QMJIDdLoOOtJLIMhbfrNS67RnOLR63g_aem_fQOytZjDCUkZO8SbeOxWvA" "Mozilla/5.0 (X11; Linux x86_64) AppleWebKit/537.36 (KHTML, like Gecko) Chrome/135.0.0.0 Safari/537.36"
173.252.127.113 - - [26/Apr/2025:15:07:39 -0400] "GET /wp-content/themes/onum/js/design-test.js HTTP/1.1" 404 39383 "https://arsn.media/?fbclid=IwZXh0bgNhZW0CMTEAAR4Zxqh17eR3Ya11I9tedXP4v5JJEh7QMJIDdLoOOtJLIMhbfrNS67RnOLR63g_aem_fQOytZjDCUkZO8SbeOxWvA" "Mozilla/5.0 (X11; Linux x86_64) AppleWebKit/537.36 (KHTML, like Gecko) Chrome/135.0.0.0 Safari/537.36"
173.252.127.3 - - [26/Apr/2025:15:07:40 -0400] "GET /wp-content/plugins/primary-addon-for-elementor/elementor//js/prim-elementor.js?ver=6.8 HTTP/1.1" 200 3039 "https://arsn.media/?fbclid=IwZXh0bgNhZW0CMTEAAR4Zxqh17eR3Ya11I9tedXP4v5JJEh7QMJIDdLoOOtJLIMhbfrNS67RnOLR63g_aem_fQOytZjDCUkZO8SbeOxWvA" "Mozilla/5.0 (X11; Linux x86_64) AppleWebKit/537.36 (KHTML, like Gecko) Chrome/135.0.0.0 Safari/537.36"
173.252.127.112 - - [26/Apr/2025:15:07:40 -0400] "GET /wp-content/plugins/primary-addon-for-elementor/assets/js/Chart.min.js?ver=2.9.3 HTTP/1.1" 200 55517 "https://arsn.media/?fbclid=IwZXh0bgNhZW0CMTEAAR4Zxqh17eR3Ya11I9tedXP4v5JJEh7QMJIDdLoOOtJLIMhbfrNS67RnOLR63g_aem_fQOytZjDCUkZO8SbeOxWvA" "Mozilla/5.0 (X11; Linux x86_64) AppleWebKit/537.36 (KHTML, like Gecko) Chrome/135.0.0.0 Safari/537.36"
173.252.127.114 - - [26/Apr/2025:15:07:40 -0400] "GET /wp-content/uploads/2024/07/WEB.png HTTP/1.1" 200 68303 "https://arsn.media/?fbclid=IwZXh0bgNhZW0CMTEAAR4Zxqh17eR3Ya11I9tedXP4v5JJEh7QMJIDdLoOOtJLIMhbfrNS67RnOLR63g_aem_fQOytZjDCUkZO8SbeOxWvA" "Mozilla/5.0 (X11; Linux x86_64) AppleWebKit/537.36 (KHTML, like Gecko) Chrome/135.0.0.0 Safari/537.36"
173.252.127.113 - - [26/Apr/2025:15:07:40 -0400] "GET /wp-content/uploads/2024/07/digital-1536x732.jpg HTTP/1.1" 200 101805 "https://arsn.media/?fbclid=IwZXh0bgNhZW0CMTEAAR4Zxqh17eR3Ya11I9tedXP4v5JJEh7QMJIDdLoOOtJLIMhbfrNS67RnOLR63g_aem_fQOytZjDCUkZO8SbeOxWvA" "Mozilla/5.0 (X11; Linux x86_64) AppleWebKit/537.36 (KHTML, like Gecko) Chrome/135.0.0.0 Safari/537.36"
173.252.127.4 - - [26/Apr/2025:15:07:40 -0400] "GET /wp-content/uploads/2024/07/SMM.png HTTP/1.1" 200 32793 "https://arsn.media/?fbclid=IwZXh0bgNhZW0CMTEAAR4Zxqh17eR3Ya11I9tedXP4v5JJEh7QMJIDdLoOOtJLIMhbfrNS67RnOLR63g_aem_fQOytZjDCUkZO8SbeOxWvA" "Mozilla/5.0 (X11; Linux x86_64) AppleWebKit/537.36 (KHTML, like Gecko) Chrome/135.0.0.0 Safari/537.36"
173.252.127.112 - - [26/Apr/2025:15:07:40 -0400] "GET /wp-content/uploads/2024/07/success-1-1536x732.png HTTP/1.1" 200 98348 "https://arsn.media/?fbclid=IwZXh0bgNhZW0CMTEAAR4Zxqh17eR3Ya11I9tedXP4v5JJEh7QMJIDdLoOOtJLIMhbfrNS67RnOLR63g_aem_fQOytZjDCUkZO8SbeOxWvA" "Mozilla/5.0 (X11; Linux x86_64) AppleWebKit/537.36 (KHTML, like Gecko) Chrome/135.0.0.0 Safari/537.36"
173.252.127.114 - - [26/Apr/2025:15:07:40 -0400] "GET /wp-content/uploads/2024/07/success-digitally.jpg HTTP/1.1" 200 25839 "https://arsn.media/?fbclid=IwZXh0bgNhZW0CMTEAAR4Zxqh17eR3Ya11I9tedXP4v5JJEh7QMJIDdLoOOtJLIMhbfrNS67RnOLR63g_aem_fQOytZjDCUkZO8SbeOxWvA" "Mozilla/5.0 (X11; Linux x86_64) AppleWebKit/537.36 (KHTML, like Gecko) Chrome/135.0.0.0 Safari/537.36"
173.252.127.113 - - [26/Apr/2025:15:07:40 -0400] "GET /wp-content/plugins/brave-popup-builder/assets/images/preloader.png HTTP/1.1" 200 119 "https://arsn.media/?fbclid=IwZXh0bgNhZW0CMTEAAR4Zxqh17eR3Ya11I9tedXP4v5JJEh7QMJIDdLoOOtJLIMhbfrNS67RnOLR63g_aem_fQOytZjDCUkZO8SbeOxWvA" "Mozilla/5.0 (X11; Linux x86_64) AppleWebKit/537.36 (KHTML, like Gecko) Chrome/135.0.0.0 Safari/537.36"
173.252.127.114 - - [26/Apr/2025:15:07:41 -0400] "GET /wp-content/plugins/widget-google-reviews/assets/js/public-main.js?ver=5.7.1 HTTP/1.1" 200 8429 "https://arsn.media/?fbclid=IwZXh0bgNhZW0CMTEAAR4Zxqh17eR3Ya11I9tedXP4v5JJEh7QMJIDdLoOOtJLIMhbfrNS67RnOLR63g_aem_fQOytZjDCUkZO8SbeOxWvA" "Mozilla/5.0 (X11; Linux x86_64) AppleWebKit/537.36 (KHTML, like Gecko) Chrome/135.0.0.0 Safari/537.36"
173.252.127.113 - - [26/Apr/2025:15:07:41 -0400] "GET /wp-content/plugins/revslider/public/assets/js/rbtools.min.js?ver=6.6.8 HTTP/1.1" 200 59937 "https://arsn.media/?fbclid=IwZXh0bgNhZW0CMTEAAR4Zxqh17eR3Ya11I9tedXP4v5JJEh7QMJIDdLoOOtJLIMhbfrNS67RnOLR63g_aem_fQOytZjDCUkZO8SbeOxWvA" "Mozilla/5.0 (X11; Linux x86_64) AppleWebKit/537.36 (KHTML, like Gecko) Chrome/135.0.0.0 Safari/537.36"
173.252.127.112 - - [26/Apr/2025:15:07:41 -0400] "GET /wp-content/uploads/2024/07/luca-bravo-9l_326FISzk-unsplash-compressed.jpg HTTP/1.1" 200 107978 "https://arsn.media/wp-content/uploads/elementor/css/post-7953.css?ver=1725377460" "Mozilla/5.0 (X11; Linux x86_64) AppleWebKit/537.36 (KHTML, like Gecko) Chrome/135.0.0.0 Safari/537.36"
173.252.127.3 - - [26/Apr/2025:15:07:41 -0400] "GET /wp-content/themes/onum/images/close.png HTTP/1.1" 200 452 "https://arsn.media/wp-content/themes/onum/style.css?ver=6.8" "Mozilla/5.0 (X11; Linux x86_64) AppleWebKit/537.36 (KHTML, like Gecko) Chrome/135.0.0.0 Safari/537.36"
173.252.127.114 - - [26/Apr/2025:15:07:41 -0400] "GET /wp-content/plugins/revslider/public/assets/js/rs6.min.js?ver=6.6.8 HTTP/1.1" 200 103316 "https://arsn.media/?fbclid=IwZXh0bgNhZW0CMTEAAR4Zxqh17eR3Ya11I9tedXP4v5JJEh7QMJIDdLoOOtJLIMhbfrNS67RnOLR63g_aem_fQOytZjDCUkZO8SbeOxWvA" "Mozilla/5.0 (X11; Linux x86_64) AppleWebKit/537.36 (KHTML, like Gecko) Chrome/135.0.0.0 Safari/537.36"
173.252.127.113 - - [26/Apr/2025:15:07:41 -0400] "GET /wp-content/uploads/2019/10/bg-service2-1.png HTTP/1.1" 200 4481 "https://arsn.media/wp-content/uploads/elementor/css/post-7953.css?ver=1725377460" "Mozilla/5.0 (X11; Linux x86_64) AppleWebKit/537.36 (KHTML, like Gecko) Chrome/135.0.0.0 Safari/537.36"
173.252.127.112 - - [26/Apr/2025:15:07:41 -0400] "GET /wp-content/uploads/2019/10/bg-service3-1.png HTTP/1.1" 200 4951 "https://arsn.media/wp-content/uploads/elementor/css/post-7953.css?ver=1725377460" "Mozilla/5.0 (X11; Linux x86_64) AppleWebKit/537.36 (KHTML, like Gecko) Chrome/135.0.0.0 Safari/537.36"
173.252.127.4 - - [26/Apr/2025:15:07:41 -0400] "GET /wp-content/uploads/2019/10/bg-service1-1.png HTTP/1.1" 200 4711 "https://arsn.media/wp-content/uploads/elementor/css/post-7953.css?ver=1725377460" "Mozilla/5.0 (X11; Linux x86_64) AppleWebKit/537.36 (KHTML, like Gecko) Chrome/135.0.0.0 Safari/537.36"
173.252.127.4 - - [26/Apr/2025:15:07:44 -0400] "GET /wp-includes/js/wp-emoji-release.min.js?ver=6.8 HTTP/1.1" 200 4771 "https://arsn.media/?fbclid=IwZXh0bgNhZW0CMTEAAR4Zxqh17eR3Ya11I9tedXP4v5JJEh7QMJIDdLoOOtJLIMhbfrNS67RnOLR63g_aem_fQOytZjDCUkZO8SbeOxWvA" "Mozilla/5.0 (X11; Linux x86_64) AppleWebKit/537.36 (KHTML, like Gecko) Chrome/135.0.0.0 Safari/537.36"
173.252.127.112 - - [26/Apr/2025:15:07:46 -0400] "GET /wp-content/plugins/pro-elements/assets/js/popup.085c1727e36940b18f29.bundle.min.js HTTP/1.1" 200 395 "https://arsn.media/?fbclid=IwZXh0bgNhZW0CMTEAAR4Zxqh17eR3Ya11I9tedXP4v5JJEh7QMJIDdLoOOtJLIMhbfrNS67RnOLR63g_aem_fQOytZjDCUkZO8SbeOxWvA" "Mozilla/5.0 (X11; Linux x86_64) AppleWebKit/537.36 (KHTML, like Gecko) Chrome/135.0.0.0 Safari/537.36"
173.252.127.4 - - [26/Apr/2025:15:07:46 -0400] "GET /wp-content/plugins/elementor/assets/js/text-editor.c084ef86600b6f11690d.bundle.min.js HTTP/1.1" 200 621 "https://arsn.media/?fbclid=IwZXh0bgNhZW0CMTEAAR4Zxqh17eR3Ya11I9tedXP4v5JJEh7QMJIDdLoOOtJLIMhbfrNS67RnOLR63g_aem_fQOytZjDCUkZO8SbeOxWvA" "Mozilla/5.0 (X11; Linux x86_64) AppleWebKit/537.36 (KHTML, like Gecko) Chrome/135.0.0.0 Safari/537.36"
173.252.127.3 - - [26/Apr/2025:15:07:46 -0400] "GET /wp-content/plugins/pro-elements/assets/js/form.c4bc7eaa69583834a7d5.bundle.min.js HTTP/1.1" 200 4825 "https://arsn.media/?fbclid=IwZXh0bgNhZW0CMTEAAR4Zxqh17eR3Ya11I9tedXP4v5JJEh7QMJIDdLoOOtJLIMhbfrNS67RnOLR63g_aem_fQOytZjDCUkZO8SbeOxWvA" "Mozilla/5.0 (X11; Linux x86_64) AppleWebKit/537.36 (KHTML, like Gecko) Chrome/135.0.0.0 Safari/537.36"
69.171.234.2 - - [26/Apr/2025:15:08:17 -0400] "GET /wp-content/uploads/2024/07/success-digitally.jpg HTTP/1.1" 200 25839 "-" "facebookexternalhit/1.1 (+http://www.facebook.com/externalhit_uatext.php)"
173.252.95.20 - - [26/Apr/2025:15:08:17 -0400] "GET /wp-content/uploads/2024/07/digital.jpg HTTP/1.1" 200 136151 "-" "facebookexternalhit/1.1 (+http://www.facebook.com/externalhit_uatext.php)"
173.252.127.24 - - [26/Apr/2025:15:08:17 -0400] "GET /wp-content/uploads/2024/07/WEB.png HTTP/1.1" 200 68303 "-" "facebookexternalhit/1.1 (+http://www.facebook.com/externalhit_uatext.php)"
69.171.234.8 - - [26/Apr/2025:15:08:17 -0400] "GET /wp-content/uploads/2024/07/SEM.png HTTP/1.1" 200 30373 "-" "facebookexternalhit/1.1 (+http://www.facebook.com/externalhit_uatext.php)"
173.252.87.12 - - [26/Apr/2025:15:08:17 -0400] "GET /wp-content/uploads/2024/07/SMM.png HTTP/1.1" 200 32793 "-" "facebookexternalhit/1.1 (+http://www.facebook.com/externalhit_uatext.php)"
173.252.95.21 - - [26/Apr/2025:15:08:17 -0400] "GET /wp-content/uploads/2024/07/SEO.png HTTP/1.1" 200 35418 "-" "facebookexternalhit/1.1 (+http://www.facebook.com/externalhit_uatext.php)"
69.171.230.2 - - [26/Apr/2025:15:08:17 -0400] "GET /wp-content/uploads/2020/09/arsn-logo.png HTTP/1.1" 200 24236 "-" "facebookexternalhit/1.1 (+http://www.facebook.com/externalhit_uatext.php)"
66.220.149.6 - - [26/Apr/2025:15:08:17 -0400] "GET /wp-content/uploads/2024/07/Digital-marketing-Services-1-e1719864984234.jpg HTTP/1.1" 200 128457 "-" "facebookexternalhit/1.1 (+http://www.facebook.com/externalhit_uatext.php)"
173.252.95.114 - - [26/Apr/2025:15:08:18 -0400] "GET /wp-content/uploads/2024/07/trust.jpg HTTP/1.1" 200 113395 "-" "facebookexternalhit/1.1 (+http://www.facebook.com/externalhit_uatext.php)"
173.252.95.126 - - [26/Apr/2025:15:08:18 -0400] "GET /wp-content/uploads/2024/07/success-digitally.jpg HTTP/1.1" 200 25839 "-" "facebookexternalhit/1.1 (+http://www.facebook.com/externalhit_uatext.php)"
173.252.95.28 - - [26/Apr/2025:15:08:18 -0400] "GET /wp-content/uploads/2024/07/SEO.png HTTP/1.1" 200 35418 "-" "facebookexternalhit/1.1 (+http://www.facebook.com/externalhit_uatext.php)"
173.252.95.5 - - [26/Apr/2025:15:08:18 -0400] "GET /wp-content/uploads/2020/09/arsn-logo.png HTTP/1.1" 200 24236 "-" "facebookexternalhit/1.1 (+http://www.facebook.com/externalhit_uatext.php)"
173.252.95.15 - - [26/Apr/2025:15:08:18 -0400] "GET /wp-content/uploads/2024/04/sec-badge2.png HTTP/1.1" 200 5952 "-" "facebookexternalhit/1.1 (+http://www.facebook.com/externalhit_uatext.php)"
173.252.95.25 - - [26/Apr/2025:15:08:18 -0400] "GET /wp-content/uploads/2024/04/sec-badge3.png HTTP/1.1" 200 7625 "-" "facebookexternalhit/1.1 (+http://www.facebook.com/externalhit_uatext.php)"
173.252.95.4 - - [26/Apr/2025:15:08:18 -0400] "GET /wp-content/uploads/2024/07/Digital-marketing-Services-1-e1719864984234.jpg HTTP/1.1" 200 128457 "-" "facebookexternalhit/1.1 (+http://www.facebook.com/externalhit_uatext.php)"
173.252.95.4 - - [26/Apr/2025:15:08:18 -0400] "GET /wp-content/uploads/2024/07/WEB.png HTTP/1.1" 200 68303 "-" "facebookexternalhit/1.1 (+http://www.facebook.com/externalhit_uatext.php)"
173.252.95.20 - - [26/Apr/2025:15:08:18 -0400] "GET /wp-content/uploads/2024/07/SEM.png HTTP/1.1" 200 30373 "-" "facebookexternalhit/1.1 (+http://www.facebook.com/externalhit_uatext.php)"
173.252.95.116 - - [26/Apr/2025:15:08:18 -0400] "GET /wp-content/uploads/2024/07/SMM.png HTTP/1.1" 200 32793 "-" "facebookexternalhit/1.1 (+http://www.facebook.com/externalhit_uatext.php)"
173.252.95.11 - - [26/Apr/2025:15:08:18 -0400] "GET /wp-content/uploads/2024/07/digital.jpg HTTP/1.1" 200 136151 "-" "facebookexternalhit/1.1 (+http://www.facebook.com/externalhit_uatext.php)"
66.220.149.7 - - [26/Apr/2025:15:08:18 -0400] "GET /wp-content/uploads/2024/07/success-1.png HTTP/1.1" 200 137517 "-" "facebookexternalhit/1.1 (+http://www.facebook.com/externalhit_uatext.php)"
173.252.127.36 - - [26/Apr/2025:15:08:19 -0400] "GET /wp-content/uploads/2024/07/trust.jpg HTTP/1.1" 200 113395 "-" "facebookexternalhit/1.1 (+http://www.facebook.com/externalhit_uatext.php)"
66.29.132.124 - - [26/Apr/2025:15:10:17 -0400] "POST /wp-cron.php?doing_wp_cron=1745694617.3302431106567382812500 HTTP/1.1" 200 0 "-" "WordPress/6.8; https://arsn.media"
20.171.207.233 - - [26/Apr/2025:15:10:12 -0400] "GET /ecommerce-s....earch-engine-optimiz HTTP/1.1" 404 18552 "-" "Mozilla/5.0 AppleWebKit/537.36 (KHTML, like Gecko; compatible; GPTBot/1.2; +https://openai.com/gptbot)"
66.29.132.124 - - [26/Apr/2025:15:10:20 -0400] "POST /wp-admin/admin-ajax.php?action=async_litespeed&nonce=vw7PLlfRwmac9A6PKau94WRE9sR3kwUn&litespeed_type=imgoptm HTTP/1.1" 200 0 "-" "WordPress/6.8; https://arsn.media"
20.171.207.233 - - [26/Apr/2025:15:12:23 -0400] "GET /wp-content/uploads/2020/10/404.png%20707w,%20https:/arsn.media/wp-content/uploads/2020/10/404-300x110.png%20300w HTTP/1.1" 404 39426 "-" "Mozilla/5.0 AppleWebKit/537.36 (KHTML, like Gecko; compatible; GPTBot/1.2; +https://openai.com/gptbot)"
66.29.132.124 - - [26/Apr/2025:15:12:30 -0400] "POST /wp-cron.php?doing_wp_cron=1745694750.3566288948059082031250 HTTP/1.1" 200 0 "-" "WordPress/6.8; https://arsn.media"
20.171.207.233 - - [26/Apr/2025:15:12:26 -0400] "GET /wp-content/themes/onum/css/design-test.css?ver=6.7.2 HTTP/1.1" 404 18473 "-" "Mozilla/5.0 AppleWebKit/537.36 (KHTML, like Gecko; compatible; GPTBot/1.2; +https://openai.com/gptbot)"
20.171.207.233 - - [26/Apr/2025:15:12:32 -0400] "GET /wp-content/themes/onum/js/design-test.js HTTP/1.1" 404 39383 "-" "Mozilla/5.0 AppleWebKit/537.36 (KHTML, like Gecko; compatible; GPTBot/1.2; +https://openai.com/gptbot)"
66.29.132.124 - - [26/Apr/2025:15:12:31 -0400] "POST /wp-admin/admin-ajax.php?action=async_litespeed&nonce=KzPTABZP7AyVlUxfwmBvcOUjHbJhjCbe&litespeed_type=imgoptm HTTP/1.1" 200 0 "-" "WordPress/6.8; https://arsn.media"
20.171.207.233 - - [26/Apr/2025:15:12:35 -0400] "GET /wp-json/elementskit/v1/ HTTP/1.1" 404 114 "-" "Mozilla/5.0 AppleWebKit/537.36 (KHTML, like Gecko; compatible; GPTBot/1.2; +https://openai.com/gptbot)"
20.171.207.233 - - [26/Apr/2025:15:12:38 -0400] "GET /wp-content/uploads/2020/09/ARSN-Final-Logos-scaled.jpg%202560w,%20https:/arsn.media/wp-content/uploads/2020/09/ARSN-Final-Logos-300x138.jpg%20300w,%20https:/arsn.media/wp-content/uploads/2020/09/ARSN-Final-Logos-1024x471.jpg%201024w,%20https:/arsn.media/ARSN-Final-Logos-768x353.jpg%20768w,%20https:/ARSN-Final-Logos-1536x706.jpg%201536w,%20https:/ARSN-Final-Logos-2048x942.jpg%202048w HTTP/1.1" 404 39631 "-" "Mozilla/5.0 AppleWebKit/537.36 (KHTML, like Gecko; compatible; GPTBot/1.2; +https://openai.com/gptbot)"
66.29.132.124 - - [26/Apr/2025:15:15:47 -0400] "POST /wp-cron.php?doing_wp_cron=1745694947.6773800849914550781250 HTTP/1.1" 200 0 "-" "WordPress/6.8; https://arsn.media"
114.119.129.36 - - [26/Apr/2025:15:15:43 -0400] "GET /blog/page/1/ HTTP/1.1" 301 0 "https://arsn.media/blog/page/4/" "Mozilla/5.0 (Linux; Android 7.0;) AppleWebKit/537.36 (KHTML, like Gecko) Mobile Safari/537.36 (compatible; PetalBot;+https://webmaster.petalsearch.com/site/petalbot)"
114.119.129.36 - - [26/Apr/2025:15:15:48 -0400] "GET /blog/ HTTP/1.1" 200 64331 "https://arsn.media/blog/page/4/" "Mozilla/5.0 (Linux; Android 7.0;) AppleWebKit/537.36 (KHTML, like Gecko) Mobile Safari/537.36 (compatible; PetalBot;+https://webmaster.petalsearch.com/site/petalbot)"
66.29.132.124 - - [26/Apr/2025:15:15:48 -0400] "POST /wp-admin/admin-ajax.php?action=async_litespeed&nonce=Kgy9sajvObgSPvaUTT3hSq1D4qui01s4&litespeed_type=imgoptm HTTP/1.1" 200 0 "-" "WordPress/6.8; https://arsn.media"
66.29.132.124 - - [26/Apr/2025:15:16:25 -0400] "POST /wp-cron.php?doing_wp_cron=1745694985.6328580379486083984375 HTTP/1.1" 200 0 "-" "WordPress/6.8; https://arsn.media"
20.171.207.233 - - [26/Apr/2025:15:16:25 -0400] "GET /808/%EF%BB%BFhttp:/52-sell.com/9it/smart-audiobook-player-apk.html HTTP/1.1" 404 39327 "-" "Mozilla/5.0 AppleWebKit/537.36 (KHTML, like Gecko; compatible; GPTBot/1.2; +https://openai.com/gptbot)"
66.29.132.124 - - [26/Apr/2025:15:21:33 -0400] "POST /wp-cron.php?doing_wp_cron=1745695293.3151121139526367187500 HTTP/1.1" 200 0 "-" "WordPress/6.8; https://arsn.media"
20.171.207.233 - - [26/Apr/2025:15:21:27 -0400] "GET /wp-content/themes/onum/css/design-test.css?ver=6.7.2 HTTP/1.1" 404 39204 "-" "Mozilla/5.0 AppleWebKit/537.36 (KHTML, like Gecko; compatible; GPTBot/1.2; +https://openai.com/gptbot)"
20.171.207.233 - - [26/Apr/2025:15:21:34 -0400] "GET /wp-content/uploads/2020/10/404.png%20707w,%20https:/arsn.media/wp-content/uploads/2020/10/404-300x110.png%20300w HTTP/1.1" 404 39426 "-" "Mozilla/5.0 AppleWebKit/537.36 (KHTML, like Gecko; compatible; GPTBot/1.2; +https://openai.com/gptbot)"
66.29.132.124 - - [26/Apr/2025:15:21:34 -0400] "POST /wp-admin/admin-ajax.php?action=async_litespeed&nonce=g7bFcnt7TFCsryNopGwnvdEdo8r9En02&litespeed_type=imgoptm HTTP/1.1" 200 0 "-" "WordPress/6.8; https://arsn.media"
66.29.132.124 - - [26/Apr/2025:15:21:35 -0400] "POST /wp-admin/admin-ajax.php?action=as_async_request_queue_runner&nonce=6887159dad HTTP/1.1" 200 0 "-" "WordPress/6.8; https://arsn.media"
20.171.207.233 - - [26/Apr/2025:15:21:37 -0400] "GET /wp-content/uploads/2020/09/ARSN-Final-Logos-scaled.jpg%202560w,%20https:/arsn.media/wp-content/uploads/2020/09/ARSN-Final-Logos-300x138.jpg%20300w,%20https:/arsn.media/wp-content/uploads/2020/09/ARSN-Final-Logos-1024x471.jpg%201024w,%20https:/arsn.media/ARSN-Final-Logos-768x353.jpg%20768w,%20https:/ARSN-Final-Logos-1536x706.jpg%201536w,%20https:/ARSN-Final-Logos-2048x942.jpg%202048w HTTP/1.1" 404 39631 "-" "Mozilla/5.0 AppleWebKit/537.36 (KHTML, like Gecko; compatible; GPTBot/1.2; +https://openai.com/gptbot)"
20.171.207.233 - - [26/Apr/2025:15:21:41 -0400] "GET /wp-json/elementskit/v1/ HTTP/1.1" 404 114 "-" "Mozilla/5.0 AppleWebKit/537.36 (KHTML, like Gecko; compatible; GPTBot/1.2; +https://openai.com/gptbot)"
20.171.207.233 - - [26/Apr/2025:15:21:44 -0400] "GET /wp-content/themes/onum/js/design-test.js HTTP/1.1" 404 39383 "-" "Mozilla/5.0 AppleWebKit/537.36 (KHTML, like Gecko; compatible; GPTBot/1.2; +https://openai.com/gptbot)"
20.171.207.233 - - [26/Apr/2025:15:21:47 -0400] "GET /wp-content/themes/onum/css/design-test.css?ver=6.7.1 HTTP/1.1" 404 39254 "-" "Mozilla/5.0 AppleWebKit/537.36 (KHTML, like Gecko; compatible; GPTBot/1.2; +https://openai.com/gptbot)"
20.171.207.233 - - [26/Apr/2025:15:22:36 -0400] "GET /wp-content/themes/onum/css/design-test.css?ver=6.7.2 HTTP/1.1" 404 39204 "-" "Mozilla/5.0 AppleWebKit/537.36 (KHTML, like Gecko; compatible; GPTBot/1.2; +https://openai.com/gptbot)"
20.171.207.233 - - [26/Apr/2025:15:22:38 -0400] "GET /wp-content/uploads/2020/10/404.png%20707w,%20https:/arsn.media/wp-content/uploads/2020/10/404-300x110.png%20300w HTTP/1.1" 404 39426 "-" "Mozilla/5.0 AppleWebKit/537.36 (KHTML, like Gecko; compatible; GPTBot/1.2; +https://openai.com/gptbot)"
20.171.207.233 - - [26/Apr/2025:15:22:42 -0400] "GET /wp-json/elementskit/v1/ HTTP/1.1" 404 114 "-" "Mozilla/5.0 AppleWebKit/537.36 (KHTML, like Gecko; compatible; GPTBot/1.2; +https://openai.com/gptbot)"
20.171.207.233 - - [26/Apr/2025:15:22:45 -0400] "GET /wp-content/uploads/2020/09/ARSN-Final-Logos-scaled.jpg%202560w,%20https:/arsn.media/wp-content/uploads/2020/09/ARSN-Final-Logos-300x138.jpg%20300w,%20https:/arsn.media/wp-content/uploads/2020/09/ARSN-Final-Logos-1024x471.jpg%201024w,%20https:/arsn.media/ARSN-Final-Logos-768x353.jpg%20768w,%20https:/ARSN-Final-Logos-1536x706.jpg%201536w,%20https:/ARSN-Final-Logos-2048x942.jpg%202048w HTTP/1.1" 404 39631 "-" "Mozilla/5.0 AppleWebKit/537.36 (KHTML, like Gecko; compatible; GPTBot/1.2; +https://openai.com/gptbot)"
20.171.207.233 - - [26/Apr/2025:15:22:48 -0400] "GET /wp-content/themes/onum/js/design-test.js HTTP/1.1" 404 39383 "-" "Mozilla/5.0 AppleWebKit/537.36 (KHTML, like Gecko; compatible; GPTBot/1.2; +https://openai.com/gptbot)"
66.29.132.124 - - [26/Apr/2025:15:30:04 -0400] "POST /wp-cron.php?doing_wp_cron=1745695804.2610440254211425781250 HTTP/1.1" 200 0 "-" "WordPress/6.8; https://arsn.media"
66.29.132.124 - - [26/Apr/2025:15:30:08 -0400] "POST /wp-admin/admin-ajax.php?action=async_litespeed&nonce=huCkjGQn8Dk5V5ZQspTSB8TUuYceSk2W&litespeed_type=imgoptm HTTP/1.1" 200 0 "-" "WordPress/6.8; https://arsn.media"
66.249.74.5 - - [26/Apr/2025:15:29:51 -0400] "GET /808/ngc-group-gift-cards.html HTTP/1.1" 404 39325 "-" "Mozilla/5.0 (Linux; Android 6.0.1; Nexus 5X Build/MMB29P) AppleWebKit/537.36 (KHTML, like Gecko) Chrome/135.0.7049.95 Mobile Safari/537.36 (compatible; GoogleOther)"
20.171.207.233 - - [26/Apr/2025:15:32:31 -0400] "GET /wp-content/themes/onum/css/design-test.css?ver=6.7.1 HTTP/1.1" 404 39254 "-" "Mozilla/5.0 AppleWebKit/537.36 (KHTML, like Gecko; compatible; GPTBot/1.2; +https://openai.com/gptbot)"
20.171.207.233 - - [26/Apr/2025:15:32:34 -0400] "GET /wp-content/themes/onum/js/design-test.js HTTP/1.1" 404 39383 "-" "Mozilla/5.0 AppleWebKit/537.36 (KHTML, like Gecko; compatible; GPTBot/1.2; +https://openai.com/gptbot)"
20.171.207.233 - - [26/Apr/2025:15:32:37 -0400] "GET /wp-content/uploads/2020/10/404.png%20707w,%20https:/arsn.media/wp-content/uploads/2020/10/404-300x110.png%20300w HTTP/1.1" 404 39426 "-" "Mozilla/5.0 AppleWebKit/537.36 (KHTML, like Gecko; compatible; GPTBot/1.2; +https://openai.com/gptbot)"
20.171.207.233 - - [26/Apr/2025:15:32:40 -0400] "GET /wp-json/elementskit/v1/ HTTP/1.1" 404 114 "-" "Mozilla/5.0 AppleWebKit/537.36 (KHTML, like Gecko; compatible; GPTBot/1.2; +https://openai.com/gptbot)"
20.171.207.233 - - [26/Apr/2025:15:32:43 -0400] "GET /wp-content/uploads/2020/09/ARSN-Final-Logos-scaled.jpg%202560w,%20https:/arsn.media/wp-content/uploads/2020/09/ARSN-Final-Logos-300x138.jpg%20300w,%20https:/arsn.media/wp-content/uploads/2020/09/ARSN-Final-Logos-1024x471.jpg%201024w,%20https:/arsn.media/ARSN-Final-Logos-768x353.jpg%20768w,%20https:/ARSN-Final-Logos-1536x706.jpg%201536w,%20https:/ARSN-Final-Logos-2048x942.jpg%202048w HTTP/1.1" 404 39631 "-" "Mozilla/5.0 AppleWebKit/537.36 (KHTML, like Gecko; compatible; GPTBot/1.2; +https://openai.com/gptbot)"
66.29.132.124 - - [26/Apr/2025:15:32:44 -0400] "POST /wp-cron.php?doing_wp_cron=1745695964.6420969963073730468750 HTTP/1.1" 200 0 "-" "WordPress/6.8; https://arsn.media"
5.189.174.30 - - [26/Apr/2025:15:32:35 -0400] "POST /xmlrpc.php HTTP/1.1" 200 403 "-" "-"
