20.171.207.233 - - [26/Apr/2025:12:48:51 -0400] "GET /wp-content/languages/class_api.php HTTP/1.1" 404 39347 "-" "Mozilla/5.0 AppleWebKit/537.36 (KHTML, like Gecko; compatible; GPTBot/1.2; +https://openai.com/gptbot)"
20.171.207.233 - - [26/Apr/2025:12:48:54 -0400] "GET /wp-admin/js/widgets/class.api.php HTTP/1.1" 404 39550 "-" "Mozilla/5.0 AppleWebKit/537.36 (KHTML, like Gecko; compatible; GPTBot/1.2; +https://openai.com/gptbot)"
20.171.207.233 - - [26/Apr/2025:12:48:57 -0400] "GET /wp-admin/js/widgets/class_api.php HTTP/1.1" 404 39552 "-" "Mozilla/5.0 AppleWebKit/537.36 (KHTML, like Gecko; compatible; GPTBot/1.2; +https://openai.com/gptbot)"
20.171.207.233 - - [26/Apr/2025:12:48:59 -0400] "GET /wp-includes/certificates/moon.php HTTP/1.1" 404 31850 "-" "Mozilla/5.0 AppleWebKit/537.36 (KHTML, like Gecko; compatible; GPTBot/1.2; +https://openai.com/gptbot)"
45.84.107.172 - - [26/Apr/2025:12:48:59 -0400] "POST /Form HTTP/1.1" 404 564831 "https://arsn.media/Form" "Mozilla/5.0 (X11; U; Linux x86_64; pl-PL; rv:2.0) Gecko/20110307 Firefox/4.0"
20.171.207.233 - - [26/Apr/2025:12:49:03 -0400] "GET /wp-includes/IXR/class_api.php HTTP/1.1" 404 24714 "-" "Mozilla/5.0 AppleWebKit/537.36 (KHTML, like Gecko; compatible; GPTBot/1.2; +https://openai.com/gptbot)"
20.171.207.233 - - [26/Apr/2025:12:49:06 -0400] "GET /wp-includes/Requests/network.php HTTP/1.1" 404 18533 "-" "Mozilla/5.0 AppleWebKit/537.36 (KHTML, like Gecko; compatible; GPTBot/1.2; +https://openai.com/gptbot)"
20.171.207.233 - - [26/Apr/2025:12:49:08 -0400] "GET /wp-includes/customize/termps.php HTTP/1.1" 404 21437 "-" "Mozilla/5.0 AppleWebKit/537.36 (KHTML, like Gecko; compatible; GPTBot/1.2; +https://openai.com/gptbot)"
20.171.207.233 - - [26/Apr/2025:12:49:15 -0400] "GET /wp-content/upgrade/class_api.php HTTP/1.1" 404 39281 "-" "Mozilla/5.0 AppleWebKit/537.36 (KHTML, like Gecko; compatible; GPTBot/1.2; +https://openai.com/gptbot)"
20.171.207.233 - - [26/Apr/2025:12:49:17 -0400] "GET /wp-includes/IXR/moon.php HTTP/1.1" 404 18508 "-" "Mozilla/5.0 AppleWebKit/537.36 (KHTML, like Gecko; compatible; GPTBot/1.2; +https://openai.com/gptbot)"
114.35.245.150 - - [26/Apr/2025:12:49:18 -0400] "POST /Form HTTP/1.1" 404 564831 "https://arsn.media/Form" "Mozilla/5.0 (X11; U; Linux x86_64; pl-PL; rv:2.0) Gecko/20110307 Firefox/4.0"
20.171.207.233 - - [26/Apr/2025:12:49:19 -0400] "GET /wp-includes/IXR/class.api.php HTTP/1.1" 404 28738 "-" "Mozilla/5.0 AppleWebKit/537.36 (KHTML, like Gecko; compatible; GPTBot/1.2; +https://openai.com/gptbot)"
20.171.207.233 - - [26/Apr/2025:12:49:22 -0400] "GET /wp-includes/Requests/class_api.php HTTP/1.1" 404 31660 "-" "Mozilla/5.0 AppleWebKit/537.36 (KHTML, like Gecko; compatible; GPTBot/1.2; +https://openai.com/gptbot)"
20.171.207.233 - - [26/Apr/2025:12:49:24 -0400] "GET /wp-content/themes/digital-download/new.php HTTP/1.1" 404 39136 "-" "Mozilla/5.0 AppleWebKit/537.36 (KHTML, like Gecko; compatible; GPTBot/1.2; +https://openai.com/gptbot)"
20.171.207.233 - - [26/Apr/2025:12:49:25 -0400] "GET /wp-content/plugins/wp-help/admin/wp-fclass.php HTTP/1.1" 404 24671 "-" "Mozilla/5.0 AppleWebKit/537.36 (KHTML, like Gecko; compatible; GPTBot/1.2; +https://openai.com/gptbot)"
20.171.207.233 - - [26/Apr/2025:12:49:26 -0400] "GET /wp-content/upgrade/moon.php HTTP/1.1" 404 22152 "-" "Mozilla/5.0 AppleWebKit/537.36 (KHTML, like Gecko; compatible; GPTBot/1.2; +https://openai.com/gptbot)"
20.171.207.233 - - [26/Apr/2025:12:49:29 -0400] "GET /wp-includes/js/500.php HTTP/1.1" 404 18543 "-" "Mozilla/5.0 AppleWebKit/537.36 (KHTML, like Gecko; compatible; GPTBot/1.2; +https://openai.com/gptbot)"
66.29.132.124 - - [26/Apr/2025:12:49:36 -0400] "POST /wp-cron.php?doing_wp_cron=1745686176.1532249450683593750000 HTTP/1.1" 200 0 "-" "WordPress/6.8; https://arsn.media"
20.171.207.233 - - [26/Apr/2025:12:49:34 -0400] "GET /wp-content/plugins/Update/wp-blog.php HTTP/1.1" 404 22065 "-" "Mozilla/5.0 AppleWebKit/537.36 (KHTML, like Gecko; compatible; GPTBot/1.2; +https://openai.com/gptbot)"
66.29.132.124 - - [26/Apr/2025:12:49:38 -0400] "POST /wp-admin/admin-ajax.php?action=async_litespeed&nonce=7IwTPITwtguDcDJP3K8O72O9cU1Zs6eb&litespeed_type=imgoptm HTTP/1.1" 200 21 "-" "WordPress/6.8; https://arsn.media"
45.84.107.172 - - [26/Apr/2025:12:49:37 -0400] "POST / HTTP/1.1" 200 639565 "https://arsn.media" "Mozilla/5.0 (X11; U; Linux x86_64; pl-PL; rv:2.0) Gecko/20110307 Firefox/4.0"
20.171.207.233 - - [26/Apr/2025:12:49:39 -0400] "GET /wp-includes/ID3/moon.php HTTP/1.1" 404 24636 "-" "Mozilla/5.0 AppleWebKit/537.36 (KHTML, like Gecko; compatible; GPTBot/1.2; +https://openai.com/gptbot)"
20.171.207.233 - - [26/Apr/2025:12:49:46 -0400] "GET /wp-content/plugins/wp-help/index.php HTTP/1.1" 301 0 "-" "Mozilla/5.0 AppleWebKit/537.36 (KHTML, like Gecko; compatible; GPTBot/1.2; +https://openai.com/gptbot)"
66.29.132.124 - - [26/Apr/2025:12:49:50 -0400] "POST /wp-cron.php?doing_wp_cron=1745686190.3005940914154052734375 HTTP/1.1" 200 0 "-" "WordPress/6.8; https://arsn.media"
20.171.207.233 - - [26/Apr/2025:12:49:49 -0400] "GET /wp-includes/Text/Diff/termps.php HTTP/1.1" 404 18536 "-" "Mozilla/5.0 AppleWebKit/537.36 (KHTML, like Gecko; compatible; GPTBot/1.2; +https://openai.com/gptbot)"
20.171.207.233 - - [26/Apr/2025:12:49:52 -0400] "GET /wp-admin/user/moon.php HTTP/1.1" 404 18546 "-" "Mozilla/5.0 AppleWebKit/537.36 (KHTML, like Gecko; compatible; GPTBot/1.2; +https://openai.com/gptbot)"
192.42.116.213 - - [26/Apr/2025:12:49:54 -0400] "POST / HTTP/1.1" 200 639565 "https://arsn.media" "Mozilla/5.0 (X11; U; Linux x86_64; pl-PL; rv:2.0) Gecko/20110307 Firefox/4.0"
20.171.207.233 - - [26/Apr/2025:12:49:55 -0400] "GET /wp-content/plugins/download-plugin/wp-access.php HTTP/1.1" 404 18519 "-" "Mozilla/5.0 AppleWebKit/537.36 (KHTML, like Gecko; compatible; GPTBot/1.2; +https://openai.com/gptbot)"
20.171.207.233 - - [26/Apr/2025:12:49:59 -0400] "GET /wp-content/themes/atomlib.php HTTP/1.1" 404 18571 "-" "Mozilla/5.0 AppleWebKit/537.36 (KHTML, like Gecko; compatible; GPTBot/1.2; +https://openai.com/gptbot)"
20.171.207.233 - - [26/Apr/2025:12:50:01 -0400] "GET /wp-content/themes/plugins.php HTTP/1.1" 404 18568 "-" "Mozilla/5.0 AppleWebKit/537.36 (KHTML, like Gecko; compatible; GPTBot/1.2; +https://openai.com/gptbot)"
20.171.207.233 - - [26/Apr/2025:12:50:05 -0400] "GET /wp-amin/includes/file.php HTTP/1.1" 404 18478 "-" "Mozilla/5.0 AppleWebKit/537.36 (KHTML, like Gecko; compatible; GPTBot/1.2; +https://openai.com/gptbot)"
45.84.107.97 - - [26/Apr/2025:12:50:07 -0400] "POST / HTTP/1.1" 200 639565 "https://arsn.media" "Mozilla/5.0 (X11; U; Linux x86_64; pl-PL; rv:2.0) Gecko/20110307 Firefox/4.0"
20.171.207.233 - - [26/Apr/2025:12:50:10 -0400] "GET /wp-content/plugins/xt/ HTTP/1.1" 404 18539 "-" "Mozilla/5.0 AppleWebKit/537.36 (KHTML, like Gecko; compatible; GPTBot/1.2; +https://openai.com/gptbot)"
20.171.207.233 - - [26/Apr/2025:12:50:14 -0400] "GET /wp-content/plugins/wp-help/ HTTP/1.1" 404 18550 "-" "Mozilla/5.0 AppleWebKit/537.36 (KHTML, like Gecko; compatible; GPTBot/1.2; +https://openai.com/gptbot)"
107.189.2.108 - - [26/Apr/2025:12:50:15 -0400] "POST / HTTP/1.1" 200 639565 "https://arsn.media" "Mozilla/5.0 (X11; U; Linux x86_64; pl-PL; rv:2.0) Gecko/20110307 Firefox/4.0"
20.171.207.233 - - [26/Apr/2025:12:50:19 -0400] "GET /wp-json/elementskit/v1/ HTTP/1.1" 404 114 "-" "Mozilla/5.0 AppleWebKit/537.36 (KHTML, like Gecko; compatible; GPTBot/1.2; +https://openai.com/gptbot)"
20.171.207.233 - - [26/Apr/2025:12:50:20 -0400] "GET /wp-includes/ID3/plugins.php HTTP/1.1" 404 18551 "-" "Mozilla/5.0 AppleWebKit/537.36 (KHTML, like Gecko; compatible; GPTBot/1.2; +https://openai.com/gptbot)"
20.171.207.233 - - [26/Apr/2025:12:50:23 -0400] "GET /wp-includes/rest-api/fields/cache/index.php HTTP/1.1" 301 0 "-" "Mozilla/5.0 AppleWebKit/537.36 (KHTML, like Gecko; compatible; GPTBot/1.2; +https://openai.com/gptbot)"
20.171.207.233 - - [26/Apr/2025:12:50:25 -0400] "GET /wp-content/themes/sketch/404.php HTTP/1.1" 404 18535 "-" "Mozilla/5.0 AppleWebKit/537.36 (KHTML, like Gecko; compatible; GPTBot/1.2; +https://openai.com/gptbot)"
45.84.107.74 - - [26/Apr/2025:12:50:24 -0400] "POST / HTTP/1.1" 200 639565 "https://arsn.media" "Mozilla/5.0 (X11; U; Linux x86_64; pl-PL; rv:2.0) Gecko/20110307 Firefox/4.0"
20.171.207.233 - - [26/Apr/2025:12:50:28 -0400] "GET /wp-includes/Requests/Text/index.php HTTP/1.1" 301 0 "-" "Mozilla/5.0 AppleWebKit/537.36 (KHTML, like Gecko; compatible; GPTBot/1.2; +https://openai.com/gptbot)"
45.84.107.74 - - [26/Apr/2025:12:50:32 -0400] "POST / HTTP/1.1" 200 639565 "https://arsn.media" "Mozilla/5.0 (X11; U; Linux x86_64; pl-PL; rv:2.0) Gecko/20110307 Firefox/4.0"
20.171.207.233 - - [26/Apr/2025:12:51:36 -0400] "GET /wp-content/themes/intense/block-css.php HTTP/1.1" 404 18531 "-" "Mozilla/5.0 AppleWebKit/537.36 (KHTML, like Gecko; compatible; GPTBot/1.2; +https://openai.com/gptbot)"
185.220.100.243 - - [26/Apr/2025:12:51:36 -0400] "POST / HTTP/1.1" 200 639565 "https://arsn.media" "Mozilla/5.0 (X11; U; Linux x86_64; pl-PL; rv:2.0) Gecko/20110307 Firefox/4.0"
66.29.132.124 - - [26/Apr/2025:12:51:41 -0400] "POST /wp-cron.php?doing_wp_cron=1745686300.0970630645751953125000 HTTP/1.1" 200 0 "-" "WordPress/6.8; https://arsn.media"
20.171.207.233 - - [26/Apr/2025:12:51:38 -0400] "GET /wp-admin/css/colors/coffee/about.php HTTP/1.1" 404 18534 "-" "Mozilla/5.0 AppleWebKit/537.36 (KHTML, like Gecko; compatible; GPTBot/1.2; +https://openai.com/gptbot)"
20.171.207.233 - - [26/Apr/2025:12:51:43 -0400] "GET /wp-admin/css/plugins.php HTTP/1.1" 404 33096 "-" "Mozilla/5.0 AppleWebKit/537.36 (KHTML, like Gecko; compatible; GPTBot/1.2; +https://openai.com/gptbot)"
20.171.207.233 - - [26/Apr/2025:12:51:52 -0400] "GET /wp-json/oembed/1.0/embed?format=xml&url=https%3A%2F%2Farsn.media%2Fpersonal-portfolio%2F HTTP/1.1" 200 1327 "-" "Mozilla/5.0 AppleWebKit/537.36 (KHTML, like Gecko; compatible; GPTBot/1.2; +https://openai.com/gptbot)"
20.171.207.233 - - [26/Apr/2025:12:51:53 -0400] "GET /wp-admin/css/colors/ectoplasm/load-styles.php HTTP/1.1" 404 18568 "-" "Mozilla/5.0 AppleWebKit/537.36 (KHTML, like Gecko; compatible; GPTBot/1.2; +https://openai.com/gptbot)"
45.84.107.172 - - [26/Apr/2025:12:51:54 -0400] "POST / HTTP/1.1" 200 639565 "https://arsn.media" "Mozilla/5.0 (X11; U; Linux x86_64; pl-PL; rv:2.0) Gecko/20110307 Firefox/4.0"
20.171.207.233 - - [26/Apr/2025:12:51:57 -0400] "GET /wp-admin/css/atomlib.php HTTP/1.1" 404 21328 "-" "Mozilla/5.0 AppleWebKit/537.36 (KHTML, like Gecko; compatible; GPTBot/1.2; +https://openai.com/gptbot)"
20.171.207.233 - - [26/Apr/2025:12:52:00 -0400] "GET /common/css/class_api.php HTTP/1.1" 404 18516 "-" "Mozilla/5.0 AppleWebKit/537.36 (KHTML, like Gecko; compatible; GPTBot/1.2; +https://openai.com/gptbot)"
20.171.207.233 - - [26/Apr/2025:12:52:04 -0400] "GET /wp-admin/css/colors/blue/atomlib.php HTTP/1.1" 404 18534 "-" "Mozilla/5.0 AppleWebKit/537.36 (KHTML, like Gecko; compatible; GPTBot/1.2; +https://openai.com/gptbot)"
20.171.207.233 - - [26/Apr/2025:12:52:07 -0400] "GET /wp-login.php?reauth=1&redirect_to=https%3A%2F%2Farsn.media%2Fwp-admin%2Fpost.php HTTP/1.1" 200 1877 "-" "Mozilla/5.0 AppleWebKit/537.36 (KHTML, like Gecko; compatible; GPTBot/1.2; +https://openai.com/gptbot)"
45.84.107.198 - - [26/Apr/2025:12:52:05 -0400] "POST / HTTP/1.1" 200 639565 "https://arsn.media" "Mozilla/5.0 (X11; U; Linux x86_64; pl-PL; rv:2.0) Gecko/20110307 Firefox/4.0"
20.171.207.233 - - [26/Apr/2025:12:52:09 -0400] "GET /wp-content/plugins/elementor/assets/lib/jquery-numerator/jquery-numerator.min.js?ver=0.2.1 HTTP/1.1" 200 677 "-" "Mozilla/5.0 AppleWebKit/537.36 (KHTML, like Gecko; compatible; GPTBot/1.2; +https://openai.com/gptbot)"
20.171.207.233 - - [26/Apr/2025:12:52:12 -0400] "GET /wp-content/plugins/elementor/assets/css/widget-counter.min.css?ver=3.28.4 HTTP/1.1" 200 234 "-" "Mozilla/5.0 AppleWebKit/537.36 (KHTML, like Gecko; compatible; GPTBot/1.2; +https://openai.com/gptbot)"
20.171.207.233 - - [26/Apr/2025:12:52:14 -0400] "GET /css/class_api.php HTTP/1.1" 404 18522 "-" "Mozilla/5.0 AppleWebKit/537.36 (KHTML, like Gecko; compatible; GPTBot/1.2; +https://openai.com/gptbot)"
20.171.207.233 - - [26/Apr/2025:12:52:17 -0400] "GET /wp-admin/css/classwithtostring.php HTTP/1.1" 404 18568 "-" "Mozilla/5.0 AppleWebKit/537.36 (KHTML, like Gecko; compatible; GPTBot/1.2; +https://openai.com/gptbot)"
20.171.207.233 - - [26/Apr/2025:12:52:19 -0400] "GET /personal-portfolio/embed/ HTTP/1.1" 200 6310 "-" "Mozilla/5.0 AppleWebKit/537.36 (KHTML, like Gecko; compatible; GPTBot/1.2; +https://openai.com/gptbot)"
20.171.207.233 - - [26/Apr/2025:12:52:21 -0400] "GET /wp-content/plugins/elementor/assets/css/widget-divider.min.css?ver=3.28.4 HTTP/1.1" 200 707 "-" "Mozilla/5.0 AppleWebKit/537.36 (KHTML, like Gecko; compatible; GPTBot/1.2; +https://openai.com/gptbot)"
20.171.207.233 - - [26/Apr/2025:12:52:24 -0400] "GET /wp-content/uploads/elementor/google-fonts/css/nunito.css?ver=1742301870 HTTP/1.1" 200 728 "-" "Mozilla/5.0 AppleWebKit/537.36 (KHTML, like Gecko; compatible; GPTBot/1.2; +https://openai.com/gptbot)"
45.138.16.231 - - [26/Apr/2025:12:52:21 -0400] "POST / HTTP/1.1" 200 639565 "https://arsn.media" "Mozilla/5.0 (X11; U; Linux x86_64; pl-PL; rv:2.0) Gecko/20110307 Firefox/4.0"
20.171.207.233 - - [26/Apr/2025:12:52:25 -0400] "GET /wp-content/uploads/elementor/css/post-10686.css?ver=1725365295 HTTP/1.1" 200 284 "-" "Mozilla/5.0 AppleWebKit/537.36 (KHTML, like Gecko; compatible; GPTBot/1.2; +https://openai.com/gptbot)"
20.171.207.233 - - [26/Apr/2025:12:52:27 -0400] "GET /wp-content/uploads/elementor/css/post-11460.css?ver=1726215436 HTTP/1.1" 200 8332 "-" "Mozilla/5.0 AppleWebKit/537.36 (KHTML, like Gecko; compatible; GPTBot/1.2; +https://openai.com/gptbot)"
20.171.207.233 - - [26/Apr/2025:12:52:28 -0400] "GET /wp-content/uploads/elementor/css/post-3910.css?ver=1725365297 HTTP/1.1" 200 234 "-" "Mozilla/5.0 AppleWebKit/537.36 (KHTML, like Gecko; compatible; GPTBot/1.2; +https://openai.com/gptbot)"
20.171.207.233 - - [26/Apr/2025:12:52:30 -0400] "GET /wp-content/uploads/elementor/google-fonts/fonts/nunito-xrxx3i6li01bkofimnahrs71ca.woff2 HTTP/1.1" 200 22872 "-" "Mozilla/5.0 AppleWebKit/537.36 (KHTML, like Gecko; compatible; GPTBot/1.2; +https://openai.com/gptbot)"
20.171.207.233 - - [26/Apr/2025:12:52:31 -0400] "GET /wp-content/uploads/elementor/google-fonts/fonts/nunito-xrxx3i6li01bkofimnamrs71ca.woff2 HTTP/1.1" 200 14780 "-" "Mozilla/5.0 AppleWebKit/537.36 (KHTML, like Gecko; compatible; GPTBot/1.2; +https://openai.com/gptbot)"
20.171.207.233 - - [26/Apr/2025:12:52:32 -0400] "GET /wp-content/uploads/elementor/google-fonts/fonts/nunito-xrxx3i6li01bkofimnadrs4.woff2 HTTP/1.1" 200 41800 "-" "Mozilla/5.0 AppleWebKit/537.36 (KHTML, like Gecko; compatible; GPTBot/1.2; +https://openai.com/gptbot)"
45.138.16.231 - - [26/Apr/2025:12:52:30 -0400] "POST / HTTP/1.1" 200 639565 "https://arsn.media" "Mozilla/5.0 (X11; U; Linux x86_64; pl-PL; rv:2.0) Gecko/20110307 Firefox/4.0"
20.171.207.233 - - [26/Apr/2025:12:52:33 -0400] "GET /wp-content/uploads/elementor/google-fonts/fonts/nunito-xrxx3i6li01bkofimnaors71ca.woff2 HTTP/1.1" 200 31444 "-" "Mozilla/5.0 AppleWebKit/537.36 (KHTML, like Gecko; compatible; GPTBot/1.2; +https://openai.com/gptbot)"
20.171.207.233 - - [26/Apr/2025:12:52:34 -0400] "GET /wp-content/uploads/elementor/google-fonts/fonts/nunito-xrxx3i6li01bkofimnanrs71ca.woff2 HTTP/1.1" 200 37912 "-" "Mozilla/5.0 AppleWebKit/537.36 (KHTML, like Gecko; compatible; GPTBot/1.2; +https://openai.com/gptbot)"
20.171.207.233 - - [26/Apr/2025:12:52:35 -0400] "GET /wp-content/uploads/elementor/google-fonts/fonts/nunito-xrxv3i6li01bkofineab.woff2 HTTP/1.1" 200 39124 "-" "Mozilla/5.0 AppleWebKit/537.36 (KHTML, like Gecko; compatible; GPTBot/1.2; +https://openai.com/gptbot)"
20.171.207.233 - - [26/Apr/2025:12:52:37 -0400] "GET /wp-content/uploads/elementor/google-fonts/fonts/nunito-xrxv3i6li01bkofio-abxso.woff2 HTTP/1.1" 200 34608 "-" "Mozilla/5.0 AppleWebKit/537.36 (KHTML, like Gecko; compatible; GPTBot/1.2; +https://openai.com/gptbot)"
20.171.207.233 - - [26/Apr/2025:12:52:38 -0400] "GET /wp-content/uploads/elementor/google-fonts/fonts/nunito-xrxv3i6li01bkofimeabxso.woff2 HTTP/1.1" 200 20708 "-" "Mozilla/5.0 AppleWebKit/537.36 (KHTML, like Gecko; compatible; GPTBot/1.2; +https://openai.com/gptbot)"
64.190.76.10 - - [26/Apr/2025:12:52:35 -0400] "POST / HTTP/1.1" 200 639565 "https://arsn.media" "Mozilla/5.0 (X11; U; Linux x86_64; pl-PL; rv:2.0) Gecko/20110307 Firefox/4.0"
66.29.132.124 - - [26/Apr/2025:12:50:40 -0400] "POST /wp-cron.php?doing_wp_cron=1745686238.4442400932312011718750 HTTP/1.1" 200 0 "-" "WordPress/6.8; https://arsn.media"
20.171.207.233 - - [26/Apr/2025:12:50:37 -0400] "GET /wp-json/wp/v2/pages/11460 HTTP/1.1" 200 220259 "-" "Mozilla/5.0 AppleWebKit/537.36 (KHTML, like Gecko; compatible; GPTBot/1.2; +https://openai.com/gptbot)"
20.171.207.233 - - [26/Apr/2025:12:50:42 -0400] "GET /wp-json/oembed/1.0/embed?url=https%3A%2F%2Farsn.media%2Fpersonal-portfolio%2F HTTP/1.1" 200 2783 "-" "Mozilla/5.0 AppleWebKit/537.36 (KHTML, like Gecko; compatible; GPTBot/1.2; +https://openai.com/gptbot)"
109.70.100.5 - - [26/Apr/2025:12:50:43 -0400] "POST / HTTP/1.1" 200 639565 "https://arsn.media" "Mozilla/5.0 (X11; U; Linux x86_64; pl-PL; rv:2.0) Gecko/20110307 Firefox/4.0"
20.171.207.233 - - [26/Apr/2025:12:50:47 -0400] "GET /wp-content/themes/aahana/json.php HTTP/1.1" 404 34616 "-" "Mozilla/5.0 AppleWebKit/537.36 (KHTML, like Gecko; compatible; GPTBot/1.2; +https://openai.com/gptbot)"
192.42.116.178 - - [26/Apr/2025:12:50:55 -0400] "POST / HTTP/1.1" 200 639565 "https://arsn.media" "Mozilla/5.0 (X11; U; Linux x86_64; pl-PL; rv:2.0) Gecko/20110307 Firefox/4.0"
20.171.207.233 - - [26/Apr/2025:12:51:01 -0400] "GET /wp-includes/rest-api/fields/cache/ HTTP/1.1" 404 21445 "-" "Mozilla/5.0 AppleWebKit/537.36 (KHTML, like Gecko; compatible; GPTBot/1.2; +https://openai.com/gptbot)"
185.220.101.43 - - [26/Apr/2025:12:51:03 -0400] "POST / HTTP/1.1" 200 639565 "https://arsn.media" "Mozilla/5.0 (X11; U; Linux x86_64; pl-PL; rv:2.0) Gecko/20110307 Firefox/4.0"
185.220.101.43 - - [26/Apr/2025:12:51:07 -0400] "POST / HTTP/1.1" 200 639565 "https://arsn.media" "Mozilla/5.0 (X11; U; Linux x86_64; pl-PL; rv:2.0) Gecko/20110307 Firefox/4.0"
20.171.207.233 - - [26/Apr/2025:12:51:10 -0400] "GET /wp-includes/Requests/Text/ HTTP/1.1" 404 18547 "-" "Mozilla/5.0 AppleWebKit/537.36 (KHTML, like Gecko; compatible; GPTBot/1.2; +https://openai.com/gptbot)"
192.42.116.175 - - [26/Apr/2025:12:51:12 -0400] "POST / HTTP/1.1" 200 639565 "https://arsn.media" "Mozilla/5.0 (X11; U; Linux x86_64; pl-PL; rv:2.0) Gecko/20110307 Firefox/4.0"
20.171.207.233 - - [26/Apr/2025:12:51:14 -0400] "GET /wp-admin/user/class_api.php HTTP/1.1" 404 39313 "-" "Mozilla/5.0 AppleWebKit/537.36 (KHTML, like Gecko; compatible; GPTBot/1.2; +https://openai.com/gptbot)"
20.171.207.233 - - [26/Apr/2025:12:51:18 -0400] "GET /wp-admin/user/class.api.php HTTP/1.1" 404 24700 "-" "Mozilla/5.0 AppleWebKit/537.36 (KHTML, like Gecko; compatible; GPTBot/1.2; +https://openai.com/gptbot)"
45.84.107.222 - - [26/Apr/2025:12:51:22 -0400] "POST / HTTP/1.1" 200 639565 "https://arsn.media" "Mozilla/5.0 (X11; U; Linux x86_64; pl-PL; rv:2.0) Gecko/20110307 Firefox/4.0"
192.42.116.217 - - [26/Apr/2025:12:53:12 -0400] "POST / HTTP/1.1" 200 639565 "https://arsn.media" "Mozilla/5.0 (X11; U; Linux x86_64; pl-PL; rv:2.0) Gecko/20110307 Firefox/4.0"
185.220.101.29 - - [26/Apr/2025:12:53:24 -0400] "POST / HTTP/1.1" 200 639565 "https://arsn.media" "Mozilla/5.0 (X11; U; Linux x86_64; pl-PL; rv:2.0) Gecko/20110307 Firefox/4.0"
185.220.101.29 - - [26/Apr/2025:12:53:29 -0400] "POST / HTTP/1.1" 200 639565 "https://arsn.media" "Mozilla/5.0 (X11; U; Linux x86_64; pl-PL; rv:2.0) Gecko/20110307 Firefox/4.0"
66.29.132.124 - - [26/Apr/2025:12:53:38 -0400] "POST /wp-cron.php?doing_wp_cron=1745686418.6210720539093017578125 HTTP/1.1" 200 0 "-" "WordPress/6.8; https://arsn.media"
66.29.132.124 - - [26/Apr/2025:12:53:40 -0400] "POST /wp-admin/admin-ajax.php?action=async_litespeed&nonce=S1flqDvA3nRVDG9rSyxqDOPcBssyeKCJ&litespeed_type=imgoptm HTTP/1.1" 200 0 "-" "WordPress/6.8; https://arsn.media"
185.220.101.87 - - [26/Apr/2025:12:53:37 -0400] "POST / HTTP/1.1" 200 639565 "https://arsn.media" "Mozilla/5.0 (X11; U; Linux x86_64; pl-PL; rv:2.0) Gecko/20110307 Firefox/4.0"
45.84.107.76 - - [26/Apr/2025:12:53:47 -0400] "POST / HTTP/1.1" 200 639565 "https://arsn.media" "Mozilla/5.0 (X11; U; Linux x86_64; pl-PL; rv:2.0) Gecko/20110307 Firefox/4.0"
66.29.132.124 - - [26/Apr/2025:12:53:56 -0400] "POST /wp-cron.php?doing_wp_cron=1745686436.4749670028686523437500 HTTP/1.1" 200 0 "-" "WordPress/6.8; https://arsn.media"
185.129.62.62 - - [26/Apr/2025:12:53:55 -0400] "GET /feed HTTP/1.1" 301 0 "https://arsn.media/feed" "Mozilla/5.0 (X11; U; Linux x86_64; pl-PL; rv:2.0) Gecko/20110307 Firefox/4.0"
185.129.62.62 - - [26/Apr/2025:12:53:57 -0400] "GET /feed/ HTTP/1.1" 200 218244 "https://arsn.media/feed" "Mozilla/5.0 (X11; U; Linux x86_64; pl-PL; rv:2.0) Gecko/20110307 Firefox/4.0"
185.129.62.62 - - [26/Apr/2025:12:54:01 -0400] "GET /limo-company-seo HTTP/1.1" 301 0 "https://arsn.media/limo-company-seo" "Mozilla/5.0 (X11; U; Linux x86_64; pl-PL; rv:2.0) Gecko/20110307 Firefox/4.0"
185.129.62.62 - - [26/Apr/2025:12:54:04 -0400] "GET /limo-company-seo/ HTTP/1.1" 200 724851 "https://arsn.media/limo-company-seo" "Mozilla/5.0 (X11; U; Linux x86_64; pl-PL; rv:2.0) Gecko/20110307 Firefox/4.0"
185.220.101.110 - - [26/Apr/2025:12:54:09 -0400] "POST /Form HTTP/1.1" 404 564831 "https://arsn.media/Form" "Mozilla/5.0 (X11; U; Linux x86_64; pl-PL; rv:2.0) Gecko/20110307 Firefox/4.0"
185.220.101.110 - - [26/Apr/2025:12:54:12 -0400] "POST /Form HTTP/1.1" 404 564831 "https://arsn.media/Form" "Mozilla/5.0 (X11; U; Linux x86_64; pl-PL; rv:2.0) Gecko/20110307 Firefox/4.0"
192.42.116.179 - - [26/Apr/2025:12:54:18 -0400] "POST / HTTP/1.1" 200 639536 "https://arsn.media" "Mozilla/5.0 (X11; U; Linux x86_64; pl-PL; rv:2.0) Gecko/20110307 Firefox/4.0"
192.42.116.179 - - [26/Apr/2025:12:54:23 -0400] "POST / HTTP/1.1" 200 639536 "https://arsn.media" "Mozilla/5.0 (X11; U; Linux x86_64; pl-PL; rv:2.0) Gecko/20110307 Firefox/4.0"
185.220.100.241 - - [26/Apr/2025:12:54:28 -0400] "POST / HTTP/1.1" 200 639536 "https://arsn.media" "Mozilla/5.0 (X11; U; Linux x86_64; pl-PL; rv:2.0) Gecko/20110307 Firefox/4.0"
66.29.132.124 - - [26/Apr/2025:12:54:38 -0400] "POST /wp-cron.php?doing_wp_cron=1745686478.5359840393066406250000 HTTP/1.1" 200 0 "-" "WordPress/6.8; https://arsn.media"
46.23.109.25 - - [26/Apr/2025:12:54:37 -0400] "POST / HTTP/1.1" 200 639536 "https://arsn.media" "Mozilla/5.0 (X11; U; Linux x86_64; pl-PL; rv:2.0) Gecko/20110307 Firefox/4.0"
66.29.132.124 - - [26/Apr/2025:12:54:40 -0400] "POST /wp-admin/admin-ajax.php?action=async_litespeed&nonce=gk0jn4TO3WetcCAR9p0xvn4g83dFoqlR&litespeed_type=imgoptm HTTP/1.1" 200 0 "-" "WordPress/6.8; https://arsn.media"
66.29.132.124 - - [26/Apr/2025:12:54:58 -0400] "POST /wp-cron.php?doing_wp_cron=1745686497.6715490818023681640625 HTTP/1.1" 200 0 "-" "WordPress/6.8; https://arsn.media"
109.70.100.1 - - [26/Apr/2025:12:54:56 -0400] "POST / HTTP/1.1" 200 639536 "https://arsn.media" "Mozilla/5.0 (X11; U; Linux x86_64; pl-PL; rv:2.0) Gecko/20110307 Firefox/4.0"
20.171.207.233 - - [26/Apr/2025:12:52:39 -0400] "GET /wp-content/uploads/elementor/google-fonts/fonts/nunito-xrxv3i6li01bkofiouabxso.woff2 HTTP/1.1" 200 12960 "-" "Mozilla/5.0 AppleWebKit/537.36 (KHTML, like Gecko; compatible; GPTBot/1.2; +https://openai.com/gptbot)"
20.171.207.233 - - [26/Apr/2025:12:52:40 -0400] "GET /wp-content/uploads/elementor/google-fonts/fonts/nunito-xrxv3i6li01bkofiooabxso.woff2 HTTP/1.1" 200 28868 "-" "Mozilla/5.0 AppleWebKit/537.36 (KHTML, like Gecko; compatible; GPTBot/1.2; +https://openai.com/gptbot)"
66.29.132.124 - - [26/Apr/2025:12:52:45 -0400] "POST /wp-cron.php?doing_wp_cron=1745686364.8174970149993896484375 HTTP/1.1" 200 0 "-" "WordPress/6.8; https://arsn.media"
66.29.132.124 - - [26/Apr/2025:12:52:47 -0400] "POST /wp-admin/admin-ajax.php?action=async_litespeed&nonce=YqOQhh4CR7cFmuRnosYELC9U3OOmYq04&litespeed_type=imgoptm HTTP/1.1" 200 0 "-" "WordPress/6.8; https://arsn.media"
195.47.238.87 - - [26/Apr/2025:12:52:42 -0400] "POST / HTTP/1.1" 200 639565 "https://arsn.media" "Mozilla/5.0 (X11; U; Linux x86_64; pl-PL; rv:2.0) Gecko/20110307 Firefox/4.0"
66.29.132.124 - - [26/Apr/2025:12:52:51 -0400] "POST /wp-cron.php?doing_wp_cron=1745686370.9084310531616210937500 HTTP/1.1" 200 0 "-" "WordPress/6.8; https://arsn.media"
195.47.238.87 - - [26/Apr/2025:12:52:49 -0400] "POST / HTTP/1.1" 200 639565 "https://arsn.media" "Mozilla/5.0 (X11; U; Linux x86_64; pl-PL; rv:2.0) Gecko/20110307 Firefox/4.0"
192.42.116.184 - - [26/Apr/2025:12:52:56 -0400] "POST / HTTP/1.1" 200 639565 "https://arsn.media" "Mozilla/5.0 (X11; U; Linux x86_64; pl-PL; rv:2.0) Gecko/20110307 Firefox/4.0"
45.84.107.97 - - [26/Apr/2025:12:53:07 -0400] "POST / HTTP/1.1" 200 639565 "https://arsn.media" "Mozilla/5.0 (X11; U; Linux x86_64; pl-PL; rv:2.0) Gecko/20110307 Firefox/4.0"
109.70.100.1 - - [26/Apr/2025:12:55:05 -0400] "POST / HTTP/1.1" 200 639536 "https://arsn.media" "Mozilla/5.0 (X11; U; Linux x86_64; pl-PL; rv:2.0) Gecko/20110307 Firefox/4.0"
185.107.57.65 - - [26/Apr/2025:12:55:11 -0400] "POST / HTTP/1.1" 200 639536 "https://arsn.media" "Mozilla/5.0 (X11; U; Linux x86_64; pl-PL; rv:2.0) Gecko/20110307 Firefox/4.0"
185.220.100.240 - - [26/Apr/2025:12:55:26 -0400] "POST / HTTP/1.1" 200 639536 "https://arsn.media" "Mozilla/5.0 (X11; U; Linux x86_64; pl-PL; rv:2.0) Gecko/20110307 Firefox/4.0"
185.220.101.75 - - [26/Apr/2025:12:55:32 -0400] "POST / HTTP/1.1" 200 639536 "https://arsn.media" "Mozilla/5.0 (X11; U; Linux x86_64; pl-PL; rv:2.0) Gecko/20110307 Firefox/4.0"
66.29.132.124 - - [26/Apr/2025:12:55:41 -0400] "POST /wp-cron.php?doing_wp_cron=1745686541.0832250118255615234375 HTTP/1.1" 200 0 "-" "WordPress/6.8; https://arsn.media"
185.220.100.241 - - [26/Apr/2025:12:55:40 -0400] "POST / HTTP/1.1" 200 639536 "https://arsn.media" "Mozilla/5.0 (X11; U; Linux x86_64; pl-PL; rv:2.0) Gecko/20110307 Firefox/4.0"
185.220.100.241 - - [26/Apr/2025:12:55:45 -0400] "POST / HTTP/1.1" 200 639536 "https://arsn.media" "Mozilla/5.0 (X11; U; Linux x86_64; pl-PL; rv:2.0) Gecko/20110307 Firefox/4.0"
66.29.132.124 - - [26/Apr/2025:12:55:52 -0400] "POST /wp-cron.php?doing_wp_cron=1745686552.2448799610137939453125 HTTP/1.1" 200 0 "-" "WordPress/6.8; https://arsn.media"
185.220.101.35 - - [26/Apr/2025:12:55:51 -0400] "POST / HTTP/1.1" 200 639536 "https://arsn.media" "Mozilla/5.0 (X11; U; Linux x86_64; pl-PL; rv:2.0) Gecko/20110307 Firefox/4.0"
185.220.101.108 - - [26/Apr/2025:12:56:03 -0400] "POST / HTTP/1.1" 200 639536 "https://arsn.media" "Mozilla/5.0 (X11; U; Linux x86_64; pl-PL; rv:2.0) Gecko/20110307 Firefox/4.0"
185.220.100.242 - - [26/Apr/2025:12:56:09 -0400] "POST / HTTP/1.1" 200 639536 "https://arsn.media" "Mozilla/5.0 (X11; U; Linux x86_64; pl-PL; rv:2.0) Gecko/20110307 Firefox/4.0"
192.42.116.215 - - [26/Apr/2025:12:56:19 -0400] "POST / HTTP/1.1" 200 639536 "https://arsn.media" "Mozilla/5.0 (X11; U; Linux x86_64; pl-PL; rv:2.0) Gecko/20110307 Firefox/4.0"
192.42.116.215 - - [26/Apr/2025:12:56:26 -0400] "POST / HTTP/1.1" 200 639536 "https://arsn.media" "Mozilla/5.0 (X11; U; Linux x86_64; pl-PL; rv:2.0) Gecko/20110307 Firefox/4.0"
20.171.207.233 - - [26/Apr/2025:12:56:32 -0400] "GET /wp-content/uploads/2020/10/404.png%20707w,%20https:/arsn.media/wp-content/uploads/2020/10/404-300x110.png%20300w HTTP/1.1" 404 18523 "-" "Mozilla/5.0 AppleWebKit/537.36 (KHTML, like Gecko; compatible; GPTBot/1.2; +https://openai.com/gptbot)"
45.84.107.222 - - [26/Apr/2025:12:56:32 -0400] "POST / HTTP/1.1" 200 639536 "https://arsn.media" "Mozilla/5.0 (X11; U; Linux x86_64; pl-PL; rv:2.0) Gecko/20110307 Firefox/4.0"
20.171.207.233 - - [26/Apr/2025:12:56:35 -0400] "GET /affordable-digital-marketing-services/ HTTP/1.1" 200 51751 "-" "Mozilla/5.0 AppleWebKit/537.36 (KHTML, like Gecko; compatible; GPTBot/1.2; +https://openai.com/gptbot)"
20.171.207.233 - - [26/Apr/2025:12:56:36 -0400] "GET /wp-content/themes/onum/js/design-test.js HTTP/1.1" 404 39233 "-" "Mozilla/5.0 AppleWebKit/537.36 (KHTML, like Gecko; compatible; GPTBot/1.2; +https://openai.com/gptbot)"
66.29.132.124 - - [26/Apr/2025:12:56:38 -0400] "POST /wp-cron.php?doing_wp_cron=1745686598.5548450946807861328125 HTTP/1.1" 200 0 "-" "WordPress/6.8; https://arsn.media"
20.171.207.233 - - [26/Apr/2025:12:56:37 -0400] "GET /wp-content/uploads/2020/09/ARSN-Final-Logos-scaled.jpg%202560w,%20https:/arsn.media/wp-content/uploads/2020/09/ARSN-Final-Logos-300x138.jpg%20300w,%20https:/arsn.media/wp-content/uploads/2020/09/ARSN-Final-Logos-1024x471.jpg%201024w,%20https:/arsn.media/ARSN-Final-Logos-768x353.jpg%20768w,%20https:/ARSN-Final-Logos-1536x706.jpg%201536w,%20https:/ARSN-Final-Logos-2048x942.jpg%202048w HTTP/1.1" 404 18524 "-" "Mozilla/5.0 AppleWebKit/537.36 (KHTML, like Gecko; compatible; GPTBot/1.2; +https://openai.com/gptbot)"
66.29.132.124 - - [26/Apr/2025:12:56:40 -0400] "POST /wp-admin/admin-ajax.php?action=async_litespeed&nonce=ialEXvHICTALOG34BJL0aztQnhOR7b6K&litespeed_type=imgoptm HTTP/1.1" 200 0 "-" "WordPress/6.8; https://arsn.media"
20.171.207.233 - - [26/Apr/2025:12:56:41 -0400] "GET /wp-json/elementskit/v1/ HTTP/1.1" 404 114 "-" "Mozilla/5.0 AppleWebKit/537.36 (KHTML, like Gecko; compatible; GPTBot/1.2; +https://openai.com/gptbot)"
195.47.238.82 - - [26/Apr/2025:12:56:41 -0400] "POST / HTTP/1.1" 200 639536 "https://arsn.media" "Mozilla/5.0 (X11; U; Linux x86_64; pl-PL; rv:2.0) Gecko/20110307 Firefox/4.0"
20.171.207.233 - - [26/Apr/2025:12:56:42 -0400] "GET /wp-content/themes/onum/css/design-test.css?ver=6.7.1 HTTP/1.1" 404 22044 "-" "Mozilla/5.0 AppleWebKit/537.36 (KHTML, like Gecko; compatible; GPTBot/1.2; +https://openai.com/gptbot)"
20.171.207.233 - - [26/Apr/2025:12:56:44 -0400] "GET /wp-content/uploads/2024/07/384-1.jpg HTTP/1.1" 200 91989 "-" "Mozilla/5.0 AppleWebKit/537.36 (KHTML, like Gecko; compatible; GPTBot/1.2; +https://openai.com/gptbot)"
20.171.207.233 - - [26/Apr/2025:12:56:45 -0400] "GET /wp-content/uploads/2024/07/8561-1-2.jpg HTTP/1.1" 200 85009 "-" "Mozilla/5.0 AppleWebKit/537.36 (KHTML, like Gecko; compatible; GPTBot/1.2; +https://openai.com/gptbot)"
20.171.207.233 - - [26/Apr/2025:12:56:46 -0400] "GET /wp-content/uploads/2024/07/23498-1.jpg HTTP/1.1" 200 95645 "-" "Mozilla/5.0 AppleWebKit/537.36 (KHTML, like Gecko; compatible; GPTBot/1.2; +https://openai.com/gptbot)"
20.171.207.233 - - [26/Apr/2025:12:56:49 -0400] "GET /?p=10763 HTTP/1.1" 301 0 "-" "Mozilla/5.0 AppleWebKit/537.36 (KHTML, like Gecko; compatible; GPTBot/1.2; +https://openai.com/gptbot)"
66.29.132.124 - - [26/Apr/2025:12:56:51 -0400] "POST /wp-cron.php?doing_wp_cron=1745686610.8641970157623291015625 HTTP/1.1" 200 0 "-" "WordPress/6.8; https://arsn.media"
20.171.207.233 - - [26/Apr/2025:12:56:52 -0400] "GET /wp-content/uploads/2024/07/1173-1.jpg HTTP/1.1" 200 85763 "-" "Mozilla/5.0 AppleWebKit/537.36 (KHTML, like Gecko; compatible; GPTBot/1.2; +https://openai.com/gptbot)"
45.84.107.97 - - [26/Apr/2025:12:56:49 -0400] "POST / HTTP/1.1" 200 639536 "https://arsn.media" "Mozilla/5.0 (X11; U; Linux x86_64; pl-PL; rv:2.0) Gecko/20110307 Firefox/4.0"
20.171.207.233 - - [26/Apr/2025:12:56:55 -0400] "GET /wp-content/uploads/2024/07/2803-1.jpg HTTP/1.1" 200 75983 "-" "Mozilla/5.0 AppleWebKit/537.36 (KHTML, like Gecko; compatible; GPTBot/1.2; +https://openai.com/gptbot)"
20.171.207.233 - - [26/Apr/2025:12:56:58 -0400] "GET /wp-content/uploads/2024/07/964-1.jpg HTTP/1.1" 200 81384 "-" "Mozilla/5.0 AppleWebKit/537.36 (KHTML, like Gecko; compatible; GPTBot/1.2; +https://openai.com/gptbot)"
45.84.107.97 - - [26/Apr/2025:12:56:58 -0400] "POST / HTTP/1.1" 200 639536 "https://arsn.media" "Mozilla/5.0 (X11; U; Linux x86_64; pl-PL; rv:2.0) Gecko/20110307 Firefox/4.0"
20.171.207.233 - - [26/Apr/2025:12:57:02 -0400] "GET /wp-content/uploads/2024/07/5259-1-1.jpg HTTP/1.1" 200 96620 "-" "Mozilla/5.0 AppleWebKit/537.36 (KHTML, like Gecko; compatible; GPTBot/1.2; +https://openai.com/gptbot)"
20.171.207.233 - - [26/Apr/2025:12:57:04 -0400] "GET /wp-content/uploads/2024/07/43339-1.jpg HTTP/1.1" 200 94398 "-" "Mozilla/5.0 AppleWebKit/537.36 (KHTML, like Gecko; compatible; GPTBot/1.2; +https://openai.com/gptbot)"
45.84.107.97 - - [26/Apr/2025:12:57:02 -0400] "POST / HTTP/1.1" 200 639536 "https://arsn.media" "Mozilla/5.0 (X11; U; Linux x86_64; pl-PL; rv:2.0) Gecko/20110307 Firefox/4.0"
20.171.207.233 - - [26/Apr/2025:12:57:07 -0400] "GET /wp-content/uploads/2024/07/2150169840-1.jpg HTTP/1.1" 200 84352 "-" "Mozilla/5.0 AppleWebKit/537.36 (KHTML, like Gecko; compatible; GPTBot/1.2; +https://openai.com/gptbot)"
20.171.207.233 - - [26/Apr/2025:12:57:10 -0400] "GET /wp-content/uploads/2024/07/124007-1.jpg HTTP/1.1" 200 45672 "-" "Mozilla/5.0 AppleWebKit/537.36 (KHTML, like Gecko; compatible; GPTBot/1.2; +https://openai.com/gptbot)"
185.220.101.28 - - [26/Apr/2025:12:57:07 -0400] "POST / HTTP/1.1" 200 639536 "https://arsn.media" "Mozilla/5.0 (X11; U; Linux x86_64; pl-PL; rv:2.0) Gecko/20110307 Firefox/4.0"
20.171.207.233 - - [26/Apr/2025:12:57:11 -0400] "GET /wp-content/uploads/2024/07/2149241236-1.jpg HTTP/1.1" 200 86324 "-" "Mozilla/5.0 AppleWebKit/537.36 (KHTML, like Gecko; compatible; GPTBot/1.2; +https://openai.com/gptbot)"
20.171.207.233 - - [26/Apr/2025:12:57:13 -0400] "GET /wp-content/uploads/2024/07/2149362444-1.jpg HTTP/1.1" 200 84677 "-" "Mozilla/5.0 AppleWebKit/537.36 (KHTML, like Gecko; compatible; GPTBot/1.2; +https://openai.com/gptbot)"
185.220.101.28 - - [26/Apr/2025:12:57:13 -0400] "POST / HTTP/1.1" 200 639536 "https://arsn.media" "Mozilla/5.0 (X11; U; Linux x86_64; pl-PL; rv:2.0) Gecko/20110307 Firefox/4.0"
20.171.207.233 - - [26/Apr/2025:12:57:15 -0400] "GET /wp-content/uploads/2024/07/Untitled-design.jpg HTTP/1.1" 200 99876 "-" "Mozilla/5.0 AppleWebKit/537.36 (KHTML, like Gecko; compatible; GPTBot/1.2; +https://openai.com/gptbot)"
20.171.207.233 - - [26/Apr/2025:12:57:16 -0400] "GET /wp-content/uploads/2024/07/2.jpg HTTP/1.1" 200 192372 "-" "Mozilla/5.0 AppleWebKit/537.36 (KHTML, like Gecko; compatible; GPTBot/1.2; +https://openai.com/gptbot)"
20.171.207.233 - - [26/Apr/2025:12:57:18 -0400] "GET /wp-content/uploads/elementor/css/post-10763.css?ver=1725388076 HTTP/1.1" 200 5698 "-" "Mozilla/5.0 AppleWebKit/537.36 (KHTML, like Gecko; compatible; GPTBot/1.2; +https://openai.com/gptbot)"
20.171.207.233 - - [26/Apr/2025:12:57:19 -0400] "GET /wp-content/uploads/2024/07/2148459678-1.jpg HTTP/1.1" 200 102389 "-" "Mozilla/5.0 AppleWebKit/537.36 (KHTML, like Gecko; compatible; GPTBot/1.2; +https://openai.com/gptbot)"
185.244.192.184 - - [26/Apr/2025:12:57:16 -0400] "POST / HTTP/1.1" 200 639536 "https://arsn.media" "Mozilla/5.0 (X11; U; Linux x86_64; pl-PL; rv:2.0) Gecko/20110307 Firefox/4.0"
185.244.192.184 - - [26/Apr/2025:12:57:22 -0400] "POST / HTTP/1.1" 200 639536 "https://arsn.media" "Mozilla/5.0 (X11; U; Linux x86_64; pl-PL; rv:2.0) Gecko/20110307 Firefox/4.0"
185.220.101.36 - - [26/Apr/2025:12:57:26 -0400] "POST / HTTP/1.1" 200 639536 "https://arsn.media" "Mozilla/5.0 (X11; U; Linux x86_64; pl-PL; rv:2.0) Gecko/20110307 Firefox/4.0"
185.220.101.36 - - [26/Apr/2025:12:57:31 -0400] "POST / HTTP/1.1" 200 639536 "https://arsn.media" "Mozilla/5.0 (X11; U; Linux x86_64; pl-PL; rv:2.0) Gecko/20110307 Firefox/4.0"
66.29.132.124 - - [26/Apr/2025:12:57:38 -0400] "POST /wp-cron.php?doing_wp_cron=1745686658.1874508857727050781250 HTTP/1.1" 200 0 "-" "WordPress/6.8; https://arsn.media"
185.220.101.99 - - [26/Apr/2025:12:57:36 -0400] "GET /search-engine-marketing-services HTTP/1.1" 301 0 "https://arsn.media/search-engine-marketing-services" "Mozilla/5.0 (X11; U; Linux x86_64; pl-PL; rv:2.0) Gecko/20110307 Firefox/4.0"
20.171.207.233 - - [26/Apr/2025:12:57:37 -0400] "GET /wp-content/uploads/2020/10/404.png%20707w,%20https:/arsn.media/wp-content/uploads/2020/10/404-300x110.png%20300w HTTP/1.1" 404 21399 "-" "Mozilla/5.0 AppleWebKit/537.36 (KHTML, like Gecko; compatible; GPTBot/1.2; +https://openai.com/gptbot)"
66.29.132.124 - - [26/Apr/2025:12:57:40 -0400] "POST /wp-admin/admin-ajax.php?action=async_litespeed&nonce=UiJ54F9UuK7wZv8VHcgeiJ6lR3UhQlVR&litespeed_type=imgoptm HTTP/1.1" 200 0 "-" "WordPress/6.8; https://arsn.media"
20.171.207.233 - - [26/Apr/2025:12:57:40 -0400] "GET /wp-content/uploads/2020/09/ARSN-Final-Logos-scaled.jpg%202560w,%20https:/arsn.media/wp-content/uploads/2020/09/ARSN-Final-Logos-300x138.jpg%20300w,%20https:/arsn.media/wp-content/uploads/2020/09/ARSN-Final-Logos-1024x471.jpg%201024w,%20https:/arsn.media/ARSN-Final-Logos-768x353.jpg%20768w,%20https:/ARSN-Final-Logos-1536x706.jpg%201536w,%20https:/ARSN-Final-Logos-2048x942.jpg%202048w HTTP/1.1" 404 21998 "-" "Mozilla/5.0 AppleWebKit/537.36 (KHTML, like Gecko; compatible; GPTBot/1.2; +https://openai.com/gptbot)"
20.171.207.233 - - [26/Apr/2025:12:57:41 -0400] "GET /wp-json/elementskit/v1/ HTTP/1.1" 404 114 "-" "Mozilla/5.0 AppleWebKit/537.36 (KHTML, like Gecko; compatible; GPTBot/1.2; +https://openai.com/gptbot)"
185.220.101.99 - - [26/Apr/2025:12:57:39 -0400] "GET /search-engine-marketing-services/ HTTP/1.1" 200 685247 "https://arsn.media/search-engine-marketing-services" "Mozilla/5.0 (X11; U; Linux x86_64; pl-PL; rv:2.0) Gecko/20110307 Firefox/4.0"
20.171.207.233 - - [26/Apr/2025:12:57:43 -0400] "GET /wp-content/themes/onum/js/design-test.js HTTP/1.1" 404 39233 "-" "Mozilla/5.0 AppleWebKit/537.36 (KHTML, like Gecko; compatible; GPTBot/1.2; +https://openai.com/gptbot)"
20.171.207.233 - - [26/Apr/2025:12:57:44 -0400] "GET /wp-content/themes/onum/css/design-test.css?ver=6.7.2 HTTP/1.1" 404 18473 "-" "Mozilla/5.0 AppleWebKit/537.36 (KHTML, like Gecko; compatible; GPTBot/1.2; +https://openai.com/gptbot)"
185.220.100.241 - - [26/Apr/2025:12:57:45 -0400] "POST /Form HTTP/1.1" 404 564831 "https://arsn.media/Form" "Mozilla/5.0 (X11; U; Linux x86_64; pl-PL; rv:2.0) Gecko/20110307 Firefox/4.0"
66.29.132.124 - - [26/Apr/2025:12:57:58 -0400] "POST /wp-cron.php?doing_wp_cron=1745686678.2792050838470458984375 HTTP/1.1" 200 0 "-" "WordPress/6.8; https://arsn.media"
185.220.100.250 - - [26/Apr/2025:12:57:57 -0400] "POST /Form HTTP/1.1" 404 564831 "https://arsn.media/Form" "Mozilla/5.0 (X11; U; Linux x86_64; pl-PL; rv:2.0) Gecko/20110307 Firefox/4.0"
185.220.100.250 - - [26/Apr/2025:12:58:02 -0400] "POST / HTTP/1.1" 200 639552 "https://arsn.media" "Mozilla/5.0 (X11; U; Linux x86_64; pl-PL; rv:2.0) Gecko/20110307 Firefox/4.0"
45.84.107.222 - - [26/Apr/2025:12:58:09 -0400] "POST / HTTP/1.1" 200 639552 "https://arsn.media" "Mozilla/5.0 (X11; U; Linux x86_64; pl-PL; rv:2.0) Gecko/20110307 Firefox/4.0"
45.84.107.222 - - [26/Apr/2025:12:58:14 -0400] "POST / HTTP/1.1" 200 639552 "https://arsn.media" "Mozilla/5.0 (X11; U; Linux x86_64; pl-PL; rv:2.0) Gecko/20110307 Firefox/4.0"
185.220.100.253 - - [26/Apr/2025:12:58:18 -0400] "POST / HTTP/1.1" 200 639552 "https://arsn.media" "Mozilla/5.0 (X11; U; Linux x86_64; pl-PL; rv:2.0) Gecko/20110307 Firefox/4.0"
185.220.100.253 - - [26/Apr/2025:12:58:22 -0400] "POST / HTTP/1.1" 200 639552 "https://arsn.media" "Mozilla/5.0 (X11; U; Linux x86_64; pl-PL; rv:2.0) Gecko/20110307 Firefox/4.0"
193.26.115.43 - - [26/Apr/2025:12:58:28 -0400] "POST / HTTP/1.1" 200 639552 "https://arsn.media" "Mozilla/5.0 (X11; U; Linux x86_64; pl-PL; rv:2.0) Gecko/20110307 Firefox/4.0"
66.29.132.124 - - [26/Apr/2025:12:58:49 -0400] "POST /wp-cron.php?doing_wp_cron=1745686729.2710790634155273437500 HTTP/1.1" 200 0 "-" "WordPress/6.8; https://arsn.media"
66.29.132.124 - - [26/Apr/2025:12:58:51 -0400] "POST /wp-admin/admin-ajax.php?action=async_litespeed&nonce=wgcCzMnrWUEi6q14mugnXNprwdB3pkD2&litespeed_type=imgoptm HTTP/1.1" 200 0 "-" "WordPress/6.8; https://arsn.media"
45.84.107.172 - - [26/Apr/2025:12:58:48 -0400] "POST / HTTP/1.1" 200 639552 "https://arsn.media" "Mozilla/5.0 (X11; U; Linux x86_64; pl-PL; rv:2.0) Gecko/20110307 Firefox/4.0"
40.77.167.67 - - [26/Apr/2025:12:58:52 -0400] "GET /eycm6w/taipei-weather.html HTTP/1.1" 404 39365 "-" "Mozilla/5.0 (Windows NT 10.0; Win64; x64) AppleWebKit/537.36 (KHTML, like Gecko) Chrome/112.0.0.0 Safari/537.36 Edg/112.0.1722.68"
45.84.107.172 - - [26/Apr/2025:12:58:55 -0400] "POST / HTTP/1.1" 200 639552 "https://arsn.media" "Mozilla/5.0 (X11; U; Linux x86_64; pl-PL; rv:2.0) Gecko/20110307 Firefox/4.0"
185.220.101.101 - - [26/Apr/2025:12:59:01 -0400] "POST / HTTP/1.1" 200 639552 "https://arsn.media" "Mozilla/5.0 (X11; U; Linux x86_64; pl-PL; rv:2.0) Gecko/20110307 Firefox/4.0"
192.42.116.215 - - [26/Apr/2025:12:59:08 -0400] "POST / HTTP/1.1" 200 639552 "https://arsn.media" "Mozilla/5.0 (X11; U; Linux x86_64; pl-PL; rv:2.0) Gecko/20110307 Firefox/4.0"
192.42.116.215 - - [26/Apr/2025:12:59:15 -0400] "POST / HTTP/1.1" 200 639552 "https://arsn.media" "Mozilla/5.0 (X11; U; Linux x86_64; pl-PL; rv:2.0) Gecko/20110307 Firefox/4.0"
185.220.100.251 - - [26/Apr/2025:12:59:28 -0400] "POST / HTTP/1.1" 200 639552 "https://arsn.media" "Mozilla/5.0 (X11; U; Linux x86_64; pl-PL; rv:2.0) Gecko/20110307 Firefox/4.0"
192.159.99.35 - - [26/Apr/2025:12:59:32 -0400] "POST / HTTP/1.1" 200 639552 "https://arsn.media" "Mozilla/5.0 (X11; U; Linux x86_64; pl-PL; rv:2.0) Gecko/20110307 Firefox/4.0"
66.29.132.124 - - [26/Apr/2025:12:59:51 -0400] "POST /wp-cron.php?doing_wp_cron=1745686791.6428101062774658203125 HTTP/1.1" 200 0 "-" "WordPress/6.8; https://arsn.media"
66.29.132.124 - - [26/Apr/2025:12:59:52 -0400] "POST /wp-admin/admin-ajax.php?action=async_litespeed&nonce=ZxXBBmESYjD5L5oyGtxQz0YjZZpTLkeN&litespeed_type=imgoptm HTTP/1.1" 200 0 "-" "WordPress/6.8; https://arsn.media"
192.42.116.191 - - [26/Apr/2025:12:59:50 -0400] "POST / HTTP/1.1" 200 639552 "https://arsn.media" "Mozilla/5.0 (X11; U; Linux x86_64; pl-PL; rv:2.0) Gecko/20110307 Firefox/4.0"
192.42.116.191 - - [26/Apr/2025:12:59:56 -0400] "POST / HTTP/1.1" 200 639552 "https://arsn.media" "Mozilla/5.0 (X11; U; Linux x86_64; pl-PL; rv:2.0) Gecko/20110307 Firefox/4.0"
192.42.116.179 - - [26/Apr/2025:13:00:05 -0400] "POST / HTTP/1.1" 200 639552 "https://arsn.media" "Mozilla/5.0 (X11; U; Linux x86_64; pl-PL; rv:2.0) Gecko/20110307 Firefox/4.0"
192.42.116.19 - - [26/Apr/2025:13:00:14 -0400] "POST / HTTP/1.1" 200 639552 "https://arsn.media" "Mozilla/5.0 (X11; U; Linux x86_64; pl-PL; rv:2.0) Gecko/20110307 Firefox/4.0"
45.84.107.47 - - [26/Apr/2025:13:00:21 -0400] "POST / HTTP/1.1" 200 639552 "https://arsn.media" "Mozilla/5.0 (X11; U; Linux x86_64; pl-PL; rv:2.0) Gecko/20110307 Firefox/4.0"
45.84.107.47 - - [26/Apr/2025:13:00:29 -0400] "POST / HTTP/1.1" 200 639552 "https://arsn.media" "Mozilla/5.0 (X11; U; Linux x86_64; pl-PL; rv:2.0) Gecko/20110307 Firefox/4.0"
66.29.132.124 - - [26/Apr/2025:13:00:35 -0400] "POST /wp-cron.php?doing_wp_cron=1745686835.9374210834503173828125 HTTP/1.1" 200 0 "-" "WordPress/6.8; https://arsn.media"
192.42.116.208 - - [26/Apr/2025:13:00:34 -0400] "POST / HTTP/1.1" 200 639552 "https://arsn.media" "Mozilla/5.0 (X11; U; Linux x86_64; pl-PL; rv:2.0) Gecko/20110307 Firefox/4.0"
66.29.132.124 - - [26/Apr/2025:13:00:36 -0400] "POST /wp-admin/admin-ajax.php?action=async_litespeed&nonce=TlydkYpOwx4Ae8MhTmlZWni9bxngcXE2&litespeed_type=imgoptm HTTP/1.1" 200 0 "-" "WordPress/6.8; https://arsn.media"
66.29.132.124 - - [26/Apr/2025:13:00:53 -0400] "POST /wp-cron.php?doing_wp_cron=1745686852.7090051174163818359375 HTTP/1.1" 200 0 "-" "WordPress/6.8; https://arsn.media"
185.220.101.104 - - [26/Apr/2025:13:00:51 -0400] "POST / HTTP/1.1" 200 639552 "https://arsn.media" "Mozilla/5.0 (X11; U; Linux x86_64; pl-PL; rv:2.0) Gecko/20110307 Firefox/4.0"
185.220.100.252 - - [26/Apr/2025:13:00:57 -0400] "POST / HTTP/1.1" 200 639552 "https://arsn.media" "Mozilla/5.0 (X11; U; Linux x86_64; pl-PL; rv:2.0) Gecko/20110307 Firefox/4.0"
192.42.116.216 - - [26/Apr/2025:13:01:03 -0400] "POST / HTTP/1.1" 200 639552 "https://arsn.media" "Mozilla/5.0 (X11; U; Linux x86_64; pl-PL; rv:2.0) Gecko/20110307 Firefox/4.0"
185.220.101.71 - - [26/Apr/2025:13:01:14 -0400] "POST / HTTP/1.1" 200 639552 "https://arsn.media" "Mozilla/5.0 (X11; U; Linux x86_64; pl-PL; rv:2.0) Gecko/20110307 Firefox/4.0"
185.220.101.175 - - [26/Apr/2025:13:01:24 -0400] "POST / HTTP/1.1" 200 639552 "https://arsn.media" "Mozilla/5.0 (X11; U; Linux x86_64; pl-PL; rv:2.0) Gecko/20110307 Firefox/4.0"
66.29.132.124 - - [26/Apr/2025:13:01:43 -0400] "POST /wp-cron.php?doing_wp_cron=1745686903.0616970062255859375000 HTTP/1.1" 200 0 "-" "WordPress/6.8; https://arsn.media"
152.53.53.243 - - [26/Apr/2025:13:01:41 -0400] "POST / HTTP/1.1" 200 639552 "https://arsn.media" "Mozilla/5.0 (X11; U; Linux x86_64; pl-PL; rv:2.0) Gecko/20110307 Firefox/4.0"
66.29.132.124 - - [26/Apr/2025:13:01:43 -0400] "POST /wp-admin/admin-ajax.php?action=async_litespeed&nonce=kX66RWt51uKdpbyfYrtxqQbRBPHIGT97&litespeed_type=imgoptm HTTP/1.1" 200 0 "-" "WordPress/6.8; https://arsn.media"
66.29.132.124 - - [26/Apr/2025:13:01:55 -0400] "POST /wp-cron.php?doing_wp_cron=1745686915.2896969318389892578125 HTTP/1.1" 200 0 "-" "WordPress/6.8; https://arsn.media"
185.233.100.23 - - [26/Apr/2025:13:01:54 -0400] "POST / HTTP/1.1" 200 639552 "https://arsn.media" "Mozilla/5.0 (X11; U; Linux x86_64; pl-PL; rv:2.0) Gecko/20110307 Firefox/4.0"
45.84.107.172 - - [26/Apr/2025:13:01:59 -0400] "GET /seo-for-pest-control-companies HTTP/1.1" 301 0 "https://arsn.media/seo-for-pest-control-companies" "Mozilla/5.0 (X11; U; Linux x86_64; pl-PL; rv:2.0) Gecko/20110307 Firefox/4.0"
45.84.107.172 - - [26/Apr/2025:13:02:01 -0400] "GET /seo-for-pest-control-companies/ HTTP/1.1" 200 741777 "https://arsn.media/seo-for-pest-control-companies" "Mozilla/5.0 (X11; U; Linux x86_64; pl-PL; rv:2.0) Gecko/20110307 Firefox/4.0"
45.84.107.47 - - [26/Apr/2025:13:02:17 -0400] "POST /Form HTTP/1.1" 404 564831 "https://arsn.media/Form" "Mozilla/5.0 (X11; U; Linux x86_64; pl-PL; rv:2.0) Gecko/20110307 Firefox/4.0"
66.29.132.124 - - [26/Apr/2025:13:02:39 -0400] "POST /wp-cron.php?doing_wp_cron=1745686959.1189739704132080078125 HTTP/1.1" 200 0 "-" "WordPress/6.8; https://arsn.media"
66.29.132.124 - - [26/Apr/2025:13:02:40 -0400] "POST /wp-admin/admin-ajax.php?action=async_litespeed&nonce=r4MfthUvJBk2N0CwbPvsT89xCAF6xGdm&litespeed_type=imgoptm HTTP/1.1" 200 0 "-" "WordPress/6.8; https://arsn.media"
185.220.100.241 - - [26/Apr/2025:13:02:37 -0400] "POST /Form HTTP/1.1" 404 564831 "https://arsn.media/Form" "Mozilla/5.0 (X11; U; Linux x86_64; pl-PL; rv:2.0) Gecko/20110307 Firefox/4.0"
45.141.215.114 - - [26/Apr/2025:13:02:44 -0400] "POST / HTTP/1.1" 200 639550 "https://arsn.media" "Mozilla/5.0 (X11; U; Linux x86_64; pl-PL; rv:2.0) Gecko/20110307 Firefox/4.0"
66.29.132.124 - - [26/Apr/2025:13:03:06 -0400] "POST /wp-cron.php?doing_wp_cron=1745686985.9950780868530273437500 HTTP/1.1" 200 0 "-" "WordPress/6.8; https://arsn.media"
192.42.116.195 - - [26/Apr/2025:13:03:03 -0400] "POST / HTTP/1.1" 200 639550 "https://arsn.media" "Mozilla/5.0 (X11; U; Linux x86_64; pl-PL; rv:2.0) Gecko/20110307 Firefox/4.0"
192.42.116.216 - - [26/Apr/2025:13:03:24 -0400] "POST / HTTP/1.1" 200 639550 "https://arsn.media" "Mozilla/5.0 (X11; U; Linux x86_64; pl-PL; rv:2.0) Gecko/20110307 Firefox/4.0"
192.42.116.183 - - [26/Apr/2025:13:03:30 -0400] "POST / HTTP/1.1" 200 639550 "https://arsn.media" "Mozilla/5.0 (X11; U; Linux x86_64; pl-PL; rv:2.0) Gecko/20110307 Firefox/4.0"
66.29.132.124 - - [26/Apr/2025:13:03:49 -0400] "POST /wp-cron.php?doing_wp_cron=1745687028.9213559627532958984375 HTTP/1.1" 200 0 "-" "WordPress/6.8; https://arsn.media"
66.29.132.124 - - [26/Apr/2025:13:03:50 -0400] "POST /wp-admin/admin-ajax.php?action=async_litespeed&nonce=f4rcmQve8LPRNRf9uKEp2enmVVQv40GW&litespeed_type=imgoptm HTTP/1.1" 200 0 "-" "WordPress/6.8; https://arsn.media"
204.8.96.87 - - [26/Apr/2025:13:03:47 -0400] "POST / HTTP/1.1" 200 639550 "https://arsn.media" "Mozilla/5.0 (X11; U; Linux x86_64; pl-PL; rv:2.0) Gecko/20110307 Firefox/4.0"
66.29.132.124 - - [26/Apr/2025:13:03:58 -0400] "POST /wp-cron.php?doing_wp_cron=1745687038.4714269638061523437500 HTTP/1.1" 200 0 "-" "WordPress/6.8; https://arsn.media"
185.220.101.32 - - [26/Apr/2025:13:03:57 -0400] "POST / HTTP/1.1" 200 639550 "https://arsn.media" "Mozilla/5.0 (X11; U; Linux x86_64; pl-PL; rv:2.0) Gecko/20110307 Firefox/4.0"
185.129.61.1 - - [26/Apr/2025:13:04:12 -0400] "POST / HTTP/1.1" 200 639550 "https://arsn.media" "Mozilla/5.0 (X11; U; Linux x86_64; pl-PL; rv:2.0) Gecko/20110307 Firefox/4.0"
185.34.33.2 - - [26/Apr/2025:13:04:21 -0400] "POST / HTTP/1.1" 200 639550 "https://arsn.media" "Mozilla/5.0 (X11; U; Linux x86_64; pl-PL; rv:2.0) Gecko/20110307 Firefox/4.0"
66.29.132.124 - - [26/Apr/2025:13:04:39 -0400] "POST /wp-cron.php?doing_wp_cron=1745687079.4361970424652099609375 HTTP/1.1" 200 0 "-" "WordPress/6.8; https://arsn.media"
109.70.100.69 - - [26/Apr/2025:13:04:38 -0400] "POST / HTTP/1.1" 200 639550 "https://arsn.media" "Mozilla/5.0 (X11; U; Linux x86_64; pl-PL; rv:2.0) Gecko/20110307 Firefox/4.0"
66.29.132.124 - - [26/Apr/2025:13:04:40 -0400] "POST /wp-admin/admin-ajax.php?action=async_litespeed&nonce=oLjdW2YdgukxLeNB3QtoWHcdgsnHt8Q1&litespeed_type=imgoptm HTTP/1.1" 200 0 "-" "WordPress/6.8; https://arsn.media"
192.42.116.219 - - [26/Apr/2025:13:04:44 -0400] "POST / HTTP/1.1" 200 639550 "https://arsn.media" "Mozilla/5.0 (X11; U; Linux x86_64; pl-PL; rv:2.0) Gecko/20110307 Firefox/4.0"
66.29.132.124 - - [26/Apr/2025:13:04:54 -0400] "POST /wp-cron.php?doing_wp_cron=1745687094.6298060417175292968750 HTTP/1.1" 200 0 "-" "WordPress/6.8; https://arsn.media"
45.84.107.17 - - [26/Apr/2025:13:04:52 -0400] "POST / HTTP/1.1" 200 639550 "https://arsn.media" "Mozilla/5.0 (X11; U; Linux x86_64; pl-PL; rv:2.0) Gecko/20110307 Firefox/4.0"
45.84.107.76 - - [26/Apr/2025:13:05:03 -0400] "POST / HTTP/1.1" 200 639550 "https://arsn.media" "Mozilla/5.0 (X11; U; Linux x86_64; pl-PL; rv:2.0) Gecko/20110307 Firefox/4.0"
