109.70.100.5 - - [26/Apr/2025:12:36:33 -0400] "POST / HTTP/1.1" 200 639524 "https://arsn.media" "Mozilla/5.0 (X11; U; Linux x86_64; pl-PL; rv:2.0) Gecko/20110307 Firefox/4.0"
66.29.132.124 - - [26/Apr/2025:12:36:36 -0400] "POST /wp-admin/admin-ajax.php?action=async_litespeed&nonce=mQCM8dWRhXfwd050r5i0Ga0nK1Bc1Nc6&litespeed_type=imgoptm HTTP/1.1" 200 0 "-" "WordPress/6.8; https://arsn.media"
66.29.132.124 - - [26/Apr/2025:12:36:38 -0400] "POST /wp-admin/admin-ajax.php?action=as_async_request_queue_runner&nonce=6887159dad HTTP/1.1" 200 0 "-" "WordPress/6.8; https://arsn.media"
178.17.174.14 - - [26/Apr/2025:12:36:47 -0400] "POST / HTTP/1.1" 200 639524 "https://arsn.media" "Mozilla/5.0 (X11; U; Linux x86_64; pl-PL; rv:2.0) Gecko/20110307 Firefox/4.0"
66.29.132.124 - - [26/Apr/2025:12:36:57 -0400] "POST /wp-cron.php?doing_wp_cron=1745685417.6136069297790527343750 HTTP/1.1" 200 0 "-" "WordPress/6.8; https://arsn.media"
192.42.116.210 - - [26/Apr/2025:12:36:56 -0400] "POST / HTTP/1.1" 200 639524 "https://arsn.media" "Mozilla/5.0 (X11; U; Linux x86_64; pl-PL; rv:2.0) Gecko/20110307 Firefox/4.0"
185.220.100.241 - - [26/Apr/2025:12:37:07 -0400] "POST / HTTP/1.1" 200 639524 "https://arsn.media" "Mozilla/5.0 (X11; U; Linux x86_64; pl-PL; rv:2.0) Gecko/20110307 Firefox/4.0"
195.47.238.88 - - [26/Apr/2025:12:37:24 -0400] "POST / HTTP/1.1" 200 639524 "https://arsn.media" "Mozilla/5.0 (X11; U; Linux x86_64; pl-PL; rv:2.0) Gecko/20110307 Firefox/4.0"
20.171.207.233 - - [26/Apr/2025:12:37:34 -0400] "GET /wp-content/themes/onum/css/design-test.css?ver=6.7.2 HTTP/1.1" 404 39252 "-" "Mozilla/5.0 AppleWebKit/537.36 (KHTML, like Gecko; compatible; GPTBot/1.2; +https://openai.com/gptbot)"
20.171.207.233 - - [26/Apr/2025:12:37:35 -0400] "GET /wp-content/themes/onum/js/design-test.js HTTP/1.1" 404 39233 "-" "Mozilla/5.0 AppleWebKit/537.36 (KHTML, like Gecko; compatible; GPTBot/1.2; +https://openai.com/gptbot)"
20.171.207.233 - - [26/Apr/2025:12:37:37 -0400] "GET /wp-json/elementskit/v1/ HTTP/1.1" 404 114 "-" "Mozilla/5.0 AppleWebKit/537.36 (KHTML, like Gecko; compatible; GPTBot/1.2; +https://openai.com/gptbot)"
20.171.207.233 - - [26/Apr/2025:12:37:38 -0400] "GET /wp-content/uploads/2020/10/404.png%20707w,%20https:/arsn.media/wp-content/uploads/2020/10/404-300x110.png%20300w HTTP/1.1" 404 39403 "-" "Mozilla/5.0 AppleWebKit/537.36 (KHTML, like Gecko; compatible; GPTBot/1.2; +https://openai.com/gptbot)"
20.171.207.233 - - [26/Apr/2025:12:37:38 -0400] "GET /wp-content/uploads/2020/09/ARSN-Final-Logos-scaled.jpg%202560w,%20https:/arsn.media/wp-content/uploads/2020/09/ARSN-Final-Logos-300x138.jpg%20300w,%20https:/arsn.media/wp-content/uploads/2020/09/ARSN-Final-Logos-1024x471.jpg%201024w,%20https:/arsn.media/ARSN-Final-Logos-768x353.jpg%20768w,%20https:/ARSN-Final-Logos-1536x706.jpg%201536w,%20https:/ARSN-Final-Logos-2048x942.jpg%202048w HTTP/1.1" 404 39596 "-" "Mozilla/5.0 AppleWebKit/537.36 (KHTML, like Gecko; compatible; GPTBot/1.2; +https://openai.com/gptbot)"
66.29.132.124 - - [26/Apr/2025:12:37:43 -0400] "POST /wp-cron.php?doing_wp_cron=1745685463.1788098812103271484375 HTTP/1.1" 200 0 "-" "WordPress/6.8; https://arsn.media"
192.42.116.210 - - [26/Apr/2025:12:37:41 -0400] "GET /comments/feed HTTP/1.1" 301 0 "https://arsn.media/comments/feed" "Mozilla/5.0 (X11; U; Linux x86_64; pl-PL; rv:2.0) Gecko/20110307 Firefox/4.0"
66.29.132.124 - - [26/Apr/2025:12:37:45 -0400] "POST /wp-admin/admin-ajax.php?action=async_litespeed&nonce=m7396TuNralPKwtTKBPwNNNMr9CjdeGV&litespeed_type=imgoptm HTTP/1.1" 200 0 "-" "WordPress/6.8; https://arsn.media"
66.29.132.124 - - [26/Apr/2025:12:37:46 -0400] "POST /wp-admin/admin-ajax.php?action=as_async_request_queue_runner&nonce=6887159dad HTTP/1.1" 200 0 "-" "WordPress/6.8; https://arsn.media"
192.42.116.210 - - [26/Apr/2025:12:37:46 -0400] "GET /comments/feed/ HTTP/1.1" 200 727 "https://arsn.media/comments/feed" "Mozilla/5.0 (X11; U; Linux x86_64; pl-PL; rv:2.0) Gecko/20110307 Firefox/4.0"
66.29.132.124 - - [26/Apr/2025:12:37:52 -0400] "POST /wp-cron.php?doing_wp_cron=1745685472.2261281013488769531250 HTTP/1.1" 200 0 "-" "WordPress/6.8; https://arsn.media"
185.241.208.185 - - [26/Apr/2025:12:37:50 -0400] "GET /contacts HTTP/1.1" 301 0 "https://arsn.media/contacts" "Mozilla/5.0 (X11; U; Linux x86_64; pl-PL; rv:2.0) Gecko/20110307 Firefox/4.0"
185.241.208.185 - - [26/Apr/2025:12:37:53 -0400] "GET /contacts/ HTTP/1.1" 200 572141 "https://arsn.media/contacts" "Mozilla/5.0 (X11; U; Linux x86_64; pl-PL; rv:2.0) Gecko/20110307 Firefox/4.0"
4.227.36.93 - - [26/Apr/2025:12:38:06 -0400] "GET /robots.txt HTTP/1.1" 301 0 "-" "Mozilla/5.0 AppleWebKit/537.36 (KHTML, like Gecko; compatible; GPTBot/1.2; +https://openai.com/gptbot)"
4.227.36.107 - - [26/Apr/2025:12:38:07 -0400] "GET /robots.txt HTTP/1.1" 200 105 "http://arsn.media/robots.txt" "Mozilla/5.0 AppleWebKit/537.36 (KHTML, like Gecko; compatible; GPTBot/1.2; +https://openai.com/gptbot)"
4.227.36.93 - - [26/Apr/2025:12:38:07 -0400] "GET /robots.txt HTTP/1.1" 200 105 "https://www.arsn.media/robots.txt" "Mozilla/5.0 AppleWebKit/537.36 (KHTML, like Gecko; compatible; GPTBot/1.2; +https://openai.com/gptbot)"
20.171.207.85 - - [26/Apr/2025:12:38:15 -0400] "GET /humans.txt HTTP/1.1" 301 0 "-" "Mozilla/5.0 AppleWebKit/537.36 (KHTML, like Gecko; compatible; GPTBot/1.2; +https://openai.com/gptbot)"
20.171.207.233 - - [26/Apr/2025:12:38:15 -0400] "GET /Form HTTP/1.1" 404 21337 "-" "Mozilla/5.0 AppleWebKit/537.36 (KHTML, like Gecko; compatible; GPTBot/1.2; +https://openai.com/gptbot)"
20.171.207.85 - - [26/Apr/2025:12:38:18 -0400] "GET /security.txt HTTP/1.1" 301 0 "-" "Mozilla/5.0 AppleWebKit/537.36 (KHTML, like Gecko; compatible; GPTBot/1.2; +https://openai.com/gptbot)"
20.171.207.85 - - [26/Apr/2025:12:38:20 -0400] "GET /.well-known/security.txt HTTP/1.1" 301 0 "-" "Mozilla/5.0 AppleWebKit/537.36 (KHTML, like Gecko; compatible; GPTBot/1.2; +https://openai.com/gptbot)"
192.42.116.199 - - [26/Apr/2025:12:38:26 -0400] "POST / HTTP/1.1" 200 639528 "https://arsn.media" "Mozilla/5.0 (X11; U; Linux x86_64; pl-PL; rv:2.0) Gecko/20110307 Firefox/4.0"
20.171.207.233 - - [26/Apr/2025:12:38:28 -0400] "GET /2024/09/21/the-ultimate-guide-to-starting-a-mosquito-control-business/ HTTP/1.1" 301 0 "-" "Mozilla/5.0 AppleWebKit/537.36 (KHTML, like Gecko; compatible; GPTBot/1.2; +https://openai.com/gptbot)"
20.171.207.233 - - [26/Apr/2025:12:38:31 -0400] "GET /humans.txt HTTP/1.1" 404 24578 "-" "Mozilla/5.0 AppleWebKit/537.36 (KHTML, like Gecko; compatible; GPTBot/1.2; +https://openai.com/gptbot)"
66.29.132.124 - - [26/Apr/2025:12:38:37 -0400] "POST /wp-cron.php?doing_wp_cron=1745685516.0183420181274414062500 HTTP/1.1" 200 0 "-" "WordPress/6.8; https://arsn.media"
20.171.207.233 - - [26/Apr/2025:12:38:35 -0400] "GET /rindex.php HTTP/1.1" 404 18527 "-" "Mozilla/5.0 AppleWebKit/537.36 (KHTML, like Gecko; compatible; GPTBot/1.2; +https://openai.com/gptbot)"
20.171.207.233 - - [26/Apr/2025:12:38:39 -0400] "GET /wp-seo.php HTTP/1.1" 404 22012 "-" "Mozilla/5.0 AppleWebKit/537.36 (KHTML, like Gecko; compatible; GPTBot/1.2; +https://openai.com/gptbot)"
45.84.107.17 - - [26/Apr/2025:12:38:39 -0400] "POST / HTTP/1.1" 200 639528 "https://arsn.media" "Mozilla/5.0 (X11; U; Linux x86_64; pl-PL; rv:2.0) Gecko/20110307 Firefox/4.0"
20.171.207.233 - - [26/Apr/2025:12:38:43 -0400] "GET /phpmailer.lang-sv.php HTTP/1.1" 404 18553 "-" "Mozilla/5.0 AppleWebKit/537.36 (KHTML, like Gecko; compatible; GPTBot/1.2; +https://openai.com/gptbot)"
198.54.114.59 - - [26/Apr/2025:12:38:47 -0400] "POST /wp-login.php HTTP/1.1" 200 1963 "https://arsn.media" "Mozilla/5.0 (Macintosh; Intel Mac OS X 10_15_7; rv:129.0) Gecko/20100101 Firefox/129.0"
20.171.207.233 - - [26/Apr/2025:12:38:48 -0400] "GET /wander.php HTTP/1.1" 404 31518 "-" "Mozilla/5.0 AppleWebKit/537.36 (KHTML, like Gecko; compatible; GPTBot/1.2; +https://openai.com/gptbot)"
171.25.193.79 - - [26/Apr/2025:12:38:47 -0400] "POST / HTTP/1.1" 200 639528 "https://arsn.media" "Mozilla/5.0 (X11; U; Linux x86_64; pl-PL; rv:2.0) Gecko/20110307 Firefox/4.0"
20.171.207.233 - - [26/Apr/2025:12:38:52 -0400] "GET /wp-22.php HTTP/1.1" 404 18536 "-" "Mozilla/5.0 AppleWebKit/537.36 (KHTML, like Gecko; compatible; GPTBot/1.2; +https://openai.com/gptbot)"
20.171.207.233 - - [26/Apr/2025:12:38:55 -0400] "GET /wp-pano.php HTTP/1.1" 404 18505 "-" "Mozilla/5.0 AppleWebKit/537.36 (KHTML, like Gecko; compatible; GPTBot/1.2; +https://openai.com/gptbot)"
192.42.116.211 - - [26/Apr/2025:12:38:59 -0400] "POST / HTTP/1.1" 200 639528 "https://arsn.media" "Mozilla/5.0 (X11; U; Linux x86_64; pl-PL; rv:2.0) Gecko/20110307 Firefox/4.0"
20.171.207.233 - - [26/Apr/2025:12:39:00 -0400] "GET /wp-l0gin.php HTTP/1.1" 404 22143 "-" "Mozilla/5.0 AppleWebKit/537.36 (KHTML, like Gecko; compatible; GPTBot/1.2; +https://openai.com/gptbot)"
66.29.132.124 - - [26/Apr/2025:12:39:07 -0400] "POST /wp-admin/admin-ajax.php?action=as_async_request_queue_runner&nonce=6887159dad HTTP/1.1" 200 0 "-" "WordPress/6.8; https://arsn.media"
20.171.207.233 - - [26/Apr/2025:12:39:04 -0400] "GET /wp-admin/post.php HTTP/1.1" 302 0 "-" "Mozilla/5.0 AppleWebKit/537.36 (KHTML, like Gecko; compatible; GPTBot/1.2; +https://openai.com/gptbot)"
185.220.100.243 - - [26/Apr/2025:12:39:09 -0400] "POST / HTTP/1.1" 200 639528 "https://arsn.media" "Mozilla/5.0 (X11; U; Linux x86_64; pl-PL; rv:2.0) Gecko/20110307 Firefox/4.0"
185.220.100.242 - - [26/Apr/2025:12:39:17 -0400] "POST / HTTP/1.1" 200 639528 "https://arsn.media" "Mozilla/5.0 (X11; U; Linux x86_64; pl-PL; rv:2.0) Gecko/20110307 Firefox/4.0"
185.220.101.87 - - [26/Apr/2025:12:39:26 -0400] "POST / HTTP/1.1" 200 639528 "https://arsn.media" "Mozilla/5.0 (X11; U; Linux x86_64; pl-PL; rv:2.0) Gecko/20110307 Firefox/4.0"
20.171.207.233 - - [26/Apr/2025:12:39:32 -0400] "GET /new HTTP/1.1" 404 21384 "-" "Mozilla/5.0 AppleWebKit/537.36 (KHTML, like Gecko; compatible; GPTBot/1.2; +https://openai.com/gptbot)"
185.220.100.246 - - [26/Apr/2025:12:39:34 -0400] "POST / HTTP/1.1" 200 639528 "https://arsn.media" "Mozilla/5.0 (X11; U; Linux x86_64; pl-PL; rv:2.0) Gecko/20110307 Firefox/4.0"
66.29.132.124 - - [26/Apr/2025:12:39:41 -0400] "POST /wp-cron.php?doing_wp_cron=1745685581.5741870403289794921875 HTTP/1.1" 200 0 "-" "WordPress/6.8; https://arsn.media"
66.29.132.124 - - [26/Apr/2025:12:39:42 -0400] "POST /wp-cron.php?doing_wp_cron=1745685581.9566841125488281250000 HTTP/1.1" 200 0 "-" "WordPress/6.8; https://arsn.media"
45.84.107.182 - - [26/Apr/2025:12:39:39 -0400] "POST / HTTP/1.1" 200 639528 "https://arsn.media" "Mozilla/5.0 (X11; U; Linux x86_64; pl-PL; rv:2.0) Gecko/20110307 Firefox/4.0"
66.29.132.124 - - [26/Apr/2025:12:39:44 -0400] "POST /wp-admin/admin-ajax.php?action=async_litespeed&nonce=5eIc1UNS4C3A0QLSVHDngMW4bmv7HSDa&litespeed_type=imgoptm HTTP/1.1" 200 0 "-" "WordPress/6.8; https://arsn.media"
20.171.207.233 - - [26/Apr/2025:12:39:39 -0400] "GET /personal-portfolio/ HTTP/1.1" 200 52293 "-" "Mozilla/5.0 AppleWebKit/537.36 (KHTML, like Gecko; compatible; GPTBot/1.2; +https://openai.com/gptbot)"
66.29.132.124 - - [26/Apr/2025:12:40:01 -0400] "POST /wp-cron.php?doing_wp_cron=1745685601.2375810146331787109375 HTTP/1.1" 200 0 "-" "WordPress/6.8; https://arsn.media"
20.171.207.233 - - [26/Apr/2025:12:40:00 -0400] "GET /aws.yml HTTP/1.1" 404 18525 "-" "Mozilla/5.0 AppleWebKit/537.36 (KHTML, like Gecko; compatible; GPTBot/1.2; +https://openai.com/gptbot)"
185.220.101.39 - - [26/Apr/2025:12:39:59 -0400] "POST / HTTP/1.1" 200 639528 "https://arsn.media" "Mozilla/5.0 (X11; U; Linux x86_64; pl-PL; rv:2.0) Gecko/20110307 Firefox/4.0"
20.171.207.233 - - [26/Apr/2025:12:40:07 -0400] "GET /sample.php HTTP/1.1" 404 18529 "-" "Mozilla/5.0 AppleWebKit/537.36 (KHTML, like Gecko; compatible; GPTBot/1.2; +https://openai.com/gptbot)"
192.42.116.203 - - [26/Apr/2025:12:40:11 -0400] "POST / HTTP/1.1" 200 639528 "https://arsn.media" "Mozilla/5.0 (X11; U; Linux x86_64; pl-PL; rv:2.0) Gecko/20110307 Firefox/4.0"
20.171.207.233 - - [26/Apr/2025:12:40:14 -0400] "GET /class_api.php HTTP/1.1" 404 24667 "-" "Mozilla/5.0 AppleWebKit/537.36 (KHTML, like Gecko; compatible; GPTBot/1.2; +https://openai.com/gptbot)"
20.171.207.233 - - [26/Apr/2025:12:40:18 -0400] "GET /class.api.php HTTP/1.1" 404 31603 "-" "Mozilla/5.0 AppleWebKit/537.36 (KHTML, like Gecko; compatible; GPTBot/1.2; +https://openai.com/gptbot)"
20.171.207.233 - - [26/Apr/2025:12:40:23 -0400] "GET /old HTTP/1.1" 404 24805 "-" "Mozilla/5.0 AppleWebKit/537.36 (KHTML, like Gecko; compatible; GPTBot/1.2; +https://openai.com/gptbot)"
103.251.167.20 - - [26/Apr/2025:12:40:23 -0400] "POST / HTTP/1.1" 200 639528 "https://arsn.media" "Mozilla/5.0 (X11; U; Linux x86_64; pl-PL; rv:2.0) Gecko/20110307 Firefox/4.0"
66.29.132.124 - - [26/Apr/2025:12:40:36 -0400] "POST /wp-cron.php?doing_wp_cron=1745685635.9615199565887451171875 HTTP/1.1" 200 0 "-" "WordPress/6.8; https://arsn.media"
20.171.207.233 - - [26/Apr/2025:12:40:34 -0400] "GET /general.php HTTP/1.1" 404 18506 "-" "Mozilla/5.0 AppleWebKit/537.36 (KHTML, like Gecko; compatible; GPTBot/1.2; +https://openai.com/gptbot)"
66.29.132.124 - - [26/Apr/2025:12:40:38 -0400] "POST /wp-admin/admin-ajax.php?action=async_litespeed&nonce=aUPlELFUAwcYI6F1ib4OJ7RXGU388py5&litespeed_type=imgoptm HTTP/1.1" 200 0 "-" "WordPress/6.8; https://arsn.media"
45.84.107.101 - - [26/Apr/2025:12:40:36 -0400] "POST / HTTP/1.1" 200 639528 "https://arsn.media" "Mozilla/5.0 (X11; U; Linux x86_64; pl-PL; rv:2.0) Gecko/20110307 Firefox/4.0"
195.47.238.177 - - [26/Apr/2025:12:40:41 -0400] "POST / HTTP/1.1" 200 639528 "https://arsn.media" "Mozilla/5.0 (X11; U; Linux x86_64; pl-PL; rv:2.0) Gecko/20110307 Firefox/4.0"
20.171.207.233 - - [26/Apr/2025:12:40:51 -0400] "GET /?p=11460 HTTP/1.1" 301 0 "-" "Mozilla/5.0 AppleWebKit/537.36 (KHTML, like Gecko; compatible; GPTBot/1.2; +https://openai.com/gptbot)"
66.29.132.124 - - [26/Apr/2025:12:40:54 -0400] "POST /wp-cron.php?doing_wp_cron=1745685652.4250679016113281250000 HTTP/1.1" 200 0 "-" "WordPress/6.8; https://arsn.media"
20.171.207.233 - - [26/Apr/2025:12:40:56 -0400] "GET /wp-content/uploads/elementor/google-fonts/fonts/redhatdisplay-8vis7wur0m80wwyf0qcxzzyzuotg-a6tty_9cq.woff2 HTTP/1.1" 200 14576 "-" "Mozilla/5.0 AppleWebKit/537.36 (KHTML, like Gecko; compatible; GPTBot/1.2; +https://openai.com/gptbot)"
20.171.207.233 - - [26/Apr/2025:12:40:59 -0400] "GET /wp-content/uploads/2024/07/luca-bravo-9l_326FISzk-unsplash-compressed.jpg HTTP/1.1" 200 107978 "-" "Mozilla/5.0 AppleWebKit/537.36 (KHTML, like Gecko; compatible; GPTBot/1.2; +https://openai.com/gptbot)"
20.171.207.233 - - [26/Apr/2025:12:41:01 -0400] "GET /wp-content/uploads/elementor/google-fonts/fonts/redhatdisplay-8vis7wur0m80wwyf0qcxzzyzuotg-a6jty8.woff2 HTTP/1.1" 200 32072 "-" "Mozilla/5.0 AppleWebKit/537.36 (KHTML, like Gecko; compatible; GPTBot/1.2; +https://openai.com/gptbot)"
20.171.207.233 - - [26/Apr/2025:12:41:05 -0400] "GET /wp-content/uploads/elementor/google-fonts/fonts/redhatdisplay-8viq7wur0m80wwyf0qcxzzyzuotg8z6hvys.woff2 HTTP/1.1" 200 14060 "-" "Mozilla/5.0 AppleWebKit/537.36 (KHTML, like Gecko; compatible; GPTBot/1.2; +https://openai.com/gptbot)"
185.220.100.240 - - [26/Apr/2025:12:41:00 -0400] "POST / HTTP/1.1" 200 639528 "https://arsn.media" "Mozilla/5.0 (X11; U; Linux x86_64; pl-PL; rv:2.0) Gecko/20110307 Firefox/4.0"
20.171.207.233 - - [26/Apr/2025:12:41:08 -0400] "GET /wp-content/uploads/elementor/google-fonts/fonts/redhatdisplay-8viq7wur0m80wwyf0qcxzzyzuotg_t6h.woff2 HTTP/1.1" 200 30588 "-" "Mozilla/5.0 AppleWebKit/537.36 (KHTML, like Gecko; compatible; GPTBot/1.2; +https://openai.com/gptbot)"
20.171.207.233 - - [26/Apr/2025:12:41:10 -0400] "GET /.env.bak HTTP/1.1" 404 39230 "-" "Mozilla/5.0 AppleWebKit/537.36 (KHTML, like Gecko; compatible; GPTBot/1.2; +https://openai.com/gptbot)"
20.171.207.233 - - [26/Apr/2025:12:41:12 -0400] "GET /users.php HTTP/1.1" 404 21384 "-" "Mozilla/5.0 AppleWebKit/537.36 (KHTML, like Gecko; compatible; GPTBot/1.2; +https://openai.com/gptbot)"
192.42.116.200 - - [26/Apr/2025:12:41:10 -0400] "POST / HTTP/1.1" 200 639528 "https://arsn.media" "Mozilla/5.0 (X11; U; Linux x86_64; pl-PL; rv:2.0) Gecko/20110307 Firefox/4.0"
20.171.207.233 - - [26/Apr/2025:12:41:15 -0400] "GET /woh.php HTTP/1.1" 404 18522 "-" "Mozilla/5.0 AppleWebKit/537.36 (KHTML, like Gecko; compatible; GPTBot/1.2; +https://openai.com/gptbot)"
20.171.207.233 - - [26/Apr/2025:12:41:18 -0400] "GET /zero.php HTTP/1.1" 404 18500 "-" "Mozilla/5.0 AppleWebKit/537.36 (KHTML, like Gecko; compatible; GPTBot/1.2; +https://openai.com/gptbot)"
20.171.207.233 - - [26/Apr/2025:12:41:22 -0400] "GET /classwithtostring.php HTTP/1.1" 404 18549 "-" "Mozilla/5.0 AppleWebKit/537.36 (KHTML, like Gecko; compatible; GPTBot/1.2; +https://openai.com/gptbot)"
45.84.107.54 - - [26/Apr/2025:12:41:23 -0400] "POST / HTTP/1.1" 200 639528 "https://arsn.media" "Mozilla/5.0 (X11; U; Linux x86_64; pl-PL; rv:2.0) Gecko/20110307 Firefox/4.0"
20.171.207.233 - - [26/Apr/2025:12:41:25 -0400] "GET /security.txt HTTP/1.1" 404 18508 "-" "Mozilla/5.0 AppleWebKit/537.36 (KHTML, like Gecko; compatible; GPTBot/1.2; +https://openai.com/gptbot)"
152.32.203.233 - - [26/Apr/2025:12:41:31 -0400] "GET /.env HTTP/1.1" 404 39247 "-" "Mozilla/5.0 (Linux; Android 8.0.0; SM-G960F Build/R16NW) AppleWebKit/537.36 (KHTML, like Gecko) Chrome/62.0.3202.84 Mobile Safari/537.36"
152.32.203.233 - - [26/Apr/2025:12:41:34 -0400] "GET / HTTP/1.1" 200 48662 "-" "Mozilla/5.0 (Linux; Android 8.0.0; SM-G960F Build/R16NW) AppleWebKit/537.36 (KHTML, like Gecko) Chrome/62.0.3202.84 Mobile Safari/537.36"
185.246.188.74 - - [26/Apr/2025:12:41:32 -0400] "POST / HTTP/1.1" 200 639528 "https://arsn.media" "Mozilla/5.0 (X11; U; Linux x86_64; pl-PL; rv:2.0) Gecko/20110307 Firefox/4.0"
20.171.207.233 - - [26/Apr/2025:12:41:37 -0400] "GET /users.php HTTP/1.1" 404 39336 "-" "Mozilla/5.0 AppleWebKit/537.36 (KHTML, like Gecko; compatible; GPTBot/1.2; +https://openai.com/gptbot)"
20.171.207.233 - - [26/Apr/2025:12:41:42 -0400] "GET /2021/09/22/hello-world/ HTTP/1.1" 404 39253 "-" "Mozilla/5.0 AppleWebKit/537.36 (KHTML, like Gecko; compatible; GPTBot/1.2; +https://openai.com/gptbot)"
20.171.207.233 - - [26/Apr/2025:12:41:45 -0400] "GET /bc HTTP/1.1" 404 21458 "-" "Mozilla/5.0 AppleWebKit/537.36 (KHTML, like Gecko; compatible; GPTBot/1.2; +https://openai.com/gptbot)"
20.171.207.233 - - [26/Apr/2025:12:41:47 -0400] "GET /bk HTTP/1.1" 404 31691 "-" "Mozilla/5.0 AppleWebKit/537.36 (KHTML, like Gecko; compatible; GPTBot/1.2; +https://openai.com/gptbot)"
20.171.207.233 - - [26/Apr/2025:12:41:49 -0400] "GET /warm.PhP7 HTTP/1.1" 404 39307 "-" "Mozilla/5.0 AppleWebKit/537.36 (KHTML, like Gecko; compatible; GPTBot/1.2; +https://openai.com/gptbot)"
185.220.101.51 - - [26/Apr/2025:12:41:50 -0400] "POST / HTTP/1.1" 200 639528 "https://arsn.media" "Mozilla/5.0 (X11; U; Linux x86_64; pl-PL; rv:2.0) Gecko/20110307 Firefox/4.0"
66.29.132.124 - - [26/Apr/2025:12:41:54 -0400] "POST /wp-cron.php?doing_wp_cron=1745685714.7217950820922851562500 HTTP/1.1" 200 0 "-" "WordPress/6.8; https://arsn.media"
20.171.207.233 - - [26/Apr/2025:12:41:53 -0400] "GET /dup-installer/main.installer.php HTTP/1.1" 404 39278 "-" "Mozilla/5.0 AppleWebKit/537.36 (KHTML, like Gecko; compatible; GPTBot/1.2; +https://openai.com/gptbot)"
20.171.207.233 - - [26/Apr/2025:12:41:55 -0400] "GET /classfuns.php HTTP/1.1" 404 39281 "-" "Mozilla/5.0 AppleWebKit/537.36 (KHTML, like Gecko; compatible; GPTBot/1.2; +https://openai.com/gptbot)"
66.29.132.124 - - [26/Apr/2025:12:41:57 -0400] "POST /wp-admin/admin-ajax.php?action=async_litespeed&nonce=6U8QsCpQd3DJlBbjkfyR9HBO4Y3prrJN&litespeed_type=imgoptm HTTP/1.1" 200 0 "-" "WordPress/6.8; https://arsn.media"
20.171.207.233 - - [26/Apr/2025:12:41:56 -0400] "GET /install.php HTTP/1.1" 404 39312 "-" "Mozilla/5.0 AppleWebKit/537.36 (KHTML, like Gecko; compatible; GPTBot/1.2; +https://openai.com/gptbot)"
20.171.207.233 - - [26/Apr/2025:12:41:58 -0400] "GET /ms.php HTTP/1.1" 404 31593 "-" "Mozilla/5.0 AppleWebKit/537.36 (KHTML, like Gecko; compatible; GPTBot/1.2; +https://openai.com/gptbot)"
51.38.225.46 - - [26/Apr/2025:12:41:58 -0400] "POST / HTTP/1.1" 200 639528 "https://arsn.media" "Mozilla/5.0 (X11; U; Linux x86_64; pl-PL; rv:2.0) Gecko/20110307 Firefox/4.0"
20.171.207.233 - - [26/Apr/2025:12:41:59 -0400] "GET /home HTTP/1.1" 404 22061 "-" "Mozilla/5.0 AppleWebKit/537.36 (KHTML, like Gecko; compatible; GPTBot/1.2; +https://openai.com/gptbot)"
20.171.207.233 - - [26/Apr/2025:12:42:01 -0400] "GET /main HTTP/1.1" 404 21339 "-" "Mozilla/5.0 AppleWebKit/537.36 (KHTML, like Gecko; compatible; GPTBot/1.2; +https://openai.com/gptbot)"
20.171.207.233 - - [26/Apr/2025:12:42:02 -0400] "GET /location HTTP/1.1" 404 21364 "-" "Mozilla/5.0 AppleWebKit/537.36 (KHTML, like Gecko; compatible; GPTBot/1.2; +https://openai.com/gptbot)"
40.77.190.17 - - [26/Apr/2025:12:42:07 -0400] "GET /wp-content/uploads/elementor/google-fonts/fonts/redhatdisplay-8viq7wur0m80wwyf0qcxzzyzuotg_t6h.woff2 HTTP/1.1" 200 30588 "https://arsn.media/wp-content/uploads/elementor/google-fonts/css/redhatdisplay.css?ver=1742288950" "Mozilla/5.0 AppleWebKit/537.36 (KHTML, like Gecko; compatible; bingbot/2.0; +http://www.bing.com/bingbot.htm) Chrome/112.0.0.0 Safari/537.36"
40.77.190.17 - - [26/Apr/2025:12:42:07 -0400] "GET /wp-content/plugins/elementor/assets/lib/font-awesome/webfonts/fa-solid-900.woff2 HTTP/1.1" 200 78196 "https://arsn.media/wp-content/plugins/elementor/assets/lib/font-awesome/css/solid.min.css?ver=5.15.3" "Mozilla/5.0 AppleWebKit/537.36 (KHTML, like Gecko; compatible; bingbot/2.0; +http://www.bing.com/bingbot.htm) Chrome/112.0.0.0 Safari/537.36"
40.77.190.17 - - [26/Apr/2025:12:42:08 -0400] "GET /wp-content/plugins/elementor/assets/lib/font-awesome/webfonts/fa-brands-400.woff2 HTTP/1.1" 200 81612 "https://arsn.media/wp-content/plugins/elementor/assets/lib/font-awesome/css/brands.min.css?ver=5.15.3" "Mozilla/5.0 AppleWebKit/537.36 (KHTML, like Gecko; compatible; bingbot/2.0; +http://www.bing.com/bingbot.htm) Chrome/112.0.0.0 Safari/537.36"
40.77.190.17 - - [26/Apr/2025:12:42:08 -0400] "GET /wp-content/themes/onum/fonts/Flaticon.woff2 HTTP/1.1" 200 12024 "https://arsn.media/wp-content/themes/onum/css/flaticon.css?ver=6.8" "Mozilla/5.0 AppleWebKit/537.36 (KHTML, like Gecko; compatible; bingbot/2.0; +http://www.bing.com/bingbot.htm) Chrome/112.0.0.0 Safari/537.36"
40.77.190.17 - - [26/Apr/2025:12:42:08 -0400] "GET /wp-content/plugins/elementor/assets/js/text-editor.c084ef86600b6f11690d.bundle.min.js HTTP/1.1" 200 621 "https://arsn.media/2024/09/27/exploring-niche-markets-how-to-start-a-bed-bug-extermination-business/" "Mozilla/5.0 AppleWebKit/537.36 (KHTML, like Gecko; compatible; bingbot/2.0; +http://www.bing.com/bingbot.htm) Chrome/112.0.0.0 Safari/537.36"
20.171.207.233 - - [26/Apr/2025:12:42:07 -0400] "GET /wp-content/wso.php HTTP/1.1" 404 39419 "-" "Mozilla/5.0 AppleWebKit/537.36 (KHTML, like Gecko; compatible; GPTBot/1.2; +https://openai.com/gptbot)"
51.38.225.46 - - [26/Apr/2025:12:42:07 -0400] "POST / HTTP/1.1" 200 639528 "https://arsn.media" "Mozilla/5.0 (X11; U; Linux x86_64; pl-PL; rv:2.0) Gecko/20110307 Firefox/4.0"
20.171.207.233 - - [26/Apr/2025:12:42:14 -0400] "GET /gillindustry HTTP/1.1" 301 795 "-" "Mozilla/5.0 AppleWebKit/537.36 (KHTML, like Gecko; compatible; GPTBot/1.2; +https://openai.com/gptbot)"
185.220.100.247 - - [26/Apr/2025:12:42:13 -0400] "POST / HTTP/1.1" 200 639528 "https://arsn.media" "Mozilla/5.0 (X11; U; Linux x86_64; pl-PL; rv:2.0) Gecko/20110307 Firefox/4.0"
20.171.207.233 - - [26/Apr/2025:12:42:17 -0400] "GET /phpinfo HTTP/1.1" 404 39151 "-" "Mozilla/5.0 AppleWebKit/537.36 (KHTML, like Gecko; compatible; GPTBot/1.2; +https://openai.com/gptbot)"
20.171.207.233 - - [26/Apr/2025:12:42:19 -0400] "GET /shellv3.php HTTP/1.1" 404 21375 "-" "Mozilla/5.0 AppleWebKit/537.36 (KHTML, like Gecko; compatible; GPTBot/1.2; +https://openai.com/gptbot)"
20.171.207.233 - - [26/Apr/2025:12:42:21 -0400] "GET /delete3.php HTTP/1.1" 404 22139 "-" "Mozilla/5.0 AppleWebKit/537.36 (KHTML, like Gecko; compatible; GPTBot/1.2; +https://openai.com/gptbot)"
20.171.207.233 - - [26/Apr/2025:12:42:24 -0400] "GET /wp-content/themes/hello-element/footer.php HTTP/1.1" 404 18538 "-" "Mozilla/5.0 AppleWebKit/537.36 (KHTML, like Gecko; compatible; GPTBot/1.2; +https://openai.com/gptbot)"
20.171.207.233 - - [26/Apr/2025:12:42:28 -0400] "GET /alfanew.PHP7 HTTP/1.1" 404 18503 "-" "Mozilla/5.0 AppleWebKit/537.36 (KHTML, like Gecko; compatible; GPTBot/1.2; +https://openai.com/gptbot)"
66.29.132.124 - - [26/Apr/2025:12:42:35 -0400] "POST /wp-cron.php?doing_wp_cron=1745685754.5709071159362792968750 HTTP/1.1" 200 0 "-" "WordPress/6.8; https://arsn.media"
185.246.188.74 - - [26/Apr/2025:12:42:33 -0400] "POST / HTTP/1.1" 200 639528 "https://arsn.media" "Mozilla/5.0 (X11; U; Linux x86_64; pl-PL; rv:2.0) Gecko/20110307 Firefox/4.0"
66.29.132.124 - - [26/Apr/2025:12:42:41 -0400] "POST /gillindustry/wp-cron.php?doing_wp_cron=1745685760.8407371044158935546875 HTTP/1.1" 200 0 "-" "WordPress/6.8; https://arsn.media/gillindustry"
66.29.132.124 - - [26/Apr/2025:12:42:41 -0400] "POST /gillindustry/wp-admin/admin-ajax.php?action=async_litespeed&nonce=ihw7xUYrItoOjN8DmeyOrSviohFXAEmj&litespeed_type=imgoptm HTTP/1.1" 200 0 "-" "WordPress/6.8; https://arsn.media/gillindustry"
20.171.207.233 - - [26/Apr/2025:12:42:32 -0400] "GET /gillindustry/ HTTP/1.1" 500 7189 "-" "Mozilla/5.0 AppleWebKit/537.36 (KHTML, like Gecko; compatible; GPTBot/1.2; +https://openai.com/gptbot)"
20.171.207.233 - - [26/Apr/2025:12:42:43 -0400] "GET /goat11.PhP7 HTTP/1.1" 404 39282 "-" "Mozilla/5.0 AppleWebKit/537.36 (KHTML, like Gecko; compatible; GPTBot/1.2; +https://openai.com/gptbot)"
204.8.96.147 - - [26/Apr/2025:12:42:44 -0400] "POST / HTTP/1.1" 200 639528 "https://arsn.media" "Mozilla/5.0 (X11; U; Linux x86_64; pl-PL; rv:2.0) Gecko/20110307 Firefox/4.0"
20.171.207.233 - - [26/Apr/2025:12:42:54 -0400] "GET /.well-known/pki-validation/class_api.php HTTP/1.1" 404 1251 "-" "Mozilla/5.0 AppleWebKit/537.36 (KHTML, like Gecko; compatible; GPTBot/1.2; +https://openai.com/gptbot)"
5.45.102.93 - - [26/Apr/2025:12:43:03 -0400] "POST / HTTP/1.1" 200 639528 "https://arsn.media" "Mozilla/5.0 (X11; U; Linux x86_64; pl-PL; rv:2.0) Gecko/20110307 Firefox/4.0"
195.47.238.176 - - [26/Apr/2025:12:43:12 -0400] "POST / HTTP/1.1" 200 639528 "https://arsn.media" "Mozilla/5.0 (X11; U; Linux x86_64; pl-PL; rv:2.0) Gecko/20110307 Firefox/4.0"
20.171.207.233 - - [26/Apr/2025:12:43:18 -0400] "GET /.well-known/security.txt HTTP/1.1" 404 21346 "-" "Mozilla/5.0 AppleWebKit/537.36 (KHTML, like Gecko; compatible; GPTBot/1.2; +https://openai.com/gptbot)"
62.133.61.117 - - [26/Apr/2025:12:43:21 -0400] "GET / HTTP/1.0" 200 639584 "https://arsn.media/" "Mozilla/5.0 (Windows NT 10.0; Win64; x64) AppleWebKit/537.36 (KHTML, like Gecko) Chrome/130.0.0.0 Safari/537.36 CCleaner/130.0.0.0"
66.29.132.124 - - [26/Apr/2025:12:43:26 -0400] "POST /wp-admin/admin-ajax.php?action=as_async_request_queue_runner&nonce=6887159dad HTTP/1.1" 200 0 "-" "WordPress/6.8; https://arsn.media"
62.133.61.117 - - [26/Apr/2025:12:43:24 -0400] "POST /wp-admin/admin-ajax.php HTTP/1.0" 200 218 "https://arsn.media/" "Mozilla/5.0 (Windows NT 10.0; Win64; x64) AppleWebKit/537.36 (KHTML, like Gecko) Chrome/130.0.0.0 Safari/537.36 CCleaner/130.0.0.0"
20.171.207.233 - - [26/Apr/2025:12:43:29 -0400] "GET /backup HTTP/1.1" 404 21356 "-" "Mozilla/5.0 AppleWebKit/537.36 (KHTML, like Gecko; compatible; GPTBot/1.2; +https://openai.com/gptbot)"
192.42.116.211 - - [26/Apr/2025:12:43:33 -0400] "POST / HTTP/1.1" 200 639528 "https://arsn.media" "Mozilla/5.0 (X11; U; Linux x86_64; pl-PL; rv:2.0) Gecko/20110307 Firefox/4.0"
66.29.132.124 - - [26/Apr/2025:12:43:41 -0400] "POST /wp-cron.php?doing_wp_cron=1745685821.4216818809509277343750 HTTP/1.1" 200 0 "-" "WordPress/6.8; https://arsn.media"
66.249.74.5 - - [26/Apr/2025:12:43:40 -0400] "GET /808/vertex-mod-indicator-mt4.html HTTP/1.1" 404 39540 "-" "Mozilla/5.0 (Linux; Android 6.0.1; Nexus 5X Build/MMB29P) AppleWebKit/537.36 (KHTML, like Gecko) Chrome/135.0.7049.95 Mobile Safari/537.36 (compatible; GoogleOther)"
66.29.132.124 - - [26/Apr/2025:12:43:42 -0400] "POST /wp-admin/admin-ajax.php?action=async_litespeed&nonce=YIcAsN1IvQCr6oakpU4RdWYem14Bp8MY&litespeed_type=imgoptm HTTP/1.1" 200 21 "-" "WordPress/6.8; https://arsn.media"
66.29.132.124 - - [26/Apr/2025:12:43:51 -0400] "POST /wp-cron.php?doing_wp_cron=1745685830.9074380397796630859375 HTTP/1.1" 200 0 "-" "WordPress/6.8; https://arsn.media"
20.171.207.233 - - [26/Apr/2025:12:43:50 -0400] "GET /cgi-bin/class_api.php HTTP/1.1" 404 39263 "-" "Mozilla/5.0 AppleWebKit/537.36 (KHTML, like Gecko; compatible; GPTBot/1.2; +https://openai.com/gptbot)"
185.220.101.9 - - [26/Apr/2025:12:43:52 -0400] "GET /ebook-marketing-services HTTP/1.1" 301 0 "https://arsn.media/ebook-marketing-services" "Mozilla/5.0 (X11; U; Linux x86_64; pl-PL; rv:2.0) Gecko/20110307 Firefox/4.0"
185.220.101.9 - - [26/Apr/2025:12:43:54 -0400] "GET /ebook-marketing-services/ HTTP/1.1" 200 704995 "https://arsn.media/ebook-marketing-services" "Mozilla/5.0 (X11; U; Linux x86_64; pl-PL; rv:2.0) Gecko/20110307 Firefox/4.0"
192.42.116.178 - - [26/Apr/2025:12:44:00 -0400] "POST /Form HTTP/1.1" 404 564831 "https://arsn.media/Form" "Mozilla/5.0 (X11; U; Linux x86_64; pl-PL; rv:2.0) Gecko/20110307 Firefox/4.0"
192.42.116.215 - - [26/Apr/2025:12:44:18 -0400] "POST /Form HTTP/1.1" 404 564831 "https://arsn.media/Form" "Mozilla/5.0 (X11; U; Linux x86_64; pl-PL; rv:2.0) Gecko/20110307 Firefox/4.0"
45.84.107.33 - - [26/Apr/2025:12:44:24 -0400] "POST / HTTP/1.1" 200 639544 "https://arsn.media" "Mozilla/5.0 (X11; U; Linux x86_64; pl-PL; rv:2.0) Gecko/20110307 Firefox/4.0"
66.29.132.124 - - [26/Apr/2025:12:44:37 -0400] "POST /wp-cron.php?doing_wp_cron=1745685877.2007191181182861328125 HTTP/1.1" 200 0 "-" "WordPress/6.8; https://arsn.media"
66.29.132.124 - - [26/Apr/2025:12:44:39 -0400] "POST /wp-admin/admin-ajax.php?action=async_litespeed&nonce=ZcrOxQ1vvAaTV6OelLXNYkF5Fw1wXVFX&litespeed_type=imgoptm HTTP/1.1" 200 0 "-" "WordPress/6.8; https://arsn.media"
45.84.107.47 - - [26/Apr/2025:12:44:35 -0400] "POST / HTTP/1.1" 200 639544 "https://arsn.media" "Mozilla/5.0 (X11; U; Linux x86_64; pl-PL; rv:2.0) Gecko/20110307 Firefox/4.0"
20.171.207.233 - - [26/Apr/2025:12:44:39 -0400] "GET /images/class.api.php HTTP/1.1" 404 18473 "-" "Mozilla/5.0 AppleWebKit/537.36 (KHTML, like Gecko; compatible; GPTBot/1.2; +https://openai.com/gptbot)"
66.29.132.124 - - [26/Apr/2025:12:44:41 -0400] "POST /wp-admin/admin-ajax.php?action=as_async_request_queue_runner&nonce=6887159dad HTTP/1.1" 200 0 "-" "WordPress/6.8; https://arsn.media"
66.29.132.124 - - [26/Apr/2025:12:44:55 -0400] "POST /wp-cron.php?doing_wp_cron=1745685895.3630800247192382812500 HTTP/1.1" 200 0 "-" "WordPress/6.8; https://arsn.media"
192.42.116.208 - - [26/Apr/2025:12:44:54 -0400] "POST / HTTP/1.1" 200 639544 "https://arsn.media" "Mozilla/5.0 (X11; U; Linux x86_64; pl-PL; rv:2.0) Gecko/20110307 Firefox/4.0"
20.171.207.233 - - [26/Apr/2025:12:44:54 -0400] "GET /.well-known/acme-challenge/class_api.php HTTP/1.1" 404 18498 "-" "Mozilla/5.0 AppleWebKit/537.36 (KHTML, like Gecko; compatible; GPTBot/1.2; +https://openai.com/gptbot)"
192.42.116.208 - - [26/Apr/2025:12:44:59 -0400] "POST / HTTP/1.1" 200 639544 "https://arsn.media" "Mozilla/5.0 (X11; U; Linux x86_64; pl-PL; rv:2.0) Gecko/20110307 Firefox/4.0"
192.42.116.213 - - [26/Apr/2025:12:45:04 -0400] "POST / HTTP/1.1" 200 639544 "https://arsn.media" "Mozilla/5.0 (X11; U; Linux x86_64; pl-PL; rv:2.0) Gecko/20110307 Firefox/4.0"
20.171.207.233 - - [26/Apr/2025:12:45:09 -0400] "GET /assets/class_api.php HTTP/1.1" 404 33089 "-" "Mozilla/5.0 AppleWebKit/537.36 (KHTML, like Gecko; compatible; GPTBot/1.2; +https://openai.com/gptbot)"
20.171.207.233 - - [26/Apr/2025:12:45:12 -0400] "GET /_profiler/phpinfo.php HTTP/1.1" 404 21366 "-" "Mozilla/5.0 AppleWebKit/537.36 (KHTML, like Gecko; compatible; GPTBot/1.2; +https://openai.com/gptbot)"
192.42.116.213 - - [26/Apr/2025:12:45:11 -0400] "POST / HTTP/1.1" 200 639544 "https://arsn.media" "Mozilla/5.0 (X11; U; Linux x86_64; pl-PL; rv:2.0) Gecko/20110307 Firefox/4.0"
20.171.207.233 - - [26/Apr/2025:12:45:16 -0400] "GET /images/atomlib.php HTTP/1.1" 404 21542 "-" "Mozilla/5.0 AppleWebKit/537.36 (KHTML, like Gecko; compatible; GPTBot/1.2; +https://openai.com/gptbot)"
192.42.116.202 - - [26/Apr/2025:12:45:18 -0400] "POST / HTTP/1.1" 200 639544 "https://arsn.media" "Mozilla/5.0 (X11; U; Linux x86_64; pl-PL; rv:2.0) Gecko/20110307 Firefox/4.0"
20.171.207.233 - - [26/Apr/2025:12:45:19 -0400] "GET /images/plugins.php HTTP/1.1" 404 21537 "-" "Mozilla/5.0 AppleWebKit/537.36 (KHTML, like Gecko; compatible; GPTBot/1.2; +https://openai.com/gptbot)"
20.171.207.233 - - [26/Apr/2025:12:45:24 -0400] "GET /.aws/credentials HTTP/1.1" 404 39374 "-" "Mozilla/5.0 AppleWebKit/537.36 (KHTML, like Gecko; compatible; GPTBot/1.2; +https://openai.com/gptbot)"
185.246.188.74 - - [26/Apr/2025:12:45:24 -0400] "POST / HTTP/1.1" 200 639544 "https://arsn.media" "Mozilla/5.0 (X11; U; Linux x86_64; pl-PL; rv:2.0) Gecko/20110307 Firefox/4.0"
20.171.207.233 - - [26/Apr/2025:12:45:27 -0400] "GET /_profiler/phpinfo HTTP/1.1" 404 28839 "-" "Mozilla/5.0 AppleWebKit/537.36 (KHTML, like Gecko; compatible; GPTBot/1.2; +https://openai.com/gptbot)"
20.171.207.233 - - [26/Apr/2025:12:45:31 -0400] "GET /.tmb/moon.php HTTP/1.1" 404 31602 "-" "Mozilla/5.0 AppleWebKit/537.36 (KHTML, like Gecko; compatible; GPTBot/1.2; +https://openai.com/gptbot)"
66.29.132.124 - - [26/Apr/2025:12:45:38 -0400] "POST /wp-cron.php?doing_wp_cron=1745685938.7866840362548828125000 HTTP/1.1" 200 0 "-" "WordPress/6.8; https://arsn.media"
20.171.207.233 - - [26/Apr/2025:12:45:38 -0400] "GET /.well-known/acme-challenge/wp-theme.php HTTP/1.1" 404 39187 "-" "Mozilla/5.0 AppleWebKit/537.36 (KHTML, like Gecko; compatible; GPTBot/1.2; +https://openai.com/gptbot)"
178.20.55.182 - - [26/Apr/2025:12:45:38 -0400] "POST / HTTP/1.1" 200 639544 "https://arsn.media" "Mozilla/5.0 (X11; U; Linux x86_64; pl-PL; rv:2.0) Gecko/20110307 Firefox/4.0"
66.29.132.124 - - [26/Apr/2025:12:45:41 -0400] "POST /wp-admin/admin-ajax.php?action=async_litespeed&nonce=fSn6LUoMtLeVoct4uA66vBAU5g8gJWGN&litespeed_type=imgoptm HTTP/1.1" 200 21 "-" "WordPress/6.8; https://arsn.media"
20.171.207.233 - - [26/Apr/2025:12:45:41 -0400] "GET /wp-admin/network/class.api.php HTTP/1.1" 404 39180 "-" "Mozilla/5.0 AppleWebKit/537.36 (KHTML, like Gecko; compatible; GPTBot/1.2; +https://openai.com/gptbot)"
199.188.200.139 - - [26/Apr/2025:12:45:46 -0400] "POST /wp-login.php HTTP/1.1" 200 1963 "https://arsn.media" "Mozilla/5.0 (Macintosh; Intel Mac OS X 13_3) AppleWebKit/537.36 (KHTML, like Gecko) Chrome/126.0.0.0 Safari/537.36"
66.29.132.124 - - [26/Apr/2025:12:45:58 -0400] "POST /wp-cron.php?doing_wp_cron=1745685957.7600309848785400390625 HTTP/1.1" 200 0 "-" "WordPress/6.8; https://arsn.media"
20.171.207.233 - - [26/Apr/2025:12:45:57 -0400] "GET /wp-content/plugins/core-plugin/ HTTP/1.1" 404 21376 "-" "Mozilla/5.0 AppleWebKit/537.36 (KHTML, like Gecko; compatible; GPTBot/1.2; +https://openai.com/gptbot)"
192.42.116.212 - - [26/Apr/2025:12:45:56 -0400] "POST / HTTP/1.1" 200 639544 "https://arsn.media" "Mozilla/5.0 (X11; U; Linux x86_64; pl-PL; rv:2.0) Gecko/20110307 Firefox/4.0"
20.171.207.233 - - [26/Apr/2025:12:46:02 -0400] "GET /wp-admin/network/class_api.php HTTP/1.1" 404 21409 "-" "Mozilla/5.0 AppleWebKit/537.36 (KHTML, like Gecko; compatible; GPTBot/1.2; +https://openai.com/gptbot)"
192.42.116.212 - - [26/Apr/2025:12:46:04 -0400] "POST / HTTP/1.1" 200 639544 "https://arsn.media" "Mozilla/5.0 (X11; U; Linux x86_64; pl-PL; rv:2.0) Gecko/20110307 Firefox/4.0"
20.171.207.233 - - [26/Apr/2025:12:46:08 -0400] "GET /.well-known/pki-validation/atomlib.php HTTP/1.1" 404 1251 "-" "Mozilla/5.0 AppleWebKit/537.36 (KHTML, like Gecko; compatible; GPTBot/1.2; +https://openai.com/gptbot)"
20.171.207.233 - - [26/Apr/2025:12:46:10 -0400] "GET /.well-known/acme-challenge/atomlib.php HTTP/1.1" 404 18571 "-" "Mozilla/5.0 AppleWebKit/537.36 (KHTML, like Gecko; compatible; GPTBot/1.2; +https://openai.com/gptbot)"
192.42.116.175 - - [26/Apr/2025:12:46:10 -0400] "POST / HTTP/1.1" 200 639544 "https://arsn.media" "Mozilla/5.0 (X11; U; Linux x86_64; pl-PL; rv:2.0) Gecko/20110307 Firefox/4.0"
20.171.207.233 - - [26/Apr/2025:12:46:16 -0400] "GET /.well-known/acme-challenge/plugins.php HTTP/1.1" 404 39239 "-" "Mozilla/5.0 AppleWebKit/537.36 (KHTML, like Gecko; compatible; GPTBot/1.2; +https://openai.com/gptbot)"
20.171.207.233 - - [26/Apr/2025:12:46:21 -0400] "GET /cgi-bin/moon.php HTTP/1.1" 404 18508 "-" "Mozilla/5.0 AppleWebKit/537.36 (KHTML, like Gecko; compatible; GPTBot/1.2; +https://openai.com/gptbot)"
185.220.101.109 - - [26/Apr/2025:12:46:21 -0400] "POST / HTTP/1.1" 200 639544 "https://arsn.media" "Mozilla/5.0 (X11; U; Linux x86_64; pl-PL; rv:2.0) Gecko/20110307 Firefox/4.0"
20.171.207.233 - - [26/Apr/2025:12:46:24 -0400] "GET /.tmb/termps.php HTTP/1.1" 404 18519 "-" "Mozilla/5.0 AppleWebKit/537.36 (KHTML, like Gecko; compatible; GPTBot/1.2; +https://openai.com/gptbot)"
20.171.207.233 - - [26/Apr/2025:12:46:27 -0400] "GET /.tmb/class_api.php HTTP/1.1" 404 18572 "-" "Mozilla/5.0 AppleWebKit/537.36 (KHTML, like Gecko; compatible; GPTBot/1.2; +https://openai.com/gptbot)"
185.220.100.240 - - [26/Apr/2025:12:46:29 -0400] "POST / HTTP/1.1" 200 639544 "https://arsn.media" "Mozilla/5.0 (X11; U; Linux x86_64; pl-PL; rv:2.0) Gecko/20110307 Firefox/4.0"
20.171.207.233 - - [26/Apr/2025:12:46:32 -0400] "GET /wp-includes/rest-api/classwithtostring.php HTTP/1.1" 404 21335 "-" "Mozilla/5.0 AppleWebKit/537.36 (KHTML, like Gecko; compatible; GPTBot/1.2; +https://openai.com/gptbot)"
20.171.207.233 - - [26/Apr/2025:12:46:34 -0400] "GET /wp-content/languages/themes/class.api.php HTTP/1.1" 404 18537 "-" "Mozilla/5.0 AppleWebKit/537.36 (KHTML, like Gecko; compatible; GPTBot/1.2; +https://openai.com/gptbot)"
185.220.100.240 - - [26/Apr/2025:12:46:34 -0400] "POST / HTTP/1.1" 200 639544 "https://arsn.media" "Mozilla/5.0 (X11; U; Linux x86_64; pl-PL; rv:2.0) Gecko/20110307 Firefox/4.0"
20.171.207.233 - - [26/Apr/2025:12:46:40 -0400] "GET /wp-admin/includes/class_api.php HTTP/1.1" 404 39168 "-" "Mozilla/5.0 AppleWebKit/537.36 (KHTML, like Gecko; compatible; GPTBot/1.2; +https://openai.com/gptbot)"
20.171.207.233 - - [26/Apr/2025:12:46:48 -0400] "GET /wp-content/tmpls.php HTTP/1.1" 404 18472 "-" "Mozilla/5.0 AppleWebKit/537.36 (KHTML, like Gecko; compatible; GPTBot/1.2; +https://openai.com/gptbot)"
178.20.55.182 - - [26/Apr/2025:12:46:48 -0400] "POST / HTTP/1.1" 200 639544 "https://arsn.media" "Mozilla/5.0 (X11; U; Linux x86_64; pl-PL; rv:2.0) Gecko/20110307 Firefox/4.0"
20.171.207.233 - - [26/Apr/2025:12:46:51 -0400] "GET /.well-known/acme-challenge/moon.php HTTP/1.1" 404 39407 "-" "Mozilla/5.0 AppleWebKit/537.36 (KHTML, like Gecko; compatible; GPTBot/1.2; +https://openai.com/gptbot)"
20.171.207.233 - - [26/Apr/2025:12:46:53 -0400] "GET /wp-admin/maint/class.api.php HTTP/1.1" 404 21456 "-" "Mozilla/5.0 AppleWebKit/537.36 (KHTML, like Gecko; compatible; GPTBot/1.2; +https://openai.com/gptbot)"
20.171.207.233 - - [26/Apr/2025:12:46:54 -0400] "GET /.well-known/pki-validation/termps.php HTTP/1.1" 404 1251 "-" "Mozilla/5.0 AppleWebKit/537.36 (KHTML, like Gecko; compatible; GPTBot/1.2; +https://openai.com/gptbot)"
178.20.55.182 - - [26/Apr/2025:12:46:55 -0400] "POST / HTTP/1.1" 200 639544 "https://arsn.media" "Mozilla/5.0 (X11; U; Linux x86_64; pl-PL; rv:2.0) Gecko/20110307 Firefox/4.0"
66.29.132.124 - - [26/Apr/2025:12:46:58 -0400] "POST /wp-cron.php?doing_wp_cron=1745686018.0486319065093994140625 HTTP/1.1" 200 0 "-" "WordPress/6.8; https://arsn.media"
20.171.207.233 - - [26/Apr/2025:12:46:57 -0400] "GET /.well-known/acme-challenge/mariju.php HTTP/1.1" 404 39303 "-" "Mozilla/5.0 AppleWebKit/537.36 (KHTML, like Gecko; compatible; GPTBot/1.2; +https://openai.com/gptbot)"
66.29.132.124 - - [26/Apr/2025:12:47:01 -0400] "POST /wp-admin/admin-ajax.php?action=async_litespeed&nonce=uVz6GDc0DTr2VUiEJgaAsXCo7JeXYXPo&litespeed_type=imgoptm HTTP/1.1" 200 0 "-" "WordPress/6.8; https://arsn.media"
20.171.207.233 - - [26/Apr/2025:12:46:59 -0400] "GET /wp-includes/random_compat/class_api.php HTTP/1.1" 404 18533 "-" "Mozilla/5.0 AppleWebKit/537.36 (KHTML, like Gecko; compatible; GPTBot/1.2; +https://openai.com/gptbot)"
45.84.107.74 - - [26/Apr/2025:12:46:59 -0400] "POST / HTTP/1.1" 200 639544 "https://arsn.media" "Mozilla/5.0 (X11; U; Linux x86_64; pl-PL; rv:2.0) Gecko/20110307 Firefox/4.0"
20.171.207.233 - - [26/Apr/2025:12:47:02 -0400] "GET /wp-admin/maint/moon.php HTTP/1.1" 404 28702 "-" "Mozilla/5.0 AppleWebKit/537.36 (KHTML, like Gecko; compatible; GPTBot/1.2; +https://openai.com/gptbot)"
20.171.207.233 - - [26/Apr/2025:12:47:05 -0400] "GET /.well-known/acme-challenge/file.php HTTP/1.1" 404 24780 "-" "Mozilla/5.0 AppleWebKit/537.36 (KHTML, like Gecko; compatible; GPTBot/1.2; +https://openai.com/gptbot)"
45.84.107.74 - - [26/Apr/2025:12:47:06 -0400] "POST / HTTP/1.1" 200 639544 "https://arsn.media" "Mozilla/5.0 (X11; U; Linux x86_64; pl-PL; rv:2.0) Gecko/20110307 Firefox/4.0"
20.171.207.233 - - [26/Apr/2025:12:47:09 -0400] "GET /wp-admin/images/moon.php HTTP/1.1" 404 24635 "-" "Mozilla/5.0 AppleWebKit/537.36 (KHTML, like Gecko; compatible; GPTBot/1.2; +https://openai.com/gptbot)"
192.42.116.212 - - [26/Apr/2025:12:47:13 -0400] "POST / HTTP/1.1" 200 639544 "https://arsn.media" "Mozilla/5.0 (X11; U; Linux x86_64; pl-PL; rv:2.0) Gecko/20110307 Firefox/4.0"
20.171.207.233 - - [26/Apr/2025:12:47:17 -0400] "GET /wp-content/languages/ HTTP/1.1" 404 18541 "-" "Mozilla/5.0 AppleWebKit/537.36 (KHTML, like Gecko; compatible; GPTBot/1.2; +https://openai.com/gptbot)"
20.171.207.233 - - [26/Apr/2025:12:47:19 -0400] "GET /wp-content/languages/themes/class_api.php HTTP/1.1" 404 22086 "-" "Mozilla/5.0 AppleWebKit/537.36 (KHTML, like Gecko; compatible; GPTBot/1.2; +https://openai.com/gptbot)"
20.171.207.233 - - [26/Apr/2025:12:47:28 -0400] "GET /wp-content/packed.php HTTP/1.1" 404 21361 "-" "Mozilla/5.0 AppleWebKit/537.36 (KHTML, like Gecko; compatible; GPTBot/1.2; +https://openai.com/gptbot)"
20.171.207.233 - - [26/Apr/2025:12:47:31 -0400] "GET /wp-content/json.php HTTP/1.1" 404 39365 "-" "Mozilla/5.0 AppleWebKit/537.36 (KHTML, like Gecko; compatible; GPTBot/1.2; +https://openai.com/gptbot)"
66.29.132.124 - - [26/Apr/2025:12:47:34 -0400] "POST /wp-cron.php?doing_wp_cron=1745686054.0413739681243896484375 HTTP/1.1" 200 0 "-" "WordPress/6.8; https://arsn.media"
20.171.207.233 - - [26/Apr/2025:12:47:34 -0400] "GET /wp-admin/includes/themes.php HTTP/1.1" 404 18549 "-" "Mozilla/5.0 AppleWebKit/537.36 (KHTML, like Gecko; compatible; GPTBot/1.2; +https://openai.com/gptbot)"
192.42.116.208 - - [26/Apr/2025:12:47:31 -0400] "POST / HTTP/1.1" 200 639544 "https://arsn.media" "Mozilla/5.0 (X11; U; Linux x86_64; pl-PL; rv:2.0) Gecko/20110307 Firefox/4.0"
66.29.132.124 - - [26/Apr/2025:12:47:37 -0400] "POST /wp-admin/admin-ajax.php?action=async_litespeed&nonce=516pQmGaggTynzQX4ZwKaFpz33wbZOyC&litespeed_type=imgoptm HTTP/1.1" 200 0 "-" "WordPress/6.8; https://arsn.media"
20.171.207.233 - - [26/Apr/2025:12:47:37 -0400] "GET /common/img/class_api.php HTTP/1.1" 404 18511 "-" "Mozilla/5.0 AppleWebKit/537.36 (KHTML, like Gecko; compatible; GPTBot/1.2; +https://openai.com/gptbot)"
20.171.207.233 - - [26/Apr/2025:12:47:40 -0400] "GET /wp-includes/js/crop/cropper.php HTTP/1.1" 404 39165 "-" "Mozilla/5.0 AppleWebKit/537.36 (KHTML, like Gecko; compatible; GPTBot/1.2; +https://openai.com/gptbot)"
20.171.207.233 - - [26/Apr/2025:12:47:43 -0400] "GET /wp-admin/images/class.api.php HTTP/1.1" 404 18572 "-" "Mozilla/5.0 AppleWebKit/537.36 (KHTML, like Gecko; compatible; GPTBot/1.2; +https://openai.com/gptbot)"
45.84.107.74 - - [26/Apr/2025:12:47:44 -0400] "POST / HTTP/1.1" 200 639544 "https://arsn.media" "Mozilla/5.0 (X11; U; Linux x86_64; pl-PL; rv:2.0) Gecko/20110307 Firefox/4.0"
20.171.207.233 - - [26/Apr/2025:12:47:47 -0400] "GET /wp-admin/maint/atomlib.php HTTP/1.1" 404 28735 "-" "Mozilla/5.0 AppleWebKit/537.36 (KHTML, like Gecko; compatible; GPTBot/1.2; +https://openai.com/gptbot)"
66.29.132.124 - - [26/Apr/2025:12:47:51 -0400] "POST /wp-cron.php?doing_wp_cron=1745686070.8351581096649169921875 HTTP/1.1" 200 0 "-" "WordPress/6.8; https://arsn.media"
20.171.207.233 - - [26/Apr/2025:12:47:49 -0400] "GET /wp-admin/maint/termps.php HTTP/1.1" 404 39149 "-" "Mozilla/5.0 AppleWebKit/537.36 (KHTML, like Gecko; compatible; GPTBot/1.2; +https://openai.com/gptbot)"
185.220.100.247 - - [26/Apr/2025:12:47:51 -0400] "POST / HTTP/1.1" 200 639544 "https://arsn.media" "Mozilla/5.0 (X11; U; Linux x86_64; pl-PL; rv:2.0) Gecko/20110307 Firefox/4.0"
20.171.207.233 - - [26/Apr/2025:12:47:58 -0400] "GET /wp-includes/block-supports/themes.php HTTP/1.1" 404 24644 "-" "Mozilla/5.0 AppleWebKit/537.36 (KHTML, like Gecko; compatible; GPTBot/1.2; +https://openai.com/gptbot)"
20.171.207.233 - - [26/Apr/2025:12:48:03 -0400] "GET /wp-content/themes/onum/js/design-test.js HTTP/1.1" 404 39233 "-" "Mozilla/5.0 AppleWebKit/537.36 (KHTML, like Gecko; compatible; GPTBot/1.2; +https://openai.com/gptbot)"
20.171.207.233 - - [26/Apr/2025:12:48:04 -0400] "GET /contacts/%09%092024-06-19+05:48%09Ready+contact+form+successfully+found%09http:/arsn.media%09%09%09%09%09 HTTP/1.1" 404 18579 "-" "Mozilla/5.0 AppleWebKit/537.36 (KHTML, like Gecko; compatible; GPTBot/1.2; +https://openai.com/gptbot)"
185.220.101.31 - - [26/Apr/2025:12:48:03 -0400] "POST / HTTP/1.1" 200 639544 "https://arsn.media" "Mozilla/5.0 (X11; U; Linux x86_64; pl-PL; rv:2.0) Gecko/20110307 Firefox/4.0"
20.171.207.233 - - [26/Apr/2025:12:48:12 -0400] "GET /wp-admin/js/widgets/moon.php HTTP/1.1" 404 18554 "-" "Mozilla/5.0 AppleWebKit/537.36 (KHTML, like Gecko; compatible; GPTBot/1.2; +https://openai.com/gptbot)"
195.47.238.86 - - [26/Apr/2025:12:48:11 -0400] "POST / HTTP/1.1" 200 639544 "https://arsn.media" "Mozilla/5.0 (X11; U; Linux x86_64; pl-PL; rv:2.0) Gecko/20110307 Firefox/4.0"
20.171.207.233 - - [26/Apr/2025:12:48:17 -0400] "GET /wp-admin/js/widgets/file.php HTTP/1.1" 404 21454 "-" "Mozilla/5.0 AppleWebKit/537.36 (KHTML, like Gecko; compatible; GPTBot/1.2; +https://openai.com/gptbot)"
20.171.207.233 - - [26/Apr/2025:12:48:20 -0400] "GET /wp-admin/includes/moon.php HTTP/1.1" 404 31676 "-" "Mozilla/5.0 AppleWebKit/537.36 (KHTML, like Gecko; compatible; GPTBot/1.2; +https://openai.com/gptbot)"
20.171.207.233 - - [26/Apr/2025:12:48:23 -0400] "GET /wp-admin/includes/atomlib.php HTTP/1.1" 404 28738 "-" "Mozilla/5.0 AppleWebKit/537.36 (KHTML, like Gecko; compatible; GPTBot/1.2; +https://openai.com/gptbot)"
192.42.116.216 - - [26/Apr/2025:12:48:23 -0400] "POST / HTTP/1.1" 200 639544 "https://arsn.media" "Mozilla/5.0 (X11; U; Linux x86_64; pl-PL; rv:2.0) Gecko/20110307 Firefox/4.0"
20.171.207.233 - - [26/Apr/2025:12:48:27 -0400] "GET /wp-includes/js/jcrop/about.php HTTP/1.1" 404 18550 "-" "Mozilla/5.0 AppleWebKit/537.36 (KHTML, like Gecko; compatible; GPTBot/1.2; +https://openai.com/gptbot)"
20.171.207.233 - - [26/Apr/2025:12:48:32 -0400] "GET /wp-content/languages/themes/atomlib.php HTTP/1.1" 404 22040 "-" "Mozilla/5.0 AppleWebKit/537.36 (KHTML, like Gecko; compatible; GPTBot/1.2; +https://openai.com/gptbot)"
66.29.132.124 - - [26/Apr/2025:12:48:36 -0400] "POST /wp-cron.php?doing_wp_cron=1745686115.6264870166778564453125 HTTP/1.1" 200 0 "-" "WordPress/6.8; https://arsn.media"
20.171.207.233 - - [26/Apr/2025:12:48:34 -0400] "GET /wp-includes/theme-compat/network.php HTTP/1.1" 404 21357 "-" "Mozilla/5.0 AppleWebKit/537.36 (KHTML, like Gecko; compatible; GPTBot/1.2; +https://openai.com/gptbot)"
66.29.132.124 - - [26/Apr/2025:12:48:37 -0400] "POST /wp-admin/admin-ajax.php?action=async_litespeed&nonce=cox89Hh2VBp6JTKLekL75NSkViKDAvA9&litespeed_type=imgoptm HTTP/1.1" 200 0 "-" "WordPress/6.8; https://arsn.media"
66.29.132.124 - - [26/Apr/2025:12:48:38 -0400] "POST /wp-admin/admin-ajax.php?action=as_async_request_queue_runner&nonce=6887159dad HTTP/1.1" 200 0 "-" "WordPress/6.8; https://arsn.media"
20.171.207.233 - - [26/Apr/2025:12:48:38 -0400] "GET /wp-content/themes/wp-pridmag/up.php HTTP/1.1" 404 39404 "-" "Mozilla/5.0 AppleWebKit/537.36 (KHTML, like Gecko; compatible; GPTBot/1.2; +https://openai.com/gptbot)"
45.141.215.28 - - [26/Apr/2025:12:48:42 -0400] "POST / HTTP/1.1" 200 639544 "https://arsn.media" "Mozilla/5.0 (X11; U; Linux x86_64; pl-PL; rv:2.0) Gecko/20110307 Firefox/4.0"
20.171.207.233 - - [26/Apr/2025:12:48:44 -0400] "GET /wp-content/plugins/learnpress/readme.txt HTTP/1.1" 404 24640 "-" "Mozilla/5.0 AppleWebKit/537.36 (KHTML, like Gecko; compatible; GPTBot/1.2; +https://openai.com/gptbot)"
20.171.207.233 - - [26/Apr/2025:12:48:45 -0400] "GET /wp-content/themes/tflow/up.php HTTP/1.1" 404 21409 "-" "Mozilla/5.0 AppleWebKit/537.36 (KHTML, like Gecko; compatible; GPTBot/1.2; +https://openai.com/gptbot)"
72.18.215.82 - - [26/Apr/2025:12:48:47 -0400] "GET /ecommerce-search-engine-optimization-services HTTP/1.1" 301 0 "https://arsn.media/ecommerce-search-engine-optimization-services" "Mozilla/5.0 (X11; U; Linux x86_64; pl-PL; rv:2.0) Gecko/20110307 Firefox/4.0"
20.171.207.233 - - [26/Apr/2025:12:48:47 -0400] "GET /wp-content/themes/hideo/network.php HTTP/1.1" 404 39351 "-" "Mozilla/5.0 AppleWebKit/537.36 (KHTML, like Gecko; compatible; GPTBot/1.2; +https://openai.com/gptbot)"
72.18.215.82 - - [26/Apr/2025:12:48:48 -0400] "GET /ecommerce-search-engine-optimization-services/ HTTP/1.1" 200 720657 "https://arsn.media/ecommerce-search-engine-optimization-services" "Mozilla/5.0 (X11; U; Linux x86_64; pl-PL; rv:2.0) Gecko/20110307 Firefox/4.0"
66.29.132.124 - - [26/Apr/2025:12:48:52 -0400] "POST /wp-cron.php?doing_wp_cron=1745686132.2983920574188232421875 HTTP/1.1" 200 0 "-" "WordPress/6.8; https://arsn.media"
