66.29.132.124 - - [26/Apr/2025:22:06:29 -0400] "POST /wp-admin/admin-ajax.php?action=as_async_request_queue_runner&nonce=5a6adbe56e HTTP/1.1" 200 0 "-" "WordPress/6.8; https://arsn.media"
66.29.132.124 - - [26/Apr/2025:22:06:51 -0400] "POST /wp-cron.php?doing_wp_cron=1745719611.6382400989532470703125 HTTP/1.1" 200 0 "-" "WordPress/6.8; https://arsn.media"
40.77.167.9 - - [26/Apr/2025:22:06:51 -0400] "GET /2024/09/30/franchising-vs-independent-pest-control-business-which-is-right-for-you/feed/ HTTP/1.1" 200 458 "-" "Mozilla/5.0 AppleWebKit/537.36 (KHTML, like Gecko; compatible; bingbot/2.0; +http://www.bing.com/bingbot.htm) Chrome/116.0.1938.76 Safari/537.36"
66.29.132.124 - - [26/Apr/2025:22:06:52 -0400] "POST /wp-admin/admin-ajax.php?action=async_litespeed&nonce=yGgt1ZAgh4UxKpOdvTOzbtiLZVFjdOXS&litespeed_type=imgoptm HTTP/1.1" 200 21 "-" "WordPress/6.8; https://arsn.media"
161.35.194.185 - - [26/Apr/2025:22:11:49 -0400] "GET / HTTP/1.1" 200 72544 "-" "Mozilla/5.0 (compatible)"
161.35.194.185 - - [26/Apr/2025:22:11:56 -0400] "GET /wp-content/uploads/2020/09/cropped-ARSN-PNG-32x32.png HTTP/1.1" 200 2003 "https://arsn.media/" "Mozilla/5.0 (compatible)"
43.135.186.135 - - [26/Apr/2025:22:13:45 -0400] "GET /affordable-digital-marketing-services/ HTTP/1.1" 200 77374 "-" "Mozilla/5.0 (iPhone; CPU iPhone OS 13_2_3 like Mac OS X) AppleWebKit/605.1.15 (KHTML, like Gecko) Version/13.0.3 Mobile/15E148 Safari/604.1"
66.29.132.124 - - [26/Apr/2025:22:15:55 -0400] "POST /wp-cron.php?doing_wp_cron=1745720155.9611880779266357421875 HTTP/1.1" 200 0 "-" "WordPress/6.8; https://arsn.media"
66.29.132.124 - - [26/Apr/2025:22:15:56 -0400] "POST /wp-admin/admin-ajax.php?action=async_litespeed&nonce=hdmpPLCIuZnJM4eV6GjiwFNmk5GLodRq&litespeed_type=imgoptm HTTP/1.1" 200 0 "-" "WordPress/6.8; https://arsn.media"
66.249.74.3 - - [26/Apr/2025:22:15:49 -0400] "GET /808/fluval-hang-on-back-filter.html HTTP/1.1" 404 39363 "-" "Mozilla/5.0 (Linux; Android 6.0.1; Nexus 5X Build/MMB29P) AppleWebKit/537.36 (KHTML, like Gecko) Chrome/135.0.7049.95 Mobile Safari/537.36 (compatible; Googlebot/2.1; +http://www.google.com/bot.html)"
66.29.132.124 - - [26/Apr/2025:22:15:57 -0400] "POST /wp-admin/admin-ajax.php?action=as_async_request_queue_runner&nonce=5a6adbe56e HTTP/1.1" 200 0 "-" "WordPress/6.8; https://arsn.media"
66.249.74.5 - - [26/Apr/2025:22:16:16 -0400] "GET /808/raw-specimen-ebay.html HTTP/1.1" 404 39362 "-" "Mozilla/5.0 (Linux; Android 6.0.1; Nexus 5X Build/MMB29P) AppleWebKit/537.36 (KHTML, like Gecko) Chrome/135.0.7049.95 Mobile Safari/537.36 (compatible; Googlebot/2.1; +http://www.google.com/bot.html)"
66.29.132.124 - - [26/Apr/2025:22:17:04 -0400] "POST /wp-cron.php?doing_wp_cron=1745720224.0785949230194091796875 HTTP/1.1" 200 0 "-" "WordPress/6.8; https://arsn.media"
66.249.74.4 - - [26/Apr/2025:22:17:03 -0400] "GET /808/how-to-heal-from-a-cheating-narcissist.html HTTP/1.1" 404 39356 "-" "Mozilla/5.0 (Linux; Android 6.0.1; Nexus 5X Build/MMB29P) AppleWebKit/537.36 (KHTML, like Gecko) Chrome/135.0.7049.95 Mobile Safari/537.36 (compatible; Googlebot/2.1; +http://www.google.com/bot.html)"
66.29.132.124 - - [26/Apr/2025:22:17:04 -0400] "POST /wp-admin/admin-ajax.php?action=async_litespeed&nonce=htclf8modZk6TXBeCqU1obaricXelZDk&litespeed_type=imgoptm HTTP/1.1" 200 0 "-" "WordPress/6.8; https://arsn.media"
66.29.132.124 - - [26/Apr/2025:22:17:05 -0400] "POST /wp-admin/admin-ajax.php?action=as_async_request_queue_runner&nonce=5a6adbe56e HTTP/1.1" 200 0 "-" "WordPress/6.8; https://arsn.media"
66.249.74.3 - - [26/Apr/2025:22:17:20 -0400] "GET /808/wbko-news-erica-burden.html HTTP/1.1" 404 39138 "-" "Mozilla/5.0 (Linux; Android 6.0.1; Nexus 5X Build/MMB29P) AppleWebKit/537.36 (KHTML, like Gecko) Chrome/135.0.7049.95 Mobile Safari/537.36 (compatible; Googlebot/2.1; +http://www.google.com/bot.html)"
66.249.74.3 - - [26/Apr/2025:22:17:27 -0400] "GET /808/v-w-camper-van-for-sale-ebay.html HTTP/1.1" 404 39297 "-" "Mozilla/5.0 (Linux; Android 6.0.1; Nexus 5X Build/MMB29P) AppleWebKit/537.36 (KHTML, like Gecko) Chrome/135.0.7049.95 Mobile Safari/537.36 (compatible; Googlebot/2.1; +http://www.google.com/bot.html)"
66.29.132.124 - - [26/Apr/2025:22:18:00 -0400] "POST /wp-cron.php?doing_wp_cron=1745720280.2074389457702636718750 HTTP/1.1" 200 0 "-" "WordPress/6.8; https://arsn.media"
66.249.74.3 - - [26/Apr/2025:22:17:59 -0400] "GET /808/kim-vegas-casino-no-deposit-bonus-codes-2021.html HTTP/1.1" 404 39234 "-" "Mozilla/5.0 (Linux; Android 6.0.1; Nexus 5X Build/MMB29P) AppleWebKit/537.36 (KHTML, like Gecko) Chrome/135.0.7049.95 Mobile Safari/537.36 (compatible; Googlebot/2.1; +http://www.google.com/bot.html)"
66.29.132.124 - - [26/Apr/2025:22:18:00 -0400] "POST /wp-admin/admin-ajax.php?action=async_litespeed&nonce=F0eOYf05EsZM2wvfXXb1KFhaH3LGqRNN&litespeed_type=imgoptm HTTP/1.1" 200 21 "-" "WordPress/6.8; https://arsn.media"
66.29.132.124 - - [26/Apr/2025:22:20:40 -0400] "POST /wp-cron.php?doing_wp_cron=1745720440.7568860054016113281250 HTTP/1.1" 200 0 "-" "WordPress/6.8; https://arsn.media"
66.249.74.3 - - [26/Apr/2025:22:20:37 -0400] "GET /808/how-to-adjust-cummins-valves.html HTTP/1.1" 404 39246 "-" "Mozilla/5.0 (Linux; Android 6.0.1; Nexus 5X Build/MMB29P) AppleWebKit/537.36 (KHTML, like Gecko) Chrome/135.0.7049.95 Mobile Safari/537.36 (compatible; GoogleOther)"
66.29.132.124 - - [26/Apr/2025:22:20:41 -0400] "POST /wp-admin/admin-ajax.php?action=async_litespeed&nonce=f4nInVq3cL5L179teZmJHysee5O1LCAO&litespeed_type=imgoptm HTTP/1.1" 200 0 "-" "WordPress/6.8; https://arsn.media"
66.29.132.124 - - [26/Apr/2025:22:20:42 -0400] "POST /wp-admin/admin-ajax.php?action=as_async_request_queue_runner&nonce=5a6adbe56e HTTP/1.1" 200 0 "-" "WordPress/6.8; https://arsn.media"
66.249.74.4 - - [26/Apr/2025:22:20:46 -0400] "GET /mlp/fuel-tank-definition.html HTTP/1.1" 404 39322 "-" "Mozilla/5.0 (Linux; Android 6.0.1; Nexus 5X Build/MMB29P) AppleWebKit/537.36 (KHTML, like Gecko) Chrome/135.0.7049.95 Mobile Safari/537.36 (compatible; Googlebot/2.1; +http://www.google.com/bot.html)"
66.29.132.124 - - [26/Apr/2025:22:21:27 -0400] "POST /wp-cron.php?doing_wp_cron=1745720487.3137819766998291015625 HTTP/1.1" 200 0 "-" "WordPress/6.8; https://arsn.media"
66.249.74.5 - - [26/Apr/2025:22:21:26 -0400] "GET /808/sc300-transmission-swap.html HTTP/1.1" 404 39235 "-" "Mozilla/5.0 (Linux; Android 6.0.1; Nexus 5X Build/MMB29P) AppleWebKit/537.36 (KHTML, like Gecko) Chrome/135.0.7049.95 Mobile Safari/537.36 (compatible; Googlebot/2.1; +http://www.google.com/bot.html)"
66.29.132.124 - - [26/Apr/2025:22:22:14 -0400] "POST /wp-cron.php?doing_wp_cron=1745720534.6682789325714111328125 HTTP/1.1" 200 0 "-" "WordPress/6.8; https://arsn.media"
66.249.74.5 - - [26/Apr/2025:22:22:14 -0400] "GET /808/pegasus-frontend-metadata-generator.html HTTP/1.1" 404 39345 "-" "Mozilla/5.0 (Linux; Android 6.0.1; Nexus 5X Build/MMB29P) AppleWebKit/537.36 (KHTML, like Gecko) Chrome/135.0.7049.95 Mobile Safari/537.36 (compatible; Googlebot/2.1; +http://www.google.com/bot.html)"
66.29.132.124 - - [26/Apr/2025:22:22:14 -0400] "POST /wp-admin/admin-ajax.php?action=async_litespeed&nonce=IY7ik5JHORr0wCoXYgG1JEedM0igAanI&litespeed_type=imgoptm HTTP/1.1" 200 0 "-" "WordPress/6.8; https://arsn.media"
66.29.132.124 - - [26/Apr/2025:22:22:15 -0400] "POST /wp-admin/admin-ajax.php?action=as_async_request_queue_runner&nonce=5a6adbe56e HTTP/1.1" 200 0 "-" "WordPress/6.8; https://arsn.media"
66.29.132.124 - - [26/Apr/2025:22:24:27 -0400] "POST /wp-cron.php?doing_wp_cron=1745720667.0128099918365478515625 HTTP/1.1" 200 0 "-" "WordPress/6.8; https://arsn.media"
66.29.132.124 - - [26/Apr/2025:22:24:27 -0400] "POST /wp-admin/admin-ajax.php?action=as_async_request_queue_runner&nonce=5a6adbe56e HTTP/1.1" 200 0 "-" "WordPress/6.8; https://arsn.media"
40.77.167.126 - - [26/Apr/2025:22:24:22 -0400] "GET /wp-admin/admin-ajax.php?action=process_simple_like&post_id=12818&nonce=5b71fed02a&is_comment=0&disabled=true HTTP/1.1" 200 17 "-" "Mozilla/5.0 AppleWebKit/537.36 (KHTML, like Gecko; compatible; bingbot/2.0; +http://www.bing.com/bingbot.htm) Chrome/116.0.1938.76 Safari/537.36"
66.29.132.124 - - [26/Apr/2025:22:24:28 -0400] "POST /wp-admin/admin-ajax.php?action=async_litespeed&nonce=odspPUhZotgj5gcsWVLmuy9aHXFmrSJH&litespeed_type=imgoptm HTTP/1.1" 200 21 "-" "WordPress/6.8; https://arsn.media"
66.29.132.124 - - [26/Apr/2025:22:26:06 -0400] "POST /wp-cron.php?doing_wp_cron=1745720766.1401889324188232421875 HTTP/1.1" 200 0 "-" "WordPress/6.8; https://arsn.media"
66.29.132.124 - - [26/Apr/2025:22:26:06 -0400] "POST /wp-admin/admin-ajax.php?action=async_litespeed&nonce=67eJMunuZgEJtzUDXki4LM8rjUPXnze5&litespeed_type=imgoptm HTTP/1.1" 200 0 "-" "WordPress/6.8; https://arsn.media"
43.153.113.127 - - [26/Apr/2025:22:26:00 -0400] "GET /2025/01/08/how-to-optimize-your-pest-control-website-for-local-seo/ HTTP/1.1" 200 70020 "-" "Mozilla/5.0 (iPhone; CPU iPhone OS 13_2_3 like Mac OS X) AppleWebKit/605.1.15 (KHTML, like Gecko) Version/13.0.3 Mobile/15E148 Safari/604.1"
66.29.132.124 - - [26/Apr/2025:22:27:24 -0400] "POST /wp-cron.php?doing_wp_cron=1745720844.0523331165313720703125 HTTP/1.1" 200 0 "-" "WordPress/6.8; https://arsn.media"
66.249.74.4 - - [26/Apr/2025:22:27:23 -0400] "GET /808/wordexcerpt-twitter.html HTTP/1.1" 404 39332 "-" "Mozilla/5.0 (Linux; Android 6.0.1; Nexus 5X Build/MMB29P) AppleWebKit/537.36 (KHTML, like Gecko) Chrome/135.0.7049.95 Mobile Safari/537.36 (compatible; Googlebot/2.1; +http://www.google.com/bot.html)"
66.29.132.124 - - [26/Apr/2025:22:27:25 -0400] "POST /wp-admin/admin-ajax.php?action=async_litespeed&nonce=5T50sQaJpChAP96Kr0nXGPHpqlNcpRW3&litespeed_type=imgoptm HTTP/1.1" 200 0 "-" "WordPress/6.8; https://arsn.media"
66.29.132.124 - - [26/Apr/2025:22:27:25 -0400] "POST /wp-admin/admin-ajax.php?action=as_async_request_queue_runner&nonce=5a6adbe56e HTTP/1.1" 200 0 "-" "WordPress/6.8; https://arsn.media"
116.204.64.4 - - [26/Apr/2025:22:28:18 -0400] "GET /?utm_medium=referral&utm_source=themanifest.com HTTP/1.1" 200 48662 "https://arsn.media/?utm_medium=referral&utm_source=themanifest.com" "Mozilla/5.0 (Macintosh; Intel Mac OS X 10_15_7) AppleWebKit/537.36 (KHTML, like Gecko) Chrome/131.0.0.0 Safari/537.36"
43.153.74.75 - - [26/Apr/2025:22:36:23 -0400] "GET /2025/01/08/how-to-optimize-your-pest-control-website-for-local-seo/ HTTP/1.1" 200 70020 "-" "Mozilla/5.0 (iPhone; CPU iPhone OS 13_2_3 like Mac OS X) AppleWebKit/605.1.15 (KHTML, like Gecko) Version/13.0.3 Mobile/15E148 Safari/604.1"
47.128.21.94 - - [26/Apr/2025:22:45:59 -0400] "GET /wp-content/uploads/2024/04/sec-badge1.png HTTP/1.1" 206 500 "https://bresdel.com/" "Mozilla/5.0 (compatible; Bytespider; spider-feedback@bytedance.com) AppleWebKit/537.36 (KHTML, like Gecko) Chrome/70.0.0.0 Safari/537.36"
66.29.132.124 - - [26/Apr/2025:22:48:29 -0400] "POST /wp-cron.php?doing_wp_cron=1745722109.4970068931579589843750 HTTP/1.1" 200 0 "-" "WordPress/6.8; https://arsn.media"
66.29.132.124 - - [26/Apr/2025:22:48:30 -0400] "POST /wp-admin/admin-ajax.php?action=async_litespeed&nonce=EnyFp2nLJHqOKKO4tVccYFb3GcpHdHWg&litespeed_type=imgoptm HTTP/1.1" 200 0 "-" "WordPress/6.8; https://arsn.media"
43.153.48.240 - - [26/Apr/2025:22:48:19 -0400] "GET /2025/01/03/a-complete-guide-to-seo-for-pest-control-companies/ HTTP/1.1" 200 70310 "-" "Mozilla/5.0 (iPhone; CPU iPhone OS 13_2_3 like Mac OS X) AppleWebKit/605.1.15 (KHTML, like Gecko) Version/13.0.3 Mobile/15E148 Safari/604.1"
66.29.132.124 - - [26/Apr/2025:22:57:25 -0400] "POST /wp-cron.php?doing_wp_cron=1745722645.7067949771881103515625 HTTP/1.1" 200 0 "-" "WordPress/6.8; https://arsn.media"
170.106.165.186 - - [26/Apr/2025:22:57:14 -0400] "GET /?p=10048 HTTP/1.1" 301 0 "-" "Mozilla/5.0 (iPhone; CPU iPhone OS 13_2_3 like Mac OS X) AppleWebKit/605.1.15 (KHTML, like Gecko) Version/13.0.3 Mobile/15E148 Safari/604.1"
66.29.132.124 - - [26/Apr/2025:22:57:26 -0400] "POST /wp-admin/admin-ajax.php?action=async_litespeed&nonce=7CE7PazxTUtGTJ8reDTyacbxyisnNHjC&litespeed_type=imgoptm HTTP/1.1" 200 0 "-" "WordPress/6.8; https://arsn.media"
66.29.132.124 - - [26/Apr/2025:22:57:27 -0400] "POST /wp-admin/admin-ajax.php?action=as_async_request_queue_runner&nonce=5a6adbe56e HTTP/1.1" 200 0 "-" "WordPress/6.8; https://arsn.media"
170.106.165.186 - - [26/Apr/2025:22:57:28 -0400] "GET /shopify-seo-services/ HTTP/1.1" 200 83779 "https://arsn.media/?p=10048" "Mozilla/5.0 (iPhone; CPU iPhone OS 13_2_3 like Mac OS X) AppleWebKit/605.1.15 (KHTML, like Gecko) Version/13.0.3 Mobile/15E148 Safari/604.1"