47.128.18.82 - - [26/Apr/2025:11:06:35 -0400] "GET /wp-content/plugins/primary-addon-for-elementor/assets/css/owl.carousel.min.css?ver=2.3.4 HTTP/1.1" 200 915 "https://arsn.media/2024/10/21/how-to-create-effective-pest-control-ads-that-convert/" "Mozilla/5.0 (compatible; Bytespider; spider-feedback@bytedance.com) AppleWebKit/537.36 (KHTML, like Gecko) Chrome/70.0.0.0 Safari/537.36"
47.128.18.82 - - [26/Apr/2025:11:06:35 -0400] "GET /wp-content/plugins/primary-addon-for-elementor/assets/css/magnific-popup.min.css?ver=1.0 HTTP/1.1" 200 1432 "https://arsn.media/2024/10/21/how-to-create-effective-pest-control-ads-that-convert/" "Mozilla/5.0 (compatible; Bytespider; spider-feedback@bytedance.com) AppleWebKit/537.36 (KHTML, like Gecko) Chrome/70.0.0.0 Safari/537.36"
47.128.18.82 - - [26/Apr/2025:11:06:35 -0400] "GET /wp-content/plugins/primary-addon-for-elementor/assets/css/flickity.min.css?ver=2.2.1 HTTP/1.1" 200 553 "https://arsn.media/2024/10/21/how-to-create-effective-pest-control-ads-that-convert/" "Mozilla/5.0 (compatible; Bytespider; spider-feedback@bytedance.com) AppleWebKit/537.36 (KHTML, like Gecko) Chrome/70.0.0.0 Safari/537.36"
47.128.18.82 - - [26/Apr/2025:11:06:35 -0400] "GET /wp-content/plugins/primary-addon-for-elementor/assets/css/juxtapose.css?ver=1.2.1 HTTP/1.1" 200 1256 "https://arsn.media/2024/10/21/how-to-create-effective-pest-control-ads-that-convert/" "Mozilla/5.0 (compatible; Bytespider; spider-feedback@bytedance.com) AppleWebKit/537.36 (KHTML, like Gecko) Chrome/70.0.0.0 Safari/537.36"
47.128.18.82 - - [26/Apr/2025:11:06:35 -0400] "GET /wp-content/plugins/slider-video/Style/Rich-Web-Video-Slider-Widget.css?ver=6.8 HTTP/1.1" 200 417 "https://arsn.media/2024/10/21/how-to-create-effective-pest-control-ads-that-convert/" "Mozilla/5.0 (compatible; Bytespider; spider-feedback@bytedance.com) AppleWebKit/537.36 (KHTML, like Gecko) Chrome/70.0.0.0 Safari/537.36"
47.128.18.82 - - [26/Apr/2025:11:06:35 -0400] "GET /wp-content/plugins/primary-addon-for-elementor/assets/css/responsive.css?ver=1.2 HTTP/1.1" 200 1433 "https://arsn.media/2024/10/21/how-to-create-effective-pest-control-ads-that-convert/" "Mozilla/5.0 (compatible; Bytespider; spider-feedback@bytedance.com) AppleWebKit/537.36 (KHTML, like Gecko) Chrome/70.0.0.0 Safari/537.36"
47.128.18.82 - - [26/Apr/2025:11:06:35 -0400] "GET /wp-content/plugins/widget-google-reviews/assets/css/public-main.css?ver=5.7.1 HTTP/1.1" 200 3520 "https://arsn.media/2024/10/21/how-to-create-effective-pest-control-ads-that-convert/" "Mozilla/5.0 (compatible; Bytespider; spider-feedback@bytedance.com) AppleWebKit/537.36 (KHTML, like Gecko) Chrome/70.0.0.0 Safari/537.36"
47.128.18.82 - - [26/Apr/2025:11:06:35 -0400] "GET /wp-content/plugins/slider-video/Style/richwebicons.css?ver=6.8 HTTP/1.1" 200 6462 "https://arsn.media/2024/10/21/how-to-create-effective-pest-control-ads-that-convert/" "Mozilla/5.0 (compatible; Bytespider; spider-feedback@bytedance.com) AppleWebKit/537.36 (KHTML, like Gecko) Chrome/70.0.0.0 Safari/537.36"
47.128.18.82 - - [26/Apr/2025:11:06:35 -0400] "GET /wp-content/themes/onum/css/flaticon.css?ver=6.8 HTTP/1.1" 200 1042 "https://arsn.media/2024/10/21/how-to-create-effective-pest-control-ads-that-convert/" "Mozilla/5.0 (compatible; Bytespider; spider-feedback@bytedance.com) AppleWebKit/537.36 (KHTML, like Gecko) Chrome/70.0.0.0 Safari/537.36"
47.128.18.82 - - [26/Apr/2025:11:06:35 -0400] "GET /wp-content/themes/onum/css/bootstrap.css?ver=3.3.7 HTTP/1.1" 200 2342 "https://arsn.media/2024/10/21/how-to-create-effective-pest-control-ads-that-convert/" "Mozilla/5.0 (compatible; Bytespider; spider-feedback@bytedance.com) AppleWebKit/537.36 (KHTML, like Gecko) Chrome/70.0.0.0 Safari/537.36"
47.128.18.82 - - [26/Apr/2025:11:06:35 -0400] "GET /wp-content/themes/onum/css/slick-theme.css?ver=6.8 HTTP/1.1" 200 592 "https://arsn.media/2024/10/21/how-to-create-effective-pest-control-ads-that-convert/" "Mozilla/5.0 (compatible; Bytespider; spider-feedback@bytedance.com) AppleWebKit/537.36 (KHTML, like Gecko) Chrome/70.0.0.0 Safari/537.36"
47.128.18.82 - - [26/Apr/2025:11:06:35 -0400] "GET /wp-content/themes/onum/css/slick.css?ver=6.8 HTTP/1.1" 200 487 "https://arsn.media/2024/10/21/how-to-create-effective-pest-control-ads-that-convert/" "Mozilla/5.0 (compatible; Bytespider; spider-feedback@bytedance.com) AppleWebKit/537.36 (KHTML, like Gecko) Chrome/70.0.0.0 Safari/537.36"
47.128.18.82 - - [26/Apr/2025:11:06:35 -0400] "GET /wp-content/plugins/primary-addon-for-elementor/assets/css/styles.css?ver=1.2 HTTP/1.1" 200 13347 "https://arsn.media/2024/10/21/how-to-create-effective-pest-control-ads-that-convert/" "Mozilla/5.0 (compatible; Bytespider; spider-feedback@bytedance.com) AppleWebKit/537.36 (KHTML, like Gecko) Chrome/70.0.0.0 Safari/537.36"
47.128.18.82 - - [26/Apr/2025:11:06:35 -0400] "GET /wp-content/themes/onum/css/font-awesome.css?ver=6.8 HTTP/1.1" 200 12196 "https://arsn.media/2024/10/21/how-to-create-effective-pest-control-ads-that-convert/" "Mozilla/5.0 (compatible; Bytespider; spider-feedback@bytedance.com) AppleWebKit/537.36 (KHTML, like Gecko) Chrome/70.0.0.0 Safari/537.36"
47.128.18.82 - - [26/Apr/2025:11:06:36 -0400] "GET /wp-content/themes/onum/inc/backend/css/simple-likes-public.css?ver=6.8 HTTP/1.1" 200 653 "https://arsn.media/2024/10/21/how-to-create-effective-pest-control-ads-that-convert/" "Mozilla/5.0 (compatible; Bytespider; spider-feedback@bytedance.com) AppleWebKit/537.36 (KHTML, like Gecko) Chrome/70.0.0.0 Safari/537.36"
47.128.18.82 - - [26/Apr/2025:11:06:36 -0400] "GET /wp-content/plugins/elementor/assets/lib/eicons/css/elementor-icons.min.css?ver=5.36.0 HTTP/1.1" 200 3845 "https://arsn.media/2024/10/21/how-to-create-effective-pest-control-ads-that-convert/" "Mozilla/5.0 (compatible; Bytespider; spider-feedback@bytedance.com) AppleWebKit/537.36 (KHTML, like Gecko) Chrome/70.0.0.0 Safari/537.36"
47.128.18.82 - - [26/Apr/2025:11:06:36 -0400] "GET /wp-content/plugins/elementor/assets/css/widget-text-editor.min.css?ver=3.28.4 HTTP/1.1" 200 208 "https://arsn.media/2024/10/21/how-to-create-effective-pest-control-ads-that-convert/" "Mozilla/5.0 (compatible; Bytespider; spider-feedback@bytedance.com) AppleWebKit/537.36 (KHTML, like Gecko) Chrome/70.0.0.0 Safari/537.36"
47.128.18.82 - - [26/Apr/2025:11:06:36 -0400] "GET /wp-content/plugins/elementskit-lite/widgets/init/assets/css/responsive.css?ver=3.5.0 HTTP/1.1" 200 2859 "https://arsn.media/2024/10/21/how-to-create-effective-pest-control-ads-that-convert/" "Mozilla/5.0 (compatible; Bytespider; spider-feedback@bytedance.com) AppleWebKit/537.36 (KHTML, like Gecko) Chrome/70.0.0.0 Safari/537.36"
47.128.18.82 - - [26/Apr/2025:11:06:36 -0400] "GET /wp-content/themes/onum/style.css?ver=6.8 HTTP/1.1" 200 27645 "https://arsn.media/2024/10/21/how-to-create-effective-pest-control-ads-that-convert/" "Mozilla/5.0 (compatible; Bytespider; spider-feedback@bytedance.com) AppleWebKit/537.36 (KHTML, like Gecko) Chrome/70.0.0.0 Safari/537.36"
47.128.18.82 - - [26/Apr/2025:11:06:36 -0400] "GET /wp-content/uploads/elementor/css/custom-frontend.min.css?ver=1725365066 HTTP/1.1" 200 28098 "https://arsn.media/2024/10/21/how-to-create-effective-pest-control-ads-that-convert/" "Mozilla/5.0 (compatible; Bytespider; spider-feedback@bytedance.com) AppleWebKit/537.36 (KHTML, like Gecko) Chrome/70.0.0.0 Safari/537.36"
47.128.18.82 - - [26/Apr/2025:11:06:36 -0400] "GET /wp-content/uploads/elementor/css/custom-pro-frontend.min.css?ver=1725365066 HTTP/1.1" 200 43386 "https://arsn.media/2024/10/21/how-to-create-effective-pest-control-ads-that-convert/" "Mozilla/5.0 (compatible; Bytespider; spider-feedback@bytedance.com) AppleWebKit/537.36 (KHTML, like Gecko) Chrome/70.0.0.0 Safari/537.36"
47.128.18.82 - - [26/Apr/2025:11:06:36 -0400] "GET /wp-content/uploads/elementor/google-fonts/css/manrope.css?ver=1742288903 HTTP/1.1" 200 634 "https://arsn.media/2024/10/21/how-to-create-effective-pest-control-ads-that-convert/" "Mozilla/5.0 (compatible; Bytespider; spider-feedback@bytedance.com) AppleWebKit/537.36 (KHTML, like Gecko) Chrome/70.0.0.0 Safari/537.36"
47.128.18.82 - - [26/Apr/2025:11:06:36 -0400] "GET /wp-content/uploads/elementor/google-fonts/css/dmsans.css?ver=1742288945 HTTP/1.1" 200 496 "https://arsn.media/2024/10/21/how-to-create-effective-pest-control-ads-that-convert/" "Mozilla/5.0 (compatible; Bytespider; spider-feedback@bytedance.com) AppleWebKit/537.36 (KHTML, like Gecko) Chrome/70.0.0.0 Safari/537.36"
47.128.18.82 - - [26/Apr/2025:11:06:36 -0400] "GET /wp-content/uploads/elementor/google-fonts/css/intertight.css?ver=1742288921 HTTP/1.1" 200 894 "https://arsn.media/2024/10/21/how-to-create-effective-pest-control-ads-that-convert/" "Mozilla/5.0 (compatible; Bytespider; spider-feedback@bytedance.com) AppleWebKit/537.36 (KHTML, like Gecko) Chrome/70.0.0.0 Safari/537.36"
47.128.18.82 - - [26/Apr/2025:11:06:36 -0400] "GET /wp-content/plugins/elementskit-lite/widgets/init/assets/css/widget-styles.css?ver=3.5.0 HTTP/1.1" 200 48223 "https://arsn.media/2024/10/21/how-to-create-effective-pest-control-ads-that-convert/" "Mozilla/5.0 (compatible; Bytespider; spider-feedback@bytedance.com) AppleWebKit/537.36 (KHTML, like Gecko) Chrome/70.0.0.0 Safari/537.36"
47.128.18.82 - - [26/Apr/2025:11:06:36 -0400] "GET /wp-content/uploads/2020/09/ARSN-Final-Logos-2048x942.jpg HTTP/1.1" 206 500 "https://arsn.media/2024/10/21/how-to-create-effective-pest-control-ads-that-convert/" "Mozilla/5.0 (compatible; Bytespider; spider-feedback@bytedance.com) AppleWebKit/537.36 (KHTML, like Gecko) Chrome/70.0.0.0 Safari/537.36"
47.128.18.82 - - [26/Apr/2025:11:06:36 -0400] "GET /wp-content/uploads/elementor/google-fonts/css/nunitosans.css?ver=1742288935 HTTP/1.1" 200 832 "https://arsn.media/2024/10/21/how-to-create-effective-pest-control-ads-that-convert/" "Mozilla/5.0 (compatible; Bytespider; spider-feedback@bytedance.com) AppleWebKit/537.36 (KHTML, like Gecko) Chrome/70.0.0.0 Safari/537.36"
66.29.132.124 - - [26/Apr/2025:11:06:37 -0400] "POST /wp-cron.php?doing_wp_cron=1745679997.0849099159240722656250 HTTP/1.1" 200 0 "-" "WordPress/6.8; https://arsn.media"
47.128.18.82 - - [26/Apr/2025:11:06:36 -0400] "GET /wp-content/themes/onum/css/design-test.css?ver=6.8 HTTP/1.1" 404 39512 "https://arsn.media/2024/10/21/how-to-create-effective-pest-control-ads-that-convert/" "Mozilla/5.0 (compatible; Bytespider; spider-feedback@bytedance.com) AppleWebKit/537.36 (KHTML, like Gecko) Chrome/70.0.0.0 Safari/537.36"
47.128.18.82 - - [26/Apr/2025:11:06:39 -0400] "GET /wp-content/uploads/elementor/css/post-3837.css?ver=1725365059 HTTP/1.1" 200 678 "https://arsn.media/2024/10/21/how-to-create-effective-pest-control-ads-that-convert/" "Mozilla/5.0 (compatible; Bytespider; spider-feedback@bytedance.com) AppleWebKit/537.36 (KHTML, like Gecko) Chrome/70.0.0.0 Safari/537.36"
47.128.18.82 - - [26/Apr/2025:11:06:36 -0400] "GET /wp-content/uploads/elementor/css/post-11332.css?ver=1725365060 HTTP/1.1" 404 21416 "https://arsn.media/2024/10/21/how-to-create-effective-pest-control-ads-that-convert/" "Mozilla/5.0 (compatible; Bytespider; spider-feedback@bytedance.com) AppleWebKit/537.36 (KHTML, like Gecko) Chrome/70.0.0.0 Safari/537.36"
66.29.132.124 - - [26/Apr/2025:11:06:39 -0400] "POST /wp-admin/admin-ajax.php?action=async_litespeed&nonce=JQmdKk7uC2JFQQ7JtbODIQeNYwltpL42&litespeed_type=imgoptm HTTP/1.1" 200 0 "-" "WordPress/6.8; https://arsn.media"
47.128.18.82 - - [26/Apr/2025:11:06:40 -0400] "GET /wp-content/uploads/elementor/css/custom-widget-icon-list.min.css?ver=1725365059 HTTP/1.1" 200 846 "https://arsn.media/2024/10/21/how-to-create-effective-pest-control-ads-that-convert/" "Mozilla/5.0 (compatible; Bytespider; spider-feedback@bytedance.com) AppleWebKit/537.36 (KHTML, like Gecko) Chrome/70.0.0.0 Safari/537.36"
47.128.18.82 - - [26/Apr/2025:11:06:40 -0400] "GET /wp-content/uploads/elementor/css/custom-apple-webkit.min.css?ver=1728007827 HTTP/1.1" 200 470 "https://arsn.media/2024/10/21/how-to-create-effective-pest-control-ads-that-convert/" "Mozilla/5.0 (compatible; Bytespider; spider-feedback@bytedance.com) AppleWebKit/537.36 (KHTML, like Gecko) Chrome/70.0.0.0 Safari/537.36"
47.128.18.82 - - [26/Apr/2025:11:06:40 -0400] "GET /wp-content/uploads/elementor/css/post-3058.css?ver=1725365059 HTTP/1.1" 200 433 "https://arsn.media/2024/10/21/how-to-create-effective-pest-control-ads-that-convert/" "Mozilla/5.0 (compatible; Bytespider; spider-feedback@bytedance.com) AppleWebKit/537.36 (KHTML, like Gecko) Chrome/70.0.0.0 Safari/537.36"
47.128.18.82 - - [26/Apr/2025:11:06:40 -0400] "GET /wp-content/plugins/elementor/assets/css/widget-social-icons.min.css?ver=3.28.4 HTTP/1.1" 200 1069 "https://arsn.media/2024/10/21/how-to-create-effective-pest-control-ads-that-convert/" "Mozilla/5.0 (compatible; Bytespider; spider-feedback@bytedance.com) AppleWebKit/537.36 (KHTML, like Gecko) Chrome/70.0.0.0 Safari/537.36"
47.128.18.82 - - [26/Apr/2025:11:06:40 -0400] "GET /wp-content/uploads/elementor/css/post-1108.css?ver=1730285452 HTTP/1.1" 200 1015 "https://arsn.media/2024/10/21/how-to-create-effective-pest-control-ads-that-convert/" "Mozilla/5.0 (compatible; Bytespider; spider-feedback@bytedance.com) AppleWebKit/537.36 (KHTML, like Gecko) Chrome/70.0.0.0 Safari/537.36"
47.128.18.82 - - [26/Apr/2025:11:06:40 -0400] "GET /wp-content/plugins/elementskit-lite/modules/elementskit-icon-pack/assets/css/ekiticons.css?ver=3.5.0 HTTP/1.1" 200 11776 "https://arsn.media/2024/10/21/how-to-create-effective-pest-control-ads-that-convert/" "Mozilla/5.0 (compatible; Bytespider; spider-feedback@bytedance.com) AppleWebKit/537.36 (KHTML, like Gecko) Chrome/70.0.0.0 Safari/537.36"
47.128.18.82 - - [26/Apr/2025:11:06:40 -0400] "GET /wp-content/plugins/brave-popup-builder/assets/css/frontend.min.css?ver=6.8 HTTP/1.1" 200 7994 "https://arsn.media/2024/10/21/how-to-create-effective-pest-control-ads-that-convert/" "Mozilla/5.0 (compatible; Bytespider; spider-feedback@bytedance.com) AppleWebKit/537.36 (KHTML, like Gecko) Chrome/70.0.0.0 Safari/537.36"
47.128.18.82 - - [26/Apr/2025:11:06:40 -0400] "GET /wp-content/themes/onum/images/close.png HTTP/1.1" 206 452 "https://arsn.media/wp-content/themes/onum/style.css?ver=6.8" "Mozilla/5.0 (compatible; Bytespider; spider-feedback@bytedance.com) AppleWebKit/537.36 (KHTML, like Gecko) Chrome/70.0.0.0 Safari/537.36"
47.128.18.82 - - [26/Apr/2025:11:06:40 -0400] "GET /wp-content/plugins/elementor/assets/lib/font-awesome/css/fontawesome.min.css?ver=5.15.3 HTTP/1.1" 200 12164 "https://arsn.media/2024/10/21/how-to-create-effective-pest-control-ads-that-convert/" "Mozilla/5.0 (compatible; Bytespider; spider-feedback@bytedance.com) AppleWebKit/537.36 (KHTML, like Gecko) Chrome/70.0.0.0 Safari/537.36"
47.128.18.82 - - [26/Apr/2025:11:06:40 -0400] "GET /wp-content/uploads/2020/09/arsn-logo.png HTTP/1.1" 206 500 "https://arsn.media/2024/10/21/how-to-create-effective-pest-control-ads-that-convert/" "Mozilla/5.0 (compatible; Bytespider; spider-feedback@bytedance.com) AppleWebKit/537.36 (KHTML, like Gecko) Chrome/70.0.0.0 Safari/537.36"
47.128.18.82 - - [26/Apr/2025:11:06:40 -0400] "GET /wp-content/uploads/2024/10/692.jpg HTTP/1.1" 206 500 "https://arsn.media/2024/10/21/how-to-create-effective-pest-control-ads-that-convert/" "Mozilla/5.0 (compatible; Bytespider; spider-feedback@bytedance.com) AppleWebKit/537.36 (KHTML, like Gecko) Chrome/70.0.0.0 Safari/537.36"
47.128.18.82 - - [26/Apr/2025:11:06:40 -0400] "GET /wp-content/uploads/2023/01/post1.jpg HTTP/1.1" 206 500 "https://arsn.media/2024/10/21/how-to-create-effective-pest-control-ads-that-convert/" "Mozilla/5.0 (compatible; Bytespider; spider-feedback@bytedance.com) AppleWebKit/537.36 (KHTML, like Gecko) Chrome/70.0.0.0 Safari/537.36"
47.128.18.82 - - [26/Apr/2025:11:06:41 -0400] "GET /wp-content/uploads/elementor/google-fonts/css/redhatdisplay.css?ver=1742288950 HTTP/1.1" 200 464 "https://arsn.media/2024/10/21/how-to-create-effective-pest-control-ads-that-convert/" "Mozilla/5.0 (compatible; Bytespider; spider-feedback@bytedance.com) AppleWebKit/537.36 (KHTML, like Gecko) Chrome/70.0.0.0 Safari/537.36"
47.128.18.82 - - [26/Apr/2025:11:06:41 -0400] "GET /wp-content/plugins/elementor/assets/lib/font-awesome/css/brands.min.css?ver=5.15.3 HTTP/1.1" 200 284 "https://arsn.media/2024/10/21/how-to-create-effective-pest-control-ads-that-convert/" "Mozilla/5.0 (compatible; Bytespider; spider-feedback@bytedance.com) AppleWebKit/537.36 (KHTML, like Gecko) Chrome/70.0.0.0 Safari/537.36"
47.128.18.82 - - [26/Apr/2025:11:06:41 -0400] "GET /wp-content/plugins/elementor/assets/lib/font-awesome/css/solid.min.css?ver=5.15.3 HTTP/1.1" 200 286 "https://arsn.media/2024/10/21/how-to-create-effective-pest-control-ads-that-convert/" "Mozilla/5.0 (compatible; Bytespider; spider-feedback@bytedance.com) AppleWebKit/537.36 (KHTML, like Gecko) Chrome/70.0.0.0 Safari/537.36"
47.128.18.82 - - [26/Apr/2025:11:06:41 -0400] "GET /wp-content/plugins/brave-popup-builder/assets/images/preloader.png HTTP/1.1" 206 119 "https://arsn.media/2024/10/21/how-to-create-effective-pest-control-ads-that-convert/" "Mozilla/5.0 (compatible; Bytespider; spider-feedback@bytedance.com) AppleWebKit/537.36 (KHTML, like Gecko) Chrome/70.0.0.0 Safari/537.36"
47.128.18.82 - - [26/Apr/2025:11:06:41 -0400] "GET /wp-content/uploads/2024/10/2150104618.jpg HTTP/1.1" 206 500 "https://arsn.media/2024/10/21/how-to-create-effective-pest-control-ads-that-convert/" "Mozilla/5.0 (compatible; Bytespider; spider-feedback@bytedance.com) AppleWebKit/537.36 (KHTML, like Gecko) Chrome/70.0.0.0 Safari/537.36"
47.128.18.82 - - [26/Apr/2025:11:06:41 -0400] "GET /wp-content/plugins/revslider/public/assets/css/rs6.css?ver=6.6.8 HTTP/1.1" 200 11947 "https://arsn.media/2024/10/21/how-to-create-effective-pest-control-ads-that-convert/" "Mozilla/5.0 (compatible; Bytespider; spider-feedback@bytedance.com) AppleWebKit/537.36 (KHTML, like Gecko) Chrome/70.0.0.0 Safari/537.36"
47.128.18.82 - - [26/Apr/2025:11:06:41 -0400] "GET /wp-content/uploads/2024/10/2151019928.jpg HTTP/1.1" 206 500 "https://arsn.media/2024/10/21/how-to-create-effective-pest-control-ads-that-convert/" "Mozilla/5.0 (compatible; Bytespider; spider-feedback@bytedance.com) AppleWebKit/537.36 (KHTML, like Gecko) Chrome/70.0.0.0 Safari/537.36"
196.251.86.177 - - [26/Apr/2025:11:08:22 -0400] "GET / HTTP/1.1" 200 458752 "-" "-"
196.251.86.177 - - [26/Apr/2025:11:08:31 -0400] "GET / HTTP/1.1" 200 0 "-" "-"
196.251.86.177 - - [26/Apr/2025:11:08:34 -0400] "GET / HTTP/1.1" 200 196608 "-" "-"
196.251.86.177 - - [26/Apr/2025:11:08:38 -0400] "GET / HTTP/1.1" 200 639584 "-" "-"
129.226.93.214 - - [26/Apr/2025:11:09:56 -0400] "GET / HTTP/1.1" 200 72544 "http://arsn.media" "Mozilla/5.0 (iPhone; CPU iPhone OS 13_2_3 like Mac OS X) AppleWebKit/605.1.15 (KHTML, like Gecko) Version/13.0.3 Mobile/15E148 Safari/604.1"
68.65.122.219 - - [26/Apr/2025:11:18:33 -0400] "POST /wp-login.php HTTP/1.1" 200 0 "https://arsn.media" "Mozilla/5.0 (Windows NT 10.0; Win64; x64) AppleWebKit/537.36 (KHTML, like Gecko) Chrome/115.0.5790.171 Safari/537.36 Edg/115.0.1901.203"
66.29.132.124 - - [26/Apr/2025:11:18:51 -0400] "POST /wp-cron.php?doing_wp_cron=1745680730.4393019676208496093750 HTTP/1.1" 200 0 "-" "WordPress/6.8; https://arsn.media"
216.244.66.201 - - [26/Apr/2025:11:19:45 -0400] "GET /robots.txt HTTP/1.1" 200 168 "-" "Mozilla/5.0 (compatible; DotBot/1.2; +https://opensiteexplorer.org/dotbot; help@moz.com)"
66.29.132.124 - - [26/Apr/2025:11:21:59 -0400] "POST /wp-cron.php?doing_wp_cron=1745680917.1930370330810546875000 HTTP/1.1" 200 0 "-" "WordPress/6.8; https://arsn.media"
114.119.154.200 - - [26/Apr/2025:11:21:52 -0400] "GET /author/umair/ HTTP/1.1" 404 61161 "https://arsn.media/2025/02/16/wordpress-seo-service-boost-your-websites-visibility-and-ranking/" "Mozilla/5.0 (Linux; Android 7.0;) AppleWebKit/537.36 (KHTML, like Gecko) Mobile Safari/537.36 (compatible; PetalBot;+https://webmaster.petalsearch.com/site/petalbot)"
4.227.36.107 - - [26/Apr/2025:11:22:31 -0400] "GET /robots.txt HTTP/1.1" 200 105 "http://arsn.media/robots.txt" "Mozilla/5.0 AppleWebKit/537.36 (KHTML, like Gecko; compatible; GPTBot/1.2; +https://openai.com/gptbot)"
66.29.132.124 - - [26/Apr/2025:11:23:16 -0400] "POST /wp-cron.php?doing_wp_cron=1745680996.2381169795989990234375 HTTP/1.1" 200 0 "-" "WordPress/6.8; https://arsn.media"
114.119.138.194 - - [26/Apr/2025:11:23:14 -0400] "GET /2024/11/12/how-to-measure-effectiveness-for-ideal-pest-control-customer/ HTTP/1.1" 200 70154 "https://arsn.media/category/uncategorized/page/3/" "Mozilla/5.0 (Linux; Android 7.0;) AppleWebKit/537.36 (KHTML, like Gecko) Mobile Safari/537.36 (compatible; PetalBot;+https://webmaster.petalsearch.com/site/petalbot)"
66.29.132.124 - - [26/Apr/2025:11:23:18 -0400] "POST /wp-admin/admin-ajax.php?action=async_litespeed&nonce=tzjOoKlWPsgoy4sJJRrLtwaTWsqSqGUU&litespeed_type=imgoptm HTTP/1.1" 200 0 "-" "WordPress/6.8; https://arsn.media"
66.29.132.124 - - [26/Apr/2025:11:23:45 -0400] "POST /wp-cron.php?doing_wp_cron=1745681025.3149929046630859375000 HTTP/1.1" 200 0 "-" "WordPress/6.8; https://arsn.media"
216.244.66.201 - - [26/Apr/2025:11:23:44 -0400] "GET /808/batfamily-x-omega-reader.html HTTP/1.1" 404 566523 "-" "Mozilla/5.0 (compatible; DotBot/1.2; +https://opensiteexplorer.org/dotbot; help@moz.com)"
66.29.132.124 - - [26/Apr/2025:11:23:47 -0400] "POST /wp-admin/admin-ajax.php?action=async_litespeed&nonce=KWFmji7SfswnCHj56trNUY7xmtBMkFJn&litespeed_type=imgoptm HTTP/1.1" 200 0 "-" "WordPress/6.8; https://arsn.media"
66.29.132.124 - - [26/Apr/2025:11:24:12 -0400] "POST /wp-cron.php?doing_wp_cron=1745681051.6981709003448486328125 HTTP/1.1" 200 0 "-" "WordPress/6.8; https://arsn.media"
216.244.66.201 - - [26/Apr/2025:11:24:10 -0400] "GET /snw9shr/dcs-tablet-app.html HTTP/1.1" 404 566187 "-" "Mozilla/5.0 (compatible; DotBot/1.2; +https://opensiteexplorer.org/dotbot; help@moz.com)"
66.29.132.124 - - [26/Apr/2025:11:24:36 -0400] "POST /wp-cron.php?doing_wp_cron=1745681076.7398440837860107421875 HTTP/1.1" 200 0 "-" "WordPress/6.8; https://arsn.media"
114.119.131.116 - - [26/Apr/2025:11:24:36 -0400] "GET /2024/11/11/ideal-pest-control-advertisement-strategies-for-different-platforms/ HTTP/1.1" 200 76919 "https://arsn.media/category/uncategorized/page/3/" "Mozilla/5.0 (Linux; Android 7.0;) AppleWebKit/537.36 (KHTML, like Gecko) Mobile Safari/537.36 (compatible; PetalBot;+https://webmaster.petalsearch.com/site/petalbot)"
66.29.132.124 - - [26/Apr/2025:11:24:37 -0400] "POST /wp-admin/admin-ajax.php?action=async_litespeed&nonce=BE9uqlkq46a6WGAaNFfftQhQai5svJjW&litespeed_type=imgoptm HTTP/1.1" 200 0 "-" "WordPress/6.8; https://arsn.media"
66.29.132.124 - - [26/Apr/2025:11:24:38 -0400] "POST /wp-admin/admin-ajax.php?action=as_async_request_queue_runner&nonce=6887159dad HTTP/1.1" 200 0 "-" "WordPress/6.8; https://arsn.media"
66.29.132.124 - - [26/Apr/2025:11:26:01 -0400] "POST /wp-cron.php?doing_wp_cron=1745681161.7517340183258056640625 HTTP/1.1" 200 0 "-" "WordPress/6.8; https://arsn.media"
114.119.136.243 - - [26/Apr/2025:11:26:00 -0400] "GET /2024/09/19/title-10-essential-steps-to-starting-a-pest-control-business-from-scratch/ HTTP/1.1" 200 82403 "https://arsn.media/category/uncategorized/page/6/" "Mozilla/5.0 (Linux; Android 7.0;) AppleWebKit/537.36 (KHTML, like Gecko) Mobile Safari/537.36 (compatible; PetalBot;+https://webmaster.petalsearch.com/site/petalbot)"
66.29.132.124 - - [26/Apr/2025:11:26:04 -0400] "POST /wp-admin/admin-ajax.php?action=async_litespeed&nonce=vMswq5rLucz6qBLigaQePCRrUHv3DvxG&litespeed_type=imgoptm HTTP/1.1" 200 0 "-" "WordPress/6.8; https://arsn.media"
20.171.207.233 - - [26/Apr/2025:11:26:29 -0400] "GET /wp-content/themes/onum/css/design-test.css?ver=6.7.2 HTTP/1.1" 404 18473 "-" "Mozilla/5.0 AppleWebKit/537.36 (KHTML, like Gecko; compatible; GPTBot/1.2; +https://openai.com/gptbot)"
20.171.207.233 - - [26/Apr/2025:11:26:32 -0400] "GET /wp-content/themes/onum/js/design-test.js HTTP/1.1" 404 39270 "-" "Mozilla/5.0 AppleWebKit/537.36 (KHTML, like Gecko; compatible; GPTBot/1.2; +https://openai.com/gptbot)"
66.29.132.124 - - [26/Apr/2025:11:26:38 -0400] "POST /wp-cron.php?doing_wp_cron=1745681197.3351829051971435546875 HTTP/1.1" 200 0 "-" "WordPress/6.8; https://arsn.media"
20.171.207.233 - - [26/Apr/2025:11:26:35 -0400] "GET /wp-json/elementskit/v1/ HTTP/1.1" 404 114 "-" "Mozilla/5.0 AppleWebKit/537.36 (KHTML, like Gecko; compatible; GPTBot/1.2; +https://openai.com/gptbot)"
20.171.207.233 - - [26/Apr/2025:11:26:39 -0400] "GET /wp-content/uploads/2020/09/ARSN-Final-Logos-scaled.jpg%202560w,%20https:/arsn.media/wp-content/uploads/2020/09/ARSN-Final-Logos-300x138.jpg%20300w,%20https:/arsn.media/wp-content/uploads/2020/09/ARSN-Final-Logos-1024x471.jpg%201024w,%20https:/arsn.media/ARSN-Final-Logos-768x353.jpg%20768w,%20https:/ARSN-Final-Logos-1536x706.jpg%201536w,%20https:/ARSN-Final-Logos-2048x942.jpg%202048w HTTP/1.1" 404 39653 "-" "Mozilla/5.0 AppleWebKit/537.36 (KHTML, like Gecko; compatible; GPTBot/1.2; +https://openai.com/gptbot)"
20.171.207.233 - - [26/Apr/2025:11:26:42 -0400] "GET /wp-content/uploads/2020/10/404.png%20707w,%20https:/arsn.media/wp-content/uploads/2020/10/404-300x110.png%20300w HTTP/1.1" 404 18523 "-" "Mozilla/5.0 AppleWebKit/537.36 (KHTML, like Gecko; compatible; GPTBot/1.2; +https://openai.com/gptbot)"
66.29.132.124 - - [26/Apr/2025:11:32:22 -0400] "POST /wp-cron.php?doing_wp_cron=1745681542.3864428997039794921875 HTTP/1.1" 200 0 "-" "WordPress/6.8; https://arsn.media"
66.29.132.124 - - [26/Apr/2025:11:32:25 -0400] "POST /wp-admin/admin-ajax.php?action=async_litespeed&nonce=5pcyVwxmuEUwa5zEtIIHjW2AVl8nGjUR&litespeed_type=imgoptm HTTP/1.1" 200 0 "-" "WordPress/6.8; https://arsn.media"
20.171.207.233 - - [26/Apr/2025:11:31:58 -0400] "GET /mlp/%EF%BB%BFhttp:/2606arcolaave.805tstnw.com/mem/low-ping-apn-settings.html HTTP/1.1" 404 18550 "-" "Mozilla/5.0 AppleWebKit/537.36 (KHTML, like Gecko; compatible; GPTBot/1.2; +https://openai.com/gptbot)"
66.29.132.124 - - [26/Apr/2025:11:33:57 -0400] "POST /wp-cron.php?doing_wp_cron=1745681636.6258149147033691406250 HTTP/1.1" 200 0 "-" "WordPress/6.8; https://arsn.media"
66.29.132.124 - - [26/Apr/2025:11:33:58 -0400] "POST /wp-admin/admin-ajax.php?action=async_litespeed&nonce=YpHggFGeWL74uHQgKOvGQK2ENejC2oba&litespeed_type=imgoptm HTTP/1.1" 200 0 "-" "WordPress/6.8; https://arsn.media"
20.171.207.233 - - [26/Apr/2025:11:33:51 -0400] "GET /wp-content/uploads/2020/10/404.png%20707w,%20https:/arsn.media/wp-content/uploads/2020/10/404-300x110.png%20300w HTTP/1.1" 404 18523 "-" "Mozilla/5.0 AppleWebKit/537.36 (KHTML, like Gecko; compatible; GPTBot/1.2; +https://openai.com/gptbot)"
20.171.207.233 - - [26/Apr/2025:11:34:00 -0400] "GET /wp-content/themes/onum/js/design-test.js HTTP/1.1" 404 39270 "-" "Mozilla/5.0 AppleWebKit/537.36 (KHTML, like Gecko; compatible; GPTBot/1.2; +https://openai.com/gptbot)"
20.171.207.233 - - [26/Apr/2025:11:34:03 -0400] "GET /wp-content/uploads/2020/09/ARSN-Final-Logos-scaled.jpg%202560w,%20https:/arsn.media/wp-content/uploads/2020/09/ARSN-Final-Logos-300x138.jpg%20300w,%20https:/arsn.media/wp-content/uploads/2020/09/ARSN-Final-Logos-1024x471.jpg%201024w,%20https:/arsn.media/ARSN-Final-Logos-768x353.jpg%20768w,%20https:/ARSN-Final-Logos-1536x706.jpg%201536w,%20https:/ARSN-Final-Logos-2048x942.jpg%202048w HTTP/1.1" 404 39653 "-" "Mozilla/5.0 AppleWebKit/537.36 (KHTML, like Gecko; compatible; GPTBot/1.2; +https://openai.com/gptbot)"
20.171.207.233 - - [26/Apr/2025:11:34:06 -0400] "GET /wp-json/elementskit/v1/ HTTP/1.1" 404 114 "-" "Mozilla/5.0 AppleWebKit/537.36 (KHTML, like Gecko; compatible; GPTBot/1.2; +https://openai.com/gptbot)"
20.171.207.233 - - [26/Apr/2025:11:34:08 -0400] "GET /wp-content/themes/onum/css/design-test.css?ver=6.7.1 HTTP/1.1" 404 18472 "-" "Mozilla/5.0 AppleWebKit/537.36 (KHTML, like Gecko; compatible; GPTBot/1.2; +https://openai.com/gptbot)"
66.29.132.124 - - [26/Apr/2025:11:37:00 -0400] "POST /wp-cron.php?doing_wp_cron=1745681819.9951488971710205078125 HTTP/1.1" 200 0 "-" "WordPress/6.8; https://arsn.media"
66.29.132.124 - - [26/Apr/2025:11:37:00 -0400] "POST /wp-admin/admin-ajax.php?action=async_litespeed&nonce=FU8RiVUsDHDPOD6O8u0jt69MHnv5rlOS&litespeed_type=imgoptm HTTP/1.1" 200 0 "-" "WordPress/6.8; https://arsn.media"
20.171.207.233 - - [26/Apr/2025:11:36:55 -0400] "GET /mlp/idle-air-control-valve-symptoms-dodge.html HTTP/1.1" 404 39291 "-" "Mozilla/5.0 AppleWebKit/537.36 (KHTML, like Gecko; compatible; GPTBot/1.2; +https://openai.com/gptbot)"
66.29.132.124 - - [26/Apr/2025:11:38:19 -0400] "POST /wp-cron.php?doing_wp_cron=1745681899.5059039592742919921875 HTTP/1.1" 200 0 "-" "WordPress/6.8; https://arsn.media"
20.171.207.233 - - [26/Apr/2025:11:38:18 -0400] "GET /wp-content/themes/onum/css/design-test.css?ver=6.7.2 HTTP/1.1" 404 31520 "-" "Mozilla/5.0 AppleWebKit/537.36 (KHTML, like Gecko; compatible; GPTBot/1.2; +https://openai.com/gptbot)"
66.29.132.124 - - [26/Apr/2025:11:38:20 -0400] "POST /wp-admin/admin-ajax.php?action=async_litespeed&nonce=GwdCSstD8d887fzoMe0riLMEBrUWWT63&litespeed_type=imgoptm HTTP/1.1" 200 0 "-" "WordPress/6.8; https://arsn.media"
66.29.132.124 - - [26/Apr/2025:11:38:21 -0400] "POST /wp-admin/admin-ajax.php?action=as_async_request_queue_runner&nonce=6887159dad HTTP/1.1" 200 0 "-" "WordPress/6.8; https://arsn.media"
20.171.207.233 - - [26/Apr/2025:11:38:21 -0400] "GET /wp-content/uploads/2020/10/404.png%20707w,%20https:/arsn.media/wp-content/uploads/2020/10/404-300x110.png%20300w HTTP/1.1" 404 18523 "-" "Mozilla/5.0 AppleWebKit/537.36 (KHTML, like Gecko; compatible; GPTBot/1.2; +https://openai.com/gptbot)"
20.171.207.233 - - [26/Apr/2025:11:38:24 -0400] "GET /wp-content/uploads/2020/09/ARSN-Final-Logos-scaled.jpg%202560w,%20https:/arsn.media/wp-content/uploads/2020/09/ARSN-Final-Logos-300x138.jpg%20300w,%20https:/arsn.media/wp-content/uploads/2020/09/ARSN-Final-Logos-1024x471.jpg%201024w,%20https:/arsn.media/ARSN-Final-Logos-768x353.jpg%20768w,%20https:/ARSN-Final-Logos-1536x706.jpg%201536w,%20https:/ARSN-Final-Logos-2048x942.jpg%202048w HTTP/1.1" 404 39653 "-" "Mozilla/5.0 AppleWebKit/537.36 (KHTML, like Gecko; compatible; GPTBot/1.2; +https://openai.com/gptbot)"
20.171.207.233 - - [26/Apr/2025:11:38:27 -0400] "GET /wp-json/elementskit/v1/ HTTP/1.1" 404 114 "-" "Mozilla/5.0 AppleWebKit/537.36 (KHTML, like Gecko; compatible; GPTBot/1.2; +https://openai.com/gptbot)"
20.171.207.233 - - [26/Apr/2025:11:38:29 -0400] "GET /wp-content/themes/onum/js/design-test.js HTTP/1.1" 404 39270 "-" "Mozilla/5.0 AppleWebKit/537.36 (KHTML, like Gecko; compatible; GPTBot/1.2; +https://openai.com/gptbot)"
20.171.207.233 - - [26/Apr/2025:11:40:57 -0400] "GET /wp-content/themes/onum/js/design-test.js HTTP/1.1" 404 39270 "-" "Mozilla/5.0 AppleWebKit/537.36 (KHTML, like Gecko; compatible; GPTBot/1.2; +https://openai.com/gptbot)"
20.171.207.233 - - [26/Apr/2025:11:40:59 -0400] "GET /wp-content/uploads/2020/10/404.png%20707w,%20https:/arsn.media/wp-content/uploads/2020/10/404-300x110.png%20300w HTTP/1.1" 404 39403 "-" "Mozilla/5.0 AppleWebKit/537.36 (KHTML, like Gecko; compatible; GPTBot/1.2; +https://openai.com/gptbot)"
20.171.207.233 - - [26/Apr/2025:11:41:02 -0400] "GET /wp-content/uploads/2020/09/ARSN-Final-Logos-scaled.jpg%202560w,%20https:/arsn.media/wp-content/uploads/2020/09/ARSN-Final-Logos-300x138.jpg%20300w,%20https:/arsn.media/wp-content/uploads/2020/09/ARSN-Final-Logos-1024x471.jpg%201024w,%20https:/arsn.media/ARSN-Final-Logos-768x353.jpg%20768w,%20https:/ARSN-Final-Logos-1536x706.jpg%201536w,%20https:/ARSN-Final-Logos-2048x942.jpg%202048w HTTP/1.1" 404 39653 "-" "Mozilla/5.0 AppleWebKit/537.36 (KHTML, like Gecko; compatible; GPTBot/1.2; +https://openai.com/gptbot)"
20.171.207.233 - - [26/Apr/2025:11:41:05 -0400] "GET /wp-content/themes/onum/css/design-test.css?ver=6.7.1 HTTP/1.1" 404 18472 "-" "Mozilla/5.0 AppleWebKit/537.36 (KHTML, like Gecko; compatible; GPTBot/1.2; +https://openai.com/gptbot)"
20.171.207.233 - - [26/Apr/2025:11:41:08 -0400] "GET /wp-json/elementskit/v1/ HTTP/1.1" 404 114 "-" "Mozilla/5.0 AppleWebKit/537.36 (KHTML, like Gecko; compatible; GPTBot/1.2; +https://openai.com/gptbot)"
52.167.144.223 - - [26/Apr/2025:11:42:11 -0400] "GET /wp-content/uploads/2020/09/ARSN-Final-Logos-2048x942.jpg HTTP/1.1" 200 185616 "-" "Mozilla/5.0 AppleWebKit/537.36 (KHTML, like Gecko; compatible; bingbot/2.0; +http://www.bing.com/bingbot.htm) Chrome/116.0.1938.76 Safari/537.36"
20.171.207.233 - - [26/Apr/2025:11:44:33 -0400] "GET /wp-content/uploads/2020/10/404.png%20707w,%20https:/arsn.media/wp-content/uploads/2020/10/404-300x110.png%20300w HTTP/1.1" 404 39403 "-" "Mozilla/5.0 AppleWebKit/537.36 (KHTML, like Gecko; compatible; GPTBot/1.2; +https://openai.com/gptbot)"
20.171.207.233 - - [26/Apr/2025:11:44:36 -0400] "GET /wp-content/themes/onum/css/design-test.css?ver=6.7.1 HTTP/1.1" 404 22044 "-" "Mozilla/5.0 AppleWebKit/537.36 (KHTML, like Gecko; compatible; GPTBot/1.2; +https://openai.com/gptbot)"
20.171.207.233 - - [26/Apr/2025:11:44:38 -0400] "GET /wp-content/themes/onum/js/design-test.js HTTP/1.1" 404 39270 "-" "Mozilla/5.0 AppleWebKit/537.36 (KHTML, like Gecko; compatible; GPTBot/1.2; +https://openai.com/gptbot)"
20.171.207.233 - - [26/Apr/2025:11:44:41 -0400] "GET /wp-json/elementskit/v1/ HTTP/1.1" 404 114 "-" "Mozilla/5.0 AppleWebKit/537.36 (KHTML, like Gecko; compatible; GPTBot/1.2; +https://openai.com/gptbot)"
20.171.207.233 - - [26/Apr/2025:11:44:44 -0400] "GET /wp-content/uploads/2020/09/ARSN-Final-Logos-scaled.jpg%202560w,%20https:/arsn.media/wp-content/uploads/2020/09/ARSN-Final-Logos-300x138.jpg%20300w,%20https:/arsn.media/wp-content/uploads/2020/09/ARSN-Final-Logos-1024x471.jpg%201024w,%20https:/arsn.media/ARSN-Final-Logos-768x353.jpg%20768w,%20https:/ARSN-Final-Logos-1536x706.jpg%201536w,%20https:/ARSN-Final-Logos-2048x942.jpg%202048w HTTP/1.1" 404 39653 "-" "Mozilla/5.0 AppleWebKit/537.36 (KHTML, like Gecko; compatible; GPTBot/1.2; +https://openai.com/gptbot)"
57.141.4.19 - - [26/Apr/2025:11:47:27 -0400] "GET /about-company/ HTTP/1.1" 200 608510 "-" "meta-externalagent/1.1 (+https://developers.facebook.com/docs/sharing/webmasters/crawler)"
20.171.207.233 - - [26/Apr/2025:11:47:50 -0400] "GET /wp-content/uploads/2020/10/404.png%20707w,%20https:/arsn.media/wp-content/uploads/2020/10/404-300x110.png%20300w HTTP/1.1" 404 39403 "-" "Mozilla/5.0 AppleWebKit/537.36 (KHTML, like Gecko; compatible; GPTBot/1.2; +https://openai.com/gptbot)"
20.171.207.233 - - [26/Apr/2025:11:47:53 -0400] "GET /wp-content/themes/onum/js/design-test.js HTTP/1.1" 404 39270 "-" "Mozilla/5.0 AppleWebKit/537.36 (KHTML, like Gecko; compatible; GPTBot/1.2; +https://openai.com/gptbot)"
20.171.207.233 - - [26/Apr/2025:11:47:56 -0400] "GET /wp-content/themes/onum/css/design-test.css?ver=6.7.2 HTTP/1.1" 404 39252 "-" "Mozilla/5.0 AppleWebKit/537.36 (KHTML, like Gecko; compatible; GPTBot/1.2; +https://openai.com/gptbot)"
20.171.207.233 - - [26/Apr/2025:11:47:59 -0400] "GET /wp-json/elementskit/v1/ HTTP/1.1" 404 114 "-" "Mozilla/5.0 AppleWebKit/537.36 (KHTML, like Gecko; compatible; GPTBot/1.2; +https://openai.com/gptbot)"
66.29.132.124 - - [26/Apr/2025:11:48:21 -0400] "POST /wp-cron.php?doing_wp_cron=1745682501.8567569255828857421875 HTTP/1.1" 200 0 "-" "WordPress/6.8; https://arsn.media"
66.29.132.124 - - [26/Apr/2025:11:48:23 -0400] "POST /wp-admin/admin-ajax.php?action=async_litespeed&nonce=rBXD5XchKTCdkPOtBw7ibvgwzmfezwtF&litespeed_type=imgoptm HTTP/1.1" 200 0 "-" "WordPress/6.8; https://arsn.media"
20.171.207.233 - - [26/Apr/2025:11:48:01 -0400] "GET /wp-content/uploads/2020/09/ARSN-Final-Logos-scaled.jpg%202560w,%20https:/arsn.media/wp-content/uploads/2020/09/ARSN-Final-Logos-300x138.jpg%20300w,%20https:/arsn.media/wp-content/uploads/2020/09/ARSN-Final-Logos-1024x471.jpg%201024w,%20https:/arsn.media/ARSN-Final-Logos-768x353.jpg%20768w,%20https:/ARSN-Final-Logos-1536x706.jpg%201536w,%20https:/ARSN-Final-Logos-2048x942.jpg%202048w HTTP/1.1" 404 32511 "-" "Mozilla/5.0 AppleWebKit/537.36 (KHTML, like Gecko; compatible; GPTBot/1.2; +https://openai.com/gptbot)"
20.171.207.233 - - [26/Apr/2025:11:48:27 -0400] "GET /wp-content/themes/onum/css/design-test.css?ver=6.7.2 HTTP/1.1" 404 39252 "-" "Mozilla/5.0 AppleWebKit/537.36 (KHTML, like Gecko; compatible; GPTBot/1.2; +https://openai.com/gptbot)"
20.171.207.233 - - [26/Apr/2025:11:48:30 -0400] "GET /wp-content/uploads/2020/10/404.png%20707w,%20https:/arsn.media/wp-content/uploads/2020/10/404-300x110.png%20300w HTTP/1.1" 404 39403 "-" "Mozilla/5.0 AppleWebKit/537.36 (KHTML, like Gecko; compatible; GPTBot/1.2; +https://openai.com/gptbot)"
20.171.207.233 - - [26/Apr/2025:11:48:33 -0400] "GET /wp-content/themes/onum/js/design-test.js HTTP/1.1" 404 39270 "-" "Mozilla/5.0 AppleWebKit/537.36 (KHTML, like Gecko; compatible; GPTBot/1.2; +https://openai.com/gptbot)"
20.171.207.233 - - [26/Apr/2025:11:48:35 -0400] "GET /wp-json/elementskit/v1/ HTTP/1.1" 404 114 "-" "Mozilla/5.0 AppleWebKit/537.36 (KHTML, like Gecko; compatible; GPTBot/1.2; +https://openai.com/gptbot)"
20.171.207.233 - - [26/Apr/2025:11:49:09 -0400] "GET /wp-content/uploads/2020/09/ARSN-Final-Logos-scaled.jpg%202560w,%20https:/arsn.media/wp-content/uploads/2020/09/ARSN-Final-Logos-300x138.jpg%20300w,%20https:/arsn.media/wp-content/uploads/2020/09/ARSN-Final-Logos-1024x471.jpg%201024w,%20https:/arsn.media/ARSN-Final-Logos-768x353.jpg%20768w,%20https:/ARSN-Final-Logos-1536x706.jpg%201536w,%20https:/ARSN-Final-Logos-2048x942.jpg%202048w HTTP/1.1" 404 39596 "-" "Mozilla/5.0 AppleWebKit/537.36 (KHTML, like Gecko; compatible; GPTBot/1.2; +https://openai.com/gptbot)"
66.29.132.124 - - [26/Apr/2025:11:49:13 -0400] "POST /wp-cron.php?doing_wp_cron=1745682553.0447869300842285156250 HTTP/1.1" 200 0 "-" "WordPress/6.8; https://arsn.media"
20.171.207.233 - - [26/Apr/2025:11:49:12 -0400] "GET /wp-content/themes/onum/css/design-test.css?ver=6.7.1 HTTP/1.1" 404 39251 "-" "Mozilla/5.0 AppleWebKit/537.36 (KHTML, like Gecko; compatible; GPTBot/1.2; +https://openai.com/gptbot)"
66.29.132.124 - - [26/Apr/2025:11:49:13 -0400] "POST /wp-admin/admin-ajax.php?action=async_litespeed&nonce=Kg2FlOWXdlu7g3nqcuketj3ZsE2Dbr8a&litespeed_type=imgoptm HTTP/1.1" 200 0 "-" "WordPress/6.8; https://arsn.media"
20.171.207.233 - - [26/Apr/2025:11:49:15 -0400] "GET /wp-json/elementskit/v1/ HTTP/1.1" 404 114 "-" "Mozilla/5.0 AppleWebKit/537.36 (KHTML, like Gecko; compatible; GPTBot/1.2; +https://openai.com/gptbot)"
20.171.207.233 - - [26/Apr/2025:11:49:18 -0400] "GET /wp-content/uploads/2020/10/404.png%20707w,%20https:/arsn.media/wp-content/uploads/2020/10/404-300x110.png%20300w HTTP/1.1" 404 39403 "-" "Mozilla/5.0 AppleWebKit/537.36 (KHTML, like Gecko; compatible; GPTBot/1.2; +https://openai.com/gptbot)"
20.171.207.233 - - [26/Apr/2025:11:49:21 -0400] "GET /wp-content/themes/onum/js/design-test.js HTTP/1.1" 404 39270 "-" "Mozilla/5.0 AppleWebKit/537.36 (KHTML, like Gecko; compatible; GPTBot/1.2; +https://openai.com/gptbot)"
114.119.159.101 - - [26/Apr/2025:11:49:23 -0400] "GET /2025/01/24/local-seo-for-pest-control-building-quality-backlinks-for-success/ HTTP/1.1" 200 70305 "https://arsn.media/2024/12/16/how-to-use-flyers-for-local-pest-control-advertising-and-promotion/" "Mozilla/5.0 (Linux; Android 7.0;) AppleWebKit/537.36 (KHTML, like Gecko) Mobile Safari/537.36 (compatible; PetalBot;+https://webmaster.petalsearch.com/site/petalbot)"
66.29.132.124 - - [26/Apr/2025:11:50:51 -0400] "POST /wp-cron.php?doing_wp_cron=1745682651.0937690734863281250000 HTTP/1.1" 200 0 "-" "WordPress/6.8; https://arsn.media"
114.119.136.243 - - [26/Apr/2025:11:50:47 -0400] "GET /2024/09/27/how-to-build-a-brand-identity-for-your-pest-control-business/ HTTP/1.1" 200 77528 "https://arsn.media/2024/12/13/how-to-incorporate-your-branding-into-pest-control-flyer-templates/" "Mozilla/5.0 (Linux; Android 7.0;) AppleWebKit/537.36 (KHTML, like Gecko) Mobile Safari/537.36 (compatible; PetalBot;+https://webmaster.petalsearch.com/site/petalbot)"
66.29.132.124 - - [26/Apr/2025:11:50:52 -0400] "POST /wp-admin/admin-ajax.php?action=async_litespeed&nonce=agttD8AUSHlbWZImdmLJEzHsa6NoFXPw&litespeed_type=imgoptm HTTP/1.1" 200 0 "-" "WordPress/6.8; https://arsn.media"
66.29.132.124 - - [26/Apr/2025:11:50:53 -0400] "POST /wp-admin/admin-ajax.php?action=as_async_request_queue_runner&nonce=6887159dad HTTP/1.1" 200 0 "-" "WordPress/6.8; https://arsn.media"
66.29.132.124 - - [26/Apr/2025:11:52:34 -0400] "POST /wp-cron.php?doing_wp_cron=1745682754.6665880680084228515625 HTTP/1.1" 200 0 "-" "WordPress/6.8; https://arsn.media"
20.171.207.233 - - [26/Apr/2025:11:52:30 -0400] "GET /?p=12237 HTTP/1.1" 301 0 "-" "Mozilla/5.0 AppleWebKit/537.36 (KHTML, like Gecko; compatible; GPTBot/1.2; +https://openai.com/gptbot)"
66.29.132.124 - - [26/Apr/2025:11:52:35 -0400] "POST /wp-admin/admin-ajax.php?action=async_litespeed&nonce=jVOfgsfR88ERxRGVPR7medhIVNv2ekF5&litespeed_type=imgoptm HTTP/1.1" 200 0 "-" "WordPress/6.8; https://arsn.media"
66.29.132.124 - - [26/Apr/2025:11:52:36 -0400] "POST /wp-admin/admin-ajax.php?action=as_async_request_queue_runner&nonce=6887159dad HTTP/1.1" 200 0 "-" "WordPress/6.8; https://arsn.media"
198.54.114.67 - - [26/Apr/2025:12:02:30 -0400] "POST /wp-login.php HTTP/1.1" 200 0 "https://arsn.media" "Mozilla/5.0 (Windows NT 10.0; Win64; x64) AppleWebKit/537.36 (KHTML, like Gecko) Chrome/126.0.0.0 Safari/537.36"
66.29.132.124 - - [26/Apr/2025:12:02:51 -0400] "POST /wp-cron.php?doing_wp_cron=1745683370.6419880390167236328125 HTTP/1.1" 200 0 "-" "WordPress/6.8; https://arsn.media"
66.29.132.124 - - [26/Apr/2025:12:02:53 -0400] "POST /wp-admin/admin-ajax.php?action=async_litespeed&nonce=naFG1YJysqmrOjpiLY2r874rHVZO4tLW&litespeed_type=imgoptm HTTP/1.1" 200 0 "-" "WordPress/6.8; https://arsn.media"
104.219.236.186 - - [26/Apr/2025:12:04:44 -0400] "GET /ALFA_DATA/alfacgiapi/ HTTP/1.1" 200 0 "http://arsn.media/ALFA_DATA/alfacgiapi/" "-"
66.29.132.124 - - [26/Apr/2025:12:04:50 -0400] "POST /wp-cron.php?doing_wp_cron=1745683489.7118580341339111328125 HTTP/1.1" 200 0 "-" "WordPress/6.8; https://arsn.media"
216.244.66.201 - - [26/Apr/2025:12:06:56 -0400] "GET /robots.txt HTTP/1.1" 200 168 "-" "Mozilla/5.0 (compatible; DotBot/1.2; +https://opensiteexplorer.org/dotbot; help@moz.com)"
20.171.207.233 - - [26/Apr/2025:12:08:12 -0400] "GET /wp-content/uploads/2020/10/404.png%20707w,%20https:/arsn.media/wp-content/uploads/2020/10/404-300x110.png%20300w HTTP/1.1" 404 39403 "-" "Mozilla/5.0 AppleWebKit/537.36 (KHTML, like Gecko; compatible; GPTBot/1.2; +https://openai.com/gptbot)"
66.29.132.124 - - [26/Apr/2025:12:08:22 -0400] "POST /wp-cron.php?doing_wp_cron=1745683702.6416590213775634765625 HTTP/1.1" 200 0 "-" "WordPress/6.8; https://arsn.media"
66.29.132.124 - - [26/Apr/2025:12:08:24 -0400] "POST /wp-admin/admin-ajax.php?action=async_litespeed&nonce=sdLJqnLr0oOe9tcBkyejgREqAQoNx5yy&litespeed_type=imgoptm HTTP/1.1" 200 0 "-" "WordPress/6.8; https://arsn.media"
20.171.207.233 - - [26/Apr/2025:12:08:17 -0400] "GET /affordable-wordpress-seo-agency/ HTTP/1.1" 200 55612 "-" "Mozilla/5.0 AppleWebKit/537.36 (KHTML, like Gecko; compatible; GPTBot/1.2; +https://openai.com/gptbot)"
20.171.207.233 - - [26/Apr/2025:12:08:29 -0400] "GET /wp-content/uploads/2020/09/ARSN-Final-Logos-scaled.jpg%202560w,%20https:/arsn.media/wp-content/uploads/2020/09/ARSN-Final-Logos-300x138.jpg%20300w,%20https:/arsn.media/wp-content/uploads/2020/09/ARSN-Final-Logos-1024x471.jpg%201024w,%20https:/arsn.media/ARSN-Final-Logos-768x353.jpg%20768w,%20https:/ARSN-Final-Logos-1536x706.jpg%201536w,%20https:/ARSN-Final-Logos-2048x942.jpg%202048w HTTP/1.1" 404 39596 "-" "Mozilla/5.0 AppleWebKit/537.36 (KHTML, like Gecko; compatible; GPTBot/1.2; +https://openai.com/gptbot)"
20.171.207.233 - - [26/Apr/2025:12:08:39 -0400] "GET /wp-json/elementskit/v1/ HTTP/1.1" 404 114 "-" "Mozilla/5.0 AppleWebKit/537.36 (KHTML, like Gecko; compatible; GPTBot/1.2; +https://openai.com/gptbot)"
66.29.132.124 - - [26/Apr/2025:12:08:53 -0400] "POST /wp-cron.php?doing_wp_cron=1745683732.2015969753265380859375 HTTP/1.1" 200 0 "-" "WordPress/6.8; https://arsn.media"
20.171.207.233 - - [26/Apr/2025:12:08:51 -0400] "GET /wp-content/themes/onum/js/design-test.js HTTP/1.1" 404 18486 "-" "Mozilla/5.0 AppleWebKit/537.36 (KHTML, like Gecko; compatible; GPTBot/1.2; +https://openai.com/gptbot)"
20.171.207.233 - - [26/Apr/2025:12:09:01 -0400] "GET /wp-content/themes/onum/css/design-test.css?ver=6.7.2 HTTP/1.1" 404 39252 "-" "Mozilla/5.0 AppleWebKit/537.36 (KHTML, like Gecko; compatible; GPTBot/1.2; +https://openai.com/gptbot)"
20.171.207.233 - - [26/Apr/2025:12:09:12 -0400] "GET /wp-content/uploads/2024/07/23438-1.jpg HTTP/1.1" 200 87985 "-" "Mozilla/5.0 AppleWebKit/537.36 (KHTML, like Gecko; compatible; GPTBot/1.2; +https://openai.com/gptbot)"
20.171.207.233 - - [26/Apr/2025:12:09:23 -0400] "GET /wp-content/uploads/2024/07/Untitled-design-1.jpg HTTP/1.1" 200 87567 "-" "Mozilla/5.0 AppleWebKit/537.36 (KHTML, like Gecko; compatible; GPTBot/1.2; +https://openai.com/gptbot)"
185.220.101.17 - - [26/Apr/2025:12:09:24 -0400] "GET / HTTP/1.1" 200 639584 "arsn.media" "Mozilla/5.0 (X11; U; Linux x86_64; pl-PL; rv:2.0) Gecko/20110307 Firefox/4.0"
204.8.96.111 - - [26/Apr/2025:12:09:30 -0400] "GET / HTTP/1.1" 200 639584 "https://arsn.media" "Mozilla/5.0 (X11; U; Linux x86_64; pl-PL; rv:2.0) Gecko/20110307 Firefox/4.0"
20.171.207.233 - - [26/Apr/2025:12:09:33 -0400] "GET /?p=10868 HTTP/1.1" 301 0 "-" "Mozilla/5.0 AppleWebKit/537.36 (KHTML, like Gecko; compatible; GPTBot/1.2; +https://openai.com/gptbot)"
204.8.96.111 - - [26/Apr/2025:12:09:34 -0400] "POST /Form HTTP/1.1" 404 564831 "https://arsn.media/Form" "Mozilla/5.0 (X11; U; Linux x86_64; pl-PL; rv:2.0) Gecko/20110307 Firefox/4.0"
20.171.207.233 - - [26/Apr/2025:12:09:42 -0400] "GET /wp-content/uploads/2024/07/2147787625-1.jpg HTTP/1.1" 200 94969 "-" "Mozilla/5.0 AppleWebKit/537.36 (KHTML, like Gecko; compatible; GPTBot/1.2; +https://openai.com/gptbot)"
45.84.107.101 - - [26/Apr/2025:12:09:46 -0400] "POST /Form HTTP/1.1" 404 564831 "https://arsn.media/Form" "Mozilla/5.0 (X11; U; Linux x86_64; pl-PL; rv:2.0) Gecko/20110307 Firefox/4.0"
20.171.207.233 - - [26/Apr/2025:12:09:49 -0400] "GET /wp-content/uploads/2024/07/2149241221-1-768x512.jpg HTTP/1.1" 200 59794 "-" "Mozilla/5.0 AppleWebKit/537.36 (KHTML, like Gecko; compatible; GPTBot/1.2; +https://openai.com/gptbot)"
66.29.132.124 - - [26/Apr/2025:12:09:53 -0400] "POST /wp-cron.php?doing_wp_cron=1745683793.0519499778747558593750 HTTP/1.1" 200 0 "-" "WordPress/6.8; https://arsn.media"
198.54.114.13 - - [26/Apr/2025:12:09:52 -0400] "POST /wp-login.php HTTP/1.1" 200 1963 "https://arsn.media" "Mozilla/5.0 (Macintosh; Intel Mac OS X 10_15_7) AppleWebKit/537.36 (KHTML, like Gecko) Chrome/112.0.5615.138 Safari/537.36"
66.29.132.124 - - [26/Apr/2025:12:09:55 -0400] "POST /wp-admin/admin-ajax.php?action=async_litespeed&nonce=eYJAkCtEGXlMfIsn2qTEXoYhVx2xnnRg&litespeed_type=imgoptm HTTP/1.1" 200 0 "-" "WordPress/6.8; https://arsn.media"
66.29.132.124 - - [26/Apr/2025:12:09:55 -0400] "POST /wp-cron.php?doing_wp_cron=1745683794.6214048862457275390625 HTTP/1.1" 200 0 "-" "WordPress/6.8; https://arsn.media"
45.84.107.74 - - [26/Apr/2025:12:09:52 -0400] "POST / HTTP/1.1" 200 639516 "https://arsn.media" "Mozilla/5.0 (X11; U; Linux x86_64; pl-PL; rv:2.0) Gecko/20110307 Firefox/4.0"
20.171.207.233 - - [26/Apr/2025:12:09:58 -0400] "GET /wp-content/uploads/2024/07/133556-1.jpg HTTP/1.1" 200 102310 "-" "Mozilla/5.0 AppleWebKit/537.36 (KHTML, like Gecko; compatible; GPTBot/1.2; +https://openai.com/gptbot)"
20.171.207.233 - - [26/Apr/2025:12:10:04 -0400] "GET /wp-content/uploads/2024/06/Seo-Audit.png HTTP/1.1" 200 128011 "-" "Mozilla/5.0 AppleWebKit/537.36 (KHTML, like Gecko; compatible; GPTBot/1.2; +https://openai.com/gptbot)"
193.189.100.204 - - [26/Apr/2025:12:10:04 -0400] "POST / HTTP/1.1" 200 639516 "https://arsn.media" "Mozilla/5.0 (X11; U; Linux x86_64; pl-PL; rv:2.0) Gecko/20110307 Firefox/4.0"
20.171.207.233 - - [26/Apr/2025:12:10:10 -0400] "GET /wp-content/uploads/2020/09/ARSN-Final-Logos-scaled.jpg%202560w,%20https:/arsn.media/wp-content/uploads/2020/09/ARSN-Final-Logos-300x138.jpg%20300w,%20https:/arsn.media/wp-content/uploads/2020/09/ARSN-Final-Logos-1024x471.jpg%201024w,%20https:/arsn.media/ARSN-Final-Logos-768x353.jpg%20768w,%20https:/ARSN-Final-Logos-1536x706.jpg%201536w,%20https:/ARSN-Final-Logos-2048x942.jpg%202048w HTTP/1.1" 404 39596 "-" "Mozilla/5.0 AppleWebKit/537.36 (KHTML, like Gecko; compatible; GPTBot/1.2; +https://openai.com/gptbot)"
20.171.207.233 - - [26/Apr/2025:12:10:15 -0400] "GET /wp-content/uploads/2020/10/404.png%20707w,%20https:/arsn.media/wp-content/uploads/2020/10/404-300x110.png%20300w HTTP/1.1" 404 39403 "-" "Mozilla/5.0 AppleWebKit/537.36 (KHTML, like Gecko; compatible; GPTBot/1.2; +https://openai.com/gptbot)"
20.171.207.233 - - [26/Apr/2025:12:10:20 -0400] "GET /wp-content/uploads/2024/06/competitive-analysis.png HTTP/1.1" 200 124391 "-" "Mozilla/5.0 AppleWebKit/537.36 (KHTML, like Gecko; compatible; GPTBot/1.2; +https://openai.com/gptbot)"
109.70.100.2 - - [26/Apr/2025:12:10:20 -0400] "POST / HTTP/1.1" 200 639516 "https://arsn.media" "Mozilla/5.0 (X11; U; Linux x86_64; pl-PL; rv:2.0) Gecko/20110307 Firefox/4.0"
20.171.207.233 - - [26/Apr/2025:12:10:26 -0400] "GET /wp-content/uploads/2024/06/sitemap-submissions.png HTTP/1.1" 200 136741 "-" "Mozilla/5.0 AppleWebKit/537.36 (KHTML, like Gecko; compatible; GPTBot/1.2; +https://openai.com/gptbot)"
109.70.100.2 - - [26/Apr/2025:12:10:26 -0400] "POST / HTTP/1.1" 200 639516 "https://arsn.media" "Mozilla/5.0 (X11; U; Linux x86_64; pl-PL; rv:2.0) Gecko/20110307 Firefox/4.0"
20.171.207.233 - - [26/Apr/2025:12:10:30 -0400] "GET /wp-content/uploads/2024/06/Keyword-Research.png HTTP/1.1" 200 155985 "-" "Mozilla/5.0 AppleWebKit/537.36 (KHTML, like Gecko; compatible; GPTBot/1.2; +https://openai.com/gptbot)"
