OwlCyberSecurity - MANAGER
Edit File: cosmopolitanestates.com.arsn.media-ssl_log
66.29.132.124 - - [27/Apr/2025:04:05:37 -0400] "GET / HTTP/1.1" 200 203327 "-" "Mozilla/5.0 (Windows NT 10.0; Win64; x64; rv:122.0) Gecko/20100101 Firefox/122.0"
66.29.132.124 - - [27/Apr/2025:04:07:27 -0400] "POST /wp-cron.php?doing_wp_cron=1745741247.6018040180206298828125 HTTP/1.1" 200 0 "-" "WordPress/6.8; https://cosmopolitanestates.com"
51.83.105.135 - - [27/Apr/2025:04:07:21 -0400] "GET / HTTP/1.1" 301 0 "http://www.cosmopolitanestates.com" "Mozilla/5.0 (Windows NT 10.0; Win64; x64; rv:136.0) Gecko/20100101 Firefox/136.0"
51.83.105.135 - - [27/Apr/2025:04:07:28 -0400] "GET / HTTP/1.1" 200 43683 "https://www.cosmopolitanestates.com/" "Mozilla/5.0 (Windows NT 10.0; Win64; x64; rv:136.0) Gecko/20100101 Firefox/136.0"
66.29.132.124 - - [27/Apr/2025:04:07:28 -0400] "POST /wp-admin/admin-ajax.php?action=async_litespeed&nonce=Vqj79Mu5Cq4vPyzRIPYmg94deHZCgZc0&litespeed_type=imgoptm HTTP/1.1" 200 0 "-" "WordPress/6.8; https://cosmopolitanestates.com"
66.29.132.124 - - [27/Apr/2025:04:07:30 -0400] "POST /wp-cron.php?doing_wp_cron=1745741250.0116760730743408203125 HTTP/1.1" 200 0 "-" "WordPress/6.8; https://cosmopolitanestates.com"
51.83.105.135 - - [27/Apr/2025:04:07:29 -0400] "GET /ads.txt HTTP/1.1" 404 28069 "http://cosmopolitanestates.com/ads.txt" "Mozilla/5.0 (Windows NT 10.0; Win64; x64; rv:136.0) Gecko/20100101 Firefox/136.0"
66.29.132.124 - - [27/Apr/2025:05:20:27 -0400] "POST /wp-cron.php?doing_wp_cron=1745745626.9628059864044189453125 HTTP/1.1" 200 0 "-" "WordPress/6.8; https://cosmopolitanestates.com"
66.29.132.124 - - [27/Apr/2025:05:20:27 -0400] "POST /wp-admin/admin-ajax.php?action=async_litespeed&nonce=YpA6HBOIAPvmeyOUK9JtvEfW0YY4y75S&litespeed_type=imgoptm HTTP/1.1" 200 21 "-" "WordPress/6.8; https://cosmopolitanestates.com"
152.53.225.138 - - [27/Apr/2025:05:20:23 -0400] "GET /wp-content/plugins/HelloDollyV2/hello_dolly_v2.php HTTP/1.1" 404 28101 "www.google.com" "Mozlila/5.0 (Linux; Android 7.0; SM-G892A Bulid/NRD90M; wv) AppleWebKit/537.36 (KHTML, like Gecko) Version/4.0 Chrome/60.0.3112.107 Moblie Safari/537.36"
152.53.225.138 - - [27/Apr/2025:05:20:36 -0400] "GET /wp-content/themes/hello_dolly_v2.php HTTP/1.1" 404 28090 "www.google.com" "Mozlila/5.0 (Linux; Android 7.0; SM-G892A Bulid/NRD90M; wv) AppleWebKit/537.36 (KHTML, like Gecko) Version/4.0 Chrome/60.0.3112.107 Moblie Safari/537.36"
66.29.132.124 - - [27/Apr/2025:05:34:44 -0400] "POST /wp-cron.php?doing_wp_cron=1745746484.4998691082000732421875 HTTP/1.1" 200 0 "-" "WordPress/6.8; https://cosmopolitanestates.com"
94.103.185.72 - - [27/Apr/2025:05:34:40 -0400] "POST /xmlrpc.php HTTP/1.1" 200 403 "-" "Mozilla/5.0 (Windows NT 10.0; WOW64; rv:52.0) Gecko/20100101 Firefox/52.0"
66.29.132.124 - - [27/Apr/2025:05:34:44 -0400] "POST /wp-admin/admin-ajax.php?action=async_litespeed&nonce=8bUEbRet5mi9vWILfoI9v8R7Ah3Lr8mj&litespeed_type=imgoptm HTTP/1.1" 200 21 "-" "WordPress/6.8; https://cosmopolitanestates.com"
66.29.132.124 - - [27/Apr/2025:05:34:50 -0400] "POST /wp-cron.php?doing_wp_cron=1745746490.5501699447631835937500 HTTP/1.1" 200 0 "-" "WordPress/6.8; https://cosmopolitanestates.com"
222.255.136.66 - - [27/Apr/2025:05:34:50 -0400] "POST /xmlrpc.php HTTP/1.1" 200 403 "-" "Mozilla/5.0 (Windows NT 10.0; Win64; x64; rv:59.0) Gecko/20100101 Firefox/59.0"
185.102.77.36 - - [27/Apr/2025:05:34:50 -0400] "POST /xmlrpc.php HTTP/1.1" 200 403 "-" "Mozilla/5.0 (Windows NT 6.1; WOW64; rv:44.0) Gecko/20100101 Firefox/44.0"
95.217.165.68 - - [27/Apr/2025:05:34:54 -0400] "POST /xmlrpc.php HTTP/1.1" 200 403 "-" "Mozilla/5.0 (Windows NT 10.0; Win64; x64) AppleWebKit/537.36 (KHTML, like Gecko) Chrome/64.0.3282.186 Safari/537.36"
191.96.52.13 - - [27/Apr/2025:05:34:58 -0400] "POST /xmlrpc.php HTTP/1.1" 200 403 "-" "Mozilla/5.0 (Windows NT 6.1; WOW64; rv:43.0) Gecko/20100101 Firefox/43.0"
94.130.50.78 - - [27/Apr/2025:05:35:06 -0400] "POST /xmlrpc.php HTTP/1.1" 200 403 "-" "Mozilla/5.0 (Windows NT 6.1; WOW64; rv:47.0) Gecko/20100101 Firefox/47.0"
94.130.50.78 - - [27/Apr/2025:05:35:10 -0400] "POST /xmlrpc.php HTTP/1.1" 200 403 "-" "Mozilla/5.0 (Windows NT 6.1; rv:17.0) Gecko/20100101 Firefox/20.6.14"
66.29.132.124 - - [27/Apr/2025:05:35:28 -0400] "POST /wp-cron.php?doing_wp_cron=1745746528.8433139324188232421875 HTTP/1.1" 200 0 "-" "WordPress/6.8; https://cosmopolitanestates.com"
194.87.151.45 - - [27/Apr/2025:05:35:28 -0400] "POST /xmlrpc.php HTTP/1.1" 200 403 "-" "Mozilla/5.0 (Windows NT 6.1; Win64; x64; rv:25.0) Gecko/20100101 Firefox/29.0"
66.29.132.124 - - [27/Apr/2025:05:35:29 -0400] "POST /wp-admin/admin-ajax.php?action=async_litespeed&nonce=AgnSFSIM90wcVsQuk0QZolmzLLJi9Fyt&litespeed_type=imgoptm HTTP/1.1" 200 21 "-" "WordPress/6.8; https://cosmopolitanestates.com"
43.130.71.237 - - [27/Apr/2025:06:40:57 -0400] "GET / HTTP/1.1" 301 0 "http://www.cosmopolitanestates.com" "Mozilla/5.0 (iPhone; CPU iPhone OS 13_2_3 like Mac OS X) AppleWebKit/605.1.15 (KHTML, like Gecko) Version/13.0.3 Mobile/15E148 Safari/604.1"
66.29.132.124 - - [27/Apr/2025:06:41:03 -0400] "POST /wp-cron.php?doing_wp_cron=1745750463.6864900588989257812500 HTTP/1.1" 200 0 "-" "WordPress/6.8; https://cosmopolitanestates.com"
43.130.71.237 - - [27/Apr/2025:06:41:04 -0400] "GET / HTTP/1.1" 200 43683 "https://www.cosmopolitanestates.com/" "Mozilla/5.0 (iPhone; CPU iPhone OS 13_2_3 like Mac OS X) AppleWebKit/605.1.15 (KHTML, like Gecko) Version/13.0.3 Mobile/15E148 Safari/604.1"
66.29.132.124 - - [27/Apr/2025:06:41:04 -0400] "POST /wp-admin/admin-ajax.php?action=async_litespeed&nonce=yE1nsmbP7MCnST0dvDBFQBW5SKLF5DcU&litespeed_type=imgoptm HTTP/1.1" 200 0 "-" "WordPress/6.8; https://cosmopolitanestates.com"
203.2.64.59 - - [27/Apr/2025:06:48:34 -0400] "GET / HTTP/1.1" 200 43683 "http://cosmopolitanestates.com" "Mozilla/5.0 (iPhone; CPU iPhone OS 13_2_3 like Mac OS X) AppleWebKit/605.1.15 (KHTML, like Gecko) Version/13.0.3 Mobile/15E148 Safari/604.1"
150.109.230.210 - - [27/Apr/2025:07:30:19 -0400] "GET / HTTP/1.1" 200 43683 "http://cosmopolitanestates.com" "Mozilla/5.0 (iPhone; CPU iPhone OS 13_2_3 like Mac OS X) AppleWebKit/605.1.15 (KHTML, like Gecko) Version/13.0.3 Mobile/15E148 Safari/604.1"
66.29.132.124 - - [27/Apr/2025:07:34:48 -0400] "POST /wp-cron.php?doing_wp_cron=1745753688.1037700176239013671875 HTTP/1.1" 200 0 "-" "WordPress/6.8; https://cosmopolitanestates.com"
66.29.132.124 - - [27/Apr/2025:07:34:48 -0400] "POST /wp-cron.php?doing_wp_cron=1745753688.1040699481964111328125 HTTP/1.1" 200 0 "-" "WordPress/6.8; https://cosmopolitanestates.com"
194.87.151.45 - - [27/Apr/2025:07:34:43 -0400] "POST /xmlrpc.php HTTP/1.1" 200 403 "-" "Mozilla/5.0 (Windows NT 6.1; Win64; x64) AppleWebKit/537.36 (KHTML, like Gecko) Chrome/74.0.3729.169 Safari/537.36"
43.231.115.89 - - [27/Apr/2025:07:34:44 -0400] "POST /xmlrpc.php HTTP/1.1" 200 403 "-" "Mozilla/5.0 (Windows NT 10.0; Win64; x64) AppleWebKit/537.36 (KHTML, like Gecko) Chrome/80.0.3987.163 Safari/537.36"
66.29.132.124 - - [27/Apr/2025:07:34:48 -0400] "POST /wp-admin/admin-ajax.php?action=async_litespeed&nonce=eZbR3Ka7Um4AI0dqmBcdGldTWcTg9czL&litespeed_type=imgoptm HTTP/1.1" 200 21 "-" "WordPress/6.8; https://cosmopolitanestates.com"
43.231.115.89 - - [27/Apr/2025:07:34:52 -0400] "POST /xmlrpc.php HTTP/1.1" 200 403 "-" "Mozilla/5.0 (Linux; Android 6.0.1; RedMi Note 5 Build/RB3N5C; wv) AppleWebKit/537.36 (KHTML, like Gecko) Version/4.0 Chrome/68.0.3440.91 Mobile Safari/537.36"
212.105.78.61 - - [27/Apr/2025:07:34:54 -0400] "POST /xmlrpc.php HTTP/1.1" 200 403 "-" "Mozilla/5.0 (Linux; Android 10; LM-X420) AppleWebKit/537.36 (KHTML, like Gecko) Chrome/91.0.4472.114 Mobile Safari/537.36"
20.59.58.155 - - [27/Apr/2025:07:34:55 -0400] "POST /xmlrpc.php HTTP/1.1" 200 403 "-" "Mozilla/5.0 (Windows NT 10.0; Win64; x64) AppleWebKit/537.36 (KHTML, like Gecko) Chrome/86.0.4240.198 Safari/537.36"
129.146.32.152 - - [27/Apr/2025:07:34:58 -0400] "POST /xmlrpc.php HTTP/1.1" 200 403 "-" "Mozilla/5.0 (Windows NT 6.1; WOW64; rv:52.0) Gecko/20100101 Firefox/52.0"
137.74.39.64 - - [27/Apr/2025:07:35:00 -0400] "POST /xmlrpc.php HTTP/1.1" 200 403 "-" "Mozilla/5.0 (iPad; CPU OS 14_6 like Mac OS X) AppleWebKit/605.1.15 (KHTML, like Gecko) CriOS/91.0.4472.80 Mobile/15E148 Safari/604.1"
75.119.153.221 - - [27/Apr/2025:07:35:02 -0400] "POST /xmlrpc.php HTTP/1.1" 200 403 "-" "Mozilla/5.0 (Windows NT 6.1) AppleWebKit/537.36 (KHTML, like Gecko) Chrome/56.0.2924.76 Safari/537.36"
85.128.143.240 - - [27/Apr/2025:07:35:05 -0400] "POST /xmlrpc.php HTTP/1.1" 200 403 "-" "Mozilla/5.0 (Windows NT 10.0; Win64; x64) AppleWebKit/537.36 (KHTML, like Gecko) Chrome/69.0.3497.100 Safari/537.36"
66.29.132.124 - - [27/Apr/2025:09:04:51 -0400] "POST /wp-cron.php?doing_wp_cron=1745759091.4545300006866455078125 HTTP/1.1" 200 0 "-" "WordPress/6.8; https://cosmopolitanestates.com"
86.110.243.232 - - [27/Apr/2025:09:04:48 -0400] "POST /xmlrpc.php HTTP/1.1" 200 403 "-" "Mozilla/5.0 (Windows NT 5.1; Win64; x64) AppleWebKit/537.36 (KHTML, like Gecko) Chrome/60.0.3112.90 Safari/537.36"
66.29.132.124 - - [27/Apr/2025:09:04:51 -0400] "POST /wp-admin/admin-ajax.php?action=async_litespeed&nonce=Y3yTa7POAPuJVhijsmYooeOHJHHk38BE&litespeed_type=imgoptm HTTP/1.1" 200 21 "-" "WordPress/6.8; https://cosmopolitanestates.com"
191.96.52.13 - - [27/Apr/2025:09:04:54 -0400] "POST /xmlrpc.php HTTP/1.1" 200 403 "-" "Mozilla/5.0 (Windows NT 10.0; Win64; x64) AppleWebKit/537.36 (KHTML, like Gecko) Chrome/88.0.4324.104 Safari/537.36"
137.74.39.64 - - [27/Apr/2025:09:04:55 -0400] "POST /xmlrpc.php HTTP/1.1" 200 403 "-" "Mozilla/5.0 (Windows NT 10.0; Win64; x64) AppleWebKit/537.36 (KHTML, like Gecko) Chrome/84.0.4147.135 Safari/537.36"
185.159.153.69 - - [27/Apr/2025:09:04:57 -0400] "POST /xmlrpc.php HTTP/1.1" 200 403 "-" "Mozilla/5.0 (Windows; U; Windows NT 5.1; en-US; rv:1.7.10) Gecko/20050716 Firefox/1.0.6"
84.247.188.52 - - [27/Apr/2025:09:05:10 -0400] "POST /xmlrpc.php HTTP/1.1" 200 403 "-" "Mozilla/5.0 (Windows; U; Windows NT 5.1; en-US; rv:1.7.5) Gecko/20041107 Firefox/1.0"
84.247.188.52 - - [27/Apr/2025:09:05:11 -0400] "POST /xmlrpc.php HTTP/1.1" 200 403 "-" "Mozilla/5.0 (Windows NT 10.0; WOW64; rv:52.0) Gecko/20100101 Firefox/52.0"
20.59.58.155 - - [27/Apr/2025:09:05:22 -0400] "POST /xmlrpc.php HTTP/1.1" 200 403 "-" "Mozilla/5.0 (Windows NT 6.1; WOW64; rv:43.0) Gecko/20100101 Firefox/43.0"
69.171.231.5 - - [27/Apr/2025:10:08:36 -0400] "GET /robots.txt HTTP/1.1" 301 0 "-" "facebookexternalhit/1.1 (+http://www.facebook.com/externalhit_uatext.php)"
69.171.231.5 - - [27/Apr/2025:10:08:37 -0400] "GET /robots.txt HTTP/1.1" 200 202 "-" "facebookexternalhit/1.1 (+http://www.facebook.com/externalhit_uatext.php)"
66.29.132.124 - - [27/Apr/2025:10:08:41 -0400] "POST /wp-cron.php?doing_wp_cron=1745762921.3474550247192382812500 HTTP/1.1" 200 0 "-" "WordPress/6.8; https://cosmopolitanestates.com"
182.44.9.147 - - [27/Apr/2025:10:08:32 -0400] "GET / HTTP/1.1" 301 0 "http://www.cosmopolitanestates.com" "Mozilla/5.0 (iPhone; CPU iPhone OS 13_2_3 like Mac OS X) AppleWebKit/605.1.15 (KHTML, like Gecko) Version/13.0.3 Mobile/15E148 Safari/604.1"
66.29.132.124 - - [27/Apr/2025:10:08:42 -0400] "POST /wp-admin/admin-ajax.php?action=async_litespeed&nonce=o8TdGH2PXgrBHkO7S5aYIu7JHmOnRy55&litespeed_type=imgoptm HTTP/1.1" 200 0 "-" "WordPress/6.8; https://cosmopolitanestates.com"
182.44.9.147 - - [27/Apr/2025:10:08:44 -0400] "GET / HTTP/1.1" 200 43683 "https://www.cosmopolitanestates.com/" "Mozilla/5.0 (iPhone; CPU iPhone OS 13_2_3 like Mac OS X) AppleWebKit/605.1.15 (KHTML, like Gecko) Version/13.0.3 Mobile/15E148 Safari/604.1"
66.29.132.124 - - [27/Apr/2025:10:20:01 -0400] "POST /wp-cron.php?doing_wp_cron=1745763601.4681560993194580078125 HTTP/1.1" 200 0 "-" "WordPress/6.8; https://cosmopolitanestates.com"
66.29.132.124 - - [27/Apr/2025:10:20:02 -0400] "POST /wp-admin/admin-ajax.php?action=async_litespeed&nonce=4VzvrbvzL0MBVZyr0k6BU5XIR0Wz9epj&litespeed_type=imgoptm HTTP/1.1" 200 0 "-" "WordPress/6.8; https://cosmopolitanestates.com"
51.195.36.135 - - [27/Apr/2025:10:19:58 -0400] "GET /tmp/tmp/cache.php HTTP/1.1" 404 130282 "-" "Mozilla/5.0 (Windows NT 10.0; Win64; x64) AppleWebKit/537.36 (KHTML, like Gecko) Chrome/127.0.0.0 Safari/537.36"
51.195.36.135 - - [27/Apr/2025:10:20:06 -0400] "GET /wp-includes/Requests/Exception/HTTP/HTTP/cache.php HTTP/1.1" 404 130414 "-" "Mozilla/5.0 (Windows NT 10.0; Win64; x64) AppleWebKit/537.36 (KHTML, like Gecko) Chrome/127.0.0.0 Safari/537.36"
51.195.36.135 - - [27/Apr/2025:10:20:08 -0400] "GET /wp-content/plugins/plugins/cache.php HTTP/1.1" 404 130358 "-" "Mozilla/5.0 (Windows NT 10.0; Win64; x64) AppleWebKit/537.36 (KHTML, like Gecko) Chrome/127.0.0.0 Safari/537.36"
51.195.36.135 - - [27/Apr/2025:10:20:11 -0400] "GET /images/images/images/images/cache.php HTTP/1.1" 404 130362 "-" "Mozilla/5.0 (Windows NT 10.0; Win64; x64) AppleWebKit/537.36 (KHTML, like Gecko) Chrome/127.0.0.0 Safari/537.36"
66.29.132.124 - - [27/Apr/2025:10:33:27 -0400] "POST /wp-cron.php?doing_wp_cron=1745764407.3875219821929931640625 HTTP/1.1" 200 0 "-" "WordPress/6.8; https://cosmopolitanestates.com"
213.152.162.84 - - [27/Apr/2025:10:33:23 -0400] "POST /xmlrpc.php HTTP/1.1" 200 212 "-" "Mozilla/5.0 (Windows NT 10.0; Win64; x64) AppleWebKit/537.36 (KHTML, like Gecko) Chrome/135.0.0.0 Safari/537.36"
66.29.132.124 - - [27/Apr/2025:10:33:27 -0400] "POST /wp-admin/admin-ajax.php?action=async_litespeed&nonce=o03DbLK32aZDkcQ7cD5uubaUYf2AkhPe&litespeed_type=imgoptm HTTP/1.1" 200 21 "-" "WordPress/6.8; https://cosmopolitanestates.com"
66.29.132.124 - - [27/Apr/2025:10:56:27 -0400] "POST /wp-cron.php?doing_wp_cron=1745765787.1646289825439453125000 HTTP/1.1" 200 0 "-" "WordPress/6.8; https://cosmopolitanestates.com"
194.87.151.45 - - [27/Apr/2025:10:56:22 -0400] "POST /xmlrpc.php HTTP/1.1" 200 403 "-" "Mozilla/5.0 (Windows NT 6.1; Win64; x64) AppleWebKit/537.36 (KHTML, like Gecko) Chrome/74.0.3729.169 Safari/537.36"
66.29.132.124 - - [27/Apr/2025:10:56:28 -0400] "POST /wp-admin/admin-ajax.php?action=async_litespeed&nonce=1z1xLYzyxohH9mx4j3NymYRi0ifrwTSE&litespeed_type=imgoptm HTTP/1.1" 200 21 "-" "WordPress/6.8; https://cosmopolitanestates.com"
95.217.165.68 - - [27/Apr/2025:10:56:43 -0400] "POST /xmlrpc.php HTTP/1.1" 200 403 "-" "Mozilla/5.0 (Windows NT 10.0; Win64; x64) AppleWebKit/537.36 (KHTML, like Gecko) Chrome/89.0.4389.90 Safari/537.36"
154.209.172.130 - - [27/Apr/2025:10:56:47 -0400] "POST /xmlrpc.php HTTP/1.1" 200 403 "-" "Mozilla/5.0 (iPad; CPU OS 14_6 like Mac OS X) AppleWebKit/605.1.15 (KHTML, like Gecko) CriOS/91.0.4472.80 Mobile/15E148 Safari/604.1"
103.164.203.85 - - [27/Apr/2025:10:56:54 -0400] "POST /xmlrpc.php HTTP/1.1" 200 403 "-" "Mozilla/5.0 (Windows NT 10.0; Win64; x64) AppleWebKit/537.36 (KHTML, like Gecko) Chrome/87.0.4280.141 Safari/537.36"
194.87.151.45 - - [27/Apr/2025:10:57:03 -0400] "POST /xmlrpc.php HTTP/1.1" 200 403 "-" "Mozilla/5.0 (Windows NT 10.0; Win64; x64) AppleWebKit/537.36 (KHTML, like Gecko) Chrome/74.0.3729.169 Safari/537.36"
109.123.241.159 - - [27/Apr/2025:10:57:10 -0400] "POST /xmlrpc.php HTTP/1.1" 200 403 "-" "Mozilla/5.0 (Windows NT 10.0; Win64; x64) AppleWebKit/537.36 (KHTML, like Gecko) Chrome/74.0.3729.169 Safari/537.36"
66.29.132.124 - - [27/Apr/2025:11:05:38 -0400] "POST /wp-cron.php?doing_wp_cron=1745766338.8390629291534423828125 HTTP/1.1" 200 0 "-" "WordPress/6.8; https://cosmopolitanestates.com"
105.102.169.39 - - [27/Apr/2025:11:05:35 -0400] "POST /xmlrpc.php HTTP/1.1" 200 403 "-" "Mozilla/5.0 (Windows NT 10.0; Win64; x64) AppleWebKit/537.36 (KHTML, like Gecko) Chrome/91.0.4472.124 Safari/537.36"
66.29.132.124 - - [27/Apr/2025:11:05:39 -0400] "POST /wp-admin/admin-ajax.php?action=async_litespeed&nonce=szCljAX3ZOPNLqKgTV7whQboT1XPT4gc&litespeed_type=imgoptm HTTP/1.1" 200 21 "-" "WordPress/6.8; https://cosmopolitanestates.com"
212.85.93.221 - - [27/Apr/2025:11:05:45 -0400] "POST /xmlrpc.php HTTP/1.1" 200 403 "-" "Mozilla/5.0 (Windows NT 10.0; Win64; x64) AppleWebKit/537.36 (KHTML, like Gecko) Chrome/91.0.4472.124 Safari/537.36"
66.29.132.124 - - [27/Apr/2025:11:06:43 -0400] "POST /wp-cron.php?doing_wp_cron=1745766403.6340320110321044921875 HTTP/1.1" 200 0 "-" "WordPress/6.8; https://cosmopolitanestates.com"
186.22.18.103 - - [27/Apr/2025:11:06:43 -0400] "POST /xmlrpc.php HTTP/1.1" 200 403 "-" "Mozilla/5.0 (Windows NT 10.0; Win64; x64) AppleWebKit/537.36 (KHTML, like Gecko) Chrome/91.0.4472.124 Safari/537.36"
66.29.132.124 - - [27/Apr/2025:11:06:43 -0400] "POST /wp-admin/admin-ajax.php?action=async_litespeed&nonce=SiPLnsZFDPtYiRB1ivH6HFsGDsAJ9wxK&litespeed_type=imgoptm HTTP/1.1" 200 21 "-" "WordPress/6.8; https://cosmopolitanestates.com"
66.29.132.124 - - [27/Apr/2025:11:17:45 -0400] "POST /wp-cron.php?doing_wp_cron=1745767065.1284949779510498046875 HTTP/1.1" 200 0 "-" "WordPress/6.8; https://cosmopolitanestates.com"
186.22.18.103 - - [27/Apr/2025:11:17:43 -0400] "GET /wp-json/wp/v2/users HTTP/1.1" 200 858 "-" "Mozilla/4.0 (compatible; Win32; WinHttp.WinHttpRequest.5)"
66.29.132.124 - - [27/Apr/2025:11:17:45 -0400] "POST /wp-admin/admin-ajax.php?action=async_litespeed&nonce=ezUvDniIeliwgOCayaEnI8bfbKaiYmKF&litespeed_type=imgoptm HTTP/1.1" 200 21 "-" "WordPress/6.8; https://cosmopolitanestates.com"
66.29.132.124 - - [27/Apr/2025:11:19:27 -0400] "POST /wp-cron.php?doing_wp_cron=1745767167.1861519813537597656250 HTTP/1.1" 200 0 "-" "WordPress/6.8; https://cosmopolitanestates.com"
186.22.18.103 - - [27/Apr/2025:11:19:25 -0400] "POST /xmlrpc.php HTTP/1.1" 200 403 "-" "Mozilla/5.0 (Windows NT 10.0; Win64; x64) AppleWebKit/537.36 (KHTML, like Gecko) Chrome/91.0.4472.124 Safari/537.36"
66.29.132.124 - - [27/Apr/2025:11:19:27 -0400] "POST /wp-admin/admin-ajax.php?action=async_litespeed&nonce=tdXJgm4DLuzT7j6C63qXABWaP9OV0Dv4&litespeed_type=imgoptm HTTP/1.1" 200 21 "-" "WordPress/6.8; https://cosmopolitanestates.com"
66.29.132.124 - - [27/Apr/2025:11:21:01 -0400] "POST /wp-cron.php?doing_wp_cron=1745767261.6927049160003662109375 HTTP/1.1" 200 0 "-" "WordPress/6.8; https://cosmopolitanestates.com"
186.22.18.103 - - [27/Apr/2025:11:20:59 -0400] "POST /xmlrpc.php HTTP/1.1" 200 403 "-" "Mozilla/5.0 (Windows NT 10.0; Win64; x64) AppleWebKit/537.36 (KHTML, like Gecko) Chrome/91.0.4472.124 Safari/537.36"
66.29.132.124 - - [27/Apr/2025:11:21:01 -0400] "POST /wp-admin/admin-ajax.php?action=async_litespeed&nonce=Y7a3cjcys8s3PNNBFdFzyGf9bKaNONzf&litespeed_type=imgoptm HTTP/1.1" 200 21 "-" "WordPress/6.8; https://cosmopolitanestates.com"
66.29.132.124 - - [27/Apr/2025:11:22:35 -0400] "POST /wp-cron.php?doing_wp_cron=1745767355.7343730926513671875000 HTTP/1.1" 200 0 "-" "WordPress/6.8; https://cosmopolitanestates.com"
186.22.18.103 - - [27/Apr/2025:11:22:34 -0400] "POST /xmlrpc.php HTTP/1.1" 200 403 "-" "Mozilla/5.0 (Windows NT 10.0; Win64; x64) AppleWebKit/537.36 (KHTML, like Gecko) Chrome/91.0.4472.124 Safari/537.36"
66.29.132.124 - - [27/Apr/2025:11:22:36 -0400] "POST /wp-admin/admin-ajax.php?action=async_litespeed&nonce=ZFr4OhFqbh9dlUss5tD3QAIKC9IvHX2y&litespeed_type=imgoptm HTTP/1.1" 200 21 "-" "WordPress/6.8; https://cosmopolitanestates.com"
66.29.132.124 - - [27/Apr/2025:11:24:03 -0400] "POST /wp-cron.php?doing_wp_cron=1745767443.4455668926239013671875 HTTP/1.1" 200 0 "-" "WordPress/6.8; https://cosmopolitanestates.com"
186.22.18.103 - - [27/Apr/2025:11:24:01 -0400] "POST /xmlrpc.php HTTP/1.1" 200 403 "-" "Mozilla/5.0 (Windows NT 10.0; Win64; x64) AppleWebKit/537.36 (KHTML, like Gecko) Chrome/91.0.4472.124 Safari/537.36"
66.29.132.124 - - [27/Apr/2025:11:24:03 -0400] "POST /wp-admin/admin-ajax.php?action=async_litespeed&nonce=bl6xTmxMORXoid0dCQpUAix7n5taPoue&litespeed_type=imgoptm HTTP/1.1" 200 21 "-" "WordPress/6.8; https://cosmopolitanestates.com"
66.29.132.124 - - [27/Apr/2025:11:25:29 -0400] "POST /wp-cron.php?doing_wp_cron=1745767529.7433080673217773437500 HTTP/1.1" 200 0 "-" "WordPress/6.8; https://cosmopolitanestates.com"
186.22.18.103 - - [27/Apr/2025:11:25:27 -0400] "POST /xmlrpc.php HTTP/1.1" 200 403 "-" "Mozilla/5.0 (Windows NT 10.0; Win64; x64) AppleWebKit/537.36 (KHTML, like Gecko) Chrome/91.0.4472.124 Safari/537.36"
66.29.132.124 - - [27/Apr/2025:11:25:29 -0400] "POST /wp-admin/admin-ajax.php?action=async_litespeed&nonce=KVWasLJ0DQQgbmab6Z5cgLFZ8WOcPgYN&litespeed_type=imgoptm HTTP/1.1" 200 21 "-" "WordPress/6.8; https://cosmopolitanestates.com"
66.29.132.124 - - [27/Apr/2025:11:26:51 -0400] "POST /wp-cron.php?doing_wp_cron=1745767611.5042600631713867187500 HTTP/1.1" 200 0 "-" "WordPress/6.8; https://cosmopolitanestates.com"
186.22.18.103 - - [27/Apr/2025:11:26:51 -0400] "POST /xmlrpc.php HTTP/1.1" 200 403 "-" "Mozilla/5.0 (Windows NT 10.0; Win64; x64) AppleWebKit/537.36 (KHTML, like Gecko) Chrome/91.0.4472.124 Safari/537.36"
66.29.132.124 - - [27/Apr/2025:11:26:51 -0400] "POST /wp-admin/admin-ajax.php?action=async_litespeed&nonce=orXOyMJcEdtdAYkzhXsxBPf8IQeGVfum&litespeed_type=imgoptm HTTP/1.1" 200 21 "-" "WordPress/6.8; https://cosmopolitanestates.com"
66.29.132.124 - - [27/Apr/2025:11:28:18 -0400] "POST /wp-cron.php?doing_wp_cron=1745767698.4858040809631347656250 HTTP/1.1" 200 0 "-" "WordPress/6.8; https://cosmopolitanestates.com"
186.22.18.103 - - [27/Apr/2025:11:28:17 -0400] "POST /xmlrpc.php HTTP/1.1" 200 403 "-" "Mozilla/5.0 (Windows NT 10.0; Win64; x64) AppleWebKit/537.36 (KHTML, like Gecko) Chrome/91.0.4472.124 Safari/537.36"
66.29.132.124 - - [27/Apr/2025:11:28:18 -0400] "POST /wp-admin/admin-ajax.php?action=async_litespeed&nonce=Xy0tjVZFbZOt5kN8Y9yqCt0f9HH1SimN&litespeed_type=imgoptm HTTP/1.1" 200 21 "-" "WordPress/6.8; https://cosmopolitanestates.com"
66.29.132.124 - - [27/Apr/2025:11:29:45 -0400] "POST /wp-cron.php?doing_wp_cron=1745767785.2621209621429443359375 HTTP/1.1" 200 0 "-" "WordPress/6.8; https://cosmopolitanestates.com"
186.22.18.103 - - [27/Apr/2025:11:29:43 -0400] "POST /xmlrpc.php HTTP/1.1" 200 403 "-" "Mozilla/5.0 (Windows NT 10.0; Win64; x64) AppleWebKit/537.36 (KHTML, like Gecko) Chrome/91.0.4472.124 Safari/537.36"
66.29.132.124 - - [27/Apr/2025:11:29:45 -0400] "POST /wp-admin/admin-ajax.php?action=async_litespeed&nonce=AlLa9HZtD9HnUHXdGABW4gk8pSVSD1S1&litespeed_type=imgoptm HTTP/1.1" 200 21 "-" "WordPress/6.8; https://cosmopolitanestates.com"
66.29.132.124 - - [27/Apr/2025:11:31:26 -0400] "POST /wp-cron.php?doing_wp_cron=1745767886.3946590423583984375000 HTTP/1.1" 200 0 "-" "WordPress/6.8; https://cosmopolitanestates.com"
186.22.18.103 - - [27/Apr/2025:11:31:24 -0400] "POST /xmlrpc.php HTTP/1.1" 200 403 "-" "Mozilla/5.0 (Windows NT 10.0; Win64; x64) AppleWebKit/537.36 (KHTML, like Gecko) Chrome/91.0.4472.124 Safari/537.36"
66.29.132.124 - - [27/Apr/2025:11:31:26 -0400] "POST /wp-admin/admin-ajax.php?action=async_litespeed&nonce=YwTQTUdH87z3ELKOtA4qT49IbB43jxn1&litespeed_type=imgoptm HTTP/1.1" 200 21 "-" "WordPress/6.8; https://cosmopolitanestates.com"
66.29.132.124 - - [27/Apr/2025:11:32:53 -0400] "POST /wp-cron.php?doing_wp_cron=1745767973.7325129508972167968750 HTTP/1.1" 200 0 "-" "WordPress/6.8; https://cosmopolitanestates.com"
186.22.18.103 - - [27/Apr/2025:11:32:51 -0400] "POST /xmlrpc.php HTTP/1.1" 200 403 "-" "Mozilla/5.0 (Windows NT 10.0; Win64; x64) AppleWebKit/537.36 (KHTML, like Gecko) Chrome/91.0.4472.124 Safari/537.36"
66.29.132.124 - - [27/Apr/2025:11:32:54 -0400] "POST /wp-admin/admin-ajax.php?action=async_litespeed&nonce=VsobR7sDPfmNNkTL0BrT34e9beV46p1X&litespeed_type=imgoptm HTTP/1.1" 200 21 "-" "WordPress/6.8; https://cosmopolitanestates.com"
66.29.132.124 - - [27/Apr/2025:11:34:20 -0400] "POST /wp-cron.php?doing_wp_cron=1745768060.1309669017791748046875 HTTP/1.1" 200 0 "-" "WordPress/6.8; https://cosmopolitanestates.com"
186.22.18.103 - - [27/Apr/2025:11:34:18 -0400] "POST /xmlrpc.php HTTP/1.1" 200 403 "-" "Mozilla/5.0 (Windows NT 10.0; Win64; x64) AppleWebKit/537.36 (KHTML, like Gecko) Chrome/91.0.4472.124 Safari/537.36"
66.29.132.124 - - [27/Apr/2025:11:34:20 -0400] "POST /wp-admin/admin-ajax.php?action=async_litespeed&nonce=c3PJahQk6P6fqpVM8BjwQFLBQVOrpNg9&litespeed_type=imgoptm HTTP/1.1" 200 21 "-" "WordPress/6.8; https://cosmopolitanestates.com"
66.29.132.124 - - [27/Apr/2025:11:35:50 -0400] "POST /wp-cron.php?doing_wp_cron=1745768150.7876648902893066406250 HTTP/1.1" 200 0 "-" "WordPress/6.8; https://cosmopolitanestates.com"
186.22.18.103 - - [27/Apr/2025:11:35:49 -0400] "POST /xmlrpc.php HTTP/1.1" 200 403 "-" "Mozilla/5.0 (Windows NT 10.0; Win64; x64) AppleWebKit/537.36 (KHTML, like Gecko) Chrome/91.0.4472.124 Safari/537.36"
66.29.132.124 - - [27/Apr/2025:11:35:51 -0400] "POST /wp-admin/admin-ajax.php?action=async_litespeed&nonce=qOqVUObZBEs2e5wItmMxjdz1DYm3JBae&litespeed_type=imgoptm HTTP/1.1" 200 21 "-" "WordPress/6.8; https://cosmopolitanestates.com"
66.29.132.124 - - [27/Apr/2025:11:37:16 -0400] "POST /wp-cron.php?doing_wp_cron=1745768236.1614580154418945312500 HTTP/1.1" 200 0 "-" "WordPress/6.8; https://cosmopolitanestates.com"
186.22.18.103 - - [27/Apr/2025:11:37:14 -0400] "POST /xmlrpc.php HTTP/1.1" 200 403 "-" "Mozilla/5.0 (Windows NT 10.0; Win64; x64) AppleWebKit/537.36 (KHTML, like Gecko) Chrome/91.0.4472.124 Safari/537.36"
66.29.132.124 - - [27/Apr/2025:11:37:16 -0400] "POST /wp-admin/admin-ajax.php?action=async_litespeed&nonce=2BVpqNlpIGCcmjkq11Y2DXvvKUCY6g9J&litespeed_type=imgoptm HTTP/1.1" 200 21 "-" "WordPress/6.8; https://cosmopolitanestates.com"
66.29.132.124 - - [27/Apr/2025:11:38:42 -0400] "POST /wp-cron.php?doing_wp_cron=1745768322.4148690700531005859375 HTTP/1.1" 200 0 "-" "WordPress/6.8; https://cosmopolitanestates.com"
186.22.18.103 - - [27/Apr/2025:11:38:40 -0400] "POST /xmlrpc.php HTTP/1.1" 200 403 "-" "Mozilla/5.0 (Windows NT 10.0; Win64; x64) AppleWebKit/537.36 (KHTML, like Gecko) Chrome/91.0.4472.124 Safari/537.36"
66.29.132.124 - - [27/Apr/2025:11:38:42 -0400] "POST /wp-admin/admin-ajax.php?action=async_litespeed&nonce=ly8TmXANH6H33aJO9wuol9f1lUzqJwFe&litespeed_type=imgoptm HTTP/1.1" 200 21 "-" "WordPress/6.8; https://cosmopolitanestates.com"
66.29.132.124 - - [27/Apr/2025:11:40:13 -0400] "POST /wp-cron.php?doing_wp_cron=1745768412.4625740051269531250000 HTTP/1.1" 200 0 "-" "WordPress/6.8; https://cosmopolitanestates.com"
186.22.18.103 - - [27/Apr/2025:11:40:08 -0400] "POST /xmlrpc.php HTTP/1.1" 200 403 "-" "Mozilla/5.0 (Windows NT 10.0; Win64; x64) AppleWebKit/537.36 (KHTML, like Gecko) Chrome/91.0.4472.124 Safari/537.36"
66.29.132.124 - - [27/Apr/2025:11:40:14 -0400] "POST /wp-admin/admin-ajax.php?action=async_litespeed&nonce=nFlNujMQD6oXsuVLzkCXpCEyPl4p7TaE&litespeed_type=imgoptm HTTP/1.1" 200 0 "-" "WordPress/6.8; https://cosmopolitanestates.com"
66.29.132.124 - - [27/Apr/2025:11:48:14 -0400] "POST /wp-cron.php?doing_wp_cron=1745768894.8844099044799804687500 HTTP/1.1" 200 0 "-" "WordPress/6.8; https://cosmopolitanestates.com"
186.22.18.103 - - [27/Apr/2025:11:48:12 -0400] "POST /xmlrpc.php HTTP/1.1" 200 403 "-" "Mozilla/5.0 (Windows NT 10.0; Win64; x64) AppleWebKit/537.36 (KHTML, like Gecko) Chrome/91.0.4472.124 Safari/537.36"
66.29.132.124 - - [27/Apr/2025:11:48:15 -0400] "POST /wp-admin/admin-ajax.php?action=async_litespeed&nonce=hcL4mFBtBrBJBd4F2DoUh36zWZcXerSc&litespeed_type=imgoptm HTTP/1.1" 200 21 "-" "WordPress/6.8; https://cosmopolitanestates.com"
66.29.132.124 - - [27/Apr/2025:11:49:29 -0400] "POST /wp-cron.php?doing_wp_cron=1745768969.4314119815826416015625 HTTP/1.1" 200 0 "-" "WordPress/6.8; https://cosmopolitanestates.com"
186.22.18.103 - - [27/Apr/2025:11:49:29 -0400] "POST /xmlrpc.php HTTP/1.1" 200 403 "-" "Mozilla/5.0 (Windows NT 10.0; Win64; x64) AppleWebKit/537.36 (KHTML, like Gecko) Chrome/91.0.4472.124 Safari/537.36"
66.29.132.124 - - [27/Apr/2025:11:49:29 -0400] "POST /wp-admin/admin-ajax.php?action=async_litespeed&nonce=llsTUsz9mNiRljobJGKbTpc3Pc99iD5N&litespeed_type=imgoptm HTTP/1.1" 200 21 "-" "WordPress/6.8; https://cosmopolitanestates.com"
66.29.132.124 - - [27/Apr/2025:11:50:37 -0400] "POST /wp-cron.php?doing_wp_cron=1745769037.1659910678863525390625 HTTP/1.1" 200 0 "-" "WordPress/6.8; https://cosmopolitanestates.com"
186.22.18.103 - - [27/Apr/2025:11:50:36 -0400] "POST /xmlrpc.php HTTP/1.1" 200 403 "-" "Mozilla/5.0 (Windows NT 10.0; Win64; x64) AppleWebKit/537.36 (KHTML, like Gecko) Chrome/91.0.4472.124 Safari/537.36"
66.29.132.124 - - [27/Apr/2025:11:50:37 -0400] "POST /wp-admin/admin-ajax.php?action=async_litespeed&nonce=cn1fwwauRZlrzFeaimo94hJAHKNASEWf&litespeed_type=imgoptm HTTP/1.1" 200 21 "-" "WordPress/6.8; https://cosmopolitanestates.com"
66.29.132.124 - - [27/Apr/2025:11:51:42 -0400] "POST /wp-cron.php?doing_wp_cron=1745769102.8286049365997314453125 HTTP/1.1" 200 0 "-" "WordPress/6.8; https://cosmopolitanestates.com"
186.22.18.103 - - [27/Apr/2025:11:51:42 -0400] "POST /xmlrpc.php HTTP/1.1" 200 403 "-" "Mozilla/5.0 (Windows NT 10.0; Win64; x64) AppleWebKit/537.36 (KHTML, like Gecko) Chrome/91.0.4472.124 Safari/537.36"
66.29.132.124 - - [27/Apr/2025:11:51:43 -0400] "POST /wp-admin/admin-ajax.php?action=async_litespeed&nonce=rnXNNTvLzHt6Xt2q32ghz1QKjG14VKig&litespeed_type=imgoptm HTTP/1.1" 200 21 "-" "WordPress/6.8; https://cosmopolitanestates.com"
66.29.132.124 - - [27/Apr/2025:11:52:52 -0400] "POST /wp-cron.php?doing_wp_cron=1745769172.6117138862609863281250 HTTP/1.1" 200 0 "-" "WordPress/6.8; https://cosmopolitanestates.com"
186.22.18.103 - - [27/Apr/2025:11:52:52 -0400] "POST /xmlrpc.php HTTP/1.1" 200 403 "-" "Mozilla/5.0 (Windows NT 10.0; Win64; x64) AppleWebKit/537.36 (KHTML, like Gecko) Chrome/91.0.4472.124 Safari/537.36"
66.29.132.124 - - [27/Apr/2025:11:52:52 -0400] "POST /wp-admin/admin-ajax.php?action=async_litespeed&nonce=JCds0T7OXPNFMOhRO13c9gJM3jSIq3GP&litespeed_type=imgoptm HTTP/1.1" 200 21 "-" "WordPress/6.8; https://cosmopolitanestates.com"
66.29.132.124 - - [27/Apr/2025:11:53:59 -0400] "POST /wp-cron.php?doing_wp_cron=1745769239.1771700382232666015625 HTTP/1.1" 200 0 "-" "WordPress/6.8; https://cosmopolitanestates.com"
186.22.18.103 - - [27/Apr/2025:11:53:58 -0400] "POST /xmlrpc.php HTTP/1.1" 200 403 "-" "Mozilla/5.0 (Windows NT 10.0; Win64; x64) AppleWebKit/537.36 (KHTML, like Gecko) Chrome/91.0.4472.124 Safari/537.36"
66.29.132.124 - - [27/Apr/2025:11:53:59 -0400] "POST /wp-admin/admin-ajax.php?action=async_litespeed&nonce=H9Z250StfpRb4jZhHX9yZt9fPQfS0WEE&litespeed_type=imgoptm HTTP/1.1" 200 21 "-" "WordPress/6.8; https://cosmopolitanestates.com"
66.29.132.124 - - [27/Apr/2025:11:54:58 -0400] "POST /wp-cron.php?doing_wp_cron=1745769298.7933180332183837890625 HTTP/1.1" 200 0 "-" "WordPress/6.8; https://cosmopolitanestates.com"
186.22.18.103 - - [27/Apr/2025:11:54:58 -0400] "POST /xmlrpc.php HTTP/1.1" 200 403 "-" "Mozilla/5.0 (Windows NT 10.0; Win64; x64) AppleWebKit/537.36 (KHTML, like Gecko) Chrome/91.0.4472.124 Safari/537.36"
66.29.132.124 - - [27/Apr/2025:11:54:59 -0400] "POST /wp-admin/admin-ajax.php?action=async_litespeed&nonce=BZqM7qUz27lRGdmIc2Lmi9WaE4FdgZYR&litespeed_type=imgoptm HTTP/1.1" 200 21 "-" "WordPress/6.8; https://cosmopolitanestates.com"
66.29.132.124 - - [27/Apr/2025:11:56:00 -0400] "POST /wp-cron.php?doing_wp_cron=1745769360.1624429225921630859375 HTTP/1.1" 200 0 "-" "WordPress/6.8; https://cosmopolitanestates.com"
186.22.18.103 - - [27/Apr/2025:11:55:59 -0400] "POST /xmlrpc.php HTTP/1.1" 200 403 "-" "Mozilla/5.0 (Windows NT 10.0; Win64; x64) AppleWebKit/537.36 (KHTML, like Gecko) Chrome/91.0.4472.124 Safari/537.36"
66.29.132.124 - - [27/Apr/2025:11:56:00 -0400] "POST /wp-admin/admin-ajax.php?action=async_litespeed&nonce=y4uhfRdVfelZAtSXtkU5lDe90BsN82Zy&litespeed_type=imgoptm HTTP/1.1" 200 21 "-" "WordPress/6.8; https://cosmopolitanestates.com"
66.29.132.124 - - [27/Apr/2025:11:56:59 -0400] "POST /wp-cron.php?doing_wp_cron=1745769419.9299430847167968750000 HTTP/1.1" 200 0 "-" "WordPress/6.8; https://cosmopolitanestates.com"
186.22.18.103 - - [27/Apr/2025:11:56:59 -0400] "POST /xmlrpc.php HTTP/1.1" 200 403 "-" "Mozilla/5.0 (Windows NT 10.0; Win64; x64) AppleWebKit/537.36 (KHTML, like Gecko) Chrome/91.0.4472.124 Safari/537.36"
66.29.132.124 - - [27/Apr/2025:11:57:00 -0400] "POST /wp-admin/admin-ajax.php?action=async_litespeed&nonce=EsU1JyTBBkuVnsKfxbwNZp7c4uYj0m3F&litespeed_type=imgoptm HTTP/1.1" 200 21 "-" "WordPress/6.8; https://cosmopolitanestates.com"
66.29.132.124 - - [27/Apr/2025:11:57:59 -0400] "POST /wp-cron.php?doing_wp_cron=1745769479.9183709621429443359375 HTTP/1.1" 200 0 "-" "WordPress/6.8; https://cosmopolitanestates.com"
186.22.18.103 - - [27/Apr/2025:11:57:59 -0400] "POST /xmlrpc.php HTTP/1.1" 200 403 "-" "Mozilla/5.0 (Windows NT 10.0; Win64; x64) AppleWebKit/537.36 (KHTML, like Gecko) Chrome/91.0.4472.124 Safari/537.36"
66.29.132.124 - - [27/Apr/2025:11:58:00 -0400] "POST /wp-admin/admin-ajax.php?action=async_litespeed&nonce=ywR0Smdxoz5rZH1042eAvifFMBlP2J7i&litespeed_type=imgoptm HTTP/1.1" 200 21 "-" "WordPress/6.8; https://cosmopolitanestates.com"
66.29.132.124 - - [27/Apr/2025:11:58:59 -0400] "POST /wp-cron.php?doing_wp_cron=1745769539.8598968982696533203125 HTTP/1.1" 200 0 "-" "WordPress/6.8; https://cosmopolitanestates.com"
186.22.18.103 - - [27/Apr/2025:11:58:59 -0400] "POST /xmlrpc.php HTTP/1.1" 200 403 "-" "Mozilla/5.0 (Windows NT 10.0; Win64; x64) AppleWebKit/537.36 (KHTML, like Gecko) Chrome/91.0.4472.124 Safari/537.36"
66.29.132.124 - - [27/Apr/2025:11:59:00 -0400] "POST /wp-admin/admin-ajax.php?action=async_litespeed&nonce=EpBdA5A1dksHV05t7dUykznadLAHTOPV&litespeed_type=imgoptm HTTP/1.1" 200 21 "-" "WordPress/6.8; https://cosmopolitanestates.com"
66.29.132.124 - - [27/Apr/2025:12:00:10 -0400] "POST /wp-cron.php?doing_wp_cron=1745769610.7168428897857666015625 HTTP/1.1" 200 0 "-" "WordPress/6.8; https://cosmopolitanestates.com"
186.22.18.103 - - [27/Apr/2025:12:00:09 -0400] "POST /xmlrpc.php HTTP/1.1" 200 403 "-" "Mozilla/5.0 (Windows NT 10.0; Win64; x64) AppleWebKit/537.36 (KHTML, like Gecko) Chrome/91.0.4472.124 Safari/537.36"
66.29.132.124 - - [27/Apr/2025:12:00:12 -0400] "POST /wp-admin/admin-ajax.php?action=async_litespeed&nonce=AlgFrNv2MXH51TjXnysTgClk6Ibi02C0&litespeed_type=imgoptm HTTP/1.1" 200 21 "-" "WordPress/6.8; https://cosmopolitanestates.com"
66.29.132.124 - - [27/Apr/2025:12:01:20 -0400] "POST /wp-cron.php?doing_wp_cron=1745769679.9606320858001708984375 HTTP/1.1" 200 0 "-" "WordPress/6.8; https://cosmopolitanestates.com"
186.22.18.103 - - [27/Apr/2025:12:01:19 -0400] "POST /xmlrpc.php HTTP/1.1" 200 403 "-" "Mozilla/5.0 (Windows NT 10.0; Win64; x64) AppleWebKit/537.36 (KHTML, like Gecko) Chrome/91.0.4472.124 Safari/537.36"
66.29.132.124 - - [27/Apr/2025:12:01:20 -0400] "POST /wp-admin/admin-ajax.php?action=async_litespeed&nonce=2Qokj44sheZo68YSGzBHuihWbBGI6awj&litespeed_type=imgoptm HTTP/1.1" 200 21 "-" "WordPress/6.8; https://cosmopolitanestates.com"
66.29.132.124 - - [27/Apr/2025:12:02:32 -0400] "POST /wp-cron.php?doing_wp_cron=1745769752.6604781150817871093750 HTTP/1.1" 200 0 "-" "WordPress/6.8; https://cosmopolitanestates.com"
186.22.18.103 - - [27/Apr/2025:12:02:31 -0400] "POST /xmlrpc.php HTTP/1.1" 200 403 "-" "Mozilla/5.0 (Windows NT 10.0; Win64; x64) AppleWebKit/537.36 (KHTML, like Gecko) Chrome/91.0.4472.124 Safari/537.36"
66.29.132.124 - - [27/Apr/2025:12:02:33 -0400] "POST /wp-admin/admin-ajax.php?action=async_litespeed&nonce=LcgnqXs9SOmFT2ibU9NSzh4RLLD7VN8B&litespeed_type=imgoptm HTTP/1.1" 200 21 "-" "WordPress/6.8; https://cosmopolitanestates.com"
66.29.132.124 - - [27/Apr/2025:12:03:44 -0400] "POST /wp-cron.php?doing_wp_cron=1745769824.6669249534606933593750 HTTP/1.1" 200 0 "-" "WordPress/6.8; https://cosmopolitanestates.com"
186.22.18.103 - - [27/Apr/2025:12:03:44 -0400] "POST /xmlrpc.php HTTP/1.1" 200 403 "-" "Mozilla/5.0 (Windows NT 10.0; Win64; x64) AppleWebKit/537.36 (KHTML, like Gecko) Chrome/91.0.4472.124 Safari/537.36"
66.29.132.124 - - [27/Apr/2025:12:03:45 -0400] "POST /wp-admin/admin-ajax.php?action=async_litespeed&nonce=MEHGnJ15Mw6dPufJ22VxmsDsvtATqNfS&litespeed_type=imgoptm HTTP/1.1" 200 21 "-" "WordPress/6.8; https://cosmopolitanestates.com"
66.29.132.124 - - [27/Apr/2025:12:04:52 -0400] "POST /wp-cron.php?doing_wp_cron=1745769892.7711000442504882812500 HTTP/1.1" 200 0 "-" "WordPress/6.8; https://cosmopolitanestates.com"
186.22.18.103 - - [27/Apr/2025:12:04:52 -0400] "POST /xmlrpc.php HTTP/1.1" 200 403 "-" "Mozilla/5.0 (Windows NT 10.0; Win64; x64) AppleWebKit/537.36 (KHTML, like Gecko) Chrome/91.0.4472.124 Safari/537.36"
66.29.132.124 - - [27/Apr/2025:12:04:53 -0400] "POST /wp-admin/admin-ajax.php?action=async_litespeed&nonce=0cwq36paYZf7bTPgtzgB7ewSvCNUGJeq&litespeed_type=imgoptm HTTP/1.1" 200 21 "-" "WordPress/6.8; https://cosmopolitanestates.com"
66.29.132.124 - - [27/Apr/2025:12:05:59 -0400] "POST /wp-cron.php?doing_wp_cron=1745769959.6815679073333740234375 HTTP/1.1" 200 0 "-" "WordPress/6.8; https://cosmopolitanestates.com"
186.22.18.103 - - [27/Apr/2025:12:05:59 -0400] "POST /xmlrpc.php HTTP/1.1" 200 403 "-" "Mozilla/5.0 (Windows NT 10.0; Win64; x64) AppleWebKit/537.36 (KHTML, like Gecko) Chrome/91.0.4472.124 Safari/537.36"
66.29.132.124 - - [27/Apr/2025:12:06:00 -0400] "POST /wp-admin/admin-ajax.php?action=async_litespeed&nonce=5FmFHHH5xRaoZOJu6e77AHQgyvOqffcy&litespeed_type=imgoptm HTTP/1.1" 200 21 "-" "WordPress/6.8; https://cosmopolitanestates.com"
66.29.132.124 - - [27/Apr/2025:12:06:58 -0400] "POST /wp-cron.php?doing_wp_cron=1745770018.8471059799194335937500 HTTP/1.1" 200 0 "-" "WordPress/6.8; https://cosmopolitanestates.com"
186.22.18.103 - - [27/Apr/2025:12:06:58 -0400] "POST /xmlrpc.php HTTP/1.1" 200 403 "-" "Mozilla/5.0 (Windows NT 10.0; Win64; x64) AppleWebKit/537.36 (KHTML, like Gecko) Chrome/91.0.4472.124 Safari/537.36"
66.29.132.124 - - [27/Apr/2025:12:06:59 -0400] "POST /wp-admin/admin-ajax.php?action=async_litespeed&nonce=zZYgqDGApe9LasuzpB3ycv80TB4OMidE&litespeed_type=imgoptm HTTP/1.1" 200 21 "-" "WordPress/6.8; https://cosmopolitanestates.com"
66.29.132.124 - - [27/Apr/2025:12:07:58 -0400] "POST /wp-cron.php?doing_wp_cron=1745770078.9550259113311767578125 HTTP/1.1" 200 0 "-" "WordPress/6.8; https://cosmopolitanestates.com"
186.22.18.103 - - [27/Apr/2025:12:07:58 -0400] "POST /xmlrpc.php HTTP/1.1" 200 403 "-" "Mozilla/5.0 (Windows NT 10.0; Win64; x64) AppleWebKit/537.36 (KHTML, like Gecko) Chrome/91.0.4472.124 Safari/537.36"
66.29.132.124 - - [27/Apr/2025:12:07:59 -0400] "POST /wp-admin/admin-ajax.php?action=async_litespeed&nonce=6pJ3kuWFGAkMcYvSq4a3EgENW7xuIG9H&litespeed_type=imgoptm HTTP/1.1" 200 21 "-" "WordPress/6.8; https://cosmopolitanestates.com"
66.29.132.124 - - [27/Apr/2025:12:09:01 -0400] "POST /wp-cron.php?doing_wp_cron=1745770141.9336359500885009765625 HTTP/1.1" 200 0 "-" "WordPress/6.8; https://cosmopolitanestates.com"
186.22.18.103 - - [27/Apr/2025:12:09:01 -0400] "POST /xmlrpc.php HTTP/1.1" 200 403 "-" "Mozilla/5.0 (Windows NT 10.0; Win64; x64) AppleWebKit/537.36 (KHTML, like Gecko) Chrome/91.0.4472.124 Safari/537.36"
66.29.132.124 - - [27/Apr/2025:12:09:02 -0400] "POST /wp-admin/admin-ajax.php?action=async_litespeed&nonce=9VeFJe8QeNboovXKZbDBQmR9n1Ee3Kld&litespeed_type=imgoptm HTTP/1.1" 200 21 "-" "WordPress/6.8; https://cosmopolitanestates.com"
66.29.132.124 - - [27/Apr/2025:12:10:10 -0400] "POST /wp-cron.php?doing_wp_cron=1745770210.9528789520263671875000 HTTP/1.1" 200 0 "-" "WordPress/6.8; https://cosmopolitanestates.com"
186.22.18.103 - - [27/Apr/2025:12:10:10 -0400] "POST /xmlrpc.php HTTP/1.1" 200 403 "-" "Mozilla/5.0 (Windows NT 10.0; Win64; x64) AppleWebKit/537.36 (KHTML, like Gecko) Chrome/91.0.4472.124 Safari/537.36"
66.29.132.124 - - [27/Apr/2025:12:10:11 -0400] "POST /wp-admin/admin-ajax.php?action=async_litespeed&nonce=0xvJeGTUutIVOK8KcGndcAzrVNEuHHMu&litespeed_type=imgoptm HTTP/1.1" 200 21 "-" "WordPress/6.8; https://cosmopolitanestates.com"
66.29.132.124 - - [27/Apr/2025:12:11:12 -0400] "POST /wp-cron.php?doing_wp_cron=1745770272.0866160392761230468750 HTTP/1.1" 200 0 "-" "WordPress/6.8; https://cosmopolitanestates.com"
186.22.18.103 - - [27/Apr/2025:12:11:11 -0400] "POST /xmlrpc.php HTTP/1.1" 200 403 "-" "Mozilla/5.0 (Windows NT 10.0; Win64; x64) AppleWebKit/537.36 (KHTML, like Gecko) Chrome/91.0.4472.124 Safari/537.36"
66.29.132.124 - - [27/Apr/2025:12:11:12 -0400] "POST /wp-admin/admin-ajax.php?action=async_litespeed&nonce=MjLTM1uHz0YM8wvdvL5WfFS8fmPg6CLr&litespeed_type=imgoptm HTTP/1.1" 200 21 "-" "WordPress/6.8; https://cosmopolitanestates.com"
66.29.132.124 - - [27/Apr/2025:12:12:11 -0400] "POST /wp-cron.php?doing_wp_cron=1745770331.5608921051025390625000 HTTP/1.1" 200 0 "-" "WordPress/6.8; https://cosmopolitanestates.com"
186.22.18.103 - - [27/Apr/2025:12:12:11 -0400] "POST /xmlrpc.php HTTP/1.1" 200 403 "-" "Mozilla/5.0 (Windows NT 10.0; Win64; x64) AppleWebKit/537.36 (KHTML, like Gecko) Chrome/91.0.4472.124 Safari/537.36"
66.29.132.124 - - [27/Apr/2025:12:12:12 -0400] "POST /wp-admin/admin-ajax.php?action=async_litespeed&nonce=krcdqPnhjBDC8RJmi1Uuj1UGTjI7dOy1&litespeed_type=imgoptm HTTP/1.1" 200 21 "-" "WordPress/6.8; https://cosmopolitanestates.com"
66.29.132.124 - - [27/Apr/2025:12:13:11 -0400] "POST /wp-cron.php?doing_wp_cron=1745770391.7030739784240722656250 HTTP/1.1" 200 0 "-" "WordPress/6.8; https://cosmopolitanestates.com"
186.22.18.103 - - [27/Apr/2025:12:13:11 -0400] "POST /xmlrpc.php HTTP/1.1" 200 403 "-" "Mozilla/5.0 (Windows NT 10.0; Win64; x64) AppleWebKit/537.36 (KHTML, like Gecko) Chrome/91.0.4472.124 Safari/537.36"
66.29.132.124 - - [27/Apr/2025:12:13:11 -0400] "POST /wp-admin/admin-ajax.php?action=async_litespeed&nonce=RDQX9w09Syoo3m5qfAMNV7szut3JsFwb&litespeed_type=imgoptm HTTP/1.1" 200 21 "-" "WordPress/6.8; https://cosmopolitanestates.com"
66.29.132.124 - - [27/Apr/2025:12:14:15 -0400] "POST /wp-cron.php?doing_wp_cron=1745770455.7873148918151855468750 HTTP/1.1" 200 0 "-" "WordPress/6.8; https://cosmopolitanestates.com"
186.22.18.103 - - [27/Apr/2025:12:14:15 -0400] "POST /xmlrpc.php HTTP/1.1" 200 403 "-" "Mozilla/5.0 (Windows NT 10.0; Win64; x64) AppleWebKit/537.36 (KHTML, like Gecko) Chrome/91.0.4472.124 Safari/537.36"
66.29.132.124 - - [27/Apr/2025:12:14:16 -0400] "POST /wp-admin/admin-ajax.php?action=async_litespeed&nonce=YRtZicB2r17xYRFrnA1XrmANsF3VY1sX&litespeed_type=imgoptm HTTP/1.1" 200 21 "-" "WordPress/6.8; https://cosmopolitanestates.com"
34.206.249.188 - - [27/Apr/2025:12:41:38 -0400] "GET /robots.txt HTTP/1.1" 200 151 "-" "Mozilla/5.0 AppleWebKit/537.36 (KHTML, like Gecko; compatible; Amazonbot/0.1; +https://developer.amazon.com/support/amazonbot) Chrome/119.0.6045.214 Safari/537.36"
66.29.132.124 - - [27/Apr/2025:12:41:44 -0400] "POST /wp-cron.php?doing_wp_cron=1745772104.6335890293121337890625 HTTP/1.1" 200 0 "-" "WordPress/6.8; https://cosmopolitanestates.com"
66.29.132.124 - - [27/Apr/2025:12:41:45 -0400] "POST /wp-admin/admin-ajax.php?action=async_litespeed&nonce=NeAew7zjnvGZkIAmElDXNRaJ4TxFgD2Q&litespeed_type=imgoptm HTTP/1.1" 200 0 "-" "WordPress/6.8; https://cosmopolitanestates.com"
34.206.212.24 - - [27/Apr/2025:12:41:38 -0400] "GET /our-team/ HTTP/1.1" 200 31631 "-" "Mozilla/5.0 AppleWebKit/537.36 (KHTML, like Gecko; compatible; Amazonbot/0.1; +https://developer.amazon.com/support/amazonbot) Chrome/119.0.6045.214 Safari/537.36"
66.29.132.124 - - [27/Apr/2025:13:05:15 -0400] "POST /wp-cron.php?doing_wp_cron=1745773515.1709089279174804687500 HTTP/1.1" 200 0 "-" "WordPress/6.8; https://cosmopolitanestates.com"
66.29.132.124 - - [27/Apr/2025:13:05:15 -0400] "POST /wp-admin/admin-ajax.php?action=async_litespeed&nonce=KkKF4mkqxZ6zf8MP8pSlauBjUKs1dWp6&litespeed_type=imgoptm HTTP/1.1" 200 21 "-" "WordPress/6.8; https://cosmopolitanestates.com"
52.167.144.163 - - [27/Apr/2025:13:05:07 -0400] "GET /wp-json/wp/v2/pages/12 HTTP/1.1" 200 78157 "-" "Mozilla/5.0 AppleWebKit/537.36 (KHTML, like Gecko; compatible; bingbot/2.0; +http://www.bing.com/bingbot.htm) Chrome/116.0.1938.76 Safari/537.36"
66.29.132.124 - - [27/Apr/2025:13:21:23 -0400] "POST /wp-cron.php?doing_wp_cron=1745774483.6823630332946777343750 HTTP/1.1" 200 0 "-" "WordPress/6.8; https://cosmopolitanestates.com"
43.133.14.237 - - [27/Apr/2025:13:21:17 -0400] "GET / HTTP/1.1" 301 0 "http://www.cosmopolitanestates.com" "Mozilla/5.0 (iPhone; CPU iPhone OS 13_2_3 like Mac OS X) AppleWebKit/605.1.15 (KHTML, like Gecko) Version/13.0.3 Mobile/15E148 Safari/604.1"
66.29.132.124 - - [27/Apr/2025:13:21:24 -0400] "POST /wp-admin/admin-ajax.php?action=async_litespeed&nonce=aYjZYP2QLXPR07Dm3vPvhM0hx7giAA2E&litespeed_type=imgoptm HTTP/1.1" 200 21 "-" "WordPress/6.8; https://cosmopolitanestates.com"
43.133.14.237 - - [27/Apr/2025:13:21:25 -0400] "GET / HTTP/1.1" 200 43683 "https://www.cosmopolitanestates.com/" "Mozilla/5.0 (iPhone; CPU iPhone OS 13_2_3 like Mac OS X) AppleWebKit/605.1.15 (KHTML, like Gecko) Version/13.0.3 Mobile/15E148 Safari/604.1"
139.155.139.22 - - [27/Apr/2025:13:27:16 -0400] "GET / HTTP/1.1" 200 43683 "http://cosmopolitanestates.com" "Mozilla/5.0 (iPhone; CPU iPhone OS 13_2_3 like Mac OS X) AppleWebKit/605.1.15 (KHTML, like Gecko) Version/13.0.3 Mobile/15E148 Safari/604.1"
66.29.132.124 - - [27/Apr/2025:13:46:26 -0400] "POST /wp-cron.php?doing_wp_cron=1745775986.0381090641021728515625 HTTP/1.1" 200 0 "-" "WordPress/6.8; https://cosmopolitanestates.com"
185.213.164.189 - - [27/Apr/2025:13:46:18 -0400] "POST /xmlrpc.php HTTP/1.1" 200 403 "-" "Mozilla/5.0 (Windows NT 10.0; Win64; x64) AppleWebKit/537.36 (KHTML, like Gecko) Chrome/88.0.4324.104 Safari/537.36"
66.29.132.124 - - [27/Apr/2025:13:46:26 -0400] "POST /wp-admin/admin-ajax.php?action=async_litespeed&nonce=oLaz2XEFAOM3eHKX3BBmeHA07lMUUO6c&litespeed_type=imgoptm HTTP/1.1" 200 21 "-" "WordPress/6.8; https://cosmopolitanestates.com"
66.29.132.124 - - [27/Apr/2025:13:46:30 -0400] "POST /wp-cron.php?doing_wp_cron=1745775990.7815060615539550781250 HTTP/1.1" 200 0 "-" "WordPress/6.8; https://cosmopolitanestates.com"
219.94.129.32 - - [27/Apr/2025:13:46:30 -0400] "POST /xmlrpc.php HTTP/1.1" 200 403 "-" "Mozilla/5.0 (Windows; U; Windows NT 5.1; en-US; rv:1.7.10) Gecko/20050716 Firefox/1.0.6"
62.20.146.255 - - [27/Apr/2025:13:46:35 -0400] "POST /xmlrpc.php HTTP/1.1" 200 403 "-" "Mozilla/5.0 (Windows NT 10.0; Win64; x64) AppleWebKit/537.36 (KHTML, like Gecko) Chrome/86.0.4240.198 Safari/537.36"
69.89.20.134 - - [27/Apr/2025:13:46:38 -0400] "POST /xmlrpc.php HTTP/1.1" 200 403 "-" "Mozilla/5.0 (Windows NT 10.0; Win64; x64) AppleWebKit/537.36 (KHTML, like Gecko) Chrome/87.0.4280.88 Safari/537.36"
185.98.5.202 - - [27/Apr/2025:13:46:54 -0400] "POST /xmlrpc.php HTTP/1.1" 200 403 "-" "Mozilla/5.0 (Windows NT 6.1; Win64; x64) AppleWebKit/537.36 (KHTML, like Gecko) Chrome/60.0.3112.90 Safari/537.36"
196.251.81.49 - - [27/Apr/2025:14:04:12 -0400] "GET / HTTP/1.1" 200 203327 "-" "Mozilla/5.0 (iPhone; CPU iPhone OS 17_7 like Mac OS X) AppleWebKit/605.1.15 (KHTML, like Gecko) FxiOS/132.0 Mobile/15E148 Safari/605.1.15"
66.29.132.124 - - [27/Apr/2025:14:04:18 -0400] "POST /wp-cron.php?doing_wp_cron=1745777058.6701040267944335937500 HTTP/1.1" 200 0 "-" "WordPress/6.8; https://cosmopolitanestates.com"
66.29.132.124 - - [27/Apr/2025:14:04:19 -0400] "POST /wp-admin/admin-ajax.php?action=async_litespeed&nonce=vVtM6Fr8mLAzNuyyUiBuO4YyJ0PLyqqI&litespeed_type=imgoptm HTTP/1.1" 200 21 "-" "WordPress/6.8; https://cosmopolitanestates.com"
196.251.81.49 - - [27/Apr/2025:14:04:13 -0400] "GET /about-us/ HTTP/1.1" 200 158025 "-" "Mozilla/5.0 (iPhone; CPU iPhone OS 17_7 like Mac OS X) AppleWebKit/605.1.15 (KHTML, like Gecko) FxiOS/132.0 Mobile/15E148 Safari/605.1.15"
196.251.81.49 - - [27/Apr/2025:14:04:22 -0400] "GET /contact-us/ HTTP/1.1" 200 149580 "-" "Mozilla/5.0 (iPhone; CPU iPhone OS 17_7 like Mac OS X) AppleWebKit/605.1.15 (KHTML, like Gecko) FxiOS/132.0 Mobile/15E148 Safari/605.1.15"
43.135.144.126 - - [27/Apr/2025:14:18:08 -0400] "GET / HTTP/1.1" 200 43683 "http://cosmopolitanestates.com" "Mozilla/5.0 (iPhone; CPU iPhone OS 13_2_3 like Mac OS X) AppleWebKit/605.1.15 (KHTML, like Gecko) Version/13.0.3 Mobile/15E148 Safari/604.1"
66.29.132.124 - - [27/Apr/2025:14:23:03 -0400] "POST /wp-cron.php?doing_wp_cron=1745778183.9048199653625488281250 HTTP/1.1" 200 0 "-" "WordPress/6.8; https://cosmopolitanestates.com"
196.251.81.58 - - [27/Apr/2025:14:22:55 -0400] "POST /contact-us/ HTTP/1.1" 200 149512 "https://cosmopolitanestates.com/contact-us/" "Mozilla/5.0 (iPhone; CPU iPhone OS 17_7 like Mac OS X) AppleWebKit/605.1.15 (KHTML, like Gecko) FxiOS/132.0 Mobile/15E148 Safari/605.1.15"
66.29.132.124 - - [27/Apr/2025:14:23:06 -0400] "POST /wp-admin/admin-ajax.php?action=async_litespeed&nonce=Wzvv1eETRji4tIccH4mdcJnNlbVrhvWs&litespeed_type=imgoptm HTTP/1.1" 200 0 "-" "WordPress/6.8; https://cosmopolitanestates.com"
66.29.132.124 - - [27/Apr/2025:14:27:29 -0400] "POST /wp-cron.php?doing_wp_cron=1745778449.7629020214080810546875 HTTP/1.1" 200 0 "-" "WordPress/6.8; https://cosmopolitanestates.com"
66.29.132.124 - - [27/Apr/2025:14:27:29 -0400] "POST /wp-cron.php?doing_wp_cron=1745778449.7634289264678955078125 HTTP/1.1" 200 0 "-" "WordPress/6.8; https://cosmopolitanestates.com"
66.29.132.124 - - [27/Apr/2025:14:27:29 -0400] "POST /wp-cron.php?doing_wp_cron=1745778449.7680809497833251953125 HTTP/1.1" 200 0 "-" "WordPress/6.8; https://cosmopolitanestates.com"
66.29.132.124 - - [27/Apr/2025:14:27:29 -0400] "POST /wp-cron.php?doing_wp_cron=1745778449.7677950859069824218750 HTTP/1.1" 200 0 "-" "WordPress/6.8; https://cosmopolitanestates.com"
66.29.132.124 - - [27/Apr/2025:14:27:29 -0400] "POST /wp-cron.php?doing_wp_cron=1745778449.7630228996276855468750 HTTP/1.1" 200 0 "-" "WordPress/6.8; https://cosmopolitanestates.com"
77.111.247.49 - - [27/Apr/2025:14:27:25 -0400] "GET /sites/all/libraries/fckeditor/editor/filemanager/connectors/php/connector.php?Command=GetFoldersAndFiles&Type=File&CurrentFolder=%2F HTTP/1.1" 404 23942 "-" "Mozilla/5.0 (Windows NT 10.0; Win64; x64) AppleWebKit/537.36 (KHTML, like Gecko) Chrome/133.0.0.0 Safari/537.36"
77.111.247.30 - - [27/Apr/2025:14:27:24 -0400] "GET /FCKeditor/editor/filemanager/connectors/asp/connector.asp?Command=GetFoldersAndFiles&Type=File&CurrentFolder=%2F HTTP/1.1" 404 23972 "-" "Mozilla/5.0 (Windows NT 10.0; Win64; x64) AppleWebKit/537.36 (KHTML, like Gecko) Chrome/133.0.0.0 Safari/537.36"
