OwlCyberSecurity - MANAGER
Edit File: cosmopolitanestates.com.arsn.media-ssl_log
64.227.70.2 - - [25/Apr/2025:21:41:47 -0400] "GET / HTTP/1.1" 200 203326 "-" "-"
64.227.70.2 - - [25/Apr/2025:21:41:51 -0400] "GET / HTTP/1.1" 200 203326 "-" "Mozilla/5.0 (Linux; Android 6.0; HTC One M9 Build/MRA234150) AppleWebKit/537.36 (KHTML, like Gecko) Chrome/52.0.1109.98 Mobile Safari/537.3"
64.227.70.2 - - [25/Apr/2025:21:41:51 -0400] "GET /@vite/env HTTP/1.1" 200 0 "-" "Go-http-client/1.1"
64.227.70.2 - - [25/Apr/2025:21:41:54 -0400] "GET /actuator/env HTTP/1.1" 200 0 "-" "Go-http-client/1.1"
66.29.132.124 - - [25/Apr/2025:21:41:57 -0400] "POST /wp-cron.php?doing_wp_cron=1745631717.5751121044158935546875 HTTP/1.1" 200 0 "-" "WordPress/6.8; https://cosmopolitanestates.com"
66.29.132.124 - - [25/Apr/2025:21:41:57 -0400] "POST /wp-cron.php?doing_wp_cron=1745631717.5750200748443603515625 HTTP/1.1" 200 0 "-" "WordPress/6.8; https://cosmopolitanestates.com"
66.29.132.124 - - [25/Apr/2025:21:41:57 -0400] "POST /wp-admin/admin-ajax.php?action=async_litespeed&nonce=1rsdyVXZmn0QY2FCuiys1hGvUU4ipxf7&litespeed_type=imgoptm HTTP/1.1" 200 21 "-" "WordPress/6.8; https://cosmopolitanestates.com"
64.227.70.2 - - [25/Apr/2025:21:41:57 -0400] "GET /server HTTP/1.1" 404 28046 "-" "Go-http-client/1.1"
66.29.132.124 - - [25/Apr/2025:21:42:00 -0400] "POST /wp-cron.php?doing_wp_cron=1745631720.3185129165649414062500 HTTP/1.1" 200 0 "-" "WordPress/6.8; https://cosmopolitanestates.com"
64.227.70.2 - - [25/Apr/2025:21:41:59 -0400] "GET /.vscode/sftp.json HTTP/1.1" 404 28059 "-" "Go-http-client/1.1"
64.227.70.2 - - [25/Apr/2025:21:42:01 -0400] "GET /about HTTP/1.1" 301 0 "-" "Go-http-client/1.1"
64.227.70.2 - - [25/Apr/2025:21:42:02 -0400] "GET /debug/default/view?panel=config HTTP/1.1" 404 28065 "-" "Go-http-client/1.1"
64.227.70.2 - - [25/Apr/2025:21:42:04 -0400] "GET /v2/_catalog HTTP/1.1" 404 28054 "-" "Go-http-client/1.1"
64.227.70.2 - - [25/Apr/2025:21:42:05 -0400] "GET /ecp/Current/exporttool/microsoft.exchange.ediscovery.exporttool.application HTTP/1.1" 404 28101 "-" "Go-http-client/1.1"
64.227.70.2 - - [25/Apr/2025:21:42:08 -0400] "GET /login.action HTTP/1.1" 404 28050 "-" "Go-http-client/1.1"
64.227.70.2 - - [25/Apr/2025:21:42:10 -0400] "GET /_all_dbs HTTP/1.1" 404 28050 "-" "Mozilla/5.0 (l9scan/2.0.432313e2233313e29323e26363; +https://leakix.net)"
64.227.70.2 - - [25/Apr/2025:21:42:11 -0400] "GET /.DS_Store HTTP/1.1" 404 28052 "-" "Go-http-client/1.1"
64.227.70.2 - - [25/Apr/2025:21:42:13 -0400] "GET /.env HTTP/1.1" 404 28048 "-" "Go-http-client/1.1"
64.227.70.2 - - [25/Apr/2025:21:42:15 -0400] "GET /.git/config HTTP/1.1" 403 1242 "-" "Go-http-client/1.1"
64.227.70.2 - - [25/Apr/2025:21:42:15 -0400] "GET /s/432313e2233313e29323e26363/_/;/META-INF/maven/com.atlassian.jira/jira-webapp-dist/pom.properties HTTP/1.1" 404 28124 "-" "Go-http-client/1.1"
64.227.70.2 - - [25/Apr/2025:21:42:17 -0400] "GET /config.json HTTP/1.1" 404 28055 "-" "Go-http-client/1.1"
64.227.70.2 - - [25/Apr/2025:21:42:19 -0400] "GET /telescope/requests HTTP/1.1" 404 28057 "-" "Go-http-client/1.1"
64.227.70.2 - - [25/Apr/2025:21:42:21 -0400] "GET /info.php HTTP/1.1" 404 28051 "-" "Go-http-client/1.1"
64.227.70.2 - - [25/Apr/2025:21:42:22 -0400] "GET /?rest_route=/wp/v2/users/ HTTP/1.1" 200 858 "-" "Go-http-client/1.1"
85.208.96.200 - - [25/Apr/2025:21:49:18 -0400] "GET /robots.txt HTTP/1.1" 200 151 "-" "Mozilla/5.0 (compatible; SemrushBot/7~bl; +http://www.semrush.com/bot.html)"
185.191.171.13 - - [25/Apr/2025:21:49:21 -0400] "GET / HTTP/1.1" 200 43679 "-" "Mozilla/5.0 (compatible; SemrushBot/7~bl; +http://www.semrush.com/bot.html)"
66.29.132.124 - - [25/Apr/2025:22:26:44 -0400] "POST /wp-cron.php?doing_wp_cron=1745634404.7063241004943847656250 HTTP/1.1" 200 0 "-" "WordPress/6.8; https://cosmopolitanestates.com"
191.96.52.13 - - [25/Apr/2025:22:26:37 -0400] "POST /xmlrpc.php HTTP/1.1" 200 403 "-" "Mozilla/5.0 (Windows NT 6.3; Win64; x64; rv:73.0) Gecko/20100101 Firefox/73.0"
66.29.132.124 - - [25/Apr/2025:22:26:45 -0400] "POST /wp-admin/admin-ajax.php?action=async_litespeed&nonce=vK8HTGketlcWzhiskkIkozBucS5rU4F3&litespeed_type=imgoptm HTTP/1.1" 200 21 "-" "WordPress/6.8; https://cosmopolitanestates.com"
185.102.77.36 - - [25/Apr/2025:22:26:58 -0400] "POST /xmlrpc.php HTTP/1.1" 200 403 "-" "Mozilla/5.0 (Windows NT 10.0; Win64; x64) AppleWebKit/537.36 (KHTML, like Gecko) Chrome/87.0.4280.88 Safari/537.36"
185.213.164.189 - - [25/Apr/2025:22:27:00 -0400] "POST /xmlrpc.php HTTP/1.1" 200 403 "-" "Mozilla/5.0 (Windows NT 10.0; Win64; x64) AppleWebKit/537.36 (KHTML, like Gecko) Chrome/86.0.4240.198 Safari/537.36"
193.202.110.29 - - [25/Apr/2025:22:27:02 -0400] "POST /xmlrpc.php HTTP/1.1" 200 403 "-" "Mozilla/5.0 (Windows NT 10.0; Win64; x64) AppleWebKit/537.36 (KHTML, like Gecko) Chrome/79.0.3945.117 Safari/537.36"
129.146.32.152 - - [25/Apr/2025:22:27:06 -0400] "POST /xmlrpc.php HTTP/1.1" 200 403 "-" "Mozilla/5.0 (Windows NT 10.0; Win64; x64) AppleWebKit/537.36 (KHTML, like Gecko) Chrome/79.0.3945.88 Safari/537.36"
103.97.178.14 - - [25/Apr/2025:22:27:10 -0400] "POST /xmlrpc.php HTTP/1.1" 200 403 "-" "Mozilla/5.0 (Windows NT 6.1) AppleWebKit/537.36 (KHTML, like Gecko) Chrome/56.0.2924.76 Safari/537.36"
167.235.249.143 - - [25/Apr/2025:22:27:11 -0400] "POST /xmlrpc.php HTTP/1.1" 200 403 "-" "Mozilla/5.0 (Windows NT 10.0; Win64; x64) AppleWebKit/537.36 (KHTML, like Gecko) Chrome/65.0.3325.181 Safari/537.36"
47.89.250.1 - - [25/Apr/2025:22:27:14 -0400] "POST /xmlrpc.php HTTP/1.1" 200 403 "-" "Mozilla/5.0 (Windows NT 10.0; Win64; x64) AppleWebKit/537.36 (KHTML, like Gecko) Chrome/84.0.4147.135 Safari/537.36"
194.87.151.45 - - [25/Apr/2025:22:27:18 -0400] "POST /xmlrpc.php HTTP/1.1" 200 403 "-" "Mozilla/5.0 (Windows NT 10.0; Win64; x64) AppleWebKit/537.36 (KHTML, like Gecko) Chrome/64.0.3282.186 Safari/537.36"
77.94.248.188 - - [25/Apr/2025:22:27:19 -0400] "POST /xmlrpc.php HTTP/1.1" 200 403 "-" "Mozilla/5.0 (Windows; U; Windows NT 5.1; en-US; rv:1.7.12) Gecko/20050915 Firefox/1.0.7"
66.29.132.124 - - [25/Apr/2025:22:27:25 -0400] "POST /wp-cron.php?doing_wp_cron=1745634445.2171471118927001953125 HTTP/1.1" 200 0 "-" "WordPress/6.8; https://cosmopolitanestates.com"
194.233.77.58 - - [25/Apr/2025:22:27:24 -0400] "POST /xmlrpc.php HTTP/1.1" 200 403 "-" "Mozilla/5.0 (Windows NT 10.0; WOW64) AppleWebKit/537.36 (KHTML, like Gecko) Chrome/91.0.4472.114 Safari/537.36"
47.89.250.1 - - [25/Apr/2025:22:27:24 -0400] "POST /xmlrpc.php HTTP/1.1" 200 403 "-" "Mozilla/5.0 (Windows NT 6.1; WOW64; rv:18.0) Gecko/20100101 Firefox/18.0"
66.29.132.124 - - [25/Apr/2025:22:27:26 -0400] "POST /wp-admin/admin-ajax.php?action=async_litespeed&nonce=LokKxiPw1ZsrOiQ4hNPFNJzikzNXkPWR&litespeed_type=imgoptm HTTP/1.1" 200 0 "-" "WordPress/6.8; https://cosmopolitanestates.com"
66.29.132.124 - - [25/Apr/2025:22:27:32 -0400] "POST /wp-cron.php?doing_wp_cron=1745634452.6212739944458007812500 HTTP/1.1" 200 0 "-" "WordPress/6.8; https://cosmopolitanestates.com"
20.59.58.155 - - [25/Apr/2025:22:27:31 -0400] "POST /xmlrpc.php HTTP/1.1" 200 403 "-" "Mozilla/5.0 (Windows NT 5.1; rv:33.0) Gecko/20100101 Firefox/33.0"
13.52.184.197 - - [25/Apr/2025:22:32:16 -0400] "GET / HTTP/1.1" 200 43679 "-" "Mozilla/5.0 (X11; Linux x86_64) AppleWebKit/537.36 (KHTML, like Gecko) Chrome/51.0.2704.103 Safari/537.36"
40.77.167.93 - - [25/Apr/2025:22:48:45 -0400] "GET /robots.txt HTTP/1.1" 200 139 "-" "Mozilla/5.0 AppleWebKit/537.36 (KHTML, like Gecko; compatible; bingbot/2.0; +http://www.bing.com/bingbot.htm) Chrome/116.0.1938.76 Safari/537.36"
66.29.132.124 - - [25/Apr/2025:22:49:03 -0400] "POST /wp-cron.php?doing_wp_cron=1745635743.5889220237731933593750 HTTP/1.1" 200 0 "-" "WordPress/6.8; https://cosmopolitanestates.com"
52.167.144.232 - - [25/Apr/2025:22:48:56 -0400] "GET /wp-sitemap-posts-page-1.xml HTTP/1.1" 200 347 "-" "Mozilla/5.0 AppleWebKit/537.36 (KHTML, like Gecko; compatible; bingbot/2.0; +http://www.bing.com/bingbot.htm) Chrome/116.0.1938.76 Safari/537.36"
66.29.132.124 - - [25/Apr/2025:22:49:03 -0400] "POST /wp-admin/admin-ajax.php?action=async_litespeed&nonce=kLm2yIx2sThOzlptXH2otupp2kJInLTC&litespeed_type=imgoptm HTTP/1.1" 200 21 "-" "WordPress/6.8; https://cosmopolitanestates.com"
52.167.144.232 - - [25/Apr/2025:22:50:57 -0400] "GET /wp-sitemap.xml HTTP/1.1" 200 206 "-" "Mozilla/5.0 AppleWebKit/537.36 (KHTML, like Gecko; compatible; bingbot/2.0; +http://www.bing.com/bingbot.htm) Chrome/116.0.1938.76 Safari/537.36"
66.29.132.124 - - [26/Apr/2025:00:00:20 -0400] "POST /wp-cron.php?doing_wp_cron=1745640019.8554639816284179687500 HTTP/1.1" 200 0 "-" "WordPress/6.8; https://cosmopolitanestates.com"
66.29.132.124 - - [26/Apr/2025:00:00:21 -0400] "POST /wp-admin/admin-ajax.php?action=async_litespeed&nonce=tmKy5VkMM2B8CyIn2vQILxiGqqDKB0x0&litespeed_type=imgoptm HTTP/1.1" 200 0 "-" "WordPress/6.8; https://cosmopolitanestates.com"
54.36.148.111 - - [26/Apr/2025:00:00:04 -0400] "GET /sample-page/ HTTP/1.1" 200 23930 "-" "Mozilla/5.0 (compatible; AhrefsBot/7.0; +http://ahrefs.com/robot/)"
156.249.63.252 - - [26/Apr/2025:00:03:08 -0400] "GET / HTTP/1.1" 200 36808 "http://cosmopolitanestates.com" "Mozilla/5.0 (X11; Ubuntu; Linux x86_64; rv:114.0) Gecko/20100101 Firefox/114.0"
66.29.132.124 - - [26/Apr/2025:00:03:16 -0400] "POST /wp-cron.php?doing_wp_cron=1745640195.9742009639739990234375 HTTP/1.1" 200 0 "-" "WordPress/6.8; https://cosmopolitanestates.com"
156.228.179.66 - - [26/Apr/2025:00:03:09 -0400] "POST / HTTP/1.1" 200 36775 "https://cosmopolitanestates.com/" "Mozilla/5.0 (X11; Ubuntu; Linux x86_64; rv:114.0) Gecko/20100101 Firefox/114.0"
66.29.132.124 - - [26/Apr/2025:00:03:17 -0400] "POST /wp-admin/admin-ajax.php?action=async_litespeed&nonce=G5MwoVoGP3JUT5iZi6bet2Lte187qIcm&litespeed_type=imgoptm HTTP/1.1" 200 0 "-" "WordPress/6.8; https://cosmopolitanestates.com"
66.29.132.124 - - [26/Apr/2025:00:56:35 -0400] "POST /wp-cron.php?doing_wp_cron=1745643394.7917559146881103515625 HTTP/1.1" 200 0 "-" "WordPress/6.8; https://cosmopolitanestates.com"
66.29.132.124 - - [26/Apr/2025:00:56:35 -0400] "POST /wp-cron.php?doing_wp_cron=1745643394.7885971069335937500000 HTTP/1.1" 200 0 "-" "WordPress/6.8; https://cosmopolitanestates.com"
103.97.178.14 - - [26/Apr/2025:00:56:21 -0400] "POST /xmlrpc.php HTTP/1.1" 200 403 "-" "Mozilla/5.0 (Windows NT 10.0; Win64; x64) AppleWebKit/537.36 (KHTML, like Gecko) Chrome/87.0.4280.141 Safari/537.36"
75.119.153.221 - - [26/Apr/2025:00:56:21 -0400] "POST /xmlrpc.php HTTP/1.1" 200 403 "-" "Mozilla/5.0 (Windows NT 5.1; rv:30.0) Gecko/20100101 Firefox/30.0"
20.59.58.155 - - [26/Apr/2025:00:56:20 -0400] "POST /xmlrpc.php HTTP/1.1" 200 403 "-" "Mozilla/5.0 (Windows NT 10.0; Win64; x64; rv:61.0) Gecko/20100101 Firefox/61.0"
109.123.241.159 - - [26/Apr/2025:00:56:42 -0400] "POST /xmlrpc.php HTTP/1.1" 200 403 "-" "Mozilla/5.0 (iPad; CPU OS 14_6 like Mac OS X) AppleWebKit/605.1.15 (KHTML, like Gecko) CriOS/91.0.4472.80 Mobile/15E148 Safari/604.1"
109.123.241.159 - - [26/Apr/2025:00:56:51 -0400] "POST /xmlrpc.php HTTP/1.1" 200 403 "-" "Mozilla/5.0 (Windows NT 6.1; WOW64; rv:44.0) Gecko/20100101 Firefox/44.0"
221.248.225.87 - - [26/Apr/2025:00:57:02 -0400] "POST /xmlrpc.php HTTP/1.1" 200 403 "-" "Mozilla/5.0 (Windows NT 10.0; Win64; x64) AppleWebKit/537.36 (KHTML, like Gecko) Chrome/69.0.3497.100 Safari/537.36"
129.146.32.152 - - [26/Apr/2025:00:57:02 -0400] "POST /xmlrpc.php HTTP/1.1" 200 403 "-" "Mozilla/5.0 (Windows NT 6.1; Win64; x64; rv:58.0) Gecko/20100101 Firefox/58.0"
109.123.241.159 - - [26/Apr/2025:00:57:09 -0400] "POST /xmlrpc.php HTTP/1.1" 200 403 "-" "Mozilla/5.0 (Windows NT 5.1; rv:33.0) Gecko/20100101 Firefox/33.0"
69.60.116.234 - - [26/Apr/2025:00:57:10 -0400] "POST /xmlrpc.php HTTP/1.1" 200 403 "-" "Mozilla/5.0 (Windows NT 10.0; Win64; x64; rv:62.0) Gecko/20100101 Firefox/62.0"
217.182.139.156 - - [26/Apr/2025:00:57:12 -0400] "POST /xmlrpc.php HTTP/1.1" 200 403 "-" "Mozilla/5.0 (Windows NT 10.0; Win64; x64) AppleWebKit/537.36 (KHTML, like Gecko) Chrome/64.0.3282.186 Safari/537.36"
107.150.0.65 - - [26/Apr/2025:01:04:03 -0400] "GET /.env HTTP/1.1" 403 1242 "-" "Mozilla/5.0 (Windows NT 10.0; Win64; x64) AppleWebKit/537.36 (KHTML, like Gecko) Chrome/119.0.0.0 Safari/537.36"
107.150.0.65 - - [26/Apr/2025:01:04:08 -0400] "POST / HTTP/1.1" 508 829 "-" "Mozilla/5.0 (Windows NT 10.0; Win64; x64) AppleWebKit/537.36 (KHTML, like Gecko) Chrome/119.0.0.0 Safari/537.36"
69.171.249.116 - - [26/Apr/2025:01:08:58 -0400] "GET /robots.txt HTTP/1.1" 200 202 "-" "facebookexternalhit/1.1 (+http://www.facebook.com/externalhit_uatext.php)"
66.29.132.124 - - [26/Apr/2025:01:09:10 -0400] "POST /wp-cron.php?doing_wp_cron=1745644150.0817530155181884765625 HTTP/1.1" 200 0 "-" "WordPress/6.8; https://cosmopolitanestates.com"
66.29.132.124 - - [26/Apr/2025:01:09:13 -0400] "POST /wp-admin/admin-ajax.php?action=async_litespeed&nonce=3058u2VXewNKWVNLAUmieXAVTqHBXJZx&litespeed_type=imgoptm HTTP/1.1" 200 0 "-" "WordPress/6.8; https://cosmopolitanestates.com"
66.29.132.124 - - [26/Apr/2025:01:09:17 -0400] "POST /wp-cron.php?doing_wp_cron=1745644156.9570500850677490234375 HTTP/1.1" 200 0 "-" "WordPress/6.8; https://cosmopolitanestates.com"
57.141.4.25 - - [26/Apr/2025:01:08:59 -0400] "GET /index.html HTTP/1.1" 404 130254 "-" "meta-externalagent/1.1 (+https://developers.facebook.com/docs/sharing/webmasters/crawler)"
43.135.145.73 - - [26/Apr/2025:02:18:14 -0400] "GET / HTTP/1.1" 301 0 "http://www.cosmopolitanestates.com" "Mozilla/5.0 (iPhone; CPU iPhone OS 13_2_3 like Mac OS X) AppleWebKit/605.1.15 (KHTML, like Gecko) Version/13.0.3 Mobile/15E148 Safari/604.1"
66.29.132.124 - - [26/Apr/2025:02:18:34 -0400] "POST /wp-cron.php?doing_wp_cron=1745648310.4403769969940185546875 HTTP/1.1" 200 0 "-" "WordPress/6.8; https://cosmopolitanestates.com"
43.135.145.73 - - [26/Apr/2025:02:18:38 -0400] "GET / HTTP/1.1" 200 43679 "https://www.cosmopolitanestates.com/" "Mozilla/5.0 (iPhone; CPU iPhone OS 13_2_3 like Mac OS X) AppleWebKit/605.1.15 (KHTML, like Gecko) Version/13.0.3 Mobile/15E148 Safari/604.1"
43.153.102.138 - - [26/Apr/2025:02:35:13 -0400] "GET /our-team/ HTTP/1.1" 200 31623 "-" "Mozilla/5.0 (iPhone; CPU iPhone OS 13_2_3 like Mac OS X) AppleWebKit/605.1.15 (KHTML, like Gecko) Version/13.0.3 Mobile/15E148 Safari/604.1"
49.51.252.146 - - [26/Apr/2025:02:51:13 -0400] "GET /our-team/ HTTP/1.1" 200 31623 "-" "Mozilla/5.0 (iPhone; CPU iPhone OS 13_2_3 like Mac OS X) AppleWebKit/605.1.15 (KHTML, like Gecko) Version/13.0.3 Mobile/15E148 Safari/604.1"
43.159.135.203 - - [26/Apr/2025:03:00:23 -0400] "GET /our-team/ HTTP/1.1" 200 31623 "-" "Mozilla/5.0 (iPhone; CPU iPhone OS 13_2_3 like Mac OS X) AppleWebKit/605.1.15 (KHTML, like Gecko) Version/13.0.3 Mobile/15E148 Safari/604.1"
170.106.180.139 - - [26/Apr/2025:03:10:59 -0400] "GET /our-team/ HTTP/1.1" 200 31623 "-" "Mozilla/5.0 (iPhone; CPU iPhone OS 13_2_3 like Mac OS X) AppleWebKit/605.1.15 (KHTML, like Gecko) Version/13.0.3 Mobile/15E148 Safari/604.1"
46.101.1.225 - - [26/Apr/2025:03:17:48 -0400] "GET / HTTP/1.1" 200 0 "-" "-"
66.29.132.124 - - [26/Apr/2025:03:17:59 -0400] "POST /wp-cron.php?doing_wp_cron=1745651879.0793209075927734375000 HTTP/1.1" 200 0 "-" "WordPress/6.8; https://cosmopolitanestates.com"
66.29.132.124 - - [26/Apr/2025:03:17:59 -0400] "POST /wp-cron.php?doing_wp_cron=1745651879.0877389907836914062500 HTTP/1.1" 200 0 "-" "WordPress/6.8; https://cosmopolitanestates.com"
46.101.1.225 - - [26/Apr/2025:03:17:49 -0400] "GET / HTTP/1.1" 200 0 "-" "Mozilla/5.0 (Linux; Android 6.0; HTC One M9 Build/MRA234150) AppleWebKit/537.36 (KHTML, like Gecko) Chrome/52.0.1109.98 Mobile Safari/537.3"
46.101.1.225 - - [26/Apr/2025:03:17:59 -0400] "GET /@vite/env HTTP/1.1" 301 0 "-" "Go-http-client/1.1"
66.29.132.124 - - [26/Apr/2025:03:18:01 -0400] "POST /wp-admin/admin-ajax.php?action=async_litespeed&nonce=UG064JpzxMocghkUxbLyVHnYHG4Eh8Xf&litespeed_type=imgoptm HTTP/1.1" 200 0 "-" "WordPress/6.8; https://cosmopolitanestates.com"
46.101.1.225 - - [26/Apr/2025:03:18:01 -0400] "GET /actuator/env HTTP/1.1" 301 0 "-" "Go-http-client/1.1"
46.101.1.225 - - [26/Apr/2025:03:18:03 -0400] "GET /server HTTP/1.1" 301 0 "-" "Go-http-client/1.1"
66.29.132.124 - - [26/Apr/2025:03:18:05 -0400] "GET / HTTP/1.1" 200 43679 "-" "WordPress/6.8; https://cosmopolitanestates.com"
46.101.1.225 - - [26/Apr/2025:03:18:06 -0400] "GET /.vscode/sftp.json HTTP/1.1" 301 0 "-" "Go-http-client/1.1"
46.101.1.225 - - [26/Apr/2025:03:18:08 -0400] "GET /about HTTP/1.1" 301 0 "-" "Go-http-client/1.1"
46.101.1.225 - - [26/Apr/2025:03:18:10 -0400] "GET /debug/default/view?panel=config HTTP/1.1" 301 0 "-" "Go-http-client/1.1"
46.101.1.225 - - [26/Apr/2025:03:18:13 -0400] "GET /v2/_catalog HTTP/1.1" 301 0 "-" "Go-http-client/1.1"
46.101.1.225 - - [26/Apr/2025:03:18:14 -0400] "GET /ecp/Current/exporttool/microsoft.exchange.ediscovery.exporttool.application HTTP/1.1" 301 0 "-" "Go-http-client/1.1"
46.101.1.225 - - [26/Apr/2025:03:18:17 -0400] "GET /login.action HTTP/1.1" 301 0 "-" "Go-http-client/1.1"
46.101.1.225 - - [26/Apr/2025:03:18:19 -0400] "GET /_all_dbs HTTP/1.1" 301 0 "-" "Mozilla/5.0 (l9scan/2.0.432313e2233313e29323e26363; +https://leakix.net)"
46.101.1.225 - - [26/Apr/2025:03:18:20 -0400] "GET /.DS_Store HTTP/1.1" 301 0 "-" "Go-http-client/1.1"
66.29.132.124 - - [26/Apr/2025:03:18:25 -0400] "POST /wp-cron.php?doing_wp_cron=1745651905.1508610248565673828125 HTTP/1.1" 200 0 "-" "WordPress/6.8; https://cosmopolitanestates.com"
46.101.1.225 - - [26/Apr/2025:03:18:23 -0400] "GET /.env HTTP/1.1" 301 0 "-" "Go-http-client/1.1"
46.101.1.225 - - [26/Apr/2025:03:18:26 -0400] "GET /.git/config HTTP/1.1" 403 1242 "-" "Go-http-client/1.1"
66.29.132.124 - - [26/Apr/2025:03:18:26 -0400] "POST /wp-admin/admin-ajax.php?action=async_litespeed&nonce=68ubgpmIWNApzrtgbxmMOGYkDkmbTjuI&litespeed_type=imgoptm HTTP/1.1" 200 0 "-" "WordPress/6.8; https://cosmopolitanestates.com"
46.101.1.225 - - [26/Apr/2025:03:18:27 -0400] "GET /s/432313e2233313e29323e26363/_/;/META-INF/maven/com.atlassian.jira/jira-webapp-dist/pom.properties HTTP/1.1" 301 0 "-" "Go-http-client/1.1"
46.101.1.225 - - [26/Apr/2025:03:18:29 -0400] "GET /config.json HTTP/1.1" 301 0 "-" "Go-http-client/1.1"
46.101.1.225 - - [26/Apr/2025:03:18:31 -0400] "GET /telescope/requests HTTP/1.1" 301 0 "-" "Go-http-client/1.1"
46.101.1.225 - - [26/Apr/2025:03:18:34 -0400] "GET /info.php HTTP/1.1" 301 0 "-" "Go-http-client/1.1"
46.101.1.225 - - [26/Apr/2025:03:18:36 -0400] "GET /?rest_route=/wp/v2/users/ HTTP/1.1" 200 858 "-" "Go-http-client/1.1"
43.135.135.57 - - [26/Apr/2025:03:19:51 -0400] "GET /our-team/ HTTP/1.1" 200 31623 "-" "Mozilla/5.0 (iPhone; CPU iPhone OS 13_2_3 like Mac OS X) AppleWebKit/605.1.15 (KHTML, like Gecko) Version/13.0.3 Mobile/15E148 Safari/604.1"
43.153.107.22 - - [26/Apr/2025:03:20:22 -0400] "GET / HTTP/1.1" 200 43679 "http://cosmopolitanestates.com" "Mozilla/5.0 (iPhone; CPU iPhone OS 13_2_3 like Mac OS X) AppleWebKit/605.1.15 (KHTML, like Gecko) Version/13.0.3 Mobile/15E148 Safari/604.1"
170.106.179.68 - - [26/Apr/2025:03:31:49 -0400] "GET /our-team/ HTTP/1.1" 200 31623 "-" "Mozilla/5.0 (iPhone; CPU iPhone OS 13_2_3 like Mac OS X) AppleWebKit/605.1.15 (KHTML, like Gecko) Version/13.0.3 Mobile/15E148 Safari/604.1"
43.153.113.127 - - [26/Apr/2025:03:40:51 -0400] "GET /terms-conditions/ HTTP/1.1" 200 28336 "-" "Mozilla/5.0 (iPhone; CPU iPhone OS 13_2_3 like Mac OS X) AppleWebKit/605.1.15 (KHTML, like Gecko) Version/13.0.3 Mobile/15E148 Safari/604.1"
43.130.139.177 - - [26/Apr/2025:03:50:28 -0400] "GET /our-team/ HTTP/1.1" 200 31623 "-" "Mozilla/5.0 (iPhone; CPU iPhone OS 13_2_3 like Mac OS X) AppleWebKit/605.1.15 (KHTML, like Gecko) Version/13.0.3 Mobile/15E148 Safari/604.1"
66.29.132.124 - - [26/Apr/2025:03:58:19 -0400] "POST /wp-cron.php?doing_wp_cron=1745654299.8016090393066406250000 HTTP/1.1" 200 0 "-" "WordPress/6.8; https://cosmopolitanestates.com"
43.157.170.13 - - [26/Apr/2025:03:58:10 -0400] "GET /wp-json/oembed/1.0/embed?url=https%3A%2F%2Fcosmopolitanestates.com%2Four-team%2F HTTP/1.1" 200 2103 "-" "Mozilla/5.0 (iPhone; CPU iPhone OS 13_2_3 like Mac OS X) AppleWebKit/605.1.15 (KHTML, like Gecko) Version/13.0.3 Mobile/15E148 Safari/604.1"
66.29.132.124 - - [26/Apr/2025:03:58:20 -0400] "POST /wp-admin/admin-ajax.php?action=async_litespeed&nonce=CPqVliANkbmQcwlPDLcVHilXJs89O5Ho&litespeed_type=imgoptm HTTP/1.1" 200 21 "-" "WordPress/6.8; https://cosmopolitanestates.com"
66.29.132.124 - - [26/Apr/2025:04:12:16 -0400] "GET / HTTP/1.1" 200 203326 "-" "Mozilla/5.0 (Windows NT 10.0; Win64; x64; rv:122.0) Gecko/20100101 Firefox/122.0"
49.51.72.236 - - [26/Apr/2025:04:12:40 -0400] "GET /our-team/ HTTP/1.1" 200 31623 "-" "Mozilla/5.0 (iPhone; CPU iPhone OS 13_2_3 like Mac OS X) AppleWebKit/605.1.15 (KHTML, like Gecko) Version/13.0.3 Mobile/15E148 Safari/604.1"
66.29.132.124 - - [26/Apr/2025:04:12:41 -0400] "GET / HTTP/1.1" 200 203326 "-" "Softaculous"
66.29.132.124 - - [26/Apr/2025:04:12:41 -0400] "GET / HTTP/1.1" 200 203326 "-" "Mozilla/5.0 (Windows NT 10.0; Win64; x64; rv:122.0) Gecko/20100101 Firefox/122.0"
150.109.230.210 - - [26/Apr/2025:04:21:17 -0400] "GET /our-team/ HTTP/1.1" 200 31623 "-" "Mozilla/5.0 (iPhone; CPU iPhone OS 13_2_3 like Mac OS X) AppleWebKit/605.1.15 (KHTML, like Gecko) Version/13.0.3 Mobile/15E148 Safari/604.1"
124.222.142.44 - - [26/Apr/2025:04:25:00 -0400] "GET / HTTP/1.1" 200 43679 "http://cosmopolitanestates.com" "Mozilla/5.0 (iPhone; CPU iPhone OS 13_2_3 like Mac OS X) AppleWebKit/605.1.15 (KHTML, like Gecko) Version/13.0.3 Mobile/15E148 Safari/604.1"
43.131.243.61 - - [26/Apr/2025:04:30:37 -0400] "GET /our-team/ HTTP/1.1" 200 31623 "-" "Mozilla/5.0 (iPhone; CPU iPhone OS 13_2_3 like Mac OS X) AppleWebKit/605.1.15 (KHTML, like Gecko) Version/13.0.3 Mobile/15E148 Safari/604.1"
66.29.132.124 - - [26/Apr/2025:04:39:54 -0400] "POST /wp-cron.php?doing_wp_cron=1745656793.8681120872497558593750 HTTP/1.1" 200 0 "-" "WordPress/6.8; https://cosmopolitanestates.com"
66.29.132.124 - - [26/Apr/2025:04:39:55 -0400] "POST /wp-admin/admin-ajax.php?action=async_litespeed&nonce=5WRTuaYpQZDFrNO9hZNTMrbClzoLA3GL&litespeed_type=imgoptm HTTP/1.1" 200 0 "-" "WordPress/6.8; https://cosmopolitanestates.com"
170.106.113.159 - - [26/Apr/2025:04:39:46 -0400] "GET /terms-conditions/ HTTP/1.1" 200 28331 "-" "Mozilla/5.0 (iPhone; CPU iPhone OS 13_2_3 like Mac OS X) AppleWebKit/605.1.15 (KHTML, like Gecko) Version/13.0.3 Mobile/15E148 Safari/604.1"
66.29.132.124 - - [26/Apr/2025:05:31:31 -0400] "POST /wp-cron.php?doing_wp_cron=1745659891.1729669570922851562500 HTTP/1.1" 200 0 "-" "WordPress/6.8; https://cosmopolitanestates.com"
4.227.36.31 - - [26/Apr/2025:05:31:24 -0400] "GET /robots.txt HTTP/1.1" 200 139 "-" "Mozilla/5.0 AppleWebKit/537.36 (KHTML, like Gecko; compatible; GPTBot/1.2; +https://openai.com/gptbot)"
20.171.207.246 - - [26/Apr/2025:05:31:32 -0400] "GET /wp-content/plugins/elementor/assets/js/webpack.runtime.min.js?ver=3.27.6 HTTP/1.1" 200 2228 "-" "Mozilla/5.0 AppleWebKit/537.36 (KHTML, like Gecko; compatible; GPTBot/1.2; +https://openai.com/gptbot)"
66.29.132.124 - - [26/Apr/2025:05:31:31 -0400] "POST /wp-admin/admin-ajax.php?action=async_litespeed&nonce=PeQzHLQAS5fL2IEk2J7CGZYYNRa7Pvsj&litespeed_type=imgoptm HTTP/1.1" 200 21 "-" "WordPress/6.8; https://cosmopolitanestates.com"
20.171.207.246 - - [26/Apr/2025:05:31:34 -0400] "GET /wp-content/plugins/chaty/js/cht-front-script.min.js?ver=3.3.61735117100 HTTP/1.1" 200 22150 "-" "Mozilla/5.0 AppleWebKit/537.36 (KHTML, like Gecko; compatible; GPTBot/1.2; +https://openai.com/gptbot)"
20.171.207.246 - - [26/Apr/2025:05:31:44 -0400] "GET /wp-content/plugins/elementor/assets/js/frontend-modules.min.js?ver=3.27.6 HTTP/1.1" 200 14421 "-" "Mozilla/5.0 AppleWebKit/537.36 (KHTML, like Gecko; compatible; GPTBot/1.2; +https://openai.com/gptbot)"
20.171.207.246 - - [26/Apr/2025:05:31:45 -0400] "GET /wp-content/plugins/brave-popup-builder/assets/frontend/brave.js?ver=6.7.2 HTTP/1.1" 200 23854 "-" "Mozilla/5.0 AppleWebKit/537.36 (KHTML, like Gecko; compatible; GPTBot/1.2; +https://openai.com/gptbot)"
20.171.207.246 - - [26/Apr/2025:05:31:47 -0400] "GET /wp-content/plugins/click-to-chat-for-whatsapp/new/inc/assets/js/app.js?ver=4.18 HTTP/1.1" 200 2906 "-" "Mozilla/5.0 AppleWebKit/537.36 (KHTML, like Gecko; compatible; GPTBot/1.2; +https://openai.com/gptbot)"
20.171.207.246 - - [26/Apr/2025:05:31:51 -0400] "GET /wp-content/plugins/elementor/assets/js/frontend.min.js?ver=3.27.6 HTTP/1.1" 200 13099 "-" "Mozilla/5.0 AppleWebKit/537.36 (KHTML, like Gecko; compatible; GPTBot/1.2; +https://openai.com/gptbot)"
20.171.207.246 - - [26/Apr/2025:05:31:53 -0400] "GET /wp-content/uploads/2024/12/cosmopolitan-logo-e1735301823813.png%20700w,%20https:/cosmopolitanestates.com/wp-content/uploads/2024/12/cosmopolitan-logo-e1735301823813-300x225.png%20300w HTTP/1.1" 404 23890 "-" "Mozilla/5.0 AppleWebKit/537.36 (KHTML, like Gecko; compatible; GPTBot/1.2; +https://openai.com/gptbot)"
20.171.207.246 - - [26/Apr/2025:05:31:55 -0400] "GET /wp-content/uploads/2024/12/2e.png HTTP/1.1" 200 1073097 "-" "Mozilla/5.0 AppleWebKit/537.36 (KHTML, like Gecko; compatible; GPTBot/1.2; +https://openai.com/gptbot)"
20.171.207.246 - - [26/Apr/2025:05:31:56 -0400] "GET / HTTP/1.1" 200 36819 "-" "Mozilla/5.0 AppleWebKit/537.36 (KHTML, like Gecko; compatible; GPTBot/1.2; +https://openai.com/gptbot)"
20.171.207.246 - - [26/Apr/2025:05:31:58 -0400] "GET /wp-content/plugins/header-footer-elementor/inc/js/frontend.js?ver=2.2.0 HTTP/1.1" 200 3944 "-" "Mozilla/5.0 AppleWebKit/537.36 (KHTML, like Gecko; compatible; GPTBot/1.2; +https://openai.com/gptbot)"
20.171.207.246 - - [26/Apr/2025:05:31:59 -0400] "GET /wp-includes/css/dist/block-library/style.min.css?ver=6.7.2 HTTP/1.1" 200 14358 "-" "Mozilla/5.0 AppleWebKit/537.36 (KHTML, like Gecko; compatible; GPTBot/1.2; +https://openai.com/gptbot)"
20.171.207.246 - - [26/Apr/2025:05:32:00 -0400] "GET /wp-content/plugins/elementor/assets/lib/animations/styles/e-animation-shrink.min.css?ver=3.27.6 HTTP/1.1" 200 205 "-" "Mozilla/5.0 AppleWebKit/537.36 (KHTML, like Gecko; compatible; GPTBot/1.2; +https://openai.com/gptbot)"
20.171.207.246 - - [26/Apr/2025:05:32:02 -0400] "GET /wp-content/plugins/click-to-chat-for-whatsapp/new/inc/assets/css/main.css?ver=4.18 HTTP/1.1" 200 511 "-" "Mozilla/5.0 AppleWebKit/537.36 (KHTML, like Gecko; compatible; GPTBot/1.2; +https://openai.com/gptbot)"
20.171.207.246 - - [26/Apr/2025:05:32:03 -0400] "GET /wp-content/plugins/elementor/assets/css/frontend.min.css?ver=3.27.6 HTTP/1.1" 200 6453 "-" "Mozilla/5.0 AppleWebKit/537.36 (KHTML, like Gecko; compatible; GPTBot/1.2; +https://openai.com/gptbot)"
20.171.207.246 - - [26/Apr/2025:05:32:04 -0400] "GET /wp-content/plugins/header-footer-elementor/inc/widgets-css/frontend.css?ver=2.2.0 HTTP/1.1" 200 8133 "-" "Mozilla/5.0 AppleWebKit/537.36 (KHTML, like Gecko; compatible; GPTBot/1.2; +https://openai.com/gptbot)"
20.171.207.246 - - [26/Apr/2025:05:32:05 -0400] "GET /wp-content/plugins/brave-popup-builder/assets/frontend/'+content+' HTTP/1.1" 301 0 "-" "Mozilla/5.0 AppleWebKit/537.36 (KHTML, like Gecko; compatible; GPTBot/1.2; +https://openai.com/gptbot)"
20.171.207.246 - - [26/Apr/2025:05:32:06 -0400] "GET /wp-content/plugins/elementor/assets/css/widget-image.min.css?ver=3.27.6 HTTP/1.1" 200 254 "-" "Mozilla/5.0 AppleWebKit/537.36 (KHTML, like Gecko; compatible; GPTBot/1.2; +https://openai.com/gptbot)"
20.171.207.246 - - [26/Apr/2025:05:32:07 -0400] "GET /wp-content/plugins/elementor/assets/css/widget-heading.min.css?ver=3.27.6 HTTP/1.1" 200 154 "-" "Mozilla/5.0 AppleWebKit/537.36 (KHTML, like Gecko; compatible; GPTBot/1.2; +https://openai.com/gptbot)"
20.171.207.246 - - [26/Apr/2025:05:32:08 -0400] "GET /wp-content/plugins/brave-popup-builder/assets/css/frontend.min.css?ver=6.7.2 HTTP/1.1" 200 7994 "-" "Mozilla/5.0 AppleWebKit/537.36 (KHTML, like Gecko; compatible; GPTBot/1.2; +https://openai.com/gptbot)"
20.171.207.246 - - [26/Apr/2025:05:32:09 -0400] "GET /wp-content/plugins/elementor/assets/css/widget-social-icons.min.css?ver=3.27.6 HTTP/1.1" 200 1069 "-" "Mozilla/5.0 AppleWebKit/537.36 (KHTML, like Gecko; compatible; GPTBot/1.2; +https://openai.com/gptbot)"
20.171.207.246 - - [26/Apr/2025:05:32:10 -0400] "GET /wp-content/plugins/elementor/assets/css/widget-text-editor.min.css?ver=3.27.6 HTTP/1.1" 200 208 "-" "Mozilla/5.0 AppleWebKit/537.36 (KHTML, like Gecko; compatible; GPTBot/1.2; +https://openai.com/gptbot)"
20.171.207.246 - - [26/Apr/2025:05:32:12 -0400] "GET /wp-content/plugins/header-footer-elementor/assets/css/header-footer-elementor.css?ver=2.2.0 HTTP/1.1" 200 259 "-" "Mozilla/5.0 AppleWebKit/537.36 (KHTML, like Gecko; compatible; GPTBot/1.2; +https://openai.com/gptbot)"
20.171.207.246 - - [26/Apr/2025:05:32:13 -0400] "GET /wp-content/plugins/elementor/assets/css/conditionals/apple-webkit.min.css?ver=3.27.6 HTTP/1.1" 200 472 "-" "Mozilla/5.0 AppleWebKit/537.36 (KHTML, like Gecko; compatible; GPTBot/1.2; +https://openai.com/gptbot)"
20.171.207.246 - - [26/Apr/2025:05:32:14 -0400] "GET /wp-content/plugins/elementor/assets/css/widget-image.min.css?ver=3.28.4 HTTP/1.1" 200 254 "-" "Mozilla/5.0 AppleWebKit/537.36 (KHTML, like Gecko; compatible; GPTBot/1.2; +https://openai.com/gptbot)"
20.171.207.246 - - [26/Apr/2025:05:32:16 -0400] "GET /wp-content/plugins/elementor/assets/js/frontend.min.js?ver=3.28.4 HTTP/1.1" 200 13099 "-" "Mozilla/5.0 AppleWebKit/537.36 (KHTML, like Gecko; compatible; GPTBot/1.2; +https://openai.com/gptbot)"
20.171.207.246 - - [26/Apr/2025:05:32:17 -0400] "GET /wp-content/plugins/elementor/assets/js/webpack.runtime.min.js?ver=3.28.4 HTTP/1.1" 200 2228 "-" "Mozilla/5.0 AppleWebKit/537.36 (KHTML, like Gecko; compatible; GPTBot/1.2; +https://openai.com/gptbot)"
20.171.207.246 - - [26/Apr/2025:05:32:18 -0400] "GET /wp-content/plugins/elementor/assets/css/widget-heading.min.css?ver=3.27.6 HTTP/1.1" 200 154 "-" "Mozilla/5.0 AppleWebKit/537.36 (KHTML, like Gecko; compatible; GPTBot/1.2; +https://openai.com/gptbot)"
20.171.207.246 - - [26/Apr/2025:05:32:20 -0400] "GET /wp-content/plugins/elementor/assets/js/frontend-modules.min.js?ver=3.28.4 HTTP/1.1" 200 14421 "-" "Mozilla/5.0 AppleWebKit/537.36 (KHTML, like Gecko; compatible; GPTBot/1.2; +https://openai.com/gptbot)"
20.171.207.246 - - [26/Apr/2025:05:32:21 -0400] "GET /wp-content/plugins/brave-popup-builder/assets/frontend/+content+ HTTP/1.1" 404 23872 "-" "Mozilla/5.0 AppleWebKit/537.36 (KHTML, like Gecko; compatible; GPTBot/1.2; +https://openai.com/gptbot)"
20.171.207.246 - - [26/Apr/2025:05:32:22 -0400] "GET /wp-content/plugins/elementor/assets/lib/animations/styles/e-animation-grow.min.css?ver=3.28.4 HTTP/1.1" 200 198 "-" "Mozilla/5.0 AppleWebKit/537.36 (KHTML, like Gecko; compatible; GPTBot/1.2; +https://openai.com/gptbot)"
20.171.207.246 - - [26/Apr/2025:05:32:23 -0400] "GET /wp-content/plugins/elementor/assets/lib/animations/styles/fadeInUp.min.css?ver=3.28.4 HTTP/1.1" 200 130 "-" "Mozilla/5.0 AppleWebKit/537.36 (KHTML, like Gecko; compatible; GPTBot/1.2; +https://openai.com/gptbot)"
20.171.207.246 - - [26/Apr/2025:05:32:24 -0400] "GET /wp-content/plugins/elementor/assets/lib/animations/styles/e-animation-shrink.min.css?ver=3.28.4 HTTP/1.1" 200 205 "-" "Mozilla/5.0 AppleWebKit/537.36 (KHTML, like Gecko; compatible; GPTBot/1.2; +https://openai.com/gptbot)"
20.171.207.246 - - [26/Apr/2025:05:32:25 -0400] "GET /wp-content/plugins/elementor/assets/css/widget-accordion.min.css?ver=3.28.4 HTTP/1.1" 200 377 "-" "Mozilla/5.0 AppleWebKit/537.36 (KHTML, like Gecko; compatible; GPTBot/1.2; +https://openai.com/gptbot)"
20.171.207.246 - - [26/Apr/2025:05:32:26 -0400] "GET /wp-content/plugins/elementor/assets/css/conditionals/e-swiper.min.css?ver=3.28.4 HTTP/1.1" 200 699 "-" "Mozilla/5.0 AppleWebKit/537.36 (KHTML, like Gecko; compatible; GPTBot/1.2; +https://openai.com/gptbot)"
20.171.207.246 - - [26/Apr/2025:05:32:28 -0400] "GET /wp-content/plugins/elementor/assets/css/frontend.min.css?ver=3.28.4 HTTP/1.1" 200 6453 "-" "Mozilla/5.0 AppleWebKit/537.36 (KHTML, like Gecko; compatible; GPTBot/1.2; +https://openai.com/gptbot)"
20.171.207.246 - - [26/Apr/2025:05:32:29 -0400] "GET /wp-content/plugins/elementor/assets/css/widget-icon-box.min.css?ver=3.28.4 HTTP/1.1" 200 656 "-" "Mozilla/5.0 AppleWebKit/537.36 (KHTML, like Gecko; compatible; GPTBot/1.2; +https://openai.com/gptbot)"
20.171.207.246 - - [26/Apr/2025:05:32:30 -0400] "GET /wp-content/plugins/elementor/assets/css/widget-heading.min.css?ver=3.28.4 HTTP/1.1" 200 154 "-" "Mozilla/5.0 AppleWebKit/537.36 (KHTML, like Gecko; compatible; GPTBot/1.2; +https://openai.com/gptbot)"
20.171.207.246 - - [26/Apr/2025:05:32:31 -0400] "GET /wp-content/plugins/elementor/assets/css/widget-social-icons.min.css?ver=3.28.4 HTTP/1.1" 200 1069 "-" "Mozilla/5.0 AppleWebKit/537.36 (KHTML, like Gecko; compatible; GPTBot/1.2; +https://openai.com/gptbot)"
20.171.207.246 - - [26/Apr/2025:05:32:32 -0400] "GET /wp-content/plugins/elementor/assets/css/conditionals/apple-webkit.min.css?ver=3.28.4 HTTP/1.1" 200 472 "-" "Mozilla/5.0 AppleWebKit/537.36 (KHTML, like Gecko; compatible; GPTBot/1.2; +https://openai.com/gptbot)"
20.171.207.246 - - [26/Apr/2025:05:32:33 -0400] "GET /wp-content/plugins/chaty/css/chaty-front.min.css?ver=3.3.61735117100 HTTP/1.1" 200 6388 "-" "Mozilla/5.0 AppleWebKit/537.36 (KHTML, like Gecko; compatible; GPTBot/1.2; +https://openai.com/gptbot)"
20.171.207.246 - - [26/Apr/2025:05:32:35 -0400] "GET /wp-content/uploads/elementor/css/post-39.css?ver=1739324199 HTTP/1.1" 200 1521 "-" "Mozilla/5.0 AppleWebKit/537.36 (KHTML, like Gecko; compatible; GPTBot/1.2; +https://openai.com/gptbot)"
20.171.207.246 - - [26/Apr/2025:05:32:36 -0400] "GET /wp-content/uploads/elementor/css/post-187.css?ver=1739324199 HTTP/1.1" 200 780 "-" "Mozilla/5.0 AppleWebKit/537.36 (KHTML, like Gecko; compatible; GPTBot/1.2; +https://openai.com/gptbot)"
20.171.207.246 - - [26/Apr/2025:05:32:37 -0400] "GET /wp-content/uploads/elementor/css/post-8.css?ver=1739324198 HTTP/1.1" 200 368 "-" "Mozilla/5.0 AppleWebKit/537.36 (KHTML, like Gecko; compatible; GPTBot/1.2; +https://openai.com/gptbot)"
20.171.207.246 - - [26/Apr/2025:05:32:38 -0400] "GET /wp-content/plugins/chaty/images/whatsapp-welcome-popup.png HTTP/1.1" 200 78811 "-" "Mozilla/5.0 AppleWebKit/537.36 (KHTML, like Gecko; compatible; GPTBot/1.2; +https://openai.com/gptbot)"
20.171.207.246 - - [26/Apr/2025:05:32:39 -0400] "GET /wp-content/plugins/chaty/images/whatsapp.png HTTP/1.1" 200 74181 "-" "Mozilla/5.0 AppleWebKit/537.36 (KHTML, like Gecko; compatible; GPTBot/1.2; +https://openai.com/gptbot)"
20.171.207.246 - - [26/Apr/2025:05:32:41 -0400] "GET /wp-content/plugins/chaty/images/header-bottom.png HTTP/1.1" 200 427 "-" "Mozilla/5.0 AppleWebKit/537.36 (KHTML, like Gecko; compatible; GPTBot/1.2; +https://openai.com/gptbot)"
20.171.207.246 - - [26/Apr/2025:05:32:42 -0400] "GET /wp-content/plugins/chaty/images/header-top.png HTTP/1.1" 200 656 "-" "Mozilla/5.0 AppleWebKit/537.36 (KHTML, like Gecko; compatible; GPTBot/1.2; +https://openai.com/gptbot)"
66.29.132.124 - - [26/Apr/2025:05:48:40 -0400] "POST /wp-cron.php?doing_wp_cron=1745660920.5514309406280517578125 HTTP/1.1" 200 0 "-" "WordPress/6.8; https://cosmopolitanestates.com"
66.29.132.124 - - [26/Apr/2025:05:48:40 -0400] "POST /wp-admin/admin-ajax.php?action=async_litespeed&nonce=SzPJiEYW2iUfbOp1r4EhCvxXV1dnvCAg&litespeed_type=imgoptm HTTP/1.1" 200 21 "-" "WordPress/6.8; https://cosmopolitanestates.com"
20.171.207.246 - - [26/Apr/2025:05:48:35 -0400] "GET /wp-content/languages/about.php HTTP/1.1" 404 23879 "-" "Mozilla/5.0 AppleWebKit/537.36 (KHTML, like Gecko; compatible; GPTBot/1.2; +https://openai.com/gptbot)"
20.171.207.246 - - [26/Apr/2025:05:48:42 -0400] "GET /wp-content/languages/about.php HTTP/1.1" 404 23879 "-" "Mozilla/5.0 AppleWebKit/537.36 (KHTML, like Gecko; compatible; GPTBot/1.2; +https://openai.com/gptbot)"
66.29.132.124 - - [26/Apr/2025:06:11:09 -0400] "POST /wp-cron.php?doing_wp_cron=1745662269.0406789779663085937500 HTTP/1.1" 200 0 "-" "WordPress/6.8; https://cosmopolitanestates.com"
20.171.207.246 - - [26/Apr/2025:06:11:03 -0400] "GET /config HTTP/1.1" 404 23830 "-" "Mozilla/5.0 AppleWebKit/537.36 (KHTML, like Gecko; compatible; GPTBot/1.2; +https://openai.com/gptbot)"
66.29.132.124 - - [26/Apr/2025:06:11:09 -0400] "POST /wp-admin/admin-ajax.php?action=async_litespeed&nonce=PubXgDDTWys32lkq6jHvhxohNV7cUbCu&litespeed_type=imgoptm HTTP/1.1" 200 21 "-" "WordPress/6.8; https://cosmopolitanestates.com"
51.8.102.88 - - [26/Apr/2025:06:21:09 -0400] "GET /robots.txt HTTP/1.1" 200 139 "-" "Mozilla/5.0 (Macintosh; Intel Mac OS X 10_15_7) AppleWebKit/537.36 (KHTML, like Gecko) Chrome/131.0.0.0 Safari/537.36; compatible; OAI-SearchBot/1.0; +https://openai.com/searchbot"
66.29.132.124 - - [26/Apr/2025:07:05:14 -0400] "POST /wp-cron.php?doing_wp_cron=1745665514.6796889305114746093750 HTTP/1.1" 200 0 "-" "WordPress/6.8; https://cosmopolitanestates.com"
66.29.132.124 - - [26/Apr/2025:07:05:16 -0400] "POST /wp-admin/admin-ajax.php?action=async_litespeed&nonce=WkSPhMROdkHPW1pPhygVkjVRN4qmvM7Y&litespeed_type=imgoptm HTTP/1.1" 200 0 "-" "WordPress/6.8; https://cosmopolitanestates.com"
57.141.4.1 - - [26/Apr/2025:07:05:00 -0400] "GET /index.html HTTP/1.1" 404 130254 "-" "meta-externalagent/1.1 (+https://developers.facebook.com/docs/sharing/webmasters/crawler)"
54.36.148.49 - - [26/Apr/2025:07:31:15 -0400] "GET /robots.txt HTTP/1.1" 200 139 "-" "Mozilla/5.0 (compatible; AhrefsBot/7.0; +http://ahrefs.com/robot/)"
66.29.132.124 - - [26/Apr/2025:07:56:44 -0400] "POST /wp-cron.php?doing_wp_cron=1745668604.5126221179962158203125 HTTP/1.1" 200 0 "-" "WordPress/6.8; https://cosmopolitanestates.com"
106.119.167.146 - - [26/Apr/2025:07:56:34 -0400] "GET / HTTP/1.1" 301 0 "http://www.cosmopolitanestates.com" "Mozilla/5.0 (iPhone; CPU iPhone OS 13_2_3 like Mac OS X) AppleWebKit/605.1.15 (KHTML, like Gecko) Version/13.0.3 Mobile/15E148 Safari/604.1"
66.29.132.124 - - [26/Apr/2025:07:56:45 -0400] "POST /wp-admin/admin-ajax.php?action=async_litespeed&nonce=4ruQURwnpqHHZ9d9ZFfOPgl4nRPtDXHs&litespeed_type=imgoptm HTTP/1.1" 200 0 "-" "WordPress/6.8; https://cosmopolitanestates.com"
106.119.167.146 - - [26/Apr/2025:07:56:48 -0400] "GET / HTTP/1.1" 200 43683 "https://www.cosmopolitanestates.com/" "Mozilla/5.0 (iPhone; CPU iPhone OS 13_2_3 like Mac OS X) AppleWebKit/605.1.15 (KHTML, like Gecko) Version/13.0.3 Mobile/15E148 Safari/604.1"
66.29.132.124 - - [26/Apr/2025:08:24:00 -0400] "POST /wp-cron.php?doing_wp_cron=1745670240.0289840698242187500000 HTTP/1.1" 200 0 "-" "WordPress/6.8; https://cosmopolitanestates.com"
52.167.144.190 - - [26/Apr/2025:08:23:52 -0400] "GET /?p=165 HTTP/1.1" 301 0 "-" "Mozilla/5.0 AppleWebKit/537.36 (KHTML, like Gecko; compatible; bingbot/2.0; +http://www.bing.com/bingbot.htm) Chrome/116.0.1938.76 Safari/537.36"
66.29.132.124 - - [26/Apr/2025:08:24:00 -0400] "POST /wp-admin/admin-ajax.php?action=async_litespeed&nonce=NIPe1UgI4MSmX3I4EQfKSbaNIK3B544j&litespeed_type=imgoptm HTTP/1.1" 200 0 "-" "WordPress/6.8; https://cosmopolitanestates.com"
175.44.42.237 - - [26/Apr/2025:08:27:34 -0400] "GET / HTTP/1.1" 200 36819 "http://bpsgc.slashpet.com/" "Mozilla/5.0 (Windows NT 10.0; Win64; x64) AppleWebKit/537.36 (KHTML, like Gecko) Chrome/135.0.0.0 Safari/537.36"
57.141.4.22 - - [26/Apr/2025:08:31:05 -0400] "GET / HTTP/1.1" 200 203327 "-" "meta-externalagent/1.1 (+https://developers.facebook.com/docs/sharing/webmasters/crawler)"
4.227.36.31 - - [26/Apr/2025:09:09:23 -0400] "GET /robots.txt HTTP/1.1" 200 139 "-" "Mozilla/5.0 AppleWebKit/537.36 (KHTML, like Gecko; compatible; GPTBot/1.2; +https://openai.com/gptbot)"
66.29.132.124 - - [26/Apr/2025:09:09:33 -0400] "POST /wp-cron.php?doing_wp_cron=1745672973.2025818824768066406250 HTTP/1.1" 200 0 "-" "WordPress/6.8; https://cosmopolitanestates.com"
66.29.132.124 - - [26/Apr/2025:09:09:33 -0400] "POST /wp-admin/admin-ajax.php?action=async_litespeed&nonce=HIBh2sV1nL8loooOTLDWO0thQrG2dmDr&litespeed_type=imgoptm HTTP/1.1" 200 21 "-" "WordPress/6.8; https://cosmopolitanestates.com"
20.171.207.246 - - [26/Apr/2025:09:09:26 -0400] "GET /wp-content/uploads/2024/12/cosmopolitan-logo-e1735301823813.png%20700w,%20https:/cosmopolitanestates.com/wp-content/uploads/2024/12/cosmopolitan-logo-e1735301823813-300x225.png%20300w HTTP/1.1" 404 23890 "-" "Mozilla/5.0 AppleWebKit/537.36 (KHTML, like Gecko; compatible; GPTBot/1.2; +https://openai.com/gptbot)"
4.227.36.31 - - [26/Apr/2025:09:28:12 -0400] "GET /robots.txt HTTP/1.1" 200 139 "http://cosmopolitanestates.com/robots.txt" "Mozilla/5.0 AppleWebKit/537.36 (KHTML, like Gecko; compatible; GPTBot/1.2; +https://openai.com/gptbot)"
66.29.132.124 - - [26/Apr/2025:09:28:20 -0400] "POST /wp-cron.php?doing_wp_cron=1745674100.4920430183410644531250 HTTP/1.1" 200 0 "-" "WordPress/6.8; https://cosmopolitanestates.com"
66.29.132.124 - - [26/Apr/2025:09:28:20 -0400] "POST /wp-cron.php?doing_wp_cron=1745674100.4915580749511718750000 HTTP/1.1" 200 0 "-" "WordPress/6.8; https://cosmopolitanestates.com"
4.227.36.37 - - [26/Apr/2025:09:28:12 -0400] "GET /robots.txt HTTP/1.1" 301 0 "-" "Mozilla/5.0 AppleWebKit/537.36 (KHTML, like Gecko; compatible; GPTBot/1.2; +https://openai.com/gptbot)"
4.227.36.37 - - [26/Apr/2025:09:28:12 -0400] "GET /robots.txt HTTP/1.1" 301 0 "http://www.cosmopolitanestates.com/robots.txt" "Mozilla/5.0 AppleWebKit/537.36 (KHTML, like Gecko; compatible; GPTBot/1.2; +https://openai.com/gptbot)"
4.227.36.37 - - [26/Apr/2025:09:28:21 -0400] "GET /robots.txt HTTP/1.1" 200 139 "https://www.cosmopolitanestates.com/robots.txt" "Mozilla/5.0 AppleWebKit/537.36 (KHTML, like Gecko; compatible; GPTBot/1.2; +https://openai.com/gptbot)"
4.227.36.37 - - [26/Apr/2025:09:28:21 -0400] "GET /robots.txt HTTP/1.1" 200 139 "https://www.cosmopolitanestates.com/robots.txt" "Mozilla/5.0 AppleWebKit/537.36 (KHTML, like Gecko; compatible; GPTBot/1.2; +https://openai.com/gptbot)"
66.29.132.124 - - [26/Apr/2025:09:28:21 -0400] "POST /wp-admin/admin-ajax.php?action=async_litespeed&nonce=o7Slt6W9DafYcmQ9Y8HYAEiMB8p4QHHT&litespeed_type=imgoptm HTTP/1.1" 200 21 "-" "WordPress/6.8; https://cosmopolitanestates.com"
66.29.132.124 - - [26/Apr/2025:09:28:25 -0400] "POST /wp-cron.php?doing_wp_cron=1745674105.6161201000213623046875 HTTP/1.1" 200 0 "-" "WordPress/6.8; https://cosmopolitanestates.com"
20.171.207.54 - - [26/Apr/2025:09:28:25 -0400] "GET / HTTP/1.1" 301 0 "-" "Mozilla/5.0 AppleWebKit/537.36 (KHTML, like Gecko; compatible; GPTBot/1.2; +https://openai.com/gptbot)"
66.29.132.124 - - [26/Apr/2025:09:28:26 -0400] "POST /wp-admin/admin-ajax.php?action=async_litespeed&nonce=HjQYD0NIMQos1ugZQLgba7uo5TvxIzhq&litespeed_type=imgoptm HTTP/1.1" 200 21 "-" "WordPress/6.8; https://cosmopolitanestates.com"
66.29.132.124 - - [26/Apr/2025:09:48:10 -0400] "POST /wp-cron.php?doing_wp_cron=1745675290.7189550399780273437500 HTTP/1.1" 200 0 "-" "WordPress/6.8; https://cosmopolitanestates.com"
43.165.69.68 - - [26/Apr/2025:09:48:05 -0400] "GET / HTTP/1.1" 301 0 "http://www.cosmopolitanestates.com" "Mozilla/5.0 (iPhone; CPU iPhone OS 13_2_3 like Mac OS X) AppleWebKit/605.1.15 (KHTML, like Gecko) Version/13.0.3 Mobile/15E148 Safari/604.1"
43.165.69.68 - - [26/Apr/2025:09:48:12 -0400] "GET / HTTP/1.1" 200 43683 "https://www.cosmopolitanestates.com/" "Mozilla/5.0 (iPhone; CPU iPhone OS 13_2_3 like Mac OS X) AppleWebKit/605.1.15 (KHTML, like Gecko) Version/13.0.3 Mobile/15E148 Safari/604.1"
66.29.132.124 - - [26/Apr/2025:09:48:11 -0400] "POST /wp-admin/admin-ajax.php?action=async_litespeed&nonce=ua102S92nqlAXqelytgfxnHzGBwLQMtW&litespeed_type=imgoptm HTTP/1.1" 200 0 "-" "WordPress/6.8; https://cosmopolitanestates.com"
43.166.244.251 - - [26/Apr/2025:10:26:17 -0400] "GET / HTTP/1.1" 200 43683 "http://cosmopolitanestates.com" "Mozilla/5.0 (iPhone; CPU iPhone OS 13_2_3 like Mac OS X) AppleWebKit/605.1.15 (KHTML, like Gecko) Version/13.0.3 Mobile/15E148 Safari/604.1"
84.17.48.159 - - [26/Apr/2025:10:35:44 -0400] "GET / HTTP/1.0" 200 203327 "https://cosmopolitanestates.com/" "Mozilla/5.0 (Windows NT 10.0; Win64; x64) AppleWebKit/537.36 (KHTML, like Gecko) Chrome/131.0.0.0 Safari/537.36"
66.29.132.124 - - [26/Apr/2025:10:35:59 -0400] "POST /wp-cron.php?doing_wp_cron=1745678159.2326939105987548828125 HTTP/1.1" 200 0 "-" "WordPress/6.8; https://cosmopolitanestates.com"
84.17.48.159 - - [26/Apr/2025:10:35:46 -0400] "POST /wp-admin/admin-ajax.php HTTP/1.0" 400 1 "https://cosmopolitanestates.com/" "Mozilla/5.0 (Windows NT 10.0; Win64; x64) AppleWebKit/537.36 (KHTML, like Gecko) Chrome/131.0.0.0 Safari/537.36"
66.29.132.124 - - [26/Apr/2025:10:36:01 -0400] "POST /wp-admin/admin-ajax.php?action=async_litespeed&nonce=YGFDhVjrKX6An8GnW2xx4HiyCEdNbl0t&litespeed_type=imgoptm HTTP/1.1" 200 0 "-" "WordPress/6.8; https://cosmopolitanestates.com"
196.251.86.177 - - [26/Apr/2025:11:07:46 -0400] "GET / HTTP/1.1" 200 203327 "-" "-"
196.251.86.177 - - [26/Apr/2025:11:07:54 -0400] "GET /wordpress HTTP/1.1" 200 0 "-" "-"
196.251.86.177 - - [26/Apr/2025:11:08:04 -0400] "GET /wordpress HTTP/1.1" 200 0 "-" "-"
196.251.86.177 - - [26/Apr/2025:11:08:08 -0400] "GET /wordpress HTTP/1.1" 200 0 "-" "-"
196.251.86.177 - - [26/Apr/2025:11:08:12 -0400] "GET /wordpress HTTP/1.1" 200 0 "-" "-"
196.251.86.177 - - [26/Apr/2025:11:08:18 -0400] "GET /wordpress HTTP/1.1" 200 0 "-" "-"
196.251.86.177 - - [26/Apr/2025:11:08:30 -0400] "GET /wp-admin/setup-config.php HTTP/1.1" 200 0 "-" "-"
196.251.86.177 - - [26/Apr/2025:11:08:34 -0400] "GET /wp-admin/setup-config.php HTTP/1.1" 200 0 "-" "-"
196.251.86.177 - - [26/Apr/2025:11:08:37 -0400] "GET /wp-admin/setup-config.php HTTP/1.1" 409 2665 "-" "-"
196.251.86.177 - - [26/Apr/2025:11:08:43 -0400] "GET /wp-admin/setup-config.php HTTP/1.1" 409 2665 "-" "-"
196.251.86.177 - - [26/Apr/2025:11:08:49 -0400] "GET /wp-admin/install.php HTTP/1.1" 200 1323 "-" "-"
66.29.132.124 - - [26/Apr/2025:11:08:52 -0400] "POST /wp-cron.php?doing_wp_cron=1745680130.7751410007476806640625 HTTP/1.1" 200 0 "-" "WordPress/6.8; https://cosmopolitanestates.com"
196.251.86.177 - - [26/Apr/2025:11:08:57 -0400] "GET /wp HTTP/1.1" 404 130222 "-" "-"
196.251.86.177 - - [26/Apr/2025:11:09:01 -0400] "GET /wp HTTP/1.1" 404 130222 "-" "-"
196.251.86.177 - - [26/Apr/2025:11:09:06 -0400] "GET /blog HTTP/1.1" 404 130230 "-" "-"
196.251.86.177 - - [26/Apr/2025:11:09:12 -0400] "GET /new HTTP/1.1" 404 130226 "-" "-"
66.29.132.124 - - [26/Apr/2025:11:09:17 -0400] "POST /wp-cron.php?doing_wp_cron=1745680156.4665870666503906250000 HTTP/1.1" 200 0 "-" "WordPress/6.8; https://cosmopolitanestates.com"
196.251.86.177 - - [26/Apr/2025:11:09:15 -0400] "GET /old HTTP/1.1" 404 130226 "-" "-"
196.251.86.177 - - [26/Apr/2025:11:09:21 -0400] "GET /newsite HTTP/1.1" 404 130242 "-" "-"
196.251.86.177 - - [26/Apr/2025:11:09:25 -0400] "GET /test HTTP/1.1" 404 130230 "-" "-"
196.251.86.177 - - [26/Apr/2025:11:09:30 -0400] "GET /main HTTP/1.1" 404 130230 "-" "-"
196.251.86.177 - - [26/Apr/2025:11:09:34 -0400] "GET /testing HTTP/1.1" 404 130242 "-" "-"
196.251.86.177 - - [26/Apr/2025:11:09:39 -0400] "GET /site HTTP/1.1" 404 130230 "-" "-"
196.251.86.177 - - [26/Apr/2025:11:09:42 -0400] "GET /backup HTTP/1.1" 404 130238 "-" "-"
196.251.86.177 - - [26/Apr/2025:11:09:46 -0400] "GET /demo HTTP/1.1" 404 130230 "-" "-"
196.251.86.177 - - [26/Apr/2025:11:09:52 -0400] "GET /home HTTP/1.1" 301 0 "-" "-"
196.251.86.177 - - [26/Apr/2025:11:09:54 -0400] "GET / HTTP/1.1" 200 203327 "-" "-"
196.251.86.177 - - [26/Apr/2025:11:10:03 -0400] "GET /tmp HTTP/1.1" 200 0 "-" "-"
196.251.86.177 - - [26/Apr/2025:11:10:10 -0400] "GET /tmp HTTP/1.1" 200 0 "-" "-"
196.251.86.177 - - [26/Apr/2025:11:10:16 -0400] "GET /tmp HTTP/1.1" 200 0 "-" "-"
196.251.86.177 - - [26/Apr/2025:11:10:22 -0400] "GET /tmp HTTP/1.1" 200 0 "-" "-"
196.251.86.177 - - [26/Apr/2025:11:10:31 -0400] "GET /tmp HTTP/1.1" 200 0 "-" "-"
196.251.86.177 - - [26/Apr/2025:11:11:00 -0400] "GET /dev HTTP/1.1" 200 0 "-" "-"
196.251.86.177 - - [26/Apr/2025:11:11:06 -0400] "GET /dev HTTP/1.1" 200 0 "-" "-"
196.251.86.177 - - [26/Apr/2025:11:11:11 -0400] "GET /dev HTTP/1.1" 200 0 "-" "-"
196.251.86.177 - - [26/Apr/2025:11:11:16 -0400] "GET /dev HTTP/1.1" 200 0 "-" "-"
196.251.86.177 - - [26/Apr/2025:11:11:22 -0400] "GET /dev HTTP/1.1" 200 0 "-" "-"
196.251.86.177 - - [26/Apr/2025:11:11:44 -0400] "GET /cms HTTP/1.1" 200 0 "-" "-"
196.251.86.177 - - [26/Apr/2025:11:11:50 -0400] "GET /cms HTTP/1.1" 200 0 "-" "-"
196.251.86.177 - - [26/Apr/2025:11:11:57 -0400] "GET /cms HTTP/1.1" 200 0 "-" "-"
196.251.86.177 - - [26/Apr/2025:11:12:01 -0400] "GET /cms HTTP/1.1" 200 0 "-" "-"
196.251.86.177 - - [26/Apr/2025:11:12:07 -0400] "GET /cms HTTP/1.1" 200 0 "-" "-"
196.251.86.177 - - [26/Apr/2025:11:12:16 -0400] "GET /portal HTTP/1.1" 200 0 "-" "-"
196.251.86.177 - - [26/Apr/2025:11:12:22 -0400] "GET /portal HTTP/1.1" 200 0 "-" "-"
196.251.86.177 - - [26/Apr/2025:11:12:28 -0400] "GET /portal HTTP/1.1" 200 0 "-" "-"
196.251.86.177 - - [26/Apr/2025:11:12:33 -0400] "GET /portal HTTP/1.1" 200 0 "-" "-"
196.251.86.177 - - [26/Apr/2025:11:12:38 -0400] "GET /portal HTTP/1.1" 404 0 "-" "-"
196.251.86.177 - - [26/Apr/2025:11:12:47 -0400] "GET /web HTTP/1.1" 200 0 "-" "-"
196.251.86.177 - - [26/Apr/2025:11:12:53 -0400] "GET /web HTTP/1.1" 200 0 "-" "-"
196.251.86.177 - - [26/Apr/2025:11:12:59 -0400] "GET /web HTTP/1.1" 200 0 "-" "-"
196.251.86.177 - - [26/Apr/2025:11:13:05 -0400] "GET /web HTTP/1.1" 200 0 "-" "-"
196.251.86.177 - - [26/Apr/2025:11:13:10 -0400] "GET /web HTTP/1.1" 200 0 "-" "-"
182.44.67.97 - - [26/Apr/2025:11:19:52 -0400] "GET / HTTP/1.1" 200 43683 "http://cosmopolitanestates.com" "Mozilla/5.0 (iPhone; CPU iPhone OS 13_2_3 like Mac OS X) AppleWebKit/605.1.15 (KHTML, like Gecko) Version/13.0.3 Mobile/15E148 Safari/604.1"
4.227.36.31 - - [26/Apr/2025:11:44:25 -0400] "GET /robots.txt HTTP/1.1" 200 139 "-" "Mozilla/5.0 AppleWebKit/537.36 (KHTML, like Gecko; compatible; GPTBot/1.2; +https://openai.com/gptbot)"
