20.171.207.246 - - [26/Apr/2025:11:44:25 -0400] "GET /wp-content/plugins/chaty/js/cht-front-script.js?ver=3.3.41735117100 HTTP/1.1" 200 30768 "-" "Mozilla/5.0 AppleWebKit/537.36 (KHTML, like Gecko; compatible; GPTBot/1.2; +https://openai.com/gptbot)"
20.171.207.246 - - [26/Apr/2025:11:44:28 -0400] "GET /wp-content/plugins/click-to-chat-for-whatsapp/new/inc/assets/js/app.js?ver=4.16 HTTP/1.1" 200 2906 "-" "Mozilla/5.0 AppleWebKit/537.36 (KHTML, like Gecko; compatible; GPTBot/1.2; +https://openai.com/gptbot)"
20.171.207.246 - - [26/Apr/2025:11:44:31 -0400] "GET /wp-content/plugins/elementor/assets/js/frontend.min.js?ver=3.27.2 HTTP/1.1" 200 13099 "-" "Mozilla/5.0 AppleWebKit/537.36 (KHTML, like Gecko; compatible; GPTBot/1.2; +https://openai.com/gptbot)"
20.171.207.246 - - [26/Apr/2025:11:44:34 -0400] "GET /wp-content/plugins/header-footer-elementor/inc/js/frontend.js?ver=2.1.0 HTTP/1.1" 200 3944 "-" "Mozilla/5.0 AppleWebKit/537.36 (KHTML, like Gecko; compatible; GPTBot/1.2; +https://openai.com/gptbot)"
20.171.207.246 - - [26/Apr/2025:11:44:36 -0400] "GET /wp-content/plugins/elementor/assets/js/webpack.runtime.min.js?ver=3.27.2 HTTP/1.1" 200 2228 "-" "Mozilla/5.0 AppleWebKit/537.36 (KHTML, like Gecko; compatible; GPTBot/1.2; +https://openai.com/gptbot)"
20.171.207.246 - - [26/Apr/2025:11:44:38 -0400] "GET /wp-content/plugins/brave-popup-builder/assets/frontend/brave.js?ver=6.7.1 HTTP/1.1" 200 23854 "-" "Mozilla/5.0 AppleWebKit/537.36 (KHTML, like Gecko; compatible; GPTBot/1.2; +https://openai.com/gptbot)"
66.29.132.124 - - [26/Apr/2025:11:44:54 -0400] "POST /wp-cron.php?doing_wp_cron=1745682294.1193070411682128906250 HTTP/1.1" 200 0 "-" "WordPress/6.8; https://cosmopolitanestates.com"
66.29.132.124 - - [26/Apr/2025:11:44:56 -0400] "POST /wp-admin/admin-ajax.php?action=async_litespeed&nonce=VpPNARoM1j1JHBlGqnNQLoolJkLntPha&litespeed_type=imgoptm HTTP/1.1" 200 0 "-" "WordPress/6.8; https://cosmopolitanestates.com"
20.171.207.246 - - [26/Apr/2025:11:44:41 -0400] "GET /wp-content/uploads/2024/12/cosmopolitan-logo-e1735301823813.png%20700w,%20https:/cosmopolitanestates.com/wp-content/uploads/2024/12/cosmopolitan-logo-e1735301823813-300x225.png%20300w HTTP/1.1" 404 23891 "-" "Mozilla/5.0 AppleWebKit/537.36 (KHTML, like Gecko; compatible; GPTBot/1.2; +https://openai.com/gptbot)"
20.171.207.246 - - [26/Apr/2025:11:44:59 -0400] "GET /wp-content/plugins/elementor/assets/js/frontend-modules.min.js?ver=3.27.2 HTTP/1.1" 200 14421 "-" "Mozilla/5.0 AppleWebKit/537.36 (KHTML, like Gecko; compatible; GPTBot/1.2; +https://openai.com/gptbot)"
20.171.207.246 - - [26/Apr/2025:11:45:01 -0400] "GET /wp-includes/css/dist/block-library/style.min.css?ver=6.7.1 HTTP/1.1" 200 14358 "-" "Mozilla/5.0 AppleWebKit/537.36 (KHTML, like Gecko; compatible; GPTBot/1.2; +https://openai.com/gptbot)"
20.171.207.246 - - [26/Apr/2025:11:45:02 -0400] "GET /wp-content/plugins/elementor/assets/lib/animations/styles/e-animation-shrink.min.css?ver=3.27.2 HTTP/1.1" 200 205 "-" "Mozilla/5.0 AppleWebKit/537.36 (KHTML, like Gecko; compatible; GPTBot/1.2; +https://openai.com/gptbot)"
20.171.207.246 - - [26/Apr/2025:11:45:04 -0400] "GET /wp-content/plugins/click-to-chat-for-whatsapp/new/inc/assets/css/main.css?ver=4.16 HTTP/1.1" 200 511 "-" "Mozilla/5.0 AppleWebKit/537.36 (KHTML, like Gecko; compatible; GPTBot/1.2; +https://openai.com/gptbot)"
20.171.207.246 - - [26/Apr/2025:11:45:05 -0400] "GET /wp-content/plugins/chaty/js/%22%20+%20channel.url%20+%20%22 HTTP/1.1" 301 0 "-" "Mozilla/5.0 AppleWebKit/537.36 (KHTML, like Gecko; compatible; GPTBot/1.2; +https://openai.com/gptbot)"
20.171.207.246 - - [26/Apr/2025:11:45:07 -0400] "GET /wp-content/plugins/chaty/js/%22%20+%20agentURL%20+%20%22 HTTP/1.1" 301 0 "-" "Mozilla/5.0 AppleWebKit/537.36 (KHTML, like Gecko; compatible; GPTBot/1.2; +https://openai.com/gptbot)"
20.171.207.246 - - [26/Apr/2025:11:45:11 -0400] "GET /wp-content/plugins/chaty/js/%22%20+%20agent.agent_image%20+%20%22 HTTP/1.1" 301 0 "-" "Mozilla/5.0 AppleWebKit/537.36 (KHTML, like Gecko; compatible; GPTBot/1.2; +https://openai.com/gptbot)"
20.171.207.246 - - [26/Apr/2025:11:45:15 -0400] "GET /wp-content/plugins/chaty/js/%22%20+%20widgetRecord.widget_icon_url%20+%20%22 HTTP/1.1" 301 0 "-" "Mozilla/5.0 AppleWebKit/537.36 (KHTML, like Gecko; compatible; GPTBot/1.2; +https://openai.com/gptbot)"
20.171.207.246 - - [26/Apr/2025:11:45:16 -0400] "GET /wp-content/plugins/chaty/js/%22%20+%20channel.wp_popup_profile%20+%20%22 HTTP/1.1" 301 0 "-" "Mozilla/5.0 AppleWebKit/537.36 (KHTML, like Gecko; compatible; GPTBot/1.2; +https://openai.com/gptbot)"
20.171.207.246 - - [26/Apr/2025:11:45:20 -0400] "GET /wp-content/plugins/chaty/js/%22%20+%20channel.custom_image_url%20+%20%22 HTTP/1.1" 301 0 "-" "Mozilla/5.0 AppleWebKit/537.36 (KHTML, like Gecko; compatible; GPTBot/1.2; +https://openai.com/gptbot)"
20.171.207.246 - - [26/Apr/2025:11:45:22 -0400] "GET /wp-content/plugins/chaty/js/%22%20+%20channel.qr_code_image_url%20+%20%22 HTTP/1.1" 301 0 "-" "Mozilla/5.0 AppleWebKit/537.36 (KHTML, like Gecko; compatible; GPTBot/1.2; +https://openai.com/gptbot)"
20.171.207.246 - - [26/Apr/2025:11:45:24 -0400] "GET /wp-content/plugins/elementor/assets/css/frontend.min.css?ver=3.27.2 HTTP/1.1" 200 6453 "-" "Mozilla/5.0 AppleWebKit/537.36 (KHTML, like Gecko; compatible; GPTBot/1.2; +https://openai.com/gptbot)"
20.171.207.246 - - [26/Apr/2025:11:45:27 -0400] "GET /wp-content/plugins/header-footer-elementor/inc/widgets-css/frontend.css?ver=2.1.0 HTTP/1.1" 200 8133 "-" "Mozilla/5.0 AppleWebKit/537.36 (KHTML, like Gecko; compatible; GPTBot/1.2; +https://openai.com/gptbot)"
20.171.207.246 - - [26/Apr/2025:11:45:34 -0400] "GET /wp-content/plugins/elementor/assets/css/widget-image.min.css?ver=3.27.2 HTTP/1.1" 200 254 "-" "Mozilla/5.0 AppleWebKit/537.36 (KHTML, like Gecko; compatible; GPTBot/1.2; +https://openai.com/gptbot)"
20.171.207.246 - - [26/Apr/2025:11:45:35 -0400] "GET /wp-content/plugins/elementor/assets/css/widget-heading.min.css?ver=3.27.2 HTTP/1.1" 200 154 "-" "Mozilla/5.0 AppleWebKit/537.36 (KHTML, like Gecko; compatible; GPTBot/1.2; +https://openai.com/gptbot)"
20.171.207.246 - - [26/Apr/2025:11:45:36 -0400] "GET /wp-content/plugins/brave-popup-builder/assets/css/frontend.min.css?ver=6.7.1 HTTP/1.1" 200 7994 "-" "Mozilla/5.0 AppleWebKit/537.36 (KHTML, like Gecko; compatible; GPTBot/1.2; +https://openai.com/gptbot)"
66.29.132.124 - - [26/Apr/2025:11:45:39 -0400] "POST /wp-cron.php?doing_wp_cron=1745682339.3710799217224121093750 HTTP/1.1" 200 0 "-" "WordPress/6.8; https://cosmopolitanestates.com"
20.171.207.246 - - [26/Apr/2025:11:45:38 -0400] "GET /wp-content/plugins/chaty/js/%22%20+%20channel.url%20+ HTTP/1.1" 404 23893 "-" "Mozilla/5.0 AppleWebKit/537.36 (KHTML, like Gecko; compatible; GPTBot/1.2; +https://openai.com/gptbot)"
66.29.132.124 - - [26/Apr/2025:11:45:41 -0400] "POST /wp-admin/admin-ajax.php?action=async_litespeed&nonce=u6j8Y7dsiwgJfDqVIxsBZDwwmD9rnkb1&litespeed_type=imgoptm HTTP/1.1" 200 0 "-" "WordPress/6.8; https://cosmopolitanestates.com"
66.29.132.124 - - [26/Apr/2025:11:45:44 -0400] "POST /wp-cron.php?doing_wp_cron=1745682343.5805730819702148437500 HTTP/1.1" 200 0 "-" "WordPress/6.8; https://cosmopolitanestates.com"
20.171.207.246 - - [26/Apr/2025:11:45:42 -0400] "GET /wp-content/plugins/chaty/js/%22%20+%20agent.agent_image%20+ HTTP/1.1" 404 23900 "-" "Mozilla/5.0 AppleWebKit/537.36 (KHTML, like Gecko; compatible; GPTBot/1.2; +https://openai.com/gptbot)"
20.171.207.246 - - [26/Apr/2025:11:45:45 -0400] "GET /wp-content/plugins/chaty/js/%22%20+%20channel.wp_popup_profile%20+%20%22 HTTP/1.1" 301 0 "-" "Mozilla/5.0 AppleWebKit/537.36 (KHTML, like Gecko; compatible; GPTBot/1.2; +https://openai.com/gptbot)"
20.171.207.246 - - [26/Apr/2025:11:45:47 -0400] "GET /wp-content/plugins/chaty/js/%22%20+%20widgetRecord.widget_icon_url%20+ HTTP/1.1" 404 23880 "-" "Mozilla/5.0 AppleWebKit/537.36 (KHTML, like Gecko; compatible; GPTBot/1.2; +https://openai.com/gptbot)"
20.171.207.246 - - [26/Apr/2025:11:45:49 -0400] "GET /wp-content/plugins/chaty/js/%22%20+%20channel.wp_popup_profile%20+ HTTP/1.1" 404 23902 "-" "Mozilla/5.0 AppleWebKit/537.36 (KHTML, like Gecko; compatible; GPTBot/1.2; +https://openai.com/gptbot)"
20.171.207.246 - - [26/Apr/2025:11:45:51 -0400] "GET /wp-content/plugins/elementor/assets/css/frontend.min.css?ver=3.27.2 HTTP/1.1" 200 6453 "-" "Mozilla/5.0 AppleWebKit/537.36 (KHTML, like Gecko; compatible; GPTBot/1.2; +https://openai.com/gptbot)"
20.171.207.246 - - [26/Apr/2025:11:45:53 -0400] "GET /wp-content/plugins/chaty/js/%22%20+%20agentURL%20+ HTTP/1.1" 404 23869 "-" "Mozilla/5.0 AppleWebKit/537.36 (KHTML, like Gecko; compatible; GPTBot/1.2; +https://openai.com/gptbot)"
20.171.207.246 - - [26/Apr/2025:11:45:54 -0400] "GET /wp-content/plugins/elementor/assets/css/widget-text-editor.min.css?ver=3.27.2 HTTP/1.1" 200 208 "-" "Mozilla/5.0 AppleWebKit/537.36 (KHTML, like Gecko; compatible; GPTBot/1.2; +https://openai.com/gptbot)"
20.171.207.246 - - [26/Apr/2025:11:45:55 -0400] "GET /wp-content/plugins/header-footer-elementor/inc/widgets-css/frontend.css?ver=2.1.0 HTTP/1.1" 200 8133 "-" "Mozilla/5.0 AppleWebKit/537.36 (KHTML, like Gecko; compatible; GPTBot/1.2; +https://openai.com/gptbot)"
20.171.207.246 - - [26/Apr/2025:11:45:57 -0400] "GET /wp-content/plugins/elementor/assets/css/widget-social-icons.min.css?ver=3.27.2 HTTP/1.1" 200 1069 "-" "Mozilla/5.0 AppleWebKit/537.36 (KHTML, like Gecko; compatible; GPTBot/1.2; +https://openai.com/gptbot)"
20.171.207.246 - - [26/Apr/2025:11:45:58 -0400] "GET /wp-content/plugins/chaty/js/%22%20+%20channel.custom_image_url%20+ HTTP/1.1" 404 23892 "-" "Mozilla/5.0 AppleWebKit/537.36 (KHTML, like Gecko; compatible; GPTBot/1.2; +https://openai.com/gptbot)"
20.171.207.246 - - [26/Apr/2025:11:45:59 -0400] "GET /wp-content/plugins/chaty/js/%22%20+%20channel.qr_code_image_url%20+ HTTP/1.1" 404 23926 "-" "Mozilla/5.0 AppleWebKit/537.36 (KHTML, like Gecko; compatible; GPTBot/1.2; +https://openai.com/gptbot)"
20.171.207.246 - - [26/Apr/2025:11:46:00 -0400] "GET /wp-content/plugins/header-footer-elementor/assets/css/header-footer-elementor.css?ver=2.1.0 HTTP/1.1" 200 259 "-" "Mozilla/5.0 AppleWebKit/537.36 (KHTML, like Gecko; compatible; GPTBot/1.2; +https://openai.com/gptbot)"
20.171.207.246 - - [26/Apr/2025:11:46:01 -0400] "GET /wp-content/plugins/elementor/assets/css/conditionals/apple-webkit.min.css?ver=3.27.2 HTTP/1.1" 200 472 "-" "Mozilla/5.0 AppleWebKit/537.36 (KHTML, like Gecko; compatible; GPTBot/1.2; +https://openai.com/gptbot)"
20.171.207.246 - - [26/Apr/2025:11:46:02 -0400] "GET /wp-content/plugins/chaty/css/chaty-front.min.css?ver=3.3.41735117100 HTTP/1.1" 200 6388 "-" "Mozilla/5.0 AppleWebKit/537.36 (KHTML, like Gecko; compatible; GPTBot/1.2; +https://openai.com/gptbot)"
20.171.207.246 - - [26/Apr/2025:11:46:04 -0400] "GET /wp-content/uploads/elementor/css/post-8.css?ver=1736247572 HTTP/1.1" 200 368 "-" "Mozilla/5.0 AppleWebKit/537.36 (KHTML, like Gecko; compatible; GPTBot/1.2; +https://openai.com/gptbot)"
20.171.207.246 - - [26/Apr/2025:11:46:05 -0400] "GET /wp-content/uploads/elementor/css/post-39.css?ver=1736247572 HTTP/1.1" 200 1521 "-" "Mozilla/5.0 AppleWebKit/537.36 (KHTML, like Gecko; compatible; GPTBot/1.2; +https://openai.com/gptbot)"
20.171.207.246 - - [26/Apr/2025:11:46:06 -0400] "GET /wp-content/uploads/elementor/css/post-187.css?ver=1736247573 HTTP/1.1" 200 780 "-" "Mozilla/5.0 AppleWebKit/537.36 (KHTML, like Gecko; compatible; GPTBot/1.2; +https://openai.com/gptbot)"
20.171.207.246 - - [26/Apr/2025:12:04:31 -0400] "GET /wp-content/uploads/2024/12/cosmopolitan-logo-e1735301823813.png%20700w,%20https:/cosmopolitanestates.com/wp-content/uploads/2024/12/cosmopolitan-logo-e1735301823813-300x225.png%20300w HTTP/1.1" 404 23891 "-" "Mozilla/5.0 AppleWebKit/537.36 (KHTML, like Gecko; compatible; GPTBot/1.2; +https://openai.com/gptbot)"
100.25.120.246 - - [26/Apr/2025:12:21:26 -0400] "GET /robots.txt HTTP/1.1" 200 151 "-" "Mozilla/5.0 AppleWebKit/537.36 (KHTML, like Gecko; compatible; Amazonbot/0.1; +https://developer.amazon.com/support/amazonbot) Chrome/119.0.6045.214 Safari/537.36"
100.25.120.246 - - [26/Apr/2025:12:21:27 -0400] "GET /our-team/ HTTP/1.1" 200 0 "-" "Mozilla/5.0 AppleWebKit/537.36 (KHTML, like Gecko; compatible; Amazonbot/0.1; +https://developer.amazon.com/support/amazonbot) Chrome/119.0.6045.214 Safari/537.36"
66.29.132.124 - - [26/Apr/2025:12:21:39 -0400] "POST /wp-cron.php?doing_wp_cron=1745684499.5708239078521728515625 HTTP/1.1" 200 0 "-" "WordPress/6.8; https://cosmopolitanestates.com"
66.29.132.124 - - [26/Apr/2025:12:21:41 -0400] "POST /wp-admin/admin-ajax.php?action=async_litespeed&nonce=TUcbs6ce0WzZ7FYFu5ZQVXjMZFMZpsqs&litespeed_type=imgoptm HTTP/1.1" 200 0 "-" "WordPress/6.8; https://cosmopolitanestates.com"
20.171.207.246 - - [26/Apr/2025:12:28:42 -0400] "GET /wp-content/uploads/2024/12/cosmopolitan-logo-e1735301823813.png%20700w,%20https:/cosmopolitanestates.com/wp-content/uploads/2024/12/cosmopolitan-logo-e1735301823813-300x225.png%20300w HTTP/1.1" 404 23891 "-" "Mozilla/5.0 AppleWebKit/537.36 (KHTML, like Gecko; compatible; GPTBot/1.2; +https://openai.com/gptbot)"
20.171.207.246 - - [26/Apr/2025:12:32:16 -0400] "GET /wp-content/uploads/2024/12/cosmopolitan-logo-e1735301823813.png%20700w,%20https:/cosmopolitanestates.com/wp-content/uploads/2024/12/cosmopolitan-logo-e1735301823813-300x225.png%20300w HTTP/1.1" 404 23891 "-" "Mozilla/5.0 AppleWebKit/537.36 (KHTML, like Gecko; compatible; GPTBot/1.2; +https://openai.com/gptbot)"
20.171.207.246 - - [26/Apr/2025:12:37:58 -0400] "GET /wp-content/plugins/chaty/js/%22%20+%20channel.url%20+ HTTP/1.1" 404 23893 "-" "Mozilla/5.0 AppleWebKit/537.36 (KHTML, like Gecko; compatible; GPTBot/1.2; +https://openai.com/gptbot)"
66.29.132.124 - - [26/Apr/2025:13:04:24 -0400] "POST /wp-cron.php?doing_wp_cron=1745687064.7202610969543457031250 HTTP/1.1" 200 0 "-" "WordPress/6.8; https://cosmopolitanestates.com"
20.171.207.246 - - [26/Apr/2025:13:04:15 -0400] "GET /wp-content/uploads/2024/12/cosmopolitan-logo-e1735301823813.png%20700w,%20https:/cosmopolitanestates.com/wp-content/uploads/2024/12/cosmopolitan-logo-e1735301823813-300x225.png%20300w HTTP/1.1" 404 23891 "-" "Mozilla/5.0 AppleWebKit/537.36 (KHTML, like Gecko; compatible; GPTBot/1.2; +https://openai.com/gptbot)"
66.29.132.124 - - [26/Apr/2025:13:04:26 -0400] "POST /wp-admin/admin-ajax.php?action=async_litespeed&nonce=4bA6AxB6nrvbSxdnF5258VYbinYwTBKa&litespeed_type=imgoptm HTTP/1.1" 200 0 "-" "WordPress/6.8; https://cosmopolitanestates.com"
20.171.207.246 - - [26/Apr/2025:13:04:27 -0400] "GET /xmlrpc.php HTTP/1.1" 405 46 "-" "Mozilla/5.0 AppleWebKit/537.36 (KHTML, like Gecko; compatible; GPTBot/1.2; +https://openai.com/gptbot)"
20.171.207.246 - - [26/Apr/2025:13:04:31 -0400] "GET /wp-content/uploads/2024/12/cosmopolitan-logo-e1735301823813.png%20700w,%20https:/cosmopolitanestates.com/wp-content/uploads/2024/12/cosmopolitan-logo-e1735301823813-300x225.png%20300w HTTP/1.1" 404 23891 "-" "Mozilla/5.0 AppleWebKit/537.36 (KHTML, like Gecko; compatible; GPTBot/1.2; +https://openai.com/gptbot)"
66.29.132.124 - - [26/Apr/2025:13:34:19 -0400] "POST /wp-cron.php?doing_wp_cron=1745688858.6885910034179687500000 HTTP/1.1" 200 0 "-" "WordPress/6.8; https://cosmopolitanestates.com"
20.171.207.246 - - [26/Apr/2025:13:34:05 -0400] "GET /xmlrpc.php HTTP/1.1" 405 46 "-" "Mozilla/5.0 AppleWebKit/537.36 (KHTML, like Gecko; compatible; GPTBot/1.2; +https://openai.com/gptbot)"
20.171.207.246 - - [26/Apr/2025:13:34:20 -0400] "GET /wp-content/uploads/2024/12/cosmopolitan-logo-e1735301823813.png%20700w,%20https:/cosmopolitanestates.com/wp-content/uploads/2024/12/cosmopolitan-logo-e1735301823813-300x225.png%20300w HTTP/1.1" 404 23891 "-" "Mozilla/5.0 AppleWebKit/537.36 (KHTML, like Gecko; compatible; GPTBot/1.2; +https://openai.com/gptbot)"
66.29.132.124 - - [26/Apr/2025:13:34:21 -0400] "POST /wp-admin/admin-ajax.php?action=async_litespeed&nonce=ZARa9D76Us6fGoJQDpaO7W3kCHtCM5v6&litespeed_type=imgoptm HTTP/1.1" 200 0 "-" "WordPress/6.8; https://cosmopolitanestates.com"
20.171.207.246 - - [26/Apr/2025:13:42:59 -0400] "GET /xmlrpc.php HTTP/1.1" 405 46 "-" "Mozilla/5.0 AppleWebKit/537.36 (KHTML, like Gecko; compatible; GPTBot/1.2; +https://openai.com/gptbot)"
66.29.132.124 - - [26/Apr/2025:13:43:12 -0400] "POST /wp-cron.php?doing_wp_cron=1745689391.1342680454254150390625 HTTP/1.1" 200 0 "-" "WordPress/6.8; https://cosmopolitanestates.com"
66.29.132.124 - - [26/Apr/2025:13:43:12 -0400] "POST /wp-cron.php?doing_wp_cron=1745689391.1262240409851074218750 HTTP/1.1" 200 0 "-" "WordPress/6.8; https://cosmopolitanestates.com"
116.206.178.218 - - [26/Apr/2025:13:43:08 -0400] "POST /xmlrpc.php HTTP/1.1" 200 403 "-" "Mozilla/5.0 (Windows NT 10.0; Win64; x64) AppleWebKit/537.36 (KHTML, like Gecko) Chrome/60.0.3112.113 Safari/537.36"
43.231.115.89 - - [26/Apr/2025:13:43:10 -0400] "POST /xmlrpc.php HTTP/1.1" 200 403 "-" "Mozilla/5.0 (Windows NT 6.1; Win64; x64; rv:57.0) Gecko/20100101 Firefox/57.0"
20.171.207.246 - - [26/Apr/2025:13:43:12 -0400] "GET /wp-content/uploads/2024/12/cosmopolitan-logo-e1735301823813.png%20700w,%20https:/cosmopolitanestates.com/wp-content/uploads/2024/12/cosmopolitan-logo-e1735301823813-300x225.png%20300w HTTP/1.1" 404 23891 "-" "Mozilla/5.0 AppleWebKit/537.36 (KHTML, like Gecko; compatible; GPTBot/1.2; +https://openai.com/gptbot)"
116.206.178.218 - - [26/Apr/2025:13:43:16 -0400] "POST /xmlrpc.php HTTP/1.1" 200 403 "-" "Mozilla/5.0 (Windows NT 5.1; Win64; x64) AppleWebKit/537.36 (KHTML, like Gecko) Chrome/60.0.3112.90 Safari/537.36"
75.119.153.221 - - [26/Apr/2025:13:43:25 -0400] "POST /xmlrpc.php HTTP/1.1" 200 403 "-" "Mozilla/5.0 (Linux; Android 10; SM-A205U) AppleWebKit/537.36 (KHTML, like Gecko) Chrome/91.0.4472.114 Mobile Safari/537.36"
62.20.146.255 - - [26/Apr/2025:13:43:25 -0400] "POST /xmlrpc.php HTTP/1.1" 200 403 "-" "Mozilla/5.0 (Windows NT 6.1; Win64; x64) AppleWebKit/537.36 (KHTML, like Gecko) Chrome/79.0.3945.88 Safari/537.36"
191.96.52.13 - - [26/Apr/2025:13:43:30 -0400] "POST /xmlrpc.php HTTP/1.1" 200 403 "-" "Mozilla/5.0 (Windows NT 6.1; WOW64; rv:17.0) Gecko/20100101 Firefox/17.0"
43.231.115.89 - - [26/Apr/2025:13:43:33 -0400] "POST /xmlrpc.php HTTP/1.1" 200 403 "-" "Mozilla/5.0 (Windows NT 6.2; Win64; x64) AppleWebKit/537.36 (KHTML, like Gecko) Chrome/60.0.3112.90 Safari/537.36"
45.116.76.176 - - [26/Apr/2025:13:43:37 -0400] "POST /xmlrpc.php HTTP/1.1" 200 403 "-" "Mozilla/5.0 (iPhone; CPU iPhone OS 14_6 like Mac OS X) AppleWebKit/605.1.15 (KHTML, like Gecko) CriOS/91.0.4472.80 Mobile/15E148 Safari/604.1"
209.97.169.32 - - [26/Apr/2025:13:43:45 -0400] "POST /xmlrpc.php HTTP/1.1" 200 403 "-" "Mozilla/5.0 (Windows NT 10.0; Win64; x64) AppleWebKit/537.36 (KHTML, like Gecko) Chrome/79.0.3945.130 Safari/537.36"
185.88.177.183 - - [26/Apr/2025:13:43:47 -0400] "POST /xmlrpc.php HTTP/1.1" 200 403 "-" "Mozilla/5.0 (Linux; Android 10; SM-G960U) AppleWebKit/537.36 (KHTML, like Gecko) Chrome/91.0.4472.114 Mobile Safari/537.36"
62.20.146.255 - - [26/Apr/2025:13:43:50 -0400] "POST /xmlrpc.php HTTP/1.1" 200 403 "-" "Mozilla/5.0 (Windows NT 6.1; WOW64; rv:40.0) Gecko/20100101 Firefox/40.1"
194.233.77.58 - - [26/Apr/2025:13:43:51 -0400] "POST /xmlrpc.php HTTP/1.1" 200 403 "-" "Mozilla/5.0 (Windows NT 10.0; Win64; x64) AppleWebKit/537.36 (KHTML, like Gecko) Chrome/65.0.3325.181 Safari/537.36"
54.36.149.37 - - [26/Apr/2025:13:53:15 -0400] "GET / HTTP/1.1" 200 36819 "-" "Mozilla/5.0 (compatible; AhrefsBot/7.0; +http://ahrefs.com/robot/)"
20.171.207.246 - - [26/Apr/2025:13:56:45 -0400] "GET /wp-content/uploads/2024/12/cosmopolitan-logo-e1735301823813.png%20700w,%20https:/cosmopolitanestates.com/wp-content/uploads/2024/12/cosmopolitan-logo-e1735301823813-300x225.png%20300w HTTP/1.1" 404 23891 "-" "Mozilla/5.0 AppleWebKit/537.36 (KHTML, like Gecko; compatible; GPTBot/1.2; +https://openai.com/gptbot)"
66.29.132.124 - - [26/Apr/2025:13:57:01 -0400] "POST /wp-cron.php?doing_wp_cron=1745690221.5597620010375976562500 HTTP/1.1" 200 0 "-" "WordPress/6.8; https://cosmopolitanestates.com"
20.171.207.246 - - [26/Apr/2025:13:56:49 -0400] "GET /xmlrpc.php HTTP/1.1" 405 46 "-" "Mozilla/5.0 AppleWebKit/537.36 (KHTML, like Gecko; compatible; GPTBot/1.2; +https://openai.com/gptbot)"
66.29.132.124 - - [26/Apr/2025:13:57:03 -0400] "POST /wp-admin/admin-ajax.php?action=async_litespeed&nonce=WEVQFxm9G9nyS7YgLcgnRJsTv5r2nE9x&litespeed_type=imgoptm HTTP/1.1" 200 0 "-" "WordPress/6.8; https://cosmopolitanestates.com"
69.171.231.114 - - [26/Apr/2025:14:07:05 -0400] "GET /robots.txt HTTP/1.1" 301 0 "-" "facebookexternalhit/1.1 (+http://www.facebook.com/externalhit_uatext.php)"
69.171.231.114 - - [26/Apr/2025:14:07:05 -0400] "GET /robots.txt HTTP/1.1" 200 202 "-" "facebookexternalhit/1.1 (+http://www.facebook.com/externalhit_uatext.php)"
66.29.132.124 - - [26/Apr/2025:14:40:35 -0400] "POST /wp-cron.php?doing_wp_cron=1745692835.5349979400634765625000 HTTP/1.1" 200 0 "-" "WordPress/6.8; https://cosmopolitanestates.com"
182.43.70.143 - - [26/Apr/2025:14:40:24 -0400] "GET / HTTP/1.1" 301 0 "http://www.cosmopolitanestates.com" "Mozilla/5.0 (iPhone; CPU iPhone OS 13_2_3 like Mac OS X) AppleWebKit/605.1.15 (KHTML, like Gecko) Version/13.0.3 Mobile/15E148 Safari/604.1"
182.43.70.143 - - [26/Apr/2025:14:40:36 -0400] "GET / HTTP/1.1" 200 43683 "https://www.cosmopolitanestates.com/" "Mozilla/5.0 (iPhone; CPU iPhone OS 13_2_3 like Mac OS X) AppleWebKit/605.1.15 (KHTML, like Gecko) Version/13.0.3 Mobile/15E148 Safari/604.1"
66.29.132.124 - - [26/Apr/2025:14:40:37 -0400] "POST /wp-admin/admin-ajax.php?action=async_litespeed&nonce=llkNwsWuk5wkhxx9WTtSt3PWrcFynVv6&litespeed_type=imgoptm HTTP/1.1" 200 0 "-" "WordPress/6.8; https://cosmopolitanestates.com"
4.227.36.31 - - [26/Apr/2025:14:49:52 -0400] "GET /robots.txt HTTP/1.1" 200 139 "-" "Mozilla/5.0 AppleWebKit/537.36 (KHTML, like Gecko; compatible; GPTBot/1.2; +https://openai.com/gptbot)"
66.29.132.124 - - [26/Apr/2025:14:50:08 -0400] "POST /wp-cron.php?doing_wp_cron=1745693406.3574399948120117187500 HTTP/1.1" 200 0 "-" "WordPress/6.8; https://cosmopolitanestates.com"
20.171.207.246 - - [26/Apr/2025:14:49:52 -0400] "GET /wp-content/uploads/2024/12/cosmopolitan-logo-e1735301823813.png%20700w,%20https:/cosmopolitanestates.com/wp-content/uploads/2024/12/cosmopolitan-logo-e1735301823813-300x225.png%20300w HTTP/1.1" 404 23891 "-" "Mozilla/5.0 AppleWebKit/537.36 (KHTML, like Gecko; compatible; GPTBot/1.2; +https://openai.com/gptbot)"
20.171.207.246 - - [26/Apr/2025:14:50:14 -0400] "GET /wp-includes/css/dist/block-library/style.min.css?ver=6.8 HTTP/1.1" 200 14358 "-" "Mozilla/5.0 AppleWebKit/537.36 (KHTML, like Gecko; compatible; GPTBot/1.2; +https://openai.com/gptbot)"
20.171.207.246 - - [26/Apr/2025:14:50:17 -0400] "GET /xmlrpc.php HTTP/1.1" 405 46 "-" "Mozilla/5.0 AppleWebKit/537.36 (KHTML, like Gecko; compatible; GPTBot/1.2; +https://openai.com/gptbot)"
66.29.132.124 - - [26/Apr/2025:15:00:48 -0400] "POST /wp-cron.php?doing_wp_cron=1745694046.4216499328613281250000 HTTP/1.1" 200 0 "-" "WordPress/6.8; https://cosmopolitanestates.com"
20.171.207.246 - - [26/Apr/2025:15:00:33 -0400] "GET /wp-content/cache/ HTTP/1.1" 404 23837 "-" "Mozilla/5.0 AppleWebKit/537.36 (KHTML, like Gecko; compatible; GPTBot/1.2; +https://openai.com/gptbot)"
4.227.36.37 - - [26/Apr/2025:15:36:26 -0400] "GET /robots.txt HTTP/1.1" 301 0 "-" "Mozilla/5.0 AppleWebKit/537.36 (KHTML, like Gecko; compatible; GPTBot/1.2; +https://openai.com/gptbot)"
4.227.36.37 - - [26/Apr/2025:15:36:26 -0400] "GET /robots.txt HTTP/1.1" 301 0 "http://www.cosmopolitanestates.com/robots.txt" "Mozilla/5.0 AppleWebKit/537.36 (KHTML, like Gecko; compatible; GPTBot/1.2; +https://openai.com/gptbot)"
4.227.36.31 - - [26/Apr/2025:15:36:26 -0400] "GET /robots.txt HTTP/1.1" 200 139 "http://cosmopolitanestates.com/robots.txt" "Mozilla/5.0 AppleWebKit/537.36 (KHTML, like Gecko; compatible; GPTBot/1.2; +https://openai.com/gptbot)"
4.227.36.37 - - [26/Apr/2025:15:36:26 -0400] "GET /robots.txt HTTP/1.1" 200 139 "https://www.cosmopolitanestates.com/robots.txt" "Mozilla/5.0 AppleWebKit/537.36 (KHTML, like Gecko; compatible; GPTBot/1.2; +https://openai.com/gptbot)"
4.227.36.37 - - [26/Apr/2025:15:36:26 -0400] "GET /robots.txt HTTP/1.1" 200 139 "https://www.cosmopolitanestates.com/robots.txt" "Mozilla/5.0 AppleWebKit/537.36 (KHTML, like Gecko; compatible; GPTBot/1.2; +https://openai.com/gptbot)"
20.171.207.54 - - [26/Apr/2025:15:36:27 -0400] "GET /robots.txt HTTP/1.1" 301 0 "-" "Mozilla/5.0 AppleWebKit/537.36 (KHTML, like Gecko; compatible; GPTBot/1.2; +https://openai.com/gptbot)"
20.171.207.246 - - [26/Apr/2025:15:36:30 -0400] "GET /robots.txt HTTP/1.1" 200 139 "-" "Mozilla/5.0 AppleWebKit/537.36 (KHTML, like Gecko; compatible; GPTBot/1.2; +https://openai.com/gptbot)"
66.29.132.124 - - [26/Apr/2025:15:36:40 -0400] "POST /wp-cron.php?doing_wp_cron=1745696200.0514159202575683593750 HTTP/1.1" 200 0 "-" "WordPress/6.8; https://cosmopolitanestates.com"
20.171.207.246 - - [26/Apr/2025:15:36:33 -0400] "GET /wp-sitemap.xml HTTP/1.1" 200 206 "-" "Mozilla/5.0 AppleWebKit/537.36 (KHTML, like Gecko; compatible; GPTBot/1.2; +https://openai.com/gptbot)"
66.29.132.124 - - [26/Apr/2025:15:36:40 -0400] "POST /wp-admin/admin-ajax.php?action=async_litespeed&nonce=OiLk4mag5MvzLiaUVIxOFLpDR3gSMzMs&litespeed_type=imgoptm HTTP/1.1" 200 0 "-" "WordPress/6.8; https://cosmopolitanestates.com"
107.150.0.65 - - [26/Apr/2025:15:37:14 -0400] "GET /.env HTTP/1.1" 403 1242 "-" "Mozilla/5.0 (Windows NT 10.0; Win64; x64) AppleWebKit/537.36 (KHTML, like Gecko) Chrome/119.0.0.0 Safari/537.36"
107.150.0.65 - - [26/Apr/2025:15:37:16 -0400] "POST / HTTP/1.1" 508 829 "-" "Mozilla/5.0 (Windows NT 10.0; Win64; x64) AppleWebKit/537.36 (KHTML, like Gecko) Chrome/119.0.0.0 Safari/537.36"
66.29.132.124 - - [26/Apr/2025:15:38:46 -0400] "POST /wp-cron.php?doing_wp_cron=1745696326.5018999576568603515625 HTTP/1.1" 200 0 "-" "WordPress/6.8; https://cosmopolitanestates.com"
20.171.207.246 - - [26/Apr/2025:15:38:43 -0400] "GET /xmlrpc.php HTTP/1.1" 405 46 "-" "Mozilla/5.0 AppleWebKit/537.36 (KHTML, like Gecko; compatible; GPTBot/1.2; +https://openai.com/gptbot)"
66.29.132.124 - - [26/Apr/2025:15:38:47 -0400] "POST /wp-admin/admin-ajax.php?action=async_litespeed&nonce=POGwshjKpzORRSPKk7TChOWXbq6f7Edj&litespeed_type=imgoptm HTTP/1.1" 200 0 "-" "WordPress/6.8; https://cosmopolitanestates.com"
20.171.207.246 - - [26/Apr/2025:15:38:50 -0400] "GET /wp-content/uploads/2024/12/cosmopolitan-logo-e1735301823813.png%20700w,%20https:/cosmopolitanestates.com/wp-content/uploads/2024/12/cosmopolitan-logo-e1735301823813-300x225.png%20300w HTTP/1.1" 404 23891 "-" "Mozilla/5.0 AppleWebKit/537.36 (KHTML, like Gecko; compatible; GPTBot/1.2; +https://openai.com/gptbot)"
66.29.132.124 - - [26/Apr/2025:15:43:00 -0400] "POST /wp-cron.php?doing_wp_cron=1745696580.5821919441223144531250 HTTP/1.1" 200 0 "-" "WordPress/6.8; https://cosmopolitanestates.com"
103.97.178.14 - - [26/Apr/2025:15:42:58 -0400] "POST /xmlrpc.php HTTP/1.1" 200 403 "-" "Mozilla/5.0 (Windows NT 10.0; Win64; x64) AppleWebKit/537.36 (KHTML, like Gecko) Chrome/74.0.3729.169 Safari/537.36"
66.29.132.124 - - [26/Apr/2025:15:43:01 -0400] "POST /wp-admin/admin-ajax.php?action=async_litespeed&nonce=bzbdu4d4F3qN1OfCyCKHWUlbqqPViWtb&litespeed_type=imgoptm HTTP/1.1" 200 21 "-" "WordPress/6.8; https://cosmopolitanestates.com"
191.96.52.13 - - [26/Apr/2025:15:43:07 -0400] "POST /xmlrpc.php HTTP/1.1" 200 403 "-" "Mozilla/5.0 (Windows NT 10.0; Win64; x64) AppleWebKit/537.36 (KHTML, like Gecko) Chrome/74.0.3729.131 Safari/537.36"
212.105.78.61 - - [26/Apr/2025:15:43:08 -0400] "POST /xmlrpc.php HTTP/1.1" 200 403 "-" "Mozilla/5.0 (Windows NT 10.0) AppleWebKit/537.36 (KHTML, like Gecko) Chrome/72.0.3626.121 Safari/537.36"
38.242.215.66 - - [26/Apr/2025:15:43:12 -0400] "POST /xmlrpc.php HTTP/1.1" 200 403 "-" "Mozilla/5.0 (Windows NT 6.1; Win64; x64; rv:57.0) Gecko/20100101 Firefox/57.0"
66.29.132.124 - - [26/Apr/2025:15:43:31 -0400] "POST /wp-cron.php?doing_wp_cron=1745696611.7769799232482910156250 HTTP/1.1" 200 0 "-" "WordPress/6.8; https://cosmopolitanestates.com"
38.242.215.66 - - [26/Apr/2025:15:43:30 -0400] "POST /xmlrpc.php HTTP/1.1" 200 403 "-" "Mozilla/5.0 (Windows NT 6.1; WOW64; rv:45.0) Gecko/20100101 Firefox/45.0"
66.29.132.124 - - [26/Apr/2025:15:43:32 -0400] "POST /wp-admin/admin-ajax.php?action=async_litespeed&nonce=AMhxiCs29kKUJ8MQh0WTlZv4TW77YHty&litespeed_type=imgoptm HTTP/1.1" 200 0 "-" "WordPress/6.8; https://cosmopolitanestates.com"
185.98.5.101 - - [26/Apr/2025:15:43:33 -0400] "POST /xmlrpc.php HTTP/1.1" 200 403 "-" "Mozilla/5.0 (Windows NT 10.0; Win64; x64) AppleWebKit/537.36 (KHTML, like Gecko) Chrome/74.0.3729.169 Safari/537.36"
8.210.145.19 - - [26/Apr/2025:15:43:34 -0400] "POST /xmlrpc.php HTTP/1.1" 200 403 "-" "Mozilla/5.0 (Linux; Android 10; SM-G960U) AppleWebKit/537.36 (KHTML, like Gecko) Chrome/91.0.4472.114 Mobile Safari/537.36"
109.123.241.159 - - [26/Apr/2025:15:43:36 -0400] "POST /xmlrpc.php HTTP/1.1" 200 403 "-" "Mozilla/5.0 (Linux; Android 10; SM-A102U) AppleWebKit/537.36 (KHTML, like Gecko) Chrome/91.0.4472.114 Mobile Safari/537.36"
175.44.42.220 - - [26/Apr/2025:16:13:47 -0400] "GET / HTTP/1.1" 200 36819 "http://dske.slashpet.com/" "Mozilla/5.0 (Windows NT 10.0; Win64; x64) AppleWebKit/537.36 (KHTML, like Gecko) Chrome/135.0.0.0 Safari/537.36"
163.223.210.102 - - [26/Apr/2025:16:44:21 -0400] "GET /wp-config.php~ HTTP/1.1" 200 0 "-" "Mozilla/5.0 (Macintosh; Intel Mac OS X 10_15_7) AppleWebKit/537.36 (KHTML, like Gecko) Chrome/91.0.4472.124 Safari/537.36"
66.29.132.124 - - [26/Apr/2025:16:44:28 -0400] "POST /wp-cron.php?doing_wp_cron=1745700268.2167890071868896484375 HTTP/1.1" 200 0 "-" "WordPress/6.8; https://cosmopolitanestates.com"
66.29.132.124 - - [26/Apr/2025:16:44:28 -0400] "POST /wp-cron.php?doing_wp_cron=1745700268.2184889316558837890625 HTTP/1.1" 200 0 "-" "WordPress/6.8; https://cosmopolitanestates.com"
66.29.132.124 - - [26/Apr/2025:16:44:28 -0400] "POST /wp-admin/admin-ajax.php?action=async_litespeed&nonce=CP61LFjrznW3pN6JKP4aG7dqO29NELQG&litespeed_type=imgoptm HTTP/1.1" 200 0 "-" "WordPress/6.8; https://cosmopolitanestates.com"
163.223.210.102 - - [26/Apr/2025:16:44:26 -0400] "GET /wp-config.php.old HTTP/1.1" 200 0 "-" "Mozilla/5.0 (Windows NT 10.0; Win64; x64) AppleWebKit/537.36 (KHTML, like Gecko) Chrome/91.0.4472.124 Safari/537.36"
163.223.210.102 - - [26/Apr/2025:16:44:31 -0400] "GET /wp-config.php.bak HTTP/1.1" 404 28061 "-" "Mozilla/5.0 (Macintosh; Intel Mac OS X 10_15_7) AppleWebKit/537.36 (KHTML, like Gecko) Chrome/91.0.4472.124 Safari/537.36"
163.223.210.102 - - [26/Apr/2025:16:44:33 -0400] "GET /wp-config.txt HTTP/1.1" 404 28060 "-" "Mozilla/5.0 (Windows NT 10.0; Win64; x64) AppleWebKit/537.36 (KHTML, like Gecko) Chrome/91.0.4472.124 Safari/537.36"
163.223.210.102 - - [26/Apr/2025:16:44:34 -0400] "GET /wp-config.php.swp HTTP/1.1" 404 28062 "-" "Mozilla/5.0 (Windows NT 10.0; Win64; x64) AppleWebKit/537.36 (KHTML, like Gecko) Chrome/91.0.4472.124 Safari/537.36"
66.29.132.124 - - [26/Apr/2025:16:47:54 -0400] "POST /wp-cron.php?doing_wp_cron=1745700474.9029788970947265625000 HTTP/1.1" 200 0 "-" "WordPress/6.8; https://cosmopolitanestates.com"
162.142.125.196 - - [26/Apr/2025:16:47:52 -0400] "GET / HTTP/1.1" 301 0 "-" "Mozilla/5.0 (compatible; CensysInspect/1.1; +https://about.censys.io/)"
66.29.132.124 - - [26/Apr/2025:16:47:55 -0400] "POST /wp-admin/admin-ajax.php?action=async_litespeed&nonce=iSkurF8X95Vs4CJpkhCX8kDd7U5dPoKb&litespeed_type=imgoptm HTTP/1.1" 200 21 "-" "WordPress/6.8; https://cosmopolitanestates.com"
162.142.125.196 - - [26/Apr/2025:16:48:29 -0400] "GET / HTTP/1.1" 200 43683 "-" "Mozilla/5.0 (compatible; CensysInspect/1.1; +https://about.censys.io/)"
162.142.125.196 - - [26/Apr/2025:16:48:35 -0400] "GET /favicon.ico HTTP/1.1" 404 1251 "-" "Mozilla/5.0 (compatible; CensysInspect/1.1; +https://about.censys.io/)"
162.142.125.196 - - [26/Apr/2025:16:49:07 -0400] "GET /favicon.ico HTTP/1.1" 404 1251 "-" "Mozilla/5.0 (compatible; CensysInspect/1.1; +https://about.censys.io/)"
194.38.23.16 - - [26/Apr/2025:17:10:12 -0400] "GET / HTTP/1.1" 200 203327 "-" "ALittle Client"
66.29.132.124 - - [26/Apr/2025:17:13:02 -0400] "POST /wp-cron.php?doing_wp_cron=1745701982.5563600063323974609375 HTTP/1.1" 200 0 "-" "WordPress/6.8; https://cosmopolitanestates.com"
66.29.132.124 - - [26/Apr/2025:17:13:04 -0400] "POST /wp-admin/admin-ajax.php?action=async_litespeed&nonce=a028KNzZVxH0z3VjQgxtwkuZWbBwnMjh&litespeed_type=imgoptm HTTP/1.1" 200 0 "-" "WordPress/6.8; https://cosmopolitanestates.com"
144.91.119.115 - - [26/Apr/2025:17:12:55 -0400] "GET /wp-content/plugins/HelloDollyV2/hello_dolly_v2.php HTTP/1.1" 404 28101 "www.google.com" "Mozilla/5.0 (Linux; Android 7.0; SM-G892A Build/NRD90M; wv) AppleWebKit/537.36 (KHTML, like Gecko) Version/4.0 Chrome/60.0.3112.107 Mobile Safari/537.36"
144.91.119.115 - - [26/Apr/2025:17:13:18 -0400] "GET /wp-content/themes/hello_dolly_v2.php HTTP/1.1" 404 28090 "www.google.com" "Mozilla/5.0 (Linux; Android 7.0; SM-G892A Build/NRD90M; wv) AppleWebKit/537.36 (KHTML, like Gecko) Version/4.0 Chrome/60.0.3112.107 Mobile Safari/537.36"
4.227.36.31 - - [26/Apr/2025:17:13:27 -0400] "GET /robots.txt HTTP/1.1" 200 139 "-" "Mozilla/5.0 AppleWebKit/537.36 (KHTML, like Gecko; compatible; GPTBot/1.2; +https://openai.com/gptbot)"
66.29.132.124 - - [26/Apr/2025:17:13:28 -0400] "POST /wp-cron.php?doing_wp_cron=1745702008.8201940059661865234375 HTTP/1.1" 200 0 "-" "WordPress/6.8; https://cosmopolitanestates.com"
20.171.207.246 - - [26/Apr/2025:17:13:27 -0400] "GET /wp-content/uploads/2024/12/cosmopolitan-logo-e1735301823813.png%20700w,%20https:/cosmopolitanestates.com/wp-content/uploads/2024/12/cosmopolitan-logo-e1735301823813-300x225.png%20300w HTTP/1.1" 404 23891 "-" "Mozilla/5.0 AppleWebKit/537.36 (KHTML, like Gecko; compatible; GPTBot/1.2; +https://openai.com/gptbot)"
66.29.132.124 - - [26/Apr/2025:17:13:29 -0400] "POST /wp-admin/admin-ajax.php?action=async_litespeed&nonce=lqvbWlbWQ8oFZcr0DrAXp70aLiHOXC5D&litespeed_type=imgoptm HTTP/1.1" 200 21 "-" "WordPress/6.8; https://cosmopolitanestates.com"
20.171.207.246 - - [26/Apr/2025:17:13:30 -0400] "GET /xmlrpc.php HTTP/1.1" 405 46 "-" "Mozilla/5.0 AppleWebKit/537.36 (KHTML, like Gecko; compatible; GPTBot/1.2; +https://openai.com/gptbot)"
144.91.119.115 - - [26/Apr/2025:17:13:32 -0400] "GET /wp-content/plugins/WordPressCore/include.php HTTP/1.1" 404 28097 "www.google.com" "Mozilla/5.0 (Linux; Android 7.0; SM-G892A Build/NRD90M; wv) AppleWebKit/537.36 (KHTML, like Gecko) Version/4.0 Chrome/60.0.3112.107 Mobile Safari/537.36"
144.91.119.115 - - [26/Apr/2025:17:13:43 -0400] "GET /wp-content/themes/include.php HTTP/1.1" 404 28086 "www.google.com" "Mozilla/5.0 (Linux; Android 7.0; SM-G892A Build/NRD90M; wv) AppleWebKit/537.36 (KHTML, like Gecko) Version/4.0 Chrome/60.0.3112.107 Mobile Safari/537.36"
66.29.132.124 - - [26/Apr/2025:17:19:14 -0400] "POST /wp-cron.php?doing_wp_cron=1745702353.9143199920654296875000 HTTP/1.1" 200 0 "-" "WordPress/6.8; https://cosmopolitanestates.com"
20.171.207.246 - - [26/Apr/2025:17:19:07 -0400] "GET /xmlrpc.php HTTP/1.1" 405 46 "-" "Mozilla/5.0 AppleWebKit/537.36 (KHTML, like Gecko; compatible; GPTBot/1.2; +https://openai.com/gptbot)"
66.29.132.124 - - [26/Apr/2025:17:19:15 -0400] "POST /wp-admin/admin-ajax.php?action=async_litespeed&nonce=SmiYcDgIKSbTabxBkqhLIpJrSHpylGwf&litespeed_type=imgoptm HTTP/1.1" 200 0 "-" "WordPress/6.8; https://cosmopolitanestates.com"
20.171.207.246 - - [26/Apr/2025:17:19:16 -0400] "GET /wp-content/uploads/2024/12/cosmopolitan-logo-e1735301823813.png%20700w,%20https:/cosmopolitanestates.com/wp-content/uploads/2024/12/cosmopolitan-logo-e1735301823813-300x225.png%20300w HTTP/1.1" 404 23891 "-" "Mozilla/5.0 AppleWebKit/537.36 (KHTML, like Gecko; compatible; GPTBot/1.2; +https://openai.com/gptbot)"
66.29.132.124 - - [26/Apr/2025:17:40:57 -0400] "POST /wp-cron.php?doing_wp_cron=1745703657.8854289054870605468750 HTTP/1.1" 200 0 "-" "WordPress/6.8; https://cosmopolitanestates.com"
93.125.18.219 - - [26/Apr/2025:17:40:50 -0400] "POST /xmlrpc.php HTTP/1.1" 200 403 "-" "Mozilla/5.0 (Windows NT 5.1; Win64; x64) AppleWebKit/537.36 (KHTML, like Gecko) Chrome/60.0.3112.90 Safari/537.36"
34.172.194.247 - - [26/Apr/2025:17:40:56 -0400] "POST /xmlrpc.php HTTP/1.1" 200 403 "-" "Mozilla/5.0 (Windows NT 10.0; Win64; x64) AppleWebKit/537.36 (KHTML, like Gecko) Chrome/78.0.3904.108 Safari/537.36"
66.29.132.124 - - [26/Apr/2025:17:40:58 -0400] "POST /wp-admin/admin-ajax.php?action=async_litespeed&nonce=F6LfZS1bwwTH8S0vjfMvfrQPIsFFtYjo&litespeed_type=imgoptm HTTP/1.1" 200 21 "-" "WordPress/6.8; https://cosmopolitanestates.com"
66.29.132.124 - - [26/Apr/2025:17:41:06 -0400] "POST /wp-cron.php?doing_wp_cron=1745703666.0093500614166259765625 HTTP/1.1" 200 0 "-" "WordPress/6.8; https://cosmopolitanestates.com"
92.204.55.74 - - [26/Apr/2025:17:41:05 -0400] "POST /xmlrpc.php HTTP/1.1" 200 403 "-" "Mozilla/5.0 (Linux; Android 10; SM-N960U) AppleWebKit/537.36 (KHTML, like Gecko) Chrome/91.0.4472.114 Mobile Safari/537.36"
193.202.110.33 - - [26/Apr/2025:17:41:08 -0400] "POST /xmlrpc.php HTTP/1.1" 200 403 "-" "Mozilla/5.0 (Windows NT 10.0; Win64; x64; rv:57.0) Gecko/20100101 Firefox/57.0"
185.102.77.36 - - [26/Apr/2025:17:41:10 -0400] "POST /xmlrpc.php HTTP/1.1" 200 403 "-" "Mozilla/5.0 (Windows NT 10.0; Win64; x64; rv:85.0) Gecko/20100101 Firefox/85.0"
194.87.151.45 - - [26/Apr/2025:17:41:17 -0400] "POST /xmlrpc.php HTTP/1.1" 200 403 "-" "Mozilla/5.0 (X11; Ubuntu; Linux i686; rv:24.0) Gecko/20100101 Firefox/24.0"
69.89.20.134 - - [26/Apr/2025:17:41:23 -0400] "POST /xmlrpc.php HTTP/1.1" 200 403 "-" "Mozilla/5.0 (Windows NT 10.0; Win64; x64) AppleWebKit/537.36 (KHTML, like Gecko) Chrome/79.0.3945.88 Safari/537.36"
62.20.146.255 - - [26/Apr/2025:17:41:24 -0400] "POST /xmlrpc.php HTTP/1.1" 200 403 "-" "Mozilla/5.0 (Linux; Android 10; SM-G960U) AppleWebKit/537.36 (KHTML, like Gecko) Chrome/91.0.4472.114 Mobile Safari/537.36"
66.29.132.124 - - [26/Apr/2025:17:41:25 -0400] "POST /wp-cron.php?doing_wp_cron=1745703685.2751069068908691406250 HTTP/1.1" 200 0 "-" "WordPress/6.8; https://cosmopolitanestates.com"
85.10.147.36 - - [26/Apr/2025:17:41:24 -0400] "POST /xmlrpc.php HTTP/1.1" 200 403 "-" "Mozilla/5.0 (Windows NT 10.0; Win64; x64) AppleWebKit/537.36 (KHTML, like Gecko) Chrome/79.0.3945.130 Safari/537.36"
66.29.132.124 - - [26/Apr/2025:17:41:25 -0400] "POST /wp-admin/admin-ajax.php?action=async_litespeed&nonce=0mGrLWrfbWQ3MxdqPJ6b84aucS87HQqO&litespeed_type=imgoptm HTTP/1.1" 200 21 "-" "WordPress/6.8; https://cosmopolitanestates.com"
132.232.165.4 - - [26/Apr/2025:17:49:52 -0400] "GET / HTTP/1.1" 200 43683 "http://cosmopolitanestates.com" "Mozilla/5.0 (iPhone; CPU iPhone OS 13_2_3 like Mac OS X) AppleWebKit/605.1.15 (KHTML, like Gecko) Version/13.0.3 Mobile/15E148 Safari/604.1"
4.227.36.31 - - [26/Apr/2025:18:26:02 -0400] "GET /robots.txt HTTP/1.1" 200 139 "-" "Mozilla/5.0 AppleWebKit/537.36 (KHTML, like Gecko; compatible; GPTBot/1.2; +https://openai.com/gptbot)"
66.29.132.124 - - [26/Apr/2025:18:26:07 -0400] "POST /wp-cron.php?doing_wp_cron=1745706367.6705610752105712890625 HTTP/1.1" 200 0 "-" "WordPress/6.8; https://cosmopolitanestates.com"
66.29.132.124 - - [26/Apr/2025:18:26:08 -0400] "POST /wp-admin/admin-ajax.php?action=async_litespeed&nonce=nER71oclKu4eWU0CwJQzhZVh2BKyBNer&litespeed_type=imgoptm HTTP/1.1" 200 21 "-" "WordPress/6.8; https://cosmopolitanestates.com"
20.171.207.246 - - [26/Apr/2025:18:26:02 -0400] "GET /wp-includes/Requests/about.php HTTP/1.1" 404 23878 "-" "Mozilla/5.0 AppleWebKit/537.36 (KHTML, like Gecko; compatible; GPTBot/1.2; +https://openai.com/gptbot)"
66.29.132.124 - - [26/Apr/2025:18:29:22 -0400] "POST /wp-cron.php?doing_wp_cron=1745706562.2478890419006347656250 HTTP/1.1" 200 0 "-" "WordPress/6.8; https://cosmopolitanestates.com"
20.171.207.246 - - [26/Apr/2025:18:29:19 -0400] "GET /wp-content/themes/pridmag/db.php?u HTTP/1.1" 404 23865 "-" "Mozilla/5.0 AppleWebKit/537.36 (KHTML, like Gecko; compatible; GPTBot/1.2; +https://openai.com/gptbot)"
66.29.132.124 - - [26/Apr/2025:18:29:23 -0400] "POST /wp-admin/admin-ajax.php?action=async_litespeed&nonce=03rkSxrDolomja15wEb6Fx9sKQhhaSWb&litespeed_type=imgoptm HTTP/1.1" 200 21 "-" "WordPress/6.8; https://cosmopolitanestates.com"
66.29.132.124 - - [26/Apr/2025:18:35:13 -0400] "POST /wp-cron.php?doing_wp_cron=1745706913.2840249538421630859375 HTTP/1.1" 200 0 "-" "WordPress/6.8; https://cosmopolitanestates.com"
20.171.207.246 - - [26/Apr/2025:18:35:09 -0400] "GET /wp-content/plugins/hellopress/wp_filemanager.php HTTP/1.1" 404 23858 "-" "Mozilla/5.0 AppleWebKit/537.36 (KHTML, like Gecko; compatible; GPTBot/1.2; +https://openai.com/gptbot)"
66.29.132.124 - - [26/Apr/2025:18:35:14 -0400] "POST /wp-admin/admin-ajax.php?action=async_litespeed&nonce=3RcoTVSmWdWQVDJNWwXewofZ6cXDHdp3&litespeed_type=imgoptm HTTP/1.1" 200 21 "-" "WordPress/6.8; https://cosmopolitanestates.com"
66.29.132.124 - - [26/Apr/2025:18:54:20 -0400] "POST /wp-cron.php?doing_wp_cron=1745708060.1960110664367675781250 HTTP/1.1" 200 0 "-" "WordPress/6.8; https://cosmopolitanestates.com"
150.109.230.210 - - [26/Apr/2025:18:54:12 -0400] "GET / HTTP/1.1" 301 0 "http://www.cosmopolitanestates.com" "Mozilla/5.0 (iPhone; CPU iPhone OS 13_2_3 like Mac OS X) AppleWebKit/605.1.15 (KHTML, like Gecko) Version/13.0.3 Mobile/15E148 Safari/604.1"
66.29.132.124 - - [26/Apr/2025:18:54:20 -0400] "POST /wp-admin/admin-ajax.php?action=async_litespeed&nonce=RORShWX4kC0u3NGCOt0lDq30xLkes82G&litespeed_type=imgoptm HTTP/1.1" 200 21 "-" "WordPress/6.8; https://cosmopolitanestates.com"
150.109.230.210 - - [26/Apr/2025:18:54:22 -0400] "GET / HTTP/1.1" 200 43683 "https://www.cosmopolitanestates.com/" "Mozilla/5.0 (iPhone; CPU iPhone OS 13_2_3 like Mac OS X) AppleWebKit/605.1.15 (KHTML, like Gecko) Version/13.0.3 Mobile/15E148 Safari/604.1"
66.29.132.124 - - [26/Apr/2025:19:07:47 -0400] "POST /wp-cron.php?doing_wp_cron=1745708866.9715778827667236328125 HTTP/1.1" 200 0 "-" "WordPress/6.8; https://cosmopolitanestates.com"
66.29.132.124 - - [26/Apr/2025:19:07:47 -0400] "POST /wp-admin/admin-ajax.php?action=async_litespeed&nonce=h6BhCxHbCUs2Tp5OEcKBvV39mKA91srt&litespeed_type=imgoptm HTTP/1.1" 200 21 "-" "WordPress/6.8; https://cosmopolitanestates.com"
43.157.95.239 - - [26/Apr/2025:19:07:40 -0400] "GET /wp-json/wp/v2/pages/12 HTTP/1.1" 200 78157 "-" "Mozilla/5.0 (iPhone; CPU iPhone OS 13_2_3 like Mac OS X) AppleWebKit/605.1.15 (KHTML, like Gecko) Version/13.0.3 Mobile/15E148 Safari/604.1"
66.29.132.124 - - [26/Apr/2025:19:12:55 -0400] "POST /wp-cron.php?doing_wp_cron=1745709175.2085371017456054687500 HTTP/1.1" 200 0 "-" "WordPress/6.8; https://cosmopolitanestates.com"
66.29.132.124 - - [26/Apr/2025:19:12:55 -0400] "POST /wp-cron.php?doing_wp_cron=1745709175.2074890136718750000000 HTTP/1.1" 200 0 "-" "WordPress/6.8; https://cosmopolitanestates.com"
193.202.110.17 - - [26/Apr/2025:19:12:47 -0400] "POST /xmlrpc.php HTTP/1.1" 200 403 "-" "Mozilla/5.0 (Windows NT 10.0; Win64; x64; rv:61.0) Gecko/20100101 Firefox/61.0"
212.105.78.61 - - [26/Apr/2025:19:12:50 -0400] "POST /xmlrpc.php HTTP/1.1" 200 403 "-" "Mozilla/5.0 (Windows NT 6.1; WOW64; rv:38.0) Gecko/20100101 Firefox/38.0"
66.29.132.124 - - [26/Apr/2025:19:12:56 -0400] "POST /wp-admin/admin-ajax.php?action=async_litespeed&nonce=5r7nChih4ADBeDOV5MGoCPRiYqwcH8pP&litespeed_type=imgoptm HTTP/1.1" 200 0 "-" "WordPress/6.8; https://cosmopolitanestates.com"
207.244.250.198 - - [26/Apr/2025:19:12:59 -0400] "POST /xmlrpc.php HTTP/1.1" 200 403 "-" "Mozilla/5.0 (Linux; Android 10; SM-G960U) AppleWebKit/537.36 (KHTML, like Gecko) Chrome/91.0.4472.114 Mobile Safari/537.36"
84.247.188.52 - - [26/Apr/2025:19:13:02 -0400] "POST /xmlrpc.php HTTP/1.1" 200 403 "-" "Mozilla/5.0 (Windows NT 6.1) AppleWebKit/537.36 (KHTML, like Gecko) Chrome/56.0.2924.76 Safari/537.36"
191.96.52.13 - - [26/Apr/2025:19:13:04 -0400] "POST /xmlrpc.php HTTP/1.1" 200 403 "-" "Mozilla/5.0 (Windows NT 6.2; Win64; x64) AppleWebKit/537.36 (KHTML, like Gecko) Chrome/60.0.3112.90 Safari/537.36"
194.87.151.45 - - [26/Apr/2025:19:13:07 -0400] "POST /xmlrpc.php HTTP/1.1" 200 403 "-" "Mozilla/5.0 (Linux; Android 6.0.1; RedMi Note 5 Build/RB3N5C; wv) AppleWebKit/537.36 (KHTML, like Gecko) Version/4.0 Chrome/68.0.3440.91 Mobile Safari/537.36"
207.244.250.198 - - [26/Apr/2025:19:13:11 -0400] "POST /xmlrpc.php HTTP/1.1" 200 403 "-" "Mozilla/5.0 (Windows NT 10.0; Win64; x64) AppleWebKit/537.36 (KHTML, like Gecko) Chrome/79.0.3945.117 Safari/537.36"
66.29.132.124 - - [26/Apr/2025:19:13:31 -0400] "POST /wp-cron.php?doing_wp_cron=1745709210.9610741138458251953125 HTTP/1.1" 200 0 "-" "WordPress/6.8; https://cosmopolitanestates.com"
217.182.139.156 - - [26/Apr/2025:19:13:30 -0400] "POST /xmlrpc.php HTTP/1.1" 200 403 "-" "Mozilla/5.0 (Windows NT 6.1; WOW64; rv:17.0) Gecko/20100101 Firefox/17.0"
66.29.132.124 - - [26/Apr/2025:19:13:32 -0400] "POST /wp-admin/admin-ajax.php?action=async_litespeed&nonce=LHFj0UVcO2k3UWheOcOEVMlYlZAje0jC&litespeed_type=imgoptm HTTP/1.1" 200 21 "-" "WordPress/6.8; https://cosmopolitanestates.com"
84.247.188.52 - - [26/Apr/2025:19:13:44 -0400] "POST /xmlrpc.php HTTP/1.1" 200 403 "-" "Mozilla/5.0 (Linux; Android 10; LM-Q710(FGN)) AppleWebKit/537.36 (KHTML, like Gecko) Chrome/91.0.4472.114 Mobile Safari/537.36"
66.29.132.124 - - [26/Apr/2025:19:20:01 -0400] "POST /wp-cron.php?doing_wp_cron=1745709601.6690340042114257812500 HTTP/1.1" 200 0 "-" "WordPress/6.8; https://cosmopolitanestates.com"
66.29.132.124 - - [26/Apr/2025:19:20:04 -0400] "POST /wp-admin/admin-ajax.php?action=async_litespeed&nonce=hVsF8VZHmCPknEjEhI1tU9sS5AhIubUy&litespeed_type=imgoptm HTTP/1.1" 200 0 "-" "WordPress/6.8; https://cosmopolitanestates.com"
43.153.47.201 - - [26/Apr/2025:19:19:58 -0400] "GET /our-services/ HTTP/1.1" 200 25161 "-" "Mozilla/5.0 (iPhone; CPU iPhone OS 13_2_3 like Mac OS X) AppleWebKit/605.1.15 (KHTML, like Gecko) Version/13.0.3 Mobile/15E148 Safari/604.1"
66.29.132.124 - - [26/Apr/2025:19:25:58 -0400] "POST /wp-cron.php?doing_wp_cron=1745709958.3508160114288330078125 HTTP/1.1" 200 0 "-" "WordPress/6.8; https://cosmopolitanestates.com"
40.77.167.7 - - [26/Apr/2025:19:25:53 -0400] "GET /wp-sitemap-posts-page-1.xml HTTP/1.1" 200 347 "-" "Mozilla/5.0 AppleWebKit/537.36 (KHTML, like Gecko; compatible; bingbot/2.0; +http://www.bing.com/bingbot.htm) Chrome/116.0.1938.76 Safari/537.36"
66.29.132.124 - - [26/Apr/2025:19:25:59 -0400] "POST /wp-admin/admin-ajax.php?action=async_litespeed&nonce=emZRaogyfkWF5C1VtkfeBecTNqh3jNoM&litespeed_type=imgoptm HTTP/1.1" 200 0 "-" "WordPress/6.8; https://cosmopolitanestates.com"
40.77.167.7 - - [26/Apr/2025:19:27:03 -0400] "GET /wp-sitemap.xml HTTP/1.1" 200 206 "-" "Mozilla/5.0 AppleWebKit/537.36 (KHTML, like Gecko; compatible; bingbot/2.0; +http://www.bing.com/bingbot.htm) Chrome/116.0.1938.76 Safari/537.36"
66.29.132.124 - - [26/Apr/2025:19:30:57 -0400] "POST /wp-cron.php?doing_wp_cron=1745710257.7943990230560302734375 HTTP/1.1" 200 0 "-" "WordPress/6.8; https://cosmopolitanestates.com"
66.29.132.124 - - [26/Apr/2025:19:30:58 -0400] "POST /wp-admin/admin-ajax.php?action=async_litespeed&nonce=3AXBszMYREhc10hOM9zDJBlIMWLWT1Tw&litespeed_type=imgoptm HTTP/1.1" 200 21 "-" "WordPress/6.8; https://cosmopolitanestates.com"
43.153.102.138 - - [26/Apr/2025:19:30:53 -0400] "GET /contact-us/ HTTP/1.1" 200 33800 "-" "Mozilla/5.0 (iPhone; CPU iPhone OS 13_2_3 like Mac OS X) AppleWebKit/605.1.15 (KHTML, like Gecko) Version/13.0.3 Mobile/15E148 Safari/604.1"
4.227.36.30 - - [26/Apr/2025:19:33:38 -0400] "GET /robots.txt HTTP/1.1" 200 139 "-" "Mozilla/5.0 AppleWebKit/537.36 (KHTML, like Gecko; compatible; GPTBot/1.2; +https://openai.com/gptbot)"
66.29.132.124 - - [26/Apr/2025:19:33:41 -0400] "POST /wp-cron.php?doing_wp_cron=1745710421.3215610980987548828125 HTTP/1.1" 200 0 "-" "WordPress/6.8; https://cosmopolitanestates.com"
20.171.207.92 - - [26/Apr/2025:19:33:38 -0400] "GET /xmlrpc.php HTTP/1.1" 405 46 "-" "Mozilla/5.0 AppleWebKit/537.36 (KHTML, like Gecko; compatible; GPTBot/1.2; +https://openai.com/gptbot)"
66.29.132.124 - - [26/Apr/2025:19:33:42 -0400] "POST /wp-admin/admin-ajax.php?action=async_litespeed&nonce=U3JUMcWG4L97Ky3W1GBoVHBhQ6Llq43H&litespeed_type=imgoptm HTTP/1.1" 200 21 "-" "WordPress/6.8; https://cosmopolitanestates.com"
20.171.207.92 - - [26/Apr/2025:19:33:46 -0400] "GET /wp-content/uploads/2024/12/cosmopolitan-logo-e1735301823813.png%20700w,%20https:/cosmopolitanestates.com/wp-content/uploads/2024/12/cosmopolitan-logo-e1735301823813-300x225.png%20300w HTTP/1.1" 404 23891 "-" "Mozilla/5.0 AppleWebKit/537.36 (KHTML, like Gecko; compatible; GPTBot/1.2; +https://openai.com/gptbot)"
66.29.132.124 - - [26/Apr/2025:19:34:36 -0400] "POST /wp-cron.php?doing_wp_cron=1745710476.1250450611114501953125 HTTP/1.1" 200 0 "-" "WordPress/6.8; https://cosmopolitanestates.com"
20.171.207.92 - - [26/Apr/2025:19:34:35 -0400] "GET /xmlrpc.php HTTP/1.1" 405 46 "-" "Mozilla/5.0 AppleWebKit/537.36 (KHTML, like Gecko; compatible; GPTBot/1.2; +https://openai.com/gptbot)"
66.29.132.124 - - [26/Apr/2025:19:34:37 -0400] "POST /wp-admin/admin-ajax.php?action=async_litespeed&nonce=uCY6meVrFIMwD0IXO580e3pD9kcv4j5h&litespeed_type=imgoptm HTTP/1.1" 200 0 "-" "WordPress/6.8; https://cosmopolitanestates.com"
20.171.207.92 - - [26/Apr/2025:19:34:38 -0400] "GET /wp-content/uploads/2024/12/cosmopolitan-logo-e1735301823813.png%20700w,%20https:/cosmopolitanestates.com/wp-content/uploads/2024/12/cosmopolitan-logo-e1735301823813-300x225.png%20300w HTTP/1.1" 404 23891 "-" "Mozilla/5.0 AppleWebKit/537.36 (KHTML, like Gecko; compatible; GPTBot/1.2; +https://openai.com/gptbot)"
66.29.132.124 - - [26/Apr/2025:19:41:32 -0400] "POST /wp-cron.php?doing_wp_cron=1745710892.7286789417266845703125 HTTP/1.1" 200 0 "-" "WordPress/6.8; https://cosmopolitanestates.com"
