20.171.207.118 - - [26/Apr/2025:02:12:55 -0400] "GET /about.php?action=edit&file=Home-10-Slider-2-2-1000x696.png&path=%2Fhome%2Fmakmfewe%2Fsh-fragrances.com%2Fwp-content%2Fuploads%2F2023%2F05 HTTP/1.1" 200 744730 "-" "Mozilla/5.0 AppleWebKit/537.36 (KHTML, like Gecko; compatible; GPTBot/1.2; +https://openai.com/gptbot)"
109.123.245.68 - - [26/Apr/2025:02:12:56 -0400] "GET /about.php?path=//lib/tuned/accelerator-performance HTTP/1.1" 200 779 "-" "Mozilla/5.0 (compatible; MJ12bot/v1.4.8; http://mj12bot.com/)"
20.171.207.118 - - [26/Apr/2025:02:13:00 -0400] "GET /about.php?action=edit&file=12-100x100.png&path=%2Fhome%2Fmakmfewe%2Fsh-fragrances.com%2Fwp-content%2Fuploads%2F2024%2F10 HTTP/1.1" 200 9218 "-" "Mozilla/5.0 AppleWebKit/537.36 (KHTML, like Gecko; compatible; GPTBot/1.2; +https://openai.com/gptbot)"
207.180.218.74 - - [26/Apr/2025:02:13:01 -0400] "GET /about.php?path=/home/makmfewe/frugilo.com/database/seeders HTTP/1.1" 200 865 "-" "Mozilla/5.0 (compatible; MJ12bot/v1.4.8; http://mj12bot.com/)"
109.123.245.68 - - [26/Apr/2025:02:13:03 -0400] "GET /about.php?path=//lib/tuned/aws HTTP/1.1" 200 767 "-" "Mozilla/5.0 (compatible; MJ12bot/v1.4.8; http://mj12bot.com/)"
207.180.218.74 - - [26/Apr/2025:02:13:08 -0400] "GET /about.php?path=/home/makmfewe/frugilo.com/public/assets HTTP/1.1" 200 838 "-" "Mozilla/5.0 (compatible; MJ12bot/v1.4.8; http://mj12bot.com/)"
20.171.207.118 - - [26/Apr/2025:02:13:07 -0400] "GET /about.php?action=edit&file=Blog-1-1000x469.png&path=%2Fhome%2Fmakmfewe%2Fsh-fragrances.com%2Fwp-content%2Fuploads%2F2023%2F05 HTTP/1.1" 200 422740 "-" "Mozilla/5.0 AppleWebKit/537.36 (KHTML, like Gecko; compatible; GPTBot/1.2; +https://openai.com/gptbot)"
109.123.245.68 - - [26/Apr/2025:02:13:09 -0400] "GET /about.php?path=//lib/tuned/balanced HTTP/1.1" 200 768 "-" "Mozilla/5.0 (compatible; MJ12bot/v1.4.8; http://mj12bot.com/)"
20.171.207.118 - - [26/Apr/2025:02:13:14 -0400] "GET /about.php?action=edit&file=Blog-2-1000x469.png&path=%2Fhome%2Fmakmfewe%2Fsh-fragrances.com%2Fwp-content%2Fuploads%2F2023%2F05 HTTP/1.1" 200 457712 "-" "Mozilla/5.0 AppleWebKit/537.36 (KHTML, like Gecko; compatible; GPTBot/1.2; +https://openai.com/gptbot)"
207.180.218.74 - - [26/Apr/2025:02:13:15 -0400] "GET /about.php?path=/home/makmfewe/frugilo.com/public/dist HTTP/1.1" 200 807 "-" "Mozilla/5.0 (compatible; MJ12bot/v1.4.8; http://mj12bot.com/)"
109.123.245.68 - - [26/Apr/2025:02:13:16 -0400] "GET /about.php?path=//lib/tuned/cloudlinux-default HTTP/1.1" 200 777 "-" "Mozilla/5.0 (compatible; MJ12bot/v1.4.8; http://mj12bot.com/)"
20.171.207.118 - - [26/Apr/2025:02:13:20 -0400] "GET /about.php?action=edit&file=bg-03-1000x427.png&path=%2Fhome%2Fmakmfewe%2Fsh-fragrances.com%2Fwp-content%2Fuploads%2F2023%2F05 HTTP/1.1" 200 251010 "-" "Mozilla/5.0 AppleWebKit/537.36 (KHTML, like Gecko; compatible; GPTBot/1.2; +https://openai.com/gptbot)"
207.180.218.74 - - [26/Apr/2025:02:13:21 -0400] "GET /about.php?path=/home/makmfewe/frugilo.com/public/logo HTTP/1.1" 200 829 "-" "Mozilla/5.0 (compatible; MJ12bot/v1.4.8; http://mj12bot.com/)"
109.123.245.68 - - [26/Apr/2025:02:13:21 -0400] "GET /about.php?path=//lib/tuned/cloudlinux-dummy HTTP/1.1" 200 774 "-" "Mozilla/5.0 (compatible; MJ12bot/v1.4.8; http://mj12bot.com/)"
207.180.218.74 - - [26/Apr/2025:02:13:26 -0400] "GET /about.php?path=/home/makmfewe/frugilo.com/public/plugins HTTP/1.1" 200 1468 "-" "Mozilla/5.0 (compatible; MJ12bot/v1.4.8; http://mj12bot.com/)"
20.171.207.118 - - [26/Apr/2025:02:13:25 -0400] "GET /about.php?action=edit&file=ng-1000x557.png&path=%2Fhome%2Fmakmfewe%2Fsh-fragrances.com%2Fwp-content%2Fuploads%2F2023%2F06 HTTP/1.1" 200 195382 "-" "Mozilla/5.0 AppleWebKit/537.36 (KHTML, like Gecko; compatible; GPTBot/1.2; +https://openai.com/gptbot)"
109.123.245.68 - - [26/Apr/2025:02:13:27 -0400] "GET /about.php?path=//lib/tuned/cloudlinux-vz HTTP/1.1" 200 774 "-" "Mozilla/5.0 (compatible; MJ12bot/v1.4.8; http://mj12bot.com/)"
20.171.207.118 - - [26/Apr/2025:02:13:31 -0400] "GET /about.php?action=edit&file=ng-220x154.png&path=%2Fhome%2Fmakmfewe%2Fsh-fragrances.com%2Fwp-content%2Fuploads%2F2023%2F06 HTTP/1.1" 200 14891 "-" "Mozilla/5.0 AppleWebKit/537.36 (KHTML, like Gecko; compatible; GPTBot/1.2; +https://openai.com/gptbot)"
207.180.218.74 - - [26/Apr/2025:02:13:31 -0400] "GET /about.php?path=/home/makmfewe/frugilo.com/public/storage HTTP/1.1" 200 910 "-" "Mozilla/5.0 (compatible; MJ12bot/v1.4.8; http://mj12bot.com/)"
109.123.245.68 - - [26/Apr/2025:02:13:32 -0400] "GET /about.php?path=//lib/tuned/desktop HTTP/1.1" 200 767 "-" "Mozilla/5.0 (compatible; MJ12bot/v1.4.8; http://mj12bot.com/)"
207.180.218.74 - - [26/Apr/2025:02:13:35 -0400] "GET /about.php?path=/home/makmfewe/frugilo.com/resources/css HTTP/1.1" 200 806 "-" "Mozilla/5.0 (compatible; MJ12bot/v1.4.8; http://mj12bot.com/)"
20.171.207.118 - - [26/Apr/2025:02:13:36 -0400] "GET /about.php?action=edit&file=ng-768x428.png&path=%2Fhome%2Fmakmfewe%2Fsh-fragrances.com%2Fwp-content%2Fuploads%2F2023%2F06 HTTP/1.1" 200 113408 "-" "Mozilla/5.0 AppleWebKit/537.36 (KHTML, like Gecko; compatible; GPTBot/1.2; +https://openai.com/gptbot)"
109.123.245.68 - - [26/Apr/2025:02:13:36 -0400] "GET /about.php?path=//lib/tuned/epyc-eda HTTP/1.1" 200 768 "-" "Mozilla/5.0 (compatible; MJ12bot/v1.4.8; http://mj12bot.com/)"
207.180.218.74 - - [26/Apr/2025:02:13:39 -0400] "GET /about.php?path=/home/makmfewe/frugilo.com/resources/js HTTP/1.1" 200 826 "-" "Mozilla/5.0 (compatible; MJ12bot/v1.4.8; http://mj12bot.com/)"
109.123.245.68 - - [26/Apr/2025:02:13:40 -0400] "GET /about.php?path=//lib/tuned/hpc-compute HTTP/1.1" 200 776 "-" "Mozilla/5.0 (compatible; MJ12bot/v1.4.8; http://mj12bot.com/)"
20.171.207.118 - - [26/Apr/2025:02:13:42 -0400] "GET /about.php?action=edit&file=ng-100x100.png&path=%2Fhome%2Fmakmfewe%2Fsh-fragrances.com%2Fwp-content%2Fuploads%2F2023%2F06 HTTP/1.1" 200 5192 "-" "Mozilla/5.0 AppleWebKit/537.36 (KHTML, like Gecko; compatible; GPTBot/1.2; +https://openai.com/gptbot)"
207.180.218.74 - - [26/Apr/2025:02:13:43 -0400] "GET /about.php?path=/home/makmfewe/frugilo.com/resources/views HTTP/1.1" 200 967 "-" "Mozilla/5.0 (compatible; MJ12bot/v1.4.8; http://mj12bot.com/)"
109.123.245.68 - - [26/Apr/2025:02:13:44 -0400] "GET /about.php?path=//lib/tuned/intel-sst HTTP/1.1" 200 771 "-" "Mozilla/5.0 (compatible; MJ12bot/v1.4.8; http://mj12bot.com/)"
20.171.207.118 - - [26/Apr/2025:02:13:46 -0400] "GET /about.php?action=edit&file=ng-150x150.png&path=%2Fhome%2Fmakmfewe%2Fsh-fragrances.com%2Fwp-content%2Fuploads%2F2023%2F06 HTTP/1.1" 200 9226 "-" "Mozilla/5.0 AppleWebKit/537.36 (KHTML, like Gecko; compatible; GPTBot/1.2; +https://openai.com/gptbot)"
207.180.218.74 - - [26/Apr/2025:02:13:47 -0400] "GET /about.php?path=/home/makmfewe/frugilo.com/storage/app HTTP/1.1" 200 830 "-" "Mozilla/5.0 (compatible; MJ12bot/v1.4.8; http://mj12bot.com/)"
109.123.245.68 - - [26/Apr/2025:02:13:48 -0400] "GET /about.php?path=//lib/tuned/latency-performance HTTP/1.1" 200 777 "-" "Mozilla/5.0 (compatible; MJ12bot/v1.4.8; http://mj12bot.com/)"
20.171.207.118 - - [26/Apr/2025:02:13:49 -0400] "GET /about.php?action=edit&file=ng-300x167.png&path=%2Fhome%2Fmakmfewe%2Fsh-fragrances.com%2Fwp-content%2Fuploads%2F2023%2F06 HTTP/1.1" 200 20492 "-" "Mozilla/5.0 AppleWebKit/537.36 (KHTML, like Gecko; compatible; GPTBot/1.2; +https://openai.com/gptbot)"
207.180.218.74 - - [26/Apr/2025:02:13:51 -0400] "GET /about.php?path=/home/makmfewe/frugilo.com/storage/framework HTTP/1.1" 200 866 "-" "Mozilla/5.0 (compatible; MJ12bot/v1.4.8; http://mj12bot.com/)"
109.123.245.68 - - [26/Apr/2025:02:13:52 -0400] "GET /about.php?path=//lib/tuned/network-latency HTTP/1.1" 200 772 "-" "Mozilla/5.0 (compatible; MJ12bot/v1.4.8; http://mj12bot.com/)"
20.171.207.118 - - [26/Apr/2025:02:13:53 -0400] "GET /about.php?action=edit&file=marque-bg-02-300x174.png&path=%2Fhome%2Fmakmfewe%2Fsh-fragrances.com%2Fwp-content%2Fuploads%2F2023%2F05 HTTP/1.1" 200 37098 "-" "Mozilla/5.0 AppleWebKit/537.36 (KHTML, like Gecko; compatible; GPTBot/1.2; +https://openai.com/gptbot)"
207.180.218.74 - - [26/Apr/2025:02:13:55 -0400] "GET /about.php?path=/home/makmfewe/frugilo.com/storage/gallery HTTP/1.1" 200 784 "-" "Mozilla/5.0 (compatible; MJ12bot/v1.4.8; http://mj12bot.com/)"
109.123.245.68 - - [26/Apr/2025:02:13:57 -0400] "GET /about.php?path=//lib/tuned/network-throughput HTTP/1.1" 200 774 "-" "Mozilla/5.0 (compatible; MJ12bot/v1.4.8; http://mj12bot.com/)"
20.171.207.118 - - [26/Apr/2025:02:13:57 -0400] "GET /about.php?action=edit&file=Blog-1-1024x480.png&path=%2Fhome%2Fmakmfewe%2Fsh-fragrances.com%2Fwp-content%2Fuploads%2F2023%2F05 HTTP/1.1" 200 443119 "-" "Mozilla/5.0 AppleWebKit/537.36 (KHTML, like Gecko; compatible; GPTBot/1.2; +https://openai.com/gptbot)"
207.180.218.74 - - [26/Apr/2025:02:14:00 -0400] "GET /about.php?path=/home/makmfewe/frugilo.com/storage/logs HTTP/1.1" 200 831 "-" "Mozilla/5.0 (compatible; MJ12bot/v1.4.8; http://mj12bot.com/)"
109.123.245.68 - - [26/Apr/2025:02:14:03 -0400] "GET /about.php?path=//lib/tuned/optimize-serial-console HTTP/1.1" 200 780 "-" "Mozilla/5.0 (compatible; MJ12bot/v1.4.8; http://mj12bot.com/)"
20.171.207.118 - - [26/Apr/2025:02:14:01 -0400] "GET /about.php?action=edit&file=mar-bg-text1-1024x576.png&path=%2Fhome%2Fmakmfewe%2Fsh-fragrances.com%2Fwp-content%2Fuploads%2F2023%2F05 HTTP/1.1" 200 400025 "-" "Mozilla/5.0 AppleWebKit/537.36 (KHTML, like Gecko; compatible; GPTBot/1.2; +https://openai.com/gptbot)"
207.180.218.74 - - [26/Apr/2025:02:14:05 -0400] "GET /about.php?path=/home/makmfewe/frugilo.com/tests/Feature HTTP/1.1" 200 854 "-" "Mozilla/5.0 (compatible; MJ12bot/v1.4.8; http://mj12bot.com/)"
20.171.207.118 - - [26/Apr/2025:02:14:08 -0400] "GET /about.php?action=edit&file=mask-image-1-1024x417.png&path=%2Fhome%2Fmakmfewe%2Fsh-fragrances.com%2Fwp-content%2Fuploads%2F2023%2F06 HTTP/1.1" 200 2700 "-" "Mozilla/5.0 AppleWebKit/537.36 (KHTML, like Gecko; compatible; GPTBot/1.2; +https://openai.com/gptbot)"
109.123.245.68 - - [26/Apr/2025:02:14:09 -0400] "GET /about.php?path=//lib/tuned/powersave HTTP/1.1" 200 785 "-" "Mozilla/5.0 (compatible; MJ12bot/v1.4.8; http://mj12bot.com/)"
207.180.218.74 - - [26/Apr/2025:02:14:10 -0400] "GET /about.php?path=/home/makmfewe/frugilo.com/tests/Unit HTTP/1.1" 200 808 "-" "Mozilla/5.0 (compatible; MJ12bot/v1.4.8; http://mj12bot.com/)"
109.123.245.68 - - [26/Apr/2025:02:14:14 -0400] "GET /about.php?path=//lib/tuned/recommend.d HTTP/1.1" 200 774 "-" "Mozilla/5.0 (compatible; MJ12bot/v1.4.8; http://mj12bot.com/)"
20.171.207.118 - - [26/Apr/2025:02:14:14 -0400] "GET /about.php?action=edit&file=Shop-5-770x1024.png&path=%2Fhome%2Fmakmfewe%2Fsh-fragrances.com%2Fwp-content%2Fuploads%2F2023%2F05 HTTP/1.1" 200 440432 "-" "Mozilla/5.0 AppleWebKit/537.36 (KHTML, like Gecko; compatible; GPTBot/1.2; +https://openai.com/gptbot)"
207.180.218.74 - - [26/Apr/2025:02:14:16 -0400] "GET /about.php?path=/home/makmfewe/frugilo.com/vendor/bin HTTP/1.1" 200 932 "-" "Mozilla/5.0 (compatible; MJ12bot/v1.4.8; http://mj12bot.com/)"
109.123.245.68 - - [26/Apr/2025:02:14:18 -0400] "GET /about.php?path=//lib/tuned/throughput-performance HTTP/1.1" 200 774 "-" "Mozilla/5.0 (compatible; MJ12bot/v1.4.8; http://mj12bot.com/)"
20.171.207.118 - - [26/Apr/2025:02:14:19 -0400] "GET /about.php?action=edit&file=Shop-3-770x1024.png&path=%2Fhome%2Fmakmfewe%2Fsh-fragrances.com%2Fwp-content%2Fuploads%2F2023%2F05 HTTP/1.1" 200 312095 "-" "Mozilla/5.0 AppleWebKit/537.36 (KHTML, like Gecko; compatible; GPTBot/1.2; +https://openai.com/gptbot)"
207.180.218.74 - - [26/Apr/2025:02:14:20 -0400] "GET /about.php?path=/home/makmfewe/frugilo.com/vendor/brick HTTP/1.1" 200 784 "-" "Mozilla/5.0 (compatible; MJ12bot/v1.4.8; http://mj12bot.com/)"
109.123.245.68 - - [26/Apr/2025:02:14:22 -0400] "GET /about.php?path=//lib/tuned/virtual-guest HTTP/1.1" 200 772 "-" "Mozilla/5.0 (compatible; MJ12bot/v1.4.8; http://mj12bot.com/)"
207.180.218.74 - - [26/Apr/2025:02:14:25 -0400] "GET /about.php?path=/home/makmfewe/frugilo.com/vendor/composer HTTP/1.1" 200 1055 "-" "Mozilla/5.0 (compatible; MJ12bot/v1.4.8; http://mj12bot.com/)"
20.171.207.118 - - [26/Apr/2025:02:14:23 -0400] "GET /about.php?action=edit&file=Shop-5-768x1021.png&path=%2Fhome%2Fmakmfewe%2Fsh-fragrances.com%2Fwp-content%2Fuploads%2F2023%2F05 HTTP/1.1" 200 438864 "-" "Mozilla/5.0 AppleWebKit/537.36 (KHTML, like Gecko; compatible; GPTBot/1.2; +https://openai.com/gptbot)"
109.123.245.68 - - [26/Apr/2025:02:14:28 -0400] "GET /about.php?path=//lib/tuned/virtual-host HTTP/1.1" 200 772 "-" "Mozilla/5.0 (compatible; MJ12bot/v1.4.8; http://mj12bot.com/)"
20.171.207.118 - - [26/Apr/2025:02:14:30 -0400] "GET /about.php?action=edit&file=Shop-1-770x1024.png&path=%2Fhome%2Fmakmfewe%2Fsh-fragrances.com%2Fwp-content%2Fuploads%2F2023%2F05 HTTP/1.1" 200 159225 "-" "Mozilla/5.0 AppleWebKit/537.36 (KHTML, like Gecko; compatible; GPTBot/1.2; +https://openai.com/gptbot)"
207.180.218.74 - - [26/Apr/2025:02:14:31 -0400] "GET /about.php?path=/home/makmfewe/frugilo.com/vendor/dflydev HTTP/1.1" 200 792 "-" "Mozilla/5.0 (compatible; MJ12bot/v1.4.8; http://mj12bot.com/)"
109.123.245.68 - - [26/Apr/2025:02:14:34 -0400] "GET /about.php?path=//lib/udev/hwdb.d HTTP/1.1" 200 1192 "-" "Mozilla/5.0 (compatible; MJ12bot/v1.4.8; http://mj12bot.com/)"
20.171.207.118 - - [26/Apr/2025:02:14:34 -0400] "GET /about.php?action=edit&file=Shop-1-768x1021.png&path=%2Fhome%2Fmakmfewe%2Fsh-fragrances.com%2Fwp-content%2Fuploads%2F2023%2F05 HTTP/1.1" 200 158534 "-" "Mozilla/5.0 AppleWebKit/537.36 (KHTML, like Gecko; compatible; GPTBot/1.2; +https://openai.com/gptbot)"
207.180.218.74 - - [26/Apr/2025:02:14:35 -0400] "GET /about.php?path=/home/makmfewe/frugilo.com/vendor/doctrine HTTP/1.1" 200 798 "-" "Mozilla/5.0 (compatible; MJ12bot/v1.4.8; http://mj12bot.com/)"
109.123.245.68 - - [26/Apr/2025:02:14:39 -0400] "GET /about.php?path=//lib/udev/rules.d HTTP/1.1" 200 1799 "-" "Mozilla/5.0 (compatible; MJ12bot/v1.4.8; http://mj12bot.com/)"
207.180.218.74 - - [26/Apr/2025:02:14:41 -0400] "GET /about.php?path=/home/makmfewe/frugilo.com/vendor/dragonmantank HTTP/1.1" 200 796 "-" "Mozilla/5.0 (compatible; MJ12bot/v1.4.8; http://mj12bot.com/)"
20.171.207.118 - - [26/Apr/2025:02:14:39 -0400] "GET /about.php?action=edit&file=bg-03-1536x656.png&path=%2Fhome%2Fmakmfewe%2Fsh-fragrances.com%2Fwp-content%2Fuploads%2F2023%2F05 HTTP/1.1" 200 554161 "-" "Mozilla/5.0 AppleWebKit/537.36 (KHTML, like Gecko; compatible; GPTBot/1.2; +https://openai.com/gptbot)"
109.123.245.68 - - [26/Apr/2025:02:14:45 -0400] "GET /about.php?path=//lib64/GraphicsMagick-1.3.38/config HTTP/1.1" 200 860 "-" "Mozilla/5.0 (compatible; MJ12bot/v1.4.8; http://mj12bot.com/)"
20.171.207.118 - - [26/Apr/2025:02:14:45 -0400] "GET /about.php?action=edit&file=bg-03-1024x437.png&path=%2Fhome%2Fmakmfewe%2Fsh-fragrances.com%2Fwp-content%2Fuploads%2F2023%2F05 HTTP/1.1" 200 262558 "-" "Mozilla/5.0 AppleWebKit/537.36 (KHTML, like Gecko; compatible; GPTBot/1.2; +https://openai.com/gptbot)"
207.180.218.74 - - [26/Apr/2025:02:14:46 -0400] "GET /about.php?path=/home/makmfewe/frugilo.com/vendor/egulias HTTP/1.1" 200 792 "-" "Mozilla/5.0 (compatible; MJ12bot/v1.4.8; http://mj12bot.com/)"
109.123.245.68 - - [26/Apr/2025:02:14:50 -0400] "GET /about.php?path=//lib64/GraphicsMagick-1.3.38/modules-Q16 HTTP/1.1" 200 780 "-" "Mozilla/5.0 (compatible; MJ12bot/v1.4.8; http://mj12bot.com/)"
207.180.218.74 - - [26/Apr/2025:02:14:51 -0400] "GET /about.php?path=/home/makmfewe/frugilo.com/vendor/ezyang HTTP/1.1" 200 793 "-" "Mozilla/5.0 (compatible; MJ12bot/v1.4.8; http://mj12bot.com/)"
20.171.207.118 - - [26/Apr/2025:02:14:50 -0400] "GET /about.php?action=edit&file=marque-bg-02-1536x892.png&path=%2Fhome%2Fmakmfewe%2Fsh-fragrances.com%2Fwp-content%2Fuploads%2F2023%2F05 HTTP/1.1" 200 646704 "-" "Mozilla/5.0 AppleWebKit/537.36 (KHTML, like Gecko; compatible; GPTBot/1.2; +https://openai.com/gptbot)"
109.123.245.68 - - [26/Apr/2025:02:14:54 -0400] "GET /about.php?path=//lib64/ImageMagick-6.9.13/config-Q16 HTTP/1.1" 200 791 "-" "Mozilla/5.0 (compatible; MJ12bot/v1.4.8; http://mj12bot.com/)"
207.180.218.74 - - [26/Apr/2025:02:14:54 -0400] "GET /about.php?path=/home/makmfewe/frugilo.com/vendor/fakerphp HTTP/1.1" 200 782 "-" "Mozilla/5.0 (compatible; MJ12bot/v1.4.8; http://mj12bot.com/)"
20.171.207.118 - - [26/Apr/2025:02:14:55 -0400] "GET /about.php?action=edit&file=marque-bg-02-100x100.png&path=%2Fhome%2Fmakmfewe%2Fsh-fragrances.com%2Fwp-content%2Fuploads%2F2023%2F05 HTTP/1.1" 200 14481 "-" "Mozilla/5.0 AppleWebKit/537.36 (KHTML, like Gecko; compatible; GPTBot/1.2; +https://openai.com/gptbot)"
109.123.245.68 - - [26/Apr/2025:02:14:57 -0400] "GET /about.php?path=//lib64/ImageMagick-6.9.13/modules-Q16 HTTP/1.1" 200 778 "-" "Mozilla/5.0 (compatible; MJ12bot/v1.4.8; http://mj12bot.com/)"
207.180.218.74 - - [26/Apr/2025:02:14:57 -0400] "GET /about.php?path=/home/makmfewe/frugilo.com/vendor/filp HTTP/1.1" 200 786 "-" "Mozilla/5.0 (compatible; MJ12bot/v1.4.8; http://mj12bot.com/)"
109.123.245.68 - - [26/Apr/2025:02:15:00 -0400] "GET /about.php?path=//lib64/NetworkManager/1.40.16-19.el8_10 HTTP/1.1" 200 831 "-" "Mozilla/5.0 (compatible; MJ12bot/v1.4.8; http://mj12bot.com/)"
20.171.207.118 - - [26/Apr/2025:02:14:59 -0400] "GET /about.php?action=edit&file=Shop-6-770x1024.png&path=%2Fhome%2Fmakmfewe%2Fsh-fragrances.com%2Fwp-content%2Fuploads%2F2023%2F05 HTTP/1.1" 200 475669 "-" "Mozilla/5.0 AppleWebKit/537.36 (KHTML, like Gecko; compatible; GPTBot/1.2; +https://openai.com/gptbot)"
207.180.218.74 - - [26/Apr/2025:02:15:05 -0400] "GET /about.php?path=/home/makmfewe/frugilo.com/vendor/fruitcake HTTP/1.1" 200 792 "-" "Mozilla/5.0 (compatible; MJ12bot/v1.4.8; http://mj12bot.com/)"
20.171.207.118 - - [26/Apr/2025:02:15:07 -0400] "GET /about.php?action=edit&file=sign-03-150x137.png&path=%2Fhome%2Fmakmfewe%2Fsh-fragrances.com%2Fwp-content%2Fuploads%2F2023%2F05 HTTP/1.1" 200 6413 "-" "Mozilla/5.0 AppleWebKit/537.36 (KHTML, like Gecko; compatible; GPTBot/1.2; +https://openai.com/gptbot)"
109.123.245.68 - - [26/Apr/2025:02:15:07 -0400] "GET /about.php?path=//lib64/apache2/build HTTP/1.1" 200 882 "-" "Mozilla/5.0 (compatible; MJ12bot/v1.4.8; http://mj12bot.com/)"
207.180.218.74 - - [26/Apr/2025:02:15:10 -0400] "GET /about.php?path=/home/makmfewe/frugilo.com/vendor/graham-campbell HTTP/1.1" 200 798 "-" "Mozilla/5.0 (compatible; MJ12bot/v1.4.8; http://mj12bot.com/)"
20.171.207.118 - - [26/Apr/2025:02:15:13 -0400] "GET /about.php?action=edit&file=Shop-7-768x1021.png&path=%2Fhome%2Fmakmfewe%2Fsh-fragrances.com%2Fwp-content%2Fuploads%2F2023%2F05 HTTP/1.1" 200 216604 "-" "Mozilla/5.0 AppleWebKit/537.36 (KHTML, like Gecko; compatible; GPTBot/1.2; +https://openai.com/gptbot)"
109.123.245.68 - - [26/Apr/2025:02:15:15 -0400] "GET /about.php?path=//lib64/apache2/modules HTTP/1.1" 200 1833 "-" "Mozilla/5.0 (compatible; MJ12bot/v1.4.8; http://mj12bot.com/)"
207.180.218.74 - - [26/Apr/2025:02:15:17 -0400] "GET /about.php?path=/home/makmfewe/frugilo.com/vendor/guzzlehttp HTTP/1.1" 200 824 "-" "Mozilla/5.0 (compatible; MJ12bot/v1.4.8; http://mj12bot.com/)"
20.171.207.118 - - [26/Apr/2025:02:15:18 -0400] "GET /about.php?action=edit&file=marque-bg-02-768x446.png&path=%2Fhome%2Fmakmfewe%2Fsh-fragrances.com%2Fwp-content%2Fuploads%2F2023%2F05 HTTP/1.1" 200 186297 "-" "Mozilla/5.0 AppleWebKit/537.36 (KHTML, like Gecko; compatible; GPTBot/1.2; +https://openai.com/gptbot)"
109.123.245.68 - - [26/Apr/2025:02:15:23 -0400] "GET /about.php?path=//lib64/c%20%20-plesk-10.3.0 HTTP/1.1" 200 697 "-" "Mozilla/5.0 (compatible; MJ12bot/v1.4.8; http://mj12bot.com/)"
207.180.218.74 - - [26/Apr/2025:02:15:25 -0400] "GET /about.php?path=/home/makmfewe/frugilo.com/vendor/hamcrest HTTP/1.1" 200 789 "-" "Mozilla/5.0 (compatible; MJ12bot/v1.4.8; http://mj12bot.com/)"
20.171.207.118 - - [26/Apr/2025:02:15:25 -0400] "GET /about.php?action=edit&file=mar-bg-text1-1536x864.png&path=%2Fhome%2Fmakmfewe%2Fsh-fragrances.com%2Fwp-content%2Fuploads%2F2023%2F05 HTTP/1.1" 200 930021 "-" "Mozilla/5.0 AppleWebKit/537.36 (KHTML, like Gecko; compatible; GPTBot/1.2; +https://openai.com/gptbot)"
109.123.245.68 - - [26/Apr/2025:02:15:30 -0400] "GET /about.php?path=//lib64/c%20%20-plesk-12.2.0 HTTP/1.1" 200 697 "-" "Mozilla/5.0 (compatible; MJ12bot/v1.4.8; http://mj12bot.com/)"
207.180.218.74 - - [26/Apr/2025:02:15:30 -0400] "GET /about.php?path=/home/makmfewe/frugilo.com/vendor/laravel HTTP/1.1" 200 879 "-" "Mozilla/5.0 (compatible; MJ12bot/v1.4.8; http://mj12bot.com/)"
20.171.207.118 - - [26/Apr/2025:02:15:32 -0400] "GET /about.php?action=edit&file=Shop-3-768x1021.png&path=%2Fhome%2Fmakmfewe%2Fsh-fragrances.com%2Fwp-content%2Fuploads%2F2023%2F05 HTTP/1.1" 200 309792 "-" "Mozilla/5.0 AppleWebKit/537.36 (KHTML, like Gecko; compatible; GPTBot/1.2; +https://openai.com/gptbot)"
109.123.245.68 - - [26/Apr/2025:02:15:34 -0400] "GET /about.php?path=//lib64/c%2B%2B-plesk-10.3.0/lib64 HTTP/1.1" 200 829 "-" "Mozilla/5.0 (compatible; MJ12bot/v1.4.8; http://mj12bot.com/)"
207.180.218.74 - - [26/Apr/2025:02:15:35 -0400] "GET /about.php?path=/home/makmfewe/frugilo.com/vendor/league HTTP/1.1" 200 843 "-" "Mozilla/5.0 (compatible; MJ12bot/v1.4.8; http://mj12bot.com/)"
109.123.245.68 - - [26/Apr/2025:02:15:39 -0400] "GET /about.php?path=//lib64/c%2B%2B-plesk-12.2.0/lib64 HTTP/1.1" 200 829 "-" "Mozilla/5.0 (compatible; MJ12bot/v1.4.8; http://mj12bot.com/)"
207.180.218.74 - - [26/Apr/2025:02:15:39 -0400] "GET /about.php?path=/home/makmfewe/frugilo.com/vendor/maatwebsite HTTP/1.1" 200 788 "-" "Mozilla/5.0 (compatible; MJ12bot/v1.4.8; http://mj12bot.com/)"
20.171.207.118 - - [26/Apr/2025:02:15:41 -0400] "GET /about.php?action=edit&file=marque-bg-02-220x154.png&path=%2Fhome%2Fmakmfewe%2Fsh-fragrances.com%2Fwp-content%2Fuploads%2F2023%2F05 HTTP/1.1" 200 29823 "-" "Mozilla/5.0 AppleWebKit/537.36 (KHTML, like Gecko; compatible; GPTBot/1.2; +https://openai.com/gptbot)"
109.123.245.68 - - [26/Apr/2025:02:15:43 -0400] "GET /about.php?path=//lib64/cmake/Qt5 HTTP/1.1" 200 699 "-" "Mozilla/5.0 (compatible; MJ12bot/v1.4.8; http://mj12bot.com/)"
207.180.218.74 - - [26/Apr/2025:02:15:43 -0400] "GET /about.php?path=/home/makmfewe/frugilo.com/vendor/maennchen HTTP/1.1" 200 792 "-" "Mozilla/5.0 (compatible; MJ12bot/v1.4.8; http://mj12bot.com/)"
109.123.245.68 - - [26/Apr/2025:02:15:49 -0400] "GET /about.php?path=//lib64/cmake/Qt5Concurrent HTTP/1.1" 200 705 "-" "Mozilla/5.0 (compatible; MJ12bot/v1.4.8; http://mj12bot.com/)"
207.180.218.74 - - [26/Apr/2025:02:15:50 -0400] "GET /about.php?path=/home/makmfewe/frugilo.com/vendor/markbaker HTTP/1.1" 200 803 "-" "Mozilla/5.0 (compatible; MJ12bot/v1.4.8; http://mj12bot.com/)"
20.171.207.118 - - [26/Apr/2025:02:15:51 -0400] "GET /about.php?action=edit&file=marque-bg-02-150x150.png&path=%2Fhome%2Fmakmfewe%2Fsh-fragrances.com%2Fwp-content%2Fuploads%2F2023%2F05 HTTP/1.1" 200 27904 "-" "Mozilla/5.0 AppleWebKit/537.36 (KHTML, like Gecko; compatible; GPTBot/1.2; +https://openai.com/gptbot)"
109.123.245.68 - - [26/Apr/2025:02:15:54 -0400] "GET /about.php?path=//lib64/cmake/Qt5Core HTTP/1.1" 200 702 "-" "Mozilla/5.0 (compatible; MJ12bot/v1.4.8; http://mj12bot.com/)"
207.180.218.74 - - [26/Apr/2025:02:15:54 -0400] "GET /about.php?path=/home/makmfewe/frugilo.com/vendor/mockery HTTP/1.1" 200 780 "-" "Mozilla/5.0 (compatible; MJ12bot/v1.4.8; http://mj12bot.com/)"
20.171.207.118 - - [26/Apr/2025:02:15:55 -0400] "GET /about.php?action=edit&file=Blog-2-1024x480.png&path=%2Fhome%2Fmakmfewe%2Fsh-fragrances.com%2Fwp-content%2Fuploads%2F2023%2F05 HTTP/1.1" 200 481405 "-" "Mozilla/5.0 AppleWebKit/537.36 (KHTML, like Gecko; compatible; GPTBot/1.2; +https://openai.com/gptbot)"
109.123.245.68 - - [26/Apr/2025:02:15:59 -0400] "GET /about.php?path=//lib64/cmake/Qt5DBus HTTP/1.1" 200 703 "-" "Mozilla/5.0 (compatible; MJ12bot/v1.4.8; http://mj12bot.com/)"
207.180.218.74 - - [26/Apr/2025:02:15:59 -0400] "GET /about.php?path=/home/makmfewe/frugilo.com/vendor/monolog HTTP/1.1" 200 780 "-" "Mozilla/5.0 (compatible; MJ12bot/v1.4.8; http://mj12bot.com/)"
207.180.218.74 - - [26/Apr/2025:02:16:04 -0400] "GET /about.php?path=/home/makmfewe/frugilo.com/vendor/myclabs HTTP/1.1" 200 791 "-" "Mozilla/5.0 (compatible; MJ12bot/v1.4.8; http://mj12bot.com/)"
109.123.245.68 - - [26/Apr/2025:02:16:04 -0400] "GET /about.php?path=//lib64/cmake/Qt5Gui HTTP/1.1" 200 1189 "-" "Mozilla/5.0 (compatible; MJ12bot/v1.4.8; http://mj12bot.com/)"
20.171.207.118 - - [26/Apr/2025:02:16:04 -0400] "GET /about.php?action=edit&file=Shop-6-768x1021.png&path=%2Fhome%2Fmakmfewe%2Fsh-fragrances.com%2Fwp-content%2Fuploads%2F2023%2F05 HTTP/1.1" 200 472593 "-" "Mozilla/5.0 AppleWebKit/537.36 (KHTML, like Gecko; compatible; GPTBot/1.2; +https://openai.com/gptbot)"
207.180.218.74 - - [26/Apr/2025:02:16:09 -0400] "GET /about.php?path=/home/makmfewe/frugilo.com/vendor/nesbot HTTP/1.1" 200 785 "-" "Mozilla/5.0 (compatible; MJ12bot/v1.4.8; http://mj12bot.com/)"
109.123.245.68 - - [26/Apr/2025:02:16:10 -0400] "GET /about.php?path=//lib64/cmake/Qt5Multimedia HTTP/1.1" 200 921 "-" "Mozilla/5.0 (compatible; MJ12bot/v1.4.8; http://mj12bot.com/)"
20.171.207.118 - - [26/Apr/2025:02:16:10 -0400] "GET /about.php?action=edit&file=Shop-8-768x1021.png&path=%2Fhome%2Fmakmfewe%2Fsh-fragrances.com%2Fwp-content%2Fuploads%2F2023%2F05 HTTP/1.1" 200 238063 "-" "Mozilla/5.0 AppleWebKit/537.36 (KHTML, like Gecko; compatible; GPTBot/1.2; +https://openai.com/gptbot)"
207.180.218.74 - - [26/Apr/2025:02:16:15 -0400] "GET /about.php?path=/home/makmfewe/frugilo.com/vendor/nette HTTP/1.1" 200 798 "-" "Mozilla/5.0 (compatible; MJ12bot/v1.4.8; http://mj12bot.com/)"
109.123.245.68 - - [26/Apr/2025:02:16:15 -0400] "GET /about.php?path=//lib64/cmake/Qt5MultimediaWidgets HTTP/1.1" 200 712 "-" "Mozilla/5.0 (compatible; MJ12bot/v1.4.8; http://mj12bot.com/)"
20.171.207.118 - - [26/Apr/2025:02:16:16 -0400] "GET /about.php?action=edit&file=marque-bg-02-1024x595.png&path=%2Fhome%2Fmakmfewe%2Fsh-fragrances.com%2Fwp-content%2Fuploads%2F2023%2F05 HTTP/1.1" 200 311684 "-" "Mozilla/5.0 AppleWebKit/537.36 (KHTML, like Gecko; compatible; GPTBot/1.2; +https://openai.com/gptbot)"
207.180.218.74 - - [26/Apr/2025:02:16:18 -0400] "GET /about.php?path=/home/makmfewe/frugilo.com/vendor/nikic HTTP/1.1" 200 790 "-" "Mozilla/5.0 (compatible; MJ12bot/v1.4.8; http://mj12bot.com/)"
109.123.245.68 - - [26/Apr/2025:02:16:19 -0400] "GET /about.php?path=//lib64/cmake/Qt5Network HTTP/1.1" 200 828 "-" "Mozilla/5.0 (compatible; MJ12bot/v1.4.8; http://mj12bot.com/)"
20.171.207.118 - - [26/Apr/2025:02:16:21 -0400] "GET /about.php?action=edit&file=sign-03-100x100.png&path=%2Fhome%2Fmakmfewe%2Fsh-fragrances.com%2Fwp-content%2Fuploads%2F2023%2F05 HTTP/1.1" 200 5873 "-" "Mozilla/5.0 AppleWebKit/537.36 (KHTML, like Gecko; compatible; GPTBot/1.2; +https://openai.com/gptbot)"
109.123.245.68 - - [26/Apr/2025:02:16:23 -0400] "GET /about.php?path=//lib64/cmake/Qt5OpenGL HTTP/1.1" 200 702 "-" "Mozilla/5.0 (compatible; MJ12bot/v1.4.8; http://mj12bot.com/)"
207.180.218.74 - - [26/Apr/2025:02:16:24 -0400] "GET /about.php?path=/home/makmfewe/frugilo.com/vendor/nunomaduro HTTP/1.1" 200 806 "-" "Mozilla/5.0 (compatible; MJ12bot/v1.4.8; http://mj12bot.com/)"
20.171.207.118 - - [26/Apr/2025:02:16:25 -0400] "GET /about.php?action=edit&file=Shop-4-770x1024.png&path=%2Fhome%2Fmakmfewe%2Fsh-fragrances.com%2Fwp-content%2Fuploads%2F2023%2F05 HTTP/1.1" 200 289001 "-" "Mozilla/5.0 AppleWebKit/537.36 (KHTML, like Gecko; compatible; GPTBot/1.2; +https://openai.com/gptbot)"
109.123.245.68 - - [26/Apr/2025:02:16:28 -0400] "GET /about.php?path=//lib64/cmake/Qt5PrintSupport HTTP/1.1" 200 795 "-" "Mozilla/5.0 (compatible; MJ12bot/v1.4.8; http://mj12bot.com/)"
207.180.218.74 - - [26/Apr/2025:02:16:28 -0400] "GET /about.php?path=/home/makmfewe/frugilo.com/vendor/phar-io HTTP/1.1" 200 797 "-" "Mozilla/5.0 (compatible; MJ12bot/v1.4.8; http://mj12bot.com/)"
20.171.207.118 - - [26/Apr/2025:02:16:31 -0400] "GET /about.php?action=edit&file=Shop-4-768x1021.png&path=%2Fhome%2Fmakmfewe%2Fsh-fragrances.com%2Fwp-content%2Fuploads%2F2023%2F05 HTTP/1.1" 200 287386 "-" "Mozilla/5.0 AppleWebKit/537.36 (KHTML, like Gecko; compatible; GPTBot/1.2; +https://openai.com/gptbot)"
109.123.245.68 - - [26/Apr/2025:02:16:32 -0400] "GET /about.php?path=//lib64/cmake/Qt5Sql HTTP/1.1" 200 791 "-" "Mozilla/5.0 (compatible; MJ12bot/v1.4.8; http://mj12bot.com/)"
207.180.218.74 - - [26/Apr/2025:02:16:32 -0400] "GET /about.php?path=/home/makmfewe/frugilo.com/vendor/phpoffice HTTP/1.1" 200 791 "-" "Mozilla/5.0 (compatible; MJ12bot/v1.4.8; http://mj12bot.com/)"
20.171.207.118 - - [26/Apr/2025:02:16:34 -0400] "GET /about.php?action=edit&file=Shop-8-770x1024.png&path=%2Fhome%2Fmakmfewe%2Fsh-fragrances.com%2Fwp-content%2Fuploads%2F2023%2F05 HTTP/1.1" 200 239528 "-" "Mozilla/5.0 AppleWebKit/537.36 (KHTML, like Gecko; compatible; GPTBot/1.2; +https://openai.com/gptbot)"
109.123.245.68 - - [26/Apr/2025:02:16:36 -0400] "GET /about.php?path=//lib64/cmake/Qt5Test HTTP/1.1" 200 702 "-" "Mozilla/5.0 (compatible; MJ12bot/v1.4.8; http://mj12bot.com/)"
207.180.218.74 - - [26/Apr/2025:02:16:37 -0400] "GET /about.php?path=/home/makmfewe/frugilo.com/vendor/phpoption HTTP/1.1" 200 782 "-" "Mozilla/5.0 (compatible; MJ12bot/v1.4.8; http://mj12bot.com/)"
20.171.207.118 - - [26/Apr/2025:02:16:39 -0400] "GET /about.php?action=edit&file=Shop-7-770x1024.png&path=%2Fhome%2Fmakmfewe%2Fsh-fragrances.com%2Fwp-content%2Fuploads%2F2023%2F05 HTTP/1.1" 200 218143 "-" "Mozilla/5.0 AppleWebKit/537.36 (KHTML, like Gecko; compatible; GPTBot/1.2; +https://openai.com/gptbot)"
109.123.245.68 - - [26/Apr/2025:02:16:41 -0400] "GET /about.php?path=//lib64/cmake/Qt5Widgets HTTP/1.1" 200 705 "-" "Mozilla/5.0 (compatible; MJ12bot/v1.4.8; http://mj12bot.com/)"
207.180.218.74 - - [26/Apr/2025:02:16:41 -0400] "GET /about.php?path=/home/makmfewe/frugilo.com/vendor/phpunit HTTP/1.1" 200 843 "-" "Mozilla/5.0 (compatible; MJ12bot/v1.4.8; http://mj12bot.com/)"
20.171.207.118 - - [26/Apr/2025:02:16:43 -0400] "GET /about.php?action=edit&file=marque-bg-02-150x150.png&path=%2Fhome%2Fmakmfewe%2Fsh-fragrances.com%2Fwp-content%2Fuploads%2F2023%2F05 HTTP/1.1" 200 27904 "-" "Mozilla/5.0 AppleWebKit/537.36 (KHTML, like Gecko; compatible; GPTBot/1.2; +https://openai.com/gptbot)"
109.123.245.68 - - [26/Apr/2025:02:16:45 -0400] "GET /about.php?path=//lib64/cmake/Qt5Xml HTTP/1.1" 200 700 "-" "Mozilla/5.0 (compatible; MJ12bot/v1.4.8; http://mj12bot.com/)"
207.180.218.74 - - [26/Apr/2025:02:16:47 -0400] "GET /about.php?path=/home/makmfewe/frugilo.com/vendor/psr HTTP/1.1" 200 869 "-" "Mozilla/5.0 (compatible; MJ12bot/v1.4.8; http://mj12bot.com/)"
20.171.207.118 - - [26/Apr/2025:02:16:47 -0400] "GET /about.php?action=edit&file=ng-1024x570.png&path=%2Fhome%2Fmakmfewe%2Fsh-fragrances.com%2Fwp-content%2Fuploads%2F2023%2F06 HTTP/1.1" 200 207791 "-" "Mozilla/5.0 AppleWebKit/537.36 (KHTML, like Gecko; compatible; GPTBot/1.2; +https://openai.com/gptbot)"
109.123.245.68 - - [26/Apr/2025:02:16:50 -0400] "GET /about.php?path=//lib64/cmake/libxml2 HTTP/1.1" 200 774 "-" "Mozilla/5.0 (compatible; MJ12bot/v1.4.8; http://mj12bot.com/)"
20.171.207.118 - - [26/Apr/2025:02:16:51 -0400] "GET /about.php?action=edit&file=tipimg2-50x50.png&path=%2Fhome%2Fmakmfewe%2Fsh-fragrances.com%2Fwp-content%2Fuploads%2F2023%2F05 HTTP/1.1" 200 3440 "-" "Mozilla/5.0 AppleWebKit/537.36 (KHTML, like Gecko; compatible; GPTBot/1.2; +https://openai.com/gptbot)"
207.180.218.74 - - [26/Apr/2025:02:16:51 -0400] "GET /about.php?path=/home/makmfewe/frugilo.com/vendor/psy HTTP/1.1" 200 784 "-" "Mozilla/5.0 (compatible; MJ12bot/v1.4.8; http://mj12bot.com/)"
109.123.245.68 - - [26/Apr/2025:02:16:53 -0400] "GET /about.php?path=//lib64/dovecot/auth HTTP/1.1" 200 837 "-" "Mozilla/5.0 (compatible; MJ12bot/v1.4.8; http://mj12bot.com/)"
20.171.207.118 - - [26/Apr/2025:02:16:54 -0400] "GET /about.php?action=edit&file=Icon-Box-3+%281%29.png&path=%2Fhome%2Fmakmfewe%2Fsh-fragrances.com%2Fwp-content%2Fuploads%2F2023%2F06 HTTP/1.1" 200 51778 "-" "Mozilla/5.0 AppleWebKit/537.36 (KHTML, like Gecko; compatible; GPTBot/1.2; +https://openai.com/gptbot)"
207.180.218.74 - - [26/Apr/2025:02:16:54 -0400] "GET /about.php?path=/home/makmfewe/frugilo.com/vendor/ralouphie HTTP/1.1" 200 793 "-" "Mozilla/5.0 (compatible; MJ12bot/v1.4.8; http://mj12bot.com/)"
109.123.245.68 - - [26/Apr/2025:02:16:58 -0400] "GET /about.php?path=//lib64/dovecot/dict HTTP/1.1" 200 779 "-" "Mozilla/5.0 (compatible; MJ12bot/v1.4.8; http://mj12bot.com/)"
207.180.218.74 - - [26/Apr/2025:02:16:59 -0400] "GET /about.php?path=/home/makmfewe/frugilo.com/vendor/ramsey HTTP/1.1" 200 801 "-" "Mozilla/5.0 (compatible; MJ12bot/v1.4.8; http://mj12bot.com/)"
20.171.207.118 - - [26/Apr/2025:02:17:00 -0400] "GET /about.php?action=edit&file=Icon-Box-2+%281%29.png&path=%2Fhome%2Fmakmfewe%2Fsh-fragrances.com%2Fwp-content%2Fuploads%2F2023%2F06 HTTP/1.1" 200 42035 "-" "Mozilla/5.0 AppleWebKit/537.36 (KHTML, like Gecko; compatible; GPTBot/1.2; +https://openai.com/gptbot)"
109.123.245.68 - - [26/Apr/2025:02:17:02 -0400] "GET /about.php?path=//lib64/dovecot/doveadm HTTP/1.1" 200 837 "-" "Mozilla/5.0 (compatible; MJ12bot/v1.4.8; http://mj12bot.com/)"
20.171.207.118 - - [26/Apr/2025:02:17:03 -0400] "GET /about.php?action=edit&file=Icon-Box-4+%281%29.png&path=%2Fhome%2Fmakmfewe%2Fsh-fragrances.com%2Fwp-content%2Fuploads%2F2023%2F06 HTTP/1.1" 200 59112 "-" "Mozilla/5.0 AppleWebKit/537.36 (KHTML, like Gecko; compatible; GPTBot/1.2; +https://openai.com/gptbot)"
207.180.218.74 - - [26/Apr/2025:02:17:03 -0400] "GET /about.php?path=/home/makmfewe/frugilo.com/vendor/sebastian HTTP/1.1" 200 969 "-" "Mozilla/5.0 (compatible; MJ12bot/v1.4.8; http://mj12bot.com/)"
109.123.245.68 - - [26/Apr/2025:02:17:08 -0400] "GET /about.php?path=//lib64/dovecot/old-stats HTTP/1.1" 200 801 "-" "Mozilla/5.0 (compatible; MJ12bot/v1.4.8; http://mj12bot.com/)"
20.171.207.118 - - [26/Apr/2025:02:17:08 -0400] "GET /about.php?action=edit&file=Icon-Box-1+%281%29.png&path=%2Fhome%2Fmakmfewe%2Fsh-fragrances.com%2Fwp-content%2Fuploads%2F2023%2F06 HTTP/1.1" 200 45344 "-" "Mozilla/5.0 AppleWebKit/537.36 (KHTML, like Gecko; compatible; GPTBot/1.2; +https://openai.com/gptbot)"
207.180.218.74 - - [26/Apr/2025:02:17:09 -0400] "GET /about.php?path=/home/makmfewe/frugilo.com/vendor/spatie HTTP/1.1" 200 845 "-" "Mozilla/5.0 (compatible; MJ12bot/v1.4.8; http://mj12bot.com/)"
109.123.245.68 - - [26/Apr/2025:02:17:12 -0400] "GET /about.php?path=//lib64/firebird/intl HTTP/1.1" 200 788 "-" "Mozilla/5.0 (compatible; MJ12bot/v1.4.8; http://mj12bot.com/)"
20.171.207.118 - - [26/Apr/2025:02:17:13 -0400] "GET /about.php?action=edit&file=placeholder-2-300x200.png&path=%2Fhome%2Fmakmfewe%2Fsh-fragrances.com%2Fwp-content%2Fuploads%2F2023%2F06 HTTP/1.1" 200 2173 "-" "Mozilla/5.0 AppleWebKit/537.36 (KHTML, like Gecko; compatible; GPTBot/1.2; +https://openai.com/gptbot)"
207.180.218.74 - - [26/Apr/2025:02:17:13 -0400] "GET /about.php?path=/home/makmfewe/frugilo.com/vendor/symfony HTTP/1.1" 200 1099 "-" "Mozilla/5.0 (compatible; MJ12bot/v1.4.8; http://mj12bot.com/)"
109.123.245.68 - - [26/Apr/2025:02:17:18 -0400] "GET /about.php?path=//lib64/firebird/plugins HTTP/1.1" 200 919 "-" "Mozilla/5.0 (compatible; MJ12bot/v1.4.8; http://mj12bot.com/)"
20.171.207.118 - - [26/Apr/2025:02:17:19 -0400] "GET /about.php?action=edit&file=placeholder-3-300x200.png&path=%2Fhome%2Fmakmfewe%2Fsh-fragrances.com%2Fwp-content%2Fuploads%2F2023%2F06 HTTP/1.1" 200 2172 "-" "Mozilla/5.0 AppleWebKit/537.36 (KHTML, like Gecko; compatible; GPTBot/1.2; +https://openai.com/gptbot)"
207.180.218.74 - - [26/Apr/2025:02:17:20 -0400] "GET /about.php?path=/home/makmfewe/frugilo.com/vendor/theseer HTTP/1.1" 200 789 "-" "Mozilla/5.0 (compatible; MJ12bot/v1.4.8; http://mj12bot.com/)"
109.123.245.68 - - [26/Apr/2025:02:17:25 -0400] "GET /about.php?path=//lib64/gconv/gconv-modules.d HTTP/1.1" 200 784 "-" "Mozilla/5.0 (compatible; MJ12bot/v1.4.8; http://mj12bot.com/)"
20.171.207.118 - - [26/Apr/2025:02:17:23 -0400] "GET /about.php?action=edit&file=Home-10-Slider-1-2-1000x1022.png&path=%2Fhome%2Fmakmfewe%2Fsh-fragrances.com%2Fwp-content%2Fuploads%2F2023%2F05 HTTP/1.1" 200 730932 "-" "Mozilla/5.0 AppleWebKit/537.36 (KHTML, like Gecko; compatible; GPTBot/1.2; +https://openai.com/gptbot)"
207.180.218.74 - - [26/Apr/2025:02:17:26 -0400] "GET /about.php?path=/home/makmfewe/frugilo.com/vendor/tijsverkoyen HTTP/1.1" 200 801 "-" "Mozilla/5.0 (compatible; MJ12bot/v1.4.8; http://mj12bot.com/)"
109.123.245.68 - - [26/Apr/2025:02:17:31 -0400] "GET /about.php?path=//lib64/gdk-pixbuf-2.0/2.10.0 HTTP/1.1" 200 808 "-" "Mozilla/5.0 (compatible; MJ12bot/v1.4.8; http://mj12bot.com/)"
207.180.218.74 - - [26/Apr/2025:02:17:32 -0400] "GET /about.php?path=/home/makmfewe/frugilo.com/vendor/vlucas HTTP/1.1" 200 790 "-" "Mozilla/5.0 (compatible; MJ12bot/v1.4.8; http://mj12bot.com/)"
20.171.207.118 - - [26/Apr/2025:02:17:31 -0400] "GET /about.php?action=edit&file=Home-10-Slider-1-1-1000x1022.png&path=%2Fhome%2Fmakmfewe%2Fsh-fragrances.com%2Fwp-content%2Fuploads%2F2023%2F05 HTTP/1.1" 200 1032295 "-" "Mozilla/5.0 AppleWebKit/537.36 (KHTML, like Gecko; compatible; GPTBot/1.2; +https://openai.com/gptbot)"
109.123.245.68 - - [26/Apr/2025:02:17:37 -0400] "GET /about.php?path=//lib64/gems/ruby HTTP/1.1" 200 824 "-" "Mozilla/5.0 (compatible; MJ12bot/v1.4.8; http://mj12bot.com/)"
20.171.207.118 - - [26/Apr/2025:02:17:37 -0400] "GET /about.php?action=edit&file=Png-1000x557.png&path=%2Fhome%2Fmakmfewe%2Fsh-fragrances.com%2Fwp-content%2Fuploads%2F2023%2F06 HTTP/1.1" 200 129793 "-" "Mozilla/5.0 AppleWebKit/537.36 (KHTML, like Gecko; compatible; GPTBot/1.2; +https://openai.com/gptbot)"
207.180.218.74 - - [26/Apr/2025:02:17:37 -0400] "GET /about.php?path=/home/makmfewe/frugilo.com/vendor/voku HTTP/1.1" 200 794 "-" "Mozilla/5.0 (compatible; MJ12bot/v1.4.8; http://mj12bot.com/)"
109.123.245.68 - - [26/Apr/2025:02:17:41 -0400] "GET /about.php?path=//lib64/gio/modules HTTP/1.1" 200 700 "-" "Mozilla/5.0 (compatible; MJ12bot/v1.4.8; http://mj12bot.com/)"
207.180.218.74 - - [26/Apr/2025:02:17:42 -0400] "GET /about.php?path=/home/makmfewe/frugilo.com/vendor/webmozart HTTP/1.1" 200 791 "-" "Mozilla/5.0 (compatible; MJ12bot/v1.4.8; http://mj12bot.com/)"
20.171.207.118 - - [26/Apr/2025:02:17:45 -0400] "GET /about.php?action=edit&file=user-info.php&path=%2Fhome%2Fmakmfewe%2Fkneespine.com%2Fwp-content%2Fplugins%2Fpro-elements%2Fmodules%2Fdynamic-tags%2Ftags HTTP/1.1" 200 1439 "-" "Mozilla/5.0 AppleWebKit/537.36 (KHTML, like Gecko; compatible; GPTBot/1.2; +https://openai.com/gptbot)"
109.123.245.68 - - [26/Apr/2025:02:17:48 -0400] "GET /about.php?path=//lib64/gtk-2.0/2.10.0 HTTP/1.1" 200 797 "-" "Mozilla/5.0 (compatible; MJ12bot/v1.4.8; http://mj12bot.com/)"
207.180.218.74 - - [26/Apr/2025:02:17:49 -0400] "GET /about.php?path=/home/makmfewe/gbfc.us/.well-known/pki-validation HTTP/1.1" 200 841 "-" "Mozilla/5.0 (compatible; MJ12bot/v1.4.8; http://mj12bot.com/)"
20.171.207.118 - - [26/Apr/2025:02:17:54 -0400] "GET /about.php?action=edit&file=index.php&path=%2Fhome%2Fmakmfewe%2Fsh-fragrances.com%2Fwp-content%2Fplugins%2Fneytri-pro%2Fmodules%2Fwoocommerce%2Fothers%2Fcart-notification%2Fincludes HTTP/1.1" 200 1792 "-" "Mozilla/5.0 AppleWebKit/537.36 (KHTML, like Gecko; compatible; GPTBot/1.2; +https://openai.com/gptbot)"
207.180.218.74 - - [26/Apr/2025:02:17:56 -0400] "GET /about.php?path=/home/makmfewe/gbfc.us/wp-content/plugins HTTP/1.1" 200 1122 "-" "Mozilla/5.0 (compatible; MJ12bot/v1.4.8; http://mj12bot.com/)"
109.123.245.68 - - [26/Apr/2025:02:17:56 -0400] "GET /about.php?path=//lib64/gtk-2.0/immodules HTTP/1.1" 200 704 "-" "Mozilla/5.0 (compatible; MJ12bot/v1.4.8; http://mj12bot.com/)"
20.171.207.118 - - [26/Apr/2025:02:18:00 -0400] "GET /about.php?action=edit&file=index.php&path=%2Fhome%2Fmakmfewe%2Fsh-fragrances.com%2Fwp-content%2Fplugins%2Fneytri-pro%2Fmodules%2Fwoocommerce%2Fothers%2Ftaxonomy%2Felementor HTTP/1.1" 200 1260 "-" "Mozilla/5.0 AppleWebKit/537.36 (KHTML, like Gecko; compatible; GPTBot/1.2; +https://openai.com/gptbot)"
207.180.218.74 - - [26/Apr/2025:02:18:03 -0400] "GET /about.php?path=/home/makmfewe/gbfc.us/wp-content/themes HTTP/1.1" 200 896 "-" "Mozilla/5.0 (compatible; MJ12bot/v1.4.8; http://mj12bot.com/)"
109.123.245.68 - - [26/Apr/2025:02:18:03 -0400] "GET /about.php?path=//lib64/gtk-2.0/modules HTTP/1.1" 200 797 "-" "Mozilla/5.0 (compatible; MJ12bot/v1.4.8; http://mj12bot.com/)"
20.171.207.118 - - [26/Apr/2025:02:18:07 -0400] "GET /about.php?action=edit&file=index.php&path=%2Fhome%2Fmakmfewe%2Fsh-fragrances.com%2Fwp-content%2Fplugins%2Fneytri-pro%2Fmodules%2Fwoocommerce%2Fothers%2Fcart-notification%2Felementor HTTP/1.1" 200 1313 "-" "Mozilla/5.0 AppleWebKit/537.36 (KHTML, like Gecko; compatible; GPTBot/1.2; +https://openai.com/gptbot)"
109.123.245.68 - - [26/Apr/2025:02:18:11 -0400] "GET /about.php?path=//lib64/guile/2.0 HTTP/1.1" 200 748 "-" "Mozilla/5.0 (compatible; MJ12bot/v1.4.8; http://mj12bot.com/)"
207.180.218.74 - - [26/Apr/2025:02:18:11 -0400] "GET /about.php?path=/home/makmfewe/gbfc.us/wp-content/upgrade HTTP/1.1" 200 732 "-" "Mozilla/5.0 (compatible; MJ12bot/v1.4.8; http://mj12bot.com/)"
20.171.207.118 - - [26/Apr/2025:02:18:14 -0400] "GET /about.php?action=edit&file=index.php&path=%2Fhome%2Fmakmfewe%2Fibnearif.com%2Fwp-content%2Fplugins%2Fneytri-pro%2Fmodules%2Fwoocommerce%2Fothers%2Fcart-notification%2Fincludes HTTP/1.1" 200 1792 "-" "Mozilla/5.0 AppleWebKit/537.36 (KHTML, like Gecko; compatible; GPTBot/1.2; +https://openai.com/gptbot)"
207.180.218.74 - - [26/Apr/2025:02:18:18 -0400] "GET /about.php?path=/home/makmfewe/gbfc.us/wp-content/uploads HTTP/1.1" 200 854 "-" "Mozilla/5.0 (compatible; MJ12bot/v1.4.8; http://mj12bot.com/)"
109.123.245.68 - - [26/Apr/2025:02:18:18 -0400] "GET /about.php?path=//lib64/krb5/plugins HTTP/1.1" 200 793 "-" "Mozilla/5.0 (compatible; MJ12bot/v1.4.8; http://mj12bot.com/)"
20.171.207.118 - - [26/Apr/2025:02:18:19 -0400] "GET /about.php?action=edit&file=index.php&path=%2Fhome%2Fmakmfewe%2Fsh-fragrances.com%2Fwp-content%2Fplugins%2Fneytri-pro%2Fmodules%2Fwoocommerce%2Fothers%2Fcart-notification%2Fcustomizer HTTP/1.1" 200 1321 "-" "Mozilla/5.0 AppleWebKit/537.36 (KHTML, like Gecko; compatible; GPTBot/1.2; +https://openai.com/gptbot)"
207.180.218.74 - - [26/Apr/2025:02:18:24 -0400] "GET /about.php?path=/home/makmfewe/gbfc.us/wp-includes/ID3 HTTP/1.1" 200 1093 "-" "Mozilla/5.0 (compatible; MJ12bot/v1.4.8; http://mj12bot.com/)"
109.123.245.68 - - [26/Apr/2025:02:18:24 -0400] "GET /about.php?path=//lib64/ldb/modules HTTP/1.1" 200 738 "-" "Mozilla/5.0 (compatible; MJ12bot/v1.4.8; http://mj12bot.com/)"
20.171.207.118 - - [26/Apr/2025:02:18:24 -0400] "GET /about.php?action=edit&file=index.php&path=%2Fhome%2Fmakmfewe%2Fibnearif.com%2Fwp-content%2Fplugins%2Fneytri-pro%2Fmodules%2Fwoocommerce%2Fothers%2Ftaxonomy%2Felementor HTTP/1.1" 200 1260 "-" "Mozilla/5.0 AppleWebKit/537.36 (KHTML, like Gecko; compatible; GPTBot/1.2; +https://openai.com/gptbot)"
20.171.207.118 - - [26/Apr/2025:02:18:29 -0400] "GET /about.php?action=edit&file=user-selections.js&path=%2Fhome%2Fmakmfewe%2Fdrmohsinazeem.com%2Fwp-content%2Fplugins%2Fextendify%2Fsrc%2FAssist%2Fstate HTTP/1.1" 200 1063 "-" "Mozilla/5.0 AppleWebKit/537.36 (KHTML, like Gecko; compatible; GPTBot/1.2; +https://openai.com/gptbot)"
207.180.218.74 - - [26/Apr/2025:02:18:30 -0400] "GET /about.php?path=/home/makmfewe/gbfc.us/wp-includes/IXR HTTP/1.1" 200 973 "-" "Mozilla/5.0 (compatible; MJ12bot/v1.4.8; http://mj12bot.com/)"
109.123.245.68 - - [26/Apr/2025:02:18:30 -0400] "GET /about.php?path=//lib64/libdnf/plugins HTTP/1.1" 200 765 "-" "Mozilla/5.0 (compatible; MJ12bot/v1.4.8; http://mj12bot.com/)"
20.171.207.118 - - [26/Apr/2025:02:18:34 -0400] "GET /about.php?action=edit&file=user-selections.js&path=%2Fhome%2Fmakmfewe%2Fdrmohsinazeem.com%2Fwp-content%2Fplugins%2Fextendify%2Fsrc%2FLaunch%2Fstate HTTP/1.1" 200 1772 "-" "Mozilla/5.0 AppleWebKit/537.36 (KHTML, like Gecko; compatible; GPTBot/1.2; +https://openai.com/gptbot)"
109.123.245.68 - - [26/Apr/2025:02:18:36 -0400] "GET /about.php?path=//lib64/libnl/cli HTTP/1.1" 200 753 "-" "Mozilla/5.0 (compatible; MJ12bot/v1.4.8; http://mj12bot.com/)"
207.180.218.74 - - [26/Apr/2025:02:18:36 -0400] "GET /about.php?path=/home/makmfewe/gbfc.us/wp-includes/PHPMailer HTTP/1.1" 200 853 "-" "Mozilla/5.0 (compatible; MJ12bot/v1.4.8; http://mj12bot.com/)"
20.171.207.118 - - [26/Apr/2025:02:18:38 -0400] "GET /about.php?action=edit&file=user-selections.js&path=%2Fhome%2Fmakmfewe%2Fpwmsolution.com%2Fwp-content%2Fplugins%2Fextendify%2Fsrc%2FHelpCenter%2Fstate HTTP/1.1" 200 1058 "-" "Mozilla/5.0 AppleWebKit/537.36 (KHTML, like Gecko; compatible; GPTBot/1.2; +https://openai.com/gptbot)"
109.123.245.68 - - [26/Apr/2025:02:18:41 -0400] "GET /about.php?path=//lib64/lua/5.1 HTTP/1.1" 200 701 "-" "Mozilla/5.0 (compatible; MJ12bot/v1.4.8; http://mj12bot.com/)"
40.77.167.33 - - [26/Apr/2025:02:18:41 -0400] "GET /2023/07/12/the-benefits-of-flossing-why-its-important-for-your-oral-health/ HTTP/1.1" 404 1251 "-" "Mozilla/5.0 AppleWebKit/537.36 (KHTML, like Gecko; compatible; bingbot/2.0; +http://www.bing.com/bingbot.htm) Chrome/116.0.1938.76 Safari/537.36"
207.180.218.74 - - [26/Apr/2025:02:18:41 -0400] "GET /about.php?path=/home/makmfewe/gbfc.us/wp-includes/Requests HTTP/1.1" 200 799 "-" "Mozilla/5.0 (compatible; MJ12bot/v1.4.8; http://mj12bot.com/)"
20.171.207.118 - - [26/Apr/2025:02:18:42 -0400] "GET /about.php?action=edit&file=user-selections.js&path=%2Fhome%2Fmakmfewe%2Fkneespine.com%2Fwp-content%2Fplugins%2Fextendify%2Fsrc%2FHelpCenter%2Fstate HTTP/1.1" 200 1058 "-" "Mozilla/5.0 AppleWebKit/537.36 (KHTML, like Gecko; compatible; GPTBot/1.2; +https://openai.com/gptbot)"
40.77.167.33 - - [26/Apr/2025:02:18:43 -0400] "GET /2023/07/28/gum-disease-and-heart-failure-what-you-need-to-know/ HTTP/1.1" 404 1251 "-" "Mozilla/5.0 AppleWebKit/537.36 (KHTML, like Gecko; compatible; bingbot/2.0; +http://www.bing.com/bingbot.htm) Chrome/116.0.1938.76 Safari/537.36"
207.180.218.74 - - [26/Apr/2025:02:18:46 -0400] "GET /about.php?path=/home/makmfewe/gbfc.us/wp-includes/SimplePie HTTP/1.1" 200 855 "-" "Mozilla/5.0 (compatible; MJ12bot/v1.4.8; http://mj12bot.com/)"
109.123.245.68 - - [26/Apr/2025:02:18:46 -0400] "GET /about.php?path=//lib64/lua/5.3 HTTP/1.1" 200 700 "-" "Mozilla/5.0 (compatible; MJ12bot/v1.4.8; http://mj12bot.com/)"
40.77.167.33 - - [26/Apr/2025:02:18:48 -0400] "GET /2023/07/31/home-remedies-for-tooth-sensitivity-natural-ways-to-find-relief/ HTTP/1.1" 404 1251 "-" "Mozilla/5.0 AppleWebKit/537.36 (KHTML, like Gecko; compatible; bingbot/2.0; +http://www.bing.com/bingbot.htm) Chrome/116.0.1938.76 Safari/537.36"
20.171.207.118 - - [26/Apr/2025:02:18:49 -0400] "GET /about.php?action=edit&file=user.svg&path=%2Fhome%2Fmakmfewe%2Fmercurylondon.com%2Fwp-content%2Fplugins%2Fheader-footer-elementor%2Fassets%2Fimages%2Fsettings HTTP/1.1" 200 884 "-" "Mozilla/5.0 AppleWebKit/537.36 (KHTML, like Gecko; compatible; GPTBot/1.2; +https://openai.com/gptbot)"
207.180.218.74 - - [26/Apr/2025:02:18:50 -0400] "GET /about.php?path=/home/makmfewe/gbfc.us/wp-includes/Text HTTP/1.1" 200 861 "-" "Mozilla/5.0 (compatible; MJ12bot/v1.4.8; http://mj12bot.com/)"
109.123.245.68 - - [26/Apr/2025:02:18:51 -0400] "GET /about.php?path=//lib64/mysql/plugin HTTP/1.1" 200 1287 "-" "Mozilla/5.0 (compatible; MJ12bot/v1.4.8; http://mj12bot.com/)"
20.171.207.118 - - [26/Apr/2025:02:18:53 -0400] "GET /about.php?action=edit&file=index.php&path=%2Fhome%2Fmakmfewe%2Fibnearif.com%2Fwp-content%2Fplugins%2Fneytri-pro%2Fmodules%2Fwoocommerce%2Fothers%2Fsearch%2Felementor HTTP/1.1" 200 1225 "-" "Mozilla/5.0 AppleWebKit/537.36 (KHTML, like Gecko; compatible; GPTBot/1.2; +https://openai.com/gptbot)"
207.180.218.74 - - [26/Apr/2025:02:18:55 -0400] "GET /about.php?path=/home/makmfewe/gbfc.us/wp-includes/assets HTTP/1.1" 200 924 "-" "Mozilla/5.0 (compatible; MJ12bot/v1.4.8; http://mj12bot.com/)"
109.123.245.68 - - [26/Apr/2025:02:18:55 -0400] "GET /about.php?path=//lib64/nagios/plugins HTTP/1.1" 200 974 "-" "Mozilla/5.0 (compatible; MJ12bot/v1.4.8; http://mj12bot.com/)"
20.171.207.118 - - [26/Apr/2025:02:18:58 -0400] "GET /about.php?action=edit&file=index.html&path=%2Fhome%2Fmakmfewe%2Fsh-fragrances.com%2Fwp-content%2Fplugins%2Floginizer%2Flib%2Fhybridauth HTTP/1.1" 200 553 "-" "Mozilla/5.0 AppleWebKit/537.36 (KHTML, like Gecko; compatible; GPTBot/1.2; +https://openai.com/gptbot)"
207.180.218.74 - - [26/Apr/2025:02:18:59 -0400] "GET /about.php?path=/home/makmfewe/gbfc.us/wp-includes/block-bindings HTTP/1.1" 200 845 "-" "Mozilla/5.0 (compatible; MJ12bot/v1.4.8; http://mj12bot.com/)"
109.123.245.68 - - [26/Apr/2025:02:19:00 -0400] "GET /about.php?path=//lib64/nss/saved HTTP/1.1" 200 698 "-" "Mozilla/5.0 (compatible; MJ12bot/v1.4.8; http://mj12bot.com/)"
20.171.207.118 - - [26/Apr/2025:02:19:00 -0400] "GET /about.php?action=edit&file=index.php&path=%2Fhome%2Fmakmfewe%2Fibnearif.com%2Fwp-content%2Fplugins%2Fneytri-pro%2Fmodules%2Fwoocommerce%2Fothers%2Fcart-notification%2Felementor HTTP/1.1" 200 1313 "-" "Mozilla/5.0 AppleWebKit/537.36 (KHTML, like Gecko; compatible; GPTBot/1.2; +https://openai.com/gptbot)"
207.180.218.74 - - [26/Apr/2025:02:19:04 -0400] "GET /about.php?path=/home/makmfewe/gbfc.us/wp-includes/block-patterns HTTP/1.1" 200 935 "-" "Mozilla/5.0 (compatible; MJ12bot/v1.4.8; http://mj12bot.com/)"
109.123.245.68 - - [26/Apr/2025:02:19:04 -0400] "GET /about.php?path=//lib64/nss/unsupported-tools HTTP/1.1" 200 1072 "-" "Mozilla/5.0 (compatible; MJ12bot/v1.4.8; http://mj12bot.com/)"
20.171.207.118 - - [26/Apr/2025:02:19:05 -0400] "GET /about.php?action=edit&file=Home-Pgs-Megamenu-10-100x100.png&path=%2Fhome%2Fmakmfewe%2Fsh-fragrances.com%2Fwp-content%2Fuploads%2F2023%2F05 HTTP/1.1" 200 10310 "-" "Mozilla/5.0 AppleWebKit/537.36 (KHTML, like Gecko; compatible; GPTBot/1.2; +https://openai.com/gptbot)"
207.180.218.74 - - [26/Apr/2025:02:19:08 -0400] "GET /about.php?path=/home/makmfewe/gbfc.us/wp-includes/block-supports HTTP/1.1" 200 1071 "-" "Mozilla/5.0 (compatible; MJ12bot/v1.4.8; http://mj12bot.com/)"
