82.156.68.74 - - [26/Apr/2025:00:59:07 -0400] "GET / HTTP/1.1" 200 1902 "http://www.dentistring.com" "Mozilla/5.0 (iPhone; CPU iPhone OS 13_2_3 like Mac OS X) AppleWebKit/605.1.15 (KHTML, like Gecko) Version/13.0.3 Mobile/15E148 Safari/604.1"
40.77.167.55 - - [26/Apr/2025:01:01:55 -0400] "GET /2023/07/28/gum-disease-and-endocarditis-understanding-the-connection/ HTTP/1.1" 404 1251 "-" "Mozilla/5.0 AppleWebKit/537.36 (KHTML, like Gecko; compatible; bingbot/2.0; +http://www.bing.com/bingbot.htm) Chrome/116.0.1938.76 Safari/537.36"
107.150.0.65 - - [26/Apr/2025:01:04:27 -0400] "GET /.env HTTP/1.1" 403 1242 "-" "Mozilla/5.0 (Windows NT 10.0; Win64; x64) AppleWebKit/537.36 (KHTML, like Gecko) Chrome/119.0.0.0 Safari/537.36"
107.150.0.65 - - [26/Apr/2025:01:04:30 -0400] "POST / HTTP/1.1" 508 829 "-" "Mozilla/5.0 (Windows NT 10.0; Win64; x64) AppleWebKit/537.36 (KHTML, like Gecko) Chrome/119.0.0.0 Safari/537.36"
52.4.76.156 - - [26/Apr/2025:01:09:52 -0400] "GET /wp-includes/customize/class-wp-customize-nav-menu-name-control.php HTTP/1.1" 403 1242 "-" "Mozilla/5.0 AppleWebKit/537.36 (KHTML, like Gecko; compatible; Amazonbot/0.1; +https://developer.amazon.com/support/amazonbot) Chrome/119.0.6045.214 Safari/537.36"
184.73.167.217 - - [26/Apr/2025:01:09:59 -0400] "GET /wp-includes/style-engine/class-wp-style-engine-processor.php HTTP/1.1" 403 1242 "-" "Mozilla/5.0 AppleWebKit/537.36 (KHTML, like Gecko; compatible; Amazonbot/0.1; +https://developer.amazon.com/support/amazonbot) Chrome/119.0.6045.214 Safari/537.36"
107.20.181.148 - - [26/Apr/2025:01:10:01 -0400] "GET /wp-includes/widgets/class-wp-widget-text.php HTTP/1.1" 403 1242 "-" "Mozilla/5.0 AppleWebKit/537.36 (KHTML, like Gecko; compatible; Amazonbot/0.1; +https://developer.amazon.com/support/amazonbot) Chrome/119.0.6045.214 Safari/537.36"
52.2.83.227 - - [26/Apr/2025:01:10:07 -0400] "GET /wp-includes/customize/class-wp-customize-date-time-control.php HTTP/1.1" 403 1242 "-" "Mozilla/5.0 AppleWebKit/537.36 (KHTML, like Gecko; compatible; Amazonbot/0.1; +https://developer.amazon.com/support/amazonbot) Chrome/119.0.6045.214 Safari/537.36"
44.217.255.167 - - [26/Apr/2025:01:10:12 -0400] "GET /about.php?action=edit&file=widgets-form.php&path=/home/makmfewe/dentistring.com/wp-admin HTTP/1.1" 200 8009 "-" "Mozilla/5.0 AppleWebKit/537.36 (KHTML, like Gecko; compatible; Amazonbot/0.1; +https://developer.amazon.com/support/amazonbot) Chrome/119.0.6045.214 Safari/537.36"
52.3.102.51 - - [26/Apr/2025:01:10:13 -0400] "GET /about.php?action=edit&file=block-bindings.php&path=/home/makmfewe/dentistring.com/wp-includes HTTP/1.1" 200 2541 "-" "Mozilla/5.0 AppleWebKit/537.36 (KHTML, like Gecko; compatible; Amazonbot/0.1; +https://developer.amazon.com/support/amazonbot) Chrome/119.0.6045.214 Safari/537.36"
54.84.147.79 - - [26/Apr/2025:01:10:16 -0400] "GET /about.php?action=edit&file=taxonomy.php&path=/home/makmfewe/dentistring.com/wp-includes HTTP/1.1" 200 51773 "-" "Mozilla/5.0 AppleWebKit/537.36 (KHTML, like Gecko; compatible; Amazonbot/0.1; +https://developer.amazon.com/support/amazonbot) Chrome/119.0.6045.214 Safari/537.36"
44.221.105.234 - - [26/Apr/2025:01:10:20 -0400] "GET /about.php?action=edit&file=ms-users.php&path=/home/makmfewe/dentistring.com/wp-admin HTTP/1.1" 200 801 "-" "Mozilla/5.0 AppleWebKit/537.36 (KHTML, like Gecko; compatible; Amazonbot/0.1; +https://developer.amazon.com/support/amazonbot) Chrome/119.0.6045.214 Safari/537.36"
3.89.170.186 - - [26/Apr/2025:01:10:23 -0400] "GET /about.php?action=edit&file=class-wp-tax-query.php&path=/home/makmfewe/dentistring.com/wp-includes HTTP/1.1" 200 7184 "-" "Mozilla/5.0 AppleWebKit/537.36 (KHTML, like Gecko; compatible; Amazonbot/0.1; +https://developer.amazon.com/support/amazonbot) Chrome/119.0.6045.214 Safari/537.36"
23.23.99.55 - - [26/Apr/2025:01:10:28 -0400] "GET /about.php?action=edit&file=ms-delete-site.php&path=/home/makmfewe/dentistring.com/wp-admin HTTP/1.1" 200 2669 "-" "Mozilla/5.0 AppleWebKit/537.36 (KHTML, like Gecko; compatible; Amazonbot/0.1; +https://developer.amazon.com/support/amazonbot) Chrome/119.0.6045.214 Safari/537.36"
18.232.12.157 - - [26/Apr/2025:01:10:32 -0400] "GET /about.php?action=edit&file=class-wp-text-diff-renderer-inline.php&path=/home/makmfewe/dentistring.com/wp-includes HTTP/1.1" 200 1144 "-" "Mozilla/5.0 AppleWebKit/537.36 (KHTML, like Gecko; compatible; Amazonbot/0.1; +https://developer.amazon.com/support/amazonbot) Chrome/119.0.6045.214 Safari/537.36"
44.194.134.53 - - [26/Apr/2025:01:10:36 -0400] "GET /about.php?action=edit&file=class-wp-block-styles-registry.php&path=/home/makmfewe/dentistring.com/wp-includes HTTP/1.1" 200 2643 "-" "Mozilla/5.0 AppleWebKit/537.36 (KHTML, like Gecko; compatible; Amazonbot/0.1; +https://developer.amazon.com/support/amazonbot) Chrome/119.0.6045.214 Safari/537.36"
52.167.144.163 - - [26/Apr/2025:01:15:48 -0400] "GET /2023/07/28/gum-disease-and-heart-attacks-understanding-the-connection/ HTTP/1.1" 404 1251 "-" "Mozilla/5.0 AppleWebKit/537.36 (KHTML, like Gecko; compatible; bingbot/2.0; +http://www.bing.com/bingbot.htm) Chrome/116.0.1938.76 Safari/537.36"
40.77.167.17 - - [26/Apr/2025:01:20:44 -0400] "GET /2023/07/25/what-causes-bad-breath-and-how-to-prevent-it/ HTTP/1.1" 404 1251 "-" "Mozilla/5.0 AppleWebKit/537.36 (KHTML, like Gecko; compatible; bingbot/2.0; +http://www.bing.com/bingbot.htm) Chrome/116.0.1938.76 Safari/537.36"
51.8.102.100 - - [26/Apr/2025:01:24:20 -0400] "GET /2024/12/16/how-long-do-tooth-fillings-last-factors-that-affect-durability/ HTTP/1.1" 404 1251 "-" "Mozilla/5.0 (Macintosh; Intel Mac OS X 10_15_7) AppleWebKit/537.36 (KHTML, like Gecko) Chrome/131.0.0.0 Safari/537.36; compatible; OAI-SearchBot/1.0; +https://openai.com/searchbot"
195.191.219.130 - - [26/Apr/2025:01:25:25 -0400] "GET /robots.txt HTTP/1.1" 404 1251 "-" "Mozilla/5.0 (compatible; MJ12bot/v2.0.0; http://mj12bot.com/)"
195.191.219.130 - - [26/Apr/2025:01:25:25 -0400] "GET /about.php?action=edit&file=profile.php&path=/home/makmfewe/skillstudio27.com/wp-admin HTTP/1.1" 200 728 "-" "Mozilla/5.0 (compatible; MJ12bot/v2.0.0; http://mj12bot.com/)"
195.191.219.130 - - [26/Apr/2025:01:25:27 -0400] "GET /about.php?action=edit&file=profile.php&path=/home/makmfewe/ufoodspvtltd.com/wp-admin HTTP/1.1" 200 728 "-" "Mozilla/5.0 (compatible; MJ12bot/v2.0.0; http://mj12bot.com/)"
195.191.219.130 - - [26/Apr/2025:01:25:28 -0400] "GET /about.php?action=edit&file=profile.php&path=/home/makmfewe/www/wp-admin HTTP/1.1" 200 728 "-" "Mozilla/5.0 (compatible; MJ12bot/v2.0.0; http://mj12bot.com/)"
195.191.219.130 - - [26/Apr/2025:01:25:29 -0400] "GET /about.php?action=edit&file=profile.php&path=/home/makmfewe/zeestudy.com/wp-admin HTTP/1.1" 200 728 "-" "Mozilla/5.0 (compatible; MJ12bot/v2.0.0; http://mj12bot.com/)"
195.191.219.130 - - [26/Apr/2025:01:25:30 -0400] "GET /about.php?action=edit&file=profile.py&path=//lib64/python2.7 HTTP/1.1" 200 7852 "-" "Mozilla/5.0 (compatible; MJ12bot/v2.0.0; http://mj12bot.com/)"
195.191.219.130 - - [26/Apr/2025:01:25:31 -0400] "GET /about.php?action=edit&file=profile.py&path=//lib64/python3.6 HTTP/1.1" 200 7596 "-" "Mozilla/5.0 (compatible; MJ12bot/v2.0.0; http://mj12bot.com/)"
195.191.219.130 - - [26/Apr/2025:01:25:32 -0400] "GET /about.php?action=edit&file=profile.py&path=//lib64/python3.8 HTTP/1.1" 200 8105 "-" "Mozilla/5.0 (compatible; MJ12bot/v2.0.0; http://mj12bot.com/)"
195.191.219.130 - - [26/Apr/2025:01:25:33 -0400] "GET /about.php?action=edit&file=profile.pyc&path=//lib64/python2.7 HTTP/1.1" 200 7169 "-" "Mozilla/5.0 (compatible; MJ12bot/v2.0.0; http://mj12bot.com/)"
195.191.219.130 - - [26/Apr/2025:01:25:34 -0400] "GET /about.php?action=edit&file=profile.pyo&path=//lib64/python2.7 HTTP/1.1" 200 7019 "-" "Mozilla/5.0 (compatible; MJ12bot/v2.0.0; http://mj12bot.com/)"
195.191.219.130 - - [26/Apr/2025:01:25:36 -0400] "GET /about.php?action=edit&file=project-id&path=//lib64/gettext HTTP/1.1" 200 1698 "-" "Mozilla/5.0 (compatible; MJ12bot/v2.0.0; http://mj12bot.com/)"
195.191.219.130 - - [26/Apr/2025:01:25:36 -0400] "GET /about.php?action=edit&file=proxymech.so&path=//lib64/gssproxy HTTP/1.1" 200 43822 "-" "Mozilla/5.0 (compatible; MJ12bot/v2.0.0; http://mj12bot.com/)"
195.191.219.130 - - [26/Apr/2025:01:25:38 -0400] "GET /about.php?action=edit&file=pstats.py&path=//lib64/python2.7 HTTP/1.1" 200 7890 "-" "Mozilla/5.0 (compatible; MJ12bot/v2.0.0; http://mj12bot.com/)"
23.137.105.26 - - [26/Apr/2025:01:25:38 -0400] "GET /wp-content/plugins/suretriggers/readme.txt HTTP/1.1" 404 1251 "www.google.com" "Mozilla/5.0 (Linux; Android 7.0; SM-G892A Build/NRD90M; wv) AppleWebKit/537.36 (KHTML, like Gecko) Version/4.0 Chrome/60.0.3112.107 Mobile Safari/537.36"
195.191.219.130 - - [26/Apr/2025:01:25:39 -0400] "GET /about.php?action=edit&file=pstats.py&path=//lib64/python3.6 HTTP/1.1" 200 7726 "-" "Mozilla/5.0 (compatible; MJ12bot/v2.0.0; http://mj12bot.com/)"
195.191.219.130 - - [26/Apr/2025:01:25:40 -0400] "GET /about.php?action=edit&file=pstats.py&path=//lib64/python3.8 HTTP/1.1" 200 8070 "-" "Mozilla/5.0 (compatible; MJ12bot/v2.0.0; http://mj12bot.com/)"
195.191.219.130 - - [26/Apr/2025:01:25:40 -0400] "GET /about.php?action=edit&file=pstats.pyc&path=//lib64/python2.7 HTTP/1.1" 200 10061 "-" "Mozilla/5.0 (compatible; MJ12bot/v2.0.0; http://mj12bot.com/)"
195.191.219.130 - - [26/Apr/2025:01:25:42 -0400] "GET /about.php?action=edit&file=pstats.pyo&path=//lib64/python2.7 HTTP/1.1" 200 10061 "-" "Mozilla/5.0 (compatible; MJ12bot/v2.0.0; http://mj12bot.com/)"
195.191.219.130 - - [26/Apr/2025:01:25:43 -0400] "GET /about.php?action=edit&file=psych.so&path=//lib64/ruby HTTP/1.1" 200 11385 "-" "Mozilla/5.0 (compatible; MJ12bot/v2.0.0; http://mj12bot.com/)"
195.191.219.130 - - [26/Apr/2025:01:25:44 -0400] "GET /about.php?action=edit&file=pthread-stubs.pc&path=//lib64/pkgconfig HTTP/1.1" 200 639 "-" "Mozilla/5.0 (compatible; MJ12bot/v2.0.0; http://mj12bot.com/)"
195.191.219.130 - - [26/Apr/2025:01:25:47 -0400] "GET /about.php?action=edit&file=ptmx&path=//dev/pts HTTP/1.1" 200 547 "-" "Mozilla/5.0 (compatible; MJ12bot/v2.0.0; http://mj12bot.com/)"
195.191.219.130 - - [26/Apr/2025:01:25:50 -0400] "GET /about.php?action=edit&file=pty.py&path=//lib64/python2.7 HTTP/1.1" 200 2269 "-" "Mozilla/5.0 (compatible; MJ12bot/v2.0.0; http://mj12bot.com/)"
195.191.219.130 - - [26/Apr/2025:01:25:52 -0400] "GET /about.php?action=edit&file=pty.py&path=//lib64/python3.6 HTTP/1.1" 200 2197 "-" "Mozilla/5.0 (compatible; MJ12bot/v2.0.0; http://mj12bot.com/)"
195.191.219.130 - - [26/Apr/2025:01:25:53 -0400] "GET /about.php?action=edit&file=pty.py&path=//lib64/python3.8 HTTP/1.1" 200 2208 "-" "Mozilla/5.0 (compatible; MJ12bot/v2.0.0; http://mj12bot.com/)"
195.191.219.130 - - [26/Apr/2025:01:25:56 -0400] "GET /about.php?action=edit&file=pty.pyc&path=//lib64/python2.7 HTTP/1.1" 200 2941 "-" "Mozilla/5.0 (compatible; MJ12bot/v2.0.0; http://mj12bot.com/)"
195.191.219.130 - - [26/Apr/2025:01:25:58 -0400] "GET /about.php?action=edit&file=pty.pyo&path=//lib64/python2.7 HTTP/1.1" 200 2942 "-" "Mozilla/5.0 (compatible; MJ12bot/v2.0.0; http://mj12bot.com/)"
40.77.167.55 - - [26/Apr/2025:01:26:03 -0400] "GET /2023/06/08/tips-for-caring-for-your-childs-teeth/ HTTP/1.1" 404 1251 "-" "Mozilla/5.0 AppleWebKit/537.36 (KHTML, like Gecko; compatible; bingbot/2.0; +http://www.bing.com/bingbot.htm) Chrome/116.0.1938.76 Safari/537.36"
195.191.219.130 - - [26/Apr/2025:01:26:05 -0400] "GET /about.php?action=edit&file=pty.so&path=//lib64/ruby HTTP/1.1" 200 6436 "-" "Mozilla/5.0 (compatible; MJ12bot/v2.0.0; http://mj12bot.com/)"
195.191.219.130 - - [26/Apr/2025:01:26:09 -0400] "GET /about.php?action=edit&file=puppet-agent.conf&path=//lib/tmpfiles.d HTTP/1.1" 200 577 "-" "Mozilla/5.0 (compatible; MJ12bot/v2.0.0; http://mj12bot.com/)"
195.191.219.130 - - [26/Apr/2025:01:26:14 -0400] "GET /about.php?action=edit&file=purge-nobody-user&path=//lib/systemd HTTP/1.1" 200 1507 "-" "Mozilla/5.0 (compatible; MJ12bot/v2.0.0; http://mj12bot.com/)"
195.191.219.130 - - [26/Apr/2025:01:26:15 -0400] "GET /about.php?action=edit&file=pwmsolution_com_d5fa5_4b861_1753228799_6c4259a305413bdec11fbd445e3d306a.crt&path=/home/makmfewe/ssl/certs HTTP/1.1" 200 2265 "-" "Mozilla/5.0 (compatible; MJ12bot/v2.0.0; http://mj12bot.com/)"
195.191.219.130 - - [26/Apr/2025:01:26:18 -0400] "GET /about.php?action=edit&file=py_compile.py&path=//lib64/python2.7 HTTP/1.1" 200 2735 "-" "Mozilla/5.0 (compatible; MJ12bot/v2.0.0; http://mj12bot.com/)"
195.191.219.130 - - [26/Apr/2025:01:26:20 -0400] "GET /about.php?action=edit&file=py_compile.py&path=//lib64/python3.6 HTTP/1.1" 200 3018 "-" "Mozilla/5.0 (compatible; MJ12bot/v2.0.0; http://mj12bot.com/)"
195.191.219.130 - - [26/Apr/2025:01:26:22 -0400] "GET /about.php?action=edit&file=py_compile.py&path=//lib64/python3.8 HTTP/1.1" 200 3344 "-" "Mozilla/5.0 (compatible; MJ12bot/v2.0.0; http://mj12bot.com/)"
195.191.219.130 - - [26/Apr/2025:01:26:25 -0400] "GET /about.php?action=edit&file=py_compile.pyc&path=//lib64/python2.7 HTTP/1.1" 200 3503 "-" "Mozilla/5.0 (compatible; MJ12bot/v2.0.0; http://mj12bot.com/)"
195.191.219.130 - - [26/Apr/2025:01:26:27 -0400] "GET /about.php?action=edit&file=py_compile.pyo&path=//lib64/python2.7 HTTP/1.1" 200 3503 "-" "Mozilla/5.0 (compatible; MJ12bot/v2.0.0; http://mj12bot.com/)"
195.191.219.130 - - [26/Apr/2025:01:26:28 -0400] "GET /about.php?action=edit&file=pyclbr.py&path=//lib64/python2.7 HTTP/1.1" 200 4349 "-" "Mozilla/5.0 (compatible; MJ12bot/v2.0.0; http://mj12bot.com/)"
195.191.219.130 - - [26/Apr/2025:01:26:31 -0400] "GET /about.php?action=edit&file=pyclbr.py&path=//lib64/python3.6 HTTP/1.1" 200 4440 "-" "Mozilla/5.0 (compatible; MJ12bot/v2.0.0; http://mj12bot.com/)"
195.191.219.130 - - [26/Apr/2025:01:26:33 -0400] "GET /about.php?action=edit&file=pyclbr.py&path=//lib64/python3.8 HTTP/1.1" 200 4931 "-" "Mozilla/5.0 (compatible; MJ12bot/v2.0.0; http://mj12bot.com/)"
195.191.219.130 - - [26/Apr/2025:01:26:36 -0400] "GET /about.php?action=edit&file=pyclbr.pyc&path=//lib64/python2.7 HTTP/1.1" 200 4932 "-" "Mozilla/5.0 (compatible; MJ12bot/v2.0.0; http://mj12bot.com/)"
195.191.219.130 - - [26/Apr/2025:01:26:38 -0400] "GET /about.php?action=edit&file=pyclbr.pyo&path=//lib64/python2.7 HTTP/1.1" 200 4932 "-" "Mozilla/5.0 (compatible; MJ12bot/v2.0.0; http://mj12bot.com/)"
195.191.219.130 - - [26/Apr/2025:01:26:40 -0400] "GET /about.php?action=edit&file=pydoc.py&path=//lib64/python2.7 HTTP/1.1" 200 26287 "-" "Mozilla/5.0 (compatible; MJ12bot/v2.0.0; http://mj12bot.com/)"
195.191.219.130 - - [26/Apr/2025:01:26:43 -0400] "GET /about.php?action=edit&file=pydoc.py&path=//lib64/python3.6 HTTP/1.1" 200 28654 "-" "Mozilla/5.0 (compatible; MJ12bot/v2.0.0; http://mj12bot.com/)"
195.191.219.130 - - [26/Apr/2025:01:26:46 -0400] "GET /about.php?action=edit&file=pydoc.py&path=//lib64/python3.8 HTTP/1.1" 200 29612 "-" "Mozilla/5.0 (compatible; MJ12bot/v2.0.0; http://mj12bot.com/)"
195.191.219.130 - - [26/Apr/2025:01:26:50 -0400] "GET /about.php?action=edit&file=pydoc.pyc&path=//lib64/python2.7 HTTP/1.1" 200 35289 "-" "Mozilla/5.0 (compatible; MJ12bot/v2.0.0; http://mj12bot.com/)"
195.191.219.130 - - [26/Apr/2025:01:26:52 -0400] "GET /about.php?action=edit&file=pydoc.pyo&path=//lib64/python2.7 HTTP/1.1" 200 35192 "-" "Mozilla/5.0 (compatible; MJ12bot/v2.0.0; http://mj12bot.com/)"
195.191.219.130 - - [26/Apr/2025:01:26:52 -0400] "GET /about.php?action=edit&file=python-2.7.pc&path=//lib64/pkgconfig HTTP/1.1" 200 691 "-" "Mozilla/5.0 (compatible; MJ12bot/v2.0.0; http://mj12bot.com/)"
195.191.219.130 - - [26/Apr/2025:01:26:55 -0400] "GET /about.php?action=edit&file=python-3.6.pc&path=//lib64/pkgconfig HTTP/1.1" 200 704 "-" "Mozilla/5.0 (compatible; MJ12bot/v2.0.0; http://mj12bot.com/)"
195.191.219.130 - - [26/Apr/2025:01:26:56 -0400] "GET /about.php?action=edit&file=python-3.6m.pc&path=//lib64/pkgconfig HTTP/1.1" 200 704 "-" "Mozilla/5.0 (compatible; MJ12bot/v2.0.0; http://mj12bot.com/)"
195.191.219.130 - - [26/Apr/2025:01:26:57 -0400] "GET /about.php?action=edit&file=python-3.8-embed.pc&path=//lib64/pkgconfig HTTP/1.1" 200 721 "-" "Mozilla/5.0 (compatible; MJ12bot/v2.0.0; http://mj12bot.com/)"
195.191.219.130 - - [26/Apr/2025:01:27:00 -0400] "GET /about.php?action=edit&file=python-3.8.pc&path=//lib64/pkgconfig HTTP/1.1" 200 710 "-" "Mozilla/5.0 (compatible; MJ12bot/v2.0.0; http://mj12bot.com/)"
195.191.219.130 - - [26/Apr/2025:01:27:03 -0400] "GET /about.php?action=edit&file=python-macro-helper&path=//lib/rpm HTTP/1.1" 200 794 "-" "Mozilla/5.0 (compatible; MJ12bot/v2.0.0; http://mj12bot.com/)"
195.191.219.130 - - [26/Apr/2025:01:27:04 -0400] "GET /about.php?action=edit&file=python.pc&path=//lib64/pkgconfig HTTP/1.1" 200 686 "-" "Mozilla/5.0 (compatible; MJ12bot/v2.0.0; http://mj12bot.com/)"
195.191.219.130 - - [26/Apr/2025:01:27:05 -0400] "GET /about.php?action=edit&file=python2.pc&path=//lib64/pkgconfig HTTP/1.1" 200 683 "-" "Mozilla/5.0 (compatible; MJ12bot/v2.0.0; http://mj12bot.com/)"
195.191.219.130 - - [26/Apr/2025:01:27:06 -0400] "GET /about.php?action=edit&file=python3.pc&path=//lib64/pkgconfig HTTP/1.1" 200 699 "-" "Mozilla/5.0 (compatible; MJ12bot/v2.0.0; http://mj12bot.com/)"
195.191.219.130 - - [26/Apr/2025:01:27:08 -0400] "GET /about.php?action=edit&file=pythondeps.sh&path=//lib/rpm HTTP/1.1" 200 932 "-" "Mozilla/5.0 (compatible; MJ12bot/v2.0.0; http://mj12bot.com/)"
195.191.219.133 - - [26/Apr/2025:01:27:09 -0400] "GET /robots.txt HTTP/1.1" 404 1251 "-" "Mozilla/5.0 (compatible; MJ12bot/v2.0.0; http://mj12bot.com/)"
195.191.219.133 - - [26/Apr/2025:01:27:09 -0400] "GET /about.php?action=edit&file=smtplib.py&path=//lib64/python3.6 HTTP/1.1" 200 13486 "-" "Mozilla/5.0 (compatible; MJ12bot/v2.0.0; http://mj12bot.com/)"
195.191.219.130 - - [26/Apr/2025:01:27:11 -0400] "GET /about.php?action=edit&file=pythondistdeps.py&path=//lib/rpm HTTP/1.1" 200 3535 "-" "Mozilla/5.0 (compatible; MJ12bot/v2.0.0; http://mj12bot.com/)"
195.191.219.133 - - [26/Apr/2025:01:27:11 -0400] "GET /about.php?action=edit&file=smtplib.py&path=//lib64/python3.8 HTTP/1.1" 200 13740 "-" "Mozilla/5.0 (compatible; MJ12bot/v2.0.0; http://mj12bot.com/)"
195.191.219.130 - - [26/Apr/2025:01:27:12 -0400] "GET /about.php?action=edit&file=qat_402xx.bin&path=//lib/firmware HTTP/1.1" 200 126349 "-" "Mozilla/5.0 (compatible; MJ12bot/v2.0.0; http://mj12bot.com/)"
195.191.219.133 - - [26/Apr/2025:01:27:13 -0400] "GET /about.php?action=edit&file=smtplib.pyo&path=//lib64/python2.7 HTTP/1.1" 200 11993 "-" "Mozilla/5.0 (compatible; MJ12bot/v2.0.0; http://mj12bot.com/)"
195.191.219.133 - - [26/Apr/2025:01:27:14 -0400] "GET /about.php?action=edit&file=sndhdr.py&path=//lib64/python3.6 HTTP/1.1" 200 3080 "-" "Mozilla/5.0 (compatible; MJ12bot/v2.0.0; http://mj12bot.com/)"
195.191.219.133 - - [26/Apr/2025:01:27:15 -0400] "GET /about.php?action=edit&file=sndhdr.py&path=//lib64/python3.8 HTTP/1.1" 200 3092 "-" "Mozilla/5.0 (compatible; MJ12bot/v2.0.0; http://mj12bot.com/)"
195.191.219.130 - - [26/Apr/2025:01:27:15 -0400] "GET /about.php?action=edit&file=qat_402xx_mmp.bin&path=//lib/firmware HTTP/1.1" 200 67278 "-" "Mozilla/5.0 (compatible; MJ12bot/v2.0.0; http://mj12bot.com/)"
195.191.219.133 - - [26/Apr/2025:01:27:16 -0400] "GET /about.php?action=edit&file=sndhdr.pyc&path=//lib64/python2.7 HTTP/1.1" 200 3667 "-" "Mozilla/5.0 (compatible; MJ12bot/v2.0.0; http://mj12bot.com/)"
195.191.219.133 - - [26/Apr/2025:01:27:17 -0400] "GET /about.php?action=edit&file=sndhdr.pyo&path=//lib64/python2.7 HTTP/1.1" 200 3667 "-" "Mozilla/5.0 (compatible; MJ12bot/v2.0.0; http://mj12bot.com/)"
195.191.219.130 - - [26/Apr/2025:01:27:18 -0400] "GET /about.php?action=edit&file=qat_420xx.bin&path=//lib/firmware HTTP/1.1" 200 124747 "-" "Mozilla/5.0 (compatible; MJ12bot/v2.0.0; http://mj12bot.com/)"
195.191.219.133 - - [26/Apr/2025:01:27:19 -0400] "GET /about.php?action=edit&file=socket.py&path=//lib64/python2.7 HTTP/1.1" 200 6760 "-" "Mozilla/5.0 (compatible; MJ12bot/v2.0.0; http://mj12bot.com/)"
195.191.219.133 - - [26/Apr/2025:01:27:20 -0400] "GET /about.php?action=edit&file=socket.py&path=//lib64/python3.6 HTTP/1.1" 200 8842 "-" "Mozilla/5.0 (compatible; MJ12bot/v2.0.0; http://mj12bot.com/)"
195.191.219.130 - - [26/Apr/2025:01:27:20 -0400] "GET /about.php?action=edit&file=qat_420xx_mmp.bin&path=//lib/firmware HTTP/1.1" 200 67222 "-" "Mozilla/5.0 (compatible; MJ12bot/v2.0.0; http://mj12bot.com/)"
195.191.219.133 - - [26/Apr/2025:01:27:21 -0400] "GET /about.php?action=edit&file=socket.py&path=//lib64/python3.8 HTTP/1.1" 200 11029 "-" "Mozilla/5.0 (compatible; MJ12bot/v2.0.0; http://mj12bot.com/)"
195.191.219.130 - - [26/Apr/2025:01:27:21 -0400] "GET /about.php?action=edit&file=qat_4xxx.bin&path=//lib/firmware HTTP/1.1" 200 148386 "-" "Mozilla/5.0 (compatible; MJ12bot/v2.0.0; http://mj12bot.com/)"
195.191.219.133 - - [26/Apr/2025:01:27:22 -0400] "GET /about.php?action=edit&file=socket.pyc&path=//lib64/python2.7 HTTP/1.1" 200 7596 "-" "Mozilla/5.0 (compatible; MJ12bot/v2.0.0; http://mj12bot.com/)"
195.191.219.130 - - [26/Apr/2025:01:27:23 -0400] "GET /about.php?action=edit&file=qat_4xxx_mmp.bin&path=//lib/firmware HTTP/1.1" 200 67279 "-" "Mozilla/5.0 (compatible; MJ12bot/v2.0.0; http://mj12bot.com/)"
195.191.219.133 - - [26/Apr/2025:01:27:24 -0400] "GET /about.php?action=edit&file=socket.pyo&path=//lib64/python2.7 HTTP/1.1" 200 7545 "-" "Mozilla/5.0 (compatible; MJ12bot/v2.0.0; http://mj12bot.com/)"
195.191.219.133 - - [26/Apr/2025:01:27:25 -0400] "GET /about.php?action=edit&file=socket.so&path=//lib64/ruby HTTP/1.1" 200 73394 "-" "Mozilla/5.0 (compatible; MJ12bot/v2.0.0; http://mj12bot.com/)"
195.191.219.133 - - [26/Apr/2025:01:27:26 -0400] "GET /about.php?action=edit&file=socketserver.py&path=//lib64/python3.6 HTTP/1.1" 200 8263 "-" "Mozilla/5.0 (compatible; MJ12bot/v2.0.0; http://mj12bot.com/)"
195.191.219.130 - - [26/Apr/2025:01:27:26 -0400] "GET /about.php?action=edit&file=qat_895xcc.bin&path=//lib/firmware HTTP/1.1" 200 94782 "-" "Mozilla/5.0 (compatible; MJ12bot/v2.0.0; http://mj12bot.com/)"
195.191.219.133 - - [26/Apr/2025:01:27:27 -0400] "GET /about.php?action=edit&file=socketserver.py&path=//lib64/python3.8 HTTP/1.1" 200 8387 "-" "Mozilla/5.0 (compatible; MJ12bot/v2.0.0; http://mj12bot.com/)"
195.191.219.130 - - [26/Apr/2025:01:27:27 -0400] "GET /about.php?action=edit&file=qat_895xcc_mmp.bin&path=//lib/firmware HTTP/1.1" 200 47925 "-" "Mozilla/5.0 (compatible; MJ12bot/v2.0.0; http://mj12bot.com/)"
195.191.219.133 - - [26/Apr/2025:01:27:28 -0400] "GET /about.php?action=edit&file=sodium_compat.php&path=/home/makmfewe/dentistring.com/wp-includes/sodium_compat/lib HTTP/1.1" 200 3181 "-" "Mozilla/5.0 (compatible; MJ12bot/v2.0.0; http://mj12bot.com/)"
195.191.219.130 - - [26/Apr/2025:01:27:29 -0400] "GET /about.php?action=edit&file=qat_c3xxx.bin&path=//lib/firmware HTTP/1.1" 200 89113 "-" "Mozilla/5.0 (compatible; MJ12bot/v2.0.0; http://mj12bot.com/)"
195.191.219.133 - - [26/Apr/2025:01:27:30 -0400] "GET /about.php?action=edit&file=sotruss-lib.so&path=//lib64/audit HTTP/1.1" 200 5429 "-" "Mozilla/5.0 (compatible; MJ12bot/v2.0.0; http://mj12bot.com/)"
195.191.219.133 - - [26/Apr/2025:01:27:30 -0400] "GET /about.php?action=edit&file=speculative-loading.php&path=/home/makmfewe/drmohsinazeem.com/wp-includes HTTP/1.1" 200 3384 "-" "Mozilla/5.0 (compatible; MJ12bot/v2.0.0; http://mj12bot.com/)"
195.191.219.130 - - [26/Apr/2025:01:27:31 -0400] "GET /about.php?action=edit&file=qat_c3xxx_mmp.bin&path=//lib/firmware HTTP/1.1" 200 48529 "-" "Mozilla/5.0 (compatible; MJ12bot/v2.0.0; http://mj12bot.com/)"
195.191.219.133 - - [26/Apr/2025:01:27:32 -0400] "GET /about.php?action=edit&file=speculative-loading.php&path=/home/makmfewe/globalindustrialsolution.org/wp-includes HTTP/1.1" 200 3384 "-" "Mozilla/5.0 (compatible; MJ12bot/v2.0.0; http://mj12bot.com/)"
195.191.219.130 - - [26/Apr/2025:01:27:32 -0400] "GET /about.php?action=edit&file=qat_c62x.bin&path=//lib/firmware HTTP/1.1" 200 134424 "-" "Mozilla/5.0 (compatible; MJ12bot/v2.0.0; http://mj12bot.com/)"
195.191.219.133 - - [26/Apr/2025:01:27:32 -0400] "GET /about.php?action=edit&file=speculative-loading.php&path=/home/makmfewe/hsec.com.pk/wp-includes HTTP/1.1" 200 3384 "-" "Mozilla/5.0 (compatible; MJ12bot/v2.0.0; http://mj12bot.com/)"
195.191.219.130 - - [26/Apr/2025:01:27:33 -0400] "GET /about.php?action=edit&file=qat_c62x_mmp.bin&path=//lib/firmware HTTP/1.1" 200 48485 "-" "Mozilla/5.0 (compatible; MJ12bot/v2.0.0; http://mj12bot.com/)"
195.191.219.133 - - [26/Apr/2025:01:27:33 -0400] "GET /about.php?action=edit&file=speculative-loading.php&path=/home/makmfewe/ibnearif.com/wp-includes HTTP/1.1" 200 3384 "-" "Mozilla/5.0 (compatible; MJ12bot/v2.0.0; http://mj12bot.com/)"
195.191.219.130 - - [26/Apr/2025:01:27:34 -0400] "GET /about.php?action=edit&file=qat_mmp.bin&path=//lib/firmware HTTP/1.1" 200 47984 "-" "Mozilla/5.0 (compatible; MJ12bot/v2.0.0; http://mj12bot.com/)"
195.191.219.133 - - [26/Apr/2025:01:27:34 -0400] "GET /about.php?action=edit&file=speculative-loading.php&path=/home/makmfewe/kamrancomputer.com/wp-includes HTTP/1.1" 200 3384 "-" "Mozilla/5.0 (compatible; MJ12bot/v2.0.0; http://mj12bot.com/)"
195.191.219.130 - - [26/Apr/2025:01:27:35 -0400] "GET /about.php?action=edit&file=ql2100_fw.bin&path=//lib/firmware HTTP/1.1" 200 40499 "-" "Mozilla/5.0 (compatible; MJ12bot/v2.0.0; http://mj12bot.com/)"
195.191.219.133 - - [26/Apr/2025:01:27:36 -0400] "GET /about.php?action=edit&file=speculative-loading.php&path=/home/makmfewe/kneespine.com/wp-includes HTTP/1.1" 200 3384 "-" "Mozilla/5.0 (compatible; MJ12bot/v2.0.0; http://mj12bot.com/)"
195.191.219.130 - - [26/Apr/2025:01:27:36 -0400] "GET /about.php?action=edit&file=ql2200_fw.bin&path=//lib/firmware HTTP/1.1" 200 44225 "-" "Mozilla/5.0 (compatible; MJ12bot/v2.0.0; http://mj12bot.com/)"
195.191.219.133 - - [26/Apr/2025:01:27:36 -0400] "GET /about.php?action=edit&file=speculative-loading.php&path=/home/makmfewe/sh-fragrances.com/wp-includes HTTP/1.1" 200 3384 "-" "Mozilla/5.0 (compatible; MJ12bot/v2.0.0; http://mj12bot.com/)"
195.191.219.133 - - [26/Apr/2025:01:27:38 -0400] "GET /about.php?action=edit&file=spl-autoload-compat.php&path=/home/makmfewe/kamrancomputer.com/wp-includes HTTP/1.1" 200 828 "-" "Mozilla/5.0 (compatible; MJ12bot/v2.0.0; http://mj12bot.com/)"
195.191.219.130 - - [26/Apr/2025:01:27:38 -0400] "GET /about.php?action=edit&file=ql2300_fw.bin&path=//lib/firmware HTTP/1.1" 200 65869 "-" "Mozilla/5.0 (compatible; MJ12bot/v2.0.0; http://mj12bot.com/)"
195.191.219.133 - - [26/Apr/2025:01:27:39 -0400] "GET /about.php?action=edit&file=spl-autoload-compat.php&path=/home/makmfewe/kneespine.com/wp-includes HTTP/1.1" 200 828 "-" "Mozilla/5.0 (compatible; MJ12bot/v2.0.0; http://mj12bot.com/)"
195.191.219.130 - - [26/Apr/2025:01:27:39 -0400] "GET /about.php?action=edit&file=ql2322_fw.bin&path=//lib/firmware HTTP/1.1" 200 69858 "-" "Mozilla/5.0 (compatible; MJ12bot/v2.0.0; http://mj12bot.com/)"
195.191.219.133 - - [26/Apr/2025:01:27:40 -0400] "GET /about.php?action=edit&file=term.php&path=/home/makmfewe/pwmsolution.com/wp-admin HTTP/1.1" 200 1529 "-" "Mozilla/5.0 (compatible; MJ12bot/v2.0.0; http://mj12bot.com/)"
195.191.219.130 - - [26/Apr/2025:01:27:40 -0400] "GET /about.php?action=edit&file=ql2400_fw.bin&path=//lib/firmware HTTP/1.1" 200 109723 "-" "Mozilla/5.0 (compatible; MJ12bot/v2.0.0; http://mj12bot.com/)"
195.191.219.133 - - [26/Apr/2025:01:27:41 -0400] "GET /about.php?action=edit&file=term.php&path=/home/makmfewe/sh-fragrances.com/wp-admin HTTP/1.1" 200 1529 "-" "Mozilla/5.0 (compatible; MJ12bot/v2.0.0; http://mj12bot.com/)"
195.191.219.130 - - [26/Apr/2025:01:27:42 -0400] "GET /about.php?action=edit&file=ql2500_fw.bin&path=//lib/firmware HTTP/1.1" 200 132517 "-" "Mozilla/5.0 (compatible; MJ12bot/v2.0.0; http://mj12bot.com/)"
195.191.219.133 - - [26/Apr/2025:01:27:43 -0400] "GET /about.php?action=edit&file=types.py&path=//lib64/python3.6 HTTP/1.1" 200 3545 "-" "Mozilla/5.0 (compatible; MJ12bot/v2.0.0; http://mj12bot.com/)"
195.191.219.130 - - [26/Apr/2025:01:27:44 -0400] "GET /about.php?action=edit&file=query.php&path=/home/makmfewe/drmohsinazeem.com/wp-includes HTTP/1.1" 200 5766 "-" "Mozilla/5.0 (compatible; MJ12bot/v2.0.0; http://mj12bot.com/)"
195.191.219.133 - - [26/Apr/2025:01:27:44 -0400] "GET /about.php?action=edit&file=types.py&path=//lib64/python3.8 HTTP/1.1" 200 3836 "-" "Mozilla/5.0 (compatible; MJ12bot/v2.0.0; http://mj12bot.com/)"
195.191.219.130 - - [26/Apr/2025:01:27:44 -0400] "GET /about.php?action=edit&file=query.php&path=/home/makmfewe/drshahidchudhary.com/wp-includes HTTP/1.1" 200 5766 "-" "Mozilla/5.0 (compatible; MJ12bot/v2.0.0; http://mj12bot.com/)"
195.191.219.133 - - [26/Apr/2025:01:27:44 -0400] "GET /about.php?action=edit&file=types.pyc&path=//lib64/python2.7 HTTP/1.1" 200 1909 "-" "Mozilla/5.0 (compatible; MJ12bot/v2.0.0; http://mj12bot.com/)"
195.191.219.133 - - [26/Apr/2025:01:27:46 -0400] "GET /about.php?action=edit&file=types.pyo&path=//lib64/python2.7 HTTP/1.1" 200 1909 "-" "Mozilla/5.0 (compatible; MJ12bot/v2.0.0; http://mj12bot.com/)"
195.191.219.130 - - [26/Apr/2025:01:27:46 -0400] "GET /about.php?action=edit&file=query.php&path=/home/makmfewe/gbfc.us/wp-includes HTTP/1.1" 200 5766 "-" "Mozilla/5.0 (compatible; MJ12bot/v2.0.0; http://mj12bot.com/)"
195.191.219.133 - - [26/Apr/2025:01:27:47 -0400] "GET /about.php?action=edit&file=typing.py&path=//lib64/python3.6 HTTP/1.1" 200 21523 "-" "Mozilla/5.0 (compatible; MJ12bot/v2.0.0; http://mj12bot.com/)"
195.191.219.130 - - [26/Apr/2025:01:27:48 -0400] "GET /about.php?action=edit&file=query.php&path=/home/makmfewe/globalindustrialsolution.org/wp-includes HTTP/1.1" 200 5766 "-" "Mozilla/5.0 (compatible; MJ12bot/v2.0.0; http://mj12bot.com/)"
195.191.219.133 - - [26/Apr/2025:01:27:49 -0400] "GET /about.php?action=edit&file=typing.py&path=//lib64/python3.8 HTTP/1.1" 200 20565 "-" "Mozilla/5.0 (compatible; MJ12bot/v2.0.0; http://mj12bot.com/)"
195.191.219.133 - - [26/Apr/2025:01:27:49 -0400] "GET /about.php?action=edit&file=ufoodspvtltd_com_b72e9_f57c9_1740700799_f61fc6ec8938b9ff35dd519b51c65cae.crt&path=/home/makmfewe/ssl/certs HTTP/1.1" 200 2303 "-" "Mozilla/5.0 (compatible; MJ12bot/v2.0.0; http://mj12bot.com/)"
195.191.219.130 - - [26/Apr/2025:01:27:50 -0400] "GET /about.php?action=edit&file=query.php&path=/home/makmfewe/hsec.com.pk/wp-includes HTTP/1.1" 200 5766 "-" "Mozilla/5.0 (compatible; MJ12bot/v2.0.0; http://mj12bot.com/)"
195.191.219.130 - - [26/Apr/2025:01:27:51 -0400] "GET /about.php?action=edit&file=query.php&path=/home/makmfewe/ibnearif.com/wp-includes HTTP/1.1" 200 5766 "-" "Mozilla/5.0 (compatible; MJ12bot/v2.0.0; http://mj12bot.com/)"
195.191.219.133 - - [26/Apr/2025:01:27:51 -0400] "GET /about.php?action=edit&file=umich_ldap.so&path=//lib64/libnfsidmap HTTP/1.1" 200 21420 "-" "Mozilla/5.0 (compatible; MJ12bot/v2.0.0; http://mj12bot.com/)"
195.191.219.133 - - [26/Apr/2025:01:27:53 -0400] "GET /about.php?action=edit&file=update-core.php&path=/home/makmfewe/drmohsinazeem.com/wp-admin HTTP/1.1" 200 12255 "-" "Mozilla/5.0 (compatible; MJ12bot/v2.0.0; http://mj12bot.com/)"
195.191.219.130 - - [26/Apr/2025:01:27:53 -0400] "GET /about.php?action=edit&file=query.php&path=/home/makmfewe/kamrancomputer.com/wp-includes HTTP/1.1" 200 5766 "-" "Mozilla/5.0 (compatible; MJ12bot/v2.0.0; http://mj12bot.com/)"
195.191.219.133 - - [26/Apr/2025:01:27:54 -0400] "GET /about.php?action=edit&file=update-core.php&path=/home/makmfewe/drshahidchudhary.com/wp-admin HTTP/1.1" 200 12255 "-" "Mozilla/5.0 (compatible; MJ12bot/v2.0.0; http://mj12bot.com/)"
195.191.219.130 - - [26/Apr/2025:01:27:54 -0400] "GET /about.php?action=edit&file=query.php&path=/home/makmfewe/kneespine.com/wp-includes HTTP/1.1" 200 5766 "-" "Mozilla/5.0 (compatible; MJ12bot/v2.0.0; http://mj12bot.com/)"
195.191.219.133 - - [26/Apr/2025:01:27:55 -0400] "GET /about.php?action=edit&file=update-core.php&path=/home/makmfewe/gbfc.us/wp-admin HTTP/1.1" 200 12255 "-" "Mozilla/5.0 (compatible; MJ12bot/v2.0.0; http://mj12bot.com/)"
195.191.219.130 - - [26/Apr/2025:01:27:55 -0400] "GET /about.php?action=edit&file=query.php&path=/home/makmfewe/learningladder.academy/wp-includes HTTP/1.1" 200 5766 "-" "Mozilla/5.0 (compatible; MJ12bot/v2.0.0; http://mj12bot.com/)"
195.191.219.133 - - [26/Apr/2025:01:27:56 -0400] "GET /about.php?action=edit&file=update-core.php&path=/home/makmfewe/globalindustrialsolution.org/wp-admin HTTP/1.1" 200 12255 "-" "Mozilla/5.0 (compatible; MJ12bot/v2.0.0; http://mj12bot.com/)"
195.191.219.130 - - [26/Apr/2025:01:27:56 -0400] "GET /about.php?action=edit&file=query.php&path=/home/makmfewe/memontravelservices.com/wp-includes HTTP/1.1" 200 5766 "-" "Mozilla/5.0 (compatible; MJ12bot/v2.0.0; http://mj12bot.com/)"
195.191.219.133 - - [26/Apr/2025:01:27:57 -0400] "GET /about.php?action=edit&file=update-core.php&path=/home/makmfewe/hsec.com.pk/wp-admin HTTP/1.1" 200 12255 "-" "Mozilla/5.0 (compatible; MJ12bot/v2.0.0; http://mj12bot.com/)"
195.191.219.130 - - [26/Apr/2025:01:27:58 -0400] "GET /about.php?action=edit&file=query.php&path=/home/makmfewe/mercurylondon.com/wp-includes HTTP/1.1" 200 5766 "-" "Mozilla/5.0 (compatible; MJ12bot/v2.0.0; http://mj12bot.com/)"
195.191.219.133 - - [26/Apr/2025:01:27:58 -0400] "GET /about.php?action=edit&file=update-core.php&path=/home/makmfewe/ibnearif.com/wp-admin HTTP/1.1" 200 12255 "-" "Mozilla/5.0 (compatible; MJ12bot/v2.0.0; http://mj12bot.com/)"
195.191.219.130 - - [26/Apr/2025:01:27:59 -0400] "GET /about.php?action=edit&file=query.php&path=/home/makmfewe/mianoorproperties.com/wp-includes HTTP/1.1" 200 5766 "-" "Mozilla/5.0 (compatible; MJ12bot/v2.0.0; http://mj12bot.com/)"
195.191.219.133 - - [26/Apr/2025:01:27:59 -0400] "GET /about.php?action=edit&file=update-core.php&path=/home/makmfewe/kamrancomputer.com/wp-admin HTTP/1.1" 200 12255 "-" "Mozilla/5.0 (compatible; MJ12bot/v2.0.0; http://mj12bot.com/)"
195.191.219.133 - - [26/Apr/2025:01:28:00 -0400] "GET /about.php?action=edit&file=update-core.php&path=/home/makmfewe/kneespine.com/wp-admin HTTP/1.1" 200 12255 "-" "Mozilla/5.0 (compatible; MJ12bot/v2.0.0; http://mj12bot.com/)"
195.191.219.130 - - [26/Apr/2025:01:28:00 -0400] "GET /about.php?action=edit&file=query.php&path=/home/makmfewe/public_html/wp-includes HTTP/1.1" 200 5766 "-" "Mozilla/5.0 (compatible; MJ12bot/v2.0.0; http://mj12bot.com/)"
195.191.219.130 - - [26/Apr/2025:01:28:01 -0400] "GET /about.php?action=edit&file=query.php&path=/home/makmfewe/pwmsolution.com/wp-includes HTTP/1.1" 200 5766 "-" "Mozilla/5.0 (compatible; MJ12bot/v2.0.0; http://mj12bot.com/)"
195.191.219.133 - - [26/Apr/2025:01:28:01 -0400] "GET /about.php?action=edit&file=update-core.php&path=/home/makmfewe/learningladder.academy/wp-admin HTTP/1.1" 200 12255 "-" "Mozilla/5.0 (compatible; MJ12bot/v2.0.0; http://mj12bot.com/)"
195.191.219.130 - - [26/Apr/2025:01:28:02 -0400] "GET /about.php?action=edit&file=query.php&path=/home/makmfewe/sh-fragrances.com/wp-includes HTTP/1.1" 200 5766 "-" "Mozilla/5.0 (compatible; MJ12bot/v2.0.0; http://mj12bot.com/)"
195.191.219.133 - - [26/Apr/2025:01:28:02 -0400] "GET /about.php?action=edit&file=update-core.php&path=/home/makmfewe/memontravelservices.com/wp-admin HTTP/1.1" 200 12255 "-" "Mozilla/5.0 (compatible; MJ12bot/v2.0.0; http://mj12bot.com/)"
195.191.219.130 - - [26/Apr/2025:01:28:03 -0400] "GET /about.php?action=edit&file=query.php&path=/home/makmfewe/skillstudio27.com/wp-includes HTTP/1.1" 200 5766 "-" "Mozilla/5.0 (compatible; MJ12bot/v2.0.0; http://mj12bot.com/)"
195.191.219.133 - - [26/Apr/2025:01:28:03 -0400] "GET /about.php?action=edit&file=update-core.php&path=/home/makmfewe/mercurylondon.com/wp-admin HTTP/1.1" 200 12255 "-" "Mozilla/5.0 (compatible; MJ12bot/v2.0.0; http://mj12bot.com/)"
195.191.219.130 - - [26/Apr/2025:01:28:04 -0400] "GET /about.php?action=edit&file=query.php&path=/home/makmfewe/ufoodspvtltd.com/wp-includes HTTP/1.1" 200 5766 "-" "Mozilla/5.0 (compatible; MJ12bot/v2.0.0; http://mj12bot.com/)"
195.191.219.133 - - [26/Apr/2025:01:28:04 -0400] "GET /about.php?action=edit&file=update-core.php&path=/home/makmfewe/mianoorproperties.com/wp-admin HTTP/1.1" 200 12255 "-" "Mozilla/5.0 (compatible; MJ12bot/v2.0.0; http://mj12bot.com/)"
195.191.219.130 - - [26/Apr/2025:01:28:05 -0400] "GET /about.php?action=edit&file=query.php&path=/home/makmfewe/www/wp-includes HTTP/1.1" 200 5766 "-" "Mozilla/5.0 (compatible; MJ12bot/v2.0.0; http://mj12bot.com/)"
195.191.219.133 - - [26/Apr/2025:01:28:05 -0400] "GET /about.php?action=edit&file=update-core.php&path=/home/makmfewe/public_html/wp-admin HTTP/1.1" 200 12255 "-" "Mozilla/5.0 (compatible; MJ12bot/v2.0.0; http://mj12bot.com/)"
195.191.219.133 - - [26/Apr/2025:01:28:06 -0400] "GET /about.php?action=edit&file=update-core.php&path=/home/makmfewe/pwmsolution.com/wp-admin HTTP/1.1" 200 12255 "-" "Mozilla/5.0 (compatible; MJ12bot/v2.0.0; http://mj12bot.com/)"
195.191.219.130 - - [26/Apr/2025:01:28:06 -0400] "GET /about.php?action=edit&file=queue.php&path=/home/makmfewe/frugilo.com/config HTTP/1.1" 200 1592 "-" "Mozilla/5.0 (compatible; MJ12bot/v2.0.0; http://mj12bot.com/)"
195.191.219.130 - - [26/Apr/2025:01:28:07 -0400] "GET /about.php?action=edit&file=queue.py&path=//lib64/python3.6 HTTP/1.1" 200 2987 "-" "Mozilla/5.0 (compatible; MJ12bot/v2.0.0; http://mj12bot.com/)"
195.191.219.133 - - [26/Apr/2025:01:28:07 -0400] "GET /about.php?action=edit&file=update-core.php&path=/home/makmfewe/sh-fragrances.com/wp-admin HTTP/1.1" 200 12255 "-" "Mozilla/5.0 (compatible; MJ12bot/v2.0.0; http://mj12bot.com/)"
195.191.219.130 - - [26/Apr/2025:01:28:08 -0400] "GET /about.php?action=edit&file=queue.py&path=//lib64/python3.8 HTTP/1.1" 200 3423 "-" "Mozilla/5.0 (compatible; MJ12bot/v2.0.0; http://mj12bot.com/)"
195.191.219.133 - - [26/Apr/2025:01:28:08 -0400] "GET /about.php?action=edit&file=update-core.php&path=/home/makmfewe/skillstudio27.com/wp-admin HTTP/1.1" 200 12255 "-" "Mozilla/5.0 (compatible; MJ12bot/v2.0.0; http://mj12bot.com/)"
195.191.219.130 - - [26/Apr/2025:01:28:09 -0400] "GET /about.php?action=edit&file=quopri.py&path=//lib64/python2.7 HTTP/1.1" 200 2900 "-" "Mozilla/5.0 (compatible; MJ12bot/v2.0.0; http://mj12bot.com/)"
195.191.219.133 - - [26/Apr/2025:01:28:09 -0400] "GET /about.php?action=edit&file=update-core.php&path=/home/makmfewe/ufoodspvtltd.com/wp-admin HTTP/1.1" 200 12255 "-" "Mozilla/5.0 (compatible; MJ12bot/v2.0.0; http://mj12bot.com/)"
195.191.219.133 - - [26/Apr/2025:01:28:10 -0400] "GET /about.php?action=edit&file=update-core.php&path=/home/makmfewe/www/wp-admin HTTP/1.1" 200 12255 "-" "Mozilla/5.0 (compatible; MJ12bot/v2.0.0; http://mj12bot.com/)"
195.191.219.133 - - [26/Apr/2025:01:28:11 -0400] "GET /about.php?action=edit&file=update-core.php&path=/home/makmfewe/zeestudy.com/wp-admin HTTP/1.1" 200 12255 "-" "Mozilla/5.0 (compatible; MJ12bot/v2.0.0; http://mj12bot.com/)"
195.191.219.130 - - [26/Apr/2025:01:28:13 -0400] "GET /about.php?action=edit&file=quopri.py&path=//lib64/python3.6 HTTP/1.1" 200 3014 "-" "Mozilla/5.0 (compatible; MJ12bot/v2.0.0; http://mj12bot.com/)"
195.191.219.133 - - [26/Apr/2025:01:28:13 -0400] "GET /about.php?action=edit&file=update.php&path=/home/makmfewe/drmohsinazeem.com/wp-admin HTTP/1.1" 200 3419 "-" "Mozilla/5.0 (compatible; MJ12bot/v2.0.0; http://mj12bot.com/)"
195.191.219.133 - - [26/Apr/2025:01:28:13 -0400] "GET /about.php?action=edit&file=update.php&path=/home/makmfewe/drmohsinazeem.com/wp-includes HTTP/1.1" 200 9405 "-" "Mozilla/5.0 (compatible; MJ12bot/v2.0.0; http://mj12bot.com/)"
195.191.219.130 - - [26/Apr/2025:01:28:14 -0400] "GET /about.php?action=edit&file=quopri.py&path=//lib64/python3.8 HTTP/1.1" 200 3020 "-" "Mozilla/5.0 (compatible; MJ12bot/v2.0.0; http://mj12bot.com/)"
195.191.219.133 - - [26/Apr/2025:01:28:14 -0400] "GET /about.php?action=edit&file=update.php&path=/home/makmfewe/drshahidchudhary.com/wp-admin HTTP/1.1" 200 3419 "-" "Mozilla/5.0 (compatible; MJ12bot/v2.0.0; http://mj12bot.com/)"
195.191.219.130 - - [26/Apr/2025:01:28:15 -0400] "GET /about.php?action=edit&file=quopri.pyc&path=//lib64/python2.7 HTTP/1.1" 200 3646 "-" "Mozilla/5.0 (compatible; MJ12bot/v2.0.0; http://mj12bot.com/)"
195.191.219.133 - - [26/Apr/2025:01:28:16 -0400] "GET /about.php?action=edit&file=update.php&path=/home/makmfewe/drshahidchudhary.com/wp-includes HTTP/1.1" 200 9405 "-" "Mozilla/5.0 (compatible; MJ12bot/v2.0.0; http://mj12bot.com/)"
195.191.219.130 - - [26/Apr/2025:01:28:16 -0400] "GET /about.php?action=edit&file=quopri.pyo&path=//lib64/python2.7 HTTP/1.1" 200 3646 "-" "Mozilla/5.0 (compatible; MJ12bot/v2.0.0; http://mj12bot.com/)"
195.191.219.133 - - [26/Apr/2025:01:28:17 -0400] "GET /about.php?action=edit&file=update.php&path=/home/makmfewe/gbfc.us/wp-admin HTTP/1.1" 200 3419 "-" "Mozilla/5.0 (compatible; MJ12bot/v2.0.0; http://mj12bot.com/)"
195.191.219.130 - - [26/Apr/2025:01:28:17 -0400] "GET /about.php?action=edit&file=r8a779x_usb3_v1.dlmem&path=//lib/firmware HTTP/1.1" 200 6261 "-" "Mozilla/5.0 (compatible; MJ12bot/v2.0.0; http://mj12bot.com/)"
195.191.219.133 - - [26/Apr/2025:01:28:18 -0400] "GET /about.php?action=edit&file=update.php&path=/home/makmfewe/gbfc.us/wp-includes HTTP/1.1" 200 9197 "-" "Mozilla/5.0 (compatible; MJ12bot/v2.0.0; http://mj12bot.com/)"
195.191.219.130 - - [26/Apr/2025:01:28:18 -0400] "GET /about.php?action=edit&file=r8a779x_usb3_v2.dlmem&path=//lib/firmware HTTP/1.1" 200 6251 "-" "Mozilla/5.0 (compatible; MJ12bot/v2.0.0; http://mj12bot.com/)"
195.191.219.133 - - [26/Apr/2025:01:28:19 -0400] "GET /about.php?action=edit&file=update.php&path=/home/makmfewe/globalindustrialsolution.org/wp-admin HTTP/1.1" 200 3419 "-" "Mozilla/5.0 (compatible; MJ12bot/v2.0.0; http://mj12bot.com/)"
195.191.219.130 - - [26/Apr/2025:01:28:19 -0400] "GET /about.php?action=edit&file=r8a779x_usb3_v3.dlmem&path=//lib/firmware HTTP/1.1" 200 6242 "-" "Mozilla/5.0 (compatible; MJ12bot/v2.0.0; http://mj12bot.com/)"
195.191.219.133 - - [26/Apr/2025:01:28:20 -0400] "GET /about.php?action=edit&file=update.php&path=/home/makmfewe/globalindustrialsolution.org/wp-includes HTTP/1.1" 200 9405 "-" "Mozilla/5.0 (compatible; MJ12bot/v2.0.0; http://mj12bot.com/)"
195.191.219.130 - - [26/Apr/2025:01:28:20 -0400] "GET /about.php?action=edit&file=random.py&path=//lib64/python2.7 HTTP/1.1" 200 11002 "-" "Mozilla/5.0 (compatible; MJ12bot/v2.0.0; http://mj12bot.com/)"
195.191.219.133 - - [26/Apr/2025:01:28:21 -0400] "GET /about.php?action=edit&file=update.php&path=/home/makmfewe/hsec.com.pk/wp-admin HTTP/1.1" 200 3419 "-" "Mozilla/5.0 (compatible; MJ12bot/v2.0.0; http://mj12bot.com/)"
195.191.219.130 - - [26/Apr/2025:01:28:21 -0400] "GET /about.php?action=edit&file=random.py&path=//lib64/python3.6 HTTP/1.1" 200 9550 "-" "Mozilla/5.0 (compatible; MJ12bot/v2.0.0; http://mj12bot.com/)"
195.191.219.133 - - [26/Apr/2025:01:28:23 -0400] "GET /about.php?action=edit&file=update.php&path=/home/makmfewe/hsec.com.pk/wp-includes HTTP/1.1" 200 9405 "-" "Mozilla/5.0 (compatible; MJ12bot/v2.0.0; http://mj12bot.com/)"
195.191.219.133 - - [26/Apr/2025:01:28:26 -0400] "GET /about.php?action=edit&file=update.php&path=/home/makmfewe/ibnearif.com/wp-admin HTTP/1.1" 200 3419 "-" "Mozilla/5.0 (compatible; MJ12bot/v2.0.0; http://mj12bot.com/)"
195.191.219.130 - - [26/Apr/2025:01:28:26 -0400] "GET /about.php?action=edit&file=random.py&path=//lib64/python3.8 HTTP/1.1" 200 9980 "-" "Mozilla/5.0 (compatible; MJ12bot/v2.0.0; http://mj12bot.com/)"
195.191.219.133 - - [26/Apr/2025:01:28:27 -0400] "GET /about.php?action=edit&file=update.php&path=/home/makmfewe/ibnearif.com/wp-includes HTTP/1.1" 200 9405 "-" "Mozilla/5.0 (compatible; MJ12bot/v2.0.0; http://mj12bot.com/)"
195.191.219.130 - - [26/Apr/2025:01:28:27 -0400] "GET /about.php?action=edit&file=random.pyc&path=//lib64/python2.7 HTTP/1.1" 200 10876 "-" "Mozilla/5.0 (compatible; MJ12bot/v2.0.0; http://mj12bot.com/)"
195.191.219.133 - - [26/Apr/2025:01:28:28 -0400] "GET /about.php?action=edit&file=update.php&path=/home/makmfewe/kamrancomputer.com/wp-admin HTTP/1.1" 200 3419 "-" "Mozilla/5.0 (compatible; MJ12bot/v2.0.0; http://mj12bot.com/)"
195.191.219.130 - - [26/Apr/2025:01:28:28 -0400] "GET /about.php?action=edit&file=random.pyo&path=//lib64/python2.7 HTTP/1.1" 200 10876 "-" "Mozilla/5.0 (compatible; MJ12bot/v2.0.0; http://mj12bot.com/)"
195.191.219.133 - - [26/Apr/2025:01:28:29 -0400] "GET /about.php?action=edit&file=update.php&path=/home/makmfewe/kamrancomputer.com/wp-includes HTTP/1.1" 200 9405 "-" "Mozilla/5.0 (compatible; MJ12bot/v2.0.0; http://mj12bot.com/)"
195.191.219.130 - - [26/Apr/2025:01:28:29 -0400] "GET /about.php?action=edit&file=rbconfig.rb&path=//lib64/ruby HTTP/1.1" 200 5430 "-" "Mozilla/5.0 (compatible; MJ12bot/v2.0.0; http://mj12bot.com/)"
195.191.219.133 - - [26/Apr/2025:01:28:30 -0400] "GET /about.php?action=edit&file=update.php&path=/home/makmfewe/kneespine.com/wp-admin HTTP/1.1" 200 3419 "-" "Mozilla/5.0 (compatible; MJ12bot/v2.0.0; http://mj12bot.com/)"
195.191.219.130 - - [26/Apr/2025:01:28:30 -0400] "GET /about.php?action=edit&file=re.pm&path=//lib64/perl5 HTTP/1.1" 200 8720 "-" "Mozilla/5.0 (compatible; MJ12bot/v2.0.0; http://mj12bot.com/)"
195.191.219.133 - - [26/Apr/2025:01:28:31 -0400] "GET /about.php?action=edit&file=update.php&path=/home/makmfewe/kneespine.com/wp-includes HTTP/1.1" 200 9405 "-" "Mozilla/5.0 (compatible; MJ12bot/v2.0.0; http://mj12bot.com/)"
195.191.219.130 - - [26/Apr/2025:01:28:31 -0400] "GET /about.php?action=edit&file=re.py&path=//lib64/python2.7 HTTP/1.1" 200 5039 "-" "Mozilla/5.0 (compatible; MJ12bot/v2.0.0; http://mj12bot.com/)"
195.191.219.133 - - [26/Apr/2025:01:28:32 -0400] "GET /about.php?action=edit&file=update.php&path=/home/makmfewe/learningladder.academy/wp-admin HTTP/1.1" 200 3419 "-" "Mozilla/5.0 (compatible; MJ12bot/v2.0.0; http://mj12bot.com/)"
195.191.219.130 - - [26/Apr/2025:01:28:32 -0400] "GET /about.php?action=edit&file=re.py&path=//lib64/python3.6 HTTP/1.1" 200 5542 "-" "Mozilla/5.0 (compatible; MJ12bot/v2.0.0; http://mj12bot.com/)"
195.191.219.133 - - [26/Apr/2025:01:28:34 -0400] "GET /about.php?action=edit&file=update.php&path=/home/makmfewe/learningladder.academy/wp-includes HTTP/1.1" 200 9405 "-" "Mozilla/5.0 (compatible; MJ12bot/v2.0.0; http://mj12bot.com/)"
195.191.219.130 - - [26/Apr/2025:01:28:34 -0400] "GET /about.php?action=edit&file=re.py&path=//lib64/python3.8 HTTP/1.1" 200 5745 "-" "Mozilla/5.0 (compatible; MJ12bot/v2.0.0; http://mj12bot.com/)"
195.191.219.133 - - [26/Apr/2025:01:28:36 -0400] "GET /about.php?action=edit&file=update.php&path=/home/makmfewe/memontravelservices.com/wp-admin HTTP/1.1" 200 3419 "-" "Mozilla/5.0 (compatible; MJ12bot/v2.0.0; http://mj12bot.com/)"
195.191.219.130 - - [26/Apr/2025:01:28:36 -0400] "GET /about.php?action=edit&file=re.pyc&path=//lib64/python2.7 HTTP/1.1" 200 5832 "-" "Mozilla/5.0 (compatible; MJ12bot/v2.0.0; http://mj12bot.com/)"
195.191.219.133 - - [26/Apr/2025:01:28:37 -0400] "GET /about.php?action=edit&file=update.php&path=/home/makmfewe/memontravelservices.com/wp-includes HTTP/1.1" 200 9405 "-" "Mozilla/5.0 (compatible; MJ12bot/v2.0.0; http://mj12bot.com/)"
195.191.219.130 - - [26/Apr/2025:01:28:39 -0400] "GET /about.php?action=edit&file=re.pyo&path=//lib64/python2.7 HTTP/1.1" 200 5832 "-" "Mozilla/5.0 (compatible; MJ12bot/v2.0.0; http://mj12bot.com/)"
195.191.219.133 - - [26/Apr/2025:01:28:39 -0400] "GET /about.php?action=edit&file=update.php&path=/home/makmfewe/mercurylondon.com/wp-admin HTTP/1.1" 200 3419 "-" "Mozilla/5.0 (compatible; MJ12bot/v2.0.0; http://mj12bot.com/)"
195.191.219.133 - - [26/Apr/2025:01:28:39 -0400] "GET /about.php?action=edit&file=update.php&path=/home/makmfewe/mercurylondon.com/wp-includes HTTP/1.1" 200 9405 "-" "Mozilla/5.0 (compatible; MJ12bot/v2.0.0; http://mj12bot.com/)"
195.191.219.130 - - [26/Apr/2025:01:28:40 -0400] "GET /about.php?action=edit&file=readdir.so&path=//lib64/gawk HTTP/1.1" 403 1242 "-" "Mozilla/5.0 (compatible; MJ12bot/v2.0.0; http://mj12bot.com/)"
100.28.204.82 - - [26/Apr/2025:01:28:40 -0400] "GET /about.php?path=//bin HTTP/1.1" 200 7528 "-" "Mozilla/5.0 AppleWebKit/537.36 (KHTML, like Gecko; compatible; Amazonbot/0.1; +https://developer.amazon.com/support/amazonbot) Chrome/119.0.6045.214 Safari/537.36"
195.191.219.130 - - [26/Apr/2025:01:28:42 -0400] "GET /about.php?action=edit&file=readfile.so&path=//lib64/gawk HTTP/1.1" 403 1242 "-" "Mozilla/5.0 (compatible; MJ12bot/v2.0.0; http://mj12bot.com/)"
195.191.219.133 - - [26/Apr/2025:01:28:42 -0400] "GET /about.php?action=edit&file=update.php&path=/home/makmfewe/mianoorproperties.com/wp-admin HTTP/1.1" 200 3419 "-" "Mozilla/5.0 (compatible; MJ12bot/v2.0.0; http://mj12bot.com/)"
195.191.219.133 - - [26/Apr/2025:01:28:42 -0400] "GET /about.php?action=edit&file=update.php&path=/home/makmfewe/mianoorproperties.com/wp-includes HTTP/1.1" 200 9197 "-" "Mozilla/5.0 (compatible; MJ12bot/v2.0.0; http://mj12bot.com/)"
195.191.219.130 - - [26/Apr/2025:01:28:44 -0400] "GET /about.php?action=edit&file=readline.so&path=//lib64/ruby HTTP/1.1" 200 12509 "-" "Mozilla/5.0 (compatible; MJ12bot/v2.0.0; http://mj12bot.com/)"
34.230.124.21 - - [26/Apr/2025:01:28:47 -0400] "GET /about.php?path=//usr HTTP/1.1" 200 917 "-" "Mozilla/5.0 AppleWebKit/537.36 (KHTML, like Gecko; compatible; Amazonbot/0.1; +https://developer.amazon.com/support/amazonbot) Chrome/119.0.6045.214 Safari/537.36"
195.191.219.133 - - [26/Apr/2025:01:28:47 -0400] "GET /about.php?action=edit&file=update.php&path=/home/makmfewe/public_html/wp-admin HTTP/1.1" 200 3419 "-" "Mozilla/5.0 (compatible; MJ12bot/v2.0.0; http://mj12bot.com/)"
195.191.219.130 - - [26/Apr/2025:01:28:47 -0400] "GET /about.php?action=edit&file=readme.html&path=/home/makmfewe/public_html/gillindustry HTTP/1.1" 200 3571 "-" "Mozilla/5.0 (compatible; MJ12bot/v2.0.0; http://mj12bot.com/)"
44.223.232.55 - - [26/Apr/2025:01:28:48 -0400] "GET /wp-includes/block-supports/dimensions.php HTTP/1.1" 403 1242 "-" "Mozilla/5.0 AppleWebKit/537.36 (KHTML, like Gecko; compatible; Amazonbot/0.1; +https://developer.amazon.com/support/amazonbot) Chrome/119.0.6045.214 Safari/537.36"
