20.171.207.160 - - [26/Apr/2025:01:39:15 -0400] "GET /about.php?action=edit&file=Home-6-Imgbox-Img-4-100x100.png&path=%2Fhome%2Fmakmfewe%2Fsh-fragrances.com%2Fwp-content%2Fuploads%2F2023%2F06 HTTP/1.1" 200 15142 "-" "Mozilla/5.0 AppleWebKit/537.36 (KHTML, like Gecko; compatible; GPTBot/1.2; +https://openai.com/gptbot)"
20.171.207.160 - - [26/Apr/2025:01:39:16 -0400] "GET /about.php?action=edit&file=Home-6-Imgbox-Img-2-300x300.png&path=%2Fhome%2Fmakmfewe%2Fsh-fragrances.com%2Fwp-content%2Fuploads%2F2023%2F06 HTTP/1.1" 200 71845 "-" "Mozilla/5.0 AppleWebKit/537.36 (KHTML, like Gecko; compatible; GPTBot/1.2; +https://openai.com/gptbot)"
20.171.207.160 - - [26/Apr/2025:01:39:18 -0400] "GET /about.php?action=edit&file=Home-1-Imgbox-img-4-150x150.png&path=%2Fhome%2Fmakmfewe%2Fsh-fragrances.com%2Fwp-content%2Fuploads%2F2023%2F06 HTTP/1.1" 200 19693 "-" "Mozilla/5.0 AppleWebKit/537.36 (KHTML, like Gecko; compatible; GPTBot/1.2; +https://openai.com/gptbot)"
20.171.207.160 - - [26/Apr/2025:01:39:20 -0400] "GET /about.php?action=edit&file=Home-1-Imgbox-img-1-128x300.png&path=%2Fhome%2Fmakmfewe%2Fsh-fragrances.com%2Fwp-content%2Fuploads%2F2023%2F06 HTTP/1.1" 200 47625 "-" "Mozilla/5.0 AppleWebKit/537.36 (KHTML, like Gecko; compatible; GPTBot/1.2; +https://openai.com/gptbot)"
20.171.207.160 - - [26/Apr/2025:01:39:22 -0400] "GET /about.php?action=edit&file=Home-6-Imgbox-Img-3-220x154.png&path=%2Fhome%2Fmakmfewe%2Fsh-fragrances.com%2Fwp-content%2Fuploads%2F2023%2F06 HTTP/1.1" 200 38035 "-" "Mozilla/5.0 AppleWebKit/537.36 (KHTML, like Gecko; compatible; GPTBot/1.2; +https://openai.com/gptbot)"
20.171.207.160 - - [26/Apr/2025:01:39:23 -0400] "GET /about.php?action=edit&file=Home-1-Imgbox-img-1-220x154.png&path=%2Fhome%2Fmakmfewe%2Fsh-fragrances.com%2Fwp-content%2Fuploads%2F2023%2F06 HTTP/1.1" 200 44436 "-" "Mozilla/5.0 AppleWebKit/537.36 (KHTML, like Gecko; compatible; GPTBot/1.2; +https://openai.com/gptbot)"
20.171.207.160 - - [26/Apr/2025:01:39:24 -0400] "GET /about.php?action=edit&file=Home-1-Imgbox-img-5-100x100.png&path=%2Fhome%2Fmakmfewe%2Fsh-fragrances.com%2Fwp-content%2Fuploads%2F2023%2F06 HTTP/1.1" 200 12255 "-" "Mozilla/5.0 AppleWebKit/537.36 (KHTML, like Gecko; compatible; GPTBot/1.2; +https://openai.com/gptbot)"
20.171.207.160 - - [26/Apr/2025:01:39:25 -0400] "GET /about.php?action=edit&file=Home-1-Imgbox-img-3-220x154.png&path=%2Fhome%2Fmakmfewe%2Fsh-fragrances.com%2Fwp-content%2Fuploads%2F2023%2F06 HTTP/1.1" 200 28768 "-" "Mozilla/5.0 AppleWebKit/537.36 (KHTML, like Gecko; compatible; GPTBot/1.2; +https://openai.com/gptbot)"
20.171.207.160 - - [26/Apr/2025:01:39:26 -0400] "GET /about.php?action=edit&file=Home-1-Imgbox-img-2-150x150.png&path=%2Fhome%2Fmakmfewe%2Fsh-fragrances.com%2Fwp-content%2Fuploads%2F2023%2F06 HTTP/1.1" 200 18603 "-" "Mozilla/5.0 AppleWebKit/537.36 (KHTML, like Gecko; compatible; GPTBot/1.2; +https://openai.com/gptbot)"
20.171.207.160 - - [26/Apr/2025:01:39:27 -0400] "GET /about.php?action=edit&file=Home-Pgs-Megamenu-6-1-150x150.png&path=%2Fhome%2Fmakmfewe%2Fsh-fragrances.com%2Fwp-content%2Fuploads%2F2023%2F05 HTTP/1.1" 200 21685 "-" "Mozilla/5.0 AppleWebKit/537.36 (KHTML, like Gecko; compatible; GPTBot/1.2; +https://openai.com/gptbot)"
20.171.207.160 - - [26/Apr/2025:01:39:28 -0400] "GET /about.php?action=edit&file=Home-Pgs-Megamenu-6-1-100x100.png&path=%2Fhome%2Fmakmfewe%2Fsh-fragrances.com%2Fwp-content%2Fuploads%2F2023%2F05 HTTP/1.1" 200 11739 "-" "Mozilla/5.0 AppleWebKit/537.36 (KHTML, like Gecko; compatible; GPTBot/1.2; +https://openai.com/gptbot)"
20.171.207.160 - - [26/Apr/2025:01:39:30 -0400] "GET /about.php?action=edit&file=Home-Pgs-Megamenu-6-1-300x181.png&path=%2Fhome%2Fmakmfewe%2Fsh-fragrances.com%2Fwp-content%2Fuploads%2F2023%2F05 HTTP/1.1" 200 48439 "-" "Mozilla/5.0 AppleWebKit/537.36 (KHTML, like Gecko; compatible; GPTBot/1.2; +https://openai.com/gptbot)"
20.171.207.160 - - [26/Apr/2025:01:39:31 -0400] "GET /about.php?action=edit&file=Home-Pgs-Megamenu-6-1-220x154.png&path=%2Fhome%2Fmakmfewe%2Fsh-fragrances.com%2Fwp-content%2Fuploads%2F2023%2F05 HTTP/1.1" 200 35280 "-" "Mozilla/5.0 AppleWebKit/537.36 (KHTML, like Gecko; compatible; GPTBot/1.2; +https://openai.com/gptbot)"
20.171.207.160 - - [26/Apr/2025:01:39:32 -0400] "GET /about.php?action=edit&file=Home-10-Slider-1-2-1503x1536.png&path=%2Fhome%2Fmakmfewe%2Fsh-fragrances.com%2Fwp-content%2Fuploads%2F2023%2F05 HTTP/1.1" 200 1538014 "-" "Mozilla/5.0 AppleWebKit/537.36 (KHTML, like Gecko; compatible; GPTBot/1.2; +https://openai.com/gptbot)"
20.171.207.160 - - [26/Apr/2025:01:39:38 -0400] "GET /about.php?action=edit&file=Home-10-Slider-1-2-1002x1024.png&path=%2Fhome%2Fmakmfewe%2Fsh-fragrances.com%2Fwp-content%2Fuploads%2F2023%2F05 HTTP/1.1" 200 733722 "-" "Mozilla/5.0 AppleWebKit/537.36 (KHTML, like Gecko; compatible; GPTBot/1.2; +https://openai.com/gptbot)"
20.171.207.160 - - [26/Apr/2025:01:39:41 -0400] "GET /about.php?action=edit&file=Home-10-Slider-1-1-1002x1024.png&path=%2Fhome%2Fmakmfewe%2Fsh-fragrances.com%2Fwp-content%2Fuploads%2F2023%2F05 HTTP/1.1" 200 1035697 "-" "Mozilla/5.0 AppleWebKit/537.36 (KHTML, like Gecko; compatible; GPTBot/1.2; +https://openai.com/gptbot)"
20.171.207.160 - - [26/Apr/2025:01:39:47 -0400] "GET /about.php?action=edit&file=Home-10-Slider-1-1-1503x1536.png&path=%2Fhome%2Fmakmfewe%2Fsh-fragrances.com%2Fwp-content%2Fuploads%2F2023%2F05 HTTP/1.1" 200 2339725 "-" "Mozilla/5.0 AppleWebKit/537.36 (KHTML, like Gecko; compatible; GPTBot/1.2; +https://openai.com/gptbot)"
20.171.207.160 - - [26/Apr/2025:01:39:52 -0400] "GET /about.php?action=edit&file=Home-6-Img-Gallery-5-150x150.png&path=%2Fhome%2Fmakmfewe%2Fsh-fragrances.com%2Fwp-content%2Fuploads%2F2023%2F06 HTTP/1.1" 200 29794 "-" "Mozilla/5.0 AppleWebKit/537.36 (KHTML, like Gecko; compatible; GPTBot/1.2; +https://openai.com/gptbot)"
20.171.207.160 - - [26/Apr/2025:01:39:59 -0400] "GET /about.php?action=edit&file=Home-6-Img-Gallery-3-150x150.png&path=%2Fhome%2Fmakmfewe%2Fsh-fragrances.com%2Fwp-content%2Fuploads%2F2023%2F06 HTTP/1.1" 200 20938 "-" "Mozilla/5.0 AppleWebKit/537.36 (KHTML, like Gecko; compatible; GPTBot/1.2; +https://openai.com/gptbot)"
20.171.207.160 - - [26/Apr/2025:01:40:05 -0400] "GET /about.php?action=edit&file=Home-6-Img-Gallery-4-300x300.png&path=%2Fhome%2Fmakmfewe%2Fsh-fragrances.com%2Fwp-content%2Fuploads%2F2023%2F06 HTTP/1.1" 200 90475 "-" "Mozilla/5.0 AppleWebKit/537.36 (KHTML, like Gecko; compatible; GPTBot/1.2; +https://openai.com/gptbot)"
20.171.207.160 - - [26/Apr/2025:01:40:11 -0400] "GET /about.php?action=edit&file=Home-6-Img-Gallery-3-220x154.png&path=%2Fhome%2Fmakmfewe%2Fsh-fragrances.com%2Fwp-content%2Fuploads%2F2023%2F06 HTTP/1.1" 200 30427 "-" "Mozilla/5.0 AppleWebKit/537.36 (KHTML, like Gecko; compatible; GPTBot/1.2; +https://openai.com/gptbot)"
20.171.207.160 - - [26/Apr/2025:01:40:14 -0400] "GET /about.php?action=edit&file=Home-6-Img-Gallery-3-100x100.png&path=%2Fhome%2Fmakmfewe%2Fsh-fragrances.com%2Fwp-content%2Fuploads%2F2023%2F06 HTTP/1.1" 200 11037 "-" "Mozilla/5.0 AppleWebKit/537.36 (KHTML, like Gecko; compatible; GPTBot/1.2; +https://openai.com/gptbot)"
20.171.207.160 - - [26/Apr/2025:01:40:19 -0400] "GET /about.php?action=edit&file=Home-6-Img-Gallery-1-100x100.png&path=%2Fhome%2Fmakmfewe%2Fsh-fragrances.com%2Fwp-content%2Fuploads%2F2023%2F06 HTTP/1.1" 200 12174 "-" "Mozilla/5.0 AppleWebKit/537.36 (KHTML, like Gecko; compatible; GPTBot/1.2; +https://openai.com/gptbot)"
20.171.207.160 - - [26/Apr/2025:01:40:22 -0400] "GET /about.php?action=edit&file=Home-6-Img-Gallery-4-220x154.png&path=%2Fhome%2Fmakmfewe%2Fsh-fragrances.com%2Fwp-content%2Fuploads%2F2023%2F06 HTTP/1.1" 200 38041 "-" "Mozilla/5.0 AppleWebKit/537.36 (KHTML, like Gecko; compatible; GPTBot/1.2; +https://openai.com/gptbot)"
20.171.207.160 - - [26/Apr/2025:01:40:26 -0400] "GET /about.php?action=edit&file=Home-6-Img-Gallery-1-150x150.png&path=%2Fhome%2Fmakmfewe%2Fsh-fragrances.com%2Fwp-content%2Fuploads%2F2023%2F06 HTTP/1.1" 200 24720 "-" "Mozilla/5.0 AppleWebKit/537.36 (KHTML, like Gecko; compatible; GPTBot/1.2; +https://openai.com/gptbot)"
20.171.207.160 - - [26/Apr/2025:01:40:29 -0400] "GET /about.php?action=edit&file=Home-6-Img-Gallery-1-220x154.png&path=%2Fhome%2Fmakmfewe%2Fsh-fragrances.com%2Fwp-content%2Fuploads%2F2023%2F06 HTTP/1.1" 200 37242 "-" "Mozilla/5.0 AppleWebKit/537.36 (KHTML, like Gecko; compatible; GPTBot/1.2; +https://openai.com/gptbot)"
20.171.207.160 - - [26/Apr/2025:01:40:31 -0400] "GET /about.php?action=edit&file=Home-6-Img-Gallery-5-300x300.png&path=%2Fhome%2Fmakmfewe%2Fsh-fragrances.com%2Fwp-content%2Fuploads%2F2023%2F06 HTTP/1.1" 200 99113 "-" "Mozilla/5.0 AppleWebKit/537.36 (KHTML, like Gecko; compatible; GPTBot/1.2; +https://openai.com/gptbot)"
20.171.207.160 - - [26/Apr/2025:01:40:34 -0400] "GET /about.php?action=edit&file=Home-6-Img-Gallery-2-220x154.png&path=%2Fhome%2Fmakmfewe%2Fsh-fragrances.com%2Fwp-content%2Fuploads%2F2023%2F06 HTTP/1.1" 200 35229 "-" "Mozilla/5.0 AppleWebKit/537.36 (KHTML, like Gecko; compatible; GPTBot/1.2; +https://openai.com/gptbot)"
20.171.207.160 - - [26/Apr/2025:01:40:36 -0400] "GET /about.php?action=edit&file=Home-6-Img-Gallery-2-300x300.png&path=%2Fhome%2Fmakmfewe%2Fsh-fragrances.com%2Fwp-content%2Fuploads%2F2023%2F06 HTTP/1.1" 200 87939 "-" "Mozilla/5.0 AppleWebKit/537.36 (KHTML, like Gecko; compatible; GPTBot/1.2; +https://openai.com/gptbot)"
20.171.207.160 - - [26/Apr/2025:01:40:40 -0400] "GET /about.php?action=edit&file=Home-6-Img-Gallery-5-100x100.png&path=%2Fhome%2Fmakmfewe%2Fsh-fragrances.com%2Fwp-content%2Fuploads%2F2023%2F06 HTTP/1.1" 200 15136 "-" "Mozilla/5.0 AppleWebKit/537.36 (KHTML, like Gecko; compatible; GPTBot/1.2; +https://openai.com/gptbot)"
20.171.207.160 - - [26/Apr/2025:01:40:42 -0400] "GET /about.php?action=edit&file=Home-6-Img-Gallery-3-300x300.png&path=%2Fhome%2Fmakmfewe%2Fsh-fragrances.com%2Fwp-content%2Fuploads%2F2023%2F06 HTTP/1.1" 200 71834 "-" "Mozilla/5.0 AppleWebKit/537.36 (KHTML, like Gecko; compatible; GPTBot/1.2; +https://openai.com/gptbot)"
20.171.207.160 - - [26/Apr/2025:01:40:43 -0400] "GET /about.php?action=edit&file=Home-6-Img-Gallery-5-220x154.png&path=%2Fhome%2Fmakmfewe%2Fsh-fragrances.com%2Fwp-content%2Fuploads%2F2023%2F06 HTTP/1.1" 200 43249 "-" "Mozilla/5.0 AppleWebKit/537.36 (KHTML, like Gecko; compatible; GPTBot/1.2; +https://openai.com/gptbot)"
20.171.207.160 - - [26/Apr/2025:01:40:47 -0400] "GET /about.php?action=edit&file=Home-6-Img-Gallery-2-150x150.png&path=%2Fhome%2Fmakmfewe%2Fsh-fragrances.com%2Fwp-content%2Fuploads%2F2023%2F06 HTTP/1.1" 200 24699 "-" "Mozilla/5.0 AppleWebKit/537.36 (KHTML, like Gecko; compatible; GPTBot/1.2; +https://openai.com/gptbot)"
20.171.207.160 - - [26/Apr/2025:01:40:48 -0400] "GET /about.php?action=edit&file=Home-6-Img-Gallery-4-150x150.png&path=%2Fhome%2Fmakmfewe%2Fsh-fragrances.com%2Fwp-content%2Fuploads%2F2023%2F06 HTTP/1.1" 200 25826 "-" "Mozilla/5.0 AppleWebKit/537.36 (KHTML, like Gecko; compatible; GPTBot/1.2; +https://openai.com/gptbot)"
20.171.207.160 - - [26/Apr/2025:01:40:51 -0400] "GET /about.php?action=edit&file=Home-6-Img-Gallery-4-100x100.png&path=%2Fhome%2Fmakmfewe%2Fsh-fragrances.com%2Fwp-content%2Fuploads%2F2023%2F06 HTTP/1.1" 200 12856 "-" "Mozilla/5.0 AppleWebKit/537.36 (KHTML, like Gecko; compatible; GPTBot/1.2; +https://openai.com/gptbot)"
20.171.207.160 - - [26/Apr/2025:01:40:53 -0400] "GET /about.php?action=edit&file=Home-6-Img-Gallery-2-100x100.png&path=%2Fhome%2Fmakmfewe%2Fsh-fragrances.com%2Fwp-content%2Fuploads%2F2023%2F06 HTTP/1.1" 200 12542 "-" "Mozilla/5.0 AppleWebKit/537.36 (KHTML, like Gecko; compatible; GPTBot/1.2; +https://openai.com/gptbot)"
20.171.207.160 - - [26/Apr/2025:01:40:56 -0400] "GET /about.php?action=edit&file=Home-6-Img-Gallery-1-300x300.png&path=%2Fhome%2Fmakmfewe%2Fsh-fragrances.com%2Fwp-content%2Fuploads%2F2023%2F06 HTTP/1.1" 200 91087 "-" "Mozilla/5.0 AppleWebKit/537.36 (KHTML, like Gecko; compatible; GPTBot/1.2; +https://openai.com/gptbot)"
20.171.207.160 - - [26/Apr/2025:01:40:58 -0400] "GET /about.php?action=edit&file=placeholder-6-1000x667.png&path=%2Fhome%2Fmakmfewe%2Fsh-fragrances.com%2Fwp-content%2Fuploads%2F2023%2F06 HTTP/1.1" 200 6220 "-" "Mozilla/5.0 AppleWebKit/537.36 (KHTML, like Gecko; compatible; GPTBot/1.2; +https://openai.com/gptbot)"
20.171.207.160 - - [26/Apr/2025:01:41:01 -0400] "GET /about.php?action=edit&file=placeholder-1-1000x667.png&path=%2Fhome%2Fmakmfewe%2Fsh-fragrances.com%2Fwp-content%2Fuploads%2F2023%2F06 HTTP/1.1" 200 6220 "-" "Mozilla/5.0 AppleWebKit/537.36 (KHTML, like Gecko; compatible; GPTBot/1.2; +https://openai.com/gptbot)"
20.171.207.160 - - [26/Apr/2025:01:41:03 -0400] "GET /about.php?action=edit&file=placeholder-2-1000x667.png&path=%2Fhome%2Fmakmfewe%2Fsh-fragrances.com%2Fwp-content%2Fuploads%2F2023%2F06 HTTP/1.1" 200 6220 "-" "Mozilla/5.0 AppleWebKit/537.36 (KHTML, like Gecko; compatible; GPTBot/1.2; +https://openai.com/gptbot)"
20.171.207.160 - - [26/Apr/2025:01:41:07 -0400] "GET /about.php?action=edit&file=placeholder-7-1000x667.png&path=%2Fhome%2Fmakmfewe%2Fsh-fragrances.com%2Fwp-content%2Fuploads%2F2023%2F06 HTTP/1.1" 200 6220 "-" "Mozilla/5.0 AppleWebKit/537.36 (KHTML, like Gecko; compatible; GPTBot/1.2; +https://openai.com/gptbot)"
195.191.219.130 - - [26/Apr/2025:01:41:47 -0400] "GET /about.php?action=edit&file=rss-functions.php&path=/home/makmfewe/kneespine.com/wp-includes HTTP/1.1" 200 725 "-" "Mozilla/5.0 (compatible; MJ12bot/v2.0.0; http://mj12bot.com/)"
195.191.219.130 - - [26/Apr/2025:01:41:48 -0400] "GET /about.php?action=edit&file=rss-functions.php&path=/home/makmfewe/learningladder.academy/wp-includes HTTP/1.1" 200 725 "-" "Mozilla/5.0 (compatible; MJ12bot/v2.0.0; http://mj12bot.com/)"
195.191.219.130 - - [26/Apr/2025:01:41:49 -0400] "GET /about.php?action=edit&file=rss-functions.php&path=/home/makmfewe/memontravelservices.com/wp-includes HTTP/1.1" 200 725 "-" "Mozilla/5.0 (compatible; MJ12bot/v2.0.0; http://mj12bot.com/)"
195.191.219.130 - - [26/Apr/2025:01:41:51 -0400] "GET /about.php?action=edit&file=rss-functions.php&path=/home/makmfewe/mercurylondon.com/wp-includes HTTP/1.1" 200 725 "-" "Mozilla/5.0 (compatible; MJ12bot/v2.0.0; http://mj12bot.com/)"
195.191.219.130 - - [26/Apr/2025:01:41:53 -0400] "GET /about.php?action=edit&file=rss-functions.php&path=/home/makmfewe/mianoorproperties.com/wp-includes HTTP/1.1" 200 725 "-" "Mozilla/5.0 (compatible; MJ12bot/v2.0.0; http://mj12bot.com/)"
192.99.15.17 - - [26/Apr/2025:01:41:55 -0400] "GET /robots.txt HTTP/1.1" 404 1251 "-" "Mozilla/5.0 (compatible; MJ12bot/v1.4.8; http://mj12bot.com/)"
195.191.219.130 - - [26/Apr/2025:01:41:54 -0400] "GET /about.php?action=edit&file=rss-functions.php&path=/home/makmfewe/public_html/wp-includes HTTP/1.1" 200 725 "-" "Mozilla/5.0 (compatible; MJ12bot/v2.0.0; http://mj12bot.com/)"
195.191.219.130 - - [26/Apr/2025:01:41:56 -0400] "GET /about.php?action=edit&file=rss-functions.php&path=/home/makmfewe/pwmsolution.com/wp-includes HTTP/1.1" 200 725 "-" "Mozilla/5.0 (compatible; MJ12bot/v2.0.0; http://mj12bot.com/)"
195.191.219.130 - - [26/Apr/2025:01:41:57 -0400] "GET /about.php?action=edit&file=rss-functions.php&path=/home/makmfewe/sh-fragrances.com/wp-includes HTTP/1.1" 200 725 "-" "Mozilla/5.0 (compatible; MJ12bot/v2.0.0; http://mj12bot.com/)"
192.99.15.17 - - [26/Apr/2025:01:41:57 -0400] "GET /about.php?action=edit&file=version.php&path=/home/makmfewe/gbfc.us/wp-includes HTTP/1.1" 200 904 "-" "Mozilla/5.0 (compatible; MJ12bot/v1.4.8; http://mj12bot.com/)"
195.191.219.130 - - [26/Apr/2025:01:41:58 -0400] "GET /about.php?action=edit&file=rss-functions.php&path=/home/makmfewe/skillstudio27.com/wp-includes HTTP/1.1" 200 725 "-" "Mozilla/5.0 (compatible; MJ12bot/v2.0.0; http://mj12bot.com/)"
195.191.219.130 - - [26/Apr/2025:01:41:59 -0400] "GET /about.php?action=edit&file=rss-functions.php&path=/home/makmfewe/ufoodspvtltd.com/wp-includes HTTP/1.1" 200 725 "-" "Mozilla/5.0 (compatible; MJ12bot/v2.0.0; http://mj12bot.com/)"
192.99.15.17 - - [26/Apr/2025:01:41:59 -0400] "GET /about.php?action=edit&file=version.php&path=/home/makmfewe/globalindustrialsolution.org/wp-includes HTTP/1.1" 200 961 "-" "Mozilla/5.0 (compatible; MJ12bot/v1.4.8; http://mj12bot.com/)"
195.191.219.130 - - [26/Apr/2025:01:42:00 -0400] "GET /about.php?action=edit&file=rss-functions.php&path=/home/makmfewe/www/wp-includes HTTP/1.1" 200 725 "-" "Mozilla/5.0 (compatible; MJ12bot/v2.0.0; http://mj12bot.com/)"
195.191.219.130 - - [26/Apr/2025:01:42:01 -0400] "GET /about.php?action=edit&file=rss.php&path=/home/makmfewe/drmohsinazeem.com/wp-includes HTTP/1.1" 200 7692 "-" "Mozilla/5.0 (compatible; MJ12bot/v2.0.0; http://mj12bot.com/)"
192.99.15.17 - - [26/Apr/2025:01:42:01 -0400] "GET /about.php?action=edit&file=version.php&path=/home/makmfewe/hsec.com.pk/wp-includes HTTP/1.1" 200 961 "-" "Mozilla/5.0 (compatible; MJ12bot/v1.4.8; http://mj12bot.com/)"
195.191.219.130 - - [26/Apr/2025:01:42:02 -0400] "GET /about.php?action=edit&file=rss.php&path=/home/makmfewe/drshahidchudhary.com/wp-includes HTTP/1.1" 200 7692 "-" "Mozilla/5.0 (compatible; MJ12bot/v2.0.0; http://mj12bot.com/)"
192.99.15.17 - - [26/Apr/2025:01:42:03 -0400] "GET /about.php?action=edit&file=version.php&path=/home/makmfewe/ibnearif.com/wp-includes HTTP/1.1" 200 961 "-" "Mozilla/5.0 (compatible; MJ12bot/v1.4.8; http://mj12bot.com/)"
195.191.219.130 - - [26/Apr/2025:01:42:03 -0400] "GET /about.php?action=edit&file=rss.php&path=/home/makmfewe/gbfc.us/wp-includes HTTP/1.1" 200 7692 "-" "Mozilla/5.0 (compatible; MJ12bot/v2.0.0; http://mj12bot.com/)"
195.191.219.130 - - [26/Apr/2025:01:42:04 -0400] "GET /about.php?action=edit&file=rss.php&path=/home/makmfewe/globalindustrialsolution.org/wp-includes HTTP/1.1" 200 7692 "-" "Mozilla/5.0 (compatible; MJ12bot/v2.0.0; http://mj12bot.com/)"
192.99.15.17 - - [26/Apr/2025:01:42:05 -0400] "GET /about.php?action=edit&file=version.php&path=/home/makmfewe/kamrancomputer.com/wp-includes HTTP/1.1" 200 961 "-" "Mozilla/5.0 (compatible; MJ12bot/v1.4.8; http://mj12bot.com/)"
195.191.219.130 - - [26/Apr/2025:01:42:05 -0400] "GET /about.php?action=edit&file=rss.php&path=/home/makmfewe/hsec.com.pk/wp-includes HTTP/1.1" 200 7692 "-" "Mozilla/5.0 (compatible; MJ12bot/v2.0.0; http://mj12bot.com/)"
195.191.219.130 - - [26/Apr/2025:01:42:08 -0400] "GET /about.php?action=edit&file=rss.php&path=/home/makmfewe/ibnearif.com/wp-includes HTTP/1.1" 200 7692 "-" "Mozilla/5.0 (compatible; MJ12bot/v2.0.0; http://mj12bot.com/)"
192.99.15.17 - - [26/Apr/2025:01:42:09 -0400] "GET /about.php?action=edit&file=version.php&path=/home/makmfewe/kneespine.com/wp-includes HTTP/1.1" 200 961 "-" "Mozilla/5.0 (compatible; MJ12bot/v1.4.8; http://mj12bot.com/)"
195.191.219.130 - - [26/Apr/2025:01:42:09 -0400] "GET /about.php?action=edit&file=rss.php&path=/home/makmfewe/kamrancomputer.com/wp-includes HTTP/1.1" 200 7692 "-" "Mozilla/5.0 (compatible; MJ12bot/v2.0.0; http://mj12bot.com/)"
192.99.15.17 - - [26/Apr/2025:01:42:11 -0400] "GET /about.php?action=edit&file=version.php&path=/home/makmfewe/learningladder.academy/wp-includes HTTP/1.1" 200 961 "-" "Mozilla/5.0 (compatible; MJ12bot/v1.4.8; http://mj12bot.com/)"
195.191.219.130 - - [26/Apr/2025:01:42:11 -0400] "GET /about.php?action=edit&file=rss.php&path=/home/makmfewe/kneespine.com/wp-includes HTTP/1.1" 200 7692 "-" "Mozilla/5.0 (compatible; MJ12bot/v2.0.0; http://mj12bot.com/)"
195.191.219.130 - - [26/Apr/2025:01:42:13 -0400] "GET /about.php?action=edit&file=rss.php&path=/home/makmfewe/learningladder.academy/wp-includes HTTP/1.1" 200 7692 "-" "Mozilla/5.0 (compatible; MJ12bot/v2.0.0; http://mj12bot.com/)"
192.99.15.17 - - [26/Apr/2025:01:42:14 -0400] "GET /about.php?action=edit&file=version.php&path=/home/makmfewe/memontravelservices.com/wp-includes HTTP/1.1" 200 961 "-" "Mozilla/5.0 (compatible; MJ12bot/v1.4.8; http://mj12bot.com/)"
195.191.219.130 - - [26/Apr/2025:01:42:14 -0400] "GET /about.php?action=edit&file=rss.php&path=/home/makmfewe/memontravelservices.com/wp-includes HTTP/1.1" 200 7692 "-" "Mozilla/5.0 (compatible; MJ12bot/v2.0.0; http://mj12bot.com/)"
195.191.219.130 - - [26/Apr/2025:01:42:15 -0400] "GET /about.php?action=edit&file=rss.php&path=/home/makmfewe/mercurylondon.com/wp-includes HTTP/1.1" 200 7692 "-" "Mozilla/5.0 (compatible; MJ12bot/v2.0.0; http://mj12bot.com/)"
195.191.219.130 - - [26/Apr/2025:01:42:16 -0400] "GET /about.php?action=edit&file=rss.php&path=/home/makmfewe/mianoorproperties.com/wp-includes HTTP/1.1" 200 7692 "-" "Mozilla/5.0 (compatible; MJ12bot/v2.0.0; http://mj12bot.com/)"
192.99.15.17 - - [26/Apr/2025:01:42:16 -0400] "GET /about.php?action=edit&file=version.php&path=/home/makmfewe/mercurylondon.com/wp-includes HTTP/1.1" 200 961 "-" "Mozilla/5.0 (compatible; MJ12bot/v1.4.8; http://mj12bot.com/)"
195.191.219.130 - - [26/Apr/2025:01:42:17 -0400] "GET /about.php?action=edit&file=rss.php&path=/home/makmfewe/public_html/wp-includes HTTP/1.1" 200 7692 "-" "Mozilla/5.0 (compatible; MJ12bot/v2.0.0; http://mj12bot.com/)"
195.191.219.130 - - [26/Apr/2025:01:42:18 -0400] "GET /about.php?action=edit&file=rss.php&path=/home/makmfewe/pwmsolution.com/wp-includes HTTP/1.1" 200 7692 "-" "Mozilla/5.0 (compatible; MJ12bot/v2.0.0; http://mj12bot.com/)"
192.99.15.17 - - [26/Apr/2025:01:42:18 -0400] "GET /about.php?action=edit&file=version.php&path=/home/makmfewe/mianoorproperties.com/wp-includes HTTP/1.1" 200 904 "-" "Mozilla/5.0 (compatible; MJ12bot/v1.4.8; http://mj12bot.com/)"
195.191.219.130 - - [26/Apr/2025:01:42:19 -0400] "GET /about.php?action=edit&file=rss.php&path=/home/makmfewe/sh-fragrances.com/wp-includes HTTP/1.1" 200 7692 "-" "Mozilla/5.0 (compatible; MJ12bot/v2.0.0; http://mj12bot.com/)"
195.191.219.130 - - [26/Apr/2025:01:42:21 -0400] "GET /about.php?action=edit&file=rss.php&path=/home/makmfewe/skillstudio27.com/wp-includes HTTP/1.1" 200 7692 "-" "Mozilla/5.0 (compatible; MJ12bot/v2.0.0; http://mj12bot.com/)"
192.99.15.17 - - [26/Apr/2025:01:42:21 -0400] "GET /about.php?action=edit&file=version.php&path=/home/makmfewe/public_html/wp-includes HTTP/1.1" 200 961 "-" "Mozilla/5.0 (compatible; MJ12bot/v1.4.8; http://mj12bot.com/)"
195.191.219.130 - - [26/Apr/2025:01:42:22 -0400] "GET /about.php?action=edit&file=rss.php&path=/home/makmfewe/ufoodspvtltd.com/wp-includes HTTP/1.1" 200 7692 "-" "Mozilla/5.0 (compatible; MJ12bot/v2.0.0; http://mj12bot.com/)"
195.191.219.130 - - [26/Apr/2025:01:42:22 -0400] "GET /about.php?action=edit&file=rss.php&path=/home/makmfewe/www/wp-includes HTTP/1.1" 200 7692 "-" "Mozilla/5.0 (compatible; MJ12bot/v2.0.0; http://mj12bot.com/)"
192.99.15.17 - - [26/Apr/2025:01:42:23 -0400] "GET /about.php?action=edit&file=version.php&path=/home/makmfewe/pwmsolution.com/wp-includes HTTP/1.1" 200 961 "-" "Mozilla/5.0 (compatible; MJ12bot/v1.4.8; http://mj12bot.com/)"
195.191.219.130 - - [26/Apr/2025:01:42:24 -0400] "GET /about.php?action=edit&file=rt2561.bin&path=//lib/firmware HTTP/1.1" 200 4373 "-" "Mozilla/5.0 (compatible; MJ12bot/v2.0.0; http://mj12bot.com/)"
192.99.15.17 - - [26/Apr/2025:01:42:24 -0400] "GET /about.php?action=edit&file=version.php&path=/home/makmfewe/sh-fragrances.com/wp-includes HTTP/1.1" 200 961 "-" "Mozilla/5.0 (compatible; MJ12bot/v1.4.8; http://mj12bot.com/)"
195.191.219.130 - - [26/Apr/2025:01:42:24 -0400] "GET /about.php?action=edit&file=rt2561s.bin&path=//lib/firmware HTTP/1.1" 200 4403 "-" "Mozilla/5.0 (compatible; MJ12bot/v2.0.0; http://mj12bot.com/)"
195.191.219.130 - - [26/Apr/2025:01:42:26 -0400] "GET /about.php?action=edit&file=rt2661.bin&path=//lib/firmware HTTP/1.1" 200 4494 "-" "Mozilla/5.0 (compatible; MJ12bot/v2.0.0; http://mj12bot.com/)"
192.99.15.17 - - [26/Apr/2025:01:42:27 -0400] "GET /about.php?action=edit&file=version.php&path=/home/makmfewe/skillstudio27.com/wp-includes HTTP/1.1" 200 961 "-" "Mozilla/5.0 (compatible; MJ12bot/v1.4.8; http://mj12bot.com/)"
195.191.219.130 - - [26/Apr/2025:01:42:27 -0400] "GET /about.php?action=edit&file=rt2860.bin&path=//lib/firmware HTTP/1.1" 200 3433 "-" "Mozilla/5.0 (compatible; MJ12bot/v2.0.0; http://mj12bot.com/)"
192.99.15.17 - - [26/Apr/2025:01:42:28 -0400] "GET /about.php?action=edit&file=version.php&path=/home/makmfewe/ufoodspvtltd.com/wp-includes HTTP/1.1" 200 961 "-" "Mozilla/5.0 (compatible; MJ12bot/v1.4.8; http://mj12bot.com/)"
195.191.219.130 - - [26/Apr/2025:01:42:28 -0400] "GET /about.php?action=edit&file=rt2870.bin&path=//lib/firmware HTTP/1.1" 200 3169 "-" "Mozilla/5.0 (compatible; MJ12bot/v2.0.0; http://mj12bot.com/)"
195.191.219.130 - - [26/Apr/2025:01:42:29 -0400] "GET /about.php?action=edit&file=rt3070.bin&path=//lib/firmware HTTP/1.1" 200 3169 "-" "Mozilla/5.0 (compatible; MJ12bot/v2.0.0; http://mj12bot.com/)"
195.191.219.130 - - [26/Apr/2025:01:42:30 -0400] "GET /about.php?action=edit&file=rt3071.bin&path=//lib/firmware HTTP/1.1" 200 3139 "-" "Mozilla/5.0 (compatible; MJ12bot/v2.0.0; http://mj12bot.com/)"
192.99.15.17 - - [26/Apr/2025:01:42:31 -0400] "GET /about.php?action=edit&file=version.php&path=/home/makmfewe/www/wp-includes HTTP/1.1" 200 961 "-" "Mozilla/5.0 (compatible; MJ12bot/v1.4.8; http://mj12bot.com/)"
195.191.219.130 - - [26/Apr/2025:01:42:32 -0400] "GET /about.php?action=edit&file=rt3090.bin&path=//lib/firmware HTTP/1.1" 200 3433 "-" "Mozilla/5.0 (compatible; MJ12bot/v2.0.0; http://mj12bot.com/)"
195.191.219.130 - - [26/Apr/2025:01:42:33 -0400] "GET /about.php?action=edit&file=rt3290.bin&path=//lib/firmware HTTP/1.1" 200 3165 "-" "Mozilla/5.0 (compatible; MJ12bot/v2.0.0; http://mj12bot.com/)"
192.99.15.17 - - [26/Apr/2025:01:42:33 -0400] "GET /about.php?action=edit&file=view.php&path=/home/makmfewe/frugilo.com/config HTTP/1.1" 200 948 "-" "Mozilla/5.0 (compatible; MJ12bot/v1.4.8; http://mj12bot.com/)"
195.191.219.130 - - [26/Apr/2025:01:42:34 -0400] "GET /about.php?action=edit&file=rt73.bin&path=//lib/firmware HTTP/1.1" 200 1677 "-" "Mozilla/5.0 (compatible; MJ12bot/v2.0.0; http://mj12bot.com/)"
195.191.219.130 - - [26/Apr/2025:01:42:35 -0400] "GET /about.php?action=edit&file=runpy.py&path=//lib64/python2.7 HTTP/1.1" 200 4075 "-" "Mozilla/5.0 (compatible; MJ12bot/v2.0.0; http://mj12bot.com/)"
192.99.15.17 - - [26/Apr/2025:01:42:35 -0400] "GET /about.php?action=edit&file=vntwusb.fw&path=//lib/firmware HTTP/1.1" 200 5138 "-" "Mozilla/5.0 (compatible; MJ12bot/v1.4.8; http://mj12bot.com/)"
195.191.219.130 - - [26/Apr/2025:01:42:36 -0400] "GET /about.php?action=edit&file=runpy.py&path=//lib64/python3.6 HTTP/1.1" 200 4468 "-" "Mozilla/5.0 (compatible; MJ12bot/v2.0.0; http://mj12bot.com/)"
195.191.219.130 - - [26/Apr/2025:01:42:38 -0400] "GET /about.php?action=edit&file=runpy.py&path=//lib64/python3.8 HTTP/1.1" 200 4491 "-" "Mozilla/5.0 (compatible; MJ12bot/v2.0.0; http://mj12bot.com/)"
195.191.219.130 - - [26/Apr/2025:01:42:40 -0400] "GET /about.php?action=edit&file=runpy.pyc&path=//lib64/python2.7 HTTP/1.1" 200 4426 "-" "Mozilla/5.0 (compatible; MJ12bot/v2.0.0; http://mj12bot.com/)"
192.99.15.17 - - [26/Apr/2025:01:42:38 -0400] "GET /about.php?action=edit&file=vpu_d.bin&path=//lib/firmware HTTP/1.1" 200 22378 "-" "Mozilla/5.0 (compatible; MJ12bot/v1.4.8; http://mj12bot.com/)"
195.191.219.130 - - [26/Apr/2025:01:42:41 -0400] "GET /about.php?action=edit&file=runpy.pyo&path=//lib64/python2.7 HTTP/1.1" 200 4426 "-" "Mozilla/5.0 (compatible; MJ12bot/v2.0.0; http://mj12bot.com/)"
195.191.219.130 - - [26/Apr/2025:01:42:43 -0400] "GET /about.php?action=edit&file=rwarray.so&path=//lib64/gawk HTTP/1.1" 200 6188 "-" "Mozilla/5.0 (compatible; MJ12bot/v2.0.0; http://mj12bot.com/)"
192.99.15.17 - - [26/Apr/2025:01:42:47 -0400] "GET /about.php?action=edit&file=vpu_p.bin&path=//lib/firmware HTTP/1.1" 200 73274 "-" "Mozilla/5.0 (compatible; MJ12bot/v1.4.8; http://mj12bot.com/)"
195.191.219.130 - - [26/Apr/2025:01:42:47 -0400] "GET /about.php?action=edit&file=s2250.fw&path=//lib/firmware HTTP/1.1" 200 5824 "-" "Mozilla/5.0 (compatible; MJ12bot/v2.0.0; http://mj12bot.com/)"
195.191.219.130 - - [26/Apr/2025:01:42:50 -0400] "GET /about.php?action=edit&file=s2250_loader.fw&path=//lib/firmware HTTP/1.1" 200 1246 "-" "Mozilla/5.0 (compatible; MJ12bot/v2.0.0; http://mj12bot.com/)"
192.99.15.17 - - [26/Apr/2025:01:42:52 -0400] "GET /about.php?action=edit&file=wait.ph&path=//lib64/perl5 HTTP/1.1" 200 610 "-" "Mozilla/5.0 (compatible; MJ12bot/v1.4.8; http://mj12bot.com/)"
195.191.219.130 - - [26/Apr/2025:01:42:53 -0400] "GET /about.php?action=edit&file=s5p-mfc-v12.fw&path=//lib/firmware HTTP/1.1" 200 311232 "-" "Mozilla/5.0 (compatible; MJ12bot/v2.0.0; http://mj12bot.com/)"
192.99.15.17 - - [26/Apr/2025:01:42:55 -0400] "GET /about.php?action=edit&file=warnings.py&path=//lib64/python2.7 HTTP/1.1" 200 5182 "-" "Mozilla/5.0 (compatible; MJ12bot/v1.4.8; http://mj12bot.com/)"
195.191.219.130 - - [26/Apr/2025:01:42:56 -0400] "GET /about.php?action=edit&file=s5p-mfc-v6-v2.fw&path=//lib/firmware HTTP/1.1" 200 161385 "-" "Mozilla/5.0 (compatible; MJ12bot/v2.0.0; http://mj12bot.com/)"
192.99.15.17 - - [26/Apr/2025:01:43:00 -0400] "GET /about.php?action=edit&file=warnings.py&path=//lib64/python3.6 HTTP/1.1" 200 6000 "-" "Mozilla/5.0 (compatible; MJ12bot/v1.4.8; http://mj12bot.com/)"
195.191.219.130 - - [26/Apr/2025:01:43:01 -0400] "GET /about.php?action=edit&file=s5p-mfc-v6.fw&path=//lib/firmware HTTP/1.1" 200 145469 "-" "Mozilla/5.0 (compatible; MJ12bot/v2.0.0; http://mj12bot.com/)"
192.99.15.17 - - [26/Apr/2025:01:43:04 -0400] "GET /about.php?action=edit&file=warnings.py&path=//lib64/python3.8 HTTP/1.1" 200 6398 "-" "Mozilla/5.0 (compatible; MJ12bot/v1.4.8; http://mj12bot.com/)"
195.191.219.130 - - [26/Apr/2025:01:43:04 -0400] "GET /about.php?action=edit&file=s5p-mfc-v7.fw&path=//lib/firmware HTTP/1.1" 200 182447 "-" "Mozilla/5.0 (compatible; MJ12bot/v2.0.0; http://mj12bot.com/)"
195.191.219.130 - - [26/Apr/2025:01:43:07 -0400] "GET /about.php?action=edit&file=s5p-mfc-v8.fw&path=//lib/firmware HTTP/1.1" 200 171829 "-" "Mozilla/5.0 (compatible; MJ12bot/v2.0.0; http://mj12bot.com/)"
192.99.15.17 - - [26/Apr/2025:01:43:08 -0400] "GET /about.php?action=edit&file=warnings.pyc&path=//lib64/python2.7 HTTP/1.1" 200 6548 "-" "Mozilla/5.0 (compatible; MJ12bot/v1.4.8; http://mj12bot.com/)"
195.191.219.130 - - [26/Apr/2025:01:43:10 -0400] "GET /about.php?action=edit&file=s5p-mfc.fw&path=//lib/firmware HTTP/1.1" 200 153170 "-" "Mozilla/5.0 (compatible; MJ12bot/v2.0.0; http://mj12bot.com/)"
192.99.15.17 - - [26/Apr/2025:01:43:12 -0400] "GET /about.php?action=edit&file=warnings.pyo&path=//lib64/python2.7 HTTP/1.1" 200 6245 "-" "Mozilla/5.0 (compatible; MJ12bot/v1.4.8; http://mj12bot.com/)"
195.191.219.130 - - [26/Apr/2025:01:43:14 -0400] "GET /about.php?action=edit&file=sa1&path=//lib64/sa HTTP/1.1" 200 1117 "-" "Mozilla/5.0 (compatible; MJ12bot/v2.0.0; http://mj12bot.com/)"
192.99.15.17 - - [26/Apr/2025:01:43:16 -0400] "GET /about.php?action=edit&file=wave.py&path=//lib64/python2.7 HTTP/1.1" 200 5008 "-" "Mozilla/5.0 (compatible; MJ12bot/v1.4.8; http://mj12bot.com/)"
195.191.219.130 - - [26/Apr/2025:01:43:17 -0400] "GET /about.php?action=edit&file=sa2&path=//lib64/sa HTTP/1.1" 200 1277 "-" "Mozilla/5.0 (compatible; MJ12bot/v2.0.0; http://mj12bot.com/)"
195.191.219.130 - - [26/Apr/2025:01:43:19 -0400] "GET /about.php?action=edit&file=sadc&path=//lib64/sa HTTP/1.1" 200 30010 "-" "Mozilla/5.0 (compatible; MJ12bot/v2.0.0; http://mj12bot.com/)"
195.191.219.130 - - [26/Apr/2025:01:43:21 -0400] "GET /about.php?action=edit&file=sanctum.php&path=/home/makmfewe/frugilo.com/config HTTP/1.1" 200 1331 "-" "Mozilla/5.0 (compatible; MJ12bot/v2.0.0; http://mj12bot.com/)"
195.191.219.130 - - [26/Apr/2025:01:43:22 -0400] "GET /about.php?action=edit&file=scanreport-makmfewe-Apr_14_2025_09h12m.txt&path=//home/makmfewe HTTP/1.1" 200 5592 "-" "Mozilla/5.0 (compatible; MJ12bot/v2.0.0; http://mj12bot.com/)"
195.191.219.130 - - [26/Apr/2025:01:43:24 -0400] "GET /about.php?action=edit&file=sched.py&path=//lib64/python2.7 HTTP/1.1" 200 2500 "-" "Mozilla/5.0 (compatible; MJ12bot/v2.0.0; http://mj12bot.com/)"
195.191.219.130 - - [26/Apr/2025:01:43:24 -0400] "GET /about.php?action=edit&file=sched.py&path=//lib64/python3.6 HTTP/1.1" 200 2857 "-" "Mozilla/5.0 (compatible; MJ12bot/v2.0.0; http://mj12bot.com/)"
195.191.219.130 - - [26/Apr/2025:01:43:26 -0400] "GET /about.php?action=edit&file=sched.py&path=//lib64/python3.8 HTTP/1.1" 200 2839 "-" "Mozilla/5.0 (compatible; MJ12bot/v2.0.0; http://mj12bot.com/)"
195.191.219.130 - - [26/Apr/2025:01:43:27 -0400] "GET /about.php?action=edit&file=sched.pyc&path=//lib64/python2.7 HTTP/1.1" 200 2803 "-" "Mozilla/5.0 (compatible; MJ12bot/v2.0.0; http://mj12bot.com/)"
195.191.219.130 - - [26/Apr/2025:01:43:28 -0400] "GET /about.php?action=edit&file=sched.pyo&path=//lib64/python2.7 HTTP/1.1" 200 2803 "-" "Mozilla/5.0 (compatible; MJ12bot/v2.0.0; http://mj12bot.com/)"
195.191.219.130 - - [26/Apr/2025:01:43:30 -0400] "GET /about.php?action=edit&file=scldeps.sh&path=//lib/rpm HTTP/1.1" 200 713 "-" "Mozilla/5.0 (compatible; MJ12bot/v2.0.0; http://mj12bot.com/)"
195.191.219.130 - - [26/Apr/2025:01:43:31 -0400] "GET /about.php?action=edit&file=screen.conf&path=//lib/tmpfiles.d HTTP/1.1" 200 586 "-" "Mozilla/5.0 (compatible; MJ12bot/v2.0.0; http://mj12bot.com/)"
195.191.219.130 - - [26/Apr/2025:01:43:33 -0400] "GET /about.php?action=edit&file=script-loader.php&path=/home/makmfewe/drmohsinazeem.com/wp-includes HTTP/1.1" 200 34895 "-" "Mozilla/5.0 (compatible; MJ12bot/v2.0.0; http://mj12bot.com/)"
195.191.219.130 - - [26/Apr/2025:01:43:35 -0400] "GET /about.php?action=edit&file=script-loader.php&path=/home/makmfewe/drshahidchudhary.com/wp-includes HTTP/1.1" 200 34895 "-" "Mozilla/5.0 (compatible; MJ12bot/v2.0.0; http://mj12bot.com/)"
195.191.219.130 - - [26/Apr/2025:01:43:37 -0400] "GET /about.php?action=edit&file=script-loader.php&path=/home/makmfewe/gbfc.us/wp-includes HTTP/1.1" 200 34614 "-" "Mozilla/5.0 (compatible; MJ12bot/v2.0.0; http://mj12bot.com/)"
195.191.219.130 - - [26/Apr/2025:01:43:39 -0400] "GET /about.php?action=edit&file=script-loader.php&path=/home/makmfewe/globalindustrialsolution.org/wp-includes HTTP/1.1" 200 34895 "-" "Mozilla/5.0 (compatible; MJ12bot/v2.0.0; http://mj12bot.com/)"
195.191.219.130 - - [26/Apr/2025:01:43:41 -0400] "GET /about.php?action=edit&file=script-loader.php&path=/home/makmfewe/hsec.com.pk/wp-includes HTTP/1.1" 200 34895 "-" "Mozilla/5.0 (compatible; MJ12bot/v2.0.0; http://mj12bot.com/)"
195.191.219.130 - - [26/Apr/2025:01:43:43 -0400] "GET /about.php?action=edit&file=script-loader.php&path=/home/makmfewe/ibnearif.com/wp-includes HTTP/1.1" 200 34895 "-" "Mozilla/5.0 (compatible; MJ12bot/v2.0.0; http://mj12bot.com/)"
195.191.219.130 - - [26/Apr/2025:01:43:46 -0400] "GET /about.php?action=edit&file=script-loader.php&path=/home/makmfewe/kamrancomputer.com/wp-includes HTTP/1.1" 200 34895 "-" "Mozilla/5.0 (compatible; MJ12bot/v2.0.0; http://mj12bot.com/)"
195.191.219.130 - - [26/Apr/2025:01:43:47 -0400] "GET /about.php?action=edit&file=script-loader.php&path=/home/makmfewe/kneespine.com/wp-includes HTTP/1.1" 200 34895 "-" "Mozilla/5.0 (compatible; MJ12bot/v2.0.0; http://mj12bot.com/)"
195.191.219.130 - - [26/Apr/2025:01:43:50 -0400] "GET /about.php?action=edit&file=script-loader.php&path=/home/makmfewe/learningladder.academy/wp-includes HTTP/1.1" 200 34895 "-" "Mozilla/5.0 (compatible; MJ12bot/v2.0.0; http://mj12bot.com/)"
195.191.219.130 - - [26/Apr/2025:01:43:51 -0400] "GET /about.php?action=edit&file=script-loader.php&path=/home/makmfewe/memontravelservices.com/wp-includes HTTP/1.1" 200 34895 "-" "Mozilla/5.0 (compatible; MJ12bot/v2.0.0; http://mj12bot.com/)"
195.191.219.130 - - [26/Apr/2025:01:43:53 -0400] "GET /about.php?action=edit&file=script-loader.php&path=/home/makmfewe/mercurylondon.com/wp-includes HTTP/1.1" 200 34895 "-" "Mozilla/5.0 (compatible; MJ12bot/v2.0.0; http://mj12bot.com/)"
195.191.219.130 - - [26/Apr/2025:01:43:54 -0400] "GET /about.php?action=edit&file=script-loader.php&path=/home/makmfewe/mianoorproperties.com/wp-includes HTTP/1.1" 200 34483 "-" "Mozilla/5.0 (compatible; MJ12bot/v2.0.0; http://mj12bot.com/)"
195.191.219.130 - - [26/Apr/2025:01:43:55 -0400] "GET /about.php?action=edit&file=script-loader.php&path=/home/makmfewe/public_html/wp-includes HTTP/1.1" 200 34895 "-" "Mozilla/5.0 (compatible; MJ12bot/v2.0.0; http://mj12bot.com/)"
195.191.219.130 - - [26/Apr/2025:01:43:57 -0400] "GET /about.php?action=edit&file=script-loader.php&path=/home/makmfewe/pwmsolution.com/wp-includes HTTP/1.1" 200 34895 "-" "Mozilla/5.0 (compatible; MJ12bot/v2.0.0; http://mj12bot.com/)"
195.191.219.130 - - [26/Apr/2025:01:43:58 -0400] "GET /about.php?action=edit&file=script-loader.php&path=/home/makmfewe/sh-fragrances.com/wp-includes HTTP/1.1" 200 34895 "-" "Mozilla/5.0 (compatible; MJ12bot/v2.0.0; http://mj12bot.com/)"
195.191.219.130 - - [26/Apr/2025:01:43:58 -0400] "GET /about.php?action=edit&file=script-loader.php&path=/home/makmfewe/skillstudio27.com/wp-includes HTTP/1.1" 200 34895 "-" "Mozilla/5.0 (compatible; MJ12bot/v2.0.0; http://mj12bot.com/)"
195.191.219.130 - - [26/Apr/2025:01:44:00 -0400] "GET /about.php?action=edit&file=script-loader.php&path=/home/makmfewe/ufoodspvtltd.com/wp-includes HTTP/1.1" 200 34895 "-" "Mozilla/5.0 (compatible; MJ12bot/v2.0.0; http://mj12bot.com/)"
195.191.219.130 - - [26/Apr/2025:01:44:00 -0400] "GET /about.php?action=edit&file=script-loader.php&path=/home/makmfewe/www/wp-includes HTTP/1.1" 200 34895 "-" "Mozilla/5.0 (compatible; MJ12bot/v2.0.0; http://mj12bot.com/)"
195.191.219.130 - - [26/Apr/2025:01:44:02 -0400] "GET /about.php?action=edit&file=script-modules.php&path=/home/makmfewe/drmohsinazeem.com/wp-includes HTTP/1.1" 200 2247 "-" "Mozilla/5.0 (compatible; MJ12bot/v2.0.0; http://mj12bot.com/)"
195.191.219.130 - - [26/Apr/2025:01:44:02 -0400] "GET /about.php?action=edit&file=script-modules.php&path=/home/makmfewe/drshahidchudhary.com/wp-includes HTTP/1.1" 200 2247 "-" "Mozilla/5.0 (compatible; MJ12bot/v2.0.0; http://mj12bot.com/)"
195.191.219.130 - - [26/Apr/2025:01:44:03 -0400] "GET /about.php?action=edit&file=script-modules.php&path=/home/makmfewe/gbfc.us/wp-includes HTTP/1.1" 200 2247 "-" "Mozilla/5.0 (compatible; MJ12bot/v2.0.0; http://mj12bot.com/)"
195.191.219.130 - - [26/Apr/2025:01:44:04 -0400] "GET /about.php?action=edit&file=script-modules.php&path=/home/makmfewe/globalindustrialsolution.org/wp-includes HTTP/1.1" 200 2247 "-" "Mozilla/5.0 (compatible; MJ12bot/v2.0.0; http://mj12bot.com/)"
195.191.219.130 - - [26/Apr/2025:01:44:05 -0400] "GET /about.php?action=edit&file=script-modules.php&path=/home/makmfewe/hsec.com.pk/wp-includes HTTP/1.1" 200 2247 "-" "Mozilla/5.0 (compatible; MJ12bot/v2.0.0; http://mj12bot.com/)"
195.191.219.130 - - [26/Apr/2025:01:44:06 -0400] "GET /about.php?action=edit&file=script-modules.php&path=/home/makmfewe/ibnearif.com/wp-includes HTTP/1.1" 200 2247 "-" "Mozilla/5.0 (compatible; MJ12bot/v2.0.0; http://mj12bot.com/)"
195.191.219.130 - - [26/Apr/2025:01:44:07 -0400] "GET /about.php?action=edit&file=script-modules.php&path=/home/makmfewe/kamrancomputer.com/wp-includes HTTP/1.1" 200 2247 "-" "Mozilla/5.0 (compatible; MJ12bot/v2.0.0; http://mj12bot.com/)"
195.191.219.130 - - [26/Apr/2025:01:44:08 -0400] "GET /about.php?action=edit&file=script-modules.php&path=/home/makmfewe/kneespine.com/wp-includes HTTP/1.1" 200 2247 "-" "Mozilla/5.0 (compatible; MJ12bot/v2.0.0; http://mj12bot.com/)"
195.191.219.130 - - [26/Apr/2025:01:44:09 -0400] "GET /about.php?action=edit&file=script-modules.php&path=/home/makmfewe/learningladder.academy/wp-includes HTTP/1.1" 200 2247 "-" "Mozilla/5.0 (compatible; MJ12bot/v2.0.0; http://mj12bot.com/)"
195.191.219.130 - - [26/Apr/2025:01:44:11 -0400] "GET /about.php?action=edit&file=script-modules.php&path=/home/makmfewe/memontravelservices.com/wp-includes HTTP/1.1" 200 2247 "-" "Mozilla/5.0 (compatible; MJ12bot/v2.0.0; http://mj12bot.com/)"
195.191.219.130 - - [26/Apr/2025:01:44:15 -0400] "GET /about.php?action=edit&file=script-modules.php&path=/home/makmfewe/mercurylondon.com/wp-includes HTTP/1.1" 200 2247 "-" "Mozilla/5.0 (compatible; MJ12bot/v2.0.0; http://mj12bot.com/)"
195.191.219.130 - - [26/Apr/2025:01:44:17 -0400] "GET /about.php?action=edit&file=script-modules.php&path=/home/makmfewe/mianoorproperties.com/wp-includes HTTP/1.1" 200 2247 "-" "Mozilla/5.0 (compatible; MJ12bot/v2.0.0; http://mj12bot.com/)"
195.191.219.130 - - [26/Apr/2025:01:44:18 -0400] "GET /about.php?action=edit&file=script-modules.php&path=/home/makmfewe/public_html/wp-includes HTTP/1.1" 200 2247 "-" "Mozilla/5.0 (compatible; MJ12bot/v2.0.0; http://mj12bot.com/)"
195.191.219.130 - - [26/Apr/2025:01:44:20 -0400] "GET /about.php?action=edit&file=script-modules.php&path=/home/makmfewe/pwmsolution.com/wp-includes HTTP/1.1" 200 2247 "-" "Mozilla/5.0 (compatible; MJ12bot/v2.0.0; http://mj12bot.com/)"
195.191.219.130 - - [26/Apr/2025:01:44:21 -0400] "GET /about.php?action=edit&file=script-modules.php&path=/home/makmfewe/sh-fragrances.com/wp-includes HTTP/1.1" 200 2247 "-" "Mozilla/5.0 (compatible; MJ12bot/v2.0.0; http://mj12bot.com/)"
195.191.219.130 - - [26/Apr/2025:01:44:22 -0400] "GET /about.php?action=edit&file=script-modules.php&path=/home/makmfewe/skillstudio27.com/wp-includes HTTP/1.1" 200 2247 "-" "Mozilla/5.0 (compatible; MJ12bot/v2.0.0; http://mj12bot.com/)"
195.191.219.130 - - [26/Apr/2025:01:44:24 -0400] "GET /about.php?action=edit&file=script-modules.php&path=/home/makmfewe/ufoodspvtltd.com/wp-includes HTTP/1.1" 200 2247 "-" "Mozilla/5.0 (compatible; MJ12bot/v2.0.0; http://mj12bot.com/)"
195.191.219.130 - - [26/Apr/2025:01:44:25 -0400] "GET /about.php?action=edit&file=script-modules.php&path=/home/makmfewe/www/wp-includes HTTP/1.1" 200 2247 "-" "Mozilla/5.0 (compatible; MJ12bot/v2.0.0; http://mj12bot.com/)"
195.191.219.130 - - [26/Apr/2025:01:44:26 -0400] "GET /about.php?action=edit&file=scsi_id&path=//lib/udev HTTP/1.1" 200 20026 "-" "Mozilla/5.0 (compatible; MJ12bot/v2.0.0; http://mj12bot.com/)"
195.191.219.130 - - [26/Apr/2025:01:44:27 -0400] "GET /about.php?action=edit&file=sdbm.so&path=//lib64/ruby HTTP/1.1" 200 12686 "-" "Mozilla/5.0 (compatible; MJ12bot/v2.0.0; http://mj12bot.com/)"
195.191.219.130 - - [26/Apr/2025:01:44:28 -0400] "GET /about.php?action=edit&file=sdd_sagrad_1091_1098.bin&path=//lib/firmware HTTP/1.1" 200 1119 "-" "Mozilla/5.0 (compatible; MJ12bot/v2.0.0; http://mj12bot.com/)"
195.191.219.130 - - [26/Apr/2025:01:44:29 -0400] "GET /about.php?action=edit&file=secrets.py&path=//lib64/python3.6 HTTP/1.1" 200 1420 "-" "Mozilla/5.0 (compatible; MJ12bot/v2.0.0; http://mj12bot.com/)"
195.191.219.130 - - [26/Apr/2025:01:44:30 -0400] "GET /about.php?action=edit&file=secrets.py&path=//lib64/python3.8 HTTP/1.1" 200 1420 "-" "Mozilla/5.0 (compatible; MJ12bot/v2.0.0; http://mj12bot.com/)"
195.191.219.130 - - [26/Apr/2025:01:44:31 -0400] "GET /about.php?action=edit&file=selectors.py&path=//lib64/python3.6 HTTP/1.1" 200 4720 "-" "Mozilla/5.0 (compatible; MJ12bot/v2.0.0; http://mj12bot.com/)"
195.191.219.130 - - [26/Apr/2025:01:44:32 -0400] "GET /about.php?action=edit&file=selectors.py&path=//lib64/python3.8 HTTP/1.1" 200 4899 "-" "Mozilla/5.0 (compatible; MJ12bot/v2.0.0; http://mj12bot.com/)"
195.191.219.130 - - [26/Apr/2025:01:44:35 -0400] "GET /about.php?action=edit&file=selinux-policy.conf&path=//lib/tmpfiles.d HTTP/1.1" 200 634 "-" "Mozilla/5.0 (compatible; MJ12bot/v2.0.0; http://mj12bot.com/)"
195.191.219.130 - - [26/Apr/2025:01:44:36 -0400] "GET /about.php?action=edit&file=selinux.so&path=//lib64/rpm-plugins HTTP/1.1" 200 4652 "-" "Mozilla/5.0 (compatible; MJ12bot/v2.0.0; http://mj12bot.com/)"
195.191.219.130 - - [26/Apr/2025:01:44:37 -0400] "GET /about.php?action=edit&file=sendmail.log&path=/home/makmfewe/logs/roundcube HTTP/1.1" 200 1548 "-" "Mozilla/5.0 (compatible; MJ12bot/v2.0.0; http://mj12bot.com/)"
195.191.219.130 - - [26/Apr/2025:01:44:37 -0400] "GET /about.php?action=edit&file=services.php&path=/home/makmfewe/frugilo.com/config HTTP/1.1" 200 968 "-" "Mozilla/5.0 (compatible; MJ12bot/v2.0.0; http://mj12bot.com/)"
195.191.219.130 - - [26/Apr/2025:01:44:38 -0400] "GET /about.php?action=edit&file=session.php&path=/home/makmfewe/drmohsinazeem.com/wp-includes HTTP/1.1" 200 700 "-" "Mozilla/5.0 (compatible; MJ12bot/v2.0.0; http://mj12bot.com/)"
195.191.219.130 - - [26/Apr/2025:01:44:39 -0400] "GET /about.php?action=edit&file=session.php&path=/home/makmfewe/drshahidchudhary.com/wp-includes HTTP/1.1" 200 700 "-" "Mozilla/5.0 (compatible; MJ12bot/v2.0.0; http://mj12bot.com/)"
195.191.219.130 - - [26/Apr/2025:01:44:40 -0400] "GET /about.php?action=edit&file=session.php&path=/home/makmfewe/frugilo.com/config HTTP/1.1" 200 2412 "-" "Mozilla/5.0 (compatible; MJ12bot/v2.0.0; http://mj12bot.com/)"
195.191.219.130 - - [26/Apr/2025:01:44:41 -0400] "GET /about.php?action=edit&file=session.php&path=/home/makmfewe/gbfc.us/wp-includes HTTP/1.1" 200 700 "-" "Mozilla/5.0 (compatible; MJ12bot/v2.0.0; http://mj12bot.com/)"
195.191.219.130 - - [26/Apr/2025:01:44:43 -0400] "GET /about.php?action=edit&file=session.php&path=/home/makmfewe/globalindustrialsolution.org/wp-includes HTTP/1.1" 200 700 "-" "Mozilla/5.0 (compatible; MJ12bot/v2.0.0; http://mj12bot.com/)"
195.191.219.130 - - [26/Apr/2025:01:44:44 -0400] "GET /about.php?action=edit&file=session.php&path=/home/makmfewe/hsec.com.pk/wp-includes HTTP/1.1" 200 700 "-" "Mozilla/5.0 (compatible; MJ12bot/v2.0.0; http://mj12bot.com/)"
195.191.219.130 - - [26/Apr/2025:01:44:49 -0400] "GET /about.php?action=edit&file=session.php&path=/home/makmfewe/ibnearif.com/wp-includes HTTP/1.1" 200 700 "-" "Mozilla/5.0 (compatible; MJ12bot/v2.0.0; http://mj12bot.com/)"
195.191.219.130 - - [26/Apr/2025:01:44:50 -0400] "GET /about.php?action=edit&file=session.php&path=/home/makmfewe/kamrancomputer.com/wp-includes HTTP/1.1" 200 700 "-" "Mozilla/5.0 (compatible; MJ12bot/v2.0.0; http://mj12bot.com/)"
195.191.219.130 - - [26/Apr/2025:01:44:52 -0400] "GET /about.php?action=edit&file=session.php&path=/home/makmfewe/kneespine.com/wp-includes HTTP/1.1" 200 700 "-" "Mozilla/5.0 (compatible; MJ12bot/v2.0.0; http://mj12bot.com/)"
195.191.219.130 - - [26/Apr/2025:01:44:52 -0400] "GET /about.php?action=edit&file=session.php&path=/home/makmfewe/learningladder.academy/wp-includes HTTP/1.1" 200 700 "-" "Mozilla/5.0 (compatible; MJ12bot/v2.0.0; http://mj12bot.com/)"
195.191.219.130 - - [26/Apr/2025:01:44:53 -0400] "GET /about.php?action=edit&file=session.php&path=/home/makmfewe/memontravelservices.com/wp-includes HTTP/1.1" 200 700 "-" "Mozilla/5.0 (compatible; MJ12bot/v2.0.0; http://mj12bot.com/)"
195.191.219.130 - - [26/Apr/2025:01:44:54 -0400] "GET /about.php?action=edit&file=session.php&path=/home/makmfewe/mercurylondon.com/wp-includes HTTP/1.1" 200 700 "-" "Mozilla/5.0 (compatible; MJ12bot/v2.0.0; http://mj12bot.com/)"
195.191.219.130 - - [26/Apr/2025:01:44:55 -0400] "GET /about.php?action=edit&file=session.php&path=/home/makmfewe/mianoorproperties.com/wp-includes HTTP/1.1" 200 700 "-" "Mozilla/5.0 (compatible; MJ12bot/v2.0.0; http://mj12bot.com/)"
195.191.219.130 - - [26/Apr/2025:01:44:56 -0400] "GET /about.php?action=edit&file=session.php&path=/home/makmfewe/public_html/wp-includes HTTP/1.1" 200 700 "-" "Mozilla/5.0 (compatible; MJ12bot/v2.0.0; http://mj12bot.com/)"
195.191.219.130 - - [26/Apr/2025:01:44:57 -0400] "GET /about.php?action=edit&file=session.php&path=/home/makmfewe/pwmsolution.com/wp-includes HTTP/1.1" 200 700 "-" "Mozilla/5.0 (compatible; MJ12bot/v2.0.0; http://mj12bot.com/)"
195.191.219.130 - - [26/Apr/2025:01:44:59 -0400] "GET /about.php?action=edit&file=session.php&path=/home/makmfewe/sh-fragrances.com/wp-includes HTTP/1.1" 200 700 "-" "Mozilla/5.0 (compatible; MJ12bot/v2.0.0; http://mj12bot.com/)"
195.191.219.130 - - [26/Apr/2025:01:45:00 -0400] "GET /about.php?action=edit&file=session.php&path=/home/makmfewe/skillstudio27.com/wp-includes HTTP/1.1" 200 700 "-" "Mozilla/5.0 (compatible; MJ12bot/v2.0.0; http://mj12bot.com/)"
195.191.219.130 - - [26/Apr/2025:01:45:01 -0400] "GET /about.php?action=edit&file=session.php&path=/home/makmfewe/ufoodspvtltd.com/wp-includes HTTP/1.1" 200 700 "-" "Mozilla/5.0 (compatible; MJ12bot/v2.0.0; http://mj12bot.com/)"
195.191.219.130 - - [26/Apr/2025:01:45:04 -0400] "GET /about.php?action=edit&file=session.php&path=/home/makmfewe/www/wp-includes HTTP/1.1" 200 700 "-" "Mozilla/5.0 (compatible; MJ12bot/v2.0.0; http://mj12bot.com/)"
195.191.219.130 - - [26/Apr/2025:01:45:05 -0400] "GET /about.php?action=edit&file=sets.py&path=//lib64/python2.7 HTTP/1.1" 200 5656 "-" "Mozilla/5.0 (compatible; MJ12bot/v2.0.0; http://mj12bot.com/)"
195.191.219.130 - - [26/Apr/2025:01:45:08 -0400] "GET /about.php?action=edit&file=sets.pyc&path=//lib64/python2.7 HTTP/1.1" 200 5817 "-" "Mozilla/5.0 (compatible; MJ12bot/v2.0.0; http://mj12bot.com/)"
195.191.219.130 - - [26/Apr/2025:01:45:12 -0400] "GET /about.php?action=edit&file=sets.pyo&path=//lib64/python2.7 HTTP/1.1" 200 5817 "-" "Mozilla/5.0 (compatible; MJ12bot/v2.0.0; http://mj12bot.com/)"
195.191.219.130 - - [26/Apr/2025:01:45:15 -0400] "GET /about.php?action=edit&file=setup-config.php&path=/home/makmfewe/drmohsinazeem.com/wp-admin HTTP/1.1" 200 6674 "-" "Mozilla/5.0 (compatible; MJ12bot/v2.0.0; http://mj12bot.com/)"
195.191.219.130 - - [26/Apr/2025:01:45:19 -0400] "GET /about.php?action=edit&file=setup-config.php&path=/home/makmfewe/drshahidchudhary.com/wp-admin HTTP/1.1" 200 6674 "-" "Mozilla/5.0 (compatible; MJ12bot/v2.0.0; http://mj12bot.com/)"
195.191.219.130 - - [26/Apr/2025:01:45:21 -0400] "GET /about.php?action=edit&file=setup-config.php&path=/home/makmfewe/gbfc.us/wp-admin HTTP/1.1" 200 6666 "-" "Mozilla/5.0 (compatible; MJ12bot/v2.0.0; http://mj12bot.com/)"
195.191.219.130 - - [26/Apr/2025:01:45:24 -0400] "GET /about.php?action=edit&file=setup-config.php&path=/home/makmfewe/globalindustrialsolution.org/wp-admin HTTP/1.1" 200 6674 "-" "Mozilla/5.0 (compatible; MJ12bot/v2.0.0; http://mj12bot.com/)"
195.191.219.130 - - [26/Apr/2025:01:45:26 -0400] "GET /about.php?action=edit&file=setup-config.php&path=/home/makmfewe/hsec.com.pk/wp-admin HTTP/1.1" 200 6674 "-" "Mozilla/5.0 (compatible; MJ12bot/v2.0.0; http://mj12bot.com/)"
