OwlCyberSecurity - MANAGER
Edit File: drmohsinazeem.com.arsn.media-ssl_log
66.29.132.124 - - [25/Apr/2025:21:35:47 -0400] "POST /wp-cron.php?doing_wp_cron=1745631347.2447168827056884765625 HTTP/1.1" 200 0 "-" "WordPress/6.8; https://drmohsinazeem.com"
199.188.200.191 - - [25/Apr/2025:21:35:41 -0400] "GET /xmlrpc.php HTTP/1.1" 405 46 "http://drmohsinazeem.com" "Mozilla/5.0 (Windows NT 10.0; Win64; x64; rv:126.0) Gecko/20100101 Firefox/126.0"
66.29.132.124 - - [25/Apr/2025:21:35:48 -0400] "POST /wp-admin/admin-ajax.php?action=async_litespeed&nonce=tO2tLavPNQWn7DIGPzp3C8mYSvW4rUcO&litespeed_type=imgoptm HTTP/1.1" 200 21 "-" "WordPress/6.8; https://drmohsinazeem.com"
141.138.208.43 - - [25/Apr/2025:21:35:49 -0400] "GET /robots.txt HTTP/1.1" 200 113 "http://drmohsinazeem.com/robots.txt" "Mozilla/5.0 (Macintosh; Intel Mac OS X 10_15_7) AppleWebKit/605.1.15 (KHTML, like Gecko) Version/17.3.1 Safari/605.1.1"
93.158.95.213 - - [25/Apr/2025:21:35:50 -0400] "GET / HTTP/1.1" 200 33667 "http://drmohsinazeem.com/" "Mozilla/5.0 (Macintosh; Intel Mac OS X 10_15_7) AppleWebKit/605.1.15 (KHTML, like Gecko) Version/17.3.1 Safari/605.1.1"
117.33.163.216 - - [25/Apr/2025:21:37:46 -0400] "GET / HTTP/1.1" 200 33667 "http://drmohsinazeem.com" "Mozilla/5.0 (iPhone; CPU iPhone OS 13_2_3 like Mac OS X) AppleWebKit/605.1.15 (KHTML, like Gecko) Version/13.0.3 Mobile/15E148 Safari/604.1"
66.249.74.3 - - [25/Apr/2025:21:40:28 -0400] "GET /robots.txt HTTP/1.1" 200 100 "-" "Mozilla/5.0 (compatible; Googlebot/2.1; +http://www.google.com/bot.html)"
66.29.132.124 - - [25/Apr/2025:21:40:51 -0400] "POST /wp-cron.php?doing_wp_cron=1745631651.8441200256347656250000 HTTP/1.1" 200 0 "-" "WordPress/6.8; https://drmohsinazeem.com"
74.125.217.2 - - [25/Apr/2025:21:40:42 -0400] "GET /.well-known/apple-app-site-association HTTP/1.1" 404 15585 "-" "Mozilla/5.0 (Linux; Android 6.0.1; Nexus 5X Build/MMB29P) AppleWebKit/537.36 (KHTML, like Gecko) Chrome/135.0.7049.95 Mobile Safari/537.36 (compatible; AdsBot-Google-Mobile; +http://www.google.com/mobile/adsbot.html)"
66.29.132.124 - - [25/Apr/2025:21:40:58 -0400] "POST /wp-admin/admin-ajax.php?action=async_litespeed&nonce=W6Quq06sS1EMe1csrMO79jITAz763gdA&litespeed_type=imgoptm HTTP/1.1" 200 0 "-" "WordPress/6.8; https://drmohsinazeem.com"
66.29.132.124 - - [25/Apr/2025:21:41:35 -0400] "POST /wp-cron.php?doing_wp_cron=1745631695.1823329925537109375000 HTTP/1.1" 200 0 "-" "WordPress/6.8; https://drmohsinazeem.com"
74.125.217.2 - - [25/Apr/2025:21:41:34 -0400] "GET /apple-app-site-association HTTP/1.1" 404 15585 "-" "Mozilla/5.0 (Linux; Android 6.0.1; Nexus 5X Build/MMB29P) AppleWebKit/537.36 (KHTML, like Gecko) Chrome/135.0.7049.95 Mobile Safari/537.36 (compatible; AdsBot-Google-Mobile; +http://www.google.com/mobile/adsbot.html)"
66.29.132.124 - - [25/Apr/2025:21:41:36 -0400] "POST /wp-admin/admin-ajax.php?action=async_litespeed&nonce=Doo8w7xuksrGvGPQlZ0tgasjmTP2q2Dh&litespeed_type=imgoptm HTTP/1.1" 200 21 "-" "WordPress/6.8; https://drmohsinazeem.com"
66.29.132.124 - - [25/Apr/2025:21:59:36 -0400] "POST /wp-cron.php?doing_wp_cron=1745632776.8175420761108398437500 HTTP/1.1" 200 0 "-" "WordPress/6.8; https://drmohsinazeem.com"
66.29.141.104 - - [25/Apr/2025:21:59:29 -0400] "GET /xmlrpc.php HTTP/1.1" 405 46 "http://drmohsinazeem.com" "Mozilla/5.0 (Windows NT 10.0; Win64; x64) AppleWebKit/537.36 (KHTML, like Gecko) Chrome/115.0.5790.102 Safari/537.36"
66.29.132.124 - - [25/Apr/2025:21:59:39 -0400] "POST /wp-admin/admin-ajax.php?action=async_litespeed&nonce=ZcyFsyBKkOtZdtCDesUrVH9HIXB3imFE&litespeed_type=imgoptm HTTP/1.1" 200 21 "-" "WordPress/6.8; https://drmohsinazeem.com"
66.29.132.124 - - [25/Apr/2025:22:17:55 -0400] "POST /wp-cron.php?doing_wp_cron=1745633875.0782990455627441406250 HTTP/1.1" 200 0 "-" "WordPress/6.8; https://drmohsinazeem.com"
66.249.74.2 - - [25/Apr/2025:22:17:43 -0400] "GET /elementor-hf/header/ HTTP/1.1" 301 0 "-" "Mozilla/5.0 (Linux; Android 6.0.1; Nexus 5X Build/MMB29P) AppleWebKit/537.36 (KHTML, like Gecko) Chrome/135.0.7049.95 Mobile Safari/537.36 (compatible; Googlebot/2.1; +http://www.google.com/bot.html)"
66.29.132.124 - - [25/Apr/2025:22:18:04 -0400] "POST /wp-admin/admin-ajax.php?action=async_litespeed&nonce=426bTLS0ttwB06l1b3HwBK4RnOP8cjt9&litespeed_type=imgoptm HTTP/1.1" 200 0 "-" "WordPress/6.8; https://drmohsinazeem.com"
66.249.74.3 - - [25/Apr/2025:22:19:01 -0400] "GET / HTTP/1.1" 200 28317 "-" "Mozilla/5.0 (Linux; Android 6.0.1; Nexus 5X Build/MMB29P) AppleWebKit/537.36 (KHTML, like Gecko) Chrome/135.0.7049.95 Mobile Safari/537.36 (compatible; Googlebot/2.1; +http://www.google.com/bot.html)"
66.249.74.3 - - [25/Apr/2025:22:19:04 -0400] "GET /wp-content/plugins/elementor/assets/css/frontend.min.css?ver=3.28.4 HTTP/1.1" 200 6453 "https://drmohsinazeem.com/" "Mozilla/5.0 (Linux; Android 6.0.1; Nexus 5X Build/MMB29P) AppleWebKit/537.36 (KHTML, like Gecko) Chrome/134.0.6998.165 Mobile Safari/537.36 (compatible; Googlebot/2.1; +http://www.google.com/bot.html)"
66.249.74.2 - - [25/Apr/2025:22:19:07 -0400] "GET /wp-content/plugins/selection-lite/css/elementor-admin.min.css?ver=1.15 HTTP/1.1" 200 1312 "https://drmohsinazeem.com/" "Mozilla/5.0 (Linux; Android 6.0.1; Nexus 5X Build/MMB29P) AppleWebKit/537.36 (KHTML, like Gecko) Chrome/134.0.6998.165 Mobile Safari/537.36 (compatible; Googlebot/2.1; +http://www.google.com/bot.html)"
66.249.74.2 - - [25/Apr/2025:22:19:16 -0400] "GET /wp-content/uploads/elementor/css/post-220.css?ver=1744416000 HTTP/1.1" 200 3051 "https://drmohsinazeem.com/" "Mozilla/5.0 (Linux; Android 6.0.1; Nexus 5X Build/MMB29P) AppleWebKit/537.36 (KHTML, like Gecko) Chrome/134.0.6998.165 Mobile Safari/537.36 (compatible; Googlebot/2.1; +http://www.google.com/bot.html)"
212.8.248.108 - - [25/Apr/2025:22:21:27 -0400] "GET / HTTP/1.0" 200 164782 "-" "Mozilla/5.0 (Windows NT 10.0; Win64; x64) AppleWebKit/537.36 (KHTML, like Gecko) Chrome/118.0.0.0 Safari/537.36"
52.208.151.205 - - [25/Apr/2025:22:22:58 -0400] "GET / HTTP/1.1" 200 33667 "-" "Mozilla/5.0 (Windows NT 6.3; Win64; x64) AppleWebKit/537.36 (KHTML, like Gecko) Chrome/37.0.2049.0 Safari/537.36"
66.29.132.124 - - [25/Apr/2025:22:23:25 -0400] "POST /wp-cron.php?doing_wp_cron=1745634205.6683599948883056640625 HTTP/1.1" 200 0 "-" "WordPress/6.8; https://drmohsinazeem.com"
69.57.162.2 - - [25/Apr/2025:22:23:20 -0400] "GET /xmlrpc.php HTTP/1.1" 405 46 "http://drmohsinazeem.com" "Mozilla/5.0 (Windows NT 10.0; Win64; x64) AppleWebKit/537.36 (KHTML, like Gecko) Chrome/113.0.5672.93 Safari/537.36"
66.29.132.124 - - [25/Apr/2025:22:23:27 -0400] "POST /wp-admin/admin-ajax.php?action=async_litespeed&nonce=3VRuDSsIte0uOo3jZbJUnX7Sp9fe6VHK&litespeed_type=imgoptm HTTP/1.1" 200 21 "-" "WordPress/6.8; https://drmohsinazeem.com"
192.3.25.174 - - [25/Apr/2025:22:24:51 -0400] "GET / HTTP/1.1" 200 28317 "-" "Mozilla/5.0 (Macintosh; Intel Mac OS X 12_5) AppleWebKit/605.1.15 (KHTML, like Gecko) Version/15.4 Safari/605.1.15"
66.29.132.124 - - [25/Apr/2025:22:24:56 -0400] "POST /wp-cron.php?doing_wp_cron=1745634296.2830870151519775390625 HTTP/1.1" 200 0 "-" "WordPress/6.8; https://drmohsinazeem.com"
192.3.25.174 - - [25/Apr/2025:22:24:54 -0400] "GET /wp-login.php?action=register HTTP/1.1" 302 0 "https://drmohsinazeem.com" "Mozilla/5.0 (Windows NT 6.3; Win64; x64) AppleWebKit/537.36 (KHTML, like Gecko) Chrome/103.0.0.0 Safari/537.36"
192.3.25.174 - - [25/Apr/2025:22:24:57 -0400] "GET /wp-login.php?registration=disabled HTTP/1.1" 200 1949 "https://drmohsinazeem.com/wp-login.php?action=register" "Mozilla/5.0 (Windows NT 6.3; Win64; x64) AppleWebKit/537.36 (KHTML, like Gecko) Chrome/103.0.0.0 Safari/537.36"
66.29.132.124 - - [25/Apr/2025:22:24:57 -0400] "POST /wp-admin/admin-ajax.php?action=async_litespeed&nonce=k7DzsPpgKtI4632oUvRNpcAmaxcjhkkZ&litespeed_type=imgoptm HTTP/1.1" 200 21 "-" "WordPress/6.8; https://drmohsinazeem.com"
146.19.215.32 - - [25/Apr/2025:22:26:38 -0400] "GET /admin.php?520 HTTP/1.1" 200 114 "-" "Mozilla/5.0 (Windows; U; Windows NT 6.1; en-US; rv:1.9.1.5) Gecko/20091102 Firefox/3.5.5 (.NET CLR 3.5.30729)"
198.54.114.59 - - [25/Apr/2025:22:35:17 -0400] "GET /xmlrpc.php HTTP/1.1" 200 0 "http://drmohsinazeem.com" "Mozilla/5.0 (Windows NT 10.0; Win64; x64) AppleWebKit/537.36 (KHTML, like Gecko) Chrome/116.0.5845.96 Safari/537.36"
66.29.132.124 - - [25/Apr/2025:22:35:26 -0400] "POST /wp-cron.php?doing_wp_cron=1745634926.8305439949035644531250 HTTP/1.1" 200 0 "-" "WordPress/6.8; https://drmohsinazeem.com"
66.29.132.124 - - [25/Apr/2025:22:35:29 -0400] "POST /wp-admin/admin-ajax.php?action=async_litespeed&nonce=I8nckdwBMUI1BrtTZ8tzVWFFDuGCIcpa&litespeed_type=imgoptm HTTP/1.1" 200 0 "-" "WordPress/6.8; https://drmohsinazeem.com"
66.29.132.124 - - [25/Apr/2025:22:44:59 -0400] "POST /wp-cron.php?doing_wp_cron=1745635499.1716880798339843750000 HTTP/1.1" 200 0 "-" "WordPress/6.8; https://drmohsinazeem.com"
57.141.4.3 - - [25/Apr/2025:22:44:51 -0400] "GET /sitemap HTTP/1.1" 404 82757 "-" "meta-externalagent/1.1 (+https://developers.facebook.com/docs/sharing/webmasters/crawler)"
66.29.132.124 - - [25/Apr/2025:22:45:05 -0400] "POST /wp-admin/admin-ajax.php?action=async_litespeed&nonce=WSMBnnYBWpSWs4YtenKOLmCVzI0jvYZi&litespeed_type=imgoptm HTTP/1.1" 200 0 "-" "WordPress/6.8; https://drmohsinazeem.com"
66.29.132.124 - - [25/Apr/2025:23:12:37 -0400] "POST /wp-cron.php?doing_wp_cron=1745637157.5445029735565185546875 HTTP/1.1" 200 0 "-" "WordPress/6.8; https://drmohsinazeem.com"
51.195.36.135 - - [25/Apr/2025:23:12:30 -0400] "GET /wp-content/updraft/video/index.php?xiaoma=adminali HTTP/1.1" 301 0 "-" "Mozilla/5.0 (Windows NT 10.0; Win64; x64) AppleWebKit/537.36 (KHTML, like Gecko) Chrome/127.0.0.0 Safari/537.36"
51.195.36.135 - - [25/Apr/2025:23:12:30 -0400] "GET /wp-content/plugins/ungrabber/index.php?xiaoma=adminali HTTP/1.1" 301 0 "-" "Mozilla/5.0 (Windows NT 10.0; Win64; x64) AppleWebKit/537.36 (KHTML, like Gecko) Chrome/127.0.0.0 Safari/537.36"
51.195.36.135 - - [25/Apr/2025:23:12:37 -0400] "GET /wp-content/updraft/video/?xiaoma=adminali HTTP/1.1" 200 0 "-" "Mozilla/5.0 (Windows NT 10.0; Win64; x64) AppleWebKit/537.36 (KHTML, like Gecko) Chrome/127.0.0.0 Safari/537.36"
51.195.36.135 - - [25/Apr/2025:23:12:37 -0400] "GET /wp-content/plugins/ungrabber/?xiaoma=adminali HTTP/1.1" 200 0 "-" "Mozilla/5.0 (Windows NT 10.0; Win64; x64) AppleWebKit/537.36 (KHTML, like Gecko) Chrome/127.0.0.0 Safari/537.36"
51.195.36.135 - - [25/Apr/2025:23:12:39 -0400] "GET /wp-content/updraft/th/index.php?xiaoma=adminali HTTP/1.1" 301 0 "-" "Mozilla/5.0 (Windows NT 10.0; Win64; x64) AppleWebKit/537.36 (KHTML, like Gecko) Chrome/127.0.0.0 Safari/537.36"
51.195.36.135 - - [25/Apr/2025:23:12:39 -0400] "GET /wp-content/updraft/css/index.php?xiaoma=adminali HTTP/1.1" 301 0 "-" "Mozilla/5.0 (Windows NT 10.0; Win64; x64) AppleWebKit/537.36 (KHTML, like Gecko) Chrome/127.0.0.0 Safari/537.36"
66.29.132.124 - - [25/Apr/2025:23:12:39 -0400] "POST /wp-admin/admin-ajax.php?action=async_litespeed&nonce=B9w0QnjfVjvEXT6Aun1FLmhoo68tBAZF&litespeed_type=imgoptm HTTP/1.1" 200 0 "-" "WordPress/6.8; https://drmohsinazeem.com"
51.195.36.135 - - [25/Apr/2025:23:12:40 -0400] "GET /wp-content/updraft/css/?xiaoma=adminali HTTP/1.1" 404 82757 "-" "Mozilla/5.0 (Windows NT 10.0; Win64; x64) AppleWebKit/537.36 (KHTML, like Gecko) Chrome/127.0.0.0 Safari/537.36"
51.195.36.135 - - [25/Apr/2025:23:12:40 -0400] "GET /wp-content/updraft/th/?xiaoma=adminali HTTP/1.1" 404 82757 "-" "Mozilla/5.0 (Windows NT 10.0; Win64; x64) AppleWebKit/537.36 (KHTML, like Gecko) Chrome/127.0.0.0 Safari/537.36"
51.195.36.135 - - [25/Apr/2025:23:12:42 -0400] "GET /wp-content/uploads/video/index.php?xiaoma=adminali HTTP/1.1" 301 0 "-" "Mozilla/5.0 (Windows NT 10.0; Win64; x64) AppleWebKit/537.36 (KHTML, like Gecko) Chrome/127.0.0.0 Safari/537.36"
66.29.132.124 - - [25/Apr/2025:23:12:42 -0400] "POST /wp-cron.php?doing_wp_cron=1745637162.4732971191406250000000 HTTP/1.1" 200 0 "-" "WordPress/6.8; https://drmohsinazeem.com"
51.195.36.135 - - [25/Apr/2025:23:12:41 -0400] "GET /wp-content/plugins/carousel-slider/index.php?xiaoma=adminali HTTP/1.1" 301 0 "-" "Mozilla/5.0 (Windows NT 10.0; Win64; x64) AppleWebKit/537.36 (KHTML, like Gecko) Chrome/127.0.0.0 Safari/537.36"
51.195.36.135 - - [25/Apr/2025:23:12:42 -0400] "GET /wp-content/uploads/video/?xiaoma=adminali HTTP/1.1" 404 82757 "-" "Mozilla/5.0 (Windows NT 10.0; Win64; x64) AppleWebKit/537.36 (KHTML, like Gecko) Chrome/127.0.0.0 Safari/537.36"
51.195.36.135 - - [25/Apr/2025:23:12:42 -0400] "GET /wp-content/plugins/carousel-slider/?xiaoma=adminali HTTP/1.1" 404 82757 "-" "Mozilla/5.0 (Windows NT 10.0; Win64; x64) AppleWebKit/537.36 (KHTML, like Gecko) Chrome/127.0.0.0 Safari/537.36"
66.29.132.124 - - [25/Apr/2025:23:23:06 -0400] "POST /wp-cron.php?doing_wp_cron=1745637786.0865929126739501953125 HTTP/1.1" 200 0 "-" "WordPress/6.8; https://drmohsinazeem.com"
66.29.137.140 - - [25/Apr/2025:23:23:01 -0400] "GET /xmlrpc.php HTTP/1.1" 405 60 "http://drmohsinazeem.com" "Mozilla/5.0 (Macintosh; Intel Mac OS X 10_15_7) AppleWebKit/537.36 (KHTML, like Gecko) Chrome/116.0.5845.96 Safari/537.36"
66.29.132.124 - - [25/Apr/2025:23:23:07 -0400] "POST /wp-admin/admin-ajax.php?action=async_litespeed&nonce=J6bfZ6HH4eQCZdmRFHZt1Pgs6jTEHuzB&litespeed_type=imgoptm HTTP/1.1" 200 21 "-" "WordPress/6.8; https://drmohsinazeem.com"
162.0.235.223 - - [25/Apr/2025:23:47:06 -0400] "GET /xmlrpc.php HTTP/1.1" 200 0 "http://drmohsinazeem.com" "Mozilla/5.0 (Macintosh; Intel Mac OS X 10_15_7) AppleWebKit/537.36 (KHTML, like Gecko) Chrome/112.0.5615.138 Safari/537.36"
66.29.132.124 - - [25/Apr/2025:23:47:17 -0400] "POST /wp-cron.php?doing_wp_cron=1745639237.4107871055603027343750 HTTP/1.1" 200 0 "-" "WordPress/6.8; https://drmohsinazeem.com"
66.29.132.124 - - [25/Apr/2025:23:47:23 -0400] "POST /wp-admin/admin-ajax.php?action=async_litespeed&nonce=eoWMbbIJR76hlngWQddJMZSJpWno7Ibn&litespeed_type=imgoptm HTTP/1.1" 200 0 "-" "WordPress/6.8; https://drmohsinazeem.com"
66.29.132.124 - - [25/Apr/2025:23:53:14 -0400] "POST /wp-cron.php?doing_wp_cron=1745639594.0387749671936035156250 HTTP/1.1" 200 0 "-" "WordPress/6.8; https://drmohsinazeem.com"
68.65.122.55 - - [25/Apr/2025:23:53:06 -0400] "GET /xmlrpc.php HTTP/1.1" 405 46 "http://drmohsinazeem.com" "Mozilla/5.0 (Macintosh; Intel Mac OS X 13.3; rv:126.0) Gecko/20100101 Firefox/126.0"
66.29.132.124 - - [25/Apr/2025:23:53:15 -0400] "POST /wp-admin/admin-ajax.php?action=async_litespeed&nonce=TNlmqvARbwPIumi1IxW6JEhEfmvFEzjN&litespeed_type=imgoptm HTTP/1.1" 200 0 "-" "WordPress/6.8; https://drmohsinazeem.com"
38.98.189.171 - - [25/Apr/2025:23:59:47 -0400] "GET / HTTP/1.1" 200 28317 "http://drmohsinazeem.com" "Mozilla/5.0 (Windows NT 10.0; Win64; x64) AppleWebKit/537.36 (KHTML, like Gecko) Chrome/90.0.4430.212 Safari/537.36"
38.98.189.171 - - [25/Apr/2025:23:59:54 -0400] "GET / HTTP/1.1" 200 28317 "http://drmohsinazeem.com" "Mozilla/5.0+(compatible;+Googlebot/2.1;++http://www.google.com/bot.html)"
68.65.123.38 - - [26/Apr/2025:00:11:15 -0400] "GET /xmlrpc.php HTTP/1.1" 200 0 "http://drmohsinazeem.com" "Mozilla/5.0 (Macintosh; Intel Mac OS X 14.5) AppleWebKit/618.3.5 (KHTML, like Gecko) Version/17.4 Safari/618.3.5"
66.29.132.124 - - [26/Apr/2025:00:11:31 -0400] "POST /wp-cron.php?doing_wp_cron=1745640691.5091669559478759765625 HTTP/1.1" 200 0 "-" "WordPress/6.8; https://drmohsinazeem.com"
66.29.132.124 - - [26/Apr/2025:00:11:32 -0400] "POST /wp-admin/admin-ajax.php?action=async_litespeed&nonce=RfGo7sNQASz0lLQDcpOUR69qiIQNecXW&litespeed_type=imgoptm HTTP/1.1" 200 0 "-" "WordPress/6.8; https://drmohsinazeem.com"
123.6.49.18 - - [26/Apr/2025:00:17:43 -0400] "GET / HTTP/1.1" 200 33667 "-" "Mozilla/5.0 (Linux; Android 10; HUAWEI P30 Pro) AppleWebKit/537.36 (KHTML, like Gecko) Chrome/89.0.4389.105 Mobile Safari/537.36"
123.6.49.18 - - [26/Apr/2025:00:17:44 -0400] "GET /wp-content/plugins/header-footer-elementor/inc/widgets-css/frontend.css?ver=2.3.0 HTTP/1.1" 200 11437 "https://drmohsinazeem.com/" "Mozilla/5.0 (Linux; Android 10; HUAWEI P30 Pro) AppleWebKit/537.36 (KHTML, like Gecko) Chrome/89.0.4389.105 Mobile Safari/537.36"
123.6.49.18 - - [26/Apr/2025:00:17:44 -0400] "GET /wp-content/plugins/header-footer-elementor/assets/css/header-footer-elementor.css?ver=2.3.0 HTTP/1.1" 200 341 "https://drmohsinazeem.com/" "Mozilla/5.0 (Linux; Android 10; HUAWEI P30 Pro) AppleWebKit/537.36 (KHTML, like Gecko) Chrome/89.0.4389.105 Mobile Safari/537.36"
123.6.49.18 - - [26/Apr/2025:00:17:44 -0400] "GET /wp-content/plugins/elementor/assets/css/frontend.min.css?ver=3.28.4 HTTP/1.1" 200 8879 "https://drmohsinazeem.com/" "Mozilla/5.0 (Linux; Android 10; HUAWEI P30 Pro) AppleWebKit/537.36 (KHTML, like Gecko) Chrome/89.0.4389.105 Mobile Safari/537.36"
123.6.49.18 - - [26/Apr/2025:00:17:44 -0400] "GET /wp-content/uploads/elementor/css/post-66.css?ver=1744806269 HTTP/1.1" 200 1864 "https://drmohsinazeem.com/" "Mozilla/5.0 (Linux; Android 10; HUAWEI P30 Pro) AppleWebKit/537.36 (KHTML, like Gecko) Chrome/89.0.4389.105 Mobile Safari/537.36"
123.6.49.18 - - [26/Apr/2025:00:17:44 -0400] "GET /wp-content/plugins/pro-elements/assets/css/frontend.min.css?ver=3.23.1 HTTP/1.1" 200 61452 "https://drmohsinazeem.com/" "Mozilla/5.0 (Linux; Android 10; HUAWEI P30 Pro) AppleWebKit/537.36 (KHTML, like Gecko) Chrome/89.0.4389.105 Mobile Safari/537.36"
123.6.49.18 - - [26/Apr/2025:00:17:44 -0400] "GET /wp-content/plugins/selection-lite/css/sticky-effect.min.css?ver=1.15 HTTP/1.1" 200 0 "https://drmohsinazeem.com/" "Mozilla/5.0 (Linux; Android 10; HUAWEI P30 Pro) AppleWebKit/537.36 (KHTML, like Gecko) Chrome/89.0.4389.105 Mobile Safari/537.36"
123.6.49.18 - - [26/Apr/2025:00:17:44 -0400] "GET /wp-content/plugins/elementor/assets/css/widget-image.min.css?ver=3.28.4 HTTP/1.1" 200 254 "https://drmohsinazeem.com/" "Mozilla/5.0 (Linux; Android 10; HUAWEI P30 Pro) AppleWebKit/537.36 (KHTML, like Gecko) Chrome/89.0.4389.105 Mobile Safari/537.36"
123.6.49.18 - - [26/Apr/2025:00:17:47 -0400] "GET /wp-content/plugins/elementor/assets/css/widget-heading.min.css?ver=3.28.4 HTTP/1.1" 200 192 "https://drmohsinazeem.com/" "Mozilla/5.0 (Linux; Android 10; HUAWEI P30 Pro) AppleWebKit/537.36 (KHTML, like Gecko) Chrome/89.0.4389.105 Mobile Safari/537.36"
123.6.49.18 - - [26/Apr/2025:00:17:47 -0400] "GET /wp-content/plugins/elementor/assets/lib/animations/styles/e-animation-grow.min.css?ver=3.28.4 HTTP/1.1" 200 198 "https://drmohsinazeem.com/" "Mozilla/5.0 (Linux; Android 10; HUAWEI P30 Pro) AppleWebKit/537.36 (KHTML, like Gecko) Chrome/89.0.4389.105 Mobile Safari/537.36"
123.6.49.18 - - [26/Apr/2025:00:17:47 -0400] "GET /wp-content/plugins/elementor/assets/css/widget-divider.min.css?ver=3.28.4 HTTP/1.1" 200 878 "https://drmohsinazeem.com/" "Mozilla/5.0 (Linux; Android 10; HUAWEI P30 Pro) AppleWebKit/537.36 (KHTML, like Gecko) Chrome/89.0.4389.105 Mobile Safari/537.36"
52.225.75.208 - - [26/Apr/2025:00:19:55 -0400] "GET / HTTP/1.1" 200 28317 "-" "Mozilla/5.0 AppleWebKit/537.36 (KHTML, like Gecko); compatible; ChatGPT-User/1.0; +https://openai.com/bot"
198.54.120.17 - - [26/Apr/2025:00:29:25 -0400] "GET /xmlrpc.php HTTP/1.1" 200 0 "http://drmohsinazeem.com" "Mozilla/5.0 (Macintosh; Intel Mac OS X 14.3) AppleWebKit/614.31.14 (KHTML, like Gecko) Version/17.0.96 Safari/614.31.14"
66.29.132.124 - - [26/Apr/2025:00:29:42 -0400] "POST /wp-cron.php?doing_wp_cron=1745641781.1777379512786865234375 HTTP/1.1" 200 0 "-" "WordPress/6.8; https://drmohsinazeem.com"
66.29.132.124 - - [26/Apr/2025:00:29:48 -0400] "POST /wp-admin/admin-ajax.php?action=async_litespeed&nonce=FpuufuV9oTEHVn0pIutB5q1mB8TDYjHj&litespeed_type=imgoptm HTTP/1.1" 200 0 "-" "WordPress/6.8; https://drmohsinazeem.com"
185.216.118.131 - - [26/Apr/2025:00:32:31 -0400] "GET /about.php HTTP/1.1" 200 1217 "-" "Mozilla/5.0 (Windows NT 10.0; Win64; x64) AppleWebKit/537.36 (KHTML, like Gecko) Chrome/133.0.0.0 Safari/537.36"
185.216.118.131 - - [26/Apr/2025:00:32:33 -0400] "GET /favicon.ico HTTP/1.1" 404 1251 "https://drmohsinazeem.com/about.php" "Mozilla/5.0 (Windows NT 10.0; Win64; x64) AppleWebKit/537.36 (KHTML, like Gecko) Chrome/133.0.0.0 Safari/537.36"
27.115.124.6 - - [26/Apr/2025:00:32:38 -0400] "GET /about.php HTTP/1.1" 200 1380 "-" "Mozilla/5.0 (Linux; Android 10; HUAWEI P30 Pro) AppleWebKit/537.36 (KHTML, like Gecko) Chrome/89.0.4389.105 Mobile Safari/537.36"
27.115.124.38 - - [26/Apr/2025:00:32:40 -0400] "GET /favicon.ico HTTP/1.1" 404 1251 "-" "Mozilla/5.0 (Windows NT 10.0; WOW64) AppleWebKit/537.36 (KHTML, like Gecko) Chrome/78.0.3904.108 Safari/537.36"
27.115.124.70 - - [26/Apr/2025:00:32:42 -0400] "GET /favicon.ico HTTP/1.1" 404 1251 "-" "Mozilla/5.0 (Windows NT 10.0; Win64; x64) AppleWebKit/537.36 (KHTML, like Gecko) Chrome/120.0.0.0 Safari/537.36"
123.6.49.12 - - [26/Apr/2025:00:32:44 -0400] "GET / HTTP/1.1" 200 33667 "-" "Mozilla/5.0 (Linux; Android 11; CPH2185) AppleWebKit/537.36 (KHTML, like Gecko) Chrome/91.0.4472.101 Mobile Safari/537.36"
27.115.124.109 - - [26/Apr/2025:00:32:44 -0400] "GET /about.php?path=/ HTTP/1.1" 200 924 "-" "Mozilla/5.0 (Linux; Android 10; HUAWEI P30 Pro) AppleWebKit/537.36 (KHTML, like Gecko) Chrome/89.0.4389.105 Mobile Safari/537.36"
123.6.49.12 - - [26/Apr/2025:00:32:45 -0400] "GET /wp-content/plugins/header-footer-elementor/assets/css/header-footer-elementor.css?ver=2.3.0 HTTP/1.1" 200 341 "https://drmohsinazeem.com/" "Mozilla/5.0 (Linux; Android 11; CPH2185) AppleWebKit/537.36 (KHTML, like Gecko) Chrome/91.0.4472.101 Mobile Safari/537.36"
123.6.49.12 - - [26/Apr/2025:00:32:45 -0400] "GET /wp-content/plugins/elementor/assets/css/frontend.min.css?ver=3.28.4 HTTP/1.1" 200 8879 "https://drmohsinazeem.com/" "Mozilla/5.0 (Linux; Android 11; CPH2185) AppleWebKit/537.36 (KHTML, like Gecko) Chrome/91.0.4472.101 Mobile Safari/537.36"
123.6.49.12 - - [26/Apr/2025:00:32:45 -0400] "GET /wp-content/uploads/elementor/css/post-66.css?ver=1744806269 HTTP/1.1" 200 1864 "https://drmohsinazeem.com/" "Mozilla/5.0 (Linux; Android 11; CPH2185) AppleWebKit/537.36 (KHTML, like Gecko) Chrome/91.0.4472.101 Mobile Safari/537.36"
123.6.49.12 - - [26/Apr/2025:00:32:45 -0400] "GET /wp-content/plugins/selection-lite/css/sticky-effect.min.css?ver=1.15 HTTP/1.1" 200 0 "https://drmohsinazeem.com/" "Mozilla/5.0 (Linux; Android 11; CPH2185) AppleWebKit/537.36 (KHTML, like Gecko) Chrome/91.0.4472.101 Mobile Safari/537.36"
123.6.49.12 - - [26/Apr/2025:00:32:45 -0400] "GET /wp-content/plugins/elementor/assets/css/widget-image.min.css?ver=3.28.4 HTTP/1.1" 200 254 "https://drmohsinazeem.com/" "Mozilla/5.0 (Linux; Android 11; CPH2185) AppleWebKit/537.36 (KHTML, like Gecko) Chrome/91.0.4472.101 Mobile Safari/537.36"
123.6.49.12 - - [26/Apr/2025:00:32:45 -0400] "GET /wp-content/plugins/elementor/assets/css/widget-heading.min.css?ver=3.28.4 HTTP/1.1" 200 192 "https://drmohsinazeem.com/" "Mozilla/5.0 (Linux; Android 11; CPH2185) AppleWebKit/537.36 (KHTML, like Gecko) Chrome/91.0.4472.101 Mobile Safari/537.36"
123.6.49.12 - - [26/Apr/2025:00:32:45 -0400] "GET /wp-content/plugins/elementor/assets/lib/animations/styles/e-animation-grow.min.css?ver=3.28.4 HTTP/1.1" 200 198 "https://drmohsinazeem.com/" "Mozilla/5.0 (Linux; Android 11; CPH2185) AppleWebKit/537.36 (KHTML, like Gecko) Chrome/91.0.4472.101 Mobile Safari/537.36"
123.6.49.12 - - [26/Apr/2025:00:32:45 -0400] "GET /wp-content/plugins/elementor/assets/css/widget-divider.min.css?ver=3.28.4 HTTP/1.1" 200 878 "https://drmohsinazeem.com/" "Mozilla/5.0 (Linux; Android 11; CPH2185) AppleWebKit/537.36 (KHTML, like Gecko) Chrome/91.0.4472.101 Mobile Safari/537.36"
123.6.49.12 - - [26/Apr/2025:00:32:46 -0400] "GET /wp-content/plugins/elementor/assets/css/widget-icon-list.min.css?ver=3.24.3 HTTP/1.1" 200 1333 "https://drmohsinazeem.com/" "Mozilla/5.0 (Linux; Android 11; CPH2185) AppleWebKit/537.36 (KHTML, like Gecko) Chrome/91.0.4472.101 Mobile Safari/537.36"
123.6.49.12 - - [26/Apr/2025:00:32:45 -0400] "GET /wp-content/plugins/header-footer-elementor/inc/widgets-css/frontend.css?ver=2.3.0 HTTP/1.1" 200 11437 "https://drmohsinazeem.com/" "Mozilla/5.0 (Linux; Android 11; CPH2185) AppleWebKit/537.36 (KHTML, like Gecko) Chrome/91.0.4472.101 Mobile Safari/537.36"
123.6.49.12 - - [26/Apr/2025:00:32:45 -0400] "GET /wp-content/plugins/pro-elements/assets/css/frontend.min.css?ver=3.23.1 HTTP/1.1" 200 61452 "https://drmohsinazeem.com/" "Mozilla/5.0 (Linux; Android 11; CPH2185) AppleWebKit/537.36 (KHTML, like Gecko) Chrome/91.0.4472.101 Mobile Safari/537.36"
123.6.49.12 - - [26/Apr/2025:00:32:46 -0400] "GET /wp-content/plugins/elementor/assets/css/conditionals/shapes.min.css?ver=3.28.4 HTTP/1.1" 200 297 "https://drmohsinazeem.com/" "Mozilla/5.0 (Linux; Android 11; CPH2185) AppleWebKit/537.36 (KHTML, like Gecko) Chrome/91.0.4472.101 Mobile Safari/537.36"
123.6.49.12 - - [26/Apr/2025:00:32:46 -0400] "GET /wp-content/plugins/elementor/assets/lib/animations/styles/fadeInUp.min.css?ver=3.28.4 HTTP/1.1" 200 130 "https://drmohsinazeem.com/" "Mozilla/5.0 (Linux; Android 11; CPH2185) AppleWebKit/537.36 (KHTML, like Gecko) Chrome/91.0.4472.101 Mobile Safari/537.36"
123.6.49.12 - - [26/Apr/2025:00:32:46 -0400] "GET /wp-content/plugins/elementor/assets/css/widget-icon-box.min.css?ver=3.28.4 HTTP/1.1" 200 1048 "https://drmohsinazeem.com/" "Mozilla/5.0 (Linux; Android 11; CPH2185) AppleWebKit/537.36 (KHTML, like Gecko) Chrome/91.0.4472.101 Mobile Safari/537.36"
123.6.49.12 - - [26/Apr/2025:00:32:46 -0400] "GET /wp-content/plugins/elementor/assets/css/widget-google_maps.min.css?ver=3.28.4 HTTP/1.1" 200 169 "https://drmohsinazeem.com/" "Mozilla/5.0 (Linux; Android 11; CPH2185) AppleWebKit/537.36 (KHTML, like Gecko) Chrome/91.0.4472.101 Mobile Safari/537.36"
123.6.49.12 - - [26/Apr/2025:00:32:46 -0400] "GET /wp-content/uploads/elementor/css/post-11.css?ver=1744806275 HTTP/1.1" 200 13739 "https://drmohsinazeem.com/" "Mozilla/5.0 (Linux; Android 11; CPH2185) AppleWebKit/537.36 (KHTML, like Gecko) Chrome/91.0.4472.101 Mobile Safari/537.36"
123.6.49.12 - - [26/Apr/2025:00:32:46 -0400] "GET /wp-content/themes/hello-elementor/style.min.css?ver=3.3.0 HTTP/1.1" 200 1963 "https://drmohsinazeem.com/" "Mozilla/5.0 (Linux; Android 11; CPH2185) AppleWebKit/537.36 (KHTML, like Gecko) Chrome/91.0.4472.101 Mobile Safari/537.36"
123.6.49.12 - - [26/Apr/2025:00:32:46 -0400] "GET /wp-content/themes/hello-elementor/theme.min.css?ver=3.3.0 HTTP/1.1" 200 1424 "https://drmohsinazeem.com/" "Mozilla/5.0 (Linux; Android 11; CPH2185) AppleWebKit/537.36 (KHTML, like Gecko) Chrome/91.0.4472.101 Mobile Safari/537.36"
123.6.49.12 - - [26/Apr/2025:00:32:46 -0400] "GET /wp-content/themes/hello-elementor/header-footer.min.css?ver=3.3.0 HTTP/1.1" 200 1705 "https://drmohsinazeem.com/" "Mozilla/5.0 (Linux; Android 11; CPH2185) AppleWebKit/537.36 (KHTML, like Gecko) Chrome/91.0.4472.101 Mobile Safari/537.36"
123.6.49.12 - - [26/Apr/2025:00:32:46 -0400] "GET /wp-content/plugins/elementor/assets/lib/eicons/css/elementor-icons.min.css?ver=5.34.0 HTTP/1.1" 200 4570 "https://drmohsinazeem.com/" "Mozilla/5.0 (Linux; Android 11; CPH2185) AppleWebKit/537.36 (KHTML, like Gecko) Chrome/91.0.4472.101 Mobile Safari/537.36"
123.6.49.12 - - [26/Apr/2025:00:32:46 -0400] "GET /wp-content/plugins/elementor/assets/css/widget-accordion.min.css?ver=3.28.4 HTTP/1.1" 200 485 "https://drmohsinazeem.com/" "Mozilla/5.0 (Linux; Android 11; CPH2185) AppleWebKit/537.36 (KHTML, like Gecko) Chrome/91.0.4472.101 Mobile Safari/537.36"
123.6.49.12 - - [26/Apr/2025:00:32:46 -0400] "GET /wp-content/uploads/elementor/css/post-225.css?ver=1744806276 HTTP/1.1" 200 2250 "https://drmohsinazeem.com/" "Mozilla/5.0 (Linux; Android 11; CPH2185) AppleWebKit/537.36 (KHTML, like Gecko) Chrome/91.0.4472.101 Mobile Safari/537.36"
123.6.49.12 - - [26/Apr/2025:00:32:46 -0400] "GET /wp-content/plugins/elementor/assets/css/widget-social-icons.min.css?ver=3.24.0 HTTP/1.1" 200 1236 "https://drmohsinazeem.com/" "Mozilla/5.0 (Linux; Android 11; CPH2185) AppleWebKit/537.36 (KHTML, like Gecko) Chrome/91.0.4472.101 Mobile Safari/537.36"
123.6.49.12 - - [26/Apr/2025:00:32:46 -0400] "GET /wp-content/plugins/elementor/assets/lib/animations/styles/fadeIn.min.css?ver=3.28.4 HTTP/1.1" 200 77 "https://drmohsinazeem.com/" "Mozilla/5.0 (Linux; Android 11; CPH2185) AppleWebKit/537.36 (KHTML, like Gecko) Chrome/91.0.4472.101 Mobile Safari/537.36"
123.6.49.12 - - [26/Apr/2025:00:32:46 -0400] "GET /wp-content/plugins/elementor/assets/lib/font-awesome/css/fontawesome.css?ver=5.15.3 HTTP/1.1" 200 15083 "https://drmohsinazeem.com/" "Mozilla/5.0 (Linux; Android 11; CPH2185) AppleWebKit/537.36 (KHTML, like Gecko) Chrome/91.0.4472.101 Mobile Safari/537.36"
123.6.49.12 - - [26/Apr/2025:00:32:46 -0400] "GET /wp-content/plugins/elementor/assets/lib/font-awesome/css/solid.css?ver=5.15.3 HTTP/1.1" 200 329 "https://drmohsinazeem.com/" "Mozilla/5.0 (Linux; Android 11; CPH2185) AppleWebKit/537.36 (KHTML, like Gecko) Chrome/91.0.4472.101 Mobile Safari/537.36"
123.6.49.12 - - [26/Apr/2025:00:32:46 -0400] "GET /wp-content/plugins/elementor/assets/css/widget-image-box.min.css?ver=3.28.4 HTTP/1.1" 200 387 "https://drmohsinazeem.com/" "Mozilla/5.0 (Linux; Android 11; CPH2185) AppleWebKit/537.36 (KHTML, like Gecko) Chrome/91.0.4472.101 Mobile Safari/537.36"
123.6.49.12 - - [26/Apr/2025:00:32:46 -0400] "GET /wp-content/plugins/elementor/assets/lib/font-awesome/css/brands.css?ver=5.15.3 HTTP/1.1" 200 327 "https://drmohsinazeem.com/" "Mozilla/5.0 (Linux; Android 11; CPH2185) AppleWebKit/537.36 (KHTML, like Gecko) Chrome/91.0.4472.101 Mobile Safari/537.36"
123.6.49.12 - - [26/Apr/2025:00:32:46 -0400] "GET /wp-content/plugins/essential-addons-for-elementor-lite/assets/front-end/css/view/general.min.css?ver=6.1.11 HTTP/1.1" 200 1725 "https://drmohsinazeem.com/" "Mozilla/5.0 (Linux; Android 11; CPH2185) AppleWebKit/537.36 (KHTML, like Gecko) Chrome/91.0.4472.101 Mobile Safari/537.36"
123.6.49.12 - - [26/Apr/2025:00:32:46 -0400] "GET /wp-content/plugins/elementor/assets/css/widget-icon-list.min.css?ver=3.28.4 HTTP/1.1" 200 1333 "https://drmohsinazeem.com/" "Mozilla/5.0 (Linux; Android 11; CPH2185) AppleWebKit/537.36 (KHTML, like Gecko) Chrome/91.0.4472.101 Mobile Safari/537.36"
123.6.49.12 - - [26/Apr/2025:00:32:46 -0400] "GET /wp-content/plugins/elementor/assets/lib/animations/styles/slideInUp.min.css?ver=3.28.4 HTTP/1.1" 200 146 "https://drmohsinazeem.com/" "Mozilla/5.0 (Linux; Android 11; CPH2185) AppleWebKit/537.36 (KHTML, like Gecko) Chrome/91.0.4472.101 Mobile Safari/537.36"
123.6.49.12 - - [26/Apr/2025:00:32:46 -0400] "GET /wp-content/uploads/elementor/css/post-220.css?ver=1744806276 HTTP/1.1" 200 4550 "https://drmohsinazeem.com/" "Mozilla/5.0 (Linux; Android 11; CPH2185) AppleWebKit/537.36 (KHTML, like Gecko) Chrome/91.0.4472.101 Mobile Safari/537.36"
123.6.49.12 - - [26/Apr/2025:00:32:46 -0400] "GET /wp-content/plugins/elementor/assets/lib/eicons/css/elementor-icons.min.css?ver=5.36.0 HTTP/1.1" 200 4570 "https://drmohsinazeem.com/" "Mozilla/5.0 (Linux; Android 11; CPH2185) AppleWebKit/537.36 (KHTML, like Gecko) Chrome/91.0.4472.101 Mobile Safari/537.36"
123.6.49.12 - - [26/Apr/2025:00:32:46 -0400] "GET /wp-content/plugins/elementor/assets/css/widget-social-icons.min.css?ver=3.28.4 HTTP/1.1" 200 1236 "https://drmohsinazeem.com/" "Mozilla/5.0 (Linux; Android 11; CPH2185) AppleWebKit/537.36 (KHTML, like Gecko) Chrome/91.0.4472.101 Mobile Safari/537.36"
123.6.49.12 - - [26/Apr/2025:00:32:46 -0400] "GET /wp-content/uploads/elementor/google-fonts/css/opensans.css?ver=1742304990 HTTP/1.1" 200 3936 "https://drmohsinazeem.com/" "Mozilla/5.0 (Linux; Android 11; CPH2185) AppleWebKit/537.36 (KHTML, like Gecko) Chrome/91.0.4472.101 Mobile Safari/537.36"
123.6.49.12 - - [26/Apr/2025:00:32:46 -0400] "GET /wp-includes/js/jquery/jquery-migrate.min.js?ver=3.4.1 HTTP/1.1" 200 5342 "https://drmohsinazeem.com/" "Mozilla/5.0 (Linux; Android 11; CPH2185) AppleWebKit/537.36 (KHTML, like Gecko) Chrome/91.0.4472.101 Mobile Safari/537.36"
123.6.49.12 - - [26/Apr/2025:00:32:46 -0400] "GET /wp-includes/js/jquery/jquery.min.js?ver=3.7.1 HTTP/1.1" 200 35438 "https://drmohsinazeem.com/" "Mozilla/5.0 (Linux; Android 11; CPH2185) AppleWebKit/537.36 (KHTML, like Gecko) Chrome/91.0.4472.101 Mobile Safari/537.36"
123.6.49.12 - - [26/Apr/2025:00:32:46 -0400] "GET /wp-content/uploads/elementor/thumbs/3d_logo_white_wall_shine_dr-removebg-preview-e1722684921421-qs2atenjxq55ptvbbzq2xsputt3xgufxsljrhc484g.png HTTP/1.1" 200 137572 "https://drmohsinazeem.com/" "Mozilla/5.0 (Linux; Android 11; CPH2185) AppleWebKit/537.36 (KHTML, like Gecko) Chrome/91.0.4472.101 Mobile Safari/537.36"
123.6.49.12 - - [26/Apr/2025:00:32:46 -0400] "GET /wp-content/uploads/2024/08/3d_logo_white_wall_shine_dr-removebg-preview-e1722684921421.png HTTP/1.1" 200 31729 "https://drmohsinazeem.com/" "Mozilla/5.0 (Linux; Android 11; CPH2185) AppleWebKit/537.36 (KHTML, like Gecko) Chrome/91.0.4472.101 Mobile Safari/537.36"
123.6.49.12 - - [26/Apr/2025:00:32:46 -0400] "GET /wp-content/uploads/elementor/thumbs/3d8e2af6-eae8-4f33-b929-321f04104f0b-qryv7t99luuk6eem1mfzeh6dlabwa54z4390s8vju8.jpg HTTP/1.1" 200 74414 "https://drmohsinazeem.com/" "Mozilla/5.0 (Linux; Android 11; CPH2185) AppleWebKit/537.36 (KHTML, like Gecko) Chrome/91.0.4472.101 Mobile Safari/537.36"
123.6.49.12 - - [26/Apr/2025:00:32:46 -0400] "GET /wp-content/uploads/elementor/thumbs/3d8e2af6-eae8-4f33-b929-321f04104f0b-qryv7t99luubzrgwb6yzzmudfqy7rsci2p1vz29k80.jpg HTTP/1.1" 200 69964 "https://drmohsinazeem.com/" "Mozilla/5.0 (Linux; Android 11; CPH2185) AppleWebKit/537.36 (KHTML, like Gecko) Chrome/91.0.4472.101 Mobile Safari/537.36"
123.6.49.12 - - [26/Apr/2025:00:32:46 -0400] "GET /wp-content/uploads/elementor/thumbs/3d_logo_white_wall_shine_dr-removebg-preview-e1722684921421-qs2atemvkmchhqon1qeoo7um30vc9q5k4pschajri8.png HTTP/1.1" 200 31459 "https://drmohsinazeem.com/" "Mozilla/5.0 (Linux; Android 11; CPH2185) AppleWebKit/537.36 (KHTML, like Gecko) Chrome/91.0.4472.101 Mobile Safari/537.36"
123.6.49.12 - - [26/Apr/2025:00:32:46 -0400] "GET /wp-content/uploads/2024/07/service_5.png HTTP/1.1" 200 7513 "https://drmohsinazeem.com/" "Mozilla/5.0 (Linux; Android 11; CPH2185) AppleWebKit/537.36 (KHTML, like Gecko) Chrome/91.0.4472.101 Mobile Safari/537.36"
123.6.49.12 - - [26/Apr/2025:00:32:46 -0400] "GET /wp-content/uploads/2024/07/service_1-1.png HTTP/1.1" 200 7685 "https://drmohsinazeem.com/" "Mozilla/5.0 (Linux; Android 11; CPH2185) AppleWebKit/537.36 (KHTML, like Gecko) Chrome/91.0.4472.101 Mobile Safari/537.36"
123.6.49.12 - - [26/Apr/2025:00:32:46 -0400] "GET /wp-content/uploads/2024/07/service_4.png HTTP/1.1" 200 7098 "https://drmohsinazeem.com/" "Mozilla/5.0 (Linux; Android 11; CPH2185) AppleWebKit/537.36 (KHTML, like Gecko) Chrome/91.0.4472.101 Mobile Safari/537.36"
123.6.49.12 - - [26/Apr/2025:00:32:46 -0400] "GET /wp-content/uploads/elementor/thumbs/7cfe3ec9-7c9b-4798-9179-8e910259176c-qs0uil3c94kg0q0vw4id7re2xz15j91sofrsnr3gog.jpg HTTP/1.1" 200 66253 "https://drmohsinazeem.com/" "Mozilla/5.0 (Linux; Android 11; CPH2185) AppleWebKit/537.36 (KHTML, like Gecko) Chrome/91.0.4472.101 Mobile Safari/537.36"
123.6.49.12 - - [26/Apr/2025:00:32:46 -0400] "GET /wp-content/uploads/2024/07/portrait-of-serious-male-architect-in-office-stand-FVHYLV4-1-300x200.jpg HTTP/1.1" 200 15624 "https://drmohsinazeem.com/" "Mozilla/5.0 (Linux; Android 11; CPH2185) AppleWebKit/537.36 (KHTML, like Gecko) Chrome/91.0.4472.101 Mobile Safari/537.36"
123.6.49.12 - - [26/Apr/2025:00:32:46 -0400] "GET /wp-content/uploads/2024/07/friendly-woman-patient-talking-to-psychological-co-QRBVN9Q-1-1-e1624538472451-300x285.jpg HTTP/1.1" 200 14762 "https://drmohsinazeem.com/" "Mozilla/5.0 (Linux; Android 11; CPH2185) AppleWebKit/537.36 (KHTML, like Gecko) Chrome/91.0.4472.101 Mobile Safari/537.36"
123.6.49.12 - - [26/Apr/2025:00:32:46 -0400] "GET /wp-content/uploads/elementor/thumbs/cheerful-women-chatting-PA8KTYC2-1-qrx641ii9olqf4r7gaehzhvlgtsyeapnbyijnp83x0.jpg HTTP/1.1" 200 15374 "https://drmohsinazeem.com/" "Mozilla/5.0 (Linux; Android 11; CPH2185) AppleWebKit/537.36 (KHTML, like Gecko) Chrome/91.0.4472.101 Mobile Safari/537.36"
123.6.49.12 - - [26/Apr/2025:00:32:46 -0400] "GET /wp-content/uploads/elementor/thumbs/talking-to-refugee-4SBQMPM-1-qrx63zmtw0jdyjrnhp289cooflfwh9anp3epibwvvo.jpg HTTP/1.1" 200 12801 "https://drmohsinazeem.com/" "Mozilla/5.0 (Linux; Android 11; CPH2185) AppleWebKit/537.36 (KHTML, like Gecko) Chrome/91.0.4472.101 Mobile Safari/537.36"
123.6.49.12 - - [26/Apr/2025:00:32:46 -0400] "GET /wp-content/uploads/elementor/thumbs/thankful-patient-VGY8PEZ2-qrx643e70ib2erxb65vd76b0un9x1gagzpjpusbzv8.jpg HTTP/1.1" 200 13003 "https://drmohsinazeem.com/" "Mozilla/5.0 (Linux; Android 11; CPH2185) AppleWebKit/537.36 (KHTML, like Gecko) Chrome/91.0.4472.101 Mobile Safari/537.36"
123.6.49.12 - - [26/Apr/2025:00:32:46 -0400] "GET /wp-content/uploads/2024/07/casual-business-woman-portrait-of-a-beautiful-young-business-woman-sitting-at-her-working-place--300x200.jpg HTTP/1.1" 200 13529 "https://drmohsinazeem.com/" "Mozilla/5.0 (Linux; Android 11; CPH2185) AppleWebKit/537.36 (KHTML, like Gecko) Chrome/91.0.4472.101 Mobile Safari/537.36"
123.6.49.12 - - [26/Apr/2025:00:32:46 -0400] "GET /wp-content/uploads/elementor/thumbs/reassuring-refugee-VVWVLAF-qrx6467oup5eorbjnzs0r9se8pfk90uy141rtjugr8.jpg HTTP/1.1" 200 12751 "https://drmohsinazeem.com/" "Mozilla/5.0 (Linux; Android 11; CPH2185) AppleWebKit/537.36 (KHTML, like Gecko) Chrome/91.0.4472.101 Mobile Safari/537.36"
123.6.49.12 - - [26/Apr/2025:00:32:46 -0400] "GET /wp-content/plugins/selection-lite/css/elementor-admin.min.css?ver=1.15 HTTP/1.1" 200 1479 "https://drmohsinazeem.com/" "Mozilla/5.0 (Linux; Android 11; CPH2185) AppleWebKit/537.36 (KHTML, like Gecko) Chrome/91.0.4472.101 Mobile Safari/537.36"
123.6.49.12 - - [26/Apr/2025:00:32:46 -0400] "GET /wp-content/plugins/selection-lite/css/logar-elementor.min.css?ver=1.15 HTTP/1.1" 200 266 "https://drmohsinazeem.com/" "Mozilla/5.0 (Linux; Android 11; CPH2185) AppleWebKit/537.36 (KHTML, like Gecko) Chrome/91.0.4472.101 Mobile Safari/537.36"
123.6.49.12 - - [26/Apr/2025:00:32:46 -0400] "GET /wp-content/plugins/elementor/assets/css/conditionals/apple-webkit.min.css?ver=3.28.4 HTTP/1.1" 200 699 "https://drmohsinazeem.com/" "Mozilla/5.0 (Linux; Android 11; CPH2185) AppleWebKit/537.36 (KHTML, like Gecko) Chrome/91.0.4472.101 Mobile Safari/537.36"
123.6.49.12 - - [26/Apr/2025:00:32:46 -0400] "GET /wp-content/plugins/elementor/assets/lib/flatpickr/flatpickr.min.css?ver=4.6.13 HTTP/1.1" 200 3653 "https://drmohsinazeem.com/" "Mozilla/5.0 (Linux; Android 11; CPH2185) AppleWebKit/537.36 (KHTML, like Gecko) Chrome/91.0.4472.101 Mobile Safari/537.36"
123.6.49.12 - - [26/Apr/2025:00:32:46 -0400] "GET /wp-content/plugins/brave-popup-builder/assets/css/frontend.min.css?ver=6.8 HTTP/1.1" 200 10820 "https://drmohsinazeem.com/" "Mozilla/5.0 (Linux; Android 11; CPH2185) AppleWebKit/537.36 (KHTML, like Gecko) Chrome/91.0.4472.101 Mobile Safari/537.36"
123.6.49.12 - - [26/Apr/2025:00:32:46 -0400] "GET /wp-includes/js/imagesloaded.min.js?ver=5.0.0 HTTP/1.1" 200 1976 "https://drmohsinazeem.com/" "Mozilla/5.0 (Linux; Android 11; CPH2185) AppleWebKit/537.36 (KHTML, like Gecko) Chrome/91.0.4472.101 Mobile Safari/537.36"
123.6.49.12 - - [26/Apr/2025:00:32:46 -0400] "GET /wp-content/themes/hello-elementor/assets/js/hello-frontend.min.js?ver=3.3.0 HTTP/1.1" 200 655 "https://drmohsinazeem.com/" "Mozilla/5.0 (Linux; Android 11; CPH2185) AppleWebKit/537.36 (KHTML, like Gecko) Chrome/91.0.4472.101 Mobile Safari/537.36"
123.6.49.12 - - [26/Apr/2025:00:32:46 -0400] "GET /wp-content/plugins/essential-addons-for-elementor-lite/assets/front-end/js/view/general.min.js?ver=6.1.11 HTTP/1.1" 200 4487 "https://drmohsinazeem.com/" "Mozilla/5.0 (Linux; Android 11; CPH2185) AppleWebKit/537.36 (KHTML, like Gecko) Chrome/91.0.4472.101 Mobile Safari/537.36"
123.6.49.12 - - [26/Apr/2025:00:32:46 -0400] "GET /wp-content/plugins/pro-elements/assets/lib/smartmenus/jquery.smartmenus.min.js?ver=1.2.1 HTTP/1.1" 200 8385 "https://drmohsinazeem.com/" "Mozilla/5.0 (Linux; Android 11; CPH2185) AppleWebKit/537.36 (KHTML, like Gecko) Chrome/91.0.4472.101 Mobile Safari/537.36"
123.6.49.12 - - [26/Apr/2025:00:32:46 -0400] "GET /wp-content/plugins/header-footer-elementor/inc/js/frontend.js?ver=2.3.0 HTTP/1.1" 200 5412 "https://drmohsinazeem.com/" "Mozilla/5.0 (Linux; Android 11; CPH2185) AppleWebKit/537.36 (KHTML, like Gecko) Chrome/91.0.4472.101 Mobile Safari/537.36"
123.6.49.12 - - [26/Apr/2025:00:32:46 -0400] "GET /wp-content/plugins/elementor/assets/lib/flatpickr/flatpickr.min.js?ver=4.6.13 HTTP/1.1" 200 17345 "https://drmohsinazeem.com/" "Mozilla/5.0 (Linux; Android 11; CPH2185) AppleWebKit/537.36 (KHTML, like Gecko) Chrome/91.0.4472.101 Mobile Safari/537.36"
123.6.49.12 - - [26/Apr/2025:00:32:46 -0400] "GET /wp-content/plugins/brave-popup-builder/assets/frontend/brave.js?ver=6.8 HTTP/1.1" 200 32047 "https://drmohsinazeem.com/" "Mozilla/5.0 (Linux; Android 11; CPH2185) AppleWebKit/537.36 (KHTML, like Gecko) Chrome/91.0.4472.101 Mobile Safari/537.36"
123.6.49.12 - - [26/Apr/2025:00:32:46 -0400] "GET /wp-content/plugins/pro-elements/assets/js/webpack-pro.runtime.min.js?ver=3.23.1 HTTP/1.1" 200 2848 "https://drmohsinazeem.com/" "Mozilla/5.0 (Linux; Android 11; CPH2185) AppleWebKit/537.36 (KHTML, like Gecko) Chrome/91.0.4472.101 Mobile Safari/537.36"
123.6.49.12 - - [26/Apr/2025:00:32:46 -0400] "GET /wp-content/plugins/elementor/assets/js/webpack.runtime.min.js?ver=3.28.4 HTTP/1.1" 200 2496 "https://drmohsinazeem.com/" "Mozilla/5.0 (Linux; Android 11; CPH2185) AppleWebKit/537.36 (KHTML, like Gecko) Chrome/91.0.4472.101 Mobile Safari/537.36"
123.6.49.12 - - [26/Apr/2025:00:32:46 -0400] "GET /wp-content/plugins/elementor/assets/js/frontend-modules.min.js?ver=3.28.4 HTTP/1.1" 200 17170 "https://drmohsinazeem.com/" "Mozilla/5.0 (Linux; Android 11; CPH2185) AppleWebKit/537.36 (KHTML, like Gecko) Chrome/91.0.4472.101 Mobile Safari/537.36"
123.6.49.12 - - [26/Apr/2025:00:32:46 -0400] "GET /wp-includes/js/dist/hooks.min.js?ver=4d63a3d491d11ffd8ac6 HTTP/1.1" 200 1758 "https://drmohsinazeem.com/" "Mozilla/5.0 (Linux; Android 11; CPH2185) AppleWebKit/537.36 (KHTML, like Gecko) Chrome/91.0.4472.101 Mobile Safari/537.36"
123.6.49.12 - - [26/Apr/2025:00:32:47 -0400] "GET /wp-includes/js/dist/i18n.min.js?ver=5e580eb46a90c2b997e6 HTTP/1.1" 200 3910 "https://drmohsinazeem.com/" "Mozilla/5.0 (Linux; Android 11; CPH2185) AppleWebKit/537.36 (KHTML, like Gecko) Chrome/91.0.4472.101 Mobile Safari/537.36"
123.6.49.12 - - [26/Apr/2025:00:32:47 -0400] "GET /wp-content/plugins/pro-elements/assets/js/frontend.min.js?ver=3.23.1 HTTP/1.1" 200 7753 "https://drmohsinazeem.com/" "Mozilla/5.0 (Linux; Android 11; CPH2185) AppleWebKit/537.36 (KHTML, like Gecko) Chrome/91.0.4472.101 Mobile Safari/537.36"
123.6.49.12 - - [26/Apr/2025:00:32:47 -0400] "GET /wp-content/plugins/elementor/assets/js/frontend.min.js?ver=3.28.4 HTTP/1.1" 200 15618 "https://drmohsinazeem.com/" "Mozilla/5.0 (Linux; Android 11; CPH2185) AppleWebKit/537.36 (KHTML, like Gecko) Chrome/91.0.4472.101 Mobile Safari/537.36"
123.6.49.12 - - [26/Apr/2025:00:32:47 -0400] "GET /wp-content/plugins/pro-elements/assets/js/elements-handlers.min.js?ver=3.23.1 HTTP/1.1" 200 11867 "https://drmohsinazeem.com/" "Mozilla/5.0 (Linux; Android 11; CPH2185) AppleWebKit/537.36 (KHTML, like Gecko) Chrome/91.0.4472.101 Mobile Safari/537.36"
123.6.49.12 - - [26/Apr/2025:00:32:47 -0400] "GET /wp-content/plugins/selection-lite/js/sticky-effect.min.js?ver=1.15 HTTP/1.1" 200 1706 "https://drmohsinazeem.com/" "Mozilla/5.0 (Linux; Android 11; CPH2185) AppleWebKit/537.36 (KHTML, like Gecko) Chrome/91.0.4472.101 Mobile Safari/537.36"
123.6.49.12 - - [26/Apr/2025:00:32:47 -0400] "GET /wp-includes/js/jquery/ui/core.min.js?ver=1.13.3 HTTP/1.1" 200 7941 "https://drmohsinazeem.com/" "Mozilla/5.0 (Linux; Android 11; CPH2185) AppleWebKit/537.36 (KHTML, like Gecko) Chrome/91.0.4472.101 Mobile Safari/537.36"
123.6.49.12 - - [26/Apr/2025:00:32:46 -0400] "GET /wp-content/plugins/elementor-pro/assets/css/widget-blockquote.min.css?ver=3.25.0 HTTP/1.1" 200 0 "https://drmohsinazeem.com/" "Mozilla/5.0 (Linux; Android 11; CPH2185) AppleWebKit/537.36 (KHTML, like Gecko) Chrome/91.0.4472.101 Mobile Safari/537.36"
123.6.49.12 - - [26/Apr/2025:00:32:46 -0400] "GET /wp-content/plugins/elementor-pro/assets/css/widget-mega-menu.min.css?ver=3.26.2 HTTP/1.1" 200 0 "https://drmohsinazeem.com/" "Mozilla/5.0 (Linux; Android 11; CPH2185) AppleWebKit/537.36 (KHTML, like Gecko) Chrome/91.0.4472.101 Mobile Safari/537.36"
123.6.49.12 - - [26/Apr/2025:00:32:46 -0400] "GET /wp-content/plugins/elementor-pro/assets/css/widget-nav-menu.min.css?ver=3.26.0 HTTP/1.1" 200 0 "https://drmohsinazeem.com/" "Mozilla/5.0 (Linux; Android 11; CPH2185) AppleWebKit/537.36 (KHTML, like Gecko) Chrome/91.0.4472.101 Mobile Safari/537.36"
27.115.124.45 - - [26/Apr/2025:00:32:49 -0400] "GET /favicon.ico HTTP/1.1" 404 1251 "-" "Mozilla/5.0 (Windows NT 10.0; WOW64) AppleWebKit/537.36 (KHTML, like Gecko) Chrome/78.0.3904.108 Safari/537.36"
66.29.132.124 - - [26/Apr/2025:00:32:50 -0400] "POST /wp-cron.php?doing_wp_cron=1745641969.4502069950103759765625 HTTP/1.1" 200 0 "-" "WordPress/6.8; https://drmohsinazeem.com"
66.29.132.124 - - [26/Apr/2025:00:32:50 -0400] "POST /wp-cron.php?doing_wp_cron=1745641969.4548931121826171875000 HTTP/1.1" 200 0 "-" "WordPress/6.8; https://drmohsinazeem.com"
27.115.124.6 - - [26/Apr/2025:00:32:50 -0400] "GET /favicon.ico HTTP/1.1" 404 1251 "-" "Mozilla/5.0 (Windows NT 10.0; Win64; x64) AppleWebKit/537.36 (KHTML, like Gecko) Chrome/120.0.0.0 Safari/537.36"
66.29.132.124 - - [26/Apr/2025:00:32:53 -0400] "POST /wp-admin/admin-ajax.php?action=async_litespeed&nonce=ZmQbUSw1k3jADL21cu0pk5Jh1ggQNTti&litespeed_type=imgoptm HTTP/1.1" 200 0 "-" "WordPress/6.8; https://drmohsinazeem.com"
68.65.120.171 - - [26/Apr/2025:00:35:34 -0400] "GET /xmlrpc.php HTTP/1.1" 200 0 "http://drmohsinazeem.com" "Mozilla/5.0 (Windows NT 11.0; Win64; x64) AppleWebKit/537.36 (KHTML, like Gecko) Chrome/126.0.0.0 Safari/537.36"
66.29.132.124 - - [26/Apr/2025:00:35:40 -0400] "POST /wp-cron.php?doing_wp_cron=1745642137.5995519161224365234375 HTTP/1.1" 200 0 "-" "WordPress/6.8; https://drmohsinazeem.com"
199.188.205.87 - - [26/Apr/2025:00:41:35 -0400] "GET /xmlrpc.php HTTP/1.1" 200 0 "http://drmohsinazeem.com" "Mozilla/5.0 (Windows NT 10.0; Win64; x64) AppleWebKit/537.36 (KHTML, like Gecko) Chrome/116.0.5845.96 Safari/537.36"
66.29.132.124 - - [26/Apr/2025:00:41:55 -0400] "POST /wp-cron.php?doing_wp_cron=1745642513.8795759677886962890625 HTTP/1.1" 200 0 "-" "WordPress/6.8; https://drmohsinazeem.com"
162.0.215.103 - - [26/Apr/2025:00:47:40 -0400] "GET /xmlrpc.php HTTP/1.1" 200 0 "http://drmohsinazeem.com" "Mozilla/5.0 (Windows NT 10.0; Win64; x64; rv:128.0) Gecko/20100101 Firefox/128.0"
66.29.132.124 - - [26/Apr/2025:00:47:54 -0400] "POST /wp-cron.php?doing_wp_cron=1745642874.0589060783386230468750 HTTP/1.1" 200 0 "-" "WordPress/6.8; https://drmohsinazeem.com"
66.29.132.124 - - [26/Apr/2025:00:48:10 -0400] "POST /wp-admin/admin-ajax.php?action=async_litespeed&nonce=Cy7LaW9bgQknvjzEt5o3iajJYXhK5Xjk&litespeed_type=imgoptm HTTP/1.1" 200 0 "-" "WordPress/6.8; https://drmohsinazeem.com"
66.29.132.124 - - [26/Apr/2025:00:53:49 -0400] "POST /wp-cron.php?doing_wp_cron=1745643229.2924339771270751953125 HTTP/1.1" 200 0 "-" "WordPress/6.8; https://drmohsinazeem.com"
198.54.114.37 - - [26/Apr/2025:00:53:43 -0400] "GET /xmlrpc.php HTTP/1.1" 405 46 "http://drmohsinazeem.com" "Mozilla/5.0 (Macintosh; Intel Mac OS X 10_15_7) AppleWebKit/537.36 (KHTML, like Gecko) Chrome/116.0.5845.96 Safari/537.36"
66.29.132.124 - - [26/Apr/2025:00:54:04 -0400] "POST /wp-admin/admin-ajax.php?action=async_litespeed&nonce=IXXdVcAE01ssyyzkMZplZ8MWNuJIwD3R&litespeed_type=imgoptm HTTP/1.1" 200 0 "-" "WordPress/6.8; https://drmohsinazeem.com"
173.244.56.46 - - [26/Apr/2025:00:57:47 -0400] "GET /.env HTTP/1.1" 200 0 "-" "Mozilla/5.0 (Macintosh; Intel Mac OS X 10.15; rv:77.0) Gecko/20100101 Firefox/77.0"
66.29.132.124 - - [26/Apr/2025:00:57:50 -0400] "POST /wp-cron.php?doing_wp_cron=1745643470.5275080204010009765625 HTTP/1.1" 200 0 "-" "WordPress/6.8; https://drmohsinazeem.com"
66.29.132.124 - - [26/Apr/2025:00:57:52 -0400] "POST /wp-admin/admin-ajax.php?action=async_litespeed&nonce=UdpvjT9hSxZALZvVt6D5pCAfAfvwl5tq&litespeed_type=imgoptm HTTP/1.1" 200 0 "-" "WordPress/6.8; https://drmohsinazeem.com"
146.19.215.32 - - [26/Apr/2025:01:02:03 -0400] "GET /admin.php?action=p&api=p&path=p&token=OwlCyberSecurity HTTP/1.1" 200 97 "-" "Mozilla/5.0 (Windows; U; Windows NT 6.1; en-US; rv:1.9.1.5) Gecko/20091102 Firefox/3.5.5 (.NET CLR 3.5.30729)"
66.29.132.124 - - [26/Apr/2025:01:04:13 -0400] "POST /wp-cron.php?doing_wp_cron=1745643852.9019429683685302734375 HTTP/1.1" 200 0 "-" "WordPress/6.8; https://drmohsinazeem.com"
162.14.210.15 - - [26/Apr/2025:01:04:07 -0400] "GET / HTTP/1.1" 301 0 "http://www.drmohsinazeem.com" "Mozilla/5.0 (iPhone; CPU iPhone OS 13_2_3 like Mac OS X) AppleWebKit/605.1.15 (KHTML, like Gecko) Version/13.0.3 Mobile/15E148 Safari/604.1"
162.14.210.15 - - [26/Apr/2025:01:04:18 -0400] "GET / HTTP/1.1" 200 33667 "https://www.drmohsinazeem.com/" "Mozilla/5.0 (iPhone; CPU iPhone OS 13_2_3 like Mac OS X) AppleWebKit/605.1.15 (KHTML, like Gecko) Version/13.0.3 Mobile/15E148 Safari/604.1"
66.29.132.124 - - [26/Apr/2025:01:04:24 -0400] "POST /wp-admin/admin-ajax.php?action=async_litespeed&nonce=FBEswDV9klZMA4tDdq9m2CXKniI4wLCN&litespeed_type=imgoptm HTTP/1.1" 200 0 "-" "WordPress/6.8; https://drmohsinazeem.com"
107.150.0.65 - - [26/Apr/2025:01:04:28 -0400] "GET /.env HTTP/1.1" 403 1242 "-" "Mozilla/5.0 (Windows NT 10.0; Win64; x64) AppleWebKit/537.36 (KHTML, like Gecko) Chrome/119.0.0.0 Safari/537.36"
146.19.215.32 - - [26/Apr/2025:01:04:31 -0400] "GET /about.php HTTP/1.1" 200 1380 "-" "Mozilla/5.0 (Windows; U; Windows NT 6.1; en-US; rv:1.9.1.5) Gecko/20091102 Firefox/3.5.5 (.NET CLR 3.5.30729)"
