107.150.0.65 - - [26/Apr/2025:01:04:31 -0400] "POST / HTTP/1.1" 508 829 "-" "Mozilla/5.0 (Windows NT 10.0; Win64; x64) AppleWebKit/537.36 (KHTML, like Gecko) Chrome/119.0.0.0 Safari/537.36"
39.37.136.35 - - [26/Apr/2025:01:20:30 -0400] "GET / HTTP/1.1" 200 28317 "-" "Mozilla/5.0 (Linux; Android 12; 220733SFG Build/SP1A.210812.016) AppleWebKit/537.36 (KHTML, like Gecko) Chrome/135.0.7049.111 Mobile Safari/537.36"
39.37.136.35 - - [26/Apr/2025:01:20:32 -0400] "GET /wp-content/plugins/header-footer-elementor/inc/widgets-css/frontend.css?ver=2.3.0 HTTP/1.1" 200 8133 "https://drmohsinazeem.com/" "Mozilla/5.0 (Linux; Android 12; 220733SFG Build/SP1A.210812.016) AppleWebKit/537.36 (KHTML, like Gecko) Chrome/135.0.7049.111 Mobile Safari/537.36"
39.37.136.35 - - [26/Apr/2025:01:20:32 -0400] "GET /wp-content/plugins/header-footer-elementor/assets/css/header-footer-elementor.css?ver=2.3.0 HTTP/1.1" 200 259 "https://drmohsinazeem.com/" "Mozilla/5.0 (Linux; Android 12; 220733SFG Build/SP1A.210812.016) AppleWebKit/537.36 (KHTML, like Gecko) Chrome/135.0.7049.111 Mobile Safari/537.36"
39.37.136.35 - - [26/Apr/2025:01:20:32 -0400] "GET /wp-content/plugins/elementor/assets/css/frontend.min.css?ver=3.28.4 HTTP/1.1" 200 6453 "https://drmohsinazeem.com/" "Mozilla/5.0 (Linux; Android 12; 220733SFG Build/SP1A.210812.016) AppleWebKit/537.36 (KHTML, like Gecko) Chrome/135.0.7049.111 Mobile Safari/537.36"
39.37.136.35 - - [26/Apr/2025:01:20:33 -0400] "GET /wp-content/uploads/elementor/css/post-66.css?ver=1744806269 HTTP/1.1" 200 1424 "https://drmohsinazeem.com/" "Mozilla/5.0 (Linux; Android 12; 220733SFG Build/SP1A.210812.016) AppleWebKit/537.36 (KHTML, like Gecko) Chrome/135.0.7049.111 Mobile Safari/537.36"
39.37.136.35 - - [26/Apr/2025:01:20:33 -0400] "GET /wp-content/plugins/pro-elements/assets/css/frontend.min.css?ver=3.23.1 HTTP/1.1" 200 43409 "https://drmohsinazeem.com/" "Mozilla/5.0 (Linux; Android 12; 220733SFG Build/SP1A.210812.016) AppleWebKit/537.36 (KHTML, like Gecko) Chrome/135.0.7049.111 Mobile Safari/537.36"
39.37.136.35 - - [26/Apr/2025:01:20:33 -0400] "GET /wp-content/plugins/selection-lite/css/sticky-effect.min.css?ver=1.15 HTTP/1.1" 200 0 "https://drmohsinazeem.com/" "Mozilla/5.0 (Linux; Android 12; 220733SFG Build/SP1A.210812.016) AppleWebKit/537.36 (KHTML, like Gecko) Chrome/135.0.7049.111 Mobile Safari/537.36"
39.37.136.35 - - [26/Apr/2025:01:20:33 -0400] "GET /wp-content/plugins/elementor/assets/css/widget-image.min.css?ver=3.28.4 HTTP/1.1" 200 254 "https://drmohsinazeem.com/" "Mozilla/5.0 (Linux; Android 12; 220733SFG Build/SP1A.210812.016) AppleWebKit/537.36 (KHTML, like Gecko) Chrome/135.0.7049.111 Mobile Safari/537.36"
39.37.136.35 - - [26/Apr/2025:01:20:33 -0400] "GET /wp-content/plugins/elementor/assets/css/widget-heading.min.css?ver=3.28.4 HTTP/1.1" 200 154 "https://drmohsinazeem.com/" "Mozilla/5.0 (Linux; Android 12; 220733SFG Build/SP1A.210812.016) AppleWebKit/537.36 (KHTML, like Gecko) Chrome/135.0.7049.111 Mobile Safari/537.36"
39.37.136.35 - - [26/Apr/2025:01:20:33 -0400] "GET /wp-content/plugins/elementor/assets/lib/animations/styles/e-animation-grow.min.css?ver=3.28.4 HTTP/1.1" 200 198 "https://drmohsinazeem.com/" "Mozilla/5.0 (Linux; Android 12; 220733SFG Build/SP1A.210812.016) AppleWebKit/537.36 (KHTML, like Gecko) Chrome/135.0.7049.111 Mobile Safari/537.36"
39.37.136.35 - - [26/Apr/2025:01:20:33 -0400] "GET /wp-content/plugins/elementor/assets/css/widget-divider.min.css?ver=3.28.4 HTTP/1.1" 200 707 "https://drmohsinazeem.com/" "Mozilla/5.0 (Linux; Android 12; 220733SFG Build/SP1A.210812.016) AppleWebKit/537.36 (KHTML, like Gecko) Chrome/135.0.7049.111 Mobile Safari/537.36"
39.37.136.35 - - [26/Apr/2025:01:20:34 -0400] "GET /wp-content/plugins/elementor/assets/css/widget-icon-list.min.css?ver=3.24.3 HTTP/1.1" 200 957 "https://drmohsinazeem.com/" "Mozilla/5.0 (Linux; Android 12; 220733SFG Build/SP1A.210812.016) AppleWebKit/537.36 (KHTML, like Gecko) Chrome/135.0.7049.111 Mobile Safari/537.36"
39.37.136.35 - - [26/Apr/2025:01:20:34 -0400] "GET /wp-content/plugins/elementor/assets/lib/animations/styles/fadeInUp.min.css?ver=3.28.4 HTTP/1.1" 200 130 "https://drmohsinazeem.com/" "Mozilla/5.0 (Linux; Android 12; 220733SFG Build/SP1A.210812.016) AppleWebKit/537.36 (KHTML, like Gecko) Chrome/135.0.7049.111 Mobile Safari/537.36"
39.37.136.35 - - [26/Apr/2025:01:20:34 -0400] "GET /wp-content/plugins/elementor/assets/css/widget-image-box.min.css?ver=3.28.4 HTTP/1.1" 200 291 "https://drmohsinazeem.com/" "Mozilla/5.0 (Linux; Android 12; 220733SFG Build/SP1A.210812.016) AppleWebKit/537.36 (KHTML, like Gecko) Chrome/135.0.7049.111 Mobile Safari/537.36"
39.37.136.35 - - [26/Apr/2025:01:20:34 -0400] "GET /wp-content/plugins/elementor/assets/css/widget-icon-list.min.css?ver=3.28.4 HTTP/1.1" 200 957 "https://drmohsinazeem.com/" "Mozilla/5.0 (Linux; Android 12; 220733SFG Build/SP1A.210812.016) AppleWebKit/537.36 (KHTML, like Gecko) Chrome/135.0.7049.111 Mobile Safari/537.36"
39.37.136.35 - - [26/Apr/2025:01:20:34 -0400] "GET /wp-content/plugins/elementor/assets/css/widget-google_maps.min.css?ver=3.28.4 HTTP/1.1" 200 117 "https://drmohsinazeem.com/" "Mozilla/5.0 (Linux; Android 12; 220733SFG Build/SP1A.210812.016) AppleWebKit/537.36 (KHTML, like Gecko) Chrome/135.0.7049.111 Mobile Safari/537.36"
39.37.136.35 - - [26/Apr/2025:01:20:34 -0400] "GET /wp-content/plugins/elementor/assets/lib/animations/styles/fadeIn.min.css?ver=3.28.4 HTTP/1.1" 200 77 "https://drmohsinazeem.com/" "Mozilla/5.0 (Linux; Android 12; 220733SFG Build/SP1A.210812.016) AppleWebKit/537.36 (KHTML, like Gecko) Chrome/135.0.7049.111 Mobile Safari/537.36"
39.37.136.35 - - [26/Apr/2025:01:20:34 -0400] "GET /wp-content/plugins/elementor/assets/css/conditionals/shapes.min.css?ver=3.28.4 HTTP/1.1" 200 221 "https://drmohsinazeem.com/" "Mozilla/5.0 (Linux; Android 12; 220733SFG Build/SP1A.210812.016) AppleWebKit/537.36 (KHTML, like Gecko) Chrome/135.0.7049.111 Mobile Safari/537.36"
39.37.136.35 - - [26/Apr/2025:01:20:34 -0400] "GET /wp-content/plugins/elementor/assets/css/widget-icon-box.min.css?ver=3.28.4 HTTP/1.1" 200 656 "https://drmohsinazeem.com/" "Mozilla/5.0 (Linux; Android 12; 220733SFG Build/SP1A.210812.016) AppleWebKit/537.36 (KHTML, like Gecko) Chrome/135.0.7049.111 Mobile Safari/537.36"
39.37.136.35 - - [26/Apr/2025:01:20:34 -0400] "GET /wp-content/plugins/elementor/assets/css/widget-accordion.min.css?ver=3.28.4 HTTP/1.1" 200 377 "https://drmohsinazeem.com/" "Mozilla/5.0 (Linux; Android 12; 220733SFG Build/SP1A.210812.016) AppleWebKit/537.36 (KHTML, like Gecko) Chrome/135.0.7049.111 Mobile Safari/537.36"
39.37.136.35 - - [26/Apr/2025:01:20:34 -0400] "GET /wp-content/plugins/elementor/assets/lib/animations/styles/slideInUp.min.css?ver=3.28.4 HTTP/1.1" 200 146 "https://drmohsinazeem.com/" "Mozilla/5.0 (Linux; Android 12; 220733SFG Build/SP1A.210812.016) AppleWebKit/537.36 (KHTML, like Gecko) Chrome/135.0.7049.111 Mobile Safari/537.36"
39.37.136.35 - - [26/Apr/2025:01:20:34 -0400] "GET /wp-content/uploads/elementor/css/post-225.css?ver=1744806276 HTTP/1.1" 200 1614 "https://drmohsinazeem.com/" "Mozilla/5.0 (Linux; Android 12; 220733SFG Build/SP1A.210812.016) AppleWebKit/537.36 (KHTML, like Gecko) Chrome/135.0.7049.111 Mobile Safari/537.36"
39.37.136.35 - - [26/Apr/2025:01:20:34 -0400] "GET /wp-content/uploads/elementor/css/post-220.css?ver=1744806276 HTTP/1.1" 200 3051 "https://drmohsinazeem.com/" "Mozilla/5.0 (Linux; Android 12; 220733SFG Build/SP1A.210812.016) AppleWebKit/537.36 (KHTML, like Gecko) Chrome/135.0.7049.111 Mobile Safari/537.36"
39.37.136.35 - - [26/Apr/2025:01:20:34 -0400] "GET /wp-content/uploads/elementor/css/post-11.css?ver=1744806275 HTTP/1.1" 200 8358 "https://drmohsinazeem.com/" "Mozilla/5.0 (Linux; Android 12; 220733SFG Build/SP1A.210812.016) AppleWebKit/537.36 (KHTML, like Gecko) Chrome/135.0.7049.111 Mobile Safari/537.36"
39.37.136.35 - - [26/Apr/2025:01:20:34 -0400] "GET /wp-content/themes/hello-elementor/style.min.css?ver=3.3.0 HTTP/1.1" 200 1591 "https://drmohsinazeem.com/" "Mozilla/5.0 (Linux; Android 12; 220733SFG Build/SP1A.210812.016) AppleWebKit/537.36 (KHTML, like Gecko) Chrome/135.0.7049.111 Mobile Safari/537.36"
39.37.136.35 - - [26/Apr/2025:01:20:34 -0400] "GET /wp-content/themes/hello-elementor/theme.min.css?ver=3.3.0 HTTP/1.1" 200 1131 "https://drmohsinazeem.com/" "Mozilla/5.0 (Linux; Android 12; 220733SFG Build/SP1A.210812.016) AppleWebKit/537.36 (KHTML, like Gecko) Chrome/135.0.7049.111 Mobile Safari/537.36"
39.37.136.35 - - [26/Apr/2025:01:20:34 -0400] "GET /wp-content/themes/hello-elementor/header-footer.min.css?ver=3.3.0 HTTP/1.1" 200 1292 "https://drmohsinazeem.com/" "Mozilla/5.0 (Linux; Android 12; 220733SFG Build/SP1A.210812.016) AppleWebKit/537.36 (KHTML, like Gecko) Chrome/135.0.7049.111 Mobile Safari/537.36"
39.37.136.35 - - [26/Apr/2025:01:20:34 -0400] "GET /wp-content/plugins/elementor/assets/css/widget-social-icons.min.css?ver=3.24.0 HTTP/1.1" 200 1069 "https://drmohsinazeem.com/" "Mozilla/5.0 (Linux; Android 12; 220733SFG Build/SP1A.210812.016) AppleWebKit/537.36 (KHTML, like Gecko) Chrome/135.0.7049.111 Mobile Safari/537.36"
39.37.136.35 - - [26/Apr/2025:01:20:34 -0400] "GET /wp-content/plugins/elementor/assets/lib/font-awesome/css/brands.css?ver=5.15.3 HTTP/1.1" 200 296 "https://drmohsinazeem.com/" "Mozilla/5.0 (Linux; Android 12; 220733SFG Build/SP1A.210812.016) AppleWebKit/537.36 (KHTML, like Gecko) Chrome/135.0.7049.111 Mobile Safari/537.36"
39.37.136.35 - - [26/Apr/2025:01:20:34 -0400] "GET /wp-content/plugins/elementor/assets/lib/eicons/css/elementor-icons.min.css?ver=5.34.0 HTTP/1.1" 200 3845 "https://drmohsinazeem.com/" "Mozilla/5.0 (Linux; Android 12; 220733SFG Build/SP1A.210812.016) AppleWebKit/537.36 (KHTML, like Gecko) Chrome/135.0.7049.111 Mobile Safari/537.36"
39.37.136.35 - - [26/Apr/2025:01:20:34 -0400] "GET /wp-content/plugins/elementor/assets/lib/font-awesome/css/fontawesome.css?ver=5.15.3 HTTP/1.1" 200 12526 "https://drmohsinazeem.com/" "Mozilla/5.0 (Linux; Android 12; 220733SFG Build/SP1A.210812.016) AppleWebKit/537.36 (KHTML, like Gecko) Chrome/135.0.7049.111 Mobile Safari/537.36"
39.37.136.35 - - [26/Apr/2025:01:20:34 -0400] "GET /wp-content/plugins/elementor/assets/lib/font-awesome/css/solid.css?ver=5.15.3 HTTP/1.1" 200 296 "https://drmohsinazeem.com/" "Mozilla/5.0 (Linux; Android 12; 220733SFG Build/SP1A.210812.016) AppleWebKit/537.36 (KHTML, like Gecko) Chrome/135.0.7049.111 Mobile Safari/537.36"
39.37.136.35 - - [26/Apr/2025:01:20:34 -0400] "GET /wp-content/plugins/essential-addons-for-elementor-lite/assets/front-end/css/view/general.min.css?ver=6.1.11 HTTP/1.1" 200 1365 "https://drmohsinazeem.com/" "Mozilla/5.0 (Linux; Android 12; 220733SFG Build/SP1A.210812.016) AppleWebKit/537.36 (KHTML, like Gecko) Chrome/135.0.7049.111 Mobile Safari/537.36"
39.37.136.35 - - [26/Apr/2025:01:20:34 -0400] "GET /wp-content/uploads/elementor/google-fonts/css/opensans.css?ver=1742304990 HTTP/1.1" 200 1837 "https://drmohsinazeem.com/" "Mozilla/5.0 (Linux; Android 12; 220733SFG Build/SP1A.210812.016) AppleWebKit/537.36 (KHTML, like Gecko) Chrome/135.0.7049.111 Mobile Safari/537.36"
39.37.136.35 - - [26/Apr/2025:01:20:34 -0400] "GET /wp-includes/js/jquery/jquery.min.js?ver=3.7.1 HTTP/1.1" 200 29744 "https://drmohsinazeem.com/" "Mozilla/5.0 (Linux; Android 12; 220733SFG Build/SP1A.210812.016) AppleWebKit/537.36 (KHTML, like Gecko) Chrome/135.0.7049.111 Mobile Safari/537.36"
39.37.136.35 - - [26/Apr/2025:01:20:34 -0400] "GET /wp-includes/js/jquery/jquery-migrate.min.js?ver=3.4.1 HTTP/1.1" 200 4678 "https://drmohsinazeem.com/" "Mozilla/5.0 (Linux; Android 12; 220733SFG Build/SP1A.210812.016) AppleWebKit/537.36 (KHTML, like Gecko) Chrome/135.0.7049.111 Mobile Safari/537.36"
66.249.93.65 - - [26/Apr/2025:01:20:39 -0400] "GET / HTTP/1.1" 200 28317 "-" "Mozilla/5.0 (Linux; Android 7.0; SM-G930V Build/NRD90M) AppleWebKit/537.36 (KHTML, like Gecko) Chrome/59.0.3071.125 Mobile Safari/537.36 (compatible; Google-Read-Aloud; +https://support.google.com/webmasters/answer/1061943)"
66.249.83.134 - - [26/Apr/2025:01:20:39 -0400] "GET / HTTP/1.1" 200 28316 "-" "Mozilla/5.0 (Linux; Android 7.0; SM-G930V Build/NRD90M) AppleWebKit/537.36 (KHTML, like Gecko) Chrome/59.0.3071.125 Mobile Safari/537.36 (compatible; Google-Read-Aloud; +https://support.google.com/webmasters/answer/1061943)"
66.249.83.134 - - [26/Apr/2025:01:20:41 -0400] "GET /wp-content/plugins/elementor/assets/lib/animations/styles/fadeIn.min.css?ver=3.28.4 HTTP/1.1" 200 77 "https://drmohsinazeem.com/" "Mozilla/5.0 (Linux; Android 7.0; SM-G930V Build/NRD90M) AppleWebKit/537.36 (KHTML, like Gecko) Chrome/59.0.3071.125 Mobile Safari/537.36 (compatible; Google-Read-Aloud; +https://support.google.com/webmasters/answer/1061943)"
66.249.93.65 - - [26/Apr/2025:01:20:42 -0400] "GET /wp-content/plugins/elementor/assets/css/widget-accordion.min.css?ver=3.28.4 HTTP/1.1" 200 377 "https://drmohsinazeem.com/" "Mozilla/5.0 (Linux; Android 7.0; SM-G930V Build/NRD90M) AppleWebKit/537.36 (KHTML, like Gecko) Chrome/59.0.3071.125 Mobile Safari/537.36 (compatible; Google-Read-Aloud; +https://support.google.com/webmasters/answer/1061943)"
66.249.83.136 - - [26/Apr/2025:01:20:43 -0400] "GET /wp-content/plugins/elementor/assets/css/widget-image.min.css?ver=3.28.4 HTTP/1.1" 200 254 "https://drmohsinazeem.com/" "Mozilla/5.0 (Linux; Android 7.0; SM-G930V Build/NRD90M) AppleWebKit/537.36 (KHTML, like Gecko) Chrome/59.0.3071.125 Mobile Safari/537.36 (compatible; Google-Read-Aloud; +https://support.google.com/webmasters/answer/1061943)"
66.249.83.136 - - [26/Apr/2025:01:20:43 -0400] "GET /wp-content/plugins/elementor/assets/lib/animations/styles/e-animation-grow.min.css?ver=3.28.4 HTTP/1.1" 200 198 "https://drmohsinazeem.com/" "Mozilla/5.0 (Linux; Android 7.0; SM-G930V Build/NRD90M) AppleWebKit/537.36 (KHTML, like Gecko) Chrome/59.0.3071.125 Mobile Safari/537.36 (compatible; Google-Read-Aloud; +https://support.google.com/webmasters/answer/1061943)"
66.249.83.136 - - [26/Apr/2025:01:20:43 -0400] "GET /wp-content/plugins/elementor/assets/css/widget-google_maps.min.css?ver=3.28.4 HTTP/1.1" 200 117 "https://drmohsinazeem.com/" "Mozilla/5.0 (Linux; Android 7.0; SM-G930V Build/NRD90M) AppleWebKit/537.36 (KHTML, like Gecko) Chrome/59.0.3071.125 Mobile Safari/537.36 (compatible; Google-Read-Aloud; +https://support.google.com/webmasters/answer/1061943)"
66.249.83.134 - - [26/Apr/2025:01:20:43 -0400] "GET /wp-content/plugins/pro-elements/assets/css/frontend.min.css?ver=3.23.1 HTTP/1.1" 200 43409 "https://drmohsinazeem.com/" "Mozilla/5.0 (Linux; Android 7.0; SM-G930V Build/NRD90M) AppleWebKit/537.36 (KHTML, like Gecko) Chrome/59.0.3071.125 Mobile Safari/537.36 (compatible; Google-Read-Aloud; +https://support.google.com/webmasters/answer/1061943)"
66.249.83.135 - - [26/Apr/2025:01:20:43 -0400] "GET /wp-content/uploads/elementor/css/post-11.css?ver=1744806275 HTTP/1.1" 200 8358 "https://drmohsinazeem.com/" "Mozilla/5.0 (Linux; Android 7.0; SM-G930V Build/NRD90M) AppleWebKit/537.36 (KHTML, like Gecko) Chrome/59.0.3071.125 Mobile Safari/537.36 (compatible; Google-Read-Aloud; +https://support.google.com/webmasters/answer/1061943)"
66.249.83.136 - - [26/Apr/2025:01:20:43 -0400] "GET /wp-content/plugins/elementor/assets/css/widget-image-box.min.css?ver=3.28.4 HTTP/1.1" 200 291 "https://drmohsinazeem.com/" "Mozilla/5.0 (Linux; Android 7.0; SM-G930V Build/NRD90M) AppleWebKit/537.36 (KHTML, like Gecko) Chrome/59.0.3071.125 Mobile Safari/537.36 (compatible; Google-Read-Aloud; +https://support.google.com/webmasters/answer/1061943)"
66.249.83.136 - - [26/Apr/2025:01:20:43 -0400] "GET /wp-content/plugins/elementor/assets/css/widget-icon-list.min.css?ver=3.28.4 HTTP/1.1" 200 957 "https://drmohsinazeem.com/" "Mozilla/5.0 (Linux; Android 7.0; SM-G930V Build/NRD90M) AppleWebKit/537.36 (KHTML, like Gecko) Chrome/59.0.3071.125 Mobile Safari/537.36 (compatible; Google-Read-Aloud; +https://support.google.com/webmasters/answer/1061943)"
66.249.83.135 - - [26/Apr/2025:01:20:43 -0400] "GET /wp-content/plugins/header-footer-elementor/inc/widgets-css/frontend.css?ver=2.3.0 HTTP/1.1" 200 8133 "https://drmohsinazeem.com/" "Mozilla/5.0 (Linux; Android 7.0; SM-G930V Build/NRD90M) AppleWebKit/537.36 (KHTML, like Gecko) Chrome/59.0.3071.125 Mobile Safari/537.36 (compatible; Google-Read-Aloud; +https://support.google.com/webmasters/answer/1061943)"
66.249.83.135 - - [26/Apr/2025:01:20:43 -0400] "GET /wp-content/plugins/elementor/assets/css/widget-accordion.min.css?ver=3.28.4 HTTP/1.1" 200 377 "https://drmohsinazeem.com/" "Mozilla/5.0 (Linux; Android 7.0; SM-G930V Build/NRD90M) AppleWebKit/537.36 (KHTML, like Gecko) Chrome/59.0.3071.125 Mobile Safari/537.36 (compatible; Google-Read-Aloud; +https://support.google.com/webmasters/answer/1061943)"
66.249.83.134 - - [26/Apr/2025:01:20:43 -0400] "GET /wp-content/plugins/elementor/assets/css/widget-heading.min.css?ver=3.28.4 HTTP/1.1" 200 154 "https://drmohsinazeem.com/" "Mozilla/5.0 (Linux; Android 7.0; SM-G930V Build/NRD90M) AppleWebKit/537.36 (KHTML, like Gecko) Chrome/59.0.3071.125 Mobile Safari/537.36 (compatible; Google-Read-Aloud; +https://support.google.com/webmasters/answer/1061943)"
66.249.93.66 - - [26/Apr/2025:01:20:43 -0400] "GET /wp-content/uploads/elementor/css/post-11.css?ver=1744806275 HTTP/1.1" 200 8358 "https://drmohsinazeem.com/" "Mozilla/5.0 (Linux; Android 7.0; SM-G930V Build/NRD90M) AppleWebKit/537.36 (KHTML, like Gecko) Chrome/59.0.3071.125 Mobile Safari/537.36 (compatible; Google-Read-Aloud; +https://support.google.com/webmasters/answer/1061943)"
66.249.93.66 - - [26/Apr/2025:01:20:43 -0400] "GET /wp-content/plugins/elementor/assets/css/widget-google_maps.min.css?ver=3.28.4 HTTP/1.1" 200 117 "https://drmohsinazeem.com/" "Mozilla/5.0 (Linux; Android 7.0; SM-G930V Build/NRD90M) AppleWebKit/537.36 (KHTML, like Gecko) Chrome/59.0.3071.125 Mobile Safari/537.36 (compatible; Google-Read-Aloud; +https://support.google.com/webmasters/answer/1061943)"
66.249.93.67 - - [26/Apr/2025:01:20:43 -0400] "GET /wp-content/plugins/header-footer-elementor/assets/css/header-footer-elementor.css?ver=2.3.0 HTTP/1.1" 200 259 "https://drmohsinazeem.com/" "Mozilla/5.0 (Linux; Android 7.0; SM-G930V Build/NRD90M) AppleWebKit/537.36 (KHTML, like Gecko) Chrome/59.0.3071.125 Mobile Safari/537.36 (compatible; Google-Read-Aloud; +https://support.google.com/webmasters/answer/1061943)"
66.249.93.67 - - [26/Apr/2025:01:20:43 -0400] "GET /wp-content/plugins/elementor/assets/css/conditionals/shapes.min.css?ver=3.28.4 HTTP/1.1" 200 221 "https://drmohsinazeem.com/" "Mozilla/5.0 (Linux; Android 7.0; SM-G930V Build/NRD90M) AppleWebKit/537.36 (KHTML, like Gecko) Chrome/59.0.3071.125 Mobile Safari/537.36 (compatible; Google-Read-Aloud; +https://support.google.com/webmasters/answer/1061943)"
66.249.83.135 - - [26/Apr/2025:01:20:43 -0400] "GET /wp-content/plugins/elementor/assets/lib/animations/styles/slideInUp.min.css?ver=3.28.4 HTTP/1.1" 200 146 "https://drmohsinazeem.com/" "Mozilla/5.0 (Linux; Android 7.0; SM-G930V Build/NRD90M) AppleWebKit/537.36 (KHTML, like Gecko) Chrome/59.0.3071.125 Mobile Safari/537.36 (compatible; Google-Read-Aloud; +https://support.google.com/webmasters/answer/1061943)"
66.249.83.135 - - [26/Apr/2025:01:20:43 -0400] "GET /wp-content/uploads/elementor/css/post-220.css?ver=1744806276 HTTP/1.1" 200 3051 "https://drmohsinazeem.com/" "Mozilla/5.0 (Linux; Android 7.0; SM-G930V Build/NRD90M) AppleWebKit/537.36 (KHTML, like Gecko) Chrome/59.0.3071.125 Mobile Safari/537.36 (compatible; Google-Read-Aloud; +https://support.google.com/webmasters/answer/1061943)"
66.249.93.67 - - [26/Apr/2025:01:20:43 -0400] "GET /wp-content/plugins/selection-lite/css/sticky-effect.min.css?ver=1.15 HTTP/1.1" 200 0 "https://drmohsinazeem.com/" "Mozilla/5.0 (Linux; Android 7.0; SM-G930V Build/NRD90M) AppleWebKit/537.36 (KHTML, like Gecko) Chrome/59.0.3071.125 Mobile Safari/537.36 (compatible; Google-Read-Aloud; +https://support.google.com/webmasters/answer/1061943)"
66.249.93.66 - - [26/Apr/2025:01:20:43 -0400] "GET /wp-content/plugins/elementor/assets/css/widget-icon-box.min.css?ver=3.28.4 HTTP/1.1" 200 656 "https://drmohsinazeem.com/" "Mozilla/5.0 (Linux; Android 7.0; SM-G930V Build/NRD90M) AppleWebKit/537.36 (KHTML, like Gecko) Chrome/59.0.3071.125 Mobile Safari/537.36 (compatible; Google-Read-Aloud; +https://support.google.com/webmasters/answer/1061943)"
66.249.93.65 - - [26/Apr/2025:01:20:43 -0400] "GET /wp-content/plugins/elementor/assets/css/widget-image.min.css?ver=3.28.4 HTTP/1.1" 200 254 "https://drmohsinazeem.com/" "Mozilla/5.0 (Linux; Android 7.0; SM-G930V Build/NRD90M) AppleWebKit/537.36 (KHTML, like Gecko) Chrome/59.0.3071.125 Mobile Safari/537.36 (compatible; Google-Read-Aloud; +https://support.google.com/webmasters/answer/1061943)"
66.249.93.65 - - [26/Apr/2025:01:20:43 -0400] "GET /wp-content/plugins/elementor/assets/lib/animations/styles/e-animation-grow.min.css?ver=3.28.4 HTTP/1.1" 200 198 "https://drmohsinazeem.com/" "Mozilla/5.0 (Linux; Android 7.0; SM-G930V Build/NRD90M) AppleWebKit/537.36 (KHTML, like Gecko) Chrome/59.0.3071.125 Mobile Safari/537.36 (compatible; Google-Read-Aloud; +https://support.google.com/webmasters/answer/1061943)"
66.249.93.65 - - [26/Apr/2025:01:20:43 -0400] "GET /wp-content/plugins/elementor/assets/css/widget-icon-list.min.css?ver=3.28.4 HTTP/1.1" 200 957 "https://drmohsinazeem.com/" "Mozilla/5.0 (Linux; Android 7.0; SM-G930V Build/NRD90M) AppleWebKit/537.36 (KHTML, like Gecko) Chrome/59.0.3071.125 Mobile Safari/537.36 (compatible; Google-Read-Aloud; +https://support.google.com/webmasters/answer/1061943)"
66.249.83.135 - - [26/Apr/2025:01:20:43 -0400] "GET /wp-content/plugins/elementor/assets/css/frontend.min.css?ver=3.28.4 HTTP/1.1" 200 6453 "https://drmohsinazeem.com/" "Mozilla/5.0 (Linux; Android 7.0; SM-G930V Build/NRD90M) AppleWebKit/537.36 (KHTML, like Gecko) Chrome/59.0.3071.125 Mobile Safari/537.36 (compatible; Google-Read-Aloud; +https://support.google.com/webmasters/answer/1061943)"
66.249.83.134 - - [26/Apr/2025:01:20:43 -0400] "GET /wp-content/plugins/header-footer-elementor/assets/css/header-footer-elementor.css?ver=2.3.0 HTTP/1.1" 200 259 "https://drmohsinazeem.com/" "Mozilla/5.0 (Linux; Android 7.0; SM-G930V Build/NRD90M) AppleWebKit/537.36 (KHTML, like Gecko) Chrome/59.0.3071.125 Mobile Safari/537.36 (compatible; Google-Read-Aloud; +https://support.google.com/webmasters/answer/1061943)"
66.249.83.135 - - [26/Apr/2025:01:20:43 -0400] "GET /wp-content/uploads/elementor/css/post-66.css?ver=1744806269 HTTP/1.1" 200 1424 "https://drmohsinazeem.com/" "Mozilla/5.0 (Linux; Android 7.0; SM-G930V Build/NRD90M) AppleWebKit/537.36 (KHTML, like Gecko) Chrome/59.0.3071.125 Mobile Safari/537.36 (compatible; Google-Read-Aloud; +https://support.google.com/webmasters/answer/1061943)"
66.249.83.136 - - [26/Apr/2025:01:20:43 -0400] "GET /wp-content/plugins/elementor/assets/css/conditionals/shapes.min.css?ver=3.28.4 HTTP/1.1" 200 221 "https://drmohsinazeem.com/" "Mozilla/5.0 (Linux; Android 7.0; SM-G930V Build/NRD90M) AppleWebKit/537.36 (KHTML, like Gecko) Chrome/59.0.3071.125 Mobile Safari/537.36 (compatible; Google-Read-Aloud; +https://support.google.com/webmasters/answer/1061943)"
66.249.83.136 - - [26/Apr/2025:01:20:43 -0400] "GET /wp-content/plugins/elementor/assets/css/widget-divider.min.css?ver=3.28.4 HTTP/1.1" 200 707 "https://drmohsinazeem.com/" "Mozilla/5.0 (Linux; Android 7.0; SM-G930V Build/NRD90M) AppleWebKit/537.36 (KHTML, like Gecko) Chrome/59.0.3071.125 Mobile Safari/537.36 (compatible; Google-Read-Aloud; +https://support.google.com/webmasters/answer/1061943)"
66.249.93.67 - - [26/Apr/2025:01:20:43 -0400] "GET /wp-content/plugins/elementor/assets/lib/animations/styles/slideInUp.min.css?ver=3.28.4 HTTP/1.1" 200 146 "https://drmohsinazeem.com/" "Mozilla/5.0 (Linux; Android 7.0; SM-G930V Build/NRD90M) AppleWebKit/537.36 (KHTML, like Gecko) Chrome/59.0.3071.125 Mobile Safari/537.36 (compatible; Google-Read-Aloud; +https://support.google.com/webmasters/answer/1061943)"
66.249.93.65 - - [26/Apr/2025:01:20:43 -0400] "GET /wp-content/plugins/elementor/assets/lib/animations/styles/fadeInUp.min.css?ver=3.28.4 HTTP/1.1" 200 130 "https://drmohsinazeem.com/" "Mozilla/5.0 (Linux; Android 7.0; SM-G930V Build/NRD90M) AppleWebKit/537.36 (KHTML, like Gecko) Chrome/59.0.3071.125 Mobile Safari/537.36 (compatible; Google-Read-Aloud; +https://support.google.com/webmasters/answer/1061943)"
66.249.93.65 - - [26/Apr/2025:01:20:43 -0400] "GET /wp-content/plugins/header-footer-elementor/inc/widgets-css/frontend.css?ver=2.3.0 HTTP/1.1" 200 8133 "https://drmohsinazeem.com/" "Mozilla/5.0 (Linux; Android 7.0; SM-G930V Build/NRD90M) AppleWebKit/537.36 (KHTML, like Gecko) Chrome/59.0.3071.125 Mobile Safari/537.36 (compatible; Google-Read-Aloud; +https://support.google.com/webmasters/answer/1061943)"
66.249.93.66 - - [26/Apr/2025:01:20:43 -0400] "GET /wp-content/plugins/pro-elements/assets/css/frontend.min.css?ver=3.23.1 HTTP/1.1" 200 43409 "https://drmohsinazeem.com/" "Mozilla/5.0 (Linux; Android 7.0; SM-G930V Build/NRD90M) AppleWebKit/537.36 (KHTML, like Gecko) Chrome/59.0.3071.125 Mobile Safari/537.36 (compatible; Google-Read-Aloud; +https://support.google.com/webmasters/answer/1061943)"
66.249.83.136 - - [26/Apr/2025:01:20:43 -0400] "GET /wp-content/plugins/elementor/assets/lib/animations/styles/fadeInUp.min.css?ver=3.28.4 HTTP/1.1" 200 130 "https://drmohsinazeem.com/" "Mozilla/5.0 (Linux; Android 7.0; SM-G930V Build/NRD90M) AppleWebKit/537.36 (KHTML, like Gecko) Chrome/59.0.3071.125 Mobile Safari/537.36 (compatible; Google-Read-Aloud; +https://support.google.com/webmasters/answer/1061943)"
66.249.83.134 - - [26/Apr/2025:01:20:43 -0400] "GET /wp-content/plugins/elementor/assets/css/widget-icon-box.min.css?ver=3.28.4 HTTP/1.1" 200 656 "https://drmohsinazeem.com/" "Mozilla/5.0 (Linux; Android 7.0; SM-G930V Build/NRD90M) AppleWebKit/537.36 (KHTML, like Gecko) Chrome/59.0.3071.125 Mobile Safari/537.36 (compatible; Google-Read-Aloud; +https://support.google.com/webmasters/answer/1061943)"
66.249.83.135 - - [26/Apr/2025:01:20:43 -0400] "GET /wp-content/plugins/selection-lite/css/sticky-effect.min.css?ver=1.15 HTTP/1.1" 200 0 "https://drmohsinazeem.com/" "Mozilla/5.0 (Linux; Android 7.0; SM-G930V Build/NRD90M) AppleWebKit/537.36 (KHTML, like Gecko) Chrome/59.0.3071.125 Mobile Safari/537.36 (compatible; Google-Read-Aloud; +https://support.google.com/webmasters/answer/1061943)"
66.249.93.67 - - [26/Apr/2025:01:20:43 -0400] "GET /wp-content/plugins/elementor/assets/css/frontend.min.css?ver=3.28.4 HTTP/1.1" 200 6453 "https://drmohsinazeem.com/" "Mozilla/5.0 (Linux; Android 7.0; SM-G930V Build/NRD90M) AppleWebKit/537.36 (KHTML, like Gecko) Chrome/59.0.3071.125 Mobile Safari/537.36 (compatible; Google-Read-Aloud; +https://support.google.com/webmasters/answer/1061943)"
66.249.93.66 - - [26/Apr/2025:01:20:43 -0400] "GET /wp-content/plugins/elementor/assets/lib/animations/styles/fadeIn.min.css?ver=3.28.4 HTTP/1.1" 200 77 "https://drmohsinazeem.com/" "Mozilla/5.0 (Linux; Android 7.0; SM-G930V Build/NRD90M) AppleWebKit/537.36 (KHTML, like Gecko) Chrome/59.0.3071.125 Mobile Safari/537.36 (compatible; Google-Read-Aloud; +https://support.google.com/webmasters/answer/1061943)"
66.249.93.66 - - [26/Apr/2025:01:20:43 -0400] "GET /wp-content/plugins/elementor/assets/css/widget-heading.min.css?ver=3.28.4 HTTP/1.1" 200 154 "https://drmohsinazeem.com/" "Mozilla/5.0 (Linux; Android 7.0; SM-G930V Build/NRD90M) AppleWebKit/537.36 (KHTML, like Gecko) Chrome/59.0.3071.125 Mobile Safari/537.36 (compatible; Google-Read-Aloud; +https://support.google.com/webmasters/answer/1061943)"
66.249.93.65 - - [26/Apr/2025:01:20:43 -0400] "GET /wp-content/plugins/elementor/assets/css/widget-image-box.min.css?ver=3.28.4 HTTP/1.1" 200 291 "https://drmohsinazeem.com/" "Mozilla/5.0 (Linux; Android 7.0; SM-G930V Build/NRD90M) AppleWebKit/537.36 (KHTML, like Gecko) Chrome/59.0.3071.125 Mobile Safari/537.36 (compatible; Google-Read-Aloud; +https://support.google.com/webmasters/answer/1061943)"
66.249.93.66 - - [26/Apr/2025:01:20:43 -0400] "GET /wp-content/uploads/elementor/css/post-66.css?ver=1744806269 HTTP/1.1" 200 1424 "https://drmohsinazeem.com/" "Mozilla/5.0 (Linux; Android 7.0; SM-G930V Build/NRD90M) AppleWebKit/537.36 (KHTML, like Gecko) Chrome/59.0.3071.125 Mobile Safari/537.36 (compatible; Google-Read-Aloud; +https://support.google.com/webmasters/answer/1061943)"
66.249.93.65 - - [26/Apr/2025:01:20:43 -0400] "GET /wp-content/plugins/elementor/assets/css/widget-divider.min.css?ver=3.28.4 HTTP/1.1" 200 707 "https://drmohsinazeem.com/" "Mozilla/5.0 (Linux; Android 7.0; SM-G930V Build/NRD90M) AppleWebKit/537.36 (KHTML, like Gecko) Chrome/59.0.3071.125 Mobile Safari/537.36 (compatible; Google-Read-Aloud; +https://support.google.com/webmasters/answer/1061943)"
66.249.93.66 - - [26/Apr/2025:01:20:44 -0400] "GET /wp-content/uploads/elementor/css/post-220.css?ver=1744806276 HTTP/1.1" 200 3051 "https://drmohsinazeem.com/" "Mozilla/5.0 (Linux; Android 7.0; SM-G930V Build/NRD90M) AppleWebKit/537.36 (KHTML, like Gecko) Chrome/59.0.3071.125 Mobile Safari/537.36 (compatible; Google-Read-Aloud; +https://support.google.com/webmasters/answer/1061943)"
66.249.83.135 - - [26/Apr/2025:01:20:44 -0400] "GET /wp-content/plugins/elementor/assets/css/widget-icon-list.min.css?ver=3.24.3 HTTP/1.1" 200 957 "https://drmohsinazeem.com/" "Mozilla/5.0 (Linux; Android 7.0; SM-G930V Build/NRD90M) AppleWebKit/537.36 (KHTML, like Gecko) Chrome/59.0.3071.125 Mobile Safari/537.36 (compatible; Google-Read-Aloud; +https://support.google.com/webmasters/answer/1061943)"
66.249.83.134 - - [26/Apr/2025:01:20:44 -0400] "GET /wp-content/uploads/elementor/css/post-225.css?ver=1744806276 HTTP/1.1" 200 1614 "https://drmohsinazeem.com/" "Mozilla/5.0 (Linux; Android 7.0; SM-G930V Build/NRD90M) AppleWebKit/537.36 (KHTML, like Gecko) Chrome/59.0.3071.125 Mobile Safari/537.36 (compatible; Google-Read-Aloud; +https://support.google.com/webmasters/answer/1061943)"
66.249.83.135 - - [26/Apr/2025:01:20:44 -0400] "GET /wp-content/themes/hello-elementor/header-footer.min.css?ver=3.3.0 HTTP/1.1" 200 1292 "https://drmohsinazeem.com/" "Mozilla/5.0 (Linux; Android 7.0; SM-G930V Build/NRD90M) AppleWebKit/537.36 (KHTML, like Gecko) Chrome/59.0.3071.125 Mobile Safari/537.36 (compatible; Google-Read-Aloud; +https://support.google.com/webmasters/answer/1061943)"
66.249.83.136 - - [26/Apr/2025:01:20:44 -0400] "GET /wp-content/themes/hello-elementor/style.min.css?ver=3.3.0 HTTP/1.1" 200 1591 "https://drmohsinazeem.com/" "Mozilla/5.0 (Linux; Android 7.0; SM-G930V Build/NRD90M) AppleWebKit/537.36 (KHTML, like Gecko) Chrome/59.0.3071.125 Mobile Safari/537.36 (compatible; Google-Read-Aloud; +https://support.google.com/webmasters/answer/1061943)"
66.249.93.66 - - [26/Apr/2025:01:20:44 -0400] "GET /wp-content/uploads/elementor/css/post-225.css?ver=1744806276 HTTP/1.1" 200 1614 "https://drmohsinazeem.com/" "Mozilla/5.0 (Linux; Android 7.0; SM-G930V Build/NRD90M) AppleWebKit/537.36 (KHTML, like Gecko) Chrome/59.0.3071.125 Mobile Safari/537.36 (compatible; Google-Read-Aloud; +https://support.google.com/webmasters/answer/1061943)"
66.249.93.67 - - [26/Apr/2025:01:20:44 -0400] "GET /wp-content/themes/hello-elementor/theme.min.css?ver=3.3.0 HTTP/1.1" 200 1131 "https://drmohsinazeem.com/" "Mozilla/5.0 (Linux; Android 7.0; SM-G930V Build/NRD90M) AppleWebKit/537.36 (KHTML, like Gecko) Chrome/59.0.3071.125 Mobile Safari/537.36 (compatible; Google-Read-Aloud; +https://support.google.com/webmasters/answer/1061943)"
66.249.93.65 - - [26/Apr/2025:01:20:44 -0400] "GET /wp-content/themes/hello-elementor/style.min.css?ver=3.3.0 HTTP/1.1" 200 1591 "https://drmohsinazeem.com/" "Mozilla/5.0 (Linux; Android 7.0; SM-G930V Build/NRD90M) AppleWebKit/537.36 (KHTML, like Gecko) Chrome/59.0.3071.125 Mobile Safari/537.36 (compatible; Google-Read-Aloud; +https://support.google.com/webmasters/answer/1061943)"
66.249.93.66 - - [26/Apr/2025:01:20:44 -0400] "GET /wp-content/themes/hello-elementor/header-footer.min.css?ver=3.3.0 HTTP/1.1" 200 1292 "https://drmohsinazeem.com/" "Mozilla/5.0 (Linux; Android 7.0; SM-G930V Build/NRD90M) AppleWebKit/537.36 (KHTML, like Gecko) Chrome/59.0.3071.125 Mobile Safari/537.36 (compatible; Google-Read-Aloud; +https://support.google.com/webmasters/answer/1061943)"
66.249.83.134 - - [26/Apr/2025:01:20:44 -0400] "GET /wp-content/themes/hello-elementor/theme.min.css?ver=3.3.0 HTTP/1.1" 200 1131 "https://drmohsinazeem.com/" "Mozilla/5.0 (Linux; Android 7.0; SM-G930V Build/NRD90M) AppleWebKit/537.36 (KHTML, like Gecko) Chrome/59.0.3071.125 Mobile Safari/537.36 (compatible; Google-Read-Aloud; +https://support.google.com/webmasters/answer/1061943)"
66.249.83.136 - - [26/Apr/2025:01:20:44 -0400] "GET /wp-content/plugins/elementor/assets/css/widget-social-icons.min.css?ver=3.24.0 HTTP/1.1" 200 1069 "https://drmohsinazeem.com/" "Mozilla/5.0 (Linux; Android 7.0; SM-G930V Build/NRD90M) AppleWebKit/537.36 (KHTML, like Gecko) Chrome/59.0.3071.125 Mobile Safari/537.36 (compatible; Google-Read-Aloud; +https://support.google.com/webmasters/answer/1061943)"
66.249.83.136 - - [26/Apr/2025:01:20:44 -0400] "GET /wp-content/plugins/elementor/assets/lib/font-awesome/css/brands.css?ver=5.15.3 HTTP/1.1" 200 296 "https://drmohsinazeem.com/" "Mozilla/5.0 (Linux; Android 7.0; SM-G930V Build/NRD90M) AppleWebKit/537.36 (KHTML, like Gecko) Chrome/59.0.3071.125 Mobile Safari/537.36 (compatible; Google-Read-Aloud; +https://support.google.com/webmasters/answer/1061943)"
66.249.83.136 - - [26/Apr/2025:01:20:44 -0400] "GET /wp-content/plugins/elementor/assets/lib/font-awesome/css/solid.css?ver=5.15.3 HTTP/1.1" 200 296 "https://drmohsinazeem.com/" "Mozilla/5.0 (Linux; Android 7.0; SM-G930V Build/NRD90M) AppleWebKit/537.36 (KHTML, like Gecko) Chrome/59.0.3071.125 Mobile Safari/537.36 (compatible; Google-Read-Aloud; +https://support.google.com/webmasters/answer/1061943)"
66.249.83.135 - - [26/Apr/2025:01:20:44 -0400] "GET /wp-content/plugins/elementor/assets/lib/font-awesome/css/fontawesome.css?ver=5.15.3 HTTP/1.1" 200 12526 "https://drmohsinazeem.com/" "Mozilla/5.0 (Linux; Android 7.0; SM-G930V Build/NRD90M) AppleWebKit/537.36 (KHTML, like Gecko) Chrome/59.0.3071.125 Mobile Safari/537.36 (compatible; Google-Read-Aloud; +https://support.google.com/webmasters/answer/1061943)"
66.249.93.67 - - [26/Apr/2025:01:20:44 -0400] "GET /wp-content/plugins/elementor/assets/css/widget-social-icons.min.css?ver=3.24.0 HTTP/1.1" 200 1069 "https://drmohsinazeem.com/" "Mozilla/5.0 (Linux; Android 7.0; SM-G930V Build/NRD90M) AppleWebKit/537.36 (KHTML, like Gecko) Chrome/59.0.3071.125 Mobile Safari/537.36 (compatible; Google-Read-Aloud; +https://support.google.com/webmasters/answer/1061943)"
66.249.83.134 - - [26/Apr/2025:01:20:44 -0400] "GET /wp-content/plugins/elementor/assets/lib/eicons/css/elementor-icons.min.css?ver=5.34.0 HTTP/1.1" 200 3845 "https://drmohsinazeem.com/" "Mozilla/5.0 (Linux; Android 7.0; SM-G930V Build/NRD90M) AppleWebKit/537.36 (KHTML, like Gecko) Chrome/59.0.3071.125 Mobile Safari/537.36 (compatible; Google-Read-Aloud; +https://support.google.com/webmasters/answer/1061943)"
66.249.83.136 - - [26/Apr/2025:01:20:44 -0400] "GET /wp-content/plugins/essential-addons-for-elementor-lite/assets/front-end/css/view/general.min.css?ver=6.1.11 HTTP/1.1" 200 1365 "https://drmohsinazeem.com/" "Mozilla/5.0 (Linux; Android 7.0; SM-G930V Build/NRD90M) AppleWebKit/537.36 (KHTML, like Gecko) Chrome/59.0.3071.125 Mobile Safari/537.36 (compatible; Google-Read-Aloud; +https://support.google.com/webmasters/answer/1061943)"
66.249.83.134 - - [26/Apr/2025:01:20:44 -0400] "GET /wp-content/uploads/elementor/google-fonts/css/opensans.css?ver=1742304990 HTTP/1.1" 200 1837 "https://drmohsinazeem.com/" "Mozilla/5.0 (Linux; Android 7.0; SM-G930V Build/NRD90M) AppleWebKit/537.36 (KHTML, like Gecko) Chrome/59.0.3071.125 Mobile Safari/537.36 (compatible; Google-Read-Aloud; +https://support.google.com/webmasters/answer/1061943)"
66.249.93.67 - - [26/Apr/2025:01:20:44 -0400] "GET /wp-content/plugins/elementor/assets/lib/eicons/css/elementor-icons.min.css?ver=5.34.0 HTTP/1.1" 200 3845 "https://drmohsinazeem.com/" "Mozilla/5.0 (Linux; Android 7.0; SM-G930V Build/NRD90M) AppleWebKit/537.36 (KHTML, like Gecko) Chrome/59.0.3071.125 Mobile Safari/537.36 (compatible; Google-Read-Aloud; +https://support.google.com/webmasters/answer/1061943)"
66.249.93.66 - - [26/Apr/2025:01:20:44 -0400] "GET /wp-content/plugins/elementor/assets/lib/font-awesome/css/brands.css?ver=5.15.3 HTTP/1.1" 200 296 "https://drmohsinazeem.com/" "Mozilla/5.0 (Linux; Android 7.0; SM-G930V Build/NRD90M) AppleWebKit/537.36 (KHTML, like Gecko) Chrome/59.0.3071.125 Mobile Safari/537.36 (compatible; Google-Read-Aloud; +https://support.google.com/webmasters/answer/1061943)"
66.249.93.65 - - [26/Apr/2025:01:20:44 -0400] "GET /wp-content/plugins/elementor/assets/lib/font-awesome/css/fontawesome.css?ver=5.15.3 HTTP/1.1" 200 12526 "https://drmohsinazeem.com/" "Mozilla/5.0 (Linux; Android 7.0; SM-G930V Build/NRD90M) AppleWebKit/537.36 (KHTML, like Gecko) Chrome/59.0.3071.125 Mobile Safari/537.36 (compatible; Google-Read-Aloud; +https://support.google.com/webmasters/answer/1061943)"
66.249.93.65 - - [26/Apr/2025:01:20:44 -0400] "GET /wp-content/plugins/elementor/assets/css/widget-icon-list.min.css?ver=3.24.3 HTTP/1.1" 200 957 "https://drmohsinazeem.com/" "Mozilla/5.0 (Linux; Android 7.0; SM-G930V Build/NRD90M) AppleWebKit/537.36 (KHTML, like Gecko) Chrome/59.0.3071.125 Mobile Safari/537.36 (compatible; Google-Read-Aloud; +https://support.google.com/webmasters/answer/1061943)"
66.249.83.136 - - [26/Apr/2025:01:20:45 -0400] "GET /wp-content/plugins/elementor/assets/css/widget-social-icons.min.css?ver=3.28.4 HTTP/1.1" 200 1069 "https://drmohsinazeem.com/" "Mozilla/5.0 (Linux; Android 7.0; SM-G930V Build/NRD90M) AppleWebKit/537.36 (KHTML, like Gecko) Chrome/59.0.3071.125 Mobile Safari/537.36 (compatible; Google-Read-Aloud; +https://support.google.com/webmasters/answer/1061943)"
66.249.83.136 - - [26/Apr/2025:01:20:45 -0400] "GET /wp-content/plugins/elementor/assets/lib/eicons/css/elementor-icons.min.css?ver=5.36.0 HTTP/1.1" 200 3845 "https://drmohsinazeem.com/" "Mozilla/5.0 (Linux; Android 7.0; SM-G930V Build/NRD90M) AppleWebKit/537.36 (KHTML, like Gecko) Chrome/59.0.3071.125 Mobile Safari/537.36 (compatible; Google-Read-Aloud; +https://support.google.com/webmasters/answer/1061943)"
66.249.93.65 - - [26/Apr/2025:01:20:46 -0400] "GET /wp-content/plugins/elementor/assets/lib/font-awesome/css/solid.css?ver=5.15.3 HTTP/1.1" 200 296 "https://drmohsinazeem.com/" "Mozilla/5.0 (Linux; Android 7.0; SM-G930V Build/NRD90M) AppleWebKit/537.36 (KHTML, like Gecko) Chrome/59.0.3071.125 Mobile Safari/537.36 (compatible; Google-Read-Aloud; +https://support.google.com/webmasters/answer/1061943)"
66.249.83.134 - - [26/Apr/2025:01:20:45 -0400] "GET /wp-content/plugins/elementor/assets/css/conditionals/apple-webkit.min.css?ver=3.28.4 HTTP/1.1" 200 472 "https://drmohsinazeem.com/" "Mozilla/5.0 (Linux; Android 7.0; SM-G930V Build/NRD90M) AppleWebKit/537.36 (KHTML, like Gecko) Chrome/59.0.3071.125 Mobile Safari/537.36 (compatible; Google-Read-Aloud; +https://support.google.com/webmasters/answer/1061943)"
66.249.93.65 - - [26/Apr/2025:01:20:46 -0400] "GET /wp-content/plugins/essential-addons-for-elementor-lite/assets/front-end/css/view/general.min.css?ver=6.1.11 HTTP/1.1" 200 1365 "https://drmohsinazeem.com/" "Mozilla/5.0 (Linux; Android 7.0; SM-G930V Build/NRD90M) AppleWebKit/537.36 (KHTML, like Gecko) Chrome/59.0.3071.125 Mobile Safari/537.36 (compatible; Google-Read-Aloud; +https://support.google.com/webmasters/answer/1061943)"
66.249.93.67 - - [26/Apr/2025:01:20:46 -0400] "GET /wp-includes/js/jquery/jquery.min.js?ver=3.7.1 HTTP/1.1" 200 29744 "https://drmohsinazeem.com/" "Mozilla/5.0 (Linux; Android 7.0; SM-G930V Build/NRD90M) AppleWebKit/537.36 (KHTML, like Gecko) Chrome/59.0.3071.125 Mobile Safari/537.36 (compatible; Google-Read-Aloud; +https://support.google.com/webmasters/answer/1061943)"
66.249.93.65 - - [26/Apr/2025:01:20:46 -0400] "GET /wp-content/uploads/elementor/google-fonts/css/opensans.css?ver=1742304990 HTTP/1.1" 200 1837 "https://drmohsinazeem.com/" "Mozilla/5.0 (Linux; Android 7.0; SM-G930V Build/NRD90M) AppleWebKit/537.36 (KHTML, like Gecko) Chrome/59.0.3071.125 Mobile Safari/537.36 (compatible; Google-Read-Aloud; +https://support.google.com/webmasters/answer/1061943)"
66.249.93.66 - - [26/Apr/2025:01:20:46 -0400] "GET /wp-content/plugins/selection-lite/css/logar-elementor.min.css?ver=1.15 HTTP/1.1" 200 203 "https://drmohsinazeem.com/" "Mozilla/5.0 (Linux; Android 7.0; SM-G930V Build/NRD90M) AppleWebKit/537.36 (KHTML, like Gecko) Chrome/59.0.3071.125 Mobile Safari/537.36 (compatible; Google-Read-Aloud; +https://support.google.com/webmasters/answer/1061943)"
66.249.93.66 - - [26/Apr/2025:01:20:46 -0400] "GET /wp-content/plugins/selection-lite/css/elementor-admin.min.css?ver=1.15 HTTP/1.1" 200 1312 "https://drmohsinazeem.com/" "Mozilla/5.0 (Linux; Android 7.0; SM-G930V Build/NRD90M) AppleWebKit/537.36 (KHTML, like Gecko) Chrome/59.0.3071.125 Mobile Safari/537.36 (compatible; Google-Read-Aloud; +https://support.google.com/webmasters/answer/1061943)"
66.249.83.136 - - [26/Apr/2025:01:20:46 -0400] "GET /wp-content/plugins/selection-lite/css/logar-elementor.min.css?ver=1.15 HTTP/1.1" 200 203 "https://drmohsinazeem.com/" "Mozilla/5.0 (Linux; Android 7.0; SM-G930V Build/NRD90M) AppleWebKit/537.36 (KHTML, like Gecko) Chrome/59.0.3071.125 Mobile Safari/537.36 (compatible; Google-Read-Aloud; +https://support.google.com/webmasters/answer/1061943)"
66.249.83.136 - - [26/Apr/2025:01:20:46 -0400] "GET /wp-content/plugins/selection-lite/css/elementor-admin.min.css?ver=1.15 HTTP/1.1" 200 1312 "https://drmohsinazeem.com/" "Mozilla/5.0 (Linux; Android 7.0; SM-G930V Build/NRD90M) AppleWebKit/537.36 (KHTML, like Gecko) Chrome/59.0.3071.125 Mobile Safari/537.36 (compatible; Google-Read-Aloud; +https://support.google.com/webmasters/answer/1061943)"
66.249.93.67 - - [26/Apr/2025:01:20:46 -0400] "GET /wp-includes/js/jquery/jquery-migrate.min.js?ver=3.4.1 HTTP/1.1" 200 4678 "https://drmohsinazeem.com/" "Mozilla/5.0 (Linux; Android 7.0; SM-G930V Build/NRD90M) AppleWebKit/537.36 (KHTML, like Gecko) Chrome/59.0.3071.125 Mobile Safari/537.36 (compatible; Google-Read-Aloud; +https://support.google.com/webmasters/answer/1061943)"
66.249.83.135 - - [26/Apr/2025:01:20:47 -0400] "GET /wp-content/plugins/brave-popup-builder/assets/css/frontend.min.css?ver=6.8 HTTP/1.1" 200 7994 "https://drmohsinazeem.com/" "Mozilla/5.0 (Linux; Android 7.0; SM-G930V Build/NRD90M) AppleWebKit/537.36 (KHTML, like Gecko) Chrome/59.0.3071.125 Mobile Safari/537.36 (compatible; Google-Read-Aloud; +https://support.google.com/webmasters/answer/1061943)"
66.249.83.136 - - [26/Apr/2025:01:20:47 -0400] "GET /wp-content/plugins/elementor/assets/lib/flatpickr/flatpickr.min.css?ver=4.6.13 HTTP/1.1" 200 2797 "https://drmohsinazeem.com/" "Mozilla/5.0 (Linux; Android 7.0; SM-G930V Build/NRD90M) AppleWebKit/537.36 (KHTML, like Gecko) Chrome/59.0.3071.125 Mobile Safari/537.36 (compatible; Google-Read-Aloud; +https://support.google.com/webmasters/answer/1061943)"
66.249.93.66 - - [26/Apr/2025:01:20:49 -0400] "GET /wp-content/plugins/elementor/assets/lib/eicons/css/elementor-icons.min.css?ver=5.36.0 HTTP/1.1" 200 3845 "https://drmohsinazeem.com/" "Mozilla/5.0 (Linux; Android 7.0; SM-G930V Build/NRD90M) AppleWebKit/537.36 (KHTML, like Gecko) Chrome/59.0.3071.125 Mobile Safari/537.36 (compatible; Google-Read-Aloud; +https://support.google.com/webmasters/answer/1061943)"
66.249.93.65 - - [26/Apr/2025:01:20:49 -0400] "GET /wp-content/plugins/elementor/assets/css/widget-social-icons.min.css?ver=3.28.4 HTTP/1.1" 200 1069 "https://drmohsinazeem.com/" "Mozilla/5.0 (Linux; Android 7.0; SM-G930V Build/NRD90M) AppleWebKit/537.36 (KHTML, like Gecko) Chrome/59.0.3071.125 Mobile Safari/537.36 (compatible; Google-Read-Aloud; +https://support.google.com/webmasters/answer/1061943)"
39.37.136.35 - - [26/Apr/2025:01:20:49 -0400] "GET /wp-content/uploads/2024/08/3d_logo_white_wall_shine_dr-removebg-preview-e1722684921421.png HTTP/1.1" 200 31729 "https://drmohsinazeem.com/" "Mozilla/5.0 (Linux; Android 12; 220733SFG Build/SP1A.210812.016) AppleWebKit/537.36 (KHTML, like Gecko) Chrome/135.0.7049.111 Mobile Safari/537.36"
39.37.136.35 - - [26/Apr/2025:01:20:49 -0400] "GET /wp-content/uploads/elementor/thumbs/3d_logo_white_wall_shine_dr-removebg-preview-e1722684921421-qs2atemvkmchhqon1qeoo7um30vc9q5k4pschajri8.png HTTP/1.1" 200 31459 "https://drmohsinazeem.com/" "Mozilla/5.0 (Linux; Android 12; 220733SFG Build/SP1A.210812.016) AppleWebKit/537.36 (KHTML, like Gecko) Chrome/135.0.7049.111 Mobile Safari/537.36"
66.29.132.124 - - [26/Apr/2025:01:20:50 -0400] "POST /wp-cron.php?doing_wp_cron=1745644847.6638491153717041015625 HTTP/1.1" 200 0 "-" "WordPress/6.8; https://drmohsinazeem.com"
66.29.132.124 - - [26/Apr/2025:01:20:50 -0400] "POST /wp-cron.php?doing_wp_cron=1745644847.6576220989227294921875 HTTP/1.1" 200 0 "-" "WordPress/6.8; https://drmohsinazeem.com"
66.29.132.124 - - [26/Apr/2025:01:20:50 -0400] "POST /wp-cron.php?doing_wp_cron=1745644847.6676239967346191406250 HTTP/1.1" 200 0 "-" "WordPress/6.8; https://drmohsinazeem.com"
66.29.132.124 - - [26/Apr/2025:01:20:50 -0400] "POST /wp-cron.php?doing_wp_cron=1745644847.6591660976409912109375 HTTP/1.1" 200 0 "-" "WordPress/6.8; https://drmohsinazeem.com"
66.29.132.124 - - [26/Apr/2025:01:20:50 -0400] "POST /wp-cron.php?doing_wp_cron=1745644847.6571800708770751953125 HTTP/1.1" 200 0 "-" "WordPress/6.8; https://drmohsinazeem.com"
66.29.132.124 - - [26/Apr/2025:01:20:50 -0400] "POST /wp-cron.php?doing_wp_cron=1745644847.6618010997772216796875 HTTP/1.1" 200 0 "-" "WordPress/6.8; https://drmohsinazeem.com"
66.29.132.124 - - [26/Apr/2025:01:20:50 -0400] "POST /wp-cron.php?doing_wp_cron=1745644847.6647560596466064453125 HTTP/1.1" 200 0 "-" "WordPress/6.8; https://drmohsinazeem.com"
66.249.93.65 - - [26/Apr/2025:01:20:51 -0400] "GET /wp-content/plugins/elementor/assets/css/conditionals/apple-webkit.min.css?ver=3.28.4 HTTP/1.1" 200 472 "https://drmohsinazeem.com/" "Mozilla/5.0 (Linux; Android 7.0; SM-G930V Build/NRD90M) AppleWebKit/537.36 (KHTML, like Gecko) Chrome/59.0.3071.125 Mobile Safari/537.36 (compatible; Google-Read-Aloud; +https://support.google.com/webmasters/answer/1061943)"
66.249.93.66 - - [26/Apr/2025:01:20:51 -0400] "GET /wp-content/plugins/elementor/assets/lib/flatpickr/flatpickr.min.css?ver=4.6.13 HTTP/1.1" 200 2797 "https://drmohsinazeem.com/" "Mozilla/5.0 (Linux; Android 7.0; SM-G930V Build/NRD90M) AppleWebKit/537.36 (KHTML, like Gecko) Chrome/59.0.3071.125 Mobile Safari/537.36 (compatible; Google-Read-Aloud; +https://support.google.com/webmasters/answer/1061943)"
66.249.93.67 - - [26/Apr/2025:01:20:46 -0400] "GET /wp-content/plugins/elementor-pro/assets/css/widget-mega-menu.min.css?ver=3.26.2 HTTP/1.1" 404 15585 "https://drmohsinazeem.com/" "Mozilla/5.0 (Linux; Android 7.0; SM-G930V Build/NRD90M) AppleWebKit/537.36 (KHTML, like Gecko) Chrome/59.0.3071.125 Mobile Safari/537.36 (compatible; Google-Read-Aloud; +https://support.google.com/webmasters/answer/1061943)"
66.249.93.65 - - [26/Apr/2025:01:20:46 -0400] "GET /wp-content/plugins/elementor-pro/assets/css/widget-nav-menu.min.css?ver=3.26.0 HTTP/1.1" 404 15585 "https://drmohsinazeem.com/" "Mozilla/5.0 (Linux; Android 7.0; SM-G930V Build/NRD90M) AppleWebKit/537.36 (KHTML, like Gecko) Chrome/59.0.3071.125 Mobile Safari/537.36 (compatible; Google-Read-Aloud; +https://support.google.com/webmasters/answer/1061943)"
39.37.136.35 - - [26/Apr/2025:01:20:34 -0400] "GET /wp-content/plugins/elementor-pro/assets/css/widget-nav-menu.min.css?ver=3.26.0 HTTP/1.1" 404 15585 "https://drmohsinazeem.com/" "Mozilla/5.0 (Linux; Android 12; 220733SFG Build/SP1A.210812.016) AppleWebKit/537.36 (KHTML, like Gecko) Chrome/135.0.7049.111 Mobile Safari/537.36"
66.249.83.136 - - [26/Apr/2025:01:20:44 -0400] "GET /wp-content/plugins/elementor-pro/assets/css/widget-blockquote.min.css?ver=3.25.0 HTTP/1.1" 404 15585 "https://drmohsinazeem.com/" "Mozilla/5.0 (Linux; Android 7.0; SM-G930V Build/NRD90M) AppleWebKit/537.36 (KHTML, like Gecko) Chrome/59.0.3071.125 Mobile Safari/537.36 (compatible; Google-Read-Aloud; +https://support.google.com/webmasters/answer/1061943)"
66.249.93.66 - - [26/Apr/2025:01:20:46 -0400] "GET /wp-content/plugins/elementor-pro/assets/css/widget-blockquote.min.css?ver=3.25.0 HTTP/1.1" 404 15585 "https://drmohsinazeem.com/" "Mozilla/5.0 (Linux; Android 7.0; SM-G930V Build/NRD90M) AppleWebKit/537.36 (KHTML, like Gecko) Chrome/59.0.3071.125 Mobile Safari/537.36 (compatible; Google-Read-Aloud; +https://support.google.com/webmasters/answer/1061943)"
66.249.83.135 - - [26/Apr/2025:01:20:44 -0400] "GET /wp-content/plugins/elementor-pro/assets/css/widget-mega-menu.min.css?ver=3.26.2 HTTP/1.1" 404 15585 "https://drmohsinazeem.com/" "Mozilla/5.0 (Linux; Android 7.0; SM-G930V Build/NRD90M) AppleWebKit/537.36 (KHTML, like Gecko) Chrome/59.0.3071.125 Mobile Safari/537.36 (compatible; Google-Read-Aloud; +https://support.google.com/webmasters/answer/1061943)"
66.249.83.136 - - [26/Apr/2025:01:20:46 -0400] "GET /wp-content/plugins/elementor-pro/assets/css/widget-nav-menu.min.css?ver=3.26.0 HTTP/1.1" 404 15585 "https://drmohsinazeem.com/" "Mozilla/5.0 (Linux; Android 7.0; SM-G930V Build/NRD90M) AppleWebKit/537.36 (KHTML, like Gecko) Chrome/59.0.3071.125 Mobile Safari/537.36 (compatible; Google-Read-Aloud; +https://support.google.com/webmasters/answer/1061943)"
39.37.136.35 - - [26/Apr/2025:01:20:34 -0400] "GET /wp-content/plugins/elementor-pro/assets/css/widget-blockquote.min.css?ver=3.25.0 HTTP/1.1" 404 15585 "https://drmohsinazeem.com/" "Mozilla/5.0 (Linux; Android 12; 220733SFG Build/SP1A.210812.016) AppleWebKit/537.36 (KHTML, like Gecko) Chrome/135.0.7049.111 Mobile Safari/537.36"
