210.236.226.2 - - [26/Apr/2025:04:45:37 -0400] "GET /wp-content/uploads/elementor/thumbs/7cfe3ec9-7c9b-4798-9179-8e910259176c-qs0uil3c94kg0q0vw4id7re2xz15j91sofrsnr3gog.jpg HTTP/1.1" 200 66253 "https://drmohsinazeem.com/" "Mozilla/5.0 (Windows NT 10.0; Win64; x64) AppleWebKit/537.36 (KHTML, like Gecko) Chrome/135.0.0.0 Safari/537.36"
210.236.226.2 - - [26/Apr/2025:04:45:37 -0400] "GET /wp-content/uploads/2024/07/casual-business-woman-portrait-of-a-beautiful-young-business-woman-sitting-at-her-working-place--300x200.jpg HTTP/1.1" 200 13529 "https://drmohsinazeem.com/" "Mozilla/5.0 (Windows NT 10.0; Win64; x64) AppleWebKit/537.36 (KHTML, like Gecko) Chrome/135.0.0.0 Safari/537.36"
210.236.226.2 - - [26/Apr/2025:04:45:38 -0400] "GET /wp-content/uploads/2024/07/portrait-of-serious-male-architect-in-office-stand-FVHYLV4-1-300x200.jpg HTTP/1.1" 200 15624 "https://drmohsinazeem.com/" "Mozilla/5.0 (Windows NT 10.0; Win64; x64) AppleWebKit/537.36 (KHTML, like Gecko) Chrome/135.0.0.0 Safari/537.36"
210.236.226.2 - - [26/Apr/2025:04:45:38 -0400] "GET /wp-content/uploads/2024/07/friendly-woman-patient-talking-to-psychological-co-QRBVN9Q-1-1-e1624538472451-300x285.jpg HTTP/1.1" 200 14762 "https://drmohsinazeem.com/" "Mozilla/5.0 (Windows NT 10.0; Win64; x64) AppleWebKit/537.36 (KHTML, like Gecko) Chrome/135.0.0.0 Safari/537.36"
210.236.226.2 - - [26/Apr/2025:04:45:38 -0400] "GET /wp-content/uploads/elementor/thumbs/talking-to-refugee-4SBQMPM-1-qrx63zmtw0jdyjrnhp289cooflfwh9anp3epibwvvo.jpg HTTP/1.1" 200 12801 "https://drmohsinazeem.com/" "Mozilla/5.0 (Windows NT 10.0; Win64; x64) AppleWebKit/537.36 (KHTML, like Gecko) Chrome/135.0.0.0 Safari/537.36"
210.236.226.2 - - [26/Apr/2025:04:45:38 -0400] "GET /wp-content/uploads/elementor/thumbs/cheerful-women-chatting-PA8KTYC2-1-qrx641ii9olqf4r7gaehzhvlgtsyeapnbyijnp83x0.jpg HTTP/1.1" 200 15374 "https://drmohsinazeem.com/" "Mozilla/5.0 (Windows NT 10.0; Win64; x64) AppleWebKit/537.36 (KHTML, like Gecko) Chrome/135.0.0.0 Safari/537.36"
210.236.226.2 - - [26/Apr/2025:04:45:38 -0400] "GET /wp-content/uploads/elementor/thumbs/thankful-patient-VGY8PEZ2-qrx643e70ib2erxb65vd76b0un9x1gagzpjpusbzv8.jpg HTTP/1.1" 200 13003 "https://drmohsinazeem.com/" "Mozilla/5.0 (Windows NT 10.0; Win64; x64) AppleWebKit/537.36 (KHTML, like Gecko) Chrome/135.0.0.0 Safari/537.36"
210.236.226.2 - - [26/Apr/2025:04:45:38 -0400] "GET /wp-content/uploads/elementor/thumbs/reassuring-refugee-VVWVLAF-qrx6467oup5eorbjnzs0r9se8pfk90uy141rtjugr8.jpg HTTP/1.1" 200 12751 "https://drmohsinazeem.com/" "Mozilla/5.0 (Windows NT 10.0; Win64; x64) AppleWebKit/537.36 (KHTML, like Gecko) Chrome/135.0.0.0 Safari/537.36"
210.236.226.2 - - [26/Apr/2025:04:45:38 -0400] "GET /wp-includes/js/wp-emoji-release.min.js?ver=6.8 HTTP/1.1" 200 4771 "https://drmohsinazeem.com/" "Mozilla/5.0 (Windows NT 10.0; Win64; x64) AppleWebKit/537.36 (KHTML, like Gecko) Chrome/135.0.0.0 Safari/537.36"
210.236.226.2 - - [26/Apr/2025:04:45:38 -0400] "GET /wp-content/uploads/2024/07/bg-1.png HTTP/1.1" 200 481 "https://drmohsinazeem.com/wp-content/uploads/elementor/css/post-11.css?ver=1744806275" "Mozilla/5.0 (Windows NT 10.0; Win64; x64) AppleWebKit/537.36 (KHTML, like Gecko) Chrome/135.0.0.0 Safari/537.36"
210.236.226.2 - - [26/Apr/2025:04:45:38 -0400] "GET /wp-content/uploads/2024/07/404_bg.png HTTP/1.1" 200 25573 "https://drmohsinazeem.com/wp-content/uploads/elementor/css/post-11.css?ver=1744806275" "Mozilla/5.0 (Windows NT 10.0; Win64; x64) AppleWebKit/537.36 (KHTML, like Gecko) Chrome/135.0.0.0 Safari/537.36"
210.236.226.2 - - [26/Apr/2025:04:45:38 -0400] "GET /wp-content/plugins/pro-elements/assets/js/nav-menu.e65811186e94a386ba7b.bundle.min.js HTTP/1.1" 200 1678 "https://drmohsinazeem.com/" "Mozilla/5.0 (Windows NT 10.0; Win64; x64) AppleWebKit/537.36 (KHTML, like Gecko) Chrome/135.0.0.0 Safari/537.36"
210.236.226.2 - - [26/Apr/2025:04:45:39 -0400] "GET /wp-content/plugins/elementor/assets/js/text-editor.c084ef86600b6f11690d.bundle.min.js HTTP/1.1" 200 621 "https://drmohsinazeem.com/" "Mozilla/5.0 (Windows NT 10.0; Win64; x64) AppleWebKit/537.36 (KHTML, like Gecko) Chrome/135.0.0.0 Safari/537.36"
210.236.226.2 - - [26/Apr/2025:04:45:39 -0400] "GET /wp-content/plugins/pro-elements/assets/js/carousel.9b02b45d7826c1c48f33.bundle.min.js HTTP/1.1" 200 1598 "https://drmohsinazeem.com/" "Mozilla/5.0 (Windows NT 10.0; Win64; x64) AppleWebKit/537.36 (KHTML, like Gecko) Chrome/135.0.0.0 Safari/537.36"
210.236.226.2 - - [26/Apr/2025:04:45:39 -0400] "GET /wp-content/plugins/pro-elements/assets/js/popup.085c1727e36940b18f29.bundle.min.js HTTP/1.1" 200 395 "https://drmohsinazeem.com/" "Mozilla/5.0 (Windows NT 10.0; Win64; x64) AppleWebKit/537.36 (KHTML, like Gecko) Chrome/135.0.0.0 Safari/537.36"
210.236.226.2 - - [26/Apr/2025:04:45:40 -0400] "GET /wp-content/uploads/elementor/google-fonts/fonts/opensans-memvyags126mizpba-uvwbx2vvnxbbobj2ovtvomu1ab.woff2 HTTP/1.1" 200 47136 "https://drmohsinazeem.com/wp-content/uploads/elementor/google-fonts/css/opensans.css?ver=1742304990" "Mozilla/5.0 (Windows NT 10.0; Win64; x64) AppleWebKit/537.36 (KHTML, like Gecko) Chrome/135.0.0.0 Safari/537.36"
210.236.226.2 - - [26/Apr/2025:04:45:39 -0400] "GET /wp-content/plugins/pro-elements/assets/js/form.c4bc7eaa69583834a7d5.bundle.min.js HTTP/1.1" 200 4825 "https://drmohsinazeem.com/" "Mozilla/5.0 (Windows NT 10.0; Win64; x64) AppleWebKit/537.36 (KHTML, like Gecko) Chrome/135.0.0.0 Safari/537.36"
210.236.226.2 - - [26/Apr/2025:04:45:40 -0400] "GET /wp-content/plugins/pro-elements/assets/js/load-more.bc9573b5d1f73abd80b9.bundle.min.js HTTP/1.1" 200 1447 "https://drmohsinazeem.com/" "Mozilla/5.0 (Windows NT 10.0; Win64; x64) AppleWebKit/537.36 (KHTML, like Gecko) Chrome/135.0.0.0 Safari/537.36"
210.236.226.2 - - [26/Apr/2025:04:45:40 -0400] "GET /wp-content/plugins/elementor/assets/js/accordion.36aa4c8c4eba17bc8e03.bundle.min.js HTTP/1.1" 200 1318 "https://drmohsinazeem.com/" "Mozilla/5.0 (Windows NT 10.0; Win64; x64) AppleWebKit/537.36 (KHTML, like Gecko) Chrome/135.0.0.0 Safari/537.36"
210.236.226.2 - - [26/Apr/2025:04:45:40 -0400] "GET /wp-content/plugins/pro-elements/assets/js/posts.caaf3e27e57db8207afc.bundle.min.js HTTP/1.1" 200 1178 "https://drmohsinazeem.com/" "Mozilla/5.0 (Windows NT 10.0; Win64; x64) AppleWebKit/537.36 (KHTML, like Gecko) Chrome/135.0.0.0 Safari/537.36"
210.236.226.2 - - [26/Apr/2025:04:45:40 -0400] "GET /wp-content/plugins/elementor/assets/lib/swiper/v8/swiper.min.js?ver=8.4.5 HTTP/1.1" 200 38152 "https://drmohsinazeem.com/" "Mozilla/5.0 (Windows NT 10.0; Win64; x64) AppleWebKit/537.36 (KHTML, like Gecko) Chrome/135.0.0.0 Safari/537.36"
140.245.115.16 - - [26/Apr/2025:04:46:06 -0400] "GET /wp-content/uploads/2024/08/3d_logo_white_wall_shine_dr-removebg-preview-e1722684921421-150x150.png HTTP/1.1" 200 21789 "https://drmohsinazeem.com/" "Mozilla/5.0 (Windows NT 10.0; Win64; x64) AppleWebKit/537.36 (KHTML, like Gecko) Chrome/135.0.0.0 Safari/537.36"
213.136.76.172 - - [26/Apr/2025:05:14:25 -0400] "GET /wp-includes/ HTTP/1.1" 403 1242 "www.google.com" "Mozlila/5.0 (Linux; Android 7.0; SM-G892A Bulid/NRD90M; wv) AppleWebKit/537.36 (KHTML, like Gecko) Version/4.0 Chrome/60.0.3112.107 Moblie Safari/537.36"
213.136.76.172 - - [26/Apr/2025:05:14:26 -0400] "GET /wp-admin/maint/ HTTP/1.1" 403 1242 "www.google.com" "Mozlila/5.0 (Linux; Android 7.0; SM-G892A Bulid/NRD90M; wv) AppleWebKit/537.36 (KHTML, like Gecko) Version/4.0 Chrome/60.0.3112.107 Moblie Safari/537.36"
213.136.76.172 - - [26/Apr/2025:05:14:27 -0400] "GET /wp-admin/includes/ HTTP/1.1" 403 1242 "www.google.com" "Mozlila/5.0 (Linux; Android 7.0; SM-G892A Bulid/NRD90M; wv) AppleWebKit/537.36 (KHTML, like Gecko) Version/4.0 Chrome/60.0.3112.107 Moblie Safari/537.36"
66.29.132.124 - - [26/Apr/2025:05:52:37 -0400] "POST /wp-cron.php?doing_wp_cron=1745661156.9692759513854980468750 HTTP/1.1" 200 0 "-" "WordPress/6.8; https://drmohsinazeem.com"
205.210.31.165 - - [26/Apr/2025:05:52:32 -0400] "GET / HTTP/1.1" 200 164782 "http://66.29.132.124:80/" "-"
66.29.132.124 - - [26/Apr/2025:05:52:38 -0400] "POST /wp-admin/admin-ajax.php?action=async_litespeed&nonce=VwyzgBp0eiJ5QqHJVCE33E8r2iCOFVKU&litespeed_type=imgoptm HTTP/1.1" 200 21 "-" "WordPress/6.8; https://drmohsinazeem.com"
66.29.132.124 - - [26/Apr/2025:06:10:32 -0400] "POST /wp-cron.php?doing_wp_cron=1745662232.0845670700073242187500 HTTP/1.1" 200 0 "-" "WordPress/6.8; https://drmohsinazeem.com"
134.17.14.122 - - [26/Apr/2025:06:10:27 -0400] "GET /userfuns.php HTTP/1.1" 404 15585 "-" "Mozilla/4.0 (compatible; MSIE 6.0; Windows NT 5.1; SV1)"
66.29.132.124 - - [26/Apr/2025:06:10:33 -0400] "POST /wp-admin/admin-ajax.php?action=async_litespeed&nonce=pMKJ2lRTuOKnIZz9u985tbnXr3wEhT1K&litespeed_type=imgoptm HTTP/1.1" 200 0 "-" "WordPress/6.8; https://drmohsinazeem.com"
54.219.32.61 - - [26/Apr/2025:06:32:15 -0400] "GET / HTTP/1.1" 200 33665 "-" "Mozilla/5.0 (X11; Linux x86_64) AppleWebKit/537.36 (KHTML, like Gecko) Chrome/51.0.2704.103 Safari/537.36"
52.5.242.243 - - [26/Apr/2025:07:36:20 -0400] "GET /robots.txt HTTP/1.1" 403 0 "-" "Mozilla/5.0 AppleWebKit/537.36 (KHTML, like Gecko; compatible; Amazonbot/0.1; +https://developer.amazon.com/support/amazonbot) Chrome/119.0.6045.214 Safari/537.36"
98.82.214.73 - - [26/Apr/2025:07:36:23 -0400] "GET /2024/07/31/hello-world/ HTTP/1.1" 403 0 "-" "Mozilla/5.0 AppleWebKit/537.36 (KHTML, like Gecko; compatible; Amazonbot/0.1; +https://developer.amazon.com/support/amazonbot) Chrome/119.0.6045.214 Safari/537.36"
17.241.227.110 - - [26/Apr/2025:07:51:24 -0400] "GET /robots.txt HTTP/1.1" 200 172 "-" "Mozilla/5.0 (Macintosh; Intel Mac OS X 10_15_7) AppleWebKit/605.1.15 (KHTML, like Gecko) Version/17.4 Safari/605.1.15 (Applebot/0.1; +http://www.apple.com/go/applebot)"
66.29.132.124 - - [26/Apr/2025:07:51:30 -0400] "POST /wp-cron.php?doing_wp_cron=1745668290.4040920734405517578125 HTTP/1.1" 200 0 "-" "WordPress/6.8; https://drmohsinazeem.com"
17.241.227.110 - - [26/Apr/2025:07:51:25 -0400] "GET /wp-content/uploads/2024/08/elementor/thumbs/3d_logo_white_wall_shine_dr-removebg-preview-e1722684921421-150x150.png HTTP/1.1" 404 18348 "-" "Mozilla/5.0 (Macintosh; Intel Mac OS X 10_15_7) AppleWebKit/605.1.15 (KHTML, like Gecko) Version/17.4 Safari/605.1.15 (Applebot/0.1; +http://www.apple.com/go/applebot)"
66.29.132.124 - - [26/Apr/2025:07:51:32 -0400] "POST /wp-admin/admin-ajax.php?action=async_litespeed&nonce=6gvODqh1OE0aPLZ3FPfb8EMBPBPqksOV&litespeed_type=imgoptm HTTP/1.1" 200 0 "-" "WordPress/6.8; https://drmohsinazeem.com"
103.119.153.158 - - [26/Apr/2025:07:52:37 -0400] "GET /about.php HTTP/1.1" 200 1247 "-" "Mozilla/5.0 (Windows NT 10.0; Win64; x64) AppleWebKit/537.36 (KHTML, like Gecko) Chrome/135.0.0.0 Safari/537.36"
103.119.153.158 - - [26/Apr/2025:07:52:38 -0400] "GET /favicon.ico HTTP/1.1" 404 1251 "https://drmohsinazeem.com/about.php" "Mozilla/5.0 (Windows NT 10.0; Win64; x64) AppleWebKit/537.36 (KHTML, like Gecko) Chrome/135.0.0.0 Safari/537.36"
66.29.132.124 - - [26/Apr/2025:08:07:15 -0400] "POST /wp-cron.php?doing_wp_cron=1745669234.9972190856933593750000 HTTP/1.1" 200 0 "-" "WordPress/6.8; https://drmohsinazeem.com"
113.141.91.58 - - [26/Apr/2025:08:07:08 -0400] "GET / HTTP/1.1" 301 0 "http://www.drmohsinazeem.com" "Mozilla/5.0 (iPhone; CPU iPhone OS 13_2_3 like Mac OS X) AppleWebKit/605.1.15 (KHTML, like Gecko) Version/13.0.3 Mobile/15E148 Safari/604.1"
66.29.132.124 - - [26/Apr/2025:08:07:19 -0400] "POST /wp-admin/admin-ajax.php?action=async_litespeed&nonce=HsF3h3yhDoaB2bV6g6JtewLmQ4v2ZLTk&litespeed_type=imgoptm HTTP/1.1" 200 0 "-" "WordPress/6.8; https://drmohsinazeem.com"
113.141.91.58 - - [26/Apr/2025:08:07:19 -0400] "GET / HTTP/1.1" 200 33665 "https://www.drmohsinazeem.com/" "Mozilla/5.0 (iPhone; CPU iPhone OS 13_2_3 like Mac OS X) AppleWebKit/605.1.15 (KHTML, like Gecko) Version/13.0.3 Mobile/15E148 Safari/604.1"
66.249.74.2 - - [26/Apr/2025:08:28:05 -0400] "GET /wp-content/uploads/2024/08/ae13305f-8572-45c9-882c-2e6c29b8411a.jpg HTTP/1.1" 304 0 "-" "Googlebot-Image/1.0"
66.249.74.4 - - [26/Apr/2025:09:10:00 -0400] "GET /wp-content/uploads/2024/07/Elegant-and-classic-certificate-1024x724.jpg HTTP/1.1" 304 0 "-" "Googlebot-Image/1.0"
198.235.24.25 - - [26/Apr/2025:09:21:39 -0400] "GET / HTTP/1.1" 200 164782 "-" "-"
66.249.74.2 - - [26/Apr/2025:09:49:37 -0400] "GET /appointment/ HTTP/1.1" 200 18229 "-" "Mozilla/5.0 (Linux; Android 6.0.1; Nexus 5X Build/MMB29P) AppleWebKit/537.36 (KHTML, like Gecko) Chrome/135.0.7049.95 Mobile Safari/537.36 (compatible; Googlebot/2.1; +http://www.google.com/bot.html)"
66.29.132.124 - - [26/Apr/2025:09:57:06 -0400] "POST /wp-cron.php?doing_wp_cron=1745675826.5430250167846679687500 HTTP/1.1" 200 0 "-" "WordPress/6.8; https://drmohsinazeem.com"
43.135.140.225 - - [26/Apr/2025:09:56:58 -0400] "GET / HTTP/1.1" 301 0 "http://www.drmohsinazeem.com" "Mozilla/5.0 (iPhone; CPU iPhone OS 13_2_3 like Mac OS X) AppleWebKit/605.1.15 (KHTML, like Gecko) Version/13.0.3 Mobile/15E148 Safari/604.1"
43.135.140.225 - - [26/Apr/2025:09:57:08 -0400] "GET / HTTP/1.1" 200 33665 "https://www.drmohsinazeem.com/" "Mozilla/5.0 (iPhone; CPU iPhone OS 13_2_3 like Mac OS X) AppleWebKit/605.1.15 (KHTML, like Gecko) Version/13.0.3 Mobile/15E148 Safari/604.1"
66.29.132.124 - - [26/Apr/2025:09:57:08 -0400] "POST /wp-admin/admin-ajax.php?action=async_litespeed&nonce=oYxH19AxA7LlQj9Y4udwWr3ZgyVZPiOp&litespeed_type=imgoptm HTTP/1.1" 200 0 "-" "WordPress/6.8; https://drmohsinazeem.com"
66.29.132.124 - - [26/Apr/2025:09:57:15 -0400] "GET / HTTP/1.1" 200 33665 "-" "WordPress/6.8; https://drmohsinazeem.com"
4.227.36.30 - - [26/Apr/2025:10:02:15 -0400] "GET /robots.txt HTTP/1.1" 200 139 "-" "Mozilla/5.0 AppleWebKit/537.36 (KHTML, like Gecko; compatible; GPTBot/1.2; +https://openai.com/gptbot)"
20.171.207.97 - - [26/Apr/2025:10:02:16 -0400] "GET /wp-content/uploads/2024/08/3d_logo_white_wall_shine_dr-removebg-preview-e1722684921421.png%20210w,%20https:/drmohsinazeem.com/wp-content/uploads/2024/08/3d_logo_white_wall_shine_dr-removebg-preview-e1722684921421-150x150.png%20150w HTTP/1.1" 403 0 "-" "Mozilla/5.0 AppleWebKit/537.36 (KHTML, like Gecko; compatible; GPTBot/1.2; +https://openai.com/gptbot)"
20.171.207.97 - - [26/Apr/2025:10:02:19 -0400] "GET /wp-content/uploads/2024/08/elementor/thumbs/3d_logo_white_wall_shine_dr-removebg-preview-e1722684921421-150x150.png HTTP/1.1" 403 0 "-" "Mozilla/5.0 AppleWebKit/537.36 (KHTML, like Gecko; compatible; GPTBot/1.2; +https://openai.com/gptbot)"
20.171.207.97 - - [26/Apr/2025:10:02:22 -0400] "GET /wp-content/plugins/elementor/assets/js/frontend.min.js?ver=3.27.6 HTTP/1.1" 200 13099 "-" "Mozilla/5.0 AppleWebKit/537.36 (KHTML, like Gecko; compatible; GPTBot/1.2; +https://openai.com/gptbot)"
20.171.207.97 - - [26/Apr/2025:10:02:25 -0400] "GET /our-services-2/ HTTP/1.1" 403 0 "-" "Mozilla/5.0 AppleWebKit/537.36 (KHTML, like Gecko; compatible; GPTBot/1.2; +https://openai.com/gptbot)"
20.171.207.97 - - [26/Apr/2025:10:02:28 -0400] "GET /wp-content/plugins/brave-popup-builder/assets/frontend/brave.js?ver=6.7.2 HTTP/1.1" 200 23854 "-" "Mozilla/5.0 AppleWebKit/537.36 (KHTML, like Gecko; compatible; GPTBot/1.2; +https://openai.com/gptbot)"
20.171.207.97 - - [26/Apr/2025:10:02:30 -0400] "GET /wp-content/plugins/header-footer-elementor/inc/js/frontend.js?ver=2.2.1 HTTP/1.1" 200 3944 "-" "Mozilla/5.0 AppleWebKit/537.36 (KHTML, like Gecko; compatible; GPTBot/1.2; +https://openai.com/gptbot)"
20.171.207.97 - - [26/Apr/2025:10:02:33 -0400] "GET /wp-content/plugins/elementor/assets/js/webpack.runtime.min.js?ver=3.27.6 HTTP/1.1" 200 2228 "-" "Mozilla/5.0 AppleWebKit/537.36 (KHTML, like Gecko; compatible; GPTBot/1.2; +https://openai.com/gptbot)"
20.171.207.97 - - [26/Apr/2025:10:02:35 -0400] "GET /wp-content/plugins/essential-addons-for-elementor-lite/assets/front-end/js/view/general.min.js?ver=6.1.5 HTTP/1.1" 200 3883 "-" "Mozilla/5.0 AppleWebKit/537.36 (KHTML, like Gecko; compatible; GPTBot/1.2; +https://openai.com/gptbot)"
20.171.207.97 - - [26/Apr/2025:10:02:39 -0400] "GET /wp-content/plugins/elementor/assets/js/frontend-modules.min.js?ver=3.27.6 HTTP/1.1" 200 14421 "-" "Mozilla/5.0 AppleWebKit/537.36 (KHTML, like Gecko; compatible; GPTBot/1.2; +https://openai.com/gptbot)"
20.171.207.97 - - [26/Apr/2025:10:02:41 -0400] "GET /wp-content/plugins/essential-addons-for-elementor-lite/assets/front-end/css/view/general.min.css?ver=6.1.5 HTTP/1.1" 200 1365 "-" "Mozilla/5.0 AppleWebKit/537.36 (KHTML, like Gecko; compatible; GPTBot/1.2; +https://openai.com/gptbot)"
20.171.207.97 - - [26/Apr/2025:10:02:43 -0400] "GET /wp-content/plugins/elementor/assets/lib/animations/styles/fadeIn.min.css?ver=3.27.6 HTTP/1.1" 200 77 "-" "Mozilla/5.0 AppleWebKit/537.36 (KHTML, like Gecko; compatible; GPTBot/1.2; +https://openai.com/gptbot)"
20.171.207.97 - - [26/Apr/2025:10:02:44 -0400] "GET /wp-content/plugins/elementor/assets/lib/animations/styles/e-animation-grow.min.css?ver=3.27.6 HTTP/1.1" 200 198 "-" "Mozilla/5.0 AppleWebKit/537.36 (KHTML, like Gecko; compatible; GPTBot/1.2; +https://openai.com/gptbot)"
20.171.207.97 - - [26/Apr/2025:10:02:46 -0400] "GET /wp-includes/css/dist/block-library/style.min.css?ver=6.7.2 HTTP/1.1" 200 14358 "-" "Mozilla/5.0 AppleWebKit/537.36 (KHTML, like Gecko; compatible; GPTBot/1.2; +https://openai.com/gptbot)"
20.171.207.97 - - [26/Apr/2025:10:02:47 -0400] "GET /wp-content/plugins/elementor/assets/lib/eicons/css/elementor-icons.min.css?ver=5.35.0 HTTP/1.1" 200 3845 "-" "Mozilla/5.0 AppleWebKit/537.36 (KHTML, like Gecko; compatible; GPTBot/1.2; +https://openai.com/gptbot)"
20.171.207.97 - - [26/Apr/2025:10:02:48 -0400] "GET /wp-content/plugins/header-footer-elementor/inc/js/frontend.js?ver=2.2.1 HTTP/1.1" 200 3944 "-" "Mozilla/5.0 AppleWebKit/537.36 (KHTML, like Gecko; compatible; GPTBot/1.2; +https://openai.com/gptbot)"
20.171.207.97 - - [26/Apr/2025:10:02:49 -0400] "GET /wp-content/plugins/elementor/assets/css/frontend.min.css?ver=3.27.6 HTTP/1.1" 200 6453 "-" "Mozilla/5.0 AppleWebKit/537.36 (KHTML, like Gecko; compatible; GPTBot/1.2; +https://openai.com/gptbot)"
20.171.207.97 - - [26/Apr/2025:10:02:50 -0400] "GET /wp-content/plugins/header-footer-elementor/inc/widgets-css/frontend.css?ver=2.2.1 HTTP/1.1" 200 8133 "-" "Mozilla/5.0 AppleWebKit/537.36 (KHTML, like Gecko; compatible; GPTBot/1.2; +https://openai.com/gptbot)"
20.171.207.97 - - [26/Apr/2025:10:02:51 -0400] "GET /wp-content/plugins/elementor/assets/css/widget-icon-box.min.css?ver=3.27.6 HTTP/1.1" 200 656 "-" "Mozilla/5.0 AppleWebKit/537.36 (KHTML, like Gecko; compatible; GPTBot/1.2; +https://openai.com/gptbot)"
20.171.207.97 - - [26/Apr/2025:10:02:53 -0400] "GET /wp-content/plugins/elementor/assets/css/widget-image.min.css?ver=3.27.6 HTTP/1.1" 200 254 "-" "Mozilla/5.0 AppleWebKit/537.36 (KHTML, like Gecko; compatible; GPTBot/1.2; +https://openai.com/gptbot)"
20.171.207.97 - - [26/Apr/2025:10:02:54 -0400] "GET /wp-content/plugins/elementor/assets/css/widget-heading.min.css?ver=3.27.6 HTTP/1.1" 200 154 "-" "Mozilla/5.0 AppleWebKit/537.36 (KHTML, like Gecko; compatible; GPTBot/1.2; +https://openai.com/gptbot)"
20.171.207.97 - - [26/Apr/2025:10:02:55 -0400] "GET /wp-content/plugins/elementor/assets/css/widget-divider.min.css?ver=3.27.6 HTTP/1.1" 200 707 "-" "Mozilla/5.0 AppleWebKit/537.36 (KHTML, like Gecko; compatible; GPTBot/1.2; +https://openai.com/gptbot)"
20.171.207.97 - - [26/Apr/2025:10:02:56 -0400] "GET /wp-content/plugins/brave-popup-builder/assets/css/frontend.min.css?ver=6.7.2 HTTP/1.1" 200 7994 "-" "Mozilla/5.0 AppleWebKit/537.36 (KHTML, like Gecko; compatible; GPTBot/1.2; +https://openai.com/gptbot)"
20.171.207.97 - - [26/Apr/2025:10:02:57 -0400] "GET /wp-content/plugins/elementor/assets/css/widget-social-icons.min.css?ver=3.27.6 HTTP/1.1" 200 1069 "-" "Mozilla/5.0 AppleWebKit/537.36 (KHTML, like Gecko; compatible; GPTBot/1.2; +https://openai.com/gptbot)"
20.171.207.97 - - [26/Apr/2025:10:02:59 -0400] "GET /wp-content/plugins/header-footer-elementor/assets/css/header-footer-elementor.css?ver=2.2.1 HTTP/1.1" 200 259 "-" "Mozilla/5.0 AppleWebKit/537.36 (KHTML, like Gecko; compatible; GPTBot/1.2; +https://openai.com/gptbot)"
20.171.207.97 - - [26/Apr/2025:10:02:59 -0400] "GET /wp-content/plugins/elementor/assets/lib/eicons/fonts/eicons.woff2?5.36.0 HTTP/1.1" 200 99440 "-" "Mozilla/5.0 AppleWebKit/537.36 (KHTML, like Gecko; compatible; GPTBot/1.2; +https://openai.com/gptbot)"
20.171.207.97 - - [26/Apr/2025:10:03:01 -0400] "GET /wp-content/plugins/elementor/assets/lib/eicons/fonts/eicons.ttf?5.36.0 HTTP/1.1" 200 224180 "-" "Mozilla/5.0 AppleWebKit/537.36 (KHTML, like Gecko; compatible; GPTBot/1.2; +https://openai.com/gptbot)"
20.171.207.97 - - [26/Apr/2025:10:03:02 -0400] "GET /wp-content/plugins/elementor/assets/lib/eicons/fonts/eicons.eot?5.36.0 HTTP/1.1" 200 224340 "-" "Mozilla/5.0 AppleWebKit/537.36 (KHTML, like Gecko; compatible; GPTBot/1.2; +https://openai.com/gptbot)"
20.171.207.97 - - [26/Apr/2025:10:03:03 -0400] "GET /wp-content/plugins/elementor/assets/lib/eicons/fonts/eicons.svg?5.36.0 HTTP/1.1" 200 96610 "-" "Mozilla/5.0 AppleWebKit/537.36 (KHTML, like Gecko; compatible; GPTBot/1.2; +https://openai.com/gptbot)"
20.171.207.97 - - [26/Apr/2025:10:03:04 -0400] "GET /wp-content/plugins/elementor/assets/lib/eicons/fonts/eicons.woff?5.36.0 HTTP/1.1" 200 122324 "-" "Mozilla/5.0 AppleWebKit/537.36 (KHTML, like Gecko; compatible; GPTBot/1.2; +https://openai.com/gptbot)"
20.171.207.97 - - [26/Apr/2025:10:03:05 -0400] "GET /wp-content/plugins/elementor/assets/css/conditionals/apple-webkit.min.css?ver=3.27.6 HTTP/1.1" 200 472 "-" "Mozilla/5.0 AppleWebKit/537.36 (KHTML, like Gecko; compatible; GPTBot/1.2; +https://openai.com/gptbot)"
20.171.207.97 - - [26/Apr/2025:10:03:06 -0400] "GET /wp-content/uploads/elementor/css/post-66.css?ver=1739321471 HTTP/1.1" 200 1424 "-" "Mozilla/5.0 AppleWebKit/537.36 (KHTML, like Gecko; compatible; GPTBot/1.2; +https://openai.com/gptbot)"
20.171.207.97 - - [26/Apr/2025:10:03:07 -0400] "GET /wp-content/uploads/elementor/css/post-225.css?ver=1739321472 HTTP/1.1" 200 1614 "-" "Mozilla/5.0 AppleWebKit/537.36 (KHTML, like Gecko; compatible; GPTBot/1.2; +https://openai.com/gptbot)"
20.171.207.97 - - [26/Apr/2025:10:03:09 -0400] "GET /wp-content/uploads/elementor/css/post-220.css?ver=1739321472 HTTP/1.1" 200 3051 "-" "Mozilla/5.0 AppleWebKit/537.36 (KHTML, like Gecko; compatible; GPTBot/1.2; +https://openai.com/gptbot)"
66.249.74.2 - - [26/Apr/2025:10:18:24 -0400] "GET /pcmypage/ HTTP/1.1" 200 19196 "-" "Mozilla/5.0 (Linux; Android 6.0.1; Nexus 5X Build/MMB29P) AppleWebKit/537.36 (KHTML, like Gecko) Chrome/135.0.7049.95 Mobile Safari/537.36 (compatible; GoogleOther)"
66.249.74.2 - - [26/Apr/2025:10:18:30 -0400] "POST /get-message-notify HTTP/1.1" 200 19476 "https://drmohsinazeem.com/pcmypage/" "Mozilla/5.0 (Linux; Android 6.0.1; Nexus 5X Build/MMB29P) AppleWebKit/537.36 (KHTML, like Gecko) Chrome/134.0.6998.165 Mobile Safari/537.36 (compatible; Googlebot/2.1; +http://www.google.com/bot.html)"
198.54.114.58 - - [26/Apr/2025:10:22:21 -0400] "GET /wp-login.php HTTP/1.1" 200 0 "http://drmohsinazeem.com" "Mozilla/5.0 (Macintosh; Intel Mac OS X 10_15_7) AppleWebKit/537.36 (KHTML, like Gecko) Chrome/126.0.0.0 Safari/537.36"
66.29.132.124 - - [26/Apr/2025:10:22:31 -0400] "POST /wp-cron.php?doing_wp_cron=1745677351.5737910270690917968750 HTTP/1.1" 200 0 "-" "WordPress/6.8; https://drmohsinazeem.com"
66.29.132.124 - - [26/Apr/2025:10:22:38 -0400] "POST /wp-admin/admin-ajax.php?action=async_litespeed&nonce=6D2eZYnBuRMDdfyDxjlnieCQtKVgilc8&litespeed_type=imgoptm HTTP/1.1" 200 0 "-" "WordPress/6.8; https://drmohsinazeem.com"
199.188.200.145 - - [26/Apr/2025:10:36:49 -0400] "GET /wp-login.php HTTP/1.1" 200 0 "http://drmohsinazeem.com" "Mozilla/5.0 (Macintosh; Intel Mac OS X 13_3) AppleWebKit/537.36 (KHTML, like Gecko) Chrome/126.0.0.0 Safari/537.36"
66.29.132.124 - - [26/Apr/2025:10:37:03 -0400] "POST /wp-cron.php?doing_wp_cron=1745678223.0681250095367431640625 HTTP/1.1" 200 0 "-" "WordPress/6.8; https://drmohsinazeem.com"
66.29.132.124 - - [26/Apr/2025:10:37:10 -0400] "POST /wp-admin/admin-ajax.php?action=async_litespeed&nonce=MJIbeZLxvxuUu097IJT2a23fzdMiaMc7&litespeed_type=imgoptm HTTP/1.1" 200 0 "-" "WordPress/6.8; https://drmohsinazeem.com"
43.166.255.102 - - [26/Apr/2025:10:40:34 -0400] "GET / HTTP/1.1" 200 33665 "http://drmohsinazeem.com" "Mozilla/5.0 (iPhone; CPU iPhone OS 13_2_3 like Mac OS X) AppleWebKit/605.1.15 (KHTML, like Gecko) Version/13.0.3 Mobile/15E148 Safari/604.1"
4.227.36.30 - - [26/Apr/2025:10:43:17 -0400] "GET /robots.txt HTTP/1.1" 200 139 "http://drmohsinazeem.com/robots.txt" "Mozilla/5.0 AppleWebKit/537.36 (KHTML, like Gecko; compatible; GPTBot/1.2; +https://openai.com/gptbot)"
20.171.207.97 - - [26/Apr/2025:10:43:29 -0400] "GET /our-services-2/ HTTP/1.1" 403 0 "-" "Mozilla/5.0 AppleWebKit/537.36 (KHTML, like Gecko; compatible; GPTBot/1.2; +https://openai.com/gptbot)"
20.171.207.97 - - [26/Apr/2025:10:43:42 -0400] "GET /phpmailer.lang-sv.php HTTP/1.1" 403 0 "-" "Mozilla/5.0 AppleWebKit/537.36 (KHTML, like Gecko; compatible; GPTBot/1.2; +https://openai.com/gptbot)"
20.171.207.97 - - [26/Apr/2025:10:43:43 -0400] "GET /adminfuns.php HTTP/1.1" 403 0 "-" "Mozilla/5.0 AppleWebKit/537.36 (KHTML, like Gecko; compatible; GPTBot/1.2; +https://openai.com/gptbot)"
20.171.207.97 - - [26/Apr/2025:10:43:45 -0400] "GET /zero.php HTTP/1.1" 403 0 "-" "Mozilla/5.0 AppleWebKit/537.36 (KHTML, like Gecko; compatible; GPTBot/1.2; +https://openai.com/gptbot)"
20.171.207.97 - - [26/Apr/2025:10:43:47 -0400] "GET /assets/class_api.php HTTP/1.1" 403 0 "-" "Mozilla/5.0 AppleWebKit/537.36 (KHTML, like Gecko; compatible; GPTBot/1.2; +https://openai.com/gptbot)"
20.171.207.97 - - [26/Apr/2025:10:43:50 -0400] "GET /simple.php HTTP/1.1" 403 0 "-" "Mozilla/5.0 AppleWebKit/537.36 (KHTML, like Gecko; compatible; GPTBot/1.2; +https://openai.com/gptbot)"
20.171.207.97 - - [26/Apr/2025:10:43:52 -0400] "GET /class.api.php HTTP/1.1" 403 0 "-" "Mozilla/5.0 AppleWebKit/537.36 (KHTML, like Gecko; compatible; GPTBot/1.2; +https://openai.com/gptbot)"
20.171.207.97 - - [26/Apr/2025:10:43:54 -0400] "GET /wp-apxupx.php HTTP/1.1" 403 0 "-" "Mozilla/5.0 AppleWebKit/537.36 (KHTML, like Gecko; compatible; GPTBot/1.2; +https://openai.com/gptbot)"
20.171.207.97 - - [26/Apr/2025:10:43:55 -0400] "GET /classfuns.php HTTP/1.1" 403 0 "-" "Mozilla/5.0 AppleWebKit/537.36 (KHTML, like Gecko; compatible; GPTBot/1.2; +https://openai.com/gptbot)"
20.171.207.97 - - [26/Apr/2025:10:43:57 -0400] "GET /.well-known/pki-validation/class_api.php HTTP/1.1" 404 1251 "-" "Mozilla/5.0 AppleWebKit/537.36 (KHTML, like Gecko; compatible; GPTBot/1.2; +https://openai.com/gptbot)"
20.171.207.97 - - [26/Apr/2025:10:43:59 -0400] "GET /.tmb/mariju.php HTTP/1.1" 403 0 "-" "Mozilla/5.0 AppleWebKit/537.36 (KHTML, like Gecko; compatible; GPTBot/1.2; +https://openai.com/gptbot)"
20.171.207.97 - - [26/Apr/2025:10:44:04 -0400] "GET /cgi-bin/sgd.php HTTP/1.1" 403 0 "-" "Mozilla/5.0 AppleWebKit/537.36 (KHTML, like Gecko; compatible; GPTBot/1.2; +https://openai.com/gptbot)"
20.171.207.97 - - [26/Apr/2025:10:44:13 -0400] "GET /wp-admin/network/class_api.php HTTP/1.1" 403 0 "-" "Mozilla/5.0 AppleWebKit/537.36 (KHTML, like Gecko; compatible; GPTBot/1.2; +https://openai.com/gptbot)"
20.171.207.97 - - [26/Apr/2025:10:44:14 -0400] "GET /.well-known/pki-validation/atomlib.php HTTP/1.1" 404 1251 "-" "Mozilla/5.0 AppleWebKit/537.36 (KHTML, like Gecko; compatible; GPTBot/1.2; +https://openai.com/gptbot)"
20.171.207.97 - - [26/Apr/2025:10:44:15 -0400] "GET /.tmb/class_api.php HTTP/1.1" 403 0 "-" "Mozilla/5.0 AppleWebKit/537.36 (KHTML, like Gecko; compatible; GPTBot/1.2; +https://openai.com/gptbot)"
20.171.207.97 - - [26/Apr/2025:10:44:17 -0400] "GET /wp-admin/includes/class_api.php HTTP/1.1" 403 0 "-" "Mozilla/5.0 AppleWebKit/537.36 (KHTML, like Gecko; compatible; GPTBot/1.2; +https://openai.com/gptbot)"
20.171.207.97 - - [26/Apr/2025:10:44:18 -0400] "GET /wp-admin/maint/moon.php HTTP/1.1" 403 0 "-" "Mozilla/5.0 AppleWebKit/537.36 (KHTML, like Gecko; compatible; GPTBot/1.2; +https://openai.com/gptbot)"
20.171.207.97 - - [26/Apr/2025:10:44:19 -0400] "GET /wp-admin/js/widgets/moon.php HTTP/1.1" 403 0 "-" "Mozilla/5.0 AppleWebKit/537.36 (KHTML, like Gecko; compatible; GPTBot/1.2; +https://openai.com/gptbot)"
20.171.207.97 - - [26/Apr/2025:10:44:20 -0400] "GET /wp-admin/includes/moon.php HTTP/1.1" 403 0 "-" "Mozilla/5.0 AppleWebKit/537.36 (KHTML, like Gecko; compatible; GPTBot/1.2; +https://openai.com/gptbot)"
20.171.207.97 - - [26/Apr/2025:10:44:23 -0400] "GET /wp-content/languages/themes/atomlib.php HTTP/1.1" 403 0 "-" "Mozilla/5.0 AppleWebKit/537.36 (KHTML, like Gecko; compatible; GPTBot/1.2; +https://openai.com/gptbot)"
20.171.207.97 - - [26/Apr/2025:10:44:24 -0400] "GET /wp-content/plugins/include.php HTTP/1.1" 403 0 "-" "Mozilla/5.0 AppleWebKit/537.36 (KHTML, like Gecko; compatible; GPTBot/1.2; +https://openai.com/gptbot)"
20.171.207.97 - - [26/Apr/2025:10:44:29 -0400] "GET /wp-includes/certificates/moon.php HTTP/1.1" 403 0 "-" "Mozilla/5.0 AppleWebKit/537.36 (KHTML, like Gecko; compatible; GPTBot/1.2; +https://openai.com/gptbot)"
20.171.207.97 - - [26/Apr/2025:10:44:32 -0400] "GET /wp-content/plugins/elementor/assets/css/widget-social-icons.min.css HTTP/1.1" 200 1069 "-" "Mozilla/5.0 AppleWebKit/537.36 (KHTML, like Gecko; compatible; GPTBot/1.2; +https://openai.com/gptbot)"
20.171.207.97 - - [26/Apr/2025:10:44:33 -0400] "GET /wp-includes/IXR/class.api.php HTTP/1.1" 403 0 "-" "Mozilla/5.0 AppleWebKit/537.36 (KHTML, like Gecko; compatible; GPTBot/1.2; +https://openai.com/gptbot)"
20.171.207.97 - - [26/Apr/2025:10:44:34 -0400] "GET /wp-content/plugins/elementor/assets/lib/font-awesome/css/fontawesome.css/site/wp-admin/install.php%203%20-/xmrlpc.php%202%20-/sites/all/modules/plupload/examples/upload.php%201%20-/wp-admin/includes/atomlib.php%202%20http:/drmohsinazeem.com/wp-admin/includes/atomlib.php/wp-includes/about.php%202%20-/css/colors/coffee/xmrlpc.php%202%20-/images/cloud.php%202%20-/blueimp/server/php/%201%20-/wp-includes/Requests/Auth/%201%20-/admin/assets/plugins/jQuery-File-Upload/server/php/%201%20-/wp-includes/blocks/about.php%202%20-/css/colors/cloud.php%202%20-/images/class.api.php%202%20http:/drmohsinazeem.com/images/class.api.php HTTP/1.1" 404 1251 "-" "Mozilla/5.0 AppleWebKit/537.36 (KHTML, like Gecko; compatible; GPTBot/1.2; +https://openai.com/gptbot)"
20.171.207.97 - - [26/Apr/2025:10:44:37 -0400] "GET /wp-content/upgrade/moon.php HTTP/1.1" 403 0 "-" "Mozilla/5.0 AppleWebKit/537.36 (KHTML, like Gecko; compatible; GPTBot/1.2; +https://openai.com/gptbot)"
20.171.207.97 - - [26/Apr/2025:10:44:38 -0400] "GET /wp-includes/Requests/class_api.php HTTP/1.1" 403 0 "-" "Mozilla/5.0 AppleWebKit/537.36 (KHTML, like Gecko; compatible; GPTBot/1.2; +https://openai.com/gptbot)"
20.171.207.97 - - [26/Apr/2025:10:44:39 -0400] "GET /wp-content/themes/atomlib.php HTTP/1.1" 403 0 "-" "Mozilla/5.0 AppleWebKit/537.36 (KHTML, like Gecko; compatible; GPTBot/1.2; +https://openai.com/gptbot)"
20.171.207.97 - - [26/Apr/2025:10:44:40 -0400] "GET /wp-admin/user/class_api.php HTTP/1.1" 403 0 "-" "Mozilla/5.0 AppleWebKit/537.36 (KHTML, like Gecko; compatible; GPTBot/1.2; +https://openai.com/gptbot)"
20.171.207.97 - - [26/Apr/2025:10:44:41 -0400] "GET /wp-admin/css/colors/ectoplasm/load-styles.php HTTP/1.1" 403 0 "-" "Mozilla/5.0 AppleWebKit/537.36 (KHTML, like Gecko; compatible; GPTBot/1.2; +https://openai.com/gptbot)"
54.36.148.19 - - [26/Apr/2025:10:50:24 -0400] "GET /robots.txt HTTP/1.1" 200 139 "-" "Mozilla/5.0 (compatible; AhrefsBot/7.0; +http://ahrefs.com/robot/)"
54.36.149.8 - - [26/Apr/2025:10:50:27 -0400] "GET /wp-sitemap.xml HTTP/1.1" 403 0 "-" "Mozilla/5.0 (compatible; AhrefsBot/7.0; +http://ahrefs.com/robot/)"
162.0.235.8 - - [26/Apr/2025:10:51:39 -0400] "GET /wp-login.php HTTP/1.1" 200 0 "http://drmohsinazeem.com" "Mozilla/5.0 (Windows NT 10.0; Win64; x64) AppleWebKit/537.36 (KHTML, like Gecko) Chrome/126.0.0.0 Safari/537.36 Edg/126.0.0.0"
66.29.132.124 - - [26/Apr/2025:10:51:59 -0400] "POST /wp-cron.php?doing_wp_cron=1745679117.1366629600524902343750 HTTP/1.1" 200 0 "-" "WordPress/6.8; https://drmohsinazeem.com"
66.249.74.3 - - [26/Apr/2025:11:02:16 -0400] "GET /shopdetail/1947303 HTTP/1.1" 200 18561 "-" "Mozilla/5.0 (Linux; Android 6.0.1; Nexus 5X Build/MMB29P) AppleWebKit/537.36 (KHTML, like Gecko) Chrome/135.0.7049.95 Mobile Safari/537.36 (compatible; GoogleOther)"
66.249.74.3 - - [26/Apr/2025:11:02:25 -0400] "POST /get-message-notify HTTP/1.1" 200 19476 "https://drmohsinazeem.com/shopdetail/1947303" "Mozilla/5.0 (Linux; Android 6.0.1; Nexus 5X Build/MMB29P) AppleWebKit/537.36 (KHTML, like Gecko) Chrome/134.0.6998.165 Mobile Safari/537.36 (compatible; Googlebot/2.1; +http://www.google.com/bot.html)"
66.249.74.3 - - [26/Apr/2025:11:05:42 -0400] "GET /shopdetail/1615092 HTTP/1.1" 200 18114 "-" "Mozilla/5.0 (Linux; Android 6.0.1; Nexus 5X Build/MMB29P) AppleWebKit/537.36 (KHTML, like Gecko) Chrome/135.0.7049.95 Mobile Safari/537.36 (compatible; GoogleOther)"
66.249.74.3 - - [26/Apr/2025:11:05:57 -0400] "POST /get-message-notify HTTP/1.1" 200 19476 "https://drmohsinazeem.com/shopdetail/1615092" "Mozilla/5.0 (Linux; Android 6.0.1; Nexus 5X Build/MMB29P) AppleWebKit/537.36 (KHTML, like Gecko) Chrome/134.0.6998.165 Mobile Safari/537.36 (compatible; Googlebot/2.1; +http://www.google.com/bot.html)"
196.251.86.177 - - [26/Apr/2025:11:08:03 -0400] "GET / HTTP/1.1" 200 0 "-" "-"
196.251.86.177 - - [26/Apr/2025:11:08:06 -0400] "GET / HTTP/1.1" 200 0 "-" "-"
196.251.86.177 - - [26/Apr/2025:11:08:11 -0400] "GET / HTTP/1.1" 200 0 "-" "-"
196.251.86.177 - - [26/Apr/2025:11:08:16 -0400] "GET / HTTP/1.1" 200 0 "-" "-"
196.251.86.177 - - [26/Apr/2025:11:08:22 -0400] "GET / HTTP/1.1" 200 164782 "-" "-"
196.251.86.177 - - [26/Apr/2025:11:08:42 -0400] "GET /wordpress HTTP/1.1" 200 0 "-" "-"
196.251.86.177 - - [26/Apr/2025:11:08:46 -0400] "GET /wordpress HTTP/1.1" 200 0 "-" "-"
196.251.86.177 - - [26/Apr/2025:11:08:50 -0400] "GET /wordpress HTTP/1.1" 200 0 "-" "-"
66.29.132.124 - - [26/Apr/2025:11:08:54 -0400] "POST /wp-cron.php?doing_wp_cron=1745680133.5599620342254638671875 HTTP/1.1" 200 0 "-" "WordPress/6.8; https://drmohsinazeem.com"
66.29.132.124 - - [26/Apr/2025:11:08:56 -0400] "POST /wp-cron.php?doing_wp_cron=1745680133.5582160949707031250000 HTTP/1.1" 200 0 "-" "WordPress/6.8; https://drmohsinazeem.com"
66.29.132.124 - - [26/Apr/2025:11:08:56 -0400] "POST /wp-cron.php?doing_wp_cron=1745680133.5604610443115234375000 HTTP/1.1" 200 0 "-" "WordPress/6.8; https://drmohsinazeem.com"
196.251.86.177 - - [26/Apr/2025:11:08:57 -0400] "GET /wordpress HTTP/1.1" 404 82757 "-" "-"
196.251.86.177 - - [26/Apr/2025:11:09:02 -0400] "GET /wordpress HTTP/1.1" 404 82757 "-" "-"
196.251.86.177 - - [26/Apr/2025:11:09:07 -0400] "GET /wp-admin/setup-config.php HTTP/1.1" 409 2665 "-" "-"
66.29.132.124 - - [26/Apr/2025:11:09:13 -0400] "POST /wp-cron.php?doing_wp_cron=1745680152.0737960338592529296875 HTTP/1.1" 200 0 "-" "WordPress/6.8; https://drmohsinazeem.com"
196.251.86.177 - - [26/Apr/2025:11:09:11 -0400] "GET /wp-admin/install.php HTTP/1.1" 200 1287 "-" "-"
196.251.86.177 - - [26/Apr/2025:11:09:14 -0400] "GET /wp HTTP/1.1" 404 82757 "-" "-"
196.251.86.177 - - [26/Apr/2025:11:09:17 -0400] "GET /blog HTTP/1.1" 404 82757 "-" "-"
196.251.86.177 - - [26/Apr/2025:11:09:21 -0400] "GET /new HTTP/1.1" 404 82757 "-" "-"
196.251.86.177 - - [26/Apr/2025:11:09:25 -0400] "GET /old HTTP/1.1" 404 82757 "-" "-"
196.251.86.177 - - [26/Apr/2025:11:09:28 -0400] "GET /newsite HTTP/1.1" 404 82757 "-" "-"
196.251.86.177 - - [26/Apr/2025:11:09:32 -0400] "GET /test HTTP/1.1" 404 82757 "-" "-"
196.251.86.177 - - [26/Apr/2025:11:09:37 -0400] "GET /main HTTP/1.1" 404 82757 "-" "-"
196.251.86.177 - - [26/Apr/2025:11:09:41 -0400] "GET /testing HTTP/1.1" 404 82757 "-" "-"
196.251.86.177 - - [26/Apr/2025:11:09:45 -0400] "GET /site HTTP/1.1" 404 82757 "-" "-"
196.251.86.177 - - [26/Apr/2025:11:09:50 -0400] "GET /backup HTTP/1.1" 404 82757 "-" "-"
196.251.86.177 - - [26/Apr/2025:11:09:56 -0400] "GET /demo HTTP/1.1" 404 0 "-" "-"
66.29.132.124 - - [26/Apr/2025:11:10:00 -0400] "POST /wp-cron.php?doing_wp_cron=1745680197.6968209743499755859375 HTTP/1.1" 200 0 "-" "WordPress/6.8; https://drmohsinazeem.com"
196.251.86.177 - - [26/Apr/2025:11:10:04 -0400] "GET /demo HTTP/1.1" 404 82757 "-" "-"
196.251.86.177 - - [26/Apr/2025:11:10:14 -0400] "GET /home HTTP/1.1" 200 0 "-" "-"
196.251.86.177 - - [26/Apr/2025:11:10:20 -0400] "GET /home HTTP/1.1" 200 0 "-" "-"
196.251.86.177 - - [26/Apr/2025:11:10:24 -0400] "GET /home HTTP/1.1" 200 0 "-" "-"
196.251.86.177 - - [26/Apr/2025:11:10:33 -0400] "GET /home HTTP/1.1" 200 0 "-" "-"
196.251.86.177 - - [26/Apr/2025:11:10:38 -0400] "GET /home HTTP/1.1" 200 0 "-" "-"
196.251.86.177 - - [26/Apr/2025:11:10:47 -0400] "GET /tmp HTTP/1.1" 200 0 "-" "-"
196.251.86.177 - - [26/Apr/2025:11:10:53 -0400] "GET /tmp HTTP/1.1" 200 0 "-" "-"
196.251.86.177 - - [26/Apr/2025:11:10:59 -0400] "GET /tmp HTTP/1.1" 200 0 "-" "-"
196.251.86.177 - - [26/Apr/2025:11:11:05 -0400] "GET /tmp HTTP/1.1" 200 0 "-" "-"
196.251.86.177 - - [26/Apr/2025:11:11:11 -0400] "GET /tmp HTTP/1.1" 200 0 "-" "-"
196.251.86.177 - - [26/Apr/2025:11:11:21 -0400] "GET /dev HTTP/1.1" 200 0 "-" "-"
196.251.86.177 - - [26/Apr/2025:11:11:26 -0400] "GET /dev HTTP/1.1" 200 0 "-" "-"
196.251.86.177 - - [26/Apr/2025:11:11:33 -0400] "GET /dev HTTP/1.1" 200 0 "-" "-"
196.251.86.177 - - [26/Apr/2025:11:11:38 -0400] "GET /dev HTTP/1.1" 200 0 "-" "-"
196.251.86.177 - - [26/Apr/2025:11:11:43 -0400] "GET /dev HTTP/1.1" 200 0 "-" "-"
196.251.86.177 - - [26/Apr/2025:11:12:04 -0400] "GET /cms HTTP/1.1" 200 0 "-" "-"
196.251.86.177 - - [26/Apr/2025:11:12:09 -0400] "GET /cms HTTP/1.1" 200 0 "-" "-"
196.251.86.177 - - [26/Apr/2025:11:12:15 -0400] "GET /cms HTTP/1.1" 200 0 "-" "-"
196.251.86.177 - - [26/Apr/2025:11:12:20 -0400] "GET /cms HTTP/1.1" 200 0 "-" "-"
196.251.86.177 - - [26/Apr/2025:11:12:25 -0400] "GET /cms HTTP/1.1" 200 0 "-" "-"
196.251.86.177 - - [26/Apr/2025:11:12:43 -0400] "GET /portal HTTP/1.1" 200 0 "-" "-"
196.251.86.177 - - [26/Apr/2025:11:12:50 -0400] "GET /portal HTTP/1.1" 200 0 "-" "-"
196.251.86.177 - - [26/Apr/2025:11:12:57 -0400] "GET /portal HTTP/1.1" 200 0 "-" "-"
196.251.86.177 - - [26/Apr/2025:11:13:01 -0400] "GET /portal HTTP/1.1" 200 0 "-" "-"
196.251.86.177 - - [26/Apr/2025:11:13:08 -0400] "GET /portal HTTP/1.1" 200 0 "-" "-"
196.251.86.177 - - [26/Apr/2025:11:13:17 -0400] "GET /web HTTP/1.1" 200 0 "-" "-"
196.251.86.177 - - [26/Apr/2025:11:13:23 -0400] "GET /web HTTP/1.1" 200 0 "-" "-"
196.251.86.177 - - [26/Apr/2025:11:13:28 -0400] "GET /web HTTP/1.1" 200 0 "-" "-"
196.251.86.177 - - [26/Apr/2025:11:13:33 -0400] "GET /web HTTP/1.1" 200 0 "-" "-"
196.251.86.177 - - [26/Apr/2025:11:13:38 -0400] "GET /web HTTP/1.1" 200 0 "-" "-"
66.29.132.124 - - [26/Apr/2025:11:20:42 -0400] "POST /wp-cron.php?doing_wp_cron=1745680842.1648190021514892578125 HTTP/1.1" 200 0 "-" "WordPress/6.8; https://drmohsinazeem.com"
144.91.119.115 - - [26/Apr/2025:11:20:31 -0400] "GET /wp-content/plugins/HelloDollyV2/hello_dolly_v2.php HTTP/1.1" 200 0 "www.google.com" "Mozilla/5.0 (Linux; Android 7.0; SM-G892A Build/NRD90M; wv) AppleWebKit/537.36 (KHTML, like Gecko) Version/4.0 Chrome/60.0.3112.107 Mobile Safari/537.36"
66.29.132.124 - - [26/Apr/2025:11:20:47 -0400] "POST /wp-admin/admin-ajax.php?action=async_litespeed&nonce=CP3BRzMnGAHSaja1vJKwFAPKXzOLP1eD&litespeed_type=imgoptm HTTP/1.1" 200 0 "-" "WordPress/6.8; https://drmohsinazeem.com"
198.54.120.17 - - [26/Apr/2025:11:28:15 -0400] "GET /wp-login.php HTTP/1.1" 200 0 "http://drmohsinazeem.com" "Mozilla/5.0 (Macintosh; Intel Mac OS X 13.3; rv:126.0) Gecko/20100101 Firefox/126.0"
66.29.132.124 - - [26/Apr/2025:11:28:31 -0400] "POST /wp-cron.php?doing_wp_cron=1745681310.6998820304870605468750 HTTP/1.1" 200 0 "-" "WordPress/6.8; https://drmohsinazeem.com"
66.29.132.124 - - [26/Apr/2025:11:28:39 -0400] "POST /wp-admin/admin-ajax.php?action=async_litespeed&nonce=01vuq1ewMXFPVAcaitjidR2cNMgfKaUq&litespeed_type=imgoptm HTTP/1.1" 200 0 "-" "WordPress/6.8; https://drmohsinazeem.com"
82.156.68.74 - - [26/Apr/2025:11:29:32 -0400] "GET / HTTP/1.1" 200 33665 "http://drmohsinazeem.com" "Mozilla/5.0 (iPhone; CPU iPhone OS 13_2_3 like Mac OS X) AppleWebKit/605.1.15 (KHTML, like Gecko) Version/13.0.3 Mobile/15E148 Safari/604.1"
66.29.132.124 - - [26/Apr/2025:11:35:43 -0400] "POST /wp-cron.php?doing_wp_cron=1745681742.7719290256500244140625 HTTP/1.1" 200 0 "-" "WordPress/6.8; https://drmohsinazeem.com"
199.188.201.3 - - [26/Apr/2025:11:35:34 -0400] "GET /wp-login.php HTTP/1.1" 200 1881 "http://drmohsinazeem.com" "Mozilla/5.0 (Macintosh; Intel Mac OS X 10_15_7) AppleWebKit/537.36 (KHTML, like Gecko) Chrome/114.0.5735.134 Safari/537.36"
66.29.132.124 - - [26/Apr/2025:11:35:49 -0400] "POST /wp-admin/admin-ajax.php?action=async_litespeed&nonce=jQlE967qVYOAJKkfiKzFWmOcWrxxTjQi&litespeed_type=imgoptm HTTP/1.1" 200 0 "-" "WordPress/6.8; https://drmohsinazeem.com"
66.249.74.3 - - [26/Apr/2025:11:40:43 -0400] "GET /shopdetail/1230425 HTTP/1.1" 200 19525 "-" "Mozilla/5.0 (Linux; Android 6.0.1; Nexus 5X Build/MMB29P) AppleWebKit/537.36 (KHTML, like Gecko) Chrome/135.0.7049.95 Mobile Safari/537.36 (compatible; GoogleOther)"
66.249.74.3 - - [26/Apr/2025:11:40:49 -0400] "POST /get-message-notify HTTP/1.1" 200 19476 "https://drmohsinazeem.com/shopdetail/1230425" "Mozilla/5.0 (Linux; Android 6.0.1; Nexus 5X Build/MMB29P) AppleWebKit/537.36 (KHTML, like Gecko) Chrome/134.0.6998.165 Mobile Safari/537.36 (compatible; Googlebot/2.1; +http://www.google.com/bot.html)"
15.220.168.158 - - [26/Apr/2025:11:41:38 -0400] "POST /xmlrpc.php HTTP/1.1" 200 0 "-" "Mozilla/5.0 (Windows NT 10.0; Win64; x64) AppleWebKit/537.36 (KHTML, like Gecko) Chrome/91.0.4472.124 Safari/537.36"
4.227.36.30 - - [26/Apr/2025:11:41:46 -0400] "GET /robots.txt HTTP/1.1" 200 139 "-" "Mozilla/5.0 AppleWebKit/537.36 (KHTML, like Gecko; compatible; GPTBot/1.2; +https://openai.com/gptbot)"
20.171.207.97 - - [26/Apr/2025:11:41:46 -0400] "GET /wp-content/uploads/2024/08/elementor/thumbs/3d_logo_white_wall_shine_dr-removebg-preview-e1722684921421-150x150.png HTTP/1.1" 403 0 "-" "Mozilla/5.0 AppleWebKit/537.36 (KHTML, like Gecko; compatible; GPTBot/1.2; +https://openai.com/gptbot)"
66.29.132.124 - - [26/Apr/2025:11:41:47 -0400] "POST /wp-cron.php?doing_wp_cron=1745682107.0522038936614990234375 HTTP/1.1" 200 0 "-" "WordPress/6.8; https://drmohsinazeem.com"
20.171.207.97 - - [26/Apr/2025:11:41:49 -0400] "GET /wp-content/uploads/2024/08/3d_logo_white_wall_shine_dr-removebg-preview-e1722684921421.png%20210w,%20https:/drmohsinazeem.com/wp-content/uploads/2024/08/3d_logo_white_wall_shine_dr-removebg-preview-e1722684921421-150x150.png%20150w HTTP/1.1" 403 0 "-" "Mozilla/5.0 AppleWebKit/537.36 (KHTML, like Gecko; compatible; GPTBot/1.2; +https://openai.com/gptbot)"
66.29.132.124 - - [26/Apr/2025:11:41:49 -0400] "POST /wp-admin/admin-ajax.php?action=async_litespeed&nonce=0GiYDuKXaNecpMCIjL8dqGruiwMuQ7cl&litespeed_type=imgoptm HTTP/1.1" 200 0 "-" "WordPress/6.8; https://drmohsinazeem.com"
20.171.207.97 - - [26/Apr/2025:11:41:52 -0400] "GET /wp-content/plugins/essential-addons-for-elementor-lite/assets/front-end/js/view/general.min.js?ver=6.1.4 HTTP/1.1" 200 3883 "-" "Mozilla/5.0 AppleWebKit/537.36 (KHTML, like Gecko; compatible; GPTBot/1.2; +https://openai.com/gptbot)"
20.171.207.97 - - [26/Apr/2025:11:41:55 -0400] "GET /xmlrpc.php HTTP/1.1" 405 46 "-" "Mozilla/5.0 AppleWebKit/537.36 (KHTML, like Gecko; compatible; GPTBot/1.2; +https://openai.com/gptbot)"
20.171.207.97 - - [26/Apr/2025:11:41:58 -0400] "GET /wp-content/plugins/essential-addons-for-elementor-lite/assets/front-end/css/view/general.min.css?ver=6.1.4 HTTP/1.1" 200 1365 "-" "Mozilla/5.0 AppleWebKit/537.36 (KHTML, like Gecko; compatible; GPTBot/1.2; +https://openai.com/gptbot)"
20.171.207.97 - - [26/Apr/2025:11:42:01 -0400] "GET /wp-content/plugins/header-footer-elementor/assets/css/header-footer-elementor.css?ver=2.2.0 HTTP/1.1" 200 259 "-" "Mozilla/5.0 AppleWebKit/537.36 (KHTML, like Gecko; compatible; GPTBot/1.2; +https://openai.com/gptbot)"
20.171.207.97 - - [26/Apr/2025:11:42:03 -0400] "GET /wp-content/plugins/header-footer-elementor/inc/widgets-css/frontend.css?ver=2.2.0 HTTP/1.1" 200 8133 "-" "Mozilla/5.0 AppleWebKit/537.36 (KHTML, like Gecko; compatible; GPTBot/1.2; +https://openai.com/gptbot)"
20.171.207.97 - - [26/Apr/2025:11:42:06 -0400] "GET /our-services-2/ HTTP/1.1" 403 0 "-" "Mozilla/5.0 AppleWebKit/537.36 (KHTML, like Gecko; compatible; GPTBot/1.2; +https://openai.com/gptbot)"
20.171.207.97 - - [26/Apr/2025:11:42:08 -0400] "GET /wp-content/plugins/header-footer-elementor/inc/js/frontend.js?ver=2.2.0 HTTP/1.1" 200 3944 "-" "Mozilla/5.0 AppleWebKit/537.36 (KHTML, like Gecko; compatible; GPTBot/1.2; +https://openai.com/gptbot)"
66.29.146.73 - - [26/Apr/2025:11:42:56 -0400] "GET /wp-login.php HTTP/1.1" 200 1881 "http://drmohsinazeem.com" "Mozilla/5.0 (Macintosh; Intel Mac OS X 10_15_7) AppleWebKit/537.36 (KHTML, like Gecko) Chrome/113.0.5672.93 Safari/537.36"
111.231.1.45 - - [26/Apr/2025:11:46:09 -0400] "GET / HTTP/1.1" 200 33665 "http://drmohsinazeem.com" "Mozilla/5.0 (Linux; Android 10; LIO-AN00 Build/HUAWEILIO-AN00; wv) MicroMessenger Weixin QQ AppleWebKit/537.36 (KHTML, like Gecko) Version/4.0 Chrome/78.0.3904.62 XWEB/2692 MMWEBSDK/200901 Mobile Safari/537.36"
67.205.178.27 - - [26/Apr/2025:11:53:55 -0400] "GET / HTTP/1.1" 200 33665 "-" "Mozilla/5.0 (compatible)"
67.205.178.27 - - [26/Apr/2025:11:53:58 -0400] "GET /wp-content/uploads/2024/08/3d_logo_white_wall_shine_dr-removebg-preview-e1722684921421-150x150.png HTTP/1.1" 200 21789 "https://drmohsinazeem.com/" "Mozilla/5.0 (compatible)"
67.205.178.27 - - [26/Apr/2025:11:54:00 -0400] "GET /ads.txt HTTP/1.1" 200 0 "-" "Mozilla/5.0 (compatible)"
66.29.132.124 - - [26/Apr/2025:11:54:10 -0400] "POST /wp-cron.php?doing_wp_cron=1745682850.1365430355072021484375 HTTP/1.1" 200 0 "-" "WordPress/6.8; https://drmohsinazeem.com"
66.29.132.124 - - [26/Apr/2025:11:54:18 -0400] "POST /wp-admin/admin-ajax.php?action=async_litespeed&nonce=3Bz8MkIxGPIBENssLJbfpxv6VaccyRNt&litespeed_type=imgoptm HTTP/1.1" 200 0 "-" "WordPress/6.8; https://drmohsinazeem.com"
111.231.1.45 - - [26/Apr/2025:11:54:25 -0400] "GET / HTTP/1.1" 200 33665 "http://drmohsinazeem.com" "Mozilla/5.0 (Linux; Android 10; LIO-AN00 Build/HUAWEILIO-AN00; wv) MicroMessenger Weixin QQ AppleWebKit/537.36 (KHTML, like Gecko) Version/4.0 Chrome/78.0.3904.62 XWEB/2692 MMWEBSDK/200901 Mobile Safari/537.36"
66.249.74.3 - - [26/Apr/2025:11:54:34 -0400] "GET /shopdetail/8900358 HTTP/1.1" 200 18102 "-" "Mozilla/5.0 (Linux; Android 6.0.1; Nexus 5X Build/MMB29P) AppleWebKit/537.36 (KHTML, like Gecko) Chrome/135.0.7049.95 Mobile Safari/537.36 (compatible; GoogleOther)"
66.249.74.4 - - [26/Apr/2025:11:54:37 -0400] "POST /get-message-notify HTTP/1.1" 200 19476 "https://drmohsinazeem.com/shopdetail/8900358" "Mozilla/5.0 (Linux; Android 6.0.1; Nexus 5X Build/MMB29P) AppleWebKit/537.36 (KHTML, like Gecko) Chrome/134.0.6998.165 Mobile Safari/537.36 (compatible; Googlebot/2.1; +http://www.google.com/bot.html)"
198.54.114.98 - - [26/Apr/2025:12:04:53 -0400] "GET /wp-login.php HTTP/1.1" 200 1881 "http://drmohsinazeem.com" "Mozilla/5.0 (Windows NT 11.0; Win64; x64) AppleWebKit/537.36 (KHTML, like Gecko) Chrome/126.0.0.0 Safari/537.36"
66.249.74.2 - - [26/Apr/2025:12:17:42 -0400] "GET /wp-content/uploads/2024/08/9fe470ea-5ee7-4fbc-aa5e-73ba9534f283.jpg HTTP/1.1" 304 0 "-" "Googlebot-Image/1.0"
66.249.74.2 - - [26/Apr/2025:12:17:58 -0400] "GET /shopdetail/2757869 HTTP/1.1" 200 18980 "-" "Mozilla/5.0 (Linux; Android 6.0.1; Nexus 5X Build/MMB29P) AppleWebKit/537.36 (KHTML, like Gecko) Chrome/135.0.7049.95 Mobile Safari/537.36 (compatible; GoogleOther)"
66.249.74.4 - - [26/Apr/2025:12:18:07 -0400] "POST /get-message-notify HTTP/1.1" 200 19476 "https://drmohsinazeem.com/shopdetail/2757869" "Mozilla/5.0 (Linux; Android 6.0.1; Nexus 5X Build/MMB29P) AppleWebKit/537.36 (KHTML, like Gecko) Chrome/134.0.6998.165 Mobile Safari/537.36 (compatible; Googlebot/2.1; +http://www.google.com/bot.html)"
66.249.74.2 - - [26/Apr/2025:12:22:00 -0400] "GET /man/kaitori/kaitoritop.html HTTP/1.1" 200 18554 "-" "Mozilla/5.0 (Linux; Android 6.0.1; Nexus 5X Build/MMB29P) AppleWebKit/537.36 (KHTML, like Gecko) Chrome/135.0.7049.95 Mobile Safari/537.36 (compatible; GoogleOther)"
66.249.74.3 - - [26/Apr/2025:12:22:04 -0400] "POST /get-message-notify HTTP/1.1" 200 19476 "https://drmohsinazeem.com/man/kaitori/kaitoritop.html" "Mozilla/5.0 (Linux; Android 6.0.1; Nexus 5X Build/MMB29P) AppleWebKit/537.36 (KHTML, like Gecko) Chrome/134.0.6998.165 Mobile Safari/537.36 (compatible; Googlebot/2.1; +http://www.google.com/bot.html)"
66.249.74.2 - - [26/Apr/2025:12:22:40 -0400] "GET /feature/campaign/index.html HTTP/1.1" 200 18609 "-" "Mozilla/5.0 (Linux; Android 6.0.1; Nexus 5X Build/MMB29P) AppleWebKit/537.36 (KHTML, like Gecko) Chrome/135.0.7049.95 Mobile Safari/537.36 (compatible; GoogleOther)"
20.171.207.97 - - [26/Apr/2025:12:22:44 -0400] "GET /wp-content/uploads/elementor/css/post-66.css?ver=1732205982 HTTP/1.1" 200 1424 "-" "Mozilla/5.0 AppleWebKit/537.36 (KHTML, like Gecko; compatible; GPTBot/1.2; +https://openai.com/gptbot)"
20.171.207.97 - - [26/Apr/2025:12:22:47 -0400] "GET /our-services-2/ HTTP/1.1" 403 0 "-" "Mozilla/5.0 AppleWebKit/537.36 (KHTML, like Gecko; compatible; GPTBot/1.2; +https://openai.com/gptbot)"
20.171.207.97 - - [26/Apr/2025:12:22:50 -0400] "GET /wp-content/plugins/elementor/assets/js/webpack.runtime.min.js?ver=3.26.3 HTTP/1.1" 200 2228 "-" "Mozilla/5.0 AppleWebKit/537.36 (KHTML, like Gecko; compatible; GPTBot/1.2; +https://openai.com/gptbot)"
20.171.207.97 - - [26/Apr/2025:12:22:52 -0400] "GET /wp-content/plugins/elementor/assets/js/frontend.min.js?ver=3.26.3 HTTP/1.1" 200 13099 "-" "Mozilla/5.0 AppleWebKit/537.36 (KHTML, like Gecko; compatible; GPTBot/1.2; +https://openai.com/gptbot)"
