157.173.118.203 - - [27/Apr/2025:09:24:43 -0400] "GET /about.php?action=edit&file=appendedsig.mod&path=//lib/grub/i386-pc HTTP/1.1" 200 14377 "-" "Mozilla/5.0 (compatible; MJ12bot/v1.4.8; http://mj12bot.com/)"
103.7.41.205 - - [27/Apr/2025:09:24:44 -0400] "POST /wp-login.php HTTP/1.1" 200 1967 "https://drshahidchudhary.com/wp-login.php" "Mozilla/5.0 (Windows NT 10.0; Win64; x64) AppleWebKit/537.36 (KHTML, like Gecko) Chrome/130.0.0.0 Safari/537.36"
157.173.118.203 - - [27/Apr/2025:09:24:44 -0400] "GET /about.php?action=edit&file=aq1202_fw.cld&path=//lib/firmware/cxgb4 HTTP/1.1" 200 85461 "-" "Mozilla/5.0 (compatible; MJ12bot/v1.4.8; http://mj12bot.com/)"
157.173.118.203 - - [27/Apr/2025:09:24:47 -0400] "GET /about.php?action=edit&file=archelp.mod&path=//lib/grub/i386-pc HTTP/1.1" 200 2222 "-" "Mozilla/5.0 (compatible; MJ12bot/v1.4.8; http://mj12bot.com/)"
157.173.118.203 - - [27/Apr/2025:09:24:48 -0400] "GET /about.php?action=edit&file=arcturus_asd.bin&path=//lib/firmware/amdgpu HTTP/1.1" 200 40994 "-" "Mozilla/5.0 (compatible; MJ12bot/v1.4.8; http://mj12bot.com/)"
157.173.118.203 - - [27/Apr/2025:09:24:50 -0400] "GET /about.php?action=edit&file=arcturus_gpu_info.bin&path=//lib/firmware/amdgpu HTTP/1.1" 200 639 "-" "Mozilla/5.0 (compatible; MJ12bot/v1.4.8; http://mj12bot.com/)"
143.244.168.63 - - [27/Apr/2025:09:24:51 -0400] "GET /wp-login.php HTTP/1.1" 200 1882 "-" "Mozilla/5.0 (Windows NT 10.0; Win64; x64) AppleWebKit/537.36 (KHTML, like Gecko) Chrome/130.0.0.0 Safari/537.36"
157.173.118.203 - - [27/Apr/2025:09:24:52 -0400] "GET /about.php?action=edit&file=arcturus_mec.bin&path=//lib/firmware/amdgpu HTTP/1.1" 200 32248 "-" "Mozilla/5.0 (compatible; MJ12bot/v1.4.8; http://mj12bot.com/)"
143.244.168.63 - - [27/Apr/2025:09:24:52 -0400] "POST /wp-login.php HTTP/1.1" 200 1967 "https://drshahidchudhary.com/wp-login.php" "Mozilla/5.0 (Windows NT 10.0; Win64; x64) AppleWebKit/537.36 (KHTML, like Gecko) Chrome/130.0.0.0 Safari/537.36"
157.173.118.203 - - [27/Apr/2025:09:24:54 -0400] "GET /about.php?action=edit&file=arcturus_mec2.bin&path=//lib/firmware/amdgpu HTTP/1.1" 200 32306 "-" "Mozilla/5.0 (compatible; MJ12bot/v1.4.8; http://mj12bot.com/)"
157.173.118.203 - - [27/Apr/2025:09:24:56 -0400] "GET /about.php?action=edit&file=arcturus_rlc.bin&path=//lib/firmware/amdgpu HTTP/1.1" 200 11214 "-" "Mozilla/5.0 (compatible; MJ12bot/v1.4.8; http://mj12bot.com/)"
157.173.118.203 - - [27/Apr/2025:09:24:57 -0400] "GET /about.php?action=edit&file=arcturus_sdma.bin&path=//lib/firmware/amdgpu HTTP/1.1" 200 9114 "-" "Mozilla/5.0 (compatible; MJ12bot/v1.4.8; http://mj12bot.com/)"
157.173.118.203 - - [27/Apr/2025:09:24:59 -0400] "GET /about.php?action=edit&file=arcturus_smc.bin&path=//lib/firmware/amdgpu HTTP/1.1" 200 68174 "-" "Mozilla/5.0 (compatible; MJ12bot/v1.4.8; http://mj12bot.com/)"
157.173.118.203 - - [27/Apr/2025:09:25:02 -0400] "GET /about.php?action=edit&file=arcturus_sos.bin&path=//lib/firmware/amdgpu HTTP/1.1" 200 100814 "-" "Mozilla/5.0 (compatible; MJ12bot/v1.4.8; http://mj12bot.com/)"
157.173.118.203 - - [27/Apr/2025:09:25:04 -0400] "GET /about.php?action=edit&file=arcturus_ta.bin&path=//lib/firmware/amdgpu HTTP/1.1" 200 36006 "-" "Mozilla/5.0 (compatible; MJ12bot/v1.4.8; http://mj12bot.com/)"
143.110.246.227 - - [27/Apr/2025:09:25:06 -0400] "GET /wp-login.php HTTP/1.1" 200 1882 "-" "Mozilla/5.0 (Windows NT 10.0; Win64; x64) AppleWebKit/537.36 (KHTML, like Gecko) Chrome/130.0.0.0 Safari/537.36"
157.173.118.203 - - [27/Apr/2025:09:25:06 -0400] "GET /about.php?action=edit&file=arcturus_vcn.bin&path=//lib/firmware/amdgpu HTTP/1.1" 200 247983 "-" "Mozilla/5.0 (compatible; MJ12bot/v1.4.8; http://mj12bot.com/)"
157.173.118.203 - - [27/Apr/2025:09:25:09 -0400] "GET /about.php?action=edit&file=arm8.fnt.gz&path=//lib/kbd/consolefonts HTTP/1.1" 200 2119 "-" "Mozilla/5.0 (compatible; MJ12bot/v1.4.8; http://mj12bot.com/)"
143.110.246.227 - - [27/Apr/2025:09:25:09 -0400] "POST /wp-login.php HTTP/1.1" 200 1967 "https://drshahidchudhary.com/wp-login.php" "Mozilla/5.0 (Windows NT 10.0; Win64; x64) AppleWebKit/537.36 (KHTML, like Gecko) Chrome/130.0.0.0 Safari/537.36"
157.173.118.203 - - [27/Apr/2025:09:25:11 -0400] "GET /about.php?action=edit&file=armscii8.uni&path=//lib/kbd/unimaps HTTP/1.1" 200 1088 "-" "Mozilla/5.0 (compatible; MJ12bot/v1.4.8; http://mj12bot.com/)"
157.173.118.203 - - [27/Apr/2025:09:25:13 -0400] "GET /about.php?action=edit&file=arp-ethers.service&path=//lib/systemd/system HTTP/1.1" 200 720 "-" "Mozilla/5.0 (compatible; MJ12bot/v1.4.8; http://mj12bot.com/)"
194.233.90.234 - - [27/Apr/2025:09:25:15 -0400] "GET /wp-login.php HTTP/1.1" 200 1882 "-" "Mozilla/5.0 (Windows NT 10.0; Win64; x64) AppleWebKit/537.36 (KHTML, like Gecko) Chrome/130.0.0.0 Safari/537.36"
157.173.118.203 - - [27/Apr/2025:09:25:15 -0400] "GET /about.php?action=edit&file=arsn.media&path=//home/makmfewe/access-logs HTTP/1.1" 200 1467 "-" "Mozilla/5.0 (compatible; MJ12bot/v1.4.8; http://mj12bot.com/)"
194.233.90.234 - - [27/Apr/2025:09:25:15 -0400] "POST /wp-login.php HTTP/1.1" 200 1967 "https://drshahidchudhary.com/wp-login.php" "Mozilla/5.0 (Windows NT 10.0; Win64; x64) AppleWebKit/537.36 (KHTML, like Gecko) Chrome/130.0.0.0 Safari/537.36"
157.173.118.203 - - [27/Apr/2025:09:25:16 -0400] "GET /about.php?action=edit&file=arsn.media-Apr-2025.gz&path=//home/makmfewe/logs HTTP/1.1" 200 59723 "-" "Mozilla/5.0 (compatible; MJ12bot/v1.4.8; http://mj12bot.com/)"
157.173.118.203 - - [27/Apr/2025:09:25:19 -0400] "GET /about.php?action=edit&file=arsn.media-ssl_log&path=//home/makmfewe/access-logs HTTP/1.1" 200 13516 "-" "Mozilla/5.0 (compatible; MJ12bot/v1.4.8; http://mj12bot.com/)"
84.247.150.34 - - [27/Apr/2025:09:25:19 -0400] "GET /wp-login.php HTTP/1.1" 200 1882 "-" "Mozilla/5.0 (Windows NT 10.0; Win64; x64) AppleWebKit/537.36 (KHTML, like Gecko) Chrome/130.0.0.0 Safari/537.36"
157.173.118.203 - - [27/Apr/2025:09:25:20 -0400] "GET /about.php?action=edit&file=arsn.media-ssl_log-Apr-2025.gz&path=//home/makmfewe/logs HTTP/1.1" 200 1692432 "-" "Mozilla/5.0 (compatible; MJ12bot/v1.4.8; http://mj12bot.com/)"
84.247.150.34 - - [27/Apr/2025:09:25:21 -0400] "POST /wp-login.php HTTP/1.1" 200 1967 "https://drshahidchudhary.com/wp-login.php" "Mozilla/5.0 (Windows NT 10.0; Win64; x64) AppleWebKit/537.36 (KHTML, like Gecko) Chrome/130.0.0.0 Safari/537.36"
213.199.53.194 - - [27/Apr/2025:09:25:23 -0400] "GET /wp-login.php HTTP/1.1" 200 1882 "-" "Mozilla/5.0 (Windows NT 10.0; Win64; x64) AppleWebKit/537.36 (KHTML, like Gecko) Chrome/130.0.0.0 Safari/537.36"
157.173.118.203 - - [27/Apr/2025:09:25:24 -0400] "GET /about.php?action=edit&file=artisan&path=//home/makmfewe/.trash HTTP/1.1" 200 1241 "-" "Mozilla/5.0 (compatible; MJ12bot/v1.4.8; http://mj12bot.com/)"
157.173.118.203 - - [27/Apr/2025:09:25:26 -0400] "GET /about.php?action=edit&file=artisan&path=//home/makmfewe/frugilo.com HTTP/1.1" 200 1241 "-" "Mozilla/5.0 (compatible; MJ12bot/v1.4.8; http://mj12bot.com/)"
66.29.132.124 - - [27/Apr/2025:09:25:26 -0400] "POST /wp-cron.php?doing_wp_cron=1745760326.2969620227813720703125 HTTP/1.1" 403 1242 "-" "WordPress/6.8; https://drshahidchudhary.com"
213.199.53.194 - - [27/Apr/2025:09:25:25 -0400] "POST /wp-login.php HTTP/1.1" 200 1967 "https://drshahidchudhary.com/wp-login.php" "Mozilla/5.0 (Windows NT 10.0; Win64; x64) AppleWebKit/537.36 (KHTML, like Gecko) Chrome/130.0.0.0 Safari/537.36"
157.173.118.203 - - [27/Apr/2025:09:25:27 -0400] "GET /about.php?action=edit&file=ascii.20-7f.uni&path=//lib/kbd/unimaps HTTP/1.1" 200 1043 "-" "Mozilla/5.0 (compatible; MJ12bot/v1.4.8; http://mj12bot.com/)"
157.173.118.203 - - [27/Apr/2025:09:25:29 -0400] "GET /about.php?action=edit&file=asn1.mod&path=//lib/grub/i386-pc HTTP/1.1" 200 15262 "-" "Mozilla/5.0 (compatible; MJ12bot/v1.4.8; http://mj12bot.com/)"
157.173.118.203 - - [27/Apr/2025:09:25:31 -0400] "GET /about.php?action=edit&file=at_keyboard.mod&path=//lib/grub/i386-pc HTTP/1.1" 200 3880 "-" "Mozilla/5.0 (compatible; MJ12bot/v1.4.8; http://mj12bot.com/)"
157.173.118.203 - - [27/Apr/2025:09:25:33 -0400] "GET /about.php?action=edit&file=ata.mod&path=//lib/grub/i386-pc HTTP/1.1" 200 3767 "-" "Mozilla/5.0 (compatible; MJ12bot/v1.4.8; http://mj12bot.com/)"
157.173.118.203 - - [27/Apr/2025:09:25:34 -0400] "GET /about.php?action=edit&file=atd.service&path=//lib/systemd/system HTTP/1.1" 200 707 "-" "Mozilla/5.0 (compatible; MJ12bot/v1.4.8; http://mj12bot.com/)"
157.173.118.203 - - [27/Apr/2025:09:25:36 -0400] "GET /about.php?action=edit&file=atop-rotate.service&path=//lib/systemd/system HTTP/1.1" 200 630 "-" "Mozilla/5.0 (compatible; MJ12bot/v1.4.8; http://mj12bot.com/)"
157.173.118.203 - - [27/Apr/2025:09:25:38 -0400] "GET /about.php?action=edit&file=atop-rotate.timer&path=//lib/systemd/system HTTP/1.1" 200 623 "-" "Mozilla/5.0 (compatible; MJ12bot/v1.4.8; http://mj12bot.com/)"
157.173.118.203 - - [27/Apr/2025:09:25:40 -0400] "GET /about.php?action=edit&file=atop.service&path=//lib/systemd/system HTTP/1.1" 200 903 "-" "Mozilla/5.0 (compatible; MJ12bot/v1.4.8; http://mj12bot.com/)"
85.206.169.20 - - [27/Apr/2025:09:25:40 -0400] "GET /wp-login.php HTTP/1.1" 200 1882 "-" "Mozilla/5.0 (Windows NT 10.0; Win64; x64) AppleWebKit/537.36 (KHTML, like Gecko) Chrome/130.0.0.0 Safari/537.36"
85.206.169.20 - - [27/Apr/2025:09:25:41 -0400] "POST /wp-login.php HTTP/1.1" 200 1958 "https://drshahidchudhary.com/wp-login.php" "Mozilla/5.0 (Windows NT 10.0; Win64; x64) AppleWebKit/537.36 (KHTML, like Gecko) Chrome/130.0.0.0 Safari/537.36"
157.173.118.203 - - [27/Apr/2025:09:25:41 -0400] "GET /about.php?action=edit&file=atopacct.service&path=//lib/systemd/system HTTP/1.1" 200 708 "-" "Mozilla/5.0 (compatible; MJ12bot/v1.4.8; http://mj12bot.com/)"
157.173.118.203 - - [27/Apr/2025:09:25:43 -0400] "GET /about.php?action=edit&file=atusb-0.2.dfu&path=//lib/firmware/atusb HTTP/1.1" 200 3893 "-" "Mozilla/5.0 (compatible; MJ12bot/v1.4.8; http://mj12bot.com/)"
157.173.118.203 - - [27/Apr/2025:09:25:45 -0400] "GET /about.php?action=edit&file=atusb-0.3.dfu&path=//lib/firmware/atusb HTTP/1.1" 200 4019 "-" "Mozilla/5.0 (compatible; MJ12bot/v1.4.8; http://mj12bot.com/)"
157.173.118.203 - - [27/Apr/2025:09:25:47 -0400] "GET /about.php?action=edit&file=au_backups.php&path=//home/makmfewe/.softaculous HTTP/1.1" 200 647 "-" "Mozilla/5.0 (compatible; MJ12bot/v1.4.8; http://mj12bot.com/)"
210.157.79.79 - - [27/Apr/2025:09:25:48 -0400] "GET /wp-login.php HTTP/1.1" 200 1882 "-" "Mozilla/5.0 (Windows NT 10.0; Win64; x64) AppleWebKit/537.36 (KHTML, like Gecko) Chrome/130.0.0.0 Safari/537.36"
157.173.118.203 - - [27/Apr/2025:09:25:49 -0400] "GET /about.php?action=edit&file=au_extra_backups.php&path=//home/makmfewe/.softaculous HTTP/1.1" 200 1551 "-" "Mozilla/5.0 (compatible; MJ12bot/v1.4.8; http://mj12bot.com/)"
157.173.118.203 - - [27/Apr/2025:09:25:50 -0400] "GET /about.php?action=edit&file=audit.xml&path=//lib/firewalld/services HTTP/1.1" 200 743 "-" "Mozilla/5.0 (compatible; MJ12bot/v1.4.8; http://mj12bot.com/)"
210.157.79.79 - - [27/Apr/2025:09:25:51 -0400] "POST /wp-login.php HTTP/1.1" 200 1967 "https://drshahidchudhary.com/wp-login.php" "Mozilla/5.0 (Windows NT 10.0; Win64; x64) AppleWebKit/537.36 (KHTML, like Gecko) Chrome/130.0.0.0 Safari/537.36"
157.173.118.203 - - [27/Apr/2025:09:25:52 -0400] "GET /about.php?action=edit&file=auditd.service&path=//lib/systemd/system HTTP/1.1" 200 1343 "-" "Mozilla/5.0 (compatible; MJ12bot/v1.4.8; http://mj12bot.com/)"
157.173.118.203 - - [27/Apr/2025:09:25:54 -0400] "GET /about.php?action=edit&file=auth-rpcgss-module.service&path=//lib/systemd/system HTTP/1.1" 200 919 "-" "Mozilla/5.0 (compatible; MJ12bot/v1.4.8; http://mj12bot.com/)"
203.161.61.246 - - [27/Apr/2025:09:25:55 -0400] "GET /wp-login.php HTTP/1.1" 200 1882 "-" "Mozilla/5.0 (Windows NT 10.0; Win64; x64) AppleWebKit/537.36 (KHTML, like Gecko) Chrome/130.0.0.0 Safari/537.36"
157.173.118.203 - - [27/Apr/2025:09:25:55 -0400] "GET /about.php?action=edit&file=authorized_keys&path=//home/makmfewe/.ssh HTTP/1.1" 200 889 "-" "Mozilla/5.0 (compatible; MJ12bot/v1.4.8; http://mj12bot.com/)"
203.161.61.246 - - [27/Apr/2025:09:25:56 -0400] "POST /wp-login.php HTTP/1.1" 200 1967 "https://drshahidchudhary.com/wp-login.php" "Mozilla/5.0 (Windows NT 10.0; Win64; x64) AppleWebKit/537.36 (KHTML, like Gecko) Chrome/130.0.0.0 Safari/537.36"
157.173.118.203 - - [27/Apr/2025:09:25:57 -0400] "GET /about.php?action=edit&file=autovt@.service&path=//lib/systemd/system HTTP/1.1" 200 1616 "-" "Mozilla/5.0 (compatible; MJ12bot/v1.4.8; http://mj12bot.com/)"
96.125.168.199 - - [27/Apr/2025:09:25:58 -0400] "GET /wp-login.php HTTP/1.1" 200 1882 "-" "Mozilla/5.0 (Windows NT 10.0; Win64; x64) AppleWebKit/537.36 (KHTML, like Gecko) Chrome/130.0.0.0 Safari/537.36"
96.125.168.199 - - [27/Apr/2025:09:25:58 -0400] "POST /wp-login.php HTTP/1.1" 200 1958 "https://drshahidchudhary.com/wp-login.php" "Mozilla/5.0 (Windows NT 10.0; Win64; x64) AppleWebKit/537.36 (KHTML, like Gecko) Chrome/130.0.0.0 Safari/537.36"
157.173.118.203 - - [27/Apr/2025:09:25:59 -0400] "GET /about.php?action=edit&file=b00d706cb4964836fc353e8ef318ea44b29a1a&path=//lib/.build-id/0f HTTP/1.1" 200 3925 "-" "Mozilla/5.0 (compatible; MJ12bot/v1.4.8; http://mj12bot.com/)"
157.173.118.203 - - [27/Apr/2025:09:26:00 -0400] "GET /about.php?action=edit&file=b017e021f328376da245f7346f03ac8d42a0d1&path=//lib/.build-id/1f HTTP/1.1" 200 479 "-" "Mozilla/5.0 (compatible; MJ12bot/v1.4.8; http://mj12bot.com/)"
157.173.118.203 - - [27/Apr/2025:09:26:02 -0400] "GET /about.php?action=edit&file=b0199646c370adeccde94fed9127106a7b3b25&path=//lib/.build-id/37 HTTP/1.1" 200 4067 "-" "Mozilla/5.0 (compatible; MJ12bot/v1.4.8; http://mj12bot.com/)"
157.173.118.203 - - [27/Apr/2025:09:26:04 -0400] "GET /about.php?action=edit&file=b019ec4abe1af2e8c0ec24365aed85b1dec2c8&path=//lib/.build-id/09 HTTP/1.1" 200 3114 "-" "Mozilla/5.0 (compatible; MJ12bot/v1.4.8; http://mj12bot.com/)"
77.241.81.3 - - [27/Apr/2025:09:26:05 -0400] "GET /wp-login.php HTTP/1.1" 200 1882 "-" "Mozilla/5.0 (Windows NT 10.0; Win64; x64) AppleWebKit/537.36 (KHTML, like Gecko) Chrome/130.0.0.0 Safari/537.36"
157.173.118.203 - - [27/Apr/2025:09:26:06 -0400] "GET /about.php?action=edit&file=b019f5ff932c0450f8a4e963f8bb1424082ac4&path=//lib/.build-id/68 HTTP/1.1" 200 479 "-" "Mozilla/5.0 (compatible; MJ12bot/v1.4.8; http://mj12bot.com/)"
77.241.81.3 - - [27/Apr/2025:09:26:07 -0400] "POST /wp-login.php HTTP/1.1" 200 1967 "https://drshahidchudhary.com/wp-login.php" "Mozilla/5.0 (Windows NT 10.0; Win64; x64) AppleWebKit/537.36 (KHTML, like Gecko) Chrome/130.0.0.0 Safari/537.36"
157.173.118.203 - - [27/Apr/2025:09:26:08 -0400] "GET /about.php?action=edit&file=b02789012a901c8503ef2f6c6fd7cc15047a8d&path=//lib/.build-id/70 HTTP/1.1" 200 129295 "-" "Mozilla/5.0 (compatible; MJ12bot/v1.4.8; http://mj12bot.com/)"
157.173.118.203 - - [27/Apr/2025:09:26:10 -0400] "GET /about.php?action=edit&file=b055824c3227f23b9edfa4caee0c7bcaff5eb3&path=//lib/.build-id/f8 HTTP/1.1" 200 4508 "-" "Mozilla/5.0 (compatible; MJ12bot/v1.4.8; http://mj12bot.com/)"
139.59.19.137 - - [27/Apr/2025:09:26:12 -0400] "GET /wp-login.php HTTP/1.1" 200 1882 "-" "Mozilla/5.0 (Windows NT 10.0; Win64; x64) AppleWebKit/537.36 (KHTML, like Gecko) Chrome/130.0.0.0 Safari/537.36"
157.173.118.203 - - [27/Apr/2025:09:26:12 -0400] "GET /about.php?action=edit&file=b065855653b3cb5a43ba4fb9b9d80b84e58619&path=//lib/.build-id/1c HTTP/1.1" 200 60128 "-" "Mozilla/5.0 (compatible; MJ12bot/v1.4.8; http://mj12bot.com/)"
139.59.19.137 - - [27/Apr/2025:09:26:13 -0400] "POST /wp-login.php HTTP/1.1" 200 1967 "https://drshahidchudhary.com/wp-login.php" "Mozilla/5.0 (Windows NT 10.0; Win64; x64) AppleWebKit/537.36 (KHTML, like Gecko) Chrome/130.0.0.0 Safari/537.36"
157.173.118.203 - - [27/Apr/2025:09:26:14 -0400] "GET /about.php?action=edit&file=b067a71b16a16bf0e7bd31298690cf9ecf789c&path=//lib/.build-id/af HTTP/1.1" 200 147475 "-" "Mozilla/5.0 (compatible; MJ12bot/v1.4.8; http://mj12bot.com/)"
157.173.118.203 - - [27/Apr/2025:09:26:16 -0400] "GET /about.php?action=edit&file=b06e20b197a93af7a7d3edd131a9d030a7ab97&path=//lib/.build-id/b9 HTTP/1.1" 200 8070 "-" "Mozilla/5.0 (compatible; MJ12bot/v1.4.8; http://mj12bot.com/)"
157.173.118.203 - - [27/Apr/2025:09:26:18 -0400] "GET /about.php?action=edit&file=b0709be4707e50ea72e970a4f4cd0692ab5f52&path=//lib/.build-id/82 HTTP/1.1" 200 479 "-" "Mozilla/5.0 (compatible; MJ12bot/v1.4.8; http://mj12bot.com/)"
157.173.118.203 - - [27/Apr/2025:09:26:20 -0400] "GET /about.php?action=edit&file=b073696af62606f920b863ce4dd8a8bd5228fa&path=//lib/.build-id/ec HTTP/1.1" 200 479 "-" "Mozilla/5.0 (compatible; MJ12bot/v1.4.8; http://mj12bot.com/)"
157.173.118.203 - - [27/Apr/2025:09:26:22 -0400] "GET /about.php?action=edit&file=b094946e4a3255959143feecd88504a6687c24&path=//lib/.build-id/cf HTTP/1.1" 200 479 "-" "Mozilla/5.0 (compatible; MJ12bot/v1.4.8; http://mj12bot.com/)"
157.173.118.203 - - [27/Apr/2025:09:26:23 -0400] "GET /about.php?action=edit&file=b09913f7773ad6c9d18f3867801d1bd004a052&path=//lib/.build-id/e4 HTTP/1.1" 200 6377 "-" "Mozilla/5.0 (compatible; MJ12bot/v1.4.8; http://mj12bot.com/)"
157.173.118.203 - - [27/Apr/2025:09:26:25 -0400] "GET /about.php?action=edit&file=b09a47a10e4e4f6dc1f817a2b88edbf6561b62&path=//lib/.build-id/2e HTTP/1.1" 200 7447 "-" "Mozilla/5.0 (compatible; MJ12bot/v1.4.8; http://mj12bot.com/)"
157.173.118.203 - - [27/Apr/2025:09:26:27 -0400] "GET /about.php?action=edit&file=b09d608188c9997f070f622353c7ebe1b17a1a&path=//lib/.build-id/ec HTTP/1.1" 200 7086 "-" "Mozilla/5.0 (compatible; MJ12bot/v1.4.8; http://mj12bot.com/)"
162.0.235.2 - - [27/Apr/2025:09:26:28 -0400] "GET /xmlrpc.php HTTP/1.1" 403 1242 "http://drshahidchudhary.com" "Mozilla/5.0 (Macintosh; Intel Mac OS X 13_3) AppleWebKit/537.36 (KHTML, like Gecko) Chrome/126.0.0.0 Safari/537.36 Edg/126.0.0.0"
157.173.118.203 - - [27/Apr/2025:09:26:28 -0400] "GET /about.php?action=edit&file=b0d8fabcdf0bc141c1228374bf258a86fb76c9&path=//lib/.build-id/2e HTTP/1.1" 200 3156 "-" "Mozilla/5.0 (compatible; MJ12bot/v1.4.8; http://mj12bot.com/)"
103.101.163.13 - - [27/Apr/2025:09:26:29 -0400] "GET /wp-login.php HTTP/1.1" 200 1882 "-" "Mozilla/5.0 (Windows NT 10.0; Win64; x64) AppleWebKit/537.36 (KHTML, like Gecko) Chrome/130.0.0.0 Safari/537.36"
157.173.118.203 - - [27/Apr/2025:09:26:30 -0400] "GET /about.php?action=edit&file=b0e58b372c7ebd4d836875e0be259cd5e5d656&path=//lib/.build-id/5c HTTP/1.1" 200 3663 "-" "Mozilla/5.0 (compatible; MJ12bot/v1.4.8; http://mj12bot.com/)"
66.29.132.124 - - [27/Apr/2025:09:26:31 -0400] "POST /wp-cron.php?doing_wp_cron=1745760391.7267971038818359375000 HTTP/1.1" 403 1242 "-" "WordPress/6.8; https://drshahidchudhary.com"
103.101.163.13 - - [27/Apr/2025:09:26:31 -0400] "POST /wp-login.php HTTP/1.1" 200 1967 "https://drshahidchudhary.com/wp-login.php" "Mozilla/5.0 (Windows NT 10.0; Win64; x64) AppleWebKit/537.36 (KHTML, like Gecko) Chrome/130.0.0.0 Safari/537.36"
157.173.118.203 - - [27/Apr/2025:09:26:32 -0400] "GET /about.php?action=edit&file=b0ee88c730fd86e033cd05da84e7c916f69b83&path=//lib/.build-id/02 HTTP/1.1" 200 5191 "-" "Mozilla/5.0 (compatible; MJ12bot/v1.4.8; http://mj12bot.com/)"
157.173.118.203 - - [27/Apr/2025:09:26:33 -0400] "GET /about.php?action=edit&file=b0f57c3353e6b63c675c13a06a0e66f2b4cfd7&path=//lib/.build-id/13 HTTP/1.1" 200 479 "-" "Mozilla/5.0 (compatible; MJ12bot/v1.4.8; http://mj12bot.com/)"
157.173.118.203 - - [27/Apr/2025:09:26:35 -0400] "GET /about.php?action=edit&file=b1029b9d2a0d6300f138a565f16e2dc3b08900&path=//lib/.build-id/3d HTTP/1.1" 200 479 "-" "Mozilla/5.0 (compatible; MJ12bot/v1.4.8; http://mj12bot.com/)"
157.173.118.203 - - [27/Apr/2025:09:26:37 -0400] "GET /about.php?action=edit&file=b10b78180c38586a8f6000601d59108ed92f20&path=//lib/.build-id/3e HTTP/1.1" 200 4006 "-" "Mozilla/5.0 (compatible; MJ12bot/v1.4.8; http://mj12bot.com/)"
172.105.3.215 - - [27/Apr/2025:09:26:37 -0400] "GET /wp-login.php HTTP/1.1" 200 1882 "-" "Mozilla/5.0 (Windows NT 10.0; Win64; x64) AppleWebKit/537.36 (KHTML, like Gecko) Chrome/130.0.0.0 Safari/537.36"
172.105.3.215 - - [27/Apr/2025:09:26:38 -0400] "POST /wp-login.php HTTP/1.1" 200 1967 "https://drshahidchudhary.com/wp-login.php" "Mozilla/5.0 (Windows NT 10.0; Win64; x64) AppleWebKit/537.36 (KHTML, like Gecko) Chrome/130.0.0.0 Safari/537.36"
157.173.118.203 - - [27/Apr/2025:09:26:38 -0400] "GET /about.php?action=edit&file=b1127ad5c32d0ebd416db5b6050bafed1bbef3&path=//lib/.build-id/cb HTTP/1.1" 200 12936 "-" "Mozilla/5.0 (compatible; MJ12bot/v1.4.8; http://mj12bot.com/)"
213.158.95.185 - - [27/Apr/2025:09:26:40 -0400] "GET /wp-login.php HTTP/1.1" 200 1882 "-" "Mozilla/5.0 (Windows NT 10.0; Win64; x64) AppleWebKit/537.36 (KHTML, like Gecko) Chrome/130.0.0.0 Safari/537.36"
157.173.118.203 - - [27/Apr/2025:09:26:40 -0400] "GET /about.php?action=edit&file=b11666980b77d28381a895fd8c48fd49ce107b&path=//lib/.build-id/b2 HTTP/1.1" 200 47325 "-" "Mozilla/5.0 (compatible; MJ12bot/v1.4.8; http://mj12bot.com/)"
213.158.95.185 - - [27/Apr/2025:09:26:40 -0400] "POST /wp-login.php HTTP/1.1" 200 1967 "https://drshahidchudhary.com/wp-login.php" "Mozilla/5.0 (Windows NT 10.0; Win64; x64) AppleWebKit/537.36 (KHTML, like Gecko) Chrome/130.0.0.0 Safari/537.36"
157.173.118.203 - - [27/Apr/2025:09:26:42 -0400] "GET /about.php?action=edit&file=b1276ebe415e0060227954fd8d23af244cf66c&path=//lib/.build-id/bc HTTP/1.1" 200 3405 "-" "Mozilla/5.0 (compatible; MJ12bot/v1.4.8; http://mj12bot.com/)"
154.12.230.148 - - [27/Apr/2025:09:26:43 -0400] "GET /wp-login.php HTTP/1.1" 200 1882 "-" "Mozilla/5.0 (Windows NT 10.0; Win64; x64) AppleWebKit/537.36 (KHTML, like Gecko) Chrome/130.0.0.0 Safari/537.36"
154.12.230.148 - - [27/Apr/2025:09:26:43 -0400] "POST /wp-login.php HTTP/1.1" 200 1967 "https://drshahidchudhary.com/wp-login.php" "Mozilla/5.0 (Windows NT 10.0; Win64; x64) AppleWebKit/537.36 (KHTML, like Gecko) Chrome/130.0.0.0 Safari/537.36"
157.173.118.203 - - [27/Apr/2025:09:26:44 -0400] "GET /about.php?action=edit&file=b1278bbdd38a43fb8f2dafcaba68f278d23501&path=//lib/.build-id/73 HTTP/1.1" 200 3972 "-" "Mozilla/5.0 (compatible; MJ12bot/v1.4.8; http://mj12bot.com/)"
157.173.118.203 - - [27/Apr/2025:09:26:46 -0400] "GET /about.php?action=edit&file=b12ea6bb5dc05a98b3bdfb5e730912eb110478&path=//lib/.build-id/a9 HTTP/1.1" 200 479 "-" "Mozilla/5.0 (compatible; MJ12bot/v1.4.8; http://mj12bot.com/)"
157.173.118.203 - - [27/Apr/2025:09:26:47 -0400] "GET /about.php?action=edit&file=b13e9cbb77cd0d4c331ed21969e2cdf8c9dd15&path=//lib/.build-id/4d HTTP/1.1" 200 479 "-" "Mozilla/5.0 (compatible; MJ12bot/v1.4.8; http://mj12bot.com/)"
208.109.213.127 - - [27/Apr/2025:09:26:48 -0400] "GET /wp-login.php HTTP/1.1" 200 1882 "-" "Mozilla/5.0 (Windows NT 10.0; Win64; x64) AppleWebKit/537.36 (KHTML, like Gecko) Chrome/130.0.0.0 Safari/537.36"
157.173.118.203 - - [27/Apr/2025:09:26:49 -0400] "GET /about.php?action=edit&file=b1419e6806964830f0ebb1f331767d55296b39&path=//lib/.build-id/3c HTTP/1.1" 200 8141 "-" "Mozilla/5.0 (compatible; MJ12bot/v1.4.8; http://mj12bot.com/)"
157.173.118.203 - - [27/Apr/2025:09:26:51 -0400] "GET /about.php?action=edit&file=b151b73e6ab33cea5e13ed5dd3366a5facea42&path=//lib/.build-id/04 HTTP/1.1" 200 3946 "-" "Mozilla/5.0 (compatible; MJ12bot/v1.4.8; http://mj12bot.com/)"
208.109.213.127 - - [27/Apr/2025:09:26:51 -0400] "POST /wp-login.php HTTP/1.1" 200 1958 "https://drshahidchudhary.com/wp-login.php" "Mozilla/5.0 (Windows NT 10.0; Win64; x64) AppleWebKit/537.36 (KHTML, like Gecko) Chrome/130.0.0.0 Safari/537.36"
157.173.118.203 - - [27/Apr/2025:09:26:53 -0400] "GET /about.php?action=edit&file=b162faf504cd70977c6f27442a83e09b0dd858&path=//lib/.build-id/b0 HTTP/1.1" 200 4095 "-" "Mozilla/5.0 (compatible; MJ12bot/v1.4.8; http://mj12bot.com/)"
136.144.183.6 - - [27/Apr/2025:09:26:53 -0400] "GET /wp-login.php HTTP/1.1" 200 1882 "-" "Mozilla/5.0 (Windows NT 10.0; Win64; x64) AppleWebKit/537.36 (KHTML, like Gecko) Chrome/130.0.0.0 Safari/537.36"
136.144.183.6 - - [27/Apr/2025:09:26:53 -0400] "POST /wp-login.php HTTP/1.1" 200 1967 "https://drshahidchudhary.com/wp-login.php" "Mozilla/5.0 (Windows NT 10.0; Win64; x64) AppleWebKit/537.36 (KHTML, like Gecko) Chrome/130.0.0.0 Safari/537.36"
157.173.118.203 - - [27/Apr/2025:09:26:54 -0400] "GET /about.php?action=edit&file=b16d037d07751a6d024fc9a88499af16589694&path=//lib/.build-id/78 HTTP/1.1" 200 479 "-" "Mozilla/5.0 (compatible; MJ12bot/v1.4.8; http://mj12bot.com/)"
157.173.118.203 - - [27/Apr/2025:09:26:56 -0400] "GET /about.php?action=edit&file=b179e0e7695ba8ea08826476861c0bcb804000&path=//lib/.build-id/9a HTTP/1.1" 200 1320131 "-" "Mozilla/5.0 (compatible; MJ12bot/v1.4.8; http://mj12bot.com/)"
139.59.68.90 - - [27/Apr/2025:09:26:56 -0400] "GET /wp-login.php HTTP/1.1" 200 1882 "-" "Mozilla/5.0 (Windows NT 10.0; Win64; x64) AppleWebKit/537.36 (KHTML, like Gecko) Chrome/130.0.0.0 Safari/537.36"
139.59.68.90 - - [27/Apr/2025:09:26:57 -0400] "POST /wp-login.php HTTP/1.1" 200 1967 "https://drshahidchudhary.com/wp-login.php" "Mozilla/5.0 (Windows NT 10.0; Win64; x64) AppleWebKit/537.36 (KHTML, like Gecko) Chrome/130.0.0.0 Safari/537.36"
157.173.118.203 - - [27/Apr/2025:09:27:00 -0400] "GET /about.php?action=edit&file=b17c51cb8463671c46f30c8ca251ad2e6518da&path=//lib/.build-id/50 HTTP/1.1" 200 479 "-" "Mozilla/5.0 (compatible; MJ12bot/v1.4.8; http://mj12bot.com/)"
157.173.118.203 - - [27/Apr/2025:09:27:01 -0400] "GET /about.php?action=edit&file=b186f4885a1ad85493cbf55e8897d17d7939bc&path=//lib/.build-id/cb HTTP/1.1" 200 26001 "-" "Mozilla/5.0 (compatible; MJ12bot/v1.4.8; http://mj12bot.com/)"
157.173.118.203 - - [27/Apr/2025:09:27:03 -0400] "GET /about.php?action=edit&file=b18f8f1fb38b78cc5b9ef982cc54fca738567c&path=//lib/.build-id/83 HTTP/1.1" 200 39261 "-" "Mozilla/5.0 (compatible; MJ12bot/v1.4.8; http://mj12bot.com/)"
157.173.118.203 - - [27/Apr/2025:09:27:05 -0400] "GET /about.php?action=edit&file=b19a336b9150c80e72321d79eb7e7423ebf515&path=//lib/.build-id/4a HTTP/1.1" 200 25278 "-" "Mozilla/5.0 (compatible; MJ12bot/v1.4.8; http://mj12bot.com/)"
157.173.118.203 - - [27/Apr/2025:09:27:07 -0400] "GET /about.php?action=edit&file=b19b5d01660e979683e398bf028b4a7fe93c2b&path=//lib/.build-id/dc HTTP/1.1" 200 8138 "-" "Mozilla/5.0 (compatible; MJ12bot/v1.4.8; http://mj12bot.com/)"
213.158.92.187 - - [27/Apr/2025:09:27:09 -0400] "GET /wp-login.php HTTP/1.1" 200 1882 "-" "Mozilla/5.0 (Windows NT 10.0; Win64; x64) AppleWebKit/537.36 (KHTML, like Gecko) Chrome/130.0.0.0 Safari/537.36"
157.173.118.203 - - [27/Apr/2025:09:27:09 -0400] "GET /about.php?action=edit&file=b19d6cb39d21a2f608c1271921b204470da0ec&path=//lib/.build-id/c6 HTTP/1.1" 200 2449 "-" "Mozilla/5.0 (compatible; MJ12bot/v1.4.8; http://mj12bot.com/)"
213.158.92.187 - - [27/Apr/2025:09:27:10 -0400] "POST /wp-login.php HTTP/1.1" 200 1967 "https://drshahidchudhary.com/wp-login.php" "Mozilla/5.0 (Windows NT 10.0; Win64; x64) AppleWebKit/537.36 (KHTML, like Gecko) Chrome/130.0.0.0 Safari/537.36"
157.173.118.203 - - [27/Apr/2025:09:27:11 -0400] "GET /about.php?action=edit&file=b1a74b39e260f6d3541f2370df3ae26daefaa3&path=//lib/.build-id/89 HTTP/1.1" 200 4089 "-" "Mozilla/5.0 (compatible; MJ12bot/v1.4.8; http://mj12bot.com/)"
157.173.118.203 - - [27/Apr/2025:09:27:13 -0400] "GET /about.php?action=edit&file=b1b58b9562228a69e1fb32195e7b8deeb0495c&path=//lib/.build-id/07 HTTP/1.1" 200 6168 "-" "Mozilla/5.0 (compatible; MJ12bot/v1.4.8; http://mj12bot.com/)"
157.173.118.203 - - [27/Apr/2025:09:27:14 -0400] "GET /about.php?action=edit&file=b1b944b7f598cd731b19a1a8eac7cb664e461d&path=//lib/.build-id/77 HTTP/1.1" 200 95527 "-" "Mozilla/5.0 (compatible; MJ12bot/v1.4.8; http://mj12bot.com/)"
34.91.78.130 - - [27/Apr/2025:09:27:15 -0400] "GET /wp-login.php HTTP/1.1" 200 1882 "-" "Mozilla/5.0 (Windows NT 10.0; Win64; x64) AppleWebKit/537.36 (KHTML, like Gecko) Chrome/130.0.0.0 Safari/537.36"
34.91.78.130 - - [27/Apr/2025:09:27:16 -0400] "POST /wp-login.php HTTP/1.1" 200 1967 "https://drshahidchudhary.com/wp-login.php" "Mozilla/5.0 (Windows NT 10.0; Win64; x64) AppleWebKit/537.36 (KHTML, like Gecko) Chrome/130.0.0.0 Safari/537.36"
157.173.118.203 - - [27/Apr/2025:09:27:17 -0400] "GET /about.php?action=edit&file=b1d3c7b5844bf039f88813e9bfdfed32d84429&path=//lib/.build-id/08 HTTP/1.1" 200 11527 "-" "Mozilla/5.0 (compatible; MJ12bot/v1.4.8; http://mj12bot.com/)"
157.173.118.203 - - [27/Apr/2025:09:27:18 -0400] "GET /about.php?action=edit&file=b1d89a11f188aaa719888fe648cf81a86d6a64&path=//lib/.build-id/c8 HTTP/1.1" 200 479 "-" "Mozilla/5.0 (compatible; MJ12bot/v1.4.8; http://mj12bot.com/)"
213.158.93.213 - - [27/Apr/2025:09:27:19 -0400] "GET /wp-login.php HTTP/1.1" 200 1882 "-" "Mozilla/5.0 (Windows NT 10.0; Win64; x64) AppleWebKit/537.36 (KHTML, like Gecko) Chrome/130.0.0.0 Safari/537.36"
213.158.93.213 - - [27/Apr/2025:09:27:19 -0400] "POST /wp-login.php HTTP/1.1" 200 1967 "https://drshahidchudhary.com/wp-login.php" "Mozilla/5.0 (Windows NT 10.0; Win64; x64) AppleWebKit/537.36 (KHTML, like Gecko) Chrome/130.0.0.0 Safari/537.36"
157.173.118.203 - - [27/Apr/2025:09:27:20 -0400] "GET /about.php?action=edit&file=b1e27ce79a2ef316e07af17fcef48b570914bf&path=//lib/.build-id/5f HTTP/1.1" 200 479 "-" "Mozilla/5.0 (compatible; MJ12bot/v1.4.8; http://mj12bot.com/)"
157.173.118.203 - - [27/Apr/2025:09:27:22 -0400] "GET /about.php?action=edit&file=b1e9d38e7c385f2fcd75b1f9ed9c6a&path=//lib/.build-id/30 HTTP/1.1" 200 463086 "-" "Mozilla/5.0 (compatible; MJ12bot/v1.4.8; http://mj12bot.com/)"
157.173.118.203 - - [27/Apr/2025:09:27:24 -0400] "GET /about.php?action=edit&file=b1f23f58d95a82520ef3b99b9186a24b11d59e&path=//lib/.build-id/89 HTTP/1.1" 200 5907 "-" "Mozilla/5.0 (compatible; MJ12bot/v1.4.8; http://mj12bot.com/)"
157.173.118.203 - - [27/Apr/2025:09:27:26 -0400] "GET /about.php?action=edit&file=b20407c850305a1f89d38d023dedbbb768d41c&path=//lib/.build-id/23 HTTP/1.1" 200 119965 "-" "Mozilla/5.0 (compatible; MJ12bot/v1.4.8; http://mj12bot.com/)"
62.146.182.76 - - [27/Apr/2025:09:27:26 -0400] "GET /wp-login.php HTTP/1.1" 200 1882 "-" "Mozilla/5.0 (Windows NT 10.0; Win64; x64) AppleWebKit/537.36 (KHTML, like Gecko) Chrome/130.0.0.0 Safari/537.36"
62.146.182.76 - - [27/Apr/2025:09:27:27 -0400] "POST /wp-login.php HTTP/1.1" 200 1967 "https://drshahidchudhary.com/wp-login.php" "Mozilla/5.0 (Windows NT 10.0; Win64; x64) AppleWebKit/537.36 (KHTML, like Gecko) Chrome/130.0.0.0 Safari/537.36"
157.173.118.203 - - [27/Apr/2025:09:27:28 -0400] "GET /about.php?action=edit&file=b207d0d4448c19a488a59360c9467c2405c237&path=//lib/.build-id/42 HTTP/1.1" 200 4368 "-" "Mozilla/5.0 (compatible; MJ12bot/v1.4.8; http://mj12bot.com/)"
157.173.118.203 - - [27/Apr/2025:09:27:30 -0400] "GET /about.php?action=edit&file=b20bd4e96be6e04544dea70253a93fa06b25ea&path=//lib/.build-id/ad HTTP/1.1" 200 414585 "-" "Mozilla/5.0 (compatible; MJ12bot/v1.4.8; http://mj12bot.com/)"
146.59.195.160 - - [27/Apr/2025:09:27:31 -0400] "GET /wp-login.php HTTP/1.1" 200 1882 "-" "Mozilla/5.0 (Windows NT 10.0; Win64; x64) AppleWebKit/537.36 (KHTML, like Gecko) Chrome/130.0.0.0 Safari/537.36"
66.29.132.124 - - [27/Apr/2025:09:27:32 -0400] "POST /wp-cron.php?doing_wp_cron=1745760452.7507209777832031250000 HTTP/1.1" 403 1242 "-" "WordPress/6.8; https://drshahidchudhary.com"
146.59.195.160 - - [27/Apr/2025:09:27:32 -0400] "POST /wp-login.php HTTP/1.1" 200 1967 "https://drshahidchudhary.com/wp-login.php" "Mozilla/5.0 (Windows NT 10.0; Win64; x64) AppleWebKit/537.36 (KHTML, like Gecko) Chrome/130.0.0.0 Safari/537.36"
157.173.118.203 - - [27/Apr/2025:09:27:32 -0400] "GET /about.php?action=edit&file=b2211651d4f67662299ba570f1ead4db608c3f&path=//lib/.build-id/64 HTTP/1.1" 200 1739416 "-" "Mozilla/5.0 (compatible; MJ12bot/v1.4.8; http://mj12bot.com/)"
157.173.118.203 - - [27/Apr/2025:09:27:35 -0400] "GET /about.php?action=edit&file=b22f7a668b3a0042750f41d04f4d5371792692&path=//lib/.build-id/a3 HTTP/1.1" 200 36728 "-" "Mozilla/5.0 (compatible; MJ12bot/v1.4.8; http://mj12bot.com/)"
157.173.118.203 - - [27/Apr/2025:09:27:37 -0400] "GET /about.php?action=edit&file=b23327caec3b99eda87c6df57b3c0fd9d25b9f&path=//lib/.build-id/4f HTTP/1.1" 200 11543 "-" "Mozilla/5.0 (compatible; MJ12bot/v1.4.8; http://mj12bot.com/)"
65.109.91.113 - - [27/Apr/2025:09:27:38 -0400] "GET /wp-login.php HTTP/1.1" 200 1882 "-" "Mozilla/5.0 (Windows NT 10.0; Win64; x64) AppleWebKit/537.36 (KHTML, like Gecko) Chrome/130.0.0.0 Safari/537.36"
157.173.118.203 - - [27/Apr/2025:09:27:39 -0400] "GET /about.php?action=edit&file=b2442db4ba5e017c033cb63f29436122442c1e&path=//lib/.build-id/7c HTTP/1.1" 200 479 "-" "Mozilla/5.0 (compatible; MJ12bot/v1.4.8; http://mj12bot.com/)"
65.109.91.113 - - [27/Apr/2025:09:27:39 -0400] "POST /wp-login.php HTTP/1.1" 200 1967 "https://drshahidchudhary.com/wp-login.php" "Mozilla/5.0 (Windows NT 10.0; Win64; x64) AppleWebKit/537.36 (KHTML, like Gecko) Chrome/130.0.0.0 Safari/537.36"
157.173.118.203 - - [27/Apr/2025:09:27:41 -0400] "GET /about.php?action=edit&file=b24bc22dbedd281aa805d8acf43ca80562ffb8&path=//lib/.build-id/c7 HTTP/1.1" 200 1448911 "-" "Mozilla/5.0 (compatible; MJ12bot/v1.4.8; http://mj12bot.com/)"
77.68.25.37 - - [27/Apr/2025:09:27:42 -0400] "GET /wp-login.php HTTP/1.1" 200 1882 "-" "Mozilla/5.0 (Windows NT 10.0; Win64; x64) AppleWebKit/537.36 (KHTML, like Gecko) Chrome/130.0.0.0 Safari/537.36"
77.68.25.37 - - [27/Apr/2025:09:27:42 -0400] "POST /wp-login.php HTTP/1.1" 200 1967 "https://drshahidchudhary.com/wp-login.php" "Mozilla/5.0 (Windows NT 10.0; Win64; x64) AppleWebKit/537.36 (KHTML, like Gecko) Chrome/130.0.0.0 Safari/537.36"
157.173.118.203 - - [27/Apr/2025:09:27:45 -0400] "GET /about.php?action=edit&file=b2524a93d0f3aa722894af2a3223a687460085&path=//lib/.build-id/2e HTTP/1.1" 200 6240 "-" "Mozilla/5.0 (compatible; MJ12bot/v1.4.8; http://mj12bot.com/)"
157.173.118.203 - - [27/Apr/2025:09:27:47 -0400] "GET /about.php?action=edit&file=b26b1d39627e49741ee1479b4dc92835bc998a&path=//lib/.build-id/7d HTTP/1.1" 200 419065 "-" "Mozilla/5.0 (compatible; MJ12bot/v1.4.8; http://mj12bot.com/)"
157.173.118.203 - - [27/Apr/2025:09:27:50 -0400] "GET /about.php?action=edit&file=b2796cc90ca0db9091047291516f261c921dab&path=//lib/.build-id/5c HTTP/1.1" 200 19289 "-" "Mozilla/5.0 (compatible; MJ12bot/v1.4.8; http://mj12bot.com/)"
157.173.118.203 - - [27/Apr/2025:09:27:51 -0400] "GET /about.php?action=edit&file=b27b1917ff7624b86df338104ab6e3f5771098&path=//lib/.build-id/db HTTP/1.1" 200 575 "-" "Mozilla/5.0 (compatible; MJ12bot/v1.4.8; http://mj12bot.com/)"
45.134.225.34 - - [27/Apr/2025:09:27:53 -0400] "GET /wp-login.php HTTP/1.1" 200 1882 "-" "Mozilla/5.0 (Windows NT 10.0; Win64; x64) AppleWebKit/537.36 (KHTML, like Gecko) Chrome/130.0.0.0 Safari/537.36"
157.173.118.203 - - [27/Apr/2025:09:27:53 -0400] "GET /about.php?action=edit&file=b27b1917ff7624b86df338104ab6e3f5771098.1&path=//lib/.build-id/db HTTP/1.1" 200 576 "-" "Mozilla/5.0 (compatible; MJ12bot/v1.4.8; http://mj12bot.com/)"
45.134.225.34 - - [27/Apr/2025:09:27:53 -0400] "POST /wp-login.php HTTP/1.1" 200 1967 "https://drshahidchudhary.com/wp-login.php" "Mozilla/5.0 (Windows NT 10.0; Win64; x64) AppleWebKit/537.36 (KHTML, like Gecko) Chrome/130.0.0.0 Safari/537.36"
157.173.118.203 - - [27/Apr/2025:09:27:55 -0400] "GET /about.php?action=edit&file=b27b1917ff7624b86df338104ab6e3f5771098.2&path=//lib/.build-id/db HTTP/1.1" 200 576 "-" "Mozilla/5.0 (compatible; MJ12bot/v1.4.8; http://mj12bot.com/)"
185.241.64.235 - - [27/Apr/2025:09:27:56 -0400] "GET /wp-login.php HTTP/1.1" 200 1882 "-" "Mozilla/5.0 (Windows NT 10.0; Win64; x64) AppleWebKit/537.36 (KHTML, like Gecko) Chrome/130.0.0.0 Safari/537.36"
185.241.64.235 - - [27/Apr/2025:09:27:56 -0400] "POST /wp-login.php HTTP/1.1" 200 1967 "https://drshahidchudhary.com/wp-login.php" "Mozilla/5.0 (Windows NT 10.0; Win64; x64) AppleWebKit/537.36 (KHTML, like Gecko) Chrome/130.0.0.0 Safari/537.36"
157.173.118.203 - - [27/Apr/2025:09:27:56 -0400] "GET /about.php?action=edit&file=b2969fd704dd5dafbd2d2d515bbacb10ce3bd1&path=//lib/.build-id/63 HTTP/1.1" 200 479 "-" "Mozilla/5.0 (compatible; MJ12bot/v1.4.8; http://mj12bot.com/)"
206.189.18.26 - - [27/Apr/2025:09:27:57 -0400] "GET /wp-login.php HTTP/1.1" 200 1882 "-" "Mozilla/5.0 (Windows NT 10.0; Win64; x64) AppleWebKit/537.36 (KHTML, like Gecko) Chrome/130.0.0.0 Safari/537.36"
206.189.18.26 - - [27/Apr/2025:09:27:58 -0400] "POST /wp-login.php HTTP/1.1" 200 1967 "https://drshahidchudhary.com/wp-login.php" "Mozilla/5.0 (Windows NT 10.0; Win64; x64) AppleWebKit/537.36 (KHTML, like Gecko) Chrome/130.0.0.0 Safari/537.36"
157.173.118.203 - - [27/Apr/2025:09:27:58 -0400] "GET /about.php?action=edit&file=b2bc3ee973a3efa61bb6dfb27cadad09f45f44&path=//lib/.build-id/4d HTTP/1.1" 200 4230 "-" "Mozilla/5.0 (compatible; MJ12bot/v1.4.8; http://mj12bot.com/)"
157.173.118.203 - - [27/Apr/2025:09:28:00 -0400] "GET /about.php?action=edit&file=b2c736ea0ae11b6b64d3c6962ae6bddc6cb064&path=//lib/.build-id/77 HTTP/1.1" 200 479 "-" "Mozilla/5.0 (compatible; MJ12bot/v1.4.8; http://mj12bot.com/)"
85.10.158.32 - - [27/Apr/2025:09:28:02 -0400] "GET /wp-login.php HTTP/1.1" 200 1882 "-" "Mozilla/5.0 (Windows NT 10.0; Win64; x64) AppleWebKit/537.36 (KHTML, like Gecko) Chrome/130.0.0.0 Safari/537.36"
157.173.118.203 - - [27/Apr/2025:09:28:02 -0400] "GET /about.php?action=edit&file=b2cd1237571a85801222dbbcf892487214bb8d&path=//lib/.build-id/6e HTTP/1.1" 200 261195 "-" "Mozilla/5.0 (compatible; MJ12bot/v1.4.8; http://mj12bot.com/)"
85.10.158.32 - - [27/Apr/2025:09:28:02 -0400] "POST /wp-login.php HTTP/1.1" 200 1967 "https://drshahidchudhary.com/wp-login.php" "Mozilla/5.0 (Windows NT 10.0; Win64; x64) AppleWebKit/537.36 (KHTML, like Gecko) Chrome/130.0.0.0 Safari/537.36"
157.173.118.203 - - [27/Apr/2025:09:28:04 -0400] "GET /about.php?action=edit&file=b2e6bde896df236d3af95c309d07ef5d290e07&path=//lib/.build-id/e6 HTTP/1.1" 200 26737 "-" "Mozilla/5.0 (compatible; MJ12bot/v1.4.8; http://mj12bot.com/)"
157.173.118.203 - - [27/Apr/2025:09:28:07 -0400] "GET /about.php?action=edit&file=b303de6a2eab3ed2e197152ae11a3eedfaf89a&path=//lib/.build-id/66 HTTP/1.1" 200 11884 "-" "Mozilla/5.0 (compatible; MJ12bot/v1.4.8; http://mj12bot.com/)"
103.195.238.72 - - [27/Apr/2025:09:28:08 -0400] "GET /wp-login.php HTTP/1.1" 200 1882 "-" "Mozilla/5.0 (Windows NT 10.0; Win64; x64) AppleWebKit/537.36 (KHTML, like Gecko) Chrome/130.0.0.0 Safari/537.36"
157.173.118.203 - - [27/Apr/2025:09:28:08 -0400] "GET /about.php?action=edit&file=b31a035762b40ce45e0552a7dc4976acd92199&path=//lib/.build-id/18 HTTP/1.1" 200 479 "-" "Mozilla/5.0 (compatible; MJ12bot/v1.4.8; http://mj12bot.com/)"
103.195.238.72 - - [27/Apr/2025:09:28:09 -0400] "POST /wp-login.php HTTP/1.1" 200 1967 "https://drshahidchudhary.com/wp-login.php" "Mozilla/5.0 (Windows NT 10.0; Win64; x64) AppleWebKit/537.36 (KHTML, like Gecko) Chrome/130.0.0.0 Safari/537.36"
157.173.118.203 - - [27/Apr/2025:09:28:10 -0400] "GET /about.php?action=edit&file=b32a584ce22fdcd56eb6806aca26b8af60e8bd&path=//lib/.build-id/bb HTTP/1.1" 200 21105 "-" "Mozilla/5.0 (compatible; MJ12bot/v1.4.8; http://mj12bot.com/)"
23.229.6.242 - - [27/Apr/2025:09:28:11 -0400] "GET /wp-login.php HTTP/1.1" 200 1882 "-" "Mozilla/5.0 (Windows NT 10.0; Win64; x64) AppleWebKit/537.36 (KHTML, like Gecko) Chrome/130.0.0.0 Safari/537.36"
23.229.6.242 - - [27/Apr/2025:09:28:12 -0400] "POST /wp-login.php HTTP/1.1" 200 1967 "https://drshahidchudhary.com/wp-login.php" "Mozilla/5.0 (Windows NT 10.0; Win64; x64) AppleWebKit/537.36 (KHTML, like Gecko) Chrome/130.0.0.0 Safari/537.36"
157.173.118.203 - - [27/Apr/2025:09:28:12 -0400] "GET /about.php?action=edit&file=b3356342088c5b7dda898af387e3edce781950&path=//lib/.build-id/fe HTTP/1.1" 200 16712 "-" "Mozilla/5.0 (compatible; MJ12bot/v1.4.8; http://mj12bot.com/)"
213.158.93.114 - - [27/Apr/2025:09:28:13 -0400] "GET /wp-login.php HTTP/1.1" 200 1882 "-" "Mozilla/5.0 (Windows NT 10.0; Win64; x64) AppleWebKit/537.36 (KHTML, like Gecko) Chrome/130.0.0.0 Safari/537.36"
213.158.93.114 - - [27/Apr/2025:09:28:14 -0400] "POST /wp-login.php HTTP/1.1" 200 1967 "https://drshahidchudhary.com/wp-login.php" "Mozilla/5.0 (Windows NT 10.0; Win64; x64) AppleWebKit/537.36 (KHTML, like Gecko) Chrome/130.0.0.0 Safari/537.36"
157.173.118.203 - - [27/Apr/2025:09:28:14 -0400] "GET /about.php?action=edit&file=b341c1092d25921ba4d33a0343a5d6abbf64b9&path=//lib/.build-id/72 HTTP/1.1" 200 59289 "-" "Mozilla/5.0 (compatible; MJ12bot/v1.4.8; http://mj12bot.com/)"
129.159.50.91 - - [27/Apr/2025:09:28:17 -0400] "GET /wp-login.php HTTP/1.1" 200 1882 "-" "Mozilla/5.0 (Windows NT 10.0; Win64; x64) AppleWebKit/537.36 (KHTML, like Gecko) Chrome/130.0.0.0 Safari/537.36"
157.173.118.203 - - [27/Apr/2025:09:28:17 -0400] "GET /about.php?action=edit&file=b34f658576ba1b2d3c7e04c051e1e996edacd8&path=//lib/.build-id/dd HTTP/1.1" 200 53356 "-" "Mozilla/5.0 (compatible; MJ12bot/v1.4.8; http://mj12bot.com/)"
129.159.50.91 - - [27/Apr/2025:09:28:17 -0400] "POST /wp-login.php HTTP/1.1" 200 1967 "https://drshahidchudhary.com/wp-login.php" "Mozilla/5.0 (Windows NT 10.0; Win64; x64) AppleWebKit/537.36 (KHTML, like Gecko) Chrome/130.0.0.0 Safari/537.36"
157.173.118.203 - - [27/Apr/2025:09:28:19 -0400] "GET /about.php?action=edit&file=b36056cde0fa1d72fc50a24643c60cc04fd541&path=//lib/.build-id/5d HTTP/1.1" 200 4569 "-" "Mozilla/5.0 (compatible; MJ12bot/v1.4.8; http://mj12bot.com/)"
185.94.88.22 - - [27/Apr/2025:09:28:19 -0400] "GET /wp-login.php HTTP/1.1" 200 1882 "-" "Mozilla/5.0 (Windows NT 10.0; Win64; x64) AppleWebKit/537.36 (KHTML, like Gecko) Chrome/130.0.0.0 Safari/537.36"
185.94.88.22 - - [27/Apr/2025:09:28:20 -0400] "POST /wp-login.php HTTP/1.1" 200 1967 "https://drshahidchudhary.com/wp-login.php" "Mozilla/5.0 (Windows NT 10.0; Win64; x64) AppleWebKit/537.36 (KHTML, like Gecko) Chrome/130.0.0.0 Safari/537.36"
157.173.118.203 - - [27/Apr/2025:09:28:20 -0400] "GET /about.php?action=edit&file=b374be6ed72785c89dd268ab8adf0d3baf317f&path=//lib/.build-id/3e HTTP/1.1" 200 479 "-" "Mozilla/5.0 (compatible; MJ12bot/v1.4.8; http://mj12bot.com/)"
157.173.118.203 - - [27/Apr/2025:09:28:22 -0400] "GET /about.php?action=edit&file=b375158453319bb5541dd4e125dec73cf07a23&path=//lib/.build-id/54 HTTP/1.1" 200 12736 "-" "Mozilla/5.0 (compatible; MJ12bot/v1.4.8; http://mj12bot.com/)"
157.173.118.203 - - [27/Apr/2025:09:28:24 -0400] "GET /about.php?action=edit&file=b39360afc46d4498a87c091292e3563ed07177&path=//lib/.build-id/31 HTTP/1.1" 200 18306 "-" "Mozilla/5.0 (compatible; MJ12bot/v1.4.8; http://mj12bot.com/)"
157.173.118.203 - - [27/Apr/2025:09:28:26 -0400] "GET /about.php?action=edit&file=b39507f9c70ad7f28ebb1a87103608274d109c&path=//lib/.build-id/00 HTTP/1.1" 200 21984 "-" "Mozilla/5.0 (compatible; MJ12bot/v1.4.8; http://mj12bot.com/)"
157.173.118.203 - - [27/Apr/2025:09:28:28 -0400] "GET /about.php?action=edit&file=b3bc571fe6d7405202c249e49eff69131719c8&path=//lib/.build-id/71 HTTP/1.1" 200 479 "-" "Mozilla/5.0 (compatible; MJ12bot/v1.4.8; http://mj12bot.com/)"
157.173.118.203 - - [27/Apr/2025:09:28:29 -0400] "GET /about.php?action=edit&file=b3ca352642eddf459647af45d10196b68e803e&path=//lib/.build-id/2a HTTP/1.1" 200 3899 "-" "Mozilla/5.0 (compatible; MJ12bot/v1.4.8; http://mj12bot.com/)"
157.173.118.203 - - [27/Apr/2025:09:28:31 -0400] "GET /about.php?action=edit&file=b3d2b5f764dd70f65bd66040e6ea41dd7ca2b0&path=//lib/.build-id/26 HTTP/1.1" 200 4537 "-" "Mozilla/5.0 (compatible; MJ12bot/v1.4.8; http://mj12bot.com/)"
157.173.118.203 - - [27/Apr/2025:09:28:33 -0400] "GET /about.php?action=edit&file=b3e3fe21a75aed801e4e65ac00cc364937cc55&path=//lib/.build-id/76 HTTP/1.1" 200 479 "-" "Mozilla/5.0 (compatible; MJ12bot/v1.4.8; http://mj12bot.com/)"
192.232.225.12 - - [27/Apr/2025:09:28:34 -0400] "GET /wp-login.php HTTP/1.1" 200 1882 "-" "Mozilla/5.0 (Windows NT 10.0; Win64; x64) AppleWebKit/537.36 (KHTML, like Gecko) Chrome/130.0.0.0 Safari/537.36"
66.29.132.124 - - [27/Apr/2025:09:28:35 -0400] "POST /wp-cron.php?doing_wp_cron=1745760515.1341500282287597656250 HTTP/1.1" 403 1242 "-" "WordPress/6.8; https://drshahidchudhary.com"
192.232.225.12 - - [27/Apr/2025:09:28:34 -0400] "POST /wp-login.php HTTP/1.1" 200 1967 "https://drshahidchudhary.com/wp-login.php" "Mozilla/5.0 (Windows NT 10.0; Win64; x64) AppleWebKit/537.36 (KHTML, like Gecko) Chrome/130.0.0.0 Safari/537.36"
157.173.118.203 - - [27/Apr/2025:09:28:35 -0400] "GET /about.php?action=edit&file=b3e82cd97a25003f9b4746703f072cfd96a750&path=//lib/.build-id/2c HTTP/1.1" 200 7368 "-" "Mozilla/5.0 (compatible; MJ12bot/v1.4.8; http://mj12bot.com/)"
157.173.118.203 - - [27/Apr/2025:09:28:36 -0400] "GET /about.php?action=edit&file=b3eb5221aef747f3357e1a47ead18fff66b14a&path=//lib/.build-id/d9 HTTP/1.1" 200 4061 "-" "Mozilla/5.0 (compatible; MJ12bot/v1.4.8; http://mj12bot.com/)"
157.173.118.203 - - [27/Apr/2025:09:28:38 -0400] "GET /about.php?action=edit&file=b3f77f725bfcbf00928e33a8a4cd88d40b1238&path=//lib/.build-id/27 HTTP/1.1" 200 479 "-" "Mozilla/5.0 (compatible; MJ12bot/v1.4.8; http://mj12bot.com/)"
157.173.118.203 - - [27/Apr/2025:09:28:40 -0400] "GET /about.php?action=edit&file=b4005202bca6dea55ada24795a07e75db2fdc3&path=//lib/.build-id/b9 HTTP/1.1" 200 479 "-" "Mozilla/5.0 (compatible; MJ12bot/v1.4.8; http://mj12bot.com/)"
157.173.118.203 - - [27/Apr/2025:09:28:42 -0400] "GET /about.php?action=edit&file=b42dc06a38d331189434c423d85b54ec07a841&path=//lib/.build-id/11 HTTP/1.1" 200 7350 "-" "Mozilla/5.0 (compatible; MJ12bot/v1.4.8; http://mj12bot.com/)"
157.173.118.203 - - [27/Apr/2025:09:28:44 -0400] "GET /about.php?action=edit&file=b435c26dfd18ac52ab8bee958f881b3ca7bd00&path=//lib/.build-id/08 HTTP/1.1" 200 6095 "-" "Mozilla/5.0 (compatible; MJ12bot/v1.4.8; http://mj12bot.com/)"
157.173.118.203 - - [27/Apr/2025:09:28:45 -0400] "GET /about.php?action=edit&file=b44c0825a1277036c6ac1724e50afc1dd35407&path=//lib/.build-id/42 HTTP/1.1" 200 3965 "-" "Mozilla/5.0 (compatible; MJ12bot/v1.4.8; http://mj12bot.com/)"
87.106.145.45 - - [27/Apr/2025:09:28:47 -0400] "GET /wp-login.php HTTP/1.1" 200 1882 "-" "Mozilla/5.0 (Windows NT 10.0; Win64; x64) AppleWebKit/537.36 (KHTML, like Gecko) Chrome/130.0.0.0 Safari/537.36"
157.173.118.203 - - [27/Apr/2025:09:28:47 -0400] "GET /about.php?action=edit&file=b44fc1ea8d8313a3aea0ae9e900150598a6fce&path=//lib/.build-id/ff HTTP/1.1" 200 4446 "-" "Mozilla/5.0 (compatible; MJ12bot/v1.4.8; http://mj12bot.com/)"
157.173.118.203 - - [27/Apr/2025:09:28:49 -0400] "GET /about.php?action=edit&file=b4560c0b357fb234001f2c98e3ed79e8e37078&path=//lib/.build-id/72 HTTP/1.1" 200 3689 "-" "Mozilla/5.0 (compatible; MJ12bot/v1.4.8; http://mj12bot.com/)"
87.106.145.45 - - [27/Apr/2025:09:28:50 -0400] "POST /wp-login.php HTTP/1.1" 200 1967 "https://drshahidchudhary.com/wp-login.php" "Mozilla/5.0 (Windows NT 10.0; Win64; x64) AppleWebKit/537.36 (KHTML, like Gecko) Chrome/130.0.0.0 Safari/537.36"
157.173.118.203 - - [27/Apr/2025:09:28:51 -0400] "GET /about.php?action=edit&file=b4681e4929d5303888ee1615db98ef9828764d&path=//lib/.build-id/b4 HTTP/1.1" 200 479 "-" "Mozilla/5.0 (compatible; MJ12bot/v1.4.8; http://mj12bot.com/)"
62.171.150.240 - - [27/Apr/2025:09:28:51 -0400] "GET /robots.txt HTTP/1.1" 404 1251 "-" "Mozilla/5.0 (compatible; MJ12bot/v1.4.8; http://mj12bot.com/)"
62.171.150.240 - - [27/Apr/2025:09:28:53 -0400] "GET /about.php?action=edit&file=cacheid&path=//home/makmfewe/etc HTTP/1.1" 200 560 "-" "Mozilla/5.0 (compatible; MJ12bot/v1.4.8; http://mj12bot.com/)"
157.173.118.203 - - [27/Apr/2025:09:28:52 -0400] "GET /about.php?action=edit&file=b47062df2e3e9763752668b53bd37ad93a21ea&path=//lib/.build-id/60 HTTP/1.1" 200 1935931 "-" "Mozilla/5.0 (compatible; MJ12bot/v1.4.8; http://mj12bot.com/)"
62.171.150.240 - - [27/Apr/2025:09:28:54 -0400] "GET /about.php?action=edit&file=cad5db83fd36c13b310b6dfd51d76fb9d2a724&path=//lib/.build-id/2e HTTP/1.1" 200 5881 "-" "Mozilla/5.0 (compatible; MJ12bot/v1.4.8; http://mj12bot.com/)"
62.171.150.240 - - [27/Apr/2025:09:28:56 -0400] "GET /about.php?action=edit&file=cada2a20ded908259a71e748d4d8f368cb2b22&path=//lib/.build-id/09 HTTP/1.1" 200 6094 "-" "Mozilla/5.0 (compatible; MJ12bot/v1.4.8; http://mj12bot.com/)"
157.173.118.203 - - [27/Apr/2025:09:28:56 -0400] "GET /about.php?action=edit&file=b472340672781748e23955ca867f2648898e83&path=//lib/.build-id/6b HTTP/1.1" 200 364710 "-" "Mozilla/5.0 (compatible; MJ12bot/v1.4.8; http://mj12bot.com/)"
62.171.150.240 - - [27/Apr/2025:09:28:58 -0400] "GET /about.php?action=edit&file=cafe89c9147b716dd12ba1cc4598f738bfb1e8&path=//lib/.build-id/e9 HTTP/1.1" 200 8082 "-" "Mozilla/5.0 (compatible; MJ12bot/v1.4.8; http://mj12bot.com/)"
62.171.150.240 - - [27/Apr/2025:09:28:59 -0400] "GET /about.php?action=edit&file=cagefs.service&path=//lib/systemd/system HTTP/1.1" 200 817 "-" "Mozilla/5.0 (compatible; MJ12bot/v1.4.8; http://mj12bot.com/)"
157.173.118.203 - - [27/Apr/2025:09:29:00 -0400] "GET /about.php?action=edit&file=b47414ae7825c6b224885e3fc6f66e06f599d9&path=//lib/.build-id/70 HTTP/1.1" 200 6852 "-" "Mozilla/5.0 (compatible; MJ12bot/v1.4.8; http://mj12bot.com/)"
62.171.150.240 - - [27/Apr/2025:09:29:01 -0400] "GET /about.php?action=edit&file=carrizo_ce.bin&path=//lib/firmware/amdgpu HTTP/1.1" 200 2878 "-" "Mozilla/5.0 (compatible; MJ12bot/v1.4.8; http://mj12bot.com/)"
77.241.81.3 - - [27/Apr/2025:09:29:02 -0400] "GET /wp-login.php HTTP/1.1" 200 1882 "-" "Mozilla/5.0 (Windows NT 10.0; Win64; x64) AppleWebKit/537.36 (KHTML, like Gecko) Chrome/130.0.0.0 Safari/537.36"
157.173.118.203 - - [27/Apr/2025:09:29:02 -0400] "GET /about.php?action=edit&file=b475375b0d9667fd2efbb43f7c0f67be0b4d87&path=//lib/.build-id/45 HTTP/1.1" 200 7396 "-" "Mozilla/5.0 (compatible; MJ12bot/v1.4.8; http://mj12bot.com/)"
62.171.150.240 - - [27/Apr/2025:09:29:03 -0400] "GET /about.php?action=edit&file=carrizo_me.bin&path=//lib/firmware/amdgpu HTTP/1.1" 200 6548 "-" "Mozilla/5.0 (compatible; MJ12bot/v1.4.8; http://mj12bot.com/)"
77.241.81.3 - - [27/Apr/2025:09:29:03 -0400] "POST /wp-login.php HTTP/1.1" 200 1967 "https://drshahidchudhary.com/wp-login.php" "Mozilla/5.0 (Windows NT 10.0; Win64; x64) AppleWebKit/537.36 (KHTML, like Gecko) Chrome/130.0.0.0 Safari/537.36"
