OwlCyberSecurity - MANAGER
Edit File: drshahidchudhary.com.arsn.media-ssl_log
51.222.253.1 - - [27/Apr/2025:03:45:34 -0400] "GET /robots.txt HTTP/1.1" 404 1251 "-" "Mozilla/5.0 (compatible; AhrefsBot/7.0; +http://ahrefs.com/robot/)"
66.29.141.104 - - [27/Apr/2025:04:04:38 -0400] "GET /xmlrpc.php HTTP/1.1" 403 1242 "http://drshahidchudhary.com" "Mozilla/5.0 (Windows NT 10.0; Win64; x64; rv:125.0.1) Gecko/20100101 Firefox/125.0.1"
66.29.132.124 - - [27/Apr/2025:04:05:29 -0400] "GET / HTTP/1.1" 200 7590 "-" "Mozilla/5.0 (Windows NT 10.0; Win64; x64; rv:122.0) Gecko/20100101 Firefox/122.0"
64.225.57.49 - - [27/Apr/2025:04:18:27 -0400] "GET / HTTP/1.1" 200 1938 "-" "Mozilla/5.0 (compatible)"
64.225.57.49 - - [27/Apr/2025:04:18:29 -0400] "GET /favicon.ico HTTP/1.1" 404 1251 "https://drshahidchudhary.com/" "Mozilla/5.0 (compatible)"
66.249.74.105 - - [27/Apr/2025:04:27:47 -0400] "GET / HTTP/1.1" 200 1607 "-" "Mozilla/5.0 (compatible; Googlebot/2.1; +http://www.google.com/bot.html)"
147.135.128.94 - - [27/Apr/2025:04:37:52 -0400] "GET /robots.txt HTTP/1.1" 404 1251 "-" "Mozilla/5.0 (compatible; MJ12bot/v1.4.8; http://mj12bot.com/)"
147.135.128.94 - - [27/Apr/2025:04:37:53 -0400] "GET /about.php?action=edit&file=ff36e8f87cd14df83810e9d9d7b520925b369c&path=//lib/.build-id/e3 HTTP/1.1" 200 59495 "-" "Mozilla/5.0 (compatible; MJ12bot/v1.4.8; http://mj12bot.com/)"
147.135.128.94 - - [27/Apr/2025:04:37:55 -0400] "GET /about.php?action=edit&file=ff3d664f6a68a419acfd634409e328f6fb3bbd&path=//lib/.build-id/de HTTP/1.1" 200 5181 "-" "Mozilla/5.0 (compatible; MJ12bot/v1.4.8; http://mj12bot.com/)"
147.135.128.94 - - [27/Apr/2025:04:37:57 -0400] "GET /about.php?action=edit&file=ff46a268e6e5d545e3e009db7e2b8ea03225ea&path=//lib/.build-id/d6 HTTP/1.1" 200 25653 "-" "Mozilla/5.0 (compatible; MJ12bot/v1.4.8; http://mj12bot.com/)"
147.135.213.172 - - [27/Apr/2025:04:37:59 -0400] "GET /robots.txt HTTP/1.1" 404 1251 "-" "Mozilla/5.0 (compatible; MJ12bot/v1.4.8; http://mj12bot.com/)"
147.135.128.94 - - [27/Apr/2025:04:37:59 -0400] "GET /about.php?action=edit&file=ff4ffad1015429e706b005cba8ee545a5e881b&path=//lib/.build-id/c3 HTTP/1.1" 200 6064 "-" "Mozilla/5.0 (compatible; MJ12bot/v1.4.8; http://mj12bot.com/)"
147.135.213.172 - - [27/Apr/2025:04:38:01 -0400] "GET /about.php?action=edit&file=.licensee.json&path=//lib/node_modules/npm HTTP/1.1" 200 705 "-" "Mozilla/5.0 (compatible; MJ12bot/v1.4.8; http://mj12bot.com/)"
147.135.128.94 - - [27/Apr/2025:04:38:01 -0400] "GET /about.php?action=edit&file=ff51f6bf52c29dc471f1a80147a3134948ec75&path=//lib/.build-id/b5 HTTP/1.1" 200 6404 "-" "Mozilla/5.0 (compatible; MJ12bot/v1.4.8; http://mj12bot.com/)"
147.135.213.172 - - [27/Apr/2025:04:38:03 -0400] "GET /about.php?action=edit&file=cs35l41-dsp1-spk-prot-10433d88.wmfw&path=//lib/firmware/cirrus HTTP/1.1" 200 18121 "-" "Mozilla/5.0 (compatible; MJ12bot/v1.4.8; http://mj12bot.com/)"
147.135.128.94 - - [27/Apr/2025:04:38:03 -0400] "GET /about.php?action=edit&file=ff53f8a3ae4e8bc11013a7ef3ad38e61612f70&path=//lib/.build-id/f9 HTTP/1.1" 200 2271060 "-" "Mozilla/5.0 (compatible; MJ12bot/v1.4.8; http://mj12bot.com/)"
147.135.213.172 - - [27/Apr/2025:04:38:05 -0400] "GET /about.php?action=edit&file=cs35l41-dsp1-spk-prot-17aa231a-r0.bin&path=//lib/firmware/cirrus HTTP/1.1" 200 3290 "-" "Mozilla/5.0 (compatible; MJ12bot/v1.4.8; http://mj12bot.com/)"
147.135.128.94 - - [27/Apr/2025:04:38:06 -0400] "GET /about.php?action=edit&file=ff861f42e2500621bae61bfbaa91168e00ff2e&path=//lib/.build-id/b7 HTTP/1.1" 200 4403 "-" "Mozilla/5.0 (compatible; MJ12bot/v1.4.8; http://mj12bot.com/)"
147.135.213.172 - - [27/Apr/2025:04:38:06 -0400] "GET /about.php?action=edit&file=cs35l54-b0-dsp1-misc-103c8d85-amp2.bin&path=//lib/firmware/cirrus HTTP/1.1" 200 3982 "-" "Mozilla/5.0 (compatible; MJ12bot/v1.4.8; http://mj12bot.com/)"
147.135.213.172 - - [27/Apr/2025:04:38:08 -0400] "GET /about.php?action=edit&file=cs35l54-b0-dsp1-misc-103c8d85-amp3.bin&path=//lib/firmware/cirrus HTTP/1.1" 200 4213 "-" "Mozilla/5.0 (compatible; MJ12bot/v1.4.8; http://mj12bot.com/)"
147.135.128.94 - - [27/Apr/2025:04:38:08 -0400] "GET /about.php?action=edit&file=ff8cef846d78c8bb4672353f89d33cfdc5f001&path=//lib/.build-id/ae HTTP/1.1" 200 5983 "-" "Mozilla/5.0 (compatible; MJ12bot/v1.4.8; http://mj12bot.com/)"
147.135.213.172 - - [27/Apr/2025:04:38:10 -0400] "GET /about.php?action=edit&file=cs35l54-b0-dsp1-misc-103c8d85-amp4.bin&path=//lib/firmware/cirrus HTTP/1.1" 200 3984 "-" "Mozilla/5.0 (compatible; MJ12bot/v1.4.8; http://mj12bot.com/)"
147.135.128.94 - - [27/Apr/2025:04:38:10 -0400] "GET /about.php?action=edit&file=ff9bef84473742f8672ddb7fd57607976ff1cd&path=//lib/.build-id/b2 HTTP/1.1" 200 105156 "-" "Mozilla/5.0 (compatible; MJ12bot/v1.4.8; http://mj12bot.com/)"
147.135.213.172 - - [27/Apr/2025:04:38:12 -0400] "GET /about.php?action=edit&file=cs35l54-b0-dsp1-misc-103c8d85.wmfw&path=//lib/firmware/cirrus HTTP/1.1" 200 15261 "-" "Mozilla/5.0 (compatible; MJ12bot/v1.4.8; http://mj12bot.com/)"
147.135.128.94 - - [27/Apr/2025:04:38:12 -0400] "GET /about.php?action=edit&file=ffd79ef3-fad9-4613-a9c3-b591ee0072df-le64.cache-7&path=//lib/fontconfig/cache HTTP/1.1" 200 2005 "-" "Mozilla/5.0 (compatible; MJ12bot/v1.4.8; http://mj12bot.com/)"
147.135.213.172 - - [27/Apr/2025:04:38:13 -0400] "GET /about.php?action=edit&file=cs35l54-b0-dsp1-misc-103c8d86-amp1.bin&path=//lib/firmware/cirrus HTTP/1.1" 200 4189 "-" "Mozilla/5.0 (compatible; MJ12bot/v1.4.8; http://mj12bot.com/)"
147.135.128.94 - - [27/Apr/2025:04:38:14 -0400] "GET /about.php?action=edit&file=fiji_ce.bin&path=//lib/firmware/amdgpu HTTP/1.1" 200 3283 "-" "Mozilla/5.0 (compatible; MJ12bot/v1.4.8; http://mj12bot.com/)"
147.135.213.172 - - [27/Apr/2025:04:38:15 -0400] "GET /about.php?action=edit&file=cs35l54-b0-dsp1-misc-103c8d86-amp4.bin&path=//lib/firmware/cirrus HTTP/1.1" 200 3977 "-" "Mozilla/5.0 (compatible; MJ12bot/v1.4.8; http://mj12bot.com/)"
147.135.128.94 - - [27/Apr/2025:04:38:15 -0400] "GET /about.php?action=edit&file=fiji_mc.bin&path=//lib/firmware/amdgpu HTTP/1.1" 200 6253 "-" "Mozilla/5.0 (compatible; MJ12bot/v1.4.8; http://mj12bot.com/)"
147.135.213.172 - - [27/Apr/2025:04:38:17 -0400] "GET /about.php?action=edit&file=cs35l54-b0-dsp1-misc-103c8d86.wmfw&path=//lib/firmware/cirrus HTTP/1.1" 200 15261 "-" "Mozilla/5.0 (compatible; MJ12bot/v1.4.8; http://mj12bot.com/)"
147.135.128.94 - - [27/Apr/2025:04:38:17 -0400] "GET /about.php?action=edit&file=fiji_me.bin&path=//lib/firmware/amdgpu HTTP/1.1" 200 6768 "-" "Mozilla/5.0 (compatible; MJ12bot/v1.4.8; http://mj12bot.com/)"
147.135.128.94 - - [27/Apr/2025:04:38:19 -0400] "GET /about.php?action=edit&file=fiji_mec.bin&path=//lib/firmware/amdgpu HTTP/1.1" 200 25311 "-" "Mozilla/5.0 (compatible; MJ12bot/v1.4.8; http://mj12bot.com/)"
147.135.213.172 - - [27/Apr/2025:04:38:19 -0400] "GET /about.php?action=edit&file=cs35l54-b0-dsp1-misc-103c8d8c-amp1.bin&path=//lib/firmware/cirrus HTTP/1.1" 200 3829 "-" "Mozilla/5.0 (compatible; MJ12bot/v1.4.8; http://mj12bot.com/)"
147.135.128.94 - - [27/Apr/2025:04:38:20 -0400] "GET /about.php?action=edit&file=fiji_mec2.bin&path=//lib/firmware/amdgpu HTTP/1.1" 200 25256 "-" "Mozilla/5.0 (compatible; MJ12bot/v1.4.8; http://mj12bot.com/)"
147.135.213.172 - - [27/Apr/2025:04:38:21 -0400] "GET /about.php?action=edit&file=cs35l54-b0-dsp1-misc-103c8d8c-amp2.bin&path=//lib/firmware/cirrus HTTP/1.1" 200 3821 "-" "Mozilla/5.0 (compatible; MJ12bot/v1.4.8; http://mj12bot.com/)"
147.135.213.172 - - [27/Apr/2025:04:38:22 -0400] "GET /about.php?action=edit&file=cs35l54-b0-dsp1-misc-103c8d8c.wmfw&path=//lib/firmware/cirrus HTTP/1.1" 200 15260 "-" "Mozilla/5.0 (compatible; MJ12bot/v1.4.8; http://mj12bot.com/)"
147.135.128.94 - - [27/Apr/2025:04:38:22 -0400] "GET /about.php?action=edit&file=fiji_pfp.bin&path=//lib/firmware/amdgpu HTTP/1.1" 200 8433 "-" "Mozilla/5.0 (compatible; MJ12bot/v1.4.8; http://mj12bot.com/)"
147.135.128.94 - - [27/Apr/2025:04:38:24 -0400] "GET /about.php?action=edit&file=fiji_rlc.bin&path=//lib/firmware/amdgpu HTTP/1.1" 200 5473 "-" "Mozilla/5.0 (compatible; MJ12bot/v1.4.8; http://mj12bot.com/)"
147.135.213.172 - - [27/Apr/2025:04:38:24 -0400] "GET /about.php?action=edit&file=cs35l54-b0-dsp1-misc-103c8d8d-amp1.bin&path=//lib/firmware/cirrus HTTP/1.1" 200 3832 "-" "Mozilla/5.0 (compatible; MJ12bot/v1.4.8; http://mj12bot.com/)"
147.135.213.172 - - [27/Apr/2025:04:38:26 -0400] "GET /about.php?action=edit&file=cs35l54-b0-dsp1-misc-103c8d8d-amp2.bin&path=//lib/firmware/cirrus HTTP/1.1" 200 3821 "-" "Mozilla/5.0 (compatible; MJ12bot/v1.4.8; http://mj12bot.com/)"
147.135.128.94 - - [27/Apr/2025:04:38:26 -0400] "GET /about.php?action=edit&file=fiji_sdma.bin&path=//lib/firmware/amdgpu HTTP/1.1" 200 4317 "-" "Mozilla/5.0 (compatible; MJ12bot/v1.4.8; http://mj12bot.com/)"
147.135.213.172 - - [27/Apr/2025:04:38:27 -0400] "GET /about.php?action=edit&file=cs35l54-b0-dsp1-misc-103c8d8d.wmfw&path=//lib/firmware/cirrus HTTP/1.1" 200 15261 "-" "Mozilla/5.0 (compatible; MJ12bot/v1.4.8; http://mj12bot.com/)"
147.135.128.94 - - [27/Apr/2025:04:38:27 -0400] "GET /about.php?action=edit&file=fiji_sdma1.bin&path=//lib/firmware/amdgpu HTTP/1.1" 200 4315 "-" "Mozilla/5.0 (compatible; MJ12bot/v1.4.8; http://mj12bot.com/)"
147.135.128.94 - - [27/Apr/2025:04:38:29 -0400] "GET /about.php?action=edit&file=fiji_smc.bin&path=//lib/firmware/amdgpu HTTP/1.1" 200 51180 "-" "Mozilla/5.0 (compatible; MJ12bot/v1.4.8; http://mj12bot.com/)"
147.135.213.172 - - [27/Apr/2025:04:38:29 -0400] "GET /about.php?action=edit&file=cs35l54-b0-dsp1-misc-103c8d8e-amp1.bin&path=//lib/firmware/cirrus HTTP/1.1" 200 3823 "-" "Mozilla/5.0 (compatible; MJ12bot/v1.4.8; http://mj12bot.com/)"
147.135.213.172 - - [27/Apr/2025:04:38:31 -0400] "GET /about.php?action=edit&file=cs35l54-b0-dsp1-misc-103c8d8e-amp2.bin&path=//lib/firmware/cirrus HTTP/1.1" 200 3840 "-" "Mozilla/5.0 (compatible; MJ12bot/v1.4.8; http://mj12bot.com/)"
147.135.128.94 - - [27/Apr/2025:04:38:31 -0400] "GET /about.php?action=edit&file=fiji_uvd.bin&path=//lib/firmware/amdgpu HTTP/1.1" 200 135580 "-" "Mozilla/5.0 (compatible; MJ12bot/v1.4.8; http://mj12bot.com/)"
147.135.213.172 - - [27/Apr/2025:04:38:32 -0400] "GET /about.php?action=edit&file=cs35l54-b0-dsp1-misc-103c8d8e.wmfw&path=//lib/firmware/cirrus HTTP/1.1" 200 15261 "-" "Mozilla/5.0 (compatible; MJ12bot/v1.4.8; http://mj12bot.com/)"
147.135.128.94 - - [27/Apr/2025:04:38:33 -0400] "GET /about.php?action=edit&file=fiji_vce.bin&path=//lib/firmware/amdgpu HTTP/1.1" 200 85552 "-" "Mozilla/5.0 (compatible; MJ12bot/v1.4.8; http://mj12bot.com/)"
147.135.213.172 - - [27/Apr/2025:04:38:34 -0400] "GET /about.php?action=edit&file=cs35l54-b0-dsp1-misc-103c8d8f-amp1.bin&path=//lib/firmware/cirrus HTTP/1.1" 200 3823 "-" "Mozilla/5.0 (compatible; MJ12bot/v1.4.8; http://mj12bot.com/)"
147.135.128.94 - - [27/Apr/2025:04:38:35 -0400] "GET /about.php?action=edit&file=file.mod&path=//lib/grub/i386-pc HTTP/1.1" 200 7297 "-" "Mozilla/5.0 (compatible; MJ12bot/v1.4.8; http://mj12bot.com/)"
147.135.213.172 - - [27/Apr/2025:04:38:36 -0400] "GET /about.php?action=edit&file=cs35l54-b0-dsp1-misc-103c8d8f-amp2.bin&path=//lib/firmware/cirrus HTTP/1.1" 200 3840 "-" "Mozilla/5.0 (compatible; MJ12bot/v1.4.8; http://mj12bot.com/)"
147.135.128.94 - - [27/Apr/2025:04:38:37 -0400] "GET /about.php?action=edit&file=final.target&path=//lib/systemd/system HTTP/1.1" 200 819 "-" "Mozilla/5.0 (compatible; MJ12bot/v1.4.8; http://mj12bot.com/)"
147.135.213.172 - - [27/Apr/2025:04:38:38 -0400] "GET /about.php?action=edit&file=cs35l54-b0-dsp1-misc-103c8d8f.wmfw&path=//lib/firmware/cirrus HTTP/1.1" 200 15260 "-" "Mozilla/5.0 (compatible; MJ12bot/v1.4.8; http://mj12bot.com/)"
147.135.128.94 - - [27/Apr/2025:04:38:38 -0400] "GET /about.php?action=edit&file=find-provides&path=//lib/rpm/redhat HTTP/1.1" 200 1150 "-" "Mozilla/5.0 (compatible; MJ12bot/v1.4.8; http://mj12bot.com/)"
147.135.213.172 - - [27/Apr/2025:04:38:40 -0400] "GET /about.php?action=edit&file=cs35l54-b0-dsp1-misc-103c8d91-amp1.bin&path=//lib/firmware/cirrus HTTP/1.1" 200 3823 "-" "Mozilla/5.0 (compatible; MJ12bot/v1.4.8; http://mj12bot.com/)"
147.135.128.94 - - [27/Apr/2025:04:38:40 -0400] "GET /about.php?action=edit&file=find-requires&path=//lib/rpm/redhat HTTP/1.1" 200 1072 "-" "Mozilla/5.0 (compatible; MJ12bot/v1.4.8; http://mj12bot.com/)"
147.135.213.172 - - [27/Apr/2025:04:38:41 -0400] "GET /about.php?action=edit&file=cs35l54-b0-dsp1-misc-103c8d91-amp2.bin&path=//lib/firmware/cirrus HTTP/1.1" 200 3840 "-" "Mozilla/5.0 (compatible; MJ12bot/v1.4.8; http://mj12bot.com/)"
147.135.128.94 - - [27/Apr/2025:04:38:42 -0400] "GET /about.php?action=edit&file=finger.xml&path=//lib/firewalld/services HTTP/1.1" 200 698 "-" "Mozilla/5.0 (compatible; MJ12bot/v1.4.8; http://mj12bot.com/)"
147.135.213.172 - - [27/Apr/2025:04:38:43 -0400] "GET /about.php?action=edit&file=cs35l54-b0-dsp1-misc-103c8d91.wmfw&path=//lib/firmware/cirrus HTTP/1.1" 200 15261 "-" "Mozilla/5.0 (compatible; MJ12bot/v1.4.8; http://mj12bot.com/)"
147.135.128.94 - - [27/Apr/2025:04:38:43 -0400] "GET /about.php?action=edit&file=firebird.service&path=//lib/systemd/system HTTP/1.1" 200 716 "-" "Mozilla/5.0 (compatible; MJ12bot/v1.4.8; http://mj12bot.com/)"
147.135.213.172 - - [27/Apr/2025:04:38:45 -0400] "GET /about.php?action=edit&file=cs35l54-b0-dsp1-misc-103c8e14-amp1.bin&path=//lib/firmware/cirrus HTTP/1.1" 200 3817 "-" "Mozilla/5.0 (compatible; MJ12bot/v1.4.8; http://mj12bot.com/)"
147.135.128.94 - - [27/Apr/2025:04:38:45 -0400] "GET /about.php?action=edit&file=firewalld.service&path=//lib/systemd/system HTTP/1.1" 200 898 "-" "Mozilla/5.0 (compatible; MJ12bot/v1.4.8; http://mj12bot.com/)"
147.135.213.172 - - [27/Apr/2025:04:38:47 -0400] "GET /about.php?action=edit&file=cs35l54-b0-dsp1-misc-103c8e14-amp2.bin&path=//lib/firmware/cirrus HTTP/1.1" 200 3831 "-" "Mozilla/5.0 (compatible; MJ12bot/v1.4.8; http://mj12bot.com/)"
147.135.128.94 - - [27/Apr/2025:04:38:47 -0400] "GET /about.php?action=edit&file=firmware.fw&path=//lib/firmware/dabusb HTTP/1.1" 200 5281 "-" "Mozilla/5.0 (compatible; MJ12bot/v1.4.8; http://mj12bot.com/)"
147.135.128.94 - - [27/Apr/2025:04:38:48 -0400] "GET /about.php?action=edit&file=firmware.fw&path=//lib/firmware/emi26 HTTP/1.1" 200 10944 "-" "Mozilla/5.0 (compatible; MJ12bot/v1.4.8; http://mj12bot.com/)"
147.135.128.94 - - [27/Apr/2025:04:38:50 -0400] "GET /about.php?action=edit&file=firmware.fw&path=//lib/firmware/vicam HTTP/1.1" 200 1720 "-" "Mozilla/5.0 (compatible; MJ12bot/v1.4.8; http://mj12bot.com/)"
147.135.128.94 - - [27/Apr/2025:04:38:52 -0400] "GET /about.php?action=edit&file=fmimage_8366.fw&path=//lib/firmware/mwl8k HTTP/1.1" 200 61003 "-" "Mozilla/5.0 (compatible; MJ12bot/v1.4.8; http://mj12bot.com/)"
147.135.128.94 - - [27/Apr/2025:04:38:54 -0400] "GET /about.php?action=edit&file=fmimage_8366_ap-1.fw&path=//lib/firmware/mwl8k HTTP/1.1" 200 66681 "-" "Mozilla/5.0 (compatible; MJ12bot/v1.4.8; http://mj12bot.com/)"
147.135.128.94 - - [27/Apr/2025:04:38:56 -0400] "GET /about.php?action=edit&file=fmimage_8366_ap-2.fw&path=//lib/firmware/mwl8k HTTP/1.1" 200 66682 "-" "Mozilla/5.0 (compatible; MJ12bot/v1.4.8; http://mj12bot.com/)"
147.135.128.94 - - [27/Apr/2025:04:38:58 -0400] "GET /about.php?action=edit&file=fmimage_8366_ap-3.fw&path=//lib/firmware/mwl8k HTTP/1.1" 200 68586 "-" "Mozilla/5.0 (compatible; MJ12bot/v1.4.8; http://mj12bot.com/)"
147.135.128.94 - - [27/Apr/2025:04:39:00 -0400] "GET /about.php?action=edit&file=fmimage_8687.fw&path=//lib/firmware/mwl8k HTTP/1.1" 200 46757 "-" "Mozilla/5.0 (compatible; MJ12bot/v1.4.8; http://mj12bot.com/)"
147.135.128.94 - - [27/Apr/2025:04:39:02 -0400] "GET /about.php?action=edit&file=fmimage_8764_ap-1.fw&path=//lib/firmware/mwl8k HTTP/1.1" 200 75234 "-" "Mozilla/5.0 (compatible; MJ12bot/v1.4.8; http://mj12bot.com/)"
147.135.128.94 - - [27/Apr/2025:04:39:04 -0400] "GET /about.php?action=edit&file=font.mod&path=//lib/grub/i386-pc HTTP/1.1" 200 8389 "-" "Mozilla/5.0 (compatible; MJ12bot/v1.4.8; http://mj12bot.com/)"
147.135.128.94 - - [27/Apr/2025:04:39:07 -0400] "GET /about.php?action=edit&file=foreman-proxy.xml&path=//lib/firewalld/services HTTP/1.1" 200 732 "-" "Mozilla/5.0 (compatible; MJ12bot/v1.4.8; http://mj12bot.com/)"
147.135.128.94 - - [27/Apr/2025:04:39:09 -0400] "GET /about.php?action=edit&file=foreman.xml&path=//lib/firewalld/services HTTP/1.1" 200 745 "-" "Mozilla/5.0 (compatible; MJ12bot/v1.4.8; http://mj12bot.com/)"
147.135.128.94 - - [27/Apr/2025:04:39:10 -0400] "GET /about.php?action=edit&file=fragmentation-needed.xml&path=//lib/firewalld/icmptypes HTTP/1.1" 200 724 "-" "Mozilla/5.0 (compatible; MJ12bot/v1.4.8; http://mj12bot.com/)"
147.135.128.94 - - [27/Apr/2025:04:39:12 -0400] "GET /about.php?action=edit&file=freedos.mod&path=//lib/grub/i386-pc HTTP/1.1" 200 1833 "-" "Mozilla/5.0 (compatible; MJ12bot/v1.4.8; http://mj12bot.com/)"
147.135.128.94 - - [27/Apr/2025:04:39:14 -0400] "GET /about.php?action=edit&file=freeipa-4.xml&path=//lib/firewalld/services HTTP/1.1" 200 893 "-" "Mozilla/5.0 (compatible; MJ12bot/v1.4.8; http://mj12bot.com/)"
147.135.128.94 - - [27/Apr/2025:04:39:15 -0400] "GET /about.php?action=edit&file=freeipa-ldap.xml&path=//lib/firewalld/services HTTP/1.1" 200 759 "-" "Mozilla/5.0 (compatible; MJ12bot/v1.4.8; http://mj12bot.com/)"
147.135.128.94 - - [27/Apr/2025:04:39:17 -0400] "GET /about.php?action=edit&file=freeipa-ldaps.xml&path=//lib/firewalld/services HTTP/1.1" 200 758 "-" "Mozilla/5.0 (compatible; MJ12bot/v1.4.8; http://mj12bot.com/)"
147.135.128.94 - - [27/Apr/2025:04:39:19 -0400] "GET /about.php?action=edit&file=freeipa-replication.xml&path=//lib/firewalld/services HTTP/1.1" 200 717 "-" "Mozilla/5.0 (compatible; MJ12bot/v1.4.8; http://mj12bot.com/)"
147.135.128.94 - - [27/Apr/2025:04:39:21 -0400] "GET /about.php?action=edit&file=freeipa-trust.xml&path=//lib/firewalld/services HTTP/1.1" 200 850 "-" "Mozilla/5.0 (compatible; MJ12bot/v1.4.8; http://mj12bot.com/)"
147.135.128.94 - - [27/Apr/2025:04:39:22 -0400] "GET /about.php?action=edit&file=fs.lst&path=//lib/grub/i386-pc HTTP/1.1" 200 683 "-" "Mozilla/5.0 (compatible; MJ12bot/v1.4.8; http://mj12bot.com/)"
147.135.128.94 - - [27/Apr/2025:04:39:24 -0400] "GET /about.php?action=edit&file=fshelp.mod&path=//lib/grub/i386-pc HTTP/1.1" 200 2511 "-" "Mozilla/5.0 (compatible; MJ12bot/v1.4.8; http://mj12bot.com/)"
147.135.128.94 - - [27/Apr/2025:04:39:26 -0400] "GET /about.php?action=edit&file=fstrim.service&path=//lib/systemd/system HTTP/1.1" 200 615 "-" "Mozilla/5.0 (compatible; MJ12bot/v1.4.8; http://mj12bot.com/)"
147.135.128.94 - - [27/Apr/2025:04:39:27 -0400] "GET /about.php?action=edit&file=fstrim.timer&path=//lib/systemd/system HTTP/1.1" 200 699 "-" "Mozilla/5.0 (compatible; MJ12bot/v1.4.8; http://mj12bot.com/)"
147.135.128.94 - - [27/Apr/2025:04:39:29 -0400] "GET /about.php?action=edit&file=ftp.xml&path=//lib/firewalld/helpers HTTP/1.1" 200 648 "-" "Mozilla/5.0 (compatible; MJ12bot/v1.4.8; http://mj12bot.com/)"
147.135.128.94 - - [27/Apr/2025:04:39:31 -0400] "GET /about.php?action=edit&file=ftp.xml&path=//lib/firewalld/services HTTP/1.1" 200 781 "-" "Mozilla/5.0 (compatible; MJ12bot/v1.4.8; http://mj12bot.com/)"
147.135.128.94 - - [27/Apr/2025:04:39:32 -0400] "GET /about.php?action=edit&file=functional_test.mod&path=//lib/grub/i386-pc HTTP/1.1" 200 11838 "-" "Mozilla/5.0 (compatible; MJ12bot/v1.4.8; http://mj12bot.com/)"
147.135.128.94 - - [27/Apr/2025:04:39:34 -0400] "GET /about.php?action=edit&file=fw_sst_0f28.bin&path=//lib/firmware/intel HTTP/1.1" 200 126474 "-" "Mozilla/5.0 (compatible; MJ12bot/v1.4.8; http://mj12bot.com/)"
147.135.128.94 - - [27/Apr/2025:04:39:36 -0400] "GET /about.php?action=edit&file=fw_sst_0f28.bin-48kHz_i2s_master&path=//lib/firmware/intel HTTP/1.1" 200 61694 "-" "Mozilla/5.0 (compatible; MJ12bot/v1.4.8; http://mj12bot.com/)"
147.135.128.94 - - [27/Apr/2025:04:39:38 -0400] "GET /about.php?action=edit&file=fw_sst_0f28_ssp0.bin&path=//lib/firmware/intel HTTP/1.1" 200 126401 "-" "Mozilla/5.0 (compatible; MJ12bot/v1.4.8; http://mj12bot.com/)"
147.135.128.94 - - [27/Apr/2025:04:39:41 -0400] "GET /about.php?action=edit&file=fw_sst_22a8.bin&path=//lib/firmware/intel HTTP/1.1" 200 126601 "-" "Mozilla/5.0 (compatible; MJ12bot/v1.4.8; http://mj12bot.com/)"
147.135.128.94 - - [27/Apr/2025:04:39:43 -0400] "GET /about.php?action=edit&file=g200_warp.fw&path=//lib/firmware/matrox HTTP/1.1" 200 2303 "-" "Mozilla/5.0 (compatible; MJ12bot/v1.4.8; http://mj12bot.com/)"
147.135.128.94 - - [27/Apr/2025:04:39:45 -0400] "GET /about.php?action=edit&file=g400_warp.fw&path=//lib/firmware/matrox HTTP/1.1" 200 2820 "-" "Mozilla/5.0 (compatible; MJ12bot/v1.4.8; http://mj12bot.com/)"
147.135.128.94 - - [27/Apr/2025:04:39:46 -0400] "GET /about.php?action=edit&file=galera.xml&path=//lib/firewalld/services HTTP/1.1" 200 698 "-" "Mozilla/5.0 (compatible; MJ12bot/v1.4.8; http://mj12bot.com/)"
147.135.128.94 - - [27/Apr/2025:04:39:48 -0400] "GET /about.php?action=edit&file=ganglia-client.xml&path=//lib/firewalld/services HTTP/1.1" 200 678 "-" "Mozilla/5.0 (compatible; MJ12bot/v1.4.8; http://mj12bot.com/)"
147.135.128.94 - - [27/Apr/2025:04:39:50 -0400] "GET /about.php?action=edit&file=ganglia-master.xml&path=//lib/firewalld/services HTTP/1.1" 200 679 "-" "Mozilla/5.0 (compatible; MJ12bot/v1.4.8; http://mj12bot.com/)"
147.135.128.94 - - [27/Apr/2025:04:39:51 -0400] "GET /about.php?action=edit&file=garb.service&path=//lib/systemd/system HTTP/1.1" 200 848 "-" "Mozilla/5.0 (compatible; MJ12bot/v1.4.8; http://mj12bot.com/)"
147.135.128.94 - - [27/Apr/2025:04:39:53 -0400] "GET /about.php?action=edit&file=gbdownload.sys&path=//lib/firmware/slicoss HTTP/1.1" 200 23347 "-" "Mozilla/5.0 (compatible; MJ12bot/v1.4.8; http://mj12bot.com/)"
147.135.128.94 - - [27/Apr/2025:04:39:55 -0400] "GET /about.php?action=edit&file=gbrcvucode.sys&path=//lib/firmware/slicoss HTTP/1.1" 200 1815 "-" "Mozilla/5.0 (compatible; MJ12bot/v1.4.8; http://mj12bot.com/)"
147.135.128.94 - - [27/Apr/2025:04:39:57 -0400] "GET /about.php?action=edit&file=gc_10_3_6_ce.bin&path=//lib/firmware/amdgpu HTTP/1.1" 200 5006 "-" "Mozilla/5.0 (compatible; MJ12bot/v1.4.8; http://mj12bot.com/)"
147.135.213.172 - - [27/Apr/2025:04:39:59 -0400] "GET /about.php?action=edit&file=cs35l54-b0-dsp1-misc-103c8e14.wmfw&path=//lib/firmware/cirrus HTTP/1.1" 200 15262 "-" "Mozilla/5.0 (compatible; MJ12bot/v1.4.8; http://mj12bot.com/)"
147.135.128.94 - - [27/Apr/2025:04:39:59 -0400] "GET /about.php?action=edit&file=gc_10_3_6_me.bin&path=//lib/firmware/amdgpu HTTP/1.1" 200 8973 "-" "Mozilla/5.0 (compatible; MJ12bot/v1.4.8; http://mj12bot.com/)"
147.135.128.94 - - [27/Apr/2025:04:40:00 -0400] "GET /about.php?action=edit&file=gc_10_3_6_mec.bin&path=//lib/firmware/amdgpu HTTP/1.1" 200 39891 "-" "Mozilla/5.0 (compatible; MJ12bot/v1.4.8; http://mj12bot.com/)"
147.135.213.172 - - [27/Apr/2025:04:40:00 -0400] "GET /about.php?action=edit&file=cs35l54-b0-dsp1-misc-103c8e15-amp1.bin&path=//lib/firmware/cirrus HTTP/1.1" 200 3840 "-" "Mozilla/5.0 (compatible; MJ12bot/v1.4.8; http://mj12bot.com/)"
147.135.128.94 - - [27/Apr/2025:04:40:02 -0400] "GET /about.php?action=edit&file=gc_10_3_6_mec2.bin&path=//lib/firmware/amdgpu HTTP/1.1" 200 39888 "-" "Mozilla/5.0 (compatible; MJ12bot/v1.4.8; http://mj12bot.com/)"
147.135.213.172 - - [27/Apr/2025:04:40:02 -0400] "GET /about.php?action=edit&file=cs35l54-b0-dsp1-misc-103c8e15-amp2.bin&path=//lib/firmware/cirrus HTTP/1.1" 200 3824 "-" "Mozilla/5.0 (compatible; MJ12bot/v1.4.8; http://mj12bot.com/)"
147.135.128.94 - - [27/Apr/2025:04:40:04 -0400] "GET /about.php?action=edit&file=gc_10_3_6_pfp.bin&path=//lib/firmware/amdgpu HTTP/1.1" 200 15900 "-" "Mozilla/5.0 (compatible; MJ12bot/v1.4.8; http://mj12bot.com/)"
147.135.213.172 - - [27/Apr/2025:04:40:04 -0400] "GET /about.php?action=edit&file=cs35l54-b0-dsp1-misc-103c8e15.wmfw&path=//lib/firmware/cirrus HTTP/1.1" 200 15260 "-" "Mozilla/5.0 (compatible; MJ12bot/v1.4.8; http://mj12bot.com/)"
147.135.128.94 - - [27/Apr/2025:04:40:06 -0400] "GET /about.php?action=edit&file=gc_10_3_6_rlc.bin&path=//lib/firmware/amdgpu HTTP/1.1" 200 41343 "-" "Mozilla/5.0 (compatible; MJ12bot/v1.4.8; http://mj12bot.com/)"
147.135.213.172 - - [27/Apr/2025:04:40:06 -0400] "GET /about.php?action=edit&file=cs35l54-b0-dsp1-misc-103c8e16-amp1.bin&path=//lib/firmware/cirrus HTTP/1.1" 200 3817 "-" "Mozilla/5.0 (compatible; MJ12bot/v1.4.8; http://mj12bot.com/)"
147.135.128.94 - - [27/Apr/2025:04:40:08 -0400] "GET /about.php?action=edit&file=gc_10_3_7_ce.bin&path=//lib/firmware/amdgpu HTTP/1.1" 200 4977 "-" "Mozilla/5.0 (compatible; MJ12bot/v1.4.8; http://mj12bot.com/)"
147.135.213.172 - - [27/Apr/2025:04:40:08 -0400] "GET /about.php?action=edit&file=cs35l54-b0-dsp1-misc-103c8e16-amp2.bin&path=//lib/firmware/cirrus HTTP/1.1" 200 3831 "-" "Mozilla/5.0 (compatible; MJ12bot/v1.4.8; http://mj12bot.com/)"
147.135.128.94 - - [27/Apr/2025:04:40:09 -0400] "GET /about.php?action=edit&file=gc_10_3_7_me.bin&path=//lib/firmware/amdgpu HTTP/1.1" 200 8988 "-" "Mozilla/5.0 (compatible; MJ12bot/v1.4.8; http://mj12bot.com/)"
147.135.213.172 - - [27/Apr/2025:04:40:10 -0400] "GET /about.php?action=edit&file=cs35l54-b0-dsp1-misc-103c8e16.wmfw&path=//lib/firmware/cirrus HTTP/1.1" 200 15262 "-" "Mozilla/5.0 (compatible; MJ12bot/v1.4.8; http://mj12bot.com/)"
147.135.128.94 - - [27/Apr/2025:04:40:11 -0400] "GET /about.php?action=edit&file=gc_10_3_7_mec.bin&path=//lib/firmware/amdgpu HTTP/1.1" 200 39893 "-" "Mozilla/5.0 (compatible; MJ12bot/v1.4.8; http://mj12bot.com/)"
147.135.213.172 - - [27/Apr/2025:04:40:12 -0400] "GET /about.php?action=edit&file=cs35l54-b0-dsp1-misc-103c8e17-amp1.bin&path=//lib/firmware/cirrus HTTP/1.1" 200 3840 "-" "Mozilla/5.0 (compatible; MJ12bot/v1.4.8; http://mj12bot.com/)"
147.135.128.94 - - [27/Apr/2025:04:40:13 -0400] "GET /about.php?action=edit&file=gc_10_3_7_mec2.bin&path=//lib/firmware/amdgpu HTTP/1.1" 200 39919 "-" "Mozilla/5.0 (compatible; MJ12bot/v1.4.8; http://mj12bot.com/)"
147.135.213.172 - - [27/Apr/2025:04:40:14 -0400] "GET /about.php?action=edit&file=cs35l54-b0-dsp1-misc-103c8e17-amp2.bin&path=//lib/firmware/cirrus HTTP/1.1" 200 3824 "-" "Mozilla/5.0 (compatible; MJ12bot/v1.4.8; http://mj12bot.com/)"
147.135.128.94 - - [27/Apr/2025:04:40:15 -0400] "GET /about.php?action=edit&file=gc_10_3_7_pfp.bin&path=//lib/firmware/amdgpu HTTP/1.1" 200 15853 "-" "Mozilla/5.0 (compatible; MJ12bot/v1.4.8; http://mj12bot.com/)"
147.135.213.172 - - [27/Apr/2025:04:40:15 -0400] "GET /about.php?action=edit&file=cs35l54-b0-dsp1-misc-103c8e17.wmfw&path=//lib/firmware/cirrus HTTP/1.1" 200 15260 "-" "Mozilla/5.0 (compatible; MJ12bot/v1.4.8; http://mj12bot.com/)"
147.135.128.94 - - [27/Apr/2025:04:40:17 -0400] "GET /about.php?action=edit&file=gc_10_3_7_rlc.bin&path=//lib/firmware/amdgpu HTTP/1.1" 200 41294 "-" "Mozilla/5.0 (compatible; MJ12bot/v1.4.8; http://mj12bot.com/)"
147.135.213.172 - - [27/Apr/2025:04:40:18 -0400] "GET /about.php?action=edit&file=cs35l54-b0-dsp1-misc-103c8e18-amp1.bin&path=//lib/firmware/cirrus HTTP/1.1" 200 3840 "-" "Mozilla/5.0 (compatible; MJ12bot/v1.4.8; http://mj12bot.com/)"
147.135.128.94 - - [27/Apr/2025:04:40:19 -0400] "GET /about.php?action=edit&file=gc_11_0_0_imu.bin&path=//lib/firmware/amdgpu HTTP/1.1" 200 19508 "-" "Mozilla/5.0 (compatible; MJ12bot/v1.4.8; http://mj12bot.com/)"
147.135.213.172 - - [27/Apr/2025:04:40:20 -0400] "GET /about.php?action=edit&file=cs35l54-b0-dsp1-misc-103c8e18-amp2.bin&path=//lib/firmware/cirrus HTTP/1.1" 200 3824 "-" "Mozilla/5.0 (compatible; MJ12bot/v1.4.8; http://mj12bot.com/)"
147.135.128.94 - - [27/Apr/2025:04:40:21 -0400] "GET /about.php?action=edit&file=gc_11_0_0_me.bin&path=//lib/firmware/amdgpu HTTP/1.1" 200 40559 "-" "Mozilla/5.0 (compatible; MJ12bot/v1.4.8; http://mj12bot.com/)"
147.135.213.172 - - [27/Apr/2025:04:40:21 -0400] "GET /about.php?action=edit&file=cs35l54-b0-dsp1-misc-103c8e18.wmfw&path=//lib/firmware/cirrus HTTP/1.1" 200 15260 "-" "Mozilla/5.0 (compatible; MJ12bot/v1.4.8; http://mj12bot.com/)"
147.135.128.94 - - [27/Apr/2025:04:40:23 -0400] "GET /about.php?action=edit&file=gc_11_0_0_mec.bin&path=//lib/firmware/amdgpu HTTP/1.1" 200 102264 "-" "Mozilla/5.0 (compatible; MJ12bot/v1.4.8; http://mj12bot.com/)"
147.135.213.172 - - [27/Apr/2025:04:40:23 -0400] "GET /about.php?action=edit&file=cs35l54-b0-dsp1-misc-103c8e19-amp1.bin&path=//lib/firmware/cirrus HTTP/1.1" 200 3840 "-" "Mozilla/5.0 (compatible; MJ12bot/v1.4.8; http://mj12bot.com/)"
147.135.213.172 - - [27/Apr/2025:04:40:25 -0400] "GET /about.php?action=edit&file=cs35l54-b0-dsp1-misc-103c8e19-amp2.bin&path=//lib/firmware/cirrus HTTP/1.1" 200 3824 "-" "Mozilla/5.0 (compatible; MJ12bot/v1.4.8; http://mj12bot.com/)"
147.135.128.94 - - [27/Apr/2025:04:40:25 -0400] "GET /about.php?action=edit&file=gc_11_0_0_mes.bin&path=//lib/firmware/amdgpu HTTP/1.1" 200 39037 "-" "Mozilla/5.0 (compatible; MJ12bot/v1.4.8; http://mj12bot.com/)"
147.135.213.172 - - [27/Apr/2025:04:40:27 -0400] "GET /about.php?action=edit&file=cs35l54-b0-dsp1-misc-103c8e19.wmfw&path=//lib/firmware/cirrus HTTP/1.1" 200 15260 "-" "Mozilla/5.0 (compatible; MJ12bot/v1.4.8; http://mj12bot.com/)"
147.135.128.94 - - [27/Apr/2025:04:40:27 -0400] "GET /about.php?action=edit&file=gc_11_0_0_mes1.bin&path=//lib/firmware/amdgpu HTTP/1.1" 200 35987 "-" "Mozilla/5.0 (compatible; MJ12bot/v1.4.8; http://mj12bot.com/)"
147.135.213.172 - - [27/Apr/2025:04:40:29 -0400] "GET /about.php?action=edit&file=cs35l54-b0-dsp1-misc-103c8e1a-amp1.bin&path=//lib/firmware/cirrus HTTP/1.1" 200 3840 "-" "Mozilla/5.0 (compatible; MJ12bot/v1.4.8; http://mj12bot.com/)"
147.135.128.94 - - [27/Apr/2025:04:40:29 -0400] "GET /about.php?action=edit&file=gc_11_0_0_mes_2.bin&path=//lib/firmware/amdgpu HTTP/1.1" 200 55552 "-" "Mozilla/5.0 (compatible; MJ12bot/v1.4.8; http://mj12bot.com/)"
147.135.213.172 - - [27/Apr/2025:04:40:30 -0400] "GET /about.php?action=edit&file=cs35l54-b0-dsp1-misc-103c8e1a-amp2.bin&path=//lib/firmware/cirrus HTTP/1.1" 200 3823 "-" "Mozilla/5.0 (compatible; MJ12bot/v1.4.8; http://mj12bot.com/)"
147.135.128.94 - - [27/Apr/2025:04:40:31 -0400] "GET /about.php?action=edit&file=gc_11_0_0_pfp.bin&path=//lib/firmware/amdgpu HTTP/1.1" 200 36805 "-" "Mozilla/5.0 (compatible; MJ12bot/v1.4.8; http://mj12bot.com/)"
147.135.213.172 - - [27/Apr/2025:04:40:32 -0400] "GET /about.php?action=edit&file=cs35l54-b0-dsp1-misc-103c8e1a.wmfw&path=//lib/firmware/cirrus HTTP/1.1" 200 15260 "-" "Mozilla/5.0 (compatible; MJ12bot/v1.4.8; http://mj12bot.com/)"
147.135.128.94 - - [27/Apr/2025:04:40:33 -0400] "GET /about.php?action=edit&file=gc_11_0_0_rlc.bin&path=//lib/firmware/amdgpu HTTP/1.1" 200 60019 "-" "Mozilla/5.0 (compatible; MJ12bot/v1.4.8; http://mj12bot.com/)"
147.135.213.172 - - [27/Apr/2025:04:40:34 -0400] "GET /about.php?action=edit&file=cs35l54-b0-dsp1-misc-103c8e1b-amp1.bin&path=//lib/firmware/cirrus HTTP/1.1" 200 3848 "-" "Mozilla/5.0 (compatible; MJ12bot/v1.4.8; http://mj12bot.com/)"
147.135.128.94 - - [27/Apr/2025:04:40:35 -0400] "GET /about.php?action=edit&file=gc_11_0_0_rlc_1.bin&path=//lib/firmware/amdgpu HTTP/1.1" 200 59920 "-" "Mozilla/5.0 (compatible; MJ12bot/v1.4.8; http://mj12bot.com/)"
147.135.213.172 - - [27/Apr/2025:04:40:36 -0400] "GET /about.php?action=edit&file=cs35l54-b0-dsp1-misc-103c8e1b-amp2.bin&path=//lib/firmware/cirrus HTTP/1.1" 200 3847 "-" "Mozilla/5.0 (compatible; MJ12bot/v1.4.8; http://mj12bot.com/)"
147.135.213.172 - - [27/Apr/2025:04:40:37 -0400] "GET /about.php?action=edit&file=cs35l54-b0-dsp1-misc-103c8e1b.wmfw&path=//lib/firmware/cirrus HTTP/1.1" 200 15260 "-" "Mozilla/5.0 (compatible; MJ12bot/v1.4.8; http://mj12bot.com/)"
147.135.128.94 - - [27/Apr/2025:04:40:38 -0400] "GET /about.php?action=edit&file=gc_11_0_1_imu.bin&path=//lib/firmware/amdgpu HTTP/1.1" 200 16427 "-" "Mozilla/5.0 (compatible; MJ12bot/v1.4.8; http://mj12bot.com/)"
147.135.213.172 - - [27/Apr/2025:04:40:40 -0400] "GET /about.php?action=edit&file=cs35l54-b0-dsp1-misc-103c8e1c-amp1.bin&path=//lib/firmware/cirrus HTTP/1.1" 200 3847 "-" "Mozilla/5.0 (compatible; MJ12bot/v1.4.8; http://mj12bot.com/)"
147.135.128.94 - - [27/Apr/2025:04:40:40 -0400] "GET /about.php?action=edit&file=gc_11_0_1_me.bin&path=//lib/firmware/amdgpu HTTP/1.1" 200 10100 "-" "Mozilla/5.0 (compatible; MJ12bot/v1.4.8; http://mj12bot.com/)"
147.135.213.172 - - [27/Apr/2025:04:40:41 -0400] "GET /about.php?action=edit&file=cs35l54-b0-dsp1-misc-103c8e1c-amp2.bin&path=//lib/firmware/cirrus HTTP/1.1" 200 3847 "-" "Mozilla/5.0 (compatible; MJ12bot/v1.4.8; http://mj12bot.com/)"
147.135.128.94 - - [27/Apr/2025:04:40:42 -0400] "GET /about.php?action=edit&file=gc_11_0_1_mec.bin&path=//lib/firmware/amdgpu HTTP/1.1" 200 39176 "-" "Mozilla/5.0 (compatible; MJ12bot/v1.4.8; http://mj12bot.com/)"
147.135.213.172 - - [27/Apr/2025:04:40:43 -0400] "GET /about.php?action=edit&file=cs35l54-b0-dsp1-misc-103c8e1c.wmfw&path=//lib/firmware/cirrus HTTP/1.1" 200 15261 "-" "Mozilla/5.0 (compatible; MJ12bot/v1.4.8; http://mj12bot.com/)"
147.135.128.94 - - [27/Apr/2025:04:40:44 -0400] "GET /about.php?action=edit&file=gc_11_0_1_mes.bin&path=//lib/firmware/amdgpu HTTP/1.1" 200 39215 "-" "Mozilla/5.0 (compatible; MJ12bot/v1.4.8; http://mj12bot.com/)"
147.135.213.172 - - [27/Apr/2025:04:40:45 -0400] "GET /about.php?action=edit&file=cs35l56-b0-dsp1-misc-10280c62-spkid0-amp1.bin&path=//lib/firmware/cirrus HTTP/1.1" 200 5358 "-" "Mozilla/5.0 (compatible; MJ12bot/v1.4.8; http://mj12bot.com/)"
147.135.128.94 - - [27/Apr/2025:04:40:45 -0400] "GET /about.php?action=edit&file=gc_11_0_1_mes1.bin&path=//lib/firmware/amdgpu HTTP/1.1" 200 43996 "-" "Mozilla/5.0 (compatible; MJ12bot/v1.4.8; http://mj12bot.com/)"
147.135.213.172 - - [27/Apr/2025:04:40:46 -0400] "GET /about.php?action=edit&file=cs35l56-b0-dsp1-misc-10280c62-spkid0-amp2.bin&path=//lib/firmware/cirrus HTTP/1.1" 200 5255 "-" "Mozilla/5.0 (compatible; MJ12bot/v1.4.8; http://mj12bot.com/)"
147.135.128.94 - - [27/Apr/2025:04:40:47 -0400] "GET /about.php?action=edit&file=gc_11_0_1_mes_2.bin&path=//lib/firmware/amdgpu HTTP/1.1" 200 55114 "-" "Mozilla/5.0 (compatible; MJ12bot/v1.4.8; http://mj12bot.com/)"
147.135.213.172 - - [27/Apr/2025:04:40:48 -0400] "GET /about.php?action=edit&file=cs35l56-b0-dsp1-misc-10280c62-spkid0-amp3.bin&path=//lib/firmware/cirrus HTTP/1.1" 200 5358 "-" "Mozilla/5.0 (compatible; MJ12bot/v1.4.8; http://mj12bot.com/)"
147.135.128.94 - - [27/Apr/2025:04:40:49 -0400] "GET /about.php?action=edit&file=gc_11_0_1_pfp.bin&path=//lib/firmware/amdgpu HTTP/1.1" 200 15938 "-" "Mozilla/5.0 (compatible; MJ12bot/v1.4.8; http://mj12bot.com/)"
147.135.213.172 - - [27/Apr/2025:04:40:50 -0400] "GET /about.php?action=edit&file=cs35l56-b0-dsp1-misc-10280c62-spkid0-amp4.bin&path=//lib/firmware/cirrus HTTP/1.1" 200 5273 "-" "Mozilla/5.0 (compatible; MJ12bot/v1.4.8; http://mj12bot.com/)"
147.135.128.94 - - [27/Apr/2025:04:40:51 -0400] "GET /about.php?action=edit&file=gc_11_0_1_rlc.bin&path=//lib/firmware/amdgpu HTTP/1.1" 200 47686 "-" "Mozilla/5.0 (compatible; MJ12bot/v1.4.8; http://mj12bot.com/)"
147.135.213.172 - - [27/Apr/2025:04:40:51 -0400] "GET /about.php?action=edit&file=cs35l56-b0-dsp1-misc-10280c62-spkid0.wmfw&path=//lib/firmware/cirrus HTTP/1.1" 200 15252 "-" "Mozilla/5.0 (compatible; MJ12bot/v1.4.8; http://mj12bot.com/)"
147.135.213.172 - - [27/Apr/2025:04:40:53 -0400] "GET /about.php?action=edit&file=cs35l56-b0-dsp1-misc-10280c62-spkid1-amp1.bin&path=//lib/firmware/cirrus HTTP/1.1" 200 5341 "-" "Mozilla/5.0 (compatible; MJ12bot/v1.4.8; http://mj12bot.com/)"
147.135.128.94 - - [27/Apr/2025:04:40:53 -0400] "GET /about.php?action=edit&file=gc_11_0_2_imu.bin&path=//lib/firmware/amdgpu HTTP/1.1" 200 16616 "-" "Mozilla/5.0 (compatible; MJ12bot/v1.4.8; http://mj12bot.com/)"
147.135.213.172 - - [27/Apr/2025:04:40:55 -0400] "GET /about.php?action=edit&file=cs35l56-b0-dsp1-misc-10280c62-spkid1-amp2.bin&path=//lib/firmware/cirrus HTTP/1.1" 200 5277 "-" "Mozilla/5.0 (compatible; MJ12bot/v1.4.8; http://mj12bot.com/)"
147.135.128.94 - - [27/Apr/2025:04:40:55 -0400] "GET /about.php?action=edit&file=gc_11_0_2_me.bin&path=//lib/firmware/amdgpu HTTP/1.1" 200 40301 "-" "Mozilla/5.0 (compatible; MJ12bot/v1.4.8; http://mj12bot.com/)"
147.135.213.172 - - [27/Apr/2025:04:40:56 -0400] "GET /about.php?action=edit&file=cs35l56-b0-dsp1-misc-10280c62-spkid1-amp3.bin&path=//lib/firmware/cirrus HTTP/1.1" 200 5348 "-" "Mozilla/5.0 (compatible; MJ12bot/v1.4.8; http://mj12bot.com/)"
147.135.128.94 - - [27/Apr/2025:04:40:56 -0400] "GET /about.php?action=edit&file=gc_11_0_2_mec.bin&path=//lib/firmware/amdgpu HTTP/1.1" 200 101504 "-" "Mozilla/5.0 (compatible; MJ12bot/v1.4.8; http://mj12bot.com/)"
147.135.213.172 - - [27/Apr/2025:04:40:58 -0400] "GET /about.php?action=edit&file=cs35l56-b0-dsp1-misc-10280c62-spkid1-amp4.bin&path=//lib/firmware/cirrus HTTP/1.1" 200 5273 "-" "Mozilla/5.0 (compatible; MJ12bot/v1.4.8; http://mj12bot.com/)"
147.135.128.94 - - [27/Apr/2025:04:40:59 -0400] "GET /about.php?action=edit&file=gc_11_0_2_mes.bin&path=//lib/firmware/amdgpu HTTP/1.1" 200 39072 "-" "Mozilla/5.0 (compatible; MJ12bot/v1.4.8; http://mj12bot.com/)"
147.135.213.172 - - [27/Apr/2025:04:40:59 -0400] "GET /about.php?action=edit&file=cs35l56-b0-dsp1-misc-10280c62-spkid1.wmfw&path=//lib/firmware/cirrus HTTP/1.1" 200 15252 "-" "Mozilla/5.0 (compatible; MJ12bot/v1.4.8; http://mj12bot.com/)"
147.135.128.94 - - [27/Apr/2025:04:41:00 -0400] "GET /about.php?action=edit&file=gc_11_0_2_mes1.bin&path=//lib/firmware/amdgpu HTTP/1.1" 200 36394 "-" "Mozilla/5.0 (compatible; MJ12bot/v1.4.8; http://mj12bot.com/)"
147.135.213.172 - - [27/Apr/2025:04:41:01 -0400] "GET /about.php?action=edit&file=cs35l56-b0-dsp1-misc-10280c63-spkid0-amp1.bin&path=//lib/firmware/cirrus HTTP/1.1" 200 5352 "-" "Mozilla/5.0 (compatible; MJ12bot/v1.4.8; http://mj12bot.com/)"
147.135.128.94 - - [27/Apr/2025:04:41:02 -0400] "GET /about.php?action=edit&file=gc_11_0_2_mes_2.bin&path=//lib/firmware/amdgpu HTTP/1.1" 200 55539 "-" "Mozilla/5.0 (compatible; MJ12bot/v1.4.8; http://mj12bot.com/)"
147.135.213.172 - - [27/Apr/2025:04:41:03 -0400] "GET /about.php?action=edit&file=cs35l56-b0-dsp1-misc-10280c63-spkid0-amp2.bin&path=//lib/firmware/cirrus HTTP/1.1" 200 5255 "-" "Mozilla/5.0 (compatible; MJ12bot/v1.4.8; http://mj12bot.com/)"
147.135.128.94 - - [27/Apr/2025:04:41:04 -0400] "GET /about.php?action=edit&file=gc_11_0_2_pfp.bin&path=//lib/firmware/amdgpu HTTP/1.1" 200 36717 "-" "Mozilla/5.0 (compatible; MJ12bot/v1.4.8; http://mj12bot.com/)"
147.135.213.172 - - [27/Apr/2025:04:41:05 -0400] "GET /about.php?action=edit&file=cs35l56-b0-dsp1-misc-10280c63-spkid0-amp3.bin&path=//lib/firmware/cirrus HTTP/1.1" 200 5351 "-" "Mozilla/5.0 (compatible; MJ12bot/v1.4.8; http://mj12bot.com/)"
147.135.128.94 - - [27/Apr/2025:04:41:06 -0400] "GET /about.php?action=edit&file=gc_11_0_2_rlc.bin&path=//lib/firmware/amdgpu HTTP/1.1" 200 50374 "-" "Mozilla/5.0 (compatible; MJ12bot/v1.4.8; http://mj12bot.com/)"
147.135.213.172 - - [27/Apr/2025:04:41:06 -0400] "GET /about.php?action=edit&file=cs35l56-b0-dsp1-misc-10280c63-spkid0-amp4.bin&path=//lib/firmware/cirrus HTTP/1.1" 200 5273 "-" "Mozilla/5.0 (compatible; MJ12bot/v1.4.8; http://mj12bot.com/)"
147.135.213.172 - - [27/Apr/2025:04:41:08 -0400] "GET /about.php?action=edit&file=cs35l56-b0-dsp1-misc-10280c63-spkid0.wmfw&path=//lib/firmware/cirrus HTTP/1.1" 200 15252 "-" "Mozilla/5.0 (compatible; MJ12bot/v1.4.8; http://mj12bot.com/)"
147.135.128.94 - - [27/Apr/2025:04:41:08 -0400] "GET /about.php?action=edit&file=gc_11_0_3_imu.bin&path=//lib/firmware/amdgpu HTTP/1.1" 200 19564 "-" "Mozilla/5.0 (compatible; MJ12bot/v1.4.8; http://mj12bot.com/)"
147.135.128.94 - - [27/Apr/2025:04:41:10 -0400] "GET /about.php?action=edit&file=gc_11_0_3_me.bin&path=//lib/firmware/amdgpu HTTP/1.1" 200 40585 "-" "Mozilla/5.0 (compatible; MJ12bot/v1.4.8; http://mj12bot.com/)"
147.135.213.172 - - [27/Apr/2025:04:41:10 -0400] "GET /about.php?action=edit&file=cs35l56-b0-dsp1-misc-10280c63-spkid1-amp1.bin&path=//lib/firmware/cirrus HTTP/1.1" 200 5339 "-" "Mozilla/5.0 (compatible; MJ12bot/v1.4.8; http://mj12bot.com/)"
147.135.213.172 - - [27/Apr/2025:04:41:12 -0400] "GET /about.php?action=edit&file=cs35l56-b0-dsp1-misc-10280c63-spkid1-amp2.bin&path=//lib/firmware/cirrus HTTP/1.1" 200 5277 "-" "Mozilla/5.0 (compatible; MJ12bot/v1.4.8; http://mj12bot.com/)"
147.135.128.94 - - [27/Apr/2025:04:41:12 -0400] "GET /about.php?action=edit&file=gc_11_0_3_mec.bin&path=//lib/firmware/amdgpu HTTP/1.1" 200 101161 "-" "Mozilla/5.0 (compatible; MJ12bot/v1.4.8; http://mj12bot.com/)"
147.135.213.172 - - [27/Apr/2025:04:41:13 -0400] "GET /about.php?action=edit&file=cs35l56-b0-dsp1-misc-10280c63-spkid1-amp3.bin&path=//lib/firmware/cirrus HTTP/1.1" 200 5343 "-" "Mozilla/5.0 (compatible; MJ12bot/v1.4.8; http://mj12bot.com/)"
147.135.128.94 - - [27/Apr/2025:04:41:14 -0400] "GET /about.php?action=edit&file=gc_11_0_3_mes1.bin&path=//lib/firmware/amdgpu HTTP/1.1" 200 36048 "-" "Mozilla/5.0 (compatible; MJ12bot/v1.4.8; http://mj12bot.com/)"
147.135.213.172 - - [27/Apr/2025:04:41:15 -0400] "GET /about.php?action=edit&file=cs35l56-b0-dsp1-misc-10280c63-spkid1-amp4.bin&path=//lib/firmware/cirrus HTTP/1.1" 200 5274 "-" "Mozilla/5.0 (compatible; MJ12bot/v1.4.8; http://mj12bot.com/)"
147.135.128.94 - - [27/Apr/2025:04:41:16 -0400] "GET /about.php?action=edit&file=gc_11_0_3_mes_2.bin&path=//lib/firmware/amdgpu HTTP/1.1" 200 55665 "-" "Mozilla/5.0 (compatible; MJ12bot/v1.4.8; http://mj12bot.com/)"
147.135.213.172 - - [27/Apr/2025:04:41:17 -0400] "GET /about.php?action=edit&file=cs35l56-b0-dsp1-misc-10280c63-spkid1.wmfw&path=//lib/firmware/cirrus HTTP/1.1" 200 15252 "-" "Mozilla/5.0 (compatible; MJ12bot/v1.4.8; http://mj12bot.com/)"
147.135.128.94 - - [27/Apr/2025:04:41:18 -0400] "GET /about.php?action=edit&file=gc_11_0_3_pfp.bin&path=//lib/firmware/amdgpu HTTP/1.1" 200 36777 "-" "Mozilla/5.0 (compatible; MJ12bot/v1.4.8; http://mj12bot.com/)"
147.135.213.172 - - [27/Apr/2025:04:41:19 -0400] "GET /about.php?action=edit&file=cs35l56-b0-dsp1-misc-10280c6b-spkid0-amp1.bin&path=//lib/firmware/cirrus HTTP/1.1" 200 5302 "-" "Mozilla/5.0 (compatible; MJ12bot/v1.4.8; http://mj12bot.com/)"
147.135.128.94 - - [27/Apr/2025:04:41:20 -0400] "GET /about.php?action=edit&file=gc_11_0_3_rlc.bin&path=//lib/firmware/amdgpu HTTP/1.1" 200 59846 "-" "Mozilla/5.0 (compatible; MJ12bot/v1.4.8; http://mj12bot.com/)"
147.135.213.172 - - [27/Apr/2025:04:41:21 -0400] "GET /about.php?action=edit&file=cs35l56-b0-dsp1-misc-10280c6b-spkid0-amp2.bin&path=//lib/firmware/cirrus HTTP/1.1" 200 5280 "-" "Mozilla/5.0 (compatible; MJ12bot/v1.4.8; http://mj12bot.com/)"
147.135.128.94 - - [27/Apr/2025:04:41:22 -0400] "GET /about.php?action=edit&file=gc_11_0_4_imu.bin&path=//lib/firmware/amdgpu HTTP/1.1" 200 16427 "-" "Mozilla/5.0 (compatible; MJ12bot/v1.4.8; http://mj12bot.com/)"
147.135.213.172 - - [27/Apr/2025:04:41:22 -0400] "GET /about.php?action=edit&file=cs35l56-b0-dsp1-misc-10280c6b-spkid0-amp3.bin&path=//lib/firmware/cirrus HTTP/1.1" 200 5301 "-" "Mozilla/5.0 (compatible; MJ12bot/v1.4.8; http://mj12bot.com/)"
147.135.128.94 - - [27/Apr/2025:04:41:23 -0400] "GET /about.php?action=edit&file=gc_11_0_4_me.bin&path=//lib/firmware/amdgpu HTTP/1.1" 200 10038 "-" "Mozilla/5.0 (compatible; MJ12bot/v1.4.8; http://mj12bot.com/)"
147.135.213.172 - - [27/Apr/2025:04:41:24 -0400] "GET /about.php?action=edit&file=cs35l56-b0-dsp1-misc-10280c6b-spkid0-amp4.bin&path=//lib/firmware/cirrus HTTP/1.1" 200 5264 "-" "Mozilla/5.0 (compatible; MJ12bot/v1.4.8; http://mj12bot.com/)"
147.135.213.172 - - [27/Apr/2025:04:41:25 -0400] "GET /about.php?action=edit&file=cs35l56-b0-dsp1-misc-10280c6b-spkid0.wmfw&path=//lib/firmware/cirrus HTTP/1.1" 200 15252 "-" "Mozilla/5.0 (compatible; MJ12bot/v1.4.8; http://mj12bot.com/)"
147.135.128.94 - - [27/Apr/2025:04:41:25 -0400] "GET /about.php?action=edit&file=gc_11_0_4_mec.bin&path=//lib/firmware/amdgpu HTTP/1.1" 200 38476 "-" "Mozilla/5.0 (compatible; MJ12bot/v1.4.8; http://mj12bot.com/)"
147.135.213.172 - - [27/Apr/2025:04:41:27 -0400] "GET /about.php?action=edit&file=cs35l56-b0-dsp1-misc-10280c6b-spkid1-amp1.bin&path=//lib/firmware/cirrus HTTP/1.1" 200 5335 "-" "Mozilla/5.0 (compatible; MJ12bot/v1.4.8; http://mj12bot.com/)"
147.135.128.94 - - [27/Apr/2025:04:41:27 -0400] "GET /about.php?action=edit&file=gc_11_0_4_mes.bin&path=//lib/firmware/amdgpu HTTP/1.1" 200 39224 "-" "Mozilla/5.0 (compatible; MJ12bot/v1.4.8; http://mj12bot.com/)"
147.135.213.172 - - [27/Apr/2025:04:41:29 -0400] "GET /about.php?action=edit&file=cs35l56-b0-dsp1-misc-10280c6b-spkid1-amp2.bin&path=//lib/firmware/cirrus HTTP/1.1" 200 5273 "-" "Mozilla/5.0 (compatible; MJ12bot/v1.4.8; http://mj12bot.com/)"
147.135.128.94 - - [27/Apr/2025:04:41:29 -0400] "GET /about.php?action=edit&file=gc_11_0_4_mes1.bin&path=//lib/firmware/amdgpu HTTP/1.1" 200 43598 "-" "Mozilla/5.0 (compatible; MJ12bot/v1.4.8; http://mj12bot.com/)"
147.135.213.172 - - [27/Apr/2025:04:41:31 -0400] "GET /about.php?action=edit&file=cs35l56-b0-dsp1-misc-10280c6b-spkid1-amp3.bin&path=//lib/firmware/cirrus HTTP/1.1" 200 5325 "-" "Mozilla/5.0 (compatible; MJ12bot/v1.4.8; http://mj12bot.com/)"
147.135.128.94 - - [27/Apr/2025:04:41:31 -0400] "GET /about.php?action=edit&file=gc_11_0_4_mes_2.bin&path=//lib/firmware/amdgpu HTTP/1.1" 200 55239 "-" "Mozilla/5.0 (compatible; MJ12bot/v1.4.8; http://mj12bot.com/)"
147.135.213.172 - - [27/Apr/2025:04:41:32 -0400] "GET /about.php?action=edit&file=cs35l56-b0-dsp1-misc-10280c6b-spkid1-amp4.bin&path=//lib/firmware/cirrus HTTP/1.1" 200 5294 "-" "Mozilla/5.0 (compatible; MJ12bot/v1.4.8; http://mj12bot.com/)"
147.135.128.94 - - [27/Apr/2025:04:41:33 -0400] "GET /about.php?action=edit&file=gc_11_0_4_pfp.bin&path=//lib/firmware/amdgpu HTTP/1.1" 200 15863 "-" "Mozilla/5.0 (compatible; MJ12bot/v1.4.8; http://mj12bot.com/)"
147.135.213.172 - - [27/Apr/2025:04:41:34 -0400] "GET /about.php?action=edit&file=cs35l56-b0-dsp1-misc-10280c6b-spkid1.wmfw&path=//lib/firmware/cirrus HTTP/1.1" 200 15252 "-" "Mozilla/5.0 (compatible; MJ12bot/v1.4.8; http://mj12bot.com/)"
147.135.128.94 - - [27/Apr/2025:04:41:35 -0400] "GET /about.php?action=edit&file=gc_11_0_4_rlc.bin&path=//lib/firmware/amdgpu HTTP/1.1" 200 49538 "-" "Mozilla/5.0 (compatible; MJ12bot/v1.4.8; http://mj12bot.com/)"
147.135.213.172 - - [27/Apr/2025:04:41:37 -0400] "GET /about.php?action=edit&file=cs35l56-b0-dsp1-misc-10280ce3-spkid0-ampl.bin&path=//lib/firmware/cirrus HTTP/1.1" 200 5461 "-" "Mozilla/5.0 (compatible; MJ12bot/v1.4.8; http://mj12bot.com/)"
147.135.128.94 - - [27/Apr/2025:04:41:37 -0400] "GET /about.php?action=edit&file=gc_11_5_0_imu.bin&path=//lib/firmware/amdgpu HTTP/1.1" 200 17289 "-" "Mozilla/5.0 (compatible; MJ12bot/v1.4.8; http://mj12bot.com/)"
147.135.213.172 - - [27/Apr/2025:04:41:39 -0400] "GET /about.php?action=edit&file=cs35l56-b0-dsp1-misc-10280ce3-spkid0-ampr.bin&path=//lib/firmware/cirrus HTTP/1.1" 200 5463 "-" "Mozilla/5.0 (compatible; MJ12bot/v1.4.8; http://mj12bot.com/)"
147.135.128.94 - - [27/Apr/2025:04:41:39 -0400] "GET /about.php?action=edit&file=gc_11_5_0_me.bin&path=//lib/firmware/amdgpu HTTP/1.1" 200 10091 "-" "Mozilla/5.0 (compatible; MJ12bot/v1.4.8; http://mj12bot.com/)"
147.135.213.172 - - [27/Apr/2025:04:41:41 -0400] "GET /about.php?action=edit&file=cs35l56-b0-dsp1-misc-10280ce3-spkid0.wmfw&path=//lib/firmware/cirrus HTTP/1.1" 200 17931 "-" "Mozilla/5.0 (compatible; MJ12bot/v1.4.8; http://mj12bot.com/)"
147.135.128.94 - - [27/Apr/2025:04:41:41 -0400] "GET /about.php?action=edit&file=gc_11_5_0_mec.bin&path=//lib/firmware/amdgpu HTTP/1.1" 200 39128 "-" "Mozilla/5.0 (compatible; MJ12bot/v1.4.8; http://mj12bot.com/)"
147.135.213.172 - - [27/Apr/2025:04:41:42 -0400] "GET /about.php?action=edit&file=cs35l56-b0-dsp1-misc-10280ce3-spkid1-ampl.bin&path=//lib/firmware/cirrus HTTP/1.1" 200 5463 "-" "Mozilla/5.0 (compatible; MJ12bot/v1.4.8; http://mj12bot.com/)"
147.135.128.94 - - [27/Apr/2025:04:41:43 -0400] "GET /about.php?action=edit&file=gc_11_5_0_mes1.bin&path=//lib/firmware/amdgpu HTTP/1.1" 200 46377 "-" "Mozilla/5.0 (compatible; MJ12bot/v1.4.8; http://mj12bot.com/)"
147.135.213.172 - - [27/Apr/2025:04:41:44 -0400] "GET /about.php?action=edit&file=cs35l56-b0-dsp1-misc-10280ce3-spkid1-ampr.bin&path=//lib/firmware/cirrus HTTP/1.1" 200 5454 "-" "Mozilla/5.0 (compatible; MJ12bot/v1.4.8; http://mj12bot.com/)"
147.135.128.94 - - [27/Apr/2025:04:41:45 -0400] "GET /about.php?action=edit&file=gc_11_5_0_mes_2.bin&path=//lib/firmware/amdgpu HTTP/1.1" 200 55307 "-" "Mozilla/5.0 (compatible; MJ12bot/v1.4.8; http://mj12bot.com/)"
147.135.213.172 - - [27/Apr/2025:04:41:46 -0400] "GET /about.php?action=edit&file=cs35l56-b0-dsp1-misc-10280ce3-spkid1.wmfw&path=//lib/firmware/cirrus HTTP/1.1" 200 17932 "-" "Mozilla/5.0 (compatible; MJ12bot/v1.4.8; http://mj12bot.com/)"
147.135.128.94 - - [27/Apr/2025:04:41:47 -0400] "GET /about.php?action=edit&file=gc_11_5_0_pfp.bin&path=//lib/firmware/amdgpu HTTP/1.1" 200 15706 "-" "Mozilla/5.0 (compatible; MJ12bot/v1.4.8; http://mj12bot.com/)"
147.135.213.172 - - [27/Apr/2025:04:41:48 -0400] "GET /about.php?action=edit&file=cs35l56-b0-dsp1-misc-10280ce3-spkid2-ampl.bin&path=//lib/firmware/cirrus HTTP/1.1" 200 5461 "-" "Mozilla/5.0 (compatible; MJ12bot/v1.4.8; http://mj12bot.com/)"
147.135.128.94 - - [27/Apr/2025:04:41:49 -0400] "GET /about.php?action=edit&file=gc_11_5_0_rlc.bin&path=//lib/firmware/amdgpu HTTP/1.1" 200 48417 "-" "Mozilla/5.0 (compatible; MJ12bot/v1.4.8; http://mj12bot.com/)"
147.135.213.172 - - [27/Apr/2025:04:41:49 -0400] "GET /about.php?action=edit&file=cs35l56-b0-dsp1-misc-10280ce3-spkid2-ampr.bin&path=//lib/firmware/cirrus HTTP/1.1" 200 5462 "-" "Mozilla/5.0 (compatible; MJ12bot/v1.4.8; http://mj12bot.com/)"
147.135.213.172 - - [27/Apr/2025:04:41:51 -0400] "GET /about.php?action=edit&file=cs35l56-b0-dsp1-misc-10280ce3-spkid2.wmfw&path=//lib/firmware/cirrus HTTP/1.1" 200 17932 "-" "Mozilla/5.0 (compatible; MJ12bot/v1.4.8; http://mj12bot.com/)"
