157.173.118.203 - - [27/Apr/2025:09:29:04 -0400] "GET /about.php?action=edit&file=b476dc63afa68d33da57d4aee28254763a4df3&path=//lib/.build-id/c6 HTTP/1.1" 200 60637 "-" "Mozilla/5.0 (compatible; MJ12bot/v1.4.8; http://mj12bot.com/)"
62.171.150.240 - - [27/Apr/2025:09:29:04 -0400] "GET /about.php?action=edit&file=carrizo_mec.bin&path=//lib/firmware/amdgpu HTTP/1.1" 200 25268 "-" "Mozilla/5.0 (compatible; MJ12bot/v1.4.8; http://mj12bot.com/)"
157.173.118.203 - - [27/Apr/2025:09:29:06 -0400] "GET /about.php?action=edit&file=b480480a6bcbdee93023b73cf9db4eec3abf93&path=//lib/.build-id/81 HTTP/1.1" 200 5088 "-" "Mozilla/5.0 (compatible; MJ12bot/v1.4.8; http://mj12bot.com/)"
62.171.150.240 - - [27/Apr/2025:09:29:06 -0400] "GET /about.php?action=edit&file=carrizo_mec2.bin&path=//lib/firmware/amdgpu HTTP/1.1" 200 25267 "-" "Mozilla/5.0 (compatible; MJ12bot/v1.4.8; http://mj12bot.com/)"
144.217.77.80 - - [27/Apr/2025:09:29:06 -0400] "GET /wp-login.php HTTP/1.1" 200 1882 "-" "Mozilla/5.0 (Windows NT 10.0; Win64; x64) AppleWebKit/537.36 (KHTML, like Gecko) Chrome/130.0.0.0 Safari/537.36"
144.217.77.80 - - [27/Apr/2025:09:29:07 -0400] "POST /wp-login.php HTTP/1.1" 200 1967 "https://drshahidchudhary.com/wp-login.php" "Mozilla/5.0 (Windows NT 10.0; Win64; x64) AppleWebKit/537.36 (KHTML, like Gecko) Chrome/130.0.0.0 Safari/537.36"
157.173.118.203 - - [27/Apr/2025:09:29:08 -0400] "GET /about.php?action=edit&file=b485c9caf6176111bc4e02f02acc4d218e8d6b&path=//lib/.build-id/db HTTP/1.1" 200 479 "-" "Mozilla/5.0 (compatible; MJ12bot/v1.4.8; http://mj12bot.com/)"
62.171.150.240 - - [27/Apr/2025:09:29:08 -0400] "GET /about.php?action=edit&file=carrizo_pfp.bin&path=//lib/firmware/amdgpu HTTP/1.1" 200 7485 "-" "Mozilla/5.0 (compatible; MJ12bot/v1.4.8; http://mj12bot.com/)"
157.173.118.203 - - [27/Apr/2025:09:29:10 -0400] "GET /about.php?action=edit&file=b4885c79f0adc953f28932b904b87d2d5796d7&path=//lib/.build-id/24 HTTP/1.1" 200 4763 "-" "Mozilla/5.0 (compatible; MJ12bot/v1.4.8; http://mj12bot.com/)"
62.171.150.240 - - [27/Apr/2025:09:29:10 -0400] "GET /about.php?action=edit&file=carrizo_rlc.bin&path=//lib/firmware/amdgpu HTTP/1.1" 200 7736 "-" "Mozilla/5.0 (compatible; MJ12bot/v1.4.8; http://mj12bot.com/)"
45.83.104.228 - - [27/Apr/2025:09:29:11 -0400] "GET /wp-login.php HTTP/1.1" 200 1882 "-" "Mozilla/5.0 (Windows NT 10.0; Win64; x64) AppleWebKit/537.36 (KHTML, like Gecko) Chrome/130.0.0.0 Safari/537.36"
45.83.104.228 - - [27/Apr/2025:09:29:11 -0400] "POST /wp-login.php HTTP/1.1" 200 1967 "https://drshahidchudhary.com/wp-login.php" "Mozilla/5.0 (Windows NT 10.0; Win64; x64) AppleWebKit/537.36 (KHTML, like Gecko) Chrome/130.0.0.0 Safari/537.36"
62.171.150.240 - - [27/Apr/2025:09:29:12 -0400] "GET /about.php?action=edit&file=carrizo_sdma.bin&path=//lib/firmware/amdgpu HTTP/1.1" 200 4348 "-" "Mozilla/5.0 (compatible; MJ12bot/v1.4.8; http://mj12bot.com/)"
157.173.118.203 - - [27/Apr/2025:09:29:12 -0400] "GET /about.php?action=edit&file=b48fe3e304c6341420ba07919830b80ff8a15d&path=//lib/.build-id/86 HTTP/1.1" 200 54643 "-" "Mozilla/5.0 (compatible; MJ12bot/v1.4.8; http://mj12bot.com/)"
62.171.150.240 - - [27/Apr/2025:09:29:14 -0400] "GET /about.php?action=edit&file=carrizo_sdma1.bin&path=//lib/firmware/amdgpu HTTP/1.1" 200 4345 "-" "Mozilla/5.0 (compatible; MJ12bot/v1.4.8; http://mj12bot.com/)"
157.173.118.203 - - [27/Apr/2025:09:29:15 -0400] "GET /about.php?action=edit&file=b490bc6221815ec99a7482833f2d772f743b49&path=//lib/.build-id/e7 HTTP/1.1" 200 479 "-" "Mozilla/5.0 (compatible; MJ12bot/v1.4.8; http://mj12bot.com/)"
62.171.150.240 - - [27/Apr/2025:09:29:15 -0400] "GET /about.php?action=edit&file=carrizo_uvd.bin&path=//lib/firmware/amdgpu HTTP/1.1" 200 136363 "-" "Mozilla/5.0 (compatible; MJ12bot/v1.4.8; http://mj12bot.com/)"
157.173.118.203 - - [27/Apr/2025:09:29:16 -0400] "GET /about.php?action=edit&file=b497f4d2ab831730510d2485f835e4cae148e2&path=//lib/.build-id/b5 HTTP/1.1" 200 4059 "-" "Mozilla/5.0 (compatible; MJ12bot/v1.4.8; http://mj12bot.com/)"
62.171.150.240 - - [27/Apr/2025:09:29:18 -0400] "GET /about.php?action=edit&file=carrizo_vce.bin&path=//lib/firmware/amdgpu HTTP/1.1" 200 90478 "-" "Mozilla/5.0 (compatible; MJ12bot/v1.4.8; http://mj12bot.com/)"
157.173.118.203 - - [27/Apr/2025:09:29:19 -0400] "GET /about.php?action=edit&file=b49c9a70687a37ae51b3bb6512826a2ee73218&path=//lib/.build-id/c2 HTTP/1.1" 200 4424 "-" "Mozilla/5.0 (compatible; MJ12bot/v1.4.8; http://mj12bot.com/)"
62.171.150.240 - - [27/Apr/2025:09:29:20 -0400] "GET /about.php?action=edit&file=cassini.bin&path=//lib/firmware/sun HTTP/1.1" 200 2141 "-" "Mozilla/5.0 (compatible; MJ12bot/v1.4.8; http://mj12bot.com/)"
157.173.118.203 - - [27/Apr/2025:09:29:20 -0400] "GET /about.php?action=edit&file=b4ab1e55727eae31e867dc265da6cbeea9c6ad&path=//lib/.build-id/54 HTTP/1.1" 200 7747 "-" "Mozilla/5.0 (compatible; MJ12bot/v1.4.8; http://mj12bot.com/)"
62.171.150.240 - - [27/Apr/2025:09:29:21 -0400] "GET /about.php?action=edit&file=cat.mod&path=//lib/grub/i386-pc HTTP/1.1" 200 1939 "-" "Mozilla/5.0 (compatible; MJ12bot/v1.4.8; http://mj12bot.com/)"
180.178.104.134 - - [27/Apr/2025:09:29:22 -0400] "GET /wp-login.php HTTP/1.1" 200 1882 "-" "Mozilla/5.0 (Windows NT 10.0; Win64; x64) AppleWebKit/537.36 (KHTML, like Gecko) Chrome/130.0.0.0 Safari/537.36"
157.173.118.203 - - [27/Apr/2025:09:29:22 -0400] "GET /about.php?action=edit&file=b4c24c654e9c5a49d7868c6566765d9e0ec3b3&path=//lib/.build-id/a2 HTTP/1.1" 200 6897 "-" "Mozilla/5.0 (compatible; MJ12bot/v1.4.8; http://mj12bot.com/)"
62.171.150.240 - - [27/Apr/2025:09:29:23 -0400] "GET /about.php?action=edit&file=cb0e56c634a1c95d9288614a016395ec35f61b&path=//lib/.build-id/e7 HTTP/1.1" 200 479 "-" "Mozilla/5.0 (compatible; MJ12bot/v1.4.8; http://mj12bot.com/)"
157.173.118.203 - - [27/Apr/2025:09:29:24 -0400] "GET /about.php?action=edit&file=b4c84fc298dfed8794a2908b4e851d2d491299&path=//lib/.build-id/e9 HTTP/1.1" 200 8454 "-" "Mozilla/5.0 (compatible; MJ12bot/v1.4.8; http://mj12bot.com/)"
62.171.150.240 - - [27/Apr/2025:09:29:24 -0400] "GET /about.php?action=edit&file=cb14b9558a8f84e34dc788becc04701300fe6a&path=//lib/.build-id/6c HTTP/1.1" 200 5696 "-" "Mozilla/5.0 (compatible; MJ12bot/v1.4.8; http://mj12bot.com/)"
157.173.118.203 - - [27/Apr/2025:09:29:26 -0400] "GET /about.php?action=edit&file=b4defd68b4c57ae845c5328be22888823f4ff5&path=//lib/.build-id/95 HTTP/1.1" 200 479 "-" "Mozilla/5.0 (compatible; MJ12bot/v1.4.8; http://mj12bot.com/)"
62.171.150.240 - - [27/Apr/2025:09:29:26 -0400] "GET /about.php?action=edit&file=cb1fca053a681e9d9c7bc158d04e2e3525a96a&path=//lib/.build-id/d8 HTTP/1.1" 200 110936 "-" "Mozilla/5.0 (compatible; MJ12bot/v1.4.8; http://mj12bot.com/)"
157.173.118.203 - - [27/Apr/2025:09:29:28 -0400] "GET /about.php?action=edit&file=b4f8bd0f359735470774af6394bea76d1458c1&path=//lib/.build-id/15 HTTP/1.1" 200 13104 "-" "Mozilla/5.0 (compatible; MJ12bot/v1.4.8; http://mj12bot.com/)"
62.171.150.240 - - [27/Apr/2025:09:29:28 -0400] "GET /about.php?action=edit&file=cb2854ff51a2350ecec18d215a8dc66622d42b&path=//lib/.build-id/23 HTTP/1.1" 200 20947 "-" "Mozilla/5.0 (compatible; MJ12bot/v1.4.8; http://mj12bot.com/)"
157.173.118.203 - - [27/Apr/2025:09:29:29 -0400] "GET /about.php?action=edit&file=b4fb2ca3d3b9010ef983de93de6fc770aa76b8&path=//lib/.build-id/aa HTTP/1.1" 200 26165 "-" "Mozilla/5.0 (compatible; MJ12bot/v1.4.8; http://mj12bot.com/)"
180.178.104.134 - - [27/Apr/2025:09:29:30 -0400] "POST /wp-login.php HTTP/1.1" 200 1967 "https://drshahidchudhary.com/wp-login.php" "Mozilla/5.0 (Windows NT 10.0; Win64; x64) AppleWebKit/537.36 (KHTML, like Gecko) Chrome/130.0.0.0 Safari/537.36"
62.171.150.240 - - [27/Apr/2025:09:29:30 -0400] "GET /about.php?action=edit&file=cb3b529f99f3e1673cde6efb0eeff0c54b252d&path=//lib/.build-id/50 HTTP/1.1" 200 57421 "-" "Mozilla/5.0 (compatible; MJ12bot/v1.4.8; http://mj12bot.com/)"
157.173.118.203 - - [27/Apr/2025:09:29:31 -0400] "GET /about.php?action=edit&file=b50f5ff8edfc5cbbcdf74bebf2942405200930&path=//lib/.build-id/fa HTTP/1.1" 200 4031 "-" "Mozilla/5.0 (compatible; MJ12bot/v1.4.8; http://mj12bot.com/)"
62.171.150.240 - - [27/Apr/2025:09:29:32 -0400] "GET /about.php?action=edit&file=cb467490e5e26ccea90476eaa983f6888e5cef&path=//lib/.build-id/01 HTTP/1.1" 200 34318 "-" "Mozilla/5.0 (compatible; MJ12bot/v1.4.8; http://mj12bot.com/)"
157.173.118.203 - - [27/Apr/2025:09:29:33 -0400] "GET /about.php?action=edit&file=b5332dc55ea5a09d686f0b6320b24051b99613&path=//lib/.build-id/7e HTTP/1.1" 200 479 "-" "Mozilla/5.0 (compatible; MJ12bot/v1.4.8; http://mj12bot.com/)"
62.171.150.240 - - [27/Apr/2025:09:29:34 -0400] "GET /about.php?action=edit&file=cb4d122e867c2a95e4769d5df6f5699958ade5&path=//lib/.build-id/b1 HTTP/1.1" 200 4578 "-" "Mozilla/5.0 (compatible; MJ12bot/v1.4.8; http://mj12bot.com/)"
157.173.118.203 - - [27/Apr/2025:09:29:35 -0400] "GET /about.php?action=edit&file=b53cba3b9b8b03c86732991d8da85ad32a6f30&path=//lib/.build-id/1a HTTP/1.1" 200 479 "-" "Mozilla/5.0 (compatible; MJ12bot/v1.4.8; http://mj12bot.com/)"
95.128.114.70 - - [27/Apr/2025:09:29:35 -0400] "GET /wp-login.php HTTP/1.1" 200 1882 "-" "Mozilla/5.0 (Windows NT 10.0; Win64; x64) AppleWebKit/537.36 (KHTML, like Gecko) Chrome/130.0.0.0 Safari/537.36"
62.171.150.240 - - [27/Apr/2025:09:29:36 -0400] "GET /about.php?action=edit&file=cb514a2777ca9db96ebcc3e00d8667215d8e5a&path=//lib/.build-id/4f HTTP/1.1" 200 52497 "-" "Mozilla/5.0 (compatible; MJ12bot/v1.4.8; http://mj12bot.com/)"
66.29.132.124 - - [27/Apr/2025:09:29:36 -0400] "POST /wp-cron.php?doing_wp_cron=1745760576.8499519824981689453125 HTTP/1.1" 403 1242 "-" "WordPress/6.8; https://drshahidchudhary.com"
95.128.114.70 - - [27/Apr/2025:09:29:36 -0400] "POST /wp-login.php HTTP/1.1" 200 1967 "https://drshahidchudhary.com/wp-login.php" "Mozilla/5.0 (Windows NT 10.0; Win64; x64) AppleWebKit/537.36 (KHTML, like Gecko) Chrome/130.0.0.0 Safari/537.36"
157.173.118.203 - - [27/Apr/2025:09:29:37 -0400] "GET /about.php?action=edit&file=b541c5b895ed8471ced14a4fe373fcb5c079f6&path=//lib/.build-id/17 HTTP/1.1" 200 3217 "-" "Mozilla/5.0 (compatible; MJ12bot/v1.4.8; http://mj12bot.com/)"
62.171.150.240 - - [27/Apr/2025:09:29:38 -0400] "GET /about.php?action=edit&file=cb6154db43d8767dfa239c350c2120d02d4652&path=//lib/.build-id/2c HTTP/1.1" 200 479 "-" "Mozilla/5.0 (compatible; MJ12bot/v1.4.8; http://mj12bot.com/)"
157.173.118.203 - - [27/Apr/2025:09:29:39 -0400] "GET /about.php?action=edit&file=b547ca36bb2f794d5c9d3fb74c124bbd646058&path=//lib/.build-id/a7 HTTP/1.1" 200 7141 "-" "Mozilla/5.0 (compatible; MJ12bot/v1.4.8; http://mj12bot.com/)"
62.171.150.240 - - [27/Apr/2025:09:29:39 -0400] "GET /about.php?action=edit&file=cb6f61e9fc0374328ec2612080c3abfc2a74aa&path=//lib/.build-id/96 HTTP/1.1" 200 4455 "-" "Mozilla/5.0 (compatible; MJ12bot/v1.4.8; http://mj12bot.com/)"
80.69.66.55 - - [27/Apr/2025:09:29:40 -0400] "GET /wp-login.php HTTP/1.1" 200 1882 "-" "Mozilla/5.0 (Windows NT 10.0; Win64; x64) AppleWebKit/537.36 (KHTML, like Gecko) Chrome/130.0.0.0 Safari/537.36"
80.69.66.55 - - [27/Apr/2025:09:29:40 -0400] "POST /wp-login.php HTTP/1.1" 200 1958 "https://drshahidchudhary.com/wp-login.php" "Mozilla/5.0 (Windows NT 10.0; Win64; x64) AppleWebKit/537.36 (KHTML, like Gecko) Chrome/130.0.0.0 Safari/537.36"
157.173.118.203 - - [27/Apr/2025:09:29:40 -0400] "GET /about.php?action=edit&file=b564ef149cce00e018a3b5c3a862bb9c8d7d01&path=//lib/.build-id/9a HTTP/1.1" 200 38148 "-" "Mozilla/5.0 (compatible; MJ12bot/v1.4.8; http://mj12bot.com/)"
62.171.150.240 - - [27/Apr/2025:09:29:41 -0400] "GET /about.php?action=edit&file=cb70659968830d7deebd6ccffe786e3996e58b&path=//lib/.build-id/76 HTTP/1.1" 200 3504 "-" "Mozilla/5.0 (compatible; MJ12bot/v1.4.8; http://mj12bot.com/)"
157.173.118.203 - - [27/Apr/2025:09:29:42 -0400] "GET /about.php?action=edit&file=b56cc1f9a6b991c5b0305dbf13123220a8294c&path=//lib/.build-id/07 HTTP/1.1" 200 479 "-" "Mozilla/5.0 (compatible; MJ12bot/v1.4.8; http://mj12bot.com/)"
62.171.150.240 - - [27/Apr/2025:09:29:43 -0400] "GET /about.php?action=edit&file=cb745ed5707c864fec8448d404e678f27b85e3&path=//lib/.build-id/60 HTTP/1.1" 200 182189 "-" "Mozilla/5.0 (compatible; MJ12bot/v1.4.8; http://mj12bot.com/)"
62.171.150.240 - - [27/Apr/2025:09:29:45 -0400] "GET /about.php?action=edit&file=cb7e7d19bec2f254f427c400cb033dccf61425&path=//lib/.build-id/a7 HTTP/1.1" 200 94133 "-" "Mozilla/5.0 (compatible; MJ12bot/v1.4.8; http://mj12bot.com/)"
157.173.118.203 - - [27/Apr/2025:09:29:44 -0400] "GET /about.php?action=edit&file=b57de390f13b744d944c536e5fdef2318e3254&path=//lib/.build-id/ac HTTP/1.1" 200 1634321 "-" "Mozilla/5.0 (compatible; MJ12bot/v1.4.8; http://mj12bot.com/)"
62.171.150.240 - - [27/Apr/2025:09:29:47 -0400] "GET /about.php?action=edit&file=cb817d94efdc45a4ce57ee07b7556248356328&path=//lib/.build-id/50 HTTP/1.1" 200 479 "-" "Mozilla/5.0 (compatible; MJ12bot/v1.4.8; http://mj12bot.com/)"
149.50.131.182 - - [27/Apr/2025:09:29:48 -0400] "GET /wp-login.php HTTP/1.1" 200 1882 "-" "Mozilla/5.0 (Windows NT 10.0; Win64; x64) AppleWebKit/537.36 (KHTML, like Gecko) Chrome/130.0.0.0 Safari/537.36"
157.173.118.203 - - [27/Apr/2025:09:29:48 -0400] "GET /about.php?action=edit&file=b57ecc1c3467c53039ca484dc37d6761a4e043&path=//lib/.build-id/09 HTTP/1.1" 200 3263 "-" "Mozilla/5.0 (compatible; MJ12bot/v1.4.8; http://mj12bot.com/)"
62.171.150.240 - - [27/Apr/2025:09:29:49 -0400] "GET /about.php?action=edit&file=cb81969771e5abf80b16fb955fd82bf849de5a&path=//lib/.build-id/53 HTTP/1.1" 200 4414 "-" "Mozilla/5.0 (compatible; MJ12bot/v1.4.8; http://mj12bot.com/)"
157.173.118.203 - - [27/Apr/2025:09:29:50 -0400] "GET /about.php?action=edit&file=b58c473d7139e785790ba04ff391537f6dd1f9&path=//lib/.build-id/7b HTTP/1.1" 200 992396 "-" "Mozilla/5.0 (compatible; MJ12bot/v1.4.8; http://mj12bot.com/)"
62.171.150.240 - - [27/Apr/2025:09:29:50 -0400] "GET /about.php?action=edit&file=cb8250e3a5f47464d5ad373d1389837d0f6669&path=//lib/.build-id/24 HTTP/1.1" 200 479 "-" "Mozilla/5.0 (compatible; MJ12bot/v1.4.8; http://mj12bot.com/)"
62.171.150.240 - - [27/Apr/2025:09:29:52 -0400] "GET /about.php?action=edit&file=cb83ca6ccca7c9d0e4f8a02ff31fe6c87f6ab7&path=//lib/.build-id/b1 HTTP/1.1" 200 18061 "-" "Mozilla/5.0 (compatible; MJ12bot/v1.4.8; http://mj12bot.com/)"
62.171.150.240 - - [27/Apr/2025:09:29:54 -0400] "GET /about.php?action=edit&file=cb902248877b91deca23e5fc74e9ebae57e43a&path=//lib/.build-id/df HTTP/1.1" 200 479 "-" "Mozilla/5.0 (compatible; MJ12bot/v1.4.8; http://mj12bot.com/)"
157.173.118.203 - - [27/Apr/2025:09:29:54 -0400] "GET /about.php?action=edit&file=b58f1689d73c271f07bbff7b95181958904ec1&path=//lib/.build-id/e2 HTTP/1.1" 200 5169 "-" "Mozilla/5.0 (compatible; MJ12bot/v1.4.8; http://mj12bot.com/)"
62.171.150.240 - - [27/Apr/2025:09:29:56 -0400] "GET /about.php?action=edit&file=cb912d1e268b4b7a330936d83ed3ab319aa614&path=//lib/.build-id/93 HTTP/1.1" 200 6431 "-" "Mozilla/5.0 (compatible; MJ12bot/v1.4.8; http://mj12bot.com/)"
157.173.118.203 - - [27/Apr/2025:09:29:56 -0400] "GET /about.php?action=edit&file=b59915585aa170c541c941d96a435748e1d3e7&path=//lib/.build-id/b5 HTTP/1.1" 200 45478 "-" "Mozilla/5.0 (compatible; MJ12bot/v1.4.8; http://mj12bot.com/)"
149.50.131.182 - - [27/Apr/2025:09:29:56 -0400] "POST /wp-login.php HTTP/1.1" 200 1967 "https://drshahidchudhary.com/wp-login.php" "Mozilla/5.0 (Windows NT 10.0; Win64; x64) AppleWebKit/537.36 (KHTML, like Gecko) Chrome/130.0.0.0 Safari/537.36"
62.171.150.240 - - [27/Apr/2025:09:29:57 -0400] "GET /about.php?action=edit&file=cb9526bb1a5401addd6a818af3a151860375e1&path=//lib/.build-id/d0 HTTP/1.1" 200 75847 "-" "Mozilla/5.0 (compatible; MJ12bot/v1.4.8; http://mj12bot.com/)"
157.173.118.203 - - [27/Apr/2025:09:29:58 -0400] "GET /about.php?action=edit&file=b59d1f3f59ea42e3aef41e9788f9d4bc8f4202&path=//lib/.build-id/d3 HTTP/1.1" 200 6594 "-" "Mozilla/5.0 (compatible; MJ12bot/v1.4.8; http://mj12bot.com/)"
62.171.150.240 - - [27/Apr/2025:09:29:59 -0400] "GET /about.php?action=edit&file=cba41f9124790751e1e5db6cd64c10b3f357c3&path=//lib/.build-id/b2 HTTP/1.1" 200 6352 "-" "Mozilla/5.0 (compatible; MJ12bot/v1.4.8; http://mj12bot.com/)"
157.173.118.203 - - [27/Apr/2025:09:30:00 -0400] "GET /about.php?action=edit&file=b5a6ecff861d07b89c9efa0ec444373fb8f0cb&path=//lib/.build-id/07 HTTP/1.1" 200 6193 "-" "Mozilla/5.0 (compatible; MJ12bot/v1.4.8; http://mj12bot.com/)"
62.171.150.240 - - [27/Apr/2025:09:30:01 -0400] "GET /about.php?action=edit&file=cbb247772b1034a94e118b35c1996f9983ea07&path=//lib/.build-id/c5 HTTP/1.1" 200 58806 "-" "Mozilla/5.0 (compatible; MJ12bot/v1.4.8; http://mj12bot.com/)"
213.158.93.110 - - [27/Apr/2025:09:30:02 -0400] "GET /wp-login.php HTTP/1.1" 200 1882 "-" "Mozilla/5.0 (Windows NT 10.0; Win64; x64) AppleWebKit/537.36 (KHTML, like Gecko) Chrome/130.0.0.0 Safari/537.36"
157.173.118.203 - - [27/Apr/2025:09:30:02 -0400] "GET /about.php?action=edit&file=b5b1f9a01f2f83f5b8cf000721078c17bf7cd8&path=//lib/.build-id/17 HTTP/1.1" 200 73727 "-" "Mozilla/5.0 (compatible; MJ12bot/v1.4.8; http://mj12bot.com/)"
213.158.93.110 - - [27/Apr/2025:09:30:02 -0400] "POST /wp-login.php HTTP/1.1" 200 1967 "https://drshahidchudhary.com/wp-login.php" "Mozilla/5.0 (Windows NT 10.0; Win64; x64) AppleWebKit/537.36 (KHTML, like Gecko) Chrome/130.0.0.0 Safari/537.36"
62.171.150.240 - - [27/Apr/2025:09:30:04 -0400] "GET /about.php?action=edit&file=cbb5e1814c86766a8390cfd8f71af7435aea71&path=//lib/.build-id/64 HTTP/1.1" 200 20539 "-" "Mozilla/5.0 (compatible; MJ12bot/v1.4.8; http://mj12bot.com/)"
157.173.118.203 - - [27/Apr/2025:09:30:04 -0400] "GET /about.php?action=edit&file=b5b680324007e7dff65af3f640d11c21ef45ae&path=//lib/.build-id/58 HTTP/1.1" 200 9481 "-" "Mozilla/5.0 (compatible; MJ12bot/v1.4.8; http://mj12bot.com/)"
139.59.68.90 - - [27/Apr/2025:09:30:05 -0400] "GET /wp-login.php HTTP/1.1" 200 1882 "-" "Mozilla/5.0 (Windows NT 10.0; Win64; x64) AppleWebKit/537.36 (KHTML, like Gecko) Chrome/130.0.0.0 Safari/537.36"
62.171.150.240 - - [27/Apr/2025:09:30:06 -0400] "GET /about.php?action=edit&file=cbc3ab43ee52195d5090aa56230c8b25c9aafe&path=//lib/.build-id/03 HTTP/1.1" 200 39977 "-" "Mozilla/5.0 (compatible; MJ12bot/v1.4.8; http://mj12bot.com/)"
139.59.68.90 - - [27/Apr/2025:09:30:06 -0400] "POST /wp-login.php HTTP/1.1" 200 1957 "https://drshahidchudhary.com/wp-login.php" "Mozilla/5.0 (Windows NT 10.0; Win64; x64) AppleWebKit/537.36 (KHTML, like Gecko) Chrome/130.0.0.0 Safari/537.36"
157.173.118.203 - - [27/Apr/2025:09:30:08 -0400] "GET /about.php?action=edit&file=b5c71c7f3d6b1628f8e01b7fba65cd2c927352&path=//lib/.build-id/5f HTTP/1.1" 200 176513 "-" "Mozilla/5.0 (compatible; MJ12bot/v1.4.8; http://mj12bot.com/)"
62.171.150.240 - - [27/Apr/2025:09:30:09 -0400] "GET /about.php?action=edit&file=cbefade299f43c95c8093f035691ca1280df24&path=//lib/.build-id/47 HTTP/1.1" 200 128686 "-" "Mozilla/5.0 (compatible; MJ12bot/v1.4.8; http://mj12bot.com/)"
209.74.80.244 - - [27/Apr/2025:09:30:10 -0400] "GET /wp-login.php HTTP/1.1" 200 1882 "-" "Mozilla/5.0 (Windows NT 10.0; Win64; x64) AppleWebKit/537.36 (KHTML, like Gecko) Chrome/130.0.0.0 Safari/537.36"
157.173.118.203 - - [27/Apr/2025:09:30:10 -0400] "GET /about.php?action=edit&file=b5f2fdbfddfa0468b82d5bc85bec22666d52be&path=//lib/.build-id/e1 HTTP/1.1" 200 548999 "-" "Mozilla/5.0 (compatible; MJ12bot/v1.4.8; http://mj12bot.com/)"
209.74.80.244 - - [27/Apr/2025:09:30:10 -0400] "POST /wp-login.php HTTP/1.1" 200 1967 "https://drshahidchudhary.com/wp-login.php" "Mozilla/5.0 (Windows NT 10.0; Win64; x64) AppleWebKit/537.36 (KHTML, like Gecko) Chrome/130.0.0.0 Safari/537.36"
62.171.150.240 - - [27/Apr/2025:09:30:11 -0400] "GET /about.php?action=edit&file=cbfs.mod&path=//lib/grub/i386-pc HTTP/1.1" 200 2741 "-" "Mozilla/5.0 (compatible; MJ12bot/v1.4.8; http://mj12bot.com/)"
62.171.150.240 - - [27/Apr/2025:09:30:13 -0400] "GET /about.php?action=edit&file=cbls.mod&path=//lib/grub/i386-pc HTTP/1.1" 200 1958 "-" "Mozilla/5.0 (compatible; MJ12bot/v1.4.8; http://mj12bot.com/)"
157.173.118.203 - - [27/Apr/2025:09:30:14 -0400] "GET /about.php?action=edit&file=b5f5e1e3b1a6c6ccf94d0e9a1d33ac6ba56ea7&path=//lib/.build-id/e9 HTTP/1.1" 200 24629 "-" "Mozilla/5.0 (compatible; MJ12bot/v1.4.8; http://mj12bot.com/)"
62.171.150.240 - - [27/Apr/2025:09:30:14 -0400] "GET /about.php?action=edit&file=cbmemc.mod&path=//lib/grub/i386-pc HTTP/1.1" 200 1691 "-" "Mozilla/5.0 (compatible; MJ12bot/v1.4.8; http://mj12bot.com/)"
62.171.150.240 - - [27/Apr/2025:09:30:16 -0400] "GET /about.php?action=edit&file=cbtable.mod&path=//lib/grub/i386-pc HTTP/1.1" 200 1101 "-" "Mozilla/5.0 (compatible; MJ12bot/v1.4.8; http://mj12bot.com/)"
190.2.244.122 - - [27/Apr/2025:09:30:17 -0400] "GET /wp-login.php HTTP/1.1" 200 1882 "-" "Mozilla/5.0 (Windows NT 10.0; Win64; x64) AppleWebKit/537.36 (KHTML, like Gecko) Chrome/130.0.0.0 Safari/537.36"
157.173.118.203 - - [27/Apr/2025:09:30:17 -0400] "GET /about.php?action=edit&file=b6034f63f66af2e0cfca0ebb36fe7d8beabe64&path=//lib/.build-id/e7 HTTP/1.1" 200 479 "-" "Mozilla/5.0 (compatible; MJ12bot/v1.4.8; http://mj12bot.com/)"
62.171.150.240 - - [27/Apr/2025:09:30:18 -0400] "GET /about.php?action=edit&file=cbtime.mod&path=//lib/grub/i386-pc HTTP/1.1" 200 1864 "-" "Mozilla/5.0 (compatible; MJ12bot/v1.4.8; http://mj12bot.com/)"
190.2.244.122 - - [27/Apr/2025:09:30:18 -0400] "POST /wp-login.php HTTP/1.1" 200 1967 "https://drshahidchudhary.com/wp-login.php" "Mozilla/5.0 (Windows NT 10.0; Win64; x64) AppleWebKit/537.36 (KHTML, like Gecko) Chrome/130.0.0.0 Safari/537.36"
157.173.118.203 - - [27/Apr/2025:09:30:20 -0400] "GET /about.php?action=edit&file=b6069c5f0033645ac8524821abf7c3f02395c7&path=//lib/.build-id/14 HTTP/1.1" 200 17769 "-" "Mozilla/5.0 (compatible; MJ12bot/v1.4.8; http://mj12bot.com/)"
62.171.150.240 - - [27/Apr/2025:09:30:20 -0400] "GET /about.php?action=edit&file=cc01d2e00669376bcab49616be68cec6ce0759&path=//lib/.build-id/e9 HTTP/1.1" 200 3636 "-" "Mozilla/5.0 (compatible; MJ12bot/v1.4.8; http://mj12bot.com/)"
62.171.150.240 - - [27/Apr/2025:09:30:21 -0400] "GET /about.php?action=edit&file=cc249c7f533315ed991f5e9e297d8796f7dd28&path=//lib/.build-id/6c HTTP/1.1" 200 197984 "-" "Mozilla/5.0 (compatible; MJ12bot/v1.4.8; http://mj12bot.com/)"
157.173.118.203 - - [27/Apr/2025:09:30:22 -0400] "GET /about.php?action=edit&file=b60b1918c1ff42139ca624ca303b53a6b96f5c&path=//lib/.build-id/de HTTP/1.1" 200 7855 "-" "Mozilla/5.0 (compatible; MJ12bot/v1.4.8; http://mj12bot.com/)"
13.126.139.147 - - [27/Apr/2025:09:30:23 -0400] "GET /wp-login.php HTTP/1.1" 200 1882 "-" "Mozilla/5.0 (Windows NT 10.0; Win64; x64) AppleWebKit/537.36 (KHTML, like Gecko) Chrome/130.0.0.0 Safari/537.36"
62.171.150.240 - - [27/Apr/2025:09:30:23 -0400] "GET /about.php?action=edit&file=cc27f9b7cbf652ae32b19617327e58caa3a8ff&path=//lib/.build-id/e8 HTTP/1.1" 200 4218 "-" "Mozilla/5.0 (compatible; MJ12bot/v1.4.8; http://mj12bot.com/)"
157.173.118.203 - - [27/Apr/2025:09:30:24 -0400] "GET /about.php?action=edit&file=b60b27acaa64cc8072d306b75ee4d15795dc44&path=//lib/.build-id/23 HTTP/1.1" 200 12935 "-" "Mozilla/5.0 (compatible; MJ12bot/v1.4.8; http://mj12bot.com/)"
13.126.139.147 - - [27/Apr/2025:09:30:25 -0400] "POST /wp-login.php HTTP/1.1" 200 1967 "https://drshahidchudhary.com/wp-login.php" "Mozilla/5.0 (Windows NT 10.0; Win64; x64) AppleWebKit/537.36 (KHTML, like Gecko) Chrome/130.0.0.0 Safari/537.36"
62.171.150.240 - - [27/Apr/2025:09:30:25 -0400] "GET /about.php?action=edit&file=cc3348b8df4ec41e2932b42c226f1b31c4e02c&path=//lib/.build-id/05 HTTP/1.1" 200 29023 "-" "Mozilla/5.0 (compatible; MJ12bot/v1.4.8; http://mj12bot.com/)"
157.173.118.203 - - [27/Apr/2025:09:30:25 -0400] "GET /about.php?action=edit&file=b62f3103e1d236574ac7cce1b8a1ceb2c3295d&path=//lib/.build-id/29 HTTP/1.1" 200 4476 "-" "Mozilla/5.0 (compatible; MJ12bot/v1.4.8; http://mj12bot.com/)"
62.171.150.240 - - [27/Apr/2025:09:30:27 -0400] "GET /about.php?action=edit&file=cc33xx-conf.bin&path=//lib/firmware/ti-connectivity HTTP/1.1" 200 898 "-" "Mozilla/5.0 (compatible; MJ12bot/v1.4.8; http://mj12bot.com/)"
157.173.118.203 - - [27/Apr/2025:09:30:27 -0400] "GET /about.php?action=edit&file=b62f5d240920da6fef1817028cb04d2d420e71&path=//lib/.build-id/81 HTTP/1.1" 200 11065 "-" "Mozilla/5.0 (compatible; MJ12bot/v1.4.8; http://mj12bot.com/)"
62.171.150.240 - - [27/Apr/2025:09:30:29 -0400] "GET /about.php?action=edit&file=cc33xx_2nd_loader.bin&path=//lib/firmware/ti-connectivity HTTP/1.1" 200 62116 "-" "Mozilla/5.0 (compatible; MJ12bot/v1.4.8; http://mj12bot.com/)"
157.173.118.203 - - [27/Apr/2025:09:30:29 -0400] "GET /about.php?action=edit&file=b63585bd331a2baab66b349e36d081fa46668a&path=//lib/.build-id/64 HTTP/1.1" 200 479 "-" "Mozilla/5.0 (compatible; MJ12bot/v1.4.8; http://mj12bot.com/)"
157.173.118.203 - - [27/Apr/2025:09:30:31 -0400] "GET /about.php?action=edit&file=b635d09e5647161d5ed67f08b0546f274d6f8b&path=//lib/.build-id/06 HTTP/1.1" 200 30509 "-" "Mozilla/5.0 (compatible; MJ12bot/v1.4.8; http://mj12bot.com/)"
62.171.150.240 - - [27/Apr/2025:09:30:31 -0400] "GET /about.php?action=edit&file=cc33xx_fw.bin&path=//lib/firmware/ti-connectivity HTTP/1.1" 200 321171 "-" "Mozilla/5.0 (compatible; MJ12bot/v1.4.8; http://mj12bot.com/)"
116.118.50.235 - - [27/Apr/2025:09:30:32 -0400] "GET /wp-login.php HTTP/1.1" 200 1882 "-" "Mozilla/5.0 (Windows NT 10.0; Win64; x64) AppleWebKit/537.36 (KHTML, like Gecko) Chrome/130.0.0.0 Safari/537.36"
157.173.118.203 - - [27/Apr/2025:09:30:33 -0400] "GET /about.php?action=edit&file=b64bd0c91f4566b955410f469742f562f61f56&path=//lib/.build-id/b3 HTTP/1.1" 200 84253 "-" "Mozilla/5.0 (compatible; MJ12bot/v1.4.8; http://mj12bot.com/)"
62.171.150.240 - - [27/Apr/2025:09:30:34 -0400] "GET /about.php?action=edit&file=cc40cf0de4c9ac7043479114dcd2f60451098c&path=//lib/.build-id/1f HTTP/1.1" 200 29461 "-" "Mozilla/5.0 (compatible; MJ12bot/v1.4.8; http://mj12bot.com/)"
116.118.50.235 - - [27/Apr/2025:09:30:33 -0400] "POST /wp-login.php HTTP/1.1" 200 1967 "https://drshahidchudhary.com/wp-login.php" "Mozilla/5.0 (Windows NT 10.0; Win64; x64) AppleWebKit/537.36 (KHTML, like Gecko) Chrome/130.0.0.0 Safari/537.36"
157.173.118.203 - - [27/Apr/2025:09:30:35 -0400] "GET /about.php?action=edit&file=b64d5e3640bd3da6d356f94e66b54d036f8fc6&path=//lib/.build-id/48 HTTP/1.1" 200 479 "-" "Mozilla/5.0 (compatible; MJ12bot/v1.4.8; http://mj12bot.com/)"
62.171.150.240 - - [27/Apr/2025:09:30:35 -0400] "GET /about.php?action=edit&file=cc4880ea243a509eebc8912807015d04baefba&path=//lib/.build-id/7b HTTP/1.1" 200 6612 "-" "Mozilla/5.0 (compatible; MJ12bot/v1.4.8; http://mj12bot.com/)"
157.173.118.203 - - [27/Apr/2025:09:30:37 -0400] "GET /about.php?action=edit&file=b64d5e3640bd3da6d356f94e66b54d036f8fc6.1&path=//lib/.build-id/48 HTTP/1.1" 200 479 "-" "Mozilla/5.0 (compatible; MJ12bot/v1.4.8; http://mj12bot.com/)"
62.171.150.240 - - [27/Apr/2025:09:30:37 -0400] "GET /about.php?action=edit&file=cc4aab73b4f7d6fb011d723ce9a2e738096688&path=//lib/.build-id/5b HTTP/1.1" 200 479 "-" "Mozilla/5.0 (compatible; MJ12bot/v1.4.8; http://mj12bot.com/)"
157.173.118.203 - - [27/Apr/2025:09:30:39 -0400] "GET /about.php?action=edit&file=b64d5e3640bd3da6d356f94e66b54d036f8fc6.2&path=//lib/.build-id/48 HTTP/1.1" 200 479 "-" "Mozilla/5.0 (compatible; MJ12bot/v1.4.8; http://mj12bot.com/)"
62.171.150.240 - - [27/Apr/2025:09:30:39 -0400] "GET /about.php?action=edit&file=cc522634a0585e3a3d2b328e7b66a21f0bb4e3&path=//lib/.build-id/f5 HTTP/1.1" 200 479 "-" "Mozilla/5.0 (compatible; MJ12bot/v1.4.8; http://mj12bot.com/)"
45.134.225.34 - - [27/Apr/2025:09:30:40 -0400] "GET /wp-login.php HTTP/1.1" 200 1882 "-" "Mozilla/5.0 (Windows NT 10.0; Win64; x64) AppleWebKit/537.36 (KHTML, like Gecko) Chrome/130.0.0.0 Safari/537.36"
157.173.118.203 - - [27/Apr/2025:09:30:40 -0400] "GET /about.php?action=edit&file=b64d5e3640bd3da6d356f94e66b54d036f8fc6.3&path=//lib/.build-id/48 HTTP/1.1" 200 479 "-" "Mozilla/5.0 (compatible; MJ12bot/v1.4.8; http://mj12bot.com/)"
66.29.132.124 - - [27/Apr/2025:09:30:41 -0400] "POST /wp-cron.php?doing_wp_cron=1745760641.1463990211486816406250 HTTP/1.1" 403 1242 "-" "WordPress/6.8; https://drshahidchudhary.com"
45.134.225.34 - - [27/Apr/2025:09:30:40 -0400] "POST /wp-login.php HTTP/1.1" 200 1967 "https://drshahidchudhary.com/wp-login.php" "Mozilla/5.0 (Windows NT 10.0; Win64; x64) AppleWebKit/537.36 (KHTML, like Gecko) Chrome/130.0.0.0 Safari/537.36"
62.171.150.240 - - [27/Apr/2025:09:30:40 -0400] "GET /about.php?action=edit&file=cc5529f297e02f1d13eb7348f50af333510952&path=//lib/.build-id/bc HTTP/1.1" 200 2304870 "-" "Mozilla/5.0 (compatible; MJ12bot/v1.4.8; http://mj12bot.com/)"
116.203.186.216 - - [27/Apr/2025:09:30:42 -0400] "GET /wp-login.php HTTP/1.1" 200 1882 "-" "Mozilla/5.0 (Windows NT 10.0; Win64; x64) AppleWebKit/537.36 (KHTML, like Gecko) Chrome/130.0.0.0 Safari/537.36"
157.173.118.203 - - [27/Apr/2025:09:30:42 -0400] "GET /about.php?action=edit&file=b64eb2d8dbd0922042512cd04756eef58a07dd&path=//lib/.build-id/b2 HTTP/1.1" 200 28433 "-" "Mozilla/5.0 (compatible; MJ12bot/v1.4.8; http://mj12bot.com/)"
116.203.186.216 - - [27/Apr/2025:09:30:42 -0400] "POST /wp-login.php HTTP/1.1" 200 1967 "https://drshahidchudhary.com/wp-login.php" "Mozilla/5.0 (Windows NT 10.0; Win64; x64) AppleWebKit/537.36 (KHTML, like Gecko) Chrome/130.0.0.0 Safari/537.36"
62.171.150.240 - - [27/Apr/2025:09:30:44 -0400] "GET /about.php?action=edit&file=cc5bc7d1e669c51d49a86748ade7911cf39341&path=//lib/.build-id/3a HTTP/1.1" 200 6859 "-" "Mozilla/5.0 (compatible; MJ12bot/v1.4.8; http://mj12bot.com/)"
157.173.118.203 - - [27/Apr/2025:09:30:45 -0400] "GET /about.php?action=edit&file=b658be30963d40b6d8ae14f53972c75163080e&path=//lib/.build-id/35 HTTP/1.1" 200 479 "-" "Mozilla/5.0 (compatible; MJ12bot/v1.4.8; http://mj12bot.com/)"
62.171.150.240 - - [27/Apr/2025:09:30:46 -0400] "GET /about.php?action=edit&file=cc5bc7d1e669c51d49a86748ade7911cf39341.1&path=//lib/.build-id/3a HTTP/1.1" 200 6896 "-" "Mozilla/5.0 (compatible; MJ12bot/v1.4.8; http://mj12bot.com/)"
157.173.118.203 - - [27/Apr/2025:09:30:47 -0400] "GET /about.php?action=edit&file=b6673a5200a70a52c3c70d5e8cf3019c651905&path=//lib/.build-id/92 HTTP/1.1" 200 3613 "-" "Mozilla/5.0 (compatible; MJ12bot/v1.4.8; http://mj12bot.com/)"
62.171.150.240 - - [27/Apr/2025:09:30:48 -0400] "GET /about.php?action=edit&file=cc630a89ebb355a244e9006e9a78eb8d44df33&path=//lib/.build-id/1a HTTP/1.1" 200 4444 "-" "Mozilla/5.0 (compatible; MJ12bot/v1.4.8; http://mj12bot.com/)"
212.227.50.191 - - [27/Apr/2025:09:30:48 -0400] "GET /wp-login.php HTTP/1.1" 200 1882 "-" "Mozilla/5.0 (Windows NT 10.0; Win64; x64) AppleWebKit/537.36 (KHTML, like Gecko) Chrome/130.0.0.0 Safari/537.36"
157.173.118.203 - - [27/Apr/2025:09:30:49 -0400] "GET /about.php?action=edit&file=b67cdda83191fa928a941205ca305a1fe2f86f&path=//lib/.build-id/7c HTTP/1.1" 200 170343 "-" "Mozilla/5.0 (compatible; MJ12bot/v1.4.8; http://mj12bot.com/)"
62.171.150.240 - - [27/Apr/2025:09:30:49 -0400] "GET /about.php?action=edit&file=cc6b4f61c31f72c4f085364c18e57e56177363&path=//lib/.build-id/e0 HTTP/1.1" 200 11440 "-" "Mozilla/5.0 (compatible; MJ12bot/v1.4.8; http://mj12bot.com/)"
212.227.50.191 - - [27/Apr/2025:09:30:49 -0400] "POST /wp-login.php HTTP/1.1" 200 1967 "https://drshahidchudhary.com/wp-login.php" "Mozilla/5.0 (Windows NT 10.0; Win64; x64) AppleWebKit/537.36 (KHTML, like Gecko) Chrome/130.0.0.0 Safari/537.36"
62.171.150.240 - - [27/Apr/2025:09:30:51 -0400] "GET /about.php?action=edit&file=cc6ccc9629ef01753fb176625610cb33d0682a&path=//lib/.build-id/a3 HTTP/1.1" 200 20776 "-" "Mozilla/5.0 (compatible; MJ12bot/v1.4.8; http://mj12bot.com/)"
66.175.44.55 - - [27/Apr/2025:09:30:52 -0400] "GET /wp-login.php HTTP/1.1" 200 1882 "-" "Mozilla/5.0 (Windows NT 10.0; Win64; x64) AppleWebKit/537.36 (KHTML, like Gecko) Chrome/130.0.0.0 Safari/537.36"
157.173.118.203 - - [27/Apr/2025:09:30:52 -0400] "GET /about.php?action=edit&file=b6864ef6339949dbcfd032761e87bc&path=//lib/.build-id/0e HTTP/1.1" 200 463272 "-" "Mozilla/5.0 (compatible; MJ12bot/v1.4.8; http://mj12bot.com/)"
66.175.44.55 - - [27/Apr/2025:09:30:52 -0400] "POST /wp-login.php HTTP/1.1" 200 1967 "https://drshahidchudhary.com/wp-login.php" "Mozilla/5.0 (Windows NT 10.0; Win64; x64) AppleWebKit/537.36 (KHTML, like Gecko) Chrome/130.0.0.0 Safari/537.36"
62.171.150.240 - - [27/Apr/2025:09:30:53 -0400] "GET /about.php?action=edit&file=cc80323b4d1afb58a5deba417188bf9c141a38&path=//lib/.build-id/3a HTTP/1.1" 200 73363 "-" "Mozilla/5.0 (compatible; MJ12bot/v1.4.8; http://mj12bot.com/)"
62.171.150.240 - - [27/Apr/2025:09:30:55 -0400] "GET /about.php?action=edit&file=cc97e730426c2a20299345d7d3538877407286&path=//lib/.build-id/fb HTTP/1.1" 200 19780 "-" "Mozilla/5.0 (compatible; MJ12bot/v1.4.8; http://mj12bot.com/)"
157.173.118.203 - - [27/Apr/2025:09:30:56 -0400] "GET /about.php?action=edit&file=b6b0b9f696b8d5bfe0d8a20837dda8a97d8322&path=//lib/.build-id/da HTTP/1.1" 200 5312 "-" "Mozilla/5.0 (compatible; MJ12bot/v1.4.8; http://mj12bot.com/)"
109.105.0.130 - - [27/Apr/2025:09:30:56 -0400] "GET /wp-login.php HTTP/1.1" 200 1882 "-" "Mozilla/5.0 (Windows NT 10.0; Win64; x64) AppleWebKit/537.36 (KHTML, like Gecko) Chrome/130.0.0.0 Safari/537.36"
62.171.150.240 - - [27/Apr/2025:09:30:57 -0400] "GET /about.php?action=edit&file=cc9ac375fa0db52c3439aa7efd6e25029c0143&path=//lib/.build-id/07 HTTP/1.1" 200 10031 "-" "Mozilla/5.0 (compatible; MJ12bot/v1.4.8; http://mj12bot.com/)"
157.173.118.203 - - [27/Apr/2025:09:30:58 -0400] "GET /about.php?action=edit&file=b6c74d6d11f29ee0231a7e6bcadb31d026aa2f&path=//lib/.build-id/fd HTTP/1.1" 200 479 "-" "Mozilla/5.0 (compatible; MJ12bot/v1.4.8; http://mj12bot.com/)"
109.105.0.130 - - [27/Apr/2025:09:30:58 -0400] "POST /wp-login.php HTTP/1.1" 200 1967 "https://drshahidchudhary.com/wp-login.php" "Mozilla/5.0 (Windows NT 10.0; Win64; x64) AppleWebKit/537.36 (KHTML, like Gecko) Chrome/130.0.0.0 Safari/537.36"
157.173.118.203 - - [27/Apr/2025:09:31:00 -0400] "GET /about.php?action=edit&file=b6ca831795c6f4e06416ed32daa301d549ad69&path=//lib/.build-id/ee HTTP/1.1" 200 24587 "-" "Mozilla/5.0 (compatible; MJ12bot/v1.4.8; http://mj12bot.com/)"
62.171.150.240 - - [27/Apr/2025:09:30:59 -0400] "GET /about.php?action=edit&file=cc9e7db2b8c99cefc24f5ff8c5451a7654d559&path=//lib/.build-id/7d HTTP/1.1" 200 3937773 "-" "Mozilla/5.0 (compatible; MJ12bot/v1.4.8; http://mj12bot.com/)"
157.173.118.203 - - [27/Apr/2025:09:31:02 -0400] "GET /about.php?action=edit&file=b6d36dcac415e99a02207c507582313b3b57ea&path=//lib/.build-id/e1 HTTP/1.1" 200 17433 "-" "Mozilla/5.0 (compatible; MJ12bot/v1.4.8; http://mj12bot.com/)"
62.171.150.240 - - [27/Apr/2025:09:31:02 -0400] "GET /about.php?action=edit&file=ccbf00cf465383622a2133a4372c7a739ae864&path=//lib/.build-id/cc HTTP/1.1" 200 12784 "-" "Mozilla/5.0 (compatible; MJ12bot/v1.4.8; http://mj12bot.com/)"
157.173.118.203 - - [27/Apr/2025:09:31:03 -0400] "GET /about.php?action=edit&file=b6da1d269c702d416ea0cc3fce2df1a39c39ab&path=//lib/.build-id/bd HTTP/1.1" 200 3664 "-" "Mozilla/5.0 (compatible; MJ12bot/v1.4.8; http://mj12bot.com/)"
62.171.150.240 - - [27/Apr/2025:09:31:04 -0400] "GET /about.php?action=edit&file=ccd3238bab49fba252074cd7a3813d2e74fe8f&path=//lib/.build-id/a9 HTTP/1.1" 200 8232 "-" "Mozilla/5.0 (compatible; MJ12bot/v1.4.8; http://mj12bot.com/)"
157.173.118.203 - - [27/Apr/2025:09:31:05 -0400] "GET /about.php?action=edit&file=b6dd838ad9875cdc691b5ef336d6f214f5e8c4&path=//lib/.build-id/ee HTTP/1.1" 200 1105372 "-" "Mozilla/5.0 (compatible; MJ12bot/v1.4.8; http://mj12bot.com/)"
62.171.150.240 - - [27/Apr/2025:09:31:06 -0400] "GET /about.php?action=edit&file=ccd5456c401cfd9b8ea1bfc39da03bf050bffb&path=//lib/.build-id/d6 HTTP/1.1" 200 28474 "-" "Mozilla/5.0 (compatible; MJ12bot/v1.4.8; http://mj12bot.com/)"
15.235.212.186 - - [27/Apr/2025:09:31:06 -0400] "GET /wp-login.php HTTP/1.1" 200 1882 "-" "Mozilla/5.0 (Windows NT 10.0; Win64; x64) AppleWebKit/537.36 (KHTML, like Gecko) Chrome/130.0.0.0 Safari/537.36"
62.171.150.240 - - [27/Apr/2025:09:31:08 -0400] "GET /about.php?action=edit&file=cce77af1921ef15172ebce4b540bbf685febce&path=//lib/.build-id/fa HTTP/1.1" 200 3659 "-" "Mozilla/5.0 (compatible; MJ12bot/v1.4.8; http://mj12bot.com/)"
15.235.212.186 - - [27/Apr/2025:09:31:09 -0400] "POST /wp-login.php HTTP/1.1" 200 1958 "https://drshahidchudhary.com/wp-login.php" "Mozilla/5.0 (Windows NT 10.0; Win64; x64) AppleWebKit/537.36 (KHTML, like Gecko) Chrome/130.0.0.0 Safari/537.36"
62.171.150.240 - - [27/Apr/2025:09:31:10 -0400] "GET /about.php?action=edit&file=cceac8cf16351661614c3db2b86433d74896dd&path=//lib/.build-id/af HTTP/1.1" 200 83028 "-" "Mozilla/5.0 (compatible; MJ12bot/v1.4.8; http://mj12bot.com/)"
157.173.118.203 - - [27/Apr/2025:09:31:11 -0400] "GET /about.php?action=edit&file=b6e602640b51cbdf102c4bca462d63529c0cf7&path=//lib/.build-id/d1 HTTP/1.1" 200 479 "-" "Mozilla/5.0 (compatible; MJ12bot/v1.4.8; http://mj12bot.com/)"
62.171.150.240 - - [27/Apr/2025:09:31:12 -0400] "GET /about.php?action=edit&file=ccefa903a24144c746c779593a4cf1ef1f9ade&path=//lib/.build-id/e9 HTTP/1.1" 200 53008 "-" "Mozilla/5.0 (compatible; MJ12bot/v1.4.8; http://mj12bot.com/)"
157.173.118.203 - - [27/Apr/2025:09:31:13 -0400] "GET /about.php?action=edit&file=b6ffa9f1b71ee53c30e8df1ed0b03086c6c262&path=//lib/.build-id/ee HTTP/1.1" 200 479 "-" "Mozilla/5.0 (compatible; MJ12bot/v1.4.8; http://mj12bot.com/)"
62.171.150.240 - - [27/Apr/2025:09:31:14 -0400] "GET /about.php?action=edit&file=cd0713af5f4917d60e04cffdb2467ebb670988&path=//lib/.build-id/3c HTTP/1.1" 200 20761 "-" "Mozilla/5.0 (compatible; MJ12bot/v1.4.8; http://mj12bot.com/)"
162.240.163.79 - - [27/Apr/2025:09:31:14 -0400] "GET /wp-login.php HTTP/1.1" 200 1882 "-" "Mozilla/5.0 (Windows NT 10.0; Win64; x64) AppleWebKit/537.36 (KHTML, like Gecko) Chrome/130.0.0.0 Safari/537.36"
157.173.118.203 - - [27/Apr/2025:09:31:15 -0400] "GET /about.php?action=edit&file=b703bcae5d527ede2a89fa38cadcf0a98ca97f&path=//lib/.build-id/36 HTTP/1.1" 200 23897 "-" "Mozilla/5.0 (compatible; MJ12bot/v1.4.8; http://mj12bot.com/)"
62.171.150.240 - - [27/Apr/2025:09:31:16 -0400] "GET /about.php?action=edit&file=cd0becc3556620642ab3571c04371f1cc73529&path=//lib/.build-id/20 HTTP/1.1" 200 73772 "-" "Mozilla/5.0 (compatible; MJ12bot/v1.4.8; http://mj12bot.com/)"
162.240.163.79 - - [27/Apr/2025:09:31:15 -0400] "POST /wp-login.php HTTP/1.1" 200 1967 "https://drshahidchudhary.com/wp-login.php" "Mozilla/5.0 (Windows NT 10.0; Win64; x64) AppleWebKit/537.36 (KHTML, like Gecko) Chrome/130.0.0.0 Safari/537.36"
157.173.118.203 - - [27/Apr/2025:09:31:17 -0400] "GET /about.php?action=edit&file=b7087bad9c01fe81c62a35ab83f7de9962dbc9&path=//lib/.build-id/41 HTTP/1.1" 200 41594 "-" "Mozilla/5.0 (compatible; MJ12bot/v1.4.8; http://mj12bot.com/)"
62.171.150.240 - - [27/Apr/2025:09:31:18 -0400] "GET /about.php?action=edit&file=cd13a1ee7ee1370de64fc5af5fd8ac14484278&path=//lib/.build-id/cc HTTP/1.1" 200 3870 "-" "Mozilla/5.0 (compatible; MJ12bot/v1.4.8; http://mj12bot.com/)"
69.49.117.149 - - [27/Apr/2025:09:31:19 -0400] "GET /wp-login.php HTTP/1.1" 200 1882 "-" "Mozilla/5.0 (Windows NT 10.0; Win64; x64) AppleWebKit/537.36 (KHTML, like Gecko) Chrome/130.0.0.0 Safari/537.36"
157.173.118.203 - - [27/Apr/2025:09:31:19 -0400] "GET /about.php?action=edit&file=b70cf6e7386933b14c9c8d464aa17524c10d01&path=//lib/.build-id/28 HTTP/1.1" 200 759031 "-" "Mozilla/5.0 (compatible; MJ12bot/v1.4.8; http://mj12bot.com/)"
62.171.150.240 - - [27/Apr/2025:09:31:20 -0400] "GET /about.php?action=edit&file=cd1dae3efc8a541c0a20da914044b91efa43f5&path=//lib/.build-id/96 HTTP/1.1" 200 6734 "-" "Mozilla/5.0 (compatible; MJ12bot/v1.4.8; http://mj12bot.com/)"
69.49.117.149 - - [27/Apr/2025:09:31:21 -0400] "POST /wp-login.php HTTP/1.1" 200 1967 "https://drshahidchudhary.com/wp-login.php" "Mozilla/5.0 (Windows NT 10.0; Win64; x64) AppleWebKit/537.36 (KHTML, like Gecko) Chrome/130.0.0.0 Safari/537.36"
62.171.150.240 - - [27/Apr/2025:09:31:22 -0400] "GET /about.php?action=edit&file=cd2682bb03f2fd95d69809b4885cca619ab7d3&path=//lib/.build-id/00 HTTP/1.1" 200 479 "-" "Mozilla/5.0 (compatible; MJ12bot/v1.4.8; http://mj12bot.com/)"
157.173.118.203 - - [27/Apr/2025:09:31:22 -0400] "GET /about.php?action=edit&file=b71164a9dac003fd97499bb3d6b402a083a42f&path=//lib/.build-id/4e HTTP/1.1" 200 85116 "-" "Mozilla/5.0 (compatible; MJ12bot/v1.4.8; http://mj12bot.com/)"
62.171.150.240 - - [27/Apr/2025:09:31:23 -0400] "GET /about.php?action=edit&file=cd2cf3a719217ba88128b35c09a053c9205622&path=//lib/.build-id/3a HTTP/1.1" 200 479 "-" "Mozilla/5.0 (compatible; MJ12bot/v1.4.8; http://mj12bot.com/)"
157.173.118.203 - - [27/Apr/2025:09:31:24 -0400] "GET /about.php?action=edit&file=b71881d6ffc37054c4afa55ee486de7a6deb1c&path=//lib/.build-id/b7 HTTP/1.1" 200 29457 "-" "Mozilla/5.0 (compatible; MJ12bot/v1.4.8; http://mj12bot.com/)"
62.171.150.240 - - [27/Apr/2025:09:31:25 -0400] "GET /about.php?action=edit&file=cd35a16e2833b2f0535c2dc704ef1f2a459c71&path=//lib/.build-id/0c HTTP/1.1" 200 16153 "-" "Mozilla/5.0 (compatible; MJ12bot/v1.4.8; http://mj12bot.com/)"
157.173.118.203 - - [27/Apr/2025:09:31:26 -0400] "GET /about.php?action=edit&file=b72c9faef59cae6a3f47b59f88994b46f65fb3&path=//lib/.build-id/5a HTTP/1.1" 200 4677 "-" "Mozilla/5.0 (compatible; MJ12bot/v1.4.8; http://mj12bot.com/)"
62.171.150.240 - - [27/Apr/2025:09:31:27 -0400] "GET /about.php?action=edit&file=cd35a8be489669a8d143e5509ba4058660c6aa&path=//lib/.build-id/7a HTTP/1.1" 200 479 "-" "Mozilla/5.0 (compatible; MJ12bot/v1.4.8; http://mj12bot.com/)"
139.59.108.118 - - [27/Apr/2025:09:31:27 -0400] "GET /wp-login.php HTTP/1.1" 200 1882 "-" "Mozilla/5.0 (Windows NT 10.0; Win64; x64) AppleWebKit/537.36 (KHTML, like Gecko) Chrome/130.0.0.0 Safari/537.36"
157.173.118.203 - - [27/Apr/2025:09:31:28 -0400] "GET /about.php?action=edit&file=b742fbf953f0972db858abc5fea5edcdd1a76e&path=//lib/.build-id/18 HTTP/1.1" 200 4714 "-" "Mozilla/5.0 (compatible; MJ12bot/v1.4.8; http://mj12bot.com/)"
62.171.150.240 - - [27/Apr/2025:09:31:28 -0400] "GET /about.php?action=edit&file=cd395887046394d27691526f11a86b58308fb6&path=//lib/.build-id/c8 HTTP/1.1" 200 4886 "-" "Mozilla/5.0 (compatible; MJ12bot/v1.4.8; http://mj12bot.com/)"
157.173.118.203 - - [27/Apr/2025:09:31:30 -0400] "GET /about.php?action=edit&file=b74f4f37ee9ace689549e897c72b0dbbc52507&path=//lib/.build-id/7e HTTP/1.1" 200 479 "-" "Mozilla/5.0 (compatible; MJ12bot/v1.4.8; http://mj12bot.com/)"
62.171.150.240 - - [27/Apr/2025:09:31:30 -0400] "GET /about.php?action=edit&file=cd50930e262c3fc08f9d62898e2791f4f4ea75&path=//lib/.build-id/38 HTTP/1.1" 200 36911 "-" "Mozilla/5.0 (compatible; MJ12bot/v1.4.8; http://mj12bot.com/)"
139.59.108.118 - - [27/Apr/2025:09:31:30 -0400] "POST /wp-login.php HTTP/1.1" 200 1967 "https://drshahidchudhary.com/wp-login.php" "Mozilla/5.0 (Windows NT 10.0; Win64; x64) AppleWebKit/537.36 (KHTML, like Gecko) Chrome/130.0.0.0 Safari/537.36"
157.173.118.203 - - [27/Apr/2025:09:31:32 -0400] "GET /about.php?action=edit&file=b74fef744540ce35deabfc85caa9874d533ec6&path=//lib/.build-id/31 HTTP/1.1" 200 410552 "-" "Mozilla/5.0 (compatible; MJ12bot/v1.4.8; http://mj12bot.com/)"
62.171.150.240 - - [27/Apr/2025:09:31:32 -0400] "GET /about.php?action=edit&file=cd566eeb83972ab755f7e69467b26a0fd1a478&path=//lib/.build-id/ad HTTP/1.1" 200 45443 "-" "Mozilla/5.0 (compatible; MJ12bot/v1.4.8; http://mj12bot.com/)"
62.171.150.240 - - [27/Apr/2025:09:31:34 -0400] "GET /about.php?action=edit&file=cd59d280fa0baacc99dbd74ab1fd9f9778ec57&path=//lib/.build-id/7a HTTP/1.1" 200 479 "-" "Mozilla/5.0 (compatible; MJ12bot/v1.4.8; http://mj12bot.com/)"
66.175.44.56 - - [27/Apr/2025:09:31:35 -0400] "GET /wp-login.php HTTP/1.1" 200 1882 "-" "Mozilla/5.0 (Windows NT 10.0; Win64; x64) AppleWebKit/537.36 (KHTML, like Gecko) Chrome/130.0.0.0 Safari/537.36"
157.173.118.203 - - [27/Apr/2025:09:31:35 -0400] "GET /about.php?action=edit&file=b7542223f5d7f20f4bd1b16973abd9cfd5b2f8&path=//lib/.build-id/08 HTTP/1.1" 200 4281 "-" "Mozilla/5.0 (compatible; MJ12bot/v1.4.8; http://mj12bot.com/)"
62.171.150.240 - - [27/Apr/2025:09:31:36 -0400] "GET /about.php?action=edit&file=cd621d2827c414348e74821f90bb02530ad26f&path=//lib/.build-id/dc HTTP/1.1" 200 9775 "-" "Mozilla/5.0 (compatible; MJ12bot/v1.4.8; http://mj12bot.com/)"
157.173.118.203 - - [27/Apr/2025:09:31:37 -0400] "GET /about.php?action=edit&file=b755f770d0cc28562ee95f49e50bc20c65a811&path=//lib/.build-id/d4 HTTP/1.1" 200 3731 "-" "Mozilla/5.0 (compatible; MJ12bot/v1.4.8; http://mj12bot.com/)"
66.175.44.56 - - [27/Apr/2025:09:31:36 -0400] "POST /wp-login.php HTTP/1.1" 200 1967 "https://drshahidchudhary.com/wp-login.php" "Mozilla/5.0 (Windows NT 10.0; Win64; x64) AppleWebKit/537.36 (KHTML, like Gecko) Chrome/130.0.0.0 Safari/537.36"
62.171.150.240 - - [27/Apr/2025:09:31:38 -0400] "GET /about.php?action=edit&file=cd63b1751dca997dcd67c9375b012c80944bb2&path=//lib/.build-id/36 HTTP/1.1" 200 13709 "-" "Mozilla/5.0 (compatible; MJ12bot/v1.4.8; http://mj12bot.com/)"
157.173.118.203 - - [27/Apr/2025:09:31:38 -0400] "GET /about.php?action=edit&file=b772c55c89bde273c407e3a44f80baa058281f&path=//lib/.build-id/87 HTTP/1.1" 200 6059 "-" "Mozilla/5.0 (compatible; MJ12bot/v1.4.8; http://mj12bot.com/)"
62.171.150.240 - - [27/Apr/2025:09:31:39 -0400] "GET /about.php?action=edit&file=cd6e7d4be88dfe27f3aafb118ac42c3a09ea79&path=//lib/.build-id/0f HTTP/1.1" 200 5902 "-" "Mozilla/5.0 (compatible; MJ12bot/v1.4.8; http://mj12bot.com/)"
15.235.212.186 - - [27/Apr/2025:09:31:40 -0400] "GET /wp-login.php HTTP/1.1" 200 1882 "-" "Mozilla/5.0 (Windows NT 10.0; Win64; x64) AppleWebKit/537.36 (KHTML, like Gecko) Chrome/130.0.0.0 Safari/537.36"
157.173.118.203 - - [27/Apr/2025:09:31:40 -0400] "GET /about.php?action=edit&file=b78c25b0dae0e007ddae1d48e6b7bf433e23e1&path=//lib/.build-id/53 HTTP/1.1" 200 4479 "-" "Mozilla/5.0 (compatible; MJ12bot/v1.4.8; http://mj12bot.com/)"
66.29.132.124 - - [27/Apr/2025:09:31:41 -0400] "POST /wp-cron.php?doing_wp_cron=1745760701.1582200527191162109375 HTTP/1.1" 403 1242 "-" "WordPress/6.8; https://drshahidchudhary.com"
15.235.212.186 - - [27/Apr/2025:09:31:40 -0400] "POST /wp-login.php HTTP/1.1" 200 1958 "https://drshahidchudhary.com/wp-login.php" "Mozilla/5.0 (Windows NT 10.0; Win64; x64) AppleWebKit/537.36 (KHTML, like Gecko) Chrome/130.0.0.0 Safari/537.36"
62.171.150.240 - - [27/Apr/2025:09:31:41 -0400] "GET /about.php?action=edit&file=cd78e5a64946658369c9f014342959e324ebe3&path=//lib/.build-id/37 HTTP/1.1" 200 34861 "-" "Mozilla/5.0 (compatible; MJ12bot/v1.4.8; http://mj12bot.com/)"
157.173.118.203 - - [27/Apr/2025:09:31:42 -0400] "GET /about.php?action=edit&file=b79a23ee59051661af33fa30fe293718281a9a&path=//lib/.build-id/c0 HTTP/1.1" 200 479 "-" "Mozilla/5.0 (compatible; MJ12bot/v1.4.8; http://mj12bot.com/)"
45.76.16.32 - - [27/Apr/2025:09:31:43 -0400] "GET /wp-login.php HTTP/1.1" 200 1882 "-" "Mozilla/5.0 (Windows NT 10.0; Win64; x64) AppleWebKit/537.36 (KHTML, like Gecko) Chrome/130.0.0.0 Safari/537.36"
62.171.150.240 - - [27/Apr/2025:09:31:43 -0400] "GET /about.php?action=edit&file=cd7a6f52214ab51e637a3168b0f68a0ee0d751&path=//lib/.build-id/93 HTTP/1.1" 200 3647 "-" "Mozilla/5.0 (compatible; MJ12bot/v1.4.8; http://mj12bot.com/)"
45.76.16.32 - - [27/Apr/2025:09:31:43 -0400] "POST /wp-login.php HTTP/1.1" 200 1967 "https://drshahidchudhary.com/wp-login.php" "Mozilla/5.0 (Windows NT 10.0; Win64; x64) AppleWebKit/537.36 (KHTML, like Gecko) Chrome/130.0.0.0 Safari/537.36"
157.173.118.203 - - [27/Apr/2025:09:31:44 -0400] "GET /about.php?action=edit&file=b7a2c2f29062c324917bf99f336b490108fd7b&path=//lib/.build-id/00 HTTP/1.1" 200 4060 "-" "Mozilla/5.0 (compatible; MJ12bot/v1.4.8; http://mj12bot.com/)"
78.142.47.69 - - [27/Apr/2025:09:31:45 -0400] "GET /wp-login.php HTTP/1.1" 200 1882 "-" "Mozilla/5.0 (Windows NT 10.0; Win64; x64) AppleWebKit/537.36 (KHTML, like Gecko) Chrome/130.0.0.0 Safari/537.36"
62.171.150.240 - - [27/Apr/2025:09:31:45 -0400] "GET /about.php?action=edit&file=cd8cf3255a41ebbeeebd4b1569cd89e8a6bb09&path=//lib/.build-id/4d HTTP/1.1" 200 4117 "-" "Mozilla/5.0 (compatible; MJ12bot/v1.4.8; http://mj12bot.com/)"
157.173.118.203 - - [27/Apr/2025:09:31:45 -0400] "GET /about.php?action=edit&file=b7aa935ccf02e226d9af7b0b3a3dc474df4665&path=//lib/.build-id/0c HTTP/1.1" 200 4094 "-" "Mozilla/5.0 (compatible; MJ12bot/v1.4.8; http://mj12bot.com/)"
78.142.47.69 - - [27/Apr/2025:09:31:45 -0400] "POST /wp-login.php HTTP/1.1" 200 1967 "https://drshahidchudhary.com/wp-login.php" "Mozilla/5.0 (Windows NT 10.0; Win64; x64) AppleWebKit/537.36 (KHTML, like Gecko) Chrome/130.0.0.0 Safari/537.36"
157.173.118.203 - - [27/Apr/2025:09:31:47 -0400] "GET /about.php?action=edit&file=b7b7a8372b9f9f10d80d2b452096904daaf80c&path=//lib/.build-id/75 HTTP/1.1" 200 3977 "-" "Mozilla/5.0 (compatible; MJ12bot/v1.4.8; http://mj12bot.com/)"
62.171.150.240 - - [27/Apr/2025:09:31:47 -0400] "GET /about.php?action=edit&file=cd97d1e23a73f8a37a5e572f93a7556e460af3&path=//lib/.build-id/86 HTTP/1.1" 200 123638 "-" "Mozilla/5.0 (compatible; MJ12bot/v1.4.8; http://mj12bot.com/)"
188.225.40.140 - - [27/Apr/2025:09:31:48 -0400] "GET /wp-login.php HTTP/1.1" 200 1882 "-" "Mozilla/5.0 (Windows NT 10.0; Win64; x64) AppleWebKit/537.36 (KHTML, like Gecko) Chrome/130.0.0.0 Safari/537.36"
188.225.40.140 - - [27/Apr/2025:09:31:49 -0400] "POST /wp-login.php HTTP/1.1" 200 1967 "https://drshahidchudhary.com/wp-login.php" "Mozilla/5.0 (Windows NT 10.0; Win64; x64) AppleWebKit/537.36 (KHTML, like Gecko) Chrome/130.0.0.0 Safari/537.36"
157.173.118.203 - - [27/Apr/2025:09:31:49 -0400] "GET /about.php?action=edit&file=b7c87202c678a6d97d5a49ee6514819b8bf54a&path=//lib/.build-id/28 HTTP/1.1" 200 6022 "-" "Mozilla/5.0 (compatible; MJ12bot/v1.4.8; http://mj12bot.com/)"
62.171.150.240 - - [27/Apr/2025:09:31:49 -0400] "GET /about.php?action=edit&file=cdbb2bef7d80abe8eb206015e93475e98e8f1b&path=//lib/.build-id/bf HTTP/1.1" 200 5778 "-" "Mozilla/5.0 (compatible; MJ12bot/v1.4.8; http://mj12bot.com/)"
