157.173.118.203 - - [27/Apr/2025:09:31:51 -0400] "GET /about.php?action=edit&file=b7c87dca16d0119fb2f58ce60a0569ef7318af&path=//lib/.build-id/3b HTTP/1.1" 200 136292 "-" "Mozilla/5.0 (compatible; MJ12bot/v1.4.8; http://mj12bot.com/)"
62.171.150.240 - - [27/Apr/2025:09:31:51 -0400] "GET /about.php?action=edit&file=cdboot.img&path=//lib/grub/i386-pc HTTP/1.1" 200 773 "-" "Mozilla/5.0 (compatible; MJ12bot/v1.4.8; http://mj12bot.com/)"
62.171.150.240 - - [27/Apr/2025:09:31:53 -0400] "GET /about.php?action=edit&file=cdd72fc534b4812943e948224248646a5af122&path=//lib/.build-id/ee HTTP/1.1" 200 5487 "-" "Mozilla/5.0 (compatible; MJ12bot/v1.4.8; http://mj12bot.com/)"
157.173.118.203 - - [27/Apr/2025:09:31:53 -0400] "GET /about.php?action=edit&file=b7c93053e410450aff5e09ea5a658ea45c67db&path=//lib/.build-id/01 HTTP/1.1" 200 17858 "-" "Mozilla/5.0 (compatible; MJ12bot/v1.4.8; http://mj12bot.com/)"
173.236.143.38 - - [27/Apr/2025:09:31:55 -0400] "GET /wp-login.php HTTP/1.1" 200 1882 "-" "Mozilla/5.0 (Windows NT 10.0; Win64; x64) AppleWebKit/537.36 (KHTML, like Gecko) Chrome/130.0.0.0 Safari/537.36"
62.171.150.240 - - [27/Apr/2025:09:31:55 -0400] "GET /about.php?action=edit&file=cddce446c42c74af811968180899fbaa30c26b&path=//lib/.build-id/a2 HTTP/1.1" 200 16511 "-" "Mozilla/5.0 (compatible; MJ12bot/v1.4.8; http://mj12bot.com/)"
173.236.143.38 - - [27/Apr/2025:09:31:55 -0400] "POST /wp-login.php HTTP/1.1" 200 1967 "https://drshahidchudhary.com/wp-login.php" "Mozilla/5.0 (Windows NT 10.0; Win64; x64) AppleWebKit/537.36 (KHTML, like Gecko) Chrome/130.0.0.0 Safari/537.36"
157.173.118.203 - - [27/Apr/2025:09:31:55 -0400] "GET /about.php?action=edit&file=b7c9f8c4d55ac1108b0f1b54719ef7335de159&path=//lib/.build-id/40 HTTP/1.1" 200 479 "-" "Mozilla/5.0 (compatible; MJ12bot/v1.4.8; http://mj12bot.com/)"
62.171.150.240 - - [27/Apr/2025:09:31:57 -0400] "GET /about.php?action=edit&file=cddfe14b1e67b915ab9252159afae26696ad34&path=//lib/.build-id/1d HTTP/1.1" 200 5506 "-" "Mozilla/5.0 (compatible; MJ12bot/v1.4.8; http://mj12bot.com/)"
157.173.118.203 - - [27/Apr/2025:09:31:57 -0400] "GET /about.php?action=edit&file=b7cc4e44b797a1ef72f9caf512e7b042e3edd9&path=//lib/.build-id/2d HTTP/1.1" 200 7383 "-" "Mozilla/5.0 (compatible; MJ12bot/v1.4.8; http://mj12bot.com/)"
62.171.150.240 - - [27/Apr/2025:09:31:58 -0400] "GET /about.php?action=edit&file=cdf48073b60dbfa7973c6d4db9109d5920d7b8&path=//lib/.build-id/77 HTTP/1.1" 200 34773 "-" "Mozilla/5.0 (compatible; MJ12bot/v1.4.8; http://mj12bot.com/)"
157.173.118.203 - - [27/Apr/2025:09:31:59 -0400] "GET /about.php?action=edit&file=b7d6d5a7bbf87d512d114a60afa117d7c16879&path=//lib/.build-id/78 HTTP/1.1" 200 3184 "-" "Mozilla/5.0 (compatible; MJ12bot/v1.4.8; http://mj12bot.com/)"
62.171.150.240 - - [27/Apr/2025:09:32:00 -0400] "GET /about.php?action=edit&file=cdf6b1561b3d550ae376527409baf2a0e7c696&path=//lib/.build-id/4b HTTP/1.1" 200 135524 "-" "Mozilla/5.0 (compatible; MJ12bot/v1.4.8; http://mj12bot.com/)"
157.173.118.203 - - [27/Apr/2025:09:32:01 -0400] "GET /about.php?action=edit&file=b7e2a5aeb5c173f5781d99f73072a3422f0b7c&path=//lib/.build-id/85 HTTP/1.1" 200 10757 "-" "Mozilla/5.0 (compatible; MJ12bot/v1.4.8; http://mj12bot.com/)"
62.171.150.240 - - [27/Apr/2025:09:32:02 -0400] "GET /about.php?action=edit&file=ce0dbc0477fc4bb3ac797cd98ebf366b2aa954&path=//lib/.build-id/d0 HTTP/1.1" 200 45237 "-" "Mozilla/5.0 (compatible; MJ12bot/v1.4.8; http://mj12bot.com/)"
157.173.118.203 - - [27/Apr/2025:09:32:02 -0400] "GET /about.php?action=edit&file=b7fa8ba75973f6fe9dea1cdcc29cb7a6d2dc36&path=//lib/.build-id/23 HTTP/1.1" 200 479 "-" "Mozilla/5.0 (compatible; MJ12bot/v1.4.8; http://mj12bot.com/)"
209.74.87.9 - - [27/Apr/2025:09:32:03 -0400] "GET /wp-login.php HTTP/1.1" 200 1882 "-" "Mozilla/5.0 (Windows NT 10.0; Win64; x64) AppleWebKit/537.36 (KHTML, like Gecko) Chrome/130.0.0.0 Safari/537.36"
62.171.150.240 - - [27/Apr/2025:09:32:04 -0400] "GET /about.php?action=edit&file=ce0ee14462856a415aeed9fcdea83630f0a352&path=//lib/.build-id/09 HTTP/1.1" 200 479 "-" "Mozilla/5.0 (compatible; MJ12bot/v1.4.8; http://mj12bot.com/)"
157.173.118.203 - - [27/Apr/2025:09:32:05 -0400] "GET /about.php?action=edit&file=b7fa8ba75973f6fe9dea1cdcc29cb7a6d2dc36.1&path=//lib/.build-id/23 HTTP/1.1" 200 479 "-" "Mozilla/5.0 (compatible; MJ12bot/v1.4.8; http://mj12bot.com/)"
209.74.87.9 - - [27/Apr/2025:09:32:05 -0400] "POST /wp-login.php HTTP/1.1" 200 1967 "https://drshahidchudhary.com/wp-login.php" "Mozilla/5.0 (Windows NT 10.0; Win64; x64) AppleWebKit/537.36 (KHTML, like Gecko) Chrome/130.0.0.0 Safari/537.36"
62.171.150.240 - - [27/Apr/2025:09:32:06 -0400] "GET /about.php?action=edit&file=ce1cbb0fc3754f73936a19c0ccb1466d3fb961&path=//lib/.build-id/7e HTTP/1.1" 200 25936 "-" "Mozilla/5.0 (compatible; MJ12bot/v1.4.8; http://mj12bot.com/)"
157.173.118.203 - - [27/Apr/2025:09:32:06 -0400] "GET /about.php?action=edit&file=b7fa8ba75973f6fe9dea1cdcc29cb7a6d2dc36.2&path=//lib/.build-id/23 HTTP/1.1" 200 479 "-" "Mozilla/5.0 (compatible; MJ12bot/v1.4.8; http://mj12bot.com/)"
62.171.150.240 - - [27/Apr/2025:09:32:08 -0400] "GET /about.php?action=edit&file=ce1f021c143623e2781c80ffe38213d063f372&path=//lib/.build-id/1d HTTP/1.1" 200 16734 "-" "Mozilla/5.0 (compatible; MJ12bot/v1.4.8; http://mj12bot.com/)"
157.173.118.203 - - [27/Apr/2025:09:32:09 -0400] "GET /about.php?action=edit&file=b7fa8ba75973f6fe9dea1cdcc29cb7a6d2dc36.3&path=//lib/.build-id/23 HTTP/1.1" 200 479 "-" "Mozilla/5.0 (compatible; MJ12bot/v1.4.8; http://mj12bot.com/)"
62.171.150.240 - - [27/Apr/2025:09:32:10 -0400] "GET /about.php?action=edit&file=ce24b15ce671b8edda09c57289ad8421ec2304&path=//lib/.build-id/3a HTTP/1.1" 200 7342 "-" "Mozilla/5.0 (compatible; MJ12bot/v1.4.8; http://mj12bot.com/)"
157.173.118.203 - - [27/Apr/2025:09:32:11 -0400] "GET /about.php?action=edit&file=b7faeaf666b5d549e167b5894a3070fedc1b88&path=//lib/.build-id/99 HTTP/1.1" 200 4379 "-" "Mozilla/5.0 (compatible; MJ12bot/v1.4.8; http://mj12bot.com/)"
62.171.150.240 - - [27/Apr/2025:09:32:12 -0400] "GET /about.php?action=edit&file=ce316f38009f782338b84b0dfa45f218a46eca&path=//lib/.build-id/b6 HTTP/1.1" 200 479 "-" "Mozilla/5.0 (compatible; MJ12bot/v1.4.8; http://mj12bot.com/)"
157.173.118.203 - - [27/Apr/2025:09:32:13 -0400] "GET /about.php?action=edit&file=b805d6cc3266b0327aea6721919e25f99479b2&path=//lib/.build-id/a6 HTTP/1.1" 200 12881 "-" "Mozilla/5.0 (compatible; MJ12bot/v1.4.8; http://mj12bot.com/)"
62.171.150.240 - - [27/Apr/2025:09:32:13 -0400] "GET /about.php?action=edit&file=ce4f99722ea49cbbb279705d1f901a429d356e&path=//lib/.build-id/11 HTTP/1.1" 200 479 "-" "Mozilla/5.0 (compatible; MJ12bot/v1.4.8; http://mj12bot.com/)"
157.173.118.203 - - [27/Apr/2025:09:32:15 -0400] "GET /about.php?action=edit&file=b80645c50e70617e1ec0b66c0ae75b3f3da7f0&path=//lib/.build-id/aa HTTP/1.1" 200 5925 "-" "Mozilla/5.0 (compatible; MJ12bot/v1.4.8; http://mj12bot.com/)"
62.171.150.240 - - [27/Apr/2025:09:32:15 -0400] "GET /about.php?action=edit&file=ce4f9bd4e1ab0595e5dcd6f8a99d1967e6a952&path=//lib/.build-id/41 HTTP/1.1" 200 479 "-" "Mozilla/5.0 (compatible; MJ12bot/v1.4.8; http://mj12bot.com/)"
157.173.118.203 - - [27/Apr/2025:09:32:17 -0400] "GET /about.php?action=edit&file=b811d1c90251e6fcfef7688b3b1be761e29d49&path=//lib/.build-id/49 HTTP/1.1" 200 2981 "-" "Mozilla/5.0 (compatible; MJ12bot/v1.4.8; http://mj12bot.com/)"
62.171.150.240 - - [27/Apr/2025:09:32:17 -0400] "GET /about.php?action=edit&file=ce58d9dc60549f020f805646badaa6c032cee7&path=//lib/.build-id/11 HTTP/1.1" 200 4085 "-" "Mozilla/5.0 (compatible; MJ12bot/v1.4.8; http://mj12bot.com/)"
62.171.150.240 - - [27/Apr/2025:09:32:18 -0400] "GET /about.php?action=edit&file=ce59a61c260177c87c0fd46a32a4f9e555fe21&path=//lib/.build-id/9c HTTP/1.1" 200 14574 "-" "Mozilla/5.0 (compatible; MJ12bot/v1.4.8; http://mj12bot.com/)"
157.173.118.203 - - [27/Apr/2025:09:32:19 -0400] "GET /about.php?action=edit&file=b8177bf6e022ad77831f0e4f5ef63417df1248&path=//lib/.build-id/81 HTTP/1.1" 200 3729 "-" "Mozilla/5.0 (compatible; MJ12bot/v1.4.8; http://mj12bot.com/)"
62.171.150.240 - - [27/Apr/2025:09:32:20 -0400] "GET /about.php?action=edit&file=ce656de33b8233eba2dc8ec8e63181b627737c&path=//lib/.build-id/11 HTTP/1.1" 200 59210 "-" "Mozilla/5.0 (compatible; MJ12bot/v1.4.8; http://mj12bot.com/)"
157.173.118.203 - - [27/Apr/2025:09:32:21 -0400] "GET /about.php?action=edit&file=b82616ac28833dfd3258fdf31df2b155eb0060&path=//lib/.build-id/df HTTP/1.1" 200 4231 "-" "Mozilla/5.0 (compatible; MJ12bot/v1.4.8; http://mj12bot.com/)"
62.171.150.240 - - [27/Apr/2025:09:32:22 -0400] "GET /about.php?action=edit&file=ce670f1661f8be6ccb68ca79ff33c29583971e&path=//lib/.build-id/7d HTTP/1.1" 200 1120766 "-" "Mozilla/5.0 (compatible; MJ12bot/v1.4.8; http://mj12bot.com/)"
157.173.118.203 - - [27/Apr/2025:09:32:23 -0400] "GET /about.php?action=edit&file=b8389fb03173cb5ed8773a80627a39eb3d119e&path=//lib/.build-id/2a HTTP/1.1" 200 5983 "-" "Mozilla/5.0 (compatible; MJ12bot/v1.4.8; http://mj12bot.com/)"
157.173.118.203 - - [27/Apr/2025:09:32:24 -0400] "GET /about.php?action=edit&file=b84131e683fdaa5f1dc1fa4b64119497141001&path=//lib/.build-id/ec HTTP/1.1" 200 479 "-" "Mozilla/5.0 (compatible; MJ12bot/v1.4.8; http://mj12bot.com/)"
62.171.150.240 - - [27/Apr/2025:09:32:25 -0400] "GET /about.php?action=edit&file=ce6e5d0250b1200478ac9e12ab066d7ec453fe&path=//lib/.build-id/3e HTTP/1.1" 200 30420 "-" "Mozilla/5.0 (compatible; MJ12bot/v1.4.8; http://mj12bot.com/)"
157.173.118.203 - - [27/Apr/2025:09:32:26 -0400] "GET /about.php?action=edit&file=b843a252c3cc4f24e8757c3b88f8b1b6d9abe7&path=//lib/.build-id/04 HTTP/1.1" 200 479 "-" "Mozilla/5.0 (compatible; MJ12bot/v1.4.8; http://mj12bot.com/)"
62.171.150.240 - - [27/Apr/2025:09:32:27 -0400] "GET /about.php?action=edit&file=ce89bcd06e142d8f3239f84edc60d9ed9d2aa2&path=//lib/.build-id/fd HTTP/1.1" 200 16402 "-" "Mozilla/5.0 (compatible; MJ12bot/v1.4.8; http://mj12bot.com/)"
62.171.150.240 - - [27/Apr/2025:09:32:43 -0400] "GET /about.php?action=edit&file=cefc88c9d11b5c7830f80f1cb52ae5ef7e4738&path=//lib/.build-id/7a HTTP/1.1" 200 4190 "-" "Mozilla/5.0 (compatible; MJ12bot/v1.4.8; http://mj12bot.com/)"
62.171.150.240 - - [27/Apr/2025:09:32:45 -0400] "GET /about.php?action=edit&file=ceph-mon.xml&path=//lib/firewalld/services HTTP/1.1" 200 741 "-" "Mozilla/5.0 (compatible; MJ12bot/v1.4.8; http://mj12bot.com/)"
157.173.118.203 - - [27/Apr/2025:09:32:45 -0400] "GET /about.php?action=edit&file=b8815f2762cd091c79b8c3c21145371611cb5c&path=//lib/.build-id/b1 HTTP/1.1" 200 5882 "-" "Mozilla/5.0 (compatible; MJ12bot/v1.4.8; http://mj12bot.com/)"
62.171.150.240 - - [27/Apr/2025:09:32:47 -0400] "GET /about.php?action=edit&file=ceph.xml&path=//lib/firewalld/services HTTP/1.1" 200 777 "-" "Mozilla/5.0 (compatible; MJ12bot/v1.4.8; http://mj12bot.com/)"
157.173.118.203 - - [27/Apr/2025:09:32:47 -0400] "GET /about.php?action=edit&file=b883c9111918963553b0b1ffd855d7ee9782d9&path=//lib/.build-id/5e HTTP/1.1" 200 479 "-" "Mozilla/5.0 (compatible; MJ12bot/v1.4.8; http://mj12bot.com/)"
62.171.150.240 - - [27/Apr/2025:09:32:49 -0400] "GET /about.php?action=edit&file=cf049aa1351ab2dc8d6fffc96bfb5ecbfcf8db&path=//lib/.build-id/11 HTTP/1.1" 200 31777 "-" "Mozilla/5.0 (compatible; MJ12bot/v1.4.8; http://mj12bot.com/)"
157.173.118.203 - - [27/Apr/2025:09:32:49 -0400] "GET /about.php?action=edit&file=b88e9fd396741639fd07594747efff51a68fb6&path=//lib/.build-id/ba HTTP/1.1" 200 2617 "-" "Mozilla/5.0 (compatible; MJ12bot/v1.4.8; http://mj12bot.com/)"
62.171.150.240 - - [27/Apr/2025:09:32:50 -0400] "GET /about.php?action=edit&file=cf0c09cd6ecd50afe1b4f712a34e1a6be7daee&path=//lib/.build-id/81 HTTP/1.1" 200 4149 "-" "Mozilla/5.0 (compatible; MJ12bot/v1.4.8; http://mj12bot.com/)"
157.173.118.203 - - [27/Apr/2025:09:32:51 -0400] "GET /about.php?action=edit&file=b8a3d0b6faad6a1f40086769d8519074e5d0e8&path=//lib/.build-id/2c HTTP/1.1" 200 5554 "-" "Mozilla/5.0 (compatible; MJ12bot/v1.4.8; http://mj12bot.com/)"
66.29.132.124 - - [27/Apr/2025:09:32:52 -0400] "POST /wp-cron.php?doing_wp_cron=1745760772.1153700351715087890625 HTTP/1.1" 403 1242 "-" "WordPress/6.8; https://drshahidchudhary.com"
47.74.19.210 - - [27/Apr/2025:09:32:51 -0400] "POST /wp-login.php HTTP/1.1" 200 1967 "https://drshahidchudhary.com/wp-login.php" "Mozilla/5.0 (Windows NT 10.0; Win64; x64) AppleWebKit/537.36 (KHTML, like Gecko) Chrome/130.0.0.0 Safari/537.36"
62.171.150.240 - - [27/Apr/2025:09:32:52 -0400] "GET /about.php?action=edit&file=cf245b5bed22b0ea338af74207de197f4cab85&path=//lib/.build-id/df HTTP/1.1" 200 49111 "-" "Mozilla/5.0 (compatible; MJ12bot/v1.4.8; http://mj12bot.com/)"
157.173.118.203 - - [27/Apr/2025:09:32:53 -0400] "GET /about.php?action=edit&file=b8aa5e15f84489081dafe0ff812e60495b356c&path=//lib/.build-id/f5 HTTP/1.1" 200 479 "-" "Mozilla/5.0 (compatible; MJ12bot/v1.4.8; http://mj12bot.com/)"
157.173.118.203 - - [27/Apr/2025:09:32:28 -0400] "GET /about.php?action=edit&file=b84887eafc19f28ff40f61c43eff126e477509&path=//lib/.build-id/bd HTTP/1.1" 200 17455 "-" "Mozilla/5.0 (compatible; MJ12bot/v1.4.8; http://mj12bot.com/)"
62.171.150.240 - - [27/Apr/2025:09:32:29 -0400] "GET /about.php?action=edit&file=ce9fc5051ea573c2d275f22f777d185bb541c5&path=//lib/.build-id/78 HTTP/1.1" 200 5614 "-" "Mozilla/5.0 (compatible; MJ12bot/v1.4.8; http://mj12bot.com/)"
157.173.118.203 - - [27/Apr/2025:09:32:30 -0400] "GET /about.php?action=edit&file=b84a195ae7bfa727b50963e04e95db13ee54cc&path=//lib/.build-id/62 HTTP/1.1" 200 59532 "-" "Mozilla/5.0 (compatible; MJ12bot/v1.4.8; http://mj12bot.com/)"
62.171.150.240 - - [27/Apr/2025:09:32:31 -0400] "GET /about.php?action=edit&file=cea50880d6e9c782127ad0c3111d7be2be95de&path=//lib/.build-id/db HTTP/1.1" 200 11868 "-" "Mozilla/5.0 (compatible; MJ12bot/v1.4.8; http://mj12bot.com/)"
62.171.150.240 - - [27/Apr/2025:09:32:32 -0400] "GET /about.php?action=edit&file=ceaead94378c04033f27adeff7416623d32b79&path=//lib/.build-id/6c HTTP/1.1" 200 73191 "-" "Mozilla/5.0 (compatible; MJ12bot/v1.4.8; http://mj12bot.com/)"
157.173.118.203 - - [27/Apr/2025:09:32:33 -0400] "GET /about.php?action=edit&file=b8540a4bfdf4fc3dd080c5d20d2c953a783e14&path=//lib/.build-id/e4 HTTP/1.1" 200 18039 "-" "Mozilla/5.0 (compatible; MJ12bot/v1.4.8; http://mj12bot.com/)"
62.171.150.240 - - [27/Apr/2025:09:32:34 -0400] "GET /about.php?action=edit&file=ceb137a221c9358ff38c0b00ed9c7a7b6f9a9d&path=//lib/.build-id/9f HTTP/1.1" 200 5589 "-" "Mozilla/5.0 (compatible; MJ12bot/v1.4.8; http://mj12bot.com/)"
157.173.118.203 - - [27/Apr/2025:09:32:35 -0400] "GET /about.php?action=edit&file=b85feddfc4213476c4a9e51199de05017aec5e&path=//lib/.build-id/4d HTTP/1.1" 200 5979 "-" "Mozilla/5.0 (compatible; MJ12bot/v1.4.8; http://mj12bot.com/)"
62.171.150.240 - - [27/Apr/2025:09:32:36 -0400] "GET /about.php?action=edit&file=ceb39c426ec58ae324717ea7f3d1e931834888&path=//lib/.build-id/bf HTTP/1.1" 200 17788 "-" "Mozilla/5.0 (compatible; MJ12bot/v1.4.8; http://mj12bot.com/)"
157.173.118.203 - - [27/Apr/2025:09:32:36 -0400] "GET /about.php?action=edit&file=b86ce08c7c23100e9a47407d601713b3096522&path=//lib/.build-id/22 HTTP/1.1" 200 4518 "-" "Mozilla/5.0 (compatible; MJ12bot/v1.4.8; http://mj12bot.com/)"
62.171.150.240 - - [27/Apr/2025:09:32:38 -0400] "GET /about.php?action=edit&file=ceca7242fa09472a5c46f8eca12f51b578cbc6&path=//lib/.build-id/5e HTTP/1.1" 200 33268 "-" "Mozilla/5.0 (compatible; MJ12bot/v1.4.8; http://mj12bot.com/)"
47.74.19.210 - - [27/Apr/2025:09:32:38 -0400] "GET /wp-login.php HTTP/1.1" 200 1882 "-" "Mozilla/5.0 (Windows NT 10.0; Win64; x64) AppleWebKit/537.36 (KHTML, like Gecko) Chrome/130.0.0.0 Safari/537.36"
157.173.118.203 - - [27/Apr/2025:09:32:39 -0400] "GET /about.php?action=edit&file=b87591f603b4e352d7a9f768f2c3b9812c1a2e&path=//lib/.build-id/eb HTTP/1.1" 200 3766 "-" "Mozilla/5.0 (compatible; MJ12bot/v1.4.8; http://mj12bot.com/)"
62.171.150.240 - - [27/Apr/2025:09:32:40 -0400] "GET /about.php?action=edit&file=ced7941a47683610e2ce2025ed4733bd9ab4a2&path=//lib/.build-id/25 HTTP/1.1" 200 479 "-" "Mozilla/5.0 (compatible; MJ12bot/v1.4.8; http://mj12bot.com/)"
157.173.118.203 - - [27/Apr/2025:09:32:41 -0400] "GET /about.php?action=edit&file=b87b7499385492a856fffc628e5085a176ced0&path=//lib/.build-id/00 HTTP/1.1" 200 11376 "-" "Mozilla/5.0 (compatible; MJ12bot/v1.4.8; http://mj12bot.com/)"
62.171.150.240 - - [27/Apr/2025:09:32:41 -0400] "GET /about.php?action=edit&file=cef146cb5f2713d548a71abb6d13748893f0a8&path=//lib/.build-id/16 HTTP/1.1" 200 4743 "-" "Mozilla/5.0 (compatible; MJ12bot/v1.4.8; http://mj12bot.com/)"
157.173.118.203 - - [27/Apr/2025:09:32:43 -0400] "GET /about.php?action=edit&file=b881113eecb2a3e0560507d7fac177b8da9e72&path=//lib/.build-id/4d HTTP/1.1" 200 142763 "-" "Mozilla/5.0 (compatible; MJ12bot/v1.4.8; http://mj12bot.com/)"
62.171.150.240 - - [27/Apr/2025:09:32:54 -0400] "GET /about.php?action=edit&file=cf24b847448c186829e5b69949ebb0f65be24f&path=//lib/.build-id/24 HTTP/1.1" 200 26130 "-" "Mozilla/5.0 (compatible; MJ12bot/v1.4.8; http://mj12bot.com/)"
157.173.118.203 - - [27/Apr/2025:09:32:54 -0400] "GET /about.php?action=edit&file=b8ae480fa83852d85c959ae0bce8dc8d02efe9&path=//lib/.build-id/54 HTTP/1.1" 200 76488 "-" "Mozilla/5.0 (compatible; MJ12bot/v1.4.8; http://mj12bot.com/)"
62.171.150.240 - - [27/Apr/2025:09:32:56 -0400] "GET /about.php?action=edit&file=cf24f54f6703cc2bddf3a840400b275469ac9f&path=//lib/.build-id/09 HTTP/1.1" 200 29349 "-" "Mozilla/5.0 (compatible; MJ12bot/v1.4.8; http://mj12bot.com/)"
157.173.118.203 - - [27/Apr/2025:09:32:56 -0400] "GET /about.php?action=edit&file=b8b10a35dd8143e037a53c27c00c3e20fd0a59&path=//lib/.build-id/ec HTTP/1.1" 200 4036 "-" "Mozilla/5.0 (compatible; MJ12bot/v1.4.8; http://mj12bot.com/)"
62.171.150.240 - - [27/Apr/2025:09:32:58 -0400] "GET /about.php?action=edit&file=cf28adae8e1992197e780e896ac4dabac8ab05&path=//lib/.build-id/30 HTTP/1.1" 200 35244 "-" "Mozilla/5.0 (compatible; MJ12bot/v1.4.8; http://mj12bot.com/)"
157.173.118.203 - - [27/Apr/2025:09:32:58 -0400] "GET /about.php?action=edit&file=b8d99358093c8abff7b3e872c3210f1baa60cb&path=//lib/.build-id/2a HTTP/1.1" 200 93171 "-" "Mozilla/5.0 (compatible; MJ12bot/v1.4.8; http://mj12bot.com/)"
62.171.150.240 - - [27/Apr/2025:09:33:00 -0400] "GET /about.php?action=edit&file=cf29360ac82a9719eca096e309a9ce72c13834&path=//lib/.build-id/14 HTTP/1.1" 200 27635 "-" "Mozilla/5.0 (compatible; MJ12bot/v1.4.8; http://mj12bot.com/)"
157.173.118.203 - - [27/Apr/2025:09:33:01 -0400] "GET /about.php?action=edit&file=b8e278e1330347bd85a07809d4a4d3a665a1d0&path=//lib/.build-id/27 HTTP/1.1" 200 479 "-" "Mozilla/5.0 (compatible; MJ12bot/v1.4.8; http://mj12bot.com/)"
62.171.150.240 - - [27/Apr/2025:09:33:01 -0400] "GET /about.php?action=edit&file=cf33f4e909af9b1af870540c6ae3dc7f213406&path=//lib/.build-id/58 HTTP/1.1" 200 5815 "-" "Mozilla/5.0 (compatible; MJ12bot/v1.4.8; http://mj12bot.com/)"
157.173.118.203 - - [27/Apr/2025:09:33:02 -0400] "GET /about.php?action=edit&file=b8e4d5d281c6782c3798d830ab113f3936df5e&path=//lib/.build-id/24 HTTP/1.1" 200 479 "-" "Mozilla/5.0 (compatible; MJ12bot/v1.4.8; http://mj12bot.com/)"
62.171.150.240 - - [27/Apr/2025:09:33:03 -0400] "GET /about.php?action=edit&file=cf41e44e22b59c163e54cbf3539213c02cfcda&path=//lib/.build-id/35 HTTP/1.1" 200 5485 "-" "Mozilla/5.0 (compatible; MJ12bot/v1.4.8; http://mj12bot.com/)"
157.173.118.203 - - [27/Apr/2025:09:33:04 -0400] "GET /about.php?action=edit&file=b8f84717211f824caaeea58189843fc250bdac&path=//lib/.build-id/87 HTTP/1.1" 200 3973 "-" "Mozilla/5.0 (compatible; MJ12bot/v1.4.8; http://mj12bot.com/)"
62.171.150.240 - - [27/Apr/2025:09:33:05 -0400] "GET /about.php?action=edit&file=cf4ec87e88cadb7c60bed40ee3ee6c1acc9907&path=//lib/.build-id/b8 HTTP/1.1" 200 73519 "-" "Mozilla/5.0 (compatible; MJ12bot/v1.4.8; http://mj12bot.com/)"
157.173.118.203 - - [27/Apr/2025:09:33:06 -0400] "GET /about.php?action=edit&file=b900b88f544d1e7a920d40092b239a58a4ca17&path=//lib/.build-id/32 HTTP/1.1" 200 7664 "-" "Mozilla/5.0 (compatible; MJ12bot/v1.4.8; http://mj12bot.com/)"
62.171.150.240 - - [27/Apr/2025:09:33:07 -0400] "GET /about.php?action=edit&file=cf4fc3fe126766d8faf104edae7ab7f12da205&path=//lib/.build-id/fc HTTP/1.1" 200 8604 "-" "Mozilla/5.0 (compatible; MJ12bot/v1.4.8; http://mj12bot.com/)"
157.173.118.203 - - [27/Apr/2025:09:33:08 -0400] "GET /about.php?action=edit&file=b903c659faa85b6bcfef5d08c1a2cf22711234&path=//lib/.build-id/68 HTTP/1.1" 200 4601 "-" "Mozilla/5.0 (compatible; MJ12bot/v1.4.8; http://mj12bot.com/)"
62.171.150.240 - - [27/Apr/2025:09:33:08 -0400] "GET /about.php?action=edit&file=cf53a01894740e8719dcc7d04631f462f6b379&path=//lib/.build-id/6e HTTP/1.1" 200 479 "-" "Mozilla/5.0 (compatible; MJ12bot/v1.4.8; http://mj12bot.com/)"
157.173.118.203 - - [27/Apr/2025:09:33:10 -0400] "GET /about.php?action=edit&file=b908048309e487c66bf389ca0beadf7e99cd71&path=//lib/.build-id/8a HTTP/1.1" 200 73231 "-" "Mozilla/5.0 (compatible; MJ12bot/v1.4.8; http://mj12bot.com/)"
62.171.150.240 - - [27/Apr/2025:09:33:10 -0400] "GET /about.php?action=edit&file=cf554e6fb343cad95b4c0ed2dfd2c64869725b&path=//lib/.build-id/00 HTTP/1.1" 200 110863 "-" "Mozilla/5.0 (compatible; MJ12bot/v1.4.8; http://mj12bot.com/)"
62.171.150.240 - - [27/Apr/2025:09:33:12 -0400] "GET /about.php?action=edit&file=cf5b96100319b469031128778339c05ac52542&path=//lib/.build-id/ab HTTP/1.1" 200 32515 "-" "Mozilla/5.0 (compatible; MJ12bot/v1.4.8; http://mj12bot.com/)"
157.173.118.203 - - [27/Apr/2025:09:33:12 -0400] "GET /about.php?action=edit&file=b90bddf15763325248a2a5f9a5c193a2b534f3&path=//lib/.build-id/76 HTTP/1.1" 200 4202 "-" "Mozilla/5.0 (compatible; MJ12bot/v1.4.8; http://mj12bot.com/)"
62.171.150.240 - - [27/Apr/2025:09:33:14 -0400] "GET /about.php?action=edit&file=cf63688e9dc356ef1d5040448c3ce7befe8698&path=//lib/.build-id/5e HTTP/1.1" 200 7676 "-" "Mozilla/5.0 (compatible; MJ12bot/v1.4.8; http://mj12bot.com/)"
157.173.118.203 - - [27/Apr/2025:09:33:15 -0400] "GET /about.php?action=edit&file=b9561472b93bf2ce3037a7b09d86bdd961ad24&path=//lib/.build-id/1d HTTP/1.1" 200 5507 "-" "Mozilla/5.0 (compatible; MJ12bot/v1.4.8; http://mj12bot.com/)"
62.171.150.240 - - [27/Apr/2025:09:33:15 -0400] "GET /about.php?action=edit&file=cf73e1f5da30ae559059aac9868be3ac503fcc&path=//lib/.build-id/f8 HTTP/1.1" 200 4048 "-" "Mozilla/5.0 (compatible; MJ12bot/v1.4.8; http://mj12bot.com/)"
157.173.118.203 - - [27/Apr/2025:09:33:17 -0400] "GET /about.php?action=edit&file=b957e5f253e541bcb361202b6aa518a129f214&path=//lib/.build-id/c1 HTTP/1.1" 200 8569 "-" "Mozilla/5.0 (compatible; MJ12bot/v1.4.8; http://mj12bot.com/)"
62.171.150.240 - - [27/Apr/2025:09:33:17 -0400] "GET /about.php?action=edit&file=cf8381.bin&path=//lib/firmware/libertas HTTP/1.1" 200 61478 "-" "Mozilla/5.0 (compatible; MJ12bot/v1.4.8; http://mj12bot.com/)"
157.173.118.203 - - [27/Apr/2025:09:33:19 -0400] "GET /about.php?action=edit&file=b95d7e2d89f6a519475cd594c15c35772833d2&path=//lib/.build-id/04 HTTP/1.1" 200 4539 "-" "Mozilla/5.0 (compatible; MJ12bot/v1.4.8; http://mj12bot.com/)"
62.171.150.240 - - [27/Apr/2025:09:33:19 -0400] "GET /about.php?action=edit&file=cf8381_helper.bin&path=//lib/firmware/libertas HTTP/1.1" 200 1922 "-" "Mozilla/5.0 (compatible; MJ12bot/v1.4.8; http://mj12bot.com/)"
157.173.118.203 - - [27/Apr/2025:09:33:20 -0400] "GET /about.php?action=edit&file=b96128f17ffef7bb4b13dce2d1858fd7becb74&path=//lib/.build-id/ee HTTP/1.1" 200 9473 "-" "Mozilla/5.0 (compatible; MJ12bot/v1.4.8; http://mj12bot.com/)"
62.171.150.240 - - [27/Apr/2025:09:33:21 -0400] "GET /about.php?action=edit&file=cf8385.bin&path=//lib/firmware/libertas HTTP/1.1" 200 62753 "-" "Mozilla/5.0 (compatible; MJ12bot/v1.4.8; http://mj12bot.com/)"
157.173.118.203 - - [27/Apr/2025:09:33:22 -0400] "GET /about.php?action=edit&file=b96f2b669648f7fb1172bf7c14e40b65f09766&path=//lib/.build-id/f7 HTTP/1.1" 200 479 "-" "Mozilla/5.0 (compatible; MJ12bot/v1.4.8; http://mj12bot.com/)"
62.171.150.240 - - [27/Apr/2025:09:33:23 -0400] "GET /about.php?action=edit&file=cf8385_helper.bin&path=//lib/firmware/libertas HTTP/1.1" 200 1918 "-" "Mozilla/5.0 (compatible; MJ12bot/v1.4.8; http://mj12bot.com/)"
62.171.150.240 - - [27/Apr/2025:09:33:24 -0400] "GET /about.php?action=edit&file=cf8d20342ea4eac5d79705c6306fff148d9c0a&path=//lib/.build-id/90 HTTP/1.1" 200 291370 "-" "Mozilla/5.0 (compatible; MJ12bot/v1.4.8; http://mj12bot.com/)"
62.171.150.240 - - [27/Apr/2025:09:33:27 -0400] "GET /about.php?action=edit&file=cf9366d2d9d588adc2da0eacd1470f0cf389ce&path=//lib/.build-id/64 HTTP/1.1" 200 98188 "-" "Mozilla/5.0 (compatible; MJ12bot/v1.4.8; http://mj12bot.com/)"
62.171.150.240 - - [27/Apr/2025:09:33:29 -0400] "GET /about.php?action=edit&file=cfb545fd783e84b03e5210170190173b0288da&path=//lib/.build-id/e6 HTTP/1.1" 200 8265 "-" "Mozilla/5.0 (compatible; MJ12bot/v1.4.8; http://mj12bot.com/)"
171.244.32.203 - - [27/Apr/2025:09:33:29 -0400] "GET /wp-login.php HTTP/1.1" 200 1882 "-" "Mozilla/5.0 (Windows NT 10.0; Win64; x64) AppleWebKit/537.36 (KHTML, like Gecko) Chrome/130.0.0.0 Safari/537.36"
62.171.150.240 - - [27/Apr/2025:09:33:31 -0400] "GET /about.php?action=edit&file=cfc1b8359e26851a970d754ecca912d133edb0&path=//lib/.build-id/45 HTTP/1.1" 200 8815 "-" "Mozilla/5.0 (compatible; MJ12bot/v1.4.8; http://mj12bot.com/)"
62.171.150.240 - - [27/Apr/2025:09:33:33 -0400] "GET /about.php?action=edit&file=cfc6faad333df815a48bbdac1e16715e829b57&path=//lib/.build-id/b0 HTTP/1.1" 200 30284 "-" "Mozilla/5.0 (compatible; MJ12bot/v1.4.8; http://mj12bot.com/)"
62.171.150.240 - - [27/Apr/2025:09:33:34 -0400] "GET /about.php?action=edit&file=cfd81f80fe1e3cab228705f78f2b0ee6b46515&path=//lib/.build-id/a8 HTTP/1.1" 200 10957 "-" "Mozilla/5.0 (compatible; MJ12bot/v1.4.8; http://mj12bot.com/)"
62.171.150.240 - - [27/Apr/2025:09:33:36 -0400] "GET /about.php?action=edit&file=cfea8207289d39fca6b441aaacb8e8edd0ed3f&path=//lib/.build-id/98 HTTP/1.1" 200 36547 "-" "Mozilla/5.0 (compatible; MJ12bot/v1.4.8; http://mj12bot.com/)"
62.171.150.240 - - [27/Apr/2025:09:33:38 -0400] "GET /about.php?action=edit&file=cfengine.xml&path=//lib/firewalld/services HTTP/1.1" 200 671 "-" "Mozilla/5.0 (compatible; MJ12bot/v1.4.8; http://mj12bot.com/)"
62.171.150.240 - - [27/Apr/2025:09:33:40 -0400] "GET /about.php?action=edit&file=cff0b8765f56ec961409e8463ccf0bf22a4a4c&path=//lib/.build-id/a2 HTTP/1.1" 200 4073 "-" "Mozilla/5.0 (compatible; MJ12bot/v1.4.8; http://mj12bot.com/)"
62.171.150.240 - - [27/Apr/2025:09:33:42 -0400] "GET /about.php?action=edit&file=cff9a7b615169d2e2f237d89ecd015ac9f6222&path=//lib/.build-id/a2 HTTP/1.1" 200 4701 "-" "Mozilla/5.0 (compatible; MJ12bot/v1.4.8; http://mj12bot.com/)"
62.171.150.240 - - [27/Apr/2025:09:33:43 -0400] "GET /about.php?action=edit&file=cffb4d435ab8701882788704e8c939c5196c82&path=//lib/.build-id/c6 HTTP/1.1" 200 274571 "-" "Mozilla/5.0 (compatible; MJ12bot/v1.4.8; http://mj12bot.com/)"
62.171.150.240 - - [27/Apr/2025:09:33:46 -0400] "GET /about.php?action=edit&file=cffbdb42264901f14504a3afc7a8da776320b0&path=//lib/.build-id/95 HTTP/1.1" 200 106006 "-" "Mozilla/5.0 (compatible; MJ12bot/v1.4.8; http://mj12bot.com/)"
62.171.150.240 - - [27/Apr/2025:09:33:48 -0400] "GET /about.php?action=edit&file=chain.mod&path=//lib/grub/i386-pc HTTP/1.1" 200 2335 "-" "Mozilla/5.0 (compatible; MJ12bot/v1.4.8; http://mj12bot.com/)"
50.6.203.53 - - [27/Apr/2025:09:33:49 -0400] "GET /wp-login.php HTTP/1.1" 200 1882 "-" "Mozilla/5.0 (Windows NT 10.0; Win64; x64) AppleWebKit/537.36 (KHTML, like Gecko) Chrome/130.0.0.0 Safari/537.36"
62.171.150.240 - - [27/Apr/2025:09:33:49 -0400] "GET /about.php?action=edit&file=chrony-dnssrv@.service&path=//lib/systemd/system HTTP/1.1" 200 678 "-" "Mozilla/5.0 (compatible; MJ12bot/v1.4.8; http://mj12bot.com/)"
50.6.203.53 - - [27/Apr/2025:09:33:50 -0400] "POST /wp-login.php HTTP/1.1" 200 1967 "https://drshahidchudhary.com/wp-login.php" "Mozilla/5.0 (Windows NT 10.0; Win64; x64) AppleWebKit/537.36 (KHTML, like Gecko) Chrome/130.0.0.0 Safari/537.36"
62.171.150.240 - - [27/Apr/2025:09:33:51 -0400] "GET /about.php?action=edit&file=chrony-dnssrv@.timer&path=//lib/systemd/system HTTP/1.1" 200 655 "-" "Mozilla/5.0 (compatible; MJ12bot/v1.4.8; http://mj12bot.com/)"
62.171.150.240 - - [27/Apr/2025:09:33:53 -0400] "GET /about.php?action=edit&file=chrony-wait.service&path=//lib/systemd/system HTTP/1.1" 200 828 "-" "Mozilla/5.0 (compatible; MJ12bot/v1.4.8; http://mj12bot.com/)"
195.224.191.196 - - [27/Apr/2025:09:33:53 -0400] "GET /wp-login.php HTTP/1.1" 200 1882 "-" "Mozilla/5.0 (Windows NT 10.0; Win64; x64) AppleWebKit/537.36 (KHTML, like Gecko) Chrome/130.0.0.0 Safari/537.36"
66.29.132.124 - - [27/Apr/2025:09:33:54 -0400] "POST /wp-cron.php?doing_wp_cron=1745760834.2351310253143310546875 HTTP/1.1" 403 1242 "-" "WordPress/6.8; https://drshahidchudhary.com"
195.224.191.196 - - [27/Apr/2025:09:33:54 -0400] "POST /wp-login.php HTTP/1.1" 200 1967 "https://drshahidchudhary.com/wp-login.php" "Mozilla/5.0 (Windows NT 10.0; Win64; x64) AppleWebKit/537.36 (KHTML, like Gecko) Chrome/130.0.0.0 Safari/537.36"
62.171.150.240 - - [27/Apr/2025:09:33:54 -0400] "GET /about.php?action=edit&file=chronyd.service&path=//lib/systemd/system HTTP/1.1" 200 845 "-" "Mozilla/5.0 (compatible; MJ12bot/v1.4.8; http://mj12bot.com/)"
62.171.150.240 - - [27/Apr/2025:09:33:56 -0400] "GET /about.php?action=edit&file=cmbtfw12.tlv&path=//lib/firmware/qca HTTP/1.1" 200 32403 "-" "Mozilla/5.0 (compatible; MJ12bot/v1.4.8; http://mj12bot.com/)"
203.159.92.34 - - [27/Apr/2025:09:33:57 -0400] "GET /wp-login.php HTTP/1.1" 200 1882 "-" "Mozilla/5.0 (Windows NT 10.0; Win64; x64) AppleWebKit/537.36 (KHTML, like Gecko) Chrome/130.0.0.0 Safari/537.36"
62.171.150.240 - - [27/Apr/2025:09:33:58 -0400] "GET /about.php?action=edit&file=cmbtfw13.tlv&path=//lib/firmware/qca HTTP/1.1" 200 15323 "-" "Mozilla/5.0 (compatible; MJ12bot/v1.4.8; http://mj12bot.com/)"
203.159.92.34 - - [27/Apr/2025:09:33:58 -0400] "POST /wp-login.php HTTP/1.1" 200 1967 "https://drshahidchudhary.com/wp-login.php" "Mozilla/5.0 (Windows NT 10.0; Win64; x64) AppleWebKit/537.36 (KHTML, like Gecko) Chrome/130.0.0.0 Safari/537.36"
62.171.150.240 - - [27/Apr/2025:09:34:00 -0400] "GET /about.php?action=edit&file=cmdline_cat_test.mod&path=//lib/grub/i386-pc HTTP/1.1" 200 1816 "-" "Mozilla/5.0 (compatible; MJ12bot/v1.4.8; http://mj12bot.com/)"
62.171.150.240 - - [27/Apr/2025:09:34:01 -0400] "GET /about.php?action=edit&file=cml_guc_33.0.0.bin&path=//lib/firmware/i915 HTTP/1.1" 200 78263 "-" "Mozilla/5.0 (compatible; MJ12bot/v1.4.8; http://mj12bot.com/)"
62.171.150.240 - - [27/Apr/2025:09:34:03 -0400] "GET /about.php?action=edit&file=cml_guc_49.0.1.bin&path=//lib/firmware/i915 HTTP/1.1" 200 80469 "-" "Mozilla/5.0 (compatible; MJ12bot/v1.4.8; http://mj12bot.com/)"
62.171.150.240 - - [27/Apr/2025:09:34:05 -0400] "GET /about.php?action=edit&file=cml_guc_62.0.0.bin&path=//lib/firmware/i915 HTTP/1.1" 200 85577 "-" "Mozilla/5.0 (compatible; MJ12bot/v1.4.8; http://mj12bot.com/)"
92.53.96.29 - - [27/Apr/2025:09:34:06 -0400] "GET /wp-login.php HTTP/1.1" 200 1882 "-" "Mozilla/5.0 (Windows NT 10.0; Win64; x64) AppleWebKit/537.36 (KHTML, like Gecko) Chrome/130.0.0.0 Safari/537.36"
92.53.96.29 - - [27/Apr/2025:09:34:06 -0400] "POST /wp-login.php HTTP/1.1" 200 1967 "https://drshahidchudhary.com/wp-login.php" "Mozilla/5.0 (Windows NT 10.0; Win64; x64) AppleWebKit/537.36 (KHTML, like Gecko) Chrome/130.0.0.0 Safari/537.36"
62.171.150.240 - - [27/Apr/2025:09:34:07 -0400] "GET /about.php?action=edit&file=cml_guc_69.0.3.bin&path=//lib/firmware/i915 HTTP/1.1" 200 94560 "-" "Mozilla/5.0 (compatible; MJ12bot/v1.4.8; http://mj12bot.com/)"
62.171.150.240 - - [27/Apr/2025:09:34:09 -0400] "GET /about.php?action=edit&file=cml_guc_70.1.1.bin&path=//lib/firmware/i915 HTTP/1.1" 200 87667 "-" "Mozilla/5.0 (compatible; MJ12bot/v1.4.8; http://mj12bot.com/)"
62.171.150.240 - - [27/Apr/2025:09:34:11 -0400] "GET /about.php?action=edit&file=cml_huc_4.0.0.bin&path=//lib/firmware/i915 HTTP/1.1" 200 71956 "-" "Mozilla/5.0 (compatible; MJ12bot/v1.4.8; http://mj12bot.com/)"
157.230.37.18 - - [27/Apr/2025:09:34:12 -0400] "GET /wp-login.php HTTP/1.1" 200 1882 "-" "Mozilla/5.0 (Windows NT 10.0; Win64; x64) AppleWebKit/537.36 (KHTML, like Gecko) Chrome/130.0.0.0 Safari/537.36"
157.230.37.18 - - [27/Apr/2025:09:34:13 -0400] "POST /wp-login.php HTTP/1.1" 200 1967 "https://drshahidchudhary.com/wp-login.php" "Mozilla/5.0 (Windows NT 10.0; Win64; x64) AppleWebKit/537.36 (KHTML, like Gecko) Chrome/130.0.0.0 Safari/537.36"
62.171.150.240 - - [27/Apr/2025:09:34:13 -0400] "GET /about.php?action=edit&file=cmnv12.bin&path=//lib/firmware/qca HTTP/1.1" 200 1971 "-" "Mozilla/5.0 (compatible; MJ12bot/v1.4.8; http://mj12bot.com/)"
62.171.150.240 - - [27/Apr/2025:09:34:15 -0400] "GET /about.php?action=edit&file=cmnv13.bin&path=//lib/firmware/qca HTTP/1.1" 200 1471 "-" "Mozilla/5.0 (compatible; MJ12bot/v1.4.8; http://mj12bot.com/)"
154.12.230.148 - - [27/Apr/2025:09:34:15 -0400] "GET /wp-login.php HTTP/1.1" 200 1882 "-" "Mozilla/5.0 (Windows NT 10.0; Win64; x64) AppleWebKit/537.36 (KHTML, like Gecko) Chrome/130.0.0.0 Safari/537.36"
154.12.230.148 - - [27/Apr/2025:09:34:16 -0400] "POST /wp-login.php HTTP/1.1" 200 1967 "https://drshahidchudhary.com/wp-login.php" "Mozilla/5.0 (Windows NT 10.0; Win64; x64) AppleWebKit/537.36 (KHTML, like Gecko) Chrome/130.0.0.0 Safari/537.36"
62.171.150.240 - - [27/Apr/2025:09:34:17 -0400] "GET /about.php?action=edit&file=cmnv13s.bin&path=//lib/firmware/qca HTTP/1.1" 200 1471 "-" "Mozilla/5.0 (compatible; MJ12bot/v1.4.8; http://mj12bot.com/)"
62.171.150.240 - - [27/Apr/2025:09:34:18 -0400] "GET /about.php?action=edit&file=cmnv13t.bin&path=//lib/firmware/qca HTTP/1.1" 200 1473 "-" "Mozilla/5.0 (compatible; MJ12bot/v1.4.8; http://mj12bot.com/)"
62.171.150.240 - - [27/Apr/2025:09:34:20 -0400] "GET /about.php?action=edit&file=cmosdump.mod&path=//lib/grub/i386-pc HTTP/1.1" 200 1221 "-" "Mozilla/5.0 (compatible; MJ12bot/v1.4.8; http://mj12bot.com/)"
62.171.150.240 - - [27/Apr/2025:09:34:22 -0400] "GET /about.php?action=edit&file=cmostest.mod&path=//lib/grub/i386-pc HTTP/1.1" 200 1556 "-" "Mozilla/5.0 (compatible; MJ12bot/v1.4.8; http://mj12bot.com/)"
62.171.150.240 - - [27/Apr/2025:09:34:23 -0400] "GET /about.php?action=edit&file=cmp.mod&path=//lib/grub/i386-pc HTTP/1.1" 200 1610 "-" "Mozilla/5.0 (compatible; MJ12bot/v1.4.8; http://mj12bot.com/)"
162.241.126.57 - - [27/Apr/2025:09:34:23 -0400] "GET /wp-login.php HTTP/1.1" 200 1882 "-" "Mozilla/5.0 (Windows NT 10.0; Win64; x64) AppleWebKit/537.36 (KHTML, like Gecko) Chrome/130.0.0.0 Safari/537.36"
62.171.150.240 - - [27/Apr/2025:09:34:25 -0400] "GET /about.php?action=edit&file=cmp_test.mod&path=//lib/grub/i386-pc HTTP/1.1" 200 2376 "-" "Mozilla/5.0 (compatible; MJ12bot/v1.4.8; http://mj12bot.com/)"
162.241.126.57 - - [27/Apr/2025:09:34:26 -0400] "POST /wp-login.php HTTP/1.1" 200 1967 "https://drshahidchudhary.com/wp-login.php" "Mozilla/5.0 (Windows NT 10.0; Win64; x64) AppleWebKit/537.36 (KHTML, like Gecko) Chrome/130.0.0.0 Safari/537.36"
62.171.150.240 - - [27/Apr/2025:09:34:27 -0400] "GET /about.php?action=edit&file=cnl_dmc_ver1_06.bin&path=//lib/firmware/i915 HTTP/1.1" 200 4047 "-" "Mozilla/5.0 (compatible; MJ12bot/v1.4.8; http://mj12bot.com/)"
62.171.150.240 - - [27/Apr/2025:09:34:28 -0400] "GET /about.php?action=edit&file=cnl_dmc_ver1_07.bin&path=//lib/firmware/i915 HTTP/1.1" 200 4073 "-" "Mozilla/5.0 (compatible; MJ12bot/v1.4.8; http://mj12bot.com/)"
62.171.150.240 - - [27/Apr/2025:09:34:30 -0400] "GET /about.php?action=edit&file=cnn55xx_ae.fw&path=//lib/firmware/cavium HTTP/1.1" 200 10381 "-" "Mozilla/5.0 (compatible; MJ12bot/v1.4.8; http://mj12bot.com/)"
62.171.150.240 - - [27/Apr/2025:09:34:32 -0400] "GET /about.php?action=edit&file=cnn55xx_se.fw&path=//lib/firmware/cavium HTTP/1.1" 200 22707 "-" "Mozilla/5.0 (compatible; MJ12bot/v1.4.8; http://mj12bot.com/)"
62.171.150.240 - - [27/Apr/2025:09:34:34 -0400] "GET /about.php?action=edit&file=cockpit.xml&path=//lib/firewalld/services HTTP/1.1" 200 698 "-" "Mozilla/5.0 (compatible; MJ12bot/v1.4.8; http://mj12bot.com/)"
62.171.150.240 - - [27/Apr/2025:09:34:35 -0400] "GET /about.php?action=edit&file=collectd.xml&path=//lib/firewalld/services HTTP/1.1" 200 738 "-" "Mozilla/5.0 (compatible; MJ12bot/v1.4.8; http://mj12bot.com/)"
62.171.150.240 - - [27/Apr/2025:09:34:37 -0400] "GET /about.php?action=edit&file=command.lst&path=//lib/grub/i386-pc HTTP/1.1" 200 2053 "-" "Mozilla/5.0 (compatible; MJ12bot/v1.4.8; http://mj12bot.com/)"
62.171.150.240 - - [27/Apr/2025:09:34:39 -0400] "GET /about.php?action=edit&file=communication-prohibited.xml&path=//lib/firewalld/icmptypes HTTP/1.1" 200 706 "-" "Mozilla/5.0 (compatible; MJ12bot/v1.4.8; http://mj12bot.com/)"
62.171.150.240 - - [27/Apr/2025:09:34:41 -0400] "GET /about.php?action=edit&file=composer.json&path=//home/makmfewe/.trash HTTP/1.1" 200 1335 "-" "Mozilla/5.0 (compatible; MJ12bot/v1.4.8; http://mj12bot.com/)"
103.154.185.152 - - [27/Apr/2025:09:34:42 -0400] "GET /wp-login.php HTTP/1.1" 200 1882 "-" "Mozilla/5.0 (Windows NT 10.0; Win64; x64) AppleWebKit/537.36 (KHTML, like Gecko) Chrome/130.0.0.0 Safari/537.36"
62.171.150.240 - - [27/Apr/2025:09:34:42 -0400] "GET /about.php?action=edit&file=composer.json&path=//home/makmfewe/frugilo.com HTTP/1.1" 200 1335 "-" "Mozilla/5.0 (compatible; MJ12bot/v1.4.8; http://mj12bot.com/)"
62.171.150.240 - - [27/Apr/2025:09:34:44 -0400] "GET /about.php?action=edit&file=composer.lock&path=//home/makmfewe/.trash HTTP/1.1" 200 39154 "-" "Mozilla/5.0 (compatible; MJ12bot/v1.4.8; http://mj12bot.com/)"
103.154.185.152 - - [27/Apr/2025:09:34:44 -0400] "POST /wp-login.php HTTP/1.1" 200 1967 "https://drshahidchudhary.com/wp-login.php" "Mozilla/5.0 (Windows NT 10.0; Win64; x64) AppleWebKit/537.36 (KHTML, like Gecko) Chrome/130.0.0.0 Safari/537.36"
62.171.150.240 - - [27/Apr/2025:09:34:46 -0400] "GET /about.php?action=edit&file=composer.lock&path=//home/makmfewe/frugilo.com HTTP/1.1" 200 39163 "-" "Mozilla/5.0 (compatible; MJ12bot/v1.4.8; http://mj12bot.com/)"
62.219.106.108 - - [27/Apr/2025:09:34:47 -0400] "GET /wp-login.php HTTP/1.1" 200 1882 "-" "Mozilla/5.0 (Windows NT 10.0; Win64; x64) AppleWebKit/537.36 (KHTML, like Gecko) Chrome/130.0.0.0 Safari/537.36"
62.171.150.240 - - [27/Apr/2025:09:34:47 -0400] "GET /about.php?action=edit&file=condor-collector.xml&path=//lib/firewalld/services HTTP/1.1" 200 726 "-" "Mozilla/5.0 (compatible; MJ12bot/v1.4.8; http://mj12bot.com/)"
62.219.106.108 - - [27/Apr/2025:09:34:48 -0400] "POST /wp-login.php HTTP/1.1" 200 1967 "https://drshahidchudhary.com/wp-login.php" "Mozilla/5.0 (Windows NT 10.0; Win64; x64) AppleWebKit/537.36 (KHTML, like Gecko) Chrome/130.0.0.0 Safari/537.36"
62.171.150.240 - - [27/Apr/2025:09:34:49 -0400] "GET /about.php?action=edit&file=config&path=//lib/modules/4.18.0-513.18.1.lve.el8.x86_64 HTTP/1.1" 200 49656 "-" "Mozilla/5.0 (compatible; MJ12bot/v1.4.8; http://mj12bot.com/)"
62.171.150.240 - - [27/Apr/2025:09:34:51 -0400] "GET /about.php?action=edit&file=config&path=//lib/modules/4.18.0-553.44.1.lve.el8.x86_64 HTTP/1.1" 200 49705 "-" "Mozilla/5.0 (compatible; MJ12bot/v1.4.8; http://mj12bot.com/)"
62.171.150.240 - - [27/Apr/2025:09:34:53 -0400] "GET /about.php?action=edit&file=config&path=//lib/modules/4.18.0-553.lve.el8.x86_64 HTTP/1.1" 200 49619 "-" "Mozilla/5.0 (compatible; MJ12bot/v1.4.8; http://mj12bot.com/)"
62.171.150.240 - - [27/Apr/2025:09:34:55 -0400] "GET /about.php?action=edit&file=config.guess&path=//lib/rpm/redhat HTTP/1.1" 200 14217 "-" "Mozilla/5.0 (compatible; MJ12bot/v1.4.8; http://mj12bot.com/)"
62.171.150.240 - - [27/Apr/2025:09:34:57 -0400] "GET /about.php?action=edit&file=config.h&path=//lib/grub/i386-pc HTTP/1.1" 200 1330 "-" "Mozilla/5.0 (compatible; MJ12bot/v1.4.8; http://mj12bot.com/)"
62.171.150.240 - - [27/Apr/2025:09:34:59 -0400] "GET /about.php?action=edit&file=config.sub&path=//lib/rpm/redhat HTTP/1.1" 200 11308 "-" "Mozilla/5.0 (compatible; MJ12bot/v1.4.8; http://mj12bot.com/)"
62.171.150.240 - - [27/Apr/2025:09:35:01 -0400] "GET /about.php?action=edit&file=configfile.mod&path=//lib/grub/i386-pc HTTP/1.1" 200 1458 "-" "Mozilla/5.0 (compatible; MJ12bot/v1.4.8; http://mj12bot.com/)"
62.171.150.240 - - [27/Apr/2025:09:35:03 -0400] "GET /about.php?action=edit&file=configure&path=//lib/node_modules/npm HTTP/1.1" 200 873 "-" "Mozilla/5.0 (compatible; MJ12bot/v1.4.8; http://mj12bot.com/)"
85.10.157.167 - - [27/Apr/2025:09:35:04 -0400] "GET /wp-login.php HTTP/1.1" 200 1882 "-" "Mozilla/5.0 (Windows NT 10.0; Win64; x64) AppleWebKit/537.36 (KHTML, like Gecko) Chrome/130.0.0.0 Safari/537.36"
62.171.150.240 - - [27/Apr/2025:09:35:05 -0400] "GET /about.php?action=edit&file=console-getty.service&path=//lib/systemd/system HTTP/1.1" 200 1172 "-" "Mozilla/5.0 (compatible; MJ12bot/v1.4.8; http://mj12bot.com/)"
62.171.150.240 - - [27/Apr/2025:09:35:06 -0400] "GET /about.php?action=edit&file=contact.html&path=//home/makmfewe/intellivisions.arsn.media HTTP/1.1" 200 3620 "-" "Mozilla/5.0 (compatible; MJ12bot/v1.4.8; http://mj12bot.com/)"
66.29.132.124 - - [27/Apr/2025:09:35:07 -0400] "POST /wp-cron.php?doing_wp_cron=1745760907.2866170406341552734375 HTTP/1.1" 403 1242 "-" "WordPress/6.8; https://drshahidchudhary.com"
85.10.157.167 - - [27/Apr/2025:09:35:06 -0400] "POST /wp-login.php HTTP/1.1" 200 1967 "https://drshahidchudhary.com/wp-login.php" "Mozilla/5.0 (Windows NT 10.0; Win64; x64) AppleWebKit/537.36 (KHTML, like Gecko) Chrome/130.0.0.0 Safari/537.36"
62.171.150.240 - - [27/Apr/2025:09:35:08 -0400] "GET /about.php?action=edit&file=contactinfo&path=//home/makmfewe/.cpanel HTTP/1.1" 200 790 "-" "Mozilla/5.0 (compatible; MJ12bot/v1.4.8; http://mj12bot.com/)"
62.171.150.240 - - [27/Apr/2025:09:35:10 -0400] "GET /about.php?action=edit&file=container-getty@.service&path=//lib/systemd/system HTTP/1.1" 200 1248 "-" "Mozilla/5.0 (compatible; MJ12bot/v1.4.8; http://mj12bot.com/)"
212.56.32.188 - - [27/Apr/2025:09:35:11 -0400] "GET /wp-login.php HTTP/1.1" 200 1882 "-" "Mozilla/5.0 (Windows NT 10.0; Win64; x64) AppleWebKit/537.36 (KHTML, like Gecko) Chrome/130.0.0.0 Safari/537.36"
62.171.150.240 - - [27/Apr/2025:09:35:11 -0400] "GET /about.php?action=edit&file=cosmopolitanestates.com.arsn.media&path=//home/makmfewe/access-logs HTTP/1.1" 200 863 "-" "Mozilla/5.0 (compatible; MJ12bot/v1.4.8; http://mj12bot.com/)"
212.56.32.188 - - [27/Apr/2025:09:35:11 -0400] "POST /wp-login.php HTTP/1.1" 200 1967 "https://drshahidchudhary.com/wp-login.php" "Mozilla/5.0 (Windows NT 10.0; Win64; x64) AppleWebKit/537.36 (KHTML, like Gecko) Chrome/130.0.0.0 Safari/537.36"
62.171.150.240 - - [27/Apr/2025:09:35:13 -0400] "GET /about.php?action=edit&file=cosmopolitanestates.com.arsn.media-Apr-2025.gz&path=//home/makmfewe/logs HTTP/1.1" 200 39271 "-" "Mozilla/5.0 (compatible; MJ12bot/v1.4.8; http://mj12bot.com/)"
146.59.209.203 - - [27/Apr/2025:09:35:13 -0400] "GET /wp-login.php HTTP/1.1" 200 1882 "-" "Mozilla/5.0 (Windows NT 10.0; Win64; x64) AppleWebKit/537.36 (KHTML, like Gecko) Chrome/130.0.0.0 Safari/537.36"
146.59.209.203 - - [27/Apr/2025:09:35:14 -0400] "POST /wp-login.php HTTP/1.1" 200 1967 "https://drshahidchudhary.com/wp-login.php" "Mozilla/5.0 (Windows NT 10.0; Win64; x64) AppleWebKit/537.36 (KHTML, like Gecko) Chrome/130.0.0.0 Safari/537.36"
62.171.150.240 - - [27/Apr/2025:09:35:15 -0400] "GET /about.php?action=edit&file=cosmopolitanestates.com.arsn.media-ssl_log&path=//home/makmfewe/access-logs HTTP/1.1" 200 2401 "-" "Mozilla/5.0 (compatible; MJ12bot/v1.4.8; http://mj12bot.com/)"
62.171.150.240 - - [27/Apr/2025:09:35:17 -0400] "GET /about.php?action=edit&file=cosmopolitanestates.com.arsn.media-ssl_log-Apr-2025.gz&path=//home/makmfewe/logs HTTP/1.1" 200 132541 "-" "Mozilla/5.0 (compatible; MJ12bot/v1.4.8; http://mj12bot.com/)"
15.206.44.46 - - [27/Apr/2025:09:35:17 -0400] "GET /wp-login.php HTTP/1.1" 200 1882 "-" "Mozilla/5.0 (Windows NT 10.0; Win64; x64) AppleWebKit/537.36 (KHTML, like Gecko) Chrome/130.0.0.0 Safari/537.36"
15.206.44.46 - - [27/Apr/2025:09:35:18 -0400] "POST /wp-login.php HTTP/1.1" 200 1967 "https://drshahidchudhary.com/wp-login.php" "Mozilla/5.0 (Windows NT 10.0; Win64; x64) AppleWebKit/537.36 (KHTML, like Gecko) Chrome/130.0.0.0 Safari/537.36"
62.171.150.240 - - [27/Apr/2025:09:35:19 -0400] "GET /about.php?action=edit&file=cp1250.psfu.gz&path=//lib/kbd/consolefonts HTTP/1.1" 200 2424 "-" "Mozilla/5.0 (compatible; MJ12bot/v1.4.8; http://mj12bot.com/)"
62.171.150.240 - - [27/Apr/2025:09:35:20 -0400] "GET /about.php?action=edit&file=cp1250.uni&path=//lib/kbd/unimaps HTTP/1.1" 200 1944 "-" "Mozilla/5.0 (compatible; MJ12bot/v1.4.8; http://mj12bot.com/)"
62.171.150.240 - - [27/Apr/2025:09:35:22 -0400] "GET /about.php?action=edit&file=cp1250_to_uni.trans&path=//lib/kbd/consoletrans HTTP/1.1" 200 2943 "-" "Mozilla/5.0 (compatible; MJ12bot/v1.4.8; http://mj12bot.com/)"
103.115.19.31 - - [27/Apr/2025:09:35:23 -0400] "GET /wp-login.php HTTP/1.1" 200 1882 "-" "Mozilla/5.0 (Windows NT 10.0; Win64; x64) AppleWebKit/537.36 (KHTML, like Gecko) Chrome/130.0.0.0 Safari/537.36"
62.171.150.240 - - [27/Apr/2025:09:35:24 -0400] "GET /about.php?action=edit&file=cp1251_to_uni.trans&path=//lib/kbd/consoletrans HTTP/1.1" 200 2995 "-" "Mozilla/5.0 (compatible; MJ12bot/v1.4.8; http://mj12bot.com/)"
103.115.19.31 - - [27/Apr/2025:09:35:24 -0400] "POST /wp-login.php HTTP/1.1" 200 1967 "https://drshahidchudhary.com/wp-login.php" "Mozilla/5.0 (Windows NT 10.0; Win64; x64) AppleWebKit/537.36 (KHTML, like Gecko) Chrome/130.0.0.0 Safari/537.36"
62.171.150.240 - - [27/Apr/2025:09:35:26 -0400] "GET /about.php?action=edit&file=cp437.00-1f.uni&path=//lib/kbd/unimaps HTTP/1.1" 200 738 "-" "Mozilla/5.0 (compatible; MJ12bot/v1.4.8; http://mj12bot.com/)"
62.171.150.240 - - [27/Apr/2025:09:35:28 -0400] "GET /about.php?action=edit&file=cp437.uni&path=//lib/kbd/unimaps HTTP/1.1" 200 2288 "-" "Mozilla/5.0 (compatible; MJ12bot/v1.4.8; http://mj12bot.com/)"
62.171.150.240 - - [27/Apr/2025:09:35:29 -0400] "GET /about.php?action=edit&file=cp437_to_iso01.trans&path=//lib/kbd/consoletrans HTTP/1.1" 200 1111 "-" "Mozilla/5.0 (compatible; MJ12bot/v1.4.8; http://mj12bot.com/)"
62.171.150.240 - - [27/Apr/2025:09:35:31 -0400] "GET /about.php?action=edit&file=cp437_to_uni.trans&path=//lib/kbd/consoletrans HTTP/1.1" 200 3198 "-" "Mozilla/5.0 (compatible; MJ12bot/v1.4.8; http://mj12bot.com/)"
62.171.150.240 - - [27/Apr/2025:09:35:33 -0400] "GET /about.php?action=edit&file=cp737.uni&path=//lib/kbd/unimaps HTTP/1.1" 200 1938 "-" "Mozilla/5.0 (compatible; MJ12bot/v1.4.8; http://mj12bot.com/)"
209.74.89.150 - - [27/Apr/2025:09:35:34 -0400] "GET /wp-login.php HTTP/1.1" 200 1882 "-" "Mozilla/5.0 (Windows NT 10.0; Win64; x64) AppleWebKit/537.36 (KHTML, like Gecko) Chrome/130.0.0.0 Safari/537.36"
62.171.150.240 - - [27/Apr/2025:09:35:34 -0400] "GET /about.php?action=edit&file=cp737_to_uni.trans&path=//lib/kbd/consoletrans HTTP/1.1" 200 3030 "-" "Mozilla/5.0 (compatible; MJ12bot/v1.4.8; http://mj12bot.com/)"
209.74.89.150 - - [27/Apr/2025:09:35:34 -0400] "POST /wp-login.php HTTP/1.1" 200 1967 "https://drshahidchudhary.com/wp-login.php" "Mozilla/5.0 (Windows NT 10.0; Win64; x64) AppleWebKit/537.36 (KHTML, like Gecko) Chrome/130.0.0.0 Safari/537.36"
62.171.150.240 - - [27/Apr/2025:09:35:36 -0400] "GET /about.php?action=edit&file=cp737a.uni&path=//lib/kbd/unimaps HTTP/1.1" 200 2115 "-" "Mozilla/5.0 (compatible; MJ12bot/v1.4.8; http://mj12bot.com/)"
62.171.150.240 - - [27/Apr/2025:09:35:38 -0400] "GET /about.php?action=edit&file=cp737b.uni&path=//lib/kbd/unimaps HTTP/1.1" 200 2235 "-" "Mozilla/5.0 (compatible; MJ12bot/v1.4.8; http://mj12bot.com/)"
62.171.150.240 - - [27/Apr/2025:09:35:40 -0400] "GET /about.php?action=edit&file=cp737c.uni&path=//lib/kbd/unimaps HTTP/1.1" 200 2209 "-" "Mozilla/5.0 (compatible; MJ12bot/v1.4.8; http://mj12bot.com/)"
77.68.24.198 - - [27/Apr/2025:09:35:40 -0400] "GET /wp-login.php HTTP/1.1" 200 1882 "-" "Mozilla/5.0 (Windows NT 10.0; Win64; x64) AppleWebKit/537.36 (KHTML, like Gecko) Chrome/130.0.0.0 Safari/537.36"
62.171.150.240 - - [27/Apr/2025:09:35:41 -0400] "GET /about.php?action=edit&file=cp775_to_uni.trans&path=//lib/kbd/consoletrans HTTP/1.1" 200 3167 "-" "Mozilla/5.0 (compatible; MJ12bot/v1.4.8; http://mj12bot.com/)"
77.68.24.198 - - [27/Apr/2025:09:35:41 -0400] "POST /wp-login.php HTTP/1.1" 200 1967 "https://drshahidchudhary.com/wp-login.php" "Mozilla/5.0 (Windows NT 10.0; Win64; x64) AppleWebKit/537.36 (KHTML, like Gecko) Chrome/130.0.0.0 Safari/537.36"
62.171.150.240 - - [27/Apr/2025:09:35:43 -0400] "GET /about.php?action=edit&file=cp850-8x14.psfu.gz&path=//lib/kbd/consolefonts HTTP/1.1" 200 2478 "-" "Mozilla/5.0 (compatible; MJ12bot/v1.4.8; http://mj12bot.com/)"
62.171.150.240 - - [27/Apr/2025:09:35:44 -0400] "GET /about.php?action=edit&file=cp850-8x16.psfu.gz&path=//lib/kbd/consolefonts HTTP/1.1" 200 2499 "-" "Mozilla/5.0 (compatible; MJ12bot/v1.4.8; http://mj12bot.com/)"
62.171.150.240 - - [27/Apr/2025:09:35:46 -0400] "GET /about.php?action=edit&file=cp850-8x8.psfu.gz&path=//lib/kbd/consolefonts HTTP/1.1" 200 2333 "-" "Mozilla/5.0 (compatible; MJ12bot/v1.4.8; http://mj12bot.com/)"
62.171.150.240 - - [27/Apr/2025:09:35:48 -0400] "GET /about.php?action=edit&file=cp850.uni&path=//lib/kbd/unimaps HTTP/1.1" 200 2024 "-" "Mozilla/5.0 (compatible; MJ12bot/v1.4.8; http://mj12bot.com/)"
141.95.193.201 - - [27/Apr/2025:09:35:48 -0400] "GET /wp-login.php HTTP/1.1" 200 1882 "-" "Mozilla/5.0 (Windows NT 10.0; Win64; x64) AppleWebKit/537.36 (KHTML, like Gecko) Chrome/130.0.0.0 Safari/537.36"
62.171.150.240 - - [27/Apr/2025:09:35:49 -0400] "GET /about.php?action=edit&file=cp850_to_iso01.trans&path=//lib/kbd/consoletrans HTTP/1.1" 200 1076 "-" "Mozilla/5.0 (compatible; MJ12bot/v1.4.8; http://mj12bot.com/)"
62.171.150.240 - - [27/Apr/2025:09:35:51 -0400] "GET /about.php?action=edit&file=cp850_to_uni.trans&path=//lib/kbd/consoletrans HTTP/1.1" 200 3119 "-" "Mozilla/5.0 (compatible; MJ12bot/v1.4.8; http://mj12bot.com/)"
