195.191.219.133 - - [27/Apr/2025:09:13:35 -0400] "GET /about.php?action=edit&file=RS-COM-2P.cis&path=//lib/firmware/cis HTTP/1.1" 200 661 "-" "Mozilla/5.0 (compatible; MJ12bot/v2.0.0; http://mj12bot.com/)"
195.191.219.133 - - [27/Apr/2025:09:13:35 -0400] "GET /about.php?action=edit&file=RS600_cp.bin&path=//lib/firmware/radeon HTTP/1.1" 200 1297 "-" "Mozilla/5.0 (compatible; MJ12bot/v2.0.0; http://mj12bot.com/)"
195.191.219.133 - - [27/Apr/2025:09:13:36 -0400] "GET /about.php?action=edit&file=RS690_cp.bin&path=//lib/firmware/radeon HTTP/1.1" 200 1288 "-" "Mozilla/5.0 (compatible; MJ12bot/v2.0.0; http://mj12bot.com/)"
195.191.219.133 - - [27/Apr/2025:09:13:38 -0400] "GET /about.php?action=edit&file=RS780_me.bin&path=//lib/firmware/radeon HTTP/1.1" 200 5405 "-" "Mozilla/5.0 (compatible; MJ12bot/v2.0.0; http://mj12bot.com/)"
195.191.219.133 - - [27/Apr/2025:09:13:39 -0400] "GET /about.php?action=edit&file=RS780_pfp.bin&path=//lib/firmware/radeon HTTP/1.1" 200 1701 "-" "Mozilla/5.0 (compatible; MJ12bot/v2.0.0; http://mj12bot.com/)"
195.191.219.133 - - [27/Apr/2025:09:13:39 -0400] "GET /about.php?action=edit&file=RS780_uvd.bin&path=//lib/firmware/radeon HTTP/1.1" 200 54714 "-" "Mozilla/5.0 (compatible; MJ12bot/v2.0.0; http://mj12bot.com/)"
195.191.219.133 - - [27/Apr/2025:09:13:41 -0400] "GET /about.php?action=edit&file=RV610_me.bin&path=//lib/firmware/radeon HTTP/1.1" 200 5588 "-" "Mozilla/5.0 (compatible; MJ12bot/v2.0.0; http://mj12bot.com/)"
195.191.219.133 - - [27/Apr/2025:09:13:43 -0400] "GET /about.php?action=edit&file=RV610_pfp.bin&path=//lib/firmware/radeon HTTP/1.1" 200 1643 "-" "Mozilla/5.0 (compatible; MJ12bot/v2.0.0; http://mj12bot.com/)"
195.191.219.133 - - [27/Apr/2025:09:13:43 -0400] "GET /about.php?action=edit&file=RV620_me.bin&path=//lib/firmware/radeon HTTP/1.1" 200 5587 "-" "Mozilla/5.0 (compatible; MJ12bot/v2.0.0; http://mj12bot.com/)"
103.185.74.58 - - [27/Apr/2025:09:13:44 -0400] "GET /wp-login.php HTTP/1.1" 200 1882 "-" "Mozilla/5.0 (Windows NT 10.0; Win64; x64) AppleWebKit/537.36 (KHTML, like Gecko) Chrome/130.0.0.0 Safari/537.36"
195.191.219.133 - - [27/Apr/2025:09:13:44 -0400] "GET /about.php?action=edit&file=RV620_pfp.bin&path=//lib/firmware/radeon HTTP/1.1" 200 1643 "-" "Mozilla/5.0 (compatible; MJ12bot/v2.0.0; http://mj12bot.com/)"
195.191.219.133 - - [27/Apr/2025:09:13:47 -0400] "GET /about.php?action=edit&file=RV630_me.bin&path=//lib/firmware/radeon HTTP/1.1" 200 5557 "-" "Mozilla/5.0 (compatible; MJ12bot/v2.0.0; http://mj12bot.com/)"
195.191.219.133 - - [27/Apr/2025:09:13:47 -0400] "GET /about.php?action=edit&file=RV630_pfp.bin&path=//lib/firmware/radeon HTTP/1.1" 200 1643 "-" "Mozilla/5.0 (compatible; MJ12bot/v2.0.0; http://mj12bot.com/)"
103.185.74.58 - - [27/Apr/2025:09:13:47 -0400] "POST /wp-login.php HTTP/1.1" 200 1967 "https://drshahidchudhary.com/wp-login.php" "Mozilla/5.0 (Windows NT 10.0; Win64; x64) AppleWebKit/537.36 (KHTML, like Gecko) Chrome/130.0.0.0 Safari/537.36"
195.191.219.133 - - [27/Apr/2025:09:13:48 -0400] "GET /about.php?action=edit&file=RV635_me.bin&path=//lib/firmware/radeon HTTP/1.1" 200 5557 "-" "Mozilla/5.0 (compatible; MJ12bot/v2.0.0; http://mj12bot.com/)"
195.191.219.133 - - [27/Apr/2025:09:13:49 -0400] "GET /about.php?action=edit&file=RV635_pfp.bin&path=//lib/firmware/radeon HTTP/1.1" 200 1643 "-" "Mozilla/5.0 (compatible; MJ12bot/v2.0.0; http://mj12bot.com/)"
195.191.219.133 - - [27/Apr/2025:09:13:51 -0400] "GET /about.php?action=edit&file=RV670_me.bin&path=//lib/firmware/radeon HTTP/1.1" 200 5556 "-" "Mozilla/5.0 (compatible; MJ12bot/v2.0.0; http://mj12bot.com/)"
195.191.219.133 - - [27/Apr/2025:09:13:52 -0400] "GET /about.php?action=edit&file=RV670_pfp.bin&path=//lib/firmware/radeon HTTP/1.1" 200 1643 "-" "Mozilla/5.0 (compatible; MJ12bot/v2.0.0; http://mj12bot.com/)"
195.191.219.133 - - [27/Apr/2025:09:13:53 -0400] "GET /about.php?action=edit&file=RV710_me.bin&path=//lib/firmware/radeon HTTP/1.1" 200 2732 "-" "Mozilla/5.0 (compatible; MJ12bot/v2.0.0; http://mj12bot.com/)"
208.79.219.178 - - [27/Apr/2025:09:13:54 -0400] "GET /wp-login.php HTTP/1.1" 200 1882 "-" "Mozilla/5.0 (Windows NT 10.0; Win64; x64) AppleWebKit/537.36 (KHTML, like Gecko) Chrome/130.0.0.0 Safari/537.36"
195.191.219.133 - - [27/Apr/2025:09:13:54 -0400] "GET /about.php?action=edit&file=RV710_pfp.bin&path=//lib/firmware/radeon HTTP/1.1" 200 2032 "-" "Mozilla/5.0 (compatible; MJ12bot/v2.0.0; http://mj12bot.com/)"
195.191.219.133 - - [27/Apr/2025:09:13:56 -0400] "GET /about.php?action=edit&file=RV710_smc.bin&path=//lib/firmware/radeon HTTP/1.1" 200 7470 "-" "Mozilla/5.0 (compatible; MJ12bot/v2.0.0; http://mj12bot.com/)"
208.79.219.178 - - [27/Apr/2025:09:13:56 -0400] "POST /wp-login.php HTTP/1.1" 200 1967 "https://drshahidchudhary.com/wp-login.php" "Mozilla/5.0 (Windows NT 10.0; Win64; x64) AppleWebKit/537.36 (KHTML, like Gecko) Chrome/130.0.0.0 Safari/537.36"
195.191.219.133 - - [27/Apr/2025:09:13:59 -0400] "GET /about.php?action=edit&file=RV710_uvd.bin&path=//lib/firmware/radeon HTTP/1.1" 200 67036 "-" "Mozilla/5.0 (compatible; MJ12bot/v2.0.0; http://mj12bot.com/)"
195.191.219.133 - - [27/Apr/2025:09:14:00 -0400] "GET /about.php?action=edit&file=RV730_me.bin&path=//lib/firmware/radeon HTTP/1.1" 200 2724 "-" "Mozilla/5.0 (compatible; MJ12bot/v2.0.0; http://mj12bot.com/)"
195.191.219.133 - - [27/Apr/2025:09:14:01 -0400] "GET /about.php?action=edit&file=RV730_pfp.bin&path=//lib/firmware/radeon HTTP/1.1" 200 2034 "-" "Mozilla/5.0 (compatible; MJ12bot/v2.0.0; http://mj12bot.com/)"
195.191.219.133 - - [27/Apr/2025:09:14:02 -0400] "GET /about.php?action=edit&file=RV730_smc.bin&path=//lib/firmware/radeon HTTP/1.1" 200 7738 "-" "Mozilla/5.0 (compatible; MJ12bot/v2.0.0; http://mj12bot.com/)"
66.175.44.60 - - [27/Apr/2025:09:14:03 -0400] "GET /wp-login.php HTTP/1.1" 200 1882 "-" "Mozilla/5.0 (Windows NT 10.0; Win64; x64) AppleWebKit/537.36 (KHTML, like Gecko) Chrome/130.0.0.0 Safari/537.36"
195.191.219.133 - - [27/Apr/2025:09:14:03 -0400] "GET /about.php?action=edit&file=RV740_smc.bin&path=//lib/firmware/radeon HTTP/1.1" 200 7633 "-" "Mozilla/5.0 (compatible; MJ12bot/v2.0.0; http://mj12bot.com/)"
66.175.44.60 - - [27/Apr/2025:09:14:04 -0400] "POST /wp-login.php HTTP/1.1" 200 1967 "https://drshahidchudhary.com/wp-login.php" "Mozilla/5.0 (Windows NT 10.0; Win64; x64) AppleWebKit/537.36 (KHTML, like Gecko) Chrome/130.0.0.0 Safari/537.36"
194.163.180.93 - - [27/Apr/2025:09:14:05 -0400] "GET /wp-login.php HTTP/1.1" 200 1882 "-" "Mozilla/5.0 (Windows NT 10.0; Win64; x64) AppleWebKit/537.36 (KHTML, like Gecko) Chrome/130.0.0.0 Safari/537.36"
195.191.219.133 - - [27/Apr/2025:09:14:06 -0400] "GET /about.php?action=edit&file=RV770_me.bin&path=//lib/firmware/radeon HTTP/1.1" 200 2808 "-" "Mozilla/5.0 (compatible; MJ12bot/v2.0.0; http://mj12bot.com/)"
194.163.180.93 - - [27/Apr/2025:09:14:06 -0400] "POST /wp-login.php HTTP/1.1" 200 1967 "https://drshahidchudhary.com/wp-login.php" "Mozilla/5.0 (Windows NT 10.0; Win64; x64) AppleWebKit/537.36 (KHTML, like Gecko) Chrome/130.0.0.0 Safari/537.36"
195.191.219.133 - - [27/Apr/2025:09:14:06 -0400] "GET /about.php?action=edit&file=RV770_pfp.bin&path=//lib/firmware/radeon HTTP/1.1" 200 2083 "-" "Mozilla/5.0 (compatible; MJ12bot/v2.0.0; http://mj12bot.com/)"
195.191.219.133 - - [27/Apr/2025:09:14:08 -0400] "GET /about.php?action=edit&file=RV770_smc.bin&path=//lib/firmware/radeon HTTP/1.1" 200 7546 "-" "Mozilla/5.0 (compatible; MJ12bot/v2.0.0; http://mj12bot.com/)"
195.191.219.133 - - [27/Apr/2025:09:14:09 -0400] "GET /about.php?action=edit&file=RV770_uvd.bin&path=//lib/firmware/radeon HTTP/1.1" 200 54472 "-" "Mozilla/5.0 (compatible; MJ12bot/v2.0.0; http://mj12bot.com/)"
195.191.219.133 - - [27/Apr/2025:09:14:12 -0400] "GET /about.php?action=edit&file=SUMO2_me.bin&path=//lib/firmware/radeon HTTP/1.1" 200 3409 "-" "Mozilla/5.0 (compatible; MJ12bot/v2.0.0; http://mj12bot.com/)"
195.191.219.133 - - [27/Apr/2025:09:14:13 -0400] "GET /about.php?action=edit&file=SUMO2_pfp.bin&path=//lib/firmware/radeon HTTP/1.1" 200 2711 "-" "Mozilla/5.0 (compatible; MJ12bot/v2.0.0; http://mj12bot.com/)"
195.191.219.133 - - [27/Apr/2025:09:14:14 -0400] "GET /about.php?action=edit&file=SUMO_me.bin&path=//lib/firmware/radeon HTTP/1.1" 200 3400 "-" "Mozilla/5.0 (compatible; MJ12bot/v2.0.0; http://mj12bot.com/)"
82.223.217.155 - - [27/Apr/2025:09:14:14 -0400] "GET /wp-login.php HTTP/1.1" 200 1882 "-" "Mozilla/5.0 (Windows NT 10.0; Win64; x64) AppleWebKit/537.36 (KHTML, like Gecko) Chrome/130.0.0.0 Safari/537.36"
195.191.219.133 - - [27/Apr/2025:09:14:15 -0400] "GET /about.php?action=edit&file=SUMO_pfp.bin&path=//lib/firmware/radeon HTTP/1.1" 200 2704 "-" "Mozilla/5.0 (compatible; MJ12bot/v2.0.0; http://mj12bot.com/)"
195.191.219.133 - - [27/Apr/2025:09:14:16 -0400] "GET /about.php?action=edit&file=SUMO_rlc.bin&path=//lib/firmware/radeon HTTP/1.1" 200 2131 "-" "Mozilla/5.0 (compatible; MJ12bot/v2.0.0; http://mj12bot.com/)"
82.223.217.155 - - [27/Apr/2025:09:14:18 -0400] "POST /wp-login.php HTTP/1.1" 200 1967 "https://drshahidchudhary.com/wp-login.php" "Mozilla/5.0 (Windows NT 10.0; Win64; x64) AppleWebKit/537.36 (KHTML, like Gecko) Chrome/130.0.0.0 Safari/537.36"
195.191.219.133 - - [27/Apr/2025:09:14:18 -0400] "GET /about.php?action=edit&file=SUMO_uvd.bin&path=//lib/firmware/radeon HTTP/1.1" 200 113259 "-" "Mozilla/5.0 (compatible; MJ12bot/v2.0.0; http://mj12bot.com/)"
195.191.219.133 - - [27/Apr/2025:09:14:20 -0400] "GET /about.php?action=edit&file=SW_555_SER.cis&path=//lib/firmware/cis HTTP/1.1" 200 701 "-" "Mozilla/5.0 (compatible; MJ12bot/v2.0.0; http://mj12bot.com/)"
195.191.219.133 - - [27/Apr/2025:09:14:21 -0400] "GET /about.php?action=edit&file=SW_7xx_SER.cis&path=//lib/firmware/cis HTTP/1.1" 200 726 "-" "Mozilla/5.0 (compatible; MJ12bot/v2.0.0; http://mj12bot.com/)"
195.191.219.133 - - [27/Apr/2025:09:14:23 -0400] "GET /about.php?action=edit&file=SW_8xx_SER.cis&path=//lib/firmware/cis HTTP/1.1" 200 728 "-" "Mozilla/5.0 (compatible; MJ12bot/v2.0.0; http://mj12bot.com/)"
195.191.219.133 - - [27/Apr/2025:09:14:24 -0400] "GET /about.php?action=edit&file=System.map&path=//lib/modules/4.18.0-513.18.1.lve.el8.x86_64 HTTP/1.1" 200 552 "-" "Mozilla/5.0 (compatible; MJ12bot/v2.0.0; http://mj12bot.com/)"
195.191.219.133 - - [27/Apr/2025:09:14:25 -0400] "GET /about.php?action=edit&file=System.map&path=//lib/modules/4.18.0-553.44.1.lve.el8.x86_64 HTTP/1.1" 200 552 "-" "Mozilla/5.0 (compatible; MJ12bot/v2.0.0; http://mj12bot.com/)"
66.175.44.21 - - [27/Apr/2025:09:14:26 -0400] "GET /wp-login.php HTTP/1.1" 200 1882 "-" "Mozilla/5.0 (Windows NT 10.0; Win64; x64) AppleWebKit/537.36 (KHTML, like Gecko) Chrome/130.0.0.0 Safari/537.36"
195.191.219.133 - - [27/Apr/2025:09:14:26 -0400] "GET /about.php?action=edit&file=System.map&path=//lib/modules/4.18.0-553.lve.el8.x86_64 HTTP/1.1" 200 552 "-" "Mozilla/5.0 (compatible; MJ12bot/v2.0.0; http://mj12bot.com/)"
66.175.44.21 - - [27/Apr/2025:09:14:26 -0400] "POST /wp-login.php HTTP/1.1" 200 1967 "https://drshahidchudhary.com/wp-login.php" "Mozilla/5.0 (Windows NT 10.0; Win64; x64) AppleWebKit/537.36 (KHTML, like Gecko) Chrome/130.0.0.0 Safari/537.36"
195.191.219.133 - - [27/Apr/2025:09:14:27 -0400] "GET /about.php?action=edit&file=TAHITI_ce.bin&path=//lib/firmware/radeon HTTP/1.1" 200 1441 "-" "Mozilla/5.0 (compatible; MJ12bot/v2.0.0; http://mj12bot.com/)"
195.191.219.133 - - [27/Apr/2025:09:14:28 -0400] "GET /about.php?action=edit&file=TAHITI_mc.bin&path=//lib/firmware/radeon HTTP/1.1" 200 11966 "-" "Mozilla/5.0 (compatible; MJ12bot/v2.0.0; http://mj12bot.com/)"
195.191.219.133 - - [27/Apr/2025:09:14:29 -0400] "GET /about.php?action=edit&file=TAHITI_mc2.bin&path=//lib/firmware/radeon HTTP/1.1" 200 12034 "-" "Mozilla/5.0 (compatible; MJ12bot/v2.0.0; http://mj12bot.com/)"
195.191.219.133 - - [27/Apr/2025:09:14:30 -0400] "GET /about.php?action=edit&file=TAHITI_me.bin&path=//lib/firmware/radeon HTTP/1.1" 200 3796 "-" "Mozilla/5.0 (compatible; MJ12bot/v2.0.0; http://mj12bot.com/)"
213.158.92.85 - - [27/Apr/2025:09:14:30 -0400] "GET /wp-login.php HTTP/1.1" 200 1882 "-" "Mozilla/5.0 (Windows NT 10.0; Win64; x64) AppleWebKit/537.36 (KHTML, like Gecko) Chrome/130.0.0.0 Safari/537.36"
195.191.219.133 - - [27/Apr/2025:09:14:31 -0400] "GET /about.php?action=edit&file=TAHITI_pfp.bin&path=//lib/firmware/radeon HTTP/1.1" 200 2673 "-" "Mozilla/5.0 (compatible; MJ12bot/v2.0.0; http://mj12bot.com/)"
66.29.132.124 - - [27/Apr/2025:09:14:31 -0400] "POST /wp-cron.php?doing_wp_cron=1745759671.7674748897552490234375 HTTP/1.1" 403 1242 "-" "WordPress/6.8; https://drshahidchudhary.com"
213.158.92.85 - - [27/Apr/2025:09:14:31 -0400] "POST /wp-login.php HTTP/1.1" 200 1967 "https://drshahidchudhary.com/wp-login.php" "Mozilla/5.0 (Windows NT 10.0; Win64; x64) AppleWebKit/537.36 (KHTML, like Gecko) Chrome/130.0.0.0 Safari/537.36"
195.191.219.133 - - [27/Apr/2025:09:14:32 -0400] "GET /about.php?action=edit&file=TAHITI_rlc.bin&path=//lib/firmware/radeon HTTP/1.1" 200 3007 "-" "Mozilla/5.0 (compatible; MJ12bot/v2.0.0; http://mj12bot.com/)"
195.191.219.133 - - [27/Apr/2025:09:14:33 -0400] "GET /about.php?action=edit&file=TAHITI_smc.bin&path=//lib/firmware/radeon HTTP/1.1" 200 25482 "-" "Mozilla/5.0 (compatible; MJ12bot/v2.0.0; http://mj12bot.com/)"
195.191.219.133 - - [27/Apr/2025:09:14:35 -0400] "GET /about.php?action=edit&file=TAHITI_uvd.bin&path=//lib/firmware/radeon HTTP/1.1" 200 122910 "-" "Mozilla/5.0 (compatible; MJ12bot/v2.0.0; http://mj12bot.com/)"
195.191.219.133 - - [27/Apr/2025:09:14:36 -0400] "GET /about.php?action=edit&file=TAHITI_vce.bin&path=//lib/firmware/radeon HTTP/1.1" 200 33614 "-" "Mozilla/5.0 (compatible; MJ12bot/v2.0.0; http://mj12bot.com/)"
195.191.219.133 - - [27/Apr/2025:09:14:37 -0400] "GET /about.php?action=edit&file=TIInit_6.2.31.bts&path=//lib/firmware/ti-connectivity HTTP/1.1" 200 29134 "-" "Mozilla/5.0 (compatible; MJ12bot/v2.0.0; http://mj12bot.com/)"
195.191.219.133 - - [27/Apr/2025:09:14:38 -0400] "GET /about.php?action=edit&file=TIInit_6.6.15.bts&path=//lib/firmware/ti-connectivity HTTP/1.1" 200 9468 "-" "Mozilla/5.0 (compatible; MJ12bot/v2.0.0; http://mj12bot.com/)"
195.191.219.133 - - [27/Apr/2025:09:14:39 -0400] "GET /about.php?action=edit&file=TIInit_7.2.31.bts&path=//lib/firmware/ti-connectivity HTTP/1.1" 200 28061 "-" "Mozilla/5.0 (compatible; MJ12bot/v2.0.0; http://mj12bot.com/)"
203.161.63.25 - - [27/Apr/2025:09:14:39 -0400] "GET /wp-login.php HTTP/1.1" 200 1882 "-" "Mozilla/5.0 (Windows NT 10.0; Win64; x64) AppleWebKit/537.36 (KHTML, like Gecko) Chrome/130.0.0.0 Safari/537.36"
195.191.219.133 - - [27/Apr/2025:09:14:40 -0400] "GET /about.php?action=edit&file=TURKS_mc.bin&path=//lib/firmware/radeon HTTP/1.1" 200 9053 "-" "Mozilla/5.0 (compatible; MJ12bot/v2.0.0; http://mj12bot.com/)"
203.161.63.25 - - [27/Apr/2025:09:14:40 -0400] "POST /wp-login.php HTTP/1.1" 200 1967 "https://drshahidchudhary.com/wp-login.php" "Mozilla/5.0 (Windows NT 10.0; Win64; x64) AppleWebKit/537.36 (KHTML, like Gecko) Chrome/130.0.0.0 Safari/537.36"
195.191.219.133 - - [27/Apr/2025:09:14:41 -0400] "GET /about.php?action=edit&file=TURKS_me.bin&path=//lib/firmware/radeon HTTP/1.1" 200 3361 "-" "Mozilla/5.0 (compatible; MJ12bot/v2.0.0; http://mj12bot.com/)"
195.191.219.133 - - [27/Apr/2025:09:14:42 -0400] "GET /about.php?action=edit&file=TURKS_pfp.bin&path=//lib/firmware/radeon HTTP/1.1" 200 2664 "-" "Mozilla/5.0 (compatible; MJ12bot/v2.0.0; http://mj12bot.com/)"
195.191.219.133 - - [27/Apr/2025:09:14:43 -0400] "GET /about.php?action=edit&file=TURKS_smc.bin&path=//lib/firmware/radeon HTTP/1.1" 200 11580 "-" "Mozilla/5.0 (compatible; MJ12bot/v2.0.0; http://mj12bot.com/)"
195.191.219.133 - - [27/Apr/2025:09:14:44 -0400] "GET /about.php?action=edit&file=UniCyrExt_8x16.psf.gz&path=//lib/kbd/consolefonts HTTP/1.1" 200 3123 "-" "Mozilla/5.0 (compatible; MJ12bot/v2.0.0; http://mj12bot.com/)"
195.191.219.133 - - [27/Apr/2025:09:14:46 -0400] "GET /about.php?action=edit&file=UniCyr_8x14.psf.gz&path=//lib/kbd/consolefonts HTTP/1.1" 200 2509 "-" "Mozilla/5.0 (compatible; MJ12bot/v2.0.0; http://mj12bot.com/)"
195.191.219.133 - - [27/Apr/2025:09:14:46 -0400] "GET /about.php?action=edit&file=UniCyr_8x16.psf.gz&path=//lib/kbd/consolefonts HTTP/1.1" 200 2514 "-" "Mozilla/5.0 (compatible; MJ12bot/v2.0.0; http://mj12bot.com/)"
103.215.223.102 - - [27/Apr/2025:09:14:47 -0400] "GET /wp-login.php HTTP/1.1" 200 1882 "-" "Mozilla/5.0 (Windows NT 10.0; Win64; x64) AppleWebKit/537.36 (KHTML, like Gecko) Chrome/130.0.0.0 Safari/537.36"
195.191.219.133 - - [27/Apr/2025:09:14:47 -0400] "GET /about.php?action=edit&file=UniCyr_8x8.psf.gz&path=//lib/kbd/consolefonts HTTP/1.1" 200 2307 "-" "Mozilla/5.0 (compatible; MJ12bot/v2.0.0; http://mj12bot.com/)"
103.215.223.102 - - [27/Apr/2025:09:14:48 -0400] "POST /wp-login.php HTTP/1.1" 200 1957 "https://drshahidchudhary.com/wp-login.php" "Mozilla/5.0 (Windows NT 10.0; Win64; x64) AppleWebKit/537.36 (KHTML, like Gecko) Chrome/130.0.0.0 Safari/537.36"
195.191.219.133 - - [27/Apr/2025:09:14:49 -0400] "GET /about.php?action=edit&file=VERDE_ce.bin&path=//lib/firmware/radeon HTTP/1.1" 200 1441 "-" "Mozilla/5.0 (compatible; MJ12bot/v2.0.0; http://mj12bot.com/)"
195.191.219.133 - - [27/Apr/2025:09:14:50 -0400] "GET /about.php?action=edit&file=VERDE_mc.bin&path=//lib/firmware/radeon HTTP/1.1" 200 11935 "-" "Mozilla/5.0 (compatible; MJ12bot/v2.0.0; http://mj12bot.com/)"
195.191.219.133 - - [27/Apr/2025:09:14:51 -0400] "GET /about.php?action=edit&file=VERDE_mc2.bin&path=//lib/firmware/radeon HTTP/1.1" 200 12241 "-" "Mozilla/5.0 (compatible; MJ12bot/v2.0.0; http://mj12bot.com/)"
195.191.219.133 - - [27/Apr/2025:09:14:52 -0400] "GET /about.php?action=edit&file=VERDE_me.bin&path=//lib/firmware/radeon HTTP/1.1" 200 3824 "-" "Mozilla/5.0 (compatible; MJ12bot/v2.0.0; http://mj12bot.com/)"
146.59.195.160 - - [27/Apr/2025:09:14:52 -0400] "GET /wp-login.php HTTP/1.1" 200 1882 "-" "Mozilla/5.0 (Windows NT 10.0; Win64; x64) AppleWebKit/537.36 (KHTML, like Gecko) Chrome/130.0.0.0 Safari/537.36"
195.191.219.133 - - [27/Apr/2025:09:14:53 -0400] "GET /about.php?action=edit&file=VERDE_pfp.bin&path=//lib/firmware/radeon HTTP/1.1" 200 2688 "-" "Mozilla/5.0 (compatible; MJ12bot/v2.0.0; http://mj12bot.com/)"
146.59.195.160 - - [27/Apr/2025:09:14:53 -0400] "POST /wp-login.php HTTP/1.1" 200 1967 "https://drshahidchudhary.com/wp-login.php" "Mozilla/5.0 (Windows NT 10.0; Win64; x64) AppleWebKit/537.36 (KHTML, like Gecko) Chrome/130.0.0.0 Safari/537.36"
195.191.219.133 - - [27/Apr/2025:09:14:54 -0400] "GET /about.php?action=edit&file=VERDE_rlc.bin&path=//lib/firmware/radeon HTTP/1.1" 200 5062 "-" "Mozilla/5.0 (compatible; MJ12bot/v2.0.0; http://mj12bot.com/)"
195.191.219.133 - - [27/Apr/2025:09:14:55 -0400] "GET /about.php?action=edit&file=VERDE_smc.bin&path=//lib/firmware/radeon HTTP/1.1" 200 25683 "-" "Mozilla/5.0 (compatible; MJ12bot/v2.0.0; http://mj12bot.com/)"
195.191.219.133 - - [27/Apr/2025:09:14:56 -0400] "GET /about.php?action=edit&file=WIFI_MT7922_patch_mcu_1_1_hdr.bin&path=//lib/firmware/mediatek HTTP/1.1" 200 122086 "-" "Mozilla/5.0 (compatible; MJ12bot/v2.0.0; http://mj12bot.com/)"
195.191.219.133 - - [27/Apr/2025:09:14:57 -0400] "GET /about.php?action=edit&file=WIFI_MT7961_patch_mcu_1_2_hdr.bin&path=//lib/firmware/mediatek HTTP/1.1" 200 45759 "-" "Mozilla/5.0 (compatible; MJ12bot/v2.0.0; http://mj12bot.com/)"
195.191.219.133 - - [27/Apr/2025:09:14:58 -0400] "GET /about.php?action=edit&file=WIFI_MT7961_patch_mcu_1a_2_hdr.bin&path=//lib/firmware/mediatek HTTP/1.1" 200 50496 "-" "Mozilla/5.0 (compatible; MJ12bot/v2.0.0; http://mj12bot.com/)"
195.191.219.133 - - [27/Apr/2025:09:14:59 -0400] "GET /about.php?action=edit&file=WIFI_RAM_CODE_MT7922_1.bin&path=//lib/firmware/mediatek HTTP/1.1" 200 820829 "-" "Mozilla/5.0 (compatible; MJ12bot/v2.0.0; http://mj12bot.com/)"
195.191.219.133 - - [27/Apr/2025:09:15:00 -0400] "GET /about.php?action=edit&file=WIFI_RAM_CODE_MT7961_1.bin&path=//lib/firmware/mediatek HTTP/1.1" 200 339260 "-" "Mozilla/5.0 (compatible; MJ12bot/v2.0.0; http://mj12bot.com/)"
195.191.219.133 - - [27/Apr/2025:09:15:01 -0400] "GET /about.php?action=edit&file=WIFI_RAM_CODE_MT7961_1a.bin&path=//lib/firmware/mediatek HTTP/1.1" 200 354837 "-" "Mozilla/5.0 (compatible; MJ12bot/v2.0.0; http://mj12bot.com/)"
195.191.219.133 - - [27/Apr/2025:09:15:02 -0400] "GET /about.php?action=edit&file=Xilinx7OD.bin&path=//lib/firmware/ositech HTTP/1.1" 200 1216 "-" "Mozilla/5.0 (compatible; MJ12bot/v2.0.0; http://mj12bot.com/)"
195.191.219.133 - - [27/Apr/2025:09:15:03 -0400] "GET /about.php?action=edit&file=a00a0103fd3ce117f6ee80b00fdb32d96f752c&path=//lib/.build-id/d9 HTTP/1.1" 200 8446 "-" "Mozilla/5.0 (compatible; MJ12bot/v2.0.0; http://mj12bot.com/)"
87.106.145.45 - - [27/Apr/2025:09:15:03 -0400] "GET /wp-login.php HTTP/1.1" 200 1882 "-" "Mozilla/5.0 (Windows NT 10.0; Win64; x64) AppleWebKit/537.36 (KHTML, like Gecko) Chrome/130.0.0.0 Safari/537.36"
195.191.219.133 - - [27/Apr/2025:09:15:04 -0400] "GET /about.php?action=edit&file=a0224a9869af789ce0d4f7e348d2ed32497282&path=//lib/.build-id/fd HTTP/1.1" 200 5637 "-" "Mozilla/5.0 (compatible; MJ12bot/v2.0.0; http://mj12bot.com/)"
195.191.219.133 - - [27/Apr/2025:09:15:05 -0400] "GET /about.php?action=edit&file=a030d7fa40e84ca2359a1a0a7b4bb7a1955385&path=//lib/.build-id/ea HTTP/1.1" 200 10751 "-" "Mozilla/5.0 (compatible; MJ12bot/v2.0.0; http://mj12bot.com/)"
195.191.219.133 - - [27/Apr/2025:09:15:06 -0400] "GET /about.php?action=edit&file=a03df97165147f8f4e860b3a9c1f17851147ee&path=//lib/.build-id/0b HTTP/1.1" 200 3550 "-" "Mozilla/5.0 (compatible; MJ12bot/v2.0.0; http://mj12bot.com/)"
195.191.219.133 - - [27/Apr/2025:09:15:07 -0400] "GET /about.php?action=edit&file=a05b90570b47d587d935371275576c84d70545&path=//lib/.build-id/c4 HTTP/1.1" 200 5501 "-" "Mozilla/5.0 (compatible; MJ12bot/v2.0.0; http://mj12bot.com/)"
87.106.145.45 - - [27/Apr/2025:09:15:07 -0400] "POST /wp-login.php HTTP/1.1" 200 1958 "https://drshahidchudhary.com/wp-login.php" "Mozilla/5.0 (Windows NT 10.0; Win64; x64) AppleWebKit/537.36 (KHTML, like Gecko) Chrome/130.0.0.0 Safari/537.36"
195.191.219.133 - - [27/Apr/2025:09:15:09 -0400] "GET /about.php?action=edit&file=a06812bd602fa7770597d720208e8cbd019c33&path=//lib/.build-id/5c HTTP/1.1" 200 4111 "-" "Mozilla/5.0 (compatible; MJ12bot/v2.0.0; http://mj12bot.com/)"
195.191.219.133 - - [27/Apr/2025:09:15:09 -0400] "GET /about.php?action=edit&file=a07932b5ceb1eae8fdb8e7b1e7a303e6ca2a62&path=//lib/.build-id/58 HTTP/1.1" 200 4381 "-" "Mozilla/5.0 (compatible; MJ12bot/v2.0.0; http://mj12bot.com/)"
195.191.219.133 - - [27/Apr/2025:09:15:11 -0400] "GET /about.php?action=edit&file=a07bbd374398421eff929888002b7fcf4ee736&path=//lib/.build-id/3c HTTP/1.1" 200 3484 "-" "Mozilla/5.0 (compatible; MJ12bot/v2.0.0; http://mj12bot.com/)"
195.191.219.133 - - [27/Apr/2025:09:15:11 -0400] "GET /about.php?action=edit&file=a0849bfa8dce24af83853b4cf32a2140d7486e&path=//lib/.build-id/9a HTTP/1.1" 200 160522 "-" "Mozilla/5.0 (compatible; MJ12bot/v2.0.0; http://mj12bot.com/)"
195.191.219.133 - - [27/Apr/2025:09:15:12 -0400] "GET /about.php?action=edit&file=a08a65786f4d457ba1d4a6e451765d83fb0dbb&path=//lib/.build-id/9a HTTP/1.1" 200 4178 "-" "Mozilla/5.0 (compatible; MJ12bot/v2.0.0; http://mj12bot.com/)"
195.191.219.133 - - [27/Apr/2025:09:15:14 -0400] "GET /about.php?action=edit&file=a09c56b707b729e0a7fe42c8dd6819f9e2c39a&path=//lib/.build-id/a2 HTTP/1.1" 200 5555 "-" "Mozilla/5.0 (compatible; MJ12bot/v2.0.0; http://mj12bot.com/)"
195.191.219.133 - - [27/Apr/2025:09:15:15 -0400] "GET /about.php?action=edit&file=a0a50aee64c2abaf6077046ece3158290c7df7&path=//lib/.build-id/78 HTTP/1.1" 200 3906 "-" "Mozilla/5.0 (compatible; MJ12bot/v2.0.0; http://mj12bot.com/)"
195.191.219.133 - - [27/Apr/2025:09:15:16 -0400] "GET /about.php?action=edit&file=a0bb1c721d44d881972ecc883568c51670fb9f&path=//lib/.build-id/12 HTTP/1.1" 200 18115 "-" "Mozilla/5.0 (compatible; MJ12bot/v2.0.0; http://mj12bot.com/)"
195.191.219.133 - - [27/Apr/2025:09:15:17 -0400] "GET /about.php?action=edit&file=a0c2f2b854b601311090671e49e76ab64d9f58&path=//lib/.build-id/e5 HTTP/1.1" 200 5456 "-" "Mozilla/5.0 (compatible; MJ12bot/v2.0.0; http://mj12bot.com/)"
195.191.219.133 - - [27/Apr/2025:09:15:18 -0400] "GET /about.php?action=edit&file=a0ca20a00dc39c8d45d4b1a9a1252ff87f8a3d&path=//lib/.build-id/e4 HTTP/1.1" 200 348395 "-" "Mozilla/5.0 (compatible; MJ12bot/v2.0.0; http://mj12bot.com/)"
195.191.219.133 - - [27/Apr/2025:09:15:19 -0400] "GET /about.php?action=edit&file=a0d8b69cb0f62f4bdcc86fa9b23784abe688b8&path=//lib/.build-id/80 HTTP/1.1" 200 4561 "-" "Mozilla/5.0 (compatible; MJ12bot/v2.0.0; http://mj12bot.com/)"
195.191.219.133 - - [27/Apr/2025:09:15:20 -0400] "GET /about.php?action=edit&file=a0dbc9ec79dcf2bdbbc4fa48c249a58d30f2f1&path=//lib/.build-id/0c HTTP/1.1" 200 8934 "-" "Mozilla/5.0 (compatible; MJ12bot/v2.0.0; http://mj12bot.com/)"
195.191.219.133 - - [27/Apr/2025:09:15:21 -0400] "GET /about.php?action=edit&file=a0e0696f784fd56791380de9f94832bc08d207&path=//lib/.build-id/fb HTTP/1.1" 200 479 "-" "Mozilla/5.0 (compatible; MJ12bot/v2.0.0; http://mj12bot.com/)"
195.191.219.133 - - [27/Apr/2025:09:15:22 -0400] "GET /about.php?action=edit&file=a0e32b724c8783a44c1f5793838c5d9ee08d48&path=//lib/.build-id/bb HTTP/1.1" 200 4385 "-" "Mozilla/5.0 (compatible; MJ12bot/v2.0.0; http://mj12bot.com/)"
163.47.203.71 - - [27/Apr/2025:09:15:23 -0400] "GET /wp-login.php HTTP/1.1" 200 1882 "-" "Mozilla/5.0 (Windows NT 10.0; Win64; x64) AppleWebKit/537.36 (KHTML, like Gecko) Chrome/130.0.0.0 Safari/537.36"
195.191.219.133 - - [27/Apr/2025:09:15:23 -0400] "GET /about.php?action=edit&file=a0f693a153b46edc3dc975828928884078a1c0&path=//lib/.build-id/19 HTTP/1.1" 200 6107 "-" "Mozilla/5.0 (compatible; MJ12bot/v2.0.0; http://mj12bot.com/)"
195.191.219.133 - - [27/Apr/2025:09:15:24 -0400] "GET /about.php?action=edit&file=a0f7d902bd6c516bc5705f25bd5a4dc6ceb7c8&path=//lib/.build-id/60 HTTP/1.1" 200 479 "-" "Mozilla/5.0 (compatible; MJ12bot/v2.0.0; http://mj12bot.com/)"
195.191.219.133 - - [27/Apr/2025:09:15:25 -0400] "GET /about.php?action=edit&file=a0fe0546c5ac0e5681654cd711d842be965b17&path=//lib/.build-id/cb HTTP/1.1" 200 12689 "-" "Mozilla/5.0 (compatible; MJ12bot/v2.0.0; http://mj12bot.com/)"
195.191.219.133 - - [27/Apr/2025:09:15:26 -0400] "GET /about.php?action=edit&file=a10eb3df778396ed66bb6a969b58905f20546f&path=//lib/.build-id/53 HTTP/1.1" 200 10914 "-" "Mozilla/5.0 (compatible; MJ12bot/v2.0.0; http://mj12bot.com/)"
195.191.219.133 - - [27/Apr/2025:09:15:27 -0400] "GET /about.php?action=edit&file=a10fe1e3ba0031ce040a0c3fa790f9c01d68a9&path=//lib/.build-id/ca HTTP/1.1" 200 3405242 "-" "Mozilla/5.0 (compatible; MJ12bot/v2.0.0; http://mj12bot.com/)"
195.191.219.133 - - [27/Apr/2025:09:15:30 -0400] "GET /about.php?action=edit&file=a11f18714ccfcba7c3e79bd8e04cd8e6134c01&path=//lib/.build-id/8f HTTP/1.1" 200 222383 "-" "Mozilla/5.0 (compatible; MJ12bot/v2.0.0; http://mj12bot.com/)"
195.191.219.133 - - [27/Apr/2025:09:15:31 -0400] "GET /about.php?action=edit&file=a11fe82dbee90128d9b540c78edd44f734a5d5&path=//lib/.build-id/97 HTTP/1.1" 200 41716 "-" "Mozilla/5.0 (compatible; MJ12bot/v2.0.0; http://mj12bot.com/)"
163.47.203.71 - - [27/Apr/2025:09:15:31 -0400] "POST /wp-login.php HTTP/1.1" 200 1967 "https://drshahidchudhary.com/wp-login.php" "Mozilla/5.0 (Windows NT 10.0; Win64; x64) AppleWebKit/537.36 (KHTML, like Gecko) Chrome/130.0.0.0 Safari/537.36"
195.191.219.133 - - [27/Apr/2025:09:15:32 -0400] "GET /about.php?action=edit&file=a125db8017e5443110175fa5b32e6892d815a1&path=//lib/.build-id/85 HTTP/1.1" 200 18035 "-" "Mozilla/5.0 (compatible; MJ12bot/v2.0.0; http://mj12bot.com/)"
195.191.219.133 - - [27/Apr/2025:09:15:34 -0400] "GET /about.php?action=edit&file=a13defb487331245b3c61edd006d69ede95b07&path=//lib/.build-id/46 HTTP/1.1" 200 95379 "-" "Mozilla/5.0 (compatible; MJ12bot/v2.0.0; http://mj12bot.com/)"
195.191.219.133 - - [27/Apr/2025:09:15:34 -0400] "GET /about.php?action=edit&file=a1494184a3b5f79d0f3069505834eb4354e257&path=//lib/.build-id/c7 HTTP/1.1" 200 5744 "-" "Mozilla/5.0 (compatible; MJ12bot/v2.0.0; http://mj12bot.com/)"
195.191.219.133 - - [27/Apr/2025:09:15:36 -0400] "GET /about.php?action=edit&file=a14edc96da4a7d5cc0eb90241e61196de0e2e2&path=//lib/.build-id/eb HTTP/1.1" 200 4706 "-" "Mozilla/5.0 (compatible; MJ12bot/v2.0.0; http://mj12bot.com/)"
195.191.219.133 - - [27/Apr/2025:09:15:36 -0400] "GET /about.php?action=edit&file=a1758eeb2f0d53e49eefed114f5ea7d97d13ec&path=//lib/.build-id/bd HTTP/1.1" 200 17936 "-" "Mozilla/5.0 (compatible; MJ12bot/v2.0.0; http://mj12bot.com/)"
208.109.213.127 - - [27/Apr/2025:09:15:38 -0400] "GET /wp-login.php HTTP/1.1" 200 1882 "-" "Mozilla/5.0 (Windows NT 10.0; Win64; x64) AppleWebKit/537.36 (KHTML, like Gecko) Chrome/130.0.0.0 Safari/537.36"
195.191.219.133 - - [27/Apr/2025:09:15:39 -0400] "GET /about.php?action=edit&file=a18b16e382098eb1bcac545d0efcee3069f26a&path=//lib/.build-id/8f HTTP/1.1" 200 294054 "-" "Mozilla/5.0 (compatible; MJ12bot/v2.0.0; http://mj12bot.com/)"
66.29.132.124 - - [27/Apr/2025:09:15:39 -0400] "POST /wp-cron.php?doing_wp_cron=1745759739.2485320568084716796875 HTTP/1.1" 403 1242 "-" "WordPress/6.8; https://drshahidchudhary.com"
208.109.213.127 - - [27/Apr/2025:09:15:38 -0400] "POST /wp-login.php HTTP/1.1" 200 1967 "https://drshahidchudhary.com/wp-login.php" "Mozilla/5.0 (Windows NT 10.0; Win64; x64) AppleWebKit/537.36 (KHTML, like Gecko) Chrome/130.0.0.0 Safari/537.36"
195.191.219.133 - - [27/Apr/2025:09:15:41 -0400] "GET /about.php?action=edit&file=a19acc56e28fefb8341fc84c7cda592052ce01&path=//lib/.build-id/cb HTTP/1.1" 200 45323 "-" "Mozilla/5.0 (compatible; MJ12bot/v2.0.0; http://mj12bot.com/)"
195.191.219.133 - - [27/Apr/2025:09:15:42 -0400] "GET /about.php?action=edit&file=a1a1304b118ead1de1b4f8f3488a48358feb7b&path=//lib/.build-id/c8 HTTP/1.1" 200 119254 "-" "Mozilla/5.0 (compatible; MJ12bot/v2.0.0; http://mj12bot.com/)"
34.91.78.130 - - [27/Apr/2025:09:15:42 -0400] "GET /wp-login.php HTTP/1.1" 200 1882 "-" "Mozilla/5.0 (Windows NT 10.0; Win64; x64) AppleWebKit/537.36 (KHTML, like Gecko) Chrome/130.0.0.0 Safari/537.36"
34.91.78.130 - - [27/Apr/2025:09:15:43 -0400] "POST /wp-login.php HTTP/1.1" 200 1967 "https://drshahidchudhary.com/wp-login.php" "Mozilla/5.0 (Windows NT 10.0; Win64; x64) AppleWebKit/537.36 (KHTML, like Gecko) Chrome/130.0.0.0 Safari/537.36"
195.191.219.133 - - [27/Apr/2025:09:15:43 -0400] "GET /about.php?action=edit&file=a1a9e59b18a6be1f82a46fad041602a48ce681&path=//lib/.build-id/31 HTTP/1.1" 200 11602 "-" "Mozilla/5.0 (compatible; MJ12bot/v2.0.0; http://mj12bot.com/)"
195.191.219.133 - - [27/Apr/2025:09:15:44 -0400] "GET /about.php?action=edit&file=a1aa130e458f1532b5d5d733df1750389328c2&path=//lib/.build-id/e2 HTTP/1.1" 200 3970 "-" "Mozilla/5.0 (compatible; MJ12bot/v2.0.0; http://mj12bot.com/)"
195.191.219.133 - - [27/Apr/2025:09:15:45 -0400] "GET /about.php?action=edit&file=a1af61042249cc4859347a622e97d7bfa8040e&path=//lib/.build-id/d0 HTTP/1.1" 200 479 "-" "Mozilla/5.0 (compatible; MJ12bot/v2.0.0; http://mj12bot.com/)"
195.191.219.133 - - [27/Apr/2025:09:15:46 -0400] "GET /about.php?action=edit&file=a1b23d1062472979e368e92ca183dca0b2a4ba&path=//lib/.build-id/38 HTTP/1.1" 200 4533 "-" "Mozilla/5.0 (compatible; MJ12bot/v2.0.0; http://mj12bot.com/)"
195.191.219.133 - - [27/Apr/2025:09:15:47 -0400] "GET /about.php?action=edit&file=a1b40958e661adca727df80f36153b2ec1693c&path=//lib/.build-id/c4 HTTP/1.1" 200 37156 "-" "Mozilla/5.0 (compatible; MJ12bot/v2.0.0; http://mj12bot.com/)"
195.191.219.133 - - [27/Apr/2025:09:15:48 -0400] "GET /about.php?action=edit&file=a1b9161b2c643b15eef99f539b28000618d3be&path=//lib/.build-id/59 HTTP/1.1" 200 4533 "-" "Mozilla/5.0 (compatible; MJ12bot/v2.0.0; http://mj12bot.com/)"
195.191.219.133 - - [27/Apr/2025:09:15:49 -0400] "GET /about.php?action=edit&file=a1bcafdc75335fc622d03c40e15ff91fe81939&path=//lib/.build-id/cd HTTP/1.1" 200 6069 "-" "Mozilla/5.0 (compatible; MJ12bot/v2.0.0; http://mj12bot.com/)"
195.191.219.133 - - [27/Apr/2025:09:15:50 -0400] "GET /about.php?action=edit&file=a1d90753c8d8fd1d6470eb65a30b37542d832f&path=//lib/.build-id/27 HTTP/1.1" 200 11680 "-" "Mozilla/5.0 (compatible; MJ12bot/v2.0.0; http://mj12bot.com/)"
208.113.138.118 - - [27/Apr/2025:09:15:51 -0400] "GET /wp-login.php HTTP/1.1" 200 1882 "-" "Mozilla/5.0 (Windows NT 10.0; Win64; x64) AppleWebKit/537.36 (KHTML, like Gecko) Chrome/130.0.0.0 Safari/537.36"
195.191.219.133 - - [27/Apr/2025:09:15:52 -0400] "GET /about.php?action=edit&file=a1de3ebfa9332d6ca809122a4fed9b3f1d088c&path=//lib/.build-id/fa HTTP/1.1" 200 6224 "-" "Mozilla/5.0 (compatible; MJ12bot/v2.0.0; http://mj12bot.com/)"
195.191.219.133 - - [27/Apr/2025:09:15:52 -0400] "GET /about.php?action=edit&file=a1dfaab75b6529677ab539e8ee40c661bce4f8&path=//lib/.build-id/49 HTTP/1.1" 200 44643 "-" "Mozilla/5.0 (compatible; MJ12bot/v2.0.0; http://mj12bot.com/)"
195.191.219.133 - - [27/Apr/2025:09:15:54 -0400] "GET /about.php?action=edit&file=a1dfc4766171a93de1e6c8e5c46b80611b2f85&path=//lib/.build-id/a9 HTTP/1.1" 200 4917 "-" "Mozilla/5.0 (compatible; MJ12bot/v2.0.0; http://mj12bot.com/)"
195.191.219.133 - - [27/Apr/2025:09:15:54 -0400] "GET /about.php?action=edit&file=a1e61f32d1732af757d9b0a4b8dba9f96a7332&path=//lib/.build-id/8e HTTP/1.1" 200 15774 "-" "Mozilla/5.0 (compatible; MJ12bot/v2.0.0; http://mj12bot.com/)"
195.191.219.133 - - [27/Apr/2025:09:15:55 -0400] "GET /about.php?action=edit&file=a1eb7ddb9c71f103fb6152feaa819c2b962d12&path=//lib/.build-id/f5 HTTP/1.1" 200 3137 "-" "Mozilla/5.0 (compatible; MJ12bot/v2.0.0; http://mj12bot.com/)"
195.191.219.133 - - [27/Apr/2025:09:15:56 -0400] "GET /about.php?action=edit&file=a1eb91ff597d8aca310a4a85b08c4d0003e9e3&path=//lib/.build-id/8e HTTP/1.1" 200 5355 "-" "Mozilla/5.0 (compatible; MJ12bot/v2.0.0; http://mj12bot.com/)"
208.113.138.118 - - [27/Apr/2025:09:15:57 -0400] "POST /wp-login.php HTTP/1.1" 200 1967 "https://drshahidchudhary.com/wp-login.php" "Mozilla/5.0 (Windows NT 10.0; Win64; x64) AppleWebKit/537.36 (KHTML, like Gecko) Chrome/130.0.0.0 Safari/537.36"
195.191.219.133 - - [27/Apr/2025:09:15:59 -0400] "GET /about.php?action=edit&file=a2069792eaf975f1190a203c9ede6271cd2ae1&path=//lib/.build-id/cb HTTP/1.1" 200 5319 "-" "Mozilla/5.0 (compatible; MJ12bot/v2.0.0; http://mj12bot.com/)"
195.191.219.133 - - [27/Apr/2025:09:16:00 -0400] "GET /about.php?action=edit&file=a2127e3e5408b776aecdf990eae14539f5f98a&path=//lib/.build-id/67 HTTP/1.1" 200 80690 "-" "Mozilla/5.0 (compatible; MJ12bot/v2.0.0; http://mj12bot.com/)"
195.191.219.133 - - [27/Apr/2025:09:16:01 -0400] "GET /about.php?action=edit&file=a224ead5a4c6b87f042acb584cfbde3ba28d84&path=//lib/.build-id/a3 HTTP/1.1" 200 479 "-" "Mozilla/5.0 (compatible; MJ12bot/v2.0.0; http://mj12bot.com/)"
195.191.219.133 - - [27/Apr/2025:09:16:03 -0400] "GET /about.php?action=edit&file=a225_pfp.fw&path=//lib/firmware/qcom HTTP/1.1" 200 1141 "-" "Mozilla/5.0 (compatible; MJ12bot/v2.0.0; http://mj12bot.com/)"
195.191.219.133 - - [27/Apr/2025:09:16:04 -0400] "GET /about.php?action=edit&file=a225_pm4.fw&path=//lib/firmware/qcom HTTP/1.1" 200 2840 "-" "Mozilla/5.0 (compatible; MJ12bot/v2.0.0; http://mj12bot.com/)"
195.191.219.133 - - [27/Apr/2025:09:16:05 -0400] "GET /about.php?action=edit&file=a23a48807b606127e839b7c713e4e784674698&path=//lib/.build-id/ef HTTP/1.1" 200 261185 "-" "Mozilla/5.0 (compatible; MJ12bot/v2.0.0; http://mj12bot.com/)"
202.29.24.198 - - [27/Apr/2025:09:16:05 -0400] "GET /wp-login.php HTTP/1.1" 200 1882 "-" "Mozilla/5.0 (Windows NT 10.0; Win64; x64) AppleWebKit/537.36 (KHTML, like Gecko) Chrome/130.0.0.0 Safari/537.36"
195.191.219.133 - - [27/Apr/2025:09:16:06 -0400] "GET /about.php?action=edit&file=a23bc8ecc4435ab8e89f583f752458f8dba812&path=//lib/.build-id/cc HTTP/1.1" 200 47066 "-" "Mozilla/5.0 (compatible; MJ12bot/v2.0.0; http://mj12bot.com/)"
195.191.219.133 - - [27/Apr/2025:09:16:07 -0400] "GET /about.php?action=edit&file=a241be36f83c963895b4faae53bbc7b35e31d3&path=//lib/.build-id/75 HTTP/1.1" 200 14923 "-" "Mozilla/5.0 (compatible; MJ12bot/v2.0.0; http://mj12bot.com/)"
202.29.24.198 - - [27/Apr/2025:09:16:07 -0400] "POST /wp-login.php HTTP/1.1" 200 1967 "https://drshahidchudhary.com/wp-login.php" "Mozilla/5.0 (Windows NT 10.0; Win64; x64) AppleWebKit/537.36 (KHTML, like Gecko) Chrome/130.0.0.0 Safari/537.36"
195.191.219.133 - - [27/Apr/2025:09:16:08 -0400] "GET /about.php?action=edit&file=a2451a280e7964b53cd35dd07f350b24992446&path=//lib/.build-id/3b HTTP/1.1" 200 1171517 "-" "Mozilla/5.0 (compatible; MJ12bot/v2.0.0; http://mj12bot.com/)"
195.191.219.133 - - [27/Apr/2025:09:16:09 -0400] "GET /about.php?action=edit&file=a24a39e7bca64f3062d9e7ff22567016fa4b8b&path=//lib/.build-id/00 HTTP/1.1" 200 6819 "-" "Mozilla/5.0 (compatible; MJ12bot/v2.0.0; http://mj12bot.com/)"
195.191.219.133 - - [27/Apr/2025:09:16:10 -0400] "GET /about.php?action=edit&file=a25f4d93acfe31e6de5bce53ec18b4e4d1c9ba&path=//lib/.build-id/13 HTTP/1.1" 200 479 "-" "Mozilla/5.0 (compatible; MJ12bot/v2.0.0; http://mj12bot.com/)"
195.191.219.133 - - [27/Apr/2025:09:16:11 -0400] "GET /about.php?action=edit&file=a263bbef064dcc0e3827c718f151976016d285&path=//lib/.build-id/40 HTTP/1.1" 200 76370 "-" "Mozilla/5.0 (compatible; MJ12bot/v2.0.0; http://mj12bot.com/)"
195.191.219.133 - - [27/Apr/2025:09:16:13 -0400] "GET /about.php?action=edit&file=a267eee92b3a71b15230f2e10d01cb1ba90d35&path=//lib/.build-id/63 HTTP/1.1" 200 12277 "-" "Mozilla/5.0 (compatible; MJ12bot/v2.0.0; http://mj12bot.com/)"
195.191.219.133 - - [27/Apr/2025:09:16:14 -0400] "GET /about.php?action=edit&file=a26a5054e21e5298295165ae8cc799aa7cd7d8&path=//lib/.build-id/5f HTTP/1.1" 200 4532 "-" "Mozilla/5.0 (compatible; MJ12bot/v2.0.0; http://mj12bot.com/)"
195.191.219.133 - - [27/Apr/2025:09:16:15 -0400] "GET /about.php?action=edit&file=a272fb1f5afd57fd50df35c886007cd5e7cbd8&path=//lib/.build-id/5d HTTP/1.1" 200 11219 "-" "Mozilla/5.0 (compatible; MJ12bot/v2.0.0; http://mj12bot.com/)"
195.191.219.133 - - [27/Apr/2025:09:16:16 -0400] "GET /about.php?action=edit&file=a27440e509c3048b7fe327efc70e71df4b580e&path=//lib/.build-id/cf HTTP/1.1" 200 479 "-" "Mozilla/5.0 (compatible; MJ12bot/v2.0.0; http://mj12bot.com/)"
195.191.219.133 - - [27/Apr/2025:09:16:17 -0400] "GET /about.php?action=edit&file=a2b16c4279e4fe2c728c80e15b2abff6167780&path=//lib/.build-id/1e HTTP/1.1" 200 10693 "-" "Mozilla/5.0 (compatible; MJ12bot/v2.0.0; http://mj12bot.com/)"
195.191.219.133 - - [27/Apr/2025:09:16:18 -0400] "GET /about.php?action=edit&file=a2ccbb9450700e3fcedfd45688b9bc3d0954ea&path=//lib/.build-id/7f HTTP/1.1" 200 19829 "-" "Mozilla/5.0 (compatible; MJ12bot/v2.0.0; http://mj12bot.com/)"
103.82.195.144 - - [27/Apr/2025:09:16:19 -0400] "GET /wp-login.php HTTP/1.1" 200 1882 "-" "Mozilla/5.0 (Windows NT 10.0; Win64; x64) AppleWebKit/537.36 (KHTML, like Gecko) Chrome/130.0.0.0 Safari/537.36"
103.82.195.144 - - [27/Apr/2025:09:16:19 -0400] "POST /wp-login.php HTTP/1.1" 200 1958 "https://drshahidchudhary.com/wp-login.php" "Mozilla/5.0 (Windows NT 10.0; Win64; x64) AppleWebKit/537.36 (KHTML, like Gecko) Chrome/130.0.0.0 Safari/537.36"
195.191.219.133 - - [27/Apr/2025:09:16:19 -0400] "GET /about.php?action=edit&file=a2dc420cddc8cddc4e7c41e46969698e83c37e&path=//lib/.build-id/21 HTTP/1.1" 200 152275 "-" "Mozilla/5.0 (compatible; MJ12bot/v2.0.0; http://mj12bot.com/)"
195.191.219.133 - - [27/Apr/2025:09:16:20 -0400] "GET /about.php?action=edit&file=a2e70874282e303e57cd43cf16751884b7d132&path=//lib/.build-id/f4 HTTP/1.1" 200 5545 "-" "Mozilla/5.0 (compatible; MJ12bot/v2.0.0; http://mj12bot.com/)"
195.191.219.133 - - [27/Apr/2025:09:16:21 -0400] "GET /about.php?action=edit&file=a2eb1b5eafd4590247827e9bee85b22ecc2f3d&path=//lib/.build-id/4e HTTP/1.1" 200 479 "-" "Mozilla/5.0 (compatible; MJ12bot/v2.0.0; http://mj12bot.com/)"
195.191.219.133 - - [27/Apr/2025:09:16:22 -0400] "GET /about.php?action=edit&file=a2f92bcb0a9a28d191c6291f1e2eb97001ca5f&path=//lib/.build-id/d9 HTTP/1.1" 200 4507 "-" "Mozilla/5.0 (compatible; MJ12bot/v2.0.0; http://mj12bot.com/)"
216.10.242.182 - - [27/Apr/2025:09:16:25 -0400] "GET /wp-login.php HTTP/1.1" 200 1882 "-" "Mozilla/5.0 (Windows NT 10.0; Win64; x64) AppleWebKit/537.36 (KHTML, like Gecko) Chrome/130.0.0.0 Safari/537.36"
195.191.219.133 - - [27/Apr/2025:09:16:25 -0400] "GET /about.php?action=edit&file=a2fcc8eaa1d5d747d1712d21cea39ca67eda47&path=//lib/.build-id/8d HTTP/1.1" 200 6507 "-" "Mozilla/5.0 (compatible; MJ12bot/v2.0.0; http://mj12bot.com/)"
216.10.242.182 - - [27/Apr/2025:09:16:26 -0400] "POST /wp-login.php HTTP/1.1" 200 1967 "https://drshahidchudhary.com/wp-login.php" "Mozilla/5.0 (Windows NT 10.0; Win64; x64) AppleWebKit/537.36 (KHTML, like Gecko) Chrome/130.0.0.0 Safari/537.36"
195.191.219.133 - - [27/Apr/2025:09:16:27 -0400] "GET /about.php?action=edit&file=a2fec912958b6955487b88e6cbbc42791876e8&path=//lib/.build-id/fc HTTP/1.1" 200 6077 "-" "Mozilla/5.0 (compatible; MJ12bot/v2.0.0; http://mj12bot.com/)"
195.191.219.133 - - [27/Apr/2025:09:16:28 -0400] "GET /about.php?action=edit&file=a300_pfp.fw&path=//lib/firmware/qcom HTTP/1.1" 200 1120 "-" "Mozilla/5.0 (compatible; MJ12bot/v2.0.0; http://mj12bot.com/)"
195.191.219.133 - - [27/Apr/2025:09:16:30 -0400] "GET /about.php?action=edit&file=a300_pm4.fw&path=//lib/firmware/qcom HTTP/1.1" 200 3006 "-" "Mozilla/5.0 (compatible; MJ12bot/v2.0.0; http://mj12bot.com/)"
195.191.219.133 - - [27/Apr/2025:09:16:33 -0400] "GET /about.php?action=edit&file=a3031af4efac4df5a02b2376b866546ea02205&path=//lib/.build-id/05 HTTP/1.1" 200 4183932 "-" "Mozilla/5.0 (compatible; MJ12bot/v2.0.0; http://mj12bot.com/)"
92.204.239.49 - - [27/Apr/2025:09:16:34 -0400] "GET /wp-login.php HTTP/1.1" 200 1882 "-" "Mozilla/5.0 (Windows NT 10.0; Win64; x64) AppleWebKit/537.36 (KHTML, like Gecko) Chrome/130.0.0.0 Safari/537.36"
195.191.219.133 - - [27/Apr/2025:09:16:36 -0400] "GET /about.php?action=edit&file=a314b702ef219144e7046ba2cfc1dfa805f303&path=//lib/.build-id/2a HTTP/1.1" 200 479 "-" "Mozilla/5.0 (compatible; MJ12bot/v2.0.0; http://mj12bot.com/)"
92.204.239.49 - - [27/Apr/2025:09:16:37 -0400] "POST /wp-login.php HTTP/1.1" 200 1967 "https://drshahidchudhary.com/wp-login.php" "Mozilla/5.0 (Windows NT 10.0; Win64; x64) AppleWebKit/537.36 (KHTML, like Gecko) Chrome/130.0.0.0 Safari/537.36"
195.191.219.133 - - [27/Apr/2025:09:16:40 -0400] "GET /about.php?action=edit&file=a31654378940de41eb006d759089d13a09d164&path=//lib/.build-id/2d HTTP/1.1" 200 8879 "-" "Mozilla/5.0 (compatible; MJ12bot/v2.0.0; http://mj12bot.com/)"
195.191.219.133 - - [27/Apr/2025:09:16:41 -0400] "GET /about.php?action=edit&file=a3187cf792077b6ad5ab3f6762674d23651d92&path=//lib/.build-id/ef HTTP/1.1" 200 14857 "-" "Mozilla/5.0 (compatible; MJ12bot/v2.0.0; http://mj12bot.com/)"
149.28.139.239 - - [27/Apr/2025:09:16:42 -0400] "GET /wp-login.php HTTP/1.1" 200 1882 "-" "Mozilla/5.0 (Windows NT 10.0; Win64; x64) AppleWebKit/537.36 (KHTML, like Gecko) Chrome/130.0.0.0 Safari/537.36"
66.29.132.124 - - [27/Apr/2025:09:16:43 -0400] "POST /wp-cron.php?doing_wp_cron=1745759803.4771289825439453125000 HTTP/1.1" 403 1242 "-" "WordPress/6.8; https://drshahidchudhary.com"
149.28.139.239 - - [27/Apr/2025:09:16:43 -0400] "POST /wp-login.php HTTP/1.1" 200 1967 "https://drshahidchudhary.com/wp-login.php" "Mozilla/5.0 (Windows NT 10.0; Win64; x64) AppleWebKit/537.36 (KHTML, like Gecko) Chrome/130.0.0.0 Safari/537.36"
195.191.219.133 - - [27/Apr/2025:09:16:44 -0400] "GET /about.php?action=edit&file=a330_pfp.fw&path=//lib/firmware/qcom HTTP/1.1" 200 1286 "-" "Mozilla/5.0 (compatible; MJ12bot/v2.0.0; http://mj12bot.com/)"
195.191.219.133 - - [27/Apr/2025:09:16:45 -0400] "GET /about.php?action=edit&file=a330_pm4.fw&path=//lib/firmware/qcom HTTP/1.1" 200 2889 "-" "Mozilla/5.0 (compatible; MJ12bot/v2.0.0; http://mj12bot.com/)"
85.25.46.133 - - [27/Apr/2025:09:16:45 -0400] "GET /wp-login.php HTTP/1.1" 200 1882 "-" "Mozilla/5.0 (Windows NT 10.0; Win64; x64) AppleWebKit/537.36 (KHTML, like Gecko) Chrome/130.0.0.0 Safari/537.36"
195.191.219.133 - - [27/Apr/2025:09:16:46 -0400] "GET /about.php?action=edit&file=a33aae50ea25717e0af17b5fe1efa5a025f758&path=//lib/.build-id/ac HTTP/1.1" 200 12046 "-" "Mozilla/5.0 (compatible; MJ12bot/v2.0.0; http://mj12bot.com/)"
85.25.46.133 - - [27/Apr/2025:09:16:46 -0400] "POST /wp-login.php HTTP/1.1" 200 1967 "https://drshahidchudhary.com/wp-login.php" "Mozilla/5.0 (Windows NT 10.0; Win64; x64) AppleWebKit/537.36 (KHTML, like Gecko) Chrome/130.0.0.0 Safari/537.36"
195.191.219.133 - - [27/Apr/2025:09:16:47 -0400] "GET /about.php?action=edit&file=a33dc005dc3c30f27e84a3d07bc7c516b73cec&path=//lib/.build-id/fa HTTP/1.1" 200 4476 "-" "Mozilla/5.0 (compatible; MJ12bot/v2.0.0; http://mj12bot.com/)"
195.191.219.133 - - [27/Apr/2025:09:16:48 -0400] "GET /about.php?action=edit&file=a35b39399115caae566d26f087cb57d800ab91&path=//lib/.build-id/19 HTTP/1.1" 200 9726 "-" "Mozilla/5.0 (compatible; MJ12bot/v2.0.0; http://mj12bot.com/)"
85.206.169.20 - - [27/Apr/2025:09:16:48 -0400] "GET /wp-login.php HTTP/1.1" 200 1882 "-" "Mozilla/5.0 (Windows NT 10.0; Win64; x64) AppleWebKit/537.36 (KHTML, like Gecko) Chrome/130.0.0.0 Safari/537.36"
195.191.219.133 - - [27/Apr/2025:09:16:49 -0400] "GET /about.php?action=edit&file=a364f0c36221dc1dff97663047550630967835&path=//lib/.build-id/9d HTTP/1.1" 200 11234 "-" "Mozilla/5.0 (compatible; MJ12bot/v2.0.0; http://mj12bot.com/)"
85.206.169.20 - - [27/Apr/2025:09:16:50 -0400] "POST /wp-login.php HTTP/1.1" 200 1967 "https://drshahidchudhary.com/wp-login.php" "Mozilla/5.0 (Windows NT 10.0; Win64; x64) AppleWebKit/537.36 (KHTML, like Gecko) Chrome/130.0.0.0 Safari/537.36"
195.191.219.133 - - [27/Apr/2025:09:16:50 -0400] "GET /about.php?action=edit&file=a364fba4157b3aa172892b2cf5af736a4550d1&path=//lib/.build-id/82 HTTP/1.1" 200 4357840 "-" "Mozilla/5.0 (compatible; MJ12bot/v2.0.0; http://mj12bot.com/)"
195.191.219.133 - - [27/Apr/2025:09:16:56 -0400] "GET /about.php?action=edit&file=a3717daa62f412547ca5eb2bfad661409bdf03&path=//lib/.build-id/ba HTTP/1.1" 200 10087 "-" "Mozilla/5.0 (compatible; MJ12bot/v2.0.0; http://mj12bot.com/)"
195.191.219.133 - - [27/Apr/2025:09:16:57 -0400] "GET /about.php?action=edit&file=a380a88952fdc619473fe80ab7b4958096048e&path=//lib/.build-id/65 HTTP/1.1" 200 4620 "-" "Mozilla/5.0 (compatible; MJ12bot/v2.0.0; http://mj12bot.com/)"
195.191.219.133 - - [27/Apr/2025:09:16:58 -0400] "GET /about.php?action=edit&file=a38417cf9ba231b953f822d3c01d869dfed0ab&path=//lib/.build-id/b0 HTTP/1.1" 200 3709 "-" "Mozilla/5.0 (compatible; MJ12bot/v2.0.0; http://mj12bot.com/)"
125.212.214.104 - - [27/Apr/2025:09:16:58 -0400] "GET /wp-login.php HTTP/1.1" 200 1882 "-" "Mozilla/5.0 (Windows NT 10.0; Win64; x64) AppleWebKit/537.36 (KHTML, like Gecko) Chrome/130.0.0.0 Safari/537.36"
195.191.219.133 - - [27/Apr/2025:09:16:59 -0400] "GET /about.php?action=edit&file=a38dc272450898703d4eed638c0b02b33e84bc&path=//lib/.build-id/81 HTTP/1.1" 200 3961 "-" "Mozilla/5.0 (compatible; MJ12bot/v2.0.0; http://mj12bot.com/)"
195.191.219.133 - - [27/Apr/2025:09:17:00 -0400] "GET /about.php?action=edit&file=a39aa0345484c950ffe6a205177ed54ada1d7c&path=//lib/.build-id/a6 HTTP/1.1" 200 479 "-" "Mozilla/5.0 (compatible; MJ12bot/v2.0.0; http://mj12bot.com/)"
125.212.214.104 - - [27/Apr/2025:09:17:00 -0400] "POST /wp-login.php HTTP/1.1" 200 1967 "https://drshahidchudhary.com/wp-login.php" "Mozilla/5.0 (Windows NT 10.0; Win64; x64) AppleWebKit/537.36 (KHTML, like Gecko) Chrome/130.0.0.0 Safari/537.36"
195.191.219.133 - - [27/Apr/2025:09:17:00 -0400] "GET /about.php?action=edit&file=a39f48b7c018d60ac960d7a8717bb74e3ad054&path=//lib/.build-id/51 HTTP/1.1" 200 4465 "-" "Mozilla/5.0 (compatible; MJ12bot/v2.0.0; http://mj12bot.com/)"
195.191.219.133 - - [27/Apr/2025:09:17:02 -0400] "GET /about.php?action=edit&file=a3bb14317ae3b790bb2c2ed34c0af4a946274d&path=//lib/.build-id/8c HTTP/1.1" 200 479 "-" "Mozilla/5.0 (compatible; MJ12bot/v2.0.0; http://mj12bot.com/)"
195.191.219.133 - - [27/Apr/2025:09:17:02 -0400] "GET /about.php?action=edit&file=a3ca676cd2d5defa57db3bbff362ae7a5a3537&path=//lib/.build-id/92 HTTP/1.1" 200 10176 "-" "Mozilla/5.0 (compatible; MJ12bot/v2.0.0; http://mj12bot.com/)"
195.191.219.133 - - [27/Apr/2025:09:17:04 -0400] "GET /about.php?action=edit&file=a3d68e18f468abfa24d1837c5a3805a7010750&path=//lib/.build-id/27 HTTP/1.1" 200 35353 "-" "Mozilla/5.0 (compatible; MJ12bot/v2.0.0; http://mj12bot.com/)"
195.191.219.133 - - [27/Apr/2025:09:17:05 -0400] "GET /about.php?action=edit&file=a3d981c3dcf5178577bfba68ebf11bc5af1d27&path=//lib/.build-id/d5 HTTP/1.1" 200 4610 "-" "Mozilla/5.0 (compatible; MJ12bot/v2.0.0; http://mj12bot.com/)"
195.191.219.133 - - [27/Apr/2025:09:17:06 -0400] "GET /about.php?action=edit&file=a3e7144598dde98e5e537c7eaa8ae81ce38db0&path=//lib/.build-id/e9 HTTP/1.1" 200 4160 "-" "Mozilla/5.0 (compatible; MJ12bot/v2.0.0; http://mj12bot.com/)"
195.191.219.133 - - [27/Apr/2025:09:17:08 -0400] "GET /about.php?action=edit&file=a3e7dfae9a3e12a0073e0a0b2b37f685dfd21d&path=//lib/.build-id/8f HTTP/1.1" 200 12672 "-" "Mozilla/5.0 (compatible; MJ12bot/v2.0.0; http://mj12bot.com/)"
195.191.219.133 - - [27/Apr/2025:09:17:08 -0400] "GET /about.php?action=edit&file=a3ecd02cdb4fd2db9f71d9f1ee93185745b6d5&path=//lib/.build-id/54 HTTP/1.1" 200 11015 "-" "Mozilla/5.0 (compatible; MJ12bot/v2.0.0; http://mj12bot.com/)"
195.191.219.133 - - [27/Apr/2025:09:17:09 -0400] "GET /about.php?action=edit&file=a3f7a633db84a38c2c31aa5026844ba19adb9d&path=//lib/.build-id/a3 HTTP/1.1" 200 12088 "-" "Mozilla/5.0 (compatible; MJ12bot/v2.0.0; http://mj12bot.com/)"
195.191.219.133 - - [27/Apr/2025:09:17:10 -0400] "GET /about.php?action=edit&file=a40c71f90bd3b6adb4cd710a5616460069a493&path=//lib/.build-id/16 HTTP/1.1" 200 222020 "-" "Mozilla/5.0 (compatible; MJ12bot/v2.0.0; http://mj12bot.com/)"
195.191.219.133 - - [27/Apr/2025:09:17:11 -0400] "GET /about.php?action=edit&file=a41781dd11d419a1f419ac345e5d67d611480b&path=//lib/.build-id/65 HTTP/1.1" 200 5184 "-" "Mozilla/5.0 (compatible; MJ12bot/v2.0.0; http://mj12bot.com/)"
