177.92.241.26 - - [27/Apr/2025:10:51:09 -0400] "POST /wp-login.php HTTP/1.1" 200 1967 "https://drshahidchudhary.com/wp-login.php" "Mozilla/5.0 (Windows NT 10.0; Win64; x64) AppleWebKit/537.36 (KHTML, like Gecko) Chrome/130.0.0.0 Safari/537.36"
51.178.47.11 - - [27/Apr/2025:10:51:23 -0400] "GET /wp-login.php HTTP/1.1" 200 1882 "-" "Mozilla/5.0 (Windows NT 10.0; Win64; x64) AppleWebKit/537.36 (KHTML, like Gecko) Chrome/130.0.0.0 Safari/537.36"
66.29.132.124 - - [27/Apr/2025:10:51:25 -0400] "POST /wp-cron.php?doing_wp_cron=1745765485.9517180919647216796875 HTTP/1.1" 403 1242 "-" "WordPress/6.8; https://drshahidchudhary.com"
51.178.47.11 - - [27/Apr/2025:10:51:25 -0400] "POST /wp-login.php HTTP/1.1" 200 1967 "https://drshahidchudhary.com/wp-login.php" "Mozilla/5.0 (Windows NT 10.0; Win64; x64) AppleWebKit/537.36 (KHTML, like Gecko) Chrome/130.0.0.0 Safari/537.36"
213.158.78.86 - - [27/Apr/2025:10:51:31 -0400] "GET /wp-login.php HTTP/1.1" 200 1882 "-" "Mozilla/5.0 (Windows NT 10.0; Win64; x64) AppleWebKit/537.36 (KHTML, like Gecko) Chrome/130.0.0.0 Safari/537.36"
213.158.78.86 - - [27/Apr/2025:10:51:32 -0400] "POST /wp-login.php HTTP/1.1" 200 1967 "https://drshahidchudhary.com/wp-login.php" "Mozilla/5.0 (Windows NT 10.0; Win64; x64) AppleWebKit/537.36 (KHTML, like Gecko) Chrome/130.0.0.0 Safari/537.36"
192.163.201.55 - - [27/Apr/2025:10:51:35 -0400] "GET /wp-login.php HTTP/1.1" 200 1882 "-" "Mozilla/5.0 (Windows NT 10.0; Win64; x64) AppleWebKit/537.36 (KHTML, like Gecko) Chrome/130.0.0.0 Safari/537.36"
192.163.201.55 - - [27/Apr/2025:10:51:35 -0400] "POST /wp-login.php HTTP/1.1" 200 1967 "https://drshahidchudhary.com/wp-login.php" "Mozilla/5.0 (Windows NT 10.0; Win64; x64) AppleWebKit/537.36 (KHTML, like Gecko) Chrome/130.0.0.0 Safari/537.36"
167.99.229.202 - - [27/Apr/2025:10:51:41 -0400] "GET /wp-login.php HTTP/1.1" 200 1882 "-" "Mozilla/5.0 (Windows NT 10.0; Win64; x64) AppleWebKit/537.36 (KHTML, like Gecko) Chrome/130.0.0.0 Safari/537.36"
167.99.229.202 - - [27/Apr/2025:10:51:41 -0400] "POST /wp-login.php HTTP/1.1" 200 1967 "https://drshahidchudhary.com/wp-login.php" "Mozilla/5.0 (Windows NT 10.0; Win64; x64) AppleWebKit/537.36 (KHTML, like Gecko) Chrome/130.0.0.0 Safari/537.36"
162.240.224.39 - - [27/Apr/2025:10:51:44 -0400] "GET /wp-login.php HTTP/1.1" 200 1882 "-" "Mozilla/5.0 (Windows NT 10.0; Win64; x64) AppleWebKit/537.36 (KHTML, like Gecko) Chrome/130.0.0.0 Safari/537.36"
162.240.224.39 - - [27/Apr/2025:10:51:45 -0400] "POST /wp-login.php HTTP/1.1" 200 1967 "https://drshahidchudhary.com/wp-login.php" "Mozilla/5.0 (Windows NT 10.0; Win64; x64) AppleWebKit/537.36 (KHTML, like Gecko) Chrome/130.0.0.0 Safari/537.36"
51.15.16.222 - - [27/Apr/2025:10:51:47 -0400] "GET /wp-login.php HTTP/1.1" 200 1882 "-" "Mozilla/5.0 (Windows NT 10.0; Win64; x64) AppleWebKit/537.36 (KHTML, like Gecko) Chrome/130.0.0.0 Safari/537.36"
51.15.16.222 - - [27/Apr/2025:10:51:49 -0400] "POST /wp-login.php HTTP/1.1" 200 1967 "https://drshahidchudhary.com/wp-login.php" "Mozilla/5.0 (Windows NT 10.0; Win64; x64) AppleWebKit/537.36 (KHTML, like Gecko) Chrome/130.0.0.0 Safari/537.36"
162.240.102.205 - - [27/Apr/2025:10:51:57 -0400] "GET /wp-login.php HTTP/1.1" 200 1882 "-" "Mozilla/5.0 (Windows NT 10.0; Win64; x64) AppleWebKit/537.36 (KHTML, like Gecko) Chrome/130.0.0.0 Safari/537.36"
162.240.102.205 - - [27/Apr/2025:10:52:00 -0400] "POST /wp-login.php HTTP/1.1" 200 1967 "https://drshahidchudhary.com/wp-login.php" "Mozilla/5.0 (Windows NT 10.0; Win64; x64) AppleWebKit/537.36 (KHTML, like Gecko) Chrome/130.0.0.0 Safari/537.36"
149.56.127.123 - - [27/Apr/2025:10:52:02 -0400] "GET /wp-login.php HTTP/1.1" 200 1882 "-" "Mozilla/5.0 (Windows NT 10.0; Win64; x64) AppleWebKit/537.36 (KHTML, like Gecko) Chrome/130.0.0.0 Safari/537.36"
149.56.127.123 - - [27/Apr/2025:10:52:02 -0400] "POST /wp-login.php HTTP/1.1" 200 1967 "https://drshahidchudhary.com/wp-login.php" "Mozilla/5.0 (Windows NT 10.0; Win64; x64) AppleWebKit/537.36 (KHTML, like Gecko) Chrome/130.0.0.0 Safari/537.36"
46.101.125.42 - - [27/Apr/2025:10:52:08 -0400] "GET /wp-login.php HTTP/1.1" 200 1882 "-" "Mozilla/5.0 (Windows NT 10.0; Win64; x64) AppleWebKit/537.36 (KHTML, like Gecko) Chrome/130.0.0.0 Safari/537.36"
46.101.125.42 - - [27/Apr/2025:10:52:08 -0400] "POST /wp-login.php HTTP/1.1" 200 1967 "https://drshahidchudhary.com/wp-login.php" "Mozilla/5.0 (Windows NT 10.0; Win64; x64) AppleWebKit/537.36 (KHTML, like Gecko) Chrome/130.0.0.0 Safari/537.36"
78.142.47.69 - - [27/Apr/2025:10:52:16 -0400] "GET /wp-login.php HTTP/1.1" 200 1882 "-" "Mozilla/5.0 (Windows NT 10.0; Win64; x64) AppleWebKit/537.36 (KHTML, like Gecko) Chrome/130.0.0.0 Safari/537.36"
78.142.47.69 - - [27/Apr/2025:10:52:20 -0400] "POST /wp-login.php HTTP/1.1" 200 1967 "https://drshahidchudhary.com/wp-login.php" "Mozilla/5.0 (Windows NT 10.0; Win64; x64) AppleWebKit/537.36 (KHTML, like Gecko) Chrome/130.0.0.0 Safari/537.36"
185.175.196.165 - - [27/Apr/2025:10:52:27 -0400] "GET /wp-login.php HTTP/1.1" 200 1882 "-" "Mozilla/5.0 (Windows NT 10.0; Win64; x64) AppleWebKit/537.36 (KHTML, like Gecko) Chrome/130.0.0.0 Safari/537.36"
66.29.132.124 - - [27/Apr/2025:10:52:29 -0400] "POST /wp-cron.php?doing_wp_cron=1745765549.2606270313262939453125 HTTP/1.1" 403 1242 "-" "WordPress/6.8; https://drshahidchudhary.com"
185.175.196.165 - - [27/Apr/2025:10:52:29 -0400] "POST /wp-login.php HTTP/1.1" 200 1967 "https://drshahidchudhary.com/wp-login.php" "Mozilla/5.0 (Windows NT 10.0; Win64; x64) AppleWebKit/537.36 (KHTML, like Gecko) Chrome/130.0.0.0 Safari/537.36"
157.245.99.194 - - [27/Apr/2025:10:52:42 -0400] "GET /wp-login.php HTTP/1.1" 200 1882 "-" "Mozilla/5.0 (Windows NT 10.0; Win64; x64) AppleWebKit/537.36 (KHTML, like Gecko) Chrome/130.0.0.0 Safari/537.36"
157.245.99.194 - - [27/Apr/2025:10:52:46 -0400] "POST /wp-login.php HTTP/1.1" 200 1967 "https://drshahidchudhary.com/wp-login.php" "Mozilla/5.0 (Windows NT 10.0; Win64; x64) AppleWebKit/537.36 (KHTML, like Gecko) Chrome/130.0.0.0 Safari/537.36"
93.114.185.108 - - [27/Apr/2025:10:52:52 -0400] "GET /wp-login.php HTTP/1.1" 200 1882 "-" "Mozilla/5.0 (Windows NT 10.0; Win64; x64) AppleWebKit/537.36 (KHTML, like Gecko) Chrome/130.0.0.0 Safari/537.36"
93.114.185.108 - - [27/Apr/2025:10:52:53 -0400] "POST /wp-login.php HTTP/1.1" 200 1967 "https://drshahidchudhary.com/wp-login.php" "Mozilla/5.0 (Windows NT 10.0; Win64; x64) AppleWebKit/537.36 (KHTML, like Gecko) Chrome/130.0.0.0 Safari/537.36"
92.204.55.171 - - [27/Apr/2025:10:52:57 -0400] "GET /wp-login.php HTTP/1.1" 200 1882 "-" "Mozilla/5.0 (Windows NT 10.0; Win64; x64) AppleWebKit/537.36 (KHTML, like Gecko) Chrome/130.0.0.0 Safari/537.36"
92.204.55.171 - - [27/Apr/2025:10:52:57 -0400] "POST /wp-login.php HTTP/1.1" 200 1967 "https://drshahidchudhary.com/wp-login.php" "Mozilla/5.0 (Windows NT 10.0; Win64; x64) AppleWebKit/537.36 (KHTML, like Gecko) Chrome/130.0.0.0 Safari/537.36"
66.175.44.56 - - [27/Apr/2025:10:53:01 -0400] "GET /wp-login.php HTTP/1.1" 200 1882 "-" "Mozilla/5.0 (Windows NT 10.0; Win64; x64) AppleWebKit/537.36 (KHTML, like Gecko) Chrome/130.0.0.0 Safari/537.36"
66.175.44.56 - - [27/Apr/2025:10:53:01 -0400] "POST /wp-login.php HTTP/1.1" 200 1967 "https://drshahidchudhary.com/wp-login.php" "Mozilla/5.0 (Windows NT 10.0; Win64; x64) AppleWebKit/537.36 (KHTML, like Gecko) Chrome/130.0.0.0 Safari/537.36"
43.245.98.18 - - [27/Apr/2025:10:53:06 -0400] "GET /wp-login.php HTTP/1.1" 200 1882 "-" "Mozilla/5.0 (Windows NT 10.0; Win64; x64) AppleWebKit/537.36 (KHTML, like Gecko) Chrome/130.0.0.0 Safari/537.36"
43.245.98.18 - - [27/Apr/2025:10:53:07 -0400] "POST /wp-login.php HTTP/1.1" 200 1967 "https://drshahidchudhary.com/wp-login.php" "Mozilla/5.0 (Windows NT 10.0; Win64; x64) AppleWebKit/537.36 (KHTML, like Gecko) Chrome/130.0.0.0 Safari/537.36"
79.142.70.239 - - [27/Apr/2025:10:53:14 -0400] "GET / HTTP/1.1" 200 1613 "-" "Mozilla/5.0 (Linux; Android 4.2.2; SM-G386F Build/JDQ39) AppleWebKit/537.36 (KHTML, like Gecko) Chrome/54.0.2840.85 Mobile Safari/537.36"
43.245.111.10 - - [27/Apr/2025:10:53:23 -0400] "GET /wp-login.php HTTP/1.1" 200 1882 "-" "Mozilla/5.0 (Windows NT 10.0; Win64; x64) AppleWebKit/537.36 (KHTML, like Gecko) Chrome/130.0.0.0 Safari/537.36"
66.29.132.124 - - [27/Apr/2025:10:53:36 -0400] "POST /wp-cron.php?doing_wp_cron=1745765616.8130691051483154296875 HTTP/1.1" 403 1242 "-" "WordPress/6.8; https://drshahidchudhary.com"
43.245.111.10 - - [27/Apr/2025:10:53:36 -0400] "POST /wp-login.php HTTP/1.1" 200 1967 "https://drshahidchudhary.com/wp-login.php" "Mozilla/5.0 (Windows NT 10.0; Win64; x64) AppleWebKit/537.36 (KHTML, like Gecko) Chrome/130.0.0.0 Safari/537.36"
216.55.146.72 - - [27/Apr/2025:10:53:42 -0400] "GET /wp-login.php HTTP/1.1" 200 1882 "-" "Mozilla/5.0 (Windows NT 10.0; Win64; x64) AppleWebKit/537.36 (KHTML, like Gecko) Chrome/130.0.0.0 Safari/537.36"
216.55.146.72 - - [27/Apr/2025:10:53:43 -0400] "POST /wp-login.php HTTP/1.1" 200 1967 "https://drshahidchudhary.com/wp-login.php" "Mozilla/5.0 (Windows NT 10.0; Win64; x64) AppleWebKit/537.36 (KHTML, like Gecko) Chrome/130.0.0.0 Safari/537.36"
116.203.186.216 - - [27/Apr/2025:10:53:45 -0400] "GET /wp-login.php HTTP/1.1" 200 1882 "-" "Mozilla/5.0 (Windows NT 10.0; Win64; x64) AppleWebKit/537.36 (KHTML, like Gecko) Chrome/130.0.0.0 Safari/537.36"
116.203.186.216 - - [27/Apr/2025:10:53:45 -0400] "POST /wp-login.php HTTP/1.1" 200 1967 "https://drshahidchudhary.com/wp-login.php" "Mozilla/5.0 (Windows NT 10.0; Win64; x64) AppleWebKit/537.36 (KHTML, like Gecko) Chrome/130.0.0.0 Safari/537.36"
149.28.139.239 - - [27/Apr/2025:10:53:53 -0400] "GET /wp-login.php HTTP/1.1" 200 1882 "-" "Mozilla/5.0 (Windows NT 10.0; Win64; x64) AppleWebKit/537.36 (KHTML, like Gecko) Chrome/130.0.0.0 Safari/537.36"
149.28.139.239 - - [27/Apr/2025:10:53:55 -0400] "POST /wp-login.php HTTP/1.1" 200 1967 "https://drshahidchudhary.com/wp-login.php" "Mozilla/5.0 (Windows NT 10.0; Win64; x64) AppleWebKit/537.36 (KHTML, like Gecko) Chrome/130.0.0.0 Safari/537.36"
92.205.212.128 - - [27/Apr/2025:10:53:58 -0400] "GET /wp-login.php HTTP/1.1" 200 1882 "-" "Mozilla/5.0 (Windows NT 10.0; Win64; x64) AppleWebKit/537.36 (KHTML, like Gecko) Chrome/130.0.0.0 Safari/537.36"
92.205.212.128 - - [27/Apr/2025:10:53:59 -0400] "POST /wp-login.php HTTP/1.1" 200 1967 "https://drshahidchudhary.com/wp-login.php" "Mozilla/5.0 (Windows NT 10.0; Win64; x64) AppleWebKit/537.36 (KHTML, like Gecko) Chrome/130.0.0.0 Safari/537.36"
162.240.152.3 - - [27/Apr/2025:10:54:04 -0400] "GET /wp-login.php HTTP/1.1" 200 1882 "-" "Mozilla/5.0 (Windows NT 10.0; Win64; x64) AppleWebKit/537.36 (KHTML, like Gecko) Chrome/130.0.0.0 Safari/537.36"
162.240.152.3 - - [27/Apr/2025:10:54:06 -0400] "POST /wp-login.php HTTP/1.1" 200 1967 "https://drshahidchudhary.com/wp-login.php" "Mozilla/5.0 (Windows NT 10.0; Win64; x64) AppleWebKit/537.36 (KHTML, like Gecko) Chrome/130.0.0.0 Safari/537.36"
187.157.114.6 - - [27/Apr/2025:10:54:12 -0400] "GET /wp-login.php HTTP/1.1" 200 1882 "-" "Mozilla/5.0 (Windows NT 10.0; Win64; x64) AppleWebKit/537.36 (KHTML, like Gecko) Chrome/130.0.0.0 Safari/537.36"
187.157.114.6 - - [27/Apr/2025:10:54:17 -0400] "POST /wp-login.php HTTP/1.1" 200 1967 "https://drshahidchudhary.com/wp-login.php" "Mozilla/5.0 (Windows NT 10.0; Win64; x64) AppleWebKit/537.36 (KHTML, like Gecko) Chrome/130.0.0.0 Safari/537.36"
195.191.219.130 - - [27/Apr/2025:10:54:23 -0400] "GET /robots.txt HTTP/1.1" 404 1251 "-" "Mozilla/5.0 (compatible; MJ12bot/v2.0.0; http://mj12bot.com/)"
195.191.219.130 - - [27/Apr/2025:10:54:23 -0400] "GET /about.php?action=edit&file=.editorconfig&path=//home/makmfewe/frugilo.com HTTP/1.1" 200 686 "-" "Mozilla/5.0 (compatible; MJ12bot/v2.0.0; http://mj12bot.com/)"
195.191.219.130 - - [27/Apr/2025:10:54:24 -0400] "GET /about.php?action=edit&file=9b6fee03fcdd2028b4b15022578469a35bbfca&path=//lib/.build-id/14 HTTP/1.1" 200 3342 "-" "Mozilla/5.0 (compatible; MJ12bot/v2.0.0; http://mj12bot.com/)"
195.191.219.130 - - [27/Apr/2025:10:54:25 -0400] "GET /about.php?action=edit&file=boot.img&path=//lib/grub/i386-pc HTTP/1.1" 200 966 "-" "Mozilla/5.0 (compatible; MJ12bot/v2.0.0; http://mj12bot.com/)"
195.191.219.130 - - [27/Apr/2025:10:54:26 -0400] "GET /about.php?action=edit&file=brcmfmac43430a0-sdio.ONDA-V80%20PLUS.txt&path=//lib/firmware/brcm HTTP/1.1" 200 1126 "-" "Mozilla/5.0 (compatible; MJ12bot/v2.0.0; http://mj12bot.com/)"
195.191.219.130 - - [27/Apr/2025:10:54:27 -0400] "GET /about.php?action=edit&file=brcmfmac4356-sdio.AP6356S.txt&path=//lib/firmware/brcm HTTP/1.1" 200 1467 "-" "Mozilla/5.0 (compatible; MJ12bot/v2.0.0; http://mj12bot.com/)"
195.191.219.130 - - [27/Apr/2025:10:54:28 -0400] "GET /about.php?action=edit&file=brcmfmac43570-pcie.clm_blob&path=//lib/firmware/brcm HTTP/1.1" 200 2667 "-" "Mozilla/5.0 (compatible; MJ12bot/v2.0.0; http://mj12bot.com/)"
195.191.219.130 - - [27/Apr/2025:10:54:29 -0400] "GET /about.php?action=edit&file=brcmfmac4358-pcie.bin&path=//lib/firmware/brcm HTTP/1.1" 200 362354 "-" "Mozilla/5.0 (compatible; MJ12bot/v2.0.0; http://mj12bot.com/)"
36.89.251.105 - - [27/Apr/2025:10:54:30 -0400] "GET /wp-login.php HTTP/1.1" 200 1882 "-" "Mozilla/5.0 (Windows NT 10.0; Win64; x64) AppleWebKit/537.36 (KHTML, like Gecko) Chrome/130.0.0.0 Safari/537.36"
195.191.219.130 - - [27/Apr/2025:10:54:30 -0400] "GET /about.php?action=edit&file=brcmfmac43602-pcie.bin&path=//lib/firmware/brcm HTTP/1.1" 200 344432 "-" "Mozilla/5.0 (compatible; MJ12bot/v2.0.0; http://mj12bot.com/)"
195.191.219.130 - - [27/Apr/2025:10:54:31 -0400] "GET /about.php?action=edit&file=brcmfmac4366b-pcie.bin&path=//lib/firmware/brcm HTTP/1.1" 200 561729 "-" "Mozilla/5.0 (compatible; MJ12bot/v2.0.0; http://mj12bot.com/)"
195.191.219.130 - - [27/Apr/2025:10:54:32 -0400] "GET /about.php?action=edit&file=brcmfmac4366c-pcie.bin&path=//lib/firmware/brcm HTTP/1.1" 200 571634 "-" "Mozilla/5.0 (compatible; MJ12bot/v2.0.0; http://mj12bot.com/)"
195.191.219.130 - - [27/Apr/2025:10:54:33 -0400] "GET /about.php?action=edit&file=brcmfmac4371-pcie.bin&path=//lib/firmware/brcm HTTP/1.1" 200 350077 "-" "Mozilla/5.0 (compatible; MJ12bot/v2.0.0; http://mj12bot.com/)"
195.191.219.130 - - [27/Apr/2025:10:54:34 -0400] "GET /about.php?action=edit&file=brcmfmac4373-sdio.bin&path=//lib/firmware/brcm HTTP/1.1" 200 318630 "-" "Mozilla/5.0 (compatible; MJ12bot/v2.0.0; http://mj12bot.com/)"
195.191.219.130 - - [27/Apr/2025:10:54:35 -0400] "GET /about.php?action=edit&file=brcmfmac4373-sdio.clm_blob&path=//lib/firmware/brcm HTTP/1.1" 200 2503 "-" "Mozilla/5.0 (compatible; MJ12bot/v2.0.0; http://mj12bot.com/)"
36.89.251.105 - - [27/Apr/2025:10:54:35 -0400] "POST /wp-login.php HTTP/1.1" 200 1967 "https://drshahidchudhary.com/wp-login.php" "Mozilla/5.0 (Windows NT 10.0; Win64; x64) AppleWebKit/537.36 (KHTML, like Gecko) Chrome/130.0.0.0 Safari/537.36"
195.191.219.130 - - [27/Apr/2025:10:54:36 -0400] "GET /about.php?action=edit&file=brcmfmac4373.bin&path=//lib/firmware/brcm HTTP/1.1" 200 259093 "-" "Mozilla/5.0 (compatible; MJ12bot/v2.0.0; http://mj12bot.com/)"
195.191.219.130 - - [27/Apr/2025:10:54:37 -0400] "GET /about.php?action=edit&file=brcmfmac54591-pcie.bin&path=//lib/firmware/brcm HTTP/1.1" 200 354574 "-" "Mozilla/5.0 (compatible; MJ12bot/v2.0.0; http://mj12bot.com/)"
195.191.219.130 - - [27/Apr/2025:10:54:38 -0400] "GET /about.php?action=edit&file=brcmfmac54591-pcie.clm_blob&path=//lib/firmware/brcm HTTP/1.1" 200 2691 "-" "Mozilla/5.0 (compatible; MJ12bot/v2.0.0; http://mj12bot.com/)"
195.191.219.130 - - [27/Apr/2025:10:54:39 -0400] "GET /about.php?action=edit&file=brd8022a.pds&path=//lib/firmware/wfx HTTP/1.1" 200 769 "-" "Mozilla/5.0 (compatible; MJ12bot/v2.0.0; http://mj12bot.com/)"
195.191.219.130 - - [27/Apr/2025:10:54:40 -0400] "GET /about.php?action=edit&file=brp-ldconfig&path=//lib/rpm/redhat HTTP/1.1" 200 719 "-" "Mozilla/5.0 (compatible; MJ12bot/v2.0.0; http://mj12bot.com/)"
195.191.219.130 - - [27/Apr/2025:10:54:41 -0400] "GET /about.php?action=edit&file=brp-mangle-shebangs&path=//lib/rpm/redhat HTTP/1.1" 200 2175 "-" "Mozilla/5.0 (compatible; MJ12bot/v2.0.0; http://mj12bot.com/)"
195.191.219.130 - - [27/Apr/2025:10:54:42 -0400] "GET /about.php?action=edit&file=bsd.mod&path=//lib/grub/i386-pc HTTP/1.1" 200 15413 "-" "Mozilla/5.0 (compatible; MJ12bot/v2.0.0; http://mj12bot.com/)"
195.191.219.130 - - [27/Apr/2025:10:54:43 -0400] "GET /about.php?action=edit&file=bswap_test.mod&path=//lib/grub/i386-pc HTTP/1.1" 200 1752 "-" "Mozilla/5.0 (compatible; MJ12bot/v2.0.0; http://mj12bot.com/)"
213.199.53.194 - - [27/Apr/2025:10:54:44 -0400] "GET /wp-login.php HTTP/1.1" 200 1882 "-" "Mozilla/5.0 (Windows NT 10.0; Win64; x64) AppleWebKit/537.36 (KHTML, like Gecko) Chrome/130.0.0.0 Safari/537.36"
195.191.219.130 - - [27/Apr/2025:10:54:44 -0400] "GET /about.php?action=edit&file=btrfs.mod&path=//lib/grub/i386-pc HTTP/1.1" 200 13287 "-" "Mozilla/5.0 (compatible; MJ12bot/v2.0.0; http://mj12bot.com/)"
66.29.132.124 - - [27/Apr/2025:10:54:45 -0400] "POST /wp-cron.php?doing_wp_cron=1745765685.2045519351959228515625 HTTP/1.1" 403 1242 "-" "WordPress/6.8; https://drshahidchudhary.com"
213.199.53.194 - - [27/Apr/2025:10:54:45 -0400] "POST /wp-login.php HTTP/1.1" 200 1967 "https://drshahidchudhary.com/wp-login.php" "Mozilla/5.0 (Windows NT 10.0; Win64; x64) AppleWebKit/537.36 (KHTML, like Gecko) Chrome/130.0.0.0 Safari/537.36"
195.191.219.130 - - [27/Apr/2025:10:54:45 -0400] "GET /about.php?action=edit&file=bufio.mod&path=//lib/grub/i386-pc HTTP/1.1" 200 1795 "-" "Mozilla/5.0 (compatible; MJ12bot/v2.0.0; http://mj12bot.com/)"
195.191.219.130 - - [27/Apr/2025:10:54:46 -0400] "GET /about.php?action=edit&file=build&path=//lib/modules/4.18.0-513.18.1.lve.el8.x86_64 HTTP/1.1" 200 479 "-" "Mozilla/5.0 (compatible; MJ12bot/v2.0.0; http://mj12bot.com/)"
198.46.85.190 - - [27/Apr/2025:10:54:47 -0400] "GET /wp-login.php HTTP/1.1" 200 1882 "-" "Mozilla/5.0 (Windows NT 10.0; Win64; x64) AppleWebKit/537.36 (KHTML, like Gecko) Chrome/130.0.0.0 Safari/537.36"
195.191.219.130 - - [27/Apr/2025:10:54:47 -0400] "GET /about.php?action=edit&file=build&path=//lib/modules/4.18.0-553.44.1.lve.el8.x86_64 HTTP/1.1" 200 479 "-" "Mozilla/5.0 (compatible; MJ12bot/v2.0.0; http://mj12bot.com/)"
198.46.85.190 - - [27/Apr/2025:10:54:47 -0400] "POST /wp-login.php HTTP/1.1" 200 1967 "https://drshahidchudhary.com/wp-login.php" "Mozilla/5.0 (Windows NT 10.0; Win64; x64) AppleWebKit/537.36 (KHTML, like Gecko) Chrome/130.0.0.0 Safari/537.36"
195.191.219.130 - - [27/Apr/2025:10:54:48 -0400] "GET /about.php?action=edit&file=build&path=//lib/modules/4.18.0-553.lve.el8.x86_64 HTTP/1.1" 200 479 "-" "Mozilla/5.0 (compatible; MJ12bot/v2.0.0; http://mj12bot.com/)"
195.191.219.130 - - [27/Apr/2025:10:54:49 -0400] "GET /about.php?action=edit&file=bv_connector_8ee2cdab60bde9d787cd24bb5728ee9d.php&path=//home/makmfewe/memontravelservices.com HTTP/1.1" 200 6598 "-" "Mozilla/5.0 (compatible; MJ12bot/v2.0.0; http://mj12bot.com/)"
195.191.219.130 - - [27/Apr/2025:10:54:50 -0400] "GET /about.php?action=edit&file=bxt_dmc_ver1.bin&path=//lib/firmware/i915 HTTP/1.1" 200 2797 "-" "Mozilla/5.0 (compatible; MJ12bot/v2.0.0; http://mj12bot.com/)"
195.191.219.130 - - [27/Apr/2025:10:54:51 -0400] "GET /about.php?action=edit&file=bxt_dmc_ver1_07.bin&path=//lib/firmware/i915 HTTP/1.1" 200 2814 "-" "Mozilla/5.0 (compatible; MJ12bot/v2.0.0; http://mj12bot.com/)"
195.191.219.130 - - [27/Apr/2025:10:54:52 -0400] "GET /about.php?action=edit&file=bxt_guc_32.0.3.bin&path=//lib/firmware/i915 HTTP/1.1" 200 75806 "-" "Mozilla/5.0 (compatible; MJ12bot/v2.0.0; http://mj12bot.com/)"
195.191.219.130 - - [27/Apr/2025:10:54:53 -0400] "GET /about.php?action=edit&file=bxt_guc_33.0.0.bin&path=//lib/firmware/i915 HTTP/1.1" 200 78164 "-" "Mozilla/5.0 (compatible; MJ12bot/v2.0.0; http://mj12bot.com/)"
195.191.219.130 - - [27/Apr/2025:10:54:54 -0400] "GET /about.php?action=edit&file=bxt_guc_49.0.1.bin&path=//lib/firmware/i915 HTTP/1.1" 200 80471 "-" "Mozilla/5.0 (compatible; MJ12bot/v2.0.0; http://mj12bot.com/)"
195.191.219.130 - - [27/Apr/2025:10:54:55 -0400] "GET /about.php?action=edit&file=bxt_guc_62.0.0.bin&path=//lib/firmware/i915 HTTP/1.1" 200 85291 "-" "Mozilla/5.0 (compatible; MJ12bot/v2.0.0; http://mj12bot.com/)"
186.226.60.178 - - [27/Apr/2025:10:54:55 -0400] "GET /wp-login.php HTTP/1.1" 200 1882 "-" "Mozilla/5.0 (Windows NT 10.0; Win64; x64) AppleWebKit/537.36 (KHTML, like Gecko) Chrome/130.0.0.0 Safari/537.36"
195.191.219.130 - - [27/Apr/2025:10:54:56 -0400] "GET /about.php?action=edit&file=bxt_guc_ver8_7.bin&path=//lib/firmware/i915 HTTP/1.1" 200 62031 "-" "Mozilla/5.0 (compatible; MJ12bot/v2.0.0; http://mj12bot.com/)"
195.191.219.130 - - [27/Apr/2025:10:54:57 -0400] "GET /about.php?action=edit&file=bxt_guc_ver9_29.bin&path=//lib/firmware/i915 HTTP/1.1" 200 64524 "-" "Mozilla/5.0 (compatible; MJ12bot/v2.0.0; http://mj12bot.com/)"
195.191.219.130 - - [27/Apr/2025:10:54:58 -0400] "GET /about.php?action=edit&file=bxt_huc_2.0.0.bin&path=//lib/firmware/i915 HTTP/1.1" 200 58565 "-" "Mozilla/5.0 (compatible; MJ12bot/v2.0.0; http://mj12bot.com/)"
195.191.219.130 - - [27/Apr/2025:10:54:59 -0400] "GET /about.php?action=edit&file=bxt_huc_ver01_07_1398.bin&path=//lib/firmware/i915 HTTP/1.1" 200 59922 "-" "Mozilla/5.0 (compatible; MJ12bot/v2.0.0; http://mj12bot.com/)"
186.226.60.178 - - [27/Apr/2025:10:54:59 -0400] "POST /wp-login.php HTTP/1.1" 200 1958 "https://drshahidchudhary.com/wp-login.php" "Mozilla/5.0 (Windows NT 10.0; Win64; x64) AppleWebKit/537.36 (KHTML, like Gecko) Chrome/130.0.0.0 Safari/537.36"
195.191.219.130 - - [27/Apr/2025:10:55:00 -0400] "GET /about.php?action=edit&file=bxt_huc_ver01_8_2893.bin&path=//lib/firmware/i915 HTTP/1.1" 200 57132 "-" "Mozilla/5.0 (compatible; MJ12bot/v2.0.0; http://mj12bot.com/)"
195.191.219.130 - - [27/Apr/2025:10:55:01 -0400] "GET /about.php?action=edit&file=c013caec517ea8a8e735b90a2a9e7655042232&path=//lib/.build-id/9e HTTP/1.1" 200 4382 "-" "Mozilla/5.0 (compatible; MJ12bot/v2.0.0; http://mj12bot.com/)"
195.191.219.130 - - [27/Apr/2025:10:55:02 -0400] "GET /about.php?action=edit&file=c01507e11301093eea6dd8033348498c90194d&path=//lib/.build-id/74 HTTP/1.1" 200 64388 "-" "Mozilla/5.0 (compatible; MJ12bot/v2.0.0; http://mj12bot.com/)"
195.191.219.130 - - [27/Apr/2025:10:55:03 -0400] "GET /about.php?action=edit&file=c0156d3ae1e829f8dfb3246c1c7ee07e6db46e&path=//lib/.build-id/97 HTTP/1.1" 200 6099 "-" "Mozilla/5.0 (compatible; MJ12bot/v2.0.0; http://mj12bot.com/)"
195.191.219.130 - - [27/Apr/2025:10:55:04 -0400] "GET /about.php?action=edit&file=c01a9f66a4f50afc1f3c212465e929550d8194&path=//lib/.build-id/4c HTTP/1.1" 200 143927 "-" "Mozilla/5.0 (compatible; MJ12bot/v2.0.0; http://mj12bot.com/)"
195.191.219.130 - - [27/Apr/2025:10:55:05 -0400] "GET /about.php?action=edit&file=c029cde1ceb0d03dec4240de417bd809bf87a0&path=//lib/.build-id/fc HTTP/1.1" 200 4634 "-" "Mozilla/5.0 (compatible; MJ12bot/v2.0.0; http://mj12bot.com/)"
213.158.93.239 - - [27/Apr/2025:10:55:06 -0400] "GET /wp-login.php HTTP/1.1" 200 1882 "-" "Mozilla/5.0 (Windows NT 10.0; Win64; x64) AppleWebKit/537.36 (KHTML, like Gecko) Chrome/130.0.0.0 Safari/537.36"
195.191.219.130 - - [27/Apr/2025:10:55:06 -0400] "GET /about.php?action=edit&file=c02e50575d5cf62f4d21059ebd4f1a51100bfb&path=//lib/.build-id/03 HTTP/1.1" 200 5956 "-" "Mozilla/5.0 (compatible; MJ12bot/v2.0.0; http://mj12bot.com/)"
213.158.93.239 - - [27/Apr/2025:10:55:07 -0400] "POST /wp-login.php HTTP/1.1" 200 1967 "https://drshahidchudhary.com/wp-login.php" "Mozilla/5.0 (Windows NT 10.0; Win64; x64) AppleWebKit/537.36 (KHTML, like Gecko) Chrome/130.0.0.0 Safari/537.36"
195.191.219.130 - - [27/Apr/2025:10:55:07 -0400] "GET /about.php?action=edit&file=c04a1e3e1baf854eb68a202793bc7903744557&path=//lib/.build-id/09 HTTP/1.1" 200 479 "-" "Mozilla/5.0 (compatible; MJ12bot/v2.0.0; http://mj12bot.com/)"
195.191.219.130 - - [27/Apr/2025:10:55:08 -0400] "GET /about.php?action=edit&file=c05925f409dcc128ac1c65910e3f5f8dab634d&path=//lib/.build-id/99 HTTP/1.1" 200 3508 "-" "Mozilla/5.0 (compatible; MJ12bot/v2.0.0; http://mj12bot.com/)"
195.191.219.130 - - [27/Apr/2025:10:55:09 -0400] "GET /about.php?action=edit&file=c05c9069a4515ba26c44df095b2dc137b611cf&path=//lib/.build-id/34 HTTP/1.1" 200 4321 "-" "Mozilla/5.0 (compatible; MJ12bot/v2.0.0; http://mj12bot.com/)"
195.191.219.130 - - [27/Apr/2025:10:55:10 -0400] "GET /about.php?action=edit&file=c0639c9eae6f917e070d2dff02f9239797bff7&path=//lib/.build-id/fc HTTP/1.1" 200 4087 "-" "Mozilla/5.0 (compatible; MJ12bot/v2.0.0; http://mj12bot.com/)"
195.191.219.130 - - [27/Apr/2025:10:55:11 -0400] "GET /about.php?action=edit&file=c067b610a43967178afd20cea738c34268328b&path=//lib/.build-id/10 HTTP/1.1" 200 7775 "-" "Mozilla/5.0 (compatible; MJ12bot/v2.0.0; http://mj12bot.com/)"
195.191.219.130 - - [27/Apr/2025:10:55:12 -0400] "GET /about.php?action=edit&file=c074604ca48689a2e4ef634a7dc6aa2ed41b7c&path=//lib/.build-id/3c HTTP/1.1" 200 641892 "-" "Mozilla/5.0 (compatible; MJ12bot/v2.0.0; http://mj12bot.com/)"
195.191.219.130 - - [27/Apr/2025:10:55:13 -0400] "GET /about.php?action=edit&file=c0752bf957a172f5da9995b6fcd4439ae183c6&path=//lib/.build-id/10 HTTP/1.1" 200 479 "-" "Mozilla/5.0 (compatible; MJ12bot/v2.0.0; http://mj12bot.com/)"
195.191.219.130 - - [27/Apr/2025:10:55:14 -0400] "GET /about.php?action=edit&file=c07ab2edc09e1a24d0c3751d187a4d1ea986c4&path=//lib/.build-id/44 HTTP/1.1" 200 7674 "-" "Mozilla/5.0 (compatible; MJ12bot/v2.0.0; http://mj12bot.com/)"
195.191.219.130 - - [27/Apr/2025:10:55:15 -0400] "GET /about.php?action=edit&file=c090664b1272e0f26bfd0c569952e56b243dfc&path=//lib/.build-id/47 HTTP/1.1" 200 211192 "-" "Mozilla/5.0 (compatible; MJ12bot/v2.0.0; http://mj12bot.com/)"
195.191.219.130 - - [27/Apr/2025:10:55:16 -0400] "GET /about.php?action=edit&file=c09a8b44fd25b2aadb2fd7629d0951ea22faed&path=//lib/.build-id/2e HTTP/1.1" 200 11600 "-" "Mozilla/5.0 (compatible; MJ12bot/v2.0.0; http://mj12bot.com/)"
195.191.219.130 - - [27/Apr/2025:10:55:17 -0400] "GET /about.php?action=edit&file=c0a308f1d1985c74c3b573bcc39d8f0160aa6c&path=//lib/.build-id/f9 HTTP/1.1" 200 9155 "-" "Mozilla/5.0 (compatible; MJ12bot/v2.0.0; http://mj12bot.com/)"
137.184.10.118 - - [27/Apr/2025:10:55:18 -0400] "GET /wp-login.php HTTP/1.1" 200 1882 "-" "Mozilla/5.0 (Windows NT 10.0; Win64; x64) AppleWebKit/537.36 (KHTML, like Gecko) Chrome/130.0.0.0 Safari/537.36"
195.191.219.130 - - [27/Apr/2025:10:55:18 -0400] "GET /about.php?action=edit&file=c0a43d21839205145c89e38ba46a693441f116&path=//lib/.build-id/76 HTTP/1.1" 200 13185 "-" "Mozilla/5.0 (compatible; MJ12bot/v2.0.0; http://mj12bot.com/)"
195.191.219.130 - - [27/Apr/2025:10:55:19 -0400] "GET /about.php?action=edit&file=c0ae265cc5634240a8489c6cf1611b0fee5024&path=//lib/.build-id/6d HTTP/1.1" 200 4091 "-" "Mozilla/5.0 (compatible; MJ12bot/v2.0.0; http://mj12bot.com/)"
195.191.219.130 - - [27/Apr/2025:10:55:20 -0400] "GET /about.php?action=edit&file=c0b086b336580b297b5b67f8e90d76498c626f&path=//lib/.build-id/fb HTTP/1.1" 200 8739 "-" "Mozilla/5.0 (compatible; MJ12bot/v2.0.0; http://mj12bot.com/)"
137.184.10.118 - - [27/Apr/2025:10:55:20 -0400] "POST /wp-login.php HTTP/1.1" 200 1967 "https://drshahidchudhary.com/wp-login.php" "Mozilla/5.0 (Windows NT 10.0; Win64; x64) AppleWebKit/537.36 (KHTML, like Gecko) Chrome/130.0.0.0 Safari/537.36"
195.191.219.130 - - [27/Apr/2025:10:55:21 -0400] "GET /about.php?action=edit&file=c0d792babedb039da5d9ea14caccaa4925df6f&path=//lib/.build-id/ff HTTP/1.1" 200 8166 "-" "Mozilla/5.0 (compatible; MJ12bot/v2.0.0; http://mj12bot.com/)"
195.191.219.130 - - [27/Apr/2025:10:55:22 -0400] "GET /about.php?action=edit&file=c0dd9b58968ee766677aca4480da6b2097d4a0&path=//lib/.build-id/79 HTTP/1.1" 200 8220 "-" "Mozilla/5.0 (compatible; MJ12bot/v2.0.0; http://mj12bot.com/)"
51.178.202.147 - - [27/Apr/2025:10:55:23 -0400] "GET /wp-login.php HTTP/1.1" 200 1882 "-" "Mozilla/5.0 (Windows NT 10.0; Win64; x64) AppleWebKit/537.36 (KHTML, like Gecko) Chrome/130.0.0.0 Safari/537.36"
195.191.219.130 - - [27/Apr/2025:10:55:23 -0400] "GET /about.php?action=edit&file=c0e14310bb035aee1b1f953ef1d94a72a0a39f&path=//lib/.build-id/5a HTTP/1.1" 200 479 "-" "Mozilla/5.0 (compatible; MJ12bot/v2.0.0; http://mj12bot.com/)"
51.178.202.147 - - [27/Apr/2025:10:55:23 -0400] "POST /wp-login.php HTTP/1.1" 200 1967 "https://drshahidchudhary.com/wp-login.php" "Mozilla/5.0 (Windows NT 10.0; Win64; x64) AppleWebKit/537.36 (KHTML, like Gecko) Chrome/130.0.0.0 Safari/537.36"
195.191.219.130 - - [27/Apr/2025:10:55:24 -0400] "GET /about.php?action=edit&file=c0e765d6bb21181b74c2095d4fafebb975a397&path=//lib/.build-id/17 HTTP/1.1" 200 18004 "-" "Mozilla/5.0 (compatible; MJ12bot/v2.0.0; http://mj12bot.com/)"
195.191.219.130 - - [27/Apr/2025:10:55:25 -0400] "GET /about.php?action=edit&file=c0fbe70ac9d0346c627de292136795e12a032e&path=//lib/.build-id/e8 HTTP/1.1" 200 5430 "-" "Mozilla/5.0 (compatible; MJ12bot/v2.0.0; http://mj12bot.com/)"
195.191.219.130 - - [27/Apr/2025:10:55:26 -0400] "GET /about.php?action=edit&file=c10428933a314a1a02f1ebdbf61cf0c4d7a5a4&path=//lib/.build-id/cf HTTP/1.1" 200 4363 "-" "Mozilla/5.0 (compatible; MJ12bot/v2.0.0; http://mj12bot.com/)"
195.191.219.130 - - [27/Apr/2025:10:55:27 -0400] "GET /about.php?action=edit&file=c119d060c950516e6bc83742a61cc652d040f5&path=//lib/.build-id/a3 HTTP/1.1" 200 4484 "-" "Mozilla/5.0 (compatible; MJ12bot/v2.0.0; http://mj12bot.com/)"
195.191.219.130 - - [27/Apr/2025:10:55:28 -0400] "GET /about.php?action=edit&file=c11b2ea57b49a903cdda23ea77a0a398c11ca9&path=//lib/.build-id/d1 HTTP/1.1" 200 5931 "-" "Mozilla/5.0 (compatible; MJ12bot/v2.0.0; http://mj12bot.com/)"
198.46.85.190 - - [27/Apr/2025:10:55:29 -0400] "GET /wp-login.php HTTP/1.1" 200 1882 "-" "Mozilla/5.0 (Windows NT 10.0; Win64; x64) AppleWebKit/537.36 (KHTML, like Gecko) Chrome/130.0.0.0 Safari/537.36"
195.191.219.130 - - [27/Apr/2025:10:55:29 -0400] "GET /about.php?action=edit&file=c11f06566b795b4ed8bb9237385f173307b068&path=//lib/.build-id/4a HTTP/1.1" 200 81122 "-" "Mozilla/5.0 (compatible; MJ12bot/v2.0.0; http://mj12bot.com/)"
198.46.85.190 - - [27/Apr/2025:10:55:31 -0400] "POST /wp-login.php HTTP/1.1" 200 1967 "https://drshahidchudhary.com/wp-login.php" "Mozilla/5.0 (Windows NT 10.0; Win64; x64) AppleWebKit/537.36 (KHTML, like Gecko) Chrome/130.0.0.0 Safari/537.36"
195.191.219.130 - - [27/Apr/2025:10:55:30 -0400] "GET /about.php?action=edit&file=c1277ed7b593d93d304f9cec2884ac2879e11b&path=//lib/.build-id/41 HTTP/1.1" 200 7354653 "-" "Mozilla/5.0 (compatible; MJ12bot/v2.0.0; http://mj12bot.com/)"
195.191.219.130 - - [27/Apr/2025:10:55:32 -0400] "GET /about.php?action=edit&file=c12e66f72ead95722e4cf914b4af1e9509cb0c&path=//lib/.build-id/4d HTTP/1.1" 200 4274 "-" "Mozilla/5.0 (compatible; MJ12bot/v2.0.0; http://mj12bot.com/)"
195.191.219.130 - - [27/Apr/2025:10:55:33 -0400] "GET /about.php?action=edit&file=c1394bd094b3d348d5c499c7e0a469c30d254b&path=//lib/.build-id/32 HTTP/1.1" 200 479 "-" "Mozilla/5.0 (compatible; MJ12bot/v2.0.0; http://mj12bot.com/)"
195.191.219.130 - - [27/Apr/2025:10:55:34 -0400] "GET /about.php?action=edit&file=c13d6299d8dfeaf27aa880278bc557c24e0bde&path=//lib/.build-id/cc HTTP/1.1" 200 9944 "-" "Mozilla/5.0 (compatible; MJ12bot/v2.0.0; http://mj12bot.com/)"
195.191.219.130 - - [27/Apr/2025:10:55:35 -0400] "GET /about.php?action=edit&file=c157a0f41876795e3c4dbfad8599d1d8cbb49f&path=//lib/.build-id/d8 HTTP/1.1" 200 4535 "-" "Mozilla/5.0 (compatible; MJ12bot/v2.0.0; http://mj12bot.com/)"
195.191.219.130 - - [27/Apr/2025:10:55:36 -0400] "GET /about.php?action=edit&file=c16154ef07356e8b07fc074f39a5c7c9c0bd47&path=//lib/.build-id/4c HTTP/1.1" 200 3985 "-" "Mozilla/5.0 (compatible; MJ12bot/v2.0.0; http://mj12bot.com/)"
195.191.219.130 - - [27/Apr/2025:10:55:37 -0400] "GET /about.php?action=edit&file=c162fde0d15a73c9d526e803bf77499c67a5a1&path=//lib/.build-id/46 HTTP/1.1" 200 4743 "-" "Mozilla/5.0 (compatible; MJ12bot/v2.0.0; http://mj12bot.com/)"
195.191.219.130 - - [27/Apr/2025:10:55:38 -0400] "GET /about.php?action=edit&file=c17740d2ae17e69a74b17fa015e4b34e6abe3e&path=//lib/.build-id/f9 HTTP/1.1" 200 5317 "-" "Mozilla/5.0 (compatible; MJ12bot/v2.0.0; http://mj12bot.com/)"
188.225.40.140 - - [27/Apr/2025:10:55:38 -0400] "GET /wp-login.php HTTP/1.1" 200 1882 "-" "Mozilla/5.0 (Windows NT 10.0; Win64; x64) AppleWebKit/537.36 (KHTML, like Gecko) Chrome/130.0.0.0 Safari/537.36"
195.191.219.130 - - [27/Apr/2025:10:55:39 -0400] "GET /about.php?action=edit&file=c184a9c4cd99f86eb39e034ea2ea5106c07775&path=//lib/.build-id/8a HTTP/1.1" 200 3145 "-" "Mozilla/5.0 (compatible; MJ12bot/v2.0.0; http://mj12bot.com/)"
188.225.40.140 - - [27/Apr/2025:10:55:39 -0400] "POST /wp-login.php HTTP/1.1" 200 1967 "https://drshahidchudhary.com/wp-login.php" "Mozilla/5.0 (Windows NT 10.0; Win64; x64) AppleWebKit/537.36 (KHTML, like Gecko) Chrome/130.0.0.0 Safari/537.36"
195.191.219.130 - - [27/Apr/2025:10:55:40 -0400] "GET /about.php?action=edit&file=c18539702b0601f50c3bf5c1278e0ffd256521&path=//lib/.build-id/34 HTTP/1.1" 200 4494 "-" "Mozilla/5.0 (compatible; MJ12bot/v2.0.0; http://mj12bot.com/)"
195.191.219.130 - - [27/Apr/2025:10:55:41 -0400] "GET /about.php?action=edit&file=c1a5d8d5e39373575dd4fb43f1e61352c1ba66&path=//lib/.build-id/50 HTTP/1.1" 200 3938 "-" "Mozilla/5.0 (compatible; MJ12bot/v2.0.0; http://mj12bot.com/)"
195.20.18.145 - - [27/Apr/2025:10:55:41 -0400] "GET / HTTP/1.1" 200 7590 "-" "ALittle Client"
195.191.219.130 - - [27/Apr/2025:10:55:42 -0400] "GET /about.php?action=edit&file=c1aaa184ac18eaf17669aa45a52941a314cace&path=//lib/.build-id/f2 HTTP/1.1" 200 479 "-" "Mozilla/5.0 (compatible; MJ12bot/v2.0.0; http://mj12bot.com/)"
162.240.152.3 - - [27/Apr/2025:10:55:43 -0400] "GET /wp-login.php HTTP/1.1" 200 1882 "-" "Mozilla/5.0 (Windows NT 10.0; Win64; x64) AppleWebKit/537.36 (KHTML, like Gecko) Chrome/130.0.0.0 Safari/537.36"
195.191.219.130 - - [27/Apr/2025:10:55:43 -0400] "GET /about.php?action=edit&file=c1b166b9e7d6cee39e14407b6a71dfb6b21817&path=//lib/.build-id/98 HTTP/1.1" 200 3941 "-" "Mozilla/5.0 (compatible; MJ12bot/v2.0.0; http://mj12bot.com/)"
195.191.219.130 - - [27/Apr/2025:10:55:44 -0400] "GET /about.php?action=edit&file=c1c93e34028a981ee7b9b4f9b31cf8b53e7fcf&path=//lib/.build-id/f9 HTTP/1.1" 200 387280 "-" "Mozilla/5.0 (compatible; MJ12bot/v2.0.0; http://mj12bot.com/)"
162.240.152.3 - - [27/Apr/2025:10:55:44 -0400] "POST /wp-login.php HTTP/1.1" 200 1967 "https://drshahidchudhary.com/wp-login.php" "Mozilla/5.0 (Windows NT 10.0; Win64; x64) AppleWebKit/537.36 (KHTML, like Gecko) Chrome/130.0.0.0 Safari/537.36"
195.191.219.130 - - [27/Apr/2025:10:55:45 -0400] "GET /about.php?action=edit&file=c1ceca91e7e4805ef818c26c2165e674435648&path=//lib/.build-id/96 HTTP/1.1" 200 3046 "-" "Mozilla/5.0 (compatible; MJ12bot/v2.0.0; http://mj12bot.com/)"
31.214.174.194 - - [27/Apr/2025:10:55:46 -0400] "GET /wp-login.php HTTP/1.1" 200 1882 "-" "Mozilla/5.0 (Windows NT 10.0; Win64; x64) AppleWebKit/537.36 (KHTML, like Gecko) Chrome/130.0.0.0 Safari/537.36"
195.191.219.130 - - [27/Apr/2025:10:55:46 -0400] "GET /about.php?action=edit&file=c1f45f18b88218aa9ed3e644c713238bf7b54e&path=//lib/.build-id/76 HTTP/1.1" 200 3175 "-" "Mozilla/5.0 (compatible; MJ12bot/v2.0.0; http://mj12bot.com/)"
66.29.132.124 - - [27/Apr/2025:10:55:47 -0400] "POST /wp-cron.php?doing_wp_cron=1745765746.9830009937286376953125 HTTP/1.1" 403 1242 "-" "WordPress/6.8; https://drshahidchudhary.com"
31.214.174.194 - - [27/Apr/2025:10:55:46 -0400] "POST /wp-login.php HTTP/1.1" 200 1967 "https://drshahidchudhary.com/wp-login.php" "Mozilla/5.0 (Windows NT 10.0; Win64; x64) AppleWebKit/537.36 (KHTML, like Gecko) Chrome/130.0.0.0 Safari/537.36"
195.191.219.130 - - [27/Apr/2025:10:55:47 -0400] "GET /about.php?action=edit&file=c1f94ac3e6de50386eb114a6e1b48c09ddbeeb&path=//lib/.build-id/0b HTTP/1.1" 200 479 "-" "Mozilla/5.0 (compatible; MJ12bot/v2.0.0; http://mj12bot.com/)"
195.191.219.130 - - [27/Apr/2025:10:55:48 -0400] "GET /about.php?action=edit&file=c2076244ed8fbce9b60fedd9a53bb70d4af1aa&path=//lib/.build-id/eb HTTP/1.1" 200 7096 "-" "Mozilla/5.0 (compatible; MJ12bot/v2.0.0; http://mj12bot.com/)"
195.191.219.130 - - [27/Apr/2025:10:55:49 -0400] "GET /about.php?action=edit&file=c20bf135129f7700023a1f515d3bdbee7c20d8&path=//lib/.build-id/f9 HTTP/1.1" 200 479 "-" "Mozilla/5.0 (compatible; MJ12bot/v2.0.0; http://mj12bot.com/)"
212.56.32.188 - - [27/Apr/2025:10:55:49 -0400] "GET /wp-login.php HTTP/1.1" 200 1882 "-" "Mozilla/5.0 (Windows NT 10.0; Win64; x64) AppleWebKit/537.36 (KHTML, like Gecko) Chrome/130.0.0.0 Safari/537.36"
212.56.32.188 - - [27/Apr/2025:10:55:49 -0400] "POST /wp-login.php HTTP/1.1" 200 1967 "https://drshahidchudhary.com/wp-login.php" "Mozilla/5.0 (Windows NT 10.0; Win64; x64) AppleWebKit/537.36 (KHTML, like Gecko) Chrome/130.0.0.0 Safari/537.36"
195.191.219.130 - - [27/Apr/2025:10:55:50 -0400] "GET /about.php?action=edit&file=c20c6849671d9342a563ae39b53c80a67f0d37&path=//lib/.build-id/20 HTTP/1.1" 200 3559 "-" "Mozilla/5.0 (compatible; MJ12bot/v2.0.0; http://mj12bot.com/)"
195.191.219.130 - - [27/Apr/2025:10:55:51 -0400] "GET /about.php?action=edit&file=c215cfcb8f9034a32719fa2179dcd23739db7a&path=//lib/.build-id/cf HTTP/1.1" 200 7442 "-" "Mozilla/5.0 (compatible; MJ12bot/v2.0.0; http://mj12bot.com/)"
195.191.219.130 - - [27/Apr/2025:10:55:52 -0400] "GET /about.php?action=edit&file=c2251234c9dc248d2a2e0955e55d50c4f0c53a&path=//lib/.build-id/6e HTTP/1.1" 200 10531 "-" "Mozilla/5.0 (compatible; MJ12bot/v2.0.0; http://mj12bot.com/)"
195.191.219.130 - - [27/Apr/2025:10:55:53 -0400] "GET /about.php?action=edit&file=c23037ce6f44c36f151e64eb50100c3b1d52be&path=//lib/.build-id/3c HTTP/1.1" 200 20652 "-" "Mozilla/5.0 (compatible; MJ12bot/v2.0.0; http://mj12bot.com/)"
195.191.219.130 - - [27/Apr/2025:10:55:54 -0400] "GET /about.php?action=edit&file=c2418da4e45e395eb6acdcf6f63b8fd0e4f7db&path=//lib/.build-id/7a HTTP/1.1" 200 10365 "-" "Mozilla/5.0 (compatible; MJ12bot/v2.0.0; http://mj12bot.com/)"
195.191.219.130 - - [27/Apr/2025:10:55:55 -0400] "GET /about.php?action=edit&file=c244880e69e47aaa1f330c738e85bfc47ea25c&path=//lib/.build-id/8a HTTP/1.1" 200 479 "-" "Mozilla/5.0 (compatible; MJ12bot/v2.0.0; http://mj12bot.com/)"
195.191.219.130 - - [27/Apr/2025:10:55:56 -0400] "GET /about.php?action=edit&file=c24496566e3f148fcadba7e2a544e72738af6d&path=//lib/.build-id/c2 HTTP/1.1" 200 479 "-" "Mozilla/5.0 (compatible; MJ12bot/v2.0.0; http://mj12bot.com/)"
164.68.110.102 - - [27/Apr/2025:10:55:56 -0400] "GET /wp-login.php HTTP/1.1" 200 1882 "-" "Mozilla/5.0 (Windows NT 10.0; Win64; x64) AppleWebKit/537.36 (KHTML, like Gecko) Chrome/130.0.0.0 Safari/537.36"
195.191.219.130 - - [27/Apr/2025:10:55:57 -0400] "GET /about.php?action=edit&file=c249f724df5a4444170847dbbb8da56fdd951e&path=//lib/.build-id/03 HTTP/1.1" 200 73977 "-" "Mozilla/5.0 (compatible; MJ12bot/v2.0.0; http://mj12bot.com/)"
195.191.219.130 - - [27/Apr/2025:10:55:58 -0400] "GET /about.php?action=edit&file=c24e50487346c643a9b516c4e14791e54eab94&path=//lib/.build-id/fd HTTP/1.1" 200 479 "-" "Mozilla/5.0 (compatible; MJ12bot/v2.0.0; http://mj12bot.com/)"
195.191.219.130 - - [27/Apr/2025:10:55:59 -0400] "GET /about.php?action=edit&file=c256a4fdb6c585324a22c3047ec35c4f2acdd1&path=//lib/.build-id/b1 HTTP/1.1" 200 66865 "-" "Mozilla/5.0 (compatible; MJ12bot/v2.0.0; http://mj12bot.com/)"
195.191.219.130 - - [27/Apr/2025:10:56:00 -0400] "GET /about.php?action=edit&file=c25f27b02ba5addc71f73d9b9debdc4c82a97b&path=//lib/.build-id/1b HTTP/1.1" 200 3936 "-" "Mozilla/5.0 (compatible; MJ12bot/v2.0.0; http://mj12bot.com/)"
195.191.219.130 - - [27/Apr/2025:10:56:01 -0400] "GET /about.php?action=edit&file=c25fe4dd5885a1fc6b6e6aa0049e3ec01a930d&path=//lib/.build-id/88 HTTP/1.1" 200 15594 "-" "Mozilla/5.0 (compatible; MJ12bot/v2.0.0; http://mj12bot.com/)"
164.68.110.102 - - [27/Apr/2025:10:56:01 -0400] "POST /wp-login.php HTTP/1.1" 200 1967 "https://drshahidchudhary.com/wp-login.php" "Mozilla/5.0 (Windows NT 10.0; Win64; x64) AppleWebKit/537.36 (KHTML, like Gecko) Chrome/130.0.0.0 Safari/537.36"
195.191.219.130 - - [27/Apr/2025:10:56:02 -0400] "GET /about.php?action=edit&file=c280762f6169f9f59db12fcef61df0bd9e6b7b&path=//lib/.build-id/42 HTTP/1.1" 200 15441 "-" "Mozilla/5.0 (compatible; MJ12bot/v2.0.0; http://mj12bot.com/)"
195.191.219.130 - - [27/Apr/2025:10:56:03 -0400] "GET /about.php?action=edit&file=c285cfbb8b594faa3183041bd764473d00c978&path=//lib/.build-id/14 HTTP/1.1" 200 179956 "-" "Mozilla/5.0 (compatible; MJ12bot/v2.0.0; http://mj12bot.com/)"
195.191.219.130 - - [27/Apr/2025:10:56:04 -0400] "GET /about.php?action=edit&file=c28bd1f46fa55cb0dba97525d03e9f95a0d137&path=//lib/.build-id/a7 HTTP/1.1" 200 479 "-" "Mozilla/5.0 (compatible; MJ12bot/v2.0.0; http://mj12bot.com/)"
195.191.219.130 - - [27/Apr/2025:10:56:05 -0400] "GET /about.php?action=edit&file=c28d2a4e221072c19ada96b37df724a685bcfa&path=//lib/.build-id/a7 HTTP/1.1" 200 479 "-" "Mozilla/5.0 (compatible; MJ12bot/v2.0.0; http://mj12bot.com/)"
195.191.219.130 - - [27/Apr/2025:10:56:06 -0400] "GET /about.php?action=edit&file=c298e549d238538d78b8a1d718b96f3a05261b&path=//lib/.build-id/23 HTTP/1.1" 200 3617 "-" "Mozilla/5.0 (compatible; MJ12bot/v2.0.0; http://mj12bot.com/)"
195.191.219.130 - - [27/Apr/2025:10:56:07 -0400] "GET /about.php?action=edit&file=c2c2f0d91bdaee92b3533bf34a285dd9e7544e&path=//lib/.build-id/36 HTTP/1.1" 200 3927 "-" "Mozilla/5.0 (compatible; MJ12bot/v2.0.0; http://mj12bot.com/)"
195.191.219.130 - - [27/Apr/2025:10:56:08 -0400] "GET /about.php?action=edit&file=c2c4e0a5d290fe51161438be921787d0b9695e&path=//lib/.build-id/65 HTTP/1.1" 200 4535 "-" "Mozilla/5.0 (compatible; MJ12bot/v2.0.0; http://mj12bot.com/)"
195.191.219.130 - - [27/Apr/2025:10:56:09 -0400] "GET /about.php?action=edit&file=c2d1c4ac2669450bf65afee9d863caae711e68&path=//lib/.build-id/8a HTTP/1.1" 200 5334 "-" "Mozilla/5.0 (compatible; MJ12bot/v2.0.0; http://mj12bot.com/)"
195.191.219.130 - - [27/Apr/2025:10:56:10 -0400] "GET /about.php?action=edit&file=c2e08f20c706e12cbdf409b40d9675b02c49af&path=//lib/.build-id/16 HTTP/1.1" 200 322946 "-" "Mozilla/5.0 (compatible; MJ12bot/v2.0.0; http://mj12bot.com/)"
195.191.219.130 - - [27/Apr/2025:10:56:11 -0400] "GET /about.php?action=edit&file=c2e4d09d920650e79542e0c57a3d95f1cf16a2&path=//lib/.build-id/30 HTTP/1.1" 200 11435 "-" "Mozilla/5.0 (compatible; MJ12bot/v2.0.0; http://mj12bot.com/)"
195.191.219.130 - - [27/Apr/2025:10:56:12 -0400] "GET /about.php?action=edit&file=c2f0d42f9547a4e3be2890c625c813342c866b&path=//lib/.build-id/6c HTTP/1.1" 200 10398 "-" "Mozilla/5.0 (compatible; MJ12bot/v2.0.0; http://mj12bot.com/)"
195.191.219.130 - - [27/Apr/2025:10:56:13 -0400] "GET /about.php?action=edit&file=c2f23b025e8a6d5cf563466a84b021765421d3&path=//lib/.build-id/b2 HTTP/1.1" 200 10552 "-" "Mozilla/5.0 (compatible; MJ12bot/v2.0.0; http://mj12bot.com/)"
195.191.219.130 - - [27/Apr/2025:10:56:14 -0400] "GET /about.php?action=edit&file=c2f6cb2d3111299c201a288bba2a69a34f7154&path=//lib/.build-id/2b HTTP/1.1" 200 10876 "-" "Mozilla/5.0 (compatible; MJ12bot/v2.0.0; http://mj12bot.com/)"
195.191.219.130 - - [27/Apr/2025:10:56:15 -0400] "GET /about.php?action=edit&file=c300d38f2f6dd1f74a72e8cf78313d3813a2aa&path=//lib/.build-id/74 HTTP/1.1" 200 14677 "-" "Mozilla/5.0 (compatible; MJ12bot/v2.0.0; http://mj12bot.com/)"
195.191.219.130 - - [27/Apr/2025:10:56:16 -0400] "GET /about.php?action=edit&file=c3078fd731492d592e61321422403785d43d46&path=//lib/.build-id/ae HTTP/1.1" 200 4635 "-" "Mozilla/5.0 (compatible; MJ12bot/v2.0.0; http://mj12bot.com/)"
195.191.219.130 - - [27/Apr/2025:10:56:17 -0400] "GET /about.php?action=edit&file=c31753fe73d783b301204955230bffc140f39e&path=//lib/.build-id/e8 HTTP/1.1" 200 5741 "-" "Mozilla/5.0 (compatible; MJ12bot/v2.0.0; http://mj12bot.com/)"
195.191.219.130 - - [27/Apr/2025:10:56:18 -0400] "GET /about.php?action=edit&file=c329e46c329be5195ba50dae2a266d2538e88e&path=//lib/.build-id/38 HTTP/1.1" 200 479 "-" "Mozilla/5.0 (compatible; MJ12bot/v2.0.0; http://mj12bot.com/)"
195.191.219.130 - - [27/Apr/2025:10:56:19 -0400] "GET /about.php?action=edit&file=c32bf042208e66c4c8240cd8fd8b313a8c5959&path=//lib/.build-id/7a HTTP/1.1" 200 6915 "-" "Mozilla/5.0 (compatible; MJ12bot/v2.0.0; http://mj12bot.com/)"
195.191.219.130 - - [27/Apr/2025:10:56:20 -0400] "GET /about.php?action=edit&file=c3372b049fdabfac41b5feebd0384b&path=//lib/.build-id/55 HTTP/1.1" 200 463241 "-" "Mozilla/5.0 (compatible; MJ12bot/v2.0.0; http://mj12bot.com/)"
195.191.219.130 - - [27/Apr/2025:10:56:21 -0400] "GET /about.php?action=edit&file=c33984d367ab45a33b5a8b133e277562127e0f&path=//lib/.build-id/48 HTTP/1.1" 200 88678 "-" "Mozilla/5.0 (compatible; MJ12bot/v2.0.0; http://mj12bot.com/)"
195.191.219.130 - - [27/Apr/2025:10:56:22 -0400] "GET /about.php?action=edit&file=c344f7af032b95d4dff40342e5025baefbe2c0&path=//lib/.build-id/7b HTTP/1.1" 200 21575 "-" "Mozilla/5.0 (compatible; MJ12bot/v2.0.0; http://mj12bot.com/)"
195.191.219.130 - - [27/Apr/2025:10:56:23 -0400] "GET /about.php?action=edit&file=c3603510aa01e5a80f3e7766b8aa057e3cdd50&path=//lib/.build-id/e2 HTTP/1.1" 200 10632 "-" "Mozilla/5.0 (compatible; MJ12bot/v2.0.0; http://mj12bot.com/)"
195.191.219.130 - - [27/Apr/2025:10:56:24 -0400] "GET /about.php?action=edit&file=c368acf0252466247cf37f7d8f3aa8a838e1b7&path=//lib/.build-id/eb HTTP/1.1" 200 6126 "-" "Mozilla/5.0 (compatible; MJ12bot/v2.0.0; http://mj12bot.com/)"
195.191.219.130 - - [27/Apr/2025:10:56:25 -0400] "GET /about.php?action=edit&file=c385f00f9e3e91e8971893d9c6fe515ca4e8be&path=//lib/.build-id/f3 HTTP/1.1" 200 22827 "-" "Mozilla/5.0 (compatible; MJ12bot/v2.0.0; http://mj12bot.com/)"
195.191.219.130 - - [27/Apr/2025:10:56:26 -0400] "GET /about.php?action=edit&file=c38816deb214fbdd7b979b8e8e157387c42fe2&path=//lib/.build-id/1a HTTP/1.1" 200 246952 "-" "Mozilla/5.0 (compatible; MJ12bot/v2.0.0; http://mj12bot.com/)"
195.191.219.130 - - [27/Apr/2025:10:56:27 -0400] "GET /about.php?action=edit&file=c39049efdc00ad57b7544282814de65b23c22e&path=//lib/.build-id/62 HTTP/1.1" 200 11102 "-" "Mozilla/5.0 (compatible; MJ12bot/v2.0.0; http://mj12bot.com/)"
195.191.219.130 - - [27/Apr/2025:10:56:28 -0400] "GET /about.php?action=edit&file=c39fd4ac02f3771e9c1c3e27dfe8edb6f3e6e1&path=//lib/.build-id/b0 HTTP/1.1" 200 6167 "-" "Mozilla/5.0 (compatible; MJ12bot/v2.0.0; http://mj12bot.com/)"
195.191.219.130 - - [27/Apr/2025:10:56:29 -0400] "GET /about.php?action=edit&file=c3a12cfdbd2f702650ec86b90c6a6a461e195d&path=//lib/.build-id/75 HTTP/1.1" 200 4170136 "-" "Mozilla/5.0 (compatible; MJ12bot/v2.0.0; http://mj12bot.com/)"
195.191.219.130 - - [27/Apr/2025:10:56:33 -0400] "GET /about.php?action=edit&file=c3b7489b9214a19a5004c01c72d6305e44af45&path=//lib/.build-id/84 HTTP/1.1" 200 479 "-" "Mozilla/5.0 (compatible; MJ12bot/v2.0.0; http://mj12bot.com/)"
195.191.219.130 - - [27/Apr/2025:10:56:34 -0400] "GET /about.php?action=edit&file=c3cf0ba54780e74fa3fc3b66a60640037ce0f9&path=//lib/.build-id/4d HTTP/1.1" 200 479 "-" "Mozilla/5.0 (compatible; MJ12bot/v2.0.0; http://mj12bot.com/)"
195.191.219.130 - - [27/Apr/2025:10:56:35 -0400] "GET /about.php?action=edit&file=c3d7842f3ff821f11bc0ee94141b43dab03922&path=//lib/.build-id/45 HTTP/1.1" 200 479 "-" "Mozilla/5.0 (compatible; MJ12bot/v2.0.0; http://mj12bot.com/)"
195.191.219.130 - - [27/Apr/2025:10:56:36 -0400] "GET /about.php?action=edit&file=c3e6383de4abd3a09dd05868b81cfb06d376c8&path=//lib/.build-id/37 HTTP/1.1" 200 17926 "-" "Mozilla/5.0 (compatible; MJ12bot/v2.0.0; http://mj12bot.com/)"
195.191.219.130 - - [27/Apr/2025:10:56:37 -0400] "GET /about.php?action=edit&file=c3f88f5908179d79c3b1bf01f3c0dc00224ffd&path=//lib/.build-id/9f HTTP/1.1" 200 5697 "-" "Mozilla/5.0 (compatible; MJ12bot/v2.0.0; http://mj12bot.com/)"
195.191.219.130 - - [27/Apr/2025:10:56:38 -0400] "GET /about.php?action=edit&file=c400049a990cdd70295b2026999038baed23a4&path=//lib/.build-id/53 HTTP/1.1" 200 9593 "-" "Mozilla/5.0 (compatible; MJ12bot/v2.0.0; http://mj12bot.com/)"
195.191.219.130 - - [27/Apr/2025:10:56:39 -0400] "GET /about.php?action=edit&file=c40dfaf60c5763627034555d9933330fd052bc&path=//lib/.build-id/6f HTTP/1.1" 200 6427 "-" "Mozilla/5.0 (compatible; MJ12bot/v2.0.0; http://mj12bot.com/)"
195.191.219.130 - - [27/Apr/2025:10:56:40 -0400] "GET /about.php?action=edit&file=c412027b33d3e6dcab9a7ed2e59c031792ca95&path=//lib/.build-id/d5 HTTP/1.1" 200 479 "-" "Mozilla/5.0 (compatible; MJ12bot/v2.0.0; http://mj12bot.com/)"
195.191.219.130 - - [27/Apr/2025:10:56:41 -0400] "GET /about.php?action=edit&file=c42e3e24975689a8ef4b2a83780722eea1937c&path=//lib/.build-id/d6 HTTP/1.1" 200 4391 "-" "Mozilla/5.0 (compatible; MJ12bot/v2.0.0; http://mj12bot.com/)"
195.191.219.130 - - [27/Apr/2025:10:56:42 -0400] "GET /about.php?action=edit&file=c4397fa4383fce438abe2565dafa4906440046&path=//lib/.build-id/ef HTTP/1.1" 200 479 "-" "Mozilla/5.0 (compatible; MJ12bot/v2.0.0; http://mj12bot.com/)"
195.191.219.130 - - [27/Apr/2025:10:56:43 -0400] "GET /about.php?action=edit&file=c44d0dbba684e8f21beab6a65264f0bbb5c7a5&path=//lib/.build-id/cf HTTP/1.1" 200 479 "-" "Mozilla/5.0 (compatible; MJ12bot/v2.0.0; http://mj12bot.com/)"
195.191.219.130 - - [27/Apr/2025:10:56:44 -0400] "GET /about.php?action=edit&file=c4504d7138e5f67d162254ecb270e4d90d61c9&path=//lib/.build-id/e4 HTTP/1.1" 200 16586 "-" "Mozilla/5.0 (compatible; MJ12bot/v2.0.0; http://mj12bot.com/)"
195.191.219.130 - - [27/Apr/2025:10:56:45 -0400] "GET /about.php?action=edit&file=c453dac646736df9455cd32933e577358da4a2&path=//lib/.build-id/dd HTTP/1.1" 200 5239 "-" "Mozilla/5.0 (compatible; MJ12bot/v2.0.0; http://mj12bot.com/)"
195.191.219.130 - - [27/Apr/2025:10:56:46 -0400] "GET /about.php?action=edit&file=c453e5f9596efc06bfbd8f87a82b1189d992cd&path=//lib/.build-id/16 HTTP/1.1" 200 16663 "-" "Mozilla/5.0 (compatible; MJ12bot/v2.0.0; http://mj12bot.com/)"
195.191.219.130 - - [27/Apr/2025:10:56:47 -0400] "GET /about.php?action=edit&file=c466d5fc9b393ce3cc7837c590594302810cb6&path=//lib/.build-id/5c HTTP/1.1" 200 479 "-" "Mozilla/5.0 (compatible; MJ12bot/v2.0.0; http://mj12bot.com/)"
