195.191.219.133 - - [27/Apr/2025:09:17:12 -0400] "GET /about.php?action=edit&file=a418fa6c2cd28e433fe61e9b8ee56e6ab6d85e&path=//lib/.build-id/fe HTTP/1.1" 200 46238 "-" "Mozilla/5.0 (compatible; MJ12bot/v2.0.0; http://mj12bot.com/)"
195.191.219.133 - - [27/Apr/2025:09:17:13 -0400] "GET /about.php?action=edit&file=a4190ca39dc4071f44fcd213e9b7918d32c409&path=//lib/.build-id/4b HTTP/1.1" 200 479 "-" "Mozilla/5.0 (compatible; MJ12bot/v2.0.0; http://mj12bot.com/)"
103.4.67.18 - - [27/Apr/2025:09:17:13 -0400] "GET /wp-login.php HTTP/1.1" 200 1882 "-" "Mozilla/5.0 (Windows NT 10.0; Win64; x64) AppleWebKit/537.36 (KHTML, like Gecko) Chrome/130.0.0.0 Safari/537.36"
195.191.219.133 - - [27/Apr/2025:09:17:14 -0400] "GET /about.php?action=edit&file=a420_pfp.fw&path=//lib/firmware/qcom HTTP/1.1" 200 2887 "-" "Mozilla/5.0 (compatible; MJ12bot/v2.0.0; http://mj12bot.com/)"
195.191.219.133 - - [27/Apr/2025:09:17:15 -0400] "GET /about.php?action=edit&file=a420_pm4.fw&path=//lib/firmware/qcom HTTP/1.1" 200 3061 "-" "Mozilla/5.0 (compatible; MJ12bot/v2.0.0; http://mj12bot.com/)"
195.191.219.133 - - [27/Apr/2025:09:17:16 -0400] "GET /about.php?action=edit&file=a4234343e2326e9d256b14a969004352e4ecbc&path=//lib/.build-id/ad HTTP/1.1" 200 3742 "-" "Mozilla/5.0 (compatible; MJ12bot/v2.0.0; http://mj12bot.com/)"
195.191.219.133 - - [27/Apr/2025:09:17:17 -0400] "GET /about.php?action=edit&file=a4381e5a99223fd4ccdc71821950a3c72843b6&path=//lib/.build-id/64 HTTP/1.1" 200 3977 "-" "Mozilla/5.0 (compatible; MJ12bot/v2.0.0; http://mj12bot.com/)"
195.191.219.133 - - [27/Apr/2025:09:17:19 -0400] "GET /about.php?action=edit&file=a43ad7c966fccfddd245eeb347aede78a5d611&path=//lib/.build-id/3a HTTP/1.1" 200 3975 "-" "Mozilla/5.0 (compatible; MJ12bot/v2.0.0; http://mj12bot.com/)"
195.191.219.133 - - [27/Apr/2025:09:17:19 -0400] "GET /about.php?action=edit&file=a4445fa4b696c4402bbdc35b301315f147b1f4&path=//lib/.build-id/b3 HTTP/1.1" 200 479 "-" "Mozilla/5.0 (compatible; MJ12bot/v2.0.0; http://mj12bot.com/)"
195.191.219.133 - - [27/Apr/2025:09:17:20 -0400] "GET /about.php?action=edit&file=a4498c2d533b7399d4a0a4163f774f53a8902a&path=//lib/.build-id/90 HTTP/1.1" 200 4208 "-" "Mozilla/5.0 (compatible; MJ12bot/v2.0.0; http://mj12bot.com/)"
195.191.219.133 - - [27/Apr/2025:09:17:22 -0400] "GET /about.php?action=edit&file=a44dc35e119842d6b700f9fba6bbf96ab5acda&path=//lib/.build-id/52 HTTP/1.1" 200 5126 "-" "Mozilla/5.0 (compatible; MJ12bot/v2.0.0; http://mj12bot.com/)"
195.191.219.133 - - [27/Apr/2025:09:17:22 -0400] "GET /about.php?action=edit&file=a45c70091de6bad9f6914f198897eb499cb570&path=//lib/.build-id/8f HTTP/1.1" 200 5859 "-" "Mozilla/5.0 (compatible; MJ12bot/v2.0.0; http://mj12bot.com/)"
195.191.219.133 - - [27/Apr/2025:09:17:23 -0400] "GET /about.php?action=edit&file=a46ccf1b771b2ec51035a7433d34b6cf6b1bfa&path=//lib/.build-id/9c HTTP/1.1" 200 139550 "-" "Mozilla/5.0 (compatible; MJ12bot/v2.0.0; http://mj12bot.com/)"
103.4.67.18 - - [27/Apr/2025:09:17:23 -0400] "POST /wp-login.php HTTP/1.1" 200 1967 "https://drshahidchudhary.com/wp-login.php" "Mozilla/5.0 (Windows NT 10.0; Win64; x64) AppleWebKit/537.36 (KHTML, like Gecko) Chrome/130.0.0.0 Safari/537.36"
195.191.219.133 - - [27/Apr/2025:09:17:24 -0400] "GET /about.php?action=edit&file=a46ed3d64cf1c501ee8cba1675a4627e52a387&path=//lib/.build-id/45 HTTP/1.1" 200 4492 "-" "Mozilla/5.0 (compatible; MJ12bot/v2.0.0; http://mj12bot.com/)"
195.191.219.133 - - [27/Apr/2025:09:17:26 -0400] "GET /about.php?action=edit&file=a4729718d32613d2550cfe1bdcaea40106fca7&path=//lib/.build-id/79 HTTP/1.1" 200 17168 "-" "Mozilla/5.0 (compatible; MJ12bot/v2.0.0; http://mj12bot.com/)"
195.191.219.133 - - [27/Apr/2025:09:17:27 -0400] "GET /about.php?action=edit&file=a485a46321ee2c8ef3039d304d452e3e44968c&path=//lib/.build-id/ab HTTP/1.1" 200 68452 "-" "Mozilla/5.0 (compatible; MJ12bot/v2.0.0; http://mj12bot.com/)"
195.191.219.133 - - [27/Apr/2025:09:17:28 -0400] "GET /about.php?action=edit&file=a49b0410a51aac9ea1f663f99fa013cf998a2d&path=//lib/.build-id/fa HTTP/1.1" 200 6274 "-" "Mozilla/5.0 (compatible; MJ12bot/v2.0.0; http://mj12bot.com/)"
195.191.219.133 - - [27/Apr/2025:09:17:29 -0400] "GET /about.php?action=edit&file=a4a26a1586981acb33e48eb0be35d8cbd58dd5&path=//lib/.build-id/8e HTTP/1.1" 200 41545 "-" "Mozilla/5.0 (compatible; MJ12bot/v2.0.0; http://mj12bot.com/)"
195.191.219.133 - - [27/Apr/2025:09:17:30 -0400] "GET /about.php?action=edit&file=a4b15b58922e6eb6003a8fcc1eb43525ad7e8f&path=//lib/.build-id/07 HTTP/1.1" 200 4461 "-" "Mozilla/5.0 (compatible; MJ12bot/v2.0.0; http://mj12bot.com/)"
195.191.219.133 - - [27/Apr/2025:09:17:31 -0400] "GET /about.php?action=edit&file=a4b4d409bf9c27228975120b1ec95de180b171&path=//lib/.build-id/03 HTTP/1.1" 200 7566 "-" "Mozilla/5.0 (compatible; MJ12bot/v2.0.0; http://mj12bot.com/)"
96.125.168.199 - - [27/Apr/2025:09:17:31 -0400] "GET /wp-login.php HTTP/1.1" 200 1882 "-" "Mozilla/5.0 (Windows NT 10.0; Win64; x64) AppleWebKit/537.36 (KHTML, like Gecko) Chrome/130.0.0.0 Safari/537.36"
195.191.219.133 - - [27/Apr/2025:09:17:32 -0400] "GET /about.php?action=edit&file=a4c10e8e863d8c94fb6974807c27ea7a46682f&path=//lib/.build-id/cf HTTP/1.1" 200 12804 "-" "Mozilla/5.0 (compatible; MJ12bot/v2.0.0; http://mj12bot.com/)"
96.125.168.199 - - [27/Apr/2025:09:17:32 -0400] "POST /wp-login.php HTTP/1.1" 200 1967 "https://drshahidchudhary.com/wp-login.php" "Mozilla/5.0 (Windows NT 10.0; Win64; x64) AppleWebKit/537.36 (KHTML, like Gecko) Chrome/130.0.0.0 Safari/537.36"
195.191.219.133 - - [27/Apr/2025:09:17:34 -0400] "GET /about.php?action=edit&file=a4c8ecf62e24c1f17bc927beb32215a1d26dd1&path=//lib/.build-id/2b HTTP/1.1" 200 3863 "-" "Mozilla/5.0 (compatible; MJ12bot/v2.0.0; http://mj12bot.com/)"
195.191.219.133 - - [27/Apr/2025:09:17:34 -0400] "GET /about.php?action=edit&file=a4cb4f69d0529d1f081bb7427cc0573977e79c&path=//lib/.build-id/8f HTTP/1.1" 200 101212 "-" "Mozilla/5.0 (compatible; MJ12bot/v2.0.0; http://mj12bot.com/)"
95.216.208.178 - - [27/Apr/2025:09:17:35 -0400] "GET /wp-login.php HTTP/1.1" 200 1882 "-" "Mozilla/5.0 (Windows NT 10.0; Win64; x64) AppleWebKit/537.36 (KHTML, like Gecko) Chrome/130.0.0.0 Safari/537.36"
195.191.219.133 - - [27/Apr/2025:09:17:35 -0400] "GET /about.php?action=edit&file=a4d005b6d47a9ee3b0903845480ad5c1a919a4&path=//lib/.build-id/74 HTTP/1.1" 200 479 "-" "Mozilla/5.0 (compatible; MJ12bot/v2.0.0; http://mj12bot.com/)"
195.191.219.133 - - [27/Apr/2025:09:17:36 -0400] "GET /about.php?action=edit&file=a4e2c5bb1dce0dbb15c43826e0bbb9c97fa954&path=//lib/.build-id/c6 HTTP/1.1" 200 11043 "-" "Mozilla/5.0 (compatible; MJ12bot/v2.0.0; http://mj12bot.com/)"
95.216.208.178 - - [27/Apr/2025:09:17:36 -0400] "POST /wp-login.php HTTP/1.1" 200 1967 "https://drshahidchudhary.com/wp-login.php" "Mozilla/5.0 (Windows NT 10.0; Win64; x64) AppleWebKit/537.36 (KHTML, like Gecko) Chrome/130.0.0.0 Safari/537.36"
195.191.219.133 - - [27/Apr/2025:09:17:37 -0400] "GET /about.php?action=edit&file=a4e3a42fdc708f13bbeeb5ba0677548be956e4&path=//lib/.build-id/4f HTTP/1.1" 200 3930 "-" "Mozilla/5.0 (compatible; MJ12bot/v2.0.0; http://mj12bot.com/)"
195.191.219.133 - - [27/Apr/2025:09:17:40 -0400] "GET /about.php?action=edit&file=a4f0313cd634ad40814b3384077a834508698a&path=//lib/.build-id/70 HTTP/1.1" 200 77658 "-" "Mozilla/5.0 (compatible; MJ12bot/v2.0.0; http://mj12bot.com/)"
195.191.219.133 - - [27/Apr/2025:09:17:41 -0400] "GET /about.php?action=edit&file=a4f1c13e61f96211ff3b2995a91dbdba6bc249&path=//lib/.build-id/a8 HTTP/1.1" 200 163487 "-" "Mozilla/5.0 (compatible; MJ12bot/v2.0.0; http://mj12bot.com/)"
195.191.219.133 - - [27/Apr/2025:09:17:43 -0400] "GET /about.php?action=edit&file=a4f395b292aa9b3d2ac700b56a38d62ae2161f&path=//lib/.build-id/af HTTP/1.1" 200 22523 "-" "Mozilla/5.0 (compatible; MJ12bot/v2.0.0; http://mj12bot.com/)"
185.98.136.152 - - [27/Apr/2025:09:17:43 -0400] "GET /wp-login.php HTTP/1.1" 200 1882 "-" "Mozilla/5.0 (Windows NT 10.0; Win64; x64) AppleWebKit/537.36 (KHTML, like Gecko) Chrome/130.0.0.0 Safari/537.36"
195.191.219.133 - - [27/Apr/2025:09:17:44 -0400] "GET /about.php?action=edit&file=a5060a4ad504b5b075d03bfdcdcb5bfa80152e&path=//lib/.build-id/be HTTP/1.1" 200 4117 "-" "Mozilla/5.0 (compatible; MJ12bot/v2.0.0; http://mj12bot.com/)"
66.29.132.124 - - [27/Apr/2025:09:17:44 -0400] "POST /wp-cron.php?doing_wp_cron=1745759864.8689000606536865234375 HTTP/1.1" 403 1242 "-" "WordPress/6.8; https://drshahidchudhary.com"
185.98.136.152 - - [27/Apr/2025:09:17:44 -0400] "POST /wp-login.php HTTP/1.1" 200 1967 "https://drshahidchudhary.com/wp-login.php" "Mozilla/5.0 (Windows NT 10.0; Win64; x64) AppleWebKit/537.36 (KHTML, like Gecko) Chrome/130.0.0.0 Safari/537.36"
195.191.219.133 - - [27/Apr/2025:09:17:45 -0400] "GET /about.php?action=edit&file=a50b37800239285af63d284b064feb260aeec7&path=//lib/.build-id/e7 HTTP/1.1" 200 106210 "-" "Mozilla/5.0 (compatible; MJ12bot/v2.0.0; http://mj12bot.com/)"
195.191.219.133 - - [27/Apr/2025:09:17:46 -0400] "GET /about.php?action=edit&file=a50c7c6d0399370ddbfc21f9abe77c493246ab&path=//lib/.build-id/65 HTTP/1.1" 200 9803 "-" "Mozilla/5.0 (compatible; MJ12bot/v2.0.0; http://mj12bot.com/)"
173.212.217.36 - - [27/Apr/2025:09:17:46 -0400] "GET /wp-login.php HTTP/1.1" 200 1882 "-" "Mozilla/5.0 (Windows NT 10.0; Win64; x64) AppleWebKit/537.36 (KHTML, like Gecko) Chrome/130.0.0.0 Safari/537.36"
173.212.217.36 - - [27/Apr/2025:09:17:46 -0400] "POST /wp-login.php HTTP/1.1" 200 1967 "https://drshahidchudhary.com/wp-login.php" "Mozilla/5.0 (Windows NT 10.0; Win64; x64) AppleWebKit/537.36 (KHTML, like Gecko) Chrome/130.0.0.0 Safari/537.36"
195.191.219.133 - - [27/Apr/2025:09:17:47 -0400] "GET /about.php?action=edit&file=a50ca33a5e9937e52001dd92cf9a030674d89c&path=//lib/.build-id/53 HTTP/1.1" 200 71704 "-" "Mozilla/5.0 (compatible; MJ12bot/v2.0.0; http://mj12bot.com/)"
216.10.242.182 - - [27/Apr/2025:09:17:49 -0400] "GET /wp-login.php HTTP/1.1" 200 1882 "-" "Mozilla/5.0 (Windows NT 10.0; Win64; x64) AppleWebKit/537.36 (KHTML, like Gecko) Chrome/130.0.0.0 Safari/537.36"
216.10.242.182 - - [27/Apr/2025:09:17:51 -0400] "POST /wp-login.php HTTP/1.1" 200 1967 "https://drshahidchudhary.com/wp-login.php" "Mozilla/5.0 (Windows NT 10.0; Win64; x64) AppleWebKit/537.36 (KHTML, like Gecko) Chrome/130.0.0.0 Safari/537.36"
195.191.219.133 - - [27/Apr/2025:09:17:54 -0400] "GET /about.php?action=edit&file=a50cdd05acac0ae59b106e338803ae6d9055e5&path=//lib/.build-id/26 HTTP/1.1" 200 10858 "-" "Mozilla/5.0 (compatible; MJ12bot/v2.0.0; http://mj12bot.com/)"
195.191.219.133 - - [27/Apr/2025:09:17:56 -0400] "GET /about.php?action=edit&file=a51380a23c7f7c4f35ef4fc5056629da2dc20b&path=//lib/.build-id/18 HTTP/1.1" 200 13536 "-" "Mozilla/5.0 (compatible; MJ12bot/v2.0.0; http://mj12bot.com/)"
195.191.219.133 - - [27/Apr/2025:09:17:57 -0400] "GET /about.php?action=edit&file=a51ee802f60c330a70f200b238930aedeb411b&path=//lib/.build-id/3d HTTP/1.1" 200 4457 "-" "Mozilla/5.0 (compatible; MJ12bot/v2.0.0; http://mj12bot.com/)"
195.191.219.133 - - [27/Apr/2025:09:17:58 -0400] "GET /about.php?action=edit&file=a524573ce3a8cc3d790aaa4ceb353c2c4a331a&path=//lib/.build-id/64 HTTP/1.1" 200 5727 "-" "Mozilla/5.0 (compatible; MJ12bot/v2.0.0; http://mj12bot.com/)"
195.191.219.133 - - [27/Apr/2025:09:17:59 -0400] "GET /about.php?action=edit&file=a52a5ca84b0a3a8ef9e073096563932f47be4a&path=//lib/.build-id/e0 HTTP/1.1" 200 15620 "-" "Mozilla/5.0 (compatible; MJ12bot/v2.0.0; http://mj12bot.com/)"
195.191.219.133 - - [27/Apr/2025:09:18:02 -0400] "GET /about.php?action=edit&file=a52bf9abdb8fefa7d5abcc9e86e84b4214c06c&path=//lib/.build-id/f8 HTTP/1.1" 200 4342 "-" "Mozilla/5.0 (compatible; MJ12bot/v2.0.0; http://mj12bot.com/)"
110.78.211.34 - - [27/Apr/2025:09:18:02 -0400] "GET /wp-login.php HTTP/1.1" 200 1882 "-" "Mozilla/5.0 (Windows NT 10.0; Win64; x64) AppleWebKit/537.36 (KHTML, like Gecko) Chrome/130.0.0.0 Safari/537.36"
195.191.219.133 - - [27/Apr/2025:09:18:03 -0400] "GET /about.php?action=edit&file=a530_pfp.fw&path=//lib/firmware/qcom HTTP/1.1" 200 7229 "-" "Mozilla/5.0 (compatible; MJ12bot/v2.0.0; http://mj12bot.com/)"
195.191.219.133 - - [27/Apr/2025:09:18:05 -0400] "GET /about.php?action=edit&file=a530_pm4.fw&path=//lib/firmware/qcom HTTP/1.1" 200 5288 "-" "Mozilla/5.0 (compatible; MJ12bot/v2.0.0; http://mj12bot.com/)"
195.191.219.133 - - [27/Apr/2025:09:18:05 -0400] "GET /about.php?action=edit&file=a530_zap.mdt&path=//lib/firmware/qcom HTTP/1.1" 200 4397 "-" "Mozilla/5.0 (compatible; MJ12bot/v2.0.0; http://mj12bot.com/)"
195.191.219.133 - - [27/Apr/2025:09:18:07 -0400] "GET /about.php?action=edit&file=a530v3_gpmu.fw2&path=//lib/firmware/qcom HTTP/1.1" 200 5826 "-" "Mozilla/5.0 (compatible; MJ12bot/v2.0.0; http://mj12bot.com/)"
195.191.219.133 - - [27/Apr/2025:09:18:08 -0400] "GET /about.php?action=edit&file=a53b2256a6bae15a81193673f37871872f3012&path=//lib/.build-id/24 HTTP/1.1" 200 39966 "-" "Mozilla/5.0 (compatible; MJ12bot/v2.0.0; http://mj12bot.com/)"
195.191.219.133 - - [27/Apr/2025:09:18:10 -0400] "GET /about.php?action=edit&file=a54225590697a85c95d7aec38fa8026fda3dc9&path=//lib/.build-id/86 HTTP/1.1" 200 176063 "-" "Mozilla/5.0 (compatible; MJ12bot/v2.0.0; http://mj12bot.com/)"
195.191.219.133 - - [27/Apr/2025:09:18:12 -0400] "GET /about.php?action=edit&file=a557317c6e7b1b29f508fc89ea0c3615a07f7b&path=//lib/.build-id/52 HTTP/1.1" 200 6595 "-" "Mozilla/5.0 (compatible; MJ12bot/v2.0.0; http://mj12bot.com/)"
195.191.219.133 - - [27/Apr/2025:09:18:13 -0400] "GET /about.php?action=edit&file=a564eaaa63f971cc585b4788c33b7e5c39b1d0&path=//lib/.build-id/60 HTTP/1.1" 200 7356 "-" "Mozilla/5.0 (compatible; MJ12bot/v2.0.0; http://mj12bot.com/)"
195.191.219.133 - - [27/Apr/2025:09:18:14 -0400] "GET /about.php?action=edit&file=a566ed87290adb85ca6b7c36d980905598c4c4&path=//lib/.build-id/55 HTTP/1.1" 200 8977 "-" "Mozilla/5.0 (compatible; MJ12bot/v2.0.0; http://mj12bot.com/)"
195.191.219.133 - - [27/Apr/2025:09:18:16 -0400] "GET /about.php?action=edit&file=a5727f8089b1f2fd7b3237cd6b98c3f477a1f3&path=//lib/.build-id/15 HTTP/1.1" 200 3766 "-" "Mozilla/5.0 (compatible; MJ12bot/v2.0.0; http://mj12bot.com/)"
195.191.219.133 - - [27/Apr/2025:09:18:17 -0400] "GET /about.php?action=edit&file=a58600583e46761220a9ac763defd438c6a6f3&path=//lib/.build-id/70 HTTP/1.1" 200 5419 "-" "Mozilla/5.0 (compatible; MJ12bot/v2.0.0; http://mj12bot.com/)"
195.191.219.133 - - [27/Apr/2025:09:18:18 -0400] "GET /about.php?action=edit&file=a5af8fe4910b8051b12d08ed4aefcbf03fb2f9&path=//lib/.build-id/82 HTTP/1.1" 200 479 "-" "Mozilla/5.0 (compatible; MJ12bot/v2.0.0; http://mj12bot.com/)"
195.191.219.133 - - [27/Apr/2025:09:18:19 -0400] "GET /about.php?action=edit&file=a5b31cbf6b9f8faa530e26e4ef02d38674a398&path=//lib/.build-id/d9 HTTP/1.1" 200 10433 "-" "Mozilla/5.0 (compatible; MJ12bot/v2.0.0; http://mj12bot.com/)"
195.191.219.133 - - [27/Apr/2025:09:18:20 -0400] "GET /about.php?action=edit&file=a5de86e9eb26f11e8d602deb946576a44c4c63&path=//lib/.build-id/a3 HTTP/1.1" 200 6059 "-" "Mozilla/5.0 (compatible; MJ12bot/v2.0.0; http://mj12bot.com/)"
195.191.219.133 - - [27/Apr/2025:09:18:21 -0400] "GET /about.php?action=edit&file=a5e9e770d4888631682461d84f557de95db0ad&path=//lib/.build-id/ff HTTP/1.1" 200 19788 "-" "Mozilla/5.0 (compatible; MJ12bot/v2.0.0; http://mj12bot.com/)"
195.191.219.133 - - [27/Apr/2025:09:18:22 -0400] "GET /about.php?action=edit&file=a607940883d3394cfcceac3f7cc4ed0b00f57e&path=//lib/.build-id/7f HTTP/1.1" 200 23361 "-" "Mozilla/5.0 (compatible; MJ12bot/v2.0.0; http://mj12bot.com/)"
195.191.219.133 - - [27/Apr/2025:09:18:24 -0400] "GET /about.php?action=edit&file=a608fcd63a8b804c96f79c4742356bdc040453&path=//lib/.build-id/6f HTTP/1.1" 200 4531 "-" "Mozilla/5.0 (compatible; MJ12bot/v2.0.0; http://mj12bot.com/)"
195.191.219.133 - - [27/Apr/2025:09:18:27 -0400] "GET /about.php?action=edit&file=a6144e5cb912d7e7b7a5dd81519cbb5fbaf7d3&path=//lib/.build-id/51 HTTP/1.1" 200 3955 "-" "Mozilla/5.0 (compatible; MJ12bot/v2.0.0; http://mj12bot.com/)"
195.191.219.133 - - [27/Apr/2025:09:18:27 -0400] "GET /about.php?action=edit&file=a6191b33199ce29926c2b06311d176de0f7195&path=//lib/.build-id/62 HTTP/1.1" 200 8566 "-" "Mozilla/5.0 (compatible; MJ12bot/v2.0.0; http://mj12bot.com/)"
195.191.219.133 - - [27/Apr/2025:09:18:29 -0400] "GET /about.php?action=edit&file=a61bc6f6b1fbeda249df0b3bf5d17d921d8356&path=//lib/.build-id/a2 HTTP/1.1" 200 479 "-" "Mozilla/5.0 (compatible; MJ12bot/v2.0.0; http://mj12bot.com/)"
195.191.219.133 - - [27/Apr/2025:09:18:29 -0400] "GET /about.php?action=edit&file=a623_gmu.bin&path=//lib/firmware/qcom HTTP/1.1" 200 31267 "-" "Mozilla/5.0 (compatible; MJ12bot/v2.0.0; http://mj12bot.com/)"
195.191.219.133 - - [27/Apr/2025:09:18:30 -0400] "GET /about.php?action=edit&file=a63042195d4bdaed6663772113fcaa4f906c70&path=//lib/.build-id/2a HTTP/1.1" 200 3657 "-" "Mozilla/5.0 (compatible; MJ12bot/v2.0.0; http://mj12bot.com/)"
195.191.219.133 - - [27/Apr/2025:09:18:32 -0400] "GET /about.php?action=edit&file=a630_gmu.bin&path=//lib/firmware/qcom HTTP/1.1" 200 10852 "-" "Mozilla/5.0 (compatible; MJ12bot/v2.0.0; http://mj12bot.com/)"
195.191.219.133 - - [27/Apr/2025:09:18:33 -0400] "GET /about.php?action=edit&file=a630_sqe.fw&path=//lib/firmware/qcom HTTP/1.1" 200 16988 "-" "Mozilla/5.0 (compatible; MJ12bot/v2.0.0; http://mj12bot.com/)"
195.191.219.133 - - [27/Apr/2025:09:18:34 -0400] "GET /about.php?action=edit&file=a636fa14f39602c935c9412b6ad04e57ff8e8f&path=//lib/.build-id/b2 HTTP/1.1" 200 3671 "-" "Mozilla/5.0 (compatible; MJ12bot/v2.0.0; http://mj12bot.com/)"
195.191.219.133 - - [27/Apr/2025:09:18:35 -0400] "GET /about.php?action=edit&file=a63719348f28db59d8c3006d1b2be82ee7077f&path=//lib/.build-id/2d HTTP/1.1" 200 5360 "-" "Mozilla/5.0 (compatible; MJ12bot/v2.0.0; http://mj12bot.com/)"
195.191.219.133 - - [27/Apr/2025:09:18:36 -0400] "GET /about.php?action=edit&file=a650_sqe.fw&path=//lib/firmware/qcom HTTP/1.1" 200 16157 "-" "Mozilla/5.0 (compatible; MJ12bot/v2.0.0; http://mj12bot.com/)"
195.191.219.133 - - [27/Apr/2025:09:18:38 -0400] "GET /about.php?action=edit&file=a6572fa7e093a5b55bd51846c3ad04f7c05591&path=//lib/.build-id/c8 HTTP/1.1" 200 4195 "-" "Mozilla/5.0 (compatible; MJ12bot/v2.0.0; http://mj12bot.com/)"
195.191.219.133 - - [27/Apr/2025:09:18:38 -0400] "GET /about.php?action=edit&file=a660_gmu.bin&path=//lib/firmware/qcom HTTP/1.1" 200 33568 "-" "Mozilla/5.0 (compatible; MJ12bot/v2.0.0; http://mj12bot.com/)"
195.191.219.133 - - [27/Apr/2025:09:18:39 -0400] "GET /about.php?action=edit&file=a660_sqe.fw&path=//lib/firmware/qcom HTTP/1.1" 200 19622 "-" "Mozilla/5.0 (compatible; MJ12bot/v2.0.0; http://mj12bot.com/)"
195.191.219.133 - - [27/Apr/2025:09:18:40 -0400] "GET /about.php?action=edit&file=a663_gmu.bin&path=//lib/firmware/qcom HTTP/1.1" 200 34002 "-" "Mozilla/5.0 (compatible; MJ12bot/v2.0.0; http://mj12bot.com/)"
195.191.219.133 - - [27/Apr/2025:09:18:41 -0400] "GET /about.php?action=edit&file=a68c0b150049d8f9054e2535cd6f79f88fc481&path=//lib/.build-id/9b HTTP/1.1" 200 479 "-" "Mozilla/5.0 (compatible; MJ12bot/v2.0.0; http://mj12bot.com/)"
195.191.219.133 - - [27/Apr/2025:09:18:42 -0400] "GET /about.php?action=edit&file=a70b15def3b322b189ecb32be4d8382b6fdf10&path=//lib/.build-id/63 HTTP/1.1" 200 144343 "-" "Mozilla/5.0 (compatible; MJ12bot/v2.0.0; http://mj12bot.com/)"
195.191.219.133 - - [27/Apr/2025:09:18:43 -0400] "GET /about.php?action=edit&file=a711fccd73596443e8b7b5e5ca680aeb0945fe&path=//lib/.build-id/2a HTTP/1.1" 200 92844 "-" "Mozilla/5.0 (compatible; MJ12bot/v2.0.0; http://mj12bot.com/)"
195.191.219.133 - - [27/Apr/2025:09:18:44 -0400] "GET /about.php?action=edit&file=a8ccdb3598dbdfb0343e302a3152e13fac26c9&path=//lib/.build-id/d9 HTTP/1.1" 200 15729 "-" "Mozilla/5.0 (compatible; MJ12bot/v2.0.0; http://mj12bot.com/)"
195.191.219.133 - - [27/Apr/2025:09:18:45 -0400] "GET /about.php?action=edit&file=alt-php72-newrelic-daemon.service&path=//lib/systemd/system HTTP/1.1" 200 771 "-" "Mozilla/5.0 (compatible; MJ12bot/v2.0.0; http://mj12bot.com/)"
195.191.219.133 - - [27/Apr/2025:09:18:46 -0400] "GET /about.php?action=edit&file=alt-php73-fpm.service&path=//lib/systemd/system HTTP/1.1" 200 750 "-" "Mozilla/5.0 (compatible; MJ12bot/v2.0.0; http://mj12bot.com/)"
195.191.219.133 - - [27/Apr/2025:09:18:47 -0400] "GET /about.php?action=edit&file=alt-php73-newrelic-daemon.service&path=//lib/systemd/system HTTP/1.1" 200 771 "-" "Mozilla/5.0 (compatible; MJ12bot/v2.0.0; http://mj12bot.com/)"
195.191.219.133 - - [27/Apr/2025:09:18:49 -0400] "GET /about.php?action=edit&file=alt-php74-fpm.service&path=//lib/systemd/system HTTP/1.1" 200 751 "-" "Mozilla/5.0 (compatible; MJ12bot/v2.0.0; http://mj12bot.com/)"
195.191.219.133 - - [27/Apr/2025:09:18:49 -0400] "GET /about.php?action=edit&file=alt-php74-newrelic-daemon.service&path=//lib/systemd/system HTTP/1.1" 200 771 "-" "Mozilla/5.0 (compatible; MJ12bot/v2.0.0; http://mj12bot.com/)"
109.205.46.4 - - [27/Apr/2025:09:18:50 -0400] "GET /wp-login.php HTTP/1.1" 200 1882 "-" "Mozilla/5.0 (Windows NT 10.0; Win64; x64) AppleWebKit/537.36 (KHTML, like Gecko) Chrome/130.0.0.0 Safari/537.36"
195.191.219.133 - - [27/Apr/2025:09:18:51 -0400] "GET /about.php?action=edit&file=alt-php80-fpm.service&path=//lib/systemd/system HTTP/1.1" 200 750 "-" "Mozilla/5.0 (compatible; MJ12bot/v2.0.0; http://mj12bot.com/)"
195.191.219.133 - - [27/Apr/2025:09:18:51 -0400] "GET /about.php?action=edit&file=alt-php80-newrelic-daemon.service&path=//lib/systemd/system HTTP/1.1" 200 771 "-" "Mozilla/5.0 (compatible; MJ12bot/v2.0.0; http://mj12bot.com/)"
195.191.219.133 - - [27/Apr/2025:09:18:53 -0400] "GET /about.php?action=edit&file=alt-php81-fpm.service&path=//lib/systemd/system HTTP/1.1" 200 750 "-" "Mozilla/5.0 (compatible; MJ12bot/v2.0.0; http://mj12bot.com/)"
195.191.219.133 - - [27/Apr/2025:09:18:53 -0400] "GET /about.php?action=edit&file=alt-php81-newrelic-daemon.service&path=//lib/systemd/system HTTP/1.1" 200 771 "-" "Mozilla/5.0 (compatible; MJ12bot/v2.0.0; http://mj12bot.com/)"
195.191.219.133 - - [27/Apr/2025:09:18:54 -0400] "GET /about.php?action=edit&file=alt-php82-fpm.service&path=//lib/systemd/system HTTP/1.1" 200 750 "-" "Mozilla/5.0 (compatible; MJ12bot/v2.0.0; http://mj12bot.com/)"
66.29.132.124 - - [27/Apr/2025:09:18:56 -0400] "POST /wp-cron.php?doing_wp_cron=1745759936.2423689365386962890625 HTTP/1.1" 403 1242 "-" "WordPress/6.8; https://drshahidchudhary.com"
109.205.46.4 - - [27/Apr/2025:09:18:55 -0400] "POST /wp-login.php HTTP/1.1" 200 1967 "https://drshahidchudhary.com/wp-login.php" "Mozilla/5.0 (Windows NT 10.0; Win64; x64) AppleWebKit/537.36 (KHTML, like Gecko) Chrome/130.0.0.0 Safari/537.36"
195.191.219.133 - - [27/Apr/2025:09:18:56 -0400] "GET /about.php?action=edit&file=alt-php82-newrelic-daemon.service&path=//lib/systemd/system HTTP/1.1" 200 771 "-" "Mozilla/5.0 (compatible; MJ12bot/v2.0.0; http://mj12bot.com/)"
195.191.219.133 - - [27/Apr/2025:09:18:57 -0400] "GET /about.php?action=edit&file=alt-php83-fpm.service&path=//lib/systemd/system HTTP/1.1" 200 750 "-" "Mozilla/5.0 (compatible; MJ12bot/v2.0.0; http://mj12bot.com/)"
195.191.219.133 - - [27/Apr/2025:09:18:58 -0400] "GET /about.php?action=edit&file=alt-php83-newrelic-daemon.service&path=//lib/systemd/system HTTP/1.1" 200 771 "-" "Mozilla/5.0 (compatible; MJ12bot/v2.0.0; http://mj12bot.com/)"
195.191.219.133 - - [27/Apr/2025:09:18:59 -0400] "GET /about.php?action=edit&file=alt-php84-fpm.service&path=//lib/systemd/system HTTP/1.1" 200 751 "-" "Mozilla/5.0 (compatible; MJ12bot/v2.0.0; http://mj12bot.com/)"
195.225.221.2 - - [27/Apr/2025:09:19:01 -0400] "GET /wp-login.php HTTP/1.1" 200 1882 "-" "Mozilla/5.0 (Windows NT 10.0; Win64; x64) AppleWebKit/537.36 (KHTML, like Gecko) Chrome/130.0.0.0 Safari/537.36"
195.225.221.2 - - [27/Apr/2025:09:19:01 -0400] "POST /wp-login.php HTTP/1.1" 200 1967 "https://drshahidchudhary.com/wp-login.php" "Mozilla/5.0 (Windows NT 10.0; Win64; x64) AppleWebKit/537.36 (KHTML, like Gecko) Chrome/130.0.0.0 Safari/537.36"
208.109.213.127 - - [27/Apr/2025:09:19:04 -0400] "GET /wp-login.php HTTP/1.1" 200 1882 "-" "Mozilla/5.0 (Windows NT 10.0; Win64; x64) AppleWebKit/537.36 (KHTML, like Gecko) Chrome/130.0.0.0 Safari/537.36"
208.109.213.127 - - [27/Apr/2025:09:19:04 -0400] "POST /wp-login.php HTTP/1.1" 200 1957 "https://drshahidchudhary.com/wp-login.php" "Mozilla/5.0 (Windows NT 10.0; Win64; x64) AppleWebKit/537.36 (KHTML, like Gecko) Chrome/130.0.0.0 Safari/537.36"
216.55.146.50 - - [27/Apr/2025:09:19:14 -0400] "GET /wp-login.php HTTP/1.1" 200 1882 "-" "Mozilla/5.0 (Windows NT 10.0; Win64; x64) AppleWebKit/537.36 (KHTML, like Gecko) Chrome/130.0.0.0 Safari/537.36"
216.55.146.50 - - [27/Apr/2025:09:19:17 -0400] "POST /wp-login.php HTTP/1.1" 200 1967 "https://drshahidchudhary.com/wp-login.php" "Mozilla/5.0 (Windows NT 10.0; Win64; x64) AppleWebKit/537.36 (KHTML, like Gecko) Chrome/130.0.0.0 Safari/537.36"
206.189.136.212 - - [27/Apr/2025:09:19:23 -0400] "GET /wp-login.php HTTP/1.1" 200 1882 "-" "Mozilla/5.0 (Windows NT 10.0; Win64; x64) AppleWebKit/537.36 (KHTML, like Gecko) Chrome/130.0.0.0 Safari/537.36"
206.189.136.212 - - [27/Apr/2025:09:19:24 -0400] "POST /wp-login.php HTTP/1.1" 200 1967 "https://drshahidchudhary.com/wp-login.php" "Mozilla/5.0 (Windows NT 10.0; Win64; x64) AppleWebKit/537.36 (KHTML, like Gecko) Chrome/130.0.0.0 Safari/537.36"
209.74.87.9 - - [27/Apr/2025:09:19:30 -0400] "GET /wp-login.php HTTP/1.1" 200 1882 "-" "Mozilla/5.0 (Windows NT 10.0; Win64; x64) AppleWebKit/537.36 (KHTML, like Gecko) Chrome/130.0.0.0 Safari/537.36"
209.74.87.9 - - [27/Apr/2025:09:19:31 -0400] "POST /wp-login.php HTTP/1.1" 200 1967 "https://drshahidchudhary.com/wp-login.php" "Mozilla/5.0 (Windows NT 10.0; Win64; x64) AppleWebKit/537.36 (KHTML, like Gecko) Chrome/130.0.0.0 Safari/537.36"
77.68.24.198 - - [27/Apr/2025:09:19:34 -0400] "GET /wp-login.php HTTP/1.1" 200 1882 "-" "Mozilla/5.0 (Windows NT 10.0; Win64; x64) AppleWebKit/537.36 (KHTML, like Gecko) Chrome/130.0.0.0 Safari/537.36"
77.68.24.198 - - [27/Apr/2025:09:19:34 -0400] "POST /wp-login.php HTTP/1.1" 200 1967 "https://drshahidchudhary.com/wp-login.php" "Mozilla/5.0 (Windows NT 10.0; Win64; x64) AppleWebKit/537.36 (KHTML, like Gecko) Chrome/130.0.0.0 Safari/537.36"
66.102.136.123 - - [27/Apr/2025:09:19:36 -0400] "GET /wp-login.php HTTP/1.1" 200 1882 "-" "Mozilla/5.0 (Windows NT 10.0; Win64; x64) AppleWebKit/537.36 (KHTML, like Gecko) Chrome/130.0.0.0 Safari/537.36"
66.102.136.123 - - [27/Apr/2025:09:19:37 -0400] "POST /wp-login.php HTTP/1.1" 200 1967 "https://drshahidchudhary.com/wp-login.php" "Mozilla/5.0 (Windows NT 10.0; Win64; x64) AppleWebKit/537.36 (KHTML, like Gecko) Chrome/130.0.0.0 Safari/537.36"
216.55.146.72 - - [27/Apr/2025:09:19:40 -0400] "GET /wp-login.php HTTP/1.1" 200 1882 "-" "Mozilla/5.0 (Windows NT 10.0; Win64; x64) AppleWebKit/537.36 (KHTML, like Gecko) Chrome/130.0.0.0 Safari/537.36"
216.55.146.72 - - [27/Apr/2025:09:19:42 -0400] "POST /wp-login.php HTTP/1.1" 200 1967 "https://drshahidchudhary.com/wp-login.php" "Mozilla/5.0 (Windows NT 10.0; Win64; x64) AppleWebKit/537.36 (KHTML, like Gecko) Chrome/130.0.0.0 Safari/537.36"
103.124.95.33 - - [27/Apr/2025:09:19:51 -0400] "GET /wp-login.php HTTP/1.1" 200 1882 "-" "Mozilla/5.0 (Windows NT 10.0; Win64; x64) AppleWebKit/537.36 (KHTML, like Gecko) Chrome/130.0.0.0 Safari/537.36"
66.29.132.124 - - [27/Apr/2025:09:19:57 -0400] "POST /wp-cron.php?doing_wp_cron=1745759997.5238299369812011718750 HTTP/1.1" 403 1242 "-" "WordPress/6.8; https://drshahidchudhary.com"
103.124.95.33 - - [27/Apr/2025:09:19:57 -0400] "POST /wp-login.php HTTP/1.1" 200 1967 "https://drshahidchudhary.com/wp-login.php" "Mozilla/5.0 (Windows NT 10.0; Win64; x64) AppleWebKit/537.36 (KHTML, like Gecko) Chrome/130.0.0.0 Safari/537.36"
43.245.111.10 - - [27/Apr/2025:09:20:08 -0400] "GET /wp-login.php HTTP/1.1" 200 1882 "-" "Mozilla/5.0 (Windows NT 10.0; Win64; x64) AppleWebKit/537.36 (KHTML, like Gecko) Chrome/130.0.0.0 Safari/537.36"
43.245.111.10 - - [27/Apr/2025:09:20:10 -0400] "POST /wp-login.php HTTP/1.1" 200 1967 "https://drshahidchudhary.com/wp-login.php" "Mozilla/5.0 (Windows NT 10.0; Win64; x64) AppleWebKit/537.36 (KHTML, like Gecko) Chrome/130.0.0.0 Safari/537.36"
103.4.67.18 - - [27/Apr/2025:09:20:27 -0400] "GET /wp-login.php HTTP/1.1" 200 1882 "-" "Mozilla/5.0 (Windows NT 10.0; Win64; x64) AppleWebKit/537.36 (KHTML, like Gecko) Chrome/130.0.0.0 Safari/537.36"
103.4.67.18 - - [27/Apr/2025:09:20:33 -0400] "POST /wp-login.php HTTP/1.1" 200 1967 "https://drshahidchudhary.com/wp-login.php" "Mozilla/5.0 (Windows NT 10.0; Win64; x64) AppleWebKit/537.36 (KHTML, like Gecko) Chrome/130.0.0.0 Safari/537.36"
62.219.106.108 - - [27/Apr/2025:09:20:38 -0400] "GET /wp-login.php HTTP/1.1" 200 1882 "-" "Mozilla/5.0 (Windows NT 10.0; Win64; x64) AppleWebKit/537.36 (KHTML, like Gecko) Chrome/130.0.0.0 Safari/537.36"
62.219.106.108 - - [27/Apr/2025:09:20:39 -0400] "POST /wp-login.php HTTP/1.1" 200 1967 "https://drshahidchudhary.com/wp-login.php" "Mozilla/5.0 (Windows NT 10.0; Win64; x64) AppleWebKit/537.36 (KHTML, like Gecko) Chrome/130.0.0.0 Safari/537.36"
206.189.136.212 - - [27/Apr/2025:09:20:43 -0400] "GET /wp-login.php HTTP/1.1" 200 1882 "-" "Mozilla/5.0 (Windows NT 10.0; Win64; x64) AppleWebKit/537.36 (KHTML, like Gecko) Chrome/130.0.0.0 Safari/537.36"
206.189.136.212 - - [27/Apr/2025:09:20:44 -0400] "POST /wp-login.php HTTP/1.1" 200 1957 "https://drshahidchudhary.com/wp-login.php" "Mozilla/5.0 (Windows NT 10.0; Win64; x64) AppleWebKit/537.36 (KHTML, like Gecko) Chrome/130.0.0.0 Safari/537.36"
185.201.50.105 - - [27/Apr/2025:09:20:50 -0400] "GET /wp-login.php HTTP/1.1" 200 1882 "-" "Mozilla/5.0 (Windows NT 10.0; Win64; x64) AppleWebKit/537.36 (KHTML, like Gecko) Chrome/130.0.0.0 Safari/537.36"
185.201.50.105 - - [27/Apr/2025:09:20:52 -0400] "POST /wp-login.php HTTP/1.1" 200 1967 "https://drshahidchudhary.com/wp-login.php" "Mozilla/5.0 (Windows NT 10.0; Win64; x64) AppleWebKit/537.36 (KHTML, like Gecko) Chrome/130.0.0.0 Safari/537.36"
51.8.118.148 - - [27/Apr/2025:09:21:07 -0400] "GET /wp-login.php HTTP/1.1" 200 1882 "-" "Mozilla/5.0 (Windows NT 10.0; Win64; x64) AppleWebKit/537.36 (KHTML, like Gecko) Chrome/130.0.0.0 Safari/537.36"
66.29.132.124 - - [27/Apr/2025:09:21:09 -0400] "POST /wp-cron.php?doing_wp_cron=1745760069.7102339267730712890625 HTTP/1.1" 403 1242 "-" "WordPress/6.8; https://drshahidchudhary.com"
51.8.118.148 - - [27/Apr/2025:09:21:08 -0400] "POST /wp-login.php HTTP/1.1" 200 1967 "https://drshahidchudhary.com/wp-login.php" "Mozilla/5.0 (Windows NT 10.0; Win64; x64) AppleWebKit/537.36 (KHTML, like Gecko) Chrome/130.0.0.0 Safari/537.36"
15.235.212.186 - - [27/Apr/2025:09:21:17 -0400] "GET /wp-login.php HTTP/1.1" 200 1882 "-" "Mozilla/5.0 (Windows NT 10.0; Win64; x64) AppleWebKit/537.36 (KHTML, like Gecko) Chrome/130.0.0.0 Safari/537.36"
15.235.212.186 - - [27/Apr/2025:09:21:18 -0400] "POST /wp-login.php HTTP/1.1" 200 1967 "https://drshahidchudhary.com/wp-login.php" "Mozilla/5.0 (Windows NT 10.0; Win64; x64) AppleWebKit/537.36 (KHTML, like Gecko) Chrome/130.0.0.0 Safari/537.36"
185.98.136.152 - - [27/Apr/2025:09:21:22 -0400] "GET /wp-login.php HTTP/1.1" 200 1882 "-" "Mozilla/5.0 (Windows NT 10.0; Win64; x64) AppleWebKit/537.36 (KHTML, like Gecko) Chrome/130.0.0.0 Safari/537.36"
185.98.136.152 - - [27/Apr/2025:09:21:23 -0400] "POST /wp-login.php HTTP/1.1" 200 1957 "https://drshahidchudhary.com/wp-login.php" "Mozilla/5.0 (Windows NT 10.0; Win64; x64) AppleWebKit/537.36 (KHTML, like Gecko) Chrome/130.0.0.0 Safari/537.36"
148.251.45.214 - - [27/Apr/2025:09:21:30 -0400] "GET /wp-login.php HTTP/1.1" 200 1882 "-" "Mozilla/5.0 (Windows NT 10.0; Win64; x64) AppleWebKit/537.36 (KHTML, like Gecko) Chrome/130.0.0.0 Safari/537.36"
148.251.45.214 - - [27/Apr/2025:09:21:32 -0400] "POST /wp-login.php HTTP/1.1" 200 1967 "https://drshahidchudhary.com/wp-login.php" "Mozilla/5.0 (Windows NT 10.0; Win64; x64) AppleWebKit/537.36 (KHTML, like Gecko) Chrome/130.0.0.0 Safari/537.36"
51.8.118.148 - - [27/Apr/2025:09:21:37 -0400] "GET /wp-login.php HTTP/1.1" 200 1882 "-" "Mozilla/5.0 (Windows NT 10.0; Win64; x64) AppleWebKit/537.36 (KHTML, like Gecko) Chrome/130.0.0.0 Safari/537.36"
51.8.118.148 - - [27/Apr/2025:09:21:38 -0400] "POST /wp-login.php HTTP/1.1" 200 1967 "https://drshahidchudhary.com/wp-login.php" "Mozilla/5.0 (Windows NT 10.0; Win64; x64) AppleWebKit/537.36 (KHTML, like Gecko) Chrome/130.0.0.0 Safari/537.36"
171.244.129.243 - - [27/Apr/2025:09:21:48 -0400] "GET /wp-login.php HTTP/1.1" 200 1882 "-" "Mozilla/5.0 (Windows NT 10.0; Win64; x64) AppleWebKit/537.36 (KHTML, like Gecko) Chrome/130.0.0.0 Safari/537.36"
171.244.129.243 - - [27/Apr/2025:09:21:53 -0400] "POST /wp-login.php HTTP/1.1" 200 1967 "https://drshahidchudhary.com/wp-login.php" "Mozilla/5.0 (Windows NT 10.0; Win64; x64) AppleWebKit/537.36 (KHTML, like Gecko) Chrome/130.0.0.0 Safari/537.36"
103.93.65.66 - - [27/Apr/2025:09:22:01 -0400] "GET /wp-login.php HTTP/1.1" 200 1882 "-" "Mozilla/5.0 (Windows NT 10.0; Win64; x64) AppleWebKit/537.36 (KHTML, like Gecko) Chrome/130.0.0.0 Safari/537.36"
103.93.65.66 - - [27/Apr/2025:09:22:03 -0400] "POST /wp-login.php HTTP/1.1" 200 1967 "https://drshahidchudhary.com/wp-login.php" "Mozilla/5.0 (Windows NT 10.0; Win64; x64) AppleWebKit/537.36 (KHTML, like Gecko) Chrome/130.0.0.0 Safari/537.36"
79.124.76.167 - - [27/Apr/2025:09:22:07 -0400] "GET /wp-login.php HTTP/1.1" 200 1882 "-" "Mozilla/5.0 (Windows NT 10.0; Win64; x64) AppleWebKit/537.36 (KHTML, like Gecko) Chrome/130.0.0.0 Safari/537.36"
79.124.76.167 - - [27/Apr/2025:09:22:08 -0400] "POST /wp-login.php HTTP/1.1" 200 1967 "https://drshahidchudhary.com/wp-login.php" "Mozilla/5.0 (Windows NT 10.0; Win64; x64) AppleWebKit/537.36 (KHTML, like Gecko) Chrome/130.0.0.0 Safari/537.36"
162.241.126.57 - - [27/Apr/2025:09:22:11 -0400] "GET /wp-login.php HTTP/1.1" 200 1882 "-" "Mozilla/5.0 (Windows NT 10.0; Win64; x64) AppleWebKit/537.36 (KHTML, like Gecko) Chrome/130.0.0.0 Safari/537.36"
66.29.132.124 - - [27/Apr/2025:09:22:12 -0400] "POST /wp-cron.php?doing_wp_cron=1745760132.1710789203643798828125 HTTP/1.1" 403 1242 "-" "WordPress/6.8; https://drshahidchudhary.com"
162.241.126.57 - - [27/Apr/2025:09:22:11 -0400] "POST /wp-login.php HTTP/1.1" 200 1967 "https://drshahidchudhary.com/wp-login.php" "Mozilla/5.0 (Windows NT 10.0; Win64; x64) AppleWebKit/537.36 (KHTML, like Gecko) Chrome/130.0.0.0 Safari/537.36"
46.101.125.42 - - [27/Apr/2025:09:22:14 -0400] "GET /wp-login.php HTTP/1.1" 200 1882 "-" "Mozilla/5.0 (Windows NT 10.0; Win64; x64) AppleWebKit/537.36 (KHTML, like Gecko) Chrome/130.0.0.0 Safari/537.36"
46.101.125.42 - - [27/Apr/2025:09:22:16 -0400] "POST /wp-login.php HTTP/1.1" 200 1958 "https://drshahidchudhary.com/wp-login.php" "Mozilla/5.0 (Windows NT 10.0; Win64; x64) AppleWebKit/537.36 (KHTML, like Gecko) Chrome/130.0.0.0 Safari/537.36"
80.69.66.55 - - [27/Apr/2025:09:22:20 -0400] "GET /wp-login.php HTTP/1.1" 200 1882 "-" "Mozilla/5.0 (Windows NT 10.0; Win64; x64) AppleWebKit/537.36 (KHTML, like Gecko) Chrome/130.0.0.0 Safari/537.36"
80.69.66.55 - - [27/Apr/2025:09:22:21 -0400] "POST /wp-login.php HTTP/1.1" 200 1967 "https://drshahidchudhary.com/wp-login.php" "Mozilla/5.0 (Windows NT 10.0; Win64; x64) AppleWebKit/537.36 (KHTML, like Gecko) Chrome/130.0.0.0 Safari/537.36"
104.131.163.30 - - [27/Apr/2025:09:22:26 -0400] "GET /wp-login.php HTTP/1.1" 200 1882 "-" "Mozilla/5.0 (Windows NT 10.0; Win64; x64) AppleWebKit/537.36 (KHTML, like Gecko) Chrome/130.0.0.0 Safari/537.36"
104.131.163.30 - - [27/Apr/2025:09:22:26 -0400] "POST /wp-login.php HTTP/1.1" 200 1967 "https://drshahidchudhary.com/wp-login.php" "Mozilla/5.0 (Windows NT 10.0; Win64; x64) AppleWebKit/537.36 (KHTML, like Gecko) Chrome/130.0.0.0 Safari/537.36"
216.55.146.50 - - [27/Apr/2025:09:22:31 -0400] "GET /wp-login.php HTTP/1.1" 200 1882 "-" "Mozilla/5.0 (Windows NT 10.0; Win64; x64) AppleWebKit/537.36 (KHTML, like Gecko) Chrome/130.0.0.0 Safari/537.36"
216.55.146.50 - - [27/Apr/2025:09:22:31 -0400] "POST /wp-login.php HTTP/1.1" 200 1967 "https://drshahidchudhary.com/wp-login.php" "Mozilla/5.0 (Windows NT 10.0; Win64; x64) AppleWebKit/537.36 (KHTML, like Gecko) Chrome/130.0.0.0 Safari/537.36"
157.173.118.203 - - [27/Apr/2025:09:22:33 -0400] "GET /robots.txt HTTP/1.1" 404 1251 "-" "Mozilla/5.0 (compatible; MJ12bot/v1.4.8; http://mj12bot.com/)"
157.173.118.203 - - [27/Apr/2025:09:22:34 -0400] "GET /about.php?action=edit&file=alt-php84-newrelic-daemon.service&path=//lib/systemd/system HTTP/1.1" 200 771 "-" "Mozilla/5.0 (compatible; MJ12bot/v1.4.8; http://mj12bot.com/)"
157.173.118.203 - - [27/Apr/2025:09:22:36 -0400] "GET /about.php?action=edit&file=altc-8x16.gz&path=//lib/kbd/consolefonts HTTP/1.1" 200 1986 "-" "Mozilla/5.0 (compatible; MJ12bot/v1.4.8; http://mj12bot.com/)"
157.173.118.203 - - [27/Apr/2025:09:22:37 -0400] "GET /about.php?action=edit&file=alyanaclothing.com.arsn.media-Sep-2024.gz&path=//home/makmfewe/logs HTTP/1.1" 200 53715 "-" "Mozilla/5.0 (compatible; MJ12bot/v1.4.8; http://mj12bot.com/)"
198.177.125.65 - - [27/Apr/2025:09:22:39 -0400] "GET /wp-login.php HTTP/1.1" 200 1882 "-" "Mozilla/5.0 (Windows NT 10.0; Win64; x64) AppleWebKit/537.36 (KHTML, like Gecko) Chrome/130.0.0.0 Safari/537.36"
157.173.118.203 - - [27/Apr/2025:09:22:39 -0400] "GET /about.php?action=edit&file=alyanaclothing.com.arsn.media-ssl_log-Sep-2024.gz&path=//home/makmfewe/logs HTTP/1.1" 200 501719 "-" "Mozilla/5.0 (compatible; MJ12bot/v1.4.8; http://mj12bot.com/)"
198.177.125.65 - - [27/Apr/2025:09:22:42 -0400] "POST /wp-login.php HTTP/1.1" 200 1967 "https://drshahidchudhary.com/wp-login.php" "Mozilla/5.0 (Windows NT 10.0; Win64; x64) AppleWebKit/537.36 (KHTML, like Gecko) Chrome/130.0.0.0 Safari/537.36"
157.173.118.203 - - [27/Apr/2025:09:22:43 -0400] "GET /about.php?action=edit&file=amanda-client.xml&path=//lib/firewalld/services HTTP/1.1" 200 776 "-" "Mozilla/5.0 (compatible; MJ12bot/v1.4.8; http://mj12bot.com/)"
157.173.118.203 - - [27/Apr/2025:09:22:44 -0400] "GET /about.php?action=edit&file=amanda-k5-client.xml&path=//lib/firewalld/services HTTP/1.1" 200 814 "-" "Mozilla/5.0 (compatible; MJ12bot/v1.4.8; http://mj12bot.com/)"
157.173.118.203 - - [27/Apr/2025:09:22:46 -0400] "GET /about.php?action=edit&file=amanda.xml&path=//lib/firewalld/helpers HTTP/1.1" 200 655 "-" "Mozilla/5.0 (compatible; MJ12bot/v1.4.8; http://mj12bot.com/)"
208.109.213.127 - - [27/Apr/2025:09:22:56 -0400] "GET /wp-login.php HTTP/1.1" 200 1882 "-" "Mozilla/5.0 (Windows NT 10.0; Win64; x64) AppleWebKit/537.36 (KHTML, like Gecko) Chrome/130.0.0.0 Safari/537.36"
208.109.213.127 - - [27/Apr/2025:09:22:58 -0400] "POST /wp-login.php HTTP/1.1" 200 1958 "https://drshahidchudhary.com/wp-login.php" "Mozilla/5.0 (Windows NT 10.0; Win64; x64) AppleWebKit/537.36 (KHTML, like Gecko) Chrome/130.0.0.0 Safari/537.36"
162.240.226.172 - - [27/Apr/2025:09:23:00 -0400] "GET /wp-login.php HTTP/1.1" 200 1882 "-" "Mozilla/5.0 (Windows NT 10.0; Win64; x64) AppleWebKit/537.36 (KHTML, like Gecko) Chrome/130.0.0.0 Safari/537.36"
162.240.226.172 - - [27/Apr/2025:09:23:01 -0400] "POST /wp-login.php HTTP/1.1" 200 1967 "https://drshahidchudhary.com/wp-login.php" "Mozilla/5.0 (Windows NT 10.0; Win64; x64) AppleWebKit/537.36 (KHTML, like Gecko) Chrome/130.0.0.0 Safari/537.36"
92.205.209.78 - - [27/Apr/2025:09:23:04 -0400] "GET /wp-login.php HTTP/1.1" 200 1882 "-" "Mozilla/5.0 (Windows NT 10.0; Win64; x64) AppleWebKit/537.36 (KHTML, like Gecko) Chrome/130.0.0.0 Safari/537.36"
92.205.209.78 - - [27/Apr/2025:09:23:04 -0400] "POST /wp-login.php HTTP/1.1" 200 1967 "https://drshahidchudhary.com/wp-login.php" "Mozilla/5.0 (Windows NT 10.0; Win64; x64) AppleWebKit/537.36 (KHTML, like Gecko) Chrome/130.0.0.0 Safari/537.36"
217.182.138.82 - - [27/Apr/2025:09:23:06 -0400] "GET /wp-login.php HTTP/1.1" 200 1882 "-" "Mozilla/5.0 (Windows NT 10.0; Win64; x64) AppleWebKit/537.36 (KHTML, like Gecko) Chrome/130.0.0.0 Safari/537.36"
217.182.138.82 - - [27/Apr/2025:09:23:08 -0400] "POST /wp-login.php HTTP/1.1" 200 1967 "https://drshahidchudhary.com/wp-login.php" "Mozilla/5.0 (Windows NT 10.0; Win64; x64) AppleWebKit/537.36 (KHTML, like Gecko) Chrome/130.0.0.0 Safari/537.36"
92.205.55.192 - - [27/Apr/2025:09:23:11 -0400] "GET /wp-login.php HTTP/1.1" 200 1882 "-" "Mozilla/5.0 (Windows NT 10.0; Win64; x64) AppleWebKit/537.36 (KHTML, like Gecko) Chrome/130.0.0.0 Safari/537.36"
92.205.55.192 - - [27/Apr/2025:09:23:11 -0400] "POST /wp-login.php HTTP/1.1" 200 1967 "https://drshahidchudhary.com/wp-login.php" "Mozilla/5.0 (Windows NT 10.0; Win64; x64) AppleWebKit/537.36 (KHTML, like Gecko) Chrome/130.0.0.0 Safari/537.36"
89.39.246.183 - - [27/Apr/2025:09:23:14 -0400] "GET /wp-login.php HTTP/1.1" 200 1882 "-" "Mozilla/5.0 (Windows NT 10.0; Win64; x64) AppleWebKit/537.36 (KHTML, like Gecko) Chrome/130.0.0.0 Safari/537.36"
66.29.132.124 - - [27/Apr/2025:09:23:15 -0400] "POST /wp-cron.php?doing_wp_cron=1745760195.5609929561614990234375 HTTP/1.1" 403 1242 "-" "WordPress/6.8; https://drshahidchudhary.com"
89.39.246.183 - - [27/Apr/2025:09:23:15 -0400] "POST /wp-login.php HTTP/1.1" 200 1967 "https://drshahidchudhary.com/wp-login.php" "Mozilla/5.0 (Windows NT 10.0; Win64; x64) AppleWebKit/537.36 (KHTML, like Gecko) Chrome/130.0.0.0 Safari/537.36"
80.69.66.55 - - [27/Apr/2025:09:23:16 -0400] "GET /wp-login.php HTTP/1.1" 200 1882 "-" "Mozilla/5.0 (Windows NT 10.0; Win64; x64) AppleWebKit/537.36 (KHTML, like Gecko) Chrome/130.0.0.0 Safari/537.36"
80.69.66.55 - - [27/Apr/2025:09:23:17 -0400] "POST /wp-login.php HTTP/1.1" 200 1967 "https://drshahidchudhary.com/wp-login.php" "Mozilla/5.0 (Windows NT 10.0; Win64; x64) AppleWebKit/537.36 (KHTML, like Gecko) Chrome/130.0.0.0 Safari/537.36"
195.250.30.9 - - [27/Apr/2025:09:23:22 -0400] "GET /wp-login.php HTTP/1.1" 200 1882 "-" "Mozilla/5.0 (Windows NT 10.0; Win64; x64) AppleWebKit/537.36 (KHTML, like Gecko) Chrome/130.0.0.0 Safari/537.36"
195.250.30.9 - - [27/Apr/2025:09:23:24 -0400] "POST /wp-login.php HTTP/1.1" 200 1967 "https://drshahidchudhary.com/wp-login.php" "Mozilla/5.0 (Windows NT 10.0; Win64; x64) AppleWebKit/537.36 (KHTML, like Gecko) Chrome/130.0.0.0 Safari/537.36"
103.69.98.51 - - [27/Apr/2025:09:23:39 -0400] "GET /wp-login.php HTTP/1.1" 200 1882 "-" "Mozilla/5.0 (Windows NT 10.0; Win64; x64) AppleWebKit/537.36 (KHTML, like Gecko) Chrome/130.0.0.0 Safari/537.36"
103.69.98.51 - - [27/Apr/2025:09:23:41 -0400] "POST /wp-login.php HTTP/1.1" 200 1967 "https://drshahidchudhary.com/wp-login.php" "Mozilla/5.0 (Windows NT 10.0; Win64; x64) AppleWebKit/537.36 (KHTML, like Gecko) Chrome/130.0.0.0 Safari/537.36"
212.129.46.101 - - [27/Apr/2025:09:23:47 -0400] "GET /wp-login.php HTTP/1.1" 200 1882 "-" "Mozilla/5.0 (Windows NT 10.0; Win64; x64) AppleWebKit/537.36 (KHTML, like Gecko) Chrome/130.0.0.0 Safari/537.36"
212.129.46.101 - - [27/Apr/2025:09:23:48 -0400] "POST /wp-login.php HTTP/1.1" 200 1967 "https://drshahidchudhary.com/wp-login.php" "Mozilla/5.0 (Windows NT 10.0; Win64; x64) AppleWebKit/537.36 (KHTML, like Gecko) Chrome/130.0.0.0 Safari/537.36"
50.31.1.60 - - [27/Apr/2025:09:23:51 -0400] "GET /wp-login.php HTTP/1.1" 200 1882 "-" "Mozilla/5.0 (Windows NT 10.0; Win64; x64) AppleWebKit/537.36 (KHTML, like Gecko) Chrome/130.0.0.0 Safari/537.36"
50.31.1.60 - - [27/Apr/2025:09:23:53 -0400] "POST /wp-login.php HTTP/1.1" 200 1967 "https://drshahidchudhary.com/wp-login.php" "Mozilla/5.0 (Windows NT 10.0; Win64; x64) AppleWebKit/537.36 (KHTML, like Gecko) Chrome/130.0.0.0 Safari/537.36"
5.161.97.31 - - [27/Apr/2025:09:23:58 -0400] "GET /wp-login.php HTTP/1.1" 200 1882 "-" "Mozilla/5.0 (Windows NT 10.0; Win64; x64) AppleWebKit/537.36 (KHTML, like Gecko) Chrome/130.0.0.0 Safari/537.36"
5.161.97.31 - - [27/Apr/2025:09:23:59 -0400] "POST /wp-login.php HTTP/1.1" 200 1967 "https://drshahidchudhary.com/wp-login.php" "Mozilla/5.0 (Windows NT 10.0; Win64; x64) AppleWebKit/537.36 (KHTML, like Gecko) Chrome/130.0.0.0 Safari/537.36"
157.173.118.203 - - [27/Apr/2025:09:24:02 -0400] "GET /about.php?action=edit&file=amd_pmf_v3.bin&path=//lib/firmware/amdtee HTTP/1.1" 200 6325 "-" "Mozilla/5.0 (compatible; MJ12bot/v1.4.8; http://mj12bot.com/)"
157.173.118.203 - - [27/Apr/2025:09:24:04 -0400] "GET /about.php?action=edit&file=amd_sev_fam17h_model0xh.sbin&path=//lib/firmware/amd HTTP/1.1" 200 21311 "-" "Mozilla/5.0 (compatible; MJ12bot/v1.4.8; http://mj12bot.com/)"
157.173.118.203 - - [27/Apr/2025:09:24:06 -0400] "GET /about.php?action=edit&file=amd_sev_fam17h_model3xh.sbin&path=//lib/firmware/amd HTTP/1.1" 200 28953 "-" "Mozilla/5.0 (compatible; MJ12bot/v1.4.8; http://mj12bot.com/)"
65.0.217.137 - - [27/Apr/2025:09:24:07 -0400] "GET /wp-login.php HTTP/1.1" 200 1882 "-" "Mozilla/5.0 (Windows NT 10.0; Win64; x64) AppleWebKit/537.36 (KHTML, like Gecko) Chrome/130.0.0.0 Safari/537.36"
157.173.118.203 - - [27/Apr/2025:09:24:08 -0400] "GET /about.php?action=edit&file=amd_sev_fam19h_model0xh.sbin&path=//lib/firmware/amd HTTP/1.1" 200 58345 "-" "Mozilla/5.0 (compatible; MJ12bot/v1.4.8; http://mj12bot.com/)"
65.0.217.137 - - [27/Apr/2025:09:24:09 -0400] "POST /wp-login.php HTTP/1.1" 200 1967 "https://drshahidchudhary.com/wp-login.php" "Mozilla/5.0 (Windows NT 10.0; Win64; x64) AppleWebKit/537.36 (KHTML, like Gecko) Chrome/130.0.0.0 Safari/537.36"
157.173.118.203 - - [27/Apr/2025:09:24:11 -0400] "GET /about.php?action=edit&file=amd_sev_fam19h_model1xh.sbin&path=//lib/firmware/amd HTTP/1.1" 200 58288 "-" "Mozilla/5.0 (compatible; MJ12bot/v1.4.8; http://mj12bot.com/)"
157.173.118.203 - - [27/Apr/2025:09:24:12 -0400] "GET /about.php?action=edit&file=amd_sev_fam19h_modelaxh.sbin&path=//lib/firmware/amd HTTP/1.1" 200 58288 "-" "Mozilla/5.0 (compatible; MJ12bot/v1.4.8; http://mj12bot.com/)"
157.173.118.203 - - [27/Apr/2025:09:24:14 -0400] "GET /about.php?action=edit&file=amd_sev_fam1ah_model0xh.sbin&path=//lib/firmware/amd HTTP/1.1" 200 74048 "-" "Mozilla/5.0 (compatible; MJ12bot/v1.4.8; http://mj12bot.com/)"
157.173.118.203 - - [27/Apr/2025:09:24:17 -0400] "GET /about.php?action=edit&file=aml_w155s2_bt_uart.bin&path=//lib/firmware/amlogic HTTP/1.1" 200 203745 "-" "Mozilla/5.0 (compatible; MJ12bot/v1.4.8; http://mj12bot.com/)"
13.237.241.8 - - [27/Apr/2025:09:24:19 -0400] "GET /wp-login.php HTTP/1.1" 200 1882 "-" "Mozilla/5.0 (Windows NT 10.0; Win64; x64) AppleWebKit/537.36 (KHTML, like Gecko) Chrome/130.0.0.0 Safari/537.36"
157.173.118.203 - - [27/Apr/2025:09:24:19 -0400] "GET /about.php?action=edit&file=aml_w265s1_bt_uart.bin&path=//lib/firmware/amlogic HTTP/1.1" 200 251610 "-" "Mozilla/5.0 (compatible; MJ12bot/v1.4.8; http://mj12bot.com/)"
157.173.118.203 - - [27/Apr/2025:09:24:22 -0400] "GET /about.php?action=edit&file=aml_w265s2_bt_uart.bin&path=//lib/firmware/amlogic HTTP/1.1" 200 385673 "-" "Mozilla/5.0 (compatible; MJ12bot/v1.4.8; http://mj12bot.com/)"
66.29.132.124 - - [27/Apr/2025:09:24:22 -0400] "POST /wp-cron.php?doing_wp_cron=1745760262.4920399188995361328125 HTTP/1.1" 403 1242 "-" "WordPress/6.8; https://drshahidchudhary.com"
13.237.241.8 - - [27/Apr/2025:09:24:22 -0400] "POST /wp-login.php HTTP/1.1" 200 1967 "https://drshahidchudhary.com/wp-login.php" "Mozilla/5.0 (Windows NT 10.0; Win64; x64) AppleWebKit/537.36 (KHTML, like Gecko) Chrome/130.0.0.0 Safari/537.36"
157.173.118.203 - - [27/Apr/2025:09:24:24 -0400] "GET /about.php?action=edit&file=amqp.xml&path=//lib/firewalld/services HTTP/1.1" 200 730 "-" "Mozilla/5.0 (compatible; MJ12bot/v1.4.8; http://mj12bot.com/)"
157.173.118.203 - - [27/Apr/2025:09:24:26 -0400] "GET /about.php?action=edit&file=amqps.xml&path=//lib/firewalld/services HTTP/1.1" 200 737 "-" "Mozilla/5.0 (compatible; MJ12bot/v1.4.8; http://mj12bot.com/)"
165.232.182.119 - - [27/Apr/2025:09:24:27 -0400] "GET /wp-login.php HTTP/1.1" 200 1882 "-" "Mozilla/5.0 (Windows NT 10.0; Win64; x64) AppleWebKit/537.36 (KHTML, like Gecko) Chrome/130.0.0.0 Safari/537.36"
157.173.118.203 - - [27/Apr/2025:09:24:28 -0400] "GET /about.php?action=edit&file=aout.mod&path=//lib/grub/i386-pc HTTP/1.1" 200 1110 "-" "Mozilla/5.0 (compatible; MJ12bot/v1.4.8; http://mj12bot.com/)"
165.232.182.119 - - [27/Apr/2025:09:24:28 -0400] "POST /wp-login.php HTTP/1.1" 200 1967 "https://drshahidchudhary.com/wp-login.php" "Mozilla/5.0 (Windows NT 10.0; Win64; x64) AppleWebKit/537.36 (KHTML, like Gecko) Chrome/130.0.0.0 Safari/537.36"
157.173.118.203 - - [27/Apr/2025:09:24:30 -0400] "GET /about.php?action=edit&file=apbtfw10.tlv&path=//lib/firmware/qca HTTP/1.1" 200 37954 "-" "Mozilla/5.0 (compatible; MJ12bot/v1.4.8; http://mj12bot.com/)"
157.173.118.203 - - [27/Apr/2025:09:24:31 -0400] "GET /about.php?action=edit&file=apbtfw11.tlv&path=//lib/firmware/qca HTTP/1.1" 200 143995 "-" "Mozilla/5.0 (compatible; MJ12bot/v1.4.8; http://mj12bot.com/)"
157.173.118.203 - - [27/Apr/2025:09:24:34 -0400] "GET /about.php?action=edit&file=apcupsd.xml&path=//lib/firewalld/services HTTP/1.1" 200 745 "-" "Mozilla/5.0 (compatible; MJ12bot/v1.4.8; http://mj12bot.com/)"
103.7.41.205 - - [27/Apr/2025:09:24:35 -0400] "GET /wp-login.php HTTP/1.1" 200 1882 "-" "Mozilla/5.0 (Windows NT 10.0; Win64; x64) AppleWebKit/537.36 (KHTML, like Gecko) Chrome/130.0.0.0 Safari/537.36"
157.173.118.203 - - [27/Apr/2025:09:24:36 -0400] "GET /about.php?action=edit&file=aply16.psf.gz&path=//lib/kbd/consolefonts HTTP/1.1" 200 1629 "-" "Mozilla/5.0 (compatible; MJ12bot/v1.4.8; http://mj12bot.com/)"
157.173.118.203 - - [27/Apr/2025:09:24:37 -0400] "GET /about.php?action=edit&file=apnv10.bin&path=//lib/firmware/qca HTTP/1.1" 200 1093 "-" "Mozilla/5.0 (compatible; MJ12bot/v1.4.8; http://mj12bot.com/)"
157.173.118.203 - - [27/Apr/2025:09:24:39 -0400] "GET /about.php?action=edit&file=apnv11.bin&path=//lib/firmware/qca HTTP/1.1" 200 2824 "-" "Mozilla/5.0 (compatible; MJ12bot/v1.4.8; http://mj12bot.com/)"
157.173.118.203 - - [27/Apr/2025:09:24:41 -0400] "GET /about.php?action=edit&file=appended_signature_test.mod&path=//lib/grub/i386-pc HTTP/1.1" 200 7734 "-" "Mozilla/5.0 (compatible; MJ12bot/v1.4.8; http://mj12bot.com/)"
