147.135.128.94 - - [27/Apr/2025:04:41:51 -0400] "GET /about.php?action=edit&file=gc_11_5_1_imu.bin&path=//lib/firmware/amdgpu HTTP/1.1" 200 18339 "-" "Mozilla/5.0 (compatible; MJ12bot/v1.4.8; http://mj12bot.com/)"
147.135.213.172 - - [27/Apr/2025:04:41:53 -0400] "GET /about.php?action=edit&file=cs35l56-b0-dsp1-misc-10280ce3-spkid3-ampl.bin&path=//lib/firmware/cirrus HTTP/1.1" 200 5476 "-" "Mozilla/5.0 (compatible; MJ12bot/v1.4.8; http://mj12bot.com/)"
147.135.128.94 - - [27/Apr/2025:04:41:53 -0400] "GET /about.php?action=edit&file=gc_11_5_1_me.bin&path=//lib/firmware/amdgpu HTTP/1.1" 200 10337 "-" "Mozilla/5.0 (compatible; MJ12bot/v1.4.8; http://mj12bot.com/)"
147.135.213.172 - - [27/Apr/2025:04:41:54 -0400] "GET /about.php?action=edit&file=cs35l56-b0-dsp1-misc-10280ce3-spkid3-ampr.bin&path=//lib/firmware/cirrus HTTP/1.1" 200 5456 "-" "Mozilla/5.0 (compatible; MJ12bot/v1.4.8; http://mj12bot.com/)"
147.135.128.94 - - [27/Apr/2025:04:41:55 -0400] "GET /about.php?action=edit&file=gc_11_5_1_mec.bin&path=//lib/firmware/amdgpu HTTP/1.1" 200 39123 "-" "Mozilla/5.0 (compatible; MJ12bot/v1.4.8; http://mj12bot.com/)"
147.135.213.172 - - [27/Apr/2025:04:41:56 -0400] "GET /about.php?action=edit&file=cs35l56-b0-dsp1-misc-10280ce3-spkid3.wmfw&path=//lib/firmware/cirrus HTTP/1.1" 200 17932 "-" "Mozilla/5.0 (compatible; MJ12bot/v1.4.8; http://mj12bot.com/)"
147.135.128.94 - - [27/Apr/2025:04:41:56 -0400] "GET /about.php?action=edit&file=gc_11_5_1_mes1.bin&path=//lib/firmware/amdgpu HTTP/1.1" 200 46489 "-" "Mozilla/5.0 (compatible; MJ12bot/v1.4.8; http://mj12bot.com/)"
147.135.213.172 - - [27/Apr/2025:04:41:58 -0400] "GET /about.php?action=edit&file=cs35l56-b0-dsp1-misc-10280ce4-spkid0-ampl.bin&path=//lib/firmware/cirrus HTTP/1.1" 200 5514 "-" "Mozilla/5.0 (compatible; MJ12bot/v1.4.8; http://mj12bot.com/)"
147.135.128.94 - - [27/Apr/2025:04:41:58 -0400] "GET /about.php?action=edit&file=gc_11_5_1_mes_2.bin&path=//lib/firmware/amdgpu HTTP/1.1" 200 54938 "-" "Mozilla/5.0 (compatible; MJ12bot/v1.4.8; http://mj12bot.com/)"
147.135.213.172 - - [27/Apr/2025:04:42:00 -0400] "GET /about.php?action=edit&file=cs35l56-b0-dsp1-misc-10280ce4-spkid0-ampr.bin&path=//lib/firmware/cirrus HTTP/1.1" 200 5471 "-" "Mozilla/5.0 (compatible; MJ12bot/v1.4.8; http://mj12bot.com/)"
147.135.128.94 - - [27/Apr/2025:04:42:00 -0400] "GET /about.php?action=edit&file=gc_11_5_1_pfp.bin&path=//lib/firmware/amdgpu HTTP/1.1" 200 16059 "-" "Mozilla/5.0 (compatible; MJ12bot/v1.4.8; http://mj12bot.com/)"
147.135.213.172 - - [27/Apr/2025:04:42:01 -0400] "GET /about.php?action=edit&file=cs35l56-b0-dsp1-misc-10280ce4-spkid0.wmfw&path=//lib/firmware/cirrus HTTP/1.1" 200 17931 "-" "Mozilla/5.0 (compatible; MJ12bot/v1.4.8; http://mj12bot.com/)"
147.135.128.94 - - [27/Apr/2025:04:42:02 -0400] "GET /about.php?action=edit&file=gc_11_5_1_rlc.bin&path=//lib/firmware/amdgpu HTTP/1.1" 200 49167 "-" "Mozilla/5.0 (compatible; MJ12bot/v1.4.8; http://mj12bot.com/)"
147.135.213.172 - - [27/Apr/2025:04:42:03 -0400] "GET /about.php?action=edit&file=cs35l56-b0-dsp1-misc-10280ce4-spkid1-ampl.bin&path=//lib/firmware/cirrus HTTP/1.1" 200 5471 "-" "Mozilla/5.0 (compatible; MJ12bot/v1.4.8; http://mj12bot.com/)"
147.135.128.94 - - [27/Apr/2025:04:42:04 -0400] "GET /about.php?action=edit&file=gc_11_5_2_imu.bin&path=//lib/firmware/amdgpu HTTP/1.1" 200 18212 "-" "Mozilla/5.0 (compatible; MJ12bot/v1.4.8; http://mj12bot.com/)"
147.135.213.172 - - [27/Apr/2025:04:42:05 -0400] "GET /about.php?action=edit&file=cs35l56-b0-dsp1-misc-10280ce4-spkid1-ampr.bin&path=//lib/firmware/cirrus HTTP/1.1" 200 5470 "-" "Mozilla/5.0 (compatible; MJ12bot/v1.4.8; http://mj12bot.com/)"
147.135.128.94 - - [27/Apr/2025:04:42:06 -0400] "GET /about.php?action=edit&file=gc_11_5_2_me.bin&path=//lib/firmware/amdgpu HTTP/1.1" 200 10130 "-" "Mozilla/5.0 (compatible; MJ12bot/v1.4.8; http://mj12bot.com/)"
147.135.213.172 - - [27/Apr/2025:04:42:06 -0400] "GET /about.php?action=edit&file=cs35l56-b0-dsp1-misc-10280ce4-spkid1.wmfw&path=//lib/firmware/cirrus HTTP/1.1" 200 17932 "-" "Mozilla/5.0 (compatible; MJ12bot/v1.4.8; http://mj12bot.com/)"
147.135.128.94 - - [27/Apr/2025:04:42:08 -0400] "GET /about.php?action=edit&file=gc_11_5_2_mec.bin&path=//lib/firmware/amdgpu HTTP/1.1" 200 38888 "-" "Mozilla/5.0 (compatible; MJ12bot/v1.4.8; http://mj12bot.com/)"
147.135.213.172 - - [27/Apr/2025:04:42:08 -0400] "GET /about.php?action=edit&file=cs35l56-b0-dsp1-misc-10280ce4-spkid2-ampl.bin&path=//lib/firmware/cirrus HTTP/1.1" 200 5516 "-" "Mozilla/5.0 (compatible; MJ12bot/v1.4.8; http://mj12bot.com/)"
147.135.128.94 - - [27/Apr/2025:04:42:09 -0400] "GET /about.php?action=edit&file=gc_11_5_2_mes1.bin&path=//lib/firmware/amdgpu HTTP/1.1" 200 46224 "-" "Mozilla/5.0 (compatible; MJ12bot/v1.4.8; http://mj12bot.com/)"
147.135.213.172 - - [27/Apr/2025:04:42:10 -0400] "GET /about.php?action=edit&file=cs35l56-b0-dsp1-misc-10280ce4-spkid2-ampr.bin&path=//lib/firmware/cirrus HTTP/1.1" 200 5464 "-" "Mozilla/5.0 (compatible; MJ12bot/v1.4.8; http://mj12bot.com/)"
147.135.213.172 - - [27/Apr/2025:04:42:11 -0400] "GET /about.php?action=edit&file=cs35l56-b0-dsp1-misc-10280ce4-spkid2.wmfw&path=//lib/firmware/cirrus HTTP/1.1" 200 17932 "-" "Mozilla/5.0 (compatible; MJ12bot/v1.4.8; http://mj12bot.com/)"
147.135.128.94 - - [27/Apr/2025:04:42:11 -0400] "GET /about.php?action=edit&file=gc_11_5_2_mes_2.bin&path=//lib/firmware/amdgpu HTTP/1.1" 200 55282 "-" "Mozilla/5.0 (compatible; MJ12bot/v1.4.8; http://mj12bot.com/)"
147.135.213.172 - - [27/Apr/2025:04:42:13 -0400] "GET /about.php?action=edit&file=cs35l56-b0-dsp1-misc-10280ce4-spkid3-ampl.bin&path=//lib/firmware/cirrus HTTP/1.1" 200 5488 "-" "Mozilla/5.0 (compatible; MJ12bot/v1.4.8; http://mj12bot.com/)"
147.135.128.94 - - [27/Apr/2025:04:42:13 -0400] "GET /about.php?action=edit&file=gc_11_5_2_pfp.bin&path=//lib/firmware/amdgpu HTTP/1.1" 200 15639 "-" "Mozilla/5.0 (compatible; MJ12bot/v1.4.8; http://mj12bot.com/)"
147.135.213.172 - - [27/Apr/2025:04:42:15 -0400] "GET /about.php?action=edit&file=cs35l56-b0-dsp1-misc-10280ce4-spkid3-ampr.bin&path=//lib/firmware/cirrus HTTP/1.1" 200 5478 "-" "Mozilla/5.0 (compatible; MJ12bot/v1.4.8; http://mj12bot.com/)"
147.135.128.94 - - [27/Apr/2025:04:42:15 -0400] "GET /about.php?action=edit&file=gc_11_5_2_rlc.bin&path=//lib/firmware/amdgpu HTTP/1.1" 200 48247 "-" "Mozilla/5.0 (compatible; MJ12bot/v1.4.8; http://mj12bot.com/)"
147.135.213.172 - - [27/Apr/2025:04:42:17 -0400] "GET /about.php?action=edit&file=cs35l56-b0-dsp1-misc-10280ce4-spkid3.wmfw&path=//lib/firmware/cirrus HTTP/1.1" 200 17932 "-" "Mozilla/5.0 (compatible; MJ12bot/v1.4.8; http://mj12bot.com/)"
147.135.128.94 - - [27/Apr/2025:04:42:17 -0400] "GET /about.php?action=edit&file=gc_12_0_0_imu.bin&path=//lib/firmware/amdgpu HTTP/1.1" 200 21165 "-" "Mozilla/5.0 (compatible; MJ12bot/v1.4.8; http://mj12bot.com/)"
147.135.213.172 - - [27/Apr/2025:04:42:18 -0400] "GET /about.php?action=edit&file=cs35l56-b0-dsp1-misc-10280d12-spkid0-amp1.bin&path=//lib/firmware/cirrus HTTP/1.1" 200 5381 "-" "Mozilla/5.0 (compatible; MJ12bot/v1.4.8; http://mj12bot.com/)"
147.135.128.94 - - [27/Apr/2025:04:42:19 -0400] "GET /about.php?action=edit&file=gc_12_0_0_me.bin&path=//lib/firmware/amdgpu HTTP/1.1" 200 45663 "-" "Mozilla/5.0 (compatible; MJ12bot/v1.4.8; http://mj12bot.com/)"
147.135.213.172 - - [27/Apr/2025:04:42:20 -0400] "GET /about.php?action=edit&file=cs35l56-b0-dsp1-misc-10280d12-spkid0-amp2.bin&path=//lib/firmware/cirrus HTTP/1.1" 200 5392 "-" "Mozilla/5.0 (compatible; MJ12bot/v1.4.8; http://mj12bot.com/)"
147.135.128.94 - - [27/Apr/2025:04:42:21 -0400] "GET /about.php?action=edit&file=gc_12_0_0_mec.bin&path=//lib/firmware/amdgpu HTTP/1.1" 200 84352 "-" "Mozilla/5.0 (compatible; MJ12bot/v1.4.8; http://mj12bot.com/)"
147.135.213.172 - - [27/Apr/2025:04:42:22 -0400] "GET /about.php?action=edit&file=cs35l56-b0-dsp1-misc-10280d12-spkid0.wmfw&path=//lib/firmware/cirrus HTTP/1.1" 200 18074 "-" "Mozilla/5.0 (compatible; MJ12bot/v1.4.8; http://mj12bot.com/)"
147.135.128.94 - - [27/Apr/2025:04:42:23 -0400] "GET /about.php?action=edit&file=gc_12_0_0_mes.bin&path=//lib/firmware/amdgpu HTTP/1.1" 200 47003 "-" "Mozilla/5.0 (compatible; MJ12bot/v1.4.8; http://mj12bot.com/)"
147.135.213.172 - - [27/Apr/2025:04:42:24 -0400] "GET /about.php?action=edit&file=cs35l56-b0-dsp1-misc-10280d12-spkid1-amp1.bin&path=//lib/firmware/cirrus HTTP/1.1" 200 5381 "-" "Mozilla/5.0 (compatible; MJ12bot/v1.4.8; http://mj12bot.com/)"
147.135.128.94 - - [27/Apr/2025:04:42:25 -0400] "GET /about.php?action=edit&file=gc_12_0_0_mes1.bin&path=//lib/firmware/amdgpu HTTP/1.1" 200 33747 "-" "Mozilla/5.0 (compatible; MJ12bot/v1.4.8; http://mj12bot.com/)"
147.135.213.172 - - [27/Apr/2025:04:42:25 -0400] "GET /about.php?action=edit&file=cs35l56-b0-dsp1-misc-10280d12-spkid1-amp2.bin&path=//lib/firmware/cirrus HTTP/1.1" 200 5387 "-" "Mozilla/5.0 (compatible; MJ12bot/v1.4.8; http://mj12bot.com/)"
147.135.128.94 - - [27/Apr/2025:04:42:27 -0400] "GET /about.php?action=edit&file=gc_12_0_0_pfp.bin&path=//lib/firmware/amdgpu HTTP/1.1" 200 42143 "-" "Mozilla/5.0 (compatible; MJ12bot/v1.4.8; http://mj12bot.com/)"
147.135.213.172 - - [27/Apr/2025:04:42:27 -0400] "GET /about.php?action=edit&file=cs35l56-b0-dsp1-misc-10280d12-spkid1.wmfw&path=//lib/firmware/cirrus HTTP/1.1" 200 18074 "-" "Mozilla/5.0 (compatible; MJ12bot/v1.4.8; http://mj12bot.com/)"
147.135.128.94 - - [27/Apr/2025:04:42:28 -0400] "GET /about.php?action=edit&file=gc_12_0_0_rlc.bin&path=//lib/firmware/amdgpu HTTP/1.1" 200 45971 "-" "Mozilla/5.0 (compatible; MJ12bot/v1.4.8; http://mj12bot.com/)"
147.135.213.172 - - [27/Apr/2025:04:42:29 -0400] "GET /about.php?action=edit&file=cs35l56-b0-dsp1-misc-10280d13-spkid0-amp1.bin&path=//lib/firmware/cirrus HTTP/1.1" 200 5366 "-" "Mozilla/5.0 (compatible; MJ12bot/v1.4.8; http://mj12bot.com/)"
147.135.128.94 - - [27/Apr/2025:04:42:30 -0400] "GET /about.php?action=edit&file=gc_12_0_0_toc.bin&path=//lib/firmware/amdgpu HTTP/1.1" 200 1221 "-" "Mozilla/5.0 (compatible; MJ12bot/v1.4.8; http://mj12bot.com/)"
147.135.213.172 - - [27/Apr/2025:04:42:30 -0400] "GET /about.php?action=edit&file=cs35l56-b0-dsp1-misc-10280d13-spkid0-amp2.bin&path=//lib/firmware/cirrus HTTP/1.1" 200 5365 "-" "Mozilla/5.0 (compatible; MJ12bot/v1.4.8; http://mj12bot.com/)"
147.135.128.94 - - [27/Apr/2025:04:42:32 -0400] "GET /about.php?action=edit&file=gc_12_0_0_uni_mes.bin&path=//lib/firmware/amdgpu HTTP/1.1" 200 87687 "-" "Mozilla/5.0 (compatible; MJ12bot/v1.4.8; http://mj12bot.com/)"
147.135.213.172 - - [27/Apr/2025:04:42:32 -0400] "GET /about.php?action=edit&file=cs35l56-b0-dsp1-misc-10280d13-spkid0.wmfw&path=//lib/firmware/cirrus HTTP/1.1" 200 18074 "-" "Mozilla/5.0 (compatible; MJ12bot/v1.4.8; http://mj12bot.com/)"
147.135.213.172 - - [27/Apr/2025:04:42:34 -0400] "GET /about.php?action=edit&file=cs35l56-b0-dsp1-misc-10280d13-spkid1-amp1.bin&path=//lib/firmware/cirrus HTTP/1.1" 200 5386 "-" "Mozilla/5.0 (compatible; MJ12bot/v1.4.8; http://mj12bot.com/)"
147.135.128.94 - - [27/Apr/2025:04:42:34 -0400] "GET /about.php?action=edit&file=gc_12_0_1_imu.bin&path=//lib/firmware/amdgpu HTTP/1.1" 200 21241 "-" "Mozilla/5.0 (compatible; MJ12bot/v1.4.8; http://mj12bot.com/)"
147.135.213.172 - - [27/Apr/2025:04:42:36 -0400] "GET /about.php?action=edit&file=cs35l56-b0-dsp1-misc-10280d13-spkid1-amp2.bin&path=//lib/firmware/cirrus HTTP/1.1" 200 5395 "-" "Mozilla/5.0 (compatible; MJ12bot/v1.4.8; http://mj12bot.com/)"
147.135.128.94 - - [27/Apr/2025:04:42:36 -0400] "GET /about.php?action=edit&file=gc_12_0_1_me.bin&path=//lib/firmware/amdgpu HTTP/1.1" 200 45635 "-" "Mozilla/5.0 (compatible; MJ12bot/v1.4.8; http://mj12bot.com/)"
147.135.213.172 - - [27/Apr/2025:04:42:37 -0400] "GET /about.php?action=edit&file=cs35l56-b0-dsp1-misc-10280d13-spkid1.wmfw&path=//lib/firmware/cirrus HTTP/1.1" 200 18074 "-" "Mozilla/5.0 (compatible; MJ12bot/v1.4.8; http://mj12bot.com/)"
147.135.128.94 - - [27/Apr/2025:04:42:38 -0400] "GET /about.php?action=edit&file=gc_12_0_1_mec.bin&path=//lib/firmware/amdgpu HTTP/1.1" 200 84546 "-" "Mozilla/5.0 (compatible; MJ12bot/v1.4.8; http://mj12bot.com/)"
147.135.213.172 - - [27/Apr/2025:04:42:39 -0400] "GET /about.php?action=edit&file=cs35l56-b0-dsp1-misc-103c8c52-amp1.bin&path=//lib/firmware/cirrus HTTP/1.1" 200 4382 "-" "Mozilla/5.0 (compatible; MJ12bot/v1.4.8; http://mj12bot.com/)"
147.135.128.94 - - [27/Apr/2025:04:42:40 -0400] "GET /about.php?action=edit&file=gc_12_0_1_mes.bin&path=//lib/firmware/amdgpu HTTP/1.1" 200 50736 "-" "Mozilla/5.0 (compatible; MJ12bot/v1.4.8; http://mj12bot.com/)"
147.135.213.172 - - [27/Apr/2025:04:42:41 -0400] "GET /about.php?action=edit&file=cs35l56-b0-dsp1-misc-103c8c52-amp2.bin&path=//lib/firmware/cirrus HTTP/1.1" 200 4423 "-" "Mozilla/5.0 (compatible; MJ12bot/v1.4.8; http://mj12bot.com/)"
147.135.128.94 - - [27/Apr/2025:04:42:42 -0400] "GET /about.php?action=edit&file=gc_12_0_1_mes1.bin&path=//lib/firmware/amdgpu HTTP/1.1" 200 34487 "-" "Mozilla/5.0 (compatible; MJ12bot/v1.4.8; http://mj12bot.com/)"
147.135.213.172 - - [27/Apr/2025:04:42:42 -0400] "GET /about.php?action=edit&file=cs35l56-b0-dsp1-misc-103c8c52-amp3.bin&path=//lib/firmware/cirrus HTTP/1.1" 200 4197 "-" "Mozilla/5.0 (compatible; MJ12bot/v1.4.8; http://mj12bot.com/)"
147.135.128.94 - - [27/Apr/2025:04:42:43 -0400] "GET /about.php?action=edit&file=gc_12_0_1_pfp.bin&path=//lib/firmware/amdgpu HTTP/1.1" 200 42021 "-" "Mozilla/5.0 (compatible; MJ12bot/v1.4.8; http://mj12bot.com/)"
147.135.213.172 - - [27/Apr/2025:04:42:44 -0400] "GET /about.php?action=edit&file=cs35l56-b0-dsp1-misc-103c8c52-amp4.bin&path=//lib/firmware/cirrus HTTP/1.1" 200 4195 "-" "Mozilla/5.0 (compatible; MJ12bot/v1.4.8; http://mj12bot.com/)"
147.135.128.94 - - [27/Apr/2025:04:42:45 -0400] "GET /about.php?action=edit&file=gc_12_0_1_rlc.bin&path=//lib/firmware/amdgpu HTTP/1.1" 200 46027 "-" "Mozilla/5.0 (compatible; MJ12bot/v1.4.8; http://mj12bot.com/)"
147.135.213.172 - - [27/Apr/2025:04:42:46 -0400] "GET /about.php?action=edit&file=cs35l56-b0-dsp1-misc-103c8c52.wmfw&path=//lib/firmware/cirrus HTTP/1.1" 200 16445 "-" "Mozilla/5.0 (compatible; MJ12bot/v1.4.8; http://mj12bot.com/)"
147.135.128.94 - - [27/Apr/2025:04:42:47 -0400] "GET /about.php?action=edit&file=gc_12_0_1_toc.bin&path=//lib/firmware/amdgpu HTTP/1.1" 200 1220 "-" "Mozilla/5.0 (compatible; MJ12bot/v1.4.8; http://mj12bot.com/)"
147.135.213.172 - - [27/Apr/2025:04:42:48 -0400] "GET /about.php?action=edit&file=cs35l56-b0-dsp1-misc-103c8c53-amp1.bin&path=//lib/firmware/cirrus HTTP/1.1" 200 4338 "-" "Mozilla/5.0 (compatible; MJ12bot/v1.4.8; http://mj12bot.com/)"
147.135.128.94 - - [27/Apr/2025:04:42:49 -0400] "GET /about.php?action=edit&file=gc_12_0_1_uni_mes.bin&path=//lib/firmware/amdgpu HTTP/1.1" 200 87710 "-" "Mozilla/5.0 (compatible; MJ12bot/v1.4.8; http://mj12bot.com/)"
147.135.213.172 - - [27/Apr/2025:04:42:49 -0400] "GET /about.php?action=edit&file=cs35l56-b0-dsp1-misc-103c8c53-amp2.bin&path=//lib/firmware/cirrus HTTP/1.1" 200 4369 "-" "Mozilla/5.0 (compatible; MJ12bot/v1.4.8; http://mj12bot.com/)"
147.135.213.172 - - [27/Apr/2025:04:42:51 -0400] "GET /about.php?action=edit&file=cs35l56-b0-dsp1-misc-103c8c53-amp3.bin&path=//lib/firmware/cirrus HTTP/1.1" 200 4129 "-" "Mozilla/5.0 (compatible; MJ12bot/v1.4.8; http://mj12bot.com/)"
147.135.128.94 - - [27/Apr/2025:04:42:51 -0400] "GET /about.php?action=edit&file=gc_9_4_3_mec.bin&path=//lib/firmware/amdgpu HTTP/1.1" 200 39093 "-" "Mozilla/5.0 (compatible; MJ12bot/v1.4.8; http://mj12bot.com/)"
147.135.213.172 - - [27/Apr/2025:04:42:53 -0400] "GET /about.php?action=edit&file=cs35l56-b0-dsp1-misc-103c8c53-amp4.bin&path=//lib/firmware/cirrus HTTP/1.1" 200 4122 "-" "Mozilla/5.0 (compatible; MJ12bot/v1.4.8; http://mj12bot.com/)"
147.135.128.94 - - [27/Apr/2025:04:42:53 -0400] "GET /about.php?action=edit&file=gc_9_4_3_rlc.bin&path=//lib/firmware/amdgpu HTTP/1.1" 200 12786 "-" "Mozilla/5.0 (compatible; MJ12bot/v1.4.8; http://mj12bot.com/)"
147.135.213.172 - - [27/Apr/2025:04:42:54 -0400] "GET /about.php?action=edit&file=cs35l56-b0-dsp1-misc-103c8c53.wmfw&path=//lib/firmware/cirrus HTTP/1.1" 200 16445 "-" "Mozilla/5.0 (compatible; MJ12bot/v1.4.8; http://mj12bot.com/)"
147.135.128.94 - - [27/Apr/2025:04:42:54 -0400] "GET /about.php?action=edit&file=gc_9_4_3_sjt_mec.bin&path=//lib/firmware/amdgpu HTTP/1.1" 200 39248 "-" "Mozilla/5.0 (compatible; MJ12bot/v1.4.8; http://mj12bot.com/)"
147.135.213.172 - - [27/Apr/2025:04:42:56 -0400] "GET /about.php?action=edit&file=cs35l56-b0-dsp1-misc-103c8d90-amp1.bin&path=//lib/firmware/cirrus HTTP/1.1" 200 3847 "-" "Mozilla/5.0 (compatible; MJ12bot/v1.4.8; http://mj12bot.com/)"
147.135.128.94 - - [27/Apr/2025:04:42:56 -0400] "GET /about.php?action=edit&file=gc_9_4_4_mec.bin&path=//lib/firmware/amdgpu HTTP/1.1" 200 39213 "-" "Mozilla/5.0 (compatible; MJ12bot/v1.4.8; http://mj12bot.com/)"
147.135.213.172 - - [27/Apr/2025:04:42:58 -0400] "GET /about.php?action=edit&file=cs35l56-b0-dsp1-misc-103c8d90-amp2.bin&path=//lib/firmware/cirrus HTTP/1.1" 200 3844 "-" "Mozilla/5.0 (compatible; MJ12bot/v1.4.8; http://mj12bot.com/)"
147.135.128.94 - - [27/Apr/2025:04:42:58 -0400] "GET /about.php?action=edit&file=gc_9_4_4_rlc.bin&path=//lib/firmware/amdgpu HTTP/1.1" 200 13497 "-" "Mozilla/5.0 (compatible; MJ12bot/v1.4.8; http://mj12bot.com/)"
147.135.213.172 - - [27/Apr/2025:04:43:00 -0400] "GET /about.php?action=edit&file=cs35l56-b0-dsp1-misc-103c8d90.wmfw&path=//lib/firmware/cirrus HTTP/1.1" 200 15259 "-" "Mozilla/5.0 (compatible; MJ12bot/v1.4.8; http://mj12bot.com/)"
147.135.128.94 - - [27/Apr/2025:04:43:00 -0400] "GET /about.php?action=edit&file=gc_9_4_4_sjt_mec.bin&path=//lib/firmware/amdgpu HTTP/1.1" 200 39179 "-" "Mozilla/5.0 (compatible; MJ12bot/v1.4.8; http://mj12bot.com/)"
147.135.213.172 - - [27/Apr/2025:04:43:01 -0400] "GET /about.php?action=edit&file=cs35l56-b0-dsp1-misc-103c8d91-amp1.bin&path=//lib/firmware/cirrus HTTP/1.1" 200 3823 "-" "Mozilla/5.0 (compatible; MJ12bot/v1.4.8; http://mj12bot.com/)"
147.135.128.94 - - [27/Apr/2025:04:43:01 -0400] "GET /about.php?action=edit&file=gcry_arcfour.mod&path=//lib/grub/i386-pc HTTP/1.1" 200 1533 "-" "Mozilla/5.0 (compatible; MJ12bot/v1.4.8; http://mj12bot.com/)"
147.135.213.172 - - [27/Apr/2025:04:43:03 -0400] "GET /about.php?action=edit&file=cs35l56-b0-dsp1-misc-103c8d91-amp2.bin&path=//lib/firmware/cirrus HTTP/1.1" 200 3840 "-" "Mozilla/5.0 (compatible; MJ12bot/v1.4.8; http://mj12bot.com/)"
147.135.128.94 - - [27/Apr/2025:04:43:03 -0400] "GET /about.php?action=edit&file=gcry_blowfish.mod&path=//lib/grub/i386-pc HTTP/1.1" 200 5891 "-" "Mozilla/5.0 (compatible; MJ12bot/v1.4.8; http://mj12bot.com/)"
147.135.213.172 - - [27/Apr/2025:04:43:05 -0400] "GET /about.php?action=edit&file=cs35l56-b0-dsp1-misc-103c8d91.wmfw&path=//lib/firmware/cirrus HTTP/1.1" 200 15260 "-" "Mozilla/5.0 (compatible; MJ12bot/v1.4.8; http://mj12bot.com/)"
147.135.128.94 - - [27/Apr/2025:04:43:05 -0400] "GET /about.php?action=edit&file=gcry_camellia.mod&path=//lib/grub/i386-pc HTTP/1.1" 200 9170 "-" "Mozilla/5.0 (compatible; MJ12bot/v1.4.8; http://mj12bot.com/)"
147.135.213.172 - - [27/Apr/2025:04:43:06 -0400] "GET /about.php?action=edit&file=cs35l56-b0-dsp1-misc-103c8d92-amp1.bin&path=//lib/firmware/cirrus HTTP/1.1" 200 3847 "-" "Mozilla/5.0 (compatible; MJ12bot/v1.4.8; http://mj12bot.com/)"
147.135.128.94 - - [27/Apr/2025:04:43:06 -0400] "GET /about.php?action=edit&file=gcry_cast5.mod&path=//lib/grub/i386-pc HTTP/1.1" 200 10737 "-" "Mozilla/5.0 (compatible; MJ12bot/v1.4.8; http://mj12bot.com/)"
147.135.213.172 - - [27/Apr/2025:04:43:08 -0400] "GET /about.php?action=edit&file=cs35l56-b0-dsp1-misc-103c8d92-amp2.bin&path=//lib/firmware/cirrus HTTP/1.1" 200 3844 "-" "Mozilla/5.0 (compatible; MJ12bot/v1.4.8; http://mj12bot.com/)"
147.135.128.94 - - [27/Apr/2025:04:43:08 -0400] "GET /about.php?action=edit&file=gcry_crc.mod&path=//lib/grub/i386-pc HTTP/1.1" 200 8561 "-" "Mozilla/5.0 (compatible; MJ12bot/v1.4.8; http://mj12bot.com/)"
147.135.213.172 - - [27/Apr/2025:04:43:10 -0400] "GET /about.php?action=edit&file=cs35l56-b0-dsp1-misc-103c8d92.wmfw&path=//lib/firmware/cirrus HTTP/1.1" 200 15260 "-" "Mozilla/5.0 (compatible; MJ12bot/v1.4.8; http://mj12bot.com/)"
147.135.128.94 - - [27/Apr/2025:04:43:10 -0400] "GET /about.php?action=edit&file=gcry_des.mod&path=//lib/grub/i386-pc HTTP/1.1" 200 4306 "-" "Mozilla/5.0 (compatible; MJ12bot/v1.4.8; http://mj12bot.com/)"
147.135.213.172 - - [27/Apr/2025:04:43:11 -0400] "GET /about.php?action=edit&file=cs35l56-b0-dsp1-misc-103c8e2c-amp1.bin&path=//lib/firmware/cirrus HTTP/1.1" 200 3847 "-" "Mozilla/5.0 (compatible; MJ12bot/v1.4.8; http://mj12bot.com/)"
147.135.128.94 - - [27/Apr/2025:04:43:11 -0400] "GET /about.php?action=edit&file=gcry_dsa.mod&path=//lib/grub/i386-pc HTTP/1.1" 200 1611 "-" "Mozilla/5.0 (compatible; MJ12bot/v1.4.8; http://mj12bot.com/)"
147.135.213.172 - - [27/Apr/2025:04:43:13 -0400] "GET /about.php?action=edit&file=cs35l56-b0-dsp1-misc-103c8e2c-amp2.bin&path=//lib/firmware/cirrus HTTP/1.1" 200 3843 "-" "Mozilla/5.0 (compatible; MJ12bot/v1.4.8; http://mj12bot.com/)"
147.135.128.94 - - [27/Apr/2025:04:43:13 -0400] "GET /about.php?action=edit&file=gcry_idea.mod&path=//lib/grub/i386-pc HTTP/1.1" 200 2001 "-" "Mozilla/5.0 (compatible; MJ12bot/v1.4.8; http://mj12bot.com/)"
147.135.213.172 - - [27/Apr/2025:04:43:15 -0400] "GET /about.php?action=edit&file=cs35l56-b0-dsp1-misc-103c8e2c.wmfw&path=//lib/firmware/cirrus HTTP/1.1" 200 15260 "-" "Mozilla/5.0 (compatible; MJ12bot/v1.4.8; http://mj12bot.com/)"
147.135.128.94 - - [27/Apr/2025:04:43:15 -0400] "GET /about.php?action=edit&file=gcry_md4.mod&path=//lib/grub/i386-pc HTTP/1.1" 200 1988 "-" "Mozilla/5.0 (compatible; MJ12bot/v1.4.8; http://mj12bot.com/)"
147.135.213.172 - - [27/Apr/2025:04:43:16 -0400] "GET /about.php?action=edit&file=cs35l56-b0-dsp1-misc-10431024-spkid0-amp1.bin&path=//lib/firmware/cirrus HTTP/1.1" 200 4491 "-" "Mozilla/5.0 (compatible; MJ12bot/v1.4.8; http://mj12bot.com/)"
147.135.128.94 - - [27/Apr/2025:04:43:16 -0400] "GET /about.php?action=edit&file=gcry_md5.mod&path=//lib/grub/i386-pc HTTP/1.1" 200 2561 "-" "Mozilla/5.0 (compatible; MJ12bot/v1.4.8; http://mj12bot.com/)"
147.135.213.172 - - [27/Apr/2025:04:43:18 -0400] "GET /about.php?action=edit&file=cs35l56-b0-dsp1-misc-10431024-spkid0-amp2.bin&path=//lib/firmware/cirrus HTTP/1.1" 200 4487 "-" "Mozilla/5.0 (compatible; MJ12bot/v1.4.8; http://mj12bot.com/)"
147.135.128.94 - - [27/Apr/2025:04:43:18 -0400] "GET /about.php?action=edit&file=gcry_rfc2268.mod&path=//lib/grub/i386-pc HTTP/1.1" 200 2119 "-" "Mozilla/5.0 (compatible; MJ12bot/v1.4.8; http://mj12bot.com/)"
147.135.213.172 - - [27/Apr/2025:04:43:20 -0400] "GET /about.php?action=edit&file=cs35l56-b0-dsp1-misc-10431024-spkid0.wmfw&path=//lib/firmware/cirrus HTTP/1.1" 200 16468 "-" "Mozilla/5.0 (compatible; MJ12bot/v1.4.8; http://mj12bot.com/)"
147.135.128.94 - - [27/Apr/2025:04:43:20 -0400] "GET /about.php?action=edit&file=gcry_rijndael.mod&path=//lib/grub/i386-pc HTTP/1.1" 200 11373 "-" "Mozilla/5.0 (compatible; MJ12bot/v1.4.8; http://mj12bot.com/)"
147.135.213.172 - - [27/Apr/2025:04:43:22 -0400] "GET /about.php?action=edit&file=cs35l56-b0-dsp1-misc-10431024-spkid1-amp1.bin&path=//lib/firmware/cirrus HTTP/1.1" 200 4484 "-" "Mozilla/5.0 (compatible; MJ12bot/v1.4.8; http://mj12bot.com/)"
147.135.128.94 - - [27/Apr/2025:04:43:22 -0400] "GET /about.php?action=edit&file=gcry_rmd160.mod&path=//lib/grub/i386-pc HTTP/1.1" 200 4013 "-" "Mozilla/5.0 (compatible; MJ12bot/v1.4.8; http://mj12bot.com/)"
147.135.213.172 - - [27/Apr/2025:04:43:23 -0400] "GET /about.php?action=edit&file=cs35l56-b0-dsp1-misc-10431024-spkid1-amp2.bin&path=//lib/firmware/cirrus HTTP/1.1" 200 4483 "-" "Mozilla/5.0 (compatible; MJ12bot/v1.4.8; http://mj12bot.com/)"
147.135.128.94 - - [27/Apr/2025:04:43:23 -0400] "GET /about.php?action=edit&file=gcry_rsa.mod&path=//lib/grub/i386-pc HTTP/1.1" 200 1531 "-" "Mozilla/5.0 (compatible; MJ12bot/v1.4.8; http://mj12bot.com/)"
147.135.213.172 - - [27/Apr/2025:04:43:25 -0400] "GET /about.php?action=edit&file=cs35l56-b0-dsp1-misc-10431024-spkid1.wmfw&path=//lib/firmware/cirrus HTTP/1.1" 200 16468 "-" "Mozilla/5.0 (compatible; MJ12bot/v1.4.8; http://mj12bot.com/)"
147.135.128.94 - - [27/Apr/2025:04:43:25 -0400] "GET /about.php?action=edit&file=gcry_seed.mod&path=//lib/grub/i386-pc HTTP/1.1" 200 5915 "-" "Mozilla/5.0 (compatible; MJ12bot/v1.4.8; http://mj12bot.com/)"
147.135.213.172 - - [27/Apr/2025:04:43:27 -0400] "GET /about.php?action=edit&file=cs35l56-b0-dsp1-misc-10431044-spkid0-amp1.bin&path=//lib/firmware/cirrus HTTP/1.1" 200 4491 "-" "Mozilla/5.0 (compatible; MJ12bot/v1.4.8; http://mj12bot.com/)"
147.135.128.94 - - [27/Apr/2025:04:43:27 -0400] "GET /about.php?action=edit&file=gcry_serpent.mod&path=//lib/grub/i386-pc HTTP/1.1" 200 12238 "-" "Mozilla/5.0 (compatible; MJ12bot/v1.4.8; http://mj12bot.com/)"
147.135.213.172 - - [27/Apr/2025:04:43:28 -0400] "GET /about.php?action=edit&file=cs35l56-b0-dsp1-misc-10431044-spkid0-amp2.bin&path=//lib/firmware/cirrus HTTP/1.1" 200 4487 "-" "Mozilla/5.0 (compatible; MJ12bot/v1.4.8; http://mj12bot.com/)"
147.135.128.94 - - [27/Apr/2025:04:43:28 -0400] "GET /about.php?action=edit&file=gcry_sha1.mod&path=//lib/grub/i386-pc HTTP/1.1" 200 3425 "-" "Mozilla/5.0 (compatible; MJ12bot/v1.4.8; http://mj12bot.com/)"
147.135.128.94 - - [27/Apr/2025:04:43:30 -0400] "GET /about.php?action=edit&file=gcry_sha256.mod&path=//lib/grub/i386-pc HTTP/1.1" 200 2757 "-" "Mozilla/5.0 (compatible; MJ12bot/v1.4.8; http://mj12bot.com/)"
147.135.213.172 - - [27/Apr/2025:04:43:30 -0400] "GET /about.php?action=edit&file=cs35l56-b0-dsp1-misc-10431044-spkid0.wmfw&path=//lib/firmware/cirrus HTTP/1.1" 200 16468 "-" "Mozilla/5.0 (compatible; MJ12bot/v1.4.8; http://mj12bot.com/)"
147.135.128.94 - - [27/Apr/2025:04:43:32 -0400] "GET /about.php?action=edit&file=gcry_sha512.mod&path=//lib/grub/i386-pc HTTP/1.1" 200 4086 "-" "Mozilla/5.0 (compatible; MJ12bot/v1.4.8; http://mj12bot.com/)"
147.135.213.172 - - [27/Apr/2025:04:43:32 -0400] "GET /about.php?action=edit&file=cs35l56-b0-dsp1-misc-10431044-spkid1-amp1.bin&path=//lib/firmware/cirrus HTTP/1.1" 200 4484 "-" "Mozilla/5.0 (compatible; MJ12bot/v1.4.8; http://mj12bot.com/)"
147.135.128.94 - - [27/Apr/2025:04:43:33 -0400] "GET /about.php?action=edit&file=gcry_tiger.mod&path=//lib/grub/i386-pc HTTP/1.1" 200 10679 "-" "Mozilla/5.0 (compatible; MJ12bot/v1.4.8; http://mj12bot.com/)"
147.135.213.172 - - [27/Apr/2025:04:43:33 -0400] "GET /about.php?action=edit&file=cs35l56-b0-dsp1-misc-10431044-spkid1-amp2.bin&path=//lib/firmware/cirrus HTTP/1.1" 200 4483 "-" "Mozilla/5.0 (compatible; MJ12bot/v1.4.8; http://mj12bot.com/)"
147.135.213.172 - - [27/Apr/2025:04:43:35 -0400] "GET /about.php?action=edit&file=cs35l56-b0-dsp1-misc-10431044-spkid1.wmfw&path=//lib/firmware/cirrus HTTP/1.1" 200 16468 "-" "Mozilla/5.0 (compatible; MJ12bot/v1.4.8; http://mj12bot.com/)"
147.135.128.94 - - [27/Apr/2025:04:43:35 -0400] "GET /about.php?action=edit&file=gcry_twofish.mod&path=//lib/grub/i386-pc HTTP/1.1" 200 10779 "-" "Mozilla/5.0 (compatible; MJ12bot/v1.4.8; http://mj12bot.com/)"
147.135.128.94 - - [27/Apr/2025:04:43:37 -0400] "GET /about.php?action=edit&file=gcry_whirlpool.mod&path=//lib/grub/i386-pc HTTP/1.1" 200 11977 "-" "Mozilla/5.0 (compatible; MJ12bot/v1.4.8; http://mj12bot.com/)"
147.135.213.172 - - [27/Apr/2025:04:43:37 -0400] "GET /about.php?action=edit&file=cs35l56-b0-dsp1-misc-10431264-amp1.bin&path=//lib/firmware/cirrus HTTP/1.1" 200 4487 "-" "Mozilla/5.0 (compatible; MJ12bot/v1.4.8; http://mj12bot.com/)"
147.135.213.172 - - [27/Apr/2025:04:43:39 -0400] "GET /about.php?action=edit&file=cs35l56-b0-dsp1-misc-10431264-amp2.bin&path=//lib/firmware/cirrus HTTP/1.1" 200 4470 "-" "Mozilla/5.0 (compatible; MJ12bot/v1.4.8; http://mj12bot.com/)"
147.135.128.94 - - [27/Apr/2025:04:43:39 -0400] "GET /about.php?action=edit&file=gdb.mod&path=//lib/grub/i386-pc HTTP/1.1" 200 5051 "-" "Mozilla/5.0 (compatible; MJ12bot/v1.4.8; http://mj12bot.com/)"
147.135.128.94 - - [27/Apr/2025:04:43:40 -0400] "GET /about.php?action=edit&file=gdb_grub&path=//lib/grub/i386-pc HTTP/1.1" 200 1370 "-" "Mozilla/5.0 (compatible; MJ12bot/v1.4.8; http://mj12bot.com/)"
147.135.213.172 - - [27/Apr/2025:04:43:40 -0400] "GET /about.php?action=edit&file=cs35l56-b0-dsp1-misc-10431264-amp3.bin&path=//lib/firmware/cirrus HTTP/1.1" 200 4449 "-" "Mozilla/5.0 (compatible; MJ12bot/v1.4.8; http://mj12bot.com/)"
147.135.128.94 - - [27/Apr/2025:04:43:42 -0400] "GET /about.php?action=edit&file=geli.mod&path=//lib/grub/i386-pc HTTP/1.1" 200 3616 "-" "Mozilla/5.0 (compatible; MJ12bot/v1.4.8; http://mj12bot.com/)"
147.135.213.172 - - [27/Apr/2025:04:43:42 -0400] "GET /about.php?action=edit&file=cs35l56-b0-dsp1-misc-10431264-amp4.bin&path=//lib/firmware/cirrus HTTP/1.1" 200 4470 "-" "Mozilla/5.0 (compatible; MJ12bot/v1.4.8; http://mj12bot.com/)"
147.135.128.94 - - [27/Apr/2025:04:43:43 -0400] "GET /about.php?action=edit&file=gen70500_gmu.bin&path=//lib/firmware/qcom HTTP/1.1" 200 49458 "-" "Mozilla/5.0 (compatible; MJ12bot/v1.4.8; http://mj12bot.com/)"
147.135.213.172 - - [27/Apr/2025:04:43:44 -0400] "GET /about.php?action=edit&file=cs35l56-b0-dsp1-misc-10431264.wmfw&path=//lib/firmware/cirrus HTTP/1.1" 200 16444 "-" "Mozilla/5.0 (compatible; MJ12bot/v1.4.8; http://mj12bot.com/)"
147.135.213.172 - - [27/Apr/2025:04:43:45 -0400] "GET /about.php?action=edit&file=cs35l56-b0-dsp1-misc-10431b13-spkid0-amp1.bin&path=//lib/firmware/cirrus HTTP/1.1" 200 4454 "-" "Mozilla/5.0 (compatible; MJ12bot/v1.4.8; http://mj12bot.com/)"
147.135.128.94 - - [27/Apr/2025:04:43:45 -0400] "GET /about.php?action=edit&file=gen70500_sqe.fw&path=//lib/firmware/qcom HTTP/1.1" 200 28586 "-" "Mozilla/5.0 (compatible; MJ12bot/v1.4.8; http://mj12bot.com/)"
147.135.213.172 - - [27/Apr/2025:04:43:47 -0400] "GET /about.php?action=edit&file=cs35l56-b0-dsp1-misc-10431b13-spkid0-amp2.bin&path=//lib/firmware/cirrus HTTP/1.1" 200 4446 "-" "Mozilla/5.0 (compatible; MJ12bot/v1.4.8; http://mj12bot.com/)"
147.135.128.94 - - [27/Apr/2025:04:43:47 -0400] "GET /about.php?action=edit&file=gettext.mod&path=//lib/grub/i386-pc HTTP/1.1" 200 2884 "-" "Mozilla/5.0 (compatible; MJ12bot/v1.4.8; http://mj12bot.com/)"
147.135.213.172 - - [27/Apr/2025:04:43:49 -0400] "GET /about.php?action=edit&file=cs35l56-b0-dsp1-misc-10431b13-spkid0.wmfw&path=//lib/firmware/cirrus HTTP/1.1" 200 16468 "-" "Mozilla/5.0 (compatible; MJ12bot/v1.4.8; http://mj12bot.com/)"
147.135.128.94 - - [27/Apr/2025:04:43:49 -0400] "GET /about.php?action=edit&file=getty-pre.target&path=//lib/systemd/system HTTP/1.1" 200 824 "-" "Mozilla/5.0 (compatible; MJ12bot/v1.4.8; http://mj12bot.com/)"
147.135.213.172 - - [27/Apr/2025:04:43:51 -0400] "GET /about.php?action=edit&file=cs35l56-b0-dsp1-misc-10431b13-spkid1-amp1.bin&path=//lib/firmware/cirrus HTTP/1.1" 200 4426 "-" "Mozilla/5.0 (compatible; MJ12bot/v1.4.8; http://mj12bot.com/)"
147.135.128.94 - - [27/Apr/2025:04:43:51 -0400] "GET /about.php?action=edit&file=getty.target&path=//lib/systemd/system HTTP/1.1" 200 818 "-" "Mozilla/5.0 (compatible; MJ12bot/v1.4.8; http://mj12bot.com/)"
147.135.213.172 - - [27/Apr/2025:04:43:52 -0400] "GET /about.php?action=edit&file=cs35l56-b0-dsp1-misc-10431b13-spkid1-amp2.bin&path=//lib/firmware/cirrus HTTP/1.1" 200 4436 "-" "Mozilla/5.0 (compatible; MJ12bot/v1.4.8; http://mj12bot.com/)"
147.135.128.94 - - [27/Apr/2025:04:43:52 -0400] "GET /about.php?action=edit&file=getty@.service&path=//lib/systemd/system HTTP/1.1" 200 1616 "-" "Mozilla/5.0 (compatible; MJ12bot/v1.4.8; http://mj12bot.com/)"
147.135.213.172 - - [27/Apr/2025:04:43:54 -0400] "GET /about.php?action=edit&file=cs35l56-b0-dsp1-misc-10431b13-spkid1.wmfw&path=//lib/firmware/cirrus HTTP/1.1" 200 16467 "-" "Mozilla/5.0 (compatible; MJ12bot/v1.4.8; http://mj12bot.com/)"
147.135.128.94 - - [27/Apr/2025:04:43:54 -0400] "GET /about.php?action=edit&file=gfxmenu.mod&path=//lib/grub/i386-pc HTTP/1.1" 200 19504 "-" "Mozilla/5.0 (compatible; MJ12bot/v1.4.8; http://mj12bot.com/)"
147.135.213.172 - - [27/Apr/2025:04:43:56 -0400] "GET /about.php?action=edit&file=cs35l56-b0-dsp1-misc-10431c63-spkid0-amp1.bin&path=//lib/firmware/cirrus HTTP/1.1" 200 4441 "-" "Mozilla/5.0 (compatible; MJ12bot/v1.4.8; http://mj12bot.com/)"
147.135.128.94 - - [27/Apr/2025:04:43:56 -0400] "GET /about.php?action=edit&file=gfxterm.mod&path=//lib/grub/i386-pc HTTP/1.1" 200 5120 "-" "Mozilla/5.0 (compatible; MJ12bot/v1.4.8; http://mj12bot.com/)"
147.135.213.172 - - [27/Apr/2025:04:43:57 -0400] "GET /about.php?action=edit&file=cs35l56-b0-dsp1-misc-10431c63-spkid0-amp2.bin&path=//lib/firmware/cirrus HTTP/1.1" 200 4477 "-" "Mozilla/5.0 (compatible; MJ12bot/v1.4.8; http://mj12bot.com/)"
147.135.128.94 - - [27/Apr/2025:04:43:58 -0400] "GET /about.php?action=edit&file=gfxterm_background.mod&path=//lib/grub/i386-pc HTTP/1.1" 200 1728 "-" "Mozilla/5.0 (compatible; MJ12bot/v1.4.8; http://mj12bot.com/)"
147.135.213.172 - - [27/Apr/2025:04:43:59 -0400] "GET /about.php?action=edit&file=cs35l56-b0-dsp1-misc-10431c63-spkid0.wmfw&path=//lib/firmware/cirrus HTTP/1.1" 200 16468 "-" "Mozilla/5.0 (compatible; MJ12bot/v1.4.8; http://mj12bot.com/)"
147.135.128.94 - - [27/Apr/2025:04:43:59 -0400] "GET /about.php?action=edit&file=gfxterm_menu.mod&path=//lib/grub/i386-pc HTTP/1.1" 200 2647 "-" "Mozilla/5.0 (compatible; MJ12bot/v1.4.8; http://mj12bot.com/)"
147.135.213.172 - - [27/Apr/2025:04:44:01 -0400] "GET /about.php?action=edit&file=cs35l56-b0-dsp1-misc-10431c63-spkid1-amp1.bin&path=//lib/firmware/cirrus HTTP/1.1" 200 4430 "-" "Mozilla/5.0 (compatible; MJ12bot/v1.4.8; http://mj12bot.com/)"
147.135.128.94 - - [27/Apr/2025:04:44:01 -0400] "GET /about.php?action=edit&file=git.xml&path=//lib/firewalld/services HTTP/1.1" 200 697 "-" "Mozilla/5.0 (compatible; MJ12bot/v1.4.8; http://mj12bot.com/)"
147.135.213.172 - - [27/Apr/2025:04:44:03 -0400] "GET /about.php?action=edit&file=cs35l56-b0-dsp1-misc-10431c63-spkid1-amp2.bin&path=//lib/firmware/cirrus HTTP/1.1" 200 4444 "-" "Mozilla/5.0 (compatible; MJ12bot/v1.4.8; http://mj12bot.com/)"
147.135.128.94 - - [27/Apr/2025:04:44:03 -0400] "GET /about.php?action=edit&file=glk_dmc_ver1_04.bin&path=//lib/firmware/i915 HTTP/1.1" 200 3195 "-" "Mozilla/5.0 (compatible; MJ12bot/v1.4.8; http://mj12bot.com/)"
147.135.213.172 - - [27/Apr/2025:04:44:04 -0400] "GET /about.php?action=edit&file=cs35l56-b0-dsp1-misc-10431c63-spkid1.wmfw&path=//lib/firmware/cirrus HTTP/1.1" 200 16468 "-" "Mozilla/5.0 (compatible; MJ12bot/v1.4.8; http://mj12bot.com/)"
147.135.128.94 - - [27/Apr/2025:04:44:04 -0400] "GET /about.php?action=edit&file=glk_guc_32.0.3.bin&path=//lib/firmware/i915 HTTP/1.1" 200 75859 "-" "Mozilla/5.0 (compatible; MJ12bot/v1.4.8; http://mj12bot.com/)"
147.135.213.172 - - [27/Apr/2025:04:44:06 -0400] "GET /about.php?action=edit&file=cs35l56-b0-dsp1-misc-10431df3-amp1.bin&path=//lib/firmware/cirrus HTTP/1.1" 200 4488 "-" "Mozilla/5.0 (compatible; MJ12bot/v1.4.8; http://mj12bot.com/)"
147.135.128.94 - - [27/Apr/2025:04:44:06 -0400] "GET /about.php?action=edit&file=glk_guc_33.0.0.bin&path=//lib/firmware/i915 HTTP/1.1" 200 78140 "-" "Mozilla/5.0 (compatible; MJ12bot/v1.4.8; http://mj12bot.com/)"
147.135.213.172 - - [27/Apr/2025:04:44:08 -0400] "GET /about.php?action=edit&file=cs35l56-b0-dsp1-misc-10431df3-amp4.bin&path=//lib/firmware/cirrus HTTP/1.1" 200 4469 "-" "Mozilla/5.0 (compatible; MJ12bot/v1.4.8; http://mj12bot.com/)"
147.135.128.94 - - [27/Apr/2025:04:44:08 -0400] "GET /about.php?action=edit&file=glk_guc_49.0.1.bin&path=//lib/firmware/i915 HTTP/1.1" 200 80467 "-" "Mozilla/5.0 (compatible; MJ12bot/v1.4.8; http://mj12bot.com/)"
147.135.213.172 - - [27/Apr/2025:04:44:09 -0400] "GET /about.php?action=edit&file=cs35l56-b0-dsp1-misc-10431df3.wmfw&path=//lib/firmware/cirrus HTTP/1.1" 200 16445 "-" "Mozilla/5.0 (compatible; MJ12bot/v1.4.8; http://mj12bot.com/)"
147.135.128.94 - - [27/Apr/2025:04:44:10 -0400] "GET /about.php?action=edit&file=glk_guc_62.0.0.bin&path=//lib/firmware/i915 HTTP/1.1" 200 85383 "-" "Mozilla/5.0 (compatible; MJ12bot/v1.4.8; http://mj12bot.com/)"
147.135.213.172 - - [27/Apr/2025:04:44:11 -0400] "GET /about.php?action=edit&file=cs35l56-b0-dsp1-misc-10431e13-amp1.bin&path=//lib/firmware/cirrus HTTP/1.1" 200 4605 "-" "Mozilla/5.0 (compatible; MJ12bot/v1.4.8; http://mj12bot.com/)"
147.135.128.94 - - [27/Apr/2025:04:44:12 -0400] "GET /about.php?action=edit&file=glk_guc_69.0.3.bin&path=//lib/firmware/i915 HTTP/1.1" 200 94672 "-" "Mozilla/5.0 (compatible; MJ12bot/v1.4.8; http://mj12bot.com/)"
147.135.213.172 - - [27/Apr/2025:04:44:13 -0400] "GET /about.php?action=edit&file=cs35l56-b0-dsp1-misc-10431e13-amp2.bin&path=//lib/firmware/cirrus HTTP/1.1" 200 4616 "-" "Mozilla/5.0 (compatible; MJ12bot/v1.4.8; http://mj12bot.com/)"
147.135.213.172 - - [27/Apr/2025:04:44:14 -0400] "GET /about.php?action=edit&file=cs35l56-b0-dsp1-misc-10431e13-amp3.bin&path=//lib/firmware/cirrus HTTP/1.1" 200 4609 "-" "Mozilla/5.0 (compatible; MJ12bot/v1.4.8; http://mj12bot.com/)"
147.135.128.94 - - [27/Apr/2025:04:44:14 -0400] "GET /about.php?action=edit&file=glk_guc_70.1.1.bin&path=//lib/firmware/i915 HTTP/1.1" 200 87628 "-" "Mozilla/5.0 (compatible; MJ12bot/v1.4.8; http://mj12bot.com/)"
147.135.213.172 - - [27/Apr/2025:04:44:16 -0400] "GET /about.php?action=edit&file=cs35l56-b0-dsp1-misc-10431e13-amp4.bin&path=//lib/firmware/cirrus HTTP/1.1" 200 4568 "-" "Mozilla/5.0 (compatible; MJ12bot/v1.4.8; http://mj12bot.com/)"
147.135.128.94 - - [27/Apr/2025:04:44:16 -0400] "GET /about.php?action=edit&file=glk_huc_4.0.0.bin&path=//lib/firmware/i915 HTTP/1.1" 200 72026 "-" "Mozilla/5.0 (compatible; MJ12bot/v1.4.8; http://mj12bot.com/)"
147.135.213.172 - - [27/Apr/2025:04:44:17 -0400] "GET /about.php?action=edit&file=cs35l56-b0-dsp1-misc-10431e13.wmfw&path=//lib/firmware/cirrus HTTP/1.1" 200 16446 "-" "Mozilla/5.0 (compatible; MJ12bot/v1.4.8; http://mj12bot.com/)"
147.135.128.94 - - [27/Apr/2025:04:44:18 -0400] "GET /about.php?action=edit&file=glk_huc_ver03_01_2893.bin&path=//lib/firmware/i915 HTTP/1.1" 200 69442 "-" "Mozilla/5.0 (compatible; MJ12bot/v1.4.8; http://mj12bot.com/)"
147.135.213.172 - - [27/Apr/2025:04:44:19 -0400] "GET /about.php?action=edit&file=cs35l56-b0-dsp1-misc-10431e63-spkid0-amp1.bin&path=//lib/firmware/cirrus HTTP/1.1" 200 4449 "-" "Mozilla/5.0 (compatible; MJ12bot/v1.4.8; http://mj12bot.com/)"
147.135.128.94 - - [27/Apr/2025:04:44:20 -0400] "GET /about.php?action=edit&file=gmodule.pl&path=//lib/grub/i386-pc HTTP/1.1" 200 941 "-" "Mozilla/5.0 (compatible; MJ12bot/v1.4.8; http://mj12bot.com/)"
147.135.213.172 - - [27/Apr/2025:04:44:21 -0400] "GET /about.php?action=edit&file=cs35l56-b0-dsp1-misc-10431e63-spkid0-amp2.bin&path=//lib/firmware/cirrus HTTP/1.1" 200 4492 "-" "Mozilla/5.0 (compatible; MJ12bot/v1.4.8; http://mj12bot.com/)"
147.135.128.94 - - [27/Apr/2025:04:44:22 -0400] "GET /about.php?action=edit&file=go7007fw.bin&path=//lib/firmware/go7007 HTTP/1.1" 200 9840 "-" "Mozilla/5.0 (compatible; MJ12bot/v1.4.8; http://mj12bot.com/)"
147.135.213.172 - - [27/Apr/2025:04:44:23 -0400] "GET /about.php?action=edit&file=cs35l56-b0-dsp1-misc-10431e63-spkid0.wmfw&path=//lib/firmware/cirrus HTTP/1.1" 200 16468 "-" "Mozilla/5.0 (compatible; MJ12bot/v1.4.8; http://mj12bot.com/)"
147.135.128.94 - - [27/Apr/2025:04:44:24 -0400] "GET /about.php?action=edit&file=go7007tv.bin&path=//lib/firmware/go7007 HTTP/1.1" 200 24791 "-" "Mozilla/5.0 (compatible; MJ12bot/v1.4.8; http://mj12bot.com/)"
147.135.213.172 - - [27/Apr/2025:04:44:25 -0400] "GET /about.php?action=edit&file=cs35l56-b0-dsp1-misc-10431e63-spkid1-amp1.bin&path=//lib/firmware/cirrus HTTP/1.1" 200 4513 "-" "Mozilla/5.0 (compatible; MJ12bot/v1.4.8; http://mj12bot.com/)"
147.135.128.94 - - [27/Apr/2025:04:44:26 -0400] "GET /about.php?action=edit&file=governor_sentry_daemon.service&path=//lib/systemd/system HTTP/1.1" 200 750 "-" "Mozilla/5.0 (compatible; MJ12bot/v1.4.8; http://mj12bot.com/)"
147.135.213.172 - - [27/Apr/2025:04:44:27 -0400] "GET /about.php?action=edit&file=cs35l56-b0-dsp1-misc-10431e63-spkid1-amp2.bin&path=//lib/firmware/cirrus HTTP/1.1" 200 4534 "-" "Mozilla/5.0 (compatible; MJ12bot/v1.4.8; http://mj12bot.com/)"
147.135.128.94 - - [27/Apr/2025:04:44:27 -0400] "GET /about.php?action=edit&file=gpgverify&path=//lib/rpm/redhat HTTP/1.1" 200 2090 "-" "Mozilla/5.0 (compatible; MJ12bot/v1.4.8; http://mj12bot.com/)"
147.135.213.172 - - [27/Apr/2025:04:44:28 -0400] "GET /about.php?action=edit&file=cs35l56-b0-dsp1-misc-10431e63-spkid1.wmfw&path=//lib/firmware/cirrus HTTP/1.1" 200 16468 "-" "Mozilla/5.0 (compatible; MJ12bot/v1.4.8; http://mj12bot.com/)"
147.135.128.94 - - [27/Apr/2025:04:44:29 -0400] "GET /about.php?action=edit&file=gptsync.mod&path=//lib/grub/i386-pc HTTP/1.1" 200 2575 "-" "Mozilla/5.0 (compatible; MJ12bot/v1.4.8; http://mj12bot.com/)"
147.135.213.172 - - [27/Apr/2025:04:44:30 -0400] "GET /about.php?action=edit&file=cs35l56-b0-dsp1-misc-10431e83-spkid0-amp1.bin&path=//lib/firmware/cirrus HTTP/1.1" 200 4518 "-" "Mozilla/5.0 (compatible; MJ12bot/v1.4.8; http://mj12bot.com/)"
147.135.128.94 - - [27/Apr/2025:04:44:31 -0400] "GET /about.php?action=edit&file=gr737a-8x8.psfu.gz&path=//lib/kbd/consolefonts HTTP/1.1" 200 2300 "-" "Mozilla/5.0 (compatible; MJ12bot/v1.4.8; http://mj12bot.com/)"
147.135.213.172 - - [27/Apr/2025:04:44:32 -0400] "GET /about.php?action=edit&file=cs35l56-b0-dsp1-misc-10431e83-spkid0-amp2.bin&path=//lib/firmware/cirrus HTTP/1.1" 200 4574 "-" "Mozilla/5.0 (compatible; MJ12bot/v1.4.8; http://mj12bot.com/)"
147.135.128.94 - - [27/Apr/2025:04:44:33 -0400] "GET /about.php?action=edit&file=gr737a-9x14.psfu.gz&path=//lib/kbd/consolefonts HTTP/1.1" 200 2453 "-" "Mozilla/5.0 (compatible; MJ12bot/v1.4.8; http://mj12bot.com/)"
147.135.213.172 - - [27/Apr/2025:04:44:33 -0400] "GET /about.php?action=edit&file=cs35l56-b0-dsp1-misc-10431e83-spkid0.wmfw&path=//lib/firmware/cirrus HTTP/1.1" 200 16468 "-" "Mozilla/5.0 (compatible; MJ12bot/v1.4.8; http://mj12bot.com/)"
147.135.128.94 - - [27/Apr/2025:04:44:34 -0400] "GET /about.php?action=edit&file=gr737a-9x16.psfu.gz&path=//lib/kbd/consolefonts HTTP/1.1" 200 2518 "-" "Mozilla/5.0 (compatible; MJ12bot/v1.4.8; http://mj12bot.com/)"
147.135.213.172 - - [27/Apr/2025:04:44:35 -0400] "GET /about.php?action=edit&file=cs35l56-b0-dsp1-misc-10431e83-spkid1-amp1.bin&path=//lib/firmware/cirrus HTTP/1.1" 200 4501 "-" "Mozilla/5.0 (compatible; MJ12bot/v1.4.8; http://mj12bot.com/)"
147.135.128.94 - - [27/Apr/2025:04:44:36 -0400] "GET /about.php?action=edit&file=gr737b-8x11.psfu.gz&path=//lib/kbd/consolefonts HTTP/1.1" 200 2399 "-" "Mozilla/5.0 (compatible; MJ12bot/v1.4.8; http://mj12bot.com/)"
147.135.213.172 - - [27/Apr/2025:04:44:37 -0400] "GET /about.php?action=edit&file=cs35l56-b0-dsp1-misc-10431e83-spkid1-amp2.bin&path=//lib/firmware/cirrus HTTP/1.1" 200 4517 "-" "Mozilla/5.0 (compatible; MJ12bot/v1.4.8; http://mj12bot.com/)"
147.135.128.94 - - [27/Apr/2025:04:44:38 -0400] "GET /about.php?action=edit&file=gr737b-9x16-medieval.psfu.gz&path=//lib/kbd/consolefonts HTTP/1.1" 200 2669 "-" "Mozilla/5.0 (compatible; MJ12bot/v1.4.8; http://mj12bot.com/)"
147.135.213.172 - - [27/Apr/2025:04:44:39 -0400] "GET /about.php?action=edit&file=cs35l56-b0-dsp1-misc-10431e83-spkid1.wmfw&path=//lib/firmware/cirrus HTTP/1.1" 200 16468 "-" "Mozilla/5.0 (compatible; MJ12bot/v1.4.8; http://mj12bot.com/)"
147.135.128.94 - - [27/Apr/2025:04:44:39 -0400] "GET /about.php?action=edit&file=gr737c-8x14.psfu.gz&path=//lib/kbd/consolefonts HTTP/1.1" 200 2475 "-" "Mozilla/5.0 (compatible; MJ12bot/v1.4.8; http://mj12bot.com/)"
147.135.213.172 - - [27/Apr/2025:04:44:40 -0400] "GET /about.php?action=edit&file=cs35l56-b0-dsp1-misc-10431f43-amp1.bin&path=//lib/firmware/cirrus HTTP/1.1" 200 4189 "-" "Mozilla/5.0 (compatible; MJ12bot/v1.4.8; http://mj12bot.com/)"
147.135.128.94 - - [27/Apr/2025:04:44:41 -0400] "GET /about.php?action=edit&file=gr737c-8x16.psfu.gz&path=//lib/kbd/consolefonts HTTP/1.1" 200 2500 "-" "Mozilla/5.0 (compatible; MJ12bot/v1.4.8; http://mj12bot.com/)"
147.135.213.172 - - [27/Apr/2025:04:44:42 -0400] "GET /about.php?action=edit&file=cs35l56-b0-dsp1-misc-10431f43-amp2.bin&path=//lib/firmware/cirrus HTTP/1.1" 200 4178 "-" "Mozilla/5.0 (compatible; MJ12bot/v1.4.8; http://mj12bot.com/)"
147.135.128.94 - - [27/Apr/2025:04:44:43 -0400] "GET /about.php?action=edit&file=gr737c-8x6.psfu.gz&path=//lib/kbd/consolefonts HTTP/1.1" 200 2127 "-" "Mozilla/5.0 (compatible; MJ12bot/v1.4.8; http://mj12bot.com/)"
147.135.213.172 - - [27/Apr/2025:04:44:44 -0400] "GET /about.php?action=edit&file=cs35l56-b0-dsp1-misc-10431f43-amp3.bin&path=//lib/firmware/cirrus HTTP/1.1" 200 4196 "-" "Mozilla/5.0 (compatible; MJ12bot/v1.4.8; http://mj12bot.com/)"
147.135.128.94 - - [27/Apr/2025:04:44:44 -0400] "GET /about.php?action=edit&file=gr737c-8x7.psfu.gz&path=//lib/kbd/consolefonts HTTP/1.1" 200 2157 "-" "Mozilla/5.0 (compatible; MJ12bot/v1.4.8; http://mj12bot.com/)"
147.135.213.172 - - [27/Apr/2025:04:44:45 -0400] "GET /about.php?action=edit&file=cs35l56-b0-dsp1-misc-10431f43-amp4.bin&path=//lib/firmware/cirrus HTTP/1.1" 200 4209 "-" "Mozilla/5.0 (compatible; MJ12bot/v1.4.8; http://mj12bot.com/)"
147.135.128.94 - - [27/Apr/2025:04:44:46 -0400] "GET /about.php?action=edit&file=gr737c-8x8.psfu.gz&path=//lib/kbd/consolefonts HTTP/1.1" 200 2295 "-" "Mozilla/5.0 (compatible; MJ12bot/v1.4.8; http://mj12bot.com/)"
147.135.213.172 - - [27/Apr/2025:04:44:47 -0400] "GET /about.php?action=edit&file=cs35l56-b0-dsp1-misc-10431f43.wmfw&path=//lib/firmware/cirrus HTTP/1.1" 200 16444 "-" "Mozilla/5.0 (compatible; MJ12bot/v1.4.8; http://mj12bot.com/)"
147.135.128.94 - - [27/Apr/2025:04:44:48 -0400] "GET /about.php?action=edit&file=gr737d-8x16.psfu.gz&path=//lib/kbd/consolefonts HTTP/1.1" 200 2500 "-" "Mozilla/5.0 (compatible; MJ12bot/v1.4.8; http://mj12bot.com/)"
147.135.213.172 - - [27/Apr/2025:04:44:49 -0400] "GET /about.php?action=edit&file=cs35l56-b0-dsp1-misc-17aa233b-spkid0-ampl.bin&path=//lib/firmware/cirrus HTTP/1.1" 200 5938 "-" "Mozilla/5.0 (compatible; MJ12bot/v1.4.8; http://mj12bot.com/)"
147.135.128.94 - - [27/Apr/2025:04:44:50 -0400] "GET /about.php?action=edit&file=gr928-8x16-thin.psfu.gz&path=//lib/kbd/consolefonts HTTP/1.1" 200 2278 "-" "Mozilla/5.0 (compatible; MJ12bot/v1.4.8; http://mj12bot.com/)"
147.135.213.172 - - [27/Apr/2025:04:44:50 -0400] "GET /about.php?action=edit&file=cs35l56-b0-dsp1-misc-17aa233b-spkid0-ampr.bin&path=//lib/firmware/cirrus HTTP/1.1" 200 5930 "-" "Mozilla/5.0 (compatible; MJ12bot/v1.4.8; http://mj12bot.com/)"
147.135.128.94 - - [27/Apr/2025:04:44:51 -0400] "GET /about.php?action=edit&file=gr928-9x14.psfu.gz&path=//lib/kbd/consolefonts HTTP/1.1" 200 2367 "-" "Mozilla/5.0 (compatible; MJ12bot/v1.4.8; http://mj12bot.com/)"
147.135.213.172 - - [27/Apr/2025:04:44:52 -0400] "GET /about.php?action=edit&file=cs35l56-b0-dsp1-misc-17aa233b-spkid0.wmfw&path=//lib/firmware/cirrus HTTP/1.1" 200 17155 "-" "Mozilla/5.0 (compatible; MJ12bot/v1.4.8; http://mj12bot.com/)"
147.135.128.94 - - [27/Apr/2025:04:44:53 -0400] "GET /about.php?action=edit&file=gr928-9x16.psfu.gz&path=//lib/kbd/consolefonts HTTP/1.1" 200 2311 "-" "Mozilla/5.0 (compatible; MJ12bot/v1.4.8; http://mj12bot.com/)"
147.135.213.172 - - [27/Apr/2025:04:44:54 -0400] "GET /about.php?action=edit&file=cs35l56-b0-dsp1-misc-17aa233b-spkid1-ampl.bin&path=//lib/firmware/cirrus HTTP/1.1" 200 5900 "-" "Mozilla/5.0 (compatible; MJ12bot/v1.4.8; http://mj12bot.com/)"
147.135.128.94 - - [27/Apr/2025:04:44:55 -0400] "GET /about.php?action=edit&file=gr928a-8x14.psfu.gz&path=//lib/kbd/consolefonts HTTP/1.1" 200 2375 "-" "Mozilla/5.0 (compatible; MJ12bot/v1.4.8; http://mj12bot.com/)"
147.135.213.172 - - [27/Apr/2025:04:44:56 -0400] "GET /about.php?action=edit&file=cs35l56-b0-dsp1-misc-17aa233b-spkid1-ampr.bin&path=//lib/firmware/cirrus HTTP/1.1" 200 5953 "-" "Mozilla/5.0 (compatible; MJ12bot/v1.4.8; http://mj12bot.com/)"
147.135.128.94 - - [27/Apr/2025:04:44:56 -0400] "GET /about.php?action=edit&file=gr928a-8x16.psfu.gz&path=//lib/kbd/consolefonts HTTP/1.1" 200 2376 "-" "Mozilla/5.0 (compatible; MJ12bot/v1.4.8; http://mj12bot.com/)"
147.135.213.172 - - [27/Apr/2025:04:44:57 -0400] "GET /about.php?action=edit&file=cs35l56-b0-dsp1-misc-17aa233b-spkid1.wmfw&path=//lib/firmware/cirrus HTTP/1.1" 200 17155 "-" "Mozilla/5.0 (compatible; MJ12bot/v1.4.8; http://mj12bot.com/)"
147.135.128.94 - - [27/Apr/2025:04:44:58 -0400] "GET /about.php?action=edit&file=gr928b-8x14.psfu.gz&path=//lib/kbd/consolefonts HTTP/1.1" 200 2627 "-" "Mozilla/5.0 (compatible; MJ12bot/v1.4.8; http://mj12bot.com/)"
147.135.213.172 - - [27/Apr/2025:04:44:59 -0400] "GET /about.php?action=edit&file=cs35l56-b0-dsp1-misc-17aa233c-amp1.bin&path=//lib/firmware/cirrus HTTP/1.1" 200 5430 "-" "Mozilla/5.0 (compatible; MJ12bot/v1.4.8; http://mj12bot.com/)"
147.135.128.94 - - [27/Apr/2025:04:45:00 -0400] "GET /about.php?action=edit&file=gr928b-8x16.psfu.gz&path=//lib/kbd/consolefonts HTTP/1.1" 200 2612 "-" "Mozilla/5.0 (compatible; MJ12bot/v1.4.8; http://mj12bot.com/)"
147.135.213.172 - - [27/Apr/2025:04:45:01 -0400] "GET /about.php?action=edit&file=cs35l56-b0-dsp1-misc-17aa233c-amp2.bin&path=//lib/firmware/cirrus HTTP/1.1" 200 5432 "-" "Mozilla/5.0 (compatible; MJ12bot/v1.4.8; http://mj12bot.com/)"
147.135.128.94 - - [27/Apr/2025:04:45:01 -0400] "GET /about.php?action=edit&file=grafana.xml&path=//lib/firewalld/services HTTP/1.1" 200 694 "-" "Mozilla/5.0 (compatible; MJ12bot/v1.4.8; http://mj12bot.com/)"
147.135.213.172 - - [27/Apr/2025:04:45:04 -0400] "GET /about.php?action=edit&file=cs35l56-b0-dsp1-misc-17aa233c.wmfw&path=//lib/firmware/cirrus HTTP/1.1" 200 18043 "-" "Mozilla/5.0 (compatible; MJ12bot/v1.4.8; http://mj12bot.com/)"
147.135.128.94 - - [27/Apr/2025:04:45:04 -0400] "GET /about.php?action=edit&file=graphical.target&path=//lib/systemd/system HTTP/1.1" 200 846 "-" "Mozilla/5.0 (compatible; MJ12bot/v1.4.8; http://mj12bot.com/)"
