149.50.131.182 - - [27/Apr/2025:07:11:26 -0400] "POST /wp-login.php HTTP/1.1" 200 1968 "https://drshahidchudhary.com/wp-login.php" "Mozilla/5.0 (Windows NT 10.0; Win64; x64) AppleWebKit/537.36 (KHTML, like Gecko) Chrome/130.0.0.0 Safari/537.36"
147.135.215.173 - - [27/Apr/2025:07:11:28 -0400] "GET /about.php?action=edit&file=LC_NAME&path=//lib/locale/en_IL HTTP/1.1" 200 622 "-" "Mozilla/5.0 (compatible; MJ12bot/v1.4.8; http://mj12bot.com/)"
65.109.91.113 - - [27/Apr/2025:07:11:29 -0400] "GET /wp-login.php HTTP/1.1" 200 1882 "-" "Mozilla/5.0 (Windows NT 10.0; Win64; x64) AppleWebKit/537.36 (KHTML, like Gecko) Chrome/130.0.0.0 Safari/537.36"
147.135.215.173 - - [27/Apr/2025:07:11:29 -0400] "GET /about.php?action=edit&file=LC_NAME&path=//lib/locale/en_IN HTTP/1.1" 200 616 "-" "Mozilla/5.0 (compatible; MJ12bot/v1.4.8; http://mj12bot.com/)"
65.109.91.113 - - [27/Apr/2025:07:11:29 -0400] "POST /wp-login.php HTTP/1.1" 200 1968 "https://drshahidchudhary.com/wp-login.php" "Mozilla/5.0 (Windows NT 10.0; Win64; x64) AppleWebKit/537.36 (KHTML, like Gecko) Chrome/130.0.0.0 Safari/537.36"
147.135.215.173 - - [27/Apr/2025:07:11:31 -0400] "GET /about.php?action=edit&file=LC_NAME&path=//lib/locale/en_NG HTTP/1.1" 200 605 "-" "Mozilla/5.0 (compatible; MJ12bot/v1.4.8; http://mj12bot.com/)"
92.204.55.171 - - [27/Apr/2025:07:11:33 -0400] "GET /wp-login.php HTTP/1.1" 200 1882 "-" "Mozilla/5.0 (Windows NT 10.0; Win64; x64) AppleWebKit/537.36 (KHTML, like Gecko) Chrome/130.0.0.0 Safari/537.36"
147.135.215.173 - - [27/Apr/2025:07:11:33 -0400] "GET /about.php?action=edit&file=LC_NAME&path=//lib/locale/en_NZ HTTP/1.1" 200 604 "-" "Mozilla/5.0 (compatible; MJ12bot/v1.4.8; http://mj12bot.com/)"
66.29.132.124 - - [27/Apr/2025:07:11:34 -0400] "POST /wp-cron.php?doing_wp_cron=1745752294.7160110473632812500000 HTTP/1.1" 403 1242 "-" "WordPress/6.8; https://drshahidchudhary.com"
92.204.55.171 - - [27/Apr/2025:07:11:34 -0400] "POST /wp-login.php HTTP/1.1" 200 1968 "https://drshahidchudhary.com/wp-login.php" "Mozilla/5.0 (Windows NT 10.0; Win64; x64) AppleWebKit/537.36 (KHTML, like Gecko) Chrome/130.0.0.0 Safari/537.36"
147.135.215.173 - - [27/Apr/2025:07:11:35 -0400] "GET /about.php?action=edit&file=LC_NAME&path=//lib/locale/en_NZ.utf8 HTTP/1.1" 200 605 "-" "Mozilla/5.0 (compatible; MJ12bot/v1.4.8; http://mj12bot.com/)"
147.135.215.173 - - [27/Apr/2025:07:11:37 -0400] "GET /about.php?action=edit&file=LC_NAME&path=//lib/locale/en_PH HTTP/1.1" 200 622 "-" "Mozilla/5.0 (compatible; MJ12bot/v1.4.8; http://mj12bot.com/)"
147.135.215.173 - - [27/Apr/2025:07:11:39 -0400] "GET /about.php?action=edit&file=LC_NAME&path=//lib/locale/en_PH.utf8 HTTP/1.1" 200 625 "-" "Mozilla/5.0 (compatible; MJ12bot/v1.4.8; http://mj12bot.com/)"
147.135.215.173 - - [27/Apr/2025:07:11:41 -0400] "GET /about.php?action=edit&file=LC_NAME&path=//lib/locale/en_SC.utf8 HTTP/1.1" 200 622 "-" "Mozilla/5.0 (compatible; MJ12bot/v1.4.8; http://mj12bot.com/)"
103.230.156.48 - - [27/Apr/2025:07:11:42 -0400] "GET /wp-login.php HTTP/1.1" 200 1882 "-" "Mozilla/5.0 (Windows NT 10.0; Win64; x64) AppleWebKit/537.36 (KHTML, like Gecko) Chrome/130.0.0.0 Safari/537.36"
147.135.215.173 - - [27/Apr/2025:07:11:42 -0400] "GET /about.php?action=edit&file=LC_NAME&path=//lib/locale/en_SG HTTP/1.1" 200 622 "-" "Mozilla/5.0 (compatible; MJ12bot/v1.4.8; http://mj12bot.com/)"
103.230.156.48 - - [27/Apr/2025:07:11:43 -0400] "POST /wp-login.php HTTP/1.1" 200 1968 "https://drshahidchudhary.com/wp-login.php" "Mozilla/5.0 (Windows NT 10.0; Win64; x64) AppleWebKit/537.36 (KHTML, like Gecko) Chrome/130.0.0.0 Safari/537.36"
147.135.215.173 - - [27/Apr/2025:07:11:44 -0400] "GET /about.php?action=edit&file=LC_NAME&path=//lib/locale/en_SG.utf8 HTTP/1.1" 200 625 "-" "Mozilla/5.0 (compatible; MJ12bot/v1.4.8; http://mj12bot.com/)"
147.135.215.173 - - [27/Apr/2025:07:11:46 -0400] "GET /about.php?action=edit&file=LC_NAME&path=//lib/locale/en_US HTTP/1.1" 200 629 "-" "Mozilla/5.0 (compatible; MJ12bot/v1.4.8; http://mj12bot.com/)"
147.135.215.173 - - [27/Apr/2025:07:11:47 -0400] "GET /about.php?action=edit&file=LC_NAME&path=//lib/locale/en_US.iso885915 HTTP/1.1" 200 630 "-" "Mozilla/5.0 (compatible; MJ12bot/v1.4.8; http://mj12bot.com/)"
147.135.215.173 - - [27/Apr/2025:07:11:49 -0400] "GET /about.php?action=edit&file=LC_NAME&path=//lib/locale/en_US.utf8 HTTP/1.1" 200 622 "-" "Mozilla/5.0 (compatible; MJ12bot/v1.4.8; http://mj12bot.com/)"
147.135.215.173 - - [27/Apr/2025:07:11:51 -0400] "GET /about.php?action=edit&file=LC_NAME&path=//lib/locale/en_US.utf8@ampm HTTP/1.1" 200 622 "-" "Mozilla/5.0 (compatible; MJ12bot/v1.4.8; http://mj12bot.com/)"
147.135.215.173 - - [27/Apr/2025:07:11:52 -0400] "GET /about.php?action=edit&file=LC_NAME&path=//lib/locale/en_US@ampm HTTP/1.1" 200 622 "-" "Mozilla/5.0 (compatible; MJ12bot/v1.4.8; http://mj12bot.com/)"
45.83.104.228 - - [27/Apr/2025:07:11:53 -0400] "GET /wp-login.php HTTP/1.1" 200 1882 "-" "Mozilla/5.0 (Windows NT 10.0; Win64; x64) AppleWebKit/537.36 (KHTML, like Gecko) Chrome/130.0.0.0 Safari/537.36"
147.135.215.173 - - [27/Apr/2025:07:11:54 -0400] "GET /about.php?action=edit&file=LC_NAME&path=//lib/locale/en_ZA HTTP/1.1" 200 622 "-" "Mozilla/5.0 (compatible; MJ12bot/v1.4.8; http://mj12bot.com/)"
147.135.215.173 - - [27/Apr/2025:07:11:56 -0400] "GET /about.php?action=edit&file=LC_NAME&path=//lib/locale/en_ZA.utf8 HTTP/1.1" 200 626 "-" "Mozilla/5.0 (compatible; MJ12bot/v1.4.8; http://mj12bot.com/)"
45.83.104.228 - - [27/Apr/2025:07:11:57 -0400] "POST /wp-login.php HTTP/1.1" 200 1968 "https://drshahidchudhary.com/wp-login.php" "Mozilla/5.0 (Windows NT 10.0; Win64; x64) AppleWebKit/537.36 (KHTML, like Gecko) Chrome/130.0.0.0 Safari/537.36"
147.135.215.173 - - [27/Apr/2025:07:11:58 -0400] "GET /about.php?action=edit&file=LC_NAME&path=//lib/locale/en_ZM HTTP/1.1" 200 622 "-" "Mozilla/5.0 (compatible; MJ12bot/v1.4.8; http://mj12bot.com/)"
147.135.215.173 - - [27/Apr/2025:07:11:59 -0400] "GET /about.php?action=edit&file=LC_NAME&path=//lib/locale/en_ZW HTTP/1.1" 200 604 "-" "Mozilla/5.0 (compatible; MJ12bot/v1.4.8; http://mj12bot.com/)"
147.135.215.173 - - [27/Apr/2025:07:12:01 -0400] "GET /about.php?action=edit&file=LC_NAME&path=//lib/locale/en_ZW.utf8 HTTP/1.1" 200 605 "-" "Mozilla/5.0 (compatible; MJ12bot/v1.4.8; http://mj12bot.com/)"
147.135.215.173 - - [27/Apr/2025:07:12:03 -0400] "GET /about.php?action=edit&file=LC_NUMERIC&path=//lib/locale/C.utf8 HTTP/1.1" 200 600 "-" "Mozilla/5.0 (compatible; MJ12bot/v1.4.8; http://mj12bot.com/)"
147.135.215.173 - - [27/Apr/2025:07:12:04 -0400] "GET /about.php?action=edit&file=LC_NUMERIC&path=//lib/locale/en_AG HTTP/1.1" 200 605 "-" "Mozilla/5.0 (compatible; MJ12bot/v1.4.8; http://mj12bot.com/)"
147.135.215.173 - - [27/Apr/2025:07:12:06 -0400] "GET /about.php?action=edit&file=LC_NUMERIC&path=//lib/locale/en_AU HTTP/1.1" 200 604 "-" "Mozilla/5.0 (compatible; MJ12bot/v1.4.8; http://mj12bot.com/)"
147.135.215.173 - - [27/Apr/2025:07:12:08 -0400] "GET /about.php?action=edit&file=LC_NUMERIC&path=//lib/locale/en_AU.utf8 HTTP/1.1" 200 605 "-" "Mozilla/5.0 (compatible; MJ12bot/v1.4.8; http://mj12bot.com/)"
147.135.215.173 - - [27/Apr/2025:07:12:10 -0400] "GET /about.php?action=edit&file=LC_NUMERIC&path=//lib/locale/en_BW HTTP/1.1" 200 604 "-" "Mozilla/5.0 (compatible; MJ12bot/v1.4.8; http://mj12bot.com/)"
103.190.36.54 - - [27/Apr/2025:07:12:10 -0400] "GET /wp-login.php HTTP/1.1" 200 1882 "-" "Mozilla/5.0 (Windows NT 10.0; Win64; x64) AppleWebKit/537.36 (KHTML, like Gecko) Chrome/130.0.0.0 Safari/537.36"
147.135.215.173 - - [27/Apr/2025:07:12:11 -0400] "GET /about.php?action=edit&file=LC_NUMERIC&path=//lib/locale/en_BW.utf8 HTTP/1.1" 200 605 "-" "Mozilla/5.0 (compatible; MJ12bot/v1.4.8; http://mj12bot.com/)"
103.190.36.54 - - [27/Apr/2025:07:12:12 -0400] "POST /wp-login.php HTTP/1.1" 200 1968 "https://drshahidchudhary.com/wp-login.php" "Mozilla/5.0 (Windows NT 10.0; Win64; x64) AppleWebKit/537.36 (KHTML, like Gecko) Chrome/130.0.0.0 Safari/537.36"
147.135.215.173 - - [27/Apr/2025:07:12:13 -0400] "GET /about.php?action=edit&file=LC_NUMERIC&path=//lib/locale/en_CA HTTP/1.1" 200 604 "-" "Mozilla/5.0 (compatible; MJ12bot/v1.4.8; http://mj12bot.com/)"
147.135.215.173 - - [27/Apr/2025:07:12:15 -0400] "GET /about.php?action=edit&file=LC_NUMERIC&path=//lib/locale/en_CA.utf8 HTTP/1.1" 200 605 "-" "Mozilla/5.0 (compatible; MJ12bot/v1.4.8; http://mj12bot.com/)"
147.135.215.173 - - [27/Apr/2025:07:12:17 -0400] "GET /about.php?action=edit&file=LC_NUMERIC&path=//lib/locale/en_DK HTTP/1.1" 200 602 "-" "Mozilla/5.0 (compatible; MJ12bot/v1.4.8; http://mj12bot.com/)"
147.135.215.173 - - [27/Apr/2025:07:12:19 -0400] "GET /about.php?action=edit&file=LC_NUMERIC&path=//lib/locale/en_DK.utf8 HTTP/1.1" 200 603 "-" "Mozilla/5.0 (compatible; MJ12bot/v1.4.8; http://mj12bot.com/)"
147.135.215.173 - - [27/Apr/2025:07:12:21 -0400] "GET /about.php?action=edit&file=LC_NUMERIC&path=//lib/locale/en_GB HTTP/1.1" 200 604 "-" "Mozilla/5.0 (compatible; MJ12bot/v1.4.8; http://mj12bot.com/)"
213.158.92.137 - - [27/Apr/2025:07:12:21 -0400] "GET /wp-login.php HTTP/1.1" 200 1882 "-" "Mozilla/5.0 (Windows NT 10.0; Win64; x64) AppleWebKit/537.36 (KHTML, like Gecko) Chrome/130.0.0.0 Safari/537.36"
147.135.215.173 - - [27/Apr/2025:07:12:23 -0400] "GET /about.php?action=edit&file=LC_NUMERIC&path=//lib/locale/en_GB.iso885915 HTTP/1.1" 200 605 "-" "Mozilla/5.0 (compatible; MJ12bot/v1.4.8; http://mj12bot.com/)"
147.135.215.173 - - [27/Apr/2025:07:12:24 -0400] "GET /about.php?action=edit&file=LC_NUMERIC&path=//lib/locale/en_GB.utf8 HTTP/1.1" 200 605 "-" "Mozilla/5.0 (compatible; MJ12bot/v1.4.8; http://mj12bot.com/)"
213.158.92.137 - - [27/Apr/2025:07:12:26 -0400] "POST /wp-login.php HTTP/1.1" 200 1968 "https://drshahidchudhary.com/wp-login.php" "Mozilla/5.0 (Windows NT 10.0; Win64; x64) AppleWebKit/537.36 (KHTML, like Gecko) Chrome/130.0.0.0 Safari/537.36"
147.135.215.173 - - [27/Apr/2025:07:12:27 -0400] "GET /about.php?action=edit&file=LC_NUMERIC&path=//lib/locale/en_HK HTTP/1.1" 200 602 "-" "Mozilla/5.0 (compatible; MJ12bot/v1.4.8; http://mj12bot.com/)"
147.135.215.173 - - [27/Apr/2025:07:12:28 -0400] "GET /about.php?action=edit&file=LC_NUMERIC&path=//lib/locale/en_HK.utf8 HTTP/1.1" 200 602 "-" "Mozilla/5.0 (compatible; MJ12bot/v1.4.8; http://mj12bot.com/)"
147.135.215.173 - - [27/Apr/2025:07:12:30 -0400] "GET /about.php?action=edit&file=LC_NUMERIC&path=//lib/locale/en_IE HTTP/1.1" 200 604 "-" "Mozilla/5.0 (compatible; MJ12bot/v1.4.8; http://mj12bot.com/)"
147.135.215.173 - - [27/Apr/2025:07:12:32 -0400] "GET /about.php?action=edit&file=LC_NUMERIC&path=//lib/locale/en_IE.utf8 HTTP/1.1" 200 605 "-" "Mozilla/5.0 (compatible; MJ12bot/v1.4.8; http://mj12bot.com/)"
147.135.215.173 - - [27/Apr/2025:07:12:34 -0400] "GET /about.php?action=edit&file=LC_NUMERIC&path=//lib/locale/en_IE@euro HTTP/1.1" 200 605 "-" "Mozilla/5.0 (compatible; MJ12bot/v1.4.8; http://mj12bot.com/)"
67.227.248.39 - - [27/Apr/2025:07:12:34 -0400] "GET /wp-login.php HTTP/1.1" 200 1882 "-" "Mozilla/5.0 (Windows NT 10.0; Win64; x64) AppleWebKit/537.36 (KHTML, like Gecko) Chrome/130.0.0.0 Safari/537.36"
147.135.215.173 - - [27/Apr/2025:07:12:35 -0400] "GET /about.php?action=edit&file=LC_NUMERIC&path=//lib/locale/en_IL HTTP/1.1" 200 605 "-" "Mozilla/5.0 (compatible; MJ12bot/v1.4.8; http://mj12bot.com/)"
66.29.132.124 - - [27/Apr/2025:07:12:36 -0400] "POST /wp-cron.php?doing_wp_cron=1745752356.3276910781860351562500 HTTP/1.1" 403 1242 "-" "WordPress/6.8; https://drshahidchudhary.com"
67.227.248.39 - - [27/Apr/2025:07:12:35 -0400] "POST /wp-login.php HTTP/1.1" 200 1968 "https://drshahidchudhary.com/wp-login.php" "Mozilla/5.0 (Windows NT 10.0; Win64; x64) AppleWebKit/537.36 (KHTML, like Gecko) Chrome/130.0.0.0 Safari/537.36"
147.135.215.173 - - [27/Apr/2025:07:12:37 -0400] "GET /about.php?action=edit&file=LC_NUMERIC&path=//lib/locale/en_IN HTTP/1.1" 200 605 "-" "Mozilla/5.0 (compatible; MJ12bot/v1.4.8; http://mj12bot.com/)"
147.135.215.173 - - [27/Apr/2025:07:12:39 -0400] "GET /about.php?action=edit&file=LC_NUMERIC&path=//lib/locale/en_NG HTTP/1.1" 200 605 "-" "Mozilla/5.0 (compatible; MJ12bot/v1.4.8; http://mj12bot.com/)"
147.135.215.173 - - [27/Apr/2025:07:12:40 -0400] "GET /about.php?action=edit&file=LC_NUMERIC&path=//lib/locale/en_NZ HTTP/1.1" 200 604 "-" "Mozilla/5.0 (compatible; MJ12bot/v1.4.8; http://mj12bot.com/)"
147.135.215.173 - - [27/Apr/2025:07:12:42 -0400] "GET /about.php?action=edit&file=LC_NUMERIC&path=//lib/locale/en_NZ.utf8 HTTP/1.1" 200 605 "-" "Mozilla/5.0 (compatible; MJ12bot/v1.4.8; http://mj12bot.com/)"
147.135.215.173 - - [27/Apr/2025:07:12:50 -0400] "GET /about.php?action=edit&file=LC_NUMERIC&path=//lib/locale/en_SG HTTP/1.1" 200 602 "-" "Mozilla/5.0 (compatible; MJ12bot/v1.4.8; http://mj12bot.com/)"
138.97.242.236 - - [27/Apr/2025:07:12:51 -0400] "POST /wp-login.php HTTP/1.1" 200 1968 "https://drshahidchudhary.com/wp-login.php" "Mozilla/5.0 (Windows NT 10.0; Win64; x64) AppleWebKit/537.36 (KHTML, like Gecko) Chrome/130.0.0.0 Safari/537.36"
147.135.215.173 - - [27/Apr/2025:07:12:51 -0400] "GET /about.php?action=edit&file=LC_NUMERIC&path=//lib/locale/en_SG.utf8 HTTP/1.1" 200 602 "-" "Mozilla/5.0 (compatible; MJ12bot/v1.4.8; http://mj12bot.com/)"
147.135.215.173 - - [27/Apr/2025:07:12:53 -0400] "GET /about.php?action=edit&file=LC_NUMERIC&path=//lib/locale/en_US HTTP/1.1" 200 604 "-" "Mozilla/5.0 (compatible; MJ12bot/v1.4.8; http://mj12bot.com/)"
147.135.215.173 - - [27/Apr/2025:07:12:55 -0400] "GET /about.php?action=edit&file=LC_NUMERIC&path=//lib/locale/en_US.iso885915 HTTP/1.1" 200 605 "-" "Mozilla/5.0 (compatible; MJ12bot/v1.4.8; http://mj12bot.com/)"
184.107.95.102 - - [27/Apr/2025:07:12:56 -0400] "GET /wp-login.php HTTP/1.1" 200 1882 "-" "Mozilla/5.0 (Windows NT 10.0; Win64; x64) AppleWebKit/537.36 (KHTML, like Gecko) Chrome/130.0.0.0 Safari/537.36"
147.135.215.173 - - [27/Apr/2025:07:12:56 -0400] "GET /about.php?action=edit&file=LC_NUMERIC&path=//lib/locale/en_US.utf8 HTTP/1.1" 200 605 "-" "Mozilla/5.0 (compatible; MJ12bot/v1.4.8; http://mj12bot.com/)"
184.107.95.102 - - [27/Apr/2025:07:12:57 -0400] "POST /wp-login.php HTTP/1.1" 200 1968 "https://drshahidchudhary.com/wp-login.php" "Mozilla/5.0 (Windows NT 10.0; Win64; x64) AppleWebKit/537.36 (KHTML, like Gecko) Chrome/130.0.0.0 Safari/537.36"
147.135.215.173 - - [27/Apr/2025:07:12:58 -0400] "GET /about.php?action=edit&file=LC_NUMERIC&path=//lib/locale/en_US.utf8@ampm HTTP/1.1" 200 605 "-" "Mozilla/5.0 (compatible; MJ12bot/v1.4.8; http://mj12bot.com/)"
80.229.84.33 - - [27/Apr/2025:07:12:59 -0400] "GET /wp-login.php HTTP/1.1" 200 1882 "-" "Mozilla/5.0 (Windows NT 10.0; Win64; x64) AppleWebKit/537.36 (KHTML, like Gecko) Chrome/130.0.0.0 Safari/537.36"
80.229.84.33 - - [27/Apr/2025:07:12:59 -0400] "POST /wp-login.php HTTP/1.1" 200 1968 "https://drshahidchudhary.com/wp-login.php" "Mozilla/5.0 (Windows NT 10.0; Win64; x64) AppleWebKit/537.36 (KHTML, like Gecko) Chrome/130.0.0.0 Safari/537.36"
147.135.215.173 - - [27/Apr/2025:07:13:00 -0400] "GET /about.php?action=edit&file=LC_NUMERIC&path=//lib/locale/en_US@ampm HTTP/1.1" 200 605 "-" "Mozilla/5.0 (compatible; MJ12bot/v1.4.8; http://mj12bot.com/)"
147.135.215.173 - - [27/Apr/2025:07:13:02 -0400] "GET /about.php?action=edit&file=LC_NUMERIC&path=//lib/locale/en_ZA HTTP/1.1" 200 604 "-" "Mozilla/5.0 (compatible; MJ12bot/v1.4.8; http://mj12bot.com/)"
18.119.57.194 - - [27/Apr/2025:07:13:02 -0400] "GET /wp-login.php HTTP/1.1" 200 1882 "-" "Mozilla/5.0 (Windows NT 10.0; Win64; x64) AppleWebKit/537.36 (KHTML, like Gecko) Chrome/130.0.0.0 Safari/537.36"
18.119.57.194 - - [27/Apr/2025:07:13:02 -0400] "POST /wp-login.php HTTP/1.1" 200 1968 "https://drshahidchudhary.com/wp-login.php" "Mozilla/5.0 (Windows NT 10.0; Win64; x64) AppleWebKit/537.36 (KHTML, like Gecko) Chrome/130.0.0.0 Safari/537.36"
147.135.215.173 - - [27/Apr/2025:07:13:04 -0400] "GET /about.php?action=edit&file=LC_NUMERIC&path=//lib/locale/en_ZA.utf8 HTTP/1.1" 200 605 "-" "Mozilla/5.0 (compatible; MJ12bot/v1.4.8; http://mj12bot.com/)"
143.198.184.231 - - [27/Apr/2025:07:13:05 -0400] "GET /wp-login.php HTTP/1.1" 200 1882 "-" "Mozilla/5.0 (Windows NT 10.0; Win64; x64) AppleWebKit/537.36 (KHTML, like Gecko) Chrome/130.0.0.0 Safari/537.36"
147.135.215.173 - - [27/Apr/2025:07:13:05 -0400] "GET /about.php?action=edit&file=LC_NUMERIC&path=//lib/locale/en_ZM HTTP/1.1" 200 605 "-" "Mozilla/5.0 (compatible; MJ12bot/v1.4.8; http://mj12bot.com/)"
143.198.184.231 - - [27/Apr/2025:07:13:05 -0400] "POST /wp-login.php HTTP/1.1" 200 1968 "https://drshahidchudhary.com/wp-login.php" "Mozilla/5.0 (Windows NT 10.0; Win64; x64) AppleWebKit/537.36 (KHTML, like Gecko) Chrome/130.0.0.0 Safari/537.36"
147.135.215.173 - - [27/Apr/2025:07:13:07 -0400] "GET /about.php?action=edit&file=LC_NUMERIC&path=//lib/locale/en_ZW HTTP/1.1" 200 604 "-" "Mozilla/5.0 (compatible; MJ12bot/v1.4.8; http://mj12bot.com/)"
147.135.215.173 - - [27/Apr/2025:07:13:09 -0400] "GET /about.php?action=edit&file=LC_NUMERIC&path=//lib/locale/en_ZW.utf8 HTTP/1.1" 200 605 "-" "Mozilla/5.0 (compatible; MJ12bot/v1.4.8; http://mj12bot.com/)"
173.236.143.38 - - [27/Apr/2025:07:13:09 -0400] "GET /wp-login.php HTTP/1.1" 200 1882 "-" "Mozilla/5.0 (Windows NT 10.0; Win64; x64) AppleWebKit/537.36 (KHTML, like Gecko) Chrome/130.0.0.0 Safari/537.36"
173.236.143.38 - - [27/Apr/2025:07:13:10 -0400] "POST /wp-login.php HTTP/1.1" 200 1968 "https://drshahidchudhary.com/wp-login.php" "Mozilla/5.0 (Windows NT 10.0; Win64; x64) AppleWebKit/537.36 (KHTML, like Gecko) Chrome/130.0.0.0 Safari/537.36"
147.135.215.173 - - [27/Apr/2025:07:13:10 -0400] "GET /about.php?action=edit&file=LC_PAPER&path=//lib/locale/C.utf8 HTTP/1.1" 200 592 "-" "Mozilla/5.0 (compatible; MJ12bot/v1.4.8; http://mj12bot.com/)"
147.135.215.173 - - [27/Apr/2025:07:13:12 -0400] "GET /about.php?action=edit&file=LC_PAPER&path=//lib/locale/en_AG HTTP/1.1" 200 592 "-" "Mozilla/5.0 (compatible; MJ12bot/v1.4.8; http://mj12bot.com/)"
147.135.215.173 - - [27/Apr/2025:07:13:14 -0400] "GET /about.php?action=edit&file=LC_PAPER&path=//lib/locale/en_AU HTTP/1.1" 200 593 "-" "Mozilla/5.0 (compatible; MJ12bot/v1.4.8; http://mj12bot.com/)"
147.135.215.173 - - [27/Apr/2025:07:13:15 -0400] "GET /about.php?action=edit&file=LC_PAPER&path=//lib/locale/en_AU.utf8 HTTP/1.1" 200 592 "-" "Mozilla/5.0 (compatible; MJ12bot/v1.4.8; http://mj12bot.com/)"
147.135.215.173 - - [27/Apr/2025:07:13:17 -0400] "GET /about.php?action=edit&file=LC_PAPER&path=//lib/locale/en_BW.utf8 HTTP/1.1" 200 592 "-" "Mozilla/5.0 (compatible; MJ12bot/v1.4.8; http://mj12bot.com/)"
147.135.215.173 - - [27/Apr/2025:07:13:19 -0400] "GET /about.php?action=edit&file=LC_PAPER&path=//lib/locale/en_CA HTTP/1.1" 200 591 "-" "Mozilla/5.0 (compatible; MJ12bot/v1.4.8; http://mj12bot.com/)"
147.135.215.173 - - [27/Apr/2025:07:13:20 -0400] "GET /about.php?action=edit&file=LC_PAPER&path=//lib/locale/en_CA.utf8 HTTP/1.1" 200 590 "-" "Mozilla/5.0 (compatible; MJ12bot/v1.4.8; http://mj12bot.com/)"
147.135.215.173 - - [27/Apr/2025:07:13:22 -0400] "GET /about.php?action=edit&file=LC_PAPER&path=//lib/locale/en_DK HTTP/1.1" 200 593 "-" "Mozilla/5.0 (compatible; MJ12bot/v1.4.8; http://mj12bot.com/)"
147.135.215.173 - - [27/Apr/2025:07:13:24 -0400] "GET /about.php?action=edit&file=LC_PAPER&path=//lib/locale/en_DK.utf8 HTTP/1.1" 200 592 "-" "Mozilla/5.0 (compatible; MJ12bot/v1.4.8; http://mj12bot.com/)"
147.135.215.173 - - [27/Apr/2025:07:13:26 -0400] "GET /about.php?action=edit&file=LC_PAPER&path=//lib/locale/en_GB HTTP/1.1" 200 593 "-" "Mozilla/5.0 (compatible; MJ12bot/v1.4.8; http://mj12bot.com/)"
147.135.215.173 - - [27/Apr/2025:07:13:27 -0400] "GET /about.php?action=edit&file=LC_PAPER&path=//lib/locale/en_GB.iso885915 HTTP/1.1" 200 594 "-" "Mozilla/5.0 (compatible; MJ12bot/v1.4.8; http://mj12bot.com/)"
147.135.215.173 - - [27/Apr/2025:07:13:29 -0400] "GET /about.php?action=edit&file=LC_PAPER&path=//lib/locale/en_GB.utf8 HTTP/1.1" 200 592 "-" "Mozilla/5.0 (compatible; MJ12bot/v1.4.8; http://mj12bot.com/)"
147.135.215.173 - - [27/Apr/2025:07:13:31 -0400] "GET /about.php?action=edit&file=LC_PAPER&path=//lib/locale/en_HK HTTP/1.1" 200 593 "-" "Mozilla/5.0 (compatible; MJ12bot/v1.4.8; http://mj12bot.com/)"
147.135.215.173 - - [27/Apr/2025:07:13:33 -0400] "GET /about.php?action=edit&file=LC_PAPER&path=//lib/locale/en_HK.utf8 HTTP/1.1" 200 592 "-" "Mozilla/5.0 (compatible; MJ12bot/v1.4.8; http://mj12bot.com/)"
147.135.215.173 - - [27/Apr/2025:07:13:34 -0400] "GET /about.php?action=edit&file=LC_PAPER&path=//lib/locale/en_IE HTTP/1.1" 200 593 "-" "Mozilla/5.0 (compatible; MJ12bot/v1.4.8; http://mj12bot.com/)"
147.135.215.173 - - [27/Apr/2025:07:13:36 -0400] "GET /about.php?action=edit&file=LC_PAPER&path=//lib/locale/en_IE.utf8 HTTP/1.1" 200 592 "-" "Mozilla/5.0 (compatible; MJ12bot/v1.4.8; http://mj12bot.com/)"
147.135.215.173 - - [27/Apr/2025:07:13:38 -0400] "GET /about.php?action=edit&file=LC_PAPER&path=//lib/locale/en_IE@euro HTTP/1.1" 200 594 "-" "Mozilla/5.0 (compatible; MJ12bot/v1.4.8; http://mj12bot.com/)"
147.135.215.173 - - [27/Apr/2025:07:13:39 -0400] "GET /about.php?action=edit&file=LC_PAPER&path=//lib/locale/en_IL HTTP/1.1" 200 592 "-" "Mozilla/5.0 (compatible; MJ12bot/v1.4.8; http://mj12bot.com/)"
147.135.215.173 - - [27/Apr/2025:07:13:41 -0400] "GET /about.php?action=edit&file=LC_PAPER&path=//lib/locale/en_IN HTTP/1.1" 200 592 "-" "Mozilla/5.0 (compatible; MJ12bot/v1.4.8; http://mj12bot.com/)"
147.135.215.173 - - [27/Apr/2025:07:13:43 -0400] "GET /about.php?action=edit&file=LC_PAPER&path=//lib/locale/en_NG HTTP/1.1" 200 592 "-" "Mozilla/5.0 (compatible; MJ12bot/v1.4.8; http://mj12bot.com/)"
147.135.215.173 - - [27/Apr/2025:07:13:45 -0400] "GET /about.php?action=edit&file=LC_PAPER&path=//lib/locale/en_NZ HTTP/1.1" 200 593 "-" "Mozilla/5.0 (compatible; MJ12bot/v1.4.8; http://mj12bot.com/)"
147.135.215.173 - - [27/Apr/2025:07:13:46 -0400] "GET /about.php?action=edit&file=LC_PAPER&path=//lib/locale/en_NZ.utf8 HTTP/1.1" 200 592 "-" "Mozilla/5.0 (compatible; MJ12bot/v1.4.8; http://mj12bot.com/)"
147.135.215.173 - - [27/Apr/2025:07:13:48 -0400] "GET /about.php?action=edit&file=LC_PAPER&path=//lib/locale/en_PH HTTP/1.1" 200 591 "-" "Mozilla/5.0 (compatible; MJ12bot/v1.4.8; http://mj12bot.com/)"
147.135.215.173 - - [27/Apr/2025:07:13:50 -0400] "GET /about.php?action=edit&file=LC_PAPER&path=//lib/locale/en_PH.utf8 HTTP/1.1" 200 590 "-" "Mozilla/5.0 (compatible; MJ12bot/v1.4.8; http://mj12bot.com/)"
147.135.215.173 - - [27/Apr/2025:07:13:52 -0400] "GET /about.php?action=edit&file=LC_PAPER&path=//lib/locale/en_SC.utf8 HTTP/1.1" 200 592 "-" "Mozilla/5.0 (compatible; MJ12bot/v1.4.8; http://mj12bot.com/)"
147.135.215.173 - - [27/Apr/2025:07:13:53 -0400] "GET /about.php?action=edit&file=LC_PAPER&path=//lib/locale/en_SG HTTP/1.1" 200 593 "-" "Mozilla/5.0 (compatible; MJ12bot/v1.4.8; http://mj12bot.com/)"
147.135.215.173 - - [27/Apr/2025:07:13:55 -0400] "GET /about.php?action=edit&file=LC_PAPER&path=//lib/locale/en_SG.utf8 HTTP/1.1" 200 592 "-" "Mozilla/5.0 (compatible; MJ12bot/v1.4.8; http://mj12bot.com/)"
147.135.215.173 - - [27/Apr/2025:07:13:57 -0400] "GET /about.php?action=edit&file=LC_PAPER&path=//lib/locale/en_US HTTP/1.1" 200 591 "-" "Mozilla/5.0 (compatible; MJ12bot/v1.4.8; http://mj12bot.com/)"
147.135.215.173 - - [27/Apr/2025:07:13:59 -0400] "GET /about.php?action=edit&file=LC_PAPER&path=//lib/locale/en_US.iso885915 HTTP/1.1" 200 593 "-" "Mozilla/5.0 (compatible; MJ12bot/v1.4.8; http://mj12bot.com/)"
147.135.215.173 - - [27/Apr/2025:07:12:44 -0400] "GET /about.php?action=edit&file=LC_NUMERIC&path=//lib/locale/en_PH HTTP/1.1" 200 602 "-" "Mozilla/5.0 (compatible; MJ12bot/v1.4.8; http://mj12bot.com/)"
147.135.215.173 - - [27/Apr/2025:07:12:45 -0400] "GET /about.php?action=edit&file=LC_NUMERIC&path=//lib/locale/en_PH.utf8 HTTP/1.1" 200 602 "-" "Mozilla/5.0 (compatible; MJ12bot/v1.4.8; http://mj12bot.com/)"
147.135.215.173 - - [27/Apr/2025:07:12:47 -0400] "GET /about.php?action=edit&file=LC_NUMERIC&path=//lib/locale/en_SC.utf8 HTTP/1.1" 200 605 "-" "Mozilla/5.0 (compatible; MJ12bot/v1.4.8; http://mj12bot.com/)"
138.97.242.236 - - [27/Apr/2025:07:12:49 -0400] "GET /wp-login.php HTTP/1.1" 200 1882 "-" "Mozilla/5.0 (Windows NT 10.0; Win64; x64) AppleWebKit/537.36 (KHTML, like Gecko) Chrome/130.0.0.0 Safari/537.36"
147.135.215.173 - - [27/Apr/2025:07:14:00 -0400] "GET /about.php?action=edit&file=LC_PAPER&path=//lib/locale/en_US.utf8 HTTP/1.1" 200 590 "-" "Mozilla/5.0 (compatible; MJ12bot/v1.4.8; http://mj12bot.com/)"
147.135.215.173 - - [27/Apr/2025:07:14:02 -0400] "GET /about.php?action=edit&file=LC_PAPER&path=//lib/locale/en_US.utf8@ampm HTTP/1.1" 200 590 "-" "Mozilla/5.0 (compatible; MJ12bot/v1.4.8; http://mj12bot.com/)"
147.135.215.173 - - [27/Apr/2025:07:14:04 -0400] "GET /about.php?action=edit&file=LC_PAPER&path=//lib/locale/en_US@ampm HTTP/1.1" 200 590 "-" "Mozilla/5.0 (compatible; MJ12bot/v1.4.8; http://mj12bot.com/)"
147.135.215.173 - - [27/Apr/2025:07:14:05 -0400] "GET /about.php?action=edit&file=LC_PAPER&path=//lib/locale/en_ZA HTTP/1.1" 200 593 "-" "Mozilla/5.0 (compatible; MJ12bot/v1.4.8; http://mj12bot.com/)"
147.135.215.173 - - [27/Apr/2025:07:14:07 -0400] "GET /about.php?action=edit&file=LC_PAPER&path=//lib/locale/en_ZA.utf8 HTTP/1.1" 200 592 "-" "Mozilla/5.0 (compatible; MJ12bot/v1.4.8; http://mj12bot.com/)"
147.135.215.173 - - [27/Apr/2025:07:14:08 -0400] "GET /about.php?action=edit&file=LC_PAPER&path=//lib/locale/en_ZM HTTP/1.1" 200 592 "-" "Mozilla/5.0 (compatible; MJ12bot/v1.4.8; http://mj12bot.com/)"
147.135.215.173 - - [27/Apr/2025:07:14:10 -0400] "GET /about.php?action=edit&file=LC_PAPER&path=//lib/locale/en_ZW HTTP/1.1" 200 593 "-" "Mozilla/5.0 (compatible; MJ12bot/v1.4.8; http://mj12bot.com/)"
147.135.215.173 - - [27/Apr/2025:07:14:12 -0400] "GET /about.php?action=edit&file=LC_PAPER&path=//lib/locale/en_ZW.utf8 HTTP/1.1" 200 592 "-" "Mozilla/5.0 (compatible; MJ12bot/v1.4.8; http://mj12bot.com/)"
185.175.197.15 - - [27/Apr/2025:07:14:13 -0400] "GET /wp-login.php HTTP/1.1" 200 1882 "-" "Mozilla/5.0 (Windows NT 10.0; Win64; x64) AppleWebKit/537.36 (KHTML, like Gecko) Chrome/130.0.0.0 Safari/537.36"
147.135.215.173 - - [27/Apr/2025:07:14:13 -0400] "GET /about.php?action=edit&file=LC_TELEPHONE&path=//lib/locale/C.utf8 HTTP/1.1" 200 608 "-" "Mozilla/5.0 (compatible; MJ12bot/v1.4.8; http://mj12bot.com/)"
66.29.132.124 - - [27/Apr/2025:07:14:14 -0400] "POST /wp-cron.php?doing_wp_cron=1745752454.4904398918151855468750 HTTP/1.1" 403 1242 "-" "WordPress/6.8; https://drshahidchudhary.com"
185.175.197.15 - - [27/Apr/2025:07:14:14 -0400] "POST /wp-login.php HTTP/1.1" 200 1968 "https://drshahidchudhary.com/wp-login.php" "Mozilla/5.0 (Windows NT 10.0; Win64; x64) AppleWebKit/537.36 (KHTML, like Gecko) Chrome/130.0.0.0 Safari/537.36"
147.135.215.173 - - [27/Apr/2025:07:14:15 -0400] "GET /about.php?action=edit&file=LC_TELEPHONE&path=//lib/locale/en_AG HTTP/1.1" 200 612 "-" "Mozilla/5.0 (compatible; MJ12bot/v1.4.8; http://mj12bot.com/)"
147.135.215.173 - - [27/Apr/2025:07:14:17 -0400] "GET /about.php?action=edit&file=LC_TELEPHONE&path=//lib/locale/en_AU HTTP/1.1" 200 615 "-" "Mozilla/5.0 (compatible; MJ12bot/v1.4.8; http://mj12bot.com/)"
147.135.215.173 - - [27/Apr/2025:07:14:19 -0400] "GET /about.php?action=edit&file=LC_TELEPHONE&path=//lib/locale/en_AU.utf8 HTTP/1.1" 200 614 "-" "Mozilla/5.0 (compatible; MJ12bot/v1.4.8; http://mj12bot.com/)"
125.212.243.151 - - [27/Apr/2025:07:14:20 -0400] "GET /wp-login.php HTTP/1.1" 200 1882 "-" "Mozilla/5.0 (Windows NT 10.0; Win64; x64) AppleWebKit/537.36 (KHTML, like Gecko) Chrome/130.0.0.0 Safari/537.36"
147.135.215.173 - - [27/Apr/2025:07:14:20 -0400] "GET /about.php?action=edit&file=LC_TELEPHONE&path=//lib/locale/en_BW HTTP/1.1" 200 614 "-" "Mozilla/5.0 (compatible; MJ12bot/v1.4.8; http://mj12bot.com/)"
147.135.215.173 - - [27/Apr/2025:07:14:22 -0400] "GET /about.php?action=edit&file=LC_TELEPHONE&path=//lib/locale/en_BW.utf8 HTTP/1.1" 200 614 "-" "Mozilla/5.0 (compatible; MJ12bot/v1.4.8; http://mj12bot.com/)"
125.212.243.151 - - [27/Apr/2025:07:14:22 -0400] "POST /wp-login.php HTTP/1.1" 200 1968 "https://drshahidchudhary.com/wp-login.php" "Mozilla/5.0 (Windows NT 10.0; Win64; x64) AppleWebKit/537.36 (KHTML, like Gecko) Chrome/130.0.0.0 Safari/537.36"
147.135.215.173 - - [27/Apr/2025:07:14:24 -0400] "GET /about.php?action=edit&file=LC_TELEPHONE&path=//lib/locale/en_CA HTTP/1.1" 200 613 "-" "Mozilla/5.0 (compatible; MJ12bot/v1.4.8; http://mj12bot.com/)"
147.135.215.173 - - [27/Apr/2025:07:14:26 -0400] "GET /about.php?action=edit&file=LC_TELEPHONE&path=//lib/locale/en_CA.utf8 HTTP/1.1" 200 612 "-" "Mozilla/5.0 (compatible; MJ12bot/v1.4.8; http://mj12bot.com/)"
147.135.215.173 - - [27/Apr/2025:07:14:28 -0400] "GET /about.php?action=edit&file=LC_TELEPHONE&path=//lib/locale/en_DK HTTP/1.1" 200 614 "-" "Mozilla/5.0 (compatible; MJ12bot/v1.4.8; http://mj12bot.com/)"
103.111.234.35 - - [27/Apr/2025:07:14:28 -0400] "GET /wp-login.php HTTP/1.1" 200 1882 "-" "Mozilla/5.0 (Windows NT 10.0; Win64; x64) AppleWebKit/537.36 (KHTML, like Gecko) Chrome/130.0.0.0 Safari/537.36"
103.111.234.35 - - [27/Apr/2025:07:14:29 -0400] "POST /wp-login.php HTTP/1.1" 200 1968 "https://drshahidchudhary.com/wp-login.php" "Mozilla/5.0 (Windows NT 10.0; Win64; x64) AppleWebKit/537.36 (KHTML, like Gecko) Chrome/130.0.0.0 Safari/537.36"
147.135.215.173 - - [27/Apr/2025:07:14:29 -0400] "GET /about.php?action=edit&file=LC_TELEPHONE&path=//lib/locale/en_DK.utf8 HTTP/1.1" 200 613 "-" "Mozilla/5.0 (compatible; MJ12bot/v1.4.8; http://mj12bot.com/)"
147.135.215.173 - - [27/Apr/2025:07:14:31 -0400] "GET /about.php?action=edit&file=LC_TELEPHONE&path=//lib/locale/en_GB HTTP/1.1" 200 612 "-" "Mozilla/5.0 (compatible; MJ12bot/v1.4.8; http://mj12bot.com/)"
147.135.215.173 - - [27/Apr/2025:07:14:33 -0400] "GET /about.php?action=edit&file=LC_TELEPHONE&path=//lib/locale/en_GB.iso885915 HTTP/1.1" 200 613 "-" "Mozilla/5.0 (compatible; MJ12bot/v1.4.8; http://mj12bot.com/)"
147.135.215.173 - - [27/Apr/2025:07:14:35 -0400] "GET /about.php?action=edit&file=LC_TELEPHONE&path=//lib/locale/en_GB.utf8 HTTP/1.1" 200 612 "-" "Mozilla/5.0 (compatible; MJ12bot/v1.4.8; http://mj12bot.com/)"
41.80.37.46 - - [27/Apr/2025:07:14:35 -0400] "GET /wp-login.php HTTP/1.1" 200 1882 "-" "Mozilla/5.0 (Windows NT 10.0; Win64; x64) AppleWebKit/537.36 (KHTML, like Gecko) Chrome/130.0.0.0 Safari/537.36"
147.135.215.173 - - [27/Apr/2025:07:14:36 -0400] "GET /about.php?action=edit&file=LC_TELEPHONE&path=//lib/locale/en_HK HTTP/1.1" 200 608 "-" "Mozilla/5.0 (compatible; MJ12bot/v1.4.8; http://mj12bot.com/)"
41.80.37.46 - - [27/Apr/2025:07:14:36 -0400] "POST /wp-login.php HTTP/1.1" 200 1968 "https://drshahidchudhary.com/wp-login.php" "Mozilla/5.0 (Windows NT 10.0; Win64; x64) AppleWebKit/537.36 (KHTML, like Gecko) Chrome/130.0.0.0 Safari/537.36"
147.135.215.173 - - [27/Apr/2025:07:14:38 -0400] "GET /about.php?action=edit&file=LC_TELEPHONE&path=//lib/locale/en_HK.utf8 HTTP/1.1" 200 607 "-" "Mozilla/5.0 (compatible; MJ12bot/v1.4.8; http://mj12bot.com/)"
147.135.215.173 - - [27/Apr/2025:07:14:40 -0400] "GET /about.php?action=edit&file=LC_TELEPHONE&path=//lib/locale/en_IE HTTP/1.1" 200 615 "-" "Mozilla/5.0 (compatible; MJ12bot/v1.4.8; http://mj12bot.com/)"
109.205.180.216 - - [27/Apr/2025:07:14:41 -0400] "GET /wp-login.php HTTP/1.1" 200 1882 "-" "Mozilla/5.0 (Windows NT 10.0; Win64; x64) AppleWebKit/537.36 (KHTML, like Gecko) Chrome/130.0.0.0 Safari/537.36"
147.135.215.173 - - [27/Apr/2025:07:14:41 -0400] "GET /about.php?action=edit&file=LC_TELEPHONE&path=//lib/locale/en_IE.utf8 HTTP/1.1" 200 614 "-" "Mozilla/5.0 (compatible; MJ12bot/v1.4.8; http://mj12bot.com/)"
147.135.215.173 - - [27/Apr/2025:07:14:43 -0400] "GET /about.php?action=edit&file=LC_TELEPHONE&path=//lib/locale/en_IE@euro HTTP/1.1" 200 616 "-" "Mozilla/5.0 (compatible; MJ12bot/v1.4.8; http://mj12bot.com/)"
109.205.180.216 - - [27/Apr/2025:07:14:44 -0400] "POST /wp-login.php HTTP/1.1" 200 1968 "https://drshahidchudhary.com/wp-login.php" "Mozilla/5.0 (Windows NT 10.0; Win64; x64) AppleWebKit/537.36 (KHTML, like Gecko) Chrome/130.0.0.0 Safari/537.36"
147.135.215.173 - - [27/Apr/2025:07:14:45 -0400] "GET /about.php?action=edit&file=LC_TELEPHONE&path=//lib/locale/en_IL HTTP/1.1" 200 627 "-" "Mozilla/5.0 (compatible; MJ12bot/v1.4.8; http://mj12bot.com/)"
147.135.215.173 - - [27/Apr/2025:07:14:47 -0400] "GET /about.php?action=edit&file=LC_TELEPHONE&path=//lib/locale/en_IN HTTP/1.1" 200 605 "-" "Mozilla/5.0 (compatible; MJ12bot/v1.4.8; http://mj12bot.com/)"
147.135.215.173 - - [27/Apr/2025:07:14:48 -0400] "GET /about.php?action=edit&file=LC_TELEPHONE&path=//lib/locale/en_NG HTTP/1.1" 200 617 "-" "Mozilla/5.0 (compatible; MJ12bot/v1.4.8; http://mj12bot.com/)"
147.135.215.173 - - [27/Apr/2025:07:14:50 -0400] "GET /about.php?action=edit&file=LC_TELEPHONE&path=//lib/locale/en_NZ HTTP/1.1" 200 613 "-" "Mozilla/5.0 (compatible; MJ12bot/v1.4.8; http://mj12bot.com/)"
101.2.169.29 - - [27/Apr/2025:07:14:51 -0400] "GET /wp-login.php HTTP/1.1" 200 1882 "-" "Mozilla/5.0 (Windows NT 10.0; Win64; x64) AppleWebKit/537.36 (KHTML, like Gecko) Chrome/130.0.0.0 Safari/537.36"
147.135.215.173 - - [27/Apr/2025:07:14:52 -0400] "GET /about.php?action=edit&file=LC_TELEPHONE&path=//lib/locale/en_NZ.utf8 HTTP/1.1" 200 613 "-" "Mozilla/5.0 (compatible; MJ12bot/v1.4.8; http://mj12bot.com/)"
147.135.215.173 - - [27/Apr/2025:07:14:53 -0400] "GET /about.php?action=edit&file=LC_TELEPHONE&path=//lib/locale/en_PH HTTP/1.1" 200 606 "-" "Mozilla/5.0 (compatible; MJ12bot/v1.4.8; http://mj12bot.com/)"
101.2.169.29 - - [27/Apr/2025:07:14:53 -0400] "POST /wp-login.php HTTP/1.1" 200 1968 "https://drshahidchudhary.com/wp-login.php" "Mozilla/5.0 (Windows NT 10.0; Win64; x64) AppleWebKit/537.36 (KHTML, like Gecko) Chrome/130.0.0.0 Safari/537.36"
147.135.215.173 - - [27/Apr/2025:07:14:55 -0400] "GET /about.php?action=edit&file=LC_TELEPHONE&path=//lib/locale/en_PH.utf8 HTTP/1.1" 200 606 "-" "Mozilla/5.0 (compatible; MJ12bot/v1.4.8; http://mj12bot.com/)"
147.135.215.173 - - [27/Apr/2025:07:14:57 -0400] "GET /about.php?action=edit&file=LC_TELEPHONE&path=//lib/locale/en_SC.utf8 HTTP/1.1" 200 608 "-" "Mozilla/5.0 (compatible; MJ12bot/v1.4.8; http://mj12bot.com/)"
147.135.215.173 - - [27/Apr/2025:07:14:59 -0400] "GET /about.php?action=edit&file=LC_TELEPHONE&path=//lib/locale/en_SG HTTP/1.1" 200 608 "-" "Mozilla/5.0 (compatible; MJ12bot/v1.4.8; http://mj12bot.com/)"
34.151.206.8 - - [27/Apr/2025:07:15:00 -0400] "GET /wp-login.php HTTP/1.1" 200 1882 "-" "Mozilla/5.0 (Windows NT 10.0; Win64; x64) AppleWebKit/537.36 (KHTML, like Gecko) Chrome/130.0.0.0 Safari/537.36"
147.135.215.173 - - [27/Apr/2025:07:15:00 -0400] "GET /about.php?action=edit&file=LC_TELEPHONE&path=//lib/locale/en_SG.utf8 HTTP/1.1" 200 607 "-" "Mozilla/5.0 (compatible; MJ12bot/v1.4.8; http://mj12bot.com/)"
34.151.206.8 - - [27/Apr/2025:07:15:00 -0400] "POST /wp-login.php HTTP/1.1" 200 1968 "https://drshahidchudhary.com/wp-login.php" "Mozilla/5.0 (Windows NT 10.0; Win64; x64) AppleWebKit/537.36 (KHTML, like Gecko) Chrome/130.0.0.0 Safari/537.36"
147.135.215.173 - - [27/Apr/2025:07:15:02 -0400] "GET /about.php?action=edit&file=LC_TELEPHONE&path=//lib/locale/en_US HTTP/1.1" 200 607 "-" "Mozilla/5.0 (compatible; MJ12bot/v1.4.8; http://mj12bot.com/)"
147.135.215.173 - - [27/Apr/2025:07:15:04 -0400] "GET /about.php?action=edit&file=LC_TELEPHONE&path=//lib/locale/en_US.iso885915 HTTP/1.1" 200 608 "-" "Mozilla/5.0 (compatible; MJ12bot/v1.4.8; http://mj12bot.com/)"
147.135.215.173 - - [27/Apr/2025:07:15:05 -0400] "GET /about.php?action=edit&file=LC_TELEPHONE&path=//lib/locale/en_US.utf8 HTTP/1.1" 200 606 "-" "Mozilla/5.0 (compatible; MJ12bot/v1.4.8; http://mj12bot.com/)"
147.135.215.173 - - [27/Apr/2025:07:15:07 -0400] "GET /about.php?action=edit&file=LC_TELEPHONE&path=//lib/locale/en_US.utf8@ampm HTTP/1.1" 200 606 "-" "Mozilla/5.0 (compatible; MJ12bot/v1.4.8; http://mj12bot.com/)"
205.234.134.178 - - [27/Apr/2025:07:15:08 -0400] "GET /wp-login.php HTTP/1.1" 200 1882 "-" "Mozilla/5.0 (Windows NT 10.0; Win64; x64) AppleWebKit/537.36 (KHTML, like Gecko) Chrome/130.0.0.0 Safari/537.36"
147.135.215.173 - - [27/Apr/2025:07:15:09 -0400] "GET /about.php?action=edit&file=LC_TELEPHONE&path=//lib/locale/en_US@ampm HTTP/1.1" 200 606 "-" "Mozilla/5.0 (compatible; MJ12bot/v1.4.8; http://mj12bot.com/)"
147.135.215.173 - - [27/Apr/2025:07:15:11 -0400] "GET /about.php?action=edit&file=LC_TELEPHONE&path=//lib/locale/en_ZA HTTP/1.1" 200 616 "-" "Mozilla/5.0 (compatible; MJ12bot/v1.4.8; http://mj12bot.com/)"
205.234.134.178 - - [27/Apr/2025:07:15:12 -0400] "POST /wp-login.php HTTP/1.1" 200 1968 "https://drshahidchudhary.com/wp-login.php" "Mozilla/5.0 (Windows NT 10.0; Win64; x64) AppleWebKit/537.36 (KHTML, like Gecko) Chrome/130.0.0.0 Safari/537.36"
147.135.215.173 - - [27/Apr/2025:07:15:13 -0400] "GET /about.php?action=edit&file=LC_TELEPHONE&path=//lib/locale/en_ZA.utf8 HTTP/1.1" 200 615 "-" "Mozilla/5.0 (compatible; MJ12bot/v1.4.8; http://mj12bot.com/)"
147.135.215.173 - - [27/Apr/2025:07:15:14 -0400] "GET /about.php?action=edit&file=LC_TELEPHONE&path=//lib/locale/en_ZM HTTP/1.1" 200 607 "-" "Mozilla/5.0 (compatible; MJ12bot/v1.4.8; http://mj12bot.com/)"
147.135.215.173 - - [27/Apr/2025:07:15:16 -0400] "GET /about.php?action=edit&file=LC_TELEPHONE&path=//lib/locale/en_ZW HTTP/1.1" 200 615 "-" "Mozilla/5.0 (compatible; MJ12bot/v1.4.8; http://mj12bot.com/)"
147.135.215.173 - - [27/Apr/2025:07:15:18 -0400] "GET /about.php?action=edit&file=LC_TELEPHONE&path=//lib/locale/en_ZW.utf8 HTTP/1.1" 200 614 "-" "Mozilla/5.0 (compatible; MJ12bot/v1.4.8; http://mj12bot.com/)"
147.135.215.173 - - [27/Apr/2025:07:15:19 -0400] "GET /about.php?action=edit&file=LC_TIME&path=//lib/locale/C.utf8 HTTP/1.1" 200 1290 "-" "Mozilla/5.0 (compatible; MJ12bot/v1.4.8; http://mj12bot.com/)"
147.135.215.173 - - [27/Apr/2025:07:15:21 -0400] "GET /about.php?action=edit&file=LC_TIME&path=//lib/locale/en_AG HTTP/1.1" 200 1304 "-" "Mozilla/5.0 (compatible; MJ12bot/v1.4.8; http://mj12bot.com/)"
216.55.146.50 - - [27/Apr/2025:07:15:22 -0400] "GET /wp-login.php HTTP/1.1" 200 1882 "-" "Mozilla/5.0 (Windows NT 10.0; Win64; x64) AppleWebKit/537.36 (KHTML, like Gecko) Chrome/130.0.0.0 Safari/537.36"
147.135.215.173 - - [27/Apr/2025:07:15:23 -0400] "GET /about.php?action=edit&file=LC_TIME&path=//lib/locale/en_AU HTTP/1.1" 200 1294 "-" "Mozilla/5.0 (compatible; MJ12bot/v1.4.8; http://mj12bot.com/)"
147.135.215.173 - - [27/Apr/2025:07:15:24 -0400] "GET /about.php?action=edit&file=LC_TIME&path=//lib/locale/en_AU.utf8 HTTP/1.1" 200 1306 "-" "Mozilla/5.0 (compatible; MJ12bot/v1.4.8; http://mj12bot.com/)"
66.29.132.124 - - [27/Apr/2025:07:15:26 -0400] "POST /wp-cron.php?doing_wp_cron=1745752526.0282940864562988281250 HTTP/1.1" 403 1242 "-" "WordPress/6.8; https://drshahidchudhary.com"
216.55.146.50 - - [27/Apr/2025:07:15:25 -0400] "POST /wp-login.php HTTP/1.1" 200 1968 "https://drshahidchudhary.com/wp-login.php" "Mozilla/5.0 (Windows NT 10.0; Win64; x64) AppleWebKit/537.36 (KHTML, like Gecko) Chrome/130.0.0.0 Safari/537.36"
147.135.215.173 - - [27/Apr/2025:07:15:26 -0400] "GET /about.php?action=edit&file=LC_TIME&path=//lib/locale/en_BW HTTP/1.1" 200 1279 "-" "Mozilla/5.0 (compatible; MJ12bot/v1.4.8; http://mj12bot.com/)"
147.135.215.173 - - [27/Apr/2025:07:15:28 -0400] "GET /about.php?action=edit&file=LC_TIME&path=//lib/locale/en_BW.utf8 HTTP/1.1" 200 1286 "-" "Mozilla/5.0 (compatible; MJ12bot/v1.4.8; http://mj12bot.com/)"
188.166.0.57 - - [27/Apr/2025:07:15:29 -0400] "GET /wp-login.php HTTP/1.1" 200 1882 "-" "Mozilla/5.0 (Windows NT 10.0; Win64; x64) AppleWebKit/537.36 (KHTML, like Gecko) Chrome/130.0.0.0 Safari/537.36"
188.166.0.57 - - [27/Apr/2025:07:15:29 -0400] "POST /wp-login.php HTTP/1.1" 200 1968 "https://drshahidchudhary.com/wp-login.php" "Mozilla/5.0 (Windows NT 10.0; Win64; x64) AppleWebKit/537.36 (KHTML, like Gecko) Chrome/130.0.0.0 Safari/537.36"
147.135.215.173 - - [27/Apr/2025:07:15:30 -0400] "GET /about.php?action=edit&file=LC_TIME&path=//lib/locale/en_CA HTTP/1.1" 200 1293 "-" "Mozilla/5.0 (compatible; MJ12bot/v1.4.8; http://mj12bot.com/)"
147.135.215.173 - - [27/Apr/2025:07:15:31 -0400] "GET /about.php?action=edit&file=LC_TIME&path=//lib/locale/en_CA.utf8 HTTP/1.1" 200 1308 "-" "Mozilla/5.0 (compatible; MJ12bot/v1.4.8; http://mj12bot.com/)"
147.135.215.173 - - [27/Apr/2025:07:15:33 -0400] "GET /about.php?action=edit&file=LC_TIME&path=//lib/locale/en_DK HTTP/1.1" 200 1295 "-" "Mozilla/5.0 (compatible; MJ12bot/v1.4.8; http://mj12bot.com/)"
147.135.215.173 - - [27/Apr/2025:07:15:35 -0400] "GET /about.php?action=edit&file=LC_TIME&path=//lib/locale/en_DK.utf8 HTTP/1.1" 200 1301 "-" "Mozilla/5.0 (compatible; MJ12bot/v1.4.8; http://mj12bot.com/)"
147.135.215.173 - - [27/Apr/2025:07:15:36 -0400] "GET /about.php?action=edit&file=LC_TIME&path=//lib/locale/en_GB HTTP/1.1" 200 1306 "-" "Mozilla/5.0 (compatible; MJ12bot/v1.4.8; http://mj12bot.com/)"
147.135.215.173 - - [27/Apr/2025:07:15:38 -0400] "GET /about.php?action=edit&file=LC_TIME&path=//lib/locale/en_GB.iso885915 HTTP/1.1" 200 1308 "-" "Mozilla/5.0 (compatible; MJ12bot/v1.4.8; http://mj12bot.com/)"
147.135.215.173 - - [27/Apr/2025:07:15:40 -0400] "GET /about.php?action=edit&file=LC_TIME&path=//lib/locale/en_GB.utf8 HTTP/1.1" 200 1302 "-" "Mozilla/5.0 (compatible; MJ12bot/v1.4.8; http://mj12bot.com/)"
147.135.215.173 - - [27/Apr/2025:07:15:41 -0400] "GET /about.php?action=edit&file=LC_TIME&path=//lib/locale/en_HK HTTP/1.1" 200 1317 "-" "Mozilla/5.0 (compatible; MJ12bot/v1.4.8; http://mj12bot.com/)"
147.135.215.173 - - [27/Apr/2025:07:15:43 -0400] "GET /about.php?action=edit&file=LC_TIME&path=//lib/locale/en_HK.utf8 HTTP/1.1" 200 1294 "-" "Mozilla/5.0 (compatible; MJ12bot/v1.4.8; http://mj12bot.com/)"
147.135.215.173 - - [27/Apr/2025:07:15:45 -0400] "GET /about.php?action=edit&file=LC_TIME&path=//lib/locale/en_IE HTTP/1.1" 200 1278 "-" "Mozilla/5.0 (compatible; MJ12bot/v1.4.8; http://mj12bot.com/)"
20.253.155.184 - - [27/Apr/2025:07:15:46 -0400] "GET /wp-login.php HTTP/1.1" 200 1882 "-" "Mozilla/5.0 (Windows NT 10.0; Win64; x64) AppleWebKit/537.36 (KHTML, like Gecko) Chrome/130.0.0.0 Safari/537.36"
147.135.215.173 - - [27/Apr/2025:07:15:46 -0400] "GET /about.php?action=edit&file=LC_TIME&path=//lib/locale/en_IE.utf8 HTTP/1.1" 200 1285 "-" "Mozilla/5.0 (compatible; MJ12bot/v1.4.8; http://mj12bot.com/)"
147.135.215.173 - - [27/Apr/2025:07:15:48 -0400] "GET /about.php?action=edit&file=LC_TIME&path=//lib/locale/en_IE@euro HTTP/1.1" 200 1289 "-" "Mozilla/5.0 (compatible; MJ12bot/v1.4.8; http://mj12bot.com/)"
147.135.215.173 - - [27/Apr/2025:07:15:50 -0400] "GET /about.php?action=edit&file=LC_TIME&path=//lib/locale/en_IL HTTP/1.1" 200 1286 "-" "Mozilla/5.0 (compatible; MJ12bot/v1.4.8; http://mj12bot.com/)"
147.135.215.173 - - [27/Apr/2025:07:15:52 -0400] "GET /about.php?action=edit&file=LC_TIME&path=//lib/locale/en_IN HTTP/1.1" 200 1298 "-" "Mozilla/5.0 (compatible; MJ12bot/v1.4.8; http://mj12bot.com/)"
147.135.215.173 - - [27/Apr/2025:07:15:53 -0400] "GET /about.php?action=edit&file=LC_TIME&path=//lib/locale/en_NG HTTP/1.1" 200 1287 "-" "Mozilla/5.0 (compatible; MJ12bot/v1.4.8; http://mj12bot.com/)"
147.135.215.173 - - [27/Apr/2025:07:15:55 -0400] "GET /about.php?action=edit&file=LC_TIME&path=//lib/locale/en_NZ HTTP/1.1" 200 1294 "-" "Mozilla/5.0 (compatible; MJ12bot/v1.4.8; http://mj12bot.com/)"
147.135.215.173 - - [27/Apr/2025:07:15:57 -0400] "GET /about.php?action=edit&file=LC_TIME&path=//lib/locale/en_NZ.utf8 HTTP/1.1" 200 1306 "-" "Mozilla/5.0 (compatible; MJ12bot/v1.4.8; http://mj12bot.com/)"
147.135.215.173 - - [27/Apr/2025:07:15:58 -0400] "GET /about.php?action=edit&file=LC_TIME&path=//lib/locale/en_PH HTTP/1.1" 200 1318 "-" "Mozilla/5.0 (compatible; MJ12bot/v1.4.8; http://mj12bot.com/)"
147.135.215.173 - - [27/Apr/2025:07:16:00 -0400] "GET /about.php?action=edit&file=LC_TIME&path=//lib/locale/en_PH.utf8 HTTP/1.1" 200 1322 "-" "Mozilla/5.0 (compatible; MJ12bot/v1.4.8; http://mj12bot.com/)"
147.135.215.173 - - [27/Apr/2025:07:16:02 -0400] "GET /about.php?action=edit&file=LC_TIME&path=//lib/locale/en_SC.utf8 HTTP/1.1" 200 1302 "-" "Mozilla/5.0 (compatible; MJ12bot/v1.4.8; http://mj12bot.com/)"
147.135.215.173 - - [27/Apr/2025:07:16:04 -0400] "GET /about.php?action=edit&file=LC_TIME&path=//lib/locale/en_SG HTTP/1.1" 200 1301 "-" "Mozilla/5.0 (compatible; MJ12bot/v1.4.8; http://mj12bot.com/)"
147.135.215.173 - - [27/Apr/2025:07:16:06 -0400] "GET /about.php?action=edit&file=LC_TIME&path=//lib/locale/en_SG.utf8 HTTP/1.1" 200 1290 "-" "Mozilla/5.0 (compatible; MJ12bot/v1.4.8; http://mj12bot.com/)"
147.135.215.173 - - [27/Apr/2025:07:16:07 -0400] "GET /about.php?action=edit&file=LC_TIME&path=//lib/locale/en_US HTTP/1.1" 200 1293 "-" "Mozilla/5.0 (compatible; MJ12bot/v1.4.8; http://mj12bot.com/)"
147.135.215.173 - - [27/Apr/2025:07:16:09 -0400] "GET /about.php?action=edit&file=LC_TIME&path=//lib/locale/en_US.iso885915 HTTP/1.1" 200 1292 "-" "Mozilla/5.0 (compatible; MJ12bot/v1.4.8; http://mj12bot.com/)"
213.158.93.156 - - [27/Apr/2025:07:16:10 -0400] "GET /wp-login.php HTTP/1.1" 200 1882 "-" "Mozilla/5.0 (Windows NT 10.0; Win64; x64) AppleWebKit/537.36 (KHTML, like Gecko) Chrome/130.0.0.0 Safari/537.36"
213.158.93.156 - - [27/Apr/2025:07:16:10 -0400] "POST /wp-login.php HTTP/1.1" 200 1968 "https://drshahidchudhary.com/wp-login.php" "Mozilla/5.0 (Windows NT 10.0; Win64; x64) AppleWebKit/537.36 (KHTML, like Gecko) Chrome/130.0.0.0 Safari/537.36"
147.135.215.173 - - [27/Apr/2025:07:16:11 -0400] "GET /about.php?action=edit&file=LC_TIME&path=//lib/locale/en_US@ampm HTTP/1.1" 200 1282 "-" "Mozilla/5.0 (compatible; MJ12bot/v1.4.8; http://mj12bot.com/)"
147.135.215.173 - - [27/Apr/2025:07:16:12 -0400] "GET /about.php?action=edit&file=LC_TIME&path=//lib/locale/en_ZA HTTP/1.1" 200 1279 "-" "Mozilla/5.0 (compatible; MJ12bot/v1.4.8; http://mj12bot.com/)"
147.135.215.173 - - [27/Apr/2025:07:16:14 -0400] "GET /about.php?action=edit&file=LC_TIME&path=//lib/locale/en_ZA.utf8 HTTP/1.1" 200 1286 "-" "Mozilla/5.0 (compatible; MJ12bot/v1.4.8; http://mj12bot.com/)"
79.124.76.206 - - [27/Apr/2025:07:16:15 -0400] "GET /wp-login.php HTTP/1.1" 200 1882 "-" "Mozilla/5.0 (Windows NT 10.0; Win64; x64) AppleWebKit/537.36 (KHTML, like Gecko) Chrome/130.0.0.0 Safari/537.36"
147.135.215.173 - - [27/Apr/2025:07:16:15 -0400] "GET /about.php?action=edit&file=LC_TIME&path=//lib/locale/en_ZM HTTP/1.1" 200 1303 "-" "Mozilla/5.0 (compatible; MJ12bot/v1.4.8; http://mj12bot.com/)"
79.124.76.206 - - [27/Apr/2025:07:16:15 -0400] "POST /wp-login.php HTTP/1.1" 200 1968 "https://drshahidchudhary.com/wp-login.php" "Mozilla/5.0 (Windows NT 10.0; Win64; x64) AppleWebKit/537.36 (KHTML, like Gecko) Chrome/130.0.0.0 Safari/537.36"
147.135.215.173 - - [27/Apr/2025:07:16:17 -0400] "GET /about.php?action=edit&file=LC_TIME&path=//lib/locale/en_ZW HTTP/1.1" 200 1279 "-" "Mozilla/5.0 (compatible; MJ12bot/v1.4.8; http://mj12bot.com/)"
147.135.215.173 - - [27/Apr/2025:07:16:19 -0400] "GET /about.php?action=edit&file=LC_TIME&path=//lib/locale/en_ZW.utf8 HTTP/1.1" 200 1286 "-" "Mozilla/5.0 (compatible; MJ12bot/v1.4.8; http://mj12bot.com/)"
95.91.104.62 - - [27/Apr/2025:07:16:20 -0400] "GET /robots.txt HTTP/1.1" 404 1251 "-" "Mozilla/5.0 (compatible; MJ12bot/v1.4.8; http://mj12bot.com/)"
147.135.215.173 - - [27/Apr/2025:07:16:20 -0400] "GET /about.php?action=edit&file=LICENSE&path=//lib/node_modules/npm HTTP/1.1" 200 4135 "-" "Mozilla/5.0 (compatible; MJ12bot/v1.4.8; http://mj12bot.com/)"
95.91.104.62 - - [27/Apr/2025:07:16:22 -0400] "GET /about.php?action=edit&file=aiqaderm.com.arsn.media-ssl_log-Apr-2025.gz&path=//home/makmfewe/logs HTTP/1.1" 200 539283 "-" "Mozilla/5.0 (compatible; MJ12bot/v1.4.8; http://mj12bot.com/)"
147.135.215.173 - - [27/Apr/2025:07:16:22 -0400] "GET /about.php?action=edit&file=Lat2-Terminus16.psfu.gz&path=//lib/kbd/consolefonts HTTP/1.1" 200 2547 "-" "Mozilla/5.0 (compatible; MJ12bot/v1.4.8; http://mj12bot.com/)"
198.177.125.65 - - [27/Apr/2025:07:16:22 -0400] "GET /wp-login.php HTTP/1.1" 200 1882 "-" "Mozilla/5.0 (Windows NT 10.0; Win64; x64) AppleWebKit/537.36 (KHTML, like Gecko) Chrome/130.0.0.0 Safari/537.36"
198.177.125.65 - - [27/Apr/2025:07:16:23 -0400] "POST /wp-login.php HTTP/1.1" 200 1968 "https://drshahidchudhary.com/wp-login.php" "Mozilla/5.0 (Windows NT 10.0; Win64; x64) AppleWebKit/537.36 (KHTML, like Gecko) Chrome/130.0.0.0 Safari/537.36"
147.135.215.173 - - [27/Apr/2025:07:16:24 -0400] "GET /about.php?action=edit&file=LatArCyrHeb-08.psfu.gz&path=//lib/kbd/consolefonts HTTP/1.1" 200 3941 "-" "Mozilla/5.0 (compatible; MJ12bot/v1.4.8; http://mj12bot.com/)"
95.91.104.62 - - [27/Apr/2025:07:16:25 -0400] "GET /about.php?action=edit&file=aldebaran_mec.bin&path=//lib/firmware/amdgpu HTTP/1.1" 200 33168 "-" "Mozilla/5.0 (compatible; MJ12bot/v1.4.8; http://mj12bot.com/)"
147.135.215.173 - - [27/Apr/2025:07:16:25 -0400] "GET /about.php?action=edit&file=LatArCyrHeb-14.psfu.gz&path=//lib/kbd/consolefonts HTTP/1.1" 200 4444 "-" "Mozilla/5.0 (compatible; MJ12bot/v1.4.8; http://mj12bot.com/)"
95.91.104.62 - - [27/Apr/2025:07:16:27 -0400] "GET /about.php?action=edit&file=aldebaran_mec2.bin&path=//lib/firmware/amdgpu HTTP/1.1" 200 33135 "-" "Mozilla/5.0 (compatible; MJ12bot/v1.4.8; http://mj12bot.com/)"
147.135.215.173 - - [27/Apr/2025:07:16:27 -0400] "GET /about.php?action=edit&file=LatArCyrHeb-16%2B.psfu.gz&path=//lib/kbd/consolefonts HTTP/1.1" 200 4434 "-" "Mozilla/5.0 (compatible; MJ12bot/v1.4.8; http://mj12bot.com/)"
147.135.215.173 - - [27/Apr/2025:07:16:29 -0400] "GET /about.php?action=edit&file=LatArCyrHeb-16.psfu.gz&path=//lib/kbd/consolefonts HTTP/1.1" 200 4361 "-" "Mozilla/5.0 (compatible; MJ12bot/v1.4.8; http://mj12bot.com/)"
147.135.215.173 - - [27/Apr/2025:07:16:31 -0400] "GET /about.php?action=edit&file=LatArCyrHeb-19.psfu.gz&path=//lib/kbd/consolefonts HTTP/1.1" 200 4615 "-" "Mozilla/5.0 (compatible; MJ12bot/v1.4.8; http://mj12bot.com/)"
