192.95.30.12 - - [27/Apr/2025:07:07:17 -0400] "GET /about.php?action=edit&file=adlp_dmc.bin&path=//lib/firmware/i915 HTTP/1.1" 200 17048 "-" "Mozilla/5.0 (compatible; MJ12bot/v1.4.8; http://mj12bot.com/)"
192.95.30.12 - - [27/Apr/2025:07:07:19 -0400] "GET /about.php?action=edit&file=adlp_dmc_ver2_09.bin&path=//lib/firmware/i915 HTTP/1.1" 200 12840 "-" "Mozilla/5.0 (compatible; MJ12bot/v1.4.8; http://mj12bot.com/)"
13.237.241.8 - - [27/Apr/2025:07:07:19 -0400] "GET /wp-login.php HTTP/1.1" 200 1882 "-" "Mozilla/5.0 (Windows NT 10.0; Win64; x64) AppleWebKit/537.36 (KHTML, like Gecko) Chrome/130.0.0.0 Safari/537.36"
192.95.30.12 - - [27/Apr/2025:07:07:20 -0400] "GET /about.php?action=edit&file=adlp_dmc_ver2_10.bin&path=//lib/firmware/i915 HTTP/1.1" 200 12809 "-" "Mozilla/5.0 (compatible; MJ12bot/v1.4.8; http://mj12bot.com/)"
13.237.241.8 - - [27/Apr/2025:07:07:21 -0400] "POST /wp-login.php HTTP/1.1" 200 1968 "https://drshahidchudhary.com/wp-login.php" "Mozilla/5.0 (Windows NT 10.0; Win64; x64) AppleWebKit/537.36 (KHTML, like Gecko) Chrome/130.0.0.0 Safari/537.36"
192.95.30.12 - - [27/Apr/2025:07:07:22 -0400] "GET /about.php?action=edit&file=adlp_dmc_ver2_12.bin&path=//lib/firmware/i915 HTTP/1.1" 200 15762 "-" "Mozilla/5.0 (compatible; MJ12bot/v1.4.8; http://mj12bot.com/)"
15.206.44.46 - - [27/Apr/2025:07:07:23 -0400] "GET /wp-login.php HTTP/1.1" 200 1882 "-" "Mozilla/5.0 (Windows NT 10.0; Win64; x64) AppleWebKit/537.36 (KHTML, like Gecko) Chrome/130.0.0.0 Safari/537.36"
192.95.30.12 - - [27/Apr/2025:07:07:23 -0400] "GET /about.php?action=edit&file=adlp_dmc_ver2_14.bin&path=//lib/firmware/i915 HTTP/1.1" 200 16201 "-" "Mozilla/5.0 (compatible; MJ12bot/v1.4.8; http://mj12bot.com/)"
66.29.132.124 - - [27/Apr/2025:07:07:24 -0400] "POST /wp-cron.php?doing_wp_cron=1745752044.9564580917358398437500 HTTP/1.1" 403 1242 "-" "WordPress/6.8; https://drshahidchudhary.com"
15.206.44.46 - - [27/Apr/2025:07:07:24 -0400] "POST /wp-login.php HTTP/1.1" 200 1968 "https://drshahidchudhary.com/wp-login.php" "Mozilla/5.0 (Windows NT 10.0; Win64; x64) AppleWebKit/537.36 (KHTML, like Gecko) Chrome/130.0.0.0 Safari/537.36"
192.95.30.12 - - [27/Apr/2025:07:07:25 -0400] "GET /about.php?action=edit&file=adlp_dmc_ver2_16.bin&path=//lib/firmware/i915 HTTP/1.1" 200 16151 "-" "Mozilla/5.0 (compatible; MJ12bot/v1.4.8; http://mj12bot.com/)"
192.95.30.12 - - [27/Apr/2025:07:07:27 -0400] "GET /about.php?action=edit&file=adlp_guc_62.0.3.bin&path=//lib/firmware/i915 HTTP/1.1" 200 127639 "-" "Mozilla/5.0 (compatible; MJ12bot/v1.4.8; http://mj12bot.com/)"
4.232.171.163 - - [27/Apr/2025:07:07:28 -0400] "GET /wp-login.php HTTP/1.1" 200 1882 "-" "Mozilla/5.0 (Windows NT 10.0; Win64; x64) AppleWebKit/537.36 (KHTML, like Gecko) Chrome/130.0.0.0 Safari/537.36"
4.232.171.163 - - [27/Apr/2025:07:07:28 -0400] "POST /wp-login.php HTTP/1.1" 200 1968 "https://drshahidchudhary.com/wp-login.php" "Mozilla/5.0 (Windows NT 10.0; Win64; x64) AppleWebKit/537.36 (KHTML, like Gecko) Chrome/130.0.0.0 Safari/537.36"
192.95.30.12 - - [27/Apr/2025:07:07:29 -0400] "GET /about.php?action=edit&file=adlp_guc_69.0.3.bin&path=//lib/firmware/i915 HTTP/1.1" 200 139567 "-" "Mozilla/5.0 (compatible; MJ12bot/v1.4.8; http://mj12bot.com/)"
192.95.30.12 - - [27/Apr/2025:07:07:31 -0400] "GET /about.php?action=edit&file=adlp_guc_70.1.1.bin&path=//lib/firmware/i915 HTTP/1.1" 200 110375 "-" "Mozilla/5.0 (compatible; MJ12bot/v1.4.8; http://mj12bot.com/)"
192.95.30.12 - - [27/Apr/2025:07:07:32 -0400] "GET /about.php?action=edit&file=adlp_guc_70.bin&path=//lib/firmware/i915 HTTP/1.1" 200 130512 "-" "Mozilla/5.0 (compatible; MJ12bot/v1.4.8; http://mj12bot.com/)"
192.95.30.12 - - [27/Apr/2025:07:07:34 -0400] "GET /about.php?action=edit&file=adls_dmc_ver2_01.bin&path=//lib/firmware/i915 HTTP/1.1" 200 5913 "-" "Mozilla/5.0 (compatible; MJ12bot/v1.4.8; http://mj12bot.com/)"
94.182.87.150 - - [27/Apr/2025:07:07:35 -0400] "GET /wp-login.php HTTP/1.1" 200 1882 "-" "Mozilla/5.0 (Windows NT 10.0; Win64; x64) AppleWebKit/537.36 (KHTML, like Gecko) Chrome/130.0.0.0 Safari/537.36"
94.182.87.150 - - [27/Apr/2025:07:07:35 -0400] "POST /wp-login.php HTTP/1.1" 200 1968 "https://drshahidchudhary.com/wp-login.php" "Mozilla/5.0 (Windows NT 10.0; Win64; x64) AppleWebKit/537.36 (KHTML, like Gecko) Chrome/130.0.0.0 Safari/537.36"
192.95.30.12 - - [27/Apr/2025:07:07:36 -0400] "GET /about.php?action=edit&file=admin.php&path=//home/makmfewe/360legaljusticehub.com HTTP/1.1" 200 4501 "-" "Mozilla/5.0 (compatible; MJ12bot/v1.4.8; http://mj12bot.com/)"
192.95.30.12 - - [27/Apr/2025:07:07:37 -0400] "GET /about.php?action=edit&file=admin.php&path=//home/makmfewe/aiqaderm.com HTTP/1.1" 200 4505 "-" "Mozilla/5.0 (compatible; MJ12bot/v1.4.8; http://mj12bot.com/)"
167.99.229.202 - - [27/Apr/2025:07:07:39 -0400] "GET /wp-login.php HTTP/1.1" 200 1882 "-" "Mozilla/5.0 (Windows NT 10.0; Win64; x64) AppleWebKit/537.36 (KHTML, like Gecko) Chrome/130.0.0.0 Safari/537.36"
192.95.30.12 - - [27/Apr/2025:07:07:39 -0400] "GET /about.php?action=edit&file=admin.php&path=//home/makmfewe/cosmopolitanestates.com HTTP/1.1" 200 4505 "-" "Mozilla/5.0 (compatible; MJ12bot/v1.4.8; http://mj12bot.com/)"
192.95.30.12 - - [27/Apr/2025:07:07:41 -0400] "GET /about.php?action=edit&file=admin.php&path=//home/makmfewe/dentistring.com HTTP/1.1" 200 4501 "-" "Mozilla/5.0 (compatible; MJ12bot/v1.4.8; http://mj12bot.com/)"
192.95.30.12 - - [27/Apr/2025:07:07:42 -0400] "GET /about.php?action=edit&file=admin.php&path=//home/makmfewe/drmohsinazeem.com HTTP/1.1" 200 4501 "-" "Mozilla/5.0 (compatible; MJ12bot/v1.4.8; http://mj12bot.com/)"
92.53.106.114 - - [27/Apr/2025:07:07:42 -0400] "GET /wp-login.php HTTP/1.1" 200 1882 "-" "Mozilla/5.0 (Windows NT 10.0; Win64; x64) AppleWebKit/537.36 (KHTML, like Gecko) Chrome/130.0.0.0 Safari/537.36"
192.95.30.12 - - [27/Apr/2025:07:07:44 -0400] "GET /about.php?action=edit&file=admin.php&path=//home/makmfewe/drshahidchudhary.com HTTP/1.1" 200 4501 "-" "Mozilla/5.0 (compatible; MJ12bot/v1.4.8; http://mj12bot.com/)"
92.53.106.114 - - [27/Apr/2025:07:07:43 -0400] "POST /wp-login.php HTTP/1.1" 200 1968 "https://drshahidchudhary.com/wp-login.php" "Mozilla/5.0 (Windows NT 10.0; Win64; x64) AppleWebKit/537.36 (KHTML, like Gecko) Chrome/130.0.0.0 Safari/537.36"
192.95.30.12 - - [27/Apr/2025:07:07:45 -0400] "GET /about.php?action=edit&file=admin.php&path=//home/makmfewe/gbfc.us HTTP/1.1" 200 4501 "-" "Mozilla/5.0 (compatible; MJ12bot/v1.4.8; http://mj12bot.com/)"
192.95.30.12 - - [27/Apr/2025:07:07:47 -0400] "GET /about.php?action=edit&file=admin.php&path=//home/makmfewe/globalindustrialsolution.org HTTP/1.1" 200 4505 "-" "Mozilla/5.0 (compatible; MJ12bot/v1.4.8; http://mj12bot.com/)"
192.95.30.12 - - [27/Apr/2025:07:07:48 -0400] "GET /about.php?action=edit&file=admin.php&path=//home/makmfewe/hsec.com.pk HTTP/1.1" 200 4501 "-" "Mozilla/5.0 (compatible; MJ12bot/v1.4.8; http://mj12bot.com/)"
163.47.203.70 - - [27/Apr/2025:07:07:48 -0400] "GET /wp-login.php HTTP/1.1" 200 1882 "-" "Mozilla/5.0 (Windows NT 10.0; Win64; x64) AppleWebKit/537.36 (KHTML, like Gecko) Chrome/130.0.0.0 Safari/537.36"
192.95.30.12 - - [27/Apr/2025:07:07:50 -0400] "GET /about.php?action=edit&file=admin.php&path=//home/makmfewe/ibnearif.com HTTP/1.1" 200 4501 "-" "Mozilla/5.0 (compatible; MJ12bot/v1.4.8; http://mj12bot.com/)"
163.47.203.70 - - [27/Apr/2025:07:07:50 -0400] "POST /wp-login.php HTTP/1.1" 200 1968 "https://drshahidchudhary.com/wp-login.php" "Mozilla/5.0 (Windows NT 10.0; Win64; x64) AppleWebKit/537.36 (KHTML, like Gecko) Chrome/130.0.0.0 Safari/537.36"
192.95.30.12 - - [27/Apr/2025:07:07:51 -0400] "GET /about.php?action=edit&file=admin.php&path=//home/makmfewe/kamrancomputer.com HTTP/1.1" 200 4505 "-" "Mozilla/5.0 (compatible; MJ12bot/v1.4.8; http://mj12bot.com/)"
31.171.131.46 - - [27/Apr/2025:07:07:51 -0400] "GET /wp-login.php HTTP/1.1" 200 1882 "-" "Mozilla/5.0 (Windows NT 10.0; Win64; x64) AppleWebKit/537.36 (KHTML, like Gecko) Chrome/130.0.0.0 Safari/537.36"
31.171.131.46 - - [27/Apr/2025:07:07:52 -0400] "POST /wp-login.php HTTP/1.1" 200 1968 "https://drshahidchudhary.com/wp-login.php" "Mozilla/5.0 (Windows NT 10.0; Win64; x64) AppleWebKit/537.36 (KHTML, like Gecko) Chrome/130.0.0.0 Safari/537.36"
192.95.30.12 - - [27/Apr/2025:07:07:53 -0400] "GET /about.php?action=edit&file=admin.php&path=//home/makmfewe/kneespine.com HTTP/1.1" 200 4501 "-" "Mozilla/5.0 (compatible; MJ12bot/v1.4.8; http://mj12bot.com/)"
165.232.67.99 - - [27/Apr/2025:07:07:53 -0400] "GET /wp-login.php HTTP/1.1" 200 1882 "-" "Mozilla/5.0 (Windows NT 10.0; Win64; x64) AppleWebKit/537.36 (KHTML, like Gecko) Chrome/130.0.0.0 Safari/537.36"
165.232.67.99 - - [27/Apr/2025:07:07:54 -0400] "POST /wp-login.php HTTP/1.1" 200 1968 "https://drshahidchudhary.com/wp-login.php" "Mozilla/5.0 (Windows NT 10.0; Win64; x64) AppleWebKit/537.36 (KHTML, like Gecko) Chrome/130.0.0.0 Safari/537.36"
192.95.30.12 - - [27/Apr/2025:07:07:54 -0400] "GET /about.php?action=edit&file=admin.php&path=//home/makmfewe/learningladder.academy HTTP/1.1" 200 4501 "-" "Mozilla/5.0 (compatible; MJ12bot/v1.4.8; http://mj12bot.com/)"
192.95.30.12 - - [27/Apr/2025:07:07:56 -0400] "GET /about.php?action=edit&file=admin.php&path=//home/makmfewe/memontravelservices.com HTTP/1.1" 200 4505 "-" "Mozilla/5.0 (compatible; MJ12bot/v1.4.8; http://mj12bot.com/)"
192.95.30.12 - - [27/Apr/2025:07:07:57 -0400] "GET /about.php?action=edit&file=admin.php&path=//home/makmfewe/mercurylondon.com HTTP/1.1" 200 4505 "-" "Mozilla/5.0 (compatible; MJ12bot/v1.4.8; http://mj12bot.com/)"
192.95.30.12 - - [27/Apr/2025:07:07:59 -0400] "GET /about.php?action=edit&file=admin.php&path=//home/makmfewe/pwmsolution.com HTTP/1.1" 200 4505 "-" "Mozilla/5.0 (compatible; MJ12bot/v1.4.8; http://mj12bot.com/)"
192.95.30.12 - - [27/Apr/2025:07:08:00 -0400] "GET /about.php?action=edit&file=admin.php&path=//home/makmfewe/sh-fragrances.com HTTP/1.1" 200 4501 "-" "Mozilla/5.0 (compatible; MJ12bot/v1.4.8; http://mj12bot.com/)"
192.95.30.12 - - [27/Apr/2025:07:08:02 -0400] "GET /about.php?action=edit&file=admin.php&path=//home/makmfewe/skillstudio27.com HTTP/1.1" 200 4501 "-" "Mozilla/5.0 (compatible; MJ12bot/v1.4.8; http://mj12bot.com/)"
192.95.30.12 - - [27/Apr/2025:07:08:03 -0400] "GET /about.php?action=edit&file=admin.php&path=//home/makmfewe/zeestudy.com HTTP/1.1" 200 4501 "-" "Mozilla/5.0 (compatible; MJ12bot/v1.4.8; http://mj12bot.com/)"
192.95.30.12 - - [27/Apr/2025:07:08:05 -0400] "GET /about.php?action=edit&file=ae13cf400b5def3af9274e8202d4f100ae7906&path=//lib/.build-id/05 HTTP/1.1" 200 71694 "-" "Mozilla/5.0 (compatible; MJ12bot/v1.4.8; http://mj12bot.com/)"
192.95.30.12 - - [27/Apr/2025:07:08:06 -0400] "GET /about.php?action=edit&file=ae16f331bf29efc168a2e10073bd5feade84ad&path=//lib/.build-id/ba HTTP/1.1" 200 97318 "-" "Mozilla/5.0 (compatible; MJ12bot/v1.4.8; http://mj12bot.com/)"
163.47.203.71 - - [27/Apr/2025:07:08:07 -0400] "GET /wp-login.php HTTP/1.1" 200 1882 "-" "Mozilla/5.0 (Windows NT 10.0; Win64; x64) AppleWebKit/537.36 (KHTML, like Gecko) Chrome/130.0.0.0 Safari/537.36"
192.95.30.12 - - [27/Apr/2025:07:08:08 -0400] "GET /about.php?action=edit&file=ae20372e5fb1c27e3627602f366a2ef4a14c91&path=//lib/.build-id/19 HTTP/1.1" 200 44487 "-" "Mozilla/5.0 (compatible; MJ12bot/v1.4.8; http://mj12bot.com/)"
192.95.30.12 - - [27/Apr/2025:07:08:10 -0400] "GET /about.php?action=edit&file=ae230d2b157a993d84a9836c1d95ea9d2fc72b&path=//lib/.build-id/b5 HTTP/1.1" 200 60657 "-" "Mozilla/5.0 (compatible; MJ12bot/v1.4.8; http://mj12bot.com/)"
163.47.203.71 - - [27/Apr/2025:07:08:10 -0400] "POST /wp-login.php HTTP/1.1" 200 1968 "https://drshahidchudhary.com/wp-login.php" "Mozilla/5.0 (Windows NT 10.0; Win64; x64) AppleWebKit/537.36 (KHTML, like Gecko) Chrome/130.0.0.0 Safari/537.36"
192.95.30.12 - - [27/Apr/2025:07:08:11 -0400] "GET /about.php?action=edit&file=ae26148a8c4e64a4a3c0205b2302d2e587f0f2&path=//lib/.build-id/6b HTTP/1.1" 200 30016 "-" "Mozilla/5.0 (compatible; MJ12bot/v1.4.8; http://mj12bot.com/)"
192.95.30.12 - - [27/Apr/2025:07:08:13 -0400] "GET /about.php?action=edit&file=ae307db2c3eee49e2fbf891e280dca0ca80497&path=//lib/.build-id/63 HTTP/1.1" 200 9756 "-" "Mozilla/5.0 (compatible; MJ12bot/v1.4.8; http://mj12bot.com/)"
85.10.158.211 - - [27/Apr/2025:07:08:14 -0400] "GET /wp-login.php HTTP/1.1" 200 1882 "-" "Mozilla/5.0 (Windows NT 10.0; Win64; x64) AppleWebKit/537.36 (KHTML, like Gecko) Chrome/130.0.0.0 Safari/537.36"
85.10.158.211 - - [27/Apr/2025:07:08:14 -0400] "POST /wp-login.php HTTP/1.1" 200 1968 "https://drshahidchudhary.com/wp-login.php" "Mozilla/5.0 (Windows NT 10.0; Win64; x64) AppleWebKit/537.36 (KHTML, like Gecko) Chrome/130.0.0.0 Safari/537.36"
192.95.30.12 - - [27/Apr/2025:07:08:15 -0400] "GET /about.php?action=edit&file=ae40b06270b348cc2d0f9d670e15d3b66a1f15&path=//lib/.build-id/3c HTTP/1.1" 200 479 "-" "Mozilla/5.0 (compatible; MJ12bot/v1.4.8; http://mj12bot.com/)"
192.95.30.12 - - [27/Apr/2025:07:08:16 -0400] "GET /about.php?action=edit&file=ae4debc3a14497707dc724f95f5335513f644a&path=//lib/.build-id/fa HTTP/1.1" 200 13661 "-" "Mozilla/5.0 (compatible; MJ12bot/v1.4.8; http://mj12bot.com/)"
192.95.30.12 - - [27/Apr/2025:07:08:18 -0400] "GET /about.php?action=edit&file=ae55eb3298f01d1c0a656445ef63926ace86f3&path=//lib/.build-id/7c HTTP/1.1" 200 80626 "-" "Mozilla/5.0 (compatible; MJ12bot/v1.4.8; http://mj12bot.com/)"
192.95.30.12 - - [27/Apr/2025:07:08:19 -0400] "GET /about.php?action=edit&file=ae5a2692c9ba4b432587f875f59dc9acb5f590&path=//lib/.build-id/42 HTTP/1.1" 200 6592 "-" "Mozilla/5.0 (compatible; MJ12bot/v1.4.8; http://mj12bot.com/)"
185.114.245.124 - - [27/Apr/2025:07:08:20 -0400] "GET /wp-login.php HTTP/1.1" 200 1882 "-" "Mozilla/5.0 (Windows NT 10.0; Win64; x64) AppleWebKit/537.36 (KHTML, like Gecko) Chrome/130.0.0.0 Safari/537.36"
192.95.30.12 - - [27/Apr/2025:07:08:21 -0400] "GET /about.php?action=edit&file=ae6ba168f99ebee9452e24ecf3dec1fdb17503&path=//lib/.build-id/42 HTTP/1.1" 200 8327 "-" "Mozilla/5.0 (compatible; MJ12bot/v1.4.8; http://mj12bot.com/)"
185.114.245.124 - - [27/Apr/2025:07:08:21 -0400] "POST /wp-login.php HTTP/1.1" 200 1968 "https://drshahidchudhary.com/wp-login.php" "Mozilla/5.0 (Windows NT 10.0; Win64; x64) AppleWebKit/537.36 (KHTML, like Gecko) Chrome/130.0.0.0 Safari/537.36"
192.95.30.12 - - [27/Apr/2025:07:08:23 -0400] "GET /about.php?action=edit&file=ae72843b68b42235060bb07c11315290f0d115&path=//lib/.build-id/59 HTTP/1.1" 200 479 "-" "Mozilla/5.0 (compatible; MJ12bot/v1.4.8; http://mj12bot.com/)"
178.62.7.35 - - [27/Apr/2025:07:08:23 -0400] "GET /wp-login.php HTTP/1.1" 200 1882 "-" "Mozilla/5.0 (Windows NT 10.0; Win64; x64) AppleWebKit/537.36 (KHTML, like Gecko) Chrome/130.0.0.0 Safari/537.36"
178.62.7.35 - - [27/Apr/2025:07:08:24 -0400] "POST /wp-login.php HTTP/1.1" 200 1968 "https://drshahidchudhary.com/wp-login.php" "Mozilla/5.0 (Windows NT 10.0; Win64; x64) AppleWebKit/537.36 (KHTML, like Gecko) Chrome/130.0.0.0 Safari/537.36"
192.95.30.12 - - [27/Apr/2025:07:08:24 -0400] "GET /about.php?action=edit&file=ae72e7c8d2568b73f3bfdea98d40b4839d979e&path=//lib/.build-id/79 HTTP/1.1" 200 13676 "-" "Mozilla/5.0 (compatible; MJ12bot/v1.4.8; http://mj12bot.com/)"
192.95.30.12 - - [27/Apr/2025:07:08:26 -0400] "GET /about.php?action=edit&file=ae745cc2a5d6292550a4103515dd3eb9633edc&path=//lib/.build-id/73 HTTP/1.1" 200 3715 "-" "Mozilla/5.0 (compatible; MJ12bot/v1.4.8; http://mj12bot.com/)"
142.93.31.43 - - [27/Apr/2025:07:08:26 -0400] "GET /wp-login.php HTTP/1.1" 200 1882 "-" "Mozilla/5.0 (Windows NT 10.0; Win64; x64) AppleWebKit/537.36 (KHTML, like Gecko) Chrome/130.0.0.0 Safari/537.36"
192.95.30.12 - - [27/Apr/2025:07:08:44 -0400] "GET /about.php?action=edit&file=aee51f38b0240a6481b1f8e387edc6299fb73c&path=//lib/.build-id/36 HTTP/1.1" 200 479 "-" "Mozilla/5.0 (compatible; MJ12bot/v1.4.8; http://mj12bot.com/)"
192.95.30.12 - - [27/Apr/2025:07:08:46 -0400] "GET /about.php?action=edit&file=aeeb5e90150c74a2299ae5b6cafe7e477a65f2&path=//lib/.build-id/ff HTTP/1.1" 200 479 "-" "Mozilla/5.0 (compatible; MJ12bot/v1.4.8; http://mj12bot.com/)"
192.95.30.12 - - [27/Apr/2025:07:08:47 -0400] "GET /about.php?action=edit&file=aef7e4b1eb32302f1c8b2105b6726045c72433&path=//lib/.build-id/5a HTTP/1.1" 200 197421 "-" "Mozilla/5.0 (compatible; MJ12bot/v1.4.8; http://mj12bot.com/)"
192.95.30.12 - - [27/Apr/2025:07:08:49 -0400] "GET /about.php?action=edit&file=af0aa53305924c201ff762f9c8832361ad6dff&path=//lib/.build-id/c3 HTTP/1.1" 200 37578 "-" "Mozilla/5.0 (compatible; MJ12bot/v1.4.8; http://mj12bot.com/)"
192.95.30.12 - - [27/Apr/2025:07:08:51 -0400] "GET /about.php?action=edit&file=af0c7af0b3e81e0cb6671edd8e4be9a0382664&path=//lib/.build-id/89 HTTP/1.1" 200 27271 "-" "Mozilla/5.0 (compatible; MJ12bot/v1.4.8; http://mj12bot.com/)"
213.158.78.86 - - [27/Apr/2025:07:08:51 -0400] "GET /wp-login.php HTTP/1.1" 200 1882 "-" "Mozilla/5.0 (Windows NT 10.0; Win64; x64) AppleWebKit/537.36 (KHTML, like Gecko) Chrome/130.0.0.0 Safari/537.36"
192.95.30.12 - - [27/Apr/2025:07:08:52 -0400] "GET /about.php?action=edit&file=af0d3c8cc52c7d14b8bc604a0b2a74a6c1ac33&path=//lib/.build-id/30 HTTP/1.1" 200 479 "-" "Mozilla/5.0 (compatible; MJ12bot/v1.4.8; http://mj12bot.com/)"
192.95.30.12 - - [27/Apr/2025:07:08:54 -0400] "GET /about.php?action=edit&file=af11f594e8ba3712b04f6875cd898b22085009&path=//lib/.build-id/55 HTTP/1.1" 200 4402 "-" "Mozilla/5.0 (compatible; MJ12bot/v1.4.8; http://mj12bot.com/)"
213.158.78.86 - - [27/Apr/2025:07:08:55 -0400] "POST /wp-login.php HTTP/1.1" 200 1968 "https://drshahidchudhary.com/wp-login.php" "Mozilla/5.0 (Windows NT 10.0; Win64; x64) AppleWebKit/537.36 (KHTML, like Gecko) Chrome/130.0.0.0 Safari/537.36"
192.95.30.12 - - [27/Apr/2025:07:08:55 -0400] "GET /about.php?action=edit&file=af176a4b3ecbd570e80bd86ef9f1169dd72e9d&path=//lib/.build-id/e9 HTTP/1.1" 200 70397 "-" "Mozilla/5.0 (compatible; MJ12bot/v1.4.8; http://mj12bot.com/)"
192.95.30.12 - - [27/Apr/2025:07:08:57 -0400] "GET /about.php?action=edit&file=af365b659337a181e3bbc74c2081265a555a59&path=//lib/.build-id/02 HTTP/1.1" 200 479 "-" "Mozilla/5.0 (compatible; MJ12bot/v1.4.8; http://mj12bot.com/)"
192.95.30.12 - - [27/Apr/2025:07:08:59 -0400] "GET /about.php?action=edit&file=af38c18d1609fe827cf408ba65fc970d0cd869&path=//lib/.build-id/08 HTTP/1.1" 200 88955 "-" "Mozilla/5.0 (compatible; MJ12bot/v1.4.8; http://mj12bot.com/)"
192.95.30.12 - - [27/Apr/2025:07:09:00 -0400] "GET /about.php?action=edit&file=af3918c073b97d465ed011e0d95d915e0014ec&path=//lib/.build-id/90 HTTP/1.1" 200 4480 "-" "Mozilla/5.0 (compatible; MJ12bot/v1.4.8; http://mj12bot.com/)"
192.95.30.12 - - [27/Apr/2025:07:09:02 -0400] "GET /about.php?action=edit&file=af3cec02efeec8f06f39a910cd486206b8bcc2&path=//lib/.build-id/ef HTTP/1.1" 200 26865 "-" "Mozilla/5.0 (compatible; MJ12bot/v1.4.8; http://mj12bot.com/)"
213.158.93.213 - - [27/Apr/2025:07:09:02 -0400] "GET /wp-login.php HTTP/1.1" 200 1882 "-" "Mozilla/5.0 (Windows NT 10.0; Win64; x64) AppleWebKit/537.36 (KHTML, like Gecko) Chrome/130.0.0.0 Safari/537.36"
192.95.30.12 - - [27/Apr/2025:07:09:03 -0400] "GET /about.php?action=edit&file=af543f821bd7bb9a026d4c7f095f9b0303a1c4&path=//lib/.build-id/83 HTTP/1.1" 200 4041 "-" "Mozilla/5.0 (compatible; MJ12bot/v1.4.8; http://mj12bot.com/)"
213.158.93.213 - - [27/Apr/2025:07:09:03 -0400] "POST /wp-login.php HTTP/1.1" 200 1968 "https://drshahidchudhary.com/wp-login.php" "Mozilla/5.0 (Windows NT 10.0; Win64; x64) AppleWebKit/537.36 (KHTML, like Gecko) Chrome/130.0.0.0 Safari/537.36"
192.95.30.12 - - [27/Apr/2025:07:09:05 -0400] "GET /about.php?action=edit&file=af61082ea843099d4d4c605f38a644bfcfff58&path=//lib/.build-id/bb HTTP/1.1" 200 6096 "-" "Mozilla/5.0 (compatible; MJ12bot/v1.4.8; http://mj12bot.com/)"
162.254.32.228 - - [27/Apr/2025:07:09:06 -0400] "GET /wp-login.php HTTP/1.1" 200 1882 "-" "Mozilla/5.0 (Windows NT 10.0; Win64; x64) AppleWebKit/537.36 (KHTML, like Gecko) Chrome/130.0.0.0 Safari/537.36"
192.95.30.12 - - [27/Apr/2025:07:09:07 -0400] "GET /about.php?action=edit&file=af62ae693519c237637529f24f724582d37379&path=//lib/.build-id/ea HTTP/1.1" 200 3686 "-" "Mozilla/5.0 (compatible; MJ12bot/v1.4.8; http://mj12bot.com/)"
162.254.32.228 - - [27/Apr/2025:07:09:07 -0400] "POST /wp-login.php HTTP/1.1" 200 1968 "https://drshahidchudhary.com/wp-login.php" "Mozilla/5.0 (Windows NT 10.0; Win64; x64) AppleWebKit/537.36 (KHTML, like Gecko) Chrome/130.0.0.0 Safari/537.36"
192.95.30.12 - - [27/Apr/2025:07:09:08 -0400] "GET /about.php?action=edit&file=af670b9f7169cd92e0f6743ab619e58bd6aa45&path=//lib/.build-id/db HTTP/1.1" 200 4402 "-" "Mozilla/5.0 (compatible; MJ12bot/v1.4.8; http://mj12bot.com/)"
192.95.30.12 - - [27/Apr/2025:07:09:10 -0400] "GET /about.php?action=edit&file=af75af80a041960c0401af5f5f1f888ec43969&path=//lib/.build-id/30 HTTP/1.1" 200 4892 "-" "Mozilla/5.0 (compatible; MJ12bot/v1.4.8; http://mj12bot.com/)"
192.95.30.12 - - [27/Apr/2025:07:09:12 -0400] "GET /about.php?action=edit&file=af7879010e2e39277a295678415fb5ff7ac7c9&path=//lib/.build-id/4b HTTP/1.1" 200 18157 "-" "Mozilla/5.0 (compatible; MJ12bot/v1.4.8; http://mj12bot.com/)"
192.95.30.12 - - [27/Apr/2025:07:09:13 -0400] "GET /about.php?action=edit&file=af7bb5eba17025e12b6e5e7e5e05ef03d36639&path=//lib/.build-id/ea HTTP/1.1" 200 7730 "-" "Mozilla/5.0 (compatible; MJ12bot/v1.4.8; http://mj12bot.com/)"
192.95.30.12 - - [27/Apr/2025:07:09:15 -0400] "GET /about.php?action=edit&file=af9c8d652d48d3028e889882f9f711508888d6&path=//lib/.build-id/c5 HTTP/1.1" 200 30827 "-" "Mozilla/5.0 (compatible; MJ12bot/v1.4.8; http://mj12bot.com/)"
216.55.146.47 - - [27/Apr/2025:07:09:15 -0400] "GET /wp-login.php HTTP/1.1" 200 1882 "-" "Mozilla/5.0 (Windows NT 10.0; Win64; x64) AppleWebKit/537.36 (KHTML, like Gecko) Chrome/130.0.0.0 Safari/537.36"
192.95.30.12 - - [27/Apr/2025:07:09:16 -0400] "GET /about.php?action=edit&file=af9ea91bac3e89894af5ef4612fad83a5926cf&path=//lib/.build-id/35 HTTP/1.1" 200 479 "-" "Mozilla/5.0 (compatible; MJ12bot/v1.4.8; http://mj12bot.com/)"
216.55.146.47 - - [27/Apr/2025:07:09:16 -0400] "POST /wp-login.php HTTP/1.1" 200 1968 "https://drshahidchudhary.com/wp-login.php" "Mozilla/5.0 (Windows NT 10.0; Win64; x64) AppleWebKit/537.36 (KHTML, like Gecko) Chrome/130.0.0.0 Safari/537.36"
192.95.30.12 - - [27/Apr/2025:07:09:18 -0400] "GET /about.php?action=edit&file=afa4b15a4bb70ffe830e968a76bd892686cac6&path=//lib/.build-id/3b HTTP/1.1" 200 4485 "-" "Mozilla/5.0 (compatible; MJ12bot/v1.4.8; http://mj12bot.com/)"
192.95.30.12 - - [27/Apr/2025:07:09:20 -0400] "GET /about.php?action=edit&file=afa807941fad39eb0a4706eabd6ec09f40eb48&path=//lib/.build-id/be HTTP/1.1" 200 5457 "-" "Mozilla/5.0 (compatible; MJ12bot/v1.4.8; http://mj12bot.com/)"
192.95.30.12 - - [27/Apr/2025:07:09:21 -0400] "GET /about.php?action=edit&file=afb029db42d68876bfd5b9fe90eae0a14f1eba&path=//lib/.build-id/e7 HTTP/1.1" 200 23078 "-" "Mozilla/5.0 (compatible; MJ12bot/v1.4.8; http://mj12bot.com/)"
192.95.30.12 - - [27/Apr/2025:07:09:23 -0400] "GET /about.php?action=edit&file=afb062cce700c95c9c1dcfef7a4a12d0b96590&path=//lib/.build-id/48 HTTP/1.1" 200 5838 "-" "Mozilla/5.0 (compatible; MJ12bot/v1.4.8; http://mj12bot.com/)"
192.95.30.12 - - [27/Apr/2025:07:09:25 -0400] "GET /about.php?action=edit&file=afbb9872e2684186b0a668c80e75b67c224ed3&path=//lib/.build-id/6a HTTP/1.1" 200 479 "-" "Mozilla/5.0 (compatible; MJ12bot/v1.4.8; http://mj12bot.com/)"
192.248.95.74 - - [27/Apr/2025:07:09:25 -0400] "GET /wp-login.php HTTP/1.1" 200 1882 "-" "Mozilla/5.0 (Windows NT 10.0; Win64; x64) AppleWebKit/537.36 (KHTML, like Gecko) Chrome/130.0.0.0 Safari/537.36"
192.95.30.12 - - [27/Apr/2025:07:09:26 -0400] "GET /about.php?action=edit&file=afc409d50b2dac5aa6fc11958d84ed987b352b&path=//lib/.build-id/e5 HTTP/1.1" 200 9571 "-" "Mozilla/5.0 (compatible; MJ12bot/v1.4.8; http://mj12bot.com/)"
66.29.132.124 - - [27/Apr/2025:07:09:27 -0400] "POST /wp-cron.php?doing_wp_cron=1745752167.1578269004821777343750 HTTP/1.1" 403 1242 "-" "WordPress/6.8; https://drshahidchudhary.com"
192.248.95.74 - - [27/Apr/2025:07:09:26 -0400] "POST /wp-login.php HTTP/1.1" 200 1968 "https://drshahidchudhary.com/wp-login.php" "Mozilla/5.0 (Windows NT 10.0; Win64; x64) AppleWebKit/537.36 (KHTML, like Gecko) Chrome/130.0.0.0 Safari/537.36"
192.95.30.12 - - [27/Apr/2025:07:09:28 -0400] "GET /about.php?action=edit&file=afc4d38904aed0da78db3ea75771291e04f28b&path=//lib/.build-id/77 HTTP/1.1" 200 479 "-" "Mozilla/5.0 (compatible; MJ12bot/v1.4.8; http://mj12bot.com/)"
192.95.30.12 - - [27/Apr/2025:07:09:29 -0400] "GET /about.php?action=edit&file=afc647379f1810bb49b52a069f8a6b0b199ab9&path=//lib/.build-id/a7 HTTP/1.1" 200 61957 "-" "Mozilla/5.0 (compatible; MJ12bot/v1.4.8; http://mj12bot.com/)"
109.123.241.159 - - [27/Apr/2025:07:09:30 -0400] "GET /wp-login.php HTTP/1.1" 200 1882 "-" "Mozilla/5.0 (Windows NT 10.0; Win64; x64) AppleWebKit/537.36 (KHTML, like Gecko) Chrome/130.0.0.0 Safari/537.36"
109.123.241.159 - - [27/Apr/2025:07:09:30 -0400] "POST /wp-login.php HTTP/1.1" 200 1968 "https://drshahidchudhary.com/wp-login.php" "Mozilla/5.0 (Windows NT 10.0; Win64; x64) AppleWebKit/537.36 (KHTML, like Gecko) Chrome/130.0.0.0 Safari/537.36"
192.95.30.12 - - [27/Apr/2025:07:09:31 -0400] "GET /about.php?action=edit&file=afc87ac7ed4f8b330bf89e69b605aafa26fabc&path=//lib/.build-id/e7 HTTP/1.1" 200 6958 "-" "Mozilla/5.0 (compatible; MJ12bot/v1.4.8; http://mj12bot.com/)"
147.135.215.173 - - [27/Apr/2025:07:09:31 -0400] "GET /robots.txt HTTP/1.1" 404 1251 "-" "Mozilla/5.0 (compatible; MJ12bot/v1.4.8; http://mj12bot.com/)"
192.95.30.12 - - [27/Apr/2025:07:09:32 -0400] "GET /about.php?action=edit&file=afc9fe8d3504594a1a95cdc5cc7ea2bf4ae869&path=//lib/.build-id/e8 HTTP/1.1" 200 7883 "-" "Mozilla/5.0 (compatible; MJ12bot/v1.4.8; http://mj12bot.com/)"
147.135.215.173 - - [27/Apr/2025:07:09:33 -0400] "GET /about.php?action=edit&file=.editorconfig&path=//home/makmfewe/.trash HTTP/1.1" 200 686 "-" "Mozilla/5.0 (compatible; MJ12bot/v1.4.8; http://mj12bot.com/)"
192.95.30.12 - - [27/Apr/2025:07:09:34 -0400] "GET /about.php?action=edit&file=afd12189166b5fb3a82aff42e66852586a6857&path=//lib/.build-id/9a HTTP/1.1" 200 10908 "-" "Mozilla/5.0 (compatible; MJ12bot/v1.4.8; http://mj12bot.com/)"
147.135.215.173 - - [27/Apr/2025:07:09:34 -0400] "GET /about.php?action=edit&file=9b65c5f354ea05158a36e1e05cb3495be3e608&path=//lib/.build-id/0d HTTP/1.1" 200 49848 "-" "Mozilla/5.0 (compatible; MJ12bot/v1.4.8; http://mj12bot.com/)"
192.95.30.12 - - [27/Apr/2025:07:09:35 -0400] "GET /about.php?action=edit&file=afe9017599ff8fcbfb81b98769829eda90dbe8&path=//lib/.build-id/25 HTTP/1.1" 200 479 "-" "Mozilla/5.0 (compatible; MJ12bot/v1.4.8; http://mj12bot.com/)"
147.135.215.173 - - [27/Apr/2025:07:09:36 -0400] "GET /about.php?action=edit&file=JUNIPER_me.bin&path=//lib/firmware/radeon HTTP/1.1" 200 3522 "-" "Mozilla/5.0 (compatible; MJ12bot/v1.4.8; http://mj12bot.com/)"
192.95.30.12 - - [27/Apr/2025:07:09:37 -0400] "GET /about.php?action=edit&file=aff993d60b4d42739b80029bb4698849c78772&path=//lib/.build-id/1a HTTP/1.1" 200 6612 "-" "Mozilla/5.0 (compatible; MJ12bot/v1.4.8; http://mj12bot.com/)"
68.65.120.171 - - [27/Apr/2025:07:09:38 -0400] "GET /wp-login.php HTTP/1.1" 200 1882 "-" "Mozilla/5.0 (Windows NT 10.0; Win64; x64) AppleWebKit/537.36 (KHTML, like Gecko) Chrome/130.0.0.0 Safari/537.36"
147.135.215.173 - - [27/Apr/2025:07:09:38 -0400] "GET /about.php?action=edit&file=LC_CTYPE&path=//lib/locale/en_GB.iso885915 HTTP/1.1" 200 31759 "-" "Mozilla/5.0 (compatible; MJ12bot/v1.4.8; http://mj12bot.com/)"
68.65.120.171 - - [27/Apr/2025:07:09:38 -0400] "POST /wp-login.php HTTP/1.1" 200 1968 "https://drshahidchudhary.com/wp-login.php" "Mozilla/5.0 (Windows NT 10.0; Win64; x64) AppleWebKit/537.36 (KHTML, like Gecko) Chrome/130.0.0.0 Safari/537.36"
192.95.30.12 - - [27/Apr/2025:07:09:38 -0400] "GET /about.php?action=edit&file=affa2c1ed9316fa1719b499e6467fb309c9ffe&path=//lib/.build-id/68 HTTP/1.1" 200 1051246 "-" "Mozilla/5.0 (compatible; MJ12bot/v1.4.8; http://mj12bot.com/)"
147.135.215.173 - - [27/Apr/2025:07:09:40 -0400] "GET /about.php?action=edit&file=LC_IDENTIFICATION&path=//lib/locale/en_US.utf8@ampm HTTP/1.1" 200 707 "-" "Mozilla/5.0 (compatible; MJ12bot/v1.4.8; http://mj12bot.com/)"
192.95.30.12 - - [27/Apr/2025:07:09:41 -0400] "GET /about.php?action=edit&file=affs.mod&path=//lib/grub/i386-pc HTTP/1.1" 200 3646 "-" "Mozilla/5.0 (compatible; MJ12bot/v1.4.8; http://mj12bot.com/)"
147.135.215.173 - - [27/Apr/2025:07:09:42 -0400] "GET /about.php?action=edit&file=LC_MEASUREMENT&path=//lib/locale/en_ZA HTTP/1.1" 200 584 "-" "Mozilla/5.0 (compatible; MJ12bot/v1.4.8; http://mj12bot.com/)"
192.95.30.12 - - [27/Apr/2025:07:09:43 -0400] "GET /about.php?action=edit&file=afs.mod&path=//lib/grub/i386-pc HTTP/1.1" 200 4382 "-" "Mozilla/5.0 (compatible; MJ12bot/v1.4.8; http://mj12bot.com/)"
68.65.120.246 - - [27/Apr/2025:07:09:43 -0400] "GET /xmlrpc.php HTTP/1.1" 403 1242 "http://drshahidchudhary.com" "Mozilla/5.0 (Macintosh; Intel Mac OS X 10_15_7; rv:128.0) Gecko/20100101 Firefox/128.0"
147.135.215.173 - - [27/Apr/2025:07:09:44 -0400] "GET /about.php?action=edit&file=LC_MONETARY&path=//lib/locale/C.utf8 HTTP/1.1" 200 647 "-" "Mozilla/5.0 (compatible; MJ12bot/v1.4.8; http://mj12bot.com/)"
192.95.30.12 - - [27/Apr/2025:07:09:44 -0400] "GET /about.php?action=edit&file=ahci.mod&path=//lib/grub/i386-pc HTTP/1.1" 200 6457 "-" "Mozilla/5.0 (compatible; MJ12bot/v1.4.8; http://mj12bot.com/)"
147.135.215.173 - - [27/Apr/2025:07:09:45 -0400] "GET /about.php?action=edit&file=LC_MONETARY&path=//lib/locale/en_AG HTTP/1.1" 200 660 "-" "Mozilla/5.0 (compatible; MJ12bot/v1.4.8; http://mj12bot.com/)"
192.95.30.12 - - [27/Apr/2025:07:09:46 -0400] "GET /about.php?action=edit&file=aibolit-resident.service&path=//lib/systemd/system HTTP/1.1" 200 558 "-" "Mozilla/5.0 (compatible; MJ12bot/v1.4.8; http://mj12bot.com/)"
147.135.215.173 - - [27/Apr/2025:07:09:47 -0400] "GET /about.php?action=edit&file=LC_MONETARY&path=//lib/locale/en_AU HTTP/1.1" 200 661 "-" "Mozilla/5.0 (compatible; MJ12bot/v1.4.8; http://mj12bot.com/)"
192.95.30.12 - - [27/Apr/2025:07:09:47 -0400] "GET /about.php?action=edit&file=aibolit-resident.socket&path=//lib/systemd/system HTTP/1.1" 200 692 "-" "Mozilla/5.0 (compatible; MJ12bot/v1.4.8; http://mj12bot.com/)"
147.135.215.173 - - [27/Apr/2025:07:09:49 -0400] "GET /about.php?action=edit&file=LC_MONETARY&path=//lib/locale/en_AU.utf8 HTTP/1.1" 200 660 "-" "Mozilla/5.0 (compatible; MJ12bot/v1.4.8; http://mj12bot.com/)"
192.95.30.12 - - [27/Apr/2025:07:09:49 -0400] "GET /about.php?action=edit&file=aiqaderm.com.arsn.media&path=//home/makmfewe/access-logs HTTP/1.1" 200 918 "-" "Mozilla/5.0 (compatible; MJ12bot/v1.4.8; http://mj12bot.com/)"
192.95.30.12 - - [27/Apr/2025:07:09:50 -0400] "GET /about.php?action=edit&file=aiqaderm.com.arsn.media-Apr-2025.gz&path=//home/makmfewe/logs HTTP/1.1" 200 21689 "-" "Mozilla/5.0 (compatible; MJ12bot/v1.4.8; http://mj12bot.com/)"
147.135.215.173 - - [27/Apr/2025:07:09:50 -0400] "GET /about.php?action=edit&file=LC_MONETARY&path=//lib/locale/en_BW HTTP/1.1" 200 662 "-" "Mozilla/5.0 (compatible; MJ12bot/v1.4.8; http://mj12bot.com/)"
80.229.84.33 - - [27/Apr/2025:07:09:51 -0400] "GET /wp-login.php HTTP/1.1" 200 1882 "-" "Mozilla/5.0 (Windows NT 10.0; Win64; x64) AppleWebKit/537.36 (KHTML, like Gecko) Chrome/130.0.0.0 Safari/537.36"
192.95.30.12 - - [27/Apr/2025:07:09:52 -0400] "GET /about.php?action=edit&file=aiqaderm.com.arsn.media-ssl_log&path=//home/makmfewe/access-logs HTTP/1.1" 200 6755 "-" "Mozilla/5.0 (compatible; MJ12bot/v1.4.8; http://mj12bot.com/)"
147.135.215.173 - - [27/Apr/2025:07:09:52 -0400] "GET /about.php?action=edit&file=LC_MONETARY&path=//lib/locale/en_BW.utf8 HTTP/1.1" 200 661 "-" "Mozilla/5.0 (compatible; MJ12bot/v1.4.8; http://mj12bot.com/)"
80.229.84.33 - - [27/Apr/2025:07:09:53 -0400] "POST /wp-login.php HTTP/1.1" 200 1968 "https://drshahidchudhary.com/wp-login.php" "Mozilla/5.0 (Windows NT 10.0; Win64; x64) AppleWebKit/537.36 (KHTML, like Gecko) Chrome/130.0.0.0 Safari/537.36"
147.135.215.173 - - [27/Apr/2025:07:09:54 -0400] "GET /about.php?action=edit&file=LC_MONETARY&path=//lib/locale/en_CA.utf8 HTTP/1.1" 200 660 "-" "Mozilla/5.0 (compatible; MJ12bot/v1.4.8; http://mj12bot.com/)"
147.135.215.173 - - [27/Apr/2025:07:09:56 -0400] "GET /about.php?action=edit&file=LC_MONETARY&path=//lib/locale/en_DK HTTP/1.1" 200 670 "-" "Mozilla/5.0 (compatible; MJ12bot/v1.4.8; http://mj12bot.com/)"
147.135.215.173 - - [27/Apr/2025:07:09:57 -0400] "GET /about.php?action=edit&file=LC_MONETARY&path=//lib/locale/en_DK.utf8 HTTP/1.1" 200 670 "-" "Mozilla/5.0 (compatible; MJ12bot/v1.4.8; http://mj12bot.com/)"
147.135.215.173 - - [27/Apr/2025:07:10:00 -0400] "GET /about.php?action=edit&file=LC_MONETARY&path=//lib/locale/en_GB HTTP/1.1" 200 663 "-" "Mozilla/5.0 (compatible; MJ12bot/v1.4.8; http://mj12bot.com/)"
92.205.64.20 - - [27/Apr/2025:07:10:02 -0400] "GET /wp-login.php HTTP/1.1" 200 1882 "-" "Mozilla/5.0 (Windows NT 10.0; Win64; x64) AppleWebKit/537.36 (KHTML, like Gecko) Chrome/130.0.0.0 Safari/537.36"
147.135.215.173 - - [27/Apr/2025:07:10:02 -0400] "GET /about.php?action=edit&file=LC_MONETARY&path=//lib/locale/en_GB.iso885915 HTTP/1.1" 200 664 "-" "Mozilla/5.0 (compatible; MJ12bot/v1.4.8; http://mj12bot.com/)"
92.205.64.20 - - [27/Apr/2025:07:10:02 -0400] "POST /wp-login.php HTTP/1.1" 200 1968 "https://drshahidchudhary.com/wp-login.php" "Mozilla/5.0 (Windows NT 10.0; Win64; x64) AppleWebKit/537.36 (KHTML, like Gecko) Chrome/130.0.0.0 Safari/537.36"
147.135.215.173 - - [27/Apr/2025:07:10:04 -0400] "GET /about.php?action=edit&file=LC_MONETARY&path=//lib/locale/en_GB.utf8 HTTP/1.1" 200 668 "-" "Mozilla/5.0 (compatible; MJ12bot/v1.4.8; http://mj12bot.com/)"
67.205.40.133 - - [27/Apr/2025:07:10:05 -0400] "GET /wp-login.php HTTP/1.1" 200 1882 "-" "Mozilla/5.0 (Windows NT 10.0; Win64; x64) AppleWebKit/537.36 (KHTML, like Gecko) Chrome/130.0.0.0 Safari/537.36"
147.135.215.173 - - [27/Apr/2025:07:10:06 -0400] "GET /about.php?action=edit&file=LC_MONETARY&path=//lib/locale/en_HK HTTP/1.1" 200 665 "-" "Mozilla/5.0 (compatible; MJ12bot/v1.4.8; http://mj12bot.com/)"
67.205.40.133 - - [27/Apr/2025:07:10:05 -0400] "POST /wp-login.php HTTP/1.1" 200 1968 "https://drshahidchudhary.com/wp-login.php" "Mozilla/5.0 (Windows NT 10.0; Win64; x64) AppleWebKit/537.36 (KHTML, like Gecko) Chrome/130.0.0.0 Safari/537.36"
46.254.34.138 - - [27/Apr/2025:07:10:08 -0400] "GET /wp-login.php HTTP/1.1" 200 1882 "-" "Mozilla/5.0 (Windows NT 10.0; Win64; x64) AppleWebKit/537.36 (KHTML, like Gecko) Chrome/130.0.0.0 Safari/537.36"
147.135.215.173 - - [27/Apr/2025:07:10:09 -0400] "GET /about.php?action=edit&file=LC_MONETARY&path=//lib/locale/en_HK.utf8 HTTP/1.1" 200 665 "-" "Mozilla/5.0 (compatible; MJ12bot/v1.4.8; http://mj12bot.com/)"
46.254.34.138 - - [27/Apr/2025:07:10:08 -0400] "POST /wp-login.php HTTP/1.1" 200 1968 "https://drshahidchudhary.com/wp-login.php" "Mozilla/5.0 (Windows NT 10.0; Win64; x64) AppleWebKit/537.36 (KHTML, like Gecko) Chrome/130.0.0.0 Safari/537.36"
147.135.215.173 - - [27/Apr/2025:07:10:10 -0400] "GET /about.php?action=edit&file=LC_MONETARY&path=//lib/locale/en_IE HTTP/1.1" 200 673 "-" "Mozilla/5.0 (compatible; MJ12bot/v1.4.8; http://mj12bot.com/)"
77.156.227.220 - - [27/Apr/2025:07:10:10 -0400] "GET /wp-login.php HTTP/1.1" 200 1882 "-" "Mozilla/5.0 (Windows NT 10.0; Win64; x64) AppleWebKit/537.36 (KHTML, like Gecko) Chrome/130.0.0.0 Safari/537.36"
77.156.227.220 - - [27/Apr/2025:07:10:11 -0400] "POST /wp-login.php HTTP/1.1" 200 1968 "https://drshahidchudhary.com/wp-login.php" "Mozilla/5.0 (Windows NT 10.0; Win64; x64) AppleWebKit/537.36 (KHTML, like Gecko) Chrome/130.0.0.0 Safari/537.36"
147.135.215.173 - - [27/Apr/2025:07:10:12 -0400] "GET /about.php?action=edit&file=LC_MONETARY&path=//lib/locale/en_IE@euro HTTP/1.1" 200 664 "-" "Mozilla/5.0 (compatible; MJ12bot/v1.4.8; http://mj12bot.com/)"
147.135.215.173 - - [27/Apr/2025:07:10:14 -0400] "GET /about.php?action=edit&file=LC_MONETARY&path=//lib/locale/en_IL HTTP/1.1" 200 679 "-" "Mozilla/5.0 (compatible; MJ12bot/v1.4.8; http://mj12bot.com/)"
192.145.237.149 - - [27/Apr/2025:07:10:15 -0400] "GET /wp-login.php HTTP/1.1" 200 1882 "-" "Mozilla/5.0 (Windows NT 10.0; Win64; x64) AppleWebKit/537.36 (KHTML, like Gecko) Chrome/130.0.0.0 Safari/537.36"
192.145.237.149 - - [27/Apr/2025:07:10:15 -0400] "POST /wp-login.php HTTP/1.1" 200 1968 "https://drshahidchudhary.com/wp-login.php" "Mozilla/5.0 (Windows NT 10.0; Win64; x64) AppleWebKit/537.36 (KHTML, like Gecko) Chrome/130.0.0.0 Safari/537.36"
147.135.215.173 - - [27/Apr/2025:07:10:16 -0400] "GET /about.php?action=edit&file=LC_MONETARY&path=//lib/locale/en_IN HTTP/1.1" 200 678 "-" "Mozilla/5.0 (compatible; MJ12bot/v1.4.8; http://mj12bot.com/)"
147.135.215.173 - - [27/Apr/2025:07:10:18 -0400] "GET /about.php?action=edit&file=LC_MONETARY&path=//lib/locale/en_NG HTTP/1.1" 200 678 "-" "Mozilla/5.0 (compatible; MJ12bot/v1.4.8; http://mj12bot.com/)"
18.119.57.194 - - [27/Apr/2025:07:10:18 -0400] "GET /wp-login.php HTTP/1.1" 200 1882 "-" "Mozilla/5.0 (Windows NT 10.0; Win64; x64) AppleWebKit/537.36 (KHTML, like Gecko) Chrome/130.0.0.0 Safari/537.36"
18.119.57.194 - - [27/Apr/2025:07:10:19 -0400] "POST /wp-login.php HTTP/1.1" 200 1968 "https://drshahidchudhary.com/wp-login.php" "Mozilla/5.0 (Windows NT 10.0; Win64; x64) AppleWebKit/537.36 (KHTML, like Gecko) Chrome/130.0.0.0 Safari/537.36"
147.135.215.173 - - [27/Apr/2025:07:10:20 -0400] "GET /about.php?action=edit&file=LC_MONETARY&path=//lib/locale/en_NZ HTTP/1.1" 200 661 "-" "Mozilla/5.0 (compatible; MJ12bot/v1.4.8; http://mj12bot.com/)"
147.135.215.173 - - [27/Apr/2025:07:10:21 -0400] "GET /about.php?action=edit&file=LC_MONETARY&path=//lib/locale/en_NZ.utf8 HTTP/1.1" 200 660 "-" "Mozilla/5.0 (compatible; MJ12bot/v1.4.8; http://mj12bot.com/)"
66.102.136.123 - - [27/Apr/2025:07:10:23 -0400] "GET /wp-login.php HTTP/1.1" 200 1882 "-" "Mozilla/5.0 (Windows NT 10.0; Win64; x64) AppleWebKit/537.36 (KHTML, like Gecko) Chrome/130.0.0.0 Safari/537.36"
147.135.215.173 - - [27/Apr/2025:07:10:24 -0400] "GET /about.php?action=edit&file=LC_MONETARY&path=//lib/locale/en_PH HTTP/1.1" 200 665 "-" "Mozilla/5.0 (compatible; MJ12bot/v1.4.8; http://mj12bot.com/)"
66.102.136.123 - - [27/Apr/2025:07:10:24 -0400] "POST /wp-login.php HTTP/1.1" 200 1968 "https://drshahidchudhary.com/wp-login.php" "Mozilla/5.0 (Windows NT 10.0; Win64; x64) AppleWebKit/537.36 (KHTML, like Gecko) Chrome/130.0.0.0 Safari/537.36"
147.135.215.173 - - [27/Apr/2025:07:10:26 -0400] "GET /about.php?action=edit&file=LC_MONETARY&path=//lib/locale/en_PH.utf8 HTTP/1.1" 200 671 "-" "Mozilla/5.0 (compatible; MJ12bot/v1.4.8; http://mj12bot.com/)"
147.135.215.173 - - [27/Apr/2025:07:10:28 -0400] "GET /about.php?action=edit&file=LC_MONETARY&path=//lib/locale/en_SC.utf8 HTTP/1.1" 200 668 "-" "Mozilla/5.0 (compatible; MJ12bot/v1.4.8; http://mj12bot.com/)"
147.135.215.173 - - [27/Apr/2025:07:10:30 -0400] "GET /about.php?action=edit&file=LC_MONETARY&path=//lib/locale/en_SG HTTP/1.1" 200 660 "-" "Mozilla/5.0 (compatible; MJ12bot/v1.4.8; http://mj12bot.com/)"
159.65.189.193 - - [27/Apr/2025:07:10:30 -0400] "GET /wp-login.php HTTP/1.1" 200 1882 "-" "Mozilla/5.0 (Windows NT 10.0; Win64; x64) AppleWebKit/537.36 (KHTML, like Gecko) Chrome/130.0.0.0 Safari/537.36"
147.135.215.173 - - [27/Apr/2025:07:10:31 -0400] "GET /about.php?action=edit&file=LC_MONETARY&path=//lib/locale/en_SG.utf8 HTTP/1.1" 200 660 "-" "Mozilla/5.0 (compatible; MJ12bot/v1.4.8; http://mj12bot.com/)"
66.29.132.124 - - [27/Apr/2025:07:10:32 -0400] "POST /wp-cron.php?doing_wp_cron=1745752232.4423890113830566406250 HTTP/1.1" 403 1242 "-" "WordPress/6.8; https://drshahidchudhary.com"
159.65.189.193 - - [27/Apr/2025:07:10:32 -0400] "POST /wp-login.php HTTP/1.1" 200 1968 "https://drshahidchudhary.com/wp-login.php" "Mozilla/5.0 (Windows NT 10.0; Win64; x64) AppleWebKit/537.36 (KHTML, like Gecko) Chrome/130.0.0.0 Safari/537.36"
147.135.215.173 - - [27/Apr/2025:07:10:33 -0400] "GET /about.php?action=edit&file=LC_MONETARY&path=//lib/locale/en_US HTTP/1.1" 200 660 "-" "Mozilla/5.0 (compatible; MJ12bot/v1.4.8; http://mj12bot.com/)"
147.135.215.173 - - [27/Apr/2025:07:10:35 -0400] "GET /about.php?action=edit&file=LC_MONETARY&path=//lib/locale/en_US.iso885915 HTTP/1.1" 200 661 "-" "Mozilla/5.0 (compatible; MJ12bot/v1.4.8; http://mj12bot.com/)"
147.135.215.173 - - [27/Apr/2025:07:10:37 -0400] "GET /about.php?action=edit&file=LC_MONETARY&path=//lib/locale/en_US.utf8 HTTP/1.1" 200 659 "-" "Mozilla/5.0 (compatible; MJ12bot/v1.4.8; http://mj12bot.com/)"
92.53.96.193 - - [27/Apr/2025:07:10:39 -0400] "GET /wp-login.php HTTP/1.1" 200 1882 "-" "Mozilla/5.0 (Windows NT 10.0; Win64; x64) AppleWebKit/537.36 (KHTML, like Gecko) Chrome/130.0.0.0 Safari/537.36"
147.135.215.173 - - [27/Apr/2025:07:10:39 -0400] "GET /about.php?action=edit&file=LC_MONETARY&path=//lib/locale/en_US.utf8@ampm HTTP/1.1" 200 659 "-" "Mozilla/5.0 (compatible; MJ12bot/v1.4.8; http://mj12bot.com/)"
92.53.96.193 - - [27/Apr/2025:07:10:39 -0400] "POST /wp-login.php HTTP/1.1" 200 1968 "https://drshahidchudhary.com/wp-login.php" "Mozilla/5.0 (Windows NT 10.0; Win64; x64) AppleWebKit/537.36 (KHTML, like Gecko) Chrome/130.0.0.0 Safari/537.36"
147.135.215.173 - - [27/Apr/2025:07:10:41 -0400] "GET /about.php?action=edit&file=LC_MONETARY&path=//lib/locale/en_US@ampm HTTP/1.1" 200 659 "-" "Mozilla/5.0 (compatible; MJ12bot/v1.4.8; http://mj12bot.com/)"
147.135.215.173 - - [27/Apr/2025:07:10:43 -0400] "GET /about.php?action=edit&file=LC_MONETARY&path=//lib/locale/en_ZA HTTP/1.1" 200 662 "-" "Mozilla/5.0 (compatible; MJ12bot/v1.4.8; http://mj12bot.com/)"
208.79.219.178 - - [27/Apr/2025:07:10:44 -0400] "GET /wp-login.php HTTP/1.1" 200 1882 "-" "Mozilla/5.0 (Windows NT 10.0; Win64; x64) AppleWebKit/537.36 (KHTML, like Gecko) Chrome/130.0.0.0 Safari/537.36"
147.135.215.173 - - [27/Apr/2025:07:10:45 -0400] "GET /about.php?action=edit&file=LC_MONETARY&path=//lib/locale/en_ZA.utf8 HTTP/1.1" 200 661 "-" "Mozilla/5.0 (compatible; MJ12bot/v1.4.8; http://mj12bot.com/)"
147.135.215.173 - - [27/Apr/2025:07:10:47 -0400] "GET /about.php?action=edit&file=LC_MONETARY&path=//lib/locale/en_ZW.utf8 HTTP/1.1" 200 660 "-" "Mozilla/5.0 (compatible; MJ12bot/v1.4.8; http://mj12bot.com/)"
208.79.219.178 - - [27/Apr/2025:07:10:49 -0400] "POST /wp-login.php HTTP/1.1" 200 1968 "https://drshahidchudhary.com/wp-login.php" "Mozilla/5.0 (Windows NT 10.0; Win64; x64) AppleWebKit/537.36 (KHTML, like Gecko) Chrome/130.0.0.0 Safari/537.36"
147.135.215.173 - - [27/Apr/2025:07:10:50 -0400] "GET /about.php?action=edit&file=LC_NAME&path=//lib/locale/C.utf8 HTTP/1.1" 200 605 "-" "Mozilla/5.0 (compatible; MJ12bot/v1.4.8; http://mj12bot.com/)"
147.135.215.173 - - [27/Apr/2025:07:10:52 -0400] "GET /about.php?action=edit&file=LC_NAME&path=//lib/locale/en_AG HTTP/1.1" 200 622 "-" "Mozilla/5.0 (compatible; MJ12bot/v1.4.8; http://mj12bot.com/)"
147.135.215.173 - - [27/Apr/2025:07:10:54 -0400] "GET /about.php?action=edit&file=LC_NAME&path=//lib/locale/en_AU HTTP/1.1" 200 604 "-" "Mozilla/5.0 (compatible; MJ12bot/v1.4.8; http://mj12bot.com/)"
147.135.215.173 - - [27/Apr/2025:07:10:55 -0400] "GET /about.php?action=edit&file=LC_NAME&path=//lib/locale/en_AU.utf8 HTTP/1.1" 200 605 "-" "Mozilla/5.0 (compatible; MJ12bot/v1.4.8; http://mj12bot.com/)"
147.135.215.173 - - [27/Apr/2025:07:10:58 -0400] "GET /about.php?action=edit&file=LC_NAME&path=//lib/locale/en_BW HTTP/1.1" 200 604 "-" "Mozilla/5.0 (compatible; MJ12bot/v1.4.8; http://mj12bot.com/)"
66.29.132.124 - - [27/Apr/2025:07:08:27 -0400] "POST /wp-cron.php?doing_wp_cron=1745752107.0479700565338134765625 HTTP/1.1" 403 1242 "-" "WordPress/6.8; https://drshahidchudhary.com"
142.93.31.43 - - [27/Apr/2025:07:08:26 -0400] "POST /wp-login.php HTTP/1.1" 200 1968 "https://drshahidchudhary.com/wp-login.php" "Mozilla/5.0 (Windows NT 10.0; Win64; x64) AppleWebKit/537.36 (KHTML, like Gecko) Chrome/130.0.0.0 Safari/537.36"
192.95.30.12 - - [27/Apr/2025:07:08:27 -0400] "GET /about.php?action=edit&file=ae7a5e5e6653dadd827fb08ee03844b41da010&path=//lib/.build-id/0a HTTP/1.1" 200 15238 "-" "Mozilla/5.0 (compatible; MJ12bot/v1.4.8; http://mj12bot.com/)"
192.95.30.12 - - [27/Apr/2025:07:08:29 -0400] "GET /about.php?action=edit&file=ae8062d4e85470095e72f27d282c75c66d0126&path=//lib/.build-id/b9 HTTP/1.1" 200 14796 "-" "Mozilla/5.0 (compatible; MJ12bot/v1.4.8; http://mj12bot.com/)"
192.95.30.12 - - [27/Apr/2025:07:08:30 -0400] "GET /about.php?action=edit&file=ae9acd4a8c4da3ab526591686118bdd7753c5d&path=//lib/.build-id/eb HTTP/1.1" 200 5205 "-" "Mozilla/5.0 (compatible; MJ12bot/v1.4.8; http://mj12bot.com/)"
192.95.30.12 - - [27/Apr/2025:07:08:32 -0400] "GET /about.php?action=edit&file=ae9fe7d238a9e01ca637f486430d17dc009dcc&path=//lib/.build-id/54 HTTP/1.1" 200 19124 "-" "Mozilla/5.0 (compatible; MJ12bot/v1.4.8; http://mj12bot.com/)"
192.95.30.12 - - [27/Apr/2025:07:08:34 -0400] "GET /about.php?action=edit&file=aea75601ffbfdd25b33f96723dbe9c3ae8f73d&path=//lib/.build-id/3b HTTP/1.1" 200 4146 "-" "Mozilla/5.0 (compatible; MJ12bot/v1.4.8; http://mj12bot.com/)"
192.95.30.12 - - [27/Apr/2025:07:08:35 -0400] "GET /about.php?action=edit&file=aeaac73e28b79a62777a6a1c4433aa1254d553&path=//lib/.build-id/e5 HTTP/1.1" 200 4774 "-" "Mozilla/5.0 (compatible; MJ12bot/v1.4.8; http://mj12bot.com/)"
192.95.30.12 - - [27/Apr/2025:07:08:37 -0400] "GET /about.php?action=edit&file=aeb951ca563085db81eefc3d67cbe3c2cc43ca&path=//lib/.build-id/1c HTTP/1.1" 200 10393 "-" "Mozilla/5.0 (compatible; MJ12bot/v1.4.8; http://mj12bot.com/)"
185.201.50.105 - - [27/Apr/2025:07:08:37 -0400] "GET /wp-login.php HTTP/1.1" 200 1882 "-" "Mozilla/5.0 (Windows NT 10.0; Win64; x64) AppleWebKit/537.36 (KHTML, like Gecko) Chrome/130.0.0.0 Safari/537.36"
192.95.30.12 - - [27/Apr/2025:07:08:38 -0400] "GET /about.php?action=edit&file=aed2e44383f3b585689ea0fef976de4464bc9d&path=//lib/.build-id/f8 HTTP/1.1" 200 1109337 "-" "Mozilla/5.0 (compatible; MJ12bot/v1.4.8; http://mj12bot.com/)"
185.201.50.105 - - [27/Apr/2025:07:08:39 -0400] "POST /wp-login.php HTTP/1.1" 200 1968 "https://drshahidchudhary.com/wp-login.php" "Mozilla/5.0 (Windows NT 10.0; Win64; x64) AppleWebKit/537.36 (KHTML, like Gecko) Chrome/130.0.0.0 Safari/537.36"
192.95.30.12 - - [27/Apr/2025:07:08:41 -0400] "GET /about.php?action=edit&file=aed5c9bd74651e7a80b9e377ae124834d04ee7&path=//lib/.build-id/a5 HTTP/1.1" 200 7913 "-" "Mozilla/5.0 (compatible; MJ12bot/v1.4.8; http://mj12bot.com/)"
192.95.30.12 - - [27/Apr/2025:07:08:43 -0400] "GET /about.php?action=edit&file=aedb4a281060fa3fa63805c5aa9039718e2498&path=//lib/.build-id/00 HTTP/1.1" 200 6083 "-" "Mozilla/5.0 (compatible; MJ12bot/v1.4.8; http://mj12bot.com/)"
147.135.215.173 - - [27/Apr/2025:07:11:00 -0400] "GET /about.php?action=edit&file=LC_NAME&path=//lib/locale/en_BW.utf8 HTTP/1.1" 200 605 "-" "Mozilla/5.0 (compatible; MJ12bot/v1.4.8; http://mj12bot.com/)"
147.135.215.173 - - [27/Apr/2025:07:11:02 -0400] "GET /about.php?action=edit&file=LC_NAME&path=//lib/locale/en_CA HTTP/1.1" 200 604 "-" "Mozilla/5.0 (compatible; MJ12bot/v1.4.8; http://mj12bot.com/)"
147.135.215.173 - - [27/Apr/2025:07:11:04 -0400] "GET /about.php?action=edit&file=LC_NAME&path=//lib/locale/en_CA.utf8 HTTP/1.1" 200 605 "-" "Mozilla/5.0 (compatible; MJ12bot/v1.4.8; http://mj12bot.com/)"
147.135.215.173 - - [27/Apr/2025:07:11:06 -0400] "GET /about.php?action=edit&file=LC_NAME&path=//lib/locale/en_DK HTTP/1.1" 200 604 "-" "Mozilla/5.0 (compatible; MJ12bot/v1.4.8; http://mj12bot.com/)"
147.135.215.173 - - [27/Apr/2025:07:11:09 -0400] "GET /about.php?action=edit&file=LC_NAME&path=//lib/locale/en_DK.utf8 HTTP/1.1" 200 605 "-" "Mozilla/5.0 (compatible; MJ12bot/v1.4.8; http://mj12bot.com/)"
147.135.215.173 - - [27/Apr/2025:07:11:10 -0400] "GET /about.php?action=edit&file=LC_NAME&path=//lib/locale/en_GB HTTP/1.1" 200 629 "-" "Mozilla/5.0 (compatible; MJ12bot/v1.4.8; http://mj12bot.com/)"
66.175.44.60 - - [27/Apr/2025:07:11:11 -0400] "GET /wp-login.php HTTP/1.1" 200 1882 "-" "Mozilla/5.0 (Windows NT 10.0; Win64; x64) AppleWebKit/537.36 (KHTML, like Gecko) Chrome/130.0.0.0 Safari/537.36"
147.135.215.173 - - [27/Apr/2025:07:11:12 -0400] "GET /about.php?action=edit&file=LC_NAME&path=//lib/locale/en_GB.iso885915 HTTP/1.1" 200 630 "-" "Mozilla/5.0 (compatible; MJ12bot/v1.4.8; http://mj12bot.com/)"
147.135.215.173 - - [27/Apr/2025:07:11:15 -0400] "GET /about.php?action=edit&file=LC_NAME&path=//lib/locale/en_GB.utf8 HTTP/1.1" 200 622 "-" "Mozilla/5.0 (compatible; MJ12bot/v1.4.8; http://mj12bot.com/)"
66.175.44.60 - - [27/Apr/2025:07:11:17 -0400] "POST /wp-login.php HTTP/1.1" 200 1968 "https://drshahidchudhary.com/wp-login.php" "Mozilla/5.0 (Windows NT 10.0; Win64; x64) AppleWebKit/537.36 (KHTML, like Gecko) Chrome/130.0.0.0 Safari/537.36"
147.135.215.173 - - [27/Apr/2025:07:11:18 -0400] "GET /about.php?action=edit&file=LC_NAME&path=//lib/locale/en_HK HTTP/1.1" 200 623 "-" "Mozilla/5.0 (compatible; MJ12bot/v1.4.8; http://mj12bot.com/)"
147.135.215.173 - - [27/Apr/2025:07:11:20 -0400] "GET /about.php?action=edit&file=LC_NAME&path=//lib/locale/en_HK.utf8 HTTP/1.1" 200 616 "-" "Mozilla/5.0 (compatible; MJ12bot/v1.4.8; http://mj12bot.com/)"
147.135.215.173 - - [27/Apr/2025:07:11:22 -0400] "GET /about.php?action=edit&file=LC_NAME&path=//lib/locale/en_IE HTTP/1.1" 200 604 "-" "Mozilla/5.0 (compatible; MJ12bot/v1.4.8; http://mj12bot.com/)"
147.135.215.173 - - [27/Apr/2025:07:11:24 -0400] "GET /about.php?action=edit&file=LC_NAME&path=//lib/locale/en_IE.utf8 HTTP/1.1" 200 605 "-" "Mozilla/5.0 (compatible; MJ12bot/v1.4.8; http://mj12bot.com/)"
149.50.131.182 - - [27/Apr/2025:07:11:25 -0400] "GET /wp-login.php HTTP/1.1" 200 1882 "-" "Mozilla/5.0 (Windows NT 10.0; Win64; x64) AppleWebKit/537.36 (KHTML, like Gecko) Chrome/130.0.0.0 Safari/537.36"
147.135.215.173 - - [27/Apr/2025:07:11:26 -0400] "GET /about.php?action=edit&file=LC_NAME&path=//lib/locale/en_IE@euro HTTP/1.1" 200 605 "-" "Mozilla/5.0 (compatible; MJ12bot/v1.4.8; http://mj12bot.com/)"
