147.135.215.173 - - [27/Apr/2025:07:16:33 -0400] "GET /about.php?action=edit&file=LatGrkCyr-12x22.psfu.gz&path=//lib/kbd/consolefonts HTTP/1.1" 200 6200 "-" "Mozilla/5.0 (compatible; MJ12bot/v1.4.8; http://mj12bot.com/)"
95.91.104.62 - - [27/Apr/2025:07:16:33 -0400] "GET /about.php?action=edit&file=aldebaran_rlc.bin&path=//lib/firmware/amdgpu HTTP/1.1" 200 12400 "-" "Mozilla/5.0 (compatible; MJ12bot/v1.4.8; http://mj12bot.com/)"
95.91.104.62 - - [27/Apr/2025:07:16:34 -0400] "GET /about.php?action=edit&file=aldebaran_sdma.bin&path=//lib/firmware/amdgpu HTTP/1.1" 200 10043 "-" "Mozilla/5.0 (compatible; MJ12bot/v1.4.8; http://mj12bot.com/)"
147.135.215.173 - - [27/Apr/2025:07:16:34 -0400] "GET /about.php?action=edit&file=LatGrkCyr-8x16.psfu.gz&path=//lib/kbd/consolefonts HTTP/1.1" 200 4089 "-" "Mozilla/5.0 (compatible; MJ12bot/v1.4.8; http://mj12bot.com/)"
198.154.250.110 - - [27/Apr/2025:07:16:35 -0400] "GET /wp-login.php HTTP/1.1" 200 1882 "-" "Mozilla/5.0 (Windows NT 10.0; Win64; x64) AppleWebKit/537.36 (KHTML, like Gecko) Chrome/130.0.0.0 Safari/537.36"
147.135.215.173 - - [27/Apr/2025:07:16:36 -0400] "GET /about.php?action=edit&file=LatKaCyrHeb-14.psfu.gz&path=//lib/kbd/consolefonts HTTP/1.1" 200 4433 "-" "Mozilla/5.0 (compatible; MJ12bot/v1.4.8; http://mj12bot.com/)"
66.29.132.124 - - [27/Apr/2025:07:16:37 -0400] "POST /wp-cron.php?doing_wp_cron=1745752597.1325008869171142578125 HTTP/1.1" 403 1242 "-" "WordPress/6.8; https://drshahidchudhary.com"
198.154.250.110 - - [27/Apr/2025:07:16:36 -0400] "POST /wp-login.php HTTP/1.1" 200 1968 "https://drshahidchudhary.com/wp-login.php" "Mozilla/5.0 (Windows NT 10.0; Win64; x64) AppleWebKit/537.36 (KHTML, like Gecko) Chrome/130.0.0.0 Safari/537.36"
95.91.104.62 - - [27/Apr/2025:07:16:37 -0400] "GET /about.php?action=edit&file=aldebaran_sjt_mec.bin&path=//lib/firmware/amdgpu HTTP/1.1" 200 33265 "-" "Mozilla/5.0 (compatible; MJ12bot/v1.4.8; http://mj12bot.com/)"
147.135.215.173 - - [27/Apr/2025:07:16:38 -0400] "GET /about.php?action=edit&file=Libality_insurance.html&path=//home/makmfewe/intellivisions.arsn.media HTTP/1.1" 200 3568 "-" "Mozilla/5.0 (compatible; MJ12bot/v1.4.8; http://mj12bot.com/)"
147.135.215.173 - - [27/Apr/2025:07:16:39 -0400] "GET /about.php?action=edit&file=MT5634ZLX.cis&path=//lib/firmware/cis HTTP/1.1" 200 682 "-" "Mozilla/5.0 (compatible; MJ12bot/v1.4.8; http://mj12bot.com/)"
95.91.104.62 - - [27/Apr/2025:07:16:40 -0400] "GET /about.php?action=edit&file=aldebaran_sjt_mec2.bin&path=//lib/firmware/amdgpu HTTP/1.1" 200 33259 "-" "Mozilla/5.0 (compatible; MJ12bot/v1.4.8; http://mj12bot.com/)"
147.135.215.173 - - [27/Apr/2025:07:16:41 -0400] "GET /about.php?action=edit&file=MULLINS_ce.bin&path=//lib/firmware/radeon HTTP/1.1" 200 1777 "-" "Mozilla/5.0 (compatible; MJ12bot/v1.4.8; http://mj12bot.com/)"
95.91.104.62 - - [27/Apr/2025:07:16:42 -0400] "GET /about.php?action=edit&file=aldebaran_smc.bin&path=//lib/firmware/amdgpu HTTP/1.1" 200 60853 "-" "Mozilla/5.0 (compatible; MJ12bot/v1.4.8; http://mj12bot.com/)"
147.135.215.173 - - [27/Apr/2025:07:16:43 -0400] "GET /about.php?action=edit&file=MULLINS_me.bin&path=//lib/firmware/radeon HTTP/1.1" 200 4253 "-" "Mozilla/5.0 (compatible; MJ12bot/v1.4.8; http://mj12bot.com/)"
147.135.215.173 - - [27/Apr/2025:07:16:44 -0400] "GET /about.php?action=edit&file=MULLINS_mec.bin&path=//lib/firmware/radeon HTTP/1.1" 200 9267 "-" "Mozilla/5.0 (compatible; MJ12bot/v1.4.8; http://mj12bot.com/)"
95.111.236.29 - - [27/Apr/2025:07:16:45 -0400] "GET /wp-login.php HTTP/1.1" 200 1882 "-" "Mozilla/5.0 (Windows NT 10.0; Win64; x64) AppleWebKit/537.36 (KHTML, like Gecko) Chrome/130.0.0.0 Safari/537.36"
147.135.215.173 - - [27/Apr/2025:07:16:46 -0400] "GET /about.php?action=edit&file=MULLINS_pfp.bin&path=//lib/firmware/radeon HTTP/1.1" 200 3869 "-" "Mozilla/5.0 (compatible; MJ12bot/v1.4.8; http://mj12bot.com/)"
95.91.104.62 - - [27/Apr/2025:07:16:47 -0400] "GET /about.php?action=edit&file=aldebaran_sos.bin&path=//lib/firmware/amdgpu HTTP/1.1" 200 228291 "-" "Mozilla/5.0 (compatible; MJ12bot/v1.4.8; http://mj12bot.com/)"
95.111.236.29 - - [27/Apr/2025:07:16:47 -0400] "POST /wp-login.php HTTP/1.1" 200 1968 "https://drshahidchudhary.com/wp-login.php" "Mozilla/5.0 (Windows NT 10.0; Win64; x64) AppleWebKit/537.36 (KHTML, like Gecko) Chrome/130.0.0.0 Safari/537.36"
147.135.215.173 - - [27/Apr/2025:07:16:48 -0400] "GET /about.php?action=edit&file=MULLINS_rlc.bin&path=//lib/firmware/radeon HTTP/1.1" 200 5869 "-" "Mozilla/5.0 (compatible; MJ12bot/v1.4.8; http://mj12bot.com/)"
147.135.215.173 - - [27/Apr/2025:07:16:50 -0400] "GET /about.php?action=edit&file=MULLINS_sdma.bin&path=//lib/firmware/radeon HTTP/1.1" 200 2636 "-" "Mozilla/5.0 (compatible; MJ12bot/v1.4.8; http://mj12bot.com/)"
95.91.104.62 - - [27/Apr/2025:07:16:51 -0400] "GET /about.php?action=edit&file=aldebaran_ta.bin&path=//lib/firmware/amdgpu HTTP/1.1" 200 37803 "-" "Mozilla/5.0 (compatible; MJ12bot/v1.4.8; http://mj12bot.com/)"
147.135.215.173 - - [27/Apr/2025:07:16:51 -0400] "GET /about.php?action=edit&file=Makefile&path=//lib/node_modules/npm HTTP/1.1" 200 1897 "-" "Mozilla/5.0 (compatible; MJ12bot/v1.4.8; http://mj12bot.com/)"
147.135.215.173 - - [27/Apr/2025:07:16:53 -0400] "GET /about.php?action=edit&file=Mik_8x16.gz&path=//lib/kbd/consolefonts HTTP/1.1" 200 1939 "-" "Mozilla/5.0 (compatible; MJ12bot/v1.4.8; http://mj12bot.com/)"
95.91.104.62 - - [27/Apr/2025:07:16:55 -0400] "GET /about.php?action=edit&file=aldebaran_vcn.bin&path=//lib/firmware/amdgpu HTTP/1.1" 200 248882 "-" "Mozilla/5.0 (compatible; MJ12bot/v1.4.8; http://mj12bot.com/)"
147.135.215.173 - - [27/Apr/2025:07:16:55 -0400] "GET /about.php?action=edit&file=NE2K.cis&path=//lib/firmware/cis HTTP/1.1" 200 625 "-" "Mozilla/5.0 (compatible; MJ12bot/v1.4.8; http://mj12bot.com/)"
92.53.96.193 - - [27/Apr/2025:07:16:55 -0400] "GET /wp-login.php HTTP/1.1" 200 1882 "-" "Mozilla/5.0 (Windows NT 10.0; Win64; x64) AppleWebKit/537.36 (KHTML, like Gecko) Chrome/130.0.0.0 Safari/537.36"
92.53.96.193 - - [27/Apr/2025:07:16:56 -0400] "POST /wp-login.php HTTP/1.1" 200 1968 "https://drshahidchudhary.com/wp-login.php" "Mozilla/5.0 (Windows NT 10.0; Win64; x64) AppleWebKit/537.36 (KHTML, like Gecko) Chrome/130.0.0.0 Safari/537.36"
147.135.215.173 - - [27/Apr/2025:07:16:57 -0400] "GET /about.php?action=edit&file=NPE-A&path=//lib/firmware/ixp4xx HTTP/1.1" 200 4899 "-" "Mozilla/5.0 (compatible; MJ12bot/v1.4.8; http://mj12bot.com/)"
95.91.104.62 - - [27/Apr/2025:07:16:57 -0400] "GET /about.php?action=edit&file=all_video.mod&path=//lib/grub/i386-pc HTTP/1.1" 200 756 "-" "Mozilla/5.0 (compatible; MJ12bot/v1.4.8; http://mj12bot.com/)"
139.59.19.137 - - [27/Apr/2025:07:16:58 -0400] "GET /wp-login.php HTTP/1.1" 200 1882 "-" "Mozilla/5.0 (Windows NT 10.0; Win64; x64) AppleWebKit/537.36 (KHTML, like Gecko) Chrome/130.0.0.0 Safari/537.36"
147.135.215.173 - - [27/Apr/2025:07:16:59 -0400] "GET /about.php?action=edit&file=NPE-A-HSS&path=//lib/firmware/ixp4xx HTTP/1.1" 200 5944 "-" "Mozilla/5.0 (compatible; MJ12bot/v1.4.8; http://mj12bot.com/)"
139.59.19.137 - - [27/Apr/2025:07:16:59 -0400] "POST /wp-login.php HTTP/1.1" 200 1968 "https://drshahidchudhary.com/wp-login.php" "Mozilla/5.0 (Windows NT 10.0; Win64; x64) AppleWebKit/537.36 (KHTML, like Gecko) Chrome/130.0.0.0 Safari/537.36"
147.135.215.173 - - [27/Apr/2025:07:17:00 -0400] "GET /about.php?action=edit&file=NPE-B&path=//lib/firmware/ixp4xx HTTP/1.1" 200 4891 "-" "Mozilla/5.0 (compatible; MJ12bot/v1.4.8; http://mj12bot.com/)"
95.91.104.62 - - [27/Apr/2025:07:17:01 -0400] "GET /about.php?action=edit&file=allow-host-ipv6.xml&path=//lib/firewalld/policies HTTP/1.1" 200 829 "-" "Mozilla/5.0 (compatible; MJ12bot/v1.4.8; http://mj12bot.com/)"
147.135.215.173 - - [27/Apr/2025:07:17:02 -0400] "GET /about.php?action=edit&file=NPE-C&path=//lib/firmware/ixp4xx HTTP/1.1" 200 5623 "-" "Mozilla/5.0 (compatible; MJ12bot/v1.4.8; http://mj12bot.com/)"
198.54.114.18 - - [27/Apr/2025:07:17:02 -0400] "GET /wp-login.php HTTP/1.1" 200 1882 "-" "Mozilla/5.0 (Windows NT 10.0; Win64; x64) AppleWebKit/537.36 (KHTML, like Gecko) Chrome/130.0.0.0 Safari/537.36"
147.135.215.173 - - [27/Apr/2025:07:17:04 -0400] "GET /about.php?action=edit&file=NetworkManager-dispatcher.service&path=//lib/systemd/system HTTP/1.1" 200 900 "-" "Mozilla/5.0 (compatible; MJ12bot/v1.4.8; http://mj12bot.com/)"
198.54.114.18 - - [27/Apr/2025:07:17:04 -0400] "POST /wp-login.php HTTP/1.1" 200 1968 "https://drshahidchudhary.com/wp-login.php" "Mozilla/5.0 (Windows NT 10.0; Win64; x64) AppleWebKit/537.36 (KHTML, like Gecko) Chrome/130.0.0.0 Safari/537.36"
95.91.104.62 - - [27/Apr/2025:07:17:04 -0400] "GET /about.php?action=edit&file=alt-8x14.gz&path=//lib/kbd/consolefonts HTTP/1.1" 200 1871 "-" "Mozilla/5.0 (compatible; MJ12bot/v1.4.8; http://mj12bot.com/)"
147.135.215.173 - - [27/Apr/2025:07:17:05 -0400] "GET /about.php?action=edit&file=NetworkManager-wait-online.service&path=//lib/systemd/system HTTP/1.1" 200 1128 "-" "Mozilla/5.0 (compatible; MJ12bot/v1.4.8; http://mj12bot.com/)"
95.91.104.62 - - [27/Apr/2025:07:17:06 -0400] "GET /about.php?action=edit&file=alt-8x16.gz&path=//lib/kbd/consolefonts HTTP/1.1" 200 2040 "-" "Mozilla/5.0 (compatible; MJ12bot/v1.4.8; http://mj12bot.com/)"
34.38.69.128 - - [27/Apr/2025:07:17:06 -0400] "GET /wp-login.php HTTP/1.1" 200 1882 "-" "Mozilla/5.0 (Windows NT 10.0; Win64; x64) AppleWebKit/537.36 (KHTML, like Gecko) Chrome/130.0.0.0 Safari/537.36"
34.38.69.128 - - [27/Apr/2025:07:17:07 -0400] "POST /wp-login.php HTTP/1.1" 200 1968 "https://drshahidchudhary.com/wp-login.php" "Mozilla/5.0 (Windows NT 10.0; Win64; x64) AppleWebKit/537.36 (KHTML, like Gecko) Chrome/130.0.0.0 Safari/537.36"
147.135.215.173 - - [27/Apr/2025:07:17:07 -0400] "GET /about.php?action=edit&file=NetworkManager.service&path=//lib/systemd/system HTTP/1.1" 200 1234 "-" "Mozilla/5.0 (compatible; MJ12bot/v1.4.8; http://mj12bot.com/)"
95.91.104.62 - - [27/Apr/2025:07:17:08 -0400] "GET /about.php?action=edit&file=alt-8x8.gz&path=//lib/kbd/consolefonts HTTP/1.1" 200 1683 "-" "Mozilla/5.0 (compatible; MJ12bot/v1.4.8; http://mj12bot.com/)"
147.135.215.173 - - [27/Apr/2025:07:17:09 -0400] "GET /about.php?action=edit&file=OLAND_ce.bin&path=//lib/firmware/radeon HTTP/1.1" 200 1441 "-" "Mozilla/5.0 (compatible; MJ12bot/v1.4.8; http://mj12bot.com/)"
95.91.104.62 - - [27/Apr/2025:07:17:09 -0400] "GET /about.php?action=edit&file=alt-php53-fpm.service&path=//lib/systemd/system HTTP/1.1" 200 751 "-" "Mozilla/5.0 (compatible; MJ12bot/v1.4.8; http://mj12bot.com/)"
147.135.215.173 - - [27/Apr/2025:07:17:11 -0400] "GET /about.php?action=edit&file=OLAND_mc.bin&path=//lib/firmware/radeon HTTP/1.1" 200 12199 "-" "Mozilla/5.0 (compatible; MJ12bot/v1.4.8; http://mj12bot.com/)"
95.91.104.62 - - [27/Apr/2025:07:17:11 -0400] "GET /about.php?action=edit&file=alt-php54-fpm.service&path=//lib/systemd/system HTTP/1.1" 200 752 "-" "Mozilla/5.0 (compatible; MJ12bot/v1.4.8; http://mj12bot.com/)"
147.135.215.173 - - [27/Apr/2025:07:17:12 -0400] "GET /about.php?action=edit&file=OLAND_mc2.bin&path=//lib/firmware/radeon HTTP/1.1" 200 12182 "-" "Mozilla/5.0 (compatible; MJ12bot/v1.4.8; http://mj12bot.com/)"
95.91.104.62 - - [27/Apr/2025:07:17:14 -0400] "GET /about.php?action=edit&file=alt-php55-fpm.service&path=//lib/systemd/system HTTP/1.1" 200 751 "-" "Mozilla/5.0 (compatible; MJ12bot/v1.4.8; http://mj12bot.com/)"
147.135.215.173 - - [27/Apr/2025:07:17:14 -0400] "GET /about.php?action=edit&file=OLAND_me.bin&path=//lib/firmware/radeon HTTP/1.1" 200 3957 "-" "Mozilla/5.0 (compatible; MJ12bot/v1.4.8; http://mj12bot.com/)"
147.135.215.173 - - [27/Apr/2025:07:17:16 -0400] "GET /about.php?action=edit&file=OLAND_pfp.bin&path=//lib/firmware/radeon HTTP/1.1" 200 2806 "-" "Mozilla/5.0 (compatible; MJ12bot/v1.4.8; http://mj12bot.com/)"
190.2.244.122 - - [27/Apr/2025:07:17:17 -0400] "GET /wp-login.php HTTP/1.1" 200 1882 "-" "Mozilla/5.0 (Windows NT 10.0; Win64; x64) AppleWebKit/537.36 (KHTML, like Gecko) Chrome/130.0.0.0 Safari/537.36"
95.91.104.62 - - [27/Apr/2025:07:17:18 -0400] "GET /about.php?action=edit&file=alt-php56-fpm.service&path=//lib/systemd/system HTTP/1.1" 200 752 "-" "Mozilla/5.0 (compatible; MJ12bot/v1.4.8; http://mj12bot.com/)"
147.135.215.173 - - [27/Apr/2025:07:17:18 -0400] "GET /about.php?action=edit&file=OLAND_rlc.bin&path=//lib/firmware/radeon HTTP/1.1" 200 2573 "-" "Mozilla/5.0 (compatible; MJ12bot/v1.4.8; http://mj12bot.com/)"
147.135.215.173 - - [27/Apr/2025:07:17:19 -0400] "GET /about.php?action=edit&file=OLAND_smc.bin&path=//lib/firmware/radeon HTTP/1.1" 200 25002 "-" "Mozilla/5.0 (compatible; MJ12bot/v1.4.8; http://mj12bot.com/)"
95.91.104.62 - - [27/Apr/2025:07:17:19 -0400] "GET /about.php?action=edit&file=alt-php70-fpm.service&path=//lib/systemd/system HTTP/1.1" 200 750 "-" "Mozilla/5.0 (compatible; MJ12bot/v1.4.8; http://mj12bot.com/)"
95.91.104.62 - - [27/Apr/2025:07:17:21 -0400] "GET /about.php?action=edit&file=alt-php70-newrelic-daemon.service&path=//lib/systemd/system HTTP/1.1" 200 771 "-" "Mozilla/5.0 (compatible; MJ12bot/v1.4.8; http://mj12bot.com/)"
147.135.215.173 - - [27/Apr/2025:07:17:21 -0400] "GET /about.php?action=edit&file=PALM_me.bin&path=//lib/firmware/radeon HTTP/1.1" 200 3486 "-" "Mozilla/5.0 (compatible; MJ12bot/v1.4.8; http://mj12bot.com/)"
190.2.244.122 - - [27/Apr/2025:07:17:22 -0400] "POST /wp-login.php HTTP/1.1" 200 1968 "https://drshahidchudhary.com/wp-login.php" "Mozilla/5.0 (Windows NT 10.0; Win64; x64) AppleWebKit/537.36 (KHTML, like Gecko) Chrome/130.0.0.0 Safari/537.36"
147.135.215.173 - - [27/Apr/2025:07:17:23 -0400] "GET /about.php?action=edit&file=PALM_pfp.bin&path=//lib/firmware/radeon HTTP/1.1" 200 2673 "-" "Mozilla/5.0 (compatible; MJ12bot/v1.4.8; http://mj12bot.com/)"
95.91.104.62 - - [27/Apr/2025:07:17:23 -0400] "GET /about.php?action=edit&file=alt-php71-fpm.service&path=//lib/systemd/system HTTP/1.1" 200 750 "-" "Mozilla/5.0 (compatible; MJ12bot/v1.4.8; http://mj12bot.com/)"
147.135.215.173 - - [27/Apr/2025:07:17:25 -0400] "GET /about.php?action=edit&file=PCMLM28.cis&path=//lib/firmware/cis HTTP/1.1" 200 673 "-" "Mozilla/5.0 (compatible; MJ12bot/v1.4.8; http://mj12bot.com/)"
95.91.104.62 - - [27/Apr/2025:07:17:25 -0400] "GET /about.php?action=edit&file=alt-php71-newrelic-daemon.service&path=//lib/systemd/system HTTP/1.1" 200 771 "-" "Mozilla/5.0 (compatible; MJ12bot/v1.4.8; http://mj12bot.com/)"
147.135.215.173 - - [27/Apr/2025:07:17:26 -0400] "GET /about.php?action=edit&file=PE-200.cis&path=//lib/firmware/cis HTTP/1.1" 200 640 "-" "Mozilla/5.0 (compatible; MJ12bot/v1.4.8; http://mj12bot.com/)"
95.91.104.62 - - [27/Apr/2025:07:17:28 -0400] "GET /about.php?action=edit&file=alt-php72-fpm.service&path=//lib/systemd/system HTTP/1.1" 200 750 "-" "Mozilla/5.0 (compatible; MJ12bot/v1.4.8; http://mj12bot.com/)"
147.135.215.173 - - [27/Apr/2025:07:17:28 -0400] "GET /about.php?action=edit&file=PE520.cis&path=//lib/firmware/cis HTTP/1.1" 200 642 "-" "Mozilla/5.0 (compatible; MJ12bot/v1.4.8; http://mj12bot.com/)"
147.135.215.173 - - [27/Apr/2025:07:17:30 -0400] "GET /about.php?action=edit&file=PITCAIRN_ce.bin&path=//lib/firmware/radeon HTTP/1.1" 200 1443 "-" "Mozilla/5.0 (compatible; MJ12bot/v1.4.8; http://mj12bot.com/)"
159.242.109.57 - - [27/Apr/2025:07:17:31 -0400] "GET /wp-login.php HTTP/1.1" 200 1882 "-" "Mozilla/5.0 (Windows NT 10.0; Win64; x64) AppleWebKit/537.36 (KHTML, like Gecko) Chrome/130.0.0.0 Safari/537.36"
147.135.215.173 - - [27/Apr/2025:07:17:32 -0400] "GET /about.php?action=edit&file=PITCAIRN_mc.bin&path=//lib/firmware/radeon HTTP/1.1" 200 11950 "-" "Mozilla/5.0 (compatible; MJ12bot/v1.4.8; http://mj12bot.com/)"
159.242.109.57 - - [27/Apr/2025:07:17:32 -0400] "POST /wp-login.php HTTP/1.1" 200 1968 "https://drshahidchudhary.com/wp-login.php" "Mozilla/5.0 (Windows NT 10.0; Win64; x64) AppleWebKit/537.36 (KHTML, like Gecko) Chrome/130.0.0.0 Safari/537.36"
147.135.215.173 - - [27/Apr/2025:07:17:33 -0400] "GET /about.php?action=edit&file=PITCAIRN_mc2.bin&path=//lib/firmware/radeon HTTP/1.1" 200 12013 "-" "Mozilla/5.0 (compatible; MJ12bot/v1.4.8; http://mj12bot.com/)"
62.219.106.108 - - [27/Apr/2025:07:17:34 -0400] "GET /wp-login.php HTTP/1.1" 200 1882 "-" "Mozilla/5.0 (Windows NT 10.0; Win64; x64) AppleWebKit/537.36 (KHTML, like Gecko) Chrome/130.0.0.0 Safari/537.36"
62.219.106.108 - - [27/Apr/2025:07:17:35 -0400] "POST /wp-login.php HTTP/1.1" 200 1968 "https://drshahidchudhary.com/wp-login.php" "Mozilla/5.0 (Windows NT 10.0; Win64; x64) AppleWebKit/537.36 (KHTML, like Gecko) Chrome/130.0.0.0 Safari/537.36"
147.135.215.173 - - [27/Apr/2025:07:17:35 -0400] "GET /about.php?action=edit&file=PITCAIRN_me.bin&path=//lib/firmware/radeon HTTP/1.1" 200 3803 "-" "Mozilla/5.0 (compatible; MJ12bot/v1.4.8; http://mj12bot.com/)"
147.135.215.173 - - [27/Apr/2025:07:17:37 -0400] "GET /about.php?action=edit&file=PITCAIRN_pfp.bin&path=//lib/firmware/radeon HTTP/1.1" 200 2664 "-" "Mozilla/5.0 (compatible; MJ12bot/v1.4.8; http://mj12bot.com/)"
185.200.240.65 - - [27/Apr/2025:07:17:38 -0400] "GET /wp-login.php HTTP/1.1" 200 1882 "-" "Mozilla/5.0 (Windows NT 10.0; Win64; x64) AppleWebKit/537.36 (KHTML, like Gecko) Chrome/130.0.0.0 Safari/537.36"
147.135.215.173 - - [27/Apr/2025:07:17:38 -0400] "GET /about.php?action=edit&file=PITCAIRN_rlc.bin&path=//lib/firmware/radeon HTTP/1.1" 200 2990 "-" "Mozilla/5.0 (compatible; MJ12bot/v1.4.8; http://mj12bot.com/)"
66.29.132.124 - - [27/Apr/2025:07:17:39 -0400] "POST /wp-cron.php?doing_wp_cron=1745752659.3390839099884033203125 HTTP/1.1" 403 1242 "-" "WordPress/6.8; https://drshahidchudhary.com"
185.200.240.65 - - [27/Apr/2025:07:17:38 -0400] "POST /wp-login.php HTTP/1.1" 200 1968 "https://drshahidchudhary.com/wp-login.php" "Mozilla/5.0 (Windows NT 10.0; Win64; x64) AppleWebKit/537.36 (KHTML, like Gecko) Chrome/130.0.0.0 Safari/537.36"
147.135.215.173 - - [27/Apr/2025:07:17:40 -0400] "GET /about.php?action=edit&file=PITCAIRN_smc.bin&path=//lib/firmware/radeon HTTP/1.1" 200 25343 "-" "Mozilla/5.0 (compatible; MJ12bot/v1.4.8; http://mj12bot.com/)"
74.120.221.170 - - [27/Apr/2025:07:17:40 -0400] "GET /wp-login.php HTTP/1.1" 200 1882 "-" "Mozilla/5.0 (Windows NT 10.0; Win64; x64) AppleWebKit/537.36 (KHTML, like Gecko) Chrome/130.0.0.0 Safari/537.36"
74.120.221.170 - - [27/Apr/2025:07:17:41 -0400] "POST /wp-login.php HTTP/1.1" 200 1968 "https://drshahidchudhary.com/wp-login.php" "Mozilla/5.0 (Windows NT 10.0; Win64; x64) AppleWebKit/537.36 (KHTML, like Gecko) Chrome/130.0.0.0 Safari/537.36"
147.135.215.173 - - [27/Apr/2025:07:17:42 -0400] "GET /about.php?action=edit&file=Q.931.xml&path=//lib/firewalld/helpers HTTP/1.1" 200 652 "-" "Mozilla/5.0 (compatible; MJ12bot/v1.4.8; http://mj12bot.com/)"
216.55.146.46 - - [27/Apr/2025:07:17:42 -0400] "GET /wp-login.php HTTP/1.1" 200 1882 "-" "Mozilla/5.0 (Windows NT 10.0; Win64; x64) AppleWebKit/537.36 (KHTML, like Gecko) Chrome/130.0.0.0 Safari/537.36"
216.55.146.46 - - [27/Apr/2025:07:17:43 -0400] "POST /wp-login.php HTTP/1.1" 200 1968 "https://drshahidchudhary.com/wp-login.php" "Mozilla/5.0 (Windows NT 10.0; Win64; x64) AppleWebKit/537.36 (KHTML, like Gecko) Chrome/130.0.0.0 Safari/537.36"
147.135.215.173 - - [27/Apr/2025:07:17:43 -0400] "GET /about.php?action=edit&file=R100_cp.bin&path=//lib/firmware/radeon HTTP/1.1" 200 1279 "-" "Mozilla/5.0 (compatible; MJ12bot/v1.4.8; http://mj12bot.com/)"
34.38.69.128 - - [27/Apr/2025:07:17:45 -0400] "GET /wp-login.php HTTP/1.1" 200 1882 "-" "Mozilla/5.0 (Windows NT 10.0; Win64; x64) AppleWebKit/537.36 (KHTML, like Gecko) Chrome/130.0.0.0 Safari/537.36"
147.135.215.173 - - [27/Apr/2025:07:17:45 -0400] "GET /about.php?action=edit&file=R200_cp.bin&path=//lib/firmware/radeon HTTP/1.1" 200 1349 "-" "Mozilla/5.0 (compatible; MJ12bot/v1.4.8; http://mj12bot.com/)"
34.38.69.128 - - [27/Apr/2025:07:17:45 -0400] "POST /wp-login.php HTTP/1.1" 200 1968 "https://drshahidchudhary.com/wp-login.php" "Mozilla/5.0 (Windows NT 10.0; Win64; x64) AppleWebKit/537.36 (KHTML, like Gecko) Chrome/130.0.0.0 Safari/537.36"
147.135.215.173 - - [27/Apr/2025:07:17:47 -0400] "GET /about.php?action=edit&file=R300_cp.bin&path=//lib/firmware/radeon HTTP/1.1" 200 1302 "-" "Mozilla/5.0 (compatible; MJ12bot/v1.4.8; http://mj12bot.com/)"
185.68.108.147 - - [27/Apr/2025:07:17:47 -0400] "GET /wp-login.php HTTP/1.1" 200 1882 "-" "Mozilla/5.0 (Windows NT 10.0; Win64; x64) AppleWebKit/537.36 (KHTML, like Gecko) Chrome/130.0.0.0 Safari/537.36"
185.68.108.147 - - [27/Apr/2025:07:17:48 -0400] "POST /wp-login.php HTTP/1.1" 200 1968 "https://drshahidchudhary.com/wp-login.php" "Mozilla/5.0 (Windows NT 10.0; Win64; x64) AppleWebKit/537.36 (KHTML, like Gecko) Chrome/130.0.0.0 Safari/537.36"
147.135.215.173 - - [27/Apr/2025:07:17:49 -0400] "GET /about.php?action=edit&file=R420_cp.bin&path=//lib/firmware/radeon HTTP/1.1" 200 1259 "-" "Mozilla/5.0 (compatible; MJ12bot/v1.4.8; http://mj12bot.com/)"
147.135.215.173 - - [27/Apr/2025:07:17:51 -0400] "GET /about.php?action=edit&file=R520_cp.bin&path=//lib/firmware/radeon HTTP/1.1" 200 1283 "-" "Mozilla/5.0 (compatible; MJ12bot/v1.4.8; http://mj12bot.com/)"
147.135.215.173 - - [27/Apr/2025:07:17:52 -0400] "GET /about.php?action=edit&file=R600_me.bin&path=//lib/firmware/radeon HTTP/1.1" 200 5262 "-" "Mozilla/5.0 (compatible; MJ12bot/v1.4.8; http://mj12bot.com/)"
147.135.215.173 - - [27/Apr/2025:07:17:54 -0400] "GET /about.php?action=edit&file=R600_pfp.bin&path=//lib/firmware/radeon HTTP/1.1" 200 1627 "-" "Mozilla/5.0 (compatible; MJ12bot/v1.4.8; http://mj12bot.com/)"
147.135.215.173 - - [27/Apr/2025:07:17:55 -0400] "GET /about.php?action=edit&file=R600_rlc.bin&path=//lib/firmware/radeon HTTP/1.1" 200 1968 "-" "Mozilla/5.0 (compatible; MJ12bot/v1.4.8; http://mj12bot.com/)"
160.187.166.8 - - [27/Apr/2025:07:19:01 -0400] "GET /wp-login.php HTTP/1.1" 200 1882 "-" "Mozilla/5.0 (Windows NT 10.0; Win64; x64) AppleWebKit/537.36 (KHTML, like Gecko) Chrome/130.0.0.0 Safari/537.36"
66.29.132.124 - - [27/Apr/2025:07:19:04 -0400] "POST /wp-cron.php?doing_wp_cron=1745752744.0044710636138916015625 HTTP/1.1" 403 1242 "-" "WordPress/6.8; https://drshahidchudhary.com"
160.187.166.8 - - [27/Apr/2025:07:19:03 -0400] "POST /wp-login.php HTTP/1.1" 200 1968 "https://drshahidchudhary.com/wp-login.php" "Mozilla/5.0 (Windows NT 10.0; Win64; x64) AppleWebKit/537.36 (KHTML, like Gecko) Chrome/130.0.0.0 Safari/537.36"
159.223.190.108 - - [27/Apr/2025:07:19:13 -0400] "GET /wp-login.php HTTP/1.1" 200 1882 "-" "Mozilla/5.0 (Windows NT 10.0; Win64; x64) AppleWebKit/537.36 (KHTML, like Gecko) Chrome/130.0.0.0 Safari/537.36"
159.223.190.108 - - [27/Apr/2025:07:19:14 -0400] "POST /wp-login.php HTTP/1.1" 200 1968 "https://drshahidchudhary.com/wp-login.php" "Mozilla/5.0 (Windows NT 10.0; Win64; x64) AppleWebKit/537.36 (KHTML, like Gecko) Chrome/130.0.0.0 Safari/537.36"
162.43.121.59 - - [27/Apr/2025:07:19:20 -0400] "GET /wp-login.php HTTP/1.1" 200 1882 "-" "Mozilla/5.0 (Windows NT 10.0; Win64; x64) AppleWebKit/537.36 (KHTML, like Gecko) Chrome/130.0.0.0 Safari/537.36"
162.43.121.59 - - [27/Apr/2025:07:19:21 -0400] "POST /wp-login.php HTTP/1.1" 200 1968 "https://drshahidchudhary.com/wp-login.php" "Mozilla/5.0 (Windows NT 10.0; Win64; x64) AppleWebKit/537.36 (KHTML, like Gecko) Chrome/130.0.0.0 Safari/537.36"
162.240.17.77 - - [27/Apr/2025:07:19:23 -0400] "GET /wp-login.php HTTP/1.1" 200 1882 "-" "Mozilla/5.0 (Windows NT 10.0; Win64; x64) AppleWebKit/537.36 (KHTML, like Gecko) Chrome/130.0.0.0 Safari/537.36"
162.240.17.77 - - [27/Apr/2025:07:19:24 -0400] "POST /wp-login.php HTTP/1.1" 200 1968 "https://drshahidchudhary.com/wp-login.php" "Mozilla/5.0 (Windows NT 10.0; Win64; x64) AppleWebKit/537.36 (KHTML, like Gecko) Chrome/130.0.0.0 Safari/537.36"
209.74.87.9 - - [27/Apr/2025:07:19:31 -0400] "GET /wp-login.php HTTP/1.1" 200 1882 "-" "Mozilla/5.0 (Windows NT 10.0; Win64; x64) AppleWebKit/537.36 (KHTML, like Gecko) Chrome/130.0.0.0 Safari/537.36"
209.74.87.9 - - [27/Apr/2025:07:19:32 -0400] "POST /wp-login.php HTTP/1.1" 200 1968 "https://drshahidchudhary.com/wp-login.php" "Mozilla/5.0 (Windows NT 10.0; Win64; x64) AppleWebKit/537.36 (KHTML, like Gecko) Chrome/130.0.0.0 Safari/537.36"
203.161.63.109 - - [27/Apr/2025:07:19:41 -0400] "GET /wp-login.php HTTP/1.1" 200 1882 "-" "Mozilla/5.0 (Windows NT 10.0; Win64; x64) AppleWebKit/537.36 (KHTML, like Gecko) Chrome/130.0.0.0 Safari/537.36"
203.161.63.109 - - [27/Apr/2025:07:19:43 -0400] "POST /wp-login.php HTTP/1.1" 200 1968 "https://drshahidchudhary.com/wp-login.php" "Mozilla/5.0 (Windows NT 10.0; Win64; x64) AppleWebKit/537.36 (KHTML, like Gecko) Chrome/130.0.0.0 Safari/537.36"
216.10.249.85 - - [27/Apr/2025:07:19:51 -0400] "GET /wp-login.php HTTP/1.1" 200 1882 "-" "Mozilla/5.0 (Windows NT 10.0; Win64; x64) AppleWebKit/537.36 (KHTML, like Gecko) Chrome/130.0.0.0 Safari/537.36"
216.10.249.85 - - [27/Apr/2025:07:19:52 -0400] "POST /wp-login.php HTTP/1.1" 200 1968 "https://drshahidchudhary.com/wp-login.php" "Mozilla/5.0 (Windows NT 10.0; Win64; x64) AppleWebKit/537.36 (KHTML, like Gecko) Chrome/130.0.0.0 Safari/537.36"
85.10.158.32 - - [27/Apr/2025:07:19:56 -0400] "GET /wp-login.php HTTP/1.1" 200 1882 "-" "Mozilla/5.0 (Windows NT 10.0; Win64; x64) AppleWebKit/537.36 (KHTML, like Gecko) Chrome/130.0.0.0 Safari/537.36"
85.10.158.32 - - [27/Apr/2025:07:19:57 -0400] "POST /wp-login.php HTTP/1.1" 200 1968 "https://drshahidchudhary.com/wp-login.php" "Mozilla/5.0 (Windows NT 10.0; Win64; x64) AppleWebKit/537.36 (KHTML, like Gecko) Chrome/130.0.0.0 Safari/537.36"
148.251.45.214 - - [27/Apr/2025:07:20:02 -0400] "GET /wp-login.php HTTP/1.1" 200 1882 "-" "Mozilla/5.0 (Windows NT 10.0; Win64; x64) AppleWebKit/537.36 (KHTML, like Gecko) Chrome/130.0.0.0 Safari/537.36"
148.251.45.214 - - [27/Apr/2025:07:20:03 -0400] "POST /wp-login.php HTTP/1.1" 200 1968 "https://drshahidchudhary.com/wp-login.php" "Mozilla/5.0 (Windows NT 10.0; Win64; x64) AppleWebKit/537.36 (KHTML, like Gecko) Chrome/130.0.0.0 Safari/537.36"
77.68.24.198 - - [27/Apr/2025:07:20:05 -0400] "GET /wp-login.php HTTP/1.1" 200 1882 "-" "Mozilla/5.0 (Windows NT 10.0; Win64; x64) AppleWebKit/537.36 (KHTML, like Gecko) Chrome/130.0.0.0 Safari/537.36"
66.29.132.124 - - [27/Apr/2025:07:20:06 -0400] "POST /wp-cron.php?doing_wp_cron=1745752806.3753559589385986328125 HTTP/1.1" 403 1242 "-" "WordPress/6.8; https://drshahidchudhary.com"
77.68.24.198 - - [27/Apr/2025:07:20:05 -0400] "POST /wp-login.php HTTP/1.1" 200 1968 "https://drshahidchudhary.com/wp-login.php" "Mozilla/5.0 (Windows NT 10.0; Win64; x64) AppleWebKit/537.36 (KHTML, like Gecko) Chrome/130.0.0.0 Safari/537.36"
52.187.212.84 - - [27/Apr/2025:07:20:14 -0400] "GET /wp-login.php HTTP/1.1" 200 1882 "-" "Mozilla/5.0 (Windows NT 10.0; Win64; x64) AppleWebKit/537.36 (KHTML, like Gecko) Chrome/130.0.0.0 Safari/537.36"
52.187.212.84 - - [27/Apr/2025:07:20:18 -0400] "POST /wp-login.php HTTP/1.1" 200 1968 "https://drshahidchudhary.com/wp-login.php" "Mozilla/5.0 (Windows NT 10.0; Win64; x64) AppleWebKit/537.36 (KHTML, like Gecko) Chrome/130.0.0.0 Safari/537.36"
198.54.114.37 - - [27/Apr/2025:07:20:28 -0400] "GET /wp-login.php HTTP/1.1" 200 1882 "-" "Mozilla/5.0 (Windows NT 10.0; Win64; x64) AppleWebKit/537.36 (KHTML, like Gecko) Chrome/130.0.0.0 Safari/537.36"
198.54.114.37 - - [27/Apr/2025:07:20:30 -0400] "POST /wp-login.php HTTP/1.1" 200 1968 "https://drshahidchudhary.com/wp-login.php" "Mozilla/5.0 (Windows NT 10.0; Win64; x64) AppleWebKit/537.36 (KHTML, like Gecko) Chrome/130.0.0.0 Safari/537.36"
205.234.134.178 - - [27/Apr/2025:07:20:33 -0400] "GET /wp-login.php HTTP/1.1" 200 1882 "-" "Mozilla/5.0 (Windows NT 10.0; Win64; x64) AppleWebKit/537.36 (KHTML, like Gecko) Chrome/130.0.0.0 Safari/537.36"
205.234.134.178 - - [27/Apr/2025:07:20:34 -0400] "POST /wp-login.php HTTP/1.1" 200 1968 "https://drshahidchudhary.com/wp-login.php" "Mozilla/5.0 (Windows NT 10.0; Win64; x64) AppleWebKit/537.36 (KHTML, like Gecko) Chrome/130.0.0.0 Safari/537.36"
68.183.186.124 - - [27/Apr/2025:07:20:36 -0400] "GET /wp-login.php HTTP/1.1" 200 1882 "-" "Mozilla/5.0 (Windows NT 10.0; Win64; x64) AppleWebKit/537.36 (KHTML, like Gecko) Chrome/130.0.0.0 Safari/537.36"
68.183.186.124 - - [27/Apr/2025:07:20:36 -0400] "POST /wp-login.php HTTP/1.1" 200 1968 "https://drshahidchudhary.com/wp-login.php" "Mozilla/5.0 (Windows NT 10.0; Win64; x64) AppleWebKit/537.36 (KHTML, like Gecko) Chrome/130.0.0.0 Safari/537.36"
162.55.82.85 - - [27/Apr/2025:07:20:46 -0400] "GET /wp-login.php HTTP/1.1" 200 1882 "-" "Mozilla/5.0 (Windows NT 10.0; Win64; x64) AppleWebKit/537.36 (KHTML, like Gecko) Chrome/130.0.0.0 Safari/537.36"
162.55.82.85 - - [27/Apr/2025:07:20:49 -0400] "POST /wp-login.php HTTP/1.1" 200 1968 "https://drshahidchudhary.com/wp-login.php" "Mozilla/5.0 (Windows NT 10.0; Win64; x64) AppleWebKit/537.36 (KHTML, like Gecko) Chrome/130.0.0.0 Safari/537.36"
103.185.74.58 - - [27/Apr/2025:07:21:02 -0400] "GET /wp-login.php HTTP/1.1" 200 1882 "-" "Mozilla/5.0 (Windows NT 10.0; Win64; x64) AppleWebKit/537.36 (KHTML, like Gecko) Chrome/130.0.0.0 Safari/537.36"
66.29.132.124 - - [27/Apr/2025:07:21:11 -0400] "POST /wp-cron.php?doing_wp_cron=1745752871.9193611145019531250000 HTTP/1.1" 403 1242 "-" "WordPress/6.8; https://drshahidchudhary.com"
103.185.74.58 - - [27/Apr/2025:07:21:11 -0400] "POST /wp-login.php HTTP/1.1" 200 1968 "https://drshahidchudhary.com/wp-login.php" "Mozilla/5.0 (Windows NT 10.0; Win64; x64) AppleWebKit/537.36 (KHTML, like Gecko) Chrome/130.0.0.0 Safari/537.36"
15.206.44.46 - - [27/Apr/2025:07:21:20 -0400] "GET /wp-login.php HTTP/1.1" 200 1882 "-" "Mozilla/5.0 (Windows NT 10.0; Win64; x64) AppleWebKit/537.36 (KHTML, like Gecko) Chrome/130.0.0.0 Safari/537.36"
15.206.44.46 - - [27/Apr/2025:07:21:20 -0400] "POST /wp-login.php HTTP/1.1" 200 1968 "https://drshahidchudhary.com/wp-login.php" "Mozilla/5.0 (Windows NT 10.0; Win64; x64) AppleWebKit/537.36 (KHTML, like Gecko) Chrome/130.0.0.0 Safari/537.36"
13.126.139.147 - - [27/Apr/2025:07:21:26 -0400] "GET /wp-login.php HTTP/1.1" 200 1882 "-" "Mozilla/5.0 (Windows NT 10.0; Win64; x64) AppleWebKit/537.36 (KHTML, like Gecko) Chrome/130.0.0.0 Safari/537.36"
13.126.139.147 - - [27/Apr/2025:07:21:28 -0400] "POST /wp-login.php HTTP/1.1" 200 1968 "https://drshahidchudhary.com/wp-login.php" "Mozilla/5.0 (Windows NT 10.0; Win64; x64) AppleWebKit/537.36 (KHTML, like Gecko) Chrome/130.0.0.0 Safari/537.36"
144.126.201.57 - - [27/Apr/2025:07:21:31 -0400] "GET /wp-login.php HTTP/1.1" 200 1882 "-" "Mozilla/5.0 (Windows NT 10.0; Win64; x64) AppleWebKit/537.36 (KHTML, like Gecko) Chrome/130.0.0.0 Safari/537.36"
144.126.201.57 - - [27/Apr/2025:07:21:31 -0400] "POST /wp-login.php HTTP/1.1" 200 1968 "https://drshahidchudhary.com/wp-login.php" "Mozilla/5.0 (Windows NT 10.0; Win64; x64) AppleWebKit/537.36 (KHTML, like Gecko) Chrome/130.0.0.0 Safari/537.36"
72.137.132.54 - - [27/Apr/2025:07:21:42 -0400] "GET /wp-login.php HTTP/1.1" 200 1882 "-" "Mozilla/5.0 (Windows NT 10.0; Win64; x64) AppleWebKit/537.36 (KHTML, like Gecko) Chrome/130.0.0.0 Safari/537.36"
72.137.132.54 - - [27/Apr/2025:07:21:49 -0400] "POST /wp-login.php HTTP/1.1" 200 1968 "https://drshahidchudhary.com/wp-login.php" "Mozilla/5.0 (Windows NT 10.0; Win64; x64) AppleWebKit/537.36 (KHTML, like Gecko) Chrome/130.0.0.0 Safari/537.36"
213.158.92.49 - - [27/Apr/2025:07:21:55 -0400] "GET /wp-login.php HTTP/1.1" 200 1882 "-" "Mozilla/5.0 (Windows NT 10.0; Win64; x64) AppleWebKit/537.36 (KHTML, like Gecko) Chrome/130.0.0.0 Safari/537.36"
213.158.92.49 - - [27/Apr/2025:07:21:55 -0400] "POST /wp-login.php HTTP/1.1" 200 1968 "https://drshahidchudhary.com/wp-login.php" "Mozilla/5.0 (Windows NT 10.0; Win64; x64) AppleWebKit/537.36 (KHTML, like Gecko) Chrome/130.0.0.0 Safari/537.36"
184.168.126.97 - - [27/Apr/2025:07:21:59 -0400] "GET /wp-login.php HTTP/1.1" 200 1882 "-" "Mozilla/5.0 (Windows NT 10.0; Win64; x64) AppleWebKit/537.36 (KHTML, like Gecko) Chrome/130.0.0.0 Safari/537.36"
184.168.126.97 - - [27/Apr/2025:07:22:02 -0400] "POST /wp-login.php HTTP/1.1" 200 1968 "https://drshahidchudhary.com/wp-login.php" "Mozilla/5.0 (Windows NT 10.0; Win64; x64) AppleWebKit/537.36 (KHTML, like Gecko) Chrome/130.0.0.0 Safari/537.36"
172.205.128.95 - - [27/Apr/2025:07:22:04 -0400] "GET /wp-login.php HTTP/1.1" 200 1882 "-" "Mozilla/5.0 (Windows NT 10.0; Win64; x64) AppleWebKit/537.36 (KHTML, like Gecko) Chrome/130.0.0.0 Safari/537.36"
172.205.128.95 - - [27/Apr/2025:07:22:04 -0400] "POST /wp-login.php HTTP/1.1" 200 1968 "https://drshahidchudhary.com/wp-login.php" "Mozilla/5.0 (Windows NT 10.0; Win64; x64) AppleWebKit/537.36 (KHTML, like Gecko) Chrome/130.0.0.0 Safari/537.36"
95.216.208.178 - - [27/Apr/2025:07:22:43 -0400] "GET /wp-login.php HTTP/1.1" 200 1882 "-" "Mozilla/5.0 (Windows NT 10.0; Win64; x64) AppleWebKit/537.36 (KHTML, like Gecko) Chrome/130.0.0.0 Safari/537.36"
66.29.132.124 - - [27/Apr/2025:07:22:43 -0400] "POST /wp-cron.php?doing_wp_cron=1745752963.6822950839996337890625 HTTP/1.1" 403 1242 "-" "WordPress/6.8; https://drshahidchudhary.com"
95.216.208.178 - - [27/Apr/2025:07:22:43 -0400] "POST /wp-login.php HTTP/1.1" 200 1968 "https://drshahidchudhary.com/wp-login.php" "Mozilla/5.0 (Windows NT 10.0; Win64; x64) AppleWebKit/537.36 (KHTML, like Gecko) Chrome/130.0.0.0 Safari/537.36"
103.69.98.51 - - [27/Apr/2025:07:22:46 -0400] "GET /wp-login.php HTTP/1.1" 200 1882 "-" "Mozilla/5.0 (Windows NT 10.0; Win64; x64) AppleWebKit/537.36 (KHTML, like Gecko) Chrome/130.0.0.0 Safari/537.36"
103.69.98.51 - - [27/Apr/2025:07:22:48 -0400] "POST /wp-login.php HTTP/1.1" 200 1968 "https://drshahidchudhary.com/wp-login.php" "Mozilla/5.0 (Windows NT 10.0; Win64; x64) AppleWebKit/537.36 (KHTML, like Gecko) Chrome/130.0.0.0 Safari/537.36"
103.231.40.216 - - [27/Apr/2025:07:22:54 -0400] "GET /wp-login.php HTTP/1.1" 200 1882 "-" "Mozilla/5.0 (Windows NT 10.0; Win64; x64) AppleWebKit/537.36 (KHTML, like Gecko) Chrome/130.0.0.0 Safari/537.36"
103.231.40.216 - - [27/Apr/2025:07:22:55 -0400] "POST /wp-login.php HTTP/1.1" 200 1968 "https://drshahidchudhary.com/wp-login.php" "Mozilla/5.0 (Windows NT 10.0; Win64; x64) AppleWebKit/537.36 (KHTML, like Gecko) Chrome/130.0.0.0 Safari/537.36"
79.124.76.167 - - [27/Apr/2025:07:22:59 -0400] "GET /wp-login.php HTTP/1.1" 200 1882 "-" "Mozilla/5.0 (Windows NT 10.0; Win64; x64) AppleWebKit/537.36 (KHTML, like Gecko) Chrome/130.0.0.0 Safari/537.36"
79.124.76.167 - - [27/Apr/2025:07:22:59 -0400] "POST /wp-login.php HTTP/1.1" 200 1968 "https://drshahidchudhary.com/wp-login.php" "Mozilla/5.0 (Windows NT 10.0; Win64; x64) AppleWebKit/537.36 (KHTML, like Gecko) Chrome/130.0.0.0 Safari/537.36"
185.175.196.165 - - [27/Apr/2025:07:23:03 -0400] "GET /wp-login.php HTTP/1.1" 200 1882 "-" "Mozilla/5.0 (Windows NT 10.0; Win64; x64) AppleWebKit/537.36 (KHTML, like Gecko) Chrome/130.0.0.0 Safari/537.36"
185.175.196.165 - - [27/Apr/2025:07:23:04 -0400] "POST /wp-login.php HTTP/1.1" 200 1968 "https://drshahidchudhary.com/wp-login.php" "Mozilla/5.0 (Windows NT 10.0; Win64; x64) AppleWebKit/537.36 (KHTML, like Gecko) Chrome/130.0.0.0 Safari/537.36"
65.38.99.162 - - [27/Apr/2025:07:23:11 -0400] "GET /wp-login.php HTTP/1.1" 200 1882 "-" "Mozilla/5.0 (Windows NT 10.0; Win64; x64) AppleWebKit/537.36 (KHTML, like Gecko) Chrome/130.0.0.0 Safari/537.36"
65.38.99.162 - - [27/Apr/2025:07:23:15 -0400] "POST /wp-login.php HTTP/1.1" 200 1968 "https://drshahidchudhary.com/wp-login.php" "Mozilla/5.0 (Windows NT 10.0; Win64; x64) AppleWebKit/537.36 (KHTML, like Gecko) Chrome/130.0.0.0 Safari/537.36"
109.123.241.159 - - [27/Apr/2025:07:23:17 -0400] "GET /wp-login.php HTTP/1.1" 200 1882 "-" "Mozilla/5.0 (Windows NT 10.0; Win64; x64) AppleWebKit/537.36 (KHTML, like Gecko) Chrome/130.0.0.0 Safari/537.36"
109.123.241.159 - - [27/Apr/2025:07:23:17 -0400] "POST /wp-login.php HTTP/1.1" 200 1968 "https://drshahidchudhary.com/wp-login.php" "Mozilla/5.0 (Windows NT 10.0; Win64; x64) AppleWebKit/537.36 (KHTML, like Gecko) Chrome/130.0.0.0 Safari/537.36"
65.38.99.162 - - [27/Apr/2025:07:23:24 -0400] "GET /wp-login.php HTTP/1.1" 200 1882 "-" "Mozilla/5.0 (Windows NT 10.0; Win64; x64) AppleWebKit/537.36 (KHTML, like Gecko) Chrome/130.0.0.0 Safari/537.36"
65.38.99.162 - - [27/Apr/2025:07:23:28 -0400] "POST /wp-login.php HTTP/1.1" 200 1958 "https://drshahidchudhary.com/wp-login.php" "Mozilla/5.0 (Windows NT 10.0; Win64; x64) AppleWebKit/537.36 (KHTML, like Gecko) Chrome/130.0.0.0 Safari/537.36"
92.205.54.135 - - [27/Apr/2025:07:24:34 -0400] "GET /wp-login.php HTTP/1.1" 200 1882 "-" "Mozilla/5.0 (Windows NT 10.0; Win64; x64) AppleWebKit/537.36 (KHTML, like Gecko) Chrome/130.0.0.0 Safari/537.36"
66.29.132.124 - - [27/Apr/2025:07:24:35 -0400] "POST /wp-cron.php?doing_wp_cron=1745753075.7016210556030273437500 HTTP/1.1" 403 1242 "-" "WordPress/6.8; https://drshahidchudhary.com"
92.205.54.135 - - [27/Apr/2025:07:24:35 -0400] "POST /wp-login.php HTTP/1.1" 200 1968 "https://drshahidchudhary.com/wp-login.php" "Mozilla/5.0 (Windows NT 10.0; Win64; x64) AppleWebKit/537.36 (KHTML, like Gecko) Chrome/130.0.0.0 Safari/537.36"
77.156.227.220 - - [27/Apr/2025:07:24:40 -0400] "GET /wp-login.php HTTP/1.1" 200 1882 "-" "Mozilla/5.0 (Windows NT 10.0; Win64; x64) AppleWebKit/537.36 (KHTML, like Gecko) Chrome/130.0.0.0 Safari/537.36"
77.156.227.220 - - [27/Apr/2025:07:24:45 -0400] "POST /wp-login.php HTTP/1.1" 200 1958 "https://drshahidchudhary.com/wp-login.php" "Mozilla/5.0 (Windows NT 10.0; Win64; x64) AppleWebKit/537.36 (KHTML, like Gecko) Chrome/130.0.0.0 Safari/537.36"
92.205.64.133 - - [27/Apr/2025:07:24:48 -0400] "GET /wp-login.php HTTP/1.1" 200 1882 "-" "Mozilla/5.0 (Windows NT 10.0; Win64; x64) AppleWebKit/537.36 (KHTML, like Gecko) Chrome/130.0.0.0 Safari/537.36"
92.205.64.133 - - [27/Apr/2025:07:24:48 -0400] "POST /wp-login.php HTTP/1.1" 200 1968 "https://drshahidchudhary.com/wp-login.php" "Mozilla/5.0 (Windows NT 10.0; Win64; x64) AppleWebKit/537.36 (KHTML, like Gecko) Chrome/130.0.0.0 Safari/537.36"
203.192.156.173 - - [27/Apr/2025:07:24:55 -0400] "GET /wp-login.php HTTP/1.1" 200 1882 "-" "Mozilla/5.0 (Windows NT 10.0; Win64; x64) AppleWebKit/537.36 (KHTML, like Gecko) Chrome/130.0.0.0 Safari/537.36"
203.192.156.173 - - [27/Apr/2025:07:25:00 -0400] "POST /wp-login.php HTTP/1.1" 200 1968 "https://drshahidchudhary.com/wp-login.php" "Mozilla/5.0 (Windows NT 10.0; Win64; x64) AppleWebKit/537.36 (KHTML, like Gecko) Chrome/130.0.0.0 Safari/537.36"
213.158.93.213 - - [27/Apr/2025:07:25:07 -0400] "GET /wp-login.php HTTP/1.1" 200 1882 "-" "Mozilla/5.0 (Windows NT 10.0; Win64; x64) AppleWebKit/537.36 (KHTML, like Gecko) Chrome/130.0.0.0 Safari/537.36"
213.158.93.213 - - [27/Apr/2025:07:25:08 -0400] "POST /wp-login.php HTTP/1.1" 200 1968 "https://drshahidchudhary.com/wp-login.php" "Mozilla/5.0 (Windows NT 10.0; Win64; x64) AppleWebKit/537.36 (KHTML, like Gecko) Chrome/130.0.0.0 Safari/537.36"
185.241.64.235 - - [27/Apr/2025:07:25:14 -0400] "GET /wp-login.php HTTP/1.1" 200 1882 "-" "Mozilla/5.0 (Windows NT 10.0; Win64; x64) AppleWebKit/537.36 (KHTML, like Gecko) Chrome/130.0.0.0 Safari/537.36"
185.241.64.235 - - [27/Apr/2025:07:25:15 -0400] "POST /wp-login.php HTTP/1.1" 200 1968 "https://drshahidchudhary.com/wp-login.php" "Mozilla/5.0 (Windows NT 10.0; Win64; x64) AppleWebKit/537.36 (KHTML, like Gecko) Chrome/130.0.0.0 Safari/537.36"
193.104.43.177 - - [27/Apr/2025:07:25:18 -0400] "GET /wp-login.php HTTP/1.1" 200 1882 "-" "Mozilla/5.0 (Windows NT 10.0; Win64; x64) AppleWebKit/537.36 (KHTML, like Gecko) Chrome/130.0.0.0 Safari/537.36"
193.104.43.177 - - [27/Apr/2025:07:25:18 -0400] "POST /wp-login.php HTTP/1.1" 200 1968 "https://drshahidchudhary.com/wp-login.php" "Mozilla/5.0 (Windows NT 10.0; Win64; x64) AppleWebKit/537.36 (KHTML, like Gecko) Chrome/130.0.0.0 Safari/537.36"
79.139.57.49 - - [27/Apr/2025:07:26:49 -0400] "GET /wp-login.php HTTP/1.1" 200 1882 "-" "Mozilla/5.0 (Windows NT 10.0; Win64; x64) AppleWebKit/537.36 (KHTML, like Gecko) Chrome/130.0.0.0 Safari/537.36"
79.139.57.49 - - [27/Apr/2025:07:26:51 -0400] "POST /wp-login.php HTTP/1.1" 200 1968 "https://drshahidchudhary.com/wp-login.php" "Mozilla/5.0 (Windows NT 10.0; Win64; x64) AppleWebKit/537.36 (KHTML, like Gecko) Chrome/130.0.0.0 Safari/537.36"
163.47.203.70 - - [27/Apr/2025:07:26:59 -0400] "GET /wp-login.php HTTP/1.1" 200 1882 "-" "Mozilla/5.0 (Windows NT 10.0; Win64; x64) AppleWebKit/537.36 (KHTML, like Gecko) Chrome/130.0.0.0 Safari/537.36"
163.47.203.70 - - [27/Apr/2025:07:27:01 -0400] "POST /wp-login.php HTTP/1.1" 200 1968 "https://drshahidchudhary.com/wp-login.php" "Mozilla/5.0 (Windows NT 10.0; Win64; x64) AppleWebKit/537.36 (KHTML, like Gecko) Chrome/130.0.0.0 Safari/537.36"
185.241.64.235 - - [27/Apr/2025:07:27:05 -0400] "GET /wp-login.php HTTP/1.1" 200 1882 "-" "Mozilla/5.0 (Windows NT 10.0; Win64; x64) AppleWebKit/537.36 (KHTML, like Gecko) Chrome/130.0.0.0 Safari/537.36"
185.241.64.235 - - [27/Apr/2025:07:27:05 -0400] "POST /wp-login.php HTTP/1.1" 200 1958 "https://drshahidchudhary.com/wp-login.php" "Mozilla/5.0 (Windows NT 10.0; Win64; x64) AppleWebKit/537.36 (KHTML, like Gecko) Chrome/130.0.0.0 Safari/537.36"
212.113.198.195 - - [27/Apr/2025:07:27:06 -0400] "GET /wp-login.php HTTP/1.1" 200 1882 "-" "Mozilla/5.0 (Windows NT 10.0; Win64; x64) AppleWebKit/537.36 (KHTML, like Gecko) Chrome/130.0.0.0 Safari/537.36"
212.113.198.195 - - [27/Apr/2025:07:27:07 -0400] "POST /wp-login.php HTTP/1.1" 200 1968 "https://drshahidchudhary.com/wp-login.php" "Mozilla/5.0 (Windows NT 10.0; Win64; x64) AppleWebKit/537.36 (KHTML, like Gecko) Chrome/130.0.0.0 Safari/537.36"
213.158.95.145 - - [27/Apr/2025:07:27:09 -0400] "GET /wp-login.php HTTP/1.1" 200 1882 "-" "Mozilla/5.0 (Windows NT 10.0; Win64; x64) AppleWebKit/537.36 (KHTML, like Gecko) Chrome/130.0.0.0 Safari/537.36"
213.158.95.145 - - [27/Apr/2025:07:27:11 -0400] "POST /wp-login.php HTTP/1.1" 200 1968 "https://drshahidchudhary.com/wp-login.php" "Mozilla/5.0 (Windows NT 10.0; Win64; x64) AppleWebKit/537.36 (KHTML, like Gecko) Chrome/130.0.0.0 Safari/537.36"
184.154.4.187 - - [27/Apr/2025:07:27:14 -0400] "GET /wp-login.php HTTP/1.1" 200 1882 "-" "Mozilla/5.0 (Windows NT 10.0; Win64; x64) AppleWebKit/537.36 (KHTML, like Gecko) Chrome/130.0.0.0 Safari/537.36"
184.154.4.187 - - [27/Apr/2025:07:27:15 -0400] "POST /wp-login.php HTTP/1.1" 200 1968 "https://drshahidchudhary.com/wp-login.php" "Mozilla/5.0 (Windows NT 10.0; Win64; x64) AppleWebKit/537.36 (KHTML, like Gecko) Chrome/130.0.0.0 Safari/537.36"
85.206.169.20 - - [27/Apr/2025:07:27:24 -0400] "GET /wp-login.php HTTP/1.1" 200 1882 "-" "Mozilla/5.0 (Windows NT 10.0; Win64; x64) AppleWebKit/537.36 (KHTML, like Gecko) Chrome/130.0.0.0 Safari/537.36"
85.206.169.20 - - [27/Apr/2025:07:27:25 -0400] "POST /wp-login.php HTTP/1.1" 200 1968 "https://drshahidchudhary.com/wp-login.php" "Mozilla/5.0 (Windows NT 10.0; Win64; x64) AppleWebKit/537.36 (KHTML, like Gecko) Chrome/130.0.0.0 Safari/537.36"
36.89.251.105 - - [27/Apr/2025:07:27:38 -0400] "GET /wp-login.php HTTP/1.1" 200 1882 "-" "Mozilla/5.0 (Windows NT 10.0; Win64; x64) AppleWebKit/537.36 (KHTML, like Gecko) Chrome/130.0.0.0 Safari/537.36"
66.29.132.124 - - [27/Apr/2025:07:27:40 -0400] "POST /wp-cron.php?doing_wp_cron=1745753260.5847759246826171875000 HTTP/1.1" 403 1242 "-" "WordPress/6.8; https://drshahidchudhary.com"
36.89.251.105 - - [27/Apr/2025:07:27:40 -0400] "POST /wp-login.php HTTP/1.1" 200 1968 "https://drshahidchudhary.com/wp-login.php" "Mozilla/5.0 (Windows NT 10.0; Win64; x64) AppleWebKit/537.36 (KHTML, like Gecko) Chrome/130.0.0.0 Safari/537.36"
77.156.227.220 - - [27/Apr/2025:07:27:47 -0400] "GET /wp-login.php HTTP/1.1" 200 1882 "-" "Mozilla/5.0 (Windows NT 10.0; Win64; x64) AppleWebKit/537.36 (KHTML, like Gecko) Chrome/130.0.0.0 Safari/537.36"
77.156.227.220 - - [27/Apr/2025:07:27:47 -0400] "POST /wp-login.php HTTP/1.1" 200 1968 "https://drshahidchudhary.com/wp-login.php" "Mozilla/5.0 (Windows NT 10.0; Win64; x64) AppleWebKit/537.36 (KHTML, like Gecko) Chrome/130.0.0.0 Safari/537.36"
213.158.92.49 - - [27/Apr/2025:07:27:49 -0400] "GET /wp-login.php HTTP/1.1" 200 1882 "-" "Mozilla/5.0 (Windows NT 10.0; Win64; x64) AppleWebKit/537.36 (KHTML, like Gecko) Chrome/130.0.0.0 Safari/537.36"
213.158.92.49 - - [27/Apr/2025:07:27:49 -0400] "POST /wp-login.php HTTP/1.1" 200 1968 "https://drshahidchudhary.com/wp-login.php" "Mozilla/5.0 (Windows NT 10.0; Win64; x64) AppleWebKit/537.36 (KHTML, like Gecko) Chrome/130.0.0.0 Safari/537.36"
213.158.92.126 - - [27/Apr/2025:07:27:55 -0400] "GET /wp-login.php HTTP/1.1" 200 1882 "-" "Mozilla/5.0 (Windows NT 10.0; Win64; x64) AppleWebKit/537.36 (KHTML, like Gecko) Chrome/130.0.0.0 Safari/537.36"
213.158.92.126 - - [27/Apr/2025:07:27:56 -0400] "POST /wp-login.php HTTP/1.1" 200 1968 "https://drshahidchudhary.com/wp-login.php" "Mozilla/5.0 (Windows NT 10.0; Win64; x64) AppleWebKit/537.36 (KHTML, like Gecko) Chrome/130.0.0.0 Safari/537.36"
85.10.157.217 - - [27/Apr/2025:07:28:01 -0400] "GET /wp-login.php HTTP/1.1" 200 1882 "-" "Mozilla/5.0 (Windows NT 10.0; Win64; x64) AppleWebKit/537.36 (KHTML, like Gecko) Chrome/130.0.0.0 Safari/537.36"
85.10.157.217 - - [27/Apr/2025:07:28:02 -0400] "POST /wp-login.php HTTP/1.1" 200 1968 "https://drshahidchudhary.com/wp-login.php" "Mozilla/5.0 (Windows NT 10.0; Win64; x64) AppleWebKit/537.36 (KHTML, like Gecko) Chrome/130.0.0.0 Safari/537.36"
85.10.158.98 - - [27/Apr/2025:07:28:07 -0400] "GET /wp-login.php HTTP/1.1" 200 1882 "-" "Mozilla/5.0 (Windows NT 10.0; Win64; x64) AppleWebKit/537.36 (KHTML, like Gecko) Chrome/130.0.0.0 Safari/537.36"
85.10.158.98 - - [27/Apr/2025:07:28:10 -0400] "POST /wp-login.php HTTP/1.1" 200 1968 "https://drshahidchudhary.com/wp-login.php" "Mozilla/5.0 (Windows NT 10.0; Win64; x64) AppleWebKit/537.36 (KHTML, like Gecko) Chrome/130.0.0.0 Safari/537.36"
159.65.33.135 - - [27/Apr/2025:07:28:14 -0400] "GET /wp-login.php HTTP/1.1" 200 1882 "-" "Mozilla/5.0 (Windows NT 10.0; Win64; x64) AppleWebKit/537.36 (KHTML, like Gecko) Chrome/130.0.0.0 Safari/537.36"
159.65.33.135 - - [27/Apr/2025:07:28:15 -0400] "POST /wp-login.php HTTP/1.1" 200 1968 "https://drshahidchudhary.com/wp-login.php" "Mozilla/5.0 (Windows NT 10.0; Win64; x64) AppleWebKit/537.36 (KHTML, like Gecko) Chrome/130.0.0.0 Safari/537.36"
95.216.208.178 - - [27/Apr/2025:07:28:17 -0400] "GET /wp-login.php HTTP/1.1" 200 1882 "-" "Mozilla/5.0 (Windows NT 10.0; Win64; x64) AppleWebKit/537.36 (KHTML, like Gecko) Chrome/130.0.0.0 Safari/537.36"
95.216.208.178 - - [27/Apr/2025:07:28:19 -0400] "POST /wp-login.php HTTP/1.1" 200 1968 "https://drshahidchudhary.com/wp-login.php" "Mozilla/5.0 (Windows NT 10.0; Win64; x64) AppleWebKit/537.36 (KHTML, like Gecko) Chrome/130.0.0.0 Safari/537.36"
222.252.21.66 - - [27/Apr/2025:07:29:02 -0400] "GET /wp-login.php HTTP/1.1" 200 1882 "-" "Mozilla/5.0 (Windows NT 10.0; Win64; x64) AppleWebKit/537.36 (KHTML, like Gecko) Chrome/130.0.0.0 Safari/537.36"
66.29.132.124 - - [27/Apr/2025:07:29:04 -0400] "POST /wp-cron.php?doing_wp_cron=1745753344.9225859642028808593750 HTTP/1.1" 403 1242 "-" "WordPress/6.8; https://drshahidchudhary.com"
222.252.21.66 - - [27/Apr/2025:07:29:04 -0400] "POST /wp-login.php HTTP/1.1" 200 1968 "https://drshahidchudhary.com/wp-login.php" "Mozilla/5.0 (Windows NT 10.0; Win64; x64) AppleWebKit/537.36 (KHTML, like Gecko) Chrome/130.0.0.0 Safari/537.36"
68.183.86.227 - - [27/Apr/2025:07:29:15 -0400] "GET /wp-login.php HTTP/1.1" 200 1882 "-" "Mozilla/5.0 (Windows NT 10.0; Win64; x64) AppleWebKit/537.36 (KHTML, like Gecko) Chrome/130.0.0.0 Safari/537.36"
68.183.86.227 - - [27/Apr/2025:07:29:15 -0400] "POST /wp-login.php HTTP/1.1" 200 1968 "https://drshahidchudhary.com/wp-login.php" "Mozilla/5.0 (Windows NT 10.0; Win64; x64) AppleWebKit/537.36 (KHTML, like Gecko) Chrome/130.0.0.0 Safari/537.36"
62.219.106.108 - - [27/Apr/2025:07:25:21 -0400] "GET /wp-login.php HTTP/1.1" 200 1882 "-" "Mozilla/5.0 (Windows NT 10.0; Win64; x64) AppleWebKit/537.36 (KHTML, like Gecko) Chrome/130.0.0.0 Safari/537.36"
62.219.106.108 - - [27/Apr/2025:07:25:21 -0400] "POST /wp-login.php HTTP/1.1" 200 1968 "https://drshahidchudhary.com/wp-login.php" "Mozilla/5.0 (Windows NT 10.0; Win64; x64) AppleWebKit/537.36 (KHTML, like Gecko) Chrome/130.0.0.0 Safari/537.36"
52.187.212.84 - - [27/Apr/2025:07:26:35 -0400] "GET /wp-login.php HTTP/1.1" 200 1882 "-" "Mozilla/5.0 (Windows NT 10.0; Win64; x64) AppleWebKit/537.36 (KHTML, like Gecko) Chrome/130.0.0.0 Safari/537.36"
66.29.132.124 - - [27/Apr/2025:07:26:36 -0400] "POST /wp-cron.php?doing_wp_cron=1745753196.5230159759521484375000 HTTP/1.1" 403 1242 "-" "WordPress/6.8; https://drshahidchudhary.com"
52.187.212.84 - - [27/Apr/2025:07:26:36 -0400] "POST /wp-login.php HTTP/1.1" 200 1959 "https://drshahidchudhary.com/wp-login.php" "Mozilla/5.0 (Windows NT 10.0; Win64; x64) AppleWebKit/537.36 (KHTML, like Gecko) Chrome/130.0.0.0 Safari/537.36"
139.59.12.181 - - [27/Apr/2025:07:26:39 -0400] "GET /wp-login.php HTTP/1.1" 200 1882 "-" "Mozilla/5.0 (Windows NT 10.0; Win64; x64) AppleWebKit/537.36 (KHTML, like Gecko) Chrome/130.0.0.0 Safari/537.36"
139.59.12.181 - - [27/Apr/2025:07:26:40 -0400] "POST /wp-login.php HTTP/1.1" 200 1968 "https://drshahidchudhary.com/wp-login.php" "Mozilla/5.0 (Windows NT 10.0; Win64; x64) AppleWebKit/537.36 (KHTML, like Gecko) Chrome/130.0.0.0 Safari/537.36"
45.144.184.135 - - [27/Apr/2025:07:26:41 -0400] "GET /wp-login.php HTTP/1.1" 200 1882 "-" "Mozilla/5.0 (Windows NT 10.0; Win64; x64) AppleWebKit/537.36 (KHTML, like Gecko) Chrome/130.0.0.0 Safari/537.36"
45.144.184.135 - - [27/Apr/2025:07:26:42 -0400] "POST /wp-login.php HTTP/1.1" 200 1968 "https://drshahidchudhary.com/wp-login.php" "Mozilla/5.0 (Windows NT 10.0; Win64; x64) AppleWebKit/537.36 (KHTML, like Gecko) Chrome/130.0.0.0 Safari/537.36"
103.101.163.13 - - [27/Apr/2025:07:29:19 -0400] "GET /wp-login.php HTTP/1.1" 200 1882 "-" "Mozilla/5.0 (Windows NT 10.0; Win64; x64) AppleWebKit/537.36 (KHTML, like Gecko) Chrome/130.0.0.0 Safari/537.36"
103.101.163.13 - - [27/Apr/2025:07:29:19 -0400] "POST /wp-login.php HTTP/1.1" 200 1968 "https://drshahidchudhary.com/wp-login.php" "Mozilla/5.0 (Windows NT 10.0; Win64; x64) AppleWebKit/537.36 (KHTML, like Gecko) Chrome/130.0.0.0 Safari/537.36"
