147.135.212.200 - - [26/Apr/2025:02:26:02 -0400] "GET /about.php?action=edit&file=libxcb-xtest.so.0&path=//usr/lib64 HTTP/1.1" 200 4006 "-" "Mozilla/5.0 (compatible; MJ12bot/v1.4.8; http://mj12bot.com/)"
20.171.207.254 - - [26/Apr/2025:02:26:02 -0400] "GET /about.php?action=edit&file=placeholder-48-85x85.png&path=%2Fhome%2Fmakmfewe%2Fzeestudy.com%2Fwp-content%2Fuploads%2F2023%2F08 HTTP/1.1" 200 1146 "-" "Mozilla/5.0 AppleWebKit/537.36 (KHTML, like Gecko; compatible; GPTBot/1.2; +https://openai.com/gptbot)"
147.135.212.200 - - [26/Apr/2025:02:26:03 -0400] "GET /about.php?action=edit&file=libxcb-xtest.so.0.0.0&path=//usr/lib64 HTTP/1.1" 200 3995 "-" "Mozilla/5.0 (compatible; MJ12bot/v1.4.8; http://mj12bot.com/)"
20.171.207.254 - - [26/Apr/2025:02:26:04 -0400] "GET /about.php?action=edit&file=activity_kid-327x250.png&path=%2Fhome%2Fmakmfewe%2Fzeestudy.com%2Fwp-content%2Fuploads%2F2023%2F08 HTTP/1.1" 200 66979 "-" "Mozilla/5.0 AppleWebKit/537.36 (KHTML, like Gecko; compatible; GPTBot/1.2; +https://openai.com/gptbot)"
20.171.207.254 - - [26/Apr/2025:02:26:05 -0400] "GET /about.php?action=edit&file=placeholder-35-85x85.png&path=%2Fhome%2Fmakmfewe%2Fzeestudy.com%2Fwp-content%2Fuploads%2F2023%2F08 HTTP/1.1" 200 1147 "-" "Mozilla/5.0 AppleWebKit/537.36 (KHTML, like Gecko; compatible; GPTBot/1.2; +https://openai.com/gptbot)"
147.135.212.200 - - [26/Apr/2025:02:26:05 -0400] "GET /about.php?action=edit&file=libxcb-xv.so&path=//usr/lib64 HTTP/1.1" 200 8863 "-" "Mozilla/5.0 (compatible; MJ12bot/v1.4.8; http://mj12bot.com/)"
20.171.207.254 - - [26/Apr/2025:02:26:06 -0400] "GET /about.php?action=edit&file=activity_kid-442x322.png&path=%2Fhome%2Fmakmfewe%2Fzeestudy.com%2Fwp-content%2Fuploads%2F2023%2F08 HTTP/1.1" 200 109549 "-" "Mozilla/5.0 AppleWebKit/537.36 (KHTML, like Gecko; compatible; GPTBot/1.2; +https://openai.com/gptbot)"
147.135.212.200 - - [26/Apr/2025:02:26:07 -0400] "GET /about.php?action=edit&file=libxcb-xv.so.0&path=//usr/lib64 HTTP/1.1" 200 8846 "-" "Mozilla/5.0 (compatible; MJ12bot/v1.4.8; http://mj12bot.com/)"
20.171.207.254 - - [26/Apr/2025:02:26:07 -0400] "GET /about.php?action=edit&file=placeholder-13-80x80.png&path=%2Fhome%2Fmakmfewe%2Fzeestudy.com%2Fwp-content%2Fuploads%2F2023%2F08 HTTP/1.1" 200 1130 "-" "Mozilla/5.0 AppleWebKit/537.36 (KHTML, like Gecko; compatible; GPTBot/1.2; +https://openai.com/gptbot)"
43.153.79.218 - - [26/Apr/2025:02:26:08 -0400] "GET /wp-includes/PHPMailer/Exception.php HTTP/1.1" 403 1242 "-" "Mozilla/5.0 (iPhone; CPU iPhone OS 13_2_3 like Mac OS X) AppleWebKit/605.1.15 (KHTML, like Gecko) Version/13.0.3 Mobile/15E148 Safari/604.1"
147.135.212.200 - - [26/Apr/2025:02:26:08 -0400] "GET /about.php?action=edit&file=libxcb-xv.so.0.0.0&path=//usr/lib64 HTTP/1.1" 200 8889 "-" "Mozilla/5.0 (compatible; MJ12bot/v1.4.8; http://mj12bot.com/)"
20.171.207.254 - - [26/Apr/2025:02:26:08 -0400] "GET /about.php?action=edit&file=placeholder-50-80x80.png&path=%2Fhome%2Fmakmfewe%2Fzeestudy.com%2Fwp-content%2Fuploads%2F2023%2F08 HTTP/1.1" 200 1130 "-" "Mozilla/5.0 AppleWebKit/537.36 (KHTML, like Gecko; compatible; GPTBot/1.2; +https://openai.com/gptbot)"
20.171.207.254 - - [26/Apr/2025:02:26:10 -0400] "GET /about.php?action=edit&file=placeholder-29-80x80.png&path=%2Fhome%2Fmakmfewe%2Fzeestudy.com%2Fwp-content%2Fuploads%2F2023%2F08 HTTP/1.1" 200 1128 "-" "Mozilla/5.0 AppleWebKit/537.36 (KHTML, like Gecko; compatible; GPTBot/1.2; +https://openai.com/gptbot)"
147.135.212.200 - - [26/Apr/2025:02:26:10 -0400] "GET /about.php?action=edit&file=libxcb-xvmc.so&path=//usr/lib64 HTTP/1.1" 200 5566 "-" "Mozilla/5.0 (compatible; MJ12bot/v1.4.8; http://mj12bot.com/)"
20.171.207.254 - - [26/Apr/2025:02:26:11 -0400] "GET /about.php?action=edit&file=placeholder-3-100x100.png&path=%2Fhome%2Fmakmfewe%2Fsh-fragrances.com%2Fwp-content%2Fuploads%2F2023%2F06 HTTP/1.1" 200 1232 "-" "Mozilla/5.0 AppleWebKit/537.36 (KHTML, like Gecko; compatible; GPTBot/1.2; +https://openai.com/gptbot)"
147.135.212.200 - - [26/Apr/2025:02:26:12 -0400] "GET /about.php?action=edit&file=libxcb-xvmc.so.0&path=//usr/lib64 HTTP/1.1" 200 5540 "-" "Mozilla/5.0 (compatible; MJ12bot/v1.4.8; http://mj12bot.com/)"
20.171.207.254 - - [26/Apr/2025:02:26:12 -0400] "GET /about.php?action=edit&file=placeholder-55-85x85.png&path=%2Fhome%2Fmakmfewe%2Fzeestudy.com%2Fwp-content%2Fuploads%2F2023%2F08 HTTP/1.1" 200 1148 "-" "Mozilla/5.0 AppleWebKit/537.36 (KHTML, like Gecko; compatible; GPTBot/1.2; +https://openai.com/gptbot)"
20.171.207.254 - - [26/Apr/2025:02:26:13 -0400] "GET /about.php?action=edit&file=activity_kid-384x280.png&path=%2Fhome%2Fmakmfewe%2Fzeestudy.com%2Fwp-content%2Fuploads%2F2023%2F08 HTTP/1.1" 200 85552 "-" "Mozilla/5.0 AppleWebKit/537.36 (KHTML, like Gecko; compatible; GPTBot/1.2; +https://openai.com/gptbot)"
147.135.212.200 - - [26/Apr/2025:02:26:13 -0400] "GET /about.php?action=edit&file=libxcb-xvmc.so.0.0.0&path=//usr/lib64 HTTP/1.1" 200 5556 "-" "Mozilla/5.0 (compatible; MJ12bot/v1.4.8; http://mj12bot.com/)"
20.171.207.254 - - [26/Apr/2025:02:26:14 -0400] "GET /about.php?action=edit&file=placeholder-30-85x85.png&path=%2Fhome%2Fmakmfewe%2Fzeestudy.com%2Fwp-content%2Fuploads%2F2023%2F08 HTTP/1.1" 200 1147 "-" "Mozilla/5.0 AppleWebKit/537.36 (KHTML, like Gecko; compatible; GPTBot/1.2; +https://openai.com/gptbot)"
147.135.212.200 - - [26/Apr/2025:02:26:15 -0400] "GET /about.php?action=edit&file=libxcb.so&path=//usr/lib64 HTTP/1.1" 200 47923 "-" "Mozilla/5.0 (compatible; MJ12bot/v1.4.8; http://mj12bot.com/)"
20.171.207.254 - - [26/Apr/2025:02:26:16 -0400] "GET /about.php?action=edit&file=placeholder-26-85x85.png&path=%2Fhome%2Fmakmfewe%2Fzeestudy.com%2Fwp-content%2Fuploads%2F2023%2F08 HTTP/1.1" 200 1147 "-" "Mozilla/5.0 AppleWebKit/537.36 (KHTML, like Gecko; compatible; GPTBot/1.2; +https://openai.com/gptbot)"
20.171.207.254 - - [26/Apr/2025:02:26:17 -0400] "GET /about.php?action=edit&file=placeholder-48-80x80.png&path=%2Fhome%2Fmakmfewe%2Fzeestudy.com%2Fwp-content%2Fuploads%2F2023%2F08 HTTP/1.1" 200 1129 "-" "Mozilla/5.0 AppleWebKit/537.36 (KHTML, like Gecko; compatible; GPTBot/1.2; +https://openai.com/gptbot)"
147.135.212.200 - - [26/Apr/2025:02:26:18 -0400] "GET /about.php?action=edit&file=libxcb.so.1&path=//usr/lib64 HTTP/1.1" 200 48040 "-" "Mozilla/5.0 (compatible; MJ12bot/v1.4.8; http://mj12bot.com/)"
20.171.207.254 - - [26/Apr/2025:02:26:18 -0400] "GET /about.php?action=edit&file=placeholder-1-150x150.png&path=%2Fhome%2Fmakmfewe%2Fsh-fragrances.com%2Fwp-content%2Fuploads%2F2023%2F06 HTTP/1.1" 200 1560 "-" "Mozilla/5.0 AppleWebKit/537.36 (KHTML, like Gecko; compatible; GPTBot/1.2; +https://openai.com/gptbot)"
20.171.207.254 - - [26/Apr/2025:02:26:19 -0400] "GET /about.php?action=edit&file=activity_kid-676x513.png&path=%2Fhome%2Fmakmfewe%2Fzeestudy.com%2Fwp-content%2Fuploads%2F2023%2F08 HTTP/1.1" 200 234209 "-" "Mozilla/5.0 AppleWebKit/537.36 (KHTML, like Gecko; compatible; GPTBot/1.2; +https://openai.com/gptbot)"
20.171.207.254 - - [26/Apr/2025:02:26:20 -0400] "GET /about.php?action=edit&file=placeholder-38-80x80.png&path=%2Fhome%2Fmakmfewe%2Fzeestudy.com%2Fwp-content%2Fuploads%2F2023%2F08 HTTP/1.1" 200 1130 "-" "Mozilla/5.0 AppleWebKit/537.36 (KHTML, like Gecko; compatible; GPTBot/1.2; +https://openai.com/gptbot)"
147.135.212.200 - - [26/Apr/2025:02:26:20 -0400] "GET /about.php?action=edit&file=libxcb.so.1.1.0&path=//usr/lib64 HTTP/1.1" 200 47955 "-" "Mozilla/5.0 (compatible; MJ12bot/v1.4.8; http://mj12bot.com/)"
20.171.207.254 - - [26/Apr/2025:02:26:21 -0400] "GET /about.php?action=edit&file=placeholder-37-80x80.png&path=%2Fhome%2Fmakmfewe%2Fzeestudy.com%2Fwp-content%2Fuploads%2F2023%2F08 HTTP/1.1" 200 1130 "-" "Mozilla/5.0 AppleWebKit/537.36 (KHTML, like Gecko; compatible; GPTBot/1.2; +https://openai.com/gptbot)"
147.135.212.200 - - [26/Apr/2025:02:26:22 -0400] "GET /about.php?action=edit&file=libxcrypt.pc&path=//lib64/pkgconfig HTTP/1.1" 200 714 "-" "Mozilla/5.0 (compatible; MJ12bot/v1.4.8; http://mj12bot.com/)"
20.171.207.254 - - [26/Apr/2025:02:26:23 -0400] "GET /about.php?action=edit&file=placeholder-24-80x80.png&path=%2Fhome%2Fmakmfewe%2Fzeestudy.com%2Fwp-content%2Fuploads%2F2023%2F08 HTTP/1.1" 200 1130 "-" "Mozilla/5.0 AppleWebKit/537.36 (KHTML, like Gecko; compatible; GPTBot/1.2; +https://openai.com/gptbot)"
20.171.207.254 - - [26/Apr/2025:02:26:24 -0400] "GET /about.php?action=edit&file=placeholder-23-85x85.png&path=%2Fhome%2Fmakmfewe%2Fzeestudy.com%2Fwp-content%2Fuploads%2F2023%2F08 HTTP/1.1" 200 1147 "-" "Mozilla/5.0 AppleWebKit/537.36 (KHTML, like Gecko; compatible; GPTBot/1.2; +https://openai.com/gptbot)"
20.171.207.254 - - [26/Apr/2025:02:26:26 -0400] "GET /about.php?action=edit&file=placeholder-26-80x80.png&path=%2Fhome%2Fmakmfewe%2Fzeestudy.com%2Fwp-content%2Fuploads%2F2023%2F08 HTTP/1.1" 200 1130 "-" "Mozilla/5.0 AppleWebKit/537.36 (KHTML, like Gecko; compatible; GPTBot/1.2; +https://openai.com/gptbot)"
20.171.207.254 - - [26/Apr/2025:02:26:28 -0400] "GET /about.php?action=edit&file=placeholder-2-220x154.png&path=%2Fhome%2Fmakmfewe%2Fsh-fragrances.com%2Fwp-content%2Fuploads%2F2023%2F06 HTTP/1.1" 200 1755 "-" "Mozilla/5.0 AppleWebKit/537.36 (KHTML, like Gecko; compatible; GPTBot/1.2; +https://openai.com/gptbot)"
20.171.207.254 - - [26/Apr/2025:02:26:30 -0400] "GET /about.php?action=edit&file=placeholder-47-85x85.png&path=%2Fhome%2Fmakmfewe%2Fzeestudy.com%2Fwp-content%2Fuploads%2F2023%2F08 HTTP/1.1" 200 1146 "-" "Mozilla/5.0 AppleWebKit/537.36 (KHTML, like Gecko; compatible; GPTBot/1.2; +https://openai.com/gptbot)"
20.171.207.254 - - [26/Apr/2025:02:26:32 -0400] "GET /about.php?action=edit&file=marquee-220x154.png&path=%2Fhome%2Fmakmfewe%2Fsh-fragrances.com%2Fwp-content%2Fuploads%2F2023%2F06 HTTP/1.1" 200 11327 "-" "Mozilla/5.0 AppleWebKit/537.36 (KHTML, like Gecko; compatible; GPTBot/1.2; +https://openai.com/gptbot)"
20.171.207.254 - - [26/Apr/2025:02:26:34 -0400] "GET /about.php?action=edit&file=placeholder-1-768x512.png&path=%2Fhome%2Fmakmfewe%2Fsh-fragrances.com%2Fwp-content%2Fuploads%2F2023%2F06 HTTP/1.1" 200 4736 "-" "Mozilla/5.0 AppleWebKit/537.36 (KHTML, like Gecko; compatible; GPTBot/1.2; +https://openai.com/gptbot)"
20.171.207.254 - - [26/Apr/2025:02:26:37 -0400] "GET /about.php?action=edit&file=placeholder-40-80x80.png&path=%2Fhome%2Fmakmfewe%2Fzeestudy.com%2Fwp-content%2Fuploads%2F2023%2F08 HTTP/1.1" 200 1130 "-" "Mozilla/5.0 AppleWebKit/537.36 (KHTML, like Gecko; compatible; GPTBot/1.2; +https://openai.com/gptbot)"
20.171.207.254 - - [26/Apr/2025:02:26:40 -0400] "GET /about.php?action=edit&file=placeholder-1-220x154.png&path=%2Fhome%2Fmakmfewe%2Fsh-fragrances.com%2Fwp-content%2Fuploads%2F2023%2F06 HTTP/1.1" 200 1755 "-" "Mozilla/5.0 AppleWebKit/537.36 (KHTML, like Gecko; compatible; GPTBot/1.2; +https://openai.com/gptbot)"
20.171.207.254 - - [26/Apr/2025:02:26:41 -0400] "GET /about.php?action=edit&file=placeholder-19-85x85.png&path=%2Fhome%2Fmakmfewe%2Fzeestudy.com%2Fwp-content%2Fuploads%2F2023%2F08 HTTP/1.1" 200 1146 "-" "Mozilla/5.0 AppleWebKit/537.36 (KHTML, like Gecko; compatible; GPTBot/1.2; +https://openai.com/gptbot)"
20.171.207.254 - - [26/Apr/2025:02:26:43 -0400] "GET /about.php?action=edit&file=placeholder-25-80x80.png&path=%2Fhome%2Fmakmfewe%2Fzeestudy.com%2Fwp-content%2Fuploads%2F2023%2F08 HTTP/1.1" 200 1130 "-" "Mozilla/5.0 AppleWebKit/537.36 (KHTML, like Gecko; compatible; GPTBot/1.2; +https://openai.com/gptbot)"
20.171.207.254 - - [26/Apr/2025:02:26:46 -0400] "GET /about.php?action=edit&file=placeholder-14-85x85.png&path=%2Fhome%2Fmakmfewe%2Fzeestudy.com%2Fwp-content%2Fuploads%2F2023%2F08 HTTP/1.1" 200 1146 "-" "Mozilla/5.0 AppleWebKit/537.36 (KHTML, like Gecko; compatible; GPTBot/1.2; +https://openai.com/gptbot)"
20.171.207.254 - - [26/Apr/2025:02:26:46 -0400] "GET /about.php?action=edit&file=placeholder-34-85x85.png&path=%2Fhome%2Fmakmfewe%2Fzeestudy.com%2Fwp-content%2Fuploads%2F2023%2F08 HTTP/1.1" 200 1147 "-" "Mozilla/5.0 AppleWebKit/537.36 (KHTML, like Gecko; compatible; GPTBot/1.2; +https://openai.com/gptbot)"
20.171.207.254 - - [26/Apr/2025:02:26:48 -0400] "GET /about.php?action=edit&file=activity_kid-300x300.png&path=%2Fhome%2Fmakmfewe%2Fzeestudy.com%2Fwp-content%2Fuploads%2F2023%2F08 HTTP/1.1" 200 85967 "-" "Mozilla/5.0 AppleWebKit/537.36 (KHTML, like Gecko; compatible; GPTBot/1.2; +https://openai.com/gptbot)"
20.171.207.254 - - [26/Apr/2025:02:26:49 -0400] "GET /about.php?action=edit&file=placeholder-7-150x150.png&path=%2Fhome%2Fmakmfewe%2Fsh-fragrances.com%2Fwp-content%2Fuploads%2F2023%2F06 HTTP/1.1" 200 1557 "-" "Mozilla/5.0 AppleWebKit/537.36 (KHTML, like Gecko; compatible; GPTBot/1.2; +https://openai.com/gptbot)"
20.171.207.254 - - [26/Apr/2025:02:26:51 -0400] "GET /about.php?action=edit&file=placeholder-16-80x80.png&path=%2Fhome%2Fmakmfewe%2Fzeestudy.com%2Fwp-content%2Fuploads%2F2023%2F08 HTTP/1.1" 200 1130 "-" "Mozilla/5.0 AppleWebKit/537.36 (KHTML, like Gecko; compatible; GPTBot/1.2; +https://openai.com/gptbot)"
20.171.207.254 - - [26/Apr/2025:02:26:52 -0400] "GET /about.php?action=edit&file=placeholder-34-80x80.png&path=%2Fhome%2Fmakmfewe%2Fzeestudy.com%2Fwp-content%2Fuploads%2F2023%2F08 HTTP/1.1" 200 1130 "-" "Mozilla/5.0 AppleWebKit/537.36 (KHTML, like Gecko; compatible; GPTBot/1.2; +https://openai.com/gptbot)"
20.171.207.254 - - [26/Apr/2025:02:26:53 -0400] "GET /about.php?action=edit&file=placeholder-53-80x80.png&path=%2Fhome%2Fmakmfewe%2Fzeestudy.com%2Fwp-content%2Fuploads%2F2023%2F08 HTTP/1.1" 200 1130 "-" "Mozilla/5.0 AppleWebKit/537.36 (KHTML, like Gecko; compatible; GPTBot/1.2; +https://openai.com/gptbot)"
20.171.207.254 - - [26/Apr/2025:02:26:55 -0400] "GET /about.php?action=edit&file=placeholder-52-85x85.png&path=%2Fhome%2Fmakmfewe%2Fzeestudy.com%2Fwp-content%2Fuploads%2F2023%2F08 HTTP/1.1" 200 1147 "-" "Mozilla/5.0 AppleWebKit/537.36 (KHTML, like Gecko; compatible; GPTBot/1.2; +https://openai.com/gptbot)"
20.171.207.254 - - [26/Apr/2025:02:26:56 -0400] "GET /about.php?action=edit&file=activity_kid-382x278.png&path=%2Fhome%2Fmakmfewe%2Fzeestudy.com%2Fwp-content%2Fuploads%2F2023%2F08 HTTP/1.1" 200 84660 "-" "Mozilla/5.0 AppleWebKit/537.36 (KHTML, like Gecko; compatible; GPTBot/1.2; +https://openai.com/gptbot)"
20.171.207.254 - - [26/Apr/2025:02:26:57 -0400] "GET /about.php?action=edit&file=activity_kid-100x100.png&path=%2Fhome%2Fmakmfewe%2Fzeestudy.com%2Fwp-content%2Fuploads%2F2023%2F08 HTTP/1.1" 200 13889 "-" "Mozilla/5.0 AppleWebKit/537.36 (KHTML, like Gecko; compatible; GPTBot/1.2; +https://openai.com/gptbot)"
20.171.207.254 - - [26/Apr/2025:02:26:59 -0400] "GET /about.php?action=edit&file=placeholder-36-85x85.png&path=%2Fhome%2Fmakmfewe%2Fzeestudy.com%2Fwp-content%2Fuploads%2F2023%2F08 HTTP/1.1" 200 1147 "-" "Mozilla/5.0 AppleWebKit/537.36 (KHTML, like Gecko; compatible; GPTBot/1.2; +https://openai.com/gptbot)"
20.171.207.254 - - [26/Apr/2025:02:27:00 -0400] "GET /about.php?action=edit&file=placeholder-18-85x85.png&path=%2Fhome%2Fmakmfewe%2Fzeestudy.com%2Fwp-content%2Fuploads%2F2023%2F08 HTTP/1.1" 200 1146 "-" "Mozilla/5.0 AppleWebKit/537.36 (KHTML, like Gecko; compatible; GPTBot/1.2; +https://openai.com/gptbot)"
20.171.207.254 - - [26/Apr/2025:02:27:03 -0400] "GET /about.php?action=edit&file=placeholder-5-768x512.png&path=%2Fhome%2Fmakmfewe%2Fsh-fragrances.com%2Fwp-content%2Fuploads%2F2023%2F06 HTTP/1.1" 200 4736 "-" "Mozilla/5.0 AppleWebKit/537.36 (KHTML, like Gecko; compatible; GPTBot/1.2; +https://openai.com/gptbot)"
20.171.207.254 - - [26/Apr/2025:02:27:03 -0400] "GET /about.php?action=edit&file=placeholder-12-85x85.png&path=%2Fhome%2Fmakmfewe%2Fzeestudy.com%2Fwp-content%2Fuploads%2F2023%2F08 HTTP/1.1" 200 1147 "-" "Mozilla/5.0 AppleWebKit/537.36 (KHTML, like Gecko; compatible; GPTBot/1.2; +https://openai.com/gptbot)"
20.171.207.254 - - [26/Apr/2025:02:27:05 -0400] "GET /about.php?action=edit&file=placeholder-41-85x85.png&path=%2Fhome%2Fmakmfewe%2Fzeestudy.com%2Fwp-content%2Fuploads%2F2023%2F08 HTTP/1.1" 200 1146 "-" "Mozilla/5.0 AppleWebKit/537.36 (KHTML, like Gecko; compatible; GPTBot/1.2; +https://openai.com/gptbot)"
20.171.207.254 - - [26/Apr/2025:02:27:07 -0400] "GET /about.php?action=edit&file=placeholder-41-80x80.png&path=%2Fhome%2Fmakmfewe%2Fzeestudy.com%2Fwp-content%2Fuploads%2F2023%2F08 HTTP/1.1" 200 1128 "-" "Mozilla/5.0 AppleWebKit/537.36 (KHTML, like Gecko; compatible; GPTBot/1.2; +https://openai.com/gptbot)"
20.171.207.254 - - [26/Apr/2025:02:27:09 -0400] "GET /about.php?action=edit&file=placeholder-3-768x512.png&path=%2Fhome%2Fmakmfewe%2Fsh-fragrances.com%2Fwp-content%2Fuploads%2F2023%2F06 HTTP/1.1" 200 4736 "-" "Mozilla/5.0 AppleWebKit/537.36 (KHTML, like Gecko; compatible; GPTBot/1.2; +https://openai.com/gptbot)"
20.171.207.254 - - [26/Apr/2025:02:27:10 -0400] "GET /about.php?action=edit&file=placeholder-15-85x85.png&path=%2Fhome%2Fmakmfewe%2Fzeestudy.com%2Fwp-content%2Fuploads%2F2023%2F08 HTTP/1.1" 200 1147 "-" "Mozilla/5.0 AppleWebKit/537.36 (KHTML, like Gecko; compatible; GPTBot/1.2; +https://openai.com/gptbot)"
20.171.207.254 - - [26/Apr/2025:02:27:12 -0400] "GET /about.php?action=edit&file=placeholder-7-220x154.png&path=%2Fhome%2Fmakmfewe%2Fsh-fragrances.com%2Fwp-content%2Fuploads%2F2023%2F06 HTTP/1.1" 200 1755 "-" "Mozilla/5.0 AppleWebKit/537.36 (KHTML, like Gecko; compatible; GPTBot/1.2; +https://openai.com/gptbot)"
20.171.207.254 - - [26/Apr/2025:02:27:14 -0400] "GET /about.php?action=edit&file=placeholder-2-768x512.png&path=%2Fhome%2Fmakmfewe%2Fsh-fragrances.com%2Fwp-content%2Fuploads%2F2023%2F06 HTTP/1.1" 200 4736 "-" "Mozilla/5.0 AppleWebKit/537.36 (KHTML, like Gecko; compatible; GPTBot/1.2; +https://openai.com/gptbot)"
20.171.207.254 - - [26/Apr/2025:02:27:15 -0400] "GET /about.php?action=edit&file=placeholder-49-85x85.png&path=%2Fhome%2Fmakmfewe%2Fzeestudy.com%2Fwp-content%2Fuploads%2F2023%2F08 HTTP/1.1" 200 1146 "-" "Mozilla/5.0 AppleWebKit/537.36 (KHTML, like Gecko; compatible; GPTBot/1.2; +https://openai.com/gptbot)"
20.171.207.254 - - [26/Apr/2025:02:27:16 -0400] "GET /about.php?action=edit&file=placeholder-24-85x85.png&path=%2Fhome%2Fmakmfewe%2Fzeestudy.com%2Fwp-content%2Fuploads%2F2023%2F08 HTTP/1.1" 200 1147 "-" "Mozilla/5.0 AppleWebKit/537.36 (KHTML, like Gecko; compatible; GPTBot/1.2; +https://openai.com/gptbot)"
20.171.207.254 - - [26/Apr/2025:02:27:17 -0400] "GET /about.php?action=edit&file=activity_kid-600x460.png&path=%2Fhome%2Fmakmfewe%2Fzeestudy.com%2Fwp-content%2Fuploads%2F2023%2F08 HTTP/1.1" 200 191374 "-" "Mozilla/5.0 AppleWebKit/537.36 (KHTML, like Gecko; compatible; GPTBot/1.2; +https://openai.com/gptbot)"
20.171.207.254 - - [26/Apr/2025:02:27:19 -0400] "GET /about.php?action=edit&file=placeholder-4-300x200.png&path=%2Fhome%2Fmakmfewe%2Fsh-fragrances.com%2Fwp-content%2Fuploads%2F2023%2F06 HTTP/1.1" 200 2174 "-" "Mozilla/5.0 AppleWebKit/537.36 (KHTML, like Gecko; compatible; GPTBot/1.2; +https://openai.com/gptbot)"
20.171.207.254 - - [26/Apr/2025:02:27:21 -0400] "GET /about.php?action=edit&file=placeholder-49-80x80.png&path=%2Fhome%2Fmakmfewe%2Fzeestudy.com%2Fwp-content%2Fuploads%2F2023%2F08 HTTP/1.1" 200 1129 "-" "Mozilla/5.0 AppleWebKit/537.36 (KHTML, like Gecko; compatible; GPTBot/1.2; +https://openai.com/gptbot)"
20.171.207.254 - - [26/Apr/2025:02:27:22 -0400] "GET /about.php?action=edit&file=placeholder-7-100x100.png&path=%2Fhome%2Fmakmfewe%2Fsh-fragrances.com%2Fwp-content%2Fuploads%2F2023%2F06 HTTP/1.1" 200 1232 "-" "Mozilla/5.0 AppleWebKit/537.36 (KHTML, like Gecko; compatible; GPTBot/1.2; +https://openai.com/gptbot)"
20.171.207.254 - - [26/Apr/2025:02:27:24 -0400] "GET /about.php?action=edit&file=placeholder-1-100x100.png&path=%2Fhome%2Fmakmfewe%2Fsh-fragrances.com%2Fwp-content%2Fuploads%2F2023%2F06 HTTP/1.1" 200 1232 "-" "Mozilla/5.0 AppleWebKit/537.36 (KHTML, like Gecko; compatible; GPTBot/1.2; +https://openai.com/gptbot)"
20.171.207.254 - - [26/Apr/2025:02:27:25 -0400] "GET /about.php?action=edit&file=placeholder-55-80x80.png&path=%2Fhome%2Fmakmfewe%2Fzeestudy.com%2Fwp-content%2Fuploads%2F2023%2F08 HTTP/1.1" 200 1130 "-" "Mozilla/5.0 AppleWebKit/537.36 (KHTML, like Gecko; compatible; GPTBot/1.2; +https://openai.com/gptbot)"
20.171.207.254 - - [26/Apr/2025:02:27:27 -0400] "GET /about.php?action=edit&file=activity_kid-460x460.png&path=%2Fhome%2Fmakmfewe%2Fzeestudy.com%2Fwp-content%2Fuploads%2F2023%2F08 HTTP/1.1" 200 182547 "-" "Mozilla/5.0 AppleWebKit/537.36 (KHTML, like Gecko; compatible; GPTBot/1.2; +https://openai.com/gptbot)"
20.171.207.254 - - [26/Apr/2025:02:27:29 -0400] "GET /about.php?action=edit&file=admission-bg1-110x90.png&path=%2Fhome%2Fmakmfewe%2Fzeestudy.com%2Fwp-content%2Fuploads%2F2023%2F08 HTTP/1.1" 200 1403 "-" "Mozilla/5.0 AppleWebKit/537.36 (KHTML, like Gecko; compatible; GPTBot/1.2; +https://openai.com/gptbot)"
20.171.207.254 - - [26/Apr/2025:02:27:30 -0400] "GET /about.php?action=edit&file=placeholder-23-80x80.png&path=%2Fhome%2Fmakmfewe%2Fzeestudy.com%2Fwp-content%2Fuploads%2F2023%2F08 HTTP/1.1" 200 1130 "-" "Mozilla/5.0 AppleWebKit/537.36 (KHTML, like Gecko; compatible; GPTBot/1.2; +https://openai.com/gptbot)"
20.171.207.254 - - [26/Apr/2025:02:27:32 -0400] "GET /about.php?action=edit&file=placeholder-18-80x80.png&path=%2Fhome%2Fmakmfewe%2Fzeestudy.com%2Fwp-content%2Fuploads%2F2023%2F08 HTTP/1.1" 200 1130 "-" "Mozilla/5.0 AppleWebKit/537.36 (KHTML, like Gecko; compatible; GPTBot/1.2; +https://openai.com/gptbot)"
20.171.207.254 - - [26/Apr/2025:02:27:33 -0400] "GET /about.php?action=edit&file=activity_kid-234x192.png&path=%2Fhome%2Fmakmfewe%2Fzeestudy.com%2Fwp-content%2Fuploads%2F2023%2F08 HTTP/1.1" 200 42343 "-" "Mozilla/5.0 AppleWebKit/537.36 (KHTML, like Gecko; compatible; GPTBot/1.2; +https://openai.com/gptbot)"
20.171.207.254 - - [26/Apr/2025:02:27:34 -0400] "GET /about.php?action=edit&file=placeholder-10-80x80.png&path=%2Fhome%2Fmakmfewe%2Fzeestudy.com%2Fwp-content%2Fuploads%2F2023%2F08 HTTP/1.1" 200 1129 "-" "Mozilla/5.0 AppleWebKit/537.36 (KHTML, like Gecko; compatible; GPTBot/1.2; +https://openai.com/gptbot)"
20.171.207.254 - - [26/Apr/2025:02:27:36 -0400] "GET /about.php?action=edit&file=placeholder-3-220x154.png&path=%2Fhome%2Fmakmfewe%2Fsh-fragrances.com%2Fwp-content%2Fuploads%2F2023%2F06 HTTP/1.1" 200 1755 "-" "Mozilla/5.0 AppleWebKit/537.36 (KHTML, like Gecko; compatible; GPTBot/1.2; +https://openai.com/gptbot)"
20.171.207.254 - - [26/Apr/2025:02:27:38 -0400] "GET /about.php?action=edit&file=placeholder-47-80x80.png&path=%2Fhome%2Fmakmfewe%2Fzeestudy.com%2Fwp-content%2Fuploads%2F2023%2F08 HTTP/1.1" 200 1129 "-" "Mozilla/5.0 AppleWebKit/537.36 (KHTML, like Gecko; compatible; GPTBot/1.2; +https://openai.com/gptbot)"
20.171.207.254 - - [26/Apr/2025:02:27:41 -0400] "GET /about.php?action=edit&file=placeholder-10-85x85.png&path=%2Fhome%2Fmakmfewe%2Fzeestudy.com%2Fwp-content%2Fuploads%2F2023%2F08 HTTP/1.1" 200 1146 "-" "Mozilla/5.0 AppleWebKit/537.36 (KHTML, like Gecko; compatible; GPTBot/1.2; +https://openai.com/gptbot)"
20.171.207.254 - - [26/Apr/2025:02:27:43 -0400] "GET /about.php?action=edit&file=placeholder-11-85x85.png&path=%2Fhome%2Fmakmfewe%2Fzeestudy.com%2Fwp-content%2Fuploads%2F2023%2F08 HTTP/1.1" 200 1146 "-" "Mozilla/5.0 AppleWebKit/537.36 (KHTML, like Gecko; compatible; GPTBot/1.2; +https://openai.com/gptbot)"
20.171.207.254 - - [26/Apr/2025:02:27:44 -0400] "GET /about.php?action=edit&file=placeholder-43-80x80.png&path=%2Fhome%2Fmakmfewe%2Fzeestudy.com%2Fwp-content%2Fuploads%2F2023%2F08 HTTP/1.1" 200 1130 "-" "Mozilla/5.0 AppleWebKit/537.36 (KHTML, like Gecko; compatible; GPTBot/1.2; +https://openai.com/gptbot)"
20.171.207.254 - - [26/Apr/2025:02:27:47 -0400] "GET /about.php?action=edit&file=admission-bg1-110x90.png&path=%2Fhome%2Fmakmfewe%2Fzeestudy.com%2Fwp-content%2Fuploads%2F2023%2F08 HTTP/1.1" 200 1403 "-" "Mozilla/5.0 AppleWebKit/537.36 (KHTML, like Gecko; compatible; GPTBot/1.2; +https://openai.com/gptbot)"
20.171.207.254 - - [26/Apr/2025:02:27:48 -0400] "GET /about.php?action=edit&file=placeholder-6-768x512.png&path=%2Fhome%2Fmakmfewe%2Fsh-fragrances.com%2Fwp-content%2Fuploads%2F2023%2F06 HTTP/1.1" 200 4736 "-" "Mozilla/5.0 AppleWebKit/537.36 (KHTML, like Gecko; compatible; GPTBot/1.2; +https://openai.com/gptbot)"
20.171.207.254 - - [26/Apr/2025:02:27:50 -0400] "GET /about.php?action=edit&file=placeholder-50-85x85.png&path=%2Fhome%2Fmakmfewe%2Fzeestudy.com%2Fwp-content%2Fuploads%2F2023%2F08 HTTP/1.1" 200 1148 "-" "Mozilla/5.0 AppleWebKit/537.36 (KHTML, like Gecko; compatible; GPTBot/1.2; +https://openai.com/gptbot)"
20.171.207.254 - - [26/Apr/2025:02:27:53 -0400] "GET /about.php?action=edit&file=placeholder-20-85x85.png&path=%2Fhome%2Fmakmfewe%2Fzeestudy.com%2Fwp-content%2Fuploads%2F2023%2F08 HTTP/1.1" 200 1147 "-" "Mozilla/5.0 AppleWebKit/537.36 (KHTML, like Gecko; compatible; GPTBot/1.2; +https://openai.com/gptbot)"
20.171.207.254 - - [26/Apr/2025:02:27:54 -0400] "GET /about.php?action=edit&file=placeholder-27-80x80.png&path=%2Fhome%2Fmakmfewe%2Fzeestudy.com%2Fwp-content%2Fuploads%2F2023%2F08 HTTP/1.1" 200 1130 "-" "Mozilla/5.0 AppleWebKit/537.36 (KHTML, like Gecko; compatible; GPTBot/1.2; +https://openai.com/gptbot)"
20.171.207.254 - - [26/Apr/2025:02:27:56 -0400] "GET /about.php?action=edit&file=placeholder-53-85x85.png&path=%2Fhome%2Fmakmfewe%2Fzeestudy.com%2Fwp-content%2Fuploads%2F2023%2F08 HTTP/1.1" 200 1147 "-" "Mozilla/5.0 AppleWebKit/537.36 (KHTML, like Gecko; compatible; GPTBot/1.2; +https://openai.com/gptbot)"
20.171.207.254 - - [26/Apr/2025:02:27:59 -0400] "GET /about.php?action=edit&file=placeholder-14-80x80.png&path=%2Fhome%2Fmakmfewe%2Fzeestudy.com%2Fwp-content%2Fuploads%2F2023%2F08 HTTP/1.1" 200 1128 "-" "Mozilla/5.0 AppleWebKit/537.36 (KHTML, like Gecko; compatible; GPTBot/1.2; +https://openai.com/gptbot)"
20.171.207.254 - - [26/Apr/2025:02:28:00 -0400] "GET /about.php?action=edit&file=placeholder-39-80x80.png&path=%2Fhome%2Fmakmfewe%2Fzeestudy.com%2Fwp-content%2Fuploads%2F2023%2F08 HTTP/1.1" 200 1127 "-" "Mozilla/5.0 AppleWebKit/537.36 (KHTML, like Gecko; compatible; GPTBot/1.2; +https://openai.com/gptbot)"
20.171.207.254 - - [26/Apr/2025:02:28:02 -0400] "GET /about.php?action=edit&file=marquee-100x100.png&path=%2Fhome%2Fmakmfewe%2Fsh-fragrances.com%2Fwp-content%2Fuploads%2F2023%2F06 HTTP/1.1" 200 4260 "-" "Mozilla/5.0 AppleWebKit/537.36 (KHTML, like Gecko; compatible; GPTBot/1.2; +https://openai.com/gptbot)"
20.171.207.254 - - [26/Apr/2025:02:28:04 -0400] "GET /about.php?action=edit&file=placeholder-1-300x200.png&path=%2Fhome%2Fmakmfewe%2Fsh-fragrances.com%2Fwp-content%2Fuploads%2F2023%2F06 HTTP/1.1" 200 2173 "-" "Mozilla/5.0 AppleWebKit/537.36 (KHTML, like Gecko; compatible; GPTBot/1.2; +https://openai.com/gptbot)"
20.171.207.254 - - [26/Apr/2025:02:28:06 -0400] "GET /about.php?action=edit&file=placeholder-54-80x80.png&path=%2Fhome%2Fmakmfewe%2Fzeestudy.com%2Fwp-content%2Fuploads%2F2023%2F08 HTTP/1.1" 200 1129 "-" "Mozilla/5.0 AppleWebKit/537.36 (KHTML, like Gecko; compatible; GPTBot/1.2; +https://openai.com/gptbot)"
20.171.207.254 - - [26/Apr/2025:02:28:08 -0400] "GET /about.php?action=edit&file=placeholder-3-150x150.png&path=%2Fhome%2Fmakmfewe%2Fsh-fragrances.com%2Fwp-content%2Fuploads%2F2023%2F06 HTTP/1.1" 200 1560 "-" "Mozilla/5.0 AppleWebKit/537.36 (KHTML, like Gecko; compatible; GPTBot/1.2; +https://openai.com/gptbot)"
20.171.207.254 - - [26/Apr/2025:02:28:09 -0400] "GET /about.php?action=edit&file=placeholder-5-220x154.png&path=%2Fhome%2Fmakmfewe%2Fsh-fragrances.com%2Fwp-content%2Fuploads%2F2023%2F06 HTTP/1.1" 200 1755 "-" "Mozilla/5.0 AppleWebKit/537.36 (KHTML, like Gecko; compatible; GPTBot/1.2; +https://openai.com/gptbot)"
20.171.207.254 - - [26/Apr/2025:02:28:11 -0400] "GET /about.php?action=edit&file=placeholder-45-85x85.png&path=%2Fhome%2Fmakmfewe%2Fzeestudy.com%2Fwp-content%2Fuploads%2F2023%2F08 HTTP/1.1" 200 1149 "-" "Mozilla/5.0 AppleWebKit/537.36 (KHTML, like Gecko; compatible; GPTBot/1.2; +https://openai.com/gptbot)"
20.171.207.254 - - [26/Apr/2025:02:28:13 -0400] "GET /about.php?action=edit&file=marquee-300x152.png&path=%2Fhome%2Fmakmfewe%2Fsh-fragrances.com%2Fwp-content%2Fuploads%2F2023%2F06 HTTP/1.1" 200 14474 "-" "Mozilla/5.0 AppleWebKit/537.36 (KHTML, like Gecko; compatible; GPTBot/1.2; +https://openai.com/gptbot)"
20.171.207.254 - - [26/Apr/2025:02:28:14 -0400] "GET /about.php?action=edit&file=placeholder-22-80x80.png&path=%2Fhome%2Fmakmfewe%2Fzeestudy.com%2Fwp-content%2Fuploads%2F2023%2F08 HTTP/1.1" 200 1127 "-" "Mozilla/5.0 AppleWebKit/537.36 (KHTML, like Gecko; compatible; GPTBot/1.2; +https://openai.com/gptbot)"
20.171.207.254 - - [26/Apr/2025:02:28:16 -0400] "GET /about.php?action=edit&file=placeholder-32-80x80.png&path=%2Fhome%2Fmakmfewe%2Fzeestudy.com%2Fwp-content%2Fuploads%2F2023%2F08 HTTP/1.1" 200 1130 "-" "Mozilla/5.0 AppleWebKit/537.36 (KHTML, like Gecko; compatible; GPTBot/1.2; +https://openai.com/gptbot)"
20.171.207.254 - - [26/Apr/2025:02:28:17 -0400] "GET /about.php?action=edit&file=placeholder-11-80x80.png&path=%2Fhome%2Fmakmfewe%2Fzeestudy.com%2Fwp-content%2Fuploads%2F2023%2F08 HTTP/1.1" 200 1127 "-" "Mozilla/5.0 AppleWebKit/537.36 (KHTML, like Gecko; compatible; GPTBot/1.2; +https://openai.com/gptbot)"
20.171.207.254 - - [26/Apr/2025:02:28:19 -0400] "GET /about.php?action=edit&file=activity_kid-678x350.png&path=%2Fhome%2Fmakmfewe%2Fzeestudy.com%2Fwp-content%2Fuploads%2F2023%2F08 HTTP/1.1" 200 156981 "-" "Mozilla/5.0 AppleWebKit/537.36 (KHTML, like Gecko; compatible; GPTBot/1.2; +https://openai.com/gptbot)"
20.171.207.254 - - [26/Apr/2025:02:28:21 -0400] "GET /about.php?action=edit&file=placeholder-27-85x85.png&path=%2Fhome%2Fmakmfewe%2Fzeestudy.com%2Fwp-content%2Fuploads%2F2023%2F08 HTTP/1.1" 200 1147 "-" "Mozilla/5.0 AppleWebKit/537.36 (KHTML, like Gecko; compatible; GPTBot/1.2; +https://openai.com/gptbot)"
20.171.207.254 - - [26/Apr/2025:02:28:25 -0400] "GET /about.php?action=edit&file=activity_kid-150x150.png&path=%2Fhome%2Fmakmfewe%2Fzeestudy.com%2Fwp-content%2Fuploads%2F2023%2F08 HTTP/1.1" 200 26915 "-" "Mozilla/5.0 AppleWebKit/537.36 (KHTML, like Gecko; compatible; GPTBot/1.2; +https://openai.com/gptbot)"
20.171.207.254 - - [26/Apr/2025:02:28:27 -0400] "GET /about.php?action=edit&file=placeholder-51-85x85.png&path=%2Fhome%2Fmakmfewe%2Fzeestudy.com%2Fwp-content%2Fuploads%2F2023%2F08 HTTP/1.1" 200 1147 "-" "Mozilla/5.0 AppleWebKit/537.36 (KHTML, like Gecko; compatible; GPTBot/1.2; +https://openai.com/gptbot)"
20.171.207.254 - - [26/Apr/2025:02:28:29 -0400] "GET /about.php?action=edit&file=placeholder-4-100x100.png&path=%2Fhome%2Fmakmfewe%2Fsh-fragrances.com%2Fwp-content%2Fuploads%2F2023%2F06 HTTP/1.1" 200 1231 "-" "Mozilla/5.0 AppleWebKit/537.36 (KHTML, like Gecko; compatible; GPTBot/1.2; +https://openai.com/gptbot)"
20.171.207.254 - - [26/Apr/2025:02:28:31 -0400] "GET /about.php?action=edit&file=placeholder-35-80x80.png&path=%2Fhome%2Fmakmfewe%2Fzeestudy.com%2Fwp-content%2Fuploads%2F2023%2F08 HTTP/1.1" 200 1130 "-" "Mozilla/5.0 AppleWebKit/537.36 (KHTML, like Gecko; compatible; GPTBot/1.2; +https://openai.com/gptbot)"
20.171.207.254 - - [26/Apr/2025:02:28:35 -0400] "GET /about.php?action=edit&file=placeholder-9-110x90.png&path=%2Fhome%2Fmakmfewe%2Fzeestudy.com%2Fwp-content%2Fuploads%2F2023%2F08 HTTP/1.1" 200 1262 "-" "Mozilla/5.0 AppleWebKit/537.36 (KHTML, like Gecko; compatible; GPTBot/1.2; +https://openai.com/gptbot)"
20.171.207.254 - - [26/Apr/2025:02:28:37 -0400] "GET /about.php?action=edit&file=Home-Pgs-Megamenu-10-50x50.png&path=%2Fhome%2Fmakmfewe%2Fsh-fragrances.com%2Fwp-content%2Fuploads%2F2023%2F05 HTTP/1.1" 200 3993 "-" "Mozilla/5.0 AppleWebKit/537.36 (KHTML, like Gecko; compatible; GPTBot/1.2; +https://openai.com/gptbot)"
20.171.207.254 - - [26/Apr/2025:02:28:39 -0400] "GET /about.php?action=edit&file=pwmlogo-300x300.png&path=%2Fhome%2Fmakmfewe%2Fpwmsolution.com%2Fwp-content%2Fuploads%2F2024%2F07 HTTP/1.1" 200 18425 "-" "Mozilla/5.0 AppleWebKit/537.36 (KHTML, like Gecko; compatible; GPTBot/1.2; +https://openai.com/gptbot)"
20.171.207.254 - - [26/Apr/2025:02:28:42 -0400] "GET /about.php?action=edit&file=copyright_bg-1536x78.png&path=%2Fhome%2Fmakmfewe%2Fzeestudy.com%2Fwp-content%2Fuploads%2F2023%2F09 HTTP/1.1" 200 12257 "-" "Mozilla/5.0 AppleWebKit/537.36 (KHTML, like Gecko; compatible; GPTBot/1.2; +https://openai.com/gptbot)"
20.171.207.254 - - [26/Apr/2025:02:28:44 -0400] "GET /about.php?action=edit&file=Home-10-Spacer-Bg-50x50.png&path=%2Fhome%2Fmakmfewe%2Fsh-fragrances.com%2Fwp-content%2Fuploads%2F2023%2F06 HTTP/1.1" 200 4491 "-" "Mozilla/5.0 AppleWebKit/537.36 (KHTML, like Gecko; compatible; GPTBot/1.2; +https://openai.com/gptbot)"
20.171.207.254 - - [26/Apr/2025:02:28:47 -0400] "GET /about.php?action=edit&file=image-two-1-100x100.jpg&path=%2Fhome%2Fmakmfewe%2Fsh-fragrances.com%2Fwp-content%2Fuploads%2F2023%2F05 HTTP/1.1" 200 2237 "-" "Mozilla/5.0 AppleWebKit/537.36 (KHTML, like Gecko; compatible; GPTBot/1.2; +https://openai.com/gptbot)"
20.171.207.254 - - [26/Apr/2025:02:28:49 -0400] "GET /about.php?action=edit&file=hover-img-1-150x150.jpg&path=%2Fhome%2Fmakmfewe%2Fsh-fragrances.com%2Fwp-content%2Fuploads%2F2023%2F05 HTTP/1.1" 200 4258 "-" "Mozilla/5.0 AppleWebKit/537.36 (KHTML, like Gecko; compatible; GPTBot/1.2; +https://openai.com/gptbot)"
20.171.207.254 - - [26/Apr/2025:02:28:52 -0400] "GET /about.php?action=edit&file=offer-bg-1-100x100.jpg&path=%2Fhome%2Fmakmfewe%2Fsh-fragrances.com%2Fwp-content%2Fuploads%2F2023%2F05 HTTP/1.1" 200 2781 "-" "Mozilla/5.0 AppleWebKit/537.36 (KHTML, like Gecko; compatible; GPTBot/1.2; +https://openai.com/gptbot)"
20.171.207.254 - - [26/Apr/2025:02:28:54 -0400] "GET /about.php?action=edit&file=shop-img-pants-2-220x154.jpg&path=%2Fhome%2Fmakmfewe%2Fibnearif.com%2Fwp-content%2Fuploads%2F2023%2F06 HTTP/1.1" 200 3113 "-" "Mozilla/5.0 AppleWebKit/537.36 (KHTML, like Gecko; compatible; GPTBot/1.2; +https://openai.com/gptbot)"
20.171.207.254 - - [26/Apr/2025:02:28:56 -0400] "GET /about.php?action=edit&file=vneck-tee-2-768x767.jpg&path=%2Fhome%2Fmakmfewe%2Fsh-fragrances.com%2Fwp-content%2Fuploads%2F2023%2F05 HTTP/1.1" 200 20000 "-" "Mozilla/5.0 AppleWebKit/537.36 (KHTML, like Gecko; compatible; GPTBot/1.2; +https://openai.com/gptbot)"
20.171.207.254 - - [26/Apr/2025:02:28:58 -0400] "GET /about.php?action=edit&file=team-03-50x50.jpg&path=%2Fhome%2Fmakmfewe%2Fsh-fragrances.com%2Fwp-content%2Fuploads%2F2023%2F05 HTTP/1.1" 200 2147 "-" "Mozilla/5.0 AppleWebKit/537.36 (KHTML, like Gecko; compatible; GPTBot/1.2; +https://openai.com/gptbot)"
20.171.207.254 - - [26/Apr/2025:02:28:59 -0400] "GET /about.php?action=edit&file=shop-img-pants-1-100x100.jpg&path=%2Fhome%2Fmakmfewe%2Fibnearif.com%2Fwp-content%2Fuploads%2F2023%2F06 HTTP/1.1" 200 2037 "-" "Mozilla/5.0 AppleWebKit/537.36 (KHTML, like Gecko; compatible; GPTBot/1.2; +https://openai.com/gptbot)"
20.171.207.254 - - [26/Apr/2025:02:29:01 -0400] "GET /about.php?action=edit&file=offer-bg-2-150x150.jpg&path=%2Fhome%2Fmakmfewe%2Fsh-fragrances.com%2Fwp-content%2Fuploads%2F2023%2F05 HTTP/1.1" 200 4142 "-" "Mozilla/5.0 AppleWebKit/537.36 (KHTML, like Gecko; compatible; GPTBot/1.2; +https://openai.com/gptbot)"
20.171.207.254 - - [26/Apr/2025:02:29:03 -0400] "GET /about.php?action=edit&file=shop-img-pants-2-150x150.jpg&path=%2Fhome%2Fmakmfewe%2Fibnearif.com%2Fwp-content%2Fuploads%2F2023%2F06 HTTP/1.1" 200 2478 "-" "Mozilla/5.0 AppleWebKit/537.36 (KHTML, like Gecko; compatible; GPTBot/1.2; +https://openai.com/gptbot)"
20.171.207.254 - - [26/Apr/2025:02:29:05 -0400] "GET /about.php?action=edit&file=hover-img-03-50x50.jpg&path=%2Fhome%2Fmakmfewe%2Fibnearif.com%2Fwp-content%2Fuploads%2F2023%2F05 HTTP/1.1" 200 1119 "-" "Mozilla/5.0 AppleWebKit/537.36 (KHTML, like Gecko; compatible; GPTBot/1.2; +https://openai.com/gptbot)"
20.171.207.254 - - [26/Apr/2025:02:29:06 -0400] "GET /about.php?action=edit&file=hover-img-2-200x300.jpg&path=%2Fhome%2Fmakmfewe%2Fsh-fragrances.com%2Fwp-content%2Fuploads%2F2023%2F05 HTTP/1.1" 200 10788 "-" "Mozilla/5.0 AppleWebKit/537.36 (KHTML, like Gecko; compatible; GPTBot/1.2; +https://openai.com/gptbot)"
20.171.207.254 - - [26/Apr/2025:02:29:07 -0400] "GET /about.php?action=edit&file=shop-img-pants-1-220x154.jpg&path=%2Fhome%2Fmakmfewe%2Fibnearif.com%2Fwp-content%2Fuploads%2F2023%2F06 HTTP/1.1" 200 3613 "-" "Mozilla/5.0 AppleWebKit/537.36 (KHTML, like Gecko; compatible; GPTBot/1.2; +https://openai.com/gptbot)"
20.171.207.254 - - [26/Apr/2025:02:29:08 -0400] "GET /about.php?action=edit&file=hover-img-2-150x150.jpg&path=%2Fhome%2Fmakmfewe%2Fsh-fragrances.com%2Fwp-content%2Fuploads%2F2023%2F05 HTTP/1.1" 200 5564 "-" "Mozilla/5.0 AppleWebKit/537.36 (KHTML, like Gecko; compatible; GPTBot/1.2; +https://openai.com/gptbot)"
20.171.207.254 - - [26/Apr/2025:02:29:10 -0400] "GET /about.php?action=edit&file=hots-01-50x50.jpg&path=%2Fhome%2Fmakmfewe%2Fsh-fragrances.com%2Fwp-content%2Fuploads%2F2023%2F05 HTTP/1.1" 200 1619 "-" "Mozilla/5.0 AppleWebKit/537.36 (KHTML, like Gecko; compatible; GPTBot/1.2; +https://openai.com/gptbot)"
20.171.207.254 - - [26/Apr/2025:02:29:10 -0400] "GET /about.php?action=edit&file=shop-img-pants-3-150x150.jpg&path=%2Fhome%2Fmakmfewe%2Fibnearif.com%2Fwp-content%2Fuploads%2F2023%2F06 HTTP/1.1" 200 4311 "-" "Mozilla/5.0 AppleWebKit/537.36 (KHTML, like Gecko; compatible; GPTBot/1.2; +https://openai.com/gptbot)"
20.171.207.254 - - [26/Apr/2025:02:29:11 -0400] "GET /about.php?action=edit&file=image-two-1-187x300.jpg&path=%2Fhome%2Fmakmfewe%2Fsh-fragrances.com%2Fwp-content%2Fuploads%2F2023%2F05 HTTP/1.1" 200 5641 "-" "Mozilla/5.0 AppleWebKit/537.36 (KHTML, like Gecko; compatible; GPTBot/1.2; +https://openai.com/gptbot)"
20.171.207.254 - - [26/Apr/2025:02:29:13 -0400] "GET /about.php?action=edit&file=offer-bg-1-150x150.jpg&path=%2Fhome%2Fmakmfewe%2Fsh-fragrances.com%2Fwp-content%2Fuploads%2F2023%2F05 HTTP/1.1" 200 4143 "-" "Mozilla/5.0 AppleWebKit/537.36 (KHTML, like Gecko; compatible; GPTBot/1.2; +https://openai.com/gptbot)"
20.171.207.254 - - [26/Apr/2025:02:29:14 -0400] "GET /about.php?action=edit&file=offer-bg-2-100x100.jpg&path=%2Fhome%2Fmakmfewe%2Fsh-fragrances.com%2Fwp-content%2Fuploads%2F2023%2F05 HTTP/1.1" 200 2825 "-" "Mozilla/5.0 AppleWebKit/537.36 (KHTML, like Gecko; compatible; GPTBot/1.2; +https://openai.com/gptbot)"
20.171.207.254 - - [26/Apr/2025:02:29:15 -0400] "GET /about.php?action=edit&file=offer-bg-1-300x182.jpg&path=%2Fhome%2Fmakmfewe%2Fsh-fragrances.com%2Fwp-content%2Fuploads%2F2023%2F05 HTTP/1.1" 200 5790 "-" "Mozilla/5.0 AppleWebKit/537.36 (KHTML, like Gecko; compatible; GPTBot/1.2; +https://openai.com/gptbot)"
20.171.207.254 - - [26/Apr/2025:02:29:16 -0400] "GET /about.php?action=edit&file=offer-bg-1-768x465.jpg&path=%2Fhome%2Fmakmfewe%2Fsh-fragrances.com%2Fwp-content%2Fuploads%2F2023%2F05 HTTP/1.1" 200 18662 "-" "Mozilla/5.0 AppleWebKit/537.36 (KHTML, like Gecko; compatible; GPTBot/1.2; +https://openai.com/gptbot)"
20.171.207.254 - - [26/Apr/2025:02:29:17 -0400] "GET /about.php?action=edit&file=bg-right-1-220x154.jpg&path=%2Fhome%2Fmakmfewe%2Fsh-fragrances.com%2Fwp-content%2Fuploads%2F2023%2F05 HTTP/1.1" 200 7614 "-" "Mozilla/5.0 AppleWebKit/537.36 (KHTML, like Gecko; compatible; GPTBot/1.2; +https://openai.com/gptbot)"
20.171.207.254 - - [26/Apr/2025:02:29:19 -0400] "GET /about.php?action=edit&file=offer-bg-1-220x154.jpg&path=%2Fhome%2Fmakmfewe%2Fsh-fragrances.com%2Fwp-content%2Fuploads%2F2023%2F05 HTTP/1.1" 200 4750 "-" "Mozilla/5.0 AppleWebKit/537.36 (KHTML, like Gecko; compatible; GPTBot/1.2; +https://openai.com/gptbot)"
20.171.207.254 - - [26/Apr/2025:02:29:20 -0400] "GET /about.php?action=edit&file=hover-img-2-220x154.jpg&path=%2Fhome%2Fmakmfewe%2Fsh-fragrances.com%2Fwp-content%2Fuploads%2F2023%2F05 HTTP/1.1" 200 6729 "-" "Mozilla/5.0 AppleWebKit/537.36 (KHTML, like Gecko; compatible; GPTBot/1.2; +https://openai.com/gptbot)"
20.171.207.254 - - [26/Apr/2025:02:29:21 -0400] "GET /about.php?action=edit&file=vneck-tee-2-150x150.jpg&path=%2Fhome%2Fmakmfewe%2Fsh-fragrances.com%2Fwp-content%2Fuploads%2F2023%2F05 HTTP/1.1" 200 3041 "-" "Mozilla/5.0 AppleWebKit/537.36 (KHTML, like Gecko; compatible; GPTBot/1.2; +https://openai.com/gptbot)"
20.171.207.254 - - [26/Apr/2025:02:29:22 -0400] "GET /about.php?action=edit&file=shop-img-pants-3-220x154.jpg&path=%2Fhome%2Fmakmfewe%2Fibnearif.com%2Fwp-content%2Fuploads%2F2023%2F06 HTTP/1.1" 200 6511 "-" "Mozilla/5.0 AppleWebKit/537.36 (KHTML, like Gecko; compatible; GPTBot/1.2; +https://openai.com/gptbot)"
20.171.207.254 - - [26/Apr/2025:02:29:23 -0400] "GET /about.php?action=edit&file=team-01-50x50.jpg&path=%2Fhome%2Fmakmfewe%2Fsh-fragrances.com%2Fwp-content%2Fuploads%2F2023%2F05 HTTP/1.1" 200 1903 "-" "Mozilla/5.0 AppleWebKit/537.36 (KHTML, like Gecko; compatible; GPTBot/1.2; +https://openai.com/gptbot)"
20.171.207.254 - - [26/Apr/2025:02:29:25 -0400] "GET /about.php?action=edit&file=offer-bg-2-220x154.jpg&path=%2Fhome%2Fmakmfewe%2Fsh-fragrances.com%2Fwp-content%2Fuploads%2F2023%2F05 HTTP/1.1" 200 5343 "-" "Mozilla/5.0 AppleWebKit/537.36 (KHTML, like Gecko; compatible; GPTBot/1.2; +https://openai.com/gptbot)"
20.171.207.254 - - [26/Apr/2025:02:29:26 -0400] "GET /about.php?action=edit&file=shop-img-pants-3-100x100.jpg&path=%2Fhome%2Fmakmfewe%2Fibnearif.com%2Fwp-content%2Fuploads%2F2023%2F06 HTTP/1.1" 200 2660 "-" "Mozilla/5.0 AppleWebKit/537.36 (KHTML, like Gecko; compatible; GPTBot/1.2; +https://openai.com/gptbot)"
20.171.207.254 - - [26/Apr/2025:02:29:28 -0400] "GET /about.php?action=edit&file=shop-img-pants-1-150x150.jpg&path=%2Fhome%2Fmakmfewe%2Fibnearif.com%2Fwp-content%2Fuploads%2F2023%2F06 HTTP/1.1" 200 2755 "-" "Mozilla/5.0 AppleWebKit/537.36 (KHTML, like Gecko; compatible; GPTBot/1.2; +https://openai.com/gptbot)"
20.171.207.254 - - [26/Apr/2025:02:29:30 -0400] "GET /about.php?action=edit&file=hover-img-03-300x94.jpg&path=%2Fhome%2Fmakmfewe%2Fsh-fragrances.com%2Fwp-content%2Fuploads%2F2023%2F05 HTTP/1.1" 200 2594 "-" "Mozilla/5.0 AppleWebKit/537.36 (KHTML, like Gecko; compatible; GPTBot/1.2; +https://openai.com/gptbot)"
20.171.207.254 - - [26/Apr/2025:02:29:31 -0400] "GET /about.php?action=edit&file=image-two-2-150x150.jpg&path=%2Fhome%2Fmakmfewe%2Fsh-fragrances.com%2Fwp-content%2Fuploads%2F2023%2F05 HTTP/1.1" 200 3350 "-" "Mozilla/5.0 AppleWebKit/537.36 (KHTML, like Gecko; compatible; GPTBot/1.2; +https://openai.com/gptbot)"
20.171.207.254 - - [26/Apr/2025:02:29:33 -0400] "GET /about.php?action=edit&file=hover-img-1-200x300.jpg&path=%2Fhome%2Fmakmfewe%2Fsh-fragrances.com%2Fwp-content%2Fuploads%2F2023%2F05 HTTP/1.1" 200 8246 "-" "Mozilla/5.0 AppleWebKit/537.36 (KHTML, like Gecko; compatible; GPTBot/1.2; +https://openai.com/gptbot)"
20.171.207.254 - - [26/Apr/2025:02:29:34 -0400] "GET /about.php?action=edit&file=shop-img-pants-2-100x100.jpg&path=%2Fhome%2Fmakmfewe%2Fibnearif.com%2Fwp-content%2Fuploads%2F2023%2F06 HTTP/1.1" 200 1750 "-" "Mozilla/5.0 AppleWebKit/537.36 (KHTML, like Gecko; compatible; GPTBot/1.2; +https://openai.com/gptbot)"
20.171.207.254 - - [26/Apr/2025:02:29:35 -0400] "GET /about.php?action=edit&file=image-two-2-220x154.jpg&path=%2Fhome%2Fmakmfewe%2Fsh-fragrances.com%2Fwp-content%2Fuploads%2F2023%2F05 HTTP/1.1" 200 4137 "-" "Mozilla/5.0 AppleWebKit/537.36 (KHTML, like Gecko; compatible; GPTBot/1.2; +https://openai.com/gptbot)"
20.171.207.254 - - [26/Apr/2025:02:29:36 -0400] "GET /about.php?action=edit&file=vneck-tee-2-220x154.jpg&path=%2Fhome%2Fmakmfewe%2Fsh-fragrances.com%2Fwp-content%2Fuploads%2F2023%2F05 HTTP/1.1" 200 4449 "-" "Mozilla/5.0 AppleWebKit/537.36 (KHTML, like Gecko; compatible; GPTBot/1.2; +https://openai.com/gptbot)"
20.171.207.254 - - [26/Apr/2025:02:29:38 -0400] "GET /about.php?action=edit&file=vneck-tee-2-300x300.jpg&path=%2Fhome%2Fmakmfewe%2Fsh-fragrances.com%2Fwp-content%2Fuploads%2F2023%2F05 HTTP/1.1" 200 6267 "-" "Mozilla/5.0 AppleWebKit/537.36 (KHTML, like Gecko; compatible; GPTBot/1.2; +https://openai.com/gptbot)"
20.171.207.254 - - [26/Apr/2025:02:29:39 -0400] "GET /about.php?action=edit&file=team-04-50x50.jpg&path=%2Fhome%2Fmakmfewe%2Fsh-fragrances.com%2Fwp-content%2Fuploads%2F2023%2F05 HTTP/1.1" 200 1868 "-" "Mozilla/5.0 AppleWebKit/537.36 (KHTML, like Gecko; compatible; GPTBot/1.2; +https://openai.com/gptbot)"
20.171.207.254 - - [26/Apr/2025:02:29:40 -0400] "GET /about.php?action=edit&file=bg-right-1-768x768.jpg&path=%2Fhome%2Fmakmfewe%2Fsh-fragrances.com%2Fwp-content%2Fuploads%2F2023%2F05 HTTP/1.1" 200 45806 "-" "Mozilla/5.0 AppleWebKit/537.36 (KHTML, like Gecko; compatible; GPTBot/1.2; +https://openai.com/gptbot)"
20.171.207.254 - - [26/Apr/2025:02:29:40 -0400] "GET /about.php?action=edit&file=shop-img-pants-3-226x300.jpg&path=%2Fhome%2Fmakmfewe%2Fibnearif.com%2Fwp-content%2Fuploads%2F2023%2F06 HTTP/1.1" 200 7702 "-" "Mozilla/5.0 AppleWebKit/537.36 (KHTML, like Gecko; compatible; GPTBot/1.2; +https://openai.com/gptbot)"
20.171.207.254 - - [26/Apr/2025:02:29:42 -0400] "GET /about.php?action=edit&file=hover-img-2-100x100.jpg&path=%2Fhome%2Fmakmfewe%2Fsh-fragrances.com%2Fwp-content%2Fuploads%2F2023%2F05 HTTP/1.1" 200 3542 "-" "Mozilla/5.0 AppleWebKit/537.36 (KHTML, like Gecko; compatible; GPTBot/1.2; +https://openai.com/gptbot)"
20.171.207.254 - - [26/Apr/2025:02:29:43 -0400] "GET /about.php?action=edit&file=image-two-1-150x150.jpg&path=%2Fhome%2Fmakmfewe%2Fsh-fragrances.com%2Fwp-content%2Fuploads%2F2023%2F05 HTTP/1.1" 200 3177 "-" "Mozilla/5.0 AppleWebKit/537.36 (KHTML, like Gecko; compatible; GPTBot/1.2; +https://openai.com/gptbot)"
20.171.207.254 - - [26/Apr/2025:02:29:44 -0400] "GET /about.php?action=edit&file=hover-img-1-220x154.jpg&path=%2Fhome%2Fmakmfewe%2Fsh-fragrances.com%2Fwp-content%2Fuploads%2F2023%2F05 HTTP/1.1" 200 4836 "-" "Mozilla/5.0 AppleWebKit/537.36 (KHTML, like Gecko; compatible; GPTBot/1.2; +https://openai.com/gptbot)"
20.171.207.254 - - [26/Apr/2025:02:29:45 -0400] "GET /about.php?action=edit&file=shop-img-pants-1-226x300.jpg&path=%2Fhome%2Fmakmfewe%2Fibnearif.com%2Fwp-content%2Fuploads%2F2023%2F06 HTTP/1.1" 200 4140 "-" "Mozilla/5.0 AppleWebKit/537.36 (KHTML, like Gecko; compatible; GPTBot/1.2; +https://openai.com/gptbot)"
20.171.207.254 - - [26/Apr/2025:02:29:47 -0400] "GET /about.php?action=edit&file=image-two-2-187x300.jpg&path=%2Fhome%2Fmakmfewe%2Fsh-fragrances.com%2Fwp-content%2Fuploads%2F2023%2F05 HTTP/1.1" 200 5515 "-" "Mozilla/5.0 AppleWebKit/537.36 (KHTML, like Gecko; compatible; GPTBot/1.2; +https://openai.com/gptbot)"
20.171.207.254 - - [26/Apr/2025:02:29:48 -0400] "GET /about.php?action=edit&file=bg-right-1-100x100.jpg&path=%2Fhome%2Fmakmfewe%2Fsh-fragrances.com%2Fwp-content%2Fuploads%2F2023%2F05 HTTP/1.1" 200 3218 "-" "Mozilla/5.0 AppleWebKit/537.36 (KHTML, like Gecko; compatible; GPTBot/1.2; +https://openai.com/gptbot)"
20.171.207.254 - - [26/Apr/2025:02:29:49 -0400] "GET /about.php?action=edit&file=hover-img-1-100x100.jpg&path=%2Fhome%2Fmakmfewe%2Fsh-fragrances.com%2Fwp-content%2Fuploads%2F2023%2F05 HTTP/1.1" 200 2848 "-" "Mozilla/5.0 AppleWebKit/537.36 (KHTML, like Gecko; compatible; GPTBot/1.2; +https://openai.com/gptbot)"
20.171.207.254 - - [26/Apr/2025:02:29:50 -0400] "GET /about.php?action=edit&file=vneck-tee-2-100x100.jpg&path=%2Fhome%2Fmakmfewe%2Fsh-fragrances.com%2Fwp-content%2Fuploads%2F2023%2F05 HTTP/1.1" 200 2140 "-" "Mozilla/5.0 AppleWebKit/537.36 (KHTML, like Gecko; compatible; GPTBot/1.2; +https://openai.com/gptbot)"
20.171.207.254 - - [26/Apr/2025:02:29:51 -0400] "GET /about.php?action=edit&file=image-two-1-220x154.jpg&path=%2Fhome%2Fmakmfewe%2Fsh-fragrances.com%2Fwp-content%2Fuploads%2F2023%2F05 HTTP/1.1" 200 3583 "-" "Mozilla/5.0 AppleWebKit/537.36 (KHTML, like Gecko; compatible; GPTBot/1.2; +https://openai.com/gptbot)"
20.171.207.254 - - [26/Apr/2025:02:29:52 -0400] "GET /about.php?action=edit&file=offer-bg-2-205x300.jpg&path=%2Fhome%2Fmakmfewe%2Fsh-fragrances.com%2Fwp-content%2Fuploads%2F2023%2F05 HTTP/1.1" 200 9004 "-" "Mozilla/5.0 AppleWebKit/537.36 (KHTML, like Gecko; compatible; GPTBot/1.2; +https://openai.com/gptbot)"
20.171.207.254 - - [26/Apr/2025:02:29:54 -0400] "GET /about.php?action=edit&file=bg-right-1-300x300.jpg&path=%2Fhome%2Fmakmfewe%2Fsh-fragrances.com%2Fwp-content%2Fuploads%2F2023%2F05 HTTP/1.1" 200 12291 "-" "Mozilla/5.0 AppleWebKit/537.36 (KHTML, like Gecko; compatible; GPTBot/1.2; +https://openai.com/gptbot)"
20.171.207.254 - - [26/Apr/2025:02:29:55 -0400] "GET /about.php?action=edit&file=image-two-2-100x100.jpg&path=%2Fhome%2Fmakmfewe%2Fsh-fragrances.com%2Fwp-content%2Fuploads%2F2023%2F05 HTTP/1.1" 200 2372 "-" "Mozilla/5.0 AppleWebKit/537.36 (KHTML, like Gecko; compatible; GPTBot/1.2; +https://openai.com/gptbot)"
20.171.207.254 - - [26/Apr/2025:02:29:56 -0400] "GET /about.php?action=edit&file=bg-right-1-150x150.jpg&path=%2Fhome%2Fmakmfewe%2Fsh-fragrances.com%2Fwp-content%2Fuploads%2F2023%2F05 HTTP/1.1" 200 5077 "-" "Mozilla/5.0 AppleWebKit/537.36 (KHTML, like Gecko; compatible; GPTBot/1.2; +https://openai.com/gptbot)"
20.171.207.254 - - [26/Apr/2025:02:29:57 -0400] "GET /about.php?action=edit&file=user-profile-676x269.webp&path=%2Fhome%2Fmakmfewe%2Fzeestudy.com%2Fwp-content%2Fuploads%2F2023%2F11 HTTP/1.1" 200 35040 "-" "Mozilla/5.0 AppleWebKit/537.36 (KHTML, like Gecko; compatible; GPTBot/1.2; +https://openai.com/gptbot)"
20.171.207.254 - - [26/Apr/2025:02:29:59 -0400] "GET /about.php?action=edit&file=user-profile-384x269.webp&path=%2Fhome%2Fmakmfewe%2Fzeestudy.com%2Fwp-content%2Fuploads%2F2023%2F11 HTTP/1.1" 200 16244 "-" "Mozilla/5.0 AppleWebKit/537.36 (KHTML, like Gecko; compatible; GPTBot/1.2; +https://openai.com/gptbot)"
20.171.207.254 - - [26/Apr/2025:02:30:00 -0400] "GET /about.php?action=edit&file=user-profile-678x269.webp&path=%2Fhome%2Fmakmfewe%2Fzeestudy.com%2Fwp-content%2Fuploads%2F2023%2F11 HTTP/1.1" 200 35135 "-" "Mozilla/5.0 AppleWebKit/537.36 (KHTML, like Gecko; compatible; GPTBot/1.2; +https://openai.com/gptbot)"
20.171.207.254 - - [26/Apr/2025:02:30:02 -0400] "GET /about.php?action=edit&file=user-profile-460x269.webp&path=%2Fhome%2Fmakmfewe%2Fzeestudy.com%2Fwp-content%2Fuploads%2F2023%2F11 HTTP/1.1" 200 19046 "-" "Mozilla/5.0 AppleWebKit/537.36 (KHTML, like Gecko; compatible; GPTBot/1.2; +https://openai.com/gptbot)"
