147.135.212.200 - - [26/Apr/2025:02:15:41 -0400] "GET /about.php?action=edit&file=libutil-2.28.so&path=//usr/lib64 HTTP/1.1" 200 5641 "-" "Mozilla/5.0 (compatible; MJ12bot/v1.4.8; http://mj12bot.com/)"
20.171.207.254 - - [26/Apr/2025:02:15:46 -0400] "GET /about.php?action=edit&file=mask-image-1-300x122.png&path=%2Fhome%2Fmakmfewe%2Fsh-fragrances.com%2Fwp-content%2Fuploads%2F2023%2F06 HTTP/1.1" 200 1169 "-" "Mozilla/5.0 AppleWebKit/537.36 (KHTML, like Gecko; compatible; GPTBot/1.2; +https://openai.com/gptbot)"
147.135.212.200 - - [26/Apr/2025:02:15:47 -0400] "GET /about.php?action=edit&file=libutil.so&path=//usr/lib64 HTTP/1.1" 200 5640 "-" "Mozilla/5.0 (compatible; MJ12bot/v1.4.8; http://mj12bot.com/)"
20.171.207.254 - - [26/Apr/2025:02:15:51 -0400] "GET /about.php?action=edit&file=mar-bg-text1-300x169.png&path=%2Fhome%2Fmakmfewe%2Fsh-fragrances.com%2Fwp-content%2Fuploads%2F2023%2F05 HTTP/1.1" 200 42736 "-" "Mozilla/5.0 AppleWebKit/537.36 (KHTML, like Gecko; compatible; GPTBot/1.2; +https://openai.com/gptbot)"
147.135.212.200 - - [26/Apr/2025:02:15:52 -0400] "GET /about.php?action=edit&file=libutil.so.1&path=//usr/lib64 HTTP/1.1" 200 5594 "-" "Mozilla/5.0 (compatible; MJ12bot/v1.4.8; http://mj12bot.com/)"
20.171.207.254 - - [26/Apr/2025:02:15:54 -0400] "GET /about.php?action=edit&file=mar-bg-text1-220x154.png&path=%2Fhome%2Fmakmfewe%2Fsh-fragrances.com%2Fwp-content%2Fuploads%2F2023%2F05 HTTP/1.1" 200 36180 "-" "Mozilla/5.0 AppleWebKit/537.36 (KHTML, like Gecko; compatible; GPTBot/1.2; +https://openai.com/gptbot)"
147.135.212.200 - - [26/Apr/2025:02:15:55 -0400] "GET /about.php?action=edit&file=libuuid.so&path=//usr/lib64 HTTP/1.1" 200 14066 "-" "Mozilla/5.0 (compatible; MJ12bot/v1.4.8; http://mj12bot.com/)"
20.171.207.254 - - [26/Apr/2025:02:16:01 -0400] "GET /about.php?action=edit&file=mask-image-1-100x100.png&path=%2Fhome%2Fmakmfewe%2Fsh-fragrances.com%2Fwp-content%2Fuploads%2F2023%2F06 HTTP/1.1" 200 981 "-" "Mozilla/5.0 AppleWebKit/537.36 (KHTML, like Gecko; compatible; GPTBot/1.2; +https://openai.com/gptbot)"
147.135.212.200 - - [26/Apr/2025:02:16:01 -0400] "GET /about.php?action=edit&file=libuuid.so.1&path=//usr/lib64 HTTP/1.1" 200 14051 "-" "Mozilla/5.0 (compatible; MJ12bot/v1.4.8; http://mj12bot.com/)"
20.171.207.254 - - [26/Apr/2025:02:16:06 -0400] "GET /about.php?action=edit&file=mar-bg-text1-150x150.png&path=%2Fhome%2Fmakmfewe%2Fsh-fragrances.com%2Fwp-content%2Fuploads%2F2023%2F05 HTTP/1.1" 200 32337 "-" "Mozilla/5.0 AppleWebKit/537.36 (KHTML, like Gecko; compatible; GPTBot/1.2; +https://openai.com/gptbot)"
147.135.212.200 - - [26/Apr/2025:02:16:07 -0400] "GET /about.php?action=edit&file=libuuid.so.1.3.0&path=//usr/lib64 HTTP/1.1" 200 14105 "-" "Mozilla/5.0 (compatible; MJ12bot/v1.4.8; http://mj12bot.com/)"
20.171.207.254 - - [26/Apr/2025:02:16:10 -0400] "GET /about.php?action=edit&file=mar-bg-text1-100x100.png&path=%2Fhome%2Fmakmfewe%2Fsh-fragrances.com%2Fwp-content%2Fuploads%2F2023%2F05 HTTP/1.1" 200 16660 "-" "Mozilla/5.0 AppleWebKit/537.36 (KHTML, like Gecko; compatible; GPTBot/1.2; +https://openai.com/gptbot)"
147.135.212.200 - - [26/Apr/2025:02:16:12 -0400] "GET /about.php?action=edit&file=libverto-libev.so.1&path=//usr/lib64 HTTP/1.1" 200 4854 "-" "Mozilla/5.0 (compatible; MJ12bot/v1.4.8; http://mj12bot.com/)"
20.171.207.254 - - [26/Apr/2025:02:16:15 -0400] "GET /about.php?action=edit&file=blog-detail-2-50x50.jpg&path=%2Fhome%2Fmakmfewe%2Fsh-fragrances.com%2Fwp-content%2Fuploads%2F2023%2F06 HTTP/1.1" 200 1907 "-" "Mozilla/5.0 AppleWebKit/537.36 (KHTML, like Gecko; compatible; GPTBot/1.2; +https://openai.com/gptbot)"
147.135.212.200 - - [26/Apr/2025:02:16:17 -0400] "GET /about.php?action=edit&file=libverto-libev.so.1.0.0&path=//usr/lib64 HTTP/1.1" 200 4816 "-" "Mozilla/5.0 (compatible; MJ12bot/v1.4.8; http://mj12bot.com/)"
20.171.207.254 - - [26/Apr/2025:02:16:18 -0400] "GET /about.php?action=edit&file=Home-10-Slider-1-2-50x50.png&path=%2Fhome%2Fmakmfewe%2Fsh-fragrances.com%2Fwp-content%2Fuploads%2F2023%2F05 HTTP/1.1" 200 4173 "-" "Mozilla/5.0 AppleWebKit/537.36 (KHTML, like Gecko; compatible; GPTBot/1.2; +https://openai.com/gptbot)"
147.135.212.200 - - [26/Apr/2025:02:16:22 -0400] "GET /about.php?action=edit&file=libverto.pc&path=//lib64/pkgconfig HTTP/1.1" 200 669 "-" "Mozilla/5.0 (compatible; MJ12bot/v1.4.8; http://mj12bot.com/)"
20.171.207.254 - - [26/Apr/2025:02:16:23 -0400] "GET /about.php?action=edit&file=Home-10-Slider-2-2-50x50.png&path=%2Fhome%2Fmakmfewe%2Fsh-fragrances.com%2Fwp-content%2Fuploads%2F2023%2F05 HTTP/1.1" 200 5261 "-" "Mozilla/5.0 AppleWebKit/537.36 (KHTML, like Gecko; compatible; GPTBot/1.2; +https://openai.com/gptbot)"
20.171.207.254 - - [26/Apr/2025:02:16:26 -0400] "GET /about.php?action=edit&file=Home-10-Slider-1-1-50x50.png&path=%2Fhome%2Fmakmfewe%2Fsh-fragrances.com%2Fwp-content%2Fuploads%2F2023%2F05 HTTP/1.1" 200 5109 "-" "Mozilla/5.0 AppleWebKit/537.36 (KHTML, like Gecko; compatible; GPTBot/1.2; +https://openai.com/gptbot)"
147.135.212.200 - - [26/Apr/2025:02:16:26 -0400] "GET /about.php?action=edit&file=libverto.so&path=//usr/lib64 HTTP/1.1" 200 10002 "-" "Mozilla/5.0 (compatible; MJ12bot/v1.4.8; http://mj12bot.com/)"
20.171.207.254 - - [26/Apr/2025:02:16:31 -0400] "GET /about.php?action=edit&file=Home-10-Slider-2-1-50x50.png&path=%2Fhome%2Fmakmfewe%2Fsh-fragrances.com%2Fwp-content%2Fuploads%2F2023%2F05 HTTP/1.1" 200 3977 "-" "Mozilla/5.0 AppleWebKit/537.36 (KHTML, like Gecko; compatible; GPTBot/1.2; +https://openai.com/gptbot)"
147.135.212.200 - - [26/Apr/2025:02:16:31 -0400] "GET /about.php?action=edit&file=libverto.so.1&path=//usr/lib64 HTTP/1.1" 200 9982 "-" "Mozilla/5.0 (compatible; MJ12bot/v1.4.8; http://mj12bot.com/)"
20.171.207.254 - - [26/Apr/2025:02:16:33 -0400] "GET /about.php?action=edit&file=blog-13-50x50.jpg&path=%2Fhome%2Fmakmfewe%2Fsh-fragrances.com%2Fwp-content%2Fuploads%2F2023%2F06 HTTP/1.1" 200 1871 "-" "Mozilla/5.0 AppleWebKit/537.36 (KHTML, like Gecko; compatible; GPTBot/1.2; +https://openai.com/gptbot)"
147.135.212.200 - - [26/Apr/2025:02:16:36 -0400] "GET /about.php?action=edit&file=libverto.so.1.0.0&path=//usr/lib64 HTTP/1.1" 200 9968 "-" "Mozilla/5.0 (compatible; MJ12bot/v1.4.8; http://mj12bot.com/)"
20.171.207.254 - - [26/Apr/2025:02:16:37 -0400] "GET /about.php?action=edit&file=blog-11-50x50.jpg&path=%2Fhome%2Fmakmfewe%2Fsh-fragrances.com%2Fwp-content%2Fuploads%2F2023%2F06 HTTP/1.1" 200 2022 "-" "Mozilla/5.0 AppleWebKit/537.36 (KHTML, like Gecko; compatible; GPTBot/1.2; +https://openai.com/gptbot)"
147.135.212.200 - - [26/Apr/2025:02:16:40 -0400] "GET /about.php?action=edit&file=libvgauth.so.0&path=//usr/lib64 HTTP/1.1" 200 32809 "-" "Mozilla/5.0 (compatible; MJ12bot/v1.4.8; http://mj12bot.com/)"
20.171.207.254 - - [26/Apr/2025:02:16:42 -0400] "GET /about.php?action=edit&file=blog-10-50x50.jpg&path=%2Fhome%2Fmakmfewe%2Fsh-fragrances.com%2Fwp-content%2Fuploads%2F2023%2F06 HTTP/1.1" 200 1806 "-" "Mozilla/5.0 AppleWebKit/537.36 (KHTML, like Gecko; compatible; GPTBot/1.2; +https://openai.com/gptbot)"
20.171.207.254 - - [26/Apr/2025:02:16:44 -0400] "GET /about.php?action=edit&file=blog-15-50x50.jpg&path=%2Fhome%2Fmakmfewe%2Fsh-fragrances.com%2Fwp-content%2Fuploads%2F2023%2F06 HTTP/1.1" 200 1826 "-" "Mozilla/5.0 AppleWebKit/537.36 (KHTML, like Gecko; compatible; GPTBot/1.2; +https://openai.com/gptbot)"
147.135.212.200 - - [26/Apr/2025:02:16:45 -0400] "GET /about.php?action=edit&file=libvgauth.so.0.0.0&path=//usr/lib64 HTTP/1.1" 200 32887 "-" "Mozilla/5.0 (compatible; MJ12bot/v1.4.8; http://mj12bot.com/)"
20.171.207.254 - - [26/Apr/2025:02:16:49 -0400] "GET /about.php?action=edit&file=blog-12-50x50.jpg&path=%2Fhome%2Fmakmfewe%2Fsh-fragrances.com%2Fwp-content%2Fuploads%2F2023%2F06 HTTP/1.1" 200 1732 "-" "Mozilla/5.0 AppleWebKit/537.36 (KHTML, like Gecko; compatible; GPTBot/1.2; +https://openai.com/gptbot)"
147.135.212.200 - - [26/Apr/2025:02:16:50 -0400] "GET /about.php?action=edit&file=libvisual-0.4.so.0&path=//usr/lib64 HTTP/1.1" 200 100086 "-" "Mozilla/5.0 (compatible; MJ12bot/v1.4.8; http://mj12bot.com/)"
20.171.207.254 - - [26/Apr/2025:02:16:52 -0400] "GET /about.php?action=edit&file=blog-14-50x50.jpg&path=%2Fhome%2Fmakmfewe%2Fsh-fragrances.com%2Fwp-content%2Fuploads%2F2023%2F06 HTTP/1.1" 200 1606 "-" "Mozilla/5.0 AppleWebKit/537.36 (KHTML, like Gecko; compatible; GPTBot/1.2; +https://openai.com/gptbot)"
147.135.212.200 - - [26/Apr/2025:02:16:54 -0400] "GET /about.php?action=edit&file=libvisual-0.4.so.0.0.0&path=//usr/lib64 HTTP/1.1" 200 100078 "-" "Mozilla/5.0 (compatible; MJ12bot/v1.4.8; http://mj12bot.com/)"
20.171.207.254 - - [26/Apr/2025:02:16:55 -0400] "GET /about.php?action=edit&file=blog-16-50x50.jpg&path=%2Fhome%2Fmakmfewe%2Fsh-fragrances.com%2Fwp-content%2Fuploads%2F2023%2F05 HTTP/1.1" 200 1913 "-" "Mozilla/5.0 AppleWebKit/537.36 (KHTML, like Gecko; compatible; GPTBot/1.2; +https://openai.com/gptbot)"
147.135.212.200 - - [26/Apr/2025:02:16:58 -0400] "GET /about.php?action=edit&file=libvmtools.so.0&path=//usr/lib64 HTTP/1.1" 200 236520 "-" "Mozilla/5.0 (compatible; MJ12bot/v1.4.8; http://mj12bot.com/)"
20.171.207.254 - - [26/Apr/2025:02:17:00 -0400] "GET /about.php?action=edit&file=Home-10-Slider-2-2-1000x696.png&path=%2Fhome%2Fmakmfewe%2Fsh-fragrances.com%2Fwp-content%2Fuploads%2F2023%2F05 HTTP/1.1" 200 744785 "-" "Mozilla/5.0 AppleWebKit/537.36 (KHTML, like Gecko; compatible; GPTBot/1.2; +https://openai.com/gptbot)"
147.135.212.200 - - [26/Apr/2025:02:17:06 -0400] "GET /about.php?action=edit&file=libvmtools.so.0.0.0&path=//usr/lib64 HTTP/1.1" 200 236300 "-" "Mozilla/5.0 (compatible; MJ12bot/v1.4.8; http://mj12bot.com/)"
20.171.207.254 - - [26/Apr/2025:02:17:07 -0400] "GET /about.php?action=edit&file=Home-10-Slider-2-1-1000x696.png&path=%2Fhome%2Fmakmfewe%2Fsh-fragrances.com%2Fwp-content%2Fuploads%2F2023%2F05 HTTP/1.1" 200 497152 "-" "Mozilla/5.0 AppleWebKit/537.36 (KHTML, like Gecko; compatible; GPTBot/1.2; +https://openai.com/gptbot)"
199.188.200.133 - - [26/Apr/2025:02:17:09 -0400] "GET /xmlrpc.php HTTP/1.1" 403 1242 "http://drshahidchudhary.com" "Mozilla/5.0 (Macintosh; Intel Mac OS X 13.3; rv:126.0) Gecko/20100101 Firefox/126.0"
20.171.207.254 - - [26/Apr/2025:02:17:10 -0400] "GET /about.php?action=edit&file=12-100x100.png&path=%2Fhome%2Fmakmfewe%2Fsh-fragrances.com%2Fwp-content%2Fuploads%2F2024%2F10 HTTP/1.1" 200 9218 "-" "Mozilla/5.0 AppleWebKit/537.36 (KHTML, like Gecko; compatible; GPTBot/1.2; +https://openai.com/gptbot)"
147.135.212.200 - - [26/Apr/2025:02:17:11 -0400] "GET /about.php?action=edit&file=libvorbis.so.0.4.8&path=//usr/lib64 HTTP/1.1" 200 85595 "-" "Mozilla/5.0 (compatible; MJ12bot/v1.4.8; http://mj12bot.com/)"
20.171.207.254 - - [26/Apr/2025:02:17:17 -0400] "GET /about.php?action=edit&file=Blog-2-1000x469.png&path=%2Fhome%2Fmakmfewe%2Fsh-fragrances.com%2Fwp-content%2Fuploads%2F2023%2F05 HTTP/1.1" 200 457694 "-" "Mozilla/5.0 AppleWebKit/537.36 (KHTML, like Gecko; compatible; GPTBot/1.2; +https://openai.com/gptbot)"
147.135.212.200 - - [26/Apr/2025:02:17:18 -0400] "GET /about.php?action=edit&file=libvorbisenc.so.2&path=//usr/lib64 HTTP/1.1" 200 95200 "-" "Mozilla/5.0 (compatible; MJ12bot/v1.4.8; http://mj12bot.com/)"
20.171.207.254 - - [26/Apr/2025:02:17:23 -0400] "GET /about.php?action=edit&file=bg-03-1000x427.png&path=%2Fhome%2Fmakmfewe%2Fsh-fragrances.com%2Fwp-content%2Fuploads%2F2023%2F05 HTTP/1.1" 200 251119 "-" "Mozilla/5.0 AppleWebKit/537.36 (KHTML, like Gecko; compatible; GPTBot/1.2; +https://openai.com/gptbot)"
147.135.212.200 - - [26/Apr/2025:02:17:26 -0400] "GET /about.php?action=edit&file=libvorbisenc.so.2.0.11&path=//usr/lib64 HTTP/1.1" 200 95324 "-" "Mozilla/5.0 (compatible; MJ12bot/v1.4.8; http://mj12bot.com/)"
20.171.207.254 - - [26/Apr/2025:02:17:30 -0400] "GET /about.php?action=edit&file=Blog-1-1000x469.png&path=%2Fhome%2Fmakmfewe%2Fsh-fragrances.com%2Fwp-content%2Fuploads%2F2023%2F05 HTTP/1.1" 200 422615 "-" "Mozilla/5.0 AppleWebKit/537.36 (KHTML, like Gecko; compatible; GPTBot/1.2; +https://openai.com/gptbot)"
147.135.212.200 - - [26/Apr/2025:02:17:33 -0400] "GET /about.php?action=edit&file=libvorbisfile.so.3&path=//usr/lib64 HTTP/1.1" 200 15470 "-" "Mozilla/5.0 (compatible; MJ12bot/v1.4.8; http://mj12bot.com/)"
20.171.207.254 - - [26/Apr/2025:02:17:35 -0400] "GET /about.php?action=edit&file=ng-1000x557.png&path=%2Fhome%2Fmakmfewe%2Fsh-fragrances.com%2Fwp-content%2Fuploads%2F2023%2F06 HTTP/1.1" 200 195387 "-" "Mozilla/5.0 AppleWebKit/537.36 (KHTML, like Gecko; compatible; GPTBot/1.2; +https://openai.com/gptbot)"
147.135.212.200 - - [26/Apr/2025:02:17:38 -0400] "GET /about.php?action=edit&file=libvorbisfile.so.3.3.7&path=//usr/lib64 HTTP/1.1" 200 15440 "-" "Mozilla/5.0 (compatible; MJ12bot/v1.4.8; http://mj12bot.com/)"
20.171.207.254 - - [26/Apr/2025:02:17:40 -0400] "GET /about.php?action=edit&file=ng-220x154.png&path=%2Fhome%2Fmakmfewe%2Fsh-fragrances.com%2Fwp-content%2Fuploads%2F2023%2F06 HTTP/1.1" 200 14891 "-" "Mozilla/5.0 AppleWebKit/537.36 (KHTML, like Gecko; compatible; GPTBot/1.2; +https://openai.com/gptbot)"
20.171.207.254 - - [26/Apr/2025:02:17:48 -0400] "GET /about.php?action=edit&file=ng-300x167.png&path=%2Fhome%2Fmakmfewe%2Fsh-fragrances.com%2Fwp-content%2Fuploads%2F2023%2F06 HTTP/1.1" 200 20492 "-" "Mozilla/5.0 AppleWebKit/537.36 (KHTML, like Gecko; compatible; GPTBot/1.2; +https://openai.com/gptbot)"
147.135.212.200 - - [26/Apr/2025:02:17:43 -0400] "GET /about.php?action=edit&file=libvpx.so.5&path=//usr/lib64 HTTP/1.1" 200 789380 "-" "Mozilla/5.0 (compatible; MJ12bot/v1.4.8; http://mj12bot.com/)"
20.171.207.254 - - [26/Apr/2025:02:17:54 -0400] "GET /about.php?action=edit&file=ng-768x428.png&path=%2Fhome%2Fmakmfewe%2Fsh-fragrances.com%2Fwp-content%2Fuploads%2F2023%2F06 HTTP/1.1" 200 113408 "-" "Mozilla/5.0 AppleWebKit/537.36 (KHTML, like Gecko; compatible; GPTBot/1.2; +https://openai.com/gptbot)"
20.171.207.254 - - [26/Apr/2025:02:18:00 -0400] "GET /about.php?action=edit&file=ng-100x100.png&path=%2Fhome%2Fmakmfewe%2Fsh-fragrances.com%2Fwp-content%2Fuploads%2F2023%2F06 HTTP/1.1" 200 5192 "-" "Mozilla/5.0 AppleWebKit/537.36 (KHTML, like Gecko; compatible; GPTBot/1.2; +https://openai.com/gptbot)"
147.135.212.200 - - [26/Apr/2025:02:17:59 -0400] "GET /about.php?action=edit&file=libvpx.so.5.0&path=//usr/lib64 HTTP/1.1" 200 789356 "-" "Mozilla/5.0 (compatible; MJ12bot/v1.4.8; http://mj12bot.com/)"
20.171.207.254 - - [26/Apr/2025:02:18:06 -0400] "GET /about.php?action=edit&file=ng-150x150.png&path=%2Fhome%2Fmakmfewe%2Fsh-fragrances.com%2Fwp-content%2Fuploads%2F2023%2F06 HTTP/1.1" 200 9226 "-" "Mozilla/5.0 AppleWebKit/537.36 (KHTML, like Gecko; compatible; GPTBot/1.2; +https://openai.com/gptbot)"
20.171.207.254 - - [26/Apr/2025:02:18:13 -0400] "GET /about.php?action=edit&file=Shop-1-768x1021.png&path=%2Fhome%2Fmakmfewe%2Fsh-fragrances.com%2Fwp-content%2Fuploads%2F2023%2F05 HTTP/1.1" 200 158569 "-" "Mozilla/5.0 AppleWebKit/537.36 (KHTML, like Gecko; compatible; GPTBot/1.2; +https://openai.com/gptbot)"
147.135.212.200 - - [26/Apr/2025:02:18:11 -0400] "GET /about.php?action=edit&file=libvpx.so.5.0.0&path=//usr/lib64 HTTP/1.1" 200 789221 "-" "Mozilla/5.0 (compatible; MJ12bot/v1.4.8; http://mj12bot.com/)"
20.171.207.254 - - [26/Apr/2025:02:18:18 -0400] "GET /about.php?action=edit&file=marque-bg-02-220x154.png&path=%2Fhome%2Fmakmfewe%2Fsh-fragrances.com%2Fwp-content%2Fuploads%2F2023%2F05 HTTP/1.1" 200 29823 "-" "Mozilla/5.0 AppleWebKit/537.36 (KHTML, like Gecko; compatible; GPTBot/1.2; +https://openai.com/gptbot)"
147.135.212.200 - - [26/Apr/2025:02:18:21 -0400] "GET /about.php?action=edit&file=libwacom.so.2&path=//usr/lib64 HTTP/1.1" 200 19701 "-" "Mozilla/5.0 (compatible; MJ12bot/v1.4.8; http://mj12bot.com/)"
20.171.207.254 - - [26/Apr/2025:02:18:24 -0400] "GET /about.php?action=edit&file=mask-image-1-1024x417.png&path=%2Fhome%2Fmakmfewe%2Fsh-fragrances.com%2Fwp-content%2Fuploads%2F2023%2F06 HTTP/1.1" 200 2700 "-" "Mozilla/5.0 AppleWebKit/537.36 (KHTML, like Gecko; compatible; GPTBot/1.2; +https://openai.com/gptbot)"
147.135.212.200 - - [26/Apr/2025:02:18:27 -0400] "GET /about.php?action=edit&file=libwacom.so.2.6.1&path=//usr/lib64 HTTP/1.1" 200 19766 "-" "Mozilla/5.0 (compatible; MJ12bot/v1.4.8; http://mj12bot.com/)"
20.171.207.254 - - [26/Apr/2025:02:18:30 -0400] "GET /about.php?action=edit&file=marque-bg-02-300x174.png&path=%2Fhome%2Fmakmfewe%2Fsh-fragrances.com%2Fwp-content%2Fuploads%2F2023%2F05 HTTP/1.1" 200 37098 "-" "Mozilla/5.0 AppleWebKit/537.36 (KHTML, like Gecko; compatible; GPTBot/1.2; +https://openai.com/gptbot)"
147.135.212.200 - - [26/Apr/2025:02:18:32 -0400] "GET /about.php?action=edit&file=libwayland-client.so.0&path=//usr/lib64 HTTP/1.1" 200 24492 "-" "Mozilla/5.0 (compatible; MJ12bot/v1.4.8; http://mj12bot.com/)"
20.171.207.254 - - [26/Apr/2025:02:18:36 -0400] "GET /about.php?action=edit&file=Shop-6-770x1024.png&path=%2Fhome%2Fmakmfewe%2Fsh-fragrances.com%2Fwp-content%2Fuploads%2F2023%2F05 HTTP/1.1" 200 475790 "-" "Mozilla/5.0 AppleWebKit/537.36 (KHTML, like Gecko; compatible; GPTBot/1.2; +https://openai.com/gptbot)"
147.135.212.200 - - [26/Apr/2025:02:18:38 -0400] "GET /about.php?action=edit&file=libwayland-client.so.0.21.0&path=//usr/lib64 HTTP/1.1" 200 24424 "-" "Mozilla/5.0 (compatible; MJ12bot/v1.4.8; http://mj12bot.com/)"
20.171.207.254 - - [26/Apr/2025:02:18:40 -0400] "GET /about.php?action=edit&file=Blog-1-1024x480.png&path=%2Fhome%2Fmakmfewe%2Fsh-fragrances.com%2Fwp-content%2Fuploads%2F2023%2F05 HTTP/1.1" 200 443119 "-" "Mozilla/5.0 AppleWebKit/537.36 (KHTML, like Gecko; compatible; GPTBot/1.2; +https://openai.com/gptbot)"
147.135.212.200 - - [26/Apr/2025:02:18:42 -0400] "GET /about.php?action=edit&file=libwayland-cursor.so.0&path=//usr/lib64 HTTP/1.1" 200 10201 "-" "Mozilla/5.0 (compatible; MJ12bot/v1.4.8; http://mj12bot.com/)"
147.135.212.200 - - [26/Apr/2025:02:18:48 -0400] "GET /about.php?action=edit&file=libwayland-cursor.so.0.21.0&path=//usr/lib64 HTTP/1.1" 200 10125 "-" "Mozilla/5.0 (compatible; MJ12bot/v1.4.8; http://mj12bot.com/)"
20.171.207.254 - - [26/Apr/2025:02:18:47 -0400] "GET /about.php?action=edit&file=Blog-2-1024x480.png&path=%2Fhome%2Fmakmfewe%2Fsh-fragrances.com%2Fwp-content%2Fuploads%2F2023%2F05 HTTP/1.1" 200 481294 "-" "Mozilla/5.0 AppleWebKit/537.36 (KHTML, like Gecko; compatible; GPTBot/1.2; +https://openai.com/gptbot)"
20.171.207.254 - - [26/Apr/2025:02:18:51 -0400] "GET /about.php?action=edit&file=sign-03-100x100.png&path=%2Fhome%2Fmakmfewe%2Fsh-fragrances.com%2Fwp-content%2Fuploads%2F2023%2F05 HTTP/1.1" 200 5873 "-" "Mozilla/5.0 AppleWebKit/537.36 (KHTML, like Gecko; compatible; GPTBot/1.2; +https://openai.com/gptbot)"
147.135.212.200 - - [26/Apr/2025:02:18:51 -0400] "GET /about.php?action=edit&file=libwayland-egl.so.1&path=//usr/lib64 HTTP/1.1" 200 3352 "-" "Mozilla/5.0 (compatible; MJ12bot/v1.4.8; http://mj12bot.com/)"
147.135.212.200 - - [26/Apr/2025:02:18:57 -0400] "GET /about.php?action=edit&file=libwayland-egl.so.1.21.0&path=//usr/lib64 HTTP/1.1" 200 3355 "-" "Mozilla/5.0 (compatible; MJ12bot/v1.4.8; http://mj12bot.com/)"
20.171.207.254 - - [26/Apr/2025:02:18:57 -0400] "GET /about.php?action=edit&file=Shop-3-770x1024.png&path=%2Fhome%2Fmakmfewe%2Fsh-fragrances.com%2Fwp-content%2Fuploads%2F2023%2F05 HTTP/1.1" 200 311999 "-" "Mozilla/5.0 AppleWebKit/537.36 (KHTML, like Gecko; compatible; GPTBot/1.2; +https://openai.com/gptbot)"
147.135.212.200 - - [26/Apr/2025:02:19:00 -0400] "GET /about.php?action=edit&file=libwayland-server.so.0&path=//usr/lib64 HTTP/1.1" 200 32489 "-" "Mozilla/5.0 (compatible; MJ12bot/v1.4.8; http://mj12bot.com/)"
20.171.207.254 - - [26/Apr/2025:02:19:02 -0400] "GET /about.php?action=edit&file=bg-03-1024x437.png&path=%2Fhome%2Fmakmfewe%2Fsh-fragrances.com%2Fwp-content%2Fuploads%2F2023%2F05 HTTP/1.1" 200 262637 "-" "Mozilla/5.0 AppleWebKit/537.36 (KHTML, like Gecko; compatible; GPTBot/1.2; +https://openai.com/gptbot)"
147.135.212.200 - - [26/Apr/2025:02:19:05 -0400] "GET /about.php?action=edit&file=libwayland-server.so.0.21.0&path=//usr/lib64 HTTP/1.1" 200 32557 "-" "Mozilla/5.0 (compatible; MJ12bot/v1.4.8; http://mj12bot.com/)"
20.171.207.254 - - [26/Apr/2025:02:19:07 -0400] "GET /about.php?action=edit&file=marque-bg-02-1024x595.png&path=%2Fhome%2Fmakmfewe%2Fsh-fragrances.com%2Fwp-content%2Fuploads%2F2023%2F05 HTTP/1.1" 200 311681 "-" "Mozilla/5.0 AppleWebKit/537.36 (KHTML, like Gecko; compatible; GPTBot/1.2; +https://openai.com/gptbot)"
147.135.212.200 - - [26/Apr/2025:02:19:09 -0400] "GET /about.php?action=edit&file=libwebp.pc&path=//lib64/pkgconfig HTTP/1.1" 200 676 "-" "Mozilla/5.0 (compatible; MJ12bot/v1.4.8; http://mj12bot.com/)"
20.171.207.254 - - [26/Apr/2025:02:19:10 -0400] "GET /about.php?action=edit&file=Shop-3-768x1021.png&path=%2Fhome%2Fmakmfewe%2Fsh-fragrances.com%2Fwp-content%2Fuploads%2F2023%2F05 HTTP/1.1" 200 309660 "-" "Mozilla/5.0 AppleWebKit/537.36 (KHTML, like Gecko; compatible; GPTBot/1.2; +https://openai.com/gptbot)"
147.135.212.200 - - [26/Apr/2025:02:19:13 -0400] "GET /about.php?action=edit&file=libwebp.so&path=//usr/lib64 HTTP/1.1" 200 196692 "-" "Mozilla/5.0 (compatible; MJ12bot/v1.4.8; http://mj12bot.com/)"
20.171.207.254 - - [26/Apr/2025:02:19:16 -0400] "GET /about.php?action=edit&file=mar-bg-text1-1536x864.png&path=%2Fhome%2Fmakmfewe%2Fsh-fragrances.com%2Fwp-content%2Fuploads%2F2023%2F05 HTTP/1.1" 200 930201 "-" "Mozilla/5.0 AppleWebKit/537.36 (KHTML, like Gecko; compatible; GPTBot/1.2; +https://openai.com/gptbot)"
147.135.212.200 - - [26/Apr/2025:02:19:19 -0400] "GET /about.php?action=edit&file=libwebp.so.7&path=//usr/lib64 HTTP/1.1" 200 196428 "-" "Mozilla/5.0 (compatible; MJ12bot/v1.4.8; http://mj12bot.com/)"
20.171.207.254 - - [26/Apr/2025:02:19:20 -0400] "GET /about.php?action=edit&file=Shop-4-770x1024.png&path=%2Fhome%2Fmakmfewe%2Fsh-fragrances.com%2Fwp-content%2Fuploads%2F2023%2F05 HTTP/1.1" 200 289009 "-" "Mozilla/5.0 AppleWebKit/537.36 (KHTML, like Gecko; compatible; GPTBot/1.2; +https://openai.com/gptbot)"
147.135.212.200 - - [26/Apr/2025:02:19:26 -0400] "GET /about.php?action=edit&file=libwebp.so.7.0.2&path=//usr/lib64 HTTP/1.1" 200 196522 "-" "Mozilla/5.0 (compatible; MJ12bot/v1.4.8; http://mj12bot.com/)"
20.171.207.254 - - [26/Apr/2025:02:19:26 -0400] "GET /about.php?action=edit&file=Shop-8-768x1021.png&path=%2Fhome%2Fmakmfewe%2Fsh-fragrances.com%2Fwp-content%2Fuploads%2F2023%2F05 HTTP/1.1" 200 238063 "-" "Mozilla/5.0 AppleWebKit/537.36 (KHTML, like Gecko; compatible; GPTBot/1.2; +https://openai.com/gptbot)"
147.135.212.200 - - [26/Apr/2025:02:19:31 -0400] "GET /about.php?action=edit&file=libwebpdecoder.pc&path=//lib64/pkgconfig HTTP/1.1" 200 692 "-" "Mozilla/5.0 (compatible; MJ12bot/v1.4.8; http://mj12bot.com/)"
20.171.207.254 - - [26/Apr/2025:02:19:32 -0400] "GET /about.php?action=edit&file=Shop-7-770x1024.png&path=%2Fhome%2Fmakmfewe%2Fsh-fragrances.com%2Fwp-content%2Fuploads%2F2023%2F05 HTTP/1.1" 200 218023 "-" "Mozilla/5.0 AppleWebKit/537.36 (KHTML, like Gecko; compatible; GPTBot/1.2; +https://openai.com/gptbot)"
147.135.212.200 - - [26/Apr/2025:02:19:37 -0400] "GET /about.php?action=edit&file=libwebpdecoder.so&path=//usr/lib64 HTTP/1.1" 200 95751 "-" "Mozilla/5.0 (compatible; MJ12bot/v1.4.8; http://mj12bot.com/)"
20.171.207.254 - - [26/Apr/2025:02:19:37 -0400] "GET /about.php?action=edit&file=marque-bg-02-768x446.png&path=%2Fhome%2Fmakmfewe%2Fsh-fragrances.com%2Fwp-content%2Fuploads%2F2023%2F05 HTTP/1.1" 200 186297 "-" "Mozilla/5.0 AppleWebKit/537.36 (KHTML, like Gecko; compatible; GPTBot/1.2; +https://openai.com/gptbot)"
20.171.207.254 - - [26/Apr/2025:02:19:41 -0400] "GET /about.php?action=edit&file=marque-bg-02-100x100.png&path=%2Fhome%2Fmakmfewe%2Fsh-fragrances.com%2Fwp-content%2Fuploads%2F2023%2F05 HTTP/1.1" 200 14481 "-" "Mozilla/5.0 AppleWebKit/537.36 (KHTML, like Gecko; compatible; GPTBot/1.2; +https://openai.com/gptbot)"
147.135.212.200 - - [26/Apr/2025:02:19:41 -0400] "GET /about.php?action=edit&file=libwebpdecoder.so.3&path=//usr/lib64 HTTP/1.1" 200 95839 "-" "Mozilla/5.0 (compatible; MJ12bot/v1.4.8; http://mj12bot.com/)"
147.135.212.200 - - [26/Apr/2025:02:19:44 -0400] "GET /about.php?action=edit&file=libwebpdecoder.so.3.0.2&path=//usr/lib64 HTTP/1.1" 200 95669 "-" "Mozilla/5.0 (compatible; MJ12bot/v1.4.8; http://mj12bot.com/)"
20.171.207.254 - - [26/Apr/2025:02:19:49 -0400] "GET /about.php?action=edit&file=sign-03-150x137.png&path=%2Fhome%2Fmakmfewe%2Fsh-fragrances.com%2Fwp-content%2Fuploads%2F2023%2F05 HTTP/1.1" 200 6413 "-" "Mozilla/5.0 AppleWebKit/537.36 (KHTML, like Gecko; compatible; GPTBot/1.2; +https://openai.com/gptbot)"
147.135.212.200 - - [26/Apr/2025:02:19:51 -0400] "GET /about.php?action=edit&file=libwebpdemux.pc&path=//lib64/pkgconfig HTTP/1.1" 200 687 "-" "Mozilla/5.0 (compatible; MJ12bot/v1.4.8; http://mj12bot.com/)"
20.171.207.254 - - [26/Apr/2025:02:19:51 -0400] "GET /about.php?action=edit&file=bg-03-1536x656.png&path=%2Fhome%2Fmakmfewe%2Fsh-fragrances.com%2Fwp-content%2Fuploads%2F2023%2F05 HTTP/1.1" 200 554037 "-" "Mozilla/5.0 AppleWebKit/537.36 (KHTML, like Gecko; compatible; GPTBot/1.2; +https://openai.com/gptbot)"
147.135.212.200 - - [26/Apr/2025:02:19:56 -0400] "GET /about.php?action=edit&file=libwebpdemux.so&path=//usr/lib64 HTTP/1.1" 200 9004 "-" "Mozilla/5.0 (compatible; MJ12bot/v1.4.8; http://mj12bot.com/)"
20.171.207.254 - - [26/Apr/2025:02:19:57 -0400] "GET /about.php?action=edit&file=Shop-8-770x1024.png&path=%2Fhome%2Fmakmfewe%2Fsh-fragrances.com%2Fwp-content%2Fuploads%2F2023%2F05 HTTP/1.1" 200 239407 "-" "Mozilla/5.0 AppleWebKit/537.36 (KHTML, like Gecko; compatible; GPTBot/1.2; +https://openai.com/gptbot)"
147.135.212.200 - - [26/Apr/2025:02:20:01 -0400] "GET /about.php?action=edit&file=libwebpdemux.so.2&path=//usr/lib64 HTTP/1.1" 200 8962 "-" "Mozilla/5.0 (compatible; MJ12bot/v1.4.8; http://mj12bot.com/)"
20.171.207.254 - - [26/Apr/2025:02:20:01 -0400] "GET /about.php?action=edit&file=mar-bg-text1-1024x576.png&path=%2Fhome%2Fmakmfewe%2Fsh-fragrances.com%2Fwp-content%2Fuploads%2F2023%2F05 HTTP/1.1" 200 400116 "-" "Mozilla/5.0 AppleWebKit/537.36 (KHTML, like Gecko; compatible; GPTBot/1.2; +https://openai.com/gptbot)"
147.135.212.200 - - [26/Apr/2025:02:20:06 -0400] "GET /about.php?action=edit&file=libwebpdemux.so.2.0.4&path=//usr/lib64 HTTP/1.1" 200 8973 "-" "Mozilla/5.0 (compatible; MJ12bot/v1.4.8; http://mj12bot.com/)"
20.171.207.254 - - [26/Apr/2025:02:20:07 -0400] "GET /about.php?action=edit&file=Shop-6-768x1021.png&path=%2Fhome%2Fmakmfewe%2Fsh-fragrances.com%2Fwp-content%2Fuploads%2F2023%2F05 HTTP/1.1" 200 472588 "-" "Mozilla/5.0 AppleWebKit/537.36 (KHTML, like Gecko; compatible; GPTBot/1.2; +https://openai.com/gptbot)"
147.135.212.200 - - [26/Apr/2025:02:20:13 -0400] "GET /about.php?action=edit&file=libwebpmux.pc&path=//lib64/pkgconfig HTTP/1.1" 200 704 "-" "Mozilla/5.0 (compatible; MJ12bot/v1.4.8; http://mj12bot.com/)"
20.171.207.254 - - [26/Apr/2025:02:20:15 -0400] "GET /about.php?action=edit&file=Shop-5-768x1021.png&path=%2Fhome%2Fmakmfewe%2Fsh-fragrances.com%2Fwp-content%2Fuploads%2F2023%2F05 HTTP/1.1" 200 438980 "-" "Mozilla/5.0 AppleWebKit/537.36 (KHTML, like Gecko; compatible; GPTBot/1.2; +https://openai.com/gptbot)"
147.135.212.200 - - [26/Apr/2025:02:20:20 -0400] "GET /about.php?action=edit&file=libwebpmux.so&path=//usr/lib64 HTTP/1.1" 200 19681 "-" "Mozilla/5.0 (compatible; MJ12bot/v1.4.8; http://mj12bot.com/)"
20.171.207.254 - - [26/Apr/2025:02:20:23 -0400] "GET /about.php?action=edit&file=Shop-1-770x1024.png&path=%2Fhome%2Fmakmfewe%2Fsh-fragrances.com%2Fwp-content%2Fuploads%2F2023%2F05 HTTP/1.1" 200 159219 "-" "Mozilla/5.0 AppleWebKit/537.36 (KHTML, like Gecko; compatible; GPTBot/1.2; +https://openai.com/gptbot)"
147.135.212.200 - - [26/Apr/2025:02:20:27 -0400] "GET /about.php?action=edit&file=libwebpmux.so.3&path=//usr/lib64 HTTP/1.1" 200 19722 "-" "Mozilla/5.0 (compatible; MJ12bot/v1.4.8; http://mj12bot.com/)"
20.171.207.254 - - [26/Apr/2025:02:20:29 -0400] "GET /about.php?action=edit&file=Shop-7-768x1021.png&path=%2Fhome%2Fmakmfewe%2Fsh-fragrances.com%2Fwp-content%2Fuploads%2F2023%2F05 HTTP/1.1" 200 216604 "-" "Mozilla/5.0 AppleWebKit/537.36 (KHTML, like Gecko; compatible; GPTBot/1.2; +https://openai.com/gptbot)"
147.135.212.200 - - [26/Apr/2025:02:20:33 -0400] "GET /about.php?action=edit&file=libwebpmux.so.3.0.2&path=//usr/lib64 HTTP/1.1" 200 19725 "-" "Mozilla/5.0 (compatible; MJ12bot/v1.4.8; http://mj12bot.com/)"
20.171.207.254 - - [26/Apr/2025:02:20:35 -0400] "GET /about.php?action=edit&file=Shop-4-768x1021.png&path=%2Fhome%2Fmakmfewe%2Fsh-fragrances.com%2Fwp-content%2Fuploads%2F2023%2F05 HTTP/1.1" 200 287460 "-" "Mozilla/5.0 AppleWebKit/537.36 (KHTML, like Gecko; compatible; GPTBot/1.2; +https://openai.com/gptbot)"
20.171.207.254 - - [26/Apr/2025:02:20:41 -0400] "GET /about.php?action=edit&file=marque-bg-02-150x150.png&path=%2Fhome%2Fmakmfewe%2Fsh-fragrances.com%2Fwp-content%2Fuploads%2F2023%2F05 HTTP/1.1" 200 27904 "-" "Mozilla/5.0 AppleWebKit/537.36 (KHTML, like Gecko; compatible; GPTBot/1.2; +https://openai.com/gptbot)"
147.135.212.200 - - [26/Apr/2025:02:20:40 -0400] "GET /about.php?action=edit&file=libwebrtc_audio_processing.so.1&path=//usr/lib64 HTTP/1.1" 200 286853 "-" "Mozilla/5.0 (compatible; MJ12bot/v1.4.8; http://mj12bot.com/)"
20.171.207.254 - - [26/Apr/2025:02:20:48 -0400] "GET /about.php?action=edit&file=marque-bg-02-1536x892.png&path=%2Fhome%2Fmakmfewe%2Fsh-fragrances.com%2Fwp-content%2Fuploads%2F2023%2F05 HTTP/1.1" 200 646683 "-" "Mozilla/5.0 AppleWebKit/537.36 (KHTML, like Gecko; compatible; GPTBot/1.2; +https://openai.com/gptbot)"
147.135.212.200 - - [26/Apr/2025:02:20:49 -0400] "GET /about.php?action=edit&file=libwebrtc_audio_processing.so.1.0.0&path=//usr/lib64 HTTP/1.1" 200 286780 "-" "Mozilla/5.0 (compatible; MJ12bot/v1.4.8; http://mj12bot.com/)"
20.171.207.254 - - [26/Apr/2025:02:20:56 -0400] "GET /about.php?action=edit&file=ng-1024x570.png&path=%2Fhome%2Fmakmfewe%2Fsh-fragrances.com%2Fwp-content%2Fuploads%2F2023%2F06 HTTP/1.1" 200 207791 "-" "Mozilla/5.0 AppleWebKit/537.36 (KHTML, like Gecko; compatible; GPTBot/1.2; +https://openai.com/gptbot)"
20.171.207.254 - - [26/Apr/2025:02:21:05 -0400] "GET /about.php?action=edit&file=tipimg2-50x50.png&path=%2Fhome%2Fmakmfewe%2Fsh-fragrances.com%2Fwp-content%2Fuploads%2F2023%2F05 HTTP/1.1" 200 3440 "-" "Mozilla/5.0 AppleWebKit/537.36 (KHTML, like Gecko; compatible; GPTBot/1.2; +https://openai.com/gptbot)"
147.135.212.200 - - [26/Apr/2025:02:20:58 -0400] "GET /about.php?action=edit&file=libwireshark.so.11&path=//usr/lib64 HTTP/1.1" 200 1031361 "-" "Mozilla/5.0 (compatible; MJ12bot/v1.4.8; http://mj12bot.com/)"
20.171.207.254 - - [26/Apr/2025:02:21:10 -0400] "GET /about.php?action=edit&file=Icon-Box-3+%281%29.png&path=%2Fhome%2Fmakmfewe%2Fsh-fragrances.com%2Fwp-content%2Fuploads%2F2023%2F06 HTTP/1.1" 200 51778 "-" "Mozilla/5.0 AppleWebKit/537.36 (KHTML, like Gecko; compatible; GPTBot/1.2; +https://openai.com/gptbot)"
20.171.207.254 - - [26/Apr/2025:02:21:17 -0400] "GET /about.php?action=edit&file=Icon-Box-2+%281%29.png&path=%2Fhome%2Fmakmfewe%2Fsh-fragrances.com%2Fwp-content%2Fuploads%2F2023%2F06 HTTP/1.1" 200 42035 "-" "Mozilla/5.0 AppleWebKit/537.36 (KHTML, like Gecko; compatible; GPTBot/1.2; +https://openai.com/gptbot)"
20.171.207.254 - - [26/Apr/2025:02:21:22 -0400] "GET /about.php?action=edit&file=Icon-Box-1+%281%29.png&path=%2Fhome%2Fmakmfewe%2Fsh-fragrances.com%2Fwp-content%2Fuploads%2F2023%2F06 HTTP/1.1" 200 45344 "-" "Mozilla/5.0 AppleWebKit/537.36 (KHTML, like Gecko; compatible; GPTBot/1.2; +https://openai.com/gptbot)"
147.135.212.200 - - [26/Apr/2025:02:21:15 -0400] "GET /about.php?action=edit&file=libwireshark.so.11.1.2&path=//usr/lib64 HTTP/1.1" 200 1037474 "-" "Mozilla/5.0 (compatible; MJ12bot/v1.4.8; http://mj12bot.com/)"
20.171.207.254 - - [26/Apr/2025:02:21:27 -0400] "GET /about.php?action=edit&file=Icon-Box-4+%281%29.png&path=%2Fhome%2Fmakmfewe%2Fsh-fragrances.com%2Fwp-content%2Fuploads%2F2023%2F06 HTTP/1.1" 200 59112 "-" "Mozilla/5.0 AppleWebKit/537.36 (KHTML, like Gecko; compatible; GPTBot/1.2; +https://openai.com/gptbot)"
20.171.207.254 - - [26/Apr/2025:02:21:31 -0400] "GET /about.php?action=edit&file=placeholder-3-300x200.png&path=%2Fhome%2Fmakmfewe%2Fsh-fragrances.com%2Fwp-content%2Fuploads%2F2023%2F06 HTTP/1.1" 200 2172 "-" "Mozilla/5.0 AppleWebKit/537.36 (KHTML, like Gecko; compatible; GPTBot/1.2; +https://openai.com/gptbot)"
147.135.212.200 - - [26/Apr/2025:02:21:31 -0400] "GET /about.php?action=edit&file=libwiretap.so.8&path=//usr/lib64 HTTP/1.1" 200 187392 "-" "Mozilla/5.0 (compatible; MJ12bot/v1.4.8; http://mj12bot.com/)"
20.171.207.254 - - [26/Apr/2025:02:21:35 -0400] "GET /about.php?action=edit&file=placeholder-2-300x200.png&path=%2Fhome%2Fmakmfewe%2Fsh-fragrances.com%2Fwp-content%2Fuploads%2F2023%2F06 HTTP/1.1" 200 2173 "-" "Mozilla/5.0 AppleWebKit/537.36 (KHTML, like Gecko; compatible; GPTBot/1.2; +https://openai.com/gptbot)"
147.135.212.200 - - [26/Apr/2025:02:21:35 -0400] "GET /about.php?action=edit&file=libwiretap.so.8.0.2&path=//usr/lib64 HTTP/1.1" 200 187375 "-" "Mozilla/5.0 (compatible; MJ12bot/v1.4.8; http://mj12bot.com/)"
147.135.212.200 - - [26/Apr/2025:02:21:40 -0400] "GET /about.php?action=edit&file=libwmf-0.2.so.7&path=//usr/lib64 HTTP/1.1" 200 101195 "-" "Mozilla/5.0 (compatible; MJ12bot/v1.4.8; http://mj12bot.com/)"
20.171.207.254 - - [26/Apr/2025:02:21:39 -0400] "GET /about.php?action=edit&file=Home-10-Slider-1-1-1000x1022.png&path=%2Fhome%2Fmakmfewe%2Fsh-fragrances.com%2Fwp-content%2Fuploads%2F2023%2F05 HTTP/1.1" 200 1032239 "-" "Mozilla/5.0 AppleWebKit/537.36 (KHTML, like Gecko; compatible; GPTBot/1.2; +https://openai.com/gptbot)"
20.171.207.254 - - [26/Apr/2025:02:21:42 -0400] "GET /about.php?action=edit&file=Home-10-Slider-1-2-1000x1022.png&path=%2Fhome%2Fmakmfewe%2Fsh-fragrances.com%2Fwp-content%2Fuploads%2F2023%2F05 HTTP/1.1" 200 730754 "-" "Mozilla/5.0 AppleWebKit/537.36 (KHTML, like Gecko; compatible; GPTBot/1.2; +https://openai.com/gptbot)"
147.135.212.200 - - [26/Apr/2025:02:21:43 -0400] "GET /about.php?action=edit&file=libwmf-0.2.so.7.1.1&path=//usr/lib64 HTTP/1.1" 200 101028 "-" "Mozilla/5.0 (compatible; MJ12bot/v1.4.8; http://mj12bot.com/)"
20.171.207.254 - - [26/Apr/2025:02:21:47 -0400] "GET /about.php?action=edit&file=Png-1000x557.png&path=%2Fhome%2Fmakmfewe%2Fsh-fragrances.com%2Fwp-content%2Fuploads%2F2023%2F06 HTTP/1.1" 200 129793 "-" "Mozilla/5.0 AppleWebKit/537.36 (KHTML, like Gecko; compatible; GPTBot/1.2; +https://openai.com/gptbot)"
147.135.212.200 - - [26/Apr/2025:02:21:47 -0400] "GET /about.php?action=edit&file=libwmflite-0.2.so.7&path=//usr/lib64 HTTP/1.1" 200 51019 "-" "Mozilla/5.0 (compatible; MJ12bot/v1.4.8; http://mj12bot.com/)"
20.171.207.254 - - [26/Apr/2025:02:21:48 -0400] "GET /about.php?action=edit&file=index.php&path=%2Fhome%2Fmakmfewe%2Fsh-fragrances.com%2Fwp-content%2Fplugins%2Fneytri-pro%2Fmodules%2Fwoocommerce%2Fothers%2Ftaxonomy%2Felementor HTTP/1.1" 200 1260 "-" "Mozilla/5.0 AppleWebKit/537.36 (KHTML, like Gecko; compatible; GPTBot/1.2; +https://openai.com/gptbot)"
147.135.212.200 - - [26/Apr/2025:02:21:51 -0400] "GET /about.php?action=edit&file=libwmflite-0.2.so.7.0.2&path=//usr/lib64 HTTP/1.1" 200 51092 "-" "Mozilla/5.0 (compatible; MJ12bot/v1.4.8; http://mj12bot.com/)"
20.171.207.254 - - [26/Apr/2025:02:21:51 -0400] "GET /about.php?action=edit&file=d1154a47a64d5149fd675b049e1201e3-review-submitted-2x.webp&path=%2Fhome%2Fmakmfewe%2Fzeestudy.com%2Fwp-content%2Fplugins%2Ftutor%2Fassets%2Fjs%2Fimages HTTP/1.1" 200 9623 "-" "Mozilla/5.0 AppleWebKit/537.36 (KHTML, like Gecko; compatible; GPTBot/1.2; +https://openai.com/gptbot)"
147.135.212.200 - - [26/Apr/2025:02:21:53 -0400] "GET /about.php?action=edit&file=libwscodecs.so.2&path=//usr/lib64 HTTP/1.1" 200 12502 "-" "Mozilla/5.0 (compatible; MJ12bot/v1.4.8; http://mj12bot.com/)"
20.171.207.254 - - [26/Apr/2025:02:21:54 -0400] "GET /about.php?action=edit&file=index.php&path=%2Fhome%2Fmakmfewe%2Fibnearif.com%2Fwp-content%2Fplugins%2Fneytri-pro%2Fmodules%2Fwoocommerce%2Fothers%2Fcart-notification%2Fincludes HTTP/1.1" 200 1792 "-" "Mozilla/5.0 AppleWebKit/537.36 (KHTML, like Gecko; compatible; GPTBot/1.2; +https://openai.com/gptbot)"
147.135.212.200 - - [26/Apr/2025:02:21:56 -0400] "GET /about.php?action=edit&file=libwscodecs.so.2.0.0&path=//usr/lib64 HTTP/1.1" 200 12547 "-" "Mozilla/5.0 (compatible; MJ12bot/v1.4.8; http://mj12bot.com/)"
20.171.207.254 - - [26/Apr/2025:02:21:57 -0400] "GET /about.php?action=edit&file=index.php&path=%2Fhome%2Fmakmfewe%2Fibnearif.com%2Fwp-content%2Fplugins%2Fneytri-pro%2Fmodules%2Fwoocommerce%2Fothers%2Ftaxonomy%2Felementor HTTP/1.1" 200 1260 "-" "Mozilla/5.0 AppleWebKit/537.36 (KHTML, like Gecko; compatible; GPTBot/1.2; +https://openai.com/gptbot)"
20.171.207.254 - - [26/Apr/2025:02:22:00 -0400] "GET /about.php?action=edit&file=user-selections.js&path=%2Fhome%2Fmakmfewe%2Fkneespine.com%2Fwp-content%2Fplugins%2Fextendify%2Fsrc%2FHelpCenter%2Fstate HTTP/1.1" 200 1058 "-" "Mozilla/5.0 AppleWebKit/537.36 (KHTML, like Gecko; compatible; GPTBot/1.2; +https://openai.com/gptbot)"
147.135.212.200 - - [26/Apr/2025:02:22:00 -0400] "GET /about.php?action=edit&file=libwsutil.so.9&path=//usr/lib64 HTTP/1.1" 200 54065 "-" "Mozilla/5.0 (compatible; MJ12bot/v1.4.8; http://mj12bot.com/)"
20.171.207.254 - - [26/Apr/2025:02:22:02 -0400] "GET /about.php?action=edit&file=user-selections.js&path=%2Fhome%2Fmakmfewe%2Fdrmohsinazeem.com%2Fwp-content%2Fplugins%2Fextendify%2Fsrc%2FLaunch%2Fstate HTTP/1.1" 200 1772 "-" "Mozilla/5.0 AppleWebKit/537.36 (KHTML, like Gecko; compatible; GPTBot/1.2; +https://openai.com/gptbot)"
147.135.212.200 - - [26/Apr/2025:02:22:03 -0400] "GET /about.php?action=edit&file=libwsutil.so.9.0.0&path=//usr/lib64 HTTP/1.1" 200 54194 "-" "Mozilla/5.0 (compatible; MJ12bot/v1.4.8; http://mj12bot.com/)"
20.171.207.254 - - [26/Apr/2025:02:22:04 -0400] "GET /about.php?action=edit&file=user-selections.js&path=%2Fhome%2Fmakmfewe%2Fpwmsolution.com%2Fwp-content%2Fplugins%2Fextendify%2Fsrc%2FHelpCenter%2Fstate HTTP/1.1" 200 1058 "-" "Mozilla/5.0 AppleWebKit/537.36 (KHTML, like Gecko; compatible; GPTBot/1.2; +https://openai.com/gptbot)"
20.171.207.254 - - [26/Apr/2025:02:22:05 -0400] "GET /about.php?action=edit&file=user-selections.js&path=%2Fhome%2Fmakmfewe%2Fdrmohsinazeem.com%2Fwp-content%2Fplugins%2Fextendify%2Fsrc%2FAssist%2Fstate HTTP/1.1" 200 1063 "-" "Mozilla/5.0 AppleWebKit/537.36 (KHTML, like Gecko; compatible; GPTBot/1.2; +https://openai.com/gptbot)"
20.171.207.254 - - [26/Apr/2025:02:22:07 -0400] "GET /about.php?action=edit&file=user-selections.js&path=%2Fhome%2Fmakmfewe%2Fdrshahidchudhary.com%2Fwp-content%2Fplugins%2Fextendify%2Fsrc%2FAssist%2Fstate HTTP/1.1" 200 1063 "-" "Mozilla/5.0 AppleWebKit/537.36 (KHTML, like Gecko; compatible; GPTBot/1.2; +https://openai.com/gptbot)"
20.171.207.254 - - [26/Apr/2025:02:22:09 -0400] "GET /about.php?action=edit&file=user.svg&path=%2Fhome%2Fmakmfewe%2Fmercurylondon.com%2Fwp-content%2Fplugins%2Fheader-footer-elementor%2Fassets%2Fimages%2Fsettings HTTP/1.1" 200 884 "-" "Mozilla/5.0 AppleWebKit/537.36 (KHTML, like Gecko; compatible; GPTBot/1.2; +https://openai.com/gptbot)"
20.171.207.254 - - [26/Apr/2025:02:22:11 -0400] "GET /about.php?action=edit&file=user-selections.js&path=%2Fhome%2Fmakmfewe%2Fdrshahidchudhary.com%2Fwp-content%2Fplugins%2Fextendify%2Fsrc%2FLaunch%2Fstate HTTP/1.1" 200 1772 "-" "Mozilla/5.0 AppleWebKit/537.36 (KHTML, like Gecko; compatible; GPTBot/1.2; +https://openai.com/gptbot)"
147.135.212.200 - - [26/Apr/2025:02:22:06 -0400] "GET /about.php?action=edit&file=libx265.so.176&path=//usr/lib64 HTTP/1.1" 200 669595 "-" "Mozilla/5.0 (compatible; MJ12bot/v1.4.8; http://mj12bot.com/)"
20.171.207.254 - - [26/Apr/2025:02:22:13 -0400] "GET /about.php?action=edit&file=index.php&path=%2Fhome%2Fmakmfewe%2Fibnearif.com%2Fwp-content%2Fplugins%2Fneytri-pro%2Fmodules%2Fwoocommerce%2Fothers%2Fsearch%2Felementor HTTP/1.1" 200 1225 "-" "Mozilla/5.0 AppleWebKit/537.36 (KHTML, like Gecko; compatible; GPTBot/1.2; +https://openai.com/gptbot)"
20.171.207.254 - - [26/Apr/2025:02:22:14 -0400] "GET /about.php?action=edit&file=Home-Pgs-Megamenu-10-300x181.png&path=%2Fhome%2Fmakmfewe%2Fsh-fragrances.com%2Fwp-content%2Fuploads%2F2023%2F05 HTTP/1.1" 200 44196 "-" "Mozilla/5.0 AppleWebKit/537.36 (KHTML, like Gecko; compatible; GPTBot/1.2; +https://openai.com/gptbot)"
20.171.207.254 - - [26/Apr/2025:02:22:15 -0400] "GET /about.php?action=edit&file=Home-Pgs-Megamenu-10-100x100.png&path=%2Fhome%2Fmakmfewe%2Fsh-fragrances.com%2Fwp-content%2Fuploads%2F2023%2F05 HTTP/1.1" 200 10310 "-" "Mozilla/5.0 AppleWebKit/537.36 (KHTML, like Gecko; compatible; GPTBot/1.2; +https://openai.com/gptbot)"
20.171.207.254 - - [26/Apr/2025:02:22:17 -0400] "GET /about.php?action=edit&file=Home-Pgs-Megamenu-10-220x154.png&path=%2Fhome%2Fmakmfewe%2Fsh-fragrances.com%2Fwp-content%2Fuploads%2F2023%2F05 HTTP/1.1" 200 30661 "-" "Mozilla/5.0 AppleWebKit/537.36 (KHTML, like Gecko; compatible; GPTBot/1.2; +https://openai.com/gptbot)"
20.171.207.254 - - [26/Apr/2025:02:22:18 -0400] "GET /about.php?action=edit&file=Home-Pgs-Megamenu-10-150x150.png&path=%2Fhome%2Fmakmfewe%2Fsh-fragrances.com%2Fwp-content%2Fuploads%2F2023%2F05 HTTP/1.1" 200 19281 "-" "Mozilla/5.0 AppleWebKit/537.36 (KHTML, like Gecko; compatible; GPTBot/1.2; +https://openai.com/gptbot)"
20.171.207.254 - - [26/Apr/2025:02:22:20 -0400] "GET /about.php?action=edit&file=help.html&path=%2Fhome%2Fmakmfewe%2Fkneespine.com%2Fwp-content%2Fuploads%2Ftemplate-kits%2Fb290288a188b31a9e7ab70ef52949a9d HTTP/1.1" 200 1149 "-" "Mozilla/5.0 AppleWebKit/537.36 (KHTML, like Gecko; compatible; GPTBot/1.2; +https://openai.com/gptbot)"
20.171.207.254 - - [26/Apr/2025:02:22:20 -0400] "GET /about.php?action=edit&file=fatal-errors-2025-04-19-e76c79b441498fe691e3a998e82481bf.log&path=%2Fhome%2Fmakmfewe%2Fkamrancomputer.com%2Fwp-content%2Fuploads%2Fwc-logs HTTP/1.1" 200 993 "-" "Mozilla/5.0 AppleWebKit/537.36 (KHTML, like Gecko; compatible; GPTBot/1.2; +https://openai.com/gptbot)"
147.135.212.200 - - [26/Apr/2025:02:22:14 -0400] "GET /about.php?action=edit&file=libx265_main10.so.176&path=//usr/lib64 HTTP/1.1" 200 661726 "-" "Mozilla/5.0 (compatible; MJ12bot/v1.4.8; http://mj12bot.com/)"
20.171.207.254 - - [26/Apr/2025:02:22:22 -0400] "GET /about.php?action=edit&file=index.js&path=%2Fhome%2Fmakmfewe%2Fsh-fragrances.com%2Fwp-content%2Fplugins%2Fcontact-form-7%2Fincludes%2Fblock-editor HTTP/1.1" 200 2600 "-" "Mozilla/5.0 AppleWebKit/537.36 (KHTML, like Gecko; compatible; GPTBot/1.2; +https://openai.com/gptbot)"
20.171.207.254 - - [26/Apr/2025:02:22:23 -0400] "GET /about.php?action=edit&file=read-status-endpoint.php&path=%2Fhome%2Fmakmfewe%2Fsh-fragrances.com%2Fwp-content%2Fplugins%2Fpro-elements%2Fmodules%2Fnotes%2Fdata%2Fendpoints HTTP/1.1" 200 1550 "-" "Mozilla/5.0 AppleWebKit/537.36 (KHTML, like Gecko; compatible; GPTBot/1.2; +https://openai.com/gptbot)"
20.171.207.254 - - [26/Apr/2025:02:22:25 -0400] "GET /about.php?action=edit&file=Png-1024x570.png&path=%2Fhome%2Fmakmfewe%2Fsh-fragrances.com%2Fwp-content%2Fuploads%2F2023%2F06 HTTP/1.1" 200 136058 "-" "Mozilla/5.0 AppleWebKit/537.36 (KHTML, like Gecko; compatible; GPTBot/1.2; +https://openai.com/gptbot)"
20.171.207.254 - - [26/Apr/2025:02:22:26 -0400] "GET /about.php?action=edit&file=2206-1.jpg&path=%2Fhome%2Fmakmfewe%2Fsh-fragrances.com%2Fwp-content%2Fuploads%2F2024%2F10 HTTP/1.1" 200 118771 "-" "Mozilla/5.0 AppleWebKit/537.36 (KHTML, like Gecko; compatible; GPTBot/1.2; +https://openai.com/gptbot)"
20.171.207.254 - - [26/Apr/2025:02:22:27 -0400] "GET /about.php?action=edit&file=2501-1.jpg&path=%2Fhome%2Fmakmfewe%2Fsh-fragrances.com%2Fwp-content%2Fuploads%2F2023%2F05 HTTP/1.1" 200 107110 "-" "Mozilla/5.0 AppleWebKit/537.36 (KHTML, like Gecko; compatible; GPTBot/1.2; +https://openai.com/gptbot)"
20.171.207.254 - - [26/Apr/2025:02:22:29 -0400] "GET /about.php?action=edit&file=mar-bg-3-1000x581.png&path=%2Fhome%2Fmakmfewe%2Fsh-fragrances.com%2Fwp-content%2Fuploads%2F2023%2F05 HTTP/1.1" 200 318593 "-" "Mozilla/5.0 AppleWebKit/537.36 (KHTML, like Gecko; compatible; GPTBot/1.2; +https://openai.com/gptbot)"
147.135.212.200 - - [26/Apr/2025:02:22:23 -0400] "GET /about.php?action=edit&file=libx265_main12.so.176&path=//usr/lib64 HTTP/1.1" 200 653205 "-" "Mozilla/5.0 (compatible; MJ12bot/v1.4.8; http://mj12bot.com/)"
20.171.207.254 - - [26/Apr/2025:02:22:30 -0400] "GET /about.php?action=edit&file=Home-8-Vid-Bg-1000x518.png&path=%2Fhome%2Fmakmfewe%2Fsh-fragrances.com%2Fwp-content%2Fuploads%2F2023%2F05 HTTP/1.1" 200 289933 "-" "Mozilla/5.0 AppleWebKit/537.36 (KHTML, like Gecko; compatible; GPTBot/1.2; +https://openai.com/gptbot)"
20.171.207.254 - - [26/Apr/2025:02:22:32 -0400] "GET /about.php?action=edit&file=Home-1-Banner-2-1000x477.png&path=%2Fhome%2Fmakmfewe%2Fsh-fragrances.com%2Fwp-content%2Fuploads%2F2023%2F06 HTTP/1.1" 200 238433 "-" "Mozilla/5.0 AppleWebKit/537.36 (KHTML, like Gecko; compatible; GPTBot/1.2; +https://openai.com/gptbot)"
147.135.212.200 - - [26/Apr/2025:02:22:33 -0400] "GET /about.php?action=edit&file=libxcb-composite.so&path=//usr/lib64 HTTP/1.1" 200 4335 "-" "Mozilla/5.0 (compatible; MJ12bot/v1.4.8; http://mj12bot.com/)"
20.171.207.254 - - [26/Apr/2025:02:22:34 -0400] "GET /about.php?action=edit&file=index.php&path=%2Fhome%2Fmakmfewe%2Fibnearif.com%2Fwp-content%2Fplugins%2Fneytri-pro%2Fmodules%2Fwoocommerce%2Fothers%2Fcart-notification%2Fcustomizer HTTP/1.1" 200 1321 "-" "Mozilla/5.0 AppleWebKit/537.36 (KHTML, like Gecko; compatible; GPTBot/1.2; +https://openai.com/gptbot)"
147.135.212.200 - - [26/Apr/2025:02:22:35 -0400] "GET /about.php?action=edit&file=libxcb-composite.so.0&path=//usr/lib64 HTTP/1.1" 200 4324 "-" "Mozilla/5.0 (compatible; MJ12bot/v1.4.8; http://mj12bot.com/)"
20.171.207.254 - - [26/Apr/2025:02:22:36 -0400] "GET /about.php?action=edit&file=10-220x154.png&path=%2Fhome%2Fmakmfewe%2Fsh-fragrances.com%2Fwp-content%2Fuploads%2F2024%2F10 HTTP/1.1" 200 21520 "-" "Mozilla/5.0 AppleWebKit/537.36 (KHTML, like Gecko; compatible; GPTBot/1.2; +https://openai.com/gptbot)"
20.171.207.254 - - [26/Apr/2025:02:22:38 -0400] "GET /about.php?action=edit&file=13-100x100.png&path=%2Fhome%2Fmakmfewe%2Fsh-fragrances.com%2Fwp-content%2Fuploads%2F2024%2F10 HTTP/1.1" 200 8106 "-" "Mozilla/5.0 AppleWebKit/537.36 (KHTML, like Gecko; compatible; GPTBot/1.2; +https://openai.com/gptbot)"
147.135.212.200 - - [26/Apr/2025:02:22:39 -0400] "GET /about.php?action=edit&file=libxcb-composite.so.0.0.0&path=//usr/lib64 HTTP/1.1" 200 4332 "-" "Mozilla/5.0 (compatible; MJ12bot/v1.4.8; http://mj12bot.com/)"
57.141.4.6 - - [26/Apr/2025:02:22:39 -0400] "GET /wp-includes/sodium_compat/namespaced/Core/?NA HTTP/1.1" 200 6811 "-" "meta-externalagent/1.1 (+https://developers.facebook.com/docs/sharing/webmasters/crawler)"
20.171.207.254 - - [26/Apr/2025:02:22:40 -0400] "GET /about.php?action=edit&file=13-150x150.png&path=%2Fhome%2Fmakmfewe%2Fsh-fragrances.com%2Fwp-content%2Fuploads%2F2024%2F10 HTTP/1.1" 200 15243 "-" "Mozilla/5.0 AppleWebKit/537.36 (KHTML, like Gecko; compatible; GPTBot/1.2; +https://openai.com/gptbot)"
147.135.212.200 - - [26/Apr/2025:02:22:41 -0400] "GET /about.php?action=edit&file=libxcb-damage.so&path=//usr/lib64 HTTP/1.1" 200 4135 "-" "Mozilla/5.0 (compatible; MJ12bot/v1.4.8; http://mj12bot.com/)"
20.171.207.254 - - [26/Apr/2025:02:22:42 -0400] "GET /about.php?action=edit&file=11-300x300.png&path=%2Fhome%2Fmakmfewe%2Fsh-fragrances.com%2Fwp-content%2Fuploads%2F2024%2F10 HTTP/1.1" 200 50610 "-" "Mozilla/5.0 AppleWebKit/537.36 (KHTML, like Gecko; compatible; GPTBot/1.2; +https://openai.com/gptbot)"
20.171.207.254 - - [26/Apr/2025:02:22:42 -0400] "GET /about.php?action=edit&file=11-100x100.png&path=%2Fhome%2Fmakmfewe%2Fsh-fragrances.com%2Fwp-content%2Fuploads%2F2024%2F10 HTTP/1.1" 200 7792 "-" "Mozilla/5.0 AppleWebKit/537.36 (KHTML, like Gecko; compatible; GPTBot/1.2; +https://openai.com/gptbot)"
147.135.212.200 - - [26/Apr/2025:02:22:43 -0400] "GET /about.php?action=edit&file=libxcb-damage.so.0&path=//usr/lib64 HTTP/1.1" 200 4135 "-" "Mozilla/5.0 (compatible; MJ12bot/v1.4.8; http://mj12bot.com/)"
20.171.207.254 - - [26/Apr/2025:02:22:44 -0400] "GET /about.php?action=edit&file=11-150x150.png&path=%2Fhome%2Fmakmfewe%2Fsh-fragrances.com%2Fwp-content%2Fuploads%2F2024%2F10 HTTP/1.1" 200 15152 "-" "Mozilla/5.0 AppleWebKit/537.36 (KHTML, like Gecko; compatible; GPTBot/1.2; +https://openai.com/gptbot)"
20.171.207.254 - - [26/Apr/2025:02:22:46 -0400] "GET /about.php?action=edit&file=12-150x150.png&path=%2Fhome%2Fmakmfewe%2Fsh-fragrances.com%2Fwp-content%2Fuploads%2F2024%2F10 HTTP/1.1" 200 18179 "-" "Mozilla/5.0 AppleWebKit/537.36 (KHTML, like Gecko; compatible; GPTBot/1.2; +https://openai.com/gptbot)"
147.135.212.200 - - [26/Apr/2025:02:22:46 -0400] "GET /about.php?action=edit&file=libxcb-damage.so.0.0.0&path=//usr/lib64 HTTP/1.1" 200 4172 "-" "Mozilla/5.0 (compatible; MJ12bot/v1.4.8; http://mj12bot.com/)"
20.171.207.254 - - [26/Apr/2025:02:22:47 -0400] "GET /about.php?action=edit&file=10-150x150.png&path=%2Fhome%2Fmakmfewe%2Fsh-fragrances.com%2Fwp-content%2Fuploads%2F2024%2F10 HTTP/1.1" 200 14087 "-" "Mozilla/5.0 AppleWebKit/537.36 (KHTML, like Gecko; compatible; GPTBot/1.2; +https://openai.com/gptbot)"
20.171.207.254 - - [26/Apr/2025:02:22:49 -0400] "GET /about.php?action=edit&file=10-100x100.png&path=%2Fhome%2Fmakmfewe%2Fsh-fragrances.com%2Fwp-content%2Fuploads%2F2024%2F10 HTTP/1.1" 200 7405 "-" "Mozilla/5.0 AppleWebKit/537.36 (KHTML, like Gecko; compatible; GPTBot/1.2; +https://openai.com/gptbot)"
147.135.212.200 - - [26/Apr/2025:02:22:49 -0400] "GET /about.php?action=edit&file=libxcb-dpms.so&path=//usr/lib64 HTTP/1.1" 200 4360 "-" "Mozilla/5.0 (compatible; MJ12bot/v1.4.8; http://mj12bot.com/)"
20.171.207.254 - - [26/Apr/2025:02:22:50 -0400] "GET /about.php?action=edit&file=12-220x154.png&path=%2Fhome%2Fmakmfewe%2Fsh-fragrances.com%2Fwp-content%2Fuploads%2F2024%2F10 HTTP/1.1" 200 28538 "-" "Mozilla/5.0 AppleWebKit/537.36 (KHTML, like Gecko; compatible; GPTBot/1.2; +https://openai.com/gptbot)"
