217.182.175.38 - - [26/Apr/2025:01:44:14 -0400] "GET /about.php?action=edit&file=liblve.so.1&path=//usr/lib64 HTTP/1.1" 200 42736 "-" "Mozilla/5.0 (compatible; MJ12bot/v1.4.8; http://mj12bot.com/)"
217.182.175.38 - - [26/Apr/2025:01:44:17 -0400] "GET /about.php?action=edit&file=liblwres.so&path=//usr/lib64 HTTP/1.1" 200 33592 "-" "Mozilla/5.0 (compatible; MJ12bot/v1.4.8; http://mj12bot.com/)"
217.182.175.38 - - [26/Apr/2025:01:44:20 -0400] "GET /about.php?action=edit&file=liblwres.so.161&path=//usr/lib64 HTTP/1.1" 200 33531 "-" "Mozilla/5.0 (compatible; MJ12bot/v1.4.8; http://mj12bot.com/)"
217.182.175.38 - - [26/Apr/2025:01:44:24 -0400] "GET /about.php?action=edit&file=liblwres.so.161.0.4&path=//usr/lib64 HTTP/1.1" 200 33567 "-" "Mozilla/5.0 (compatible; MJ12bot/v1.4.8; http://mj12bot.com/)"
217.182.175.38 - - [26/Apr/2025:01:44:26 -0400] "GET /about.php?action=edit&file=liblz4.so.1&path=//usr/lib64 HTTP/1.1" 200 51846 "-" "Mozilla/5.0 (compatible; MJ12bot/v1.4.8; http://mj12bot.com/)"
217.182.175.38 - - [26/Apr/2025:01:44:29 -0400] "GET /about.php?action=edit&file=liblz4.so.1.8.3&path=//usr/lib64 HTTP/1.1" 200 51786 "-" "Mozilla/5.0 (compatible; MJ12bot/v1.4.8; http://mj12bot.com/)"
217.182.175.38 - - [26/Apr/2025:01:44:32 -0400] "GET /about.php?action=edit&file=liblzma.pc&path=//lib64/pkgconfig HTTP/1.1" 200 771 "-" "Mozilla/5.0 (compatible; MJ12bot/v1.4.8; http://mj12bot.com/)"
217.182.175.38 - - [26/Apr/2025:01:44:35 -0400] "GET /about.php?action=edit&file=liblzma.so&path=//usr/lib64 HTTP/1.1" 200 75118 "-" "Mozilla/5.0 (compatible; MJ12bot/v1.4.8; http://mj12bot.com/)"
217.182.175.38 - - [26/Apr/2025:01:44:38 -0400] "GET /about.php?action=edit&file=liblzma.so.5&path=//usr/lib64 HTTP/1.1" 200 75254 "-" "Mozilla/5.0 (compatible; MJ12bot/v1.4.8; http://mj12bot.com/)"
217.182.175.38 - - [26/Apr/2025:01:44:40 -0400] "GET /about.php?action=edit&file=liblzma.so.5.2.4&path=//usr/lib64 HTTP/1.1" 200 75238 "-" "Mozilla/5.0 (compatible; MJ12bot/v1.4.8; http://mj12bot.com/)"
217.182.175.38 - - [26/Apr/2025:01:44:42 -0400] "GET /about.php?action=edit&file=liblzo2.so.2&path=//usr/lib64 HTTP/1.1" 200 46674 "-" "Mozilla/5.0 (compatible; MJ12bot/v1.4.8; http://mj12bot.com/)"
217.182.175.38 - - [26/Apr/2025:01:44:46 -0400] "GET /about.php?action=edit&file=liblzo2.so.2.0.0&path=//usr/lib64 HTTP/1.1" 200 46570 "-" "Mozilla/5.0 (compatible; MJ12bot/v1.4.8; http://mj12bot.com/)"
217.182.175.38 - - [26/Apr/2025:01:44:49 -0400] "GET /about.php?action=edit&file=libm-2.28.so&path=//usr/lib64 HTTP/1.1" 200 922938 "-" "Mozilla/5.0 (compatible; MJ12bot/v1.4.8; http://mj12bot.com/)"
217.182.175.38 - - [26/Apr/2025:01:44:53 -0400] "GET /about.php?action=edit&file=libm.so&path=//usr/lib64 HTTP/1.1" 200 653 "-" "Mozilla/5.0 (compatible; MJ12bot/v1.4.8; http://mj12bot.com/)"
217.182.175.38 - - [26/Apr/2025:01:44:55 -0400] "GET /about.php?action=edit&file=libm.so.6&path=//usr/lib64 HTTP/1.1" 200 922867 "-" "Mozilla/5.0 (compatible; MJ12bot/v1.4.8; http://mj12bot.com/)"
217.182.175.38 - - [26/Apr/2025:01:44:58 -0400] "GET /about.php?action=edit&file=libmagic.so&path=//usr/lib64 HTTP/1.1" 200 67622 "-" "Mozilla/5.0 (compatible; MJ12bot/v1.4.8; http://mj12bot.com/)"
217.182.175.38 - - [26/Apr/2025:01:45:00 -0400] "GET /about.php?action=edit&file=libmagic.so.1&path=//usr/lib64 HTTP/1.1" 200 67541 "-" "Mozilla/5.0 (compatible; MJ12bot/v1.4.8; http://mj12bot.com/)"
217.182.175.38 - - [26/Apr/2025:01:45:04 -0400] "GET /about.php?action=edit&file=libmagic.so.1.0.0&path=//usr/lib64 HTTP/1.1" 200 67739 "-" "Mozilla/5.0 (compatible; MJ12bot/v1.4.8; http://mj12bot.com/)"
217.182.175.38 - - [26/Apr/2025:01:45:09 -0400] "GET /about.php?action=edit&file=libman-2.7.6.1.so&path=//lib64/man-db HTTP/1.1" 200 60610 "-" "Mozilla/5.0 (compatible; MJ12bot/v1.4.8; http://mj12bot.com/)"
217.182.175.38 - - [26/Apr/2025:01:45:13 -0400] "GET /about.php?action=edit&file=libman.so&path=//lib64/man-db HTTP/1.1" 200 60644 "-" "Mozilla/5.0 (compatible; MJ12bot/v1.4.8; http://mj12bot.com/)"
217.182.175.38 - - [26/Apr/2025:01:45:18 -0400] "GET /about.php?action=edit&file=libmana-rdmav34.so&path=//lib64/libibverbs HTTP/1.1" 200 9568 "-" "Mozilla/5.0 (compatible; MJ12bot/v1.4.8; http://mj12bot.com/)"
217.182.175.38 - - [26/Apr/2025:01:45:22 -0400] "GET /about.php?action=edit&file=libmana.so.1&path=//usr/lib64 HTTP/1.1" 200 9569 "-" "Mozilla/5.0 (compatible; MJ12bot/v1.4.8; http://mj12bot.com/)"
217.182.175.38 - - [26/Apr/2025:01:45:25 -0400] "GET /about.php?action=edit&file=libmana.so.1.0.48.0&path=//usr/lib64 HTTP/1.1" 200 9574 "-" "Mozilla/5.0 (compatible; MJ12bot/v1.4.8; http://mj12bot.com/)"
217.182.175.38 - - [26/Apr/2025:01:45:28 -0400] "GET /about.php?action=edit&file=libmandb-2.7.6.1.so&path=//lib64/man-db HTTP/1.1" 200 10916 "-" "Mozilla/5.0 (compatible; MJ12bot/v1.4.8; http://mj12bot.com/)"
217.182.175.38 - - [26/Apr/2025:01:45:30 -0400] "GET /about.php?action=edit&file=libmandb.so&path=//lib64/man-db HTTP/1.1" 200 10964 "-" "Mozilla/5.0 (compatible; MJ12bot/v1.4.8; http://mj12bot.com/)"
217.182.175.38 - - [26/Apr/2025:01:45:33 -0400] "GET /about.php?action=edit&file=libmariadb.a&path=//usr/lib64 HTTP/1.1" 200 141008 "-" "Mozilla/5.0 (compatible; MJ12bot/v1.4.8; http://mj12bot.com/)"
217.182.175.38 - - [26/Apr/2025:01:45:36 -0400] "GET /about.php?action=edit&file=libmariadb.pc&path=//lib64/pkgconfig HTTP/1.1" 200 830 "-" "Mozilla/5.0 (compatible; MJ12bot/v1.4.8; http://mj12bot.com/)"
217.182.175.38 - - [26/Apr/2025:01:45:39 -0400] "GET /about.php?action=edit&file=libmariadb.so&path=//usr/lib64 HTTP/1.1" 200 124481 "-" "Mozilla/5.0 (compatible; MJ12bot/v1.4.8; http://mj12bot.com/)"
217.182.175.38 - - [26/Apr/2025:01:45:43 -0400] "GET /about.php?action=edit&file=libmariadb.so.3&path=//usr/lib64 HTTP/1.1" 200 124523 "-" "Mozilla/5.0 (compatible; MJ12bot/v1.4.8; http://mj12bot.com/)"
217.182.175.38 - - [26/Apr/2025:01:45:46 -0400] "GET /about.php?action=edit&file=libmariadbclient.a&path=//usr/lib64 HTTP/1.1" 200 140901 "-" "Mozilla/5.0 (compatible; MJ12bot/v1.4.8; http://mj12bot.com/)"
217.182.175.38 - - [26/Apr/2025:01:45:50 -0400] "GET /about.php?action=edit&file=libmariadbd.a&path=//usr/lib64 HTTP/1.1" 200 1064356 "-" "Mozilla/5.0 (compatible; MJ12bot/v1.4.8; http://mj12bot.com/)"
217.182.175.38 - - [26/Apr/2025:01:45:58 -0400] "GET /about.php?action=edit&file=libmariadbd.so&path=//usr/lib64 HTTP/1.1" 200 1018791 "-" "Mozilla/5.0 (compatible; MJ12bot/v1.4.8; http://mj12bot.com/)"
217.182.175.38 - - [26/Apr/2025:01:46:10 -0400] "GET /about.php?action=edit&file=libmariadbd.so.19&path=//usr/lib64 HTTP/1.1" 200 1043052 "-" "Mozilla/5.0 (compatible; MJ12bot/v1.4.8; http://mj12bot.com/)"
217.182.175.38 - - [26/Apr/2025:01:46:17 -0400] "GET /about.php?action=edit&file=libmaxminddb.so.0&path=//usr/lib64 HTTP/1.1" 200 11094 "-" "Mozilla/5.0 (compatible; MJ12bot/v1.4.8; http://mj12bot.com/)"
63.141.253.98 - - [26/Apr/2025:01:48:33 -0400] "GET / HTTP/1.1" 200 1939 "http://drshahidchudhary.com" "Mozilla/5.0 (Windows NT 10.0; Win64; x64) AppleWebKit/537.36 (KHTML, like Gecko) Chrome/103.0.0.0 Safari/537.36"
63.141.253.98 - - [26/Apr/2025:01:48:40 -0400] "GET / HTTP/1.1" 200 1939 "http://drshahidchudhary.com" "Googlebot/2.1 (+http://www.googlebot.com/bot.html)"
43.157.148.38 - - [26/Apr/2025:01:49:46 -0400] "GET /wp-includes/sitemaps/ HTTP/1.1" 200 1371 "-" "Mozilla/5.0 (iPhone; CPU iPhone OS 13_2_3 like Mac OS X) AppleWebKit/605.1.15 (KHTML, like Gecko) Version/13.0.3 Mobile/15E148 Safari/604.1"
3.89.176.255 - - [26/Apr/2025:01:53:50 -0400] "GET /robots.txt HTTP/1.1" 404 1251 "-" "Mozilla/5.0 AppleWebKit/537.36 (KHTML, like Gecko; compatible; Amazonbot/0.1; +https://developer.amazon.com/support/amazonbot) Chrome/119.0.6045.214 Safari/537.36"
50.16.216.166 - - [26/Apr/2025:01:53:55 -0400] "GET /our-services/ HTTP/1.1" 404 1251 "-" "Mozilla/5.0 AppleWebKit/537.36 (KHTML, like Gecko; compatible; Amazonbot/0.1; +https://developer.amazon.com/support/amazonbot) Chrome/119.0.6045.214 Safari/537.36"
4.227.36.97 - - [26/Apr/2025:01:57:35 -0400] "GET /robots.txt HTTP/1.1" 404 1251 "-" "Mozilla/5.0 AppleWebKit/537.36 (KHTML, like Gecko; compatible; GPTBot/1.2; +https://openai.com/gptbot)"
20.171.207.254 - - [26/Apr/2025:01:57:37 -0400] "GET /about.php?action=edit&file=Home-6-Imgbox-Img-4-220x154.png&path=%2Fhome%2Fmakmfewe%2Fsh-fragrances.com%2Fwp-content%2Fuploads%2F2023%2F06 HTTP/1.1" 200 43256 "-" "Mozilla/5.0 AppleWebKit/537.36 (KHTML, like Gecko; compatible; GPTBot/1.2; +https://openai.com/gptbot)"
20.171.207.254 - - [26/Apr/2025:01:57:43 -0400] "GET /about.php?action=edit&file=Home-1-Imgbox-img-1-128x300.png&path=%2Fhome%2Fmakmfewe%2Fsh-fragrances.com%2Fwp-content%2Fuploads%2F2023%2F06 HTTP/1.1" 200 47625 "-" "Mozilla/5.0 AppleWebKit/537.36 (KHTML, like Gecko; compatible; GPTBot/1.2; +https://openai.com/gptbot)"
20.171.207.254 - - [26/Apr/2025:01:57:50 -0400] "GET /about.php?action=edit&file=Home-6-Imgbox-Img-4-300x300.png&path=%2Fhome%2Fmakmfewe%2Fsh-fragrances.com%2Fwp-content%2Fuploads%2F2023%2F06 HTTP/1.1" 200 98978 "-" "Mozilla/5.0 AppleWebKit/537.36 (KHTML, like Gecko; compatible; GPTBot/1.2; +https://openai.com/gptbot)"
20.171.207.254 - - [26/Apr/2025:01:57:56 -0400] "GET /about.php?action=edit&file=Home-6-Imgbox-Img-2-300x300.png&path=%2Fhome%2Fmakmfewe%2Fsh-fragrances.com%2Fwp-content%2Fuploads%2F2023%2F06 HTTP/1.1" 200 71845 "-" "Mozilla/5.0 AppleWebKit/537.36 (KHTML, like Gecko; compatible; GPTBot/1.2; +https://openai.com/gptbot)"
20.171.207.254 - - [26/Apr/2025:01:58:03 -0400] "GET /about.php?action=edit&file=Home-6-Imgbox-Img-3-100x100.png&path=%2Fhome%2Fmakmfewe%2Fsh-fragrances.com%2Fwp-content%2Fuploads%2F2023%2F06 HTTP/1.1" 200 12863 "-" "Mozilla/5.0 AppleWebKit/537.36 (KHTML, like Gecko; compatible; GPTBot/1.2; +https://openai.com/gptbot)"
20.171.207.254 - - [26/Apr/2025:01:58:09 -0400] "GET /about.php?action=edit&file=Home-1-Imgbox-img-3-128x300.png&path=%2Fhome%2Fmakmfewe%2Fsh-fragrances.com%2Fwp-content%2Fuploads%2F2023%2F06 HTTP/1.1" 200 35519 "-" "Mozilla/5.0 AppleWebKit/537.36 (KHTML, like Gecko; compatible; GPTBot/1.2; +https://openai.com/gptbot)"
20.171.207.254 - - [26/Apr/2025:01:58:15 -0400] "GET /about.php?action=edit&file=Home-6-Imgbox-Img-4-150x150.png&path=%2Fhome%2Fmakmfewe%2Fsh-fragrances.com%2Fwp-content%2Fuploads%2F2023%2F06 HTTP/1.1" 200 29778 "-" "Mozilla/5.0 AppleWebKit/537.36 (KHTML, like Gecko; compatible; GPTBot/1.2; +https://openai.com/gptbot)"
20.171.207.254 - - [26/Apr/2025:01:58:24 -0400] "GET /about.php?action=edit&file=Home-6-Imgbox-Img-1-150x150.png&path=%2Fhome%2Fmakmfewe%2Fsh-fragrances.com%2Fwp-content%2Fuploads%2F2023%2F06 HTTP/1.1" 200 24682 "-" "Mozilla/5.0 AppleWebKit/537.36 (KHTML, like Gecko; compatible; GPTBot/1.2; +https://openai.com/gptbot)"
20.171.207.254 - - [26/Apr/2025:01:58:28 -0400] "GET /about.php?action=edit&file=Home-6-Imgbox-Img-2-220x154.png&path=%2Fhome%2Fmakmfewe%2Fsh-fragrances.com%2Fwp-content%2Fuploads%2F2023%2F06 HTTP/1.1" 200 30423 "-" "Mozilla/5.0 AppleWebKit/537.36 (KHTML, like Gecko; compatible; GPTBot/1.2; +https://openai.com/gptbot)"
20.171.207.254 - - [26/Apr/2025:01:58:35 -0400] "GET /about.php?action=edit&file=Home-1-Imgbox-img-4-150x150.png&path=%2Fhome%2Fmakmfewe%2Fsh-fragrances.com%2Fwp-content%2Fuploads%2F2023%2F06 HTTP/1.1" 200 19693 "-" "Mozilla/5.0 AppleWebKit/537.36 (KHTML, like Gecko; compatible; GPTBot/1.2; +https://openai.com/gptbot)"
20.171.207.254 - - [26/Apr/2025:01:58:42 -0400] "GET /about.php?action=edit&file=Home-6-Imgbox-Img-1-300x300.png&path=%2Fhome%2Fmakmfewe%2Fsh-fragrances.com%2Fwp-content%2Fuploads%2F2023%2F06 HTTP/1.1" 200 87923 "-" "Mozilla/5.0 AppleWebKit/537.36 (KHTML, like Gecko; compatible; GPTBot/1.2; +https://openai.com/gptbot)"
198.54.114.37 - - [26/Apr/2025:01:58:47 -0400] "GET /xmlrpc.php HTTP/1.1" 200 0 "http://drshahidchudhary.com" "Mozilla/5.0 (Windows NT 10.0; Win64; x64) AppleWebKit/537.36 (KHTML, like Gecko) Chrome/116.0.5845.96 Safari/537.36 Edg/116.0.1938.62"
20.171.207.254 - - [26/Apr/2025:01:58:49 -0400] "GET /about.php?action=edit&file=Home-1-Imgbox-img-4-128x300.png&path=%2Fhome%2Fmakmfewe%2Fsh-fragrances.com%2Fwp-content%2Fuploads%2F2023%2F06 HTTP/1.1" 200 32726 "-" "Mozilla/5.0 AppleWebKit/537.36 (KHTML, like Gecko; compatible; GPTBot/1.2; +https://openai.com/gptbot)"
20.171.207.254 - - [26/Apr/2025:01:58:54 -0400] "GET /about.php?action=edit&file=Home-1-Imgbox-img-2-150x150.png&path=%2Fhome%2Fmakmfewe%2Fsh-fragrances.com%2Fwp-content%2Fuploads%2F2023%2F06 HTTP/1.1" 200 18603 "-" "Mozilla/5.0 AppleWebKit/537.36 (KHTML, like Gecko; compatible; GPTBot/1.2; +https://openai.com/gptbot)"
20.171.207.254 - - [26/Apr/2025:01:59:01 -0400] "GET /about.php?action=edit&file=Home-1-Imgbox-img-1-220x154.png&path=%2Fhome%2Fmakmfewe%2Fsh-fragrances.com%2Fwp-content%2Fuploads%2F2023%2F06 HTTP/1.1" 200 44436 "-" "Mozilla/5.0 AppleWebKit/537.36 (KHTML, like Gecko; compatible; GPTBot/1.2; +https://openai.com/gptbot)"
20.171.207.254 - - [26/Apr/2025:01:59:05 -0400] "GET /about.php?action=edit&file=Home-6-Imgbox-Img-3-220x154.png&path=%2Fhome%2Fmakmfewe%2Fsh-fragrances.com%2Fwp-content%2Fuploads%2F2023%2F06 HTTP/1.1" 200 38035 "-" "Mozilla/5.0 AppleWebKit/537.36 (KHTML, like Gecko; compatible; GPTBot/1.2; +https://openai.com/gptbot)"
20.171.207.254 - - [26/Apr/2025:01:59:11 -0400] "GET /about.php?action=edit&file=Home-6-Imgbox-Img-2-100x100.png&path=%2Fhome%2Fmakmfewe%2Fsh-fragrances.com%2Fwp-content%2Fuploads%2F2023%2F06 HTTP/1.1" 200 11021 "-" "Mozilla/5.0 AppleWebKit/537.36 (KHTML, like Gecko; compatible; GPTBot/1.2; +https://openai.com/gptbot)"
20.171.207.254 - - [26/Apr/2025:01:59:16 -0400] "GET /about.php?action=edit&file=Home-6-Imgbox-Img-2-150x150.png&path=%2Fhome%2Fmakmfewe%2Fsh-fragrances.com%2Fwp-content%2Fuploads%2F2023%2F06 HTTP/1.1" 200 20903 "-" "Mozilla/5.0 AppleWebKit/537.36 (KHTML, like Gecko; compatible; GPTBot/1.2; +https://openai.com/gptbot)"
20.171.207.254 - - [26/Apr/2025:01:59:19 -0400] "GET /about.php?action=edit&file=Home-Pgs-Megamenu-6-1-100x100.png&path=%2Fhome%2Fmakmfewe%2Fsh-fragrances.com%2Fwp-content%2Fuploads%2F2023%2F05 HTTP/1.1" 200 11739 "-" "Mozilla/5.0 AppleWebKit/537.36 (KHTML, like Gecko; compatible; GPTBot/1.2; +https://openai.com/gptbot)"
20.171.207.254 - - [26/Apr/2025:01:59:26 -0400] "GET /about.php?action=edit&file=Home-Pgs-Megamenu-6-1-150x150.png&path=%2Fhome%2Fmakmfewe%2Fsh-fragrances.com%2Fwp-content%2Fuploads%2F2023%2F05 HTTP/1.1" 200 21685 "-" "Mozilla/5.0 AppleWebKit/537.36 (KHTML, like Gecko; compatible; GPTBot/1.2; +https://openai.com/gptbot)"
20.171.207.254 - - [26/Apr/2025:01:59:31 -0400] "GET /about.php?action=edit&file=Home-Pgs-Megamenu-6-1-300x181.png&path=%2Fhome%2Fmakmfewe%2Fsh-fragrances.com%2Fwp-content%2Fuploads%2F2023%2F05 HTTP/1.1" 200 48439 "-" "Mozilla/5.0 AppleWebKit/537.36 (KHTML, like Gecko; compatible; GPTBot/1.2; +https://openai.com/gptbot)"
20.171.207.254 - - [26/Apr/2025:01:59:35 -0400] "GET /about.php?action=edit&file=Home-Pgs-Megamenu-6-1-220x154.png&path=%2Fhome%2Fmakmfewe%2Fsh-fragrances.com%2Fwp-content%2Fuploads%2F2023%2F05 HTTP/1.1" 200 35280 "-" "Mozilla/5.0 AppleWebKit/537.36 (KHTML, like Gecko; compatible; GPTBot/1.2; +https://openai.com/gptbot)"
20.171.207.254 - - [26/Apr/2025:01:59:42 -0400] "GET /about.php?action=edit&file=Home-10-Slider-1-2-1002x1024.png&path=%2Fhome%2Fmakmfewe%2Fsh-fragrances.com%2Fwp-content%2Fuploads%2F2023%2F05 HTTP/1.1" 200 733460 "-" "Mozilla/5.0 AppleWebKit/537.36 (KHTML, like Gecko; compatible; GPTBot/1.2; +https://openai.com/gptbot)"
20.171.207.254 - - [26/Apr/2025:01:59:54 -0400] "GET /about.php?action=edit&file=Home-10-Slider-1-1-1503x1536.png&path=%2Fhome%2Fmakmfewe%2Fsh-fragrances.com%2Fwp-content%2Fuploads%2F2023%2F05 HTTP/1.1" 200 2339783 "-" "Mozilla/5.0 AppleWebKit/537.36 (KHTML, like Gecko; compatible; GPTBot/1.2; +https://openai.com/gptbot)"
20.171.207.254 - - [26/Apr/2025:02:00:06 -0400] "GET /about.php?action=edit&file=Home-10-Slider-1-2-1503x1536.png&path=%2Fhome%2Fmakmfewe%2Fsh-fragrances.com%2Fwp-content%2Fuploads%2F2023%2F05 HTTP/1.1" 200 1537988 "-" "Mozilla/5.0 AppleWebKit/537.36 (KHTML, like Gecko; compatible; GPTBot/1.2; +https://openai.com/gptbot)"
20.171.207.254 - - [26/Apr/2025:02:00:23 -0400] "GET /about.php?action=edit&file=Home-10-Slider-1-1-1002x1024.png&path=%2Fhome%2Fmakmfewe%2Fsh-fragrances.com%2Fwp-content%2Fuploads%2F2023%2F05 HTTP/1.1" 200 1035386 "-" "Mozilla/5.0 AppleWebKit/537.36 (KHTML, like Gecko; compatible; GPTBot/1.2; +https://openai.com/gptbot)"
20.171.207.254 - - [26/Apr/2025:02:00:36 -0400] "GET /about.php?action=edit&file=Home-6-Img-Gallery-5-150x150.png&path=%2Fhome%2Fmakmfewe%2Fsh-fragrances.com%2Fwp-content%2Fuploads%2F2023%2F06 HTTP/1.1" 200 29794 "-" "Mozilla/5.0 AppleWebKit/537.36 (KHTML, like Gecko; compatible; GPTBot/1.2; +https://openai.com/gptbot)"
20.171.207.254 - - [26/Apr/2025:02:00:50 -0400] "GET /about.php?action=edit&file=Home-6-Img-Gallery-4-150x150.png&path=%2Fhome%2Fmakmfewe%2Fsh-fragrances.com%2Fwp-content%2Fuploads%2F2023%2F06 HTTP/1.1" 200 25826 "-" "Mozilla/5.0 AppleWebKit/537.36 (KHTML, like Gecko; compatible; GPTBot/1.2; +https://openai.com/gptbot)"
20.171.207.254 - - [26/Apr/2025:02:01:00 -0400] "GET /about.php?action=edit&file=Home-6-Img-Gallery-1-150x150.png&path=%2Fhome%2Fmakmfewe%2Fsh-fragrances.com%2Fwp-content%2Fuploads%2F2023%2F06 HTTP/1.1" 200 24720 "-" "Mozilla/5.0 AppleWebKit/537.36 (KHTML, like Gecko; compatible; GPTBot/1.2; +https://openai.com/gptbot)"
20.171.207.254 - - [26/Apr/2025:02:01:09 -0400] "GET /about.php?action=edit&file=Home-6-Img-Gallery-1-300x300.png&path=%2Fhome%2Fmakmfewe%2Fsh-fragrances.com%2Fwp-content%2Fuploads%2F2023%2F06 HTTP/1.1" 200 91087 "-" "Mozilla/5.0 AppleWebKit/537.36 (KHTML, like Gecko; compatible; GPTBot/1.2; +https://openai.com/gptbot)"
147.135.212.200 - - [26/Apr/2025:02:01:13 -0400] "GET /robots.txt HTTP/1.1" 404 1251 "-" "Mozilla/5.0 (compatible; MJ12bot/v1.4.8; http://mj12bot.com/)"
147.135.212.200 - - [26/Apr/2025:02:01:16 -0400] "GET /about.php?action=edit&file=.cache&path=/home/makmfewe/.cagefs/tmp HTTP/1.1" 200 608 "-" "Mozilla/5.0 (compatible; MJ12bot/v1.4.8; http://mj12bot.com/)"
20.171.207.254 - - [26/Apr/2025:02:01:17 -0400] "GET /about.php?action=edit&file=Home-6-Img-Gallery-3-300x300.png&path=%2Fhome%2Fmakmfewe%2Fsh-fragrances.com%2Fwp-content%2Fuploads%2F2023%2F06 HTTP/1.1" 200 71834 "-" "Mozilla/5.0 AppleWebKit/537.36 (KHTML, like Gecko; compatible; GPTBot/1.2; +https://openai.com/gptbot)"
147.135.212.200 - - [26/Apr/2025:02:01:20 -0400] "GET /about.php?action=edit&file=class-pop3.php&path=/home/makmfewe/learningladder.academy/wp-includes HTTP/1.1" 200 5742 "-" "Mozilla/5.0 (compatible; MJ12bot/v1.4.8; http://mj12bot.com/)"
20.171.207.254 - - [26/Apr/2025:02:01:29 -0400] "GET /about.php?action=edit&file=Home-6-Img-Gallery-3-100x100.png&path=%2Fhome%2Fmakmfewe%2Fsh-fragrances.com%2Fwp-content%2Fuploads%2F2023%2F06 HTTP/1.1" 200 11037 "-" "Mozilla/5.0 AppleWebKit/537.36 (KHTML, like Gecko; compatible; GPTBot/1.2; +https://openai.com/gptbot)"
147.135.212.200 - - [26/Apr/2025:02:01:26 -0400] "GET /about.php?action=edit&file=libprotobuf.so.15&path=//usr/lib64 HTTP/1.1" 200 936404 "-" "Mozilla/5.0 (compatible; MJ12bot/v1.4.8; http://mj12bot.com/)"
20.171.207.254 - - [26/Apr/2025:02:01:38 -0400] "GET /about.php?action=edit&file=Home-6-Img-Gallery-2-300x300.png&path=%2Fhome%2Fmakmfewe%2Fsh-fragrances.com%2Fwp-content%2Fuploads%2F2023%2F06 HTTP/1.1" 200 87939 "-" "Mozilla/5.0 AppleWebKit/537.36 (KHTML, like Gecko; compatible; GPTBot/1.2; +https://openai.com/gptbot)"
147.135.212.200 - - [26/Apr/2025:02:01:47 -0400] "GET /about.php?action=edit&file=libsrtp.so.1.0.0&path=//usr/lib64 HTTP/1.1" 200 31965 "-" "Mozilla/5.0 (compatible; MJ12bot/v1.4.8; http://mj12bot.com/)"
20.171.207.254 - - [26/Apr/2025:02:01:49 -0400] "GET /about.php?action=edit&file=Home-6-Img-Gallery-5-300x300.png&path=%2Fhome%2Fmakmfewe%2Fsh-fragrances.com%2Fwp-content%2Fuploads%2F2023%2F06 HTTP/1.1" 200 99113 "-" "Mozilla/5.0 AppleWebKit/537.36 (KHTML, like Gecko; compatible; GPTBot/1.2; +https://openai.com/gptbot)"
147.135.212.200 - - [26/Apr/2025:02:01:59 -0400] "GET /about.php?action=edit&file=libss.so.2&path=//usr/lib64 HTTP/1.1" 200 11428 "-" "Mozilla/5.0 (compatible; MJ12bot/v1.4.8; http://mj12bot.com/)"
20.171.207.254 - - [26/Apr/2025:02:01:59 -0400] "GET /about.php?action=edit&file=Home-6-Img-Gallery-4-220x154.png&path=%2Fhome%2Fmakmfewe%2Fsh-fragrances.com%2Fwp-content%2Fuploads%2F2023%2F06 HTTP/1.1" 200 38041 "-" "Mozilla/5.0 AppleWebKit/537.36 (KHTML, like Gecko; compatible; GPTBot/1.2; +https://openai.com/gptbot)"
43.155.140.157 - - [26/Apr/2025:02:02:03 -0400] "GET /wp-includes/sodium_compat/ HTTP/1.1" 200 1379 "-" "Mozilla/5.0 (iPhone; CPU iPhone OS 13_2_3 like Mac OS X) AppleWebKit/605.1.15 (KHTML, like Gecko) Version/13.0.3 Mobile/15E148 Safari/604.1"
147.135.212.200 - - [26/Apr/2025:02:02:09 -0400] "GET /about.php?action=edit&file=libss.so.2.0&path=//usr/lib64 HTTP/1.1" 200 11410 "-" "Mozilla/5.0 (compatible; MJ12bot/v1.4.8; http://mj12bot.com/)"
20.171.207.254 - - [26/Apr/2025:02:02:10 -0400] "GET /about.php?action=edit&file=Home-6-Img-Gallery-2-220x154.png&path=%2Fhome%2Fmakmfewe%2Fsh-fragrances.com%2Fwp-content%2Fuploads%2F2023%2F06 HTTP/1.1" 200 35229 "-" "Mozilla/5.0 AppleWebKit/537.36 (KHTML, like Gecko; compatible; GPTBot/1.2; +https://openai.com/gptbot)"
147.135.212.200 - - [26/Apr/2025:02:02:17 -0400] "GET /about.php?action=edit&file=libssh.so.4&path=//usr/lib64 HTTP/1.1" 200 186292 "-" "Mozilla/5.0 (compatible; MJ12bot/v1.4.8; http://mj12bot.com/)"
20.171.207.254 - - [26/Apr/2025:02:02:20 -0400] "GET /about.php?action=edit&file=Home-6-Img-Gallery-2-150x150.png&path=%2Fhome%2Fmakmfewe%2Fsh-fragrances.com%2Fwp-content%2Fuploads%2F2023%2F06 HTTP/1.1" 200 24699 "-" "Mozilla/5.0 AppleWebKit/537.36 (KHTML, like Gecko; compatible; GPTBot/1.2; +https://openai.com/gptbot)"
147.135.212.200 - - [26/Apr/2025:02:02:24 -0400] "GET /about.php?action=edit&file=libssh.so.4.8.7&path=//usr/lib64 HTTP/1.1" 200 186340 "-" "Mozilla/5.0 (compatible; MJ12bot/v1.4.8; http://mj12bot.com/)"
20.171.207.254 - - [26/Apr/2025:02:02:30 -0400] "GET /about.php?action=edit&file=Home-6-Img-Gallery-2-100x100.png&path=%2Fhome%2Fmakmfewe%2Fsh-fragrances.com%2Fwp-content%2Fuploads%2F2023%2F06 HTTP/1.1" 200 12542 "-" "Mozilla/5.0 AppleWebKit/537.36 (KHTML, like Gecko; compatible; GPTBot/1.2; +https://openai.com/gptbot)"
147.135.212.200 - - [26/Apr/2025:02:02:32 -0400] "GET /about.php?action=edit&file=libssh2.so.1&path=//usr/lib64 HTTP/1.1" 200 104256 "-" "Mozilla/5.0 (compatible; MJ12bot/v1.4.8; http://mj12bot.com/)"
147.135.212.200 - - [26/Apr/2025:02:02:39 -0400] "GET /about.php?action=edit&file=libssh2.so.1.0.1&path=//usr/lib64 HTTP/1.1" 200 104227 "-" "Mozilla/5.0 (compatible; MJ12bot/v1.4.8; http://mj12bot.com/)"
20.171.207.254 - - [26/Apr/2025:02:02:42 -0400] "GET /about.php?action=edit&file=Home-6-Img-Gallery-5-220x154.png&path=%2Fhome%2Fmakmfewe%2Fsh-fragrances.com%2Fwp-content%2Fuploads%2F2023%2F06 HTTP/1.1" 200 43249 "-" "Mozilla/5.0 AppleWebKit/537.36 (KHTML, like Gecko; compatible; GPTBot/1.2; +https://openai.com/gptbot)"
147.135.212.200 - - [26/Apr/2025:02:02:48 -0400] "GET /about.php?action=edit&file=libssh_threads.so.4&path=//usr/lib64 HTTP/1.1" 200 186287 "-" "Mozilla/5.0 (compatible; MJ12bot/v1.4.8; http://mj12bot.com/)"
20.171.207.254 - - [26/Apr/2025:02:02:52 -0400] "GET /about.php?action=edit&file=Home-6-Img-Gallery-1-100x100.png&path=%2Fhome%2Fmakmfewe%2Fsh-fragrances.com%2Fwp-content%2Fuploads%2F2023%2F06 HTTP/1.1" 200 12174 "-" "Mozilla/5.0 AppleWebKit/537.36 (KHTML, like Gecko; compatible; GPTBot/1.2; +https://openai.com/gptbot)"
147.135.212.200 - - [26/Apr/2025:02:02:57 -0400] "GET /about.php?action=edit&file=libssh_threads.so.4.8.7&path=//usr/lib64 HTTP/1.1" 200 186252 "-" "Mozilla/5.0 (compatible; MJ12bot/v1.4.8; http://mj12bot.com/)"
20.171.207.254 - - [26/Apr/2025:02:03:01 -0400] "GET /about.php?action=edit&file=Home-6-Img-Gallery-5-100x100.png&path=%2Fhome%2Fmakmfewe%2Fsh-fragrances.com%2Fwp-content%2Fuploads%2F2023%2F06 HTTP/1.1" 200 15136 "-" "Mozilla/5.0 AppleWebKit/537.36 (KHTML, like Gecko; compatible; GPTBot/1.2; +https://openai.com/gptbot)"
147.135.212.200 - - [26/Apr/2025:02:03:06 -0400] "GET /about.php?action=edit&file=libssl.pc&path=//lib64/pkgconfig HTTP/1.1" 200 704 "-" "Mozilla/5.0 (compatible; MJ12bot/v1.4.8; http://mj12bot.com/)"
20.171.207.254 - - [26/Apr/2025:02:03:07 -0400] "GET /about.php?action=edit&file=Home-6-Img-Gallery-3-150x150.png&path=%2Fhome%2Fmakmfewe%2Fsh-fragrances.com%2Fwp-content%2Fuploads%2F2023%2F06 HTTP/1.1" 200 20938 "-" "Mozilla/5.0 AppleWebKit/537.36 (KHTML, like Gecko; compatible; GPTBot/1.2; +https://openai.com/gptbot)"
20.171.207.254 - - [26/Apr/2025:02:03:11 -0400] "GET /about.php?action=edit&file=Home-6-Img-Gallery-3-220x154.png&path=%2Fhome%2Fmakmfewe%2Fsh-fragrances.com%2Fwp-content%2Fuploads%2F2023%2F06 HTTP/1.1" 200 30427 "-" "Mozilla/5.0 AppleWebKit/537.36 (KHTML, like Gecko; compatible; GPTBot/1.2; +https://openai.com/gptbot)"
147.135.212.200 - - [26/Apr/2025:02:03:10 -0400] "GET /about.php?action=edit&file=libssl.so&path=//usr/lib64 HTTP/1.1" 200 218182 "-" "Mozilla/5.0 (compatible; MJ12bot/v1.4.8; http://mj12bot.com/)"
147.135.212.200 - - [26/Apr/2025:02:03:16 -0400] "GET /about.php?action=edit&file=libssl.so.1.0.2o&path=//usr/lib64 HTTP/1.1" 200 163611 "-" "Mozilla/5.0 (compatible; MJ12bot/v1.4.8; http://mj12bot.com/)"
20.171.207.254 - - [26/Apr/2025:02:03:18 -0400] "GET /about.php?action=edit&file=Home-6-Img-Gallery-4-100x100.png&path=%2Fhome%2Fmakmfewe%2Fsh-fragrances.com%2Fwp-content%2Fuploads%2F2023%2F06 HTTP/1.1" 200 12856 "-" "Mozilla/5.0 AppleWebKit/537.36 (KHTML, like Gecko; compatible; GPTBot/1.2; +https://openai.com/gptbot)"
147.135.212.200 - - [26/Apr/2025:02:03:22 -0400] "GET /about.php?action=edit&file=libssl.so.1.1&path=//usr/lib64 HTTP/1.1" 200 218517 "-" "Mozilla/5.0 (compatible; MJ12bot/v1.4.8; http://mj12bot.com/)"
20.171.207.254 - - [26/Apr/2025:02:03:25 -0400] "GET /about.php?action=edit&file=Home-6-Img-Gallery-4-300x300.png&path=%2Fhome%2Fmakmfewe%2Fsh-fragrances.com%2Fwp-content%2Fuploads%2F2023%2F06 HTTP/1.1" 200 90475 "-" "Mozilla/5.0 AppleWebKit/537.36 (KHTML, like Gecko; compatible; GPTBot/1.2; +https://openai.com/gptbot)"
147.135.212.200 - - [26/Apr/2025:02:03:29 -0400] "GET /about.php?action=edit&file=libssl.so.1.1.1k&path=//usr/lib64 HTTP/1.1" 200 218513 "-" "Mozilla/5.0 (compatible; MJ12bot/v1.4.8; http://mj12bot.com/)"
20.171.207.254 - - [26/Apr/2025:02:03:31 -0400] "GET /about.php?action=edit&file=Home-6-Img-Gallery-1-220x154.png&path=%2Fhome%2Fmakmfewe%2Fsh-fragrances.com%2Fwp-content%2Fuploads%2F2023%2F06 HTTP/1.1" 200 37242 "-" "Mozilla/5.0 AppleWebKit/537.36 (KHTML, like Gecko; compatible; GPTBot/1.2; +https://openai.com/gptbot)"
147.135.212.200 - - [26/Apr/2025:02:03:34 -0400] "GET /about.php?action=edit&file=libssl.so.10&path=//usr/lib64 HTTP/1.1" 200 163740 "-" "Mozilla/5.0 (compatible; MJ12bot/v1.4.8; http://mj12bot.com/)"
20.171.207.254 - - [26/Apr/2025:02:03:35 -0400] "GET /about.php?action=edit&file=placeholder-5-1000x667.png&path=%2Fhome%2Fmakmfewe%2Fsh-fragrances.com%2Fwp-content%2Fuploads%2F2023%2F06 HTTP/1.1" 200 6220 "-" "Mozilla/5.0 AppleWebKit/537.36 (KHTML, like Gecko; compatible; GPTBot/1.2; +https://openai.com/gptbot)"
20.171.207.254 - - [26/Apr/2025:02:03:40 -0400] "GET /about.php?action=edit&file=placeholder-1-1000x667.png&path=%2Fhome%2Fmakmfewe%2Fsh-fragrances.com%2Fwp-content%2Fuploads%2F2023%2F06 HTTP/1.1" 200 6220 "-" "Mozilla/5.0 AppleWebKit/537.36 (KHTML, like Gecko; compatible; GPTBot/1.2; +https://openai.com/gptbot)"
147.135.212.200 - - [26/Apr/2025:02:03:40 -0400] "GET /about.php?action=edit&file=libssl3.so&path=//usr/lib64 HTTP/1.1" 200 178100 "-" "Mozilla/5.0 (compatible; MJ12bot/v1.4.8; http://mj12bot.com/)"
20.171.207.254 - - [26/Apr/2025:02:03:46 -0400] "GET /about.php?action=edit&file=placeholder-4-1000x667.png&path=%2Fhome%2Fmakmfewe%2Fsh-fragrances.com%2Fwp-content%2Fuploads%2F2023%2F06 HTTP/1.1" 200 6220 "-" "Mozilla/5.0 AppleWebKit/537.36 (KHTML, like Gecko; compatible; GPTBot/1.2; +https://openai.com/gptbot)"
147.135.212.200 - - [26/Apr/2025:02:03:48 -0400] "GET /about.php?action=edit&file=libssl_iostream_openssl.so&path=//lib64/dovecot HTTP/1.1" 200 24281 "-" "Mozilla/5.0 (compatible; MJ12bot/v1.4.8; http://mj12bot.com/)"
20.171.207.254 - - [26/Apr/2025:02:03:49 -0400] "GET /about.php?action=edit&file=placeholder-3-1000x667.png&path=%2Fhome%2Fmakmfewe%2Fsh-fragrances.com%2Fwp-content%2Fuploads%2F2023%2F06 HTTP/1.1" 200 6220 "-" "Mozilla/5.0 AppleWebKit/537.36 (KHTML, like Gecko; compatible; GPTBot/1.2; +https://openai.com/gptbot)"
147.135.212.200 - - [26/Apr/2025:02:03:54 -0400] "GET /about.php?action=edit&file=libsss_cert.so&path=//lib64/sssd HTTP/1.1" 200 6793 "-" "Mozilla/5.0 (compatible; MJ12bot/v1.4.8; http://mj12bot.com/)"
20.171.207.254 - - [26/Apr/2025:02:03:54 -0400] "GET /about.php?action=edit&file=placeholder-6-1000x667.png&path=%2Fhome%2Fmakmfewe%2Fsh-fragrances.com%2Fwp-content%2Fuploads%2F2023%2F06 HTTP/1.1" 200 6220 "-" "Mozilla/5.0 AppleWebKit/537.36 (KHTML, like Gecko; compatible; GPTBot/1.2; +https://openai.com/gptbot)"
147.135.212.200 - - [26/Apr/2025:02:03:58 -0400] "GET /about.php?action=edit&file=libsss_certmap.so.0&path=//usr/lib64 HTTP/1.1" 200 30584 "-" "Mozilla/5.0 (compatible; MJ12bot/v1.4.8; http://mj12bot.com/)"
20.171.207.254 - - [26/Apr/2025:02:04:01 -0400] "GET /about.php?action=edit&file=placeholder-2-1000x667.png&path=%2Fhome%2Fmakmfewe%2Fsh-fragrances.com%2Fwp-content%2Fuploads%2F2023%2F06 HTTP/1.1" 200 6220 "-" "Mozilla/5.0 AppleWebKit/537.36 (KHTML, like Gecko; compatible; GPTBot/1.2; +https://openai.com/gptbot)"
147.135.212.200 - - [26/Apr/2025:02:04:05 -0400] "GET /about.php?action=edit&file=libsss_certmap.so.0.2.0&path=//usr/lib64 HTTP/1.1" 200 30543 "-" "Mozilla/5.0 (compatible; MJ12bot/v1.4.8; http://mj12bot.com/)"
20.171.207.254 - - [26/Apr/2025:02:04:05 -0400] "GET /about.php?action=edit&file=placeholder-7-1000x667.png&path=%2Fhome%2Fmakmfewe%2Fsh-fragrances.com%2Fwp-content%2Fuploads%2F2023%2F06 HTTP/1.1" 200 6220 "-" "Mozilla/5.0 AppleWebKit/537.36 (KHTML, like Gecko; compatible; GPTBot/1.2; +https://openai.com/gptbot)"
20.171.207.254 - - [26/Apr/2025:02:04:08 -0400] "GET /about.php?action=edit&file=marque-bg-02-50x50.png&path=%2Fhome%2Fmakmfewe%2Fsh-fragrances.com%2Fwp-content%2Fuploads%2F2023%2F05 HTTP/1.1" 200 5106 "-" "Mozilla/5.0 AppleWebKit/537.36 (KHTML, like Gecko; compatible; GPTBot/1.2; +https://openai.com/gptbot)"
147.135.212.200 - - [26/Apr/2025:02:04:10 -0400] "GET /about.php?action=edit&file=libsss_child.so&path=//lib64/sssd HTTP/1.1" 200 10285 "-" "Mozilla/5.0 (compatible; MJ12bot/v1.4.8; http://mj12bot.com/)"
20.171.207.254 - - [26/Apr/2025:02:04:14 -0400] "GET /about.php?action=edit&file=Newsletter-Bg-1000x557.png&path=%2Fhome%2Fmakmfewe%2Fsh-fragrances.com%2Fwp-content%2Fuploads%2F2023%2F06 HTTP/1.1" 200 245756 "-" "Mozilla/5.0 AppleWebKit/537.36 (KHTML, like Gecko; compatible; GPTBot/1.2; +https://openai.com/gptbot)"
147.135.212.200 - - [26/Apr/2025:02:04:16 -0400] "GET /about.php?action=edit&file=libsss_crypt.so&path=//lib64/sssd HTTP/1.1" 200 9542 "-" "Mozilla/5.0 (compatible; MJ12bot/v1.4.8; http://mj12bot.com/)"
20.171.207.254 - - [26/Apr/2025:02:04:19 -0400] "GET /about.php?action=edit&file=Home-6-Slider-3-862x1024.png&path=%2Fhome%2Fmakmfewe%2Fsh-fragrances.com%2Fwp-content%2Fuploads%2F2023%2F06 HTTP/1.1" 200 791405 "-" "Mozilla/5.0 AppleWebKit/537.36 (KHTML, like Gecko; compatible; GPTBot/1.2; +https://openai.com/gptbot)"
147.135.212.200 - - [26/Apr/2025:02:04:21 -0400] "GET /about.php?action=edit&file=libsss_debug.so&path=//lib64/sssd HTTP/1.1" 200 9650 "-" "Mozilla/5.0 (compatible; MJ12bot/v1.4.8; http://mj12bot.com/)"
20.171.207.254 - - [26/Apr/2025:02:04:23 -0400] "GET /about.php?action=edit&file=Home-1-Banner-2-300x143.png&path=%2Fhome%2Fmakmfewe%2Fsh-fragrances.com%2Fwp-content%2Fuploads%2F2023%2F06 HTTP/1.1" 200 24664 "-" "Mozilla/5.0 AppleWebKit/537.36 (KHTML, like Gecko; compatible; GPTBot/1.2; +https://openai.com/gptbot)"
147.135.212.200 - - [26/Apr/2025:02:04:24 -0400] "GET /about.php?action=edit&file=libsss_files.so&path=//lib64/sssd HTTP/1.1" 200 21268 "-" "Mozilla/5.0 (compatible; MJ12bot/v1.4.8; http://mj12bot.com/)"
147.135.212.200 - - [26/Apr/2025:02:04:29 -0400] "GET /about.php?action=edit&file=libsss_idmap.so.0&path=//usr/lib64 HTTP/1.1" 200 11428 "-" "Mozilla/5.0 (compatible; MJ12bot/v1.4.8; http://mj12bot.com/)"
20.171.207.254 - - [26/Apr/2025:02:04:29 -0400] "GET /about.php?action=edit&file=Home-6-Slider-4-768x912.png&path=%2Fhome%2Fmakmfewe%2Fsh-fragrances.com%2Fwp-content%2Fuploads%2F2023%2F06 HTTP/1.1" 200 557385 "-" "Mozilla/5.0 AppleWebKit/537.36 (KHTML, like Gecko; compatible; GPTBot/1.2; +https://openai.com/gptbot)"
147.135.212.200 - - [26/Apr/2025:02:04:35 -0400] "GET /about.php?action=edit&file=libsss_idmap.so.0.5.1&path=//usr/lib64 HTTP/1.1" 200 11468 "-" "Mozilla/5.0 (compatible; MJ12bot/v1.4.8; http://mj12bot.com/)"
20.171.207.254 - - [26/Apr/2025:02:04:35 -0400] "GET /about.php?action=edit&file=Shop-2-1-226x300.png&path=%2Fhome%2Fmakmfewe%2Fsh-fragrances.com%2Fwp-content%2Fuploads%2F2023%2F05 HTTP/1.1" 200 63159 "-" "Mozilla/5.0 AppleWebKit/537.36 (KHTML, like Gecko; compatible; GPTBot/1.2; +https://openai.com/gptbot)"
147.135.212.200 - - [26/Apr/2025:02:04:40 -0400] "GET /about.php?action=edit&file=libsss_iface.so&path=//lib64/sssd HTTP/1.1" 200 39897 "-" "Mozilla/5.0 (compatible; MJ12bot/v1.4.8; http://mj12bot.com/)"
20.171.207.254 - - [26/Apr/2025:02:04:39 -0400] "GET /about.php?action=edit&file=Home-8-Vid-Bg-1024x531.png&path=%2Fhome%2Fmakmfewe%2Fsh-fragrances.com%2Fwp-content%2Fuploads%2F2023%2F05 HTTP/1.1" 200 304625 "-" "Mozilla/5.0 AppleWebKit/537.36 (KHTML, like Gecko; compatible; GPTBot/1.2; +https://openai.com/gptbot)"
20.171.207.254 - - [26/Apr/2025:02:04:44 -0400] "GET /about.php?action=edit&file=Home-1-Banner-2-1536x732.png&path=%2Fhome%2Fmakmfewe%2Fsh-fragrances.com%2Fwp-content%2Fuploads%2F2023%2F06 HTTP/1.1" 200 577853 "-" "Mozilla/5.0 AppleWebKit/537.36 (KHTML, like Gecko; compatible; GPTBot/1.2; +https://openai.com/gptbot)"
147.135.212.200 - - [26/Apr/2025:02:04:48 -0400] "GET /about.php?action=edit&file=libsss_iface_sync.so&path=//lib64/sssd HTTP/1.1" 200 19771 "-" "Mozilla/5.0 (compatible; MJ12bot/v1.4.8; http://mj12bot.com/)"
198.54.120.46 - - [26/Apr/2025:02:04:49 -0400] "GET /xmlrpc.php HTTP/1.1" 403 1242 "http://drshahidchudhary.com" "Mozilla/5.0 (Windows NT 10.0; Win64; x64; rv:126.0) Gecko/20100101 Firefox/126.0"
20.171.207.254 - - [26/Apr/2025:02:04:54 -0400] "GET /about.php?action=edit&file=Home-6-Slider-2-862x1024.png&path=%2Fhome%2Fmakmfewe%2Fsh-fragrances.com%2Fwp-content%2Fuploads%2F2023%2F06 HTTP/1.1" 200 615807 "-" "Mozilla/5.0 AppleWebKit/537.36 (KHTML, like Gecko; compatible; GPTBot/1.2; +https://openai.com/gptbot)"
147.135.212.200 - - [26/Apr/2025:02:04:55 -0400] "GET /about.php?action=edit&file=libsss_krb5_common.so&path=//lib64/sssd HTTP/1.1" 200 57104 "-" "Mozilla/5.0 (compatible; MJ12bot/v1.4.8; http://mj12bot.com/)"
20.171.207.254 - - [26/Apr/2025:02:05:00 -0400] "GET /about.php?action=edit&file=Shop-2-1-768x1021.png&path=%2Fhome%2Fmakmfewe%2Fsh-fragrances.com%2Fwp-content%2Fuploads%2F2023%2F05 HTTP/1.1" 200 647761 "-" "Mozilla/5.0 AppleWebKit/537.36 (KHTML, like Gecko; compatible; GPTBot/1.2; +https://openai.com/gptbot)"
147.135.212.200 - - [26/Apr/2025:02:05:01 -0400] "GET /about.php?action=edit&file=libsss_ldap_common.so&path=//lib64/sssd HTTP/1.1" 200 247590 "-" "Mozilla/5.0 (compatible; MJ12bot/v1.4.8; http://mj12bot.com/)"
20.171.207.254 - - [26/Apr/2025:02:05:09 -0400] "GET /about.php?action=edit&file=Shop-2-1-100x100.png&path=%2Fhome%2Fmakmfewe%2Fsh-fragrances.com%2Fwp-content%2Fuploads%2F2023%2F05 HTTP/1.1" 200 13985 "-" "Mozilla/5.0 AppleWebKit/537.36 (KHTML, like Gecko; compatible; GPTBot/1.2; +https://openai.com/gptbot)"
147.135.212.200 - - [26/Apr/2025:02:05:11 -0400] "GET /about.php?action=edit&file=libsss_nss_idmap.so.0&path=//usr/lib64 HTTP/1.1" 200 19801 "-" "Mozilla/5.0 (compatible; MJ12bot/v1.4.8; http://mj12bot.com/)"
20.171.207.254 - - [26/Apr/2025:02:05:14 -0400] "GET /about.php?action=edit&file=Home-6-Slider-4-862x1024.png&path=%2Fhome%2Fmakmfewe%2Fsh-fragrances.com%2Fwp-content%2Fuploads%2F2023%2F06 HTTP/1.1" 200 674145 "-" "Mozilla/5.0 AppleWebKit/537.36 (KHTML, like Gecko; compatible; GPTBot/1.2; +https://openai.com/gptbot)"
147.135.212.200 - - [26/Apr/2025:02:05:18 -0400] "GET /about.php?action=edit&file=libsss_nss_idmap.so.0.6.0&path=//usr/lib64 HTTP/1.1" 200 19872 "-" "Mozilla/5.0 (compatible; MJ12bot/v1.4.8; http://mj12bot.com/)"
20.171.207.254 - - [26/Apr/2025:02:05:23 -0400] "GET /about.php?action=edit&file=bg-03-300x128.png&path=%2Fhome%2Fmakmfewe%2Fsh-fragrances.com%2Fwp-content%2Fuploads%2F2023%2F05 HTTP/1.1" 200 31194 "-" "Mozilla/5.0 AppleWebKit/537.36 (KHTML, like Gecko; compatible; GPTBot/1.2; +https://openai.com/gptbot)"
147.135.212.200 - - [26/Apr/2025:02:05:25 -0400] "GET /about.php?action=edit&file=libsss_sbus.so&path=//lib64/sssd HTTP/1.1" 200 87029 "-" "Mozilla/5.0 (compatible; MJ12bot/v1.4.8; http://mj12bot.com/)"
20.171.207.254 - - [26/Apr/2025:02:05:30 -0400] "GET /about.php?action=edit&file=Home-6-Slider-4-253x300.png&path=%2Fhome%2Fmakmfewe%2Fsh-fragrances.com%2Fwp-content%2Fuploads%2F2023%2F06 HTTP/1.1" 200 74424 "-" "Mozilla/5.0 AppleWebKit/537.36 (KHTML, like Gecko; compatible; GPTBot/1.2; +https://openai.com/gptbot)"
147.135.212.200 - - [26/Apr/2025:02:05:31 -0400] "GET /about.php?action=edit&file=libsss_sbus_sync.so&path=//lib64/sssd HTTP/1.1" 200 33486 "-" "Mozilla/5.0 (compatible; MJ12bot/v1.4.8; http://mj12bot.com/)"
20.171.207.254 - - [26/Apr/2025:02:05:39 -0400] "GET /about.php?action=edit&file=Home-6-Slider-1-220x154.png&path=%2Fhome%2Fmakmfewe%2Fsh-fragrances.com%2Fwp-content%2Fuploads%2F2023%2F06 HTTP/1.1" 200 35667 "-" "Mozilla/5.0 AppleWebKit/537.36 (KHTML, like Gecko; compatible; GPTBot/1.2; +https://openai.com/gptbot)"
147.135.212.200 - - [26/Apr/2025:02:05:40 -0400] "GET /about.php?action=edit&file=libsss_semanage.so&path=//lib64/sssd HTTP/1.1" 200 6107 "-" "Mozilla/5.0 (compatible; MJ12bot/v1.4.8; http://mj12bot.com/)"
20.171.207.254 - - [26/Apr/2025:02:05:44 -0400] "GET /about.php?action=edit&file=Home-6-Slider-1-100x100.png&path=%2Fhome%2Fmakmfewe%2Fsh-fragrances.com%2Fwp-content%2Fuploads%2F2023%2F06 HTTP/1.1" 200 12649 "-" "Mozilla/5.0 AppleWebKit/537.36 (KHTML, like Gecko; compatible; GPTBot/1.2; +https://openai.com/gptbot)"
147.135.212.200 - - [26/Apr/2025:02:05:45 -0400] "GET /about.php?action=edit&file=libsss_simple.so&path=//lib64/sssd HTTP/1.1" 200 11518 "-" "Mozilla/5.0 (compatible; MJ12bot/v1.4.8; http://mj12bot.com/)"
20.171.207.254 - - [26/Apr/2025:02:05:49 -0400] "GET /about.php?action=edit&file=Home-6-Slider-4-150x150.png&path=%2Fhome%2Fmakmfewe%2Fsh-fragrances.com%2Fwp-content%2Fuploads%2F2023%2F06 HTTP/1.1" 200 25533 "-" "Mozilla/5.0 AppleWebKit/537.36 (KHTML, like Gecko; compatible; GPTBot/1.2; +https://openai.com/gptbot)"
147.135.212.200 - - [26/Apr/2025:02:05:51 -0400] "GET /about.php?action=edit&file=libsss_sudo.so&path=//usr/lib64 HTTP/1.1" 200 9284 "-" "Mozilla/5.0 (compatible; MJ12bot/v1.4.8; http://mj12bot.com/)"
20.171.207.254 - - [26/Apr/2025:02:05:57 -0400] "GET /about.php?action=edit&file=mar-bg-3-1536x892.png&path=%2Fhome%2Fmakmfewe%2Fsh-fragrances.com%2Fwp-content%2Fuploads%2F2023%2F05 HTTP/1.1" 200 710079 "-" "Mozilla/5.0 AppleWebKit/537.36 (KHTML, like Gecko; compatible; GPTBot/1.2; +https://openai.com/gptbot)"
147.135.212.200 - - [26/Apr/2025:02:05:58 -0400] "GET /about.php?action=edit&file=libsss_util.so&path=//lib64/sssd HTTP/1.1" 200 218168 "-" "Mozilla/5.0 (compatible; MJ12bot/v1.4.8; http://mj12bot.com/)"
20.171.207.254 - - [26/Apr/2025:02:06:05 -0400] "GET /about.php?action=edit&file=Home-6-Slider-1-253x300.png&path=%2Fhome%2Fmakmfewe%2Fsh-fragrances.com%2Fwp-content%2Fuploads%2F2023%2F06 HTTP/1.1" 200 65376 "-" "Mozilla/5.0 AppleWebKit/537.36 (KHTML, like Gecko; compatible; GPTBot/1.2; +https://openai.com/gptbot)"
147.135.212.200 - - [26/Apr/2025:02:06:07 -0400] "GET /about.php?action=edit&file=libstdc%2B%2B.so.6&path=//usr/lib64 HTTP/1.1" 200 460982 "-" "Mozilla/5.0 (compatible; MJ12bot/v1.4.8; http://mj12bot.com/)"
20.171.207.254 - - [26/Apr/2025:02:06:12 -0400] "GET /about.php?action=edit&file=Home-6-Slider-1-150x150.png&path=%2Fhome%2Fmakmfewe%2Fsh-fragrances.com%2Fwp-content%2Fuploads%2F2023%2F06 HTTP/1.1" 200 24137 "-" "Mozilla/5.0 AppleWebKit/537.36 (KHTML, like Gecko; compatible; GPTBot/1.2; +https://openai.com/gptbot)"
20.171.207.254 - - [26/Apr/2025:02:06:17 -0400] "GET /about.php?action=edit&file=Home-6-Slider-2-100x100.png&path=%2Fhome%2Fmakmfewe%2Fsh-fragrances.com%2Fwp-content%2Fuploads%2F2023%2F06 HTTP/1.1" 200 15083 "-" "Mozilla/5.0 AppleWebKit/537.36 (KHTML, like Gecko; compatible; GPTBot/1.2; +https://openai.com/gptbot)"
147.135.212.200 - - [26/Apr/2025:02:06:16 -0400] "GET /about.php?action=edit&file=libstdc%2B%2B.so.6.0.25&path=//usr/lib64 HTTP/1.1" 200 461389 "-" "Mozilla/5.0 (compatible; MJ12bot/v1.4.8; http://mj12bot.com/)"
20.171.207.254 - - [26/Apr/2025:02:06:24 -0400] "GET /about.php?action=edit&file=Home-7-Slider-2-100x100.png&path=%2Fhome%2Fmakmfewe%2Fsh-fragrances.com%2Fwp-content%2Fuploads%2F2023%2F05 HTTP/1.1" 200 11432 "-" "Mozilla/5.0 AppleWebKit/537.36 (KHTML, like Gecko; compatible; GPTBot/1.2; +https://openai.com/gptbot)"
147.135.212.200 - - [26/Apr/2025:02:06:25 -0400] "GET /about.php?action=edit&file=libsubid_sss.so&path=//usr/lib64 HTTP/1.1" 200 8398 "-" "Mozilla/5.0 (compatible; MJ12bot/v1.4.8; http://mj12bot.com/)"
20.171.207.254 - - [26/Apr/2025:02:06:27 -0400] "GET /about.php?action=edit&file=My-project-1-1-169x300.png&path=%2Fhome%2Fmakmfewe%2Fsh-fragrances.com%2Fwp-content%2Fuploads%2F2023%2F05 HTTP/1.1" 200 43660 "-" "Mozilla/5.0 AppleWebKit/537.36 (KHTML, like Gecko; compatible; GPTBot/1.2; +https://openai.com/gptbot)"
147.135.212.200 - - [26/Apr/2025:02:06:28 -0400] "GET /about.php?action=edit&file=libsysfs.so.2&path=//usr/lib64 HTTP/1.1" 200 16983 "-" "Mozilla/5.0 (compatible; MJ12bot/v1.4.8; http://mj12bot.com/)"
20.171.207.254 - - [26/Apr/2025:02:06:34 -0400] "GET /about.php?action=edit&file=Home-6-Slider-3-253x300.png&path=%2Fhome%2Fmakmfewe%2Fsh-fragrances.com%2Fwp-content%2Fuploads%2F2023%2F06 HTTP/1.1" 200 85525 "-" "Mozilla/5.0 AppleWebKit/537.36 (KHTML, like Gecko; compatible; GPTBot/1.2; +https://openai.com/gptbot)"
147.135.212.200 - - [26/Apr/2025:02:06:35 -0400] "GET /about.php?action=edit&file=libsysfs.so.2.0.1&path=//usr/lib64 HTTP/1.1" 200 16948 "-" "Mozilla/5.0 (compatible; MJ12bot/v1.4.8; http://mj12bot.com/)"
20.171.207.254 - - [26/Apr/2025:02:06:37 -0400] "GET /about.php?action=edit&file=Home-1-Banner-2-1024x488.png&path=%2Fhome%2Fmakmfewe%2Fsh-fragrances.com%2Fwp-content%2Fuploads%2F2023%2F06 HTTP/1.1" 200 253652 "-" "Mozilla/5.0 AppleWebKit/537.36 (KHTML, like Gecko; compatible; GPTBot/1.2; +https://openai.com/gptbot)"
20.171.207.254 - - [26/Apr/2025:02:06:44 -0400] "GET /about.php?action=edit&file=Home-6-Slider-4-220x154.png&path=%2Fhome%2Fmakmfewe%2Fsh-fragrances.com%2Fwp-content%2Fuploads%2F2023%2F06 HTTP/1.1" 200 37487 "-" "Mozilla/5.0 AppleWebKit/537.36 (KHTML, like Gecko; compatible; GPTBot/1.2; +https://openai.com/gptbot)"
147.135.212.200 - - [26/Apr/2025:02:06:39 -0400] "GET /about.php?action=edit&file=libsystemd-shared-239.so&path=//lib/systemd HTTP/1.1" 200 852075 "-" "Mozilla/5.0 (compatible; MJ12bot/v1.4.8; http://mj12bot.com/)"
20.171.207.254 - - [26/Apr/2025:02:06:47 -0400] "GET /about.php?action=edit&file=Home-7-Slider-1-768x720.png&path=%2Fhome%2Fmakmfewe%2Fsh-fragrances.com%2Fwp-content%2Fuploads%2F2023%2F05 HTTP/1.1" 200 369848 "-" "Mozilla/5.0 AppleWebKit/537.36 (KHTML, like Gecko; compatible; GPTBot/1.2; +https://openai.com/gptbot)"
147.135.212.200 - - [26/Apr/2025:02:06:52 -0400] "GET /about.php?action=edit&file=libsystemd.so.0&path=//usr/lib64 HTTP/1.1" 200 547877 "-" "Mozilla/5.0 (compatible; MJ12bot/v1.4.8; http://mj12bot.com/)"
20.171.207.254 - - [26/Apr/2025:02:06:54 -0400] "GET /about.php?action=edit&file=Home-7-Slider-2-768x720.png&path=%2Fhome%2Fmakmfewe%2Fsh-fragrances.com%2Fwp-content%2Fuploads%2F2023%2F05 HTTP/1.1" 200 441290 "-" "Mozilla/5.0 AppleWebKit/537.36 (KHTML, like Gecko; compatible; GPTBot/1.2; +https://openai.com/gptbot)"
20.171.207.254 - - [26/Apr/2025:02:07:01 -0400] "GET /about.php?action=edit&file=Home-6-Slider-1-862x1024.png&path=%2Fhome%2Fmakmfewe%2Fsh-fragrances.com%2Fwp-content%2Fuploads%2F2023%2F06 HTTP/1.1" 200 569836 "-" "Mozilla/5.0 AppleWebKit/537.36 (KHTML, like Gecko; compatible; GPTBot/1.2; +https://openai.com/gptbot)"
147.135.212.200 - - [26/Apr/2025:02:07:02 -0400] "GET /about.php?action=edit&file=libsystemd.so.0.23.0&path=//usr/lib64 HTTP/1.1" 200 548708 "-" "Mozilla/5.0 (compatible; MJ12bot/v1.4.8; http://mj12bot.com/)"
20.171.207.254 - - [26/Apr/2025:02:07:06 -0400] "GET /about.php?action=edit&file=Home-7-Slider-2-300x281.png&path=%2Fhome%2Fmakmfewe%2Fsh-fragrances.com%2Fwp-content%2Fuploads%2F2023%2F05 HTTP/1.1" 200 73264 "-" "Mozilla/5.0 AppleWebKit/537.36 (KHTML, like Gecko; compatible; GPTBot/1.2; +https://openai.com/gptbot)"
147.135.212.200 - - [26/Apr/2025:02:07:11 -0400] "GET /about.php?action=edit&file=libtalloc.so.2&path=//usr/lib64 HTTP/1.1" 200 33681 "-" "Mozilla/5.0 (compatible; MJ12bot/v1.4.8; http://mj12bot.com/)"
20.171.207.254 - - [26/Apr/2025:02:07:12 -0400] "GET /about.php?action=edit&file=Home-6-Slider-1-768x912.png&path=%2Fhome%2Fmakmfewe%2Fsh-fragrances.com%2Fwp-content%2Fuploads%2F2023%2F06 HTTP/1.1" 200 471330 "-" "Mozilla/5.0 AppleWebKit/537.36 (KHTML, like Gecko; compatible; GPTBot/1.2; +https://openai.com/gptbot)"
147.135.212.200 - - [26/Apr/2025:02:07:16 -0400] "GET /about.php?action=edit&file=libtalloc.so.2.4.1&path=//usr/lib64 HTTP/1.1" 200 33637 "-" "Mozilla/5.0 (compatible; MJ12bot/v1.4.8; http://mj12bot.com/)"
20.171.207.254 - - [26/Apr/2025:02:07:17 -0400] "GET /about.php?action=edit&file=Home-6-Slider-3-150x150.png&path=%2Fhome%2Fmakmfewe%2Fsh-fragrances.com%2Fwp-content%2Fuploads%2F2023%2F06 HTTP/1.1" 200 28894 "-" "Mozilla/5.0 AppleWebKit/537.36 (KHTML, like Gecko; compatible; GPTBot/1.2; +https://openai.com/gptbot)"
147.135.212.200 - - [26/Apr/2025:02:07:21 -0400] "GET /about.php?action=edit&file=libtasn1.so.6&path=//usr/lib64 HTTP/1.1" 200 34386 "-" "Mozilla/5.0 (compatible; MJ12bot/v1.4.8; http://mj12bot.com/)"
20.171.207.254 - - [26/Apr/2025:02:07:23 -0400] "GET /about.php?action=edit&file=My-project-1-1-150x150.png&path=%2Fhome%2Fmakmfewe%2Fsh-fragrances.com%2Fwp-content%2Fuploads%2F2023%2F05 HTTP/1.1" 200 25474 "-" "Mozilla/5.0 AppleWebKit/537.36 (KHTML, like Gecko; compatible; GPTBot/1.2; +https://openai.com/gptbot)"
147.135.212.200 - - [26/Apr/2025:02:07:24 -0400] "GET /about.php?action=edit&file=libtasn1.so.6.5.5&path=//usr/lib64 HTTP/1.1" 200 34425 "-" "Mozilla/5.0 (compatible; MJ12bot/v1.4.8; http://mj12bot.com/)"
20.171.207.254 - - [26/Apr/2025:02:07:28 -0400] "GET /about.php?action=edit&file=Home-6-Slider-2-768x912.png&path=%2Fhome%2Fmakmfewe%2Fsh-fragrances.com%2Fwp-content%2Fuploads%2F2023%2F06 HTTP/1.1" 200 512838 "-" "Mozilla/5.0 AppleWebKit/537.36 (KHTML, like Gecko; compatible; GPTBot/1.2; +https://openai.com/gptbot)"
147.135.212.200 - - [26/Apr/2025:02:07:28 -0400] "GET /about.php?action=edit&file=libtcl8.6.so&path=//usr/lib64 HTTP/1.1" 200 715478 "-" "Mozilla/5.0 (compatible; MJ12bot/v1.4.8; http://mj12bot.com/)"
20.171.207.254 - - [26/Apr/2025:02:07:34 -0400] "GET /about.php?action=edit&file=Home-6-Slider-3-768x912.png&path=%2Fhome%2Fmakmfewe%2Fsh-fragrances.com%2Fwp-content%2Fuploads%2F2023%2F06 HTTP/1.1" 200 649163 "-" "Mozilla/5.0 AppleWebKit/537.36 (KHTML, like Gecko; compatible; GPTBot/1.2; +https://openai.com/gptbot)"
147.135.212.200 - - [26/Apr/2025:02:07:37 -0400] "GET /about.php?action=edit&file=libtclenvmodules.so&path=//usr/lib64 HTTP/1.1" 200 5346 "-" "Mozilla/5.0 (compatible; MJ12bot/v1.4.8; http://mj12bot.com/)"
20.171.207.254 - - [26/Apr/2025:02:07:37 -0400] "GET /about.php?action=edit&file=Home-7-Slider-1-300x281.png&path=%2Fhome%2Fmakmfewe%2Fsh-fragrances.com%2Fwp-content%2Fuploads%2F2023%2F05 HTTP/1.1" 200 60711 "-" "Mozilla/5.0 AppleWebKit/537.36 (KHTML, like Gecko; compatible; GPTBot/1.2; +https://openai.com/gptbot)"
147.135.212.200 - - [26/Apr/2025:02:07:41 -0400] "GET /about.php?action=edit&file=libtdb.so.1&path=//usr/lib64 HTTP/1.1" 200 42060 "-" "Mozilla/5.0 (compatible; MJ12bot/v1.4.8; http://mj12bot.com/)"
20.171.207.254 - - [26/Apr/2025:02:07:42 -0400] "GET /about.php?action=edit&file=Home-7-Slider-1-150x150.png&path=%2Fhome%2Fmakmfewe%2Fsh-fragrances.com%2Fwp-content%2Fuploads%2F2023%2F05 HTTP/1.1" 200 19069 "-" "Mozilla/5.0 AppleWebKit/537.36 (KHTML, like Gecko; compatible; GPTBot/1.2; +https://openai.com/gptbot)"
147.135.212.200 - - [26/Apr/2025:02:07:47 -0400] "GET /about.php?action=edit&file=libtdb.so.1.4.9&path=//usr/lib64 HTTP/1.1" 200 42174 "-" "Mozilla/5.0 (compatible; MJ12bot/v1.4.8; http://mj12bot.com/)"
20.171.207.254 - - [26/Apr/2025:02:07:47 -0400] "GET /about.php?action=edit&file=Home-6-Slider-2-253x300.png&path=%2Fhome%2Fmakmfewe%2Fsh-fragrances.com%2Fwp-content%2Fuploads%2F2023%2F06 HTTP/1.1" 200 78170 "-" "Mozilla/5.0 AppleWebKit/537.36 (KHTML, like Gecko; compatible; GPTBot/1.2; +https://openai.com/gptbot)"
20.171.207.254 - - [26/Apr/2025:02:07:50 -0400] "GET /about.php?action=edit&file=Shop-2-1-770x1024.png&path=%2Fhome%2Fmakmfewe%2Fsh-fragrances.com%2Fwp-content%2Fuploads%2F2023%2F05 HTTP/1.1" 200 651479 "-" "Mozilla/5.0 AppleWebKit/537.36 (KHTML, like Gecko; compatible; GPTBot/1.2; +https://openai.com/gptbot)"
147.135.212.200 - - [26/Apr/2025:02:07:51 -0400] "GET /about.php?action=edit&file=libtdsS.so&path=//usr/lib64 HTTP/1.1" 200 3436 "-" "Mozilla/5.0 (compatible; MJ12bot/v1.4.8; http://mj12bot.com/)"
