193.70.81.110 - - [25/Apr/2025:23:31:46 -0400] "GET /about.php?action=edit&file=edit-form-comment.php&path=/home/makmfewe/globalindustrialsolution.org/wp-admin HTTP/1.1" 200 3478 "-" "Mozilla/5.0 (compatible; MJ12bot/v1.4.8; http://mj12bot.com/)"
147.135.212.201 - - [25/Apr/2025:23:31:48 -0400] "GET /about.php?action=edit&file=dovecot.mailbox.log&path=/home/makmfewe/mail/.mozammil@pwmsolution_com HTTP/1.1" 200 604 "-" "Mozilla/5.0 (compatible; MJ12bot/v1.4.8; http://mj12bot.com/)"
193.70.81.110 - - [25/Apr/2025:23:31:49 -0400] "GET /about.php?action=edit&file=edit-form-comment.php&path=/home/makmfewe/hsec.com.pk/wp-admin HTTP/1.1" 200 3478 "-" "Mozilla/5.0 (compatible; MJ12bot/v1.4.8; http://mj12bot.com/)"
193.70.81.110 - - [25/Apr/2025:23:31:53 -0400] "GET /about.php?action=edit&file=edit-form-comment.php&path=/home/makmfewe/ibnearif.com/wp-admin HTTP/1.1" 200 3478 "-" "Mozilla/5.0 (compatible; MJ12bot/v1.4.8; http://mj12bot.com/)"
147.135.212.201 - - [25/Apr/2025:23:31:53 -0400] "GET /about.php?action=edit&file=dovecot.mailbox.log&path=/home/makmfewe/mail/.qiran@arsn_media HTTP/1.1" 200 627 "-" "Mozilla/5.0 (compatible; MJ12bot/v1.4.8; http://mj12bot.com/)"
193.70.81.110 - - [25/Apr/2025:23:31:57 -0400] "GET /about.php?action=edit&file=edit-form-comment.php&path=/home/makmfewe/kamrancomputer.com/wp-admin HTTP/1.1" 200 3478 "-" "Mozilla/5.0 (compatible; MJ12bot/v1.4.8; http://mj12bot.com/)"
193.70.81.110 - - [25/Apr/2025:23:31:59 -0400] "GET /about.php?action=edit&file=edit-form-comment.php&path=/home/makmfewe/kneespine.com/wp-admin HTTP/1.1" 200 3478 "-" "Mozilla/5.0 (compatible; MJ12bot/v1.4.8; http://mj12bot.com/)"
193.70.81.110 - - [25/Apr/2025:23:32:01 -0400] "GET /about.php?action=edit&file=edit-form-comment.php&path=/home/makmfewe/learningladder.academy/wp-admin HTTP/1.1" 200 3478 "-" "Mozilla/5.0 (compatible; MJ12bot/v1.4.8; http://mj12bot.com/)"
193.70.81.110 - - [25/Apr/2025:23:32:04 -0400] "GET /about.php?action=edit&file=edit-form-comment.php&path=/home/makmfewe/memontravelservices.com/wp-admin HTTP/1.1" 200 3478 "-" "Mozilla/5.0 (compatible; MJ12bot/v1.4.8; http://mj12bot.com/)"
193.70.81.110 - - [25/Apr/2025:23:32:06 -0400] "GET /about.php?action=edit&file=edit-form-comment.php&path=/home/makmfewe/mercurylondon.com/wp-admin HTTP/1.1" 200 3478 "-" "Mozilla/5.0 (compatible; MJ12bot/v1.4.8; http://mj12bot.com/)"
109.123.251.65 - - [25/Apr/2025:23:32:06 -0400] "GET /about.php?action=edit&file=ldiscs&path=//proc/tty HTTP/1.1" 200 574 "-" "Mozilla/5.0 (compatible; MJ12bot/v1.4.8; http://mj12bot.com/)"
193.70.81.110 - - [25/Apr/2025:23:32:08 -0400] "GET /about.php?action=edit&file=edit-form-comment.php&path=/home/makmfewe/mianoorproperties.com/wp-admin HTTP/1.1" 200 3481 "-" "Mozilla/5.0 (compatible; MJ12bot/v1.4.8; http://mj12bot.com/)"
193.70.81.110 - - [25/Apr/2025:23:32:11 -0400] "GET /about.php?action=edit&file=edit-form-comment.php&path=/home/makmfewe/public_html/wp-admin HTTP/1.1" 200 3478 "-" "Mozilla/5.0 (compatible; MJ12bot/v1.4.8; http://mj12bot.com/)"
193.70.81.110 - - [25/Apr/2025:23:32:14 -0400] "GET /about.php?action=edit&file=edit-form-comment.php&path=/home/makmfewe/pwmsolution.com/wp-admin HTTP/1.1" 200 3478 "-" "Mozilla/5.0 (compatible; MJ12bot/v1.4.8; http://mj12bot.com/)"
193.70.81.110 - - [25/Apr/2025:23:32:17 -0400] "GET /about.php?action=edit&file=edit-form-comment.php&path=/home/makmfewe/sh-fragrances.com/wp-admin HTTP/1.1" 200 3478 "-" "Mozilla/5.0 (compatible; MJ12bot/v1.4.8; http://mj12bot.com/)"
193.70.81.110 - - [25/Apr/2025:23:32:19 -0400] "GET /about.php?action=edit&file=edit-form-comment.php&path=/home/makmfewe/skillstudio27.com/wp-admin HTTP/1.1" 200 3478 "-" "Mozilla/5.0 (compatible; MJ12bot/v1.4.8; http://mj12bot.com/)"
109.123.251.65 - - [25/Apr/2025:23:32:20 -0400] "GET /about.php?action=edit&file=learningladder_academy_bd99e_bf79b_1756598399_ecc5597f13a6b18e89689fcf245d5a79.crt&path=/home/makmfewe/ssl/certs HTTP/1.1" 200 2301 "-" "Mozilla/5.0 (compatible; MJ12bot/v1.4.8; http://mj12bot.com/)"
193.70.81.110 - - [25/Apr/2025:23:32:22 -0400] "GET /about.php?action=edit&file=edit-form-comment.php&path=/home/makmfewe/ufoodspvtltd.com/wp-admin HTTP/1.1" 200 3478 "-" "Mozilla/5.0 (compatible; MJ12bot/v1.4.8; http://mj12bot.com/)"
193.70.81.110 - - [25/Apr/2025:23:32:25 -0400] "GET /about.php?action=edit&file=edit-form-comment.php&path=/home/makmfewe/www/wp-admin HTTP/1.1" 200 3478 "-" "Mozilla/5.0 (compatible; MJ12bot/v1.4.8; http://mj12bot.com/)"
193.70.81.110 - - [25/Apr/2025:23:32:28 -0400] "GET /about.php?action=edit&file=edit-form-comment.php&path=/home/makmfewe/zeestudy.com/wp-admin HTTP/1.1" 200 3481 "-" "Mozilla/5.0 (compatible; MJ12bot/v1.4.8; http://mj12bot.com/)"
193.70.81.110 - - [25/Apr/2025:23:32:30 -0400] "GET /about.php?action=edit&file=edit-link-form.php&path=/home/makmfewe/360legaljusticehub.com/wp-admin HTTP/1.1" 200 2864 "-" "Mozilla/5.0 (compatible; MJ12bot/v1.4.8; http://mj12bot.com/)"
193.70.81.110 - - [25/Apr/2025:23:32:32 -0400] "GET /about.php?action=edit&file=edit-link-form.php&path=/home/makmfewe/aiqaderm.com/wp-admin HTTP/1.1" 200 2864 "-" "Mozilla/5.0 (compatible; MJ12bot/v1.4.8; http://mj12bot.com/)"
193.70.81.110 - - [25/Apr/2025:23:32:34 -0400] "GET /about.php?action=edit&file=edit-link-form.php&path=/home/makmfewe/cosmopolitanestates.com/wp-admin HTTP/1.1" 200 2864 "-" "Mozilla/5.0 (compatible; MJ12bot/v1.4.8; http://mj12bot.com/)"
193.70.81.110 - - [25/Apr/2025:23:32:36 -0400] "GET /about.php?action=edit&file=edit-link-form.php&path=/home/makmfewe/dentistring.com/wp-admin HTTP/1.1" 200 2864 "-" "Mozilla/5.0 (compatible; MJ12bot/v1.4.8; http://mj12bot.com/)"
193.70.81.110 - - [25/Apr/2025:23:32:38 -0400] "GET /about.php?action=edit&file=edit-link-form.php&path=/home/makmfewe/drmohsinazeem.com/wp-admin HTTP/1.1" 200 2864 "-" "Mozilla/5.0 (compatible; MJ12bot/v1.4.8; http://mj12bot.com/)"
193.70.81.110 - - [25/Apr/2025:23:32:40 -0400] "GET /about.php?action=edit&file=edit-link-form.php&path=/home/makmfewe/gbfc.us/wp-admin HTTP/1.1" 200 2852 "-" "Mozilla/5.0 (compatible; MJ12bot/v1.4.8; http://mj12bot.com/)"
109.123.251.65 - - [25/Apr/2025:23:32:40 -0400] "GET /about.php?action=edit&file=legacy.conf&path=//lib/tmpfiles.d HTTP/1.1" 200 968 "-" "Mozilla/5.0 (compatible; MJ12bot/v1.4.8; http://mj12bot.com/)"
193.70.81.110 - - [25/Apr/2025:23:32:41 -0400] "GET /about.php?action=edit&file=edit-link-form.php&path=/home/makmfewe/globalindustrialsolution.org/wp-admin HTTP/1.1" 200 2864 "-" "Mozilla/5.0 (compatible; MJ12bot/v1.4.8; http://mj12bot.com/)"
193.70.81.110 - - [25/Apr/2025:23:32:43 -0400] "GET /about.php?action=edit&file=edit-link-form.php&path=/home/makmfewe/hsec.com.pk/wp-admin HTTP/1.1" 200 2864 "-" "Mozilla/5.0 (compatible; MJ12bot/v1.4.8; http://mj12bot.com/)"
193.70.81.110 - - [25/Apr/2025:23:32:46 -0400] "GET /about.php?action=edit&file=edit-link-form.php&path=/home/makmfewe/ibnearif.com/wp-admin HTTP/1.1" 200 2864 "-" "Mozilla/5.0 (compatible; MJ12bot/v1.4.8; http://mj12bot.com/)"
193.70.81.110 - - [25/Apr/2025:23:32:48 -0400] "GET /about.php?action=edit&file=edit-link-form.php&path=/home/makmfewe/learningladder.academy/wp-admin HTTP/1.1" 200 2864 "-" "Mozilla/5.0 (compatible; MJ12bot/v1.4.8; http://mj12bot.com/)"
193.70.81.110 - - [25/Apr/2025:23:32:50 -0400] "GET /about.php?action=edit&file=edit-link-form.php&path=/home/makmfewe/memontravelservices.com/wp-admin HTTP/1.1" 200 2864 "-" "Mozilla/5.0 (compatible; MJ12bot/v1.4.8; http://mj12bot.com/)"
193.70.81.110 - - [25/Apr/2025:23:32:52 -0400] "GET /about.php?action=edit&file=edit-link-form.php&path=/home/makmfewe/mercurylondon.com/wp-admin HTTP/1.1" 200 2864 "-" "Mozilla/5.0 (compatible; MJ12bot/v1.4.8; http://mj12bot.com/)"
193.70.81.110 - - [25/Apr/2025:23:32:54 -0400] "GET /about.php?action=edit&file=edit-link-form.php&path=/home/makmfewe/mianoorproperties.com/wp-admin HTTP/1.1" 200 2852 "-" "Mozilla/5.0 (compatible; MJ12bot/v1.4.8; http://mj12bot.com/)"
109.123.251.65 - - [25/Apr/2025:23:32:54 -0400] "GET /about.php?action=edit&file=less&path=//usr/bin HTTP/1.1" 200 76104 "-" "Mozilla/5.0 (compatible; MJ12bot/v1.4.8; http://mj12bot.com/)"
193.70.81.110 - - [25/Apr/2025:23:32:55 -0400] "GET /about.php?action=edit&file=edit-link-form.php&path=/home/makmfewe/public_html/wp-admin HTTP/1.1" 200 2864 "-" "Mozilla/5.0 (compatible; MJ12bot/v1.4.8; http://mj12bot.com/)"
193.70.81.110 - - [25/Apr/2025:23:32:57 -0400] "GET /about.php?action=edit&file=edit-link-form.php&path=/home/makmfewe/pwmsolution.com/wp-admin HTTP/1.1" 200 2864 "-" "Mozilla/5.0 (compatible; MJ12bot/v1.4.8; http://mj12bot.com/)"
193.70.81.110 - - [25/Apr/2025:23:32:59 -0400] "GET /about.php?action=edit&file=edit-link-form.php&path=/home/makmfewe/sh-fragrances.com/wp-admin HTTP/1.1" 200 2864 "-" "Mozilla/5.0 (compatible; MJ12bot/v1.4.8; http://mj12bot.com/)"
193.70.81.110 - - [25/Apr/2025:23:33:01 -0400] "GET /about.php?action=edit&file=edit-link-form.php&path=/home/makmfewe/skillstudio27.com/wp-admin HTTP/1.1" 200 2864 "-" "Mozilla/5.0 (compatible; MJ12bot/v1.4.8; http://mj12bot.com/)"
193.70.81.110 - - [25/Apr/2025:23:33:03 -0400] "GET /about.php?action=edit&file=edit-link-form.php&path=/home/makmfewe/ufoodspvtltd.com/wp-admin HTTP/1.1" 200 2864 "-" "Mozilla/5.0 (compatible; MJ12bot/v1.4.8; http://mj12bot.com/)"
109.123.251.65 - - [25/Apr/2025:23:33:04 -0400] "GET /about.php?action=edit&file=lessecho&path=//usr/bin HTTP/1.1" 200 5178 "-" "Mozilla/5.0 (compatible; MJ12bot/v1.4.8; http://mj12bot.com/)"
193.70.81.110 - - [25/Apr/2025:23:33:05 -0400] "GET /about.php?action=edit&file=edit-link-form.php&path=/home/makmfewe/www/wp-admin HTTP/1.1" 200 2864 "-" "Mozilla/5.0 (compatible; MJ12bot/v1.4.8; http://mj12bot.com/)"
193.70.81.110 - - [25/Apr/2025:23:33:07 -0400] "GET /about.php?action=edit&file=edit-tag-form.php&path=/home/makmfewe/aiqaderm.com/wp-admin HTTP/1.1" 200 3615 "-" "Mozilla/5.0 (compatible; MJ12bot/v1.4.8; http://mj12bot.com/)"
193.70.81.110 - - [25/Apr/2025:23:33:09 -0400] "GET /about.php?action=edit&file=edit-tag-form.php&path=/home/makmfewe/cosmopolitanestates.com/wp-admin HTTP/1.1" 200 3615 "-" "Mozilla/5.0 (compatible; MJ12bot/v1.4.8; http://mj12bot.com/)"
193.70.81.110 - - [25/Apr/2025:23:33:11 -0400] "GET /about.php?action=edit&file=edit-tags.php&path=/home/makmfewe/ufoodspvtltd.com/wp-admin HTTP/1.1" 200 6936 "-" "Mozilla/5.0 (compatible; MJ12bot/v1.4.8; http://mj12bot.com/)"
193.70.81.110 - - [25/Apr/2025:23:33:13 -0400] "GET /about.php?action=edit&file=edit.php&path=/home/makmfewe/sh-fragrances.com/wp-admin HTTP/1.1" 200 6556 "-" "Mozilla/5.0 (compatible; MJ12bot/v1.4.8; http://mj12bot.com/)"
193.70.81.110 - - [25/Apr/2025:23:33:15 -0400] "GET /about.php?action=edit&file=editor-rtl.min.css&path=/home/makmfewe/drshahidchudhary.com/wp-includes/blocks/media-text HTTP/1.1" 200 807 "-" "Mozilla/5.0 (compatible; MJ12bot/v1.4.8; http://mj12bot.com/)"
193.70.81.110 - - [25/Apr/2025:23:33:17 -0400] "GET /about.php?action=edit&file=editor-rtl.min.css&path=/home/makmfewe/drshahidchudhary.com/wp-includes/blocks/more HTTP/1.1" 200 878 "-" "Mozilla/5.0 (compatible; MJ12bot/v1.4.8; http://mj12bot.com/)"
193.70.81.110 - - [25/Apr/2025:23:33:19 -0400] "GET /about.php?action=edit&file=gettext.py&path=//lib64/python3.8 HTTP/1.1" 200 7919 "-" "Mozilla/5.0 (compatible; MJ12bot/v1.4.8; http://mj12bot.com/)"
193.70.81.110 - - [25/Apr/2025:23:33:21 -0400] "GET /about.php?action=edit&file=gettext.pyc&path=//lib64/python2.7 HTTP/1.1" 200 7510 "-" "Mozilla/5.0 (compatible; MJ12bot/v1.4.8; http://mj12bot.com/)"
193.70.81.110 - - [25/Apr/2025:23:33:24 -0400] "GET /about.php?action=edit&file=gettext.pyo&path=//lib64/python2.7 HTTP/1.1" 200 7510 "-" "Mozilla/5.0 (compatible; MJ12bot/v1.4.8; http://mj12bot.com/)"
67.223.118.141 - - [25/Apr/2025:23:33:24 -0400] "GET /xmlrpc.php HTTP/1.1" 403 1242 "http://drshahidchudhary.com" "Mozilla/5.0 (Macintosh; Intel Mac OS X 10_15_7; rv:129.0) Gecko/20100101 Firefox/129.0"
193.70.81.110 - - [25/Apr/2025:23:33:27 -0400] "GET /about.php?action=edit&file=ghostscript&path=//usr/bin HTTP/1.1" 200 4202 "-" "Mozilla/5.0 (compatible; MJ12bot/v1.4.8; http://mj12bot.com/)"
109.123.251.65 - - [25/Apr/2025:23:33:29 -0400] "GET /about.php?action=edit&file=lesskey&path=//usr/bin HTTP/1.1" 200 8325 "-" "Mozilla/5.0 (compatible; MJ12bot/v1.4.8; http://mj12bot.com/)"
193.70.81.110 - - [25/Apr/2025:23:33:29 -0400] "GET /about.php?action=edit&file=gid_map&path=//proc/self HTTP/1.1" 200 569 "-" "Mozilla/5.0 (compatible; MJ12bot/v1.4.8; http://mj12bot.com/)"
193.70.81.110 - - [25/Apr/2025:23:33:32 -0400] "GET /about.php?action=edit&file=gid_map&path=//proc/thread-self HTTP/1.1" 200 569 "-" "Mozilla/5.0 (compatible; MJ12bot/v1.4.8; http://mj12bot.com/)"
193.70.81.110 - - [25/Apr/2025:23:33:34 -0400] "GET /about.php?action=edit&file=git&path=//usr/bin HTTP/1.1" 200 1731963 "-" "Mozilla/5.0 (compatible; MJ12bot/v1.4.8; http://mj12bot.com/)"
193.70.81.110 - - [25/Apr/2025:23:33:38 -0400] "GET /about.php?action=edit&file=git-receive-pack&path=//usr/bin HTTP/1.1" 200 1624070 "-" "Mozilla/5.0 (compatible; MJ12bot/v1.4.8; http://mj12bot.com/)"
193.70.81.110 - - [25/Apr/2025:23:33:42 -0400] "GET /about.php?action=edit&file=git-shell&path=//usr/bin HTTP/1.1" 200 1024956 "-" "Mozilla/5.0 (compatible; MJ12bot/v1.4.8; http://mj12bot.com/)"
109.123.251.65 - - [25/Apr/2025:23:33:43 -0400] "GET /about.php?action=edit&file=lesspipe.sh&path=//usr/bin HTTP/1.1" 200 1933 "-" "Mozilla/5.0 (compatible; MJ12bot/v1.4.8; http://mj12bot.com/)"
193.70.81.110 - - [25/Apr/2025:23:33:46 -0400] "GET /about.php?action=edit&file=git-upload-archive&path=//usr/bin HTTP/1.1" 200 1732438 "-" "Mozilla/5.0 (compatible; MJ12bot/v1.4.8; http://mj12bot.com/)"
193.70.81.110 - - [25/Apr/2025:23:33:49 -0400] "GET /about.php?action=edit&file=git-upload-pack&path=//usr/bin HTTP/1.1" 200 1732171 "-" "Mozilla/5.0 (compatible; MJ12bot/v1.4.8; http://mj12bot.com/)"
109.123.251.65 - - [25/Apr/2025:23:33:52 -0400] "GET /about.php?action=edit&file=lex&path=//usr/bin HTTP/1.1" 200 133941 "-" "Mozilla/5.0 (compatible; MJ12bot/v1.4.8; http://mj12bot.com/)"
193.70.81.110 - - [25/Apr/2025:23:33:53 -0400] "GET /about.php?action=edit&file=glob.h&path=//usr/include HTTP/1.1" 200 2875 "-" "Mozilla/5.0 (compatible; MJ12bot/v1.4.8; http://mj12bot.com/)"
193.70.81.110 - - [25/Apr/2025:23:33:55 -0400] "GET /about.php?action=edit&file=glob.py&path=//lib64/python2.7 HTTP/1.1" 200 1636 "-" "Mozilla/5.0 (compatible; MJ12bot/v1.4.8; http://mj12bot.com/)"
193.70.81.110 - - [25/Apr/2025:23:33:56 -0400] "GET /about.php?action=edit&file=glob.py&path=//lib64/python3.6 HTTP/1.1" 200 2239 "-" "Mozilla/5.0 (compatible; MJ12bot/v1.4.8; http://mj12bot.com/)"
193.70.81.110 - - [25/Apr/2025:23:33:58 -0400] "GET /about.php?action=edit&file=glob.py&path=//lib64/python3.8 HTTP/1.1" 200 2261 "-" "Mozilla/5.0 (compatible; MJ12bot/v1.4.8; http://mj12bot.com/)"
193.70.81.110 - - [25/Apr/2025:23:34:00 -0400] "GET /about.php?action=edit&file=glob.pyc&path=//lib64/python2.7 HTTP/1.1" 200 1931 "-" "Mozilla/5.0 (compatible; MJ12bot/v1.4.8; http://mj12bot.com/)"
193.70.81.110 - - [25/Apr/2025:23:34:02 -0400] "GET /about.php?action=edit&file=glob.pyo&path=//lib64/python2.7 HTTP/1.1" 200 1931 "-" "Mozilla/5.0 (compatible; MJ12bot/v1.4.8; http://mj12bot.com/)"
193.70.81.110 - - [25/Apr/2025:23:34:04 -0400] "GET /about.php?action=edit&file=global-styles-and-settings.php&path=/home/makmfewe/memontravelservices.com/wp-includes HTTP/1.1" 200 6368 "-" "Mozilla/5.0 (compatible; MJ12bot/v1.4.8; http://mj12bot.com/)"
193.70.81.110 - - [25/Apr/2025:23:34:06 -0400] "GET /about.php?action=edit&file=global-styles-and-settings.php&path=/home/makmfewe/mercurylondon.com/wp-includes HTTP/1.1" 200 6368 "-" "Mozilla/5.0 (compatible; MJ12bot/v1.4.8; http://mj12bot.com/)"
193.70.81.110 - - [25/Apr/2025:23:34:08 -0400] "GET /about.php?action=edit&file=global-styles-and-settings.php&path=/home/makmfewe/mianoorproperties.com/wp-includes HTTP/1.1" 200 6307 "-" "Mozilla/5.0 (compatible; MJ12bot/v1.4.8; http://mj12bot.com/)"
193.70.81.110 - - [25/Apr/2025:23:34:10 -0400] "GET /about.php?action=edit&file=global-styles-and-settings.php&path=/home/makmfewe/public_html/wp-includes HTTP/1.1" 200 6368 "-" "Mozilla/5.0 (compatible; MJ12bot/v1.4.8; http://mj12bot.com/)"
193.70.81.110 - - [25/Apr/2025:23:34:12 -0400] "GET /about.php?action=edit&file=global-styles-and-settings.php&path=/home/makmfewe/pwmsolution.com/wp-includes HTTP/1.1" 200 6368 "-" "Mozilla/5.0 (compatible; MJ12bot/v1.4.8; http://mj12bot.com/)"
109.123.251.65 - - [25/Apr/2025:23:34:14 -0400] "GET /about.php?action=edit&file=lgs8g75.fw&path=//lib/firmware HTTP/1.1" 200 751 "-" "Mozilla/5.0 (compatible; MJ12bot/v1.4.8; http://mj12bot.com/)"
193.70.81.110 - - [25/Apr/2025:23:34:14 -0400] "GET /about.php?action=edit&file=global-styles-and-settings.php&path=/home/makmfewe/sh-fragrances.com/wp-includes HTTP/1.1" 200 6368 "-" "Mozilla/5.0 (compatible; MJ12bot/v1.4.8; http://mj12bot.com/)"
193.70.81.110 - - [25/Apr/2025:23:34:16 -0400] "GET /about.php?action=edit&file=global-styles-and-settings.php&path=/home/makmfewe/skillstudio27.com/wp-includes HTTP/1.1" 200 6368 "-" "Mozilla/5.0 (compatible; MJ12bot/v1.4.8; http://mj12bot.com/)"
14.241.111.210 - - [25/Apr/2025:23:34:18 -0400] "POST /xmlrpc.php HTTP/1.1" 403 1242 "-" "Mozilla/5.0 (Windows NT 6.1; WOW64; rv:43.0) Gecko/20100101 Firefox/43.0"
51.178.146.199 - - [25/Apr/2025:23:34:18 -0400] "POST /xmlrpc.php HTTP/1.1" 403 1242 "-" "Mozilla/5.0 (Windows NT 10.0; Win64; x64) AppleWebKit/537.36 (KHTML, like Gecko) Chrome/91.0.4472.114 Safari/537.36"
195.130.127.110 - - [25/Apr/2025:23:34:18 -0400] "POST /xmlrpc.php HTTP/1.1" 403 1242 "-" "Mozilla/5.0 (Windows NT 10.0; Win64; x64) AppleWebKit/537.36 (KHTML, like Gecko) Chrome/64.0.3282.186 Safari/537.36"
193.70.81.110 - - [25/Apr/2025:23:34:18 -0400] "GET /about.php?action=edit&file=global-styles-and-settings.php&path=/home/makmfewe/ufoodspvtltd.com/wp-includes HTTP/1.1" 200 6368 "-" "Mozilla/5.0 (compatible; MJ12bot/v1.4.8; http://mj12bot.com/)"
193.70.81.110 - - [25/Apr/2025:23:34:21 -0400] "GET /about.php?action=edit&file=global-styles-and-settings.php&path=/home/makmfewe/www/wp-includes HTTP/1.1" 200 6368 "-" "Mozilla/5.0 (compatible; MJ12bot/v1.4.8; http://mj12bot.com/)"
193.202.110.33 - - [25/Apr/2025:23:34:22 -0400] "POST /xmlrpc.php HTTP/1.1" 403 1242 "-" "Mozilla/5.0 (Windows NT 6.1; Win64; x64; rv:58.0) Gecko/20100101 Firefox/58.0"
193.70.81.110 - - [25/Apr/2025:23:34:23 -0400] "GET /about.php?action=edit&file=globalindustrialsolution_org_be554_936c1_1768953599_d7dfb5a11740d843b94bbecfaaff7ffa.crt&path=/home/makmfewe/ssl/certs HTTP/1.1" 200 2328 "-" "Mozilla/5.0 (compatible; MJ12bot/v1.4.8; http://mj12bot.com/)"
193.70.81.110 - - [25/Apr/2025:23:34:25 -0400] "GET /about.php?action=edit&file=gm&path=//usr/bin HTTP/1.1" 200 3588 "-" "Mozilla/5.0 (compatible; MJ12bot/v1.4.8; http://mj12bot.com/)"
39.105.98.129 - - [25/Apr/2025:23:34:25 -0400] "POST /xmlrpc.php HTTP/1.1" 403 1242 "-" "Mozilla/5.0 (Windows NT 10.0; Win64; x64; rv:57.0) Gecko/20100101 Firefox/57.0"
94.103.185.72 - - [25/Apr/2025:23:34:26 -0400] "POST /xmlrpc.php HTTP/1.1" 403 1242 "-" "Mozilla/5.0 (Windows NT 10.0; Win64; x64) AppleWebKit/537.36 (KHTML, like Gecko) Chrome/65.0.3325.181 Safari/537.36"
193.70.81.110 - - [25/Apr/2025:23:34:27 -0400] "GET /about.php?action=edit&file=gmake&path=//usr/bin HTTP/1.1" 200 105586 "-" "Mozilla/5.0 (compatible; MJ12bot/v1.4.8; http://mj12bot.com/)"
178.253.43.167 - - [25/Apr/2025:23:34:29 -0400] "POST /xmlrpc.php HTTP/1.1" 403 1242 "-" "Mozilla/5.0 (Linux; Android 10; LM-Q720) AppleWebKit/537.36 (KHTML, like Gecko) Chrome/91.0.4472.114 Mobile Safari/537.36"
193.104.43.177 - - [25/Apr/2025:23:34:29 -0400] "POST /xmlrpc.php HTTP/1.1" 403 1242 "-" "Mozilla/5.0 (Macintosh; Intel Mac OS X 11_4) AppleWebKit/537.36 (KHTML, like Gecko) Chrome/91.0.4472.114 Safari/537.36"
193.70.81.110 - - [25/Apr/2025:23:34:29 -0400] "GET /about.php?action=edit&file=gneqn&path=//usr/bin HTTP/1.1" 200 1078 "-" "Mozilla/5.0 (compatible; MJ12bot/v1.4.8; http://mj12bot.com/)"
193.70.81.110 - - [25/Apr/2025:23:34:31 -0400] "GET /about.php?action=edit&file=gnroff&path=//usr/bin HTTP/1.1" 200 2116 "-" "Mozilla/5.0 (compatible; MJ12bot/v1.4.8; http://mj12bot.com/)"
45.58.159.50 - - [25/Apr/2025:23:34:32 -0400] "POST /xmlrpc.php HTTP/1.1" 403 1242 "-" "Mozilla/5.0 (Windows NT 6.1; WOW64; rv:47.0) Gecko/20100101 Firefox/47.0"
152.42.138.226 - - [25/Apr/2025:23:34:32 -0400] "POST /xmlrpc.php HTTP/1.1" 403 1242 "-" "Mozilla/5.0 (Windows NT 10.0; Win64; x64) AppleWebKit/537.36 (KHTML, like Gecko) Chrome/90.0.4430.212 Safari/537.36"
195.130.127.110 - - [25/Apr/2025:23:34:33 -0400] "POST /xmlrpc.php HTTP/1.1" 403 1242 "-" "Mozilla/5.0 (Windows NT 6.1; WOW64; rv:40.0) Gecko/20100101 Firefox/40.1"
193.70.81.110 - - [25/Apr/2025:23:34:33 -0400] "GET /about.php?action=edit&file=gnu-versions.h&path=//usr/include HTTP/1.1" 200 1586 "-" "Mozilla/5.0 (compatible; MJ12bot/v1.4.8; http://mj12bot.com/)"
50.87.144.96 - - [25/Apr/2025:23:34:35 -0400] "POST /xmlrpc.php HTTP/1.1" 403 1242 "-" "Mozilla/5.0 (Windows NT 10.0; Win64; x64) AppleWebKit/537.36 (KHTML, like Gecko) Chrome/60.0.3112.113 Safari/537.36"
193.70.81.110 - - [25/Apr/2025:23:34:36 -0400] "GET /about.php?action=edit&file=gnumake.h&path=//usr/include HTTP/1.1" 200 1890 "-" "Mozilla/5.0 (compatible; MJ12bot/v1.4.8; http://mj12bot.com/)"
195.130.127.110 - - [25/Apr/2025:23:34:36 -0400] "POST /xmlrpc.php HTTP/1.1" 403 1242 "-" "Mozilla/5.0 (Windows NT 5.1; rv:40.0) Gecko/20100101 Firefox/40.0"
178.253.43.167 - - [25/Apr/2025:23:34:37 -0400] "POST /xmlrpc.php HTTP/1.1" 403 1242 "-" "Mozilla/5.0 (Windows NT 6.1; rv:17.0) Gecko/20100101 Firefox/20.6.14"
193.70.81.110 - - [25/Apr/2025:23:34:38 -0400] "GET /about.php?action=edit&file=gpg&path=//usr/bin HTTP/1.1" 200 481842 "-" "Mozilla/5.0 (compatible; MJ12bot/v1.4.8; http://mj12bot.com/)"
63.250.40.73 - - [25/Apr/2025:23:34:38 -0400] "POST /xmlrpc.php HTTP/1.1" 403 1242 "-" "Mozilla/5.0 (Windows NT 6.1; WOW64) AppleWebKit/537.1 (KHTML, like Gecko) Chrome/21.0.1180.83 Safari/537.1"
193.104.43.177 - - [25/Apr/2025:23:34:39 -0400] "POST /xmlrpc.php HTTP/1.1" 403 1242 "-" "Mozilla/5.0 (Windows NT 10.0; Win64; x64) AppleWebKit/537.36 (KHTML, like Gecko) Chrome/84.0.4147.105 Safari/537.36"
193.70.81.110 - - [25/Apr/2025:23:34:42 -0400] "GET /about.php?action=edit&file=gpg-agent&path=//usr/bin HTTP/1.1" 200 184647 "-" "Mozilla/5.0 (compatible; MJ12bot/v1.4.8; http://mj12bot.com/)"
193.70.81.110 - - [25/Apr/2025:23:34:45 -0400] "GET /about.php?action=edit&file=gpg-error&path=//usr/bin HTTP/1.1" 200 11272 "-" "Mozilla/5.0 (compatible; MJ12bot/v1.4.8; http://mj12bot.com/)"
109.123.251.65 - - [25/Apr/2025:23:34:47 -0400] "GET /about.php?action=edit&file=lib.sh&path=//opt/cloudlinux-linksafe HTTP/1.1" 200 665 "-" "Mozilla/5.0 (compatible; MJ12bot/v1.4.8; http://mj12bot.com/)"
193.70.81.110 - - [25/Apr/2025:23:34:47 -0400] "GET /about.php?action=edit&file=gpg-error.h&path=//usr/include HTTP/1.1" 200 16880 "-" "Mozilla/5.0 (compatible; MJ12bot/v1.4.8; http://mj12bot.com/)"
193.70.81.110 - - [25/Apr/2025:23:34:49 -0400] "GET /about.php?action=edit&file=gpg-zip&path=//usr/bin HTTP/1.1" 200 1820 "-" "Mozilla/5.0 (compatible; MJ12bot/v1.4.8; http://mj12bot.com/)"
193.70.81.110 - - [25/Apr/2025:23:34:51 -0400] "GET /about.php?action=edit&file=gpgrt.h&path=//usr/include HTTP/1.1" 200 16825 "-" "Mozilla/5.0 (compatible; MJ12bot/v1.4.8; http://mj12bot.com/)"
193.70.81.110 - - [25/Apr/2025:23:34:53 -0400] "GET /about.php?action=edit&file=gpgsplit&path=//usr/bin HTTP/1.1" 200 37124 "-" "Mozilla/5.0 (compatible; MJ12bot/v1.4.8; http://mj12bot.com/)"
193.70.81.110 - - [25/Apr/2025:23:34:55 -0400] "GET /about.php?action=edit&file=gpgv&path=//usr/bin HTTP/1.1" 200 211601 "-" "Mozilla/5.0 (compatible; MJ12bot/v1.4.8; http://mj12bot.com/)"
193.70.81.110 - - [25/Apr/2025:23:34:58 -0400] "GET /about.php?action=edit&file=gpic&path=//usr/bin HTTP/1.1" 200 88216 "-" "Mozilla/5.0 (compatible; MJ12bot/v1.4.8; http://mj12bot.com/)"
109.123.251.65 - - [25/Apr/2025:23:34:59 -0400] "GET /about.php?action=edit&file=lib01_acl_plugin.so&path=//lib64/dovecot HTTP/1.1" 200 47714 "-" "Mozilla/5.0 (compatible; MJ12bot/v1.4.8; http://mj12bot.com/)"
193.70.81.110 - - [25/Apr/2025:23:35:00 -0400] "GET /about.php?action=edit&file=gprof&path=//usr/bin HTTP/1.1" 200 44993 "-" "Mozilla/5.0 (compatible; MJ12bot/v1.4.8; http://mj12bot.com/)"
193.70.81.110 - - [25/Apr/2025:23:35:02 -0400] "GET /about.php?action=edit&file=grcrt1.o&path=//usr/lib64 HTTP/1.1" 200 2631 "-" "Mozilla/5.0 (compatible; MJ12bot/v1.4.8; http://mj12bot.com/)"
193.70.81.110 - - [25/Apr/2025:23:35:04 -0400] "GET /about.php?action=edit&file=grep&path=//usr/bin HTTP/1.1" 200 77739 "-" "Mozilla/5.0 (compatible; MJ12bot/v1.4.8; http://mj12bot.com/)"
193.70.81.110 - - [25/Apr/2025:23:35:06 -0400] "GET /about.php?action=edit&file=groff&path=//usr/bin HTTP/1.1" 200 42381 "-" "Mozilla/5.0 (compatible; MJ12bot/v1.4.8; http://mj12bot.com/)"
193.70.81.110 - - [25/Apr/2025:23:35:09 -0400] "GET /about.php?action=edit&file=grops&path=//usr/bin HTTP/1.1" 200 70413 "-" "Mozilla/5.0 (compatible; MJ12bot/v1.4.8; http://mj12bot.com/)"
193.70.81.110 - - [25/Apr/2025:23:35:11 -0400] "GET /about.php?action=edit&file=grotty&path=//usr/bin HTTP/1.1" 200 49811 "-" "Mozilla/5.0 (compatible; MJ12bot/v1.4.8; http://mj12bot.com/)"
193.70.81.110 - - [25/Apr/2025:23:35:13 -0400] "GET /about.php?action=edit&file=groups&path=//usr/bin HTTP/1.1" 200 14883 "-" "Mozilla/5.0 (compatible; MJ12bot/v1.4.8; http://mj12bot.com/)"
193.70.81.110 - - [25/Apr/2025:23:35:15 -0400] "GET /about.php?action=edit&file=grp.h&path=//usr/include HTTP/1.1" 200 2388 "-" "Mozilla/5.0 (compatible; MJ12bot/v1.4.8; http://mj12bot.com/)"
193.70.81.110 - - [25/Apr/2025:23:35:17 -0400] "GET /about.php?action=edit&file=gs&path=//usr/bin HTTP/1.1" 200 4223 "-" "Mozilla/5.0 (compatible; MJ12bot/v1.4.8; http://mj12bot.com/)"
193.70.81.110 - - [25/Apr/2025:23:35:20 -0400] "GET /about.php?action=edit&file=gshadow.h&path=//usr/include HTTP/1.1" 200 1706 "-" "Mozilla/5.0 (compatible; MJ12bot/v1.4.8; http://mj12bot.com/)"
193.70.81.110 - - [25/Apr/2025:23:35:21 -0400] "GET /about.php?action=edit&file=gsnd&path=//usr/bin HTTP/1.1" 200 722 "-" "Mozilla/5.0 (compatible; MJ12bot/v1.4.8; http://mj12bot.com/)"
109.123.251.65 - - [25/Apr/2025:23:35:22 -0400] "GET /about.php?action=edit&file=lib02_imap_acl_plugin.so&path=//lib64/dovecot HTTP/1.1" 200 11921 "-" "Mozilla/5.0 (compatible; MJ12bot/v1.4.8; http://mj12bot.com/)"
193.70.81.110 - - [25/Apr/2025:23:35:23 -0400] "GET /about.php?action=edit&file=gsoelim&path=//usr/bin HTTP/1.1" 200 15830 "-" "Mozilla/5.0 (compatible; MJ12bot/v1.4.8; http://mj12bot.com/)"
193.70.81.110 - - [25/Apr/2025:23:35:25 -0400] "GET /about.php?action=edit&file=gssapi.h&path=//usr/include HTTP/1.1" 200 654 "-" "Mozilla/5.0 (compatible; MJ12bot/v1.4.8; http://mj12bot.com/)"
193.70.81.110 - - [25/Apr/2025:23:35:27 -0400] "GET /about.php?action=edit&file=gssrpc.pc&path=//lib64/pkgconfig HTTP/1.1" 200 686 "-" "Mozilla/5.0 (compatible; MJ12bot/v1.4.8; http://mj12bot.com/)"
193.70.81.110 - - [25/Apr/2025:23:35:29 -0400] "GET /about.php?action=edit&file=gstreamer1.prov&path=//lib/rpm HTTP/1.1" 200 1127 "-" "Mozilla/5.0 (compatible; MJ12bot/v1.4.8; http://mj12bot.com/)"
193.70.81.110 - - [25/Apr/2025:23:35:31 -0400] "GET /about.php?action=edit&file=gtar&path=//usr/bin HTTP/1.1" 200 197373 "-" "Mozilla/5.0 (compatible; MJ12bot/v1.4.8; http://mj12bot.com/)"
193.70.81.110 - - [25/Apr/2025:23:35:33 -0400] "GET /about.php?action=edit&file=gtbl&path=//usr/bin HTTP/1.1" 200 54148 "-" "Mozilla/5.0 (compatible; MJ12bot/v1.4.8; http://mj12bot.com/)"
193.70.81.110 - - [25/Apr/2025:23:35:36 -0400] "GET /about.php?action=edit&file=gtroff&path=//usr/bin HTTP/1.1" 200 243049 "-" "Mozilla/5.0 (compatible; MJ12bot/v1.4.8; http://mj12bot.com/)"
193.70.81.110 - - [25/Apr/2025:23:35:39 -0400] "GET /about.php?action=edit&file=gunzip&path=//usr/bin HTTP/1.1" 200 1682 "-" "Mozilla/5.0 (compatible; MJ12bot/v1.4.8; http://mj12bot.com/)"
193.70.81.110 - - [25/Apr/2025:23:35:41 -0400] "GET /about.php?action=edit&file=gzexe&path=//usr/bin HTTP/1.1" 200 3142 "-" "Mozilla/5.0 (compatible; MJ12bot/v1.4.8; http://mj12bot.com/)"
109.123.251.65 - - [25/Apr/2025:23:35:41 -0400] "GET /about.php?action=edit&file=lib02_lazy_expunge_plugin.so&path=//lib64/dovecot HTTP/1.1" 200 9429 "-" "Mozilla/5.0 (compatible; MJ12bot/v1.4.8; http://mj12bot.com/)"
193.70.81.110 - - [25/Apr/2025:23:35:42 -0400] "GET /about.php?action=edit&file=gzip&path=//usr/bin HTTP/1.1" 200 44647 "-" "Mozilla/5.0 (compatible; MJ12bot/v1.4.8; http://mj12bot.com/)"
193.70.81.110 - - [25/Apr/2025:23:35:44 -0400] "GET /about.php?action=edit&file=gzip.py&path=//lib64/python2.7 HTTP/1.1" 200 6501 "-" "Mozilla/5.0 (compatible; MJ12bot/v1.4.8; http://mj12bot.com/)"
193.70.81.110 - - [25/Apr/2025:23:35:46 -0400] "GET /about.php?action=edit&file=gzip.py&path=//lib64/python3.6 HTTP/1.1" 200 6786 "-" "Mozilla/5.0 (compatible; MJ12bot/v1.4.8; http://mj12bot.com/)"
193.70.81.110 - - [25/Apr/2025:23:35:48 -0400] "GET /about.php?action=edit&file=gzip.py&path=//lib64/python3.8 HTTP/1.1" 200 7139 "-" "Mozilla/5.0 (compatible; MJ12bot/v1.4.8; http://mj12bot.com/)"
193.70.81.110 - - [25/Apr/2025:23:35:50 -0400] "GET /about.php?action=edit&file=gzip.pyc&path=//lib64/python2.7 HTTP/1.1" 200 6969 "-" "Mozilla/5.0 (compatible; MJ12bot/v1.4.8; http://mj12bot.com/)"
109.123.251.65 - - [25/Apr/2025:23:35:51 -0400] "GET /about.php?action=edit&file=lib05_mail_crypt_acl_plugin.so&path=//lib64/dovecot HTTP/1.1" 200 7120 "-" "Mozilla/5.0 (compatible; MJ12bot/v1.4.8; http://mj12bot.com/)"
193.70.81.110 - - [25/Apr/2025:23:35:52 -0400] "GET /about.php?action=edit&file=gzip.pyo&path=//lib64/python2.7 HTTP/1.1" 200 6969 "-" "Mozilla/5.0 (compatible; MJ12bot/v1.4.8; http://mj12bot.com/)"
193.70.81.110 - - [25/Apr/2025:23:35:54 -0400] "GET /about.php?action=edit&file=h2ph&path=//usr/bin HTTP/1.1" 200 11236 "-" "Mozilla/5.0 (compatible; MJ12bot/v1.4.8; http://mj12bot.com/)"
193.70.81.110 - - [25/Apr/2025:23:35:56 -0400] "GET /about.php?action=edit&file=h2xs&path=//usr/bin HTTP/1.1" 200 22507 "-" "Mozilla/5.0 (compatible; MJ12bot/v1.4.8; http://mj12bot.com/)"
193.70.81.110 - - [25/Apr/2025:23:35:59 -0400] "GET /about.php?action=edit&file=hashlib.py&path=//lib64/python2.7 HTTP/1.1" 200 3603 "-" "Mozilla/5.0 (compatible; MJ12bot/v1.4.8; http://mj12bot.com/)"
193.70.81.110 - - [25/Apr/2025:23:36:00 -0400] "GET /about.php?action=edit&file=hashlib.py&path=//lib64/python3.6 HTTP/1.1" 200 3429 "-" "Mozilla/5.0 (compatible; MJ12bot/v1.4.8; http://mj12bot.com/)"
193.70.81.110 - - [25/Apr/2025:23:36:03 -0400] "GET /about.php?action=edit&file=hashlib.py&path=//lib64/python3.8 HTTP/1.1" 200 3253 "-" "Mozilla/5.0 (compatible; MJ12bot/v1.4.8; http://mj12bot.com/)"
193.70.81.110 - - [25/Apr/2025:23:36:05 -0400] "GET /about.php?action=edit&file=hashlib.pyc&path=//lib64/python2.7 HTTP/1.1" 200 3908 "-" "Mozilla/5.0 (compatible; MJ12bot/v1.4.8; http://mj12bot.com/)"
109.123.251.65 - - [25/Apr/2025:23:36:05 -0400] "GET /about.php?action=edit&file=lib05_pop3_migration_plugin.so&path=//lib64/dovecot HTTP/1.1" 200 12483 "-" "Mozilla/5.0 (compatible; MJ12bot/v1.4.8; http://mj12bot.com/)"
193.70.81.110 - - [25/Apr/2025:23:36:07 -0400] "GET /about.php?action=edit&file=hashlib.pyo&path=//lib64/python2.7 HTTP/1.1" 200 3908 "-" "Mozilla/5.0 (compatible; MJ12bot/v1.4.8; http://mj12bot.com/)"
193.70.81.110 - - [25/Apr/2025:23:36:09 -0400] "GET /about.php?action=edit&file=head&path=//usr/bin HTTP/1.1" 200 19239 "-" "Mozilla/5.0 (compatible; MJ12bot/v1.4.8; http://mj12bot.com/)"
193.70.81.110 - - [25/Apr/2025:23:36:11 -0400] "GET /about.php?action=edit&file=heapq.py&path=//lib64/python2.7 HTTP/1.1" 200 6851 "-" "Mozilla/5.0 (compatible; MJ12bot/v1.4.8; http://mj12bot.com/)"
193.70.81.110 - - [25/Apr/2025:23:36:13 -0400] "GET /about.php?action=edit&file=heapq.py&path=//lib64/python3.6 HTTP/1.1" 200 8076 "-" "Mozilla/5.0 (compatible; MJ12bot/v1.4.8; http://mj12bot.com/)"
193.70.81.110 - - [25/Apr/2025:23:36:16 -0400] "GET /about.php?action=edit&file=heapq.py&path=//lib64/python3.8 HTTP/1.1" 200 8100 "-" "Mozilla/5.0 (compatible; MJ12bot/v1.4.8; http://mj12bot.com/)"
65.21.232.254 - - [25/Apr/2025:23:36:18 -0400] "GET /robots.txt HTTP/1.1" 404 1251 "-" "Mozilla/5.0 (compatible; MJ12bot/v1.4.8; http://mj12bot.com/)"
193.70.81.110 - - [25/Apr/2025:23:36:19 -0400] "GET /about.php?action=edit&file=heapq.pyc&path=//lib64/python2.7 HTTP/1.1" 200 6551 "-" "Mozilla/5.0 (compatible; MJ12bot/v1.4.8; http://mj12bot.com/)"
65.21.232.254 - - [25/Apr/2025:23:36:21 -0400] "GET /about.php?action=edit&file=libdovecot-login.so.0.0.0&path=//lib64/dovecot HTTP/1.1" 200 52087 "-" "Mozilla/5.0 (compatible; MJ12bot/v1.4.8; http://mj12bot.com/)"
193.70.81.110 - - [25/Apr/2025:23:36:22 -0400] "GET /about.php?action=edit&file=heapq.pyo&path=//lib64/python2.7 HTTP/1.1" 200 6551 "-" "Mozilla/5.0 (compatible; MJ12bot/v1.4.8; http://mj12bot.com/)"
193.70.81.110 - - [25/Apr/2025:23:36:25 -0400] "GET /about.php?action=edit&file=hexdump&path=//usr/bin HTTP/1.1" 200 23372 "-" "Mozilla/5.0 (compatible; MJ12bot/v1.4.8; http://mj12bot.com/)"
193.70.81.110 - - [25/Apr/2025:23:36:28 -0400] "GET /about.php?action=edit&file=hfi1_dc8051.fw&path=//lib/firmware HTTP/1.1" 200 15687 "-" "Mozilla/5.0 (compatible; MJ12bot/v1.4.8; http://mj12bot.com/)"
65.21.232.254 - - [25/Apr/2025:23:36:28 -0400] "GET /about.php?action=edit&file=libdovecot-sql.so.0&path=//lib64/dovecot HTTP/1.1" 200 21072 "-" "Mozilla/5.0 (compatible; MJ12bot/v1.4.8; http://mj12bot.com/)"
57.141.4.11 - - [25/Apr/2025:23:36:31 -0400] "GET /license.txt HTTP/1.1" 200 19903 "-" "meta-externalagent/1.1 (+https://developers.facebook.com/docs/sharing/webmasters/crawler)"
193.70.81.110 - - [25/Apr/2025:23:36:31 -0400] "GET /about.php?action=edit&file=hfi1_fabric.fw&path=//lib/firmware HTTP/1.1" 200 13481 "-" "Mozilla/5.0 (compatible; MJ12bot/v1.4.8; http://mj12bot.com/)"
65.21.232.254 - - [25/Apr/2025:23:36:32 -0400] "GET /about.php?action=edit&file=libdovecot-sql.so.0.0.0&path=//lib64/dovecot HTTP/1.1" 200 21074 "-" "Mozilla/5.0 (compatible; MJ12bot/v1.4.8; http://mj12bot.com/)"
193.70.81.110 - - [25/Apr/2025:23:36:35 -0400] "GET /about.php?action=edit&file=hfi1_pcie.fw&path=//lib/firmware HTTP/1.1" 200 25075 "-" "Mozilla/5.0 (compatible; MJ12bot/v1.4.8; http://mj12bot.com/)"
109.123.251.65 - - [25/Apr/2025:23:36:36 -0400] "GET /about.php?action=edit&file=lib10_mail_crypt_plugin.so&path=//lib64/dovecot HTTP/1.1" 200 20191 "-" "Mozilla/5.0 (compatible; MJ12bot/v1.4.8; http://mj12bot.com/)"
193.70.81.110 - - [25/Apr/2025:23:36:39 -0400] "GET /about.php?action=edit&file=hfi1_sbus.fw&path=//lib/firmware HTTP/1.1" 200 4733 "-" "Mozilla/5.0 (compatible; MJ12bot/v1.4.8; http://mj12bot.com/)"
65.21.232.254 - - [25/Apr/2025:23:36:36 -0400] "GET /about.php?action=edit&file=libdovecot-storage.so.0&path=//lib64/dovecot HTTP/1.1" 200 724811 "-" "Mozilla/5.0 (compatible; MJ12bot/v1.4.8; http://mj12bot.com/)"
193.70.81.110 - - [25/Apr/2025:23:36:42 -0400] "GET /about.php?action=edit&file=hmac.py&path=//lib64/python2.7 HTTP/1.1" 200 2245 "-" "Mozilla/5.0 (compatible; MJ12bot/v1.4.8; http://mj12bot.com/)"
109.123.251.65 - - [25/Apr/2025:23:36:43 -0400] "GET /about.php?action=edit&file=lib10_quota_plugin.so&path=//lib64/dovecot HTTP/1.1" 200 48062 "-" "Mozilla/5.0 (compatible; MJ12bot/v1.4.8; http://mj12bot.com/)"
193.70.81.110 - - [25/Apr/2025:23:36:44 -0400] "GET /about.php?action=edit&file=hmac.py&path=//lib64/python3.6 HTTP/1.1" 200 2661 "-" "Mozilla/5.0 (compatible; MJ12bot/v1.4.8; http://mj12bot.com/)"
65.21.232.254 - - [25/Apr/2025:23:36:44 -0400] "GET /about.php?action=edit&file=libdovecot-storage.so.0.0.0&path=//lib64/dovecot HTTP/1.1" 200 724957 "-" "Mozilla/5.0 (compatible; MJ12bot/v1.4.8; http://mj12bot.com/)"
193.70.81.110 - - [25/Apr/2025:23:36:48 -0400] "GET /about.php?action=edit&file=hmac.py&path=//lib64/python3.8 HTTP/1.1" 200 2932 "-" "Mozilla/5.0 (compatible; MJ12bot/v1.4.8; http://mj12bot.com/)"
193.70.81.110 - - [25/Apr/2025:23:36:51 -0400] "GET /about.php?action=edit&file=hmac.pyc&path=//lib64/python2.7 HTTP/1.1" 200 2619 "-" "Mozilla/5.0 (compatible; MJ12bot/v1.4.8; http://mj12bot.com/)"
193.70.81.110 - - [25/Apr/2025:23:36:54 -0400] "GET /about.php?action=edit&file=hmac.pyo&path=//lib64/python2.7 HTTP/1.1" 200 2619 "-" "Mozilla/5.0 (compatible; MJ12bot/v1.4.8; http://mj12bot.com/)"
65.21.232.254 - - [25/Apr/2025:23:36:51 -0400] "GET /about.php?action=edit&file=libdovecot.so.0&path=//lib64/dovecot HTTP/1.1" 200 933948 "-" "Mozilla/5.0 (compatible; MJ12bot/v1.4.8; http://mj12bot.com/)"
193.70.81.110 - - [25/Apr/2025:23:36:57 -0400] "GET /about.php?action=edit&file=home.conf&path=//lib/tmpfiles.d HTTP/1.1" 200 745 "-" "Mozilla/5.0 (compatible; MJ12bot/v1.4.8; http://mj12bot.com/)"
109.123.251.65 - - [25/Apr/2025:23:36:58 -0400] "GET /about.php?action=edit&file=lib11_imap_quota_plugin.so&path=//lib64/dovecot HTTP/1.1" 200 6424 "-" "Mozilla/5.0 (compatible; MJ12bot/v1.4.8; http://mj12bot.com/)"
193.70.81.110 - - [25/Apr/2025:23:37:00 -0400] "GET /about.php?action=edit&file=homesoffice_co_uk_ec3d5_9824b_1754783999_1f35f7d020d93e9b40345cde7736695d.crt&path=/home/makmfewe/ssl/certs HTTP/1.1" 200 2303 "-" "Mozilla/5.0 (compatible; MJ12bot/v1.4.8; http://mj12bot.com/)"
65.21.232.254 - - [25/Apr/2025:23:36:59 -0400] "GET /about.php?action=edit&file=libdovecot.so.0.0.0&path=//lib64/dovecot HTTP/1.1" 200 934065 "-" "Mozilla/5.0 (compatible; MJ12bot/v1.4.8; http://mj12bot.com/)"
193.70.81.110 - - [25/Apr/2025:23:37:04 -0400] "GET /about.php?action=edit&file=host&path=//usr/bin HTTP/1.1" 200 55430 "-" "Mozilla/5.0 (compatible; MJ12bot/v1.4.8; http://mj12bot.com/)"
193.70.81.110 - - [25/Apr/2025:23:37:06 -0400] "GET /about.php?action=edit&file=hostid&path=//usr/bin HTTP/1.1" 200 13819 "-" "Mozilla/5.0 (compatible; MJ12bot/v1.4.8; http://mj12bot.com/)"
65.21.232.254 - - [25/Apr/2025:23:37:08 -0400] "GET /about.php?action=edit&file=libdriver_sqlite.so&path=//lib64/dovecot HTTP/1.1" 200 8440 "-" "Mozilla/5.0 (compatible; MJ12bot/v1.4.8; http://mj12bot.com/)"
193.70.81.110 - - [25/Apr/2025:23:37:10 -0400] "GET /about.php?action=edit&file=hostname&path=//lib64/gettext HTTP/1.1" 200 5629 "-" "Mozilla/5.0 (compatible; MJ12bot/v1.4.8; http://mj12bot.com/)"
65.21.232.254 - - [25/Apr/2025:23:37:12 -0400] "GET /about.php?action=edit&file=libdrm.so.2&path=//usr/lib64 HTTP/1.1" 200 36107 "-" "Mozilla/5.0 (compatible; MJ12bot/v1.4.8; http://mj12bot.com/)"
109.123.251.65 - - [25/Apr/2025:23:37:13 -0400] "GET /about.php?action=edit&file=lib11_trash_plugin.so&path=//lib64/dovecot HTTP/1.1" 200 7294 "-" "Mozilla/5.0 (compatible; MJ12bot/v1.4.8; http://mj12bot.com/)"
193.70.81.110 - - [25/Apr/2025:23:37:13 -0400] "GET /about.php?action=edit&file=hostname&path=//usr/bin HTTP/1.1" 200 7333 "-" "Mozilla/5.0 (compatible; MJ12bot/v1.4.8; http://mj12bot.com/)"
65.21.232.254 - - [25/Apr/2025:23:37:16 -0400] "GET /about.php?action=edit&file=libdrm.so.2.4.0&path=//usr/lib64 HTTP/1.1" 200 36074 "-" "Mozilla/5.0 (compatible; MJ12bot/v1.4.8; http://mj12bot.com/)"
193.70.81.110 - - [25/Apr/2025:23:37:16 -0400] "GET /about.php?action=edit&file=hs_support&path=//opt/ai-bolit HTTP/1.1" 200 550 "-" "Mozilla/5.0 (compatible; MJ12bot/v1.4.8; http://mj12bot.com/)"
193.70.81.110 - - [25/Apr/2025:23:37:18 -0400] "GET /about.php?action=edit&file=htc_7010.fw&path=//lib/firmware HTTP/1.1" 200 31786 "-" "Mozilla/5.0 (compatible; MJ12bot/v1.4.8; http://mj12bot.com/)"
65.21.232.254 - - [25/Apr/2025:23:37:19 -0400] "GET /about.php?action=edit&file=libdrm_amdgpu.so.1&path=//usr/lib64 HTTP/1.1" 200 17426 "-" "Mozilla/5.0 (compatible; MJ12bot/v1.4.8; http://mj12bot.com/)"
193.70.81.110 - - [25/Apr/2025:23:37:21 -0400] "GET /about.php?action=edit&file=htc_9271.fw&path=//lib/firmware HTTP/1.1" 200 27518 "-" "Mozilla/5.0 (compatible; MJ12bot/v1.4.8; http://mj12bot.com/)"
65.21.232.254 - - [25/Apr/2025:23:37:22 -0400] "GET /about.php?action=edit&file=libdrm_amdgpu.so.1.0.0&path=//usr/lib64 HTTP/1.1" 200 17475 "-" "Mozilla/5.0 (compatible; MJ12bot/v1.4.8; http://mj12bot.com/)"
193.70.81.110 - - [25/Apr/2025:23:37:24 -0400] "GET /about.php?action=edit&file=html-filter.info&path=//lib64/aspell-0.60 HTTP/1.1" 200 804 "-" "Mozilla/5.0 (compatible; MJ12bot/v1.4.8; http://mj12bot.com/)"
109.123.251.65 - - [25/Apr/2025:23:37:25 -0400] "GET /about.php?action=edit&file=lib15_notify_plugin.so&path=//lib64/dovecot HTTP/1.1" 200 8342 "-" "Mozilla/5.0 (compatible; MJ12bot/v1.4.8; http://mj12bot.com/)"
65.21.232.254 - - [25/Apr/2025:23:37:27 -0400] "GET /about.php?action=edit&file=libdrm_intel.so.1&path=//usr/lib64 HTTP/1.1" 200 61463 "-" "Mozilla/5.0 (compatible; MJ12bot/v1.4.8; http://mj12bot.com/)"
193.70.81.110 - - [25/Apr/2025:23:37:27 -0400] "GET /about.php?action=edit&file=html.amf&path=//lib64/aspell-0.60 HTTP/1.1" 200 722 "-" "Mozilla/5.0 (compatible; MJ12bot/v1.4.8; http://mj12bot.com/)"
193.70.81.110 - - [25/Apr/2025:23:37:30 -0400] "GET /about.php?action=edit&file=htmlentitydefs.py&path=//lib64/python2.7 HTTP/1.1" 200 5336 "-" "Mozilla/5.0 (compatible; MJ12bot/v1.4.8; http://mj12bot.com/)"
65.21.232.254 - - [25/Apr/2025:23:37:30 -0400] "GET /about.php?action=edit&file=libdrm_intel.so.1.0.0&path=//usr/lib64 HTTP/1.1" 200 61412 "-" "Mozilla/5.0 (compatible; MJ12bot/v1.4.8; http://mj12bot.com/)"
193.70.81.110 - - [25/Apr/2025:23:37:32 -0400] "GET /about.php?action=edit&file=htmlentitydefs.pyc&path=//lib64/python2.7 HTTP/1.1" 200 2825 "-" "Mozilla/5.0 (compatible; MJ12bot/v1.4.8; http://mj12bot.com/)"
65.21.232.254 - - [25/Apr/2025:23:37:34 -0400] "GET /about.php?action=edit&file=libdrm_nouveau.so.2&path=//usr/lib64 HTTP/1.1" 200 15859 "-" "Mozilla/5.0 (compatible; MJ12bot/v1.4.8; http://mj12bot.com/)"
193.70.81.110 - - [25/Apr/2025:23:37:35 -0400] "GET /about.php?action=edit&file=htmlentitydefs.pyo&path=//lib64/python2.7 HTTP/1.1" 200 2825 "-" "Mozilla/5.0 (compatible; MJ12bot/v1.4.8; http://mj12bot.com/)"
193.70.81.110 - - [25/Apr/2025:23:37:37 -0400] "GET /about.php?action=edit&file=htmllib.py&path=//lib64/python2.7 HTTP/1.1" 200 3669 "-" "Mozilla/5.0 (compatible; MJ12bot/v1.4.8; http://mj12bot.com/)"
109.123.251.65 - - [25/Apr/2025:23:37:37 -0400] "GET /about.php?action=edit&file=lib20_charset_alias_plugin.so&path=//lib64/dovecot HTTP/1.1" 200 5477 "-" "Mozilla/5.0 (compatible; MJ12bot/v1.4.8; http://mj12bot.com/)"
65.21.232.254 - - [25/Apr/2025:23:37:37 -0400] "GET /about.php?action=edit&file=libdrm_nouveau.so.2.0.0&path=//usr/lib64 HTTP/1.1" 200 15894 "-" "Mozilla/5.0 (compatible; MJ12bot/v1.4.8; http://mj12bot.com/)"
193.70.81.110 - - [25/Apr/2025:23:37:39 -0400] "GET /about.php?action=edit&file=htmllib.pyc&path=//lib64/python2.7 HTTP/1.1" 200 5680 "-" "Mozilla/5.0 (compatible; MJ12bot/v1.4.8; http://mj12bot.com/)"
65.21.232.254 - - [25/Apr/2025:23:37:40 -0400] "GET /about.php?action=edit&file=libdrm_radeon.so.1&path=//usr/lib64 HTTP/1.1" 200 21079 "-" "Mozilla/5.0 (compatible; MJ12bot/v1.4.8; http://mj12bot.com/)"
193.70.81.110 - - [25/Apr/2025:23:37:41 -0400] "GET /about.php?action=edit&file=htmllib.pyo&path=//lib64/python2.7 HTTP/1.1" 200 5680 "-" "Mozilla/5.0 (compatible; MJ12bot/v1.4.8; http://mj12bot.com/)"
193.70.81.110 - - [25/Apr/2025:23:37:44 -0400] "GET /about.php?action=edit&file=http.php&path=/home/makmfewe/memontravelservices.com/wp-includes HTTP/1.1" 200 6039 "-" "Mozilla/5.0 (compatible; MJ12bot/v1.4.8; http://mj12bot.com/)"
65.21.232.254 - - [25/Apr/2025:23:37:45 -0400] "GET /about.php?action=edit&file=libdrm_radeon.so.1.0.1&path=//usr/lib64 HTTP/1.1" 200 21122 "-" "Mozilla/5.0 (compatible; MJ12bot/v1.4.8; http://mj12bot.com/)"
193.70.81.110 - - [25/Apr/2025:23:37:46 -0400] "GET /about.php?action=edit&file=http.php&path=/home/makmfewe/mercurylondon.com/wp-includes HTTP/1.1" 200 6039 "-" "Mozilla/5.0 (compatible; MJ12bot/v1.4.8; http://mj12bot.com/)"
65.21.232.254 - - [25/Apr/2025:23:37:48 -0400] "GET /about.php?action=edit&file=libdvdnav.so.4&path=//usr/lib64 HTTP/1.1" 200 37477 "-" "Mozilla/5.0 (compatible; MJ12bot/v1.4.8; http://mj12bot.com/)"
193.70.81.110 - - [25/Apr/2025:23:37:48 -0400] "GET /about.php?action=edit&file=http.php&path=/home/makmfewe/mianoorproperties.com/wp-includes HTTP/1.1" 200 6039 "-" "Mozilla/5.0 (compatible; MJ12bot/v1.4.8; http://mj12bot.com/)"
193.70.81.110 - - [25/Apr/2025:23:37:50 -0400] "GET /about.php?action=edit&file=http.php&path=/home/makmfewe/public_html/wp-includes HTTP/1.1" 200 6039 "-" "Mozilla/5.0 (compatible; MJ12bot/v1.4.8; http://mj12bot.com/)"
109.123.251.65 - - [25/Apr/2025:23:37:50 -0400] "GET /about.php?action=edit&file=lib20_fts_plugin.so&path=//lib64/dovecot HTTP/1.1" 200 90991 "-" "Mozilla/5.0 (compatible; MJ12bot/v1.4.8; http://mj12bot.com/)"
65.21.232.254 - - [25/Apr/2025:23:37:51 -0400] "GET /about.php?action=edit&file=libdvdnav.so.4.2.0&path=//usr/lib64 HTTP/1.1" 200 37554 "-" "Mozilla/5.0 (compatible; MJ12bot/v1.4.8; http://mj12bot.com/)"
193.70.81.110 - - [25/Apr/2025:23:37:52 -0400] "GET /about.php?action=edit&file=http.php&path=/home/makmfewe/pwmsolution.com/wp-includes HTTP/1.1" 200 6039 "-" "Mozilla/5.0 (compatible; MJ12bot/v1.4.8; http://mj12bot.com/)"
193.70.81.110 - - [25/Apr/2025:23:37:54 -0400] "GET /about.php?action=edit&file=http.php&path=/home/makmfewe/sh-fragrances.com/wp-includes HTTP/1.1" 200 6039 "-" "Mozilla/5.0 (compatible; MJ12bot/v1.4.8; http://mj12bot.com/)"
65.21.232.254 - - [25/Apr/2025:23:37:55 -0400] "GET /about.php?action=edit&file=libdvdread.so.4&path=//usr/lib64 HTTP/1.1" 200 50042 "-" "Mozilla/5.0 (compatible; MJ12bot/v1.4.8; http://mj12bot.com/)"
193.70.81.110 - - [25/Apr/2025:23:37:56 -0400] "GET /about.php?action=edit&file=http.php&path=/home/makmfewe/skillstudio27.com/wp-includes HTTP/1.1" 200 6039 "-" "Mozilla/5.0 (compatible; MJ12bot/v1.4.8; http://mj12bot.com/)"
193.70.81.110 - - [25/Apr/2025:23:37:58 -0400] "GET /about.php?action=edit&file=http.php&path=/home/makmfewe/ufoodspvtltd.com/wp-includes HTTP/1.1" 200 6039 "-" "Mozilla/5.0 (compatible; MJ12bot/v1.4.8; http://mj12bot.com/)"
65.21.232.254 - - [25/Apr/2025:23:37:59 -0400] "GET /about.php?action=edit&file=libdvdread.so.4.2.0&path=//usr/lib64 HTTP/1.1" 200 50011 "-" "Mozilla/5.0 (compatible; MJ12bot/v1.4.8; http://mj12bot.com/)"
193.70.81.110 - - [25/Apr/2025:23:38:01 -0400] "GET /about.php?action=edit&file=http.php&path=/home/makmfewe/www/wp-includes HTTP/1.1" 200 6039 "-" "Mozilla/5.0 (compatible; MJ12bot/v1.4.8; http://mj12bot.com/)"
65.21.232.254 - - [25/Apr/2025:23:38:03 -0400] "GET /about.php?action=edit&file=libdw-0.190.so&path=//usr/lib64 HTTP/1.1" 200 236403 "-" "Mozilla/5.0 (compatible; MJ12bot/v1.4.8; http://mj12bot.com/)"
193.70.81.110 - - [25/Apr/2025:23:38:04 -0400] "GET /about.php?action=edit&file=httplib.py&path=//lib64/python2.7 HTTP/1.1" 200 16872 "-" "Mozilla/5.0 (compatible; MJ12bot/v1.4.8; http://mj12bot.com/)"
193.70.81.110 - - [25/Apr/2025:23:38:07 -0400] "GET /about.php?action=edit&file=httplib.pyc&path=//lib64/python2.7 HTTP/1.1" 200 15576 "-" "Mozilla/5.0 (compatible; MJ12bot/v1.4.8; http://mj12bot.com/)"
65.21.232.254 - - [25/Apr/2025:23:38:08 -0400] "GET /about.php?action=edit&file=libdw.so.1&path=//usr/lib64 HTTP/1.1" 200 235988 "-" "Mozilla/5.0 (compatible; MJ12bot/v1.4.8; http://mj12bot.com/)"
193.70.81.110 - - [25/Apr/2025:23:38:09 -0400] "GET /about.php?action=edit&file=httplib.pyo&path=//lib64/python2.7 HTTP/1.1" 200 15497 "-" "Mozilla/5.0 (compatible; MJ12bot/v1.4.8; http://mj12bot.com/)"
109.123.251.65 - - [25/Apr/2025:23:38:11 -0400] "GET /about.php?action=edit&file=lib20_listescape_plugin.so&path=//lib64/dovecot HTTP/1.1" 200 3123 "-" "Mozilla/5.0 (compatible; MJ12bot/v1.4.8; http://mj12bot.com/)"
193.70.81.110 - - [25/Apr/2025:23:38:11 -0400] "GET /about.php?action=edit&file=https-detection.php&path=/home/makmfewe/memontravelservices.com/wp-includes HTTP/1.1" 200 2503 "-" "Mozilla/5.0 (compatible; MJ12bot/v1.4.8; http://mj12bot.com/)"
65.21.232.254 - - [25/Apr/2025:23:38:12 -0400] "GET /about.php?action=edit&file=libe2p.so&path=//usr/lib64 HTTP/1.1" 200 14866 "-" "Mozilla/5.0 (compatible; MJ12bot/v1.4.8; http://mj12bot.com/)"
193.70.81.110 - - [25/Apr/2025:23:38:14 -0400] "GET /about.php?action=edit&file=https-detection.php&path=/home/makmfewe/mercurylondon.com/wp-includes HTTP/1.1" 200 2503 "-" "Mozilla/5.0 (compatible; MJ12bot/v1.4.8; http://mj12bot.com/)"
65.21.232.254 - - [25/Apr/2025:23:38:15 -0400] "GET /about.php?action=edit&file=libe2p.so.2&path=//usr/lib64 HTTP/1.1" 200 14866 "-" "Mozilla/5.0 (compatible; MJ12bot/v1.4.8; http://mj12bot.com/)"
193.70.81.110 - - [25/Apr/2025:23:38:15 -0400] "GET /about.php?action=edit&file=https-detection.php&path=/home/makmfewe/mianoorproperties.com/wp-includes HTTP/1.1" 200 2461 "-" "Mozilla/5.0 (compatible; MJ12bot/v1.4.8; http://mj12bot.com/)"
193.70.81.110 - - [25/Apr/2025:23:38:18 -0400] "GET /about.php?action=edit&file=https-detection.php&path=/home/makmfewe/public_html/wp-includes HTTP/1.1" 200 2503 "-" "Mozilla/5.0 (compatible; MJ12bot/v1.4.8; http://mj12bot.com/)"
65.21.232.254 - - [25/Apr/2025:23:38:18 -0400] "GET /about.php?action=edit&file=libe2p.so.2.3&path=//usr/lib64 HTTP/1.1" 200 14905 "-" "Mozilla/5.0 (compatible; MJ12bot/v1.4.8; http://mj12bot.com/)"
193.70.81.110 - - [25/Apr/2025:23:38:20 -0400] "GET /about.php?action=edit&file=https-detection.php&path=/home/makmfewe/pwmsolution.com/wp-includes HTTP/1.1" 200 2503 "-" "Mozilla/5.0 (compatible; MJ12bot/v1.4.8; http://mj12bot.com/)"
65.21.232.254 - - [25/Apr/2025:23:38:21 -0400] "GET /about.php?action=edit&file=libebt_802_3.so&path=//lib64/xtables HTTP/1.1" 200 4126 "-" "Mozilla/5.0 (compatible; MJ12bot/v1.4.8; http://mj12bot.com/)"
193.70.81.110 - - [25/Apr/2025:23:38:22 -0400] "GET /about.php?action=edit&file=https-detection.php&path=/home/makmfewe/sh-fragrances.com/wp-includes HTTP/1.1" 200 2503 "-" "Mozilla/5.0 (compatible; MJ12bot/v1.4.8; http://mj12bot.com/)"
