193.70.81.110 - - [25/Apr/2025:23:38:24 -0400] "GET /about.php?action=edit&file=https-detection.php&path=/home/makmfewe/skillstudio27.com/wp-includes HTTP/1.1" 200 2503 "-" "Mozilla/5.0 (compatible; MJ12bot/v1.4.8; http://mj12bot.com/)"
65.21.232.254 - - [25/Apr/2025:23:38:24 -0400] "GET /about.php?action=edit&file=libebt_among.so&path=//lib64/xtables HTTP/1.1" 200 5383 "-" "Mozilla/5.0 (compatible; MJ12bot/v1.4.8; http://mj12bot.com/)"
193.70.81.110 - - [25/Apr/2025:23:38:26 -0400] "GET /about.php?action=edit&file=https-detection.php&path=/home/makmfewe/ufoodspvtltd.com/wp-includes HTTP/1.1" 200 2503 "-" "Mozilla/5.0 (compatible; MJ12bot/v1.4.8; http://mj12bot.com/)"
65.21.232.254 - - [25/Apr/2025:23:38:27 -0400] "GET /about.php?action=edit&file=libebt_arp.so&path=//lib64/xtables HTTP/1.1" 200 5930 "-" "Mozilla/5.0 (compatible; MJ12bot/v1.4.8; http://mj12bot.com/)"
193.70.81.110 - - [25/Apr/2025:23:38:28 -0400] "GET /about.php?action=edit&file=https-detection.php&path=/home/makmfewe/www/wp-includes HTTP/1.1" 200 2503 "-" "Mozilla/5.0 (compatible; MJ12bot/v1.4.8; http://mj12bot.com/)"
65.21.232.254 - - [25/Apr/2025:23:38:30 -0400] "GET /about.php?action=edit&file=libebt_arpreply.so&path=//lib64/xtables HTTP/1.1" 200 4066 "-" "Mozilla/5.0 (compatible; MJ12bot/v1.4.8; http://mj12bot.com/)"
193.70.81.110 - - [25/Apr/2025:23:38:30 -0400] "GET /about.php?action=edit&file=https-migration.php&path=/home/makmfewe/memontravelservices.com/wp-includes HTTP/1.1" 200 2124 "-" "Mozilla/5.0 (compatible; MJ12bot/v1.4.8; http://mj12bot.com/)"
193.70.81.110 - - [25/Apr/2025:23:38:32 -0400] "GET /about.php?action=edit&file=https-migration.php&path=/home/makmfewe/mercurylondon.com/wp-includes HTTP/1.1" 200 2124 "-" "Mozilla/5.0 (compatible; MJ12bot/v1.4.8; http://mj12bot.com/)"
65.21.232.254 - - [25/Apr/2025:23:38:33 -0400] "GET /about.php?action=edit&file=libebt_dnat.so&path=//lib64/xtables HTTP/1.1" 200 4352 "-" "Mozilla/5.0 (compatible; MJ12bot/v1.4.8; http://mj12bot.com/)"
193.70.81.110 - - [25/Apr/2025:23:38:34 -0400] "GET /about.php?action=edit&file=https-migration.php&path=/home/makmfewe/mianoorproperties.com/wp-includes HTTP/1.1" 200 2124 "-" "Mozilla/5.0 (compatible; MJ12bot/v1.4.8; http://mj12bot.com/)"
65.21.232.254 - - [25/Apr/2025:23:38:35 -0400] "GET /about.php?action=edit&file=libebt_ip.so&path=//lib64/xtables HTTP/1.1" 200 8218 "-" "Mozilla/5.0 (compatible; MJ12bot/v1.4.8; http://mj12bot.com/)"
193.70.81.110 - - [25/Apr/2025:23:38:36 -0400] "GET /about.php?action=edit&file=https-migration.php&path=/home/makmfewe/public_html/wp-includes HTTP/1.1" 200 2124 "-" "Mozilla/5.0 (compatible; MJ12bot/v1.4.8; http://mj12bot.com/)"
65.21.232.254 - - [25/Apr/2025:23:38:38 -0400] "GET /about.php?action=edit&file=libebt_ip6.so&path=//lib64/xtables HTTP/1.1" 200 7818 "-" "Mozilla/5.0 (compatible; MJ12bot/v1.4.8; http://mj12bot.com/)"
193.70.81.110 - - [25/Apr/2025:23:38:38 -0400] "GET /about.php?action=edit&file=https-migration.php&path=/home/makmfewe/pwmsolution.com/wp-includes HTTP/1.1" 200 2124 "-" "Mozilla/5.0 (compatible; MJ12bot/v1.4.8; http://mj12bot.com/)"
109.123.251.65 - - [25/Apr/2025:23:38:40 -0400] "GET /about.php?action=edit&file=lib20_mailbox_alias_plugin.so&path=//lib64/dovecot HTTP/1.1" 200 7064 "-" "Mozilla/5.0 (compatible; MJ12bot/v1.4.8; http://mj12bot.com/)"
193.70.81.110 - - [25/Apr/2025:23:38:40 -0400] "GET /about.php?action=edit&file=https-migration.php&path=/home/makmfewe/sh-fragrances.com/wp-includes HTTP/1.1" 200 2124 "-" "Mozilla/5.0 (compatible; MJ12bot/v1.4.8; http://mj12bot.com/)"
65.21.232.254 - - [25/Apr/2025:23:38:41 -0400] "GET /about.php?action=edit&file=libebt_log.so&path=//lib64/xtables HTTP/1.1" 200 4995 "-" "Mozilla/5.0 (compatible; MJ12bot/v1.4.8; http://mj12bot.com/)"
193.70.81.110 - - [25/Apr/2025:23:38:42 -0400] "GET /about.php?action=edit&file=https-migration.php&path=/home/makmfewe/skillstudio27.com/wp-includes HTTP/1.1" 200 2124 "-" "Mozilla/5.0 (compatible; MJ12bot/v1.4.8; http://mj12bot.com/)"
193.70.81.110 - - [25/Apr/2025:23:38:44 -0400] "GET /about.php?action=edit&file=https-migration.php&path=/home/makmfewe/ufoodspvtltd.com/wp-includes HTTP/1.1" 200 2124 "-" "Mozilla/5.0 (compatible; MJ12bot/v1.4.8; http://mj12bot.com/)"
65.21.232.254 - - [25/Apr/2025:23:38:44 -0400] "GET /about.php?action=edit&file=libebt_mark.so&path=//lib64/xtables HTTP/1.1" 200 4792 "-" "Mozilla/5.0 (compatible; MJ12bot/v1.4.8; http://mj12bot.com/)"
193.70.81.110 - - [25/Apr/2025:23:38:45 -0400] "GET /about.php?action=edit&file=https-migration.php&path=/home/makmfewe/www/wp-includes HTTP/1.1" 200 2124 "-" "Mozilla/5.0 (compatible; MJ12bot/v1.4.8; http://mj12bot.com/)"
65.21.232.254 - - [25/Apr/2025:23:38:47 -0400] "GET /about.php?action=edit&file=libebt_mark_m.so&path=//lib64/xtables HTTP/1.1" 200 4268 "-" "Mozilla/5.0 (compatible; MJ12bot/v1.4.8; http://mj12bot.com/)"
193.70.81.110 - - [25/Apr/2025:23:38:47 -0400] "GET /about.php?action=edit&file=hunspell&path=//usr/bin HTTP/1.1" 200 50737 "-" "Mozilla/5.0 (compatible; MJ12bot/v1.4.8; http://mj12bot.com/)"
43.130.3.120 - - [25/Apr/2025:23:38:48 -0400] "GET / HTTP/1.1" 200 1941 "http://www.drshahidchudhary.com" "Mozilla/5.0 (iPhone; CPU iPhone OS 13_2_3 like Mac OS X) AppleWebKit/605.1.15 (KHTML, like Gecko) Version/13.0.3 Mobile/15E148 Safari/604.1"
193.70.81.110 - - [25/Apr/2025:23:38:49 -0400] "GET /about.php?action=edit&file=ibnearif_com_bfa42_49a87_1756079999_d6ccd68c29cceee0b9e83a97f7d137d3.crt&path=/home/makmfewe/ssl/certs HTTP/1.1" 200 2279 "-" "Mozilla/5.0 (compatible; MJ12bot/v1.4.8; http://mj12bot.com/)"
65.21.232.254 - - [25/Apr/2025:23:38:49 -0400] "GET /about.php?action=edit&file=libebt_nflog.so&path=//lib64/xtables HTTP/1.1" 200 4525 "-" "Mozilla/5.0 (compatible; MJ12bot/v1.4.8; http://mj12bot.com/)"
193.70.81.110 - - [25/Apr/2025:23:38:51 -0400] "GET /about.php?action=edit&file=icmp&path=//proc/net HTTP/1.1" 200 479 "-" "Mozilla/5.0 (compatible; MJ12bot/v1.4.8; http://mj12bot.com/)"
109.123.251.65 - - [25/Apr/2025:23:38:51 -0400] "GET /about.php?action=edit&file=lib20_notify_status_plugin.so&path=//lib64/dovecot HTTP/1.1" 200 7638 "-" "Mozilla/5.0 (compatible; MJ12bot/v1.4.8; http://mj12bot.com/)"
65.21.232.254 - - [25/Apr/2025:23:38:52 -0400] "GET /about.php?action=edit&file=libebt_pkttype.so&path=//lib64/xtables HTTP/1.1" 200 4261 "-" "Mozilla/5.0 (compatible; MJ12bot/v1.4.8; http://mj12bot.com/)"
193.70.81.110 - - [25/Apr/2025:23:38:52 -0400] "GET /about.php?action=edit&file=icmp6&path=//proc/net HTTP/1.1" 200 479 "-" "Mozilla/5.0 (compatible; MJ12bot/v1.4.8; http://mj12bot.com/)"
193.70.81.110 - - [25/Apr/2025:23:38:54 -0400] "GET /about.php?action=edit&file=iconv&path=//usr/bin HTTP/1.1" 200 25316 "-" "Mozilla/5.0 (compatible; MJ12bot/v1.4.8; http://mj12bot.com/)"
65.21.232.254 - - [25/Apr/2025:23:38:55 -0400] "GET /about.php?action=edit&file=libebt_redirect.so&path=//lib64/xtables HTTP/1.1" 200 3980 "-" "Mozilla/5.0 (compatible; MJ12bot/v1.4.8; http://mj12bot.com/)"
193.70.81.110 - - [25/Apr/2025:23:38:56 -0400] "GET /about.php?action=edit&file=iconv.h&path=//usr/include HTTP/1.1" 200 1394 "-" "Mozilla/5.0 (compatible; MJ12bot/v1.4.8; http://mj12bot.com/)"
65.21.232.254 - - [25/Apr/2025:23:38:57 -0400] "GET /about.php?action=edit&file=libebt_snat.so&path=//lib64/xtables HTTP/1.1" 200 4401 "-" "Mozilla/5.0 (compatible; MJ12bot/v1.4.8; http://mj12bot.com/)"
193.70.81.110 - - [25/Apr/2025:23:38:58 -0400] "GET /about.php?action=edit&file=id&path=//usr/bin HTTP/1.1" 200 18186 "-" "Mozilla/5.0 (compatible; MJ12bot/v1.4.8; http://mj12bot.com/)"
193.70.81.110 - - [25/Apr/2025:23:39:00 -0400] "GET /about.php?action=edit&file=identify&path=//usr/bin HTTP/1.1" 200 4083 "-" "Mozilla/5.0 (compatible; MJ12bot/v1.4.8; http://mj12bot.com/)"
65.21.232.254 - - [25/Apr/2025:23:39:00 -0400] "GET /about.php?action=edit&file=libebt_stp.so&path=//lib64/xtables HTTP/1.1" 200 6094 "-" "Mozilla/5.0 (compatible; MJ12bot/v1.4.8; http://mj12bot.com/)"
193.70.81.110 - - [25/Apr/2025:23:39:01 -0400] "GET /about.php?action=edit&file=idn-int.h&path=//usr/include HTTP/1.1" 200 567 "-" "Mozilla/5.0 (compatible; MJ12bot/v1.4.8; http://mj12bot.com/)"
65.21.232.254 - - [25/Apr/2025:23:39:02 -0400] "GET /about.php?action=edit&file=libebt_vlan.so&path=//lib64/xtables HTTP/1.1" 200 4450 "-" "Mozilla/5.0 (compatible; MJ12bot/v1.4.8; http://mj12bot.com/)"
193.70.81.110 - - [25/Apr/2025:23:39:03 -0400] "GET /about.php?action=edit&file=idna.h&path=//usr/include HTTP/1.1" 200 1807 "-" "Mozilla/5.0 (compatible; MJ12bot/v1.4.8; http://mj12bot.com/)"
65.21.232.254 - - [25/Apr/2025:23:39:05 -0400] "GET /about.php?action=edit&file=libedit.so.0&path=//usr/lib64 HTTP/1.1" 200 83681 "-" "Mozilla/5.0 (compatible; MJ12bot/v1.4.8; http://mj12bot.com/)"
109.123.251.65 - - [25/Apr/2025:23:39:05 -0400] "GET /about.php?action=edit&file=lib20_push_notification_plugin.so&path=//lib64/dovecot HTTP/1.1" 200 25165 "-" "Mozilla/5.0 (compatible; MJ12bot/v1.4.8; http://mj12bot.com/)"
193.70.81.110 - - [25/Apr/2025:23:39:05 -0400] "GET /about.php?action=edit&file=ieee754.h&path=//usr/include HTTP/1.1" 200 1600 "-" "Mozilla/5.0 (compatible; MJ12bot/v1.4.8; http://mj12bot.com/)"
193.70.81.110 - - [25/Apr/2025:23:39:07 -0400] "GET /about.php?action=edit&file=if_inet6&path=//proc/net HTTP/1.1" 200 479 "-" "Mozilla/5.0 (compatible; MJ12bot/v1.4.8; http://mj12bot.com/)"
65.21.232.254 - - [25/Apr/2025:23:39:08 -0400] "GET /about.php?action=edit&file=libedit.so.0.0.56&path=//usr/lib64 HTTP/1.1" 200 83686 "-" "Mozilla/5.0 (compatible; MJ12bot/v1.4.8; http://mj12bot.com/)"
193.70.81.110 - - [25/Apr/2025:23:39:09 -0400] "GET /about.php?action=edit&file=ifaddrs.h&path=//usr/include HTTP/1.1" 200 1807 "-" "Mozilla/5.0 (compatible; MJ12bot/v1.4.8; http://mj12bot.com/)"
65.21.232.254 - - [25/Apr/2025:23:39:11 -0400] "GET /about.php?action=edit&file=libefa-rdmav34.so&path=//lib64/libibverbs HTTP/1.1" 200 17999 "-" "Mozilla/5.0 (compatible; MJ12bot/v1.4.8; http://mj12bot.com/)"
193.70.81.110 - - [25/Apr/2025:23:39:11 -0400] "GET /about.php?action=edit&file=ifnames&path=//usr/bin HTTP/1.1" 200 2594 "-" "Mozilla/5.0 (compatible; MJ12bot/v1.4.8; http://mj12bot.com/)"
193.70.81.110 - - [25/Apr/2025:23:39:13 -0400] "GET /about.php?action=edit&file=igmp&path=//proc/net HTTP/1.1" 200 479 "-" "Mozilla/5.0 (compatible; MJ12bot/v1.4.8; http://mj12bot.com/)"
65.21.232.254 - - [25/Apr/2025:23:39:13 -0400] "GET /about.php?action=edit&file=libefa.so.1&path=//usr/lib64 HTTP/1.1" 200 17937 "-" "Mozilla/5.0 (compatible; MJ12bot/v1.4.8; http://mj12bot.com/)"
193.70.81.110 - - [25/Apr/2025:23:39:15 -0400] "GET /about.php?action=edit&file=igmp6&path=//proc/net HTTP/1.1" 200 479 "-" "Mozilla/5.0 (compatible; MJ12bot/v1.4.8; http://mj12bot.com/)"
65.21.232.254 - - [25/Apr/2025:23:39:16 -0400] "GET /about.php?action=edit&file=libefa.so.1.2.48.0&path=//usr/lib64 HTTP/1.1" 200 17944 "-" "Mozilla/5.0 (compatible; MJ12bot/v1.4.8; http://mj12bot.com/)"
193.70.81.110 - - [25/Apr/2025:23:39:17 -0400] "GET /about.php?action=edit&file=ihooks.py&path=//lib64/python2.7 HTTP/1.1" 200 5675 "-" "Mozilla/5.0 (compatible; MJ12bot/v1.4.8; http://mj12bot.com/)"
193.70.81.110 - - [25/Apr/2025:23:39:19 -0400] "GET /about.php?action=edit&file=ihooks.pyc&path=//lib64/python2.7 HTTP/1.1" 200 7888 "-" "Mozilla/5.0 (compatible; MJ12bot/v1.4.8; http://mj12bot.com/)"
65.21.232.254 - - [25/Apr/2025:23:39:19 -0400] "GET /about.php?action=edit&file=libelf-0.190.so&path=//usr/lib64 HTTP/1.1" 200 46303 "-" "Mozilla/5.0 (compatible; MJ12bot/v1.4.8; http://mj12bot.com/)"
109.123.251.65 - - [25/Apr/2025:23:39:20 -0400] "GET /about.php?action=edit&file=lib20_quota_clone_plugin.so&path=//lib64/dovecot HTTP/1.1" 200 6506 "-" "Mozilla/5.0 (compatible; MJ12bot/v1.4.8; http://mj12bot.com/)"
193.70.81.110 - - [25/Apr/2025:23:39:21 -0400] "GET /about.php?action=edit&file=ihooks.pyo&path=//lib64/python2.7 HTTP/1.1" 200 7888 "-" "Mozilla/5.0 (compatible; MJ12bot/v1.4.8; http://mj12bot.com/)"
65.21.232.254 - - [25/Apr/2025:23:39:22 -0400] "GET /about.php?action=edit&file=libelf.so.1&path=//usr/lib64 HTTP/1.1" 200 46289 "-" "Mozilla/5.0 (compatible; MJ12bot/v1.4.8; http://mj12bot.com/)"
193.70.81.110 - - [25/Apr/2025:23:39:23 -0400] "GET /about.php?action=edit&file=imap_xaps_plugin.so&path=//lib64/dovecot HTTP/1.1" 200 4215 "-" "Mozilla/5.0 (compatible; MJ12bot/v1.4.8; http://mj12bot.com/)"
193.70.81.110 - - [25/Apr/2025:23:39:25 -0400] "GET /about.php?action=edit&file=imaplib.py&path=//lib64/python2.7 HTTP/1.1" 200 14651 "-" "Mozilla/5.0 (compatible; MJ12bot/v1.4.8; http://mj12bot.com/)"
65.21.232.254 - - [25/Apr/2025:23:39:25 -0400] "GET /about.php?action=edit&file=libenchant.so.1&path=//usr/lib64 HTTP/1.1" 200 19535 "-" "Mozilla/5.0 (compatible; MJ12bot/v1.4.8; http://mj12bot.com/)"
193.70.81.110 - - [25/Apr/2025:23:39:27 -0400] "GET /about.php?action=edit&file=imaplib.py&path=//lib64/python3.6 HTTP/1.1" 200 15968 "-" "Mozilla/5.0 (compatible; MJ12bot/v1.4.8; http://mj12bot.com/)"
65.21.232.254 - - [25/Apr/2025:23:39:28 -0400] "GET /about.php?action=edit&file=libenchant.so.1.6.0&path=//usr/lib64 HTTP/1.1" 200 19517 "-" "Mozilla/5.0 (compatible; MJ12bot/v1.4.8; http://mj12bot.com/)"
193.70.81.110 - - [25/Apr/2025:23:39:29 -0400] "GET /about.php?action=edit&file=imaplib.py&path=//lib64/python3.8 HTTP/1.1" 200 16085 "-" "Mozilla/5.0 (compatible; MJ12bot/v1.4.8; http://mj12bot.com/)"
65.21.232.254 - - [25/Apr/2025:23:39:31 -0400] "GET /about.php?action=edit&file=libenchant_myspell.so&path=//lib64/enchant HTTP/1.1" 200 11123 "-" "Mozilla/5.0 (compatible; MJ12bot/v1.4.8; http://mj12bot.com/)"
193.70.81.110 - - [25/Apr/2025:23:39:31 -0400] "GET /about.php?action=edit&file=imaplib.pyc&path=//lib64/python2.7 HTTP/1.1" 200 16704 "-" "Mozilla/5.0 (compatible; MJ12bot/v1.4.8; http://mj12bot.com/)"
193.70.81.110 - - [25/Apr/2025:23:39:34 -0400] "GET /about.php?action=edit&file=imaplib.pyo&path=//lib64/python2.7 HTTP/1.1" 200 15646 "-" "Mozilla/5.0 (compatible; MJ12bot/v1.4.8; http://mj12bot.com/)"
65.21.232.254 - - [25/Apr/2025:23:39:34 -0400] "GET /about.php?action=edit&file=libesoobS.so.2&path=//usr/lib64 HTTP/1.1" 200 4169 "-" "Mozilla/5.0 (compatible; MJ12bot/v1.4.8; http://mj12bot.com/)"
193.70.81.110 - - [25/Apr/2025:23:39:36 -0400] "GET /about.php?action=edit&file=imdiag.so&path=//lib64/rsyslog HTTP/1.1" 200 10466 "-" "Mozilla/5.0 (compatible; MJ12bot/v1.4.8; http://mj12bot.com/)"
65.21.232.254 - - [25/Apr/2025:23:39:37 -0400] "GET /about.php?action=edit&file=libesoobS.so.2.0.0&path=//usr/lib64 HTTP/1.1" 200 4189 "-" "Mozilla/5.0 (compatible; MJ12bot/v1.4.8; http://mj12bot.com/)"
193.70.81.110 - - [25/Apr/2025:23:39:38 -0400] "GET /about.php?action=edit&file=imfile.so&path=//lib64/rsyslog HTTP/1.1" 200 23398 "-" "Mozilla/5.0 (compatible; MJ12bot/v1.4.8; http://mj12bot.com/)"
65.21.232.254 - - [25/Apr/2025:23:39:40 -0400] "GET /about.php?action=edit&file=libestr.so.0&path=//usr/lib64 HTTP/1.1" 200 6684 "-" "Mozilla/5.0 (compatible; MJ12bot/v1.4.8; http://mj12bot.com/)"
193.70.81.110 - - [25/Apr/2025:23:39:40 -0400] "GET /about.php?action=edit&file=imghdr.py&path=//lib64/python2.7 HTTP/1.1" 200 1755 "-" "Mozilla/5.0 (compatible; MJ12bot/v1.4.8; http://mj12bot.com/)"
193.70.81.110 - - [25/Apr/2025:23:39:42 -0400] "GET /about.php?action=edit&file=imghdr.py&path=//lib64/python3.6 HTTP/1.1" 200 1862 "-" "Mozilla/5.0 (compatible; MJ12bot/v1.4.8; http://mj12bot.com/)"
65.21.232.254 - - [25/Apr/2025:23:39:43 -0400] "GET /about.php?action=edit&file=libestr.so.0.0.0&path=//usr/lib64 HTTP/1.1" 200 6717 "-" "Mozilla/5.0 (compatible; MJ12bot/v1.4.8; http://mj12bot.com/)"
193.70.81.110 - - [25/Apr/2025:23:39:43 -0400] "GET /about.php?action=edit&file=imghdr.py&path=//lib64/python3.8 HTTP/1.1" 200 1870 "-" "Mozilla/5.0 (compatible; MJ12bot/v1.4.8; http://mj12bot.com/)"
65.21.232.254 - - [25/Apr/2025:23:39:45 -0400] "GET /about.php?action=edit&file=libev.so.4&path=//usr/lib64 HTTP/1.1" 200 26261 "-" "Mozilla/5.0 (compatible; MJ12bot/v1.4.8; http://mj12bot.com/)"
193.70.81.110 - - [25/Apr/2025:23:39:45 -0400] "GET /about.php?action=edit&file=imghdr.pyc&path=//lib64/python2.7 HTTP/1.1" 200 2412 "-" "Mozilla/5.0 (compatible; MJ12bot/v1.4.8; http://mj12bot.com/)"
193.70.81.110 - - [25/Apr/2025:23:39:47 -0400] "GET /about.php?action=edit&file=imghdr.pyo&path=//lib64/python2.7 HTTP/1.1" 200 2412 "-" "Mozilla/5.0 (compatible; MJ12bot/v1.4.8; http://mj12bot.com/)"
65.21.232.254 - - [25/Apr/2025:23:39:48 -0400] "GET /about.php?action=edit&file=libev.so.4.0.0&path=//usr/lib64 HTTP/1.1" 200 26304 "-" "Mozilla/5.0 (compatible; MJ12bot/v1.4.8; http://mj12bot.com/)"
193.70.81.110 - - [25/Apr/2025:23:39:49 -0400] "GET /about.php?action=edit&file=imjournal.so&path=//lib64/rsyslog HTTP/1.1" 200 11922 "-" "Mozilla/5.0 (compatible; MJ12bot/v1.4.8; http://mj12bot.com/)"
193.70.81.110 - - [25/Apr/2025:23:39:51 -0400] "GET /about.php?action=edit&file=imklog.so&path=//lib64/rsyslog HTTP/1.1" 200 9338 "-" "Mozilla/5.0 (compatible; MJ12bot/v1.4.8; http://mj12bot.com/)"
109.123.251.65 - - [25/Apr/2025:23:39:51 -0400] "GET /about.php?action=edit&file=lib20_var_expand_crypt.so&path=//lib64/dovecot HTTP/1.1" 200 5892 "-" "Mozilla/5.0 (compatible; MJ12bot/v1.4.8; http://mj12bot.com/)"
65.21.232.254 - - [25/Apr/2025:23:39:51 -0400] "GET /about.php?action=edit&file=libevdev.so.2&path=//usr/lib64 HTTP/1.1" 200 31859 "-" "Mozilla/5.0 (compatible; MJ12bot/v1.4.8; http://mj12bot.com/)"
193.70.81.110 - - [25/Apr/2025:23:39:53 -0400] "GET /about.php?action=edit&file=immark.so&path=//lib64/rsyslog HTTP/1.1" 200 6449 "-" "Mozilla/5.0 (compatible; MJ12bot/v1.4.8; http://mj12bot.com/)"
65.21.232.254 - - [25/Apr/2025:23:39:54 -0400] "GET /about.php?action=edit&file=libevdev.so.2.3.0&path=//usr/lib64 HTTP/1.1" 200 31807 "-" "Mozilla/5.0 (compatible; MJ12bot/v1.4.8; http://mj12bot.com/)"
193.70.81.110 - - [25/Apr/2025:23:39:55 -0400] "GET /about.php?action=edit&file=imp.py&path=//lib64/python3.6 HTTP/1.1" 200 3967 "-" "Mozilla/5.0 (compatible; MJ12bot/v1.4.8; http://mj12bot.com/)"
193.70.81.110 - - [25/Apr/2025:23:39:56 -0400] "GET /about.php?action=edit&file=imp.py&path=//lib64/python3.8 HTTP/1.1" 200 3894 "-" "Mozilla/5.0 (compatible; MJ12bot/v1.4.8; http://mj12bot.com/)"
65.21.232.254 - - [25/Apr/2025:23:39:57 -0400] "GET /about.php?action=edit&file=libevent-2.1.so.6&path=//usr/lib64 HTTP/1.1" 200 146784 "-" "Mozilla/5.0 (compatible; MJ12bot/v1.4.8; http://mj12bot.com/)"
193.70.81.110 - - [25/Apr/2025:23:39:58 -0400] "GET /about.php?action=edit&file=import&path=//usr/bin HTTP/1.1" 200 3916 "-" "Mozilla/5.0 (compatible; MJ12bot/v1.4.8; http://mj12bot.com/)"
65.21.232.254 - - [25/Apr/2025:23:40:00 -0400] "GET /about.php?action=edit&file=libevent-2.1.so.6.0.2&path=//usr/lib64 HTTP/1.1" 200 146631 "-" "Mozilla/5.0 (compatible; MJ12bot/v1.4.8; http://mj12bot.com/)"
193.70.81.110 - - [25/Apr/2025:23:40:00 -0400] "GET /about.php?action=edit&file=import.php&path=/home/makmfewe/aiqaderm.com/wp-admin HTTP/1.1" 200 3388 "-" "Mozilla/5.0 (compatible; MJ12bot/v1.4.8; http://mj12bot.com/)"
193.70.81.110 - - [25/Apr/2025:23:40:02 -0400] "GET /about.php?action=edit&file=import.php&path=/home/makmfewe/memontravelservices.com/wp-admin HTTP/1.1" 200 3388 "-" "Mozilla/5.0 (compatible; MJ12bot/v1.4.8; http://mj12bot.com/)"
65.21.232.254 - - [25/Apr/2025:23:40:03 -0400] "GET /about.php?action=edit&file=libevent.pc&path=//lib64/pkgconfig HTTP/1.1" 200 723 "-" "Mozilla/5.0 (compatible; MJ12bot/v1.4.8; http://mj12bot.com/)"
193.70.81.110 - - [25/Apr/2025:23:40:03 -0400] "GET /about.php?action=edit&file=import.php&path=/home/makmfewe/mercurylondon.com/wp-admin HTTP/1.1" 200 3388 "-" "Mozilla/5.0 (compatible; MJ12bot/v1.4.8; http://mj12bot.com/)"
193.70.81.110 - - [25/Apr/2025:23:40:06 -0400] "GET /about.php?action=edit&file=import.php&path=/home/makmfewe/mianoorproperties.com/wp-admin HTTP/1.1" 200 3354 "-" "Mozilla/5.0 (compatible; MJ12bot/v1.4.8; http://mj12bot.com/)"
65.21.232.254 - - [25/Apr/2025:23:40:06 -0400] "GET /about.php?action=edit&file=libevent.so&path=//usr/lib64 HTTP/1.1" 200 146931 "-" "Mozilla/5.0 (compatible; MJ12bot/v1.4.8; http://mj12bot.com/)"
193.70.81.110 - - [25/Apr/2025:23:40:10 -0400] "GET /about.php?action=edit&file=import.php&path=/home/makmfewe/public_html/wp-admin HTTP/1.1" 200 3388 "-" "Mozilla/5.0 (compatible; MJ12bot/v1.4.8; http://mj12bot.com/)"
109.123.251.65 - - [25/Apr/2025:23:40:12 -0400] "GET /about.php?action=edit&file=lib20_virtual_plugin.so&path=//lib64/dovecot HTTP/1.1" 200 37402 "-" "Mozilla/5.0 (compatible; MJ12bot/v1.4.8; http://mj12bot.com/)"
193.70.81.110 - - [25/Apr/2025:23:40:15 -0400] "GET /about.php?action=edit&file=import.php&path=/home/makmfewe/pwmsolution.com/wp-admin HTTP/1.1" 200 3388 "-" "Mozilla/5.0 (compatible; MJ12bot/v1.4.8; http://mj12bot.com/)"
65.21.232.254 - - [25/Apr/2025:23:40:15 -0400] "GET /about.php?action=edit&file=libevent_core-2.1.so.6&path=//usr/lib64 HTTP/1.1" 200 93085 "-" "Mozilla/5.0 (compatible; MJ12bot/v1.4.8; http://mj12bot.com/)"
193.70.81.110 - - [25/Apr/2025:23:40:19 -0400] "GET /about.php?action=edit&file=import.php&path=/home/makmfewe/sh-fragrances.com/wp-admin HTTP/1.1" 200 3388 "-" "Mozilla/5.0 (compatible; MJ12bot/v1.4.8; http://mj12bot.com/)"
109.123.251.65 - - [25/Apr/2025:23:40:19 -0400] "GET /about.php?action=edit&file=lib20_zlib_plugin.so&path=//lib64/dovecot HTTP/1.1" 200 25487 "-" "Mozilla/5.0 (compatible; MJ12bot/v1.4.8; http://mj12bot.com/)"
65.21.232.254 - - [25/Apr/2025:23:40:20 -0400] "GET /about.php?action=edit&file=libevent_core-2.1.so.6.0.2&path=//usr/lib64 HTTP/1.1" 200 93182 "-" "Mozilla/5.0 (compatible; MJ12bot/v1.4.8; http://mj12bot.com/)"
193.70.81.110 - - [25/Apr/2025:23:40:21 -0400] "GET /about.php?action=edit&file=import.php&path=/home/makmfewe/skillstudio27.com/wp-admin HTTP/1.1" 200 3388 "-" "Mozilla/5.0 (compatible; MJ12bot/v1.4.8; http://mj12bot.com/)"
193.70.81.110 - - [25/Apr/2025:23:40:24 -0400] "GET /about.php?action=edit&file=import.php&path=/home/makmfewe/ufoodspvtltd.com/wp-admin HTTP/1.1" 200 3388 "-" "Mozilla/5.0 (compatible; MJ12bot/v1.4.8; http://mj12bot.com/)"
65.21.232.254 - - [25/Apr/2025:23:40:26 -0400] "GET /about.php?action=edit&file=libevent_core.pc&path=//lib64/pkgconfig HTTP/1.1" 200 699 "-" "Mozilla/5.0 (compatible; MJ12bot/v1.4.8; http://mj12bot.com/)"
193.70.81.110 - - [25/Apr/2025:23:40:27 -0400] "GET /about.php?action=edit&file=import.php&path=/home/makmfewe/www/wp-admin HTTP/1.1" 200 3388 "-" "Mozilla/5.0 (compatible; MJ12bot/v1.4.8; http://mj12bot.com/)"
193.70.81.110 - - [25/Apr/2025:23:40:29 -0400] "GET /about.php?action=edit&file=import.php&path=/home/makmfewe/zeestudy.com/wp-admin HTTP/1.1" 200 3354 "-" "Mozilla/5.0 (compatible; MJ12bot/v1.4.8; http://mj12bot.com/)"
65.21.232.254 - - [25/Apr/2025:23:40:29 -0400] "GET /about.php?action=edit&file=libevent_core.so&path=//usr/lib64 HTTP/1.1" 200 93084 "-" "Mozilla/5.0 (compatible; MJ12bot/v1.4.8; http://mj12bot.com/)"
193.70.81.110 - - [25/Apr/2025:23:40:32 -0400] "GET /about.php?action=edit&file=impstats.so&path=//lib64/rsyslog HTTP/1.1" 200 8629 "-" "Mozilla/5.0 (compatible; MJ12bot/v1.4.8; http://mj12bot.com/)"
65.21.232.254 - - [25/Apr/2025:23:40:33 -0400] "GET /about.php?action=edit&file=libevent_extra-2.1.so.6&path=//usr/lib64 HTTP/1.1" 200 60167 "-" "Mozilla/5.0 (compatible; MJ12bot/v1.4.8; http://mj12bot.com/)"
193.70.81.110 - - [25/Apr/2025:23:40:34 -0400] "GET /about.php?action=edit&file=imptcp.so&path=//lib64/rsyslog HTTP/1.1" 200 19776 "-" "Mozilla/5.0 (compatible; MJ12bot/v1.4.8; http://mj12bot.com/)"
65.21.232.254 - - [25/Apr/2025:23:40:36 -0400] "GET /about.php?action=edit&file=libevent_extra-2.1.so.6.0.2&path=//usr/lib64 HTTP/1.1" 200 60243 "-" "Mozilla/5.0 (compatible; MJ12bot/v1.4.8; http://mj12bot.com/)"
193.70.81.110 - - [25/Apr/2025:23:40:37 -0400] "GET /about.php?action=edit&file=imputil.py&path=//lib64/python2.7 HTTP/1.1" 200 8835 "-" "Mozilla/5.0 (compatible; MJ12bot/v1.4.8; http://mj12bot.com/)"
193.70.81.110 - - [25/Apr/2025:23:40:39 -0400] "GET /about.php?action=edit&file=imputil.pyc&path=//lib64/python2.7 HTTP/1.1" 200 7000 "-" "Mozilla/5.0 (compatible; MJ12bot/v1.4.8; http://mj12bot.com/)"
65.21.232.254 - - [25/Apr/2025:23:40:39 -0400] "GET /about.php?action=edit&file=libevent_extra.pc&path=//lib64/pkgconfig HTTP/1.1" 200 701 "-" "Mozilla/5.0 (compatible; MJ12bot/v1.4.8; http://mj12bot.com/)"
193.70.81.110 - - [25/Apr/2025:23:40:41 -0400] "GET /about.php?action=edit&file=imputil.pyo&path=//lib64/python2.7 HTTP/1.1" 200 6906 "-" "Mozilla/5.0 (compatible; MJ12bot/v1.4.8; http://mj12bot.com/)"
65.21.232.254 - - [25/Apr/2025:23:40:42 -0400] "GET /about.php?action=edit&file=libevent_extra.so&path=//usr/lib64 HTTP/1.1" 200 60383 "-" "Mozilla/5.0 (compatible; MJ12bot/v1.4.8; http://mj12bot.com/)"
109.123.251.65 - - [25/Apr/2025:23:40:43 -0400] "GET /about.php?action=edit&file=lib21_fts_solr_plugin.so&path=//lib64/dovecot HTTP/1.1" 200 24845 "-" "Mozilla/5.0 (compatible; MJ12bot/v1.4.8; http://mj12bot.com/)"
193.70.81.110 - - [25/Apr/2025:23:40:43 -0400] "GET /about.php?action=edit&file=imtcp.so&path=//lib64/rsyslog HTTP/1.1" 200 9594 "-" "Mozilla/5.0 (compatible; MJ12bot/v1.4.8; http://mj12bot.com/)"
193.70.81.110 - - [25/Apr/2025:23:40:46 -0400] "GET /about.php?action=edit&file=imudp.so&path=//lib64/rsyslog HTTP/1.1" 200 12319 "-" "Mozilla/5.0 (compatible; MJ12bot/v1.4.8; http://mj12bot.com/)"
65.21.232.254 - - [25/Apr/2025:23:40:46 -0400] "GET /about.php?action=edit&file=libevent_openssl-2.1.so.6&path=//usr/lib64 HTTP/1.1" 200 11157 "-" "Mozilla/5.0 (compatible; MJ12bot/v1.4.8; http://mj12bot.com/)"
193.70.81.110 - - [25/Apr/2025:23:40:48 -0400] "GET /about.php?action=edit&file=imunify_dbscan.php&path=//opt/ai-bolit HTTP/1.1" 200 559 "-" "Mozilla/5.0 (compatible; MJ12bot/v1.4.8; http://mj12bot.com/)"
65.21.232.254 - - [25/Apr/2025:23:40:50 -0400] "GET /about.php?action=edit&file=libevent_openssl-2.1.so.6.0.2&path=//usr/lib64 HTTP/1.1" 200 11096 "-" "Mozilla/5.0 (compatible; MJ12bot/v1.4.8; http://mj12bot.com/)"
193.70.81.110 - - [25/Apr/2025:23:40:51 -0400] "GET /about.php?action=edit&file=imuxsock.so&path=//lib64/rsyslog HTTP/1.1" 200 15139 "-" "Mozilla/5.0 (compatible; MJ12bot/v1.4.8; http://mj12bot.com/)"
65.21.232.254 - - [25/Apr/2025:23:40:53 -0400] "GET /about.php?action=edit&file=libevent_openssl.pc&path=//lib64/pkgconfig HTTP/1.1" 200 729 "-" "Mozilla/5.0 (compatible; MJ12bot/v1.4.8; http://mj12bot.com/)"
193.70.81.110 - - [25/Apr/2025:23:40:53 -0400] "GET /about.php?action=edit&file=index.php&path=//var/tmp HTTP/1.1" 200 548 "-" "Mozilla/5.0 (compatible; MJ12bot/v1.4.8; http://mj12bot.com/)"
109.123.251.65 - - [25/Apr/2025:23:40:54 -0400] "GET /about.php?action=edit&file=lib21_fts_squat_plugin.so&path=//lib64/dovecot HTTP/1.1" 200 34262 "-" "Mozilla/5.0 (compatible; MJ12bot/v1.4.8; http://mj12bot.com/)"
193.70.81.110 - - [25/Apr/2025:23:40:56 -0400] "GET /about.php?action=edit&file=index.php&path=/home/makmfewe/.cagefs/tmp HTTP/1.1" 200 548 "-" "Mozilla/5.0 (compatible; MJ12bot/v1.4.8; http://mj12bot.com/)"
65.21.232.254 - - [25/Apr/2025:23:40:56 -0400] "GET /about.php?action=edit&file=libevent_openssl.so&path=//usr/lib64 HTTP/1.1" 200 11097 "-" "Mozilla/5.0 (compatible; MJ12bot/v1.4.8; http://mj12bot.com/)"
193.70.81.110 - - [25/Apr/2025:23:40:58 -0400] "GET /about.php?action=edit&file=index.php&path=/home/makmfewe/memontravelservices.com/wp-admin HTTP/1.1" 200 3646 "-" "Mozilla/5.0 (compatible; MJ12bot/v1.4.8; http://mj12bot.com/)"
65.21.232.254 - - [25/Apr/2025:23:40:59 -0400] "GET /about.php?action=edit&file=libevent_pthreads-2.1.so.6&path=//usr/lib64 HTTP/1.1" 200 4298 "-" "Mozilla/5.0 (compatible; MJ12bot/v1.4.8; http://mj12bot.com/)"
193.70.81.110 - - [25/Apr/2025:23:41:01 -0400] "GET /about.php?action=edit&file=index.php&path=/home/makmfewe/memontravelservices.com/wp-content HTTP/1.1" 200 572 "-" "Mozilla/5.0 (compatible; MJ12bot/v1.4.8; http://mj12bot.com/)"
65.21.232.254 - - [25/Apr/2025:23:41:03 -0400] "GET /about.php?action=edit&file=libevent_pthreads-2.1.so.6.0.2&path=//usr/lib64 HTTP/1.1" 200 4328 "-" "Mozilla/5.0 (compatible; MJ12bot/v1.4.8; http://mj12bot.com/)"
193.70.81.110 - - [25/Apr/2025:23:41:03 -0400] "GET /about.php?action=edit&file=index.php&path=/home/makmfewe/mercurylondon.com/wp-admin HTTP/1.1" 200 3646 "-" "Mozilla/5.0 (compatible; MJ12bot/v1.4.8; http://mj12bot.com/)"
65.21.232.254 - - [25/Apr/2025:23:41:05 -0400] "GET /about.php?action=edit&file=libevent_pthreads.pc&path=//lib64/pkgconfig HTTP/1.1" 200 728 "-" "Mozilla/5.0 (compatible; MJ12bot/v1.4.8; http://mj12bot.com/)"
193.70.81.110 - - [25/Apr/2025:23:41:05 -0400] "GET /about.php?action=edit&file=index.php&path=/home/makmfewe/mercurylondon.com/wp-content HTTP/1.1" 200 572 "-" "Mozilla/5.0 (compatible; MJ12bot/v1.4.8; http://mj12bot.com/)"
193.70.81.110 - - [25/Apr/2025:23:41:07 -0400] "GET /about.php?action=edit&file=index.php&path=/home/makmfewe/mianoorproperties.com/wp-admin HTTP/1.1" 200 3646 "-" "Mozilla/5.0 (compatible; MJ12bot/v1.4.8; http://mj12bot.com/)"
65.21.232.254 - - [25/Apr/2025:23:41:08 -0400] "GET /about.php?action=edit&file=libevent_pthreads.so&path=//usr/lib64 HTTP/1.1" 200 4293 "-" "Mozilla/5.0 (compatible; MJ12bot/v1.4.8; http://mj12bot.com/)"
193.70.81.110 - - [25/Apr/2025:23:41:09 -0400] "GET /about.php?action=edit&file=index.php&path=/home/makmfewe/mianoorproperties.com/wp-content HTTP/1.1" 200 572 "-" "Mozilla/5.0 (compatible; MJ12bot/v1.4.8; http://mj12bot.com/)"
65.21.232.254 - - [25/Apr/2025:23:41:11 -0400] "GET /about.php?action=edit&file=libexpat.so&path=//usr/lib64 HTTP/1.1" 200 73454 "-" "Mozilla/5.0 (compatible; MJ12bot/v1.4.8; http://mj12bot.com/)"
193.70.81.110 - - [25/Apr/2025:23:41:11 -0400] "GET /about.php?action=edit&file=index.php&path=/home/makmfewe/public_html/gillindustry HTTP/1.1" 200 764 "-" "Mozilla/5.0 (compatible; MJ12bot/v1.4.8; http://mj12bot.com/)"
109.123.251.65 - - [25/Apr/2025:23:41:13 -0400] "GET /about.php?action=edit&file=lib30_imap_zlib_plugin.so&path=//lib64/dovecot HTTP/1.1" 200 23523 "-" "Mozilla/5.0 (compatible; MJ12bot/v1.4.8; http://mj12bot.com/)"
193.70.81.110 - - [25/Apr/2025:23:41:14 -0400] "GET /about.php?action=edit&file=index.php&path=/home/makmfewe/public_html/wp-admin HTTP/1.1" 200 3646 "-" "Mozilla/5.0 (compatible; MJ12bot/v1.4.8; http://mj12bot.com/)"
65.21.232.254 - - [25/Apr/2025:23:41:15 -0400] "GET /about.php?action=edit&file=libexpat.so.1&path=//usr/lib64 HTTP/1.1" 200 73387 "-" "Mozilla/5.0 (compatible; MJ12bot/v1.4.8; http://mj12bot.com/)"
193.70.81.110 - - [25/Apr/2025:23:41:18 -0400] "GET /about.php?action=edit&file=index.php&path=/home/makmfewe/public_html/wp-content HTTP/1.1" 200 572 "-" "Mozilla/5.0 (compatible; MJ12bot/v1.4.8; http://mj12bot.com/)"
147.135.212.201 - - [25/Apr/2025:23:41:19 -0400] "GET /about.php?action=edit&file=dovecot.mailbox.log&path=/home/makmfewe/mail/.seo@arsn_media HTTP/1.1" 200 631 "-" "Mozilla/5.0 (compatible; MJ12bot/v1.4.8; http://mj12bot.com/)"
65.21.232.254 - - [25/Apr/2025:23:41:19 -0400] "GET /about.php?action=edit&file=libexpat.so.1.6.7&path=//usr/lib64 HTTP/1.1" 200 73369 "-" "Mozilla/5.0 (compatible; MJ12bot/v1.4.8; http://mj12bot.com/)"
193.70.81.110 - - [25/Apr/2025:23:41:20 -0400] "GET /about.php?action=edit&file=index.php&path=/home/makmfewe/pwmsolution.com/wp-admin HTTP/1.1" 200 3646 "-" "Mozilla/5.0 (compatible; MJ12bot/v1.4.8; http://mj12bot.com/)"
147.135.212.201 - - [25/Apr/2025:23:41:21 -0400] "GET /about.php?action=edit&file=dovecot.mailbox.log&path=/home/makmfewe/mail/.shahzad@pwmsolution_com HTTP/1.1" 200 601 "-" "Mozilla/5.0 (compatible; MJ12bot/v1.4.8; http://mj12bot.com/)"
193.70.81.110 - - [25/Apr/2025:23:41:22 -0400] "GET /about.php?action=edit&file=index.php&path=/home/makmfewe/pwmsolution.com/wp-content HTTP/1.1" 200 572 "-" "Mozilla/5.0 (compatible; MJ12bot/v1.4.8; http://mj12bot.com/)"
147.135.212.201 - - [25/Apr/2025:23:41:23 -0400] "GET /about.php?action=edit&file=dovecot.mailbox.log&path=/home/makmfewe/mail/.support@kamrancomputer_com HTTP/1.1" 200 626 "-" "Mozilla/5.0 (compatible; MJ12bot/v1.4.8; http://mj12bot.com/)"
109.123.251.65 - - [25/Apr/2025:23:41:23 -0400] "GET /about.php?action=edit&file=lib90_old_stats_plugin.so&path=//lib64/dovecot HTTP/1.1" 200 13306 "-" "Mozilla/5.0 (compatible; MJ12bot/v1.4.8; http://mj12bot.com/)"
65.21.232.254 - - [25/Apr/2025:23:41:23 -0400] "GET /about.php?action=edit&file=libexslt.pc&path=//lib64/pkgconfig HTTP/1.1" 200 699 "-" "Mozilla/5.0 (compatible; MJ12bot/v1.4.8; http://mj12bot.com/)"
193.70.81.110 - - [25/Apr/2025:23:41:24 -0400] "GET /about.php?action=edit&file=index.php&path=/home/makmfewe/sh-fragrances.com/wp-admin HTTP/1.1" 200 3646 "-" "Mozilla/5.0 (compatible; MJ12bot/v1.4.8; http://mj12bot.com/)"
147.135.212.201 - - [25/Apr/2025:23:41:25 -0400] "GET /about.php?action=edit&file=dovecot.mailbox.log&path=/home/makmfewe/mail/.support@mercurylondon_com HTTP/1.1" 200 628 "-" "Mozilla/5.0 (compatible; MJ12bot/v1.4.8; http://mj12bot.com/)"
193.70.81.110 - - [25/Apr/2025:23:41:25 -0400] "GET /about.php?action=edit&file=index.php&path=/home/makmfewe/sh-fragrances.com/wp-content HTTP/1.1" 200 572 "-" "Mozilla/5.0 (compatible; MJ12bot/v1.4.8; http://mj12bot.com/)"
65.21.232.254 - - [25/Apr/2025:23:41:26 -0400] "GET /about.php?action=edit&file=libexslt.so&path=//usr/lib64 HTTP/1.1" 200 36117 "-" "Mozilla/5.0 (compatible; MJ12bot/v1.4.8; http://mj12bot.com/)"
147.135.212.201 - - [25/Apr/2025:23:41:27 -0400] "GET /about.php?action=edit&file=dovecot.mailbox.log&path=/home/makmfewe/mail/.umar@pwmsolution_com HTTP/1.1" 200 628 "-" "Mozilla/5.0 (compatible; MJ12bot/v1.4.8; http://mj12bot.com/)"
193.70.81.110 - - [25/Apr/2025:23:41:28 -0400] "GET /about.php?action=edit&file=index.php&path=/home/makmfewe/skillstudio27.com/wp-admin HTTP/1.1" 200 3646 "-" "Mozilla/5.0 (compatible; MJ12bot/v1.4.8; http://mj12bot.com/)"
147.135.212.201 - - [25/Apr/2025:23:41:29 -0400] "GET /about.php?action=edit&file=dovecot.mailbox.log&path=/home/makmfewe/mail/.worksponsor@homesoffice_co_uk HTTP/1.1" 200 625 "-" "Mozilla/5.0 (compatible; MJ12bot/v1.4.8; http://mj12bot.com/)"
65.21.232.254 - - [25/Apr/2025:23:41:29 -0400] "GET /about.php?action=edit&file=libexslt.so.0&path=//usr/lib64 HTTP/1.1" 200 36121 "-" "Mozilla/5.0 (compatible; MJ12bot/v1.4.8; http://mj12bot.com/)"
193.70.81.110 - - [25/Apr/2025:23:41:30 -0400] "GET /about.php?action=edit&file=index.php&path=/home/makmfewe/skillstudio27.com/wp-content HTTP/1.1" 200 572 "-" "Mozilla/5.0 (compatible; MJ12bot/v1.4.8; http://mj12bot.com/)"
147.135.212.201 - - [25/Apr/2025:23:41:31 -0400] "GET /about.php?action=edit&file=dovecot.mailbox.log&path=/home/makmfewe/mail/.ya@mercurylondon_com HTTP/1.1" 200 630 "-" "Mozilla/5.0 (compatible; MJ12bot/v1.4.8; http://mj12bot.com/)"
193.70.81.110 - - [25/Apr/2025:23:41:32 -0400] "GET /about.php?action=edit&file=index.php&path=/home/makmfewe/ufoodspvtltd.com/wp-admin HTTP/1.1" 200 3646 "-" "Mozilla/5.0 (compatible; MJ12bot/v1.4.8; http://mj12bot.com/)"
65.21.232.254 - - [25/Apr/2025:23:41:33 -0400] "GET /about.php?action=edit&file=libexslt.so.0.8.20&path=//usr/lib64 HTTP/1.1" 200 36096 "-" "Mozilla/5.0 (compatible; MJ12bot/v1.4.8; http://mj12bot.com/)"
147.135.212.201 - - [25/Apr/2025:23:41:34 -0400] "GET /about.php?action=edit&file=dracut-functions&path=//lib/dracut HTTP/1.1" 200 6827 "-" "Mozilla/5.0 (compatible; MJ12bot/v1.4.8; http://mj12bot.com/)"
193.70.81.110 - - [25/Apr/2025:23:41:34 -0400] "GET /about.php?action=edit&file=index.php&path=/home/makmfewe/ufoodspvtltd.com/wp-content HTTP/1.1" 200 572 "-" "Mozilla/5.0 (compatible; MJ12bot/v1.4.8; http://mj12bot.com/)"
109.123.251.65 - - [25/Apr/2025:23:41:35 -0400] "GET /about.php?action=edit&file=lib95_imap_old_stats_plugin.so&path=//lib64/dovecot HTTP/1.1" 200 5033 "-" "Mozilla/5.0 (compatible; MJ12bot/v1.4.8; http://mj12bot.com/)"
147.135.212.201 - - [25/Apr/2025:23:41:36 -0400] "GET /about.php?action=edit&file=dracut-functions.sh&path=//lib/dracut HTTP/1.1" 200 6833 "-" "Mozilla/5.0 (compatible; MJ12bot/v1.4.8; http://mj12bot.com/)"
193.70.81.110 - - [25/Apr/2025:23:41:36 -0400] "GET /about.php?action=edit&file=index.php&path=/home/makmfewe/www/gillindustry HTTP/1.1" 200 764 "-" "Mozilla/5.0 (compatible; MJ12bot/v1.4.8; http://mj12bot.com/)"
65.21.232.254 - - [25/Apr/2025:23:41:36 -0400] "GET /about.php?action=edit&file=libext2fs.so&path=//usr/lib64 HTTP/1.1" 200 183926 "-" "Mozilla/5.0 (compatible; MJ12bot/v1.4.8; http://mj12bot.com/)"
147.135.212.201 - - [25/Apr/2025:23:41:38 -0400] "GET /about.php?action=edit&file=dracut-init.sh&path=//lib/dracut HTTP/1.1" 200 8982 "-" "Mozilla/5.0 (compatible; MJ12bot/v1.4.8; http://mj12bot.com/)"
193.70.81.110 - - [25/Apr/2025:23:41:38 -0400] "GET /about.php?action=edit&file=index.php&path=/home/makmfewe/www/wp-admin HTTP/1.1" 200 3646 "-" "Mozilla/5.0 (compatible; MJ12bot/v1.4.8; http://mj12bot.com/)"
147.135.212.201 - - [25/Apr/2025:23:41:40 -0400] "GET /about.php?action=edit&file=dracut-initramfs-restore&path=//lib/dracut HTTP/1.1" 200 1294 "-" "Mozilla/5.0 (compatible; MJ12bot/v1.4.8; http://mj12bot.com/)"
193.70.81.110 - - [25/Apr/2025:23:41:40 -0400] "GET /about.php?action=edit&file=index.php&path=/home/makmfewe/www/wp-content HTTP/1.1" 200 572 "-" "Mozilla/5.0 (compatible; MJ12bot/v1.4.8; http://mj12bot.com/)"
65.21.232.254 - - [25/Apr/2025:23:41:40 -0400] "GET /about.php?action=edit&file=libext2fs.so.2&path=//usr/lib64 HTTP/1.1" 200 184021 "-" "Mozilla/5.0 (compatible; MJ12bot/v1.4.8; http://mj12bot.com/)"
147.135.212.201 - - [25/Apr/2025:23:41:42 -0400] "GET /about.php?action=edit&file=dracut-install&path=//lib/dracut HTTP/1.1" 200 30980 "-" "Mozilla/5.0 (compatible; MJ12bot/v1.4.8; http://mj12bot.com/)"
193.70.81.110 - - [25/Apr/2025:23:41:42 -0400] "GET /about.php?action=edit&file=index.php&path=/home/makmfewe/zeestudy.com/wp-admin HTTP/1.1" 200 3646 "-" "Mozilla/5.0 (compatible; MJ12bot/v1.4.8; http://mj12bot.com/)"
65.21.232.254 - - [25/Apr/2025:23:41:44 -0400] "GET /about.php?action=edit&file=libext2fs.so.2.4&path=//usr/lib64 HTTP/1.1" 200 183873 "-" "Mozilla/5.0 (compatible; MJ12bot/v1.4.8; http://mj12bot.com/)"
193.70.81.110 - - [25/Apr/2025:23:41:44 -0400] "GET /about.php?action=edit&file=index.php&path=/home/makmfewe/zeestudy.com/wp-content HTTP/1.1" 200 572 "-" "Mozilla/5.0 (compatible; MJ12bot/v1.4.8; http://mj12bot.com/)"
147.135.212.201 - - [25/Apr/2025:23:41:44 -0400] "GET /about.php?action=edit&file=dracut-logger.sh&path=//lib/dracut HTTP/1.1" 200 4794 "-" "Mozilla/5.0 (compatible; MJ12bot/v1.4.8; http://mj12bot.com/)"
193.70.81.110 - - [25/Apr/2025:23:41:45 -0400] "GET /about.php?action=edit&file=infocmp&path=//usr/bin HTTP/1.1" 200 26749 "-" "Mozilla/5.0 (compatible; MJ12bot/v1.4.8; http://mj12bot.com/)"
147.135.212.201 - - [25/Apr/2025:23:41:46 -0400] "GET /about.php?action=edit&file=dracut-version.sh&path=//lib/dracut HTTP/1.1" 200 589 "-" "Mozilla/5.0 (compatible; MJ12bot/v1.4.8; http://mj12bot.com/)"
109.123.251.65 - - [25/Apr/2025:23:41:46 -0400] "GET /about.php?action=edit&file=lib99_welcome_plugin.so&path=//lib64/dovecot HTTP/1.1" 200 4908 "-" "Mozilla/5.0 (compatible; MJ12bot/v1.4.8; http://mj12bot.com/)"
65.21.232.254 - - [25/Apr/2025:23:41:47 -0400] "GET /about.php?action=edit&file=libfa.so.1&path=//usr/lib64 HTTP/1.1" 200 75288 "-" "Mozilla/5.0 (compatible; MJ12bot/v1.4.8; http://mj12bot.com/)"
147.135.212.201 - - [25/Apr/2025:23:41:47 -0400] "GET /about.php?action=edit&file=drivers&path=//proc/tty HTTP/1.1" 200 741 "-" "Mozilla/5.0 (compatible; MJ12bot/v1.4.8; http://mj12bot.com/)"
193.70.81.110 - - [25/Apr/2025:23:41:47 -0400] "GET /about.php?action=edit&file=infotocap&path=//usr/bin HTTP/1.1" 200 34681 "-" "Mozilla/5.0 (compatible; MJ12bot/v1.4.8; http://mj12bot.com/)"
147.135.212.201 - - [25/Apr/2025:23:41:49 -0400] "GET /about.php?action=edit&file=drmohsinazeem_com_ac491_7ff8d_1754006399_4d8dc0d6d5400f71409a66eb811daa67.crt&path=/home/makmfewe/ssl/certs HTTP/1.1" 200 2302 "-" "Mozilla/5.0 (compatible; MJ12bot/v1.4.8; http://mj12bot.com/)"
193.70.81.110 - - [25/Apr/2025:23:41:49 -0400] "GET /about.php?action=edit&file=inplace.so&path=//lib64/gawk HTTP/1.1" 200 5806 "-" "Mozilla/5.0 (compatible; MJ12bot/v1.4.8; http://mj12bot.com/)"
65.21.232.254 - - [25/Apr/2025:23:41:50 -0400] "GET /about.php?action=edit&file=libfa.so.1.5.3&path=//usr/lib64 HTTP/1.1" 200 75308 "-" "Mozilla/5.0 (compatible; MJ12bot/v1.4.8; http://mj12bot.com/)"
147.135.212.201 - - [25/Apr/2025:23:41:51 -0400] "GET /about.php?action=edit&file=dropdb&path=//usr/bin HTTP/1.1" 200 22836 "-" "Mozilla/5.0 (compatible; MJ12bot/v1.4.8; http://mj12bot.com/)"
193.70.81.110 - - [25/Apr/2025:23:41:51 -0400] "GET /about.php?action=edit&file=inspect.py&path=//lib64/python2.7 HTTP/1.1" 200 12556 "-" "Mozilla/5.0 (compatible; MJ12bot/v1.4.8; http://mj12bot.com/)"
65.21.232.254 - - [25/Apr/2025:23:41:53 -0400] "GET /about.php?action=edit&file=libfastjson.so.4&path=//usr/lib64 HTTP/1.1" 200 20176 "-" "Mozilla/5.0 (compatible; MJ12bot/v1.4.8; http://mj12bot.com/)"
147.135.212.201 - - [25/Apr/2025:23:41:53 -0400] "GET /about.php?action=edit&file=dropuser&path=//usr/bin HTTP/1.1" 200 22748 "-" "Mozilla/5.0 (compatible; MJ12bot/v1.4.8; http://mj12bot.com/)"
193.70.81.110 - - [25/Apr/2025:23:41:53 -0400] "GET /about.php?action=edit&file=inspect.py&path=//lib64/python3.6 HTTP/1.1" 200 30422 "-" "Mozilla/5.0 (compatible; MJ12bot/v1.4.8; http://mj12bot.com/)"
147.135.212.201 - - [25/Apr/2025:23:41:55 -0400] "GET /about.php?action=edit&file=drshahidchudhary_com_b8463_f7a31_1755734399_67ac345c8868d068ae441d6101244ef7.crt&path=/home/makmfewe/ssl/certs HTTP/1.1" 200 2330 "-" "Mozilla/5.0 (compatible; MJ12bot/v1.4.8; http://mj12bot.com/)"
193.70.81.110 - - [25/Apr/2025:23:41:55 -0400] "GET /about.php?action=edit&file=inspect.py&path=//lib64/python3.8 HTTP/1.1" 200 30842 "-" "Mozilla/5.0 (compatible; MJ12bot/v1.4.8; http://mj12bot.com/)"
65.21.232.254 - - [25/Apr/2025:23:41:56 -0400] "GET /about.php?action=edit&file=libfastjson.so.4.3.0&path=//usr/lib64 HTTP/1.1" 200 20177 "-" "Mozilla/5.0 (compatible; MJ12bot/v1.4.8; http://mj12bot.com/)"
147.135.212.201 - - [25/Apr/2025:23:41:57 -0400] "GET /about.php?action=edit&file=du&path=//usr/bin HTTP/1.1" 200 47648 "-" "Mozilla/5.0 (compatible; MJ12bot/v1.4.8; http://mj12bot.com/)"
193.70.81.110 - - [25/Apr/2025:23:41:57 -0400] "GET /about.php?action=edit&file=inspect.pyc&path=//lib64/python2.7 HTTP/1.1" 200 14938 "-" "Mozilla/5.0 (compatible; MJ12bot/v1.4.8; http://mj12bot.com/)"
65.21.232.254 - - [25/Apr/2025:23:41:59 -0400] "GET /about.php?action=edit&file=libfbclient.so.2&path=//usr/lib64 HTTP/1.1" 200 1170838 "-" "Mozilla/5.0 (compatible; MJ12bot/v1.4.8; http://mj12bot.com/)"
147.135.212.201 - - [25/Apr/2025:23:41:59 -0400] "GET /about.php?action=edit&file=dumbdbm.py&path=//lib64/python2.7 HTTP/1.1" 200 3724 "-" "Mozilla/5.0 (compatible; MJ12bot/v1.4.8; http://mj12bot.com/)"
147.135.212.201 - - [25/Apr/2025:23:42:01 -0400] "GET /about.php?action=edit&file=dumbdbm.pyc&path=//lib64/python2.7 HTTP/1.1" 200 3434 "-" "Mozilla/5.0 (compatible; MJ12bot/v1.4.8; http://mj12bot.com/)"
147.135.212.201 - - [25/Apr/2025:23:42:03 -0400] "GET /about.php?action=edit&file=dumbdbm.pyo&path=//lib64/python2.7 HTTP/1.1" 200 3434 "-" "Mozilla/5.0 (compatible; MJ12bot/v1.4.8; http://mj12bot.com/)"
65.21.232.254 - - [25/Apr/2025:23:42:02 -0400] "GET /about.php?action=edit&file=libfbclient.so.4.0.0&path=//usr/lib64 HTTP/1.1" 200 1171400 "-" "Mozilla/5.0 (compatible; MJ12bot/v1.4.8; http://mj12bot.com/)"
147.135.212.201 - - [25/Apr/2025:23:42:05 -0400] "GET /about.php?action=edit&file=dummy_thread.py&path=//lib64/python2.7 HTTP/1.1" 200 2205 "-" "Mozilla/5.0 (compatible; MJ12bot/v1.4.8; http://mj12bot.com/)"
65.21.232.254 - - [25/Apr/2025:23:42:06 -0400] "GET /about.php?action=edit&file=libfdisk.so.1&path=//usr/lib64 HTTP/1.1" 200 164640 "-" "Mozilla/5.0 (compatible; MJ12bot/v1.4.8; http://mj12bot.com/)"
147.135.212.201 - - [25/Apr/2025:23:42:07 -0400] "GET /about.php?action=edit&file=dummy_thread.pyc&path=//lib64/python2.7 HTTP/1.1" 200 2765 "-" "Mozilla/5.0 (compatible; MJ12bot/v1.4.8; http://mj12bot.com/)"
147.135.212.201 - - [25/Apr/2025:23:42:09 -0400] "GET /about.php?action=edit&file=dummy_thread.pyo&path=//lib64/python2.7 HTTP/1.1" 200 2765 "-" "Mozilla/5.0 (compatible; MJ12bot/v1.4.8; http://mj12bot.com/)"
65.21.232.254 - - [25/Apr/2025:23:42:09 -0400] "GET /about.php?action=edit&file=libfdisk.so.1.1.0&path=//usr/lib64 HTTP/1.1" 200 164495 "-" "Mozilla/5.0 (compatible; MJ12bot/v1.4.8; http://mj12bot.com/)"
147.135.212.201 - - [25/Apr/2025:23:42:11 -0400] "GET /about.php?action=edit&file=dummy_threading.py&path=//lib64/python2.7 HTTP/1.1" 200 1346 "-" "Mozilla/5.0 (compatible; MJ12bot/v1.4.8; http://mj12bot.com/)"
65.21.232.254 - - [25/Apr/2025:23:42:12 -0400] "GET /about.php?action=edit&file=libffi.so.6&path=//usr/lib64 HTTP/1.1" 200 16148 "-" "Mozilla/5.0 (compatible; MJ12bot/v1.4.8; http://mj12bot.com/)"
147.135.212.201 - - [25/Apr/2025:23:42:13 -0400] "GET /about.php?action=edit&file=dummy_threading.py&path=//lib64/python3.6 HTTP/1.1" 200 1348 "-" "Mozilla/5.0 (compatible; MJ12bot/v1.4.8; http://mj12bot.com/)"
65.21.232.254 - - [25/Apr/2025:23:42:15 -0400] "GET /about.php?action=edit&file=libffi.so.6.0.2&path=//usr/lib64 HTTP/1.1" 200 16114 "-" "Mozilla/5.0 (compatible; MJ12bot/v1.4.8; http://mj12bot.com/)"
147.135.212.201 - - [25/Apr/2025:23:42:15 -0400] "GET /about.php?action=edit&file=dummy_threading.py&path=//lib64/python3.8 HTTP/1.1" 200 1348 "-" "Mozilla/5.0 (compatible; MJ12bot/v1.4.8; http://mj12bot.com/)"
147.135.212.201 - - [25/Apr/2025:23:42:17 -0400] "GET /about.php?action=edit&file=dummy_threading.pyc&path=//lib64/python2.7 HTTP/1.1" 200 1260 "-" "Mozilla/5.0 (compatible; MJ12bot/v1.4.8; http://mj12bot.com/)"
109.123.251.65 - - [25/Apr/2025:23:42:17 -0400] "GET /about.php?action=edit&file=libBrokenLocale.so&path=//usr/lib64 HTTP/1.1" 200 3294 "-" "Mozilla/5.0 (compatible; MJ12bot/v1.4.8; http://mj12bot.com/)"
147.135.212.201 - - [25/Apr/2025:23:42:19 -0400] "GET /about.php?action=edit&file=dummy_threading.pyo&path=//lib64/python2.7 HTTP/1.1" 200 1260 "-" "Mozilla/5.0 (compatible; MJ12bot/v1.4.8; http://mj12bot.com/)"
65.21.232.254 - - [25/Apr/2025:23:42:17 -0400] "GET /about.php?action=edit&file=libfftw3.so.3&path=//usr/lib64 HTTP/1.1" 200 741084 "-" "Mozilla/5.0 (compatible; MJ12bot/v1.4.8; http://mj12bot.com/)"
147.135.212.201 - - [25/Apr/2025:23:42:22 -0400] "GET /about.php?action=edit&file=dvb-fe-xc4000-1.4.1.fw&path=//lib/firmware HTTP/1.1" 200 6547 "-" "Mozilla/5.0 (compatible; MJ12bot/v1.4.8; http://mj12bot.com/)"
147.135.212.201 - - [25/Apr/2025:23:42:25 -0400] "GET /about.php?action=edit&file=dvb-fe-xc5000-1.6.114.fw&path=//lib/firmware HTTP/1.1" 200 8972 "-" "Mozilla/5.0 (compatible; MJ12bot/v1.4.8; http://mj12bot.com/)"
65.21.232.254 - - [25/Apr/2025:23:42:23 -0400] "GET /about.php?action=edit&file=libfftw3.so.3.5.5&path=//usr/lib64 HTTP/1.1" 200 741876 "-" "Mozilla/5.0 (compatible; MJ12bot/v1.4.8; http://mj12bot.com/)"
109.123.251.65 - - [25/Apr/2025:23:42:27 -0400] "GET /about.php?action=edit&file=libBrokenLocale.so.1&path=//usr/lib64 HTTP/1.1" 200 3289 "-" "Mozilla/5.0 (compatible; MJ12bot/v1.4.8; http://mj12bot.com/)"
147.135.212.201 - - [25/Apr/2025:23:42:27 -0400] "GET /about.php?action=edit&file=dvb-fe-xc5000c-4.1.30.7.fw&path=//lib/firmware HTTP/1.1" 200 11672 "-" "Mozilla/5.0 (compatible; MJ12bot/v1.4.8; http://mj12bot.com/)"
65.21.232.254 - - [25/Apr/2025:23:42:29 -0400] "GET /about.php?action=edit&file=libfftw3_omp.so.3&path=//usr/lib64 HTTP/1.1" 200 10491 "-" "Mozilla/5.0 (compatible; MJ12bot/v1.4.8; http://mj12bot.com/)"
147.135.212.201 - - [25/Apr/2025:23:42:30 -0400] "GET /about.php?action=edit&file=dvb-usb-dib0700-1.20.fw&path=//lib/firmware HTTP/1.1" 200 20430 "-" "Mozilla/5.0 (compatible; MJ12bot/v1.4.8; http://mj12bot.com/)"
65.21.232.254 - - [25/Apr/2025:23:42:32 -0400] "GET /about.php?action=edit&file=libfftw3_omp.so.3.5.5&path=//usr/lib64 HTTP/1.1" 200 10549 "-" "Mozilla/5.0 (compatible; MJ12bot/v1.4.8; http://mj12bot.com/)"
147.135.212.201 - - [25/Apr/2025:23:42:32 -0400] "GET /about.php?action=edit&file=dvb-usb-it9135-01.fw&path=//lib/firmware HTTP/1.1" 200 5277 "-" "Mozilla/5.0 (compatible; MJ12bot/v1.4.8; http://mj12bot.com/)"
147.135.212.201 - - [25/Apr/2025:23:42:34 -0400] "GET /about.php?action=edit&file=dvb-usb-it9135-02.fw&path=//lib/firmware HTTP/1.1" 200 3975 "-" "Mozilla/5.0 (compatible; MJ12bot/v1.4.8; http://mj12bot.com/)"
65.21.232.254 - - [25/Apr/2025:23:42:34 -0400] "GET /about.php?action=edit&file=libfftw3_threads.so.3&path=//usr/lib64 HTTP/1.1" 200 11160 "-" "Mozilla/5.0 (compatible; MJ12bot/v1.4.8; http://mj12bot.com/)"
147.135.212.201 - - [25/Apr/2025:23:42:36 -0400] "GET /about.php?action=edit&file=dvb-usb-terratec-h5-drxk.fw&path=//lib/firmware HTTP/1.1" 200 25949 "-" "Mozilla/5.0 (compatible; MJ12bot/v1.4.8; http://mj12bot.com/)"
65.21.232.254 - - [25/Apr/2025:23:42:37 -0400] "GET /about.php?action=edit&file=libfftw3_threads.so.3.5.5&path=//usr/lib64 HTTP/1.1" 200 11196 "-" "Mozilla/5.0 (compatible; MJ12bot/v1.4.8; http://mj12bot.com/)"
147.135.212.201 - - [25/Apr/2025:23:42:38 -0400] "GET /about.php?action=edit&file=dvb_nova_12mhz.inp&path=//lib/firmware HTTP/1.1" 200 55222 "-" "Mozilla/5.0 (compatible; MJ12bot/v1.4.8; http://mj12bot.com/)"
147.135.212.201 - - [25/Apr/2025:23:42:41 -0400] "GET /about.php?action=edit&file=dvb_nova_12mhz_b0.inp&path=//lib/firmware HTTP/1.1" 200 60536 "-" "Mozilla/5.0 (compatible; MJ12bot/v1.4.8; http://mj12bot.com/)"
109.123.251.65 - - [25/Apr/2025:23:42:41 -0400] "GET /about.php?action=edit&file=libCNS.so&path=//lib64/gconv HTTP/1.1" 200 253127 "-" "Mozilla/5.0 (compatible; MJ12bot/v1.4.8; http://mj12bot.com/)"
65.21.232.254 - - [25/Apr/2025:23:42:39 -0400] "GET /about.php?action=edit&file=libfluent-bit.so&path=//lib64/td-agent-bit HTTP/1.1" 200 1220343 "-" "Mozilla/5.0 (compatible; MJ12bot/v1.4.8; http://mj12bot.com/)"
