173.252.87.18 - - [26/Apr/2025:00:57:46 -0400] "GET /robots.txt HTTP/1.1" 404 1251 "-" "facebookexternalhit/1.1 (+http://www.facebook.com/externalhit_uatext.php)"
57.141.4.10 - - [26/Apr/2025:00:58:55 -0400] "GET /wp-includes/js/plupload/license.txt HTTP/1.1" 200 17987 "-" "meta-externalagent/1.1 (+https://developers.facebook.com/docs/sharing/webmasters/crawler)"
43.167.232.38 - - [26/Apr/2025:01:02:32 -0400] "GET /wp-includes/?MA HTTP/1.1" 200 9691 "-" "Mozilla/5.0 (iPhone; CPU iPhone OS 13_2_3 like Mac OS X) AppleWebKit/605.1.15 (KHTML, like Gecko) Version/13.0.3 Mobile/15E148 Safari/604.1"
20.42.10.191 - - [26/Apr/2025:01:04:20 -0400] "GET /robots.txt HTTP/1.1" 404 1251 "-" "Mozilla/5.0 (Macintosh; Intel Mac OS X 10_15_7) AppleWebKit/537.36 (KHTML, like Gecko) Chrome/131.0.0.0 Safari/537.36; compatible; OAI-SearchBot/1.0; +https://openai.com/searchbot"
20.42.10.191 - - [26/Apr/2025:01:04:20 -0400] "GET /robots.txt HTTP/1.1" 404 1251 "-" "Mozilla/5.0 (Macintosh; Intel Mac OS X 10_15_7) AppleWebKit/537.36 (KHTML, like Gecko) Chrome/131.0.0.0 Safari/537.36; compatible; OAI-SearchBot/1.0; +https://openai.com/searchbot"
107.150.0.65 - - [26/Apr/2025:01:04:27 -0400] "GET /.env HTTP/1.1" 403 1242 "-" "Mozilla/5.0 (Windows NT 10.0; Win64; x64) AppleWebKit/537.36 (KHTML, like Gecko) Chrome/119.0.0.0 Safari/537.36"
107.150.0.65 - - [26/Apr/2025:01:04:31 -0400] "POST / HTTP/1.1" 508 829 "-" "Mozilla/5.0 (Windows NT 10.0; Win64; x64) AppleWebKit/537.36 (KHTML, like Gecko) Chrome/119.0.0.0 Safari/537.36"
43.157.156.190 - - [26/Apr/2025:01:11:54 -0400] "GET /wp-includes/ID3/ HTTP/1.1" 200 1654 "-" "Mozilla/5.0 (iPhone; CPU iPhone OS 13_2_3 like Mac OS X) AppleWebKit/605.1.15 (KHTML, like Gecko) Version/13.0.3 Mobile/15E148 Safari/604.1"
57.141.4.1 - - [26/Apr/2025:01:27:29 -0400] "GET /wp-includes/Text/Diff/Engine/?MA HTTP/1.1" 200 2453 "-" "meta-externalagent/1.1 (+https://developers.facebook.com/docs/sharing/webmasters/crawler)"
66.249.74.107 - - [26/Apr/2025:01:28:06 -0400] "GET / HTTP/1.1" 200 1607 "-" "Mozilla/5.0 (compatible; Googlebot/2.1; +http://www.google.com/bot.html)"
195.191.219.130 - - [26/Apr/2025:01:28:13 -0400] "GET /robots.txt HTTP/1.1" 404 1251 "-" "Mozilla/5.0 (compatible; MJ12bot/v2.0.0; http://mj12bot.com/)"
195.191.219.130 - - [26/Apr/2025:01:28:13 -0400] "GET /about.php?action=edit&file=libgstivfparse.so&path=//lib64/gstreamer-1.0 HTTP/1.1" 200 6819 "-" "Mozilla/5.0 (compatible; MJ12bot/v2.0.0; http://mj12bot.com/)"
195.191.219.130 - - [26/Apr/2025:01:28:14 -0400] "GET /about.php?action=edit&file=libgstivtc.so&path=//lib64/gstreamer-1.0 HTTP/1.1" 200 10941 "-" "Mozilla/5.0 (compatible; MJ12bot/v2.0.0; http://mj12bot.com/)"
195.191.219.130 - - [26/Apr/2025:01:28:15 -0400] "GET /about.php?action=edit&file=libgstjp2kdecimator.so&path=//lib64/gstreamer-1.0 HTTP/1.1" 200 17381 "-" "Mozilla/5.0 (compatible; MJ12bot/v2.0.0; http://mj12bot.com/)"
195.191.219.130 - - [26/Apr/2025:01:28:17 -0400] "GET /about.php?action=edit&file=libgstjpegformat.so&path=//lib64/gstreamer-1.0 HTTP/1.1" 200 15676 "-" "Mozilla/5.0 (compatible; MJ12bot/v2.0.0; http://mj12bot.com/)"
195.191.219.130 - - [26/Apr/2025:01:28:18 -0400] "GET /about.php?action=edit&file=libgstkms.so&path=//lib64/gstreamer-1.0 HTTP/1.1" 200 26755 "-" "Mozilla/5.0 (compatible; MJ12bot/v2.0.0; http://mj12bot.com/)"
195.191.219.130 - - [26/Apr/2025:01:28:19 -0400] "GET /about.php?action=edit&file=libgstladspa.so&path=//lib64/gstreamer-1.0 HTTP/1.1" 200 20308 "-" "Mozilla/5.0 (compatible; MJ12bot/v2.0.0; http://mj12bot.com/)"
195.191.219.130 - - [26/Apr/2025:01:28:20 -0400] "GET /about.php?action=edit&file=libgstlegacyrawparse.so&path=//lib64/gstreamer-1.0 HTTP/1.1" 200 9100 "-" "Mozilla/5.0 (compatible; MJ12bot/v2.0.0; http://mj12bot.com/)"
195.191.219.130 - - [26/Apr/2025:01:28:21 -0400] "GET /about.php?action=edit&file=libgstlibvisual.so&path=//lib64/gstreamer-1.0 HTTP/1.1" 200 7366 "-" "Mozilla/5.0 (compatible; MJ12bot/v2.0.0; http://mj12bot.com/)"
195.191.219.130 - - [26/Apr/2025:01:28:23 -0400] "GET /about.php?action=edit&file=libgstmidi.so&path=//lib64/gstreamer-1.0 HTTP/1.1" 200 14256 "-" "Mozilla/5.0 (compatible; MJ12bot/v2.0.0; http://mj12bot.com/)"
195.191.219.130 - - [26/Apr/2025:01:28:24 -0400] "GET /about.php?action=edit&file=libgstmpegpsdemux.so&path=//lib64/gstreamer-1.0 HTTP/1.1" 200 38905 "-" "Mozilla/5.0 (compatible; MJ12bot/v2.0.0; http://mj12bot.com/)"
195.191.219.130 - - [26/Apr/2025:01:28:26 -0400] "GET /about.php?action=edit&file=libgstmpegpsmux.so&path=//lib64/gstreamer-1.0 HTTP/1.1" 200 21225 "-" "Mozilla/5.0 (compatible; MJ12bot/v2.0.0; http://mj12bot.com/)"
195.191.219.130 - - [26/Apr/2025:01:28:26 -0400] "GET /about.php?action=edit&file=libgstmpegts-1.0.so.0&path=//usr/lib64 HTTP/1.1" 200 56608 "-" "Mozilla/5.0 (compatible; MJ12bot/v2.0.0; http://mj12bot.com/)"
195.191.219.130 - - [26/Apr/2025:01:28:27 -0400] "GET /about.php?action=edit&file=libgstmpegts-1.0.so.0.1601.0&path=//usr/lib64 HTTP/1.1" 200 56620 "-" "Mozilla/5.0 (compatible; MJ12bot/v2.0.0; http://mj12bot.com/)"
195.191.219.130 - - [26/Apr/2025:01:28:28 -0400] "GET /about.php?action=edit&file=libgstmpegtsdemux.so&path=//lib64/gstreamer-1.0 HTTP/1.1" 200 72722 "-" "Mozilla/5.0 (compatible; MJ12bot/v2.0.0; http://mj12bot.com/)"
195.191.219.130 - - [26/Apr/2025:01:28:30 -0400] "GET /about.php?action=edit&file=libgstmpegtsmux.so&path=//lib64/gstreamer-1.0 HTTP/1.1" 200 34127 "-" "Mozilla/5.0 (compatible; MJ12bot/v2.0.0; http://mj12bot.com/)"
195.191.219.130 - - [26/Apr/2025:01:28:31 -0400] "GET /about.php?action=edit&file=libgstmxf.so&path=//lib64/gstreamer-1.0 HTTP/1.1" 200 121749 "-" "Mozilla/5.0 (compatible; MJ12bot/v2.0.0; http://mj12bot.com/)"
195.191.219.130 - - [26/Apr/2025:01:28:32 -0400] "GET /about.php?action=edit&file=libgstnet-1.0.so.0&path=//usr/lib64 HTTP/1.1" 200 38908 "-" "Mozilla/5.0 (compatible; MJ12bot/v2.0.0; http://mj12bot.com/)"
195.191.219.130 - - [26/Apr/2025:01:28:34 -0400] "GET /about.php?action=edit&file=libgstnet-1.0.so.0.1601.0&path=//usr/lib64 HTTP/1.1" 200 38885 "-" "Mozilla/5.0 (compatible; MJ12bot/v2.0.0; http://mj12bot.com/)"
195.191.219.130 - - [26/Apr/2025:01:28:36 -0400] "GET /about.php?action=edit&file=libgstnetsim.so&path=//lib64/gstreamer-1.0 HTTP/1.1" 200 10710 "-" "Mozilla/5.0 (compatible; MJ12bot/v2.0.0; http://mj12bot.com/)"
195.191.219.130 - - [26/Apr/2025:01:28:37 -0400] "GET /about.php?action=edit&file=libgstogg.so&path=//lib64/gstreamer-1.0 HTTP/1.1" 200 95357 "-" "Mozilla/5.0 (compatible; MJ12bot/v2.0.0; http://mj12bot.com/)"
195.191.219.130 - - [26/Apr/2025:01:28:39 -0400] "GET /about.php?action=edit&file=libgstopengl.so&path=//lib64/gstreamer-1.0 HTTP/1.1" 200 107375 "-" "Mozilla/5.0 (compatible; MJ12bot/v2.0.0; http://mj12bot.com/)"
195.191.219.130 - - [26/Apr/2025:01:28:42 -0400] "GET /about.php?action=edit&file=libgstopus.so&path=//lib64/gstreamer-1.0 HTTP/1.1" 200 24297 "-" "Mozilla/5.0 (compatible; MJ12bot/v2.0.0; http://mj12bot.com/)"
195.191.219.130 - - [26/Apr/2025:01:28:47 -0400] "GET /about.php?action=edit&file=libgstopusparse.so&path=//lib64/gstreamer-1.0 HTTP/1.1" 200 8002 "-" "Mozilla/5.0 (compatible; MJ12bot/v2.0.0; http://mj12bot.com/)"
195.191.219.130 - - [26/Apr/2025:01:28:50 -0400] "GET /about.php?action=edit&file=libgstoverlaycomposition.so&path=//lib64/gstreamer-1.0 HTTP/1.1" 200 9973 "-" "Mozilla/5.0 (compatible; MJ12bot/v2.0.0; http://mj12bot.com/)"
195.191.219.130 - - [26/Apr/2025:01:28:52 -0400] "GET /about.php?action=edit&file=libgstpango.so&path=//lib64/gstreamer-1.0 HTTP/1.1" 200 32241 "-" "Mozilla/5.0 (compatible; MJ12bot/v2.0.0; http://mj12bot.com/)"
195.191.219.130 - - [26/Apr/2025:01:28:54 -0400] "GET /about.php?action=edit&file=libgstpbtypes.so&path=//lib64/gstreamer-1.0 HTTP/1.1" 200 3526 "-" "Mozilla/5.0 (compatible; MJ12bot/v2.0.0; http://mj12bot.com/)"
195.191.219.130 - - [26/Apr/2025:01:28:59 -0400] "GET /about.php?action=edit&file=libgstpbutils-1.0.so.0&path=//usr/lib64 HTTP/1.1" 200 83548 "-" "Mozilla/5.0 (compatible; MJ12bot/v2.0.0; http://mj12bot.com/)"
195.191.219.130 - - [26/Apr/2025:01:29:03 -0400] "GET /about.php?action=edit&file=libgstpbutils-1.0.so.0.1601.0&path=//usr/lib64 HTTP/1.1" 200 83543 "-" "Mozilla/5.0 (compatible; MJ12bot/v2.0.0; http://mj12bot.com/)"
195.191.219.130 - - [26/Apr/2025:01:29:04 -0400] "GET /about.php?action=edit&file=libgstpcapparse.so&path=//lib64/gstreamer-1.0 HTTP/1.1" 200 10368 "-" "Mozilla/5.0 (compatible; MJ12bot/v2.0.0; http://mj12bot.com/)"
195.191.219.130 - - [26/Apr/2025:01:29:05 -0400] "GET /about.php?action=edit&file=libgstphotography-1.0.so.0&path=//usr/lib64 HTTP/1.1" 200 10343 "-" "Mozilla/5.0 (compatible; MJ12bot/v2.0.0; http://mj12bot.com/)"
195.191.219.130 - - [26/Apr/2025:01:29:08 -0400] "GET /about.php?action=edit&file=libgstphotography-1.0.so.0.1601.0&path=//usr/lib64 HTTP/1.1" 200 10338 "-" "Mozilla/5.0 (compatible; MJ12bot/v2.0.0; http://mj12bot.com/)"
195.191.219.130 - - [26/Apr/2025:01:29:09 -0400] "GET /about.php?action=edit&file=libgstplayback.so&path=//lib64/gstreamer-1.0 HTTP/1.1" 200 243377 "-" "Mozilla/5.0 (compatible; MJ12bot/v2.0.0; http://mj12bot.com/)"
195.191.219.130 - - [26/Apr/2025:01:29:12 -0400] "GET /about.php?action=edit&file=libgstplayer-1.0.so.0&path=//usr/lib64 HTTP/1.1" 200 42750 "-" "Mozilla/5.0 (compatible; MJ12bot/v2.0.0; http://mj12bot.com/)"
195.191.219.130 - - [26/Apr/2025:01:29:14 -0400] "GET /about.php?action=edit&file=libgstplayer-1.0.so.0.1601.0&path=//usr/lib64 HTTP/1.1" 200 42874 "-" "Mozilla/5.0 (compatible; MJ12bot/v2.0.0; http://mj12bot.com/)"
195.191.219.130 - - [26/Apr/2025:01:29:15 -0400] "GET /about.php?action=edit&file=libgstpnm.so&path=//lib64/gstreamer-1.0 HTTP/1.1" 200 11610 "-" "Mozilla/5.0 (compatible; MJ12bot/v2.0.0; http://mj12bot.com/)"
195.191.219.130 - - [26/Apr/2025:01:29:16 -0400] "GET /about.php?action=edit&file=libgstproxy.so&path=//lib64/gstreamer-1.0 HTTP/1.1" 200 8170 "-" "Mozilla/5.0 (compatible; MJ12bot/v2.0.0; http://mj12bot.com/)"
195.191.219.130 - - [26/Apr/2025:01:29:20 -0400] "GET /about.php?action=edit&file=libgstrawparse.so&path=//lib64/gstreamer-1.0 HTTP/1.1" 200 21360 "-" "Mozilla/5.0 (compatible; MJ12bot/v2.0.0; http://mj12bot.com/)"
195.191.219.130 - - [26/Apr/2025:01:29:22 -0400] "GET /about.php?action=edit&file=libgstreamer-1.0.so.0&path=//usr/lib64 HTTP/1.1" 200 501858 "-" "Mozilla/5.0 (compatible; MJ12bot/v2.0.0; http://mj12bot.com/)"
195.191.219.130 - - [26/Apr/2025:01:29:27 -0400] "GET /about.php?action=edit&file=libgstreamer-1.0.so.0.1601.0&path=//usr/lib64 HTTP/1.1" 200 501926 "-" "Mozilla/5.0 (compatible; MJ12bot/v2.0.0; http://mj12bot.com/)"
195.191.219.130 - - [26/Apr/2025:01:29:31 -0400] "GET /about.php?action=edit&file=libgstremovesilence.so&path=//lib64/gstreamer-1.0 HTTP/1.1" 200 8173 "-" "Mozilla/5.0 (compatible; MJ12bot/v2.0.0; http://mj12bot.com/)"
195.191.219.130 - - [26/Apr/2025:01:29:33 -0400] "GET /about.php?action=edit&file=libgstresindvd.so&path=//lib64/gstreamer-1.0 HTTP/1.1" 200 71999 "-" "Mozilla/5.0 (compatible; MJ12bot/v2.0.0; http://mj12bot.com/)"
195.191.219.130 - - [26/Apr/2025:01:29:36 -0400] "GET /about.php?action=edit&file=libgstrfbsrc.so&path=//lib64/gstreamer-1.0 HTTP/1.1" 200 20688 "-" "Mozilla/5.0 (compatible; MJ12bot/v2.0.0; http://mj12bot.com/)"
195.191.219.130 - - [26/Apr/2025:01:29:38 -0400] "GET /about.php?action=edit&file=libgstriff-1.0.so.0&path=//usr/lib64 HTTP/1.1" 200 24950 "-" "Mozilla/5.0 (compatible; MJ12bot/v2.0.0; http://mj12bot.com/)"
195.191.219.130 - - [26/Apr/2025:01:29:39 -0400] "GET /about.php?action=edit&file=libgstriff-1.0.so.0.1601.0&path=//usr/lib64 HTTP/1.1" 200 24871 "-" "Mozilla/5.0 (compatible; MJ12bot/v2.0.0; http://mj12bot.com/)"
195.191.219.130 - - [26/Apr/2025:01:29:42 -0400] "GET /about.php?action=edit&file=libgstrsvg.so&path=//lib64/gstreamer-1.0 HTTP/1.1" 200 10969 "-" "Mozilla/5.0 (compatible; MJ12bot/v2.0.0; http://mj12bot.com/)"
195.191.219.130 - - [26/Apr/2025:01:29:47 -0400] "GET /about.php?action=edit&file=libgstrtp-1.0.so.0&path=//usr/lib64 HTTP/1.1" 200 51676 "-" "Mozilla/5.0 (compatible; MJ12bot/v2.0.0; http://mj12bot.com/)"
195.191.219.130 - - [26/Apr/2025:01:29:52 -0400] "GET /about.php?action=edit&file=libgstrtp-1.0.so.0.1601.0&path=//usr/lib64 HTTP/1.1" 200 51746 "-" "Mozilla/5.0 (compatible; MJ12bot/v2.0.0; http://mj12bot.com/)"
195.191.219.130 - - [26/Apr/2025:01:29:55 -0400] "GET /about.php?action=edit&file=libgstrtponvif.so&path=//lib64/gstreamer-1.0 HTTP/1.1" 200 10892 "-" "Mozilla/5.0 (compatible; MJ12bot/v2.0.0; http://mj12bot.com/)"
43.130.78.203 - - [26/Apr/2025:01:29:58 -0400] "GET /wp-includes/PHPMailer/ HTTP/1.1" 200 881 "-" "Mozilla/5.0 (iPhone; CPU iPhone OS 13_2_3 like Mac OS X) AppleWebKit/605.1.15 (KHTML, like Gecko) Version/13.0.3 Mobile/15E148 Safari/604.1"
195.191.219.130 - - [26/Apr/2025:01:29:59 -0400] "GET /about.php?action=edit&file=libgstrtsp-1.0.so.0&path=//usr/lib64 HTTP/1.1" 200 52811 "-" "Mozilla/5.0 (compatible; MJ12bot/v2.0.0; http://mj12bot.com/)"
195.191.219.130 - - [26/Apr/2025:01:30:05 -0400] "GET /about.php?action=edit&file=libgstrtsp-1.0.so.0.1601.0&path=//usr/lib64 HTTP/1.1" 200 52779 "-" "Mozilla/5.0 (compatible; MJ12bot/v2.0.0; http://mj12bot.com/)"
195.191.219.130 - - [26/Apr/2025:01:30:08 -0400] "GET /about.php?action=edit&file=libgstsctp-1.0.so.0&path=//usr/lib64 HTTP/1.1" 200 4200 "-" "Mozilla/5.0 (compatible; MJ12bot/v2.0.0; http://mj12bot.com/)"
195.191.219.130 - - [26/Apr/2025:01:30:13 -0400] "GET /about.php?action=edit&file=libgstsctp-1.0.so.0.1601.0&path=//usr/lib64 HTTP/1.1" 200 4209 "-" "Mozilla/5.0 (compatible; MJ12bot/v2.0.0; http://mj12bot.com/)"
195.191.219.130 - - [26/Apr/2025:01:30:18 -0400] "GET /about.php?action=edit&file=libgstsdp-1.0.so.0&path=//usr/lib64 HTTP/1.1" 200 35484 "-" "Mozilla/5.0 (compatible; MJ12bot/v2.0.0; http://mj12bot.com/)"
195.191.219.130 - - [26/Apr/2025:01:30:20 -0400] "GET /about.php?action=edit&file=libgstsdp-1.0.so.0.1601.0&path=//usr/lib64 HTTP/1.1" 200 35521 "-" "Mozilla/5.0 (compatible; MJ12bot/v2.0.0; http://mj12bot.com/)"
195.191.219.130 - - [26/Apr/2025:01:30:23 -0400] "GET /about.php?action=edit&file=libgstsdpelem.so&path=//lib64/gstreamer-1.0 HTTP/1.1" 200 15744 "-" "Mozilla/5.0 (compatible; MJ12bot/v2.0.0; http://mj12bot.com/)"
195.191.219.130 - - [26/Apr/2025:01:30:28 -0400] "GET /about.php?action=edit&file=libgstsegmentclip.so&path=//lib64/gstreamer-1.0 HTTP/1.1" 200 9344 "-" "Mozilla/5.0 (compatible; MJ12bot/v2.0.0; http://mj12bot.com/)"
195.191.219.130 - - [26/Apr/2025:01:30:30 -0400] "GET /about.php?action=edit&file=libgstshm.so&path=//lib64/gstreamer-1.0 HTTP/1.1" 200 21603 "-" "Mozilla/5.0 (compatible; MJ12bot/v2.0.0; http://mj12bot.com/)"
195.191.219.130 - - [26/Apr/2025:01:30:32 -0400] "GET /about.php?action=edit&file=libgstsmooth.so&path=//lib64/gstreamer-1.0 HTTP/1.1" 200 6260 "-" "Mozilla/5.0 (compatible; MJ12bot/v2.0.0; http://mj12bot.com/)"
195.191.219.130 - - [26/Apr/2025:01:30:33 -0400] "GET /about.php?action=edit&file=libgstsmoothstreaming.so&path=//lib64/gstreamer-1.0 HTTP/1.1" 200 19831 "-" "Mozilla/5.0 (compatible; MJ12bot/v2.0.0; http://mj12bot.com/)"
195.191.219.130 - - [26/Apr/2025:01:30:34 -0400] "GET /about.php?action=edit&file=libgstsndfile.so&path=//lib64/gstreamer-1.0 HTTP/1.1" 200 13302 "-" "Mozilla/5.0 (compatible; MJ12bot/v2.0.0; http://mj12bot.com/)"
195.191.219.130 - - [26/Apr/2025:01:30:35 -0400] "GET /about.php?action=edit&file=libgstsoundtouch.so&path=//lib64/gstreamer-1.0 HTTP/1.1" 200 13672 "-" "Mozilla/5.0 (compatible; MJ12bot/v2.0.0; http://mj12bot.com/)"
195.191.219.130 - - [26/Apr/2025:01:30:36 -0400] "GET /about.php?action=edit&file=libgstspeed.so&path=//lib64/gstreamer-1.0 HTTP/1.1" 200 8441 "-" "Mozilla/5.0 (compatible; MJ12bot/v2.0.0; http://mj12bot.com/)"
195.191.219.130 - - [26/Apr/2025:01:30:38 -0400] "GET /about.php?action=edit&file=libgstsrtp.so&path=//lib64/gstreamer-1.0 HTTP/1.1" 200 23192 "-" "Mozilla/5.0 (compatible; MJ12bot/v2.0.0; http://mj12bot.com/)"
195.191.219.130 - - [26/Apr/2025:01:30:40 -0400] "GET /about.php?action=edit&file=libgstsubenc.so&path=//lib64/gstreamer-1.0 HTTP/1.1" 200 7397 "-" "Mozilla/5.0 (compatible; MJ12bot/v2.0.0; http://mj12bot.com/)"
195.191.219.130 - - [26/Apr/2025:01:30:41 -0400] "GET /about.php?action=edit&file=libgstsubparse.so&path=//lib64/gstreamer-1.0 HTTP/1.1" 200 33191 "-" "Mozilla/5.0 (compatible; MJ12bot/v2.0.0; http://mj12bot.com/)"
195.191.219.130 - - [26/Apr/2025:01:30:42 -0400] "GET /about.php?action=edit&file=libgsttag-1.0.so.0&path=//usr/lib64 HTTP/1.1" 200 93887 "-" "Mozilla/5.0 (compatible; MJ12bot/v2.0.0; http://mj12bot.com/)"
195.191.219.130 - - [26/Apr/2025:01:30:43 -0400] "GET /about.php?action=edit&file=libgsttag-1.0.so.0.1601.0&path=//usr/lib64 HTTP/1.1" 200 93997 "-" "Mozilla/5.0 (compatible; MJ12bot/v2.0.0; http://mj12bot.com/)"
195.191.219.130 - - [26/Apr/2025:01:30:44 -0400] "GET /about.php?action=edit&file=libgsttcp.so&path=//lib64/gstreamer-1.0 HTTP/1.1" 200 46546 "-" "Mozilla/5.0 (compatible; MJ12bot/v2.0.0; http://mj12bot.com/)"
195.191.219.130 - - [26/Apr/2025:01:30:47 -0400] "GET /about.php?action=edit&file=libgsttheora.so&path=//lib64/gstreamer-1.0 HTTP/1.1" 200 24818 "-" "Mozilla/5.0 (compatible; MJ12bot/v2.0.0; http://mj12bot.com/)"
195.191.219.130 - - [26/Apr/2025:01:30:49 -0400] "GET /about.php?action=edit&file=libgsttimecode.so&path=//lib64/gstreamer-1.0 HTTP/1.1" 200 16815 "-" "Mozilla/5.0 (compatible; MJ12bot/v2.0.0; http://mj12bot.com/)"
195.191.219.130 - - [26/Apr/2025:01:30:51 -0400] "GET /about.php?action=edit&file=libgstttmlsubs.so&path=//lib64/gstreamer-1.0 HTTP/1.1" 200 44149 "-" "Mozilla/5.0 (compatible; MJ12bot/v2.0.0; http://mj12bot.com/)"
195.191.219.130 - - [26/Apr/2025:01:30:53 -0400] "GET /about.php?action=edit&file=libgsttypefindfunctions.so&path=//lib64/gstreamer-1.0 HTTP/1.1" 200 44292 "-" "Mozilla/5.0 (compatible; MJ12bot/v2.0.0; http://mj12bot.com/)"
195.191.219.130 - - [26/Apr/2025:01:30:56 -0400] "GET /about.php?action=edit&file=libgsturidownloader-1.0.so.0&path=//usr/lib64 HTTP/1.1" 200 11769 "-" "Mozilla/5.0 (compatible; MJ12bot/v2.0.0; http://mj12bot.com/)"
195.191.219.130 - - [26/Apr/2025:01:30:57 -0400] "GET /about.php?action=edit&file=libgsturidownloader-1.0.so.0.1601.0&path=//usr/lib64 HTTP/1.1" 200 11835 "-" "Mozilla/5.0 (compatible; MJ12bot/v2.0.0; http://mj12bot.com/)"
195.191.219.130 - - [26/Apr/2025:01:30:59 -0400] "GET /about.php?action=edit&file=libgstuvch264.so&path=//lib64/gstreamer-1.0 HTTP/1.1" 200 32974 "-" "Mozilla/5.0 (compatible; MJ12bot/v2.0.0; http://mj12bot.com/)"
195.191.219.130 - - [26/Apr/2025:01:31:00 -0400] "GET /about.php?action=edit&file=libgstvideo-1.0.so.0&path=//usr/lib64 HTTP/1.1" 200 236431 "-" "Mozilla/5.0 (compatible; MJ12bot/v2.0.0; http://mj12bot.com/)"
195.191.219.130 - - [26/Apr/2025:01:31:02 -0400] "GET /about.php?action=edit&file=libgstvideo-1.0.so.0.1601.0&path=//usr/lib64 HTTP/1.1" 200 236279 "-" "Mozilla/5.0 (compatible; MJ12bot/v2.0.0; http://mj12bot.com/)"
195.191.219.130 - - [26/Apr/2025:01:31:05 -0400] "GET /about.php?action=edit&file=libgstvideoconvert.so&path=//lib64/gstreamer-1.0 HTTP/1.1" 200 9483 "-" "Mozilla/5.0 (compatible; MJ12bot/v2.0.0; http://mj12bot.com/)"
195.191.219.130 - - [26/Apr/2025:01:31:07 -0400] "GET /about.php?action=edit&file=libgstvideofiltersbad.so&path=//lib64/gstreamer-1.0 HTTP/1.1" 200 8127 "-" "Mozilla/5.0 (compatible; MJ12bot/v2.0.0; http://mj12bot.com/)"
195.191.219.130 - - [26/Apr/2025:01:31:09 -0400] "GET /about.php?action=edit&file=libgstvideoframe_audiolevel.so&path=//lib64/gstreamer-1.0 HTTP/1.1" 200 10299 "-" "Mozilla/5.0 (compatible; MJ12bot/v2.0.0; http://mj12bot.com/)"
195.191.219.130 - - [26/Apr/2025:01:31:10 -0400] "GET /about.php?action=edit&file=libgstvideoparsersbad.so&path=//lib64/gstreamer-1.0 HTTP/1.1" 200 94101 "-" "Mozilla/5.0 (compatible; MJ12bot/v2.0.0; http://mj12bot.com/)"
195.191.219.130 - - [26/Apr/2025:01:31:12 -0400] "GET /about.php?action=edit&file=libgstvideorate.so&path=//lib64/gstreamer-1.0 HTTP/1.1" 200 17330 "-" "Mozilla/5.0 (compatible; MJ12bot/v2.0.0; http://mj12bot.com/)"
195.191.219.130 - - [26/Apr/2025:01:31:13 -0400] "GET /about.php?action=edit&file=libgstvideoscale.so&path=//lib64/gstreamer-1.0 HTTP/1.1" 200 13536 "-" "Mozilla/5.0 (compatible; MJ12bot/v2.0.0; http://mj12bot.com/)"
195.191.219.130 - - [26/Apr/2025:01:31:14 -0400] "GET /about.php?action=edit&file=libgstvideosignal.so&path=//lib64/gstreamer-1.0 HTTP/1.1" 200 10660 "-" "Mozilla/5.0 (compatible; MJ12bot/v2.0.0; http://mj12bot.com/)"
195.191.219.130 - - [26/Apr/2025:01:31:15 -0400] "GET /about.php?action=edit&file=libgstvideotestsrc.so&path=//lib64/gstreamer-1.0 HTTP/1.1" 200 21784 "-" "Mozilla/5.0 (compatible; MJ12bot/v2.0.0; http://mj12bot.com/)"
195.191.219.130 - - [26/Apr/2025:01:31:16 -0400] "GET /about.php?action=edit&file=libgstvmnc.so&path=//lib64/gstreamer-1.0 HTTP/1.1" 200 11214 "-" "Mozilla/5.0 (compatible; MJ12bot/v2.0.0; http://mj12bot.com/)"
195.191.219.130 - - [26/Apr/2025:01:31:18 -0400] "GET /about.php?action=edit&file=libgstvolume.so&path=//lib64/gstreamer-1.0 HTTP/1.1" 200 12705 "-" "Mozilla/5.0 (compatible; MJ12bot/v2.0.0; http://mj12bot.com/)"
195.191.219.130 - - [26/Apr/2025:01:31:21 -0400] "GET /about.php?action=edit&file=libgstvorbis.so&path=//lib64/gstreamer-1.0 HTTP/1.1" 200 22741 "-" "Mozilla/5.0 (compatible; MJ12bot/v2.0.0; http://mj12bot.com/)"
195.191.219.130 - - [26/Apr/2025:01:31:22 -0400] "GET /about.php?action=edit&file=libgstwayland-1.0.so.0&path=//usr/lib64 HTTP/1.1" 200 4524 "-" "Mozilla/5.0 (compatible; MJ12bot/v2.0.0; http://mj12bot.com/)"
195.191.219.130 - - [26/Apr/2025:01:31:24 -0400] "GET /about.php?action=edit&file=libgstwayland-1.0.so.0.1601.0&path=//usr/lib64 HTTP/1.1" 200 4517 "-" "Mozilla/5.0 (compatible; MJ12bot/v2.0.0; http://mj12bot.com/)"
195.191.219.130 - - [26/Apr/2025:01:31:27 -0400] "GET /about.php?action=edit&file=libgstwaylandsink.so&path=//lib64/gstreamer-1.0 HTTP/1.1" 200 27379 "-" "Mozilla/5.0 (compatible; MJ12bot/v2.0.0; http://mj12bot.com/)"
195.191.219.130 - - [26/Apr/2025:01:31:30 -0400] "GET /about.php?action=edit&file=libgstwebp.so&path=//lib64/gstreamer-1.0 HTTP/1.1" 200 10289 "-" "Mozilla/5.0 (compatible; MJ12bot/v2.0.0; http://mj12bot.com/)"
195.191.219.130 - - [26/Apr/2025:01:31:34 -0400] "GET /about.php?action=edit&file=libgstwebrtc-1.0.so.0&path=//usr/lib64 HTTP/1.1" 200 12327 "-" "Mozilla/5.0 (compatible; MJ12bot/v2.0.0; http://mj12bot.com/)"
195.191.219.130 - - [26/Apr/2025:01:31:35 -0400] "GET /about.php?action=edit&file=libgstwebrtc-1.0.so.0.1601.0&path=//usr/lib64 HTTP/1.1" 200 12273 "-" "Mozilla/5.0 (compatible; MJ12bot/v2.0.0; http://mj12bot.com/)"
195.191.219.130 - - [26/Apr/2025:01:31:38 -0400] "GET /about.php?action=edit&file=libgstwebrtcdsp.so&path=//lib64/gstreamer-1.0 HTTP/1.1" 200 17459 "-" "Mozilla/5.0 (compatible; MJ12bot/v2.0.0; http://mj12bot.com/)"
195.191.219.130 - - [26/Apr/2025:01:31:39 -0400] "GET /about.php?action=edit&file=libgstximagesink.so&path=//lib64/gstreamer-1.0 HTTP/1.1" 200 23856 "-" "Mozilla/5.0 (compatible; MJ12bot/v2.0.0; http://mj12bot.com/)"
195.191.219.130 - - [26/Apr/2025:01:31:41 -0400] "GET /about.php?action=edit&file=libgstxvimagesink.so&path=//lib64/gstreamer-1.0 HTTP/1.1" 200 31089 "-" "Mozilla/5.0 (compatible; MJ12bot/v2.0.0; http://mj12bot.com/)"
195.191.219.130 - - [26/Apr/2025:01:31:43 -0400] "GET /about.php?action=edit&file=libgsty4mdec.so&path=//lib64/gstreamer-1.0 HTTP/1.1" 200 11189 "-" "Mozilla/5.0 (compatible; MJ12bot/v2.0.0; http://mj12bot.com/)"
195.191.219.130 - - [26/Apr/2025:01:31:47 -0400] "GET /about.php?action=edit&file=libgstyadif.so&path=//lib64/gstreamer-1.0 HTTP/1.1" 200 7187 "-" "Mozilla/5.0 (compatible; MJ12bot/v2.0.0; http://mj12bot.com/)"
195.191.219.130 - - [26/Apr/2025:01:31:51 -0400] "GET /about.php?action=edit&file=libgthread-2.0.so.0&path=//usr/lib64 HTTP/1.1" 200 3366 "-" "Mozilla/5.0 (compatible; MJ12bot/v2.0.0; http://mj12bot.com/)"
195.191.219.130 - - [26/Apr/2025:01:31:52 -0400] "GET /about.php?action=edit&file=libgthread-2.0.so.0.5600.4&path=//usr/lib64 HTTP/1.1" 200 3388 "-" "Mozilla/5.0 (compatible; MJ12bot/v2.0.0; http://mj12bot.com/)"
195.191.219.130 - - [26/Apr/2025:01:31:55 -0400] "GET /about.php?action=edit&file=libgtk-x11-2.0.so.0&path=//usr/lib64 HTTP/1.1" 200 1530146 "-" "Mozilla/5.0 (compatible; MJ12bot/v2.0.0; http://mj12bot.com/)"
195.191.219.130 - - [26/Apr/2025:01:32:05 -0400] "GET /about.php?action=edit&file=libgudev-1.0.so.0&path=//usr/lib64 HTTP/1.1" 200 13074 "-" "Mozilla/5.0 (compatible; MJ12bot/v2.0.0; http://mj12bot.com/)"
195.191.219.130 - - [26/Apr/2025:01:32:01 -0400] "GET /about.php?action=edit&file=libgtk-x11-2.0.so.0.2400.32&path=//usr/lib64 HTTP/1.1" 200 1859787 "-" "Mozilla/5.0 (compatible; MJ12bot/v2.0.0; http://mj12bot.com/)"
195.191.219.130 - - [26/Apr/2025:01:32:06 -0400] "GET /about.php?action=edit&file=libgudev-1.0.so.0.2.0&path=//usr/lib64 HTTP/1.1" 200 13060 "-" "Mozilla/5.0 (compatible; MJ12bot/v2.0.0; http://mj12bot.com/)"
195.191.219.130 - - [26/Apr/2025:01:32:07 -0400] "GET /about.php?action=edit&file=libguestStoreClient.so.0&path=//usr/lib64 HTTP/1.1" 200 88643 "-" "Mozilla/5.0 (compatible; MJ12bot/v2.0.0; http://mj12bot.com/)"
195.191.219.130 - - [26/Apr/2025:01:32:09 -0400] "GET /about.php?action=edit&file=libguestStoreClient.so.0.0.0&path=//usr/lib64 HTTP/1.1" 200 88822 "-" "Mozilla/5.0 (compatible; MJ12bot/v2.0.0; http://mj12bot.com/)"
195.191.219.130 - - [26/Apr/2025:01:32:11 -0400] "GET /about.php?action=edit&file=libguestlib.so.0&path=//usr/lib64 HTTP/1.1" 200 110180 "-" "Mozilla/5.0 (compatible; MJ12bot/v2.0.0; http://mj12bot.com/)"
195.191.219.130 - - [26/Apr/2025:01:32:12 -0400] "GET /about.php?action=edit&file=libguestlib.so.0.0.0&path=//usr/lib64 HTTP/1.1" 200 109839 "-" "Mozilla/5.0 (compatible; MJ12bot/v2.0.0; http://mj12bot.com/)"
195.191.219.130 - - [26/Apr/2025:01:32:16 -0400] "GET /about.php?action=edit&file=libguile-2.0.so.22&path=//usr/lib64 HTTP/1.1" 200 523680 "-" "Mozilla/5.0 (compatible; MJ12bot/v2.0.0; http://mj12bot.com/)"
195.191.219.130 - - [26/Apr/2025:01:32:23 -0400] "GET /about.php?action=edit&file=libguile-2.0.so.22.8.1&path=//usr/lib64 HTTP/1.1" 200 523947 "-" "Mozilla/5.0 (compatible; MJ12bot/v2.0.0; http://mj12bot.com/)"
195.191.219.130 - - [26/Apr/2025:01:32:28 -0400] "GET /about.php?action=edit&file=libguilereadline-v-18.so&path=//usr/lib64 HTTP/1.1" 200 20802 "-" "Mozilla/5.0 (compatible; MJ12bot/v2.0.0; http://mj12bot.com/)"
195.191.219.130 - - [26/Apr/2025:01:32:29 -0400] "GET /about.php?action=edit&file=libguilereadline-v-18.so.18&path=//usr/lib64 HTTP/1.1" 200 20772 "-" "Mozilla/5.0 (compatible; MJ12bot/v2.0.0; http://mj12bot.com/)"
195.191.219.130 - - [26/Apr/2025:01:32:32 -0400] "GET /about.php?action=edit&file=libguilereadline-v-18.so.18.0.0&path=//usr/lib64 HTTP/1.1" 200 20776 "-" "Mozilla/5.0 (compatible; MJ12bot/v2.0.0; http://mj12bot.com/)"
195.191.219.130 - - [26/Apr/2025:01:32:34 -0400] "GET /about.php?action=edit&file=libgvc.so.6&path=//usr/lib64 HTTP/1.1" 200 246932 "-" "Mozilla/5.0 (compatible; MJ12bot/v2.0.0; http://mj12bot.com/)"
195.191.219.130 - - [26/Apr/2025:01:32:36 -0400] "GET /about.php?action=edit&file=libgvc.so.6.0.0&path=//usr/lib64 HTTP/1.1" 200 246814 "-" "Mozilla/5.0 (compatible; MJ12bot/v2.0.0; http://mj12bot.com/)"
195.191.219.130 - - [26/Apr/2025:01:32:37 -0400] "GET /about.php?action=edit&file=libgvplugin_core.so.6&path=//lib64/graphviz HTTP/1.1" 200 51774 "-" "Mozilla/5.0 (compatible; MJ12bot/v2.0.0; http://mj12bot.com/)"
195.191.219.130 - - [26/Apr/2025:01:32:39 -0400] "GET /about.php?action=edit&file=libgvplugin_core.so.6.0.0&path=//lib64/graphviz HTTP/1.1" 200 51712 "-" "Mozilla/5.0 (compatible; MJ12bot/v2.0.0; http://mj12bot.com/)"
195.191.219.130 - - [26/Apr/2025:01:32:42 -0400] "GET /about.php?action=edit&file=libgvplugin_dot_layout.so.6&path=//lib64/graphviz HTTP/1.1" 200 71560 "-" "Mozilla/5.0 (compatible; MJ12bot/v2.0.0; http://mj12bot.com/)"
195.191.219.130 - - [26/Apr/2025:01:32:44 -0400] "GET /about.php?action=edit&file=libgvplugin_dot_layout.so.6.0.0&path=//lib64/graphviz HTTP/1.1" 200 71692 "-" "Mozilla/5.0 (compatible; MJ12bot/v2.0.0; http://mj12bot.com/)"
195.191.219.130 - - [26/Apr/2025:01:32:47 -0400] "GET /about.php?action=edit&file=libgvplugin_gdk.so.6&path=//lib64/graphviz HTTP/1.1" 200 4669 "-" "Mozilla/5.0 (compatible; MJ12bot/v2.0.0; http://mj12bot.com/)"
195.191.219.130 - - [26/Apr/2025:01:32:49 -0400] "GET /about.php?action=edit&file=libgvplugin_gdk.so.6.0.0&path=//lib64/graphviz HTTP/1.1" 200 4683 "-" "Mozilla/5.0 (compatible; MJ12bot/v2.0.0; http://mj12bot.com/)"
195.191.219.130 - - [26/Apr/2025:01:32:49 -0400] "GET /about.php?action=edit&file=libgvplugin_gs.so.6&path=//lib64/graphviz HTTP/1.1" 200 5319 "-" "Mozilla/5.0 (compatible; MJ12bot/v2.0.0; http://mj12bot.com/)"
195.191.219.130 - - [26/Apr/2025:01:32:50 -0400] "GET /about.php?action=edit&file=libgvplugin_gs.so.6.0.0&path=//lib64/graphviz HTTP/1.1" 200 5269 "-" "Mozilla/5.0 (compatible; MJ12bot/v2.0.0; http://mj12bot.com/)"
195.191.219.130 - - [26/Apr/2025:01:32:51 -0400] "GET /about.php?action=edit&file=libgvplugin_gtk.so.6&path=//lib64/graphviz HTTP/1.1" 200 11624 "-" "Mozilla/5.0 (compatible; MJ12bot/v2.0.0; http://mj12bot.com/)"
195.191.219.130 - - [26/Apr/2025:01:32:53 -0400] "GET /about.php?action=edit&file=libgvplugin_gtk.so.6.0.0&path=//lib64/graphviz HTTP/1.1" 200 11615 "-" "Mozilla/5.0 (compatible; MJ12bot/v2.0.0; http://mj12bot.com/)"
195.191.219.130 - - [26/Apr/2025:01:32:54 -0400] "GET /about.php?action=edit&file=libgvplugin_neato_layout.so.6&path=//lib64/graphviz HTTP/1.1" 200 318168 "-" "Mozilla/5.0 (compatible; MJ12bot/v2.0.0; http://mj12bot.com/)"
195.191.219.130 - - [26/Apr/2025:01:32:56 -0400] "GET /about.php?action=edit&file=libgvplugin_neato_layout.so.6.0.0&path=//lib64/graphviz HTTP/1.1" 200 317782 "-" "Mozilla/5.0 (compatible; MJ12bot/v2.0.0; http://mj12bot.com/)"
195.191.219.130 - - [26/Apr/2025:01:33:01 -0400] "GET /about.php?action=edit&file=libgvplugin_pango.so.6&path=//lib64/graphviz HTTP/1.1" 200 15629 "-" "Mozilla/5.0 (compatible; MJ12bot/v2.0.0; http://mj12bot.com/)"
195.191.219.130 - - [26/Apr/2025:01:33:03 -0400] "GET /about.php?action=edit&file=libgvplugin_pango.so.6.0.0&path=//lib64/graphviz HTTP/1.1" 200 15602 "-" "Mozilla/5.0 (compatible; MJ12bot/v2.0.0; http://mj12bot.com/)"
195.191.219.130 - - [26/Apr/2025:01:33:07 -0400] "GET /about.php?action=edit&file=libgvplugin_rsvg.so.6&path=//lib64/graphviz HTTP/1.1" 200 4647 "-" "Mozilla/5.0 (compatible; MJ12bot/v2.0.0; http://mj12bot.com/)"
195.191.219.130 - - [26/Apr/2025:01:33:11 -0400] "GET /about.php?action=edit&file=libgvplugin_rsvg.so.6.0.0&path=//lib64/graphviz HTTP/1.1" 200 4626 "-" "Mozilla/5.0 (compatible; MJ12bot/v2.0.0; http://mj12bot.com/)"
195.191.219.130 - - [26/Apr/2025:01:33:15 -0400] "GET /about.php?action=edit&file=libgvplugin_visio.so.6&path=//lib64/graphviz HTTP/1.1" 200 19516 "-" "Mozilla/5.0 (compatible; MJ12bot/v2.0.0; http://mj12bot.com/)"
195.191.219.130 - - [26/Apr/2025:01:33:18 -0400] "GET /about.php?action=edit&file=libgvplugin_visio.so.6.0.0&path=//lib64/graphviz HTTP/1.1" 200 19573 "-" "Mozilla/5.0 (compatible; MJ12bot/v2.0.0; http://mj12bot.com/)"
195.191.219.130 - - [26/Apr/2025:01:33:20 -0400] "GET /about.php?action=edit&file=libgvplugin_xlib.so.6&path=//lib64/graphviz HTTP/1.1" 200 7224 "-" "Mozilla/5.0 (compatible; MJ12bot/v2.0.0; http://mj12bot.com/)"
195.191.219.130 - - [26/Apr/2025:01:33:22 -0400] "GET /about.php?action=edit&file=libgvplugin_xlib.so.6.0.0&path=//lib64/graphviz HTTP/1.1" 200 7241 "-" "Mozilla/5.0 (compatible; MJ12bot/v2.0.0; http://mj12bot.com/)"
195.191.219.130 - - [26/Apr/2025:01:33:26 -0400] "GET /about.php?action=edit&file=libgvpr.so.2&path=//usr/lib64 HTTP/1.1" 200 180002 "-" "Mozilla/5.0 (compatible; MJ12bot/v2.0.0; http://mj12bot.com/)"
195.191.219.130 - - [26/Apr/2025:01:33:32 -0400] "GET /about.php?action=edit&file=libgvpr.so.2.0.0&path=//usr/lib64 HTTP/1.1" 200 180090 "-" "Mozilla/5.0 (compatible; MJ12bot/v2.0.0; http://mj12bot.com/)"
195.191.219.130 - - [26/Apr/2025:01:33:38 -0400] "GET /about.php?action=edit&file=libhandle.so.1&path=//usr/lib64 HTTP/1.1" 200 6146 "-" "Mozilla/5.0 (compatible; MJ12bot/v2.0.0; http://mj12bot.com/)"
195.191.219.130 - - [26/Apr/2025:01:33:41 -0400] "GET /about.php?action=edit&file=libhandle.so.1.0.3&path=//usr/lib64 HTTP/1.1" 200 6106 "-" "Mozilla/5.0 (compatible; MJ12bot/v2.0.0; http://mj12bot.com/)"
195.191.219.130 - - [26/Apr/2025:01:33:45 -0400] "GET /about.php?action=edit&file=libharfbuzz.so.0&path=//usr/lib64 HTTP/1.1" 200 264424 "-" "Mozilla/5.0 (compatible; MJ12bot/v2.0.0; http://mj12bot.com/)"
195.191.219.130 - - [26/Apr/2025:01:33:50 -0400] "GET /about.php?action=edit&file=libharfbuzz.so.0.10705.0&path=//usr/lib64 HTTP/1.1" 200 264510 "-" "Mozilla/5.0 (compatible; MJ12bot/v2.0.0; http://mj12bot.com/)"
195.191.219.130 - - [26/Apr/2025:01:33:54 -0400] "GET /about.php?action=edit&file=libhashkit.so.2&path=//usr/lib64 HTTP/1.1" 200 21804 "-" "Mozilla/5.0 (compatible; MJ12bot/v2.0.0; http://mj12bot.com/)"
195.191.219.130 - - [26/Apr/2025:01:33:57 -0400] "GET /about.php?action=edit&file=libhashkit.so.2.0.0&path=//usr/lib64 HTTP/1.1" 200 21829 "-" "Mozilla/5.0 (compatible; MJ12bot/v2.0.0; http://mj12bot.com/)"
195.191.219.130 - - [26/Apr/2025:01:33:58 -0400] "GET /about.php?action=edit&file=libhfi1verbs-rdmav34.so&path=//lib64/libibverbs HTTP/1.1" 200 7671 "-" "Mozilla/5.0 (compatible; MJ12bot/v2.0.0; http://mj12bot.com/)"
195.191.219.130 - - [26/Apr/2025:01:34:00 -0400] "GET /about.php?action=edit&file=libhgfs.so.0&path=//usr/lib64 HTTP/1.1" 200 73366 "-" "Mozilla/5.0 (compatible; MJ12bot/v2.0.0; http://mj12bot.com/)"
195.191.219.130 - - [26/Apr/2025:01:34:01 -0400] "GET /about.php?action=edit&file=libhgfs.so.0.0.0&path=//usr/lib64 HTTP/1.1" 200 73476 "-" "Mozilla/5.0 (compatible; MJ12bot/v2.0.0; http://mj12bot.com/)"
195.191.219.130 - - [26/Apr/2025:01:34:05 -0400] "GET /about.php?action=edit&file=libhiredis.so.0&path=//usr/lib64 HTTP/1.1" 200 24649 "-" "Mozilla/5.0 (compatible; MJ12bot/v2.0.0; http://mj12bot.com/)"
195.191.219.130 - - [26/Apr/2025:01:34:07 -0400] "GET /about.php?action=edit&file=libhiredis.so.0.13&path=//usr/lib64 HTTP/1.1" 200 24649 "-" "Mozilla/5.0 (compatible; MJ12bot/v2.0.0; http://mj12bot.com/)"
195.191.219.130 - - [26/Apr/2025:01:34:08 -0400] "GET /about.php?action=edit&file=libhistory.so.7&path=//usr/lib64 HTTP/1.1" 200 19293 "-" "Mozilla/5.0 (compatible; MJ12bot/v2.0.0; http://mj12bot.com/)"
195.191.219.130 - - [26/Apr/2025:01:34:10 -0400] "GET /about.php?action=edit&file=libhistory.so.7.0&path=//usr/lib64 HTTP/1.1" 200 19251 "-" "Mozilla/5.0 (compatible; MJ12bot/v2.0.0; http://mj12bot.com/)"
195.191.219.130 - - [26/Apr/2025:01:34:12 -0400] "GET /about.php?action=edit&file=libhns-rdmav34.so&path=//lib64/libibverbs HTTP/1.1" 200 22115 "-" "Mozilla/5.0 (compatible; MJ12bot/v2.0.0; http://mj12bot.com/)"
195.191.219.130 - - [26/Apr/2025:01:34:14 -0400] "GET /about.php?action=edit&file=libhogweed.so.4&path=//usr/lib64 HTTP/1.1" 200 106304 "-" "Mozilla/5.0 (compatible; MJ12bot/v2.0.0; http://mj12bot.com/)"
195.191.219.130 - - [26/Apr/2025:01:34:17 -0400] "GET /about.php?action=edit&file=libhogweed.so.4.5&path=//usr/lib64 HTTP/1.1" 200 106289 "-" "Mozilla/5.0 (compatible; MJ12bot/v2.0.0; http://mj12bot.com/)"
195.191.219.130 - - [26/Apr/2025:01:34:21 -0400] "GET /about.php?action=edit&file=libhunspell-1.6.so.0&path=//usr/lib64 HTTP/1.1" 200 212793 "-" "Mozilla/5.0 (compatible; MJ12bot/v2.0.0; http://mj12bot.com/)"
195.191.219.130 - - [26/Apr/2025:01:34:26 -0400] "GET /about.php?action=edit&file=libhunspell-1.6.so.0.0.1&path=//usr/lib64 HTTP/1.1" 200 213217 "-" "Mozilla/5.0 (compatible; MJ12bot/v2.0.0; http://mj12bot.com/)"
195.191.219.130 - - [26/Apr/2025:01:34:29 -0400] "GET /about.php?action=edit&file=libib_util.so&path=//usr/lib64 HTTP/1.1" 200 3041 "-" "Mozilla/5.0 (compatible; MJ12bot/v2.0.0; http://mj12bot.com/)"
195.191.219.130 - - [26/Apr/2025:01:34:32 -0400] "GET /about.php?action=edit&file=libibverbs.so.1&path=//usr/lib64 HTTP/1.1" 200 54163 "-" "Mozilla/5.0 (compatible; MJ12bot/v2.0.0; http://mj12bot.com/)"
195.191.219.130 - - [26/Apr/2025:01:34:36 -0400] "GET /about.php?action=edit&file=libibverbs.so.1.14.48.0&path=//usr/lib64 HTTP/1.1" 200 54133 "-" "Mozilla/5.0 (compatible; MJ12bot/v2.0.0; http://mj12bot.com/)"
195.191.219.130 - - [26/Apr/2025:01:34:41 -0400] "GET /about.php?action=edit&file=libicudata.so.60&path=//usr/lib64 HTTP/1.1" 200 2068058 "-" "Mozilla/5.0 (compatible; MJ12bot/v2.0.0; http://mj12bot.com/)"
195.191.219.130 - - [26/Apr/2025:01:34:51 -0400] "GET /about.php?action=edit&file=libicudata.so.60.3&path=//usr/lib64 HTTP/1.1" 200 1658963 "-" "Mozilla/5.0 (compatible; MJ12bot/v2.0.0; http://mj12bot.com/)"
195.191.219.130 - - [26/Apr/2025:01:34:57 -0400] "GET /about.php?action=edit&file=libicui18n.so.60&path=//usr/lib64 HTTP/1.1" 200 1026402 "-" "Mozilla/5.0 (compatible; MJ12bot/v2.0.0; http://mj12bot.com/)"
195.191.219.130 - - [26/Apr/2025:01:35:07 -0400] "GET /about.php?action=edit&file=libicui18n.so.60.3&path=//usr/lib64 HTTP/1.1" 200 1026623 "-" "Mozilla/5.0 (compatible; MJ12bot/v2.0.0; http://mj12bot.com/)"
195.191.219.130 - - [26/Apr/2025:01:35:15 -0400] "GET /about.php?action=edit&file=libicuio.so.60&path=//usr/lib64 HTTP/1.1" 200 23904 "-" "Mozilla/5.0 (compatible; MJ12bot/v2.0.0; http://mj12bot.com/)"
195.191.219.130 - - [26/Apr/2025:01:35:19 -0400] "GET /about.php?action=edit&file=libicuio.so.60.3&path=//usr/lib64 HTTP/1.1" 200 23891 "-" "Mozilla/5.0 (compatible; MJ12bot/v2.0.0; http://mj12bot.com/)"
195.191.219.130 - - [26/Apr/2025:01:35:21 -0400] "GET /about.php?action=edit&file=libicutest.so.60&path=//usr/lib64 HTTP/1.1" 200 26730 "-" "Mozilla/5.0 (compatible; MJ12bot/v2.0.0; http://mj12bot.com/)"
195.191.219.130 - - [26/Apr/2025:01:35:23 -0400] "GET /about.php?action=edit&file=libicutest.so.60.3&path=//usr/lib64 HTTP/1.1" 200 26667 "-" "Mozilla/5.0 (compatible; MJ12bot/v2.0.0; http://mj12bot.com/)"
195.191.219.130 - - [26/Apr/2025:01:35:24 -0400] "GET /about.php?action=edit&file=libicutu.so.60&path=//usr/lib64 HTTP/1.1" 200 83062 "-" "Mozilla/5.0 (compatible; MJ12bot/v2.0.0; http://mj12bot.com/)"
195.191.219.130 - - [26/Apr/2025:01:35:25 -0400] "GET /about.php?action=edit&file=libicutu.so.60.3&path=//usr/lib64 HTTP/1.1" 200 83217 "-" "Mozilla/5.0 (compatible; MJ12bot/v2.0.0; http://mj12bot.com/)"
195.191.219.130 - - [26/Apr/2025:01:35:28 -0400] "GET /about.php?action=edit&file=libicuuc.so.60&path=//usr/lib64 HTTP/1.1" 200 685383 "-" "Mozilla/5.0 (compatible; MJ12bot/v2.0.0; http://mj12bot.com/)"
195.191.219.130 - - [26/Apr/2025:01:35:33 -0400] "GET /about.php?action=edit&file=libicuuc.so.60.3&path=//usr/lib64 HTTP/1.1" 200 685659 "-" "Mozilla/5.0 (compatible; MJ12bot/v2.0.0; http://mj12bot.com/)"
195.191.219.130 - - [26/Apr/2025:01:35:38 -0400] "GET /about.php?action=edit&file=libidn.pc&path=//lib64/pkgconfig HTTP/1.1" 200 1020 "-" "Mozilla/5.0 (compatible; MJ12bot/v2.0.0; http://mj12bot.com/)"
195.191.219.130 - - [26/Apr/2025:01:35:41 -0400] "GET /about.php?action=edit&file=libidn.so&path=//usr/lib64 HTTP/1.1" 200 50080 "-" "Mozilla/5.0 (compatible; MJ12bot/v2.0.0; http://mj12bot.com/)"
195.191.219.130 - - [26/Apr/2025:01:35:42 -0400] "GET /about.php?action=edit&file=libidn.so.11&path=//usr/lib64 HTTP/1.1" 200 49984 "-" "Mozilla/5.0 (compatible; MJ12bot/v2.0.0; http://mj12bot.com/)"
195.191.219.130 - - [26/Apr/2025:01:35:44 -0400] "GET /about.php?action=edit&file=libidn.so.11.6.18&path=//usr/lib64 HTTP/1.1" 200 50037 "-" "Mozilla/5.0 (compatible; MJ12bot/v2.0.0; http://mj12bot.com/)"
195.191.219.130 - - [26/Apr/2025:01:35:47 -0400] "GET /about.php?action=edit&file=libidn2.so.0&path=//usr/lib64 HTTP/1.1" 200 45540 "-" "Mozilla/5.0 (compatible; MJ12bot/v2.0.0; http://mj12bot.com/)"
150.109.230.210 - - [26/Apr/2025:01:37:47 -0400] "GET /wp-includes/atomlib.php HTTP/1.1" 403 1242 "-" "Mozilla/5.0 (iPhone; CPU iPhone OS 13_2_3 like Mac OS X) AppleWebKit/605.1.15 (KHTML, like Gecko) Version/13.0.3 Mobile/15E148 Safari/604.1"
20.171.207.27 - - [26/Apr/2025:01:38:23 -0400] "GET /about.php?action=edit&file=placeholder-3-1024x683.png&path=%2Fhome%2Fmakmfewe%2Fsh-fragrances.com%2Fwp-content%2Fuploads%2F2023%2F06 HTTP/1.1" 200 6394 "-" "Mozilla/5.0 AppleWebKit/537.36 (KHTML, like Gecko; compatible; GPTBot/1.2; +https://openai.com/gptbot)"
20.171.207.27 - - [26/Apr/2025:01:38:27 -0400] "GET /about.php?action=edit&file=placeholder-1-1024x683.png&path=%2Fhome%2Fmakmfewe%2Fsh-fragrances.com%2Fwp-content%2Fuploads%2F2023%2F06 HTTP/1.1" 200 6394 "-" "Mozilla/5.0 AppleWebKit/537.36 (KHTML, like Gecko; compatible; GPTBot/1.2; +https://openai.com/gptbot)"
20.171.207.27 - - [26/Apr/2025:01:38:33 -0400] "GET /about.php?action=edit&file=placeholder-5-1024x683.png&path=%2Fhome%2Fmakmfewe%2Fsh-fragrances.com%2Fwp-content%2Fuploads%2F2023%2F06 HTTP/1.1" 200 6394 "-" "Mozilla/5.0 AppleWebKit/537.36 (KHTML, like Gecko; compatible; GPTBot/1.2; +https://openai.com/gptbot)"
20.171.207.27 - - [26/Apr/2025:01:38:37 -0400] "GET /about.php?action=edit&file=placeholder-2-1024x683.png&path=%2Fhome%2Fmakmfewe%2Fsh-fragrances.com%2Fwp-content%2Fuploads%2F2023%2F06 HTTP/1.1" 200 6394 "-" "Mozilla/5.0 AppleWebKit/537.36 (KHTML, like Gecko; compatible; GPTBot/1.2; +https://openai.com/gptbot)"
20.171.207.27 - - [26/Apr/2025:01:38:40 -0400] "GET /about.php?action=edit&file=placeholder-6-1024x683.png&path=%2Fhome%2Fmakmfewe%2Fsh-fragrances.com%2Fwp-content%2Fuploads%2F2023%2F06 HTTP/1.1" 200 6394 "-" "Mozilla/5.0 AppleWebKit/537.36 (KHTML, like Gecko; compatible; GPTBot/1.2; +https://openai.com/gptbot)"
195.191.219.130 - - [26/Apr/2025:01:38:47 -0400] "GET /about.php?action=edit&file=libidn2.so.0.3.6&path=//usr/lib64 HTTP/1.1" 200 45739 "-" "Mozilla/5.0 (compatible; MJ12bot/v2.0.0; http://mj12bot.com/)"
20.171.207.27 - - [26/Apr/2025:01:38:47 -0400] "GET /about.php?action=edit&file=Newsletter-Bg-1024x570.png&path=%2Fhome%2Fmakmfewe%2Fsh-fragrances.com%2Fwp-content%2Fuploads%2F2023%2F06 HTTP/1.1" 200 259471 "-" "Mozilla/5.0 AppleWebKit/537.36 (KHTML, like Gecko; compatible; GPTBot/1.2; +https://openai.com/gptbot)"
195.191.219.130 - - [26/Apr/2025:01:38:49 -0400] "GET /about.php?action=edit&file=libifp_iface.so&path=//lib64/sssd HTTP/1.1" 200 23684 "-" "Mozilla/5.0 (compatible; MJ12bot/v2.0.0; http://mj12bot.com/)"
20.171.207.27 - - [26/Apr/2025:01:38:49 -0400] "GET /about.php?action=edit&file=grid-section-img-03.jpg&path=%2Fhome%2Fmakmfewe%2Fsh-fragrances.com%2Fwp-content%2Fuploads%2F2023%2F05 HTTP/1.1" 200 10040 "-" "Mozilla/5.0 AppleWebKit/537.36 (KHTML, like Gecko; compatible; GPTBot/1.2; +https://openai.com/gptbot)"
195.191.219.130 - - [26/Apr/2025:01:38:50 -0400] "GET /about.php?action=edit&file=libifp_iface_sync.so&path=//lib64/sssd HTTP/1.1" 200 16252 "-" "Mozilla/5.0 (compatible; MJ12bot/v2.0.0; http://mj12bot.com/)"
195.191.219.130 - - [26/Apr/2025:01:38:51 -0400] "GET /about.php?action=edit&file=libijs-0.35.so&path=//usr/lib64 HTTP/1.1" 200 9537 "-" "Mozilla/5.0 (compatible; MJ12bot/v2.0.0; http://mj12bot.com/)"
20.171.207.27 - - [26/Apr/2025:01:38:52 -0400] "GET /about.php?action=edit&file=mar-bg-3-50x50.png&path=%2Fhome%2Fmakmfewe%2Fsh-fragrances.com%2Fwp-content%2Fuploads%2F2023%2F05 HTTP/1.1" 200 4926 "-" "Mozilla/5.0 AppleWebKit/537.36 (KHTML, like Gecko; compatible; GPTBot/1.2; +https://openai.com/gptbot)"
195.191.219.130 - - [26/Apr/2025:01:38:52 -0400] "GET /about.php?action=edit&file=libimaevm.so.2&path=//usr/lib64 HTTP/1.1" 200 10525 "-" "Mozilla/5.0 (compatible; MJ12bot/v2.0.0; http://mj12bot.com/)"
195.191.219.130 - - [26/Apr/2025:01:38:53 -0400] "GET /about.php?action=edit&file=libimaevm.so.2.0.0&path=//usr/lib64 HTTP/1.1" 200 10536 "-" "Mozilla/5.0 (compatible; MJ12bot/v2.0.0; http://mj12bot.com/)"
195.191.219.130 - - [26/Apr/2025:01:38:55 -0400] "GET /about.php?action=edit&file=libini_config.so.5&path=//usr/lib64 HTTP/1.1" 200 43828 "-" "Mozilla/5.0 (compatible; MJ12bot/v2.0.0; http://mj12bot.com/)"
20.171.207.27 - - [26/Apr/2025:01:38:55 -0400] "GET /about.php?action=edit&file=72.1-1156x1536.jpg&path=%2Fhome%2Fmakmfewe%2Fsh-fragrances.com%2Fwp-content%2Fuploads%2F2023%2F06 HTTP/1.1" 200 21138 "-" "Mozilla/5.0 AppleWebKit/537.36 (KHTML, like Gecko; compatible; GPTBot/1.2; +https://openai.com/gptbot)"
195.191.219.130 - - [26/Apr/2025:01:38:57 -0400] "GET /about.php?action=edit&file=libini_config.so.5.2.1&path=//usr/lib64 HTTP/1.1" 200 43811 "-" "Mozilla/5.0 (compatible; MJ12bot/v2.0.0; http://mj12bot.com/)"
195.191.219.130 - - [26/Apr/2025:01:38:58 -0400] "GET /about.php?action=edit&file=libinotifytools.so.0&path=//usr/lib64 HTTP/1.1" 200 15597 "-" "Mozilla/5.0 (compatible; MJ12bot/v2.0.0; http://mj12bot.com/)"
20.171.207.27 - - [26/Apr/2025:01:38:59 -0400] "GET /about.php?action=edit&file=placeholder-4-1024x683.png&path=%2Fhome%2Fmakmfewe%2Fsh-fragrances.com%2Fwp-content%2Fuploads%2F2023%2F06 HTTP/1.1" 200 6394 "-" "Mozilla/5.0 AppleWebKit/537.36 (KHTML, like Gecko; compatible; GPTBot/1.2; +https://openai.com/gptbot)"
195.191.219.130 - - [26/Apr/2025:01:38:59 -0400] "GET /about.php?action=edit&file=libinotifytools.so.0.4.1&path=//usr/lib64 HTTP/1.1" 200 15591 "-" "Mozilla/5.0 (compatible; MJ12bot/v2.0.0; http://mj12bot.com/)"
195.191.219.130 - - [26/Apr/2025:01:39:01 -0400] "GET /about.php?action=edit&file=libinput-device-group&path=//lib/udev HTTP/1.1" 200 5475 "-" "Mozilla/5.0 (compatible; MJ12bot/v2.0.0; http://mj12bot.com/)"
20.171.207.27 - - [26/Apr/2025:01:39:02 -0400] "GET /about.php?action=edit&file=style-rtl.css&path=%2Fhome%2Fmakmfewe%2Fibnearif.com%2Fwp-includes%2Fcss%2Fdist%2Fedit-widgets HTTP/1.1" 200 4879 "-" "Mozilla/5.0 AppleWebKit/537.36 (KHTML, like Gecko; compatible; GPTBot/1.2; +https://openai.com/gptbot)"
195.191.219.130 - - [26/Apr/2025:01:39:04 -0400] "GET /about.php?action=edit&file=libinput-fuzz-extract&path=//lib/udev HTTP/1.1" 200 8170 "-" "Mozilla/5.0 (compatible; MJ12bot/v2.0.0; http://mj12bot.com/)"
20.171.207.27 - - [26/Apr/2025:01:39:05 -0400] "GET /about.php?action=edit&file=testimonial-283x300.jpg&path=%2Fhome%2Fmakmfewe%2Fsh-fragrances.com%2Fwp-content%2Fuploads%2F2023%2F05 HTTP/1.1" 200 9360 "-" "Mozilla/5.0 AppleWebKit/537.36 (KHTML, like Gecko; compatible; GPTBot/1.2; +https://openai.com/gptbot)"
195.191.219.130 - - [26/Apr/2025:01:39:06 -0400] "GET /about.php?action=edit&file=libinput-fuzz-to-zero&path=//lib/udev HTTP/1.1" 200 4166 "-" "Mozilla/5.0 (compatible; MJ12bot/v2.0.0; http://mj12bot.com/)"
20.171.207.27 - - [26/Apr/2025:01:39:07 -0400] "GET /about.php?action=edit&file=placeholder-7-1024x683.png&path=%2Fhome%2Fmakmfewe%2Fsh-fragrances.com%2Fwp-content%2Fuploads%2F2023%2F06 HTTP/1.1" 200 6394 "-" "Mozilla/5.0 AppleWebKit/537.36 (KHTML, like Gecko; compatible; GPTBot/1.2; +https://openai.com/gptbot)"
195.191.219.130 - - [26/Apr/2025:01:39:07 -0400] "GET /about.php?action=edit&file=libinput.so.10&path=//usr/lib64 HTTP/1.1" 200 126993 "-" "Mozilla/5.0 (compatible; MJ12bot/v2.0.0; http://mj12bot.com/)"
20.171.207.27 - - [26/Apr/2025:01:39:09 -0400] "GET /about.php?action=edit&file=9-50x50.png&path=%2Fhome%2Fmakmfewe%2Fsh-fragrances.com%2Fwp-content%2Fuploads%2F2024%2F10 HTTP/1.1" 200 3135 "-" "Mozilla/5.0 AppleWebKit/537.36 (KHTML, like Gecko; compatible; GPTBot/1.2; +https://openai.com/gptbot)"
195.191.219.130 - - [26/Apr/2025:01:39:10 -0400] "GET /about.php?action=edit&file=libinput.so.10.13.0&path=//usr/lib64 HTTP/1.1" 200 126953 "-" "Mozilla/5.0 (compatible; MJ12bot/v2.0.0; http://mj12bot.com/)"
20.171.207.27 - - [26/Apr/2025:01:39:10 -0400] "GET /about.php?action=edit&file=5-50x50.png&path=%2Fhome%2Fmakmfewe%2Fsh-fragrances.com%2Fwp-content%2Fuploads%2F2024%2F10 HTTP/1.1" 200 3116 "-" "Mozilla/5.0 AppleWebKit/537.36 (KHTML, like Gecko; compatible; GPTBot/1.2; +https://openai.com/gptbot)"
195.191.219.130 - - [26/Apr/2025:01:39:12 -0400] "GET /about.php?action=edit&file=libintl.h&path=//usr/include HTTP/1.1" 200 2019 "-" "Mozilla/5.0 (compatible; MJ12bot/v2.0.0; http://mj12bot.com/)"
20.171.207.27 - - [26/Apr/2025:01:39:13 -0400] "GET /about.php?action=edit&file=2-50x50.png&path=%2Fhome%2Fmakmfewe%2Fsh-fragrances.com%2Fwp-content%2Fuploads%2F2024%2F10 HTTP/1.1" 200 3255 "-" "Mozilla/5.0 AppleWebKit/537.36 (KHTML, like Gecko; compatible; GPTBot/1.2; +https://openai.com/gptbot)"
195.191.219.130 - - [26/Apr/2025:01:39:13 -0400] "GET /about.php?action=edit&file=libip4tc.so.2&path=//usr/lib64 HTTP/1.1" 200 14081 "-" "Mozilla/5.0 (compatible; MJ12bot/v2.0.0; http://mj12bot.com/)"
20.171.207.27 - - [26/Apr/2025:01:39:14 -0400] "GET /about.php?action=edit&file=1-50x50.png&path=%2Fhome%2Fmakmfewe%2Fsh-fragrances.com%2Fwp-content%2Fuploads%2F2024%2F10 HTTP/1.1" 200 3416 "-" "Mozilla/5.0 AppleWebKit/537.36 (KHTML, like Gecko; compatible; GPTBot/1.2; +https://openai.com/gptbot)"
195.191.219.130 - - [26/Apr/2025:01:39:14 -0400] "GET /about.php?action=edit&file=libip4tc.so.2.0.0&path=//usr/lib64 HTTP/1.1" 200 14057 "-" "Mozilla/5.0 (compatible; MJ12bot/v2.0.0; http://mj12bot.com/)"
195.191.219.130 - - [26/Apr/2025:01:39:15 -0400] "GET /about.php?action=edit&file=libip6t_DNAT.so&path=//lib64/xtables HTTP/1.1" 200 5988 "-" "Mozilla/5.0 (compatible; MJ12bot/v2.0.0; http://mj12bot.com/)"
20.171.207.27 - - [26/Apr/2025:01:39:15 -0400] "GET /about.php?action=edit&file=8-50x50.png&path=%2Fhome%2Fmakmfewe%2Fsh-fragrances.com%2Fwp-content%2Fuploads%2F2024%2F10 HTTP/1.1" 200 3364 "-" "Mozilla/5.0 AppleWebKit/537.36 (KHTML, like Gecko; compatible; GPTBot/1.2; +https://openai.com/gptbot)"
195.191.219.130 - - [26/Apr/2025:01:39:16 -0400] "GET /about.php?action=edit&file=libip6t_DNPT.so&path=//lib64/xtables HTTP/1.1" 200 3845 "-" "Mozilla/5.0 (compatible; MJ12bot/v2.0.0; http://mj12bot.com/)"
