20.171.207.254 - - [26/Apr/2025:02:07:53 -0400] "GET /about.php?action=edit&file=Home-7-Slider-1-100x100.png&path=%2Fhome%2Fmakmfewe%2Fsh-fragrances.com%2Fwp-content%2Fuploads%2F2023%2F05 HTTP/1.1" 200 9796 "-" "Mozilla/5.0 AppleWebKit/537.36 (KHTML, like Gecko; compatible; GPTBot/1.2; +https://openai.com/gptbot)"
147.135.212.200 - - [26/Apr/2025:02:07:54 -0400] "GET /about.php?action=edit&file=libtdsS.so.2&path=//usr/lib64 HTTP/1.1" 200 3436 "-" "Mozilla/5.0 (compatible; MJ12bot/v1.4.8; http://mj12bot.com/)"
20.171.207.254 - - [26/Apr/2025:02:07:57 -0400] "GET /about.php?action=edit&file=Home-1-Banner-2-768x366.png&path=%2Fhome%2Fmakmfewe%2Fsh-fragrances.com%2Fwp-content%2Fuploads%2F2023%2F06 HTTP/1.1" 200 140708 "-" "Mozilla/5.0 AppleWebKit/537.36 (KHTML, like Gecko; compatible; GPTBot/1.2; +https://openai.com/gptbot)"
147.135.212.200 - - [26/Apr/2025:02:07:58 -0400] "GET /about.php?action=edit&file=libtdsS.so.2.0.0&path=//usr/lib64 HTTP/1.1" 200 3416 "-" "Mozilla/5.0 (compatible; MJ12bot/v1.4.8; http://mj12bot.com/)"
20.171.207.254 - - [26/Apr/2025:02:08:01 -0400] "GET /about.php?action=edit&file=Home-6-Slider-2-220x154.png&path=%2Fhome%2Fmakmfewe%2Fsh-fragrances.com%2Fwp-content%2Fuploads%2F2023%2F06 HTTP/1.1" 200 41686 "-" "Mozilla/5.0 AppleWebKit/537.36 (KHTML, like Gecko; compatible; GPTBot/1.2; +https://openai.com/gptbot)"
147.135.212.200 - - [26/Apr/2025:02:08:02 -0400] "GET /about.php?action=edit&file=libteam.so.5&path=//usr/lib64 HTTP/1.1" 200 21050 "-" "Mozilla/5.0 (compatible; MJ12bot/v1.4.8; http://mj12bot.com/)"
20.171.207.254 - - [26/Apr/2025:02:08:03 -0400] "GET /about.php?action=edit&file=bg-03-220x154.png&path=%2Fhome%2Fmakmfewe%2Fsh-fragrances.com%2Fwp-content%2Fuploads%2F2023%2F05 HTTP/1.1" 200 17009 "-" "Mozilla/5.0 AppleWebKit/537.36 (KHTML, like Gecko; compatible; GPTBot/1.2; +https://openai.com/gptbot)"
147.135.212.200 - - [26/Apr/2025:02:08:06 -0400] "GET /about.php?action=edit&file=libteamdctl.so.0&path=//usr/lib64 HTTP/1.1" 200 9565 "-" "Mozilla/5.0 (compatible; MJ12bot/v1.4.8; http://mj12bot.com/)"
20.171.207.254 - - [26/Apr/2025:02:08:07 -0400] "GET /about.php?action=edit&file=Home-7-Slider-2-220x154.png&path=%2Fhome%2Fmakmfewe%2Fsh-fragrances.com%2Fwp-content%2Fuploads%2F2023%2F05 HTTP/1.1" 200 33177 "-" "Mozilla/5.0 AppleWebKit/537.36 (KHTML, like Gecko; compatible; GPTBot/1.2; +https://openai.com/gptbot)"
20.171.207.254 - - [26/Apr/2025:02:08:11 -0400] "GET /about.php?action=edit&file=Home-7-Slider-1-220x154.png&path=%2Fhome%2Fmakmfewe%2Fsh-fragrances.com%2Fwp-content%2Fuploads%2F2023%2F05 HTTP/1.1" 200 28982 "-" "Mozilla/5.0 AppleWebKit/537.36 (KHTML, like Gecko; compatible; GPTBot/1.2; +https://openai.com/gptbot)"
147.135.212.200 - - [26/Apr/2025:02:08:11 -0400] "GET /about.php?action=edit&file=libteamdctl.so.0.1.5&path=//usr/lib64 HTTP/1.1" 200 9581 "-" "Mozilla/5.0 (compatible; MJ12bot/v1.4.8; http://mj12bot.com/)"
20.171.207.254 - - [26/Apr/2025:02:08:14 -0400] "GET /about.php?action=edit&file=bg-03-768x328.png&path=%2Fhome%2Fmakmfewe%2Fsh-fragrances.com%2Fwp-content%2Fuploads%2F2023%2F05 HTTP/1.1" 200 156033 "-" "Mozilla/5.0 AppleWebKit/537.36 (KHTML, like Gecko; compatible; GPTBot/1.2; +https://openai.com/gptbot)"
147.135.212.200 - - [26/Apr/2025:02:08:15 -0400] "GET /about.php?action=edit&file=libtemplate.so.2&path=//usr/lib64 HTTP/1.1" 200 50086 "-" "Mozilla/5.0 (compatible; MJ12bot/v1.4.8; http://mj12bot.com/)"
20.171.207.254 - - [26/Apr/2025:02:08:17 -0400] "GET /about.php?action=edit&file=Shop-2-1-150x150.png&path=%2Fhome%2Fmakmfewe%2Fsh-fragrances.com%2Fwp-content%2Fuploads%2F2023%2F05 HTTP/1.1" 200 28846 "-" "Mozilla/5.0 AppleWebKit/537.36 (KHTML, like Gecko; compatible; GPTBot/1.2; +https://openai.com/gptbot)"
20.171.207.254 - - [26/Apr/2025:02:08:21 -0400] "GET /about.php?action=edit&file=Home-1-Banner-2-100x100.png&path=%2Fhome%2Fmakmfewe%2Fsh-fragrances.com%2Fwp-content%2Fuploads%2F2023%2F06 HTTP/1.1" 200 11617 "-" "Mozilla/5.0 AppleWebKit/537.36 (KHTML, like Gecko; compatible; GPTBot/1.2; +https://openai.com/gptbot)"
147.135.212.200 - - [26/Apr/2025:02:08:22 -0400] "GET /about.php?action=edit&file=libtemplate.so.2.0.0&path=//usr/lib64 HTTP/1.1" 200 50053 "-" "Mozilla/5.0 (compatible; MJ12bot/v1.4.8; http://mj12bot.com/)"
20.171.207.254 - - [26/Apr/2025:02:08:24 -0400] "GET /about.php?action=edit&file=mar-bg-3-1024x595.png&path=%2Fhome%2Fmakmfewe%2Fsh-fragrances.com%2Fwp-content%2Fuploads%2F2023%2F05 HTTP/1.1" 200 334039 "-" "Mozilla/5.0 AppleWebKit/537.36 (KHTML, like Gecko; compatible; GPTBot/1.2; +https://openai.com/gptbot)"
147.135.212.200 - - [26/Apr/2025:02:08:28 -0400] "GET /about.php?action=edit&file=libtermcap.so&path=//usr/lib64 HTTP/1.1" 200 567 "-" "Mozilla/5.0 (compatible; MJ12bot/v1.4.8; http://mj12bot.com/)"
20.171.207.254 - - [26/Apr/2025:02:08:29 -0400] "GET /about.php?action=edit&file=My-project-1-1-100x100.png&path=%2Fhome%2Fmakmfewe%2Fsh-fragrances.com%2Fwp-content%2Fuploads%2F2023%2F05 HTTP/1.1" 200 12258 "-" "Mozilla/5.0 AppleWebKit/537.36 (KHTML, like Gecko; compatible; GPTBot/1.2; +https://openai.com/gptbot)"
147.135.212.200 - - [26/Apr/2025:02:08:33 -0400] "GET /about.php?action=edit&file=libtevent.so.0&path=//usr/lib64 HTTP/1.1" 200 37394 "-" "Mozilla/5.0 (compatible; MJ12bot/v1.4.8; http://mj12bot.com/)"
20.171.207.254 - - [26/Apr/2025:02:08:33 -0400] "GET /about.php?action=edit&file=bg-03-150x150.png&path=%2Fhome%2Fmakmfewe%2Fsh-fragrances.com%2Fwp-content%2Fuploads%2F2023%2F05 HTTP/1.1" 200 3779 "-" "Mozilla/5.0 AppleWebKit/537.36 (KHTML, like Gecko; compatible; GPTBot/1.2; +https://openai.com/gptbot)"
20.171.207.254 - - [26/Apr/2025:02:08:37 -0400] "GET /about.php?action=edit&file=Home-1-Banner-2-150x150.png&path=%2Fhome%2Fmakmfewe%2Fsh-fragrances.com%2Fwp-content%2Fuploads%2F2023%2F06 HTTP/1.1" 200 22820 "-" "Mozilla/5.0 AppleWebKit/537.36 (KHTML, like Gecko; compatible; GPTBot/1.2; +https://openai.com/gptbot)"
147.135.212.200 - - [26/Apr/2025:02:08:37 -0400] "GET /about.php?action=edit&file=libtevent.so.0.16.0&path=//usr/lib64 HTTP/1.1" 200 37402 "-" "Mozilla/5.0 (compatible; MJ12bot/v1.4.8; http://mj12bot.com/)"
20.171.207.254 - - [26/Apr/2025:02:08:41 -0400] "GET /about.php?action=edit&file=bg-03-100x100.png&path=%2Fhome%2Fmakmfewe%2Fsh-fragrances.com%2Fwp-content%2Fuploads%2F2023%2F05 HTTP/1.1" 200 2549 "-" "Mozilla/5.0 AppleWebKit/537.36 (KHTML, like Gecko; compatible; GPTBot/1.2; +https://openai.com/gptbot)"
147.135.212.200 - - [26/Apr/2025:02:08:42 -0400] "GET /about.php?action=edit&file=libthai.so.0&path=//usr/lib64 HTTP/1.1" 200 17013 "-" "Mozilla/5.0 (compatible; MJ12bot/v1.4.8; http://mj12bot.com/)"
20.171.207.254 - - [26/Apr/2025:02:08:43 -0400] "GET /about.php?action=edit&file=Home-6-Slider-4-100x100.png&path=%2Fhome%2Fmakmfewe%2Fsh-fragrances.com%2Fwp-content%2Fuploads%2F2023%2F06 HTTP/1.1" 200 12848 "-" "Mozilla/5.0 AppleWebKit/537.36 (KHTML, like Gecko; compatible; GPTBot/1.2; +https://openai.com/gptbot)"
147.135.212.200 - - [26/Apr/2025:02:08:47 -0400] "GET /about.php?action=edit&file=libthai.so.0.3.0&path=//usr/lib64 HTTP/1.1" 200 17010 "-" "Mozilla/5.0 (compatible; MJ12bot/v1.4.8; http://mj12bot.com/)"
20.171.207.254 - - [26/Apr/2025:02:08:48 -0400] "GET /about.php?action=edit&file=Home-6-Slider-2-150x150.png&path=%2Fhome%2Fmakmfewe%2Fsh-fragrances.com%2Fwp-content%2Fuploads%2F2023%2F06 HTTP/1.1" 200 29361 "-" "Mozilla/5.0 AppleWebKit/537.36 (KHTML, like Gecko; compatible; GPTBot/1.2; +https://openai.com/gptbot)"
20.171.207.254 - - [26/Apr/2025:02:08:53 -0400] "GET /about.php?action=edit&file=Home-1-Banner-2-220x154.png&path=%2Fhome%2Fmakmfewe%2Fsh-fragrances.com%2Fwp-content%2Fuploads%2F2023%2F06 HTTP/1.1" 200 25808 "-" "Mozilla/5.0 AppleWebKit/537.36 (KHTML, like Gecko; compatible; GPTBot/1.2; +https://openai.com/gptbot)"
147.135.212.200 - - [26/Apr/2025:02:08:53 -0400] "GET /about.php?action=edit&file=libtheora.so.0&path=//usr/lib64 HTTP/1.1" 200 142822 "-" "Mozilla/5.0 (compatible; MJ12bot/v1.4.8; http://mj12bot.com/)"
20.171.207.254 - - [26/Apr/2025:02:08:56 -0400] "GET /about.php?action=edit&file=Shop-2-1-220x154.png&path=%2Fhome%2Fmakmfewe%2Fsh-fragrances.com%2Fwp-content%2Fuploads%2F2023%2F05 HTTP/1.1" 200 49260 "-" "Mozilla/5.0 AppleWebKit/537.36 (KHTML, like Gecko; compatible; GPTBot/1.2; +https://openai.com/gptbot)"
147.135.212.200 - - [26/Apr/2025:02:08:58 -0400] "GET /about.php?action=edit&file=libtheora.so.0.3.10&path=//usr/lib64 HTTP/1.1" 200 142814 "-" "Mozilla/5.0 (compatible; MJ12bot/v1.4.8; http://mj12bot.com/)"
20.171.207.254 - - [26/Apr/2025:02:08:59 -0400] "GET /about.php?action=edit&file=My-project-1-1-220x154.png&path=%2Fhome%2Fmakmfewe%2Fsh-fragrances.com%2Fwp-content%2Fuploads%2F2023%2F05 HTTP/1.1" 200 37741 "-" "Mozilla/5.0 AppleWebKit/537.36 (KHTML, like Gecko; compatible; GPTBot/1.2; +https://openai.com/gptbot)"
147.135.212.200 - - [26/Apr/2025:02:09:02 -0400] "GET /about.php?action=edit&file=libtheoradec.so.1&path=//usr/lib64 HTTP/1.1" 200 46638 "-" "Mozilla/5.0 (compatible; MJ12bot/v1.4.8; http://mj12bot.com/)"
20.171.207.254 - - [26/Apr/2025:02:09:03 -0400] "GET /about.php?action=edit&file=Home-7-Slider-2-150x150.png&path=%2Fhome%2Fmakmfewe%2Fsh-fragrances.com%2Fwp-content%2Fuploads%2F2023%2F05 HTTP/1.1" 200 22751 "-" "Mozilla/5.0 AppleWebKit/537.36 (KHTML, like Gecko; compatible; GPTBot/1.2; +https://openai.com/gptbot)"
147.135.212.200 - - [26/Apr/2025:02:09:06 -0400] "GET /about.php?action=edit&file=libtheoradec.so.1.1.4&path=//usr/lib64 HTTP/1.1" 200 46608 "-" "Mozilla/5.0 (compatible; MJ12bot/v1.4.8; http://mj12bot.com/)"
20.171.207.254 - - [26/Apr/2025:02:09:07 -0400] "GET /about.php?action=edit&file=Home-6-Slider-3-220x154.png&path=%2Fhome%2Fmakmfewe%2Fsh-fragrances.com%2Fwp-content%2Fuploads%2F2023%2F06 HTTP/1.1" 200 40514 "-" "Mozilla/5.0 AppleWebKit/537.36 (KHTML, like Gecko; compatible; GPTBot/1.2; +https://openai.com/gptbot)"
20.171.207.254 - - [26/Apr/2025:02:09:11 -0400] "GET /about.php?action=edit&file=Home-6-Slider-3-100x100.png&path=%2Fhome%2Fmakmfewe%2Fsh-fragrances.com%2Fwp-content%2Fuploads%2F2023%2F06 HTTP/1.1" 200 14477 "-" "Mozilla/5.0 AppleWebKit/537.36 (KHTML, like Gecko; compatible; GPTBot/1.2; +https://openai.com/gptbot)"
147.135.212.200 - - [26/Apr/2025:02:09:12 -0400] "GET /about.php?action=edit&file=libtheoraenc.so.1&path=//usr/lib64 HTTP/1.1" 200 115214 "-" "Mozilla/5.0 (compatible; MJ12bot/v1.4.8; http://mj12bot.com/)"
20.171.207.254 - - [26/Apr/2025:02:09:16 -0400] "GET /about.php?action=edit&file=Blog-2-300x141.png&path=%2Fhome%2Fmakmfewe%2Fsh-fragrances.com%2Fwp-content%2Fuploads%2F2023%2F05 HTTP/1.1" 200 44142 "-" "Mozilla/5.0 AppleWebKit/537.36 (KHTML, like Gecko; compatible; GPTBot/1.2; +https://openai.com/gptbot)"
147.135.212.200 - - [26/Apr/2025:02:09:18 -0400] "GET /about.php?action=edit&file=libtheoraenc.so.1.1.2&path=//usr/lib64 HTTP/1.1" 200 115101 "-" "Mozilla/5.0 (compatible; MJ12bot/v1.4.8; http://mj12bot.com/)"
20.171.207.254 - - [26/Apr/2025:02:09:21 -0400] "GET /about.php?action=edit&file=12-50x50.png&path=%2Fhome%2Fmakmfewe%2Fsh-fragrances.com%2Fwp-content%2Fuploads%2F2024%2F10 HTTP/1.1" 200 3202 "-" "Mozilla/5.0 AppleWebKit/537.36 (KHTML, like Gecko; compatible; GPTBot/1.2; +https://openai.com/gptbot)"
147.135.212.200 - - [26/Apr/2025:02:09:23 -0400] "GET /about.php?action=edit&file=libthread_db-1.0.so&path=//usr/lib64 HTTP/1.1" 200 14434 "-" "Mozilla/5.0 (compatible; MJ12bot/v1.4.8; http://mj12bot.com/)"
20.171.207.254 - - [26/Apr/2025:02:09:24 -0400] "GET /about.php?action=edit&file=Shop-3-150x150.png&path=%2Fhome%2Fmakmfewe%2Fsh-fragrances.com%2Fwp-content%2Fuploads%2F2023%2F05 HTTP/1.1" 200 14412 "-" "Mozilla/5.0 AppleWebKit/537.36 (KHTML, like Gecko; compatible; GPTBot/1.2; +https://openai.com/gptbot)"
147.135.212.200 - - [26/Apr/2025:02:09:27 -0400] "GET /about.php?action=edit&file=libthread_db.so&path=//usr/lib64 HTTP/1.1" 200 14415 "-" "Mozilla/5.0 (compatible; MJ12bot/v1.4.8; http://mj12bot.com/)"
20.171.207.254 - - [26/Apr/2025:02:09:29 -0400] "GET /about.php?action=edit&file=7-150x150.png&path=%2Fhome%2Fmakmfewe%2Fsh-fragrances.com%2Fwp-content%2Fuploads%2F2024%2F10 HTTP/1.1" 200 16587 "-" "Mozilla/5.0 AppleWebKit/537.36 (KHTML, like Gecko; compatible; GPTBot/1.2; +https://openai.com/gptbot)"
147.135.212.200 - - [26/Apr/2025:02:09:32 -0400] "GET /about.php?action=edit&file=libthread_db.so.1&path=//usr/lib64 HTTP/1.1" 200 14436 "-" "Mozilla/5.0 (compatible; MJ12bot/v1.4.8; http://mj12bot.com/)"
20.171.207.254 - - [26/Apr/2025:02:09:33 -0400] "GET /about.php?action=edit&file=Shop-7-220x154.png&path=%2Fhome%2Fmakmfewe%2Fsh-fragrances.com%2Fwp-content%2Fuploads%2F2023%2F05 HTTP/1.1" 200 24579 "-" "Mozilla/5.0 AppleWebKit/537.36 (KHTML, like Gecko; compatible; GPTBot/1.2; +https://openai.com/gptbot)"
147.135.212.200 - - [26/Apr/2025:02:09:35 -0400] "GET /about.php?action=edit&file=libtic.so&path=//usr/lib64 HTTP/1.1" 200 29060 "-" "Mozilla/5.0 (compatible; MJ12bot/v1.4.8; http://mj12bot.com/)"
20.171.207.254 - - [26/Apr/2025:02:09:37 -0400] "GET /about.php?action=edit&file=4-150x150.png&path=%2Fhome%2Fmakmfewe%2Fsh-fragrances.com%2Fwp-content%2Fuploads%2F2024%2F10 HTTP/1.1" 200 15263 "-" "Mozilla/5.0 AppleWebKit/537.36 (KHTML, like Gecko; compatible; GPTBot/1.2; +https://openai.com/gptbot)"
147.135.212.200 - - [26/Apr/2025:02:09:39 -0400] "GET /about.php?action=edit&file=libtic.so.5&path=//usr/lib64 HTTP/1.1" 200 28898 "-" "Mozilla/5.0 (compatible; MJ12bot/v1.4.8; http://mj12bot.com/)"
20.171.207.254 - - [26/Apr/2025:02:09:40 -0400] "GET /about.php?action=edit&file=Shop-5-220x154.png&path=%2Fhome%2Fmakmfewe%2Fsh-fragrances.com%2Fwp-content%2Fuploads%2F2023%2F05 HTTP/1.1" 200 34918 "-" "Mozilla/5.0 AppleWebKit/537.36 (KHTML, like Gecko; compatible; GPTBot/1.2; +https://openai.com/gptbot)"
147.135.212.200 - - [26/Apr/2025:02:09:41 -0400] "GET /about.php?action=edit&file=libtic.so.5.9&path=//usr/lib64 HTTP/1.1" 200 28911 "-" "Mozilla/5.0 (compatible; MJ12bot/v1.4.8; http://mj12bot.com/)"
20.171.207.254 - - [26/Apr/2025:02:09:42 -0400] "GET /about.php?action=edit&file=Shop-6-150x150.png&path=%2Fhome%2Fmakmfewe%2Fsh-fragrances.com%2Fwp-content%2Fuploads%2F2023%2F05 HTTP/1.1" 200 19690 "-" "Mozilla/5.0 AppleWebKit/537.36 (KHTML, like Gecko; compatible; GPTBot/1.2; +https://openai.com/gptbot)"
147.135.212.200 - - [26/Apr/2025:02:09:44 -0400] "GET /about.php?action=edit&file=libtic.so.6.1&path=//usr/lib64 HTTP/1.1" 200 29001 "-" "Mozilla/5.0 (compatible; MJ12bot/v1.4.8; http://mj12bot.com/)"
20.171.207.254 - - [26/Apr/2025:02:09:47 -0400] "GET /about.php?action=edit&file=Shop-5-150x150.png&path=%2Fhome%2Fmakmfewe%2Fsh-fragrances.com%2Fwp-content%2Fuploads%2F2023%2F05 HTTP/1.1" 200 17520 "-" "Mozilla/5.0 AppleWebKit/537.36 (KHTML, like Gecko; compatible; GPTBot/1.2; +https://openai.com/gptbot)"
20.171.207.254 - - [26/Apr/2025:02:09:49 -0400] "GET /about.php?action=edit&file=Blog-2-150x150.png&path=%2Fhome%2Fmakmfewe%2Fsh-fragrances.com%2Fwp-content%2Fuploads%2F2023%2F05 HTTP/1.1" 200 31154 "-" "Mozilla/5.0 AppleWebKit/537.36 (KHTML, like Gecko; compatible; GPTBot/1.2; +https://openai.com/gptbot)"
147.135.212.200 - - [26/Apr/2025:02:09:49 -0400] "GET /about.php?action=edit&file=libtidy.so.5&path=//usr/lib64 HTTP/1.1" 200 232983 "-" "Mozilla/5.0 (compatible; MJ12bot/v1.4.8; http://mj12bot.com/)"
20.171.207.254 - - [26/Apr/2025:02:09:52 -0400] "GET /about.php?action=edit&file=1-220x154.png&path=%2Fhome%2Fmakmfewe%2Fsh-fragrances.com%2Fwp-content%2Fuploads%2F2024%2F10 HTTP/1.1" 200 25520 "-" "Mozilla/5.0 AppleWebKit/537.36 (KHTML, like Gecko; compatible; GPTBot/1.2; +https://openai.com/gptbot)"
20.171.207.254 - - [26/Apr/2025:02:09:55 -0400] "GET /about.php?action=edit&file=Blog-2-220x154.png&path=%2Fhome%2Fmakmfewe%2Fsh-fragrances.com%2Fwp-content%2Fuploads%2F2023%2F05 HTTP/1.1" 200 40947 "-" "Mozilla/5.0 AppleWebKit/537.36 (KHTML, like Gecko; compatible; GPTBot/1.2; +https://openai.com/gptbot)"
147.135.212.200 - - [26/Apr/2025:02:09:55 -0400] "GET /about.php?action=edit&file=libtidy.so.5.6.0&path=//usr/lib64 HTTP/1.1" 200 233284 "-" "Mozilla/5.0 (compatible; MJ12bot/v1.4.8; http://mj12bot.com/)"
20.171.207.254 - - [26/Apr/2025:02:09:59 -0400] "GET /about.php?action=edit&file=Blog-2-100x100.png&path=%2Fhome%2Fmakmfewe%2Fsh-fragrances.com%2Fwp-content%2Fuploads%2F2023%2F05 HTTP/1.1" 200 15631 "-" "Mozilla/5.0 AppleWebKit/537.36 (KHTML, like Gecko; compatible; GPTBot/1.2; +https://openai.com/gptbot)"
147.135.212.200 - - [26/Apr/2025:02:10:02 -0400] "GET /about.php?action=edit&file=libtiff-4.pc&path=//lib64/pkgconfig HTTP/1.1" 200 696 "-" "Mozilla/5.0 (compatible; MJ12bot/v1.4.8; http://mj12bot.com/)"
20.171.207.254 - - [26/Apr/2025:02:10:02 -0400] "GET /about.php?action=edit&file=5-100x100.png&path=%2Fhome%2Fmakmfewe%2Fsh-fragrances.com%2Fwp-content%2Fuploads%2F2024%2F10 HTTP/1.1" 200 8155 "-" "Mozilla/5.0 AppleWebKit/537.36 (KHTML, like Gecko; compatible; GPTBot/1.2; +https://openai.com/gptbot)"
20.171.207.254 - - [26/Apr/2025:02:10:05 -0400] "GET /about.php?action=edit&file=3-100x100.png&path=%2Fhome%2Fmakmfewe%2Fsh-fragrances.com%2Fwp-content%2Fuploads%2F2024%2F10 HTTP/1.1" 200 7630 "-" "Mozilla/5.0 AppleWebKit/537.36 (KHTML, like Gecko; compatible; GPTBot/1.2; +https://openai.com/gptbot)"
147.135.212.200 - - [26/Apr/2025:02:10:08 -0400] "GET /about.php?action=edit&file=libtiff.so&path=//usr/lib64 HTTP/1.1" 200 162373 "-" "Mozilla/5.0 (compatible; MJ12bot/v1.4.8; http://mj12bot.com/)"
20.171.207.254 - - [26/Apr/2025:02:10:14 -0400] "GET /about.php?action=edit&file=1-100x100.png&path=%2Fhome%2Fmakmfewe%2Fsh-fragrances.com%2Fwp-content%2Fuploads%2F2024%2F10 HTTP/1.1" 200 9172 "-" "Mozilla/5.0 AppleWebKit/537.36 (KHTML, like Gecko; compatible; GPTBot/1.2; +https://openai.com/gptbot)"
147.135.212.200 - - [26/Apr/2025:02:10:15 -0400] "GET /about.php?action=edit&file=libtiff.so.5&path=//usr/lib64 HTTP/1.1" 200 162572 "-" "Mozilla/5.0 (compatible; MJ12bot/v1.4.8; http://mj12bot.com/)"
20.171.207.254 - - [26/Apr/2025:02:10:18 -0400] "GET /about.php?action=edit&file=Shop-7-226x300.png&path=%2Fhome%2Fmakmfewe%2Fsh-fragrances.com%2Fwp-content%2Fuploads%2F2023%2F05 HTTP/1.1" 200 25785 "-" "Mozilla/5.0 AppleWebKit/537.36 (KHTML, like Gecko; compatible; GPTBot/1.2; +https://openai.com/gptbot)"
147.135.212.200 - - [26/Apr/2025:02:10:20 -0400] "GET /about.php?action=edit&file=libtiff.so.5.3.0&path=//usr/lib64 HTTP/1.1" 200 162532 "-" "Mozilla/5.0 (compatible; MJ12bot/v1.4.8; http://mj12bot.com/)"
20.171.207.254 - - [26/Apr/2025:02:10:23 -0400] "GET /about.php?action=edit&file=sign-02-150x64.png&path=%2Fhome%2Fmakmfewe%2Fsh-fragrances.com%2Fwp-content%2Fuploads%2F2023%2F05 HTTP/1.1" 200 4446 "-" "Mozilla/5.0 AppleWebKit/537.36 (KHTML, like Gecko; compatible; GPTBot/1.2; +https://openai.com/gptbot)"
147.135.212.200 - - [26/Apr/2025:02:10:25 -0400] "GET /about.php?action=edit&file=libtiffxx.so&path=//usr/lib64 HTTP/1.1" 200 5207 "-" "Mozilla/5.0 (compatible; MJ12bot/v1.4.8; http://mj12bot.com/)"
20.171.207.254 - - [26/Apr/2025:02:10:27 -0400] "GET /about.php?action=edit&file=3-300x300.png&path=%2Fhome%2Fmakmfewe%2Fsh-fragrances.com%2Fwp-content%2Fuploads%2F2024%2F10 HTTP/1.1" 200 43993 "-" "Mozilla/5.0 AppleWebKit/537.36 (KHTML, like Gecko; compatible; GPTBot/1.2; +https://openai.com/gptbot)"
147.135.212.200 - - [26/Apr/2025:02:10:28 -0400] "GET /about.php?action=edit&file=libtiffxx.so.5&path=//usr/lib64 HTTP/1.1" 200 5172 "-" "Mozilla/5.0 (compatible; MJ12bot/v1.4.8; http://mj12bot.com/)"
147.135.212.200 - - [26/Apr/2025:02:10:31 -0400] "GET /about.php?action=edit&file=libtiffxx.so.5.3.0&path=//usr/lib64 HTTP/1.1" 200 5230 "-" "Mozilla/5.0 (compatible; MJ12bot/v1.4.8; http://mj12bot.com/)"
20.171.207.254 - - [26/Apr/2025:02:10:31 -0400] "GET /about.php?action=edit&file=Shop-3-226x300.png&path=%2Fhome%2Fmakmfewe%2Fsh-fragrances.com%2Fwp-content%2Fuploads%2F2023%2F05 HTTP/1.1" 200 30055 "-" "Mozilla/5.0 AppleWebKit/537.36 (KHTML, like Gecko; compatible; GPTBot/1.2; +https://openai.com/gptbot)"
147.135.212.200 - - [26/Apr/2025:02:10:33 -0400] "GET /about.php?action=edit&file=libtinfo.so&path=//usr/lib64 HTTP/1.1" 200 59925 "-" "Mozilla/5.0 (compatible; MJ12bot/v1.4.8; http://mj12bot.com/)"
147.135.212.200 - - [26/Apr/2025:02:10:35 -0400] "GET /about.php?action=edit&file=libtinfo.so.5&path=//usr/lib64 HTTP/1.1" 200 56302 "-" "Mozilla/5.0 (compatible; MJ12bot/v1.4.8; http://mj12bot.com/)"
20.171.207.254 - - [26/Apr/2025:02:10:36 -0400] "GET /about.php?action=edit&file=Shop-1-220x154.png&path=%2Fhome%2Fmakmfewe%2Fsh-fragrances.com%2Fwp-content%2Fuploads%2F2023%2F05 HTTP/1.1" 200 14608 "-" "Mozilla/5.0 AppleWebKit/537.36 (KHTML, like Gecko; compatible; GPTBot/1.2; +https://openai.com/gptbot)"
147.135.212.200 - - [26/Apr/2025:02:10:39 -0400] "GET /about.php?action=edit&file=libtinfo.so.5.9&path=//usr/lib64 HTTP/1.1" 200 56268 "-" "Mozilla/5.0 (compatible; MJ12bot/v1.4.8; http://mj12bot.com/)"
20.171.207.254 - - [26/Apr/2025:02:10:43 -0400] "GET /about.php?action=edit&file=4-100x100.png&path=%2Fhome%2Fmakmfewe%2Fsh-fragrances.com%2Fwp-content%2Fuploads%2F2024%2F10 HTTP/1.1" 200 7921 "-" "Mozilla/5.0 AppleWebKit/537.36 (KHTML, like Gecko; compatible; GPTBot/1.2; +https://openai.com/gptbot)"
147.135.212.200 - - [26/Apr/2025:02:10:48 -0400] "GET /about.php?action=edit&file=libtinfo.so.6&path=//usr/lib64 HTTP/1.1" 200 60019 "-" "Mozilla/5.0 (compatible; MJ12bot/v1.4.8; http://mj12bot.com/)"
20.171.207.254 - - [26/Apr/2025:02:10:49 -0400] "GET /about.php?action=edit&file=Shop-8-220x154.png&path=%2Fhome%2Fmakmfewe%2Fsh-fragrances.com%2Fwp-content%2Fuploads%2F2023%2F05 HTTP/1.1" 200 23248 "-" "Mozilla/5.0 AppleWebKit/537.36 (KHTML, like Gecko; compatible; GPTBot/1.2; +https://openai.com/gptbot)"
20.171.207.254 - - [26/Apr/2025:02:10:57 -0400] "GET /about.php?action=edit&file=Blog-1-150x150.png&path=%2Fhome%2Fmakmfewe%2Fsh-fragrances.com%2Fwp-content%2Fuploads%2F2023%2F05 HTTP/1.1" 200 35169 "-" "Mozilla/5.0 AppleWebKit/537.36 (KHTML, like Gecko; compatible; GPTBot/1.2; +https://openai.com/gptbot)"
147.135.212.200 - - [26/Apr/2025:02:10:58 -0400] "GET /about.php?action=edit&file=libtinfo.so.6.1&path=//usr/lib64 HTTP/1.1" 200 60059 "-" "Mozilla/5.0 (compatible; MJ12bot/v1.4.8; http://mj12bot.com/)"
20.171.207.254 - - [26/Apr/2025:02:11:02 -0400] "GET /about.php?action=edit&file=2-220x154.png&path=%2Fhome%2Fmakmfewe%2Fsh-fragrances.com%2Fwp-content%2Fuploads%2F2024%2F10 HTTP/1.1" 200 21503 "-" "Mozilla/5.0 AppleWebKit/537.36 (KHTML, like Gecko; compatible; GPTBot/1.2; +https://openai.com/gptbot)"
147.135.212.200 - - [26/Apr/2025:02:11:03 -0400] "GET /about.php?action=edit&file=libtirpc.so.3&path=//usr/lib64 HTTP/1.1" 200 89498 "-" "Mozilla/5.0 (compatible; MJ12bot/v1.4.8; http://mj12bot.com/)"
20.171.207.254 - - [26/Apr/2025:02:11:10 -0400] "GET /about.php?action=edit&file=3-220x154.png&path=%2Fhome%2Fmakmfewe%2Fsh-fragrances.com%2Fwp-content%2Fuploads%2F2024%2F10 HTTP/1.1" 200 20375 "-" "Mozilla/5.0 AppleWebKit/537.36 (KHTML, like Gecko; compatible; GPTBot/1.2; +https://openai.com/gptbot)"
147.135.212.200 - - [26/Apr/2025:02:11:10 -0400] "GET /about.php?action=edit&file=libtirpc.so.3.0.0&path=//usr/lib64 HTTP/1.1" 200 89541 "-" "Mozilla/5.0 (compatible; MJ12bot/v1.4.8; http://mj12bot.com/)"
20.171.207.254 - - [26/Apr/2025:02:11:18 -0400] "GET /about.php?action=edit&file=Shop-1-150x150.png&path=%2Fhome%2Fmakmfewe%2Fsh-fragrances.com%2Fwp-content%2Fuploads%2F2023%2F05 HTTP/1.1" 200 10027 "-" "Mozilla/5.0 AppleWebKit/537.36 (KHTML, like Gecko; compatible; GPTBot/1.2; +https://openai.com/gptbot)"
147.135.212.200 - - [26/Apr/2025:02:11:18 -0400] "GET /about.php?action=edit&file=libtk8.6.so&path=//usr/lib64 HTTP/1.1" 200 577344 "-" "Mozilla/5.0 (compatible; MJ12bot/v1.4.8; http://mj12bot.com/)"
20.171.207.254 - - [26/Apr/2025:02:11:25 -0400] "GET /about.php?action=edit&file=7-220x154.png&path=%2Fhome%2Fmakmfewe%2Fsh-fragrances.com%2Fwp-content%2Fuploads%2F2024%2F10 HTTP/1.1" 200 26539 "-" "Mozilla/5.0 AppleWebKit/537.36 (KHTML, like Gecko; compatible; GPTBot/1.2; +https://openai.com/gptbot)"
147.135.212.200 - - [26/Apr/2025:02:11:26 -0400] "GET /about.php?action=edit&file=libtokyocabinet.so.9&path=//usr/lib64 HTTP/1.1" 200 229426 "-" "Mozilla/5.0 (compatible; MJ12bot/v1.4.8; http://mj12bot.com/)"
20.171.207.254 - - [26/Apr/2025:02:11:29 -0400] "GET /about.php?action=edit&file=10-50x50.png&path=%2Fhome%2Fmakmfewe%2Fsh-fragrances.com%2Fwp-content%2Fuploads%2F2024%2F10 HTTP/1.1" 200 2792 "-" "Mozilla/5.0 AppleWebKit/537.36 (KHTML, like Gecko; compatible; GPTBot/1.2; +https://openai.com/gptbot)"
147.135.212.200 - - [26/Apr/2025:02:11:33 -0400] "GET /about.php?action=edit&file=libtokyocabinet.so.9.11.0&path=//usr/lib64 HTTP/1.1" 200 229386 "-" "Mozilla/5.0 (compatible; MJ12bot/v1.4.8; http://mj12bot.com/)"
20.171.207.254 - - [26/Apr/2025:02:11:35 -0400] "GET /about.php?action=edit&file=Shop-1-100x100.png&path=%2Fhome%2Fmakmfewe%2Fsh-fragrances.com%2Fwp-content%2Fuploads%2F2023%2F05 HTTP/1.1" 200 5725 "-" "Mozilla/5.0 AppleWebKit/537.36 (KHTML, like Gecko; compatible; GPTBot/1.2; +https://openai.com/gptbot)"
20.171.207.254 - - [26/Apr/2025:02:11:43 -0400] "GET /about.php?action=edit&file=7-300x300.png&path=%2Fhome%2Fmakmfewe%2Fsh-fragrances.com%2Fwp-content%2Fuploads%2F2024%2F10 HTTP/1.1" 200 55674 "-" "Mozilla/5.0 AppleWebKit/537.36 (KHTML, like Gecko; compatible; GPTBot/1.2; +https://openai.com/gptbot)"
147.135.212.200 - - [26/Apr/2025:02:11:41 -0400] "GET /about.php?action=edit&file=libtomcrypt.so.1&path=//usr/lib64 HTTP/1.1" 200 387177 "-" "Mozilla/5.0 (compatible; MJ12bot/v1.4.8; http://mj12bot.com/)"
20.171.207.254 - - [26/Apr/2025:02:11:46 -0400] "GET /about.php?action=edit&file=sign-02-100x64.png&path=%2Fhome%2Fmakmfewe%2Fsh-fragrances.com%2Fwp-content%2Fuploads%2F2023%2F05 HTTP/1.1" 200 3851 "-" "Mozilla/5.0 AppleWebKit/537.36 (KHTML, like Gecko; compatible; GPTBot/1.2; +https://openai.com/gptbot)"
147.135.212.200 - - [26/Apr/2025:02:11:48 -0400] "GET /about.php?action=edit&file=libtomcrypt.so.1.0.1&path=//usr/lib64 HTTP/1.1" 200 387812 "-" "Mozilla/5.0 (compatible; MJ12bot/v1.4.8; http://mj12bot.com/)"
20.171.207.254 - - [26/Apr/2025:02:11:52 -0400] "GET /about.php?action=edit&file=Blog-1-768x360.png&path=%2Fhome%2Fmakmfewe%2Fsh-fragrances.com%2Fwp-content%2Fuploads%2F2023%2F05 HTTP/1.1" 200 266169 "-" "Mozilla/5.0 AppleWebKit/537.36 (KHTML, like Gecko; compatible; GPTBot/1.2; +https://openai.com/gptbot)"
147.135.212.200 - - [26/Apr/2025:02:11:53 -0400] "GET /about.php?action=edit&file=libtommath.so.1&path=//usr/lib64 HTTP/1.1" 200 36460 "-" "Mozilla/5.0 (compatible; MJ12bot/v1.4.8; http://mj12bot.com/)"
20.171.207.254 - - [26/Apr/2025:02:11:57 -0400] "GET /about.php?action=edit&file=3-150x150.png&path=%2Fhome%2Fmakmfewe%2Fsh-fragrances.com%2Fwp-content%2Fuploads%2F2024%2F10 HTTP/1.1" 200 14054 "-" "Mozilla/5.0 AppleWebKit/537.36 (KHTML, like Gecko; compatible; GPTBot/1.2; +https://openai.com/gptbot)"
147.135.212.200 - - [26/Apr/2025:02:12:00 -0400] "GET /about.php?action=edit&file=libtommath.so.1.1.0&path=//usr/lib64 HTTP/1.1" 200 36428 "-" "Mozilla/5.0 (compatible; MJ12bot/v1.4.8; http://mj12bot.com/)"
20.171.207.254 - - [26/Apr/2025:02:12:01 -0400] "GET /about.php?action=edit&file=Blog-1-100x100.png&path=%2Fhome%2Fmakmfewe%2Fsh-fragrances.com%2Fwp-content%2Fuploads%2F2023%2F05 HTTP/1.1" 200 17438 "-" "Mozilla/5.0 AppleWebKit/537.36 (KHTML, like Gecko; compatible; GPTBot/1.2; +https://openai.com/gptbot)"
20.171.207.254 - - [26/Apr/2025:02:12:07 -0400] "GET /about.php?action=edit&file=9-300x300.png&path=%2Fhome%2Fmakmfewe%2Fsh-fragrances.com%2Fwp-content%2Fuploads%2F2024%2F10 HTTP/1.1" 200 48054 "-" "Mozilla/5.0 AppleWebKit/537.36 (KHTML, like Gecko; compatible; GPTBot/1.2; +https://openai.com/gptbot)"
147.135.212.200 - - [26/Apr/2025:02:12:06 -0400] "GET /about.php?action=edit&file=libtool&path=//usr/bin HTTP/1.1" 200 96938 "-" "Mozilla/5.0 (compatible; MJ12bot/v1.4.8; http://mj12bot.com/)"
20.171.207.254 - - [26/Apr/2025:02:12:12 -0400] "GET /about.php?action=edit&file=2-150x150.png&path=%2Fhome%2Fmakmfewe%2Fsh-fragrances.com%2Fwp-content%2Fuploads%2F2024%2F10 HTTP/1.1" 200 15355 "-" "Mozilla/5.0 AppleWebKit/537.36 (KHTML, like Gecko; compatible; GPTBot/1.2; +https://openai.com/gptbot)"
147.135.212.200 - - [26/Apr/2025:02:12:14 -0400] "GET /about.php?action=edit&file=libtoolize&path=//usr/bin HTTP/1.1" 200 35791 "-" "Mozilla/5.0 (compatible; MJ12bot/v1.4.8; http://mj12bot.com/)"
20.171.207.254 - - [26/Apr/2025:02:12:17 -0400] "GET /about.php?action=edit&file=4-300x300.png&path=%2Fhome%2Fmakmfewe%2Fsh-fragrances.com%2Fwp-content%2Fuploads%2F2024%2F10 HTTP/1.1" 200 49017 "-" "Mozilla/5.0 AppleWebKit/537.36 (KHTML, like Gecko; compatible; GPTBot/1.2; +https://openai.com/gptbot)"
147.135.212.200 - - [26/Apr/2025:02:12:20 -0400] "GET /about.php?action=edit&file=libtraceevent.so.1&path=//usr/lib64 HTTP/1.1" 200 55823 "-" "Mozilla/5.0 (compatible; MJ12bot/v1.4.8; http://mj12bot.com/)"
20.171.207.254 - - [26/Apr/2025:02:12:22 -0400] "GET /about.php?action=edit&file=4-220x154.png&path=%2Fhome%2Fmakmfewe%2Fsh-fragrances.com%2Fwp-content%2Fuploads%2F2024%2F10 HTTP/1.1" 200 22422 "-" "Mozilla/5.0 AppleWebKit/537.36 (KHTML, like Gecko; compatible; GPTBot/1.2; +https://openai.com/gptbot)"
147.135.212.200 - - [26/Apr/2025:02:12:26 -0400] "GET /about.php?action=edit&file=libtraceevent.so.1.5.3&path=//usr/lib64 HTTP/1.1" 200 55687 "-" "Mozilla/5.0 (compatible; MJ12bot/v1.4.8; http://mj12bot.com/)"
20.171.207.254 - - [26/Apr/2025:02:12:27 -0400] "GET /about.php?action=edit&file=1-150x150.png&path=%2Fhome%2Fmakmfewe%2Fsh-fragrances.com%2Fwp-content%2Fuploads%2F2024%2F10 HTTP/1.1" 200 17752 "-" "Mozilla/5.0 AppleWebKit/537.36 (KHTML, like Gecko; compatible; GPTBot/1.2; +https://openai.com/gptbot)"
20.171.207.254 - - [26/Apr/2025:02:12:31 -0400] "GET /about.php?action=edit&file=5-150x150.png&path=%2Fhome%2Fmakmfewe%2Fsh-fragrances.com%2Fwp-content%2Fuploads%2F2024%2F10 HTTP/1.1" 200 16168 "-" "Mozilla/5.0 AppleWebKit/537.36 (KHTML, like Gecko; compatible; GPTBot/1.2; +https://openai.com/gptbot)"
147.135.212.200 - - [26/Apr/2025:02:12:30 -0400] "GET /about.php?action=edit&file=libtspi.so.1&path=//usr/lib64 HTTP/1.1" 200 167753 "-" "Mozilla/5.0 (compatible; MJ12bot/v1.4.8; http://mj12bot.com/)"
20.171.207.254 - - [26/Apr/2025:02:12:36 -0400] "GET /about.php?action=edit&file=Shop-3-220x154.png&path=%2Fhome%2Fmakmfewe%2Fsh-fragrances.com%2Fwp-content%2Fuploads%2F2023%2F05 HTTP/1.1" 200 28345 "-" "Mozilla/5.0 AppleWebKit/537.36 (KHTML, like Gecko; compatible; GPTBot/1.2; +https://openai.com/gptbot)"
147.135.212.200 - - [26/Apr/2025:02:12:36 -0400] "GET /about.php?action=edit&file=libtspi.so.1.2.0&path=//usr/lib64 HTTP/1.1" 200 167766 "-" "Mozilla/5.0 (compatible; MJ12bot/v1.4.8; http://mj12bot.com/)"
20.171.207.254 - - [26/Apr/2025:02:12:39 -0400] "GET /about.php?action=edit&file=2-300x300.png&path=%2Fhome%2Fmakmfewe%2Fsh-fragrances.com%2Fwp-content%2Fuploads%2F2024%2F10 HTTP/1.1" 200 44794 "-" "Mozilla/5.0 AppleWebKit/537.36 (KHTML, like Gecko; compatible; GPTBot/1.2; +https://openai.com/gptbot)"
147.135.212.200 - - [26/Apr/2025:02:12:42 -0400] "GET /about.php?action=edit&file=libtss2-esys.so.0&path=//usr/lib64 HTTP/1.1" 200 178152 "-" "Mozilla/5.0 (compatible; MJ12bot/v1.4.8; http://mj12bot.com/)"
20.171.207.254 - - [26/Apr/2025:02:12:43 -0400] "GET /about.php?action=edit&file=Shop-7-100x100.png&path=%2Fhome%2Fmakmfewe%2Fsh-fragrances.com%2Fwp-content%2Fuploads%2F2023%2F05 HTTP/1.1" 200 8174 "-" "Mozilla/5.0 AppleWebKit/537.36 (KHTML, like Gecko; compatible; GPTBot/1.2; +https://openai.com/gptbot)"
20.171.207.254 - - [26/Apr/2025:02:12:46 -0400] "GET /about.php?action=edit&file=Shop-6-100x100.png&path=%2Fhome%2Fmakmfewe%2Fsh-fragrances.com%2Fwp-content%2Fuploads%2F2023%2F05 HTTP/1.1" 200 9561 "-" "Mozilla/5.0 AppleWebKit/537.36 (KHTML, like Gecko; compatible; GPTBot/1.2; +https://openai.com/gptbot)"
147.135.212.200 - - [26/Apr/2025:02:12:47 -0400] "GET /about.php?action=edit&file=libtss2-esys.so.0.0.0&path=//usr/lib64 HTTP/1.1" 200 177884 "-" "Mozilla/5.0 (compatible; MJ12bot/v1.4.8; http://mj12bot.com/)"
20.171.207.254 - - [26/Apr/2025:02:12:49 -0400] "GET /about.php?action=edit&file=5-300x300.png&path=%2Fhome%2Fmakmfewe%2Fsh-fragrances.com%2Fwp-content%2Fuploads%2F2024%2F10 HTTP/1.1" 200 55097 "-" "Mozilla/5.0 AppleWebKit/537.36 (KHTML, like Gecko; compatible; GPTBot/1.2; +https://openai.com/gptbot)"
20.171.207.254 - - [26/Apr/2025:02:12:54 -0400] "GET /about.php?action=edit&file=Shop-8-226x300.png&path=%2Fhome%2Fmakmfewe%2Fsh-fragrances.com%2Fwp-content%2Fuploads%2F2023%2F05 HTTP/1.1" 200 24547 "-" "Mozilla/5.0 AppleWebKit/537.36 (KHTML, like Gecko; compatible; GPTBot/1.2; +https://openai.com/gptbot)"
147.135.212.200 - - [26/Apr/2025:02:12:54 -0400] "GET /about.php?action=edit&file=libtss2-mu.so.0&path=//usr/lib64 HTTP/1.1" 200 66084 "-" "Mozilla/5.0 (compatible; MJ12bot/v1.4.8; http://mj12bot.com/)"
20.171.207.254 - - [26/Apr/2025:02:12:57 -0400] "GET /about.php?action=edit&file=Shop-3-100x100.png&path=%2Fhome%2Fmakmfewe%2Fsh-fragrances.com%2Fwp-content%2Fuploads%2F2023%2F05 HTTP/1.1" 200 7447 "-" "Mozilla/5.0 AppleWebKit/537.36 (KHTML, like Gecko; compatible; GPTBot/1.2; +https://openai.com/gptbot)"
147.135.212.200 - - [26/Apr/2025:02:13:01 -0400] "GET /about.php?action=edit&file=libtss2-mu.so.0.0.0&path=//usr/lib64 HTTP/1.1" 200 65949 "-" "Mozilla/5.0 (compatible; MJ12bot/v1.4.8; http://mj12bot.com/)"
20.171.207.254 - - [26/Apr/2025:02:13:03 -0400] "GET /about.php?action=edit&file=Shop-4-150x150.png&path=%2Fhome%2Fmakmfewe%2Fsh-fragrances.com%2Fwp-content%2Fuploads%2F2023%2F05 HTTP/1.1" 200 12864 "-" "Mozilla/5.0 AppleWebKit/537.36 (KHTML, like Gecko; compatible; GPTBot/1.2; +https://openai.com/gptbot)"
147.135.212.200 - - [26/Apr/2025:02:13:08 -0400] "GET /about.php?action=edit&file=libtss2-rc.so.0&path=//usr/lib64 HTTP/1.1" 200 7604 "-" "Mozilla/5.0 (compatible; MJ12bot/v1.4.8; http://mj12bot.com/)"
20.171.207.254 - - [26/Apr/2025:02:13:08 -0400] "GET /about.php?action=edit&file=9-100x100.png&path=%2Fhome%2Fmakmfewe%2Fsh-fragrances.com%2Fwp-content%2Fuploads%2F2024%2F10 HTTP/1.1" 200 8280 "-" "Mozilla/5.0 AppleWebKit/537.36 (KHTML, like Gecko; compatible; GPTBot/1.2; +https://openai.com/gptbot)"
20.171.207.254 - - [26/Apr/2025:02:13:13 -0400] "GET /about.php?action=edit&file=8-300x300.png&path=%2Fhome%2Fmakmfewe%2Fsh-fragrances.com%2Fwp-content%2Fuploads%2F2024%2F10 HTTP/1.1" 200 62623 "-" "Mozilla/5.0 AppleWebKit/537.36 (KHTML, like Gecko; compatible; GPTBot/1.2; +https://openai.com/gptbot)"
147.135.212.200 - - [26/Apr/2025:02:13:15 -0400] "GET /about.php?action=edit&file=libtss2-rc.so.0.0.0&path=//usr/lib64 HTTP/1.1" 200 7600 "-" "Mozilla/5.0 (compatible; MJ12bot/v1.4.8; http://mj12bot.com/)"
20.171.207.254 - - [26/Apr/2025:02:13:20 -0400] "GET /about.php?action=edit&file=Blog-1-300x141.png&path=%2Fhome%2Fmakmfewe%2Fsh-fragrances.com%2Fwp-content%2Fuploads%2F2023%2F05 HTTP/1.1" 200 51370 "-" "Mozilla/5.0 AppleWebKit/537.36 (KHTML, like Gecko; compatible; GPTBot/1.2; +https://openai.com/gptbot)"
147.135.212.200 - - [26/Apr/2025:02:13:21 -0400] "GET /about.php?action=edit&file=libtss2-sys.so.0&path=//usr/lib64 HTTP/1.1" 200 39831 "-" "Mozilla/5.0 (compatible; MJ12bot/v1.4.8; http://mj12bot.com/)"
20.171.207.254 - - [26/Apr/2025:02:13:24 -0400] "GET /about.php?action=edit&file=Shop-6-220x154.png&path=%2Fhome%2Fmakmfewe%2Fsh-fragrances.com%2Fwp-content%2Fuploads%2F2023%2F05 HTTP/1.1" 200 40201 "-" "Mozilla/5.0 AppleWebKit/537.36 (KHTML, like Gecko; compatible; GPTBot/1.2; +https://openai.com/gptbot)"
147.135.212.200 - - [26/Apr/2025:02:13:26 -0400] "GET /about.php?action=edit&file=libtss2-sys.so.0.0.0&path=//usr/lib64 HTTP/1.1" 200 39866 "-" "Mozilla/5.0 (compatible; MJ12bot/v1.4.8; http://mj12bot.com/)"
43.153.19.83 - - [26/Apr/2025:02:13:28 -0400] "GET /wp-includes/ID3/getid3.lib.php HTTP/1.1" 403 1242 "-" "Mozilla/5.0 (iPhone; CPU iPhone OS 13_2_3 like Mac OS X) AppleWebKit/605.1.15 (KHTML, like Gecko) Version/13.0.3 Mobile/15E148 Safari/604.1"
20.171.207.254 - - [26/Apr/2025:02:13:30 -0400] "GET /about.php?action=edit&file=1-300x300.png&path=%2Fhome%2Fmakmfewe%2Fsh-fragrances.com%2Fwp-content%2Fuploads%2F2024%2F10 HTTP/1.1" 200 57628 "-" "Mozilla/5.0 AppleWebKit/537.36 (KHTML, like Gecko; compatible; GPTBot/1.2; +https://openai.com/gptbot)"
147.135.212.200 - - [26/Apr/2025:02:13:31 -0400] "GET /about.php?action=edit&file=libtss2-tcti-device.so.0&path=//usr/lib64 HTTP/1.1" 200 10445 "-" "Mozilla/5.0 (compatible; MJ12bot/v1.4.8; http://mj12bot.com/)"
20.171.207.254 - - [26/Apr/2025:02:13:35 -0400] "GET /about.php?action=edit&file=Shop-5-226x300.png&path=%2Fhome%2Fmakmfewe%2Fsh-fragrances.com%2Fwp-content%2Fuploads%2F2023%2F05 HTTP/1.1" 200 42239 "-" "Mozilla/5.0 AppleWebKit/537.36 (KHTML, like Gecko; compatible; GPTBot/1.2; +https://openai.com/gptbot)"
173.208.148.34 - - [26/Apr/2025:02:13:35 -0400] "GET / HTTP/1.1" 200 7589 "-" "Mozilla/5.0 (Windows NT 10.0; Win64; x64) AppleWebKit/537.36 (KHTML, like Gecko) Chrome/91.0.4472.106 Safari/537.36"
147.135.212.200 - - [26/Apr/2025:02:13:36 -0400] "GET /about.php?action=edit&file=libtss2-tcti-device.so.0.0.0&path=//usr/lib64 HTTP/1.1" 200 10469 "-" "Mozilla/5.0 (compatible; MJ12bot/v1.4.8; http://mj12bot.com/)"
173.208.148.34 - - [26/Apr/2025:02:13:38 -0400] "GET / HTTP/1.1" 200 7589 "-" "Mozilla/5.0 (compatible; Googlebot/2.1; +http://www.google.com/bot.html)"
20.171.207.254 - - [26/Apr/2025:02:13:39 -0400] "GET /about.php?action=edit&file=Blog-1-220x154.png&path=%2Fhome%2Fmakmfewe%2Fsh-fragrances.com%2Fwp-content%2Fuploads%2F2023%2F05 HTTP/1.1" 200 47542 "-" "Mozilla/5.0 AppleWebKit/537.36 (KHTML, like Gecko; compatible; GPTBot/1.2; +https://openai.com/gptbot)"
147.135.212.200 - - [26/Apr/2025:02:13:40 -0400] "GET /about.php?action=edit&file=libtss2-tcti-mssim.so.0&path=//usr/lib64 HTTP/1.1" 200 11746 "-" "Mozilla/5.0 (compatible; MJ12bot/v1.4.8; http://mj12bot.com/)"
173.208.148.34 - - [26/Apr/2025:02:13:43 -0400] "GET /index.php?params=1 HTTP/1.1" 404 1251 "-" "Mozilla/5.0 (Windows NT 10.0; Win64; x64) AppleWebKit/537.36 (KHTML, like Gecko) Chrome/91.0.4472.106 Safari/537.36"
20.171.207.254 - - [26/Apr/2025:02:13:43 -0400] "GET /about.php?action=edit&file=Shop-1-226x300.png&path=%2Fhome%2Fmakmfewe%2Fsh-fragrances.com%2Fwp-content%2Fuploads%2F2023%2F05 HTTP/1.1" 200 18651 "-" "Mozilla/5.0 AppleWebKit/537.36 (KHTML, like Gecko; compatible; GPTBot/1.2; +https://openai.com/gptbot)"
147.135.212.200 - - [26/Apr/2025:02:13:43 -0400] "GET /about.php?action=edit&file=libtss2-tcti-mssim.so.0.0.0&path=//usr/lib64 HTTP/1.1" 200 11773 "-" "Mozilla/5.0 (compatible; MJ12bot/v1.4.8; http://mj12bot.com/)"
147.135.212.200 - - [26/Apr/2025:02:13:48 -0400] "GET /about.php?action=edit&file=libtss2-tctildr.so.0&path=//usr/lib64 HTTP/1.1" 200 12664 "-" "Mozilla/5.0 (compatible; MJ12bot/v1.4.8; http://mj12bot.com/)"
20.171.207.254 - - [26/Apr/2025:02:13:48 -0400] "GET /about.php?action=edit&file=Shop-5-100x100.png&path=%2Fhome%2Fmakmfewe%2Fsh-fragrances.com%2Fwp-content%2Fuploads%2F2023%2F05 HTTP/1.1" 200 7887 "-" "Mozilla/5.0 AppleWebKit/537.36 (KHTML, like Gecko; compatible; GPTBot/1.2; +https://openai.com/gptbot)"
147.135.212.200 - - [26/Apr/2025:02:13:51 -0400] "GET /about.php?action=edit&file=libtss2-tctildr.so.0.0.0&path=//usr/lib64 HTTP/1.1" 200 12678 "-" "Mozilla/5.0 (compatible; MJ12bot/v1.4.8; http://mj12bot.com/)"
20.171.207.254 - - [26/Apr/2025:02:13:51 -0400] "GET /about.php?action=edit&file=8-220x154.png&path=%2Fhome%2Fmakmfewe%2Fsh-fragrances.com%2Fwp-content%2Fuploads%2F2024%2F10 HTTP/1.1" 200 28497 "-" "Mozilla/5.0 AppleWebKit/537.36 (KHTML, like Gecko; compatible; GPTBot/1.2; +https://openai.com/gptbot)"
20.171.207.254 - - [26/Apr/2025:02:13:55 -0400] "GET /about.php?action=edit&file=Shop-8-100x100.png&path=%2Fhome%2Fmakmfewe%2Fsh-fragrances.com%2Fwp-content%2Fuploads%2F2023%2F05 HTTP/1.1" 200 6323 "-" "Mozilla/5.0 AppleWebKit/537.36 (KHTML, like Gecko; compatible; GPTBot/1.2; +https://openai.com/gptbot)"
147.135.212.200 - - [26/Apr/2025:02:13:55 -0400] "GET /about.php?action=edit&file=libudev.so.1&path=//usr/lib64 HTTP/1.1" 200 266115 "-" "Mozilla/5.0 (compatible; MJ12bot/v1.4.8; http://mj12bot.com/)"
20.171.207.254 - - [26/Apr/2025:02:13:58 -0400] "GET /about.php?action=edit&file=Shop-6-226x300.png&path=%2Fhome%2Fmakmfewe%2Fsh-fragrances.com%2Fwp-content%2Fuploads%2F2023%2F05 HTTP/1.1" 200 42520 "-" "Mozilla/5.0 AppleWebKit/537.36 (KHTML, like Gecko; compatible; GPTBot/1.2; +https://openai.com/gptbot)"
20.171.207.254 - - [26/Apr/2025:02:14:01 -0400] "GET /about.php?action=edit&file=9-220x154.png&path=%2Fhome%2Fmakmfewe%2Fsh-fragrances.com%2Fwp-content%2Fuploads%2F2024%2F10 HTTP/1.1" 200 21882 "-" "Mozilla/5.0 AppleWebKit/537.36 (KHTML, like Gecko; compatible; GPTBot/1.2; +https://openai.com/gptbot)"
147.135.212.200 - - [26/Apr/2025:02:14:00 -0400] "GET /about.php?action=edit&file=libudev.so.1.6.11&path=//usr/lib64 HTTP/1.1" 200 266279 "-" "Mozilla/5.0 (compatible; MJ12bot/v1.4.8; http://mj12bot.com/)"
20.171.207.254 - - [26/Apr/2025:02:14:06 -0400] "GET /about.php?action=edit&file=8-100x100.png&path=%2Fhome%2Fmakmfewe%2Fsh-fragrances.com%2Fwp-content%2Fuploads%2F2024%2F10 HTTP/1.1" 200 9330 "-" "Mozilla/5.0 AppleWebKit/537.36 (KHTML, like Gecko; compatible; GPTBot/1.2; +https://openai.com/gptbot)"
147.135.212.200 - - [26/Apr/2025:02:14:09 -0400] "GET /about.php?action=edit&file=libulockmgr.so.1&path=//usr/lib64 HTTP/1.1" 200 5657 "-" "Mozilla/5.0 (compatible; MJ12bot/v1.4.8; http://mj12bot.com/)"
20.171.207.254 - - [26/Apr/2025:02:14:09 -0400] "GET /about.php?action=edit&file=13-50x50.png&path=%2Fhome%2Fmakmfewe%2Fsh-fragrances.com%2Fwp-content%2Fuploads%2F2024%2F10 HTTP/1.1" 200 3120 "-" "Mozilla/5.0 AppleWebKit/537.36 (KHTML, like Gecko; compatible; GPTBot/1.2; +https://openai.com/gptbot)"
147.135.212.200 - - [26/Apr/2025:02:14:14 -0400] "GET /about.php?action=edit&file=libulockmgr.so.1.0.1&path=//usr/lib64 HTTP/1.1" 200 5709 "-" "Mozilla/5.0 (compatible; MJ12bot/v1.4.8; http://mj12bot.com/)"
20.171.207.254 - - [26/Apr/2025:02:14:15 -0400] "GET /about.php?action=edit&file=Blog-2-768x360.png&path=%2Fhome%2Fmakmfewe%2Fsh-fragrances.com%2Fwp-content%2Fuploads%2F2023%2F05 HTTP/1.1" 200 273739 "-" "Mozilla/5.0 AppleWebKit/537.36 (KHTML, like Gecko; compatible; GPTBot/1.2; +https://openai.com/gptbot)"
20.171.207.254 - - [26/Apr/2025:02:14:19 -0400] "GET /about.php?action=edit&file=Shop-4-100x100.png&path=%2Fhome%2Fmakmfewe%2Fsh-fragrances.com%2Fwp-content%2Fuploads%2F2023%2F05 HTTP/1.1" 200 6468 "-" "Mozilla/5.0 AppleWebKit/537.36 (KHTML, like Gecko; compatible; GPTBot/1.2; +https://openai.com/gptbot)"
147.135.212.200 - - [26/Apr/2025:02:14:18 -0400] "GET /about.php?action=edit&file=libunbound.so.2&path=//usr/lib64 HTTP/1.1" 200 539437 "-" "Mozilla/5.0 (compatible; MJ12bot/v1.4.8; http://mj12bot.com/)"
20.171.207.254 - - [26/Apr/2025:02:14:25 -0400] "GET /about.php?action=edit&file=Shop-4-226x300.png&path=%2Fhome%2Fmakmfewe%2Fsh-fragrances.com%2Fwp-content%2Fuploads%2F2023%2F05 HTTP/1.1" 200 26527 "-" "Mozilla/5.0 AppleWebKit/537.36 (KHTML, like Gecko; compatible; GPTBot/1.2; +https://openai.com/gptbot)"
147.135.212.200 - - [26/Apr/2025:02:14:25 -0400] "GET /about.php?action=edit&file=libunbound.so.2.7.18&path=//usr/lib64 HTTP/1.1" 200 539549 "-" "Mozilla/5.0 (compatible; MJ12bot/v1.4.8; http://mj12bot.com/)"
20.171.207.254 - - [26/Apr/2025:02:14:30 -0400] "GET /about.php?action=edit&file=7-100x100.png&path=%2Fhome%2Fmakmfewe%2Fsh-fragrances.com%2Fwp-content%2Fuploads%2F2024%2F10 HTTP/1.1" 200 8231 "-" "Mozilla/5.0 AppleWebKit/537.36 (KHTML, like Gecko; compatible; GPTBot/1.2; +https://openai.com/gptbot)"
20.171.207.254 - - [26/Apr/2025:02:14:33 -0400] "GET /about.php?action=edit&file=11-50x50.png&path=%2Fhome%2Fmakmfewe%2Fsh-fragrances.com%2Fwp-content%2Fuploads%2F2024%2F10 HTTP/1.1" 200 3041 "-" "Mozilla/5.0 AppleWebKit/537.36 (KHTML, like Gecko; compatible; GPTBot/1.2; +https://openai.com/gptbot)"
147.135.212.200 - - [26/Apr/2025:02:14:34 -0400] "GET /about.php?action=edit&file=libunistring.so.2&path=//usr/lib64 HTTP/1.1" 200 466666 "-" "Mozilla/5.0 (compatible; MJ12bot/v1.4.8; http://mj12bot.com/)"
20.171.207.254 - - [26/Apr/2025:02:14:36 -0400] "GET /about.php?action=edit&file=5-220x154.png&path=%2Fhome%2Fmakmfewe%2Fsh-fragrances.com%2Fwp-content%2Fuploads%2F2024%2F10 HTTP/1.1" 200 25124 "-" "Mozilla/5.0 AppleWebKit/537.36 (KHTML, like Gecko; compatible; GPTBot/1.2; +https://openai.com/gptbot)"
20.171.207.254 - - [26/Apr/2025:02:14:42 -0400] "GET /about.php?action=edit&file=ng-50x50.png&path=%2Fhome%2Fmakmfewe%2Fsh-fragrances.com%2Fwp-content%2Fuploads%2F2023%2F06 HTTP/1.1" 200 2123 "-" "Mozilla/5.0 AppleWebKit/537.36 (KHTML, like Gecko; compatible; GPTBot/1.2; +https://openai.com/gptbot)"
147.135.212.200 - - [26/Apr/2025:02:14:41 -0400] "GET /about.php?action=edit&file=libunistring.so.2.1.0&path=//usr/lib64 HTTP/1.1" 200 466825 "-" "Mozilla/5.0 (compatible; MJ12bot/v1.4.8; http://mj12bot.com/)"
20.171.207.254 - - [26/Apr/2025:02:14:46 -0400] "GET /about.php?action=edit&file=Home-8-Vid-Bg-1536x796.png&path=%2Fhome%2Fmakmfewe%2Fsh-fragrances.com%2Fwp-content%2Fuploads%2F2023%2F05 HTTP/1.1" 200 681643 "-" "Mozilla/5.0 AppleWebKit/537.36 (KHTML, like Gecko; compatible; GPTBot/1.2; +https://openai.com/gptbot)"
147.135.212.200 - - [26/Apr/2025:02:14:50 -0400] "GET /about.php?action=edit&file=libusb-1.0.so.0&path=//usr/lib64 HTTP/1.1" 200 47026 "-" "Mozilla/5.0 (compatible; MJ12bot/v1.4.8; http://mj12bot.com/)"
20.171.207.254 - - [26/Apr/2025:02:14:51 -0400] "GET /about.php?action=edit&file=Shop-7-150x150.png&path=%2Fhome%2Fmakmfewe%2Fsh-fragrances.com%2Fwp-content%2Fuploads%2F2023%2F05 HTTP/1.1" 200 13920 "-" "Mozilla/5.0 AppleWebKit/537.36 (KHTML, like Gecko; compatible; GPTBot/1.2; +https://openai.com/gptbot)"
147.135.212.200 - - [26/Apr/2025:02:14:54 -0400] "GET /about.php?action=edit&file=libusb-1.0.so.0.2.0&path=//usr/lib64 HTTP/1.1" 200 47081 "-" "Mozilla/5.0 (compatible; MJ12bot/v1.4.8; http://mj12bot.com/)"
20.171.207.254 - - [26/Apr/2025:02:14:56 -0400] "GET /about.php?action=edit&file=Shop-8-150x150.png&path=%2Fhome%2Fmakmfewe%2Fsh-fragrances.com%2Fwp-content%2Fuploads%2F2023%2F05 HTTP/1.1" 200 11976 "-" "Mozilla/5.0 AppleWebKit/537.36 (KHTML, like Gecko; compatible; GPTBot/1.2; +https://openai.com/gptbot)"
147.135.212.200 - - [26/Apr/2025:02:14:58 -0400] "GET /about.php?action=edit&file=libuser.so.1&path=//usr/lib64 HTTP/1.1" 200 49094 "-" "Mozilla/5.0 (compatible; MJ12bot/v1.4.8; http://mj12bot.com/)"
20.171.207.254 - - [26/Apr/2025:02:15:06 -0400] "GET /about.php?action=edit&file=9-150x150.png&path=%2Fhome%2Fmakmfewe%2Fsh-fragrances.com%2Fwp-content%2Fuploads%2F2024%2F10 HTTP/1.1" 200 15382 "-" "Mozilla/5.0 AppleWebKit/537.36 (KHTML, like Gecko; compatible; GPTBot/1.2; +https://openai.com/gptbot)"
147.135.212.200 - - [26/Apr/2025:02:15:06 -0400] "GET /about.php?action=edit&file=libuser.so.1.5.2&path=//usr/lib64 HTTP/1.1" 200 49032 "-" "Mozilla/5.0 (compatible; MJ12bot/v1.4.8; http://mj12bot.com/)"
20.171.207.254 - - [26/Apr/2025:02:15:10 -0400] "GET /about.php?action=edit&file=8-150x150.png&path=%2Fhome%2Fmakmfewe%2Fsh-fragrances.com%2Fwp-content%2Fuploads%2F2024%2F10 HTTP/1.1" 200 18482 "-" "Mozilla/5.0 AppleWebKit/537.36 (KHTML, like Gecko; compatible; GPTBot/1.2; +https://openai.com/gptbot)"
147.135.212.200 - - [26/Apr/2025:02:15:13 -0400] "GET /about.php?action=edit&file=libuser_files.so&path=//lib64/libuser HTTP/1.1" 200 17323 "-" "Mozilla/5.0 (compatible; MJ12bot/v1.4.8; http://mj12bot.com/)"
20.171.207.254 - - [26/Apr/2025:02:15:16 -0400] "GET /about.php?action=edit&file=img-box01-50x50.png&path=%2Fhome%2Fmakmfewe%2Fsh-fragrances.com%2Fwp-content%2Fuploads%2F2023%2F05 HTTP/1.1" 200 3450 "-" "Mozilla/5.0 AppleWebKit/537.36 (KHTML, like Gecko; compatible; GPTBot/1.2; +https://openai.com/gptbot)"
147.135.212.200 - - [26/Apr/2025:02:15:19 -0400] "GET /about.php?action=edit&file=libuser_ldap.so&path=//lib64/libuser HTTP/1.1" 200 18434 "-" "Mozilla/5.0 (compatible; MJ12bot/v1.4.8; http://mj12bot.com/)"
20.171.207.254 - - [26/Apr/2025:02:15:24 -0400] "GET /about.php?action=edit&file=mask-image-1-768x313.png&path=%2Fhome%2Fmakmfewe%2Fsh-fragrances.com%2Fwp-content%2Fuploads%2F2023%2F06 HTTP/1.1" 200 2068 "-" "Mozilla/5.0 AppleWebKit/537.36 (KHTML, like Gecko; compatible; GPTBot/1.2; +https://openai.com/gptbot)"
147.135.212.200 - - [26/Apr/2025:02:15:26 -0400] "GET /about.php?action=edit&file=libuser_shadow.so&path=//lib64/libuser HTTP/1.1" 200 17343 "-" "Mozilla/5.0 (compatible; MJ12bot/v1.4.8; http://mj12bot.com/)"
20.171.207.254 - - [26/Apr/2025:02:15:30 -0400] "GET /about.php?action=edit&file=mask-image-1-150x150.png&path=%2Fhome%2Fmakmfewe%2Fsh-fragrances.com%2Fwp-content%2Fuploads%2F2023%2F06 HTTP/1.1" 200 1120 "-" "Mozilla/5.0 AppleWebKit/537.36 (KHTML, like Gecko; compatible; GPTBot/1.2; +https://openai.com/gptbot)"
147.135.212.200 - - [26/Apr/2025:02:15:32 -0400] "GET /about.php?action=edit&file=libutempter.so.0&path=//usr/lib64 HTTP/1.1" 200 4228 "-" "Mozilla/5.0 (compatible; MJ12bot/v1.4.8; http://mj12bot.com/)"
20.171.207.254 - - [26/Apr/2025:02:15:34 -0400] "GET /about.php?action=edit&file=mar-bg-text1-768x432.png&path=%2Fhome%2Fmakmfewe%2Fsh-fragrances.com%2Fwp-content%2Fuploads%2F2023%2F05 HTTP/1.1" 200 225430 "-" "Mozilla/5.0 AppleWebKit/537.36 (KHTML, like Gecko; compatible; GPTBot/1.2; +https://openai.com/gptbot)"
147.135.212.200 - - [26/Apr/2025:02:15:36 -0400] "GET /about.php?action=edit&file=libutempter.so.1.1.6&path=//usr/lib64 HTTP/1.1" 200 4248 "-" "Mozilla/5.0 (compatible; MJ12bot/v1.4.8; http://mj12bot.com/)"
20.171.207.254 - - [26/Apr/2025:02:15:40 -0400] "GET /about.php?action=edit&file=mask-image-1-220x154.png&path=%2Fhome%2Fmakmfewe%2Fsh-fragrances.com%2Fwp-content%2Fuploads%2F2023%2F06 HTTP/1.1" 200 1167 "-" "Mozilla/5.0 AppleWebKit/537.36 (KHTML, like Gecko; compatible; GPTBot/1.2; +https://openai.com/gptbot)"
