147.135.212.201 - - [25/Apr/2025:23:42:43 -0400] "GET /about.php?action=edit&file=dvorak.kbd&path=//lib64/aspell-0.60 HTTP/1.1" 200 630 "-" "Mozilla/5.0 (compatible; MJ12bot/v1.4.8; http://mj12bot.com/)"
147.135.212.201 - - [25/Apr/2025:23:42:45 -0400] "GET /about.php?action=edit&file=e2p.pc&path=//lib64/pkgconfig HTTP/1.1" 200 680 "-" "Mozilla/5.0 (compatible; MJ12bot/v1.4.8; http://mj12bot.com/)"
65.21.232.254 - - [25/Apr/2025:23:42:45 -0400] "GET /about.php?action=edit&file=libfontconfig.so&path=//usr/lib64 HTTP/1.1" 200 122675 "-" "Mozilla/5.0 (compatible; MJ12bot/v1.4.8; http://mj12bot.com/)"
147.135.212.201 - - [25/Apr/2025:23:42:47 -0400] "GET /about.php?action=edit&file=e5741_90a37_73c8a8ad844a5650fa409d8aba8f9415.key&path=/home/makmfewe/ssl/keys HTTP/1.1" 200 1903 "-" "Mozilla/5.0 (compatible; MJ12bot/v1.4.8; http://mj12bot.com/)"
65.21.232.254 - - [25/Apr/2025:23:42:48 -0400] "GET /about.php?action=edit&file=libfontconfig.so.1&path=//usr/lib64 HTTP/1.1" 200 122636 "-" "Mozilla/5.0 (compatible; MJ12bot/v1.4.8; http://mj12bot.com/)"
147.135.212.201 - - [25/Apr/2025:23:42:49 -0400] "GET /about.php?action=edit&file=e8b3d_71331_ce61061b86f76fad1ebb0298a30ab5de.key&path=/home/makmfewe/ssl/keys HTTP/1.1" 200 1894 "-" "Mozilla/5.0 (compatible; MJ12bot/v1.4.8; http://mj12bot.com/)"
65.21.232.254 - - [25/Apr/2025:23:42:51 -0400] "GET /about.php?action=edit&file=libfontconfig.so.1.12.0&path=//usr/lib64 HTTP/1.1" 200 122719 "-" "Mozilla/5.0 (compatible; MJ12bot/v1.4.8; http://mj12bot.com/)"
147.135.212.201 - - [25/Apr/2025:23:42:51 -0400] "GET /about.php?action=edit&file=ea-apr16-1.pc&path=//lib64/pkgconfig HTTP/1.1" 200 783 "-" "Mozilla/5.0 (compatible; MJ12bot/v1.4.8; http://mj12bot.com/)"
147.135.212.201 - - [25/Apr/2025:23:42:53 -0400] "GET /about.php?action=edit&file=ea-apr16-util-1.pc&path=//lib64/pkgconfig HTTP/1.1" 200 794 "-" "Mozilla/5.0 (compatible; MJ12bot/v1.4.8; http://mj12bot.com/)"
65.21.232.254 - - [25/Apr/2025:23:42:54 -0400] "GET /about.php?action=edit&file=libfontenc.so.1&path=//usr/lib64 HTTP/1.1" 200 11251 "-" "Mozilla/5.0 (compatible; MJ12bot/v1.4.8; http://mj12bot.com/)"
147.135.212.201 - - [25/Apr/2025:23:42:55 -0400] "GET /about.php?action=edit&file=ea-ruby27-passenger.conf&path=//lib/tmpfiles.d HTTP/1.1" 200 584 "-" "Mozilla/5.0 (compatible; MJ12bot/v1.4.8; http://mj12bot.com/)"
109.123.251.65 - - [25/Apr/2025:23:42:56 -0400] "GET /about.php?action=edit&file=libDeployPkg.so.0&path=//usr/lib64 HTTP/1.1" 200 17981 "-" "Mozilla/5.0 (compatible; MJ12bot/v1.4.8; http://mj12bot.com/)"
65.21.232.254 - - [25/Apr/2025:23:42:57 -0400] "GET /about.php?action=edit&file=libfontenc.so.1.0.0&path=//usr/lib64 HTTP/1.1" 200 11302 "-" "Mozilla/5.0 (compatible; MJ12bot/v1.4.8; http://mj12bot.com/)"
147.135.212.201 - - [25/Apr/2025:23:42:57 -0400] "GET /about.php?action=edit&file=eael-173.css&path=/home/makmfewe/drshahidchudhary.com/wp-content/uploads/essential-addons-elementor HTTP/1.1" 200 1965 "-" "Mozilla/5.0 (compatible; MJ12bot/v1.4.8; http://mj12bot.com/)"
147.135.212.201 - - [25/Apr/2025:23:42:59 -0400] "GET /about.php?action=edit&file=eael-173.js&path=/home/makmfewe/drshahidchudhary.com/wp-content/uploads/essential-addons-elementor HTTP/1.1" 200 553 "-" "Mozilla/5.0 (compatible; MJ12bot/v1.4.8; http://mj12bot.com/)"
147.135.212.201 - - [25/Apr/2025:23:43:02 -0400] "GET /about.php?action=edit&file=eael.css&path=/home/makmfewe/drshahidchudhary.com/wp-content/uploads/essential-addons-elementor HTTP/1.1" 200 100317 "-" "Mozilla/5.0 (compatible; MJ12bot/v1.4.8; http://mj12bot.com/)"
147.135.212.201 - - [25/Apr/2025:23:43:04 -0400] "GET /about.php?action=edit&file=eael.js&path=/home/makmfewe/drshahidchudhary.com/wp-content/uploads/essential-addons-elementor HTTP/1.1" 200 373254 "-" "Mozilla/5.0 (compatible; MJ12bot/v1.4.8; http://mj12bot.com/)"
65.21.232.254 - - [25/Apr/2025:23:43:07 -0400] "GET /about.php?action=edit&file=libform.so&path=//usr/lib64 HTTP/1.1" 200 28959 "-" "Mozilla/5.0 (compatible; MJ12bot/v1.4.8; http://mj12bot.com/)"
147.135.212.201 - - [25/Apr/2025:23:43:07 -0400] "GET /about.php?action=edit&file=eaf1f_990e1_1b3a3535932c9966f1bda855f65d9f3a.key&path=/home/makmfewe/ssl/keys HTTP/1.1" 200 1908 "-" "Mozilla/5.0 (compatible; MJ12bot/v1.4.8; http://mj12bot.com/)"
65.21.232.254 - - [25/Apr/2025:23:43:10 -0400] "GET /about.php?action=edit&file=libform.so.5&path=//usr/lib64 HTTP/1.1" 200 27722 "-" "Mozilla/5.0 (compatible; MJ12bot/v1.4.8; http://mj12bot.com/)"
147.135.212.201 - - [25/Apr/2025:23:43:10 -0400] "GET /about.php?action=edit&file=ec3d5_9824b_f93cfc81d408fc91e8ee5c0964fd2945.key&path=/home/makmfewe/ssl/keys HTTP/1.1" 200 1907 "-" "Mozilla/5.0 (compatible; MJ12bot/v1.4.8; http://mj12bot.com/)"
147.135.212.201 - - [25/Apr/2025:23:43:12 -0400] "GET /about.php?action=edit&file=echo&path=//usr/bin HTTP/1.1" 200 14874 "-" "Mozilla/5.0 (compatible; MJ12bot/v1.4.8; http://mj12bot.com/)"
65.21.232.254 - - [25/Apr/2025:23:43:13 -0400] "GET /about.php?action=edit&file=libform.so.5.9&path=//usr/lib64 HTTP/1.1" 200 27710 "-" "Mozilla/5.0 (compatible; MJ12bot/v1.4.8; http://mj12bot.com/)"
147.135.212.201 - - [25/Apr/2025:23:43:14 -0400] "GET /about.php?action=edit&file=ed3b0_10f57_2ffc1c572a023fa0974cbdfa1b4d5522.key&path=/home/makmfewe/ssl/keys HTTP/1.1" 200 1906 "-" "Mozilla/5.0 (compatible; MJ12bot/v1.4.8; http://mj12bot.com/)"
65.21.232.254 - - [25/Apr/2025:23:43:15 -0400] "GET /about.php?action=edit&file=libform.so.6&path=//usr/lib64 HTTP/1.1" 200 28907 "-" "Mozilla/5.0 (compatible; MJ12bot/v1.4.8; http://mj12bot.com/)"
147.135.212.201 - - [25/Apr/2025:23:43:16 -0400] "GET /about.php?action=edit&file=edit-comments-float.php&path=/home/makmfewe/kamrancomputer.com/wp-admin HTTP/1.1" 200 87097 "-" "Mozilla/5.0 (compatible; MJ12bot/v1.4.8; http://mj12bot.com/)"
65.21.232.254 - - [25/Apr/2025:23:43:18 -0400] "GET /about.php?action=edit&file=libform.so.6.1&path=//usr/lib64 HTTP/1.1" 200 28903 "-" "Mozilla/5.0 (compatible; MJ12bot/v1.4.8; http://mj12bot.com/)"
147.135.212.201 - - [25/Apr/2025:23:43:19 -0400] "GET /about.php?action=edit&file=edit-comments.php&path=/home/makmfewe/360legaljusticehub.com/wp-admin HTTP/1.1" 200 4893 "-" "Mozilla/5.0 (compatible; MJ12bot/v1.4.8; http://mj12bot.com/)"
147.135.212.201 - - [25/Apr/2025:23:43:22 -0400] "GET /about.php?action=edit&file=edit-comments.php&path=/home/makmfewe/aiqaderm.com/wp-admin HTTP/1.1" 200 4893 "-" "Mozilla/5.0 (compatible; MJ12bot/v1.4.8; http://mj12bot.com/)"
65.21.232.254 - - [25/Apr/2025:23:43:22 -0400] "GET /about.php?action=edit&file=libformw.so&path=//usr/lib64 HTTP/1.1" 200 32673 "-" "Mozilla/5.0 (compatible; MJ12bot/v1.4.8; http://mj12bot.com/)"
147.135.212.201 - - [25/Apr/2025:23:43:24 -0400] "GET /about.php?action=edit&file=edit-comments.php&path=/home/makmfewe/cosmopolitanestates.com/wp-admin HTTP/1.1" 200 4893 "-" "Mozilla/5.0 (compatible; MJ12bot/v1.4.8; http://mj12bot.com/)"
65.21.232.254 - - [25/Apr/2025:23:43:25 -0400] "GET /about.php?action=edit&file=libformw.so.5&path=//usr/lib64 HTTP/1.1" 200 30810 "-" "Mozilla/5.0 (compatible; MJ12bot/v1.4.8; http://mj12bot.com/)"
147.135.212.201 - - [25/Apr/2025:23:43:26 -0400] "GET /about.php?action=edit&file=edit-comments.php&path=/home/makmfewe/dentistring.com/wp-admin HTTP/1.1" 200 4893 "-" "Mozilla/5.0 (compatible; MJ12bot/v1.4.8; http://mj12bot.com/)"
147.135.212.201 - - [25/Apr/2025:23:43:28 -0400] "GET /about.php?action=edit&file=edit-comments.php&path=/home/makmfewe/drmohsinazeem.com/wp-admin HTTP/1.1" 200 4893 "-" "Mozilla/5.0 (compatible; MJ12bot/v1.4.8; http://mj12bot.com/)"
109.123.251.65 - - [25/Apr/2025:23:43:28 -0400] "GET /about.php?action=edit&file=libEGL.so.1&path=//usr/lib64 HTTP/1.1" 200 33938 "-" "Mozilla/5.0 (compatible; MJ12bot/v1.4.8; http://mj12bot.com/)"
65.21.232.254 - - [25/Apr/2025:23:43:28 -0400] "GET /about.php?action=edit&file=libformw.so.5.9&path=//usr/lib64 HTTP/1.1" 200 30802 "-" "Mozilla/5.0 (compatible; MJ12bot/v1.4.8; http://mj12bot.com/)"
147.135.212.201 - - [25/Apr/2025:23:43:30 -0400] "GET /about.php?action=edit&file=edit-comments.php&path=/home/makmfewe/gbfc.us/wp-admin HTTP/1.1" 200 4893 "-" "Mozilla/5.0 (compatible; MJ12bot/v1.4.8; http://mj12bot.com/)"
65.21.232.254 - - [25/Apr/2025:23:43:32 -0400] "GET /about.php?action=edit&file=libformw.so.6&path=//usr/lib64 HTTP/1.1" 200 32691 "-" "Mozilla/5.0 (compatible; MJ12bot/v1.4.8; http://mj12bot.com/)"
147.135.212.201 - - [25/Apr/2025:23:43:32 -0400] "GET /about.php?action=edit&file=edit-comments.php&path=/home/makmfewe/globalindustrialsolution.org/wp-admin HTTP/1.1" 200 4893 "-" "Mozilla/5.0 (compatible; MJ12bot/v1.4.8; http://mj12bot.com/)"
147.135.212.201 - - [25/Apr/2025:23:43:34 -0400] "GET /about.php?action=edit&file=edit-comments.php&path=/home/makmfewe/hsec.com.pk/wp-admin HTTP/1.1" 200 4893 "-" "Mozilla/5.0 (compatible; MJ12bot/v1.4.8; http://mj12bot.com/)"
65.21.232.254 - - [25/Apr/2025:23:43:35 -0400] "GET /about.php?action=edit&file=libformw.so.6.1&path=//usr/lib64 HTTP/1.1" 200 32608 "-" "Mozilla/5.0 (compatible; MJ12bot/v1.4.8; http://mj12bot.com/)"
147.135.212.201 - - [25/Apr/2025:23:43:36 -0400] "GET /about.php?action=edit&file=edit-comments.php&path=/home/makmfewe/ibnearif.com/wp-admin HTTP/1.1" 200 4893 "-" "Mozilla/5.0 (compatible; MJ12bot/v1.4.8; http://mj12bot.com/)"
65.21.232.254 - - [25/Apr/2025:23:43:38 -0400] "GET /about.php?action=edit&file=libfreebl3.chk&path=//usr/lib64 HTTP/1.1" 200 669 "-" "Mozilla/5.0 (compatible; MJ12bot/v1.4.8; http://mj12bot.com/)"
147.135.212.201 - - [25/Apr/2025:23:43:38 -0400] "GET /about.php?action=edit&file=edit-comments.php&path=/home/makmfewe/kamrancomputer.com/wp-admin HTTP/1.1" 200 4893 "-" "Mozilla/5.0 (compatible; MJ12bot/v1.4.8; http://mj12bot.com/)"
109.123.251.65 - - [25/Apr/2025:23:43:38 -0400] "GET /about.php?action=edit&file=libEGL.so.1.1.0&path=//usr/lib64 HTTP/1.1" 200 33773 "-" "Mozilla/5.0 (compatible; MJ12bot/v1.4.8; http://mj12bot.com/)"
147.135.212.201 - - [25/Apr/2025:23:43:40 -0400] "GET /about.php?action=edit&file=edit-comments.php&path=/home/makmfewe/kneespine.com/wp-admin HTTP/1.1" 200 4893 "-" "Mozilla/5.0 (compatible; MJ12bot/v1.4.8; http://mj12bot.com/)"
65.21.232.254 - - [25/Apr/2025:23:43:40 -0400] "GET /about.php?action=edit&file=libfreebl3.so&path=//usr/lib64 HTTP/1.1" 200 4639 "-" "Mozilla/5.0 (compatible; MJ12bot/v1.4.8; http://mj12bot.com/)"
147.135.212.201 - - [25/Apr/2025:23:43:42 -0400] "GET /about.php?action=edit&file=edit-comments.php&path=/home/makmfewe/learningladder.academy/wp-admin HTTP/1.1" 200 4893 "-" "Mozilla/5.0 (compatible; MJ12bot/v1.4.8; http://mj12bot.com/)"
65.21.232.254 - - [25/Apr/2025:23:43:43 -0400] "GET /about.php?action=edit&file=libfreeblpriv3.chk&path=//usr/lib64 HTTP/1.1" 200 682 "-" "Mozilla/5.0 (compatible; MJ12bot/v1.4.8; http://mj12bot.com/)"
147.135.212.201 - - [25/Apr/2025:23:43:44 -0400] "GET /about.php?action=edit&file=edit-comments.php&path=/home/makmfewe/memontravelservices.com/wp-admin HTTP/1.1" 200 4893 "-" "Mozilla/5.0 (compatible; MJ12bot/v1.4.8; http://mj12bot.com/)"
147.135.212.201 - - [25/Apr/2025:23:43:46 -0400] "GET /about.php?action=edit&file=edit-comments.php&path=/home/makmfewe/mianoorproperties.com/wp-admin HTTP/1.1" 200 4893 "-" "Mozilla/5.0 (compatible; MJ12bot/v1.4.8; http://mj12bot.com/)"
65.21.232.254 - - [25/Apr/2025:23:43:46 -0400] "GET /about.php?action=edit&file=libfreeblpriv3.so&path=//usr/lib64 HTTP/1.1" 200 309187 "-" "Mozilla/5.0 (compatible; MJ12bot/v1.4.8; http://mj12bot.com/)"
147.135.212.201 - - [25/Apr/2025:23:43:49 -0400] "GET /about.php?action=edit&file=edit-comments.php&path=/home/makmfewe/public_html/wp-admin HTTP/1.1" 200 4893 "-" "Mozilla/5.0 (compatible; MJ12bot/v1.4.8; http://mj12bot.com/)"
147.135.212.201 - - [25/Apr/2025:23:43:51 -0400] "GET /about.php?action=edit&file=edit-comments.php&path=/home/makmfewe/pwmsolution.com/wp-admin HTTP/1.1" 200 4893 "-" "Mozilla/5.0 (compatible; MJ12bot/v1.4.8; http://mj12bot.com/)"
65.21.232.254 - - [25/Apr/2025:23:43:51 -0400] "GET /about.php?action=edit&file=libfreetype.so&path=//usr/lib64 HTTP/1.1" 200 349179 "-" "Mozilla/5.0 (compatible; MJ12bot/v1.4.8; http://mj12bot.com/)"
147.135.212.201 - - [25/Apr/2025:23:43:54 -0400] "GET /about.php?action=edit&file=edit-comments.php&path=/home/makmfewe/sh-fragrances.com/wp-admin HTTP/1.1" 200 4893 "-" "Mozilla/5.0 (compatible; MJ12bot/v1.4.8; http://mj12bot.com/)"
147.135.212.201 - - [25/Apr/2025:23:43:56 -0400] "GET /about.php?action=edit&file=grepconf.sh&path=//usr/libexec HTTP/1.1" 200 699 "-" "Mozilla/5.0 (compatible; MJ12bot/v1.4.8; http://mj12bot.com/)"
65.21.232.254 - - [25/Apr/2025:23:43:55 -0400] "GET /about.php?action=edit&file=libfreetype.so.6&path=//usr/lib64 HTTP/1.1" 200 349076 "-" "Mozilla/5.0 (compatible; MJ12bot/v1.4.8; http://mj12bot.com/)"
109.123.251.65 - - [25/Apr/2025:23:43:56 -0400] "GET /about.php?action=edit&file=libEGL_mesa.so.0&path=//usr/lib64 HTTP/1.1" 200 117491 "-" "Mozilla/5.0 (compatible; MJ12bot/v1.4.8; http://mj12bot.com/)"
147.135.212.201 - - [25/Apr/2025:23:43:58 -0400] "GET /about.php?action=edit&file=idn&path=//usr/bin HTTP/1.1" 200 13495 "-" "Mozilla/5.0 (compatible; MJ12bot/v1.4.8; http://mj12bot.com/)"
65.21.232.254 - - [25/Apr/2025:23:43:59 -0400] "GET /about.php?action=edit&file=libfreetype.so.6.16.1&path=//usr/lib64 HTTP/1.1" 200 349104 "-" "Mozilla/5.0 (compatible; MJ12bot/v1.4.8; http://mj12bot.com/)"
147.135.212.201 - - [25/Apr/2025:23:44:00 -0400] "GET /about.php?action=edit&file=idn-free.h&path=//usr/include HTTP/1.1" 200 1638 "-" "Mozilla/5.0 (compatible; MJ12bot/v1.4.8; http://mj12bot.com/)"
147.135.212.201 - - [25/Apr/2025:23:44:01 -0400] "GET /about.php?action=edit&file=libXxf86misc.so.1&path=//usr/lib64 HTTP/1.1" 200 6257 "-" "Mozilla/5.0 (compatible; MJ12bot/v1.4.8; http://mj12bot.com/)"
65.21.232.254 - - [25/Apr/2025:23:44:02 -0400] "GET /about.php?action=edit&file=libfribidi.so.0&path=//usr/lib64 HTTP/1.1" 200 21314 "-" "Mozilla/5.0 (compatible; MJ12bot/v1.4.8; http://mj12bot.com/)"
147.135.212.201 - - [25/Apr/2025:23:44:04 -0400] "GET /about.php?action=edit&file=libXxf86misc.so.1.1.0&path=//usr/lib64 HTTP/1.1" 200 6292 "-" "Mozilla/5.0 (compatible; MJ12bot/v1.4.8; http://mj12bot.com/)"
65.21.232.254 - - [25/Apr/2025:23:44:05 -0400] "GET /about.php?action=edit&file=libfribidi.so.0.4.0&path=//usr/lib64 HTTP/1.1" 200 21274 "-" "Mozilla/5.0 (compatible; MJ12bot/v1.4.8; http://mj12bot.com/)"
147.135.212.201 - - [25/Apr/2025:23:44:06 -0400] "GET /about.php?action=edit&file=libXxf86vm.so.1&path=//usr/lib64 HTTP/1.1" 200 8441 "-" "Mozilla/5.0 (compatible; MJ12bot/v1.4.8; http://mj12bot.com/)"
109.123.251.65 - - [25/Apr/2025:23:44:06 -0400] "GET /about.php?action=edit&file=libEGL_mesa.so.0.0.0&path=//usr/lib64 HTTP/1.1" 200 117535 "-" "Mozilla/5.0 (compatible; MJ12bot/v1.4.8; http://mj12bot.com/)"
147.135.212.201 - - [25/Apr/2025:23:44:08 -0400] "GET /about.php?action=edit&file=libXxf86vm.so.1.0.0&path=//usr/lib64 HTTP/1.1" 200 8501 "-" "Mozilla/5.0 (compatible; MJ12bot/v1.4.8; http://mj12bot.com/)"
65.21.232.254 - - [25/Apr/2025:23:44:08 -0400] "GET /about.php?action=edit&file=libfs_compress.so&path=//lib64/dovecot HTTP/1.1" 200 6161 "-" "Mozilla/5.0 (compatible; MJ12bot/v1.4.8; http://mj12bot.com/)"
147.135.212.201 - - [25/Apr/2025:23:44:10 -0400] "GET /about.php?action=edit&file=libacl.so.1&path=//usr/lib64 HTTP/1.1" 200 15916 "-" "Mozilla/5.0 (compatible; MJ12bot/v1.4.8; http://mj12bot.com/)"
65.21.232.254 - - [25/Apr/2025:23:44:11 -0400] "GET /about.php?action=edit&file=libfs_crypt.so&path=//lib64/dovecot HTTP/1.1" 200 10518 "-" "Mozilla/5.0 (compatible; MJ12bot/v1.4.8; http://mj12bot.com/)"
147.135.212.201 - - [25/Apr/2025:23:44:12 -0400] "GET /about.php?action=edit&file=libacl.so.1.1.2253&path=//usr/lib64 HTTP/1.1" 200 15943 "-" "Mozilla/5.0 (compatible; MJ12bot/v1.4.8; http://mj12bot.com/)"
147.135.212.201 - - [25/Apr/2025:23:44:15 -0400] "GET /about.php?action=edit&file=libaio.h&path=//usr/include HTTP/1.1" 200 2863 "-" "Mozilla/5.0 (compatible; MJ12bot/v1.4.8; http://mj12bot.com/)"
65.21.232.254 - - [25/Apr/2025:23:44:15 -0400] "GET /about.php?action=edit&file=libfs_mail_crypt.so&path=//lib64/dovecot HTTP/1.1" 200 10195 "-" "Mozilla/5.0 (compatible; MJ12bot/v1.4.8; http://mj12bot.com/)"
147.135.212.201 - - [25/Apr/2025:23:44:17 -0400] "GET /about.php?action=edit&file=libaio.so&path=//usr/lib64 HTTP/1.1" 200 4680 "-" "Mozilla/5.0 (compatible; MJ12bot/v1.4.8; http://mj12bot.com/)"
65.21.232.254 - - [25/Apr/2025:23:44:18 -0400] "GET /about.php?action=edit&file=libfstrm.pc&path=//lib64/pkgconfig HTTP/1.1" 200 663 "-" "Mozilla/5.0 (compatible; MJ12bot/v1.4.8; http://mj12bot.com/)"
109.123.251.65 - - [25/Apr/2025:23:44:18 -0400] "GET /about.php?action=edit&file=libFLAC%2B%2B.so.6&path=//usr/lib64 HTTP/1.1" 200 25626 "-" "Mozilla/5.0 (compatible; MJ12bot/v1.4.8; http://mj12bot.com/)"
147.135.212.201 - - [25/Apr/2025:23:44:19 -0400] "GET /about.php?action=edit&file=libaio.so.1&path=//usr/lib64 HTTP/1.1" 200 4663 "-" "Mozilla/5.0 (compatible; MJ12bot/v1.4.8; http://mj12bot.com/)"
65.21.232.254 - - [25/Apr/2025:23:44:20 -0400] "GET /about.php?action=edit&file=libfstrm.so&path=//usr/lib64 HTTP/1.1" 200 17696 "-" "Mozilla/5.0 (compatible; MJ12bot/v1.4.8; http://mj12bot.com/)"
147.135.212.201 - - [25/Apr/2025:23:44:22 -0400] "GET /about.php?action=edit&file=libaio.so.1.0.0&path=//usr/lib64 HTTP/1.1" 200 4659 "-" "Mozilla/5.0 (compatible; MJ12bot/v1.4.8; http://mj12bot.com/)"
65.21.232.254 - - [25/Apr/2025:23:44:24 -0400] "GET /about.php?action=edit&file=libfstrm.so.0&path=//usr/lib64 HTTP/1.1" 200 17756 "-" "Mozilla/5.0 (compatible; MJ12bot/v1.4.8; http://mj12bot.com/)"
147.135.212.201 - - [25/Apr/2025:23:44:25 -0400] "GET /about.php?action=edit&file=libaio.so.1.0.1&path=//usr/lib64 HTTP/1.1" 200 4675 "-" "Mozilla/5.0 (compatible; MJ12bot/v1.4.8; http://mj12bot.com/)"
65.21.232.254 - - [25/Apr/2025:23:44:27 -0400] "GET /about.php?action=edit&file=libfstrm.so.0.1.0&path=//usr/lib64 HTTP/1.1" 200 17752 "-" "Mozilla/5.0 (compatible; MJ12bot/v1.4.8; http://mj12bot.com/)"
147.135.212.201 - - [25/Apr/2025:23:44:28 -0400] "GET /about.php?action=edit&file=libanl-2.28.so&path=//usr/lib64 HTTP/1.1" 200 7391 "-" "Mozilla/5.0 (compatible; MJ12bot/v1.4.8; http://mj12bot.com/)"
109.123.251.65 - - [25/Apr/2025:23:44:28 -0400] "GET /about.php?action=edit&file=libFLAC%2B%2B.so.6.3.0&path=//usr/lib64 HTTP/1.1" 200 25724 "-" "Mozilla/5.0 (compatible; MJ12bot/v1.4.8; http://mj12bot.com/)"
147.135.212.201 - - [25/Apr/2025:23:44:31 -0400] "GET /about.php?action=edit&file=libanl.so&path=//usr/lib64 HTTP/1.1" 200 7407 "-" "Mozilla/5.0 (compatible; MJ12bot/v1.4.8; http://mj12bot.com/)"
65.21.232.254 - - [25/Apr/2025:23:44:31 -0400] "GET /about.php?action=edit&file=libfuse.so.2&path=//usr/lib64 HTTP/1.1" 200 74455 "-" "Mozilla/5.0 (compatible; MJ12bot/v1.4.8; http://mj12bot.com/)"
147.135.212.201 - - [25/Apr/2025:23:44:34 -0400] "GET /about.php?action=edit&file=libanl.so.1&path=//usr/lib64 HTTP/1.1" 200 7407 "-" "Mozilla/5.0 (compatible; MJ12bot/v1.4.8; http://mj12bot.com/)"
147.135.212.201 - - [25/Apr/2025:23:44:36 -0400] "GET /about.php?action=edit&file=libanonymous.so&path=//lib64/sasl2 HTTP/1.1" 200 9127 "-" "Mozilla/5.0 (compatible; MJ12bot/v1.4.8; http://mj12bot.com/)"
65.21.232.254 - - [25/Apr/2025:23:44:35 -0400] "GET /about.php?action=edit&file=libfuse.so.2.9.7&path=//usr/lib64 HTTP/1.1" 200 74471 "-" "Mozilla/5.0 (compatible; MJ12bot/v1.4.8; http://mj12bot.com/)"
147.135.212.201 - - [25/Apr/2025:23:44:39 -0400] "GET /about.php?action=edit&file=libanonymous.so.3&path=//lib64/sasl2 HTTP/1.1" 200 9077 "-" "Mozilla/5.0 (compatible; MJ12bot/v1.4.8; http://mj12bot.com/)"
65.21.232.254 - - [25/Apr/2025:23:44:39 -0400] "GET /about.php?action=edit&file=libg.a&path=//usr/lib64 HTTP/1.1" 200 1856 "-" "Mozilla/5.0 (compatible; MJ12bot/v1.4.8; http://mj12bot.com/)"
147.135.212.201 - - [25/Apr/2025:23:44:41 -0400] "GET /about.php?action=edit&file=libanonymous.so.3.0.0&path=//lib64/sasl2 HTTP/1.1" 200 9059 "-" "Mozilla/5.0 (compatible; MJ12bot/v1.4.8; http://mj12bot.com/)"
65.21.232.254 - - [25/Apr/2025:23:44:42 -0400] "GET /about.php?action=edit&file=libgailutil.so.18&path=//usr/lib64 HTTP/1.1" 200 11202 "-" "Mozilla/5.0 (compatible; MJ12bot/v1.4.8; http://mj12bot.com/)"
65.21.232.254 - - [25/Apr/2025:23:44:46 -0400] "GET /about.php?action=edit&file=libgailutil.so.18.0.1&path=//usr/lib64 HTTP/1.1" 200 11191 "-" "Mozilla/5.0 (compatible; MJ12bot/v1.4.8; http://mj12bot.com/)"
109.123.251.65 - - [25/Apr/2025:23:44:46 -0400] "GET /about.php?action=edit&file=libFLAC.so.8&path=//usr/lib64 HTTP/1.1" 200 152168 "-" "Mozilla/5.0 (compatible; MJ12bot/v1.4.8; http://mj12bot.com/)"
147.135.212.201 - - [25/Apr/2025:23:44:44 -0400] "GET /about.php?action=edit&file=libaom.so.3&path=//usr/lib64 HTTP/1.1" 200 1063336 "-" "Mozilla/5.0 (compatible; MJ12bot/v1.4.8; http://mj12bot.com/)"
65.21.232.254 - - [25/Apr/2025:23:44:49 -0400] "GET /about.php?action=edit&file=libgalera_smm.so&path=//lib64/galera-4 HTTP/1.1" 200 1060092 "-" "Mozilla/5.0 (compatible; MJ12bot/v1.4.8; http://mj12bot.com/)"
65.21.232.254 - - [25/Apr/2025:23:44:55 -0400] "GET /about.php?action=edit&file=libgbm.so.1&path=//usr/lib64 HTTP/1.1" 200 26831 "-" "Mozilla/5.0 (compatible; MJ12bot/v1.4.8; http://mj12bot.com/)"
147.135.212.201 - - [25/Apr/2025:23:44:52 -0400] "GET /about.php?action=edit&file=libaom.so.3.6.1&path=//usr/lib64 HTTP/1.1" 200 1080205 "-" "Mozilla/5.0 (compatible; MJ12bot/v1.4.8; http://mj12bot.com/)"
109.123.251.65 - - [25/Apr/2025:23:44:57 -0400] "GET /about.php?action=edit&file=libFLAC.so.8.3.0&path=//usr/lib64 HTTP/1.1" 200 152078 "-" "Mozilla/5.0 (compatible; MJ12bot/v1.4.8; http://mj12bot.com/)"
65.21.232.254 - - [25/Apr/2025:23:44:59 -0400] "GET /about.php?action=edit&file=libgbm.so.1.0.0&path=//usr/lib64 HTTP/1.1" 200 26856 "-" "Mozilla/5.0 (compatible; MJ12bot/v1.4.8; http://mj12bot.com/)"
147.135.212.201 - - [25/Apr/2025:23:44:59 -0400] "GET /about.php?action=edit&file=libapr-1.so.0&path=//usr/lib64 HTTP/1.1" 200 96799 "-" "Mozilla/5.0 (compatible; MJ12bot/v1.4.8; http://mj12bot.com/)"
65.21.232.254 - - [25/Apr/2025:23:45:02 -0400] "GET /about.php?action=edit&file=libgc.so.1&path=//usr/lib64 HTTP/1.1" 200 76710 "-" "Mozilla/5.0 (compatible; MJ12bot/v1.4.8; http://mj12bot.com/)"
147.135.212.201 - - [25/Apr/2025:23:45:02 -0400] "GET /about.php?action=edit&file=libapr-1.so.0.6.3&path=//usr/lib64 HTTP/1.1" 200 96855 "-" "Mozilla/5.0 (compatible; MJ12bot/v1.4.8; http://mj12bot.com/)"
147.135.212.201 - - [25/Apr/2025:23:45:05 -0400] "GET /about.php?action=edit&file=libaprutil-1.so.0&path=//usr/lib64 HTTP/1.1" 200 77681 "-" "Mozilla/5.0 (compatible; MJ12bot/v1.4.8; http://mj12bot.com/)"
65.21.232.254 - - [25/Apr/2025:23:45:06 -0400] "GET /about.php?action=edit&file=libgc.so.1.3.2&path=//usr/lib64 HTTP/1.1" 200 76747 "-" "Mozilla/5.0 (compatible; MJ12bot/v1.4.8; http://mj12bot.com/)"
147.135.212.201 - - [25/Apr/2025:23:45:11 -0400] "GET /about.php?action=edit&file=libaprutil-1.so.0.6.1&path=//usr/lib64 HTTP/1.1" 200 77393 "-" "Mozilla/5.0 (compatible; MJ12bot/v1.4.8; http://mj12bot.com/)"
65.21.232.254 - - [25/Apr/2025:23:45:13 -0400] "GET /about.php?action=edit&file=libgcc_s-8-20210514.so.1&path=//usr/lib64 HTTP/1.1" 200 41294 "-" "Mozilla/5.0 (compatible; MJ12bot/v1.4.8; http://mj12bot.com/)"
147.135.212.201 - - [25/Apr/2025:23:45:14 -0400] "GET /about.php?action=edit&file=libarchive.so.13&path=//usr/lib64 HTTP/1.1" 200 314085 "-" "Mozilla/5.0 (compatible; MJ12bot/v1.4.8; http://mj12bot.com/)"
65.21.232.254 - - [25/Apr/2025:23:45:18 -0400] "GET /about.php?action=edit&file=libgcc_s.so.1&path=//usr/lib64 HTTP/1.1" 200 41298 "-" "Mozilla/5.0 (compatible; MJ12bot/v1.4.8; http://mj12bot.com/)"
147.135.212.201 - - [25/Apr/2025:23:45:19 -0400] "GET /about.php?action=edit&file=libarchive.so.13.3.3&path=//usr/lib64 HTTP/1.1" 200 314174 "-" "Mozilla/5.0 (compatible; MJ12bot/v1.4.8; http://mj12bot.com/)"
65.21.232.254 - - [25/Apr/2025:23:45:22 -0400] "GET /about.php?action=edit&file=libgccpp.so.1&path=//usr/lib64 HTTP/1.1" 200 3667 "-" "Mozilla/5.0 (compatible; MJ12bot/v1.4.8; http://mj12bot.com/)"
109.123.251.65 - - [25/Apr/2025:23:45:22 -0400] "GET /about.php?action=edit&file=libGB.so&path=//lib64/gconv HTTP/1.1" 200 33059 "-" "Mozilla/5.0 (compatible; MJ12bot/v1.4.8; http://mj12bot.com/)"
147.135.212.201 - - [25/Apr/2025:23:45:23 -0400] "GET /about.php?action=edit&file=libargon2.so.1&path=//usr/lib64 HTTP/1.1" 200 14017 "-" "Mozilla/5.0 (compatible; MJ12bot/v1.4.8; http://mj12bot.com/)"
65.21.232.254 - - [25/Apr/2025:23:45:24 -0400] "GET /about.php?action=edit&file=libgccpp.so.1.3.1&path=//usr/lib64 HTTP/1.1" 200 3667 "-" "Mozilla/5.0 (compatible; MJ12bot/v1.4.8; http://mj12bot.com/)"
147.135.212.201 - - [25/Apr/2025:23:45:25 -0400] "GET /about.php?action=edit&file=libarpt_mangle.so&path=//lib64/xtables HTTP/1.1" 200 4789 "-" "Mozilla/5.0 (compatible; MJ12bot/v1.4.8; http://mj12bot.com/)"
147.135.212.201 - - [25/Apr/2025:23:45:28 -0400] "GET /about.php?action=edit&file=libasm-0.190.so&path=//usr/lib64 HTTP/1.1" 200 13917 "-" "Mozilla/5.0 (compatible; MJ12bot/v1.4.8; http://mj12bot.com/)"
65.21.232.254 - - [25/Apr/2025:23:45:27 -0400] "GET /about.php?action=edit&file=libgcrypt.so&path=//usr/lib64 HTTP/1.1" 200 408355 "-" "Mozilla/5.0 (compatible; MJ12bot/v1.4.8; http://mj12bot.com/)"
147.135.212.201 - - [25/Apr/2025:23:45:30 -0400] "GET /about.php?action=edit&file=libasm.so.1&path=//usr/lib64 HTTP/1.1" 200 13924 "-" "Mozilla/5.0 (compatible; MJ12bot/v1.4.8; http://mj12bot.com/)"
65.21.232.254 - - [25/Apr/2025:23:45:31 -0400] "GET /about.php?action=edit&file=libgcrypt.so.20&path=//usr/lib64 HTTP/1.1" 200 408592 "-" "Mozilla/5.0 (compatible; MJ12bot/v1.4.8; http://mj12bot.com/)"
147.135.212.201 - - [25/Apr/2025:23:45:32 -0400] "GET /about.php?action=edit&file=libasound.so.2&path=//usr/lib64 HTTP/1.1" 200 414649 "-" "Mozilla/5.0 (compatible; MJ12bot/v1.4.8; http://mj12bot.com/)"
109.123.251.65 - - [25/Apr/2025:23:45:32 -0400] "GET /about.php?action=edit&file=libGL.so.1&path=//usr/lib64 HTTP/1.1" 200 111655 "-" "Mozilla/5.0 (compatible; MJ12bot/v1.4.8; http://mj12bot.com/)"
65.21.232.254 - - [25/Apr/2025:23:45:34 -0400] "GET /about.php?action=edit&file=libgcrypt.so.20.2.5&path=//usr/lib64 HTTP/1.1" 200 409001 "-" "Mozilla/5.0 (compatible; MJ12bot/v1.4.8; http://mj12bot.com/)"
147.135.212.201 - - [25/Apr/2025:23:45:34 -0400] "GET /about.php?action=edit&file=libasound.so.2.0.0&path=//usr/lib64 HTTP/1.1" 200 414799 "-" "Mozilla/5.0 (compatible; MJ12bot/v1.4.8; http://mj12bot.com/)"
65.21.232.254 - - [25/Apr/2025:23:45:37 -0400] "GET /about.php?action=edit&file=libgd.so&path=//usr/lib64 HTTP/1.1" 200 123738 "-" "Mozilla/5.0 (compatible; MJ12bot/v1.4.8; http://mj12bot.com/)"
147.135.212.201 - - [25/Apr/2025:23:45:38 -0400] "GET /about.php?action=edit&file=libaspell.so.15&path=//usr/lib64 HTTP/1.1" 200 261528 "-" "Mozilla/5.0 (compatible; MJ12bot/v1.4.8; http://mj12bot.com/)"
65.21.232.254 - - [25/Apr/2025:23:45:41 -0400] "GET /about.php?action=edit&file=libgd.so.3&path=//usr/lib64 HTTP/1.1" 200 123898 "-" "Mozilla/5.0 (compatible; MJ12bot/v1.4.8; http://mj12bot.com/)"
147.135.212.201 - - [25/Apr/2025:23:45:42 -0400] "GET /about.php?action=edit&file=libaspell.so.15.1.5&path=//usr/lib64 HTTP/1.1" 200 261477 "-" "Mozilla/5.0 (compatible; MJ12bot/v1.4.8; http://mj12bot.com/)"
109.123.251.65 - - [25/Apr/2025:23:45:42 -0400] "GET /about.php?action=edit&file=libGL.so.1.7.0&path=//usr/lib64 HTTP/1.1" 200 111521 "-" "Mozilla/5.0 (compatible; MJ12bot/v1.4.8; http://mj12bot.com/)"
65.21.232.254 - - [25/Apr/2025:23:45:44 -0400] "GET /about.php?action=edit&file=libgd.so.3.0.5&path=//usr/lib64 HTTP/1.1" 200 123905 "-" "Mozilla/5.0 (compatible; MJ12bot/v1.4.8; http://mj12bot.com/)"
147.135.212.201 - - [25/Apr/2025:23:45:45 -0400] "GET /about.php?action=edit&file=libasprintf.so&path=//usr/lib64 HTTP/1.1" 200 4450 "-" "Mozilla/5.0 (compatible; MJ12bot/v1.4.8; http://mj12bot.com/)"
147.135.212.201 - - [25/Apr/2025:23:45:47 -0400] "GET /about.php?action=edit&file=libasprintf.so.0&path=//usr/lib64 HTTP/1.1" 200 4431 "-" "Mozilla/5.0 (compatible; MJ12bot/v1.4.8; http://mj12bot.com/)"
65.21.232.254 - - [25/Apr/2025:23:45:48 -0400] "GET /about.php?action=edit&file=libgdbm.so&path=//usr/lib64 HTTP/1.1" 200 27286 "-" "Mozilla/5.0 (compatible; MJ12bot/v1.4.8; http://mj12bot.com/)"
147.135.212.201 - - [25/Apr/2025:23:45:50 -0400] "GET /about.php?action=edit&file=libasprintf.so.0.0.0&path=//usr/lib64 HTTP/1.1" 200 4437 "-" "Mozilla/5.0 (compatible; MJ12bot/v1.4.8; http://mj12bot.com/)"
65.21.232.254 - - [25/Apr/2025:23:45:51 -0400] "GET /about.php?action=edit&file=libgdbm.so.6&path=//usr/lib64 HTTP/1.1" 200 27290 "-" "Mozilla/5.0 (compatible; MJ12bot/v1.4.8; http://mj12bot.com/)"
147.135.212.201 - - [25/Apr/2025:23:45:52 -0400] "GET /about.php?action=edit&file=libassuan.so.0&path=//usr/lib64 HTTP/1.1" 200 35125 "-" "Mozilla/5.0 (compatible; MJ12bot/v1.4.8; http://mj12bot.com/)"
65.21.232.254 - - [25/Apr/2025:23:45:54 -0400] "GET /about.php?action=edit&file=libgdbm.so.6.0.0&path=//usr/lib64 HTTP/1.1" 200 27213 "-" "Mozilla/5.0 (compatible; MJ12bot/v1.4.8; http://mj12bot.com/)"
147.135.212.201 - - [25/Apr/2025:23:45:55 -0400] "GET /about.php?action=edit&file=libassuan.so.0.8.1&path=//usr/lib64 HTTP/1.1" 200 35132 "-" "Mozilla/5.0 (compatible; MJ12bot/v1.4.8; http://mj12bot.com/)"
65.21.232.254 - - [25/Apr/2025:23:45:58 -0400] "GET /about.php?action=edit&file=libgdbm_compat.so&path=//usr/lib64 HTTP/1.1" 200 5776 "-" "Mozilla/5.0 (compatible; MJ12bot/v1.4.8; http://mj12bot.com/)"
147.135.212.201 - - [25/Apr/2025:23:45:58 -0400] "GET /about.php?action=edit&file=libasyncns.so.0&path=//usr/lib64 HTTP/1.1" 200 10084 "-" "Mozilla/5.0 (compatible; MJ12bot/v1.4.8; http://mj12bot.com/)"
147.135.212.201 - - [25/Apr/2025:23:46:00 -0400] "GET /about.php?action=edit&file=libasyncns.so.0.3.1&path=//usr/lib64 HTTP/1.1" 200 10064 "-" "Mozilla/5.0 (compatible; MJ12bot/v1.4.8; http://mj12bot.com/)"
65.21.232.254 - - [25/Apr/2025:23:46:01 -0400] "GET /about.php?action=edit&file=libgdbm_compat.so.4&path=//usr/lib64 HTTP/1.1" 200 5762 "-" "Mozilla/5.0 (compatible; MJ12bot/v1.4.8; http://mj12bot.com/)"
147.135.212.201 - - [25/Apr/2025:23:46:03 -0400] "GET /about.php?action=edit&file=libatk-1.0.so.0&path=//usr/lib64 HTTP/1.1" 200 49135 "-" "Mozilla/5.0 (compatible; MJ12bot/v1.4.8; http://mj12bot.com/)"
109.123.251.65 - - [25/Apr/2025:23:46:04 -0400] "GET /about.php?action=edit&file=libGLESv1_CM.so.1&path=//usr/lib64 HTTP/1.1" 200 11073 "-" "Mozilla/5.0 (compatible; MJ12bot/v1.4.8; http://mj12bot.com/)"
65.21.232.254 - - [25/Apr/2025:23:46:04 -0400] "GET /about.php?action=edit&file=libgdbm_compat.so.4.0.0&path=//usr/lib64 HTTP/1.1" 200 5780 "-" "Mozilla/5.0 (compatible; MJ12bot/v1.4.8; http://mj12bot.com/)"
147.135.212.201 - - [25/Apr/2025:23:46:06 -0400] "GET /about.php?action=edit&file=libatk-1.0.so.0.22810.1&path=//usr/lib64 HTTP/1.1" 200 49177 "-" "Mozilla/5.0 (compatible; MJ12bot/v1.4.8; http://mj12bot.com/)"
65.21.232.254 - - [25/Apr/2025:23:46:07 -0400] "GET /about.php?action=edit&file=libgdk-x11-2.0.so.0&path=//usr/lib64 HTTP/1.1" 200 317997 "-" "Mozilla/5.0 (compatible; MJ12bot/v1.4.8; http://mj12bot.com/)"
147.135.212.201 - - [25/Apr/2025:23:46:08 -0400] "GET /about.php?action=edit&file=libatomic.so.1&path=//usr/lib64 HTTP/1.1" 200 10773 "-" "Mozilla/5.0 (compatible; MJ12bot/v1.4.8; http://mj12bot.com/)"
147.135.212.201 - - [25/Apr/2025:23:46:10 -0400] "GET /about.php?action=edit&file=libatomic.so.1.2.0&path=//usr/lib64 HTTP/1.1" 200 10798 "-" "Mozilla/5.0 (compatible; MJ12bot/v1.4.8; http://mj12bot.com/)"
65.21.232.254 - - [25/Apr/2025:23:46:10 -0400] "GET /about.php?action=edit&file=libgdk-x11-2.0.so.0.2400.32&path=//usr/lib64 HTTP/1.1" 200 317696 "-" "Mozilla/5.0 (compatible; MJ12bot/v1.4.8; http://mj12bot.com/)"
109.123.251.65 - - [25/Apr/2025:23:46:12 -0400] "GET /about.php?action=edit&file=libGLESv1_CM.so.1.2.0&path=//usr/lib64 HTTP/1.1" 200 11071 "-" "Mozilla/5.0 (compatible; MJ12bot/v1.4.8; http://mj12bot.com/)"
147.135.212.201 - - [25/Apr/2025:23:46:13 -0400] "GET /about.php?action=edit&file=libatomic_ops.so.1&path=//usr/lib64 HTTP/1.1" 200 4033 "-" "Mozilla/5.0 (compatible; MJ12bot/v1.4.8; http://mj12bot.com/)"
65.21.232.254 - - [25/Apr/2025:23:46:14 -0400] "GET /about.php?action=edit&file=libgdk_pixbuf-2.0.so.0&path=//usr/lib64 HTTP/1.1" 200 65252 "-" "Mozilla/5.0 (compatible; MJ12bot/v1.4.8; http://mj12bot.com/)"
147.135.212.201 - - [25/Apr/2025:23:46:15 -0400] "GET /about.php?action=edit&file=libatomic_ops.so.1.1.1&path=//usr/lib64 HTTP/1.1" 200 4016 "-" "Mozilla/5.0 (compatible; MJ12bot/v1.4.8; http://mj12bot.com/)"
65.21.232.254 - - [25/Apr/2025:23:46:17 -0400] "GET /about.php?action=edit&file=libgdk_pixbuf-2.0.so.0.3612.0&path=//usr/lib64 HTTP/1.1" 200 65430 "-" "Mozilla/5.0 (compatible; MJ12bot/v1.4.8; http://mj12bot.com/)"
147.135.212.201 - - [25/Apr/2025:23:46:17 -0400] "GET /about.php?action=edit&file=libatomic_ops_gpl.so.1&path=//usr/lib64 HTTP/1.1" 200 4138 "-" "Mozilla/5.0 (compatible; MJ12bot/v1.4.8; http://mj12bot.com/)"
147.135.212.201 - - [25/Apr/2025:23:46:19 -0400] "GET /about.php?action=edit&file=libatomic_ops_gpl.so.1.1.2&path=//usr/lib64 HTTP/1.1" 200 4140 "-" "Mozilla/5.0 (compatible; MJ12bot/v1.4.8; http://mj12bot.com/)"
65.21.232.254 - - [25/Apr/2025:23:46:19 -0400] "GET /about.php?action=edit&file=libgearman.so.8&path=//usr/lib64 HTTP/1.1" 200 79400 "-" "Mozilla/5.0 (compatible; MJ12bot/v1.4.8; http://mj12bot.com/)"
147.135.212.201 - - [25/Apr/2025:23:46:22 -0400] "GET /about.php?action=edit&file=libatopology.so.2&path=//usr/lib64 HTTP/1.1" 200 51998 "-" "Mozilla/5.0 (compatible; MJ12bot/v1.4.8; http://mj12bot.com/)"
65.21.232.254 - - [25/Apr/2025:23:46:23 -0400] "GET /about.php?action=edit&file=libgearman.so.8.0.0&path=//usr/lib64 HTTP/1.1" 200 79598 "-" "Mozilla/5.0 (compatible; MJ12bot/v1.4.8; http://mj12bot.com/)"
147.135.212.201 - - [25/Apr/2025:23:46:25 -0400] "GET /about.php?action=edit&file=libatopology.so.2.0.0&path=//usr/lib64 HTTP/1.1" 200 52043 "-" "Mozilla/5.0 (compatible; MJ12bot/v1.4.8; http://mj12bot.com/)"
65.21.232.254 - - [25/Apr/2025:23:46:25 -0400] "GET /about.php?action=edit&file=libgen.h&path=//usr/include HTTP/1.1" 200 1225 "-" "Mozilla/5.0 (compatible; MJ12bot/v1.4.8; http://mj12bot.com/)"
109.123.251.65 - - [25/Apr/2025:23:46:26 -0400] "GET /about.php?action=edit&file=libGLESv2.so.2&path=//usr/lib64 HTTP/1.1" 200 16609 "-" "Mozilla/5.0 (compatible; MJ12bot/v1.4.8; http://mj12bot.com/)"
147.135.212.201 - - [25/Apr/2025:23:46:28 -0400] "GET /about.php?action=edit&file=libattr.so.1&path=//usr/lib64 HTTP/1.1" 200 8746 "-" "Mozilla/5.0 (compatible; MJ12bot/v1.4.8; http://mj12bot.com/)"
65.21.232.254 - - [25/Apr/2025:23:46:28 -0400] "GET /about.php?action=edit&file=libgettextlib-0.19.8.1.so&path=//usr/lib64 HTTP/1.1" 200 100457 "-" "Mozilla/5.0 (compatible; MJ12bot/v1.4.8; http://mj12bot.com/)"
147.135.212.201 - - [25/Apr/2025:23:46:30 -0400] "GET /about.php?action=edit&file=libattr.so.1.1.2448&path=//usr/lib64 HTTP/1.1" 200 8723 "-" "Mozilla/5.0 (compatible; MJ12bot/v1.4.8; http://mj12bot.com/)"
65.21.232.254 - - [25/Apr/2025:23:46:32 -0400] "GET /about.php?action=edit&file=libgettextpo.so&path=//usr/lib64 HTTP/1.1" 200 135830 "-" "Mozilla/5.0 (compatible; MJ12bot/v1.4.8; http://mj12bot.com/)"
147.135.212.201 - - [25/Apr/2025:23:46:33 -0400] "GET /about.php?action=edit&file=libaudit.so.1&path=//usr/lib64 HTTP/1.1" 200 42143 "-" "Mozilla/5.0 (compatible; MJ12bot/v1.4.8; http://mj12bot.com/)"
109.123.251.65 - - [25/Apr/2025:23:46:37 -0400] "GET /about.php?action=edit&file=libGLESv2.so.2.1.0&path=//usr/lib64 HTTP/1.1" 200 16624 "-" "Mozilla/5.0 (compatible; MJ12bot/v1.4.8; http://mj12bot.com/)"
147.135.212.201 - - [25/Apr/2025:23:46:36 -0400] "GET /about.php?action=edit&file=libaudit.so.1.0.0&path=//usr/lib64 HTTP/1.1" 200 42179 "-" "Mozilla/5.0 (compatible; MJ12bot/v1.4.8; http://mj12bot.com/)"
65.21.232.254 - - [25/Apr/2025:23:46:36 -0400] "GET /about.php?action=edit&file=libgettextpo.so.0&path=//usr/lib64 HTTP/1.1" 200 135625 "-" "Mozilla/5.0 (compatible; MJ12bot/v1.4.8; http://mj12bot.com/)"
147.135.212.201 - - [25/Apr/2025:23:46:40 -0400] "GET /about.php?action=edit&file=libaugeas.so.0&path=//usr/lib64 HTTP/1.1" 200 179893 "-" "Mozilla/5.0 (compatible; MJ12bot/v1.4.8; http://mj12bot.com/)"
65.21.232.254 - - [25/Apr/2025:23:46:40 -0400] "GET /about.php?action=edit&file=libgettextpo.so.0.5.4&path=//usr/lib64 HTTP/1.1" 200 135636 "-" "Mozilla/5.0 (compatible; MJ12bot/v1.4.8; http://mj12bot.com/)"
147.135.212.201 - - [25/Apr/2025:23:46:44 -0400] "GET /about.php?action=edit&file=libaugeas.so.0.24.2&path=//usr/lib64 HTTP/1.1" 200 180115 "-" "Mozilla/5.0 (compatible; MJ12bot/v1.4.8; http://mj12bot.com/)"
65.21.232.254 - - [25/Apr/2025:23:46:45 -0400] "GET /about.php?action=edit&file=libgettextsrc-0.19.8.1.so&path=//usr/lib64 HTTP/1.1" 200 129576 "-" "Mozilla/5.0 (compatible; MJ12bot/v1.4.8; http://mj12bot.com/)"
109.123.251.65 - - [25/Apr/2025:23:46:47 -0400] "GET /about.php?action=edit&file=libGLX.so.0&path=//usr/lib64 HTTP/1.1" 200 37515 "-" "Mozilla/5.0 (compatible; MJ12bot/v1.4.8; http://mj12bot.com/)"
147.135.212.201 - - [25/Apr/2025:23:46:48 -0400] "GET /about.php?action=edit&file=libauparse.so&path=//usr/lib64 HTTP/1.1" 200 59694 "-" "Mozilla/5.0 (compatible; MJ12bot/v1.4.8; http://mj12bot.com/)"
65.21.232.254 - - [25/Apr/2025:23:46:48 -0400] "GET /about.php?action=edit&file=libgif.so.7&path=//usr/lib64 HTTP/1.1" 200 17896 "-" "Mozilla/5.0 (compatible; MJ12bot/v1.4.8; http://mj12bot.com/)"
147.135.212.201 - - [25/Apr/2025:23:46:51 -0400] "GET /about.php?action=edit&file=libauparse.so.0&path=//usr/lib64 HTTP/1.1" 200 59775 "-" "Mozilla/5.0 (compatible; MJ12bot/v1.4.8; http://mj12bot.com/)"
65.21.232.254 - - [25/Apr/2025:23:46:51 -0400] "GET /about.php?action=edit&file=libgif.so.7.0.0&path=//usr/lib64 HTTP/1.1" 200 17934 "-" "Mozilla/5.0 (compatible; MJ12bot/v1.4.8; http://mj12bot.com/)"
147.135.212.201 - - [25/Apr/2025:23:46:53 -0400] "GET /about.php?action=edit&file=libauparse.so.0.0.0&path=//usr/lib64 HTTP/1.1" 200 59700 "-" "Mozilla/5.0 (compatible; MJ12bot/v1.4.8; http://mj12bot.com/)"
147.135.212.201 - - [25/Apr/2025:23:46:55 -0400] "GET /about.php?action=edit&file=libauthselect.so.3&path=//usr/lib64 HTTP/1.1" 200 36312 "-" "Mozilla/5.0 (compatible; MJ12bot/v1.4.8; http://mj12bot.com/)"
65.21.232.254 - - [25/Apr/2025:23:46:54 -0400] "GET /about.php?action=edit&file=libgio-2.0.so.0&path=//usr/lib64 HTTP/1.1" 200 641397 "-" "Mozilla/5.0 (compatible; MJ12bot/v1.4.8; http://mj12bot.com/)"
109.123.251.65 - - [25/Apr/2025:23:46:56 -0400] "GET /about.php?action=edit&file=libGLX.so.0.0.0&path=//usr/lib64 HTTP/1.1" 200 37778 "-" "Mozilla/5.0 (compatible; MJ12bot/v1.4.8; http://mj12bot.com/)"
147.135.212.201 - - [25/Apr/2025:23:46:58 -0400] "GET /about.php?action=edit&file=libauthselect.so.3.1.1&path=//usr/lib64 HTTP/1.1" 200 36360 "-" "Mozilla/5.0 (compatible; MJ12bot/v1.4.8; http://mj12bot.com/)"
147.135.212.201 - - [25/Apr/2025:23:47:01 -0400] "GET /about.php?action=edit&file=libavahi-client.so.3&path=//usr/lib64 HTTP/1.1" 200 26114 "-" "Mozilla/5.0 (compatible; MJ12bot/v1.4.8; http://mj12bot.com/)"
65.21.232.254 - - [25/Apr/2025:23:46:59 -0400] "GET /about.php?action=edit&file=libgio-2.0.so.0.5600.4&path=//usr/lib64 HTTP/1.1" 200 641559 "-" "Mozilla/5.0 (compatible; MJ12bot/v1.4.8; http://mj12bot.com/)"
147.135.212.201 - - [25/Apr/2025:23:47:03 -0400] "GET /about.php?action=edit&file=libavahi-client.so.3.2.9&path=//usr/lib64 HTTP/1.1" 200 26185 "-" "Mozilla/5.0 (compatible; MJ12bot/v1.4.8; http://mj12bot.com/)"
65.21.232.254 - - [25/Apr/2025:23:47:05 -0400] "GET /about.php?action=edit&file=libgirepository-1.0.so.1&path=//usr/lib64 HTTP/1.1" 200 90780 "-" "Mozilla/5.0 (compatible; MJ12bot/v1.4.8; http://mj12bot.com/)"
147.135.212.201 - - [25/Apr/2025:23:47:06 -0400] "GET /about.php?action=edit&file=libavahi-common.so.3&path=//usr/lib64 HTTP/1.1" 200 21041 "-" "Mozilla/5.0 (compatible; MJ12bot/v1.4.8; http://mj12bot.com/)"
147.135.212.201 - - [25/Apr/2025:23:47:08 -0400] "GET /about.php?action=edit&file=libavahi-common.so.3.5.3&path=//usr/lib64 HTTP/1.1" 200 21028 "-" "Mozilla/5.0 (compatible; MJ12bot/v1.4.8; http://mj12bot.com/)"
65.21.232.254 - - [25/Apr/2025:23:47:08 -0400] "GET /about.php?action=edit&file=libgirepository-1.0.so.1.0.0&path=//usr/lib64 HTTP/1.1" 200 90612 "-" "Mozilla/5.0 (compatible; MJ12bot/v1.4.8; http://mj12bot.com/)"
147.135.212.201 - - [25/Apr/2025:23:47:11 -0400] "GET /about.php?action=edit&file=libavif.so.14&path=//usr/lib64 HTTP/1.1" 200 60416 "-" "Mozilla/5.0 (compatible; MJ12bot/v1.4.8; http://mj12bot.com/)"
65.21.232.254 - - [25/Apr/2025:23:47:11 -0400] "GET /about.php?action=edit&file=libglapi.so.0&path=//usr/lib64 HTTP/1.1" 200 37389 "-" "Mozilla/5.0 (compatible; MJ12bot/v1.4.8; http://mj12bot.com/)"
147.135.212.201 - - [25/Apr/2025:23:47:14 -0400] "GET /about.php?action=edit&file=libavif.so.14.0.1&path=//usr/lib64 HTTP/1.1" 200 60449 "-" "Mozilla/5.0 (compatible; MJ12bot/v1.4.8; http://mj12bot.com/)"
65.21.232.254 - - [25/Apr/2025:23:47:14 -0400] "GET /about.php?action=edit&file=libglapi.so.0.0.0&path=//usr/lib64 HTTP/1.1" 200 37469 "-" "Mozilla/5.0 (compatible; MJ12bot/v1.4.8; http://mj12bot.com/)"
147.135.212.201 - - [25/Apr/2025:23:47:17 -0400] "GET /about.php?action=edit&file=libbabeltrace-ctf-metadata.so.1&path=//usr/lib64 HTTP/1.1" 200 4070 "-" "Mozilla/5.0 (compatible; MJ12bot/v1.4.8; http://mj12bot.com/)"
147.135.212.201 - - [25/Apr/2025:23:47:19 -0400] "GET /about.php?action=edit&file=libbabeltrace-ctf-metadata.so.1.0.0&path=//usr/lib64 HTTP/1.1" 200 4064 "-" "Mozilla/5.0 (compatible; MJ12bot/v1.4.8; http://mj12bot.com/)"
65.21.232.254 - - [25/Apr/2025:23:47:18 -0400] "GET /about.php?action=edit&file=libglib-2.0.so.0&path=//usr/lib64 HTTP/1.1" 200 418766 "-" "Mozilla/5.0 (compatible; MJ12bot/v1.4.8; http://mj12bot.com/)"
109.123.251.65 - - [25/Apr/2025:23:47:19 -0400] "GET /about.php?action=edit&file=libGLX_mesa.so.0&path=//usr/lib64 HTTP/1.1" 200 162156 "-" "Mozilla/5.0 (compatible; MJ12bot/v1.4.8; http://mj12bot.com/)"
147.135.212.201 - - [25/Apr/2025:23:47:22 -0400] "GET /about.php?action=edit&file=libbabeltrace-ctf-text.so.1&path=//usr/lib64 HTTP/1.1" 200 18059 "-" "Mozilla/5.0 (compatible; MJ12bot/v1.4.8; http://mj12bot.com/)"
65.21.232.254 - - [25/Apr/2025:23:47:22 -0400] "GET /about.php?action=edit&file=libglib-2.0.so.0.5600.4&path=//usr/lib64 HTTP/1.1" 200 418921 "-" "Mozilla/5.0 (compatible; MJ12bot/v1.4.8; http://mj12bot.com/)"
147.135.212.201 - - [25/Apr/2025:23:47:25 -0400] "GET /about.php?action=edit&file=libbabeltrace-ctf-text.so.1.0.0&path=//usr/lib64 HTTP/1.1" 200 18049 "-" "Mozilla/5.0 (compatible; MJ12bot/v1.4.8; http://mj12bot.com/)"
65.21.232.254 - - [25/Apr/2025:23:47:26 -0400] "GET /about.php?action=edit&file=libglut.so.3&path=//usr/lib64 HTTP/1.1" 200 97174 "-" "Mozilla/5.0 (compatible; MJ12bot/v1.4.8; http://mj12bot.com/)"
147.135.212.201 - - [25/Apr/2025:23:47:28 -0400] "GET /about.php?action=edit&file=libbabeltrace-ctf.so.1&path=//usr/lib64 HTTP/1.1" 200 128710 "-" "Mozilla/5.0 (compatible; MJ12bot/v1.4.8; http://mj12bot.com/)"
65.21.232.254 - - [25/Apr/2025:23:47:31 -0400] "GET /about.php?action=edit&file=libglut.so.3.10.0&path=//usr/lib64 HTTP/1.1" 200 96840 "-" "Mozilla/5.0 (compatible; MJ12bot/v1.4.8; http://mj12bot.com/)"
147.135.212.201 - - [25/Apr/2025:23:47:32 -0400] "GET /about.php?action=edit&file=libbabeltrace-ctf.so.1.0.0&path=//usr/lib64 HTTP/1.1" 200 128500 "-" "Mozilla/5.0 (compatible; MJ12bot/v1.4.8; http://mj12bot.com/)"
65.21.232.254 - - [25/Apr/2025:23:47:35 -0400] "GET /about.php?action=edit&file=libgmodule-2.0.so.0&path=//usr/lib64 HTTP/1.1" 200 6452 "-" "Mozilla/5.0 (compatible; MJ12bot/v1.4.8; http://mj12bot.com/)"
109.123.251.65 - - [25/Apr/2025:23:47:34 -0400] "GET /about.php?action=edit&file=libGLX_mesa.so.0.0.0&path=//usr/lib64 HTTP/1.1" 200 162055 "-" "Mozilla/5.0 (compatible; MJ12bot/v1.4.8; http://mj12bot.com/)"
147.135.212.201 - - [25/Apr/2025:23:47:35 -0400] "GET /about.php?action=edit&file=libbabeltrace-dummy.so.1&path=//usr/lib64 HTTP/1.1" 200 3643 "-" "Mozilla/5.0 (compatible; MJ12bot/v1.4.8; http://mj12bot.com/)"
147.135.212.201 - - [25/Apr/2025:23:47:38 -0400] "GET /about.php?action=edit&file=libbabeltrace-dummy.so.1.0.0&path=//usr/lib64 HTTP/1.1" 200 3644 "-" "Mozilla/5.0 (compatible; MJ12bot/v1.4.8; http://mj12bot.com/)"
65.21.232.254 - - [25/Apr/2025:23:47:39 -0400] "GET /about.php?action=edit&file=libgmodule-2.0.so.0.5600.4&path=//usr/lib64 HTTP/1.1" 200 6436 "-" "Mozilla/5.0 (compatible; MJ12bot/v1.4.8; http://mj12bot.com/)"
147.135.212.201 - - [25/Apr/2025:23:47:41 -0400] "GET /about.php?action=edit&file=libbabeltrace-lttng-live.so.1&path=//usr/lib64 HTTP/1.1" 200 16902 "-" "Mozilla/5.0 (compatible; MJ12bot/v1.4.8; http://mj12bot.com/)"
65.21.232.254 - - [25/Apr/2025:23:47:42 -0400] "GET /about.php?action=edit&file=libgmp.so.10&path=//usr/lib64 HTTP/1.1" 200 264470 "-" "Mozilla/5.0 (compatible; MJ12bot/v1.4.8; http://mj12bot.com/)"
147.135.212.201 - - [25/Apr/2025:23:47:45 -0400] "GET /about.php?action=edit&file=libbabeltrace-lttng-live.so.1.0.0&path=//usr/lib64 HTTP/1.1" 200 16869 "-" "Mozilla/5.0 (compatible; MJ12bot/v1.4.8; http://mj12bot.com/)"
109.123.251.65 - - [25/Apr/2025:23:47:46 -0400] "GET /about.php?action=edit&file=libGLX_system.so.0&path=//usr/lib64 HTTP/1.1" 200 161856 "-" "Mozilla/5.0 (compatible; MJ12bot/v1.4.8; http://mj12bot.com/)"
65.21.232.254 - - [25/Apr/2025:23:47:46 -0400] "GET /about.php?action=edit&file=libgmp.so.10.3.2&path=//usr/lib64 HTTP/1.1" 200 264549 "-" "Mozilla/5.0 (compatible; MJ12bot/v1.4.8; http://mj12bot.com/)"
147.135.212.201 - - [25/Apr/2025:23:47:48 -0400] "GET /about.php?action=edit&file=libbabeltrace.so.1&path=//usr/lib64 HTTP/1.1" 200 23074 "-" "Mozilla/5.0 (compatible; MJ12bot/v1.4.8; http://mj12bot.com/)"
65.21.232.254 - - [25/Apr/2025:23:47:49 -0400] "GET /about.php?action=edit&file=libgmp.so.10.3.2.hmac&path=//lib64/fipscheck HTTP/1.1" 200 621 "-" "Mozilla/5.0 (compatible; MJ12bot/v1.4.8; http://mj12bot.com/)"
147.135.212.201 - - [25/Apr/2025:23:47:51 -0400] "GET /about.php?action=edit&file=libbabeltrace.so.1.0.0&path=//usr/lib64 HTTP/1.1" 200 23066 "-" "Mozilla/5.0 (compatible; MJ12bot/v1.4.8; http://mj12bot.com/)"
65.21.232.254 - - [25/Apr/2025:23:47:52 -0400] "GET /about.php?action=edit&file=libgmp.so.10.hmac&path=//lib64/fipscheck HTTP/1.1" 200 618 "-" "Mozilla/5.0 (compatible; MJ12bot/v1.4.8; http://mj12bot.com/)"
147.135.212.201 - - [25/Apr/2025:23:47:53 -0400] "GET /about.php?action=edit&file=libbasicobjects.so.0&path=//usr/lib64 HTTP/1.1" 200 4028 "-" "Mozilla/5.0 (compatible; MJ12bot/v1.4.8; http://mj12bot.com/)"
147.135.212.201 - - [25/Apr/2025:23:47:55 -0400] "GET /about.php?action=edit&file=libbasicobjects.so.0.1.0&path=//usr/lib64 HTTP/1.1" 200 4045 "-" "Mozilla/5.0 (compatible; MJ12bot/v1.4.8; http://mj12bot.com/)"
65.21.232.254 - - [25/Apr/2025:23:47:54 -0400] "GET /about.php?action=edit&file=libgnutls.so.30&path=//usr/lib64 HTTP/1.1" 200 798208 "-" "Mozilla/5.0 (compatible; MJ12bot/v1.4.8; http://mj12bot.com/)"
147.135.212.201 - - [25/Apr/2025:23:47:57 -0400] "GET /about.php?action=edit&file=libbfd-2.30-125.el8_10.so&path=//usr/lib64 HTTP/1.1" 200 515080 "-" "Mozilla/5.0 (compatible; MJ12bot/v1.4.8; http://mj12bot.com/)"
147.135.212.201 - - [25/Apr/2025:23:48:00 -0400] "GET /about.php?action=edit&file=libbind9.so&path=//usr/lib64 HTTP/1.1" 200 29020 "-" "Mozilla/5.0 (compatible; MJ12bot/v1.4.8; http://mj12bot.com/)"
65.21.232.254 - - [25/Apr/2025:23:47:59 -0400] "GET /about.php?action=edit&file=libgnutls.so.30.28.2&path=//usr/lib64 HTTP/1.1" 200 798246 "-" "Mozilla/5.0 (compatible; MJ12bot/v1.4.8; http://mj12bot.com/)"
147.135.212.201 - - [25/Apr/2025:23:48:02 -0400] "GET /about.php?action=edit&file=libbind9.so.161&path=//usr/lib64 HTTP/1.1" 200 28984 "-" "Mozilla/5.0 (compatible; MJ12bot/v1.4.8; http://mj12bot.com/)"
65.21.232.254 - - [25/Apr/2025:23:48:04 -0400] "GET /about.php?action=edit&file=libgobject-2.0.so.0&path=//usr/lib64 HTTP/1.1" 200 133416 "-" "Mozilla/5.0 (compatible; MJ12bot/v1.4.8; http://mj12bot.com/)"
147.135.212.201 - - [25/Apr/2025:23:48:05 -0400] "GET /about.php?action=edit&file=libbind9.so.161.0.4&path=//usr/lib64 HTTP/1.1" 200 29013 "-" "Mozilla/5.0 (compatible; MJ12bot/v1.4.8; http://mj12bot.com/)"
147.135.212.201 - - [25/Apr/2025:23:48:07 -0400] "GET /about.php?action=edit&file=libblkid.so.1&path=//usr/lib64 HTTP/1.1" 200 139150 "-" "Mozilla/5.0 (compatible; MJ12bot/v1.4.8; http://mj12bot.com/)"
65.21.232.254 - - [25/Apr/2025:23:48:07 -0400] "GET /about.php?action=edit&file=libgobject-2.0.so.0.5600.4&path=//usr/lib64 HTTP/1.1" 200 133567 "-" "Mozilla/5.0 (compatible; MJ12bot/v1.4.8; http://mj12bot.com/)"
109.123.251.65 - - [25/Apr/2025:23:48:07 -0400] "GET /about.php?action=edit&file=libGLdispatch.so.0&path=//usr/lib64 HTTP/1.1" 200 111592 "-" "Mozilla/5.0 (compatible; MJ12bot/v1.4.8; http://mj12bot.com/)"
147.135.212.201 - - [25/Apr/2025:23:48:09 -0400] "GET /about.php?action=edit&file=libblkid.so.1.1.0&path=//usr/lib64 HTTP/1.1" 200 139016 "-" "Mozilla/5.0 (compatible; MJ12bot/v1.4.8; http://mj12bot.com/)"
65.21.232.254 - - [25/Apr/2025:23:48:11 -0400] "GET /about.php?action=edit&file=libgomp.so.1&path=//usr/lib64 HTTP/1.1" 200 97288 "-" "Mozilla/5.0 (compatible; MJ12bot/v1.4.8; http://mj12bot.com/)"
147.135.212.201 - - [25/Apr/2025:23:48:12 -0400] "GET /about.php?action=edit&file=libbnxt_re-rdmav34.so&path=//lib64/libibverbs HTTP/1.1" 200 15230 "-" "Mozilla/5.0 (compatible; MJ12bot/v1.4.8; http://mj12bot.com/)"
147.135.212.201 - - [25/Apr/2025:23:48:16 -0400] "GET /about.php?action=edit&file=libboost_date_time-plesk.so.1.74.0&path=//lib64/libboost-plesk-1.74 HTTP/1.1" 200 1953 "-" "Mozilla/5.0 (compatible; MJ12bot/v1.4.8; http://mj12bot.com/)"
