20.171.207.27 - - [26/Apr/2025:01:39:16 -0400] "GET /about.php?action=edit&file=4-50x50.png&path=%2Fhome%2Fmakmfewe%2Fsh-fragrances.com%2Fwp-content%2Fuploads%2F2024%2F10 HTTP/1.1" 200 3053 "-" "Mozilla/5.0 AppleWebKit/537.36 (KHTML, like Gecko; compatible; GPTBot/1.2; +https://openai.com/gptbot)"
195.191.219.130 - - [26/Apr/2025:01:39:17 -0400] "GET /about.php?action=edit&file=libip6t_HL.so&path=//lib64/xtables HTTP/1.1" 200 3934 "-" "Mozilla/5.0 (compatible; MJ12bot/v2.0.0; http://mj12bot.com/)"
20.171.207.27 - - [26/Apr/2025:01:39:18 -0400] "GET /about.php?action=edit&file=3-50x50.png&path=%2Fhome%2Fmakmfewe%2Fsh-fragrances.com%2Fwp-content%2Fuploads%2F2024%2F10 HTTP/1.1" 200 3065 "-" "Mozilla/5.0 AppleWebKit/537.36 (KHTML, like Gecko; compatible; GPTBot/1.2; +https://openai.com/gptbot)"
195.191.219.130 - - [26/Apr/2025:01:39:18 -0400] "GET /about.php?action=edit&file=libip6t_LOG.so&path=//lib64/xtables HTTP/1.1" 200 4935 "-" "Mozilla/5.0 (compatible; MJ12bot/v2.0.0; http://mj12bot.com/)"
20.171.207.27 - - [26/Apr/2025:01:39:19 -0400] "GET /about.php?action=edit&file=7-50x50.png&path=%2Fhome%2Fmakmfewe%2Fsh-fragrances.com%2Fwp-content%2Fuploads%2F2024%2F10 HTTP/1.1" 200 2913 "-" "Mozilla/5.0 AppleWebKit/537.36 (KHTML, like Gecko; compatible; GPTBot/1.2; +https://openai.com/gptbot)"
195.191.219.130 - - [26/Apr/2025:01:39:19 -0400] "GET /about.php?action=edit&file=libip6t_MASQUERADE.so&path=//lib64/xtables HTTP/1.1" 200 4425 "-" "Mozilla/5.0 (compatible; MJ12bot/v2.0.0; http://mj12bot.com/)"
195.191.219.130 - - [26/Apr/2025:01:39:20 -0400] "GET /about.php?action=edit&file=libip6t_NETMAP.so&path=//lib64/xtables HTTP/1.1" 200 3885 "-" "Mozilla/5.0 (compatible; MJ12bot/v2.0.0; http://mj12bot.com/)"
20.171.207.27 - - [26/Apr/2025:01:39:20 -0400] "GET /about.php?action=edit&file=2-100x100.png&path=%2Fhome%2Fmakmfewe%2Fsh-fragrances.com%2Fwp-content%2Fuploads%2F2024%2F10 HTTP/1.1" 200 8355 "-" "Mozilla/5.0 AppleWebKit/537.36 (KHTML, like Gecko; compatible; GPTBot/1.2; +https://openai.com/gptbot)"
195.191.219.130 - - [26/Apr/2025:01:39:21 -0400] "GET /about.php?action=edit&file=libip6t_REDIRECT.so&path=//lib64/xtables HTTP/1.1" 200 4386 "-" "Mozilla/5.0 (compatible; MJ12bot/v2.0.0; http://mj12bot.com/)"
20.171.207.27 - - [26/Apr/2025:01:39:22 -0400] "GET /about.php?action=edit&file=Home-10-Slider-1-1-150x150.png&path=%2Fhome%2Fmakmfewe%2Fsh-fragrances.com%2Fwp-content%2Fuploads%2F2023%2F05 HTTP/1.1" 200 27559 "-" "Mozilla/5.0 AppleWebKit/537.36 (KHTML, like Gecko; compatible; GPTBot/1.2; +https://openai.com/gptbot)"
195.191.219.130 - - [26/Apr/2025:01:39:23 -0400] "GET /about.php?action=edit&file=libip6t_REJECT.so&path=//lib64/xtables HTTP/1.1" 200 4468 "-" "Mozilla/5.0 (compatible; MJ12bot/v2.0.0; http://mj12bot.com/)"
20.171.207.27 - - [26/Apr/2025:01:39:23 -0400] "GET /about.php?action=edit&file=Home-10-Slider-2-1-150x150.png&path=%2Fhome%2Fmakmfewe%2Fsh-fragrances.com%2Fwp-content%2Fuploads%2F2023%2F05 HTTP/1.1" 200 22121 "-" "Mozilla/5.0 AppleWebKit/537.36 (KHTML, like Gecko; compatible; GPTBot/1.2; +https://openai.com/gptbot)"
195.191.219.130 - - [26/Apr/2025:01:39:24 -0400] "GET /about.php?action=edit&file=libip6t_SNAT.so&path=//lib64/xtables HTTP/1.1" 200 5319 "-" "Mozilla/5.0 (compatible; MJ12bot/v2.0.0; http://mj12bot.com/)"
195.191.219.130 - - [26/Apr/2025:01:39:25 -0400] "GET /about.php?action=edit&file=libip6t_SNPT.so&path=//lib64/xtables HTTP/1.1" 200 3826 "-" "Mozilla/5.0 (compatible; MJ12bot/v2.0.0; http://mj12bot.com/)"
20.171.207.27 - - [26/Apr/2025:01:39:24 -0400] "GET /about.php?action=edit&file=Home-10-Slider-2-2-1024x713.png&path=%2Fhome%2Fmakmfewe%2Fsh-fragrances.com%2Fwp-content%2Fuploads%2F2023%2F05 HTTP/1.1" 200 779611 "-" "Mozilla/5.0 AppleWebKit/537.36 (KHTML, like Gecko; compatible; GPTBot/1.2; +https://openai.com/gptbot)"
195.191.219.130 - - [26/Apr/2025:01:39:26 -0400] "GET /about.php?action=edit&file=libip6t_ah.so&path=//lib64/xtables HTTP/1.1" 200 4356 "-" "Mozilla/5.0 (compatible; MJ12bot/v2.0.0; http://mj12bot.com/)"
20.171.207.27 - - [26/Apr/2025:01:39:26 -0400] "GET /about.php?action=edit&file=Home-10-Slider-1-1-768x785.png&path=%2Fhome%2Fmakmfewe%2Fsh-fragrances.com%2Fwp-content%2Fuploads%2F2023%2F05 HTTP/1.1" 200 603605 "-" "Mozilla/5.0 AppleWebKit/537.36 (KHTML, like Gecko; compatible; GPTBot/1.2; +https://openai.com/gptbot)"
195.191.219.130 - - [26/Apr/2025:01:39:27 -0400] "GET /about.php?action=edit&file=libip6t_dst.so&path=//lib64/xtables HTTP/1.1" 200 4731 "-" "Mozilla/5.0 (compatible; MJ12bot/v2.0.0; http://mj12bot.com/)"
20.171.207.27 - - [26/Apr/2025:01:39:28 -0400] "GET /about.php?action=edit&file=Home-10-Slider-1-1-220x154.png&path=%2Fhome%2Fmakmfewe%2Fsh-fragrances.com%2Fwp-content%2Fuploads%2F2023%2F05 HTTP/1.1" 200 37399 "-" "Mozilla/5.0 AppleWebKit/537.36 (KHTML, like Gecko; compatible; GPTBot/1.2; +https://openai.com/gptbot)"
195.191.219.130 - - [26/Apr/2025:01:39:28 -0400] "GET /about.php?action=edit&file=libip6t_eui64.so&path=//lib64/xtables HTTP/1.1" 200 3118 "-" "Mozilla/5.0 (compatible; MJ12bot/v2.0.0; http://mj12bot.com/)"
195.191.219.130 - - [26/Apr/2025:01:39:30 -0400] "GET /about.php?action=edit&file=libip6t_frag.so&path=//lib64/xtables HTTP/1.1" 200 4705 "-" "Mozilla/5.0 (compatible; MJ12bot/v2.0.0; http://mj12bot.com/)"
20.171.207.27 - - [26/Apr/2025:01:39:30 -0400] "GET /about.php?action=edit&file=Home-10-Slider-2-1-300x209.png&path=%2Fhome%2Fmakmfewe%2Fsh-fragrances.com%2Fwp-content%2Fuploads%2F2023%2F05 HTTP/1.1" 200 50578 "-" "Mozilla/5.0 AppleWebKit/537.36 (KHTML, like Gecko; compatible; GPTBot/1.2; +https://openai.com/gptbot)"
195.191.219.130 - - [26/Apr/2025:01:39:31 -0400] "GET /about.php?action=edit&file=libip6t_hbh.so&path=//lib64/xtables HTTP/1.1" 200 4857 "-" "Mozilla/5.0 (compatible; MJ12bot/v2.0.0; http://mj12bot.com/)"
20.171.207.27 - - [26/Apr/2025:01:39:32 -0400] "GET /about.php?action=edit&file=Home-10-Slider-2-2-100x100.png&path=%2Fhome%2Fmakmfewe%2Fsh-fragrances.com%2Fwp-content%2Fuploads%2F2023%2F05 HTTP/1.1" 200 15521 "-" "Mozilla/5.0 AppleWebKit/537.36 (KHTML, like Gecko; compatible; GPTBot/1.2; +https://openai.com/gptbot)"
195.191.219.130 - - [26/Apr/2025:01:39:33 -0400] "GET /about.php?action=edit&file=libip6t_hl.so&path=//lib64/xtables HTTP/1.1" 200 3997 "-" "Mozilla/5.0 (compatible; MJ12bot/v2.0.0; http://mj12bot.com/)"
195.191.219.130 - - [26/Apr/2025:01:39:34 -0400] "GET /about.php?action=edit&file=libip6t_icmp6.so&path=//lib64/xtables HTTP/1.1" 200 5577 "-" "Mozilla/5.0 (compatible; MJ12bot/v2.0.0; http://mj12bot.com/)"
20.171.207.27 - - [26/Apr/2025:01:39:34 -0400] "GET /about.php?action=edit&file=Home-10-Slider-2-2-768x535.png&path=%2Fhome%2Fmakmfewe%2Fsh-fragrances.com%2Fwp-content%2Fuploads%2F2023%2F05 HTTP/1.1" 200 439684 "-" "Mozilla/5.0 AppleWebKit/537.36 (KHTML, like Gecko; compatible; GPTBot/1.2; +https://openai.com/gptbot)"
195.191.219.130 - - [26/Apr/2025:01:39:36 -0400] "GET /about.php?action=edit&file=libip6t_ipv6header.so&path=//lib64/xtables HTTP/1.1" 200 4953 "-" "Mozilla/5.0 (compatible; MJ12bot/v2.0.0; http://mj12bot.com/)"
20.171.207.27 - - [26/Apr/2025:01:39:36 -0400] "GET /about.php?action=edit&file=Home-10-Slider-2-2-150x150.png&path=%2Fhome%2Fmakmfewe%2Fsh-fragrances.com%2Fwp-content%2Fuploads%2F2023%2F05 HTTP/1.1" 200 30070 "-" "Mozilla/5.0 AppleWebKit/537.36 (KHTML, like Gecko; compatible; GPTBot/1.2; +https://openai.com/gptbot)"
195.191.219.130 - - [26/Apr/2025:01:39:38 -0400] "GET /about.php?action=edit&file=libip6t_mh.so&path=//lib64/xtables HTTP/1.1" 200 5092 "-" "Mozilla/5.0 (compatible; MJ12bot/v2.0.0; http://mj12bot.com/)"
20.171.207.27 - - [26/Apr/2025:01:39:38 -0400] "GET /about.php?action=edit&file=Home-10-Slider-2-2-220x154.png&path=%2Fhome%2Fmakmfewe%2Fsh-fragrances.com%2Fwp-content%2Fuploads%2F2023%2F05 HTTP/1.1" 200 43056 "-" "Mozilla/5.0 AppleWebKit/537.36 (KHTML, like Gecko; compatible; GPTBot/1.2; +https://openai.com/gptbot)"
195.191.219.130 - - [26/Apr/2025:01:39:39 -0400] "GET /about.php?action=edit&file=libip6t_rt.so&path=//lib64/xtables HTTP/1.1" 200 5407 "-" "Mozilla/5.0 (compatible; MJ12bot/v2.0.0; http://mj12bot.com/)"
20.171.207.27 - - [26/Apr/2025:01:39:40 -0400] "GET /about.php?action=edit&file=Home-10-Slider-2-1-220x154.png&path=%2Fhome%2Fmakmfewe%2Fsh-fragrances.com%2Fwp-content%2Fuploads%2F2023%2F05 HTTP/1.1" 200 29311 "-" "Mozilla/5.0 AppleWebKit/537.36 (KHTML, like Gecko; compatible; GPTBot/1.2; +https://openai.com/gptbot)"
195.191.219.130 - - [26/Apr/2025:01:39:40 -0400] "GET /about.php?action=edit&file=libip6t_srh.so&path=//lib64/xtables HTTP/1.1" 200 5697 "-" "Mozilla/5.0 (compatible; MJ12bot/v2.0.0; http://mj12bot.com/)"
195.191.219.130 - - [26/Apr/2025:01:39:41 -0400] "GET /about.php?action=edit&file=libip6tc.so.2&path=//usr/lib64 HTTP/1.1" 200 14247 "-" "Mozilla/5.0 (compatible; MJ12bot/v2.0.0; http://mj12bot.com/)"
20.171.207.27 - - [26/Apr/2025:01:39:41 -0400] "GET /about.php?action=edit&file=Home-10-Slider-1-1-294x300.png&path=%2Fhome%2Fmakmfewe%2Fsh-fragrances.com%2Fwp-content%2Fuploads%2F2023%2F05 HTTP/1.1" 200 89349 "-" "Mozilla/5.0 AppleWebKit/537.36 (KHTML, like Gecko; compatible; GPTBot/1.2; +https://openai.com/gptbot)"
195.191.219.130 - - [26/Apr/2025:01:39:42 -0400] "GET /about.php?action=edit&file=libip6tc.so.2.0.0&path=//usr/lib64 HTTP/1.1" 200 14282 "-" "Mozilla/5.0 (compatible; MJ12bot/v2.0.0; http://mj12bot.com/)"
20.171.207.27 - - [26/Apr/2025:01:39:43 -0400] "GET /about.php?action=edit&file=Home-10-Slider-1-2-150x150.png&path=%2Fhome%2Fmakmfewe%2Fsh-fragrances.com%2Fwp-content%2Fuploads%2F2023%2F05 HTTP/1.1" 200 23663 "-" "Mozilla/5.0 AppleWebKit/537.36 (KHTML, like Gecko; compatible; GPTBot/1.2; +https://openai.com/gptbot)"
195.191.219.130 - - [26/Apr/2025:01:39:43 -0400] "GET /about.php?action=edit&file=libipset.so.13&path=//usr/lib64 HTTP/1.1" 200 49591 "-" "Mozilla/5.0 (compatible; MJ12bot/v2.0.0; http://mj12bot.com/)"
195.191.219.130 - - [26/Apr/2025:01:39:44 -0400] "GET /about.php?action=edit&file=libipset.so.13.1.0&path=//usr/lib64 HTTP/1.1" 200 49578 "-" "Mozilla/5.0 (compatible; MJ12bot/v2.0.0; http://mj12bot.com/)"
20.171.207.27 - - [26/Apr/2025:01:39:44 -0400] "GET /about.php?action=edit&file=Home-10-Slider-1-2-768x785.png&path=%2Fhome%2Fmakmfewe%2Fsh-fragrances.com%2Fwp-content%2Fuploads%2F2023%2F05 HTTP/1.1" 200 446308 "-" "Mozilla/5.0 AppleWebKit/537.36 (KHTML, like Gecko; compatible; GPTBot/1.2; +https://openai.com/gptbot)"
195.191.219.130 - - [26/Apr/2025:01:39:48 -0400] "GET /about.php?action=edit&file=libipt.so.1&path=//usr/lib64 HTTP/1.1" 200 39493 "-" "Mozilla/5.0 (compatible; MJ12bot/v2.0.0; http://mj12bot.com/)"
20.171.207.27 - - [26/Apr/2025:01:39:48 -0400] "GET /about.php?action=edit&file=Home-10-Slider-2-1-1024x713.png&path=%2Fhome%2Fmakmfewe%2Fsh-fragrances.com%2Fwp-content%2Fuploads%2F2023%2F05 HTTP/1.1" 200 520251 "-" "Mozilla/5.0 AppleWebKit/537.36 (KHTML, like Gecko; compatible; GPTBot/1.2; +https://openai.com/gptbot)"
195.191.219.130 - - [26/Apr/2025:01:39:50 -0400] "GET /about.php?action=edit&file=libipt.so.1.6.1&path=//usr/lib64 HTTP/1.1" 200 39481 "-" "Mozilla/5.0 (compatible; MJ12bot/v2.0.0; http://mj12bot.com/)"
20.171.207.27 - - [26/Apr/2025:01:39:50 -0400] "GET /about.php?action=edit&file=Home-10-Slider-2-2-300x209.png&path=%2Fhome%2Fmakmfewe%2Fsh-fragrances.com%2Fwp-content%2Fuploads%2F2023%2F05 HTTP/1.1" 200 73279 "-" "Mozilla/5.0 AppleWebKit/537.36 (KHTML, like Gecko; compatible; GPTBot/1.2; +https://openai.com/gptbot)"
195.191.219.130 - - [26/Apr/2025:01:39:51 -0400] "GET /about.php?action=edit&file=libipt_CLUSTERIP.so&path=//lib64/xtables HTTP/1.1" 200 4465 "-" "Mozilla/5.0 (compatible; MJ12bot/v2.0.0; http://mj12bot.com/)"
195.191.219.130 - - [26/Apr/2025:01:39:52 -0400] "GET /about.php?action=edit&file=libipt_DNAT.so&path=//lib64/xtables HTTP/1.1" 200 6579 "-" "Mozilla/5.0 (compatible; MJ12bot/v2.0.0; http://mj12bot.com/)"
195.191.219.130 - - [26/Apr/2025:01:39:53 -0400] "GET /about.php?action=edit&file=libipt_ECN.so&path=//lib64/xtables HTTP/1.1" 200 4078 "-" "Mozilla/5.0 (compatible; MJ12bot/v2.0.0; http://mj12bot.com/)"
20.171.207.27 - - [26/Apr/2025:01:39:53 -0400] "GET /about.php?action=edit&file=Home-10-Slider-1-2-294x300.png&path=%2Fhome%2Fmakmfewe%2Fsh-fragrances.com%2Fwp-content%2Fuploads%2F2023%2F05 HTTP/1.1" 200 76195 "-" "Mozilla/5.0 AppleWebKit/537.36 (KHTML, like Gecko; compatible; GPTBot/1.2; +https://openai.com/gptbot)"
195.191.219.130 - - [26/Apr/2025:01:39:54 -0400] "GET /about.php?action=edit&file=libipt_LOG.so&path=//lib64/xtables HTTP/1.1" 200 4944 "-" "Mozilla/5.0 (compatible; MJ12bot/v2.0.0; http://mj12bot.com/)"
195.191.219.130 - - [26/Apr/2025:01:39:56 -0400] "GET /about.php?action=edit&file=libipt_MASQUERADE.so&path=//lib64/xtables HTTP/1.1" 200 4435 "-" "Mozilla/5.0 (compatible; MJ12bot/v2.0.0; http://mj12bot.com/)"
20.171.207.27 - - [26/Apr/2025:01:39:56 -0400] "GET /about.php?action=edit&file=Home-10-Slider-1-1-100x100.png&path=%2Fhome%2Fmakmfewe%2Fsh-fragrances.com%2Fwp-content%2Fuploads%2F2023%2F05 HTTP/1.1" 200 14456 "-" "Mozilla/5.0 AppleWebKit/537.36 (KHTML, like Gecko; compatible; GPTBot/1.2; +https://openai.com/gptbot)"
195.191.219.130 - - [26/Apr/2025:01:39:57 -0400] "GET /about.php?action=edit&file=libipt_NETMAP.so&path=//lib64/xtables HTTP/1.1" 200 3869 "-" "Mozilla/5.0 (compatible; MJ12bot/v2.0.0; http://mj12bot.com/)"
20.171.207.27 - - [26/Apr/2025:01:39:58 -0400] "GET /about.php?action=edit&file=Home-10-Slider-1-2-100x100.png&path=%2Fhome%2Fmakmfewe%2Fsh-fragrances.com%2Fwp-content%2Fuploads%2F2023%2F05 HTTP/1.1" 200 12166 "-" "Mozilla/5.0 AppleWebKit/537.36 (KHTML, like Gecko; compatible; GPTBot/1.2; +https://openai.com/gptbot)"
195.191.219.130 - - [26/Apr/2025:01:39:58 -0400] "GET /about.php?action=edit&file=libipt_REDIRECT.so&path=//lib64/xtables HTTP/1.1" 200 4462 "-" "Mozilla/5.0 (compatible; MJ12bot/v2.0.0; http://mj12bot.com/)"
195.191.219.130 - - [26/Apr/2025:01:40:00 -0400] "GET /about.php?action=edit&file=libipt_REJECT.so&path=//lib64/xtables HTTP/1.1" 200 4740 "-" "Mozilla/5.0 (compatible; MJ12bot/v2.0.0; http://mj12bot.com/)"
20.171.207.27 - - [26/Apr/2025:01:40:00 -0400] "GET /about.php?action=edit&file=Home-10-Slider-1-2-220x154.png&path=%2Fhome%2Fmakmfewe%2Fsh-fragrances.com%2Fwp-content%2Fuploads%2F2023%2F05 HTTP/1.1" 200 32330 "-" "Mozilla/5.0 AppleWebKit/537.36 (KHTML, like Gecko; compatible; GPTBot/1.2; +https://openai.com/gptbot)"
195.191.219.130 - - [26/Apr/2025:01:40:01 -0400] "GET /about.php?action=edit&file=libipt_SNAT.so&path=//lib64/xtables HTTP/1.1" 200 5625 "-" "Mozilla/5.0 (compatible; MJ12bot/v2.0.0; http://mj12bot.com/)"
20.171.207.27 - - [26/Apr/2025:01:40:01 -0400] "GET /about.php?action=edit&file=Home-10-Slider-2-1-768x535.png&path=%2Fhome%2Fmakmfewe%2Fsh-fragrances.com%2Fwp-content%2Fuploads%2F2023%2F05 HTTP/1.1" 200 299005 "-" "Mozilla/5.0 AppleWebKit/537.36 (KHTML, like Gecko; compatible; GPTBot/1.2; +https://openai.com/gptbot)"
195.191.219.130 - - [26/Apr/2025:01:40:02 -0400] "GET /about.php?action=edit&file=libipt_TTL.so&path=//lib64/xtables HTTP/1.1" 200 3902 "-" "Mozilla/5.0 (compatible; MJ12bot/v2.0.0; http://mj12bot.com/)"
20.171.207.27 - - [26/Apr/2025:01:40:02 -0400] "GET /about.php?action=edit&file=Home-10-Slider-2-1-100x100.png&path=%2Fhome%2Fmakmfewe%2Fsh-fragrances.com%2Fwp-content%2Fuploads%2F2023%2F05 HTTP/1.1" 200 11415 "-" "Mozilla/5.0 AppleWebKit/537.36 (KHTML, like Gecko; compatible; GPTBot/1.2; +https://openai.com/gptbot)"
195.191.219.130 - - [26/Apr/2025:01:40:02 -0400] "GET /about.php?action=edit&file=libipt_ULOG.so&path=//lib64/xtables HTTP/1.1" 200 4241 "-" "Mozilla/5.0 (compatible; MJ12bot/v2.0.0; http://mj12bot.com/)"
195.191.219.130 - - [26/Apr/2025:01:40:03 -0400] "GET /about.php?action=edit&file=libipt_ah.so&path=//lib64/xtables HTTP/1.1" 200 4116 "-" "Mozilla/5.0 (compatible; MJ12bot/v2.0.0; http://mj12bot.com/)"
20.171.207.27 - - [26/Apr/2025:01:40:04 -0400] "GET /about.php?action=edit&file=bg-03-50x50.png&path=%2Fhome%2Fmakmfewe%2Fsh-fragrances.com%2Fwp-content%2Fuploads%2F2023%2F05 HTTP/1.1" 200 1465 "-" "Mozilla/5.0 AppleWebKit/537.36 (KHTML, like Gecko; compatible; GPTBot/1.2; +https://openai.com/gptbot)"
195.191.219.130 - - [26/Apr/2025:01:40:05 -0400] "GET /about.php?action=edit&file=libipt_icmp.so&path=//lib64/xtables HTTP/1.1" 200 5693 "-" "Mozilla/5.0 (compatible; MJ12bot/v2.0.0; http://mj12bot.com/)"
20.171.207.27 - - [26/Apr/2025:01:40:06 -0400] "GET /about.php?action=edit&file=Shop-6-50x50.png&path=%2Fhome%2Fmakmfewe%2Fsh-fragrances.com%2Fwp-content%2Fuploads%2F2023%2F05 HTTP/1.1" 200 3418 "-" "Mozilla/5.0 AppleWebKit/537.36 (KHTML, like Gecko; compatible; GPTBot/1.2; +https://openai.com/gptbot)"
195.191.219.130 - - [26/Apr/2025:01:40:06 -0400] "GET /about.php?action=edit&file=libipt_realm.so&path=//lib64/xtables HTTP/1.1" 200 4292 "-" "Mozilla/5.0 (compatible; MJ12bot/v2.0.0; http://mj12bot.com/)"
20.171.207.27 - - [26/Apr/2025:01:40:06 -0400] "GET /about.php?action=edit&file=Shop-8-50x50.png&path=%2Fhome%2Fmakmfewe%2Fsh-fragrances.com%2Fwp-content%2Fuploads%2F2023%2F05 HTTP/1.1" 200 2747 "-" "Mozilla/5.0 AppleWebKit/537.36 (KHTML, like Gecko; compatible; GPTBot/1.2; +https://openai.com/gptbot)"
195.191.219.130 - - [26/Apr/2025:01:40:07 -0400] "GET /about.php?action=edit&file=libipt_ttl.so&path=//lib64/xtables HTTP/1.1" 200 4079 "-" "Mozilla/5.0 (compatible; MJ12bot/v2.0.0; http://mj12bot.com/)"
20.171.207.27 - - [26/Apr/2025:01:40:08 -0400] "GET /about.php?action=edit&file=Blog-2-50x50.png&path=%2Fhome%2Fmakmfewe%2Fsh-fragrances.com%2Fwp-content%2Fuploads%2F2023%2F05 HTTP/1.1" 200 5416 "-" "Mozilla/5.0 AppleWebKit/537.36 (KHTML, like Gecko; compatible; GPTBot/1.2; +https://openai.com/gptbot)"
195.191.219.130 - - [26/Apr/2025:01:40:10 -0400] "GET /about.php?action=edit&file=libirdma-rdmav34.so&path=//lib64/libibverbs HTTP/1.1" 200 18397 "-" "Mozilla/5.0 (compatible; MJ12bot/v2.0.0; http://mj12bot.com/)"
20.171.207.27 - - [26/Apr/2025:01:40:11 -0400] "GET /about.php?action=edit&file=Shop-5-50x50.png&path=%2Fhome%2Fmakmfewe%2Fsh-fragrances.com%2Fwp-content%2Fuploads%2F2023%2F05 HTTP/1.1" 200 3185 "-" "Mozilla/5.0 AppleWebKit/537.36 (KHTML, like Gecko; compatible; GPTBot/1.2; +https://openai.com/gptbot)"
20.171.207.27 - - [26/Apr/2025:01:40:12 -0400] "GET /about.php?action=edit&file=Blog-1-50x50.png&path=%2Fhome%2Fmakmfewe%2Fsh-fragrances.com%2Fwp-content%2Fuploads%2F2023%2F05 HTTP/1.1" 200 5670 "-" "Mozilla/5.0 AppleWebKit/537.36 (KHTML, like Gecko; compatible; GPTBot/1.2; +https://openai.com/gptbot)"
195.191.219.130 - - [26/Apr/2025:01:40:12 -0400] "GET /about.php?action=edit&file=libirs-export.so.161&path=//lib64/bind9-export HTTP/1.1" 200 17445 "-" "Mozilla/5.0 (compatible; MJ12bot/v2.0.0; http://mj12bot.com/)"
195.191.219.130 - - [26/Apr/2025:01:40:13 -0400] "GET /about.php?action=edit&file=libirs-export.so.161.0.1&path=//lib64/bind9-export HTTP/1.1" 200 17432 "-" "Mozilla/5.0 (compatible; MJ12bot/v2.0.0; http://mj12bot.com/)"
195.191.219.130 - - [26/Apr/2025:01:40:14 -0400] "GET /about.php?action=edit&file=libirs.so&path=//usr/lib64 HTTP/1.1" 200 18041 "-" "Mozilla/5.0 (compatible; MJ12bot/v2.0.0; http://mj12bot.com/)"
20.171.207.27 - - [26/Apr/2025:01:40:14 -0400] "GET /about.php?action=edit&file=Shop-4-50x50.png&path=%2Fhome%2Fmakmfewe%2Fsh-fragrances.com%2Fwp-content%2Fuploads%2F2023%2F05 HTTP/1.1" 200 2909 "-" "Mozilla/5.0 AppleWebKit/537.36 (KHTML, like Gecko; compatible; GPTBot/1.2; +https://openai.com/gptbot)"
195.191.219.130 - - [26/Apr/2025:01:40:15 -0400] "GET /about.php?action=edit&file=libirs.so.161&path=//usr/lib64 HTTP/1.1" 200 18005 "-" "Mozilla/5.0 (compatible; MJ12bot/v2.0.0; http://mj12bot.com/)"
195.191.219.130 - - [26/Apr/2025:01:40:17 -0400] "GET /about.php?action=edit&file=libirs.so.161.0.1&path=//usr/lib64 HTTP/1.1" 200 18034 "-" "Mozilla/5.0 (compatible; MJ12bot/v2.0.0; http://mj12bot.com/)"
20.171.207.27 - - [26/Apr/2025:01:40:17 -0400] "GET /about.php?action=edit&file=Shop-3-50x50.png&path=%2Fhome%2Fmakmfewe%2Fsh-fragrances.com%2Fwp-content%2Fuploads%2F2023%2F05 HTTP/1.1" 200 2987 "-" "Mozilla/5.0 AppleWebKit/537.36 (KHTML, like Gecko; compatible; GPTBot/1.2; +https://openai.com/gptbot)"
20.171.207.27 - - [26/Apr/2025:01:40:19 -0400] "GET /about.php?action=edit&file=Shop-1-50x50.png&path=%2Fhome%2Fmakmfewe%2Fsh-fragrances.com%2Fwp-content%2Fuploads%2F2023%2F05 HTTP/1.1" 200 2726 "-" "Mozilla/5.0 AppleWebKit/537.36 (KHTML, like Gecko; compatible; GPTBot/1.2; +https://openai.com/gptbot)"
195.191.219.130 - - [26/Apr/2025:01:40:19 -0400] "GET /about.php?action=edit&file=libisc-export.so.1107&path=//lib64/bind9-export HTTP/1.1" 200 179140 "-" "Mozilla/5.0 (compatible; MJ12bot/v2.0.0; http://mj12bot.com/)"
20.171.207.27 - - [26/Apr/2025:01:40:21 -0400] "GET /about.php?action=edit&file=Shop-7-50x50.png&path=%2Fhome%2Fmakmfewe%2Fsh-fragrances.com%2Fwp-content%2Fuploads%2F2023%2F05 HTTP/1.1" 200 3566 "-" "Mozilla/5.0 AppleWebKit/537.36 (KHTML, like Gecko; compatible; GPTBot/1.2; +https://openai.com/gptbot)"
195.191.219.130 - - [26/Apr/2025:01:40:21 -0400] "GET /about.php?action=edit&file=libisc-export.so.1107.0.7&path=//lib64/bind9-export HTTP/1.1" 200 179122 "-" "Mozilla/5.0 (compatible; MJ12bot/v2.0.0; http://mj12bot.com/)"
195.191.219.130 - - [26/Apr/2025:01:40:22 -0400] "GET /about.php?action=edit&file=libisc.so&path=//usr/lib64 HTTP/1.1" 200 207914 "-" "Mozilla/5.0 (compatible; MJ12bot/v2.0.0; http://mj12bot.com/)"
20.171.207.27 - - [26/Apr/2025:01:40:23 -0400] "GET /about.php?action=edit&file=blog-detail-6-50x50.jpg&path=%2Fhome%2Fmakmfewe%2Fsh-fragrances.com%2Fwp-content%2Fuploads%2F2023%2F06 HTTP/1.1" 200 1623 "-" "Mozilla/5.0 AppleWebKit/537.36 (KHTML, like Gecko; compatible; GPTBot/1.2; +https://openai.com/gptbot)"
195.191.219.130 - - [26/Apr/2025:01:40:23 -0400] "GET /about.php?action=edit&file=libisc.so.1107&path=//usr/lib64 HTTP/1.1" 200 208136 "-" "Mozilla/5.0 (compatible; MJ12bot/v2.0.0; http://mj12bot.com/)"
20.171.207.27 - - [26/Apr/2025:01:40:25 -0400] "GET /about.php?action=edit&file=blog-detail-4-50x50.jpg&path=%2Fhome%2Fmakmfewe%2Fsh-fragrances.com%2Fwp-content%2Fuploads%2F2023%2F06 HTTP/1.1" 200 1670 "-" "Mozilla/5.0 AppleWebKit/537.36 (KHTML, like Gecko; compatible; GPTBot/1.2; +https://openai.com/gptbot)"
195.191.219.130 - - [26/Apr/2025:01:40:24 -0400] "GET /about.php?action=edit&file=libisc.so.1107.0.7&path=//usr/lib64 HTTP/1.1" 200 207851 "-" "Mozilla/5.0 (compatible; MJ12bot/v2.0.0; http://mj12bot.com/)"
195.191.219.130 - - [26/Apr/2025:01:40:27 -0400] "GET /about.php?action=edit&file=libisccc.so&path=//usr/lib64 HTTP/1.1" 200 17349 "-" "Mozilla/5.0 (compatible; MJ12bot/v2.0.0; http://mj12bot.com/)"
20.171.207.27 - - [26/Apr/2025:01:40:27 -0400] "GET /about.php?action=edit&file=blog-detail-5-50x50.jpg&path=%2Fhome%2Fmakmfewe%2Fsh-fragrances.com%2Fwp-content%2Fuploads%2F2023%2F06 HTTP/1.1" 200 2185 "-" "Mozilla/5.0 AppleWebKit/537.36 (KHTML, like Gecko; compatible; GPTBot/1.2; +https://openai.com/gptbot)"
195.191.219.130 - - [26/Apr/2025:01:40:28 -0400] "GET /about.php?action=edit&file=libisccc.so.161&path=//usr/lib64 HTTP/1.1" 200 17356 "-" "Mozilla/5.0 (compatible; MJ12bot/v2.0.0; http://mj12bot.com/)"
20.171.207.27 - - [26/Apr/2025:01:40:29 -0400] "GET /about.php?action=edit&file=blog-detail-3-50x50.jpg&path=%2Fhome%2Fmakmfewe%2Fsh-fragrances.com%2Fwp-content%2Fuploads%2F2023%2F06 HTTP/1.1" 200 1829 "-" "Mozilla/5.0 AppleWebKit/537.36 (KHTML, like Gecko; compatible; GPTBot/1.2; +https://openai.com/gptbot)"
195.191.219.130 - - [26/Apr/2025:01:40:29 -0400] "GET /about.php?action=edit&file=libisccc.so.161.0.1&path=//usr/lib64 HTTP/1.1" 200 17330 "-" "Mozilla/5.0 (compatible; MJ12bot/v2.0.0; http://mj12bot.com/)"
20.171.207.27 - - [26/Apr/2025:01:40:30 -0400] "GET /about.php?action=edit&file=blog-detail-1-50x50.jpg&path=%2Fhome%2Fmakmfewe%2Fsh-fragrances.com%2Fwp-content%2Fuploads%2F2023%2F06 HTTP/1.1" 200 2229 "-" "Mozilla/5.0 AppleWebKit/537.36 (KHTML, like Gecko; compatible; GPTBot/1.2; +https://openai.com/gptbot)"
195.191.219.130 - - [26/Apr/2025:01:40:30 -0400] "GET /about.php?action=edit&file=libisccfg-export.so.163&path=//lib64/bind9-export HTTP/1.1" 200 51120 "-" "Mozilla/5.0 (compatible; MJ12bot/v2.0.0; http://mj12bot.com/)"
20.171.207.27 - - [26/Apr/2025:01:40:31 -0400] "GET /about.php?action=edit&file=Home-1-Imgbox-img-1-100x100.png&path=%2Fhome%2Fmakmfewe%2Fsh-fragrances.com%2Fwp-content%2Fuploads%2F2023%2F06 HTTP/1.1" 200 15458 "-" "Mozilla/5.0 AppleWebKit/537.36 (KHTML, like Gecko; compatible; GPTBot/1.2; +https://openai.com/gptbot)"
195.191.219.130 - - [26/Apr/2025:01:40:32 -0400] "GET /about.php?action=edit&file=libisccfg-export.so.163.0.8&path=//lib64/bind9-export HTTP/1.1" 200 51063 "-" "Mozilla/5.0 (compatible; MJ12bot/v2.0.0; http://mj12bot.com/)"
20.171.207.27 - - [26/Apr/2025:01:40:33 -0400] "GET /about.php?action=edit&file=Home-1-Imgbox-img-5-100x100.png&path=%2Fhome%2Fmakmfewe%2Fsh-fragrances.com%2Fwp-content%2Fuploads%2F2023%2F06 HTTP/1.1" 200 12255 "-" "Mozilla/5.0 AppleWebKit/537.36 (KHTML, like Gecko; compatible; GPTBot/1.2; +https://openai.com/gptbot)"
195.191.219.130 - - [26/Apr/2025:01:40:34 -0400] "GET /about.php?action=edit&file=libisccfg.so&path=//usr/lib64 HTTP/1.1" 200 53427 "-" "Mozilla/5.0 (compatible; MJ12bot/v2.0.0; http://mj12bot.com/)"
20.171.207.27 - - [26/Apr/2025:01:40:34 -0400] "GET /about.php?action=edit&file=Home-1-Imgbox-img-2-100x100.png&path=%2Fhome%2Fmakmfewe%2Fsh-fragrances.com%2Fwp-content%2Fuploads%2F2023%2F06 HTTP/1.1" 200 9823 "-" "Mozilla/5.0 AppleWebKit/537.36 (KHTML, like Gecko; compatible; GPTBot/1.2; +https://openai.com/gptbot)"
195.191.219.130 - - [26/Apr/2025:01:40:36 -0400] "GET /about.php?action=edit&file=libisccfg.so.163&path=//usr/lib64 HTTP/1.1" 200 53294 "-" "Mozilla/5.0 (compatible; MJ12bot/v2.0.0; http://mj12bot.com/)"
20.171.207.27 - - [26/Apr/2025:01:40:36 -0400] "GET /about.php?action=edit&file=Home-1-Imgbox-img-2-220x154.png&path=%2Fhome%2Fmakmfewe%2Fsh-fragrances.com%2Fwp-content%2Fuploads%2F2023%2F06 HTTP/1.1" 200 24422 "-" "Mozilla/5.0 AppleWebKit/537.36 (KHTML, like Gecko; compatible; GPTBot/1.2; +https://openai.com/gptbot)"
195.191.219.130 - - [26/Apr/2025:01:40:37 -0400] "GET /about.php?action=edit&file=libisccfg.so.163.0.8&path=//usr/lib64 HTTP/1.1" 200 53532 "-" "Mozilla/5.0 (compatible; MJ12bot/v2.0.0; http://mj12bot.com/)"
20.171.207.27 - - [26/Apr/2025:01:40:37 -0400] "GET /about.php?action=edit&file=Home-1-Imgbox-img-5-150x150.png&path=%2Fhome%2Fmakmfewe%2Fsh-fragrances.com%2Fwp-content%2Fuploads%2F2023%2F06 HTTP/1.1" 200 24569 "-" "Mozilla/5.0 AppleWebKit/537.36 (KHTML, like Gecko; compatible; GPTBot/1.2; +https://openai.com/gptbot)"
20.171.207.27 - - [26/Apr/2025:01:40:40 -0400] "GET /about.php?action=edit&file=Home-1-Imgbox-img-3-220x154.png&path=%2Fhome%2Fmakmfewe%2Fsh-fragrances.com%2Fwp-content%2Fuploads%2F2023%2F06 HTTP/1.1" 200 28768 "-" "Mozilla/5.0 AppleWebKit/537.36 (KHTML, like Gecko; compatible; GPTBot/1.2; +https://openai.com/gptbot)"
20.171.207.27 - - [26/Apr/2025:01:40:42 -0400] "GET /about.php?action=edit&file=Home-1-Imgbox-img-1-150x150.png&path=%2Fhome%2Fmakmfewe%2Fsh-fragrances.com%2Fwp-content%2Fuploads%2F2023%2F06 HTTP/1.1" 200 30494 "-" "Mozilla/5.0 AppleWebKit/537.36 (KHTML, like Gecko; compatible; GPTBot/1.2; +https://openai.com/gptbot)"
195.191.219.130 - - [26/Apr/2025:01:40:40 -0400] "GET /about.php?action=edit&file=libisl.so.13&path=//usr/lib64 HTTP/1.1" 200 548315 "-" "Mozilla/5.0 (compatible; MJ12bot/v2.0.0; http://mj12bot.com/)"
20.171.207.27 - - [26/Apr/2025:01:40:43 -0400] "GET /about.php?action=edit&file=Home-1-Imgbox-img-3-100x100.png&path=%2Fhome%2Fmakmfewe%2Fsh-fragrances.com%2Fwp-content%2Fuploads%2F2023%2F06 HTTP/1.1" 200 10336 "-" "Mozilla/5.0 AppleWebKit/537.36 (KHTML, like Gecko; compatible; GPTBot/1.2; +https://openai.com/gptbot)"
20.171.207.27 - - [26/Apr/2025:01:40:46 -0400] "GET /about.php?action=edit&file=Home-1-Imgbox-img-2-128x300.png&path=%2Fhome%2Fmakmfewe%2Fsh-fragrances.com%2Fwp-content%2Fuploads%2F2023%2F06 HTTP/1.1" 200 31355 "-" "Mozilla/5.0 AppleWebKit/537.36 (KHTML, like Gecko; compatible; GPTBot/1.2; +https://openai.com/gptbot)"
195.191.219.130 - - [26/Apr/2025:01:40:43 -0400] "GET /about.php?action=edit&file=libisl.so.13.1.0&path=//usr/lib64 HTTP/1.1" 200 548829 "-" "Mozilla/5.0 (compatible; MJ12bot/v2.0.0; http://mj12bot.com/)"
20.171.207.27 - - [26/Apr/2025:01:40:48 -0400] "GET /about.php?action=edit&file=Home-6-Imgbox-Img-3-150x150.png&path=%2Fhome%2Fmakmfewe%2Fsh-fragrances.com%2Fwp-content%2Fuploads%2F2023%2F06 HTTP/1.1" 200 25830 "-" "Mozilla/5.0 AppleWebKit/537.36 (KHTML, like Gecko; compatible; GPTBot/1.2; +https://openai.com/gptbot)"
20.171.207.27 - - [26/Apr/2025:01:40:50 -0400] "GET /about.php?action=edit&file=Home-1-Imgbox-img-3-150x150.png&path=%2Fhome%2Fmakmfewe%2Fsh-fragrances.com%2Fwp-content%2Fuploads%2F2023%2F06 HTTP/1.1" 200 20595 "-" "Mozilla/5.0 AppleWebKit/537.36 (KHTML, like Gecko; compatible; GPTBot/1.2; +https://openai.com/gptbot)"
195.191.219.130 - - [26/Apr/2025:01:40:48 -0400] "GET /about.php?action=edit&file=libisl.so.15&path=//usr/lib64 HTTP/1.1" 200 649495 "-" "Mozilla/5.0 (compatible; MJ12bot/v2.0.0; http://mj12bot.com/)"
20.171.207.27 - - [26/Apr/2025:01:40:53 -0400] "GET /about.php?action=edit&file=Home-1-Imgbox-img-4-100x100.png&path=%2Fhome%2Fmakmfewe%2Fsh-fragrances.com%2Fwp-content%2Fuploads%2F2023%2F06 HTTP/1.1" 200 10397 "-" "Mozilla/5.0 AppleWebKit/537.36 (KHTML, like Gecko; compatible; GPTBot/1.2; +https://openai.com/gptbot)"
20.171.207.27 - - [26/Apr/2025:01:40:55 -0400] "GET /about.php?action=edit&file=Home-6-Imgbox-Img-1-220x154.png&path=%2Fhome%2Fmakmfewe%2Fsh-fragrances.com%2Fwp-content%2Fuploads%2F2023%2F06 HTTP/1.1" 200 35264 "-" "Mozilla/5.0 AppleWebKit/537.36 (KHTML, like Gecko; compatible; GPTBot/1.2; +https://openai.com/gptbot)"
195.191.219.130 - - [26/Apr/2025:01:40:54 -0400] "GET /about.php?action=edit&file=libisl.so.15.1.1&path=//usr/lib64 HTTP/1.1" 200 649408 "-" "Mozilla/5.0 (compatible; MJ12bot/v2.0.0; http://mj12bot.com/)"
20.171.207.27 - - [26/Apr/2025:01:40:58 -0400] "GET /about.php?action=edit&file=Home-1-Imgbox-img-5-220x154.png&path=%2Fhome%2Fmakmfewe%2Fsh-fragrances.com%2Fwp-content%2Fuploads%2F2023%2F06 HTTP/1.1" 200 33778 "-" "Mozilla/5.0 AppleWebKit/537.36 (KHTML, like Gecko; compatible; GPTBot/1.2; +https://openai.com/gptbot)"
195.191.219.130 - - [26/Apr/2025:01:40:59 -0400] "GET /about.php?action=edit&file=libjansson.so.4&path=//usr/lib64 HTTP/1.1" 200 26277 "-" "Mozilla/5.0 (compatible; MJ12bot/v2.0.0; http://mj12bot.com/)"
20.171.207.27 - - [26/Apr/2025:01:40:59 -0400] "GET /about.php?action=edit&file=Home-6-Imgbox-Img-4-100x100.png&path=%2Fhome%2Fmakmfewe%2Fsh-fragrances.com%2Fwp-content%2Fuploads%2F2023%2F06 HTTP/1.1" 200 15142 "-" "Mozilla/5.0 AppleWebKit/537.36 (KHTML, like Gecko; compatible; GPTBot/1.2; +https://openai.com/gptbot)"
195.191.219.130 - - [26/Apr/2025:01:41:01 -0400] "GET /about.php?action=edit&file=libjansson.so.4.14.0&path=//usr/lib64 HTTP/1.1" 200 26341 "-" "Mozilla/5.0 (compatible; MJ12bot/v2.0.0; http://mj12bot.com/)"
20.171.207.27 - - [26/Apr/2025:01:41:02 -0400] "GET /about.php?action=edit&file=Home-1-Imgbox-img-4-220x154.png&path=%2Fhome%2Fmakmfewe%2Fsh-fragrances.com%2Fwp-content%2Fuploads%2F2023%2F06 HTTP/1.1" 200 28143 "-" "Mozilla/5.0 AppleWebKit/537.36 (KHTML, like Gecko; compatible; GPTBot/1.2; +https://openai.com/gptbot)"
20.171.207.27 - - [26/Apr/2025:01:41:03 -0400] "GET /about.php?action=edit&file=Home-1-Imgbox-img-5-128x300.png&path=%2Fhome%2Fmakmfewe%2Fsh-fragrances.com%2Fwp-content%2Fuploads%2F2023%2F06 HTTP/1.1" 200 33109 "-" "Mozilla/5.0 AppleWebKit/537.36 (KHTML, like Gecko; compatible; GPTBot/1.2; +https://openai.com/gptbot)"
195.191.219.130 - - [26/Apr/2025:01:41:03 -0400] "GET /about.php?action=edit&file=libjasper.so&path=//usr/lib64 HTTP/1.1" 200 151018 "-" "Mozilla/5.0 (compatible; MJ12bot/v2.0.0; http://mj12bot.com/)"
20.171.207.27 - - [26/Apr/2025:01:41:07 -0400] "GET /about.php?action=edit&file=Home-6-Imgbox-Img-3-300x300.png&path=%2Fhome%2Fmakmfewe%2Fsh-fragrances.com%2Fwp-content%2Fuploads%2F2023%2F06 HTTP/1.1" 200 90499 "-" "Mozilla/5.0 AppleWebKit/537.36 (KHTML, like Gecko; compatible; GPTBot/1.2; +https://openai.com/gptbot)"
195.191.219.130 - - [26/Apr/2025:01:41:07 -0400] "GET /about.php?action=edit&file=libjasper.so.4&path=//usr/lib64 HTTP/1.1" 200 150863 "-" "Mozilla/5.0 (compatible; MJ12bot/v2.0.0; http://mj12bot.com/)"
195.191.219.130 - - [26/Apr/2025:01:41:11 -0400] "GET /about.php?action=edit&file=libjasper.so.4.0.0&path=//usr/lib64 HTTP/1.1" 200 150558 "-" "Mozilla/5.0 (compatible; MJ12bot/v2.0.0; http://mj12bot.com/)"
195.191.219.130 - - [26/Apr/2025:01:41:13 -0400] "GET /about.php?action=edit&file=libjbig.so.2.1&path=//usr/lib64 HTTP/1.1" 200 21578 "-" "Mozilla/5.0 (compatible; MJ12bot/v2.0.0; http://mj12bot.com/)"
195.191.219.130 - - [26/Apr/2025:01:41:15 -0400] "GET /about.php?action=edit&file=libjbig2dec.so.0&path=//usr/lib64 HTTP/1.1" 200 47738 "-" "Mozilla/5.0 (compatible; MJ12bot/v2.0.0; http://mj12bot.com/)"
195.191.219.130 - - [26/Apr/2025:01:41:16 -0400] "GET /about.php?action=edit&file=libjbig2dec.so.0.0.0&path=//usr/lib64 HTTP/1.1" 200 47713 "-" "Mozilla/5.0 (compatible; MJ12bot/v2.0.0; http://mj12bot.com/)"
195.191.219.130 - - [26/Apr/2025:01:41:19 -0400] "GET /about.php?action=edit&file=libjbig85.so.2.1&path=//usr/lib64 HTTP/1.1" 200 9658 "-" "Mozilla/5.0 (compatible; MJ12bot/v2.0.0; http://mj12bot.com/)"
195.191.219.130 - - [26/Apr/2025:01:41:21 -0400] "GET /about.php?action=edit&file=libjpeg.pc&path=//lib64/pkgconfig HTTP/1.1" 200 679 "-" "Mozilla/5.0 (compatible; MJ12bot/v2.0.0; http://mj12bot.com/)"
195.191.219.130 - - [26/Apr/2025:01:41:22 -0400] "GET /about.php?action=edit&file=libjpeg.so&path=//usr/lib64 HTTP/1.1" 200 111917 "-" "Mozilla/5.0 (compatible; MJ12bot/v2.0.0; http://mj12bot.com/)"
195.191.219.130 - - [26/Apr/2025:01:41:23 -0400] "GET /about.php?action=edit&file=libjpeg.so.62&path=//usr/lib64 HTTP/1.1" 200 111765 "-" "Mozilla/5.0 (compatible; MJ12bot/v2.0.0; http://mj12bot.com/)"
195.191.219.130 - - [26/Apr/2025:01:41:25 -0400] "GET /about.php?action=edit&file=libjpeg.so.62.2.0&path=//usr/lib64 HTTP/1.1" 200 111801 "-" "Mozilla/5.0 (compatible; MJ12bot/v2.0.0; http://mj12bot.com/)"
195.191.219.130 - - [26/Apr/2025:01:41:26 -0400] "GET /about.php?action=edit&file=libjq.so.1&path=//usr/lib64 HTTP/1.1" 200 149724 "-" "Mozilla/5.0 (compatible; MJ12bot/v2.0.0; http://mj12bot.com/)"
195.191.219.130 - - [26/Apr/2025:01:41:27 -0400] "GET /about.php?action=edit&file=libjq.so.1.0.4&path=//usr/lib64 HTTP/1.1" 200 149637 "-" "Mozilla/5.0 (compatible; MJ12bot/v2.0.0; http://mj12bot.com/)"
195.191.219.130 - - [26/Apr/2025:01:41:28 -0400] "GET /about.php?action=edit&file=libjson-c.so&path=//usr/lib64 HTTP/1.1" 200 26577 "-" "Mozilla/5.0 (compatible; MJ12bot/v2.0.0; http://mj12bot.com/)"
195.191.219.130 - - [26/Apr/2025:01:41:29 -0400] "GET /about.php?action=edit&file=libjson-c.so.4&path=//usr/lib64 HTTP/1.1" 200 26655 "-" "Mozilla/5.0 (compatible; MJ12bot/v2.0.0; http://mj12bot.com/)"
195.191.219.130 - - [26/Apr/2025:01:41:31 -0400] "GET /about.php?action=edit&file=libjson-c.so.4.0.0&path=//usr/lib64 HTTP/1.1" 200 26665 "-" "Mozilla/5.0 (compatible; MJ12bot/v2.0.0; http://mj12bot.com/)"
195.191.219.130 - - [26/Apr/2025:01:41:32 -0400] "GET /about.php?action=edit&file=libk5crypto.so&path=//usr/lib64 HTTP/1.1" 200 36205 "-" "Mozilla/5.0 (compatible; MJ12bot/v2.0.0; http://mj12bot.com/)"
195.191.219.130 - - [26/Apr/2025:01:41:34 -0400] "GET /about.php?action=edit&file=libk5crypto.so.3&path=//usr/lib64 HTTP/1.1" 200 36116 "-" "Mozilla/5.0 (compatible; MJ12bot/v2.0.0; http://mj12bot.com/)"
195.191.219.130 - - [26/Apr/2025:01:41:36 -0400] "GET /about.php?action=edit&file=libk5crypto.so.3.1&path=//usr/lib64 HTTP/1.1" 200 36073 "-" "Mozilla/5.0 (compatible; MJ12bot/v2.0.0; http://mj12bot.com/)"
195.191.219.130 - - [26/Apr/2025:01:41:36 -0400] "GET /about.php?action=edit&file=libkadm5clnt.so&path=//usr/lib64 HTTP/1.1" 200 32239 "-" "Mozilla/5.0 (compatible; MJ12bot/v2.0.0; http://mj12bot.com/)"
217.182.175.38 - - [26/Apr/2025:01:41:37 -0400] "GET /robots.txt HTTP/1.1" 404 1251 "-" "Mozilla/5.0 (compatible; MJ12bot/v1.4.8; http://mj12bot.com/)"
195.191.219.130 - - [26/Apr/2025:01:41:37 -0400] "GET /about.php?action=edit&file=libkadm5clnt_mit.so&path=//usr/lib64 HTTP/1.1" 200 32238 "-" "Mozilla/5.0 (compatible; MJ12bot/v2.0.0; http://mj12bot.com/)"
195.191.219.130 - - [26/Apr/2025:01:41:38 -0400] "GET /about.php?action=edit&file=libkadm5clnt_mit.so.12&path=//usr/lib64 HTTP/1.1" 200 32222 "-" "Mozilla/5.0 (compatible; MJ12bot/v2.0.0; http://mj12bot.com/)"
217.182.175.38 - - [26/Apr/2025:01:41:40 -0400] "GET /about.php?action=edit&file=libkrad.so&path=//usr/lib64 HTTP/1.1" 200 15141 "-" "Mozilla/5.0 (compatible; MJ12bot/v1.4.8; http://mj12bot.com/)"
195.191.219.130 - - [26/Apr/2025:01:41:40 -0400] "GET /about.php?action=edit&file=libkadm5clnt_mit.so.12.0&path=//usr/lib64 HTTP/1.1" 200 32169 "-" "Mozilla/5.0 (compatible; MJ12bot/v2.0.0; http://mj12bot.com/)"
195.191.219.130 - - [26/Apr/2025:01:41:42 -0400] "GET /about.php?action=edit&file=libkadm5srv.so&path=//usr/lib64 HTTP/1.1" 200 45133 "-" "Mozilla/5.0 (compatible; MJ12bot/v2.0.0; http://mj12bot.com/)"
217.182.175.38 - - [26/Apr/2025:01:41:43 -0400] "GET /about.php?action=edit&file=libkrad.so.0&path=//usr/lib64 HTTP/1.1" 200 15070 "-" "Mozilla/5.0 (compatible; MJ12bot/v1.4.8; http://mj12bot.com/)"
195.191.219.130 - - [26/Apr/2025:01:41:43 -0400] "GET /about.php?action=edit&file=libkadm5srv_mit.so&path=//usr/lib64 HTTP/1.1" 200 45063 "-" "Mozilla/5.0 (compatible; MJ12bot/v2.0.0; http://mj12bot.com/)"
195.191.219.130 - - [26/Apr/2025:01:41:46 -0400] "GET /about.php?action=edit&file=libkadm5srv_mit.so.12&path=//usr/lib64 HTTP/1.1" 200 45025 "-" "Mozilla/5.0 (compatible; MJ12bot/v2.0.0; http://mj12bot.com/)"
217.182.175.38 - - [26/Apr/2025:01:41:47 -0400] "GET /about.php?action=edit&file=libkrad.so.0.0&path=//usr/lib64 HTTP/1.1" 200 15077 "-" "Mozilla/5.0 (compatible; MJ12bot/v1.4.8; http://mj12bot.com/)"
195.191.219.130 - - [26/Apr/2025:01:41:48 -0400] "GET /about.php?action=edit&file=libkadm5srv_mit.so.12.0&path=//usr/lib64 HTTP/1.1" 200 45192 "-" "Mozilla/5.0 (compatible; MJ12bot/v2.0.0; http://mj12bot.com/)"
195.191.219.130 - - [26/Apr/2025:01:41:50 -0400] "GET /about.php?action=edit&file=libkcapi.so.1&path=//usr/lib64 HTTP/1.1" 200 23527 "-" "Mozilla/5.0 (compatible; MJ12bot/v2.0.0; http://mj12bot.com/)"
217.182.175.38 - - [26/Apr/2025:01:41:49 -0400] "GET /about.php?action=edit&file=libkrb5.so&path=//usr/lib64 HTTP/1.1" 200 322478 "-" "Mozilla/5.0 (compatible; MJ12bot/v1.4.8; http://mj12bot.com/)"
195.191.219.130 - - [26/Apr/2025:01:41:52 -0400] "GET /about.php?action=edit&file=libkcapi.so.1.4.0&path=//usr/lib64 HTTP/1.1" 200 23583 "-" "Mozilla/5.0 (compatible; MJ12bot/v2.0.0; http://mj12bot.com/)"
195.191.219.130 - - [26/Apr/2025:01:41:54 -0400] "GET /about.php?action=edit&file=libkcapi.so.1.4.0.hmac&path=//lib64/fipscheck HTTP/1.1" 200 618 "-" "Mozilla/5.0 (compatible; MJ12bot/v2.0.0; http://mj12bot.com/)"
195.191.219.130 - - [26/Apr/2025:01:41:55 -0400] "GET /about.php?action=edit&file=libkcapi.so.1.hmac&path=//lib64/fipscheck HTTP/1.1" 200 615 "-" "Mozilla/5.0 (compatible; MJ12bot/v2.0.0; http://mj12bot.com/)"
217.182.175.38 - - [26/Apr/2025:01:41:55 -0400] "GET /about.php?action=edit&file=libkrb5.so.3&path=//usr/lib64 HTTP/1.1" 200 322748 "-" "Mozilla/5.0 (compatible; MJ12bot/v1.4.8; http://mj12bot.com/)"
195.191.219.130 - - [26/Apr/2025:01:41:56 -0400] "GET /about.php?action=edit&file=libkdb5.so&path=//usr/lib64 HTTP/1.1" 200 33115 "-" "Mozilla/5.0 (compatible; MJ12bot/v2.0.0; http://mj12bot.com/)"
195.191.219.130 - - [26/Apr/2025:01:41:57 -0400] "GET /about.php?action=edit&file=libkdb5.so.10&path=//usr/lib64 HTTP/1.1" 200 33169 "-" "Mozilla/5.0 (compatible; MJ12bot/v2.0.0; http://mj12bot.com/)"
217.182.175.38 - - [26/Apr/2025:01:41:58 -0400] "GET /about.php?action=edit&file=libkrb5.so.3.3&path=//usr/lib64 HTTP/1.1" 200 322670 "-" "Mozilla/5.0 (compatible; MJ12bot/v1.4.8; http://mj12bot.com/)"
195.191.219.130 - - [26/Apr/2025:01:41:59 -0400] "GET /about.php?action=edit&file=libkdb5.so.10.0&path=//usr/lib64 HTTP/1.1" 200 33077 "-" "Mozilla/5.0 (compatible; MJ12bot/v2.0.0; http://mj12bot.com/)"
195.191.219.130 - - [26/Apr/2025:01:42:00 -0400] "GET /about.php?action=edit&file=libkeyutils.so&path=//usr/lib64 HTTP/1.1" 200 7065 "-" "Mozilla/5.0 (compatible; MJ12bot/v2.0.0; http://mj12bot.com/)"
217.182.175.38 - - [26/Apr/2025:01:42:00 -0400] "GET /about.php?action=edit&file=libkrb5support.so&path=//usr/lib64 HTTP/1.1" 200 25942 "-" "Mozilla/5.0 (compatible; MJ12bot/v1.4.8; http://mj12bot.com/)"
195.191.219.130 - - [26/Apr/2025:01:42:01 -0400] "GET /about.php?action=edit&file=libkeyutils.so.1&path=//usr/lib64 HTTP/1.1" 200 7079 "-" "Mozilla/5.0 (compatible; MJ12bot/v2.0.0; http://mj12bot.com/)"
195.191.219.130 - - [26/Apr/2025:01:42:02 -0400] "GET /about.php?action=edit&file=libkeyutils.so.1.6&path=//usr/lib64 HTTP/1.1" 200 7080 "-" "Mozilla/5.0 (compatible; MJ12bot/v2.0.0; http://mj12bot.com/)"
217.182.175.38 - - [26/Apr/2025:01:42:03 -0400] "GET /about.php?action=edit&file=libkrb5support.so.0&path=//usr/lib64 HTTP/1.1" 200 26018 "-" "Mozilla/5.0 (compatible; MJ12bot/v1.4.8; http://mj12bot.com/)"
195.191.219.130 - - [26/Apr/2025:01:42:03 -0400] "GET /about.php?action=edit&file=libkmod.so.2&path=//usr/lib64 HTTP/1.1" 200 43097 "-" "Mozilla/5.0 (compatible; MJ12bot/v2.0.0; http://mj12bot.com/)"
195.191.219.130 - - [26/Apr/2025:01:42:04 -0400] "GET /about.php?action=edit&file=libkmod.so.2.3.3&path=//usr/lib64 HTTP/1.1" 200 43185 "-" "Mozilla/5.0 (compatible; MJ12bot/v2.0.0; http://mj12bot.com/)"
217.182.175.38 - - [26/Apr/2025:01:42:05 -0400] "GET /about.php?action=edit&file=libkrb5support.so.0.1&path=//usr/lib64 HTTP/1.1" 200 26009 "-" "Mozilla/5.0 (compatible; MJ12bot/v1.4.8; http://mj12bot.com/)"
217.182.175.38 - - [26/Apr/2025:01:42:09 -0400] "GET /about.php?action=edit&file=libksba.so.8&path=//usr/lib64 HTTP/1.1" 200 95270 "-" "Mozilla/5.0 (compatible; MJ12bot/v1.4.8; http://mj12bot.com/)"
217.182.175.38 - - [26/Apr/2025:01:42:12 -0400] "GET /about.php?action=edit&file=libksba.so.8.11.6&path=//usr/lib64 HTTP/1.1" 200 95345 "-" "Mozilla/5.0 (compatible; MJ12bot/v1.4.8; http://mj12bot.com/)"
217.182.175.38 - - [26/Apr/2025:01:42:14 -0400] "GET /about.php?action=edit&file=liblab_gamut.so.1&path=//usr/lib64 HTTP/1.1" 200 426067 "-" "Mozilla/5.0 (compatible; MJ12bot/v1.4.8; http://mj12bot.com/)"
217.182.175.38 - - [26/Apr/2025:01:42:19 -0400] "GET /about.php?action=edit&file=liblab_gamut.so.1.0.0&path=//usr/lib64 HTTP/1.1" 200 425849 "-" "Mozilla/5.0 (compatible; MJ12bot/v1.4.8; http://mj12bot.com/)"
217.182.175.38 - - [26/Apr/2025:01:42:25 -0400] "GET /about.php?action=edit&file=liblber-2.4.so.2&path=//usr/lib64 HTTP/1.1" 200 25671 "-" "Mozilla/5.0 (compatible; MJ12bot/v1.4.8; http://mj12bot.com/)"
217.182.175.38 - - [26/Apr/2025:01:42:27 -0400] "GET /about.php?action=edit&file=liblber-2.4.so.2.10.9&path=//usr/lib64 HTTP/1.1" 200 25669 "-" "Mozilla/5.0 (compatible; MJ12bot/v1.4.8; http://mj12bot.com/)"
217.182.175.38 - - [26/Apr/2025:01:42:30 -0400] "GET /about.php?action=edit&file=liblber.so&path=//usr/lib64 HTTP/1.1" 200 25619 "-" "Mozilla/5.0 (compatible; MJ12bot/v1.4.8; http://mj12bot.com/)"
217.182.175.38 - - [26/Apr/2025:01:42:32 -0400] "GET /about.php?action=edit&file=liblcms2.so.2&path=//usr/lib64 HTTP/1.1" 200 153061 "-" "Mozilla/5.0 (compatible; MJ12bot/v1.4.8; http://mj12bot.com/)"
217.182.175.38 - - [26/Apr/2025:01:42:35 -0400] "GET /about.php?action=edit&file=liblcms2.so.2.0.8&path=//usr/lib64 HTTP/1.1" 200 153054 "-" "Mozilla/5.0 (compatible; MJ12bot/v1.4.8; http://mj12bot.com/)"
217.182.175.38 - - [26/Apr/2025:01:42:39 -0400] "GET /about.php?action=edit&file=libldap-2.4.so.2&path=//usr/lib64 HTTP/1.1" 200 129333 "-" "Mozilla/5.0 (compatible; MJ12bot/v1.4.8; http://mj12bot.com/)"
217.182.175.38 - - [26/Apr/2025:01:42:43 -0400] "GET /about.php?action=edit&file=libldap-2.4.so.2.10.9&path=//usr/lib64 HTTP/1.1" 200 129321 "-" "Mozilla/5.0 (compatible; MJ12bot/v1.4.8; http://mj12bot.com/)"
217.182.175.38 - - [26/Apr/2025:01:42:48 -0400] "GET /about.php?action=edit&file=libldap.so&path=//usr/lib64 HTTP/1.1" 200 129331 "-" "Mozilla/5.0 (compatible; MJ12bot/v1.4.8; http://mj12bot.com/)"
217.182.175.38 - - [26/Apr/2025:01:42:52 -0400] "GET /about.php?action=edit&file=libldap_r-2.4.so.2&path=//usr/lib64 HTTP/1.1" 200 138408 "-" "Mozilla/5.0 (compatible; MJ12bot/v1.4.8; http://mj12bot.com/)"
217.182.175.38 - - [26/Apr/2025:01:42:57 -0400] "GET /about.php?action=edit&file=libldap_r-2.4.so.2.10.9&path=//usr/lib64 HTTP/1.1" 200 138504 "-" "Mozilla/5.0 (compatible; MJ12bot/v1.4.8; http://mj12bot.com/)"
217.182.175.38 - - [26/Apr/2025:01:43:03 -0400] "GET /about.php?action=edit&file=libldap_r.so&path=//usr/lib64 HTTP/1.1" 200 138504 "-" "Mozilla/5.0 (compatible; MJ12bot/v1.4.8; http://mj12bot.com/)"
217.182.175.38 - - [26/Apr/2025:01:43:08 -0400] "GET /about.php?action=edit&file=libldb-key-value.so&path=//lib64/ldb HTTP/1.1" 200 36046 "-" "Mozilla/5.0 (compatible; MJ12bot/v1.4.8; http://mj12bot.com/)"
217.182.175.38 - - [26/Apr/2025:01:43:11 -0400] "GET /about.php?action=edit&file=libldb-mdb-int.so&path=//lib64/ldb HTTP/1.1" 200 9136 "-" "Mozilla/5.0 (compatible; MJ12bot/v1.4.8; http://mj12bot.com/)"
217.182.175.38 - - [26/Apr/2025:01:43:16 -0400] "GET /about.php?action=edit&file=libldb-tdb-err-map.so&path=//lib64/ldb HTTP/1.1" 200 4812 "-" "Mozilla/5.0 (compatible; MJ12bot/v1.4.8; http://mj12bot.com/)"
43.130.3.120 - - [26/Apr/2025:01:43:18 -0400] "GET /wp-includes/block-bindings/ HTTP/1.1" 200 903 "-" "Mozilla/5.0 (iPhone; CPU iPhone OS 13_2_3 like Mac OS X) AppleWebKit/605.1.15 (KHTML, like Gecko) Version/13.0.3 Mobile/15E148 Safari/604.1"
217.182.175.38 - - [26/Apr/2025:01:43:19 -0400] "GET /about.php?action=edit&file=libldb-tdb-int.so&path=//lib64/ldb HTTP/1.1" 200 8929 "-" "Mozilla/5.0 (compatible; MJ12bot/v1.4.8; http://mj12bot.com/)"
217.182.175.38 - - [26/Apr/2025:01:43:22 -0400] "GET /about.php?action=edit&file=libldb.so.2&path=//usr/lib64 HTTP/1.1" 200 87363 "-" "Mozilla/5.0 (compatible; MJ12bot/v1.4.8; http://mj12bot.com/)"
217.182.175.38 - - [26/Apr/2025:01:43:25 -0400] "GET /about.php?action=edit&file=libldb.so.2.8.0&path=//usr/lib64 HTTP/1.1" 200 87435 "-" "Mozilla/5.0 (compatible; MJ12bot/v1.4.8; http://mj12bot.com/)"
217.182.175.38 - - [26/Apr/2025:01:43:28 -0400] "GET /about.php?action=edit&file=libleveldb.so.1&path=//usr/lib64 HTTP/1.1" 200 169424 "-" "Mozilla/5.0 (compatible; MJ12bot/v1.4.8; http://mj12bot.com/)"
217.182.175.38 - - [26/Apr/2025:01:43:32 -0400] "GET /about.php?action=edit&file=libleveldb.so.1.22.0&path=//usr/lib64 HTTP/1.1" 200 169549 "-" "Mozilla/5.0 (compatible; MJ12bot/v1.4.8; http://mj12bot.com/)"
217.182.175.38 - - [26/Apr/2025:01:43:36 -0400] "GET /about.php?action=edit&file=liblmdb.so.0.0.0&path=//usr/lib64 HTTP/1.1" 200 44110 "-" "Mozilla/5.0 (compatible; MJ12bot/v1.4.8; http://mj12bot.com/)"
57.141.4.20 - - [26/Apr/2025:01:43:38 -0400] "GET /wp-includes/fonts/?MA HTTP/1.1" 200 4814 "-" "meta-externalagent/1.1 (+https://developers.facebook.com/docs/sharing/webmasters/crawler)"
217.182.175.38 - - [26/Apr/2025:01:43:40 -0400] "GET /about.php?action=edit&file=liblscapi.so&path=//usr/lib64 HTTP/1.1" 200 48709 "-" "Mozilla/5.0 (compatible; MJ12bot/v1.4.8; http://mj12bot.com/)"
217.182.175.38 - - [26/Apr/2025:01:43:44 -0400] "GET /about.php?action=edit&file=liblscapi.so.1.1&path=//usr/lib64 HTTP/1.1" 200 48821 "-" "Mozilla/5.0 (compatible; MJ12bot/v1.4.8; http://mj12bot.com/)"
217.182.175.38 - - [26/Apr/2025:01:43:47 -0400] "GET /about.php?action=edit&file=libltdl.so&path=//usr/lib64 HTTP/1.1" 200 17764 "-" "Mozilla/5.0 (compatible; MJ12bot/v1.4.8; http://mj12bot.com/)"
217.182.175.38 - - [26/Apr/2025:01:43:50 -0400] "GET /about.php?action=edit&file=libltdl.so.7&path=//usr/lib64 HTTP/1.1" 200 17756 "-" "Mozilla/5.0 (compatible; MJ12bot/v1.4.8; http://mj12bot.com/)"
217.182.175.38 - - [26/Apr/2025:01:43:52 -0400] "GET /about.php?action=edit&file=libltdl.so.7.3.1&path=//usr/lib64 HTTP/1.1" 200 17773 "-" "Mozilla/5.0 (compatible; MJ12bot/v1.4.8; http://mj12bot.com/)"
217.182.175.38 - - [26/Apr/2025:01:43:55 -0400] "GET /about.php?action=edit&file=liblua-5.1.so&path=//usr/lib64 HTTP/1.1" 200 82931 "-" "Mozilla/5.0 (compatible; MJ12bot/v1.4.8; http://mj12bot.com/)"
217.182.175.38 - - [26/Apr/2025:01:43:58 -0400] "GET /about.php?action=edit&file=liblua-5.3.so&path=//usr/lib64 HTTP/1.1" 200 104822 "-" "Mozilla/5.0 (compatible; MJ12bot/v1.4.8; http://mj12bot.com/)"
217.182.175.38 - - [26/Apr/2025:01:44:00 -0400] "GET /about.php?action=edit&file=liblve.so&path=//opt/liblve HTTP/1.1" 200 42775 "-" "Mozilla/5.0 (compatible; MJ12bot/v1.4.8; http://mj12bot.com/)"
217.182.175.38 - - [26/Apr/2025:01:44:02 -0400] "GET /about.php?action=edit&file=liblve.so&path=//usr/lib64 HTTP/1.1" 200 42775 "-" "Mozilla/5.0 (compatible; MJ12bot/v1.4.8; http://mj12bot.com/)"
217.182.175.38 - - [26/Apr/2025:01:44:04 -0400] "GET /about.php?action=edit&file=liblve.so.0&path=//opt/liblve HTTP/1.1" 200 42711 "-" "Mozilla/5.0 (compatible; MJ12bot/v1.4.8; http://mj12bot.com/)"
217.182.175.38 - - [26/Apr/2025:01:44:06 -0400] "GET /about.php?action=edit&file=liblve.so.0&path=//usr/lib64 HTTP/1.1" 200 42734 "-" "Mozilla/5.0 (compatible; MJ12bot/v1.4.8; http://mj12bot.com/)"
217.182.175.38 - - [26/Apr/2025:01:44:08 -0400] "GET /about.php?action=edit&file=liblve.so.0.9.0&path=//opt/liblve HTTP/1.1" 200 42723 "-" "Mozilla/5.0 (compatible; MJ12bot/v1.4.8; http://mj12bot.com/)"
217.182.175.38 - - [26/Apr/2025:01:44:10 -0400] "GET /about.php?action=edit&file=liblve.so.0.9.0&path=//usr/lib64 HTTP/1.1" 200 42723 "-" "Mozilla/5.0 (compatible; MJ12bot/v1.4.8; http://mj12bot.com/)"
