20.171.207.254 - - [26/Apr/2025:02:22:51 -0400] "GET /about.php?action=edit&file=11-220x154.png&path=%2Fhome%2Fmakmfewe%2Fsh-fragrances.com%2Fwp-content%2Fuploads%2F2024%2F10 HTTP/1.1" 200 22992 "-" "Mozilla/5.0 AppleWebKit/537.36 (KHTML, like Gecko; compatible; GPTBot/1.2; +https://openai.com/gptbot)"
147.135.212.200 - - [26/Apr/2025:02:22:51 -0400] "GET /about.php?action=edit&file=libxcb-dpms.so.0&path=//usr/lib64 HTTP/1.1" 200 4365 "-" "Mozilla/5.0 (compatible; MJ12bot/v1.4.8; http://mj12bot.com/)"
20.171.207.254 - - [26/Apr/2025:02:22:52 -0400] "GET /about.php?action=edit&file=10-300x300.png&path=%2Fhome%2Fmakmfewe%2Fsh-fragrances.com%2Fwp-content%2Fuploads%2F2024%2F10 HTTP/1.1" 200 46087 "-" "Mozilla/5.0 AppleWebKit/537.36 (KHTML, like Gecko; compatible; GPTBot/1.2; +https://openai.com/gptbot)"
20.171.207.254 - - [26/Apr/2025:02:22:54 -0400] "GET /about.php?action=edit&file=12-300x300.png&path=%2Fhome%2Fmakmfewe%2Fsh-fragrances.com%2Fwp-content%2Fuploads%2F2024%2F10 HTTP/1.1" 200 60190 "-" "Mozilla/5.0 AppleWebKit/537.36 (KHTML, like Gecko; compatible; GPTBot/1.2; +https://openai.com/gptbot)"
147.135.212.200 - - [26/Apr/2025:02:22:54 -0400] "GET /about.php?action=edit&file=libxcb-dpms.so.0.0.0&path=//usr/lib64 HTTP/1.1" 200 4362 "-" "Mozilla/5.0 (compatible; MJ12bot/v1.4.8; http://mj12bot.com/)"
20.171.207.254 - - [26/Apr/2025:02:22:55 -0400] "GET /about.php?action=edit&file=13-220x154.png&path=%2Fhome%2Fmakmfewe%2Fsh-fragrances.com%2Fwp-content%2Fuploads%2F2024%2F10 HTTP/1.1" 200 22182 "-" "Mozilla/5.0 AppleWebKit/537.36 (KHTML, like Gecko; compatible; GPTBot/1.2; +https://openai.com/gptbot)"
20.171.207.254 - - [26/Apr/2025:02:22:56 -0400] "GET /about.php?action=edit&file=13-300x300.png&path=%2Fhome%2Fmakmfewe%2Fsh-fragrances.com%2Fwp-content%2Fuploads%2F2024%2F10 HTTP/1.1" 200 50248 "-" "Mozilla/5.0 AppleWebKit/537.36 (KHTML, like Gecko; compatible; GPTBot/1.2; +https://openai.com/gptbot)"
147.135.212.200 - - [26/Apr/2025:02:22:57 -0400] "GET /about.php?action=edit&file=libxcb-dri2.so&path=//usr/lib64 HTTP/1.1" 200 6078 "-" "Mozilla/5.0 (compatible; MJ12bot/v1.4.8; http://mj12bot.com/)"
20.171.207.254 - - [26/Apr/2025:02:22:58 -0400] "GET /about.php?action=edit&file=index.js&path=%2Fhome%2Fmakmfewe%2Fsh-fragrances.com%2Fwp-content%2Fplugins%2Fcontact-form-7%2Fadmin%2Fincludes%2Fjs HTTP/1.1" 200 4595 "-" "Mozilla/5.0 AppleWebKit/537.36 (KHTML, like Gecko; compatible; GPTBot/1.2; +https://openai.com/gptbot)"
147.135.212.200 - - [26/Apr/2025:02:22:59 -0400] "GET /about.php?action=edit&file=libxcb-dri2.so.0&path=//usr/lib64 HTTP/1.1" 200 6093 "-" "Mozilla/5.0 (compatible; MJ12bot/v1.4.8; http://mj12bot.com/)"
20.171.207.254 - - [26/Apr/2025:02:22:59 -0400] "GET /about.php?action=edit&file=Neytri-Slider-9-Overlay-1392x1536.png&path=%2Fhome%2Fmakmfewe%2Fsh-fragrances.com%2Fwp-content%2Fuploads%2F2023%2F05 HTTP/1.1" 200 146858 "-" "Mozilla/5.0 AppleWebKit/537.36 (KHTML, like Gecko; compatible; GPTBot/1.2; +https://openai.com/gptbot)"
20.171.207.254 - - [26/Apr/2025:02:23:00 -0400] "GET /about.php?action=edit&file=pwmlogo-150x150.png&path=%2Fhome%2Fmakmfewe%2Fpwmsolution.com%2Fwp-content%2Fuploads%2F2024%2F07 HTTP/1.1" 200 8607 "-" "Mozilla/5.0 AppleWebKit/537.36 (KHTML, like Gecko; compatible; GPTBot/1.2; +https://openai.com/gptbot)"
147.135.212.200 - - [26/Apr/2025:02:23:01 -0400] "GET /about.php?action=edit&file=libxcb-dri2.so.0.0.0&path=//usr/lib64 HTTP/1.1" 200 6093 "-" "Mozilla/5.0 (compatible; MJ12bot/v1.4.8; http://mj12bot.com/)"
20.171.207.254 - - [26/Apr/2025:02:23:02 -0400] "GET /about.php?action=edit&file=activity_kid-444x350.png&path=%2Fhome%2Fmakmfewe%2Fzeestudy.com%2Fwp-content%2Fuploads%2F2023%2F08 HTTP/1.1" 200 117278 "-" "Mozilla/5.0 AppleWebKit/537.36 (KHTML, like Gecko; compatible; GPTBot/1.2; +https://openai.com/gptbot)"
147.135.212.200 - - [26/Apr/2025:02:23:03 -0400] "GET /about.php?action=edit&file=libxcb-dri3.so&path=//usr/lib64 HTTP/1.1" 200 5846 "-" "Mozilla/5.0 (compatible; MJ12bot/v1.4.8; http://mj12bot.com/)"
20.171.207.254 - - [26/Apr/2025:02:23:03 -0400] "GET /about.php?action=edit&file=activity_kid-555x553.png&path=%2Fhome%2Fmakmfewe%2Fzeestudy.com%2Fwp-content%2Fuploads%2F2023%2F08 HTTP/1.1" 200 177359 "-" "Mozilla/5.0 AppleWebKit/537.36 (KHTML, like Gecko; compatible; GPTBot/1.2; +https://openai.com/gptbot)"
20.171.207.254 - - [26/Apr/2025:02:23:04 -0400] "GET /about.php?action=edit&file=activity_kid-444x323.png&path=%2Fhome%2Fmakmfewe%2Fzeestudy.com%2Fwp-content%2Fuploads%2F2023%2F08 HTTP/1.1" 200 110099 "-" "Mozilla/5.0 AppleWebKit/537.36 (KHTML, like Gecko; compatible; GPTBot/1.2; +https://openai.com/gptbot)"
147.135.212.200 - - [26/Apr/2025:02:23:05 -0400] "GET /about.php?action=edit&file=libxcb-dri3.so.0&path=//usr/lib64 HTTP/1.1" 200 5815 "-" "Mozilla/5.0 (compatible; MJ12bot/v1.4.8; http://mj12bot.com/)"
20.171.207.254 - - [26/Apr/2025:02:23:06 -0400] "GET /about.php?action=edit&file=user.js&path=%2Fhome%2Fmakmfewe%2Fdrshahidchudhary.com%2Fwp-content%2Fplugins%2Fextendify%2Fsrc%2FLibrary%2Fstate HTTP/1.1" 200 1029 "-" "Mozilla/5.0 AppleWebKit/537.36 (KHTML, like Gecko; compatible; GPTBot/1.2; +https://openai.com/gptbot)"
20.171.207.254 - - [26/Apr/2025:02:23:07 -0400] "GET /about.php?action=edit&file=index.html&path=%2Fhome%2Fmakmfewe%2Fkneespine.com%2Fwp-content%2Fplugins%2Floginizer%2Flib%2Fhybridauth HTTP/1.1" 200 553 "-" "Mozilla/5.0 AppleWebKit/537.36 (KHTML, like Gecko; compatible; GPTBot/1.2; +https://openai.com/gptbot)"
147.135.212.200 - - [26/Apr/2025:02:23:08 -0400] "GET /about.php?action=edit&file=libxcb-dri3.so.0.0.0&path=//usr/lib64 HTTP/1.1" 200 5840 "-" "Mozilla/5.0 (compatible; MJ12bot/v1.4.8; http://mj12bot.com/)"
20.171.207.254 - - [26/Apr/2025:02:23:09 -0400] "GET /about.php?action=edit&file=3d8e2af6-eae8-4f33-b929-321f04104f0b-qryv7t99luuk6eem1mfzeh6dlabwa54z4390s8vju8.jpg&path=%2Fhome%2Fmakmfewe%2Fkneespine.com%2Fwp-content%2Fuploads%2Felementor%2Fthumbs HTTP/1.1" 200 65756 "-" "Mozilla/5.0 AppleWebKit/537.36 (KHTML, like Gecko; compatible; GPTBot/1.2; +https://openai.com/gptbot)"
147.135.212.200 - - [26/Apr/2025:02:23:10 -0400] "GET /about.php?action=edit&file=libxcb-ewmh.so.2&path=//usr/lib64 HTTP/1.1" 200 15066 "-" "Mozilla/5.0 (compatible; MJ12bot/v1.4.8; http://mj12bot.com/)"
20.171.207.254 - - [26/Apr/2025:02:23:11 -0400] "GET /about.php?action=edit&file=img-box01-150x150.png&path=%2Fhome%2Fmakmfewe%2Fsh-fragrances.com%2Fwp-content%2Fuploads%2F2023%2F05 HTTP/1.1" 200 20406 "-" "Mozilla/5.0 AppleWebKit/537.36 (KHTML, like Gecko; compatible; GPTBot/1.2; +https://openai.com/gptbot)"
20.171.207.254 - - [26/Apr/2025:02:23:13 -0400] "GET /about.php?action=edit&file=img-box01-100x100.png&path=%2Fhome%2Fmakmfewe%2Fsh-fragrances.com%2Fwp-content%2Fuploads%2F2023%2F05 HTTP/1.1" 200 10072 "-" "Mozilla/5.0 AppleWebKit/537.36 (KHTML, like Gecko; compatible; GPTBot/1.2; +https://openai.com/gptbot)"
147.135.212.200 - - [26/Apr/2025:02:23:14 -0400] "GET /about.php?action=edit&file=libxcb-ewmh.so.2.0.0&path=//usr/lib64 HTTP/1.1" 200 15072 "-" "Mozilla/5.0 (compatible; MJ12bot/v1.4.8; http://mj12bot.com/)"
20.171.207.254 - - [26/Apr/2025:02:23:15 -0400] "GET /about.php?action=edit&file=img-box01-230x300.png&path=%2Fhome%2Fmakmfewe%2Fsh-fragrances.com%2Fwp-content%2Fuploads%2F2023%2F05 HTTP/1.1" 200 42062 "-" "Mozilla/5.0 AppleWebKit/537.36 (KHTML, like Gecko; compatible; GPTBot/1.2; +https://openai.com/gptbot)"
147.135.212.200 - - [26/Apr/2025:02:23:16 -0400] "GET /about.php?action=edit&file=libxcb-glx.so&path=//usr/lib64 HTTP/1.1" 200 23316 "-" "Mozilla/5.0 (compatible; MJ12bot/v1.4.8; http://mj12bot.com/)"
20.171.207.254 - - [26/Apr/2025:02:23:16 -0400] "GET /about.php?action=edit&file=img-box01-220x154.png&path=%2Fhome%2Fmakmfewe%2Fsh-fragrances.com%2Fwp-content%2Fuploads%2F2023%2F05 HTTP/1.1" 200 32131 "-" "Mozilla/5.0 AppleWebKit/537.36 (KHTML, like Gecko; compatible; GPTBot/1.2; +https://openai.com/gptbot)"
20.171.207.254 - - [26/Apr/2025:02:23:18 -0400] "GET /about.php?action=edit&file=placeholder-20-300x200.png&path=%2Fhome%2Fmakmfewe%2Fzeestudy.com%2Fwp-content%2Fuploads%2F2023%2F08 HTTP/1.1" 200 2171 "-" "Mozilla/5.0 AppleWebKit/537.36 (KHTML, like Gecko; compatible; GPTBot/1.2; +https://openai.com/gptbot)"
147.135.212.200 - - [26/Apr/2025:02:23:20 -0400] "GET /about.php?action=edit&file=libxcb-glx.so.0&path=//usr/lib64 HTTP/1.1" 200 23262 "-" "Mozilla/5.0 (compatible; MJ12bot/v1.4.8; http://mj12bot.com/)"
20.171.207.254 - - [26/Apr/2025:02:23:20 -0400] "GET /about.php?action=edit&file=single02-300x224.png&path=%2Fhome%2Fmakmfewe%2Faiqaderm.com%2Fwp-content%2Fuploads%2F2020%2F10 HTTP/1.1" 200 27410 "-" "Mozilla/5.0 AppleWebKit/537.36 (KHTML, like Gecko; compatible; GPTBot/1.2; +https://openai.com/gptbot)"
20.171.207.254 - - [26/Apr/2025:02:23:22 -0400] "GET /about.php?action=edit&file=placeholder-22-442x322.png&path=%2Fhome%2Fmakmfewe%2Fzeestudy.com%2Fwp-content%2Fuploads%2F2023%2F08 HTTP/1.1" 200 2886 "-" "Mozilla/5.0 AppleWebKit/537.36 (KHTML, like Gecko; compatible; GPTBot/1.2; +https://openai.com/gptbot)"
147.135.212.200 - - [26/Apr/2025:02:23:23 -0400] "GET /about.php?action=edit&file=libxcb-glx.so.0.0.0&path=//usr/lib64 HTTP/1.1" 200 23300 "-" "Mozilla/5.0 (compatible; MJ12bot/v1.4.8; http://mj12bot.com/)"
20.171.207.254 - - [26/Apr/2025:02:23:23 -0400] "GET /about.php?action=edit&file=placeholder-22-300x200.png&path=%2Fhome%2Fmakmfewe%2Fzeestudy.com%2Fwp-content%2Fuploads%2F2023%2F08 HTTP/1.1" 200 2171 "-" "Mozilla/5.0 AppleWebKit/537.36 (KHTML, like Gecko; compatible; GPTBot/1.2; +https://openai.com/gptbot)"
20.171.207.254 - - [26/Apr/2025:02:23:25 -0400] "GET /about.php?action=edit&file=tipimg1-150x150.png&path=%2Fhome%2Fmakmfewe%2Fsh-fragrances.com%2Fwp-content%2Fuploads%2F2023%2F05 HTTP/1.1" 200 15986 "-" "Mozilla/5.0 AppleWebKit/537.36 (KHTML, like Gecko; compatible; GPTBot/1.2; +https://openai.com/gptbot)"
147.135.212.200 - - [26/Apr/2025:02:23:26 -0400] "GET /about.php?action=edit&file=libxcb-icccm.so.4&path=//usr/lib64 HTTP/1.1" 200 7414 "-" "Mozilla/5.0 (compatible; MJ12bot/v1.4.8; http://mj12bot.com/)"
20.171.207.254 - - [26/Apr/2025:02:23:26 -0400] "GET /about.php?action=edit&file=tipimg1-150x150.png&path=%2Fhome%2Fmakmfewe%2Fibnearif.com%2Fwp-content%2Fuploads%2F2023%2F05 HTTP/1.1" 200 15986 "-" "Mozilla/5.0 AppleWebKit/537.36 (KHTML, like Gecko; compatible; GPTBot/1.2; +https://openai.com/gptbot)"
147.135.212.200 - - [26/Apr/2025:02:23:28 -0400] "GET /about.php?action=edit&file=libxcb-icccm.so.4.0.0&path=//usr/lib64 HTTP/1.1" 200 7388 "-" "Mozilla/5.0 (compatible; MJ12bot/v1.4.8; http://mj12bot.com/)"
20.171.207.254 - - [26/Apr/2025:02:23:28 -0400] "GET /about.php?action=edit&file=single02-72x54.png&path=%2Fhome%2Fmakmfewe%2Faiqaderm.com%2Fwp-content%2Fuploads%2F2020%2F10 HTTP/1.1" 200 5963 "-" "Mozilla/5.0 AppleWebKit/537.36 (KHTML, like Gecko; compatible; GPTBot/1.2; +https://openai.com/gptbot)"
20.171.207.254 - - [26/Apr/2025:02:23:30 -0400] "GET /about.php?action=edit&file=tipimg3-286x300.png&path=%2Fhome%2Fmakmfewe%2Fsh-fragrances.com%2Fwp-content%2Fuploads%2F2023%2F05 HTTP/1.1" 200 18669 "-" "Mozilla/5.0 AppleWebKit/537.36 (KHTML, like Gecko; compatible; GPTBot/1.2; +https://openai.com/gptbot)"
147.135.212.200 - - [26/Apr/2025:02:23:31 -0400] "GET /about.php?action=edit&file=libxcb-image.so.0&path=//usr/lib64 HTTP/1.1" 200 8465 "-" "Mozilla/5.0 (compatible; MJ12bot/v1.4.8; http://mj12bot.com/)"
20.171.207.254 - - [26/Apr/2025:02:23:32 -0400] "GET /about.php?action=edit&file=bg-1-260x300.png&path=%2Fhome%2Fmakmfewe%2Fdrshahidchudhary.com%2Fwp-content%2Fuploads%2F2024%2F07 HTTP/1.1" 200 836 "-" "Mozilla/5.0 AppleWebKit/537.36 (KHTML, like Gecko; compatible; GPTBot/1.2; +https://openai.com/gptbot)"
20.171.207.254 - - [26/Apr/2025:02:23:33 -0400] "GET /about.php?action=edit&file=tipimg1-286x300.png&path=%2Fhome%2Fmakmfewe%2Fibnearif.com%2Fwp-content%2Fuploads%2F2023%2F05 HTTP/1.1" 200 48564 "-" "Mozilla/5.0 AppleWebKit/537.36 (KHTML, like Gecko; compatible; GPTBot/1.2; +https://openai.com/gptbot)"
147.135.212.200 - - [26/Apr/2025:02:23:34 -0400] "GET /about.php?action=edit&file=libxcb-image.so.0.0.0&path=//usr/lib64 HTTP/1.1" 200 8505 "-" "Mozilla/5.0 (compatible; MJ12bot/v1.4.8; http://mj12bot.com/)"
20.171.207.254 - - [26/Apr/2025:02:23:35 -0400] "GET /about.php?action=edit&file=tipimg3-220x154.png&path=%2Fhome%2Fmakmfewe%2Fibnearif.com%2Fwp-content%2Fuploads%2F2023%2F05 HTTP/1.1" 200 12738 "-" "Mozilla/5.0 AppleWebKit/537.36 (KHTML, like Gecko; compatible; GPTBot/1.2; +https://openai.com/gptbot)"
147.135.212.200 - - [26/Apr/2025:02:23:36 -0400] "GET /about.php?action=edit&file=libxcb-keysyms.so.1&path=//usr/lib64 HTTP/1.1" 200 5056 "-" "Mozilla/5.0 (compatible; MJ12bot/v1.4.8; http://mj12bot.com/)"
20.171.207.254 - - [26/Apr/2025:02:23:36 -0400] "GET /about.php?action=edit&file=tipimg3-150x150.png&path=%2Fhome%2Fmakmfewe%2Fibnearif.com%2Fwp-content%2Fuploads%2F2023%2F05 HTTP/1.1" 200 7326 "-" "Mozilla/5.0 AppleWebKit/537.36 (KHTML, like Gecko; compatible; GPTBot/1.2; +https://openai.com/gptbot)"
20.171.207.254 - - [26/Apr/2025:02:23:38 -0400] "GET /about.php?action=edit&file=tipimg1-286x300.png&path=%2Fhome%2Fmakmfewe%2Fsh-fragrances.com%2Fwp-content%2Fuploads%2F2023%2F05 HTTP/1.1" 200 48564 "-" "Mozilla/5.0 AppleWebKit/537.36 (KHTML, like Gecko; compatible; GPTBot/1.2; +https://openai.com/gptbot)"
147.135.212.200 - - [26/Apr/2025:02:23:38 -0400] "GET /about.php?action=edit&file=libxcb-keysyms.so.1.0.0&path=//usr/lib64 HTTP/1.1" 200 5045 "-" "Mozilla/5.0 (compatible; MJ12bot/v1.4.8; http://mj12bot.com/)"
20.171.207.254 - - [26/Apr/2025:02:23:38 -0400] "GET /about.php?action=edit&file=tipimg1-220x154.png&path=%2Fhome%2Fmakmfewe%2Fibnearif.com%2Fwp-content%2Fuploads%2F2023%2F05 HTTP/1.1" 200 30597 "-" "Mozilla/5.0 AppleWebKit/537.36 (KHTML, like Gecko; compatible; GPTBot/1.2; +https://openai.com/gptbot)"
20.171.207.254 - - [26/Apr/2025:02:23:40 -0400] "GET /about.php?action=edit&file=tipimg3-220x154.png&path=%2Fhome%2Fmakmfewe%2Fsh-fragrances.com%2Fwp-content%2Fuploads%2F2023%2F05 HTTP/1.1" 200 12738 "-" "Mozilla/5.0 AppleWebKit/537.36 (KHTML, like Gecko; compatible; GPTBot/1.2; +https://openai.com/gptbot)"
147.135.212.200 - - [26/Apr/2025:02:23:40 -0400] "GET /about.php?action=edit&file=libxcb-present.so&path=//usr/lib64 HTTP/1.1" 200 4768 "-" "Mozilla/5.0 (compatible; MJ12bot/v1.4.8; http://mj12bot.com/)"
20.171.207.254 - - [26/Apr/2025:02:23:41 -0400] "GET /about.php?action=edit&file=tipimg1-220x154.png&path=%2Fhome%2Fmakmfewe%2Fsh-fragrances.com%2Fwp-content%2Fuploads%2F2023%2F05 HTTP/1.1" 200 30597 "-" "Mozilla/5.0 AppleWebKit/537.36 (KHTML, like Gecko; compatible; GPTBot/1.2; +https://openai.com/gptbot)"
20.171.207.254 - - [26/Apr/2025:02:23:43 -0400] "GET /about.php?action=edit&file=slider2-250x450.png&path=%2Fhome%2Fmakmfewe%2Faiqaderm.com%2Fwp-content%2Fuploads%2F2020%2F10 HTTP/1.1" 200 52858 "-" "Mozilla/5.0 AppleWebKit/537.36 (KHTML, like Gecko; compatible; GPTBot/1.2; +https://openai.com/gptbot)"
147.135.212.200 - - [26/Apr/2025:02:23:44 -0400] "GET /about.php?action=edit&file=libxcb-present.so.0&path=//usr/lib64 HTTP/1.1" 200 4771 "-" "Mozilla/5.0 (compatible; MJ12bot/v1.4.8; http://mj12bot.com/)"
20.171.207.254 - - [26/Apr/2025:02:23:45 -0400] "GET /about.php?action=edit&file=slider2-150x150.png&path=%2Fhome%2Fmakmfewe%2Faiqaderm.com%2Fwp-content%2Fuploads%2F2020%2F10 HTTP/1.1" 200 18197 "-" "Mozilla/5.0 AppleWebKit/537.36 (KHTML, like Gecko; compatible; GPTBot/1.2; +https://openai.com/gptbot)"
20.171.207.254 - - [26/Apr/2025:02:23:47 -0400] "GET /about.php?action=edit&file=bg-1-150x150.png&path=%2Fhome%2Fmakmfewe%2Fdrshahidchudhary.com%2Fwp-content%2Fuploads%2F2024%2F07 HTTP/1.1" 200 854 "-" "Mozilla/5.0 AppleWebKit/537.36 (KHTML, like Gecko; compatible; GPTBot/1.2; +https://openai.com/gptbot)"
147.135.212.200 - - [26/Apr/2025:02:23:47 -0400] "GET /about.php?action=edit&file=libxcb-present.so.0.0.0&path=//usr/lib64 HTTP/1.1" 200 4775 "-" "Mozilla/5.0 (compatible; MJ12bot/v1.4.8; http://mj12bot.com/)"
20.171.207.254 - - [26/Apr/2025:02:23:49 -0400] "GET /about.php?action=edit&file=tipimg2-220x154.png&path=%2Fhome%2Fmakmfewe%2Fsh-fragrances.com%2Fwp-content%2Fuploads%2F2023%2F05 HTTP/1.1" 200 34056 "-" "Mozilla/5.0 AppleWebKit/537.36 (KHTML, like Gecko; compatible; GPTBot/1.2; +https://openai.com/gptbot)"
147.135.212.200 - - [26/Apr/2025:02:23:50 -0400] "GET /about.php?action=edit&file=libxcb-randr.so&path=//usr/lib64 HTTP/1.1" 200 16711 "-" "Mozilla/5.0 (compatible; MJ12bot/v1.4.8; http://mj12bot.com/)"
20.171.207.254 - - [26/Apr/2025:02:23:50 -0400] "GET /about.php?action=edit&file=lady-law2-150x150.png&path=%2Fhome%2Fmakmfewe%2Fpwmsolution.com%2Fwp-content%2Fuploads%2F2024%2F09 HTTP/1.1" 200 19333 "-" "Mozilla/5.0 AppleWebKit/537.36 (KHTML, like Gecko; compatible; GPTBot/1.2; +https://openai.com/gptbot)"
20.171.207.254 - - [26/Apr/2025:02:23:52 -0400] "GET /about.php?action=edit&file=lady-law2-237x300.png&path=%2Fhome%2Fmakmfewe%2Fpwmsolution.com%2Fwp-content%2Fuploads%2F2024%2F09 HTTP/1.1" 200 45636 "-" "Mozilla/5.0 AppleWebKit/537.36 (KHTML, like Gecko; compatible; GPTBot/1.2; +https://openai.com/gptbot)"
147.135.212.200 - - [26/Apr/2025:02:23:53 -0400] "GET /about.php?action=edit&file=libxcb-randr.so.0&path=//usr/lib64 HTTP/1.1" 200 16661 "-" "Mozilla/5.0 (compatible; MJ12bot/v1.4.8; http://mj12bot.com/)"
20.171.207.254 - - [26/Apr/2025:02:23:53 -0400] "GET /about.php?action=edit&file=tipimg3-100x100.png&path=%2Fhome%2Fmakmfewe%2Fsh-fragrances.com%2Fwp-content%2Fuploads%2F2023%2F05 HTTP/1.1" 200 4340 "-" "Mozilla/5.0 AppleWebKit/537.36 (KHTML, like Gecko; compatible; GPTBot/1.2; +https://openai.com/gptbot)"
20.171.207.254 - - [26/Apr/2025:02:23:54 -0400] "GET /about.php?action=edit&file=tipimg3-150x150.png&path=%2Fhome%2Fmakmfewe%2Fsh-fragrances.com%2Fwp-content%2Fuploads%2F2023%2F05 HTTP/1.1" 200 7326 "-" "Mozilla/5.0 AppleWebKit/537.36 (KHTML, like Gecko; compatible; GPTBot/1.2; +https://openai.com/gptbot)"
147.135.212.200 - - [26/Apr/2025:02:23:56 -0400] "GET /about.php?action=edit&file=libxcb-randr.so.0.1.0&path=//usr/lib64 HTTP/1.1" 200 16711 "-" "Mozilla/5.0 (compatible; MJ12bot/v1.4.8; http://mj12bot.com/)"
20.171.207.254 - - [26/Apr/2025:02:23:56 -0400] "GET /about.php?action=edit&file=tipimg2-150x150.png&path=%2Fhome%2Fmakmfewe%2Fsh-fragrances.com%2Fwp-content%2Fuploads%2F2023%2F05 HTTP/1.1" 200 18903 "-" "Mozilla/5.0 AppleWebKit/537.36 (KHTML, like Gecko; compatible; GPTBot/1.2; +https://openai.com/gptbot)"
20.171.207.254 - - [26/Apr/2025:02:23:57 -0400] "GET /about.php?action=edit&file=tipimg1-220x154.png&path=%2Fhome%2Fmakmfewe%2Fsh-fragrances.com%2Fwp-content%2Fuploads%2F2023%2F05 HTTP/1.1" 200 30597 "-" "Mozilla/5.0 AppleWebKit/537.36 (KHTML, like Gecko; compatible; GPTBot/1.2; +https://openai.com/gptbot)"
20.171.207.254 - - [26/Apr/2025:02:23:58 -0400] "GET /about.php?action=edit&file=tipimg2-100x100.png&path=%2Fhome%2Fmakmfewe%2Fsh-fragrances.com%2Fwp-content%2Fuploads%2F2023%2F05 HTTP/1.1" 200 9304 "-" "Mozilla/5.0 AppleWebKit/537.36 (KHTML, like Gecko; compatible; GPTBot/1.2; +https://openai.com/gptbot)"
147.135.212.200 - - [26/Apr/2025:02:23:58 -0400] "GET /about.php?action=edit&file=libxcb-record.so&path=//usr/lib64 HTTP/1.1" 200 6252 "-" "Mozilla/5.0 (compatible; MJ12bot/v1.4.8; http://mj12bot.com/)"
20.171.207.254 - - [26/Apr/2025:02:23:59 -0400] "GET /about.php?action=edit&file=tipimg2-286x300.png&path=%2Fhome%2Fmakmfewe%2Fsh-fragrances.com%2Fwp-content%2Fuploads%2F2023%2F05 HTTP/1.1" 200 55965 "-" "Mozilla/5.0 AppleWebKit/537.36 (KHTML, like Gecko; compatible; GPTBot/1.2; +https://openai.com/gptbot)"
20.171.207.254 - - [26/Apr/2025:02:24:00 -0400] "GET /about.php?action=edit&file=tipimg1-100x100.png&path=%2Fhome%2Fmakmfewe%2Fsh-fragrances.com%2Fwp-content%2Fuploads%2F2023%2F05 HTTP/1.1" 200 8386 "-" "Mozilla/5.0 AppleWebKit/537.36 (KHTML, like Gecko; compatible; GPTBot/1.2; +https://openai.com/gptbot)"
147.135.212.200 - - [26/Apr/2025:02:24:00 -0400] "GET /about.php?action=edit&file=libxcb-record.so.0&path=//usr/lib64 HTTP/1.1" 200 6234 "-" "Mozilla/5.0 (compatible; MJ12bot/v1.4.8; http://mj12bot.com/)"
20.171.207.254 - - [26/Apr/2025:02:24:01 -0400] "GET /about.php?action=edit&file=tipimg3-286x300.png&path=%2Fhome%2Fmakmfewe%2Fibnearif.com%2Fwp-content%2Fuploads%2F2023%2F05 HTTP/1.1" 200 18669 "-" "Mozilla/5.0 AppleWebKit/537.36 (KHTML, like Gecko; compatible; GPTBot/1.2; +https://openai.com/gptbot)"
147.135.212.200 - - [26/Apr/2025:02:24:02 -0400] "GET /about.php?action=edit&file=libxcb-record.so.0.0.0&path=//usr/lib64 HTTP/1.1" 200 6246 "-" "Mozilla/5.0 (compatible; MJ12bot/v1.4.8; http://mj12bot.com/)"
20.171.207.254 - - [26/Apr/2025:02:24:03 -0400] "GET /about.php?action=edit&file=lightbox.74688eb10c7852662847.bundle.js&path=%2Fhome%2Fmakmfewe%2Fzeestudy.com%2Fwp-content%2Fplugins%2Felementor%2Fassets%2Fjs HTTP/1.1" 200 13565 "-" "Mozilla/5.0 AppleWebKit/537.36 (KHTML, like Gecko; compatible; GPTBot/1.2; +https://openai.com/gptbot)"
20.171.207.254 - - [26/Apr/2025:02:24:04 -0400] "GET /about.php?action=edit&file=lightbox.74688eb10c7852662847.bundle.js&path=%2Fhome%2Fmakmfewe%2Fibnearif.com%2Fwp-content%2Fplugins%2Felementor%2Fassets%2Fjs HTTP/1.1" 200 13565 "-" "Mozilla/5.0 AppleWebKit/537.36 (KHTML, like Gecko; compatible; GPTBot/1.2; +https://openai.com/gptbot)"
147.135.212.200 - - [26/Apr/2025:02:24:05 -0400] "GET /about.php?action=edit&file=libxcb-render-util.so.0&path=//usr/lib64 HTTP/1.1" 200 6544 "-" "Mozilla/5.0 (compatible; MJ12bot/v1.4.8; http://mj12bot.com/)"
20.171.207.254 - - [26/Apr/2025:02:24:06 -0400] "GET /about.php?action=edit&file=logomed-300x54.png&path=%2Fhome%2Fmakmfewe%2Faiqaderm.com%2Fwp-content%2Fuploads%2F2020%2F10 HTTP/1.1" 200 6032 "-" "Mozilla/5.0 AppleWebKit/537.36 (KHTML, like Gecko; compatible; GPTBot/1.2; +https://openai.com/gptbot)"
20.171.207.254 - - [26/Apr/2025:02:24:07 -0400] "GET /about.php?action=edit&file=logomed-150x70.png&path=%2Fhome%2Fmakmfewe%2Faiqaderm.com%2Fwp-content%2Fuploads%2F2020%2F10 HTTP/1.1" 200 2259 "-" "Mozilla/5.0 AppleWebKit/537.36 (KHTML, like Gecko; compatible; GPTBot/1.2; +https://openai.com/gptbot)"
147.135.212.200 - - [26/Apr/2025:02:24:09 -0400] "GET /about.php?action=edit&file=libxcb-render-util.so.0.0.0&path=//usr/lib64 HTTP/1.1" 200 6509 "-" "Mozilla/5.0 (compatible; MJ12bot/v1.4.8; http://mj12bot.com/)"
20.171.207.254 - - [26/Apr/2025:02:24:09 -0400] "GET /about.php?action=edit&file=tipimg3-50x50.png&path=%2Fhome%2Fmakmfewe%2Fsh-fragrances.com%2Fwp-content%2Fuploads%2F2023%2F05 HTTP/1.1" 200 2027 "-" "Mozilla/5.0 AppleWebKit/537.36 (KHTML, like Gecko; compatible; GPTBot/1.2; +https://openai.com/gptbot)"
20.171.207.254 - - [26/Apr/2025:02:24:11 -0400] "GET /about.php?action=edit&file=tipimg1-50x50.png&path=%2Fhome%2Fmakmfewe%2Fsh-fragrances.com%2Fwp-content%2Fuploads%2F2023%2F05 HTTP/1.1" 200 3306 "-" "Mozilla/5.0 AppleWebKit/537.36 (KHTML, like Gecko; compatible; GPTBot/1.2; +https://openai.com/gptbot)"
147.135.212.200 - - [26/Apr/2025:02:24:12 -0400] "GET /about.php?action=edit&file=libxcb-render.so&path=//usr/lib64 HTTP/1.1" 200 14597 "-" "Mozilla/5.0 (compatible; MJ12bot/v1.4.8; http://mj12bot.com/)"
20.171.207.254 - - [26/Apr/2025:02:24:12 -0400] "GET /about.php?action=edit&file=index.js&path=%2Fhome%2Fmakmfewe%2Fsh-fragrances.com%2Fwp-content%2Fplugins%2Fcontact-form-7%2Fincludes%2Fswv%2Fjs HTTP/1.1" 200 4268 "-" "Mozilla/5.0 AppleWebKit/537.36 (KHTML, like Gecko; compatible; GPTBot/1.2; +https://openai.com/gptbot)"
20.171.207.254 - - [26/Apr/2025:02:24:13 -0400] "GET /about.php?action=edit&file=whitelogo-300x54.png&path=%2Fhome%2Fmakmfewe%2Faiqaderm.com%2Fwp-content%2Fuploads%2F2020%2F10 HTTP/1.1" 200 5032 "-" "Mozilla/5.0 AppleWebKit/537.36 (KHTML, like Gecko; compatible; GPTBot/1.2; +https://openai.com/gptbot)"
147.135.212.200 - - [26/Apr/2025:02:24:14 -0400] "GET /about.php?action=edit&file=libxcb-render.so.0&path=//usr/lib64 HTTP/1.1" 200 14622 "-" "Mozilla/5.0 (compatible; MJ12bot/v1.4.8; http://mj12bot.com/)"
20.171.207.254 - - [26/Apr/2025:02:24:14 -0400] "GET /about.php?action=edit&file=whitelogo-150x70.png&path=%2Fhome%2Fmakmfewe%2Faiqaderm.com%2Fwp-content%2Fuploads%2F2020%2F10 HTTP/1.1" 200 2096 "-" "Mozilla/5.0 AppleWebKit/537.36 (KHTML, like Gecko; compatible; GPTBot/1.2; +https://openai.com/gptbot)"
20.171.207.254 - - [26/Apr/2025:02:24:15 -0400] "GET /about.php?action=edit&file=index.js&path=%2Fhome%2Fmakmfewe%2Fsh-fragrances.com%2Fwp-content%2Fplugins%2Fcontact-form-7%2Fmodules%2Frecaptcha HTTP/1.1" 200 1009 "-" "Mozilla/5.0 AppleWebKit/537.36 (KHTML, like Gecko; compatible; GPTBot/1.2; +https://openai.com/gptbot)"
147.135.212.200 - - [26/Apr/2025:02:24:16 -0400] "GET /about.php?action=edit&file=libxcb-render.so.0.0.0&path=//usr/lib64 HTTP/1.1" 200 14574 "-" "Mozilla/5.0 (compatible; MJ12bot/v1.4.8; http://mj12bot.com/)"
20.171.207.254 - - [26/Apr/2025:02:24:17 -0400] "GET /about.php?action=edit&file=placeholder-33-80x80.png&path=%2Fhome%2Fmakmfewe%2Fzeestudy.com%2Fwp-content%2Fuploads%2F2023%2F08 HTTP/1.1" 200 1129 "-" "Mozilla/5.0 AppleWebKit/537.36 (KHTML, like Gecko; compatible; GPTBot/1.2; +https://openai.com/gptbot)"
20.171.207.254 - - [26/Apr/2025:02:24:18 -0400] "GET /about.php?action=edit&file=placeholder-21-80x80.png&path=%2Fhome%2Fmakmfewe%2Fzeestudy.com%2Fwp-content%2Fuploads%2F2023%2F08 HTTP/1.1" 200 1130 "-" "Mozilla/5.0 AppleWebKit/537.36 (KHTML, like Gecko; compatible; GPTBot/1.2; +https://openai.com/gptbot)"
147.135.212.200 - - [26/Apr/2025:02:24:19 -0400] "GET /about.php?action=edit&file=libxcb-res.so&path=//usr/lib64 HTTP/1.1" 200 5700 "-" "Mozilla/5.0 (compatible; MJ12bot/v1.4.8; http://mj12bot.com/)"
20.171.207.254 - - [26/Apr/2025:02:24:20 -0400] "GET /about.php?action=edit&file=placeholder-28-85x85.png&path=%2Fhome%2Fmakmfewe%2Fzeestudy.com%2Fwp-content%2Fuploads%2F2023%2F08 HTTP/1.1" 200 1147 "-" "Mozilla/5.0 AppleWebKit/537.36 (KHTML, like Gecko; compatible; GPTBot/1.2; +https://openai.com/gptbot)"
20.171.207.254 - - [26/Apr/2025:02:24:20 -0400] "GET /about.php?action=edit&file=placeholder-17-80x80.png&path=%2Fhome%2Fmakmfewe%2Fzeestudy.com%2Fwp-content%2Fuploads%2F2023%2F08 HTTP/1.1" 200 1130 "-" "Mozilla/5.0 AppleWebKit/537.36 (KHTML, like Gecko; compatible; GPTBot/1.2; +https://openai.com/gptbot)"
20.171.207.254 - - [26/Apr/2025:02:24:22 -0400] "GET /about.php?action=edit&file=placeholder-15-80x80.png&path=%2Fhome%2Fmakmfewe%2Fzeestudy.com%2Fwp-content%2Fuploads%2F2023%2F08 HTTP/1.1" 200 1130 "-" "Mozilla/5.0 AppleWebKit/537.36 (KHTML, like Gecko; compatible; GPTBot/1.2; +https://openai.com/gptbot)"
147.135.212.200 - - [26/Apr/2025:02:24:22 -0400] "GET /about.php?action=edit&file=libxcb-res.so.0&path=//usr/lib64 HTTP/1.1" 200 5694 "-" "Mozilla/5.0 (compatible; MJ12bot/v1.4.8; http://mj12bot.com/)"
20.171.207.254 - - [26/Apr/2025:02:24:22 -0400] "GET /about.php?action=edit&file=placeholder-4-768x512.png&path=%2Fhome%2Fmakmfewe%2Fsh-fragrances.com%2Fwp-content%2Fuploads%2F2023%2F06 HTTP/1.1" 200 4736 "-" "Mozilla/5.0 AppleWebKit/537.36 (KHTML, like Gecko; compatible; GPTBot/1.2; +https://openai.com/gptbot)"
20.171.207.254 - - [26/Apr/2025:02:24:24 -0400] "GET /about.php?action=edit&file=marquee-150x150.png&path=%2Fhome%2Fmakmfewe%2Fsh-fragrances.com%2Fwp-content%2Fuploads%2F2023%2F06 HTTP/1.1" 200 6562 "-" "Mozilla/5.0 AppleWebKit/537.36 (KHTML, like Gecko; compatible; GPTBot/1.2; +https://openai.com/gptbot)"
147.135.212.200 - - [26/Apr/2025:02:24:24 -0400] "GET /about.php?action=edit&file=libxcb-res.so.0.0.0&path=//usr/lib64 HTTP/1.1" 200 5715 "-" "Mozilla/5.0 (compatible; MJ12bot/v1.4.8; http://mj12bot.com/)"
20.171.207.254 - - [26/Apr/2025:02:24:25 -0400] "GET /about.php?action=edit&file=placeholder-51-80x80.png&path=%2Fhome%2Fmakmfewe%2Fzeestudy.com%2Fwp-content%2Fuploads%2F2023%2F08 HTTP/1.1" 200 1130 "-" "Mozilla/5.0 AppleWebKit/537.36 (KHTML, like Gecko; compatible; GPTBot/1.2; +https://openai.com/gptbot)"
147.135.212.200 - - [26/Apr/2025:02:24:26 -0400] "GET /about.php?action=edit&file=libxcb-screensaver.so&path=//usr/lib64 HTTP/1.1" 200 5335 "-" "Mozilla/5.0 (compatible; MJ12bot/v1.4.8; http://mj12bot.com/)"
20.171.207.254 - - [26/Apr/2025:02:24:26 -0400] "GET /about.php?action=edit&file=placeholder-22-85x85.png&path=%2Fhome%2Fmakmfewe%2Fzeestudy.com%2Fwp-content%2Fuploads%2F2023%2F08 HTTP/1.1" 200 1147 "-" "Mozilla/5.0 AppleWebKit/537.36 (KHTML, like Gecko; compatible; GPTBot/1.2; +https://openai.com/gptbot)"
20.171.207.254 - - [26/Apr/2025:02:24:27 -0400] "GET /about.php?action=edit&file=placeholder-6-150x150.png&path=%2Fhome%2Fmakmfewe%2Fsh-fragrances.com%2Fwp-content%2Fuploads%2F2023%2F06 HTTP/1.1" 200 1557 "-" "Mozilla/5.0 AppleWebKit/537.36 (KHTML, like Gecko; compatible; GPTBot/1.2; +https://openai.com/gptbot)"
147.135.212.200 - - [26/Apr/2025:02:24:28 -0400] "GET /about.php?action=edit&file=libxcb-screensaver.so.0&path=//usr/lib64 HTTP/1.1" 200 5335 "-" "Mozilla/5.0 (compatible; MJ12bot/v1.4.8; http://mj12bot.com/)"
20.171.207.254 - - [26/Apr/2025:02:24:28 -0400] "GET /about.php?action=edit&file=placeholder-42-80x80.png&path=%2Fhome%2Fmakmfewe%2Fzeestudy.com%2Fwp-content%2Fuploads%2F2023%2F08 HTTP/1.1" 200 1130 "-" "Mozilla/5.0 AppleWebKit/537.36 (KHTML, like Gecko; compatible; GPTBot/1.2; +https://openai.com/gptbot)"
147.135.212.200 - - [26/Apr/2025:02:24:29 -0400] "GET /about.php?action=edit&file=libxcb-screensaver.so.0.0.0&path=//usr/lib64 HTTP/1.1" 200 5324 "-" "Mozilla/5.0 (compatible; MJ12bot/v1.4.8; http://mj12bot.com/)"
20.171.207.254 - - [26/Apr/2025:02:24:30 -0400] "GET /about.php?action=edit&file=placeholder-36-80x80.png&path=%2Fhome%2Fmakmfewe%2Fzeestudy.com%2Fwp-content%2Fuploads%2F2023%2F08 HTTP/1.1" 200 1130 "-" "Mozilla/5.0 AppleWebKit/537.36 (KHTML, like Gecko; compatible; GPTBot/1.2; +https://openai.com/gptbot)"
20.171.207.254 - - [26/Apr/2025:02:24:31 -0400] "GET /about.php?action=edit&file=placeholder-43-85x85.png&path=%2Fhome%2Fmakmfewe%2Fzeestudy.com%2Fwp-content%2Fuploads%2F2023%2F08 HTTP/1.1" 200 1147 "-" "Mozilla/5.0 AppleWebKit/537.36 (KHTML, like Gecko; compatible; GPTBot/1.2; +https://openai.com/gptbot)"
147.135.212.200 - - [26/Apr/2025:02:24:31 -0400] "GET /about.php?action=edit&file=libxcb-shape.so&path=//usr/lib64 HTTP/1.1" 200 5181 "-" "Mozilla/5.0 (compatible; MJ12bot/v1.4.8; http://mj12bot.com/)"
20.171.207.254 - - [26/Apr/2025:02:24:32 -0400] "GET /about.php?action=edit&file=placeholder-6-220x154.png&path=%2Fhome%2Fmakmfewe%2Fsh-fragrances.com%2Fwp-content%2Fuploads%2F2023%2F06 HTTP/1.1" 200 1755 "-" "Mozilla/5.0 AppleWebKit/537.36 (KHTML, like Gecko; compatible; GPTBot/1.2; +https://openai.com/gptbot)"
147.135.212.200 - - [26/Apr/2025:02:24:33 -0400] "GET /about.php?action=edit&file=libxcb-shape.so.0&path=//usr/lib64 HTTP/1.1" 200 5198 "-" "Mozilla/5.0 (compatible; MJ12bot/v1.4.8; http://mj12bot.com/)"
20.171.207.254 - - [26/Apr/2025:02:24:33 -0400] "GET /about.php?action=edit&file=activity_kid-442x348.png&path=%2Fhome%2Fmakmfewe%2Fzeestudy.com%2Fwp-content%2Fuploads%2F2023%2F08 HTTP/1.1" 200 116304 "-" "Mozilla/5.0 AppleWebKit/537.36 (KHTML, like Gecko; compatible; GPTBot/1.2; +https://openai.com/gptbot)"
20.171.207.254 - - [26/Apr/2025:02:24:35 -0400] "GET /about.php?action=edit&file=placeholder-21-85x85.png&path=%2Fhome%2Fmakmfewe%2Fzeestudy.com%2Fwp-content%2Fuploads%2F2023%2F08 HTTP/1.1" 200 1147 "-" "Mozilla/5.0 AppleWebKit/537.36 (KHTML, like Gecko; compatible; GPTBot/1.2; +https://openai.com/gptbot)"
147.135.212.200 - - [26/Apr/2025:02:24:35 -0400] "GET /about.php?action=edit&file=libxcb-shape.so.0.0.0&path=//usr/lib64 HTTP/1.1" 200 5183 "-" "Mozilla/5.0 (compatible; MJ12bot/v1.4.8; http://mj12bot.com/)"
20.171.207.254 - - [26/Apr/2025:02:24:35 -0400] "GET /about.php?action=edit&file=placeholder-16-85x85.png&path=%2Fhome%2Fmakmfewe%2Fzeestudy.com%2Fwp-content%2Fuploads%2F2023%2F08 HTTP/1.1" 200 1146 "-" "Mozilla/5.0 AppleWebKit/537.36 (KHTML, like Gecko; compatible; GPTBot/1.2; +https://openai.com/gptbot)"
20.171.207.254 - - [26/Apr/2025:02:24:37 -0400] "GET /about.php?action=edit&file=placeholder-32-85x85.png&path=%2Fhome%2Fmakmfewe%2Fzeestudy.com%2Fwp-content%2Fuploads%2F2023%2F08 HTTP/1.1" 200 1147 "-" "Mozilla/5.0 AppleWebKit/537.36 (KHTML, like Gecko; compatible; GPTBot/1.2; +https://openai.com/gptbot)"
147.135.212.200 - - [26/Apr/2025:02:24:37 -0400] "GET /about.php?action=edit&file=libxcb-shm.so&path=//usr/lib64 HTTP/1.1" 200 4969 "-" "Mozilla/5.0 (compatible; MJ12bot/v1.4.8; http://mj12bot.com/)"
20.171.207.254 - - [26/Apr/2025:02:24:38 -0400] "GET /about.php?action=edit&file=placeholder-33-85x85.png&path=%2Fhome%2Fmakmfewe%2Fzeestudy.com%2Fwp-content%2Fuploads%2F2023%2F08 HTTP/1.1" 200 1147 "-" "Mozilla/5.0 AppleWebKit/537.36 (KHTML, like Gecko; compatible; GPTBot/1.2; +https://openai.com/gptbot)"
20.171.207.254 - - [26/Apr/2025:02:24:39 -0400] "GET /about.php?action=edit&file=placeholder-2-100x100.png&path=%2Fhome%2Fmakmfewe%2Fsh-fragrances.com%2Fwp-content%2Fuploads%2F2023%2F06 HTTP/1.1" 200 1232 "-" "Mozilla/5.0 AppleWebKit/537.36 (KHTML, like Gecko; compatible; GPTBot/1.2; +https://openai.com/gptbot)"
147.135.212.200 - - [26/Apr/2025:02:24:39 -0400] "GET /about.php?action=edit&file=libxcb-shm.so.0&path=//usr/lib64 HTTP/1.1" 200 4936 "-" "Mozilla/5.0 (compatible; MJ12bot/v1.4.8; http://mj12bot.com/)"
20.171.207.254 - - [26/Apr/2025:02:24:40 -0400] "GET /about.php?action=edit&file=placeholder-42-85x85.png&path=%2Fhome%2Fmakmfewe%2Fzeestudy.com%2Fwp-content%2Fuploads%2F2023%2F08 HTTP/1.1" 200 1147 "-" "Mozilla/5.0 AppleWebKit/537.36 (KHTML, like Gecko; compatible; GPTBot/1.2; +https://openai.com/gptbot)"
147.135.212.200 - - [26/Apr/2025:02:24:41 -0400] "GET /about.php?action=edit&file=libxcb-shm.so.0.0.0&path=//usr/lib64 HTTP/1.1" 200 4931 "-" "Mozilla/5.0 (compatible; MJ12bot/v1.4.8; http://mj12bot.com/)"
20.171.207.254 - - [26/Apr/2025:02:24:41 -0400] "GET /about.php?action=edit&file=placeholder-7-300x200.png&path=%2Fhome%2Fmakmfewe%2Fsh-fragrances.com%2Fwp-content%2Fuploads%2F2023%2F06 HTTP/1.1" 200 2174 "-" "Mozilla/5.0 AppleWebKit/537.36 (KHTML, like Gecko; compatible; GPTBot/1.2; +https://openai.com/gptbot)"
20.171.207.254 - - [26/Apr/2025:02:24:42 -0400] "GET /about.php?action=edit&file=placeholder-52-80x80.png&path=%2Fhome%2Fmakmfewe%2Fzeestudy.com%2Fwp-content%2Fuploads%2F2023%2F08 HTTP/1.1" 200 1130 "-" "Mozilla/5.0 AppleWebKit/537.36 (KHTML, like Gecko; compatible; GPTBot/1.2; +https://openai.com/gptbot)"
147.135.212.200 - - [26/Apr/2025:02:24:43 -0400] "GET /about.php?action=edit&file=libxcb-sync.so&path=//usr/lib64 HTTP/1.1" 200 8172 "-" "Mozilla/5.0 (compatible; MJ12bot/v1.4.8; http://mj12bot.com/)"
20.171.207.254 - - [26/Apr/2025:02:24:43 -0400] "GET /about.php?action=edit&file=placeholder-40-85x85.png&path=%2Fhome%2Fmakmfewe%2Fzeestudy.com%2Fwp-content%2Fuploads%2F2023%2F08 HTTP/1.1" 200 1146 "-" "Mozilla/5.0 AppleWebKit/537.36 (KHTML, like Gecko; compatible; GPTBot/1.2; +https://openai.com/gptbot)"
20.171.207.254 - - [26/Apr/2025:02:24:44 -0400] "GET /about.php?action=edit&file=activity_kid-300x230.png&path=%2Fhome%2Fmakmfewe%2Fzeestudy.com%2Fwp-content%2Fuploads%2F2023%2F08 HTTP/1.1" 200 57931 "-" "Mozilla/5.0 AppleWebKit/537.36 (KHTML, like Gecko; compatible; GPTBot/1.2; +https://openai.com/gptbot)"
147.135.212.200 - - [26/Apr/2025:02:24:45 -0400] "GET /about.php?action=edit&file=libxcb-sync.so.1&path=//usr/lib64 HTTP/1.1" 200 8198 "-" "Mozilla/5.0 (compatible; MJ12bot/v1.4.8; http://mj12bot.com/)"
20.171.207.254 - - [26/Apr/2025:02:24:46 -0400] "GET /about.php?action=edit&file=placeholder-7-768x512.png&path=%2Fhome%2Fmakmfewe%2Fsh-fragrances.com%2Fwp-content%2Fuploads%2F2023%2F06 HTTP/1.1" 200 4736 "-" "Mozilla/5.0 AppleWebKit/537.36 (KHTML, like Gecko; compatible; GPTBot/1.2; +https://openai.com/gptbot)"
20.171.207.254 - - [26/Apr/2025:02:24:47 -0400] "GET /about.php?action=edit&file=placeholder-44-85x85.png&path=%2Fhome%2Fmakmfewe%2Fzeestudy.com%2Fwp-content%2Fuploads%2F2023%2F08 HTTP/1.1" 200 1149 "-" "Mozilla/5.0 AppleWebKit/537.36 (KHTML, like Gecko; compatible; GPTBot/1.2; +https://openai.com/gptbot)"
147.135.212.200 - - [26/Apr/2025:02:24:47 -0400] "GET /about.php?action=edit&file=libxcb-sync.so.1.0.0&path=//usr/lib64 HTTP/1.1" 200 8155 "-" "Mozilla/5.0 (compatible; MJ12bot/v1.4.8; http://mj12bot.com/)"
20.171.207.254 - - [26/Apr/2025:02:24:48 -0400] "GET /about.php?action=edit&file=placeholder-4-150x150.png&path=%2Fhome%2Fmakmfewe%2Fsh-fragrances.com%2Fwp-content%2Fuploads%2F2023%2F06 HTTP/1.1" 200 1560 "-" "Mozilla/5.0 AppleWebKit/537.36 (KHTML, like Gecko; compatible; GPTBot/1.2; +https://openai.com/gptbot)"
147.135.212.200 - - [26/Apr/2025:02:24:49 -0400] "GET /about.php?action=edit&file=libxcb-util.so.1&path=//usr/lib64 HTTP/1.1" 200 7979 "-" "Mozilla/5.0 (compatible; MJ12bot/v1.4.8; http://mj12bot.com/)"
20.171.207.254 - - [26/Apr/2025:02:24:49 -0400] "GET /about.php?action=edit&file=activity_kid-267x230.png&path=%2Fhome%2Fmakmfewe%2Fzeestudy.com%2Fwp-content%2Fuploads%2F2023%2F08 HTTP/1.1" 200 56796 "-" "Mozilla/5.0 AppleWebKit/537.36 (KHTML, like Gecko; compatible; GPTBot/1.2; +https://openai.com/gptbot)"
20.171.207.254 - - [26/Apr/2025:02:24:51 -0400] "GET /about.php?action=edit&file=placeholder-6-100x100.png&path=%2Fhome%2Fmakmfewe%2Fsh-fragrances.com%2Fwp-content%2Fuploads%2F2023%2F06 HTTP/1.1" 200 1232 "-" "Mozilla/5.0 AppleWebKit/537.36 (KHTML, like Gecko; compatible; GPTBot/1.2; +https://openai.com/gptbot)"
147.135.212.200 - - [26/Apr/2025:02:24:51 -0400] "GET /about.php?action=edit&file=libxcb-util.so.1.0.0&path=//usr/lib64 HTTP/1.1" 200 7998 "-" "Mozilla/5.0 (compatible; MJ12bot/v1.4.8; http://mj12bot.com/)"
20.171.207.254 - - [26/Apr/2025:02:24:51 -0400] "GET /about.php?action=edit&file=placeholder-4-220x154.png&path=%2Fhome%2Fmakmfewe%2Fsh-fragrances.com%2Fwp-content%2Fuploads%2F2023%2F06 HTTP/1.1" 200 1755 "-" "Mozilla/5.0 AppleWebKit/537.36 (KHTML, like Gecko; compatible; GPTBot/1.2; +https://openai.com/gptbot)"
20.171.207.254 - - [26/Apr/2025:02:24:54 -0400] "GET /about.php?action=edit&file=placeholder-20-80x80.png&path=%2Fhome%2Fmakmfewe%2Fzeestudy.com%2Fwp-content%2Fuploads%2F2023%2F08 HTTP/1.1" 200 1129 "-" "Mozilla/5.0 AppleWebKit/537.36 (KHTML, like Gecko; compatible; GPTBot/1.2; +https://openai.com/gptbot)"
147.135.212.200 - - [26/Apr/2025:02:24:54 -0400] "GET /about.php?action=edit&file=libxcb-xf86dri.so&path=//usr/lib64 HTTP/1.1" 200 5739 "-" "Mozilla/5.0 (compatible; MJ12bot/v1.4.8; http://mj12bot.com/)"
20.171.207.254 - - [26/Apr/2025:02:24:55 -0400] "GET /about.php?action=edit&file=placeholder-5-100x100.png&path=%2Fhome%2Fmakmfewe%2Fsh-fragrances.com%2Fwp-content%2Fuploads%2F2023%2F06 HTTP/1.1" 200 1232 "-" "Mozilla/5.0 AppleWebKit/537.36 (KHTML, like Gecko; compatible; GPTBot/1.2; +https://openai.com/gptbot)"
20.171.207.254 - - [26/Apr/2025:02:24:57 -0400] "GET /about.php?action=edit&file=placeholder-12-80x80.png&path=%2Fhome%2Fmakmfewe%2Fzeestudy.com%2Fwp-content%2Fuploads%2F2023%2F08 HTTP/1.1" 200 1130 "-" "Mozilla/5.0 AppleWebKit/537.36 (KHTML, like Gecko; compatible; GPTBot/1.2; +https://openai.com/gptbot)"
147.135.212.200 - - [26/Apr/2025:02:24:57 -0400] "GET /about.php?action=edit&file=libxcb-xf86dri.so.0&path=//usr/lib64 HTTP/1.1" 200 5717 "-" "Mozilla/5.0 (compatible; MJ12bot/v1.4.8; http://mj12bot.com/)"
20.171.207.254 - - [26/Apr/2025:02:24:59 -0400] "GET /about.php?action=edit&file=placeholder-28-80x80.png&path=%2Fhome%2Fmakmfewe%2Fzeestudy.com%2Fwp-content%2Fuploads%2F2023%2F08 HTTP/1.1" 200 1130 "-" "Mozilla/5.0 AppleWebKit/537.36 (KHTML, like Gecko; compatible; GPTBot/1.2; +https://openai.com/gptbot)"
147.135.212.200 - - [26/Apr/2025:02:25:00 -0400] "GET /about.php?action=edit&file=libxcb-xf86dri.so.0.0.0&path=//usr/lib64 HTTP/1.1" 200 5730 "-" "Mozilla/5.0 (compatible; MJ12bot/v1.4.8; http://mj12bot.com/)"
20.171.207.254 - - [26/Apr/2025:02:25:00 -0400] "GET /about.php?action=edit&file=placeholder-30-80x80.png&path=%2Fhome%2Fmakmfewe%2Fzeestudy.com%2Fwp-content%2Fuploads%2F2023%2F08 HTTP/1.1" 200 1129 "-" "Mozilla/5.0 AppleWebKit/537.36 (KHTML, like Gecko; compatible; GPTBot/1.2; +https://openai.com/gptbot)"
147.135.212.200 - - [26/Apr/2025:02:25:03 -0400] "GET /about.php?action=edit&file=libxcb-xfixes.so&path=//usr/lib64 HTTP/1.1" 200 8601 "-" "Mozilla/5.0 (compatible; MJ12bot/v1.4.8; http://mj12bot.com/)"
20.171.207.254 - - [26/Apr/2025:02:25:06 -0400] "GET /about.php?action=edit&file=placeholder-5-300x200.png&path=%2Fhome%2Fmakmfewe%2Fsh-fragrances.com%2Fwp-content%2Fuploads%2F2023%2F06 HTTP/1.1" 200 2173 "-" "Mozilla/5.0 AppleWebKit/537.36 (KHTML, like Gecko; compatible; GPTBot/1.2; +https://openai.com/gptbot)"
147.135.212.200 - - [26/Apr/2025:02:25:08 -0400] "GET /about.php?action=edit&file=libxcb-xfixes.so.0&path=//usr/lib64 HTTP/1.1" 200 8594 "-" "Mozilla/5.0 (compatible; MJ12bot/v1.4.8; http://mj12bot.com/)"
20.171.207.254 - - [26/Apr/2025:02:25:09 -0400] "GET /about.php?action=edit&file=placeholder-31-85x85.png&path=%2Fhome%2Fmakmfewe%2Fzeestudy.com%2Fwp-content%2Fuploads%2F2023%2F08 HTTP/1.1" 200 1147 "-" "Mozilla/5.0 AppleWebKit/537.36 (KHTML, like Gecko; compatible; GPTBot/1.2; +https://openai.com/gptbot)"
147.135.212.200 - - [26/Apr/2025:02:25:15 -0400] "GET /about.php?action=edit&file=libxcb-xfixes.so.0.0.0&path=//usr/lib64 HTTP/1.1" 200 8631 "-" "Mozilla/5.0 (compatible; MJ12bot/v1.4.8; http://mj12bot.com/)"
20.171.207.254 - - [26/Apr/2025:02:25:15 -0400] "GET /about.php?action=edit&file=copyright_bg-1024x52.png&path=%2Fhome%2Fmakmfewe%2Fzeestudy.com%2Fwp-content%2Fuploads%2F2023%2F09 HTTP/1.1" 200 7971 "-" "Mozilla/5.0 AppleWebKit/537.36 (KHTML, like Gecko; compatible; GPTBot/1.2; +https://openai.com/gptbot)"
20.171.207.254 - - [26/Apr/2025:02:25:17 -0400] "GET /about.php?action=edit&file=placeholder-5-150x150.png&path=%2Fhome%2Fmakmfewe%2Fsh-fragrances.com%2Fwp-content%2Fuploads%2F2023%2F06 HTTP/1.1" 200 1561 "-" "Mozilla/5.0 AppleWebKit/537.36 (KHTML, like Gecko; compatible; GPTBot/1.2; +https://openai.com/gptbot)"
147.135.212.200 - - [26/Apr/2025:02:25:19 -0400] "GET /about.php?action=edit&file=libxcb-xinerama.so&path=//usr/lib64 HTTP/1.1" 200 4458 "-" "Mozilla/5.0 (compatible; MJ12bot/v1.4.8; http://mj12bot.com/)"
20.171.207.254 - - [26/Apr/2025:02:25:23 -0400] "GET /about.php?action=edit&file=placeholder-31-80x80.png&path=%2Fhome%2Fmakmfewe%2Fzeestudy.com%2Fwp-content%2Fuploads%2F2023%2F08 HTTP/1.1" 200 1130 "-" "Mozilla/5.0 AppleWebKit/537.36 (KHTML, like Gecko; compatible; GPTBot/1.2; +https://openai.com/gptbot)"
147.135.212.200 - - [26/Apr/2025:02:25:24 -0400] "GET /about.php?action=edit&file=libxcb-xinerama.so.0&path=//usr/lib64 HTTP/1.1" 200 4451 "-" "Mozilla/5.0 (compatible; MJ12bot/v1.4.8; http://mj12bot.com/)"
20.171.207.254 - - [26/Apr/2025:02:25:28 -0400] "GET /about.php?action=edit&file=placeholder-25-85x85.png&path=%2Fhome%2Fmakmfewe%2Fzeestudy.com%2Fwp-content%2Fuploads%2F2023%2F08 HTTP/1.1" 200 1147 "-" "Mozilla/5.0 AppleWebKit/537.36 (KHTML, like Gecko; compatible; GPTBot/1.2; +https://openai.com/gptbot)"
147.135.212.200 - - [26/Apr/2025:02:25:29 -0400] "GET /about.php?action=edit&file=libxcb-xinerama.so.0.0.0&path=//usr/lib64 HTTP/1.1" 200 4445 "-" "Mozilla/5.0 (compatible; MJ12bot/v1.4.8; http://mj12bot.com/)"
20.171.207.254 - - [26/Apr/2025:02:25:30 -0400] "GET /about.php?action=edit&file=placeholder-46-80x80.png&path=%2Fhome%2Fmakmfewe%2Fzeestudy.com%2Fwp-content%2Fuploads%2F2023%2F08 HTTP/1.1" 200 1128 "-" "Mozilla/5.0 AppleWebKit/537.36 (KHTML, like Gecko; compatible; GPTBot/1.2; +https://openai.com/gptbot)"
147.135.212.200 - - [26/Apr/2025:02:25:33 -0400] "GET /about.php?action=edit&file=libxcb-xinput.so&path=//usr/lib64 HTTP/1.1" 200 35898 "-" "Mozilla/5.0 (compatible; MJ12bot/v1.4.8; http://mj12bot.com/)"
20.171.207.254 - - [26/Apr/2025:02:25:35 -0400] "GET /about.php?action=edit&file=placeholder-17-85x85.png&path=%2Fhome%2Fmakmfewe%2Fzeestudy.com%2Fwp-content%2Fuploads%2F2023%2F08 HTTP/1.1" 200 1146 "-" "Mozilla/5.0 AppleWebKit/537.36 (KHTML, like Gecko; compatible; GPTBot/1.2; +https://openai.com/gptbot)"
147.135.212.200 - - [26/Apr/2025:02:25:36 -0400] "GET /about.php?action=edit&file=libxcb-xinput.so.0&path=//usr/lib64 HTTP/1.1" 200 35959 "-" "Mozilla/5.0 (compatible; MJ12bot/v1.4.8; http://mj12bot.com/)"
20.171.207.254 - - [26/Apr/2025:02:25:37 -0400] "GET /about.php?action=edit&file=placeholder-39-85x85.png&path=%2Fhome%2Fmakmfewe%2Fzeestudy.com%2Fwp-content%2Fuploads%2F2023%2F08 HTTP/1.1" 200 1147 "-" "Mozilla/5.0 AppleWebKit/537.36 (KHTML, like Gecko; compatible; GPTBot/1.2; +https://openai.com/gptbot)"
147.135.212.200 - - [26/Apr/2025:02:25:40 -0400] "GET /about.php?action=edit&file=libxcb-xinput.so.0.1.0&path=//usr/lib64 HTTP/1.1" 200 35863 "-" "Mozilla/5.0 (compatible; MJ12bot/v1.4.8; http://mj12bot.com/)"
20.171.207.254 - - [26/Apr/2025:02:25:40 -0400] "GET /about.php?action=edit&file=placeholder-6-300x200.png&path=%2Fhome%2Fmakmfewe%2Fsh-fragrances.com%2Fwp-content%2Fuploads%2F2023%2F06 HTTP/1.1" 200 2173 "-" "Mozilla/5.0 AppleWebKit/537.36 (KHTML, like Gecko; compatible; GPTBot/1.2; +https://openai.com/gptbot)"
147.135.212.200 - - [26/Apr/2025:02:25:43 -0400] "GET /about.php?action=edit&file=libxcb-xkb.so&path=//usr/lib64 HTTP/1.1" 200 30941 "-" "Mozilla/5.0 (compatible; MJ12bot/v1.4.8; http://mj12bot.com/)"
20.171.207.254 - - [26/Apr/2025:02:25:43 -0400] "GET /about.php?action=edit&file=placeholder-29-85x85.png&path=%2Fhome%2Fmakmfewe%2Fzeestudy.com%2Fwp-content%2Fuploads%2F2023%2F08 HTTP/1.1" 200 1147 "-" "Mozilla/5.0 AppleWebKit/537.36 (KHTML, like Gecko; compatible; GPTBot/1.2; +https://openai.com/gptbot)"
20.171.207.254 - - [26/Apr/2025:02:25:47 -0400] "GET /about.php?action=edit&file=admission-bg1-300x91.png&path=%2Fhome%2Fmakmfewe%2Fzeestudy.com%2Fwp-content%2Fuploads%2F2023%2F08 HTTP/1.1" 200 2820 "-" "Mozilla/5.0 AppleWebKit/537.36 (KHTML, like Gecko; compatible; GPTBot/1.2; +https://openai.com/gptbot)"
147.135.212.200 - - [26/Apr/2025:02:25:47 -0400] "GET /about.php?action=edit&file=libxcb-xkb.so.1&path=//usr/lib64 HTTP/1.1" 200 30973 "-" "Mozilla/5.0 (compatible; MJ12bot/v1.4.8; http://mj12bot.com/)"
20.171.207.254 - - [26/Apr/2025:02:25:48 -0400] "GET /about.php?action=edit&file=placeholder-44-80x80.png&path=%2Fhome%2Fmakmfewe%2Fzeestudy.com%2Fwp-content%2Fuploads%2F2023%2F08 HTTP/1.1" 200 1129 "-" "Mozilla/5.0 AppleWebKit/537.36 (KHTML, like Gecko; compatible; GPTBot/1.2; +https://openai.com/gptbot)"
147.135.212.200 - - [26/Apr/2025:02:25:49 -0400] "GET /about.php?action=edit&file=libxcb-xkb.so.1.0.0&path=//usr/lib64 HTTP/1.1" 200 30885 "-" "Mozilla/5.0 (compatible; MJ12bot/v1.4.8; http://mj12bot.com/)"
20.171.207.254 - - [26/Apr/2025:02:25:50 -0400] "GET /about.php?action=edit&file=placeholder-19-80x80.png&path=%2Fhome%2Fmakmfewe%2Fzeestudy.com%2Fwp-content%2Fuploads%2F2023%2F08 HTTP/1.1" 200 1128 "-" "Mozilla/5.0 AppleWebKit/537.36 (KHTML, like Gecko; compatible; GPTBot/1.2; +https://openai.com/gptbot)"
147.135.212.200 - - [26/Apr/2025:02:25:52 -0400] "GET /about.php?action=edit&file=libxcb-xselinux.so&path=//usr/lib64 HTTP/1.1" 200 8968 "-" "Mozilla/5.0 (compatible; MJ12bot/v1.4.8; http://mj12bot.com/)"
20.171.207.254 - - [26/Apr/2025:02:25:52 -0400] "GET /about.php?action=edit&file=placeholder-13-85x85.png&path=%2Fhome%2Fmakmfewe%2Fzeestudy.com%2Fwp-content%2Fuploads%2F2023%2F08 HTTP/1.1" 200 1147 "-" "Mozilla/5.0 AppleWebKit/537.36 (KHTML, like Gecko; compatible; GPTBot/1.2; +https://openai.com/gptbot)"
20.171.207.254 - - [26/Apr/2025:02:25:54 -0400] "GET /about.php?action=edit&file=placeholder-37-85x85.png&path=%2Fhome%2Fmakmfewe%2Fzeestudy.com%2Fwp-content%2Fuploads%2F2023%2F08 HTTP/1.1" 200 1147 "-" "Mozilla/5.0 AppleWebKit/537.36 (KHTML, like Gecko; compatible; GPTBot/1.2; +https://openai.com/gptbot)"
147.135.212.200 - - [26/Apr/2025:02:25:54 -0400] "GET /about.php?action=edit&file=libxcb-xselinux.so.0&path=//usr/lib64 HTTP/1.1" 200 8993 "-" "Mozilla/5.0 (compatible; MJ12bot/v1.4.8; http://mj12bot.com/)"
20.171.207.254 - - [26/Apr/2025:02:25:55 -0400] "GET /about.php?action=edit&file=placeholder-45-80x80.png&path=%2Fhome%2Fmakmfewe%2Fzeestudy.com%2Fwp-content%2Fuploads%2F2023%2F08 HTTP/1.1" 200 1129 "-" "Mozilla/5.0 AppleWebKit/537.36 (KHTML, like Gecko; compatible; GPTBot/1.2; +https://openai.com/gptbot)"
147.135.212.200 - - [26/Apr/2025:02:25:57 -0400] "GET /about.php?action=edit&file=libxcb-xselinux.so.0.0.0&path=//usr/lib64 HTTP/1.1" 200 9011 "-" "Mozilla/5.0 (compatible; MJ12bot/v1.4.8; http://mj12bot.com/)"
20.171.207.254 - - [26/Apr/2025:02:25:57 -0400] "GET /about.php?action=edit&file=placeholder-2-150x150.png&path=%2Fhome%2Fmakmfewe%2Fsh-fragrances.com%2Fwp-content%2Fuploads%2F2023%2F06 HTTP/1.1" 200 1560 "-" "Mozilla/5.0 AppleWebKit/537.36 (KHTML, like Gecko; compatible; GPTBot/1.2; +https://openai.com/gptbot)"
20.171.207.254 - - [26/Apr/2025:02:25:59 -0400] "GET /about.php?action=edit&file=placeholder-54-85x85.png&path=%2Fhome%2Fmakmfewe%2Fzeestudy.com%2Fwp-content%2Fuploads%2F2023%2F08 HTTP/1.1" 200 1149 "-" "Mozilla/5.0 AppleWebKit/537.36 (KHTML, like Gecko; compatible; GPTBot/1.2; +https://openai.com/gptbot)"
147.135.212.200 - - [26/Apr/2025:02:26:00 -0400] "GET /about.php?action=edit&file=libxcb-xtest.so&path=//usr/lib64 HTTP/1.1" 200 4018 "-" "Mozilla/5.0 (compatible; MJ12bot/v1.4.8; http://mj12bot.com/)"
20.171.207.254 - - [26/Apr/2025:02:26:00 -0400] "GET /about.php?action=edit&file=placeholder-46-85x85.png&path=%2Fhome%2Fmakmfewe%2Fzeestudy.com%2Fwp-content%2Fuploads%2F2023%2F08 HTTP/1.1" 200 1146 "-" "Mozilla/5.0 AppleWebKit/537.36 (KHTML, like Gecko; compatible; GPTBot/1.2; +https://openai.com/gptbot)"
20.171.207.254 - - [26/Apr/2025:02:26:01 -0400] "GET /about.php?action=edit&file=placeholder-38-85x85.png&path=%2Fhome%2Fmakmfewe%2Fzeestudy.com%2Fwp-content%2Fuploads%2F2023%2F08 HTTP/1.1" 200 1147 "-" "Mozilla/5.0 AppleWebKit/537.36 (KHTML, like Gecko; compatible; GPTBot/1.2; +https://openai.com/gptbot)"
