OwlCyberSecurity - MANAGER
Edit File: frugilo.com.arsn.media-ssl_log
51.222.253.14 - - [28/Apr/2025:03:47:36 -0400] "GET /love-bonito-promo-code?filter=deals HTTP/1.1" 200 4549 "-" "Mozilla/5.0 (compatible; AhrefsBot/7.0; +http://ahrefs.com/robot/)"
2a06:98c0:3600::103 - - [28/Apr/2025:03:47:56 -0400] "GET /wordpress/wp-admin/setup-config.php HTTP/1.1" 404 1992 "-" "Mozilla/5.0 (Windows NT 10.0; Win64; x64) AppleWebKit/537.36 (KHTML, like Gecko) Chrome/135.0.0.0 Safari/537.36"
2a06:98c0:3600::103 - - [28/Apr/2025:03:48:07 -0400] "GET /wordpress/wp-admin/setup-config.php HTTP/1.1" 404 1992 "-" "Mozilla/5.0 (Windows NT 10.0; Win64; x64) AppleWebKit/537.36 (KHTML, like Gecko) Chrome/135.0.0.0 Safari/537.36"
2a06:98c0:3600::103 - - [28/Apr/2025:03:48:39 -0400] "GET /wp-admin/setup-config.php HTTP/1.1" 404 1992 "-" "Mozilla/5.0 (Windows NT 10.0; Win64; x64) AppleWebKit/537.36 (KHTML, like Gecko) Chrome/135.0.0.0 Safari/537.36"
85.208.96.193 - - [28/Apr/2025:03:49:25 -0400] "GET /robots.txt HTTP/1.1" 200 24 "-" "Mozilla/5.0 (compatible; SemrushBot/7~bl; +http://www.semrush.com/bot.html)"
185.191.171.13 - - [28/Apr/2025:03:49:27 -0400] "GET /dhgate-vouchers HTTP/1.1" 200 5510 "-" "Mozilla/5.0 (compatible; SemrushBot/7~bl; +http://www.semrush.com/bot.html)"
2a06:98c0:3600::103 - - [28/Apr/2025:03:50:52 -0400] "GET /wp-admin/setup-config.php HTTP/1.1" 200 0 "-" "Mozilla/5.0 (Windows NT 10.0; Win64; x64) AppleWebKit/537.36 (KHTML, like Gecko) Chrome/135.0.0.0 Safari/537.36"
85.208.96.210 - - [28/Apr/2025:03:52:27 -0400] "GET /kinguin-coupon-codes HTTP/1.1" 200 5202 "-" "Mozilla/5.0 (compatible; SemrushBot/7~bl; +http://www.semrush.com/bot.html)"
185.191.171.3 - - [28/Apr/2025:03:54:00 -0400] "GET /compensair-discount-codes HTTP/1.1" 200 5269 "-" "Mozilla/5.0 (compatible; SemrushBot/7~bl; +http://www.semrush.com/bot.html)"
85.208.96.208 - - [28/Apr/2025:03:57:49 -0400] "GET /vitality-plus-supplements-coupn-code HTTP/1.1" 200 4204 "-" "Mozilla/5.0 (compatible; SemrushBot/7~bl; +http://www.semrush.com/bot.html)"
185.191.171.3 - - [28/Apr/2025:03:58:50 -0400] "GET /palazzo-versace-dubai-vouchers HTTP/1.1" 200 5322 "-" "Mozilla/5.0 (compatible; SemrushBot/7~bl; +http://www.semrush.com/bot.html)"
51.222.253.19 - - [28/Apr/2025:03:58:57 -0400] "GET /justfashionnow-discount?filter=codes HTTP/1.1" 200 4021 "-" "Mozilla/5.0 (compatible; AhrefsBot/7.0; +http://ahrefs.com/robot/)"
85.208.96.206 - - [28/Apr/2025:04:01:40 -0400] "GET /fitkitty-culture-vouchers HTTP/1.1" 200 6029 "-" "Mozilla/5.0 (compatible; SemrushBot/7~bl; +http://www.semrush.com/bot.html)"
85.208.96.209 - - [28/Apr/2025:04:01:54 -0400] "GET /drowsy-llc-vouchers HTTP/1.1" 200 5941 "-" "Mozilla/5.0 (compatible; SemrushBot/7~bl; +http://www.semrush.com/bot.html)"
2a06:98c0:3600::103 - - [28/Apr/2025:04:02:43 -0400] "GET /wordpress/wp-admin/setup-config.php HTTP/1.1" 404 1992 "-" "Mozilla/5.0 (Windows NT 10.0; Win64; x64) AppleWebKit/537.36 (KHTML, like Gecko) Chrome/135.0.0.0 Safari/537.36"
2a06:98c0:3600::103 - - [28/Apr/2025:04:04:00 -0400] "GET /wp-admin/setup-config.php HTTP/1.1" 404 1992 "-" "Mozilla/5.0 (Windows NT 10.0; Win64; x64) AppleWebKit/537.36 (KHTML, like Gecko) Chrome/135.0.0.0 Safari/537.36"
2a06:98c0:3600::103 - - [28/Apr/2025:04:05:10 -0400] "GET /wordpress/wp-admin/setup-config.php HTTP/1.1" 404 1992 "-" "Mozilla/5.0 (Windows NT 10.0; Win64; x64) AppleWebKit/537.36 (KHTML, like Gecko) Chrome/135.0.0.0 Safari/537.36"
2a06:98c0:3600::103 - - [28/Apr/2025:04:05:53 -0400] "GET /wp-admin/setup-config.php HTTP/1.1" 404 1992 "-" "Mozilla/5.0 (Windows NT 10.0; Win64; x64) AppleWebKit/537.36 (KHTML, like Gecko) Chrome/135.0.0.0 Safari/537.36"
185.191.171.6 - - [28/Apr/2025:04:07:18 -0400] "GET /musicedu-voucher-codes HTTP/1.1" 200 5486 "-" "Mozilla/5.0 (compatible; SemrushBot/7~bl; +http://www.semrush.com/bot.html)"
185.191.171.5 - - [28/Apr/2025:04:10:08 -0400] "GET /keyper-llc-vouchers HTTP/1.1" 200 5857 "-" "Mozilla/5.0 (compatible; SemrushBot/7~bl; +http://www.semrush.com/bot.html)"
51.222.253.2 - - [28/Apr/2025:04:10:13 -0400] "GET /justfashionnow-discount?filter=deals HTTP/1.1" 200 4393 "-" "Mozilla/5.0 (compatible; AhrefsBot/7.0; +http://ahrefs.com/robot/)"
85.208.96.206 - - [28/Apr/2025:04:11:38 -0400] "GET /angrysale-coupon-code HTTP/1.1" 200 5824 "-" "Mozilla/5.0 (compatible; SemrushBot/7~bl; +http://www.semrush.com/bot.html)"
2a06:98c0:3600::103 - - [28/Apr/2025:04:21:13 -0400] "GET /wordpress/wp-admin/setup-config.php HTTP/1.1" 200 0 "-" "Mozilla/5.0 (Windows NT 10.0; Win64; x64) AppleWebKit/537.36 (KHTML, like Gecko) Chrome/135.0.0.0 Safari/537.36"
185.191.171.18 - - [28/Apr/2025:04:21:15 -0400] "GET /reolink-coupon HTTP/1.1" 200 5202 "-" "Mozilla/5.0 (compatible; SemrushBot/7~bl; +http://www.semrush.com/bot.html)"
85.208.96.201 - - [28/Apr/2025:04:21:22 -0400] "GET /norba-discount-codes HTTP/1.1" 200 4297 "-" "Mozilla/5.0 (compatible; SemrushBot/7~bl; +http://www.semrush.com/bot.html)"
51.222.253.2 - - [28/Apr/2025:04:21:44 -0400] "GET /saramart-voucher-code?filter=codes HTTP/1.1" 200 4245 "-" "Mozilla/5.0 (compatible; AhrefsBot/7.0; +http://ahrefs.com/robot/)"
2a06:98c0:3600::103 - - [28/Apr/2025:04:22:14 -0400] "GET /wordpress/wp-admin/setup-config.php HTTP/1.1" 404 1992 "-" "Mozilla/5.0 (Windows NT 10.0; Win64; x64) AppleWebKit/537.36 (KHTML, like Gecko) Chrome/135.0.0.0 Safari/537.36"
2a06:98c0:3600::103 - - [28/Apr/2025:04:22:18 -0400] "GET /wp-admin/setup-config.php HTTP/1.1" 404 1992 "-" "Mozilla/5.0 (Windows NT 10.0; Win64; x64) AppleWebKit/537.36 (KHTML, like Gecko) Chrome/135.0.0.0 Safari/537.36"
185.191.171.15 - - [28/Apr/2025:04:23:23 -0400] "GET /alleyoop-discounts HTTP/1.1" 200 5303 "-" "Mozilla/5.0 (compatible; SemrushBot/7~bl; +http://www.semrush.com/bot.html)"
85.208.96.204 - - [28/Apr/2025:04:26:37 -0400] "GET /emblazon-edge-discount-codes HTTP/1.1" 200 5586 "-" "Mozilla/5.0 (compatible; SemrushBot/7~bl; +http://www.semrush.com/bot.html)"
138.199.17.133 - - [28/Apr/2025:04:26:52 -0400] "GET /admin HTTP/1.1" 302 162 "-" "Mozilla/5.0 (KeitaroScanner/2.2)"
138.199.17.133 - - [28/Apr/2025:04:26:53 -0400] "GET /stores HTTP/1.1" 200 7592 "-" "Mozilla/5.0 (KeitaroScanner/2.2)"
138.199.17.133 - - [28/Apr/2025:04:26:54 -0400] "GET /admin HTTP/1.1" 302 162 "-" "Mozilla/5.0 (KeitaroScanner/2.2)"
138.199.17.133 - - [28/Apr/2025:04:26:55 -0400] "GET /stores HTTP/1.1" 200 7592 "-" "Mozilla/5.0 (KeitaroScanner/2.2)"
185.191.171.7 - - [28/Apr/2025:04:27:43 -0400] "GET /chopin-voucher HTTP/1.1" 200 5258 "-" "Mozilla/5.0 (compatible; SemrushBot/7~bl; +http://www.semrush.com/bot.html)"
85.208.96.197 - - [28/Apr/2025:04:31:36 -0400] "GET /z.com-voucher-codes HTTP/1.1" 200 5147 "-" "Mozilla/5.0 (compatible; SemrushBot/7~bl; +http://www.semrush.com/bot.html)"
2a06:98c0:3600::103 - - [28/Apr/2025:04:34:32 -0400] "GET /wordpress/wp-admin/setup-config.php HTTP/1.1" 404 1992 "-" "Mozilla/5.0 (Windows NT 10.0; Win64; x64) AppleWebKit/537.36 (KHTML, like Gecko) Chrome/135.0.0.0 Safari/537.36"
85.208.96.200 - - [28/Apr/2025:04:34:36 -0400] "GET /epicvin-voucher-code HTTP/1.1" 200 5553 "-" "Mozilla/5.0 (compatible; SemrushBot/7~bl; +http://www.semrush.com/bot.html)"
51.222.253.9 - - [28/Apr/2025:04:34:57 -0400] "GET /saramart-voucher-code?filter=deals HTTP/1.1" 200 4245 "-" "Mozilla/5.0 (compatible; AhrefsBot/7.0; +http://ahrefs.com/robot/)"
185.191.171.16 - - [28/Apr/2025:04:36:12 -0400] "GET /orbital-clothing-voucher HTTP/1.1" 200 5244 "-" "Mozilla/5.0 (compatible; SemrushBot/7~bl; +http://www.semrush.com/bot.html)"
2a06:98c0:3600::103 - - [28/Apr/2025:04:36:38 -0400] "GET /wp-admin/setup-config.php HTTP/1.1" 404 1992 "-" "Mozilla/5.0 (Windows NT 10.0; Win64; x64) AppleWebKit/537.36 (KHTML, like Gecko) Chrome/135.0.0.0 Safari/537.36"
2a06:98c0:3600::103 - - [28/Apr/2025:04:37:08 -0400] "GET /wp-admin/setup-config.php HTTP/1.1" 404 1992 "-" "Mozilla/5.0 (Windows NT 10.0; Win64; x64) AppleWebKit/537.36 (KHTML, like Gecko) Chrome/135.0.0.0 Safari/537.36"
85.208.96.200 - - [28/Apr/2025:04:37:28 -0400] "GET /rayna-tours-vouchers HTTP/1.1" 200 5420 "-" "Mozilla/5.0 (compatible; SemrushBot/7~bl; +http://www.semrush.com/bot.html)"
2a06:98c0:3600::103 - - [28/Apr/2025:04:38:30 -0400] "GET /wordpress/wp-admin/setup-config.php HTTP/1.1" 404 1992 "-" "Mozilla/5.0 (Windows NT 10.0; Win64; x64) AppleWebKit/537.36 (KHTML, like Gecko) Chrome/135.0.0.0 Safari/537.36"
195.191.219.132 - - [28/Apr/2025:04:39:46 -0400] "GET /robots.txt HTTP/1.1" 200 24 "-" "Mozilla/5.0 (compatible; MJ12bot/v2.0.0; http://mj12bot.com/)"
195.191.219.132 - - [28/Apr/2025:04:39:47 -0400] "GET / HTTP/1.1" 200 4891 "-" "Mozilla/5.0 (compatible; MJ12bot/v2.0.0; http://mj12bot.com/)"
185.191.171.19 - - [28/Apr/2025:04:47:37 -0400] "GET /peacebird-promo-codes HTTP/1.1" 200 5182 "-" "Mozilla/5.0 (compatible; SemrushBot/7~bl; +http://www.semrush.com/bot.html)"
51.222.253.8 - - [28/Apr/2025:04:49:02 -0400] "GET /nekmit-discount?filter=codes HTTP/1.1" 200 4296 "-" "Mozilla/5.0 (compatible; AhrefsBot/7.0; +http://ahrefs.com/robot/)"
35.164.42.83 - - [28/Apr/2025:04:49:43 -0400] "GET / HTTP/1.1" 200 5796 "-" "Mozilla/5.0 (Windows NT 10.0; Win64; x64)AppleWebKit/537.36 (KHTML, like Gecko) Chrome/66.0.3359.181 Safari/537.36"
35.164.42.83 - - [28/Apr/2025:04:49:48 -0400] "GET / HTTP/1.1" 200 5793 "-" "Mozilla/5.0 (Windows NT 10.0; Win64; x64)AppleWebKit/537.36 (KHTML, like Gecko) Chrome/66.0.3359.181 Safari/537.36"
2a06:98c0:3600::103 - - [28/Apr/2025:04:51:37 -0400] "GET /wp-admin/setup-config.php HTTP/1.1" 404 1992 "-" "Mozilla/5.0 (Windows NT 10.0; Win64; x64) AppleWebKit/537.36 (KHTML, like Gecko) Chrome/135.0.0.0 Safari/537.36"
2a06:98c0:3600::103 - - [28/Apr/2025:04:52:06 -0400] "GET /wordpress/wp-admin/setup-config.php HTTP/1.1" 404 1992 "-" "Mozilla/5.0 (Windows NT 10.0; Win64; x64) AppleWebKit/537.36 (KHTML, like Gecko) Chrome/135.0.0.0 Safari/537.36"
85.208.96.193 - - [28/Apr/2025:04:53:04 -0400] "GET /robots.txt HTTP/1.1" 200 24 "-" "Mozilla/5.0 (compatible; SemrushBot/7~bl; +http://www.semrush.com/bot.html)"
85.208.96.201 - - [28/Apr/2025:04:53:05 -0400] "GET /boom-beauty-vouchers HTTP/1.1" 200 7689 "-" "Mozilla/5.0 (compatible; SemrushBot/7~bl; +http://www.semrush.com/bot.html)"
2a06:98c0:3600::103 - - [28/Apr/2025:04:53:22 -0400] "GET /wp-admin/setup-config.php HTTP/1.1" 404 1992 "-" "Mozilla/5.0 (Windows NT 10.0; Win64; x64) AppleWebKit/537.36 (KHTML, like Gecko) Chrome/135.0.0.0 Safari/537.36"
2a06:98c0:3600::103 - - [28/Apr/2025:04:53:45 -0400] "GET /wordpress/wp-admin/setup-config.php HTTP/1.1" 404 1992 "-" "Mozilla/5.0 (Windows NT 10.0; Win64; x64) AppleWebKit/537.36 (KHTML, like Gecko) Chrome/135.0.0.0 Safari/537.36"
85.208.96.200 - - [28/Apr/2025:04:56:07 -0400] "GET /donner-music-promo-codes HTTP/1.1" 200 5323 "-" "Mozilla/5.0 (compatible; SemrushBot/7~bl; +http://www.semrush.com/bot.html)"
185.191.171.7 - - [28/Apr/2025:04:58:04 -0400] "GET /haloral-discount HTTP/1.1" 200 5771 "-" "Mozilla/5.0 (compatible; SemrushBot/7~bl; +http://www.semrush.com/bot.html)"
185.191.171.16 - - [28/Apr/2025:04:59:03 -0400] "GET /pcloud-discount HTTP/1.1" 200 5184 "-" "Mozilla/5.0 (compatible; SemrushBot/7~bl; +http://www.semrush.com/bot.html)"
85.208.96.193 - - [28/Apr/2025:05:03:36 -0400] "GET /pc-sales-online-voucher-code HTTP/1.1" 200 5202 "-" "Mozilla/5.0 (compatible; SemrushBot/7~bl; +http://www.semrush.com/bot.html)"
85.208.96.200 - - [28/Apr/2025:05:05:12 -0400] "GET /saramart-voucher-code HTTP/1.1" 200 5106 "-" "Mozilla/5.0 (compatible; SemrushBot/7~bl; +http://www.semrush.com/bot.html)"
85.208.96.202 - - [28/Apr/2025:05:05:31 -0400] "GET /bounce-nutrition-discounts HTTP/1.1" 200 5516 "-" "Mozilla/5.0 (compatible; SemrushBot/7~bl; +http://www.semrush.com/bot.html)"
2a06:98c0:3600::103 - - [28/Apr/2025:05:05:31 -0400] "GET /wordpress/wp-admin/setup-config.php HTTP/1.1" 404 0 "-" "Mozilla/5.0 (Windows NT 10.0; Win64; x64) AppleWebKit/537.36 (KHTML, like Gecko) Chrome/135.0.0.0 Safari/537.36"
51.222.253.9 - - [28/Apr/2025:05:06:53 -0400] "GET /nekmit-discount?filter=deals HTTP/1.1" 200 4267 "-" "Mozilla/5.0 (compatible; AhrefsBot/7.0; +http://ahrefs.com/robot/)"
2a06:98c0:3600::103 - - [28/Apr/2025:05:07:33 -0400] "GET /wordpress/wp-admin/setup-config.php HTTP/1.1" 404 1992 "-" "Mozilla/5.0 (Windows NT 10.0; Win64; x64) AppleWebKit/537.36 (KHTML, like Gecko) Chrome/135.0.0.0 Safari/537.36"
2a06:98c0:3600::103 - - [28/Apr/2025:05:09:09 -0400] "GET /wp-admin/setup-config.php HTTP/1.1" 404 1992 "-" "Mozilla/5.0 (Windows NT 10.0; Win64; x64) AppleWebKit/537.36 (KHTML, like Gecko) Chrome/135.0.0.0 Safari/537.36"
85.208.96.204 - - [28/Apr/2025:05:09:17 -0400] "GET /invideo-ai-discounts HTTP/1.1" 200 5307 "-" "Mozilla/5.0 (compatible; SemrushBot/7~bl; +http://www.semrush.com/bot.html)"
85.208.98.23 - - [28/Apr/2025:05:14:47 -0400] "GET /robots.txt HTTP/1.1" 200 24 "http://frugilo.com/robots.txt" "Mozilla/5.0 (compatible; SemrushBot-BA; +http://www.semrush.com/bot.html)"
85.208.98.31 - - [28/Apr/2025:05:15:24 -0400] "GET /danelfin-vouchers HTTP/1.1" 200 0 "-" "Mozilla/5.0 (compatible; SemrushBot-BA; +http://www.semrush.com/bot.html)"
51.222.253.8 - - [28/Apr/2025:05:18:29 -0400] "GET /keyper-llc-vouchers?filter=codes HTTP/1.1" 200 4618 "-" "Mozilla/5.0 (compatible; AhrefsBot/7.0; +http://ahrefs.com/robot/)"
185.191.171.7 - - [28/Apr/2025:05:21:21 -0400] "GET /welax-coupon-code HTTP/1.1" 200 5147 "-" "Mozilla/5.0 (compatible; SemrushBot/7~bl; +http://www.semrush.com/bot.html)"
2a06:98c0:3600::103 - - [28/Apr/2025:05:23:15 -0400] "GET /wp-admin/setup-config.php HTTP/1.1" 404 1992 "-" "Mozilla/5.0 (Windows NT 10.0; Win64; x64) AppleWebKit/537.36 (KHTML, like Gecko) Chrome/135.0.0.0 Safari/537.36"
185.191.171.12 - - [28/Apr/2025:05:24:03 -0400] "GET /kollyy-couponcode HTTP/1.1" 200 5469 "-" "Mozilla/5.0 (compatible; SemrushBot/7~bl; +http://www.semrush.com/bot.html)"
2a06:98c0:3600::103 - - [28/Apr/2025:05:24:37 -0400] "GET /wordpress/wp-admin/setup-config.php HTTP/1.1" 404 1992 "-" "Mozilla/5.0 (Windows NT 10.0; Win64; x64) AppleWebKit/537.36 (KHTML, like Gecko) Chrome/135.0.0.0 Safari/537.36"
2a06:98c0:3600::103 - - [28/Apr/2025:05:25:14 -0400] "GET /wordpress/wp-admin/setup-config.php HTTP/1.1" 404 1992 "-" "Mozilla/5.0 (Windows NT 10.0; Win64; x64) AppleWebKit/537.36 (KHTML, like Gecko) Chrome/135.0.0.0 Safari/537.36"
2a06:98c0:3600::103 - - [28/Apr/2025:05:25:36 -0400] "GET /wp-admin/setup-config.php HTTP/1.1" 404 1992 "-" "Mozilla/5.0 (Windows NT 10.0; Win64; x64) AppleWebKit/537.36 (KHTML, like Gecko) Chrome/135.0.0.0 Safari/537.36"
85.208.96.198 - - [28/Apr/2025:05:28:14 -0400] "GET /ivacy-vpn-coupon-code HTTP/1.1" 200 5510 "-" "Mozilla/5.0 (compatible; SemrushBot/7~bl; +http://www.semrush.com/bot.html)"
85.208.96.194 - - [28/Apr/2025:05:31:09 -0400] "GET /cyber-florist-discount-codes HTTP/1.1" 200 5565 "-" "Mozilla/5.0 (compatible; SemrushBot/7~bl; +http://www.semrush.com/bot.html)"
85.208.96.209 - - [28/Apr/2025:05:34:48 -0400] "GET /wayrates-discounts HTTP/1.1" 200 5640 "-" "Mozilla/5.0 (compatible; SemrushBot/7~bl; +http://www.semrush.com/bot.html)"
51.222.253.11 - - [28/Apr/2025:05:37:33 -0400] "GET /keyper-llc-vouchers?filter=deals HTTP/1.1" 200 4442 "-" "Mozilla/5.0 (compatible; AhrefsBot/7.0; +http://ahrefs.com/robot/)"
85.208.96.204 - - [28/Apr/2025:05:38:34 -0400] "GET /ringtree-discount-codes HTTP/1.1" 200 5078 "-" "Mozilla/5.0 (compatible; SemrushBot/7~bl; +http://www.semrush.com/bot.html)"
2a06:98c0:3600::103 - - [28/Apr/2025:05:39:57 -0400] "GET /wordpress/wp-admin/setup-config.php HTTP/1.1" 404 1992 "-" "Mozilla/5.0 (Windows NT 10.0; Win64; x64) AppleWebKit/537.36 (KHTML, like Gecko) Chrome/135.0.0.0 Safari/537.36"
2a06:98c0:3600::103 - - [28/Apr/2025:05:40:08 -0400] "GET /wp-admin/setup-config.php HTTP/1.1" 404 1992 "-" "Mozilla/5.0 (Windows NT 10.0; Win64; x64) AppleWebKit/537.36 (KHTML, like Gecko) Chrome/135.0.0.0 Safari/537.36"
2a06:98c0:3600::103 - - [28/Apr/2025:05:40:09 -0400] "GET /wordpress/wp-admin/setup-config.php HTTP/1.1" 404 1992 "-" "Mozilla/5.0 (Windows NT 10.0; Win64; x64) AppleWebKit/537.36 (KHTML, like Gecko) Chrome/135.0.0.0 Safari/537.36"
85.208.96.202 - - [28/Apr/2025:05:40:44 -0400] "GET /edu-technologies-fzco-vouchers HTTP/1.1" 200 4293 "-" "Mozilla/5.0 (compatible; SemrushBot/7~bl; +http://www.semrush.com/bot.html)"
2a06:98c0:3600::103 - - [28/Apr/2025:05:41:42 -0400] "GET /wp-admin/setup-config.php HTTP/1.1" 404 1992 "-" "Mozilla/5.0 (Windows NT 10.0; Win64; x64) AppleWebKit/537.36 (KHTML, like Gecko) Chrome/135.0.0.0 Safari/537.36"
185.191.171.13 - - [28/Apr/2025:05:45:23 -0400] "GET /govee-vouchers HTTP/1.1" 200 5556 "-" "Mozilla/5.0 (compatible; SemrushBot/7~bl; +http://www.semrush.com/bot.html)"
185.191.171.1 - - [28/Apr/2025:05:45:37 -0400] "GET /love-bonito-promo-code HTTP/1.1" 200 5511 "-" "Mozilla/5.0 (compatible; SemrushBot/7~bl; +http://www.semrush.com/bot.html)"
51.222.253.1 - - [28/Apr/2025:05:49:37 -0400] "GET /good-friend-discount-code?filter=codes HTTP/1.1" 200 4706 "-" "Mozilla/5.0 (compatible; AhrefsBot/7.0; +http://ahrefs.com/robot/)"
2a06:98c0:3600::103 - - [28/Apr/2025:05:55:25 -0400] "GET /wp-admin/setup-config.php HTTP/1.1" 404 1992 "-" "Mozilla/5.0 (Windows NT 10.0; Win64; x64) AppleWebKit/537.36 (KHTML, like Gecko) Chrome/135.0.0.0 Safari/537.36"
185.191.171.16 - - [28/Apr/2025:05:55:56 -0400] "GET /robots.txt HTTP/1.1" 200 24 "-" "Mozilla/5.0 (compatible; SemrushBot/7~bl; +http://www.semrush.com/bot.html)"
85.208.96.193 - - [28/Apr/2025:05:55:56 -0400] "GET /colourpop-vouchers HTTP/1.1" 200 5597 "-" "Mozilla/5.0 (compatible; SemrushBot/7~bl; +http://www.semrush.com/bot.html)"
185.191.171.19 - - [28/Apr/2025:05:56:19 -0400] "GET /banggood-voucher-codes HTTP/1.1" 200 5619 "-" "Mozilla/5.0 (compatible; SemrushBot/7~bl; +http://www.semrush.com/bot.html)"
2a06:98c0:3600::103 - - [28/Apr/2025:05:57:06 -0400] "GET /wordpress/wp-admin/setup-config.php HTTP/1.1" 404 1992 "-" "Mozilla/5.0 (Windows NT 10.0; Win64; x64) AppleWebKit/537.36 (KHTML, like Gecko) Chrome/135.0.0.0 Safari/537.36"
85.208.96.196 - - [28/Apr/2025:05:57:29 -0400] "GET /vevor-voucher-codes HTTP/1.1" 200 5550 "-" "Mozilla/5.0 (compatible; SemrushBot/7~bl; +http://www.semrush.com/bot.html)"
2a06:98c0:3600::103 - - [28/Apr/2025:05:58:13 -0400] "GET /wp-admin/setup-config.php HTTP/1.1" 404 1992 "-" "Mozilla/5.0 (Windows NT 10.0; Win64; x64) AppleWebKit/537.36 (KHTML, like Gecko) Chrome/135.0.0.0 Safari/537.36"
2a06:98c0:3600::103 - - [28/Apr/2025:05:58:51 -0400] "GET /wordpress/wp-admin/setup-config.php HTTP/1.1" 404 1992 "-" "Mozilla/5.0 (Windows NT 10.0; Win64; x64) AppleWebKit/537.36 (KHTML, like Gecko) Chrome/135.0.0.0 Safari/537.36"
122.51.104.231 - - [28/Apr/2025:06:00:41 -0400] "GET / HTTP/1.1" 301 795 "http://www.frugilo.com" "Mozilla/5.0 (iPhone; CPU iPhone OS 13_2_3 like Mac OS X) AppleWebKit/605.1.15 (KHTML, like Gecko) Version/13.0.3 Mobile/15E148 Safari/604.1"
122.51.104.231 - - [28/Apr/2025:06:00:43 -0400] "GET / HTTP/1.1" 200 5796 "http://frugilo.com/" "Mozilla/5.0 (iPhone; CPU iPhone OS 13_2_3 like Mac OS X) AppleWebKit/605.1.15 (KHTML, like Gecko) Version/13.0.3 Mobile/15E148 Safari/604.1"
185.191.171.11 - - [28/Apr/2025:06:01:39 -0400] "GET /about-us HTTP/1.1" 200 5142 "-" "Mozilla/5.0 (compatible; SemrushBot/7~bl; +http://www.semrush.com/bot.html)"
185.191.171.8 - - [28/Apr/2025:06:01:41 -0400] "GET /fyn-voucher-codes HTTP/1.1" 200 5317 "-" "Mozilla/5.0 (compatible; SemrushBot/7~bl; +http://www.semrush.com/bot.html)"
51.222.253.8 - - [28/Apr/2025:06:01:57 -0400] "GET /good-friend-discount-code?filter=deals HTTP/1.1" 200 4699 "-" "Mozilla/5.0 (compatible; AhrefsBot/7.0; +http://ahrefs.com/robot/)"
185.191.171.13 - - [28/Apr/2025:06:08:51 -0400] "GET /injurydirect-pharmacy-promo HTTP/1.1" 200 5565 "-" "Mozilla/5.0 (compatible; SemrushBot/7~bl; +http://www.semrush.com/bot.html)"
2a06:98c0:3600::103 - - [28/Apr/2025:06:09:36 -0400] "GET /wp-admin/setup-config.php HTTP/1.1" 404 1992 "-" "Mozilla/5.0 (Windows NT 10.0; Win64; x64) AppleWebKit/537.36 (KHTML, like Gecko) Chrome/135.0.0.0 Safari/537.36"
2a06:98c0:3600::103 - - [28/Apr/2025:06:09:50 -0400] "GET /wordpress/wp-admin/setup-config.php HTTP/1.1" 404 1992 "-" "Mozilla/5.0 (Windows NT 10.0; Win64; x64) AppleWebKit/537.36 (KHTML, like Gecko) Chrome/135.0.0.0 Safari/537.36"
185.191.171.6 - - [28/Apr/2025:06:10:17 -0400] "GET /buysquirrel-coupon-codes HTTP/1.1" 200 5420 "-" "Mozilla/5.0 (compatible; SemrushBot/7~bl; +http://www.semrush.com/bot.html)"
2a06:98c0:3600::103 - - [28/Apr/2025:06:10:50 -0400] "GET /wp-admin/setup-config.php HTTP/1.1" 404 1992 "-" "Mozilla/5.0 (Windows NT 10.0; Win64; x64) AppleWebKit/537.36 (KHTML, like Gecko) Chrome/135.0.0.0 Safari/537.36"
43.167.245.18 - - [28/Apr/2025:06:11:27 -0400] "GET / HTTP/1.1" 200 5796 "http://frugilo.com" "Mozilla/5.0 (iPhone; CPU iPhone OS 13_2_3 like Mac OS X) AppleWebKit/605.1.15 (KHTML, like Gecko) Version/13.0.3 Mobile/15E148 Safari/604.1"
185.191.171.2 - - [28/Apr/2025:06:13:03 -0400] "GET /by-the-table-coupon-code HTTP/1.1" 200 5280 "-" "Mozilla/5.0 (compatible; SemrushBot/7~bl; +http://www.semrush.com/bot.html)"
2a06:98c0:3600::103 - - [28/Apr/2025:06:13:57 -0400] "GET /wordpress/wp-admin/setup-config.php HTTP/1.1" 404 1992 "-" "Mozilla/5.0 (Windows NT 10.0; Win64; x64) AppleWebKit/537.36 (KHTML, like Gecko) Chrome/135.0.0.0 Safari/537.36"
51.222.253.3 - - [28/Apr/2025:06:15:11 -0400] "GET /skimpies-discount?filter=codes HTTP/1.1" 200 3939 "-" "Mozilla/5.0 (compatible; AhrefsBot/7.0; +http://ahrefs.com/robot/)"
103.244.175.189 - - [28/Apr/2025:06:18:26 -0400] "GET / HTTP/1.1" 200 4886 "-" "Mozilla/5.0 (Windows NT 10.0; Win64; x64) AppleWebKit/537.36 (KHTML, like Gecko) Chrome/135.0.0.0 Safari/537.36"
103.244.175.189 - - [28/Apr/2025:06:18:28 -0400] "GET /assets/frontend/css/style.css?v=13 HTTP/1.1" 200 12469 "https://frugilo.com/" "Mozilla/5.0 (Windows NT 10.0; Win64; x64) AppleWebKit/537.36 (KHTML, like Gecko) Chrome/135.0.0.0 Safari/537.36"
103.244.175.189 - - [28/Apr/2025:06:18:28 -0400] "GET /assets/frontend/css/normalize.css HTTP/1.1" 200 1998 "https://frugilo.com/" "Mozilla/5.0 (Windows NT 10.0; Win64; x64) AppleWebKit/537.36 (KHTML, like Gecko) Chrome/135.0.0.0 Safari/537.36"
103.244.175.189 - - [28/Apr/2025:06:18:28 -0400] "GET /assets/frontend/css/jquery.nouislider.css HTTP/1.1" 200 942 "https://frugilo.com/" "Mozilla/5.0 (Windows NT 10.0; Win64; x64) AppleWebKit/537.36 (KHTML, like Gecko) Chrome/135.0.0.0 Safari/537.36"
103.244.175.189 - - [28/Apr/2025:06:18:28 -0400] "GET /assets/frontend/css/style-dark.css?v=12 HTTP/1.1" 200 1404 "https://frugilo.com/" "Mozilla/5.0 (Windows NT 10.0; Win64; x64) AppleWebKit/537.36 (KHTML, like Gecko) Chrome/135.0.0.0 Safari/537.36"
103.244.175.189 - - [28/Apr/2025:06:18:28 -0400] "GET /assets/frontend/css/flexslider.css HTTP/1.1" 200 1704 "https://frugilo.com/" "Mozilla/5.0 (Windows NT 10.0; Win64; x64) AppleWebKit/537.36 (KHTML, like Gecko) Chrome/135.0.0.0 Safari/537.36"
103.244.175.189 - - [28/Apr/2025:06:18:28 -0400] "GET /assets/frontend/css/style-gray.css?v=12 HTTP/1.1" 200 1916 "https://frugilo.com/" "Mozilla/5.0 (Windows NT 10.0; Win64; x64) AppleWebKit/537.36 (KHTML, like Gecko) Chrome/135.0.0.0 Safari/537.36"
103.244.175.189 - - [28/Apr/2025:06:18:28 -0400] "GET /assets/frontend/css/res-menu.css HTTP/1.1" 200 1315 "https://frugilo.com/" "Mozilla/5.0 (Windows NT 10.0; Win64; x64) AppleWebKit/537.36 (KHTML, like Gecko) Chrome/135.0.0.0 Safari/537.36"
103.244.175.189 - - [28/Apr/2025:06:18:28 -0400] "GET /assets/frontend/css/jquery.popupcommon.css HTTP/1.1" 200 297 "https://frugilo.com/" "Mozilla/5.0 (Windows NT 10.0; Win64; x64) AppleWebKit/537.36 (KHTML, like Gecko) Chrome/135.0.0.0 Safari/537.36"
103.244.175.189 - - [28/Apr/2025:06:18:28 -0400] "GET /assets/frontend/css/responsive.css HTTP/1.1" 200 2284 "https://frugilo.com/" "Mozilla/5.0 (Windows NT 10.0; Win64; x64) AppleWebKit/537.36 (KHTML, like Gecko) Chrome/135.0.0.0 Safari/537.36"
103.244.175.189 - - [28/Apr/2025:06:18:28 -0400] "GET /assets/frontend/js/jquery-1.10.2.min.js HTTP/1.1" 200 31897 "https://frugilo.com/" "Mozilla/5.0 (Windows NT 10.0; Win64; x64) AppleWebKit/537.36 (KHTML, like Gecko) Chrome/135.0.0.0 Safari/537.36"
103.244.175.189 - - [28/Apr/2025:06:18:28 -0400] "GET /assets/frontend/images/ajax-loader.gif HTTP/1.1" 200 9427 "https://frugilo.com/" "Mozilla/5.0 (Windows NT 10.0; Win64; x64) AppleWebKit/537.36 (KHTML, like Gecko) Chrome/135.0.0.0 Safari/537.36"
103.244.175.189 - - [28/Apr/2025:06:18:28 -0400] "GET /storage/slider_images/slider_2025_04_24_21_28_16.png HTTP/1.1" 200 353416 "https://frugilo.com/" "Mozilla/5.0 (Windows NT 10.0; Win64; x64) AppleWebKit/537.36 (KHTML, like Gecko) Chrome/135.0.0.0 Safari/537.36"
103.244.175.189 - - [28/Apr/2025:06:18:29 -0400] "GET /storage/slider_images/slider_2023_10_31_13_45_48.jpg HTTP/1.1" 200 105786 "https://frugilo.com/" "Mozilla/5.0 (Windows NT 10.0; Win64; x64) AppleWebKit/537.36 (KHTML, like Gecko) Chrome/135.0.0.0 Safari/537.36"
103.244.175.189 - - [28/Apr/2025:06:18:29 -0400] "GET /storage/slider_images/slider_2023_10_31_14_04_14.jpg HTTP/1.1" 200 194232 "https://frugilo.com/" "Mozilla/5.0 (Windows NT 10.0; Win64; x64) AppleWebKit/537.36 (KHTML, like Gecko) Chrome/135.0.0.0 Safari/537.36"
103.244.175.189 - - [28/Apr/2025:06:18:29 -0400] "GET /assets/frontend/js/jquery.flexslider-min.js HTTP/1.1" 200 5945 "https://frugilo.com/" "Mozilla/5.0 (Windows NT 10.0; Win64; x64) AppleWebKit/537.36 (KHTML, like Gecko) Chrome/135.0.0.0 Safari/537.36"
103.244.175.189 - - [28/Apr/2025:06:18:29 -0400] "GET /assets/frontend/js/html5lightbox.js HTTP/1.1" 200 6721 "https://frugilo.com/" "Mozilla/5.0 (Windows NT 10.0; Win64; x64) AppleWebKit/537.36 (KHTML, like Gecko) Chrome/135.0.0.0 Safari/537.36"
103.244.175.189 - - [28/Apr/2025:06:18:29 -0400] "GET /assets/frontend/js/jquery.nouislider.js HTTP/1.1" 200 11364 "https://frugilo.com/" "Mozilla/5.0 (Windows NT 10.0; Win64; x64) AppleWebKit/537.36 (KHTML, like Gecko) Chrome/135.0.0.0 Safari/537.36"
103.244.175.189 - - [28/Apr/2025:06:18:29 -0400] "GET /assets/frontend/js/jquery.popupcommon.js HTTP/1.1" 200 1286 "https://frugilo.com/" "Mozilla/5.0 (Windows NT 10.0; Win64; x64) AppleWebKit/537.36 (KHTML, like Gecko) Chrome/135.0.0.0 Safari/537.36"
103.244.175.189 - - [28/Apr/2025:06:18:29 -0400] "GET /assets/frontend/js/script.js HTTP/1.1" 200 2169 "https://frugilo.com/" "Mozilla/5.0 (Windows NT 10.0; Win64; x64) AppleWebKit/537.36 (KHTML, like Gecko) Chrome/135.0.0.0 Safari/537.36"
103.244.175.189 - - [28/Apr/2025:06:18:29 -0400] "GET /assets/frontend/images/frugilo.png HTTP/1.1" 200 7129 "https://frugilo.com/" "Mozilla/5.0 (Windows NT 10.0; Win64; x64) AppleWebKit/537.36 (KHTML, like Gecko) Chrome/135.0.0.0 Safari/537.36"
103.244.175.189 - - [28/Apr/2025:06:18:29 -0400] "GET /assets/frontend/images/pinterest.png HTTP/1.1" 200 2358 "https://frugilo.com/" "Mozilla/5.0 (Windows NT 10.0; Win64; x64) AppleWebKit/537.36 (KHTML, like Gecko) Chrome/135.0.0.0 Safari/537.36"
103.244.175.189 - - [28/Apr/2025:06:18:29 -0400] "GET /assets/frontend/images/facebook.png HTTP/1.1" 200 1623 "https://frugilo.com/" "Mozilla/5.0 (Windows NT 10.0; Win64; x64) AppleWebKit/537.36 (KHTML, like Gecko) Chrome/135.0.0.0 Safari/537.36"
103.244.175.189 - - [28/Apr/2025:06:18:29 -0400] "GET /assets/frontend/images/instagram.png HTTP/1.1" 200 2270 "https://frugilo.com/" "Mozilla/5.0 (Windows NT 10.0; Win64; x64) AppleWebKit/537.36 (KHTML, like Gecko) Chrome/135.0.0.0 Safari/537.36"
103.244.175.189 - - [28/Apr/2025:06:18:29 -0400] "GET /assets/frontend/js/classie.js HTTP/1.1" 200 616 "https://frugilo.com/" "Mozilla/5.0 (Windows NT 10.0; Win64; x64) AppleWebKit/537.36 (KHTML, like Gecko) Chrome/135.0.0.0 Safari/537.36"
103.244.175.189 - - [28/Apr/2025:06:18:29 -0400] "GET /assets/frontend/js/mlpushmenu.js HTTP/1.1" 200 3799 "https://frugilo.com/" "Mozilla/5.0 (Windows NT 10.0; Win64; x64) AppleWebKit/537.36 (KHTML, like Gecko) Chrome/135.0.0.0 Safari/537.36"
103.244.175.189 - - [28/Apr/2025:06:18:29 -0400] "GET /assets/frontend/js/modernizr.custom.js HTTP/1.1" 200 3757 "https://frugilo.com/" "Mozilla/5.0 (Windows NT 10.0; Win64; x64) AppleWebKit/537.36 (KHTML, like Gecko) Chrome/135.0.0.0 Safari/537.36"
103.244.175.189 - - [28/Apr/2025:06:18:29 -0400] "GET /assets/frontend/images/tiktok.png HTTP/1.1" 200 2079 "https://frugilo.com/" "Mozilla/5.0 (Windows NT 10.0; Win64; x64) AppleWebKit/537.36 (KHTML, like Gecko) Chrome/135.0.0.0 Safari/537.36"
103.244.175.189 - - [28/Apr/2025:06:18:31 -0400] "GET /assets/frontend/images/lightbox-next.png HTTP/1.1" 200 49509 "https://frugilo.com/" "Mozilla/5.0 (Windows NT 10.0; Win64; x64) AppleWebKit/537.36 (KHTML, like Gecko) Chrome/135.0.0.0 Safari/537.36"
103.244.175.189 - - [28/Apr/2025:06:18:31 -0400] "GET /assets/frontend/images/lightbox-prev.png HTTP/1.1" 200 49509 "https://frugilo.com/" "Mozilla/5.0 (Windows NT 10.0; Win64; x64) AppleWebKit/537.36 (KHTML, like Gecko) Chrome/135.0.0.0 Safari/537.36"
103.244.175.189 - - [28/Apr/2025:06:18:31 -0400] "GET /assets/frontend/images/close.png HTTP/1.1" 200 49509 "https://frugilo.com/" "Mozilla/5.0 (Windows NT 10.0; Win64; x64) AppleWebKit/537.36 (KHTML, like Gecko) Chrome/135.0.0.0 Safari/537.36"
103.244.175.189 - - [28/Apr/2025:06:18:31 -0400] "GET /assets/frontend/images/icon.png HTTP/1.1" 200 3486 "https://frugilo.com/assets/frontend/css/flexslider.css" "Mozilla/5.0 (Windows NT 10.0; Win64; x64) AppleWebKit/537.36 (KHTML, like Gecko) Chrome/135.0.0.0 Safari/537.36"
103.244.175.189 - - [28/Apr/2025:06:18:32 -0400] "GET /assets/frontend/images/fav.png HTTP/1.1" 200 5502 "https://frugilo.com/" "Mozilla/5.0 (Windows NT 10.0; Win64; x64) AppleWebKit/537.36 (KHTML, like Gecko) Chrome/135.0.0.0 Safari/537.36"
103.244.175.189 - - [28/Apr/2025:06:18:45 -0400] "GET /blogs HTTP/1.1" 200 3084 "https://frugilo.com/" "Mozilla/5.0 (Windows NT 10.0; Win64; x64) AppleWebKit/537.36 (KHTML, like Gecko) Chrome/135.0.0.0 Safari/537.36"
103.244.175.189 - - [28/Apr/2025:06:18:49 -0400] "GET /categories HTTP/1.1" 200 5267 "https://frugilo.com/blogs" "Mozilla/5.0 (Windows NT 10.0; Win64; x64) AppleWebKit/537.36 (KHTML, like Gecko) Chrome/135.0.0.0 Safari/537.36"
103.244.175.189 - - [28/Apr/2025:06:18:50 -0400] "GET /storage/category_images/category_2023_11_08_14_08_54.png HTTP/1.1" 200 25722 "https://frugilo.com/categories" "Mozilla/5.0 (Windows NT 10.0; Win64; x64) AppleWebKit/537.36 (KHTML, like Gecko) Chrome/135.0.0.0 Safari/537.36"
103.244.175.189 - - [28/Apr/2025:06:18:50 -0400] "GET /storage/category_images/category_2023_11_08_14_08_20.png HTTP/1.1" 200 26158 "https://frugilo.com/categories" "Mozilla/5.0 (Windows NT 10.0; Win64; x64) AppleWebKit/537.36 (KHTML, like Gecko) Chrome/135.0.0.0 Safari/537.36"
103.244.175.189 - - [28/Apr/2025:06:18:50 -0400] "GET /storage/category_images/category_2023_11_08_14_08_43.png HTTP/1.1" 200 22716 "https://frugilo.com/categories" "Mozilla/5.0 (Windows NT 10.0; Win64; x64) AppleWebKit/537.36 (KHTML, like Gecko) Chrome/135.0.0.0 Safari/537.36"
103.244.175.189 - - [28/Apr/2025:06:18:50 -0400] "GET /storage/category_images/category_2023_11_08_14_09_06.png HTTP/1.1" 200 19836 "https://frugilo.com/categories" "Mozilla/5.0 (Windows NT 10.0; Win64; x64) AppleWebKit/537.36 (KHTML, like Gecko) Chrome/135.0.0.0 Safari/537.36"
103.244.175.189 - - [28/Apr/2025:06:18:50 -0400] "GET /storage/category_images/category_2023_11_08_14_10_35.png HTTP/1.1" 200 11279 "https://frugilo.com/categories" "Mozilla/5.0 (Windows NT 10.0; Win64; x64) AppleWebKit/537.36 (KHTML, like Gecko) Chrome/135.0.0.0 Safari/537.36"
103.244.175.189 - - [28/Apr/2025:06:18:50 -0400] "GET /storage/category_images/category_2023_11_08_14_11_10.png HTTP/1.1" 200 19708 "https://frugilo.com/categories" "Mozilla/5.0 (Windows NT 10.0; Win64; x64) AppleWebKit/537.36 (KHTML, like Gecko) Chrome/135.0.0.0 Safari/537.36"
103.244.175.189 - - [28/Apr/2025:06:18:50 -0400] "GET /storage/category_images/category_2023_11_08_14_11_58.png HTTP/1.1" 200 28445 "https://frugilo.com/categories" "Mozilla/5.0 (Windows NT 10.0; Win64; x64) AppleWebKit/537.36 (KHTML, like Gecko) Chrome/135.0.0.0 Safari/537.36"
103.244.175.189 - - [28/Apr/2025:06:18:50 -0400] "GET /storage/category_images/category_2023_11_08_14_12_34.png HTTP/1.1" 200 28748 "https://frugilo.com/categories" "Mozilla/5.0 (Windows NT 10.0; Win64; x64) AppleWebKit/537.36 (KHTML, like Gecko) Chrome/135.0.0.0 Safari/537.36"
103.244.175.189 - - [28/Apr/2025:06:18:50 -0400] "GET /storage/category_images/category_2023_11_08_14_10_48.png HTTP/1.1" 200 24855 "https://frugilo.com/categories" "Mozilla/5.0 (Windows NT 10.0; Win64; x64) AppleWebKit/537.36 (KHTML, like Gecko) Chrome/135.0.0.0 Safari/537.36"
103.244.175.189 - - [28/Apr/2025:06:18:50 -0400] "GET /storage/category_images/category_2023_11_08_14_13_10.png HTTP/1.1" 200 18037 "https://frugilo.com/categories" "Mozilla/5.0 (Windows NT 10.0; Win64; x64) AppleWebKit/537.36 (KHTML, like Gecko) Chrome/135.0.0.0 Safari/537.36"
103.244.175.189 - - [28/Apr/2025:06:18:50 -0400] "GET /storage/category_images/category_2023_11_08_14_12_56.png HTTP/1.1" 200 18525 "https://frugilo.com/categories" "Mozilla/5.0 (Windows NT 10.0; Win64; x64) AppleWebKit/537.36 (KHTML, like Gecko) Chrome/135.0.0.0 Safari/537.36"
103.244.175.189 - - [28/Apr/2025:06:18:50 -0400] "GET /storage/category_images/category_2023_11_08_14_10_59.png HTTP/1.1" 200 9178 "https://frugilo.com/categories" "Mozilla/5.0 (Windows NT 10.0; Win64; x64) AppleWebKit/537.36 (KHTML, like Gecko) Chrome/135.0.0.0 Safari/537.36"
103.244.175.189 - - [28/Apr/2025:06:18:50 -0400] "GET /storage/category_images/category_2023_11_08_14_10_22.png HTTP/1.1" 200 15783 "https://frugilo.com/categories" "Mozilla/5.0 (Windows NT 10.0; Win64; x64) AppleWebKit/537.36 (KHTML, like Gecko) Chrome/135.0.0.0 Safari/537.36"
103.244.175.189 - - [28/Apr/2025:06:18:50 -0400] "GET /storage/category_images/category_2023_11_08_14_15_01.png HTTP/1.1" 200 31553 "https://frugilo.com/categories" "Mozilla/5.0 (Windows NT 10.0; Win64; x64) AppleWebKit/537.36 (KHTML, like Gecko) Chrome/135.0.0.0 Safari/537.36"
103.244.175.189 - - [28/Apr/2025:06:18:50 -0400] "GET /storage/category_images/category_2023_11_08_14_12_23.png HTTP/1.1" 200 15744 "https://frugilo.com/categories" "Mozilla/5.0 (Windows NT 10.0; Win64; x64) AppleWebKit/537.36 (KHTML, like Gecko) Chrome/135.0.0.0 Safari/537.36"
103.244.175.189 - - [28/Apr/2025:06:18:50 -0400] "GET /storage/category_images/category_2023_11_08_14_12_06.png HTTP/1.1" 200 13316 "https://frugilo.com/categories" "Mozilla/5.0 (Windows NT 10.0; Win64; x64) AppleWebKit/537.36 (KHTML, like Gecko) Chrome/135.0.0.0 Safari/537.36"
103.244.175.189 - - [28/Apr/2025:06:18:50 -0400] "GET /storage/category_images/category_2023_11_08_14_15_27.png HTTP/1.1" 200 10168 "https://frugilo.com/categories" "Mozilla/5.0 (Windows NT 10.0; Win64; x64) AppleWebKit/537.36 (KHTML, like Gecko) Chrome/135.0.0.0 Safari/537.36"
103.244.175.189 - - [28/Apr/2025:06:18:50 -0400] "GET /storage/category_images/category_2023_11_08_14_15_41.png HTTP/1.1" 200 20541 "https://frugilo.com/categories" "Mozilla/5.0 (Windows NT 10.0; Win64; x64) AppleWebKit/537.36 (KHTML, like Gecko) Chrome/135.0.0.0 Safari/537.36"
103.244.175.189 - - [28/Apr/2025:06:18:50 -0400] "GET /storage/category_images/category_2023_11_08_14_13_36.png HTTP/1.1" 200 24468 "https://frugilo.com/categories" "Mozilla/5.0 (Windows NT 10.0; Win64; x64) AppleWebKit/537.36 (KHTML, like Gecko) Chrome/135.0.0.0 Safari/537.36"
103.244.175.189 - - [28/Apr/2025:06:18:50 -0400] "GET /storage/category_images/category_2023_11_08_14_13_44.png HTTP/1.1" 200 29826 "https://frugilo.com/categories" "Mozilla/5.0 (Windows NT 10.0; Win64; x64) AppleWebKit/537.36 (KHTML, like Gecko) Chrome/135.0.0.0 Safari/537.36"
103.244.175.189 - - [28/Apr/2025:06:18:50 -0400] "GET /storage/category_images/category_2023_11_08_14_16_12.png HTTP/1.1" 200 29227 "https://frugilo.com/categories" "Mozilla/5.0 (Windows NT 10.0; Win64; x64) AppleWebKit/537.36 (KHTML, like Gecko) Chrome/135.0.0.0 Safari/537.36"
103.244.175.189 - - [28/Apr/2025:06:18:50 -0400] "GET /storage/category_images/category_2023_11_08_14_11_51.png HTTP/1.1" 200 29868 "https://frugilo.com/categories" "Mozilla/5.0 (Windows NT 10.0; Win64; x64) AppleWebKit/537.36 (KHTML, like Gecko) Chrome/135.0.0.0 Safari/537.36"
103.244.175.189 - - [28/Apr/2025:06:18:50 -0400] "GET /storage/category_images/category_2023_11_08_14_17_14.png HTTP/1.1" 200 28632 "https://frugilo.com/categories" "Mozilla/5.0 (Windows NT 10.0; Win64; x64) AppleWebKit/537.36 (KHTML, like Gecko) Chrome/135.0.0.0 Safari/537.36"
103.244.175.189 - - [28/Apr/2025:06:18:50 -0400] "GET /storage/category_images/category_2023_11_08_14_17_38.png HTTP/1.1" 200 24598 "https://frugilo.com/categories" "Mozilla/5.0 (Windows NT 10.0; Win64; x64) AppleWebKit/537.36 (KHTML, like Gecko) Chrome/135.0.0.0 Safari/537.36"
103.244.175.189 - - [28/Apr/2025:06:18:50 -0400] "GET /storage/category_images/category_2023_11_08_14_14_53.png HTTP/1.1" 200 26264 "https://frugilo.com/categories" "Mozilla/5.0 (Windows NT 10.0; Win64; x64) AppleWebKit/537.36 (KHTML, like Gecko) Chrome/135.0.0.0 Safari/537.36"
103.244.175.189 - - [28/Apr/2025:06:18:50 -0400] "GET /storage/category_images/category_2023_11_08_14_15_54.png HTTP/1.1" 200 24995 "https://frugilo.com/categories" "Mozilla/5.0 (Windows NT 10.0; Win64; x64) AppleWebKit/537.36 (KHTML, like Gecko) Chrome/135.0.0.0 Safari/537.36"
103.244.175.189 - - [28/Apr/2025:06:18:50 -0400] "GET /storage/category_images/category_2023_11_08_14_12_15.png HTTP/1.1" 200 30238 "https://frugilo.com/categories" "Mozilla/5.0 (Windows NT 10.0; Win64; x64) AppleWebKit/537.36 (KHTML, like Gecko) Chrome/135.0.0.0 Safari/537.36"
103.244.175.189 - - [28/Apr/2025:06:18:50 -0400] "GET /storage/category_images/category_2023_11_08_14_07_45.png HTTP/1.1" 200 14148 "https://frugilo.com/categories" "Mozilla/5.0 (Windows NT 10.0; Win64; x64) AppleWebKit/537.36 (KHTML, like Gecko) Chrome/135.0.0.0 Safari/537.36"
103.244.175.189 - - [28/Apr/2025:06:18:50 -0400] "GET /storage/category_images/category_2023_11_08_14_17_22.png HTTP/1.1" 200 33313 "https://frugilo.com/categories" "Mozilla/5.0 (Windows NT 10.0; Win64; x64) AppleWebKit/537.36 (KHTML, like Gecko) Chrome/135.0.0.0 Safari/537.36"
103.244.175.189 - - [28/Apr/2025:06:18:50 -0400] "GET /storage/category_images/category_2023_11_08_14_14_44.png HTTP/1.1" 200 13384 "https://frugilo.com/categories" "Mozilla/5.0 (Windows NT 10.0; Win64; x64) AppleWebKit/537.36 (KHTML, like Gecko) Chrome/135.0.0.0 Safari/537.36"
103.244.175.189 - - [28/Apr/2025:06:18:50 -0400] "GET /storage/category_images/category_2023_11_08_14_17_31.png HTTP/1.1" 200 38787 "https://frugilo.com/categories" "Mozilla/5.0 (Windows NT 10.0; Win64; x64) AppleWebKit/537.36 (KHTML, like Gecko) Chrome/135.0.0.0 Safari/537.36"
103.244.175.189 - - [28/Apr/2025:06:18:50 -0400] "GET /storage/category_images/category_2023_11_08_14_16_21.png HTTP/1.1" 200 18839 "https://frugilo.com/categories" "Mozilla/5.0 (Windows NT 10.0; Win64; x64) AppleWebKit/537.36 (KHTML, like Gecko) Chrome/135.0.0.0 Safari/537.36"
103.244.175.189 - - [28/Apr/2025:06:18:50 -0400] "GET /storage/category_images/category_2023_11_08_14_15_10.png HTTP/1.1" 200 20665 "https://frugilo.com/categories" "Mozilla/5.0 (Windows NT 10.0; Win64; x64) AppleWebKit/537.36 (KHTML, like Gecko) Chrome/135.0.0.0 Safari/537.36"
103.244.175.189 - - [28/Apr/2025:06:18:50 -0400] "GET /storage/category_images/category_2023_11_08_14_15_18.png HTTP/1.1" 200 14026 "https://frugilo.com/categories" "Mozilla/5.0 (Windows NT 10.0; Win64; x64) AppleWebKit/537.36 (KHTML, like Gecko) Chrome/135.0.0.0 Safari/537.36"
103.244.175.189 - - [28/Apr/2025:06:18:54 -0400] "GET /stores HTTP/1.1" 200 7589 "https://frugilo.com/categories" "Mozilla/5.0 (Windows NT 10.0; Win64; x64) AppleWebKit/537.36 (KHTML, like Gecko) Chrome/135.0.0.0 Safari/537.36"
103.244.175.189 - - [28/Apr/2025:06:18:54 -0400] "GET /storage/store_images/store_2024_09_11_15_25_53.png HTTP/1.1" 200 10500 "https://frugilo.com/stores" "Mozilla/5.0 (Windows NT 10.0; Win64; x64) AppleWebKit/537.36 (KHTML, like Gecko) Chrome/135.0.0.0 Safari/537.36"
103.244.175.189 - - [28/Apr/2025:06:18:54 -0400] "GET /storage/store_images/store_2025_03_06_15_47_43.png HTTP/1.1" 200 12464 "https://frugilo.com/stores" "Mozilla/5.0 (Windows NT 10.0; Win64; x64) AppleWebKit/537.36 (KHTML, like Gecko) Chrome/135.0.0.0 Safari/537.36"
103.244.175.189 - - [28/Apr/2025:06:18:54 -0400] "GET /storage/store_images/store_2024_12_16_18_22_54.png HTTP/1.1" 200 11912 "https://frugilo.com/stores" "Mozilla/5.0 (Windows NT 10.0; Win64; x64) AppleWebKit/537.36 (KHTML, like Gecko) Chrome/135.0.0.0 Safari/537.36"
103.244.175.189 - - [28/Apr/2025:06:18:54 -0400] "GET /storage/store_images/store_2024_12_16_18_26_34.png HTTP/1.1" 200 17544 "https://frugilo.com/stores" "Mozilla/5.0 (Windows NT 10.0; Win64; x64) AppleWebKit/537.36 (KHTML, like Gecko) Chrome/135.0.0.0 Safari/537.36"
103.244.175.189 - - [28/Apr/2025:06:18:54 -0400] "GET /storage/store_images/store_2024_12_16_18_28_29.png HTTP/1.1" 200 8726 "https://frugilo.com/stores" "Mozilla/5.0 (Windows NT 10.0; Win64; x64) AppleWebKit/537.36 (KHTML, like Gecko) Chrome/135.0.0.0 Safari/537.36"
103.244.175.189 - - [28/Apr/2025:06:18:54 -0400] "GET /storage/store_images/store_2024_12_16_18_38_17.png HTTP/1.1" 200 11132 "https://frugilo.com/stores" "Mozilla/5.0 (Windows NT 10.0; Win64; x64) AppleWebKit/537.36 (KHTML, like Gecko) Chrome/135.0.0.0 Safari/537.36"
103.244.175.189 - - [28/Apr/2025:06:18:54 -0400] "GET /storage/store_images/store_2024_12_16_18_34_21.png HTTP/1.1" 200 12554 "https://frugilo.com/stores" "Mozilla/5.0 (Windows NT 10.0; Win64; x64) AppleWebKit/537.36 (KHTML, like Gecko) Chrome/135.0.0.0 Safari/537.36"
103.244.175.189 - - [28/Apr/2025:06:18:54 -0400] "GET /storage/store_images/store_2024_12_16_18_31_18.png HTTP/1.1" 200 10568 "https://frugilo.com/stores" "Mozilla/5.0 (Windows NT 10.0; Win64; x64) AppleWebKit/537.36 (KHTML, like Gecko) Chrome/135.0.0.0 Safari/537.36"
103.244.175.189 - - [28/Apr/2025:06:18:54 -0400] "GET /storage/store_images/store_2024_12_26_18_22_13.png HTTP/1.1" 200 10297 "https://frugilo.com/stores" "Mozilla/5.0 (Windows NT 10.0; Win64; x64) AppleWebKit/537.36 (KHTML, like Gecko) Chrome/135.0.0.0 Safari/537.36"
103.244.175.189 - - [28/Apr/2025:06:18:54 -0400] "GET /storage/store_images/store_2024_12_21_17_13_33.png HTTP/1.1" 200 8156 "https://frugilo.com/stores" "Mozilla/5.0 (Windows NT 10.0; Win64; x64) AppleWebKit/537.36 (KHTML, like Gecko) Chrome/135.0.0.0 Safari/537.36"
103.244.175.189 - - [28/Apr/2025:06:18:54 -0400] "GET /storage/store_images/store_2024_12_16_18_18_19.png HTTP/1.1" 200 11686 "https://frugilo.com/stores" "Mozilla/5.0 (Windows NT 10.0; Win64; x64) AppleWebKit/537.36 (KHTML, like Gecko) Chrome/135.0.0.0 Safari/537.36"
103.244.175.189 - - [28/Apr/2025:06:18:54 -0400] "GET /storage/store_images/store_2024_12_16_19_01_56.png HTTP/1.1" 200 12539 "https://frugilo.com/stores" "Mozilla/5.0 (Windows NT 10.0; Win64; x64) AppleWebKit/537.36 (KHTML, like Gecko) Chrome/135.0.0.0 Safari/537.36"
103.244.175.189 - - [28/Apr/2025:06:18:54 -0400] "GET /storage/store_images/store_2024_12_16_18_57_24.png HTTP/1.1" 200 17324 "https://frugilo.com/stores" "Mozilla/5.0 (Windows NT 10.0; Win64; x64) AppleWebKit/537.36 (KHTML, like Gecko) Chrome/135.0.0.0 Safari/537.36"
103.244.175.189 - - [28/Apr/2025:06:18:54 -0400] "GET /storage/store_images/store_2024_12_16_18_43_36.png HTTP/1.1" 200 12167 "https://frugilo.com/stores" "Mozilla/5.0 (Windows NT 10.0; Win64; x64) AppleWebKit/537.36 (KHTML, like Gecko) Chrome/135.0.0.0 Safari/537.36"
103.244.175.189 - - [28/Apr/2025:06:18:54 -0400] "GET /storage/store_images/store_2024_12_16_18_40_33.png HTTP/1.1" 200 12283 "https://frugilo.com/stores" "Mozilla/5.0 (Windows NT 10.0; Win64; x64) AppleWebKit/537.36 (KHTML, like Gecko) Chrome/135.0.0.0 Safari/537.36"
103.244.175.189 - - [28/Apr/2025:06:18:54 -0400] "GET /storage/store_images/store_2024_12_16_18_50_30.png HTTP/1.1" 200 13080 "https://frugilo.com/stores" "Mozilla/5.0 (Windows NT 10.0; Win64; x64) AppleWebKit/537.36 (KHTML, like Gecko) Chrome/135.0.0.0 Safari/537.36"
103.244.175.189 - - [28/Apr/2025:06:18:54 -0400] "GET /storage/store_images/store_2025_03_07_16_07_55.png HTTP/1.1" 200 28356 "https://frugilo.com/stores" "Mozilla/5.0 (Windows NT 10.0; Win64; x64) AppleWebKit/537.36 (KHTML, like Gecko) Chrome/135.0.0.0 Safari/537.36"
103.244.175.189 - - [28/Apr/2025:06:18:54 -0400] "GET /storage/store_images/store_2024_12_16_18_45_23.png HTTP/1.1" 200 19726 "https://frugilo.com/stores" "Mozilla/5.0 (Windows NT 10.0; Win64; x64) AppleWebKit/537.36 (KHTML, like Gecko) Chrome/135.0.0.0 Safari/537.36"
103.244.175.189 - - [28/Apr/2025:06:18:54 -0400] "GET /storage/store_images/store_2024_12_16_18_48_48.png HTTP/1.1" 200 21981 "https://frugilo.com/stores" "Mozilla/5.0 (Windows NT 10.0; Win64; x64) AppleWebKit/537.36 (KHTML, like Gecko) Chrome/135.0.0.0 Safari/537.36"
103.244.175.189 - - [28/Apr/2025:06:18:54 -0400] "GET /storage/store_images/store_2024_12_17_17_31_52.jpg HTTP/1.1" 200 8673 "https://frugilo.com/stores" "Mozilla/5.0 (Windows NT 10.0; Win64; x64) AppleWebKit/537.36 (KHTML, like Gecko) Chrome/135.0.0.0 Safari/537.36"
103.244.175.189 - - [28/Apr/2025:06:18:55 -0400] "GET /storage/store_images/store_2024_12_16_19_05_37.png HTTP/1.1" 200 6828 "https://frugilo.com/stores" "Mozilla/5.0 (Windows NT 10.0; Win64; x64) AppleWebKit/537.36 (KHTML, like Gecko) Chrome/135.0.0.0 Safari/537.36"
103.244.175.189 - - [28/Apr/2025:06:18:55 -0400] "GET /storage/store_images/store_2024_12_21_14_42_40.png HTTP/1.1" 200 18539 "https://frugilo.com/stores" "Mozilla/5.0 (Windows NT 10.0; Win64; x64) AppleWebKit/537.36 (KHTML, like Gecko) Chrome/135.0.0.0 Safari/537.36"
103.244.175.189 - - [28/Apr/2025:06:18:55 -0400] "GET /storage/store_images/store_2024_12_16_19_08_13.png HTTP/1.1" 200 9688 "https://frugilo.com/stores" "Mozilla/5.0 (Windows NT 10.0; Win64; x64) AppleWebKit/537.36 (KHTML, like Gecko) Chrome/135.0.0.0 Safari/537.36"
103.244.175.189 - - [28/Apr/2025:06:18:55 -0400] "GET /storage/store_images/store_2024_12_21_15_00_33.png HTTP/1.1" 200 7912 "https://frugilo.com/stores" "Mozilla/5.0 (Windows NT 10.0; Win64; x64) AppleWebKit/537.36 (KHTML, like Gecko) Chrome/135.0.0.0 Safari/537.36"
103.244.175.189 - - [28/Apr/2025:06:18:55 -0400] "GET /storage/store_images/store_2024_12_16_19_10_22.png HTTP/1.1" 200 8841 "https://frugilo.com/stores" "Mozilla/5.0 (Windows NT 10.0; Win64; x64) AppleWebKit/537.36 (KHTML, like Gecko) Chrome/135.0.0.0 Safari/537.36"
103.244.175.189 - - [28/Apr/2025:06:18:55 -0400] "GET /storage/store_images/store_2025_03_06_14_05_12.png HTTP/1.1" 200 17635 "https://frugilo.com/stores" "Mozilla/5.0 (Windows NT 10.0; Win64; x64) AppleWebKit/537.36 (KHTML, like Gecko) Chrome/135.0.0.0 Safari/537.36"
103.244.175.189 - - [28/Apr/2025:06:18:55 -0400] "GET /storage/store_images/store_2024_12_17_14_29_57.png HTTP/1.1" 200 13308 "https://frugilo.com/stores" "Mozilla/5.0 (Windows NT 10.0; Win64; x64) AppleWebKit/537.36 (KHTML, like Gecko) Chrome/135.0.0.0 Safari/537.36"
103.244.175.189 - - [28/Apr/2025:06:18:55 -0400] "GET /storage/store_images/store_2024_12_16_18_47_24.png HTTP/1.1" 200 9090 "https://frugilo.com/stores" "Mozilla/5.0 (Windows NT 10.0; Win64; x64) AppleWebKit/537.36 (KHTML, like Gecko) Chrome/135.0.0.0 Safari/537.36"
103.244.175.189 - - [28/Apr/2025:06:18:55 -0400] "GET /storage/store_images/store_2024_12_21_13_23_02.png HTTP/1.1" 200 8634 "https://frugilo.com/stores" "Mozilla/5.0 (Windows NT 10.0; Win64; x64) AppleWebKit/537.36 (KHTML, like Gecko) Chrome/135.0.0.0 Safari/537.36"
103.244.175.189 - - [28/Apr/2025:06:18:55 -0400] "GET /storage/store_images/store_2024_12_26_18_25_59.png HTTP/1.1" 200 38386 "https://frugilo.com/stores" "Mozilla/5.0 (Windows NT 10.0; Win64; x64) AppleWebKit/537.36 (KHTML, like Gecko) Chrome/135.0.0.0 Safari/537.36"
103.244.175.189 - - [28/Apr/2025:06:18:55 -0400] "GET /storage/store_images/store_2024_12_17_14_37_44.png HTTP/1.1" 200 14496 "https://frugilo.com/stores" "Mozilla/5.0 (Windows NT 10.0; Win64; x64) AppleWebKit/537.36 (KHTML, like Gecko) Chrome/135.0.0.0 Safari/537.36"
103.244.175.189 - - [28/Apr/2025:06:18:55 -0400] "GET /storage/store_images/store_2024_12_17_14_35_34.png HTTP/1.1" 200 13788 "https://frugilo.com/stores" "Mozilla/5.0 (Windows NT 10.0; Win64; x64) AppleWebKit/537.36 (KHTML, like Gecko) Chrome/135.0.0.0 Safari/537.36"
103.244.175.189 - - [28/Apr/2025:06:18:55 -0400] "GET /storage/store_images/store_2024_12_17_14_44_15.png HTTP/1.1" 200 17602 "https://frugilo.com/stores" "Mozilla/5.0 (Windows NT 10.0; Win64; x64) AppleWebKit/537.36 (KHTML, like Gecko) Chrome/135.0.0.0 Safari/537.36"
103.244.175.189 - - [28/Apr/2025:06:18:55 -0400] "GET /storage/store_images/store_2024_12_17_14_41_51.png HTTP/1.1" 200 12733 "https://frugilo.com/stores" "Mozilla/5.0 (Windows NT 10.0; Win64; x64) AppleWebKit/537.36 (KHTML, like Gecko) Chrome/135.0.0.0 Safari/537.36"
103.244.175.189 - - [28/Apr/2025:06:18:55 -0400] "GET /storage/store_images/store_2024_12_19_17_41_25.png HTTP/1.1" 200 15068 "https://frugilo.com/stores" "Mozilla/5.0 (Windows NT 10.0; Win64; x64) AppleWebKit/537.36 (KHTML, like Gecko) Chrome/135.0.0.0 Safari/537.36"
103.244.175.189 - - [28/Apr/2025:06:18:55 -0400] "GET /storage/store_images/store_2024_12_17_14_49_55.png HTTP/1.1" 200 9327 "https://frugilo.com/stores" "Mozilla/5.0 (Windows NT 10.0; Win64; x64) AppleWebKit/537.36 (KHTML, like Gecko) Chrome/135.0.0.0 Safari/537.36"
103.244.175.189 - - [28/Apr/2025:06:18:55 -0400] "GET /storage/store_images/store_2024_12_27_14_59_19.png HTTP/1.1" 200 25430 "https://frugilo.com/stores" "Mozilla/5.0 (Windows NT 10.0; Win64; x64) AppleWebKit/537.36 (KHTML, like Gecko) Chrome/135.0.0.0 Safari/537.36"
