2a06:98c0:3600::103 - - [28/Apr/2025:13:39:47 -0400] "GET /wp-admin/setup-config.php HTTP/1.1" 404 1992 "-" "Mozilla/5.0 (Windows NT 10.0; Win64; x64) AppleWebKit/537.36 (KHTML, like Gecko) Chrome/135.0.0.0 Safari/537.36"
51.222.253.20 - - [28/Apr/2025:13:48:32 -0400] "GET /triptogo-discount-code?filter=deals HTTP/1.1" 200 4303 "-" "Mozilla/5.0 (compatible; AhrefsBot/7.0; +http://ahrefs.com/robot/)"
2a06:98c0:3600::103 - - [28/Apr/2025:13:54:27 -0400] "GET /wordpress/wp-admin/setup-config.php HTTP/1.1" 200 0 "-" "Mozilla/5.0 (Windows NT 10.0; Win64; x64) AppleWebKit/537.36 (KHTML, like Gecko) Chrome/135.0.0.0 Safari/537.36"
2a06:98c0:3600::103 - - [28/Apr/2025:13:56:36 -0400] "GET /wordpress/wp-admin/setup-config.php HTTP/1.1" 404 1992 "-" "Mozilla/5.0 (Windows NT 10.0; Win64; x64) AppleWebKit/537.36 (KHTML, like Gecko) Chrome/135.0.0.0 Safari/537.36"
2a06:98c0:3600::103 - - [28/Apr/2025:13:56:46 -0400] "GET /wp-admin/setup-config.php HTTP/1.1" 404 1992 "-" "Mozilla/5.0 (Windows NT 10.0; Win64; x64) AppleWebKit/537.36 (KHTML, like Gecko) Chrome/135.0.0.0 Safari/537.36"
51.222.253.5 - - [28/Apr/2025:13:59:29 -0400] "GET /toread-discount?filter=codes HTTP/1.1" 200 3938 "-" "Mozilla/5.0 (compatible; AhrefsBot/7.0; +http://ahrefs.com/robot/)"
101.32.208.70 - - [28/Apr/2025:14:05:21 -0400] "GET / HTTP/1.1" 200 5797 "http://frugilo.com" "Mozilla/5.0 (iPhone; CPU iPhone OS 13_2_3 like Mac OS X) AppleWebKit/605.1.15 (KHTML, like Gecko) Version/13.0.3 Mobile/15E148 Safari/604.1"
204.8.96.120 - - [28/Apr/2025:14:06:51 -0400] "GET / HTTP/1.1" 200 5795 "-" "Mozilla/5.0 (compatible; MSIE 10.0; Windows NT 6.1; Trident/6.0)"
2a06:98c0:3600::103 - - [28/Apr/2025:14:08:29 -0400] "GET /wordpress/wp-admin/setup-config.php HTTP/1.1" 404 1992 "-" "Mozilla/5.0 (Windows NT 10.0; Win64; x64) AppleWebKit/537.36 (KHTML, like Gecko) Chrome/135.0.0.0 Safari/537.36"
2a06:98c0:3600::103 - - [28/Apr/2025:14:08:39 -0400] "GET /wp-admin/setup-config.php HTTP/1.1" 404 1992 "-" "Mozilla/5.0 (Windows NT 10.0; Win64; x64) AppleWebKit/537.36 (KHTML, like Gecko) Chrome/135.0.0.0 Safari/537.36"
51.222.253.1 - - [28/Apr/2025:14:10:18 -0400] "GET /toread-discount?filter=deals HTTP/1.1" 200 4379 "-" "Mozilla/5.0 (compatible; AhrefsBot/7.0; +http://ahrefs.com/robot/)"
2a06:98c0:3600::103 - - [28/Apr/2025:14:10:55 -0400] "GET /wordpress/wp-admin/setup-config.php HTTP/1.1" 404 1992 "-" "Mozilla/5.0 (Windows NT 10.0; Win64; x64) AppleWebKit/537.36 (KHTML, like Gecko) Chrome/135.0.0.0 Safari/537.36"
2a06:98c0:3600::103 - - [28/Apr/2025:14:11:50 -0400] "GET /wp-admin/setup-config.php HTTP/1.1" 404 1992 "-" "Mozilla/5.0 (Windows NT 10.0; Win64; x64) AppleWebKit/537.36 (KHTML, like Gecko) Chrome/135.0.0.0 Safari/537.36"
51.222.253.12 - - [28/Apr/2025:14:21:14 -0400] "GET /rayna-tours-vouchers?filter=codes HTTP/1.1" 200 4232 "-" "Mozilla/5.0 (compatible; AhrefsBot/7.0; +http://ahrefs.com/robot/)"
2a06:98c0:3600::103 - - [28/Apr/2025:14:24:46 -0400] "GET /wp-admin/setup-config.php HTTP/1.1" 200 0 "-" "Mozilla/5.0 (Windows NT 10.0; Win64; x64) AppleWebKit/537.36 (KHTML, like Gecko) Chrome/135.0.0.0 Safari/537.36"
51.222.253.8 - - [28/Apr/2025:14:31:49 -0400] "GET /rayna-tours-vouchers?filter=deals HTTP/1.1" 200 4520 "-" "Mozilla/5.0 (compatible; AhrefsBot/7.0; +http://ahrefs.com/robot/)"
51.222.253.20 - - [28/Apr/2025:14:42:03 -0400] "GET /italiarail-promo-codes?filter=codes HTTP/1.1" 200 3986 "-" "Mozilla/5.0 (compatible; AhrefsBot/7.0; +http://ahrefs.com/robot/)"
2a06:98c0:3600::103 - - [28/Apr/2025:14:43:12 -0400] "GET /wp-admin/setup-config.php HTTP/1.1" 404 1992 "-" "Mozilla/5.0 (Windows NT 10.0; Win64; x64) AppleWebKit/537.36 (KHTML, like Gecko) Chrome/135.0.0.0 Safari/537.36"
2a06:98c0:3600::103 - - [28/Apr/2025:14:43:17 -0400] "GET /wordpress/wp-admin/setup-config.php HTTP/1.1" 404 1992 "-" "Mozilla/5.0 (Windows NT 10.0; Win64; x64) AppleWebKit/537.36 (KHTML, like Gecko) Chrome/135.0.0.0 Safari/537.36"
2a06:98c0:3600::103 - - [28/Apr/2025:14:44:24 -0400] "GET /wp-admin/setup-config.php HTTP/1.1" 404 1992 "-" "Mozilla/5.0 (Windows NT 10.0; Win64; x64) AppleWebKit/537.36 (KHTML, like Gecko) Chrome/135.0.0.0 Safari/537.36"
2a06:98c0:3600::103 - - [28/Apr/2025:14:44:59 -0400] "GET /wordpress/wp-admin/setup-config.php HTTP/1.1" 404 1992 "-" "Mozilla/5.0 (Windows NT 10.0; Win64; x64) AppleWebKit/537.36 (KHTML, like Gecko) Chrome/135.0.0.0 Safari/537.36"
128.199.75.134 - - [28/Apr/2025:14:46:44 -0400] "GET /wp-admin/setup-config.php?step=1 HTTP/1.1" 404 2299 "http://frugilo.com/wp-admin/setup-config.php?step=1" "Apache/2.4.34 (Ubuntu) OpenSSL/1.1.1 (internal dummy connection)"
128.199.75.134 - - [28/Apr/2025:14:46:45 -0400] "GET /wordpress/wp-admin/setup-config.php?step=1 HTTP/1.1" 404 2299 "http://frugilo.com/wordpress/wp-admin/setup-config.php?step=1" "Apache/2.4.34 (Ubuntu) OpenSSL/1.1.1 (internal dummy connection)"
51.222.253.4 - - [28/Apr/2025:14:52:20 -0400] "GET /italiarail-promo-codes?filter=deals HTTP/1.1" 200 0 "-" "Mozilla/5.0 (compatible; AhrefsBot/7.0; +http://ahrefs.com/robot/)"
2a06:98c0:3600::103 - - [28/Apr/2025:14:58:31 -0400] "GET /wordpress/wp-admin/setup-config.php HTTP/1.1" 404 0 "-" "Mozilla/5.0 (Windows NT 10.0; Win64; x64) AppleWebKit/537.36 (KHTML, like Gecko) Chrome/135.0.0.0 Safari/537.36"
2a06:98c0:3600::103 - - [28/Apr/2025:15:00:26 -0400] "GET /wordpress/wp-admin/setup-config.php HTTP/1.1" 200 0 "-" "Mozilla/5.0 (Windows NT 10.0; Win64; x64) AppleWebKit/537.36 (KHTML, like Gecko) Chrome/135.0.0.0 Safari/537.36"
51.222.253.5 - - [28/Apr/2025:15:02:58 -0400] "GET /gotrip-promo-codes?filter=codes HTTP/1.1" 200 4287 "-" "Mozilla/5.0 (compatible; AhrefsBot/7.0; +http://ahrefs.com/robot/)"
2a06:98c0:3600::103 - - [28/Apr/2025:15:15:15 -0400] "GET /wp-admin/setup-config.php HTTP/1.1" 200 0 "-" "Mozilla/5.0 (Windows NT 10.0; Win64; x64) AppleWebKit/537.36 (KHTML, like Gecko) Chrome/135.0.0.0 Safari/537.36"
2a06:98c0:3600::103 - - [28/Apr/2025:15:15:29 -0400] "GET /wordpress/wp-admin/setup-config.php HTTP/1.1" 200 0 "-" "Mozilla/5.0 (Windows NT 10.0; Win64; x64) AppleWebKit/537.36 (KHTML, like Gecko) Chrome/135.0.0.0 Safari/537.36"
2a06:98c0:3600::103 - - [28/Apr/2025:15:15:43 -0400] "GET /wp-admin/setup-config.php HTTP/1.1" 404 1992 "-" "Mozilla/5.0 (Windows NT 10.0; Win64; x64) AppleWebKit/537.36 (KHTML, like Gecko) Chrome/135.0.0.0 Safari/537.36"
2a06:98c0:3600::103 - - [28/Apr/2025:15:19:34 -0400] "GET /wordpress/wp-admin/setup-config.php HTTP/1.1" 404 1992 "-" "Mozilla/5.0 (Windows NT 10.0; Win64; x64) AppleWebKit/537.36 (KHTML, like Gecko) Chrome/135.0.0.0 Safari/537.36"
51.222.253.5 - - [28/Apr/2025:15:27:45 -0400] "GET /symphony.live-voucher?filter=codes HTTP/1.1" 200 4566 "-" "Mozilla/5.0 (compatible; AhrefsBot/7.0; +http://ahrefs.com/robot/)"
2a06:98c0:3600::103 - - [28/Apr/2025:15:31:21 -0400] "GET /wordpress/wp-admin/setup-config.php HTTP/1.1" 404 1992 "-" "Mozilla/5.0 (Windows NT 10.0; Win64; x64) AppleWebKit/537.36 (KHTML, like Gecko) Chrome/135.0.0.0 Safari/537.36"
2a06:98c0:3600::103 - - [28/Apr/2025:15:32:37 -0400] "GET /wp-admin/setup-config.php HTTP/1.1" 404 1992 "-" "Mozilla/5.0 (Windows NT 10.0; Win64; x64) AppleWebKit/537.36 (KHTML, like Gecko) Chrome/135.0.0.0 Safari/537.36"
2a06:98c0:3600::103 - - [28/Apr/2025:15:33:59 -0400] "GET /wp-admin/setup-config.php HTTP/1.1" 404 1992 "-" "Mozilla/5.0 (Windows NT 10.0; Win64; x64) AppleWebKit/537.36 (KHTML, like Gecko) Chrome/135.0.0.0 Safari/537.36"
2a06:98c0:3600::103 - - [28/Apr/2025:15:35:00 -0400] "GET /wordpress/wp-admin/setup-config.php HTTP/1.1" 404 1992 "-" "Mozilla/5.0 (Windows NT 10.0; Win64; x64) AppleWebKit/537.36 (KHTML, like Gecko) Chrome/135.0.0.0 Safari/537.36"
34.34.70.130 - - [28/Apr/2025:15:37:00 -0400] "GET /media/system/js/core.js HTTP/1.1" 404 2299 "http://frugilo.com/media/system/js/core.js" "Mozilla/5.0 (Macintosh; Intel Mac OS X 10_10_1) AppleWebKit/537.36 (KHTML, like Gecko) Chrome/39.0.2171.95 Safari/537.36"
34.34.70.130 - - [28/Apr/2025:15:37:01 -0400] "GET /wp-includes/js/jquery/jquery.js HTTP/1.1" 404 2299 "http://frugilo.com/wp-includes/js/jquery/jquery.js" "Mozilla/5.0 (Macintosh; Intel Mac OS X 10_10_1) AppleWebKit/537.36 (KHTML, like Gecko) Chrome/39.0.2171.95 Safari/537.36"
142.93.96.92 - - [28/Apr/2025:15:39:43 -0400] "GET / HTTP/1.1" 200 5795 "-" "Mozilla/5.0 (compatible)"
142.93.96.92 - - [28/Apr/2025:15:39:50 -0400] "GET /assets/frontend/images/fav.png HTTP/1.1" 200 5502 "https://frugilo.com/" "Mozilla/5.0 (compatible)"
2a06:98c0:3600::103 - - [28/Apr/2025:15:50:09 -0400] "GET /wp-admin/setup-config.php HTTP/1.1" 200 0 "-" "Mozilla/5.0 (Windows NT 10.0; Win64; x64) AppleWebKit/537.36 (KHTML, like Gecko) Chrome/135.0.0.0 Safari/537.36"
2a06:98c0:3600::103 - - [28/Apr/2025:15:50:17 -0400] "GET /wordpress/wp-admin/setup-config.php HTTP/1.1" 404 1992 "-" "Mozilla/5.0 (Windows NT 10.0; Win64; x64) AppleWebKit/537.36 (KHTML, like Gecko) Chrome/135.0.0.0 Safari/537.36"
2a06:98c0:3600::103 - - [28/Apr/2025:15:51:39 -0400] "GET /wp-admin/setup-config.php HTTP/1.1" 404 1992 "-" "Mozilla/5.0 (Windows NT 10.0; Win64; x64) AppleWebKit/537.36 (KHTML, like Gecko) Chrome/135.0.0.0 Safari/537.36"
51.222.253.5 - - [28/Apr/2025:15:51:41 -0400] "GET /symphony.live-voucher?filter=deals HTTP/1.1" 200 4569 "-" "Mozilla/5.0 (compatible; AhrefsBot/7.0; +http://ahrefs.com/robot/)"
2a06:98c0:3600::103 - - [28/Apr/2025:15:52:23 -0400] "GET /wordpress/wp-admin/setup-config.php HTTP/1.1" 404 1992 "-" "Mozilla/5.0 (Windows NT 10.0; Win64; x64) AppleWebKit/537.36 (KHTML, like Gecko) Chrome/135.0.0.0 Safari/537.36"
2a06:98c0:3600::103 - - [28/Apr/2025:15:54:05 -0400] "GET /wp-admin/setup-config.php HTTP/1.1" 404 1992 "-" "Mozilla/5.0 (Windows NT 10.0; Win64; x64) AppleWebKit/537.36 (KHTML, like Gecko) Chrome/135.0.0.0 Safari/537.36"
128.199.108.27 - - [28/Apr/2025:15:55:41 -0400] "GET / HTTP/1.1" 200 24453 "-" "Mozilla/5.0 (Windows NT 10.0; Win64; x64) AppleWebKit/537.36 (KHTML, like Gecko) Chrome/78.0.3904.108 Safari/537.36"
128.199.108.27 - - [28/Apr/2025:15:55:43 -0400] "GET //wp-includes/wlwmanifest.xml HTTP/1.1" 404 6603 "-" "Mozilla/5.0 (Windows NT 10.0; Win64; x64) AppleWebKit/537.36 (KHTML, like Gecko) Chrome/78.0.3904.108 Safari/537.36"
128.199.108.27 - - [28/Apr/2025:15:55:43 -0400] "GET / HTTP/1.1" 200 24453 "-" "Mozilla/5.0 (Windows NT 10.0; Win64; x64) AppleWebKit/537.36 (KHTML, like Gecko) Chrome/78.0.3904.108 Safari/537.36"
128.199.108.27 - - [28/Apr/2025:15:55:44 -0400] "GET //blog/wp-includes/wlwmanifest.xml HTTP/1.1" 404 6603 "-" "Mozilla/5.0 (Windows NT 10.0; Win64; x64) AppleWebKit/537.36 (KHTML, like Gecko) Chrome/78.0.3904.108 Safari/537.36"
128.199.108.27 - - [28/Apr/2025:15:55:44 -0400] "GET //web/wp-includes/wlwmanifest.xml HTTP/1.1" 404 6603 "-" "Mozilla/5.0 (Windows NT 10.0; Win64; x64) AppleWebKit/537.36 (KHTML, like Gecko) Chrome/78.0.3904.108 Safari/537.36"
128.199.108.27 - - [28/Apr/2025:15:55:45 -0400] "GET //wordpress/wp-includes/wlwmanifest.xml HTTP/1.1" 404 6603 "-" "Mozilla/5.0 (Windows NT 10.0; Win64; x64) AppleWebKit/537.36 (KHTML, like Gecko) Chrome/78.0.3904.108 Safari/537.36"
128.199.108.27 - - [28/Apr/2025:15:55:45 -0400] "GET //website/wp-includes/wlwmanifest.xml HTTP/1.1" 404 6603 "-" "Mozilla/5.0 (Windows NT 10.0; Win64; x64) AppleWebKit/537.36 (KHTML, like Gecko) Chrome/78.0.3904.108 Safari/537.36"
128.199.108.27 - - [28/Apr/2025:15:55:45 -0400] "GET //wp/wp-includes/wlwmanifest.xml HTTP/1.1" 404 6603 "-" "Mozilla/5.0 (Windows NT 10.0; Win64; x64) AppleWebKit/537.36 (KHTML, like Gecko) Chrome/78.0.3904.108 Safari/537.36"
128.199.108.27 - - [28/Apr/2025:15:55:46 -0400] "GET //news/wp-includes/wlwmanifest.xml HTTP/1.1" 404 6603 "-" "Mozilla/5.0 (Windows NT 10.0; Win64; x64) AppleWebKit/537.36 (KHTML, like Gecko) Chrome/78.0.3904.108 Safari/537.36"
128.199.108.27 - - [28/Apr/2025:15:55:46 -0400] "GET //2018/wp-includes/wlwmanifest.xml HTTP/1.1" 404 6603 "-" "Mozilla/5.0 (Windows NT 10.0; Win64; x64) AppleWebKit/537.36 (KHTML, like Gecko) Chrome/78.0.3904.108 Safari/537.36"
128.199.108.27 - - [28/Apr/2025:15:55:47 -0400] "GET //2019/wp-includes/wlwmanifest.xml HTTP/1.1" 404 6603 "-" "Mozilla/5.0 (Windows NT 10.0; Win64; x64) AppleWebKit/537.36 (KHTML, like Gecko) Chrome/78.0.3904.108 Safari/537.36"
128.199.108.27 - - [28/Apr/2025:15:55:47 -0400] "GET //shop/wp-includes/wlwmanifest.xml HTTP/1.1" 404 6603 "-" "Mozilla/5.0 (Windows NT 10.0; Win64; x64) AppleWebKit/537.36 (KHTML, like Gecko) Chrome/78.0.3904.108 Safari/537.36"
128.199.108.27 - - [28/Apr/2025:15:55:47 -0400] "GET //wp1/wp-includes/wlwmanifest.xml HTTP/1.1" 404 6603 "-" "Mozilla/5.0 (Windows NT 10.0; Win64; x64) AppleWebKit/537.36 (KHTML, like Gecko) Chrome/78.0.3904.108 Safari/537.36"
128.199.108.27 - - [28/Apr/2025:15:55:48 -0400] "GET //test/wp-includes/wlwmanifest.xml HTTP/1.1" 404 6603 "-" "Mozilla/5.0 (Windows NT 10.0; Win64; x64) AppleWebKit/537.36 (KHTML, like Gecko) Chrome/78.0.3904.108 Safari/537.36"
128.199.108.27 - - [28/Apr/2025:15:55:48 -0400] "GET //media/wp-includes/wlwmanifest.xml HTTP/1.1" 404 6603 "-" "Mozilla/5.0 (Windows NT 10.0; Win64; x64) AppleWebKit/537.36 (KHTML, like Gecko) Chrome/78.0.3904.108 Safari/537.36"
128.199.108.27 - - [28/Apr/2025:15:55:48 -0400] "GET //wp2/wp-includes/wlwmanifest.xml HTTP/1.1" 404 6603 "-" "Mozilla/5.0 (Windows NT 10.0; Win64; x64) AppleWebKit/537.36 (KHTML, like Gecko) Chrome/78.0.3904.108 Safari/537.36"
128.199.108.27 - - [28/Apr/2025:15:55:49 -0400] "GET //site/wp-includes/wlwmanifest.xml HTTP/1.1" 404 6603 "-" "Mozilla/5.0 (Windows NT 10.0; Win64; x64) AppleWebKit/537.36 (KHTML, like Gecko) Chrome/78.0.3904.108 Safari/537.36"
128.199.108.27 - - [28/Apr/2025:15:55:49 -0400] "GET //cms/wp-includes/wlwmanifest.xml HTTP/1.1" 404 6603 "-" "Mozilla/5.0 (Windows NT 10.0; Win64; x64) AppleWebKit/537.36 (KHTML, like Gecko) Chrome/78.0.3904.108 Safari/537.36"
128.199.108.27 - - [28/Apr/2025:15:55:50 -0400] "GET //sito/wp-includes/wlwmanifest.xml HTTP/1.1" 404 6603 "-" "Mozilla/5.0 (Windows NT 10.0; Win64; x64) AppleWebKit/537.36 (KHTML, like Gecko) Chrome/78.0.3904.108 Safari/537.36"
2a06:98c0:3600::103 - - [28/Apr/2025:16:08:38 -0400] "GET /wordpress/wp-admin/setup-config.php HTTP/1.1" 200 0 "-" "Mozilla/5.0 (Windows NT 10.0; Win64; x64) AppleWebKit/537.36 (KHTML, like Gecko) Chrome/135.0.0.0 Safari/537.36"
2a06:98c0:3600::103 - - [28/Apr/2025:16:08:57 -0400] "GET /wordpress/wp-admin/setup-config.php HTTP/1.1" 404 1992 "-" "Mozilla/5.0 (Windows NT 10.0; Win64; x64) AppleWebKit/537.36 (KHTML, like Gecko) Chrome/135.0.0.0 Safari/537.36"
2a06:98c0:3600::103 - - [28/Apr/2025:16:09:07 -0400] "GET /wp-admin/setup-config.php HTTP/1.1" 404 1992 "-" "Mozilla/5.0 (Windows NT 10.0; Win64; x64) AppleWebKit/537.36 (KHTML, like Gecko) Chrome/135.0.0.0 Safari/537.36"
51.222.253.6 - - [28/Apr/2025:16:16:40 -0400] "GET /yaballe-voucher-codes?filter=codes HTTP/1.1" 200 4552 "-" "Mozilla/5.0 (compatible; AhrefsBot/7.0; +http://ahrefs.com/robot/)"
2a06:98c0:3600::103 - - [28/Apr/2025:16:24:44 -0400] "GET /wp-admin/setup-config.php HTTP/1.1" 404 1992 "-" "Mozilla/5.0 (Windows NT 10.0; Win64; x64) AppleWebKit/537.36 (KHTML, like Gecko) Chrome/135.0.0.0 Safari/537.36"
2a06:98c0:3600::103 - - [28/Apr/2025:16:26:15 -0400] "GET /wordpress/wp-admin/setup-config.php HTTP/1.1" 404 1992 "-" "Mozilla/5.0 (Windows NT 10.0; Win64; x64) AppleWebKit/537.36 (KHTML, like Gecko) Chrome/135.0.0.0 Safari/537.36"
2a06:98c0:3600::103 - - [28/Apr/2025:16:27:10 -0400] "GET /wordpress/wp-admin/setup-config.php HTTP/1.1" 404 1992 "-" "Mozilla/5.0 (Windows NT 10.0; Win64; x64) AppleWebKit/537.36 (KHTML, like Gecko) Chrome/135.0.0.0 Safari/537.36"
2a06:98c0:3600::103 - - [28/Apr/2025:16:27:55 -0400] "GET /wp-admin/setup-config.php HTTP/1.1" 404 1992 "-" "Mozilla/5.0 (Windows NT 10.0; Win64; x64) AppleWebKit/537.36 (KHTML, like Gecko) Chrome/135.0.0.0 Safari/537.36"
2a06:98c0:3600::103 - - [28/Apr/2025:16:41:42 -0400] "GET /wp-admin/setup-config.php HTTP/1.1" 200 0 "-" "Mozilla/5.0 (Windows NT 10.0; Win64; x64) AppleWebKit/537.36 (KHTML, like Gecko) Chrome/135.0.0.0 Safari/537.36"
51.222.253.20 - - [28/Apr/2025:16:43:47 -0400] "GET /yaballe-voucher-codes?filter=deals HTTP/1.1" 200 4548 "-" "Mozilla/5.0 (compatible; AhrefsBot/7.0; +http://ahrefs.com/robot/)"
2a06:98c0:3600::103 - - [28/Apr/2025:16:44:05 -0400] "GET /wordpress/wp-admin/setup-config.php HTTP/1.1" 404 1992 "-" "Mozilla/5.0 (Windows NT 10.0; Win64; x64) AppleWebKit/537.36 (KHTML, like Gecko) Chrome/135.0.0.0 Safari/537.36"
2a06:98c0:3600::103 - - [28/Apr/2025:16:45:18 -0400] "GET /wp-admin/setup-config.php HTTP/1.1" 404 1992 "-" "Mozilla/5.0 (Windows NT 10.0; Win64; x64) AppleWebKit/537.36 (KHTML, like Gecko) Chrome/135.0.0.0 Safari/537.36"
2a06:98c0:3600::103 - - [28/Apr/2025:16:57:20 -0400] "GET /wordpress/wp-admin/setup-config.php HTTP/1.1" 200 0 "-" "Mozilla/5.0 (Windows NT 10.0; Win64; x64) AppleWebKit/537.36 (KHTML, like Gecko) Chrome/135.0.0.0 Safari/537.36"
2a06:98c0:3600::103 - - [28/Apr/2025:16:59:11 -0400] "GET /wordpress/wp-admin/setup-config.php HTTP/1.1" 404 1992 "-" "Mozilla/5.0 (Windows NT 10.0; Win64; x64) AppleWebKit/537.36 (KHTML, like Gecko) Chrome/135.0.0.0 Safari/537.36"
2a06:98c0:3600::103 - - [28/Apr/2025:17:00:59 -0400] "GET /wp-admin/setup-config.php HTTP/1.1" 404 1992 "-" "Mozilla/5.0 (Windows NT 10.0; Win64; x64) AppleWebKit/537.36 (KHTML, like Gecko) Chrome/135.0.0.0 Safari/537.36"
128.199.108.27 - - [28/Apr/2025:17:01:19 -0400] "GET / HTTP/1.1" 200 24453 "-" "Mozilla/5.0 (Windows NT 10.0; Win64; x64) AppleWebKit/537.36 (KHTML, like Gecko) Chrome/78.0.3904.108 Safari/537.36"
128.199.108.27 - - [28/Apr/2025:17:01:21 -0400] "GET //wp-includes/wlwmanifest.xml HTTP/1.1" 404 6603 "-" "Mozilla/5.0 (Windows NT 10.0; Win64; x64) AppleWebKit/537.36 (KHTML, like Gecko) Chrome/78.0.3904.108 Safari/537.36"
128.199.108.27 - - [28/Apr/2025:17:01:21 -0400] "GET / HTTP/1.1" 200 24453 "-" "Mozilla/5.0 (Windows NT 10.0; Win64; x64) AppleWebKit/537.36 (KHTML, like Gecko) Chrome/78.0.3904.108 Safari/537.36"
128.199.108.27 - - [28/Apr/2025:17:01:23 -0400] "GET //blog/wp-includes/wlwmanifest.xml HTTP/1.1" 404 6603 "-" "Mozilla/5.0 (Windows NT 10.0; Win64; x64) AppleWebKit/537.36 (KHTML, like Gecko) Chrome/78.0.3904.108 Safari/537.36"
128.199.108.27 - - [28/Apr/2025:17:01:24 -0400] "GET //web/wp-includes/wlwmanifest.xml HTTP/1.1" 404 6603 "-" "Mozilla/5.0 (Windows NT 10.0; Win64; x64) AppleWebKit/537.36 (KHTML, like Gecko) Chrome/78.0.3904.108 Safari/537.36"
128.199.108.27 - - [28/Apr/2025:17:01:25 -0400] "GET //wordpress/wp-includes/wlwmanifest.xml HTTP/1.1" 404 6603 "-" "Mozilla/5.0 (Windows NT 10.0; Win64; x64) AppleWebKit/537.36 (KHTML, like Gecko) Chrome/78.0.3904.108 Safari/537.36"
128.199.108.27 - - [28/Apr/2025:17:01:26 -0400] "GET //website/wp-includes/wlwmanifest.xml HTTP/1.1" 404 6603 "-" "Mozilla/5.0 (Windows NT 10.0; Win64; x64) AppleWebKit/537.36 (KHTML, like Gecko) Chrome/78.0.3904.108 Safari/537.36"
128.199.108.27 - - [28/Apr/2025:17:01:26 -0400] "GET //wp/wp-includes/wlwmanifest.xml HTTP/1.1" 404 6603 "-" "Mozilla/5.0 (Windows NT 10.0; Win64; x64) AppleWebKit/537.36 (KHTML, like Gecko) Chrome/78.0.3904.108 Safari/537.36"
128.199.108.27 - - [28/Apr/2025:17:01:27 -0400] "GET //news/wp-includes/wlwmanifest.xml HTTP/1.1" 404 6603 "-" "Mozilla/5.0 (Windows NT 10.0; Win64; x64) AppleWebKit/537.36 (KHTML, like Gecko) Chrome/78.0.3904.108 Safari/537.36"
128.199.108.27 - - [28/Apr/2025:17:01:27 -0400] "GET //2018/wp-includes/wlwmanifest.xml HTTP/1.1" 404 6603 "-" "Mozilla/5.0 (Windows NT 10.0; Win64; x64) AppleWebKit/537.36 (KHTML, like Gecko) Chrome/78.0.3904.108 Safari/537.36"
128.199.108.27 - - [28/Apr/2025:17:01:28 -0400] "GET //2019/wp-includes/wlwmanifest.xml HTTP/1.1" 404 6603 "-" "Mozilla/5.0 (Windows NT 10.0; Win64; x64) AppleWebKit/537.36 (KHTML, like Gecko) Chrome/78.0.3904.108 Safari/537.36"
128.199.108.27 - - [28/Apr/2025:17:01:28 -0400] "GET //shop/wp-includes/wlwmanifest.xml HTTP/1.1" 404 6603 "-" "Mozilla/5.0 (Windows NT 10.0; Win64; x64) AppleWebKit/537.36 (KHTML, like Gecko) Chrome/78.0.3904.108 Safari/537.36"
128.199.108.27 - - [28/Apr/2025:17:01:29 -0400] "GET //wp1/wp-includes/wlwmanifest.xml HTTP/1.1" 404 6603 "-" "Mozilla/5.0 (Windows NT 10.0; Win64; x64) AppleWebKit/537.36 (KHTML, like Gecko) Chrome/78.0.3904.108 Safari/537.36"
128.199.108.27 - - [28/Apr/2025:17:01:29 -0400] "GET //test/wp-includes/wlwmanifest.xml HTTP/1.1" 404 6603 "-" "Mozilla/5.0 (Windows NT 10.0; Win64; x64) AppleWebKit/537.36 (KHTML, like Gecko) Chrome/78.0.3904.108 Safari/537.36"
128.199.108.27 - - [28/Apr/2025:17:01:29 -0400] "GET //media/wp-includes/wlwmanifest.xml HTTP/1.1" 404 6603 "-" "Mozilla/5.0 (Windows NT 10.0; Win64; x64) AppleWebKit/537.36 (KHTML, like Gecko) Chrome/78.0.3904.108 Safari/537.36"
128.199.108.27 - - [28/Apr/2025:17:01:30 -0400] "GET //wp2/wp-includes/wlwmanifest.xml HTTP/1.1" 404 6603 "-" "Mozilla/5.0 (Windows NT 10.0; Win64; x64) AppleWebKit/537.36 (KHTML, like Gecko) Chrome/78.0.3904.108 Safari/537.36"
128.199.108.27 - - [28/Apr/2025:17:01:30 -0400] "GET //site/wp-includes/wlwmanifest.xml HTTP/1.1" 404 6603 "-" "Mozilla/5.0 (Windows NT 10.0; Win64; x64) AppleWebKit/537.36 (KHTML, like Gecko) Chrome/78.0.3904.108 Safari/537.36"
128.199.108.27 - - [28/Apr/2025:17:01:30 -0400] "GET //cms/wp-includes/wlwmanifest.xml HTTP/1.1" 404 6603 "-" "Mozilla/5.0 (Windows NT 10.0; Win64; x64) AppleWebKit/537.36 (KHTML, like Gecko) Chrome/78.0.3904.108 Safari/537.36"
128.199.108.27 - - [28/Apr/2025:17:01:31 -0400] "GET //sito/wp-includes/wlwmanifest.xml HTTP/1.1" 404 6603 "-" "Mozilla/5.0 (Windows NT 10.0; Win64; x64) AppleWebKit/537.36 (KHTML, like Gecko) Chrome/78.0.3904.108 Safari/537.36"
51.222.253.1 - - [28/Apr/2025:17:07:59 -0400] "GET /triptogo-discount-code?filter=codes HTTP/1.1" 200 4389 "-" "Mozilla/5.0 (compatible; AhrefsBot/7.0; +http://ahrefs.com/robot/)"
128.199.137.46 - - [28/Apr/2025:17:09:59 -0400] "GET / HTTP/1.1" 200 24453 "-" "Mozilla/5.0 (Windows NT 10.0; Win64; x64) AppleWebKit/537.36 (KHTML, like Gecko) Chrome/89.0.4389.114 Safari/537.36"
128.199.137.46 - - [28/Apr/2025:17:10:00 -0400] "GET //wp-includes/wlwmanifest.xml HTTP/1.1" 404 6603 "-" "Mozilla/5.0 (Windows NT 10.0; Win64; x64) AppleWebKit/537.36 (KHTML, like Gecko) Chrome/89.0.4389.114 Safari/537.36"
128.199.137.46 - - [28/Apr/2025:17:10:01 -0400] "GET / HTTP/1.1" 200 24453 "-" "Mozilla/5.0 (Windows NT 10.0; Win64; x64) AppleWebKit/537.36 (KHTML, like Gecko) Chrome/89.0.4389.114 Safari/537.36"
128.199.137.46 - - [28/Apr/2025:17:10:03 -0400] "GET //blog/wp-includes/wlwmanifest.xml HTTP/1.1" 404 6603 "-" "Mozilla/5.0 (Windows NT 10.0; Win64; x64) AppleWebKit/537.36 (KHTML, like Gecko) Chrome/89.0.4389.114 Safari/537.36"
128.199.137.46 - - [28/Apr/2025:17:10:04 -0400] "GET //web/wp-includes/wlwmanifest.xml HTTP/1.1" 404 6603 "-" "Mozilla/5.0 (Windows NT 10.0; Win64; x64) AppleWebKit/537.36 (KHTML, like Gecko) Chrome/89.0.4389.114 Safari/537.36"
128.199.137.46 - - [28/Apr/2025:17:10:04 -0400] "GET //wordpress/wp-includes/wlwmanifest.xml HTTP/1.1" 404 6603 "-" "Mozilla/5.0 (Windows NT 10.0; Win64; x64) AppleWebKit/537.36 (KHTML, like Gecko) Chrome/89.0.4389.114 Safari/537.36"
128.199.137.46 - - [28/Apr/2025:17:10:05 -0400] "GET //website/wp-includes/wlwmanifest.xml HTTP/1.1" 404 6603 "-" "Mozilla/5.0 (Windows NT 10.0; Win64; x64) AppleWebKit/537.36 (KHTML, like Gecko) Chrome/89.0.4389.114 Safari/537.36"
128.199.137.46 - - [28/Apr/2025:17:10:06 -0400] "GET //wp/wp-includes/wlwmanifest.xml HTTP/1.1" 404 6603 "-" "Mozilla/5.0 (Windows NT 10.0; Win64; x64) AppleWebKit/537.36 (KHTML, like Gecko) Chrome/89.0.4389.114 Safari/537.36"
128.199.137.46 - - [28/Apr/2025:17:10:07 -0400] "GET //news/wp-includes/wlwmanifest.xml HTTP/1.1" 404 6603 "-" "Mozilla/5.0 (Windows NT 10.0; Win64; x64) AppleWebKit/537.36 (KHTML, like Gecko) Chrome/89.0.4389.114 Safari/537.36"
128.199.137.46 - - [28/Apr/2025:17:10:08 -0400] "GET //2020/wp-includes/wlwmanifest.xml HTTP/1.1" 404 6603 "-" "Mozilla/5.0 (Windows NT 10.0; Win64; x64) AppleWebKit/537.36 (KHTML, like Gecko) Chrome/89.0.4389.114 Safari/537.36"
128.199.137.46 - - [28/Apr/2025:17:10:09 -0400] "GET //2019/wp-includes/wlwmanifest.xml HTTP/1.1" 404 6603 "-" "Mozilla/5.0 (Windows NT 10.0; Win64; x64) AppleWebKit/537.36 (KHTML, like Gecko) Chrome/89.0.4389.114 Safari/537.36"
128.199.137.46 - - [28/Apr/2025:17:10:09 -0400] "GET //shop/wp-includes/wlwmanifest.xml HTTP/1.1" 404 6603 "-" "Mozilla/5.0 (Windows NT 10.0; Win64; x64) AppleWebKit/537.36 (KHTML, like Gecko) Chrome/89.0.4389.114 Safari/537.36"
128.199.137.46 - - [28/Apr/2025:17:10:10 -0400] "GET //wp1/wp-includes/wlwmanifest.xml HTTP/1.1" 404 6603 "-" "Mozilla/5.0 (Windows NT 10.0; Win64; x64) AppleWebKit/537.36 (KHTML, like Gecko) Chrome/89.0.4389.114 Safari/537.36"
128.199.137.46 - - [28/Apr/2025:17:10:11 -0400] "GET //test/wp-includes/wlwmanifest.xml HTTP/1.1" 404 6603 "-" "Mozilla/5.0 (Windows NT 10.0; Win64; x64) AppleWebKit/537.36 (KHTML, like Gecko) Chrome/89.0.4389.114 Safari/537.36"
128.199.137.46 - - [28/Apr/2025:17:10:11 -0400] "GET //wp2/wp-includes/wlwmanifest.xml HTTP/1.1" 404 6603 "-" "Mozilla/5.0 (Windows NT 10.0; Win64; x64) AppleWebKit/537.36 (KHTML, like Gecko) Chrome/89.0.4389.114 Safari/537.36"
128.199.137.46 - - [28/Apr/2025:17:10:11 -0400] "GET //site/wp-includes/wlwmanifest.xml HTTP/1.1" 404 6603 "-" "Mozilla/5.0 (Windows NT 10.0; Win64; x64) AppleWebKit/537.36 (KHTML, like Gecko) Chrome/89.0.4389.114 Safari/537.36"
128.199.137.46 - - [28/Apr/2025:17:10:12 -0400] "GET //cms/wp-includes/wlwmanifest.xml HTTP/1.1" 404 6603 "-" "Mozilla/5.0 (Windows NT 10.0; Win64; x64) AppleWebKit/537.36 (KHTML, like Gecko) Chrome/89.0.4389.114 Safari/537.36"
128.199.137.46 - - [28/Apr/2025:17:10:12 -0400] "GET //sito/wp-includes/wlwmanifest.xml HTTP/1.1" 404 6603 "-" "Mozilla/5.0 (Windows NT 10.0; Win64; x64) AppleWebKit/537.36 (KHTML, like Gecko) Chrome/89.0.4389.114 Safari/537.36"
2a06:98c0:3600::103 - - [28/Apr/2025:17:13:09 -0400] "GET /wordpress/wp-admin/setup-config.php HTTP/1.1" 404 1992 "-" "Mozilla/5.0 (Windows NT 10.0; Win64; x64) AppleWebKit/537.36 (KHTML, like Gecko) Chrome/135.0.0.0 Safari/537.36"
2a06:98c0:3600::103 - - [28/Apr/2025:17:16:14 -0400] "GET /wp-admin/setup-config.php HTTP/1.1" 404 1992 "-" "Mozilla/5.0 (Windows NT 10.0; Win64; x64) AppleWebKit/537.36 (KHTML, like Gecko) Chrome/135.0.0.0 Safari/537.36"
2a06:98c0:3600::103 - - [28/Apr/2025:17:16:24 -0400] "GET /wordpress/wp-admin/setup-config.php HTTP/1.1" 404 1992 "-" "Mozilla/5.0 (Windows NT 10.0; Win64; x64) AppleWebKit/537.36 (KHTML, like Gecko) Chrome/135.0.0.0 Safari/537.36"
2a06:98c0:3600::103 - - [28/Apr/2025:17:16:47 -0400] "GET /wp-admin/setup-config.php HTTP/1.1" 404 1992 "-" "Mozilla/5.0 (Windows NT 10.0; Win64; x64) AppleWebKit/537.36 (KHTML, like Gecko) Chrome/135.0.0.0 Safari/537.36"
2a06:98c0:3600::103 - - [28/Apr/2025:17:29:05 -0400] "GET /wordpress/wp-admin/setup-config.php HTTP/1.1" 200 0 "-" "Mozilla/5.0 (Windows NT 10.0; Win64; x64) AppleWebKit/537.36 (KHTML, like Gecko) Chrome/135.0.0.0 Safari/537.36"
51.222.253.14 - - [28/Apr/2025:17:30:48 -0400] "GET /gotrip-promo-codes?filter=deals HTTP/1.1" 200 4335 "-" "Mozilla/5.0 (compatible; AhrefsBot/7.0; +http://ahrefs.com/robot/)"
2a06:98c0:3600::103 - - [28/Apr/2025:17:30:57 -0400] "GET /wp-admin/setup-config.php HTTP/1.1" 404 1992 "-" "Mozilla/5.0 (Windows NT 10.0; Win64; x64) AppleWebKit/537.36 (KHTML, like Gecko) Chrome/135.0.0.0 Safari/537.36"
2a06:98c0:3600::103 - - [28/Apr/2025:17:31:49 -0400] "GET /wordpress/wp-admin/setup-config.php HTTP/1.1" 404 1992 "-" "Mozilla/5.0 (Windows NT 10.0; Win64; x64) AppleWebKit/537.36 (KHTML, like Gecko) Chrome/135.0.0.0 Safari/537.36"
93.152.220.246 - - [28/Apr/2025:17:35:49 -0400] "GET //wp-includes/ID3/license.txt HTTP/1.1" 404 6603 "-" "Mozilla/5.0 (Windows NT 10.0; Win64; x64) AppleWebKit/537.36 (KHTML, like Gecko) Chrome/95.0.4638.69 Safari/537.36"
93.152.220.246 - - [28/Apr/2025:17:35:50 -0400] "GET //feed/ HTTP/1.1" 301 795 "-" "Mozilla/5.0 (Windows NT 10.0; Win64; x64) AppleWebKit/537.36 (KHTML, like Gecko) Chrome/95.0.4638.69 Safari/537.36"
93.152.220.246 - - [28/Apr/2025:17:35:50 -0400] "GET //blog/wp-includes/wlwmanifest.xml HTTP/1.1" 404 6603 "-" "Mozilla/5.0 (Windows NT 10.0; Win64; x64) AppleWebKit/537.36 (KHTML, like Gecko) Chrome/95.0.4638.69 Safari/537.36"
93.152.220.246 - - [28/Apr/2025:17:35:50 -0400] "GET //web/wp-includes/wlwmanifest.xml HTTP/1.1" 404 6603 "-" "Mozilla/5.0 (Windows NT 10.0; Win64; x64) AppleWebKit/537.36 (KHTML, like Gecko) Chrome/95.0.4638.69 Safari/537.36"
93.152.220.246 - - [28/Apr/2025:17:35:50 -0400] "GET //wordpress/wp-includes/wlwmanifest.xml HTTP/1.1" 404 6603 "-" "Mozilla/5.0 (Windows NT 10.0; Win64; x64) AppleWebKit/537.36 (KHTML, like Gecko) Chrome/95.0.4638.69 Safari/537.36"
93.152.220.246 - - [28/Apr/2025:17:35:51 -0400] "GET //wp/wp-includes/wlwmanifest.xml HTTP/1.1" 404 6603 "-" "Mozilla/5.0 (Windows NT 10.0; Win64; x64) AppleWebKit/537.36 (KHTML, like Gecko) Chrome/95.0.4638.69 Safari/537.36"
93.152.220.246 - - [28/Apr/2025:17:35:51 -0400] "GET //2020/wp-includes/wlwmanifest.xml HTTP/1.1" 404 6603 "-" "Mozilla/5.0 (Windows NT 10.0; Win64; x64) AppleWebKit/537.36 (KHTML, like Gecko) Chrome/95.0.4638.69 Safari/537.36"
93.152.220.246 - - [28/Apr/2025:17:35:51 -0400] "GET //2019/wp-includes/wlwmanifest.xml HTTP/1.1" 404 6603 "-" "Mozilla/5.0 (Windows NT 10.0; Win64; x64) AppleWebKit/537.36 (KHTML, like Gecko) Chrome/95.0.4638.69 Safari/537.36"
93.152.220.246 - - [28/Apr/2025:17:35:51 -0400] "GET //2021/wp-includes/wlwmanifest.xml HTTP/1.1" 404 6603 "-" "Mozilla/5.0 (Windows NT 10.0; Win64; x64) AppleWebKit/537.36 (KHTML, like Gecko) Chrome/95.0.4638.69 Safari/537.36"
93.152.220.246 - - [28/Apr/2025:17:35:51 -0400] "GET //shop/wp-includes/wlwmanifest.xml HTTP/1.1" 404 6603 "-" "Mozilla/5.0 (Windows NT 10.0; Win64; x64) AppleWebKit/537.36 (KHTML, like Gecko) Chrome/95.0.4638.69 Safari/537.36"
93.152.220.246 - - [28/Apr/2025:17:35:51 -0400] "GET //wp1/wp-includes/wlwmanifest.xml HTTP/1.1" 404 6603 "-" "Mozilla/5.0 (Windows NT 10.0; Win64; x64) AppleWebKit/537.36 (KHTML, like Gecko) Chrome/95.0.4638.69 Safari/537.36"
93.152.220.246 - - [28/Apr/2025:17:35:51 -0400] "GET //test/wp-includes/wlwmanifest.xml HTTP/1.1" 404 6603 "-" "Mozilla/5.0 (Windows NT 10.0; Win64; x64) AppleWebKit/537.36 (KHTML, like Gecko) Chrome/95.0.4638.69 Safari/537.36"
93.152.220.246 - - [28/Apr/2025:17:35:51 -0400] "GET //site/wp-includes/wlwmanifest.xml HTTP/1.1" 404 6603 "-" "Mozilla/5.0 (Windows NT 10.0; Win64; x64) AppleWebKit/537.36 (KHTML, like Gecko) Chrome/95.0.4638.69 Safari/537.36"
93.152.220.246 - - [28/Apr/2025:17:35:52 -0400] "GET //cms/wp-includes/wlwmanifest.xml HTTP/1.1" 404 6603 "-" "Mozilla/5.0 (Windows NT 10.0; Win64; x64) AppleWebKit/537.36 (KHTML, like Gecko) Chrome/95.0.4638.69 Safari/537.36"
2a06:98c0:3600::103 - - [28/Apr/2025:17:44:35 -0400] "GET /wp-admin/setup-config.php HTTP/1.1" 404 1992 "-" "Mozilla/5.0 (Windows NT 10.0; Win64; x64) AppleWebKit/537.36 (KHTML, like Gecko) Chrome/135.0.0.0 Safari/537.36"
2a06:98c0:3600::103 - - [28/Apr/2025:17:44:54 -0400] "GET /wordpress/wp-admin/setup-config.php HTTP/1.1" 404 1992 "-" "Mozilla/5.0 (Windows NT 10.0; Win64; x64) AppleWebKit/537.36 (KHTML, like Gecko) Chrome/135.0.0.0 Safari/537.36"
2a06:98c0:3600::103 - - [28/Apr/2025:17:47:44 -0400] "GET /wordpress/wp-admin/setup-config.php HTTP/1.1" 404 1992 "-" "Mozilla/5.0 (Windows NT 10.0; Win64; x64) AppleWebKit/537.36 (KHTML, like Gecko) Chrome/135.0.0.0 Safari/537.36"
2a06:98c0:3600::103 - - [28/Apr/2025:17:47:44 -0400] "GET /wp-admin/setup-config.php HTTP/1.1" 404 1992 "-" "Mozilla/5.0 (Windows NT 10.0; Win64; x64) AppleWebKit/537.36 (KHTML, like Gecko) Chrome/135.0.0.0 Safari/537.36"
51.222.253.8 - - [28/Apr/2025:17:51:05 -0400] "GET /gillygro-discounts HTTP/1.1" 200 4640 "-" "Mozilla/5.0 (compatible; AhrefsBot/7.0; +http://ahrefs.com/robot/)"
2a06:98c0:3600::103 - - [28/Apr/2025:18:00:50 -0400] "GET /wordpress/wp-admin/setup-config.php HTTP/1.1" 404 1992 "-" "Mozilla/5.0 (Windows NT 10.0; Win64; x64) AppleWebKit/537.36 (KHTML, like Gecko) Chrome/135.0.0.0 Safari/537.36"
2a06:98c0:3600::103 - - [28/Apr/2025:18:01:18 -0400] "GET /wordpress/wp-admin/setup-config.php HTTP/1.1" 404 1992 "-" "Mozilla/5.0 (Windows NT 10.0; Win64; x64) AppleWebKit/537.36 (KHTML, like Gecko) Chrome/135.0.0.0 Safari/537.36"
2a06:98c0:3600::103 - - [28/Apr/2025:18:01:33 -0400] "GET /wp-admin/setup-config.php HTTP/1.1" 404 1992 "-" "Mozilla/5.0 (Windows NT 10.0; Win64; x64) AppleWebKit/537.36 (KHTML, like Gecko) Chrome/135.0.0.0 Safari/537.36"
2a06:98c0:3600::103 - - [28/Apr/2025:18:02:41 -0400] "GET /wp-admin/setup-config.php HTTP/1.1" 404 1992 "-" "Mozilla/5.0 (Windows NT 10.0; Win64; x64) AppleWebKit/537.36 (KHTML, like Gecko) Chrome/135.0.0.0 Safari/537.36"
51.222.253.13 - - [28/Apr/2025:18:12:50 -0400] "GET /memphis-tours-promo-codes HTTP/1.1" 200 4436 "-" "Mozilla/5.0 (compatible; AhrefsBot/7.0; +http://ahrefs.com/robot/)"
2a06:98c0:3600::103 - - [28/Apr/2025:18:17:58 -0400] "GET /wordpress/wp-admin/setup-config.php HTTP/1.1" 404 1992 "-" "Mozilla/5.0 (Windows NT 10.0; Win64; x64) AppleWebKit/537.36 (KHTML, like Gecko) Chrome/135.0.0.0 Safari/537.36"
2a06:98c0:3600::103 - - [28/Apr/2025:18:17:59 -0400] "GET /wordpress/wp-admin/setup-config.php HTTP/1.1" 404 1992 "-" "Mozilla/5.0 (Windows NT 10.0; Win64; x64) AppleWebKit/537.36 (KHTML, like Gecko) Chrome/135.0.0.0 Safari/537.36"
2a06:98c0:3600::103 - - [28/Apr/2025:18:18:08 -0400] "GET /wp-admin/setup-config.php HTTP/1.1" 404 1992 "-" "Mozilla/5.0 (Windows NT 10.0; Win64; x64) AppleWebKit/537.36 (KHTML, like Gecko) Chrome/135.0.0.0 Safari/537.36"
2a06:98c0:3600::103 - - [28/Apr/2025:18:20:10 -0400] "GET /wp-admin/setup-config.php HTTP/1.1" 404 1992 "-" "Mozilla/5.0 (Windows NT 10.0; Win64; x64) AppleWebKit/537.36 (KHTML, like Gecko) Chrome/135.0.0.0 Safari/537.36"
2a06:98c0:3600::103 - - [28/Apr/2025:18:33:27 -0400] "GET /wp-admin/setup-config.php HTTP/1.1" 404 1992 "-" "Mozilla/5.0 (Windows NT 10.0; Win64; x64) AppleWebKit/537.36 (KHTML, like Gecko) Chrome/135.0.0.0 Safari/537.36"
2a06:98c0:3600::103 - - [28/Apr/2025:18:33:45 -0400] "GET /wordpress/wp-admin/setup-config.php HTTP/1.1" 404 1992 "-" "Mozilla/5.0 (Windows NT 10.0; Win64; x64) AppleWebKit/537.36 (KHTML, like Gecko) Chrome/135.0.0.0 Safari/537.36"
51.222.253.7 - - [28/Apr/2025:18:34:45 -0400] "GET /vacabee-voucher-codes HTTP/1.1" 200 4632 "-" "Mozilla/5.0 (compatible; AhrefsBot/7.0; +http://ahrefs.com/robot/)"
2a06:98c0:3600::103 - - [28/Apr/2025:18:35:02 -0400] "GET /wordpress/wp-admin/setup-config.php HTTP/1.1" 404 1992 "-" "Mozilla/5.0 (Windows NT 10.0; Win64; x64) AppleWebKit/537.36 (KHTML, like Gecko) Chrome/135.0.0.0 Safari/537.36"
2a06:98c0:3600::103 - - [28/Apr/2025:18:35:53 -0400] "GET /wp-admin/setup-config.php HTTP/1.1" 404 1992 "-" "Mozilla/5.0 (Windows NT 10.0; Win64; x64) AppleWebKit/537.36 (KHTML, like Gecko) Chrome/135.0.0.0 Safari/537.36"
2a06:98c0:3600::103 - - [28/Apr/2025:18:38:10 -0400] "GET /wordpress/wp-admin/setup-config.php HTTP/1.1" 404 1992 "-" "Mozilla/5.0 (Windows NT 10.0; Win64; x64) AppleWebKit/537.36 (KHTML, like Gecko) Chrome/135.0.0.0 Safari/537.36"
2a06:98c0:3600::103 - - [28/Apr/2025:18:39:23 -0400] "GET /wordpress/wp-admin/setup-config.php HTTP/1.1" 404 1992 "-" "Mozilla/5.0 (Windows NT 10.0; Win64; x64) AppleWebKit/537.36 (KHTML, like Gecko) Chrome/135.0.0.0 Safari/537.36"
2a06:98c0:3600::103 - - [28/Apr/2025:18:40:14 -0400] "GET /wp-admin/setup-config.php HTTP/1.1" 404 1992 "-" "Mozilla/5.0 (Windows NT 10.0; Win64; x64) AppleWebKit/537.36 (KHTML, like Gecko) Chrome/135.0.0.0 Safari/537.36"
2a06:98c0:3600::103 - - [28/Apr/2025:18:40:57 -0400] "GET /wp-admin/setup-config.php HTTP/1.1" 404 1992 "-" "Mozilla/5.0 (Windows NT 10.0; Win64; x64) AppleWebKit/537.36 (KHTML, like Gecko) Chrome/135.0.0.0 Safari/537.36"
2a06:98c0:3600::103 - - [28/Apr/2025:18:56:09 -0400] "GET /wordpress/wp-admin/setup-config.php HTTP/1.1" 404 1992 "-" "Mozilla/5.0 (Windows NT 10.0; Win64; x64) AppleWebKit/537.36 (KHTML, like Gecko) Chrome/135.0.0.0 Safari/537.36"
2a06:98c0:3600::103 - - [28/Apr/2025:18:56:42 -0400] "GET /wp-admin/setup-config.php HTTP/1.1" 404 1992 "-" "Mozilla/5.0 (Windows NT 10.0; Win64; x64) AppleWebKit/537.36 (KHTML, like Gecko) Chrome/135.0.0.0 Safari/537.36"
2a06:98c0:3600::103 - - [28/Apr/2025:18:57:09 -0400] "GET /wordpress/wp-admin/setup-config.php HTTP/1.1" 404 1992 "-" "Mozilla/5.0 (Windows NT 10.0; Win64; x64) AppleWebKit/537.36 (KHTML, like Gecko) Chrome/135.0.0.0 Safari/537.36"
2a06:98c0:3600::103 - - [28/Apr/2025:18:57:23 -0400] "GET /wp-admin/setup-config.php HTTP/1.1" 404 1992 "-" "Mozilla/5.0 (Windows NT 10.0; Win64; x64) AppleWebKit/537.36 (KHTML, like Gecko) Chrome/135.0.0.0 Safari/537.36"
51.222.253.14 - - [28/Apr/2025:18:58:09 -0400] "GET /memphis-tours-promo-codes?filter=codes HTTP/1.1" 200 3984 "-" "Mozilla/5.0 (compatible; AhrefsBot/7.0; +http://ahrefs.com/robot/)"
118.195.165.218 - - [28/Apr/2025:19:04:00 -0400] "GET / HTTP/1.1" 301 795 "http://www.frugilo.com" "Mozilla/5.0 (iPhone; CPU iPhone OS 13_2_3 like Mac OS X) AppleWebKit/605.1.15 (KHTML, like Gecko) Version/13.0.3 Mobile/15E148 Safari/604.1"
2a06:98c0:3600::103 - - [28/Apr/2025:19:09:22 -0400] "GET /wp-admin/setup-config.php HTTP/1.1" 404 1992 "-" "Mozilla/5.0 (Windows NT 10.0; Win64; x64) AppleWebKit/537.36 (KHTML, like Gecko) Chrome/135.0.0.0 Safari/537.36"
2a06:98c0:3600::103 - - [28/Apr/2025:19:09:32 -0400] "GET /wordpress/wp-admin/setup-config.php HTTP/1.1" 404 1992 "-" "Mozilla/5.0 (Windows NT 10.0; Win64; x64) AppleWebKit/537.36 (KHTML, like Gecko) Chrome/135.0.0.0 Safari/537.36"
2a06:98c0:3600::103 - - [28/Apr/2025:19:10:25 -0400] "GET /wordpress/wp-admin/setup-config.php HTTP/1.1" 404 1992 "-" "Mozilla/5.0 (Windows NT 10.0; Win64; x64) AppleWebKit/537.36 (KHTML, like Gecko) Chrome/135.0.0.0 Safari/537.36"
51.222.253.9 - - [28/Apr/2025:19:10:29 -0400] "GET /memphis-tours-promo-codes?filter=deals HTTP/1.1" 200 4434 "-" "Mozilla/5.0 (compatible; AhrefsBot/7.0; +http://ahrefs.com/robot/)"
2a06:98c0:3600::103 - - [28/Apr/2025:19:11:39 -0400] "GET /wp-admin/setup-config.php HTTP/1.1" 404 1992 "-" "Mozilla/5.0 (Windows NT 10.0; Win64; x64) AppleWebKit/537.36 (KHTML, like Gecko) Chrome/135.0.0.0 Safari/537.36"
51.222.253.2 - - [28/Apr/2025:19:22:47 -0400] "GET /gillygro-discounts?filter=codes HTTP/1.1" 200 4370 "-" "Mozilla/5.0 (compatible; AhrefsBot/7.0; +http://ahrefs.com/robot/)"
2a06:98c0:3600::103 - - [28/Apr/2025:19:26:30 -0400] "GET /wp-admin/setup-config.php HTTP/1.1" 404 1992 "-" "Mozilla/5.0 (Windows NT 10.0; Win64; x64) AppleWebKit/537.36 (KHTML, like Gecko) Chrome/135.0.0.0 Safari/537.36"
2a06:98c0:3600::103 - - [28/Apr/2025:19:27:18 -0400] "GET /wordpress/wp-admin/setup-config.php HTTP/1.1" 404 1992 "-" "Mozilla/5.0 (Windows NT 10.0; Win64; x64) AppleWebKit/537.36 (KHTML, like Gecko) Chrome/135.0.0.0 Safari/537.36"
2a06:98c0:3600::103 - - [28/Apr/2025:19:27:41 -0400] "GET /wp-admin/setup-config.php HTTP/1.1" 404 1992 "-" "Mozilla/5.0 (Windows NT 10.0; Win64; x64) AppleWebKit/537.36 (KHTML, like Gecko) Chrome/135.0.0.0 Safari/537.36"
2a06:98c0:3600::103 - - [28/Apr/2025:19:28:09 -0400] "GET /wordpress/wp-admin/setup-config.php HTTP/1.1" 404 1992 "-" "Mozilla/5.0 (Windows NT 10.0; Win64; x64) AppleWebKit/537.36 (KHTML, like Gecko) Chrome/135.0.0.0 Safari/537.36"
51.222.253.13 - - [28/Apr/2025:19:34:30 -0400] "GET /gillygro-discounts?filter=deals HTTP/1.1" 200 4428 "-" "Mozilla/5.0 (compatible; AhrefsBot/7.0; +http://ahrefs.com/robot/)"
2a06:98c0:3600::103 - - [28/Apr/2025:19:41:13 -0400] "GET /wordpress/wp-admin/setup-config.php HTTP/1.1" 404 1992 "-" "Mozilla/5.0 (Windows NT 10.0; Win64; x64) AppleWebKit/537.36 (KHTML, like Gecko) Chrome/135.0.0.0 Safari/537.36"
2a06:98c0:3600::103 - - [28/Apr/2025:19:41:36 -0400] "GET /wordpress/wp-admin/setup-config.php HTTP/1.1" 404 1992 "-" "Mozilla/5.0 (Windows NT 10.0; Win64; x64) AppleWebKit/537.36 (KHTML, like Gecko) Chrome/135.0.0.0 Safari/537.36"
2a06:98c0:3600::103 - - [28/Apr/2025:19:44:22 -0400] "GET /wp-admin/setup-config.php HTTP/1.1" 404 1992 "-" "Mozilla/5.0 (Windows NT 10.0; Win64; x64) AppleWebKit/537.36 (KHTML, like Gecko) Chrome/135.0.0.0 Safari/537.36"
2a06:98c0:3600::103 - - [28/Apr/2025:19:44:22 -0400] "GET /wp-admin/setup-config.php HTTP/1.1" 404 1992 "-" "Mozilla/5.0 (Windows NT 10.0; Win64; x64) AppleWebKit/537.36 (KHTML, like Gecko) Chrome/135.0.0.0 Safari/537.36"
51.222.253.9 - - [28/Apr/2025:19:46:30 -0400] "GET /perlvoya-voucher HTTP/1.1" 200 4489 "-" "Mozilla/5.0 (compatible; AhrefsBot/7.0; +http://ahrefs.com/robot/)"
2a06:98c0:3600::103 - - [28/Apr/2025:19:57:16 -0400] "GET /wordpress/wp-admin/setup-config.php HTTP/1.1" 404 1992 "-" "Mozilla/5.0 (Windows NT 10.0; Win64; x64) AppleWebKit/537.36 (KHTML, like Gecko) Chrome/135.0.0.0 Safari/537.36"
2a06:98c0:3600::103 - - [28/Apr/2025:19:58:28 -0400] "GET /wp-admin/setup-config.php HTTP/1.1" 404 1992 "-" "Mozilla/5.0 (Windows NT 10.0; Win64; x64) AppleWebKit/537.36 (KHTML, like Gecko) Chrome/135.0.0.0 Safari/537.36"
51.222.253.16 - - [28/Apr/2025:19:58:35 -0400] "GET /siren-mode-coupon-code HTTP/1.1" 200 4582 "-" "Mozilla/5.0 (compatible; AhrefsBot/7.0; +http://ahrefs.com/robot/)"
2a06:98c0:3600::103 - - [28/Apr/2025:19:58:56 -0400] "GET /wordpress/wp-admin/setup-config.php HTTP/1.1" 404 1992 "-" "Mozilla/5.0 (Windows NT 10.0; Win64; x64) AppleWebKit/537.36 (KHTML, like Gecko) Chrome/135.0.0.0 Safari/537.36"
43.166.247.82 - - [28/Apr/2025:19:59:32 -0400] "GET / HTTP/1.1" 200 5795 "http://frugilo.com" "Mozilla/5.0 (iPhone; CPU iPhone OS 13_2_3 like Mac OS X) AppleWebKit/605.1.15 (KHTML, like Gecko) Version/13.0.3 Mobile/15E148 Safari/604.1"
2a06:98c0:3600::103 - - [28/Apr/2025:19:59:33 -0400] "GET /wp-admin/setup-config.php HTTP/1.1" 404 1992 "-" "Mozilla/5.0 (Windows NT 10.0; Win64; x64) AppleWebKit/537.36 (KHTML, like Gecko) Chrome/135.0.0.0 Safari/537.36"
43.165.67.57 - - [28/Apr/2025:20:04:03 -0400] "GET / HTTP/1.1" 200 5794 "http://frugilo.com" "Mozilla/5.0 (iPhone; CPU iPhone OS 13_2_3 like Mac OS X) AppleWebKit/605.1.15 (KHTML, like Gecko) Version/13.0.3 Mobile/15E148 Safari/604.1"
51.222.253.20 - - [28/Apr/2025:20:09:49 -0400] "GET /fanny-vouchers HTTP/1.1" 200 4457 "-" "Mozilla/5.0 (compatible; AhrefsBot/7.0; +http://ahrefs.com/robot/)"
2a06:98c0:3600::103 - - [28/Apr/2025:20:12:03 -0400] "GET /wp-admin/setup-config.php HTTP/1.1" 404 1992 "-" "Mozilla/5.0 (Windows NT 10.0; Win64; x64) AppleWebKit/537.36 (KHTML, like Gecko) Chrome/135.0.0.0 Safari/537.36"
2a06:98c0:3600::103 - - [28/Apr/2025:20:12:13 -0400] "GET /wp-admin/setup-config.php HTTP/1.1" 404 1992 "-" "Mozilla/5.0 (Windows NT 10.0; Win64; x64) AppleWebKit/537.36 (KHTML, like Gecko) Chrome/135.0.0.0 Safari/537.36"
2a06:98c0:3600::103 - - [28/Apr/2025:20:13:39 -0400] "GET /wordpress/wp-admin/setup-config.php HTTP/1.1" 404 1992 "-" "Mozilla/5.0 (Windows NT 10.0; Win64; x64) AppleWebKit/537.36 (KHTML, like Gecko) Chrome/135.0.0.0 Safari/537.36"
2a06:98c0:3600::103 - - [28/Apr/2025:20:16:13 -0400] "GET /wordpress/wp-admin/setup-config.php HTTP/1.1" 404 1992 "-" "Mozilla/5.0 (Windows NT 10.0; Win64; x64) AppleWebKit/537.36 (KHTML, like Gecko) Chrome/135.0.0.0 Safari/537.36"
51.222.253.15 - - [28/Apr/2025:20:21:58 -0400] "GET /oasis-hoteles-coupon-codes HTTP/1.1" 200 4601 "-" "Mozilla/5.0 (compatible; AhrefsBot/7.0; +http://ahrefs.com/robot/)"
2a06:98c0:3600::103 - - [28/Apr/2025:20:31:14 -0400] "GET /wp-admin/setup-config.php HTTP/1.1" 404 1992 "-" "Mozilla/5.0 (Windows NT 10.0; Win64; x64) AppleWebKit/537.36 (KHTML, like Gecko) Chrome/135.0.0.0 Safari/537.36"
2a06:98c0:3600::103 - - [28/Apr/2025:20:31:33 -0400] "GET /wp-admin/setup-config.php HTTP/1.1" 404 1992 "-" "Mozilla/5.0 (Windows NT 10.0; Win64; x64) AppleWebKit/537.36 (KHTML, like Gecko) Chrome/135.0.0.0 Safari/537.36"
51.222.253.16 - - [28/Apr/2025:20:33:25 -0400] "GET /vinchy-art-discounts HTTP/1.1" 200 4342 "-" "Mozilla/5.0 (compatible; AhrefsBot/7.0; +http://ahrefs.com/robot/)"
66.249.65.96 - - [28/Apr/2025:20:36:47 -0400] "GET /robots.txt HTTP/1.1" 301 795 "-" "Mozilla/5.0 (compatible; Googlebot/2.1; +http://www.google.com/bot.html)"
66.249.65.69 - - [28/Apr/2025:20:36:47 -0400] "GET /robots.txt HTTP/1.1" 200 24 "-" "Mozilla/5.0 (compatible; Googlebot/2.1; +http://www.google.com/bot.html)"
43.135.144.81 - - [28/Apr/2025:20:37:21 -0400] "GET / HTTP/1.1" 301 795 "http://www.frugilo.com" "Mozilla/5.0 (iPhone; CPU iPhone OS 13_2_3 like Mac OS X) AppleWebKit/605.1.15 (KHTML, like Gecko) Version/13.0.3 Mobile/15E148 Safari/604.1"
43.135.144.81 - - [28/Apr/2025:20:37:23 -0400] "GET / HTTP/1.1" 200 5797 "http://frugilo.com/" "Mozilla/5.0 (iPhone; CPU iPhone OS 13_2_3 like Mac OS X) AppleWebKit/605.1.15 (KHTML, like Gecko) Version/13.0.3 Mobile/15E148 Safari/604.1"
54.36.148.20 - - [28/Apr/2025:20:44:38 -0400] "GET /robots.txt HTTP/1.1" 200 24 "-" "Mozilla/5.0 (compatible; AhrefsBot/7.0; +http://ahrefs.com/robot/)"
51.222.253.11 - - [28/Apr/2025:20:44:40 -0400] "GET /we-hotels-discount-code HTTP/1.1" 200 4611 "-" "Mozilla/5.0 (compatible; AhrefsBot/7.0; +http://ahrefs.com/robot/)"