185.191.171.9 - - [28/Apr/2025:07:15:07 -0400] "GET /glerc-voucher HTTP/1.1" 200 5174 "-" "Mozilla/5.0 (compatible; SemrushBot/7~bl; +http://www.semrush.com/bot.html)"
51.222.253.10 - - [28/Apr/2025:07:15:17 -0400] "GET /kollyy-couponcode?filter=deals HTTP/1.1" 200 4539 "-" "Mozilla/5.0 (compatible; AhrefsBot/7.0; +http://ahrefs.com/robot/)"
85.208.96.208 - - [28/Apr/2025:07:15:59 -0400] "GET /sunsky-promo-codes HTTP/1.1" 200 5303 "-" "Mozilla/5.0 (compatible; SemrushBot/7~bl; +http://www.semrush.com/bot.html)"
185.191.171.10 - - [28/Apr/2025:07:17:06 -0400] "GET /creator-tools-discount-code HTTP/1.1" 200 5533 "-" "Mozilla/5.0 (compatible; SemrushBot/7~bl; +http://www.semrush.com/bot.html)"
2a06:98c0:3600::103 - - [28/Apr/2025:07:17:25 -0400] "GET /wordpress/wp-admin/setup-config.php HTTP/1.1" 404 1992 "-" "Mozilla/5.0 (Windows NT 10.0; Win64; x64) AppleWebKit/537.36 (KHTML, like Gecko) Chrome/135.0.0.0 Safari/537.36"
185.191.171.5 - - [28/Apr/2025:07:18:29 -0400] "GET /siren-mode-coupon-code HTTP/1.1" 200 5500 "-" "Mozilla/5.0 (compatible; SemrushBot/7~bl; +http://www.semrush.com/bot.html)"
85.208.96.206 - - [28/Apr/2025:07:19:20 -0400] "GET /atlanta-cutlery-corp-vouchers HTTP/1.1" 200 5649 "-" "Mozilla/5.0 (compatible; SemrushBot/7~bl; +http://www.semrush.com/bot.html)"
185.191.171.6 - - [28/Apr/2025:07:21:23 -0400] "GET /spylix-voucher-codes HTTP/1.1" 200 5164 "-" "Mozilla/5.0 (compatible; SemrushBot/7~bl; +http://www.semrush.com/bot.html)"
51.222.253.3 - - [28/Apr/2025:07:26:58 -0400] "GET /guess-promo-code?filter=codes HTTP/1.1" 200 4785 "-" "Mozilla/5.0 (compatible; AhrefsBot/7.0; +http://ahrefs.com/robot/)"
185.191.171.4 - - [28/Apr/2025:07:28:05 -0400] "GET /jessies-wig-coupons HTTP/1.1" 200 5375 "-" "Mozilla/5.0 (compatible; SemrushBot/7~bl; +http://www.semrush.com/bot.html)"
198.7.117.247 - - [28/Apr/2025:07:29:30 -0400] "GET /robots.txt HTTP/1.1" 200 24 "-" "Mozilla/5.0 (compatible; MJ12bot/v1.4.8; http://mj12bot.com/)"
198.7.117.247 - - [28/Apr/2025:07:29:32 -0400] "GET /MyHeritage HTTP/1.1" 302 162 "-" "Mozilla/5.0 (compatible; MJ12bot/v1.4.8; http://mj12bot.com/)"
198.7.117.247 - - [28/Apr/2025:07:29:36 -0400] "GET /myheritage HTTP/1.1" 302 162 "-" "Mozilla/5.0 (compatible; MJ12bot/v1.4.8; http://mj12bot.com/)"
2a06:98c0:3600::103 - - [28/Apr/2025:07:29:37 -0400] "GET /wordpress/wp-admin/setup-config.php HTTP/1.1" 404 1992 "-" "Mozilla/5.0 (Windows NT 10.0; Win64; x64) AppleWebKit/537.36 (KHTML, like Gecko) Chrome/135.0.0.0 Safari/537.36"
198.7.117.247 - - [28/Apr/2025:07:29:38 -0400] "GET /stores HTTP/1.1" 200 7590 "-" "Mozilla/5.0 (compatible; MJ12bot/v1.4.8; http://mj12bot.com/)"
198.7.117.247 - - [28/Apr/2025:07:29:41 -0400] "GET /we-hotels-discount-code?filter=deals HTTP/1.1" 200 4613 "-" "Mozilla/5.0 (compatible; MJ12bot/v1.4.8; http://mj12bot.com/)"
2a06:98c0:3600::103 - - [28/Apr/2025:07:30:46 -0400] "GET /wp-admin/setup-config.php HTTP/1.1" 404 1992 "-" "Mozilla/5.0 (Windows NT 10.0; Win64; x64) AppleWebKit/537.36 (KHTML, like Gecko) Chrome/135.0.0.0 Safari/537.36"
2a06:98c0:3600::103 - - [28/Apr/2025:07:32:48 -0400] "GET /wordpress/wp-admin/setup-config.php HTTP/1.1" 404 1992 "-" "Mozilla/5.0 (Windows NT 10.0; Win64; x64) AppleWebKit/537.36 (KHTML, like Gecko) Chrome/135.0.0.0 Safari/537.36"
2a06:98c0:3600::103 - - [28/Apr/2025:07:33:22 -0400] "GET /wp-admin/setup-config.php HTTP/1.1" 404 1992 "-" "Mozilla/5.0 (Windows NT 10.0; Win64; x64) AppleWebKit/537.36 (KHTML, like Gecko) Chrome/135.0.0.0 Safari/537.36"
85.208.96.209 - - [28/Apr/2025:07:34:49 -0400] "GET /issa-coupon-code HTTP/1.1" 200 5311 "-" "Mozilla/5.0 (compatible; SemrushBot/7~bl; +http://www.semrush.com/bot.html)"
85.208.96.199 - - [28/Apr/2025:07:38:39 -0400] "GET /aliexpress-coupon HTTP/1.1" 200 5711 "-" "Mozilla/5.0 (compatible; SemrushBot/7~bl; +http://www.semrush.com/bot.html)"
85.208.96.203 - - [28/Apr/2025:07:39:41 -0400] "GET /fancyai-voucher HTTP/1.1" 200 5338 "-" "Mozilla/5.0 (compatible; SemrushBot/7~bl; +http://www.semrush.com/bot.html)"
185.191.171.15 - - [28/Apr/2025:07:39:54 -0400] "GET /enginego-promo HTTP/1.1" 200 5234 "-" "Mozilla/5.0 (compatible; SemrushBot/7~bl; +http://www.semrush.com/bot.html)"
85.208.96.208 - - [28/Apr/2025:07:42:03 -0400] "GET /piano-luxury-discount-codes HTTP/1.1" 200 5273 "-" "Mozilla/5.0 (compatible; SemrushBot/7~bl; +http://www.semrush.com/bot.html)"
85.208.96.208 - - [28/Apr/2025:07:43:37 -0400] "GET /vectorstock-discount-codes HTTP/1.1" 200 5275 "-" "Mozilla/5.0 (compatible; SemrushBot/7~bl; +http://www.semrush.com/bot.html)"
85.208.96.208 - - [28/Apr/2025:08:10:38 -0400] "GET /christian-art-workshop-voucher HTTP/1.1" 200 5510 "-" "Mozilla/5.0 (compatible; SemrushBot/7~bl; +http://www.semrush.com/bot.html)"
2a06:98c0:3600::103 - - [28/Apr/2025:07:48:00 -0400] "GET /wp-admin/setup-config.php HTTP/1.1" 200 0 "-" "Mozilla/5.0 (Windows NT 10.0; Win64; x64) AppleWebKit/537.36 (KHTML, like Gecko) Chrome/135.0.0.0 Safari/537.36"
2a06:98c0:3600::103 - - [28/Apr/2025:07:48:23 -0400] "GET /wordpress/wp-admin/setup-config.php HTTP/1.1" 404 1992 "-" "Mozilla/5.0 (Windows NT 10.0; Win64; x64) AppleWebKit/537.36 (KHTML, like Gecko) Chrome/135.0.0.0 Safari/537.36"
85.208.96.212 - - [28/Apr/2025:07:49:05 -0400] "GET /we-hotels-discount-code HTTP/1.1" 200 5512 "-" "Mozilla/5.0 (compatible; SemrushBot/7~bl; +http://www.semrush.com/bot.html)"
2a06:98c0:3600::103 - - [28/Apr/2025:07:49:10 -0400] "GET /wp-admin/setup-config.php HTTP/1.1" 404 1992 "-" "Mozilla/5.0 (Windows NT 10.0; Win64; x64) AppleWebKit/537.36 (KHTML, like Gecko) Chrome/135.0.0.0 Safari/537.36"
51.222.253.5 - - [28/Apr/2025:07:49:43 -0400] "GET /fitkitty-culture-vouchers?filter=codes HTTP/1.1" 200 4981 "-" "Mozilla/5.0 (compatible; AhrefsBot/7.0; +http://ahrefs.com/robot/)"
20.105.137.134 - - [28/Apr/2025:07:52:50 -0400] "GET / HTTP/1.1" 200 0 "-" "curl/8.6.0"
85.208.96.200 - - [28/Apr/2025:07:55:24 -0400] "GET /360-total-security-coupons HTTP/1.1" 200 5563 "-" "Mozilla/5.0 (compatible; SemrushBot/7~bl; +http://www.semrush.com/bot.html)"
51.222.253.19 - - [28/Apr/2025:08:01:03 -0400] "GET /fitkitty-culture-vouchers?filter=deals HTTP/1.1" 200 4196 "-" "Mozilla/5.0 (compatible; AhrefsBot/7.0; +http://ahrefs.com/robot/)"
2a06:98c0:3600::103 - - [28/Apr/2025:08:01:13 -0400] "GET /wp-admin/setup-config.php HTTP/1.1" 404 1992 "-" "Mozilla/5.0 (Windows NT 10.0; Win64; x64) AppleWebKit/537.36 (KHTML, like Gecko) Chrome/135.0.0.0 Safari/537.36"
2a06:98c0:3600::103 - - [28/Apr/2025:08:01:23 -0400] "GET /wordpress/wp-admin/setup-config.php HTTP/1.1" 404 1992 "-" "Mozilla/5.0 (Windows NT 10.0; Win64; x64) AppleWebKit/537.36 (KHTML, like Gecko) Chrome/135.0.0.0 Safari/537.36"
2a06:98c0:3600::103 - - [28/Apr/2025:08:01:27 -0400] "GET /wp-admin/setup-config.php HTTP/1.1" 404 1992 "-" "Mozilla/5.0 (Windows NT 10.0; Win64; x64) AppleWebKit/537.36 (KHTML, like Gecko) Chrome/135.0.0.0 Safari/537.36"
85.208.96.195 - - [28/Apr/2025:08:01:32 -0400] "GET /robots.txt HTTP/1.1" 200 24 "-" "Mozilla/5.0 (compatible; SemrushBot/7~bl; +http://www.semrush.com/bot.html)"
185.191.171.13 - - [28/Apr/2025:08:01:33 -0400] "GET /swyft-filings-discount-codes HTTP/1.1" 200 5391 "-" "Mozilla/5.0 (compatible; SemrushBot/7~bl; +http://www.semrush.com/bot.html)"
2a06:98c0:3600::103 - - [28/Apr/2025:08:02:11 -0400] "GET /wordpress/wp-admin/setup-config.php HTTP/1.1" 404 1992 "-" "Mozilla/5.0 (Windows NT 10.0; Win64; x64) AppleWebKit/537.36 (KHTML, like Gecko) Chrome/135.0.0.0 Safari/537.36"
185.191.171.16 - - [28/Apr/2025:08:02:29 -0400] "GET /envato-market-discount-code HTTP/1.1" 200 5255 "-" "Mozilla/5.0 (compatible; SemrushBot/7~bl; +http://www.semrush.com/bot.html)"
43.159.132.207 - - [28/Apr/2025:08:05:08 -0400] "GET / HTTP/1.1" 301 795 "http://www.frugilo.com" "Mozilla/5.0 (iPhone; CPU iPhone OS 13_2_3 like Mac OS X) AppleWebKit/605.1.15 (KHTML, like Gecko) Version/13.0.3 Mobile/15E148 Safari/604.1"
43.159.132.207 - - [28/Apr/2025:08:05:12 -0400] "GET / HTTP/1.1" 200 5796 "http://frugilo.com/" "Mozilla/5.0 (iPhone; CPU iPhone OS 13_2_3 like Mac OS X) AppleWebKit/605.1.15 (KHTML, like Gecko) Version/13.0.3 Mobile/15E148 Safari/604.1"
51.222.253.12 - - [28/Apr/2025:08:12:23 -0400] "GET /picturesongold-promo-code?filter=codes HTTP/1.1" 200 4661 "-" "Mozilla/5.0 (compatible; AhrefsBot/7.0; +http://ahrefs.com/robot/)"
185.191.171.14 - - [28/Apr/2025:08:13:54 -0400] "GET /global-yo-coupons HTTP/1.1" 200 5553 "-" "Mozilla/5.0 (compatible; SemrushBot/7~bl; +http://www.semrush.com/bot.html)"
2a06:98c0:3600::103 - - [28/Apr/2025:08:16:56 -0400] "GET /wordpress/wp-admin/setup-config.php HTTP/1.1" 404 1992 "-" "Mozilla/5.0 (Windows NT 10.0; Win64; x64) AppleWebKit/537.36 (KHTML, like Gecko) Chrome/135.0.0.0 Safari/537.36"
2a06:98c0:3600::103 - - [28/Apr/2025:08:17:15 -0400] "GET /wordpress/wp-admin/setup-config.php HTTP/1.1" 404 1992 "-" "Mozilla/5.0 (Windows NT 10.0; Win64; x64) AppleWebKit/537.36 (KHTML, like Gecko) Chrome/135.0.0.0 Safari/537.36"
2a06:98c0:3600::103 - - [28/Apr/2025:08:18:12 -0400] "GET /wp-admin/setup-config.php HTTP/1.1" 404 1992 "-" "Mozilla/5.0 (Windows NT 10.0; Win64; x64) AppleWebKit/537.36 (KHTML, like Gecko) Chrome/135.0.0.0 Safari/537.36"
2a06:98c0:3600::103 - - [28/Apr/2025:08:19:46 -0400] "GET /wp-admin/setup-config.php HTTP/1.1" 404 1992 "-" "Mozilla/5.0 (Windows NT 10.0; Win64; x64) AppleWebKit/537.36 (KHTML, like Gecko) Chrome/135.0.0.0 Safari/537.36"
185.191.171.9 - - [28/Apr/2025:08:21:46 -0400] "GET /glasseslit-discounts HTTP/1.1" 200 5502 "-" "Mozilla/5.0 (compatible; SemrushBot/7~bl; +http://www.semrush.com/bot.html)"
51.222.253.3 - - [28/Apr/2025:08:23:58 -0400] "GET /picturesongold-promo-code?filter=deals HTTP/1.1" 200 4287 "-" "Mozilla/5.0 (compatible; AhrefsBot/7.0; +http://ahrefs.com/robot/)"
51.222.253.2 - - [28/Apr/2025:08:36:09 -0400] "GET /robots.txt HTTP/1.1" 200 24 "-" "Mozilla/5.0 (compatible; AhrefsBot/7.0; +http://ahrefs.com/robot/)"
51.222.253.13 - - [28/Apr/2025:08:36:12 -0400] "GET /gotrip-promo-codes HTTP/1.1" 200 4531 "-" "Mozilla/5.0 (compatible; AhrefsBot/7.0; +http://ahrefs.com/robot/)"
2a06:98c0:3600::103 - - [28/Apr/2025:08:37:03 -0400] "GET /wordpress/wp-admin/setup-config.php HTTP/1.1" 404 1992 "-" "Mozilla/5.0 (Windows NT 10.0; Win64; x64) AppleWebKit/537.36 (KHTML, like Gecko) Chrome/135.0.0.0 Safari/537.36"
2a06:98c0:3600::103 - - [28/Apr/2025:08:38:13 -0400] "GET /wp-admin/setup-config.php HTTP/1.1" 404 1992 "-" "Mozilla/5.0 (Windows NT 10.0; Win64; x64) AppleWebKit/537.36 (KHTML, like Gecko) Chrome/135.0.0.0 Safari/537.36"
2a06:98c0:3600::103 - - [28/Apr/2025:08:38:18 -0400] "GET /wordpress/wp-admin/setup-config.php HTTP/1.1" 404 1992 "-" "Mozilla/5.0 (Windows NT 10.0; Win64; x64) AppleWebKit/537.36 (KHTML, like Gecko) Chrome/135.0.0.0 Safari/537.36"
2a06:98c0:3600::103 - - [28/Apr/2025:08:39:06 -0400] "GET /wp-admin/setup-config.php HTTP/1.1" 404 1992 "-" "Mozilla/5.0 (Windows NT 10.0; Win64; x64) AppleWebKit/537.36 (KHTML, like Gecko) Chrome/135.0.0.0 Safari/537.36"
51.222.253.6 - - [28/Apr/2025:08:47:45 -0400] "GET /italiarail-promo-codes HTTP/1.1" 200 4513 "-" "Mozilla/5.0 (compatible; AhrefsBot/7.0; +http://ahrefs.com/robot/)"
2a06:98c0:3600::103 - - [28/Apr/2025:08:54:03 -0400] "GET /wordpress/wp-admin/setup-config.php HTTP/1.1" 200 0 "-" "Mozilla/5.0 (Windows NT 10.0; Win64; x64) AppleWebKit/537.36 (KHTML, like Gecko) Chrome/135.0.0.0 Safari/537.36"
2a06:98c0:3600::103 - - [28/Apr/2025:08:56:40 -0400] "GET /wordpress/wp-admin/setup-config.php HTTP/1.1" 404 1992 "-" "Mozilla/5.0 (Windows NT 10.0; Win64; x64) AppleWebKit/537.36 (KHTML, like Gecko) Chrome/135.0.0.0 Safari/537.36"
2a06:98c0:3600::103 - - [28/Apr/2025:08:57:13 -0400] "GET /wp-admin/setup-config.php HTTP/1.1" 404 1992 "-" "Mozilla/5.0 (Windows NT 10.0; Win64; x64) AppleWebKit/537.36 (KHTML, like Gecko) Chrome/135.0.0.0 Safari/537.36"
51.222.253.14 - - [28/Apr/2025:08:59:03 -0400] "GET /rayna-tours-vouchers HTTP/1.1" 200 4522 "-" "Mozilla/5.0 (compatible; AhrefsBot/7.0; +http://ahrefs.com/robot/)"
51.222.253.13 - - [28/Apr/2025:09:11:41 -0400] "GET /guess-promo-code?filter=deals HTTP/1.1" 200 4395 "-" "Mozilla/5.0 (compatible; AhrefsBot/7.0; +http://ahrefs.com/robot/)"
2a06:98c0:3600::103 - - [28/Apr/2025:09:11:52 -0400] "GET /wp-admin/setup-config.php HTTP/1.1" 404 1992 "-" "Mozilla/5.0 (Windows NT 10.0; Win64; x64) AppleWebKit/537.36 (KHTML, like Gecko) Chrome/135.0.0.0 Safari/537.36"
2a06:98c0:3600::103 - - [28/Apr/2025:09:15:11 -0400] "GET /wp-admin/setup-config.php HTTP/1.1" 200 0 "-" "Mozilla/5.0 (Windows NT 10.0; Win64; x64) AppleWebKit/537.36 (KHTML, like Gecko) Chrome/135.0.0.0 Safari/537.36"
2a06:98c0:3600::103 - - [28/Apr/2025:09:16:11 -0400] "GET /wordpress/wp-admin/setup-config.php HTTP/1.1" 404 1992 "-" "Mozilla/5.0 (Windows NT 10.0; Win64; x64) AppleWebKit/537.36 (KHTML, like Gecko) Chrome/135.0.0.0 Safari/537.36"
51.222.253.3 - - [28/Apr/2025:09:23:51 -0400] "GET /toread-discount HTTP/1.1" 200 4383 "-" "Mozilla/5.0 (compatible; AhrefsBot/7.0; +http://ahrefs.com/robot/)"
2a06:98c0:3600::103 - - [28/Apr/2025:09:31:01 -0400] "GET /wordpress/wp-admin/setup-config.php HTTP/1.1" 200 0 "-" "Mozilla/5.0 (Windows NT 10.0; Win64; x64) AppleWebKit/537.36 (KHTML, like Gecko) Chrome/135.0.0.0 Safari/537.36"
2a06:98c0:3600::103 - - [28/Apr/2025:09:31:25 -0400] "GET /wordpress/wp-admin/setup-config.php HTTP/1.1" 404 1992 "-" "Mozilla/5.0 (Windows NT 10.0; Win64; x64) AppleWebKit/537.36 (KHTML, like Gecko) Chrome/135.0.0.0 Safari/537.36"
2a06:98c0:3600::103 - - [28/Apr/2025:09:31:56 -0400] "GET /wp-admin/setup-config.php HTTP/1.1" 404 1992 "-" "Mozilla/5.0 (Windows NT 10.0; Win64; x64) AppleWebKit/537.36 (KHTML, like Gecko) Chrome/135.0.0.0 Safari/537.36"
39.51.100.81 - - [28/Apr/2025:09:34:31 -0400] "GET / HTTP/1.1" 200 4888 "-" "Mozilla/5.0 (Windows NT 10.0; Win64; x64) AppleWebKit/537.36 (KHTML, like Gecko) Chrome/135.0.0.0 Safari/537.36"
39.51.100.81 - - [28/Apr/2025:09:34:37 -0400] "GET /assets/frontend/css/normalize.css HTTP/1.1" 200 1998 "https://frugilo.com/" "Mozilla/5.0 (Windows NT 10.0; Win64; x64) AppleWebKit/537.36 (KHTML, like Gecko) Chrome/135.0.0.0 Safari/537.36"
39.51.100.81 - - [28/Apr/2025:09:34:37 -0400] "GET /assets/frontend/css/style.css?v=13 HTTP/1.1" 200 12469 "https://frugilo.com/" "Mozilla/5.0 (Windows NT 10.0; Win64; x64) AppleWebKit/537.36 (KHTML, like Gecko) Chrome/135.0.0.0 Safari/537.36"
39.51.100.81 - - [28/Apr/2025:09:34:37 -0400] "GET /assets/frontend/css/flexslider.css HTTP/1.1" 200 1704 "https://frugilo.com/" "Mozilla/5.0 (Windows NT 10.0; Win64; x64) AppleWebKit/537.36 (KHTML, like Gecko) Chrome/135.0.0.0 Safari/537.36"
39.51.100.81 - - [28/Apr/2025:09:34:37 -0400] "GET /assets/frontend/css/jquery.nouislider.css HTTP/1.1" 200 942 "https://frugilo.com/" "Mozilla/5.0 (Windows NT 10.0; Win64; x64) AppleWebKit/537.36 (KHTML, like Gecko) Chrome/135.0.0.0 Safari/537.36"
39.51.100.81 - - [28/Apr/2025:09:34:37 -0400] "GET /assets/frontend/css/jquery.popupcommon.css HTTP/1.1" 200 297 "https://frugilo.com/" "Mozilla/5.0 (Windows NT 10.0; Win64; x64) AppleWebKit/537.36 (KHTML, like Gecko) Chrome/135.0.0.0 Safari/537.36"
39.51.100.81 - - [28/Apr/2025:09:34:37 -0400] "GET /assets/frontend/css/style-dark.css?v=12 HTTP/1.1" 200 1404 "https://frugilo.com/" "Mozilla/5.0 (Windows NT 10.0; Win64; x64) AppleWebKit/537.36 (KHTML, like Gecko) Chrome/135.0.0.0 Safari/537.36"
39.51.100.81 - - [28/Apr/2025:09:34:38 -0400] "GET /assets/frontend/css/style-gray.css?v=12 HTTP/1.1" 200 1916 "https://frugilo.com/" "Mozilla/5.0 (Windows NT 10.0; Win64; x64) AppleWebKit/537.36 (KHTML, like Gecko) Chrome/135.0.0.0 Safari/537.36"
39.51.100.81 - - [28/Apr/2025:09:34:38 -0400] "GET /assets/frontend/css/res-menu.css HTTP/1.1" 200 1315 "https://frugilo.com/" "Mozilla/5.0 (Windows NT 10.0; Win64; x64) AppleWebKit/537.36 (KHTML, like Gecko) Chrome/135.0.0.0 Safari/537.36"
39.51.100.81 - - [28/Apr/2025:09:34:38 -0400] "GET /assets/frontend/css/responsive.css HTTP/1.1" 200 2284 "https://frugilo.com/" "Mozilla/5.0 (Windows NT 10.0; Win64; x64) AppleWebKit/537.36 (KHTML, like Gecko) Chrome/135.0.0.0 Safari/537.36"
39.51.100.81 - - [28/Apr/2025:09:34:38 -0400] "GET /assets/frontend/images/ajax-loader.gif HTTP/1.1" 200 9427 "https://frugilo.com/" "Mozilla/5.0 (Windows NT 10.0; Win64; x64) AppleWebKit/537.36 (KHTML, like Gecko) Chrome/135.0.0.0 Safari/537.36"
39.51.100.81 - - [28/Apr/2025:09:34:38 -0400] "GET /assets/frontend/js/jquery-1.10.2.min.js HTTP/1.1" 200 31897 "https://frugilo.com/" "Mozilla/5.0 (Windows NT 10.0; Win64; x64) AppleWebKit/537.36 (KHTML, like Gecko) Chrome/135.0.0.0 Safari/537.36"
39.51.100.81 - - [28/Apr/2025:09:34:38 -0400] "GET /storage/slider_images/slider_2025_04_24_21_28_16.png HTTP/1.1" 200 353416 "https://frugilo.com/" "Mozilla/5.0 (Windows NT 10.0; Win64; x64) AppleWebKit/537.36 (KHTML, like Gecko) Chrome/135.0.0.0 Safari/537.36"
39.51.100.81 - - [28/Apr/2025:09:34:39 -0400] "GET /storage/slider_images/slider_2023_10_31_13_45_48.jpg HTTP/1.1" 200 105786 "https://frugilo.com/" "Mozilla/5.0 (Windows NT 10.0; Win64; x64) AppleWebKit/537.36 (KHTML, like Gecko) Chrome/135.0.0.0 Safari/537.36"
39.51.100.81 - - [28/Apr/2025:09:34:39 -0400] "GET /assets/frontend/images/frugilo.png HTTP/1.1" 200 7129 "https://frugilo.com/" "Mozilla/5.0 (Windows NT 10.0; Win64; x64) AppleWebKit/537.36 (KHTML, like Gecko) Chrome/135.0.0.0 Safari/537.36"
39.51.100.81 - - [28/Apr/2025:09:34:39 -0400] "GET /assets/frontend/images/tiktok.png HTTP/1.1" 200 2079 "https://frugilo.com/" "Mozilla/5.0 (Windows NT 10.0; Win64; x64) AppleWebKit/537.36 (KHTML, like Gecko) Chrome/135.0.0.0 Safari/537.36"
39.51.100.81 - - [28/Apr/2025:09:34:39 -0400] "GET /assets/frontend/js/classie.js HTTP/1.1" 200 616 "https://frugilo.com/" "Mozilla/5.0 (Windows NT 10.0; Win64; x64) AppleWebKit/537.36 (KHTML, like Gecko) Chrome/135.0.0.0 Safari/537.36"
39.51.100.81 - - [28/Apr/2025:09:34:39 -0400] "GET /assets/frontend/js/mlpushmenu.js HTTP/1.1" 200 3799 "https://frugilo.com/" "Mozilla/5.0 (Windows NT 10.0; Win64; x64) AppleWebKit/537.36 (KHTML, like Gecko) Chrome/135.0.0.0 Safari/537.36"
39.51.100.81 - - [28/Apr/2025:09:34:39 -0400] "GET /assets/frontend/images/facebook.png HTTP/1.1" 200 1623 "https://frugilo.com/" "Mozilla/5.0 (Windows NT 10.0; Win64; x64) AppleWebKit/537.36 (KHTML, like Gecko) Chrome/135.0.0.0 Safari/537.36"
39.51.100.81 - - [28/Apr/2025:09:34:39 -0400] "GET /assets/frontend/js/modernizr.custom.js HTTP/1.1" 200 3757 "https://frugilo.com/" "Mozilla/5.0 (Windows NT 10.0; Win64; x64) AppleWebKit/537.36 (KHTML, like Gecko) Chrome/135.0.0.0 Safari/537.36"
39.51.100.81 - - [28/Apr/2025:09:34:39 -0400] "GET /storage/slider_images/slider_2023_10_31_14_04_14.jpg HTTP/1.1" 200 194232 "https://frugilo.com/" "Mozilla/5.0 (Windows NT 10.0; Win64; x64) AppleWebKit/537.36 (KHTML, like Gecko) Chrome/135.0.0.0 Safari/537.36"
39.51.100.81 - - [28/Apr/2025:09:34:39 -0400] "GET /assets/frontend/js/jquery.popupcommon.js HTTP/1.1" 200 1286 "https://frugilo.com/" "Mozilla/5.0 (Windows NT 10.0; Win64; x64) AppleWebKit/537.36 (KHTML, like Gecko) Chrome/135.0.0.0 Safari/537.36"
39.51.100.81 - - [28/Apr/2025:09:34:39 -0400] "GET /assets/frontend/js/script.js HTTP/1.1" 200 2169 "https://frugilo.com/" "Mozilla/5.0 (Windows NT 10.0; Win64; x64) AppleWebKit/537.36 (KHTML, like Gecko) Chrome/135.0.0.0 Safari/537.36"
39.51.100.81 - - [28/Apr/2025:09:34:39 -0400] "GET /assets/frontend/images/pinterest.png HTTP/1.1" 200 2358 "https://frugilo.com/" "Mozilla/5.0 (Windows NT 10.0; Win64; x64) AppleWebKit/537.36 (KHTML, like Gecko) Chrome/135.0.0.0 Safari/537.36"
39.51.100.81 - - [28/Apr/2025:09:34:39 -0400] "GET /assets/frontend/images/instagram.png HTTP/1.1" 200 2270 "https://frugilo.com/" "Mozilla/5.0 (Windows NT 10.0; Win64; x64) AppleWebKit/537.36 (KHTML, like Gecko) Chrome/135.0.0.0 Safari/537.36"
39.51.100.81 - - [28/Apr/2025:09:34:39 -0400] "GET /assets/frontend/js/jquery.nouislider.js HTTP/1.1" 200 11364 "https://frugilo.com/" "Mozilla/5.0 (Windows NT 10.0; Win64; x64) AppleWebKit/537.36 (KHTML, like Gecko) Chrome/135.0.0.0 Safari/537.36"
39.51.100.81 - - [28/Apr/2025:09:34:39 -0400] "GET /assets/frontend/js/jquery.flexslider-min.js HTTP/1.1" 200 5945 "https://frugilo.com/" "Mozilla/5.0 (Windows NT 10.0; Win64; x64) AppleWebKit/537.36 (KHTML, like Gecko) Chrome/135.0.0.0 Safari/537.36"
39.51.100.81 - - [28/Apr/2025:09:34:39 -0400] "GET /assets/frontend/js/html5lightbox.js HTTP/1.1" 200 6721 "https://frugilo.com/" "Mozilla/5.0 (Windows NT 10.0; Win64; x64) AppleWebKit/537.36 (KHTML, like Gecko) Chrome/135.0.0.0 Safari/537.36"
39.51.100.81 - - [28/Apr/2025:09:34:40 -0400] "GET /assets/frontend/images/lightbox-prev.png HTTP/1.1" 200 49509 "https://frugilo.com/" "Mozilla/5.0 (Windows NT 10.0; Win64; x64) AppleWebKit/537.36 (KHTML, like Gecko) Chrome/135.0.0.0 Safari/537.36"
39.51.100.81 - - [28/Apr/2025:09:34:40 -0400] "GET /assets/frontend/images/close.png HTTP/1.1" 200 49509 "https://frugilo.com/" "Mozilla/5.0 (Windows NT 10.0; Win64; x64) AppleWebKit/537.36 (KHTML, like Gecko) Chrome/135.0.0.0 Safari/537.36"
39.51.100.81 - - [28/Apr/2025:09:34:40 -0400] "GET /assets/frontend/images/lightbox-next.png HTTP/1.1" 200 49509 "https://frugilo.com/" "Mozilla/5.0 (Windows NT 10.0; Win64; x64) AppleWebKit/537.36 (KHTML, like Gecko) Chrome/135.0.0.0 Safari/537.36"
39.51.100.81 - - [28/Apr/2025:09:34:41 -0400] "GET /assets/frontend/images/fav.png HTTP/1.1" 200 5502 "https://frugilo.com/" "Mozilla/5.0 (Windows NT 10.0; Win64; x64) AppleWebKit/537.36 (KHTML, like Gecko) Chrome/135.0.0.0 Safari/537.36"
39.51.100.81 - - [28/Apr/2025:09:34:41 -0400] "GET /assets/frontend/images/icon.png HTTP/1.1" 200 3486 "https://frugilo.com/assets/frontend/css/flexslider.css" "Mozilla/5.0 (Windows NT 10.0; Win64; x64) AppleWebKit/537.36 (KHTML, like Gecko) Chrome/135.0.0.0 Safari/537.36"
51.222.253.11 - - [28/Apr/2025:09:35:43 -0400] "GET /triptogo-discount-code HTTP/1.1" 200 4562 "-" "Mozilla/5.0 (compatible; AhrefsBot/7.0; +http://ahrefs.com/robot/)"
85.208.98.23 - - [28/Apr/2025:09:39:54 -0400] "GET /robots.txt HTTP/1.1" 200 24 "http://frugilo.com/robots.txt" "Mozilla/5.0 (compatible; SemrushBot-BA; +http://www.semrush.com/bot.html)"
85.208.98.22 - - [28/Apr/2025:09:40:16 -0400] "GET /ankermake-voucher HTTP/1.1" 200 5567 "-" "Mozilla/5.0 (compatible; SemrushBot-BA; +http://www.semrush.com/bot.html)"
51.222.253.11 - - [28/Apr/2025:09:46:49 -0400] "GET /pyramyd-air-voucher-codes HTTP/1.1" 200 4397 "-" "Mozilla/5.0 (compatible; AhrefsBot/7.0; +http://ahrefs.com/robot/)"
2a06:98c0:3600::103 - - [28/Apr/2025:09:47:09 -0400] "GET /wordpress/wp-admin/setup-config.php HTTP/1.1" 404 1992 "-" "Mozilla/5.0 (Windows NT 10.0; Win64; x64) AppleWebKit/537.36 (KHTML, like Gecko) Chrome/135.0.0.0 Safari/537.36"
2a06:98c0:3600::103 - - [28/Apr/2025:09:47:44 -0400] "GET /wordpress/wp-admin/setup-config.php HTTP/1.1" 404 1992 "-" "Mozilla/5.0 (Windows NT 10.0; Win64; x64) AppleWebKit/537.36 (KHTML, like Gecko) Chrome/135.0.0.0 Safari/537.36"
2a06:98c0:3600::103 - - [28/Apr/2025:09:50:10 -0400] "GET /wp-admin/setup-config.php HTTP/1.1" 200 0 "-" "Mozilla/5.0 (Windows NT 10.0; Win64; x64) AppleWebKit/537.36 (KHTML, like Gecko) Chrome/135.0.0.0 Safari/537.36"
2a06:98c0:3600::103 - - [28/Apr/2025:09:50:42 -0400] "GET /wp-admin/setup-config.php HTTP/1.1" 404 1992 "-" "Mozilla/5.0 (Windows NT 10.0; Win64; x64) AppleWebKit/537.36 (KHTML, like Gecko) Chrome/135.0.0.0 Safari/537.36"
51.222.253.7 - - [28/Apr/2025:09:59:08 -0400] "GET /tkees-voucher-codes HTTP/1.1" 200 4351 "-" "Mozilla/5.0 (compatible; AhrefsBot/7.0; +http://ahrefs.com/robot/)"
2a06:98c0:3600::103 - - [28/Apr/2025:10:03:53 -0400] "GET /wordpress/wp-admin/setup-config.php HTTP/1.1" 404 1992 "-" "Mozilla/5.0 (Windows NT 10.0; Win64; x64) AppleWebKit/537.36 (KHTML, like Gecko) Chrome/135.0.0.0 Safari/537.36"
2a06:98c0:3600::103 - - [28/Apr/2025:10:03:53 -0400] "GET /wordpress/wp-admin/setup-config.php HTTP/1.1" 404 1992 "-" "Mozilla/5.0 (Windows NT 10.0; Win64; x64) AppleWebKit/537.36 (KHTML, like Gecko) Chrome/135.0.0.0 Safari/537.36"
2a06:98c0:3600::103 - - [28/Apr/2025:10:05:01 -0400] "GET /wp-admin/setup-config.php HTTP/1.1" 404 1992 "-" "Mozilla/5.0 (Windows NT 10.0; Win64; x64) AppleWebKit/537.36 (KHTML, like Gecko) Chrome/135.0.0.0 Safari/537.36"
2a06:98c0:3600::103 - - [28/Apr/2025:10:06:48 -0400] "GET /wp-admin/setup-config.php HTTP/1.1" 200 0 "-" "Mozilla/5.0 (Windows NT 10.0; Win64; x64) AppleWebKit/537.36 (KHTML, like Gecko) Chrome/135.0.0.0 Safari/537.36"
51.222.253.6 - - [28/Apr/2025:10:11:07 -0400] "GET /merch-dominator-coupon-codes HTTP/1.1" 200 4587 "-" "Mozilla/5.0 (compatible; AhrefsBot/7.0; +http://ahrefs.com/robot/)"
2a06:98c0:3600::103 - - [28/Apr/2025:10:21:29 -0400] "GET /wordpress/wp-admin/setup-config.php HTTP/1.1" 200 0 "-" "Mozilla/5.0 (Windows NT 10.0; Win64; x64) AppleWebKit/537.36 (KHTML, like Gecko) Chrome/135.0.0.0 Safari/537.36"
2a06:98c0:3600::103 - - [28/Apr/2025:10:21:42 -0400] "GET /wp-admin/setup-config.php HTTP/1.1" 404 1992 "-" "Mozilla/5.0 (Windows NT 10.0; Win64; x64) AppleWebKit/537.36 (KHTML, like Gecko) Chrome/135.0.0.0 Safari/537.36"
2a06:98c0:3600::103 - - [28/Apr/2025:10:22:49 -0400] "GET /wordpress/wp-admin/setup-config.php HTTP/1.1" 404 1992 "-" "Mozilla/5.0 (Windows NT 10.0; Win64; x64) AppleWebKit/537.36 (KHTML, like Gecko) Chrome/135.0.0.0 Safari/537.36"
51.222.253.19 - - [28/Apr/2025:10:23:01 -0400] "GET /spinedesk-vouchers HTTP/1.1" 200 4456 "-" "Mozilla/5.0 (compatible; AhrefsBot/7.0; +http://ahrefs.com/robot/)"
45.56.146.21 - - [28/Apr/2025:10:28:45 -0400] "GET / HTTP/1.1" 301 795 "-" "Mozilla/5.0 (Windows NT 10.0; Win64; x64) AppleWebKit/537.36 (KHTML, like Gecko) Chrome/129.0.0.0 Safari/537.3"
66.43.4.46 - - [28/Apr/2025:10:28:46 -0400] "GET / HTTP/1.1" 200 4888 "-" "Mozilla/5.0 (Windows NT 10.0; Win64; x64) AppleWebKit/537.36 (KHTML, like Gecko) Chrome/129.0.0.0 Safari/537.3"
4.227.36.108 - - [28/Apr/2025:10:34:02 -0400] "GET /robots.txt HTTP/1.1" 200 24 "-" "Mozilla/5.0 AppleWebKit/537.36 (KHTML, like Gecko; compatible; GPTBot/1.2; +https://openai.com/gptbot)"
20.171.207.242 - - [28/Apr/2025:10:34:12 -0400] "GET / HTTP/1.1" 200 4885 "-" "Mozilla/5.0 AppleWebKit/537.36 (KHTML, like Gecko; compatible; GPTBot/1.2; +https://openai.com/gptbot)"
51.222.253.1 - - [28/Apr/2025:10:34:40 -0400] "GET /spylix-voucher-codes HTTP/1.1" 200 4303 "-" "Mozilla/5.0 (compatible; AhrefsBot/7.0; +http://ahrefs.com/robot/)"
2a06:98c0:3600::103 - - [28/Apr/2025:10:34:56 -0400] "GET /wp-admin/setup-config.php HTTP/1.1" 404 1992 "-" "Mozilla/5.0 (Windows NT 10.0; Win64; x64) AppleWebKit/537.36 (KHTML, like Gecko) Chrome/135.0.0.0 Safari/537.36"
2a06:98c0:3600::103 - - [28/Apr/2025:10:35:40 -0400] "GET /wordpress/wp-admin/setup-config.php HTTP/1.1" 404 1992 "-" "Mozilla/5.0 (Windows NT 10.0; Win64; x64) AppleWebKit/537.36 (KHTML, like Gecko) Chrome/135.0.0.0 Safari/537.36"
2a06:98c0:3600::103 - - [28/Apr/2025:10:37:02 -0400] "GET /wordpress/wp-admin/setup-config.php HTTP/1.1" 404 1992 "-" "Mozilla/5.0 (Windows NT 10.0; Win64; x64) AppleWebKit/537.36 (KHTML, like Gecko) Chrome/135.0.0.0 Safari/537.36"
2a06:98c0:3600::103 - - [28/Apr/2025:10:38:45 -0400] "GET /wp-admin/setup-config.php HTTP/1.1" 404 0 "-" "Mozilla/5.0 (Windows NT 10.0; Win64; x64) AppleWebKit/537.36 (KHTML, like Gecko) Chrome/135.0.0.0 Safari/537.36"
51.222.253.8 - - [28/Apr/2025:10:46:48 -0400] "GET /ultahost-coupon-code HTTP/1.1" 200 4397 "-" "Mozilla/5.0 (compatible; AhrefsBot/7.0; +http://ahrefs.com/robot/)"
2a06:98c0:3600::103 - - [28/Apr/2025:10:52:43 -0400] "GET /wordpress/wp-admin/setup-config.php HTTP/1.1" 200 0 "-" "Mozilla/5.0 (Windows NT 10.0; Win64; x64) AppleWebKit/537.36 (KHTML, like Gecko) Chrome/135.0.0.0 Safari/537.36"
2a06:98c0:3600::103 - - [28/Apr/2025:10:55:25 -0400] "GET /wordpress/wp-admin/setup-config.php HTTP/1.1" 200 0 "-" "Mozilla/5.0 (Windows NT 10.0; Win64; x64) AppleWebKit/537.36 (KHTML, like Gecko) Chrome/135.0.0.0 Safari/537.36"
51.222.253.19 - - [28/Apr/2025:10:58:22 -0400] "GET /yaballe-voucher-codes HTTP/1.1" 200 4550 "-" "Mozilla/5.0 (compatible; AhrefsBot/7.0; +http://ahrefs.com/robot/)"
170.106.181.163 - - [28/Apr/2025:11:05:34 -0400] "GET / HTTP/1.1" 301 795 "http://www.frugilo.com" "Mozilla/5.0 (iPhone; CPU iPhone OS 13_2_3 like Mac OS X) AppleWebKit/605.1.15 (KHTML, like Gecko) Version/13.0.3 Mobile/15E148 Safari/604.1"
170.106.181.163 - - [28/Apr/2025:11:05:39 -0400] "GET / HTTP/1.1" 200 5798 "http://frugilo.com/" "Mozilla/5.0 (iPhone; CPU iPhone OS 13_2_3 like Mac OS X) AppleWebKit/605.1.15 (KHTML, like Gecko) Version/13.0.3 Mobile/15E148 Safari/604.1"
66.249.65.69 - - [28/Apr/2025:11:07:11 -0400] "GET /assets/frontend/images/dingomo.png HTTP/1.1" 200 8992 "-" "Googlebot-Image/1.0"
51.222.253.16 - - [28/Apr/2025:11:09:51 -0400] "GET /symphony.live-voucher HTTP/1.1" 200 4567 "-" "Mozilla/5.0 (compatible; AhrefsBot/7.0; +http://ahrefs.com/robot/)"
2a06:98c0:3600::103 - - [28/Apr/2025:11:10:52 -0400] "GET /wordpress/wp-admin/setup-config.php HTTP/1.1" 200 0 "-" "Mozilla/5.0 (Windows NT 10.0; Win64; x64) AppleWebKit/537.36 (KHTML, like Gecko) Chrome/135.0.0.0 Safari/537.36"
2a06:98c0:3600::103 - - [28/Apr/2025:11:10:54 -0400] "GET /wordpress/wp-admin/setup-config.php HTTP/1.1" 404 1992 "-" "Mozilla/5.0 (Windows NT 10.0; Win64; x64) AppleWebKit/537.36 (KHTML, like Gecko) Chrome/135.0.0.0 Safari/537.36"
2a06:98c0:3600::103 - - [28/Apr/2025:11:14:02 -0400] "GET /wp-admin/setup-config.php HTTP/1.1" 404 1992 "-" "Mozilla/5.0 (Windows NT 10.0; Win64; x64) AppleWebKit/537.36 (KHTML, like Gecko) Chrome/135.0.0.0 Safari/537.36"
51.222.253.16 - - [28/Apr/2025:11:20:58 -0400] "GET /ultahost-coupon-code?filter=codes HTTP/1.1" 200 4013 "-" "Mozilla/5.0 (compatible; AhrefsBot/7.0; +http://ahrefs.com/robot/)"
2a06:98c0:3600::103 - - [28/Apr/2025:11:28:54 -0400] "GET /wordpress/wp-admin/setup-config.php HTTP/1.1" 200 0 "-" "Mozilla/5.0 (Windows NT 10.0; Win64; x64) AppleWebKit/537.36 (KHTML, like Gecko) Chrome/135.0.0.0 Safari/537.36"
2a06:98c0:3600::103 - - [28/Apr/2025:11:29:58 -0400] "GET /wordpress/wp-admin/setup-config.php HTTP/1.1" 200 0 "-" "Mozilla/5.0 (Windows NT 10.0; Win64; x64) AppleWebKit/537.36 (KHTML, like Gecko) Chrome/135.0.0.0 Safari/537.36"
51.222.253.3 - - [28/Apr/2025:11:32:54 -0400] "GET /ultahost-coupon-code?filter=deals HTTP/1.1" 200 4398 "-" "Mozilla/5.0 (compatible; AhrefsBot/7.0; +http://ahrefs.com/robot/)"
162.55.129.246 - - [28/Apr/2025:11:38:17 -0400] "GET /robots.txt HTTP/1.1" 200 24 "-" "NetAPI v1"
162.55.129.246 - - [28/Apr/2025:11:38:19 -0400] "GET / HTTP/1.1" 200 24453 "-" "NetAPI v1"
51.222.253.13 - - [28/Apr/2025:11:44:01 -0400] "GET /spylix-voucher-codes?filter=codes HTTP/1.1" 200 3924 "-" "Mozilla/5.0 (compatible; AhrefsBot/7.0; +http://ahrefs.com/robot/)"
2a06:98c0:3600::103 - - [28/Apr/2025:11:47:55 -0400] "GET /wordpress/wp-admin/setup-config.php HTTP/1.1" 404 0 "-" "Mozilla/5.0 (Windows NT 10.0; Win64; x64) AppleWebKit/537.36 (KHTML, like Gecko) Chrome/135.0.0.0 Safari/537.36"
2a06:98c0:3600::103 - - [28/Apr/2025:11:50:09 -0400] "GET /wp-admin/setup-config.php HTTP/1.1" 200 0 "-" "Mozilla/5.0 (Windows NT 10.0; Win64; x64) AppleWebKit/537.36 (KHTML, like Gecko) Chrome/135.0.0.0 Safari/537.36"
51.222.253.9 - - [28/Apr/2025:11:56:00 -0400] "GET /spylix-voucher-codes?filter=deals HTTP/1.1" 200 4304 "-" "Mozilla/5.0 (compatible; AhrefsBot/7.0; +http://ahrefs.com/robot/)"
2a06:98c0:3600::103 - - [28/Apr/2025:12:02:33 -0400] "GET /wp-admin/setup-config.php HTTP/1.1" 200 0 "-" "Mozilla/5.0 (Windows NT 10.0; Win64; x64) AppleWebKit/537.36 (KHTML, like Gecko) Chrome/135.0.0.0 Safari/537.36"
2a06:98c0:3600::103 - - [28/Apr/2025:12:03:23 -0400] "GET /wordpress/wp-admin/setup-config.php HTTP/1.1" 404 1992 "-" "Mozilla/5.0 (Windows NT 10.0; Win64; x64) AppleWebKit/537.36 (KHTML, like Gecko) Chrome/135.0.0.0 Safari/537.36"
2a06:98c0:3600::103 - - [28/Apr/2025:12:03:37 -0400] "GET /wp-admin/setup-config.php HTTP/1.1" 404 1992 "-" "Mozilla/5.0 (Windows NT 10.0; Win64; x64) AppleWebKit/537.36 (KHTML, like Gecko) Chrome/135.0.0.0 Safari/537.36"
51.222.253.17 - - [28/Apr/2025:12:07:51 -0400] "GET /spinedesk-vouchers?filter=codes HTTP/1.1" 200 3986 "-" "Mozilla/5.0 (compatible; AhrefsBot/7.0; +http://ahrefs.com/robot/)"
2a06:98c0:3600::103 - - [28/Apr/2025:12:18:54 -0400] "GET /wp-admin/setup-config.php HTTP/1.1" 200 0 "-" "Mozilla/5.0 (Windows NT 10.0; Win64; x64) AppleWebKit/537.36 (KHTML, like Gecko) Chrome/135.0.0.0 Safari/537.36"
51.222.253.7 - - [28/Apr/2025:12:19:22 -0400] "GET /spinedesk-vouchers?filter=deals HTTP/1.1" 200 4458 "-" "Mozilla/5.0 (compatible; AhrefsBot/7.0; +http://ahrefs.com/robot/)"
2a06:98c0:3600::103 - - [28/Apr/2025:12:19:29 -0400] "GET /wordpress/wp-admin/setup-config.php HTTP/1.1" 404 1992 "-" "Mozilla/5.0 (Windows NT 10.0; Win64; x64) AppleWebKit/537.36 (KHTML, like Gecko) Chrome/135.0.0.0 Safari/537.36"
2a06:98c0:3600::103 - - [28/Apr/2025:12:21:04 -0400] "GET /wp-admin/setup-config.php HTTP/1.1" 404 1992 "-" "Mozilla/5.0 (Windows NT 10.0; Win64; x64) AppleWebKit/537.36 (KHTML, like Gecko) Chrome/135.0.0.0 Safari/537.36"
51.222.253.7 - - [28/Apr/2025:12:31:20 -0400] "GET /merch-dominator-coupon-codes?filter=codes HTTP/1.1" 200 4587 "-" "Mozilla/5.0 (compatible; AhrefsBot/7.0; +http://ahrefs.com/robot/)"
2a06:98c0:3600::103 - - [28/Apr/2025:12:34:46 -0400] "GET /wp-admin/setup-config.php HTTP/1.1" 404 1992 "-" "Mozilla/5.0 (Windows NT 10.0; Win64; x64) AppleWebKit/537.36 (KHTML, like Gecko) Chrome/135.0.0.0 Safari/537.36"
2a06:98c0:3600::103 - - [28/Apr/2025:12:35:47 -0400] "GET /wp-admin/setup-config.php HTTP/1.1" 404 1992 "-" "Mozilla/5.0 (Windows NT 10.0; Win64; x64) AppleWebKit/537.36 (KHTML, like Gecko) Chrome/135.0.0.0 Safari/537.36"
2a06:98c0:3600::103 - - [28/Apr/2025:12:36:05 -0400] "GET /wordpress/wp-admin/setup-config.php HTTP/1.1" 404 1992 "-" "Mozilla/5.0 (Windows NT 10.0; Win64; x64) AppleWebKit/537.36 (KHTML, like Gecko) Chrome/135.0.0.0 Safari/537.36"
2a06:98c0:3600::103 - - [28/Apr/2025:12:36:10 -0400] "GET /wordpress/wp-admin/setup-config.php HTTP/1.1" 404 1992 "-" "Mozilla/5.0 (Windows NT 10.0; Win64; x64) AppleWebKit/537.36 (KHTML, like Gecko) Chrome/135.0.0.0 Safari/537.36"
43.142.179.19 - - [28/Apr/2025:12:41:07 -0400] "GET / HTTP/1.1" 200 5796 "http://frugilo.com" "Mozilla/5.0 (Linux; Android 10; LIO-AN00 Build/HUAWEILIO-AN00; wv) MicroMessenger Weixin QQ AppleWebKit/537.36 (KHTML, like Gecko) Version/4.0 Chrome/78.0.3904.62 XWEB/2692 MMWEBSDK/200901 Mobile Safari/537.36"
51.222.253.4 - - [28/Apr/2025:12:42:12 -0400] "GET /merch-dominator-coupon-codes?filter=deals HTTP/1.1" 200 4586 "-" "Mozilla/5.0 (compatible; AhrefsBot/7.0; +http://ahrefs.com/robot/)"
43.166.134.47 - - [28/Apr/2025:12:48:29 -0400] "GET / HTTP/1.1" 200 5797 "http://frugilo.com" "Mozilla/5.0 (iPhone; CPU iPhone OS 13_2_3 like Mac OS X) AppleWebKit/605.1.15 (KHTML, like Gecko) Version/13.0.3 Mobile/15E148 Safari/604.1"
43.142.179.19 - - [28/Apr/2025:12:49:00 -0400] "GET / HTTP/1.1" 200 5794 "http://frugilo.com" "Mozilla/5.0 (Linux; Android 10; LIO-AN00 Build/HUAWEILIO-AN00; wv) MicroMessenger Weixin QQ AppleWebKit/537.36 (KHTML, like Gecko) Version/4.0 Chrome/78.0.3904.62 XWEB/2692 MMWEBSDK/200901 Mobile Safari/537.36"
2a06:98c0:3600::103 - - [28/Apr/2025:12:50:35 -0400] "GET /wordpress/wp-admin/setup-config.php HTTP/1.1" 404 1992 "-" "Mozilla/5.0 (Windows NT 10.0; Win64; x64) AppleWebKit/537.36 (KHTML, like Gecko) Chrome/135.0.0.0 Safari/537.36"
2a06:98c0:3600::103 - - [28/Apr/2025:12:51:00 -0400] "GET /wp-admin/setup-config.php HTTP/1.1" 404 0 "-" "Mozilla/5.0 (Windows NT 10.0; Win64; x64) AppleWebKit/537.36 (KHTML, like Gecko) Chrome/135.0.0.0 Safari/537.36"
2a06:98c0:3600::103 - - [28/Apr/2025:12:52:38 -0400] "GET /wordpress/wp-admin/setup-config.php HTTP/1.1" 404 1992 "-" "Mozilla/5.0 (Windows NT 10.0; Win64; x64) AppleWebKit/537.36 (KHTML, like Gecko) Chrome/135.0.0.0 Safari/537.36"
51.222.253.1 - - [28/Apr/2025:12:53:38 -0400] "GET /tkees-voucher-codes?filter=codes HTTP/1.1" 200 3981 "-" "Mozilla/5.0 (compatible; AhrefsBot/7.0; +http://ahrefs.com/robot/)"
2a06:98c0:3600::103 - - [28/Apr/2025:12:53:44 -0400] "GET /wp-admin/setup-config.php HTTP/1.1" 404 1992 "-" "Mozilla/5.0 (Windows NT 10.0; Win64; x64) AppleWebKit/537.36 (KHTML, like Gecko) Chrome/135.0.0.0 Safari/537.36"
51.222.253.13 - - [28/Apr/2025:13:04:43 -0400] "GET /tkees-voucher-codes?filter=deals HTTP/1.1" 200 4351 "-" "Mozilla/5.0 (compatible; AhrefsBot/7.0; +http://ahrefs.com/robot/)"
2a06:98c0:3600::103 - - [28/Apr/2025:13:06:01 -0400] "GET /wordpress/wp-admin/setup-config.php HTTP/1.1" 404 1992 "-" "Mozilla/5.0 (Windows NT 10.0; Win64; x64) AppleWebKit/537.36 (KHTML, like Gecko) Chrome/135.0.0.0 Safari/537.36"
2a06:98c0:3600::103 - - [28/Apr/2025:13:06:20 -0400] "GET /wp-admin/setup-config.php HTTP/1.1" 404 1992 "-" "Mozilla/5.0 (Windows NT 10.0; Win64; x64) AppleWebKit/537.36 (KHTML, like Gecko) Chrome/135.0.0.0 Safari/537.36"
2a06:98c0:3600::103 - - [28/Apr/2025:13:07:08 -0400] "GET /wp-admin/setup-config.php HTTP/1.1" 404 1992 "-" "Mozilla/5.0 (Windows NT 10.0; Win64; x64) AppleWebKit/537.36 (KHTML, like Gecko) Chrome/135.0.0.0 Safari/537.36"
2a06:98c0:3600::103 - - [28/Apr/2025:13:09:02 -0400] "GET /wordpress/wp-admin/setup-config.php HTTP/1.1" 200 0 "-" "Mozilla/5.0 (Windows NT 10.0; Win64; x64) AppleWebKit/537.36 (KHTML, like Gecko) Chrome/135.0.0.0 Safari/537.36"
170.106.193.108 - - [28/Apr/2025:13:10:29 -0400] "GET / HTTP/1.1" 301 795 "http://www.frugilo.com" "Mozilla/5.0 (iPhone; CPU iPhone OS 13_2_3 like Mac OS X) AppleWebKit/605.1.15 (KHTML, like Gecko) Version/13.0.3 Mobile/15E148 Safari/604.1"
170.106.193.108 - - [28/Apr/2025:13:10:31 -0400] "GET / HTTP/1.1" 200 5795 "http://frugilo.com/" "Mozilla/5.0 (iPhone; CPU iPhone OS 13_2_3 like Mac OS X) AppleWebKit/605.1.15 (KHTML, like Gecko) Version/13.0.3 Mobile/15E148 Safari/604.1"
51.222.253.18 - - [28/Apr/2025:13:15:39 -0400] "GET /pyramyd-air-voucher-codes?filter=codes HTTP/1.1" 200 3998 "-" "Mozilla/5.0 (compatible; AhrefsBot/7.0; +http://ahrefs.com/robot/)"
2a06:98c0:3600::103 - - [28/Apr/2025:13:22:02 -0400] "GET /wordpress/wp-admin/setup-config.php HTTP/1.1" 200 0 "-" "Mozilla/5.0 (Windows NT 10.0; Win64; x64) AppleWebKit/537.36 (KHTML, like Gecko) Chrome/135.0.0.0 Safari/537.36"
2a06:98c0:3600::103 - - [28/Apr/2025:13:22:17 -0400] "GET /wordpress/wp-admin/setup-config.php HTTP/1.1" 404 1992 "-" "Mozilla/5.0 (Windows NT 10.0; Win64; x64) AppleWebKit/537.36 (KHTML, like Gecko) Chrome/135.0.0.0 Safari/537.36"
2a06:98c0:3600::103 - - [28/Apr/2025:13:22:32 -0400] "GET /wp-admin/setup-config.php HTTP/1.1" 404 1992 "-" "Mozilla/5.0 (Windows NT 10.0; Win64; x64) AppleWebKit/537.36 (KHTML, like Gecko) Chrome/135.0.0.0 Safari/537.36"
51.222.253.20 - - [28/Apr/2025:13:26:54 -0400] "GET /pyramyd-air-voucher-codes?filter=deals HTTP/1.1" 200 4397 "-" "Mozilla/5.0 (compatible; AhrefsBot/7.0; +http://ahrefs.com/robot/)"
205.169.39.171 - - [28/Apr/2025:13:35:01 -0400] "GET / HTTP/1.1" 200 4892 "-" "Mozilla/5.0 (Windows NT 6.1; Win64; x64) AppleWebKit/537.36 (KHTML, like Gecko) Chrome/83.0.4103.61 Safari/537.36"
205.169.39.171 - - [28/Apr/2025:13:35:11 -0400] "GET /assets/frontend/js/jquery-1.10.2.min.js HTTP/1.1" 200 31897 "https://frugilo.com/" "Mozilla/5.0 (Windows NT 6.1; Win64; x64) AppleWebKit/537.36 (KHTML, like Gecko) Chrome/83.0.4103.61 Safari/537.36"
205.169.39.171 - - [28/Apr/2025:13:35:19 -0400] "GET /assets/frontend/js/classie.js HTTP/1.1" 200 616 "https://frugilo.com/" "Mozilla/5.0 (Windows NT 6.1; Win64; x64) AppleWebKit/537.36 (KHTML, like Gecko) Chrome/83.0.4103.61 Safari/537.36"
205.169.39.171 - - [28/Apr/2025:13:35:20 -0400] "GET /assets/frontend/js/mlpushmenu.js HTTP/1.1" 200 3799 "https://frugilo.com/" "Mozilla/5.0 (Windows NT 6.1; Win64; x64) AppleWebKit/537.36 (KHTML, like Gecko) Chrome/83.0.4103.61 Safari/537.36"
205.169.39.171 - - [28/Apr/2025:13:35:22 -0400] "GET /assets/frontend/js/modernizr.custom.js HTTP/1.1" 200 3757 "https://frugilo.com/" "Mozilla/5.0 (Windows NT 6.1; Win64; x64) AppleWebKit/537.36 (KHTML, like Gecko) Chrome/83.0.4103.61 Safari/537.36"
205.169.39.171 - - [28/Apr/2025:13:35:22 -0400] "GET /assets/frontend/js/jquery.nouislider.js HTTP/1.1" 200 11364 "https://frugilo.com/" "Mozilla/5.0 (Windows NT 6.1; Win64; x64) AppleWebKit/537.36 (KHTML, like Gecko) Chrome/83.0.4103.61 Safari/537.36"
205.169.39.171 - - [28/Apr/2025:13:35:23 -0400] "GET /assets/frontend/js/jquery.flexslider-min.js HTTP/1.1" 200 5945 "https://frugilo.com/" "Mozilla/5.0 (Windows NT 6.1; Win64; x64) AppleWebKit/537.36 (KHTML, like Gecko) Chrome/83.0.4103.61 Safari/537.36"
205.169.39.171 - - [28/Apr/2025:13:35:25 -0400] "GET /assets/frontend/js/html5lightbox.js HTTP/1.1" 200 6721 "https://frugilo.com/" "Mozilla/5.0 (Windows NT 6.1; Win64; x64) AppleWebKit/537.36 (KHTML, like Gecko) Chrome/83.0.4103.61 Safari/537.36"
205.169.39.171 - - [28/Apr/2025:13:35:26 -0400] "GET /assets/frontend/js/jquery.popupcommon.js HTTP/1.1" 200 1286 "https://frugilo.com/" "Mozilla/5.0 (Windows NT 6.1; Win64; x64) AppleWebKit/537.36 (KHTML, like Gecko) Chrome/83.0.4103.61 Safari/537.36"
205.169.39.171 - - [28/Apr/2025:13:35:27 -0400] "GET /assets/frontend/js/script.js HTTP/1.1" 200 2169 "https://frugilo.com/" "Mozilla/5.0 (Windows NT 6.1; Win64; x64) AppleWebKit/537.36 (KHTML, like Gecko) Chrome/83.0.4103.61 Safari/537.36"
205.169.39.171 - - [28/Apr/2025:13:35:46 -0400] "GET / HTTP/1.1" 200 4888 "-" "Mozilla/5.0 (Windows NT 10.0; Win64; x64) AppleWebKit/537.36 (KHTML, like Gecko) Chrome/79.0.3945.79 Safari/537.36"
205.169.39.171 - - [28/Apr/2025:13:35:48 -0400] "GET /assets/frontend/js/jquery-1.10.2.min.js HTTP/1.1" 200 31897 "https://frugilo.com/" "Mozilla/5.0 (Windows NT 10.0; Win64; x64) AppleWebKit/537.36 (KHTML, like Gecko) Chrome/79.0.3945.79 Safari/537.36"
205.169.39.171 - - [28/Apr/2025:13:35:48 -0400] "GET /assets/frontend/css/res-menu.css HTTP/1.1" 200 1315 "https://frugilo.com/" "Mozilla/5.0 (Windows NT 10.0; Win64; x64) AppleWebKit/537.36 (KHTML, like Gecko) Chrome/79.0.3945.79 Safari/537.36"
205.169.39.171 - - [28/Apr/2025:13:35:48 -0400] "GET /assets/frontend/css/responsive.css HTTP/1.1" 200 2284 "https://frugilo.com/" "Mozilla/5.0 (Windows NT 10.0; Win64; x64) AppleWebKit/537.36 (KHTML, like Gecko) Chrome/79.0.3945.79 Safari/537.36"
205.169.39.171 - - [28/Apr/2025:13:35:48 -0400] "GET /assets/frontend/css/jquery.nouislider.css HTTP/1.1" 200 942 "https://frugilo.com/" "Mozilla/5.0 (Windows NT 10.0; Win64; x64) AppleWebKit/537.36 (KHTML, like Gecko) Chrome/79.0.3945.79 Safari/537.36"
205.169.39.171 - - [28/Apr/2025:13:35:48 -0400] "GET /assets/frontend/css/flexslider.css HTTP/1.1" 200 1704 "https://frugilo.com/" "Mozilla/5.0 (Windows NT 10.0; Win64; x64) AppleWebKit/537.36 (KHTML, like Gecko) Chrome/79.0.3945.79 Safari/537.36"
205.169.39.171 - - [28/Apr/2025:13:35:48 -0400] "GET /assets/frontend/css/normalize.css HTTP/1.1" 200 1998 "https://frugilo.com/" "Mozilla/5.0 (Windows NT 10.0; Win64; x64) AppleWebKit/537.36 (KHTML, like Gecko) Chrome/79.0.3945.79 Safari/537.36"
205.169.39.171 - - [28/Apr/2025:13:35:48 -0400] "GET /assets/frontend/css/jquery.popupcommon.css HTTP/1.1" 200 297 "https://frugilo.com/" "Mozilla/5.0 (Windows NT 10.0; Win64; x64) AppleWebKit/537.36 (KHTML, like Gecko) Chrome/79.0.3945.79 Safari/537.36"
205.169.39.171 - - [28/Apr/2025:13:35:48 -0400] "GET /assets/frontend/css/style.css?v=13 HTTP/1.1" 200 12469 "https://frugilo.com/" "Mozilla/5.0 (Windows NT 10.0; Win64; x64) AppleWebKit/537.36 (KHTML, like Gecko) Chrome/79.0.3945.79 Safari/537.36"
205.169.39.171 - - [28/Apr/2025:13:35:48 -0400] "GET /assets/frontend/css/style-dark.css?v=12 HTTP/1.1" 200 1404 "https://frugilo.com/" "Mozilla/5.0 (Windows NT 10.0; Win64; x64) AppleWebKit/537.36 (KHTML, like Gecko) Chrome/79.0.3945.79 Safari/537.36"
205.169.39.171 - - [28/Apr/2025:13:35:48 -0400] "GET /assets/frontend/css/style-gray.css?v=12 HTTP/1.1" 200 1916 "https://frugilo.com/" "Mozilla/5.0 (Windows NT 10.0; Win64; x64) AppleWebKit/537.36 (KHTML, like Gecko) Chrome/79.0.3945.79 Safari/537.36"
205.169.39.171 - - [28/Apr/2025:13:35:51 -0400] "GET /assets/frontend/js/jquery.nouislider.js HTTP/1.1" 200 11364 "https://frugilo.com/" "Mozilla/5.0 (Windows NT 10.0; Win64; x64) AppleWebKit/537.36 (KHTML, like Gecko) Chrome/79.0.3945.79 Safari/537.36"
205.169.39.171 - - [28/Apr/2025:13:35:51 -0400] "GET /assets/frontend/js/jquery.flexslider-min.js HTTP/1.1" 200 5945 "https://frugilo.com/" "Mozilla/5.0 (Windows NT 10.0; Win64; x64) AppleWebKit/537.36 (KHTML, like Gecko) Chrome/79.0.3945.79 Safari/537.36"
205.169.39.171 - - [28/Apr/2025:13:35:51 -0400] "GET /assets/frontend/js/html5lightbox.js HTTP/1.1" 200 6721 "https://frugilo.com/" "Mozilla/5.0 (Windows NT 10.0; Win64; x64) AppleWebKit/537.36 (KHTML, like Gecko) Chrome/79.0.3945.79 Safari/537.36"
205.169.39.171 - - [28/Apr/2025:13:35:51 -0400] "GET /assets/frontend/js/jquery.popupcommon.js HTTP/1.1" 200 1286 "https://frugilo.com/" "Mozilla/5.0 (Windows NT 10.0; Win64; x64) AppleWebKit/537.36 (KHTML, like Gecko) Chrome/79.0.3945.79 Safari/537.36"
205.169.39.171 - - [28/Apr/2025:13:35:51 -0400] "GET /assets/frontend/js/script.js HTTP/1.1" 200 2169 "https://frugilo.com/" "Mozilla/5.0 (Windows NT 10.0; Win64; x64) AppleWebKit/537.36 (KHTML, like Gecko) Chrome/79.0.3945.79 Safari/537.36"
205.169.39.171 - - [28/Apr/2025:13:35:51 -0400] "GET /assets/frontend/images/frugilo.png HTTP/1.1" 200 7129 "https://frugilo.com/" "Mozilla/5.0 (Windows NT 10.0; Win64; x64) AppleWebKit/537.36 (KHTML, like Gecko) Chrome/79.0.3945.79 Safari/537.36"
205.169.39.171 - - [28/Apr/2025:13:35:51 -0400] "GET /assets/frontend/images/ajax-loader.gif HTTP/1.1" 200 9427 "https://frugilo.com/" "Mozilla/5.0 (Windows NT 10.0; Win64; x64) AppleWebKit/537.36 (KHTML, like Gecko) Chrome/79.0.3945.79 Safari/537.36"
205.169.39.171 - - [28/Apr/2025:13:35:52 -0400] "GET /assets/frontend/images/pinterest.png HTTP/1.1" 200 2358 "https://frugilo.com/" "Mozilla/5.0 (Windows NT 10.0; Win64; x64) AppleWebKit/537.36 (KHTML, like Gecko) Chrome/79.0.3945.79 Safari/537.36"
205.169.39.171 - - [28/Apr/2025:13:35:52 -0400] "GET /assets/frontend/images/facebook.png HTTP/1.1" 200 1623 "https://frugilo.com/" "Mozilla/5.0 (Windows NT 10.0; Win64; x64) AppleWebKit/537.36 (KHTML, like Gecko) Chrome/79.0.3945.79 Safari/537.36"
205.169.39.171 - - [28/Apr/2025:13:35:52 -0400] "GET /assets/frontend/images/instagram.png HTTP/1.1" 200 2270 "https://frugilo.com/" "Mozilla/5.0 (Windows NT 10.0; Win64; x64) AppleWebKit/537.36 (KHTML, like Gecko) Chrome/79.0.3945.79 Safari/537.36"
205.169.39.171 - - [28/Apr/2025:13:35:52 -0400] "GET /assets/frontend/images/tiktok.png HTTP/1.1" 200 2079 "https://frugilo.com/" "Mozilla/5.0 (Windows NT 10.0; Win64; x64) AppleWebKit/537.36 (KHTML, like Gecko) Chrome/79.0.3945.79 Safari/537.36"
205.169.39.171 - - [28/Apr/2025:13:35:51 -0400] "GET /storage/slider_images/slider_2025_04_24_21_28_16.png HTTP/1.1" 200 353416 "https://frugilo.com/" "Mozilla/5.0 (Windows NT 10.0; Win64; x64) AppleWebKit/537.36 (KHTML, like Gecko) Chrome/79.0.3945.79 Safari/537.36"
205.169.39.171 - - [28/Apr/2025:13:35:53 -0400] "GET /assets/frontend/js/classie.js HTTP/1.1" 200 616 "https://frugilo.com/" "Mozilla/5.0 (Windows NT 10.0; Win64; x64) AppleWebKit/537.36 (KHTML, like Gecko) Chrome/79.0.3945.79 Safari/537.36"
205.169.39.171 - - [28/Apr/2025:13:35:53 -0400] "GET /assets/frontend/js/mlpushmenu.js HTTP/1.1" 200 3799 "https://frugilo.com/" "Mozilla/5.0 (Windows NT 10.0; Win64; x64) AppleWebKit/537.36 (KHTML, like Gecko) Chrome/79.0.3945.79 Safari/537.36"
205.169.39.171 - - [28/Apr/2025:13:35:53 -0400] "GET /assets/frontend/js/modernizr.custom.js HTTP/1.1" 200 3757 "https://frugilo.com/" "Mozilla/5.0 (Windows NT 10.0; Win64; x64) AppleWebKit/537.36 (KHTML, like Gecko) Chrome/79.0.3945.79 Safari/537.36"
205.169.39.171 - - [28/Apr/2025:13:35:53 -0400] "GET /storage/slider_images/slider_2023_10_31_13_45_48.jpg HTTP/1.1" 200 105786 "https://frugilo.com/" "Mozilla/5.0 (Windows NT 10.0; Win64; x64) AppleWebKit/537.36 (KHTML, like Gecko) Chrome/79.0.3945.79 Safari/537.36"
205.169.39.171 - - [28/Apr/2025:13:35:53 -0400] "GET /storage/slider_images/slider_2023_10_31_14_04_14.jpg HTTP/1.1" 200 194232 "https://frugilo.com/" "Mozilla/5.0 (Windows NT 10.0; Win64; x64) AppleWebKit/537.36 (KHTML, like Gecko) Chrome/79.0.3945.79 Safari/537.36"
205.169.39.171 - - [28/Apr/2025:13:35:56 -0400] "GET /assets/frontend/images/lightbox-prev.png HTTP/1.1" 200 49509 "https://frugilo.com/" "Mozilla/5.0 (Windows NT 10.0; Win64; x64) AppleWebKit/537.36 (KHTML, like Gecko) Chrome/79.0.3945.79 Safari/537.36"
205.169.39.171 - - [28/Apr/2025:13:35:56 -0400] "GET /assets/frontend/images/close.png HTTP/1.1" 200 49509 "https://frugilo.com/" "Mozilla/5.0 (Windows NT 10.0; Win64; x64) AppleWebKit/537.36 (KHTML, like Gecko) Chrome/79.0.3945.79 Safari/537.36"
205.169.39.171 - - [28/Apr/2025:13:35:56 -0400] "GET /assets/frontend/images/lightbox-next.png HTTP/1.1" 200 49509 "https://frugilo.com/" "Mozilla/5.0 (Windows NT 10.0; Win64; x64) AppleWebKit/537.36 (KHTML, like Gecko) Chrome/79.0.3945.79 Safari/537.36"
205.169.39.171 - - [28/Apr/2025:13:36:00 -0400] "GET /assets/frontend/images/icon.png HTTP/1.1" 200 3486 "https://frugilo.com/assets/frontend/css/flexslider.css" "Mozilla/5.0 (Windows NT 10.0; Win64; x64) AppleWebKit/537.36 (KHTML, like Gecko) Chrome/79.0.3945.79 Safari/537.36"
2a06:98c0:3600::103 - - [28/Apr/2025:13:37:55 -0400] "GET /wordpress/wp-admin/setup-config.php HTTP/1.1" 200 0 "-" "Mozilla/5.0 (Windows NT 10.0; Win64; x64) AppleWebKit/537.36 (KHTML, like Gecko) Chrome/135.0.0.0 Safari/537.36"
2a06:98c0:3600::103 - - [28/Apr/2025:13:38:44 -0400] "GET /wordpress/wp-admin/setup-config.php HTTP/1.1" 404 1992 "-" "Mozilla/5.0 (Windows NT 10.0; Win64; x64) AppleWebKit/537.36 (KHTML, like Gecko) Chrome/135.0.0.0 Safari/537.36"
