43.133.220.37 - - [26/Apr/2025:20:01:59 -0400] "GET / HTTP/1.1" 200 5795 "http://frugilo.com" "Mozilla/5.0 (iPhone; CPU iPhone OS 13_2_3 like Mac OS X) AppleWebKit/605.1.15 (KHTML, like Gecko) Version/13.0.3 Mobile/15E148 Safari/604.1"
2a06:98c0:3600::103 - - [26/Apr/2025:20:05:00 -0400] "GET /wp-admin/setup-config.php HTTP/1.1" 404 1992 "-" "Mozilla/5.0 (Windows NT 10.0; Win64; x64) AppleWebKit/537.36 (KHTML, like Gecko) Chrome/135.0.0.0 Safari/537.36"
2a06:98c0:3600::103 - - [26/Apr/2025:20:06:27 -0400] "GET /wordpress/wp-admin/setup-config.php HTTP/1.1" 404 1992 "-" "Mozilla/5.0 (Windows NT 10.0; Win64; x64) AppleWebKit/537.36 (KHTML, like Gecko) Chrome/135.0.0.0 Safari/537.36"
2a06:98c0:3600::103 - - [26/Apr/2025:20:07:43 -0400] "GET /wp-admin/setup-config.php HTTP/1.1" 404 1992 "-" "Mozilla/5.0 (Windows NT 10.0; Win64; x64) AppleWebKit/537.36 (KHTML, like Gecko) Chrome/135.0.0.0 Safari/537.36"
2a06:98c0:3600::103 - - [26/Apr/2025:20:08:37 -0400] "GET /wordpress/wp-admin/setup-config.php HTTP/1.1" 404 1992 "-" "Mozilla/5.0 (Windows NT 10.0; Win64; x64) AppleWebKit/537.36 (KHTML, like Gecko) Chrome/135.0.0.0 Safari/537.36"
54.36.148.53 - - [26/Apr/2025:20:11:18 -0400] "GET /robots.txt HTTP/1.1" 200 24 "-" "Mozilla/5.0 (compatible; AhrefsBot/7.0; +http://ahrefs.com/robot/)"
51.222.253.19 - - [26/Apr/2025:20:11:20 -0400] "GET /blackview-discount-codes?filter=deals HTTP/1.1" 200 4326 "-" "Mozilla/5.0 (compatible; AhrefsBot/7.0; +http://ahrefs.com/robot/)"
2a06:98c0:3600::103 - - [26/Apr/2025:20:20:55 -0400] "GET /wordpress/wp-admin/setup-config.php HTTP/1.1" 404 1992 "-" "Mozilla/5.0 (Windows NT 10.0; Win64; x64) AppleWebKit/537.36 (KHTML, like Gecko) Chrome/135.0.0.0 Safari/537.36"
2a06:98c0:3600::103 - - [26/Apr/2025:20:21:38 -0400] "GET /wp-admin/setup-config.php HTTP/1.1" 404 1992 "-" "Mozilla/5.0 (Windows NT 10.0; Win64; x64) AppleWebKit/537.36 (KHTML, like Gecko) Chrome/135.0.0.0 Safari/537.36"
2a06:98c0:3600::103 - - [26/Apr/2025:20:21:58 -0400] "GET /wordpress/wp-admin/setup-config.php HTTP/1.1" 404 1992 "-" "Mozilla/5.0 (Windows NT 10.0; Win64; x64) AppleWebKit/537.36 (KHTML, like Gecko) Chrome/135.0.0.0 Safari/537.36"
2a06:98c0:3600::103 - - [26/Apr/2025:20:24:02 -0400] "GET /wp-admin/setup-config.php HTTP/1.1" 404 1992 "-" "Mozilla/5.0 (Windows NT 10.0; Win64; x64) AppleWebKit/537.36 (KHTML, like Gecko) Chrome/135.0.0.0 Safari/537.36"
51.222.253.5 - - [26/Apr/2025:20:26:13 -0400] "GET /bernie-by-cookies-coupon-code?filter=deals HTTP/1.1" 200 4402 "-" "Mozilla/5.0 (compatible; AhrefsBot/7.0; +http://ahrefs.com/robot/)"
2a06:98c0:3600::103 - - [26/Apr/2025:20:38:27 -0400] "GET /wp-admin/setup-config.php HTTP/1.1" 404 1992 "-" "Mozilla/5.0 (Windows NT 10.0; Win64; x64) AppleWebKit/537.36 (KHTML, like Gecko) Chrome/135.0.0.0 Safari/537.36"
2a06:98c0:3600::103 - - [26/Apr/2025:20:39:27 -0400] "GET /wp-admin/setup-config.php HTTP/1.1" 404 1992 "-" "Mozilla/5.0 (Windows NT 10.0; Win64; x64) AppleWebKit/537.36 (KHTML, like Gecko) Chrome/135.0.0.0 Safari/537.36"
2a06:98c0:3600::103 - - [26/Apr/2025:20:40:35 -0400] "GET /wordpress/wp-admin/setup-config.php HTTP/1.1" 404 1992 "-" "Mozilla/5.0 (Windows NT 10.0; Win64; x64) AppleWebKit/537.36 (KHTML, like Gecko) Chrome/135.0.0.0 Safari/537.36"
2a06:98c0:3600::103 - - [26/Apr/2025:20:41:18 -0400] "GET /wordpress/wp-admin/setup-config.php HTTP/1.1" 404 1992 "-" "Mozilla/5.0 (Windows NT 10.0; Win64; x64) AppleWebKit/537.36 (KHTML, like Gecko) Chrome/135.0.0.0 Safari/537.36"
51.222.253.5 - - [26/Apr/2025:20:42:14 -0400] "GET /algolaser-discount?filter=codes HTTP/1.1" 200 3993 "-" "Mozilla/5.0 (compatible; AhrefsBot/7.0; +http://ahrefs.com/robot/)"
35.86.146.46 - - [26/Apr/2025:20:43:29 -0400] "GET / HTTP/1.1" 200 5795 "-" "Mozilla/5.0 (Windows NT 10.0; Win64; x64)AppleWebKit/537.36 (KHTML, like Gecko) Chrome/66.0.3359.181 Safari/537.36"
2a06:98c0:3600::103 - - [26/Apr/2025:20:54:32 -0400] "GET /wp-admin/setup-config.php HTTP/1.1" 404 1992 "-" "Mozilla/5.0 (Windows NT 10.0; Win64; x64) AppleWebKit/537.36 (KHTML, like Gecko) Chrome/135.0.0.0 Safari/537.36"
2a06:98c0:3600::103 - - [26/Apr/2025:20:54:32 -0400] "GET /wp-admin/setup-config.php HTTP/1.1" 404 1992 "-" "Mozilla/5.0 (Windows NT 10.0; Win64; x64) AppleWebKit/537.36 (KHTML, like Gecko) Chrome/135.0.0.0 Safari/537.36"
2a06:98c0:3600::103 - - [26/Apr/2025:20:55:00 -0400] "GET /wordpress/wp-admin/setup-config.php HTTP/1.1" 404 1992 "-" "Mozilla/5.0 (Windows NT 10.0; Win64; x64) AppleWebKit/537.36 (KHTML, like Gecko) Chrome/135.0.0.0 Safari/537.36"
2a06:98c0:3600::103 - - [26/Apr/2025:20:55:42 -0400] "GET /wordpress/wp-admin/setup-config.php HTTP/1.1" 404 1992 "-" "Mozilla/5.0 (Windows NT 10.0; Win64; x64) AppleWebKit/537.36 (KHTML, like Gecko) Chrome/135.0.0.0 Safari/537.36"
51.222.253.2 - - [26/Apr/2025:20:57:23 -0400] "GET /bisaddle-discounts?filter=codes HTTP/1.1" 200 3966 "-" "Mozilla/5.0 (compatible; AhrefsBot/7.0; +http://ahrefs.com/robot/)"
43.159.140.236 - - [26/Apr/2025:21:00:42 -0400] "GET / HTTP/1.1" 301 795 "http://www.frugilo.com" "Mozilla/5.0 (iPhone; CPU iPhone OS 13_2_3 like Mac OS X) AppleWebKit/605.1.15 (KHTML, like Gecko) Version/13.0.3 Mobile/15E148 Safari/604.1"
43.159.140.236 - - [26/Apr/2025:21:00:43 -0400] "GET / HTTP/1.1" 200 5796 "http://frugilo.com/" "Mozilla/5.0 (iPhone; CPU iPhone OS 13_2_3 like Mac OS X) AppleWebKit/605.1.15 (KHTML, like Gecko) Version/13.0.3 Mobile/15E148 Safari/604.1"
43.166.251.233 - - [26/Apr/2025:21:04:40 -0400] "GET / HTTP/1.1" 200 5794 "http://frugilo.com" "Mozilla/5.0 (iPhone; CPU iPhone OS 13_2_3 like Mac OS X) AppleWebKit/605.1.15 (KHTML, like Gecko) Version/13.0.3 Mobile/15E148 Safari/604.1"
2a06:98c0:3600::103 - - [26/Apr/2025:21:07:56 -0400] "GET /wordpress/wp-admin/setup-config.php HTTP/1.1" 404 1992 "-" "Mozilla/5.0 (Windows NT 10.0; Win64; x64) AppleWebKit/537.36 (KHTML, like Gecko) Chrome/135.0.0.0 Safari/537.36"
2a06:98c0:3600::103 - - [26/Apr/2025:21:08:25 -0400] "GET /wp-admin/setup-config.php HTTP/1.1" 404 1992 "-" "Mozilla/5.0 (Windows NT 10.0; Win64; x64) AppleWebKit/537.36 (KHTML, like Gecko) Chrome/135.0.0.0 Safari/537.36"
2a06:98c0:3600::103 - - [26/Apr/2025:21:08:35 -0400] "GET /wp-admin/setup-config.php HTTP/1.1" 404 1992 "-" "Mozilla/5.0 (Windows NT 10.0; Win64; x64) AppleWebKit/537.36 (KHTML, like Gecko) Chrome/135.0.0.0 Safari/537.36"
2a06:98c0:3600::103 - - [26/Apr/2025:21:10:21 -0400] "GET /wordpress/wp-admin/setup-config.php HTTP/1.1" 404 1992 "-" "Mozilla/5.0 (Windows NT 10.0; Win64; x64) AppleWebKit/537.36 (KHTML, like Gecko) Chrome/135.0.0.0 Safari/537.36"
51.222.253.18 - - [26/Apr/2025:21:13:51 -0400] "GET /jessie-boutique-promo-code HTTP/1.1" 200 5105 "-" "Mozilla/5.0 (compatible; AhrefsBot/7.0; +http://ahrefs.com/robot/)"
2a06:98c0:3600::103 - - [26/Apr/2025:21:22:10 -0400] "GET /wp-admin/setup-config.php HTTP/1.1" 404 1992 "-" "Mozilla/5.0 (Windows NT 10.0; Win64; x64) AppleWebKit/537.36 (KHTML, like Gecko) Chrome/135.0.0.0 Safari/537.36"
2a06:98c0:3600::103 - - [26/Apr/2025:21:24:37 -0400] "GET /wordpress/wp-admin/setup-config.php HTTP/1.1" 404 1992 "-" "Mozilla/5.0 (Windows NT 10.0; Win64; x64) AppleWebKit/537.36 (KHTML, like Gecko) Chrome/135.0.0.0 Safari/537.36"
2a06:98c0:3600::103 - - [26/Apr/2025:21:25:06 -0400] "GET /wordpress/wp-admin/setup-config.php HTTP/1.1" 404 1992 "-" "Mozilla/5.0 (Windows NT 10.0; Win64; x64) AppleWebKit/537.36 (KHTML, like Gecko) Chrome/135.0.0.0 Safari/537.36"
2a06:98c0:3600::103 - - [26/Apr/2025:21:25:37 -0400] "GET /wp-admin/setup-config.php HTTP/1.1" 404 1992 "-" "Mozilla/5.0 (Windows NT 10.0; Win64; x64) AppleWebKit/537.36 (KHTML, like Gecko) Chrome/135.0.0.0 Safari/537.36"
51.222.253.9 - - [26/Apr/2025:21:28:50 -0400] "GET /santa-cruz-shredder-coupon-codes HTTP/1.1" 200 4536 "-" "Mozilla/5.0 (compatible; AhrefsBot/7.0; +http://ahrefs.com/robot/)"
132.232.203.74 - - [26/Apr/2025:21:29:42 -0400] "GET / HTTP/1.1" 301 795 "http://www.frugilo.com" "Mozilla/5.0 (iPhone; CPU iPhone OS 13_2_3 like Mac OS X) AppleWebKit/605.1.15 (KHTML, like Gecko) Version/13.0.3 Mobile/15E148 Safari/604.1"
2a06:98c0:3600::103 - - [26/Apr/2025:21:42:11 -0400] "GET /wordpress/wp-admin/setup-config.php HTTP/1.1" 404 1992 "-" "Mozilla/5.0 (Windows NT 10.0; Win64; x64) AppleWebKit/537.36 (KHTML, like Gecko) Chrome/135.0.0.0 Safari/537.36"
2a06:98c0:3600::103 - - [26/Apr/2025:21:42:34 -0400] "GET /wp-admin/setup-config.php HTTP/1.1" 404 1992 "-" "Mozilla/5.0 (Windows NT 10.0; Win64; x64) AppleWebKit/537.36 (KHTML, like Gecko) Chrome/135.0.0.0 Safari/537.36"
2a06:98c0:3600::103 - - [26/Apr/2025:21:43:17 -0400] "GET /wp-admin/setup-config.php HTTP/1.1" 404 1992 "-" "Mozilla/5.0 (Windows NT 10.0; Win64; x64) AppleWebKit/537.36 (KHTML, like Gecko) Chrome/135.0.0.0 Safari/537.36"
2a06:98c0:3600::103 - - [26/Apr/2025:21:44:01 -0400] "GET /wordpress/wp-admin/setup-config.php HTTP/1.1" 404 1992 "-" "Mozilla/5.0 (Windows NT 10.0; Win64; x64) AppleWebKit/537.36 (KHTML, like Gecko) Chrome/135.0.0.0 Safari/537.36"
51.222.253.13 - - [26/Apr/2025:21:44:17 -0400] "GET /enginego-promo?filter=deals HTTP/1.1" 200 4402 "-" "Mozilla/5.0 (compatible; AhrefsBot/7.0; +http://ahrefs.com/robot/)"
2a06:98c0:3600::103 - - [26/Apr/2025:21:58:08 -0400] "GET /wordpress/wp-admin/setup-config.php HTTP/1.1" 404 1992 "-" "Mozilla/5.0 (Windows NT 10.0; Win64; x64) AppleWebKit/537.36 (KHTML, like Gecko) Chrome/135.0.0.0 Safari/537.36"
51.222.253.11 - - [26/Apr/2025:22:00:16 -0400] "GET /by-the-table-coupon-code?filter=deals HTTP/1.1" 200 4429 "-" "Mozilla/5.0 (compatible; AhrefsBot/7.0; +http://ahrefs.com/robot/)"
2a06:98c0:3600::103 - - [26/Apr/2025:22:00:31 -0400] "GET /wp-admin/setup-config.php HTTP/1.1" 404 1992 "-" "Mozilla/5.0 (Windows NT 10.0; Win64; x64) AppleWebKit/537.36 (KHTML, like Gecko) Chrome/135.0.0.0 Safari/537.36"
2a06:98c0:3600::103 - - [26/Apr/2025:22:00:49 -0400] "GET /wp-admin/setup-config.php HTTP/1.1" 404 1992 "-" "Mozilla/5.0 (Windows NT 10.0; Win64; x64) AppleWebKit/537.36 (KHTML, like Gecko) Chrome/135.0.0.0 Safari/537.36"
49.51.72.236 - - [26/Apr/2025:22:01:06 -0400] "GET / HTTP/1.1" 301 795 "http://www.frugilo.com" "Mozilla/5.0 (iPhone; CPU iPhone OS 13_2_3 like Mac OS X) AppleWebKit/605.1.15 (KHTML, like Gecko) Version/13.0.3 Mobile/15E148 Safari/604.1"
49.51.72.236 - - [26/Apr/2025:22:01:08 -0400] "GET / HTTP/1.1" 200 5795 "http://frugilo.com/" "Mozilla/5.0 (iPhone; CPU iPhone OS 13_2_3 like Mac OS X) AppleWebKit/605.1.15 (KHTML, like Gecko) Version/13.0.3 Mobile/15E148 Safari/604.1"
2a06:98c0:3600::103 - - [26/Apr/2025:22:02:00 -0400] "GET /wordpress/wp-admin/setup-config.php HTTP/1.1" 404 1992 "-" "Mozilla/5.0 (Windows NT 10.0; Win64; x64) AppleWebKit/537.36 (KHTML, like Gecko) Chrome/135.0.0.0 Safari/537.36"
66.249.65.104 - - [26/Apr/2025:22:09:58 -0400] "GET /robots.txt HTTP/1.1" 301 795 "-" "Mozilla/5.0 (compatible; Googlebot/2.1; +http://www.google.com/bot.html)"
66.249.65.71 - - [26/Apr/2025:22:09:58 -0400] "GET /robots.txt HTTP/1.1" 200 24 "-" "Mozilla/5.0 (compatible; Googlebot/2.1; +http://www.google.com/bot.html)"
2a06:98c0:3600::103 - - [26/Apr/2025:22:13:36 -0400] "GET /wordpress/wp-admin/setup-config.php HTTP/1.1" 404 1992 "-" "Mozilla/5.0 (Windows NT 10.0; Win64; x64) AppleWebKit/537.36 (KHTML, like Gecko) Chrome/135.0.0.0 Safari/537.36"
51.222.253.6 - - [26/Apr/2025:22:14:42 -0400] "GET /cyber-florist-discount-codes?filter=deals HTTP/1.1" 200 4407 "-" "Mozilla/5.0 (compatible; AhrefsBot/7.0; +http://ahrefs.com/robot/)"
2a06:98c0:3600::103 - - [26/Apr/2025:22:14:43 -0400] "GET /wp-admin/setup-config.php HTTP/1.1" 404 1992 "-" "Mozilla/5.0 (Windows NT 10.0; Win64; x64) AppleWebKit/537.36 (KHTML, like Gecko) Chrome/135.0.0.0 Safari/537.36"
43.131.36.84 - - [26/Apr/2025:22:15:15 -0400] "GET / HTTP/1.1" 301 795 "http://www.frugilo.com" "Mozilla/5.0 (iPhone; CPU iPhone OS 13_2_3 like Mac OS X) AppleWebKit/605.1.15 (KHTML, like Gecko) Version/13.0.3 Mobile/15E148 Safari/604.1"
43.131.36.84 - - [26/Apr/2025:22:15:18 -0400] "GET / HTTP/1.1" 200 5794 "http://frugilo.com/" "Mozilla/5.0 (iPhone; CPU iPhone OS 13_2_3 like Mac OS X) AppleWebKit/605.1.15 (KHTML, like Gecko) Version/13.0.3 Mobile/15E148 Safari/604.1"
2a06:98c0:3600::103 - - [26/Apr/2025:22:15:36 -0400] "GET /wordpress/wp-admin/setup-config.php HTTP/1.1" 404 1992 "-" "Mozilla/5.0 (Windows NT 10.0; Win64; x64) AppleWebKit/537.36 (KHTML, like Gecko) Chrome/135.0.0.0 Safari/537.36"
2a06:98c0:3600::103 - - [26/Apr/2025:22:16:44 -0400] "GET /wp-admin/setup-config.php HTTP/1.1" 404 1992 "-" "Mozilla/5.0 (Windows NT 10.0; Win64; x64) AppleWebKit/537.36 (KHTML, like Gecko) Chrome/135.0.0.0 Safari/537.36"
51.222.253.15 - - [26/Apr/2025:22:29:53 -0400] "GET /custom-filters-direct-discounts?filter=codes HTTP/1.1" 200 3978 "-" "Mozilla/5.0 (compatible; AhrefsBot/7.0; +http://ahrefs.com/robot/)"
2a06:98c0:3600::103 - - [26/Apr/2025:22:30:06 -0400] "GET /wordpress/wp-admin/setup-config.php HTTP/1.1" 404 1992 "-" "Mozilla/5.0 (Windows NT 10.0; Win64; x64) AppleWebKit/537.36 (KHTML, like Gecko) Chrome/135.0.0.0 Safari/537.36"
2a06:98c0:3600::103 - - [26/Apr/2025:22:30:58 -0400] "GET /wp-admin/setup-config.php HTTP/1.1" 404 1992 "-" "Mozilla/5.0 (Windows NT 10.0; Win64; x64) AppleWebKit/537.36 (KHTML, like Gecko) Chrome/135.0.0.0 Safari/537.36"
2a06:98c0:3600::103 - - [26/Apr/2025:22:31:27 -0400] "GET /wp-admin/setup-config.php HTTP/1.1" 404 1992 "-" "Mozilla/5.0 (Windows NT 10.0; Win64; x64) AppleWebKit/537.36 (KHTML, like Gecko) Chrome/135.0.0.0 Safari/537.36"
2a06:98c0:3600::103 - - [26/Apr/2025:22:34:07 -0400] "GET /wordpress/wp-admin/setup-config.php HTTP/1.1" 404 1992 "-" "Mozilla/5.0 (Windows NT 10.0; Win64; x64) AppleWebKit/537.36 (KHTML, like Gecko) Chrome/135.0.0.0 Safari/537.36"
51.222.253.9 - - [26/Apr/2025:22:44:54 -0400] "GET /custom-filters-direct-discounts?filter=deals HTTP/1.1" 200 4408 "-" "Mozilla/5.0 (compatible; AhrefsBot/7.0; +http://ahrefs.com/robot/)"
2a06:98c0:3600::103 - - [26/Apr/2025:22:45:55 -0400] "GET /wp-admin/setup-config.php HTTP/1.1" 404 1992 "-" "Mozilla/5.0 (Windows NT 10.0; Win64; x64) AppleWebKit/537.36 (KHTML, like Gecko) Chrome/135.0.0.0 Safari/537.36"
2a06:98c0:3600::103 - - [26/Apr/2025:22:46:52 -0400] "GET /wordpress/wp-admin/setup-config.php HTTP/1.1" 404 1992 "-" "Mozilla/5.0 (Windows NT 10.0; Win64; x64) AppleWebKit/537.36 (KHTML, like Gecko) Chrome/135.0.0.0 Safari/537.36"
2a06:98c0:3600::103 - - [26/Apr/2025:22:48:05 -0400] "GET /wp-admin/setup-config.php HTTP/1.1" 404 1992 "-" "Mozilla/5.0 (Windows NT 10.0; Win64; x64) AppleWebKit/537.36 (KHTML, like Gecko) Chrome/135.0.0.0 Safari/537.36"
2a06:98c0:3600::103 - - [26/Apr/2025:22:49:11 -0400] "GET /wordpress/wp-admin/setup-config.php HTTP/1.1" 404 1992 "-" "Mozilla/5.0 (Windows NT 10.0; Win64; x64) AppleWebKit/537.36 (KHTML, like Gecko) Chrome/135.0.0.0 Safari/537.36"
51.222.253.10 - - [26/Apr/2025:23:00:05 -0400] "GET /answerconnect-coupon?filter=codes HTTP/1.1" 200 4590 "-" "Mozilla/5.0 (compatible; AhrefsBot/7.0; +http://ahrefs.com/robot/)"
2a06:98c0:3600::103 - - [26/Apr/2025:23:01:41 -0400] "GET /wordpress/wp-admin/setup-config.php HTTP/1.1" 404 1992 "-" "Mozilla/5.0 (Windows NT 10.0; Win64; x64) AppleWebKit/537.36 (KHTML, like Gecko) Chrome/135.0.0.0 Safari/537.36"
2a06:98c0:3600::103 - - [26/Apr/2025:23:02:02 -0400] "GET /wordpress/wp-admin/setup-config.php HTTP/1.1" 404 1992 "-" "Mozilla/5.0 (Windows NT 10.0; Win64; x64) AppleWebKit/537.36 (KHTML, like Gecko) Chrome/135.0.0.0 Safari/537.36"
2a06:98c0:3600::103 - - [26/Apr/2025:23:02:20 -0400] "GET /wp-admin/setup-config.php HTTP/1.1" 404 1992 "-" "Mozilla/5.0 (Windows NT 10.0; Win64; x64) AppleWebKit/537.36 (KHTML, like Gecko) Chrome/135.0.0.0 Safari/537.36"
2a06:98c0:3600::103 - - [26/Apr/2025:23:03:33 -0400] "GET /wp-admin/setup-config.php HTTP/1.1" 404 1992 "-" "Mozilla/5.0 (Windows NT 10.0; Win64; x64) AppleWebKit/537.36 (KHTML, like Gecko) Chrome/135.0.0.0 Safari/537.36"
51.222.253.15 - - [26/Apr/2025:23:14:27 -0400] "GET /akt-coupon-code?filter=codes HTTP/1.1" 200 4597 "-" "Mozilla/5.0 (compatible; AhrefsBot/7.0; +http://ahrefs.com/robot/)"