OwlCyberSecurity - MANAGER
Edit File: frugilo.com.arsn.media-ssl_log
2a06:98c0:3600::103 - - [25/Apr/2025:21:40:07 -0400] "GET /wp-admin/setup-config.php HTTP/1.1" 200 0 "-" "Mozilla/5.0 (Windows NT 10.0; Win64; x64) AppleWebKit/537.36 (KHTML, like Gecko) Chrome/135.0.0.0 Safari/537.36"
51.222.253.9 - - [25/Apr/2025:21:40:27 -0400] "GET /cloaked-wireless-coupon-code?filter=deals HTTP/1.1" 200 4293 "-" "Mozilla/5.0 (compatible; AhrefsBot/7.0; +http://ahrefs.com/robot/)"
2a06:98c0:3600::103 - - [25/Apr/2025:21:41:38 -0400] "GET /wp-admin/setup-config.php HTTP/1.1" 404 1992 "-" "Mozilla/5.0 (Windows NT 10.0; Win64; x64) AppleWebKit/537.36 (KHTML, like Gecko) Chrome/135.0.0.0 Safari/537.36"
2a06:98c0:3600::103 - - [25/Apr/2025:21:41:48 -0400] "GET /wordpress/wp-admin/setup-config.php HTTP/1.1" 404 1992 "-" "Mozilla/5.0 (Windows NT 10.0; Win64; x64) AppleWebKit/537.36 (KHTML, like Gecko) Chrome/135.0.0.0 Safari/537.36"
66.249.65.70 - - [25/Apr/2025:21:47:44 -0400] "GET /blog/non-synthetic-clothing-importance-of-natural-fabrics HTTP/1.1" 302 163 "-" "Mozilla/5.0 (Linux; Android 6.0.1; Nexus 5X Build/MMB29P) AppleWebKit/537.36 (KHTML, like Gecko) Chrome/135.0.7049.95 Mobile Safari/537.36 (compatible; GoogleOther)"
66.249.65.70 - - [25/Apr/2025:21:47:50 -0400] "GET /blogs HTTP/1.1" 200 3083 "-" "Mozilla/5.0 (Linux; Android 6.0.1; Nexus 5X Build/MMB29P) AppleWebKit/537.36 (KHTML, like Gecko) Chrome/135.0.7049.95 Mobile Safari/537.36 (compatible; GoogleOther)"
118.89.233.234 - - [25/Apr/2025:21:52:20 -0400] "GET / HTTP/1.1" 200 5793 "http://frugilo.com" "Mozilla/5.0 (iPhone; CPU iPhone OS 13_2_3 like Mac OS X) AppleWebKit/605.1.15 (KHTML, like Gecko) Version/13.0.3 Mobile/15E148 Safari/604.1"
2a06:98c0:3600::103 - - [25/Apr/2025:21:54:32 -0400] "GET /wordpress/wp-admin/setup-config.php HTTP/1.1" 404 1992 "-" "Mozilla/5.0 (Windows NT 10.0; Win64; x64) AppleWebKit/537.36 (KHTML, like Gecko) Chrome/135.0.0.0 Safari/537.36"
2a06:98c0:3600::103 - - [25/Apr/2025:21:55:19 -0400] "GET /wp-admin/setup-config.php HTTP/1.1" 404 1992 "-" "Mozilla/5.0 (Windows NT 10.0; Win64; x64) AppleWebKit/537.36 (KHTML, like Gecko) Chrome/135.0.0.0 Safari/537.36"
2a06:98c0:3600::103 - - [25/Apr/2025:21:56:02 -0400] "GET /wordpress/wp-admin/setup-config.php HTTP/1.1" 404 1992 "-" "Mozilla/5.0 (Windows NT 10.0; Win64; x64) AppleWebKit/537.36 (KHTML, like Gecko) Chrome/135.0.0.0 Safari/537.36"
2a06:98c0:3600::103 - - [25/Apr/2025:21:56:37 -0400] "GET /wp-admin/setup-config.php HTTP/1.1" 404 1992 "-" "Mozilla/5.0 (Windows NT 10.0; Win64; x64) AppleWebKit/537.36 (KHTML, like Gecko) Chrome/135.0.0.0 Safari/537.36"
51.222.253.7 - - [25/Apr/2025:21:57:35 -0400] "GET /beauty-house-vouchers?filter=codes HTTP/1.1" 200 3955 "-" "Mozilla/5.0 (compatible; AhrefsBot/7.0; +http://ahrefs.com/robot/)"
43.130.228.73 - - [25/Apr/2025:22:01:57 -0400] "GET / HTTP/1.1" 301 795 "http://www.frugilo.com" "Mozilla/5.0 (iPhone; CPU iPhone OS 13_2_3 like Mac OS X) AppleWebKit/605.1.15 (KHTML, like Gecko) Version/13.0.3 Mobile/15E148 Safari/604.1"
43.130.228.73 - - [25/Apr/2025:22:01:59 -0400] "GET / HTTP/1.1" 200 5795 "http://frugilo.com/" "Mozilla/5.0 (iPhone; CPU iPhone OS 13_2_3 like Mac OS X) AppleWebKit/605.1.15 (KHTML, like Gecko) Version/13.0.3 Mobile/15E148 Safari/604.1"
2a06:98c0:3600::103 - - [25/Apr/2025:22:10:30 -0400] "GET /wordpress/wp-admin/setup-config.php HTTP/1.1" 200 0 "-" "Mozilla/5.0 (Windows NT 10.0; Win64; x64) AppleWebKit/537.36 (KHTML, like Gecko) Chrome/135.0.0.0 Safari/537.36"
2a06:98c0:3600::103 - - [25/Apr/2025:22:11:46 -0400] "GET /wordpress/wp-admin/setup-config.php HTTP/1.1" 404 1992 "-" "Mozilla/5.0 (Windows NT 10.0; Win64; x64) AppleWebKit/537.36 (KHTML, like Gecko) Chrome/135.0.0.0 Safari/537.36"
2a06:98c0:3600::103 - - [25/Apr/2025:22:12:19 -0400] "GET /wp-admin/setup-config.php HTTP/1.1" 404 1992 "-" "Mozilla/5.0 (Windows NT 10.0; Win64; x64) AppleWebKit/537.36 (KHTML, like Gecko) Chrome/135.0.0.0 Safari/537.36"
51.222.253.6 - - [25/Apr/2025:22:16:54 -0400] "GET /cotosen-discounts?filter=codes HTTP/1.1" 200 4016 "-" "Mozilla/5.0 (compatible; AhrefsBot/7.0; +http://ahrefs.com/robot/)"
2a06:98c0:3600::103 - - [25/Apr/2025:22:25:01 -0400] "GET /wp-admin/setup-config.php HTTP/1.1" 404 1992 "-" "Mozilla/5.0 (Windows NT 10.0; Win64; x64) AppleWebKit/537.36 (KHTML, like Gecko) Chrome/135.0.0.0 Safari/537.36"
2a06:98c0:3600::103 - - [25/Apr/2025:22:25:25 -0400] "GET /wordpress/wp-admin/setup-config.php HTTP/1.1" 404 1992 "-" "Mozilla/5.0 (Windows NT 10.0; Win64; x64) AppleWebKit/537.36 (KHTML, like Gecko) Chrome/135.0.0.0 Safari/537.36"
2a06:98c0:3600::103 - - [25/Apr/2025:22:28:16 -0400] "GET /wordpress/wp-admin/setup-config.php HTTP/1.1" 404 0 "-" "Mozilla/5.0 (Windows NT 10.0; Win64; x64) AppleWebKit/537.36 (KHTML, like Gecko) Chrome/135.0.0.0 Safari/537.36"
2a06:98c0:3600::103 - - [25/Apr/2025:22:28:48 -0400] "GET /wp-admin/setup-config.php HTTP/1.1" 404 1992 "-" "Mozilla/5.0 (Windows NT 10.0; Win64; x64) AppleWebKit/537.36 (KHTML, like Gecko) Chrome/135.0.0.0 Safari/537.36"
51.222.253.5 - - [25/Apr/2025:22:34:19 -0400] "GET /compensair-discount-codes?filter=codes HTTP/1.1" 200 4012 "-" "Mozilla/5.0 (compatible; AhrefsBot/7.0; +http://ahrefs.com/robot/)"
2a06:98c0:3600::103 - - [25/Apr/2025:22:40:47 -0400] "GET /wp-admin/setup-config.php HTTP/1.1" 404 1992 "-" "Mozilla/5.0 (Windows NT 10.0; Win64; x64) AppleWebKit/537.36 (KHTML, like Gecko) Chrome/135.0.0.0 Safari/537.36"
2a06:98c0:3600::103 - - [25/Apr/2025:22:40:51 -0400] "GET /wordpress/wp-admin/setup-config.php HTTP/1.1" 404 1992 "-" "Mozilla/5.0 (Windows NT 10.0; Win64; x64) AppleWebKit/537.36 (KHTML, like Gecko) Chrome/135.0.0.0 Safari/537.36"
2a06:98c0:3600::103 - - [25/Apr/2025:22:42:17 -0400] "GET /wp-admin/setup-config.php HTTP/1.1" 404 1992 "-" "Mozilla/5.0 (Windows NT 10.0; Win64; x64) AppleWebKit/537.36 (KHTML, like Gecko) Chrome/135.0.0.0 Safari/537.36"
2a06:98c0:3600::103 - - [25/Apr/2025:22:43:33 -0400] "GET /wordpress/wp-admin/setup-config.php HTTP/1.1" 404 1992 "-" "Mozilla/5.0 (Windows NT 10.0; Win64; x64) AppleWebKit/537.36 (KHTML, like Gecko) Chrome/135.0.0.0 Safari/537.36"
171.241.178.240 - - [25/Apr/2025:22:43:39 -0400] "GET / HTTP/1.1" 200 4887 "http://frugilo.com" "Mozilla/5.0 (Windows NT 10.0; Win64; x64; Xbox; Xbox One) AppleWebKit/537.36 (KHTML, like Gecko) Chrome/114.0.0.0 Safari/537.36 Edge/44.18363.8131"
171.241.178.240 - - [25/Apr/2025:22:43:40 -0400] "GET /categories HTTP/1.1" 200 5266 "https://frugilo.com/" "Mozilla/5.0 (Windows NT 10.0; Win64; x64; Xbox; Xbox One) AppleWebKit/537.36 (KHTML, like Gecko) Chrome/114.0.0.0 Safari/537.36 Edge/44.18363.8131"
171.241.178.240 - - [25/Apr/2025:22:43:41 -0400] "GET /get-store-names HTTP/1.1" 302 162 "https://frugilo.com/" "Mozilla/5.0 (Windows NT 10.0; Win64; x64; Xbox; Xbox One) AppleWebKit/537.36 (KHTML, like Gecko) Chrome/114.0.0.0 Safari/537.36 Edge/44.18363.8131"
171.241.178.240 - - [25/Apr/2025:22:43:42 -0400] "GET /stores HTTP/1.1" 200 7589 "https://frugilo.com/get-store-names" "Mozilla/5.0 (Windows NT 10.0; Win64; x64; Xbox; Xbox One) AppleWebKit/537.36 (KHTML, like Gecko) Chrome/114.0.0.0 Safari/537.36 Edge/44.18363.8131"
171.241.178.240 - - [25/Apr/2025:22:43:43 -0400] "GET /answerconnect-coupon HTTP/1.1" 200 4590 "http://frugilo.com" "Mozilla/5.0 (Windows NT 10.0; Win64; x64; Xbox; Xbox One) AppleWebKit/537.36 (KHTML, like Gecko) Chrome/114.0.0.0 Safari/537.36 Edge/44.18363.8131"
51.222.253.8 - - [25/Apr/2025:22:52:50 -0400] "GET /chopin-voucher?filter=codes HTTP/1.1" 200 3981 "-" "Mozilla/5.0 (compatible; AhrefsBot/7.0; +http://ahrefs.com/robot/)"
2a06:98c0:3600::103 - - [25/Apr/2025:22:57:55 -0400] "GET /wp-admin/setup-config.php HTTP/1.1" 404 1992 "-" "Mozilla/5.0 (Windows NT 10.0; Win64; x64) AppleWebKit/537.36 (KHTML, like Gecko) Chrome/135.0.0.0 Safari/537.36"
2a06:98c0:3600::103 - - [25/Apr/2025:22:58:04 -0400] "GET /wordpress/wp-admin/setup-config.php HTTP/1.1" 404 1992 "-" "Mozilla/5.0 (Windows NT 10.0; Win64; x64) AppleWebKit/537.36 (KHTML, like Gecko) Chrome/135.0.0.0 Safari/537.36"
2a06:98c0:3600::103 - - [25/Apr/2025:22:58:09 -0400] "GET /wordpress/wp-admin/setup-config.php HTTP/1.1" 404 1992 "-" "Mozilla/5.0 (Windows NT 10.0; Win64; x64) AppleWebKit/537.36 (KHTML, like Gecko) Chrome/135.0.0.0 Safari/537.36"
2a06:98c0:3600::103 - - [25/Apr/2025:23:00:10 -0400] "GET /wp-admin/setup-config.php HTTP/1.1" 404 1992 "-" "Mozilla/5.0 (Windows NT 10.0; Win64; x64) AppleWebKit/537.36 (KHTML, like Gecko) Chrome/135.0.0.0 Safari/537.36"
51.222.253.13 - - [25/Apr/2025:23:10:44 -0400] "GET /capcut-discount-codes?filter=deals HTTP/1.1" 200 4447 "-" "Mozilla/5.0 (compatible; AhrefsBot/7.0; +http://ahrefs.com/robot/)"
2a06:98c0:3600::103 - - [25/Apr/2025:23:15:10 -0400] "GET /wordpress/wp-admin/setup-config.php HTTP/1.1" 404 1992 "-" "Mozilla/5.0 (Windows NT 10.0; Win64; x64) AppleWebKit/537.36 (KHTML, like Gecko) Chrome/135.0.0.0 Safari/537.36"
2a06:98c0:3600::103 - - [25/Apr/2025:23:16:22 -0400] "GET /wp-admin/setup-config.php HTTP/1.1" 404 1992 "-" "Mozilla/5.0 (Windows NT 10.0; Win64; x64) AppleWebKit/537.36 (KHTML, like Gecko) Chrome/135.0.0.0 Safari/537.36"
198.235.24.128 - - [25/Apr/2025:23:17:36 -0400] "GET / HTTP/1.1" 200 24453 "-" "-"
2a06:98c0:3600::103 - - [25/Apr/2025:23:18:17 -0400] "GET /wordpress/wp-admin/setup-config.php HTTP/1.1" 404 1992 "-" "Mozilla/5.0 (Windows NT 10.0; Win64; x64) AppleWebKit/537.36 (KHTML, like Gecko) Chrome/135.0.0.0 Safari/537.36"
2a06:98c0:3600::103 - - [25/Apr/2025:23:18:21 -0400] "GET /wp-admin/setup-config.php HTTP/1.1" 404 1992 "-" "Mozilla/5.0 (Windows NT 10.0; Win64; x64) AppleWebKit/537.36 (KHTML, like Gecko) Chrome/135.0.0.0 Safari/537.36"
47.254.36.213 - - [25/Apr/2025:23:20:41 -0400] "GET / HTTP/1.1" 200 5797 "-" "Go-http-client/1.1"
8.212.128.156 - - [25/Apr/2025:23:20:40 -0400] "GET / HTTP/1.1" 200 5795 "-" "Go-http-client/1.1"
51.222.253.15 - - [25/Apr/2025:23:29:56 -0400] "GET /cyber-florist-discount-codes?filter=codes HTTP/1.1" 200 4342 "-" "Mozilla/5.0 (compatible; AhrefsBot/7.0; +http://ahrefs.com/robot/)"
45.90.61.251 - - [25/Apr/2025:23:30:17 -0400] "GET /5/130/narodanimat-1/index.html HTTP/1.1" 404 2299 "-" "Mozilla/5.0 (Windows NT 10.0; Win64; x64) AppleWebKit/537.36 (KHTML, like Gecko) Chrome/94.0.4606.61 Safari/537.36"
89.104.110.244 - - [25/Apr/2025:23:30:19 -0400] "GET /favicon.ico HTTP/1.1" 200 0 "-" "Mozilla/5.0 (Windows NT 10.0; Win64; x64) AppleWebKit/537.36 (KHTML, like Gecko) Chrome/94.0.4606.61 Safari/537.36"
89.104.110.244 - - [25/Apr/2025:23:30:19 -0400] "GET /favicon.ico HTTP/1.1" 200 0 "-" "Mozilla/5.0 (Windows NT 10.0; Win64; x64) AppleWebKit/537.36 (KHTML, like Gecko) Chrome/94.0.4606.61 Safari/537.36"
89.104.110.244 - - [25/Apr/2025:23:30:20 -0400] "GET /5/130/narodanimat-1/index.html HTTP/1.1" 404 2299 "-" "Mozilla/5.0 (Windows NT 10.0; Win64; x64) AppleWebKit/537.36 (KHTML, like Gecko) Chrome/94.0.4606.61 Safari/537.36"
89.104.110.244 - - [25/Apr/2025:23:30:20 -0400] "GET /favicon.ico HTTP/1.1" 200 0 "-" "Mozilla/5.0 (Windows NT 10.0; Win64; x64) AppleWebKit/537.36 (KHTML, like Gecko) Chrome/94.0.4606.61 Safari/537.36"
89.104.110.244 - - [25/Apr/2025:23:30:21 -0400] "GET /merchant/z/payment/?order=1 HTTP/1.1" 301 795 "-" "Mozilla/5.0 (Windows NT 10.0; Win64; x64) AppleWebKit/537.36 (KHTML, like Gecko) Chrome/94.0.4606.61 Safari/537.36"
89.104.110.244 - - [25/Apr/2025:23:30:21 -0400] "GET /merchant/z/payment?order=1 HTTP/1.1" 404 2299 "-" "Mozilla/5.0 (Windows NT 10.0; Win64; x64) AppleWebKit/537.36 (KHTML, like Gecko) Chrome/94.0.4606.61 Safari/537.36"
89.104.110.244 - - [25/Apr/2025:23:30:22 -0400] "GET /favicon.ico HTTP/1.1" 200 0 "-" "Mozilla/5.0 (Windows NT 10.0; Win64; x64) AppleWebKit/537.36 (KHTML, like Gecko) Chrome/94.0.4606.61 Safari/537.36"
89.104.110.244 - - [25/Apr/2025:23:30:22 -0400] "GET /favicon.ico HTTP/1.1" 200 0 "-" "Mozilla/5.0 (Windows NT 10.0; Win64; x64) AppleWebKit/537.36 (KHTML, like Gecko) Chrome/94.0.4606.61 Safari/537.36"
89.104.110.244 - - [25/Apr/2025:23:30:23 -0400] "GET /merchant/z/payment/?order=1 HTTP/1.1" 301 795 "-" "Mozilla/5.0 (Windows NT 10.0; Win64; x64) AppleWebKit/537.36 (KHTML, like Gecko) Chrome/94.0.4606.61 Safari/537.36"
89.104.110.244 - - [25/Apr/2025:23:30:23 -0400] "GET /merchant/z/payment?order=1 HTTP/1.1" 404 2299 "-" "Mozilla/5.0 (Windows NT 10.0; Win64; x64) AppleWebKit/537.36 (KHTML, like Gecko) Chrome/94.0.4606.61 Safari/537.36"
89.104.110.244 - - [25/Apr/2025:23:30:23 -0400] "GET /favicon.ico HTTP/1.1" 200 0 "-" "Mozilla/5.0 (Windows NT 10.0; Win64; x64) AppleWebKit/537.36 (KHTML, like Gecko) Chrome/94.0.4606.61 Safari/537.36"
89.104.110.244 - - [25/Apr/2025:23:30:24 -0400] "GET /3ds1633693954432212 HTTP/1.1" 302 200 "-" "Mozilla/5.0 (Windows NT 10.0; Win64; x64) AppleWebKit/537.36 (KHTML, like Gecko) Chrome/94.0.4606.61 Safari/537.36"
89.104.110.244 - - [25/Apr/2025:23:30:25 -0400] "GET /stores HTTP/1.1" 200 9325 "-" "Mozilla/5.0 (Windows NT 10.0; Win64; x64) AppleWebKit/537.36 (KHTML, like Gecko) Chrome/94.0.4606.61 Safari/537.36"
89.104.110.244 - - [25/Apr/2025:23:30:26 -0400] "GET /favicon.ico HTTP/1.1" 200 0 "-" "Mozilla/5.0 (Windows NT 10.0; Win64; x64) AppleWebKit/537.36 (KHTML, like Gecko) Chrome/94.0.4606.61 Safari/537.36"
89.104.110.244 - - [25/Apr/2025:23:30:26 -0400] "GET /favicon.ico HTTP/1.1" 200 0 "-" "Mozilla/5.0 (Windows NT 10.0; Win64; x64) AppleWebKit/537.36 (KHTML, like Gecko) Chrome/94.0.4606.61 Safari/537.36"
89.104.110.244 - - [25/Apr/2025:23:30:27 -0400] "GET /merchant/code HTTP/1.1" 404 2299 "-" "Mozilla/5.0 (Windows NT 10.0; Win64; x64) AppleWebKit/537.36 (KHTML, like Gecko) Chrome/94.0.4606.61 Safari/537.36"
89.104.110.244 - - [25/Apr/2025:23:30:28 -0400] "GET /favicon.ico HTTP/1.1" 200 0 "-" "Mozilla/5.0 (Windows NT 10.0; Win64; x64) AppleWebKit/537.36 (KHTML, like Gecko) Chrome/94.0.4606.61 Safari/537.36"
89.104.110.244 - - [25/Apr/2025:23:30:28 -0400] "GET /favicon.ico HTTP/1.1" 200 0 "-" "Mozilla/5.0 (Windows NT 10.0; Win64; x64) AppleWebKit/537.36 (KHTML, like Gecko) Chrome/94.0.4606.61 Safari/537.36"
89.104.110.244 - - [25/Apr/2025:23:30:28 -0400] "GET /merchant/code HTTP/1.1" 404 2299 "-" "Mozilla/5.0 (Windows NT 10.0; Win64; x64) AppleWebKit/537.36 (KHTML, like Gecko) Chrome/94.0.4606.61 Safari/537.36"
89.104.110.244 - - [25/Apr/2025:23:30:29 -0400] "GET /favicon.ico HTTP/1.1" 200 0 "-" "Mozilla/5.0 (Windows NT 10.0; Win64; x64) AppleWebKit/537.36 (KHTML, like Gecko) Chrome/94.0.4606.61 Safari/537.36"
89.104.110.244 - - [25/Apr/2025:23:30:29 -0400] "GET /3ds.php HTTP/1.1" 302 200 "-" "Mozilla/5.0 (Windows NT 10.0; Win64; x64) AppleWebKit/537.36 (KHTML, like Gecko) Chrome/94.0.4606.61 Safari/537.36"
89.104.110.244 - - [25/Apr/2025:23:30:30 -0400] "GET /stores HTTP/1.1" 200 9326 "-" "Mozilla/5.0 (Windows NT 10.0; Win64; x64) AppleWebKit/537.36 (KHTML, like Gecko) Chrome/94.0.4606.61 Safari/537.36"
89.104.110.244 - - [25/Apr/2025:23:30:31 -0400] "GET /favicon.ico HTTP/1.1" 200 0 "-" "Mozilla/5.0 (Windows NT 10.0; Win64; x64) AppleWebKit/537.36 (KHTML, like Gecko) Chrome/94.0.4606.61 Safari/537.36"
89.104.110.244 - - [25/Apr/2025:23:30:31 -0400] "GET /favicon.ico HTTP/1.1" 200 0 "-" "Mozilla/5.0 (Windows NT 10.0; Win64; x64) AppleWebKit/537.36 (KHTML, like Gecko) Chrome/94.0.4606.61 Safari/537.36"
2a06:98c0:3600::103 - - [25/Apr/2025:23:31:54 -0400] "GET /wp-admin/setup-config.php HTTP/1.1" 404 1992 "-" "Mozilla/5.0 (Windows NT 10.0; Win64; x64) AppleWebKit/537.36 (KHTML, like Gecko) Chrome/135.0.0.0 Safari/537.36"
2a06:98c0:3600::103 - - [25/Apr/2025:23:32:04 -0400] "GET /wordpress/wp-admin/setup-config.php HTTP/1.1" 404 1992 "-" "Mozilla/5.0 (Windows NT 10.0; Win64; x64) AppleWebKit/537.36 (KHTML, like Gecko) Chrome/135.0.0.0 Safari/537.36"
2a06:98c0:3600::103 - - [25/Apr/2025:23:33:12 -0400] "GET /wordpress/wp-admin/setup-config.php HTTP/1.1" 404 1992 "-" "Mozilla/5.0 (Windows NT 10.0; Win64; x64) AppleWebKit/537.36 (KHTML, like Gecko) Chrome/135.0.0.0 Safari/537.36"
2a06:98c0:3600::103 - - [25/Apr/2025:23:35:05 -0400] "GET /wp-admin/setup-config.php HTTP/1.1" 404 1992 "-" "Mozilla/5.0 (Windows NT 10.0; Win64; x64) AppleWebKit/537.36 (KHTML, like Gecko) Chrome/135.0.0.0 Safari/537.36"
2a06:98c0:3600::103 - - [25/Apr/2025:23:47:42 -0400] "GET /wordpress/wp-admin/setup-config.php HTTP/1.1" 200 0 "-" "Mozilla/5.0 (Windows NT 10.0; Win64; x64) AppleWebKit/537.36 (KHTML, like Gecko) Chrome/135.0.0.0 Safari/537.36"
2a06:98c0:3600::103 - - [25/Apr/2025:23:48:15 -0400] "GET /wordpress/wp-admin/setup-config.php HTTP/1.1" 404 1992 "-" "Mozilla/5.0 (Windows NT 10.0; Win64; x64) AppleWebKit/537.36 (KHTML, like Gecko) Chrome/135.0.0.0 Safari/537.36"
51.222.253.12 - - [25/Apr/2025:23:49:22 -0400] "GET /cotosen-discounts?filter=deals HTTP/1.1" 200 4387 "-" "Mozilla/5.0 (compatible; AhrefsBot/7.0; +http://ahrefs.com/robot/)"
2a06:98c0:3600::103 - - [25/Apr/2025:23:50:47 -0400] "GET /wp-admin/setup-config.php HTTP/1.1" 404 1992 "-" "Mozilla/5.0 (Windows NT 10.0; Win64; x64) AppleWebKit/537.36 (KHTML, like Gecko) Chrome/135.0.0.0 Safari/537.36"
2a06:98c0:3600::103 - - [26/Apr/2025:00:01:03 -0400] "GET /wp-admin/setup-config.php HTTP/1.1" 200 0 "-" "Mozilla/5.0 (Windows NT 10.0; Win64; x64) AppleWebKit/537.36 (KHTML, like Gecko) Chrome/135.0.0.0 Safari/537.36"
2a06:98c0:3600::103 - - [26/Apr/2025:00:02:02 -0400] "GET /wordpress/wp-admin/setup-config.php HTTP/1.1" 404 1992 "-" "Mozilla/5.0 (Windows NT 10.0; Win64; x64) AppleWebKit/537.36 (KHTML, like Gecko) Chrome/135.0.0.0 Safari/537.36"
2a06:98c0:3600::103 - - [26/Apr/2025:00:02:53 -0400] "GET /wp-admin/setup-config.php HTTP/1.1" 404 1992 "-" "Mozilla/5.0 (Windows NT 10.0; Win64; x64) AppleWebKit/537.36 (KHTML, like Gecko) Chrome/135.0.0.0 Safari/537.36"
51.222.253.1 - - [26/Apr/2025:00:09:02 -0400] "GET /brodi-vouchers?filter=deals HTTP/1.1" 200 4428 "-" "Mozilla/5.0 (compatible; AhrefsBot/7.0; +http://ahrefs.com/robot/)"
185.191.171.12 - - [26/Apr/2025:00:14:17 -0400] "GET /robots.txt HTTP/1.1" 200 24 "-" "Mozilla/5.0 (compatible; SemrushBot/7~bl; +http://www.semrush.com/bot.html)"
85.208.96.198 - - [26/Apr/2025:00:14:18 -0400] "GET / HTTP/1.1" 200 5795 "-" "Mozilla/5.0 (compatible; SemrushBot/7~bl; +http://www.semrush.com/bot.html)"
185.191.171.1 - - [26/Apr/2025:00:14:23 -0400] "GET /sitemap.xml HTTP/1.1" 200 4920 "-" "Mozilla/5.0 (compatible; SemrushBot/7~bl; +http://www.semrush.com/bot.html)"
2a06:98c0:3600::103 - - [26/Apr/2025:00:18:27 -0400] "GET /wordpress/wp-admin/setup-config.php HTTP/1.1" 404 1992 "-" "Mozilla/5.0 (Windows NT 10.0; Win64; x64) AppleWebKit/537.36 (KHTML, like Gecko) Chrome/135.0.0.0 Safari/537.36"
2a06:98c0:3600::103 - - [26/Apr/2025:00:19:02 -0400] "GET /wordpress/wp-admin/setup-config.php HTTP/1.1" 404 1992 "-" "Mozilla/5.0 (Windows NT 10.0; Win64; x64) AppleWebKit/537.36 (KHTML, like Gecko) Chrome/135.0.0.0 Safari/537.36"
2a06:98c0:3600::103 - - [26/Apr/2025:00:19:41 -0400] "GET /wp-admin/setup-config.php HTTP/1.1" 404 1992 "-" "Mozilla/5.0 (Windows NT 10.0; Win64; x64) AppleWebKit/537.36 (KHTML, like Gecko) Chrome/135.0.0.0 Safari/537.36"
2a06:98c0:3600::103 - - [26/Apr/2025:00:20:56 -0400] "GET /wp-admin/setup-config.php HTTP/1.1" 404 1992 "-" "Mozilla/5.0 (Windows NT 10.0; Win64; x64) AppleWebKit/537.36 (KHTML, like Gecko) Chrome/135.0.0.0 Safari/537.36"
51.222.253.7 - - [26/Apr/2025:00:28:51 -0400] "GET /bounce-nutrition-discounts?filter=deals HTTP/1.1" 200 3977 "-" "Mozilla/5.0 (compatible; AhrefsBot/7.0; +http://ahrefs.com/robot/)"
2a06:98c0:3600::103 - - [26/Apr/2025:00:34:35 -0400] "GET /wp-admin/setup-config.php HTTP/1.1" 200 0 "-" "Mozilla/5.0 (Windows NT 10.0; Win64; x64) AppleWebKit/537.36 (KHTML, like Gecko) Chrome/135.0.0.0 Safari/537.36"
2a06:98c0:3600::103 - - [26/Apr/2025:00:34:51 -0400] "GET /wp-admin/setup-config.php HTTP/1.1" 404 1992 "-" "Mozilla/5.0 (Windows NT 10.0; Win64; x64) AppleWebKit/537.36 (KHTML, like Gecko) Chrome/135.0.0.0 Safari/537.36"
2a06:98c0:3600::103 - - [26/Apr/2025:00:37:24 -0400] "GET /wordpress/wp-admin/setup-config.php HTTP/1.1" 404 1992 "-" "Mozilla/5.0 (Windows NT 10.0; Win64; x64) AppleWebKit/537.36 (KHTML, like Gecko) Chrome/135.0.0.0 Safari/537.36"
54.193.50.244 - - [26/Apr/2025:00:47:28 -0400] "GET / HTTP/1.1" 200 5798 "-" "Mozilla/5.0 (X11; Linux x86_64) AppleWebKit/537.36 (KHTML, like Gecko) Chrome/51.0.2704.103 Safari/537.36"
51.222.253.5 - - [26/Apr/2025:00:47:29 -0400] "GET /biovanta-discount-code?filter=deals HTTP/1.1" 200 4258 "-" "Mozilla/5.0 (compatible; AhrefsBot/7.0; +http://ahrefs.com/robot/)"
2a06:98c0:3600::103 - - [26/Apr/2025:00:50:54 -0400] "GET /wp-admin/setup-config.php HTTP/1.1" 404 1992 "-" "Mozilla/5.0 (Windows NT 10.0; Win64; x64) AppleWebKit/537.36 (KHTML, like Gecko) Chrome/135.0.0.0 Safari/537.36"
2a06:98c0:3600::103 - - [26/Apr/2025:00:53:03 -0400] "GET /wp-admin/setup-config.php HTTP/1.1" 404 1992 "-" "Mozilla/5.0 (Windows NT 10.0; Win64; x64) AppleWebKit/537.36 (KHTML, like Gecko) Chrome/135.0.0.0 Safari/537.36"
2a06:98c0:3600::103 - - [26/Apr/2025:00:53:52 -0400] "GET /wordpress/wp-admin/setup-config.php HTTP/1.1" 404 1992 "-" "Mozilla/5.0 (Windows NT 10.0; Win64; x64) AppleWebKit/537.36 (KHTML, like Gecko) Chrome/135.0.0.0 Safari/537.36"
2a06:98c0:3600::103 - - [26/Apr/2025:00:54:36 -0400] "GET /wordpress/wp-admin/setup-config.php HTTP/1.1" 404 1992 "-" "Mozilla/5.0 (Windows NT 10.0; Win64; x64) AppleWebKit/537.36 (KHTML, like Gecko) Chrome/135.0.0.0 Safari/537.36"
51.222.253.12 - - [26/Apr/2025:01:05:49 -0400] "GET /answerconnect-coupon?filter=deals HTTP/1.1" 200 4588 "-" "Mozilla/5.0 (compatible; AhrefsBot/7.0; +http://ahrefs.com/robot/)"
2a06:98c0:3600::103 - - [26/Apr/2025:01:09:12 -0400] "GET /wp-admin/setup-config.php HTTP/1.1" 404 1992 "-" "Mozilla/5.0 (Windows NT 10.0; Win64; x64) AppleWebKit/537.36 (KHTML, like Gecko) Chrome/135.0.0.0 Safari/537.36"
2a06:98c0:3600::103 - - [26/Apr/2025:01:10:34 -0400] "GET /wordpress/wp-admin/setup-config.php HTTP/1.1" 404 1992 "-" "Mozilla/5.0 (Windows NT 10.0; Win64; x64) AppleWebKit/537.36 (KHTML, like Gecko) Chrome/135.0.0.0 Safari/537.36"
2a06:98c0:3600::103 - - [26/Apr/2025:01:10:38 -0400] "GET /wp-admin/setup-config.php HTTP/1.1" 404 1992 "-" "Mozilla/5.0 (Windows NT 10.0; Win64; x64) AppleWebKit/537.36 (KHTML, like Gecko) Chrome/135.0.0.0 Safari/537.36"
2a06:98c0:3600::103 - - [26/Apr/2025:01:11:44 -0400] "GET /wordpress/wp-admin/setup-config.php HTTP/1.1" 404 1992 "-" "Mozilla/5.0 (Windows NT 10.0; Win64; x64) AppleWebKit/537.36 (KHTML, like Gecko) Chrome/135.0.0.0 Safari/537.36"
2a06:98c0:3600::103 - - [26/Apr/2025:01:22:55 -0400] "GET /wp-admin/setup-config.php HTTP/1.1" 200 0 "-" "Mozilla/5.0 (Windows NT 10.0; Win64; x64) AppleWebKit/537.36 (KHTML, like Gecko) Chrome/135.0.0.0 Safari/537.36"
51.222.253.10 - - [26/Apr/2025:01:23:43 -0400] "GET /ciga-design-discount?filter=codes HTTP/1.1" 200 4619 "-" "Mozilla/5.0 (compatible; AhrefsBot/7.0; +http://ahrefs.com/robot/)"
2a06:98c0:3600::103 - - [26/Apr/2025:01:23:52 -0400] "GET /wp-admin/setup-config.php HTTP/1.1" 404 1992 "-" "Mozilla/5.0 (Windows NT 10.0; Win64; x64) AppleWebKit/537.36 (KHTML, like Gecko) Chrome/135.0.0.0 Safari/537.36"
2a06:98c0:3600::103 - - [26/Apr/2025:01:25:43 -0400] "GET /wordpress/wp-admin/setup-config.php HTTP/1.1" 200 0 "-" "Mozilla/5.0 (Windows NT 10.0; Win64; x64) AppleWebKit/537.36 (KHTML, like Gecko) Chrome/135.0.0.0 Safari/537.36"
2a06:98c0:3600::103 - - [26/Apr/2025:01:41:37 -0400] "GET /wp-admin/setup-config.php HTTP/1.1" 200 0 "-" "Mozilla/5.0 (Windows NT 10.0; Win64; x64) AppleWebKit/537.36 (KHTML, like Gecko) Chrome/135.0.0.0 Safari/537.36"
2a06:98c0:3600::103 - - [26/Apr/2025:01:42:11 -0400] "GET /wordpress/wp-admin/setup-config.php HTTP/1.1" 404 1992 "-" "Mozilla/5.0 (Windows NT 10.0; Win64; x64) AppleWebKit/537.36 (KHTML, like Gecko) Chrome/135.0.0.0 Safari/537.36"
51.222.253.3 - - [26/Apr/2025:01:42:34 -0400] "GET /christian-art-workshop-voucher?filter=codes HTTP/1.1" 200 4581 "-" "Mozilla/5.0 (compatible; AhrefsBot/7.0; +http://ahrefs.com/robot/)"
2a06:98c0:3600::103 - - [26/Apr/2025:01:42:48 -0400] "GET /wp-admin/setup-config.php HTTP/1.1" 404 1992 "-" "Mozilla/5.0 (Windows NT 10.0; Win64; x64) AppleWebKit/537.36 (KHTML, like Gecko) Chrome/135.0.0.0 Safari/537.36"
51.222.253.2 - - [26/Apr/2025:01:50:12 -0400] "GET /storage/store_images/store_2024_12_17_14_53_35.png HTTP/1.1" 200 17024 "-" "Mozilla/5.0 (compatible; AhrefsBot/7.0; +http://ahrefs.com/robot/)"
51.222.253.15 - - [26/Apr/2025:01:50:15 -0400] "GET /assets/frontend/images/frugilo.png HTTP/1.1" 200 7129 "-" "Mozilla/5.0 (compatible; AhrefsBot/7.0; +http://ahrefs.com/robot/)"
2a06:98c0:3600::103 - - [26/Apr/2025:01:57:27 -0400] "GET /wordpress/wp-admin/setup-config.php HTTP/1.1" 200 0 "-" "Mozilla/5.0 (Windows NT 10.0; Win64; x64) AppleWebKit/537.36 (KHTML, like Gecko) Chrome/135.0.0.0 Safari/537.36"
51.222.253.1 - - [26/Apr/2025:02:02:27 -0400] "GET /cafago-discounts?filter=deals HTTP/1.1" 200 4404 "-" "Mozilla/5.0 (compatible; AhrefsBot/7.0; +http://ahrefs.com/robot/)"
2a06:98c0:3600::103 - - [26/Apr/2025:02:16:34 -0400] "GET /wp-admin/setup-config.php HTTP/1.1" 200 0 "-" "Mozilla/5.0 (Windows NT 10.0; Win64; x64) AppleWebKit/537.36 (KHTML, like Gecko) Chrome/135.0.0.0 Safari/537.36"
2a06:98c0:3600::103 - - [26/Apr/2025:02:16:37 -0400] "GET /wordpress/wp-admin/setup-config.php HTTP/1.1" 200 0 "-" "Mozilla/5.0 (Windows NT 10.0; Win64; x64) AppleWebKit/537.36 (KHTML, like Gecko) Chrome/135.0.0.0 Safari/537.36"
51.222.253.15 - - [26/Apr/2025:02:23:05 -0400] "GET /alleyoop-discounts?filter=codes HTTP/1.1" 200 3966 "-" "Mozilla/5.0 (compatible; AhrefsBot/7.0; +http://ahrefs.com/robot/)"
45.141.215.66 - - [26/Apr/2025:02:27:54 -0400] "GET / HTTP/1.1" 200 5797 "-" "Mozilla/5.0 (Macintosh; Intel Mac OS X 13_6_3) AppleWebKit/537.36 (KHTML, like Gecko) Chrome/119.0.0.0 Safari/537.36"
45.141.215.66 - - [26/Apr/2025:02:27:58 -0400] "GET /wordpress/ HTTP/1.1" 301 795 "-" "Mozilla/5.0 (Windows NT 10.0; Win64; x64; rv:123.0) Gecko/20100101 Firefox/123.0"
45.141.215.66 - - [26/Apr/2025:02:28:00 -0400] "GET /wordpress HTTP/1.1" 302 200 "-" "Mozilla/5.0 (Windows NT 10.0; Win64; x64; rv:123.0) Gecko/20100101 Firefox/123.0"
45.141.215.66 - - [26/Apr/2025:02:28:02 -0400] "GET /stores HTTP/1.1" 200 9326 "-" "Mozilla/5.0 (Windows NT 10.0; Win64; x64; rv:123.0) Gecko/20100101 Firefox/123.0"
45.141.215.66 - - [26/Apr/2025:02:28:03 -0400] "GET /old/ HTTP/1.1" 301 795 "-" "Mozilla/5.0 (Windows NT 10.0; Win64; x64; rv:122.0) Gecko/20100101 Firefox/122.0"
45.141.215.66 - - [26/Apr/2025:02:28:04 -0400] "GET /old HTTP/1.1" 302 200 "-" "Mozilla/5.0 (Windows NT 10.0; Win64; x64; rv:122.0) Gecko/20100101 Firefox/122.0"
45.141.215.66 - - [26/Apr/2025:02:28:06 -0400] "GET /stores HTTP/1.1" 200 9326 "-" "Mozilla/5.0 (Windows NT 10.0; Win64; x64; rv:122.0) Gecko/20100101 Firefox/122.0"
2a06:98c0:3600::103 - - [26/Apr/2025:02:32:24 -0400] "GET /wordpress/wp-admin/setup-config.php HTTP/1.1" 404 1992 "-" "Mozilla/5.0 (Windows NT 10.0; Win64; x64) AppleWebKit/537.36 (KHTML, like Gecko) Chrome/135.0.0.0 Safari/537.36"
2a06:98c0:3600::103 - - [26/Apr/2025:02:32:53 -0400] "GET /wp-admin/setup-config.php HTTP/1.1" 404 1992 "-" "Mozilla/5.0 (Windows NT 10.0; Win64; x64) AppleWebKit/537.36 (KHTML, like Gecko) Chrome/135.0.0.0 Safari/537.36"
2a06:98c0:3600::103 - - [26/Apr/2025:02:33:46 -0400] "GET /wordpress/wp-admin/setup-config.php HTTP/1.1" 404 1992 "-" "Mozilla/5.0 (Windows NT 10.0; Win64; x64) AppleWebKit/537.36 (KHTML, like Gecko) Chrome/135.0.0.0 Safari/537.36"
2a06:98c0:3600::103 - - [26/Apr/2025:02:35:07 -0400] "GET /wp-admin/setup-config.php HTTP/1.1" 404 1992 "-" "Mozilla/5.0 (Windows NT 10.0; Win64; x64) AppleWebKit/537.36 (KHTML, like Gecko) Chrome/135.0.0.0 Safari/537.36"
51.222.253.18 - - [26/Apr/2025:02:41:56 -0400] "GET /alleyoop-discounts?filter=deals HTTP/1.1" 200 4384 "-" "Mozilla/5.0 (compatible; AhrefsBot/7.0; +http://ahrefs.com/robot/)"
2a06:98c0:3600::103 - - [26/Apr/2025:02:48:56 -0400] "GET /wp-admin/setup-config.php HTTP/1.1" 404 1992 "-" "Mozilla/5.0 (Windows NT 10.0; Win64; x64) AppleWebKit/537.36 (KHTML, like Gecko) Chrome/135.0.0.0 Safari/537.36"
2a06:98c0:3600::103 - - [26/Apr/2025:02:51:11 -0400] "GET /wordpress/wp-admin/setup-config.php HTTP/1.1" 404 1992 "-" "Mozilla/5.0 (Windows NT 10.0; Win64; x64) AppleWebKit/537.36 (KHTML, like Gecko) Chrome/135.0.0.0 Safari/537.36"
2a06:98c0:3600::103 - - [26/Apr/2025:02:51:40 -0400] "GET /wp-admin/setup-config.php HTTP/1.1" 404 1992 "-" "Mozilla/5.0 (Windows NT 10.0; Win64; x64) AppleWebKit/537.36 (KHTML, like Gecko) Chrome/135.0.0.0 Safari/537.36"
2a06:98c0:3600::103 - - [26/Apr/2025:02:52:29 -0400] "GET /wordpress/wp-admin/setup-config.php HTTP/1.1" 404 1992 "-" "Mozilla/5.0 (Windows NT 10.0; Win64; x64) AppleWebKit/537.36 (KHTML, like Gecko) Chrome/135.0.0.0 Safari/537.36"
51.222.253.15 - - [26/Apr/2025:02:59:36 -0400] "GET /aliexpress-coupon?filter=deals HTTP/1.1" 200 4423 "-" "Mozilla/5.0 (compatible; AhrefsBot/7.0; +http://ahrefs.com/robot/)"
2a06:98c0:3600::103 - - [26/Apr/2025:03:05:59 -0400] "GET /wordpress/wp-admin/setup-config.php HTTP/1.1" 200 0 "-" "Mozilla/5.0 (Windows NT 10.0; Win64; x64) AppleWebKit/537.36 (KHTML, like Gecko) Chrome/135.0.0.0 Safari/537.36"
2a06:98c0:3600::103 - - [26/Apr/2025:03:06:47 -0400] "GET /wordpress/wp-admin/setup-config.php HTTP/1.1" 404 1992 "-" "Mozilla/5.0 (Windows NT 10.0; Win64; x64) AppleWebKit/537.36 (KHTML, like Gecko) Chrome/135.0.0.0 Safari/537.36"
51.222.253.4 - - [26/Apr/2025:03:07:32 -0400] "GET /storage/store_images/store_2024_12_16_18_31_18.png HTTP/1.1" 200 10568 "-" "Mozilla/5.0 (compatible; AhrefsBot/7.0; +http://ahrefs.com/robot/)"
2a06:98c0:3600::103 - - [26/Apr/2025:03:10:07 -0400] "GET /wp-admin/setup-config.php HTTP/1.1" 404 1992 "-" "Mozilla/5.0 (Windows NT 10.0; Win64; x64) AppleWebKit/537.36 (KHTML, like Gecko) Chrome/135.0.0.0 Safari/537.36"
51.222.253.2 - - [26/Apr/2025:03:16:53 -0400] "GET /butterfork-coupons?filter=codes HTTP/1.1" 200 4537 "-" "Mozilla/5.0 (compatible; AhrefsBot/7.0; +http://ahrefs.com/robot/)"
2a06:98c0:3600::103 - - [26/Apr/2025:03:21:38 -0400] "GET /wp-admin/setup-config.php HTTP/1.1" 404 1992 "-" "Mozilla/5.0 (Windows NT 10.0; Win64; x64) AppleWebKit/537.36 (KHTML, like Gecko) Chrome/135.0.0.0 Safari/537.36"
2a06:98c0:3600::103 - - [26/Apr/2025:03:21:47 -0400] "GET /wordpress/wp-admin/setup-config.php HTTP/1.1" 404 1992 "-" "Mozilla/5.0 (Windows NT 10.0; Win64; x64) AppleWebKit/537.36 (KHTML, like Gecko) Chrome/135.0.0.0 Safari/537.36"
2a06:98c0:3600::103 - - [26/Apr/2025:03:21:57 -0400] "GET /wordpress/wp-admin/setup-config.php HTTP/1.1" 404 1992 "-" "Mozilla/5.0 (Windows NT 10.0; Win64; x64) AppleWebKit/537.36 (KHTML, like Gecko) Chrome/135.0.0.0 Safari/537.36"
2a06:98c0:3600::103 - - [26/Apr/2025:03:23:28 -0400] "GET /wp-admin/setup-config.php HTTP/1.1" 404 1992 "-" "Mozilla/5.0 (Windows NT 10.0; Win64; x64) AppleWebKit/537.36 (KHTML, like Gecko) Chrome/135.0.0.0 Safari/537.36"
51.222.253.3 - - [26/Apr/2025:03:37:51 -0400] "GET /beauty-house-vouchers?filter=deals HTTP/1.1" 200 4371 "-" "Mozilla/5.0 (compatible; AhrefsBot/7.0; +http://ahrefs.com/robot/)"
2a06:98c0:3600::103 - - [26/Apr/2025:03:39:47 -0400] "GET /wp-admin/setup-config.php HTTP/1.1" 404 1992 "-" "Mozilla/5.0 (Windows NT 10.0; Win64; x64) AppleWebKit/537.36 (KHTML, like Gecko) Chrome/135.0.0.0 Safari/537.36"
2a06:98c0:3600::103 - - [26/Apr/2025:03:39:54 -0400] "GET /wp-admin/setup-config.php HTTP/1.1" 404 1992 "-" "Mozilla/5.0 (Windows NT 10.0; Win64; x64) AppleWebKit/537.36 (KHTML, like Gecko) Chrome/135.0.0.0 Safari/537.36"
2a06:98c0:3600::103 - - [26/Apr/2025:03:40:40 -0400] "GET /wordpress/wp-admin/setup-config.php HTTP/1.1" 404 1992 "-" "Mozilla/5.0 (Windows NT 10.0; Win64; x64) AppleWebKit/537.36 (KHTML, like Gecko) Chrome/135.0.0.0 Safari/537.36"
2a06:98c0:3600::103 - - [26/Apr/2025:03:40:45 -0400] "GET /wordpress/wp-admin/setup-config.php HTTP/1.1" 404 1992 "-" "Mozilla/5.0 (Windows NT 10.0; Win64; x64) AppleWebKit/537.36 (KHTML, like Gecko) Chrome/135.0.0.0 Safari/537.36"
2a06:98c0:3600::103 - - [26/Apr/2025:03:52:19 -0400] "GET /wp-admin/setup-config.php HTTP/1.1" 404 1992 "-" "Mozilla/5.0 (Windows NT 10.0; Win64; x64) AppleWebKit/537.36 (KHTML, like Gecko) Chrome/135.0.0.0 Safari/537.36"
2a06:98c0:3600::103 - - [26/Apr/2025:03:53:31 -0400] "GET /wordpress/wp-admin/setup-config.php HTTP/1.1" 404 1992 "-" "Mozilla/5.0 (Windows NT 10.0; Win64; x64) AppleWebKit/537.36 (KHTML, like Gecko) Chrome/135.0.0.0 Safari/537.36"
2a06:98c0:3600::103 - - [26/Apr/2025:03:54:12 -0400] "GET /wp-admin/setup-config.php HTTP/1.1" 404 1992 "-" "Mozilla/5.0 (Windows NT 10.0; Win64; x64) AppleWebKit/537.36 (KHTML, like Gecko) Chrome/135.0.0.0 Safari/537.36"
2a06:98c0:3600::103 - - [26/Apr/2025:03:54:40 -0400] "GET /wordpress/wp-admin/setup-config.php HTTP/1.1" 404 1992 "-" "Mozilla/5.0 (Windows NT 10.0; Win64; x64) AppleWebKit/537.36 (KHTML, like Gecko) Chrome/135.0.0.0 Safari/537.36"
51.222.253.15 - - [26/Apr/2025:03:56:25 -0400] "GET /525-america-coupon?filter=codes HTTP/1.1" 200 4742 "-" "Mozilla/5.0 (compatible; AhrefsBot/7.0; +http://ahrefs.com/robot/)"
2a06:98c0:3600::103 - - [26/Apr/2025:04:10:14 -0400] "GET /wp-admin/setup-config.php HTTP/1.1" 200 0 "-" "Mozilla/5.0 (Windows NT 10.0; Win64; x64) AppleWebKit/537.36 (KHTML, like Gecko) Chrome/135.0.0.0 Safari/537.36"
2a06:98c0:3600::103 - - [26/Apr/2025:04:12:09 -0400] "GET /wp-admin/setup-config.php HTTP/1.1" 404 1992 "-" "Mozilla/5.0 (Windows NT 10.0; Win64; x64) AppleWebKit/537.36 (KHTML, like Gecko) Chrome/135.0.0.0 Safari/537.36"
2a06:98c0:3600::103 - - [26/Apr/2025:04:13:16 -0400] "GET /wordpress/wp-admin/setup-config.php HTTP/1.1" 404 1992 "-" "Mozilla/5.0 (Windows NT 10.0; Win64; x64) AppleWebKit/537.36 (KHTML, like Gecko) Chrome/135.0.0.0 Safari/537.36"
51.222.253.14 - - [26/Apr/2025:04:13:25 -0400] "GET /525-america-coupon?filter=deals HTTP/1.1" 200 4370 "-" "Mozilla/5.0 (compatible; AhrefsBot/7.0; +http://ahrefs.com/robot/)"
2a06:98c0:3600::103 - - [26/Apr/2025:04:25:56 -0400] "GET /wp-admin/setup-config.php HTTP/1.1" 404 1992 "-" "Mozilla/5.0 (Windows NT 10.0; Win64; x64) AppleWebKit/537.36 (KHTML, like Gecko) Chrome/135.0.0.0 Safari/537.36"
2a06:98c0:3600::103 - - [26/Apr/2025:04:25:56 -0400] "GET /wordpress/wp-admin/setup-config.php HTTP/1.1" 404 1992 "-" "Mozilla/5.0 (Windows NT 10.0; Win64; x64) AppleWebKit/537.36 (KHTML, like Gecko) Chrome/135.0.0.0 Safari/537.36"
2a06:98c0:3600::103 - - [26/Apr/2025:04:27:29 -0400] "GET /wp-admin/setup-config.php HTTP/1.1" 404 1992 "-" "Mozilla/5.0 (Windows NT 10.0; Win64; x64) AppleWebKit/537.36 (KHTML, like Gecko) Chrome/135.0.0.0 Safari/537.36"
43.130.100.35 - - [26/Apr/2025:04:27:46 -0400] "GET / HTTP/1.1" 200 5795 "http://frugilo.com" "Mozilla/5.0 (iPhone; CPU iPhone OS 13_2_3 like Mac OS X) AppleWebKit/605.1.15 (KHTML, like Gecko) Version/13.0.3 Mobile/15E148 Safari/604.1"
51.222.253.6 - - [26/Apr/2025:04:28:56 -0400] "GET /chopin-voucher?filter=deals HTTP/1.1" 200 4400 "-" "Mozilla/5.0 (compatible; AhrefsBot/7.0; +http://ahrefs.com/robot/)"
2a06:98c0:3600::103 - - [26/Apr/2025:04:29:29 -0400] "GET /wordpress/wp-admin/setup-config.php HTTP/1.1" 404 1992 "-" "Mozilla/5.0 (Windows NT 10.0; Win64; x64) AppleWebKit/537.36 (KHTML, like Gecko) Chrome/135.0.0.0 Safari/537.36"
51.222.253.13 - - [26/Apr/2025:04:45:11 -0400] "GET /brodi-vouchers?filter=codes HTTP/1.1" 200 4350 "-" "Mozilla/5.0 (compatible; AhrefsBot/7.0; +http://ahrefs.com/robot/)"
2a06:98c0:3600::103 - - [26/Apr/2025:04:47:22 -0400] "GET /wp-admin/setup-config.php HTTP/1.1" 200 0 "-" "Mozilla/5.0 (Windows NT 10.0; Win64; x64) AppleWebKit/537.36 (KHTML, like Gecko) Chrome/135.0.0.0 Safari/537.36"
2a06:98c0:3600::103 - - [26/Apr/2025:04:47:59 -0400] "GET /wp-admin/setup-config.php HTTP/1.1" 404 1992 "-" "Mozilla/5.0 (Windows NT 10.0; Win64; x64) AppleWebKit/537.36 (KHTML, like Gecko) Chrome/135.0.0.0 Safari/537.36"
2a06:98c0:3600::103 - - [26/Apr/2025:04:48:44 -0400] "GET /wordpress/wp-admin/setup-config.php HTTP/1.1" 404 1992 "-" "Mozilla/5.0 (Windows NT 10.0; Win64; x64) AppleWebKit/537.36 (KHTML, like Gecko) Chrome/135.0.0.0 Safari/537.36"
51.222.253.18 - - [26/Apr/2025:04:50:58 -0400] "GET /storage/store_images/store_2024_12_26_18_25_59.png HTTP/1.1" 200 38386 "-" "Mozilla/5.0 (compatible; AhrefsBot/7.0; +http://ahrefs.com/robot/)"
51.222.253.16 - - [26/Apr/2025:04:50:58 -0400] "GET /assets/frontend/images/facebook.png HTTP/1.1" 200 1623 "-" "Mozilla/5.0 (compatible; AhrefsBot/7.0; +http://ahrefs.com/robot/)"
34.9.26.147 - - [26/Apr/2025:04:52:19 -0400] "GET /media/system/js/core.js HTTP/1.1" 404 2299 "http://frugilo.com/media/system/js/core.js" "Mozilla/5.0 (Macintosh; Intel Mac OS X 10_10_1) AppleWebKit/537.36 (KHTML, like Gecko) Chrome/39.0.2171.95 Safari/537.36"
34.9.26.147 - - [26/Apr/2025:04:52:20 -0400] "GET /wp-includes/js/jquery/jquery.js HTTP/1.1" 404 2299 "http://frugilo.com/wp-includes/js/jquery/jquery.js" "Mozilla/5.0 (Macintosh; Intel Mac OS X 10_10_1) AppleWebKit/537.36 (KHTML, like Gecko) Chrome/39.0.2171.95 Safari/537.36"
182.43.70.143 - - [26/Apr/2025:04:52:28 -0400] "GET / HTTP/1.1" 200 5796 "http://frugilo.com" "Mozilla/5.0 (iPhone; CPU iPhone OS 13_2_3 like Mac OS X) AppleWebKit/605.1.15 (KHTML, like Gecko) Version/13.0.3 Mobile/15E148 Safari/604.1"
2a06:98c0:3600::103 - - [26/Apr/2025:05:01:15 -0400] "GET /wordpress/wp-admin/setup-config.php HTTP/1.1" 404 1992 "-" "Mozilla/5.0 (Windows NT 10.0; Win64; x64) AppleWebKit/537.36 (KHTML, like Gecko) Chrome/135.0.0.0 Safari/537.36"
51.222.253.9 - - [26/Apr/2025:05:01:17 -0400] "GET /biovanta-discount-code?filter=codes HTTP/1.1" 200 4517 "-" "Mozilla/5.0 (compatible; AhrefsBot/7.0; +http://ahrefs.com/robot/)"
2a06:98c0:3600::103 - - [26/Apr/2025:05:01:29 -0400] "GET /wp-admin/setup-config.php HTTP/1.1" 404 1992 "-" "Mozilla/5.0 (Windows NT 10.0; Win64; x64) AppleWebKit/537.36 (KHTML, like Gecko) Chrome/135.0.0.0 Safari/537.36"
101.33.66.34 - - [26/Apr/2025:05:01:44 -0400] "GET / HTTP/1.1" 301 795 "http://www.frugilo.com" "Mozilla/5.0 (iPhone; CPU iPhone OS 13_2_3 like Mac OS X) AppleWebKit/605.1.15 (KHTML, like Gecko) Version/13.0.3 Mobile/15E148 Safari/604.1"
101.33.66.34 - - [26/Apr/2025:05:01:46 -0400] "GET / HTTP/1.1" 200 5797 "http://frugilo.com/" "Mozilla/5.0 (iPhone; CPU iPhone OS 13_2_3 like Mac OS X) AppleWebKit/605.1.15 (KHTML, like Gecko) Version/13.0.3 Mobile/15E148 Safari/604.1"
2a06:98c0:3600::103 - - [26/Apr/2025:05:01:49 -0400] "GET /wordpress/wp-admin/setup-config.php HTTP/1.1" 404 1992 "-" "Mozilla/5.0 (Windows NT 10.0; Win64; x64) AppleWebKit/537.36 (KHTML, like Gecko) Chrome/135.0.0.0 Safari/537.36"
2a06:98c0:3600::103 - - [26/Apr/2025:05:03:52 -0400] "GET /wp-admin/setup-config.php HTTP/1.1" 404 1992 "-" "Mozilla/5.0 (Windows NT 10.0; Win64; x64) AppleWebKit/537.36 (KHTML, like Gecko) Chrome/135.0.0.0 Safari/537.36"
4.227.36.49 - - [26/Apr/2025:05:17:09 -0400] "GET /robots.txt HTTP/1.1" 301 795 "http://www.frugilo.com/robots.txt" "Mozilla/5.0 AppleWebKit/537.36 (KHTML, like Gecko; compatible; GPTBot/1.2; +https://openai.com/gptbot)"
4.227.36.21 - - [26/Apr/2025:05:17:09 -0400] "GET /robots.txt HTTP/1.1" 200 24 "http://frugilo.com/robots.txt" "Mozilla/5.0 AppleWebKit/537.36 (KHTML, like Gecko; compatible; GPTBot/1.2; +https://openai.com/gptbot)"
4.227.36.49 - - [26/Apr/2025:05:17:09 -0400] "GET /robots.txt HTTP/1.1" 200 24 "http://frugilo.com/robots.txt" "Mozilla/5.0 AppleWebKit/537.36 (KHTML, like Gecko; compatible; GPTBot/1.2; +https://openai.com/gptbot)"
4.227.36.49 - - [26/Apr/2025:05:17:09 -0400] "GET /robots.txt HTTP/1.1" 301 795 "-" "Mozilla/5.0 AppleWebKit/537.36 (KHTML, like Gecko; compatible; GPTBot/1.2; +https://openai.com/gptbot)"
4.227.36.49 - - [26/Apr/2025:05:17:09 -0400] "GET /robots.txt HTTP/1.1" 200 24 "http://frugilo.com/robots.txt" "Mozilla/5.0 AppleWebKit/537.36 (KHTML, like Gecko; compatible; GPTBot/1.2; +https://openai.com/gptbot)"
4.227.36.21 - - [26/Apr/2025:05:17:10 -0400] "GET /robots.txt HTTP/1.1" 200 24 "-" "Mozilla/5.0 AppleWebKit/537.36 (KHTML, like Gecko; compatible; GPTBot/1.2; +https://openai.com/gptbot)"
20.171.207.113 - - [26/Apr/2025:05:17:12 -0400] "GET / HTTP/1.1" 301 795 "-" "Mozilla/5.0 AppleWebKit/537.36 (KHTML, like Gecko; compatible; GPTBot/1.2; +https://openai.com/gptbot)"
20.171.207.235 - - [26/Apr/2025:05:17:18 -0400] "GET /wp-includes/js/jquery/jquery.js HTTP/1.1" 404 1992 "-" "Mozilla/5.0 AppleWebKit/537.36 (KHTML, like Gecko; compatible; GPTBot/1.2; +https://openai.com/gptbot)"
20.171.207.235 - - [26/Apr/2025:05:17:20 -0400] "GET /media/system/js/core.js HTTP/1.1" 404 1992 "-" "Mozilla/5.0 AppleWebKit/537.36 (KHTML, like Gecko; compatible; GPTBot/1.2; +https://openai.com/gptbot)"
2a06:98c0:3600::103 - - [26/Apr/2025:05:18:03 -0400] "GET /wp-admin/setup-config.php HTTP/1.1" 404 1992 "-" "Mozilla/5.0 (Windows NT 10.0; Win64; x64) AppleWebKit/537.36 (KHTML, like Gecko) Chrome/135.0.0.0 Safari/537.36"
51.222.253.17 - - [26/Apr/2025:05:18:13 -0400] "GET /bebird-voucher-codes?filter=codes HTTP/1.1" 200 3954 "-" "Mozilla/5.0 (compatible; AhrefsBot/7.0; +http://ahrefs.com/robot/)"
2a06:98c0:3600::103 - - [26/Apr/2025:05:18:13 -0400] "GET /wordpress/wp-admin/setup-config.php HTTP/1.1" 404 1992 "-" "Mozilla/5.0 (Windows NT 10.0; Win64; x64) AppleWebKit/537.36 (KHTML, like Gecko) Chrome/135.0.0.0 Safari/537.36"
2a06:98c0:3600::103 - - [26/Apr/2025:05:19:25 -0400] "GET /wordpress/wp-admin/setup-config.php HTTP/1.1" 404 1992 "-" "Mozilla/5.0 (Windows NT 10.0; Win64; x64) AppleWebKit/537.36 (KHTML, like Gecko) Chrome/135.0.0.0 Safari/537.36"
2a06:98c0:3600::103 - - [26/Apr/2025:05:20:09 -0400] "GET /wp-admin/setup-config.php HTTP/1.1" 404 1992 "-" "Mozilla/5.0 (Windows NT 10.0; Win64; x64) AppleWebKit/537.36 (KHTML, like Gecko) Chrome/135.0.0.0 Safari/537.36"
18.246.228.103 - - [26/Apr/2025:05:25:44 -0400] "GET / HTTP/1.1" 200 5796 "-" "Mozilla/5.0 (Windows NT 10.0; Win64; x64)AppleWebKit/537.36 (KHTML, like Gecko) Chrome/66.0.3359.181 Safari/537.36"
18.246.228.103 - - [26/Apr/2025:05:25:48 -0400] "GET / HTTP/1.1" 200 5795 "-" "Mozilla/5.0 (Windows NT 10.0; Win64; x64)AppleWebKit/537.36 (KHTML, like Gecko) Chrome/66.0.3359.181 Safari/537.36"
2a06:98c0:3600::103 - - [26/Apr/2025:05:34:00 -0400] "GET /wp-admin/setup-config.php HTTP/1.1" 404 1992 "-" "Mozilla/5.0 (Windows NT 10.0; Win64; x64) AppleWebKit/537.36 (KHTML, like Gecko) Chrome/135.0.0.0 Safari/537.36"
2a06:98c0:3600::103 - - [26/Apr/2025:05:34:00 -0400] "GET /wordpress/wp-admin/setup-config.php HTTP/1.1" 404 1992 "-" "Mozilla/5.0 (Windows NT 10.0; Win64; x64) AppleWebKit/537.36 (KHTML, like Gecko) Chrome/135.0.0.0 Safari/537.36"
2a06:98c0:3600::103 - - [26/Apr/2025:05:36:26 -0400] "GET /wp-admin/setup-config.php HTTP/1.1" 404 1992 "-" "Mozilla/5.0 (Windows NT 10.0; Win64; x64) AppleWebKit/537.36 (KHTML, like Gecko) Chrome/135.0.0.0 Safari/537.36"
51.222.253.11 - - [26/Apr/2025:05:37:23 -0400] "GET /bebird-voucher-codes?filter=deals HTTP/1.1" 200 4322 "-" "Mozilla/5.0 (compatible; AhrefsBot/7.0; +http://ahrefs.com/robot/)"
2a06:98c0:3600::103 - - [26/Apr/2025:05:37:51 -0400] "GET /wordpress/wp-admin/setup-config.php HTTP/1.1" 404 1992 "-" "Mozilla/5.0 (Windows NT 10.0; Win64; x64) AppleWebKit/537.36 (KHTML, like Gecko) Chrome/135.0.0.0 Safari/537.36"
2a06:98c0:3600::103 - - [26/Apr/2025:05:50:09 -0400] "GET /wordpress/wp-admin/setup-config.php HTTP/1.1" 404 1992 "-" "Mozilla/5.0 (Windows NT 10.0; Win64; x64) AppleWebKit/537.36 (KHTML, like Gecko) Chrome/135.0.0.0 Safari/537.36"
2a06:98c0:3600::103 - - [26/Apr/2025:05:50:34 -0400] "GET /wp-admin/setup-config.php HTTP/1.1" 404 1992 "-" "Mozilla/5.0 (Windows NT 10.0; Win64; x64) AppleWebKit/537.36 (KHTML, like Gecko) Chrome/135.0.0.0 Safari/537.36"
2a06:98c0:3600::103 - - [26/Apr/2025:05:51:31 -0400] "GET /wordpress/wp-admin/setup-config.php HTTP/1.1" 404 1992 "-" "Mozilla/5.0 (Windows NT 10.0; Win64; x64) AppleWebKit/537.36 (KHTML, like Gecko) Chrome/135.0.0.0 Safari/537.36"
2a06:98c0:3600::103 - - [26/Apr/2025:05:51:56 -0400] "GET /wp-admin/setup-config.php HTTP/1.1" 404 1992 "-" "Mozilla/5.0 (Windows NT 10.0; Win64; x64) AppleWebKit/537.36 (KHTML, like Gecko) Chrome/135.0.0.0 Safari/537.36"
51.222.253.16 - - [26/Apr/2025:05:54:34 -0400] "GET /acmer-promo-code?filter=codes HTTP/1.1" 200 4646 "-" "Mozilla/5.0 (compatible; AhrefsBot/7.0; +http://ahrefs.com/robot/)"
54.81.65.20 - - [26/Apr/2025:05:59:14 -0400] "GET / HTTP/1.1" 200 4886 "-" "Mozilla/5.0 (X11; Linux x86_64) AppleWebKit/537.36 (KHTML, like Gecko) Chrome/129.0.0.0 Safari/537.36"
54.81.65.20 - - [26/Apr/2025:05:59:16 -0400] "GET /assets/frontend/css/jquery.popupcommon.css HTTP/1.1" 200 297 "https://frugilo.com/" "Mozilla/5.0 (X11; Linux x86_64) AppleWebKit/537.36 (KHTML, like Gecko) Chrome/129.0.0.0 Safari/537.36"
54.81.65.20 - - [26/Apr/2025:05:59:16 -0400] "GET /assets/frontend/css/jquery.nouislider.css HTTP/1.1" 200 942 "https://frugilo.com/" "Mozilla/5.0 (X11; Linux x86_64) AppleWebKit/537.36 (KHTML, like Gecko) Chrome/129.0.0.0 Safari/537.36"
54.81.65.20 - - [26/Apr/2025:05:59:16 -0400] "GET /assets/frontend/css/flexslider.css HTTP/1.1" 200 1704 "https://frugilo.com/" "Mozilla/5.0 (X11; Linux x86_64) AppleWebKit/537.36 (KHTML, like Gecko) Chrome/129.0.0.0 Safari/537.36"
54.81.65.20 - - [26/Apr/2025:05:59:16 -0400] "GET /assets/frontend/css/responsive.css HTTP/1.1" 200 2284 "https://frugilo.com/" "Mozilla/5.0 (X11; Linux x86_64) AppleWebKit/537.36 (KHTML, like Gecko) Chrome/129.0.0.0 Safari/537.36"
54.81.65.20 - - [26/Apr/2025:05:59:16 -0400] "GET /assets/frontend/css/style-gray.css?v=12 HTTP/1.1" 200 1916 "https://frugilo.com/" "Mozilla/5.0 (X11; Linux x86_64) AppleWebKit/537.36 (KHTML, like Gecko) Chrome/129.0.0.0 Safari/537.36"
54.81.65.20 - - [26/Apr/2025:05:59:16 -0400] "GET /assets/frontend/js/jquery-1.10.2.min.js HTTP/1.1" 200 31897 "https://frugilo.com/" "Mozilla/5.0 (X11; Linux x86_64) AppleWebKit/537.36 (KHTML, like Gecko) Chrome/129.0.0.0 Safari/537.36"
54.81.65.20 - - [26/Apr/2025:05:59:16 -0400] "GET /assets/frontend/css/style-dark.css?v=12 HTTP/1.1" 200 1404 "https://frugilo.com/" "Mozilla/5.0 (X11; Linux x86_64) AppleWebKit/537.36 (KHTML, like Gecko) Chrome/129.0.0.0 Safari/537.36"
54.81.65.20 - - [26/Apr/2025:05:59:16 -0400] "GET /assets/frontend/css/res-menu.css HTTP/1.1" 200 1315 "https://frugilo.com/" "Mozilla/5.0 (X11; Linux x86_64) AppleWebKit/537.36 (KHTML, like Gecko) Chrome/129.0.0.0 Safari/537.36"
54.81.65.20 - - [26/Apr/2025:05:59:16 -0400] "GET /assets/frontend/css/style.css?v=13 HTTP/1.1" 200 12469 "https://frugilo.com/" "Mozilla/5.0 (X11; Linux x86_64) AppleWebKit/537.36 (KHTML, like Gecko) Chrome/129.0.0.0 Safari/537.36"
54.81.65.20 - - [26/Apr/2025:05:59:16 -0400] "GET /assets/frontend/css/normalize.css HTTP/1.1" 200 1998 "https://frugilo.com/" "Mozilla/5.0 (X11; Linux x86_64) AppleWebKit/537.36 (KHTML, like Gecko) Chrome/129.0.0.0 Safari/537.36"
54.81.65.20 - - [26/Apr/2025:05:59:16 -0400] "GET /assets/frontend/images/ajax-loader.gif HTTP/1.1" 200 9427 "https://frugilo.com/" "Mozilla/5.0 (X11; Linux x86_64) AppleWebKit/537.36 (KHTML, like Gecko) Chrome/129.0.0.0 Safari/537.36"
54.81.65.20 - - [26/Apr/2025:05:59:16 -0400] "GET /storage/slider_images/slider_2025_04_24_21_28_16.png HTTP/1.1" 200 353416 "https://frugilo.com/" "Mozilla/5.0 (X11; Linux x86_64) AppleWebKit/537.36 (KHTML, like Gecko) Chrome/129.0.0.0 Safari/537.36"
54.81.65.20 - - [26/Apr/2025:05:59:16 -0400] "GET /storage/slider_images/slider_2023_10_31_13_45_48.jpg HTTP/1.1" 200 105786 "https://frugilo.com/" "Mozilla/5.0 (X11; Linux x86_64) AppleWebKit/537.36 (KHTML, like Gecko) Chrome/129.0.0.0 Safari/537.36"
54.81.65.20 - - [26/Apr/2025:05:59:16 -0400] "GET /storage/slider_images/slider_2023_10_31_14_04_14.jpg HTTP/1.1" 200 194232 "https://frugilo.com/" "Mozilla/5.0 (X11; Linux x86_64) AppleWebKit/537.36 (KHTML, like Gecko) Chrome/129.0.0.0 Safari/537.36"
54.81.65.20 - - [26/Apr/2025:05:59:16 -0400] "GET /assets/frontend/images/instagram.png HTTP/1.1" 200 2270 "https://frugilo.com/" "Mozilla/5.0 (X11; Linux x86_64) AppleWebKit/537.36 (KHTML, like Gecko) Chrome/129.0.0.0 Safari/537.36"
54.81.65.20 - - [26/Apr/2025:05:59:16 -0400] "GET /assets/frontend/js/html5lightbox.js HTTP/1.1" 200 6721 "https://frugilo.com/" "Mozilla/5.0 (X11; Linux x86_64) AppleWebKit/537.36 (KHTML, like Gecko) Chrome/129.0.0.0 Safari/537.36"
54.81.65.20 - - [26/Apr/2025:05:59:16 -0400] "GET /assets/frontend/js/script.js HTTP/1.1" 200 2169 "https://frugilo.com/" "Mozilla/5.0 (X11; Linux x86_64) AppleWebKit/537.36 (KHTML, like Gecko) Chrome/129.0.0.0 Safari/537.36"
54.81.65.20 - - [26/Apr/2025:05:59:16 -0400] "GET /assets/frontend/images/facebook.png HTTP/1.1" 200 1623 "https://frugilo.com/" "Mozilla/5.0 (X11; Linux x86_64) AppleWebKit/537.36 (KHTML, like Gecko) Chrome/129.0.0.0 Safari/537.36"
54.81.65.20 - - [26/Apr/2025:05:59:16 -0400] "GET /assets/frontend/js/jquery.flexslider-min.js HTTP/1.1" 200 5945 "https://frugilo.com/" "Mozilla/5.0 (X11; Linux x86_64) AppleWebKit/537.36 (KHTML, like Gecko) Chrome/129.0.0.0 Safari/537.36"
54.81.65.20 - - [26/Apr/2025:05:59:16 -0400] "GET /assets/frontend/js/classie.js HTTP/1.1" 200 616 "https://frugilo.com/" "Mozilla/5.0 (X11; Linux x86_64) AppleWebKit/537.36 (KHTML, like Gecko) Chrome/129.0.0.0 Safari/537.36"
54.81.65.20 - - [26/Apr/2025:05:59:16 -0400] "GET /assets/frontend/images/tiktok.png HTTP/1.1" 200 2079 "https://frugilo.com/" "Mozilla/5.0 (X11; Linux x86_64) AppleWebKit/537.36 (KHTML, like Gecko) Chrome/129.0.0.0 Safari/537.36"
54.81.65.20 - - [26/Apr/2025:05:59:16 -0400] "GET /assets/frontend/images/frugilo.png HTTP/1.1" 200 7129 "https://frugilo.com/" "Mozilla/5.0 (X11; Linux x86_64) AppleWebKit/537.36 (KHTML, like Gecko) Chrome/129.0.0.0 Safari/537.36"
54.81.65.20 - - [26/Apr/2025:05:59:16 -0400] "GET /assets/frontend/js/jquery.nouislider.js HTTP/1.1" 200 11364 "https://frugilo.com/" "Mozilla/5.0 (X11; Linux x86_64) AppleWebKit/537.36 (KHTML, like Gecko) Chrome/129.0.0.0 Safari/537.36"
