54.81.65.20 - - [26/Apr/2025:05:59:16 -0400] "GET /assets/frontend/images/pinterest.png HTTP/1.1" 200 2358 "https://frugilo.com/" "Mozilla/5.0 (X11; Linux x86_64) AppleWebKit/537.36 (KHTML, like Gecko) Chrome/129.0.0.0 Safari/537.36"
54.81.65.20 - - [26/Apr/2025:05:59:16 -0400] "GET /assets/frontend/js/modernizr.custom.js HTTP/1.1" 200 3757 "https://frugilo.com/" "Mozilla/5.0 (X11; Linux x86_64) AppleWebKit/537.36 (KHTML, like Gecko) Chrome/129.0.0.0 Safari/537.36"
54.81.65.20 - - [26/Apr/2025:05:59:16 -0400] "GET /assets/frontend/js/jquery.popupcommon.js HTTP/1.1" 200 1286 "https://frugilo.com/" "Mozilla/5.0 (X11; Linux x86_64) AppleWebKit/537.36 (KHTML, like Gecko) Chrome/129.0.0.0 Safari/537.36"
54.81.65.20 - - [26/Apr/2025:05:59:16 -0400] "GET /assets/frontend/js/mlpushmenu.js HTTP/1.1" 200 3799 "https://frugilo.com/" "Mozilla/5.0 (X11; Linux x86_64) AppleWebKit/537.36 (KHTML, like Gecko) Chrome/129.0.0.0 Safari/537.36"
54.81.65.20 - - [26/Apr/2025:05:59:16 -0400] "GET /assets/frontend/images/close.png HTTP/1.1" 200 49509 "https://frugilo.com/" "Mozilla/5.0 (X11; Linux x86_64) AppleWebKit/537.36 (KHTML, like Gecko) Chrome/129.0.0.0 Safari/537.36"
54.81.65.20 - - [26/Apr/2025:05:59:16 -0400] "GET /assets/frontend/images/lightbox-next.png HTTP/1.1" 200 49509 "https://frugilo.com/" "Mozilla/5.0 (X11; Linux x86_64) AppleWebKit/537.36 (KHTML, like Gecko) Chrome/129.0.0.0 Safari/537.36"
54.81.65.20 - - [26/Apr/2025:05:59:16 -0400] "GET /assets/frontend/images/lightbox-prev.png HTTP/1.1" 200 49509 "https://frugilo.com/" "Mozilla/5.0 (X11; Linux x86_64) AppleWebKit/537.36 (KHTML, like Gecko) Chrome/129.0.0.0 Safari/537.36"
54.81.65.20 - - [26/Apr/2025:05:59:17 -0400] "GET /assets/frontend/images/icon.png HTTP/1.1" 200 3486 "https://frugilo.com/assets/frontend/css/flexslider.css" "Mozilla/5.0 (X11; Linux x86_64) AppleWebKit/537.36 (KHTML, like Gecko) Chrome/129.0.0.0 Safari/537.36"
54.81.65.20 - - [26/Apr/2025:05:59:17 -0400] "GET /assets/frontend/images/fav.png HTTP/1.1" 200 5502 "https://frugilo.com/" "Mozilla/5.0 (X11; Linux x86_64) AppleWebKit/537.36 (KHTML, like Gecko) Chrome/129.0.0.0 Safari/537.36"
54.81.65.20 - - [26/Apr/2025:05:59:21 -0400] "GET /assets/frontend/images/fav.png HTTP/1.1" 200 5502 "-" "Mozilla/5.0 (X11; Linux x86_64) AppleWebKit/537.36 (KHTML, like Gecko) Chrome/129.0.0.0 Safari/537.36"
2a06:98c0:3600::103 - - [26/Apr/2025:06:05:56 -0400] "GET /wordpress/wp-admin/setup-config.php HTTP/1.1" 404 1992 "-" "Mozilla/5.0 (Windows NT 10.0; Win64; x64) AppleWebKit/537.36 (KHTML, like Gecko) Chrome/135.0.0.0 Safari/537.36"
2a06:98c0:3600::103 - - [26/Apr/2025:06:06:48 -0400] "GET /wp-admin/setup-config.php HTTP/1.1" 404 1992 "-" "Mozilla/5.0 (Windows NT 10.0; Win64; x64) AppleWebKit/537.36 (KHTML, like Gecko) Chrome/135.0.0.0 Safari/537.36"
2a06:98c0:3600::103 - - [26/Apr/2025:06:08:19 -0400] "GET /wp-admin/setup-config.php HTTP/1.1" 404 1992 "-" "Mozilla/5.0 (Windows NT 10.0; Win64; x64) AppleWebKit/537.36 (KHTML, like Gecko) Chrome/135.0.0.0 Safari/537.36"
2a06:98c0:3600::103 - - [26/Apr/2025:06:09:35 -0400] "GET /wordpress/wp-admin/setup-config.php HTTP/1.1" 404 1992 "-" "Mozilla/5.0 (Windows NT 10.0; Win64; x64) AppleWebKit/537.36 (KHTML, like Gecko) Chrome/135.0.0.0 Safari/537.36"
51.222.253.11 - - [26/Apr/2025:06:10:07 -0400] "GET /acmer-promo-code?filter=deals HTTP/1.1" 200 4548 "-" "Mozilla/5.0 (compatible; AhrefsBot/7.0; +http://ahrefs.com/robot/)"
66.249.65.70 - - [26/Apr/2025:06:12:47 -0400] "GET /robots.txt HTTP/1.1" 200 24 "-" "Mozilla/5.0 (compatible; Googlebot/2.1; +http://www.google.com/bot.html)"
66.249.65.70 - - [26/Apr/2025:06:12:48 -0400] "GET /wayrates-discounts?filter=deals HTTP/1.1" 200 4677 "-" "Mozilla/5.0 (Linux; Android 6.0.1; Nexus 5X Build/MMB29P) AppleWebKit/537.36 (KHTML, like Gecko) Chrome/135.0.7049.95 Mobile Safari/537.36 (compatible; GoogleOther)"
2a06:98c0:3600::103 - - [26/Apr/2025:06:21:27 -0400] "GET /wordpress/wp-admin/setup-config.php HTTP/1.1" 404 1992 "-" "Mozilla/5.0 (Windows NT 10.0; Win64; x64) AppleWebKit/537.36 (KHTML, like Gecko) Chrome/135.0.0.0 Safari/537.36"
2a06:98c0:3600::103 - - [26/Apr/2025:06:24:09 -0400] "GET /wordpress/wp-admin/setup-config.php HTTP/1.1" 404 1992 "-" "Mozilla/5.0 (Windows NT 10.0; Win64; x64) AppleWebKit/537.36 (KHTML, like Gecko) Chrome/135.0.0.0 Safari/537.36"
2a06:98c0:3600::103 - - [26/Apr/2025:06:25:02 -0400] "GET /wp-admin/setup-config.php HTTP/1.1" 404 1992 "-" "Mozilla/5.0 (Windows NT 10.0; Win64; x64) AppleWebKit/537.36 (KHTML, like Gecko) Chrome/135.0.0.0 Safari/537.36"
2a06:98c0:3600::103 - - [26/Apr/2025:06:25:28 -0400] "GET /wp-admin/setup-config.php HTTP/1.1" 404 1992 "-" "Mozilla/5.0 (Windows NT 10.0; Win64; x64) AppleWebKit/537.36 (KHTML, like Gecko) Chrome/135.0.0.0 Safari/537.36"
51.222.253.5 - - [26/Apr/2025:06:25:46 -0400] "GET /360-total-security-coupons?filter=deals HTTP/1.1" 200 4293 "-" "Mozilla/5.0 (compatible; AhrefsBot/7.0; +http://ahrefs.com/robot/)"
51.222.253.7 - - [26/Apr/2025:06:40:47 -0400] "GET /christian-art-workshop-voucher?filter=deals HTTP/1.1" 200 3963 "-" "Mozilla/5.0 (compatible; AhrefsBot/7.0; +http://ahrefs.com/robot/)"
2a06:98c0:3600::103 - - [26/Apr/2025:06:43:02 -0400] "GET /wordpress/wp-admin/setup-config.php HTTP/1.1" 404 1992 "-" "Mozilla/5.0 (Windows NT 10.0; Win64; x64) AppleWebKit/537.36 (KHTML, like Gecko) Chrome/135.0.0.0 Safari/537.36"
2a06:98c0:3600::103 - - [26/Apr/2025:06:43:07 -0400] "GET /wordpress/wp-admin/setup-config.php HTTP/1.1" 404 1992 "-" "Mozilla/5.0 (Windows NT 10.0; Win64; x64) AppleWebKit/537.36 (KHTML, like Gecko) Chrome/135.0.0.0 Safari/537.36"
2a06:98c0:3600::103 - - [26/Apr/2025:06:43:15 -0400] "GET /wp-admin/setup-config.php HTTP/1.1" 404 1992 "-" "Mozilla/5.0 (Windows NT 10.0; Win64; x64) AppleWebKit/537.36 (KHTML, like Gecko) Chrome/135.0.0.0 Safari/537.36"
2a06:98c0:3600::103 - - [26/Apr/2025:06:43:57 -0400] "GET /wp-admin/setup-config.php HTTP/1.1" 404 1992 "-" "Mozilla/5.0 (Windows NT 10.0; Win64; x64) AppleWebKit/537.36 (KHTML, like Gecko) Chrome/135.0.0.0 Safari/537.36"
2a06:98c0:3600::103 - - [26/Apr/2025:06:55:44 -0400] "GET /wp-admin/setup-config.php HTTP/1.1" 404 1992 "-" "Mozilla/5.0 (Windows NT 10.0; Win64; x64) AppleWebKit/537.36 (KHTML, like Gecko) Chrome/135.0.0.0 Safari/537.36"
51.222.253.1 - - [26/Apr/2025:06:55:42 -0400] "GET /chichue-embroidery-vouchers?filter=codes HTTP/1.1" 200 3961 "-" "Mozilla/5.0 (compatible; AhrefsBot/7.0; +http://ahrefs.com/robot/)"
2a06:98c0:3600::103 - - [26/Apr/2025:06:56:44 -0400] "GET /wp-admin/setup-config.php HTTP/1.1" 404 1992 "-" "Mozilla/5.0 (Windows NT 10.0; Win64; x64) AppleWebKit/537.36 (KHTML, like Gecko) Chrome/135.0.0.0 Safari/537.36"
2a06:98c0:3600::103 - - [26/Apr/2025:06:56:53 -0400] "GET /wordpress/wp-admin/setup-config.php HTTP/1.1" 404 1992 "-" "Mozilla/5.0 (Windows NT 10.0; Win64; x64) AppleWebKit/537.36 (KHTML, like Gecko) Chrome/135.0.0.0 Safari/537.36"
2a06:98c0:3600::103 - - [26/Apr/2025:06:58:04 -0400] "GET /wordpress/wp-admin/setup-config.php HTTP/1.1" 404 1992 "-" "Mozilla/5.0 (Windows NT 10.0; Win64; x64) AppleWebKit/537.36 (KHTML, like Gecko) Chrome/135.0.0.0 Safari/537.36"
168.235.149.18 - - [26/Apr/2025:07:04:29 -0400] "GET / HTTP/1.1" 301 795 "-" "Mozilla/5.0 (Windows NT 10.0; Win64; x64) AppleWebKit/537.36 (KHTML, like Gecko) Chrome/129.0.0.0 Safari/537.3"
45.56.171.27 - - [26/Apr/2025:07:04:30 -0400] "GET / HTTP/1.1" 200 4887 "-" "Mozilla/5.0 (Windows NT 10.0; Win64; x64) AppleWebKit/537.36 (KHTML, like Gecko) Chrome/129.0.0.0 Safari/537.3"
2a06:98c0:3600::103 - - [26/Apr/2025:07:11:31 -0400] "GET /wp-admin/setup-config.php HTTP/1.1" 404 1992 "-" "Mozilla/5.0 (Windows NT 10.0; Win64; x64) AppleWebKit/537.36 (KHTML, like Gecko) Chrome/135.0.0.0 Safari/537.36"
2a06:98c0:3600::103 - - [26/Apr/2025:07:12:42 -0400] "GET /wordpress/wp-admin/setup-config.php HTTP/1.1" 404 1992 "-" "Mozilla/5.0 (Windows NT 10.0; Win64; x64) AppleWebKit/537.36 (KHTML, like Gecko) Chrome/135.0.0.0 Safari/537.36"
51.222.253.13 - - [26/Apr/2025:07:13:42 -0400] "GET /fitkitty-culture-vouchers HTTP/1.1" 200 4983 "-" "Mozilla/5.0 (compatible; AhrefsBot/7.0; +http://ahrefs.com/robot/)"
2a06:98c0:3600::103 - - [26/Apr/2025:07:15:17 -0400] "GET /wordpress/wp-admin/setup-config.php HTTP/1.1" 404 1992 "-" "Mozilla/5.0 (Windows NT 10.0; Win64; x64) AppleWebKit/537.36 (KHTML, like Gecko) Chrome/135.0.0.0 Safari/537.36"
2a06:98c0:3600::103 - - [26/Apr/2025:07:15:29 -0400] "GET /wp-admin/setup-config.php HTTP/1.1" 404 1992 "-" "Mozilla/5.0 (Windows NT 10.0; Win64; x64) AppleWebKit/537.36 (KHTML, like Gecko) Chrome/135.0.0.0 Safari/537.36"
2a06:98c0:3600::103 - - [26/Apr/2025:07:28:30 -0400] "GET /wp-admin/setup-config.php HTTP/1.1" 200 0 "-" "Mozilla/5.0 (Windows NT 10.0; Win64; x64) AppleWebKit/537.36 (KHTML, like Gecko) Chrome/135.0.0.0 Safari/537.36"
2a06:98c0:3600::103 - - [26/Apr/2025:07:28:54 -0400] "GET /wp-admin/setup-config.php HTTP/1.1" 404 1992 "-" "Mozilla/5.0 (Windows NT 10.0; Win64; x64) AppleWebKit/537.36 (KHTML, like Gecko) Chrome/135.0.0.0 Safari/537.36"
2a06:98c0:3600::103 - - [26/Apr/2025:07:29:32 -0400] "GET /wordpress/wp-admin/setup-config.php HTTP/1.1" 404 1992 "-" "Mozilla/5.0 (Windows NT 10.0; Win64; x64) AppleWebKit/537.36 (KHTML, like Gecko) Chrome/135.0.0.0 Safari/537.36"
51.222.253.18 - - [26/Apr/2025:07:31:46 -0400] "GET /guess-promo-code HTTP/1.1" 200 4883 "-" "Mozilla/5.0 (compatible; AhrefsBot/7.0; +http://ahrefs.com/robot/)"
2a06:98c0:3600::103 - - [26/Apr/2025:07:45:34 -0400] "GET /wordpress/wp-admin/setup-config.php HTTP/1.1" 404 1992 "-" "Mozilla/5.0 (Windows NT 10.0; Win64; x64) AppleWebKit/537.36 (KHTML, like Gecko) Chrome/135.0.0.0 Safari/537.36"
2a06:98c0:3600::103 - - [26/Apr/2025:07:45:59 -0400] "GET /wp-admin/setup-config.php HTTP/1.1" 404 1992 "-" "Mozilla/5.0 (Windows NT 10.0; Win64; x64) AppleWebKit/537.36 (KHTML, like Gecko) Chrome/135.0.0.0 Safari/537.36"
51.222.253.2 - - [26/Apr/2025:07:47:27 -0400] "GET /kollyy-couponcode HTTP/1.1" 200 4539 "-" "Mozilla/5.0 (compatible; AhrefsBot/7.0; +http://ahrefs.com/robot/)"
2a06:98c0:3600::103 - - [26/Apr/2025:07:47:53 -0400] "GET /wp-admin/setup-config.php HTTP/1.1" 404 1992 "-" "Mozilla/5.0 (Windows NT 10.0; Win64; x64) AppleWebKit/537.36 (KHTML, like Gecko) Chrome/135.0.0.0 Safari/537.36"
2a06:98c0:3600::103 - - [26/Apr/2025:07:48:12 -0400] "GET /wordpress/wp-admin/setup-config.php HTTP/1.1" 404 1992 "-" "Mozilla/5.0 (Windows NT 10.0; Win64; x64) AppleWebKit/537.36 (KHTML, like Gecko) Chrome/135.0.0.0 Safari/537.36"
43.130.37.243 - - [26/Apr/2025:08:00:30 -0400] "GET / HTTP/1.1" 301 795 "http://www.frugilo.com" "Mozilla/5.0 (iPhone; CPU iPhone OS 13_2_3 like Mac OS X) AppleWebKit/605.1.15 (KHTML, like Gecko) Version/13.0.3 Mobile/15E148 Safari/604.1"
43.130.37.243 - - [26/Apr/2025:08:00:33 -0400] "GET / HTTP/1.1" 200 5796 "http://frugilo.com/" "Mozilla/5.0 (iPhone; CPU iPhone OS 13_2_3 like Mac OS X) AppleWebKit/605.1.15 (KHTML, like Gecko) Version/13.0.3 Mobile/15E148 Safari/604.1"
2a06:98c0:3600::103 - - [26/Apr/2025:08:01:26 -0400] "GET /wp-admin/setup-config.php HTTP/1.1" 404 1992 "-" "Mozilla/5.0 (Windows NT 10.0; Win64; x64) AppleWebKit/537.36 (KHTML, like Gecko) Chrome/135.0.0.0 Safari/537.36"
51.222.253.16 - - [26/Apr/2025:08:03:10 -0400] "GET /robots.txt HTTP/1.1" 200 24 "-" "Mozilla/5.0 (compatible; AhrefsBot/7.0; +http://ahrefs.com/robot/)"
51.222.253.11 - - [26/Apr/2025:08:03:11 -0400] "GET /roselinlin-promo-codes HTTP/1.1" 200 4513 "-" "Mozilla/5.0 (compatible; AhrefsBot/7.0; +http://ahrefs.com/robot/)"
2a06:98c0:3600::103 - - [26/Apr/2025:08:04:16 -0400] "GET /wordpress/wp-admin/setup-config.php HTTP/1.1" 404 1992 "-" "Mozilla/5.0 (Windows NT 10.0; Win64; x64) AppleWebKit/537.36 (KHTML, like Gecko) Chrome/135.0.0.0 Safari/537.36"
2a06:98c0:3600::103 - - [26/Apr/2025:08:04:54 -0400] "GET /wp-admin/setup-config.php HTTP/1.1" 404 1992 "-" "Mozilla/5.0 (Windows NT 10.0; Win64; x64) AppleWebKit/537.36 (KHTML, like Gecko) Chrome/135.0.0.0 Safari/537.36"
2a06:98c0:3600::103 - - [26/Apr/2025:08:05:06 -0400] "GET /wordpress/wp-admin/setup-config.php HTTP/1.1" 404 1992 "-" "Mozilla/5.0 (Windows NT 10.0; Win64; x64) AppleWebKit/537.36 (KHTML, like Gecko) Chrome/135.0.0.0 Safari/537.36"
2a06:98c0:3600::103 - - [26/Apr/2025:08:18:36 -0400] "GET /wordpress/wp-admin/setup-config.php HTTP/1.1" 404 1992 "-" "Mozilla/5.0 (Windows NT 10.0; Win64; x64) AppleWebKit/537.36 (KHTML, like Gecko) Chrome/135.0.0.0 Safari/537.36"
2a06:98c0:3600::103 - - [26/Apr/2025:08:19:13 -0400] "GET /wp-admin/setup-config.php HTTP/1.1" 404 1992 "-" "Mozilla/5.0 (Windows NT 10.0; Win64; x64) AppleWebKit/537.36 (KHTML, like Gecko) Chrome/135.0.0.0 Safari/537.36"
51.222.253.8 - - [26/Apr/2025:08:19:21 -0400] "GET /skimpies-discount HTTP/1.1" 200 4340 "-" "Mozilla/5.0 (compatible; AhrefsBot/7.0; +http://ahrefs.com/robot/)"
2a06:98c0:3600::103 - - [26/Apr/2025:08:21:46 -0400] "GET /wp-admin/setup-config.php HTTP/1.1" 404 1992 "-" "Mozilla/5.0 (Windows NT 10.0; Win64; x64) AppleWebKit/537.36 (KHTML, like Gecko) Chrome/135.0.0.0 Safari/537.36"
2a06:98c0:3600::103 - - [26/Apr/2025:08:21:56 -0400] "GET /wordpress/wp-admin/setup-config.php HTTP/1.1" 404 1992 "-" "Mozilla/5.0 (Windows NT 10.0; Win64; x64) AppleWebKit/537.36 (KHTML, like Gecko) Chrome/135.0.0.0 Safari/537.36"
223.244.35.77 - - [26/Apr/2025:08:22:08 -0400] "GET / HTTP/1.1" 301 795 "http://www.frugilo.com" "Mozilla/5.0 (iPhone; CPU iPhone OS 13_2_3 like Mac OS X) AppleWebKit/605.1.15 (KHTML, like Gecko) Version/13.0.3 Mobile/15E148 Safari/604.1"
223.244.35.77 - - [26/Apr/2025:08:22:10 -0400] "GET / HTTP/1.1" 200 5795 "http://frugilo.com/" "Mozilla/5.0 (iPhone; CPU iPhone OS 13_2_3 like Mac OS X) AppleWebKit/605.1.15 (KHTML, like Gecko) Version/13.0.3 Mobile/15E148 Safari/604.1"
34.122.147.229 - - [26/Apr/2025:08:22:55 -0400] "GET / HTTP/1.1" 200 4891 "-" "Mozilla/5.0 (X11; Linux x86_64) AppleWebKit/537.36 (KHTML, like Gecko) HeadlessChrome/125.0.6422.60 Safari/537.36"
34.122.147.229 - - [26/Apr/2025:08:22:56 -0400] "GET /assets/frontend/css/flexslider.css HTTP/1.1" 200 1704 "https://frugilo.com/" "Mozilla/5.0 (X11; Linux x86_64) AppleWebKit/537.36 (KHTML, like Gecko) HeadlessChrome/125.0.6422.60 Safari/537.36"
34.122.147.229 - - [26/Apr/2025:08:22:56 -0400] "GET /assets/frontend/css/style-dark.css?v=12 HTTP/1.1" 200 1404 "https://frugilo.com/" "Mozilla/5.0 (X11; Linux x86_64) AppleWebKit/537.36 (KHTML, like Gecko) HeadlessChrome/125.0.6422.60 Safari/537.36"
34.122.147.229 - - [26/Apr/2025:08:22:56 -0400] "GET /assets/frontend/css/responsive.css HTTP/1.1" 200 2284 "https://frugilo.com/" "Mozilla/5.0 (X11; Linux x86_64) AppleWebKit/537.36 (KHTML, like Gecko) HeadlessChrome/125.0.6422.60 Safari/537.36"
34.122.147.229 - - [26/Apr/2025:08:22:56 -0400] "GET /assets/frontend/css/jquery.popupcommon.css HTTP/1.1" 200 297 "https://frugilo.com/" "Mozilla/5.0 (X11; Linux x86_64) AppleWebKit/537.36 (KHTML, like Gecko) HeadlessChrome/125.0.6422.60 Safari/537.36"
34.122.147.229 - - [26/Apr/2025:08:22:56 -0400] "GET /assets/frontend/css/style-gray.css?v=12 HTTP/1.1" 200 1916 "https://frugilo.com/" "Mozilla/5.0 (X11; Linux x86_64) AppleWebKit/537.36 (KHTML, like Gecko) HeadlessChrome/125.0.6422.60 Safari/537.36"
34.122.147.229 - - [26/Apr/2025:08:22:56 -0400] "GET /assets/frontend/css/normalize.css HTTP/1.1" 200 1998 "https://frugilo.com/" "Mozilla/5.0 (X11; Linux x86_64) AppleWebKit/537.36 (KHTML, like Gecko) HeadlessChrome/125.0.6422.60 Safari/537.36"
34.122.147.229 - - [26/Apr/2025:08:22:56 -0400] "GET /assets/frontend/css/res-menu.css HTTP/1.1" 200 1315 "https://frugilo.com/" "Mozilla/5.0 (X11; Linux x86_64) AppleWebKit/537.36 (KHTML, like Gecko) HeadlessChrome/125.0.6422.60 Safari/537.36"
34.122.147.229 - - [26/Apr/2025:08:22:56 -0400] "GET /assets/frontend/css/jquery.nouislider.css HTTP/1.1" 200 942 "https://frugilo.com/" "Mozilla/5.0 (X11; Linux x86_64) AppleWebKit/537.36 (KHTML, like Gecko) HeadlessChrome/125.0.6422.60 Safari/537.36"
34.122.147.229 - - [26/Apr/2025:08:22:56 -0400] "GET /assets/frontend/images/ajax-loader.gif HTTP/1.1" 200 9427 "https://frugilo.com/" "Mozilla/5.0 (X11; Linux x86_64) AppleWebKit/537.36 (KHTML, like Gecko) HeadlessChrome/125.0.6422.60 Safari/537.36"
34.122.147.229 - - [26/Apr/2025:08:22:56 -0400] "GET /assets/frontend/js/jquery-1.10.2.min.js HTTP/1.1" 200 31897 "https://frugilo.com/" "Mozilla/5.0 (X11; Linux x86_64) AppleWebKit/537.36 (KHTML, like Gecko) HeadlessChrome/125.0.6422.60 Safari/537.36"
34.122.147.229 - - [26/Apr/2025:08:22:56 -0400] "GET /assets/frontend/css/style.css?v=13 HTTP/1.1" 200 12469 "https://frugilo.com/" "Mozilla/5.0 (X11; Linux x86_64) AppleWebKit/537.36 (KHTML, like Gecko) HeadlessChrome/125.0.6422.60 Safari/537.36"
34.122.147.229 - - [26/Apr/2025:08:22:56 -0400] "GET /storage/slider_images/slider_2025_04_24_21_28_16.png HTTP/1.1" 200 353416 "https://frugilo.com/" "Mozilla/5.0 (X11; Linux x86_64) AppleWebKit/537.36 (KHTML, like Gecko) HeadlessChrome/125.0.6422.60 Safari/537.36"
34.122.147.229 - - [26/Apr/2025:08:22:56 -0400] "GET /storage/slider_images/slider_2023_10_31_13_45_48.jpg HTTP/1.1" 200 105786 "https://frugilo.com/" "Mozilla/5.0 (X11; Linux x86_64) AppleWebKit/537.36 (KHTML, like Gecko) HeadlessChrome/125.0.6422.60 Safari/537.36"
34.122.147.229 - - [26/Apr/2025:08:22:56 -0400] "GET /storage/slider_images/slider_2023_10_31_14_04_14.jpg HTTP/1.1" 200 194232 "https://frugilo.com/" "Mozilla/5.0 (X11; Linux x86_64) AppleWebKit/537.36 (KHTML, like Gecko) HeadlessChrome/125.0.6422.60 Safari/537.36"
34.122.147.229 - - [26/Apr/2025:08:22:56 -0400] "GET /assets/frontend/images/frugilo.png HTTP/1.1" 200 7129 "https://frugilo.com/" "Mozilla/5.0 (X11; Linux x86_64) AppleWebKit/537.36 (KHTML, like Gecko) HeadlessChrome/125.0.6422.60 Safari/537.36"
34.122.147.229 - - [26/Apr/2025:08:22:56 -0400] "GET /assets/frontend/js/jquery.popupcommon.js HTTP/1.1" 200 1286 "https://frugilo.com/" "Mozilla/5.0 (X11; Linux x86_64) AppleWebKit/537.36 (KHTML, like Gecko) HeadlessChrome/125.0.6422.60 Safari/537.36"
34.122.147.229 - - [26/Apr/2025:08:22:56 -0400] "GET /assets/frontend/images/instagram.png HTTP/1.1" 200 2270 "https://frugilo.com/" "Mozilla/5.0 (X11; Linux x86_64) AppleWebKit/537.36 (KHTML, like Gecko) HeadlessChrome/125.0.6422.60 Safari/537.36"
34.122.147.229 - - [26/Apr/2025:08:22:56 -0400] "GET /assets/frontend/images/pinterest.png HTTP/1.1" 200 2358 "https://frugilo.com/" "Mozilla/5.0 (X11; Linux x86_64) AppleWebKit/537.36 (KHTML, like Gecko) HeadlessChrome/125.0.6422.60 Safari/537.36"
34.122.147.229 - - [26/Apr/2025:08:22:56 -0400] "GET /assets/frontend/js/classie.js HTTP/1.1" 200 616 "https://frugilo.com/" "Mozilla/5.0 (X11; Linux x86_64) AppleWebKit/537.36 (KHTML, like Gecko) HeadlessChrome/125.0.6422.60 Safari/537.36"
34.122.147.229 - - [26/Apr/2025:08:22:56 -0400] "GET /assets/frontend/js/script.js HTTP/1.1" 200 2169 "https://frugilo.com/" "Mozilla/5.0 (X11; Linux x86_64) AppleWebKit/537.36 (KHTML, like Gecko) HeadlessChrome/125.0.6422.60 Safari/537.36"
34.122.147.229 - - [26/Apr/2025:08:22:56 -0400] "GET /assets/frontend/images/tiktok.png HTTP/1.1" 200 2079 "https://frugilo.com/" "Mozilla/5.0 (X11; Linux x86_64) AppleWebKit/537.36 (KHTML, like Gecko) HeadlessChrome/125.0.6422.60 Safari/537.36"
34.122.147.229 - - [26/Apr/2025:08:22:56 -0400] "GET /assets/frontend/images/facebook.png HTTP/1.1" 200 1623 "https://frugilo.com/" "Mozilla/5.0 (X11; Linux x86_64) AppleWebKit/537.36 (KHTML, like Gecko) HeadlessChrome/125.0.6422.60 Safari/537.36"
34.122.147.229 - - [26/Apr/2025:08:22:56 -0400] "GET /assets/frontend/js/mlpushmenu.js HTTP/1.1" 200 3799 "https://frugilo.com/" "Mozilla/5.0 (X11; Linux x86_64) AppleWebKit/537.36 (KHTML, like Gecko) HeadlessChrome/125.0.6422.60 Safari/537.36"
34.122.147.229 - - [26/Apr/2025:08:22:56 -0400] "GET /assets/frontend/js/modernizr.custom.js HTTP/1.1" 200 3757 "https://frugilo.com/" "Mozilla/5.0 (X11; Linux x86_64) AppleWebKit/537.36 (KHTML, like Gecko) HeadlessChrome/125.0.6422.60 Safari/537.36"
34.122.147.229 - - [26/Apr/2025:08:22:56 -0400] "GET /assets/frontend/js/html5lightbox.js HTTP/1.1" 200 6721 "https://frugilo.com/" "Mozilla/5.0 (X11; Linux x86_64) AppleWebKit/537.36 (KHTML, like Gecko) HeadlessChrome/125.0.6422.60 Safari/537.36"
34.122.147.229 - - [26/Apr/2025:08:22:56 -0400] "GET /assets/frontend/js/jquery.flexslider-min.js HTTP/1.1" 200 5945 "https://frugilo.com/" "Mozilla/5.0 (X11; Linux x86_64) AppleWebKit/537.36 (KHTML, like Gecko) HeadlessChrome/125.0.6422.60 Safari/537.36"
34.122.147.229 - - [26/Apr/2025:08:22:56 -0400] "GET /assets/frontend/js/jquery.nouislider.js HTTP/1.1" 200 11364 "https://frugilo.com/" "Mozilla/5.0 (X11; Linux x86_64) AppleWebKit/537.36 (KHTML, like Gecko) HeadlessChrome/125.0.6422.60 Safari/537.36"
34.122.147.229 - - [26/Apr/2025:08:22:57 -0400] "GET /assets/frontend/images/lightbox-next.png HTTP/1.1" 200 49509 "https://frugilo.com/" "Mozilla/5.0 (X11; Linux x86_64) AppleWebKit/537.36 (KHTML, like Gecko) HeadlessChrome/125.0.6422.60 Safari/537.36"
34.122.147.229 - - [26/Apr/2025:08:22:57 -0400] "GET /assets/frontend/images/close.png HTTP/1.1" 200 49509 "https://frugilo.com/" "Mozilla/5.0 (X11; Linux x86_64) AppleWebKit/537.36 (KHTML, like Gecko) HeadlessChrome/125.0.6422.60 Safari/537.36"
34.122.147.229 - - [26/Apr/2025:08:22:57 -0400] "GET /assets/frontend/images/lightbox-prev.png HTTP/1.1" 200 49509 "https://frugilo.com/" "Mozilla/5.0 (X11; Linux x86_64) AppleWebKit/537.36 (KHTML, like Gecko) HeadlessChrome/125.0.6422.60 Safari/537.36"
34.122.147.229 - - [26/Apr/2025:08:23:00 -0400] "GET /assets/frontend/images/icon.png HTTP/1.1" 200 3486 "https://frugilo.com/assets/frontend/css/flexslider.css" "Mozilla/5.0 (X11; Linux x86_64) AppleWebKit/537.36 (KHTML, like Gecko) HeadlessChrome/125.0.6422.60 Safari/537.36"
51.222.253.11 - - [26/Apr/2025:08:35:40 -0400] "GET /good-friend-discount-code HTTP/1.1" 200 4779 "-" "Mozilla/5.0 (compatible; AhrefsBot/7.0; +http://ahrefs.com/robot/)"
2a06:98c0:3600::103 - - [26/Apr/2025:08:36:30 -0400] "GET /wordpress/wp-admin/setup-config.php HTTP/1.1" 404 1992 "-" "Mozilla/5.0 (Windows NT 10.0; Win64; x64) AppleWebKit/537.36 (KHTML, like Gecko) Chrome/135.0.0.0 Safari/537.36"
2a06:98c0:3600::103 - - [26/Apr/2025:08:37:19 -0400] "GET /wordpress/wp-admin/setup-config.php HTTP/1.1" 404 1992 "-" "Mozilla/5.0 (Windows NT 10.0; Win64; x64) AppleWebKit/537.36 (KHTML, like Gecko) Chrome/135.0.0.0 Safari/537.36"
2a06:98c0:3600::103 - - [26/Apr/2025:08:37:24 -0400] "GET /wp-admin/setup-config.php HTTP/1.1" 404 1992 "-" "Mozilla/5.0 (Windows NT 10.0; Win64; x64) AppleWebKit/537.36 (KHTML, like Gecko) Chrome/135.0.0.0 Safari/537.36"
2a06:98c0:3600::103 - - [26/Apr/2025:08:38:07 -0400] "GET /wp-admin/setup-config.php HTTP/1.1" 404 1992 "-" "Mozilla/5.0 (Windows NT 10.0; Win64; x64) AppleWebKit/537.36 (KHTML, like Gecko) Chrome/135.0.0.0 Safari/537.36"
34.121.69.92 - - [26/Apr/2025:08:42:18 -0400] "GET / HTTP/1.1" 200 5796 "-" "Mozilla/5.0 (X11; CrOS i686 3912.101.0) AppleWebKit/537.36 (KHTML, like Gecko) Chrome/27.0.1453.116 Safari/537.36"
2a06:98c0:3600::103 - - [26/Apr/2025:08:50:31 -0400] "GET /wordpress/wp-admin/setup-config.php HTTP/1.1" 404 1992 "-" "Mozilla/5.0 (Windows NT 10.0; Win64; x64) AppleWebKit/537.36 (KHTML, like Gecko) Chrome/135.0.0.0 Safari/537.36"
2a06:98c0:3600::103 - - [26/Apr/2025:08:51:11 -0400] "GET /wordpress/wp-admin/setup-config.php HTTP/1.1" 404 1992 "-" "Mozilla/5.0 (Windows NT 10.0; Win64; x64) AppleWebKit/537.36 (KHTML, like Gecko) Chrome/135.0.0.0 Safari/537.36"
51.222.253.6 - - [26/Apr/2025:08:51:25 -0400] "GET /keyper-llc-vouchers HTTP/1.1" 200 4822 "-" "Mozilla/5.0 (compatible; AhrefsBot/7.0; +http://ahrefs.com/robot/)"
2a06:98c0:3600::103 - - [26/Apr/2025:08:51:54 -0400] "GET /wp-admin/setup-config.php HTTP/1.1" 404 1992 "-" "Mozilla/5.0 (Windows NT 10.0; Win64; x64) AppleWebKit/537.36 (KHTML, like Gecko) Chrome/135.0.0.0 Safari/537.36"
2a06:98c0:3600::103 - - [26/Apr/2025:08:52:56 -0400] "GET /wp-admin/setup-config.php HTTP/1.1" 404 1992 "-" "Mozilla/5.0 (Windows NT 10.0; Win64; x64) AppleWebKit/537.36 (KHTML, like Gecko) Chrome/135.0.0.0 Safari/537.36"
4.227.36.49 - - [26/Apr/2025:09:05:50 -0400] "GET /robots.txt HTTP/1.1" 301 795 "http://www.frugilo.com/robots.txt" "Mozilla/5.0 AppleWebKit/537.36 (KHTML, like Gecko; compatible; GPTBot/1.2; +https://openai.com/gptbot)"
4.227.36.21 - - [26/Apr/2025:09:05:50 -0400] "GET /robots.txt HTTP/1.1" 200 24 "http://frugilo.com/robots.txt" "Mozilla/5.0 AppleWebKit/537.36 (KHTML, like Gecko; compatible; GPTBot/1.2; +https://openai.com/gptbot)"
4.227.36.49 - - [26/Apr/2025:09:05:51 -0400] "GET /robots.txt HTTP/1.1" 200 24 "http://frugilo.com/robots.txt" "Mozilla/5.0 AppleWebKit/537.36 (KHTML, like Gecko; compatible; GPTBot/1.2; +https://openai.com/gptbot)"
4.227.36.49 - - [26/Apr/2025:09:05:51 -0400] "GET /robots.txt HTTP/1.1" 301 795 "-" "Mozilla/5.0 AppleWebKit/537.36 (KHTML, like Gecko; compatible; GPTBot/1.2; +https://openai.com/gptbot)"
4.227.36.49 - - [26/Apr/2025:09:05:51 -0400] "GET /robots.txt HTTP/1.1" 200 24 "http://frugilo.com/robots.txt" "Mozilla/5.0 AppleWebKit/537.36 (KHTML, like Gecko; compatible; GPTBot/1.2; +https://openai.com/gptbot)"
4.227.36.21 - - [26/Apr/2025:09:05:51 -0400] "GET /robots.txt HTTP/1.1" 200 24 "-" "Mozilla/5.0 AppleWebKit/537.36 (KHTML, like Gecko; compatible; GPTBot/1.2; +https://openai.com/gptbot)"
20.171.207.113 - - [26/Apr/2025:09:05:54 -0400] "GET /robots.txt HTTP/1.1" 301 795 "-" "Mozilla/5.0 AppleWebKit/537.36 (KHTML, like Gecko; compatible; GPTBot/1.2; +https://openai.com/gptbot)"
20.171.207.235 - - [26/Apr/2025:09:05:54 -0400] "GET /robots.txt HTTP/1.1" 200 24 "-" "Mozilla/5.0 AppleWebKit/537.36 (KHTML, like Gecko; compatible; GPTBot/1.2; +https://openai.com/gptbot)"
68.183.191.162 - - [26/Apr/2025:09:06:08 -0400] "GET / HTTP/1.1" 200 24453 "-" "Mozilla/5.0 (Windows NT 10.0; Win64; x64) AppleWebKit/537.36 (KHTML, like Gecko) Chrome/78.0.3904.108 Safari/537.36"
68.183.191.162 - - [26/Apr/2025:09:06:11 -0400] "GET //wp-includes/wlwmanifest.xml HTTP/1.1" 404 6603 "-" "Mozilla/5.0 (Windows NT 10.0; Win64; x64) AppleWebKit/537.36 (KHTML, like Gecko) Chrome/78.0.3904.108 Safari/537.36"
68.183.191.162 - - [26/Apr/2025:09:06:12 -0400] "GET / HTTP/1.1" 200 24453 "-" "Mozilla/5.0 (Windows NT 10.0; Win64; x64) AppleWebKit/537.36 (KHTML, like Gecko) Chrome/78.0.3904.108 Safari/537.36"
68.183.191.162 - - [26/Apr/2025:09:06:12 -0400] "GET //blog/wp-includes/wlwmanifest.xml HTTP/1.1" 404 6603 "-" "Mozilla/5.0 (Windows NT 10.0; Win64; x64) AppleWebKit/537.36 (KHTML, like Gecko) Chrome/78.0.3904.108 Safari/537.36"
68.183.191.162 - - [26/Apr/2025:09:06:12 -0400] "GET //web/wp-includes/wlwmanifest.xml HTTP/1.1" 404 6603 "-" "Mozilla/5.0 (Windows NT 10.0; Win64; x64) AppleWebKit/537.36 (KHTML, like Gecko) Chrome/78.0.3904.108 Safari/537.36"
68.183.191.162 - - [26/Apr/2025:09:06:13 -0400] "GET //wordpress/wp-includes/wlwmanifest.xml HTTP/1.1" 404 6603 "-" "Mozilla/5.0 (Windows NT 10.0; Win64; x64) AppleWebKit/537.36 (KHTML, like Gecko) Chrome/78.0.3904.108 Safari/537.36"
68.183.191.162 - - [26/Apr/2025:09:06:13 -0400] "GET //website/wp-includes/wlwmanifest.xml HTTP/1.1" 404 6603 "-" "Mozilla/5.0 (Windows NT 10.0; Win64; x64) AppleWebKit/537.36 (KHTML, like Gecko) Chrome/78.0.3904.108 Safari/537.36"
68.183.191.162 - - [26/Apr/2025:09:06:13 -0400] "GET //wp/wp-includes/wlwmanifest.xml HTTP/1.1" 404 6603 "-" "Mozilla/5.0 (Windows NT 10.0; Win64; x64) AppleWebKit/537.36 (KHTML, like Gecko) Chrome/78.0.3904.108 Safari/537.36"
68.183.191.162 - - [26/Apr/2025:09:06:14 -0400] "GET //news/wp-includes/wlwmanifest.xml HTTP/1.1" 404 6603 "-" "Mozilla/5.0 (Windows NT 10.0; Win64; x64) AppleWebKit/537.36 (KHTML, like Gecko) Chrome/78.0.3904.108 Safari/537.36"
68.183.191.162 - - [26/Apr/2025:09:06:14 -0400] "GET //2018/wp-includes/wlwmanifest.xml HTTP/1.1" 404 6603 "-" "Mozilla/5.0 (Windows NT 10.0; Win64; x64) AppleWebKit/537.36 (KHTML, like Gecko) Chrome/78.0.3904.108 Safari/537.36"
68.183.191.162 - - [26/Apr/2025:09:06:14 -0400] "GET //2019/wp-includes/wlwmanifest.xml HTTP/1.1" 404 6603 "-" "Mozilla/5.0 (Windows NT 10.0; Win64; x64) AppleWebKit/537.36 (KHTML, like Gecko) Chrome/78.0.3904.108 Safari/537.36"
68.183.191.162 - - [26/Apr/2025:09:06:15 -0400] "GET //shop/wp-includes/wlwmanifest.xml HTTP/1.1" 404 6603 "-" "Mozilla/5.0 (Windows NT 10.0; Win64; x64) AppleWebKit/537.36 (KHTML, like Gecko) Chrome/78.0.3904.108 Safari/537.36"
68.183.191.162 - - [26/Apr/2025:09:06:15 -0400] "GET //wp1/wp-includes/wlwmanifest.xml HTTP/1.1" 404 6603 "-" "Mozilla/5.0 (Windows NT 10.0; Win64; x64) AppleWebKit/537.36 (KHTML, like Gecko) Chrome/78.0.3904.108 Safari/537.36"
68.183.191.162 - - [26/Apr/2025:09:06:15 -0400] "GET //test/wp-includes/wlwmanifest.xml HTTP/1.1" 404 6603 "-" "Mozilla/5.0 (Windows NT 10.0; Win64; x64) AppleWebKit/537.36 (KHTML, like Gecko) Chrome/78.0.3904.108 Safari/537.36"
68.183.191.162 - - [26/Apr/2025:09:06:16 -0400] "GET //media/wp-includes/wlwmanifest.xml HTTP/1.1" 404 6603 "-" "Mozilla/5.0 (Windows NT 10.0; Win64; x64) AppleWebKit/537.36 (KHTML, like Gecko) Chrome/78.0.3904.108 Safari/537.36"
68.183.191.162 - - [26/Apr/2025:09:06:16 -0400] "GET //wp2/wp-includes/wlwmanifest.xml HTTP/1.1" 404 6603 "-" "Mozilla/5.0 (Windows NT 10.0; Win64; x64) AppleWebKit/537.36 (KHTML, like Gecko) Chrome/78.0.3904.108 Safari/537.36"
68.183.191.162 - - [26/Apr/2025:09:06:16 -0400] "GET //site/wp-includes/wlwmanifest.xml HTTP/1.1" 404 6603 "-" "Mozilla/5.0 (Windows NT 10.0; Win64; x64) AppleWebKit/537.36 (KHTML, like Gecko) Chrome/78.0.3904.108 Safari/537.36"
68.183.191.162 - - [26/Apr/2025:09:06:16 -0400] "GET //cms/wp-includes/wlwmanifest.xml HTTP/1.1" 404 6603 "-" "Mozilla/5.0 (Windows NT 10.0; Win64; x64) AppleWebKit/537.36 (KHTML, like Gecko) Chrome/78.0.3904.108 Safari/537.36"
68.183.191.162 - - [26/Apr/2025:09:06:17 -0400] "GET //sito/wp-includes/wlwmanifest.xml HTTP/1.1" 404 6603 "-" "Mozilla/5.0 (Windows NT 10.0; Win64; x64) AppleWebKit/537.36 (KHTML, like Gecko) Chrome/78.0.3904.108 Safari/537.36"
51.222.253.14 - - [26/Apr/2025:09:07:19 -0400] "GET /nekmit-discount HTTP/1.1" 200 4494 "-" "Mozilla/5.0 (compatible; AhrefsBot/7.0; +http://ahrefs.com/robot/)"
213.180.203.127 - - [26/Apr/2025:09:09:31 -0400] "GET /robots.txt HTTP/1.1" 200 24 "-" "Mozilla/5.0 (compatible; YandexBot/3.0; +http://yandex.com/bots)"
213.180.203.206 - - [26/Apr/2025:09:09:31 -0400] "GET /storage/store_images HTTP/1.1" 301 795 "-" "Mozilla/5.0 (compatible; YandexMarket/2.0; +http://yandex.com/bots)"
5.255.231.202 - - [26/Apr/2025:09:09:32 -0400] "GET /public/storage/store_images/ HTTP/1.1" 403 1242 "-" "Mozilla/5.0 (compatible; YandexMarket/2.0; +http://yandex.com/bots)"
2a06:98c0:3600::103 - - [26/Apr/2025:09:14:32 -0400] "GET /wp-admin/setup-config.php HTTP/1.1" 404 1992 "-" "Mozilla/5.0 (Windows NT 10.0; Win64; x64) AppleWebKit/537.36 (KHTML, like Gecko) Chrome/135.0.0.0 Safari/537.36"
2a06:98c0:3600::103 - - [26/Apr/2025:09:15:22 -0400] "GET /wordpress/wp-admin/setup-config.php HTTP/1.1" 404 1992 "-" "Mozilla/5.0 (Windows NT 10.0; Win64; x64) AppleWebKit/537.36 (KHTML, like Gecko) Chrome/135.0.0.0 Safari/537.36"
2a06:98c0:3600::103 - - [26/Apr/2025:09:15:27 -0400] "GET /wordpress/wp-admin/setup-config.php HTTP/1.1" 404 1992 "-" "Mozilla/5.0 (Windows NT 10.0; Win64; x64) AppleWebKit/537.36 (KHTML, like Gecko) Chrome/135.0.0.0 Safari/537.36"
2a06:98c0:3600::103 - - [26/Apr/2025:09:16:43 -0400] "GET /wp-admin/setup-config.php HTTP/1.1" 404 1992 "-" "Mozilla/5.0 (Windows NT 10.0; Win64; x64) AppleWebKit/537.36 (KHTML, like Gecko) Chrome/135.0.0.0 Safari/537.36"
51.222.253.20 - - [26/Apr/2025:09:22:01 -0400] "GET /saramart-voucher-code HTTP/1.1" 200 4244 "-" "Mozilla/5.0 (compatible; AhrefsBot/7.0; +http://ahrefs.com/robot/)"
2a06:98c0:3600::103 - - [26/Apr/2025:09:28:34 -0400] "GET /wordpress/wp-admin/setup-config.php HTTP/1.1" 404 1992 "-" "Mozilla/5.0 (Windows NT 10.0; Win64; x64) AppleWebKit/537.36 (KHTML, like Gecko) Chrome/135.0.0.0 Safari/537.36"
2a06:98c0:3600::103 - - [26/Apr/2025:09:29:47 -0400] "GET /wordpress/wp-admin/setup-config.php HTTP/1.1" 404 1992 "-" "Mozilla/5.0 (Windows NT 10.0; Win64; x64) AppleWebKit/537.36 (KHTML, like Gecko) Chrome/135.0.0.0 Safari/537.36"
2a06:98c0:3600::103 - - [26/Apr/2025:09:31:36 -0400] "GET /wp-admin/setup-config.php HTTP/1.1" 404 1992 "-" "Mozilla/5.0 (Windows NT 10.0; Win64; x64) AppleWebKit/537.36 (KHTML, like Gecko) Chrome/135.0.0.0 Safari/537.36"
2a06:98c0:3600::103 - - [26/Apr/2025:09:31:38 -0400] "GET /wp-admin/setup-config.php HTTP/1.1" 404 1992 "-" "Mozilla/5.0 (Windows NT 10.0; Win64; x64) AppleWebKit/537.36 (KHTML, like Gecko) Chrome/135.0.0.0 Safari/537.36"
2a06:98c0:3600::103 - - [26/Apr/2025:09:47:00 -0400] "GET /wp-admin/setup-config.php HTTP/1.1" 200 0 "-" "Mozilla/5.0 (Windows NT 10.0; Win64; x64) AppleWebKit/537.36 (KHTML, like Gecko) Chrome/135.0.0.0 Safari/537.36"
2a06:98c0:3600::103 - - [26/Apr/2025:09:47:00 -0400] "GET /wordpress/wp-admin/setup-config.php HTTP/1.1" 404 0 "-" "Mozilla/5.0 (Windows NT 10.0; Win64; x64) AppleWebKit/537.36 (KHTML, like Gecko) Chrome/135.0.0.0 Safari/537.36"
2a06:98c0:3600::103 - - [26/Apr/2025:09:48:20 -0400] "GET /wordpress/wp-admin/setup-config.php HTTP/1.1" 404 1992 "-" "Mozilla/5.0 (Windows NT 10.0; Win64; x64) AppleWebKit/537.36 (KHTML, like Gecko) Chrome/135.0.0.0 Safari/537.36"
2a06:98c0:3600::103 - - [26/Apr/2025:09:48:34 -0400] "GET /wp-admin/setup-config.php HTTP/1.1" 404 1992 "-" "Mozilla/5.0 (Windows NT 10.0; Win64; x64) AppleWebKit/537.36 (KHTML, like Gecko) Chrome/135.0.0.0 Safari/537.36"
51.222.253.4 - - [26/Apr/2025:09:52:05 -0400] "GET /dailyobjects-coupon-codes?filter=codes HTTP/1.1" 200 4533 "-" "Mozilla/5.0 (compatible; AhrefsBot/7.0; +http://ahrefs.com/robot/)"
2a06:98c0:3600::103 - - [26/Apr/2025:10:03:13 -0400] "GET /wordpress/wp-admin/setup-config.php HTTP/1.1" 200 0 "-" "Mozilla/5.0 (Windows NT 10.0; Win64; x64) AppleWebKit/537.36 (KHTML, like Gecko) Chrome/135.0.0.0 Safari/537.36"
2a06:98c0:3600::103 - - [26/Apr/2025:10:03:32 -0400] "GET /wp-admin/setup-config.php HTTP/1.1" 404 1992 "-" "Mozilla/5.0 (Windows NT 10.0; Win64; x64) AppleWebKit/537.36 (KHTML, like Gecko) Chrome/135.0.0.0 Safari/537.36"
2a06:98c0:3600::103 - - [26/Apr/2025:10:05:19 -0400] "GET /wordpress/wp-admin/setup-config.php HTTP/1.1" 404 1992 "-" "Mozilla/5.0 (Windows NT 10.0; Win64; x64) AppleWebKit/537.36 (KHTML, like Gecko) Chrome/135.0.0.0 Safari/537.36"
95.108.213.99 - - [26/Apr/2025:10:05:36 -0400] "GET /robots.txt HTTP/1.1" 200 24 "-" "Mozilla/5.0 (compatible; YandexBot/3.0; +http://yandex.com/bots)"
95.108.213.201 - - [26/Apr/2025:10:05:37 -0400] "GET /storage/blog_images/blog_2024_09_21_14_23_14.jpg HTTP/1.1" 404 2299 "-" "Mozilla/5.0 (compatible; YandexImages/3.0; +http://yandex.com/bots)"
213.180.203.108 - - [26/Apr/2025:10:05:40 -0400] "GET /storage/blog_images/blog_2024_09_21_14_23_14.jpg HTTP/1.1" 404 2299 "-" "Mozilla/5.0 (compatible; YandexMarket/2.0; +http://yandex.com/bots)"
51.222.253.3 - - [26/Apr/2025:10:07:25 -0400] "GET /dailyobjects-coupon-codes?filter=deals HTTP/1.1" 200 4307 "-" "Mozilla/5.0 (compatible; AhrefsBot/7.0; +http://ahrefs.com/robot/)"
2a06:98c0:3600::103 - - [26/Apr/2025:10:12:36 -0400] "GET /wordpress/wp-admin/setup-config.php HTTP/1.1" 404 1992 "-" "Mozilla/5.0 (Windows NT 10.0; Win64; x64) AppleWebKit/537.36 (KHTML, like Gecko) Chrome/135.0.0.0 Safari/537.36"
2a06:98c0:3600::103 - - [26/Apr/2025:10:13:28 -0400] "GET /wp-admin/setup-config.php HTTP/1.1" 404 1992 "-" "Mozilla/5.0 (Windows NT 10.0; Win64; x64) AppleWebKit/537.36 (KHTML, like Gecko) Chrome/135.0.0.0 Safari/537.36"
2a06:98c0:3600::103 - - [26/Apr/2025:10:13:44 -0400] "GET /wp-admin/setup-config.php HTTP/1.1" 404 1992 "-" "Mozilla/5.0 (Windows NT 10.0; Win64; x64) AppleWebKit/537.36 (KHTML, like Gecko) Chrome/135.0.0.0 Safari/537.36"
2a06:98c0:3600::103 - - [26/Apr/2025:10:13:48 -0400] "GET /wordpress/wp-admin/setup-config.php HTTP/1.1" 404 1992 "-" "Mozilla/5.0 (Windows NT 10.0; Win64; x64) AppleWebKit/537.36 (KHTML, like Gecko) Chrome/135.0.0.0 Safari/537.36"
68.183.191.162 - - [26/Apr/2025:10:21:18 -0400] "GET / HTTP/1.1" 200 24453 "-" "Mozilla/5.0 (Windows NT 10.0; Win64; x64) AppleWebKit/537.36 (KHTML, like Gecko) Chrome/78.0.3904.108 Safari/537.36"
68.183.191.162 - - [26/Apr/2025:10:21:21 -0400] "GET //wp-includes/wlwmanifest.xml HTTP/1.1" 404 6603 "-" "Mozilla/5.0 (Windows NT 10.0; Win64; x64) AppleWebKit/537.36 (KHTML, like Gecko) Chrome/78.0.3904.108 Safari/537.36"
68.183.191.162 - - [26/Apr/2025:10:21:21 -0400] "GET / HTTP/1.1" 200 24453 "-" "Mozilla/5.0 (Windows NT 10.0; Win64; x64) AppleWebKit/537.36 (KHTML, like Gecko) Chrome/78.0.3904.108 Safari/537.36"
68.183.191.162 - - [26/Apr/2025:10:21:22 -0400] "GET //blog/wp-includes/wlwmanifest.xml HTTP/1.1" 404 6603 "-" "Mozilla/5.0 (Windows NT 10.0; Win64; x64) AppleWebKit/537.36 (KHTML, like Gecko) Chrome/78.0.3904.108 Safari/537.36"
68.183.191.162 - - [26/Apr/2025:10:21:23 -0400] "GET //web/wp-includes/wlwmanifest.xml HTTP/1.1" 404 6603 "-" "Mozilla/5.0 (Windows NT 10.0; Win64; x64) AppleWebKit/537.36 (KHTML, like Gecko) Chrome/78.0.3904.108 Safari/537.36"
68.183.191.162 - - [26/Apr/2025:10:21:23 -0400] "GET //wordpress/wp-includes/wlwmanifest.xml HTTP/1.1" 404 6603 "-" "Mozilla/5.0 (Windows NT 10.0; Win64; x64) AppleWebKit/537.36 (KHTML, like Gecko) Chrome/78.0.3904.108 Safari/537.36"
68.183.191.162 - - [26/Apr/2025:10:21:23 -0400] "GET //website/wp-includes/wlwmanifest.xml HTTP/1.1" 404 6603 "-" "Mozilla/5.0 (Windows NT 10.0; Win64; x64) AppleWebKit/537.36 (KHTML, like Gecko) Chrome/78.0.3904.108 Safari/537.36"
68.183.191.162 - - [26/Apr/2025:10:21:24 -0400] "GET //wp/wp-includes/wlwmanifest.xml HTTP/1.1" 404 6603 "-" "Mozilla/5.0 (Windows NT 10.0; Win64; x64) AppleWebKit/537.36 (KHTML, like Gecko) Chrome/78.0.3904.108 Safari/537.36"
68.183.191.162 - - [26/Apr/2025:10:21:24 -0400] "GET //news/wp-includes/wlwmanifest.xml HTTP/1.1" 404 6603 "-" "Mozilla/5.0 (Windows NT 10.0; Win64; x64) AppleWebKit/537.36 (KHTML, like Gecko) Chrome/78.0.3904.108 Safari/537.36"
68.183.191.162 - - [26/Apr/2025:10:21:24 -0400] "GET //2018/wp-includes/wlwmanifest.xml HTTP/1.1" 404 6603 "-" "Mozilla/5.0 (Windows NT 10.0; Win64; x64) AppleWebKit/537.36 (KHTML, like Gecko) Chrome/78.0.3904.108 Safari/537.36"
68.183.191.162 - - [26/Apr/2025:10:21:25 -0400] "GET //2019/wp-includes/wlwmanifest.xml HTTP/1.1" 404 6603 "-" "Mozilla/5.0 (Windows NT 10.0; Win64; x64) AppleWebKit/537.36 (KHTML, like Gecko) Chrome/78.0.3904.108 Safari/537.36"
68.183.191.162 - - [26/Apr/2025:10:21:25 -0400] "GET //shop/wp-includes/wlwmanifest.xml HTTP/1.1" 404 6603 "-" "Mozilla/5.0 (Windows NT 10.0; Win64; x64) AppleWebKit/537.36 (KHTML, like Gecko) Chrome/78.0.3904.108 Safari/537.36"
68.183.191.162 - - [26/Apr/2025:10:21:25 -0400] "GET //wp1/wp-includes/wlwmanifest.xml HTTP/1.1" 404 6603 "-" "Mozilla/5.0 (Windows NT 10.0; Win64; x64) AppleWebKit/537.36 (KHTML, like Gecko) Chrome/78.0.3904.108 Safari/537.36"
68.183.191.162 - - [26/Apr/2025:10:21:25 -0400] "GET //test/wp-includes/wlwmanifest.xml HTTP/1.1" 404 6603 "-" "Mozilla/5.0 (Windows NT 10.0; Win64; x64) AppleWebKit/537.36 (KHTML, like Gecko) Chrome/78.0.3904.108 Safari/537.36"
68.183.191.162 - - [26/Apr/2025:10:21:26 -0400] "GET //media/wp-includes/wlwmanifest.xml HTTP/1.1" 404 6603 "-" "Mozilla/5.0 (Windows NT 10.0; Win64; x64) AppleWebKit/537.36 (KHTML, like Gecko) Chrome/78.0.3904.108 Safari/537.36"
68.183.191.162 - - [26/Apr/2025:10:21:26 -0400] "GET //wp2/wp-includes/wlwmanifest.xml HTTP/1.1" 404 6603 "-" "Mozilla/5.0 (Windows NT 10.0; Win64; x64) AppleWebKit/537.36 (KHTML, like Gecko) Chrome/78.0.3904.108 Safari/537.36"
68.183.191.162 - - [26/Apr/2025:10:21:26 -0400] "GET //site/wp-includes/wlwmanifest.xml HTTP/1.1" 404 6603 "-" "Mozilla/5.0 (Windows NT 10.0; Win64; x64) AppleWebKit/537.36 (KHTML, like Gecko) Chrome/78.0.3904.108 Safari/537.36"
68.183.191.162 - - [26/Apr/2025:10:21:27 -0400] "GET //cms/wp-includes/wlwmanifest.xml HTTP/1.1" 404 6603 "-" "Mozilla/5.0 (Windows NT 10.0; Win64; x64) AppleWebKit/537.36 (KHTML, like Gecko) Chrome/78.0.3904.108 Safari/537.36"
68.183.191.162 - - [26/Apr/2025:10:21:27 -0400] "GET //sito/wp-includes/wlwmanifest.xml HTTP/1.1" 404 6603 "-" "Mozilla/5.0 (Windows NT 10.0; Win64; x64) AppleWebKit/537.36 (KHTML, like Gecko) Chrome/78.0.3904.108 Safari/537.36"
51.222.253.17 - - [26/Apr/2025:10:24:55 -0400] "GET /dhgate-vouchers?filter=codes HTTP/1.1" 200 4467 "-" "Mozilla/5.0 (compatible; AhrefsBot/7.0; +http://ahrefs.com/robot/)"
2a06:98c0:3600::103 - - [26/Apr/2025:10:33:06 -0400] "GET /wp-admin/setup-config.php HTTP/1.1" 200 0 "-" "Mozilla/5.0 (Windows NT 10.0; Win64; x64) AppleWebKit/537.36 (KHTML, like Gecko) Chrome/135.0.0.0 Safari/537.36"
2a06:98c0:3600::103 - - [26/Apr/2025:10:34:01 -0400] "GET /wordpress/wp-admin/setup-config.php HTTP/1.1" 404 1992 "-" "Mozilla/5.0 (Windows NT 10.0; Win64; x64) AppleWebKit/537.36 (KHTML, like Gecko) Chrome/135.0.0.0 Safari/537.36"
2a06:98c0:3600::103 - - [26/Apr/2025:10:36:22 -0400] "GET /wp-admin/setup-config.php HTTP/1.1" 404 1992 "-" "Mozilla/5.0 (Windows NT 10.0; Win64; x64) AppleWebKit/537.36 (KHTML, like Gecko) Chrome/135.0.0.0 Safari/537.36"
51.222.253.4 - - [26/Apr/2025:10:40:21 -0400] "GET /justfashionnow-discount HTTP/1.1" 200 4390 "-" "Mozilla/5.0 (compatible; AhrefsBot/7.0; +http://ahrefs.com/robot/)"
2a06:98c0:3600::103 - - [26/Apr/2025:10:48:05 -0400] "GET /wordpress/wp-admin/setup-config.php HTTP/1.1" 200 0 "-" "Mozilla/5.0 (Windows NT 10.0; Win64; x64) AppleWebKit/537.36 (KHTML, like Gecko) Chrome/135.0.0.0 Safari/537.36"
2a06:98c0:3600::103 - - [26/Apr/2025:10:51:00 -0400] "GET /wp-admin/setup-config.php HTTP/1.1" 404 1992 "-" "Mozilla/5.0 (Windows NT 10.0; Win64; x64) AppleWebKit/537.36 (KHTML, like Gecko) Chrome/135.0.0.0 Safari/537.36"
45.133.31.8 - - [26/Apr/2025:10:53:20 -0400] "GET / HTTP/1.1" 200 5798 "-" "Mozilla/5.0 (Windows NT 10.0; Win64; x64; rv:123.0) Gecko/20100101 Firefox/123.0"
51.222.253.16 - - [26/Apr/2025:10:56:17 -0400] "GET /love-bonito-promo-code HTTP/1.1" 200 4552 "-" "Mozilla/5.0 (compatible; AhrefsBot/7.0; +http://ahrefs.com/robot/)"
45.145.168.99 - - [26/Apr/2025:10:58:01 -0400] "GET /assets/frontend/images/fav.png HTTP/1.1" 200 5502 "-" "Mozilla/5.0 (iPhone; CPU iPhone OS 17_0_3 like Mac OS X) AppleWebKit/605.1.15 (KHTML, like Gecko) Version/17.0.3 Mobile/15E148 Safari/604.1 RDDocuments/8.7.2.978"
43.130.37.243 - - [26/Apr/2025:11:00:37 -0400] "GET / HTTP/1.1" 301 795 "http://www.frugilo.com" "Mozilla/5.0 (iPhone; CPU iPhone OS 13_2_3 like Mac OS X) AppleWebKit/605.1.15 (KHTML, like Gecko) Version/13.0.3 Mobile/15E148 Safari/604.1"
43.130.37.243 - - [26/Apr/2025:11:00:41 -0400] "GET / HTTP/1.1" 200 5795 "http://frugilo.com/" "Mozilla/5.0 (iPhone; CPU iPhone OS 13_2_3 like Mac OS X) AppleWebKit/605.1.15 (KHTML, like Gecko) Version/13.0.3 Mobile/15E148 Safari/604.1"
2a06:98c0:3600::103 - - [26/Apr/2025:11:06:43 -0400] "GET /wp-admin/setup-config.php HTTP/1.1" 404 1992 "-" "Mozilla/5.0 (Windows NT 10.0; Win64; x64) AppleWebKit/537.36 (KHTML, like Gecko) Chrome/135.0.0.0 Safari/537.36"
2a06:98c0:3600::103 - - [26/Apr/2025:11:09:08 -0400] "GET /wordpress/wp-admin/setup-config.php HTTP/1.1" 200 0 "-" "Mozilla/5.0 (Windows NT 10.0; Win64; x64) AppleWebKit/537.36 (KHTML, like Gecko) Chrome/135.0.0.0 Safari/537.36"
43.166.142.76 - - [26/Apr/2025:11:10:35 -0400] "GET / HTTP/1.1" 200 5796 "http://frugilo.com" "Mozilla/5.0 (iPhone; CPU iPhone OS 13_2_3 like Mac OS X) AppleWebKit/605.1.15 (KHTML, like Gecko) Version/13.0.3 Mobile/15E148 Safari/604.1"
51.222.253.13 - - [26/Apr/2025:11:11:58 -0400] "GET /noracora-coupon-code HTTP/1.1" 200 4463 "-" "Mozilla/5.0 (compatible; AhrefsBot/7.0; +http://ahrefs.com/robot/)"
2a06:98c0:3600::103 - - [26/Apr/2025:11:23:08 -0400] "GET /wordpress/wp-admin/setup-config.php HTTP/1.1" 200 0 "-" "Mozilla/5.0 (Windows NT 10.0; Win64; x64) AppleWebKit/537.36 (KHTML, like Gecko) Chrome/135.0.0.0 Safari/537.36"
2a06:98c0:3600::103 - - [26/Apr/2025:11:23:44 -0400] "GET /wp-admin/setup-config.php HTTP/1.1" 404 1992 "-" "Mozilla/5.0 (Windows NT 10.0; Win64; x64) AppleWebKit/537.36 (KHTML, like Gecko) Chrome/135.0.0.0 Safari/537.36"
2a06:98c0:3600::103 - - [26/Apr/2025:11:26:21 -0400] "GET /wordpress/wp-admin/setup-config.php HTTP/1.1" 200 0 "-" "Mozilla/5.0 (Windows NT 10.0; Win64; x64) AppleWebKit/537.36 (KHTML, like Gecko) Chrome/135.0.0.0 Safari/537.36"
51.222.253.4 - - [26/Apr/2025:11:27:49 -0400] "GET /orbital-clothing-voucher HTTP/1.1" 200 4368 "-" "Mozilla/5.0 (compatible; AhrefsBot/7.0; +http://ahrefs.com/robot/)"
139.59.126.237 - - [26/Apr/2025:11:36:59 -0400] "GET / HTTP/1.1" 200 24453 "-" "Mozilla/5.0 (Windows NT 10.0; Win64; x64) AppleWebKit/537.36 (KHTML, like Gecko) Chrome/89.0.4389.114 Safari/537.36"
139.59.126.237 - - [26/Apr/2025:11:37:05 -0400] "GET //wp-includes/wlwmanifest.xml HTTP/1.1" 404 6603 "-" "Mozilla/5.0 (Windows NT 10.0; Win64; x64) AppleWebKit/537.36 (KHTML, like Gecko) Chrome/89.0.4389.114 Safari/537.36"
139.59.126.237 - - [26/Apr/2025:11:37:05 -0400] "GET //xmlrpc.php?rsd HTTP/1.1" 200 6788 "-" "Mozilla/5.0 (Windows NT 10.0; Win64; x64) AppleWebKit/537.36 (KHTML, like Gecko) Chrome/89.0.4389.114 Safari/537.36"
139.59.126.237 - - [26/Apr/2025:11:37:06 -0400] "GET / HTTP/1.1" 200 24453 "-" "Mozilla/5.0 (Windows NT 10.0; Win64; x64) AppleWebKit/537.36 (KHTML, like Gecko) Chrome/89.0.4389.114 Safari/537.36"
139.59.126.237 - - [26/Apr/2025:11:37:07 -0400] "GET //blog/wp-includes/wlwmanifest.xml HTTP/1.1" 404 6603 "-" "Mozilla/5.0 (Windows NT 10.0; Win64; x64) AppleWebKit/537.36 (KHTML, like Gecko) Chrome/89.0.4389.114 Safari/537.36"
139.59.126.237 - - [26/Apr/2025:11:37:08 -0400] "GET //web/wp-includes/wlwmanifest.xml HTTP/1.1" 404 6603 "-" "Mozilla/5.0 (Windows NT 10.0; Win64; x64) AppleWebKit/537.36 (KHTML, like Gecko) Chrome/89.0.4389.114 Safari/537.36"
139.59.126.237 - - [26/Apr/2025:11:37:09 -0400] "GET //wordpress/wp-includes/wlwmanifest.xml HTTP/1.1" 404 6603 "-" "Mozilla/5.0 (Windows NT 10.0; Win64; x64) AppleWebKit/537.36 (KHTML, like Gecko) Chrome/89.0.4389.114 Safari/537.36"
139.59.126.237 - - [26/Apr/2025:11:37:09 -0400] "GET //website/wp-includes/wlwmanifest.xml HTTP/1.1" 404 6603 "-" "Mozilla/5.0 (Windows NT 10.0; Win64; x64) AppleWebKit/537.36 (KHTML, like Gecko) Chrome/89.0.4389.114 Safari/537.36"
139.59.126.237 - - [26/Apr/2025:11:37:11 -0400] "GET //wp/wp-includes/wlwmanifest.xml HTTP/1.1" 404 6603 "-" "Mozilla/5.0 (Windows NT 10.0; Win64; x64) AppleWebKit/537.36 (KHTML, like Gecko) Chrome/89.0.4389.114 Safari/537.36"
139.59.126.237 - - [26/Apr/2025:11:37:12 -0400] "GET //news/wp-includes/wlwmanifest.xml HTTP/1.1" 404 6603 "-" "Mozilla/5.0 (Windows NT 10.0; Win64; x64) AppleWebKit/537.36 (KHTML, like Gecko) Chrome/89.0.4389.114 Safari/537.36"
139.59.126.237 - - [26/Apr/2025:11:37:13 -0400] "GET //2020/wp-includes/wlwmanifest.xml HTTP/1.1" 404 6603 "-" "Mozilla/5.0 (Windows NT 10.0; Win64; x64) AppleWebKit/537.36 (KHTML, like Gecko) Chrome/89.0.4389.114 Safari/537.36"
139.59.126.237 - - [26/Apr/2025:11:37:13 -0400] "GET //2019/wp-includes/wlwmanifest.xml HTTP/1.1" 404 6603 "-" "Mozilla/5.0 (Windows NT 10.0; Win64; x64) AppleWebKit/537.36 (KHTML, like Gecko) Chrome/89.0.4389.114 Safari/537.36"
139.59.126.237 - - [26/Apr/2025:11:37:14 -0400] "GET //shop/wp-includes/wlwmanifest.xml HTTP/1.1" 404 6603 "-" "Mozilla/5.0 (Windows NT 10.0; Win64; x64) AppleWebKit/537.36 (KHTML, like Gecko) Chrome/89.0.4389.114 Safari/537.36"
139.59.126.237 - - [26/Apr/2025:11:37:15 -0400] "GET //wp1/wp-includes/wlwmanifest.xml HTTP/1.1" 404 6603 "-" "Mozilla/5.0 (Windows NT 10.0; Win64; x64) AppleWebKit/537.36 (KHTML, like Gecko) Chrome/89.0.4389.114 Safari/537.36"
139.59.126.237 - - [26/Apr/2025:11:37:15 -0400] "GET //test/wp-includes/wlwmanifest.xml HTTP/1.1" 404 6603 "-" "Mozilla/5.0 (Windows NT 10.0; Win64; x64) AppleWebKit/537.36 (KHTML, like Gecko) Chrome/89.0.4389.114 Safari/537.36"
139.59.126.237 - - [26/Apr/2025:11:37:16 -0400] "GET //wp2/wp-includes/wlwmanifest.xml HTTP/1.1" 404 6603 "-" "Mozilla/5.0 (Windows NT 10.0; Win64; x64) AppleWebKit/537.36 (KHTML, like Gecko) Chrome/89.0.4389.114 Safari/537.36"
139.59.126.237 - - [26/Apr/2025:11:37:17 -0400] "GET //site/wp-includes/wlwmanifest.xml HTTP/1.1" 404 6603 "-" "Mozilla/5.0 (Windows NT 10.0; Win64; x64) AppleWebKit/537.36 (KHTML, like Gecko) Chrome/89.0.4389.114 Safari/537.36"
139.59.126.237 - - [26/Apr/2025:11:37:17 -0400] "GET //cms/wp-includes/wlwmanifest.xml HTTP/1.1" 404 6603 "-" "Mozilla/5.0 (Windows NT 10.0; Win64; x64) AppleWebKit/537.36 (KHTML, like Gecko) Chrome/89.0.4389.114 Safari/537.36"
139.59.126.237 - - [26/Apr/2025:11:37:18 -0400] "GET //sito/wp-includes/wlwmanifest.xml HTTP/1.1" 404 6603 "-" "Mozilla/5.0 (Windows NT 10.0; Win64; x64) AppleWebKit/537.36 (KHTML, like Gecko) Chrome/89.0.4389.114 Safari/537.36"
2a06:98c0:3600::103 - - [26/Apr/2025:11:37:31 -0400] "GET /wp-admin/setup-config.php HTTP/1.1" 404 1992 "-" "Mozilla/5.0 (Windows NT 10.0; Win64; x64) AppleWebKit/537.36 (KHTML, like Gecko) Chrome/135.0.0.0 Safari/537.36"
2a06:98c0:3600::103 - - [26/Apr/2025:11:38:29 -0400] "GET /wordpress/wp-admin/setup-config.php HTTP/1.1" 404 1992 "-" "Mozilla/5.0 (Windows NT 10.0; Win64; x64) AppleWebKit/537.36 (KHTML, like Gecko) Chrome/135.0.0.0 Safari/537.36"
2a06:98c0:3600::103 - - [26/Apr/2025:11:38:53 -0400] "GET /wordpress/wp-admin/setup-config.php HTTP/1.1" 404 1992 "-" "Mozilla/5.0 (Windows NT 10.0; Win64; x64) AppleWebKit/537.36 (KHTML, like Gecko) Chrome/135.0.0.0 Safari/537.36"
43.130.9.111 - - [26/Apr/2025:11:41:13 -0400] "GET / HTTP/1.1" 301 795 "http://www.frugilo.com" "Mozilla/5.0 (iPhone; CPU iPhone OS 13_2_3 like Mac OS X) AppleWebKit/605.1.15 (KHTML, like Gecko) Version/13.0.3 Mobile/15E148 Safari/604.1"
2a06:98c0:3600::103 - - [26/Apr/2025:11:41:10 -0400] "GET /wp-admin/setup-config.php HTTP/1.1" 200 0 "-" "Mozilla/5.0 (Windows NT 10.0; Win64; x64) AppleWebKit/537.36 (KHTML, like Gecko) Chrome/135.0.0.0 Safari/537.36"
