OwlCyberSecurity - MANAGER
Edit File: hsec.com.pk.arsn.media-ssl_log
66.29.132.124 - - [27/Apr/2025:04:05:26 -0400] "GET / HTTP/1.1" 200 103705 "-" "Mozilla/5.0 (Windows NT 10.0; Win64; x64; rv:122.0) Gecko/20100101 Firefox/122.0"
209.141.33.127 - - [27/Apr/2025:04:27:43 -0400] "GET /wp-login.php HTTP/1.1" 200 4363 "-" "Mozilla/5.0 (Macintosh; Intel Mac OS X 10_9_3) AppleWebKit/537.75.14 (KHTML, like Gecko) Version/7.0.3 Safari/537.75.14"
66.29.132.124 - - [27/Apr/2025:04:27:46 -0400] "POST /wp-cron.php?doing_wp_cron=1745742466.0003080368041992187500 HTTP/1.1" 200 0 "-" "WordPress/6.8; https://hsec.com.pk"
209.141.33.127 - - [27/Apr/2025:04:27:43 -0400] "POST /wp-login.php HTTP/1.1" 200 4619 "-" "Mozilla/5.0 (Macintosh; Intel Mac OS X 10_9_3) AppleWebKit/537.75.14 (KHTML, like Gecko) Version/7.0.3 Safari/537.75.14"
66.29.132.124 - - [27/Apr/2025:04:27:46 -0400] "POST /wp-admin/admin-ajax.php?action=async_litespeed&nonce=X1qVJTDi9YkMaABuzVL1gHMcXC3Xxktd&litespeed_type=imgoptm HTTP/1.1" 200 21 "-" "WordPress/6.8; https://hsec.com.pk"
54.164.157.105 - - [27/Apr/2025:05:19:59 -0400] "GET / HTTP/1.1" 200 18345 "-" "okhttp/4.9.2"
54.164.157.105 - - [27/Apr/2025:05:19:59 -0400] "GET /favicon.ico HTTP/1.1" 404 1251 "-" "okhttp/4.9.2"
66.29.132.124 - - [27/Apr/2025:05:20:02 -0400] "POST /wp-cron.php?doing_wp_cron=1745745602.6658339500427246093750 HTTP/1.1" 200 0 "-" "WordPress/6.8; https://hsec.com.pk"
66.29.132.124 - - [27/Apr/2025:05:20:03 -0400] "POST /wp-admin/admin-ajax.php?action=async_litespeed&nonce=BVjfU90uViO7ZKDR7504yT3ZOkLnAnos&litespeed_type=imgoptm HTTP/1.1" 200 0 "-" "WordPress/6.8; https://hsec.com.pk"
54.164.157.105 - - [27/Apr/2025:05:19:59 -0400] "GET /favicon.png HTTP/1.1" 404 11749 "-" "okhttp/4.9.2"
107.189.3.177 - - [27/Apr/2025:05:33:50 -0400] "GET /wp-login.php HTTP/1.1" 200 4363 "-" "Mozilla/5.0 (Windows NT 6.1; rv:24.0) Gecko/20100101 Firefox/24.0"
66.29.132.124 - - [27/Apr/2025:05:33:52 -0400] "POST /wp-cron.php?doing_wp_cron=1745746432.3880000114440917968750 HTTP/1.1" 200 0 "-" "WordPress/6.8; https://hsec.com.pk"
107.189.3.177 - - [27/Apr/2025:05:33:50 -0400] "POST /wp-login.php HTTP/1.1" 200 4619 "-" "Mozilla/5.0 (Windows NT 6.1; rv:24.0) Gecko/20100101 Firefox/24.0"
66.29.132.124 - - [27/Apr/2025:05:33:52 -0400] "POST /wp-admin/admin-ajax.php?action=async_litespeed&nonce=CgPCG3ehL9RyD6VGwqbtajrAuLI42Rkx&litespeed_type=imgoptm HTTP/1.1" 200 21 "-" "WordPress/6.8; https://hsec.com.pk"
66.249.74.104 - - [27/Apr/2025:05:51:53 -0400] "GET /robots.txt HTTP/1.1" 200 92 "-" "Mozilla/5.0 (compatible; Googlebot/2.1; +http://www.google.com/bot.html)"
66.29.132.124 - - [27/Apr/2025:06:34:54 -0400] "POST /wp-cron.php?doing_wp_cron=1745750094.4187159538269042968750 HTTP/1.1" 200 0 "-" "WordPress/6.8; https://hsec.com.pk"
162.142.125.218 - - [27/Apr/2025:06:34:51 -0400] "GET / HTTP/1.1" 301 0 "-" "Mozilla/5.0 (compatible; CensysInspect/1.1; +https://about.censys.io/)"
66.29.132.124 - - [27/Apr/2025:06:34:54 -0400] "POST /wp-admin/admin-ajax.php?action=async_litespeed&nonce=bvWEzeFEdWYGvHzoz2L8PuMecY0acg07&litespeed_type=imgoptm HTTP/1.1" 200 21 "-" "WordPress/6.8; https://hsec.com.pk"
162.142.125.218 - - [27/Apr/2025:06:35:22 -0400] "GET / HTTP/1.1" 200 18345 "-" "Mozilla/5.0 (compatible; CensysInspect/1.1; +https://about.censys.io/)"
162.142.125.218 - - [27/Apr/2025:06:35:27 -0400] "GET /favicon.ico HTTP/1.1" 404 1251 "-" "Mozilla/5.0 (compatible; CensysInspect/1.1; +https://about.censys.io/)"
162.142.125.218 - - [27/Apr/2025:06:35:50 -0400] "GET /favicon.ico HTTP/1.1" 404 1251 "-" "Mozilla/5.0 (compatible; CensysInspect/1.1; +https://about.censys.io/)"
198.98.61.49 - - [27/Apr/2025:07:18:32 -0400] "GET /wp-login.php HTTP/1.1" 200 4363 "-" "Mozilla/5.0 (Macintosh; Intel Mac OS X 10_9_0) AppleWebKit/537.36 (KHTML, like Gecko) Chrome/36.0.1985.125 Safari/537.36"
66.29.132.124 - - [27/Apr/2025:07:18:35 -0400] "POST /wp-cron.php?doing_wp_cron=1745752715.0886399745941162109375 HTTP/1.1" 200 0 "-" "WordPress/6.8; https://hsec.com.pk"
198.98.61.49 - - [27/Apr/2025:07:18:32 -0400] "POST /wp-login.php HTTP/1.1" 200 4619 "-" "Mozilla/5.0 (Macintosh; Intel Mac OS X 10_9_0) AppleWebKit/537.36 (KHTML, like Gecko) Chrome/36.0.1985.125 Safari/537.36"
66.29.132.124 - - [27/Apr/2025:07:18:35 -0400] "POST /wp-admin/admin-ajax.php?action=async_litespeed&nonce=BZAGO1DtnZjU2yhNsTvwCDUeHLoCjIlB&litespeed_type=imgoptm HTTP/1.1" 200 21 "-" "WordPress/6.8; https://hsec.com.pk"
51.8.102.200 - - [27/Apr/2025:07:50:09 -0400] "GET /robots.txt HTTP/1.1" 200 92 "-" "Mozilla/5.0 (Macintosh; Intel Mac OS X 10_15_7) AppleWebKit/537.36 (KHTML, like Gecko) Chrome/131.0.0.0 Safari/537.36; compatible; OAI-SearchBot/1.0; +https://openai.com/searchbot"
66.249.65.100 - - [27/Apr/2025:08:03:05 -0400] "GET /robots.txt HTTP/1.1" 301 0 "-" "Mozilla/5.0 (compatible; Googlebot/2.1; +http://www.google.com/bot.html)"
66.249.74.103 - - [27/Apr/2025:08:03:05 -0400] "GET /robots.txt HTTP/1.1" 200 92 "-" "Mozilla/5.0 (compatible; Googlebot/2.1; +http://www.google.com/bot.html)"
66.249.74.103 - - [27/Apr/2025:09:04:23 -0400] "GET /robots.txt HTTP/1.1" 200 92 "-" "Mozilla/5.0 (compatible; Googlebot/2.1; +http://www.google.com/bot.html)"
66.249.74.103 - - [27/Apr/2025:09:04:24 -0400] "GET / HTTP/1.1" 200 15792 "-" "Mozilla/5.0 (Linux; Android 6.0.1; Nexus 5X Build/MMB29P) AppleWebKit/537.36 (KHTML, like Gecko) Chrome/135.0.7049.95 Mobile Safari/537.36 (compatible; Googlebot/2.1; +http://www.google.com/bot.html)"
66.249.74.104 - - [27/Apr/2025:09:04:26 -0400] "GET /wp-content/uploads/elementor/css/post-47.css?ver=1696323459 HTTP/1.1" 200 1624 "https://hsec.com.pk/" "Mozilla/5.0 (Linux; Android 6.0.1; Nexus 5X Build/MMB29P) AppleWebKit/537.36 (KHTML, like Gecko) Chrome/134.0.6998.165 Mobile Safari/537.36 (compatible; Googlebot/2.1; +http://www.google.com/bot.html)"
66.249.74.102 - - [27/Apr/2025:09:04:28 -0400] "GET /wp-content/plugins/elementor/assets/lib/font-awesome/css/brands.css?ver=5.15.3 HTTP/1.1" 200 296 "https://hsec.com.pk/" "Mozilla/5.0 (Linux; Android 6.0.1; Nexus 5X Build/MMB29P) AppleWebKit/537.36 (KHTML, like Gecko) Chrome/134.0.6998.165 Mobile Safari/537.36 (compatible; Googlebot/2.1; +http://www.google.com/bot.html)"
66.249.74.103 - - [27/Apr/2025:09:04:32 -0400] "GET /wp-content/uploads/elementor/css/post-212.css?ver=1696924547 HTTP/1.1" 200 762 "https://hsec.com.pk/" "Mozilla/5.0 (Linux; Android 6.0.1; Nexus 5X Build/MMB29P) AppleWebKit/537.36 (KHTML, like Gecko) Chrome/134.0.6998.165 Mobile Safari/537.36 (compatible; Googlebot/2.1; +http://www.google.com/bot.html)"
66.249.74.102 - - [27/Apr/2025:09:04:33 -0400] "GET /wp-content/plugins/elementor/assets/lib/font-awesome/css/fontawesome.css?ver=5.15.3 HTTP/1.1" 200 12526 "https://hsec.com.pk/" "Mozilla/5.0 (Linux; Android 6.0.1; Nexus 5X Build/MMB29P) AppleWebKit/537.36 (KHTML, like Gecko) Chrome/134.0.6998.165 Mobile Safari/537.36 (compatible; Googlebot/2.1; +http://www.google.com/bot.html)"
66.249.74.102 - - [27/Apr/2025:09:04:39 -0400] "GET /wp-content/plugins/elementor/assets/css/widget-testimonial.min.css?ver=3.28.4 HTTP/1.1" 200 296 "https://hsec.com.pk/" "Mozilla/5.0 (Linux; Android 6.0.1; Nexus 5X Build/MMB29P) AppleWebKit/537.36 (KHTML, like Gecko) Chrome/134.0.6998.165 Mobile Safari/537.36 (compatible; Googlebot/2.1; +http://www.google.com/bot.html)"
66.249.74.102 - - [27/Apr/2025:09:04:41 -0400] "GET /wp-content/plugins/elementor/assets/css/conditionals/apple-webkit.min.css?ver=3.28.4 HTTP/1.1" 200 472 "https://hsec.com.pk/" "Mozilla/5.0 (Linux; Android 6.0.1; Nexus 5X Build/MMB29P) AppleWebKit/537.36 (KHTML, like Gecko) Chrome/134.0.6998.165 Mobile Safari/537.36 (compatible; Googlebot/2.1; +http://www.google.com/bot.html)"
66.249.74.102 - - [27/Apr/2025:09:04:43 -0400] "GET /wp-content/plugins/elementor/assets/js/frontend.min.js?ver=3.28.4 HTTP/1.1" 200 13099 "https://hsec.com.pk/" "Mozilla/5.0 (Linux; Android 6.0.1; Nexus 5X Build/MMB29P) AppleWebKit/537.36 (KHTML, like Gecko) Chrome/134.0.6998.165 Mobile Safari/537.36 (compatible; Googlebot/2.1; +http://www.google.com/bot.html)"
66.249.74.102 - - [27/Apr/2025:09:04:48 -0400] "GET /wp-content/plugins/elementor/assets/js/frontend-modules.min.js?ver=3.28.4 HTTP/1.1" 200 14421 "https://hsec.com.pk/" "Mozilla/5.0 (Linux; Android 6.0.1; Nexus 5X Build/MMB29P) AppleWebKit/537.36 (KHTML, like Gecko) Chrome/134.0.6998.165 Mobile Safari/537.36 (compatible; Googlebot/2.1; +http://www.google.com/bot.html)"
66.249.74.102 - - [27/Apr/2025:09:04:50 -0400] "GET /wp-includes/js/wp-emoji-release.min.js?ver=6.8 HTTP/1.1" 200 4771 "https://hsec.com.pk/" "Mozilla/5.0 (Linux; Android 6.0.1; Nexus 5X Build/MMB29P) AppleWebKit/537.36 (KHTML, like Gecko) Chrome/134.0.6998.165 Mobile Safari/537.36 (compatible; Googlebot/2.1; +http://www.google.com/bot.html)"
198.98.61.49 - - [27/Apr/2025:11:31:05 -0400] "GET /wp-login.php HTTP/1.1" 200 4363 "-" "Mozilla/5.0 (Macintosh; Intel Mac OS X 10_9_0) AppleWebKit/537.36 (KHTML, like Gecko) Chrome/36.0.1985.125 Safari/537.36"
66.29.132.124 - - [27/Apr/2025:11:31:07 -0400] "POST /wp-cron.php?doing_wp_cron=1745767867.1493449211120605468750 HTTP/1.1" 200 0 "-" "WordPress/6.8; https://hsec.com.pk"
198.98.61.49 - - [27/Apr/2025:11:31:05 -0400] "POST /wp-login.php HTTP/1.1" 200 4619 "-" "Mozilla/5.0 (Macintosh; Intel Mac OS X 10_9_0) AppleWebKit/537.36 (KHTML, like Gecko) Chrome/36.0.1985.125 Safari/537.36"
66.29.132.124 - - [27/Apr/2025:11:31:07 -0400] "POST /wp-admin/admin-ajax.php?action=async_litespeed&nonce=uoNQfA4Y7HPQnAu1dXnVqaBOHl0tZ9y3&litespeed_type=imgoptm HTTP/1.1" 200 21 "-" "WordPress/6.8; https://hsec.com.pk"
45.61.188.195 - - [27/Apr/2025:13:21:14 -0400] "GET /wp-login.php HTTP/1.1" 200 4363 "-" "Mozilla/5.0 (X11; Ubuntu; Linux x86_64; rv:31.0) Gecko/20100101 Firefox/31.0"
66.29.132.124 - - [27/Apr/2025:13:21:17 -0400] "POST /wp-cron.php?doing_wp_cron=1745774477.6355218887329101562500 HTTP/1.1" 200 0 "-" "WordPress/6.8; https://hsec.com.pk"
45.61.188.195 - - [27/Apr/2025:13:21:14 -0400] "POST /wp-login.php HTTP/1.1" 200 4619 "-" "Mozilla/5.0 (X11; Ubuntu; Linux x86_64; rv:31.0) Gecko/20100101 Firefox/31.0"
66.29.132.124 - - [27/Apr/2025:13:21:18 -0400] "POST /wp-admin/admin-ajax.php?action=async_litespeed&nonce=KKEMTrPLnvHIegFvxGJWqGtZypEjaQU4&litespeed_type=imgoptm HTTP/1.1" 200 21 "-" "WordPress/6.8; https://hsec.com.pk"
45.61.188.237 - - [27/Apr/2025:16:42:25 -0400] "GET /wp-login.php HTTP/1.1" 200 4363 "-" "Mozilla/5.0 (Windows NT 6.1; rv:30.0) Gecko/20100101 Firefox/30.0"
66.29.132.124 - - [27/Apr/2025:16:42:32 -0400] "POST /wp-cron.php?doing_wp_cron=1745786552.3963520526885986328125 HTTP/1.1" 200 0 "-" "WordPress/6.8; https://hsec.com.pk"
45.61.188.237 - - [27/Apr/2025:16:42:25 -0400] "POST /wp-login.php HTTP/1.1" 200 4619 "-" "Mozilla/5.0 (Windows NT 6.1; rv:30.0) Gecko/20100101 Firefox/30.0"
66.29.132.124 - - [27/Apr/2025:16:42:33 -0400] "POST /wp-admin/admin-ajax.php?action=async_litespeed&nonce=6KYln7qJqSCZSDrUjl4Id4eWnUiEUXze&litespeed_type=imgoptm HTTP/1.1" 200 0 "-" "WordPress/6.8; https://hsec.com.pk"