OwlCyberSecurity - MANAGER
Edit File: hsec.com.pk.arsn.media-ssl_log
93.123.109.101 - - [25/Apr/2025:23:14:44 -0400] "GET / HTTP/1.1" 200 15792 "-" "Mozilla/5.0 (Windows NT 10.0; Win64; x64) AppleWebKit/537.36 Chrome/121.0.0.0"
45.61.187.191 - - [25/Apr/2025:23:37:17 -0400] "GET /wp-login.php HTTP/1.1" 200 4363 "-" "Mozilla/5.0 (Macintosh; Intel Mac OS X 10_9_0) AppleWebKit/537.36 (KHTML, like Gecko) Chrome/36.0.1985.125 Safari/537.36"
66.29.132.124 - - [25/Apr/2025:23:37:25 -0400] "POST /wp-cron.php?doing_wp_cron=1745638644.3179380893707275390625 HTTP/1.1" 200 0 "-" "WordPress/6.8; https://hsec.com.pk"
45.61.187.191 - - [25/Apr/2025:23:37:17 -0400] "POST /wp-login.php HTTP/1.1" 200 4619 "-" "Mozilla/5.0 (Macintosh; Intel Mac OS X 10_9_0) AppleWebKit/537.36 (KHTML, like Gecko) Chrome/36.0.1985.125 Safari/537.36"
66.29.132.124 - - [25/Apr/2025:23:37:27 -0400] "POST /wp-admin/admin-ajax.php?action=async_litespeed&nonce=InhQBaL7BKhXmoECChcOtwINiHmp1fwF&litespeed_type=imgoptm HTTP/1.1" 200 0 "-" "WordPress/6.8; https://hsec.com.pk"
107.150.0.65 - - [26/Apr/2025:01:03:58 -0400] "GET /.env HTTP/1.1" 403 1242 "-" "Mozilla/5.0 (Windows NT 10.0; Win64; x64) AppleWebKit/537.36 (KHTML, like Gecko) Chrome/119.0.0.0 Safari/537.36"
107.150.0.65 - - [26/Apr/2025:01:04:02 -0400] "POST / HTTP/1.1" 200 860 "-" "Mozilla/5.0 (Windows NT 10.0; Win64; x64) AppleWebKit/537.36 (KHTML, like Gecko) Chrome/119.0.0.0 Safari/537.36"
34.244.128.224 - - [26/Apr/2025:01:41:13 -0400] "GET /robots.txt HTTP/1.1" 200 109 "-" "Pandalytics/2.0 (https://domainsbot.com/pandalytics/)"
34.244.128.224 - - [26/Apr/2025:01:41:23 -0400] "GET / HTTP/1.1" 200 18345 "-" "Pandalytics/2.0 (https://domainsbot.com/pandalytics/)"
198.98.48.90 - - [26/Apr/2025:01:43:46 -0400] "GET /wp-login.php HTTP/1.1" 200 4363 "-" "Mozilla/5.0 (Windows NT 5.1) AppleWebKit/537.36 (KHTML, like Gecko) Chrome/36.0.1985.125 Safari/537.36"
66.29.132.124 - - [26/Apr/2025:01:43:58 -0400] "POST /wp-cron.php?doing_wp_cron=1745646237.8357970714569091796875 HTTP/1.1" 200 0 "-" "WordPress/6.8; https://hsec.com.pk"
198.98.48.90 - - [26/Apr/2025:01:43:55 -0400] "POST /wp-login.php HTTP/1.1" 200 4619 "-" "Mozilla/5.0 (Windows NT 5.1) AppleWebKit/537.36 (KHTML, like Gecko) Chrome/36.0.1985.125 Safari/537.36"
66.29.132.124 - - [26/Apr/2025:01:43:59 -0400] "POST /wp-admin/admin-ajax.php?action=async_litespeed&nonce=y6HZIPwQbOw5jRlAQrrqoAZGf7ZlViSJ&litespeed_type=imgoptm HTTP/1.1" 200 0 "-" "WordPress/6.8; https://hsec.com.pk"
104.244.73.51 - - [26/Apr/2025:02:08:44 -0400] "GET /wp-login.php HTTP/1.1" 200 4363 "-" "Mozilla/5.0 (Macintosh; Intel Mac OS X 10_6_8) AppleWebKit/534.59.10 (KHTML, like Gecko) Version/5.1.9 Safari/534.59.10"
104.244.73.51 - - [26/Apr/2025:02:08:47 -0400] "POST /wp-login.php HTTP/1.1" 200 4619 "-" "Mozilla/5.0 (Macintosh; Intel Mac OS X 10_6_8) AppleWebKit/534.59.10 (KHTML, like Gecko) Version/5.1.9 Safari/534.59.10"
66.29.132.124 - - [26/Apr/2025:02:08:57 -0400] "POST /wp-cron.php?doing_wp_cron=1745647734.9589369297027587890625 HTTP/1.1" 200 0 "-" "WordPress/6.8; https://hsec.com.pk"
198.98.55.56 - - [26/Apr/2025:02:38:55 -0400] "GET /wp-login.php HTTP/1.1" 200 4363 "-" "Mozilla/5.0 (Macintosh; Intel Mac OS X 10_9_4) AppleWebKit/537.36 (KHTML, like Gecko) Chrome/35.0.1916.153 Safari/537.36"
66.29.132.124 - - [26/Apr/2025:02:38:59 -0400] "POST /wp-cron.php?doing_wp_cron=1745649539.7477691173553466796875 HTTP/1.1" 200 0 "-" "WordPress/6.8; https://hsec.com.pk"
198.98.55.56 - - [26/Apr/2025:02:38:55 -0400] "POST /wp-login.php HTTP/1.1" 200 4619 "-" "Mozilla/5.0 (Macintosh; Intel Mac OS X 10_9_4) AppleWebKit/537.36 (KHTML, like Gecko) Chrome/35.0.1916.153 Safari/537.36"
66.29.132.124 - - [26/Apr/2025:02:39:00 -0400] "POST /wp-admin/admin-ajax.php?action=async_litespeed&nonce=gOWDUMafJ02CvoP5itRceqGsEsnc0YI6&litespeed_type=imgoptm HTTP/1.1" 200 21 "-" "WordPress/6.8; https://hsec.com.pk"
54.67.121.190 - - [26/Apr/2025:02:51:39 -0400] "GET / HTTP/1.1" 200 18345 "-" "Mozilla/5.0 (X11; Linux x86_64) AppleWebKit/537.36 (KHTML, like Gecko) Chrome/51.0.2704.103 Safari/537.36"
66.29.132.124 - - [26/Apr/2025:04:11:35 -0400] "GET / HTTP/1.1" 200 103705 "-" "Mozilla/5.0 (Windows NT 10.0; Win64; x64; rv:122.0) Gecko/20100101 Firefox/122.0"
66.29.132.124 - - [26/Apr/2025:05:00:46 -0400] "POST /wp-cron.php?doing_wp_cron=1745658046.0411539077758789062500 HTTP/1.1" 200 0 "-" "WordPress/6.8; https://hsec.com.pk"
101.199.254.204 - - [26/Apr/2025:05:00:42 -0400] "GET / HTTP/1.1" 301 0 "http://www.hsec.com.pk/" "Mozilla/5.0 (Macintosh; Intel Mac OS X 10_7_0) AppleWebKit/535.11 (KHTML, like Gecko) Chrome/17.0.963.56 Safari/535.11"
66.29.132.124 - - [26/Apr/2025:05:00:46 -0400] "POST /wp-admin/admin-ajax.php?action=async_litespeed&nonce=muvYZRbijkhPUX3LdeL8bNgveRy1jx4Y&litespeed_type=imgoptm HTTP/1.1" 200 21 "-" "WordPress/6.8; https://hsec.com.pk"
101.199.254.201 - - [26/Apr/2025:05:00:52 -0400] "GET /favicon.ico HTTP/1.1" 404 1251 "http://www.hsec.com.pk/favicon.ico" "Mozilla/5.0 (Macintosh; Intel Mac OS X 10_7_0) AppleWebKit/535.11 (KHTML, like Gecko) Chrome/17.0.963.56 Safari/535.11"
66.29.132.124 - - [26/Apr/2025:05:01:19 -0400] "POST /wp-cron.php?doing_wp_cron=1745658079.1582260131835937500000 HTTP/1.1" 200 0 "-" "WordPress/6.8; https://hsec.com.pk"
101.199.254.208 - - [26/Apr/2025:05:01:18 -0400] "GET /sitemap.xml HTTP/1.1" 301 0 "http://www.hsec.com.pk/sitemap.xml" "Mozilla/5.0 (Macintosh; Intel Mac OS X 10_7_0) AppleWebKit/535.11 (KHTML, like Gecko) Chrome/17.0.963.56 Safari/535.11"
66.29.132.124 - - [26/Apr/2025:05:01:19 -0400] "POST /wp-admin/admin-ajax.php?action=async_litespeed&nonce=sTkTfIpf2xGtpXxfjQ0G6wpyb4Ox7rt0&litespeed_type=imgoptm HTTP/1.1" 200 21 "-" "WordPress/6.8; https://hsec.com.pk"
101.199.254.243 - - [26/Apr/2025:05:01:23 -0400] "GET /wp-sitemap.xml HTTP/1.1" 200 233 "https://www.hsec.com.pk/sitemap.xml" "Mozilla/5.0 (Macintosh; Intel Mac OS X 10_7_0) AppleWebKit/535.11 (KHTML, like Gecko) Chrome/17.0.963.56 Safari/535.11"
66.29.132.124 - - [26/Apr/2025:05:01:51 -0400] "POST /wp-cron.php?doing_wp_cron=1745658111.7156798839569091796875 HTTP/1.1" 200 0 "-" "WordPress/6.8; https://hsec.com.pk"
101.199.254.206 - - [26/Apr/2025:05:01:51 -0400] "GET / HTTP/1.1" 301 0 "-" "Mozilla/5.0 (Macintosh; Intel Mac OS X 10_15_7) AppleWebKit/537.36 (KHTML, like Gecko) Chrome/120.0.0.0 Safari/537.36 Edg/120.0.0.0"
66.29.132.124 - - [26/Apr/2025:05:01:51 -0400] "POST /wp-admin/admin-ajax.php?action=async_litespeed&nonce=FrK0P5DXm77G8ir1qMHx99lFMMuRtnq4&litespeed_type=imgoptm HTTP/1.1" 200 21 "-" "WordPress/6.8; https://hsec.com.pk"
101.199.254.198 - - [26/Apr/2025:05:02:11 -0400] "GET /favicon.ico HTTP/1.1" 404 1251 "-" "Mozilla/5.0 (Macintosh; Intel Mac OS X 10_7_0) AppleWebKit/535.11 (KHTML, like Gecko) Chrome/17.0.963.56 Safari/535.11"
66.29.132.124 - - [26/Apr/2025:05:02:14 -0400] "POST /wp-cron.php?doing_wp_cron=1745658134.8931040763854980468750 HTTP/1.1" 200 0 "-" "WordPress/6.8; https://hsec.com.pk"
101.199.254.242 - - [26/Apr/2025:05:02:14 -0400] "GET /robots.txt HTTP/1.1" 301 0 "-" "Mozilla/5.0 (Macintosh; Intel Mac OS X 10_7_0) AppleWebKit/535.11 (KHTML, like Gecko) Chrome/17.0.963.56 Safari/535.11"
101.199.254.198 - - [26/Apr/2025:05:02:18 -0400] "GET /robots.txt HTTP/1.1" 200 109 "https://www.hsec.com.pk/robots.txt" "Mozilla/5.0 (Macintosh; Intel Mac OS X 10_7_0) AppleWebKit/535.11 (KHTML, like Gecko) Chrome/17.0.963.56 Safari/535.11"
66.249.74.104 - - [26/Apr/2025:05:12:15 -0400] "GET /robots.txt HTTP/1.1" 200 92 "-" "Mozilla/5.0 (compatible; Googlebot/2.1; +http://www.google.com/bot.html)"
66.29.132.124 - - [26/Apr/2025:07:44:54 -0400] "POST /wp-cron.php?doing_wp_cron=1745667894.8291580677032470703125 HTTP/1.1" 200 0 "-" "WordPress/6.8; https://hsec.com.pk"
45.61.188.237 - - [26/Apr/2025:07:44:50 -0400] "GET /wp-login.php HTTP/1.1" 200 4363 "-" "Mozilla/5.0 (iPhone; CPU iPhone OS 7_1 like Mac OS X) AppleWebKit/537.51.2 (KHTML, like Gecko) Version/7.0 Mobile/11D167 Safari/9537.53"
66.29.132.124 - - [26/Apr/2025:07:44:55 -0400] "POST /wp-admin/admin-ajax.php?action=async_litespeed&nonce=tC5duyCLS9uTlEZSGkP5zN0KUw27KFmD&litespeed_type=imgoptm HTTP/1.1" 200 21 "-" "WordPress/6.8; https://hsec.com.pk"
45.61.188.237 - - [26/Apr/2025:07:45:05 -0400] "POST /wp-login.php HTTP/1.1" 200 4619 "-" "Mozilla/5.0 (iPhone; CPU iPhone OS 7_1 like Mac OS X) AppleWebKit/537.51.2 (KHTML, like Gecko) Version/7.0 Mobile/11D167 Safari/9537.53"
154.192.35.83 - - [26/Apr/2025:09:53:06 -0400] "GET / HTTP/1.1" 200 0 "https://www.bing.com/" "Mozilla/5.0 (Windows NT 10.0; Win64; x64) AppleWebKit/537.36 (KHTML, like Gecko) Chrome/135.0.0.0 Safari/537.36 Edg/135.0.0.0"
154.192.35.83 - - [26/Apr/2025:09:53:09 -0400] "GET / HTTP/1.1" 200 0 "https://www.bing.com/" "Mozilla/5.0 (Windows NT 10.0; Win64; x64) AppleWebKit/537.36 (KHTML, like Gecko) Chrome/135.0.0.0 Safari/537.36 Edg/135.0.0.0"
66.29.132.124 - - [26/Apr/2025:09:53:10 -0400] "POST /wp-cron.php?doing_wp_cron=1745675590.6135261058807373046875 HTTP/1.1" 200 0 "-" "WordPress/6.8; https://hsec.com.pk"
66.29.132.124 - - [26/Apr/2025:09:53:10 -0400] "POST /wp-cron.php?doing_wp_cron=1745675590.6125919818878173828125 HTTP/1.1" 200 0 "-" "WordPress/6.8; https://hsec.com.pk"
154.192.35.83 - - [26/Apr/2025:09:53:10 -0400] "GET / HTTP/1.1" 200 0 "https://www.bing.com/" "Mozilla/5.0 (Windows NT 10.0; Win64; x64) AppleWebKit/537.36 (KHTML, like Gecko) Chrome/135.0.0.0 Safari/537.36 Edg/135.0.0.0"
154.192.35.83 - - [26/Apr/2025:09:53:10 -0400] "GET / HTTP/1.1" 200 0 "https://www.bing.com/" "Mozilla/5.0 (Windows NT 10.0; Win64; x64) AppleWebKit/537.36 (KHTML, like Gecko) Chrome/135.0.0.0 Safari/537.36 Edg/135.0.0.0"
66.29.132.124 - - [26/Apr/2025:09:53:11 -0400] "POST /wp-admin/admin-ajax.php?action=async_litespeed&nonce=AHU17gt29w20qiUReJKaqYYD9Z7NBxVD&litespeed_type=imgoptm HTTP/1.1" 200 0 "-" "WordPress/6.8; https://hsec.com.pk"
154.192.35.83 - - [26/Apr/2025:09:53:11 -0400] "GET / HTTP/1.1" 200 15792 "https://www.bing.com/" "Mozilla/5.0 (Windows NT 10.0; Win64; x64) AppleWebKit/537.36 (KHTML, like Gecko) Chrome/135.0.0.0 Safari/537.36 Edg/135.0.0.0"
154.192.35.83 - - [26/Apr/2025:09:53:14 -0400] "GET /wp-content/plugins/header-footer-elementor/inc/widgets-css/frontend.css?ver=2.3.0 HTTP/1.1" 200 8133 "https://hsec.com.pk/" "Mozilla/5.0 (Windows NT 10.0; Win64; x64) AppleWebKit/537.36 (KHTML, like Gecko) Chrome/135.0.0.0 Safari/537.36 Edg/135.0.0.0"
154.192.35.83 - - [26/Apr/2025:09:53:14 -0400] "GET /wp-content/plugins/elementor/assets/lib/eicons/css/elementor-icons.min.css?ver=5.34.0 HTTP/1.1" 200 3845 "https://hsec.com.pk/" "Mozilla/5.0 (Windows NT 10.0; Win64; x64) AppleWebKit/537.36 (KHTML, like Gecko) Chrome/135.0.0.0 Safari/537.36 Edg/135.0.0.0"
154.192.35.83 - - [26/Apr/2025:09:53:14 -0400] "GET /wp-content/plugins/header-footer-elementor/assets/css/header-footer-elementor.css?ver=2.3.0 HTTP/1.1" 200 259 "https://hsec.com.pk/" "Mozilla/5.0 (Windows NT 10.0; Win64; x64) AppleWebKit/537.36 (KHTML, like Gecko) Chrome/135.0.0.0 Safari/537.36 Edg/135.0.0.0"
154.192.35.83 - - [26/Apr/2025:09:53:14 -0400] "GET /wp-content/plugins/elementor/assets/lib/eicons/css/elementor-icons.min.css?ver=5.36.0 HTTP/1.1" 200 3845 "https://hsec.com.pk/" "Mozilla/5.0 (Windows NT 10.0; Win64; x64) AppleWebKit/537.36 (KHTML, like Gecko) Chrome/135.0.0.0 Safari/537.36 Edg/135.0.0.0"
154.192.35.83 - - [26/Apr/2025:09:53:14 -0400] "GET /wp-content/uploads/elementor/css/post-6.css?ver=1695404630 HTTP/1.1" 200 335 "https://hsec.com.pk/" "Mozilla/5.0 (Windows NT 10.0; Win64; x64) AppleWebKit/537.36 (KHTML, like Gecko) Chrome/135.0.0.0 Safari/537.36 Edg/135.0.0.0"
154.192.35.83 - - [26/Apr/2025:09:53:14 -0400] "GET /wp-content/plugins/elementor/assets/css/frontend.min.css?ver=3.28.4 HTTP/1.1" 200 6453 "https://hsec.com.pk/" "Mozilla/5.0 (Windows NT 10.0; Win64; x64) AppleWebKit/537.36 (KHTML, like Gecko) Chrome/135.0.0.0 Safari/537.36 Edg/135.0.0.0"
154.192.35.83 - - [26/Apr/2025:09:53:14 -0400] "GET /wp-content/themes/hello-elementor/theme.min.css?ver=3.3.0 HTTP/1.1" 200 1131 "https://hsec.com.pk/" "Mozilla/5.0 (Windows NT 10.0; Win64; x64) AppleWebKit/537.36 (KHTML, like Gecko) Chrome/135.0.0.0 Safari/537.36 Edg/135.0.0.0"
154.192.35.83 - - [26/Apr/2025:09:53:14 -0400] "GET /wp-content/themes/hello-elementor/header-footer.min.css?ver=3.3.0 HTTP/1.1" 200 1292 "https://hsec.com.pk/" "Mozilla/5.0 (Windows NT 10.0; Win64; x64) AppleWebKit/537.36 (KHTML, like Gecko) Chrome/135.0.0.0 Safari/537.36 Edg/135.0.0.0"
154.192.35.83 - - [26/Apr/2025:09:53:14 -0400] "GET /wp-content/uploads/elementor/css/post-47.css?ver=1696323459 HTTP/1.1" 200 1624 "https://hsec.com.pk/" "Mozilla/5.0 (Windows NT 10.0; Win64; x64) AppleWebKit/537.36 (KHTML, like Gecko) Chrome/135.0.0.0 Safari/537.36 Edg/135.0.0.0"
154.192.35.83 - - [26/Apr/2025:09:53:14 -0400] "GET /wp-content/plugins/elementor/assets/css/widget-social-icons.min.css?ver=3.24.0 HTTP/1.1" 200 1069 "https://hsec.com.pk/" "Mozilla/5.0 (Windows NT 10.0; Win64; x64) AppleWebKit/537.36 (KHTML, like Gecko) Chrome/135.0.0.0 Safari/537.36 Edg/135.0.0.0"
154.192.35.83 - - [26/Apr/2025:09:53:14 -0400] "GET /wp-content/plugins/elementor/assets/css/widget-icon-list.min.css?ver=3.24.3 HTTP/1.1" 200 957 "https://hsec.com.pk/" "Mozilla/5.0 (Windows NT 10.0; Win64; x64) AppleWebKit/537.36 (KHTML, like Gecko) Chrome/135.0.0.0 Safari/537.36 Edg/135.0.0.0"
154.192.35.83 - - [26/Apr/2025:09:53:14 -0400] "GET /wp-content/themes/hello-elementor/style.min.css?ver=3.3.0 HTTP/1.1" 200 1591 "https://hsec.com.pk/" "Mozilla/5.0 (Windows NT 10.0; Win64; x64) AppleWebKit/537.36 (KHTML, like Gecko) Chrome/135.0.0.0 Safari/537.36 Edg/135.0.0.0"
154.192.35.83 - - [26/Apr/2025:09:53:14 -0400] "GET /wp-content/plugins/elementor/assets/lib/font-awesome/css/fontawesome.css?ver=5.15.3 HTTP/1.1" 200 12526 "https://hsec.com.pk/" "Mozilla/5.0 (Windows NT 10.0; Win64; x64) AppleWebKit/537.36 (KHTML, like Gecko) Chrome/135.0.0.0 Safari/537.36 Edg/135.0.0.0"
154.192.35.83 - - [26/Apr/2025:09:53:14 -0400] "GET /wp-content/plugins/elementor/assets/lib/font-awesome/css/solid.css?ver=5.15.3 HTTP/1.1" 200 296 "https://hsec.com.pk/" "Mozilla/5.0 (Windows NT 10.0; Win64; x64) AppleWebKit/537.36 (KHTML, like Gecko) Chrome/135.0.0.0 Safari/537.36 Edg/135.0.0.0"
154.192.35.83 - - [26/Apr/2025:09:53:14 -0400] "GET /wp-content/uploads/elementor/css/post-212.css?ver=1696924547 HTTP/1.1" 200 762 "https://hsec.com.pk/" "Mozilla/5.0 (Windows NT 10.0; Win64; x64) AppleWebKit/537.36 (KHTML, like Gecko) Chrome/135.0.0.0 Safari/537.36 Edg/135.0.0.0"
154.192.35.83 - - [26/Apr/2025:09:53:14 -0400] "GET /wp-content/plugins/elementor/assets/lib/font-awesome/css/brands.css?ver=5.15.3 HTTP/1.1" 200 296 "https://hsec.com.pk/" "Mozilla/5.0 (Windows NT 10.0; Win64; x64) AppleWebKit/537.36 (KHTML, like Gecko) Chrome/135.0.0.0 Safari/537.36 Edg/135.0.0.0"
154.192.35.83 - - [26/Apr/2025:09:53:14 -0400] "GET /wp-content/uploads/elementor/css/post-15.css?ver=1697198547 HTTP/1.1" 200 2694 "https://hsec.com.pk/" "Mozilla/5.0 (Windows NT 10.0; Win64; x64) AppleWebKit/537.36 (KHTML, like Gecko) Chrome/135.0.0.0 Safari/537.36 Edg/135.0.0.0"
154.192.35.83 - - [26/Apr/2025:09:53:14 -0400] "GET /wp-content/uploads/elementor/google-fonts/css/robotoslab.css?ver=1742301586 HTTP/1.1" 200 710 "https://hsec.com.pk/" "Mozilla/5.0 (Windows NT 10.0; Win64; x64) AppleWebKit/537.36 (KHTML, like Gecko) Chrome/135.0.0.0 Safari/537.36 Edg/135.0.0.0"
154.192.35.83 - - [26/Apr/2025:09:53:14 -0400] "GET /wp-content/uploads/elementor/google-fonts/css/roboto.css?ver=1742301576 HTTP/1.1" 200 1874 "https://hsec.com.pk/" "Mozilla/5.0 (Windows NT 10.0; Win64; x64) AppleWebKit/537.36 (KHTML, like Gecko) Chrome/135.0.0.0 Safari/537.36 Edg/135.0.0.0"
154.192.35.83 - - [26/Apr/2025:09:53:14 -0400] "GET /wp-content/uploads/elementor/google-fonts/css/rubik.css?ver=1742301600 HTTP/1.1" 200 929 "https://hsec.com.pk/" "Mozilla/5.0 (Windows NT 10.0; Win64; x64) AppleWebKit/537.36 (KHTML, like Gecko) Chrome/135.0.0.0 Safari/537.36 Edg/135.0.0.0"
154.192.35.83 - - [26/Apr/2025:09:53:14 -0400] "GET /wp-content/plugins/elementor/assets/lib/font-awesome/css/solid.min.css?ver=5.15.3 HTTP/1.1" 200 286 "https://hsec.com.pk/" "Mozilla/5.0 (Windows NT 10.0; Win64; x64) AppleWebKit/537.36 (KHTML, like Gecko) Chrome/135.0.0.0 Safari/537.36 Edg/135.0.0.0"
154.192.35.83 - - [26/Apr/2025:09:53:14 -0400] "GET /wp-content/plugins/elementor/assets/lib/font-awesome/css/regular.min.css?ver=5.15.3 HTTP/1.1" 200 283 "https://hsec.com.pk/" "Mozilla/5.0 (Windows NT 10.0; Win64; x64) AppleWebKit/537.36 (KHTML, like Gecko) Chrome/135.0.0.0 Safari/537.36 Edg/135.0.0.0"
154.192.35.83 - - [26/Apr/2025:09:53:14 -0400] "GET /wp-content/plugins/elementor/assets/lib/font-awesome/css/fontawesome.min.css?ver=5.15.3 HTTP/1.1" 200 12164 "https://hsec.com.pk/" "Mozilla/5.0 (Windows NT 10.0; Win64; x64) AppleWebKit/537.36 (KHTML, like Gecko) Chrome/135.0.0.0 Safari/537.36 Edg/135.0.0.0"
154.192.35.83 - - [26/Apr/2025:09:53:14 -0400] "GET /wp-includes/js/jquery/jquery.min.js?ver=3.7.1 HTTP/1.1" 200 29744 "https://hsec.com.pk/" "Mozilla/5.0 (Windows NT 10.0; Win64; x64) AppleWebKit/537.36 (KHTML, like Gecko) Chrome/135.0.0.0 Safari/537.36 Edg/135.0.0.0"
154.192.35.83 - - [26/Apr/2025:09:53:14 -0400] "GET /wp-includes/js/jquery/jquery-migrate.min.js?ver=3.4.1 HTTP/1.1" 200 4678 "https://hsec.com.pk/" "Mozilla/5.0 (Windows NT 10.0; Win64; x64) AppleWebKit/537.36 (KHTML, like Gecko) Chrome/135.0.0.0 Safari/537.36 Edg/135.0.0.0"
154.192.35.83 - - [26/Apr/2025:09:53:14 -0400] "GET /wp-content/plugins/elementor/assets/lib/font-awesome/css/brands.min.css?ver=5.15.3 HTTP/1.1" 200 284 "https://hsec.com.pk/" "Mozilla/5.0 (Windows NT 10.0; Win64; x64) AppleWebKit/537.36 (KHTML, like Gecko) Chrome/135.0.0.0 Safari/537.36 Edg/135.0.0.0"
154.192.35.83 - - [26/Apr/2025:09:53:14 -0400] "GET /wp-content/uploads/2023/09/ab5.jpg HTTP/1.1" 200 34918 "https://hsec.com.pk/" "Mozilla/5.0 (Windows NT 10.0; Win64; x64) AppleWebKit/537.36 (KHTML, like Gecko) Chrome/135.0.0.0 Safari/537.36 Edg/135.0.0.0"
154.192.35.83 - - [26/Apr/2025:09:53:14 -0400] "GET /wp-content/uploads/2023/09/HSEC__1_-removebg-preview-2-300x300.png HTTP/1.1" 200 5828 "https://hsec.com.pk/" "Mozilla/5.0 (Windows NT 10.0; Win64; x64) AppleWebKit/537.36 (KHTML, like Gecko) Chrome/135.0.0.0 Safari/537.36 Edg/135.0.0.0"
154.192.35.83 - - [26/Apr/2025:09:53:14 -0400] "GET /wp-content/uploads/2023/09/ab4.jpg HTTP/1.1" 200 39805 "https://hsec.com.pk/" "Mozilla/5.0 (Windows NT 10.0; Win64; x64) AppleWebKit/537.36 (KHTML, like Gecko) Chrome/135.0.0.0 Safari/537.36 Edg/135.0.0.0"
154.192.35.83 - - [26/Apr/2025:09:53:15 -0400] "GET /wp-content/plugins/elementor/assets/css/widget-testimonial.min.css?ver=3.28.4 HTTP/1.1" 200 296 "https://hsec.com.pk/" "Mozilla/5.0 (Windows NT 10.0; Win64; x64) AppleWebKit/537.36 (KHTML, like Gecko) Chrome/135.0.0.0 Safari/537.36 Edg/135.0.0.0"
154.192.35.83 - - [26/Apr/2025:09:53:15 -0400] "GET /wp-content/plugins/elementor/assets/css/widget-image.min.css?ver=3.28.4 HTTP/1.1" 200 254 "https://hsec.com.pk/" "Mozilla/5.0 (Windows NT 10.0; Win64; x64) AppleWebKit/537.36 (KHTML, like Gecko) Chrome/135.0.0.0 Safari/537.36 Edg/135.0.0.0"
154.192.35.83 - - [26/Apr/2025:09:53:15 -0400] "GET /wp-content/plugins/elementor/assets/css/widget-heading.min.css?ver=3.28.4 HTTP/1.1" 200 154 "https://hsec.com.pk/" "Mozilla/5.0 (Windows NT 10.0; Win64; x64) AppleWebKit/537.36 (KHTML, like Gecko) Chrome/135.0.0.0 Safari/537.36 Edg/135.0.0.0"
154.192.35.83 - - [26/Apr/2025:09:53:15 -0400] "GET /wp-content/plugins/elementor/assets/css/widget-icon-box.min.css?ver=3.28.4 HTTP/1.1" 200 656 "https://hsec.com.pk/" "Mozilla/5.0 (Windows NT 10.0; Win64; x64) AppleWebKit/537.36 (KHTML, like Gecko) Chrome/135.0.0.0 Safari/537.36 Edg/135.0.0.0"
154.192.35.83 - - [26/Apr/2025:09:53:15 -0400] "GET /wp-content/plugins/elementor/assets/css/widget-social-icons.min.css?ver=3.28.4 HTTP/1.1" 200 1069 "https://hsec.com.pk/" "Mozilla/5.0 (Windows NT 10.0; Win64; x64) AppleWebKit/537.36 (KHTML, like Gecko) Chrome/135.0.0.0 Safari/537.36 Edg/135.0.0.0"
154.192.35.83 - - [26/Apr/2025:09:53:15 -0400] "GET /wp-content/plugins/elementor/assets/css/widget-divider.min.css?ver=3.28.4 HTTP/1.1" 200 707 "https://hsec.com.pk/" "Mozilla/5.0 (Windows NT 10.0; Win64; x64) AppleWebKit/537.36 (KHTML, like Gecko) Chrome/135.0.0.0 Safari/537.36 Edg/135.0.0.0"
154.192.35.83 - - [26/Apr/2025:09:53:15 -0400] "GET /wp-content/uploads/2023/09/Pakistan-Tx.png HTTP/1.1" 200 109547 "https://hsec.com.pk/" "Mozilla/5.0 (Windows NT 10.0; Win64; x64) AppleWebKit/537.36 (KHTML, like Gecko) Chrome/135.0.0.0 Safari/537.36 Edg/135.0.0.0"
154.192.35.83 - - [26/Apr/2025:09:53:15 -0400] "GET /wp-content/plugins/elementor/assets/css/widget-google_maps.min.css?ver=3.28.4 HTTP/1.1" 200 117 "https://hsec.com.pk/" "Mozilla/5.0 (Windows NT 10.0; Win64; x64) AppleWebKit/537.36 (KHTML, like Gecko) Chrome/135.0.0.0 Safari/537.36 Edg/135.0.0.0"
154.192.35.83 - - [26/Apr/2025:09:53:15 -0400] "GET /wp-content/plugins/elementor/assets/css/conditionals/apple-webkit.min.css?ver=3.28.4 HTTP/1.1" 200 472 "https://hsec.com.pk/" "Mozilla/5.0 (Windows NT 10.0; Win64; x64) AppleWebKit/537.36 (KHTML, like Gecko) Chrome/135.0.0.0 Safari/537.36 Edg/135.0.0.0"
154.192.35.83 - - [26/Apr/2025:09:53:15 -0400] "GET /wp-content/themes/hello-elementor/assets/js/hello-frontend.min.js?ver=3.3.0 HTTP/1.1" 200 548 "https://hsec.com.pk/" "Mozilla/5.0 (Windows NT 10.0; Win64; x64) AppleWebKit/537.36 (KHTML, like Gecko) Chrome/135.0.0.0 Safari/537.36 Edg/135.0.0.0"
154.192.35.83 - - [26/Apr/2025:09:53:15 -0400] "GET /wp-content/plugins/elementor/assets/js/webpack.runtime.min.js?ver=3.28.4 HTTP/1.1" 200 2228 "https://hsec.com.pk/" "Mozilla/5.0 (Windows NT 10.0; Win64; x64) AppleWebKit/537.36 (KHTML, like Gecko) Chrome/135.0.0.0 Safari/537.36 Edg/135.0.0.0"
154.192.35.83 - - [26/Apr/2025:09:53:15 -0400] "GET /wp-content/plugins/header-footer-elementor/inc/js/frontend.js?ver=2.3.0 HTTP/1.1" 200 3944 "https://hsec.com.pk/" "Mozilla/5.0 (Windows NT 10.0; Win64; x64) AppleWebKit/537.36 (KHTML, like Gecko) Chrome/135.0.0.0 Safari/537.36 Edg/135.0.0.0"
154.192.35.83 - - [26/Apr/2025:09:53:15 -0400] "GET /wp-content/plugins/elementor/assets/js/frontend-modules.min.js?ver=3.28.4 HTTP/1.1" 200 14421 "https://hsec.com.pk/" "Mozilla/5.0 (Windows NT 10.0; Win64; x64) AppleWebKit/537.36 (KHTML, like Gecko) Chrome/135.0.0.0 Safari/537.36 Edg/135.0.0.0"
154.192.35.83 - - [26/Apr/2025:09:53:15 -0400] "GET /wp-includes/js/jquery/ui/core.min.js?ver=1.13.3 HTTP/1.1" 200 6812 "https://hsec.com.pk/" "Mozilla/5.0 (Windows NT 10.0; Win64; x64) AppleWebKit/537.36 (KHTML, like Gecko) Chrome/135.0.0.0 Safari/537.36 Edg/135.0.0.0"
154.192.35.83 - - [26/Apr/2025:09:53:15 -0400] "GET /wp-content/plugins/elementor/assets/js/frontend.min.js?ver=3.28.4 HTTP/1.1" 200 13099 "https://hsec.com.pk/" "Mozilla/5.0 (Windows NT 10.0; Win64; x64) AppleWebKit/537.36 (KHTML, like Gecko) Chrome/135.0.0.0 Safari/537.36 Edg/135.0.0.0"
154.192.35.83 - - [26/Apr/2025:09:53:15 -0400] "GET /wp-content/uploads/2023/09/FBR-Pakistan.png HTTP/1.1" 200 21275 "https://hsec.com.pk/" "Mozilla/5.0 (Windows NT 10.0; Win64; x64) AppleWebKit/537.36 (KHTML, like Gecko) Chrome/135.0.0.0 Safari/537.36 Edg/135.0.0.0"
154.192.35.83 - - [26/Apr/2025:09:53:15 -0400] "GET /wp-content/uploads/2023/09/ser1.jpg HTTP/1.1" 200 56464 "https://hsec.com.pk/" "Mozilla/5.0 (Windows NT 10.0; Win64; x64) AppleWebKit/537.36 (KHTML, like Gecko) Chrome/135.0.0.0 Safari/537.36 Edg/135.0.0.0"
154.192.35.83 - - [26/Apr/2025:09:53:15 -0400] "GET /wp-content/uploads/2023/09/Jamhuria-Paksitan.png HTTP/1.1" 200 71904 "https://hsec.com.pk/" "Mozilla/5.0 (Windows NT 10.0; Win64; x64) AppleWebKit/537.36 (KHTML, like Gecko) Chrome/135.0.0.0 Safari/537.36 Edg/135.0.0.0"
154.192.35.83 - - [26/Apr/2025:09:53:15 -0400] "GET /wp-content/uploads/2023/09/SRB-Pakistan.png HTTP/1.1" 200 34511 "https://hsec.com.pk/" "Mozilla/5.0 (Windows NT 10.0; Win64; x64) AppleWebKit/537.36 (KHTML, like Gecko) Chrome/135.0.0.0 Safari/537.36 Edg/135.0.0.0"
154.192.35.83 - - [26/Apr/2025:09:53:15 -0400] "GET /wp-content/uploads/elementor/google-fonts/fonts/roboto-kfo7cnqeu92fr1me7ksn66agldtyluama3yuba.woff2 HTTP/1.1" 200 40128 "https://hsec.com.pk/wp-content/uploads/elementor/google-fonts/css/roboto.css?ver=1742301576" "Mozilla/5.0 (Windows NT 10.0; Win64; x64) AppleWebKit/537.36 (KHTML, like Gecko) Chrome/135.0.0.0 Safari/537.36 Edg/135.0.0.0"
154.192.35.83 - - [26/Apr/2025:09:53:15 -0400] "GET /wp-content/plugins/elementor/assets/lib/font-awesome/webfonts/fa-solid-900.woff2 HTTP/1.1" 200 78196 "https://hsec.com.pk/wp-content/plugins/elementor/assets/lib/font-awesome/css/solid.css?ver=5.15.3" "Mozilla/5.0 (Windows NT 10.0; Win64; x64) AppleWebKit/537.36 (KHTML, like Gecko) Chrome/135.0.0.0 Safari/537.36 Edg/135.0.0.0"
154.192.35.83 - - [26/Apr/2025:09:53:15 -0400] "GET /wp-content/uploads/elementor/google-fonts/fonts/rubik-ijwkbxyifdniv7nbrxw.woff2 HTTP/1.1" 200 35448 "https://hsec.com.pk/wp-content/uploads/elementor/google-fonts/css/rubik.css?ver=1742301600" "Mozilla/5.0 (Windows NT 10.0; Win64; x64) AppleWebKit/537.36 (KHTML, like Gecko) Chrome/135.0.0.0 Safari/537.36 Edg/135.0.0.0"
154.192.35.83 - - [26/Apr/2025:09:53:15 -0400] "GET /wp-content/plugins/elementor/assets/lib/font-awesome/webfonts/fa-brands-400.woff2 HTTP/1.1" 200 81612 "https://hsec.com.pk/wp-content/plugins/elementor/assets/lib/font-awesome/css/brands.css?ver=5.15.3" "Mozilla/5.0 (Windows NT 10.0; Win64; x64) AppleWebKit/537.36 (KHTML, like Gecko) Chrome/135.0.0.0 Safari/537.36 Edg/135.0.0.0"
154.192.35.83 - - [26/Apr/2025:09:53:15 -0400] "GET /wp-includes/js/wp-emoji-release.min.js?ver=6.8 HTTP/1.1" 200 4771 "https://hsec.com.pk/" "Mozilla/5.0 (Windows NT 10.0; Win64; x64) AppleWebKit/537.36 (KHTML, like Gecko) Chrome/135.0.0.0 Safari/537.36 Edg/135.0.0.0"
154.192.35.83 - - [26/Apr/2025:09:53:15 -0400] "GET /wp-content/plugins/elementor/assets/lib/swiper/v8/swiper.min.js?ver=8.4.5 HTTP/1.1" 200 38152 "https://hsec.com.pk/" "Mozilla/5.0 (Windows NT 10.0; Win64; x64) AppleWebKit/537.36 (KHTML, like Gecko) Chrome/135.0.0.0 Safari/537.36 Edg/135.0.0.0"
154.192.35.83 - - [26/Apr/2025:09:53:15 -0400] "GET /wp-content/plugins/elementor/assets/js/text-editor.c084ef86600b6f11690d.bundle.min.js HTTP/1.1" 200 621 "https://hsec.com.pk/" "Mozilla/5.0 (Windows NT 10.0; Win64; x64) AppleWebKit/537.36 (KHTML, like Gecko) Chrome/135.0.0.0 Safari/537.36 Edg/135.0.0.0"
154.192.35.83 - - [26/Apr/2025:09:53:15 -0400] "GET /wp-content/uploads/2023/09/4-1.jpg HTTP/1.1" 200 233556 "https://hsec.com.pk/" "Mozilla/5.0 (Windows NT 10.0; Win64; x64) AppleWebKit/537.36 (KHTML, like Gecko) Chrome/135.0.0.0 Safari/537.36 Edg/135.0.0.0"
154.192.35.83 - - [26/Apr/2025:09:53:15 -0400] "GET /wp-content/uploads/2023/09/2-2.jpg HTTP/1.1" 200 136007 "https://hsec.com.pk/" "Mozilla/5.0 (Windows NT 10.0; Win64; x64) AppleWebKit/537.36 (KHTML, like Gecko) Chrome/135.0.0.0 Safari/537.36 Edg/135.0.0.0"
154.192.35.83 - - [26/Apr/2025:09:53:15 -0400] "GET /wp-content/uploads/2023/09/1-2.jpg HTTP/1.1" 200 214483 "https://hsec.com.pk/" "Mozilla/5.0 (Windows NT 10.0; Win64; x64) AppleWebKit/537.36 (KHTML, like Gecko) Chrome/135.0.0.0 Safari/537.36 Edg/135.0.0.0"
154.192.35.83 - - [26/Apr/2025:09:53:15 -0400] "GET /wp-content/uploads/2023/09/3-2.jpg HTTP/1.1" 200 203100 "https://hsec.com.pk/" "Mozilla/5.0 (Windows NT 10.0; Win64; x64) AppleWebKit/537.36 (KHTML, like Gecko) Chrome/135.0.0.0 Safari/537.36 Edg/135.0.0.0"
154.192.35.83 - - [26/Apr/2025:09:53:16 -0400] "GET /favicon.ico HTTP/1.1" 404 1251 "https://hsec.com.pk/" "Mozilla/5.0 (Windows NT 10.0; Win64; x64) AppleWebKit/537.36 (KHTML, like Gecko) Chrome/135.0.0.0 Safari/537.36 Edg/135.0.0.0"
198.98.61.49 - - [26/Apr/2025:10:13:48 -0400] "GET /wp-login.php HTTP/1.1" 200 4363 "-" "Mozilla/5.0 (iPad; CPU OS 7_1_2 like Mac OS X) AppleWebKit/537.51.2 (KHTML, like Gecko) Version/7.0 Mobile/11D257 Safari/9537.53"
66.29.132.124 - - [26/Apr/2025:10:13:58 -0400] "POST /wp-cron.php?doing_wp_cron=1745676837.7232499122619628906250 HTTP/1.1" 200 0 "-" "WordPress/6.8; https://hsec.com.pk"
198.98.61.49 - - [26/Apr/2025:10:13:48 -0400] "POST /wp-login.php HTTP/1.1" 200 4619 "-" "Mozilla/5.0 (iPad; CPU OS 7_1_2 like Mac OS X) AppleWebKit/537.51.2 (KHTML, like Gecko) Version/7.0 Mobile/11D257 Safari/9537.53"
66.29.132.124 - - [26/Apr/2025:10:13:59 -0400] "POST /wp-admin/admin-ajax.php?action=async_litespeed&nonce=lYMB3kF82jJVODv4E9CdU3WVjrd49bNU&litespeed_type=imgoptm HTTP/1.1" 200 0 "-" "WordPress/6.8; https://hsec.com.pk"
185.247.137.189 - - [26/Apr/2025:11:46:43 -0400] "GET / HTTP/1.1" 200 18345 "http://hsec.com.pk" "Mozilla/5.0 (compatible; InternetMeasurement/1.0; +https://internet-measurement.com/)"
87.236.176.53 - - [26/Apr/2025:11:46:44 -0400] "GET /favicon.ico HTTP/1.1" 404 1251 "-" "Mozilla/5.0 (compatible; InternetMeasurement/1.0; +https://internet-measurement.com/)"
64.227.109.89 - - [26/Apr/2025:11:46:45 -0400] "GET /favicon.ico HTTP/1.1" 404 1251 "-" "Mozilla/5.0 (compatible; InternetMeasurement/1.0; +https://internet-measurement.com/)"
17.241.75.187 - - [26/Apr/2025:14:20:58 -0400] "GET /robots.txt HTTP/1.1" 200 109 "-" "Mozilla/5.0 (Macintosh; Intel Mac OS X 10_15_7) AppleWebKit/605.1.15 (KHTML, like Gecko) Version/17.4 Safari/605.1.15 (Applebot/0.1; +http://www.apple.com/go/applebot)"
17.241.75.187 - - [26/Apr/2025:14:20:59 -0400] "GET / HTTP/1.1" 200 18345 "-" "Mozilla/5.0 (Macintosh; Intel Mac OS X 10_15_7) AppleWebKit/605.1.15 (KHTML, like Gecko) Version/17.4 Safari/605.1.15 (Applebot/0.1; +http://www.apple.com/go/applebot)"
17.22.245.250 - - [26/Apr/2025:14:38:36 -0400] "GET /wp-content/uploads/elementor/css/post-15.css?ver=1697198547 HTTP/1.1" 200 3658 "https://hsec.com.pk/" "Mozilla/5.0 (Macintosh; Intel Mac OS X 10_15_7) AppleWebKit/605.1.15 (KHTML, like Gecko) Version/17.4 Safari/605.1.15 (Applebot/0.1; +http://www.apple.com/go/applebot)"
17.22.245.120 - - [26/Apr/2025:14:38:36 -0400] "GET /wp-content/plugins/elementor/assets/css/frontend.min.css?ver=3.28.4 HTTP/1.1" 200 8879 "https://hsec.com.pk/" "Mozilla/5.0 (Macintosh; Intel Mac OS X 10_15_7) AppleWebKit/605.1.15 (KHTML, like Gecko) Version/17.4 Safari/605.1.15 (Applebot/0.1; +http://www.apple.com/go/applebot)"
17.22.245.145 - - [26/Apr/2025:14:38:37 -0400] "GET /wp-content/plugins/header-footer-elementor/assets/css/header-footer-elementor.css?ver=2.3.0 HTTP/1.1" 200 341 "https://hsec.com.pk/" "Mozilla/5.0 (Macintosh; Intel Mac OS X 10_15_7) AppleWebKit/605.1.15 (KHTML, like Gecko) Version/17.4 Safari/605.1.15 (Applebot/0.1; +http://www.apple.com/go/applebot)"
17.22.245.144 - - [26/Apr/2025:14:38:37 -0400] "GET /wp-content/plugins/elementor/assets/lib/eicons/css/elementor-icons.min.css?ver=5.36.0 HTTP/1.1" 200 4570 "https://hsec.com.pk/" "Mozilla/5.0 (Macintosh; Intel Mac OS X 10_15_7) AppleWebKit/605.1.15 (KHTML, like Gecko) Version/17.4 Safari/605.1.15 (Applebot/0.1; +http://www.apple.com/go/applebot)"
17.22.245.189 - - [26/Apr/2025:14:38:37 -0400] "GET /wp-content/plugins/header-footer-elementor/inc/widgets-css/frontend.css?ver=2.3.0 HTTP/1.1" 200 11437 "https://hsec.com.pk/" "Mozilla/5.0 (Macintosh; Intel Mac OS X 10_15_7) AppleWebKit/605.1.15 (KHTML, like Gecko) Version/17.4 Safari/605.1.15 (Applebot/0.1; +http://www.apple.com/go/applebot)"
17.22.245.250 - - [26/Apr/2025:14:38:38 -0400] "GET /wp-content/uploads/elementor/css/post-47.css?ver=1696323459 HTTP/1.1" 200 2246 "https://hsec.com.pk/" "Mozilla/5.0 (Macintosh; Intel Mac OS X 10_15_7) AppleWebKit/605.1.15 (KHTML, like Gecko) Version/17.4 Safari/605.1.15 (Applebot/0.1; +http://www.apple.com/go/applebot)"
17.22.237.177 - - [26/Apr/2025:14:38:38 -0400] "GET /wp-content/uploads/elementor/css/post-6.css?ver=1695404630 HTTP/1.1" 200 399 "https://hsec.com.pk/" "Mozilla/5.0 (Macintosh; Intel Mac OS X 10_15_7) AppleWebKit/605.1.15 (KHTML, like Gecko) Version/17.4 Safari/605.1.15 (Applebot/0.1; +http://www.apple.com/go/applebot)"
17.22.245.250 - - [26/Apr/2025:14:38:38 -0400] "GET /wp-content/uploads/elementor/css/post-212.css?ver=1696924547 HTTP/1.1" 200 956 "https://hsec.com.pk/" "Mozilla/5.0 (Macintosh; Intel Mac OS X 10_15_7) AppleWebKit/605.1.15 (KHTML, like Gecko) Version/17.4 Safari/605.1.15 (Applebot/0.1; +http://www.apple.com/go/applebot)"
17.22.237.158 - - [26/Apr/2025:14:38:39 -0400] "GET /wp-content/themes/hello-elementor/style.min.css?ver=3.3.0 HTTP/1.1" 200 1963 "https://hsec.com.pk/" "Mozilla/5.0 (Macintosh; Intel Mac OS X 10_15_7) AppleWebKit/605.1.15 (KHTML, like Gecko) Version/17.4 Safari/605.1.15 (Applebot/0.1; +http://www.apple.com/go/applebot)"
17.22.245.250 - - [26/Apr/2025:14:38:40 -0400] "GET /wp-content/plugins/elementor/assets/lib/eicons/css/elementor-icons.min.css?ver=5.34.0 HTTP/1.1" 200 4570 "https://hsec.com.pk/" "Mozilla/5.0 (Macintosh; Intel Mac OS X 10_15_7) AppleWebKit/605.1.15 (KHTML, like Gecko) Version/17.4 Safari/605.1.15 (Applebot/0.1; +http://www.apple.com/go/applebot)"
17.22.253.226 - - [26/Apr/2025:14:38:40 -0400] "GET /wp-content/themes/hello-elementor/header-footer.min.css?ver=3.3.0 HTTP/1.1" 200 1705 "https://hsec.com.pk/" "Mozilla/5.0 (Macintosh; Intel Mac OS X 10_15_7) AppleWebKit/605.1.15 (KHTML, like Gecko) Version/17.4 Safari/605.1.15 (Applebot/0.1; +http://www.apple.com/go/applebot)"
17.22.237.177 - - [26/Apr/2025:14:38:40 -0400] "GET /wp-content/plugins/elementor/assets/css/widget-icon-list.min.css?ver=3.24.3 HTTP/1.1" 200 1333 "https://hsec.com.pk/" "Mozilla/5.0 (Macintosh; Intel Mac OS X 10_15_7) AppleWebKit/605.1.15 (KHTML, like Gecko) Version/17.4 Safari/605.1.15 (Applebot/0.1; +http://www.apple.com/go/applebot)"
17.22.253.245 - - [26/Apr/2025:14:38:41 -0400] "GET /wp-content/plugins/elementor/assets/css/widget-social-icons.min.css?ver=3.24.0 HTTP/1.1" 200 1236 "https://hsec.com.pk/" "Mozilla/5.0 (Macintosh; Intel Mac OS X 10_15_7) AppleWebKit/605.1.15 (KHTML, like Gecko) Version/17.4 Safari/605.1.15 (Applebot/0.1; +http://www.apple.com/go/applebot)"
17.22.253.55 - - [26/Apr/2025:14:38:42 -0400] "GET /wp-content/plugins/elementor/assets/lib/font-awesome/css/brands.css?ver=5.15.3 HTTP/1.1" 200 327 "https://hsec.com.pk/" "Mozilla/5.0 (Macintosh; Intel Mac OS X 10_15_7) AppleWebKit/605.1.15 (KHTML, like Gecko) Version/17.4 Safari/605.1.15 (Applebot/0.1; +http://www.apple.com/go/applebot)"
17.22.245.250 - - [26/Apr/2025:14:38:42 -0400] "GET /wp-content/plugins/elementor/assets/lib/font-awesome/css/fontawesome.css?ver=5.15.3 HTTP/1.1" 200 15083 "https://hsec.com.pk/" "Mozilla/5.0 (Macintosh; Intel Mac OS X 10_15_7) AppleWebKit/605.1.15 (KHTML, like Gecko) Version/17.4 Safari/605.1.15 (Applebot/0.1; +http://www.apple.com/go/applebot)"
17.22.245.27 - - [26/Apr/2025:14:38:43 -0400] "GET /wp-content/plugins/elementor/assets/lib/font-awesome/css/solid.css?ver=5.15.3 HTTP/1.1" 200 329 "https://hsec.com.pk/" "Mozilla/5.0 (Macintosh; Intel Mac OS X 10_15_7) AppleWebKit/605.1.15 (KHTML, like Gecko) Version/17.4 Safari/605.1.15 (Applebot/0.1; +http://www.apple.com/go/applebot)"
17.22.245.133 - - [26/Apr/2025:14:38:44 -0400] "GET /wp-content/uploads/elementor/google-fonts/css/roboto.css?ver=1742301576 HTTP/1.1" 200 4608 "https://hsec.com.pk/" "Mozilla/5.0 (Macintosh; Intel Mac OS X 10_15_7) AppleWebKit/605.1.15 (KHTML, like Gecko) Version/17.4 Safari/605.1.15 (Applebot/0.1; +http://www.apple.com/go/applebot)"
17.22.253.55 - - [26/Apr/2025:14:38:44 -0400] "GET /wp-content/uploads/elementor/google-fonts/css/rubik.css?ver=1742301600 HTTP/1.1" 200 1456 "https://hsec.com.pk/" "Mozilla/5.0 (Macintosh; Intel Mac OS X 10_15_7) AppleWebKit/605.1.15 (KHTML, like Gecko) Version/17.4 Safari/605.1.15 (Applebot/0.1; +http://www.apple.com/go/applebot)"
17.22.245.150 - - [26/Apr/2025:14:38:44 -0400] "GET /wp-content/uploads/elementor/google-fonts/css/robotoslab.css?ver=1742301586 HTTP/1.1" 200 1045 "https://hsec.com.pk/" "Mozilla/5.0 (Macintosh; Intel Mac OS X 10_15_7) AppleWebKit/605.1.15 (KHTML, like Gecko) Version/17.4 Safari/605.1.15 (Applebot/0.1; +http://www.apple.com/go/applebot)"
17.22.245.250 - - [26/Apr/2025:14:38:45 -0400] "GET /wp-content/plugins/elementor/assets/lib/font-awesome/css/fontawesome.min.css?ver=5.15.3 HTTP/1.1" 200 14499 "https://hsec.com.pk/" "Mozilla/5.0 (Macintosh; Intel Mac OS X 10_15_7) AppleWebKit/605.1.15 (KHTML, like Gecko) Version/17.4 Safari/605.1.15 (Applebot/0.1; +http://www.apple.com/go/applebot)"
17.22.237.175 - - [26/Apr/2025:14:38:46 -0400] "GET /wp-content/themes/hello-elementor/theme.min.css?ver=3.3.0 HTTP/1.1" 200 1424 "https://hsec.com.pk/" "Mozilla/5.0 (Macintosh; Intel Mac OS X 10_15_7) AppleWebKit/605.1.15 (KHTML, like Gecko) Version/17.4 Safari/605.1.15 (Applebot/0.1; +http://www.apple.com/go/applebot)"
17.22.253.55 - - [26/Apr/2025:14:38:46 -0400] "GET /wp-includes/js/jquery/jquery.min.js?ver=3.7.1 HTTP/1.1" 200 35438 "https://hsec.com.pk/" "Mozilla/5.0 (Macintosh; Intel Mac OS X 10_15_7) AppleWebKit/605.1.15 (KHTML, like Gecko) Version/17.4 Safari/605.1.15 (Applebot/0.1; +http://www.apple.com/go/applebot)"
17.22.253.156 - - [26/Apr/2025:14:38:46 -0400] "GET /wp-content/plugins/elementor/assets/lib/font-awesome/css/regular.min.css?ver=5.15.3 HTTP/1.1" 200 315 "https://hsec.com.pk/" "Mozilla/5.0 (Macintosh; Intel Mac OS X 10_15_7) AppleWebKit/605.1.15 (KHTML, like Gecko) Version/17.4 Safari/605.1.15 (Applebot/0.1; +http://www.apple.com/go/applebot)"
17.22.245.150 - - [26/Apr/2025:14:38:46 -0400] "GET /wp-content/plugins/elementor/assets/lib/font-awesome/css/brands.min.css?ver=5.15.3 HTTP/1.1" 200 314 "https://hsec.com.pk/" "Mozilla/5.0 (Macintosh; Intel Mac OS X 10_15_7) AppleWebKit/605.1.15 (KHTML, like Gecko) Version/17.4 Safari/605.1.15 (Applebot/0.1; +http://www.apple.com/go/applebot)"
17.22.245.133 - - [26/Apr/2025:14:38:47 -0400] "GET /wp-includes/js/jquery/jquery-migrate.min.js?ver=3.4.1 HTTP/1.1" 200 5342 "https://hsec.com.pk/" "Mozilla/5.0 (Macintosh; Intel Mac OS X 10_15_7) AppleWebKit/605.1.15 (KHTML, like Gecko) Version/17.4 Safari/605.1.15 (Applebot/0.1; +http://www.apple.com/go/applebot)"
17.22.237.175 - - [26/Apr/2025:14:38:48 -0400] "GET /wp-content/plugins/elementor/assets/css/widget-divider.min.css?ver=3.28.4 HTTP/1.1" 200 878 "https://hsec.com.pk/" "Mozilla/5.0 (Macintosh; Intel Mac OS X 10_15_7) AppleWebKit/605.1.15 (KHTML, like Gecko) Version/17.4 Safari/605.1.15 (Applebot/0.1; +http://www.apple.com/go/applebot)"
17.22.237.226 - - [26/Apr/2025:14:38:48 -0400] "GET /wp-content/plugins/elementor/assets/css/widget-heading.min.css?ver=3.28.4 HTTP/1.1" 200 192 "https://hsec.com.pk/" "Mozilla/5.0 (Macintosh; Intel Mac OS X 10_15_7) AppleWebKit/605.1.15 (KHTML, like Gecko) Version/17.4 Safari/605.1.15 (Applebot/0.1; +http://www.apple.com/go/applebot)"
17.22.245.250 - - [26/Apr/2025:14:38:48 -0400] "GET /wp-content/plugins/elementor/assets/css/widget-image.min.css?ver=3.28.4 HTTP/1.1" 200 254 "https://hsec.com.pk/" "Mozilla/5.0 (Macintosh; Intel Mac OS X 10_15_7) AppleWebKit/605.1.15 (KHTML, like Gecko) Version/17.4 Safari/605.1.15 (Applebot/0.1; +http://www.apple.com/go/applebot)"
17.22.253.55 - - [26/Apr/2025:14:38:49 -0400] "GET /wp-content/plugins/elementor/assets/css/widget-testimonial.min.css?ver=3.28.4 HTTP/1.1" 200 395 "https://hsec.com.pk/" "Mozilla/5.0 (Macintosh; Intel Mac OS X 10_15_7) AppleWebKit/605.1.15 (KHTML, like Gecko) Version/17.4 Safari/605.1.15 (Applebot/0.1; +http://www.apple.com/go/applebot)"
17.22.245.133 - - [26/Apr/2025:14:38:49 -0400] "GET /wp-content/plugins/elementor/assets/css/widget-icon-box.min.css?ver=3.28.4 HTTP/1.1" 200 1048 "https://hsec.com.pk/" "Mozilla/5.0 (Macintosh; Intel Mac OS X 10_15_7) AppleWebKit/605.1.15 (KHTML, like Gecko) Version/17.4 Safari/605.1.15 (Applebot/0.1; +http://www.apple.com/go/applebot)"
17.22.237.226 - - [26/Apr/2025:14:38:50 -0400] "GET /wp-content/plugins/elementor/assets/css/widget-social-icons.min.css?ver=3.28.4 HTTP/1.1" 200 1236 "https://hsec.com.pk/" "Mozilla/5.0 (Macintosh; Intel Mac OS X 10_15_7) AppleWebKit/605.1.15 (KHTML, like Gecko) Version/17.4 Safari/605.1.15 (Applebot/0.1; +http://www.apple.com/go/applebot)"
17.22.253.211 - - [26/Apr/2025:14:38:50 -0400] "GET /wp-content/plugins/elementor/assets/css/widget-google_maps.min.css?ver=3.28.4 HTTP/1.1" 200 169 "https://hsec.com.pk/" "Mozilla/5.0 (Macintosh; Intel Mac OS X 10_15_7) AppleWebKit/605.1.15 (KHTML, like Gecko) Version/17.4 Safari/605.1.15 (Applebot/0.1; +http://www.apple.com/go/applebot)"
17.22.253.4 - - [26/Apr/2025:14:38:51 -0400] "GET /wp-content/plugins/elementor/assets/lib/font-awesome/css/solid.min.css?ver=5.15.3 HTTP/1.1" 200 316 "https://hsec.com.pk/" "Mozilla/5.0 (Macintosh; Intel Mac OS X 10_15_7) AppleWebKit/605.1.15 (KHTML, like Gecko) Version/17.4 Safari/605.1.15 (Applebot/0.1; +http://www.apple.com/go/applebot)"
17.22.237.204 - - [26/Apr/2025:14:38:52 -0400] "GET /wp-content/plugins/elementor/assets/css/conditionals/apple-webkit.min.css?ver=3.28.4 HTTP/1.1" 200 699 "https://hsec.com.pk/" "Mozilla/5.0 (Macintosh; Intel Mac OS X 10_15_7) AppleWebKit/605.1.15 (KHTML, like Gecko) Version/17.4 Safari/605.1.15 (Applebot/0.1; +http://www.apple.com/go/applebot)"
17.22.245.250 - - [26/Apr/2025:14:38:53 -0400] "GET /wp-content/themes/hello-elementor/assets/js/hello-frontend.min.js?ver=3.3.0 HTTP/1.1" 200 655 "https://hsec.com.pk/" "Mozilla/5.0 (Macintosh; Intel Mac OS X 10_15_7) AppleWebKit/605.1.15 (KHTML, like Gecko) Version/17.4 Safari/605.1.15 (Applebot/0.1; +http://www.apple.com/go/applebot)"
17.22.237.226 - - [26/Apr/2025:14:38:53 -0400] "GET /wp-content/plugins/elementor/assets/js/webpack.runtime.min.js?ver=3.28.4 HTTP/1.1" 200 2496 "https://hsec.com.pk/" "Mozilla/5.0 (Macintosh; Intel Mac OS X 10_15_7) AppleWebKit/605.1.15 (KHTML, like Gecko) Version/17.4 Safari/605.1.15 (Applebot/0.1; +http://www.apple.com/go/applebot)"
17.22.237.16 - - [26/Apr/2025:14:38:53 -0400] "GET /wp-content/plugins/header-footer-elementor/inc/js/frontend.js?ver=2.3.0 HTTP/1.1" 200 5412 "https://hsec.com.pk/" "Mozilla/5.0 (Macintosh; Intel Mac OS X 10_15_7) AppleWebKit/605.1.15 (KHTML, like Gecko) Version/17.4 Safari/605.1.15 (Applebot/0.1; +http://www.apple.com/go/applebot)"
17.22.253.211 - - [26/Apr/2025:14:38:53 -0400] "GET /wp-content/plugins/elementor/assets/js/frontend-modules.min.js?ver=3.28.4 HTTP/1.1" 200 17170 "https://hsec.com.pk/" "Mozilla/5.0 (Macintosh; Intel Mac OS X 10_15_7) AppleWebKit/605.1.15 (KHTML, like Gecko) Version/17.4 Safari/605.1.15 (Applebot/0.1; +http://www.apple.com/go/applebot)"
17.22.253.4 - - [26/Apr/2025:14:38:54 -0400] "GET /wp-includes/js/jquery/ui/core.min.js?ver=1.13.3 HTTP/1.1" 200 7941 "https://hsec.com.pk/" "Mozilla/5.0 (Macintosh; Intel Mac OS X 10_15_7) AppleWebKit/605.1.15 (KHTML, like Gecko) Version/17.4 Safari/605.1.15 (Applebot/0.1; +http://www.apple.com/go/applebot)"
17.22.237.204 - - [26/Apr/2025:14:38:54 -0400] "GET /wp-content/plugins/elementor/assets/js/frontend.min.js?ver=3.28.4 HTTP/1.1" 200 15618 "https://hsec.com.pk/" "Mozilla/5.0 (Macintosh; Intel Mac OS X 10_15_7) AppleWebKit/605.1.15 (KHTML, like Gecko) Version/17.4 Safari/605.1.15 (Applebot/0.1; +http://www.apple.com/go/applebot)"
17.22.237.243 - - [26/Apr/2025:14:38:56 -0400] "GET /wp-content/plugins/elementor/assets/lib/swiper/v8/swiper.min.js?ver=8.4.5 HTTP/1.1" 200 48155 "https://hsec.com.pk/" "Mozilla/5.0 (Macintosh; Intel Mac OS X 10_15_7) AppleWebKit/605.1.15 (KHTML, like Gecko) Version/17.4 Safari/605.1.15 (Applebot/0.1; +http://www.apple.com/go/applebot)"
17.22.253.193 - - [26/Apr/2025:14:38:56 -0400] "GET /wp-content/plugins/elementor/assets/js/text-editor.c084ef86600b6f11690d.bundle.min.js HTTP/1.1" 200 704 "https://hsec.com.pk/" "Mozilla/5.0 (Macintosh; Intel Mac OS X 10_15_7) AppleWebKit/605.1.15 (KHTML, like Gecko) Version/17.4 Safari/605.1.15 (Applebot/0.1; +http://www.apple.com/go/applebot)"
107.150.0.65 - - [26/Apr/2025:15:37:14 -0400] "GET /.env HTTP/1.1" 403 1242 "-" "Mozilla/5.0 (Windows NT 10.0; Win64; x64) AppleWebKit/537.36 (KHTML, like Gecko) Chrome/119.0.0.0 Safari/537.36"
107.150.0.65 - - [26/Apr/2025:15:37:15 -0400] "POST / HTTP/1.1" 508 829 "-" "Mozilla/5.0 (Windows NT 10.0; Win64; x64) AppleWebKit/537.36 (KHTML, like Gecko) Chrome/119.0.0.0 Safari/537.36"
107.189.3.177 - - [26/Apr/2025:16:11:48 -0400] "GET /wp-login.php HTTP/1.1" 200 4363 "-" "Mozilla/5.0 (Windows NT 5.1; rv:30.0) Gecko/20100101 Firefox/30.0"
66.29.132.124 - - [26/Apr/2025:16:11:51 -0400] "POST /wp-cron.php?doing_wp_cron=1745698311.1633849143981933593750 HTTP/1.1" 200 0 "-" "WordPress/6.8; https://hsec.com.pk"
107.189.3.177 - - [26/Apr/2025:16:11:48 -0400] "POST /wp-login.php HTTP/1.1" 200 4619 "-" "Mozilla/5.0 (Windows NT 5.1; rv:30.0) Gecko/20100101 Firefox/30.0"
66.29.132.124 - - [26/Apr/2025:16:11:51 -0400] "POST /wp-admin/admin-ajax.php?action=async_litespeed&nonce=2BR2yo7fDaUeC2Lr2Lh62cIpN6fvre8w&litespeed_type=imgoptm HTTP/1.1" 200 0 "-" "WordPress/6.8; https://hsec.com.pk"
66.249.65.98 - - [26/Apr/2025:16:47:34 -0400] "GET /robots.txt HTTP/1.1" 301 0 "-" "Mozilla/5.0 (compatible; Googlebot/2.1; +http://www.google.com/bot.html)"
66.249.74.103 - - [26/Apr/2025:16:47:34 -0400] "GET /robots.txt HTTP/1.1" 200 92 "-" "Mozilla/5.0 (compatible; Googlebot/2.1; +http://www.google.com/bot.html)"
209.141.33.127 - - [26/Apr/2025:17:33:40 -0400] "GET /wp-login.php HTTP/1.1" 200 4363 "-" "Mozilla/5.0 (Windows NT 6.3; WOW64; rv:30.0) Gecko/20100101 Firefox/30.0"
66.29.132.124 - - [26/Apr/2025:17:33:45 -0400] "POST /wp-cron.php?doing_wp_cron=1745703225.0156219005584716796875 HTTP/1.1" 200 0 "-" "WordPress/6.8; https://hsec.com.pk"
209.141.33.127 - - [26/Apr/2025:17:33:40 -0400] "POST /wp-login.php HTTP/1.1" 200 4619 "-" "Mozilla/5.0 (Windows NT 6.3; WOW64; rv:30.0) Gecko/20100101 Firefox/30.0"
66.29.132.124 - - [26/Apr/2025:17:33:45 -0400] "POST /wp-admin/admin-ajax.php?action=async_litespeed&nonce=nCsRb2ghiiwYdyKAbrev3uNzHg9SlyPy&litespeed_type=imgoptm HTTP/1.1" 200 21 "-" "WordPress/6.8; https://hsec.com.pk"
198.98.52.69 - - [26/Apr/2025:18:55:45 -0400] "GET /wp-login.php HTTP/1.1" 200 4363 "-" "Mozilla/5.0 (Macintosh; Intel Mac OS X 10.9; rv:31.0) Gecko/20100101 Firefox/31.0"
66.29.132.124 - - [26/Apr/2025:18:55:49 -0400] "POST /wp-cron.php?doing_wp_cron=1745708149.4437220096588134765625 HTTP/1.1" 200 0 "-" "WordPress/6.8; https://hsec.com.pk"
198.98.52.69 - - [26/Apr/2025:18:55:45 -0400] "POST /wp-login.php HTTP/1.1" 200 4619 "-" "Mozilla/5.0 (Macintosh; Intel Mac OS X 10.9; rv:31.0) Gecko/20100101 Firefox/31.0"
66.29.132.124 - - [26/Apr/2025:18:55:49 -0400] "POST /wp-admin/admin-ajax.php?action=async_litespeed&nonce=J9Nh2yV2XaMGJp3jnK4hCzaSA253dK14&litespeed_type=imgoptm HTTP/1.1" 200 21 "-" "WordPress/6.8; https://hsec.com.pk"
107.151.208.6 - - [26/Apr/2025:19:02:09 -0400] "GET //?rest_route=/wp/v2/users HTTP/1.1" 200 813 "www.google.com" "Mozlila/5.0 (Linux; Android 7.0; SM-G892A Bulid/NRD90M; wv) AppleWebKit/537.36 (KHTML, like Gecko) Version/4.0 Chrome/60.0.3112.107 Moblie Safari/537.36"
52.167.144.65 - - [26/Apr/2025:19:22:22 -0400] "GET /robots.txt HTTP/1.1" 200 92 "-" "Mozilla/5.0 AppleWebKit/537.36 (KHTML, like Gecko; compatible; bingbot/2.0; +http://www.bing.com/bingbot.htm) Chrome/116.0.1938.76 Safari/537.36"
52.167.144.65 - - [26/Apr/2025:19:22:22 -0400] "GET /robots.txt HTTP/1.1" 200 92 "-" "Mozilla/5.0 AppleWebKit/537.36 (KHTML, like Gecko; compatible; bingbot/2.0; +http://www.bing.com/bingbot.htm) Chrome/116.0.1938.76 Safari/537.36"
52.167.144.203 - - [26/Apr/2025:19:22:31 -0400] "GET / HTTP/1.1" 200 15792 "-" "Mozilla/5.0 AppleWebKit/537.36 (KHTML, like Gecko; compatible; bingbot/2.0; +http://www.bing.com/bingbot.htm) Chrome/116.0.1938.76 Safari/537.36"
40.77.167.56 - - [26/Apr/2025:19:22:49 -0400] "GET /wp-content/plugins/elementor/assets/css/widget-icon-box.min.css?ver=3.28.4 HTTP/1.1" 200 656 "-" "Mozilla/5.0 AppleWebKit/537.36 (KHTML, like Gecko; compatible; bingbot/2.0; +http://www.bing.com/bingbot.htm) Chrome/116.0.1938.76 Safari/537.36"
40.77.167.56 - - [26/Apr/2025:19:22:49 -0400] "GET /wp-content/plugins/elementor/assets/css/widget-icon-list.min.css?ver=3.24.3 HTTP/1.1" 200 957 "-" "Mozilla/5.0 AppleWebKit/537.36 (KHTML, like Gecko; compatible; bingbot/2.0; +http://www.bing.com/bingbot.htm) Chrome/116.0.1938.76 Safari/537.36"
40.77.167.56 - - [26/Apr/2025:19:22:49 -0400] "GET /wp-content/plugins/elementor/assets/css/widget-social-icons.min.css?ver=3.28.4 HTTP/1.1" 200 1069 "-" "Mozilla/5.0 AppleWebKit/537.36 (KHTML, like Gecko; compatible; bingbot/2.0; +http://www.bing.com/bingbot.htm) Chrome/116.0.1938.76 Safari/537.36"
40.77.167.56 - - [26/Apr/2025:19:22:49 -0400] "GET /wp-content/plugins/elementor/assets/lib/eicons/css/elementor-icons.min.css?ver=5.36.0 HTTP/1.1" 200 3845 "-" "Mozilla/5.0 AppleWebKit/537.36 (KHTML, like Gecko; compatible; bingbot/2.0; +http://www.bing.com/bingbot.htm) Chrome/116.0.1938.76 Safari/537.36"
40.77.167.56 - - [26/Apr/2025:19:22:50 -0400] "GET /wp-content/plugins/elementor/assets/lib/font-awesome/css/fontawesome.css?ver=5.15.3 HTTP/1.1" 200 12526 "-" "Mozilla/5.0 AppleWebKit/537.36 (KHTML, like Gecko; compatible; bingbot/2.0; +http://www.bing.com/bingbot.htm) Chrome/116.0.1938.76 Safari/537.36"
40.77.167.56 - - [26/Apr/2025:19:22:50 -0400] "GET /wp-content/plugins/elementor/assets/lib/font-awesome/css/fontawesome.min.css?ver=5.15.3 HTTP/1.1" 200 12164 "-" "Mozilla/5.0 AppleWebKit/537.36 (KHTML, like Gecko; compatible; bingbot/2.0; +http://www.bing.com/bingbot.htm) Chrome/116.0.1938.76 Safari/537.36"
40.77.167.56 - - [26/Apr/2025:19:22:50 -0400] "GET /wp-content/plugins/elementor/assets/lib/font-awesome/css/solid.css?ver=5.15.3 HTTP/1.1" 200 296 "-" "Mozilla/5.0 AppleWebKit/537.36 (KHTML, like Gecko; compatible; bingbot/2.0; +http://www.bing.com/bingbot.htm) Chrome/116.0.1938.76 Safari/537.36"
