OwlCyberSecurity - MANAGER
Edit File: ibnearif.arsn.media
170.106.147.63 - - [28/Apr/2025:03:51:02 -0400] "GET / HTTP/1.1" 301 795 "-" "Mozilla/5.0 (iPhone; CPU iPhone OS 13_2_3 like Mac OS X) AppleWebKit/605.1.15 (KHTML, like Gecko) Version/13.0.3 Mobile/15E148 Safari/604.1"
216.244.66.196 - - [28/Apr/2025:03:51:15 -0400] "GET /robots.txt HTTP/1.1" 301 795 "-" "Mozilla/5.0 (compatible; DotBot/1.2; +https://opensiteexplorer.org/dotbot; help@moz.com)"
83.219.250.207 - - [28/Apr/2025:03:59:49 -0400] "GET /admin/index.php?route=common/login HTTP/1.1" 301 795 "-" "Mozilla/5.0 (X11; Ubuntu; Linux i686) AppleWebKit/537.36 (KHTML, like Gecko) Chrome/55.0.2891.79 Safari/537.36"
83.219.250.207 - - [28/Apr/2025:04:00:55 -0400] "GET /admin/index.php?route=common/login HTTP/1.1" 301 795 "-" "Mozilla/5.0 (Windows NT 6.2; Win64; x64; rv:47.0) Gecko/20100101 Firefox/47.0"
216.244.66.196 - - [28/Apr/2025:04:35:33 -0400] "GET /robots.txt HTTP/1.1" 301 795 "-" "Mozilla/5.0 (compatible; DotBot/1.2; +https://opensiteexplorer.org/dotbot; help@moz.com)"
83.219.250.207 - - [28/Apr/2025:04:47:24 -0400] "GET /admin/index.php?route=common/login HTTP/1.1" 301 795 "-" "Mozilla/5.0 (X11; Linux i686 on x86_64; rv:51.0) Gecko/20100101 Firefox/51.0"
146.19.215.55 - - [28/Apr/2025:05:13:26 -0400] "GET /wp-content/plugins/HelloDollyV2/hello_dolly_v2.php HTTP/1.1" 301 795 "-" "ShellBot 2.0"
52.167.144.197 - - [28/Apr/2025:05:15:55 -0400] "GET /lbcdzzm.chibchan HTTP/1.1" 301 795 "-" "Mozilla/5.0 AppleWebKit/537.36 (KHTML, like Gecko; compatible; bingbot/2.0; +http://www.bing.com/bingbot.htm) Chrome/116.0.1938.76 Safari/537.36"
216.244.66.196 - - [28/Apr/2025:05:20:17 -0400] "GET /robots.txt HTTP/1.1" 301 795 "-" "Mozilla/5.0 (compatible; DotBot/1.2; +https://opensiteexplorer.org/dotbot; help@moz.com)"
52.167.144.22 - - [28/Apr/2025:05:23:36 -0400] "GET /1wwo7dn1.pericarditis HTTP/1.1" 301 795 "-" "Mozilla/5.0 AppleWebKit/537.36 (KHTML, like Gecko; compatible; bingbot/2.0; +http://www.bing.com/bingbot.htm) Chrome/116.0.1938.76 Safari/537.36"
207.46.13.87 - - [28/Apr/2025:05:29:22 -0400] "GET /d0nvxxw3 HTTP/1.1" 301 795 "-" "Mozilla/5.0 AppleWebKit/537.36 (KHTML, like Gecko; compatible; bingbot/2.0; +http://www.bing.com/bingbot.htm) Chrome/116.0.1938.76 Safari/537.36"
40.77.167.116 - - [28/Apr/2025:05:52:18 -0400] "GET /isalq0.coulometry HTTP/1.1" 301 795 "-" "Mozilla/5.0 AppleWebKit/537.36 (KHTML, like Gecko; compatible; bingbot/2.0; +http://www.bing.com/bingbot.htm) Chrome/116.0.1938.76 Safari/537.36"
207.46.13.18 - - [28/Apr/2025:05:52:59 -0400] "GET /ocx63tg.quotable HTTP/1.1" 301 795 "-" "Mozilla/5.0 AppleWebKit/537.36 (KHTML, like Gecko; compatible; bingbot/2.0; +http://www.bing.com/bingbot.htm) Chrome/116.0.1938.76 Safari/537.36"
83.219.250.207 - - [28/Apr/2025:06:00:56 -0400] "GET / HTTP/1.1" 301 795 "-" "Mozilla/5.0 (X11; Linux i686 on x86_64; rv:46.0) Gecko/20100101 Firefox/46.0"
216.244.66.196 - - [28/Apr/2025:06:05:23 -0400] "GET /robots.txt HTTP/1.1" 301 795 "-" "Mozilla/5.0 (compatible; DotBot/1.2; +https://opensiteexplorer.org/dotbot; help@moz.com)"
83.219.250.207 - - [28/Apr/2025:06:09:03 -0400] "GET /admin/index.php?route=common/login HTTP/1.1" 301 795 "-" "Mozilla/5.0 (Macintosh; Intel Mac OS X 10.11; rv:48.0) Gecko/20100101 Firefox/48.0"
83.219.250.207 - - [28/Apr/2025:06:11:44 -0400] "GET /admin/index.php?route=common/login HTTP/1.1" 301 795 "-" "Mozilla/5.0 (Windows NT 5.1; rv:46.0) Gecko/20100101 Firefox/46.0"
40.77.167.116 - - [28/Apr/2025:06:11:54 -0400] "GET /xuxn HTTP/1.1" 301 795 "-" "Mozilla/5.0 AppleWebKit/537.36 (KHTML, like Gecko; compatible; bingbot/2.0; +http://www.bing.com/bingbot.htm) Chrome/116.0.1938.76 Safari/537.36"
83.219.250.207 - - [28/Apr/2025:06:40:36 -0400] "GET /admin/index.php?route=common/login HTTP/1.1" 301 795 "-" "Mozilla/5.0 (Macintosh; Intel Mac OS X 10.10; rv:46.0) Gecko/20100101 Firefox/46.0"
157.55.39.201 - - [28/Apr/2025:06:43:38 -0400] "GET /1cvju0ei09hqpr.hyena HTTP/1.1" 301 795 "-" "Mozilla/5.0 AppleWebKit/537.36 (KHTML, like Gecko; compatible; bingbot/2.0; +http://www.bing.com/bingbot.htm) Chrome/116.0.1938.76 Safari/537.36"
216.244.66.196 - - [28/Apr/2025:06:49:20 -0400] "GET /robots.txt HTTP/1.1" 301 795 "-" "Mozilla/5.0 (compatible; DotBot/1.2; +https://opensiteexplorer.org/dotbot; help@moz.com)"
52.167.144.16 - - [28/Apr/2025:07:01:55 -0400] "GET /jf3 HTTP/1.1" 301 795 "-" "Mozilla/5.0 AppleWebKit/537.36 (KHTML, like Gecko; compatible; bingbot/2.0; +http://www.bing.com/bingbot.htm) Chrome/116.0.1938.76 Safari/537.36"
216.244.66.196 - - [28/Apr/2025:07:34:01 -0400] "GET /robots.txt HTTP/1.1" 301 795 "-" "Mozilla/5.0 (compatible; DotBot/1.2; +https://opensiteexplorer.org/dotbot; help@moz.com)"
52.167.144.200 - - [28/Apr/2025:07:49:41 -0400] "GET /mg2.cartomancy HTTP/1.1" 301 795 "-" "Mozilla/5.0 AppleWebKit/537.36 (KHTML, like Gecko; compatible; bingbot/2.0; +http://www.bing.com/bingbot.htm) Chrome/116.0.1938.76 Safari/537.36"
52.167.144.203 - - [28/Apr/2025:07:53:41 -0400] "GET /rvzh7.hyena HTTP/1.1" 301 795 "-" "Mozilla/5.0 AppleWebKit/537.36 (KHTML, like Gecko; compatible; bingbot/2.0; +http://www.bing.com/bingbot.htm) Chrome/116.0.1938.76 Safari/537.36"
43.159.140.236 - - [28/Apr/2025:08:05:27 -0400] "GET / HTTP/1.1" 301 795 "-" "Mozilla/5.0 (iPhone; CPU iPhone OS 13_2_3 like Mac OS X) AppleWebKit/605.1.15 (KHTML, like Gecko) Version/13.0.3 Mobile/15E148 Safari/604.1"
216.244.66.196 - - [28/Apr/2025:08:18:28 -0400] "GET /robots.txt HTTP/1.1" 301 795 "-" "Mozilla/5.0 (compatible; DotBot/1.2; +https://opensiteexplorer.org/dotbot; help@moz.com)"
83.219.250.207 - - [28/Apr/2025:08:18:39 -0400] "GET /admin/index.php?route=common/login HTTP/1.1" 301 795 "-" "Mozilla/5.0 (Windows NT 10.0; Win64; x64; rv:49.0) Gecko/20100101 Firefox/49.0"
83.219.250.207 - - [28/Apr/2025:08:19:57 -0400] "GET /admin/index.php?route=common/login HTTP/1.1" 301 795 "-" "Mozilla/5.0 (X11; Linux i686) AppleWebKit/537.36 (KHTML, like Gecko) Chrome/49.0.2632.29 Safari/537.36"
157.55.39.194 - - [28/Apr/2025:08:21:43 -0400] "GET /q3wus1pie3.innovatory HTTP/1.1" 301 795 "-" "Mozilla/5.0 AppleWebKit/537.36 (KHTML, like Gecko; compatible; bingbot/2.0; +http://www.bing.com/bingbot.htm) Chrome/116.0.1938.76 Safari/537.36"
83.219.250.207 - - [28/Apr/2025:08:32:36 -0400] "GET /admin/index.php?route=common/login HTTP/1.1" 301 795 "-" "Mozilla/5.0 (Windows NT 6.1) AppleWebKit/537.36 (KHTML, like Gecko) Chrome/56.0.2966.86 Safari/537.36"
128.90.0.17 - - [28/Apr/2025:08:37:34 -0400] "GET /contact-us/ HTTP/1.0" 301 795 "http://ibnearif.com/contact-us/" "Mozilla/5.0 (Windows NT 10.0; Win64; x64) AppleWebKit/537.36 (KHTML, like Gecko) Chrome/129.0.0.0 Safari/537.36"
135.235.166.5 - - [28/Apr/2025:09:01:25 -0400] "GET /wp-admin/css/ HTTP/1.1" 301 795 "binance.com" "Mozilla/5.0 (Windows NT 10.0; Win64; x64) AppleWebKit/537.36 (KHTML, like Gecko) Chrome/90.0.4430.85 Safari/537.36"
135.235.166.5 - - [28/Apr/2025:09:01:34 -0400] "GET /wp-content/uploads/2025/04/ HTTP/1.1" 301 795 "binance.com" "Mozilla/5.0 (Windows NT 10.0; Win64; x64) AppleWebKit/537.36 (KHTML, like Gecko) Chrome/90.0.4430.85 Safari/537.36"
135.235.166.5 - - [28/Apr/2025:09:01:43 -0400] "GET /wp-content/uploads/2025/03/ HTTP/1.1" 301 795 "binance.com" "Mozilla/5.0 (Windows NT 10.0; Win64; x64) AppleWebKit/537.36 (KHTML, like Gecko) Chrome/90.0.4430.85 Safari/537.36"
135.235.166.5 - - [28/Apr/2025:09:02:06 -0400] "GET /wp-content/uploads/ HTTP/1.1" 301 795 "binance.com" "Mozilla/5.0 (Windows NT 10.0; Win64; x64) AppleWebKit/537.36 (KHTML, like Gecko) Chrome/90.0.4430.85 Safari/537.36"
135.235.166.5 - - [28/Apr/2025:09:02:17 -0400] "GET /wp-content/upgrade/ HTTP/1.1" 301 795 "binance.com" "Mozilla/5.0 (Windows NT 10.0; Win64; x64) AppleWebKit/537.36 (KHTML, like Gecko) Chrome/90.0.4430.85 Safari/537.36"
135.235.166.5 - - [28/Apr/2025:09:02:29 -0400] "GET /wp-content/languages/ HTTP/1.1" 301 795 "binance.com" "Mozilla/5.0 (Windows NT 10.0; Win64; x64) AppleWebKit/537.36 (KHTML, like Gecko) Chrome/90.0.4430.85 Safari/537.36"
135.235.166.5 - - [28/Apr/2025:09:02:39 -0400] "GET /wp-admin/includes/ HTTP/1.1" 301 795 "binance.com" "Mozilla/5.0 (Windows NT 10.0; Win64; x64) AppleWebKit/537.36 (KHTML, like Gecko) Chrome/90.0.4430.85 Safari/537.36"
135.235.166.5 - - [28/Apr/2025:09:02:46 -0400] "GET /wp-admin/includes/ HTTP/1.1" 301 795 "binance.com" "Mozilla/5.0 (Windows NT 10.0; Win64; x64) AppleWebKit/537.36 (KHTML, like Gecko) Chrome/90.0.4430.85 Safari/537.36"
216.244.66.196 - - [28/Apr/2025:09:02:59 -0400] "GET /robots.txt HTTP/1.1" 301 795 "-" "Mozilla/5.0 (compatible; DotBot/1.2; +https://opensiteexplorer.org/dotbot; help@moz.com)"
135.235.166.5 - - [28/Apr/2025:09:03:09 -0400] "GET /wp-admin/maint/ HTTP/1.1" 301 795 "binance.com" "Mozilla/5.0 (Windows NT 10.0; Win64; x64) AppleWebKit/537.36 (KHTML, like Gecko) Chrome/90.0.4430.85 Safari/537.36"
135.235.166.5 - - [28/Apr/2025:09:03:20 -0400] "GET /wp-admin/maint/ HTTP/1.1" 301 795 "binance.com" "Mozilla/5.0 (Windows NT 10.0; Win64; x64) AppleWebKit/537.36 (KHTML, like Gecko) Chrome/90.0.4430.85 Safari/537.36"
135.235.166.5 - - [28/Apr/2025:09:03:31 -0400] "GET /wp-admin/network/ HTTP/1.1" 301 795 "binance.com" "Mozilla/5.0 (Windows NT 10.0; Win64; x64) AppleWebKit/537.36 (KHTML, like Gecko) Chrome/90.0.4430.85 Safari/537.36"
135.235.166.5 - - [28/Apr/2025:09:03:42 -0400] "GET /wp-admin/user/ HTTP/1.1" 301 795 "binance.com" "Mozilla/5.0 (Windows NT 10.0; Win64; x64) AppleWebKit/537.36 (KHTML, like Gecko) Chrome/90.0.4430.85 Safari/537.36"
135.235.166.5 - - [28/Apr/2025:09:03:49 -0400] "GET /wp-admin/css/ HTTP/1.1" 301 795 "binance.com" "Mozilla/5.0 (Windows NT 10.0; Win64; x64) AppleWebKit/537.36 (KHTML, like Gecko) Chrome/90.0.4430.85 Safari/537.36"
135.235.166.5 - - [28/Apr/2025:09:03:56 -0400] "GET /wp-admin/css/colors/ HTTP/1.1" 301 795 "binance.com" "Mozilla/5.0 (Windows NT 10.0; Win64; x64) AppleWebKit/537.36 (KHTML, like Gecko) Chrome/90.0.4430.85 Safari/537.36"
135.235.166.5 - - [28/Apr/2025:09:04:04 -0400] "GET /wp-admin/css/colors/blue/ HTTP/1.1" 301 795 "binance.com" "Mozilla/5.0 (Windows NT 10.0; Win64; x64) AppleWebKit/537.36 (KHTML, like Gecko) Chrome/90.0.4430.85 Safari/537.36"
135.235.166.5 - - [28/Apr/2025:09:04:10 -0400] "GET /wp-admin/css/colors/coffee/ HTTP/1.1" 301 795 "binance.com" "Mozilla/5.0 (Windows NT 10.0; Win64; x64) AppleWebKit/537.36 (KHTML, like Gecko) Chrome/90.0.4430.85 Safari/537.36"
135.235.166.5 - - [28/Apr/2025:09:04:17 -0400] "GET /wp-admin/css/colors/ectoplasm/ HTTP/1.1" 301 795 "binance.com" "Mozilla/5.0 (Windows NT 10.0; Win64; x64) AppleWebKit/537.36 (KHTML, like Gecko) Chrome/90.0.4430.85 Safari/537.36"
135.235.166.5 - - [28/Apr/2025:09:04:25 -0400] "GET /wp-admin/css/colors/light/ HTTP/1.1" 301 795 "binance.com" "Mozilla/5.0 (Windows NT 10.0; Win64; x64) AppleWebKit/537.36 (KHTML, like Gecko) Chrome/90.0.4430.85 Safari/537.36"
135.235.166.5 - - [28/Apr/2025:09:04:30 -0400] "GET /wp-admin/css/colors/midnight/ HTTP/1.1" 301 795 "binance.com" "Mozilla/5.0 (Windows NT 10.0; Win64; x64) AppleWebKit/537.36 (KHTML, like Gecko) Chrome/90.0.4430.85 Safari/537.36"
135.235.166.5 - - [28/Apr/2025:09:04:39 -0400] "GET /wp-admin/css/colors/modern/ HTTP/1.1" 301 795 "binance.com" "Mozilla/5.0 (Windows NT 10.0; Win64; x64) AppleWebKit/537.36 (KHTML, like Gecko) Chrome/90.0.4430.85 Safari/537.36"
135.235.166.5 - - [28/Apr/2025:09:04:47 -0400] "GET /wp-admin/css/colors/ocean/ HTTP/1.1" 301 795 "binance.com" "Mozilla/5.0 (Windows NT 10.0; Win64; x64) AppleWebKit/537.36 (KHTML, like Gecko) Chrome/90.0.4430.85 Safari/537.36"
135.235.166.5 - - [28/Apr/2025:09:04:54 -0400] "GET /wp-admin/css/colors/sunrise/%20 HTTP/1.1" 301 795 "binance.com" "Mozilla/5.0 (Windows NT 10.0; Win64; x64) AppleWebKit/537.36 (KHTML, like Gecko) Chrome/90.0.4430.85 Safari/537.36"
135.235.166.5 - - [28/Apr/2025:09:05:03 -0400] "GET /wp-admin/images/ HTTP/1.1" 301 795 "binance.com" "Mozilla/5.0 (Windows NT 10.0; Win64; x64) AppleWebKit/537.36 (KHTML, like Gecko) Chrome/90.0.4430.85 Safari/537.36"
135.235.166.5 - - [28/Apr/2025:09:05:16 -0400] "GET /wp-admin/js/ HTTP/1.1" 301 795 "binance.com" "Mozilla/5.0 (Windows NT 10.0; Win64; x64) AppleWebKit/537.36 (KHTML, like Gecko) Chrome/90.0.4430.85 Safari/537.36"
135.235.166.5 - - [28/Apr/2025:09:05:28 -0400] "GET /wp-admin/js/widgets/ HTTP/1.1" 301 795 "binance.com" "Mozilla/5.0 (Windows NT 10.0; Win64; x64) AppleWebKit/537.36 (KHTML, like Gecko) Chrome/90.0.4430.85 Safari/537.36"
135.235.166.5 - - [28/Apr/2025:09:05:39 -0400] "GET /wp-includes/ HTTP/1.1" 301 795 "binance.com" "Mozilla/5.0 (Windows NT 10.0; Win64; x64) AppleWebKit/537.36 (KHTML, like Gecko) Chrome/90.0.4430.85 Safari/537.36"
135.235.166.5 - - [28/Apr/2025:09:05:53 -0400] "GET /wp-includes/ HTTP/1.1" 301 795 "binance.com" "Mozilla/5.0 (Windows NT 10.0; Win64; x64) AppleWebKit/537.36 (KHTML, like Gecko) Chrome/90.0.4430.85 Safari/537.36"
135.235.166.5 - - [28/Apr/2025:09:06:01 -0400] "GET /wp-includes/block-bindings.php HTTP/1.1" 301 795 "binance.com" "Mozilla/5.0 (Windows NT 10.0; Win64; x64) AppleWebKit/537.36 (KHTML, like Gecko) Chrome/90.0.4430.85 Safari/537.36"
135.235.166.5 - - [28/Apr/2025:09:06:13 -0400] "GET /wp-includes/block-editor.php HTTP/1.1" 301 795 "binance.com" "Mozilla/5.0 (Windows NT 10.0; Win64; x64) AppleWebKit/537.36 (KHTML, like Gecko) Chrome/90.0.4430.85 Safari/537.36"
135.235.166.5 - - [28/Apr/2025:09:06:21 -0400] "GET /wp-includes/block-template-utils.php HTTP/1.1" 301 795 "binance.com" "Mozilla/5.0 (Windows NT 10.0; Win64; x64) AppleWebKit/537.36 (KHTML, like Gecko) Chrome/90.0.4430.85 Safari/537.36"
135.235.166.5 - - [28/Apr/2025:09:06:31 -0400] "GET /wp-includes/block-template.php HTTP/1.1" 301 795 "binance.com" "Mozilla/5.0 (Windows NT 10.0; Win64; x64) AppleWebKit/537.36 (KHTML, like Gecko) Chrome/90.0.4430.85 Safari/537.36"
135.235.166.5 - - [28/Apr/2025:09:06:39 -0400] "GET /wp-includes/class-avif-info.php HTTP/1.1" 301 795 "binance.com" "Mozilla/5.0 (Windows NT 10.0; Win64; x64) AppleWebKit/537.36 (KHTML, like Gecko) Chrome/90.0.4430.85 Safari/537.36"
135.235.166.5 - - [28/Apr/2025:09:06:50 -0400] "GET /wp-includes/class-wp-block-bindings-registry.php HTTP/1.1" 301 795 "binance.com" "Mozilla/5.0 (Windows NT 10.0; Win64; x64) AppleWebKit/537.36 (KHTML, like Gecko) Chrome/90.0.4430.85 Safari/537.36"
135.235.166.5 - - [28/Apr/2025:09:06:57 -0400] "GET /wp-includes/class-wp-block-bindings-source.php HTTP/1.1" 301 795 "binance.com" "Mozilla/5.0 (Windows NT 10.0; Win64; x64) AppleWebKit/537.36 (KHTML, like Gecko) Chrome/90.0.4430.85 Safari/537.36"
135.235.166.5 - - [28/Apr/2025:09:07:11 -0400] "GET /wp-includes/class-wp-block-editor-context.php HTTP/1.1" 301 795 "binance.com" "Mozilla/5.0 (Windows NT 10.0; Win64; x64) AppleWebKit/537.36 (KHTML, like Gecko) Chrome/90.0.4430.85 Safari/537.36"
135.235.166.5 - - [28/Apr/2025:09:09:59 -0400] "GET /wp-includes/class-wp-speculation-rules.php HTTP/1.1" 301 795 "binance.com" "Mozilla/5.0 (Windows NT 10.0; Win64; x64) AppleWebKit/537.36 (KHTML, like Gecko) Chrome/90.0.4430.85 Safari/537.36"
135.235.166.5 - - [28/Apr/2025:09:10:13 -0400] "GET /wp-includes/class-wp-styles.php HTTP/1.1" 301 795 "binance.com" "Mozilla/5.0 (Windows NT 10.0; Win64; x64) AppleWebKit/537.36 (KHTML, like Gecko) Chrome/90.0.4430.85 Safari/537.36"
135.235.166.5 - - [28/Apr/2025:09:10:23 -0400] "GET /wp-includes/class-wp-textdomain-registry.php HTTP/1.1" 301 795 "binance.com" "Mozilla/5.0 (Windows NT 10.0; Win64; x64) AppleWebKit/537.36 (KHTML, like Gecko) Chrome/90.0.4430.85 Safari/537.36"
135.235.166.5 - - [28/Apr/2025:09:10:33 -0400] "GET /wp-includes/class-wp-theme-json-data.php HTTP/1.1" 301 795 "binance.com" "Mozilla/5.0 (Windows NT 10.0; Win64; x64) AppleWebKit/537.36 (KHTML, like Gecko) Chrome/90.0.4430.85 Safari/537.36"
135.235.166.5 - - [28/Apr/2025:09:10:44 -0400] "GET /wp-includes/class-wp-theme-json-resolver.php HTTP/1.1" 301 795 "binance.com" "Mozilla/5.0 (Windows NT 10.0; Win64; x64) AppleWebKit/537.36 (KHTML, like Gecko) Chrome/90.0.4430.85 Safari/537.36"
135.235.166.5 - - [28/Apr/2025:09:10:54 -0400] "GET /wp-includes/class-wp-theme-json-schema.php HTTP/1.1" 301 795 "binance.com" "Mozilla/5.0 (Windows NT 10.0; Win64; x64) AppleWebKit/537.36 (KHTML, like Gecko) Chrome/90.0.4430.85 Safari/537.36"
135.235.166.5 - - [28/Apr/2025:09:11:07 -0400] "GET /wp-includes/class-wp-theme-json.php HTTP/1.1" 301 795 "binance.com" "Mozilla/5.0 (Windows NT 10.0; Win64; x64) AppleWebKit/537.36 (KHTML, like Gecko) Chrome/90.0.4430.85 Safari/537.36"
135.235.166.5 - - [28/Apr/2025:09:11:17 -0400] "GET /wp-includes/class-wp-token-map.php HTTP/1.1" 301 795 "binance.com" "Mozilla/5.0 (Windows NT 10.0; Win64; x64) AppleWebKit/537.36 (KHTML, like Gecko) Chrome/90.0.4430.85 Safari/537.36"
135.235.166.5 - - [28/Apr/2025:09:11:29 -0400] "GET /wp-includes/class-wp-url-pattern-prefixer.php HTTP/1.1" 301 795 "binance.com" "Mozilla/5.0 (Windows NT 10.0; Win64; x64) AppleWebKit/537.36 (KHTML, like Gecko) Chrome/90.0.4430.85 Safari/537.36"
135.235.166.5 - - [28/Apr/2025:09:11:39 -0400] "GET /wp-includes/class-wpdb.php HTTP/1.1" 301 795 "binance.com" "Mozilla/5.0 (Windows NT 10.0; Win64; x64) AppleWebKit/537.36 (KHTML, like Gecko) Chrome/90.0.4430.85 Safari/537.36"
135.235.166.5 - - [28/Apr/2025:09:11:50 -0400] "GET /wp-includes/fonts.php HTTP/1.1" 301 795 "binance.com" "Mozilla/5.0 (Windows NT 10.0; Win64; x64) AppleWebKit/537.36 (KHTML, like Gecko) Chrome/90.0.4430.85 Safari/537.36"
135.235.166.5 - - [28/Apr/2025:09:11:59 -0400] "GET /wp-includes/global-styles-and-settings.php HTTP/1.1" 301 795 "binance.com" "Mozilla/5.0 (Windows NT 10.0; Win64; x64) AppleWebKit/537.36 (KHTML, like Gecko) Chrome/90.0.4430.85 Safari/537.36"
135.235.166.5 - - [28/Apr/2025:09:12:08 -0400] "GET /wp-includes/https-detection.php HTTP/1.1" 301 795 "binance.com" "Mozilla/5.0 (Windows NT 10.0; Win64; x64) AppleWebKit/537.36 (KHTML, like Gecko) Chrome/90.0.4430.85 Safari/537.36"
135.235.166.5 - - [28/Apr/2025:09:12:21 -0400] "GET /wp-includes/https-migration.php HTTP/1.1" 301 795 "binance.com" "Mozilla/5.0 (Windows NT 10.0; Win64; x64) AppleWebKit/537.36 (KHTML, like Gecko) Chrome/90.0.4430.85 Safari/537.36"
135.235.166.5 - - [28/Apr/2025:09:12:30 -0400] "GET /wp-includes/robots-template.php HTTP/1.1" 301 795 "binance.com" "Mozilla/5.0 (Windows NT 10.0; Win64; x64) AppleWebKit/537.36 (KHTML, like Gecko) Chrome/90.0.4430.85 Safari/537.36"
135.235.166.5 - - [28/Apr/2025:09:12:37 -0400] "GET /wp-includes/script-modules.php HTTP/1.1" 301 795 "binance.com" "Mozilla/5.0 (Windows NT 10.0; Win64; x64) AppleWebKit/537.36 (KHTML, like Gecko) Chrome/90.0.4430.85 Safari/537.36"
135.235.166.5 - - [28/Apr/2025:09:12:47 -0400] "GET /wp-includes/speculative-loading.php HTTP/1.1" 301 795 "binance.com" "Mozilla/5.0 (Windows NT 10.0; Win64; x64) AppleWebKit/537.36 (KHTML, like Gecko) Chrome/90.0.4430.85 Safari/537.36"
135.235.166.5 - - [28/Apr/2025:09:07:21 -0400] "GET /wp-includes/class-wp-block-metadata-registry.php HTTP/1.1" 301 795 "binance.com" "Mozilla/5.0 (Windows NT 10.0; Win64; x64) AppleWebKit/537.36 (KHTML, like Gecko) Chrome/90.0.4430.85 Safari/537.36"
135.235.166.5 - - [28/Apr/2025:09:07:33 -0400] "GET /wp-includes/class-wp-block-parser-block.php HTTP/1.1" 301 795 "binance.com" "Mozilla/5.0 (Windows NT 10.0; Win64; x64) AppleWebKit/537.36 (KHTML, like Gecko) Chrome/90.0.4430.85 Safari/537.36"
135.235.166.5 - - [28/Apr/2025:09:07:43 -0400] "GET /wp-includes/class-wp-block-parser-frame.php HTTP/1.1" 301 795 "binance.com" "Mozilla/5.0 (Windows NT 10.0; Win64; x64) AppleWebKit/537.36 (KHTML, like Gecko) Chrome/90.0.4430.85 Safari/537.36"
135.235.166.5 - - [28/Apr/2025:09:07:56 -0400] "GET /wp-includes/class-wp-block-template.php HTTP/1.1" 301 795 "binance.com" "Mozilla/5.0 (Windows NT 10.0; Win64; x64) AppleWebKit/537.36 (KHTML, like Gecko) Chrome/90.0.4430.85 Safari/537.36"
135.235.166.5 - - [28/Apr/2025:09:08:09 -0400] "GET /wp-includes/class-wp-block-templates-registry.php HTTP/1.1" 301 795 "binance.com" "Mozilla/5.0 (Windows NT 10.0; Win64; x64) AppleWebKit/537.36 (KHTML, like Gecko) Chrome/90.0.4430.85 Safari/537.36"
135.235.166.5 - - [28/Apr/2025:09:08:20 -0400] "GET /wp-includes/class-wp-classic-to-block-menu-converter.php HTTP/1.1" 301 795 "binance.com" "Mozilla/5.0 (Windows NT 10.0; Win64; x64) AppleWebKit/537.36 (KHTML, like Gecko) Chrome/90.0.4430.85 Safari/537.36"
135.235.166.5 - - [28/Apr/2025:09:08:31 -0400] "GET /wp-includes/class-wp-dependencies.php HTTP/1.1" 301 795 "binance.com" "Mozilla/5.0 (Windows NT 10.0; Win64; x64) AppleWebKit/537.36 (KHTML, like Gecko) Chrome/90.0.4430.85 Safari/537.36"
135.235.166.5 - - [28/Apr/2025:09:08:40 -0400] "GET /wp-includes/class-wp-duotone.php HTTP/1.1" 301 795 "binance.com" "Mozilla/5.0 (Windows NT 10.0; Win64; x64) AppleWebKit/537.36 (KHTML, like Gecko) Chrome/90.0.4430.85 Safari/537.36"
135.235.166.5 - - [28/Apr/2025:09:08:48 -0400] "GET /wp-includes/class-wp-exception.php HTTP/1.1" 301 795 "binance.com" "Mozilla/5.0 (Windows NT 10.0; Win64; x64) AppleWebKit/537.36 (KHTML, like Gecko) Chrome/90.0.4430.85 Safari/537.36"
135.235.166.5 - - [28/Apr/2025:09:08:58 -0400] "GET /wp-includes/class-wp-http.php HTTP/1.1" 301 795 "binance.com" "Mozilla/5.0 (Windows NT 10.0; Win64; x64) AppleWebKit/537.36 (KHTML, like Gecko) Chrome/90.0.4430.85 Safari/537.36"
135.235.166.5 - - [28/Apr/2025:09:09:08 -0400] "GET /wp-includes/class-wp-navigation-fallback.php HTTP/1.1" 301 795 "binance.com" "Mozilla/5.0 (Windows NT 10.0; Win64; x64) AppleWebKit/537.36 (KHTML, like Gecko) Chrome/90.0.4430.85 Safari/537.36"
135.235.166.5 - - [28/Apr/2025:09:09:20 -0400] "GET /wp-includes/class-wp-phpmailer.php HTTP/1.1" 301 795 "binance.com" "Mozilla/5.0 (Windows NT 10.0; Win64; x64) AppleWebKit/537.36 (KHTML, like Gecko) Chrome/90.0.4430.85 Safari/537.36"
135.235.166.5 - - [28/Apr/2025:09:09:30 -0400] "GET /wp-includes/class-wp-plugin-dependencies.php HTTP/1.1" 301 795 "binance.com" "Mozilla/5.0 (Windows NT 10.0; Win64; x64) AppleWebKit/537.36 (KHTML, like Gecko) Chrome/90.0.4430.85 Safari/537.36"
135.235.166.5 - - [28/Apr/2025:09:09:39 -0400] "GET /wp-includes/class-wp-script-modules.php HTTP/1.1" 301 795 "binance.com" "Mozilla/5.0 (Windows NT 10.0; Win64; x64) AppleWebKit/537.36 (KHTML, like Gecko) Chrome/90.0.4430.85 Safari/537.36"
135.235.166.5 - - [28/Apr/2025:09:09:49 -0400] "GET /wp-includes/class-wp-scripts.php HTTP/1.1" 301 795 "binance.com" "Mozilla/5.0 (Windows NT 10.0; Win64; x64) AppleWebKit/537.36 (KHTML, like Gecko) Chrome/90.0.4430.85 Safari/537.36"
135.235.166.5 - - [28/Apr/2025:09:13:08 -0400] "GET /wp-includes/style-engine.php HTTP/1.1" 301 795 "binance.com" "Mozilla/5.0 (Windows NT 10.0; Win64; x64) AppleWebKit/537.36 (KHTML, like Gecko) Chrome/90.0.4430.85 Safari/537.36"
135.235.166.5 - - [28/Apr/2025:09:13:17 -0400] "GET /wp-includes/template-canvas.php HTTP/1.1" 301 795 "binance.com" "Mozilla/5.0 (Windows NT 10.0; Win64; x64) AppleWebKit/537.36 (KHTML, like Gecko) Chrome/90.0.4430.85 Safari/537.36"
135.235.166.5 - - [28/Apr/2025:09:13:24 -0400] "GET /wp-includes/theme-previews.php HTTP/1.1" 301 795 "binance.com" "Mozilla/5.0 (Windows NT 10.0; Win64; x64) AppleWebKit/537.36 (KHTML, like Gecko) Chrome/90.0.4430.85 Safari/537.36"
135.235.166.5 - - [28/Apr/2025:09:13:31 -0400] "GET /wp-includes/theme-templates.php HTTP/1.1" 301 795 "binance.com" "Mozilla/5.0 (Windows NT 10.0; Win64; x64) AppleWebKit/537.36 (KHTML, like Gecko) Chrome/90.0.4430.85 Safari/537.36"
135.235.166.5 - - [28/Apr/2025:09:13:37 -0400] "GET /wp-includes/ID3/ HTTP/1.1" 301 795 "binance.com" "Mozilla/5.0 (Windows NT 10.0; Win64; x64) AppleWebKit/537.36 (KHTML, like Gecko) Chrome/90.0.4430.85 Safari/537.36"
135.235.166.5 - - [28/Apr/2025:09:13:44 -0400] "GET /wp-includes/ID3/ HTTP/1.1" 301 795 "binance.com" "Mozilla/5.0 (Windows NT 10.0; Win64; x64) AppleWebKit/537.36 (KHTML, like Gecko) Chrome/90.0.4430.85 Safari/537.36"
135.235.166.5 - - [28/Apr/2025:09:13:51 -0400] "GET /wp-includes/IXR/ HTTP/1.1" 301 795 "binance.com" "Mozilla/5.0 (Windows NT 10.0; Win64; x64) AppleWebKit/537.36 (KHTML, like Gecko) Chrome/90.0.4430.85 Safari/537.36"
135.235.166.5 - - [28/Apr/2025:09:13:57 -0400] "GET /wp-includes/IXR/ HTTP/1.1" 301 795 "binance.com" "Mozilla/5.0 (Windows NT 10.0; Win64; x64) AppleWebKit/537.36 (KHTML, like Gecko) Chrome/90.0.4430.85 Safari/537.36"
135.235.166.5 - - [28/Apr/2025:09:14:05 -0400] "GET /wp-includes/PHPMailer/ HTTP/1.1" 301 795 "binance.com" "Mozilla/5.0 (Windows NT 10.0; Win64; x64) AppleWebKit/537.36 (KHTML, like Gecko) Chrome/90.0.4430.85 Safari/537.36"
135.235.166.5 - - [28/Apr/2025:09:14:14 -0400] "GET /wp-includes/PHPMailer/ HTTP/1.1" 301 795 "binance.com" "Mozilla/5.0 (Windows NT 10.0; Win64; x64) AppleWebKit/537.36 (KHTML, like Gecko) Chrome/90.0.4430.85 Safari/537.36"
135.235.166.5 - - [28/Apr/2025:09:14:35 -0400] "GET /wp-includes/Text/ HTTP/1.1" 301 795 "binance.com" "Mozilla/5.0 (Windows NT 10.0; Win64; x64) AppleWebKit/537.36 (KHTML, like Gecko) Chrome/90.0.4430.85 Safari/537.36"
135.235.166.5 - - [28/Apr/2025:09:14:48 -0400] "GET /wp-includes/Text/ HTTP/1.1" 301 795 "binance.com" "Mozilla/5.0 (Windows NT 10.0; Win64; x64) AppleWebKit/537.36 (KHTML, like Gecko) Chrome/90.0.4430.85 Safari/537.36"
135.235.166.5 - - [28/Apr/2025:09:15:14 -0400] "GET /wp-includes/Text/Diff/ HTTP/1.1" 301 795 "binance.com" "Mozilla/5.0 (Windows NT 10.0; Win64; x64) AppleWebKit/537.36 (KHTML, like Gecko) Chrome/90.0.4430.85 Safari/537.36"
135.235.166.5 - - [28/Apr/2025:09:15:26 -0400] "GET /wp-includes/Text/Diff/ HTTP/1.1" 301 795 "binance.com" "Mozilla/5.0 (Windows NT 10.0; Win64; x64) AppleWebKit/537.36 (KHTML, like Gecko) Chrome/90.0.4430.85 Safari/537.36"
135.235.166.5 - - [28/Apr/2025:09:15:33 -0400] "GET /wp-includes/Text/Diff/Engine/ HTTP/1.1" 301 795 "binance.com" "Mozilla/5.0 (Windows NT 10.0; Win64; x64) AppleWebKit/537.36 (KHTML, like Gecko) Chrome/90.0.4430.85 Safari/537.36"
135.235.166.5 - - [28/Apr/2025:09:15:41 -0400] "GET /wp-includes/Text/Diff/Engine/ HTTP/1.1" 301 795 "binance.com" "Mozilla/5.0 (Windows NT 10.0; Win64; x64) AppleWebKit/537.36 (KHTML, like Gecko) Chrome/90.0.4430.85 Safari/537.36"
135.235.166.5 - - [28/Apr/2025:09:15:48 -0400] "GET /wp-includes/Text/Diff/Renderer/ HTTP/1.1" 301 795 "binance.com" "Mozilla/5.0 (Windows NT 10.0; Win64; x64) AppleWebKit/537.36 (KHTML, like Gecko) Chrome/90.0.4430.85 Safari/537.36"
135.235.166.5 - - [28/Apr/2025:09:15:58 -0400] "GET /wp-includes/Text/Diff/Renderer/ HTTP/1.1" 301 795 "binance.com" "Mozilla/5.0 (Windows NT 10.0; Win64; x64) AppleWebKit/537.36 (KHTML, like Gecko) Chrome/90.0.4430.85 Safari/537.36"
135.235.166.5 - - [28/Apr/2025:09:16:05 -0400] "GET /wp-includes/blocks/ HTTP/1.1" 301 795 "binance.com" "Mozilla/5.0 (Windows NT 10.0; Win64; x64) AppleWebKit/537.36 (KHTML, like Gecko) Chrome/90.0.4430.85 Safari/537.36"
135.235.166.5 - - [28/Apr/2025:09:16:12 -0400] "GET /wp-includes/pomo/ HTTP/1.1" 301 795 "binance.com" "Mozilla/5.0 (Windows NT 10.0; Win64; x64) AppleWebKit/537.36 (KHTML, like Gecko) Chrome/90.0.4430.85 Safari/537.36"
135.235.166.5 - - [28/Apr/2025:09:16:20 -0400] "GET /wp-includes/pomo/ HTTP/1.1" 301 795 "binance.com" "Mozilla/5.0 (Windows NT 10.0; Win64; x64) AppleWebKit/537.36 (KHTML, like Gecko) Chrome/90.0.4430.85 Safari/537.36"
135.235.166.5 - - [28/Apr/2025:09:16:27 -0400] "GET /wp-includes/sitemaps/ HTTP/1.1" 301 795 "binance.com" "Mozilla/5.0 (Windows NT 10.0; Win64; x64) AppleWebKit/537.36 (KHTML, like Gecko) Chrome/90.0.4430.85 Safari/537.36"
135.235.166.5 - - [28/Apr/2025:09:16:45 -0400] "GET /wp-includes/sitemaps/ HTTP/1.1" 301 795 "binance.com" "Mozilla/5.0 (Windows NT 10.0; Win64; x64) AppleWebKit/537.36 (KHTML, like Gecko) Chrome/90.0.4430.85 Safari/537.36"
135.235.166.5 - - [28/Apr/2025:09:16:56 -0400] "GET /wp-includes/sitemaps/providers/ HTTP/1.1" 301 795 "binance.com" "Mozilla/5.0 (Windows NT 10.0; Win64; x64) AppleWebKit/537.36 (KHTML, like Gecko) Chrome/90.0.4430.85 Safari/537.36"
135.235.166.5 - - [28/Apr/2025:09:17:07 -0400] "GET /wp-includes/sitemaps/providers/ HTTP/1.1" 301 795 "binance.com" "Mozilla/5.0 (Windows NT 10.0; Win64; x64) AppleWebKit/537.36 (KHTML, like Gecko) Chrome/90.0.4430.85 Safari/537.36"
135.235.166.5 - - [28/Apr/2025:09:17:18 -0400] "GET /wp-includes/widgets/ HTTP/1.1" 301 795 "binance.com" "Mozilla/5.0 (Windows NT 10.0; Win64; x64) AppleWebKit/537.36 (KHTML, like Gecko) Chrome/90.0.4430.85 Safari/537.36"
135.235.166.5 - - [28/Apr/2025:09:17:28 -0400] "GET /wp-includes/widgets/ HTTP/1.1" 301 795 "binance.com" "Mozilla/5.0 (Windows NT 10.0; Win64; x64) AppleWebKit/537.36 (KHTML, like Gecko) Chrome/90.0.4430.85 Safari/537.36"
135.235.166.5 - - [28/Apr/2025:09:17:37 -0400] "GET /wp-includes/widgets/class-wp-widget-block.php HTTP/1.1" 301 795 "binance.com" "Mozilla/5.0 (Windows NT 10.0; Win64; x64) AppleWebKit/537.36 (KHTML, like Gecko) Chrome/90.0.4430.85 Safari/537.36"
135.235.166.5 - - [28/Apr/2025:09:17:43 -0400] "GET /wp-includes/css/ HTTP/1.1" 301 795 "binance.com" "Mozilla/5.0 (Windows NT 10.0; Win64; x64) AppleWebKit/537.36 (KHTML, like Gecko) Chrome/90.0.4430.85 Safari/537.36"
135.235.166.5 - - [28/Apr/2025:09:17:51 -0400] "GET /wp-includes/css/dist/ HTTP/1.1" 301 795 "binance.com" "Mozilla/5.0 (Windows NT 10.0; Win64; x64) AppleWebKit/537.36 (KHTML, like Gecko) Chrome/90.0.4430.85 Safari/537.36"
135.235.166.5 - - [28/Apr/2025:09:18:11 -0400] "GET /wp-includes/fonts/ HTTP/1.1" 301 795 "binance.com" "Mozilla/5.0 (Windows NT 10.0; Win64; x64) AppleWebKit/537.36 (KHTML, like Gecko) Chrome/90.0.4430.85 Safari/537.36"
135.235.166.5 - - [28/Apr/2025:09:18:23 -0400] "GET /wp-includes/fonts/ HTTP/1.1" 301 795 "binance.com" "Mozilla/5.0 (Windows NT 10.0; Win64; x64) AppleWebKit/537.36 (KHTML, like Gecko) Chrome/90.0.4430.85 Safari/537.36"
135.235.166.5 - - [28/Apr/2025:09:18:36 -0400] "GET /wp-includes/fonts/class-wp-font-collection.php HTTP/1.1" 301 795 "binance.com" "Mozilla/5.0 (Windows NT 10.0; Win64; x64) AppleWebKit/537.36 (KHTML, like Gecko) Chrome/90.0.4430.85 Safari/537.36"
135.235.166.5 - - [28/Apr/2025:09:18:45 -0400] "GET /wp-includes/fonts/class-wp-font-face-resolver.php HTTP/1.1" 301 795 "binance.com" "Mozilla/5.0 (Windows NT 10.0; Win64; x64) AppleWebKit/537.36 (KHTML, like Gecko) Chrome/90.0.4430.85 Safari/537.36"
135.235.166.5 - - [28/Apr/2025:09:18:53 -0400] "GET /wp-includes/fonts/class-wp-font-face.php HTTP/1.1" 301 795 "binance.com" "Mozilla/5.0 (Windows NT 10.0; Win64; x64) AppleWebKit/537.36 (KHTML, like Gecko) Chrome/90.0.4430.85 Safari/537.36"
135.235.166.5 - - [28/Apr/2025:09:19:01 -0400] "GET /wp-includes/fonts/class-wp-font-library.php HTTP/1.1" 301 795 "binance.com" "Mozilla/5.0 (Windows NT 10.0; Win64; x64) AppleWebKit/537.36 (KHTML, like Gecko) Chrome/90.0.4430.85 Safari/537.36"
135.235.166.5 - - [28/Apr/2025:09:19:08 -0400] "GET /wp-includes/fonts/class-wp-font-utils.php HTTP/1.1" 301 795 "binance.com" "Mozilla/5.0 (Windows NT 10.0; Win64; x64) AppleWebKit/537.36 (KHTML, like Gecko) Chrome/90.0.4430.85 Safari/537.36"
135.235.166.5 - - [28/Apr/2025:09:19:17 -0400] "GET /wp-includes/images/ HTTP/1.1" 301 795 "binance.com" "Mozilla/5.0 (Windows NT 10.0; Win64; x64) AppleWebKit/537.36 (KHTML, like Gecko) Chrome/90.0.4430.85 Safari/537.36"
135.235.166.5 - - [28/Apr/2025:09:19:27 -0400] "GET /wp-includes/images/crystal/ HTTP/1.1" 301 795 "binance.com" "Mozilla/5.0 (Windows NT 10.0; Win64; x64) AppleWebKit/537.36 (KHTML, like Gecko) Chrome/90.0.4430.85 Safari/537.36"
135.235.166.5 - - [28/Apr/2025:09:19:36 -0400] "GET /wp-includes/images/media/ HTTP/1.1" 301 795 "binance.com" "Mozilla/5.0 (Windows NT 10.0; Win64; x64) AppleWebKit/537.36 (KHTML, like Gecko) Chrome/90.0.4430.85 Safari/537.36"
135.235.166.5 - - [28/Apr/2025:09:19:45 -0400] "GET /wp-includes/images/smilies/ HTTP/1.1" 301 795 "binance.com" "Mozilla/5.0 (Windows NT 10.0; Win64; x64) AppleWebKit/537.36 (KHTML, like Gecko) Chrome/90.0.4430.85 Safari/537.36"
135.235.166.5 - - [28/Apr/2025:09:20:09 -0400] "GET /wp-includes/images/wlw/ HTTP/1.1" 301 795 "binance.com" "Mozilla/5.0 (Windows NT 10.0; Win64; x64) AppleWebKit/537.36 (KHTML, like Gecko) Chrome/90.0.4430.85 Safari/537.36"
135.235.166.5 - - [28/Apr/2025:09:20:22 -0400] "GET /wp-includes/js/%20 HTTP/1.1" 301 795 "binance.com" "Mozilla/5.0 (Windows NT 10.0; Win64; x64) AppleWebKit/537.36 (KHTML, like Gecko) Chrome/90.0.4430.85 Safari/537.36"
135.235.166.5 - - [28/Apr/2025:09:20:32 -0400] "GET /wp-includes/js/codemirror/ HTTP/1.1" 301 795 "binance.com" "Mozilla/5.0 (Windows NT 10.0; Win64; x64) AppleWebKit/537.36 (KHTML, like Gecko) Chrome/90.0.4430.85 Safari/537.36"
135.235.166.5 - - [28/Apr/2025:09:20:42 -0400] "GET /wp-includes/js/plupload/ HTTP/1.1" 301 795 "binance.com" "Mozilla/5.0 (Windows NT 10.0; Win64; x64) AppleWebKit/537.36 (KHTML, like Gecko) Chrome/90.0.4430.85 Safari/537.36"
135.235.166.5 - - [28/Apr/2025:09:20:53 -0400] "GET /.well-known/ HTTP/1.1" 301 795 "binance.com" "Mozilla/5.0 (Windows NT 10.0; Win64; x64) AppleWebKit/537.36 (KHTML, like Gecko) Chrome/90.0.4430.85 Safari/537.36"
157.55.39.201 - - [28/Apr/2025:09:28:05 -0400] "GET /cngk.xiv HTTP/1.1" 301 795 "-" "Mozilla/5.0 AppleWebKit/537.36 (KHTML, like Gecko; compatible; bingbot/2.0; +http://www.bing.com/bingbot.htm) Chrome/116.0.1938.76 Safari/537.36"
162.14.197.180 - - [28/Apr/2025:09:30:40 -0400] "GET / HTTP/1.1" 301 795 "-" "Mozilla/5.0 (iPhone; CPU iPhone OS 13_2_3 like Mac OS X) AppleWebKit/605.1.15 (KHTML, like Gecko) Version/13.0.3 Mobile/15E148 Safari/604.1"
52.167.144.207 - - [28/Apr/2025:09:39:43 -0400] "GET /v3no3d28f8e HTTP/1.1" 301 795 "-" "Mozilla/5.0 AppleWebKit/537.36 (KHTML, like Gecko; compatible; bingbot/2.0; +http://www.bing.com/bingbot.htm) Chrome/116.0.1938.76 Safari/537.36"
144.91.119.115 - - [28/Apr/2025:09:39:43 -0400] "GET /wp-content/plugins/HelloDollyV2/hello_dolly_v2.php HTTP/1.1" 301 795 "www.google.com" "Mozilla/5.0 (Linux; Android 7.0; SM-G892A Build/NRD90M; wv) AppleWebKit/537.36 (KHTML, like Gecko) Version/4.0 Chrome/60.0.3112.107 Mobile Safari/537.36"
144.91.119.115 - - [28/Apr/2025:09:39:59 -0400] "GET /wp-content/themes/include.php HTTP/1.1" 301 795 "www.google.com" "Mozilla/5.0 (Linux; Android 7.0; SM-G892A Build/NRD90M; wv) AppleWebKit/537.36 (KHTML, like Gecko) Version/4.0 Chrome/60.0.3112.107 Mobile Safari/537.36"
216.244.66.196 - - [28/Apr/2025:09:47:40 -0400] "GET /robots.txt HTTP/1.1" 301 795 "-" "Mozilla/5.0 (compatible; DotBot/1.2; +https://opensiteexplorer.org/dotbot; help@moz.com)"
207.46.13.229 - - [28/Apr/2025:09:58:23 -0400] "GET /robots.txt HTTP/1.1" 301 795 "-" "Mozilla/5.0 AppleWebKit/537.36 (KHTML, like Gecko; compatible; bingbot/2.0; +http://www.bing.com/bingbot.htm) Chrome/116.0.1938.76 Safari/537.36"
157.55.39.55 - - [28/Apr/2025:09:58:38 -0400] "GET /46hbvy3.coulometry HTTP/1.1" 301 795 "-" "Mozilla/5.0 AppleWebKit/537.36 (KHTML, like Gecko; compatible; bingbot/2.0; +http://www.bing.com/bingbot.htm) Chrome/116.0.1938.76 Safari/537.36"
27.115.124.101 - - [28/Apr/2025:10:09:17 -0400] "GET /about.php HTTP/1.1" 301 795 "-" "Mozilla/5.0 (Linux; Android 11; CPH2185) AppleWebKit/537.36 (KHTML, like Gecko) Chrome/91.0.4472.101 Mobile Safari/537.36"
123.6.49.44 - - [28/Apr/2025:10:09:17 -0400] "GET / HTTP/1.1" 301 795 "-" "Mozilla/5.0 (Linux; Android 11; V2055A) AppleWebKit/537.36 (KHTML, like Gecko) Chrome/91.0.4472.101 Mobile Safari/537.36"
217.160.67.60 - - [28/Apr/2025:10:11:15 -0400] "GET /wp-json/wp/v2/users HTTP/1.1" 301 795 "-" "Mozilla/5.0 (Windows NT 10.0; Win64; x64) AppleWebKit/537.36 (KHTML, like Gecko) Chrome/69.0.3497.100 Safari/537.36"
43.153.119.119 - - [28/Apr/2025:10:13:47 -0400] "GET / HTTP/1.1" 301 795 "-" "Mozilla/5.0 (iPhone; CPU iPhone OS 13_2_3 like Mac OS X) AppleWebKit/605.1.15 (KHTML, like Gecko) Version/13.0.3 Mobile/15E148 Safari/604.1"
83.219.250.207 - - [28/Apr/2025:10:25:31 -0400] "GET /admin/index.php?route=common/login HTTP/1.1" 301 795 "-" "Mozilla/5.0 (Macintosh; Intel Mac OS X 10_8_2) AppleWebKit/537.36 (KHTML, like Gecko) Chrome/50.0.2661.99 Safari/537.36"
216.244.66.196 - - [28/Apr/2025:10:32:03 -0400] "GET /robots.txt HTTP/1.1" 301 795 "-" "Mozilla/5.0 (compatible; DotBot/1.2; +https://opensiteexplorer.org/dotbot; help@moz.com)"
83.219.250.207 - - [28/Apr/2025:10:33:13 -0400] "GET /admin/index.php?route=common/login HTTP/1.1" 301 795 "-" "Mozilla/5.0 (X11; Ubuntu; Linux i686; rv:50.0) Gecko/20100101 Firefox/50.0"
83.219.250.207 - - [28/Apr/2025:10:33:15 -0400] "GET /admin/index.php?route=common/login HTTP/1.1" 301 795 "-" "Mozilla/5.0 (compatible; MSIE 8.0; Windows NT 10.0; Trident/4.0)"
66.249.70.38 - - [28/Apr/2025:10:38:20 -0400] "GET /robots.txt HTTP/1.1" 301 795 "-" "Mozilla/5.0 (compatible; Googlebot/2.1; +http://www.google.com/bot.html)"
66.249.70.38 - - [28/Apr/2025:10:38:24 -0400] "GET /wp-content/uploads/public/8eec799abc48fb90361c99622d1d8cbf.pdf HTTP/1.1" 301 795 "-" "Googlebot/2.1 (+http://www.google.com/bot.html)"
216.244.66.196 - - [28/Apr/2025:11:16:48 -0400] "GET /robots.txt HTTP/1.1" 301 795 "-" "Mozilla/5.0 (compatible; DotBot/1.2; +https://opensiteexplorer.org/dotbot; help@moz.com)"
216.244.66.196 - - [28/Apr/2025:12:00:44 -0400] "GET /robots.txt HTTP/1.1" 301 795 "-" "Mozilla/5.0 (compatible; DotBot/1.2; +https://opensiteexplorer.org/dotbot; help@moz.com)"
52.167.144.19 - - [28/Apr/2025:12:17:07 -0400] "GET /blog-date-200911.html HTTP/1.1" 301 795 "-" "Mozilla/5.0 AppleWebKit/537.36 (KHTML, like Gecko; compatible; bingbot/2.0; +http://www.bing.com/bingbot.htm) Chrome/116.0.1938.76 Safari/537.36"
83.219.250.207 - - [28/Apr/2025:12:23:59 -0400] "GET /admin/index.php?route=common/login HTTP/1.1" 301 795 "-" "Mozilla/5.0 (Macintosh; Intel Mac OS X 10.9; rv:49.0) Gecko/20100101 Firefox/49.0"
52.167.144.145 - - [28/Apr/2025:12:32:56 -0400] "GET /2zx44888.cartomancy HTTP/1.1" 301 795 "-" "Mozilla/5.0 AppleWebKit/537.36 (KHTML, like Gecko; compatible; bingbot/2.0; +http://www.bing.com/bingbot.htm) Chrome/116.0.1938.76 Safari/537.36"
146.70.117.44 - - [28/Apr/2025:12:37:04 -0400] "GET /.env HTTP/1.1" 301 795 "-" "-"
216.244.66.196 - - [28/Apr/2025:12:45:11 -0400] "GET /robots.txt HTTP/1.1" 301 795 "-" "Mozilla/5.0 (compatible; DotBot/1.2; +https://opensiteexplorer.org/dotbot; help@moz.com)"
83.219.250.207 - - [28/Apr/2025:12:48:43 -0400] "GET /admin/index.php?route=common/login HTTP/1.1" 301 795 "-" "Mozilla/5.0 (X11; Ubuntu; Linux i686) AppleWebKit/537.36 (KHTML, like Gecko) Chrome/53.0.2800.27 Safari/537.36"
83.219.250.207 - - [28/Apr/2025:12:50:58 -0400] "GET /admin/index.php?route=common/login HTTP/1.1" 301 795 "-" "Mozilla/5.0 (Windows NT 6.3; WOW64) AppleWebKit/537.36 (KHTML, like Gecko) Chrome/56.0.2932.18 Safari/537.36"
182.42.104.32 - - [28/Apr/2025:12:54:21 -0400] "GET / HTTP/1.1" 301 795 "-" "Mozilla/5.0 (iPhone; CPU iPhone OS 13_2_3 like Mac OS X) AppleWebKit/605.1.15 (KHTML, like Gecko) Version/13.0.3 Mobile/15E148 Safari/604.1"
52.167.144.196 - - [28/Apr/2025:12:56:41 -0400] "GET /qqpp34dq.paginal HTTP/1.1" 301 795 "-" "Mozilla/5.0 AppleWebKit/537.36 (KHTML, like Gecko; compatible; bingbot/2.0; +http://www.bing.com/bingbot.htm) Chrome/116.0.1938.76 Safari/537.36"
38.152.129.115 - - [28/Apr/2025:13:21:48 -0400] "GET / HTTP/1.1" 301 795 "-" "Mozilla/5.0 (Macintosh; Intel Mac OS X 12_5) AppleWebKit/537.36 (KHTML, like Gecko) Chrome/114.0.0.0 Safari/537.36 OPR/89.0.4447.51"
40.77.167.75 - - [28/Apr/2025:13:29:20 -0400] "GET /srh8bg.desquamative HTTP/1.1" 301 795 "-" "Mozilla/5.0 AppleWebKit/537.36 (KHTML, like Gecko; compatible; bingbot/2.0; +http://www.bing.com/bingbot.htm) Chrome/116.0.1938.76 Safari/537.36"
216.244.66.196 - - [28/Apr/2025:13:29:21 -0400] "GET /robots.txt HTTP/1.1" 301 795 "-" "Mozilla/5.0 (compatible; DotBot/1.2; +https://opensiteexplorer.org/dotbot; help@moz.com)"
66.29.132.183 - - [28/Apr/2025:13:30:49 -0400] "GET / HTTP/1.1" 301 795 "-" "Mozilla/5.0 (Macintosh; Intel Mac OS X 10_15_7; rv:129.0) Gecko/20100101 Firefox/129.0"
216.244.66.196 - - [28/Apr/2025:14:13:04 -0400] "GET /robots.txt HTTP/1.1" 301 795 "-" "Mozilla/5.0 (compatible; DotBot/1.2; +https://opensiteexplorer.org/dotbot; help@moz.com)"
83.219.250.207 - - [28/Apr/2025:14:16:46 -0400] "GET /admin/index.php?route=common/login HTTP/1.1" 301 795 "-" "Mozilla/5.0 (Macintosh; Intel Mac OS X 10_11_4) AppleWebKit/537.36 (KHTML, like Gecko) Chrome/56.0.2970.4 Safari/537.36"
52.167.144.159 - - [28/Apr/2025:14:33:18 -0400] "GET /nitt HTTP/1.1" 301 795 "-" "Mozilla/5.0 AppleWebKit/537.36 (KHTML, like Gecko; compatible; bingbot/2.0; +http://www.bing.com/bingbot.htm) Chrome/116.0.1938.76 Safari/537.36"
89.169.15.201 - - [28/Apr/2025:14:33:22 -0400] "GET /admin/view/stylesheet/accesson.php HTTP/1.1" 301 795 "-" "Mozilla/5.0 (X11; Ubuntu; Linux i686 on x86_64; rv:48.0) Gecko/20100101 Firefox/48.0"
89.169.15.201 - - [28/Apr/2025:14:33:25 -0400] "GET /admin/view/stylesheet/accesson.php HTTP/1.1" 301 795 "https://ibnearif.com/admin/view/stylesheet/accesson.php" "Mozilla/5.0 (X11; Ubuntu; Linux i686 on x86_64; rv:48.0) Gecko/20100101 Firefox/48.0"
124.156.157.91 - - [28/Apr/2025:14:45:02 -0400] "GET / HTTP/1.1" 301 795 "-" "Mozilla/5.0 (iPhone; CPU iPhone OS 13_2_3 like Mac OS X) AppleWebKit/605.1.15 (KHTML, like Gecko) Version/13.0.3 Mobile/15E148 Safari/604.1"
216.244.66.196 - - [28/Apr/2025:14:57:14 -0400] "GET /robots.txt HTTP/1.1" 301 795 "-" "Mozilla/5.0 (compatible; DotBot/1.2; +https://opensiteexplorer.org/dotbot; help@moz.com)"
83.219.250.207 - - [28/Apr/2025:15:01:07 -0400] "GET /admin/index.php?route=common/login HTTP/1.1" 301 795 "-" "Mozilla/5.0 (Windows NT 6.3; WOW64) AppleWebKit/537.36 (KHTML, like Gecko) Chrome/49.0.2657.67 Safari/537.36"
83.219.250.207 - - [28/Apr/2025:15:02:19 -0400] "GET /admin/index.php?route=common/login HTTP/1.1" 301 795 "-" "Mozilla/5.0 (Windows NT 6.1; WOW64) AppleWebKit/537.36 (KHTML, like Gecko) Chrome/49.0.2644.9 Safari/537.36"
52.167.144.219 - - [28/Apr/2025:15:15:41 -0400] "GET /xd2vxg0.cartomancy HTTP/1.1" 301 795 "-" "Mozilla/5.0 AppleWebKit/537.36 (KHTML, like Gecko; compatible; bingbot/2.0; +http://www.bing.com/bingbot.htm) Chrome/116.0.1938.76 Safari/537.36"
34.140.35.71 - - [28/Apr/2025:15:15:51 -0400] "GET / HTTP/1.1" 301 795 "-" "python-requests/2.32.3"
52.167.144.16 - - [28/Apr/2025:15:18:36 -0400] "GET /fkd1.innovatory HTTP/1.1" 301 795 "-" "Mozilla/5.0 AppleWebKit/537.36 (KHTML, like Gecko; compatible; bingbot/2.0; +http://www.bing.com/bingbot.htm) Chrome/116.0.1938.76 Safari/537.36"
52.167.144.16 - - [28/Apr/2025:15:19:34 -0400] "GET /zdp0sz HTTP/1.1" 301 795 "-" "Mozilla/5.0 AppleWebKit/537.36 (KHTML, like Gecko; compatible; bingbot/2.0; +http://www.bing.com/bingbot.htm) Chrome/116.0.1938.76 Safari/537.36"
152.42.143.42 - - [28/Apr/2025:15:25:12 -0400] "GET / HTTP/1.1" 301 795 "-" "Mozilla/5.0 (compatible)"
52.167.144.198 - - [28/Apr/2025:15:27:03 -0400] "GET /vwf4exhbl.coulometry HTTP/1.1" 301 795 "-" "Mozilla/5.0 AppleWebKit/537.36 (KHTML, like Gecko; compatible; bingbot/2.0; +http://www.bing.com/bingbot.htm) Chrome/116.0.1938.76 Safari/537.36"
216.244.66.196 - - [28/Apr/2025:15:41:31 -0400] "GET /robots.txt HTTP/1.1" 301 795 "-" "Mozilla/5.0 (compatible; DotBot/1.2; +https://opensiteexplorer.org/dotbot; help@moz.com)"
52.167.144.196 - - [28/Apr/2025:15:58:35 -0400] "GET /gxcdlscejg8zlq.hyena HTTP/1.1" 301 795 "-" "Mozilla/5.0 AppleWebKit/537.36 (KHTML, like Gecko; compatible; bingbot/2.0; +http://www.bing.com/bingbot.htm) Chrome/116.0.1938.76 Safari/537.36"
4.227.36.54 - - [28/Apr/2025:16:05:33 -0400] "GET /robots.txt HTTP/1.1" 301 795 "-" "Mozilla/5.0 AppleWebKit/537.36 (KHTML, like Gecko; compatible; GPTBot/1.2; +https://openai.com/gptbot)"
4.227.36.2 - - [28/Apr/2025:16:05:33 -0400] "GET /robots.txt HTTP/1.1" 301 795 "-" "Mozilla/5.0 AppleWebKit/537.36 (KHTML, like Gecko; compatible; GPTBot/1.2; +https://openai.com/gptbot)"
83.219.250.207 - - [28/Apr/2025:16:06:44 -0400] "GET /admin/index.php?route=common/login HTTP/1.1" 301 795 "-" "Mozilla/5.0 (Windows NT 10.0; WOW64; rv:45.0) Gecko/20100101 Firefox/45.0"
182.42.105.144 - - [28/Apr/2025:16:06:48 -0400] "GET / HTTP/1.1" 301 795 "-" "Mozilla/5.0 (iPhone; CPU iPhone OS 13_2_3 like Mac OS X) AppleWebKit/605.1.15 (KHTML, like Gecko) Version/13.0.3 Mobile/15E148 Safari/604.1"
52.167.144.221 - - [28/Apr/2025:16:11:26 -0400] "GET /e7thch3jqk HTTP/1.1" 301 795 "-" "Mozilla/5.0 AppleWebKit/537.36 (KHTML, like Gecko; compatible; bingbot/2.0; +http://www.bing.com/bingbot.htm) Chrome/116.0.1938.76 Safari/537.36"
216.244.66.196 - - [28/Apr/2025:16:25:08 -0400] "GET /robots.txt HTTP/1.1" 301 795 "-" "Mozilla/5.0 (compatible; DotBot/1.2; +https://opensiteexplorer.org/dotbot; help@moz.com)"
40.77.167.37 - - [28/Apr/2025:16:56:20 -0400] "GET /vohew8875oe.hyena HTTP/1.1" 301 795 "-" "Mozilla/5.0 AppleWebKit/537.36 (KHTML, like Gecko; compatible; bingbot/2.0; +http://www.bing.com/bingbot.htm) Chrome/116.0.1938.76 Safari/537.36"
52.167.144.199 - - [28/Apr/2025:17:05:52 -0400] "GET /ukljumjswbn8 HTTP/1.1" 301 795 "-" "Mozilla/5.0 AppleWebKit/537.36 (KHTML, like Gecko; compatible; bingbot/2.0; +http://www.bing.com/bingbot.htm) Chrome/116.0.1938.76 Safari/537.36"
216.244.66.196 - - [28/Apr/2025:17:09:21 -0400] "GET /robots.txt HTTP/1.1" 301 795 "-" "Mozilla/5.0 (compatible; DotBot/1.2; +https://opensiteexplorer.org/dotbot; help@moz.com)"
83.219.250.207 - - [28/Apr/2025:17:10:17 -0400] "GET /admin/index.php?route=common/login HTTP/1.1" 301 795 "-" "Mozilla/5.0 (X11; Linux i686) AppleWebKit/537.36 (KHTML, like Gecko) Chrome/55.0.2894.41 Safari/537.36"
83.219.250.207 - - [28/Apr/2025:17:13:00 -0400] "GET /admin/index.php?route=common/login HTTP/1.1" 301 795 "-" "Mozilla/5.0 (compatible; MSIE 9.0; Windows NT 10.0; Win64; x64; Trident/5.0)"
40.77.167.7 - - [28/Apr/2025:17:21:37 -0400] "GET /tgbp4qsja.pericarditis HTTP/1.1" 301 795 "-" "Mozilla/5.0 AppleWebKit/537.36 (KHTML, like Gecko; compatible; bingbot/2.0; +http://www.bing.com/bingbot.htm) Chrome/116.0.1938.76 Safari/537.36"
37.139.53.159 - - [28/Apr/2025:17:22:49 -0400] "GET /contact-us/ HTTP/1.0" 301 795 "http://ibnearif.com/contact-us/" "Mozilla/5.0 (Windows NT 10.0; Win64; x64) AppleWebKit/537.36 (KHTML, like Gecko) Chrome/130.0.0.0 Safari/537.36"
43.166.250.187 - - [28/Apr/2025:17:31:07 -0400] "GET / HTTP/1.1" 301 795 "-" "Mozilla/5.0 (iPhone; CPU iPhone OS 13_2_3 like Mac OS X) AppleWebKit/605.1.15 (KHTML, like Gecko) Version/13.0.3 Mobile/15E148 Safari/604.1"
52.167.144.225 - - [28/Apr/2025:17:52:59 -0400] "GET /30gfx30w.innovatory HTTP/1.1" 301 795 "-" "Mozilla/5.0 AppleWebKit/537.36 (KHTML, like Gecko; compatible; bingbot/2.0; +http://www.bing.com/bingbot.htm) Chrome/116.0.1938.76 Safari/537.36"
216.244.66.196 - - [28/Apr/2025:17:53:28 -0400] "GET /robots.txt HTTP/1.1" 301 795 "-" "Mozilla/5.0 (compatible; DotBot/1.2; +https://opensiteexplorer.org/dotbot; help@moz.com)"
83.219.250.207 - - [28/Apr/2025:18:01:22 -0400] "GET /admin/index.php?route=common/login HTTP/1.1" 301 795 "-" "Mozilla/5.0 (X11; Ubuntu; Linux x86_64; rv:45.0) Gecko/20100101 Firefox/45.0"
216.244.66.196 - - [28/Apr/2025:18:37:43 -0400] "GET /robots.txt HTTP/1.1" 301 795 "-" "Mozilla/5.0 (compatible; DotBot/1.2; +https://opensiteexplorer.org/dotbot; help@moz.com)"
52.167.144.19 - - [28/Apr/2025:18:53:06 -0400] "GET /tz772bqug.xiv HTTP/1.1" 301 795 "-" "Mozilla/5.0 AppleWebKit/537.36 (KHTML, like Gecko; compatible; bingbot/2.0; +http://www.bing.com/bingbot.htm) Chrome/116.0.1938.76 Safari/537.36"
52.167.144.220 - - [28/Apr/2025:18:55:28 -0400] "GET /zjt3tdmaf.chibchan HTTP/1.1" 301 795 "-" "Mozilla/5.0 AppleWebKit/537.36 (KHTML, like Gecko; compatible; bingbot/2.0; +http://www.bing.com/bingbot.htm) Chrome/116.0.1938.76 Safari/537.36"
40.77.167.7 - - [28/Apr/2025:18:58:03 -0400] "GET /1mwxj04h8.desquamative HTTP/1.1" 301 795 "-" "Mozilla/5.0 AppleWebKit/537.36 (KHTML, like Gecko; compatible; bingbot/2.0; +http://www.bing.com/bingbot.htm) Chrome/116.0.1938.76 Safari/537.36"
52.167.144.199 - - [28/Apr/2025:19:02:30 -0400] "GET /vxd1s.php HTTP/1.1" 301 795 "-" "Mozilla/5.0 AppleWebKit/537.36 (KHTML, like Gecko; compatible; bingbot/2.0; +http://www.bing.com/bingbot.htm) Chrome/116.0.1938.76 Safari/537.36"
113.219.218.197 - - [28/Apr/2025:19:19:31 -0400] "GET / HTTP/1.1" 301 795 "-" "Mozilla/5.0 (iPhone; CPU iPhone OS 13_2_3 like Mac OS X) AppleWebKit/605.1.15 (KHTML, like Gecko) Version/13.0.3 Mobile/15E148 Safari/604.1"
216.244.66.196 - - [28/Apr/2025:19:21:51 -0400] "GET /robots.txt HTTP/1.1" 301 795 "-" "Mozilla/5.0 (compatible; DotBot/1.2; +https://opensiteexplorer.org/dotbot; help@moz.com)"
83.219.250.207 - - [28/Apr/2025:19:22:06 -0400] "GET /admin/index.php?route=common/login HTTP/1.1" 301 795 "-" "Mozilla/5.0 (X11; Linux x86_64) AppleWebKit/537.36 (KHTML, like Gecko) Chrome/51.0.2723.22 Safari/537.36"
83.219.250.207 - - [28/Apr/2025:19:22:06 -0400] "GET /admin/index.php?route=common/login HTTP/1.1" 301 795 "-" "Mozilla/5.0 (Macintosh; Intel Mac OS X 10_10_4) AppleWebKit/537.36 (KHTML, like Gecko) Chrome/49.0.2645.51 Safari/537.36"
83.219.250.207 - - [28/Apr/2025:19:55:44 -0400] "GET /admin/index.php?route=common/login HTTP/1.1" 301 795 "-" "Mozilla/5.0 (Windows NT 6.3) AppleWebKit/537.36 (KHTML, like Gecko) Chrome/51.0.2741.60 Safari/537.36"
52.167.144.209 - - [28/Apr/2025:19:59:30 -0400] "GET /x0slt.coulometry HTTP/1.1" 301 795 "-" "Mozilla/5.0 AppleWebKit/537.36 (KHTML, like Gecko; compatible; bingbot/2.0; +http://www.bing.com/bingbot.htm) Chrome/116.0.1938.76 Safari/537.36"
216.244.66.196 - - [28/Apr/2025:20:06:17 -0400] "GET /robots.txt HTTP/1.1" 301 795 "-" "Mozilla/5.0 (compatible; DotBot/1.2; +https://opensiteexplorer.org/dotbot; help@moz.com)"
145.239.10.50 - - [28/Apr/2025:20:09:17 -0400] "GET /contact-us/ HTTP/1.0" 301 795 "http://ibnearif.com/contact-us/" "Mozilla/5.0 (Windows NT 10.0; Win64; x64) AppleWebKit/537.36 (KHTML, like Gecko) Chrome/130.0.0.0 Safari/537.36"
