66.29.132.124 - - [27/Apr/2025:08:33:11 -0400] "POST /wp-admin/admin-ajax.php?action=as_async_request_queue_runner&nonce=0eddb498b2 HTTP/1.1" 200 0 "-" "WordPress/6.8; https://kamrancomputer.com"
77.238.237.38 - - [27/Apr/2025:08:33:12 -0400] "GET /product/mini-wireless-keyboard-tv-box/ HTTP/1.0" 200 128029 "https://kamrancomputer.com/product/mini-wireless-keyboard-tv-box/#comment-386" "Mozilla/5.0 (Windows NT 10.0; Win64; x64) AppleWebKit/537.36 (KHTML, like Gecko) Chrome/131.0.0.0 Safari/537.36"
192.0.89.241 - - [27/Apr/2025:08:34:16 -0400] "GET /feed/ HTTP/1.1" 304 0 "-" "wp.com feedbot/1.0 (+https://wp.com)"
66.29.132.124 - - [27/Apr/2025:08:35:58 -0400] "POST /wp-cron.php?doing_wp_cron=1745757358.7285130023956298828125 HTTP/1.1" 200 0 "-" "WordPress/6.8; https://kamrancomputer.com"
57.141.4.8 - - [27/Apr/2025:08:35:54 -0400] "GET /wp-json/oembed/1.0/embed?url=https%3A%2F%2Fkamrancomputer.com%2F2024%2F10%2F18%2Fonline-casino-wv%2F HTTP/1.1" 200 2134 "-" "meta-externalagent/1.1 (+https://developers.facebook.com/docs/sharing/webmasters/crawler)"
66.29.132.124 - - [27/Apr/2025:08:35:59 -0400] "POST /wp-admin/admin-ajax.php?action=async_litespeed&nonce=w1yfy1h478e2TkVr3SQLBSMj3tIDul2q&litespeed_type=imgoptm HTTP/1.1" 200 0 "-" "WordPress/6.8; https://kamrancomputer.com"
66.29.132.124 - - [27/Apr/2025:08:36:00 -0400] "POST /wp-admin/admin-ajax.php?action=as_async_request_queue_runner&nonce=0eddb498b2 HTTP/1.1" 200 0 "-" "WordPress/6.8; https://kamrancomputer.com"
66.29.132.124 - - [27/Apr/2025:08:38:30 -0400] "POST /wp-cron.php?doing_wp_cron=1745757510.3249170780181884765625 HTTP/1.1" 200 0 "-" "WordPress/6.8; https://kamrancomputer.com"
57.141.4.4 - - [27/Apr/2025:08:38:27 -0400] "GET /wp-json/wp/v2/posts/7680 HTTP/1.1" 200 6322 "-" "meta-externalagent/1.1 (+https://developers.facebook.com/docs/sharing/webmasters/crawler)"
66.29.132.124 - - [27/Apr/2025:08:38:30 -0400] "POST /wp-admin/admin-ajax.php?action=async_litespeed&nonce=L7vWjZNJjkqGcfMhbcsvoF29CR3sMjBt&litespeed_type=imgoptm HTTP/1.1" 200 0 "-" "WordPress/6.8; https://kamrancomputer.com"
66.29.132.124 - - [27/Apr/2025:08:38:31 -0400] "POST /wp-admin/admin-ajax.php?action=as_async_request_queue_runner&nonce=0eddb498b2 HTTP/1.1" 200 0 "-" "WordPress/6.8; https://kamrancomputer.com"
66.29.132.124 - - [27/Apr/2025:08:40:31 -0400] "POST /wp-cron.php?doing_wp_cron=1745757631.2370169162750244140625 HTTP/1.1" 200 0 "-" "WordPress/6.8; https://kamrancomputer.com"
66.29.137.63 - - [27/Apr/2025:08:40:26 -0400] "GET /xmlrpc.php HTTP/1.1" 405 46 "http://kamrancomputer.com" "Mozilla/5.0 (Macintosh; Intel Mac OS X 14.3) AppleWebKit/614.31.14 (KHTML, like Gecko) Version/17.0.96 Safari/614.31.14"
66.29.132.124 - - [27/Apr/2025:08:40:32 -0400] "POST /wp-admin/admin-ajax.php?action=async_litespeed&nonce=AtdCwRY5UNmSumXg1q771nnLK5oIyC9j&litespeed_type=imgoptm HTTP/1.1" 200 0 "-" "WordPress/6.8; https://kamrancomputer.com"
57.141.4.21 - - [27/Apr/2025:08:40:40 -0400] "GET /wp-json/oembed/1.0/embed?url=https%3A%2F%2Fkamrancomputer.com%2F2024%2F10%2F18%2Fklub-vulkan%2F HTTP/1.1" 200 2289 "-" "meta-externalagent/1.1 (+https://developers.facebook.com/docs/sharing/webmasters/crawler)"
66.29.132.124 - - [27/Apr/2025:08:42:10 -0400] "POST /wp-cron.php?doing_wp_cron=1745757729.9901480674743652343750 HTTP/1.1" 200 0 "-" "WordPress/6.8; https://kamrancomputer.com"
57.141.4.28 - - [27/Apr/2025:08:42:06 -0400] "GET /wp-json/oembed/1.0/embed?url=https%3A%2F%2Fkamrancomputer.com%2F2024%2F10%2F18%2Fonline-casino-geld-zuruck-osterreich%2F HTTP/1.1" 200 2264 "-" "meta-externalagent/1.1 (+https://developers.facebook.com/docs/sharing/webmasters/crawler)"
66.29.132.124 - - [27/Apr/2025:08:42:10 -0400] "POST /wp-admin/admin-ajax.php?action=async_litespeed&nonce=PeQojvb5tCrm9LkP7vSiK1J7Oy4ZxIvN&litespeed_type=imgoptm HTTP/1.1" 200 21 "-" "WordPress/6.8; https://kamrancomputer.com"
66.29.132.124 - - [27/Apr/2025:08:43:27 -0400] "POST /wp-cron.php?doing_wp_cron=1745757807.2539110183715820312500 HTTP/1.1" 200 0 "-" "WordPress/6.8; https://kamrancomputer.com"
57.141.4.13 - - [27/Apr/2025:08:43:26 -0400] "GET /?p=8540 HTTP/1.1" 301 0 "-" "meta-externalagent/1.1 (+https://developers.facebook.com/docs/sharing/webmasters/crawler)"
66.29.132.124 - - [27/Apr/2025:08:43:27 -0400] "POST /wp-admin/admin-ajax.php?action=async_litespeed&nonce=ANhcj8aOfKcYioVOJuVJbI3iXCqQTe7L&litespeed_type=imgoptm HTTP/1.1" 200 0 "-" "WordPress/6.8; https://kamrancomputer.com"
66.29.132.124 - - [27/Apr/2025:08:43:28 -0400] "POST /wp-admin/admin-ajax.php?action=as_async_request_queue_runner&nonce=0eddb498b2 HTTP/1.1" 200 0 "-" "WordPress/6.8; https://kamrancomputer.com"
57.141.4.5 - - [27/Apr/2025:09:01:53 -0400] "GET /wp-json/oembed/1.0/embed?url=https%3A%2F%2Fkamrancomputer.com%2F2024%2F10%2F18%2Fbest-australia-online-pokies%2F HTTP/1.1" 200 2194 "-" "meta-externalagent/1.1 (+https://developers.facebook.com/docs/sharing/webmasters/crawler)"
66.29.132.124 - - [27/Apr/2025:08:57:51 -0400] "POST /wp-cron.php?doing_wp_cron=1745758671.3047230243682861328125 HTTP/1.1" 200 0 "-" "WordPress/6.8; https://kamrancomputer.com"
57.141.4.11 - - [27/Apr/2025:08:57:44 -0400] "GET /wp-json/wp/v2/posts/12895 HTTP/1.1" 200 5901 "-" "meta-externalagent/1.1 (+https://developers.facebook.com/docs/sharing/webmasters/crawler)"
66.29.132.124 - - [27/Apr/2025:08:57:52 -0400] "POST /wp-admin/admin-ajax.php?action=async_litespeed&nonce=qKtfNXi6YnZay7QF3InCzCtiDtG78Cc3&litespeed_type=imgoptm HTTP/1.1" 200 0 "-" "WordPress/6.8; https://kamrancomputer.com"
66.29.132.124 - - [27/Apr/2025:09:03:53 -0400] "POST /wp-cron.php?doing_wp_cron=1745759033.2441260814666748046875 HTTP/1.1" 200 0 "-" "WordPress/6.8; https://kamrancomputer.com"
57.141.4.27 - - [27/Apr/2025:09:03:45 -0400] "GET /wp-json/wp/v2/posts/13639 HTTP/1.1" 200 5921 "-" "meta-externalagent/1.1 (+https://developers.facebook.com/docs/sharing/webmasters/crawler)"
66.29.132.124 - - [27/Apr/2025:09:03:54 -0400] "POST /wp-admin/admin-ajax.php?action=async_litespeed&nonce=Iqp6O9sqLODk4W9TifGECdk6inf5wHCa&litespeed_type=imgoptm HTTP/1.1" 200 21 "-" "WordPress/6.8; https://kamrancomputer.com"
66.29.132.124 - - [27/Apr/2025:09:05:51 -0400] "POST /wp-cron.php?doing_wp_cron=1745759151.6233139038085937500000 HTTP/1.1" 200 0 "-" "WordPress/6.8; https://kamrancomputer.com"
57.141.4.5 - - [27/Apr/2025:09:05:48 -0400] "GET /wp-json/wp/v2/posts/8127 HTTP/1.1" 200 6022 "-" "meta-externalagent/1.1 (+https://developers.facebook.com/docs/sharing/webmasters/crawler)"
66.29.132.124 - - [27/Apr/2025:09:05:52 -0400] "POST /wp-admin/admin-ajax.php?action=async_litespeed&nonce=8QyKTSU8a4WA6vjQ3bHXZez8aTeRTFF2&litespeed_type=imgoptm HTTP/1.1" 200 21 "-" "WordPress/6.8; https://kamrancomputer.com"
57.141.4.22 - - [27/Apr/2025:09:06:09 -0400] "GET /wp-json/wp/v2/posts/7187 HTTP/1.1" 200 8443 "-" "meta-externalagent/1.1 (+https://developers.facebook.com/docs/sharing/webmasters/crawler)"
66.29.132.124 - - [27/Apr/2025:09:08:02 -0400] "POST /wp-cron.php?doing_wp_cron=1745759281.9973480701446533203125 HTTP/1.1" 200 0 "-" "WordPress/6.8; https://kamrancomputer.com"
57.141.4.15 - - [27/Apr/2025:09:07:58 -0400] "GET /?p=7440 HTTP/1.1" 301 0 "-" "meta-externalagent/1.1 (+https://developers.facebook.com/docs/sharing/webmasters/crawler)"
66.29.132.124 - - [27/Apr/2025:09:08:02 -0400] "POST /wp-admin/admin-ajax.php?action=async_litespeed&nonce=Vg1u8QN73yI0Fs0PnKouQGN7DszGwSii&litespeed_type=imgoptm HTTP/1.1" 200 0 "-" "WordPress/6.8; https://kamrancomputer.com"
66.29.132.124 - - [27/Apr/2025:09:08:03 -0400] "POST /wp-admin/admin-ajax.php?action=as_async_request_queue_runner&nonce=0eddb498b2 HTTP/1.1" 200 0 "-" "WordPress/6.8; https://kamrancomputer.com"
66.29.132.124 - - [27/Apr/2025:09:09:39 -0400] "POST /wp-cron.php?doing_wp_cron=1745759379.0616579055786132812500 HTTP/1.1" 200 0 "-" "WordPress/6.8; https://kamrancomputer.com"
57.141.4.1 - - [27/Apr/2025:09:09:35 -0400] "GET /wp-json/wp/v2/posts/7506 HTTP/1.1" 200 21655 "-" "meta-externalagent/1.1 (+https://developers.facebook.com/docs/sharing/webmasters/crawler)"
66.29.132.124 - - [27/Apr/2025:09:09:39 -0400] "POST /wp-admin/admin-ajax.php?action=async_litespeed&nonce=JSAgJCAPhUjiP6ThQyAVVi7KPuidUMTF&litespeed_type=imgoptm HTTP/1.1" 200 21 "-" "WordPress/6.8; https://kamrancomputer.com"
66.29.132.124 - - [27/Apr/2025:09:18:12 -0400] "POST /wp-cron.php?doing_wp_cron=1745759892.9294469356536865234375 HTTP/1.1" 200 0 "-" "WordPress/6.8; https://kamrancomputer.com"
66.249.74.39 - - [27/Apr/2025:09:18:04 -0400] "GET /2024/10/18/keno-online-casino/ HTTP/1.1" 200 20283 "-" "Mozilla/5.0 (Linux; Android 6.0.1; Nexus 5X Build/MMB29P) AppleWebKit/537.36 (KHTML, like Gecko) Chrome/135.0.7049.95 Mobile Safari/537.36 (compatible; Googlebot/2.1; +http://www.google.com/bot.html)"
66.29.132.124 - - [27/Apr/2025:09:18:14 -0400] "POST /wp-admin/admin-ajax.php?action=async_litespeed&nonce=gLqpOC0O2YNRiDe58rT7slqt6jOhh822&litespeed_type=imgoptm HTTP/1.1" 200 21 "-" "WordPress/6.8; https://kamrancomputer.com"
66.29.132.124 - - [27/Apr/2025:09:18:37 -0400] "POST /wp-cron.php?doing_wp_cron=1745759917.9821240901947021484375 HTTP/1.1" 200 0 "-" "WordPress/6.8; https://kamrancomputer.com"
57.141.4.17 - - [27/Apr/2025:09:18:37 -0400] "GET /?p=16247 HTTP/1.1" 301 0 "-" "meta-externalagent/1.1 (+https://developers.facebook.com/docs/sharing/webmasters/crawler)"
66.29.132.124 - - [27/Apr/2025:09:18:38 -0400] "POST /wp-admin/admin-ajax.php?action=async_litespeed&nonce=stt4AJRIrQL7uKOYfL52rQERIxCZV2qs&litespeed_type=imgoptm HTTP/1.1" 200 21 "-" "WordPress/6.8; https://kamrancomputer.com"
66.29.132.124 - - [27/Apr/2025:09:20:50 -0400] "POST /wp-cron.php?doing_wp_cron=1745760050.7979431152343750000000 HTTP/1.1" 200 0 "-" "WordPress/6.8; https://kamrancomputer.com"
66.29.132.124 - - [27/Apr/2025:09:20:50 -0400] "POST /wp-cron.php?doing_wp_cron=1745760050.7984449863433837890625 HTTP/1.1" 200 0 "-" "WordPress/6.8; https://kamrancomputer.com"
8.210.8.206 - - [27/Apr/2025:09:20:46 -0400] "GET /cart HTTP/1.1" 301 0 "-" "Mozilla/5.0 (Macintosh; Intel Mac OS X 10_15_7) AppleWebKit/537.36 (KHTML, like Gecko) Chrome/109.0.0.0 Safari/537.36"
66.29.132.124 - - [27/Apr/2025:09:20:51 -0400] "POST /wp-admin/admin-ajax.php?action=async_litespeed&nonce=TmeyCt0xueeL0NFgizQL7NDXsihGS8t8&litespeed_type=imgoptm HTTP/1.1" 200 21 "-" "WordPress/6.8; https://kamrancomputer.com"
57.141.4.5 - - [27/Apr/2025:09:20:47 -0400] "GET /wp-json/oembed/1.0/embed?url=https%3A%2F%2Fkamrancomputer.com%2F2024%2F10%2F18%2Fborgata-online-casino-review%2F HTTP/1.1" 200 2194 "-" "meta-externalagent/1.1 (+https://developers.facebook.com/docs/sharing/webmasters/crawler)"
8.210.8.206 - - [27/Apr/2025:09:20:51 -0400] "GET /cart/ HTTP/1.1" 200 86718 "https://kamrancomputer.com/cart" "Mozilla/5.0 (Macintosh; Intel Mac OS X 10_15_7) AppleWebKit/537.36 (KHTML, like Gecko) Chrome/109.0.0.0 Safari/537.36"
66.29.132.124 - - [27/Apr/2025:09:24:39 -0400] "POST /wp-cron.php?doing_wp_cron=1745760279.2558178901672363281250 HTTP/1.1" 200 0 "-" "WordPress/6.8; https://kamrancomputer.com"
57.141.4.29 - - [27/Apr/2025:09:24:35 -0400] "GET /wp-json/oembed/1.0/embed?url=https%3A%2F%2Fkamrancomputer.com%2F2024%2F10%2F18%2Fsajty-s-igrami-na-dengi%2F HTTP/1.1" 200 2532 "-" "meta-externalagent/1.1 (+https://developers.facebook.com/docs/sharing/webmasters/crawler)"
66.29.132.124 - - [27/Apr/2025:09:24:39 -0400] "POST /wp-admin/admin-ajax.php?action=async_litespeed&nonce=6QRTkdLg8oIQi0Aby9l9gWYhqwRnqPaA&litespeed_type=imgoptm HTTP/1.1" 200 21 "-" "WordPress/6.8; https://kamrancomputer.com"
66.29.132.124 - - [27/Apr/2025:09:26:14 -0400] "POST /wp-cron.php?doing_wp_cron=1745760374.1488180160522460937500 HTTP/1.1" 200 0 "-" "WordPress/6.8; https://kamrancomputer.com"
68.65.123.34 - - [27/Apr/2025:09:26:07 -0400] "GET /xmlrpc.php HTTP/1.1" 405 46 "http://kamrancomputer.com" "Mozilla/5.0 (Windows NT 10.0; Win64; x64; rv:128.0) Gecko/20100101 Firefox/128.0"
66.29.132.124 - - [27/Apr/2025:09:26:14 -0400] "POST /wp-admin/admin-ajax.php?action=async_litespeed&nonce=YRwVsAp5R9HU1QoYNFOF3HnZcu8i7KKj&litespeed_type=imgoptm HTTP/1.1" 200 21 "-" "WordPress/6.8; https://kamrancomputer.com"
66.29.132.124 - - [27/Apr/2025:09:32:41 -0400] "POST /wp-cron.php?doing_wp_cron=1745760761.6019279956817626953125 HTTP/1.1" 200 0 "-" "WordPress/6.8; https://kamrancomputer.com"
162.0.232.248 - - [27/Apr/2025:09:32:38 -0400] "GET /xmlrpc.php HTTP/1.1" 405 46 "http://kamrancomputer.com" "Mozilla/5.0 (Windows NT 10.0; Win64; x64) AppleWebKit/537.36 (KHTML, like Gecko) Chrome/112.0.5615.138 Safari/537.36 Edg/112.0.1722.68"
66.29.132.124 - - [27/Apr/2025:09:32:42 -0400] "POST /wp-admin/admin-ajax.php?action=async_litespeed&nonce=KtcujOqoeYXNfBQrfXTprbJE2Nk38T5I&litespeed_type=imgoptm HTTP/1.1" 200 0 "-" "WordPress/6.8; https://kamrancomputer.com"
66.29.132.124 - - [27/Apr/2025:09:32:42 -0400] "POST /wp-admin/admin-ajax.php?action=as_async_request_queue_runner&nonce=0eddb498b2 HTTP/1.1" 200 0 "-" "WordPress/6.8; https://kamrancomputer.com"
66.29.132.124 - - [27/Apr/2025:09:34:35 -0400] "POST /wp-cron.php?doing_wp_cron=1745760875.7619678974151611328125 HTTP/1.1" 200 0 "-" "WordPress/6.8; https://kamrancomputer.com"
57.141.4.8 - - [27/Apr/2025:09:34:31 -0400] "GET /wp-json/wp/v2/posts/12890 HTTP/1.1" 200 7049 "-" "meta-externalagent/1.1 (+https://developers.facebook.com/docs/sharing/webmasters/crawler)"
66.29.132.124 - - [27/Apr/2025:09:34:36 -0400] "POST /wp-admin/admin-ajax.php?action=async_litespeed&nonce=gzhbK10fJMnSVU2msHCtVOWAj3wyrQDE&litespeed_type=imgoptm HTTP/1.1" 200 21 "-" "WordPress/6.8; https://kamrancomputer.com"
66.29.132.124 - - [27/Apr/2025:09:35:08 -0400] "POST /wp-cron.php?doing_wp_cron=1745760908.5955190658569335937500 HTTP/1.1" 200 0 "-" "WordPress/6.8; https://kamrancomputer.com"
57.141.4.9 - - [27/Apr/2025:09:35:08 -0400] "GET /wp-json/oembed/1.0/embed?url=https%3A%2F%2Fkamrancomputer.com%2F2024%2F10%2F18%2Fsc-casino-online%2F HTTP/1.1" 200 2134 "-" "meta-externalagent/1.1 (+https://developers.facebook.com/docs/sharing/webmasters/crawler)"
66.29.132.124 - - [27/Apr/2025:09:37:42 -0400] "POST /wp-cron.php?doing_wp_cron=1745761062.5551490783691406250000 HTTP/1.1" 200 0 "-" "WordPress/6.8; https://kamrancomputer.com"
57.141.4.29 - - [27/Apr/2025:09:37:37 -0400] "GET /wp-json/oembed/1.0/embed?url=https%3A%2F%2Fkamrancomputer.com%2F2024%2F10%2F18%2Fsweepslots-online-casino%2F HTTP/1.1" 200 2174 "-" "meta-externalagent/1.1 (+https://developers.facebook.com/docs/sharing/webmasters/crawler)"
66.29.132.124 - - [27/Apr/2025:09:37:43 -0400] "POST /wp-admin/admin-ajax.php?action=async_litespeed&nonce=5ZOSI1BUkCQwTjFP6uxomBmSjJdsNK0b&litespeed_type=imgoptm HTTP/1.1" 200 0 "-" "WordPress/6.8; https://kamrancomputer.com"
66.29.132.124 - - [27/Apr/2025:09:37:44 -0400] "POST /wp-admin/admin-ajax.php?action=as_async_request_queue_runner&nonce=0eddb498b2 HTTP/1.1" 200 0 "-" "WordPress/6.8; https://kamrancomputer.com"
66.29.132.124 - - [27/Apr/2025:09:40:01 -0400] "POST /wp-cron.php?doing_wp_cron=1745761201.7793099880218505859375 HTTP/1.1" 200 0 "-" "WordPress/6.8; https://kamrancomputer.com"
49.51.180.2 - - [27/Apr/2025:09:39:57 -0400] "GET / HTTP/1.1" 301 0 "http://www.kamrancomputer.com" "Mozilla/5.0 (iPhone; CPU iPhone OS 13_2_3 like Mac OS X) AppleWebKit/605.1.15 (KHTML, like Gecko) Version/13.0.3 Mobile/15E148 Safari/604.1"
66.29.132.124 - - [27/Apr/2025:09:40:05 -0400] "POST /wp-admin/admin-ajax.php?action=async_litespeed&nonce=wrDsVARYbwB4J7QNWXTVrfqL6ag4XTEn&litespeed_type=imgoptm HTTP/1.1" 200 0 "-" "WordPress/6.8; https://kamrancomputer.com"
49.51.180.2 - - [27/Apr/2025:09:40:06 -0400] "GET / HTTP/1.1" 200 37825 "https://www.kamrancomputer.com/" "Mozilla/5.0 (iPhone; CPU iPhone OS 13_2_3 like Mac OS X) AppleWebKit/605.1.15 (KHTML, like Gecko) Version/13.0.3 Mobile/15E148 Safari/604.1"
66.29.132.124 - - [27/Apr/2025:09:40:40 -0400] "POST /wp-cron.php?doing_wp_cron=1745761240.7894821166992187500000 HTTP/1.1" 200 0 "-" "WordPress/6.8; https://kamrancomputer.com"
57.141.4.3 - - [27/Apr/2025:09:40:40 -0400] "GET /wp-json/wp/v2/posts/7480 HTTP/1.1" 200 20166 "-" "meta-externalagent/1.1 (+https://developers.facebook.com/docs/sharing/webmasters/crawler)"
66.29.132.124 - - [27/Apr/2025:09:40:41 -0400] "POST /wp-admin/admin-ajax.php?action=async_litespeed&nonce=ryFmiXzjIPPYb45SQap5qap1vkC4cvId&litespeed_type=imgoptm HTTP/1.1" 200 21 "-" "WordPress/6.8; https://kamrancomputer.com"
66.29.132.124 - - [27/Apr/2025:09:49:52 -0400] "POST /wp-cron.php?doing_wp_cron=1745761792.4557130336761474609375 HTTP/1.1" 200 0 "-" "WordPress/6.8; https://kamrancomputer.com"
68.65.123.234 - - [27/Apr/2025:09:49:47 -0400] "GET /xmlrpc.php HTTP/1.1" 405 60 "http://kamrancomputer.com" "Mozilla/5.0 (Windows NT 10.0; Win64; x64) AppleWebKit/537.36 (KHTML, like Gecko) Chrome/115.0.5790.102 Safari/537.36"
68.65.123.234 - - [27/Apr/2025:09:49:53 -0400] "POST /wp-login.php HTTP/1.1" 200 2278 "https://kamrancomputer.com" "Mozilla/5.0 (Windows NT 10.0; Win64; x64) AppleWebKit/537.36 (KHTML, like Gecko) Chrome/116.0.5845.96 Safari/537.36 Edg/116.0.1938.62"
66.29.132.124 - - [27/Apr/2025:09:49:53 -0400] "POST /wp-admin/admin-ajax.php?action=async_litespeed&nonce=GKfvAi5XWYrxGuuqwj4vCTzgYNDTsAUi&litespeed_type=imgoptm HTTP/1.1" 200 21 "-" "WordPress/6.8; https://kamrancomputer.com"
66.29.132.124 - - [27/Apr/2025:10:10:24 -0400] "POST /wp-cron.php?doing_wp_cron=1745763024.3150720596313476562500 HTTP/1.1" 200 0 "-" "WordPress/6.8; https://kamrancomputer.com"
57.141.4.16 - - [27/Apr/2025:10:10:01 -0400] "GET /?p=12863 HTTP/1.1" 301 0 "-" "meta-externalagent/1.1 (+https://developers.facebook.com/docs/sharing/webmasters/crawler)"
66.29.132.124 - - [27/Apr/2025:10:10:26 -0400] "POST /wp-admin/admin-ajax.php?action=async_litespeed&nonce=8pcUMf30wwZhArplyriT1EFrde3DScCQ&litespeed_type=imgoptm HTTP/1.1" 200 0 "-" "WordPress/6.8; https://kamrancomputer.com"
66.29.132.124 - - [27/Apr/2025:10:10:37 -0400] "POST /wp-cron.php?doing_wp_cron=1745763037.8430318832397460937500 HTTP/1.1" 200 0 "-" "WordPress/6.8; https://kamrancomputer.com"
66.29.132.124 - - [27/Apr/2025:10:10:39 -0400] "POST /wp-admin/admin-ajax.php?action=async_litespeed&nonce=BZLkSFokubnhtGGnH8PUK2GfT4i6HnjH&litespeed_type=imgoptm HTTP/1.1" 200 0 "-" "WordPress/6.8; https://kamrancomputer.com"
57.141.4.17 - - [27/Apr/2025:10:10:36 -0400] "GET /wp-json/wp/v2/posts/16254 HTTP/1.1" 200 6055 "-" "meta-externalagent/1.1 (+https://developers.facebook.com/docs/sharing/webmasters/crawler)"
66.29.132.124 - - [27/Apr/2025:10:12:03 -0400] "POST /wp-cron.php?doing_wp_cron=1745763123.0363409519195556640625 HTTP/1.1" 200 0 "-" "WordPress/6.8; https://kamrancomputer.com"
57.141.4.16 - - [27/Apr/2025:10:12:02 -0400] "GET /wp-json/oembed/1.0/embed?url=https%3A%2F%2Fkamrancomputer.com%2F2024%2F10%2F18%2Fbest-online-casinos-michigan%2F HTTP/1.1" 200 2194 "-" "meta-externalagent/1.1 (+https://developers.facebook.com/docs/sharing/webmasters/crawler)"
66.29.132.124 - - [27/Apr/2025:10:12:03 -0400] "POST /wp-admin/admin-ajax.php?action=async_litespeed&nonce=6P5XC5A6eRMoLi0F7oQAcxpU8koKoGGX&litespeed_type=imgoptm HTTP/1.1" 200 21 "-" "WordPress/6.8; https://kamrancomputer.com"
66.29.132.124 - - [27/Apr/2025:10:15:56 -0400] "POST /wp-cron.php?doing_wp_cron=1745763356.9117319583892822265625 HTTP/1.1" 200 0 "-" "WordPress/6.8; https://kamrancomputer.com"
57.141.4.1 - - [27/Apr/2025:10:15:50 -0400] "GET /wp-json/oembed/1.0/embed?url=https%3A%2F%2Fkamrancomputer.com%2F2024%2F10%2F18%2Fspiele-kostenlos-poker-ohne-anmeldung%2F HTTP/1.1" 200 2239 "-" "meta-externalagent/1.1 (+https://developers.facebook.com/docs/sharing/webmasters/crawler)"
66.29.132.124 - - [27/Apr/2025:10:15:57 -0400] "POST /wp-admin/admin-ajax.php?action=async_litespeed&nonce=UzSFTBE2y8Z4jfPAvBlFbQmRw7qheM2n&litespeed_type=imgoptm HTTP/1.1" 200 0 "-" "WordPress/6.8; https://kamrancomputer.com"
66.29.132.124 - - [27/Apr/2025:10:15:58 -0400] "POST /wp-admin/admin-ajax.php?action=as_async_request_queue_runner&nonce=0eddb498b2 HTTP/1.1" 200 0 "-" "WordPress/6.8; https://kamrancomputer.com"
66.29.132.124 - - [27/Apr/2025:10:28:12 -0400] "POST /wp-cron.php?doing_wp_cron=1745764092.5880849361419677734375 HTTP/1.1" 200 0 "-" "WordPress/6.8; https://kamrancomputer.com"
57.141.4.9 - - [27/Apr/2025:10:28:04 -0400] "GET /wp-json/wp/v2/posts/14189 HTTP/1.1" 200 5643 "-" "meta-externalagent/1.1 (+https://developers.facebook.com/docs/sharing/webmasters/crawler)"
66.29.132.124 - - [27/Apr/2025:10:28:13 -0400] "POST /wp-admin/admin-ajax.php?action=async_litespeed&nonce=SVfzmoqqi9qCnzCx5qEQNVmFDESpYFdx&litespeed_type=imgoptm HTTP/1.1" 200 0 "-" "WordPress/6.8; https://kamrancomputer.com"
66.29.132.124 - - [27/Apr/2025:10:28:13 -0400] "POST /wp-admin/admin-ajax.php?action=as_async_request_queue_runner&nonce=0eddb498b2 HTTP/1.1" 200 0 "-" "WordPress/6.8; https://kamrancomputer.com"
66.29.132.124 - - [27/Apr/2025:10:29:18 -0400] "POST /wp-cron.php?doing_wp_cron=1745764158.1070139408111572265625 HTTP/1.1" 200 0 "-" "WordPress/6.8; https://kamrancomputer.com"
57.141.4.28 - - [27/Apr/2025:10:29:17 -0400] "GET /?p=16839 HTTP/1.1" 301 0 "-" "meta-externalagent/1.1 (+https://developers.facebook.com/docs/sharing/webmasters/crawler)"
66.29.132.124 - - [27/Apr/2025:10:29:18 -0400] "POST /wp-admin/admin-ajax.php?action=async_litespeed&nonce=OQu8Bmn6okif9Y0R2dlQE4QtJj0uytjy&litespeed_type=imgoptm HTTP/1.1" 200 21 "-" "WordPress/6.8; https://kamrancomputer.com"
195.20.18.145 - - [27/Apr/2025:10:29:27 -0400] "GET / HTTP/1.1" 200 227596 "-" "ALittle Client"
66.29.132.124 - - [27/Apr/2025:10:33:59 -0400] "POST /wp-cron.php?doing_wp_cron=1745764439.7997150421142578125000 HTTP/1.1" 200 0 "-" "WordPress/6.8; https://kamrancomputer.com"
57.141.4.18 - - [27/Apr/2025:10:33:52 -0400] "GET /?p=6795 HTTP/1.1" 301 0 "-" "meta-externalagent/1.1 (+https://developers.facebook.com/docs/sharing/webmasters/crawler)"
66.29.132.124 - - [27/Apr/2025:10:34:00 -0400] "POST /wp-admin/admin-ajax.php?action=async_litespeed&nonce=UuRcAfQx5sHma1khxajtZImhtgYEdtVe&litespeed_type=imgoptm HTTP/1.1" 200 0 "-" "WordPress/6.8; https://kamrancomputer.com"
66.29.132.124 - - [27/Apr/2025:10:34:01 -0400] "POST /wp-admin/admin-ajax.php?action=as_async_request_queue_runner&nonce=0eddb498b2 HTTP/1.1" 200 0 "-" "WordPress/6.8; https://kamrancomputer.com"
66.29.132.124 - - [27/Apr/2025:10:34:28 -0400] "POST /wp-cron.php?doing_wp_cron=1745764468.0904800891876220703125 HTTP/1.1" 200 0 "-" "WordPress/6.8; https://kamrancomputer.com"
57.141.4.5 - - [27/Apr/2025:10:34:27 -0400] "GET /?p=16168 HTTP/1.1" 301 0 "-" "meta-externalagent/1.1 (+https://developers.facebook.com/docs/sharing/webmasters/crawler)"
66.29.132.124 - - [27/Apr/2025:10:34:28 -0400] "POST /wp-admin/admin-ajax.php?action=async_litespeed&nonce=JD9VoCnK80B3FEYd0mcRitvRpiJOQqIy&litespeed_type=imgoptm HTTP/1.1" 200 21 "-" "WordPress/6.8; https://kamrancomputer.com"
66.29.132.124 - - [27/Apr/2025:10:37:10 -0400] "POST /wp-cron.php?doing_wp_cron=1745764629.9906060695648193359375 HTTP/1.1" 200 0 "-" "WordPress/6.8; https://kamrancomputer.com"
57.141.4.4 - - [27/Apr/2025:10:37:06 -0400] "GET /wp-json/wp/v2/posts/13078 HTTP/1.1" 200 5524 "-" "meta-externalagent/1.1 (+https://developers.facebook.com/docs/sharing/webmasters/crawler)"
66.29.132.124 - - [27/Apr/2025:10:37:10 -0400] "POST /wp-admin/admin-ajax.php?action=async_litespeed&nonce=3BwlbTYkZ3Ikv0yKnxJgqkNN73BpkQvL&litespeed_type=imgoptm HTTP/1.1" 200 21 "-" "WordPress/6.8; https://kamrancomputer.com"
66.29.132.124 - - [27/Apr/2025:10:46:17 -0400] "POST /wp-cron.php?doing_wp_cron=1745765177.0749680995941162109375 HTTP/1.1" 200 0 "-" "WordPress/6.8; https://kamrancomputer.com"
57.141.4.1 - - [27/Apr/2025:10:46:07 -0400] "GET /?p=7318 HTTP/1.1" 301 0 "-" "meta-externalagent/1.1 (+https://developers.facebook.com/docs/sharing/webmasters/crawler)"
66.29.132.124 - - [27/Apr/2025:10:46:17 -0400] "POST /wp-admin/admin-ajax.php?action=async_litespeed&nonce=XNLj1l3c2d0GvUwVu9Ou8nA9SUXyOOsz&litespeed_type=imgoptm HTTP/1.1" 200 0 "-" "WordPress/6.8; https://kamrancomputer.com"
66.29.132.124 - - [27/Apr/2025:10:49:32 -0400] "POST /wp-cron.php?doing_wp_cron=1745765372.2751569747924804687500 HTTP/1.1" 200 0 "-" "WordPress/6.8; https://kamrancomputer.com"
57.141.4.19 - - [27/Apr/2025:10:49:29 -0400] "GET /wp-json/wp/v2/posts/17208 HTTP/1.1" 200 20041 "-" "meta-externalagent/1.1 (+https://developers.facebook.com/docs/sharing/webmasters/crawler)"
66.29.132.124 - - [27/Apr/2025:10:49:32 -0400] "POST /wp-admin/admin-ajax.php?action=async_litespeed&nonce=39mXovOdzVh7rQUzqKKFbsWIdqCPWUNZ&litespeed_type=imgoptm HTTP/1.1" 200 0 "-" "WordPress/6.8; https://kamrancomputer.com"
66.29.132.124 - - [27/Apr/2025:10:49:33 -0400] "POST /wp-admin/admin-ajax.php?action=as_async_request_queue_runner&nonce=0eddb498b2 HTTP/1.1" 200 0 "-" "WordPress/6.8; https://kamrancomputer.com"
66.29.132.124 - - [27/Apr/2025:10:54:42 -0400] "POST /wp-cron.php?doing_wp_cron=1745765682.5123651027679443359375 HTTP/1.1" 200 0 "-" "WordPress/6.8; https://kamrancomputer.com"
57.141.4.4 - - [27/Apr/2025:10:54:39 -0400] "GET /wp-json/wp/v2/posts/7962 HTTP/1.1" 200 5524 "-" "meta-externalagent/1.1 (+https://developers.facebook.com/docs/sharing/webmasters/crawler)"
66.29.132.124 - - [27/Apr/2025:10:54:43 -0400] "POST /wp-admin/admin-ajax.php?action=async_litespeed&nonce=1PzTAEukcsgxuCOybeJu4DqKpfEFHRPq&litespeed_type=imgoptm HTTP/1.1" 200 21 "-" "WordPress/6.8; https://kamrancomputer.com"
66.29.132.124 - - [27/Apr/2025:10:55:17 -0400] "POST /wp-cron.php?doing_wp_cron=1745765717.7071700096130371093750 HTTP/1.1" 200 0 "-" "WordPress/6.8; https://kamrancomputer.com"
57.141.4.29 - - [27/Apr/2025:10:55:17 -0400] "GET /wp-json/wp/v2/posts/14778 HTTP/1.1" 200 6439 "-" "meta-externalagent/1.1 (+https://developers.facebook.com/docs/sharing/webmasters/crawler)"
66.29.132.124 - - [27/Apr/2025:10:55:34 -0400] "POST /wp-cron.php?doing_wp_cron=1745765734.4436810016632080078125 HTTP/1.1" 200 0 "-" "WordPress/6.8; https://kamrancomputer.com"
57.141.4.28 - - [27/Apr/2025:10:55:33 -0400] "GET /wp-json/wp/v2/posts/17682 HTTP/1.1" 200 17856 "-" "meta-externalagent/1.1 (+https://developers.facebook.com/docs/sharing/webmasters/crawler)"
66.29.132.124 - - [27/Apr/2025:10:55:34 -0400] "POST /wp-admin/admin-ajax.php?action=async_litespeed&nonce=xLFMzprQ0Ib8dnkP9gDrNc46jcOn4X5I&litespeed_type=imgoptm HTTP/1.1" 200 21 "-" "WordPress/6.8; https://kamrancomputer.com"
66.29.132.124 - - [27/Apr/2025:10:58:31 -0400] "POST /wp-cron.php?doing_wp_cron=1745765911.3364300727844238281250 HTTP/1.1" 200 0 "-" "WordPress/6.8; https://kamrancomputer.com"
57.141.4.23 - - [27/Apr/2025:10:58:26 -0400] "GET /?p=13857 HTTP/1.1" 301 0 "-" "meta-externalagent/1.1 (+https://developers.facebook.com/docs/sharing/webmasters/crawler)"
66.29.132.124 - - [27/Apr/2025:10:58:32 -0400] "POST /wp-admin/admin-ajax.php?action=async_litespeed&nonce=zdcS3WdLTZ7amPHeJ6TzIXqBmBjMSv9b&litespeed_type=imgoptm HTTP/1.1" 200 21 "-" "WordPress/6.8; https://kamrancomputer.com"
66.29.132.124 - - [27/Apr/2025:11:00:46 -0400] "POST /wp-cron.php?doing_wp_cron=1745766046.1492609977722167968750 HTTP/1.1" 200 0 "-" "WordPress/6.8; https://kamrancomputer.com"
182.42.110.255 - - [27/Apr/2025:11:00:42 -0400] "GET / HTTP/1.1" 301 0 "http://www.kamrancomputer.com" "Mozilla/5.0 (iPhone; CPU iPhone OS 13_2_3 like Mac OS X) AppleWebKit/605.1.15 (KHTML, like Gecko) Version/13.0.3 Mobile/15E148 Safari/604.1"
66.29.132.124 - - [27/Apr/2025:11:00:46 -0400] "POST /wp-admin/admin-ajax.php?action=async_litespeed&nonce=MLnnQLRrGbW9iDERymIIP34MOphb33vT&litespeed_type=imgoptm HTTP/1.1" 200 21 "-" "WordPress/6.8; https://kamrancomputer.com"
182.42.110.255 - - [27/Apr/2025:11:00:54 -0400] "GET / HTTP/1.1" 200 37825 "https://www.kamrancomputer.com/" "Mozilla/5.0 (iPhone; CPU iPhone OS 13_2_3 like Mac OS X) AppleWebKit/605.1.15 (KHTML, like Gecko) Version/13.0.3 Mobile/15E148 Safari/604.1"
66.29.132.124 - - [27/Apr/2025:11:00:54 -0400] "POST /wp-cron.php?doing_wp_cron=1745766054.9280400276184082031250 HTTP/1.1" 200 0 "-" "WordPress/6.8; https://kamrancomputer.com"
57.141.4.4 - - [27/Apr/2025:11:00:54 -0400] "GET /wp-json/wp/v2/posts/8657 HTTP/1.1" 200 20882 "-" "meta-externalagent/1.1 (+https://developers.facebook.com/docs/sharing/webmasters/crawler)"
66.29.132.124 - - [27/Apr/2025:11:01:12 -0400] "POST /wp-cron.php?doing_wp_cron=1745766072.6795339584350585937500 HTTP/1.1" 200 0 "-" "WordPress/6.8; https://kamrancomputer.com"
57.141.4.14 - - [27/Apr/2025:11:01:12 -0400] "GET /wp-json/oembed/1.0/embed?url=https%3A%2F%2Fkamrancomputer.com%2F2024%2F10%2F18%2Fpunt-genie%2F HTTP/1.1" 200 2104 "-" "meta-externalagent/1.1 (+https://developers.facebook.com/docs/sharing/webmasters/crawler)"
66.29.132.124 - - [27/Apr/2025:11:02:18 -0400] "POST /wp-cron.php?doing_wp_cron=1745766138.8746600151062011718750 HTTP/1.1" 200 0 "-" "WordPress/6.8; https://kamrancomputer.com"
57.141.4.11 - - [27/Apr/2025:11:02:18 -0400] "GET /wp-json/oembed/1.0/embed?url=https%3A%2F%2Fkamrancomputer.com%2F2024%2F10%2F18%2Fgogo-gold-casino-app-download%2F HTTP/1.1" 200 2199 "-" "meta-externalagent/1.1 (+https://developers.facebook.com/docs/sharing/webmasters/crawler)"
66.29.132.124 - - [27/Apr/2025:11:02:19 -0400] "POST /wp-admin/admin-ajax.php?action=async_litespeed&nonce=BleP5X3IKyozbortErlFsJff4J9pYnpk&litespeed_type=imgoptm HTTP/1.1" 200 21 "-" "WordPress/6.8; https://kamrancomputer.com"
66.29.132.124 - - [27/Apr/2025:11:06:14 -0400] "POST /wp-cron.php?doing_wp_cron=1745766374.5710029602050781250000 HTTP/1.1" 200 0 "-" "WordPress/6.8; https://kamrancomputer.com"
57.141.4.6 - - [27/Apr/2025:11:06:11 -0400] "GET /wp-json/wp/v2/posts/8533 HTTP/1.1" 200 16859 "-" "meta-externalagent/1.1 (+https://developers.facebook.com/docs/sharing/webmasters/crawler)"
66.29.132.124 - - [27/Apr/2025:11:06:15 -0400] "POST /wp-admin/admin-ajax.php?action=async_litespeed&nonce=uNz5RMOyUtsfzcR2CLPLt3UOUo1ZEsj1&litespeed_type=imgoptm HTTP/1.1" 200 0 "-" "WordPress/6.8; https://kamrancomputer.com"
66.29.132.124 - - [27/Apr/2025:11:06:15 -0400] "POST /wp-admin/admin-ajax.php?action=as_async_request_queue_runner&nonce=0eddb498b2 HTTP/1.1" 200 0 "-" "WordPress/6.8; https://kamrancomputer.com"
66.29.132.124 - - [27/Apr/2025:11:14:05 -0400] "POST /wp-cron.php?doing_wp_cron=1745766845.9604289531707763671875 HTTP/1.1" 200 0 "-" "WordPress/6.8; https://kamrancomputer.com"
57.141.4.27 - - [27/Apr/2025:11:14:00 -0400] "GET /wp-json/wp/v2/posts/13269 HTTP/1.1" 200 5565 "-" "meta-externalagent/1.1 (+https://developers.facebook.com/docs/sharing/webmasters/crawler)"
66.29.132.124 - - [27/Apr/2025:11:14:06 -0400] "POST /wp-admin/admin-ajax.php?action=async_litespeed&nonce=XMi2xCDiS9siC7a0eqi0UoxdBiPr64PS&litespeed_type=imgoptm HTTP/1.1" 200 0 "-" "WordPress/6.8; https://kamrancomputer.com"
66.29.132.124 - - [27/Apr/2025:11:14:07 -0400] "POST /wp-admin/admin-ajax.php?action=as_async_request_queue_runner&nonce=0eddb498b2 HTTP/1.1" 200 0 "-" "WordPress/6.8; https://kamrancomputer.com"
66.29.132.124 - - [27/Apr/2025:11:19:22 -0400] "POST /wp-cron.php?doing_wp_cron=1745767162.4542069435119628906250 HTTP/1.1" 200 0 "-" "WordPress/6.8; https://kamrancomputer.com"
57.141.4.28 - - [27/Apr/2025:11:19:19 -0400] "GET /wp-json/wp/v2/posts/13706 HTTP/1.1" 200 16567 "-" "meta-externalagent/1.1 (+https://developers.facebook.com/docs/sharing/webmasters/crawler)"
66.29.132.124 - - [27/Apr/2025:11:19:23 -0400] "POST /wp-admin/admin-ajax.php?action=async_litespeed&nonce=vHSNwT0HpiPDt0wspbAK2jKu4ReSreTk&litespeed_type=imgoptm HTTP/1.1" 200 0 "-" "WordPress/6.8; https://kamrancomputer.com"
66.29.132.124 - - [27/Apr/2025:11:19:23 -0400] "POST /wp-admin/admin-ajax.php?action=as_async_request_queue_runner&nonce=0eddb498b2 HTTP/1.1" 200 0 "-" "WordPress/6.8; https://kamrancomputer.com"
66.29.132.124 - - [27/Apr/2025:11:31:16 -0400] "POST /wp-cron.php?doing_wp_cron=1745767876.6208670139312744140625 HTTP/1.1" 200 0 "-" "WordPress/6.8; https://kamrancomputer.com"
57.141.4.10 - - [27/Apr/2025:11:31:08 -0400] "GET /?p=7448 HTTP/1.1" 301 0 "-" "meta-externalagent/1.1 (+https://developers.facebook.com/docs/sharing/webmasters/crawler)"
66.29.132.124 - - [27/Apr/2025:11:31:17 -0400] "POST /wp-admin/admin-ajax.php?action=async_litespeed&nonce=zdQHqa85dRCbuNGWSbk1GP8mSdKHr9A0&litespeed_type=imgoptm HTTP/1.1" 200 0 "-" "WordPress/6.8; https://kamrancomputer.com"
66.29.132.124 - - [27/Apr/2025:11:31:18 -0400] "POST /wp-admin/admin-ajax.php?action=as_async_request_queue_runner&nonce=0eddb498b2 HTTP/1.1" 200 0 "-" "WordPress/6.8; https://kamrancomputer.com"
69.171.249.115 - - [27/Apr/2025:11:31:50 -0400] "GET /robots.txt HTTP/1.1" 206 1294 "-" "facebookexternalhit/1.1 (+http://www.facebook.com/externalhit_uatext.php)"
66.29.132.124 - - [27/Apr/2025:11:38:09 -0400] "POST /wp-cron.php?doing_wp_cron=1745768289.7527990341186523437500 HTTP/1.1" 200 0 "-" "WordPress/6.8; https://kamrancomputer.com"
66.29.132.124 - - [27/Apr/2025:11:38:10 -0400] "POST /wp-admin/admin-ajax.php?action=async_litespeed&nonce=IPQzZXwL81236fSMRKVHWO04knRWtrxd&litespeed_type=imgoptm HTTP/1.1" 200 0 "-" "WordPress/6.8; https://kamrancomputer.com"
57.141.4.5 - - [27/Apr/2025:11:38:01 -0400] "GET /wp-json/oembed/1.0/embed?url=https%3A%2F%2Fkamrancomputer.com%2F2024%2F10%2F18%2Fcasino-org%2F HTTP/1.1" 200 2104 "-" "meta-externalagent/1.1 (+https://developers.facebook.com/docs/sharing/webmasters/crawler)"
66.29.132.124 - - [27/Apr/2025:11:38:11 -0400] "POST /wp-admin/admin-ajax.php?action=as_async_request_queue_runner&nonce=0eddb498b2 HTTP/1.1" 200 0 "-" "WordPress/6.8; https://kamrancomputer.com"
66.29.132.124 - - [27/Apr/2025:11:44:14 -0400] "POST /wp-cron.php?doing_wp_cron=1745768654.7310891151428222656250 HTTP/1.1" 200 0 "-" "WordPress/6.8; https://kamrancomputer.com"
57.141.4.19 - - [27/Apr/2025:11:44:09 -0400] "GET /wp-json/wp/v2/posts/14679 HTTP/1.1" 200 6049 "-" "meta-externalagent/1.1 (+https://developers.facebook.com/docs/sharing/webmasters/crawler)"
66.29.132.124 - - [27/Apr/2025:11:44:15 -0400] "POST /wp-admin/admin-ajax.php?action=async_litespeed&nonce=RKW8b16em5VwMk5syHh3Jk1Yovhy3yw1&litespeed_type=imgoptm HTTP/1.1" 200 0 "-" "WordPress/6.8; https://kamrancomputer.com"
66.29.132.124 - - [27/Apr/2025:11:44:16 -0400] "POST /wp-admin/admin-ajax.php?action=as_async_request_queue_runner&nonce=0eddb498b2 HTTP/1.1" 200 0 "-" "WordPress/6.8; https://kamrancomputer.com"
66.29.132.124 - - [27/Apr/2025:11:45:39 -0400] "POST /wp-cron.php?doing_wp_cron=1745768739.0509550571441650390625 HTTP/1.1" 200 0 "-" "WordPress/6.8; https://kamrancomputer.com"
57.141.4.3 - - [27/Apr/2025:11:45:38 -0400] "GET /wp-json/oembed/1.0/embed?url=https%3A%2F%2Fkamrancomputer.com%2F2024%2F10%2F18%2F2-online-casino%2F HTTP/1.1" 200 2129 "-" "meta-externalagent/1.1 (+https://developers.facebook.com/docs/sharing/webmasters/crawler)"
66.29.132.124 - - [27/Apr/2025:11:45:40 -0400] "POST /wp-admin/admin-ajax.php?action=async_litespeed&nonce=DtG1quh0CmZ2mYYmLVkCZ53eMuCLaBkx&litespeed_type=imgoptm HTTP/1.1" 200 0 "-" "WordPress/6.8; https://kamrancomputer.com"
66.29.132.124 - - [27/Apr/2025:11:51:35 -0400] "POST /wp-cron.php?doing_wp_cron=1745769095.5452098846435546875000 HTTP/1.1" 200 0 "-" "WordPress/6.8; https://kamrancomputer.com"
57.141.4.6 - - [27/Apr/2025:11:51:31 -0400] "GET /wp-json/wp/v2/posts/7485 HTTP/1.1" 200 16329 "-" "meta-externalagent/1.1 (+https://developers.facebook.com/docs/sharing/webmasters/crawler)"
66.29.132.124 - - [27/Apr/2025:11:51:37 -0400] "POST /wp-admin/admin-ajax.php?action=async_litespeed&nonce=Kol4PbKNX6KluN4LRUjoo6wOiiU38xNU&litespeed_type=imgoptm HTTP/1.1" 200 21 "-" "WordPress/6.8; https://kamrancomputer.com"
66.29.132.124 - - [27/Apr/2025:11:52:18 -0400] "POST /wp-cron.php?doing_wp_cron=1745769138.2113831043243408203125 HTTP/1.1" 200 0 "-" "WordPress/6.8; https://kamrancomputer.com"
57.141.4.30 - - [27/Apr/2025:11:52:17 -0400] "GET /wp-json/wp/v2/posts/14653 HTTP/1.1" 200 5662 "-" "meta-externalagent/1.1 (+https://developers.facebook.com/docs/sharing/webmasters/crawler)"
66.29.132.124 - - [27/Apr/2025:12:03:28 -0400] "POST /wp-cron.php?doing_wp_cron=1745769808.7112510204315185546875 HTTP/1.1" 200 0 "-" "WordPress/6.8; https://kamrancomputer.com"
66.29.132.124 - - [27/Apr/2025:12:03:29 -0400] "POST /wp-admin/admin-ajax.php?action=async_litespeed&nonce=PI8dNpK6OxJUSXEMDk8rayyS4j4j0zB8&litespeed_type=imgoptm HTTP/1.1" 200 0 "-" "WordPress/6.8; https://kamrancomputer.com"
57.141.4.11 - - [27/Apr/2025:12:03:13 -0400] "GET /wp-json/oembed/1.0/embed?url=https%3A%2F%2Fkamrancomputer.com%2F2024%2F10%2F18%2Figrovye-avtomaty-million%2F HTTP/1.1" 200 2570 "-" "meta-externalagent/1.1 (+https://developers.facebook.com/docs/sharing/webmasters/crawler)"
57.141.4.3 - - [27/Apr/2025:12:04:54 -0400] "GET /wp-json/oembed/1.0/embed?url=https%3A%2F%2Fkamrancomputer.com%2F2024%2F10%2F18%2Fkazino-korona%2F HTTP/1.1" 200 2335 "-" "meta-externalagent/1.1 (+https://developers.facebook.com/docs/sharing/webmasters/crawler)"
66.29.132.124 - - [27/Apr/2025:12:05:47 -0400] "POST /wp-cron.php?doing_wp_cron=1745769947.6896119117736816406250 HTTP/1.1" 200 0 "-" "WordPress/6.8; https://kamrancomputer.com"
57.141.4.24 - - [27/Apr/2025:12:05:43 -0400] "GET /wp-json/wp/v2/posts/7315 HTTP/1.1" 200 5512 "-" "meta-externalagent/1.1 (+https://developers.facebook.com/docs/sharing/webmasters/crawler)"
66.29.132.124 - - [27/Apr/2025:12:05:48 -0400] "POST /wp-admin/admin-ajax.php?action=async_litespeed&nonce=j2j4GMil4AM10NvotFVcjMyo9Udpb6Jo&litespeed_type=imgoptm HTTP/1.1" 200 21 "-" "WordPress/6.8; https://kamrancomputer.com"
66.29.132.124 - - [27/Apr/2025:12:12:39 -0400] "POST /wp-cron.php?doing_wp_cron=1745770358.9985818862915039062500 HTTP/1.1" 200 0 "-" "WordPress/6.8; https://kamrancomputer.com"
57.141.4.28 - - [27/Apr/2025:12:12:34 -0400] "GET /wp-json/oembed/1.0/embed?url=https%3A%2F%2Fkamrancomputer.com%2F2024%2F10%2F18%2Fgeld-zuruck-online-casino%2F HTTP/1.1" 200 2194 "-" "meta-externalagent/1.1 (+https://developers.facebook.com/docs/sharing/webmasters/crawler)"
66.29.132.124 - - [27/Apr/2025:12:12:40 -0400] "POST /wp-admin/admin-ajax.php?action=async_litespeed&nonce=UetgWigI24L5iQLgWw7fvAxMyfTgNECl&litespeed_type=imgoptm HTTP/1.1" 200 21 "-" "WordPress/6.8; https://kamrancomputer.com"
66.29.132.124 - - [27/Apr/2025:12:17:31 -0400] "POST /wp-cron.php?doing_wp_cron=1745770651.5696558952331542968750 HTTP/1.1" 200 0 "-" "WordPress/6.8; https://kamrancomputer.com"
57.141.4.16 - - [27/Apr/2025:12:17:28 -0400] "GET /wp-json/oembed/1.0/embed?url=https%3A%2F%2Fkamrancomputer.com%2F2024%2F10%2F18%2Fjokerstar-erfahrungen%2F HTTP/1.1" 200 2159 "-" "meta-externalagent/1.1 (+https://developers.facebook.com/docs/sharing/webmasters/crawler)"
66.29.132.124 - - [27/Apr/2025:12:17:32 -0400] "POST /wp-admin/admin-ajax.php?action=async_litespeed&nonce=fUqgqAWxoroHdqcLafB9SYndvf58NIBo&litespeed_type=imgoptm HTTP/1.1" 200 21 "-" "WordPress/6.8; https://kamrancomputer.com"
66.29.132.124 - - [27/Apr/2025:12:25:14 -0400] "POST /wp-cron.php?doing_wp_cron=1745771114.7647850513458251953125 HTTP/1.1" 200 0 "-" "WordPress/6.8; https://kamrancomputer.com"
57.141.4.27 - - [27/Apr/2025:12:25:02 -0400] "GET /wp-json/wp/v2/posts/7452 HTTP/1.1" 200 7185 "-" "meta-externalagent/1.1 (+https://developers.facebook.com/docs/sharing/webmasters/crawler)"
66.29.132.124 - - [27/Apr/2025:12:25:15 -0400] "POST /wp-admin/admin-ajax.php?action=async_litespeed&nonce=UZhhQhKfaCWvJvlPaFIusvB2bTg99L3J&litespeed_type=imgoptm HTTP/1.1" 200 21 "-" "WordPress/6.8; https://kamrancomputer.com"
57.141.4.3 - - [27/Apr/2025:12:44:40 -0400] "GET /wp-json/oembed/1.0/embed?url=https%3A%2F%2Fkamrancomputer.com%2F2024%2F10%2F18%2Fum-geld-spielen%2F HTTP/1.1" 200 2129 "-" "meta-externalagent/1.1 (+https://developers.facebook.com/docs/sharing/webmasters/crawler)"
212.34.141.234 - - [27/Apr/2025:12:45:14 -0400] "GET /product/mini-wireless-keyboard-tv-box/ HTTP/1.0" 200 126910 "https://kamrancomputer.com/product/mini-wireless-keyboard-tv-box/" "Mozilla/5.0 (Windows NT 10.0; Win64; x64) AppleWebKit/537.36 (KHTML, like Gecko) Chrome/131.0.0.0 Safari/537.36"
66.29.132.124 - - [27/Apr/2025:12:45:36 -0400] "POST /wp-cron.php?doing_wp_cron=1745772335.8941109180450439453125 HTTP/1.1" 200 0 "-" "WordPress/6.8; https://kamrancomputer.com"
66.29.132.124 - - [27/Apr/2025:12:45:37 -0400] "POST /wp-admin/admin-ajax.php?action=async_litespeed&nonce=2TCyS9nsLGUidr1k9TNW0BY26RWgSFu4&litespeed_type=imgoptm HTTP/1.1" 200 0 "-" "WordPress/6.8; https://kamrancomputer.com"
66.29.132.124 - - [27/Apr/2025:12:45:38 -0400] "GET /wp-json/jetpack/v4/sync/spawn-sync?time=1745772338&request_lock_id=1745772337.9618 HTTP/1.1" 200 0 "-" "WordPress/6.8; https://kamrancomputer.com"
212.34.141.234 - - [27/Apr/2025:12:45:15 -0400] "POST /wp-comments-post.php HTTP/1.0" 302 0 "https://kamrancomputer.com/product/mini-wireless-keyboard-tv-box/" "Mozilla/5.0 (Windows NT 10.0; Win64; x64) AppleWebKit/537.36 (KHTML, like Gecko) Chrome/131.0.0.0 Safari/537.36"
66.29.132.124 - - [27/Apr/2025:12:45:39 -0400] "GET /wp-json/jetpack/v4/sync/spawn-sync?time=1745772339&request_lock_id=1745772339.3313 HTTP/1.1" 200 37 "-" "WordPress/6.8; https://kamrancomputer.com"
212.34.141.234 - - [27/Apr/2025:12:45:40 -0400] "GET /product/mini-wireless-keyboard-tv-box/ HTTP/1.0" 200 128059 "https://kamrancomputer.com/product/mini-wireless-keyboard-tv-box/#comment-387" "Mozilla/5.0 (Windows NT 10.0; Win64; x64) AppleWebKit/537.36 (KHTML, like Gecko) Chrome/131.0.0.0 Safari/537.36"
66.29.132.124 - - [27/Apr/2025:12:46:33 -0400] "POST /wp-cron.php?doing_wp_cron=1745772393.9256839752197265625000 HTTP/1.1" 200 0 "-" "WordPress/6.8; https://kamrancomputer.com"
66.29.132.124 - - [27/Apr/2025:12:46:34 -0400] "POST /wp-admin/admin-ajax.php?action=async_litespeed&nonce=zdP0gAwWn5cNSsIyfTgWckIxusD0Q78u&litespeed_type=imgoptm HTTP/1.1" 200 21 "-" "WordPress/6.8; https://kamrancomputer.com"
57.141.4.3 - - [27/Apr/2025:12:46:33 -0400] "GET /wp-json/oembed/1.0/embed?url=https%3A%2F%2Fkamrancomputer.com%2F2024%2F10%2F18%2Fbetuscasino%2F HTTP/1.1" 200 2109 "-" "meta-externalagent/1.1 (+https://developers.facebook.com/docs/sharing/webmasters/crawler)"
192.0.89.217 - - [27/Apr/2025:12:46:46 -0400] "GET /feed/ HTTP/1.1" 304 0 "-" "wp.com feedbot/1.0 (+https://wp.com)"
66.29.132.124 - - [27/Apr/2025:12:49:54 -0400] "POST /wp-cron.php?doing_wp_cron=1745772594.5860540866851806640625 HTTP/1.1" 200 0 "-" "WordPress/6.8; https://kamrancomputer.com"
57.141.4.23 - - [27/Apr/2025:12:49:51 -0400] "GET /wp-json/oembed/1.0/embed?url=https%3A%2F%2Fkamrancomputer.com%2F2024%2F10%2F18%2Fnew-us-online-casino%2F HTTP/1.1" 200 2154 "-" "meta-externalagent/1.1 (+https://developers.facebook.com/docs/sharing/webmasters/crawler)"
66.29.132.124 - - [27/Apr/2025:12:49:55 -0400] "POST /wp-admin/admin-ajax.php?action=async_litespeed&nonce=sJYSQUCXxf7jFL9XkvamHvWNCHO64D5w&litespeed_type=imgoptm HTTP/1.1" 200 21 "-" "WordPress/6.8; https://kamrancomputer.com"
20.15.133.174 - - [27/Apr/2025:12:51:30 -0400] "GET /2024/10/19/bovada-online-icu/ HTTP/1.1" 200 20321 "-" "Mozilla/5.0 AppleWebKit/537.36 (KHTML, like Gecko; compatible; bingbot/2.0; +http://www.bing.com/bingbot.htm) Chrome/116.0.1938.76 Safari/537.36"
47.238.13.9 - - [27/Apr/2025:12:52:32 -0400] "GET /cart/?add-to-cart=355 HTTP/1.1" 302 0 "-" "Mozilla/5.0 (Macintosh; Intel Mac OS X 10_15_7) AppleWebKit/537.36 (KHTML, like Gecko) Chrome/109.0.0.0 Safari/537.36"
66.29.132.124 - - [27/Apr/2025:12:52:36 -0400] "POST /wp-cron.php?doing_wp_cron=1745772756.8512730598449707031250 HTTP/1.1" 200 0 "-" "WordPress/6.8; https://kamrancomputer.com"
47.238.13.9 - - [27/Apr/2025:12:52:36 -0400] "GET /cart/ HTTP/1.1" 200 86715 "https://kamrancomputer.com/cart/?add-to-cart=355" "Mozilla/5.0 (Macintosh; Intel Mac OS X 10_15_7) AppleWebKit/537.36 (KHTML, like Gecko) Chrome/109.0.0.0 Safari/537.36"
66.29.132.124 - - [27/Apr/2025:12:52:37 -0400] "POST /wp-admin/admin-ajax.php?action=async_litespeed&nonce=NRoNV3PH2I2Viuv2jZfwMkFWX5eV1X36&litespeed_type=imgoptm HTTP/1.1" 200 0 "-" "WordPress/6.8; https://kamrancomputer.com"
66.29.132.124 - - [27/Apr/2025:12:52:38 -0400] "POST /wp-admin/admin-ajax.php?action=as_async_request_queue_runner&nonce=0eddb498b2 HTTP/1.1" 200 0 "-" "WordPress/6.8; https://kamrancomputer.com"
66.29.132.124 - - [27/Apr/2025:12:53:34 -0400] "POST /wp-cron.php?doing_wp_cron=1745772814.2495698928833007812500 HTTP/1.1" 200 0 "-" "WordPress/6.8; https://kamrancomputer.com"
57.141.4.1 - - [27/Apr/2025:12:53:33 -0400] "GET /wp-json/oembed/1.0/embed?url=https%3A%2F%2Fkamrancomputer.com%2F2024%2F10%2F18%2Fbet-888%2F HTTP/1.1" 200 2089 "-" "meta-externalagent/1.1 (+https://developers.facebook.com/docs/sharing/webmasters/crawler)"
66.29.132.124 - - [27/Apr/2025:12:53:34 -0400] "POST /wp-admin/admin-ajax.php?action=async_litespeed&nonce=BBt6jwzUVUHF3wu08KZDlj88iLtpknGD&litespeed_type=imgoptm HTTP/1.1" 200 21 "-" "WordPress/6.8; https://kamrancomputer.com"
66.29.132.124 - - [27/Apr/2025:12:53:53 -0400] "POST /wp-cron.php?doing_wp_cron=1745772833.2692599296569824218750 HTTP/1.1" 200 0 "-" "WordPress/6.8; https://kamrancomputer.com"
57.141.4.17 - - [27/Apr/2025:12:53:52 -0400] "GET /wp-json/wp/v2/posts/15545 HTTP/1.1" 200 6108 "-" "meta-externalagent/1.1 (+https://developers.facebook.com/docs/sharing/webmasters/crawler)"
213.136.76.172 - - [27/Apr/2025:12:56:03 -0400] "GET /wp-includes/ HTTP/1.1" 403 1242 "www.google.com" "Mozlila/5.0 (Linux; Android 7.0; SM-G892A Bulid/NRD90M; wv) AppleWebKit/537.36 (KHTML, like Gecko) Version/4.0 Chrome/60.0.3112.107 Moblie Safari/537.36"
213.136.76.172 - - [27/Apr/2025:12:56:03 -0400] "GET /wp-admin/maint/ HTTP/1.1" 403 1242 "www.google.com" "Mozlila/5.0 (Linux; Android 7.0; SM-G892A Bulid/NRD90M; wv) AppleWebKit/537.36 (KHTML, like Gecko) Version/4.0 Chrome/60.0.3112.107 Moblie Safari/537.36"
213.136.76.172 - - [27/Apr/2025:12:56:04 -0400] "GET /wp-admin/includes/ HTTP/1.1" 403 1242 "www.google.com" "Mozlila/5.0 (Linux; Android 7.0; SM-G892A Bulid/NRD90M; wv) AppleWebKit/537.36 (KHTML, like Gecko) Version/4.0 Chrome/60.0.3112.107 Moblie Safari/537.36"
66.29.132.124 - - [27/Apr/2025:12:56:35 -0400] "POST /wp-cron.php?doing_wp_cron=1745772995.4864399433135986328125 HTTP/1.1" 200 0 "-" "WordPress/6.8; https://kamrancomputer.com"
57.141.4.3 - - [27/Apr/2025:12:56:32 -0400] "GET /wp-json/wp/v2/posts/14736 HTTP/1.1" 200 5617 "-" "meta-externalagent/1.1 (+https://developers.facebook.com/docs/sharing/webmasters/crawler)"
66.29.132.124 - - [27/Apr/2025:12:56:36 -0400] "POST /wp-admin/admin-ajax.php?action=async_litespeed&nonce=gcIXNtDweNyvZ1Boqar5qacNacvanB8N&litespeed_type=imgoptm HTTP/1.1" 200 0 "-" "WordPress/6.8; https://kamrancomputer.com"
66.29.132.124 - - [27/Apr/2025:12:56:37 -0400] "POST /wp-admin/admin-ajax.php?action=as_async_request_queue_runner&nonce=0eddb498b2 HTTP/1.1" 200 0 "-" "WordPress/6.8; https://kamrancomputer.com"
66.29.132.124 - - [27/Apr/2025:13:03:03 -0400] "POST /wp-cron.php?doing_wp_cron=1745773383.6135199069976806640625 HTTP/1.1" 200 0 "-" "WordPress/6.8; https://kamrancomputer.com"
57.141.4.20 - - [27/Apr/2025:13:03:00 -0400] "GET /wp-json/oembed/1.0/embed?url=https%3A%2F%2Fkamrancomputer.com%2F2024%2F10%2F18%2Fmgm-bet-ontario%2F HTTP/1.1" 200 2129 "-" "meta-externalagent/1.1 (+https://developers.facebook.com/docs/sharing/webmasters/crawler)"
66.29.132.124 - - [27/Apr/2025:13:03:05 -0400] "POST /wp-admin/admin-ajax.php?action=async_litespeed&nonce=9uOIFBe1xcN8RpcCDhM0roUQqnrNkZ9a&litespeed_type=imgoptm HTTP/1.1" 200 21 "-" "WordPress/6.8; https://kamrancomputer.com"
66.29.132.124 - - [27/Apr/2025:13:14:36 -0400] "POST /wp-cron.php?doing_wp_cron=1745774076.7755010128021240234375 HTTP/1.1" 200 0 "-" "WordPress/6.8; https://kamrancomputer.com"
66.29.132.124 - - [27/Apr/2025:13:14:37 -0400] "POST /wp-admin/admin-ajax.php?action=async_litespeed&nonce=079MQ16rwGdPUz5arx7cDeI7MSQPlKg6&litespeed_type=imgoptm HTTP/1.1" 200 0 "-" "WordPress/6.8; https://kamrancomputer.com"
57.141.4.28 - - [27/Apr/2025:13:14:27 -0400] "GET /wp-json/oembed/1.0/embed?url=https%3A%2F%2Fkamrancomputer.com%2F2024%2F10%2F18%2Fojo-ca%2F HTTP/1.1" 200 2084 "-" "meta-externalagent/1.1 (+https://developers.facebook.com/docs/sharing/webmasters/crawler)"
66.29.132.124 - - [27/Apr/2025:13:14:38 -0400] "POST /wp-admin/admin-ajax.php?action=as_async_request_queue_runner&nonce=0eddb498b2 HTTP/1.1" 200 0 "-" "WordPress/6.8; https://kamrancomputer.com"
57.141.4.10 - - [27/Apr/2025:13:15:06 -0400] "GET /?p=8241 HTTP/1.1" 301 0 "-" "meta-externalagent/1.1 (+https://developers.facebook.com/docs/sharing/webmasters/crawler)"
66.29.132.124 - - [27/Apr/2025:13:15:10 -0400] "POST /wp-cron.php?doing_wp_cron=1745774108.1269741058349609375000 HTTP/1.1" 200 0 "-" "WordPress/6.8; https://kamrancomputer.com"
66.29.132.124 - - [27/Apr/2025:13:22:59 -0400] "POST /wp-cron.php?doing_wp_cron=1745774579.7813758850097656250000 HTTP/1.1" 200 0 "-" "WordPress/6.8; https://kamrancomputer.com"
57.141.4.28 - - [27/Apr/2025:13:22:50 -0400] "GET /wp-json/oembed/1.0/embed?url=https%3A%2F%2Fkamrancomputer.com%2F2024%2F10%2F18%2Fparty-casino-app%2F HTTP/1.1" 200 2134 "-" "meta-externalagent/1.1 (+https://developers.facebook.com/docs/sharing/webmasters/crawler)"
66.29.132.124 - - [27/Apr/2025:13:23:00 -0400] "POST /wp-admin/admin-ajax.php?action=async_litespeed&nonce=QkYYnwYBLlEq0hSsnYwlZvkB0JDTOyRA&litespeed_type=imgoptm HTTP/1.1" 200 21 "-" "WordPress/6.8; https://kamrancomputer.com"
69.171.231.114 - - [27/Apr/2025:13:23:41 -0400] "GET /robots.txt HTTP/1.1" 206 1294 "-" "facebookexternalhit/1.1 (+http://www.facebook.com/externalhit_uatext.php)"
66.29.132.124 - - [27/Apr/2025:13:23:42 -0400] "POST /wp-cron.php?doing_wp_cron=1745774622.5829730033874511718750 HTTP/1.1" 200 0 "-" "WordPress/6.8; https://kamrancomputer.com"
57.141.4.5 - - [27/Apr/2025:13:23:42 -0400] "GET /?p=8469 HTTP/1.1" 301 0 "-" "meta-externalagent/1.1 (+https://developers.facebook.com/docs/sharing/webmasters/crawler)"
