OwlCyberSecurity - MANAGER
Edit File: kamrancomputer.com.arsn.media-ssl_log
66.29.132.124 - - [27/Apr/2025:03:41:19 -0400] "POST /wp-cron.php?doing_wp_cron=1745739679.6857519149780273437500 HTTP/1.1" 200 0 "-" "WordPress/6.8; https://kamrancomputer.com"
57.141.4.17 - - [27/Apr/2025:03:41:13 -0400] "GET /?p=6990 HTTP/1.1" 301 0 "-" "meta-externalagent/1.1 (+https://developers.facebook.com/docs/sharing/webmasters/crawler)"
66.29.132.124 - - [27/Apr/2025:03:41:21 -0400] "POST /wp-admin/admin-ajax.php?action=async_litespeed&nonce=sEPuWZ2Ju4SbD7Tp5AuVg48K7MiLn0oK&litespeed_type=imgoptm HTTP/1.1" 200 0 "-" "WordPress/6.8; https://kamrancomputer.com"
66.29.132.124 - - [27/Apr/2025:03:42:28 -0400] "POST /wp-cron.php?doing_wp_cron=1745739748.2453980445861816406250 HTTP/1.1" 200 0 "-" "WordPress/6.8; https://kamrancomputer.com"
66.29.132.124 - - [27/Apr/2025:03:42:28 -0400] "POST /wp-admin/admin-ajax.php?action=async_litespeed&nonce=O3OO8acwMdkDOA2qaPuR3pxHj4LPZID1&litespeed_type=imgoptm HTTP/1.1" 200 21 "-" "WordPress/6.8; https://kamrancomputer.com"
57.141.4.3 - - [27/Apr/2025:03:42:27 -0400] "GET /wp-json/wp/v2/posts/8093 HTTP/1.1" 200 5249 "-" "meta-externalagent/1.1 (+https://developers.facebook.com/docs/sharing/webmasters/crawler)"
66.29.132.124 - - [27/Apr/2025:03:48:47 -0400] "POST /wp-cron.php?doing_wp_cron=1745740127.7576930522918701171875 HTTP/1.1" 200 0 "-" "WordPress/6.8; https://kamrancomputer.com"
57.141.4.23 - - [27/Apr/2025:03:48:33 -0400] "GET /wp-json/wp/v2/posts/16733 HTTP/1.1" 200 7146 "-" "meta-externalagent/1.1 (+https://developers.facebook.com/docs/sharing/webmasters/crawler)"
66.29.132.124 - - [27/Apr/2025:03:48:49 -0400] "POST /wp-admin/admin-ajax.php?action=async_litespeed&nonce=ccPKmgIN9EL9u8NbJbHzQwxUnny6Njlf&litespeed_type=imgoptm HTTP/1.1" 200 0 "-" "WordPress/6.8; https://kamrancomputer.com"
66.29.132.124 - - [27/Apr/2025:03:50:59 -0400] "POST /wp-cron.php?doing_wp_cron=1745740259.9668719768524169921875 HTTP/1.1" 200 0 "-" "WordPress/6.8; https://kamrancomputer.com"
104.219.248.2 - - [27/Apr/2025:03:50:55 -0400] "GET /xmlrpc.php HTTP/1.1" 405 46 "http://kamrancomputer.com" "Mozilla/5.0 (Windows NT 10.0; Win64; x64; rv:126.0) Gecko/20100101 Firefox/126.0"
66.29.132.124 - - [27/Apr/2025:03:51:00 -0400] "POST /wp-admin/admin-ajax.php?action=async_litespeed&nonce=JIYzP7UkoLHnc0t85A2bhTLBIugrSeoL&litespeed_type=imgoptm HTTP/1.1" 200 21 "-" "WordPress/6.8; https://kamrancomputer.com"
66.29.132.124 - - [27/Apr/2025:03:54:07 -0400] "POST /wp-cron.php?doing_wp_cron=1745740447.0229210853576660156250 HTTP/1.1" 200 0 "-" "WordPress/6.8; https://kamrancomputer.com"
57.141.4.25 - - [27/Apr/2025:03:54:03 -0400] "GET /wp-json/wp/v2/posts/12095 HTTP/1.1" 200 18810 "-" "meta-externalagent/1.1 (+https://developers.facebook.com/docs/sharing/webmasters/crawler)"
66.29.132.124 - - [27/Apr/2025:03:54:08 -0400] "POST /wp-admin/admin-ajax.php?action=async_litespeed&nonce=gE7aDtMgT420o30AdpmdX2CXomV3E7aY&litespeed_type=imgoptm HTTP/1.1" 200 0 "-" "WordPress/6.8; https://kamrancomputer.com"
66.29.132.124 - - [27/Apr/2025:03:54:50 -0400] "POST /wp-cron.php?doing_wp_cron=1745740489.6911990642547607421875 HTTP/1.1" 200 0 "-" "WordPress/6.8; https://kamrancomputer.com"
66.29.132.124 - - [27/Apr/2025:03:54:52 -0400] "POST /wp-admin/admin-ajax.php?action=async_litespeed&nonce=ooybiYjDocXhIvK4Rdvno0O9YXViZzcT&litespeed_type=imgoptm HTTP/1.1" 200 0 "-" "WordPress/6.8; https://kamrancomputer.com"
66.249.74.39 - - [27/Apr/2025:03:54:44 -0400] "GET /product/universla-hands-free-silverblue/ HTTP/1.1" 200 23358 "-" "Mozilla/5.0 (Linux; Android 6.0.1; Nexus 5X Build/MMB29P) AppleWebKit/537.36 (KHTML, like Gecko) Chrome/135.0.7049.95 Mobile Safari/537.36 (compatible; Googlebot/2.1; +http://www.google.com/bot.html)"
66.29.132.124 - - [27/Apr/2025:04:01:42 -0400] "POST /wp-cron.php?doing_wp_cron=1745740902.9252610206604003906250 HTTP/1.1" 200 0 "-" "WordPress/6.8; https://kamrancomputer.com"
57.141.4.1 - - [27/Apr/2025:04:01:18 -0400] "GET /wp-json/oembed/1.0/embed?url=https%3A%2F%2Fkamrancomputer.com%2F2024%2F10%2F18%2Fonline-polies%2F HTTP/1.1" 200 2119 "-" "meta-externalagent/1.1 (+https://developers.facebook.com/docs/sharing/webmasters/crawler)"
66.29.132.124 - - [27/Apr/2025:04:01:46 -0400] "POST /wp-admin/admin-ajax.php?action=async_litespeed&nonce=p8mz9P2a31wZag2flXcozJCB3Ig2VQbN&litespeed_type=imgoptm HTTP/1.1" 200 0 "-" "WordPress/6.8; https://kamrancomputer.com"
66.29.132.124 - - [27/Apr/2025:04:05:29 -0400] "GET / HTTP/1.1" 200 227596 "-" "Mozilla/5.0 (Windows NT 10.0; Win64; x64; rv:122.0) Gecko/20100101 Firefox/122.0"
66.29.132.124 - - [27/Apr/2025:04:06:37 -0400] "POST /wp-cron.php?doing_wp_cron=1745741197.1345579624176025390625 HTTP/1.1" 200 0 "-" "WordPress/6.8; https://kamrancomputer.com"
57.141.4.19 - - [27/Apr/2025:04:06:21 -0400] "GET /wp-json/oembed/1.0/embed?url=https%3A%2F%2Fkamrancomputer.com%2F2024%2F10%2F18%2Fresorts-casino-nj-online%2F HTTP/1.1" 200 2174 "-" "meta-externalagent/1.1 (+https://developers.facebook.com/docs/sharing/webmasters/crawler)"
66.29.132.124 - - [27/Apr/2025:04:06:39 -0400] "POST /wp-admin/admin-ajax.php?action=async_litespeed&nonce=a4g76tiJAVExRADcjeJnXJymjXYnip93&litespeed_type=imgoptm HTTP/1.1" 200 0 "-" "WordPress/6.8; https://kamrancomputer.com"
66.29.132.124 - - [27/Apr/2025:04:06:58 -0400] "GET / HTTP/1.1" 200 227596 "-" "Softaculous"
66.29.132.124 - - [27/Apr/2025:04:06:58 -0400] "GET / HTTP/1.1" 200 227596 "-" "Mozilla/5.0 (Windows NT 10.0; Win64; x64; rv:122.0) Gecko/20100101 Firefox/122.0"
20.15.133.174 - - [27/Apr/2025:04:08:04 -0400] "GET /2024/10/19/bovada-online-icu/ HTTP/1.1" 200 20321 "-" "Mozilla/5.0 AppleWebKit/537.36 (KHTML, like Gecko; compatible; bingbot/2.0; +http://www.bing.com/bingbot.htm) Chrome/116.0.1938.76 Safari/537.36"
66.29.132.124 - - [27/Apr/2025:04:09:02 -0400] "POST /wp-cron.php?doing_wp_cron=1745741342.7467238903045654296875 HTTP/1.1" 200 0 "-" "WordPress/6.8; https://kamrancomputer.com"
66.29.132.124 - - [27/Apr/2025:04:09:04 -0400] "POST /wp-admin/admin-ajax.php?action=async_litespeed&nonce=HlbvisMfTj34zOhWLFHkuEeGY9PuE1DG&litespeed_type=imgoptm HTTP/1.1" 200 0 "-" "WordPress/6.8; https://kamrancomputer.com"
57.141.4.5 - - [27/Apr/2025:04:08:48 -0400] "GET /wp-json/wp/v2/posts/8005 HTTP/1.1" 200 6474 "-" "meta-externalagent/1.1 (+https://developers.facebook.com/docs/sharing/webmasters/crawler)"
66.29.132.124 - - [27/Apr/2025:04:09:53 -0400] "POST /wp-cron.php?doing_wp_cron=1745741393.7923769950866699218750 HTTP/1.1" 200 0 "-" "WordPress/6.8; https://kamrancomputer.com"
57.141.4.4 - - [27/Apr/2025:04:09:52 -0400] "GET /wp-json/oembed/1.0/embed?url=https%3A%2F%2Fkamrancomputer.com%2F2024%2F10%2F18%2Fonline-casino-live%2F HTTP/1.1" 200 2144 "-" "meta-externalagent/1.1 (+https://developers.facebook.com/docs/sharing/webmasters/crawler)"
66.29.132.124 - - [27/Apr/2025:04:09:54 -0400] "POST /wp-admin/admin-ajax.php?action=async_litespeed&nonce=LxNwEcc5eRu0r7otcPuc551a3wAqPRFg&litespeed_type=imgoptm HTTP/1.1" 200 21 "-" "WordPress/6.8; https://kamrancomputer.com"
66.29.132.124 - - [27/Apr/2025:04:10:47 -0400] "POST /wp-cron.php?doing_wp_cron=1745741447.8651280403137207031250 HTTP/1.1" 200 0 "-" "WordPress/6.8; https://kamrancomputer.com"
198.54.114.18 - - [27/Apr/2025:04:10:47 -0400] "GET /xmlrpc.php HTTP/1.1" 405 46 "http://kamrancomputer.com" "Mozilla/5.0 (Macintosh; Intel Mac OS X 10_15_7) AppleWebKit/537.36 (KHTML, like Gecko) Chrome/126.0.0.0 Safari/537.36"
66.29.132.124 - - [27/Apr/2025:04:10:48 -0400] "POST /wp-admin/admin-ajax.php?action=async_litespeed&nonce=M9yc4F18v559J56NQxdfP6P0kTpdq4NI&litespeed_type=imgoptm HTTP/1.1" 200 21 "-" "WordPress/6.8; https://kamrancomputer.com"
66.29.132.124 - - [27/Apr/2025:04:12:18 -0400] "POST /wp-cron.php?doing_wp_cron=1745741538.3596320152282714843750 HTTP/1.1" 200 0 "-" "WordPress/6.8; https://kamrancomputer.com"
57.141.4.19 - - [27/Apr/2025:04:12:15 -0400] "GET /wp-json/wp/v2/posts/7183 HTTP/1.1" 200 6365 "-" "meta-externalagent/1.1 (+https://developers.facebook.com/docs/sharing/webmasters/crawler)"
66.29.132.124 - - [27/Apr/2025:04:12:19 -0400] "POST /wp-admin/admin-ajax.php?action=async_litespeed&nonce=Yiy40QqUUoZIiXvHO9XzLJKZvnpMyazI&litespeed_type=imgoptm HTTP/1.1" 200 21 "-" "WordPress/6.8; https://kamrancomputer.com"
66.29.132.124 - - [27/Apr/2025:04:12:39 -0400] "POST /wp-cron.php?doing_wp_cron=1745741559.4116840362548828125000 HTTP/1.1" 200 0 "-" "WordPress/6.8; https://kamrancomputer.com"
57.141.4.7 - - [27/Apr/2025:04:12:38 -0400] "GET /wp-json/wp/v2/posts/7497 HTTP/1.1" 200 5811 "-" "meta-externalagent/1.1 (+https://developers.facebook.com/docs/sharing/webmasters/crawler)"
66.29.132.124 - - [27/Apr/2025:04:12:39 -0400] "POST /wp-admin/admin-ajax.php?action=async_litespeed&nonce=vpBZdKHs7jUbkEzOAIllUsrLmdXOVaMz&litespeed_type=imgoptm HTTP/1.1" 200 21 "-" "WordPress/6.8; https://kamrancomputer.com"
66.29.132.124 - - [27/Apr/2025:04:13:01 -0400] "POST /wp-cron.php?doing_wp_cron=1745741581.5586240291595458984375 HTTP/1.1" 200 0 "-" "WordPress/6.8; https://kamrancomputer.com"
57.141.4.22 - - [27/Apr/2025:04:13:00 -0400] "GET /wp-json/oembed/1.0/embed?url=https%3A%2F%2Fkamrancomputer.com%2F2024%2F10%2F18%2Figry-na-realnye-dengi%2F HTTP/1.1" 200 2525 "-" "meta-externalagent/1.1 (+https://developers.facebook.com/docs/sharing/webmasters/crawler)"
66.29.132.124 - - [27/Apr/2025:04:15:24 -0400] "POST /wp-cron.php?doing_wp_cron=1745741724.0084509849548339843750 HTTP/1.1" 200 0 "-" "WordPress/6.8; https://kamrancomputer.com"
66.29.132.124 - - [27/Apr/2025:04:15:25 -0400] "POST /wp-admin/admin-ajax.php?action=async_litespeed&nonce=cJmHrKqj9WOJzrojMxjWQNc8JHMwWUMn&litespeed_type=imgoptm HTTP/1.1" 200 0 "-" "WordPress/6.8; https://kamrancomputer.com"
57.141.4.15 - - [27/Apr/2025:04:15:12 -0400] "GET /wp-json/wp/v2/posts/7050 HTTP/1.1" 200 5794 "-" "meta-externalagent/1.1 (+https://developers.facebook.com/docs/sharing/webmasters/crawler)"
66.29.132.124 - - [27/Apr/2025:04:15:28 -0400] "POST /wp-cron.php?doing_wp_cron=1745741728.9463920593261718750000 HTTP/1.1" 200 0 "-" "WordPress/6.8; https://kamrancomputer.com"
57.141.4.24 - - [27/Apr/2025:04:15:28 -0400] "GET /wp-json/oembed/1.0/embed?url=https%3A%2F%2Fkamrancomputer.com%2F2024%2F10%2F18%2Fkasyna%2F HTTP/1.1" 200 2084 "-" "meta-externalagent/1.1 (+https://developers.facebook.com/docs/sharing/webmasters/crawler)"
66.29.132.124 - - [27/Apr/2025:04:15:30 -0400] "POST /wp-admin/admin-ajax.php?action=async_litespeed&nonce=qEbcNMqVJp8PSS4EpsGcUmYNa3Qyyb6S&litespeed_type=imgoptm HTTP/1.1" 200 0 "-" "WordPress/6.8; https://kamrancomputer.com"
66.29.132.124 - - [27/Apr/2025:04:17:17 -0400] "POST /wp-cron.php?doing_wp_cron=1745741837.2977650165557861328125 HTTP/1.1" 200 0 "-" "WordPress/6.8; https://kamrancomputer.com"
57.141.4.28 - - [27/Apr/2025:04:17:10 -0400] "GET /wp-json/oembed/1.0/embed?url=https%3A%2F%2Fkamrancomputer.com%2F2024%2F10%2F18%2Fcasino-en-vivo-online%2F HTTP/1.1" 200 2159 "-" "meta-externalagent/1.1 (+https://developers.facebook.com/docs/sharing/webmasters/crawler)"
66.29.132.124 - - [27/Apr/2025:04:17:18 -0400] "POST /wp-admin/admin-ajax.php?action=async_litespeed&nonce=hvy3OjIG4D4fCvpSyC1pcKtu0CFbo82M&litespeed_type=imgoptm HTTP/1.1" 200 21 "-" "WordPress/6.8; https://kamrancomputer.com"
66.29.132.124 - - [27/Apr/2025:04:19:20 -0400] "POST /wp-cron.php?doing_wp_cron=1745741960.7350449562072753906250 HTTP/1.1" 200 0 "-" "WordPress/6.8; https://kamrancomputer.com"
57.141.4.29 - - [27/Apr/2025:04:19:16 -0400] "GET /wp-json/oembed/1.0/embed?url=https%3A%2F%2Fkamrancomputer.com%2F2024%2F10%2F18%2Fnewest-australian-online-casinos%2F HTTP/1.1" 200 2214 "-" "meta-externalagent/1.1 (+https://developers.facebook.com/docs/sharing/webmasters/crawler)"
66.29.132.124 - - [27/Apr/2025:04:19:21 -0400] "POST /wp-admin/admin-ajax.php?action=async_litespeed&nonce=cJTHaJQct5gzBPRf9BhcvtdZHdbXdJai&litespeed_type=imgoptm HTTP/1.1" 200 0 "-" "WordPress/6.8; https://kamrancomputer.com"
66.29.132.124 - - [27/Apr/2025:04:19:21 -0400] "POST /wp-admin/admin-ajax.php?action=as_async_request_queue_runner&nonce=623bdeb42d HTTP/1.1" 200 0 "-" "WordPress/6.8; https://kamrancomputer.com"
196.247.160.110 - - [27/Apr/2025:04:22:18 -0400] "GET /contact-us/ HTTP/1.1" 200 21871 "-" "Mozilla/5.0 (X11; Linux i686; rv:114.0) Gecko/20100101 Firefox/114.0"
66.29.132.124 - - [27/Apr/2025:04:22:27 -0400] "POST /wp-cron.php?doing_wp_cron=1745742147.1533060073852539062500 HTTP/1.1" 200 0 "-" "WordPress/6.8; https://kamrancomputer.com"
66.29.132.124 - - [27/Apr/2025:04:22:28 -0400] "POST /wp-admin/admin-ajax.php?action=async_litespeed&nonce=hc97DrM31BZqnseEFT1e5dzKx821yfXO&litespeed_type=imgoptm HTTP/1.1" 200 0 "-" "WordPress/6.8; https://kamrancomputer.com"
196.247.160.110 - - [27/Apr/2025:04:22:18 -0400] "POST /wp-admin/admin-ajax.php HTTP/1.1" 200 79 "https://kamrancomputer.com/contact-us/" "Mozilla/5.0 (X11; Linux i686; rv:114.0) Gecko/20100101 Firefox/114.0"
66.29.132.124 - - [27/Apr/2025:04:22:28 -0400] "POST /wp-admin/admin-ajax.php?action=as_async_request_queue_runner&nonce=623bdeb42d HTTP/1.1" 200 0 "-" "WordPress/6.8; https://kamrancomputer.com"
66.29.132.124 - - [27/Apr/2025:04:26:11 -0400] "POST /wp-cron.php?doing_wp_cron=1745742371.3759510517120361328125 HTTP/1.1" 200 0 "-" "WordPress/6.8; https://kamrancomputer.com"
94.191.43.82 - - [27/Apr/2025:04:25:59 -0400] "GET / HTTP/1.1" 301 0 "http://www.kamrancomputer.com" "Mozilla/5.0 (iPhone; CPU iPhone OS 13_2_3 like Mac OS X) AppleWebKit/605.1.15 (KHTML, like Gecko) Version/13.0.3 Mobile/15E148 Safari/604.1"
57.141.4.23 - - [27/Apr/2025:04:26:06 -0400] "GET /wp-json/wp/v2/posts/15481 HTTP/1.1" 200 6000 "-" "meta-externalagent/1.1 (+https://developers.facebook.com/docs/sharing/webmasters/crawler)"
66.29.132.124 - - [27/Apr/2025:04:26:13 -0400] "POST /wp-admin/admin-ajax.php?action=async_litespeed&nonce=0mfHdpQ9PEi3e1ks2sBlXr0d0axUogKA&litespeed_type=imgoptm HTTP/1.1" 200 0 "-" "WordPress/6.8; https://kamrancomputer.com"
94.191.43.82 - - [27/Apr/2025:04:26:17 -0400] "GET / HTTP/1.1" 200 37825 "https://www.kamrancomputer.com/" "Mozilla/5.0 (iPhone; CPU iPhone OS 13_2_3 like Mac OS X) AppleWebKit/605.1.15 (KHTML, like Gecko) Version/13.0.3 Mobile/15E148 Safari/604.1"
57.141.4.14 - - [27/Apr/2025:04:26:24 -0400] "GET /?p=13077 HTTP/1.1" 301 0 "-" "meta-externalagent/1.1 (+https://developers.facebook.com/docs/sharing/webmasters/crawler)"
66.29.132.124 - - [27/Apr/2025:04:29:36 -0400] "POST /wp-cron.php?doing_wp_cron=1745742576.4526469707489013671875 HTTP/1.1" 200 0 "-" "WordPress/6.8; https://kamrancomputer.com"
66.29.132.124 - - [27/Apr/2025:04:29:38 -0400] "POST /wp-admin/admin-ajax.php?action=async_litespeed&nonce=D8LgaCAqj9Miu5M26NHdBIjeQjuvd09I&litespeed_type=imgoptm HTTP/1.1" 200 0 "-" "WordPress/6.8; https://kamrancomputer.com"
57.141.4.17 - - [27/Apr/2025:04:29:24 -0400] "GET /wp-json/oembed/1.0/embed?url=https%3A%2F%2Fkamrancomputer.com%2F2024%2F10%2F18%2Fonline-casino-deposit-bonus%2F HTTP/1.1" 200 2189 "-" "meta-externalagent/1.1 (+https://developers.facebook.com/docs/sharing/webmasters/crawler)"
66.29.132.124 - - [27/Apr/2025:04:30:24 -0400] "POST /wp-cron.php?doing_wp_cron=1745742624.3114159107208251953125 HTTP/1.1" 200 0 "-" "WordPress/6.8; https://kamrancomputer.com"
57.141.4.20 - - [27/Apr/2025:04:30:22 -0400] "GET /wp-json/wp/v2/posts/17694 HTTP/1.1" 200 16086 "-" "meta-externalagent/1.1 (+https://developers.facebook.com/docs/sharing/webmasters/crawler)"
66.29.132.124 - - [27/Apr/2025:04:30:26 -0400] "POST /wp-admin/admin-ajax.php?action=async_litespeed&nonce=ONpy4I031ZbfFCtMiLS4sigIMVXfFbF7&litespeed_type=imgoptm HTTP/1.1" 200 0 "-" "WordPress/6.8; https://kamrancomputer.com"
66.29.132.124 - - [27/Apr/2025:04:32:22 -0400] "POST /wp-cron.php?doing_wp_cron=1745742742.7172169685363769531250 HTTP/1.1" 200 0 "-" "WordPress/6.8; https://kamrancomputer.com"
57.141.4.3 - - [27/Apr/2025:04:32:13 -0400] "GET /wp-json/oembed/1.0/embed?url=https%3A%2F%2Fkamrancomputer.com%2F2024%2F10%2F18%2Fcrown-casino-chip%2F HTTP/1.1" 200 2139 "-" "meta-externalagent/1.1 (+https://developers.facebook.com/docs/sharing/webmasters/crawler)"
66.29.132.124 - - [27/Apr/2025:04:32:24 -0400] "POST /wp-admin/admin-ajax.php?action=async_litespeed&nonce=rDZPQEdpevejMqu71lk1QtLs3MFAiq2G&litespeed_type=imgoptm HTTP/1.1" 200 21 "-" "WordPress/6.8; https://kamrancomputer.com"
66.29.132.124 - - [27/Apr/2025:04:35:33 -0400] "POST /wp-cron.php?doing_wp_cron=1745742933.4463651180267333984375 HTTP/1.1" 200 0 "-" "WordPress/6.8; https://kamrancomputer.com"
57.141.4.5 - - [27/Apr/2025:04:35:22 -0400] "GET /?p=7339 HTTP/1.1" 301 0 "-" "meta-externalagent/1.1 (+https://developers.facebook.com/docs/sharing/webmasters/crawler)"
66.29.132.124 - - [27/Apr/2025:04:35:34 -0400] "POST /wp-admin/admin-ajax.php?action=async_litespeed&nonce=oCkpR8S6O2OR0RprLrGSCVS7ubdE8WTD&litespeed_type=imgoptm HTTP/1.1" 200 0 "-" "WordPress/6.8; https://kamrancomputer.com"
66.29.132.124 - - [27/Apr/2025:04:37:09 -0400] "POST /wp-cron.php?doing_wp_cron=1745743029.3911240100860595703125 HTTP/1.1" 200 0 "-" "WordPress/6.8; https://kamrancomputer.com"
66.29.141.222 - - [27/Apr/2025:04:37:05 -0400] "GET /xmlrpc.php HTTP/1.1" 405 60 "http://kamrancomputer.com" "Mozilla/5.0 (Macintosh; Intel Mac OS X 14.3) AppleWebKit/614.31.14 (KHTML, like Gecko) Version/17.0.96 Safari/614.31.14"
66.29.132.124 - - [27/Apr/2025:04:37:10 -0400] "POST /wp-admin/admin-ajax.php?action=async_litespeed&nonce=o3KLNlzHKhauFJmW9trlRbTfcSvsxe35&litespeed_type=imgoptm HTTP/1.1" 200 21 "-" "WordPress/6.8; https://kamrancomputer.com"
66.29.132.124 - - [27/Apr/2025:04:42:59 -0400] "POST /wp-cron.php?doing_wp_cron=1745743379.0734789371490478515625 HTTP/1.1" 200 0 "-" "WordPress/6.8; https://kamrancomputer.com"
66.29.132.124 - - [27/Apr/2025:04:42:59 -0400] "POST /wp-cron.php?doing_wp_cron=1745743379.0654139518737792968750 HTTP/1.1" 200 0 "-" "WordPress/6.8; https://kamrancomputer.com"
57.141.4.22 - - [27/Apr/2025:04:42:49 -0400] "GET /wp-json/oembed/1.0/embed?url=https%3A%2F%2Fkamrancomputer.com%2F2024%2F10%2F18%2Fcasino-online-gta-5%2F HTTP/1.1" 200 2149 "-" "meta-externalagent/1.1 (+https://developers.facebook.com/docs/sharing/webmasters/crawler)"
57.141.4.27 - - [27/Apr/2025:04:42:53 -0400] "GET /wp-json/oembed/1.0/embed?url=https%3A%2F%2Fkamrancomputer.com%2F2024%2F10%2F18%2Funibet-au%2F HTTP/1.1" 200 2099 "-" "meta-externalagent/1.1 (+https://developers.facebook.com/docs/sharing/webmasters/crawler)"
66.29.132.124 - - [27/Apr/2025:04:42:59 -0400] "POST /wp-admin/admin-ajax.php?action=async_litespeed&nonce=DrWbVPpcOktE5Tp6hI5wwlJ9Ey5FB063&litespeed_type=imgoptm HTTP/1.1" 200 0 "-" "WordPress/6.8; https://kamrancomputer.com"
66.29.132.124 - - [27/Apr/2025:04:44:30 -0400] "POST /wp-cron.php?doing_wp_cron=1745743470.7386329174041748046875 HTTP/1.1" 200 0 "-" "WordPress/6.8; https://kamrancomputer.com"
57.141.4.3 - - [27/Apr/2025:04:44:27 -0400] "GET /?p=14002 HTTP/1.1" 301 0 "-" "meta-externalagent/1.1 (+https://developers.facebook.com/docs/sharing/webmasters/crawler)"
66.29.132.124 - - [27/Apr/2025:04:44:31 -0400] "POST /wp-admin/admin-ajax.php?action=async_litespeed&nonce=PyUx0ebPkSQ2hbT7DfgeQ7Zt1ZFyMzFh&litespeed_type=imgoptm HTTP/1.1" 200 0 "-" "WordPress/6.8; https://kamrancomputer.com"
57.141.4.14 - - [27/Apr/2025:04:44:35 -0400] "GET /wp-json/wp/v2/posts/16726 HTTP/1.1" 200 19864 "-" "meta-externalagent/1.1 (+https://developers.facebook.com/docs/sharing/webmasters/crawler)"
66.29.132.124 - - [27/Apr/2025:04:47:09 -0400] "POST /wp-cron.php?doing_wp_cron=1745743629.8970611095428466796875 HTTP/1.1" 200 0 "-" "WordPress/6.8; https://kamrancomputer.com"
57.141.4.14 - - [27/Apr/2025:04:47:04 -0400] "GET /wp-json/wp/v2/posts/9764 HTTP/1.1" 200 6032 "-" "meta-externalagent/1.1 (+https://developers.facebook.com/docs/sharing/webmasters/crawler)"
66.29.132.124 - - [27/Apr/2025:04:47:11 -0400] "POST /wp-admin/admin-ajax.php?action=async_litespeed&nonce=YeFbnQWE86y4Zlr2QftRaWciqUKnj2L5&litespeed_type=imgoptm HTTP/1.1" 200 21 "-" "WordPress/6.8; https://kamrancomputer.com"
66.29.132.124 - - [27/Apr/2025:04:49:55 -0400] "POST /wp-cron.php?doing_wp_cron=1745743795.0005369186401367187500 HTTP/1.1" 200 0 "-" "WordPress/6.8; https://kamrancomputer.com"
57.141.4.21 - - [27/Apr/2025:04:49:49 -0400] "GET /wp-json/wp/v2/posts/13142 HTTP/1.1" 200 15086 "-" "meta-externalagent/1.1 (+https://developers.facebook.com/docs/sharing/webmasters/crawler)"
66.29.132.124 - - [27/Apr/2025:04:49:55 -0400] "POST /wp-admin/admin-ajax.php?action=async_litespeed&nonce=mARi7ujyk9371nOh8Ydo1ioOm1bGn5cI&litespeed_type=imgoptm HTTP/1.1" 200 0 "-" "WordPress/6.8; https://kamrancomputer.com"
57.141.4.2 - - [27/Apr/2025:04:50:08 -0400] "GET /?p=16451 HTTP/1.1" 301 0 "-" "meta-externalagent/1.1 (+https://developers.facebook.com/docs/sharing/webmasters/crawler)"
66.29.132.124 - - [27/Apr/2025:04:53:25 -0400] "POST /wp-cron.php?doing_wp_cron=1745744005.5779340267181396484375 HTTP/1.1" 200 0 "-" "WordPress/6.8; https://kamrancomputer.com"
57.141.4.10 - - [27/Apr/2025:04:53:17 -0400] "GET /wp-json/oembed/1.0/embed?url=https%3A%2F%2Fkamrancomputer.com%2F2024%2F10%2F18%2Fvulkan-vegas-kazino%2F HTTP/1.1" 200 2455 "-" "meta-externalagent/1.1 (+https://developers.facebook.com/docs/sharing/webmasters/crawler)"
57.141.4.24 - - [27/Apr/2025:04:53:25 -0400] "GET /wp-json/wp/v2/posts/6833 HTTP/1.1" 200 5474 "-" "meta-externalagent/1.1 (+https://developers.facebook.com/docs/sharing/webmasters/crawler)"
66.29.132.124 - - [27/Apr/2025:04:53:27 -0400] "POST /wp-admin/admin-ajax.php?action=async_litespeed&nonce=efW7REtDT5jjRKW1EvQ8WjE4WQPOAcvo&litespeed_type=imgoptm HTTP/1.1" 200 0 "-" "WordPress/6.8; https://kamrancomputer.com"
66.29.132.124 - - [27/Apr/2025:04:53:28 -0400] "POST /wp-admin/admin-ajax.php?action=as_async_request_queue_runner&nonce=623bdeb42d HTTP/1.1" 200 0 "-" "WordPress/6.8; https://kamrancomputer.com"
66.29.132.124 - - [27/Apr/2025:04:54:13 -0400] "POST /wp-cron.php?doing_wp_cron=1745744052.9737420082092285156250 HTTP/1.1" 200 0 "-" "WordPress/6.8; https://kamrancomputer.com"
57.141.4.4 - - [27/Apr/2025:04:54:11 -0400] "GET /wp-json/wp/v2/posts/16134 HTTP/1.1" 200 6385 "-" "meta-externalagent/1.1 (+https://developers.facebook.com/docs/sharing/webmasters/crawler)"
66.29.132.124 - - [27/Apr/2025:04:56:20 -0400] "POST /wp-cron.php?doing_wp_cron=1745744180.8699240684509277343750 HTTP/1.1" 200 0 "-" "WordPress/6.8; https://kamrancomputer.com"
57.141.4.15 - - [27/Apr/2025:04:56:09 -0400] "GET /wp-json/oembed/1.0/embed?url=https%3A%2F%2Fkamrancomputer.com%2F2024%2F10%2F18%2Fstars-casino-online-michigan%2F HTTP/1.1" 200 2194 "-" "meta-externalagent/1.1 (+https://developers.facebook.com/docs/sharing/webmasters/crawler)"
66.29.132.124 - - [27/Apr/2025:04:56:21 -0400] "POST /wp-admin/admin-ajax.php?action=async_litespeed&nonce=qEXZhWAikd4lbFR7uR7K4uZREyt7UphM&litespeed_type=imgoptm HTTP/1.1" 200 0 "-" "WordPress/6.8; https://kamrancomputer.com"
84.54.44.30 - - [27/Apr/2025:04:57:21 -0400] "GET /product/mini-wireless-keyboard-tv-box/ HTTP/1.0" 200 126910 "https://kamrancomputer.com/product/mini-wireless-keyboard-tv-box/" "Mozilla/5.0 (Windows NT 10.0; Win64; x64) AppleWebKit/537.36 (KHTML, like Gecko) Chrome/129.0.0.0 Safari/537.36"
66.29.132.124 - - [27/Apr/2025:04:57:29 -0400] "POST /wp-cron.php?doing_wp_cron=1745744249.2877309322357177734375 HTTP/1.1" 200 0 "-" "WordPress/6.8; https://kamrancomputer.com"
66.29.132.124 - - [27/Apr/2025:04:57:31 -0400] "POST /wp-admin/admin-ajax.php?action=async_litespeed&nonce=KrxYEGaDXuUO2XnQrwGjKnG60TnHbPNY&litespeed_type=imgoptm HTTP/1.1" 200 0 "-" "WordPress/6.8; https://kamrancomputer.com"
66.29.132.124 - - [27/Apr/2025:04:57:33 -0400] "GET /wp-json/jetpack/v4/sync/spawn-sync?time=1745744253&request_lock_id=1745744253.0039 HTTP/1.1" 200 0 "-" "WordPress/6.8; https://kamrancomputer.com"
84.54.44.30 - - [27/Apr/2025:04:57:22 -0400] "POST /wp-comments-post.php HTTP/1.0" 302 0 "https://kamrancomputer.com/product/mini-wireless-keyboard-tv-box/" "Mozilla/5.0 (Windows NT 10.0; Win64; x64) AppleWebKit/537.36 (KHTML, like Gecko) Chrome/129.0.0.0 Safari/537.36"
84.54.44.30 - - [27/Apr/2025:04:57:35 -0400] "GET /product/mini-wireless-keyboard-tv-box/ HTTP/1.0" 200 128481 "https://kamrancomputer.com/product/mini-wireless-keyboard-tv-box/#comment-383" "Mozilla/5.0 (Windows NT 10.0; Win64; x64) AppleWebKit/537.36 (KHTML, like Gecko) Chrome/129.0.0.0 Safari/537.36"
192.0.91.147 - - [27/Apr/2025:04:58:42 -0400] "GET /feed/ HTTP/1.1" 304 0 "-" "wp.com feedbot/1.0 (+https://wp.com)"
66.29.132.124 - - [27/Apr/2025:05:00:25 -0400] "POST /wp-cron.php?doing_wp_cron=1745744425.5800089836120605468750 HTTP/1.1" 200 0 "-" "WordPress/6.8; https://kamrancomputer.com"
57.141.4.19 - - [27/Apr/2025:05:00:07 -0400] "GET /wp-json/oembed/1.0/embed?url=https%3A%2F%2Fkamrancomputer.com%2F2024%2F10%2F18%2Fkazino-klub-vulkan%2F HTTP/1.1" 200 2432 "-" "meta-externalagent/1.1 (+https://developers.facebook.com/docs/sharing/webmasters/crawler)"
66.29.132.124 - - [27/Apr/2025:05:00:27 -0400] "POST /wp-admin/admin-ajax.php?action=async_litespeed&nonce=iuV0RKpABVppqXooMWQw6IXhqM2esRlh&litespeed_type=imgoptm HTTP/1.1" 200 0 "-" "WordPress/6.8; https://kamrancomputer.com"
66.29.132.124 - - [27/Apr/2025:05:03:35 -0400] "POST /wp-cron.php?doing_wp_cron=1745744615.3448979854583740234375 HTTP/1.1" 200 0 "-" "WordPress/6.8; https://kamrancomputer.com"
66.29.132.124 - - [27/Apr/2025:05:03:37 -0400] "POST /wp-admin/admin-ajax.php?action=async_litespeed&nonce=DCu8ptJK1DH1GrScRjMgMpJNiIQNKB0B&litespeed_type=imgoptm HTTP/1.1" 200 0 "-" "WordPress/6.8; https://kamrancomputer.com"
57.141.4.22 - - [27/Apr/2025:05:03:23 -0400] "GET /wp-json/wp/v2/posts/17098 HTTP/1.1" 200 5871 "-" "meta-externalagent/1.1 (+https://developers.facebook.com/docs/sharing/webmasters/crawler)"
66.29.132.124 - - [27/Apr/2025:05:09:50 -0400] "POST /wp-cron.php?doing_wp_cron=1745744989.9388549327850341796875 HTTP/1.1" 200 0 "-" "WordPress/6.8; https://kamrancomputer.com"
66.29.132.124 - - [27/Apr/2025:05:09:50 -0400] "POST /wp-cron.php?doing_wp_cron=1745744989.9379661083221435546875 HTTP/1.1" 200 0 "-" "WordPress/6.8; https://kamrancomputer.com"
66.29.153.28 - - [27/Apr/2025:05:09:43 -0400] "GET /xmlrpc.php HTTP/1.1" 405 46 "http://kamrancomputer.com" "Mozilla/5.0 (Macintosh; Intel Mac OS X 10_15_7; rv:127.0) Gecko/20100101 Firefox/127.0"
57.141.4.23 - - [27/Apr/2025:05:09:33 -0400] "GET /wp-json/wp/v2/posts/13603 HTTP/1.1" 200 6535 "-" "meta-externalagent/1.1 (+https://developers.facebook.com/docs/sharing/webmasters/crawler)"
66.29.132.124 - - [27/Apr/2025:05:09:53 -0400] "POST /wp-admin/admin-ajax.php?action=async_litespeed&nonce=H209lql084PmNVDGFfKf6yvonmTl7yAN&litespeed_type=imgoptm HTTP/1.1" 200 0 "-" "WordPress/6.8; https://kamrancomputer.com"
66.29.132.124 - - [27/Apr/2025:05:11:35 -0400] "POST /wp-cron.php?doing_wp_cron=1745745095.4055600166320800781250 HTTP/1.1" 200 0 "-" "WordPress/6.8; https://kamrancomputer.com"
57.141.4.18 - - [27/Apr/2025:05:11:30 -0400] "GET /wp-json/oembed/1.0/embed?url=https%3A%2F%2Fkamrancomputer.com%2F2024%2F10%2F18%2Freal-online-slots-australia%2F HTTP/1.1" 200 2189 "-" "meta-externalagent/1.1 (+https://developers.facebook.com/docs/sharing/webmasters/crawler)"
66.29.132.124 - - [27/Apr/2025:05:11:36 -0400] "POST /wp-admin/admin-ajax.php?action=async_litespeed&nonce=2qs8wo3UQzm9Hl0tlPMoauBrdyeGj5sx&litespeed_type=imgoptm HTTP/1.1" 200 21 "-" "WordPress/6.8; https://kamrancomputer.com"
66.29.132.124 - - [27/Apr/2025:05:12:09 -0400] "POST /wp-cron.php?doing_wp_cron=1745745129.4909191131591796875000 HTTP/1.1" 200 0 "-" "WordPress/6.8; https://kamrancomputer.com"
57.141.4.19 - - [27/Apr/2025:05:12:08 -0400] "GET /wp-json/wp/v2/posts/14628 HTTP/1.1" 200 17021 "-" "meta-externalagent/1.1 (+https://developers.facebook.com/docs/sharing/webmasters/crawler)"
66.29.132.124 - - [27/Apr/2025:05:16:13 -0400] "POST /wp-cron.php?doing_wp_cron=1745745373.9036839008331298828125 HTTP/1.1" 200 0 "-" "WordPress/6.8; https://kamrancomputer.com"
162.0.215.103 - - [27/Apr/2025:05:16:09 -0400] "GET /xmlrpc.php HTTP/1.1" 405 60 "http://kamrancomputer.com" "Mozilla/5.0 (Macintosh; Intel Mac OS X 10_15_7; rv:127.0) Gecko/20100101 Firefox/127.0"
66.29.132.124 - - [27/Apr/2025:05:16:15 -0400] "POST /wp-admin/admin-ajax.php?action=async_litespeed&nonce=r7owQQgsiD0QVlsHGG2N081SPnGKows2&litespeed_type=imgoptm HTTP/1.1" 200 0 "-" "WordPress/6.8; https://kamrancomputer.com"
66.29.132.124 - - [27/Apr/2025:05:16:16 -0400] "POST /wp-admin/admin-ajax.php?action=wp_1_wc_privacy_cleanup&nonce=cfb52283f7 HTTP/1.1" 200 0 "-" "WordPress/6.8; https://kamrancomputer.com"
66.29.132.124 - - [27/Apr/2025:05:17:47 -0400] "POST /wp-cron.php?doing_wp_cron=1745745467.5233678817749023437500 HTTP/1.1" 200 0 "-" "WordPress/6.8; https://kamrancomputer.com"
57.141.4.18 - - [27/Apr/2025:05:17:39 -0400] "GET /wp-json/oembed/1.0/embed?url=https%3A%2F%2Fkamrancomputer.com%2F2024%2F10%2F18%2Fonline-casino-auszahlung-ohne-verifizierung%2F HTTP/1.1" 200 2269 "-" "meta-externalagent/1.1 (+https://developers.facebook.com/docs/sharing/webmasters/crawler)"
66.29.132.124 - - [27/Apr/2025:05:22:52 -0400] "POST /wp-cron.php?doing_wp_cron=1745745772.6686029434204101562500 HTTP/1.1" 200 0 "-" "WordPress/6.8; https://kamrancomputer.com"
57.141.4.16 - - [27/Apr/2025:05:22:48 -0400] "GET /wp-json/oembed/1.0/embed?url=https%3A%2F%2Fkamrancomputer.com%2F2024%2F10%2F18%2Fcasino-quebec%2F HTTP/1.1" 200 2119 "-" "meta-externalagent/1.1 (+https://developers.facebook.com/docs/sharing/webmasters/crawler)"
66.29.132.124 - - [27/Apr/2025:05:22:54 -0400] "POST /wp-admin/admin-ajax.php?action=async_litespeed&nonce=1Uw91LHraEibFE59BCaIT0dOatAtYG9n&litespeed_type=imgoptm HTTP/1.1" 200 0 "-" "WordPress/6.8; https://kamrancomputer.com"
57.141.4.10 - - [27/Apr/2025:05:23:19 -0400] "GET /?p=8113 HTTP/1.1" 301 0 "-" "meta-externalagent/1.1 (+https://developers.facebook.com/docs/sharing/webmasters/crawler)"
66.29.132.124 - - [27/Apr/2025:05:23:53 -0400] "POST /wp-cron.php?doing_wp_cron=1745745833.3282411098480224609375 HTTP/1.1" 200 0 "-" "WordPress/6.8; https://kamrancomputer.com"
57.141.4.20 - - [27/Apr/2025:05:23:52 -0400] "GET /?p=14687 HTTP/1.1" 301 0 "-" "meta-externalagent/1.1 (+https://developers.facebook.com/docs/sharing/webmasters/crawler)"
66.29.132.124 - - [27/Apr/2025:05:23:54 -0400] "POST /wp-admin/admin-ajax.php?action=async_litespeed&nonce=FhjxPIcW33D9xeKfKHGZPOxisTNzRRSS&litespeed_type=imgoptm HTTP/1.1" 200 0 "-" "WordPress/6.8; https://kamrancomputer.com"
66.29.132.124 - - [27/Apr/2025:05:27:35 -0400] "POST /wp-cron.php?doing_wp_cron=1745746055.2180960178375244140625 HTTP/1.1" 200 0 "-" "WordPress/6.8; https://kamrancomputer.com"
57.141.4.30 - - [27/Apr/2025:05:27:21 -0400] "GET /wp-json/wp/v2/posts/7936 HTTP/1.1" 200 17965 "-" "meta-externalagent/1.1 (+https://developers.facebook.com/docs/sharing/webmasters/crawler)"
66.29.132.124 - - [27/Apr/2025:05:27:36 -0400] "POST /wp-admin/admin-ajax.php?action=async_litespeed&nonce=juBdK31tKF79mcnQXfewypNDuBqbKMRk&litespeed_type=imgoptm HTTP/1.1" 200 0 "-" "WordPress/6.8; https://kamrancomputer.com"
66.29.132.124 - - [27/Apr/2025:05:27:36 -0400] "POST /wp-admin/admin-ajax.php?action=as_async_request_queue_runner&nonce=623bdeb42d HTTP/1.1" 200 0 "-" "WordPress/6.8; https://kamrancomputer.com"
66.29.132.124 - - [27/Apr/2025:05:28:14 -0400] "POST /wp-cron.php?doing_wp_cron=1745746094.3504409790039062500000 HTTP/1.1" 200 0 "-" "WordPress/6.8; https://kamrancomputer.com"
57.141.4.13 - - [27/Apr/2025:05:28:13 -0400] "GET /wp-json/wp/v2/posts/12138 HTTP/1.1" 200 6492 "-" "meta-externalagent/1.1 (+https://developers.facebook.com/docs/sharing/webmasters/crawler)"
57.141.4.29 - - [27/Apr/2025:05:28:20 -0400] "GET /wp-json/wp/v2/posts/14261 HTTP/1.1" 200 5973 "-" "meta-externalagent/1.1 (+https://developers.facebook.com/docs/sharing/webmasters/crawler)"
66.29.132.124 - - [27/Apr/2025:05:30:26 -0400] "POST /wp-cron.php?doing_wp_cron=1745746226.8956649303436279296875 HTTP/1.1" 200 0 "-" "WordPress/6.8; https://kamrancomputer.com"
57.141.4.29 - - [27/Apr/2025:05:30:16 -0400] "GET /?p=13580 HTTP/1.1" 301 0 "-" "meta-externalagent/1.1 (+https://developers.facebook.com/docs/sharing/webmasters/crawler)"
66.29.132.124 - - [27/Apr/2025:05:30:27 -0400] "POST /wp-admin/admin-ajax.php?action=async_litespeed&nonce=a4NzFLNosBl2O20h3fPuhQyX3FhNDaui&litespeed_type=imgoptm HTTP/1.1" 200 0 "-" "WordPress/6.8; https://kamrancomputer.com"
66.29.132.124 - - [27/Apr/2025:05:30:28 -0400] "POST /wp-admin/admin-ajax.php?action=as_async_request_queue_runner&nonce=623bdeb42d HTTP/1.1" 200 0 "-" "WordPress/6.8; https://kamrancomputer.com"
66.29.132.124 - - [27/Apr/2025:05:30:54 -0400] "POST /wp-cron.php?doing_wp_cron=1745746254.9227919578552246093750 HTTP/1.1" 200 0 "-" "WordPress/6.8; https://kamrancomputer.com"
57.141.4.22 - - [27/Apr/2025:05:30:54 -0400] "GET /wp-json/wp/v2/posts/7850 HTTP/1.1" 200 8897 "-" "meta-externalagent/1.1 (+https://developers.facebook.com/docs/sharing/webmasters/crawler)"
66.29.132.124 - - [27/Apr/2025:05:31:47 -0400] "POST /wp-cron.php?doing_wp_cron=1745746307.5606479644775390625000 HTTP/1.1" 200 0 "-" "WordPress/6.8; https://kamrancomputer.com"
57.141.4.27 - - [27/Apr/2025:05:31:47 -0400] "GET /?p=13313 HTTP/1.1" 301 0 "-" "meta-externalagent/1.1 (+https://developers.facebook.com/docs/sharing/webmasters/crawler)"
66.29.132.124 - - [27/Apr/2025:05:31:48 -0400] "POST /wp-admin/admin-ajax.php?action=async_litespeed&nonce=2vLZhAhC6MnJXtKjivi2tBk3Q4dLeiEL&litespeed_type=imgoptm HTTP/1.1" 200 21 "-" "WordPress/6.8; https://kamrancomputer.com"
66.29.132.124 - - [27/Apr/2025:05:33:10 -0400] "POST /wp-cron.php?doing_wp_cron=1745746390.1079030036926269531250 HTTP/1.1" 200 0 "-" "WordPress/6.8; https://kamrancomputer.com"
57.141.4.18 - - [27/Apr/2025:05:33:09 -0400] "GET /wp-json/wp/v2/posts/7296 HTTP/1.1" 200 6627 "-" "meta-externalagent/1.1 (+https://developers.facebook.com/docs/sharing/webmasters/crawler)"
66.29.132.124 - - [27/Apr/2025:05:33:10 -0400] "POST /wp-admin/admin-ajax.php?action=async_litespeed&nonce=Yodnp7l8l8hMq7xYbCbalpJjJhLUQp60&litespeed_type=imgoptm HTTP/1.1" 200 21 "-" "WordPress/6.8; https://kamrancomputer.com"
57.141.4.11 - - [27/Apr/2025:05:36:26 -0400] "GET /wp-json/oembed/1.0/embed?url=https%3A%2F%2Fkamrancomputer.com%2F2024%2F10%2F18%2Fpaysafecard-kundenservice%2F HTTP/1.1" 200 2179 "-" "meta-externalagent/1.1 (+https://developers.facebook.com/docs/sharing/webmasters/crawler)"
66.29.132.124 - - [27/Apr/2025:05:37:30 -0400] "POST /wp-cron.php?doing_wp_cron=1745746650.2897799015045166015625 HTTP/1.1" 200 0 "-" "WordPress/6.8; https://kamrancomputer.com"
57.141.4.29 - - [27/Apr/2025:05:37:21 -0400] "GET /?p=7548 HTTP/1.1" 301 0 "-" "meta-externalagent/1.1 (+https://developers.facebook.com/docs/sharing/webmasters/crawler)"
66.29.132.124 - - [27/Apr/2025:05:37:31 -0400] "POST /wp-admin/admin-ajax.php?action=async_litespeed&nonce=UPtvWswO9JUWd1RvAX7Bs22WKXwfSiHX&litespeed_type=imgoptm HTTP/1.1" 200 0 "-" "WordPress/6.8; https://kamrancomputer.com"
66.29.132.124 - - [27/Apr/2025:05:37:31 -0400] "POST /wp-admin/admin-ajax.php?action=as_async_request_queue_runner&nonce=623bdeb42d HTTP/1.1" 200 0 "-" "WordPress/6.8; https://kamrancomputer.com"
66.29.132.124 - - [27/Apr/2025:05:38:16 -0400] "POST /wp-cron.php?doing_wp_cron=1745746696.0561499595642089843750 HTTP/1.1" 200 0 "-" "WordPress/6.8; https://kamrancomputer.com"
57.141.4.6 - - [27/Apr/2025:05:38:15 -0400] "GET /wp-json/oembed/1.0/embed?url=https%3A%2F%2Fkamrancomputer.com%2F2024%2F10%2F18%2Fcasino-casino-bonus%2F HTTP/1.1" 200 2149 "-" "meta-externalagent/1.1 (+https://developers.facebook.com/docs/sharing/webmasters/crawler)"
66.29.132.124 - - [27/Apr/2025:05:38:47 -0400] "POST /wp-cron.php?doing_wp_cron=1745746727.2426099777221679687500 HTTP/1.1" 200 0 "-" "WordPress/6.8; https://kamrancomputer.com"
57.141.4.11 - - [27/Apr/2025:05:38:46 -0400] "GET /wp-json/wp/v2/posts/13612 HTTP/1.1" 200 16389 "-" "meta-externalagent/1.1 (+https://developers.facebook.com/docs/sharing/webmasters/crawler)"
66.29.132.124 - - [27/Apr/2025:05:38:48 -0400] "POST /wp-admin/admin-ajax.php?action=async_litespeed&nonce=972vlBlqAY046wj5ZpAJOGFZNTxnWoRd&litespeed_type=imgoptm HTTP/1.1" 200 21 "-" "WordPress/6.8; https://kamrancomputer.com"
66.29.132.124 - - [27/Apr/2025:05:38:54 -0400] "POST /wp-cron.php?doing_wp_cron=1745746734.0150890350341796875000 HTTP/1.1" 200 0 "-" "WordPress/6.8; https://kamrancomputer.com"
57.141.4.10 - - [27/Apr/2025:05:38:53 -0400] "GET /wp-json/oembed/1.0/embed?url=https%3A%2F%2Fkamrancomputer.com%2F2024%2F10%2F18%2Ftipico-website%2F HTTP/1.1" 200 2124 "-" "meta-externalagent/1.1 (+https://developers.facebook.com/docs/sharing/webmasters/crawler)"
66.29.132.124 - - [27/Apr/2025:05:45:53 -0400] "POST /wp-cron.php?doing_wp_cron=1745747153.2610840797424316406250 HTTP/1.1" 200 0 "-" "WordPress/6.8; https://kamrancomputer.com"
66.29.132.124 - - [27/Apr/2025:05:45:54 -0400] "POST /wp-admin/admin-ajax.php?action=async_litespeed&nonce=Vec0U4LatW7QfSMKrwzD2GroSonVl0nA&litespeed_type=imgoptm HTTP/1.1" 200 0 "-" "WordPress/6.8; https://kamrancomputer.com"
57.141.4.17 - - [27/Apr/2025:05:45:43 -0400] "GET /wp-json/oembed/1.0/embed?url=https%3A%2F%2Fkamrancomputer.com%2F2024%2F10%2F18%2Fonline-live-casino-deutschland%2F HTTP/1.1" 200 2204 "-" "meta-externalagent/1.1 (+https://developers.facebook.com/docs/sharing/webmasters/crawler)"
115.45.42.231 - - [27/Apr/2025:05:46:30 -0400] "GET /robots.txt HTTP/1.1" 200 461 "-" "Mozilla/5.0 (Windows NT 10.0; Win64; x64) AppleWebKit/537.36 (KHTML, like Gecko) Chrome/66.0.3497.159 Safari/537.36 Edge/18.18362"
66.29.132.124 - - [27/Apr/2025:05:46:55 -0400] "POST /wp-cron.php?doing_wp_cron=1745747215.7312729358673095703125 HTTP/1.1" 200 0 "-" "WordPress/6.8; https://kamrancomputer.com"
57.141.4.23 - - [27/Apr/2025:05:46:55 -0400] "GET /wp-json/wp/v2/posts/15398 HTTP/1.1" 200 18093 "-" "meta-externalagent/1.1 (+https://developers.facebook.com/docs/sharing/webmasters/crawler)"
66.29.132.124 - - [27/Apr/2025:05:46:56 -0400] "POST /wp-admin/admin-ajax.php?action=async_litespeed&nonce=J7wA8A0CCM3HCxywSOxHu5hbJpCoL918&litespeed_type=imgoptm HTTP/1.1" 200 21 "-" "WordPress/6.8; https://kamrancomputer.com"
66.29.132.124 - - [27/Apr/2025:05:47:36 -0400] "POST /wp-cron.php?doing_wp_cron=1745747256.8607549667358398437500 HTTP/1.1" 200 0 "-" "WordPress/6.8; https://kamrancomputer.com"
57.141.4.25 - - [27/Apr/2025:05:47:36 -0400] "GET /?p=14159 HTTP/1.1" 301 0 "-" "meta-externalagent/1.1 (+https://developers.facebook.com/docs/sharing/webmasters/crawler)"
66.29.132.124 - - [27/Apr/2025:05:47:37 -0400] "POST /wp-admin/admin-ajax.php?action=async_litespeed&nonce=lGBVd2qhKEYs0VyjG51q9P37i8PRnpLZ&litespeed_type=imgoptm HTTP/1.1" 200 21 "-" "WordPress/6.8; https://kamrancomputer.com"
66.29.132.124 - - [27/Apr/2025:05:50:21 -0400] "POST /wp-cron.php?doing_wp_cron=1745747421.2774779796600341796875 HTTP/1.1" 200 0 "-" "WordPress/6.8; https://kamrancomputer.com"
57.141.4.20 - - [27/Apr/2025:05:50:06 -0400] "GET /wp-json/wp/v2/posts/8485 HTTP/1.1" 200 15538 "-" "meta-externalagent/1.1 (+https://developers.facebook.com/docs/sharing/webmasters/crawler)"
66.29.132.124 - - [27/Apr/2025:05:50:22 -0400] "POST /wp-admin/admin-ajax.php?action=async_litespeed&nonce=DO0lDn36awr3QSVWuNQFaln4fF1Podhy&litespeed_type=imgoptm HTTP/1.1" 200 21 "-" "WordPress/6.8; https://kamrancomputer.com"
66.29.132.124 - - [27/Apr/2025:05:51:37 -0400] "POST /wp-cron.php?doing_wp_cron=1745747497.3642969131469726562500 HTTP/1.1" 200 0 "-" "WordPress/6.8; https://kamrancomputer.com"
57.141.4.15 - - [27/Apr/2025:05:51:36 -0400] "GET /wp-json/wp/v2/posts/7682 HTTP/1.1" 200 6182 "-" "meta-externalagent/1.1 (+https://developers.facebook.com/docs/sharing/webmasters/crawler)"
66.29.132.124 - - [27/Apr/2025:05:51:37 -0400] "POST /wp-admin/admin-ajax.php?action=async_litespeed&nonce=WnukXheBAdN7Am19yGjvswvRk8cSyZQj&litespeed_type=imgoptm HTTP/1.1" 200 21 "-" "WordPress/6.8; https://kamrancomputer.com"
66.29.132.124 - - [27/Apr/2025:05:53:40 -0400] "POST /wp-cron.php?doing_wp_cron=1745747620.2134749889373779296875 HTTP/1.1" 200 0 "-" "WordPress/6.8; https://kamrancomputer.com"
66.29.132.124 - - [27/Apr/2025:05:53:41 -0400] "POST /wp-admin/admin-ajax.php?action=async_litespeed&nonce=PVfbtSsZJan6ZBc9uTI5v2lg23A4tuQR&litespeed_type=imgoptm HTTP/1.1" 200 21 "-" "WordPress/6.8; https://kamrancomputer.com"
57.141.4.5 - - [27/Apr/2025:05:53:31 -0400] "GET /wp-json/oembed/1.0/embed?url=https%3A%2F%2Fkamrancomputer.com%2F2024%2F10%2F18%2Fpirat-casino%2F HTTP/1.1" 200 2114 "-" "meta-externalagent/1.1 (+https://developers.facebook.com/docs/sharing/webmasters/crawler)"
66.29.132.124 - - [27/Apr/2025:05:59:01 -0400] "POST /wp-cron.php?doing_wp_cron=1745747941.1068348884582519531250 HTTP/1.1" 200 0 "-" "WordPress/6.8; https://kamrancomputer.com"
57.141.4.25 - - [27/Apr/2025:05:58:52 -0400] "GET /wp-json/oembed/1.0/embed?url=https%3A%2F%2Fkamrancomputer.com%2F2024%2F10%2F18%2Fjackpot-piraten-de%2F HTTP/1.1" 200 2144 "-" "meta-externalagent/1.1 (+https://developers.facebook.com/docs/sharing/webmasters/crawler)"
66.29.132.124 - - [27/Apr/2025:05:59:02 -0400] "POST /wp-admin/admin-ajax.php?action=async_litespeed&nonce=5pm4M7Vwcra8DKJY9WGjaUOJkhtORHaM&litespeed_type=imgoptm HTTP/1.1" 200 21 "-" "WordPress/6.8; https://kamrancomputer.com"
66.29.132.124 - - [27/Apr/2025:05:59:53 -0400] "POST /wp-cron.php?doing_wp_cron=1745747993.5409328937530517578125 HTTP/1.1" 200 0 "-" "WordPress/6.8; https://kamrancomputer.com"
57.141.4.1 - - [27/Apr/2025:05:59:52 -0400] "GET /wp-json/oembed/1.0/embed?url=https%3A%2F%2Fkamrancomputer.com%2F2024%2F10%2F18%2Fslotpiraten%2F HTTP/1.1" 200 2109 "-" "meta-externalagent/1.1 (+https://developers.facebook.com/docs/sharing/webmasters/crawler)"
66.29.132.124 - - [27/Apr/2025:05:59:54 -0400] "POST /wp-admin/admin-ajax.php?action=async_litespeed&nonce=IgiuXQSX8KqOyTTa5XW85RTen4j9lrgz&litespeed_type=imgoptm HTTP/1.1" 200 21 "-" "WordPress/6.8; https://kamrancomputer.com"
57.141.4.4 - - [27/Apr/2025:06:00:16 -0400] "GET /wp-json/wp/v2/posts/12851 HTTP/1.1" 200 6368 "-" "meta-externalagent/1.1 (+https://developers.facebook.com/docs/sharing/webmasters/crawler)"
66.29.132.124 - - [27/Apr/2025:06:01:09 -0400] "POST /wp-cron.php?doing_wp_cron=1745748069.2803730964660644531250 HTTP/1.1" 200 0 "-" "WordPress/6.8; https://kamrancomputer.com"
57.141.4.19 - - [27/Apr/2025:06:01:07 -0400] "GET /wp-json/wp/v2/posts/7990 HTTP/1.1" 200 17293 "-" "meta-externalagent/1.1 (+https://developers.facebook.com/docs/sharing/webmasters/crawler)"
66.29.132.124 - - [27/Apr/2025:06:01:11 -0400] "POST /wp-admin/admin-ajax.php?action=async_litespeed&nonce=ISI5k47x6KOykGvL9llZCeh86S5OGBi4&litespeed_type=imgoptm HTTP/1.1" 200 0 "-" "WordPress/6.8; https://kamrancomputer.com"
66.29.132.124 - - [27/Apr/2025:06:01:12 -0400] "POST /wp-admin/admin-ajax.php?action=as_async_request_queue_runner&nonce=623bdeb42d HTTP/1.1" 200 0 "-" "WordPress/6.8; https://kamrancomputer.com"
66.29.132.124 - - [27/Apr/2025:06:04:13 -0400] "POST /wp-cron.php?doing_wp_cron=1745748253.2013161182403564453125 HTTP/1.1" 200 0 "-" "WordPress/6.8; https://kamrancomputer.com"
66.29.132.124 - - [27/Apr/2025:06:04:14 -0400] "POST /wp-admin/admin-ajax.php?action=async_litespeed&nonce=RnptkhLcO2Vy92irWKcdVNAyohupKmFj&litespeed_type=imgoptm HTTP/1.1" 200 0 "-" "WordPress/6.8; https://kamrancomputer.com"
57.141.4.2 - - [27/Apr/2025:06:04:01 -0400] "GET /wp-json/oembed/1.0/embed?url=https%3A%2F%2Fkamrancomputer.com%2F2024%2F10%2F18%2Fonline-casinos-in-canada%2F HTTP/1.1" 200 2174 "-" "meta-externalagent/1.1 (+https://developers.facebook.com/docs/sharing/webmasters/crawler)"
66.29.132.124 - - [27/Apr/2025:06:04:38 -0400] "POST /wp-cron.php?doing_wp_cron=1745748278.7482829093933105468750 HTTP/1.1" 200 0 "-" "WordPress/6.8; https://kamrancomputer.com"
57.141.4.14 - - [27/Apr/2025:06:04:37 -0400] "GET /wp-json/oembed/1.0/embed?url=https%3A%2F%2Fkamrancomputer.com%2F2024%2F10%2F18%2Fbook-of-ra-kostenlos-novoline%2F HTTP/1.1" 200 2199 "-" "meta-externalagent/1.1 (+https://developers.facebook.com/docs/sharing/webmasters/crawler)"
66.29.132.124 - - [27/Apr/2025:06:04:39 -0400] "POST /wp-admin/admin-ajax.php?action=async_litespeed&nonce=EzDNm4j4g9snfYsyQL6XkUzyAdEk4sqE&litespeed_type=imgoptm HTTP/1.1" 200 21 "-" "WordPress/6.8; https://kamrancomputer.com"
66.29.132.124 - - [27/Apr/2025:06:05:26 -0400] "POST /wp-cron.php?doing_wp_cron=1745748326.1354899406433105468750 HTTP/1.1" 200 0 "-" "WordPress/6.8; https://kamrancomputer.com"
57.141.4.20 - - [27/Apr/2025:06:05:25 -0400] "GET /wp-json/wp/v2/posts/14192 HTTP/1.1" 200 6686 "-" "meta-externalagent/1.1 (+https://developers.facebook.com/docs/sharing/webmasters/crawler)"
66.29.132.124 - - [27/Apr/2025:06:05:26 -0400] "POST /wp-admin/admin-ajax.php?action=async_litespeed&nonce=Z3d1XYFcsaVvdgzyzsiCeINHtN8JC7BO&litespeed_type=imgoptm HTTP/1.1" 200 21 "-" "WordPress/6.8; https://kamrancomputer.com"
72.14.201.116 - - [27/Apr/2025:06:05:55 -0400] "GET / HTTP/1.1" 200 31207 "https://www.google.com/" "Mozilla/5.0 (Windows NT 10.0; Win64; x64) AppleWebKit/537.36 (KHTML, like Gecko) Chrome/135.0.0.0 Safari/537.36"
66.29.132.124 - - [27/Apr/2025:06:05:56 -0400] "POST /wp-cron.php?doing_wp_cron=1745748356.0922551155090332031250 HTTP/1.1" 200 0 "-" "WordPress/6.8; https://kamrancomputer.com"
66.249.93.225 - - [27/Apr/2025:06:05:55 -0400] "GET /.well-known/traffic-advice HTTP/1.1" 404 21766 "-" "Chrome Privacy Preserving Prefetch Proxy"
202.47.39.0 - - [27/Apr/2025:06:06:00 -0400] "GET /wp-includes/js/mediaelement/wp-mediaelement.min.css?ver=6.8 HTTP/1.1" 200 982 "https://kamrancomputer.com/" "Mozilla/5.0 (Windows NT 10.0; Win64; x64) AppleWebKit/537.36 (KHTML, like Gecko) Chrome/135.0.0.0 Safari/537.36"
202.47.39.0 - - [27/Apr/2025:06:06:00 -0400] "GET /wp-includes/js/mediaelement/mediaelementplayer-legacy.min.css?ver=4.2.17 HTTP/1.1" 200 2394 "https://kamrancomputer.com/" "Mozilla/5.0 (Windows NT 10.0; Win64; x64) AppleWebKit/537.36 (KHTML, like Gecko) Chrome/135.0.0.0 Safari/537.36"
202.47.39.0 - - [27/Apr/2025:06:06:00 -0400] "GET /wp-content/plugins/header-footer-elementor/inc/widgets-css/frontend.css?ver=2.3.0 HTTP/1.1" 200 8133 "https://kamrancomputer.com/" "Mozilla/5.0 (Windows NT 10.0; Win64; x64) AppleWebKit/537.36 (KHTML, like Gecko) Chrome/135.0.0.0 Safari/537.36"
202.47.39.0 - - [27/Apr/2025:06:06:00 -0400] "GET /wp-content/plugins/woocommerce/assets/css/woocommerce.css?ver=9.8.2 HTTP/1.1" 200 10163 "https://kamrancomputer.com/" "Mozilla/5.0 (Windows NT 10.0; Win64; x64) AppleWebKit/537.36 (KHTML, like Gecko) Chrome/135.0.0.0 Safari/537.36"
202.47.39.0 - - [27/Apr/2025:06:06:00 -0400] "GET /wp-content/plugins/woocommerce/assets/css/woocommerce-layout.css?ver=9.8.2 HTTP/1.1" 200 3160 "https://kamrancomputer.com/" "Mozilla/5.0 (Windows NT 10.0; Win64; x64) AppleWebKit/537.36 (KHTML, like Gecko) Chrome/135.0.0.0 Safari/537.36"
202.47.39.0 - - [27/Apr/2025:06:06:01 -0400] "GET /wp-content/plugins/header-footer-elementor/assets/css/header-footer-elementor.css?ver=2.3.0 HTTP/1.1" 200 259 "https://kamrancomputer.com/" "Mozilla/5.0 (Windows NT 10.0; Win64; x64) AppleWebKit/537.36 (KHTML, like Gecko) Chrome/135.0.0.0 Safari/537.36"
202.47.39.0 - - [27/Apr/2025:06:06:01 -0400] "GET /wp-content/plugins/elementor/assets/css/frontend.min.css?ver=3.28.4 HTTP/1.1" 200 6453 "https://kamrancomputer.com/" "Mozilla/5.0 (Windows NT 10.0; Win64; x64) AppleWebKit/537.36 (KHTML, like Gecko) Chrome/135.0.0.0 Safari/537.36"
202.47.39.0 - - [27/Apr/2025:06:06:01 -0400] "GET /wp-content/uploads/elementor/css/post-49.css?ver=1744797737 HTTP/1.1" 200 1666 "https://kamrancomputer.com/" "Mozilla/5.0 (Windows NT 10.0; Win64; x64) AppleWebKit/537.36 (KHTML, like Gecko) Chrome/135.0.0.0 Safari/537.36"
202.47.39.0 - - [27/Apr/2025:06:06:01 -0400] "GET /wp-content/plugins/pro-elements/assets/css/frontend.min.css?ver=3.23.3 HTTP/1.1" 200 43433 "https://kamrancomputer.com/" "Mozilla/5.0 (Windows NT 10.0; Win64; x64) AppleWebKit/537.36 (KHTML, like Gecko) Chrome/135.0.0.0 Safari/537.36"
202.47.39.0 - - [27/Apr/2025:06:06:01 -0400] "GET /wp-content/plugins/elementor/assets/lib/animations/styles/fadeInUp.min.css?ver=3.28.4 HTTP/1.1" 200 130 "https://kamrancomputer.com/" "Mozilla/5.0 (Windows NT 10.0; Win64; x64) AppleWebKit/537.36 (KHTML, like Gecko) Chrome/135.0.0.0 Safari/537.36"
202.47.39.0 - - [27/Apr/2025:06:06:01 -0400] "GET /wp-content/plugins/elementor/assets/css/widget-heading.min.css?ver=3.28.4 HTTP/1.1" 200 154 "https://kamrancomputer.com/" "Mozilla/5.0 (Windows NT 10.0; Win64; x64) AppleWebKit/537.36 (KHTML, like Gecko) Chrome/135.0.0.0 Safari/537.36"
202.47.39.0 - - [27/Apr/2025:06:06:01 -0400] "GET /wp-content/plugins/elementor/assets/lib/animations/styles/zoomIn.min.css?ver=3.28.4 HTTP/1.1" 200 106 "https://kamrancomputer.com/" "Mozilla/5.0 (Windows NT 10.0; Win64; x64) AppleWebKit/537.36 (KHTML, like Gecko) Chrome/135.0.0.0 Safari/537.36"
202.47.39.0 - - [27/Apr/2025:06:06:01 -0400] "GET /wp-content/plugins/elementor/assets/css/widget-image.min.css?ver=3.28.4 HTTP/1.1" 200 254 "https://kamrancomputer.com/" "Mozilla/5.0 (Windows NT 10.0; Win64; x64) AppleWebKit/537.36 (KHTML, like Gecko) Chrome/135.0.0.0 Safari/537.36"
202.47.39.0 - - [27/Apr/2025:06:06:01 -0400] "GET /wp-content/plugins/elementor/assets/lib/animations/styles/bounceInUp.min.css?ver=3.28.4 HTTP/1.1" 200 175 "https://kamrancomputer.com/" "Mozilla/5.0 (Windows NT 10.0; Win64; x64) AppleWebKit/537.36 (KHTML, like Gecko) Chrome/135.0.0.0 Safari/537.36"
202.47.39.0 - - [27/Apr/2025:06:06:01 -0400] "GET /wp-content/plugins/elementor/assets/lib/animations/styles/bounceIn.min.css?ver=3.28.4 HTTP/1.1" 200 186 "https://kamrancomputer.com/" "Mozilla/5.0 (Windows NT 10.0; Win64; x64) AppleWebKit/537.36 (KHTML, like Gecko) Chrome/135.0.0.0 Safari/537.36"
