66.29.132.124 - - [27/Apr/2025:13:23:43 -0400] "POST /wp-admin/admin-ajax.php?action=async_litespeed&nonce=jquTe5EmCWWCwxn9R7yyO51Dul4HkqpC&litespeed_type=imgoptm HTTP/1.1" 200 21 "-" "WordPress/6.8; https://kamrancomputer.com"
173.252.87.3 - - [27/Apr/2025:13:38:33 -0400] "GET /robots.txt HTTP/1.1" 206 1294 "-" "facebookexternalhit/1.1 (+http://www.facebook.com/externalhit_uatext.php)"
66.29.132.124 - - [27/Apr/2025:13:38:46 -0400] "POST /wp-cron.php?doing_wp_cron=1745775526.4034569263458251953125 HTTP/1.1" 200 0 "-" "WordPress/6.8; https://kamrancomputer.com"
66.29.132.124 - - [27/Apr/2025:13:38:47 -0400] "POST /wp-admin/admin-ajax.php?action=async_litespeed&nonce=NdZVri7GlUiaZKdpu4ehL7VMIMUbrgUv&litespeed_type=imgoptm HTTP/1.1" 200 0 "-" "WordPress/6.8; https://kamrancomputer.com"
57.141.4.29 - - [27/Apr/2025:13:38:33 -0400] "GET /wp-json/oembed/1.0/embed?url=https%3A%2F%2Fkamrancomputer.com%2F2024%2F10%2F18%2Fonline-casino-paypal%2F HTTP/1.1" 200 2154 "-" "meta-externalagent/1.1 (+https://developers.facebook.com/docs/sharing/webmasters/crawler)"
66.29.132.124 - - [27/Apr/2025:13:39:08 -0400] "POST /wp-cron.php?doing_wp_cron=1745775548.1615140438079833984375 HTTP/1.1" 200 0 "-" "WordPress/6.8; https://kamrancomputer.com"
57.141.4.30 - - [27/Apr/2025:13:39:07 -0400] "GET /wp-json/wp/v2/product/362 HTTP/1.1" 200 3023 "-" "meta-externalagent/1.1 (+https://developers.facebook.com/docs/sharing/webmasters/crawler)"
4.227.36.30 - - [27/Apr/2025:13:39:13 -0400] "GET /robots.txt HTTP/1.1" 200 402 "-" "Mozilla/5.0 AppleWebKit/537.36 (KHTML, like Gecko; compatible; GPTBot/1.2; +https://openai.com/gptbot)"
20.171.207.125 - - [27/Apr/2025:13:39:13 -0400] "GET /wp-json/wp/v2/posts/6276 HTTP/1.1" 200 18110 "-" "Mozilla/5.0 AppleWebKit/537.36 (KHTML, like Gecko; compatible; GPTBot/1.2; +https://openai.com/gptbot)"
20.171.207.125 - - [27/Apr/2025:13:39:16 -0400] "GET /?p=6276 HTTP/1.1" 301 0 "-" "Mozilla/5.0 AppleWebKit/537.36 (KHTML, like Gecko; compatible; GPTBot/1.2; +https://openai.com/gptbot)"
20.171.207.125 - - [27/Apr/2025:13:39:19 -0400] "GET /2024/10/14/kazino-vulkan-24-onlajn/ HTTP/1.1" 200 22232 "-" "Mozilla/5.0 AppleWebKit/537.36 (KHTML, like Gecko; compatible; GPTBot/1.2; +https://openai.com/gptbot)"
20.171.207.125 - - [27/Apr/2025:13:39:21 -0400] "GET /wp-json/wp/v2/posts/6028 HTTP/1.1" 200 6468 "-" "Mozilla/5.0 AppleWebKit/537.36 (KHTML, like Gecko; compatible; GPTBot/1.2; +https://openai.com/gptbot)"
20.171.207.125 - - [27/Apr/2025:13:39:24 -0400] "GET /?p=6028 HTTP/1.1" 301 0 "-" "Mozilla/5.0 AppleWebKit/537.36 (KHTML, like Gecko; compatible; GPTBot/1.2; +https://openai.com/gptbot)"
66.29.132.124 - - [27/Apr/2025:13:39:26 -0400] "POST /wp-cron.php?doing_wp_cron=1745775566.8466761112213134765625 HTTP/1.1" 200 0 "-" "WordPress/6.8; https://kamrancomputer.com"
20.171.207.125 - - [27/Apr/2025:13:39:26 -0400] "GET /wp-json/wp/v2/posts/23149 HTTP/1.1" 200 6502 "-" "Mozilla/5.0 AppleWebKit/537.36 (KHTML, like Gecko; compatible; GPTBot/1.2; +https://openai.com/gptbot)"
66.29.132.124 - - [27/Apr/2025:13:39:27 -0400] "POST /wp-admin/admin-ajax.php?action=async_litespeed&nonce=ldJtGBkzbgU54dliHy1rXOEVqFbiiqEU&litespeed_type=imgoptm HTTP/1.1" 200 21 "-" "WordPress/6.8; https://kamrancomputer.com"
20.171.207.125 - - [27/Apr/2025:13:39:28 -0400] "GET /?p=23149 HTTP/1.1" 301 0 "-" "Mozilla/5.0 AppleWebKit/537.36 (KHTML, like Gecko; compatible; GPTBot/1.2; +https://openai.com/gptbot)"
20.171.207.125 - - [27/Apr/2025:13:39:29 -0400] "GET /wp-json/elementskit/v1/ HTTP/1.1" 404 114 "-" "Mozilla/5.0 AppleWebKit/537.36 (KHTML, like Gecko; compatible; GPTBot/1.2; +https://openai.com/gptbot)"
20.171.207.125 - - [27/Apr/2025:13:39:31 -0400] "GET /wp-json/oembed/1.0/embed?url=https%3A%2F%2Fkamrancomputer.com%2F2024%2F10%2F14%2Fkazino-vulkan-24-onlajn%2F HTTP/1.1" 200 2493 "-" "Mozilla/5.0 AppleWebKit/537.36 (KHTML, like Gecko; compatible; GPTBot/1.2; +https://openai.com/gptbot)"
20.171.207.125 - - [27/Apr/2025:13:39:32 -0400] "GET /wp-json/oembed/1.0/embed?format=xml&url=https%3A%2F%2Fkamrancomputer.com%2F2024%2F10%2F14%2Fkazino-vulkan-24-onlajn%2F HTTP/1.1" 200 1086 "-" "Mozilla/5.0 AppleWebKit/537.36 (KHTML, like Gecko; compatible; GPTBot/1.2; +https://openai.com/gptbot)"
20.171.207.125 - - [27/Apr/2025:13:39:34 -0400] "GET /2024/10/14/online-mobile-slots/ HTTP/1.1" 200 20585 "-" "Mozilla/5.0 AppleWebKit/537.36 (KHTML, like Gecko; compatible; GPTBot/1.2; +https://openai.com/gptbot)"
20.171.207.125 - - [27/Apr/2025:13:39:35 -0400] "GET /2024/10/19/betus-casino-slots/ HTTP/1.1" 200 20448 "-" "Mozilla/5.0 AppleWebKit/537.36 (KHTML, like Gecko; compatible; GPTBot/1.2; +https://openai.com/gptbot)"
20.171.207.125 - - [27/Apr/2025:13:39:36 -0400] "GET /2024/10/14/kazino-vulkan-24-onlajn/embed/ HTTP/1.1" 200 23075 "-" "Mozilla/5.0 AppleWebKit/537.36 (KHTML, like Gecko; compatible; GPTBot/1.2; +https://openai.com/gptbot)"
20.171.207.125 - - [27/Apr/2025:13:39:37 -0400] "GET /wp-json/elementskit/v1/ HTTP/1.1" 404 114 "-" "Mozilla/5.0 AppleWebKit/537.36 (KHTML, like Gecko; compatible; GPTBot/1.2; +https://openai.com/gptbot)"
20.171.207.125 - - [27/Apr/2025:13:39:39 -0400] "GET /wp-json/oembed/1.0/embed?url=https%3A%2F%2Fkamrancomputer.com%2F2024%2F10%2F14%2Fonline-mobile-slots%2F HTTP/1.1" 200 2149 "-" "Mozilla/5.0 AppleWebKit/537.36 (KHTML, like Gecko; compatible; GPTBot/1.2; +https://openai.com/gptbot)"
20.171.207.125 - - [27/Apr/2025:13:39:40 -0400] "GET /wp-json/oembed/1.0/embed?format=xml&url=https%3A%2F%2Fkamrancomputer.com%2F2024%2F10%2F14%2Fonline-mobile-slots%2F HTTP/1.1" 200 1034 "-" "Mozilla/5.0 AppleWebKit/537.36 (KHTML, like Gecko; compatible; GPTBot/1.2; +https://openai.com/gptbot)"
20.171.207.125 - - [27/Apr/2025:13:39:42 -0400] "GET /wp-json/oembed/1.0/embed?url=https%3A%2F%2Fkamrancomputer.com%2F2024%2F10%2F19%2Fbetus-casino-slots%2F HTTP/1.1" 200 2144 "-" "Mozilla/5.0 AppleWebKit/537.36 (KHTML, like Gecko; compatible; GPTBot/1.2; +https://openai.com/gptbot)"
20.171.207.125 - - [27/Apr/2025:13:39:43 -0400] "GET /wp-json/oembed/1.0/embed?format=xml&url=https%3A%2F%2Fkamrancomputer.com%2F2024%2F10%2F19%2Fbetus-casino-slots%2F HTTP/1.1" 200 1035 "-" "Mozilla/5.0 AppleWebKit/537.36 (KHTML, like Gecko; compatible; GPTBot/1.2; +https://openai.com/gptbot)"
20.171.207.125 - - [27/Apr/2025:13:39:44 -0400] "GET /wp-json/oembed/1.0/embed?format=xml&url=https%3A%2F%2Fkamrancomputer.com%2F2024%2F10%2F19%2Fbetus-casino-slots%2F HTTP/1.1" 200 1035 "-" "Mozilla/5.0 AppleWebKit/537.36 (KHTML, like Gecko; compatible; GPTBot/1.2; +https://openai.com/gptbot)"
20.171.207.125 - - [27/Apr/2025:13:39:46 -0400] "GET /wp-json/oembed/1.0/embed?url=https%3A%2F%2Fkamrancomputer.com%2F2024%2F10%2F19%2Fbetus-casino-slots%2F HTTP/1.1" 200 2144 "-" "Mozilla/5.0 AppleWebKit/537.36 (KHTML, like Gecko; compatible; GPTBot/1.2; +https://openai.com/gptbot)"
20.171.207.125 - - [27/Apr/2025:13:39:48 -0400] "GET /2024/10/14/online-mobile-slots/embed/ HTTP/1.1" 200 22791 "-" "Mozilla/5.0 AppleWebKit/537.36 (KHTML, like Gecko; compatible; GPTBot/1.2; +https://openai.com/gptbot)"
20.171.207.125 - - [27/Apr/2025:13:39:49 -0400] "GET /2024/10/19/betus-casino-slots/embed/ HTTP/1.1" 200 22808 "-" "Mozilla/5.0 AppleWebKit/537.36 (KHTML, like Gecko; compatible; GPTBot/1.2; +https://openai.com/gptbot)"
20.171.207.125 - - [27/Apr/2025:13:39:51 -0400] "GET /wp-json/elementskit/v1/ HTTP/1.1" 404 114 "-" "Mozilla/5.0 AppleWebKit/537.36 (KHTML, like Gecko; compatible; GPTBot/1.2; +https://openai.com/gptbot)"
66.29.132.124 - - [27/Apr/2025:13:40:26 -0400] "POST /wp-cron.php?doing_wp_cron=1745775626.0857830047607421875000 HTTP/1.1" 200 0 "-" "WordPress/6.8; https://kamrancomputer.com"
57.141.4.24 - - [27/Apr/2025:13:40:25 -0400] "GET /?p=7004 HTTP/1.1" 301 0 "-" "meta-externalagent/1.1 (+https://developers.facebook.com/docs/sharing/webmasters/crawler)"
66.29.132.124 - - [27/Apr/2025:13:40:26 -0400] "POST /wp-admin/admin-ajax.php?action=async_litespeed&nonce=FjJ7B3TKjUohmHr3vniOz2B5GoKfSn4C&litespeed_type=imgoptm HTTP/1.1" 200 21 "-" "WordPress/6.8; https://kamrancomputer.com"
66.29.132.124 - - [27/Apr/2025:13:53:36 -0400] "POST /wp-cron.php?doing_wp_cron=1745776415.9550440311431884765625 HTTP/1.1" 200 0 "-" "WordPress/6.8; https://kamrancomputer.com"
66.29.132.124 - - [27/Apr/2025:13:53:38 -0400] "POST /wp-admin/admin-ajax.php?action=async_litespeed&nonce=jDholc7ItUPloPz0OVN9HAbTAlkcLdmd&litespeed_type=imgoptm HTTP/1.1" 200 0 "-" "WordPress/6.8; https://kamrancomputer.com"
20.171.207.125 - - [27/Apr/2025:13:53:13 -0400] "GET /wp-json/wp/v2/posts/14661 HTTP/1.1" 200 6560 "-" "Mozilla/5.0 AppleWebKit/537.36 (KHTML, like Gecko; compatible; GPTBot/1.2; +https://openai.com/gptbot)"
20.171.207.125 - - [27/Apr/2025:13:53:40 -0400] "GET /?p=14661 HTTP/1.1" 301 0 "-" "Mozilla/5.0 AppleWebKit/537.36 (KHTML, like Gecko; compatible; GPTBot/1.2; +https://openai.com/gptbot)"
66.29.132.124 - - [27/Apr/2025:13:54:09 -0400] "POST /wp-cron.php?doing_wp_cron=1745776449.7372739315032958984375 HTTP/1.1" 200 0 "-" "WordPress/6.8; https://kamrancomputer.com"
20.171.207.125 - - [27/Apr/2025:13:54:09 -0400] "GET /2024/10/18/automat-spielen-online/ HTTP/1.1" 200 20693 "-" "Mozilla/5.0 AppleWebKit/537.36 (KHTML, like Gecko; compatible; GPTBot/1.2; +https://openai.com/gptbot)"
20.171.207.125 - - [27/Apr/2025:13:54:35 -0400] "GET /wp-json/elementskit/v1/ HTTP/1.1" 404 114 "-" "Mozilla/5.0 AppleWebKit/537.36 (KHTML, like Gecko; compatible; GPTBot/1.2; +https://openai.com/gptbot)"
65.108.140.102 - - [27/Apr/2025:13:54:53 -0400] "GET /product/mini-wireless-keyboard-tv-box/ HTTP/1.0" 200 126910 "https://kamrancomputer.com/product/mini-wireless-keyboard-tv-box/" "Mozilla/5.0 (Windows NT 10.0; Win64; x64) AppleWebKit/537.36 (KHTML, like Gecko) Chrome/129.0.0.0 Safari/537.36"
66.29.132.124 - - [27/Apr/2025:13:54:55 -0400] "POST /wp-cron.php?doing_wp_cron=1745776495.7363200187683105468750 HTTP/1.1" 200 0 "-" "WordPress/6.8; https://kamrancomputer.com"
66.29.132.124 - - [27/Apr/2025:13:54:56 -0400] "POST /wp-admin/admin-ajax.php?action=async_litespeed&nonce=I9ZNfIRCDfuCVpFaHByRtN5xAmFJzlOY&litespeed_type=imgoptm HTTP/1.1" 200 0 "-" "WordPress/6.8; https://kamrancomputer.com"
66.29.132.124 - - [27/Apr/2025:13:54:56 -0400] "GET /wp-json/jetpack/v4/sync/spawn-sync?time=1745776496&request_lock_id=1745776496.3884 HTTP/1.1" 200 0 "-" "WordPress/6.8; https://kamrancomputer.com"
65.108.140.102 - - [27/Apr/2025:13:54:55 -0400] "POST /wp-comments-post.php HTTP/1.0" 302 0 "https://kamrancomputer.com/product/mini-wireless-keyboard-tv-box/" "Mozilla/5.0 (Windows NT 10.0; Win64; x64) AppleWebKit/537.36 (KHTML, like Gecko) Chrome/129.0.0.0 Safari/537.36"
66.29.132.124 - - [27/Apr/2025:13:54:56 -0400] "POST /wp-admin/admin-ajax.php?action=as_async_request_queue_runner&nonce=0eddb498b2 HTTP/1.1" 200 0 "-" "WordPress/6.8; https://kamrancomputer.com"
65.108.140.102 - - [27/Apr/2025:13:54:58 -0400] "GET /product/mini-wireless-keyboard-tv-box/ HTTP/1.0" 200 128311 "https://kamrancomputer.com/product/mini-wireless-keyboard-tv-box/#comment-388" "Mozilla/5.0 (Windows NT 10.0; Win64; x64) AppleWebKit/537.36 (KHTML, like Gecko) Chrome/129.0.0.0 Safari/537.36"
20.171.207.125 - - [27/Apr/2025:13:54:58 -0400] "GET /wp-json/oembed/1.0/embed?format=xml&url=https%3A%2F%2Fkamrancomputer.com%2F2024%2F10%2F18%2Fautomat-spielen-online%2F HTTP/1.1" 200 1035 "-" "Mozilla/5.0 AppleWebKit/537.36 (KHTML, like Gecko; compatible; GPTBot/1.2; +https://openai.com/gptbot)"
57.141.4.19 - - [27/Apr/2025:13:55:04 -0400] "GET /wp-json/wp/v2/posts/7552 HTTP/1.1" 200 6206 "-" "meta-externalagent/1.1 (+https://developers.facebook.com/docs/sharing/webmasters/crawler)"
57.141.4.29 - - [27/Apr/2025:13:55:16 -0400] "GET /wp-json/oembed/1.0/embed?url=https%3A%2F%2Fkamrancomputer.com%2F2024%2F10%2F18%2Fbetus-casino-app%2F HTTP/1.1" 200 2134 "-" "meta-externalagent/1.1 (+https://developers.facebook.com/docs/sharing/webmasters/crawler)"
20.171.207.125 - - [27/Apr/2025:13:55:22 -0400] "GET /wp-json/oembed/1.0/embed?url=https%3A%2F%2Fkamrancomputer.com%2F2024%2F10%2F18%2Fautomat-spielen-online%2F HTTP/1.1" 200 2164 "-" "Mozilla/5.0 AppleWebKit/537.36 (KHTML, like Gecko; compatible; GPTBot/1.2; +https://openai.com/gptbot)"
66.29.132.124 - - [27/Apr/2025:13:55:44 -0400] "POST /wp-cron.php?doing_wp_cron=1745776544.5169210433959960937500 HTTP/1.1" 200 0 "-" "WordPress/6.8; https://kamrancomputer.com"
20.171.207.125 - - [27/Apr/2025:13:55:43 -0400] "GET /2024/10/18/automat-spielen-online/embed/ HTTP/1.1" 200 22843 "-" "Mozilla/5.0 AppleWebKit/537.36 (KHTML, like Gecko; compatible; GPTBot/1.2; +https://openai.com/gptbot)"
66.29.132.124 - - [27/Apr/2025:13:55:45 -0400] "POST /wp-admin/admin-ajax.php?action=async_litespeed&nonce=T0eXOpvxa2kgoUfQBP2zHZCshpTP0SQy&litespeed_type=imgoptm HTTP/1.1" 200 0 "-" "WordPress/6.8; https://kamrancomputer.com"
20.171.207.125 - - [27/Apr/2025:13:56:01 -0400] "GET /wp-json/elementskit/v1/ HTTP/1.1" 404 114 "-" "Mozilla/5.0 AppleWebKit/537.36 (KHTML, like Gecko; compatible; GPTBot/1.2; +https://openai.com/gptbot)"
192.0.89.215 - - [27/Apr/2025:13:56:06 -0400] "GET /feed/ HTTP/1.1" 304 0 "-" "wp.com feedbot/1.0 (+https://wp.com)"
66.29.132.124 - - [27/Apr/2025:13:57:04 -0400] "POST /wp-cron.php?doing_wp_cron=1745776624.5232920646667480468750 HTTP/1.1" 200 0 "-" "WordPress/6.8; https://kamrancomputer.com"
57.141.4.14 - - [27/Apr/2025:13:57:03 -0400] "GET /wp-json/oembed/1.0/embed?url=https%3A%2F%2Fkamrancomputer.com%2F2024%2F10%2F18%2Fjackpot-slots%2F HTTP/1.1" 200 2119 "-" "meta-externalagent/1.1 (+https://developers.facebook.com/docs/sharing/webmasters/crawler)"
66.29.132.124 - - [27/Apr/2025:13:57:05 -0400] "POST /wp-admin/admin-ajax.php?action=async_litespeed&nonce=eBjbRbO94B983JcumbxtM3gmZ8hSgIWE&litespeed_type=imgoptm HTTP/1.1" 200 0 "-" "WordPress/6.8; https://kamrancomputer.com"
66.29.132.124 - - [27/Apr/2025:13:59:05 -0400] "POST /wp-cron.php?doing_wp_cron=1745776745.3446259498596191406250 HTTP/1.1" 200 0 "-" "WordPress/6.8; https://kamrancomputer.com"
57.141.4.25 - - [27/Apr/2025:13:59:01 -0400] "GET /?p=13152 HTTP/1.1" 301 0 "-" "meta-externalagent/1.1 (+https://developers.facebook.com/docs/sharing/webmasters/crawler)"
66.29.132.124 - - [27/Apr/2025:13:59:06 -0400] "POST /wp-admin/admin-ajax.php?action=async_litespeed&nonce=WpYxgAaJ40O4eicydFcIYHEeWRHaRGAL&litespeed_type=imgoptm HTTP/1.1" 200 0 "-" "WordPress/6.8; https://kamrancomputer.com"
66.29.132.124 - - [27/Apr/2025:14:11:05 -0400] "POST /wp-cron.php?doing_wp_cron=1745777465.6746420860290527343750 HTTP/1.1" 200 0 "-" "WordPress/6.8; https://kamrancomputer.com"
57.141.4.4 - - [27/Apr/2025:14:10:42 -0400] "GET /?p=8322 HTTP/1.1" 301 0 "-" "meta-externalagent/1.1 (+https://developers.facebook.com/docs/sharing/webmasters/crawler)"
66.29.132.124 - - [27/Apr/2025:14:11:07 -0400] "POST /wp-admin/admin-ajax.php?action=async_litespeed&nonce=65QhXvrW34ygqEseDiCvc0EObH3bqAGs&litespeed_type=imgoptm HTTP/1.1" 200 0 "-" "WordPress/6.8; https://kamrancomputer.com"
66.29.132.124 - - [27/Apr/2025:14:11:57 -0400] "POST /wp-cron.php?doing_wp_cron=1745777517.9554209709167480468750 HTTP/1.1" 200 0 "-" "WordPress/6.8; https://kamrancomputer.com"
66.29.132.124 - - [27/Apr/2025:14:11:58 -0400] "POST /wp-admin/admin-ajax.php?action=async_litespeed&nonce=81XBI1oTnt8tF85iZEKesPaPanbeABBe&litespeed_type=imgoptm HTTP/1.1" 200 21 "-" "WordPress/6.8; https://kamrancomputer.com"
57.141.4.6 - - [27/Apr/2025:14:11:57 -0400] "GET /wp-json/oembed/1.0/embed?url=https%3A%2F%2Fkamrancomputer.com%2F2024%2F10%2F18%2Fcasino-pin-up%2F HTTP/1.1" 200 2119 "-" "meta-externalagent/1.1 (+https://developers.facebook.com/docs/sharing/webmasters/crawler)"
66.29.132.124 - - [27/Apr/2025:14:13:06 -0400] "POST /wp-cron.php?doing_wp_cron=1745777586.7093889713287353515625 HTTP/1.1" 200 0 "-" "WordPress/6.8; https://kamrancomputer.com"
57.141.4.14 - - [27/Apr/2025:14:13:06 -0400] "GET /wp-json/wp/v2/posts/16175 HTTP/1.1" 200 5509 "-" "meta-externalagent/1.1 (+https://developers.facebook.com/docs/sharing/webmasters/crawler)"
66.29.132.124 - - [27/Apr/2025:14:13:07 -0400] "POST /wp-admin/admin-ajax.php?action=async_litespeed&nonce=IWAqwED3nI0tGUAPS6HD9K2COjAj8bew&litespeed_type=imgoptm HTTP/1.1" 200 21 "-" "WordPress/6.8; https://kamrancomputer.com"
66.29.132.124 - - [27/Apr/2025:14:13:33 -0400] "POST /wp-cron.php?doing_wp_cron=1745777613.2318730354309082031250 HTTP/1.1" 200 0 "-" "WordPress/6.8; https://kamrancomputer.com"
66.29.132.124 - - [27/Apr/2025:14:13:33 -0400] "POST /wp-admin/admin-ajax.php?action=async_litespeed&nonce=QimsHaMlYWNjHRgTZ0PG6K5z5YYiGQDQ&litespeed_type=imgoptm HTTP/1.1" 200 21 "-" "WordPress/6.8; https://kamrancomputer.com"
66.249.74.39 - - [27/Apr/2025:14:13:32 -0400] "GET /2024/10/14/top-des-casinos/ HTTP/1.1" 200 20697 "-" "Mozilla/5.0 (Linux; Android 6.0.1; Nexus 5X Build/MMB29P) AppleWebKit/537.36 (KHTML, like Gecko) Chrome/135.0.7049.95 Mobile Safari/537.36 (compatible; Googlebot/2.1; +http://www.google.com/bot.html)"
66.249.74.39 - - [27/Apr/2025:14:13:40 -0400] "GET /2024/10/14/betrivers-online-casino-michigan/ HTTP/1.1" 200 20164 "-" "Mozilla/5.0 (Linux; Android 6.0.1; Nexus 5X Build/MMB29P) AppleWebKit/537.36 (KHTML, like Gecko) Chrome/135.0.7049.95 Mobile Safari/537.36 (compatible; Googlebot/2.1; +http://www.google.com/bot.html)"
66.29.132.124 - - [27/Apr/2025:14:14:18 -0400] "POST /wp-cron.php?doing_wp_cron=1745777658.7937710285186767578125 HTTP/1.1" 200 0 "-" "WordPress/6.8; https://kamrancomputer.com"
66.249.74.39 - - [27/Apr/2025:14:14:18 -0400] "GET /2024/10/19/best-real-casino-apps/ HTTP/1.1" 200 20301 "-" "Mozilla/5.0 (Linux; Android 6.0.1; Nexus 5X Build/MMB29P) AppleWebKit/537.36 (KHTML, like Gecko) Chrome/135.0.7049.95 Mobile Safari/537.36 (compatible; Googlebot/2.1; +http://www.google.com/bot.html)"
66.29.132.124 - - [27/Apr/2025:14:15:05 -0400] "POST /wp-cron.php?doing_wp_cron=1745777705.9702029228210449218750 HTTP/1.1" 200 0 "-" "WordPress/6.8; https://kamrancomputer.com"
66.249.74.41 - - [27/Apr/2025:14:15:04 -0400] "GET /2024/10/19/best-online-gambling-sites-real-money/ HTTP/1.1" 200 20890 "-" "Mozilla/5.0 (Linux; Android 6.0.1; Nexus 5X Build/MMB29P) AppleWebKit/537.36 (KHTML, like Gecko) Chrome/135.0.7049.95 Mobile Safari/537.36 (compatible; Googlebot/2.1; +http://www.google.com/bot.html)"
66.29.132.124 - - [27/Apr/2025:14:16:06 -0400] "POST /wp-cron.php?doing_wp_cron=1745777766.5216269493103027343750 HTTP/1.1" 200 0 "-" "WordPress/6.8; https://kamrancomputer.com"
66.249.74.40 - - [27/Apr/2025:14:16:05 -0400] "GET /2024/10/18/best-online-casinos-nj/ HTTP/1.1" 200 20903 "-" "Mozilla/5.0 (Linux; Android 6.0.1; Nexus 5X Build/MMB29P) AppleWebKit/537.36 (KHTML, like Gecko) Chrome/135.0.7049.95 Mobile Safari/537.36 (compatible; Googlebot/2.1; +http://www.google.com/bot.html)"
66.29.132.124 - - [27/Apr/2025:14:16:07 -0400] "POST /wp-admin/admin-ajax.php?action=async_litespeed&nonce=0nsTAP9OCREh1IucepPbZPutNNOWt6WD&litespeed_type=imgoptm HTTP/1.1" 200 21 "-" "WordPress/6.8; https://kamrancomputer.com"
182.42.105.144 - - [27/Apr/2025:14:19:37 -0400] "GET / HTTP/1.1" 200 37825 "http://kamrancomputer.com" "Mozilla/5.0 (iPhone; CPU iPhone OS 13_2_3 like Mac OS X) AppleWebKit/605.1.15 (KHTML, like Gecko) Version/13.0.3 Mobile/15E148 Safari/604.1"
66.29.132.124 - - [27/Apr/2025:14:24:10 -0400] "POST /wp-cron.php?doing_wp_cron=1745778250.0236840248107910156250 HTTP/1.1" 200 0 "-" "WordPress/6.8; https://kamrancomputer.com"
66.29.132.124 - - [27/Apr/2025:14:24:10 -0400] "POST /wp-admin/admin-ajax.php?action=async_litespeed&nonce=eWoxDzfiDnCNpTfma2xViU9B65Cj7jJB&litespeed_type=imgoptm HTTP/1.1" 200 0 "-" "WordPress/6.8; https://kamrancomputer.com"
57.141.4.9 - - [27/Apr/2025:14:23:59 -0400] "GET /wp-json/oembed/1.0/embed?url=https%3A%2F%2Fkamrancomputer.com%2F2024%2F10%2F18%2Fcasino-wildz%2F HTTP/1.1" 200 2114 "-" "meta-externalagent/1.1 (+https://developers.facebook.com/docs/sharing/webmasters/crawler)"
57.141.4.19 - - [27/Apr/2025:14:24:37 -0400] "GET /wp-json/oembed/1.0/embed?url=https%3A%2F%2Fkamrancomputer.com%2F2024%2F10%2F18%2Fspielothek-joker%2F HTTP/1.1" 200 2134 "-" "meta-externalagent/1.1 (+https://developers.facebook.com/docs/sharing/webmasters/crawler)"
66.29.132.124 - - [27/Apr/2025:14:34:06 -0400] "POST /wp-cron.php?doing_wp_cron=1745778846.2366340160369873046875 HTTP/1.1" 200 0 "-" "WordPress/6.8; https://kamrancomputer.com"
57.141.4.10 - - [27/Apr/2025:14:34:03 -0400] "GET /wp-json/wp/v2/posts/13946 HTTP/1.1" 200 6607 "-" "meta-externalagent/1.1 (+https://developers.facebook.com/docs/sharing/webmasters/crawler)"
57.141.4.28 - - [27/Apr/2025:14:33:51 -0400] "GET /wp-json/wp/v2/posts/7832 HTTP/1.1" 200 14895 "-" "meta-externalagent/1.1 (+https://developers.facebook.com/docs/sharing/webmasters/crawler)"
66.29.132.124 - - [27/Apr/2025:14:34:07 -0400] "POST /wp-admin/admin-ajax.php?action=async_litespeed&nonce=8Km5D7lww1MKqf6iRqmFzWKNjxcEbbgt&litespeed_type=imgoptm HTTP/1.1" 200 0 "-" "WordPress/6.8; https://kamrancomputer.com"
66.29.132.124 - - [27/Apr/2025:14:34:07 -0400] "POST /wp-admin/admin-ajax.php?action=as_async_request_queue_runner&nonce=0eddb498b2 HTTP/1.1" 200 0 "-" "WordPress/6.8; https://kamrancomputer.com"
57.141.4.12 - - [27/Apr/2025:14:34:08 -0400] "GET /wp-json/wp/v2/posts/8491 HTTP/1.1" 200 7066 "-" "meta-externalagent/1.1 (+https://developers.facebook.com/docs/sharing/webmasters/crawler)"
66.29.132.124 - - [27/Apr/2025:14:36:31 -0400] "POST /wp-cron.php?doing_wp_cron=1745778991.3659920692443847656250 HTTP/1.1" 200 0 "-" "WordPress/6.8; https://kamrancomputer.com"
66.249.74.39 - - [27/Apr/2025:14:36:23 -0400] "GET /product/webcam-a4tech-pk710g/?add-to-cart=287 HTTP/1.1" 302 0 "-" "Mozilla/5.0 (Linux; Android 6.0.1; Nexus 5X Build/MMB29P) AppleWebKit/537.36 (KHTML, like Gecko) Chrome/135.0.7049.95 Mobile Safari/537.36 (compatible; GoogleOther)"
66.29.132.124 - - [27/Apr/2025:14:36:32 -0400] "POST /wp-admin/admin-ajax.php?action=async_litespeed&nonce=PA0ia4tvdmiywIAZwArI40stwvluSwEB&litespeed_type=imgoptm HTTP/1.1" 200 0 "-" "WordPress/6.8; https://kamrancomputer.com"
57.141.4.19 - - [27/Apr/2025:14:36:18 -0400] "GET /wp-json/oembed/1.0/embed?url=https%3A%2F%2Fkamrancomputer.com%2F2024%2F10%2F18%2Fcasino-tipico%2F HTTP/1.1" 200 2119 "-" "meta-externalagent/1.1 (+https://developers.facebook.com/docs/sharing/webmasters/crawler)"
66.29.132.124 - - [27/Apr/2025:14:39:27 -0400] "POST /wp-cron.php?doing_wp_cron=1745779167.0632710456848144531250 HTTP/1.1" 200 0 "-" "WordPress/6.8; https://kamrancomputer.com"
20.15.133.174 - - [27/Apr/2025:14:39:20 -0400] "GET /2024/10/14/klub-vulkan/ HTTP/1.1" 200 21953 "-" "Mozilla/5.0 AppleWebKit/537.36 (KHTML, like Gecko; compatible; bingbot/2.0; +http://www.bing.com/bingbot.htm) Chrome/116.0.1938.76 Safari/537.36"
66.29.132.124 - - [27/Apr/2025:14:39:31 -0400] "POST /wp-admin/admin-ajax.php?action=async_litespeed&nonce=U0jj0MMx4Q5B2V8r4peg2jK1OD8Amvxv&litespeed_type=imgoptm HTTP/1.1" 200 0 "-" "WordPress/6.8; https://kamrancomputer.com"
66.249.74.39 - - [27/Apr/2025:14:39:27 -0400] "GET /cart/ HTTP/1.1" 200 76737 "-" "Mozilla/5.0 (Linux; Android 6.0.1; Nexus 5X Build/MMB29P) AppleWebKit/537.36 (KHTML, like Gecko) Chrome/135.0.7049.95 Mobile Safari/537.36 (compatible; GoogleOther)"
57.141.4.15 - - [27/Apr/2025:14:39:32 -0400] "GET /wp-json/oembed/1.0/embed?url=https%3A%2F%2Fkamrancomputer.com%2F2024%2F10%2F18%2Ftop-online-casino-games%2F HTTP/1.1" 200 2169 "-" "meta-externalagent/1.1 (+https://developers.facebook.com/docs/sharing/webmasters/crawler)"
20.15.133.174 - - [27/Apr/2025:14:39:50 -0400] "GET /2024/10/18/gejminatory-igrat/ HTTP/1.1" 200 21590 "-" "Mozilla/5.0 AppleWebKit/537.36 (KHTML, like Gecko; compatible; bingbot/2.0; +http://www.bing.com/bingbot.htm) Chrome/116.0.1938.76 Safari/537.36"
66.29.132.124 - - [27/Apr/2025:14:41:41 -0400] "POST /wp-cron.php?doing_wp_cron=1745779301.4542500972747802734375 HTTP/1.1" 200 0 "-" "WordPress/6.8; https://kamrancomputer.com"
66.249.74.41 - - [27/Apr/2025:14:41:37 -0400] "GET /2024/10/19/golden-nugget-online-nj/ HTTP/1.1" 200 20306 "-" "Mozilla/5.0 (Linux; Android 6.0.1; Nexus 5X Build/MMB29P) AppleWebKit/537.36 (KHTML, like Gecko) Chrome/135.0.7049.95 Mobile Safari/537.36 (compatible; Googlebot/2.1; +http://www.google.com/bot.html)"
66.29.132.124 - - [27/Apr/2025:14:41:43 -0400] "POST /wp-admin/admin-ajax.php?action=async_litespeed&nonce=5CU0L5NgJpUIyoV593HjgreqBr9wa1dc&litespeed_type=imgoptm HTTP/1.1" 200 21 "-" "WordPress/6.8; https://kamrancomputer.com"
66.29.132.124 - - [27/Apr/2025:14:43:25 -0400] "POST /wp-cron.php?doing_wp_cron=1745779405.8312919139862060546875 HTTP/1.1" 200 0 "-" "WordPress/6.8; https://kamrancomputer.com"
57.141.4.4 - - [27/Apr/2025:14:43:21 -0400] "GET /wp-json/oembed/1.0/embed?url=https%3A%2F%2Fkamrancomputer.com%2F2024%2F10%2F18%2Fonline-casino-roulette%2F HTTP/1.1" 200 2164 "-" "meta-externalagent/1.1 (+https://developers.facebook.com/docs/sharing/webmasters/crawler)"
66.29.132.124 - - [27/Apr/2025:14:43:26 -0400] "POST /wp-admin/admin-ajax.php?action=async_litespeed&nonce=t34uWFwnEbRuhJQWmXjRnNHyL6RmYFIR&litespeed_type=imgoptm HTTP/1.1" 200 21 "-" "WordPress/6.8; https://kamrancomputer.com"
66.29.132.124 - - [27/Apr/2025:14:44:52 -0400] "POST /wp-cron.php?doing_wp_cron=1745779492.3090310096740722656250 HTTP/1.1" 200 0 "-" "WordPress/6.8; https://kamrancomputer.com"
66.249.74.40 - - [27/Apr/2025:14:44:48 -0400] "GET /2024/10/18/online-curacao-casino/ HTTP/1.1" 200 20021 "-" "Mozilla/5.0 (Linux; Android 6.0.1; Nexus 5X Build/MMB29P) AppleWebKit/537.36 (KHTML, like Gecko) Chrome/135.0.7049.95 Mobile Safari/537.36 (compatible; Googlebot/2.1; +http://www.google.com/bot.html)"
66.29.132.124 - - [27/Apr/2025:14:44:53 -0400] "POST /wp-admin/admin-ajax.php?action=async_litespeed&nonce=wtr7uSsZiKSxMhdQph3KLB46kh90zHMA&litespeed_type=imgoptm HTTP/1.1" 200 21 "-" "WordPress/6.8; https://kamrancomputer.com"
66.29.132.124 - - [27/Apr/2025:14:47:15 -0400] "POST /wp-cron.php?doing_wp_cron=1745779634.9422481060028076171875 HTTP/1.1" 200 0 "-" "WordPress/6.8; https://kamrancomputer.com"
57.141.4.11 - - [27/Apr/2025:14:47:09 -0400] "GET /wp-json/oembed/1.0/embed?url=https%3A%2F%2Fkamrancomputer.com%2F2024%2F10%2F18%2Ftrusted-online-casino-malaysia%2F HTTP/1.1" 200 2204 "-" "meta-externalagent/1.1 (+https://developers.facebook.com/docs/sharing/webmasters/crawler)"
66.29.132.124 - - [27/Apr/2025:14:47:16 -0400] "POST /wp-admin/admin-ajax.php?action=async_litespeed&nonce=VAdyA0PmepZIcW0OrlJmqDhMWgYNXITe&litespeed_type=imgoptm HTTP/1.1" 200 0 "-" "WordPress/6.8; https://kamrancomputer.com"
66.29.132.124 - - [27/Apr/2025:14:59:09 -0400] "POST /wp-cron.php?doing_wp_cron=1745780349.3715319633483886718750 HTTP/1.1" 200 0 "-" "WordPress/6.8; https://kamrancomputer.com"
66.29.132.124 - - [27/Apr/2025:14:59:10 -0400] "POST /wp-admin/admin-ajax.php?action=async_litespeed&nonce=gfsp1vQy8fssnnOqIC8bwbWS8cuzIJBe&litespeed_type=imgoptm HTTP/1.1" 200 0 "-" "WordPress/6.8; https://kamrancomputer.com"
57.141.4.13 - - [27/Apr/2025:14:58:56 -0400] "GET /wp-json/wp/v2/posts/8044 HTTP/1.1" 200 5446 "-" "meta-externalagent/1.1 (+https://developers.facebook.com/docs/sharing/webmasters/crawler)"
66.29.132.124 - - [27/Apr/2025:14:59:12 -0400] "POST /wp-admin/admin-ajax.php HTTP/1.1" 200 0 "-" "WordPress/6.8; https://kamrancomputer.com"
66.29.132.124 - - [27/Apr/2025:14:59:17 -0400] "POST /wp-admin/admin-ajax.php HTTP/1.1" 200 0 "-" "WordPress/6.8; https://kamrancomputer.com"
66.29.132.124 - - [27/Apr/2025:15:00:22 -0400] "POST /wp-cron.php?doing_wp_cron=1745780422.0519020557403564453125 HTTP/1.1" 200 0 "-" "WordPress/6.8; https://kamrancomputer.com"
57.141.4.2 - - [27/Apr/2025:15:00:21 -0400] "GET /wp-json/oembed/1.0/embed?url=https%3A%2F%2Fkamrancomputer.com%2F2024%2F10%2F18%2Fgoospins-casino%2F HTTP/1.1" 200 2129 "-" "meta-externalagent/1.1 (+https://developers.facebook.com/docs/sharing/webmasters/crawler)"
66.29.132.124 - - [27/Apr/2025:15:00:23 -0400] "POST /wp-admin/admin-ajax.php?action=async_litespeed&nonce=f7jqlEIkSHANrGeLvNEWwbwdqDpD3OCd&litespeed_type=imgoptm HTTP/1.1" 200 21 "-" "WordPress/6.8; https://kamrancomputer.com"
66.29.132.124 - - [27/Apr/2025:15:01:24 -0400] "POST /wp-cron.php?doing_wp_cron=1745780484.6353120803833007812500 HTTP/1.1" 200 0 "-" "WordPress/6.8; https://kamrancomputer.com"
66.29.132.124 - - [27/Apr/2025:15:01:25 -0400] "POST /wp-admin/admin-ajax.php?action=async_litespeed&nonce=o11idJTUBWBkswzPDfkkNuknleV0rM8Z&litespeed_type=imgoptm HTTP/1.1" 200 0 "-" "WordPress/6.8; https://kamrancomputer.com"
66.249.74.39 - - [27/Apr/2025:15:01:24 -0400] "GET /2024/10/19/liquor-licence-search-nsw/ HTTP/1.1" 200 20456 "-" "Mozilla/5.0 (Linux; Android 6.0.1; Nexus 5X Build/MMB29P) AppleWebKit/537.36 (KHTML, like Gecko) Chrome/135.0.7049.95 Mobile Safari/537.36 (compatible; Googlebot/2.1; +http://www.google.com/bot.html)"
57.141.4.4 - - [27/Apr/2025:15:01:52 -0400] "GET /wp-json/oembed/1.0/embed?url=https%3A%2F%2Fkamrancomputer.com%2F2024%2F10%2F18%2Fgambling-games-to-play%2F HTTP/1.1" 200 2164 "-" "meta-externalagent/1.1 (+https://developers.facebook.com/docs/sharing/webmasters/crawler)"
66.29.132.124 - - [27/Apr/2025:15:01:59 -0400] "POST /wp-cron.php?doing_wp_cron=1745780519.8023669719696044921875 HTTP/1.1" 200 0 "-" "WordPress/6.8; https://kamrancomputer.com"
57.141.4.13 - - [27/Apr/2025:15:01:58 -0400] "GET /wp-json/oembed/1.0/embed?url=https%3A%2F%2Fkamrancomputer.com%2F2024%2F10%2F18%2Fgamblemax-casino%2F HTTP/1.1" 200 2134 "-" "meta-externalagent/1.1 (+https://developers.facebook.com/docs/sharing/webmasters/crawler)"
66.29.132.124 - - [27/Apr/2025:15:02:01 -0400] "POST /wp-admin/admin-ajax.php?action=async_litespeed&nonce=NIm7yDXo74GeKTSJ1VRAwyZF86bhFTRt&litespeed_type=imgoptm HTTP/1.1" 200 0 "-" "WordPress/6.8; https://kamrancomputer.com"
66.29.132.124 - - [27/Apr/2025:15:03:19 -0400] "POST /wp-cron.php?doing_wp_cron=1745780599.1156499385833740234375 HTTP/1.1" 200 0 "-" "WordPress/6.8; https://kamrancomputer.com"
66.29.132.124 - - [27/Apr/2025:15:03:20 -0400] "POST /wp-admin/admin-ajax.php?action=async_litespeed&nonce=0DG3Iq5NJJuW7mbKCyHvCBxYjw0x7zCk&litespeed_type=imgoptm HTTP/1.1" 200 0 "-" "WordPress/6.8; https://kamrancomputer.com"
66.249.74.40 - - [27/Apr/2025:15:03:17 -0400] "GET /2024/10/14/nj-best-online-casino/ HTTP/1.1" 200 20276 "-" "Mozilla/5.0 (Linux; Android 6.0.1; Nexus 5X Build/MMB29P) AppleWebKit/537.36 (KHTML, like Gecko) Chrome/135.0.7049.95 Mobile Safari/537.36 (compatible; Googlebot/2.1; +http://www.google.com/bot.html)"
66.29.132.124 - - [27/Apr/2025:15:05:32 -0400] "POST /wp-cron.php?doing_wp_cron=1745780732.6514320373535156250000 HTTP/1.1" 200 0 "-" "WordPress/6.8; https://kamrancomputer.com"
66.249.74.41 - - [27/Apr/2025:15:05:28 -0400] "GET /2024/10/14/best-online-slots-in-canada/ HTTP/1.1" 200 20579 "-" "Mozilla/5.0 (Linux; Android 6.0.1; Nexus 5X Build/MMB29P) AppleWebKit/537.36 (KHTML, like Gecko) Chrome/135.0.7049.95 Mobile Safari/537.36 (compatible; Googlebot/2.1; +http://www.google.com/bot.html)"
66.29.132.124 - - [27/Apr/2025:15:05:33 -0400] "POST /wp-admin/admin-ajax.php?action=async_litespeed&nonce=K0fm6LWSOtnnUY7OThIHv64c6yckEx23&litespeed_type=imgoptm HTTP/1.1" 200 0 "-" "WordPress/6.8; https://kamrancomputer.com"
66.29.132.124 - - [27/Apr/2025:15:05:34 -0400] "POST /wp-admin/admin-ajax.php?action=as_async_request_queue_runner&nonce=0eddb498b2 HTTP/1.1" 200 0 "-" "WordPress/6.8; https://kamrancomputer.com"
66.249.74.40 - - [27/Apr/2025:15:05:58 -0400] "GET /product/webcam-a4tech-pk710g/?add-to-cart=339 HTTP/1.1" 302 0 "-" "Mozilla/5.0 (Linux; Android 6.0.1; Nexus 5X Build/MMB29P) AppleWebKit/537.36 (KHTML, like Gecko) Chrome/135.0.7049.95 Mobile Safari/537.36 (compatible; GoogleOther)"
66.29.132.124 - - [27/Apr/2025:15:06:51 -0400] "POST /wp-cron.php?doing_wp_cron=1745780811.3700759410858154296875 HTTP/1.1" 200 0 "-" "WordPress/6.8; https://kamrancomputer.com"
66.249.74.41 - - [27/Apr/2025:15:06:50 -0400] "GET /cart/ HTTP/1.1" 200 76698 "-" "Mozilla/5.0 (Linux; Android 6.0.1; Nexus 5X Build/MMB29P) AppleWebKit/537.36 (KHTML, like Gecko) Chrome/135.0.7049.95 Mobile Safari/537.36 (compatible; GoogleOther)"
66.29.132.124 - - [27/Apr/2025:15:06:52 -0400] "POST /wp-admin/admin-ajax.php?action=async_litespeed&nonce=Xyq4s8yT9TwK00QIBI6YX9oouPrsm6r2&litespeed_type=imgoptm HTTP/1.1" 200 21 "-" "WordPress/6.8; https://kamrancomputer.com"
66.29.132.124 - - [27/Apr/2025:15:15:24 -0400] "POST /wp-cron.php?doing_wp_cron=1745781324.7193980216979980468750 HTTP/1.1" 200 0 "-" "WordPress/6.8; https://kamrancomputer.com"
66.29.132.124 - - [27/Apr/2025:15:15:25 -0400] "POST /wp-admin/admin-ajax.php?action=async_litespeed&nonce=fv8ZIjdXng10RuzOcHN3dG48P5BsvaSP&litespeed_type=imgoptm HTTP/1.1" 200 0 "-" "WordPress/6.8; https://kamrancomputer.com"
66.249.74.40 - - [27/Apr/2025:15:15:12 -0400] "GET /2024/10/14/playojo/ HTTP/1.1" 200 20472 "-" "Mozilla/5.0 (Linux; Android 6.0.1; Nexus 5X Build/MMB29P) AppleWebKit/537.36 (KHTML, like Gecko) Chrome/135.0.7049.95 Mobile Safari/537.36 (compatible; Googlebot/2.1; +http://www.google.com/bot.html)"
66.29.132.124 - - [27/Apr/2025:15:15:27 -0400] "POST /wp-admin/admin-ajax.php HTTP/1.1" 200 0 "-" "WordPress/6.8; https://kamrancomputer.com"
66.29.132.124 - - [27/Apr/2025:15:16:31 -0400] "POST /wp-cron.php?doing_wp_cron=1745781390.8865311145782470703125 HTTP/1.1" 200 0 "-" "WordPress/6.8; https://kamrancomputer.com"
66.249.74.41 - - [27/Apr/2025:15:16:29 -0400] "GET /2024/10/18/best-mobile-gambling/ HTTP/1.1" 200 20450 "-" "Mozilla/5.0 (Linux; Android 6.0.1; Nexus 5X Build/MMB29P) AppleWebKit/537.36 (KHTML, like Gecko) Chrome/135.0.7049.95 Mobile Safari/537.36 (compatible; Googlebot/2.1; +http://www.google.com/bot.html)"
66.29.132.124 - - [27/Apr/2025:15:16:32 -0400] "POST /wp-admin/admin-ajax.php?action=async_litespeed&nonce=AHm8bY2tbomHJUtFmQoYrFvR4hodGBq8&litespeed_type=imgoptm HTTP/1.1" 200 0 "-" "WordPress/6.8; https://kamrancomputer.com"
104.236.92.63 - - [27/Apr/2025:15:18:59 -0400] "GET /product/logitech-original-270/ HTTP/1.1" 200 28110 "-" "Mozilla/5.0 (Macintosh; Intel Mac OS X 10_15_7) AppleWebKit/537.36 (KHTML, like Gecko) Chrome/124.0.0.0 Safari/537.36"
66.29.132.124 - - [27/Apr/2025:15:19:06 -0400] "POST /wp-cron.php?doing_wp_cron=1745781546.5141360759735107421875 HTTP/1.1" 200 0 "-" "WordPress/6.8; https://kamrancomputer.com"
66.249.74.40 - - [27/Apr/2025:15:18:50 -0400] "GET /2024/10/14/best-online-baccarat-casino/ HTTP/1.1" 200 20010 "-" "Mozilla/5.0 (Linux; Android 6.0.1; Nexus 5X Build/MMB29P) AppleWebKit/537.36 (KHTML, like Gecko) Chrome/135.0.7049.95 Mobile Safari/537.36 (compatible; Googlebot/2.1; +http://www.google.com/bot.html)"
66.29.132.124 - - [27/Apr/2025:15:19:09 -0400] "POST /wp-admin/admin-ajax.php?action=async_litespeed&nonce=YvFF0VtyuRsQYgfYmVENnUVlINvlmA7I&litespeed_type=imgoptm HTTP/1.1" 200 0 "-" "WordPress/6.8; https://kamrancomputer.com"
66.29.132.124 - - [27/Apr/2025:15:22:35 -0400] "POST /wp-cron.php?doing_wp_cron=1745781755.2171399593353271484375 HTTP/1.1" 200 0 "-" "WordPress/6.8; https://kamrancomputer.com"
66.29.132.124 - - [27/Apr/2025:15:22:37 -0400] "POST /wp-admin/admin-ajax.php?action=async_litespeed&nonce=QkKsMtpyQN8yQQfcJNwA6OxDtQrSeMg9&litespeed_type=imgoptm HTTP/1.1" 200 0 "-" "WordPress/6.8; https://kamrancomputer.com"
57.141.4.24 - - [27/Apr/2025:15:22:29 -0400] "GET /wp-json/oembed/1.0/embed?url=https%3A%2F%2Fkamrancomputer.com%2Fproduct%2Fwebcam-a4tech-pk710g%2F HTTP/1.1" 200 2325 "-" "meta-externalagent/1.1 (+https://developers.facebook.com/docs/sharing/webmasters/crawler)"
20.15.133.165 - - [27/Apr/2025:15:30:04 -0400] "GET /robots.txt HTTP/1.1" 200 402 "-" "Mozilla/5.0 AppleWebKit/537.36 (KHTML, like Gecko; compatible; bingbot/2.0; +http://www.bing.com/bingbot.htm) Chrome/116.0.1938.76 Safari/537.36"
20.15.133.174 - - [27/Apr/2025:15:30:14 -0400] "GET /2024/10/18/draftkings-michigan-casino/ HTTP/1.1" 301 0 "-" "Mozilla/5.0 AppleWebKit/537.36 (KHTML, like Gecko; compatible; bingbot/2.0; +http://www.bing.com/bingbot.htm) Chrome/116.0.1938.76 Safari/537.36"
66.29.132.124 - - [27/Apr/2025:15:34:01 -0400] "POST /wp-cron.php?doing_wp_cron=1745782441.4092268943786621093750 HTTP/1.1" 200 0 "-" "WordPress/6.8; https://kamrancomputer.com"
57.141.4.23 - - [27/Apr/2025:15:33:39 -0400] "GET /?p=16041 HTTP/1.1" 301 0 "-" "meta-externalagent/1.1 (+https://developers.facebook.com/docs/sharing/webmasters/crawler)"
66.29.132.124 - - [27/Apr/2025:15:34:04 -0400] "POST /wp-admin/admin-ajax.php?action=async_litespeed&nonce=clBpXxXkdDnw2yiW8uWagokfnGOQ4gDm&litespeed_type=imgoptm HTTP/1.1" 200 0 "-" "WordPress/6.8; https://kamrancomputer.com"
43.130.14.245 - - [27/Apr/2025:15:36:36 -0400] "GET / HTTP/1.1" 200 37825 "http://kamrancomputer.com" "Mozilla/5.0 (iPhone; CPU iPhone OS 13_2_3 like Mac OS X) AppleWebKit/605.1.15 (KHTML, like Gecko) Version/13.0.3 Mobile/15E148 Safari/604.1"
66.29.132.124 - - [27/Apr/2025:15:37:33 -0400] "POST /wp-cron.php?doing_wp_cron=1745782653.5997469425201416015625 HTTP/1.1" 200 0 "-" "WordPress/6.8; https://kamrancomputer.com"
57.141.4.19 - - [27/Apr/2025:15:37:28 -0400] "GET /?p=7983 HTTP/1.1" 301 0 "-" "meta-externalagent/1.1 (+https://developers.facebook.com/docs/sharing/webmasters/crawler)"
66.29.132.124 - - [27/Apr/2025:15:37:34 -0400] "POST /wp-admin/admin-ajax.php?action=async_litespeed&nonce=fPMM8jI864mi6489yq2P9a9K1w38n8sO&litespeed_type=imgoptm HTTP/1.1" 200 0 "-" "WordPress/6.8; https://kamrancomputer.com"
66.29.132.124 - - [27/Apr/2025:15:40:21 -0400] "POST /wp-cron.php?doing_wp_cron=1745782821.6096639633178710937500 HTTP/1.1" 200 0 "-" "WordPress/6.8; https://kamrancomputer.com"
66.29.132.124 - - [27/Apr/2025:15:40:24 -0400] "POST /wp-admin/admin-ajax.php?action=async_litespeed&nonce=y4qQaZns4zrbPIPV5s9l7c2YcgCF0VCe&litespeed_type=imgoptm HTTP/1.1" 200 0 "-" "WordPress/6.8; https://kamrancomputer.com"
57.141.4.8 - - [27/Apr/2025:15:40:16 -0400] "GET /wp-json/wp/v2/posts/12804 HTTP/1.1" 200 6264 "-" "meta-externalagent/1.1 (+https://developers.facebook.com/docs/sharing/webmasters/crawler)"
192.0.86.160 - - [27/Apr/2025:15:44:13 -0400] "GET / HTTP/1.1" 200 37825 "https://kamrancomputer.com/" "Automattic Analytics Crawler/0.2; http://wordpress.com/crawler/"
66.29.132.124 - - [27/Apr/2025:15:47:33 -0400] "POST /wp-cron.php?doing_wp_cron=1745783253.8863849639892578125000 HTTP/1.1" 200 0 "-" "WordPress/6.8; https://kamrancomputer.com"
66.29.132.124 - - [27/Apr/2025:15:47:35 -0400] "POST /wp-admin/admin-ajax.php?action=async_litespeed&nonce=UpAvLeV5W9Ouh1p5OeeuajQMGaJyU1Uy&litespeed_type=imgoptm HTTP/1.1" 200 0 "-" "WordPress/6.8; https://kamrancomputer.com"
57.141.4.22 - - [27/Apr/2025:15:47:23 -0400] "GET /wp-json/oembed/1.0/embed?url=https%3A%2F%2Fkamrancomputer.com%2F2024%2F10%2F18%2Fjackpot-spiele-kostenlos%2F HTTP/1.1" 200 2174 "-" "meta-externalagent/1.1 (+https://developers.facebook.com/docs/sharing/webmasters/crawler)"
66.29.132.124 - - [27/Apr/2025:15:49:14 -0400] "POST /wp-cron.php?doing_wp_cron=1745783353.9196660518646240234375 HTTP/1.1" 200 0 "-" "WordPress/6.8; https://kamrancomputer.com"
57.141.4.26 - - [27/Apr/2025:15:49:09 -0400] "GET /wp-json/oembed/1.0/embed?url=https%3A%2F%2Fkamrancomputer.com%2F2024%2F10%2F18%2Figrovoj-klub-vulkan-777%2F HTTP/1.1" 200 2475 "-" "meta-externalagent/1.1 (+https://developers.facebook.com/docs/sharing/webmasters/crawler)"
66.29.132.124 - - [27/Apr/2025:15:49:14 -0400] "POST /wp-admin/admin-ajax.php?action=async_litespeed&nonce=x05ni30iWf4eCwilIMTKCtHm5Z8bZNqC&litespeed_type=imgoptm HTTP/1.1" 200 21 "-" "WordPress/6.8; https://kamrancomputer.com"
43.135.142.7 - - [27/Apr/2025:15:49:48 -0400] "GET /comments/feed/ HTTP/1.1" 200 743 "-" "Mozilla/5.0 (iPhone; CPU iPhone OS 13_2_3 like Mac OS X) AppleWebKit/605.1.15 (KHTML, like Gecko) Version/13.0.3 Mobile/15E148 Safari/604.1"
66.29.132.124 - - [27/Apr/2025:15:51:37 -0400] "POST /wp-cron.php?doing_wp_cron=1745783497.3775379657745361328125 HTTP/1.1" 200 0 "-" "WordPress/6.8; https://kamrancomputer.com"
57.141.4.27 - - [27/Apr/2025:15:51:33 -0400] "GET /wp-json/wp/v2/posts/7776 HTTP/1.1" 200 16381 "-" "meta-externalagent/1.1 (+https://developers.facebook.com/docs/sharing/webmasters/crawler)"
66.29.132.124 - - [27/Apr/2025:15:51:38 -0400] "POST /wp-admin/admin-ajax.php?action=async_litespeed&nonce=bbXhgtAibNHCdrg5oRXwdj3fnlFlaeYH&litespeed_type=imgoptm HTTP/1.1" 200 0 "-" "WordPress/6.8; https://kamrancomputer.com"
66.29.132.124 - - [27/Apr/2025:15:51:38 -0400] "POST /wp-admin/admin-ajax.php?action=as_async_request_queue_runner&nonce=0eddb498b2 HTTP/1.1" 200 0 "-" "WordPress/6.8; https://kamrancomputer.com"
66.29.132.124 - - [27/Apr/2025:15:51:59 -0400] "POST /wp-cron.php?doing_wp_cron=1745783519.9228770732879638671875 HTTP/1.1" 200 0 "-" "WordPress/6.8; https://kamrancomputer.com"
57.141.4.10 - - [27/Apr/2025:15:51:59 -0400] "GET /wp-json/wp/v2/posts/7279 HTTP/1.1" 200 5176 "-" "meta-externalagent/1.1 (+https://developers.facebook.com/docs/sharing/webmasters/crawler)"
66.29.132.124 - - [27/Apr/2025:16:00:00 -0400] "POST /wp-cron.php?doing_wp_cron=1745784000.6796710491180419921875 HTTP/1.1" 200 0 "-" "WordPress/6.8; https://kamrancomputer.com"
66.29.132.124 - - [27/Apr/2025:16:00:01 -0400] "POST /wp-admin/admin-ajax.php?action=async_litespeed&nonce=efXTu9AzMe2nqUtId54sHe9sY1Cw0F33&litespeed_type=imgoptm HTTP/1.1" 200 0 "-" "WordPress/6.8; https://kamrancomputer.com"
57.141.4.4 - - [27/Apr/2025:15:59:53 -0400] "GET /wp-json/oembed/1.0/embed?url=https%3A%2F%2Fkamrancomputer.com%2F2024%2F10%2F18%2Fonline-casino-apple-pay%2F HTTP/1.1" 200 2169 "-" "meta-externalagent/1.1 (+https://developers.facebook.com/docs/sharing/webmasters/crawler)"
43.133.69.37 - - [27/Apr/2025:16:02:12 -0400] "GET /about-us/ HTTP/1.1" 200 25149 "-" "Mozilla/5.0 (iPhone; CPU iPhone OS 13_2_3 like Mac OS X) AppleWebKit/605.1.15 (KHTML, like Gecko) Version/13.0.3 Mobile/15E148 Safari/604.1"
66.29.132.124 - - [27/Apr/2025:16:07:44 -0400] "POST /wp-cron.php?doing_wp_cron=1745784464.4718279838562011718750 HTTP/1.1" 200 0 "-" "WordPress/6.8; https://kamrancomputer.com"
57.141.4.5 - - [27/Apr/2025:16:07:38 -0400] "GET /wp-json/oembed/1.0/embed?url=https%3A%2F%2Fkamrancomputer.com%2F2024%2F10%2F18%2F%25E7%259A%2587%25E5%2586%25A0-%25E8%25B5%258C%25E5%259C%25BA%2F HTTP/1.1" 200 2227 "-" "meta-externalagent/1.1 (+https://developers.facebook.com/docs/sharing/webmasters/crawler)"
66.29.132.124 - - [27/Apr/2025:16:07:46 -0400] "POST /wp-admin/admin-ajax.php?action=async_litespeed&nonce=MKyMneJZCOhBBqXiuBXIWxjF9EXaqKmR&litespeed_type=imgoptm HTTP/1.1" 200 0 "-" "WordPress/6.8; https://kamrancomputer.com"
23.82.110.7 - - [27/Apr/2025:16:09:03 -0400] "GET / HTTP/1.1" 200 37825 "-" "\"Mozilla/5.0 (Windows NT 10.0; Win64; x64) AppleWebKit/537.36 (KHTML, like Gecko) Chrome/134.0.0.0 Safari/537.36\""
23.82.110.7 - - [27/Apr/2025:16:09:04 -0400] "GET /about-us/ HTTP/1.1" 200 25149 "-" "\"Mozilla/5.0 (Windows NT 10.0; Win64; x64) AppleWebKit/537.36 (KHTML, like Gecko) Chrome/134.0.0.0 Safari/537.36\""
23.82.110.7 - - [27/Apr/2025:16:09:04 -0400] "GET /shop/ HTTP/1.1" 200 25710 "-" "\"Mozilla/5.0 (Windows NT 10.0; Win64; x64) AppleWebKit/537.36 (KHTML, like Gecko) Chrome/134.0.0.0 Safari/537.36\""
23.82.110.7 - - [27/Apr/2025:16:09:04 -0400] "GET /mobile/ HTTP/1.1" 200 21984 "-" "\"Mozilla/5.0 (Windows NT 10.0; Win64; x64) AppleWebKit/537.36 (KHTML, like Gecko) Chrome/134.0.0.0 Safari/537.36\""
23.82.110.7 - - [27/Apr/2025:16:09:04 -0400] "GET /contact-us/ HTTP/1.1" 200 26072 "-" "\"Mozilla/5.0 (Windows NT 10.0; Win64; x64) AppleWebKit/537.36 (KHTML, like Gecko) Chrome/134.0.0.0 Safari/537.36\""
23.82.110.7 - - [27/Apr/2025:16:09:04 -0400] "GET /computer/ HTTP/1.1" 200 21985 "-" "\"Mozilla/5.0 (Windows NT 10.0; Win64; x64) AppleWebKit/537.36 (KHTML, like Gecko) Chrome/134.0.0.0 Safari/537.36\""
23.82.110.7 - - [27/Apr/2025:16:09:04 -0400] "GET /print-ads/ HTTP/1.1" 200 26445 "-" "\"Mozilla/5.0 (Windows NT 10.0; Win64; x64) AppleWebKit/537.36 (KHTML, like Gecko) Chrome/134.0.0.0 Safari/537.36\""
23.82.110.7 - - [27/Apr/2025:16:09:04 -0400] "GET /computer HTTP/1.1" 301 0 "-" "\"Mozilla/5.0 (Windows NT 10.0; Win64; x64) AppleWebKit/537.36 (KHTML, like Gecko) Chrome/134.0.0.0 Safari/537.36\""
23.82.110.7 - - [27/Apr/2025:16:09:04 -0400] "GET /computer/ HTTP/1.1" 200 21985 "https://kamrancomputer.com/computer" "\"Mozilla/5.0 (Windows NT 10.0; Win64; x64) AppleWebKit/537.36 (KHTML, like Gecko) Chrome/134.0.0.0 Safari/537.36\""
66.29.132.124 - - [27/Apr/2025:16:09:05 -0400] "POST /wp-cron.php?doing_wp_cron=1745784545.2568008899688720703125 HTTP/1.1" 200 0 "-" "WordPress/6.8; https://kamrancomputer.com"
23.82.110.7 - - [27/Apr/2025:16:09:04 -0400] "GET /contact-us HTTP/1.1" 301 0 "-" "\"Mozilla/5.0 (Windows NT 10.0; Win64; x64) AppleWebKit/537.36 (KHTML, like Gecko) Chrome/134.0.0.0 Safari/537.36\""
23.82.110.7 - - [27/Apr/2025:16:09:04 -0400] "GET /shop HTTP/1.1" 301 0 "-" "\"Mozilla/5.0 (Windows NT 10.0; Win64; x64) AppleWebKit/537.36 (KHTML, like Gecko) Chrome/134.0.0.0 Safari/537.36\""
23.82.110.7 - - [27/Apr/2025:16:09:05 -0400] "GET /about-us HTTP/1.1" 301 0 "-" "\"Mozilla/5.0 (Windows NT 10.0; Win64; x64) AppleWebKit/537.36 (KHTML, like Gecko) Chrome/134.0.0.0 Safari/537.36\""
23.82.110.7 - - [27/Apr/2025:16:09:05 -0400] "GET /contact-us/ HTTP/1.1" 200 26072 "https://kamrancomputer.com/contact-us" "\"Mozilla/5.0 (Windows NT 10.0; Win64; x64) AppleWebKit/537.36 (KHTML, like Gecko) Chrome/134.0.0.0 Safari/537.36\""
23.82.110.7 - - [27/Apr/2025:16:09:05 -0400] "GET /shop/ HTTP/1.1" 200 25710 "https://kamrancomputer.com/shop" "\"Mozilla/5.0 (Windows NT 10.0; Win64; x64) AppleWebKit/537.36 (KHTML, like Gecko) Chrome/134.0.0.0 Safari/537.36\""
23.82.110.7 - - [27/Apr/2025:16:09:05 -0400] "GET /about-us/ HTTP/1.1" 200 25149 "https://kamrancomputer.com/about-us" "\"Mozilla/5.0 (Windows NT 10.0; Win64; x64) AppleWebKit/537.36 (KHTML, like Gecko) Chrome/134.0.0.0 Safari/537.36\""
23.82.110.7 - - [27/Apr/2025:16:09:04 -0400] "GET /mobile HTTP/1.1" 301 0 "-" "\"Mozilla/5.0 (Windows NT 10.0; Win64; x64) AppleWebKit/537.36 (KHTML, like Gecko) Chrome/134.0.0.0 Safari/537.36\""
23.82.110.7 - - [27/Apr/2025:16:09:06 -0400] "GET /mobile/ HTTP/1.1" 200 21984 "https://kamrancomputer.com/mobile" "\"Mozilla/5.0 (Windows NT 10.0; Win64; x64) AppleWebKit/537.36 (KHTML, like Gecko) Chrome/134.0.0.0 Safari/537.36\""
23.82.110.7 - - [27/Apr/2025:16:09:04 -0400] "GET /print-ads HTTP/1.1" 301 0 "-" "\"Mozilla/5.0 (Windows NT 10.0; Win64; x64) AppleWebKit/537.36 (KHTML, like Gecko) Chrome/134.0.0.0 Safari/537.36\""
23.82.110.7 - - [27/Apr/2025:16:09:06 -0400] "GET /print-ads/ HTTP/1.1" 200 26445 "https://kamrancomputer.com/print-ads" "\"Mozilla/5.0 (Windows NT 10.0; Win64; x64) AppleWebKit/537.36 (KHTML, like Gecko) Chrome/134.0.0.0 Safari/537.36\""
66.29.132.124 - - [27/Apr/2025:16:09:06 -0400] "POST /wp-admin/admin-ajax.php?action=async_litespeed&nonce=TTn6Zx1BCNGqBfAp0X8i9DfJQgStuGJ9&litespeed_type=imgoptm HTTP/1.1" 200 21 "-" "WordPress/6.8; https://kamrancomputer.com"
66.29.132.124 - - [27/Apr/2025:16:09:53 -0400] "POST /wp-cron.php?doing_wp_cron=1745784593.4297780990600585937500 HTTP/1.1" 200 0 "-" "WordPress/6.8; https://kamrancomputer.com"
57.141.4.18 - - [27/Apr/2025:16:09:52 -0400] "GET /wp-json/wp/v2/posts/12036 HTTP/1.1" 200 5610 "-" "meta-externalagent/1.1 (+https://developers.facebook.com/docs/sharing/webmasters/crawler)"
66.29.132.124 - - [27/Apr/2025:16:09:53 -0400] "POST /wp-admin/admin-ajax.php?action=async_litespeed&nonce=uEoDjzQPusbmXIxZehRYr2sjJimvZT9R&litespeed_type=imgoptm HTTP/1.1" 200 21 "-" "WordPress/6.8; https://kamrancomputer.com"
66.29.132.124 - - [27/Apr/2025:16:11:54 -0400] "POST /wp-cron.php?doing_wp_cron=1745784714.0300738811492919921875 HTTP/1.1" 200 0 "-" "WordPress/6.8; https://kamrancomputer.com"
57.141.4.15 - - [27/Apr/2025:16:11:50 -0400] "GET /wp-json/wp/v2/posts/16988 HTTP/1.1" 200 5910 "-" "meta-externalagent/1.1 (+https://developers.facebook.com/docs/sharing/webmasters/crawler)"
66.29.132.124 - - [27/Apr/2025:16:11:54 -0400] "POST /wp-admin/admin-ajax.php?action=async_litespeed&nonce=DDayeUHASiI6GiraPt7VF2dyp0j1uun2&litespeed_type=imgoptm HTTP/1.1" 200 0 "-" "WordPress/6.8; https://kamrancomputer.com"
66.29.132.124 - - [27/Apr/2025:16:11:55 -0400] "POST /wp-admin/admin-ajax.php?action=as_async_request_queue_runner&nonce=0eddb498b2 HTTP/1.1" 200 0 "-" "WordPress/6.8; https://kamrancomputer.com"
43.130.31.17 - - [27/Apr/2025:16:12:09 -0400] "GET /product/i-phone-hands-free/ HTTP/1.1" 200 28057 "-" "Mozilla/5.0 (iPhone; CPU iPhone OS 13_2_3 like Mac OS X) AppleWebKit/605.1.15 (KHTML, like Gecko) Version/13.0.3 Mobile/15E148 Safari/604.1"
66.29.132.124 - - [27/Apr/2025:16:21:00 -0400] "POST /wp-cron.php?doing_wp_cron=1745785260.6448218822479248046875 HTTP/1.1" 200 0 "-" "WordPress/6.8; https://kamrancomputer.com"
43.157.201.184 - - [27/Apr/2025:16:20:54 -0400] "GET /home/feed/ HTTP/1.1" 200 406 "-" "Mozilla/5.0 (iPhone; CPU iPhone OS 13_2_3 like Mac OS X) AppleWebKit/605.1.15 (KHTML, like Gecko) Version/13.0.3 Mobile/15E148 Safari/604.1"
66.29.132.124 - - [27/Apr/2025:16:21:01 -0400] "POST /wp-admin/admin-ajax.php?action=async_litespeed&nonce=4bnRcPbcT6mvJNPzNjp5qfJqCVaeiT8P&litespeed_type=imgoptm HTTP/1.1" 200 0 "-" "WordPress/6.8; https://kamrancomputer.com"
66.29.132.124 - - [27/Apr/2025:16:21:02 -0400] "POST /wp-admin/admin-ajax.php?action=as_async_request_queue_runner&nonce=0eddb498b2 HTTP/1.1" 200 0 "-" "WordPress/6.8; https://kamrancomputer.com"
66.29.132.124 - - [27/Apr/2025:16:26:21 -0400] "POST /wp-cron.php?doing_wp_cron=1745785581.6162281036376953125000 HTTP/1.1" 200 0 "-" "WordPress/6.8; https://kamrancomputer.com"
66.29.132.124 - - [27/Apr/2025:16:26:23 -0400] "POST /wp-admin/admin-ajax.php?action=async_litespeed&nonce=jNsP3TGS3sqNnLwFjh2toZlSGT5K9TkL&litespeed_type=imgoptm HTTP/1.1" 200 0 "-" "WordPress/6.8; https://kamrancomputer.com"
