202.47.39.0 - - [27/Apr/2025:06:11:45 -0400] "GET /wp-content/uploads/2024/10/4.jpg HTTP/1.1" 200 336560 "https://kamrancomputer.com/print-ads/" "Mozilla/5.0 (Windows NT 10.0; Win64; x64) AppleWebKit/537.36 (KHTML, like Gecko) Chrome/135.0.0.0 Safari/537.36"
202.47.39.0 - - [27/Apr/2025:06:11:45 -0400] "GET /wp-content/plugins/elementor/assets/lib/dialog/dialog.min.js?ver=4.9.3 HTTP/1.1" 200 3487 "https://kamrancomputer.com/print-ads/" "Mozilla/5.0 (Windows NT 10.0; Win64; x64) AppleWebKit/537.36 (KHTML, like Gecko) Chrome/135.0.0.0 Safari/537.36"
202.47.39.0 - - [27/Apr/2025:06:11:45 -0400] "GET /wp-content/plugins/elementor/assets/lib/share-link/share-link.min.js?ver=3.28.4 HTTP/1.1" 200 1072 "https://kamrancomputer.com/print-ads/" "Mozilla/5.0 (Windows NT 10.0; Win64; x64) AppleWebKit/537.36 (KHTML, like Gecko) Chrome/135.0.0.0 Safari/537.36"
202.47.39.0 - - [27/Apr/2025:06:11:47 -0400] "GET /wp-content/uploads/2025/01/470184190_122135477018530810_5718408265256447105_n.jpg HTTP/1.1" 200 166429 "https://kamrancomputer.com/print-ads/" "Mozilla/5.0 (Windows NT 10.0; Win64; x64) AppleWebKit/537.36 (KHTML, like Gecko) Chrome/135.0.0.0 Safari/537.36"
202.47.39.0 - - [27/Apr/2025:06:11:47 -0400] "GET /wp-content/uploads/2025/01/470737023_122135476718530810_6257053007029048959_n.jpg HTTP/1.1" 200 218648 "https://kamrancomputer.com/print-ads/" "Mozilla/5.0 (Windows NT 10.0; Win64; x64) AppleWebKit/537.36 (KHTML, like Gecko) Chrome/135.0.0.0 Safari/537.36"
202.47.39.0 - - [27/Apr/2025:06:11:47 -0400] "GET /wp-content/uploads/2025/01/470229168_122135512328530810_4755654649845952197_n.jpg HTTP/1.1" 200 192445 "https://kamrancomputer.com/print-ads/" "Mozilla/5.0 (Windows NT 10.0; Win64; x64) AppleWebKit/537.36 (KHTML, like Gecko) Chrome/135.0.0.0 Safari/537.36"
66.29.132.124 - - [27/Apr/2025:06:12:35 -0400] "POST /wp-cron.php?doing_wp_cron=1745748755.8171589374542236328125 HTTP/1.1" 200 0 "-" "WordPress/6.8; https://kamrancomputer.com"
57.141.4.1 - - [27/Apr/2025:06:12:35 -0400] "GET /wp-json/wp/v2/posts/8471 HTTP/1.1" 200 6132 "-" "meta-externalagent/1.1 (+https://developers.facebook.com/docs/sharing/webmasters/crawler)"
66.29.132.124 - - [27/Apr/2025:06:12:36 -0400] "POST /wp-admin/admin-ajax.php?action=async_litespeed&nonce=mtXDmM4jh8toUCC3ZDBJq935THKEJ7Sf&litespeed_type=imgoptm HTTP/1.1" 200 21 "-" "WordPress/6.8; https://kamrancomputer.com"
199.188.201.234 - - [27/Apr/2025:06:12:38 -0400] "GET /xmlrpc.php HTTP/1.1" 405 46 "http://kamrancomputer.com" "Mozilla/5.0 (Windows NT 10.0; Win64; x64) AppleWebKit/537.36 (KHTML, like Gecko) Chrome/116.0.5845.96 Safari/537.36 Edg/116.0.1938.62"
66.29.132.124 - - [27/Apr/2025:06:15:22 -0400] "POST /wp-cron.php?doing_wp_cron=1745748922.5104260444641113281250 HTTP/1.1" 200 0 "-" "WordPress/6.8; https://kamrancomputer.com"
57.141.4.27 - - [27/Apr/2025:06:15:14 -0400] "GET /wp-json/oembed/1.0/embed?url=https%3A%2F%2Fkamrancomputer.com%2F2024%2F10%2F18%2Frussian-vulcan-casino%2F HTTP/1.1" 200 2159 "-" "meta-externalagent/1.1 (+https://developers.facebook.com/docs/sharing/webmasters/crawler)"
66.29.132.124 - - [27/Apr/2025:06:15:23 -0400] "POST /wp-admin/admin-ajax.php?action=async_litespeed&nonce=fNe8VLnxoKGiryFKK7JwXoZGitnrB2w4&litespeed_type=imgoptm HTTP/1.1" 200 21 "-" "WordPress/6.8; https://kamrancomputer.com"
66.29.132.124 - - [27/Apr/2025:06:19:00 -0400] "POST /wp-cron.php?doing_wp_cron=1745749140.3210570812225341796875 HTTP/1.1" 200 0 "-" "WordPress/6.8; https://kamrancomputer.com"
68.65.122.219 - - [27/Apr/2025:06:18:51 -0400] "GET /xmlrpc.php HTTP/1.1" 405 46 "http://kamrancomputer.com" "Mozilla/5.0 (Windows NT 10.0; Win64; x64) AppleWebKit/537.36 (KHTML, like Gecko) Chrome/112.0.5615.138 Safari/537.36 Edg/112.0.1722.68"
66.29.132.124 - - [27/Apr/2025:06:19:01 -0400] "POST /wp-admin/admin-ajax.php?action=async_litespeed&nonce=NBBzMFFUxXMkK2AZmn9EInApHNDxghfa&litespeed_type=imgoptm HTTP/1.1" 200 0 "-" "WordPress/6.8; https://kamrancomputer.com"
66.29.132.124 - - [27/Apr/2025:06:19:02 -0400] "POST /wp-admin/admin-ajax.php?action=as_async_request_queue_runner&nonce=623bdeb42d HTTP/1.1" 200 0 "-" "WordPress/6.8; https://kamrancomputer.com"
57.141.4.16 - - [27/Apr/2025:06:19:04 -0400] "GET /wp-json/wp/v2/posts/7260 HTTP/1.1" 200 5631 "-" "meta-externalagent/1.1 (+https://developers.facebook.com/docs/sharing/webmasters/crawler)"
47.242.200.220 - - [27/Apr/2025:06:19:32 -0400] "GET /cart/?add-to-cart=365 HTTP/1.1" 302 0 "-" "Mozilla/5.0 (Macintosh; Intel Mac OS X 10_15_7) AppleWebKit/537.36 (KHTML, like Gecko) Chrome/109.0.0.0 Safari/537.36"
66.29.132.124 - - [27/Apr/2025:06:19:33 -0400] "POST /wp-cron.php?doing_wp_cron=1745749173.7710149288177490234375 HTTP/1.1" 200 0 "-" "WordPress/6.8; https://kamrancomputer.com"
66.29.132.124 - - [27/Apr/2025:06:19:34 -0400] "POST /wp-admin/admin-ajax.php?action=async_litespeed&nonce=CjtSGbWcbqACa86VhPLOz7lQLaOfOgLp&litespeed_type=imgoptm HTTP/1.1" 200 21 "-" "WordPress/6.8; https://kamrancomputer.com"
47.242.200.220 - - [27/Apr/2025:06:19:33 -0400] "GET /cart/ HTTP/1.1" 200 86532 "https://kamrancomputer.com/cart/?add-to-cart=365" "Mozilla/5.0 (Macintosh; Intel Mac OS X 10_15_7) AppleWebKit/537.36 (KHTML, like Gecko) Chrome/109.0.0.0 Safari/537.36"
66.29.132.124 - - [27/Apr/2025:06:20:26 -0400] "POST /wp-cron.php?doing_wp_cron=1745749226.3203089237213134765625 HTTP/1.1" 200 0 "-" "WordPress/6.8; https://kamrancomputer.com"
57.141.4.3 - - [27/Apr/2025:06:20:25 -0400] "GET /wp-json/oembed/1.0/embed?url=https%3A%2F%2Fkamrancomputer.com%2F2024%2F10%2F18%2Ffaraon-kazino%2F HTTP/1.1" 200 2335 "-" "meta-externalagent/1.1 (+https://developers.facebook.com/docs/sharing/webmasters/crawler)"
66.29.132.124 - - [27/Apr/2025:06:20:27 -0400] "POST /wp-admin/admin-ajax.php?action=async_litespeed&nonce=WBc6S7t45ysczEj4AvdHgAEIkCoWTI7N&litespeed_type=imgoptm HTTP/1.1" 200 21 "-" "WordPress/6.8; https://kamrancomputer.com"
66.29.132.124 - - [27/Apr/2025:06:26:15 -0400] "POST /wp-cron.php?doing_wp_cron=1745749575.1108069419860839843750 HTTP/1.1" 200 0 "-" "WordPress/6.8; https://kamrancomputer.com"
57.141.4.6 - - [27/Apr/2025:06:26:05 -0400] "GET /wp-json/oembed/1.0/embed?url=https%3A%2F%2Fkamrancomputer.com%2F2024%2F10%2F18%2Ftropicana-online-casino-pa%2F HTTP/1.1" 200 2184 "-" "meta-externalagent/1.1 (+https://developers.facebook.com/docs/sharing/webmasters/crawler)"
66.29.132.124 - - [27/Apr/2025:06:26:16 -0400] "POST /wp-admin/admin-ajax.php?action=async_litespeed&nonce=JyASunKtxbzkYilRzZqAR714Dld4fgvo&litespeed_type=imgoptm HTTP/1.1" 200 21 "-" "WordPress/6.8; https://kamrancomputer.com"
66.29.132.124 - - [27/Apr/2025:06:29:17 -0400] "POST /wp-cron.php?doing_wp_cron=1745749757.6558060646057128906250 HTTP/1.1" 200 0 "-" "WordPress/6.8; https://kamrancomputer.com"
66.29.132.124 - - [27/Apr/2025:06:29:19 -0400] "POST /wp-admin/admin-ajax.php?action=async_litespeed&nonce=5fBtpLNP3hvN19S8v7syDhRV1rsaKinH&litespeed_type=imgoptm HTTP/1.1" 200 0 "-" "WordPress/6.8; https://kamrancomputer.com"
57.141.4.7 - - [27/Apr/2025:06:29:09 -0400] "GET /wp-json/oembed/1.0/embed?url=https%3A%2F%2Fkamrancomputer.com%2F2024%2F10%2F18%2Frecommended-online-casinos%2F HTTP/1.1" 200 2184 "-" "meta-externalagent/1.1 (+https://developers.facebook.com/docs/sharing/webmasters/crawler)"
66.29.132.124 - - [27/Apr/2025:06:30:18 -0400] "POST /wp-cron.php?doing_wp_cron=1745749818.3902010917663574218750 HTTP/1.1" 200 0 "-" "WordPress/6.8; https://kamrancomputer.com"
66.29.132.124 - - [27/Apr/2025:06:30:19 -0400] "POST /wp-admin/admin-ajax.php?action=async_litespeed&nonce=Y7yEqmkuMBMpYLBWSMqBSkUDSJM5l4KX&litespeed_type=imgoptm HTTP/1.1" 200 0 "-" "WordPress/6.8; https://kamrancomputer.com"
167.172.55.157 - - [27/Apr/2025:06:30:17 -0400] "GET /product/akg-samsung-handsfree-blackish-silver-box/ HTTP/1.1" 200 28795 "-" "Mozilla/5.0 (Windows NT 10.0; Win64; x64) AppleWebKit/537.36 (KHTML, like Gecko) Chrome/124.0.0.0 Safari/537.36"
66.29.132.124 - - [27/Apr/2025:06:30:34 -0400] "POST /wp-cron.php?doing_wp_cron=1745749834.6713778972625732421875 HTTP/1.1" 200 0 "-" "WordPress/6.8; https://kamrancomputer.com"
57.141.4.22 - - [27/Apr/2025:06:30:34 -0400] "GET /?p=8587 HTTP/1.1" 301 0 "-" "meta-externalagent/1.1 (+https://developers.facebook.com/docs/sharing/webmasters/crawler)"
66.29.132.124 - - [27/Apr/2025:06:30:35 -0400] "POST /wp-admin/admin-ajax.php?action=async_litespeed&nonce=rZyX0WtwhCXSo0Z90EKKX5ukurBh2m3w&litespeed_type=imgoptm HTTP/1.1" 200 21 "-" "WordPress/6.8; https://kamrancomputer.com"
57.141.4.14 - - [27/Apr/2025:06:30:39 -0400] "GET /wp-json/wp/v2/posts/6675 HTTP/1.1" 200 4394 "-" "meta-externalagent/1.1 (+https://developers.facebook.com/docs/sharing/webmasters/crawler)"
66.29.132.124 - - [27/Apr/2025:06:31:19 -0400] "POST /wp-cron.php?doing_wp_cron=1745749879.2315011024475097656250 HTTP/1.1" 200 0 "-" "WordPress/6.8; https://kamrancomputer.com"
162.0.209.248 - - [27/Apr/2025:06:31:18 -0400] "GET /xmlrpc.php HTTP/1.1" 405 46 "http://kamrancomputer.com" "Mozilla/5.0 (Macintosh; Intel Mac OS X 10_15_7; rv:125.0.1) Gecko/20100101 Firefox/125.0.1"
66.29.132.124 - - [27/Apr/2025:06:34:23 -0400] "POST /wp-cron.php?doing_wp_cron=1745750063.9130690097808837890625 HTTP/1.1" 200 0 "-" "WordPress/6.8; https://kamrancomputer.com"
66.29.132.124 - - [27/Apr/2025:06:34:23 -0400] "POST /wp-cron.php?doing_wp_cron=1745750063.9125590324401855468750 HTTP/1.1" 200 0 "-" "WordPress/6.8; https://kamrancomputer.com"
57.141.4.20 - - [27/Apr/2025:06:34:14 -0400] "GET /wp-json/wp/v2/posts/6804 HTTP/1.1" 200 6376 "-" "meta-externalagent/1.1 (+https://developers.facebook.com/docs/sharing/webmasters/crawler)"
57.141.4.1 - - [27/Apr/2025:06:34:20 -0400] "GET /wp-json/oembed/1.0/embed?url=https%3A%2F%2Fkamrancomputer.com%2F2024%2F10%2F18%2Fwildz-fun%2F HTTP/1.1" 200 2099 "-" "meta-externalagent/1.1 (+https://developers.facebook.com/docs/sharing/webmasters/crawler)"
66.29.132.124 - - [27/Apr/2025:06:34:24 -0400] "POST /wp-admin/admin-ajax.php?action=async_litespeed&nonce=6N5GewjiIVViXRTxW1z6HINFNaXx6HAR&litespeed_type=imgoptm HTTP/1.1" 200 0 "-" "WordPress/6.8; https://kamrancomputer.com"
66.29.132.124 - - [27/Apr/2025:06:34:25 -0400] "POST /wp-admin/admin-ajax.php?action=as_async_request_queue_runner&nonce=623bdeb42d HTTP/1.1" 200 0 "-" "WordPress/6.8; https://kamrancomputer.com"
66.29.132.124 - - [27/Apr/2025:06:36:32 -0400] "POST /wp-cron.php?doing_wp_cron=1745750192.5003221035003662109375 HTTP/1.1" 200 0 "-" "WordPress/6.8; https://kamrancomputer.com"
57.141.4.21 - - [27/Apr/2025:06:36:25 -0400] "GET /wp-json/oembed/1.0/embed?url=https%3A%2F%2Fkamrancomputer.com%2F2024%2F10%2F18%2Ftipico-de%2F HTTP/1.1" 200 2102 "-" "meta-externalagent/1.1 (+https://developers.facebook.com/docs/sharing/webmasters/crawler)"
66.29.132.124 - - [27/Apr/2025:06:36:32 -0400] "POST /wp-admin/admin-ajax.php?action=async_litespeed&nonce=Uuy5hjJnOlrMCW9A2AAua7jZ1N5Ony7Q&litespeed_type=imgoptm HTTP/1.1" 200 0 "-" "WordPress/6.8; https://kamrancomputer.com"
66.29.132.124 - - [27/Apr/2025:06:36:34 -0400] "POST /wp-admin/admin-ajax.php?action=as_async_request_queue_runner&nonce=623bdeb42d HTTP/1.1" 200 0 "-" "WordPress/6.8; https://kamrancomputer.com"
66.29.132.124 - - [27/Apr/2025:06:36:53 -0400] "POST /wp-cron.php?doing_wp_cron=1745750213.2374229431152343750000 HTTP/1.1" 200 0 "-" "WordPress/6.8; https://kamrancomputer.com"
57.141.4.25 - - [27/Apr/2025:06:36:52 -0400] "GET /wp-json/oembed/1.0/embed?url=https%3A%2F%2Fkamrancomputer.com%2F2024%2F10%2F18%2Fnovolin%2F HTTP/1.1" 200 2089 "-" "meta-externalagent/1.1 (+https://developers.facebook.com/docs/sharing/webmasters/crawler)"
66.29.132.124 - - [27/Apr/2025:06:37:29 -0400] "POST /wp-cron.php?doing_wp_cron=1745750249.1973590850830078125000 HTTP/1.1" 200 0 "-" "WordPress/6.8; https://kamrancomputer.com"
198.54.114.85 - - [27/Apr/2025:06:37:28 -0400] "GET /xmlrpc.php HTTP/1.1" 405 46 "http://kamrancomputer.com" "Mozilla/5.0 (Windows NT 10.0; Win64; x64; rv:127.0) Gecko/20100101 Firefox/127.0"
66.29.132.124 - - [27/Apr/2025:06:37:29 -0400] "POST /wp-admin/admin-ajax.php?action=async_litespeed&nonce=AKhHsRVM15yEoPWKPHMj5FoUw5wMLSae&litespeed_type=imgoptm HTTP/1.1" 200 21 "-" "WordPress/6.8; https://kamrancomputer.com"
66.29.132.124 - - [27/Apr/2025:06:38:04 -0400] "POST /wp-cron.php?doing_wp_cron=1745750284.1162540912628173828125 HTTP/1.1" 200 0 "-" "WordPress/6.8; https://kamrancomputer.com"
57.141.4.29 - - [27/Apr/2025:06:38:03 -0400] "GET /wp-json/oembed/1.0/embed?url=https%3A%2F%2Fkamrancomputer.com%2F2024%2F10%2F18%2Fcasino-las-vegas-online%2F HTTP/1.1" 200 2169 "-" "meta-externalagent/1.1 (+https://developers.facebook.com/docs/sharing/webmasters/crawler)"
57.141.4.9 - - [27/Apr/2025:06:38:07 -0400] "GET /wp-json/oembed/1.0/embed?url=https%3A%2F%2Fkamrancomputer.com%2F2024%2F10%2F18%2Ffreecasino%2F HTTP/1.1" 200 2104 "-" "meta-externalagent/1.1 (+https://developers.facebook.com/docs/sharing/webmasters/crawler)"
66.29.132.124 - - [27/Apr/2025:06:38:47 -0400] "POST /wp-cron.php?doing_wp_cron=1745750327.2197840213775634765625 HTTP/1.1" 200 0 "-" "WordPress/6.8; https://kamrancomputer.com"
57.141.4.20 - - [27/Apr/2025:06:38:46 -0400] "GET /wp-json/wp/v2/posts/12339 HTTP/1.1" 200 5691 "-" "meta-externalagent/1.1 (+https://developers.facebook.com/docs/sharing/webmasters/crawler)"
66.29.132.124 - - [27/Apr/2025:06:38:47 -0400] "POST /wp-admin/admin-ajax.php?action=async_litespeed&nonce=x7y5VUAAjMebJXMlyCMmLHwDMqsfQvZV&litespeed_type=imgoptm HTTP/1.1" 200 0 "-" "WordPress/6.8; https://kamrancomputer.com"
66.29.132.124 - - [27/Apr/2025:06:38:48 -0400] "POST /wp-admin/admin-ajax.php?action=as_async_request_queue_runner&nonce=623bdeb42d HTTP/1.1" 200 0 "-" "WordPress/6.8; https://kamrancomputer.com"
45.55.54.114 - - [27/Apr/2025:06:38:58 -0400] "GET /product/universla-hands-free-silverblue/ HTTP/1.1" 200 28189 "-" "Mozilla/5.0 (Macintosh; Intel Mac OS X 10_15_7) AppleWebKit/537.36 (KHTML, like Gecko) Chrome/124.0.0.0 Safari/537.36"
66.29.132.124 - - [27/Apr/2025:06:40:40 -0400] "POST /wp-cron.php?doing_wp_cron=1745750440.3712990283966064453125 HTTP/1.1" 200 0 "-" "WordPress/6.8; https://kamrancomputer.com"
57.141.4.3 - - [27/Apr/2025:06:40:28 -0400] "GET /wp-json/oembed/1.0/embed?url=https%3A%2F%2Fkamrancomputer.com%2F2024%2F10%2F18%2Fslotigo-online-casino%2F HTTP/1.1" 200 2183 "-" "meta-externalagent/1.1 (+https://developers.facebook.com/docs/sharing/webmasters/crawler)"
66.29.132.124 - - [27/Apr/2025:06:40:41 -0400] "POST /wp-admin/admin-ajax.php?action=async_litespeed&nonce=x8RpUHNPhTkdMPFG9F7vXuFOXxEWWdUi&litespeed_type=imgoptm HTTP/1.1" 200 0 "-" "WordPress/6.8; https://kamrancomputer.com"
66.29.132.124 - - [27/Apr/2025:06:59:18 -0400] "POST /wp-cron.php?doing_wp_cron=1745751558.2177081108093261718750 HTTP/1.1" 200 0 "-" "WordPress/6.8; https://kamrancomputer.com"
57.141.4.3 - - [27/Apr/2025:06:59:13 -0400] "GET /wp-json/oembed/1.0/embed?url=https%3A%2F%2Fkamrancomputer.com%2F2024%2F10%2F18%2F%25E8%25B5%258C%25E5%259C%25BA%2F HTTP/1.1" 200 2138 "-" "meta-externalagent/1.1 (+https://developers.facebook.com/docs/sharing/webmasters/crawler)"
66.29.132.124 - - [27/Apr/2025:06:59:20 -0400] "POST /wp-admin/admin-ajax.php?action=async_litespeed&nonce=FBoHdaolp9NjOSM4k0gQzlARawMEMTXX&litespeed_type=imgoptm HTTP/1.1" 200 0 "-" "WordPress/6.8; https://kamrancomputer.com"
66.29.132.124 - - [27/Apr/2025:06:44:02 -0400] "POST /wp-cron.php?doing_wp_cron=1745750642.2340290546417236328125 HTTP/1.1" 200 0 "-" "WordPress/6.8; https://kamrancomputer.com"
57.141.4.19 - - [27/Apr/2025:06:43:58 -0400] "GET /wp-json/wp/v2/posts/12471 HTTP/1.1" 200 5656 "-" "meta-externalagent/1.1 (+https://developers.facebook.com/docs/sharing/webmasters/crawler)"
66.29.132.124 - - [27/Apr/2025:06:44:02 -0400] "POST /wp-admin/admin-ajax.php?action=async_litespeed&nonce=6Vc2lOmg2k0zbgJHIZvrDK8v0C72oTsm&litespeed_type=imgoptm HTTP/1.1" 200 21 "-" "WordPress/6.8; https://kamrancomputer.com"
66.29.132.124 - - [27/Apr/2025:06:46:49 -0400] "POST /wp-cron.php?doing_wp_cron=1745750808.9792590141296386718750 HTTP/1.1" 200 0 "-" "WordPress/6.8; https://kamrancomputer.com"
57.141.4.3 - - [27/Apr/2025:06:46:45 -0400] "GET /wp-json/wp/v2/posts/7185 HTTP/1.1" 200 6233 "-" "meta-externalagent/1.1 (+https://developers.facebook.com/docs/sharing/webmasters/crawler)"
66.29.132.124 - - [27/Apr/2025:06:46:50 -0400] "POST /wp-admin/admin-ajax.php?action=async_litespeed&nonce=EdSUxfCW0a4iBOONV3IHuNM8UhdI18GE&litespeed_type=imgoptm HTTP/1.1" 200 0 "-" "WordPress/6.8; https://kamrancomputer.com"
66.29.132.124 - - [27/Apr/2025:06:54:57 -0400] "POST /wp-cron.php?doing_wp_cron=1745751297.7328629493713378906250 HTTP/1.1" 200 0 "-" "WordPress/6.8; https://kamrancomputer.com"
66.29.132.124 - - [27/Apr/2025:06:54:59 -0400] "POST /wp-admin/admin-ajax.php?action=async_litespeed&nonce=4My4MhnKJPzczqwjeFDduk2b94h9BfJ5&litespeed_type=imgoptm HTTP/1.1" 200 0 "-" "WordPress/6.8; https://kamrancomputer.com"
57.141.4.20 - - [27/Apr/2025:06:54:43 -0400] "GET /wp-json/wp/v2/posts/13399 HTTP/1.1" 200 6462 "-" "meta-externalagent/1.1 (+https://developers.facebook.com/docs/sharing/webmasters/crawler)"
66.29.132.124 - - [27/Apr/2025:06:57:03 -0400] "POST /wp-cron.php?doing_wp_cron=1745751423.0423738956451416015625 HTTP/1.1" 200 0 "-" "WordPress/6.8; https://kamrancomputer.com"
57.141.4.22 - - [27/Apr/2025:06:56:58 -0400] "GET /wp-json/oembed/1.0/embed?url=https%3A%2F%2Fkamrancomputer.com%2F2024%2F10%2F18%2Fnachste-spielhalle%2F HTTP/1.1" 200 2159 "-" "meta-externalagent/1.1 (+https://developers.facebook.com/docs/sharing/webmasters/crawler)"
66.29.132.124 - - [27/Apr/2025:06:57:03 -0400] "POST /wp-admin/admin-ajax.php?action=async_litespeed&nonce=PzG3h5O4ytNJ48wgEhhfQTa1VuPagMlU&litespeed_type=imgoptm HTTP/1.1" 200 0 "-" "WordPress/6.8; https://kamrancomputer.com"
66.29.132.124 - - [27/Apr/2025:07:05:36 -0400] "POST /wp-cron.php?doing_wp_cron=1745751936.3087689876556396484375 HTTP/1.1" 200 0 "-" "WordPress/6.8; https://kamrancomputer.com"
57.141.4.12 - - [27/Apr/2025:07:05:25 -0400] "GET /?p=14352 HTTP/1.1" 301 0 "-" "meta-externalagent/1.1 (+https://developers.facebook.com/docs/sharing/webmasters/crawler)"
57.141.4.24 - - [27/Apr/2025:07:05:32 -0400] "GET /wp-json/wp/v2/posts/14152 HTTP/1.1" 200 17556 "-" "meta-externalagent/1.1 (+https://developers.facebook.com/docs/sharing/webmasters/crawler)"
66.29.132.124 - - [27/Apr/2025:07:05:36 -0400] "POST /wp-admin/admin-ajax.php?action=async_litespeed&nonce=mzcy1OQBckN7AYAHTFECOzJ9ZL47n794&litespeed_type=imgoptm HTTP/1.1" 200 0 "-" "WordPress/6.8; https://kamrancomputer.com"
66.29.132.124 - - [27/Apr/2025:07:05:37 -0400] "POST /wp-admin/admin-ajax.php?action=as_async_request_queue_runner&nonce=623bdeb42d HTTP/1.1" 200 0 "-" "WordPress/6.8; https://kamrancomputer.com"
193.186.4.61 - - [27/Apr/2025:07:06:03 -0400] "GET / HTTP/1.1" 200 31207 "https://www.google.com/" "Mozilla/5.0 (Windows NT 10.0; Win64; x64) AppleWebKit/537.36 (KHTML, like Gecko) Chrome/135.0.0.0 Safari/537.36"
66.29.132.124 - - [27/Apr/2025:07:06:03 -0400] "POST /wp-cron.php?doing_wp_cron=1745751963.3861548900604248046875 HTTP/1.1" 200 0 "-" "WordPress/6.8; https://kamrancomputer.com"
66.249.93.234 - - [27/Apr/2025:07:06:02 -0400] "GET /.well-known/traffic-advice HTTP/1.1" 404 21773 "-" "Chrome Privacy Preserving Prefetch Proxy"
193.186.4.60 - - [27/Apr/2025:07:06:04 -0400] "GET /shop/ HTTP/1.1" 200 21314 "https://www.google.com/" "Mozilla/5.0 (Windows NT 10.0; Win64; x64) AppleWebKit/537.36 (KHTML, like Gecko) Chrome/135.0.0.0 Safari/537.36"
202.47.39.0 - - [27/Apr/2025:07:06:09 -0400] "GET / HTTP/1.1" 304 0 "https://www.google.com/" "Mozilla/5.0 (Windows NT 10.0; Win64; x64) AppleWebKit/537.36 (KHTML, like Gecko) Chrome/135.0.0.0 Safari/537.36"
202.47.39.0 - - [27/Apr/2025:07:06:09 -0400] "GET /wp-content/plugins/elementor-pro/assets/css/widget-mega-menu.min.css?ver=3.26.2 HTTP/1.1" 404 18499 "https://kamrancomputer.com/" "Mozilla/5.0 (Windows NT 10.0; Win64; x64) AppleWebKit/537.36 (KHTML, like Gecko) Chrome/135.0.0.0 Safari/537.36"
202.47.39.0 - - [27/Apr/2025:07:06:09 -0400] "GET /wp-content/plugins/elementor-pro/assets/css/widget-blockquote.min.css?ver=3.25.0 HTTP/1.1" 404 18498 "https://kamrancomputer.com/" "Mozilla/5.0 (Windows NT 10.0; Win64; x64) AppleWebKit/537.36 (KHTML, like Gecko) Chrome/135.0.0.0 Safari/537.36"
202.47.39.0 - - [27/Apr/2025:07:06:09 -0400] "GET /wp-content/plugins/elementor-pro/assets/css/widget-nav-menu.min.css?ver=3.26.0 HTTP/1.1" 404 18499 "https://kamrancomputer.com/" "Mozilla/5.0 (Windows NT 10.0; Win64; x64) AppleWebKit/537.36 (KHTML, like Gecko) Chrome/135.0.0.0 Safari/537.36"
202.47.39.0 - - [27/Apr/2025:07:06:11 -0400] "POST /?wc-ajax=get_refreshed_fragments HTTP/1.1" 200 1299 "https://kamrancomputer.com/" "Mozilla/5.0 (Windows NT 10.0; Win64; x64) AppleWebKit/537.36 (KHTML, like Gecko) Chrome/135.0.0.0 Safari/537.36"
66.29.132.124 - - [27/Apr/2025:07:06:12 -0400] "POST /wp-cron.php?doing_wp_cron=1745751972.6560840606689453125000 HTTP/1.1" 200 0 "-" "WordPress/6.8; https://kamrancomputer.com"
202.47.39.0 - - [27/Apr/2025:07:06:12 -0400] "POST /wp-admin/admin-ajax.php HTTP/1.1" 200 2 "https://kamrancomputer.com/" "Mozilla/5.0 (Windows NT 10.0; Win64; x64) AppleWebKit/537.36 (KHTML, like Gecko) Chrome/135.0.0.0 Safari/537.36"
202.47.39.0 - - [27/Apr/2025:07:06:12 -0400] "POST /wp-admin/admin-ajax.php HTTP/1.1" 200 2 "https://kamrancomputer.com/" "Mozilla/5.0 (Windows NT 10.0; Win64; x64) AppleWebKit/537.36 (KHTML, like Gecko) Chrome/135.0.0.0 Safari/537.36"
202.47.39.0 - - [27/Apr/2025:07:07:12 -0400] "GET / HTTP/1.1" 304 0 "https://kamrancomputer.com/" "Mozilla/5.0 (Windows NT 10.0; Win64; x64) AppleWebKit/537.36 (KHTML, like Gecko) Chrome/135.0.0.0 Safari/537.36"
202.47.39.0 - - [27/Apr/2025:07:07:12 -0400] "GET /wp-content/plugins/elementor-pro/assets/css/widget-blockquote.min.css?ver=3.25.0 HTTP/1.1" 404 18498 "https://kamrancomputer.com/" "Mozilla/5.0 (Windows NT 10.0; Win64; x64) AppleWebKit/537.36 (KHTML, like Gecko) Chrome/135.0.0.0 Safari/537.36"
202.47.39.0 - - [27/Apr/2025:07:07:12 -0400] "GET /wp-content/plugins/elementor-pro/assets/css/widget-mega-menu.min.css?ver=3.26.2 HTTP/1.1" 404 18499 "https://kamrancomputer.com/" "Mozilla/5.0 (Windows NT 10.0; Win64; x64) AppleWebKit/537.36 (KHTML, like Gecko) Chrome/135.0.0.0 Safari/537.36"
202.47.39.0 - - [27/Apr/2025:07:07:12 -0400] "GET /wp-content/plugins/elementor-pro/assets/css/widget-nav-menu.min.css?ver=3.26.0 HTTP/1.1" 404 18499 "https://kamrancomputer.com/" "Mozilla/5.0 (Windows NT 10.0; Win64; x64) AppleWebKit/537.36 (KHTML, like Gecko) Chrome/135.0.0.0 Safari/537.36"
202.47.39.0 - - [27/Apr/2025:07:07:15 -0400] "GET /print-ads/ HTTP/1.1" 304 0 "https://kamrancomputer.com/" "Mozilla/5.0 (Windows NT 10.0; Win64; x64) AppleWebKit/537.36 (KHTML, like Gecko) Chrome/135.0.0.0 Safari/537.36"
202.47.39.0 - - [27/Apr/2025:07:07:16 -0400] "GET /wp-content/plugins/elementor-pro/assets/css/widget-blockquote.min.css?ver=3.25.0 HTTP/1.1" 404 18498 "https://kamrancomputer.com/print-ads/" "Mozilla/5.0 (Windows NT 10.0; Win64; x64) AppleWebKit/537.36 (KHTML, like Gecko) Chrome/135.0.0.0 Safari/537.36"
202.47.39.0 - - [27/Apr/2025:07:07:16 -0400] "GET /wp-content/plugins/elementor-pro/assets/css/widget-mega-menu.min.css?ver=3.26.2 HTTP/1.1" 404 18499 "https://kamrancomputer.com/print-ads/" "Mozilla/5.0 (Windows NT 10.0; Win64; x64) AppleWebKit/537.36 (KHTML, like Gecko) Chrome/135.0.0.0 Safari/537.36"
202.47.39.0 - - [27/Apr/2025:07:07:16 -0400] "GET /wp-content/plugins/elementor-pro/assets/css/widget-nav-menu.min.css?ver=3.26.0 HTTP/1.1" 404 18499 "https://kamrancomputer.com/print-ads/" "Mozilla/5.0 (Windows NT 10.0; Win64; x64) AppleWebKit/537.36 (KHTML, like Gecko) Chrome/135.0.0.0 Safari/537.36"
202.47.39.0 - - [27/Apr/2025:07:07:33 -0400] "GET / HTTP/1.1" 304 0 "https://kamrancomputer.com/print-ads/" "Mozilla/5.0 (Windows NT 10.0; Win64; x64) AppleWebKit/537.36 (KHTML, like Gecko) Chrome/135.0.0.0 Safari/537.36"
202.47.39.0 - - [27/Apr/2025:07:07:34 -0400] "GET /wp-content/plugins/elementor-pro/assets/css/widget-blockquote.min.css?ver=3.25.0 HTTP/1.1" 404 18498 "https://kamrancomputer.com/" "Mozilla/5.0 (Windows NT 10.0; Win64; x64) AppleWebKit/537.36 (KHTML, like Gecko) Chrome/135.0.0.0 Safari/537.36"
202.47.39.0 - - [27/Apr/2025:07:07:34 -0400] "GET /wp-content/plugins/elementor-pro/assets/css/widget-mega-menu.min.css?ver=3.26.2 HTTP/1.1" 404 18499 "https://kamrancomputer.com/" "Mozilla/5.0 (Windows NT 10.0; Win64; x64) AppleWebKit/537.36 (KHTML, like Gecko) Chrome/135.0.0.0 Safari/537.36"
202.47.39.0 - - [27/Apr/2025:07:07:34 -0400] "GET /wp-content/plugins/elementor-pro/assets/css/widget-nav-menu.min.css?ver=3.26.0 HTTP/1.1" 404 18499 "https://kamrancomputer.com/" "Mozilla/5.0 (Windows NT 10.0; Win64; x64) AppleWebKit/537.36 (KHTML, like Gecko) Chrome/135.0.0.0 Safari/537.36"
66.29.132.124 - - [27/Apr/2025:07:13:06 -0400] "POST /wp-cron.php?doing_wp_cron=1745752386.5979371070861816406250 HTTP/1.1" 200 0 "-" "WordPress/6.8; https://kamrancomputer.com"
57.141.4.1 - - [27/Apr/2025:07:13:01 -0400] "GET /?p=16139 HTTP/1.1" 301 0 "-" "meta-externalagent/1.1 (+https://developers.facebook.com/docs/sharing/webmasters/crawler)"
66.29.132.124 - - [27/Apr/2025:07:13:07 -0400] "POST /wp-admin/admin-ajax.php?action=async_litespeed&nonce=ls4j8eDVFeJvUrNCASB66HGOf3R7Ge1E&litespeed_type=imgoptm HTTP/1.1" 200 0 "-" "WordPress/6.8; https://kamrancomputer.com"
66.29.132.124 - - [27/Apr/2025:07:13:08 -0400] "POST /wp-admin/admin-ajax.php?action=as_async_request_queue_runner&nonce=623bdeb42d HTTP/1.1" 200 0 "-" "WordPress/6.8; https://kamrancomputer.com"
66.29.132.124 - - [27/Apr/2025:07:13:47 -0400] "POST /wp-cron.php?doing_wp_cron=1745752427.4998691082000732421875 HTTP/1.1" 200 0 "-" "WordPress/6.8; https://kamrancomputer.com"
57.141.4.19 - - [27/Apr/2025:07:13:47 -0400] "GET /wp-json/wp/v2/posts/14680 HTTP/1.1" 200 5728 "-" "meta-externalagent/1.1 (+https://developers.facebook.com/docs/sharing/webmasters/crawler)"
66.29.132.124 - - [27/Apr/2025:07:13:47 -0400] "POST /wp-admin/admin-ajax.php?action=async_litespeed&nonce=deieEaMRyFKvMo1qYYhs4sR8EolDR3ep&litespeed_type=imgoptm HTTP/1.1" 200 21 "-" "WordPress/6.8; https://kamrancomputer.com"
66.29.132.124 - - [27/Apr/2025:07:09:15 -0400] "POST /wp-cron.php?doing_wp_cron=1745752155.6612479686737060546875 HTTP/1.1" 200 0 "-" "WordPress/6.8; https://kamrancomputer.com"
66.29.132.124 - - [27/Apr/2025:07:09:16 -0400] "POST /wp-admin/admin-ajax.php?action=async_litespeed&nonce=49TNCKDWemSXYOe5IXgoaQDHbmMHubMd&litespeed_type=imgoptm HTTP/1.1" 200 0 "-" "WordPress/6.8; https://kamrancomputer.com"
57.141.4.8 - - [27/Apr/2025:07:09:06 -0400] "GET /wp-json/oembed/1.0/embed?url=https%3A%2F%2Fkamrancomputer.com%2F2024%2F10%2F18%2Funibet-online-casino-nj%2F HTTP/1.1" 200 2169 "-" "meta-externalagent/1.1 (+https://developers.facebook.com/docs/sharing/webmasters/crawler)"
57.141.4.23 - - [27/Apr/2025:07:15:43 -0400] "GET /wp-json/oembed/1.0/embed?url=https%3A%2F%2Fkamrancomputer.com%2F2024%2F10%2F18%2Fcasinos-australia%2F HTTP/1.1" 200 2139 "-" "meta-externalagent/1.1 (+https://developers.facebook.com/docs/sharing/webmasters/crawler)"
66.29.132.124 - - [27/Apr/2025:07:20:48 -0400] "POST /wp-cron.php?doing_wp_cron=1745752848.0744628906250000000000 HTTP/1.1" 200 0 "-" "WordPress/6.8; https://kamrancomputer.com"
57.141.4.19 - - [27/Apr/2025:07:20:38 -0400] "GET /wp-json/oembed/1.0/embed?url=https%3A%2F%2Fkamrancomputer.com%2F2024%2F10%2F18%2Fdendi-kazino%2F HTTP/1.1" 200 2312 "-" "meta-externalagent/1.1 (+https://developers.facebook.com/docs/sharing/webmasters/crawler)"
66.29.132.124 - - [27/Apr/2025:07:20:49 -0400] "POST /wp-admin/admin-ajax.php?action=async_litespeed&nonce=cv7bha3zxM55QkozXIDnmG7g2T4ZrRCc&litespeed_type=imgoptm HTTP/1.1" 200 0 "-" "WordPress/6.8; https://kamrancomputer.com"
66.29.132.124 - - [27/Apr/2025:07:22:09 -0400] "POST /wp-cron.php?doing_wp_cron=1745752929.9024560451507568359375 HTTP/1.1" 200 0 "-" "WordPress/6.8; https://kamrancomputer.com"
66.29.137.63 - - [27/Apr/2025:07:22:09 -0400] "GET /xmlrpc.php HTTP/1.1" 405 60 "http://kamrancomputer.com" "Mozilla/5.0 (Windows NT 11.0; Win64; x64) AppleWebKit/537.36 (KHTML, like Gecko) Chrome/126.0.0.0 Safari/537.36 Edg/126.0.0.0"
66.29.132.124 - - [27/Apr/2025:07:22:10 -0400] "POST /wp-admin/admin-ajax.php?action=async_litespeed&nonce=ss1JmVJY4r3L6m81CFd9RgwPtxLRwqvZ&litespeed_type=imgoptm HTTP/1.1" 200 21 "-" "WordPress/6.8; https://kamrancomputer.com"
66.29.132.124 - - [27/Apr/2025:07:25:47 -0400] "POST /wp-cron.php?doing_wp_cron=1745753147.4935998916625976562500 HTTP/1.1" 200 0 "-" "WordPress/6.8; https://kamrancomputer.com"
57.141.4.4 - - [27/Apr/2025:07:25:37 -0400] "GET /?p=7996 HTTP/1.1" 301 0 "-" "meta-externalagent/1.1 (+https://developers.facebook.com/docs/sharing/webmasters/crawler)"
66.29.132.124 - - [27/Apr/2025:07:25:48 -0400] "POST /wp-admin/admin-ajax.php?action=async_litespeed&nonce=X12gBgR2VL8IlDGVn5zzY9L2ty5nDH5k&litespeed_type=imgoptm HTTP/1.1" 200 0 "-" "WordPress/6.8; https://kamrancomputer.com"
66.29.132.124 - - [27/Apr/2025:07:25:49 -0400] "POST /wp-admin/admin-ajax.php?action=as_async_request_queue_runner&nonce=623bdeb42d HTTP/1.1" 200 0 "-" "WordPress/6.8; https://kamrancomputer.com"
66.29.132.124 - - [27/Apr/2025:07:28:36 -0400] "POST /wp-cron.php?doing_wp_cron=1745753316.5122530460357666015625 HTTP/1.1" 200 0 "-" "WordPress/6.8; https://kamrancomputer.com"
57.141.4.9 - - [27/Apr/2025:07:28:32 -0400] "GET /wp-json/wp/v2/posts/8427 HTTP/1.1" 200 5922 "-" "meta-externalagent/1.1 (+https://developers.facebook.com/docs/sharing/webmasters/crawler)"
66.29.132.124 - - [27/Apr/2025:07:28:37 -0400] "POST /wp-admin/admin-ajax.php?action=async_litespeed&nonce=OROM71JdHzs71uKp0Y6nwi3J9lLLPPTq&litespeed_type=imgoptm HTTP/1.1" 200 21 "-" "WordPress/6.8; https://kamrancomputer.com"
66.29.132.124 - - [27/Apr/2025:07:28:57 -0400] "POST /wp-cron.php?doing_wp_cron=1745753337.2118289470672607421875 HTTP/1.1" 200 0 "-" "WordPress/6.8; https://kamrancomputer.com"
57.141.4.24 - - [27/Apr/2025:07:28:56 -0400] "GET /wp-json/wp/v2/posts/13508 HTTP/1.1" 200 15487 "-" "meta-externalagent/1.1 (+https://developers.facebook.com/docs/sharing/webmasters/crawler)"
66.29.132.124 - - [27/Apr/2025:07:30:16 -0400] "POST /wp-cron.php?doing_wp_cron=1745753416.0750210285186767578125 HTTP/1.1" 200 0 "-" "WordPress/6.8; https://kamrancomputer.com"
57.141.4.10 - - [27/Apr/2025:07:30:14 -0400] "GET /wp-json/wp/v2/posts/15562 HTTP/1.1" 200 5181 "-" "meta-externalagent/1.1 (+https://developers.facebook.com/docs/sharing/webmasters/crawler)"
66.29.132.124 - - [27/Apr/2025:07:30:18 -0400] "POST /wp-admin/admin-ajax.php?action=async_litespeed&nonce=ozvH3HBdRDG5Fwnicl0u0G5Ts294uap9&litespeed_type=imgoptm HTTP/1.1" 200 0 "-" "WordPress/6.8; https://kamrancomputer.com"
66.29.146.73 - - [27/Apr/2025:07:34:57 -0400] "GET /xmlrpc.php HTTP/1.1" 200 0 "http://kamrancomputer.com" "Mozilla/5.0 (Macintosh; Intel Mac OS X 10_15_7; rv:128.0) Gecko/20100101 Firefox/128.0"
66.29.132.124 - - [27/Apr/2025:07:35:11 -0400] "POST /wp-cron.php?doing_wp_cron=1745753711.6382789611816406250000 HTTP/1.1" 200 0 "-" "WordPress/6.8; https://kamrancomputer.com"
66.29.132.124 - - [27/Apr/2025:07:35:12 -0400] "POST /wp-admin/admin-ajax.php?action=async_litespeed&nonce=VnSjcA0ze7qF2ZiGvY2x04UZ3Z9kZTVV&litespeed_type=imgoptm HTTP/1.1" 200 0 "-" "WordPress/6.8; https://kamrancomputer.com"
124.221.245.78 - - [27/Apr/2025:07:38:31 -0400] "GET / HTTP/1.1" 200 37825 "http://kamrancomputer.com" "Mozilla/5.0 (iPhone; CPU iPhone OS 13_2_3 like Mac OS X) AppleWebKit/605.1.15 (KHTML, like Gecko) Version/13.0.3 Mobile/15E148 Safari/604.1"
66.29.132.124 - - [27/Apr/2025:07:39:19 -0400] "POST /wp-cron.php?doing_wp_cron=1745753959.6906321048736572265625 HTTP/1.1" 200 0 "-" "WordPress/6.8; https://kamrancomputer.com"
57.141.4.9 - - [27/Apr/2025:07:39:16 -0400] "GET /wp-json/wp/v2/posts/14170 HTTP/1.1" 200 6071 "-" "meta-externalagent/1.1 (+https://developers.facebook.com/docs/sharing/webmasters/crawler)"
66.29.132.124 - - [27/Apr/2025:07:39:20 -0400] "POST /wp-admin/admin-ajax.php?action=async_litespeed&nonce=hkjfNslXdfu4nLJCECHMvDFFKqSHJzBm&litespeed_type=imgoptm HTTP/1.1" 200 0 "-" "WordPress/6.8; https://kamrancomputer.com"
66.29.132.124 - - [27/Apr/2025:07:39:21 -0400] "POST /wp-admin/admin-ajax.php?action=as_async_request_queue_runner&nonce=623bdeb42d HTTP/1.1" 200 0 "-" "WordPress/6.8; https://kamrancomputer.com"
66.29.132.124 - - [27/Apr/2025:07:44:05 -0400] "POST /wp-cron.php?doing_wp_cron=1745754245.3798499107360839843750 HTTP/1.1" 200 0 "-" "WordPress/6.8; https://kamrancomputer.com"
57.141.4.4 - - [27/Apr/2025:07:44:02 -0400] "GET /wp-json/wp/v2/posts/11372 HTTP/1.1" 200 5251 "-" "meta-externalagent/1.1 (+https://developers.facebook.com/docs/sharing/webmasters/crawler)"
66.29.132.124 - - [27/Apr/2025:07:44:05 -0400] "POST /wp-admin/admin-ajax.php?action=async_litespeed&nonce=t1O6OmQYz2RRmTJHz8FG4kdY4tjbATSm&litespeed_type=imgoptm HTTP/1.1" 200 0 "-" "WordPress/6.8; https://kamrancomputer.com"
66.29.132.124 - - [27/Apr/2025:07:44:06 -0400] "POST /wp-admin/admin-ajax.php?action=as_async_request_queue_runner&nonce=623bdeb42d HTTP/1.1" 200 0 "-" "WordPress/6.8; https://kamrancomputer.com"
66.29.132.124 - - [27/Apr/2025:07:44:07 -0400] "GET /wp-json/jetpack/v4/sync/spawn-sync?time=1745754247&request_lock_id=1745754247.8399 HTTP/1.1" 200 0 "-" "WordPress/6.8; https://kamrancomputer.com"
66.29.132.124 - - [27/Apr/2025:07:46:18 -0400] "POST /wp-cron.php?doing_wp_cron=1745754378.2695200443267822265625 HTTP/1.1" 200 0 "-" "WordPress/6.8; https://kamrancomputer.com"
57.141.4.27 - - [27/Apr/2025:07:46:14 -0400] "GET /wp-json/wp/v2/posts/7012 HTTP/1.1" 200 5946 "-" "meta-externalagent/1.1 (+https://developers.facebook.com/docs/sharing/webmasters/crawler)"
66.29.132.124 - - [27/Apr/2025:07:46:18 -0400] "POST /wp-admin/admin-ajax.php?action=async_litespeed&nonce=0g5yd5dz5acMCls1oJVNWHujv3K8sqqn&litespeed_type=imgoptm HTTP/1.1" 200 0 "-" "WordPress/6.8; https://kamrancomputer.com"
66.29.132.124 - - [27/Apr/2025:07:46:19 -0400] "POST /wp-admin/admin-ajax.php?action=as_async_request_queue_runner&nonce=623bdeb42d HTTP/1.1" 200 0 "-" "WordPress/6.8; https://kamrancomputer.com"
66.29.132.124 - - [27/Apr/2025:07:48:05 -0400] "POST /wp-cron.php?doing_wp_cron=1745754485.8429179191589355468750 HTTP/1.1" 200 0 "-" "WordPress/6.8; https://kamrancomputer.com"
57.141.4.14 - - [27/Apr/2025:07:48:02 -0400] "GET /wp-json/wp/v2/posts/16470 HTTP/1.1" 200 5463 "-" "meta-externalagent/1.1 (+https://developers.facebook.com/docs/sharing/webmasters/crawler)"
57.141.4.9 - - [27/Apr/2025:07:48:03 -0400] "GET /wp-json/oembed/1.0/embed?url=https%3A%2F%2Fkamrancomputer.com%2F2024%2F10%2F18%2Fkostenlos-online-casino%2F HTTP/1.1" 200 2169 "-" "meta-externalagent/1.1 (+https://developers.facebook.com/docs/sharing/webmasters/crawler)"
66.29.132.124 - - [27/Apr/2025:07:48:06 -0400] "POST /wp-admin/admin-ajax.php?action=async_litespeed&nonce=0NbUgo5nOIuZR4rqqtnFI9O7X5GMmvSL&litespeed_type=imgoptm HTTP/1.1" 200 21 "-" "WordPress/6.8; https://kamrancomputer.com"
66.29.132.124 - - [27/Apr/2025:07:49:23 -0400] "POST /wp-cron.php?doing_wp_cron=1745754563.3280169963836669921875 HTTP/1.1" 200 0 "-" "WordPress/6.8; https://kamrancomputer.com"
57.141.4.19 - - [27/Apr/2025:07:49:22 -0400] "GET /wp-json/oembed/1.0/embed?url=https%3A%2F%2Fkamrancomputer.com%2F2024%2F10%2F18%2Fgame-online-slot-machine%2F HTTP/1.1" 200 2174 "-" "meta-externalagent/1.1 (+https://developers.facebook.com/docs/sharing/webmasters/crawler)"
66.29.132.124 - - [27/Apr/2025:07:49:23 -0400] "POST /wp-admin/admin-ajax.php?action=async_litespeed&nonce=GU1u5qvC02kBVTubhcf91UGbu4u0CoBA&litespeed_type=imgoptm HTTP/1.1" 200 0 "-" "WordPress/6.8; https://kamrancomputer.com"
66.29.132.124 - - [27/Apr/2025:07:49:23 -0400] "POST /wp-admin/admin-ajax.php?action=as_async_request_queue_runner&nonce=623bdeb42d HTTP/1.1" 200 0 "-" "WordPress/6.8; https://kamrancomputer.com"
66.29.132.124 - - [27/Apr/2025:07:50:32 -0400] "POST /wp-cron.php?doing_wp_cron=1745754632.3986160755157470703125 HTTP/1.1" 200 0 "-" "WordPress/6.8; https://kamrancomputer.com"
57.141.4.26 - - [27/Apr/2025:07:50:32 -0400] "GET /wp-json/oembed/1.0/embed?url=https%3A%2F%2Fkamrancomputer.com%2F2024%2F10%2F18%2Ftop-online-casinos-in-canada%2F HTTP/1.1" 200 2194 "-" "meta-externalagent/1.1 (+https://developers.facebook.com/docs/sharing/webmasters/crawler)"
66.29.132.124 - - [27/Apr/2025:07:50:32 -0400] "POST /wp-admin/admin-ajax.php?action=async_litespeed&nonce=DqsMrqfXLdD8MvM28E5FTZfu8nw8K3mA&litespeed_type=imgoptm HTTP/1.1" 200 21 "-" "WordPress/6.8; https://kamrancomputer.com"
66.29.132.124 - - [27/Apr/2025:07:51:11 -0400] "POST /wp-cron.php?doing_wp_cron=1745754671.5701448917388916015625 HTTP/1.1" 200 0 "-" "WordPress/6.8; https://kamrancomputer.com"
57.141.4.28 - - [27/Apr/2025:07:51:11 -0400] "GET /wp-json/wp/v2/posts/14134 HTTP/1.1" 200 5895 "-" "meta-externalagent/1.1 (+https://developers.facebook.com/docs/sharing/webmasters/crawler)"
66.29.132.124 - - [27/Apr/2025:07:54:28 -0400] "POST /wp-cron.php?doing_wp_cron=1745754868.1132979393005371093750 HTTP/1.1" 200 0 "-" "WordPress/6.8; https://kamrancomputer.com"
104.219.248.8 - - [27/Apr/2025:07:54:24 -0400] "GET /xmlrpc.php HTTP/1.1" 405 46 "http://kamrancomputer.com" "Mozilla/5.0 (Windows NT 10.0; Win64; x64; rv:125.0.1) Gecko/20100101 Firefox/125.0.1"
66.29.132.124 - - [27/Apr/2025:07:54:28 -0400] "POST /wp-admin/admin-ajax.php?action=async_litespeed&nonce=HHz24xMEHllBRbEDjzxnn7m96Q6dEHSY&litespeed_type=imgoptm HTTP/1.1" 200 0 "-" "WordPress/6.8; https://kamrancomputer.com"
66.29.132.124 - - [27/Apr/2025:07:54:29 -0400] "POST /wp-admin/admin-ajax.php?action=as_async_request_queue_runner&nonce=623bdeb42d HTTP/1.1" 200 0 "-" "WordPress/6.8; https://kamrancomputer.com"
66.29.132.124 - - [27/Apr/2025:07:59:08 -0400] "POST /wp-cron.php?doing_wp_cron=1745755148.7466220855712890625000 HTTP/1.1" 200 0 "-" "WordPress/6.8; https://kamrancomputer.com"
57.141.4.27 - - [27/Apr/2025:07:59:04 -0400] "GET /wp-json/oembed/1.0/embed?url=https%3A%2F%2Fkamrancomputer.com%2F2024%2F10%2F18%2Fbeste-online-casino-2024%2F HTTP/1.1" 200 2174 "-" "meta-externalagent/1.1 (+https://developers.facebook.com/docs/sharing/webmasters/crawler)"
66.29.132.124 - - [27/Apr/2025:07:59:09 -0400] "POST /wp-admin/admin-ajax.php?action=async_litespeed&nonce=aty0JboYuHrhAy9c3ZueWVmSqmdaIuUB&litespeed_type=imgoptm HTTP/1.1" 200 21 "-" "WordPress/6.8; https://kamrancomputer.com"
66.29.132.124 - - [27/Apr/2025:08:00:16 -0400] "POST /wp-cron.php?doing_wp_cron=1745755216.2974169254302978515625 HTTP/1.1" 200 0 "-" "WordPress/6.8; https://kamrancomputer.com"
57.141.4.2 - - [27/Apr/2025:08:00:15 -0400] "GET /wp-json/wp/v2/posts/6933 HTTP/1.1" 200 6803 "-" "meta-externalagent/1.1 (+https://developers.facebook.com/docs/sharing/webmasters/crawler)"
66.29.132.124 - - [27/Apr/2025:08:00:17 -0400] "POST /wp-admin/admin-ajax.php?action=async_litespeed&nonce=NZb6n8H0OHTj4SeBTEOpHukCnoQcIbdM&litespeed_type=imgoptm HTTP/1.1" 200 0 "-" "WordPress/6.8; https://kamrancomputer.com"
66.29.132.124 - - [27/Apr/2025:08:00:58 -0400] "POST /wp-cron.php?doing_wp_cron=1745755258.6829121112823486328125 HTTP/1.1" 200 0 "-" "WordPress/6.8; https://kamrancomputer.com"
68.65.120.171 - - [27/Apr/2025:08:00:58 -0400] "GET /xmlrpc.php HTTP/1.1" 405 46 "http://kamrancomputer.com" "Mozilla/5.0 (Macintosh; Intel Mac OS X 10_15_7; rv:125.0.1) Gecko/20100101 Firefox/125.0.1"
66.29.132.124 - - [27/Apr/2025:08:00:59 -0400] "POST /wp-admin/admin-ajax.php?action=async_litespeed&nonce=wsQGbUZzZgMYPVSYMY6WGx7Ts6eFEmm8&litespeed_type=imgoptm HTTP/1.1" 200 21 "-" "WordPress/6.8; https://kamrancomputer.com"
42.236.17.209 - - [27/Apr/2025:08:05:53 -0400] "GET / HTTP/1.1" 200 37825 "https://kamrancomputer.com/" "Mozilla/5.0 (Windows NT 6.1; WOW64) AppleWebKit/537.36 (KHTML, like Gecko) Chrome/50.0.2661.102 Safari/537.36; 360Spider"
66.29.132.124 - - [27/Apr/2025:08:09:11 -0400] "POST /wp-cron.php?doing_wp_cron=1745755751.2119789123535156250000 HTTP/1.1" 200 0 "-" "WordPress/6.8; https://kamrancomputer.com"
57.141.4.9 - - [27/Apr/2025:08:09:05 -0400] "GET /?p=7239 HTTP/1.1" 301 0 "-" "meta-externalagent/1.1 (+https://developers.facebook.com/docs/sharing/webmasters/crawler)"
66.29.132.124 - - [27/Apr/2025:08:09:11 -0400] "POST /wp-admin/admin-ajax.php?action=async_litespeed&nonce=3VEOBbrw3p0bGBaFVqAHXxGR7RJEKWZq&litespeed_type=imgoptm HTTP/1.1" 200 0 "-" "WordPress/6.8; https://kamrancomputer.com"
66.29.132.124 - - [27/Apr/2025:08:09:12 -0400] "POST /wp-admin/admin-ajax.php?action=as_async_request_queue_runner&nonce=0eddb498b2 HTTP/1.1" 200 0 "-" "WordPress/6.8; https://kamrancomputer.com"
66.29.132.124 - - [27/Apr/2025:08:09:13 -0400] "GET /wp-json/jetpack/v4/sync/spawn-sync?time=1745755753&request_lock_id=1745755753.2611 HTTP/1.1" 200 0 "-" "WordPress/6.8; https://kamrancomputer.com"
66.29.132.124 - - [27/Apr/2025:08:09:18 -0400] "GET /wp-json/jetpack/v4/sync/spawn-sync?time=1745755758&request_lock_id=1745755758.7172 HTTP/1.1" 200 0 "-" "WordPress/6.8; https://kamrancomputer.com"
66.29.132.124 - - [27/Apr/2025:08:16:11 -0400] "POST /wp-cron.php?doing_wp_cron=1745756171.8307540416717529296875 HTTP/1.1" 200 0 "-" "WordPress/6.8; https://kamrancomputer.com"
57.141.4.19 - - [27/Apr/2025:08:16:06 -0400] "GET /?p=15663 HTTP/1.1" 301 0 "-" "meta-externalagent/1.1 (+https://developers.facebook.com/docs/sharing/webmasters/crawler)"
66.29.132.124 - - [27/Apr/2025:08:16:12 -0400] "POST /wp-admin/admin-ajax.php?action=async_litespeed&nonce=hSGaWQmId8rxKKY7Am0wzoH75i37ijHp&litespeed_type=imgoptm HTTP/1.1" 200 0 "-" "WordPress/6.8; https://kamrancomputer.com"
66.29.132.124 - - [27/Apr/2025:08:16:13 -0400] "POST /wp-admin/admin-ajax.php?action=as_async_request_queue_runner&nonce=0eddb498b2 HTTP/1.1" 200 0 "-" "WordPress/6.8; https://kamrancomputer.com"
66.29.132.124 - - [27/Apr/2025:08:16:30 -0400] "POST /wp-cron.php?doing_wp_cron=1745756190.5740659236907958984375 HTTP/1.1" 200 0 "-" "WordPress/6.8; https://kamrancomputer.com"
66.29.132.124 - - [27/Apr/2025:08:16:30 -0400] "POST /wp-admin/admin-ajax.php?action=async_litespeed&nonce=dpJNm4XWgBRjSjQhAeBSHVPiAx6lzWOc&litespeed_type=imgoptm HTTP/1.1" 200 21 "-" "WordPress/6.8; https://kamrancomputer.com"
57.141.4.15 - - [27/Apr/2025:08:16:30 -0400] "GET /wp-json/wp/v2/posts/6814 HTTP/1.1" 200 5719 "-" "meta-externalagent/1.1 (+https://developers.facebook.com/docs/sharing/webmasters/crawler)"
37.27.132.172 - - [27/Apr/2025:08:17:23 -0400] "GET /product/mini-wireless-keyboard-tv-box/ HTTP/1.0" 200 126910 "https://kamrancomputer.com/product/mini-wireless-keyboard-tv-box/" "Mozilla/5.0 (Windows NT 10.0; Win64; x64) AppleWebKit/537.36 (KHTML, like Gecko) Chrome/129.0.0.0 Safari/537.36"
66.29.132.124 - - [27/Apr/2025:08:17:25 -0400] "POST /wp-cron.php?doing_wp_cron=1745756245.4110209941864013671875 HTTP/1.1" 200 0 "-" "WordPress/6.8; https://kamrancomputer.com"
66.29.132.124 - - [27/Apr/2025:08:17:25 -0400] "GET /wp-json/jetpack/v4/sync/spawn-sync?time=1745756245&request_lock_id=1745756245.7116 HTTP/1.1" 200 0 "-" "WordPress/6.8; https://kamrancomputer.com"
37.27.132.172 - - [27/Apr/2025:08:17:24 -0400] "POST /wp-comments-post.php HTTP/1.0" 302 0 "https://kamrancomputer.com/product/mini-wireless-keyboard-tv-box/" "Mozilla/5.0 (Windows NT 10.0; Win64; x64) AppleWebKit/537.36 (KHTML, like Gecko) Chrome/129.0.0.0 Safari/537.36"
66.29.132.124 - - [27/Apr/2025:08:17:27 -0400] "POST /wp-cron.php?doing_wp_cron=1745756247.7130959033966064453125 HTTP/1.1" 200 0 "-" "WordPress/6.8; https://kamrancomputer.com"
66.29.132.124 - - [27/Apr/2025:08:17:28 -0400] "POST /wp-admin/admin-ajax.php?action=async_litespeed&nonce=kZQ66qr4jsIBDAlELvTHBtIYeEcStQFB&litespeed_type=imgoptm HTTP/1.1" 200 21 "-" "WordPress/6.8; https://kamrancomputer.com"
37.27.132.172 - - [27/Apr/2025:08:17:27 -0400] "GET /product/mini-wireless-keyboard-tv-box/ HTTP/1.0" 200 128099 "https://kamrancomputer.com/product/mini-wireless-keyboard-tv-box/#comment-384" "Mozilla/5.0 (Windows NT 10.0; Win64; x64) AppleWebKit/537.36 (KHTML, like Gecko) Chrome/129.0.0.0 Safari/537.36"
43.153.36.110 - - [27/Apr/2025:08:17:37 -0400] "GET / HTTP/1.1" 200 37825 "http://kamrancomputer.com" "Mozilla/5.0 (iPhone; CPU iPhone OS 13_2_3 like Mac OS X) AppleWebKit/605.1.15 (KHTML, like Gecko) Version/13.0.3 Mobile/15E148 Safari/604.1"
192.0.89.96 - - [27/Apr/2025:08:18:30 -0400] "GET /feed/ HTTP/1.1" 304 0 "-" "wp.com feedbot/1.0 (+https://wp.com)"
66.29.132.124 - - [27/Apr/2025:08:20:45 -0400] "POST /wp-cron.php?doing_wp_cron=1745756445.6495199203491210937500 HTTP/1.1" 200 0 "-" "WordPress/6.8; https://kamrancomputer.com"
68.65.122.90 - - [27/Apr/2025:08:20:42 -0400] "GET /xmlrpc.php HTTP/1.1" 405 60 "http://kamrancomputer.com" "Mozilla/5.0 (Windows NT 10.0; Win64; x64) AppleWebKit/537.36 (KHTML, like Gecko) Chrome/114.0.5735.134 Safari/537.36"
66.29.132.124 - - [27/Apr/2025:08:20:46 -0400] "POST /wp-admin/admin-ajax.php?action=async_litespeed&nonce=ecGUYsbcDyPaAwZVBBLc4kKabn6ekAGz&litespeed_type=imgoptm HTTP/1.1" 200 21 "-" "WordPress/6.8; https://kamrancomputer.com"
66.29.132.124 - - [27/Apr/2025:08:22:37 -0400] "POST /wp-cron.php?doing_wp_cron=1745756557.3831980228424072265625 HTTP/1.1" 200 0 "-" "WordPress/6.8; https://kamrancomputer.com"
57.141.4.15 - - [27/Apr/2025:08:22:33 -0400] "GET /?p=13888 HTTP/1.1" 301 0 "-" "meta-externalagent/1.1 (+https://developers.facebook.com/docs/sharing/webmasters/crawler)"
66.29.132.124 - - [27/Apr/2025:08:22:38 -0400] "POST /wp-admin/admin-ajax.php?action=async_litespeed&nonce=clNYEt1EtF9pIiBU0NSWOyERDJIGPRbo&litespeed_type=imgoptm HTTP/1.1" 200 21 "-" "WordPress/6.8; https://kamrancomputer.com"
212.34.147.119 - - [27/Apr/2025:08:25:39 -0400] "GET /product/mini-wireless-keyboard-tv-box/ HTTP/1.0" 200 126910 "https://kamrancomputer.com/product/mini-wireless-keyboard-tv-box/" "Mozilla/5.0 (Windows NT 6.3; WOW64) AppleWebKit/537.36 (KHTML, like Gecko) Chrome/103.0.0.0 Safari/537.36"
66.29.132.124 - - [27/Apr/2025:08:25:45 -0400] "POST /wp-cron.php?doing_wp_cron=1745756745.2919869422912597656250 HTTP/1.1" 200 0 "-" "WordPress/6.8; https://kamrancomputer.com"
66.29.132.124 - - [27/Apr/2025:08:25:45 -0400] "GET /wp-json/jetpack/v4/sync/spawn-sync?time=1745756745&request_lock_id=1745756745.714 HTTP/1.1" 200 0 "-" "WordPress/6.8; https://kamrancomputer.com"
212.34.147.119 - - [27/Apr/2025:08:25:41 -0400] "POST /wp-comments-post.php HTTP/1.0" 302 0 "https://kamrancomputer.com/product/mini-wireless-keyboard-tv-box/" "Mozilla/5.0 (Windows NT 6.3; WOW64) AppleWebKit/537.36 (KHTML, like Gecko) Chrome/103.0.0.0 Safari/537.36"
66.29.132.124 - - [27/Apr/2025:08:25:46 -0400] "POST /wp-admin/admin-ajax.php?action=async_litespeed&nonce=zAozmDM8G8avzL2eZuqlW4qU8G4mw30X&litespeed_type=imgoptm HTTP/1.1" 200 21 "-" "WordPress/6.8; https://kamrancomputer.com"
57.141.4.26 - - [27/Apr/2025:08:25:46 -0400] "GET /wp-json/oembed/1.0/embed?url=https%3A%2F%2Fkamrancomputer.com%2F2024%2F10%2F18%2Fbetmgm-blackjack%2F HTTP/1.1" 200 2134 "-" "meta-externalagent/1.1 (+https://developers.facebook.com/docs/sharing/webmasters/crawler)"
212.34.147.119 - - [27/Apr/2025:08:25:47 -0400] "GET /product/mini-wireless-keyboard-tv-box/ HTTP/1.0" 200 127904 "https://kamrancomputer.com/product/mini-wireless-keyboard-tv-box/#comment-385" "Mozilla/5.0 (Windows NT 6.3; WOW64) AppleWebKit/537.36 (KHTML, like Gecko) Chrome/103.0.0.0 Safari/537.36"
66.29.132.124 - - [27/Apr/2025:08:26:29 -0400] "POST /wp-cron.php?doing_wp_cron=1745756789.2135679721832275390625 HTTP/1.1" 200 0 "-" "WordPress/6.8; https://kamrancomputer.com"
57.141.4.28 - - [27/Apr/2025:08:26:28 -0400] "GET /wp-json/wp/v2/posts/8526 HTTP/1.1" 200 5568 "-" "meta-externalagent/1.1 (+https://developers.facebook.com/docs/sharing/webmasters/crawler)"
66.29.132.124 - - [27/Apr/2025:08:26:29 -0400] "POST /wp-admin/admin-ajax.php?action=async_litespeed&nonce=LsEY4jByIDXfk7LC3FUbiNfqvZz5OJCc&litespeed_type=imgoptm HTTP/1.1" 200 21 "-" "WordPress/6.8; https://kamrancomputer.com"
192.0.89.191 - - [27/Apr/2025:08:26:50 -0400] "GET /feed/ HTTP/1.1" 304 0 "-" "wp.com feedbot/1.0 (+https://wp.com)"
66.29.132.124 - - [27/Apr/2025:08:30:00 -0400] "POST /wp-cron.php?doing_wp_cron=1745757000.0146689414978027343750 HTTP/1.1" 200 0 "-" "WordPress/6.8; https://kamrancomputer.com"
57.141.4.20 - - [27/Apr/2025:08:29:56 -0400] "GET /?p=14161 HTTP/1.1" 301 0 "-" "meta-externalagent/1.1 (+https://developers.facebook.com/docs/sharing/webmasters/crawler)"
66.29.132.124 - - [27/Apr/2025:08:30:00 -0400] "POST /wp-admin/admin-ajax.php?action=async_litespeed&nonce=1jnhCQirEisJPLWfYc8miF7Iliwt7sQH&litespeed_type=imgoptm HTTP/1.1" 200 21 "-" "WordPress/6.8; https://kamrancomputer.com"
77.238.237.38 - - [27/Apr/2025:08:33:04 -0400] "GET /product/mini-wireless-keyboard-tv-box/ HTTP/1.0" 200 126910 "https://kamrancomputer.com/product/mini-wireless-keyboard-tv-box/" "Mozilla/5.0 (Windows NT 10.0; Win64; x64) AppleWebKit/537.36 (KHTML, like Gecko) Chrome/131.0.0.0 Safari/537.36"
66.29.132.124 - - [27/Apr/2025:08:33:09 -0400] "POST /wp-cron.php?doing_wp_cron=1745757189.9187140464782714843750 HTTP/1.1" 200 0 "-" "WordPress/6.8; https://kamrancomputer.com"
66.29.132.124 - - [27/Apr/2025:08:33:10 -0400] "GET /wp-json/jetpack/v4/sync/spawn-sync?time=1745757190&request_lock_id=1745757190.7861 HTTP/1.1" 200 0 "-" "WordPress/6.8; https://kamrancomputer.com"
66.29.132.124 - - [27/Apr/2025:08:33:10 -0400] "POST /wp-admin/admin-ajax.php?action=async_litespeed&nonce=3q8mNimbTgdwFeFk8m4h5KdyfjAqINpy&litespeed_type=imgoptm HTTP/1.1" 200 0 "-" "WordPress/6.8; https://kamrancomputer.com"
77.238.237.38 - - [27/Apr/2025:08:33:06 -0400] "POST /wp-comments-post.php HTTP/1.0" 302 0 "https://kamrancomputer.com/product/mini-wireless-keyboard-tv-box/" "Mozilla/5.0 (Windows NT 10.0; Win64; x64) AppleWebKit/537.36 (KHTML, like Gecko) Chrome/131.0.0.0 Safari/537.36"
