20.15.133.175 - - [27/Apr/2025:16:26:06 -0400] "GET /2024/10/19/online-casino-visa/ HTTP/1.1" 200 21172 "-" "Mozilla/5.0 AppleWebKit/537.36 (KHTML, like Gecko; compatible; bingbot/2.0; +http://www.bing.com/bingbot.htm) Chrome/116.0.1938.76 Safari/537.36"
49.51.33.159 - - [27/Apr/2025:16:33:28 -0400] "GET /computer/ HTTP/1.1" 200 21985 "-" "Mozilla/5.0 (iPhone; CPU iPhone OS 13_2_3 like Mac OS X) AppleWebKit/605.1.15 (KHTML, like Gecko) Version/13.0.3 Mobile/15E148 Safari/604.1"
66.29.132.124 - - [27/Apr/2025:16:42:29 -0400] "POST /wp-cron.php?doing_wp_cron=1745786548.8840200901031494140625 HTTP/1.1" 200 0 "-" "WordPress/6.8; https://kamrancomputer.com"
66.29.132.124 - - [27/Apr/2025:16:42:31 -0400] "POST /wp-admin/admin-ajax.php?action=async_litespeed&nonce=PiR7ce5LkDEZmn6iyo0wBVh9LKXDGaJ3&litespeed_type=imgoptm HTTP/1.1" 200 0 "-" "WordPress/6.8; https://kamrancomputer.com"
43.135.144.126 - - [27/Apr/2025:16:42:07 -0400] "GET /product-category/bags-laptop/ HTTP/1.1" 200 23627 "-" "Mozilla/5.0 (iPhone; CPU iPhone OS 13_2_3 like Mac OS X) AppleWebKit/605.1.15 (KHTML, like Gecko) Version/13.0.3 Mobile/15E148 Safari/604.1"
66.29.132.124 - - [27/Apr/2025:16:45:31 -0400] "POST /wp-cron.php?doing_wp_cron=1745786731.2661049365997314453125 HTTP/1.1" 200 0 "-" "WordPress/6.8; https://kamrancomputer.com"
57.141.4.23 - - [27/Apr/2025:16:45:14 -0400] "GET /wp-json/wp/v2/posts/10508 HTTP/1.1" 200 6414 "-" "meta-externalagent/1.1 (+https://developers.facebook.com/docs/sharing/webmasters/crawler)"
66.29.132.124 - - [27/Apr/2025:16:45:34 -0400] "POST /wp-admin/admin-ajax.php?action=async_litespeed&nonce=srmdAJK8zNMGPP999hddd3DniEWBHWmz&litespeed_type=imgoptm HTTP/1.1" 200 0 "-" "WordPress/6.8; https://kamrancomputer.com"
66.29.132.124 - - [27/Apr/2025:16:48:30 -0400] "POST /wp-cron.php?doing_wp_cron=1745786910.4357750415802001953125 HTTP/1.1" 200 0 "-" "WordPress/6.8; https://kamrancomputer.com"
57.141.4.2 - - [27/Apr/2025:16:48:25 -0400] "GET /wp-json/wp/v2/posts/8518 HTTP/1.1" 200 6411 "-" "meta-externalagent/1.1 (+https://developers.facebook.com/docs/sharing/webmasters/crawler)"
66.29.132.124 - - [27/Apr/2025:16:48:33 -0400] "POST /wp-admin/admin-ajax.php?action=async_litespeed&nonce=gFpEdh0iUXgGtllSnXLUgwDzxowfiKhf&litespeed_type=imgoptm HTTP/1.1" 200 21 "-" "WordPress/6.8; https://kamrancomputer.com"
66.29.132.124 - - [27/Apr/2025:16:50:13 -0400] "POST /wp-cron.php?doing_wp_cron=1745787013.5668148994445800781250 HTTP/1.1" 200 0 "-" "WordPress/6.8; https://kamrancomputer.com"
57.141.4.30 - - [27/Apr/2025:16:50:06 -0400] "GET /wp-json/wp/v2/posts/6857 HTTP/1.1" 200 5701 "-" "meta-externalagent/1.1 (+https://developers.facebook.com/docs/sharing/webmasters/crawler)"
66.29.132.124 - - [27/Apr/2025:16:50:15 -0400] "POST /wp-admin/admin-ajax.php?action=async_litespeed&nonce=bsfYLyJev3N7el6HHJoETWUiAsy107Pn&litespeed_type=imgoptm HTTP/1.1" 200 0 "-" "WordPress/6.8; https://kamrancomputer.com"
4.227.36.30 - - [27/Apr/2025:16:51:48 -0400] "GET /robots.txt HTTP/1.1" 200 402 "-" "Mozilla/5.0 AppleWebKit/537.36 (KHTML, like Gecko; compatible; GPTBot/1.2; +https://openai.com/gptbot)"
66.29.132.124 - - [27/Apr/2025:16:51:53 -0400] "POST /wp-cron.php?doing_wp_cron=1745787113.2586340904235839843750 HTTP/1.1" 200 0 "-" "WordPress/6.8; https://kamrancomputer.com"
43.135.142.7 - - [27/Apr/2025:16:51:51 -0400] "GET /?p=1 HTTP/1.1" 301 0 "-" "Mozilla/5.0 (iPhone; CPU iPhone OS 13_2_3 like Mac OS X) AppleWebKit/605.1.15 (KHTML, like Gecko) Version/13.0.3 Mobile/15E148 Safari/604.1"
20.171.207.125 - - [27/Apr/2025:16:51:48 -0400] "GET /?p=4586 HTTP/1.1" 301 0 "-" "Mozilla/5.0 AppleWebKit/537.36 (KHTML, like Gecko; compatible; GPTBot/1.2; +https://openai.com/gptbot)"
20.171.207.125 - - [27/Apr/2025:16:51:53 -0400] "GET /wp-json/wp/v2/posts/4586 HTTP/1.1" 200 6550 "-" "Mozilla/5.0 AppleWebKit/537.36 (KHTML, like Gecko; compatible; GPTBot/1.2; +https://openai.com/gptbot)"
66.29.132.124 - - [27/Apr/2025:16:51:54 -0400] "POST /wp-admin/admin-ajax.php?action=async_litespeed&nonce=UoYwiyhY1CawvQ4P9rbrpRU2drCnMGD7&litespeed_type=imgoptm HTTP/1.1" 200 0 "-" "WordPress/6.8; https://kamrancomputer.com"
43.135.142.7 - - [27/Apr/2025:16:51:55 -0400] "GET /2024/08/06/hello-world/ HTTP/1.1" 200 23781 "https://kamrancomputer.com/?p=1" "Mozilla/5.0 (iPhone; CPU iPhone OS 13_2_3 like Mac OS X) AppleWebKit/605.1.15 (KHTML, like Gecko) Version/13.0.3 Mobile/15E148 Safari/604.1"
20.171.207.125 - - [27/Apr/2025:16:51:58 -0400] "GET /?p=15792 HTTP/1.1" 301 0 "-" "Mozilla/5.0 AppleWebKit/537.36 (KHTML, like Gecko; compatible; GPTBot/1.2; +https://openai.com/gptbot)"
20.171.207.125 - - [27/Apr/2025:16:52:03 -0400] "GET /wp-json/wp/v2/posts/15792 HTTP/1.1" 200 5613 "-" "Mozilla/5.0 AppleWebKit/537.36 (KHTML, like Gecko; compatible; GPTBot/1.2; +https://openai.com/gptbot)"
20.171.207.125 - - [27/Apr/2025:16:52:07 -0400] "GET /?p=17418 HTTP/1.1" 301 0 "-" "Mozilla/5.0 AppleWebKit/537.36 (KHTML, like Gecko; compatible; GPTBot/1.2; +https://openai.com/gptbot)"
20.171.207.125 - - [27/Apr/2025:16:52:11 -0400] "GET /wp-json/wp/v2/posts/17418 HTTP/1.1" 200 18229 "-" "Mozilla/5.0 AppleWebKit/537.36 (KHTML, like Gecko; compatible; GPTBot/1.2; +https://openai.com/gptbot)"
20.171.207.125 - - [27/Apr/2025:16:52:14 -0400] "GET /2024/10/14/online-gambling-casino-real-money/ HTTP/1.1" 200 20627 "-" "Mozilla/5.0 AppleWebKit/537.36 (KHTML, like Gecko; compatible; GPTBot/1.2; +https://openai.com/gptbot)"
20.171.207.125 - - [27/Apr/2025:16:52:18 -0400] "GET /2024/10/18/ontario-online-casinos/ HTTP/1.1" 200 20138 "-" "Mozilla/5.0 AppleWebKit/537.36 (KHTML, like Gecko; compatible; GPTBot/1.2; +https://openai.com/gptbot)"
20.171.207.125 - - [27/Apr/2025:16:52:20 -0400] "GET /?p=2480 HTTP/1.1" 301 0 "-" "Mozilla/5.0 AppleWebKit/537.36 (KHTML, like Gecko; compatible; GPTBot/1.2; +https://openai.com/gptbot)"
20.171.207.125 - - [27/Apr/2025:16:52:23 -0400] "GET /2024/10/18/roks-kazino-zerkalo-na-segodnya/ HTTP/1.1" 200 22263 "-" "Mozilla/5.0 AppleWebKit/537.36 (KHTML, like Gecko; compatible; GPTBot/1.2; +https://openai.com/gptbot)"
66.29.132.124 - - [27/Apr/2025:16:52:26 -0400] "POST /wp-cron.php?doing_wp_cron=1745787146.1070189476013183593750 HTTP/1.1" 200 0 "-" "WordPress/6.8; https://kamrancomputer.com"
20.171.207.125 - - [27/Apr/2025:16:52:25 -0400] "GET /wp-json/wp/v2/posts/2480 HTTP/1.1" 200 5446 "-" "Mozilla/5.0 AppleWebKit/537.36 (KHTML, like Gecko; compatible; GPTBot/1.2; +https://openai.com/gptbot)"
66.29.132.124 - - [27/Apr/2025:16:52:26 -0400] "POST /wp-admin/admin-ajax.php?action=async_litespeed&nonce=StYWyuVxA8oCj6XKXPYkIdY1bAtX3hwI&litespeed_type=imgoptm HTTP/1.1" 200 21 "-" "WordPress/6.8; https://kamrancomputer.com"
20.171.207.125 - - [27/Apr/2025:16:52:27 -0400] "GET /?p=1309 HTTP/1.1" 301 0 "-" "Mozilla/5.0 AppleWebKit/537.36 (KHTML, like Gecko; compatible; GPTBot/1.2; +https://openai.com/gptbot)"
20.171.207.125 - - [27/Apr/2025:16:52:29 -0400] "GET /wp-json/wp/v2/posts/1309 HTTP/1.1" 200 19048 "-" "Mozilla/5.0 AppleWebKit/537.36 (KHTML, like Gecko; compatible; GPTBot/1.2; +https://openai.com/gptbot)"
20.171.207.125 - - [27/Apr/2025:16:52:31 -0400] "GET /2024/10/14/online-gambling-casino-real-money/online-gambling-statistics.jpg HTTP/1.1" 404 18529 "-" "Mozilla/5.0 AppleWebKit/537.36 (KHTML, like Gecko; compatible; GPTBot/1.2; +https://openai.com/gptbot)"
20.171.207.125 - - [27/Apr/2025:16:52:32 -0400] "GET /2024/10/14/online-gambling-casino-real-money/popular-online-casino-games.jpg HTTP/1.1" 404 18530 "-" "Mozilla/5.0 AppleWebKit/537.36 (KHTML, like Gecko; compatible; GPTBot/1.2; +https://openai.com/gptbot)"
20.171.207.125 - - [27/Apr/2025:16:52:34 -0400] "GET /wp-json/elementskit/v1/ HTTP/1.1" 404 114 "-" "Mozilla/5.0 AppleWebKit/537.36 (KHTML, like Gecko; compatible; GPTBot/1.2; +https://openai.com/gptbot)"
20.171.207.125 - - [27/Apr/2025:16:52:35 -0400] "GET /wp-json/oembed/1.0/embed?url=https%3A%2F%2Fkamrancomputer.com%2F2024%2F10%2F14%2Fonline-gambling-casino-real-money%2F HTTP/1.1" 200 2219 "-" "Mozilla/5.0 AppleWebKit/537.36 (KHTML, like Gecko; compatible; GPTBot/1.2; +https://openai.com/gptbot)"
20.171.207.125 - - [27/Apr/2025:16:52:37 -0400] "GET /wp-json/oembed/1.0/embed?url=https%3A%2F%2Fkamrancomputer.com%2F2024%2F10%2F18%2Fontario-online-casinos%2F HTTP/1.1" 200 2164 "-" "Mozilla/5.0 AppleWebKit/537.36 (KHTML, like Gecko; compatible; GPTBot/1.2; +https://openai.com/gptbot)"
20.171.207.125 - - [27/Apr/2025:16:52:38 -0400] "GET /2024/10/14/new-wv-online-casino/ HTTP/1.1" 200 20308 "-" "Mozilla/5.0 AppleWebKit/537.36 (KHTML, like Gecko; compatible; GPTBot/1.2; +https://openai.com/gptbot)"
20.171.207.125 - - [27/Apr/2025:16:52:39 -0400] "GET /wp-json/oembed/1.0/embed?format=xml&url=https%3A%2F%2Fkamrancomputer.com%2F2024%2F10%2F14%2Fonline-gambling-casino-real-money%2F HTTP/1.1" 200 1050 "-" "Mozilla/5.0 AppleWebKit/537.36 (KHTML, like Gecko; compatible; GPTBot/1.2; +https://openai.com/gptbot)"
20.171.207.125 - - [27/Apr/2025:16:52:40 -0400] "GET /?p=20253 HTTP/1.1" 301 0 "-" "Mozilla/5.0 AppleWebKit/537.36 (KHTML, like Gecko; compatible; GPTBot/1.2; +https://openai.com/gptbot)"
20.171.207.125 - - [27/Apr/2025:16:52:41 -0400] "GET /?p=8759 HTTP/1.1" 301 0 "-" "Mozilla/5.0 AppleWebKit/537.36 (KHTML, like Gecko; compatible; GPTBot/1.2; +https://openai.com/gptbot)"
20.171.207.125 - - [27/Apr/2025:16:52:43 -0400] "GET /?p=20258 HTTP/1.1" 301 0 "-" "Mozilla/5.0 AppleWebKit/537.36 (KHTML, like Gecko; compatible; GPTBot/1.2; +https://openai.com/gptbot)"
20.171.207.125 - - [27/Apr/2025:16:52:44 -0400] "GET /?p=11629 HTTP/1.1" 301 0 "-" "Mozilla/5.0 AppleWebKit/537.36 (KHTML, like Gecko; compatible; GPTBot/1.2; +https://openai.com/gptbot)"
20.171.207.125 - - [27/Apr/2025:16:52:45 -0400] "GET /2024/10/14/kazino-vulkan-chempion/ HTTP/1.1" 200 22505 "-" "Mozilla/5.0 AppleWebKit/537.36 (KHTML, like Gecko; compatible; GPTBot/1.2; +https://openai.com/gptbot)"
20.171.207.125 - - [27/Apr/2025:16:52:46 -0400] "GET /wp-json/wp/v2/posts/11629 HTTP/1.1" 200 5847 "-" "Mozilla/5.0 AppleWebKit/537.36 (KHTML, like Gecko; compatible; GPTBot/1.2; +https://openai.com/gptbot)"
20.171.207.125 - - [27/Apr/2025:16:52:48 -0400] "GET /?p=16958 HTTP/1.1" 301 0 "-" "Mozilla/5.0 AppleWebKit/537.36 (KHTML, like Gecko; compatible; GPTBot/1.2; +https://openai.com/gptbot)"
20.171.207.125 - - [27/Apr/2025:16:52:49 -0400] "GET /wp-json/wp/v2/posts/20253 HTTP/1.1" 200 5707 "-" "Mozilla/5.0 AppleWebKit/537.36 (KHTML, like Gecko; compatible; GPTBot/1.2; +https://openai.com/gptbot)"
20.171.207.125 - - [27/Apr/2025:16:52:51 -0400] "GET /?p=2587 HTTP/1.1" 301 0 "-" "Mozilla/5.0 AppleWebKit/537.36 (KHTML, like Gecko; compatible; GPTBot/1.2; +https://openai.com/gptbot)"
66.29.132.124 - - [27/Apr/2025:16:52:53 -0400] "POST /wp-cron.php?doing_wp_cron=1745787173.3655040264129638671875 HTTP/1.1" 200 0 "-" "WordPress/6.8; https://kamrancomputer.com"
20.171.207.125 - - [27/Apr/2025:16:52:52 -0400] "GET /2024/10/14/online-gambling-casino-real-money/embed/ HTTP/1.1" 200 22829 "-" "Mozilla/5.0 AppleWebKit/537.36 (KHTML, like Gecko; compatible; GPTBot/1.2; +https://openai.com/gptbot)"
20.171.207.125 - - [27/Apr/2025:16:52:54 -0400] "GET /2024/10/19/kostenlos-ohne-anmeldung-poker-spielen/ HTTP/1.1" 200 20231 "-" "Mozilla/5.0 AppleWebKit/537.36 (KHTML, like Gecko; compatible; GPTBot/1.2; +https://openai.com/gptbot)"
20.171.207.125 - - [27/Apr/2025:16:52:56 -0400] "GET /?p=2590 HTTP/1.1" 301 0 "-" "Mozilla/5.0 AppleWebKit/537.36 (KHTML, like Gecko; compatible; GPTBot/1.2; +https://openai.com/gptbot)"
20.171.207.125 - - [27/Apr/2025:16:52:58 -0400] "GET /?p=1437 HTTP/1.1" 301 0 "-" "Mozilla/5.0 AppleWebKit/537.36 (KHTML, like Gecko; compatible; GPTBot/1.2; +https://openai.com/gptbot)"
20.171.207.125 - - [27/Apr/2025:16:53:00 -0400] "GET /2024/10/19/online-casinos-mit-bonus-ohne-einzahlung/ HTTP/1.1" 200 20132 "-" "Mozilla/5.0 AppleWebKit/537.36 (KHTML, like Gecko; compatible; GPTBot/1.2; +https://openai.com/gptbot)"
57.141.4.10 - - [27/Apr/2025:16:53:02 -0400] "GET /wp-json/oembed/1.0/embed?url=https%3A%2F%2Fkamrancomputer.com%2F2024%2F10%2F18%2Fonline-casino-mit-paysafecard%2F HTTP/1.1" 200 2199 "-" "meta-externalagent/1.1 (+https://developers.facebook.com/docs/sharing/webmasters/crawler)"
20.171.207.125 - - [27/Apr/2025:16:53:01 -0400] "GET /2024/10/18/betting-agencies-in-australia/ HTTP/1.1" 200 20313 "-" "Mozilla/5.0 AppleWebKit/537.36 (KHTML, like Gecko; compatible; GPTBot/1.2; +https://openai.com/gptbot)"
20.171.207.125 - - [27/Apr/2025:16:53:03 -0400] "GET /2024/10/14/new-wv-online-casino/security_measures_diagram.png HTTP/1.1" 404 18529 "-" "Mozilla/5.0 AppleWebKit/537.36 (KHTML, like Gecko; compatible; GPTBot/1.2; +https://openai.com/gptbot)"
20.171.207.125 - - [27/Apr/2025:16:53:06 -0400] "GET /?p=2774 HTTP/1.1" 301 0 "-" "Mozilla/5.0 AppleWebKit/537.36 (KHTML, like Gecko; compatible; GPTBot/1.2; +https://openai.com/gptbot)"
20.171.207.125 - - [27/Apr/2025:16:53:08 -0400] "GET /2024/10/18/chances-online-casino/ HTTP/1.1" 200 20394 "-" "Mozilla/5.0 AppleWebKit/537.36 (KHTML, like Gecko; compatible; GPTBot/1.2; +https://openai.com/gptbot)"
20.171.207.125 - - [27/Apr/2025:16:53:11 -0400] "GET /2024/10/14/pokies-in-melbourne/ HTTP/1.1" 200 20151 "-" "Mozilla/5.0 AppleWebKit/537.36 (KHTML, like Gecko; compatible; GPTBot/1.2; +https://openai.com/gptbot)"
20.171.207.125 - - [27/Apr/2025:16:53:13 -0400] "GET /2024/10/18/slotspiele/ HTTP/1.1" 200 20513 "-" "Mozilla/5.0 AppleWebKit/537.36 (KHTML, like Gecko; compatible; GPTBot/1.2; +https://openai.com/gptbot)"
20.171.207.125 - - [27/Apr/2025:16:53:16 -0400] "GET /wp-json/elementskit/v1/ HTTP/1.1" 404 114 "-" "Mozilla/5.0 AppleWebKit/537.36 (KHTML, like Gecko; compatible; GPTBot/1.2; +https://openai.com/gptbot)"
20.171.207.125 - - [27/Apr/2025:16:53:19 -0400] "GET /2024/10/14/golden-online/ HTTP/1.1" 200 20605 "-" "Mozilla/5.0 AppleWebKit/537.36 (KHTML, like Gecko; compatible; GPTBot/1.2; +https://openai.com/gptbot)"
20.171.207.125 - - [27/Apr/2025:16:53:22 -0400] "GET /?p=6763 HTTP/1.1" 301 0 "-" "Mozilla/5.0 AppleWebKit/537.36 (KHTML, like Gecko; compatible; GPTBot/1.2; +https://openai.com/gptbot)"
20.171.207.125 - - [27/Apr/2025:16:53:24 -0400] "GET /2024/10/19/online-casinos-mit-bonus-ohne-einzahlung/casino-bonus.jpg HTTP/1.1" 404 18529 "-" "Mozilla/5.0 AppleWebKit/537.36 (KHTML, like Gecko; compatible; GPTBot/1.2; +https://openai.com/gptbot)"
66.29.132.124 - - [27/Apr/2025:16:53:27 -0400] "POST /wp-cron.php?doing_wp_cron=1745787207.5477969646453857421875 HTTP/1.1" 200 0 "-" "WordPress/6.8; https://kamrancomputer.com"
20.171.207.125 - - [27/Apr/2025:16:53:26 -0400] "GET /2024/10/14/best-casino-apps-pa/ HTTP/1.1" 200 20553 "-" "Mozilla/5.0 AppleWebKit/537.36 (KHTML, like Gecko; compatible; GPTBot/1.2; +https://openai.com/gptbot)"
66.29.132.124 - - [27/Apr/2025:16:53:28 -0400] "POST /wp-admin/admin-ajax.php?action=async_litespeed&nonce=FxDbIQwCLJWqBrRk8yF8WkUu4fBn0BD3&litespeed_type=imgoptm HTTP/1.1" 200 21 "-" "WordPress/6.8; https://kamrancomputer.com"
20.171.207.125 - - [27/Apr/2025:16:53:28 -0400] "GET /2024/10/18/online-mobile-casino/ HTTP/1.1" 200 20083 "-" "Mozilla/5.0 AppleWebKit/537.36 (KHTML, like Gecko; compatible; GPTBot/1.2; +https://openai.com/gptbot)"
20.171.207.125 - - [27/Apr/2025:16:53:30 -0400] "GET /2024/10/14/real-money-casino-app-usa/ HTTP/1.1" 200 20607 "-" "Mozilla/5.0 AppleWebKit/537.36 (KHTML, like Gecko; compatible; GPTBot/1.2; +https://openai.com/gptbot)"
20.171.207.125 - - [27/Apr/2025:16:53:33 -0400] "GET /?p=10638 HTTP/1.1" 301 0 "-" "Mozilla/5.0 AppleWebKit/537.36 (KHTML, like Gecko; compatible; GPTBot/1.2; +https://openai.com/gptbot)"
20.171.207.125 - - [27/Apr/2025:16:53:35 -0400] "GET /wp-json/wp/v2/posts/20258 HTTP/1.1" 200 5819 "-" "Mozilla/5.0 AppleWebKit/537.36 (KHTML, like Gecko; compatible; GPTBot/1.2; +https://openai.com/gptbot)"
20.171.207.125 - - [27/Apr/2025:16:53:36 -0400] "GET /wp-json/oembed/1.0/embed?url=https%3A%2F%2Fkamrancomputer.com%2F2024%2F10%2F18%2Fslotspiele%2F HTTP/1.1" 200 2104 "-" "Mozilla/5.0 AppleWebKit/537.36 (KHTML, like Gecko; compatible; GPTBot/1.2; +https://openai.com/gptbot)"
20.171.207.125 - - [27/Apr/2025:16:53:38 -0400] "GET /wp-json/oembed/1.0/embed?format=xml&url=https%3A%2F%2Fkamrancomputer.com%2F2024%2F10%2F18%2Fslotspiele%2F HTTP/1.1" 200 1017 "-" "Mozilla/5.0 AppleWebKit/537.36 (KHTML, like Gecko; compatible; GPTBot/1.2; +https://openai.com/gptbot)"
20.171.207.125 - - [27/Apr/2025:16:53:39 -0400] "GET /2024/10/14/pokies-in-melbourne/melbourne-pokies.jpg HTTP/1.1" 404 18529 "-" "Mozilla/5.0 AppleWebKit/537.36 (KHTML, like Gecko; compatible; GPTBot/1.2; +https://openai.com/gptbot)"
20.171.207.125 - - [27/Apr/2025:16:53:41 -0400] "GET /wp-json/oembed/1.0/embed?url=https%3A%2F%2Fkamrancomputer.com%2F2024%2F10%2F18%2Froks-kazino-zerkalo-na-segodnya%2F HTTP/1.1" 200 2674 "-" "Mozilla/5.0 AppleWebKit/537.36 (KHTML, like Gecko; compatible; GPTBot/1.2; +https://openai.com/gptbot)"
20.171.207.125 - - [27/Apr/2025:16:53:42 -0400] "GET /wp-json/wp/v2/posts/1437 HTTP/1.1" 200 6864 "-" "Mozilla/5.0 AppleWebKit/537.36 (KHTML, like Gecko; compatible; GPTBot/1.2; +https://openai.com/gptbot)"
20.171.207.125 - - [27/Apr/2025:16:53:44 -0400] "GET /?p=12965 HTTP/1.1" 301 0 "-" "Mozilla/5.0 AppleWebKit/537.36 (KHTML, like Gecko; compatible; GPTBot/1.2; +https://openai.com/gptbot)"
20.171.207.125 - - [27/Apr/2025:16:53:45 -0400] "GET /?p=11874 HTTP/1.1" 301 0 "-" "Mozilla/5.0 AppleWebKit/537.36 (KHTML, like Gecko; compatible; GPTBot/1.2; +https://openai.com/gptbot)"
20.171.207.125 - - [27/Apr/2025:16:53:46 -0400] "GET /wp-json/wp/v2/posts/12965 HTTP/1.1" 200 6053 "-" "Mozilla/5.0 AppleWebKit/537.36 (KHTML, like Gecko; compatible; GPTBot/1.2; +https://openai.com/gptbot)"
20.171.207.125 - - [27/Apr/2025:16:53:48 -0400] "GET /2024/10/18/the-crown-casino-online/ HTTP/1.1" 200 20660 "-" "Mozilla/5.0 AppleWebKit/537.36 (KHTML, like Gecko; compatible; GPTBot/1.2; +https://openai.com/gptbot)"
20.171.207.125 - - [27/Apr/2025:16:53:49 -0400] "GET /wp-json/wp/v2/posts/11874 HTTP/1.1" 200 5058 "-" "Mozilla/5.0 AppleWebKit/537.36 (KHTML, like Gecko; compatible; GPTBot/1.2; +https://openai.com/gptbot)"
20.171.207.125 - - [27/Apr/2025:16:53:50 -0400] "GET /wp-json/wp/v2/posts/8759 HTTP/1.1" 200 5768 "-" "Mozilla/5.0 AppleWebKit/537.36 (KHTML, like Gecko; compatible; GPTBot/1.2; +https://openai.com/gptbot)"
66.29.132.124 - - [27/Apr/2025:16:53:52 -0400] "POST /wp-cron.php?doing_wp_cron=1745787232.8354089260101318359375 HTTP/1.1" 200 0 "-" "WordPress/6.8; https://kamrancomputer.com"
20.171.207.125 - - [27/Apr/2025:16:53:52 -0400] "GET /2024/10/18/slotspiele/embed/ HTTP/1.1" 200 22814 "-" "Mozilla/5.0 AppleWebKit/537.36 (KHTML, like Gecko; compatible; GPTBot/1.2; +https://openai.com/gptbot)"
20.171.207.125 - - [27/Apr/2025:16:53:53 -0400] "GET /?p=9096 HTTP/1.1" 301 0 "-" "Mozilla/5.0 AppleWebKit/537.36 (KHTML, like Gecko; compatible; GPTBot/1.2; +https://openai.com/gptbot)"
20.171.207.125 - - [27/Apr/2025:16:53:55 -0400] "GET /wp-json/wp/v2/posts/2587 HTTP/1.1" 200 5085 "-" "Mozilla/5.0 AppleWebKit/537.36 (KHTML, like Gecko; compatible; GPTBot/1.2; +https://openai.com/gptbot)"
20.171.207.125 - - [27/Apr/2025:16:53:57 -0400] "GET /wp-json/wp/v2/posts/2590 HTTP/1.1" 200 6131 "-" "Mozilla/5.0 AppleWebKit/537.36 (KHTML, like Gecko; compatible; GPTBot/1.2; +https://openai.com/gptbot)"
20.171.207.125 - - [27/Apr/2025:16:53:58 -0400] "GET /2024/10/18/real-cash-casino-online/ HTTP/1.1" 200 20567 "-" "Mozilla/5.0 AppleWebKit/537.36 (KHTML, like Gecko; compatible; GPTBot/1.2; +https://openai.com/gptbot)"
20.171.207.125 - - [27/Apr/2025:16:54:00 -0400] "GET /2024/10/18/binbong/ HTTP/1.1" 200 19799 "-" "Mozilla/5.0 AppleWebKit/537.36 (KHTML, like Gecko; compatible; GPTBot/1.2; +https://openai.com/gptbot)"
20.171.207.125 - - [27/Apr/2025:16:54:02 -0400] "GET /wp-json/wp/v2/posts/6763 HTTP/1.1" 200 5852 "-" "Mozilla/5.0 AppleWebKit/537.36 (KHTML, like Gecko; compatible; GPTBot/1.2; +https://openai.com/gptbot)"
20.171.207.125 - - [27/Apr/2025:16:54:03 -0400] "GET /2024/10/18/the-crown-casino-online/crown-casino-online.jpg HTTP/1.1" 404 18529 "-" "Mozilla/5.0 AppleWebKit/537.36 (KHTML, like Gecko; compatible; GPTBot/1.2; +https://openai.com/gptbot)"
20.171.207.125 - - [27/Apr/2025:16:54:05 -0400] "GET /wp-json/elementskit/v1/ HTTP/1.1" 404 114 "-" "Mozilla/5.0 AppleWebKit/537.36 (KHTML, like Gecko; compatible; GPTBot/1.2; +https://openai.com/gptbot)"
20.171.207.125 - - [27/Apr/2025:16:54:06 -0400] "GET /wp-json/wp/v2/posts/9096 HTTP/1.1" 200 5609 "-" "Mozilla/5.0 AppleWebKit/537.36 (KHTML, like Gecko; compatible; GPTBot/1.2; +https://openai.com/gptbot)"
20.171.207.125 - - [27/Apr/2025:16:54:08 -0400] "GET /?p=8262 HTTP/1.1" 301 0 "-" "Mozilla/5.0 AppleWebKit/537.36 (KHTML, like Gecko; compatible; GPTBot/1.2; +https://openai.com/gptbot)"
20.171.207.125 - - [27/Apr/2025:16:54:09 -0400] "GET /2024/10/18/wheel-of-fortune-online-casino/ HTTP/1.1" 200 20354 "-" "Mozilla/5.0 AppleWebKit/537.36 (KHTML, like Gecko; compatible; GPTBot/1.2; +https://openai.com/gptbot)"
20.171.207.125 - - [27/Apr/2025:16:54:11 -0400] "GET /?p=6942 HTTP/1.1" 301 0 "-" "Mozilla/5.0 AppleWebKit/537.36 (KHTML, like Gecko; compatible; GPTBot/1.2; +https://openai.com/gptbot)"
20.171.207.125 - - [27/Apr/2025:16:54:13 -0400] "GET /?p=15814 HTTP/1.1" 301 0 "-" "Mozilla/5.0 AppleWebKit/537.36 (KHTML, like Gecko; compatible; GPTBot/1.2; +https://openai.com/gptbot)"
20.171.207.125 - - [27/Apr/2025:16:54:14 -0400] "GET /2024/10/18/windcreekbethlehem/ HTTP/1.1" 200 20286 "-" "Mozilla/5.0 AppleWebKit/537.36 (KHTML, like Gecko; compatible; GPTBot/1.2; +https://openai.com/gptbot)"
20.171.207.125 - - [27/Apr/2025:16:54:16 -0400] "GET /?p=22567 HTTP/1.1" 301 0 "-" "Mozilla/5.0 AppleWebKit/537.36 (KHTML, like Gecko; compatible; GPTBot/1.2; +https://openai.com/gptbot)"
20.171.207.125 - - [27/Apr/2025:16:54:18 -0400] "GET /2024/10/18/real-cash-casino-online/game_variety.jpg HTTP/1.1" 404 18529 "-" "Mozilla/5.0 AppleWebKit/537.36 (KHTML, like Gecko; compatible; GPTBot/1.2; +https://openai.com/gptbot)"
20.171.207.125 - - [27/Apr/2025:16:54:20 -0400] "GET /2024/10/18/real-cash-casino-online/mobile_gaming_statistics.jpg HTTP/1.1" 404 18529 "-" "Mozilla/5.0 AppleWebKit/537.36 (KHTML, like Gecko; compatible; GPTBot/1.2; +https://openai.com/gptbot)"
20.171.207.125 - - [27/Apr/2025:16:54:22 -0400] "GET /2024/10/18/online-gaminator/ HTTP/1.1" 200 22019 "-" "Mozilla/5.0 AppleWebKit/537.36 (KHTML, like Gecko; compatible; GPTBot/1.2; +https://openai.com/gptbot)"
20.171.207.125 - - [27/Apr/2025:16:54:23 -0400] "GET /?p=17745 HTTP/1.1" 301 0 "-" "Mozilla/5.0 AppleWebKit/537.36 (KHTML, like Gecko; compatible; GPTBot/1.2; +https://openai.com/gptbot)"
66.29.132.124 - - [27/Apr/2025:16:54:26 -0400] "POST /wp-cron.php?doing_wp_cron=1745787266.0565409660339355468750 HTTP/1.1" 200 0 "-" "WordPress/6.8; https://kamrancomputer.com"
20.171.207.125 - - [27/Apr/2025:16:54:25 -0400] "GET /2024/10/18/best-internet-casino/ HTTP/1.1" 200 20377 "-" "Mozilla/5.0 AppleWebKit/537.36 (KHTML, like Gecko; compatible; GPTBot/1.2; +https://openai.com/gptbot)"
66.29.132.124 - - [27/Apr/2025:16:54:27 -0400] "POST /wp-admin/admin-ajax.php?action=async_litespeed&nonce=ksC2TEFPQXlaowICpHXRJGZdq1dPmsLK&litespeed_type=imgoptm HTTP/1.1" 200 0 "-" "WordPress/6.8; https://kamrancomputer.com"
20.171.207.125 - - [27/Apr/2025:16:54:27 -0400] "GET /2024/10/18/wheel-of-fortune-online-casino/wheel-of-fortune-casino.jpg HTTP/1.1" 404 18529 "-" "Mozilla/5.0 AppleWebKit/537.36 (KHTML, like Gecko; compatible; GPTBot/1.2; +https://openai.com/gptbot)"
20.171.207.125 - - [27/Apr/2025:16:54:29 -0400] "GET /wp-json/oembed/1.0/embed?format=xml&url=https%3A%2F%2Fkamrancomputer.com%2F2024%2F10%2F18%2Fwheel-of-fortune-online-casino%2F HTTP/1.1" 200 1043 "-" "Mozilla/5.0 AppleWebKit/537.36 (KHTML, like Gecko; compatible; GPTBot/1.2; +https://openai.com/gptbot)"
20.171.207.125 - - [27/Apr/2025:16:54:31 -0400] "GET /?p=2000 HTTP/1.1" 301 0 "-" "Mozilla/5.0 AppleWebKit/537.36 (KHTML, like Gecko; compatible; GPTBot/1.2; +https://openai.com/gptbot)"
20.171.207.125 - - [27/Apr/2025:16:54:33 -0400] "GET /2024/10/18/windcreekbethlehem/images/windcreek-bethlehem.jpg HTTP/1.1" 404 18529 "-" "Mozilla/5.0 AppleWebKit/537.36 (KHTML, like Gecko; compatible; GPTBot/1.2; +https://openai.com/gptbot)"
20.171.207.125 - - [27/Apr/2025:16:54:34 -0400] "GET /2024/10/19/license-lookup-nsw/ HTTP/1.1" 200 20598 "-" "Mozilla/5.0 AppleWebKit/537.36 (KHTML, like Gecko; compatible; GPTBot/1.2; +https://openai.com/gptbot)"
20.171.207.125 - - [27/Apr/2025:16:54:36 -0400] "GET /wp-json/wp/v2/posts/15814 HTTP/1.1" 200 5865 "-" "Mozilla/5.0 AppleWebKit/537.36 (KHTML, like Gecko; compatible; GPTBot/1.2; +https://openai.com/gptbot)"
20.171.207.125 - - [27/Apr/2025:16:54:37 -0400] "GET /wp-json/wp/v2/posts/17745 HTTP/1.1" 200 6086 "-" "Mozilla/5.0 AppleWebKit/537.36 (KHTML, like Gecko; compatible; GPTBot/1.2; +https://openai.com/gptbot)"
20.171.207.125 - - [27/Apr/2025:16:54:38 -0400] "GET /wp-json/wp/v2/posts/22567 HTTP/1.1" 200 6533 "-" "Mozilla/5.0 AppleWebKit/537.36 (KHTML, like Gecko; compatible; GPTBot/1.2; +https://openai.com/gptbot)"
20.171.207.125 - - [27/Apr/2025:16:54:40 -0400] "GET /wp-json/wp/v2/posts/6942 HTTP/1.1" 200 15339 "-" "Mozilla/5.0 AppleWebKit/537.36 (KHTML, like Gecko; compatible; GPTBot/1.2; +https://openai.com/gptbot)"
20.171.207.125 - - [27/Apr/2025:16:54:41 -0400] "GET /?p=819 HTTP/1.1" 301 0 "-" "Mozilla/5.0 AppleWebKit/537.36 (KHTML, like Gecko; compatible; GPTBot/1.2; +https://openai.com/gptbot)"
20.171.207.125 - - [27/Apr/2025:16:54:42 -0400] "GET /2024/10/18/best-internet-casino/casino-example.jpg HTTP/1.1" 404 18530 "-" "Mozilla/5.0 AppleWebKit/537.36 (KHTML, like Gecko; compatible; GPTBot/1.2; +https://openai.com/gptbot)"
20.171.207.125 - - [27/Apr/2025:16:54:43 -0400] "GET /2024/10/18/wheel-of-fortune-online-casino/embed/ HTTP/1.1" 200 22821 "-" "Mozilla/5.0 AppleWebKit/537.36 (KHTML, like Gecko; compatible; GPTBot/1.2; +https://openai.com/gptbot)"
20.171.207.125 - - [27/Apr/2025:16:54:44 -0400] "GET /2024/10/14/ontario-slots-online/ HTTP/1.1" 200 20511 "-" "Mozilla/5.0 AppleWebKit/537.36 (KHTML, like Gecko; compatible; GPTBot/1.2; +https://openai.com/gptbot)"
20.171.207.125 - - [27/Apr/2025:16:54:46 -0400] "GET /2024/10/19/pa-casino-app/ HTTP/1.1" 200 20420 "-" "Mozilla/5.0 AppleWebKit/537.36 (KHTML, like Gecko; compatible; GPTBot/1.2; +https://openai.com/gptbot)"
20.171.207.125 - - [27/Apr/2025:16:54:47 -0400] "GET /?p=20908 HTTP/1.1" 301 0 "-" "Mozilla/5.0 AppleWebKit/537.36 (KHTML, like Gecko; compatible; GPTBot/1.2; +https://openai.com/gptbot)"
20.171.207.125 - - [27/Apr/2025:16:54:48 -0400] "GET /2024/10/19/license-lookup-nsw/license-lookup-nsw.png HTTP/1.1" 404 18530 "-" "Mozilla/5.0 AppleWebKit/537.36 (KHTML, like Gecko; compatible; GPTBot/1.2; +https://openai.com/gptbot)"
20.171.207.125 - - [27/Apr/2025:16:54:49 -0400] "GET /wp-json/wp/v2/posts/20908 HTTP/1.1" 200 5498 "-" "Mozilla/5.0 AppleWebKit/537.36 (KHTML, like Gecko; compatible; GPTBot/1.2; +https://openai.com/gptbot)"
20.171.207.125 - - [27/Apr/2025:16:54:50 -0400] "GET /wp-json/wp/v2/posts/819 HTTP/1.1" 200 6087 "-" "Mozilla/5.0 AppleWebKit/537.36 (KHTML, like Gecko; compatible; GPTBot/1.2; +https://openai.com/gptbot)"
66.29.132.124 - - [27/Apr/2025:16:54:52 -0400] "POST /wp-cron.php?doing_wp_cron=1745787292.4358630180358886718750 HTTP/1.1" 200 0 "-" "WordPress/6.8; https://kamrancomputer.com"
20.171.207.125 - - [27/Apr/2025:16:54:51 -0400] "GET /?p=5119 HTTP/1.1" 301 0 "-" "Mozilla/5.0 AppleWebKit/537.36 (KHTML, like Gecko; compatible; GPTBot/1.2; +https://openai.com/gptbot)"
20.171.207.125 - - [27/Apr/2025:16:54:53 -0400] "GET /2024/10/14/real-money-online-slots/ HTTP/1.1" 200 20575 "-" "Mozilla/5.0 AppleWebKit/537.36 (KHTML, like Gecko; compatible; GPTBot/1.2; +https://openai.com/gptbot)"
20.171.207.125 - - [27/Apr/2025:16:54:54 -0400] "GET /wp-json/wp/v2/posts/5119 HTTP/1.1" 200 5707 "-" "Mozilla/5.0 AppleWebKit/537.36 (KHTML, like Gecko; compatible; GPTBot/1.2; +https://openai.com/gptbot)"
20.171.207.125 - - [27/Apr/2025:16:54:55 -0400] "GET /wp-json/wp/v2/posts/10638 HTTP/1.1" 200 6553 "-" "Mozilla/5.0 AppleWebKit/537.36 (KHTML, like Gecko; compatible; GPTBot/1.2; +https://openai.com/gptbot)"
20.171.207.125 - - [27/Apr/2025:16:54:56 -0400] "GET /wp-json/wp/v2/posts/16958 HTTP/1.1" 200 5958 "-" "Mozilla/5.0 AppleWebKit/537.36 (KHTML, like Gecko; compatible; GPTBot/1.2; +https://openai.com/gptbot)"
20.171.207.125 - - [27/Apr/2025:16:54:57 -0400] "GET /wp-json/wp/v2/posts/2774 HTTP/1.1" 200 6130 "-" "Mozilla/5.0 AppleWebKit/537.36 (KHTML, like Gecko; compatible; GPTBot/1.2; +https://openai.com/gptbot)"
20.171.207.125 - - [27/Apr/2025:16:54:58 -0400] "GET /2024/10/19/olg-slots-online/ HTTP/1.1" 200 19959 "-" "Mozilla/5.0 AppleWebKit/537.36 (KHTML, like Gecko; compatible; GPTBot/1.2; +https://openai.com/gptbot)"
20.171.207.125 - - [27/Apr/2025:16:55:00 -0400] "GET /wp-json/wp/v2/posts/8262 HTTP/1.1" 200 5800 "-" "Mozilla/5.0 AppleWebKit/537.36 (KHTML, like Gecko; compatible; GPTBot/1.2; +https://openai.com/gptbot)"
20.171.207.125 - - [27/Apr/2025:16:55:01 -0400] "GET /wp-json/oembed/1.0/embed?url=https%3A%2F%2Fkamrancomputer.com%2F2024%2F10%2F19%2Fonline-casinos-mit-bonus-ohne-einzahlung%2F HTTP/1.1" 200 2254 "-" "Mozilla/5.0 AppleWebKit/537.36 (KHTML, like Gecko; compatible; GPTBot/1.2; +https://openai.com/gptbot)"
20.171.207.125 - - [27/Apr/2025:16:55:02 -0400] "GET /wp-json/oembed/1.0/embed?url=https%3A%2F%2Fkamrancomputer.com%2F2024%2F10%2F19%2Fkostenlos-ohne-anmeldung-poker-spielen%2F HTTP/1.1" 200 2244 "-" "Mozilla/5.0 AppleWebKit/537.36 (KHTML, like Gecko; compatible; GPTBot/1.2; +https://openai.com/gptbot)"
20.171.207.125 - - [27/Apr/2025:16:55:03 -0400] "GET /?p=16931 HTTP/1.1" 301 0 "-" "Mozilla/5.0 AppleWebKit/537.36 (KHTML, like Gecko; compatible; GPTBot/1.2; +https://openai.com/gptbot)"
20.171.207.125 - - [27/Apr/2025:16:55:05 -0400] "GET /2024/10/14/aussie-casino-games/ HTTP/1.1" 200 20321 "-" "Mozilla/5.0 AppleWebKit/537.36 (KHTML, like Gecko; compatible; GPTBot/1.2; +https://openai.com/gptbot)"
20.171.207.125 - - [27/Apr/2025:16:55:08 -0400] "GET /?p=11082 HTTP/1.1" 301 0 "-" "Mozilla/5.0 AppleWebKit/537.36 (KHTML, like Gecko; compatible; GPTBot/1.2; +https://openai.com/gptbot)"
20.171.207.125 - - [27/Apr/2025:16:55:12 -0400] "GET /wp-json/wp/v2/posts/16931 HTTP/1.1" 200 5336 "-" "Mozilla/5.0 AppleWebKit/537.36 (KHTML, like Gecko; compatible; GPTBot/1.2; +https://openai.com/gptbot)"
20.171.207.125 - - [27/Apr/2025:16:55:15 -0400] "GET /?p=13706 HTTP/1.1" 301 0 "-" "Mozilla/5.0 AppleWebKit/537.36 (KHTML, like Gecko; compatible; GPTBot/1.2; +https://openai.com/gptbot)"
157.230.19.244 - - [27/Apr/2025:16:55:15 -0400] "GET /product/webcam-a4tech-pk710g/ HTTP/1.1" 200 28122 "-" "Mozilla/5.0 (Macintosh; Intel Mac OS X 10_15_7) AppleWebKit/537.36 (KHTML, like Gecko) Chrome/124.0.0.0 Safari/537.36"
20.171.207.125 - - [27/Apr/2025:16:55:17 -0400] "GET /wp-json/wp/v2/posts/11082 HTTP/1.1" 200 6857 "-" "Mozilla/5.0 AppleWebKit/537.36 (KHTML, like Gecko; compatible; GPTBot/1.2; +https://openai.com/gptbot)"
20.171.207.125 - - [27/Apr/2025:16:55:20 -0400] "GET /wp-json/wp/v2/posts/13706 HTTP/1.1" 200 16567 "-" "Mozilla/5.0 AppleWebKit/537.36 (KHTML, like Gecko; compatible; GPTBot/1.2; +https://openai.com/gptbot)"
20.171.207.125 - - [27/Apr/2025:16:55:22 -0400] "GET /wp-json/oembed/1.0/embed?url=https%3A%2F%2Fkamrancomputer.com%2F2024%2F10%2F14%2Fnew-wv-online-casino%2F HTTP/1.1" 200 2154 "-" "Mozilla/5.0 AppleWebKit/537.36 (KHTML, like Gecko; compatible; GPTBot/1.2; +https://openai.com/gptbot)"
20.171.207.125 - - [27/Apr/2025:16:55:24 -0400] "GET /wp-json/oembed/1.0/embed?url=https%3A%2F%2Fkamrancomputer.com%2F2024%2F10%2F14%2Fbest-casino-apps-pa%2F HTTP/1.1" 200 2149 "-" "Mozilla/5.0 AppleWebKit/537.36 (KHTML, like Gecko; compatible; GPTBot/1.2; +https://openai.com/gptbot)"
66.29.132.124 - - [27/Apr/2025:16:55:26 -0400] "POST /wp-cron.php?doing_wp_cron=1745787326.5433509349822998046875 HTTP/1.1" 200 0 "-" "WordPress/6.8; https://kamrancomputer.com"
20.171.207.125 - - [27/Apr/2025:16:55:26 -0400] "GET /wp-json/oembed/1.0/embed?url=https%3A%2F%2Fkamrancomputer.com%2F2024%2F10%2F14%2Fpokies-in-melbourne%2F HTTP/1.1" 200 2149 "-" "Mozilla/5.0 AppleWebKit/537.36 (KHTML, like Gecko; compatible; GPTBot/1.2; +https://openai.com/gptbot)"
66.29.132.124 - - [27/Apr/2025:16:55:27 -0400] "POST /wp-admin/admin-ajax.php?action=async_litespeed&nonce=XTOKlDLu8iJR5NljxfvaYgtGRtUVApE4&litespeed_type=imgoptm HTTP/1.1" 200 0 "-" "WordPress/6.8; https://kamrancomputer.com"
20.171.207.125 - - [27/Apr/2025:16:55:27 -0400] "GET /?p=1418 HTTP/1.1" 301 0 "-" "Mozilla/5.0 AppleWebKit/537.36 (KHTML, like Gecko; compatible; GPTBot/1.2; +https://openai.com/gptbot)"
20.171.207.125 - - [27/Apr/2025:16:55:29 -0400] "GET /2024/10/18/new-online-casinos/ HTTP/1.1" 200 21337 "-" "Mozilla/5.0 AppleWebKit/537.36 (KHTML, like Gecko; compatible; GPTBot/1.2; +https://openai.com/gptbot)"
20.171.207.125 - - [27/Apr/2025:16:55:31 -0400] "GET /2024/10/18/online-casino-mit-google-play-bezahlen/ HTTP/1.1" 200 20730 "-" "Mozilla/5.0 AppleWebKit/537.36 (KHTML, like Gecko; compatible; GPTBot/1.2; +https://openai.com/gptbot)"
20.171.207.125 - - [27/Apr/2025:16:55:34 -0400] "GET /?p=13466 HTTP/1.1" 301 0 "-" "Mozilla/5.0 AppleWebKit/537.36 (KHTML, like Gecko; compatible; GPTBot/1.2; +https://openai.com/gptbot)"
20.171.207.125 - - [27/Apr/2025:16:55:36 -0400] "GET /?p=5130 HTTP/1.1" 301 0 "-" "Mozilla/5.0 AppleWebKit/537.36 (KHTML, like Gecko; compatible; GPTBot/1.2; +https://openai.com/gptbot)"
20.171.207.125 - - [27/Apr/2025:16:55:39 -0400] "GET /2024/10/18/vivaro-kazino/ HTTP/1.1" 200 26643 "-" "Mozilla/5.0 AppleWebKit/537.36 (KHTML, like Gecko; compatible; GPTBot/1.2; +https://openai.com/gptbot)"
20.171.207.125 - - [27/Apr/2025:16:55:41 -0400] "GET /?p=13589 HTTP/1.1" 301 0 "-" "Mozilla/5.0 AppleWebKit/537.36 (KHTML, like Gecko; compatible; GPTBot/1.2; +https://openai.com/gptbot)"
20.171.207.125 - - [27/Apr/2025:16:55:43 -0400] "GET /2024/10/14/aussie-casino-games/aussie-casino-games.jpg HTTP/1.1" 404 18529 "-" "Mozilla/5.0 AppleWebKit/537.36 (KHTML, like Gecko; compatible; GPTBot/1.2; +https://openai.com/gptbot)"
20.171.207.125 - - [27/Apr/2025:16:55:45 -0400] "GET /?p=18129 HTTP/1.1" 301 0 "-" "Mozilla/5.0 AppleWebKit/537.36 (KHTML, like Gecko; compatible; GPTBot/1.2; +https://openai.com/gptbot)"
20.171.207.125 - - [27/Apr/2025:16:55:47 -0400] "GET /adminer-4.6.0.php HTTP/1.1" 404 18529 "-" "Mozilla/5.0 AppleWebKit/537.36 (KHTML, like Gecko; compatible; GPTBot/1.2; +https://openai.com/gptbot)"
20.171.207.125 - - [27/Apr/2025:16:55:49 -0400] "GET /2024/10/14/zone-online-casino-vegas-world/ HTTP/1.1" 200 20447 "-" "Mozilla/5.0 AppleWebKit/537.36 (KHTML, like Gecko; compatible; GPTBot/1.2; +https://openai.com/gptbot)"
66.29.132.124 - - [27/Apr/2025:16:55:52 -0400] "POST /wp-cron.php?doing_wp_cron=1745787352.2253649234771728515625 HTTP/1.1" 200 0 "-" "WordPress/6.8; https://kamrancomputer.com"
20.171.207.125 - - [27/Apr/2025:16:55:51 -0400] "GET /?p=20912 HTTP/1.1" 301 0 "-" "Mozilla/5.0 AppleWebKit/537.36 (KHTML, like Gecko; compatible; GPTBot/1.2; +https://openai.com/gptbot)"
20.171.207.125 - - [27/Apr/2025:16:55:52 -0400] "GET /2024/10/18/new-online-casinos/new-online-casinos.jpg HTTP/1.1" 404 18529 "-" "Mozilla/5.0 AppleWebKit/537.36 (KHTML, like Gecko; compatible; GPTBot/1.2; +https://openai.com/gptbot)"
20.171.207.125 - - [27/Apr/2025:16:55:56 -0400] "GET /?p=7179 HTTP/1.1" 301 0 "-" "Mozilla/5.0 AppleWebKit/537.36 (KHTML, like Gecko; compatible; GPTBot/1.2; +https://openai.com/gptbot)"
20.171.207.125 - - [27/Apr/2025:16:55:57 -0400] "GET /2024/10/18/online-casino-deposit-bonus/ HTTP/1.1" 200 22066 "-" "Mozilla/5.0 AppleWebKit/537.36 (KHTML, like Gecko; compatible; GPTBot/1.2; +https://openai.com/gptbot)"
20.171.207.125 - - [27/Apr/2025:16:55:59 -0400] "GET /2024/10/18/new-online-canadian-casinos/ HTTP/1.1" 200 20396 "-" "Mozilla/5.0 AppleWebKit/537.36 (KHTML, like Gecko; compatible; GPTBot/1.2; +https://openai.com/gptbot)"
20.171.207.125 - - [27/Apr/2025:16:56:00 -0400] "GET /?p=4945 HTTP/1.1" 301 0 "-" "Mozilla/5.0 AppleWebKit/537.36 (KHTML, like Gecko; compatible; GPTBot/1.2; +https://openai.com/gptbot)"
20.171.207.125 - - [27/Apr/2025:16:56:02 -0400] "GET /?p=7275 HTTP/1.1" 301 0 "-" "Mozilla/5.0 AppleWebKit/537.36 (KHTML, like Gecko; compatible; GPTBot/1.2; +https://openai.com/gptbot)"
20.171.207.125 - - [27/Apr/2025:16:56:03 -0400] "GET /2024/10/14/nj-golden-nugget-online/ HTTP/1.1" 200 20374 "-" "Mozilla/5.0 AppleWebKit/537.36 (KHTML, like Gecko; compatible; GPTBot/1.2; +https://openai.com/gptbot)"
20.171.207.125 - - [27/Apr/2025:16:56:04 -0400] "GET /?p=8808 HTTP/1.1" 301 0 "-" "Mozilla/5.0 AppleWebKit/537.36 (KHTML, like Gecko; compatible; GPTBot/1.2; +https://openai.com/gptbot)"
20.171.207.125 - - [27/Apr/2025:16:56:05 -0400] "GET /2024/10/14/zone-online-casino-vegas-world/game-variety-diagram.jpg HTTP/1.1" 404 18529 "-" "Mozilla/5.0 AppleWebKit/537.36 (KHTML, like Gecko; compatible; GPTBot/1.2; +https://openai.com/gptbot)"
20.171.207.125 - - [27/Apr/2025:16:56:06 -0400] "GET /2024/10/14/zone-online-casino-vegas-world/technology-in-gaming.jpg HTTP/1.1" 404 18529 "-" "Mozilla/5.0 AppleWebKit/537.36 (KHTML, like Gecko; compatible; GPTBot/1.2; +https://openai.com/gptbot)"
20.171.207.125 - - [27/Apr/2025:16:56:08 -0400] "GET /2024/10/14/zone-online-casino-vegas-world/marketing-strategies-chart.jpg HTTP/1.1" 404 18529 "-" "Mozilla/5.0 AppleWebKit/537.36 (KHTML, like Gecko; compatible; GPTBot/1.2; +https://openai.com/gptbot)"
20.171.207.125 - - [27/Apr/2025:16:56:09 -0400] "GET /2024/10/19/tipico-casino-app/ HTTP/1.1" 200 19918 "-" "Mozilla/5.0 AppleWebKit/537.36 (KHTML, like Gecko; compatible; GPTBot/1.2; +https://openai.com/gptbot)"
20.171.207.125 - - [27/Apr/2025:16:56:11 -0400] "GET /?p=11024 HTTP/1.1" 301 0 "-" "Mozilla/5.0 AppleWebKit/537.36 (KHTML, like Gecko; compatible; GPTBot/1.2; +https://openai.com/gptbot)"
66.29.132.124 - - [27/Apr/2025:16:56:12 -0400] "POST /wp-cron.php?doing_wp_cron=1745787372.8130021095275878906250 HTTP/1.1" 200 0 "-" "WordPress/6.8; https://kamrancomputer.com"
20.171.207.125 - - [27/Apr/2025:16:56:12 -0400] "GET /?p=1755 HTTP/1.1" 301 0 "-" "Mozilla/5.0 AppleWebKit/537.36 (KHTML, like Gecko; compatible; GPTBot/1.2; +https://openai.com/gptbot)"
20.171.207.125 - - [27/Apr/2025:16:56:13 -0400] "GET /2024/10/14/casinos-in-australia-with-peerji/ HTTP/1.1" 200 20460 "-" "Mozilla/5.0 AppleWebKit/537.36 (KHTML, like Gecko; compatible; GPTBot/1.2; +https://openai.com/gptbot)"
20.171.207.125 - - [27/Apr/2025:16:56:14 -0400] "GET /2024/10/18/pin-up-casino-zerkalo/ HTTP/1.1" 200 21909 "-" "Mozilla/5.0 AppleWebKit/537.36 (KHTML, like Gecko; compatible; GPTBot/1.2; +https://openai.com/gptbot)"
20.171.207.125 - - [27/Apr/2025:16:56:15 -0400] "GET /2024/10/18/new-online-canadian-casinos/images/new_canadian_casinos.jpg HTTP/1.1" 404 18530 "-" "Mozilla/5.0 AppleWebKit/537.36 (KHTML, like Gecko; compatible; GPTBot/1.2; +https://openai.com/gptbot)"
20.171.207.125 - - [27/Apr/2025:16:56:16 -0400] "GET /2024/10/18/novolin/ HTTP/1.1" 200 20354 "-" "Mozilla/5.0 AppleWebKit/537.36 (KHTML, like Gecko; compatible; GPTBot/1.2; +https://openai.com/gptbot)"
20.171.207.125 - - [27/Apr/2025:16:56:18 -0400] "GET /?p=3142 HTTP/1.1" 301 0 "-" "Mozilla/5.0 AppleWebKit/537.36 (KHTML, like Gecko; compatible; GPTBot/1.2; +https://openai.com/gptbot)"
20.171.207.125 - - [27/Apr/2025:16:56:20 -0400] "GET /2024/10/19/crown-online/ HTTP/1.1" 200 20560 "-" "Mozilla/5.0 AppleWebKit/537.36 (KHTML, like Gecko; compatible; GPTBot/1.2; +https://openai.com/gptbot)"
20.171.207.125 - - [27/Apr/2025:16:56:21 -0400] "GET /2024/10/18/klub-vulkan-24-zerkalo/ HTTP/1.1" 200 21945 "-" "Mozilla/5.0 AppleWebKit/537.36 (KHTML, like Gecko; compatible; GPTBot/1.2; +https://openai.com/gptbot)"
20.171.207.125 - - [27/Apr/2025:16:56:24 -0400] "GET /admin/actuator/env HTTP/1.1" 404 18530 "-" "Mozilla/5.0 AppleWebKit/537.36 (KHTML, like Gecko; compatible; GPTBot/1.2; +https://openai.com/gptbot)"
66.29.132.124 - - [27/Apr/2025:16:56:27 -0400] "POST /wp-cron.php?doing_wp_cron=1745787386.9833860397338867187500 HTTP/1.1" 200 0 "-" "WordPress/6.8; https://kamrancomputer.com"
20.171.207.125 - - [27/Apr/2025:16:56:26 -0400] "GET /2024/10/18/vulkan-klub/ HTTP/1.1" 200 22614 "-" "Mozilla/5.0 AppleWebKit/537.36 (KHTML, like Gecko; compatible; GPTBot/1.2; +https://openai.com/gptbot)"
66.29.132.124 - - [27/Apr/2025:16:56:27 -0400] "POST /wp-admin/admin-ajax.php?action=async_litespeed&nonce=lFDtYmE0ZaDB97Z3UIDdNooAV4BgBy1L&litespeed_type=imgoptm HTTP/1.1" 200 21 "-" "WordPress/6.8; https://kamrancomputer.com"
20.171.207.125 - - [27/Apr/2025:16:56:28 -0400] "GET /2024/10/14/best-new-online-casinos/ HTTP/1.1" 200 20633 "-" "Mozilla/5.0 AppleWebKit/537.36 (KHTML, like Gecko; compatible; GPTBot/1.2; +https://openai.com/gptbot)"
20.171.207.125 - - [27/Apr/2025:16:56:30 -0400] "GET /product/rexine-sleeve-15-6-4-colors/feed/ HTTP/1.1" 200 413 "-" "Mozilla/5.0 AppleWebKit/537.36 (KHTML, like Gecko; compatible; GPTBot/1.2; +https://openai.com/gptbot)"
20.171.207.125 - - [27/Apr/2025:16:56:33 -0400] "GET /wp-json/elementskit/v1/ HTTP/1.1" 404 114 "-" "Mozilla/5.0 AppleWebKit/537.36 (KHTML, like Gecko; compatible; GPTBot/1.2; +https://openai.com/gptbot)"