66.29.132.124 - - [28/Apr/2025:06:46:26 -0400] "POST /wp-cron.php?doing_wp_cron=1745837186.7931299209594726562500 HTTP/1.1" 200 0 "-" "WordPress/6.8; https://kamrancomputer.com"
20.171.207.125 - - [28/Apr/2025:06:46:26 -0400] "GET /2024/10/14/slot-gratis/ HTTP/1.1" 200 20197 "-" "Mozilla/5.0 AppleWebKit/537.36 (KHTML, like Gecko; compatible; GPTBot/1.2; +https://openai.com/gptbot)"
66.29.132.124 - - [28/Apr/2025:06:46:27 -0400] "POST /wp-admin/admin-ajax.php?action=async_litespeed&nonce=gRDb4RZ5HG6ohpAgEnVyYbXnns0kfx4O&litespeed_type=imgoptm HTTP/1.1" 200 21 "-" "WordPress/6.8; https://kamrancomputer.com"
20.171.207.125 - - [28/Apr/2025:06:46:27 -0400] "GET /2024/10/18/neu-casino/ HTTP/1.1" 200 20533 "-" "Mozilla/5.0 AppleWebKit/537.36 (KHTML, like Gecko; compatible; GPTBot/1.2; +https://openai.com/gptbot)"
20.171.207.125 - - [28/Apr/2025:06:46:28 -0400] "GET /2024/10/19/party-csino/ HTTP/1.1" 200 20567 "-" "Mozilla/5.0 AppleWebKit/537.36 (KHTML, like Gecko; compatible; GPTBot/1.2; +https://openai.com/gptbot)"
20.171.207.125 - - [28/Apr/2025:06:46:30 -0400] "GET /?p=9758 HTTP/1.1" 301 0 "-" "Mozilla/5.0 AppleWebKit/537.36 (KHTML, like Gecko; compatible; GPTBot/1.2; +https://openai.com/gptbot)"
20.171.207.125 - - [28/Apr/2025:06:46:31 -0400] "GET /2024/10/18/kazino-booi/ HTTP/1.1" 200 22622 "-" "Mozilla/5.0 AppleWebKit/537.36 (KHTML, like Gecko; compatible; GPTBot/1.2; +https://openai.com/gptbot)"
20.171.207.125 - - [28/Apr/2025:06:46:32 -0400] "GET /2024/10/18/underino/ HTTP/1.1" 200 20008 "-" "Mozilla/5.0 AppleWebKit/537.36 (KHTML, like Gecko; compatible; GPTBot/1.2; +https://openai.com/gptbot)"
20.171.207.125 - - [28/Apr/2025:06:46:34 -0400] "GET /2024/10/18/sky-crown-2/ HTTP/1.1" 200 20303 "-" "Mozilla/5.0 AppleWebKit/537.36 (KHTML, like Gecko; compatible; GPTBot/1.2; +https://openai.com/gptbot)"
20.171.207.125 - - [28/Apr/2025:06:46:36 -0400] "GET /2024/10/19/casino-ab-18/casino.jpg HTTP/1.1" 404 18535 "-" "Mozilla/5.0 AppleWebKit/537.36 (KHTML, like Gecko; compatible; GPTBot/1.2; +https://openai.com/gptbot)"
20.171.207.125 - - [28/Apr/2025:06:46:37 -0400] "GET /2024/10/18/bk-pin-up/ HTTP/1.1" 200 22031 "-" "Mozilla/5.0 AppleWebKit/537.36 (KHTML, like Gecko; compatible; GPTBot/1.2; +https://openai.com/gptbot)"
20.171.207.125 - - [28/Apr/2025:06:46:39 -0400] "GET /?p=883 HTTP/1.1" 301 0 "-" "Mozilla/5.0 AppleWebKit/537.36 (KHTML, like Gecko; compatible; GPTBot/1.2; +https://openai.com/gptbot)"
20.171.207.125 - - [28/Apr/2025:06:46:40 -0400] "GET /wp-json/oembed/1.0/embed?format=xml&url=https%3A%2F%2Fkamrancomputer.com%2F2024%2F10%2F19%2Fjackpot-de-app%2F HTTP/1.1" 200 1026 "-" "Mozilla/5.0 AppleWebKit/537.36 (KHTML, like Gecko; compatible; GPTBot/1.2; +https://openai.com/gptbot)"
20.171.207.125 - - [28/Apr/2025:06:46:41 -0400] "GET /2024/10/18/canadian-mobile-casino/canadian-mobile-casino.jpg HTTP/1.1" 404 18534 "-" "Mozilla/5.0 AppleWebKit/537.36 (KHTML, like Gecko; compatible; GPTBot/1.2; +https://openai.com/gptbot)"
20.171.207.125 - - [28/Apr/2025:06:46:43 -0400] "GET /2024/10/18/neu-casino/images/new-casino.jpg HTTP/1.1" 404 18534 "-" "Mozilla/5.0 AppleWebKit/537.36 (KHTML, like Gecko; compatible; GPTBot/1.2; +https://openai.com/gptbot)"
20.171.207.125 - - [28/Apr/2025:06:46:44 -0400] "GET /2024/10/18/casino-in-the-usa/ HTTP/1.1" 200 20730 "-" "Mozilla/5.0 AppleWebKit/537.36 (KHTML, like Gecko; compatible; GPTBot/1.2; +https://openai.com/gptbot)"
20.171.207.125 - - [28/Apr/2025:06:46:45 -0400] "GET /?p=22876 HTTP/1.1" 301 0 "-" "Mozilla/5.0 AppleWebKit/537.36 (KHTML, like Gecko; compatible; GPTBot/1.2; +https://openai.com/gptbot)"
20.171.207.125 - - [28/Apr/2025:06:46:47 -0400] "GET /2024/10/14/the-crown-casino-online/crown-casino-online.jpg HTTP/1.1" 404 18534 "-" "Mozilla/5.0 AppleWebKit/537.36 (KHTML, like Gecko; compatible; GPTBot/1.2; +https://openai.com/gptbot)"
20.171.207.125 - - [28/Apr/2025:06:46:49 -0400] "GET /?p=19890 HTTP/1.1" 301 0 "-" "Mozilla/5.0 AppleWebKit/537.36 (KHTML, like Gecko; compatible; GPTBot/1.2; +https://openai.com/gptbot)"
20.171.207.125 - - [28/Apr/2025:06:46:50 -0400] "GET /2024/10/19/betr-australia/betr-australia-success.jpg HTTP/1.1" 404 18534 "-" "Mozilla/5.0 AppleWebKit/537.36 (KHTML, like Gecko; compatible; GPTBot/1.2; +https://openai.com/gptbot)"
66.29.132.124 - - [28/Apr/2025:06:46:54 -0400] "POST /wp-cron.php?doing_wp_cron=1745837213.8178129196166992187500 HTTP/1.1" 200 0 "-" "WordPress/6.8; https://kamrancomputer.com"
20.171.207.125 - - [28/Apr/2025:06:46:52 -0400] "GET /?p=21766 HTTP/1.1" 301 0 "-" "Mozilla/5.0 AppleWebKit/537.36 (KHTML, like Gecko; compatible; GPTBot/1.2; +https://openai.com/gptbot)"
20.171.207.125 - - [28/Apr/2025:06:46:54 -0400] "GET /?p=10348 HTTP/1.1" 301 0 "-" "Mozilla/5.0 AppleWebKit/537.36 (KHTML, like Gecko; compatible; GPTBot/1.2; +https://openai.com/gptbot)"
20.171.207.125 - - [28/Apr/2025:06:46:56 -0400] "GET /?p=19918 HTTP/1.1" 301 0 "-" "Mozilla/5.0 AppleWebKit/537.36 (KHTML, like Gecko; compatible; GPTBot/1.2; +https://openai.com/gptbot)"
20.171.207.125 - - [28/Apr/2025:06:46:59 -0400] "GET /2024/10/18/canadian-mobile-casino/canadian-mobile-casino.jpg HTTP/1.1" 404 18534 "-" "Mozilla/5.0 AppleWebKit/537.36 (KHTML, like Gecko; compatible; GPTBot/1.2; +https://openai.com/gptbot)"
20.171.207.125 - - [28/Apr/2025:06:47:01 -0400] "GET /2024/10/14/online-casino-freispiele-bei-registrierung-ohne-einzahlung/ HTTP/1.1" 200 20295 "-" "Mozilla/5.0 AppleWebKit/537.36 (KHTML, like Gecko; compatible; GPTBot/1.2; +https://openai.com/gptbot)"
20.171.207.125 - - [28/Apr/2025:06:47:02 -0400] "GET /2024/10/19/jackpot-de-app/embed/ HTTP/1.1" 200 22842 "-" "Mozilla/5.0 AppleWebKit/537.36 (KHTML, like Gecko; compatible; GPTBot/1.2; +https://openai.com/gptbot)"
20.171.207.125 - - [28/Apr/2025:06:47:04 -0400] "GET /2024/10/19/yukon-gold-casino-online/yukon-gold-casino.jpg HTTP/1.1" 404 18534 "-" "Mozilla/5.0 AppleWebKit/537.36 (KHTML, like Gecko; compatible; GPTBot/1.2; +https://openai.com/gptbot)"
20.171.207.125 - - [28/Apr/2025:06:47:06 -0400] "GET /2024/10/19/stargsmes/ HTTP/1.1" 200 20122 "-" "Mozilla/5.0 AppleWebKit/537.36 (KHTML, like Gecko; compatible; GPTBot/1.2; +https://openai.com/gptbot)"
20.171.207.125 - - [28/Apr/2025:06:47:08 -0400] "GET /2024/10/14/the-crown-casino-online/crown-casino-online.jpg HTTP/1.1" 404 18534 "-" "Mozilla/5.0 AppleWebKit/537.36 (KHTML, like Gecko; compatible; GPTBot/1.2; +https://openai.com/gptbot)"
20.171.207.125 - - [28/Apr/2025:06:47:11 -0400] "GET /?p=17005 HTTP/1.1" 301 0 "-" "Mozilla/5.0 AppleWebKit/537.36 (KHTML, like Gecko; compatible; GPTBot/1.2; +https://openai.com/gptbot)"
20.171.207.125 - - [28/Apr/2025:06:47:14 -0400] "GET /2024/10/18/reputable-online-casino/ HTTP/1.1" 200 20306 "-" "Mozilla/5.0 AppleWebKit/537.36 (KHTML, like Gecko; compatible; GPTBot/1.2; +https://openai.com/gptbot)"
20.171.207.125 - - [28/Apr/2025:06:47:16 -0400] "GET /2024/10/19/top-10-casinos-online/ HTTP/1.1" 200 20364 "-" "Mozilla/5.0 AppleWebKit/537.36 (KHTML, like Gecko; compatible; GPTBot/1.2; +https://openai.com/gptbot)"
20.171.207.125 - - [28/Apr/2025:06:47:18 -0400] "GET /?p=8747 HTTP/1.1" 301 0 "-" "Mozilla/5.0 AppleWebKit/537.36 (KHTML, like Gecko; compatible; GPTBot/1.2; +https://openai.com/gptbot)"
20.171.207.125 - - [28/Apr/2025:06:47:21 -0400] "GET /2024/10/18/online-casino-platform/ HTTP/1.1" 200 20544 "-" "Mozilla/5.0 AppleWebKit/537.36 (KHTML, like Gecko; compatible; GPTBot/1.2; +https://openai.com/gptbot)"
20.171.207.125 - - [28/Apr/2025:06:47:24 -0400] "GET /?p=13151 HTTP/1.1" 301 0 "-" "Mozilla/5.0 AppleWebKit/537.36 (KHTML, like Gecko; compatible; GPTBot/1.2; +https://openai.com/gptbot)"
66.29.132.124 - - [28/Apr/2025:06:47:27 -0400] "POST /wp-cron.php?doing_wp_cron=1745837247.0628280639648437500000 HTTP/1.1" 200 0 "-" "WordPress/6.8; https://kamrancomputer.com"
20.171.207.125 - - [28/Apr/2025:06:47:26 -0400] "GET /?p=11585 HTTP/1.1" 301 0 "-" "Mozilla/5.0 AppleWebKit/537.36 (KHTML, like Gecko; compatible; GPTBot/1.2; +https://openai.com/gptbot)"
20.171.207.125 - - [28/Apr/2025:06:47:28 -0400] "GET /2024/10/18/golden-nugget-online-michigan/ HTTP/1.1" 200 20492 "-" "Mozilla/5.0 AppleWebKit/537.36 (KHTML, like Gecko; compatible; GPTBot/1.2; +https://openai.com/gptbot)"
66.29.132.124 - - [28/Apr/2025:06:47:29 -0400] "POST /wp-admin/admin-ajax.php?action=async_litespeed&nonce=RlTvjVyksZDv3HINxXibHmYCDnNX4C89&litespeed_type=imgoptm HTTP/1.1" 200 0 "-" "WordPress/6.8; https://kamrancomputer.com"
20.171.207.125 - - [28/Apr/2025:06:47:30 -0400] "GET /?p=17440 HTTP/1.1" 301 0 "-" "Mozilla/5.0 AppleWebKit/537.36 (KHTML, like Gecko; compatible; GPTBot/1.2; +https://openai.com/gptbot)"
66.29.132.124 - - [28/Apr/2025:06:47:31 -0400] "POST /wp-admin/admin-ajax.php?action=as_async_request_queue_runner&nonce=64b43951e9 HTTP/1.1" 200 0 "-" "WordPress/6.8; https://kamrancomputer.com"
20.171.207.125 - - [28/Apr/2025:06:47:32 -0400] "GET /2024/10/19/stargsmes/images/stargsmes_umwelt.jpg HTTP/1.1" 404 18534 "-" "Mozilla/5.0 AppleWebKit/537.36 (KHTML, like Gecko; compatible; GPTBot/1.2; +https://openai.com/gptbot)"
20.171.207.125 - - [28/Apr/2025:06:47:35 -0400] "GET /2024/10/19/stargsmes/images/stargsmes_medizin.jpg HTTP/1.1" 404 18534 "-" "Mozilla/5.0 AppleWebKit/537.36 (KHTML, like Gecko; compatible; GPTBot/1.2; +https://openai.com/gptbot)"
20.171.207.125 - - [28/Apr/2025:06:47:37 -0400] "GET /2024/10/19/stargsmes/images/stargsmes_technologie.jpg HTTP/1.1" 404 18534 "-" "Mozilla/5.0 AppleWebKit/537.36 (KHTML, like Gecko; compatible; GPTBot/1.2; +https://openai.com/gptbot)"
20.171.207.125 - - [28/Apr/2025:06:47:39 -0400] "GET /2024/10/19/top-10-casinos-online/casino-games.jpg HTTP/1.1" 404 18534 "-" "Mozilla/5.0 AppleWebKit/537.36 (KHTML, like Gecko; compatible; GPTBot/1.2; +https://openai.com/gptbot)"
20.171.207.125 - - [28/Apr/2025:06:47:41 -0400] "GET /?p=22525 HTTP/1.1" 301 0 "-" "Mozilla/5.0 AppleWebKit/537.36 (KHTML, like Gecko; compatible; GPTBot/1.2; +https://openai.com/gptbot)"
20.171.207.125 - - [28/Apr/2025:06:47:43 -0400] "GET /?p=23109 HTTP/1.1" 301 0 "-" "Mozilla/5.0 AppleWebKit/537.36 (KHTML, like Gecko; compatible; GPTBot/1.2; +https://openai.com/gptbot)"
20.171.207.125 - - [28/Apr/2025:06:47:44 -0400] "GET /?p=20176 HTTP/1.1" 301 0 "-" "Mozilla/5.0 AppleWebKit/537.36 (KHTML, like Gecko; compatible; GPTBot/1.2; +https://openai.com/gptbot)"
20.171.207.125 - - [28/Apr/2025:06:47:46 -0400] "GET /2024/10/18/casino-mit-schneller-auszahlung/ HTTP/1.1" 200 20550 "-" "Mozilla/5.0 AppleWebKit/537.36 (KHTML, like Gecko; compatible; GPTBot/1.2; +https://openai.com/gptbot)"
20.171.207.125 - - [28/Apr/2025:06:47:48 -0400] "GET /wp-json/oembed/1.0/embed?format=xml&url=https%3A%2F%2Fkamrancomputer.com%2F2024%2F10%2F18%2Fgolden-nugget-online-michigan%2F HTTP/1.1" 200 1039 "-" "Mozilla/5.0 AppleWebKit/537.36 (KHTML, like Gecko; compatible; GPTBot/1.2; +https://openai.com/gptbot)"
20.171.207.125 - - [28/Apr/2025:06:47:50 -0400] "GET /?p=6981 HTTP/1.1" 301 0 "-" "Mozilla/5.0 AppleWebKit/537.36 (KHTML, like Gecko; compatible; GPTBot/1.2; +https://openai.com/gptbot)"
66.29.132.124 - - [28/Apr/2025:06:47:53 -0400] "POST /wp-cron.php?doing_wp_cron=1745837273.2553780078887939453125 HTTP/1.1" 200 0 "-" "WordPress/6.8; https://kamrancomputer.com"
20.171.207.125 - - [28/Apr/2025:06:47:52 -0400] "GET /?p=14678 HTTP/1.1" 301 0 "-" "Mozilla/5.0 AppleWebKit/537.36 (KHTML, like Gecko; compatible; GPTBot/1.2; +https://openai.com/gptbot)"
20.171.207.125 - - [28/Apr/2025:06:47:54 -0400] "GET /2024/10/18/tropicana-online-casino-nj/ HTTP/1.1" 200 20335 "-" "Mozilla/5.0 AppleWebKit/537.36 (KHTML, like Gecko; compatible; GPTBot/1.2; +https://openai.com/gptbot)"
20.171.207.125 - - [28/Apr/2025:06:47:55 -0400] "GET /2024/10/19/stargsmes/images/stargsmes_technologie.jpg HTTP/1.1" 404 18534 "-" "Mozilla/5.0 AppleWebKit/537.36 (KHTML, like Gecko; compatible; GPTBot/1.2; +https://openai.com/gptbot)"
20.171.207.125 - - [28/Apr/2025:06:47:57 -0400] "GET /2024/10/19/online-wagering-sites/ HTTP/1.1" 200 20421 "-" "Mozilla/5.0 AppleWebKit/537.36 (KHTML, like Gecko; compatible; GPTBot/1.2; +https://openai.com/gptbot)"
20.171.207.125 - - [28/Apr/2025:06:47:58 -0400] "GET /2024/10/18/casinos-in-alberta/ HTTP/1.1" 200 20509 "-" "Mozilla/5.0 AppleWebKit/537.36 (KHTML, like Gecko; compatible; GPTBot/1.2; +https://openai.com/gptbot)"
20.171.207.125 - - [28/Apr/2025:06:48:00 -0400] "GET /2024/10/19/online-casino-welcome-offers/ HTTP/1.1" 200 20421 "-" "Mozilla/5.0 AppleWebKit/537.36 (KHTML, like Gecko; compatible; GPTBot/1.2; +https://openai.com/gptbot)"
20.171.207.125 - - [28/Apr/2025:06:48:01 -0400] "GET /2024/10/19/jackpot-piraten/ HTTP/1.1" 200 20133 "-" "Mozilla/5.0 AppleWebKit/537.36 (KHTML, like Gecko; compatible; GPTBot/1.2; +https://openai.com/gptbot)"
20.171.207.125 - - [28/Apr/2025:06:48:02 -0400] "GET /2024/10/19/igrovye-avtomaty-million/ HTTP/1.1" 200 22157 "-" "Mozilla/5.0 AppleWebKit/537.36 (KHTML, like Gecko; compatible; GPTBot/1.2; +https://openai.com/gptbot)"
20.171.207.125 - - [28/Apr/2025:06:48:04 -0400] "GET /2024/10/18/admiral-avtomaty/ HTTP/1.1" 200 21986 "-" "Mozilla/5.0 AppleWebKit/537.36 (KHTML, like Gecko; compatible; GPTBot/1.2; +https://openai.com/gptbot)"
20.171.207.125 - - [28/Apr/2025:06:48:06 -0400] "GET /?p=687 HTTP/1.1" 301 0 "-" "Mozilla/5.0 AppleWebKit/537.36 (KHTML, like Gecko; compatible; GPTBot/1.2; +https://openai.com/gptbot)"
20.171.207.125 - - [28/Apr/2025:06:48:07 -0400] "GET /2024/10/18/casino-mit-schneller-auszahlung/casino-auszahlung.jpg HTTP/1.1" 404 18534 "-" "Mozilla/5.0 AppleWebKit/537.36 (KHTML, like Gecko; compatible; GPTBot/1.2; +https://openai.com/gptbot)"
20.171.207.125 - - [28/Apr/2025:06:48:09 -0400] "GET /2024/10/18/golden-nugget-online-michigan/embed/ HTTP/1.1" 200 22854 "-" "Mozilla/5.0 AppleWebKit/537.36 (KHTML, like Gecko; compatible; GPTBot/1.2; +https://openai.com/gptbot)"
20.171.207.125 - - [28/Apr/2025:06:48:11 -0400] "GET /2024/10/19/woohoo9-casino/ HTTP/1.1" 200 20465 "-" "Mozilla/5.0 AppleWebKit/537.36 (KHTML, like Gecko; compatible; GPTBot/1.2; +https://openai.com/gptbot)"
20.171.207.125 - - [28/Apr/2025:06:48:13 -0400] "GET /2024/10/19/florida-online-casinos/florida-online-casinos.jpg HTTP/1.1" 404 18534 "-" "Mozilla/5.0 AppleWebKit/537.36 (KHTML, like Gecko; compatible; GPTBot/1.2; +https://openai.com/gptbot)"
20.171.207.125 - - [28/Apr/2025:06:48:16 -0400] "GET /2024/10/14/delaware-online-casinos/delaware-online-casinos.jpg HTTP/1.1" 404 18536 "-" "Mozilla/5.0 AppleWebKit/537.36 (KHTML, like Gecko; compatible; GPTBot/1.2; +https://openai.com/gptbot)"
20.171.207.125 - - [28/Apr/2025:06:48:18 -0400] "GET /2024/10/19/online-casino-welcome-offers/casino-welcome-offers.jpg HTTP/1.1" 404 18534 "-" "Mozilla/5.0 AppleWebKit/537.36 (KHTML, like Gecko; compatible; GPTBot/1.2; +https://openai.com/gptbot)"
20.171.207.125 - - [28/Apr/2025:06:48:21 -0400] "GET /2024/10/14/offshore-online-casinos/offshore-online-casino.jpg HTTP/1.1" 404 18534 "-" "Mozilla/5.0 AppleWebKit/537.36 (KHTML, like Gecko; compatible; GPTBot/1.2; +https://openai.com/gptbot)"
20.171.207.125 - - [28/Apr/2025:06:48:24 -0400] "GET /?p=938 HTTP/1.1" 301 0 "-" "Mozilla/5.0 AppleWebKit/537.36 (KHTML, like Gecko; compatible; GPTBot/1.2; +https://openai.com/gptbot)"
66.29.132.124 - - [28/Apr/2025:06:48:27 -0400] "POST /wp-cron.php?doing_wp_cron=1745837307.6515259742736816406250 HTTP/1.1" 200 0 "-" "WordPress/6.8; https://kamrancomputer.com"
20.171.207.125 - - [28/Apr/2025:06:48:26 -0400] "GET /?p=1537 HTTP/1.1" 301 0 "-" "Mozilla/5.0 AppleWebKit/537.36 (KHTML, like Gecko; compatible; GPTBot/1.2; +https://openai.com/gptbot)"
66.29.132.124 - - [28/Apr/2025:06:48:29 -0400] "POST /wp-admin/admin-ajax.php?action=async_litespeed&nonce=EjRk3YEpeacvmPpSmE1WgmwP9jjhWYUr&litespeed_type=imgoptm HTTP/1.1" 200 0 "-" "WordPress/6.8; https://kamrancomputer.com"
20.171.207.125 - - [28/Apr/2025:06:48:28 -0400] "GET /2024/10/14/mohegan-sun-online-casino/ HTTP/1.1" 200 19867 "-" "Mozilla/5.0 AppleWebKit/537.36 (KHTML, like Gecko; compatible; GPTBot/1.2; +https://openai.com/gptbot)"
20.171.207.125 - - [28/Apr/2025:06:48:31 -0400] "GET /2024/10/14/online-casino-australia/online-casino-australia.jpg HTTP/1.1" 404 18534 "-" "Mozilla/5.0 AppleWebKit/537.36 (KHTML, like Gecko; compatible; GPTBot/1.2; +https://openai.com/gptbot)"
20.171.207.125 - - [28/Apr/2025:06:48:34 -0400] "GET /2024/10/19/online-casino-ratings/online-casino-ratings-statistics.jpg HTTP/1.1" 404 18534 "-" "Mozilla/5.0 AppleWebKit/537.36 (KHTML, like Gecko; compatible; GPTBot/1.2; +https://openai.com/gptbot)"
20.171.207.125 - - [28/Apr/2025:06:48:36 -0400] "GET /?p=6740 HTTP/1.1" 301 0 "-" "Mozilla/5.0 AppleWebKit/537.36 (KHTML, like Gecko; compatible; GPTBot/1.2; +https://openai.com/gptbot)"
20.171.207.125 - - [28/Apr/2025:06:48:39 -0400] "GET /2024/10/18/kazino-pin-ap-na-realnye-dengi/ HTTP/1.1" 200 22287 "-" "Mozilla/5.0 AppleWebKit/537.36 (KHTML, like Gecko; compatible; GPTBot/1.2; +https://openai.com/gptbot)"
20.171.207.125 - - [28/Apr/2025:06:48:41 -0400] "GET /?p=16904 HTTP/1.1" 301 0 "-" "Mozilla/5.0 AppleWebKit/537.36 (KHTML, like Gecko; compatible; GPTBot/1.2; +https://openai.com/gptbot)"
20.171.207.125 - - [28/Apr/2025:06:48:45 -0400] "GET /2024/10/18/vulkan-kazino-oficialnyj-sajt/ HTTP/1.1" 200 22413 "-" "Mozilla/5.0 AppleWebKit/537.36 (KHTML, like Gecko; compatible; GPTBot/1.2; +https://openai.com/gptbot)"
20.171.207.125 - - [28/Apr/2025:06:48:47 -0400] "GET /2024/10/14/slots-kostenlos-ohne-anmeldung/slots-kostenlos.jpg HTTP/1.1" 404 18536 "-" "Mozilla/5.0 AppleWebKit/537.36 (KHTML, like Gecko; compatible; GPTBot/1.2; +https://openai.com/gptbot)"
66.29.132.124 - - [28/Apr/2025:06:48:52 -0400] "POST /wp-cron.php?doing_wp_cron=1745837332.2427079677581787109375 HTTP/1.1" 200 0 "-" "WordPress/6.8; https://kamrancomputer.com"
20.171.207.125 - - [28/Apr/2025:06:48:50 -0400] "GET /?p=17664 HTTP/1.1" 301 0 "-" "Mozilla/5.0 AppleWebKit/537.36 (KHTML, like Gecko; compatible; GPTBot/1.2; +https://openai.com/gptbot)"
20.171.207.125 - - [28/Apr/2025:06:48:53 -0400] "GET /?p=19569 HTTP/1.1" 301 0 "-" "Mozilla/5.0 AppleWebKit/537.36 (KHTML, like Gecko; compatible; GPTBot/1.2; +https://openai.com/gptbot)"
20.171.207.125 - - [28/Apr/2025:06:48:55 -0400] "GET /2024/10/14/top-online-real-money-casinos/ HTTP/1.1" 200 20468 "-" "Mozilla/5.0 AppleWebKit/537.36 (KHTML, like Gecko; compatible; GPTBot/1.2; +https://openai.com/gptbot)"
20.171.207.125 - - [28/Apr/2025:06:48:58 -0400] "GET /2024/10/14/bally-online-casino-nj/ HTTP/1.1" 200 20473 "-" "Mozilla/5.0 AppleWebKit/537.36 (KHTML, like Gecko; compatible; GPTBot/1.2; +https://openai.com/gptbot)"
20.171.207.125 - - [28/Apr/2025:06:49:00 -0400] "GET /?p=16346 HTTP/1.1" 301 0 "-" "Mozilla/5.0 AppleWebKit/537.36 (KHTML, like Gecko; compatible; GPTBot/1.2; +https://openai.com/gptbot)"
20.171.207.125 - - [28/Apr/2025:06:49:02 -0400] "GET /2024/10/19/neverland-casino-online-slots/neverland-casino-slots.jpg HTTP/1.1" 404 18534 "-" "Mozilla/5.0 AppleWebKit/537.36 (KHTML, like Gecko; compatible; GPTBot/1.2; +https://openai.com/gptbot)"
20.171.207.125 - - [28/Apr/2025:06:49:04 -0400] "GET /2024/10/18/online-gambling-casino-real-money/online-gambling-statistics.jpg HTTP/1.1" 404 18536 "-" "Mozilla/5.0 AppleWebKit/537.36 (KHTML, like Gecko; compatible; GPTBot/1.2; +https://openai.com/gptbot)"
20.171.207.125 - - [28/Apr/2025:06:49:05 -0400] "GET /?p=19249 HTTP/1.1" 301 0 "-" "Mozilla/5.0 AppleWebKit/537.36 (KHTML, like Gecko; compatible; GPTBot/1.2; +https://openai.com/gptbot)"
20.171.207.125 - - [28/Apr/2025:06:49:07 -0400] "GET /wp-json/oembed/1.0/embed?format=xml&url=https%3A%2F%2Fkamrancomputer.com%2F2024%2F10%2F18%2Fvulkan-kazino-oficialnyj-sajt%2F HTTP/1.1" 200 1116 "-" "Mozilla/5.0 AppleWebKit/537.36 (KHTML, like Gecko; compatible; GPTBot/1.2; +https://openai.com/gptbot)"
20.171.207.125 - - [28/Apr/2025:06:49:08 -0400] "GET /?p=20324 HTTP/1.1" 301 0 "-" "Mozilla/5.0 AppleWebKit/537.36 (KHTML, like Gecko; compatible; GPTBot/1.2; +https://openai.com/gptbot)"
20.171.207.125 - - [28/Apr/2025:06:49:10 -0400] "GET /?p=9487 HTTP/1.1" 301 0 "-" "Mozilla/5.0 AppleWebKit/537.36 (KHTML, like Gecko; compatible; GPTBot/1.2; +https://openai.com/gptbot)"
20.171.207.125 - - [28/Apr/2025:06:49:11 -0400] "GET /?p=7238 HTTP/1.1" 301 0 "-" "Mozilla/5.0 AppleWebKit/537.36 (KHTML, like Gecko; compatible; GPTBot/1.2; +https://openai.com/gptbot)"
20.171.207.125 - - [28/Apr/2025:06:49:13 -0400] "GET /2024/10/19/melbet-oficialnyj-sajt-zerkalo/ HTTP/1.1" 200 22722 "-" "Mozilla/5.0 AppleWebKit/537.36 (KHTML, like Gecko; compatible; GPTBot/1.2; +https://openai.com/gptbot)"
20.171.207.125 - - [28/Apr/2025:06:49:14 -0400] "GET /2024/10/18/online-casino-curacao/ HTTP/1.1" 200 19973 "-" "Mozilla/5.0 AppleWebKit/537.36 (KHTML, like Gecko; compatible; GPTBot/1.2; +https://openai.com/gptbot)"
20.171.207.125 - - [28/Apr/2025:06:49:16 -0400] "GET /?p=10274 HTTP/1.1" 301 0 "-" "Mozilla/5.0 AppleWebKit/537.36 (KHTML, like Gecko; compatible; GPTBot/1.2; +https://openai.com/gptbot)"
20.171.207.125 - - [28/Apr/2025:06:49:18 -0400] "GET /?p=12310 HTTP/1.1" 301 0 "-" "Mozilla/5.0 AppleWebKit/537.36 (KHTML, like Gecko; compatible; GPTBot/1.2; +https://openai.com/gptbot)"
20.171.207.125 - - [28/Apr/2025:06:49:20 -0400] "GET /2024/10/18/casino-online-dinero-real/ HTTP/1.1" 200 20244 "-" "Mozilla/5.0 AppleWebKit/537.36 (KHTML, like Gecko; compatible; GPTBot/1.2; +https://openai.com/gptbot)"
20.171.207.125 - - [28/Apr/2025:06:49:21 -0400] "GET /2024/10/19/igrovyj-avtomaty/ HTTP/1.1" 200 22062 "-" "Mozilla/5.0 AppleWebKit/537.36 (KHTML, like Gecko; compatible; GPTBot/1.2; +https://openai.com/gptbot)"
20.171.207.125 - - [28/Apr/2025:06:49:23 -0400] "GET /?p=21393 HTTP/1.1" 301 0 "-" "Mozilla/5.0 AppleWebKit/537.36 (KHTML, like Gecko; compatible; GPTBot/1.2; +https://openai.com/gptbot)"
66.29.132.124 - - [28/Apr/2025:06:49:27 -0400] "POST /wp-cron.php?doing_wp_cron=1745837367.1750268936157226562500 HTTP/1.1" 200 0 "-" "WordPress/6.8; https://kamrancomputer.com"
20.171.207.125 - - [28/Apr/2025:06:49:26 -0400] "GET /2024/10/18/vulkan-kazino-oficialnyj-sajt/embed/ HTTP/1.1" 200 23200 "-" "Mozilla/5.0 AppleWebKit/537.36 (KHTML, like Gecko; compatible; GPTBot/1.2; +https://openai.com/gptbot)"
66.29.132.124 - - [28/Apr/2025:06:49:28 -0400] "POST /wp-admin/admin-ajax.php?action=async_litespeed&nonce=HOTih0nEbtvg4OAehQJOoJMACf0zEfIl&litespeed_type=imgoptm HTTP/1.1" 200 0 "-" "WordPress/6.8; https://kamrancomputer.com"
20.171.207.125 - - [28/Apr/2025:06:49:28 -0400] "GET /2024/10/19/online-casino-ohne-oasis/ HTTP/1.1" 200 20104 "-" "Mozilla/5.0 AppleWebKit/537.36 (KHTML, like Gecko; compatible; GPTBot/1.2; +https://openai.com/gptbot)"
20.171.207.125 - - [28/Apr/2025:06:49:31 -0400] "GET /2024/10/18/sports-illustrated-online-casino/ HTTP/1.1" 200 20439 "-" "Mozilla/5.0 AppleWebKit/537.36 (KHTML, like Gecko; compatible; GPTBot/1.2; +https://openai.com/gptbot)"
20.171.207.125 - - [28/Apr/2025:06:49:35 -0400] "GET /2024/10/18/new-casino-games/ HTTP/1.1" 200 20389 "-" "Mozilla/5.0 AppleWebKit/537.36 (KHTML, like Gecko; compatible; GPTBot/1.2; +https://openai.com/gptbot)"
20.171.207.125 - - [28/Apr/2025:06:49:37 -0400] "GET /?p=14716 HTTP/1.1" 301 0 "-" "Mozilla/5.0 AppleWebKit/537.36 (KHTML, like Gecko; compatible; GPTBot/1.2; +https://openai.com/gptbot)"
20.171.207.125 - - [28/Apr/2025:06:49:41 -0400] "GET /2024/10/18/maxbet-oficialnyj-sajt/ HTTP/1.1" 200 22334 "-" "Mozilla/5.0 AppleWebKit/537.36 (KHTML, like Gecko; compatible; GPTBot/1.2; +https://openai.com/gptbot)"
20.171.207.125 - - [28/Apr/2025:06:49:42 -0400] "GET /2024/10/18/fanduel-casino/ HTTP/1.1" 200 20547 "-" "Mozilla/5.0 AppleWebKit/537.36 (KHTML, like Gecko; compatible; GPTBot/1.2; +https://openai.com/gptbot)"
20.171.207.125 - - [28/Apr/2025:06:49:45 -0400] "GET /2024/10/14/bellagio-casino-online/bellagio-casino-online.jpg HTTP/1.1" 404 18534 "-" "Mozilla/5.0 AppleWebKit/537.36 (KHTML, like Gecko; compatible; GPTBot/1.2; +https://openai.com/gptbot)"
20.171.207.125 - - [28/Apr/2025:06:49:47 -0400] "GET /2024/10/14/live-casino-deutschland/live-casino-deutschland.jpg HTTP/1.1" 404 18534 "-" "Mozilla/5.0 AppleWebKit/537.36 (KHTML, like Gecko; compatible; GPTBot/1.2; +https://openai.com/gptbot)"
20.171.207.125 - - [28/Apr/2025:06:49:50 -0400] "GET /?p=3552 HTTP/1.1" 301 0 "-" "Mozilla/5.0 AppleWebKit/537.36 (KHTML, like Gecko; compatible; GPTBot/1.2; +https://openai.com/gptbot)"
66.29.132.124 - - [28/Apr/2025:06:49:53 -0400] "POST /wp-cron.php?doing_wp_cron=1745837393.3879899978637695312500 HTTP/1.1" 200 0 "-" "WordPress/6.8; https://kamrancomputer.com"
20.171.207.125 - - [28/Apr/2025:06:49:52 -0400] "GET /2024/10/19/betnet/ HTTP/1.1" 200 20110 "-" "Mozilla/5.0 AppleWebKit/537.36 (KHTML, like Gecko; compatible; GPTBot/1.2; +https://openai.com/gptbot)"
20.171.207.125 - - [28/Apr/2025:06:49:54 -0400] "GET /?p=9224 HTTP/1.1" 301 0 "-" "Mozilla/5.0 AppleWebKit/537.36 (KHTML, like Gecko; compatible; GPTBot/1.2; +https://openai.com/gptbot)"
20.171.207.125 - - [28/Apr/2025:06:49:56 -0400] "GET /?p=5350 HTTP/1.1" 301 0 "-" "Mozilla/5.0 AppleWebKit/537.36 (KHTML, like Gecko; compatible; GPTBot/1.2; +https://openai.com/gptbot)"
20.171.207.125 - - [28/Apr/2025:06:49:58 -0400] "GET /?p=6298 HTTP/1.1" 301 0 "-" "Mozilla/5.0 AppleWebKit/537.36 (KHTML, like Gecko; compatible; GPTBot/1.2; +https://openai.com/gptbot)"
20.171.207.125 - - [28/Apr/2025:06:49:59 -0400] "GET /?p=2629 HTTP/1.1" 301 0 "-" "Mozilla/5.0 AppleWebKit/537.36 (KHTML, like Gecko; compatible; GPTBot/1.2; +https://openai.com/gptbot)"
20.171.207.125 - - [28/Apr/2025:06:50:01 -0400] "GET /2024/10/18/texas-online-casinos/ HTTP/1.1" 200 19982 "-" "Mozilla/5.0 AppleWebKit/537.36 (KHTML, like Gecko; compatible; GPTBot/1.2; +https://openai.com/gptbot)"
20.171.207.125 - - [28/Apr/2025:06:50:02 -0400] "GET /2024/10/18/fanduel-casino/fanduel-success-story.jpg HTTP/1.1" 404 18534 "-" "Mozilla/5.0 AppleWebKit/537.36 (KHTML, like Gecko; compatible; GPTBot/1.2; +https://openai.com/gptbot)"
20.171.207.125 - - [28/Apr/2025:06:50:05 -0400] "GET /2024/10/14/bellagio-casino-online/bellagio-casino-online.jpg HTTP/1.1" 404 18534 "-" "Mozilla/5.0 AppleWebKit/537.36 (KHTML, like Gecko; compatible; GPTBot/1.2; +https://openai.com/gptbot)"
20.171.207.125 - - [28/Apr/2025:06:50:08 -0400] "GET /?p=21764 HTTP/1.1" 301 0 "-" "Mozilla/5.0 AppleWebKit/537.36 (KHTML, like Gecko; compatible; GPTBot/1.2; +https://openai.com/gptbot)"
20.171.207.125 - - [28/Apr/2025:06:50:11 -0400] "GET /2024/10/18/new-casino-games/new-casino-games.jpg HTTP/1.1" 404 18534 "-" "Mozilla/5.0 AppleWebKit/537.36 (KHTML, like Gecko; compatible; GPTBot/1.2; +https://openai.com/gptbot)"
20.171.207.125 - - [28/Apr/2025:06:50:13 -0400] "GET /2024/10/14/vulkan-igra-na-realnye-dengi/ HTTP/1.1" 200 21756 "-" "Mozilla/5.0 AppleWebKit/537.36 (KHTML, like Gecko; compatible; GPTBot/1.2; +https://openai.com/gptbot)"
20.171.207.125 - - [28/Apr/2025:06:50:17 -0400] "GET /?p=3020 HTTP/1.1" 301 0 "-" "Mozilla/5.0 AppleWebKit/537.36 (KHTML, like Gecko; compatible; GPTBot/1.2; +https://openai.com/gptbot)"
20.171.207.125 - - [28/Apr/2025:06:50:19 -0400] "GET /2024/10/18/online-casinos-for-us-players/ HTTP/1.1" 200 20653 "-" "Mozilla/5.0 AppleWebKit/537.36 (KHTML, like Gecko; compatible; GPTBot/1.2; +https://openai.com/gptbot)"
20.171.207.125 - - [28/Apr/2025:06:50:22 -0400] "GET /?p=4740 HTTP/1.1" 301 0 "-" "Mozilla/5.0 AppleWebKit/537.36 (KHTML, like Gecko; compatible; GPTBot/1.2; +https://openai.com/gptbot)"
66.29.132.124 - - [28/Apr/2025:06:50:26 -0400] "POST /wp-cron.php?doing_wp_cron=1745837426.8054659366607666015625 HTTP/1.1" 200 0 "-" "WordPress/6.8; https://kamrancomputer.com"
20.171.207.125 - - [28/Apr/2025:06:50:25 -0400] "GET /2024/10/19/betnet/betnet_betting_interface.jpg HTTP/1.1" 404 18534 "-" "Mozilla/5.0 AppleWebKit/537.36 (KHTML, like Gecko; compatible; GPTBot/1.2; +https://openai.com/gptbot)"
66.29.132.124 - - [28/Apr/2025:06:50:28 -0400] "POST /wp-admin/admin-ajax.php?action=async_litespeed&nonce=LbVJTcgW1GHRaj2h8HDgQ8i4RrnECxKs&litespeed_type=imgoptm HTTP/1.1" 200 0 "-" "WordPress/6.8; https://kamrancomputer.com"
20.171.207.125 - - [28/Apr/2025:06:50:28 -0400] "GET /2024/10/14/igrovye-apparaty-onlajn/ HTTP/1.1" 200 22810 "-" "Mozilla/5.0 AppleWebKit/537.36 (KHTML, like Gecko; compatible; GPTBot/1.2; +https://openai.com/gptbot)"
20.171.207.125 - - [28/Apr/2025:06:50:31 -0400] "GET /wp-json/oembed/1.0/embed?url=https%3A%2F%2Fkamrancomputer.com%2F2024%2F10%2F18%2Ftexas-online-casinos%2F HTTP/1.1" 200 2154 "-" "Mozilla/5.0 AppleWebKit/537.36 (KHTML, like Gecko; compatible; GPTBot/1.2; +https://openai.com/gptbot)"
20.171.207.125 - - [28/Apr/2025:06:50:33 -0400] "GET /2024/10/18/texas-online-casinos/texas-online-casinos.jpg HTTP/1.1" 404 18534 "-" "Mozilla/5.0 AppleWebKit/537.36 (KHTML, like Gecko; compatible; GPTBot/1.2; +https://openai.com/gptbot)"
20.171.207.125 - - [28/Apr/2025:06:50:37 -0400] "GET /wp-json/oembed/1.0/embed?format=xml&url=https%3A%2F%2Fkamrancomputer.com%2F2024%2F10%2F18%2Ftexas-online-casinos%2F HTTP/1.1" 200 1031 "-" "Mozilla/5.0 AppleWebKit/537.36 (KHTML, like Gecko; compatible; GPTBot/1.2; +https://openai.com/gptbot)"
20.171.207.125 - - [28/Apr/2025:06:50:39 -0400] "GET /?p=16405 HTTP/1.1" 301 0 "-" "Mozilla/5.0 AppleWebKit/537.36 (KHTML, like Gecko; compatible; GPTBot/1.2; +https://openai.com/gptbot)"
20.171.207.125 - - [28/Apr/2025:06:50:42 -0400] "GET /?p=21166 HTTP/1.1" 301 0 "-" "Mozilla/5.0 AppleWebKit/537.36 (KHTML, like Gecko; compatible; GPTBot/1.2; +https://openai.com/gptbot)"
20.171.207.125 - - [28/Apr/2025:06:50:44 -0400] "GET /?p=4222 HTTP/1.1" 301 0 "-" "Mozilla/5.0 AppleWebKit/537.36 (KHTML, like Gecko; compatible; GPTBot/1.2; +https://openai.com/gptbot)"
20.171.207.125 - - [28/Apr/2025:06:50:46 -0400] "GET /2024/10/19/betnet/betnet_homepage.jpg HTTP/1.1" 404 18534 "-" "Mozilla/5.0 AppleWebKit/537.36 (KHTML, like Gecko; compatible; GPTBot/1.2; +https://openai.com/gptbot)"
20.171.207.125 - - [28/Apr/2025:06:50:48 -0400] "GET /2024/10/14/stavki-na-sport-pin-up/ HTTP/1.1" 200 22412 "-" "Mozilla/5.0 AppleWebKit/537.36 (KHTML, like Gecko; compatible; GPTBot/1.2; +https://openai.com/gptbot)"
66.29.132.124 - - [28/Apr/2025:06:50:52 -0400] "POST /wp-cron.php?doing_wp_cron=1745837452.1785430908203125000000 HTTP/1.1" 200 0 "-" "WordPress/6.8; https://kamrancomputer.com"
20.171.207.125 - - [28/Apr/2025:06:50:51 -0400] "GET /?p=5704 HTTP/1.1" 301 0 "-" "Mozilla/5.0 AppleWebKit/537.36 (KHTML, like Gecko; compatible; GPTBot/1.2; +https://openai.com/gptbot)"
20.171.207.125 - - [28/Apr/2025:06:50:53 -0400] "GET /?p=22614 HTTP/1.1" 301 0 "-" "Mozilla/5.0 AppleWebKit/537.36 (KHTML, like Gecko; compatible; GPTBot/1.2; +https://openai.com/gptbot)"
20.171.207.125 - - [28/Apr/2025:06:50:54 -0400] "GET /?p=8753 HTTP/1.1" 301 0 "-" "Mozilla/5.0 AppleWebKit/537.36 (KHTML, like Gecko; compatible; GPTBot/1.2; +https://openai.com/gptbot)"
20.171.207.125 - - [28/Apr/2025:06:50:56 -0400] "GET /?p=4955 HTTP/1.1" 301 0 "-" "Mozilla/5.0 AppleWebKit/537.36 (KHTML, like Gecko; compatible; GPTBot/1.2; +https://openai.com/gptbot)"
20.171.207.125 - - [28/Apr/2025:06:50:58 -0400] "GET /?p=20203 HTTP/1.1" 301 0 "-" "Mozilla/5.0 AppleWebKit/537.36 (KHTML, like Gecko; compatible; GPTBot/1.2; +https://openai.com/gptbot)"
20.171.207.125 - - [28/Apr/2025:06:50:59 -0400] "GET /2024/10/18/casino-games-online-real-money/ HTTP/1.1" 200 20506 "-" "Mozilla/5.0 AppleWebKit/537.36 (KHTML, like Gecko; compatible; GPTBot/1.2; +https://openai.com/gptbot)"
20.171.207.125 - - [28/Apr/2025:06:51:00 -0400] "GET /2024/10/19/betmgm-casino-real-money-news/ HTTP/1.1" 200 20346 "-" "Mozilla/5.0 AppleWebKit/537.36 (KHTML, like Gecko; compatible; GPTBot/1.2; +https://openai.com/gptbot)"
20.171.207.125 - - [28/Apr/2025:06:51:02 -0400] "GET /2024/10/18/texas-online-casinos/embed/ HTTP/1.1" 200 22788 "-" "Mozilla/5.0 AppleWebKit/537.36 (KHTML, like Gecko; compatible; GPTBot/1.2; +https://openai.com/gptbot)"
20.171.207.125 - - [28/Apr/2025:06:51:03 -0400] "GET /2024/10/14/newest-casinos-online/ HTTP/1.1" 200 20442 "-" "Mozilla/5.0 AppleWebKit/537.36 (KHTML, like Gecko; compatible; GPTBot/1.2; +https://openai.com/gptbot)"
20.171.207.125 - - [28/Apr/2025:06:51:05 -0400] "GET /2024/10/14/lowenplay-online/ HTTP/1.1" 200 20382 "-" "Mozilla/5.0 AppleWebKit/537.36 (KHTML, like Gecko; compatible; GPTBot/1.2; +https://openai.com/gptbot)"
20.171.207.125 - - [28/Apr/2025:06:51:06 -0400] "GET /2024/10/19/casino-real-money/ HTTP/1.1" 200 20581 "-" "Mozilla/5.0 AppleWebKit/537.36 (KHTML, like Gecko; compatible; GPTBot/1.2; +https://openai.com/gptbot)"
20.171.207.125 - - [28/Apr/2025:06:51:08 -0400] "GET /wp-json/wp/v2/posts/20203 HTTP/1.1" 200 6635 "-" "Mozilla/5.0 AppleWebKit/537.36 (KHTML, like Gecko; compatible; GPTBot/1.2; +https://openai.com/gptbot)"
20.171.207.125 - - [28/Apr/2025:06:51:09 -0400] "GET /2024/10/18/novoline-kostenlos-spielen/ HTTP/1.1" 200 20466 "-" "Mozilla/5.0 AppleWebKit/537.36 (KHTML, like Gecko; compatible; GPTBot/1.2; +https://openai.com/gptbot)"
66.29.132.124 - - [28/Apr/2025:06:51:12 -0400] "POST /wp-cron.php?doing_wp_cron=1745837472.3430318832397460937500 HTTP/1.1" 200 0 "-" "WordPress/6.8; https://kamrancomputer.com"
20.171.207.125 - - [28/Apr/2025:06:51:11 -0400] "GET /2024/10/14/casino-real-cash/ HTTP/1.1" 200 20695 "-" "Mozilla/5.0 AppleWebKit/537.36 (KHTML, like Gecko; compatible; GPTBot/1.2; +https://openai.com/gptbot)"
20.171.207.125 - - [28/Apr/2025:06:51:13 -0400] "GET /2024/10/19/new-online-casinos-michigan/ HTTP/1.1" 200 20591 "-" "Mozilla/5.0 AppleWebKit/537.36 (KHTML, like Gecko; compatible; GPTBot/1.2; +https://openai.com/gptbot)"
20.171.207.125 - - [28/Apr/2025:06:51:15 -0400] "GET /2024/10/14/cazino/ HTTP/1.1" 200 20568 "-" "Mozilla/5.0 AppleWebKit/537.36 (KHTML, like Gecko; compatible; GPTBot/1.2; +https://openai.com/gptbot)"
20.171.207.125 - - [28/Apr/2025:06:51:17 -0400] "GET /2024/10/14/vegas-kazino/ HTTP/1.1" 200 23175 "-" "Mozilla/5.0 AppleWebKit/537.36 (KHTML, like Gecko; compatible; GPTBot/1.2; +https://openai.com/gptbot)"
20.171.207.125 - - [28/Apr/2025:06:51:18 -0400] "GET /2024/10/19/igry-za-dengi/ HTTP/1.1" 200 22275 "-" "Mozilla/5.0 AppleWebKit/537.36 (KHTML, like Gecko; compatible; GPTBot/1.2; +https://openai.com/gptbot)"
20.171.207.125 - - [28/Apr/2025:06:51:20 -0400] "GET /2024/10/14/ojo-casino/ HTTP/1.1" 200 20400 "-" "Mozilla/5.0 AppleWebKit/537.36 (KHTML, like Gecko; compatible; GPTBot/1.2; +https://openai.com/gptbot)"
20.171.207.125 - - [28/Apr/2025:06:51:22 -0400] "GET /2024/10/18/online-casinos-for-us-players/online-casino.jpg HTTP/1.1" 404 18534 "-" "Mozilla/5.0 AppleWebKit/537.36 (KHTML, like Gecko; compatible; GPTBot/1.2; +https://openai.com/gptbot)"
20.171.207.125 - - [28/Apr/2025:06:51:23 -0400] "GET /?p=22377 HTTP/1.1" 301 0 "-" "Mozilla/5.0 AppleWebKit/537.36 (KHTML, like Gecko; compatible; GPTBot/1.2; +https://openai.com/gptbot)"
20.171.207.125 - - [28/Apr/2025:06:51:24 -0400] "GET /2024/10/19/casino-real-money/casino-gambling.jpg HTTP/1.1" 404 18534 "-" "Mozilla/5.0 AppleWebKit/537.36 (KHTML, like Gecko; compatible; GPTBot/1.2; +https://openai.com/gptbot)"
66.29.132.124 - - [28/Apr/2025:06:51:27 -0400] "POST /wp-cron.php?doing_wp_cron=1745837487.2115609645843505859375 HTTP/1.1" 200 0 "-" "WordPress/6.8; https://kamrancomputer.com"
20.171.207.125 - - [28/Apr/2025:06:51:26 -0400] "GET /2024/10/14/lowenplay-online/bilder/l%C3%B6wenplay_logo.png HTTP/1.1" 404 18534 "-" "Mozilla/5.0 AppleWebKit/537.36 (KHTML, like Gecko; compatible; GPTBot/1.2; +https://openai.com/gptbot)"
20.171.207.125 - - [28/Apr/2025:06:51:27 -0400] "GET /2024/10/14/lowenplay-online/bilder/l%C3%B6wenplay_spiele.png HTTP/1.1" 404 18534 "-" "Mozilla/5.0 AppleWebKit/537.36 (KHTML, like Gecko; compatible; GPTBot/1.2; +https://openai.com/gptbot)"
20.171.207.125 - - [28/Apr/2025:06:51:29 -0400] "GET /2024/10/18/texas-online-casinos/texas-online-casinos.jpg HTTP/1.1" 404 18534 "-" "Mozilla/5.0 AppleWebKit/537.36 (KHTML, like Gecko; compatible; GPTBot/1.2; +https://openai.com/gptbot)"
66.29.132.124 - - [28/Apr/2025:06:51:28 -0400] "POST /wp-admin/admin-ajax.php?action=async_litespeed&nonce=Kqzx3NlbrrhB7Qe6OfKfHOgoc8hQBGMx&litespeed_type=imgoptm HTTP/1.1" 200 0 "-" "WordPress/6.8; https://kamrancomputer.com"
20.171.207.125 - - [28/Apr/2025:06:51:30 -0400] "GET /2024/10/18/crown-casino-melbourne-opening-hours/crown-casino-melbourne.jpg HTTP/1.1" 404 18536 "-" "Mozilla/5.0 AppleWebKit/537.36 (KHTML, like Gecko; compatible; GPTBot/1.2; +https://openai.com/gptbot)"
20.171.207.125 - - [28/Apr/2025:06:51:31 -0400] "GET /2024/10/18/casino-madrid-online/casino-madrid-online-success.jpg HTTP/1.1" 404 18534 "-" "Mozilla/5.0 AppleWebKit/537.36 (KHTML, like Gecko; compatible; GPTBot/1.2; +https://openai.com/gptbot)"
20.171.207.125 - - [28/Apr/2025:06:51:33 -0400] "GET /kamrancomputer/actuator/env HTTP/1.1" 404 18536 "-" "Mozilla/5.0 AppleWebKit/537.36 (KHTML, like Gecko; compatible; GPTBot/1.2; +https://openai.com/gptbot)"
20.171.207.125 - - [28/Apr/2025:06:51:34 -0400] "GET /?p=19399 HTTP/1.1" 301 0 "-" "Mozilla/5.0 AppleWebKit/537.36 (KHTML, like Gecko; compatible; GPTBot/1.2; +https://openai.com/gptbot)"
20.171.207.125 - - [28/Apr/2025:06:51:35 -0400] "GET /2024/10/14/new-online-casinos-2024/online-casinos-2024-statistics.jpg HTTP/1.1" 404 18536 "-" "Mozilla/5.0 AppleWebKit/537.36 (KHTML, like Gecko; compatible; GPTBot/1.2; +https://openai.com/gptbot)"
20.171.207.125 - - [28/Apr/2025:06:51:36 -0400] "GET /2024/10/19/igrovoj-klub-vulkan-777/ HTTP/1.1" 200 22015 "-" "Mozilla/5.0 AppleWebKit/537.36 (KHTML, like Gecko; compatible; GPTBot/1.2; +https://openai.com/gptbot)"
20.171.207.125 - - [28/Apr/2025:06:51:38 -0400] "GET /?p=10129 HTTP/1.1" 301 0 "-" "Mozilla/5.0 AppleWebKit/537.36 (KHTML, like Gecko; compatible; GPTBot/1.2; +https://openai.com/gptbot)"
20.171.207.125 - - [28/Apr/2025:06:51:39 -0400] "GET /2024/10/14/lowenplay-online/bilder/l%C3%B6wenplay_logo.png HTTP/1.1" 404 18534 "-" "Mozilla/5.0 AppleWebKit/537.36 (KHTML, like Gecko; compatible; GPTBot/1.2; +https://openai.com/gptbot)"
20.171.207.125 - - [28/Apr/2025:06:51:40 -0400] "GET /?p=5822 HTTP/1.1" 301 0 "-" "Mozilla/5.0 AppleWebKit/537.36 (KHTML, like Gecko; compatible; GPTBot/1.2; +https://openai.com/gptbot)"
20.171.207.125 - - [28/Apr/2025:06:51:41 -0400] "GET /wp-json/wp/v2/posts/8255 HTTP/1.1" 200 5902 "-" "Mozilla/5.0 AppleWebKit/537.36 (KHTML, like Gecko; compatible; GPTBot/1.2; +https://openai.com/gptbot)"
20.171.207.125 - - [28/Apr/2025:06:51:43 -0400] "GET /2024/10/19/alberta-online-casinos/alberta-online-casinos-statistics.jpg HTTP/1.1" 404 18534 "-" "Mozilla/5.0 AppleWebKit/537.36 (KHTML, like Gecko; compatible; GPTBot/1.2; +https://openai.com/gptbot)"
20.171.207.125 - - [28/Apr/2025:06:51:44 -0400] "GET /api/actuator/env HTTP/1.1" 404 18534 "-" "Mozilla/5.0 AppleWebKit/537.36 (KHTML, like Gecko; compatible; GPTBot/1.2; +https://openai.com/gptbot)"
20.171.207.125 - - [28/Apr/2025:06:51:46 -0400] "GET /2024/10/18/planet-7-casino-online/planet-7-casino-success.jpg HTTP/1.1" 404 18534 "-" "Mozilla/5.0 AppleWebKit/537.36 (KHTML, like Gecko; compatible; GPTBot/1.2; +https://openai.com/gptbot)"
20.171.207.125 - - [28/Apr/2025:06:51:48 -0400] "GET /2024/10/18/sunm/ HTTP/1.1" 200 19999 "-" "Mozilla/5.0 AppleWebKit/537.36 (KHTML, like Gecko; compatible; GPTBot/1.2; +https://openai.com/gptbot)"
20.171.207.125 - - [28/Apr/2025:06:51:49 -0400] "GET /2024/10/19/online-casinos-that-accept-mastercard/ HTTP/1.1" 200 20472 "-" "Mozilla/5.0 AppleWebKit/537.36 (KHTML, like Gecko; compatible; GPTBot/1.2; +https://openai.com/gptbot)"
66.29.132.124 - - [28/Apr/2025:06:51:52 -0400] "POST /wp-cron.php?doing_wp_cron=1745837512.6295371055603027343750 HTTP/1.1" 200 0 "-" "WordPress/6.8; https://kamrancomputer.com"
20.171.207.125 - - [28/Apr/2025:06:51:51 -0400] "GET /2024/10/18/instant-withdrawal-online-casino/instant-withdrawal-casino.jpg HTTP/1.1" 404 18535 "-" "Mozilla/5.0 AppleWebKit/537.36 (KHTML, like Gecko; compatible; GPTBot/1.2; +https://openai.com/gptbot)"
20.171.207.125 - - [28/Apr/2025:06:51:54 -0400] "GET /wp-json/oembed/1.0/embed?url=https%3A%2F%2Fkamrancomputer.com%2F2024%2F10%2F14%2Fslot-kostenlos-spielen-ohne-anmeldung%2F HTTP/1.1" 200 2239 "-" "Mozilla/5.0 AppleWebKit/537.36 (KHTML, like Gecko; compatible; GPTBot/1.2; +https://openai.com/gptbot)"
20.171.207.125 - - [28/Apr/2025:06:51:56 -0400] "GET /2024/10/18/online-casinos-mit-sofortuberweisung/ HTTP/1.1" 200 20408 "-" "Mozilla/5.0 AppleWebKit/537.36 (KHTML, like Gecko; compatible; GPTBot/1.2; +https://openai.com/gptbot)"
20.171.207.125 - - [28/Apr/2025:06:51:58 -0400] "GET /2024/10/14/bovada-slots/ HTTP/1.1" 200 20469 "-" "Mozilla/5.0 AppleWebKit/537.36 (KHTML, like Gecko; compatible; GPTBot/1.2; +https://openai.com/gptbot)"
20.171.207.125 - - [28/Apr/2025:06:51:59 -0400] "GET /?p=22675 HTTP/1.1" 301 0 "-" "Mozilla/5.0 AppleWebKit/537.36 (KHTML, like Gecko; compatible; GPTBot/1.2; +https://openai.com/gptbot)"
20.171.207.125 - - [28/Apr/2025:06:52:01 -0400] "GET /2024/10/19/list-of-online-casinos/ HTTP/1.1" 200 20487 "-" "Mozilla/5.0 AppleWebKit/537.36 (KHTML, like Gecko; compatible; GPTBot/1.2; +https://openai.com/gptbot)"
20.171.207.125 - - [28/Apr/2025:06:52:02 -0400] "GET /2024/10/19/internet-slot-machines/images/internet-slot-machines.jpg HTTP/1.1" 404 18534 "-" "Mozilla/5.0 AppleWebKit/537.36 (KHTML, like Gecko; compatible; GPTBot/1.2; +https://openai.com/gptbot)"
20.171.207.125 - - [28/Apr/2025:06:52:04 -0400] "GET /2024/10/14/crown-casino-melbourne-contact/crown-casino-melbourne.jpg HTTP/1.1" 404 18534 "-" "Mozilla/5.0 AppleWebKit/537.36 (KHTML, like Gecko; compatible; GPTBot/1.2; +https://openai.com/gptbot)"
20.171.207.125 - - [28/Apr/2025:06:52:05 -0400] "GET /?p=13421 HTTP/1.1" 301 0 "-" "Mozilla/5.0 AppleWebKit/537.36 (KHTML, like Gecko; compatible; GPTBot/1.2; +https://openai.com/gptbot)"
20.171.207.125 - - [28/Apr/2025:06:52:07 -0400] "GET /?p=813 HTTP/1.1" 301 0 "-" "Mozilla/5.0 AppleWebKit/537.36 (KHTML, like Gecko; compatible; GPTBot/1.2; +https://openai.com/gptbot)"
20.171.207.125 - - [28/Apr/2025:06:52:08 -0400] "GET /2024/10/19/online-casinos-that-accept-mastercard/images/withdrawal-limits.png HTTP/1.1" 404 18534 "-" "Mozilla/5.0 AppleWebKit/537.36 (KHTML, like Gecko; compatible; GPTBot/1.2; +https://openai.com/gptbot)"
20.171.207.125 - - [28/Apr/2025:06:52:09 -0400] "GET /2024/10/19/online-casinos-that-accept-mastercard/images/mastercard-security.png HTTP/1.1" 404 18534 "-" "Mozilla/5.0 AppleWebKit/537.36 (KHTML, like Gecko; compatible; GPTBot/1.2; +https://openai.com/gptbot)"
20.171.207.125 - - [28/Apr/2025:06:52:12 -0400] "GET /2024/10/18/online-casinos-mit-sofortuberweisung/path/to/image.jpg HTTP/1.1" 404 18534 "-" "Mozilla/5.0 AppleWebKit/537.36 (KHTML, like Gecko; compatible; GPTBot/1.2; +https://openai.com/gptbot)"
20.171.207.125 - - [28/Apr/2025:06:52:13 -0400] "GET /?p=7953 HTTP/1.1" 301 0 "-" "Mozilla/5.0 AppleWebKit/537.36 (KHTML, like Gecko; compatible; GPTBot/1.2; +https://openai.com/gptbot)"
20.171.207.125 - - [28/Apr/2025:06:52:14 -0400] "GET /2024/10/19/online-echtgeld-casino/ HTTP/1.1" 200 20009 "-" "Mozilla/5.0 AppleWebKit/537.36 (KHTML, like Gecko; compatible; GPTBot/1.2; +https://openai.com/gptbot)"
20.171.207.125 - - [28/Apr/2025:06:52:16 -0400] "GET /?p=10602 HTTP/1.1" 301 0 "-" "Mozilla/5.0 AppleWebKit/537.36 (KHTML, like Gecko; compatible; GPTBot/1.2; +https://openai.com/gptbot)"
20.171.207.125 - - [28/Apr/2025:06:52:17 -0400] "GET /2024/10/19/list-of-online-casinos/casino_image1.jpg HTTP/1.1" 404 18536 "-" "Mozilla/5.0 AppleWebKit/537.36 (KHTML, like Gecko; compatible; GPTBot/1.2; +https://openai.com/gptbot)"
20.171.207.125 - - [28/Apr/2025:06:52:18 -0400] "GET /2024/10/19/list-of-online-casinos/casino_image2.jpg HTTP/1.1" 404 18534 "-" "Mozilla/5.0 AppleWebKit/537.36 (KHTML, like Gecko; compatible; GPTBot/1.2; +https://openai.com/gptbot)"
20.171.207.125 - - [28/Apr/2025:06:52:19 -0400] "GET /2024/10/18/golden-casino-online/ HTTP/1.1" 200 20703 "-" "Mozilla/5.0 AppleWebKit/537.36 (KHTML, like Gecko; compatible; GPTBot/1.2; +https://openai.com/gptbot)"
20.171.207.125 - - [28/Apr/2025:06:52:20 -0400] "GET /2024/10/14/best-real-money-casino/ HTTP/1.1" 200 20585 "-" "Mozilla/5.0 AppleWebKit/537.36 (KHTML, like Gecko; compatible; GPTBot/1.2; +https://openai.com/gptbot)"
20.171.207.125 - - [28/Apr/2025:06:52:22 -0400] "GET /2024/10/18/crown-casino-melbourne-contact/crown-casino-melbourne.jpg HTTP/1.1" 404 18536 "-" "Mozilla/5.0 AppleWebKit/537.36 (KHTML, like Gecko; compatible; GPTBot/1.2; +https://openai.com/gptbot)"
20.171.207.125 - - [28/Apr/2025:06:52:23 -0400] "GET /2024/10/19/online-casino-echtgeld-bonus-ohne-einzahlung/images/bonus-ohne-einzahlung.jpg HTTP/1.1" 404 18534 "-" "Mozilla/5.0 AppleWebKit/537.36 (KHTML, like Gecko; compatible; GPTBot/1.2; +https://openai.com/gptbot)"
20.171.207.125 - - [28/Apr/2025:06:52:24 -0400] "GET /?p=9748 HTTP/1.1" 301 0 "-" "Mozilla/5.0 AppleWebKit/537.36 (KHTML, like Gecko; compatible; GPTBot/1.2; +https://openai.com/gptbot)"
20.171.207.125 - - [28/Apr/2025:06:52:25 -0400] "GET /?p=7953 HTTP/1.1" 301 0 "-" "Mozilla/5.0 AppleWebKit/537.36 (KHTML, like Gecko; compatible; GPTBot/1.2; +https://openai.com/gptbot)"
66.29.132.124 - - [28/Apr/2025:06:52:27 -0400] "POST /wp-cron.php?doing_wp_cron=1745837547.2668669223785400390625 HTTP/1.1" 200 0 "-" "WordPress/6.8; https://kamrancomputer.com"
20.171.207.125 - - [28/Apr/2025:06:52:26 -0400] "GET /2024/10/18/online-casino-test/ HTTP/1.1" 200 20616 "-" "Mozilla/5.0 AppleWebKit/537.36 (KHTML, like Gecko; compatible; GPTBot/1.2; +https://openai.com/gptbot)"
66.29.132.124 - - [28/Apr/2025:06:52:27 -0400] "POST /wp-admin/admin-ajax.php?action=async_litespeed&nonce=UlthvlYo4HRXnzBr1yeGQhaVNGuZ3H6R&litespeed_type=imgoptm HTTP/1.1" 200 21 "-" "WordPress/6.8; https://kamrancomputer.com"
20.171.207.125 - - [28/Apr/2025:06:52:28 -0400] "GET /wp-json/wp/v2/posts/13813 HTTP/1.1" 200 5176 "-" "Mozilla/5.0 AppleWebKit/537.36 (KHTML, like Gecko; compatible; GPTBot/1.2; +https://openai.com/gptbot)"
20.171.207.125 - - [28/Apr/2025:06:52:29 -0400] "GET /?p=3560 HTTP/1.1" 301 0 "-" "Mozilla/5.0 AppleWebKit/537.36 (KHTML, like Gecko; compatible; GPTBot/1.2; +https://openai.com/gptbot)"
20.171.207.125 - - [28/Apr/2025:06:52:31 -0400] "GET /2024/10/18/casino-x-400/ HTTP/1.1" 200 22530 "-" "Mozilla/5.0 AppleWebKit/537.36 (KHTML, like Gecko; compatible; GPTBot/1.2; +https://openai.com/gptbot)"
20.171.207.125 - - [28/Apr/2025:06:52:32 -0400] "GET /wp-json/wp/v2/posts/10901 HTTP/1.1" 200 6672 "-" "Mozilla/5.0 AppleWebKit/537.36 (KHTML, like Gecko; compatible; GPTBot/1.2; +https://openai.com/gptbot)"
20.171.207.125 - - [28/Apr/2025:06:52:34 -0400] "GET /wp-json/wp/v2/posts/13837 HTTP/1.1" 200 6184 "-" "Mozilla/5.0 AppleWebKit/537.36 (KHTML, like Gecko; compatible; GPTBot/1.2; +https://openai.com/gptbot)"
20.171.207.125 - - [28/Apr/2025:06:52:35 -0400] "GET /2024/10/14/best-real-money-casino/game-variety.jpg HTTP/1.1" 404 18534 "-" "Mozilla/5.0 AppleWebKit/537.36 (KHTML, like Gecko; compatible; GPTBot/1.2; +https://openai.com/gptbot)"
20.171.207.125 - - [28/Apr/2025:06:52:37 -0400] "GET /2024/10/14/best-real-money-casino/customer-support.jpg HTTP/1.1" 404 18534 "-" "Mozilla/5.0 AppleWebKit/537.36 (KHTML, like Gecko; compatible; GPTBot/1.2; +https://openai.com/gptbot)"
20.171.207.125 - - [28/Apr/2025:06:52:38 -0400] "GET /2024/10/14/best-real-money-casino/payment-options.jpg HTTP/1.1" 404 18534 "-" "Mozilla/5.0 AppleWebKit/537.36 (KHTML, like Gecko; compatible; GPTBot/1.2; +https://openai.com/gptbot)"
20.171.207.125 - - [28/Apr/2025:06:52:40 -0400] "GET /?p=3705 HTTP/1.1" 301 0 "-" "Mozilla/5.0 AppleWebKit/537.36 (KHTML, like Gecko; compatible; GPTBot/1.2; +https://openai.com/gptbot)"
20.171.207.125 - - [28/Apr/2025:06:52:41 -0400] "GET /?p=1435 HTTP/1.1" 301 0 "-" "Mozilla/5.0 AppleWebKit/537.36 (KHTML, like Gecko; compatible; GPTBot/1.2; +https://openai.com/gptbot)"
20.171.207.125 - - [28/Apr/2025:06:52:43 -0400] "GET /?p=4596 HTTP/1.1" 301 0 "-" "Mozilla/5.0 AppleWebKit/537.36 (KHTML, like Gecko; compatible; GPTBot/1.2; +https://openai.com/gptbot)"
20.171.207.125 - - [28/Apr/2025:06:52:44 -0400] "GET /2024/10/14/best-real-money-casino/responsible-gaming.jpg HTTP/1.1" 404 18534 "-" "Mozilla/5.0 AppleWebKit/537.36 (KHTML, like Gecko; compatible; GPTBot/1.2; +https://openai.com/gptbot)"
20.171.207.125 - - [28/Apr/2025:06:52:46 -0400] "GET /2024/10/14/best-real-money-casino/bonuses.jpg HTTP/1.1" 404 18535 "-" "Mozilla/5.0 AppleWebKit/537.36 (KHTML, like Gecko; compatible; GPTBot/1.2; +https://openai.com/gptbot)"
20.171.207.125 - - [28/Apr/2025:06:52:48 -0400] "GET /2024/10/14/best-real-money-casino/casino-licensing.jpg HTTP/1.1" 404 18534 "-" "Mozilla/5.0 AppleWebKit/537.36 (KHTML, like Gecko; compatible; GPTBot/1.2; +https://openai.com/gptbot)"
20.171.207.125 - - [28/Apr/2025:06:52:50 -0400] "GET /?p=22826 HTTP/1.1" 301 0 "-" "Mozilla/5.0 AppleWebKit/537.36 (KHTML, like Gecko; compatible; GPTBot/1.2; +https://openai.com/gptbot)"
66.29.132.124 - - [28/Apr/2025:06:52:52 -0400] "POST /wp-cron.php?doing_wp_cron=1745837572.3598310947418212890625 HTTP/1.1" 200 0 "-" "WordPress/6.8; https://kamrancomputer.com"
20.171.207.125 - - [28/Apr/2025:06:52:51 -0400] "GET /?p=8972 HTTP/1.1" 301 0 "-" "Mozilla/5.0 AppleWebKit/537.36 (KHTML, like Gecko; compatible; GPTBot/1.2; +https://openai.com/gptbot)"
20.171.207.125 - - [28/Apr/2025:06:52:53 -0400] "GET /2024/10/18/vulkan-stars-777/ HTTP/1.1" 200 22105 "-" "Mozilla/5.0 AppleWebKit/537.36 (KHTML, like Gecko; compatible; GPTBot/1.2; +https://openai.com/gptbot)"
20.171.207.125 - - [28/Apr/2025:06:52:54 -0400] "GET /wp-json/wp/v2/posts/18995 HTTP/1.1" 200 19057 "-" "Mozilla/5.0 AppleWebKit/537.36 (KHTML, like Gecko; compatible; GPTBot/1.2; +https://openai.com/gptbot)"
20.171.207.125 - - [28/Apr/2025:06:52:56 -0400] "GET /2024/10/14/vulkan-grand-kazino/ HTTP/1.1" 200 22422 "-" "Mozilla/5.0 AppleWebKit/537.36 (KHTML, like Gecko; compatible; GPTBot/1.2; +https://openai.com/gptbot)"
