20.171.207.125 - - [28/Apr/2025:06:08:01 -0400] "GET /?p=16318 HTTP/1.1" 301 0 "-" "Mozilla/5.0 AppleWebKit/537.36 (KHTML, like Gecko; compatible; GPTBot/1.2; +https://openai.com/gptbot)"
20.171.207.125 - - [28/Apr/2025:06:08:03 -0400] "GET /?p=22455 HTTP/1.1" 301 0 "-" "Mozilla/5.0 AppleWebKit/537.36 (KHTML, like Gecko; compatible; GPTBot/1.2; +https://openai.com/gptbot)"
20.171.207.125 - - [28/Apr/2025:06:08:04 -0400] "GET /?p=2193 HTTP/1.1" 301 0 "-" "Mozilla/5.0 AppleWebKit/537.36 (KHTML, like Gecko; compatible; GPTBot/1.2; +https://openai.com/gptbot)"
20.171.207.125 - - [28/Apr/2025:06:08:05 -0400] "GET /?p=7983 HTTP/1.1" 301 0 "-" "Mozilla/5.0 AppleWebKit/537.36 (KHTML, like Gecko; compatible; GPTBot/1.2; +https://openai.com/gptbot)"
20.171.207.125 - - [28/Apr/2025:06:08:06 -0400] "GET /?p=5229 HTTP/1.1" 301 0 "-" "Mozilla/5.0 AppleWebKit/537.36 (KHTML, like Gecko; compatible; GPTBot/1.2; +https://openai.com/gptbot)"
20.171.207.125 - - [28/Apr/2025:06:08:07 -0400] "GET /2024/10/18/king-of-pop-online-casino/path/to/image.jpg HTTP/1.1" 404 18536 "-" "Mozilla/5.0 AppleWebKit/537.36 (KHTML, like Gecko; compatible; GPTBot/1.2; +https://openai.com/gptbot)"
20.171.207.125 - - [28/Apr/2025:06:08:09 -0400] "GET /2024/10/19/casinos-online-that-pay-real-money/ HTTP/1.1" 200 20496 "-" "Mozilla/5.0 AppleWebKit/537.36 (KHTML, like Gecko; compatible; GPTBot/1.2; +https://openai.com/gptbot)"
20.171.207.125 - - [28/Apr/2025:06:08:10 -0400] "GET /2024/10/19/online-blackjack-casino/ HTTP/1.1" 200 20521 "-" "Mozilla/5.0 AppleWebKit/537.36 (KHTML, like Gecko; compatible; GPTBot/1.2; +https://openai.com/gptbot)"
20.171.207.125 - - [28/Apr/2025:06:08:11 -0400] "GET /2024/10/18/vulkan-onlajn-stars/ HTTP/1.1" 200 22674 "-" "Mozilla/5.0 AppleWebKit/537.36 (KHTML, like Gecko; compatible; GPTBot/1.2; +https://openai.com/gptbot)"
20.171.207.125 - - [28/Apr/2025:06:08:13 -0400] "GET /2024/10/19/1xslots-oficialnyj-sajt/ HTTP/1.1" 200 22043 "-" "Mozilla/5.0 AppleWebKit/537.36 (KHTML, like Gecko; compatible; GPTBot/1.2; +https://openai.com/gptbot)"
20.171.207.125 - - [28/Apr/2025:06:08:14 -0400] "GET /2024/10/18/moolah-online-casino/ HTTP/1.1" 200 20287 "-" "Mozilla/5.0 AppleWebKit/537.36 (KHTML, like Gecko; compatible; GPTBot/1.2; +https://openai.com/gptbot)"
20.171.207.125 - - [28/Apr/2025:06:08:15 -0400] "GET /2024/10/19/casino-craps-online/ HTTP/1.1" 200 20497 "-" "Mozilla/5.0 AppleWebKit/537.36 (KHTML, like Gecko; compatible; GPTBot/1.2; +https://openai.com/gptbot)"
20.171.207.125 - - [28/Apr/2025:06:08:16 -0400] "GET /2024/10/14/casino-bonus-ohne-einzahlung-neu-2024/ HTTP/1.1" 200 20711 "-" "Mozilla/5.0 AppleWebKit/537.36 (KHTML, like Gecko; compatible; GPTBot/1.2; +https://openai.com/gptbot)"
20.171.207.125 - - [28/Apr/2025:06:08:17 -0400] "GET /?p=4034 HTTP/1.1" 301 0 "-" "Mozilla/5.0 AppleWebKit/537.36 (KHTML, like Gecko; compatible; GPTBot/1.2; +https://openai.com/gptbot)"
20.171.207.125 - - [28/Apr/2025:06:08:18 -0400] "GET /2024/10/18/borgataonlinecasino/ HTTP/1.1" 200 20777 "-" "Mozilla/5.0 AppleWebKit/537.36 (KHTML, like Gecko; compatible; GPTBot/1.2; +https://openai.com/gptbot)"
20.171.207.125 - - [28/Apr/2025:06:08:20 -0400] "GET /2024/10/14/best-online-casino/ HTTP/1.1" 200 21691 "-" "Mozilla/5.0 AppleWebKit/537.36 (KHTML, like Gecko; compatible; GPTBot/1.2; +https://openai.com/gptbot)"
20.171.207.125 - - [28/Apr/2025:06:08:21 -0400] "GET /2024/10/18/casino-madrid-online/ HTTP/1.1" 200 20819 "-" "Mozilla/5.0 AppleWebKit/537.36 (KHTML, like Gecko; compatible; GPTBot/1.2; +https://openai.com/gptbot)"
20.171.207.125 - - [28/Apr/2025:06:08:23 -0400] "GET /?p=8481 HTTP/1.1" 301 0 "-" "Mozilla/5.0 AppleWebKit/537.36 (KHTML, like Gecko; compatible; GPTBot/1.2; +https://openai.com/gptbot)"
20.171.207.125 - - [28/Apr/2025:06:08:24 -0400] "GET /?p=15394 HTTP/1.1" 301 0 "-" "Mozilla/5.0 AppleWebKit/537.36 (KHTML, like Gecko; compatible; GPTBot/1.2; +https://openai.com/gptbot)"
66.29.132.124 - - [28/Apr/2025:06:08:26 -0400] "POST /wp-cron.php?doing_wp_cron=1745834906.7033600807189941406250 HTTP/1.1" 200 0 "-" "WordPress/6.8; https://kamrancomputer.com"
20.171.207.125 - - [28/Apr/2025:06:08:25 -0400] "GET /2024/10/18/spiele-kostenlos-slot-machine/ HTTP/1.1" 200 20887 "-" "Mozilla/5.0 AppleWebKit/537.36 (KHTML, like Gecko; compatible; GPTBot/1.2; +https://openai.com/gptbot)"
20.171.207.125 - - [28/Apr/2025:06:08:27 -0400] "GET /?p=7680 HTTP/1.1" 301 0 "-" "Mozilla/5.0 AppleWebKit/537.36 (KHTML, like Gecko; compatible; GPTBot/1.2; +https://openai.com/gptbot)"
66.29.132.124 - - [28/Apr/2025:06:08:27 -0400] "POST /wp-admin/admin-ajax.php?action=async_litespeed&nonce=wKZeGBayjRkUtw6KOj6T4fs2kPdi0l8t&litespeed_type=imgoptm HTTP/1.1" 200 0 "-" "WordPress/6.8; https://kamrancomputer.com"
20.171.207.125 - - [28/Apr/2025:06:08:29 -0400] "GET /2024/10/18/golden-nugget-bingo-canada/ HTTP/1.1" 200 20532 "-" "Mozilla/5.0 AppleWebKit/537.36 (KHTML, like Gecko; compatible; GPTBot/1.2; +https://openai.com/gptbot)"
20.171.207.125 - - [28/Apr/2025:06:08:31 -0400] "GET /2024/10/18/wind-creek-wetumpka/ HTTP/1.1" 200 20518 "-" "Mozilla/5.0 AppleWebKit/537.36 (KHTML, like Gecko; compatible; GPTBot/1.2; +https://openai.com/gptbot)"
20.171.207.125 - - [28/Apr/2025:06:08:33 -0400] "GET /?p=4034 HTTP/1.1" 301 0 "-" "Mozilla/5.0 AppleWebKit/537.36 (KHTML, like Gecko; compatible; GPTBot/1.2; +https://openai.com/gptbot)"
20.171.207.125 - - [28/Apr/2025:06:08:36 -0400] "GET /?p=10812 HTTP/1.1" 301 0 "-" "Mozilla/5.0 AppleWebKit/537.36 (KHTML, like Gecko; compatible; GPTBot/1.2; +https://openai.com/gptbot)"
20.171.207.125 - - [28/Apr/2025:06:08:38 -0400] "GET /?p=1300 HTTP/1.1" 301 0 "-" "Mozilla/5.0 AppleWebKit/537.36 (KHTML, like Gecko; compatible; GPTBot/1.2; +https://openai.com/gptbot)"
20.171.207.125 - - [28/Apr/2025:06:08:40 -0400] "GET /2024/10/18/borgataonlinecasino/borgata-online-casino-revenue-growth.png HTTP/1.1" 404 18534 "-" "Mozilla/5.0 AppleWebKit/537.36 (KHTML, like Gecko; compatible; GPTBot/1.2; +https://openai.com/gptbot)"
20.171.207.125 - - [28/Apr/2025:06:08:42 -0400] "GET /?p=17424 HTTP/1.1" 301 0 "-" "Mozilla/5.0 AppleWebKit/537.36 (KHTML, like Gecko; compatible; GPTBot/1.2; +https://openai.com/gptbot)"
20.171.207.125 - - [28/Apr/2025:06:08:44 -0400] "GET /2024/10/18/moolah-online-casino/moolah-casino-screenshot.jpg HTTP/1.1" 404 18534 "-" "Mozilla/5.0 AppleWebKit/537.36 (KHTML, like Gecko; compatible; GPTBot/1.2; +https://openai.com/gptbot)"
20.171.207.125 - - [28/Apr/2025:06:08:46 -0400] "GET /2024/10/19/boom-bang-casino/ HTTP/1.1" 200 20385 "-" "Mozilla/5.0 AppleWebKit/537.36 (KHTML, like Gecko; compatible; GPTBot/1.2; +https://openai.com/gptbot)"
20.171.207.125 - - [28/Apr/2025:06:08:49 -0400] "GET /2024/10/14/tri-topora-kazino/ HTTP/1.1" 200 23020 "-" "Mozilla/5.0 AppleWebKit/537.36 (KHTML, like Gecko; compatible; GPTBot/1.2; +https://openai.com/gptbot)"
66.29.132.124 - - [28/Apr/2025:06:08:52 -0400] "POST /wp-cron.php?doing_wp_cron=1745834932.0542769432067871093750 HTTP/1.1" 200 0 "-" "WordPress/6.8; https://kamrancomputer.com"
20.171.207.125 - - [28/Apr/2025:06:08:51 -0400] "GET /?p=18594 HTTP/1.1" 301 0 "-" "Mozilla/5.0 AppleWebKit/537.36 (KHTML, like Gecko; compatible; GPTBot/1.2; +https://openai.com/gptbot)"
20.171.207.125 - - [28/Apr/2025:06:08:53 -0400] "GET /2024/10/18/golden-nugget-bingo-canada/bingo-marketing-strategies.jpg HTTP/1.1" 404 18535 "-" "Mozilla/5.0 AppleWebKit/537.36 (KHTML, like Gecko; compatible; GPTBot/1.2; +https://openai.com/gptbot)"
20.171.207.125 - - [28/Apr/2025:06:08:55 -0400] "GET /2024/10/18/golden-nugget-bingo-canada/online-bingo-growth.jpg HTTP/1.1" 404 18534 "-" "Mozilla/5.0 AppleWebKit/537.36 (KHTML, like Gecko; compatible; GPTBot/1.2; +https://openai.com/gptbot)"
20.171.207.125 - - [28/Apr/2025:06:08:57 -0400] "GET /2024/10/18/new-pa-online-casino/ HTTP/1.1" 200 20477 "-" "Mozilla/5.0 AppleWebKit/537.36 (KHTML, like Gecko; compatible; GPTBot/1.2; +https://openai.com/gptbot)"
20.171.207.125 - - [28/Apr/2025:06:08:58 -0400] "GET /2024/10/14/multi-lotto-50-freispiele-ohne-einzahlung/ HTTP/1.1" 200 20049 "-" "Mozilla/5.0 AppleWebKit/537.36 (KHTML, like Gecko; compatible; GPTBot/1.2; +https://openai.com/gptbot)"
20.171.207.125 - - [28/Apr/2025:06:09:02 -0400] "GET /?p=17716 HTTP/1.1" 301 0 "-" "Mozilla/5.0 AppleWebKit/537.36 (KHTML, like Gecko; compatible; GPTBot/1.2; +https://openai.com/gptbot)"
20.171.207.125 - - [28/Apr/2025:06:09:05 -0400] "GET /2024/10/14/gaming-license/ HTTP/1.1" 200 20315 "-" "Mozilla/5.0 AppleWebKit/537.36 (KHTML, like Gecko; compatible; GPTBot/1.2; +https://openai.com/gptbot)"
20.171.207.125 - - [28/Apr/2025:06:09:08 -0400] "GET /2024/10/18/casino-bonuse/ HTTP/1.1" 200 20234 "-" "Mozilla/5.0 AppleWebKit/537.36 (KHTML, like Gecko; compatible; GPTBot/1.2; +https://openai.com/gptbot)"
20.171.207.125 - - [28/Apr/2025:06:09:12 -0400] "GET /2024/10/18/vulkan-24-online/ HTTP/1.1" 200 21845 "-" "Mozilla/5.0 AppleWebKit/537.36 (KHTML, like Gecko; compatible; GPTBot/1.2; +https://openai.com/gptbot)"
20.171.207.125 - - [28/Apr/2025:06:09:16 -0400] "GET /2024/10/18/i-wild-casino/ HTTP/1.1" 200 20091 "-" "Mozilla/5.0 AppleWebKit/537.36 (KHTML, like Gecko; compatible; GPTBot/1.2; +https://openai.com/gptbot)"
20.171.207.125 - - [28/Apr/2025:06:09:18 -0400] "GET /2024/10/19/australia-online-casinos/ HTTP/1.1" 200 20129 "-" "Mozilla/5.0 AppleWebKit/537.36 (KHTML, like Gecko; compatible; GPTBot/1.2; +https://openai.com/gptbot)"
20.171.207.125 - - [28/Apr/2025:06:09:21 -0400] "GET /2024/10/18/casinos-top/ HTTP/1.1" 200 20668 "-" "Mozilla/5.0 AppleWebKit/537.36 (KHTML, like Gecko; compatible; GPTBot/1.2; +https://openai.com/gptbot)"
20.171.207.125 - - [28/Apr/2025:06:09:23 -0400] "GET /2024/10/19/tab-com-au-qld/ HTTP/1.1" 200 20221 "-" "Mozilla/5.0 AppleWebKit/537.36 (KHTML, like Gecko; compatible; GPTBot/1.2; +https://openai.com/gptbot)"
66.29.132.124 - - [28/Apr/2025:06:09:26 -0400] "POST /wp-cron.php?doing_wp_cron=1745834966.9569931030273437500000 HTTP/1.1" 200 0 "-" "WordPress/6.8; https://kamrancomputer.com"
20.171.207.125 - - [28/Apr/2025:06:09:26 -0400] "GET /2024/10/18/bovada-casino-mobile-app/ HTTP/1.1" 200 20507 "-" "Mozilla/5.0 AppleWebKit/537.36 (KHTML, like Gecko; compatible; GPTBot/1.2; +https://openai.com/gptbot)"
66.29.132.124 - - [28/Apr/2025:06:09:27 -0400] "POST /wp-admin/admin-ajax.php?action=async_litespeed&nonce=wc4sQ7KRrIRWIcYn3GixYTYkyAbHQZUh&litespeed_type=imgoptm HTTP/1.1" 200 21 "-" "WordPress/6.8; https://kamrancomputer.com"
20.171.207.125 - - [28/Apr/2025:06:09:27 -0400] "GET /2024/10/14/multi-lotto-50-freispiele-ohne-einzahlung/multi-lotto-freispiele.jpg HTTP/1.1" 404 18536 "-" "Mozilla/5.0 AppleWebKit/537.36 (KHTML, like Gecko; compatible; GPTBot/1.2; +https://openai.com/gptbot)"
20.171.207.125 - - [28/Apr/2025:06:09:29 -0400] "GET /?p=3865 HTTP/1.1" 301 0 "-" "Mozilla/5.0 AppleWebKit/537.36 (KHTML, like Gecko; compatible; GPTBot/1.2; +https://openai.com/gptbot)"
20.171.207.125 - - [28/Apr/2025:06:09:31 -0400] "GET /2024/10/19/online-gambling-wv/ HTTP/1.1" 200 20419 "-" "Mozilla/5.0 AppleWebKit/537.36 (KHTML, like Gecko; compatible; GPTBot/1.2; +https://openai.com/gptbot)"
20.171.207.125 - - [28/Apr/2025:06:09:33 -0400] "GET /?p=8735 HTTP/1.1" 301 0 "-" "Mozilla/5.0 AppleWebKit/537.36 (KHTML, like Gecko; compatible; GPTBot/1.2; +https://openai.com/gptbot)"
20.171.207.125 - - [28/Apr/2025:06:09:35 -0400] "GET /?p=19946 HTTP/1.1" 301 0 "-" "Mozilla/5.0 AppleWebKit/537.36 (KHTML, like Gecko; compatible; GPTBot/1.2; +https://openai.com/gptbot)"
20.171.207.125 - - [28/Apr/2025:06:09:37 -0400] "GET /2024/10/18/casino-bonuse/images/casino-bonus.jpg HTTP/1.1" 404 18534 "-" "Mozilla/5.0 AppleWebKit/537.36 (KHTML, like Gecko; compatible; GPTBot/1.2; +https://openai.com/gptbot)"
20.171.207.125 - - [28/Apr/2025:06:09:39 -0400] "GET /2024/10/14/mobile-casino-real-money/ HTTP/1.1" 200 20475 "-" "Mozilla/5.0 AppleWebKit/537.36 (KHTML, like Gecko; compatible; GPTBot/1.2; +https://openai.com/gptbot)"
20.171.207.125 - - [28/Apr/2025:06:09:41 -0400] "GET /?p=11297 HTTP/1.1" 301 0 "-" "Mozilla/5.0 AppleWebKit/537.36 (KHTML, like Gecko; compatible; GPTBot/1.2; +https://openai.com/gptbot)"
20.171.207.125 - - [28/Apr/2025:06:09:43 -0400] "GET /2024/10/19/tab-com-au-qld/tab-comparison.jpg HTTP/1.1" 404 18534 "-" "Mozilla/5.0 AppleWebKit/537.36 (KHTML, like Gecko; compatible; GPTBot/1.2; +https://openai.com/gptbot)"
20.171.207.125 - - [28/Apr/2025:06:09:44 -0400] "GET /2024/10/18/bovada-casino-mobile-app/ HTTP/1.1" 200 20507 "-" "Mozilla/5.0 AppleWebKit/537.36 (KHTML, like Gecko; compatible; GPTBot/1.2; +https://openai.com/gptbot)"
20.171.207.125 - - [28/Apr/2025:06:09:45 -0400] "GET /?p=20655 HTTP/1.1" 301 0 "-" "Mozilla/5.0 AppleWebKit/537.36 (KHTML, like Gecko; compatible; GPTBot/1.2; +https://openai.com/gptbot)"
20.171.207.125 - - [28/Apr/2025:06:09:47 -0400] "GET /2024/10/19/wv-online-casino/wv-online-casino-success.jpg HTTP/1.1" 404 18534 "-" "Mozilla/5.0 AppleWebKit/537.36 (KHTML, like Gecko; compatible; GPTBot/1.2; +https://openai.com/gptbot)"
20.171.207.125 - - [28/Apr/2025:06:09:48 -0400] "GET /2024/10/14/alberta-gaming/alberta-gaming.jpg HTTP/1.1" 404 18534 "-" "Mozilla/5.0 AppleWebKit/537.36 (KHTML, like Gecko; compatible; GPTBot/1.2; +https://openai.com/gptbot)"
20.171.207.125 - - [28/Apr/2025:06:09:49 -0400] "GET /?p=22191 HTTP/1.1" 301 0 "-" "Mozilla/5.0 AppleWebKit/537.36 (KHTML, like Gecko; compatible; GPTBot/1.2; +https://openai.com/gptbot)"
20.171.207.125 - - [28/Apr/2025:06:09:50 -0400] "GET /2024/10/18/slotmate-88-casino/ HTTP/1.1" 200 20433 "-" "Mozilla/5.0 AppleWebKit/537.36 (KHTML, like Gecko; compatible; GPTBot/1.2; +https://openai.com/gptbot)"
66.29.132.124 - - [28/Apr/2025:06:09:52 -0400] "POST /wp-cron.php?doing_wp_cron=1745834992.4504909515380859375000 HTTP/1.1" 200 0 "-" "WordPress/6.8; https://kamrancomputer.com"
20.171.207.125 - - [28/Apr/2025:06:09:52 -0400] "GET /2024/10/14/igrat-vulkan-777/ HTTP/1.1" 200 22358 "-" "Mozilla/5.0 AppleWebKit/537.36 (KHTML, like Gecko; compatible; GPTBot/1.2; +https://openai.com/gptbot)"
20.171.207.125 - - [28/Apr/2025:06:09:53 -0400] "GET /2024/10/19/bovada-lv-app/ HTTP/1.1" 200 19928 "-" "Mozilla/5.0 AppleWebKit/537.36 (KHTML, like Gecko; compatible; GPTBot/1.2; +https://openai.com/gptbot)"
20.171.207.125 - - [28/Apr/2025:06:09:54 -0400] "GET /2024/10/14/betmgm-casino-real-money/betmgm-casino-live-dealer.jpg HTTP/1.1" 404 18534 "-" "Mozilla/5.0 AppleWebKit/537.36 (KHTML, like Gecko; compatible; GPTBot/1.2; +https://openai.com/gptbot)"
20.171.207.125 - - [28/Apr/2025:06:09:55 -0400] "GET /2024/10/18/real-cash-online/ HTTP/1.1" 200 20538 "-" "Mozilla/5.0 AppleWebKit/537.36 (KHTML, like Gecko; compatible; GPTBot/1.2; +https://openai.com/gptbot)"
20.171.207.125 - - [28/Apr/2025:06:09:57 -0400] "GET /2024/10/19/au-online-casino/au-online-casino.jpg HTTP/1.1" 404 18534 "-" "Mozilla/5.0 AppleWebKit/537.36 (KHTML, like Gecko; compatible; GPTBot/1.2; +https://openai.com/gptbot)"
20.171.207.125 - - [28/Apr/2025:06:09:58 -0400] "GET /?p=17794 HTTP/1.1" 301 0 "-" "Mozilla/5.0 AppleWebKit/537.36 (KHTML, like Gecko; compatible; GPTBot/1.2; +https://openai.com/gptbot)"
20.171.207.125 - - [28/Apr/2025:06:10:00 -0400] "GET /?p=16528 HTTP/1.1" 301 0 "-" "Mozilla/5.0 AppleWebKit/537.36 (KHTML, like Gecko; compatible; GPTBot/1.2; +https://openai.com/gptbot)"
20.171.207.125 - - [28/Apr/2025:06:10:01 -0400] "GET /?p=18866 HTTP/1.1" 301 0 "-" "Mozilla/5.0 AppleWebKit/537.36 (KHTML, like Gecko; compatible; GPTBot/1.2; +https://openai.com/gptbot)"
20.171.207.125 - - [28/Apr/2025:06:10:02 -0400] "GET /2024/10/19/real-online-casino-games-real-money/ HTTP/1.1" 200 20463 "-" "Mozilla/5.0 AppleWebKit/537.36 (KHTML, like Gecko; compatible; GPTBot/1.2; +https://openai.com/gptbot)"
20.171.207.125 - - [28/Apr/2025:06:10:07 -0400] "GET /2024/10/18/slotmate-88-casino/images/game-variety.jpg HTTP/1.1" 404 18534 "-" "Mozilla/5.0 AppleWebKit/537.36 (KHTML, like Gecko; compatible; GPTBot/1.2; +https://openai.com/gptbot)"
20.171.207.125 - - [28/Apr/2025:06:10:12 -0400] "GET /2024/10/18/slotmate-88-casino/images/mobile-gaming.jpg HTTP/1.1" 404 18534 "-" "Mozilla/5.0 AppleWebKit/537.36 (KHTML, like Gecko; compatible; GPTBot/1.2; +https://openai.com/gptbot)"
20.171.207.125 - - [28/Apr/2025:06:10:17 -0400] "GET /2024/10/18/slotmate-88-casino/images/user-interface.jpg HTTP/1.1" 404 18534 "-" "Mozilla/5.0 AppleWebKit/537.36 (KHTML, like Gecko; compatible; GPTBot/1.2; +https://openai.com/gptbot)"
20.171.207.125 - - [28/Apr/2025:06:10:21 -0400] "GET /2024/10/19/neue-slot-spiele/ HTTP/1.1" 200 20052 "-" "Mozilla/5.0 AppleWebKit/537.36 (KHTML, like Gecko; compatible; GPTBot/1.2; +https://openai.com/gptbot)"
66.29.132.124 - - [28/Apr/2025:06:10:26 -0400] "POST /wp-cron.php?doing_wp_cron=1745835026.5355060100555419921875 HTTP/1.1" 200 0 "-" "WordPress/6.8; https://kamrancomputer.com"
20.171.207.125 - - [28/Apr/2025:06:10:25 -0400] "GET /?p=20775 HTTP/1.1" 301 0 "-" "Mozilla/5.0 AppleWebKit/537.36 (KHTML, like Gecko; compatible; GPTBot/1.2; +https://openai.com/gptbot)"
66.29.132.124 - - [28/Apr/2025:06:10:27 -0400] "POST /wp-admin/admin-ajax.php?action=async_litespeed&nonce=zGOUtf0zHd2qTOe01nzWO7Nq4yhDT6oe&litespeed_type=imgoptm HTTP/1.1" 200 0 "-" "WordPress/6.8; https://kamrancomputer.com"
20.171.207.125 - - [28/Apr/2025:06:10:29 -0400] "GET /?p=20499 HTTP/1.1" 301 0 "-" "Mozilla/5.0 AppleWebKit/537.36 (KHTML, like Gecko; compatible; GPTBot/1.2; +https://openai.com/gptbot)"
20.171.207.125 - - [28/Apr/2025:06:10:33 -0400] "GET /2024/10/18/real-cash-online/online-cash-evolution.jpg HTTP/1.1" 404 18534 "-" "Mozilla/5.0 AppleWebKit/537.36 (KHTML, like Gecko; compatible; GPTBot/1.2; +https://openai.com/gptbot)"
57.141.0.21 - - [28/Apr/2025:06:10:37 -0400] "GET /wp-json/oembed/1.0/embed?url=https%3A%2F%2Fkamrancomputer.com%2F2024%2F10%2F18%2Fonline-casino-gratis-bonus-ohne-einzahlung%2F HTTP/1.1" 200 1514 "-" "meta-externalagent/1.1 (+https://developers.facebook.com/docs/sharing/webmasters/crawler)"
20.171.207.125 - - [28/Apr/2025:06:10:36 -0400] "GET /2024/10/19/san-manuel-online-casino/ HTTP/1.1" 200 20487 "-" "Mozilla/5.0 AppleWebKit/537.36 (KHTML, like Gecko; compatible; GPTBot/1.2; +https://openai.com/gptbot)"
20.171.207.125 - - [28/Apr/2025:06:10:39 -0400] "GET /2024/10/19/juwa-online-casino/ HTTP/1.1" 200 20245 "-" "Mozilla/5.0 AppleWebKit/537.36 (KHTML, like Gecko; compatible; GPTBot/1.2; +https://openai.com/gptbot)"
20.171.207.125 - - [28/Apr/2025:06:10:42 -0400] "GET /2024/10/18/casino-kostenlos/ HTTP/1.1" 200 20474 "-" "Mozilla/5.0 AppleWebKit/537.36 (KHTML, like Gecko; compatible; GPTBot/1.2; +https://openai.com/gptbot)"
20.171.207.125 - - [28/Apr/2025:06:10:45 -0400] "GET /2024/10/19/mgm-casino-canada/mgm-casino-canada.jpg HTTP/1.1" 404 18534 "-" "Mozilla/5.0 AppleWebKit/537.36 (KHTML, like Gecko; compatible; GPTBot/1.2; +https://openai.com/gptbot)"
20.171.207.125 - - [28/Apr/2025:06:10:47 -0400] "GET /2024/10/14/mobile-casino-sites/ HTTP/1.1" 200 20647 "-" "Mozilla/5.0 AppleWebKit/537.36 (KHTML, like Gecko; compatible; GPTBot/1.2; +https://openai.com/gptbot)"
20.171.207.125 - - [28/Apr/2025:06:10:49 -0400] "GET /?p=1984 HTTP/1.1" 301 0 "-" "Mozilla/5.0 AppleWebKit/537.36 (KHTML, like Gecko; compatible; GPTBot/1.2; +https://openai.com/gptbot)"
66.29.132.124 - - [28/Apr/2025:06:10:52 -0400] "POST /wp-cron.php?doing_wp_cron=1745835052.8274459838867187500000 HTTP/1.1" 200 0 "-" "WordPress/6.8; https://kamrancomputer.com"
20.171.207.125 - - [28/Apr/2025:06:10:52 -0400] "GET /?p=22186 HTTP/1.1" 301 0 "-" "Mozilla/5.0 AppleWebKit/537.36 (KHTML, like Gecko; compatible; GPTBot/1.2; +https://openai.com/gptbot)"
20.171.207.125 - - [28/Apr/2025:06:10:54 -0400] "GET /?p=22414 HTTP/1.1" 301 0 "-" "Mozilla/5.0 AppleWebKit/537.36 (KHTML, like Gecko; compatible; GPTBot/1.2; +https://openai.com/gptbot)"
20.171.207.125 - - [28/Apr/2025:06:10:56 -0400] "GET /?p=11010 HTTP/1.1" 301 0 "-" "Mozilla/5.0 AppleWebKit/537.36 (KHTML, like Gecko; compatible; GPTBot/1.2; +https://openai.com/gptbot)"
20.171.207.125 - - [28/Apr/2025:06:10:58 -0400] "GET /2024/10/18/real-cash-online/online-cash-evolution.jpg HTTP/1.1" 404 18534 "-" "Mozilla/5.0 AppleWebKit/537.36 (KHTML, like Gecko; compatible; GPTBot/1.2; +https://openai.com/gptbot)"
20.171.207.125 - - [28/Apr/2025:06:10:59 -0400] "GET /?p=21221 HTTP/1.1" 301 0 "-" "Mozilla/5.0 AppleWebKit/537.36 (KHTML, like Gecko; compatible; GPTBot/1.2; +https://openai.com/gptbot)"
20.171.207.125 - - [28/Apr/2025:06:11:01 -0400] "GET /2024/10/19/lowenplay-online/ HTTP/1.1" 200 20345 "-" "Mozilla/5.0 AppleWebKit/537.36 (KHTML, like Gecko; compatible; GPTBot/1.2; +https://openai.com/gptbot)"
20.171.207.125 - - [28/Apr/2025:06:11:03 -0400] "GET /?p=13413 HTTP/1.1" 301 0 "-" "Mozilla/5.0 AppleWebKit/537.36 (KHTML, like Gecko; compatible; GPTBot/1.2; +https://openai.com/gptbot)"
20.171.207.125 - - [28/Apr/2025:06:11:06 -0400] "GET /2024/10/19/tipico-com/ HTTP/1.1" 200 20355 "-" "Mozilla/5.0 AppleWebKit/537.36 (KHTML, like Gecko; compatible; GPTBot/1.2; +https://openai.com/gptbot)"
20.171.207.125 - - [28/Apr/2025:06:11:08 -0400] "GET /2024/10/19/online-casino-ohne-1-euro-limit/images/online-casino.jpg HTTP/1.1" 404 18534 "-" "Mozilla/5.0 AppleWebKit/537.36 (KHTML, like Gecko; compatible; GPTBot/1.2; +https://openai.com/gptbot)"
20.171.207.125 - - [28/Apr/2025:06:11:10 -0400] "GET /2024/10/14/mobile-casino-sites/mobile-casino.jpg HTTP/1.1" 404 18534 "-" "Mozilla/5.0 AppleWebKit/537.36 (KHTML, like Gecko; compatible; GPTBot/1.2; +https://openai.com/gptbot)"
66.29.132.124 - - [28/Apr/2025:06:11:12 -0400] "POST /wp-cron.php?doing_wp_cron=1745835072.8802270889282226562500 HTTP/1.1" 200 0 "-" "WordPress/6.8; https://kamrancomputer.com"
20.171.207.125 - - [28/Apr/2025:06:11:12 -0400] "GET /?p=19794 HTTP/1.1" 301 0 "-" "Mozilla/5.0 AppleWebKit/537.36 (KHTML, like Gecko; compatible; GPTBot/1.2; +https://openai.com/gptbot)"
20.171.207.125 - - [28/Apr/2025:06:11:14 -0400] "GET /2024/10/19/online-casino-willkommensbonus/ HTTP/1.1" 200 20262 "-" "Mozilla/5.0 AppleWebKit/537.36 (KHTML, like Gecko; compatible; GPTBot/1.2; +https://openai.com/gptbot)"
20.171.207.125 - - [28/Apr/2025:06:11:17 -0400] "GET /2024/10/14/sunmaker-bonus-code-2024/ HTTP/1.1" 200 19813 "-" "Mozilla/5.0 AppleWebKit/537.36 (KHTML, like Gecko; compatible; GPTBot/1.2; +https://openai.com/gptbot)"
20.171.207.125 - - [28/Apr/2025:06:11:19 -0400] "GET /2024/10/19/play-fortuna-mobile/ HTTP/1.1" 200 22138 "-" "Mozilla/5.0 AppleWebKit/537.36 (KHTML, like Gecko; compatible; GPTBot/1.2; +https://openai.com/gptbot)"
20.171.207.125 - - [28/Apr/2025:06:11:21 -0400] "GET /2024/10/19/online-casino-penny-slots/ HTTP/1.1" 200 20499 "-" "Mozilla/5.0 AppleWebKit/537.36 (KHTML, like Gecko; compatible; GPTBot/1.2; +https://openai.com/gptbot)"
20.171.207.125 - - [28/Apr/2025:06:11:24 -0400] "GET /2024/10/18/best-casino-au/ HTTP/1.1" 200 20382 "-" "Mozilla/5.0 AppleWebKit/537.36 (KHTML, like Gecko; compatible; GPTBot/1.2; +https://openai.com/gptbot)"
66.29.132.124 - - [28/Apr/2025:06:11:27 -0400] "POST /wp-cron.php?doing_wp_cron=1745835087.1707439422607421875000 HTTP/1.1" 200 0 "-" "WordPress/6.8; https://kamrancomputer.com"
20.171.207.125 - - [28/Apr/2025:06:11:26 -0400] "GET /2024/10/18/sc-casinos-online-real-money/ HTTP/1.1" 200 20340 "-" "Mozilla/5.0 AppleWebKit/537.36 (KHTML, like Gecko; compatible; GPTBot/1.2; +https://openai.com/gptbot)"
66.29.132.124 - - [28/Apr/2025:06:11:28 -0400] "POST /wp-admin/admin-ajax.php?action=async_litespeed&nonce=riAmkcvha36HpaOyp2HrVfNZkdkOaRrs&litespeed_type=imgoptm HTTP/1.1" 200 0 "-" "WordPress/6.8; https://kamrancomputer.com"
20.171.207.125 - - [28/Apr/2025:06:11:28 -0400] "GET /2024/10/19/lowenplay-online/bilder/l%C3%B6wenplay_logo.png HTTP/1.1" 404 18534 "-" "Mozilla/5.0 AppleWebKit/537.36 (KHTML, like Gecko; compatible; GPTBot/1.2; +https://openai.com/gptbot)"
20.171.207.125 - - [28/Apr/2025:06:11:30 -0400] "GET /2024/10/19/lowenplay-online/bilder/l%C3%B6wenplay_spiele.png HTTP/1.1" 404 18536 "-" "Mozilla/5.0 AppleWebKit/537.36 (KHTML, like Gecko; compatible; GPTBot/1.2; +https://openai.com/gptbot)"
20.171.207.125 - - [28/Apr/2025:06:11:32 -0400] "GET /2024/10/14/best-online-casino-games/images/online-casino-guide.jpg HTTP/1.1" 404 18534 "-" "Mozilla/5.0 AppleWebKit/537.36 (KHTML, like Gecko; compatible; GPTBot/1.2; +https://openai.com/gptbot)"
20.171.207.125 - - [28/Apr/2025:06:11:33 -0400] "GET /?p=12598 HTTP/1.1" 301 0 "-" "Mozilla/5.0 AppleWebKit/537.36 (KHTML, like Gecko; compatible; GPTBot/1.2; +https://openai.com/gptbot)"
20.171.207.125 - - [28/Apr/2025:06:11:35 -0400] "GET /2024/10/19/game-vault-999-online-casino-platforms/ HTTP/1.1" 200 20480 "-" "Mozilla/5.0 AppleWebKit/537.36 (KHTML, like Gecko; compatible; GPTBot/1.2; +https://openai.com/gptbot)"
20.171.207.125 - - [28/Apr/2025:06:11:37 -0400] "GET /?p=8211 HTTP/1.1" 301 0 "-" "Mozilla/5.0 AppleWebKit/537.36 (KHTML, like Gecko; compatible; GPTBot/1.2; +https://openai.com/gptbot)"
20.171.207.125 - - [28/Apr/2025:06:11:39 -0400] "GET /?p=7196 HTTP/1.1" 301 0 "-" "Mozilla/5.0 AppleWebKit/537.36 (KHTML, like Gecko; compatible; GPTBot/1.2; +https://openai.com/gptbot)"
20.171.207.125 - - [28/Apr/2025:06:11:40 -0400] "GET /?p=18244 HTTP/1.1" 301 0 "-" "Mozilla/5.0 AppleWebKit/537.36 (KHTML, like Gecko; compatible; GPTBot/1.2; +https://openai.com/gptbot)"
20.171.207.125 - - [28/Apr/2025:06:11:41 -0400] "GET /?p=6089 HTTP/1.1" 301 0 "-" "Mozilla/5.0 AppleWebKit/537.36 (KHTML, like Gecko; compatible; GPTBot/1.2; +https://openai.com/gptbot)"
20.171.207.125 - - [28/Apr/2025:06:11:42 -0400] "GET /?p=20823 HTTP/1.1" 301 0 "-" "Mozilla/5.0 AppleWebKit/537.36 (KHTML, like Gecko; compatible; GPTBot/1.2; +https://openai.com/gptbot)"
20.171.207.125 - - [28/Apr/2025:06:11:43 -0400] "GET /2024/10/18/best-casino-au/the-star-casino.jpg HTTP/1.1" 404 18534 "-" "Mozilla/5.0 AppleWebKit/537.36 (KHTML, like Gecko; compatible; GPTBot/1.2; +https://openai.com/gptbot)"
20.171.207.125 - - [28/Apr/2025:06:11:44 -0400] "GET /?p=13154 HTTP/1.1" 301 0 "-" "Mozilla/5.0 AppleWebKit/537.36 (KHTML, like Gecko; compatible; GPTBot/1.2; +https://openai.com/gptbot)"
20.171.207.125 - - [28/Apr/2025:06:11:46 -0400] "GET /2024/10/18/best-casino-au/sun-city-casino.jpg HTTP/1.1" 404 18536 "-" "Mozilla/5.0 AppleWebKit/537.36 (KHTML, like Gecko; compatible; GPTBot/1.2; +https://openai.com/gptbot)"
20.171.207.125 - - [28/Apr/2025:06:11:47 -0400] "GET /2024/10/18/best-casino-au/crown-casino.jpg HTTP/1.1" 404 18534 "-" "Mozilla/5.0 AppleWebKit/537.36 (KHTML, like Gecko; compatible; GPTBot/1.2; +https://openai.com/gptbot)"
20.171.207.125 - - [28/Apr/2025:06:11:49 -0400] "GET /?p=15231 HTTP/1.1" 301 0 "-" "Mozilla/5.0 AppleWebKit/537.36 (KHTML, like Gecko; compatible; GPTBot/1.2; +https://openai.com/gptbot)"
20.171.207.125 - - [28/Apr/2025:06:11:50 -0400] "GET /2024/10/18/sc-casinos-online-real-money/growth_chart.png HTTP/1.1" 404 18536 "-" "Mozilla/5.0 AppleWebKit/537.36 (KHTML, like Gecko; compatible; GPTBot/1.2; +https://openai.com/gptbot)"
66.29.132.124 - - [28/Apr/2025:06:11:52 -0400] "POST /wp-cron.php?doing_wp_cron=1745835112.8000180721282958984375 HTTP/1.1" 200 0 "-" "WordPress/6.8; https://kamrancomputer.com"
20.171.207.125 - - [28/Apr/2025:06:11:52 -0400] "GET /2024/10/19/game-vault-999-online-casino-platforms/user_interface_design.png HTTP/1.1" 404 18534 "-" "Mozilla/5.0 AppleWebKit/537.36 (KHTML, like Gecko; compatible; GPTBot/1.2; +https://openai.com/gptbot)"
20.171.207.125 - - [28/Apr/2025:06:11:53 -0400] "GET /?p=20969 HTTP/1.1" 301 0 "-" "Mozilla/5.0 AppleWebKit/537.36 (KHTML, like Gecko; compatible; GPTBot/1.2; +https://openai.com/gptbot)"
20.171.207.125 - - [28/Apr/2025:06:11:55 -0400] "GET /2024/10/19/game-vault-999-online-casino-platforms/bonuses_promotions_graph.png HTTP/1.1" 404 18534 "-" "Mozilla/5.0 AppleWebKit/537.36 (KHTML, like Gecko; compatible; GPTBot/1.2; +https://openai.com/gptbot)"
20.171.207.125 - - [28/Apr/2025:06:11:57 -0400] "GET /?p=15353 HTTP/1.1" 301 0 "-" "Mozilla/5.0 AppleWebKit/537.36 (KHTML, like Gecko; compatible; GPTBot/1.2; +https://openai.com/gptbot)"
20.171.207.125 - - [28/Apr/2025:06:11:58 -0400] "GET /?p=2112 HTTP/1.1" 301 0 "-" "Mozilla/5.0 AppleWebKit/537.36 (KHTML, like Gecko; compatible; GPTBot/1.2; +https://openai.com/gptbot)"
20.171.207.125 - - [28/Apr/2025:06:12:00 -0400] "GET /2024/10/19/game-vault-999-online-casino-platforms/safety_security_chart.png HTTP/1.1" 404 18534 "-" "Mozilla/5.0 AppleWebKit/537.36 (KHTML, like Gecko; compatible; GPTBot/1.2; +https://openai.com/gptbot)"
20.171.207.125 - - [28/Apr/2025:06:12:03 -0400] "GET /2024/10/18/online-gambling-new-jersey/ HTTP/1.1" 200 20382 "-" "Mozilla/5.0 AppleWebKit/537.36 (KHTML, like Gecko; compatible; GPTBot/1.2; +https://openai.com/gptbot)"
20.171.207.125 - - [28/Apr/2025:06:12:06 -0400] "GET /2024/10/19/online-casino-penny-slots/penny-slots.jpg HTTP/1.1" 404 18536 "-" "Mozilla/5.0 AppleWebKit/537.36 (KHTML, like Gecko; compatible; GPTBot/1.2; +https://openai.com/gptbot)"
20.171.207.125 - - [28/Apr/2025:06:12:08 -0400] "GET /2024/10/18/casino-in-australia-online/ HTTP/1.1" 200 20147 "-" "Mozilla/5.0 AppleWebKit/537.36 (KHTML, like Gecko; compatible; GPTBot/1.2; +https://openai.com/gptbot)"
20.171.207.125 - - [28/Apr/2025:06:12:11 -0400] "GET /2024/10/18/vulkan-oficialnyj/ HTTP/1.1" 200 22511 "-" "Mozilla/5.0 AppleWebKit/537.36 (KHTML, like Gecko; compatible; GPTBot/1.2; +https://openai.com/gptbot)"
20.171.207.125 - - [28/Apr/2025:06:12:14 -0400] "GET /?p=5919 HTTP/1.1" 301 0 "-" "Mozilla/5.0 AppleWebKit/537.36 (KHTML, like Gecko; compatible; GPTBot/1.2; +https://openai.com/gptbot)"
20.171.207.125 - - [28/Apr/2025:06:12:16 -0400] "GET /2024/10/19/online-casino-wisconsin/ HTTP/1.1" 200 20523 "-" "Mozilla/5.0 AppleWebKit/537.36 (KHTML, like Gecko; compatible; GPTBot/1.2; +https://openai.com/gptbot)"
20.171.207.125 - - [28/Apr/2025:06:12:20 -0400] "GET /2024/10/19/biggest-online-casino/ HTTP/1.1" 200 20805 "-" "Mozilla/5.0 AppleWebKit/537.36 (KHTML, like Gecko; compatible; GPTBot/1.2; +https://openai.com/gptbot)"
66.29.132.124 - - [28/Apr/2025:06:12:26 -0400] "POST /wp-cron.php?doing_wp_cron=1745835146.4072470664978027343750 HTTP/1.1" 200 0 "-" "WordPress/6.8; https://kamrancomputer.com"
20.171.207.125 - - [28/Apr/2025:06:12:25 -0400] "GET /2024/10/14/lidery-onlajn-kazino/ HTTP/1.1" 200 22117 "-" "Mozilla/5.0 AppleWebKit/537.36 (KHTML, like Gecko; compatible; GPTBot/1.2; +https://openai.com/gptbot)"
66.29.132.124 - - [28/Apr/2025:06:12:28 -0400] "POST /wp-admin/admin-ajax.php?action=async_litespeed&nonce=zotTUtogbcQVxRz6rsbNZDXPojUyt1I8&litespeed_type=imgoptm HTTP/1.1" 200 0 "-" "WordPress/6.8; https://kamrancomputer.com"
20.171.207.125 - - [28/Apr/2025:06:12:29 -0400] "GET /2024/10/14/abalucky33/ HTTP/1.1" 200 20271 "-" "Mozilla/5.0 AppleWebKit/537.36 (KHTML, like Gecko; compatible; GPTBot/1.2; +https://openai.com/gptbot)"
20.171.207.125 - - [28/Apr/2025:06:12:32 -0400] "GET /2024/10/18/casinos-in-canada/ HTTP/1.1" 200 20420 "-" "Mozilla/5.0 AppleWebKit/537.36 (KHTML, like Gecko; compatible; GPTBot/1.2; +https://openai.com/gptbot)"
20.171.207.125 - - [28/Apr/2025:06:12:36 -0400] "GET /?p=3219 HTTP/1.1" 301 0 "-" "Mozilla/5.0 AppleWebKit/537.36 (KHTML, like Gecko; compatible; GPTBot/1.2; +https://openai.com/gptbot)"
20.171.207.125 - - [28/Apr/2025:06:12:39 -0400] "GET /?p=15409 HTTP/1.1" 301 0 "-" "Mozilla/5.0 AppleWebKit/537.36 (KHTML, like Gecko; compatible; GPTBot/1.2; +https://openai.com/gptbot)"
20.171.207.125 - - [28/Apr/2025:06:12:41 -0400] "GET /2024/10/19/kazino-vabank/ HTTP/1.1" 200 22438 "-" "Mozilla/5.0 AppleWebKit/537.36 (KHTML, like Gecko; compatible; GPTBot/1.2; +https://openai.com/gptbot)"
20.171.207.125 - - [28/Apr/2025:06:12:43 -0400] "GET /?p=1491 HTTP/1.1" 301 0 "-" "Mozilla/5.0 AppleWebKit/537.36 (KHTML, like Gecko; compatible; GPTBot/1.2; +https://openai.com/gptbot)"
20.171.207.125 - - [28/Apr/2025:06:12:46 -0400] "GET /?p=3339 HTTP/1.1" 301 0 "-" "Mozilla/5.0 AppleWebKit/537.36 (KHTML, like Gecko; compatible; GPTBot/1.2; +https://openai.com/gptbot)"
20.171.207.125 - - [28/Apr/2025:06:12:47 -0400] "GET /?p=18717 HTTP/1.1" 301 0 "-" "Mozilla/5.0 AppleWebKit/537.36 (KHTML, like Gecko; compatible; GPTBot/1.2; +https://openai.com/gptbot)"
20.171.207.125 - - [28/Apr/2025:06:12:49 -0400] "GET /?p=21872 HTTP/1.1" 301 0 "-" "Mozilla/5.0 AppleWebKit/537.36 (KHTML, like Gecko; compatible; GPTBot/1.2; +https://openai.com/gptbot)"
20.171.207.125 - - [28/Apr/2025:06:12:51 -0400] "GET /?p=22592 HTTP/1.1" 301 0 "-" "Mozilla/5.0 AppleWebKit/537.36 (KHTML, like Gecko; compatible; GPTBot/1.2; +https://openai.com/gptbot)"
66.29.132.124 - - [28/Apr/2025:06:12:53 -0400] "POST /wp-cron.php?doing_wp_cron=1745835173.1751799583435058593750 HTTP/1.1" 200 0 "-" "WordPress/6.8; https://kamrancomputer.com"
20.171.207.125 - - [28/Apr/2025:06:12:52 -0400] "GET /?p=20615 HTTP/1.1" 301 0 "-" "Mozilla/5.0 AppleWebKit/537.36 (KHTML, like Gecko; compatible; GPTBot/1.2; +https://openai.com/gptbot)"
20.171.207.125 - - [28/Apr/2025:06:12:53 -0400] "GET /2024/10/14/yaamava-casino-app/ HTTP/1.1" 200 20401 "-" "Mozilla/5.0 AppleWebKit/537.36 (KHTML, like Gecko; compatible; GPTBot/1.2; +https://openai.com/gptbot)"
20.171.207.125 - - [28/Apr/2025:06:12:55 -0400] "GET /?p=6714 HTTP/1.1" 301 0 "-" "Mozilla/5.0 AppleWebKit/537.36 (KHTML, like Gecko; compatible; GPTBot/1.2; +https://openai.com/gptbot)"
20.171.207.125 - - [28/Apr/2025:06:12:56 -0400] "GET /?p=4184 HTTP/1.1" 301 0 "-" "Mozilla/5.0 AppleWebKit/537.36 (KHTML, like Gecko; compatible; GPTBot/1.2; +https://openai.com/gptbot)"
20.171.207.125 - - [28/Apr/2025:06:12:57 -0400] "GET /2024/10/18/lady-luck-casino-online/ HTTP/1.1" 200 20005 "-" "Mozilla/5.0 AppleWebKit/537.36 (KHTML, like Gecko; compatible; GPTBot/1.2; +https://openai.com/gptbot)"
20.171.207.125 - - [28/Apr/2025:06:12:59 -0400] "GET /2024/10/14/admiral-h-zerkalo/ HTTP/1.1" 200 22594 "-" "Mozilla/5.0 AppleWebKit/537.36 (KHTML, like Gecko; compatible; GPTBot/1.2; +https://openai.com/gptbot)"
20.171.207.125 - - [28/Apr/2025:06:13:00 -0400] "GET /2024/10/18/vic-bookmakers/ HTTP/1.1" 200 20298 "-" "Mozilla/5.0 AppleWebKit/537.36 (KHTML, like Gecko; compatible; GPTBot/1.2; +https://openai.com/gptbot)"
20.171.207.125 - - [28/Apr/2025:06:13:02 -0400] "GET /2024/10/19/sunmakers-lubbecke/ HTTP/1.1" 200 20422 "-" "Mozilla/5.0 AppleWebKit/537.36 (KHTML, like Gecko; compatible; GPTBot/1.2; +https://openai.com/gptbot)"
20.171.207.125 - - [28/Apr/2025:06:13:03 -0400] "GET /?p=2484 HTTP/1.1" 301 0 "-" "Mozilla/5.0 AppleWebKit/537.36 (KHTML, like Gecko; compatible; GPTBot/1.2; +https://openai.com/gptbot)"
20.171.207.125 - - [28/Apr/2025:06:13:05 -0400] "GET /2024/10/19/is-crown-casino-online/ HTTP/1.1" 200 20231 "-" "Mozilla/5.0 AppleWebKit/537.36 (KHTML, like Gecko; compatible; GPTBot/1.2; +https://openai.com/gptbot)"
20.171.207.125 - - [28/Apr/2025:06:13:06 -0400] "GET /2024/10/19/us-online-casinos-with-rtg-software/ HTTP/1.1" 200 20461 "-" "Mozilla/5.0 AppleWebKit/537.36 (KHTML, like Gecko; compatible; GPTBot/1.2; +https://openai.com/gptbot)"
20.171.207.125 - - [28/Apr/2025:06:13:08 -0400] "GET /?p=19283 HTTP/1.1" 301 0 "-" "Mozilla/5.0 AppleWebKit/537.36 (KHTML, like Gecko; compatible; GPTBot/1.2; +https://openai.com/gptbot)"
20.171.207.125 - - [28/Apr/2025:06:13:09 -0400] "GET /2024/10/19/partycasino-ca/ HTTP/1.1" 200 20313 "-" "Mozilla/5.0 AppleWebKit/537.36 (KHTML, like Gecko; compatible; GPTBot/1.2; +https://openai.com/gptbot)"
20.171.207.125 - - [28/Apr/2025:06:13:11 -0400] "GET /2024/10/18/n1bet-australia/ HTTP/1.1" 200 20386 "-" "Mozilla/5.0 AppleWebKit/537.36 (KHTML, like Gecko; compatible; GPTBot/1.2; +https://openai.com/gptbot)"
20.171.207.125 - - [28/Apr/2025:06:13:12 -0400] "GET /2024/10/14/casinos-online-that-pay-real-money/ HTTP/1.1" 200 20421 "-" "Mozilla/5.0 AppleWebKit/537.36 (KHTML, like Gecko; compatible; GPTBot/1.2; +https://openai.com/gptbot)"
20.171.207.125 - - [28/Apr/2025:06:13:14 -0400] "GET /wp-json/oembed/1.0/embed?url=https%3A%2F%2Fkamrancomputer.com%2F2024%2F10%2F14%2Fadmiral-h-zerkalo%2F HTTP/1.1" 200 2409 "-" "Mozilla/5.0 AppleWebKit/537.36 (KHTML, like Gecko; compatible; GPTBot/1.2; +https://openai.com/gptbot)"
20.171.207.125 - - [28/Apr/2025:06:13:17 -0400] "GET /wp-json/oembed/1.0/embed?format=xml&url=https%3A%2F%2Fkamrancomputer.com%2F2024%2F10%2F14%2Fadmiral-h-zerkalo%2F HTTP/1.1" 200 1076 "-" "Mozilla/5.0 AppleWebKit/537.36 (KHTML, like Gecko; compatible; GPTBot/1.2; +https://openai.com/gptbot)"
20.171.207.125 - - [28/Apr/2025:06:13:21 -0400] "GET /2024/10/14/yaamava-casino-app/images/yaamava_casino_app.jpg HTTP/1.1" 404 18535 "-" "Mozilla/5.0 AppleWebKit/537.36 (KHTML, like Gecko; compatible; GPTBot/1.2; +https://openai.com/gptbot)"
20.171.207.125 - - [28/Apr/2025:06:13:23 -0400] "GET /2024/10/14/saskatchewan-online-casino/ HTTP/1.1" 200 20457 "-" "Mozilla/5.0 AppleWebKit/537.36 (KHTML, like Gecko; compatible; GPTBot/1.2; +https://openai.com/gptbot)"
66.29.132.124 - - [28/Apr/2025:06:13:27 -0400] "POST /wp-cron.php?doing_wp_cron=1745835207.8011889457702636718750 HTTP/1.1" 200 0 "-" "WordPress/6.8; https://kamrancomputer.com"
20.171.207.125 - - [28/Apr/2025:06:13:26 -0400] "GET /2024/10/19/online-casino-willkommensbonus/images/casino-bonus.jpg HTTP/1.1" 404 18534 "-" "Mozilla/5.0 AppleWebKit/537.36 (KHTML, like Gecko; compatible; GPTBot/1.2; +https://openai.com/gptbot)"
20.171.207.125 - - [28/Apr/2025:06:13:29 -0400] "GET /?p=2888 HTTP/1.1" 301 0 "-" "Mozilla/5.0 AppleWebKit/537.36 (KHTML, like Gecko; compatible; GPTBot/1.2; +https://openai.com/gptbot)"
66.29.132.124 - - [28/Apr/2025:06:13:29 -0400] "POST /wp-admin/admin-ajax.php?action=async_litespeed&nonce=f8fpNI1w0HK9cyypV2zWlOpRbKIGzTvu&litespeed_type=imgoptm HTTP/1.1" 200 0 "-" "WordPress/6.8; https://kamrancomputer.com"
20.171.207.125 - - [28/Apr/2025:06:13:31 -0400] "GET /2024/10/19/us-online-casinos-with-rtg-software/images/rtg-security.jpg HTTP/1.1" 404 18536 "-" "Mozilla/5.0 AppleWebKit/537.36 (KHTML, like Gecko; compatible; GPTBot/1.2; +https://openai.com/gptbot)"
20.171.207.125 - - [28/Apr/2025:06:13:34 -0400] "GET /2024/10/19/us-online-casinos-with-rtg-software/images/rtg-mobile-gaming.jpg HTTP/1.1" 404 18534 "-" "Mozilla/5.0 AppleWebKit/537.36 (KHTML, like Gecko; compatible; GPTBot/1.2; +https://openai.com/gptbot)"
20.171.207.125 - - [28/Apr/2025:06:13:36 -0400] "GET /2024/10/19/partycasino-ca/img/game-variety.jpg HTTP/1.1" 404 18534 "-" "Mozilla/5.0 AppleWebKit/537.36 (KHTML, like Gecko; compatible; GPTBot/1.2; +https://openai.com/gptbot)"
20.171.207.125 - - [28/Apr/2025:06:13:39 -0400] "GET /?p=22369 HTTP/1.1" 301 0 "-" "Mozilla/5.0 AppleWebKit/537.36 (KHTML, like Gecko; compatible; GPTBot/1.2; +https://openai.com/gptbot)"
20.171.207.125 - - [28/Apr/2025:06:13:41 -0400] "GET /2024/10/19/partycasino-ca/img/bonus-offers.jpg HTTP/1.1" 404 18536 "-" "Mozilla/5.0 AppleWebKit/537.36 (KHTML, like Gecko; compatible; GPTBot/1.2; +https://openai.com/gptbot)"
20.171.207.125 - - [28/Apr/2025:06:13:43 -0400] "GET /?p=18851 HTTP/1.1" 301 0 "-" "Mozilla/5.0 AppleWebKit/537.36 (KHTML, like Gecko; compatible; GPTBot/1.2; +https://openai.com/gptbot)"
20.171.207.125 - - [28/Apr/2025:06:13:45 -0400] "GET /2024/10/19/us-online-casinos-with-rtg-software/images/rtg-game-variety.jpg HTTP/1.1" 404 18534 "-" "Mozilla/5.0 AppleWebKit/537.36 (KHTML, like Gecko; compatible; GPTBot/1.2; +https://openai.com/gptbot)"
165.22.122.166 - - [28/Apr/2025:06:13:45 -0400] "GET /?add-to-cart=339 HTTP/1.1" 302 0 "-" "Mozilla/5.0 (Macintosh; Intel Mac OS X 10_15_7) AppleWebKit/537.36 (KHTML, like Gecko) Chrome/124.0.0.0 Safari/537.36"
20.171.207.125 - - [28/Apr/2025:06:13:47 -0400] "GET /2024/10/19/australian-betting-agencies/ HTTP/1.1" 200 20518 "-" "Mozilla/5.0 AppleWebKit/537.36 (KHTML, like Gecko; compatible; GPTBot/1.2; +https://openai.com/gptbot)"
20.171.207.125 - - [28/Apr/2025:06:13:50 -0400] "GET /2024/10/14/admiral-h-zerkalo/embed/ HTTP/1.1" 200 23093 "-" "Mozilla/5.0 AppleWebKit/537.36 (KHTML, like Gecko; compatible; GPTBot/1.2; +https://openai.com/gptbot)"
66.29.132.124 - - [28/Apr/2025:06:13:53 -0400] "POST /wp-cron.php?doing_wp_cron=1745835233.0664720535278320312500 HTTP/1.1" 200 0 "-" "WordPress/6.8; https://kamrancomputer.com"
20.171.207.125 - - [28/Apr/2025:06:13:52 -0400] "GET /2024/10/14/best-online-casino-play-real-money/ HTTP/1.1" 200 20908 "-" "Mozilla/5.0 AppleWebKit/537.36 (KHTML, like Gecko; compatible; GPTBot/1.2; +https://openai.com/gptbot)"
20.171.207.125 - - [28/Apr/2025:06:13:54 -0400] "GET /?p=4181 HTTP/1.1" 301 0 "-" "Mozilla/5.0 AppleWebKit/537.36 (KHTML, like Gecko; compatible; GPTBot/1.2; +https://openai.com/gptbot)"
20.171.207.125 - - [28/Apr/2025:06:13:57 -0400] "GET /2024/10/18/n1bet-australia/n1bet-logo.jpg HTTP/1.1" 404 18534 "-" "Mozilla/5.0 AppleWebKit/537.36 (KHTML, like Gecko; compatible; GPTBot/1.2; +https://openai.com/gptbot)"
20.171.207.125 - - [28/Apr/2025:06:14:00 -0400] "GET /2024/10/18/casiji/ HTTP/1.1" 200 19947 "-" "Mozilla/5.0 AppleWebKit/537.36 (KHTML, like Gecko; compatible; GPTBot/1.2; +https://openai.com/gptbot)"
20.171.207.125 - - [28/Apr/2025:06:14:03 -0400] "GET /?p=20071 HTTP/1.1" 301 0 "-" "Mozilla/5.0 AppleWebKit/537.36 (KHTML, like Gecko; compatible; GPTBot/1.2; +https://openai.com/gptbot)"
20.171.207.125 - - [28/Apr/2025:06:14:05 -0400] "GET /2024/10/19/casino-australian/ HTTP/1.1" 200 19922 "-" "Mozilla/5.0 AppleWebKit/537.36 (KHTML, like Gecko; compatible; GPTBot/1.2; +https://openai.com/gptbot)"
20.171.207.125 - - [28/Apr/2025:06:14:07 -0400] "GET /?p=14708 HTTP/1.1" 301 0 "-" "Mozilla/5.0 AppleWebKit/537.36 (KHTML, like Gecko; compatible; GPTBot/1.2; +https://openai.com/gptbot)"
20.171.207.125 - - [28/Apr/2025:06:14:10 -0400] "GET /2024/10/19/neverland-casino-online-slots/ HTTP/1.1" 200 20433 "-" "Mozilla/5.0 AppleWebKit/537.36 (KHTML, like Gecko; compatible; GPTBot/1.2; +https://openai.com/gptbot)"
20.171.207.125 - - [28/Apr/2025:06:14:11 -0400] "GET /?p=20139 HTTP/1.1" 301 0 "-" "Mozilla/5.0 AppleWebKit/537.36 (KHTML, like Gecko; compatible; GPTBot/1.2; +https://openai.com/gptbot)"
20.171.207.125 - - [28/Apr/2025:06:14:13 -0400] "GET /?p=2126 HTTP/1.1" 301 0 "-" "Mozilla/5.0 AppleWebKit/537.36 (KHTML, like Gecko; compatible; GPTBot/1.2; +https://openai.com/gptbot)"
20.171.207.125 - - [28/Apr/2025:06:14:14 -0400] "GET /?p=21754 HTTP/1.1" 301 0 "-" "Mozilla/5.0 AppleWebKit/537.36 (KHTML, like Gecko; compatible; GPTBot/1.2; +https://openai.com/gptbot)"
20.171.207.125 - - [28/Apr/2025:06:14:17 -0400] "GET /?p=5085 HTTP/1.1" 301 0 "-" "Mozilla/5.0 AppleWebKit/537.36 (KHTML, like Gecko; compatible; GPTBot/1.2; +https://openai.com/gptbot)"
20.171.207.125 - - [28/Apr/2025:06:14:19 -0400] "GET /2024/10/19/australian-betting-agencies/market_growth_graph.png HTTP/1.1" 404 18534 "-" "Mozilla/5.0 AppleWebKit/537.36 (KHTML, like Gecko; compatible; GPTBot/1.2; +https://openai.com/gptbot)"
20.171.207.125 - - [28/Apr/2025:06:14:21 -0400] "GET /?p=10769 HTTP/1.1" 301 0 "-" "Mozilla/5.0 AppleWebKit/537.36 (KHTML, like Gecko; compatible; GPTBot/1.2; +https://openai.com/gptbot)"
20.171.207.125 - - [28/Apr/2025:06:14:24 -0400] "GET /?p=3747 HTTP/1.1" 301 0 "-" "Mozilla/5.0 AppleWebKit/537.36 (KHTML, like Gecko; compatible; GPTBot/1.2; +https://openai.com/gptbot)"
66.29.132.124 - - [28/Apr/2025:06:14:28 -0400] "POST /wp-cron.php?doing_wp_cron=1745835268.2219998836517333984375 HTTP/1.1" 200 0 "-" "WordPress/6.8; https://kamrancomputer.com"
20.171.207.125 - - [28/Apr/2025:06:14:27 -0400] "GET /wp-json/wp/v2/posts/3747 HTTP/1.1" 200 5728 "-" "Mozilla/5.0 AppleWebKit/537.36 (KHTML, like Gecko; compatible; GPTBot/1.2; +https://openai.com/gptbot)"
66.29.132.124 - - [28/Apr/2025:06:14:30 -0400] "POST /wp-admin/admin-ajax.php?action=async_litespeed&nonce=MYQshx8xvtm3zIqAuiO7BtfjCCIcmTlE&litespeed_type=imgoptm HTTP/1.1" 200 0 "-" "WordPress/6.8; https://kamrancomputer.com"
20.171.207.125 - - [28/Apr/2025:06:14:30 -0400] "GET /2024/10/19/playojo-casino-et-bingo-games/ HTTP/1.1" 200 20761 "-" "Mozilla/5.0 AppleWebKit/537.36 (KHTML, like Gecko; compatible; GPTBot/1.2; +https://openai.com/gptbot)"
20.171.207.125 - - [28/Apr/2025:06:14:35 -0400] "GET /2024/10/19/australian-betting-agencies/technology_in_betting.jpg HTTP/1.1" 404 18534 "-" "Mozilla/5.0 AppleWebKit/537.36 (KHTML, like Gecko; compatible; GPTBot/1.2; +https://openai.com/gptbot)"
20.171.207.125 - - [28/Apr/2025:06:14:39 -0400] "GET /2024/10/19/australian-betting-agencies/consumer_behavior_charts.png HTTP/1.1" 404 18534 "-" "Mozilla/5.0 AppleWebKit/537.36 (KHTML, like Gecko; compatible; GPTBot/1.2; +https://openai.com/gptbot)"
20.171.207.125 - - [28/Apr/2025:06:14:43 -0400] "GET /2024/10/14/plej-fortuna-zerkalo-na-segodnya/ HTTP/1.1" 200 21905 "-" "Mozilla/5.0 AppleWebKit/537.36 (KHTML, like Gecko; compatible; GPTBot/1.2; +https://openai.com/gptbot)"
20.171.207.125 - - [28/Apr/2025:06:14:48 -0400] "GET /?p=19316 HTTP/1.1" 301 0 "-" "Mozilla/5.0 AppleWebKit/537.36 (KHTML, like Gecko; compatible; GPTBot/1.2; +https://openai.com/gptbot)"
66.29.132.124 - - [28/Apr/2025:06:14:52 -0400] "POST /wp-cron.php?doing_wp_cron=1745835292.8610858917236328125000 HTTP/1.1" 200 0 "-" "WordPress/6.8; https://kamrancomputer.com"
20.171.207.125 - - [28/Apr/2025:06:14:52 -0400] "GET /2024/10/19/australian-betting-agencies/regulatory_developments_chart.png HTTP/1.1" 404 18534 "-" "Mozilla/5.0 AppleWebKit/537.36 (KHTML, like Gecko; compatible; GPTBot/1.2; +https://openai.com/gptbot)"
20.171.207.125 - - [28/Apr/2025:06:14:55 -0400] "GET /2024/10/19/australian-betting-agencies/market_growth_graph.png HTTP/1.1" 404 18534 "-" "Mozilla/5.0 AppleWebKit/537.36 (KHTML, like Gecko; compatible; GPTBot/1.2; +https://openai.com/gptbot)"
20.171.207.125 - - [28/Apr/2025:06:14:59 -0400] "GET /2024/10/19/klubnichka-kazino/ HTTP/1.1" 200 22309 "-" "Mozilla/5.0 AppleWebKit/537.36 (KHTML, like Gecko; compatible; GPTBot/1.2; +https://openai.com/gptbot)"
20.171.207.125 - - [28/Apr/2025:06:15:03 -0400] "GET /2024/10/18/online-casino-colorado/ HTTP/1.1" 200 20649 "-" "Mozilla/5.0 AppleWebKit/537.36 (KHTML, like Gecko; compatible; GPTBot/1.2; +https://openai.com/gptbot)"
20.171.207.125 - - [28/Apr/2025:06:15:07 -0400] "GET /?p=21885 HTTP/1.1" 301 0 "-" "Mozilla/5.0 AppleWebKit/537.36 (KHTML, like Gecko; compatible; GPTBot/1.2; +https://openai.com/gptbot)"
20.171.207.125 - - [28/Apr/2025:06:15:11 -0400] "GET /?p=11311 HTTP/1.1" 301 0 "-" "Mozilla/5.0 AppleWebKit/537.36 (KHTML, like Gecko; compatible; GPTBot/1.2; +https://openai.com/gptbot)"
20.171.207.125 - - [28/Apr/2025:06:15:14 -0400] "GET /?p=7185 HTTP/1.1" 301 0 "-" "Mozilla/5.0 AppleWebKit/537.36 (KHTML, like Gecko; compatible; GPTBot/1.2; +https://openai.com/gptbot)"
20.171.207.125 - - [28/Apr/2025:06:15:17 -0400] "GET /2024/10/14/kostenlos-roulette-spielen/ HTTP/1.1" 200 20217 "-" "Mozilla/5.0 AppleWebKit/537.36 (KHTML, like Gecko; compatible; GPTBot/1.2; +https://openai.com/gptbot)"
178.20.46.206 - - [28/Apr/2025:06:15:19 -0400] "GET /product/mini-wireless-keyboard-tv-box/ HTTP/1.0" 200 126910 "https://kamrancomputer.com/product/mini-wireless-keyboard-tv-box/" "Mozilla/5.0 (Windows NT 10.0; Win64; x64) AppleWebKit/537.36 (KHTML, like Gecko) Chrome/129.0.0.0 Safari/537.36"
20.171.207.125 - - [28/Apr/2025:06:15:20 -0400] "GET /2024/10/19/australian-betting-agencies/covid_impact_on_betting.png HTTP/1.1" 404 18534 "-" "Mozilla/5.0 AppleWebKit/537.36 (KHTML, like Gecko; compatible; GPTBot/1.2; +https://openai.com/gptbot)"
20.171.207.125 - - [28/Apr/2025:06:15:23 -0400] "GET /?p=15642 HTTP/1.1" 301 0 "-" "Mozilla/5.0 AppleWebKit/537.36 (KHTML, like Gecko; compatible; GPTBot/1.2; +https://openai.com/gptbot)"
66.29.132.124 - - [28/Apr/2025:06:15:23 -0400] "GET /wp-json/jetpack/v4/sync/spawn-sync?time=1745835323&request_lock_id=1745835323.7149 HTTP/1.1" 200 0 "-" "WordPress/6.8; https://kamrancomputer.com"
178.20.46.206 - - [28/Apr/2025:06:15:20 -0400] "POST /wp-comments-post.php HTTP/1.0" 302 0 "https://kamrancomputer.com/product/mini-wireless-keyboard-tv-box/" "Mozilla/5.0 (Windows NT 10.0; Win64; x64) AppleWebKit/537.36 (KHTML, like Gecko) Chrome/129.0.0.0 Safari/537.36"
66.29.132.124 - - [28/Apr/2025:06:15:26 -0400] "POST /wp-cron.php?doing_wp_cron=1745835326.8776059150695800781250 HTTP/1.1" 200 0 "-" "WordPress/6.8; https://kamrancomputer.com"
20.171.207.125 - - [28/Apr/2025:06:15:26 -0400] "GET /2024/10/19/kazino-onlajn-rejting/ HTTP/1.1" 200 22238 "-" "Mozilla/5.0 AppleWebKit/537.36 (KHTML, like Gecko; compatible; GPTBot/1.2; +https://openai.com/gptbot)"
178.20.46.206 - - [28/Apr/2025:06:15:26 -0400] "GET /product/mini-wireless-keyboard-tv-box/ HTTP/1.0" 200 128381 "https://kamrancomputer.com/product/mini-wireless-keyboard-tv-box/#comment-392" "Mozilla/5.0 (Windows NT 10.0; Win64; x64) AppleWebKit/537.36 (KHTML, like Gecko) Chrome/129.0.0.0 Safari/537.36"
66.29.132.124 - - [28/Apr/2025:06:15:27 -0400] "POST /wp-admin/admin-ajax.php?action=async_litespeed&nonce=2xhUqa1HkIHtByxfDpzJIrBCp7GgUqIe&litespeed_type=imgoptm HTTP/1.1" 200 0 "-" "WordPress/6.8; https://kamrancomputer.com"
20.171.207.125 - - [28/Apr/2025:06:15:28 -0400] "GET /2024/10/19/zula-online-casino/ HTTP/1.1" 200 20862 "-" "Mozilla/5.0 AppleWebKit/537.36 (KHTML, like Gecko; compatible; GPTBot/1.2; +https://openai.com/gptbot)"
20.171.207.125 - - [28/Apr/2025:06:15:30 -0400] "GET /2024/10/18/casino-quebec-canada/ HTTP/1.1" 200 20371 "-" "Mozilla/5.0 AppleWebKit/537.36 (KHTML, like Gecko; compatible; GPTBot/1.2; +https://openai.com/gptbot)"
20.171.207.125 - - [28/Apr/2025:06:15:31 -0400] "GET /2024/10/18/kazino-faraon/ HTTP/1.1" 200 21704 "-" "Mozilla/5.0 AppleWebKit/537.36 (KHTML, like Gecko; compatible; GPTBot/1.2; +https://openai.com/gptbot)"
20.171.207.125 - - [28/Apr/2025:06:15:33 -0400] "GET /?p=1206 HTTP/1.1" 301 0 "-" "Mozilla/5.0 AppleWebKit/537.36 (KHTML, like Gecko; compatible; GPTBot/1.2; +https://openai.com/gptbot)"
