20.171.207.125 - - [28/Apr/2025:08:27:32 -0400] "GET /2024/10/14/baytree-casino/ HTTP/1.1" 200 20384 "-" "Mozilla/5.0 AppleWebKit/537.36 (KHTML, like Gecko; compatible; GPTBot/1.2; +https://openai.com/gptbot)"
66.29.132.124 - - [28/Apr/2025:08:27:38 -0400] "POST /wp-cron.php?doing_wp_cron=1745843257.9640629291534423828125 HTTP/1.1" 200 0 "-" "WordPress/6.8; https://kamrancomputer.com"
20.171.207.125 - - [28/Apr/2025:08:27:36 -0400] "GET /2024/10/18/wonder-casino/ HTTP/1.1" 200 20506 "-" "Mozilla/5.0 AppleWebKit/537.36 (KHTML, like Gecko; compatible; GPTBot/1.2; +https://openai.com/gptbot)"
20.171.207.125 - - [28/Apr/2025:08:27:40 -0400] "GET /2024/10/19/wunderino-app/ HTTP/1.1" 200 20630 "-" "Mozilla/5.0 AppleWebKit/537.36 (KHTML, like Gecko; compatible; GPTBot/1.2; +https://openai.com/gptbot)"
20.171.207.125 - - [28/Apr/2025:08:27:45 -0400] "GET /?p=23147 HTTP/1.1" 301 0 "-" "Mozilla/5.0 AppleWebKit/537.36 (KHTML, like Gecko; compatible; GPTBot/1.2; +https://openai.com/gptbot)"
20.171.207.125 - - [28/Apr/2025:08:27:50 -0400] "GET /?p=18552 HTTP/1.1" 301 0 "-" "Mozilla/5.0 AppleWebKit/537.36 (KHTML, like Gecko; compatible; GPTBot/1.2; +https://openai.com/gptbot)"
66.29.132.124 - - [28/Apr/2025:08:27:55 -0400] "POST /wp-cron.php?doing_wp_cron=1745843274.8850769996643066406250 HTTP/1.1" 200 0 "-" "WordPress/6.8; https://kamrancomputer.com"
20.171.207.125 - - [28/Apr/2025:08:27:53 -0400] "GET /?p=20334 HTTP/1.1" 301 0 "-" "Mozilla/5.0 AppleWebKit/537.36 (KHTML, like Gecko; compatible; GPTBot/1.2; +https://openai.com/gptbot)"
20.171.207.125 - - [28/Apr/2025:08:27:57 -0400] "GET /?p=20032 HTTP/1.1" 301 0 "-" "Mozilla/5.0 AppleWebKit/537.36 (KHTML, like Gecko; compatible; GPTBot/1.2; +https://openai.com/gptbot)"
20.171.207.125 - - [28/Apr/2025:08:28:00 -0400] "GET /?p=5652 HTTP/1.1" 301 0 "-" "Mozilla/5.0 AppleWebKit/537.36 (KHTML, like Gecko; compatible; GPTBot/1.2; +https://openai.com/gptbot)"
20.171.207.125 - - [28/Apr/2025:08:28:03 -0400] "GET /2024/10/18/casino-in-online/images/online-casino-success.jpg HTTP/1.1" 404 18464 "-" "Mozilla/5.0 AppleWebKit/537.36 (KHTML, like Gecko; compatible; GPTBot/1.2; +https://openai.com/gptbot)"
20.171.207.125 - - [28/Apr/2025:08:28:05 -0400] "GET /2024/10/19/spielhalle-spiele/spielhalle.jpg HTTP/1.1" 404 18464 "-" "Mozilla/5.0 AppleWebKit/537.36 (KHTML, like Gecko; compatible; GPTBot/1.2; +https://openai.com/gptbot)"
20.171.207.125 - - [28/Apr/2025:08:28:08 -0400] "GET /2024/10/14/online-casino-penny-slots/ HTTP/1.1" 200 20504 "-" "Mozilla/5.0 AppleWebKit/537.36 (KHTML, like Gecko; compatible; GPTBot/1.2; +https://openai.com/gptbot)"
20.171.207.125 - - [28/Apr/2025:08:28:10 -0400] "GET /2024/10/18/888-bet-casino/ HTTP/1.1" 200 21239 "-" "Mozilla/5.0 AppleWebKit/537.36 (KHTML, like Gecko; compatible; GPTBot/1.2; +https://openai.com/gptbot)"
20.171.207.125 - - [28/Apr/2025:08:28:13 -0400] "GET /?p=2023 HTTP/1.1" 301 0 "-" "Mozilla/5.0 AppleWebKit/537.36 (KHTML, like Gecko; compatible; GPTBot/1.2; +https://openai.com/gptbot)"
20.171.207.125 - - [28/Apr/2025:08:28:15 -0400] "GET /2024/10/19/dzhoj-kazino-oficialnyj-sajt/ HTTP/1.1" 200 22390 "-" "Mozilla/5.0 AppleWebKit/537.36 (KHTML, like Gecko; compatible; GPTBot/1.2; +https://openai.com/gptbot)"
20.171.207.125 - - [28/Apr/2025:08:28:18 -0400] "GET /2024/10/19/wunderino-app/wunderino-app-success.jpg HTTP/1.1" 404 18464 "-" "Mozilla/5.0 AppleWebKit/537.36 (KHTML, like Gecko; compatible; GPTBot/1.2; +https://openai.com/gptbot)"
20.171.207.125 - - [28/Apr/2025:08:28:21 -0400] "GET /?p=17010 HTTP/1.1" 301 0 "-" "Mozilla/5.0 AppleWebKit/537.36 (KHTML, like Gecko; compatible; GPTBot/1.2; +https://openai.com/gptbot)"
66.29.132.124 - - [28/Apr/2025:08:28:26 -0400] "POST /wp-cron.php?doing_wp_cron=1745843306.3062829971313476562500 HTTP/1.1" 200 0 "-" "WordPress/6.8; https://kamrancomputer.com"
20.171.207.125 - - [28/Apr/2025:08:28:24 -0400] "GET /?p=5416 HTTP/1.1" 301 0 "-" "Mozilla/5.0 AppleWebKit/537.36 (KHTML, like Gecko; compatible; GPTBot/1.2; +https://openai.com/gptbot)"
20.171.207.125 - - [28/Apr/2025:08:28:27 -0400] "GET /?p=3412 HTTP/1.1" 301 0 "-" "Mozilla/5.0 AppleWebKit/537.36 (KHTML, like Gecko; compatible; GPTBot/1.2; +https://openai.com/gptbot)"
66.29.132.124 - - [28/Apr/2025:08:28:28 -0400] "POST /wp-admin/admin-ajax.php?action=async_litespeed&nonce=3BlWQCqjWQLVwVS21Z5gYqOQ9q8tjcaV&litespeed_type=imgoptm HTTP/1.1" 200 0 "-" "WordPress/6.8; https://kamrancomputer.com"
20.171.207.125 - - [28/Apr/2025:08:28:31 -0400] "GET /2024/10/18/kazino-vulkan-onlajn-na-dengi/ HTTP/1.1" 200 22682 "-" "Mozilla/5.0 AppleWebKit/537.36 (KHTML, like Gecko; compatible; GPTBot/1.2; +https://openai.com/gptbot)"
20.171.207.125 - - [28/Apr/2025:08:28:34 -0400] "GET /2024/10/19/online-casino-einsatzlimit/ HTTP/1.1" 200 20854 "-" "Mozilla/5.0 AppleWebKit/537.36 (KHTML, like Gecko; compatible; GPTBot/1.2; +https://openai.com/gptbot)"
20.171.207.125 - - [28/Apr/2025:08:28:38 -0400] "GET /?p=21524 HTTP/1.1" 301 0 "-" "Mozilla/5.0 AppleWebKit/537.36 (KHTML, like Gecko; compatible; GPTBot/1.2; +https://openai.com/gptbot)"
20.171.207.125 - - [28/Apr/2025:08:28:40 -0400] "GET /?p=1038 HTTP/1.1" 301 0 "-" "Mozilla/5.0 AppleWebKit/537.36 (KHTML, like Gecko; compatible; GPTBot/1.2; +https://openai.com/gptbot)"
20.171.207.125 - - [28/Apr/2025:08:28:42 -0400] "GET /2024/10/14/crown-casino-online-real-money/ HTTP/1.1" 200 20477 "-" "Mozilla/5.0 AppleWebKit/537.36 (KHTML, like Gecko; compatible; GPTBot/1.2; +https://openai.com/gptbot)"
20.171.207.125 - - [28/Apr/2025:08:28:44 -0400] "GET /?p=16387 HTTP/1.1" 301 0 "-" "Mozilla/5.0 AppleWebKit/537.36 (KHTML, like Gecko; compatible; GPTBot/1.2; +https://openai.com/gptbot)"
20.171.207.125 - - [28/Apr/2025:08:28:46 -0400] "GET /?p=1034 HTTP/1.1" 301 0 "-" "Mozilla/5.0 AppleWebKit/537.36 (KHTML, like Gecko; compatible; GPTBot/1.2; +https://openai.com/gptbot)"
20.171.207.125 - - [28/Apr/2025:08:28:48 -0400] "GET /2024/10/14/mohegan-sun-casino-nj-online/ HTTP/1.1" 200 20479 "-" "Mozilla/5.0 AppleWebKit/537.36 (KHTML, like Gecko; compatible; GPTBot/1.2; +https://openai.com/gptbot)"
20.171.207.125 - - [28/Apr/2025:08:28:50 -0400] "GET /?p=5416 HTTP/1.1" 301 0 "-" "Mozilla/5.0 AppleWebKit/537.36 (KHTML, like Gecko; compatible; GPTBot/1.2; +https://openai.com/gptbot)"
66.29.132.124 - - [28/Apr/2025:08:28:54 -0400] "POST /wp-cron.php?doing_wp_cron=1745843334.6234869956970214843750 HTTP/1.1" 200 0 "-" "WordPress/6.8; https://kamrancomputer.com"
20.171.207.125 - - [28/Apr/2025:08:28:52 -0400] "GET /2024/10/14/online-casino-penny-slots/penny-slots.jpg HTTP/1.1" 404 18465 "-" "Mozilla/5.0 AppleWebKit/537.36 (KHTML, like Gecko; compatible; GPTBot/1.2; +https://openai.com/gptbot)"
20.171.207.125 - - [28/Apr/2025:08:28:55 -0400] "GET /2024/10/14/online-sweepstakes-casino-real-money/ HTTP/1.1" 200 20839 "-" "Mozilla/5.0 AppleWebKit/537.36 (KHTML, like Gecko; compatible; GPTBot/1.2; +https://openai.com/gptbot)"
20.171.207.125 - - [28/Apr/2025:08:28:58 -0400] "GET /?p=17997 HTTP/1.1" 301 0 "-" "Mozilla/5.0 AppleWebKit/537.36 (KHTML, like Gecko; compatible; GPTBot/1.2; +https://openai.com/gptbot)"
20.171.207.125 - - [28/Apr/2025:08:29:01 -0400] "GET /?p=12546 HTTP/1.1" 301 0 "-" "Mozilla/5.0 AppleWebKit/537.36 (KHTML, like Gecko; compatible; GPTBot/1.2; +https://openai.com/gptbot)"
20.171.207.125 - - [28/Apr/2025:08:29:04 -0400] "GET /?p=14619 HTTP/1.1" 301 0 "-" "Mozilla/5.0 AppleWebKit/537.36 (KHTML, like Gecko; compatible; GPTBot/1.2; +https://openai.com/gptbot)"
20.171.207.125 - - [28/Apr/2025:08:29:06 -0400] "GET /?p=3265 HTTP/1.1" 301 0 "-" "Mozilla/5.0 AppleWebKit/537.36 (KHTML, like Gecko; compatible; GPTBot/1.2; +https://openai.com/gptbot)"
20.171.207.125 - - [28/Apr/2025:08:29:09 -0400] "GET /?p=968 HTTP/1.1" 301 0 "-" "Mozilla/5.0 AppleWebKit/537.36 (KHTML, like Gecko; compatible; GPTBot/1.2; +https://openai.com/gptbot)"
20.171.207.125 - - [28/Apr/2025:08:29:12 -0400] "GET /?p=3094 HTTP/1.1" 301 0 "-" "Mozilla/5.0 AppleWebKit/537.36 (KHTML, like Gecko; compatible; GPTBot/1.2; +https://openai.com/gptbot)"
20.171.207.125 - - [28/Apr/2025:08:29:16 -0400] "GET /?p=21862 HTTP/1.1" 301 0 "-" "Mozilla/5.0 AppleWebKit/537.36 (KHTML, like Gecko; compatible; GPTBot/1.2; +https://openai.com/gptbot)"
20.171.207.125 - - [28/Apr/2025:08:29:18 -0400] "GET /?p=11557 HTTP/1.1" 301 0 "-" "Mozilla/5.0 AppleWebKit/537.36 (KHTML, like Gecko; compatible; GPTBot/1.2; +https://openai.com/gptbot)"
20.171.207.125 - - [28/Apr/2025:08:29:21 -0400] "GET /?p=21561 HTTP/1.1" 301 0 "-" "Mozilla/5.0 AppleWebKit/537.36 (KHTML, like Gecko; compatible; GPTBot/1.2; +https://openai.com/gptbot)"
20.171.207.125 - - [28/Apr/2025:08:29:25 -0400] "GET /?p=3722 HTTP/1.1" 301 0 "-" "Mozilla/5.0 AppleWebKit/537.36 (KHTML, like Gecko; compatible; GPTBot/1.2; +https://openai.com/gptbot)"
20.171.207.125 - - [28/Apr/2025:08:29:29 -0400] "GET /wp-json/oembed/1.0/embed?url=https%3A%2F%2Fkamrancomputer.com%2F2024%2F10%2F14%2Fonline-sweepstakes-casino-real-money%2F HTTP/1.1" 200 2234 "-" "Mozilla/5.0 AppleWebKit/537.36 (KHTML, like Gecko; compatible; GPTBot/1.2; +https://openai.com/gptbot)"
66.29.132.124 - - [28/Apr/2025:08:29:33 -0400] "POST /wp-cron.php?doing_wp_cron=1745843370.5501379966735839843750 HTTP/1.1" 200 0 "-" "WordPress/6.8; https://kamrancomputer.com"
20.171.207.125 - - [28/Apr/2025:08:29:35 -0400] "GET /wp-json/oembed/1.0/embed?format=xml&url=https%3A%2F%2Fkamrancomputer.com%2F2024%2F10%2F14%2Fonline-sweepstakes-casino-real-money%2F HTTP/1.1" 200 1050 "-" "Mozilla/5.0 AppleWebKit/537.36 (KHTML, like Gecko; compatible; GPTBot/1.2; +https://openai.com/gptbot)"
20.171.207.125 - - [28/Apr/2025:08:29:45 -0400] "GET /?p=13896 HTTP/1.1" 301 0 "-" "Mozilla/5.0 AppleWebKit/537.36 (KHTML, like Gecko; compatible; GPTBot/1.2; +https://openai.com/gptbot)"
20.171.207.125 - - [28/Apr/2025:08:29:51 -0400] "GET /?p=3265 HTTP/1.1" 301 0 "-" "Mozilla/5.0 AppleWebKit/537.36 (KHTML, like Gecko; compatible; GPTBot/1.2; +https://openai.com/gptbot)"
20.171.207.125 - - [28/Apr/2025:08:29:57 -0400] "GET /?p=21469 HTTP/1.1" 301 0 "-" "Mozilla/5.0 AppleWebKit/537.36 (KHTML, like Gecko; compatible; GPTBot/1.2; +https://openai.com/gptbot)"
20.171.207.125 - - [28/Apr/2025:08:30:02 -0400] "GET /?p=19545 HTTP/1.1" 301 0 "-" "Mozilla/5.0 AppleWebKit/537.36 (KHTML, like Gecko; compatible; GPTBot/1.2; +https://openai.com/gptbot)"
20.171.207.125 - - [28/Apr/2025:08:30:09 -0400] "GET /?p=21233 HTTP/1.1" 301 0 "-" "Mozilla/5.0 AppleWebKit/537.36 (KHTML, like Gecko; compatible; GPTBot/1.2; +https://openai.com/gptbot)"
20.171.207.125 - - [28/Apr/2025:08:30:16 -0400] "GET /2024/10/14/wind-creek-casino-myrtle-beach/ HTTP/1.1" 200 20323 "-" "Mozilla/5.0 AppleWebKit/537.36 (KHTML, like Gecko; compatible; GPTBot/1.2; +https://openai.com/gptbot)"
20.171.207.125 - - [28/Apr/2025:08:30:23 -0400] "GET /?p=5875 HTTP/1.1" 301 0 "-" "Mozilla/5.0 AppleWebKit/537.36 (KHTML, like Gecko; compatible; GPTBot/1.2; +https://openai.com/gptbot)"
20.171.207.125 - - [28/Apr/2025:08:30:28 -0400] "GET /2024/10/19/online-casinos-like-pulsz/ HTTP/1.1" 200 20471 "-" "Mozilla/5.0 AppleWebKit/537.36 (KHTML, like Gecko; compatible; GPTBot/1.2; +https://openai.com/gptbot)"
20.171.207.125 - - [28/Apr/2025:08:30:35 -0400] "GET /2024/10/14/number-games-casino/ HTTP/1.1" 200 20591 "-" "Mozilla/5.0 AppleWebKit/537.36 (KHTML, like Gecko; compatible; GPTBot/1.2; +https://openai.com/gptbot)"
66.29.132.124 - - [28/Apr/2025:08:30:39 -0400] "POST /wp-cron.php?doing_wp_cron=1745843437.2991669178009033203125 HTTP/1.1" 200 0 "-" "WordPress/6.8; https://kamrancomputer.com"
20.171.207.125 - - [28/Apr/2025:08:30:42 -0400] "GET /2024/10/19/online-casino-sperren/ HTTP/1.1" 200 20389 "-" "Mozilla/5.0 AppleWebKit/537.36 (KHTML, like Gecko; compatible; GPTBot/1.2; +https://openai.com/gptbot)"
20.171.207.125 - - [28/Apr/2025:08:30:48 -0400] "GET /?p=5628 HTTP/1.1" 301 0 "-" "Mozilla/5.0 AppleWebKit/537.36 (KHTML, like Gecko; compatible; GPTBot/1.2; +https://openai.com/gptbot)"
20.171.207.125 - - [28/Apr/2025:08:30:55 -0400] "GET /?p=22154 HTTP/1.1" 301 0 "-" "Mozilla/5.0 AppleWebKit/537.36 (KHTML, like Gecko; compatible; GPTBot/1.2; +https://openai.com/gptbot)"
20.171.207.125 - - [28/Apr/2025:08:31:00 -0400] "GET /2024/10/14/online-sweepstakes-casino-real-money/embed/ HTTP/1.1" 200 22825 "-" "Mozilla/5.0 AppleWebKit/537.36 (KHTML, like Gecko; compatible; GPTBot/1.2; +https://openai.com/gptbot)"
20.171.207.125 - - [28/Apr/2025:08:31:06 -0400] "GET /?p=14687 HTTP/1.1" 301 0 "-" "Mozilla/5.0 AppleWebKit/537.36 (KHTML, like Gecko; compatible; GPTBot/1.2; +https://openai.com/gptbot)"
20.171.207.125 - - [28/Apr/2025:08:31:12 -0400] "GET /2024/10/19/real-money-online-casino-tennessee/ HTTP/1.1" 200 20535 "-" "Mozilla/5.0 AppleWebKit/537.36 (KHTML, like Gecko; compatible; GPTBot/1.2; +https://openai.com/gptbot)"
20.171.207.125 - - [28/Apr/2025:08:31:16 -0400] "GET /?p=18894 HTTP/1.1" 301 0 "-" "Mozilla/5.0 AppleWebKit/537.36 (KHTML, like Gecko; compatible; GPTBot/1.2; +https://openai.com/gptbot)"
20.171.207.125 - - [28/Apr/2025:08:31:21 -0400] "GET /?p=4506 HTTP/1.1" 301 0 "-" "Mozilla/5.0 AppleWebKit/537.36 (KHTML, like Gecko; compatible; GPTBot/1.2; +https://openai.com/gptbot)"
20.171.207.125 - - [28/Apr/2025:08:31:24 -0400] "GET /2024/10/18/online-casinos-mit-paysafecard/ HTTP/1.1" 200 20380 "-" "Mozilla/5.0 AppleWebKit/537.36 (KHTML, like Gecko; compatible; GPTBot/1.2; +https://openai.com/gptbot)"
20.171.207.125 - - [28/Apr/2025:08:31:27 -0400] "GET /2024/10/19/resorts-casino-online-nj/ HTTP/1.1" 200 20610 "-" "Mozilla/5.0 AppleWebKit/537.36 (KHTML, like Gecko; compatible; GPTBot/1.2; +https://openai.com/gptbot)"
20.171.207.125 - - [28/Apr/2025:08:31:31 -0400] "GET /2024/10/18/winstar-online-casino/ HTTP/1.1" 200 20408 "-" "Mozilla/5.0 AppleWebKit/537.36 (KHTML, like Gecko; compatible; GPTBot/1.2; +https://openai.com/gptbot)"
20.171.207.125 - - [28/Apr/2025:08:31:34 -0400] "GET /2024/10/14/online-casino-ohne-einzahlung-freispiele/ HTTP/1.1" 200 20589 "-" "Mozilla/5.0 AppleWebKit/537.36 (KHTML, like Gecko; compatible; GPTBot/1.2; +https://openai.com/gptbot)"
66.29.132.124 - - [28/Apr/2025:08:31:40 -0400] "POST /wp-cron.php?doing_wp_cron=1745843499.7704188823699951171875 HTTP/1.1" 200 0 "-" "WordPress/6.8; https://kamrancomputer.com"
20.171.207.125 - - [28/Apr/2025:08:31:38 -0400] "GET /?p=19813 HTTP/1.1" 301 0 "-" "Mozilla/5.0 AppleWebKit/537.36 (KHTML, like Gecko; compatible; GPTBot/1.2; +https://openai.com/gptbot)"
20.171.207.125 - - [28/Apr/2025:08:31:42 -0400] "GET /?p=17838 HTTP/1.1" 301 0 "-" "Mozilla/5.0 AppleWebKit/537.36 (KHTML, like Gecko; compatible; GPTBot/1.2; +https://openai.com/gptbot)"
66.29.132.124 - - [28/Apr/2025:08:31:43 -0400] "POST /wp-admin/admin-ajax.php?action=async_litespeed&nonce=AumDQApzgrvvPOA4EE1lwOCACxhGIB6o&litespeed_type=imgoptm HTTP/1.1" 200 0 "-" "WordPress/6.8; https://kamrancomputer.com"
20.171.207.125 - - [28/Apr/2025:08:31:46 -0400] "GET /2024/10/19/bet-you-can-bookmaker/ HTTP/1.1" 200 20359 "-" "Mozilla/5.0 AppleWebKit/537.36 (KHTML, like Gecko; compatible; GPTBot/1.2; +https://openai.com/gptbot)"
20.171.207.125 - - [28/Apr/2025:08:31:50 -0400] "GET /?p=9066 HTTP/1.1" 301 0 "-" "Mozilla/5.0 AppleWebKit/537.36 (KHTML, like Gecko; compatible; GPTBot/1.2; +https://openai.com/gptbot)"
66.29.132.124 - - [28/Apr/2025:08:31:54 -0400] "POST /wp-cron.php?doing_wp_cron=1745843514.7143270969390869140625 HTTP/1.1" 200 0 "-" "WordPress/6.8; https://kamrancomputer.com"
20.171.207.125 - - [28/Apr/2025:08:31:53 -0400] "GET /?p=22351 HTTP/1.1" 301 0 "-" "Mozilla/5.0 AppleWebKit/537.36 (KHTML, like Gecko; compatible; GPTBot/1.2; +https://openai.com/gptbot)"
20.171.207.125 - - [28/Apr/2025:08:31:56 -0400] "GET /?p=20785 HTTP/1.1" 301 0 "-" "Mozilla/5.0 AppleWebKit/537.36 (KHTML, like Gecko; compatible; GPTBot/1.2; +https://openai.com/gptbot)"
20.171.207.125 - - [28/Apr/2025:08:31:58 -0400] "GET /2024/10/18/online-casinos-mit-paysafecard/paysafecard-casino.jpg HTTP/1.1" 404 18464 "-" "Mozilla/5.0 AppleWebKit/537.36 (KHTML, like Gecko; compatible; GPTBot/1.2; +https://openai.com/gptbot)"
20.171.207.125 - - [28/Apr/2025:08:32:02 -0400] "GET /?p=9614 HTTP/1.1" 301 0 "-" "Mozilla/5.0 AppleWebKit/537.36 (KHTML, like Gecko; compatible; GPTBot/1.2; +https://openai.com/gptbot)"
20.171.207.125 - - [28/Apr/2025:08:32:04 -0400] "GET /2024/10/14/juwa-casino-777-online-platforms/ HTTP/1.1" 200 20696 "-" "Mozilla/5.0 AppleWebKit/537.36 (KHTML, like Gecko; compatible; GPTBot/1.2; +https://openai.com/gptbot)"
20.171.207.125 - - [28/Apr/2025:08:32:07 -0400] "GET /?p=22741 HTTP/1.1" 301 0 "-" "Mozilla/5.0 AppleWebKit/537.36 (KHTML, like Gecko; compatible; GPTBot/1.2; +https://openai.com/gptbot)"
20.171.207.125 - - [28/Apr/2025:08:32:10 -0400] "GET /?p=5821 HTTP/1.1" 301 0 "-" "Mozilla/5.0 AppleWebKit/537.36 (KHTML, like Gecko; compatible; GPTBot/1.2; +https://openai.com/gptbot)"
20.171.207.125 - - [28/Apr/2025:08:32:14 -0400] "GET /?p=1265 HTTP/1.1" 301 0 "-" "Mozilla/5.0 AppleWebKit/537.36 (KHTML, like Gecko; compatible; GPTBot/1.2; +https://openai.com/gptbot)"
20.171.207.125 - - [28/Apr/2025:08:32:17 -0400] "GET /?p=17840 HTTP/1.1" 301 0 "-" "Mozilla/5.0 AppleWebKit/537.36 (KHTML, like Gecko; compatible; GPTBot/1.2; +https://openai.com/gptbot)"
20.171.207.125 - - [28/Apr/2025:08:32:19 -0400] "GET /?p=11326 HTTP/1.1" 301 0 "-" "Mozilla/5.0 AppleWebKit/537.36 (KHTML, like Gecko; compatible; GPTBot/1.2; +https://openai.com/gptbot)"
20.171.207.125 - - [28/Apr/2025:08:32:21 -0400] "GET /?p=6721 HTTP/1.1" 301 0 "-" "Mozilla/5.0 AppleWebKit/537.36 (KHTML, like Gecko; compatible; GPTBot/1.2; +https://openai.com/gptbot)"
20.171.207.125 - - [28/Apr/2025:08:32:24 -0400] "GET /2024/10/19/pokern-kostenlos-ohne-anmeldung/ HTTP/1.1" 200 20273 "-" "Mozilla/5.0 AppleWebKit/537.36 (KHTML, like Gecko; compatible; GPTBot/1.2; +https://openai.com/gptbot)"
66.29.132.124 - - [28/Apr/2025:08:32:28 -0400] "POST /wp-cron.php?doing_wp_cron=1745843548.4463698863983154296875 HTTP/1.1" 200 0 "-" "WordPress/6.8; https://kamrancomputer.com"
20.171.207.125 - - [28/Apr/2025:08:32:27 -0400] "GET /2024/10/14/online-casino-ohne-einzahlung-freispiele/casino-success.jpg HTTP/1.1" 404 18464 "-" "Mozilla/5.0 AppleWebKit/537.36 (KHTML, like Gecko; compatible; GPTBot/1.2; +https://openai.com/gptbot)"
66.29.132.124 - - [28/Apr/2025:08:32:30 -0400] "POST /wp-admin/admin-ajax.php?action=async_litespeed&nonce=yykBuDJmR19aNJ2jXPG67dPJ1uGiZth5&litespeed_type=imgoptm HTTP/1.1" 200 0 "-" "WordPress/6.8; https://kamrancomputer.com"
20.171.207.125 - - [28/Apr/2025:08:32:30 -0400] "GET /?p=23097 HTTP/1.1" 301 0 "-" "Mozilla/5.0 AppleWebKit/537.36 (KHTML, like Gecko; compatible; GPTBot/1.2; +https://openai.com/gptbot)"
20.171.207.125 - - [28/Apr/2025:08:32:32 -0400] "GET /2024/10/19/automaten-kaufen-novoline/ HTTP/1.1" 200 20743 "-" "Mozilla/5.0 AppleWebKit/537.36 (KHTML, like Gecko; compatible; GPTBot/1.2; +https://openai.com/gptbot)"
20.171.207.125 - - [28/Apr/2025:08:32:35 -0400] "GET /2024/10/19/what-online-casinos-pay-real-money/ HTTP/1.1" 200 20585 "-" "Mozilla/5.0 AppleWebKit/537.36 (KHTML, like Gecko; compatible; GPTBot/1.2; +https://openai.com/gptbot)"
20.171.207.125 - - [28/Apr/2025:08:32:37 -0400] "GET /?p=20727 HTTP/1.1" 301 0 "-" "Mozilla/5.0 AppleWebKit/537.36 (KHTML, like Gecko; compatible; GPTBot/1.2; +https://openai.com/gptbot)"
20.171.207.125 - - [28/Apr/2025:08:32:39 -0400] "GET /2024/10/14/gratis-spiele-ohne-anmeldung-slot/ HTTP/1.1" 200 20244 "-" "Mozilla/5.0 AppleWebKit/537.36 (KHTML, like Gecko; compatible; GPTBot/1.2; +https://openai.com/gptbot)"
20.171.207.125 - - [28/Apr/2025:08:32:41 -0400] "GET /2024/10/19/live-casino-online-malaysia/ HTTP/1.1" 200 20641 "-" "Mozilla/5.0 AppleWebKit/537.36 (KHTML, like Gecko; compatible; GPTBot/1.2; +https://openai.com/gptbot)"
20.171.207.125 - - [28/Apr/2025:08:32:44 -0400] "GET /2024/10/14/tizona-berlin-erfahrungen/ HTTP/1.1" 200 20331 "-" "Mozilla/5.0 AppleWebKit/537.36 (KHTML, like Gecko; compatible; GPTBot/1.2; +https://openai.com/gptbot)"
20.171.207.125 - - [28/Apr/2025:08:32:46 -0400] "GET /2024/10/18/www-spinawaycasino/ HTTP/1.1" 200 20493 "-" "Mozilla/5.0 AppleWebKit/537.36 (KHTML, like Gecko; compatible; GPTBot/1.2; +https://openai.com/gptbot)"
20.171.207.125 - - [28/Apr/2025:08:32:48 -0400] "GET /2024/10/19/pokern-kostenlos-ohne-anmeldung/online-poker-apps.jpg HTTP/1.1" 404 18466 "-" "Mozilla/5.0 AppleWebKit/537.36 (KHTML, like Gecko; compatible; GPTBot/1.2; +https://openai.com/gptbot)"
20.171.207.125 - - [28/Apr/2025:08:32:50 -0400] "GET /?p=13175 HTTP/1.1" 301 0 "-" "Mozilla/5.0 AppleWebKit/537.36 (KHTML, like Gecko; compatible; GPTBot/1.2; +https://openai.com/gptbot)"
66.29.132.124 - - [28/Apr/2025:08:32:53 -0400] "POST /wp-cron.php?doing_wp_cron=1745843573.4217240810394287109375 HTTP/1.1" 200 0 "-" "WordPress/6.8; https://kamrancomputer.com"
20.171.207.125 - - [28/Apr/2025:08:32:52 -0400] "GET /?p=18747 HTTP/1.1" 301 0 "-" "Mozilla/5.0 AppleWebKit/537.36 (KHTML, like Gecko; compatible; GPTBot/1.2; +https://openai.com/gptbot)"
20.171.207.125 - - [28/Apr/2025:08:32:54 -0400] "GET /?p=22307 HTTP/1.1" 301 0 "-" "Mozilla/5.0 AppleWebKit/537.36 (KHTML, like Gecko; compatible; GPTBot/1.2; +https://openai.com/gptbot)"
20.171.207.125 - - [28/Apr/2025:08:32:56 -0400] "GET /?p=5387 HTTP/1.1" 301 0 "-" "Mozilla/5.0 AppleWebKit/537.36 (KHTML, like Gecko; compatible; GPTBot/1.2; +https://openai.com/gptbot)"
20.171.207.125 - - [28/Apr/2025:08:32:57 -0400] "GET /2024/10/19/new-australian-online-casinos/ HTTP/1.1" 200 20309 "-" "Mozilla/5.0 AppleWebKit/537.36 (KHTML, like Gecko; compatible; GPTBot/1.2; +https://openai.com/gptbot)"
20.171.207.125 - - [28/Apr/2025:08:32:59 -0400] "GET /?p=13584 HTTP/1.1" 301 0 "-" "Mozilla/5.0 AppleWebKit/537.36 (KHTML, like Gecko; compatible; GPTBot/1.2; +https://openai.com/gptbot)"
20.171.207.125 - - [28/Apr/2025:08:33:00 -0400] "GET /2024/10/18/sweepstakes-casinos-online/ HTTP/1.1" 200 20361 "-" "Mozilla/5.0 AppleWebKit/537.36 (KHTML, like Gecko; compatible; GPTBot/1.2; +https://openai.com/gptbot)"
20.171.207.125 - - [28/Apr/2025:08:33:02 -0400] "GET /2024/10/19/pokern-kostenlos-ohne-anmeldung/social-media-poker.jpg HTTP/1.1" 404 18465 "-" "Mozilla/5.0 AppleWebKit/537.36 (KHTML, like Gecko; compatible; GPTBot/1.2; +https://openai.com/gptbot)"
20.171.207.125 - - [28/Apr/2025:08:33:04 -0400] "GET /2024/10/19/betmgm-casino-ontario/ HTTP/1.1" 200 21758 "-" "Mozilla/5.0 AppleWebKit/537.36 (KHTML, like Gecko; compatible; GPTBot/1.2; +https://openai.com/gptbot)"
20.171.207.125 - - [28/Apr/2025:08:33:05 -0400] "GET /?p=3829 HTTP/1.1" 301 0 "-" "Mozilla/5.0 AppleWebKit/537.36 (KHTML, like Gecko; compatible; GPTBot/1.2; +https://openai.com/gptbot)"
20.171.207.125 - - [28/Apr/2025:08:33:07 -0400] "GET /2024/10/18/jackpot-de-kostenlos/ HTTP/1.1" 200 20534 "-" "Mozilla/5.0 AppleWebKit/537.36 (KHTML, like Gecko; compatible; GPTBot/1.2; +https://openai.com/gptbot)"
20.171.207.125 - - [28/Apr/2025:08:33:09 -0400] "GET /2024/10/19/list-of-online-casinos-sc-real-money/ HTTP/1.1" 200 20745 "-" "Mozilla/5.0 AppleWebKit/537.36 (KHTML, like Gecko; compatible; GPTBot/1.2; +https://openai.com/gptbot)"
20.171.207.125 - - [28/Apr/2025:08:33:12 -0400] "GET /2024/10/19/live-casino-online-malaysia/live-casino-malaysia.jpg HTTP/1.1" 404 18465 "-" "Mozilla/5.0 AppleWebKit/537.36 (KHTML, like Gecko; compatible; GPTBot/1.2; +https://openai.com/gptbot)"
20.171.207.125 - - [28/Apr/2025:08:33:13 -0400] "GET /2024/10/14/good-online-casino-games/ HTTP/1.1" 200 20418 "-" "Mozilla/5.0 AppleWebKit/537.36 (KHTML, like Gecko; compatible; GPTBot/1.2; +https://openai.com/gptbot)"
20.171.207.125 - - [28/Apr/2025:08:33:15 -0400] "GET /2024/10/14/poker-stars-casino/ HTTP/1.1" 200 20020 "-" "Mozilla/5.0 AppleWebKit/537.36 (KHTML, like Gecko; compatible; GPTBot/1.2; +https://openai.com/gptbot)"
20.171.207.125 - - [28/Apr/2025:08:33:17 -0400] "GET /2024/10/18/real-gambling-apps/ HTTP/1.1" 200 20371 "-" "Mozilla/5.0 AppleWebKit/537.36 (KHTML, like Gecko; compatible; GPTBot/1.2; +https://openai.com/gptbot)"
20.171.207.125 - - [28/Apr/2025:08:33:19 -0400] "GET /2024/10/14/casino-bethlehem/ HTTP/1.1" 200 20158 "-" "Mozilla/5.0 AppleWebKit/537.36 (KHTML, like Gecko; compatible; GPTBot/1.2; +https://openai.com/gptbot)"
20.171.207.125 - - [28/Apr/2025:08:33:21 -0400] "GET /2024/10/19/stargames-merkur/ HTTP/1.1" 200 20122 "-" "Mozilla/5.0 AppleWebKit/537.36 (KHTML, like Gecko; compatible; GPTBot/1.2; +https://openai.com/gptbot)"
20.171.207.125 - - [28/Apr/2025:08:33:23 -0400] "GET /2024/10/14/gaminator-onlajn/ HTTP/1.1" 200 25289 "-" "Mozilla/5.0 AppleWebKit/537.36 (KHTML, like Gecko; compatible; GPTBot/1.2; +https://openai.com/gptbot)"
66.29.132.124 - - [28/Apr/2025:08:33:26 -0400] "POST /wp-cron.php?doing_wp_cron=1745843606.1066529750823974609375 HTTP/1.1" 200 0 "-" "WordPress/6.8; https://kamrancomputer.com"
20.171.207.125 - - [28/Apr/2025:08:33:25 -0400] "GET /2024/10/14/borgataonlinecasino/ HTTP/1.1" 200 20700 "-" "Mozilla/5.0 AppleWebKit/537.36 (KHTML, like Gecko; compatible; GPTBot/1.2; +https://openai.com/gptbot)"
66.29.132.124 - - [28/Apr/2025:08:33:27 -0400] "POST /wp-admin/admin-ajax.php?action=async_litespeed&nonce=MMlQUlL3FixxxeyXOVxYuaLc3TcNbQot&litespeed_type=imgoptm HTTP/1.1" 200 0 "-" "WordPress/6.8; https://kamrancomputer.com"
20.171.207.125 - - [28/Apr/2025:08:33:27 -0400] "GET /2024/10/14/resort-online-casino/ HTTP/1.1" 200 20529 "-" "Mozilla/5.0 AppleWebKit/537.36 (KHTML, like Gecko; compatible; GPTBot/1.2; +https://openai.com/gptbot)"
20.171.207.125 - - [28/Apr/2025:08:33:29 -0400] "GET /2024/10/19/online-paypal-casino/ HTTP/1.1" 200 20462 "-" "Mozilla/5.0 AppleWebKit/537.36 (KHTML, like Gecko; compatible; GPTBot/1.2; +https://openai.com/gptbot)"
20.171.207.125 - - [28/Apr/2025:08:33:32 -0400] "GET /2024/10/14/sands-online-casino-pa/ HTTP/1.1" 200 20392 "-" "Mozilla/5.0 AppleWebKit/537.36 (KHTML, like Gecko; compatible; GPTBot/1.2; +https://openai.com/gptbot)"
20.171.207.125 - - [28/Apr/2025:08:33:34 -0400] "GET /?p=14086 HTTP/1.1" 301 0 "-" "Mozilla/5.0 AppleWebKit/537.36 (KHTML, like Gecko; compatible; GPTBot/1.2; +https://openai.com/gptbot)"
20.171.207.125 - - [28/Apr/2025:08:33:37 -0400] "GET /2024/10/14/tizona-berlin-erfahrungen/tizona-berlin.jpg HTTP/1.1" 404 18465 "-" "Mozilla/5.0 AppleWebKit/537.36 (KHTML, like Gecko; compatible; GPTBot/1.2; +https://openai.com/gptbot)"
20.171.207.125 - - [28/Apr/2025:08:33:39 -0400] "GET /2024/10/18/real-gambling-apps/gambling-apps.jpg HTTP/1.1" 404 18464 "-" "Mozilla/5.0 AppleWebKit/537.36 (KHTML, like Gecko; compatible; GPTBot/1.2; +https://openai.com/gptbot)"
20.171.207.125 - - [28/Apr/2025:08:33:41 -0400] "GET /2024/10/14/casino-bethlehem/gaming_floor.jpg HTTP/1.1" 404 18464 "-" "Mozilla/5.0 AppleWebKit/537.36 (KHTML, like Gecko; compatible; GPTBot/1.2; +https://openai.com/gptbot)"
20.171.207.125 - - [28/Apr/2025:08:33:43 -0400] "GET /2024/10/14/casino-bethlehem/entertainment_area.jpg HTTP/1.1" 404 18464 "-" "Mozilla/5.0 AppleWebKit/537.36 (KHTML, like Gecko; compatible; GPTBot/1.2; +https://openai.com/gptbot)"
20.171.207.125 - - [28/Apr/2025:08:33:45 -0400] "GET /2024/10/19/stargames-merkur/path-to-image/book-of-ra.jpg HTTP/1.1" 404 18464 "-" "Mozilla/5.0 AppleWebKit/537.36 (KHTML, like Gecko; compatible; GPTBot/1.2; +https://openai.com/gptbot)"
20.171.207.125 - - [28/Apr/2025:08:33:47 -0400] "GET /2024/10/19/stargames-merkur/path-to-image/lucky-lady-charm.jpg HTTP/1.1" 404 18464 "-" "Mozilla/5.0 AppleWebKit/537.36 (KHTML, like Gecko; compatible; GPTBot/1.2; +https://openai.com/gptbot)"
20.171.207.125 - - [28/Apr/2025:08:33:50 -0400] "GET /2024/10/14/resort-online-casino/mobile-gaming-statistics.jpg HTTP/1.1" 404 18464 "-" "Mozilla/5.0 AppleWebKit/537.36 (KHTML, like Gecko; compatible; GPTBot/1.2; +https://openai.com/gptbot)"
66.29.132.124 - - [28/Apr/2025:08:33:53 -0400] "POST /wp-cron.php?doing_wp_cron=1745843633.6447288990020751953125 HTTP/1.1" 200 0 "-" "WordPress/6.8; https://kamrancomputer.com"
20.171.207.125 - - [28/Apr/2025:08:33:52 -0400] "GET /2024/10/19/stargames-merkur/path-to-image/stargames-casino.jpg HTTP/1.1" 404 18464 "-" "Mozilla/5.0 AppleWebKit/537.36 (KHTML, like Gecko; compatible; GPTBot/1.2; +https://openai.com/gptbot)"
20.171.207.125 - - [28/Apr/2025:08:33:54 -0400] "GET /2024/10/14/resort-online-casino/casino-games-vs-sports-betting.jpg HTTP/1.1" 404 18465 "-" "Mozilla/5.0 AppleWebKit/537.36 (KHTML, like Gecko; compatible; GPTBot/1.2; +https://openai.com/gptbot)"
20.171.207.125 - - [28/Apr/2025:08:33:56 -0400] "GET /2024/10/14/borgataonlinecasino/borgata-online-casino-revenue-growth.png HTTP/1.1" 404 18465 "-" "Mozilla/5.0 AppleWebKit/537.36 (KHTML, like Gecko; compatible; GPTBot/1.2; +https://openai.com/gptbot)"
20.171.207.125 - - [28/Apr/2025:08:33:58 -0400] "GET /2024/10/14/resort-online-casino/vr-casino-experience.jpg HTTP/1.1" 404 18464 "-" "Mozilla/5.0 AppleWebKit/537.36 (KHTML, like Gecko; compatible; GPTBot/1.2; +https://openai.com/gptbot)"
20.171.207.125 - - [28/Apr/2025:08:34:01 -0400] "GET /2024/10/14/casino-bethlehem/casino_bethlehem_front.jpg HTTP/1.1" 404 18466 "-" "Mozilla/5.0 AppleWebKit/537.36 (KHTML, like Gecko; compatible; GPTBot/1.2; +https://openai.com/gptbot)"
20.171.207.125 - - [28/Apr/2025:08:34:03 -0400] "GET /2024/10/19/casino-serios/ HTTP/1.1" 200 20350 "-" "Mozilla/5.0 AppleWebKit/537.36 (KHTML, like Gecko; compatible; GPTBot/1.2; +https://openai.com/gptbot)"
20.171.207.125 - - [28/Apr/2025:08:34:07 -0400] "GET /2024/10/18/kazino-h-igrat/ HTTP/1.1" 200 22467 "-" "Mozilla/5.0 AppleWebKit/537.36 (KHTML, like Gecko; compatible; GPTBot/1.2; +https://openai.com/gptbot)"
20.171.207.125 - - [28/Apr/2025:08:34:09 -0400] "GET /2024/10/19/new-golden-nugget/ HTTP/1.1" 200 20257 "-" "Mozilla/5.0 AppleWebKit/537.36 (KHTML, like Gecko; compatible; GPTBot/1.2; +https://openai.com/gptbot)"
20.171.207.125 - - [28/Apr/2025:08:34:12 -0400] "GET /2024/10/18/atmore-casinos/ HTTP/1.1" 200 20266 "-" "Mozilla/5.0 AppleWebKit/537.36 (KHTML, like Gecko; compatible; GPTBot/1.2; +https://openai.com/gptbot)"
20.171.207.125 - - [28/Apr/2025:08:34:15 -0400] "GET /2024/10/18/surge-betting/ HTTP/1.1" 200 20489 "-" "Mozilla/5.0 AppleWebKit/537.36 (KHTML, like Gecko; compatible; GPTBot/1.2; +https://openai.com/gptbot)"
20.171.207.125 - - [28/Apr/2025:08:34:18 -0400] "GET /2024/10/18/razoo-betting/ HTTP/1.1" 200 20510 "-" "Mozilla/5.0 AppleWebKit/537.36 (KHTML, like Gecko; compatible; GPTBot/1.2; +https://openai.com/gptbot)"
20.171.207.125 - - [28/Apr/2025:08:34:21 -0400] "GET /2024/10/19/888-slot-machine/ HTTP/1.1" 200 20466 "-" "Mozilla/5.0 AppleWebKit/537.36 (KHTML, like Gecko; compatible; GPTBot/1.2; +https://openai.com/gptbot)"
20.171.207.125 - - [28/Apr/2025:08:34:24 -0400] "GET /2024/10/19/playoj/ HTTP/1.1" 200 20284 "-" "Mozilla/5.0 AppleWebKit/537.36 (KHTML, like Gecko; compatible; GPTBot/1.2; +https://openai.com/gptbot)"
66.29.132.124 - - [28/Apr/2025:08:34:28 -0400] "POST /wp-cron.php?doing_wp_cron=1745843668.4630930423736572265625 HTTP/1.1" 200 0 "-" "WordPress/6.8; https://kamrancomputer.com"
20.171.207.125 - - [28/Apr/2025:08:34:26 -0400] "GET /2024/10/14/vegas-7-online-casino/ HTTP/1.1" 200 20470 "-" "Mozilla/5.0 AppleWebKit/537.36 (KHTML, like Gecko; compatible; GPTBot/1.2; +https://openai.com/gptbot)"
66.29.132.124 - - [28/Apr/2025:08:34:31 -0400] "POST /wp-admin/admin-ajax.php?action=async_litespeed&nonce=66u9UqHvpBmjgvOcu2X9PsW22Qd8KnHG&litespeed_type=imgoptm HTTP/1.1" 200 0 "-" "WordPress/6.8; https://kamrancomputer.com"
20.171.207.125 - - [28/Apr/2025:08:34:31 -0400] "GET /2024/10/14/bing-bong/ HTTP/1.1" 200 19917 "-" "Mozilla/5.0 AppleWebKit/537.36 (KHTML, like Gecko; compatible; GPTBot/1.2; +https://openai.com/gptbot)"
20.171.207.125 - - [28/Apr/2025:08:34:34 -0400] "GET /2024/10/18/top-50-online-casinos/ HTTP/1.1" 200 20044 "-" "Mozilla/5.0 AppleWebKit/537.36 (KHTML, like Gecko; compatible; GPTBot/1.2; +https://openai.com/gptbot)"
20.171.207.125 - - [28/Apr/2025:08:34:38 -0400] "GET /2024/10/19/casino-serios/casino-banner.jpg HTTP/1.1" 404 18464 "-" "Mozilla/5.0 AppleWebKit/537.36 (KHTML, like Gecko; compatible; GPTBot/1.2; +https://openai.com/gptbot)"
20.171.207.125 - - [28/Apr/2025:08:34:42 -0400] "GET /2024/10/18/klub-vulkan/ HTTP/1.1" 200 22177 "-" "Mozilla/5.0 AppleWebKit/537.36 (KHTML, like Gecko; compatible; GPTBot/1.2; +https://openai.com/gptbot)"
20.171.207.125 - - [28/Apr/2025:08:34:45 -0400] "GET /2024/10/18/vulkan-kom/ HTTP/1.1" 200 22361 "-" "Mozilla/5.0 AppleWebKit/537.36 (KHTML, like Gecko; compatible; GPTBot/1.2; +https://openai.com/gptbot)"
20.171.207.125 - - [28/Apr/2025:08:34:49 -0400] "GET /2024/10/18/surge-betting/surge_betting_statistics_chart.jpg HTTP/1.1" 404 18464 "-" "Mozilla/5.0 AppleWebKit/537.36 (KHTML, like Gecko; compatible; GPTBot/1.2; +https://openai.com/gptbot)"
66.29.132.124 - - [28/Apr/2025:08:34:53 -0400] "POST /wp-cron.php?doing_wp_cron=1745843692.8570859432220458984375 HTTP/1.1" 200 0 "-" "WordPress/6.8; https://kamrancomputer.com"
20.171.207.125 - - [28/Apr/2025:08:34:52 -0400] "GET /2024/10/19/casino-guru/ HTTP/1.1" 200 20559 "-" "Mozilla/5.0 AppleWebKit/537.36 (KHTML, like Gecko; compatible; GPTBot/1.2; +https://openai.com/gptbot)"
20.171.207.125 - - [28/Apr/2025:08:34:55 -0400] "GET /2024/10/19/creek-play-com/ HTTP/1.1" 200 20318 "-" "Mozilla/5.0 AppleWebKit/537.36 (KHTML, like Gecko; compatible; GPTBot/1.2; +https://openai.com/gptbot)"
20.171.207.125 - - [28/Apr/2025:08:34:58 -0400] "GET /2024/10/19/playoj/playoj-screenshot.jpg HTTP/1.1" 404 18464 "-" "Mozilla/5.0 AppleWebKit/537.36 (KHTML, like Gecko; compatible; GPTBot/1.2; +https://openai.com/gptbot)"
20.171.207.125 - - [28/Apr/2025:08:35:00 -0400] "GET /2024/10/14/crown-casino-online-real-money/crown-casino-stats.jpg HTTP/1.1" 404 18464 "-" "Mozilla/5.0 AppleWebKit/537.36 (KHTML, like Gecko; compatible; GPTBot/1.2; +https://openai.com/gptbot)"
20.171.207.125 - - [28/Apr/2025:08:35:03 -0400] "GET /2024/10/19/online-casino-belgie/online-casino-belgi%C3%AB.jpg HTTP/1.1" 404 18466 "-" "Mozilla/5.0 AppleWebKit/537.36 (KHTML, like Gecko; compatible; GPTBot/1.2; +https://openai.com/gptbot)"
20.171.207.125 - - [28/Apr/2025:08:35:05 -0400] "GET /2024/10/18/top-50-online-casinos/casino2.jpg HTTP/1.1" 404 18464 "-" "Mozilla/5.0 AppleWebKit/537.36 (KHTML, like Gecko; compatible; GPTBot/1.2; +https://openai.com/gptbot)"
20.171.207.125 - - [28/Apr/2025:08:35:08 -0400] "GET /2024/10/18/top-50-online-casinos/casino3.jpg HTTP/1.1" 404 18465 "-" "Mozilla/5.0 AppleWebKit/537.36 (KHTML, like Gecko; compatible; GPTBot/1.2; +https://openai.com/gptbot)"
20.171.207.125 - - [28/Apr/2025:08:35:11 -0400] "GET /2024/10/18/top-50-online-casinos/casino1.jpg HTTP/1.1" 404 18464 "-" "Mozilla/5.0 AppleWebKit/537.36 (KHTML, like Gecko; compatible; GPTBot/1.2; +https://openai.com/gptbot)"
20.171.207.125 - - [28/Apr/2025:08:35:13 -0400] "GET /2024/10/14/mgm-casino-canada/mgm-casino-canada.jpg HTTP/1.1" 404 18464 "-" "Mozilla/5.0 AppleWebKit/537.36 (KHTML, like Gecko; compatible; GPTBot/1.2; +https://openai.com/gptbot)"
20.171.207.125 - - [28/Apr/2025:08:35:16 -0400] "GET /2024/10/18/online-mobile-casinos/ HTTP/1.1" 200 20575 "-" "Mozilla/5.0 AppleWebKit/537.36 (KHTML, like Gecko; compatible; GPTBot/1.2; +https://openai.com/gptbot)"
20.171.207.125 - - [28/Apr/2025:08:35:19 -0400] "GET /2024/10/19/australia-slots/australia-slots.jpg HTTP/1.1" 404 18464 "-" "Mozilla/5.0 AppleWebKit/537.36 (KHTML, like Gecko; compatible; GPTBot/1.2; +https://openai.com/gptbot)"
20.171.207.125 - - [28/Apr/2025:08:35:23 -0400] "GET /2024/10/19/resorts-casino-online-nj/resorts-casino-online-nj.jpg HTTP/1.1" 404 18464 "-" "Mozilla/5.0 AppleWebKit/537.36 (KHTML, like Gecko; compatible; GPTBot/1.2; +https://openai.com/gptbot)"
66.29.132.124 - - [28/Apr/2025:08:35:27 -0400] "POST /wp-cron.php?doing_wp_cron=1745843727.6791439056396484375000 HTTP/1.1" 200 0 "-" "WordPress/6.8; https://kamrancomputer.com"
20.171.207.125 - - [28/Apr/2025:08:35:26 -0400] "GET /2024/10/14/chumash-casino-online-real-money/chumash-casino.jpg HTTP/1.1" 404 18464 "-" "Mozilla/5.0 AppleWebKit/537.36 (KHTML, like Gecko; compatible; GPTBot/1.2; +https://openai.com/gptbot)"
66.29.132.124 - - [28/Apr/2025:08:35:29 -0400] "POST /wp-admin/admin-ajax.php?action=async_litespeed&nonce=4qtd0UG7WrQmEPeu8lFRWm6OHwYZvAEv&litespeed_type=imgoptm HTTP/1.1" 200 0 "-" "WordPress/6.8; https://kamrancomputer.com"
20.171.207.125 - - [28/Apr/2025:08:35:29 -0400] "GET /2024/10/19/list-of-casinos-in-usa/ HTTP/1.1" 200 20465 "-" "Mozilla/5.0 AppleWebKit/537.36 (KHTML, like Gecko; compatible; GPTBot/1.2; +https://openai.com/gptbot)"
20.171.207.125 - - [28/Apr/2025:08:35:32 -0400] "GET /2024/10/18/sweepstakes-casinos-online/sweepstakes-casinos-statistics.jpg HTTP/1.1" 404 18464 "-" "Mozilla/5.0 AppleWebKit/537.36 (KHTML, like Gecko; compatible; GPTBot/1.2; +https://openai.com/gptbot)"
20.171.207.125 - - [28/Apr/2025:08:35:35 -0400] "GET /wp-json/elementskit/v1/ HTTP/1.1" 404 114 "-" "Mozilla/5.0 AppleWebKit/537.36 (KHTML, like Gecko; compatible; GPTBot/1.2; +https://openai.com/gptbot)"
20.171.207.125 - - [28/Apr/2025:08:35:39 -0400] "GET /wp-json/wp/v2/posts/21469 HTTP/1.1" 200 6449 "-" "Mozilla/5.0 AppleWebKit/537.36 (KHTML, like Gecko; compatible; GPTBot/1.2; +https://openai.com/gptbot)"
20.171.207.125 - - [28/Apr/2025:08:35:44 -0400] "GET /wp-json/wp/v2/posts/15935 HTTP/1.1" 200 17665 "-" "Mozilla/5.0 AppleWebKit/537.36 (KHTML, like Gecko; compatible; GPTBot/1.2; +https://openai.com/gptbot)"
20.171.207.125 - - [28/Apr/2025:08:35:49 -0400] "GET /wp-json/wp/v2/posts/16692 HTTP/1.1" 200 5728 "-" "Mozilla/5.0 AppleWebKit/537.36 (KHTML, like Gecko; compatible; GPTBot/1.2; +https://openai.com/gptbot)"
66.29.132.124 - - [28/Apr/2025:08:35:55 -0400] "POST /wp-cron.php?doing_wp_cron=1745843755.2853069305419921875000 HTTP/1.1" 200 0 "-" "WordPress/6.8; https://kamrancomputer.com"
20.171.207.125 - - [28/Apr/2025:08:35:53 -0400] "GET /wp-json/wp/v2/posts/12854 HTTP/1.1" 200 6297 "-" "Mozilla/5.0 AppleWebKit/537.36 (KHTML, like Gecko; compatible; GPTBot/1.2; +https://openai.com/gptbot)"
20.171.207.125 - - [28/Apr/2025:08:35:58 -0400] "GET /wp-json/wp/v2/posts/11720 HTTP/1.1" 200 6099 "-" "Mozilla/5.0 AppleWebKit/537.36 (KHTML, like Gecko; compatible; GPTBot/1.2; +https://openai.com/gptbot)"
20.171.207.125 - - [28/Apr/2025:08:36:01 -0400] "GET /wp-json/wp/v2/posts/12403 HTTP/1.1" 200 20825 "-" "Mozilla/5.0 AppleWebKit/537.36 (KHTML, like Gecko; compatible; GPTBot/1.2; +https://openai.com/gptbot)"
20.171.207.125 - - [28/Apr/2025:08:36:04 -0400] "GET /wp-json/wp/v2/posts/10391 HTTP/1.1" 200 5889 "-" "Mozilla/5.0 AppleWebKit/537.36 (KHTML, like Gecko; compatible; GPTBot/1.2; +https://openai.com/gptbot)"
20.171.207.125 - - [28/Apr/2025:08:36:08 -0400] "GET /2024/10/19/list-of-casinos-in-usa/bellagio_fountains.jpg HTTP/1.1" 404 18464 "-" "Mozilla/5.0 AppleWebKit/537.36 (KHTML, like Gecko; compatible; GPTBot/1.2; +https://openai.com/gptbot)"
66.29.132.124 - - [28/Apr/2025:08:36:12 -0400] "POST /wp-cron.php?doing_wp_cron=1745843772.0171320438385009765625 HTTP/1.1" 200 0 "-" "WordPress/6.8; https://kamrancomputer.com"
20.171.207.125 - - [28/Apr/2025:08:36:10 -0400] "GET /2024/10/19/list-of-casinos-in-usa/mohegan_sun.jpg HTTP/1.1" 404 18464 "-" "Mozilla/5.0 AppleWebKit/537.36 (KHTML, like Gecko; compatible; GPTBot/1.2; +https://openai.com/gptbot)"
20.171.207.125 - - [28/Apr/2025:08:36:14 -0400] "GET /2024/10/19/list-of-casinos-in-usa/mgm_grand.jpg HTTP/1.1" 404 18464 "-" "Mozilla/5.0 AppleWebKit/537.36 (KHTML, like Gecko; compatible; GPTBot/1.2; +https://openai.com/gptbot)"
20.171.207.125 - - [28/Apr/2025:08:36:17 -0400] "GET /2024/10/19/list-of-casinos-in-usa/atlantic_city_casino.jpg HTTP/1.1" 404 18464 "-" "Mozilla/5.0 AppleWebKit/537.36 (KHTML, like Gecko; compatible; GPTBot/1.2; +https://openai.com/gptbot)"
20.171.207.125 - - [28/Apr/2025:08:36:20 -0400] "GET /wp-json/wp/v2/posts/10178 HTTP/1.1" 200 5800 "-" "Mozilla/5.0 AppleWebKit/537.36 (KHTML, like Gecko; compatible; GPTBot/1.2; +https://openai.com/gptbot)"
20.171.207.125 - - [28/Apr/2025:08:36:24 -0400] "GET /wp-json/wp/v2/posts/17013 HTTP/1.1" 200 5876 "-" "Mozilla/5.0 AppleWebKit/537.36 (KHTML, like Gecko; compatible; GPTBot/1.2; +https://openai.com/gptbot)"
66.29.132.124 - - [28/Apr/2025:08:36:30 -0400] "POST /wp-cron.php?doing_wp_cron=1745843789.7759380340576171875000 HTTP/1.1" 200 0 "-" "WordPress/6.8; https://kamrancomputer.com"
20.171.207.125 - - [28/Apr/2025:08:36:28 -0400] "GET /wp-json/wp/v2/posts/17973 HTTP/1.1" 200 6324 "-" "Mozilla/5.0 AppleWebKit/537.36 (KHTML, like Gecko; compatible; GPTBot/1.2; +https://openai.com/gptbot)"
66.29.132.124 - - [28/Apr/2025:08:36:33 -0400] "POST /wp-admin/admin-ajax.php?action=async_litespeed&nonce=5gqrutMpnfPAyKYp5d678CyCJINlQ77p&litespeed_type=imgoptm HTTP/1.1" 200 0 "-" "WordPress/6.8; https://kamrancomputer.com"
20.171.207.125 - - [28/Apr/2025:08:36:32 -0400] "GET /wp-json/wp/v2/posts/18125 HTTP/1.1" 200 15895 "-" "Mozilla/5.0 AppleWebKit/537.36 (KHTML, like Gecko; compatible; GPTBot/1.2; +https://openai.com/gptbot)"
20.171.207.125 - - [28/Apr/2025:08:36:37 -0400] "GET /wp-json/wp/v2/posts/12585 HTTP/1.1" 200 5557 "-" "Mozilla/5.0 AppleWebKit/537.36 (KHTML, like Gecko; compatible; GPTBot/1.2; +https://openai.com/gptbot)"
20.171.207.125 - - [28/Apr/2025:08:36:42 -0400] "GET /wp-json/wp/v2/posts/19107 HTTP/1.1" 200 5467 "-" "Mozilla/5.0 AppleWebKit/537.36 (KHTML, like Gecko; compatible; GPTBot/1.2; +https://openai.com/gptbot)"
20.171.207.125 - - [28/Apr/2025:08:36:45 -0400] "GET /wp-json/wp/v2/posts/12003 HTTP/1.1" 200 16607 "-" "Mozilla/5.0 AppleWebKit/537.36 (KHTML, like Gecko; compatible; GPTBot/1.2; +https://openai.com/gptbot)"
66.29.132.124 - - [28/Apr/2025:08:36:53 -0400] "POST /wp-cron.php?doing_wp_cron=1745843812.5509359836578369140625 HTTP/1.1" 200 0 "-" "WordPress/6.8; https://kamrancomputer.com"
20.171.207.125 - - [28/Apr/2025:08:36:50 -0400] "GET /wp-json/wp/v2/posts/12467 HTTP/1.1" 200 6027 "-" "Mozilla/5.0 AppleWebKit/537.36 (KHTML, like Gecko; compatible; GPTBot/1.2; +https://openai.com/gptbot)"
20.171.207.125 - - [28/Apr/2025:08:36:56 -0400] "GET /wp-json/wp/v2/posts/10582 HTTP/1.1" 200 5845 "-" "Mozilla/5.0 AppleWebKit/537.36 (KHTML, like Gecko; compatible; GPTBot/1.2; +https://openai.com/gptbot)"
20.171.207.125 - - [28/Apr/2025:08:37:00 -0400] "GET /wp-json/wp/v2/posts/13175 HTTP/1.1" 200 5898 "-" "Mozilla/5.0 AppleWebKit/537.36 (KHTML, like Gecko; compatible; GPTBot/1.2; +https://openai.com/gptbot)"
20.171.207.125 - - [28/Apr/2025:08:37:03 -0400] "GET /wp-json/wp/v2/posts/20878 HTTP/1.1" 200 5802 "-" "Mozilla/5.0 AppleWebKit/537.36 (KHTML, like Gecko; compatible; GPTBot/1.2; +https://openai.com/gptbot)"
20.171.207.125 - - [28/Apr/2025:08:37:07 -0400] "GET /wp-json/wp/v2/posts/11075 HTTP/1.1" 200 15171 "-" "Mozilla/5.0 AppleWebKit/537.36 (KHTML, like Gecko; compatible; GPTBot/1.2; +https://openai.com/gptbot)"
20.171.207.125 - - [28/Apr/2025:08:37:12 -0400] "GET /wp-json/wp/v2/posts/15168 HTTP/1.1" 200 15753 "-" "Mozilla/5.0 AppleWebKit/537.36 (KHTML, like Gecko; compatible; GPTBot/1.2; +https://openai.com/gptbot)"
20.171.207.125 - - [28/Apr/2025:08:37:15 -0400] "GET /wp-json/wp/v2/posts/17441 HTTP/1.1" 200 6391 "-" "Mozilla/5.0 AppleWebKit/537.36 (KHTML, like Gecko; compatible; GPTBot/1.2; +https://openai.com/gptbot)"
20.171.207.125 - - [28/Apr/2025:08:37:19 -0400] "GET /wp-json/wp/v2/posts/11680 HTTP/1.1" 200 17352 "-" "Mozilla/5.0 AppleWebKit/537.36 (KHTML, like Gecko; compatible; GPTBot/1.2; +https://openai.com/gptbot)"
20.171.207.125 - - [28/Apr/2025:08:37:21 -0400] "GET /wp-json/wp/v2/posts/12580 HTTP/1.1" 200 5850 "-" "Mozilla/5.0 AppleWebKit/537.36 (KHTML, like Gecko; compatible; GPTBot/1.2; +https://openai.com/gptbot)"
20.171.207.125 - - [28/Apr/2025:08:37:25 -0400] "GET /wp-json/wp/v2/posts/11320 HTTP/1.1" 200 5917 "-" "Mozilla/5.0 AppleWebKit/537.36 (KHTML, like Gecko; compatible; GPTBot/1.2; +https://openai.com/gptbot)"
20.171.207.125 - - [28/Apr/2025:08:37:29 -0400] "GET /wp-json/wp/v2/posts/14401 HTTP/1.1" 200 6203 "-" "Mozilla/5.0 AppleWebKit/537.36 (KHTML, like Gecko; compatible; GPTBot/1.2; +https://openai.com/gptbot)"
20.171.207.125 - - [28/Apr/2025:08:37:32 -0400] "GET /wp-json/wp/v2/posts/18924 HTTP/1.1" 200 14977 "-" "Mozilla/5.0 AppleWebKit/537.36 (KHTML, like Gecko; compatible; GPTBot/1.2; +https://openai.com/gptbot)"
20.171.207.125 - - [28/Apr/2025:08:37:35 -0400] "GET /wp-json/wp/v2/posts/18044 HTTP/1.1" 200 6216 "-" "Mozilla/5.0 AppleWebKit/537.36 (KHTML, like Gecko; compatible; GPTBot/1.2; +https://openai.com/gptbot)"
20.171.207.125 - - [28/Apr/2025:08:37:37 -0400] "GET /wp-json/wp/v2/posts/21869 HTTP/1.1" 200 21657 "-" "Mozilla/5.0 AppleWebKit/537.36 (KHTML, like Gecko; compatible; GPTBot/1.2; +https://openai.com/gptbot)"
20.171.207.125 - - [28/Apr/2025:08:37:40 -0400] "GET /wp-json/wp/v2/posts/12561 HTTP/1.1" 200 5877 "-" "Mozilla/5.0 AppleWebKit/537.36 (KHTML, like Gecko; compatible; GPTBot/1.2; +https://openai.com/gptbot)"
20.171.207.125 - - [28/Apr/2025:08:37:42 -0400] "GET /wp-json/wp/v2/posts/18900 HTTP/1.1" 200 5894 "-" "Mozilla/5.0 AppleWebKit/537.36 (KHTML, like Gecko; compatible; GPTBot/1.2; +https://openai.com/gptbot)"
20.171.207.125 - - [28/Apr/2025:08:37:44 -0400] "GET /wp-json/wp/v2/posts/12054 HTTP/1.1" 200 6761 "-" "Mozilla/5.0 AppleWebKit/537.36 (KHTML, like Gecko; compatible; GPTBot/1.2; +https://openai.com/gptbot)"
20.171.207.125 - - [28/Apr/2025:08:37:46 -0400] "GET /wp-json/wp/v2/posts/16346 HTTP/1.1" 200 5962 "-" "Mozilla/5.0 AppleWebKit/537.36 (KHTML, like Gecko; compatible; GPTBot/1.2; +https://openai.com/gptbot)"
20.171.207.125 - - [28/Apr/2025:08:37:49 -0400] "GET /wp-json/wp/v2/posts/19218 HTTP/1.1" 200 6780 "-" "Mozilla/5.0 AppleWebKit/537.36 (KHTML, like Gecko; compatible; GPTBot/1.2; +https://openai.com/gptbot)"
66.29.132.124 - - [28/Apr/2025:08:37:54 -0400] "POST /wp-cron.php?doing_wp_cron=1745843874.0831971168518066406250 HTTP/1.1" 200 0 "-" "WordPress/6.8; https://kamrancomputer.com"
20.171.207.125 - - [28/Apr/2025:08:37:52 -0400] "GET /wp-json/wp/v2/posts/21069 HTTP/1.1" 200 5334 "-" "Mozilla/5.0 AppleWebKit/537.36 (KHTML, like Gecko; compatible; GPTBot/1.2; +https://openai.com/gptbot)"
66.29.132.124 - - [28/Apr/2025:08:37:57 -0400] "POST /wp-admin/admin-ajax.php?action=async_litespeed&nonce=IzWbSDudZDtOIyoO2VyrkBApebCwNjfr&litespeed_type=imgoptm HTTP/1.1" 200 0 "-" "WordPress/6.8; https://kamrancomputer.com"
20.171.207.125 - - [28/Apr/2025:08:37:55 -0400] "GET /wp-json/wp/v2/posts/19988 HTTP/1.1" 200 5940 "-" "Mozilla/5.0 AppleWebKit/537.36 (KHTML, like Gecko; compatible; GPTBot/1.2; +https://openai.com/gptbot)"
66.29.132.124 - - [28/Apr/2025:08:37:59 -0400] "POST /wp-admin/admin-ajax.php?action=as_async_request_queue_runner&nonce=c9642c90b7 HTTP/1.1" 200 0 "-" "WordPress/6.8; https://kamrancomputer.com"
20.171.207.125 - - [28/Apr/2025:08:37:59 -0400] "GET /wp-json/wp/v2/posts/14437 HTTP/1.1" 200 5565 "-" "Mozilla/5.0 AppleWebKit/537.36 (KHTML, like Gecko; compatible; GPTBot/1.2; +https://openai.com/gptbot)"
20.171.207.125 - - [28/Apr/2025:08:38:02 -0400] "GET /wp-json/wp/v2/posts/17263 HTTP/1.1" 200 5183 "-" "Mozilla/5.0 AppleWebKit/537.36 (KHTML, like Gecko; compatible; GPTBot/1.2; +https://openai.com/gptbot)"
20.171.207.125 - - [28/Apr/2025:08:38:06 -0400] "GET /wp-json/wp/v2/posts/14471 HTTP/1.1" 200 6050 "-" "Mozilla/5.0 AppleWebKit/537.36 (KHTML, like Gecko; compatible; GPTBot/1.2; +https://openai.com/gptbot)"
20.171.207.125 - - [28/Apr/2025:08:38:10 -0400] "GET /wp-json/wp/v2/posts/21168 HTTP/1.1" 200 6594 "-" "Mozilla/5.0 AppleWebKit/537.36 (KHTML, like Gecko; compatible; GPTBot/1.2; +https://openai.com/gptbot)"
20.171.207.125 - - [28/Apr/2025:08:38:13 -0400] "GET /wp-json/wp/v2/posts/15929 HTTP/1.1" 200 5988 "-" "Mozilla/5.0 AppleWebKit/537.36 (KHTML, like Gecko; compatible; GPTBot/1.2; +https://openai.com/gptbot)"
20.171.207.125 - - [28/Apr/2025:08:38:16 -0400] "GET /wp-json/wp/v2/posts/10532 HTTP/1.1" 200 5983 "-" "Mozilla/5.0 AppleWebKit/537.36 (KHTML, like Gecko; compatible; GPTBot/1.2; +https://openai.com/gptbot)"
20.171.207.125 - - [28/Apr/2025:08:38:20 -0400] "GET /wp-json/wp/v2/posts/11066 HTTP/1.1" 200 6226 "-" "Mozilla/5.0 AppleWebKit/537.36 (KHTML, like Gecko; compatible; GPTBot/1.2; +https://openai.com/gptbot)"
20.171.207.125 - - [28/Apr/2025:08:38:22 -0400] "GET /wp-json/wp/v2/posts/17424 HTTP/1.1" 200 5618 "-" "Mozilla/5.0 AppleWebKit/537.36 (KHTML, like Gecko; compatible; GPTBot/1.2; +https://openai.com/gptbot)"
20.171.207.125 - - [28/Apr/2025:08:38:24 -0400] "GET /wp-json/wp/v2/posts/21668 HTTP/1.1" 200 5889 "-" "Mozilla/5.0 AppleWebKit/537.36 (KHTML, like Gecko; compatible; GPTBot/1.2; +https://openai.com/gptbot)"
66.29.132.124 - - [28/Apr/2025:08:38:28 -0400] "POST /wp-cron.php?doing_wp_cron=1745843908.0481920242309570312500 HTTP/1.1" 200 0 "-" "WordPress/6.8; https://kamrancomputer.com"
20.171.207.125 - - [28/Apr/2025:08:38:26 -0400] "GET /wp-json/wp/v2/posts/19296 HTTP/1.1" 200 6582 "-" "Mozilla/5.0 AppleWebKit/537.36 (KHTML, like Gecko; compatible; GPTBot/1.2; +https://openai.com/gptbot)"
66.29.132.124 - - [28/Apr/2025:08:38:29 -0400] "POST /wp-admin/admin-ajax.php?action=async_litespeed&nonce=xPCg7BgWCBmZUjsDsP55i5Y0XFDI6Kav&litespeed_type=imgoptm HTTP/1.1" 200 0 "-" "WordPress/6.8; https://kamrancomputer.com"
20.171.207.125 - - [28/Apr/2025:08:38:29 -0400] "GET /wp-json/wp/v2/posts/17800 HTTP/1.1" 200 5930 "-" "Mozilla/5.0 AppleWebKit/537.36 (KHTML, like Gecko; compatible; GPTBot/1.2; +https://openai.com/gptbot)"
20.171.207.125 - - [28/Apr/2025:08:38:33 -0400] "GET /wp-json/wp/v2/posts/11837 HTTP/1.1" 200 6235 "-" "Mozilla/5.0 AppleWebKit/537.36 (KHTML, like Gecko; compatible; GPTBot/1.2; +https://openai.com/gptbot)"
20.171.207.125 - - [28/Apr/2025:08:38:36 -0400] "GET /wp-json/wp/v2/posts/14715 HTTP/1.1" 200 5754 "-" "Mozilla/5.0 AppleWebKit/537.36 (KHTML, like Gecko; compatible; GPTBot/1.2; +https://openai.com/gptbot)"
