20.171.207.125 - - [28/Apr/2025:09:51:54 -0400] "GET /wp-json/wp/v2/posts/14898 HTTP/1.1" 200 18790 "-" "Mozilla/5.0 AppleWebKit/537.36 (KHTML, like Gecko; compatible; GPTBot/1.2; +https://openai.com/gptbot)"
20.171.207.125 - - [28/Apr/2025:09:51:58 -0400] "GET /wp-json/wp/v2/posts/21600 HTTP/1.1" 200 5991 "-" "Mozilla/5.0 AppleWebKit/537.36 (KHTML, like Gecko; compatible; GPTBot/1.2; +https://openai.com/gptbot)"
20.171.207.125 - - [28/Apr/2025:09:52:01 -0400] "GET /wp-json/wp/v2/posts/19802 HTTP/1.1" 200 6192 "-" "Mozilla/5.0 AppleWebKit/537.36 (KHTML, like Gecko; compatible; GPTBot/1.2; +https://openai.com/gptbot)"
20.171.207.125 - - [28/Apr/2025:09:52:03 -0400] "GET /wp-json/wp/v2/posts/21953 HTTP/1.1" 200 6724 "-" "Mozilla/5.0 AppleWebKit/537.36 (KHTML, like Gecko; compatible; GPTBot/1.2; +https://openai.com/gptbot)"
20.171.207.125 - - [28/Apr/2025:09:52:06 -0400] "GET /wp-json/wp/v2/posts/16275 HTTP/1.1" 200 5925 "-" "Mozilla/5.0 AppleWebKit/537.36 (KHTML, like Gecko; compatible; GPTBot/1.2; +https://openai.com/gptbot)"
20.171.207.125 - - [28/Apr/2025:09:52:08 -0400] "GET /wp-json/wp/v2/posts/17716 HTTP/1.1" 200 6100 "-" "Mozilla/5.0 AppleWebKit/537.36 (KHTML, like Gecko; compatible; GPTBot/1.2; +https://openai.com/gptbot)"
20.171.207.125 - - [28/Apr/2025:09:52:11 -0400] "GET /wp-json/wp/v2/posts/17470 HTTP/1.1" 200 6555 "-" "Mozilla/5.0 AppleWebKit/537.36 (KHTML, like Gecko; compatible; GPTBot/1.2; +https://openai.com/gptbot)"
20.171.207.125 - - [28/Apr/2025:09:52:13 -0400] "GET /wp-json/wp/v2/posts/17933 HTTP/1.1" 200 6221 "-" "Mozilla/5.0 AppleWebKit/537.36 (KHTML, like Gecko; compatible; GPTBot/1.2; +https://openai.com/gptbot)"
20.171.207.125 - - [28/Apr/2025:09:52:16 -0400] "GET /wp-json/wp/v2/posts/12435 HTTP/1.1" 200 5958 "-" "Mozilla/5.0 AppleWebKit/537.36 (KHTML, like Gecko; compatible; GPTBot/1.2; +https://openai.com/gptbot)"
20.171.207.125 - - [28/Apr/2025:09:52:18 -0400] "GET /wp-json/wp/v2/posts/11264 HTTP/1.1" 200 5996 "-" "Mozilla/5.0 AppleWebKit/537.36 (KHTML, like Gecko; compatible; GPTBot/1.2; +https://openai.com/gptbot)"
20.171.207.125 - - [28/Apr/2025:09:52:21 -0400] "GET /wp-json/wp/v2/posts/10097 HTTP/1.1" 200 5698 "-" "Mozilla/5.0 AppleWebKit/537.36 (KHTML, like Gecko; compatible; GPTBot/1.2; +https://openai.com/gptbot)"
20.171.207.125 - - [28/Apr/2025:09:52:22 -0400] "GET /wp-json/wp/v2/posts/23095 HTTP/1.1" 200 5657 "-" "Mozilla/5.0 AppleWebKit/537.36 (KHTML, like Gecko; compatible; GPTBot/1.2; +https://openai.com/gptbot)"
20.171.207.125 - - [28/Apr/2025:09:52:24 -0400] "GET /wp-json/wp/v2/posts/17338 HTTP/1.1" 200 5851 "-" "Mozilla/5.0 AppleWebKit/537.36 (KHTML, like Gecko; compatible; GPTBot/1.2; +https://openai.com/gptbot)"
66.29.132.124 - - [28/Apr/2025:09:52:27 -0400] "POST /wp-cron.php?doing_wp_cron=1745848346.7800269126892089843750 HTTP/1.1" 200 0 "-" "WordPress/6.8; https://kamrancomputer.com"
20.171.207.125 - - [28/Apr/2025:09:52:25 -0400] "GET /wp-json/wp/v2/posts/20188 HTTP/1.1" 200 6495 "-" "Mozilla/5.0 AppleWebKit/537.36 (KHTML, like Gecko; compatible; GPTBot/1.2; +https://openai.com/gptbot)"
66.29.132.124 - - [28/Apr/2025:09:52:27 -0400] "POST /wp-admin/admin-ajax.php?action=async_litespeed&nonce=F3cCeeR3FQip91Ra2yc5wWpJWY9T5iL0&litespeed_type=imgoptm HTTP/1.1" 200 0 "-" "WordPress/6.8; https://kamrancomputer.com"
20.171.207.125 - - [28/Apr/2025:09:52:27 -0400] "GET /wp-json/wp/v2/posts/12843 HTTP/1.1" 200 5926 "-" "Mozilla/5.0 AppleWebKit/537.36 (KHTML, like Gecko; compatible; GPTBot/1.2; +https://openai.com/gptbot)"
20.171.207.125 - - [28/Apr/2025:09:52:29 -0400] "GET /wp-json/wp/v2/posts/12170 HTTP/1.1" 200 6784 "-" "Mozilla/5.0 AppleWebKit/537.36 (KHTML, like Gecko; compatible; GPTBot/1.2; +https://openai.com/gptbot)"
20.171.207.125 - - [28/Apr/2025:09:52:31 -0400] "GET /wp-json/wp/v2/posts/18019 HTTP/1.1" 200 18837 "-" "Mozilla/5.0 AppleWebKit/537.36 (KHTML, like Gecko; compatible; GPTBot/1.2; +https://openai.com/gptbot)"
20.171.207.125 - - [28/Apr/2025:09:52:33 -0400] "GET /wp-json/wp/v2/posts/15514 HTTP/1.1" 200 5792 "-" "Mozilla/5.0 AppleWebKit/537.36 (KHTML, like Gecko; compatible; GPTBot/1.2; +https://openai.com/gptbot)"
20.171.207.125 - - [28/Apr/2025:09:52:35 -0400] "GET /wp-json/wp/v2/posts/20316 HTTP/1.1" 200 6249 "-" "Mozilla/5.0 AppleWebKit/537.36 (KHTML, like Gecko; compatible; GPTBot/1.2; +https://openai.com/gptbot)"
20.171.207.125 - - [28/Apr/2025:09:52:37 -0400] "GET /wp-json/wp/v2/posts/21880 HTTP/1.1" 200 5090 "-" "Mozilla/5.0 AppleWebKit/537.36 (KHTML, like Gecko; compatible; GPTBot/1.2; +https://openai.com/gptbot)"
20.171.207.125 - - [28/Apr/2025:09:52:39 -0400] "GET /wp-json/wp/v2/posts/17664 HTTP/1.1" 200 6044 "-" "Mozilla/5.0 AppleWebKit/537.36 (KHTML, like Gecko; compatible; GPTBot/1.2; +https://openai.com/gptbot)"
20.171.207.125 - - [28/Apr/2025:09:52:40 -0400] "GET /wp-json/wp/v2/posts/11607 HTTP/1.1" 200 16493 "-" "Mozilla/5.0 AppleWebKit/537.36 (KHTML, like Gecko; compatible; GPTBot/1.2; +https://openai.com/gptbot)"
20.171.207.125 - - [28/Apr/2025:09:52:42 -0400] "GET /wp-json/wp/v2/posts/14770 HTTP/1.1" 200 5564 "-" "Mozilla/5.0 AppleWebKit/537.36 (KHTML, like Gecko; compatible; GPTBot/1.2; +https://openai.com/gptbot)"
20.171.207.125 - - [28/Apr/2025:09:52:44 -0400] "GET /wp-json/wp/v2/posts/18729 HTTP/1.1" 200 6003 "-" "Mozilla/5.0 AppleWebKit/537.36 (KHTML, like Gecko; compatible; GPTBot/1.2; +https://openai.com/gptbot)"
20.171.207.125 - - [28/Apr/2025:09:52:47 -0400] "GET /wp-json/wp/v2/posts/16190 HTTP/1.1" 200 5626 "-" "Mozilla/5.0 AppleWebKit/537.36 (KHTML, like Gecko; compatible; GPTBot/1.2; +https://openai.com/gptbot)"
20.171.207.125 - - [28/Apr/2025:09:52:49 -0400] "GET /wp-json/wp/v2/posts/13386 HTTP/1.1" 200 20130 "-" "Mozilla/5.0 AppleWebKit/537.36 (KHTML, like Gecko; compatible; GPTBot/1.2; +https://openai.com/gptbot)"
66.29.132.124 - - [28/Apr/2025:09:52:52 -0400] "POST /wp-cron.php?doing_wp_cron=1745848372.8566889762878417968750 HTTP/1.1" 200 0 "-" "WordPress/6.8; https://kamrancomputer.com"
20.171.207.125 - - [28/Apr/2025:09:52:51 -0400] "GET /wp-json/wp/v2/posts/18813 HTTP/1.1" 200 6243 "-" "Mozilla/5.0 AppleWebKit/537.36 (KHTML, like Gecko; compatible; GPTBot/1.2; +https://openai.com/gptbot)"
20.171.207.125 - - [28/Apr/2025:09:52:53 -0400] "GET /wp-json/wp/v2/posts/12059 HTTP/1.1" 200 5894 "-" "Mozilla/5.0 AppleWebKit/537.36 (KHTML, like Gecko; compatible; GPTBot/1.2; +https://openai.com/gptbot)"
20.171.207.125 - - [28/Apr/2025:09:52:55 -0400] "GET /wp-json/wp/v2/posts/20316 HTTP/1.1" 200 6249 "-" "Mozilla/5.0 AppleWebKit/537.36 (KHTML, like Gecko; compatible; GPTBot/1.2; +https://openai.com/gptbot)"
20.171.207.125 - - [28/Apr/2025:09:52:58 -0400] "GET /wp-json/wp/v2/posts/10552 HTTP/1.1" 200 6024 "-" "Mozilla/5.0 AppleWebKit/537.36 (KHTML, like Gecko; compatible; GPTBot/1.2; +https://openai.com/gptbot)"
20.171.207.125 - - [28/Apr/2025:09:53:00 -0400] "GET /wp-json/wp/v2/posts/20804 HTTP/1.1" 200 18025 "-" "Mozilla/5.0 AppleWebKit/537.36 (KHTML, like Gecko; compatible; GPTBot/1.2; +https://openai.com/gptbot)"
20.171.207.125 - - [28/Apr/2025:09:53:02 -0400] "GET /wp-json/wp/v2/posts/12088 HTTP/1.1" 200 5963 "-" "Mozilla/5.0 AppleWebKit/537.36 (KHTML, like Gecko; compatible; GPTBot/1.2; +https://openai.com/gptbot)"
20.171.207.125 - - [28/Apr/2025:09:53:04 -0400] "GET /wp-json/wp/v2/posts/17783 HTTP/1.1" 200 6009 "-" "Mozilla/5.0 AppleWebKit/537.36 (KHTML, like Gecko; compatible; GPTBot/1.2; +https://openai.com/gptbot)"
20.171.207.125 - - [28/Apr/2025:09:53:07 -0400] "GET /wp-json/wp/v2/posts/14628 HTTP/1.1" 200 17021 "-" "Mozilla/5.0 AppleWebKit/537.36 (KHTML, like Gecko; compatible; GPTBot/1.2; +https://openai.com/gptbot)"
20.171.207.125 - - [28/Apr/2025:09:53:11 -0400] "GET /wp-json/wp/v2/posts/17023 HTTP/1.1" 200 6381 "-" "Mozilla/5.0 AppleWebKit/537.36 (KHTML, like Gecko; compatible; GPTBot/1.2; +https://openai.com/gptbot)"
20.171.207.125 - - [28/Apr/2025:09:53:14 -0400] "GET /wp-json/wp/v2/posts/10390 HTTP/1.1" 200 6568 "-" "Mozilla/5.0 AppleWebKit/537.36 (KHTML, like Gecko; compatible; GPTBot/1.2; +https://openai.com/gptbot)"
20.171.207.125 - - [28/Apr/2025:09:53:17 -0400] "GET /wp-json/wp/v2/posts/19932 HTTP/1.1" 200 5924 "-" "Mozilla/5.0 AppleWebKit/537.36 (KHTML, like Gecko; compatible; GPTBot/1.2; +https://openai.com/gptbot)"
20.171.207.125 - - [28/Apr/2025:09:53:19 -0400] "GET /wp-json/wp/v2/posts/14388 HTTP/1.1" 200 5949 "-" "Mozilla/5.0 AppleWebKit/537.36 (KHTML, like Gecko; compatible; GPTBot/1.2; +https://openai.com/gptbot)"
20.171.207.125 - - [28/Apr/2025:09:53:21 -0400] "GET /wp-json/wp/v2/posts/20480 HTTP/1.1" 200 6251 "-" "Mozilla/5.0 AppleWebKit/537.36 (KHTML, like Gecko; compatible; GPTBot/1.2; +https://openai.com/gptbot)"
20.171.207.125 - - [28/Apr/2025:09:53:24 -0400] "GET /wp-json/wp/v2/posts/18318 HTTP/1.1" 200 6175 "-" "Mozilla/5.0 AppleWebKit/537.36 (KHTML, like Gecko; compatible; GPTBot/1.2; +https://openai.com/gptbot)"
66.29.132.124 - - [28/Apr/2025:09:53:28 -0400] "POST /wp-cron.php?doing_wp_cron=1745848408.6606969833374023437500 HTTP/1.1" 200 0 "-" "WordPress/6.8; https://kamrancomputer.com"
20.171.207.125 - - [28/Apr/2025:09:53:27 -0400] "GET /wp-json/wp/v2/posts/12040 HTTP/1.1" 200 6516 "-" "Mozilla/5.0 AppleWebKit/537.36 (KHTML, like Gecko; compatible; GPTBot/1.2; +https://openai.com/gptbot)"
20.171.207.125 - - [28/Apr/2025:09:53:29 -0400] "GET /wp-json/wp/v2/posts/21561 HTTP/1.1" 200 6447 "-" "Mozilla/5.0 AppleWebKit/537.36 (KHTML, like Gecko; compatible; GPTBot/1.2; +https://openai.com/gptbot)"
66.29.132.124 - - [28/Apr/2025:09:53:30 -0400] "POST /wp-admin/admin-ajax.php?action=async_litespeed&nonce=DgzOj1XMWlr57uKcqIz2yqldytd2O3Ts&litespeed_type=imgoptm HTTP/1.1" 200 0 "-" "WordPress/6.8; https://kamrancomputer.com"
66.29.132.124 - - [28/Apr/2025:09:53:32 -0400] "POST /wp-admin/admin-ajax.php?action=as_async_request_queue_runner&nonce=c9642c90b7 HTTP/1.1" 200 0 "-" "WordPress/6.8; https://kamrancomputer.com"
20.171.207.125 - - [28/Apr/2025:09:53:32 -0400] "GET /wp-json/wp/v2/posts/18352 HTTP/1.1" 200 19900 "-" "Mozilla/5.0 AppleWebKit/537.36 (KHTML, like Gecko; compatible; GPTBot/1.2; +https://openai.com/gptbot)"
20.171.207.125 - - [28/Apr/2025:09:53:35 -0400] "GET /wp-json/wp/v2/posts/20068 HTTP/1.1" 200 6849 "-" "Mozilla/5.0 AppleWebKit/537.36 (KHTML, like Gecko; compatible; GPTBot/1.2; +https://openai.com/gptbot)"
20.171.207.125 - - [28/Apr/2025:09:53:38 -0400] "GET /wp-json/wp/v2/posts/17838 HTTP/1.1" 200 6655 "-" "Mozilla/5.0 AppleWebKit/537.36 (KHTML, like Gecko; compatible; GPTBot/1.2; +https://openai.com/gptbot)"
20.171.207.125 - - [28/Apr/2025:09:53:41 -0400] "GET /wp-json/wp/v2/posts/20983 HTTP/1.1" 200 17301 "-" "Mozilla/5.0 AppleWebKit/537.36 (KHTML, like Gecko; compatible; GPTBot/1.2; +https://openai.com/gptbot)"
20.171.207.125 - - [28/Apr/2025:09:53:43 -0400] "GET /wp-json/wp/v2/posts/18717 HTTP/1.1" 200 6067 "-" "Mozilla/5.0 AppleWebKit/537.36 (KHTML, like Gecko; compatible; GPTBot/1.2; +https://openai.com/gptbot)"
20.171.207.125 - - [28/Apr/2025:09:53:46 -0400] "GET /wp-json/wp/v2/posts/10052 HTTP/1.1" 200 18174 "-" "Mozilla/5.0 AppleWebKit/537.36 (KHTML, like Gecko; compatible; GPTBot/1.2; +https://openai.com/gptbot)"
20.171.207.125 - - [28/Apr/2025:09:49:19 -0400] "GET /wp-json/wp/v2/posts/21310 HTTP/1.1" 200 6844 "-" "Mozilla/5.0 AppleWebKit/537.36 (KHTML, like Gecko; compatible; GPTBot/1.2; +https://openai.com/gptbot)"
20.171.207.125 - - [28/Apr/2025:09:49:22 -0400] "GET /wp-json/wp/v2/posts/21358 HTTP/1.1" 200 16609 "-" "Mozilla/5.0 AppleWebKit/537.36 (KHTML, like Gecko; compatible; GPTBot/1.2; +https://openai.com/gptbot)"
20.171.207.125 - - [28/Apr/2025:09:49:24 -0400] "GET /wp-json/wp/v2/posts/11278 HTTP/1.1" 200 5910 "-" "Mozilla/5.0 AppleWebKit/537.36 (KHTML, like Gecko; compatible; GPTBot/1.2; +https://openai.com/gptbot)"
66.29.132.124 - - [28/Apr/2025:09:49:28 -0400] "POST /wp-cron.php?doing_wp_cron=1745848168.4335989952087402343750 HTTP/1.1" 200 0 "-" "WordPress/6.8; https://kamrancomputer.com"
20.171.207.125 - - [28/Apr/2025:09:49:27 -0400] "GET /wp-json/wp/v2/posts/19369 HTTP/1.1" 200 16721 "-" "Mozilla/5.0 AppleWebKit/537.36 (KHTML, like Gecko; compatible; GPTBot/1.2; +https://openai.com/gptbot)"
20.171.207.125 - - [28/Apr/2025:09:49:29 -0400] "GET /wp-json/wp/v2/posts/15919 HTTP/1.1" 200 5941 "-" "Mozilla/5.0 AppleWebKit/537.36 (KHTML, like Gecko; compatible; GPTBot/1.2; +https://openai.com/gptbot)"
66.29.132.124 - - [28/Apr/2025:09:49:30 -0400] "POST /wp-admin/admin-ajax.php?action=async_litespeed&nonce=PnJ3rK8NVg4WpRmzymDDRpdXVGedNPUV&litespeed_type=imgoptm HTTP/1.1" 200 0 "-" "WordPress/6.8; https://kamrancomputer.com"
20.171.207.125 - - [28/Apr/2025:09:49:31 -0400] "GET /wp-json/elementskit/v1/ HTTP/1.1" 404 114 "-" "Mozilla/5.0 AppleWebKit/537.36 (KHTML, like Gecko; compatible; GPTBot/1.2; +https://openai.com/gptbot)"
20.171.207.125 - - [28/Apr/2025:09:49:33 -0400] "GET /wp-json/wp/v2/posts/18557 HTTP/1.1" 200 6079 "-" "Mozilla/5.0 AppleWebKit/537.36 (KHTML, like Gecko; compatible; GPTBot/1.2; +https://openai.com/gptbot)"
20.171.207.125 - - [28/Apr/2025:09:49:35 -0400] "GET /wp-json/wp/v2/posts/12074 HTTP/1.1" 200 5795 "-" "Mozilla/5.0 AppleWebKit/537.36 (KHTML, like Gecko; compatible; GPTBot/1.2; +https://openai.com/gptbot)"
20.171.207.125 - - [28/Apr/2025:09:49:38 -0400] "GET /wp-json/wp/v2/posts/19566 HTTP/1.1" 200 4946 "-" "Mozilla/5.0 AppleWebKit/537.36 (KHTML, like Gecko; compatible; GPTBot/1.2; +https://openai.com/gptbot)"
20.171.207.125 - - [28/Apr/2025:09:49:40 -0400] "GET /wp-json/wp/v2/posts/12430 HTTP/1.1" 200 5256 "-" "Mozilla/5.0 AppleWebKit/537.36 (KHTML, like Gecko; compatible; GPTBot/1.2; +https://openai.com/gptbot)"
20.171.207.125 - - [28/Apr/2025:09:49:43 -0400] "GET /wp-json/wp/v2/posts/13157 HTTP/1.1" 200 5926 "-" "Mozilla/5.0 AppleWebKit/537.36 (KHTML, like Gecko; compatible; GPTBot/1.2; +https://openai.com/gptbot)"
20.171.207.125 - - [28/Apr/2025:09:49:45 -0400] "GET /wp-json/wp/v2/posts/18664 HTTP/1.1" 200 7239 "-" "Mozilla/5.0 AppleWebKit/537.36 (KHTML, like Gecko; compatible; GPTBot/1.2; +https://openai.com/gptbot)"
20.171.207.125 - - [28/Apr/2025:09:49:48 -0400] "GET /wp-json/wp/v2/posts/21488 HTTP/1.1" 200 6406 "-" "Mozilla/5.0 AppleWebKit/537.36 (KHTML, like Gecko; compatible; GPTBot/1.2; +https://openai.com/gptbot)"
20.171.207.125 - - [28/Apr/2025:09:49:50 -0400] "GET /wp-json/wp/v2/posts/10503 HTTP/1.1" 200 14757 "-" "Mozilla/5.0 AppleWebKit/537.36 (KHTML, like Gecko; compatible; GPTBot/1.2; +https://openai.com/gptbot)"
66.29.132.124 - - [28/Apr/2025:09:49:53 -0400] "POST /wp-cron.php?doing_wp_cron=1745848193.0660409927368164062500 HTTP/1.1" 200 0 "-" "WordPress/6.8; https://kamrancomputer.com"
20.171.207.125 - - [28/Apr/2025:09:49:51 -0400] "GET /wp-json/wp/v2/posts/12548 HTTP/1.1" 200 15574 "-" "Mozilla/5.0 AppleWebKit/537.36 (KHTML, like Gecko; compatible; GPTBot/1.2; +https://openai.com/gptbot)"
20.171.207.125 - - [28/Apr/2025:09:53:49 -0400] "GET /wp-json/wp/v2/posts/18968 HTTP/1.1" 200 6465 "-" "Mozilla/5.0 AppleWebKit/537.36 (KHTML, like Gecko; compatible; GPTBot/1.2; +https://openai.com/gptbot)"
66.29.132.124 - - [28/Apr/2025:09:53:53 -0400] "POST /wp-cron.php?doing_wp_cron=1745848432.6975009441375732421875 HTTP/1.1" 200 0 "-" "WordPress/6.8; https://kamrancomputer.com"
20.171.207.125 - - [28/Apr/2025:09:53:51 -0400] "GET /wp-json/wp/v2/posts/19023 HTTP/1.1" 200 18889 "-" "Mozilla/5.0 AppleWebKit/537.36 (KHTML, like Gecko; compatible; GPTBot/1.2; +https://openai.com/gptbot)"
20.171.207.125 - - [28/Apr/2025:09:53:54 -0400] "GET /wp-json/wp/v2/posts/13153 HTTP/1.1" 200 19244 "-" "Mozilla/5.0 AppleWebKit/537.36 (KHTML, like Gecko; compatible; GPTBot/1.2; +https://openai.com/gptbot)"
20.171.207.125 - - [28/Apr/2025:09:53:57 -0400] "GET /wp-json/wp/v2/posts/12575 HTTP/1.1" 200 5841 "-" "Mozilla/5.0 AppleWebKit/537.36 (KHTML, like Gecko; compatible; GPTBot/1.2; +https://openai.com/gptbot)"
20.171.207.125 - - [28/Apr/2025:09:54:01 -0400] "GET /wp-json/wp/v2/posts/19492 HTTP/1.1" 200 25259 "-" "Mozilla/5.0 AppleWebKit/537.36 (KHTML, like Gecko; compatible; GPTBot/1.2; +https://openai.com/gptbot)"
20.171.207.125 - - [28/Apr/2025:09:54:03 -0400] "GET /wp-json/wp/v2/posts/19440 HTTP/1.1" 200 20660 "-" "Mozilla/5.0 AppleWebKit/537.36 (KHTML, like Gecko; compatible; GPTBot/1.2; +https://openai.com/gptbot)"
20.171.207.125 - - [28/Apr/2025:09:54:07 -0400] "GET /wp-json/wp/v2/posts/17709 HTTP/1.1" 200 6445 "-" "Mozilla/5.0 AppleWebKit/537.36 (KHTML, like Gecko; compatible; GPTBot/1.2; +https://openai.com/gptbot)"
20.171.207.125 - - [28/Apr/2025:09:54:10 -0400] "GET /wp-json/wp/v2/posts/14099 HTTP/1.1" 200 17486 "-" "Mozilla/5.0 AppleWebKit/537.36 (KHTML, like Gecko; compatible; GPTBot/1.2; +https://openai.com/gptbot)"
20.171.207.125 - - [28/Apr/2025:09:54:12 -0400] "GET /wp-json/wp/v2/posts/12880 HTTP/1.1" 200 5442 "-" "Mozilla/5.0 AppleWebKit/537.36 (KHTML, like Gecko; compatible; GPTBot/1.2; +https://openai.com/gptbot)"
20.171.207.125 - - [28/Apr/2025:09:54:15 -0400] "GET /wp-json/wp/v2/posts/15872 HTTP/1.1" 200 6617 "-" "Mozilla/5.0 AppleWebKit/537.36 (KHTML, like Gecko; compatible; GPTBot/1.2; +https://openai.com/gptbot)"
20.171.207.125 - - [28/Apr/2025:09:54:17 -0400] "GET /wp-json/wp/v2/posts/12883 HTTP/1.1" 200 6151 "-" "Mozilla/5.0 AppleWebKit/537.36 (KHTML, like Gecko; compatible; GPTBot/1.2; +https://openai.com/gptbot)"
20.171.207.125 - - [28/Apr/2025:09:54:20 -0400] "GET /wp-json/wp/v2/posts/21193 HTTP/1.1" 200 6087 "-" "Mozilla/5.0 AppleWebKit/537.36 (KHTML, like Gecko; compatible; GPTBot/1.2; +https://openai.com/gptbot)"
20.171.207.125 - - [28/Apr/2025:09:54:22 -0400] "GET /wp-json/wp/v2/posts/21939 HTTP/1.1" 200 6373 "-" "Mozilla/5.0 AppleWebKit/537.36 (KHTML, like Gecko; compatible; GPTBot/1.2; +https://openai.com/gptbot)"
66.29.132.124 - - [28/Apr/2025:09:54:27 -0400] "POST /wp-cron.php?doing_wp_cron=1745848466.0162279605865478515625 HTTP/1.1" 200 0 "-" "WordPress/6.8; https://kamrancomputer.com"
20.171.207.125 - - [28/Apr/2025:09:54:24 -0400] "GET /wp-json/wp/v2/posts/13382 HTTP/1.1" 200 18006 "-" "Mozilla/5.0 AppleWebKit/537.36 (KHTML, like Gecko; compatible; GPTBot/1.2; +https://openai.com/gptbot)"
20.171.207.125 - - [28/Apr/2025:09:54:29 -0400] "GET /wp-json/wp/v2/posts/16608 HTTP/1.1" 200 15481 "-" "Mozilla/5.0 AppleWebKit/537.36 (KHTML, like Gecko; compatible; GPTBot/1.2; +https://openai.com/gptbot)"
20.171.207.125 - - [28/Apr/2025:09:54:31 -0400] "GET /wp-json/wp/v2/posts/18552 HTTP/1.1" 200 5909 "-" "Mozilla/5.0 AppleWebKit/537.36 (KHTML, like Gecko; compatible; GPTBot/1.2; +https://openai.com/gptbot)"
20.171.207.125 - - [28/Apr/2025:09:54:36 -0400] "GET /wp-json/wp/v2/posts/23368 HTTP/1.1" 200 6364 "-" "Mozilla/5.0 AppleWebKit/537.36 (KHTML, like Gecko; compatible; GPTBot/1.2; +https://openai.com/gptbot)"
20.171.207.125 - - [28/Apr/2025:09:54:40 -0400] "GET /wp-json/wp/v2/posts/19569 HTTP/1.1" 200 22218 "-" "Mozilla/5.0 AppleWebKit/537.36 (KHTML, like Gecko; compatible; GPTBot/1.2; +https://openai.com/gptbot)"
20.171.207.125 - - [28/Apr/2025:09:54:45 -0400] "GET /wp-json/wp/v2/posts/13281 HTTP/1.1" 200 18634 "-" "Mozilla/5.0 AppleWebKit/537.36 (KHTML, like Gecko; compatible; GPTBot/1.2; +https://openai.com/gptbot)"
20.171.207.125 - - [28/Apr/2025:09:54:49 -0400] "GET /wp-json/wp/v2/posts/19120 HTTP/1.1" 200 5927 "-" "Mozilla/5.0 AppleWebKit/537.36 (KHTML, like Gecko; compatible; GPTBot/1.2; +https://openai.com/gptbot)"
20.171.207.125 - - [28/Apr/2025:09:54:52 -0400] "GET /wp-json/wp/v2/posts/20785 HTTP/1.1" 200 6545 "-" "Mozilla/5.0 AppleWebKit/537.36 (KHTML, like Gecko; compatible; GPTBot/1.2; +https://openai.com/gptbot)"
20.171.207.125 - - [28/Apr/2025:09:54:55 -0400] "GET /wp-json/wp/v2/posts/10294 HTTP/1.1" 200 20642 "-" "Mozilla/5.0 AppleWebKit/537.36 (KHTML, like Gecko; compatible; GPTBot/1.2; +https://openai.com/gptbot)"
20.171.207.125 - - [28/Apr/2025:09:54:58 -0400] "GET /wp-json/wp/v2/posts/14208 HTTP/1.1" 200 5513 "-" "Mozilla/5.0 AppleWebKit/537.36 (KHTML, like Gecko; compatible; GPTBot/1.2; +https://openai.com/gptbot)"
20.171.207.125 - - [28/Apr/2025:09:55:01 -0400] "GET /wp-json/wp/v2/posts/15665 HTTP/1.1" 200 5435 "-" "Mozilla/5.0 AppleWebKit/537.36 (KHTML, like Gecko; compatible; GPTBot/1.2; +https://openai.com/gptbot)"
20.171.207.125 - - [28/Apr/2025:09:55:04 -0400] "GET /wp-json/wp/v2/posts/20813 HTTP/1.1" 200 8451 "-" "Mozilla/5.0 AppleWebKit/537.36 (KHTML, like Gecko; compatible; GPTBot/1.2; +https://openai.com/gptbot)"
20.171.207.125 - - [28/Apr/2025:09:55:08 -0400] "GET /wp-json/wp/v2/posts/15136 HTTP/1.1" 200 5769 "-" "Mozilla/5.0 AppleWebKit/537.36 (KHTML, like Gecko; compatible; GPTBot/1.2; +https://openai.com/gptbot)"
20.171.207.125 - - [28/Apr/2025:09:55:11 -0400] "GET /wp-json/wp/v2/posts/13952 HTTP/1.1" 200 5232 "-" "Mozilla/5.0 AppleWebKit/537.36 (KHTML, like Gecko; compatible; GPTBot/1.2; +https://openai.com/gptbot)"
20.171.207.125 - - [28/Apr/2025:09:55:16 -0400] "GET /wp-json/wp/v2/posts/18284 HTTP/1.1" 200 5484 "-" "Mozilla/5.0 AppleWebKit/537.36 (KHTML, like Gecko; compatible; GPTBot/1.2; +https://openai.com/gptbot)"
20.171.207.125 - - [28/Apr/2025:09:55:21 -0400] "GET /wp-json/wp/v2/posts/19728 HTTP/1.1" 200 5504 "-" "Mozilla/5.0 AppleWebKit/537.36 (KHTML, like Gecko; compatible; GPTBot/1.2; +https://openai.com/gptbot)"
66.29.132.124 - - [28/Apr/2025:09:55:27 -0400] "POST /wp-cron.php?doing_wp_cron=1745848527.7306311130523681640625 HTTP/1.1" 200 0 "-" "WordPress/6.8; https://kamrancomputer.com"
20.171.207.125 - - [28/Apr/2025:09:55:24 -0400] "GET /wp-json/wp/v2/posts/20491 HTTP/1.1" 200 5982 "-" "Mozilla/5.0 AppleWebKit/537.36 (KHTML, like Gecko; compatible; GPTBot/1.2; +https://openai.com/gptbot)"
66.29.132.124 - - [28/Apr/2025:09:55:30 -0400] "POST /wp-admin/admin-ajax.php?action=async_litespeed&nonce=YCoUnWzCJri3ROwelXrG7gS2vlD6Fkj5&litespeed_type=imgoptm HTTP/1.1" 200 0 "-" "WordPress/6.8; https://kamrancomputer.com"
20.171.207.125 - - [28/Apr/2025:09:55:29 -0400] "GET /wp-json/wp/v2/posts/18766 HTTP/1.1" 200 5958 "-" "Mozilla/5.0 AppleWebKit/537.36 (KHTML, like Gecko; compatible; GPTBot/1.2; +https://openai.com/gptbot)"
20.171.207.125 - - [28/Apr/2025:09:55:33 -0400] "GET /wp-json/wp/v2/posts/21767 HTTP/1.1" 200 6221 "-" "Mozilla/5.0 AppleWebKit/537.36 (KHTML, like Gecko; compatible; GPTBot/1.2; +https://openai.com/gptbot)"
20.171.207.125 - - [28/Apr/2025:09:55:36 -0400] "GET /wp-json/wp/v2/posts/21009 HTTP/1.1" 200 6500 "-" "Mozilla/5.0 AppleWebKit/537.36 (KHTML, like Gecko; compatible; GPTBot/1.2; +https://openai.com/gptbot)"
20.171.207.125 - - [28/Apr/2025:09:55:40 -0400] "GET /wp-json/wp/v2/posts/11040 HTTP/1.1" 200 15368 "-" "Mozilla/5.0 AppleWebKit/537.36 (KHTML, like Gecko; compatible; GPTBot/1.2; +https://openai.com/gptbot)"
20.171.207.125 - - [28/Apr/2025:09:55:44 -0400] "GET /wp-json/wp/v2/posts/23035 HTTP/1.1" 200 5684 "-" "Mozilla/5.0 AppleWebKit/537.36 (KHTML, like Gecko; compatible; GPTBot/1.2; +https://openai.com/gptbot)"
20.171.207.125 - - [28/Apr/2025:09:55:48 -0400] "GET /wp-json/wp/v2/posts/18185 HTTP/1.1" 200 6163 "-" "Mozilla/5.0 AppleWebKit/537.36 (KHTML, like Gecko; compatible; GPTBot/1.2; +https://openai.com/gptbot)"
20.171.207.125 - - [28/Apr/2025:09:55:52 -0400] "GET /wp-json/wp/v2/posts/11295 HTTP/1.1" 200 13693 "-" "Mozilla/5.0 AppleWebKit/537.36 (KHTML, like Gecko; compatible; GPTBot/1.2; +https://openai.com/gptbot)"
66.29.132.124 - - [28/Apr/2025:09:55:56 -0400] "POST /wp-cron.php?doing_wp_cron=1745848554.4052679538726806640625 HTTP/1.1" 200 0 "-" "WordPress/6.8; https://kamrancomputer.com"
20.171.207.125 - - [28/Apr/2025:09:55:58 -0400] "GET /wp-json/wp/v2/posts/14160 HTTP/1.1" 200 5892 "-" "Mozilla/5.0 AppleWebKit/537.36 (KHTML, like Gecko; compatible; GPTBot/1.2; +https://openai.com/gptbot)"
20.171.207.125 - - [28/Apr/2025:09:56:02 -0400] "GET /wp-json/wp/v2/posts/10334 HTTP/1.1" 200 6032 "-" "Mozilla/5.0 AppleWebKit/537.36 (KHTML, like Gecko; compatible; GPTBot/1.2; +https://openai.com/gptbot)"
20.171.207.125 - - [28/Apr/2025:09:56:07 -0400] "GET /wp-json/wp/v2/posts/20491 HTTP/1.1" 200 5982 "-" "Mozilla/5.0 AppleWebKit/537.36 (KHTML, like Gecko; compatible; GPTBot/1.2; +https://openai.com/gptbot)"
20.171.207.125 - - [28/Apr/2025:09:56:11 -0400] "GET /wp-json/wp/v2/posts/14602 HTTP/1.1" 200 5922 "-" "Mozilla/5.0 AppleWebKit/537.36 (KHTML, like Gecko; compatible; GPTBot/1.2; +https://openai.com/gptbot)"
20.171.207.125 - - [28/Apr/2025:09:56:15 -0400] "GET /wp-json/wp/v2/posts/17819 HTTP/1.1" 200 16657 "-" "Mozilla/5.0 AppleWebKit/537.36 (KHTML, like Gecko; compatible; GPTBot/1.2; +https://openai.com/gptbot)"
20.171.207.125 - - [28/Apr/2025:09:56:19 -0400] "GET /wp-json/wp/v2/posts/19502 HTTP/1.1" 200 6342 "-" "Mozilla/5.0 AppleWebKit/537.36 (KHTML, like Gecko; compatible; GPTBot/1.2; +https://openai.com/gptbot)"
20.171.207.125 - - [28/Apr/2025:09:56:22 -0400] "GET /wp-json/wp/v2/posts/18646 HTTP/1.1" 200 5875 "-" "Mozilla/5.0 AppleWebKit/537.36 (KHTML, like Gecko; compatible; GPTBot/1.2; +https://openai.com/gptbot)"
20.171.207.125 - - [28/Apr/2025:09:56:26 -0400] "GET /wp-json/wp/v2/posts/19923 HTTP/1.1" 200 5314 "-" "Mozilla/5.0 AppleWebKit/537.36 (KHTML, like Gecko; compatible; GPTBot/1.2; +https://openai.com/gptbot)"
20.171.207.125 - - [28/Apr/2025:09:56:28 -0400] "GET /wp-json/wp/v2/posts/10508 HTTP/1.1" 200 6414 "-" "Mozilla/5.0 AppleWebKit/537.36 (KHTML, like Gecko; compatible; GPTBot/1.2; +https://openai.com/gptbot)"
20.171.207.125 - - [28/Apr/2025:09:56:30 -0400] "GET /wp-json/wp/v2/posts/12406 HTTP/1.1" 200 5928 "-" "Mozilla/5.0 AppleWebKit/537.36 (KHTML, like Gecko; compatible; GPTBot/1.2; +https://openai.com/gptbot)"
20.171.207.125 - - [28/Apr/2025:09:56:32 -0400] "GET /wp-json/wp/v2/posts/21650 HTTP/1.1" 200 6241 "-" "Mozilla/5.0 AppleWebKit/537.36 (KHTML, like Gecko; compatible; GPTBot/1.2; +https://openai.com/gptbot)"
20.171.207.125 - - [28/Apr/2025:09:56:34 -0400] "GET /wp-json/wp/v2/posts/19701 HTTP/1.1" 200 20066 "-" "Mozilla/5.0 AppleWebKit/537.36 (KHTML, like Gecko; compatible; GPTBot/1.2; +https://openai.com/gptbot)"
20.171.207.125 - - [28/Apr/2025:09:56:36 -0400] "GET /wp-json/wp/v2/posts/14190 HTTP/1.1" 200 6978 "-" "Mozilla/5.0 AppleWebKit/537.36 (KHTML, like Gecko; compatible; GPTBot/1.2; +https://openai.com/gptbot)"
20.171.207.125 - - [28/Apr/2025:09:56:38 -0400] "GET /wp-json/wp/v2/posts/15280 HTTP/1.1" 200 5845 "-" "Mozilla/5.0 AppleWebKit/537.36 (KHTML, like Gecko; compatible; GPTBot/1.2; +https://openai.com/gptbot)"
20.171.207.125 - - [28/Apr/2025:09:56:40 -0400] "GET /wp-json/wp/v2/posts/18803 HTTP/1.1" 200 6685 "-" "Mozilla/5.0 AppleWebKit/537.36 (KHTML, like Gecko; compatible; GPTBot/1.2; +https://openai.com/gptbot)"
20.171.207.125 - - [28/Apr/2025:09:56:42 -0400] "GET /wp-json/wp/v2/posts/11560 HTTP/1.1" 200 6217 "-" "Mozilla/5.0 AppleWebKit/537.36 (KHTML, like Gecko; compatible; GPTBot/1.2; +https://openai.com/gptbot)"
20.171.207.125 - - [28/Apr/2025:09:56:45 -0400] "GET /wp-json/wp/v2/posts/13762 HTTP/1.1" 200 5578 "-" "Mozilla/5.0 AppleWebKit/537.36 (KHTML, like Gecko; compatible; GPTBot/1.2; +https://openai.com/gptbot)"
20.171.207.125 - - [28/Apr/2025:09:56:49 -0400] "GET /wp-json/wp/v2/posts/19216 HTTP/1.1" 200 18153 "-" "Mozilla/5.0 AppleWebKit/537.36 (KHTML, like Gecko; compatible; GPTBot/1.2; +https://openai.com/gptbot)"
20.171.207.125 - - [28/Apr/2025:09:56:52 -0400] "GET /wp-json/wp/v2/posts/17417 HTTP/1.1" 200 15990 "-" "Mozilla/5.0 AppleWebKit/537.36 (KHTML, like Gecko; compatible; GPTBot/1.2; +https://openai.com/gptbot)"
66.29.132.124 - - [28/Apr/2025:09:56:58 -0400] "POST /wp-cron.php?doing_wp_cron=1745848618.1740529537200927734375 HTTP/1.1" 200 0 "-" "WordPress/6.8; https://kamrancomputer.com"
20.171.207.125 - - [28/Apr/2025:09:56:56 -0400] "GET /wp-json/wp/v2/posts/23103 HTTP/1.1" 200 5896 "-" "Mozilla/5.0 AppleWebKit/537.36 (KHTML, like Gecko; compatible; GPTBot/1.2; +https://openai.com/gptbot)"
66.29.132.124 - - [28/Apr/2025:09:57:01 -0400] "POST /wp-admin/admin-ajax.php?action=async_litespeed&nonce=SKHjRHGyez87CAuOQmcMqbeRtuNZYLaA&litespeed_type=imgoptm HTTP/1.1" 200 0 "-" "WordPress/6.8; https://kamrancomputer.com"
20.171.207.125 - - [28/Apr/2025:09:56:59 -0400] "GET /wp-json/wp/v2/posts/21966 HTTP/1.1" 200 15163 "-" "Mozilla/5.0 AppleWebKit/537.36 (KHTML, like Gecko; compatible; GPTBot/1.2; +https://openai.com/gptbot)"
66.249.74.41 - - [28/Apr/2025:09:57:02 -0400] "GET /2024/10/18/river-casino-online/ HTTP/1.1" 200 20886 "-" "Mozilla/5.0 (Linux; Android 6.0.1; Nexus 5X Build/MMB29P) AppleWebKit/537.36 (KHTML, like Gecko) Chrome/135.0.7049.95 Mobile Safari/537.36 (compatible; Googlebot/2.1; +http://www.google.com/bot.html)"
20.171.207.125 - - [28/Apr/2025:09:57:05 -0400] "GET /wp-json/wp/v2/posts/20831 HTTP/1.1" 200 6337 "-" "Mozilla/5.0 AppleWebKit/537.36 (KHTML, like Gecko; compatible; GPTBot/1.2; +https://openai.com/gptbot)"
20.171.207.125 - - [28/Apr/2025:09:57:09 -0400] "GET /wp-json/wp/v2/posts/19895 HTTP/1.1" 200 6554 "-" "Mozilla/5.0 AppleWebKit/537.36 (KHTML, like Gecko; compatible; GPTBot/1.2; +https://openai.com/gptbot)"
20.171.207.125 - - [28/Apr/2025:09:57:13 -0400] "GET /wp-json/wp/v2/posts/13707 HTTP/1.1" 200 6094 "-" "Mozilla/5.0 AppleWebKit/537.36 (KHTML, like Gecko; compatible; GPTBot/1.2; +https://openai.com/gptbot)"
20.171.207.125 - - [28/Apr/2025:09:57:16 -0400] "GET /wp-json/wp/v2/posts/17520 HTTP/1.1" 200 14686 "-" "Mozilla/5.0 AppleWebKit/537.36 (KHTML, like Gecko; compatible; GPTBot/1.2; +https://openai.com/gptbot)"
20.171.207.125 - - [28/Apr/2025:09:57:19 -0400] "GET /wp-json/wp/v2/posts/19890 HTTP/1.1" 200 6200 "-" "Mozilla/5.0 AppleWebKit/537.36 (KHTML, like Gecko; compatible; GPTBot/1.2; +https://openai.com/gptbot)"
20.171.207.125 - - [28/Apr/2025:09:57:22 -0400] "GET /wp-json/wp/v2/posts/18610 HTTP/1.1" 200 17422 "-" "Mozilla/5.0 AppleWebKit/537.36 (KHTML, like Gecko; compatible; GPTBot/1.2; +https://openai.com/gptbot)"
66.249.74.40 - - [28/Apr/2025:09:57:27 -0400] "GET /2024/10/18/beste-spielhalle/ HTTP/1.1" 200 20509 "-" "Mozilla/5.0 (Linux; Android 6.0.1; Nexus 5X Build/MMB29P) AppleWebKit/537.36 (KHTML, like Gecko) Chrome/135.0.7049.95 Mobile Safari/537.36 (compatible; Googlebot/2.1; +http://www.google.com/bot.html)"
66.29.132.124 - - [28/Apr/2025:09:57:27 -0400] "POST /wp-cron.php?doing_wp_cron=1745848646.3890230655670166015625 HTTP/1.1" 200 0 "-" "WordPress/6.8; https://kamrancomputer.com"
20.171.207.125 - - [28/Apr/2025:09:57:24 -0400] "GET /wp-json/wp/v2/posts/14871 HTTP/1.1" 200 5631 "-" "Mozilla/5.0 AppleWebKit/537.36 (KHTML, like Gecko; compatible; GPTBot/1.2; +https://openai.com/gptbot)"
66.29.132.124 - - [28/Apr/2025:09:57:28 -0400] "POST /wp-admin/admin-ajax.php?action=async_litespeed&nonce=4xe65CMk2hM2YV61py4aGnJIjY16k3Ii&litespeed_type=imgoptm HTTP/1.1" 200 0 "-" "WordPress/6.8; https://kamrancomputer.com"
20.171.207.125 - - [28/Apr/2025:09:57:28 -0400] "GET /wp-json/wp/v2/posts/21360 HTTP/1.1" 200 5678 "-" "Mozilla/5.0 AppleWebKit/537.36 (KHTML, like Gecko; compatible; GPTBot/1.2; +https://openai.com/gptbot)"
20.171.207.125 - - [28/Apr/2025:09:57:32 -0400] "GET /wp-json/wp/v2/posts/23348 HTTP/1.1" 200 15932 "-" "Mozilla/5.0 AppleWebKit/537.36 (KHTML, like Gecko; compatible; GPTBot/1.2; +https://openai.com/gptbot)"
66.249.74.39 - - [28/Apr/2025:09:57:31 -0400] "GET /2024/10/19/hollywood-casino-online-games/ HTTP/1.1" 200 20414 "-" "Mozilla/5.0 (Linux; Android 6.0.1; Nexus 5X Build/MMB29P) AppleWebKit/537.36 (KHTML, like Gecko) Chrome/135.0.7049.95 Mobile Safari/537.36 (compatible; Googlebot/2.1; +http://www.google.com/bot.html)"
20.171.207.125 - - [28/Apr/2025:09:57:35 -0400] "GET /wp-json/wp/v2/posts/13646 HTTP/1.1" 200 5940 "-" "Mozilla/5.0 AppleWebKit/537.36 (KHTML, like Gecko; compatible; GPTBot/1.2; +https://openai.com/gptbot)"
20.171.207.125 - - [28/Apr/2025:09:57:39 -0400] "GET /wp-json/wp/v2/posts/12719 HTTP/1.1" 200 5991 "-" "Mozilla/5.0 AppleWebKit/537.36 (KHTML, like Gecko; compatible; GPTBot/1.2; +https://openai.com/gptbot)"
66.249.74.39 - - [28/Apr/2025:09:57:44 -0400] "GET /2024/10/18/maine-online-casinos/ HTTP/1.1" 200 20587 "-" "Mozilla/5.0 (Linux; Android 6.0.1; Nexus 5X Build/MMB29P) AppleWebKit/537.36 (KHTML, like Gecko) Chrome/135.0.7049.95 Mobile Safari/537.36 (compatible; Googlebot/2.1; +http://www.google.com/bot.html)"
20.171.207.125 - - [28/Apr/2025:09:57:42 -0400] "GET /wp-json/wp/v2/posts/18958 HTTP/1.1" 200 6189 "-" "Mozilla/5.0 AppleWebKit/537.36 (KHTML, like Gecko; compatible; GPTBot/1.2; +https://openai.com/gptbot)"
20.171.207.125 - - [28/Apr/2025:09:57:45 -0400] "GET /wp-json/wp/v2/posts/13829 HTTP/1.1" 200 20424 "-" "Mozilla/5.0 AppleWebKit/537.36 (KHTML, like Gecko; compatible; GPTBot/1.2; +https://openai.com/gptbot)"
20.171.207.125 - - [28/Apr/2025:09:57:48 -0400] "GET /wp-json/wp/v2/posts/12104 HTTP/1.1" 200 6313 "-" "Mozilla/5.0 AppleWebKit/537.36 (KHTML, like Gecko; compatible; GPTBot/1.2; +https://openai.com/gptbot)"
20.171.207.125 - - [28/Apr/2025:09:57:51 -0400] "GET /wp-json/wp/v2/posts/16060 HTTP/1.1" 200 5615 "-" "Mozilla/5.0 AppleWebKit/537.36 (KHTML, like Gecko; compatible; GPTBot/1.2; +https://openai.com/gptbot)"
20.171.207.125 - - [28/Apr/2025:09:57:54 -0400] "GET /wp-json/wp/v2/posts/20894 HTTP/1.1" 200 5820 "-" "Mozilla/5.0 AppleWebKit/537.36 (KHTML, like Gecko; compatible; GPTBot/1.2; +https://openai.com/gptbot)"
20.171.207.125 - - [28/Apr/2025:09:57:58 -0400] "GET /?p=20359 HTTP/1.1" 301 0 "-" "Mozilla/5.0 AppleWebKit/537.36 (KHTML, like Gecko; compatible; GPTBot/1.2; +https://openai.com/gptbot)"
20.171.207.125 - - [28/Apr/2025:09:58:01 -0400] "GET /wp-json/wp/v2/posts/20359 HTTP/1.1" 200 15597 "-" "Mozilla/5.0 AppleWebKit/537.36 (KHTML, like Gecko; compatible; GPTBot/1.2; +https://openai.com/gptbot)"
20.171.207.125 - - [28/Apr/2025:09:58:04 -0400] "GET /wp-json/wp/v2/posts/19796 HTTP/1.1" 200 6002 "-" "Mozilla/5.0 AppleWebKit/537.36 (KHTML, like Gecko; compatible; GPTBot/1.2; +https://openai.com/gptbot)"
20.171.207.125 - - [28/Apr/2025:09:58:06 -0400] "GET /wp-json/wp/v2/posts/23068 HTTP/1.1" 200 5949 "-" "Mozilla/5.0 AppleWebKit/537.36 (KHTML, like Gecko; compatible; GPTBot/1.2; +https://openai.com/gptbot)"
20.171.207.125 - - [28/Apr/2025:09:58:10 -0400] "GET /wp-json/wp/v2/posts/19327 HTTP/1.1" 200 18193 "-" "Mozilla/5.0 AppleWebKit/537.36 (KHTML, like Gecko; compatible; GPTBot/1.2; +https://openai.com/gptbot)"
20.171.207.125 - - [28/Apr/2025:09:58:14 -0400] "GET /?p=12345 HTTP/1.1" 301 0 "-" "Mozilla/5.0 AppleWebKit/537.36 (KHTML, like Gecko; compatible; GPTBot/1.2; +https://openai.com/gptbot)"
20.171.207.125 - - [28/Apr/2025:09:58:31 -0400] "GET /?p=15817 HTTP/1.1" 301 0 "-" "Mozilla/5.0 AppleWebKit/537.36 (KHTML, like Gecko; compatible; GPTBot/1.2; +https://openai.com/gptbot)"
20.171.207.125 - - [28/Apr/2025:09:58:33 -0400] "GET /?p=22951 HTTP/1.1" 301 0 "-" "Mozilla/5.0 AppleWebKit/537.36 (KHTML, like Gecko; compatible; GPTBot/1.2; +https://openai.com/gptbot)"
20.171.207.125 - - [28/Apr/2025:09:58:36 -0400] "GET /?p=3960 HTTP/1.1" 301 0 "-" "Mozilla/5.0 AppleWebKit/537.36 (KHTML, like Gecko; compatible; GPTBot/1.2; +https://openai.com/gptbot)"
20.171.207.125 - - [28/Apr/2025:09:58:38 -0400] "GET /wp-json/wp/v2/posts/19327 HTTP/1.1" 200 18193 "-" "Mozilla/5.0 AppleWebKit/537.36 (KHTML, like Gecko; compatible; GPTBot/1.2; +https://openai.com/gptbot)"
20.171.207.125 - - [28/Apr/2025:09:58:41 -0400] "GET /?p=2625 HTTP/1.1" 301 0 "-" "Mozilla/5.0 AppleWebKit/537.36 (KHTML, like Gecko; compatible; GPTBot/1.2; +https://openai.com/gptbot)"
20.171.207.125 - - [28/Apr/2025:09:58:43 -0400] "GET /?p=12345 HTTP/1.1" 301 0 "-" "Mozilla/5.0 AppleWebKit/537.36 (KHTML, like Gecko; compatible; GPTBot/1.2; +https://openai.com/gptbot)"
20.171.207.125 - - [28/Apr/2025:09:58:45 -0400] "GET /2024/10/18/crown-casino-melbourne-dress-code/ HTTP/1.1" 200 19997 "-" "Mozilla/5.0 AppleWebKit/537.36 (KHTML, like Gecko; compatible; GPTBot/1.2; +https://openai.com/gptbot)"
20.171.207.125 - - [28/Apr/2025:09:58:48 -0400] "GET /2024/10/18/live-casino-online-real-money/ HTTP/1.1" 200 20160 "-" "Mozilla/5.0 AppleWebKit/537.36 (KHTML, like Gecko; compatible; GPTBot/1.2; +https://openai.com/gptbot)"
66.29.132.124 - - [28/Apr/2025:09:58:53 -0400] "POST /wp-cron.php?doing_wp_cron=1745848733.6241741180419921875000 HTTP/1.1" 200 0 "-" "WordPress/6.8; https://kamrancomputer.com"
20.171.207.125 - - [28/Apr/2025:09:58:52 -0400] "GET /2024/10/19/gametiwst/ HTTP/1.1" 200 20242 "-" "Mozilla/5.0 AppleWebKit/537.36 (KHTML, like Gecko; compatible; GPTBot/1.2; +https://openai.com/gptbot)"
66.29.132.124 - - [28/Apr/2025:09:58:55 -0400] "POST /wp-admin/admin-ajax.php?action=async_litespeed&nonce=hQj3lNXT6sBq8AgiQHFL1BG80yMtMKlK&litespeed_type=imgoptm HTTP/1.1" 200 0 "-" "WordPress/6.8; https://kamrancomputer.com"
20.171.207.125 - - [28/Apr/2025:09:58:55 -0400] "GET /2024/10/19/australian-bookmakers-list/ HTTP/1.1" 200 20436 "-" "Mozilla/5.0 AppleWebKit/537.36 (KHTML, like Gecko; compatible; GPTBot/1.2; +https://openai.com/gptbot)"
20.171.207.125 - - [28/Apr/2025:09:58:58 -0400] "GET /2024/10/18/what-online-casinos-pay-real-money/ HTTP/1.1" 200 20601 "-" "Mozilla/5.0 AppleWebKit/537.36 (KHTML, like Gecko; compatible; GPTBot/1.2; +https://openai.com/gptbot)"
20.171.207.125 - - [28/Apr/2025:09:59:02 -0400] "GET /wp-json/elementskit/v1/ HTTP/1.1" 404 114 "-" "Mozilla/5.0 AppleWebKit/537.36 (KHTML, like Gecko; compatible; GPTBot/1.2; +https://openai.com/gptbot)"
20.171.207.125 - - [28/Apr/2025:09:59:05 -0400] "GET /wp-json/wp/v2/posts/15817 HTTP/1.1" 200 6384 "-" "Mozilla/5.0 AppleWebKit/537.36 (KHTML, like Gecko; compatible; GPTBot/1.2; +https://openai.com/gptbot)"
20.171.207.125 - - [28/Apr/2025:09:59:08 -0400] "GET /2024/10/19/clubwpt-online-poker-and-casino/ HTTP/1.1" 200 20625 "-" "Mozilla/5.0 AppleWebKit/537.36 (KHTML, like Gecko; compatible; GPTBot/1.2; +https://openai.com/gptbot)"
20.171.207.125 - - [28/Apr/2025:09:59:11 -0400] "GET /2024/10/14/mi-online-casinos/ HTTP/1.1" 200 20616 "-" "Mozilla/5.0 AppleWebKit/537.36 (KHTML, like Gecko; compatible; GPTBot/1.2; +https://openai.com/gptbot)"
20.171.207.125 - - [28/Apr/2025:09:59:14 -0400] "GET /?p=16814 HTTP/1.1" 301 0 "-" "Mozilla/5.0 AppleWebKit/537.36 (KHTML, like Gecko; compatible; GPTBot/1.2; +https://openai.com/gptbot)"
20.171.207.125 - - [28/Apr/2025:09:59:17 -0400] "GET /?p=11574 HTTP/1.1" 301 0 "-" "Mozilla/5.0 AppleWebKit/537.36 (KHTML, like Gecko; compatible; GPTBot/1.2; +https://openai.com/gptbot)"
20.171.207.125 - - [28/Apr/2025:09:59:19 -0400] "GET /?p=18818 HTTP/1.1" 301 0 "-" "Mozilla/5.0 AppleWebKit/537.36 (KHTML, like Gecko; compatible; GPTBot/1.2; +https://openai.com/gptbot)"
20.171.207.125 - - [28/Apr/2025:09:59:23 -0400] "GET /?p=7739 HTTP/1.1" 301 0 "-" "Mozilla/5.0 AppleWebKit/537.36 (KHTML, like Gecko; compatible; GPTBot/1.2; +https://openai.com/gptbot)"
66.29.132.124 - - [28/Apr/2025:09:59:27 -0400] "POST /wp-cron.php?doing_wp_cron=1745848766.8574709892272949218750 HTTP/1.1" 200 0 "-" "WordPress/6.8; https://kamrancomputer.com"
20.171.207.125 - - [28/Apr/2025:09:59:25 -0400] "GET /2024/10/14/mohegan-sun-online-casino-nj/ HTTP/1.1" 200 20686 "-" "Mozilla/5.0 AppleWebKit/537.36 (KHTML, like Gecko; compatible; GPTBot/1.2; +https://openai.com/gptbot)"
66.29.132.124 - - [28/Apr/2025:09:59:29 -0400] "POST /wp-admin/admin-ajax.php?action=async_litespeed&nonce=IfNNTDkix3UuEt8d0lfaDEC2xXnE5Koo&litespeed_type=imgoptm HTTP/1.1" 200 0 "-" "WordPress/6.8; https://kamrancomputer.com"
20.171.207.125 - - [28/Apr/2025:09:59:28 -0400] "GET /2024/10/19/gametiwst/images/gametiwist_plant_genetics.jpg HTTP/1.1" 404 18465 "-" "Mozilla/5.0 AppleWebKit/537.36 (KHTML, like Gecko; compatible; GPTBot/1.2; +https://openai.com/gptbot)"
20.171.207.125 - - [28/Apr/2025:09:59:33 -0400] "GET /wp-json/elementskit/v1/ HTTP/1.1" 404 114 "-" "Mozilla/5.0 AppleWebKit/537.36 (KHTML, like Gecko; compatible; GPTBot/1.2; +https://openai.com/gptbot)"
20.171.207.125 - - [28/Apr/2025:09:59:36 -0400] "GET /2024/10/18/arizona-online-casino/ HTTP/1.1" 200 20527 "-" "Mozilla/5.0 AppleWebKit/537.36 (KHTML, like Gecko; compatible; GPTBot/1.2; +https://openai.com/gptbot)"
20.171.207.125 - - [28/Apr/2025:09:59:41 -0400] "GET /2024/10/19/gametiwst/images/gametiwist_human_health.jpg HTTP/1.1" 404 18465 "-" "Mozilla/5.0 AppleWebKit/537.36 (KHTML, like Gecko; compatible; GPTBot/1.2; +https://openai.com/gptbot)"
20.171.207.125 - - [28/Apr/2025:09:59:45 -0400] "GET /2024/10/19/gametiwst/images/gametiwist_animal_reproduction.jpg HTTP/1.1" 404 18465 "-" "Mozilla/5.0 AppleWebKit/537.36 (KHTML, like Gecko; compatible; GPTBot/1.2; +https://openai.com/gptbot)"
20.171.207.125 - - [28/Apr/2025:09:59:49 -0400] "GET /2024/10/14/mi-online-casinos/images/casino.jpg HTTP/1.1" 404 18465 "-" "Mozilla/5.0 AppleWebKit/537.36 (KHTML, like Gecko; compatible; GPTBot/1.2; +https://openai.com/gptbot)"
66.29.132.124 - - [28/Apr/2025:09:59:55 -0400] "POST /wp-cron.php?doing_wp_cron=1745848795.3994181156158447265625 HTTP/1.1" 200 0 "-" "WordPress/6.8; https://kamrancomputer.com"
20.171.207.125 - - [28/Apr/2025:09:59:53 -0400] "GET /wp-json/wp/v2/posts/16814 HTTP/1.1" 200 6680 "-" "Mozilla/5.0 AppleWebKit/537.36 (KHTML, like Gecko; compatible; GPTBot/1.2; +https://openai.com/gptbot)"
20.171.207.125 - - [28/Apr/2025:09:59:58 -0400] "GET /2024/10/18/casino-mit-1-euro-einzahlung/ HTTP/1.1" 200 20739 "-" "Mozilla/5.0 AppleWebKit/537.36 (KHTML, like Gecko; compatible; GPTBot/1.2; +https://openai.com/gptbot)"
20.171.207.125 - - [28/Apr/2025:10:00:02 -0400] "GET /2024/10/19/crown-casino-online-pokies/ HTTP/1.1" 200 19817 "-" "Mozilla/5.0 AppleWebKit/537.36 (KHTML, like Gecko; compatible; GPTBot/1.2; +https://openai.com/gptbot)"
20.171.207.125 - - [28/Apr/2025:10:00:06 -0400] "GET /2024/10/18/maxbet-kazino/ HTTP/1.1" 200 21978 "-" "Mozilla/5.0 AppleWebKit/537.36 (KHTML, like Gecko; compatible; GPTBot/1.2; +https://openai.com/gptbot)"
20.171.207.125 - - [28/Apr/2025:10:00:12 -0400] "GET /wp-json/elementskit/v1/ HTTP/1.1" 404 114 "-" "Mozilla/5.0 AppleWebKit/537.36 (KHTML, like Gecko; compatible; GPTBot/1.2; +https://openai.com/gptbot)"
20.171.207.125 - - [28/Apr/2025:10:00:17 -0400] "GET /wp-json/wp/v2/posts/11574 HTTP/1.1" 200 15662 "-" "Mozilla/5.0 AppleWebKit/537.36 (KHTML, like Gecko; compatible; GPTBot/1.2; +https://openai.com/gptbot)"
20.171.207.125 - - [28/Apr/2025:10:00:22 -0400] "GET /wp-json/wp/v2/posts/18801 HTTP/1.1" 200 6365 "-" "Mozilla/5.0 AppleWebKit/537.36 (KHTML, like Gecko; compatible; GPTBot/1.2; +https://openai.com/gptbot)"
66.29.132.124 - - [28/Apr/2025:10:00:27 -0400] "POST /wp-cron.php?doing_wp_cron=1745848827.8328220844268798828125 HTTP/1.1" 200 0 "-" "WordPress/6.8; https://kamrancomputer.com"
20.171.207.125 - - [28/Apr/2025:09:58:17 -0400] "GET /?p=20162 HTTP/1.1" 301 0 "-" "Mozilla/5.0 AppleWebKit/537.36 (KHTML, like Gecko; compatible; GPTBot/1.2; +https://openai.com/gptbot)"
20.171.207.125 - - [28/Apr/2025:09:58:20 -0400] "GET /wp-json/wp/v2/posts/12345 HTTP/1.1" 200 5579 "-" "Mozilla/5.0 AppleWebKit/537.36 (KHTML, like Gecko; compatible; GPTBot/1.2; +https://openai.com/gptbot)"
20.171.207.125 - - [28/Apr/2025:09:58:22 -0400] "GET /?p=18801 HTTP/1.1" 301 0 "-" "Mozilla/5.0 AppleWebKit/537.36 (KHTML, like Gecko; compatible; GPTBot/1.2; +https://openai.com/gptbot)"
20.171.207.125 - - [28/Apr/2025:09:58:25 -0400] "GET /?p=8078 HTTP/1.1" 301 0 "-" "Mozilla/5.0 AppleWebKit/537.36 (KHTML, like Gecko; compatible; GPTBot/1.2; +https://openai.com/gptbot)"
20.171.207.125 - - [28/Apr/2025:09:58:27 -0400] "GET /2024/10/19/onlajn-kazino-vulkan-olimp/ HTTP/1.1" 200 21646 "-" "Mozilla/5.0 AppleWebKit/537.36 (KHTML, like Gecko; compatible; GPTBot/1.2; +https://openai.com/gptbot)"
20.171.207.125 - - [28/Apr/2025:10:00:26 -0400] "GET /wp-json/wp/v2/posts/19880 HTTP/1.1" 200 6518 "-" "Mozilla/5.0 AppleWebKit/537.36 (KHTML, like Gecko; compatible; GPTBot/1.2; +https://openai.com/gptbot)"
66.29.132.124 - - [28/Apr/2025:10:00:29 -0400] "POST /wp-admin/admin-ajax.php?action=async_litespeed&nonce=B5iEWML91NVGJYL8JbmlfjeNavMyVU0g&litespeed_type=imgoptm HTTP/1.1" 200 0 "-" "WordPress/6.8; https://kamrancomputer.com"
20.171.207.125 - - [28/Apr/2025:10:00:30 -0400] "GET /wp-json/wp/v2/posts/18275 HTTP/1.1" 200 5722 "-" "Mozilla/5.0 AppleWebKit/537.36 (KHTML, like Gecko; compatible; GPTBot/1.2; +https://openai.com/gptbot)"
20.171.207.125 - - [28/Apr/2025:10:00:34 -0400] "GET /wp-json/wp/v2/posts/19521 HTTP/1.1" 200 6190 "-" "Mozilla/5.0 AppleWebKit/537.36 (KHTML, like Gecko; compatible; GPTBot/1.2; +https://openai.com/gptbot)"
20.171.207.125 - - [28/Apr/2025:10:00:38 -0400] "GET /wp-json/wp/v2/posts/19575 HTTP/1.1" 200 6361 "-" "Mozilla/5.0 AppleWebKit/537.36 (KHTML, like Gecko; compatible; GPTBot/1.2; +https://openai.com/gptbot)"
20.171.207.125 - - [28/Apr/2025:10:00:42 -0400] "GET /wp-json/elementskit/v1/ HTTP/1.1" 404 114 "-" "Mozilla/5.0 AppleWebKit/537.36 (KHTML, like Gecko; compatible; GPTBot/1.2; +https://openai.com/gptbot)"
20.171.207.125 - - [28/Apr/2025:10:00:45 -0400] "GET /wp-json/wp/v2/posts/11025 HTTP/1.1" 200 6001 "-" "Mozilla/5.0 AppleWebKit/537.36 (KHTML, like Gecko; compatible; GPTBot/1.2; +https://openai.com/gptbot)"
20.171.207.125 - - [28/Apr/2025:10:00:47 -0400] "GET /wp-json/oembed/1.0/embed?format=xml&url=https%3A%2F%2Fkamrancomputer.com%2F2024%2F10%2F19%2Fcrown-casino-online-pokies%2F HTTP/1.1" 200 1039 "-" "Mozilla/5.0 AppleWebKit/537.36 (KHTML, like Gecko; compatible; GPTBot/1.2; +https://openai.com/gptbot)"
66.29.132.124 - - [28/Apr/2025:10:00:54 -0400] "POST /wp-cron.php?doing_wp_cron=1745848852.5712080001831054687500 HTTP/1.1" 200 0 "-" "WordPress/6.8; https://kamrancomputer.com"
20.171.207.125 - - [28/Apr/2025:10:00:51 -0400] "GET /wp-json/wp/v2/posts/13844 HTTP/1.1" 200 5569 "-" "Mozilla/5.0 AppleWebKit/537.36 (KHTML, like Gecko; compatible; GPTBot/1.2; +https://openai.com/gptbot)"
20.171.207.125 - - [28/Apr/2025:10:00:56 -0400] "GET /wp-json/wp/v2/posts/15669 HTTP/1.1" 200 5500 "-" "Mozilla/5.0 AppleWebKit/537.36 (KHTML, like Gecko; compatible; GPTBot/1.2; +https://openai.com/gptbot)"
20.171.207.125 - - [28/Apr/2025:10:01:00 -0400] "GET /wp-json/wp/v2/posts/17208 HTTP/1.1" 200 20041 "-" "Mozilla/5.0 AppleWebKit/537.36 (KHTML, like Gecko; compatible; GPTBot/1.2; +https://openai.com/gptbot)"
20.171.207.125 - - [28/Apr/2025:10:01:03 -0400] "GET /wp-json/wp/v2/posts/14479 HTTP/1.1" 200 6957 "-" "Mozilla/5.0 AppleWebKit/537.36 (KHTML, like Gecko; compatible; GPTBot/1.2; +https://openai.com/gptbot)"
20.171.207.125 - - [28/Apr/2025:10:01:08 -0400] "GET /wp-json/wp/v2/posts/13137 HTTP/1.1" 200 6356 "-" "Mozilla/5.0 AppleWebKit/537.36 (KHTML, like Gecko; compatible; GPTBot/1.2; +https://openai.com/gptbot)"
20.171.207.125 - - [28/Apr/2025:10:01:12 -0400] "GET /wp-json/wp/v2/posts/20560 HTTP/1.1" 200 6739 "-" "Mozilla/5.0 AppleWebKit/537.36 (KHTML, like Gecko; compatible; GPTBot/1.2; +https://openai.com/gptbot)"
20.171.207.125 - - [28/Apr/2025:10:01:15 -0400] "GET /wp-json/wp/v2/posts/10263 HTTP/1.1" 200 17542 "-" "Mozilla/5.0 AppleWebKit/537.36 (KHTML, like Gecko; compatible; GPTBot/1.2; +https://openai.com/gptbot)"
20.171.207.125 - - [28/Apr/2025:10:01:18 -0400] "GET /wp-json/wp/v2/posts/21619 HTTP/1.1" 200 6099 "-" "Mozilla/5.0 AppleWebKit/537.36 (KHTML, like Gecko; compatible; GPTBot/1.2; +https://openai.com/gptbot)"
20.171.207.125 - - [28/Apr/2025:10:01:21 -0400] "GET /wp-json/wp/v2/posts/11379 HTTP/1.1" 200 6992 "-" "Mozilla/5.0 AppleWebKit/537.36 (KHTML, like Gecko; compatible; GPTBot/1.2; +https://openai.com/gptbot)"
20.171.207.125 - - [28/Apr/2025:10:01:23 -0400] "GET /2024/10/19/crown-casino-online-pokies/embed/ HTTP/1.1" 200 22736 "-" "Mozilla/5.0 AppleWebKit/537.36 (KHTML, like Gecko; compatible; GPTBot/1.2; +https://openai.com/gptbot)"
20.171.207.125 - - [28/Apr/2025:10:01:26 -0400] "GET /wp-json/wp/v2/posts/18810 HTTP/1.1" 200 5349 "-" "Mozilla/5.0 AppleWebKit/537.36 (KHTML, like Gecko; compatible; GPTBot/1.2; +https://openai.com/gptbot)"
20.171.207.125 - - [28/Apr/2025:10:01:28 -0400] "GET /wp-json/wp/v2/posts/14918 HTTP/1.1" 200 5887 "-" "Mozilla/5.0 AppleWebKit/537.36 (KHTML, like Gecko; compatible; GPTBot/1.2; +https://openai.com/gptbot)"
20.171.207.125 - - [28/Apr/2025:10:01:30 -0400] "GET /wp-json/wp/v2/posts/21381 HTTP/1.1" 200 5546 "-" "Mozilla/5.0 AppleWebKit/537.36 (KHTML, like Gecko; compatible; GPTBot/1.2; +https://openai.com/gptbot)"
20.171.207.125 - - [28/Apr/2025:10:01:33 -0400] "GET /wp-json/wp/v2/posts/17501 HTTP/1.1" 200 5236 "-" "Mozilla/5.0 AppleWebKit/537.36 (KHTML, like Gecko; compatible; GPTBot/1.2; +https://openai.com/gptbot)"
20.171.207.125 - - [28/Apr/2025:10:01:35 -0400] "GET /wp-json/wp/v2/posts/13453 HTTP/1.1" 200 6524 "-" "Mozilla/5.0 AppleWebKit/537.36 (KHTML, like Gecko; compatible; GPTBot/1.2; +https://openai.com/gptbot)"
20.171.207.125 - - [28/Apr/2025:10:01:38 -0400] "GET /wp-json/wp/v2/posts/17802 HTTP/1.1" 200 17658 "-" "Mozilla/5.0 AppleWebKit/537.36 (KHTML, like Gecko; compatible; GPTBot/1.2; +https://openai.com/gptbot)"
20.171.207.125 - - [28/Apr/2025:10:01:41 -0400] "GET /wp-json/wp/v2/posts/17923 HTTP/1.1" 200 5771 "-" "Mozilla/5.0 AppleWebKit/537.36 (KHTML, like Gecko; compatible; GPTBot/1.2; +https://openai.com/gptbot)"
20.171.207.125 - - [28/Apr/2025:10:01:42 -0400] "GET /wp-json/wp/v2/posts/22658 HTTP/1.1" 200 5868 "-" "Mozilla/5.0 AppleWebKit/537.36 (KHTML, like Gecko; compatible; GPTBot/1.2; +https://openai.com/gptbot)"
20.171.207.125 - - [28/Apr/2025:10:01:45 -0400] "GET /wp-json/wp/v2/posts/21273 HTTP/1.1" 200 5979 "-" "Mozilla/5.0 AppleWebKit/537.36 (KHTML, like Gecko; compatible; GPTBot/1.2; +https://openai.com/gptbot)"
20.171.207.125 - - [28/Apr/2025:10:01:47 -0400] "GET /wp-json/elementskit/v1/ HTTP/1.1" 404 114 "-" "Mozilla/5.0 AppleWebKit/537.36 (KHTML, like Gecko; compatible; GPTBot/1.2; +https://openai.com/gptbot)"
20.171.207.125 - - [28/Apr/2025:10:01:50 -0400] "GET /wp-json/wp/v2/posts/12206 HTTP/1.1" 200 14373 "-" "Mozilla/5.0 AppleWebKit/537.36 (KHTML, like Gecko; compatible; GPTBot/1.2; +https://openai.com/gptbot)"
