20.171.207.125 - - [28/Apr/2025:09:01:21 -0400] "GET /2024/10/18/stargsmes/ HTTP/1.1" 200 20095 "-" "Mozilla/5.0 AppleWebKit/537.36 (KHTML, like Gecko; compatible; GPTBot/1.2; +https://openai.com/gptbot)"
20.171.207.125 - - [28/Apr/2025:09:01:22 -0400] "GET /?p=7975 HTTP/1.1" 301 0 "-" "Mozilla/5.0 AppleWebKit/537.36 (KHTML, like Gecko; compatible; GPTBot/1.2; +https://openai.com/gptbot)"
20.171.207.125 - - [28/Apr/2025:09:01:23 -0400] "GET /?p=4578 HTTP/1.1" 301 0 "-" "Mozilla/5.0 AppleWebKit/537.36 (KHTML, like Gecko; compatible; GPTBot/1.2; +https://openai.com/gptbot)"
20.171.207.125 - - [28/Apr/2025:09:01:25 -0400] "GET /?p=23068 HTTP/1.1" 301 0 "-" "Mozilla/5.0 AppleWebKit/537.36 (KHTML, like Gecko; compatible; GPTBot/1.2; +https://openai.com/gptbot)"
20.171.207.125 - - [28/Apr/2025:09:01:26 -0400] "GET /2024/10/18/twin-river-casino-online/ HTTP/1.1" 200 20545 "-" "Mozilla/5.0 AppleWebKit/537.36 (KHTML, like Gecko; compatible; GPTBot/1.2; +https://openai.com/gptbot)"
20.171.207.125 - - [28/Apr/2025:09:01:28 -0400] "GET /2024/10/18/caesars-online-casino-promo-code/ HTTP/1.1" 200 20121 "-" "Mozilla/5.0 AppleWebKit/537.36 (KHTML, like Gecko; compatible; GPTBot/1.2; +https://openai.com/gptbot)"
20.171.207.125 - - [28/Apr/2025:09:01:30 -0400] "GET /?p=8291 HTTP/1.1" 301 0 "-" "Mozilla/5.0 AppleWebKit/537.36 (KHTML, like Gecko; compatible; GPTBot/1.2; +https://openai.com/gptbot)"
20.171.207.125 - - [28/Apr/2025:09:01:32 -0400] "GET /2024/10/14/all-casino-app/ HTTP/1.1" 200 20538 "-" "Mozilla/5.0 AppleWebKit/537.36 (KHTML, like Gecko; compatible; GPTBot/1.2; +https://openai.com/gptbot)"
20.171.207.125 - - [28/Apr/2025:09:01:34 -0400] "GET /2024/10/19/gratis-spiele-novoline/ HTTP/1.1" 200 20406 "-" "Mozilla/5.0 AppleWebKit/537.36 (KHTML, like Gecko; compatible; GPTBot/1.2; +https://openai.com/gptbot)"
20.171.207.125 - - [28/Apr/2025:09:01:36 -0400] "GET /?p=20066 HTTP/1.1" 301 0 "-" "Mozilla/5.0 AppleWebKit/537.36 (KHTML, like Gecko; compatible; GPTBot/1.2; +https://openai.com/gptbot)"
20.171.207.125 - - [28/Apr/2025:09:01:37 -0400] "GET /?p=4340 HTTP/1.1" 301 0 "-" "Mozilla/5.0 AppleWebKit/537.36 (KHTML, like Gecko; compatible; GPTBot/1.2; +https://openai.com/gptbot)"
20.171.207.125 - - [28/Apr/2025:09:01:39 -0400] "GET /2024/10/18/online-casino-mit-handyrechnung-bezahlen-osterreich/ HTTP/1.1" 200 20654 "-" "Mozilla/5.0 AppleWebKit/537.36 (KHTML, like Gecko; compatible; GPTBot/1.2; +https://openai.com/gptbot)"
20.171.207.125 - - [28/Apr/2025:09:01:41 -0400] "GET /2024/10/18/stargsmes/images/stargsmes_umwelt.jpg HTTP/1.1" 404 18464 "-" "Mozilla/5.0 AppleWebKit/537.36 (KHTML, like Gecko; compatible; GPTBot/1.2; +https://openai.com/gptbot)"
20.171.207.125 - - [28/Apr/2025:09:01:43 -0400] "GET /2024/10/18/stargsmes/images/stargsmes_medizin.jpg HTTP/1.1" 404 18464 "-" "Mozilla/5.0 AppleWebKit/537.36 (KHTML, like Gecko; compatible; GPTBot/1.2; +https://openai.com/gptbot)"
20.171.207.125 - - [28/Apr/2025:09:01:45 -0400] "GET /?p=14092 HTTP/1.1" 301 0 "-" "Mozilla/5.0 AppleWebKit/537.36 (KHTML, like Gecko; compatible; GPTBot/1.2; +https://openai.com/gptbot)"
20.171.207.125 - - [28/Apr/2025:09:01:47 -0400] "GET /2024/10/18/stargsmes/images/stargsmes_technologie.jpg HTTP/1.1" 404 18464 "-" "Mozilla/5.0 AppleWebKit/537.36 (KHTML, like Gecko; compatible; GPTBot/1.2; +https://openai.com/gptbot)"
20.171.207.125 - - [28/Apr/2025:09:01:49 -0400] "GET /2024/10/18/oficialnye-kazino/ HTTP/1.1" 200 22363 "-" "Mozilla/5.0 AppleWebKit/537.36 (KHTML, like Gecko; compatible; GPTBot/1.2; +https://openai.com/gptbot)"
66.29.132.124 - - [28/Apr/2025:09:01:53 -0400] "POST /wp-cron.php?doing_wp_cron=1745845313.5360059738159179687500 HTTP/1.1" 200 0 "-" "WordPress/6.8; https://kamrancomputer.com"
20.171.207.125 - - [28/Apr/2025:09:01:52 -0400] "GET /2024/10/18/caesars-online-casino-promo-code/caesars-casino-promotions.jpg HTTP/1.1" 404 18464 "-" "Mozilla/5.0 AppleWebKit/537.36 (KHTML, like Gecko; compatible; GPTBot/1.2; +https://openai.com/gptbot)"
20.171.207.125 - - [28/Apr/2025:09:01:54 -0400] "GET /?p=10364 HTTP/1.1" 301 0 "-" "Mozilla/5.0 AppleWebKit/537.36 (KHTML, like Gecko; compatible; GPTBot/1.2; +https://openai.com/gptbot)"
66.29.132.124 - - [28/Apr/2025:09:01:56 -0400] "POST /wp-admin/admin-ajax.php?action=async_litespeed&nonce=EXMgeDQ7n5sk04LghC9fr7wjyfrLaoTT&litespeed_type=imgoptm HTTP/1.1" 200 0 "-" "WordPress/6.8; https://kamrancomputer.com"
20.171.207.125 - - [28/Apr/2025:09:01:57 -0400] "GET /2024/10/19/pin-ap-kazino-oficialnyj-sajt/ HTTP/1.1" 200 22063 "-" "Mozilla/5.0 AppleWebKit/537.36 (KHTML, like Gecko; compatible; GPTBot/1.2; +https://openai.com/gptbot)"
20.171.207.125 - - [28/Apr/2025:09:01:59 -0400] "GET /?p=9630 HTTP/1.1" 301 0 "-" "Mozilla/5.0 AppleWebKit/537.36 (KHTML, like Gecko; compatible; GPTBot/1.2; +https://openai.com/gptbot)"
20.171.207.125 - - [28/Apr/2025:09:02:02 -0400] "GET /2024/10/18/kazino-vulkan-platinum/ HTTP/1.1" 200 25431 "-" "Mozilla/5.0 AppleWebKit/537.36 (KHTML, like Gecko; compatible; GPTBot/1.2; +https://openai.com/gptbot)"
20.171.207.125 - - [28/Apr/2025:09:02:05 -0400] "GET /2024/10/14/betfair-online-casino/ HTTP/1.1" 200 20384 "-" "Mozilla/5.0 AppleWebKit/537.36 (KHTML, like Gecko; compatible; GPTBot/1.2; +https://openai.com/gptbot)"
20.171.207.125 - - [28/Apr/2025:09:02:08 -0400] "GET /2024/10/18/ballys-casino-online/ HTTP/1.1" 200 19883 "-" "Mozilla/5.0 AppleWebKit/537.36 (KHTML, like Gecko; compatible; GPTBot/1.2; +https://openai.com/gptbot)"
20.171.207.125 - - [28/Apr/2025:09:02:11 -0400] "GET /2024/10/19/sky-crown-online/ HTTP/1.1" 200 20394 "-" "Mozilla/5.0 AppleWebKit/537.36 (KHTML, like Gecko; compatible; GPTBot/1.2; +https://openai.com/gptbot)"
20.171.207.125 - - [28/Apr/2025:09:02:14 -0400] "GET /2024/10/19/gemetwist/ HTTP/1.1" 200 20080 "-" "Mozilla/5.0 AppleWebKit/537.36 (KHTML, like Gecko; compatible; GPTBot/1.2; +https://openai.com/gptbot)"
20.171.207.125 - - [28/Apr/2025:09:02:17 -0400] "GET /?p=7005 HTTP/1.1" 301 0 "-" "Mozilla/5.0 AppleWebKit/537.36 (KHTML, like Gecko; compatible; GPTBot/1.2; +https://openai.com/gptbot)"
20.171.207.125 - - [28/Apr/2025:09:02:20 -0400] "GET /?p=18134 HTTP/1.1" 301 0 "-" "Mozilla/5.0 AppleWebKit/537.36 (KHTML, like Gecko; compatible; GPTBot/1.2; +https://openai.com/gptbot)"
20.171.207.125 - - [28/Apr/2025:09:02:23 -0400] "GET /?p=19802 HTTP/1.1" 301 0 "-" "Mozilla/5.0 AppleWebKit/537.36 (KHTML, like Gecko; compatible; GPTBot/1.2; +https://openai.com/gptbot)"
66.29.132.124 - - [28/Apr/2025:09:02:26 -0400] "POST /wp-cron.php?doing_wp_cron=1745845346.4421260356903076171875 HTTP/1.1" 200 0 "-" "WordPress/6.8; https://kamrancomputer.com"
20.171.207.125 - - [28/Apr/2025:09:02:25 -0400] "GET /?p=7583 HTTP/1.1" 301 0 "-" "Mozilla/5.0 AppleWebKit/537.36 (KHTML, like Gecko; compatible; GPTBot/1.2; +https://openai.com/gptbot)"
20.171.207.125 - - [28/Apr/2025:09:02:27 -0400] "GET /?p=4879 HTTP/1.1" 301 0 "-" "Mozilla/5.0 AppleWebKit/537.36 (KHTML, like Gecko; compatible; GPTBot/1.2; +https://openai.com/gptbot)"
66.29.132.124 - - [28/Apr/2025:09:02:28 -0400] "POST /wp-admin/admin-ajax.php?action=async_litespeed&nonce=YkyHoqUEDvqU3zjyIelaqtJ6wQ7Ohhwq&litespeed_type=imgoptm HTTP/1.1" 200 0 "-" "WordPress/6.8; https://kamrancomputer.com"
20.171.207.125 - - [28/Apr/2025:09:02:29 -0400] "GET /?p=7760 HTTP/1.1" 301 0 "-" "Mozilla/5.0 AppleWebKit/537.36 (KHTML, like Gecko; compatible; GPTBot/1.2; +https://openai.com/gptbot)"
20.171.207.125 - - [28/Apr/2025:09:02:31 -0400] "GET /2024/10/18/casinos-online-que-regalan-un-deposito-inicial-para-jugar/ HTTP/1.1" 200 20764 "-" "Mozilla/5.0 AppleWebKit/537.36 (KHTML, like Gecko; compatible; GPTBot/1.2; +https://openai.com/gptbot)"
20.171.207.125 - - [28/Apr/2025:09:02:33 -0400] "GET /2024/10/18/casino-online-germania-bonus-fara-depunere/ HTTP/1.1" 200 20307 "-" "Mozilla/5.0 AppleWebKit/537.36 (KHTML, like Gecko; compatible; GPTBot/1.2; +https://openai.com/gptbot)"
20.171.207.125 - - [28/Apr/2025:09:02:35 -0400] "GET /?p=10264 HTTP/1.1" 301 0 "-" "Mozilla/5.0 AppleWebKit/537.36 (KHTML, like Gecko; compatible; GPTBot/1.2; +https://openai.com/gptbot)"
20.171.207.125 - - [28/Apr/2025:09:02:37 -0400] "GET /2024/10/18/online-spielothek-mit-echtgeld/ HTTP/1.1" 200 20321 "-" "Mozilla/5.0 AppleWebKit/537.36 (KHTML, like Gecko; compatible; GPTBot/1.2; +https://openai.com/gptbot)"
20.171.207.125 - - [28/Apr/2025:09:02:39 -0400] "GET /2024/10/14/betfair-online-casino/security-standards.png HTTP/1.1" 404 18464 "-" "Mozilla/5.0 AppleWebKit/537.36 (KHTML, like Gecko; compatible; GPTBot/1.2; +https://openai.com/gptbot)"
20.171.207.125 - - [28/Apr/2025:09:02:42 -0400] "GET /2024/10/14/betfair-online-casino/betfair-interface.png HTTP/1.1" 404 18464 "-" "Mozilla/5.0 AppleWebKit/537.36 (KHTML, like Gecko; compatible; GPTBot/1.2; +https://openai.com/gptbot)"
20.171.207.125 - - [28/Apr/2025:09:02:45 -0400] "GET /2024/10/19/online-casino-bonus-code-ohne-einzahlung/ HTTP/1.1" 200 20409 "-" "Mozilla/5.0 AppleWebKit/537.36 (KHTML, like Gecko; compatible; GPTBot/1.2; +https://openai.com/gptbot)"
20.171.207.125 - - [28/Apr/2025:09:02:47 -0400] "GET /?p=1010 HTTP/1.1" 301 0 "-" "Mozilla/5.0 AppleWebKit/537.36 (KHTML, like Gecko; compatible; GPTBot/1.2; +https://openai.com/gptbot)"
20.171.207.125 - - [28/Apr/2025:09:02:49 -0400] "GET /?p=8983 HTTP/1.1" 301 0 "-" "Mozilla/5.0 AppleWebKit/537.36 (KHTML, like Gecko; compatible; GPTBot/1.2; +https://openai.com/gptbot)"
66.29.132.124 - - [28/Apr/2025:09:02:52 -0400] "POST /wp-cron.php?doing_wp_cron=1745845372.1967298984527587890625 HTTP/1.1" 200 0 "-" "WordPress/6.8; https://kamrancomputer.com"
20.171.207.125 - - [28/Apr/2025:09:02:51 -0400] "GET /2024/10/18/alles-spitze-online-casino/ HTTP/1.1" 200 20636 "-" "Mozilla/5.0 AppleWebKit/537.36 (KHTML, like Gecko; compatible; GPTBot/1.2; +https://openai.com/gptbot)"
20.171.207.125 - - [28/Apr/2025:09:02:53 -0400] "GET /2024/10/19/kazino-rossii/ HTTP/1.1" 200 22584 "-" "Mozilla/5.0 AppleWebKit/537.36 (KHTML, like Gecko; compatible; GPTBot/1.2; +https://openai.com/gptbot)"
20.171.207.125 - - [28/Apr/2025:09:02:55 -0400] "GET /wp-json/oembed/1.0/embed?format=xml&url=https%3A%2F%2Fkamrancomputer.com%2F2024%2F10%2F18%2Fcasino-online-germania-bonus-fara-depunere%2F HTTP/1.1" 200 1059 "-" "Mozilla/5.0 AppleWebKit/537.36 (KHTML, like Gecko; compatible; GPTBot/1.2; +https://openai.com/gptbot)"
20.171.207.125 - - [28/Apr/2025:09:02:58 -0400] "GET /2024/10/18/casino-online-germania-bonus-fara-depunere/bonus_offers.jpg HTTP/1.1" 404 18464 "-" "Mozilla/5.0 AppleWebKit/537.36 (KHTML, like Gecko; compatible; GPTBot/1.2; +https://openai.com/gptbot)"
20.171.207.125 - - [28/Apr/2025:09:03:00 -0400] "GET /2024/10/18/online-spielothek-mit-echtgeld/images/growth_chart.png HTTP/1.1" 404 18464 "-" "Mozilla/5.0 AppleWebKit/537.36 (KHTML, like Gecko; compatible; GPTBot/1.2; +https://openai.com/gptbot)"
20.171.207.125 - - [28/Apr/2025:09:03:03 -0400] "GET /2024/10/18/online-spielothek-mit-echtgeld/images/technology_integration.png HTTP/1.1" 404 18464 "-" "Mozilla/5.0 AppleWebKit/537.36 (KHTML, like Gecko; compatible; GPTBot/1.2; +https://openai.com/gptbot)"
20.171.207.125 - - [28/Apr/2025:09:03:05 -0400] "GET /2024/10/18/casino-online-germania-bonus-fara-depunere/bonus_offers.jpg HTTP/1.1" 404 18464 "-" "Mozilla/5.0 AppleWebKit/537.36 (KHTML, like Gecko; compatible; GPTBot/1.2; +https://openai.com/gptbot)"
20.171.207.125 - - [28/Apr/2025:09:03:08 -0400] "GET /2024/10/19/online-casino-bonus-code-ohne-einzahlung/bonus-code-illustration.jpg HTTP/1.1" 404 18464 "-" "Mozilla/5.0 AppleWebKit/537.36 (KHTML, like Gecko; compatible; GPTBot/1.2; +https://openai.com/gptbot)"
20.171.207.125 - - [28/Apr/2025:09:03:10 -0400] "GET /2024/10/18/online-spielothek-mit-echtgeld/images/regulation_chart.png HTTP/1.1" 404 18464 "-" "Mozilla/5.0 AppleWebKit/537.36 (KHTML, like Gecko; compatible; GPTBot/1.2; +https://openai.com/gptbot)"
20.171.207.125 - - [28/Apr/2025:09:03:13 -0400] "GET /2024/10/18/online-spielothek-mit-echtgeld/images/player_experience_chart.png HTTP/1.1" 404 18464 "-" "Mozilla/5.0 AppleWebKit/537.36 (KHTML, like Gecko; compatible; GPTBot/1.2; +https://openai.com/gptbot)"
20.171.207.125 - - [28/Apr/2025:09:03:15 -0400] "GET /?p=17766 HTTP/1.1" 301 0 "-" "Mozilla/5.0 AppleWebKit/537.36 (KHTML, like Gecko; compatible; GPTBot/1.2; +https://openai.com/gptbot)"
20.171.207.125 - - [28/Apr/2025:09:03:18 -0400] "GET /2024/10/18/online-spielothek-mit-echtgeld/images/player_preferences.png HTTP/1.1" 404 18464 "-" "Mozilla/5.0 AppleWebKit/537.36 (KHTML, like Gecko; compatible; GPTBot/1.2; +https://openai.com/gptbot)"
20.171.207.125 - - [28/Apr/2025:09:03:20 -0400] "GET /2024/10/18/casino-online-germania-bonus-fara-depunere/embed/ HTTP/1.1" 200 22985 "-" "Mozilla/5.0 AppleWebKit/537.36 (KHTML, like Gecko; compatible; GPTBot/1.2; +https://openai.com/gptbot)"
20.171.207.125 - - [28/Apr/2025:09:03:22 -0400] "GET /2024/10/18/igrovoj-klub-eldorado/ HTTP/1.1" 200 22062 "-" "Mozilla/5.0 AppleWebKit/537.36 (KHTML, like Gecko; compatible; GPTBot/1.2; +https://openai.com/gptbot)"
66.29.132.124 - - [28/Apr/2025:09:03:26 -0400] "POST /wp-cron.php?doing_wp_cron=1745845406.4818549156188964843750 HTTP/1.1" 200 0 "-" "WordPress/6.8; https://kamrancomputer.com"
20.171.207.125 - - [28/Apr/2025:09:03:26 -0400] "GET /2024/10/14/golden-games-casino/ HTTP/1.1" 200 21366 "-" "Mozilla/5.0 AppleWebKit/537.36 (KHTML, like Gecko; compatible; GPTBot/1.2; +https://openai.com/gptbot)"
66.29.132.124 - - [28/Apr/2025:09:03:28 -0400] "POST /wp-admin/admin-ajax.php?action=async_litespeed&nonce=Ol5vx1MpvllHw1c0WeQno8jANMKVKO6q&litespeed_type=imgoptm HTTP/1.1" 200 0 "-" "WordPress/6.8; https://kamrancomputer.com"
20.171.207.125 - - [28/Apr/2025:09:03:28 -0400] "GET /2024/10/18/alles-spitze-online-casino/images/online-casino-success.jpg HTTP/1.1" 404 18464 "-" "Mozilla/5.0 AppleWebKit/537.36 (KHTML, like Gecko; compatible; GPTBot/1.2; +https://openai.com/gptbot)"
20.171.207.125 - - [28/Apr/2025:09:03:31 -0400] "GET /2024/10/18/betmgm-sports-app/ HTTP/1.1" 200 20311 "-" "Mozilla/5.0 AppleWebKit/537.36 (KHTML, like Gecko; compatible; GPTBot/1.2; +https://openai.com/gptbot)"
20.171.207.125 - - [28/Apr/2025:09:03:34 -0400] "GET /2024/10/14/real-casino/ HTTP/1.1" 200 20363 "-" "Mozilla/5.0 AppleWebKit/537.36 (KHTML, like Gecko; compatible; GPTBot/1.2; +https://openai.com/gptbot)"
8.218.186.1 - - [28/Apr/2025:09:03:37 -0400] "GET /print-ads HTTP/1.1" 301 0 "-" "Mozilla/5.0 (Macintosh; Intel Mac OS X 10_15_7) AppleWebKit/537.36 (KHTML, like Gecko) Chrome/109.0.0.0 Safari/537.36"
8.218.186.1 - - [28/Apr/2025:09:03:38 -0400] "GET /print-ads/ HTTP/1.1" 200 26445 "https://kamrancomputer.com/print-ads" "Mozilla/5.0 (Macintosh; Intel Mac OS X 10_15_7) AppleWebKit/537.36 (KHTML, like Gecko) Chrome/109.0.0.0 Safari/537.36"
20.171.207.125 - - [28/Apr/2025:09:03:37 -0400] "GET /?p=19884 HTTP/1.1" 301 0 "-" "Mozilla/5.0 AppleWebKit/537.36 (KHTML, like Gecko; compatible; GPTBot/1.2; +https://openai.com/gptbot)"
20.171.207.125 - - [28/Apr/2025:09:03:40 -0400] "GET /?p=3206 HTTP/1.1" 301 0 "-" "Mozilla/5.0 AppleWebKit/537.36 (KHTML, like Gecko; compatible; GPTBot/1.2; +https://openai.com/gptbot)"
20.171.207.125 - - [28/Apr/2025:09:03:42 -0400] "GET /?p=2579 HTTP/1.1" 301 0 "-" "Mozilla/5.0 AppleWebKit/537.36 (KHTML, like Gecko; compatible; GPTBot/1.2; +https://openai.com/gptbot)"
20.171.207.125 - - [28/Apr/2025:09:03:45 -0400] "GET /?p=14698 HTTP/1.1" 301 0 "-" "Mozilla/5.0 AppleWebKit/537.36 (KHTML, like Gecko; compatible; GPTBot/1.2; +https://openai.com/gptbot)"
20.171.207.125 - - [28/Apr/2025:09:03:47 -0400] "GET /?p=22055 HTTP/1.1" 301 0 "-" "Mozilla/5.0 AppleWebKit/537.36 (KHTML, like Gecko; compatible; GPTBot/1.2; +https://openai.com/gptbot)"
20.171.207.125 - - [28/Apr/2025:09:03:49 -0400] "GET /?p=15407 HTTP/1.1" 301 0 "-" "Mozilla/5.0 AppleWebKit/537.36 (KHTML, like Gecko; compatible; GPTBot/1.2; +https://openai.com/gptbot)"
66.29.132.124 - - [28/Apr/2025:09:03:52 -0400] "POST /wp-cron.php?doing_wp_cron=1745845432.5337629318237304687500 HTTP/1.1" 200 0 "-" "WordPress/6.8; https://kamrancomputer.com"
20.171.207.125 - - [28/Apr/2025:09:03:51 -0400] "GET /?p=1378 HTTP/1.1" 301 0 "-" "Mozilla/5.0 AppleWebKit/537.36 (KHTML, like Gecko; compatible; GPTBot/1.2; +https://openai.com/gptbot)"
20.171.207.125 - - [28/Apr/2025:09:03:52 -0400] "GET /2024/10/19/igrovoj-avtomat-fairy-land/ HTTP/1.1" 200 22108 "-" "Mozilla/5.0 AppleWebKit/537.36 (KHTML, like Gecko; compatible; GPTBot/1.2; +https://openai.com/gptbot)"
20.171.207.125 - - [28/Apr/2025:09:03:54 -0400] "GET /2024/10/14/777-caino/ HTTP/1.1" 200 20524 "-" "Mozilla/5.0 AppleWebKit/537.36 (KHTML, like Gecko; compatible; GPTBot/1.2; +https://openai.com/gptbot)"
20.171.207.125 - - [28/Apr/2025:09:03:56 -0400] "GET /2024/10/14/real-casino/player_behaviors.jpg HTTP/1.1" 404 18464 "-" "Mozilla/5.0 AppleWebKit/537.36 (KHTML, like Gecko; compatible; GPTBot/1.2; +https://openai.com/gptbot)"
20.171.207.125 - - [28/Apr/2025:09:03:59 -0400] "GET /?p=23235 HTTP/1.1" 301 0 "-" "Mozilla/5.0 AppleWebKit/537.36 (KHTML, like Gecko; compatible; GPTBot/1.2; +https://openai.com/gptbot)"
20.171.207.125 - - [28/Apr/2025:09:04:01 -0400] "GET /?p=745 HTTP/1.1" 301 0 "-" "Mozilla/5.0 AppleWebKit/537.36 (KHTML, like Gecko; compatible; GPTBot/1.2; +https://openai.com/gptbot)"
20.171.207.125 - - [28/Apr/2025:09:04:03 -0400] "GET /?p=4388 HTTP/1.1" 301 0 "-" "Mozilla/5.0 AppleWebKit/537.36 (KHTML, like Gecko; compatible; GPTBot/1.2; +https://openai.com/gptbot)"
20.171.207.125 - - [28/Apr/2025:09:04:05 -0400] "GET /?p=21572 HTTP/1.1" 301 0 "-" "Mozilla/5.0 AppleWebKit/537.36 (KHTML, like Gecko; compatible; GPTBot/1.2; +https://openai.com/gptbot)"
20.171.207.125 - - [28/Apr/2025:09:04:07 -0400] "GET /2024/10/14/yaamava-online-casino-promo-code/ HTTP/1.1" 200 20176 "-" "Mozilla/5.0 AppleWebKit/537.36 (KHTML, like Gecko; compatible; GPTBot/1.2; +https://openai.com/gptbot)"
20.171.207.125 - - [28/Apr/2025:09:04:10 -0400] "GET /?p=19578 HTTP/1.1" 301 0 "-" "Mozilla/5.0 AppleWebKit/537.36 (KHTML, like Gecko; compatible; GPTBot/1.2; +https://openai.com/gptbot)"
20.171.207.125 - - [28/Apr/2025:09:04:12 -0400] "GET /?p=18736 HTTP/1.1" 301 0 "-" "Mozilla/5.0 AppleWebKit/537.36 (KHTML, like Gecko; compatible; GPTBot/1.2; +https://openai.com/gptbot)"
20.171.207.125 - - [28/Apr/2025:09:04:14 -0400] "GET /2024/10/18/igrovye-apparaty-onlajn-na-dengi/ HTTP/1.1" 200 22273 "-" "Mozilla/5.0 AppleWebKit/537.36 (KHTML, like Gecko; compatible; GPTBot/1.2; +https://openai.com/gptbot)"
20.171.207.125 - - [28/Apr/2025:09:04:16 -0400] "GET /2024/10/18/gratis-casino-bonus-ohne-einzahlung/ HTTP/1.1" 200 20361 "-" "Mozilla/5.0 AppleWebKit/537.36 (KHTML, like Gecko; compatible; GPTBot/1.2; +https://openai.com/gptbot)"
20.171.207.125 - - [28/Apr/2025:09:04:19 -0400] "GET /2024/10/14/real-casino/covid_impact_casinos.jpg HTTP/1.1" 404 18464 "-" "Mozilla/5.0 AppleWebKit/537.36 (KHTML, like Gecko; compatible; GPTBot/1.2; +https://openai.com/gptbot)"
20.171.207.125 - - [28/Apr/2025:09:04:21 -0400] "GET /2024/10/19/book-of-ra-kostenlos-novoline/ HTTP/1.1" 200 20200 "-" "Mozilla/5.0 AppleWebKit/537.36 (KHTML, like Gecko; compatible; GPTBot/1.2; +https://openai.com/gptbot)"
20.171.207.125 - - [28/Apr/2025:09:04:24 -0400] "GET /?p=5830 HTTP/1.1" 301 0 "-" "Mozilla/5.0 AppleWebKit/537.36 (KHTML, like Gecko; compatible; GPTBot/1.2; +https://openai.com/gptbot)"
66.29.132.124 - - [28/Apr/2025:09:04:27 -0400] "POST /wp-cron.php?doing_wp_cron=1745845467.7237360477447509765625 HTTP/1.1" 200 0 "-" "WordPress/6.8; https://kamrancomputer.com"
20.171.207.125 - - [28/Apr/2025:09:04:26 -0400] "GET /2024/10/14/real-casino/technology_casinos.jpg HTTP/1.1" 404 18464 "-" "Mozilla/5.0 AppleWebKit/537.36 (KHTML, like Gecko; compatible; GPTBot/1.2; +https://openai.com/gptbot)"
66.29.132.124 - - [28/Apr/2025:09:04:29 -0400] "POST /wp-admin/admin-ajax.php?action=async_litespeed&nonce=azEFeQXWA1Yc1KnyZnYXOcMYexuojrnT&litespeed_type=imgoptm HTTP/1.1" 200 0 "-" "WordPress/6.8; https://kamrancomputer.com"
20.171.207.125 - - [28/Apr/2025:09:04:29 -0400] "GET /?p=9871 HTTP/1.1" 301 0 "-" "Mozilla/5.0 AppleWebKit/537.36 (KHTML, like Gecko; compatible; GPTBot/1.2; +https://openai.com/gptbot)"
66.29.132.124 - - [28/Apr/2025:09:04:31 -0400] "POST /wp-admin/admin-ajax.php?action=as_async_request_queue_runner&nonce=c9642c90b7 HTTP/1.1" 200 0 "-" "WordPress/6.8; https://kamrancomputer.com"
20.171.207.125 - - [28/Apr/2025:09:04:31 -0400] "GET /2024/10/19/golden-nugget-slot-machines/ HTTP/1.1" 200 20080 "-" "Mozilla/5.0 AppleWebKit/537.36 (KHTML, like Gecko; compatible; GPTBot/1.2; +https://openai.com/gptbot)"
20.171.207.125 - - [28/Apr/2025:09:04:35 -0400] "GET /2024/10/14/real-casino/regulations_casinos.jpg HTTP/1.1" 404 18465 "-" "Mozilla/5.0 AppleWebKit/537.36 (KHTML, like Gecko; compatible; GPTBot/1.2; +https://openai.com/gptbot)"
20.171.207.125 - - [28/Apr/2025:09:04:38 -0400] "GET /2024/10/14/777-caino/images/777-casino-screen.jpg HTTP/1.1" 404 18464 "-" "Mozilla/5.0 AppleWebKit/537.36 (KHTML, like Gecko; compatible; GPTBot/1.2; +https://openai.com/gptbot)"
20.171.207.125 - - [28/Apr/2025:09:04:40 -0400] "GET /?p=16972 HTTP/1.1" 301 0 "-" "Mozilla/5.0 AppleWebKit/537.36 (KHTML, like Gecko; compatible; GPTBot/1.2; +https://openai.com/gptbot)"
20.171.207.125 - - [28/Apr/2025:09:04:43 -0400] "GET /?p=10782 HTTP/1.1" 301 0 "-" "Mozilla/5.0 AppleWebKit/537.36 (KHTML, like Gecko; compatible; GPTBot/1.2; +https://openai.com/gptbot)"
20.171.207.125 - - [28/Apr/2025:09:04:46 -0400] "GET /?p=4379 HTTP/1.1" 301 0 "-" "Mozilla/5.0 AppleWebKit/537.36 (KHTML, like Gecko; compatible; GPTBot/1.2; +https://openai.com/gptbot)"
20.171.207.125 - - [28/Apr/2025:09:04:48 -0400] "GET /?p=18810 HTTP/1.1" 301 0 "-" "Mozilla/5.0 AppleWebKit/537.36 (KHTML, like Gecko; compatible; GPTBot/1.2; +https://openai.com/gptbot)"
20.171.207.125 - - [28/Apr/2025:09:04:50 -0400] "GET /2024/10/18/gratis-casino-bonus-ohne-einzahlung/statistics-2023.png HTTP/1.1" 404 18464 "-" "Mozilla/5.0 AppleWebKit/537.36 (KHTML, like Gecko; compatible; GPTBot/1.2; +https://openai.com/gptbot)"
66.29.132.124 - - [28/Apr/2025:09:04:53 -0400] "POST /wp-cron.php?doing_wp_cron=1745845493.6293549537658691406250 HTTP/1.1" 200 0 "-" "WordPress/6.8; https://kamrancomputer.com"
20.171.207.125 - - [28/Apr/2025:09:04:52 -0400] "GET /2024/10/14/777-caino/images/777-casino-logo.png HTTP/1.1" 404 18464 "-" "Mozilla/5.0 AppleWebKit/537.36 (KHTML, like Gecko; compatible; GPTBot/1.2; +https://openai.com/gptbot)"
20.171.207.125 - - [28/Apr/2025:09:04:55 -0400] "GET /2024/10/19/roulette-online-casino/ HTTP/1.1" 200 20254 "-" "Mozilla/5.0 AppleWebKit/537.36 (KHTML, like Gecko; compatible; GPTBot/1.2; +https://openai.com/gptbot)"
20.171.207.125 - - [28/Apr/2025:09:04:57 -0400] "GET /?p=23043 HTTP/1.1" 301 0 "-" "Mozilla/5.0 AppleWebKit/537.36 (KHTML, like Gecko; compatible; GPTBot/1.2; +https://openai.com/gptbot)"
20.171.207.125 - - [28/Apr/2025:09:04:59 -0400] "GET /2024/10/18/igrat-onlajn-na-dengi/ HTTP/1.1" 200 22386 "-" "Mozilla/5.0 AppleWebKit/537.36 (KHTML, like Gecko; compatible; GPTBot/1.2; +https://openai.com/gptbot)"
20.171.207.125 - - [28/Apr/2025:09:05:02 -0400] "GET /?p=11865 HTTP/1.1" 301 0 "-" "Mozilla/5.0 AppleWebKit/537.36 (KHTML, like Gecko; compatible; GPTBot/1.2; +https://openai.com/gptbot)"
20.171.207.125 - - [28/Apr/2025:09:05:05 -0400] "GET /2024/10/14/woodbine-casino-online/ HTTP/1.1" 200 20660 "-" "Mozilla/5.0 AppleWebKit/537.36 (KHTML, like Gecko; compatible; GPTBot/1.2; +https://openai.com/gptbot)"
20.171.207.125 - - [28/Apr/2025:09:05:10 -0400] "GET /2024/10/14/pokerstars-kazino/ HTTP/1.1" 200 21506 "-" "Mozilla/5.0 AppleWebKit/537.36 (KHTML, like Gecko; compatible; GPTBot/1.2; +https://openai.com/gptbot)"
20.171.207.125 - - [28/Apr/2025:09:05:14 -0400] "GET /?p=5637 HTTP/1.1" 301 0 "-" "Mozilla/5.0 AppleWebKit/537.36 (KHTML, like Gecko; compatible; GPTBot/1.2; +https://openai.com/gptbot)"
20.171.207.125 - - [28/Apr/2025:09:05:18 -0400] "GET /?p=2867 HTTP/1.1" 301 0 "-" "Mozilla/5.0 AppleWebKit/537.36 (KHTML, like Gecko; compatible; GPTBot/1.2; +https://openai.com/gptbot)"
20.171.207.125 - - [28/Apr/2025:09:05:21 -0400] "GET /?p=13163 HTTP/1.1" 301 0 "-" "Mozilla/5.0 AppleWebKit/537.36 (KHTML, like Gecko; compatible; GPTBot/1.2; +https://openai.com/gptbot)"
66.29.132.124 - - [28/Apr/2025:09:05:26 -0400] "POST /wp-cron.php?doing_wp_cron=1745845526.0325980186462402343750 HTTP/1.1" 200 0 "-" "WordPress/6.8; https://kamrancomputer.com"
20.171.207.125 - - [28/Apr/2025:09:05:24 -0400] "GET /?p=20017 HTTP/1.1" 301 0 "-" "Mozilla/5.0 AppleWebKit/537.36 (KHTML, like Gecko; compatible; GPTBot/1.2; +https://openai.com/gptbot)"
66.29.132.124 - - [28/Apr/2025:09:05:28 -0400] "POST /wp-admin/admin-ajax.php?action=async_litespeed&nonce=hH36ZOR911mtjhT4gxWF6kBYRNN5nAms&litespeed_type=imgoptm HTTP/1.1" 200 0 "-" "WordPress/6.8; https://kamrancomputer.com"
20.171.207.125 - - [28/Apr/2025:09:05:28 -0400] "GET /?p=2531 HTTP/1.1" 301 0 "-" "Mozilla/5.0 AppleWebKit/537.36 (KHTML, like Gecko; compatible; GPTBot/1.2; +https://openai.com/gptbot)"
20.171.207.125 - - [28/Apr/2025:09:05:31 -0400] "GET /?p=23043 HTTP/1.1" 301 0 "-" "Mozilla/5.0 AppleWebKit/537.36 (KHTML, like Gecko; compatible; GPTBot/1.2; +https://openai.com/gptbot)"
20.171.207.125 - - [28/Apr/2025:09:05:34 -0400] "GET /?p=8087 HTTP/1.1" 301 0 "-" "Mozilla/5.0 AppleWebKit/537.36 (KHTML, like Gecko; compatible; GPTBot/1.2; +https://openai.com/gptbot)"
20.171.207.125 - - [28/Apr/2025:09:05:36 -0400] "GET /?p=19757 HTTP/1.1" 301 0 "-" "Mozilla/5.0 AppleWebKit/537.36 (KHTML, like Gecko; compatible; GPTBot/1.2; +https://openai.com/gptbot)"
20.171.207.125 - - [28/Apr/2025:09:05:39 -0400] "GET /2024/10/14/kazino-riobet-oficialnyj-sajt/ HTTP/1.1" 200 21576 "-" "Mozilla/5.0 AppleWebKit/537.36 (KHTML, like Gecko; compatible; GPTBot/1.2; +https://openai.com/gptbot)"
20.171.207.125 - - [28/Apr/2025:09:05:41 -0400] "GET /2024/10/19/roulette-online-casino/roulette-table.jpg HTTP/1.1" 404 18464 "-" "Mozilla/5.0 AppleWebKit/537.36 (KHTML, like Gecko; compatible; GPTBot/1.2; +https://openai.com/gptbot)"
20.171.207.125 - - [28/Apr/2025:09:05:44 -0400] "GET /2024/10/18/jokerstar-erfahrungen/ HTTP/1.1" 200 20452 "-" "Mozilla/5.0 AppleWebKit/537.36 (KHTML, like Gecko; compatible; GPTBot/1.2; +https://openai.com/gptbot)"
20.171.207.125 - - [28/Apr/2025:09:05:47 -0400] "GET /?p=23248 HTTP/1.1" 301 0 "-" "Mozilla/5.0 AppleWebKit/537.36 (KHTML, like Gecko; compatible; GPTBot/1.2; +https://openai.com/gptbot)"
20.171.207.125 - - [28/Apr/2025:09:05:50 -0400] "GET /2024/10/14/online-casino-germany-bigwin-casino/ HTTP/1.1" 200 20280 "-" "Mozilla/5.0 AppleWebKit/537.36 (KHTML, like Gecko; compatible; GPTBot/1.2; +https://openai.com/gptbot)"
66.29.132.124 - - [28/Apr/2025:09:05:53 -0400] "POST /wp-cron.php?doing_wp_cron=1745845553.4497210979461669921875 HTTP/1.1" 200 0 "-" "WordPress/6.8; https://kamrancomputer.com"
20.171.207.125 - - [28/Apr/2025:09:05:52 -0400] "GET /2024/10/14/online-casino-georgia-real-money/ HTTP/1.1" 200 20659 "-" "Mozilla/5.0 AppleWebKit/537.36 (KHTML, like Gecko; compatible; GPTBot/1.2; +https://openai.com/gptbot)"
20.171.207.125 - - [28/Apr/2025:09:05:56 -0400] "GET /?p=14815 HTTP/1.1" 301 0 "-" "Mozilla/5.0 AppleWebKit/537.36 (KHTML, like Gecko; compatible; GPTBot/1.2; +https://openai.com/gptbot)"
20.171.207.125 - - [28/Apr/2025:09:05:58 -0400] "GET /2024/10/18/rejting-onlajn-kazino/ HTTP/1.1" 200 22353 "-" "Mozilla/5.0 AppleWebKit/537.36 (KHTML, like Gecko; compatible; GPTBot/1.2; +https://openai.com/gptbot)"
20.171.207.125 - - [28/Apr/2025:09:06:00 -0400] "GET /?p=4335 HTTP/1.1" 301 0 "-" "Mozilla/5.0 AppleWebKit/537.36 (KHTML, like Gecko; compatible; GPTBot/1.2; +https://openai.com/gptbot)"
20.171.207.125 - - [28/Apr/2025:09:06:03 -0400] "GET /?p=12757 HTTP/1.1" 301 0 "-" "Mozilla/5.0 AppleWebKit/537.36 (KHTML, like Gecko; compatible; GPTBot/1.2; +https://openai.com/gptbot)"
20.171.207.125 - - [28/Apr/2025:09:06:05 -0400] "GET /2024/10/19/klub-russkij-vulkan/ HTTP/1.1" 200 22235 "-" "Mozilla/5.0 AppleWebKit/537.36 (KHTML, like Gecko; compatible; GPTBot/1.2; +https://openai.com/gptbot)"
20.171.207.125 - - [28/Apr/2025:09:06:08 -0400] "GET /2024/10/18/online-casino-ideal/ HTTP/1.1" 200 20886 "-" "Mozilla/5.0 AppleWebKit/537.36 (KHTML, like Gecko; compatible; GPTBot/1.2; +https://openai.com/gptbot)"
20.171.207.125 - - [28/Apr/2025:09:06:10 -0400] "GET /2024/10/19/caesars-casino-online-nj/ HTTP/1.1" 200 20357 "-" "Mozilla/5.0 AppleWebKit/537.36 (KHTML, like Gecko; compatible; GPTBot/1.2; +https://openai.com/gptbot)"
66.29.132.124 - - [28/Apr/2025:09:06:14 -0400] "POST /wp-cron.php?doing_wp_cron=1745845574.4264400005340576171875 HTTP/1.1" 200 0 "-" "WordPress/6.8; https://kamrancomputer.com"
20.171.207.125 - - [28/Apr/2025:09:06:13 -0400] "GET /?p=4401 HTTP/1.1" 301 0 "-" "Mozilla/5.0 AppleWebKit/537.36 (KHTML, like Gecko; compatible; GPTBot/1.2; +https://openai.com/gptbot)"
20.171.207.125 - - [28/Apr/2025:09:06:15 -0400] "GET /2024/10/19/harrahs-casino-online/ HTTP/1.1" 200 20546 "-" "Mozilla/5.0 AppleWebKit/537.36 (KHTML, like Gecko; compatible; GPTBot/1.2; +https://openai.com/gptbot)"
20.171.207.125 - - [28/Apr/2025:09:06:18 -0400] "GET /2024/10/14/yaamava-online-casino-promo-code/yaamava-casino-promo.jpg HTTP/1.1" 404 18464 "-" "Mozilla/5.0 AppleWebKit/537.36 (KHTML, like Gecko; compatible; GPTBot/1.2; +https://openai.com/gptbot)"
20.171.207.125 - - [28/Apr/2025:09:06:21 -0400] "GET /2024/10/19/roulette-online-casino/online-casino.jpg HTTP/1.1" 404 18464 "-" "Mozilla/5.0 AppleWebKit/537.36 (KHTML, like Gecko; compatible; GPTBot/1.2; +https://openai.com/gptbot)"
20.171.207.125 - - [28/Apr/2025:09:06:23 -0400] "GET /2024/10/14/casinos-for-real-money/ HTTP/1.1" 200 20347 "-" "Mozilla/5.0 AppleWebKit/537.36 (KHTML, like Gecko; compatible; GPTBot/1.2; +https://openai.com/gptbot)"
66.29.132.124 - - [28/Apr/2025:09:06:27 -0400] "POST /wp-cron.php?doing_wp_cron=1745845587.2007689476013183593750 HTTP/1.1" 200 0 "-" "WordPress/6.8; https://kamrancomputer.com"
20.171.207.125 - - [28/Apr/2025:09:06:26 -0400] "GET /2024/10/14/magic-casino-online/ HTTP/1.1" 200 20473 "-" "Mozilla/5.0 AppleWebKit/537.36 (KHTML, like Gecko; compatible; GPTBot/1.2; +https://openai.com/gptbot)"
66.29.132.124 - - [28/Apr/2025:09:06:29 -0400] "POST /wp-admin/admin-ajax.php?action=async_litespeed&nonce=GSLVNHyXPoBd5vJMPFKZgb5Fg3Aj53bc&litespeed_type=imgoptm HTTP/1.1" 200 0 "-" "WordPress/6.8; https://kamrancomputer.com"
20.171.207.125 - - [28/Apr/2025:09:07:17 -0400] "GET /2024/10/18/igrovoj-klub-vulkan-stars/ HTTP/1.1" 200 22059 "-" "Mozilla/5.0 AppleWebKit/537.36 (KHTML, like Gecko; compatible; GPTBot/1.2; +https://openai.com/gptbot)"
20.171.207.125 - - [28/Apr/2025:09:07:20 -0400] "GET /2024/10/14/casinos-for-real-money/casino_statistics.jpg HTTP/1.1" 404 18464 "-" "Mozilla/5.0 AppleWebKit/537.36 (KHTML, like Gecko; compatible; GPTBot/1.2; +https://openai.com/gptbot)"
20.171.207.125 - - [28/Apr/2025:09:07:22 -0400] "GET /?p=8574 HTTP/1.1" 301 0 "-" "Mozilla/5.0 AppleWebKit/537.36 (KHTML, like Gecko; compatible; GPTBot/1.2; +https://openai.com/gptbot)"
66.29.132.124 - - [28/Apr/2025:09:07:27 -0400] "POST /wp-cron.php?doing_wp_cron=1745845646.7803049087524414062500 HTTP/1.1" 200 0 "-" "WordPress/6.8; https://kamrancomputer.com"
20.171.207.125 - - [28/Apr/2025:09:07:25 -0400] "GET /2024/10/18/online-casino-with-5-minimum-deposit/ HTTP/1.1" 200 20538 "-" "Mozilla/5.0 AppleWebKit/537.36 (KHTML, like Gecko; compatible; GPTBot/1.2; +https://openai.com/gptbot)"
66.29.132.124 - - [28/Apr/2025:09:07:29 -0400] "POST /wp-admin/admin-ajax.php?action=async_litespeed&nonce=V74zOwM5KG3ZyvyQbWu9dw4A00XIfHZQ&litespeed_type=imgoptm HTTP/1.1" 200 0 "-" "WordPress/6.8; https://kamrancomputer.com"
20.171.207.125 - - [28/Apr/2025:09:07:29 -0400] "GET /2024/10/14/online-casino-poker-games/ HTTP/1.1" 200 20298 "-" "Mozilla/5.0 AppleWebKit/537.36 (KHTML, like Gecko; compatible; GPTBot/1.2; +https://openai.com/gptbot)"
20.171.207.125 - - [28/Apr/2025:09:07:33 -0400] "GET /?p=17470 HTTP/1.1" 301 0 "-" "Mozilla/5.0 AppleWebKit/537.36 (KHTML, like Gecko; compatible; GPTBot/1.2; +https://openai.com/gptbot)"
20.171.207.125 - - [28/Apr/2025:09:07:36 -0400] "GET /?p=17524 HTTP/1.1" 301 0 "-" "Mozilla/5.0 AppleWebKit/537.36 (KHTML, like Gecko; compatible; GPTBot/1.2; +https://openai.com/gptbot)"
20.171.207.125 - - [28/Apr/2025:09:07:39 -0400] "GET /?p=9261 HTTP/1.1" 301 0 "-" "Mozilla/5.0 AppleWebKit/537.36 (KHTML, like Gecko; compatible; GPTBot/1.2; +https://openai.com/gptbot)"
20.171.207.125 - - [28/Apr/2025:09:07:42 -0400] "GET /?p=6324 HTTP/1.1" 301 0 "-" "Mozilla/5.0 AppleWebKit/537.36 (KHTML, like Gecko; compatible; GPTBot/1.2; +https://openai.com/gptbot)"
20.171.207.125 - - [28/Apr/2025:09:07:45 -0400] "GET /?p=6176 HTTP/1.1" 301 0 "-" "Mozilla/5.0 AppleWebKit/537.36 (KHTML, like Gecko; compatible; GPTBot/1.2; +https://openai.com/gptbot)"
20.171.207.125 - - [28/Apr/2025:09:07:47 -0400] "GET /?p=21381 HTTP/1.1" 301 0 "-" "Mozilla/5.0 AppleWebKit/537.36 (KHTML, like Gecko; compatible; GPTBot/1.2; +https://openai.com/gptbot)"
20.171.207.125 - - [28/Apr/2025:09:07:49 -0400] "GET /2024/10/14/online-casino-echtgeld-test/success_story.jpg HTTP/1.1" 404 18464 "-" "Mozilla/5.0 AppleWebKit/537.36 (KHTML, like Gecko; compatible; GPTBot/1.2; +https://openai.com/gptbot)"
66.29.132.124 - - [28/Apr/2025:09:07:52 -0400] "POST /wp-cron.php?doing_wp_cron=1745845672.4977469444274902343750 HTTP/1.1" 200 0 "-" "WordPress/6.8; https://kamrancomputer.com"
20.171.207.125 - - [28/Apr/2025:09:07:51 -0400] "GET /2024/10/18/instant-cash-out-online-casino/ HTTP/1.1" 200 20579 "-" "Mozilla/5.0 AppleWebKit/537.36 (KHTML, like Gecko; compatible; GPTBot/1.2; +https://openai.com/gptbot)"
20.171.207.125 - - [28/Apr/2025:09:07:54 -0400] "GET /?p=2606 HTTP/1.1" 301 0 "-" "Mozilla/5.0 AppleWebKit/537.36 (KHTML, like Gecko; compatible; GPTBot/1.2; +https://openai.com/gptbot)"
20.171.207.125 - - [28/Apr/2025:09:07:57 -0400] "GET /?p=5073 HTTP/1.1" 301 0 "-" "Mozilla/5.0 AppleWebKit/537.36 (KHTML, like Gecko; compatible; GPTBot/1.2; +https://openai.com/gptbot)"
20.171.207.125 - - [28/Apr/2025:09:08:00 -0400] "GET /?p=7092 HTTP/1.1" 301 0 "-" "Mozilla/5.0 AppleWebKit/537.36 (KHTML, like Gecko; compatible; GPTBot/1.2; +https://openai.com/gptbot)"
20.171.207.125 - - [28/Apr/2025:09:08:02 -0400] "GET /?p=3365 HTTP/1.1" 301 0 "-" "Mozilla/5.0 AppleWebKit/537.36 (KHTML, like Gecko; compatible; GPTBot/1.2; +https://openai.com/gptbot)"
20.171.207.125 - - [28/Apr/2025:09:08:36 -0400] "GET /2024/10/18/vulkan-platinum-onlajn/ HTTP/1.1" 200 22214 "-" "Mozilla/5.0 AppleWebKit/537.36 (KHTML, like Gecko; compatible; GPTBot/1.2; +https://openai.com/gptbot)"
20.171.207.125 - - [28/Apr/2025:09:08:40 -0400] "GET /2024/10/18/online-casino-wisconsin/ HTTP/1.1" 200 20481 "-" "Mozilla/5.0 AppleWebKit/537.36 (KHTML, like Gecko; compatible; GPTBot/1.2; +https://openai.com/gptbot)"
20.171.207.125 - - [28/Apr/2025:09:08:44 -0400] "GET /2024/10/18/mychoice-casino-online/ HTTP/1.1" 200 20167 "-" "Mozilla/5.0 AppleWebKit/537.36 (KHTML, like Gecko; compatible; GPTBot/1.2; +https://openai.com/gptbot)"
20.171.207.125 - - [28/Apr/2025:09:08:48 -0400] "GET /wp-json/oembed/1.0/embed?format=xml&url=https%3A%2F%2Fkamrancomputer.com%2F2024%2F10%2F18%2Fmulti-lotto-50-freispiele-ohne-einzahlung%2F HTTP/1.1" 200 1060 "-" "Mozilla/5.0 AppleWebKit/537.36 (KHTML, like Gecko; compatible; GPTBot/1.2; +https://openai.com/gptbot)"
66.29.132.124 - - [28/Apr/2025:09:08:52 -0400] "POST /wp-cron.php?doing_wp_cron=1745845732.0147171020507812500000 HTTP/1.1" 200 0 "-" "WordPress/6.8; https://kamrancomputer.com"
20.171.207.125 - - [28/Apr/2025:09:08:51 -0400] "GET /wp-json/oembed/1.0/embed?url=https%3A%2F%2Fkamrancomputer.com%2F2024%2F10%2F18%2Fmulti-lotto-50-freispiele-ohne-einzahlung%2F HTTP/1.1" 200 2259 "-" "Mozilla/5.0 AppleWebKit/537.36 (KHTML, like Gecko; compatible; GPTBot/1.2; +https://openai.com/gptbot)"
20.171.207.125 - - [28/Apr/2025:09:08:54 -0400] "GET /2024/10/18/multi-lotto-50-freispiele-ohne-einzahlung/multi-lotto-freispiele.jpg HTTP/1.1" 404 18464 "-" "Mozilla/5.0 AppleWebKit/537.36 (KHTML, like Gecko; compatible; GPTBot/1.2; +https://openai.com/gptbot)"
20.171.207.125 - - [28/Apr/2025:09:08:56 -0400] "GET /?p=22469 HTTP/1.1" 301 0 "-" "Mozilla/5.0 AppleWebKit/537.36 (KHTML, like Gecko; compatible; GPTBot/1.2; +https://openai.com/gptbot)"
20.171.207.125 - - [28/Apr/2025:09:08:59 -0400] "GET /wp-json/oembed/1.0/embed?format=xml&url=https%3A%2F%2Fkamrancomputer.com%2F2024%2F10%2F14%2Freal-casino-games-for-real-money%2F HTTP/1.1" 200 1051 "-" "Mozilla/5.0 AppleWebKit/537.36 (KHTML, like Gecko; compatible; GPTBot/1.2; +https://openai.com/gptbot)"
20.171.207.125 - - [28/Apr/2025:09:09:01 -0400] "GET /wp-json/oembed/1.0/embed?url=https%3A%2F%2Fkamrancomputer.com%2F2024%2F10%2F14%2Freal-casino-games-for-real-money%2F HTTP/1.1" 200 2214 "-" "Mozilla/5.0 AppleWebKit/537.36 (KHTML, like Gecko; compatible; GPTBot/1.2; +https://openai.com/gptbot)"
20.171.207.125 - - [28/Apr/2025:09:09:04 -0400] "GET /?p=18185 HTTP/1.1" 301 0 "-" "Mozilla/5.0 AppleWebKit/537.36 (KHTML, like Gecko; compatible; GPTBot/1.2; +https://openai.com/gptbot)"
20.171.207.125 - - [28/Apr/2025:09:09:06 -0400] "GET /?p=13453 HTTP/1.1" 301 0 "-" "Mozilla/5.0 AppleWebKit/537.36 (KHTML, like Gecko; compatible; GPTBot/1.2; +https://openai.com/gptbot)"
20.171.207.125 - - [28/Apr/2025:09:09:08 -0400] "GET /wp-json/oembed/1.0/embed?url=https%3A%2F%2Fkamrancomputer.com%2F2024%2F10%2F18%2Fonline-casino-wisconsin%2F HTTP/1.1" 200 2169 "-" "Mozilla/5.0 AppleWebKit/537.36 (KHTML, like Gecko; compatible; GPTBot/1.2; +https://openai.com/gptbot)"
20.171.207.125 - - [28/Apr/2025:09:09:10 -0400] "GET /2024/10/18/online-casino-wisconsin/online-casino-growth-wisconsin.jpg HTTP/1.1" 404 18464 "-" "Mozilla/5.0 AppleWebKit/537.36 (KHTML, like Gecko; compatible; GPTBot/1.2; +https://openai.com/gptbot)"
20.171.207.125 - - [28/Apr/2025:09:09:12 -0400] "GET /wp-json/oembed/1.0/embed?format=xml&url=https%3A%2F%2Fkamrancomputer.com%2F2024%2F10%2F18%2Fonline-casino-wisconsin%2F HTTP/1.1" 200 1035 "-" "Mozilla/5.0 AppleWebKit/537.36 (KHTML, like Gecko; compatible; GPTBot/1.2; +https://openai.com/gptbot)"
20.171.207.125 - - [28/Apr/2025:09:09:14 -0400] "GET /?p=14119 HTTP/1.1" 301 0 "-" "Mozilla/5.0 AppleWebKit/537.36 (KHTML, like Gecko; compatible; GPTBot/1.2; +https://openai.com/gptbot)"
20.171.207.125 - - [28/Apr/2025:09:09:57 -0400] "GET /2024/10/14/fanduel-touchdown-bonus-blitz/ HTTP/1.1" 200 20308 "-" "Mozilla/5.0 AppleWebKit/537.36 (KHTML, like Gecko; compatible; GPTBot/1.2; +https://openai.com/gptbot)"
20.171.207.125 - - [28/Apr/2025:09:10:00 -0400] "GET /?p=15888 HTTP/1.1" 301 0 "-" "Mozilla/5.0 AppleWebKit/537.36 (KHTML, like Gecko; compatible; GPTBot/1.2; +https://openai.com/gptbot)"
20.171.207.125 - - [28/Apr/2025:09:10:04 -0400] "GET /2024/10/18/milky-way-online-casino-game/milky-way-game.jpg HTTP/1.1" 404 18466 "-" "Mozilla/5.0 AppleWebKit/537.36 (KHTML, like Gecko; compatible; GPTBot/1.2; +https://openai.com/gptbot)"
20.171.207.125 - - [28/Apr/2025:09:10:06 -0400] "GET /2024/10/19/online-gambling-nj-borgata/ HTTP/1.1" 200 20466 "-" "Mozilla/5.0 AppleWebKit/537.36 (KHTML, like Gecko; compatible; GPTBot/1.2; +https://openai.com/gptbot)"
20.171.207.125 - - [28/Apr/2025:09:10:11 -0400] "GET /?p=1591 HTTP/1.1" 301 0 "-" "Mozilla/5.0 AppleWebKit/537.36 (KHTML, like Gecko; compatible; GPTBot/1.2; +https://openai.com/gptbot)"
20.171.207.125 - - [28/Apr/2025:09:10:13 -0400] "GET /?p=6706 HTTP/1.1" 301 0 "-" "Mozilla/5.0 AppleWebKit/537.36 (KHTML, like Gecko; compatible; GPTBot/1.2; +https://openai.com/gptbot)"
20.171.207.125 - - [28/Apr/2025:09:10:16 -0400] "GET /2024/10/18/best-online-gambling-sites/ HTTP/1.1" 200 20417 "-" "Mozilla/5.0 AppleWebKit/537.36 (KHTML, like Gecko; compatible; GPTBot/1.2; +https://openai.com/gptbot)"
20.171.207.125 - - [28/Apr/2025:09:10:20 -0400] "GET /2024/10/18/casino-spiele-kostenlos-ohne-anmeldung/ HTTP/1.1" 200 19943 "-" "Mozilla/5.0 AppleWebKit/537.36 (KHTML, like Gecko; compatible; GPTBot/1.2; +https://openai.com/gptbot)"
20.171.207.125 - - [28/Apr/2025:09:10:24 -0400] "GET /?p=22004 HTTP/1.1" 301 0 "-" "Mozilla/5.0 AppleWebKit/537.36 (KHTML, like Gecko; compatible; GPTBot/1.2; +https://openai.com/gptbot)"
66.29.132.124 - - [28/Apr/2025:09:10:29 -0400] "POST /wp-cron.php?doing_wp_cron=1745845828.8403968811035156250000 HTTP/1.1" 200 0 "-" "WordPress/6.8; https://kamrancomputer.com"
20.171.207.125 - - [28/Apr/2025:09:10:27 -0400] "GET /2024/10/18/online-casino-wisconsin/embed/ HTTP/1.1" 200 22755 "-" "Mozilla/5.0 AppleWebKit/537.36 (KHTML, like Gecko; compatible; GPTBot/1.2; +https://openai.com/gptbot)"
66.29.132.124 - - [28/Apr/2025:09:10:31 -0400] "POST /wp-admin/admin-ajax.php?action=async_litespeed&nonce=JYMFFOxu9Rc0hyQPZfQOw6vXSDIzu3oC&litespeed_type=imgoptm HTTP/1.1" 200 0 "-" "WordPress/6.8; https://kamrancomputer.com"
20.171.207.125 - - [28/Apr/2025:09:10:31 -0400] "GET /?p=18138 HTTP/1.1" 301 0 "-" "Mozilla/5.0 AppleWebKit/537.36 (KHTML, like Gecko; compatible; GPTBot/1.2; +https://openai.com/gptbot)"
20.171.207.125 - - [28/Apr/2025:09:10:35 -0400] "GET /2024/10/18/multi-lotto-50-freispiele-ohne-einzahlung/embed/ HTTP/1.1" 200 22858 "-" "Mozilla/5.0 AppleWebKit/537.36 (KHTML, like Gecko; compatible; GPTBot/1.2; +https://openai.com/gptbot)"
20.171.207.125 - - [28/Apr/2025:09:10:39 -0400] "GET /2024/10/18/milky-way-online-casino-game/milky-way-game.jpg HTTP/1.1" 404 18466 "-" "Mozilla/5.0 AppleWebKit/537.36 (KHTML, like Gecko; compatible; GPTBot/1.2; +https://openai.com/gptbot)"
20.171.207.125 - - [28/Apr/2025:09:10:42 -0400] "GET /2024/10/14/victorian-gaming-licence/ HTTP/1.1" 200 20254 "-" "Mozilla/5.0 AppleWebKit/537.36 (KHTML, like Gecko; compatible; GPTBot/1.2; +https://openai.com/gptbot)"
20.171.207.125 - - [28/Apr/2025:09:10:46 -0400] "GET /2024/10/18/carnival-casino-online/ HTTP/1.1" 200 20707 "-" "Mozilla/5.0 AppleWebKit/537.36 (KHTML, like Gecko; compatible; GPTBot/1.2; +https://openai.com/gptbot)"
20.171.207.125 - - [28/Apr/2025:09:10:49 -0400] "GET /2024/10/19/online-gambling-nj-borgata/mobile-gambling-impact.jpg HTTP/1.1" 404 18465 "-" "Mozilla/5.0 AppleWebKit/537.36 (KHTML, like Gecko; compatible; GPTBot/1.2; +https://openai.com/gptbot)"
66.29.132.124 - - [28/Apr/2025:09:10:54 -0400] "POST /wp-cron.php?doing_wp_cron=1745845854.0924270153045654296875 HTTP/1.1" 200 0 "-" "WordPress/6.8; https://kamrancomputer.com"
20.171.207.125 - - [28/Apr/2025:09:10:53 -0400] "GET /2024/10/14/novoline-automatenspiele/ HTTP/1.1" 200 21035 "-" "Mozilla/5.0 AppleWebKit/537.36 (KHTML, like Gecko; compatible; GPTBot/1.2; +https://openai.com/gptbot)"
20.171.207.125 - - [28/Apr/2025:09:10:55 -0400] "GET /2024/10/18/best-online-gambling-sites/gambling-graphic.jpg HTTP/1.1" 404 18464 "-" "Mozilla/5.0 AppleWebKit/537.36 (KHTML, like Gecko; compatible; GPTBot/1.2; +https://openai.com/gptbot)"
20.171.207.125 - - [28/Apr/2025:09:10:58 -0400] "GET /?p=802 HTTP/1.1" 301 0 "-" "Mozilla/5.0 AppleWebKit/537.36 (KHTML, like Gecko; compatible; GPTBot/1.2; +https://openai.com/gptbot)"
20.171.207.125 - - [28/Apr/2025:09:11:02 -0400] "GET /2024/10/14/slotpark-gratis-bonus/ HTTP/1.1" 200 20225 "-" "Mozilla/5.0 AppleWebKit/537.36 (KHTML, like Gecko; compatible; GPTBot/1.2; +https://openai.com/gptbot)"
20.171.207.125 - - [28/Apr/2025:09:11:05 -0400] "GET /2024/10/18/casino-real-money-online/ HTTP/1.1" 200 20499 "-" "Mozilla/5.0 AppleWebKit/537.36 (KHTML, like Gecko; compatible; GPTBot/1.2; +https://openai.com/gptbot)"
20.171.207.125 - - [28/Apr/2025:09:11:07 -0400] "GET /2024/10/19/canada-online-roulette/ HTTP/1.1" 200 20836 "-" "Mozilla/5.0 AppleWebKit/537.36 (KHTML, like Gecko; compatible; GPTBot/1.2; +https://openai.com/gptbot)"
20.171.207.125 - - [28/Apr/2025:09:11:10 -0400] "GET /2024/10/18/nj-online-casino-bonuses/ HTTP/1.1" 200 20924 "-" "Mozilla/5.0 AppleWebKit/537.36 (KHTML, like Gecko; compatible; GPTBot/1.2; +https://openai.com/gptbot)"
66.29.132.124 - - [28/Apr/2025:09:11:13 -0400] "POST /wp-cron.php?doing_wp_cron=1745845873.7624449729919433593750 HTTP/1.1" 200 0 "-" "WordPress/6.8; https://kamrancomputer.com"
20.171.207.125 - - [28/Apr/2025:09:11:13 -0400] "GET /?p=21540 HTTP/1.1" 301 0 "-" "Mozilla/5.0 AppleWebKit/537.36 (KHTML, like Gecko; compatible; GPTBot/1.2; +https://openai.com/gptbot)"
20.171.207.125 - - [28/Apr/2025:09:11:15 -0400] "GET /?p=1276 HTTP/1.1" 301 0 "-" "Mozilla/5.0 AppleWebKit/537.36 (KHTML, like Gecko; compatible; GPTBot/1.2; +https://openai.com/gptbot)"
20.171.207.125 - - [28/Apr/2025:09:11:18 -0400] "GET /?p=1827 HTTP/1.1" 301 0 "-" "Mozilla/5.0 AppleWebKit/537.36 (KHTML, like Gecko; compatible; GPTBot/1.2; +https://openai.com/gptbot)"
20.171.207.125 - - [28/Apr/2025:09:11:20 -0400] "GET /2024/10/14/novoline-automatenspiele/ HTTP/1.1" 200 21035 "-" "Mozilla/5.0 AppleWebKit/537.36 (KHTML, like Gecko; compatible; GPTBot/1.2; +https://openai.com/gptbot)"
20.171.207.125 - - [28/Apr/2025:09:11:22 -0400] "GET /2024/10/14/casino-ohne-anmeldung-spielen/casino-spielen.jpg HTTP/1.1" 404 18466 "-" "Mozilla/5.0 AppleWebKit/537.36 (KHTML, like Gecko; compatible; GPTBot/1.2; +https://openai.com/gptbot)"
20.171.207.125 - - [28/Apr/2025:09:11:23 -0400] "GET /2024/10/18/8-casino/ HTTP/1.1" 200 20448 "-" "Mozilla/5.0 AppleWebKit/537.36 (KHTML, like Gecko; compatible; GPTBot/1.2; +https://openai.com/gptbot)"
66.29.132.124 - - [28/Apr/2025:09:11:27 -0400] "POST /wp-cron.php?doing_wp_cron=1745845886.9916889667510986328125 HTTP/1.1" 200 0 "-" "WordPress/6.8; https://kamrancomputer.com"
20.171.207.125 - - [28/Apr/2025:09:11:25 -0400] "GET /2024/10/18/vulkan-klub-onlajn/ HTTP/1.1" 200 22067 "-" "Mozilla/5.0 AppleWebKit/537.36 (KHTML, like Gecko; compatible; GPTBot/1.2; +https://openai.com/gptbot)"
66.29.132.124 - - [28/Apr/2025:09:11:28 -0400] "POST /wp-admin/admin-ajax.php?action=async_litespeed&nonce=mbgCTwmwBRbZx6xyOZBPrSxQPkEknIYd&litespeed_type=imgoptm HTTP/1.1" 200 0 "-" "WordPress/6.8; https://kamrancomputer.com"
20.171.207.125 - - [28/Apr/2025:09:11:29 -0400] "GET /2024/10/18/neue-casino-online/ HTTP/1.1" 200 20417 "-" "Mozilla/5.0 AppleWebKit/537.36 (KHTML, like Gecko; compatible; GPTBot/1.2; +https://openai.com/gptbot)"
20.171.207.125 - - [28/Apr/2025:09:11:32 -0400] "GET /2024/10/18/casino-real-money-online/casino-online.jpg HTTP/1.1" 404 18464 "-" "Mozilla/5.0 AppleWebKit/537.36 (KHTML, like Gecko; compatible; GPTBot/1.2; +https://openai.com/gptbot)"
20.171.207.125 - - [28/Apr/2025:09:11:35 -0400] "GET /2024/10/18/sign-in-pokerstars/ HTTP/1.1" 200 20343 "-" "Mozilla/5.0 AppleWebKit/537.36 (KHTML, like Gecko; compatible; GPTBot/1.2; +https://openai.com/gptbot)"
20.171.207.125 - - [28/Apr/2025:09:11:39 -0400] "GET /2024/10/19/alberta-gambling/ HTTP/1.1" 200 20748 "-" "Mozilla/5.0 AppleWebKit/537.36 (KHTML, like Gecko; compatible; GPTBot/1.2; +https://openai.com/gptbot)"
20.171.207.125 - - [28/Apr/2025:09:11:41 -0400] "GET /2024/10/14/global-casino-online/ HTTP/1.1" 200 20566 "-" "Mozilla/5.0 AppleWebKit/537.36 (KHTML, like Gecko; compatible; GPTBot/1.2; +https://openai.com/gptbot)"
20.171.207.125 - - [28/Apr/2025:09:11:44 -0400] "GET /2024/10/14/list-of-online-casinos-in-new-jersey/ HTTP/1.1" 200 20671 "-" "Mozilla/5.0 AppleWebKit/537.36 (KHTML, like Gecko; compatible; GPTBot/1.2; +https://openai.com/gptbot)"
20.171.207.125 - - [28/Apr/2025:09:11:46 -0400] "GET /2024/10/14/ignition-online-casino/ HTTP/1.1" 200 20437 "-" "Mozilla/5.0 AppleWebKit/537.36 (KHTML, like Gecko; compatible; GPTBot/1.2; +https://openai.com/gptbot)"
20.171.207.125 - - [28/Apr/2025:09:11:49 -0400] "GET /2024/10/19/sycuan-online-casino/ HTTP/1.1" 200 19975 "-" "Mozilla/5.0 AppleWebKit/537.36 (KHTML, like Gecko; compatible; GPTBot/1.2; +https://openai.com/gptbot)"
20.171.207.125 - - [28/Apr/2025:09:11:51 -0400] "GET /2024/10/14/new-casinos-canada/ HTTP/1.1" 200 20609 "-" "Mozilla/5.0 AppleWebKit/537.36 (KHTML, like Gecko; compatible; GPTBot/1.2; +https://openai.com/gptbot)"
66.29.132.124 - - [28/Apr/2025:09:11:53 -0400] "POST /wp-cron.php?doing_wp_cron=1745845913.4118080139160156250000 HTTP/1.1" 200 0 "-" "WordPress/6.8; https://kamrancomputer.com"
20.171.207.125 - - [28/Apr/2025:09:11:52 -0400] "GET /2024/10/18/8-casino/images/live-dealer-games.jpg HTTP/1.1" 404 18465 "-" "Mozilla/5.0 AppleWebKit/537.36 (KHTML, like Gecko; compatible; GPTBot/1.2; +https://openai.com/gptbot)"
20.171.207.125 - - [28/Apr/2025:09:11:54 -0400] "GET /2024/10/18/8-casino/images/mobile-gaming-trends.jpg HTTP/1.1" 404 18464 "-" "Mozilla/5.0 AppleWebKit/537.36 (KHTML, like Gecko; compatible; GPTBot/1.2; +https://openai.com/gptbot)"
20.171.207.125 - - [28/Apr/2025:09:11:55 -0400] "GET /2024/10/14/www-tipico-com/ HTTP/1.1" 200 20491 "-" "Mozilla/5.0 AppleWebKit/537.36 (KHTML, like Gecko; compatible; GPTBot/1.2; +https://openai.com/gptbot)"
20.171.207.125 - - [28/Apr/2025:09:11:57 -0400] "GET /2024/10/19/casino-x-400/ HTTP/1.1" 200 22412 "-" "Mozilla/5.0 AppleWebKit/537.36 (KHTML, like Gecko; compatible; GPTBot/1.2; +https://openai.com/gptbot)"
20.171.207.125 - - [28/Apr/2025:09:11:59 -0400] "GET /2024/10/18/casinos-online-en-las-vegas/ HTTP/1.1" 200 20641 "-" "Mozilla/5.0 AppleWebKit/537.36 (KHTML, like Gecko; compatible; GPTBot/1.2; +https://openai.com/gptbot)"
20.171.207.125 - - [28/Apr/2025:09:12:01 -0400] "GET /2024/10/14/global-casino-online/images/global-online-casino.jpg HTTP/1.1" 404 18464 "-" "Mozilla/5.0 AppleWebKit/537.36 (KHTML, like Gecko; compatible; GPTBot/1.2; +https://openai.com/gptbot)"
20.171.207.125 - - [28/Apr/2025:09:12:03 -0400] "GET /2024/10/14/new-pa-online-casinos/ HTTP/1.1" 200 20489 "-" "Mozilla/5.0 AppleWebKit/537.36 (KHTML, like Gecko; compatible; GPTBot/1.2; +https://openai.com/gptbot)"
20.171.207.125 - - [28/Apr/2025:09:12:04 -0400] "GET /2024/10/14/play-ojo/ HTTP/1.1" 200 20516 "-" "Mozilla/5.0 AppleWebKit/537.36 (KHTML, like Gecko; compatible; GPTBot/1.2; +https://openai.com/gptbot)"
