20.171.207.125 - - [28/Apr/2025:07:39:18 -0400] "GET /wp-json/oembed/1.0/embed?url=https%3A%2F%2Fkamrancomputer.com%2F2024%2F10%2F19%2Froobet-australia%2F HTTP/1.1" 200 2134 "-" "Mozilla/5.0 AppleWebKit/537.36 (KHTML, like Gecko; compatible; GPTBot/1.2; +https://openai.com/gptbot)"
20.171.207.125 - - [28/Apr/2025:07:39:19 -0400] "GET /?p=1169 HTTP/1.1" 301 0 "-" "Mozilla/5.0 AppleWebKit/537.36 (KHTML, like Gecko; compatible; GPTBot/1.2; +https://openai.com/gptbot)"
20.171.207.125 - - [28/Apr/2025:07:39:21 -0400] "GET /?p=2269 HTTP/1.1" 301 0 "-" "Mozilla/5.0 AppleWebKit/537.36 (KHTML, like Gecko; compatible; GPTBot/1.2; +https://openai.com/gptbot)"
20.171.207.125 - - [28/Apr/2025:07:39:23 -0400] "GET /2024/10/18/best-online-casino-au/online_casino_statistics_australia.jpg HTTP/1.1" 404 18535 "-" "Mozilla/5.0 AppleWebKit/537.36 (KHTML, like Gecko; compatible; GPTBot/1.2; +https://openai.com/gptbot)"
66.29.132.124 - - [28/Apr/2025:07:39:26 -0400] "POST /wp-cron.php?doing_wp_cron=1745840366.3008630275726318359375 HTTP/1.1" 200 0 "-" "WordPress/6.8; https://kamrancomputer.com"
20.171.207.125 - - [28/Apr/2025:07:39:25 -0400] "GET /2024/10/19/roobet-australia/roobet_success_story.jpg HTTP/1.1" 404 18534 "-" "Mozilla/5.0 AppleWebKit/537.36 (KHTML, like Gecko; compatible; GPTBot/1.2; +https://openai.com/gptbot)"
20.171.207.125 - - [28/Apr/2025:07:39:26 -0400] "GET /?p=7438 HTTP/1.1" 301 0 "-" "Mozilla/5.0 AppleWebKit/537.36 (KHTML, like Gecko; compatible; GPTBot/1.2; +https://openai.com/gptbot)"
66.29.132.124 - - [28/Apr/2025:07:39:27 -0400] "POST /wp-admin/admin-ajax.php?action=async_litespeed&nonce=lJ62CALl9pqiFZ5qph88p3z8tuZ4VZxD&litespeed_type=imgoptm HTTP/1.1" 200 0 "-" "WordPress/6.8; https://kamrancomputer.com"
20.171.207.125 - - [28/Apr/2025:07:39:28 -0400] "GET /2024/10/19/igrat-grand-kazino/ HTTP/1.1" 200 22632 "-" "Mozilla/5.0 AppleWebKit/537.36 (KHTML, like Gecko; compatible; GPTBot/1.2; +https://openai.com/gptbot)"
20.171.207.125 - - [28/Apr/2025:07:39:30 -0400] "GET /?p=14377 HTTP/1.1" 301 0 "-" "Mozilla/5.0 AppleWebKit/537.36 (KHTML, like Gecko; compatible; GPTBot/1.2; +https://openai.com/gptbot)"
20.171.207.125 - - [28/Apr/2025:07:39:32 -0400] "GET /2024/10/18/novoline-automaten/ HTTP/1.1" 200 20396 "-" "Mozilla/5.0 AppleWebKit/537.36 (KHTML, like Gecko; compatible; GPTBot/1.2; +https://openai.com/gptbot)"
20.171.207.125 - - [28/Apr/2025:07:39:34 -0400] "GET /?p=22122 HTTP/1.1" 301 0 "-" "Mozilla/5.0 AppleWebKit/537.36 (KHTML, like Gecko; compatible; GPTBot/1.2; +https://openai.com/gptbot)"
20.171.207.125 - - [28/Apr/2025:07:39:37 -0400] "GET /?p=20594 HTTP/1.1" 301 0 "-" "Mozilla/5.0 AppleWebKit/537.36 (KHTML, like Gecko; compatible; GPTBot/1.2; +https://openai.com/gptbot)"
20.171.207.125 - - [28/Apr/2025:07:39:39 -0400] "GET /?p=3422 HTTP/1.1" 301 0 "-" "Mozilla/5.0 AppleWebKit/537.36 (KHTML, like Gecko; compatible; GPTBot/1.2; +https://openai.com/gptbot)"
20.171.207.125 - - [28/Apr/2025:07:39:41 -0400] "GET /2024/10/14/best-online-casino-promotions/ HTTP/1.1" 200 20691 "-" "Mozilla/5.0 AppleWebKit/537.36 (KHTML, like Gecko; compatible; GPTBot/1.2; +https://openai.com/gptbot)"
20.171.207.125 - - [28/Apr/2025:07:39:43 -0400] "GET /2024/10/14/alberta-online-casinos/ HTTP/1.1" 200 20291 "-" "Mozilla/5.0 AppleWebKit/537.36 (KHTML, like Gecko; compatible; GPTBot/1.2; +https://openai.com/gptbot)"
20.171.207.125 - - [28/Apr/2025:07:39:46 -0400] "GET /2024/10/18/winstar-777-online-casino/embed/ HTTP/1.1" 200 22768 "-" "Mozilla/5.0 AppleWebKit/537.36 (KHTML, like Gecko; compatible; GPTBot/1.2; +https://openai.com/gptbot)"
20.171.207.125 - - [28/Apr/2025:07:39:48 -0400] "GET /2024/10/18/online-slots-real-for-money/ HTTP/1.1" 200 20858 "-" "Mozilla/5.0 AppleWebKit/537.36 (KHTML, like Gecko; compatible; GPTBot/1.2; +https://openai.com/gptbot)"
66.29.132.124 - - [28/Apr/2025:07:39:52 -0400] "POST /wp-cron.php?doing_wp_cron=1745840392.6280438899993896484375 HTTP/1.1" 200 0 "-" "WordPress/6.8; https://kamrancomputer.com"
20.171.207.125 - - [28/Apr/2025:07:39:51 -0400] "GET /2024/10/14/pin-ap-kazino-onlajn/ HTTP/1.1" 200 21794 "-" "Mozilla/5.0 AppleWebKit/537.36 (KHTML, like Gecko; compatible; GPTBot/1.2; +https://openai.com/gptbot)"
20.171.207.125 - - [28/Apr/2025:07:39:54 -0400] "GET /?p=1158 HTTP/1.1" 301 0 "-" "Mozilla/5.0 AppleWebKit/537.36 (KHTML, like Gecko; compatible; GPTBot/1.2; +https://openai.com/gptbot)"
20.171.207.125 - - [28/Apr/2025:07:39:58 -0400] "GET /2024/10/18/az-online-casino/ HTTP/1.1" 200 20658 "-" "Mozilla/5.0 AppleWebKit/537.36 (KHTML, like Gecko; compatible; GPTBot/1.2; +https://openai.com/gptbot)"
20.171.207.125 - - [28/Apr/2025:07:40:01 -0400] "GET /?p=12199 HTTP/1.1" 301 0 "-" "Mozilla/5.0 AppleWebKit/537.36 (KHTML, like Gecko; compatible; GPTBot/1.2; +https://openai.com/gptbot)"
20.171.207.125 - - [28/Apr/2025:07:40:04 -0400] "GET /2024/10/19/online-casino-deposit-bonus-codes/ HTTP/1.1" 200 20329 "-" "Mozilla/5.0 AppleWebKit/537.36 (KHTML, like Gecko; compatible; GPTBot/1.2; +https://openai.com/gptbot)"
66.29.132.124 - - [28/Apr/2025:07:40:10 -0400] "POST /wp-cron.php?doing_wp_cron=1745840408.6460940837860107421875 HTTP/1.1" 200 0 "-" "WordPress/6.8; https://kamrancomputer.com"
20.171.207.125 - - [28/Apr/2025:07:40:07 -0400] "GET /2024/10/14/money-withheld-from-online-casino-for-duplicate-account/ HTTP/1.1" 200 20430 "-" "Mozilla/5.0 AppleWebKit/537.36 (KHTML, like Gecko; compatible; GPTBot/1.2; +https://openai.com/gptbot)"
20.171.207.125 - - [28/Apr/2025:07:40:12 -0400] "GET /2024/10/14/best-online-casino-promotions/images/success-story.jpg HTTP/1.1" 404 18534 "-" "Mozilla/5.0 AppleWebKit/537.36 (KHTML, like Gecko; compatible; GPTBot/1.2; +https://openai.com/gptbot)"
20.171.207.125 - - [28/Apr/2025:07:40:17 -0400] "GET /2024/10/19/new-us-online-casino/ HTTP/1.1" 200 20491 "-" "Mozilla/5.0 AppleWebKit/537.36 (KHTML, like Gecko; compatible; GPTBot/1.2; +https://openai.com/gptbot)"
20.171.207.125 - - [28/Apr/2025:07:40:23 -0400] "GET /?p=20068 HTTP/1.1" 301 0 "-" "Mozilla/5.0 AppleWebKit/537.36 (KHTML, like Gecko; compatible; GPTBot/1.2; +https://openai.com/gptbot)"
20.171.207.125 - - [28/Apr/2025:07:40:29 -0400] "GET /?p=10581 HTTP/1.1" 301 0 "-" "Mozilla/5.0 AppleWebKit/537.36 (KHTML, like Gecko; compatible; GPTBot/1.2; +https://openai.com/gptbot)"
20.171.207.125 - - [28/Apr/2025:07:40:33 -0400] "GET /?p=11598 HTTP/1.1" 301 0 "-" "Mozilla/5.0 AppleWebKit/537.36 (KHTML, like Gecko; compatible; GPTBot/1.2; +https://openai.com/gptbot)"
20.171.207.125 - - [28/Apr/2025:07:40:37 -0400] "GET /2024/10/14/newest-online-casino-real-money/ HTTP/1.1" 200 20621 "-" "Mozilla/5.0 AppleWebKit/537.36 (KHTML, like Gecko; compatible; GPTBot/1.2; +https://openai.com/gptbot)"
20.171.207.125 - - [28/Apr/2025:07:40:41 -0400] "GET /2024/10/18/star-gam/ HTTP/1.1" 200 20401 "-" "Mozilla/5.0 AppleWebKit/537.36 (KHTML, like Gecko; compatible; GPTBot/1.2; +https://openai.com/gptbot)"
20.171.207.125 - - [28/Apr/2025:07:40:45 -0400] "GET /2024/10/18/netbet-online-casino/ HTTP/1.1" 200 20634 "-" "Mozilla/5.0 AppleWebKit/537.36 (KHTML, like Gecko; compatible; GPTBot/1.2; +https://openai.com/gptbot)"
20.171.207.125 - - [28/Apr/2025:07:40:49 -0400] "GET /2024/10/19/online-casino-deposit-bonus-codes/deposit-bonus-guide.jpg HTTP/1.1" 404 18534 "-" "Mozilla/5.0 AppleWebKit/537.36 (KHTML, like Gecko; compatible; GPTBot/1.2; +https://openai.com/gptbot)"
20.171.207.125 - - [28/Apr/2025:07:40:53 -0400] "GET /2024/10/14/racing-and-gaming-nsw/ HTTP/1.1" 200 20564 "-" "Mozilla/5.0 AppleWebKit/537.36 (KHTML, like Gecko; compatible; GPTBot/1.2; +https://openai.com/gptbot)"
20.171.207.125 - - [28/Apr/2025:07:40:56 -0400] "GET /?p=733 HTTP/1.1" 301 0 "-" "Mozilla/5.0 AppleWebKit/537.36 (KHTML, like Gecko; compatible; GPTBot/1.2; +https://openai.com/gptbot)"
20.171.207.125 - - [28/Apr/2025:07:41:00 -0400] "GET /2024/10/14/888-kazino/ HTTP/1.1" 200 21998 "-" "Mozilla/5.0 AppleWebKit/537.36 (KHTML, like Gecko; compatible; GPTBot/1.2; +https://openai.com/gptbot)"
20.171.207.125 - - [28/Apr/2025:07:41:03 -0400] "GET /wp-json/oembed/1.0/embed?format=xml&url=https%3A%2F%2Fkamrancomputer.com%2F2024%2F10%2F19%2Fnew-us-online-casino%2F HTTP/1.1" 200 1032 "-" "Mozilla/5.0 AppleWebKit/537.36 (KHTML, like Gecko; compatible; GPTBot/1.2; +https://openai.com/gptbot)"
20.171.207.125 - - [28/Apr/2025:07:41:06 -0400] "GET /2024/10/19/new-us-online-casino/images/online-casino-guide.jpg HTTP/1.1" 404 18534 "-" "Mozilla/5.0 AppleWebKit/537.36 (KHTML, like Gecko; compatible; GPTBot/1.2; +https://openai.com/gptbot)"
66.29.132.124 - - [28/Apr/2025:07:41:10 -0400] "POST /wp-cron.php?doing_wp_cron=1745840470.1380450725555419921875 HTTP/1.1" 200 0 "-" "WordPress/6.8; https://kamrancomputer.com"
20.171.207.125 - - [28/Apr/2025:07:41:08 -0400] "GET /wp-json/oembed/1.0/embed?url=https%3A%2F%2Fkamrancomputer.com%2F2024%2F10%2F19%2Fnew-us-online-casino%2F HTTP/1.1" 200 2154 "-" "Mozilla/5.0 AppleWebKit/537.36 (KHTML, like Gecko; compatible; GPTBot/1.2; +https://openai.com/gptbot)"
20.171.207.125 - - [28/Apr/2025:07:41:11 -0400] "GET /?p=19296 HTTP/1.1" 301 0 "-" "Mozilla/5.0 AppleWebKit/537.36 (KHTML, like Gecko; compatible; GPTBot/1.2; +https://openai.com/gptbot)"
66.29.132.124 - - [28/Apr/2025:07:41:13 -0400] "POST /wp-admin/admin-ajax.php?action=async_litespeed&nonce=FgkIAOOGpvMBviEfI1ncY7IZwfoMvGyT&litespeed_type=imgoptm HTTP/1.1" 200 0 "-" "WordPress/6.8; https://kamrancomputer.com"
66.29.132.124 - - [28/Apr/2025:07:41:13 -0400] "POST /wp-admin/admin-ajax.php?action=as_async_request_queue_runner&nonce=64b43951e9 HTTP/1.1" 200 0 "-" "WordPress/6.8; https://kamrancomputer.com"
20.171.207.125 - - [28/Apr/2025:07:41:13 -0400] "GET /?p=20328 HTTP/1.1" 301 0 "-" "Mozilla/5.0 AppleWebKit/537.36 (KHTML, like Gecko; compatible; GPTBot/1.2; +https://openai.com/gptbot)"
66.29.132.124 - - [28/Apr/2025:07:41:16 -0400] "POST /wp-cron.php?doing_wp_cron=1745840476.8772039413452148437500 HTTP/1.1" 200 0 "-" "WordPress/6.8; https://kamrancomputer.com"
20.171.207.125 - - [28/Apr/2025:07:41:16 -0400] "GET /?p=22827 HTTP/1.1" 301 0 "-" "Mozilla/5.0 AppleWebKit/537.36 (KHTML, like Gecko; compatible; GPTBot/1.2; +https://openai.com/gptbot)"
20.171.207.125 - - [28/Apr/2025:07:41:18 -0400] "GET /?p=21360 HTTP/1.1" 301 0 "-" "Mozilla/5.0 AppleWebKit/537.36 (KHTML, like Gecko; compatible; GPTBot/1.2; +https://openai.com/gptbot)"
20.171.207.125 - - [28/Apr/2025:07:41:20 -0400] "GET /?p=12227 HTTP/1.1" 301 0 "-" "Mozilla/5.0 AppleWebKit/537.36 (KHTML, like Gecko; compatible; GPTBot/1.2; +https://openai.com/gptbot)"
20.171.207.125 - - [28/Apr/2025:07:41:21 -0400] "GET /?p=7773 HTTP/1.1" 301 0 "-" "Mozilla/5.0 AppleWebKit/537.36 (KHTML, like Gecko; compatible; GPTBot/1.2; +https://openai.com/gptbot)"
20.171.207.125 - - [28/Apr/2025:07:41:23 -0400] "GET /2024/10/18/online-casino-freispiele-ohne-einzahlung/ HTTP/1.1" 200 20490 "-" "Mozilla/5.0 AppleWebKit/537.36 (KHTML, like Gecko; compatible; GPTBot/1.2; +https://openai.com/gptbot)"
20.171.207.125 - - [28/Apr/2025:07:41:24 -0400] "GET /2024/10/18/spielautomaten-online-spielen/ HTTP/1.1" 200 20629 "-" "Mozilla/5.0 AppleWebKit/537.36 (KHTML, like Gecko; compatible; GPTBot/1.2; +https://openai.com/gptbot)"
66.29.132.124 - - [28/Apr/2025:07:41:28 -0400] "POST /wp-cron.php?doing_wp_cron=1745840487.9343349933624267578125 HTTP/1.1" 200 0 "-" "WordPress/6.8; https://kamrancomputer.com"
20.171.207.125 - - [28/Apr/2025:07:41:26 -0400] "GET /?p=15192 HTTP/1.1" 301 0 "-" "Mozilla/5.0 AppleWebKit/537.36 (KHTML, like Gecko; compatible; GPTBot/1.2; +https://openai.com/gptbot)"
20.171.207.125 - - [28/Apr/2025:07:41:28 -0400] "GET /?p=14348 HTTP/1.1" 301 0 "-" "Mozilla/5.0 AppleWebKit/537.36 (KHTML, like Gecko; compatible; GPTBot/1.2; +https://openai.com/gptbot)"
66.29.132.124 - - [28/Apr/2025:07:41:29 -0400] "POST /wp-admin/admin-ajax.php?action=async_litespeed&nonce=ModnC5sjosg99YsOr2BCqub8Es05S96f&litespeed_type=imgoptm HTTP/1.1" 200 0 "-" "WordPress/6.8; https://kamrancomputer.com"
20.171.207.125 - - [28/Apr/2025:07:41:30 -0400] "GET /?p=3126 HTTP/1.1" 301 0 "-" "Mozilla/5.0 AppleWebKit/537.36 (KHTML, like Gecko; compatible; GPTBot/1.2; +https://openai.com/gptbot)"
20.171.207.125 - - [28/Apr/2025:07:41:33 -0400] "GET /wp-json/wp/v2/posts/3126 HTTP/1.1" 200 6310 "-" "Mozilla/5.0 AppleWebKit/537.36 (KHTML, like Gecko; compatible; GPTBot/1.2; +https://openai.com/gptbot)"
20.171.207.125 - - [28/Apr/2025:07:41:35 -0400] "GET /2024/10/19/online-casino-deutschland-ohne-einzahlung/ HTTP/1.1" 200 20577 "-" "Mozilla/5.0 AppleWebKit/537.36 (KHTML, like Gecko; compatible; GPTBot/1.2; +https://openai.com/gptbot)"
20.171.207.125 - - [28/Apr/2025:07:41:39 -0400] "GET /2024/10/18/welches-ist-das-beste-online-casino/ HTTP/1.1" 200 20444 "-" "Mozilla/5.0 AppleWebKit/537.36 (KHTML, like Gecko; compatible; GPTBot/1.2; +https://openai.com/gptbot)"
20.171.207.125 - - [28/Apr/2025:07:41:41 -0400] "GET /2024/10/18/star-gam/path-to-your-image.jpg HTTP/1.1" 404 18534 "-" "Mozilla/5.0 AppleWebKit/537.36 (KHTML, like Gecko; compatible; GPTBot/1.2; +https://openai.com/gptbot)"
173.252.83.2 - - [28/Apr/2025:07:41:46 -0400] "GET /robots.txt HTTP/1.1" 206 1294 "-" "facebookexternalhit/1.1 (+http://www.facebook.com/externalhit_uatext.php)"
20.171.207.125 - - [28/Apr/2025:07:41:45 -0400] "GET /2024/10/14/racing-and-gaming-nsw/racing-gaming-nsw.jpg HTTP/1.1" 404 18534 "-" "Mozilla/5.0 AppleWebKit/537.36 (KHTML, like Gecko; compatible; GPTBot/1.2; +https://openai.com/gptbot)"
66.29.132.124 - - [28/Apr/2025:07:42:28 -0400] "POST /wp-cron.php?doing_wp_cron=1745840547.3232929706573486328125 HTTP/1.1" 200 0 "-" "WordPress/6.8; https://kamrancomputer.com"
20.171.207.125 - - [28/Apr/2025:07:42:29 -0400] "GET /2024/10/14/merkur-online-casino-echtgeld-app/ HTTP/1.1" 200 20375 "-" "Mozilla/5.0 AppleWebKit/537.36 (KHTML, like Gecko; compatible; GPTBot/1.2; +https://openai.com/gptbot)"
20.171.207.125 - - [28/Apr/2025:07:42:32 -0400] "GET /2024/10/19/new-us-online-casino/embed/ HTTP/1.1" 200 22795 "-" "Mozilla/5.0 AppleWebKit/537.36 (KHTML, like Gecko; compatible; GPTBot/1.2; +https://openai.com/gptbot)"
20.171.207.125 - - [28/Apr/2025:07:42:35 -0400] "GET /2024/10/18/rtg-online-casinos/ HTTP/1.1" 200 20473 "-" "Mozilla/5.0 AppleWebKit/537.36 (KHTML, like Gecko; compatible; GPTBot/1.2; +https://openai.com/gptbot)"
20.171.207.125 - - [28/Apr/2025:07:42:37 -0400] "GET /2024/10/18/real-casino-online/ HTTP/1.1" 200 20465 "-" "Mozilla/5.0 AppleWebKit/537.36 (KHTML, like Gecko; compatible; GPTBot/1.2; +https://openai.com/gptbot)"
20.171.207.125 - - [28/Apr/2025:07:42:39 -0400] "GET /2024/10/19/rivers-online-casino/ HTTP/1.1" 200 20034 "-" "Mozilla/5.0 AppleWebKit/537.36 (KHTML, like Gecko; compatible; GPTBot/1.2; +https://openai.com/gptbot)"
20.171.207.125 - - [28/Apr/2025:07:42:41 -0400] "GET /2024/10/19/betmgm-app-down/ HTTP/1.1" 200 20309 "-" "Mozilla/5.0 AppleWebKit/537.36 (KHTML, like Gecko; compatible; GPTBot/1.2; +https://openai.com/gptbot)"
20.171.207.125 - - [28/Apr/2025:07:42:43 -0400] "GET /2024/10/19/online-casino-ohne-einzahlung-echtgeld-bonus/ HTTP/1.1" 200 20607 "-" "Mozilla/5.0 AppleWebKit/537.36 (KHTML, like Gecko; compatible; GPTBot/1.2; +https://openai.com/gptbot)"
20.171.207.125 - - [28/Apr/2025:07:42:45 -0400] "GET /2024/10/18/freegames-org/ HTTP/1.1" 200 19874 "-" "Mozilla/5.0 AppleWebKit/537.36 (KHTML, like Gecko; compatible; GPTBot/1.2; +https://openai.com/gptbot)"
20.171.207.125 - - [28/Apr/2025:07:42:47 -0400] "GET /?p=13386 HTTP/1.1" 301 0 "-" "Mozilla/5.0 AppleWebKit/537.36 (KHTML, like Gecko; compatible; GPTBot/1.2; +https://openai.com/gptbot)"
20.171.207.125 - - [28/Apr/2025:07:42:48 -0400] "GET /?p=21707 HTTP/1.1" 301 0 "-" "Mozilla/5.0 AppleWebKit/537.36 (KHTML, like Gecko; compatible; GPTBot/1.2; +https://openai.com/gptbot)"
20.171.207.125 - - [28/Apr/2025:07:42:49 -0400] "GET /2024/10/14/merkur-online-casino-echtgeld-app/path/to/your/image.jpg HTTP/1.1" 404 18534 "-" "Mozilla/5.0 AppleWebKit/537.36 (KHTML, like Gecko; compatible; GPTBot/1.2; +https://openai.com/gptbot)"
20.171.207.125 - - [28/Apr/2025:07:42:50 -0400] "GET /2024/10/19/klub-vulkan-stars/ HTTP/1.1" 200 22000 "-" "Mozilla/5.0 AppleWebKit/537.36 (KHTML, like Gecko; compatible; GPTBot/1.2; +https://openai.com/gptbot)"
20.171.207.125 - - [28/Apr/2025:07:42:52 -0400] "GET /2024/10/18/top-casino-online/ HTTP/1.1" 200 21981 "-" "Mozilla/5.0 AppleWebKit/537.36 (KHTML, like Gecko; compatible; GPTBot/1.2; +https://openai.com/gptbot)"
20.171.207.125 - - [28/Apr/2025:07:42:54 -0400] "GET /2024/10/18/real-casino-online/images/popular_games.jpg HTTP/1.1" 404 18534 "-" "Mozilla/5.0 AppleWebKit/537.36 (KHTML, like Gecko; compatible; GPTBot/1.2; +https://openai.com/gptbot)"
20.171.207.125 - - [28/Apr/2025:07:42:55 -0400] "GET /?p=20812 HTTP/1.1" 301 0 "-" "Mozilla/5.0 AppleWebKit/537.36 (KHTML, like Gecko; compatible; GPTBot/1.2; +https://openai.com/gptbot)"
20.171.207.125 - - [28/Apr/2025:07:42:57 -0400] "GET /2024/10/18/rtg-online-casinos/live-dealer-games.jpg HTTP/1.1" 404 18534 "-" "Mozilla/5.0 AppleWebKit/537.36 (KHTML, like Gecko; compatible; GPTBot/1.2; +https://openai.com/gptbot)"
20.171.207.125 - - [28/Apr/2025:07:42:58 -0400] "GET /2024/10/18/rtg-online-casinos/rtg-game-trends.jpg HTTP/1.1" 404 18534 "-" "Mozilla/5.0 AppleWebKit/537.36 (KHTML, like Gecko; compatible; GPTBot/1.2; +https://openai.com/gptbot)"
20.171.207.125 - - [28/Apr/2025:07:43:00 -0400] "GET /2024/10/18/real-casino-online/images/online_casino_trends.jpg HTTP/1.1" 404 18534 "-" "Mozilla/5.0 AppleWebKit/537.36 (KHTML, like Gecko; compatible; GPTBot/1.2; +https://openai.com/gptbot)"
20.171.207.125 - - [28/Apr/2025:07:43:01 -0400] "GET /2024/10/18/real-casino-online/images/online_casino_growth_chart.jpg HTTP/1.1" 404 18535 "-" "Mozilla/5.0 AppleWebKit/537.36 (KHTML, like Gecko; compatible; GPTBot/1.2; +https://openai.com/gptbot)"
20.171.207.125 - - [28/Apr/2025:07:43:02 -0400] "GET /?p=12588 HTTP/1.1" 301 0 "-" "Mozilla/5.0 AppleWebKit/537.36 (KHTML, like Gecko; compatible; GPTBot/1.2; +https://openai.com/gptbot)"
20.171.207.125 - - [28/Apr/2025:07:43:04 -0400] "GET /?p=18605 HTTP/1.1" 301 0 "-" "Mozilla/5.0 AppleWebKit/537.36 (KHTML, like Gecko; compatible; GPTBot/1.2; +https://openai.com/gptbot)"
20.171.207.125 - - [28/Apr/2025:07:43:05 -0400] "GET /2024/10/18/real-casino-online/images/demographics_online_casino.jpg HTTP/1.1" 404 18534 "-" "Mozilla/5.0 AppleWebKit/537.36 (KHTML, like Gecko; compatible; GPTBot/1.2; +https://openai.com/gptbot)"
20.171.207.125 - - [28/Apr/2025:07:43:06 -0400] "GET /2024/10/19/online-casino-ohne-einzahlung-echtgeld-bonus/images/casino-trends-chart.png HTTP/1.1" 404 18534 "-" "Mozilla/5.0 AppleWebKit/537.36 (KHTML, like Gecko; compatible; GPTBot/1.2; +https://openai.com/gptbot)"
20.171.207.125 - - [28/Apr/2025:07:43:07 -0400] "GET /2024/10/18/top-casino-online/example-image.jpg HTTP/1.1" 404 18534 "-" "Mozilla/5.0 AppleWebKit/537.36 (KHTML, like Gecko; compatible; GPTBot/1.2; +https://openai.com/gptbot)"
20.171.207.125 - - [28/Apr/2025:07:43:09 -0400] "GET /2024/10/18/igrat-sloty-onlajn/ HTTP/1.1" 200 22688 "-" "Mozilla/5.0 AppleWebKit/537.36 (KHTML, like Gecko; compatible; GPTBot/1.2; +https://openai.com/gptbot)"
20.171.207.125 - - [28/Apr/2025:07:43:10 -0400] "GET /2024/10/19/best-draftkings-casino-games/ HTTP/1.1" 200 20276 "-" "Mozilla/5.0 AppleWebKit/537.36 (KHTML, like Gecko; compatible; GPTBot/1.2; +https://openai.com/gptbot)"
20.171.207.125 - - [28/Apr/2025:07:43:12 -0400] "GET /2024/10/18/rtg-online-casinos/rtg-game-trends.jpg HTTP/1.1" 404 18534 "-" "Mozilla/5.0 AppleWebKit/537.36 (KHTML, like Gecko; compatible; GPTBot/1.2; +https://openai.com/gptbot)"
20.171.207.125 - - [28/Apr/2025:07:43:13 -0400] "GET /2024/10/19/ballys-casino-online/ HTTP/1.1" 200 19885 "-" "Mozilla/5.0 AppleWebKit/537.36 (KHTML, like Gecko; compatible; GPTBot/1.2; +https://openai.com/gptbot)"
20.171.207.125 - - [28/Apr/2025:07:43:15 -0400] "GET /2024/10/18/aus-betting-sites/ HTTP/1.1" 200 20391 "-" "Mozilla/5.0 AppleWebKit/537.36 (KHTML, like Gecko; compatible; GPTBot/1.2; +https://openai.com/gptbot)"
20.171.207.125 - - [28/Apr/2025:07:43:17 -0400] "GET /?p=22991 HTTP/1.1" 301 0 "-" "Mozilla/5.0 AppleWebKit/537.36 (KHTML, like Gecko; compatible; GPTBot/1.2; +https://openai.com/gptbot)"
20.171.207.125 - - [28/Apr/2025:07:43:18 -0400] "GET /2024/10/19/pog-online-casino/ HTTP/1.1" 200 20760 "-" "Mozilla/5.0 AppleWebKit/537.36 (KHTML, like Gecko; compatible; GPTBot/1.2; +https://openai.com/gptbot)"
20.171.207.125 - - [28/Apr/2025:07:43:20 -0400] "GET /2024/10/18/casino-ra-zerkalo/ HTTP/1.1" 200 21976 "-" "Mozilla/5.0 AppleWebKit/537.36 (KHTML, like Gecko; compatible; GPTBot/1.2; +https://openai.com/gptbot)"
20.171.207.125 - - [28/Apr/2025:07:43:22 -0400] "GET /2024/10/19/ace-casino-online/ HTTP/1.1" 200 20522 "-" "Mozilla/5.0 AppleWebKit/537.36 (KHTML, like Gecko; compatible; GPTBot/1.2; +https://openai.com/gptbot)"
20.171.207.125 - - [28/Apr/2025:07:43:23 -0400] "GET /2024/10/19/vip-online-casino/ HTTP/1.1" 200 20398 "-" "Mozilla/5.0 AppleWebKit/537.36 (KHTML, like Gecko; compatible; GPTBot/1.2; +https://openai.com/gptbot)"
20.171.207.125 - - [28/Apr/2025:07:43:25 -0400] "GET /2024/10/14/fanduel-nj-casino/ HTTP/1.1" 200 20361 "-" "Mozilla/5.0 AppleWebKit/537.36 (KHTML, like Gecko; compatible; GPTBot/1.2; +https://openai.com/gptbot)"
66.29.132.124 - - [28/Apr/2025:07:43:28 -0400] "POST /wp-admin/admin-ajax.php?action=async_litespeed&nonce=PrY7p70O0Gomyh4zM2QNZd9BcPupAzzd&litespeed_type=imgoptm HTTP/1.1" 200 0 "-" "WordPress/6.8; https://kamrancomputer.com"
20.171.207.125 - - [28/Apr/2025:07:43:28 -0400] "GET /2024/10/19/wow-online-casino/ HTTP/1.1" 200 20236 "-" "Mozilla/5.0 AppleWebKit/537.36 (KHTML, like Gecko; compatible; GPTBot/1.2; +https://openai.com/gptbot)"
20.171.207.125 - - [28/Apr/2025:07:43:30 -0400] "GET /?p=14460 HTTP/1.1" 301 0 "-" "Mozilla/5.0 AppleWebKit/537.36 (KHTML, like Gecko; compatible; GPTBot/1.2; +https://openai.com/gptbot)"
20.171.207.125 - - [28/Apr/2025:07:43:32 -0400] "GET /2024/10/19/top-kazino-onlajn/ HTTP/1.1" 200 21785 "-" "Mozilla/5.0 AppleWebKit/537.36 (KHTML, like Gecko; compatible; GPTBot/1.2; +https://openai.com/gptbot)"
20.171.207.125 - - [28/Apr/2025:07:43:34 -0400] "GET /2024/10/18/stellar-casino/ HTTP/1.1" 200 20311 "-" "Mozilla/5.0 AppleWebKit/537.36 (KHTML, like Gecko; compatible; GPTBot/1.2; +https://openai.com/gptbot)"
20.171.207.125 - - [28/Apr/2025:07:43:35 -0400] "GET /2024/10/19/vulkan-zerkalo/ HTTP/1.1" 200 22190 "-" "Mozilla/5.0 AppleWebKit/537.36 (KHTML, like Gecko; compatible; GPTBot/1.2; +https://openai.com/gptbot)"
20.171.207.125 - - [28/Apr/2025:07:43:37 -0400] "GET /2024/10/18/slotika-kazino/ HTTP/1.1" 200 22677 "-" "Mozilla/5.0 AppleWebKit/537.36 (KHTML, like Gecko; compatible; GPTBot/1.2; +https://openai.com/gptbot)"
20.171.207.125 - - [28/Apr/2025:07:43:40 -0400] "GET /2024/10/18/kazino-maksbet/ HTTP/1.1" 200 22149 "-" "Mozilla/5.0 AppleWebKit/537.36 (KHTML, like Gecko; compatible; GPTBot/1.2; +https://openai.com/gptbot)"
20.171.207.125 - - [28/Apr/2025:07:43:42 -0400] "GET /2024/10/19/vip-online-casino/vip-online-casino.jpg HTTP/1.1" 404 18534 "-" "Mozilla/5.0 AppleWebKit/537.36 (KHTML, like Gecko; compatible; GPTBot/1.2; +https://openai.com/gptbot)"
20.171.207.125 - - [28/Apr/2025:07:43:44 -0400] "GET /wp-json/oembed/1.0/embed?url=https%3A%2F%2Fkamrancomputer.com%2F2024%2F10%2F19%2Fvip-online-casino%2F HTTP/1.1" 200 2139 "-" "Mozilla/5.0 AppleWebKit/537.36 (KHTML, like Gecko; compatible; GPTBot/1.2; +https://openai.com/gptbot)"
20.171.207.125 - - [28/Apr/2025:07:43:47 -0400] "GET /wp-json/oembed/1.0/embed?format=xml&url=https%3A%2F%2Fkamrancomputer.com%2F2024%2F10%2F19%2Fvip-online-casino%2F HTTP/1.1" 200 1027 "-" "Mozilla/5.0 AppleWebKit/537.36 (KHTML, like Gecko; compatible; GPTBot/1.2; +https://openai.com/gptbot)"
20.171.207.125 - - [28/Apr/2025:07:43:49 -0400] "GET /2024/10/14/fanduel-nj-casino/ HTTP/1.1" 200 20361 "-" "Mozilla/5.0 AppleWebKit/537.36 (KHTML, like Gecko; compatible; GPTBot/1.2; +https://openai.com/gptbot)"
66.29.132.124 - - [28/Apr/2025:07:43:52 -0400] "POST /wp-cron.php?doing_wp_cron=1745840632.6319069862365722656250 HTTP/1.1" 200 0 "-" "WordPress/6.8; https://kamrancomputer.com"
20.171.207.125 - - [28/Apr/2025:07:43:51 -0400] "GET /2024/10/19/wow-online-casino/wow_online_casino.jpg HTTP/1.1" 404 18534 "-" "Mozilla/5.0 AppleWebKit/537.36 (KHTML, like Gecko; compatible; GPTBot/1.2; +https://openai.com/gptbot)"
20.171.207.125 - - [28/Apr/2025:07:43:53 -0400] "GET /2024/10/18/roulette-live-online-casino/ HTTP/1.1" 200 20647 "-" "Mozilla/5.0 AppleWebKit/537.36 (KHTML, like Gecko; compatible; GPTBot/1.2; +https://openai.com/gptbot)"
20.171.207.125 - - [28/Apr/2025:07:43:56 -0400] "GET /?p=11009 HTTP/1.1" 301 0 "-" "Mozilla/5.0 AppleWebKit/537.36 (KHTML, like Gecko; compatible; GPTBot/1.2; +https://openai.com/gptbot)"
20.171.207.125 - - [28/Apr/2025:07:43:59 -0400] "GET /?p=13140 HTTP/1.1" 301 0 "-" "Mozilla/5.0 AppleWebKit/537.36 (KHTML, like Gecko; compatible; GPTBot/1.2; +https://openai.com/gptbot)"
20.171.207.125 - - [28/Apr/2025:07:44:01 -0400] "GET /2024/10/18/zone-online-casino-vegas-world/ HTTP/1.1" 200 20469 "-" "Mozilla/5.0 AppleWebKit/537.36 (KHTML, like Gecko; compatible; GPTBot/1.2; +https://openai.com/gptbot)"
20.171.207.125 - - [28/Apr/2025:07:44:04 -0400] "GET /2024/10/19/slotika-kazino/ HTTP/1.1" 200 22500 "-" "Mozilla/5.0 AppleWebKit/537.36 (KHTML, like Gecko; compatible; GPTBot/1.2; +https://openai.com/gptbot)"
20.171.207.125 - - [28/Apr/2025:07:44:06 -0400] "GET /2024/10/19/pharaon-kazino/ HTTP/1.1" 200 22443 "-" "Mozilla/5.0 AppleWebKit/537.36 (KHTML, like Gecko; compatible; GPTBot/1.2; +https://openai.com/gptbot)"
20.171.207.125 - - [28/Apr/2025:07:44:08 -0400] "GET /2024/10/19/gaming-license/ HTTP/1.1" 200 20405 "-" "Mozilla/5.0 AppleWebKit/537.36 (KHTML, like Gecko; compatible; GPTBot/1.2; +https://openai.com/gptbot)"
20.171.207.125 - - [28/Apr/2025:07:44:09 -0400] "GET /2024/10/19/casino-alberta/ HTTP/1.1" 200 20095 "-" "Mozilla/5.0 AppleWebKit/537.36 (KHTML, like Gecko; compatible; GPTBot/1.2; +https://openai.com/gptbot)"
20.171.207.125 - - [28/Apr/2025:07:44:11 -0400] "GET /?p=20548 HTTP/1.1" 301 0 "-" "Mozilla/5.0 AppleWebKit/537.36 (KHTML, like Gecko; compatible; GPTBot/1.2; +https://openai.com/gptbot)"
20.171.207.125 - - [28/Apr/2025:07:44:12 -0400] "GET /?p=13101 HTTP/1.1" 301 0 "-" "Mozilla/5.0 AppleWebKit/537.36 (KHTML, like Gecko; compatible; GPTBot/1.2; +https://openai.com/gptbot)"
20.171.207.125 - - [28/Apr/2025:07:44:13 -0400] "GET /2024/10/18/roulette-live-online-casino/casino-security.jpg HTTP/1.1" 404 18534 "-" "Mozilla/5.0 AppleWebKit/537.36 (KHTML, like Gecko; compatible; GPTBot/1.2; +https://openai.com/gptbot)"
20.171.207.125 - - [28/Apr/2025:07:44:15 -0400] "GET /2024/10/18/roulette-live-online-casino/live-stream-technology.jpg HTTP/1.1" 404 18534 "-" "Mozilla/5.0 AppleWebKit/537.36 (KHTML, like Gecko; compatible; GPTBot/1.2; +https://openai.com/gptbot)"
20.171.207.125 - - [28/Apr/2025:07:44:17 -0400] "GET /2024/10/19/vip-online-casino/embed/ HTTP/1.1" 200 22889 "-" "Mozilla/5.0 AppleWebKit/537.36 (KHTML, like Gecko; compatible; GPTBot/1.2; +https://openai.com/gptbot)"
20.171.207.125 - - [28/Apr/2025:07:44:18 -0400] "GET /2024/10/18/zone-online-casino-vegas-world/game-variety-diagram.jpg HTTP/1.1" 404 18536 "-" "Mozilla/5.0 AppleWebKit/537.36 (KHTML, like Gecko; compatible; GPTBot/1.2; +https://openai.com/gptbot)"
20.171.207.125 - - [28/Apr/2025:07:44:19 -0400] "GET /2024/10/18/zone-online-casino-vegas-world/marketing-strategies-chart.jpg HTTP/1.1" 404 18534 "-" "Mozilla/5.0 AppleWebKit/537.36 (KHTML, like Gecko; compatible; GPTBot/1.2; +https://openai.com/gptbot)"
20.171.207.125 - - [28/Apr/2025:07:44:21 -0400] "GET /2024/10/18/zone-online-casino-vegas-world/technology-in-gaming.jpg HTTP/1.1" 404 18534 "-" "Mozilla/5.0 AppleWebKit/537.36 (KHTML, like Gecko; compatible; GPTBot/1.2; +https://openai.com/gptbot)"
20.171.207.125 - - [28/Apr/2025:07:44:23 -0400] "GET /wp-json/oembed/1.0/embed?format=xml&url=https%3A%2F%2Fkamrancomputer.com%2F2024%2F10%2F19%2Fgaming-license%2F HTTP/1.1" 200 1025 "-" "Mozilla/5.0 AppleWebKit/537.36 (KHTML, like Gecko; compatible; GPTBot/1.2; +https://openai.com/gptbot)"
66.29.132.124 - - [28/Apr/2025:07:44:27 -0400] "POST /wp-cron.php?doing_wp_cron=1745840667.2977380752563476562500 HTTP/1.1" 200 0 "-" "WordPress/6.8; https://kamrancomputer.com"
20.171.207.125 - - [28/Apr/2025:07:44:26 -0400] "GET /wp-json/oembed/1.0/embed?url=https%3A%2F%2Fkamrancomputer.com%2F2024%2F10%2F19%2Fgaming-license%2F HTTP/1.1" 200 2124 "-" "Mozilla/5.0 AppleWebKit/537.36 (KHTML, like Gecko; compatible; GPTBot/1.2; +https://openai.com/gptbot)"
66.29.132.124 - - [28/Apr/2025:07:44:29 -0400] "POST /wp-admin/admin-ajax.php?action=async_litespeed&nonce=uNnqGmEYzagYNGtAG2g3bpK1EEDhx8M9&litespeed_type=imgoptm HTTP/1.1" 200 0 "-" "WordPress/6.8; https://kamrancomputer.com"
20.171.207.125 - - [28/Apr/2025:07:44:29 -0400] "GET /2024/10/19/online-casino-einzahlungsbonus/ HTTP/1.1" 200 20561 "-" "Mozilla/5.0 AppleWebKit/537.36 (KHTML, like Gecko; compatible; GPTBot/1.2; +https://openai.com/gptbot)"
20.171.207.125 - - [28/Apr/2025:07:41:49 -0400] "GET /2024/10/19/new-us-online-casino/images/online-casino-guide.jpg HTTP/1.1" 404 18534 "-" "Mozilla/5.0 AppleWebKit/537.36 (KHTML, like Gecko; compatible; GPTBot/1.2; +https://openai.com/gptbot)"
66.29.132.124 - - [28/Apr/2025:07:41:54 -0400] "POST /wp-cron.php?doing_wp_cron=1745840513.6489529609680175781250 HTTP/1.1" 200 0 "-" "WordPress/6.8; https://kamrancomputer.com"
20.171.207.125 - - [28/Apr/2025:07:41:52 -0400] "GET /2024/10/18/spielautomaten-online-spielen/images/ai_technology_in_slots.png HTTP/1.1" 404 18534 "-" "Mozilla/5.0 AppleWebKit/537.36 (KHTML, like Gecko; compatible; GPTBot/1.2; +https://openai.com/gptbot)"
20.171.207.125 - - [28/Apr/2025:07:41:56 -0400] "GET /2024/10/18/spielautomaten-online-spielen/images/mobile_slots_gameplay.png HTTP/1.1" 404 18534 "-" "Mozilla/5.0 AppleWebKit/537.36 (KHTML, like Gecko; compatible; GPTBot/1.2; +https://openai.com/gptbot)"
20.171.207.125 - - [28/Apr/2025:07:42:00 -0400] "GET /2024/10/18/online-casino-kostenlos-ohne-anmeldung/ HTTP/1.1" 200 20278 "-" "Mozilla/5.0 AppleWebKit/537.36 (KHTML, like Gecko; compatible; GPTBot/1.2; +https://openai.com/gptbot)"
20.171.207.125 - - [28/Apr/2025:07:42:03 -0400] "GET /?p=2183 HTTP/1.1" 301 0 "-" "Mozilla/5.0 AppleWebKit/537.36 (KHTML, like Gecko; compatible; GPTBot/1.2; +https://openai.com/gptbot)"
20.171.207.125 - - [28/Apr/2025:07:42:06 -0400] "GET /?p=3851 HTTP/1.1" 301 0 "-" "Mozilla/5.0 AppleWebKit/537.36 (KHTML, like Gecko; compatible; GPTBot/1.2; +https://openai.com/gptbot)"
20.171.207.125 - - [28/Apr/2025:07:42:09 -0400] "GET /2024/10/14/online-casino-trotz-spielsperre/ HTTP/1.1" 200 20620 "-" "Mozilla/5.0 AppleWebKit/537.36 (KHTML, like Gecko; compatible; GPTBot/1.2; +https://openai.com/gptbot)"
20.171.207.125 - - [28/Apr/2025:07:42:12 -0400] "GET /?p=8851 HTTP/1.1" 301 0 "-" "Mozilla/5.0 AppleWebKit/537.36 (KHTML, like Gecko; compatible; GPTBot/1.2; +https://openai.com/gptbot)"
20.171.207.125 - - [28/Apr/2025:07:42:14 -0400] "GET /?p=6491 HTTP/1.1" 301 0 "-" "Mozilla/5.0 AppleWebKit/537.36 (KHTML, like Gecko; compatible; GPTBot/1.2; +https://openai.com/gptbot)"
20.171.207.125 - - [28/Apr/2025:07:42:16 -0400] "GET /2024/10/18/spielautomaten-online-spielen/images/new_slot_games_2023.png HTTP/1.1" 404 18534 "-" "Mozilla/5.0 AppleWebKit/537.36 (KHTML, like Gecko; compatible; GPTBot/1.2; +https://openai.com/gptbot)"
20.171.207.125 - - [28/Apr/2025:07:42:18 -0400] "GET /2024/10/19/gamble-real-money-online/ HTTP/1.1" 200 20339 "-" "Mozilla/5.0 AppleWebKit/537.36 (KHTML, like Gecko; compatible; GPTBot/1.2; +https://openai.com/gptbot)"
20.171.207.125 - - [28/Apr/2025:07:42:20 -0400] "GET /?p=19575 HTTP/1.1" 301 0 "-" "Mozilla/5.0 AppleWebKit/537.36 (KHTML, like Gecko; compatible; GPTBot/1.2; +https://openai.com/gptbot)"
20.171.207.125 - - [28/Apr/2025:07:42:22 -0400] "GET /2024/10/19/sunrise-casino-online/ HTTP/1.1" 200 20609 "-" "Mozilla/5.0 AppleWebKit/537.36 (KHTML, like Gecko; compatible; GPTBot/1.2; +https://openai.com/gptbot)"
66.29.132.124 - - [28/Apr/2025:07:42:24 -0400] "POST /wp-cron.php?doing_wp_cron=1745840544.4480659961700439453125 HTTP/1.1" 200 0 "-" "WordPress/6.8; https://kamrancomputer.com"
20.171.207.125 - - [28/Apr/2025:07:42:23 -0400] "GET /2024/10/18/online-casino-freispiele-ohne-einzahlung/freispiele.jpg HTTP/1.1" 404 18536 "-" "Mozilla/5.0 AppleWebKit/537.36 (KHTML, like Gecko; compatible; GPTBot/1.2; +https://openai.com/gptbot)"
20.171.207.125 - - [28/Apr/2025:07:42:26 -0400] "GET /2024/10/14/ohio-online-casinos/ HTTP/1.1" 200 20506 "-" "Mozilla/5.0 AppleWebKit/537.36 (KHTML, like Gecko; compatible; GPTBot/1.2; +https://openai.com/gptbot)"
66.29.132.124 - - [28/Apr/2025:07:43:27 -0400] "POST /wp-cron.php?doing_wp_cron=1745840607.4075179100036621093750 HTTP/1.1" 200 0 "-" "WordPress/6.8; https://kamrancomputer.com"
20.171.207.125 - - [28/Apr/2025:07:43:26 -0400] "GET /2024/10/14/building-a-casino/ HTTP/1.1" 200 20025 "-" "Mozilla/5.0 AppleWebKit/537.36 (KHTML, like Gecko; compatible; GPTBot/1.2; +https://openai.com/gptbot)"
20.171.207.125 - - [28/Apr/2025:07:44:32 -0400] "GET /2024/10/19/casino-alberta/casino_alberta_main.jpg HTTP/1.1" 404 18534 "-" "Mozilla/5.0 AppleWebKit/537.36 (KHTML, like Gecko; compatible; GPTBot/1.2; +https://openai.com/gptbot)"
20.171.207.125 - - [28/Apr/2025:07:44:35 -0400] "GET /2024/10/19/casino-alberta/casino_alberta_events.jpg HTTP/1.1" 404 18534 "-" "Mozilla/5.0 AppleWebKit/537.36 (KHTML, like Gecko; compatible; GPTBot/1.2; +https://openai.com/gptbot)"
20.171.207.125 - - [28/Apr/2025:07:44:38 -0400] "GET /2024/10/18/wsop-online-casino/ HTTP/1.1" 200 20415 "-" "Mozilla/5.0 AppleWebKit/537.36 (KHTML, like Gecko; compatible; GPTBot/1.2; +https://openai.com/gptbot)"
20.171.207.125 - - [28/Apr/2025:07:44:41 -0400] "GET /2024/10/14/online-slots-real-cash/online-slots.jpg HTTP/1.1" 404 18534 "-" "Mozilla/5.0 AppleWebKit/537.36 (KHTML, like Gecko; compatible; GPTBot/1.2; +https://openai.com/gptbot)"
20.171.207.125 - - [28/Apr/2025:07:44:44 -0400] "GET /?p=2950 HTTP/1.1" 301 0 "-" "Mozilla/5.0 AppleWebKit/537.36 (KHTML, like Gecko; compatible; GPTBot/1.2; +https://openai.com/gptbot)"
20.171.207.125 - - [28/Apr/2025:07:44:46 -0400] "GET /2024/10/19/kazino-magnit/ HTTP/1.1" 200 21878 "-" "Mozilla/5.0 AppleWebKit/537.36 (KHTML, like Gecko; compatible; GPTBot/1.2; +https://openai.com/gptbot)"
20.171.207.125 - - [28/Apr/2025:07:44:49 -0400] "GET /?p=22571 HTTP/1.1" 301 0 "-" "Mozilla/5.0 AppleWebKit/537.36 (KHTML, like Gecko; compatible; GPTBot/1.2; +https://openai.com/gptbot)"
66.29.132.124 - - [28/Apr/2025:07:44:53 -0400] "POST /wp-cron.php?doing_wp_cron=1745840693.3934240341186523437500 HTTP/1.1" 200 0 "-" "WordPress/6.8; https://kamrancomputer.com"
20.171.207.125 - - [28/Apr/2025:07:44:51 -0400] "GET /2024/10/19/gaming-license/embed/ HTTP/1.1" 200 22791 "-" "Mozilla/5.0 AppleWebKit/537.36 (KHTML, like Gecko; compatible; GPTBot/1.2; +https://openai.com/gptbot)"
20.171.207.125 - - [28/Apr/2025:07:44:55 -0400] "GET /2024/10/19/igrovye-sloty/ HTTP/1.1" 200 22174 "-" "Mozilla/5.0 AppleWebKit/537.36 (KHTML, like Gecko; compatible; GPTBot/1.2; +https://openai.com/gptbot)"
20.171.207.125 - - [28/Apr/2025:07:44:59 -0400] "GET /2024/10/14/maxbet-kazino/ HTTP/1.1" 200 21878 "-" "Mozilla/5.0 AppleWebKit/537.36 (KHTML, like Gecko; compatible; GPTBot/1.2; +https://openai.com/gptbot)"
20.171.207.125 - - [28/Apr/2025:07:45:03 -0400] "GET /2024/10/18/dreamz-casino/ HTTP/1.1" 200 20563 "-" "Mozilla/5.0 AppleWebKit/537.36 (KHTML, like Gecko; compatible; GPTBot/1.2; +https://openai.com/gptbot)"
20.171.207.125 - - [28/Apr/2025:07:45:07 -0400] "GET /2024/10/18/play-yaamava-com/ HTTP/1.1" 200 21370 "-" "Mozilla/5.0 AppleWebKit/537.36 (KHTML, like Gecko; compatible; GPTBot/1.2; +https://openai.com/gptbot)"
20.171.207.125 - - [28/Apr/2025:07:45:12 -0400] "GET /2024/10/18/santa-casino-com/ HTTP/1.1" 200 19977 "-" "Mozilla/5.0 AppleWebKit/537.36 (KHTML, like Gecko; compatible; GPTBot/1.2; +https://openai.com/gptbot)"
20.171.207.125 - - [28/Apr/2025:07:45:18 -0400] "GET /2024/10/19/santa-casino-com/ HTTP/1.1" 200 19966 "-" "Mozilla/5.0 AppleWebKit/537.36 (KHTML, like Gecko; compatible; GPTBot/1.2; +https://openai.com/gptbot)"
20.171.207.125 - - [28/Apr/2025:07:45:21 -0400] "GET /2024/10/14/does-kansas-have-online-casinos/ HTTP/1.1" 200 19961 "-" "Mozilla/5.0 AppleWebKit/537.36 (KHTML, like Gecko; compatible; GPTBot/1.2; +https://openai.com/gptbot)"
66.29.132.124 - - [28/Apr/2025:07:45:28 -0400] "POST /wp-cron.php?doing_wp_cron=1745840727.2150819301605224609375 HTTP/1.1" 200 0 "-" "WordPress/6.8; https://kamrancomputer.com"
20.171.207.125 - - [28/Apr/2025:07:45:25 -0400] "GET /2024/10/19/vulkan-24-online/ HTTP/1.1" 200 21791 "-" "Mozilla/5.0 AppleWebKit/537.36 (KHTML, like Gecko; compatible; GPTBot/1.2; +https://openai.com/gptbot)"
20.171.207.125 - - [28/Apr/2025:07:45:30 -0400] "GET /2024/10/14/how-to-own-a-casino/ HTTP/1.1" 200 20626 "-" "Mozilla/5.0 AppleWebKit/537.36 (KHTML, like Gecko; compatible; GPTBot/1.2; +https://openai.com/gptbot)"
20.171.207.125 - - [28/Apr/2025:07:46:12 -0400] "GET /2024/10/14/online-casino-ohne-einzahlung-mit-bonus/ HTTP/1.1" 200 20747 "-" "Mozilla/5.0 AppleWebKit/537.36 (KHTML, like Gecko; compatible; GPTBot/1.2; +https://openai.com/gptbot)"
20.171.207.125 - - [28/Apr/2025:07:46:14 -0400] "GET /?p=12467 HTTP/1.1" 301 0 "-" "Mozilla/5.0 AppleWebKit/537.36 (KHTML, like Gecko; compatible; GPTBot/1.2; +https://openai.com/gptbot)"
20.171.207.125 - - [28/Apr/2025:07:46:16 -0400] "GET /2024/10/18/play-yaamava-com/images/user_engagement_study.jpg HTTP/1.1" 404 18534 "-" "Mozilla/5.0 AppleWebKit/537.36 (KHTML, like Gecko; compatible; GPTBot/1.2; +https://openai.com/gptbot)"
20.171.207.125 - - [28/Apr/2025:07:46:19 -0400] "GET /?p=13876 HTTP/1.1" 301 0 "-" "Mozilla/5.0 AppleWebKit/537.36 (KHTML, like Gecko; compatible; GPTBot/1.2; +https://openai.com/gptbot)"
20.171.207.125 - - [28/Apr/2025:07:46:21 -0400] "GET /2024/10/18/play-yaamava-com/images/future-research-technology.png HTTP/1.1" 404 18534 "-" "Mozilla/5.0 AppleWebKit/537.36 (KHTML, like Gecko; compatible; GPTBot/1.2; +https://openai.com/gptbot)"
20.171.207.125 - - [28/Apr/2025:07:46:23 -0400] "GET /?p=3832 HTTP/1.1" 301 0 "-" "Mozilla/5.0 AppleWebKit/537.36 (KHTML, like Gecko; compatible; GPTBot/1.2; +https://openai.com/gptbot)"
20.171.207.125 - - [28/Apr/2025:07:46:25 -0400] "GET /2024/10/14/how-to-own-a-casino/casino.jpg HTTP/1.1" 404 18534 "-" "Mozilla/5.0 AppleWebKit/537.36 (KHTML, like Gecko; compatible; GPTBot/1.2; +https://openai.com/gptbot)"
66.29.132.124 - - [28/Apr/2025:07:46:28 -0400] "POST /wp-cron.php?doing_wp_cron=1745840787.9116210937500000000000 HTTP/1.1" 200 0 "-" "WordPress/6.8; https://kamrancomputer.com"
20.171.207.125 - - [28/Apr/2025:07:46:26 -0400] "GET /2024/10/18/play-yaamava-com/images/psychological-benefits-diagram.png HTTP/1.1" 404 18534 "-" "Mozilla/5.0 AppleWebKit/537.36 (KHTML, like Gecko; compatible; GPTBot/1.2; +https://openai.com/gptbot)"
66.29.132.124 - - [28/Apr/2025:07:46:30 -0400] "POST /wp-admin/admin-ajax.php?action=async_litespeed&nonce=AbDobHriiP1QvWdtVUkAw1f4Hk89FjtV&litespeed_type=imgoptm HTTP/1.1" 200 0 "-" "WordPress/6.8; https://kamrancomputer.com"
20.171.207.125 - - [28/Apr/2025:07:46:29 -0400] "GET /2024/10/14/parimatch-kazino/ HTTP/1.1" 200 22024 "-" "Mozilla/5.0 AppleWebKit/537.36 (KHTML, like Gecko; compatible; GPTBot/1.2; +https://openai.com/gptbot)"
20.171.207.125 - - [28/Apr/2025:07:46:31 -0400] "GET /2024/10/19/vulkan-24-online/embed/ HTTP/1.1" 200 22884 "-" "Mozilla/5.0 AppleWebKit/537.36 (KHTML, like Gecko; compatible; GPTBot/1.2; +https://openai.com/gptbot)"
20.171.207.125 - - [28/Apr/2025:07:46:34 -0400] "GET /2024/10/18/baytree-casino/ HTTP/1.1" 200 20399 "-" "Mozilla/5.0 AppleWebKit/537.36 (KHTML, like Gecko; compatible; GPTBot/1.2; +https://openai.com/gptbot)"
20.171.207.125 - - [28/Apr/2025:07:46:36 -0400] "GET /?p=12329 HTTP/1.1" 301 0 "-" "Mozilla/5.0 AppleWebKit/537.36 (KHTML, like Gecko; compatible; GPTBot/1.2; +https://openai.com/gptbot)"
20.171.207.125 - - [28/Apr/2025:07:46:39 -0400] "GET /?p=10808 HTTP/1.1" 301 0 "-" "Mozilla/5.0 AppleWebKit/537.36 (KHTML, like Gecko; compatible; GPTBot/1.2; +https://openai.com/gptbot)"
20.171.207.125 - - [28/Apr/2025:07:46:41 -0400] "GET /2024/10/18/las-vegas-casino-online-real-money/ HTTP/1.1" 200 20473 "-" "Mozilla/5.0 AppleWebKit/537.36 (KHTML, like Gecko; compatible; GPTBot/1.2; +https://openai.com/gptbot)"
66.249.74.41 - - [28/Apr/2025:07:46:43 -0400] "GET /2024/10/18/si-online-casino/ HTTP/1.1" 200 20309 "-" "Mozilla/5.0 (Linux; Android 6.0.1; Nexus 5X Build/MMB29P) AppleWebKit/537.36 (KHTML, like Gecko) Chrome/135.0.7049.95 Mobile Safari/537.36 (compatible; Googlebot/2.1; +http://www.google.com/bot.html)"
20.171.207.125 - - [28/Apr/2025:07:46:43 -0400] "GET /2024/10/14/casino1-bonus-code/ HTTP/1.1" 200 20250 "-" "Mozilla/5.0 AppleWebKit/537.36 (KHTML, like Gecko; compatible; GPTBot/1.2; +https://openai.com/gptbot)"
20.171.207.125 - - [28/Apr/2025:07:46:46 -0400] "GET /2024/10/14/golden-nugget-online-nj/ HTTP/1.1" 200 20281 "-" "Mozilla/5.0 AppleWebKit/537.36 (KHTML, like Gecko; compatible; GPTBot/1.2; +https://openai.com/gptbot)"
20.171.207.125 - - [28/Apr/2025:07:46:49 -0400] "GET /2024/10/19/777-slot-machine/ HTTP/1.1" 200 20626 "-" "Mozilla/5.0 AppleWebKit/537.36 (KHTML, like Gecko; compatible; GPTBot/1.2; +https://openai.com/gptbot)"
66.29.132.124 - - [28/Apr/2025:07:46:52 -0400] "POST /wp-cron.php?doing_wp_cron=1745840812.5618009567260742187500 HTTP/1.1" 200 0 "-" "WordPress/6.8; https://kamrancomputer.com"
20.171.207.125 - - [28/Apr/2025:07:46:51 -0400] "GET /?p=821 HTTP/1.1" 301 0 "-" "Mozilla/5.0 AppleWebKit/537.36 (KHTML, like Gecko; compatible; GPTBot/1.2; +https://openai.com/gptbot)"
20.171.207.125 - - [28/Apr/2025:07:46:54 -0400] "GET /2024/10/19/planet-7-casino-online/ HTTP/1.1" 200 20837 "-" "Mozilla/5.0 AppleWebKit/537.36 (KHTML, like Gecko; compatible; GPTBot/1.2; +https://openai.com/gptbot)"
20.171.207.125 - - [28/Apr/2025:07:46:56 -0400] "GET /2024/10/19/live-dealer-online-casino/live-dealer-casino.jpg HTTP/1.1" 404 18534 "-" "Mozilla/5.0 AppleWebKit/537.36 (KHTML, like Gecko; compatible; GPTBot/1.2; +https://openai.com/gptbot)"
20.171.207.125 - - [28/Apr/2025:07:46:58 -0400] "GET /2024/10/14/poker-casino/ HTTP/1.1" 200 19883 "-" "Mozilla/5.0 AppleWebKit/537.36 (KHTML, like Gecko; compatible; GPTBot/1.2; +https://openai.com/gptbot)"
20.171.207.125 - - [28/Apr/2025:07:47:00 -0400] "GET /?p=4805 HTTP/1.1" 301 0 "-" "Mozilla/5.0 AppleWebKit/537.36 (KHTML, like Gecko; compatible; GPTBot/1.2; +https://openai.com/gptbot)"
20.171.207.125 - - [28/Apr/2025:07:47:01 -0400] "GET /2024/10/18/gratis-spiele-novoline/ HTTP/1.1" 200 20479 "-" "Mozilla/5.0 AppleWebKit/537.36 (KHTML, like Gecko; compatible; GPTBot/1.2; +https://openai.com/gptbot)"
20.171.207.125 - - [28/Apr/2025:07:47:03 -0400] "GET /2024/10/18/casino-online-echtgeld/ HTTP/1.1" 200 20844 "-" "Mozilla/5.0 AppleWebKit/537.36 (KHTML, like Gecko; compatible; GPTBot/1.2; +https://openai.com/gptbot)"
20.171.207.125 - - [28/Apr/2025:07:47:05 -0400] "GET /?p=11138 HTTP/1.1" 301 0 "-" "Mozilla/5.0 AppleWebKit/537.36 (KHTML, like Gecko; compatible; GPTBot/1.2; +https://openai.com/gptbot)"
20.171.207.125 - - [28/Apr/2025:07:47:07 -0400] "GET /2024/10/18/betus-casino/ HTTP/1.1" 200 20390 "-" "Mozilla/5.0 AppleWebKit/537.36 (KHTML, like Gecko; compatible; GPTBot/1.2; +https://openai.com/gptbot)"
20.171.207.125 - - [28/Apr/2025:07:47:09 -0400] "GET /?p=21358 HTTP/1.1" 301 0 "-" "Mozilla/5.0 AppleWebKit/537.36 (KHTML, like Gecko; compatible; GPTBot/1.2; +https://openai.com/gptbot)"
20.171.207.125 - - [28/Apr/2025:07:47:12 -0400] "GET /?p=3780 HTTP/1.1" 301 0 "-" "Mozilla/5.0 AppleWebKit/537.36 (KHTML, like Gecko; compatible; GPTBot/1.2; +https://openai.com/gptbot)"
20.171.207.125 - - [28/Apr/2025:07:47:14 -0400] "GET /2024/10/14/list-of-all-pa-online-casinos/ HTTP/1.1" 200 20752 "-" "Mozilla/5.0 AppleWebKit/537.36 (KHTML, like Gecko; compatible; GPTBot/1.2; +https://openai.com/gptbot)"
20.171.207.125 - - [28/Apr/2025:07:47:16 -0400] "GET /2024/10/19/live-dealer-online-casino/live-dealer-casino.jpg HTTP/1.1" 404 18534 "-" "Mozilla/5.0 AppleWebKit/537.36 (KHTML, like Gecko; compatible; GPTBot/1.2; +https://openai.com/gptbot)"
20.171.207.125 - - [28/Apr/2025:07:47:19 -0400] "GET /2024/10/19/pirat-casino/ HTTP/1.1" 200 20502 "-" "Mozilla/5.0 AppleWebKit/537.36 (KHTML, like Gecko; compatible; GPTBot/1.2; +https://openai.com/gptbot)"
20.171.207.125 - - [28/Apr/2025:07:47:21 -0400] "GET /?p=1341 HTTP/1.1" 301 0 "-" "Mozilla/5.0 AppleWebKit/537.36 (KHTML, like Gecko; compatible; GPTBot/1.2; +https://openai.com/gptbot)"
20.171.207.125 - - [28/Apr/2025:07:47:24 -0400] "GET /2024/10/14/stargames-slots/ HTTP/1.1" 200 20453 "-" "Mozilla/5.0 AppleWebKit/537.36 (KHTML, like Gecko; compatible; GPTBot/1.2; +https://openai.com/gptbot)"
66.29.132.124 - - [28/Apr/2025:07:47:28 -0400] "POST /wp-cron.php?doing_wp_cron=1745840848.3150260448455810546875 HTTP/1.1" 200 0 "-" "WordPress/6.8; https://kamrancomputer.com"
20.171.207.125 - - [28/Apr/2025:07:47:26 -0400] "GET /2024/10/19/kazino-sloty/ HTTP/1.1" 200 22295 "-" "Mozilla/5.0 AppleWebKit/537.36 (KHTML, like Gecko; compatible; GPTBot/1.2; +https://openai.com/gptbot)"
66.29.132.124 - - [28/Apr/2025:07:47:29 -0400] "POST /wp-admin/admin-ajax.php?action=async_litespeed&nonce=5qlV5L7lcdg2FvEuBCJbc1rLKaru8HXa&litespeed_type=imgoptm HTTP/1.1" 200 0 "-" "WordPress/6.8; https://kamrancomputer.com"
20.171.207.125 - - [28/Apr/2025:07:47:29 -0400] "GET /2024/10/19/tipico-giris/ HTTP/1.1" 200 20360 "-" "Mozilla/5.0 AppleWebKit/537.36 (KHTML, like Gecko; compatible; GPTBot/1.2; +https://openai.com/gptbot)"
20.171.207.125 - - [28/Apr/2025:07:47:32 -0400] "GET /2024/10/18/online-casino-paysafecard-bezahlen/ HTTP/1.1" 200 19838 "-" "Mozilla/5.0 AppleWebKit/537.36 (KHTML, like Gecko; compatible; GPTBot/1.2; +https://openai.com/gptbot)"
20.171.207.125 - - [28/Apr/2025:07:47:34 -0400] "GET /?p=8901 HTTP/1.1" 301 0 "-" "Mozilla/5.0 AppleWebKit/537.36 (KHTML, like Gecko; compatible; GPTBot/1.2; +https://openai.com/gptbot)"
20.171.207.125 - - [28/Apr/2025:07:47:37 -0400] "GET /2024/10/19/kazino-onlajn-gaminator/ HTTP/1.1" 200 22015 "-" "Mozilla/5.0 AppleWebKit/537.36 (KHTML, like Gecko; compatible; GPTBot/1.2; +https://openai.com/gptbot)"
20.171.207.125 - - [28/Apr/2025:07:47:39 -0400] "GET /?p=4795 HTTP/1.1" 301 0 "-" "Mozilla/5.0 AppleWebKit/537.36 (KHTML, like Gecko; compatible; GPTBot/1.2; +https://openai.com/gptbot)"
20.171.207.125 - - [28/Apr/2025:07:47:41 -0400] "GET /?p=22499 HTTP/1.1" 301 0 "-" "Mozilla/5.0 AppleWebKit/537.36 (KHTML, like Gecko; compatible; GPTBot/1.2; +https://openai.com/gptbot)"
20.171.207.125 - - [28/Apr/2025:07:47:43 -0400] "GET /?p=15131 HTTP/1.1" 301 0 "-" "Mozilla/5.0 AppleWebKit/537.36 (KHTML, like Gecko; compatible; GPTBot/1.2; +https://openai.com/gptbot)"
20.171.207.125 - - [28/Apr/2025:07:47:45 -0400] "GET /2024/10/14/list-of-all-pa-online-casinos/images/success-story.jpg HTTP/1.1" 404 18534 "-" "Mozilla/5.0 AppleWebKit/537.36 (KHTML, like Gecko; compatible; GPTBot/1.2; +https://openai.com/gptbot)"
20.171.207.125 - - [28/Apr/2025:07:47:47 -0400] "GET /2024/10/19/pirat-casino/pirate-casino-demographics.jpg HTTP/1.1" 404 18534 "-" "Mozilla/5.0 AppleWebKit/537.36 (KHTML, like Gecko; compatible; GPTBot/1.2; +https://openai.com/gptbot)"
20.171.207.125 - - [28/Apr/2025:07:47:50 -0400] "GET /?p=20699 HTTP/1.1" 301 0 "-" "Mozilla/5.0 AppleWebKit/537.36 (KHTML, like Gecko; compatible; GPTBot/1.2; +https://openai.com/gptbot)"
66.29.132.124 - - [28/Apr/2025:07:47:54 -0400] "POST /wp-cron.php?doing_wp_cron=1745840874.2364640235900878906250 HTTP/1.1" 200 0 "-" "WordPress/6.8; https://kamrancomputer.com"
20.171.207.125 - - [28/Apr/2025:07:47:52 -0400] "GET /2024/10/19/tipico-giris/tipico-development.jpg HTTP/1.1" 404 18534 "-" "Mozilla/5.0 AppleWebKit/537.36 (KHTML, like Gecko; compatible; GPTBot/1.2; +https://openai.com/gptbot)"
20.171.207.125 - - [28/Apr/2025:07:47:56 -0400] "GET /?p=18393 HTTP/1.1" 301 0 "-" "Mozilla/5.0 AppleWebKit/537.36 (KHTML, like Gecko; compatible; GPTBot/1.2; +https://openai.com/gptbot)"
20.171.207.125 - - [28/Apr/2025:07:47:59 -0400] "GET /?p=18813 HTTP/1.1" 301 0 "-" "Mozilla/5.0 AppleWebKit/537.36 (KHTML, like Gecko; compatible; GPTBot/1.2; +https://openai.com/gptbot)"
20.171.207.125 - - [28/Apr/2025:07:48:02 -0400] "GET /2024/10/14/joycasino-zerkalo/ HTTP/1.1" 200 22167 "-" "Mozilla/5.0 AppleWebKit/537.36 (KHTML, like Gecko; compatible; GPTBot/1.2; +https://openai.com/gptbot)"
20.171.207.125 - - [28/Apr/2025:07:48:04 -0400] "GET /2024/10/14/melhores-casinos-online/ HTTP/1.1" 200 20552 "-" "Mozilla/5.0 AppleWebKit/537.36 (KHTML, like Gecko; compatible; GPTBot/1.2; +https://openai.com/gptbot)"
20.171.207.125 - - [28/Apr/2025:07:45:34 -0400] "GET /?p=14052 HTTP/1.1" 301 0 "-" "Mozilla/5.0 AppleWebKit/537.36 (KHTML, like Gecko; compatible; GPTBot/1.2; +https://openai.com/gptbot)"
20.171.207.125 - - [28/Apr/2025:07:45:38 -0400] "GET /?p=698 HTTP/1.1" 301 0 "-" "Mozilla/5.0 AppleWebKit/537.36 (KHTML, like Gecko; compatible; GPTBot/1.2; +https://openai.com/gptbot)"
20.171.207.125 - - [28/Apr/2025:07:45:42 -0400] "GET /2024/10/18/star-casino-games/ HTTP/1.1" 200 20793 "-" "Mozilla/5.0 AppleWebKit/537.36 (KHTML, like Gecko; compatible; GPTBot/1.2; +https://openai.com/gptbot)"
20.171.207.125 - - [28/Apr/2025:07:45:46 -0400] "GET /?p=13734 HTTP/1.1" 301 0 "-" "Mozilla/5.0 AppleWebKit/537.36 (KHTML, like Gecko; compatible; GPTBot/1.2; +https://openai.com/gptbot)"
20.171.207.125 - - [28/Apr/2025:07:45:50 -0400] "GET /2024/10/18/play-yaamava-com/ HTTP/1.1" 200 21370 "-" "Mozilla/5.0 AppleWebKit/537.36 (KHTML, like Gecko; compatible; GPTBot/1.2; +https://openai.com/gptbot)"
