20.171.207.193 - - [26/Apr/2025:10:29:57 -0400] "GET /wp-json/oembed/1.0/embed?url=https%3A%2F%2Fkamrancomputer.com%2F2024%2F10%2F18%2Fspin-slot-games%2F HTTP/1.1" 200 2129 "-" "Mozilla/5.0 AppleWebKit/537.36 (KHTML, like Gecko; compatible; GPTBot/1.2; +https://openai.com/gptbot)"
20.171.207.193 - - [26/Apr/2025:10:30:01 -0400] "GET /wp-json/oembed/1.0/embed?format=xml&url=https%3A%2F%2Fkamrancomputer.com%2F2024%2F10%2F18%2Fspin-slot-games%2F HTTP/1.1" 200 1033 "-" "Mozilla/5.0 AppleWebKit/537.36 (KHTML, like Gecko; compatible; GPTBot/1.2; +https://openai.com/gptbot)"
20.171.207.193 - - [26/Apr/2025:10:30:04 -0400] "GET /wp-json/elementskit/v1/ HTTP/1.1" 404 114 "-" "Mozilla/5.0 AppleWebKit/537.36 (KHTML, like Gecko; compatible; GPTBot/1.2; +https://openai.com/gptbot)"
20.171.207.193 - - [26/Apr/2025:10:30:09 -0400] "GET /wp-json/oembed/1.0/embed?url=https%3A%2F%2Fkamrancomputer.com%2F2024%2F10%2F19%2Fgalaxy-world-casino-online%2F HTTP/1.1" 200 2184 "-" "Mozilla/5.0 AppleWebKit/537.36 (KHTML, like Gecko; compatible; GPTBot/1.2; +https://openai.com/gptbot)"
20.171.207.193 - - [26/Apr/2025:10:30:12 -0400] "GET /wp-json/oembed/1.0/embed?format=xml&url=https%3A%2F%2Fkamrancomputer.com%2F2024%2F10%2F19%2Fgalaxy-world-casino-online%2F HTTP/1.1" 200 1040 "-" "Mozilla/5.0 AppleWebKit/537.36 (KHTML, like Gecko; compatible; GPTBot/1.2; +https://openai.com/gptbot)"
20.171.207.193 - - [26/Apr/2025:10:30:19 -0400] "GET /2024/10/19/caesars-palace-online-casino-promo-code/embed/ HTTP/1.1" 200 22839 "-" "Mozilla/5.0 AppleWebKit/537.36 (KHTML, like Gecko; compatible; GPTBot/1.2; +https://openai.com/gptbot)"
20.171.207.193 - - [26/Apr/2025:10:30:23 -0400] "GET /2024/10/18/spin-slot-games/embed/ HTTP/1.1" 200 22839 "-" "Mozilla/5.0 AppleWebKit/537.36 (KHTML, like Gecko; compatible; GPTBot/1.2; +https://openai.com/gptbot)"
66.29.132.124 - - [26/Apr/2025:10:30:31 -0400] "POST /wp-cron.php?doing_wp_cron=1745677830.4878299236297607421875 HTTP/1.1" 200 0 "-" "WordPress/6.8; https://kamrancomputer.com"
20.171.207.193 - - [26/Apr/2025:10:30:29 -0400] "GET /2024/10/19/galaxy-world-casino-online/embed/ HTTP/1.1" 200 22791 "-" "Mozilla/5.0 AppleWebKit/537.36 (KHTML, like Gecko; compatible; GPTBot/1.2; +https://openai.com/gptbot)"
20.171.207.193 - - [26/Apr/2025:10:30:33 -0400] "GET /wp-json/elementskit/v1/ HTTP/1.1" 404 114 "-" "Mozilla/5.0 AppleWebKit/537.36 (KHTML, like Gecko; compatible; GPTBot/1.2; +https://openai.com/gptbot)"
66.29.132.124 - - [26/Apr/2025:10:31:40 -0400] "POST /wp-cron.php?doing_wp_cron=1745677900.3528399467468261718750 HTTP/1.1" 200 0 "-" "WordPress/6.8; https://kamrancomputer.com"
57.141.4.20 - - [26/Apr/2025:10:31:39 -0400] "GET /wp-json/wp/v2/posts/13855 HTTP/1.1" 200 5585 "-" "meta-externalagent/1.1 (+https://developers.facebook.com/docs/sharing/webmasters/crawler)"
66.29.132.124 - - [26/Apr/2025:10:31:42 -0400] "POST /wp-admin/admin-ajax.php?action=async_litespeed&nonce=ERd1VQ3cmWNl9r8HJWXoQJcghcmhbqtF&litespeed_type=imgoptm HTTP/1.1" 200 0 "-" "WordPress/6.8; https://kamrancomputer.com"
66.29.132.124 - - [26/Apr/2025:10:33:07 -0400] "POST /wp-cron.php?doing_wp_cron=1745677986.5911469459533691406250 HTTP/1.1" 200 0 "-" "WordPress/6.8; https://kamrancomputer.com"
57.141.4.14 - - [26/Apr/2025:10:33:05 -0400] "GET /wp-json/oembed/1.0/embed?url=https%3A%2F%2Fkamrancomputer.com%2F2024%2F10%2F18%2Ftipico-gams%2F HTTP/1.1" 200 2109 "-" "meta-externalagent/1.1 (+https://developers.facebook.com/docs/sharing/webmasters/crawler)"
66.29.132.124 - - [26/Apr/2025:10:33:09 -0400] "POST /wp-admin/admin-ajax.php?action=async_litespeed&nonce=ovlX7EINXehrJtoioTP2h3b5Ze2myGA8&litespeed_type=imgoptm HTTP/1.1" 200 0 "-" "WordPress/6.8; https://kamrancomputer.com"
162.213.251.71 - - [26/Apr/2025:10:34:32 -0400] "GET /wp-login.php HTTP/1.1" 200 2112 "http://kamrancomputer.com" "Mozilla/5.0 (Macintosh; Intel Mac OS X 10_15_7) AppleWebKit/537.36 (KHTML, like Gecko) Chrome/112.0.5615.138 Safari/537.36"
66.29.132.124 - - [26/Apr/2025:10:35:21 -0400] "POST /wp-cron.php?doing_wp_cron=1745678120.9978721141815185546875 HTTP/1.1" 200 0 "-" "WordPress/6.8; https://kamrancomputer.com"
66.29.132.124 - - [26/Apr/2025:10:35:23 -0400] "POST /wp-admin/admin-ajax.php?action=async_litespeed&nonce=dMIxxqQSLSjDgyrL4aq7oNHyQReRcJgD&litespeed_type=imgoptm HTTP/1.1" 200 0 "-" "WordPress/6.8; https://kamrancomputer.com"
57.141.4.20 - - [26/Apr/2025:10:34:59 -0400] "GET /2024/10/18/automatenspiele-kostenlos-ohne-anmeldung-spielen/spielverhalten.png HTTP/1.1" 404 105590 "-" "meta-externalagent/1.1 (+https://developers.facebook.com/docs/sharing/webmasters/crawler)"
66.29.132.124 - - [26/Apr/2025:10:42:20 -0400] "POST /wp-cron.php?doing_wp_cron=1745678539.7318239212036132812500 HTTP/1.1" 200 0 "-" "WordPress/6.8; https://kamrancomputer.com"
66.29.132.124 - - [26/Apr/2025:10:42:21 -0400] "POST /wp-admin/admin-ajax.php?action=async_litespeed&nonce=m2sQCKciEb0jSasIfXWQi1RfFw72hgsC&litespeed_type=imgoptm HTTP/1.1" 200 0 "-" "WordPress/6.8; https://kamrancomputer.com"
57.141.4.15 - - [26/Apr/2025:10:41:58 -0400] "GET /wp-json/oembed/1.0/embed?url=https%3A%2F%2Fkamrancomputer.com%2F2024%2F10%2F18%2Fsugarhouse-online-casino%2F HTTP/1.1" 200 2174 "-" "meta-externalagent/1.1 (+https://developers.facebook.com/docs/sharing/webmasters/crawler)"
66.29.132.124 - - [26/Apr/2025:10:44:23 -0400] "POST /wp-cron.php?doing_wp_cron=1745678663.4446709156036376953125 HTTP/1.1" 200 0 "-" "WordPress/6.8; https://kamrancomputer.com"
57.141.4.17 - - [26/Apr/2025:10:44:17 -0400] "GET /wp-json/oembed/1.0/embed?url=https%3A%2F%2Fkamrancomputer.com%2F2024%2F10%2F18%2Fnew-vegas-casino-online%2F HTTP/1.1" 200 2169 "-" "meta-externalagent/1.1 (+https://developers.facebook.com/docs/sharing/webmasters/crawler)"
66.29.132.124 - - [26/Apr/2025:10:44:25 -0400] "POST /wp-admin/admin-ajax.php?action=async_litespeed&nonce=bCyAimrqK3fC9LptwUnOq4wjVMz4kWYt&litespeed_type=imgoptm HTTP/1.1" 200 0 "-" "WordPress/6.8; https://kamrancomputer.com"
66.29.132.124 - - [26/Apr/2025:10:44:26 -0400] "POST /wp-admin/admin-ajax.php?action=as_async_request_queue_runner&nonce=81db4888c6 HTTP/1.1" 200 0 "-" "WordPress/6.8; https://kamrancomputer.com"
4.227.36.31 - - [26/Apr/2025:10:44:50 -0400] "GET /robots.txt HTTP/1.1" 200 402 "-" "Mozilla/5.0 AppleWebKit/537.36 (KHTML, like Gecko; compatible; GPTBot/1.2; +https://openai.com/gptbot)"
20.171.207.193 - - [26/Apr/2025:10:44:51 -0400] "GET /wp-json/elementskit/v1/ HTTP/1.1" 404 114 "-" "Mozilla/5.0 AppleWebKit/537.36 (KHTML, like Gecko; compatible; GPTBot/1.2; +https://openai.com/gptbot)"
66.29.132.124 - - [26/Apr/2025:10:44:57 -0400] "POST /wp-cron.php?doing_wp_cron=1745678697.1148068904876708984375 HTTP/1.1" 200 0 "-" "WordPress/6.8; https://kamrancomputer.com"
20.171.207.193 - - [26/Apr/2025:10:44:56 -0400] "GET /wp-json/wp/v2/posts/13838 HTTP/1.1" 200 14615 "-" "Mozilla/5.0 AppleWebKit/537.36 (KHTML, like Gecko; compatible; GPTBot/1.2; +https://openai.com/gptbot)"
66.29.132.124 - - [26/Apr/2025:10:44:58 -0400] "POST /wp-admin/admin-ajax.php?action=async_litespeed&nonce=SuB1iB7CavVIHgRbvd9VeK7MB3WhNFek&litespeed_type=imgoptm HTTP/1.1" 200 21 "-" "WordPress/6.8; https://kamrancomputer.com"
20.171.207.193 - - [26/Apr/2025:10:45:01 -0400] "GET /wp-json/oembed/1.0/embed?url=https%3A%2F%2Fkamrancomputer.com%2F2024%2F10%2F18%2Fkazino-korona%2F HTTP/1.1" 200 2335 "-" "Mozilla/5.0 AppleWebKit/537.36 (KHTML, like Gecko; compatible; GPTBot/1.2; +https://openai.com/gptbot)"
20.171.207.193 - - [26/Apr/2025:10:45:05 -0400] "GET /2024/10/18/kazino-korona/ HTTP/1.1" 200 21821 "-" "Mozilla/5.0 AppleWebKit/537.36 (KHTML, like Gecko; compatible; GPTBot/1.2; +https://openai.com/gptbot)"
20.171.207.193 - - [26/Apr/2025:10:45:13 -0400] "GET /?p=13838 HTTP/1.1" 301 0 "-" "Mozilla/5.0 AppleWebKit/537.36 (KHTML, like Gecko; compatible; GPTBot/1.2; +https://openai.com/gptbot)"
20.171.207.193 - - [26/Apr/2025:10:45:21 -0400] "GET /wp-json/oembed/1.0/embed?format=xml&url=https%3A%2F%2Fkamrancomputer.com%2F2024%2F10%2F18%2Fkazino-korona%2F HTTP/1.1" 200 1061 "-" "Mozilla/5.0 AppleWebKit/537.36 (KHTML, like Gecko; compatible; GPTBot/1.2; +https://openai.com/gptbot)"
20.171.207.193 - - [26/Apr/2025:10:45:29 -0400] "GET /wp-json/oembed/1.0/embed?format=xml&url=https%3A%2F%2Fkamrancomputer.com%2F2024%2F10%2F18%2Fkazino-korona%2F HTTP/1.1" 200 1061 "-" "Mozilla/5.0 AppleWebKit/537.36 (KHTML, like Gecko; compatible; GPTBot/1.2; +https://openai.com/gptbot)"
20.171.207.193 - - [26/Apr/2025:10:45:35 -0400] "GET /wp-json/elementskit/v1/ HTTP/1.1" 404 114 "-" "Mozilla/5.0 AppleWebKit/537.36 (KHTML, like Gecko; compatible; GPTBot/1.2; +https://openai.com/gptbot)"
66.29.132.124 - - [26/Apr/2025:10:45:44 -0400] "POST /wp-cron.php?doing_wp_cron=1745678743.8833971023559570312500 HTTP/1.1" 200 0 "-" "WordPress/6.8; https://kamrancomputer.com"
20.171.207.193 - - [26/Apr/2025:10:45:41 -0400] "GET /2024/10/18/kazino-korona/embed/ HTTP/1.1" 200 22990 "-" "Mozilla/5.0 AppleWebKit/537.36 (KHTML, like Gecko; compatible; GPTBot/1.2; +https://openai.com/gptbot)"
66.29.132.124 - - [26/Apr/2025:10:45:49 -0400] "POST /wp-admin/admin-ajax.php?action=async_litespeed&nonce=9NyfoJAG4PcsrtVmU41BZ6vEwOofiZjD&litespeed_type=imgoptm HTTP/1.1" 200 0 "-" "WordPress/6.8; https://kamrancomputer.com"
20.171.207.193 - - [26/Apr/2025:10:45:49 -0400] "GET /wp-json/elementskit/v1/ HTTP/1.1" 404 114 "-" "Mozilla/5.0 AppleWebKit/537.36 (KHTML, like Gecko; compatible; GPTBot/1.2; +https://openai.com/gptbot)"
66.29.132.124 - - [26/Apr/2025:10:45:52 -0400] "POST /wp-cron.php?doing_wp_cron=1745678752.0335168838500976562500 HTTP/1.1" 200 0 "-" "WordPress/6.8; https://kamrancomputer.com"
57.141.4.19 - - [26/Apr/2025:10:45:50 -0400] "GET /?p=17241 HTTP/1.1" 301 0 "-" "meta-externalagent/1.1 (+https://developers.facebook.com/docs/sharing/webmasters/crawler)"
66.29.132.124 - - [26/Apr/2025:10:47:15 -0400] "POST /wp-cron.php?doing_wp_cron=1745678835.8059720993041992187500 HTTP/1.1" 200 0 "-" "WordPress/6.8; https://kamrancomputer.com"
20.171.207.193 - - [26/Apr/2025:10:47:13 -0400] "GET /2024/10/18/online-casinos-took-my-money/ HTTP/1.1" 200 20686 "-" "Mozilla/5.0 AppleWebKit/537.36 (KHTML, like Gecko; compatible; GPTBot/1.2; +https://openai.com/gptbot)"
66.29.132.124 - - [26/Apr/2025:10:47:18 -0400] "POST /wp-admin/admin-ajax.php?action=async_litespeed&nonce=AQPVjMXvvMz6nKZGKbcPYPpodC7He6uP&litespeed_type=imgoptm HTTP/1.1" 200 0 "-" "WordPress/6.8; https://kamrancomputer.com"
20.171.207.193 - - [26/Apr/2025:10:47:20 -0400] "GET /wp-json/wp/v2/posts/7729 HTTP/1.1" 200 6320 "-" "Mozilla/5.0 AppleWebKit/537.36 (KHTML, like Gecko; compatible; GPTBot/1.2; +https://openai.com/gptbot)"
66.29.132.124 - - [26/Apr/2025:10:47:27 -0400] "POST /wp-cron.php?doing_wp_cron=1745678847.8718729019165039062500 HTTP/1.1" 200 0 "-" "WordPress/6.8; https://kamrancomputer.com"
20.171.207.193 - - [26/Apr/2025:10:47:26 -0400] "GET /?p=7729 HTTP/1.1" 301 0 "-" "Mozilla/5.0 AppleWebKit/537.36 (KHTML, like Gecko; compatible; GPTBot/1.2; +https://openai.com/gptbot)"
66.29.132.124 - - [26/Apr/2025:10:47:29 -0400] "POST /wp-admin/admin-ajax.php?action=async_litespeed&nonce=TiOiylosgV0wwrq4KdrT5vzfz3GPyf5j&litespeed_type=imgoptm HTTP/1.1" 200 0 "-" "WordPress/6.8; https://kamrancomputer.com"
20.171.207.193 - - [26/Apr/2025:10:47:32 -0400] "GET /wp-json/elementskit/v1/ HTTP/1.1" 404 114 "-" "Mozilla/5.0 AppleWebKit/537.36 (KHTML, like Gecko; compatible; GPTBot/1.2; +https://openai.com/gptbot)"
20.171.207.193 - - [26/Apr/2025:10:47:38 -0400] "GET /wp-json/oembed/1.0/embed?url=https%3A%2F%2Fkamrancomputer.com%2F2024%2F10%2F18%2Fonline-casinos-took-my-money%2F HTTP/1.1" 200 2194 "-" "Mozilla/5.0 AppleWebKit/537.36 (KHTML, like Gecko; compatible; GPTBot/1.2; +https://openai.com/gptbot)"
20.171.207.193 - - [26/Apr/2025:10:47:42 -0400] "GET /wp-json/oembed/1.0/embed?format=xml&url=https%3A%2F%2Fkamrancomputer.com%2F2024%2F10%2F18%2Fonline-casinos-took-my-money%2F HTTP/1.1" 200 1046 "-" "Mozilla/5.0 AppleWebKit/537.36 (KHTML, like Gecko; compatible; GPTBot/1.2; +https://openai.com/gptbot)"
20.171.207.193 - - [26/Apr/2025:10:47:47 -0400] "GET /2024/10/18/online-casinos-took-my-money/embed/ HTTP/1.1" 200 22828 "-" "Mozilla/5.0 AppleWebKit/537.36 (KHTML, like Gecko; compatible; GPTBot/1.2; +https://openai.com/gptbot)"
20.171.207.193 - - [26/Apr/2025:10:47:52 -0400] "GET /wp-json/elementskit/v1/ HTTP/1.1" 404 114 "-" "Mozilla/5.0 AppleWebKit/537.36 (KHTML, like Gecko; compatible; GPTBot/1.2; +https://openai.com/gptbot)"
20.171.207.193 - - [26/Apr/2025:10:47:56 -0400] "GET /?p=12617 HTTP/1.1" 301 0 "-" "Mozilla/5.0 AppleWebKit/537.36 (KHTML, like Gecko; compatible; GPTBot/1.2; +https://openai.com/gptbot)"
66.29.132.124 - - [26/Apr/2025:10:47:59 -0400] "POST /wp-cron.php?doing_wp_cron=1745678877.8714330196380615234375 HTTP/1.1" 200 0 "-" "WordPress/6.8; https://kamrancomputer.com"
20.171.207.193 - - [26/Apr/2025:10:48:00 -0400] "GET /wp-json/wp/v2/posts/12617 HTTP/1.1" 200 5226 "-" "Mozilla/5.0 AppleWebKit/537.36 (KHTML, like Gecko; compatible; GPTBot/1.2; +https://openai.com/gptbot)"
20.171.207.193 - - [26/Apr/2025:10:48:05 -0400] "GET /2024/10/18/slot-gratis/ HTTP/1.1" 200 20189 "-" "Mozilla/5.0 AppleWebKit/537.36 (KHTML, like Gecko; compatible; GPTBot/1.2; +https://openai.com/gptbot)"
20.171.207.193 - - [26/Apr/2025:10:48:08 -0400] "GET /wp-json/wp/v2/posts/21946 HTTP/1.1" 200 6264 "-" "Mozilla/5.0 AppleWebKit/537.36 (KHTML, like Gecko; compatible; GPTBot/1.2; +https://openai.com/gptbot)"
20.171.207.193 - - [26/Apr/2025:10:48:13 -0400] "GET /?p=21946 HTTP/1.1" 301 0 "-" "Mozilla/5.0 AppleWebKit/537.36 (KHTML, like Gecko; compatible; GPTBot/1.2; +https://openai.com/gptbot)"
20.171.207.193 - - [26/Apr/2025:10:48:17 -0400] "GET /wp-json/elementskit/v1/ HTTP/1.1" 404 114 "-" "Mozilla/5.0 AppleWebKit/537.36 (KHTML, like Gecko; compatible; GPTBot/1.2; +https://openai.com/gptbot)"
20.171.207.193 - - [26/Apr/2025:10:48:20 -0400] "GET /wp-json/oembed/1.0/embed?url=https%3A%2F%2Fkamrancomputer.com%2F2024%2F10%2F18%2Fvulkan-24-igrovye-avtomaty%2F HTTP/1.1" 200 2562 "-" "Mozilla/5.0 AppleWebKit/537.36 (KHTML, like Gecko; compatible; GPTBot/1.2; +https://openai.com/gptbot)"
20.171.207.193 - - [26/Apr/2025:10:48:24 -0400] "GET /?p=7800 HTTP/1.1" 301 0 "-" "Mozilla/5.0 AppleWebKit/537.36 (KHTML, like Gecko; compatible; GPTBot/1.2; +https://openai.com/gptbot)"
20.171.207.193 - - [26/Apr/2025:10:48:28 -0400] "GET /2024/10/18/vulkan-24-igrovye-avtomaty/ HTTP/1.1" 200 22957 "-" "Mozilla/5.0 AppleWebKit/537.36 (KHTML, like Gecko; compatible; GPTBot/1.2; +https://openai.com/gptbot)"
20.171.207.193 - - [26/Apr/2025:10:48:30 -0400] "GET /wp-json/wp/v2/posts/7800 HTTP/1.1" 200 21425 "-" "Mozilla/5.0 AppleWebKit/537.36 (KHTML, like Gecko; compatible; GPTBot/1.2; +https://openai.com/gptbot)"
20.171.207.193 - - [26/Apr/2025:10:48:33 -0400] "GET /wp-json/oembed/1.0/embed?url=https%3A%2F%2Fkamrancomputer.com%2F2024%2F10%2F18%2Fslot-gratis%2F HTTP/1.1" 200 2109 "-" "Mozilla/5.0 AppleWebKit/537.36 (KHTML, like Gecko; compatible; GPTBot/1.2; +https://openai.com/gptbot)"
20.171.207.193 - - [26/Apr/2025:10:48:36 -0400] "GET /wp-json/oembed/1.0/embed?format=xml&url=https%3A%2F%2Fkamrancomputer.com%2F2024%2F10%2F18%2Fslot-gratis%2F HTTP/1.1" 200 1024 "-" "Mozilla/5.0 AppleWebKit/537.36 (KHTML, like Gecko; compatible; GPTBot/1.2; +https://openai.com/gptbot)"
20.171.207.193 - - [26/Apr/2025:10:48:39 -0400] "GET /2024/10/19/777-spiele-kostenlos/ HTTP/1.1" 200 20463 "-" "Mozilla/5.0 AppleWebKit/537.36 (KHTML, like Gecko; compatible; GPTBot/1.2; +https://openai.com/gptbot)"
20.171.207.193 - - [26/Apr/2025:10:48:42 -0400] "GET /wp-json/wp/v2/posts/11306 HTTP/1.1" 200 6527 "-" "Mozilla/5.0 AppleWebKit/537.36 (KHTML, like Gecko; compatible; GPTBot/1.2; +https://openai.com/gptbot)"
20.171.207.193 - - [26/Apr/2025:10:48:45 -0400] "GET /?p=11306 HTTP/1.1" 301 0 "-" "Mozilla/5.0 AppleWebKit/537.36 (KHTML, like Gecko; compatible; GPTBot/1.2; +https://openai.com/gptbot)"
20.171.207.193 - - [26/Apr/2025:10:48:48 -0400] "GET /wp-json/oembed/1.0/embed?format=xml&url=https%3A%2F%2Fkamrancomputer.com%2F2024%2F10%2F18%2Fvulkan-24-igrovye-avtomaty%2F HTTP/1.1" 200 1101 "-" "Mozilla/5.0 AppleWebKit/537.36 (KHTML, like Gecko; compatible; GPTBot/1.2; +https://openai.com/gptbot)"
57.141.4.3 - - [26/Apr/2025:10:48:50 -0400] "GET /wp-json/oembed/1.0/embed?url=https%3A%2F%2Fkamrancomputer.com%2F2024%2F10%2F18%2Fvulkan-vegas-onlajn%2F HTTP/1.1" 200 2455 "-" "meta-externalagent/1.1 (+https://developers.facebook.com/docs/sharing/webmasters/crawler)"
20.171.207.193 - - [26/Apr/2025:10:48:52 -0400] "GET /wp-json/elementskit/v1/ HTTP/1.1" 404 114 "-" "Mozilla/5.0 AppleWebKit/537.36 (KHTML, like Gecko; compatible; GPTBot/1.2; +https://openai.com/gptbot)"
20.171.207.193 - - [26/Apr/2025:10:48:55 -0400] "GET /?p=17158 HTTP/1.1" 301 0 "-" "Mozilla/5.0 AppleWebKit/537.36 (KHTML, like Gecko; compatible; GPTBot/1.2; +https://openai.com/gptbot)"
66.29.132.124 - - [26/Apr/2025:10:49:01 -0400] "POST /wp-cron.php?doing_wp_cron=1745678940.7303040027618408203125 HTTP/1.1" 200 0 "-" "WordPress/6.8; https://kamrancomputer.com"
20.171.207.193 - - [26/Apr/2025:10:48:59 -0400] "GET /wp-json/wp/v2/posts/17158 HTTP/1.1" 200 17564 "-" "Mozilla/5.0 AppleWebKit/537.36 (KHTML, like Gecko; compatible; GPTBot/1.2; +https://openai.com/gptbot)"
66.29.132.124 - - [26/Apr/2025:10:49:03 -0400] "POST /wp-admin/admin-ajax.php?action=async_litespeed&nonce=lqII68kTgLHa4r6jUR7tzfeamgh5sHnB&litespeed_type=imgoptm HTTP/1.1" 200 0 "-" "WordPress/6.8; https://kamrancomputer.com"
20.171.207.193 - - [26/Apr/2025:10:49:02 -0400] "GET /2024/10/18/slot-gratis/embed/ HTTP/1.1" 200 22779 "-" "Mozilla/5.0 AppleWebKit/537.36 (KHTML, like Gecko; compatible; GPTBot/1.2; +https://openai.com/gptbot)"
20.171.207.193 - - [26/Apr/2025:10:49:07 -0400] "GET /wp-json/oembed/1.0/embed?url=https%3A%2F%2Fkamrancomputer.com%2F2024%2F10%2F19%2F777-spiele-kostenlos%2F HTTP/1.1" 200 2154 "-" "Mozilla/5.0 AppleWebKit/537.36 (KHTML, like Gecko; compatible; GPTBot/1.2; +https://openai.com/gptbot)"
20.171.207.193 - - [26/Apr/2025:10:49:12 -0400] "GET /wp-json/oembed/1.0/embed?format=xml&url=https%3A%2F%2Fkamrancomputer.com%2F2024%2F10%2F19%2F777-spiele-kostenlos%2F HTTP/1.1" 200 1033 "-" "Mozilla/5.0 AppleWebKit/537.36 (KHTML, like Gecko; compatible; GPTBot/1.2; +https://openai.com/gptbot)"
20.171.207.193 - - [26/Apr/2025:10:49:15 -0400] "GET /2024/10/19/777-spiele-kostenlos/spiele-kostenlos.jpg HTTP/1.1" 404 18499 "-" "Mozilla/5.0 AppleWebKit/537.36 (KHTML, like Gecko; compatible; GPTBot/1.2; +https://openai.com/gptbot)"
20.171.207.193 - - [26/Apr/2025:10:49:20 -0400] "GET /2024/10/18/neues-online-casino/ HTTP/1.1" 200 20623 "-" "Mozilla/5.0 AppleWebKit/537.36 (KHTML, like Gecko; compatible; GPTBot/1.2; +https://openai.com/gptbot)"
66.29.132.124 - - [26/Apr/2025:10:49:27 -0400] "POST /wp-cron.php?doing_wp_cron=1745678966.8620820045471191406250 HTTP/1.1" 200 0 "-" "WordPress/6.8; https://kamrancomputer.com"
20.171.207.193 - - [26/Apr/2025:10:49:25 -0400] "GET /2024/10/18/vulkan-24-igrovye-avtomaty/embed/ HTTP/1.1" 200 23128 "-" "Mozilla/5.0 AppleWebKit/537.36 (KHTML, like Gecko; compatible; GPTBot/1.2; +https://openai.com/gptbot)"
66.29.132.124 - - [26/Apr/2025:10:49:30 -0400] "POST /wp-admin/admin-ajax.php?action=async_litespeed&nonce=pt7RK9FJjd5AtRe6zs83Qxyv3JvZPjiw&litespeed_type=imgoptm HTTP/1.1" 200 0 "-" "WordPress/6.8; https://kamrancomputer.com"
20.171.207.193 - - [26/Apr/2025:10:49:31 -0400] "GET /2024/10/18/pin-ap-kazino-zerkalo/ HTTP/1.1" 200 22313 "-" "Mozilla/5.0 AppleWebKit/537.36 (KHTML, like Gecko; compatible; GPTBot/1.2; +https://openai.com/gptbot)"
20.171.207.193 - - [26/Apr/2025:10:49:36 -0400] "GET /wp-json/elementskit/v1/ HTTP/1.1" 404 114 "-" "Mozilla/5.0 AppleWebKit/537.36 (KHTML, like Gecko; compatible; GPTBot/1.2; +https://openai.com/gptbot)"
20.171.207.193 - - [26/Apr/2025:10:49:41 -0400] "GET /2024/10/19/777-spiele-kostenlos/embed/ HTTP/1.1" 200 22847 "-" "Mozilla/5.0 AppleWebKit/537.36 (KHTML, like Gecko; compatible; GPTBot/1.2; +https://openai.com/gptbot)"
20.171.207.193 - - [26/Apr/2025:10:49:47 -0400] "GET /wp-json/oembed/1.0/embed?url=https%3A%2F%2Fkamrancomputer.com%2F2024%2F10%2F18%2Fneues-online-casino%2F HTTP/1.1" 200 2149 "-" "Mozilla/5.0 AppleWebKit/537.36 (KHTML, like Gecko; compatible; GPTBot/1.2; +https://openai.com/gptbot)"
66.29.132.124 - - [26/Apr/2025:10:49:52 -0400] "POST /wp-cron.php?doing_wp_cron=1745678992.5241060256958007812500 HTTP/1.1" 200 0 "-" "WordPress/6.8; https://kamrancomputer.com"
20.171.207.193 - - [26/Apr/2025:10:49:51 -0400] "GET /wp-json/oembed/1.0/embed?format=xml&url=https%3A%2F%2Fkamrancomputer.com%2F2024%2F10%2F18%2Fneues-online-casino%2F HTTP/1.1" 200 1031 "-" "Mozilla/5.0 AppleWebKit/537.36 (KHTML, like Gecko; compatible; GPTBot/1.2; +https://openai.com/gptbot)"
20.171.207.193 - - [26/Apr/2025:10:49:55 -0400] "GET /wp-json/oembed/1.0/embed?format=xml&url=https%3A%2F%2Fkamrancomputer.com%2F2024%2F10%2F18%2Fpin-ap-kazino-zerkalo%2F HTTP/1.1" 200 1084 "-" "Mozilla/5.0 AppleWebKit/537.36 (KHTML, like Gecko; compatible; GPTBot/1.2; +https://openai.com/gptbot)"
20.171.207.193 - - [26/Apr/2025:10:49:59 -0400] "GET /wp-json/oembed/1.0/embed?url=https%3A%2F%2Fkamrancomputer.com%2F2024%2F10%2F18%2Fpin-ap-kazino-zerkalo%2F HTTP/1.1" 200 2483 "-" "Mozilla/5.0 AppleWebKit/537.36 (KHTML, like Gecko; compatible; GPTBot/1.2; +https://openai.com/gptbot)"
20.171.207.193 - - [26/Apr/2025:10:50:04 -0400] "GET /2024/10/18/neues-online-casino/embed/ HTTP/1.1" 200 22808 "-" "Mozilla/5.0 AppleWebKit/537.36 (KHTML, like Gecko; compatible; GPTBot/1.2; +https://openai.com/gptbot)"
20.171.207.193 - - [26/Apr/2025:10:50:11 -0400] "GET /2024/10/18/pin-ap-kazino-zerkalo/embed/ HTTP/1.1" 200 23068 "-" "Mozilla/5.0 AppleWebKit/537.36 (KHTML, like Gecko; compatible; GPTBot/1.2; +https://openai.com/gptbot)"
20.171.207.193 - - [26/Apr/2025:10:50:23 -0400] "GET /wp-json/elementskit/v1/ HTTP/1.1" 404 114 "-" "Mozilla/5.0 AppleWebKit/537.36 (KHTML, like Gecko; compatible; GPTBot/1.2; +https://openai.com/gptbot)"
20.171.207.193 - - [26/Apr/2025:10:50:36 -0400] "GET /adminer-4.6.1.php HTTP/1.1" 404 18497 "-" "Mozilla/5.0 AppleWebKit/537.36 (KHTML, like Gecko; compatible; GPTBot/1.2; +https://openai.com/gptbot)"
57.141.4.24 - - [26/Apr/2025:10:50:46 -0400] "GET /wp-json/wp/v2/posts/7449 HTTP/1.1" 200 22491 "-" "meta-externalagent/1.1 (+https://developers.facebook.com/docs/sharing/webmasters/crawler)"
20.171.207.193 - - [26/Apr/2025:10:50:54 -0400] "GET /wp-json/elementskit/v1/ HTTP/1.1" 404 114 "-" "Mozilla/5.0 AppleWebKit/537.36 (KHTML, like Gecko; compatible; GPTBot/1.2; +https://openai.com/gptbot)"
66.29.132.124 - - [26/Apr/2025:10:51:59 -0400] "POST /wp-cron.php?doing_wp_cron=1745679117.9150989055633544921875 HTTP/1.1" 200 0 "-" "WordPress/6.8; https://kamrancomputer.com"
20.171.207.193 - - [26/Apr/2025:10:51:47 -0400] "GET /?p=8516 HTTP/1.1" 301 0 "-" "Mozilla/5.0 AppleWebKit/537.36 (KHTML, like Gecko; compatible; GPTBot/1.2; +https://openai.com/gptbot)"
20.171.207.193 - - [26/Apr/2025:10:52:01 -0400] "GET /wp-json/wp/v2/posts/8516 HTTP/1.1" 200 15757 "-" "Mozilla/5.0 AppleWebKit/537.36 (KHTML, like Gecko; compatible; GPTBot/1.2; +https://openai.com/gptbot)"
20.171.207.193 - - [26/Apr/2025:10:52:17 -0400] "GET /2024/10/18/nastoyashaya-klubnika-igra/ HTTP/1.1" 200 21990 "-" "Mozilla/5.0 AppleWebKit/537.36 (KHTML, like Gecko; compatible; GPTBot/1.2; +https://openai.com/gptbot)"
20.171.207.193 - - [26/Apr/2025:10:52:30 -0400] "GET /wp-json/elementskit/v1/ HTTP/1.1" 404 114 "-" "Mozilla/5.0 AppleWebKit/537.36 (KHTML, like Gecko; compatible; GPTBot/1.2; +https://openai.com/gptbot)"
57.141.4.4 - - [26/Apr/2025:10:52:37 -0400] "GET /?p=12695 HTTP/1.1" 301 0 "-" "meta-externalagent/1.1 (+https://developers.facebook.com/docs/sharing/webmasters/crawler)"
20.171.207.193 - - [26/Apr/2025:10:52:43 -0400] "GET /wp-json/oembed/1.0/embed?format=xml&url=https%3A%2F%2Fkamrancomputer.com%2F2024%2F10%2F18%2Fnastoyashaya-klubnika-igra%2F HTTP/1.1" 200 1098 "-" "Mozilla/5.0 AppleWebKit/537.36 (KHTML, like Gecko; compatible; GPTBot/1.2; +https://openai.com/gptbot)"
20.171.207.193 - - [26/Apr/2025:10:52:55 -0400] "GET /wp-json/oembed/1.0/embed?url=https%3A%2F%2Fkamrancomputer.com%2F2024%2F10%2F18%2Fnastoyashaya-klubnika-igra%2F HTTP/1.1" 200 2553 "-" "Mozilla/5.0 AppleWebKit/537.36 (KHTML, like Gecko; compatible; GPTBot/1.2; +https://openai.com/gptbot)"
66.29.132.124 - - [26/Apr/2025:10:53:08 -0400] "POST /wp-cron.php?doing_wp_cron=1745679188.4309139251708984375000 HTTP/1.1" 200 0 "-" "WordPress/6.8; https://kamrancomputer.com"
20.171.207.193 - - [26/Apr/2025:10:53:06 -0400] "GET /wp-json/wp/v2/posts/1459 HTTP/1.1" 200 5623 "-" "Mozilla/5.0 AppleWebKit/537.36 (KHTML, like Gecko; compatible; GPTBot/1.2; +https://openai.com/gptbot)"
66.29.132.124 - - [26/Apr/2025:10:53:10 -0400] "POST /wp-admin/admin-ajax.php?action=async_litespeed&nonce=8qg7CafyOIxoS5XomUD7aEjmKmQZAj0u&litespeed_type=imgoptm HTTP/1.1" 200 0 "-" "WordPress/6.8; https://kamrancomputer.com"
20.171.207.193 - - [26/Apr/2025:10:53:16 -0400] "GET /?p=1459 HTTP/1.1" 301 0 "-" "Mozilla/5.0 AppleWebKit/537.36 (KHTML, like Gecko; compatible; GPTBot/1.2; +https://openai.com/gptbot)"
66.29.132.124 - - [26/Apr/2025:10:53:26 -0400] "POST /wp-cron.php?doing_wp_cron=1745679206.2990710735321044921875 HTTP/1.1" 200 0 "-" "WordPress/6.8; https://kamrancomputer.com"
20.171.207.193 - - [26/Apr/2025:10:53:25 -0400] "GET /2024/10/18/nastoyashaya-klubnika-igra/embed/ HTTP/1.1" 200 23123 "-" "Mozilla/5.0 AppleWebKit/537.36 (KHTML, like Gecko; compatible; GPTBot/1.2; +https://openai.com/gptbot)"
66.29.132.124 - - [26/Apr/2025:10:53:28 -0400] "POST /wp-admin/admin-ajax.php?action=async_litespeed&nonce=JgHvWow3AzL40X1FbhZV1Cpl5YwsdaQQ&litespeed_type=imgoptm HTTP/1.1" 200 0 "-" "WordPress/6.8; https://kamrancomputer.com"
20.171.207.193 - - [26/Apr/2025:10:53:33 -0400] "GET /2024/10/14/best-casinos-in-australia/ HTTP/1.1" 200 20312 "-" "Mozilla/5.0 AppleWebKit/537.36 (KHTML, like Gecko; compatible; GPTBot/1.2; +https://openai.com/gptbot)"
20.171.207.193 - - [26/Apr/2025:10:53:40 -0400] "GET /wp-json/elementskit/v1/ HTTP/1.1" 404 114 "-" "Mozilla/5.0 AppleWebKit/537.36 (KHTML, like Gecko; compatible; GPTBot/1.2; +https://openai.com/gptbot)"
20.171.207.193 - - [26/Apr/2025:10:53:47 -0400] "GET /wp-json/oembed/1.0/embed?format=xml&url=https%3A%2F%2Fkamrancomputer.com%2F2024%2F10%2F14%2Fbest-casinos-in-australia%2F HTTP/1.1" 200 1035 "-" "Mozilla/5.0 AppleWebKit/537.36 (KHTML, like Gecko; compatible; GPTBot/1.2; +https://openai.com/gptbot)"
66.29.132.124 - - [26/Apr/2025:10:53:57 -0400] "POST /wp-cron.php?doing_wp_cron=1745679236.9765939712524414062500 HTTP/1.1" 200 0 "-" "WordPress/6.8; https://kamrancomputer.com"
20.171.207.193 - - [26/Apr/2025:10:53:55 -0400] "GET /wp-json/oembed/1.0/embed?url=https%3A%2F%2Fkamrancomputer.com%2F2024%2F10%2F14%2Fbest-casinos-in-australia%2F HTTP/1.1" 200 2179 "-" "Mozilla/5.0 AppleWebKit/537.36 (KHTML, like Gecko; compatible; GPTBot/1.2; +https://openai.com/gptbot)"
20.171.207.193 - - [26/Apr/2025:10:54:00 -0400] "GET /2024/10/14/best-casinos-in-australia/embed/ HTTP/1.1" 200 22739 "-" "Mozilla/5.0 AppleWebKit/537.36 (KHTML, like Gecko; compatible; GPTBot/1.2; +https://openai.com/gptbot)"
20.171.207.193 - - [26/Apr/2025:10:54:05 -0400] "GET /wp-json/elementskit/v1/ HTTP/1.1" 404 114 "-" "Mozilla/5.0 AppleWebKit/537.36 (KHTML, like Gecko; compatible; GPTBot/1.2; +https://openai.com/gptbot)"
185.209.28.214 - - [26/Apr/2025:10:54:36 -0400] "GET /product/mini-wireless-keyboard-tv-box/ HTTP/1.0" 200 126910 "https://kamrancomputer.com/product/mini-wireless-keyboard-tv-box/" "Mozilla/5.0 (Windows NT 10.0; Win64; x64) AppleWebKit/537.36 (KHTML, like Gecko) Chrome/131.0.0.0 Safari/537.36 Avast/131.0.0.0"
66.29.132.124 - - [26/Apr/2025:10:54:39 -0400] "POST /wp-cron.php?doing_wp_cron=1745679279.5981609821319580078125 HTTP/1.1" 200 0 "-" "WordPress/6.8; https://kamrancomputer.com"
66.29.132.124 - - [26/Apr/2025:10:54:41 -0400] "POST /wp-admin/admin-ajax.php?action=async_litespeed&nonce=aSjPMlsRel8EeZTiVm8RyDmRyFbnI6e3&litespeed_type=imgoptm HTTP/1.1" 200 0 "-" "WordPress/6.8; https://kamrancomputer.com"
66.29.132.124 - - [26/Apr/2025:10:54:41 -0400] "GET /wp-json/jetpack/v4/sync/spawn-sync?time=1745679281&request_lock_id=1745679281.6471 HTTP/1.1" 200 0 "-" "WordPress/6.8; https://kamrancomputer.com"
185.209.28.214 - - [26/Apr/2025:10:54:38 -0400] "POST /wp-comments-post.php HTTP/1.0" 302 0 "https://kamrancomputer.com/product/mini-wireless-keyboard-tv-box/" "Mozilla/5.0 (Windows NT 10.0; Win64; x64) AppleWebKit/537.36 (KHTML, like Gecko) Chrome/131.0.0.0 Safari/537.36 Avast/131.0.0.0"
66.29.132.124 - - [26/Apr/2025:10:54:42 -0400] "POST /wp-admin/admin-ajax.php?action=as_async_request_queue_runner&nonce=81db4888c6 HTTP/1.1" 200 0 "-" "WordPress/6.8; https://kamrancomputer.com"
66.29.132.124 - - [26/Apr/2025:10:54:43 -0400] "GET /wp-json/jetpack/v4/sync/spawn-sync?time=1745679283&request_lock_id=1745679283.552 HTTP/1.1" 200 0 "-" "WordPress/6.8; https://kamrancomputer.com"
185.209.28.214 - - [26/Apr/2025:10:54:43 -0400] "GET /product/mini-wireless-keyboard-tv-box/ HTTP/1.0" 200 128355 "https://kamrancomputer.com/product/mini-wireless-keyboard-tv-box/#comment-373" "Mozilla/5.0 (Windows NT 10.0; Win64; x64) AppleWebKit/537.36 (KHTML, like Gecko) Chrome/131.0.0.0 Safari/537.36 Avast/131.0.0.0"
66.29.132.124 - - [26/Apr/2025:10:55:00 -0400] "POST /wp-cron.php?doing_wp_cron=1745679300.7426710128784179687500 HTTP/1.1" 200 0 "-" "WordPress/6.8; https://kamrancomputer.com"
57.141.4.1 - - [26/Apr/2025:10:54:59 -0400] "GET /?p=7135 HTTP/1.1" 301 0 "-" "meta-externalagent/1.1 (+https://developers.facebook.com/docs/sharing/webmasters/crawler)"
66.29.132.124 - - [26/Apr/2025:10:55:48 -0400] "POST /wp-cron.php?doing_wp_cron=1745679347.6835839748382568359375 HTTP/1.1" 200 0 "-" "WordPress/6.8; https://kamrancomputer.com"
57.141.4.6 - - [26/Apr/2025:10:55:45 -0400] "GET /wp-json/wp/v2/posts/13625 HTTP/1.1" 200 6442 "-" "meta-externalagent/1.1 (+https://developers.facebook.com/docs/sharing/webmasters/crawler)"
66.29.132.124 - - [26/Apr/2025:10:55:50 -0400] "POST /wp-admin/admin-ajax.php?action=async_litespeed&nonce=luxGKLNj79orH07QgQxWKw9owxO6ELMO&litespeed_type=imgoptm HTTP/1.1" 200 0 "-" "WordPress/6.8; https://kamrancomputer.com"
192.0.91.91 - - [26/Apr/2025:10:55:51 -0400] "GET /feed/ HTTP/1.1" 200 16139 "-" "wp.com feedbot/1.0 (+https://wp.com)"
63.250.38.202 - - [26/Apr/2025:10:56:37 -0400] "GET /wp-login.php HTTP/1.1" 200 2112 "http://kamrancomputer.com" "Mozilla/5.0 (Windows NT 10.0; Win64; x64) AppleWebKit/537.36 (KHTML, like Gecko) Chrome/115.0.5790.102 Safari/537.36"
47.238.13.10 - - [26/Apr/2025:10:58:25 -0400] "GET /product/i-phone-hands-free/?add-to-cart=358 HTTP/1.1" 200 0 "-" "Mozilla/5.0 (Macintosh; Intel Mac OS X 10_15_7) AppleWebKit/537.36 (KHTML, like Gecko) Chrome/109.0.0.0 Safari/537.36"
66.29.132.124 - - [26/Apr/2025:10:59:08 -0400] "POST /wp-cron.php?doing_wp_cron=1745679547.4758379459381103515625 HTTP/1.1" 200 0 "-" "WordPress/6.8; https://kamrancomputer.com"
57.141.4.9 - - [26/Apr/2025:10:59:08 -0400] "GET /wp-json/wp/v2/posts/8277 HTTP/1.1" 200 6095 "-" "meta-externalagent/1.1 (+https://developers.facebook.com/docs/sharing/webmasters/crawler)"
57.141.4.2 - - [26/Apr/2025:10:59:05 -0400] "GET /wp-json/oembed/1.0/embed?url=https%3A%2F%2Fkamrancomputer.com%2F2024%2F10%2F18%2Fgaming-nsw%2F HTTP/1.1" 200 2104 "-" "meta-externalagent/1.1 (+https://developers.facebook.com/docs/sharing/webmasters/crawler)"
66.29.132.124 - - [26/Apr/2025:10:59:12 -0400] "POST /wp-admin/admin-ajax.php?action=async_litespeed&nonce=JjJnFw4Wz0e3KcD6TJGkF0dLWReWNN3B&litespeed_type=imgoptm HTTP/1.1" 200 0 "-" "WordPress/6.8; https://kamrancomputer.com"
66.29.132.124 - - [26/Apr/2025:11:01:25 -0400] "POST /wp-cron.php?doing_wp_cron=1745679685.2134380340576171875000 HTTP/1.1" 200 0 "-" "WordPress/6.8; https://kamrancomputer.com"
57.141.4.2 - - [26/Apr/2025:11:01:18 -0400] "GET /wp-json/oembed/1.0/embed?url=https%3A%2F%2Fkamrancomputer.com%2F2024%2F10%2F18%2Frabona-online-casino%2F HTTP/1.1" 200 2154 "-" "meta-externalagent/1.1 (+https://developers.facebook.com/docs/sharing/webmasters/crawler)"
66.29.132.124 - - [26/Apr/2025:11:01:27 -0400] "POST /wp-admin/admin-ajax.php?action=async_litespeed&nonce=V640yO7vtJc1VzW7cxgpm0oDIDlWYS0w&litespeed_type=imgoptm HTTP/1.1" 200 0 "-" "WordPress/6.8; https://kamrancomputer.com"
66.29.132.124 - - [26/Apr/2025:11:03:24 -0400] "POST /wp-cron.php?doing_wp_cron=1745679804.4036829471588134765625 HTTP/1.1" 200 0 "-" "WordPress/6.8; https://kamrancomputer.com"
57.141.4.3 - - [26/Apr/2025:11:03:16 -0400] "GET /?p=14106 HTTP/1.1" 301 0 "-" "meta-externalagent/1.1 (+https://developers.facebook.com/docs/sharing/webmasters/crawler)"
66.29.132.124 - - [26/Apr/2025:11:03:29 -0400] "POST /wp-admin/admin-ajax.php?action=async_litespeed&nonce=yknVI0D8orpUSb6XTIYj8ax4iOUPFID8&litespeed_type=imgoptm HTTP/1.1" 200 0 "-" "WordPress/6.8; https://kamrancomputer.com"
77.238.237.38 - - [26/Apr/2025:11:06:34 -0400] "GET /product/mini-wireless-keyboard-tv-box/ HTTP/1.0" 200 126910 "-" "Mozilla/5.0 (Windows NT 6.3; Win64; x64) AppleWebKit/537.36 (KHTML, like Gecko) Chrome/75.0.3770.100 Safari/537.36"
196.251.86.177 - - [26/Apr/2025:11:07:53 -0400] "GET / HTTP/1.1" 200 227596 "-" "-"
57.141.4.28 - - [26/Apr/2025:11:07:44 -0400] "GET /wp-json/wp/v2/posts/7227 HTTP/1.1" 200 6983 "-" "meta-externalagent/1.1 (+https://developers.facebook.com/docs/sharing/webmasters/crawler)"
57.141.4.5 - - [26/Apr/2025:11:07:45 -0400] "GET /wp-json/wp/v2/posts/8110 HTTP/1.1" 200 6031 "-" "meta-externalagent/1.1 (+https://developers.facebook.com/docs/sharing/webmasters/crawler)"
66.29.132.124 - - [26/Apr/2025:11:08:01 -0400] "POST /wp-cron.php?doing_wp_cron=1745680072.6595571041107177734375 HTTP/1.1" 200 0 "-" "WordPress/6.8; https://kamrancomputer.com"
66.29.132.124 - - [26/Apr/2025:11:08:01 -0400] "POST /wp-cron.php?doing_wp_cron=1745680072.6571950912475585937500 HTTP/1.1" 200 0 "-" "WordPress/6.8; https://kamrancomputer.com"
196.251.86.177 - - [26/Apr/2025:11:08:03 -0400] "GET / HTTP/1.1" 200 0 "-" "-"
196.251.86.177 - - [26/Apr/2025:11:08:06 -0400] "GET / HTTP/1.1" 200 0 "-" "-"
196.251.86.177 - - [26/Apr/2025:11:08:11 -0400] "GET / HTTP/1.1" 200 227596 "-" "-"
196.251.86.177 - - [26/Apr/2025:11:08:16 -0400] "GET / HTTP/1.1" 200 0 "-" "-"
162.0.229.122 - - [26/Apr/2025:11:11:35 -0400] "GET /wp-login.php HTTP/1.1" 200 0 "http://kamrancomputer.com" "Mozilla/5.0 (Macintosh; Intel Mac OS X 13.3; rv:126.0) Gecko/20100101 Firefox/126.0"
57.141.4.13 - - [26/Apr/2025:11:13:32 -0400] "GET /wp-json/wp/v2/posts/8204 HTTP/1.1" 200 5934 "-" "meta-externalagent/1.1 (+https://developers.facebook.com/docs/sharing/webmasters/crawler)"
66.29.132.124 - - [26/Apr/2025:11:18:35 -0400] "POST /wp-cron.php?doing_wp_cron=1745680712.6625170707702636718750 HTTP/1.1" 200 0 "-" "WordPress/6.8; https://kamrancomputer.com"
57.141.4.22 - - [26/Apr/2025:11:18:07 -0400] "GET /wp-json/oembed/1.0/embed?url=https%3A%2F%2Fkamrancomputer.com%2F2024%2F10%2F18%2Fwunderrino%2F HTTP/1.1" 200 2104 "-" "meta-externalagent/1.1 (+https://developers.facebook.com/docs/sharing/webmasters/crawler)"
104.219.248.8 - - [26/Apr/2025:11:18:40 -0400] "GET /wp-login.php HTTP/1.1" 200 2112 "http://kamrancomputer.com" "Mozilla/5.0 (Windows NT 11.0; Win64; x64) AppleWebKit/537.36 (KHTML, like Gecko) Chrome/126.0.0.0 Safari/537.36"
57.141.4.27 - - [26/Apr/2025:11:18:39 -0400] "GET /wp-json/oembed/1.0/embed?url=https%3A%2F%2Fkamrancomputer.com%2F2024%2F10%2F18%2Fbetus-casino-slots%2F HTTP/1.1" 200 2144 "-" "meta-externalagent/1.1 (+https://developers.facebook.com/docs/sharing/webmasters/crawler)"
66.29.132.124 - - [26/Apr/2025:11:21:28 -0400] "POST /wp-cron.php?doing_wp_cron=1745680886.3159260749816894531250 HTTP/1.1" 200 0 "-" "WordPress/6.8; https://kamrancomputer.com"
57.141.4.20 - - [26/Apr/2025:11:21:20 -0400] "GET /wp-json/wp/v2/posts/16962 HTTP/1.1" 200 16594 "-" "meta-externalagent/1.1 (+https://developers.facebook.com/docs/sharing/webmasters/crawler)"
94.103.91.198 - - [26/Apr/2025:11:21:37 -0400] "GET /product/mini-wireless-keyboard-tv-box/ HTTP/1.0" 200 126910 "https://kamrancomputer.com/product/mini-wireless-keyboard-tv-box/" "Mozilla/5.0 (Windows NT 10.0; Win64; x64) AppleWebKit/537.36 (KHTML, like Gecko) Chrome/130.0.0.0 Safari/537.36"
94.103.91.198 - - [26/Apr/2025:11:21:41 -0400] "POST /wp-comments-post.php HTTP/1.0" 302 0 "https://kamrancomputer.com/product/mini-wireless-keyboard-tv-box/" "Mozilla/5.0 (Windows NT 10.0; Win64; x64) AppleWebKit/537.36 (KHTML, like Gecko) Chrome/130.0.0.0 Safari/537.36"
66.29.132.124 - - [26/Apr/2025:11:21:48 -0400] "GET /wp-json/jetpack/v4/sync/spawn-sync?time=1745680906&request_lock_id=1745680906.9066 HTTP/1.1" 200 0 "-" "WordPress/6.8; https://kamrancomputer.com"
94.103.91.198 - - [26/Apr/2025:11:21:51 -0400] "GET /product/mini-wireless-keyboard-tv-box/ HTTP/1.0" 200 128813 "https://kamrancomputer.com/product/mini-wireless-keyboard-tv-box/#comment-374" "Mozilla/5.0 (Windows NT 10.0; Win64; x64) AppleWebKit/537.36 (KHTML, like Gecko) Chrome/130.0.0.0 Safari/537.36"
66.29.132.124 - - [26/Apr/2025:11:22:01 -0400] "GET /wp-json/jetpack/v4/sync/spawn-sync?time=1745680919&request_lock_id=1745680919.5851 HTTP/1.1" 200 0 "-" "WordPress/6.8; https://kamrancomputer.com"
43.130.102.7 - - [26/Apr/2025:11:22:17 -0400] "GET / HTTP/1.1" 200 37825 "http://kamrancomputer.com" "Mozilla/5.0 (iPhone; CPU iPhone OS 13_2_3 like Mac OS X) AppleWebKit/605.1.15 (KHTML, like Gecko) Version/13.0.3 Mobile/15E148 Safari/604.1"
66.29.132.124 - - [26/Apr/2025:11:22:28 -0400] "POST /wp-cron.php?doing_wp_cron=1745680947.7004759311676025390625 HTTP/1.1" 200 0 "-" "WordPress/6.8; https://kamrancomputer.com"
66.29.132.124 - - [26/Apr/2025:11:22:29 -0400] "GET /wp-json/jetpack/v4/sync/spawn-sync?time=1745680949&request_lock_id=1745680949.1423 HTTP/1.1" 200 0 "-" "WordPress/6.8; https://kamrancomputer.com"
20.171.207.193 - - [26/Apr/2025:11:22:26 -0400] "GET /wp-json/wp/v2/posts/13630 HTTP/1.1" 200 5209 "-" "Mozilla/5.0 AppleWebKit/537.36 (KHTML, like Gecko; compatible; GPTBot/1.2; +https://openai.com/gptbot)"
20.171.207.193 - - [26/Apr/2025:11:22:30 -0400] "GET /?p=13630 HTTP/1.1" 301 0 "-" "Mozilla/5.0 AppleWebKit/537.36 (KHTML, like Gecko; compatible; GPTBot/1.2; +https://openai.com/gptbot)"
66.29.132.124 - - [26/Apr/2025:11:22:32 -0400] "POST /wp-admin/admin-ajax.php?action=async_litespeed&nonce=N443JU9kP5nmZ2sXRQ9zk6Q5n6sFEfzQ&litespeed_type=imgoptm HTTP/1.1" 200 0 "-" "WordPress/6.8; https://kamrancomputer.com"
20.171.207.193 - - [26/Apr/2025:11:22:35 -0400] "GET /2024/10/18/kazino/ HTTP/1.1" 200 20272 "-" "Mozilla/5.0 AppleWebKit/537.36 (KHTML, like Gecko; compatible; GPTBot/1.2; +https://openai.com/gptbot)"
20.171.207.193 - - [26/Apr/2025:11:22:40 -0400] "GET /wp-json/oembed/1.0/embed?url=https%3A%2F%2Fkamrancomputer.com%2F2024%2F10%2F18%2Fkazino%2F HTTP/1.1" 200 2084 "-" "Mozilla/5.0 AppleWebKit/537.36 (KHTML, like Gecko; compatible; GPTBot/1.2; +https://openai.com/gptbot)"
20.171.207.193 - - [26/Apr/2025:11:22:45 -0400] "GET /2024/10/18/kazino/casino-image.jpg HTTP/1.1" 404 18497 "-" "Mozilla/5.0 AppleWebKit/537.36 (KHTML, like Gecko; compatible; GPTBot/1.2; +https://openai.com/gptbot)"
20.171.207.193 - - [26/Apr/2025:11:22:50 -0400] "GET /wp-json/elementskit/v1/ HTTP/1.1" 404 114 "-" "Mozilla/5.0 AppleWebKit/537.36 (KHTML, like Gecko; compatible; GPTBot/1.2; +https://openai.com/gptbot)"
66.29.132.124 - - [26/Apr/2025:11:22:55 -0400] "POST /wp-cron.php?doing_wp_cron=1745680975.4874610900878906250000 HTTP/1.1" 200 0 "-" "WordPress/6.8; https://kamrancomputer.com"
20.171.207.193 - - [26/Apr/2025:11:22:54 -0400] "GET /wp-json/oembed/1.0/embed?format=xml&url=https%3A%2F%2Fkamrancomputer.com%2F2024%2F10%2F18%2Fkazino%2F HTTP/1.1" 200 1016 "-" "Mozilla/5.0 AppleWebKit/537.36 (KHTML, like Gecko; compatible; GPTBot/1.2; +https://openai.com/gptbot)"
20.171.207.193 - - [26/Apr/2025:11:22:59 -0400] "GET /2024/10/18/kazino/embed/ HTTP/1.1" 200 22838 "-" "Mozilla/5.0 AppleWebKit/537.36 (KHTML, like Gecko; compatible; GPTBot/1.2; +https://openai.com/gptbot)"
20.171.207.193 - - [26/Apr/2025:11:23:03 -0400] "GET /wp-json/elementskit/v1/ HTTP/1.1" 404 114 "-" "Mozilla/5.0 AppleWebKit/537.36 (KHTML, like Gecko; compatible; GPTBot/1.2; +https://openai.com/gptbot)"
192.0.85.132 - - [26/Apr/2025:11:23:39 -0400] "GET /feed/ HTTP/1.1" 200 16139 "-" "wp.com feedbot/1.0 (+https://wp.com)"
66.29.132.124 - - [26/Apr/2025:11:23:46 -0400] "POST /wp-cron.php?doing_wp_cron=1745681026.3364670276641845703125 HTTP/1.1" 200 0 "-" "WordPress/6.8; https://kamrancomputer.com"
20.171.207.193 - - [26/Apr/2025:11:23:45 -0400] "GET /?p=8336 HTTP/1.1" 301 0 "-" "Mozilla/5.0 AppleWebKit/537.36 (KHTML, like Gecko; compatible; GPTBot/1.2; +https://openai.com/gptbot)"
66.29.132.124 - - [26/Apr/2025:11:23:49 -0400] "POST /wp-admin/admin-ajax.php?action=async_litespeed&nonce=fNWTUZFQV1jKxc37BsfS7mN61us0nufA&litespeed_type=imgoptm HTTP/1.1" 200 0 "-" "WordPress/6.8; https://kamrancomputer.com"
20.171.207.193 - - [26/Apr/2025:11:23:49 -0400] "GET /wp-json/wp/v2/posts/8336 HTTP/1.1" 200 14844 "-" "Mozilla/5.0 AppleWebKit/537.36 (KHTML, like Gecko; compatible; GPTBot/1.2; +https://openai.com/gptbot)"
66.29.132.124 - - [26/Apr/2025:11:23:56 -0400] "POST /wp-cron.php?doing_wp_cron=1745681034.0394349098205566406250 HTTP/1.1" 200 0 "-" "WordPress/6.8; https://kamrancomputer.com"
20.171.207.193 - - [26/Apr/2025:11:23:52 -0400] "GET /2024/10/18/kazino-vulkan/ HTTP/1.1" 200 24932 "-" "Mozilla/5.0 AppleWebKit/537.36 (KHTML, like Gecko; compatible; GPTBot/1.2; +https://openai.com/gptbot)"
20.171.207.193 - - [26/Apr/2025:11:23:57 -0400] "GET /wp-json/wp/v2/posts/4193 HTTP/1.1" 200 6343 "-" "Mozilla/5.0 AppleWebKit/537.36 (KHTML, like Gecko; compatible; GPTBot/1.2; +https://openai.com/gptbot)"
192.0.85.132 - - [26/Apr/2025:11:23:53 -0400] "GET /feed HTTP/1.1" 301 0 "-" "wp.com feedbot/1.0 (+https://wp.com)"
192.0.85.132 - - [26/Apr/2025:11:24:00 -0400] "GET /feed/ HTTP/1.1" 200 16139 "-" "wp.com feedbot/1.0 (+https://wp.com)"
20.171.207.193 - - [26/Apr/2025:11:24:02 -0400] "GET /?p=4193 HTTP/1.1" 301 0 "-" "Mozilla/5.0 AppleWebKit/537.36 (KHTML, like Gecko; compatible; GPTBot/1.2; +https://openai.com/gptbot)"
20.171.207.193 - - [26/Apr/2025:11:24:06 -0400] "GET /wp-json/oembed/1.0/embed?format=xml&url=https%3A%2F%2Fkamrancomputer.com%2F2024%2F10%2F18%2Fkazino-vulkan%2F HTTP/1.1" 200 1027 "-" "Mozilla/5.0 AppleWebKit/537.36 (KHTML, like Gecko; compatible; GPTBot/1.2; +https://openai.com/gptbot)"
20.171.207.193 - - [26/Apr/2025:11:24:10 -0400] "GET /wp-json/oembed/1.0/embed?url=https%3A%2F%2Fkamrancomputer.com%2F2024%2F10%2F18%2Fkazino-vulkan%2F HTTP/1.1" 200 2119 "-" "Mozilla/5.0 AppleWebKit/537.36 (KHTML, like Gecko; compatible; GPTBot/1.2; +https://openai.com/gptbot)"
20.171.207.193 - - [26/Apr/2025:11:24:12 -0400] "GET /wp-json/elementskit/v1/ HTTP/1.1" 404 114 "-" "Mozilla/5.0 AppleWebKit/537.36 (KHTML, like Gecko; compatible; GPTBot/1.2; +https://openai.com/gptbot)"
20.171.207.193 - - [26/Apr/2025:11:24:15 -0400] "GET /2024/10/14/casinos-in-australia/ HTTP/1.1" 200 20359 "-" "Mozilla/5.0 AppleWebKit/537.36 (KHTML, like Gecko; compatible; GPTBot/1.2; +https://openai.com/gptbot)"
20.171.207.193 - - [26/Apr/2025:11:24:18 -0400] "GET /2024/10/18/kazino-vulkan/embed/ HTTP/1.1" 200 23112 "-" "Mozilla/5.0 AppleWebKit/537.36 (KHTML, like Gecko; compatible; GPTBot/1.2; +https://openai.com/gptbot)"
20.171.207.193 - - [26/Apr/2025:11:24:21 -0400] "GET /wp-json/oembed/1.0/embed?format=xml&url=https%3A%2F%2Fkamrancomputer.com%2F2024%2F10%2F14%2Fcasinos-in-australia%2F HTTP/1.1" 200 1027 "-" "Mozilla/5.0 AppleWebKit/537.36 (KHTML, like Gecko; compatible; GPTBot/1.2; +https://openai.com/gptbot)"
20.171.207.193 - - [26/Apr/2025:11:24:23 -0400] "GET /wp-json/elementskit/v1/ HTTP/1.1" 404 114 "-" "Mozilla/5.0 AppleWebKit/537.36 (KHTML, like Gecko; compatible; GPTBot/1.2; +https://openai.com/gptbot)"
20.171.207.193 - - [26/Apr/2025:11:24:26 -0400] "GET /wp-json/oembed/1.0/embed?url=https%3A%2F%2Fkamrancomputer.com%2F2024%2F10%2F14%2Fcasinos-in-australia%2F HTTP/1.1" 200 2154 "-" "Mozilla/5.0 AppleWebKit/537.36 (KHTML, like Gecko; compatible; GPTBot/1.2; +https://openai.com/gptbot)"
20.171.207.193 - - [26/Apr/2025:11:24:28 -0400] "GET /2024/10/14/casinos-in-australia/embed/ HTTP/1.1" 200 22763 "-" "Mozilla/5.0 AppleWebKit/537.36 (KHTML, like Gecko; compatible; GPTBot/1.2; +https://openai.com/gptbot)"
66.29.132.124 - - [26/Apr/2025:11:25:28 -0400] "POST /wp-cron.php?doing_wp_cron=1745681127.6670029163360595703125 HTTP/1.1" 200 0 "-" "WordPress/6.8; https://kamrancomputer.com"
20.171.207.193 - - [26/Apr/2025:11:25:25 -0400] "GET /2024/10/18/resorts-nj-online-casino/ HTTP/1.1" 200 20572 "-" "Mozilla/5.0 AppleWebKit/537.36 (KHTML, like Gecko; compatible; GPTBot/1.2; +https://openai.com/gptbot)"
66.29.132.124 - - [26/Apr/2025:11:25:31 -0400] "POST /wp-admin/admin-ajax.php?action=async_litespeed&nonce=0pBe51beJc9nCqlqgF05AnQ0WXIAKqYk&litespeed_type=imgoptm HTTP/1.1" 200 0 "-" "WordPress/6.8; https://kamrancomputer.com"
20.171.207.193 - - [26/Apr/2025:11:25:31 -0400] "GET /?p=7351 HTTP/1.1" 301 0 "-" "Mozilla/5.0 AppleWebKit/537.36 (KHTML, like Gecko; compatible; GPTBot/1.2; +https://openai.com/gptbot)"
20.171.207.193 - - [26/Apr/2025:11:25:34 -0400] "GET /wp-json/wp/v2/posts/7351 HTTP/1.1" 200 6582 "-" "Mozilla/5.0 AppleWebKit/537.36 (KHTML, like Gecko; compatible; GPTBot/1.2; +https://openai.com/gptbot)"
20.171.207.193 - - [26/Apr/2025:11:25:38 -0400] "GET /wp-json/oembed/1.0/embed?url=https%3A%2F%2Fkamrancomputer.com%2F2024%2F10%2F18%2Fresorts-nj-online-casino%2F HTTP/1.1" 200 2174 "-" "Mozilla/5.0 AppleWebKit/537.36 (KHTML, like Gecko; compatible; GPTBot/1.2; +https://openai.com/gptbot)"
20.171.207.193 - - [26/Apr/2025:11:25:42 -0400] "GET /wp-json/elementskit/v1/ HTTP/1.1" 404 114 "-" "Mozilla/5.0 AppleWebKit/537.36 (KHTML, like Gecko; compatible; GPTBot/1.2; +https://openai.com/gptbot)"
20.171.207.193 - - [26/Apr/2025:11:25:45 -0400] "GET /wp-json/oembed/1.0/embed?format=xml&url=https%3A%2F%2Fkamrancomputer.com%2F2024%2F10%2F18%2Fresorts-nj-online-casino%2F HTTP/1.1" 200 1037 "-" "Mozilla/5.0 AppleWebKit/537.36 (KHTML, like Gecko; compatible; GPTBot/1.2; +https://openai.com/gptbot)"
20.171.207.193 - - [26/Apr/2025:11:25:48 -0400] "GET /2024/10/18/resorts-nj-online-casino/embed/ HTTP/1.1" 200 22767 "-" "Mozilla/5.0 AppleWebKit/537.36 (KHTML, like Gecko; compatible; GPTBot/1.2; +https://openai.com/gptbot)"
20.171.207.193 - - [26/Apr/2025:11:25:52 -0400] "GET /wp-json/elementskit/v1/ HTTP/1.1" 404 114 "-" "Mozilla/5.0 AppleWebKit/537.36 (KHTML, like Gecko; compatible; GPTBot/1.2; +https://openai.com/gptbot)"
66.29.132.124 - - [26/Apr/2025:11:26:13 -0400] "POST /wp-cron.php?doing_wp_cron=1745681172.5652890205383300781250 HTTP/1.1" 200 0 "-" "WordPress/6.8; https://kamrancomputer.com"
20.171.207.193 - - [26/Apr/2025:11:26:11 -0400] "GET /?p=11391 HTTP/1.1" 301 0 "-" "Mozilla/5.0 AppleWebKit/537.36 (KHTML, like Gecko; compatible; GPTBot/1.2; +https://openai.com/gptbot)"
20.171.207.193 - - [26/Apr/2025:11:26:15 -0400] "GET /wp-json/wp/v2/posts/11391 HTTP/1.1" 200 5970 "-" "Mozilla/5.0 AppleWebKit/537.36 (KHTML, like Gecko; compatible; GPTBot/1.2; +https://openai.com/gptbot)"
20.171.207.193 - - [26/Apr/2025:11:26:18 -0400] "GET /2024/10/18/new-casino-online-canada/ HTTP/1.1" 200 20393 "-" "Mozilla/5.0 AppleWebKit/537.36 (KHTML, like Gecko; compatible; GPTBot/1.2; +https://openai.com/gptbot)"
20.171.207.193 - - [26/Apr/2025:11:26:21 -0400] "GET /2024/10/18/new-casino-online-canada/images/online-casino-canada.jpg HTTP/1.1" 404 18497 "-" "Mozilla/5.0 AppleWebKit/537.36 (KHTML, like Gecko; compatible; GPTBot/1.2; +https://openai.com/gptbot)"
20.171.207.193 - - [26/Apr/2025:11:26:23 -0400] "GET /wp-json/oembed/1.0/embed?format=xml&url=https%3A%2F%2Fkamrancomputer.com%2F2024%2F10%2F18%2Fnew-casino-online-canada%2F HTTP/1.1" 200 1037 "-" "Mozilla/5.0 AppleWebKit/537.36 (KHTML, like Gecko; compatible; GPTBot/1.2; +https://openai.com/gptbot)"
66.29.132.124 - - [26/Apr/2025:11:26:28 -0400] "POST /wp-cron.php?doing_wp_cron=1745681187.8784840106964111328125 HTTP/1.1" 200 0 "-" "WordPress/6.8; https://kamrancomputer.com"
20.171.207.193 - - [26/Apr/2025:11:26:26 -0400] "GET /wp-json/oembed/1.0/embed?url=https%3A%2F%2Fkamrancomputer.com%2F2024%2F10%2F18%2Fnew-casino-online-canada%2F HTTP/1.1" 200 2174 "-" "Mozilla/5.0 AppleWebKit/537.36 (KHTML, like Gecko; compatible; GPTBot/1.2; +https://openai.com/gptbot)"
20.171.207.193 - - [26/Apr/2025:11:26:29 -0400] "GET /wp-json/elementskit/v1/ HTTP/1.1" 404 114 "-" "Mozilla/5.0 AppleWebKit/537.36 (KHTML, like Gecko; compatible; GPTBot/1.2; +https://openai.com/gptbot)"
66.29.132.124 - - [26/Apr/2025:11:26:31 -0400] "POST /wp-admin/admin-ajax.php?action=async_litespeed&nonce=ityHEP9drnTlbj0fijfMjoCVtkCwUVJE&litespeed_type=imgoptm HTTP/1.1" 200 0 "-" "WordPress/6.8; https://kamrancomputer.com"
20.171.207.193 - - [26/Apr/2025:11:26:32 -0400] "GET /2024/10/18/new-casino-online-canada/embed/ HTTP/1.1" 200 22795 "-" "Mozilla/5.0 AppleWebKit/537.36 (KHTML, like Gecko; compatible; GPTBot/1.2; +https://openai.com/gptbot)"
20.171.207.193 - - [26/Apr/2025:11:26:35 -0400] "GET /wp-json/elementskit/v1/ HTTP/1.1" 404 114 "-" "Mozilla/5.0 AppleWebKit/537.36 (KHTML, like Gecko; compatible; GPTBot/1.2; +https://openai.com/gptbot)"
20.171.207.193 - - [26/Apr/2025:11:26:38 -0400] "GET /wp-json/elementskit/v1/ HTTP/1.1" 404 114 "-" "Mozilla/5.0 AppleWebKit/537.36 (KHTML, like Gecko; compatible; GPTBot/1.2; +https://openai.com/gptbot)"
66.29.132.124 - - [26/Apr/2025:11:27:16 -0400] "POST /wp-cron.php?doing_wp_cron=1745681236.6693079471588134765625 HTTP/1.1" 200 0 "-" "WordPress/6.8; https://kamrancomputer.com"
