20.171.207.193 - - [26/Apr/2025:11:46:34 -0400] "GET /2024/10/18/casino-rama-online/live-dealer-growth.jpg HTTP/1.1" 404 18499 "-" "Mozilla/5.0 AppleWebKit/537.36 (KHTML, like Gecko; compatible; GPTBot/1.2; +https://openai.com/gptbot)"
20.171.207.193 - - [26/Apr/2025:11:46:36 -0400] "GET /2024/10/18/casino-rama-online/technology-in-gaming.jpg HTTP/1.1" 404 18497 "-" "Mozilla/5.0 AppleWebKit/537.36 (KHTML, like Gecko; compatible; GPTBot/1.2; +https://openai.com/gptbot)"
20.171.207.193 - - [26/Apr/2025:11:46:38 -0400] "GET /2024/10/18/casino-rama-online/regulatory-impact.jpg HTTP/1.1" 404 18498 "-" "Mozilla/5.0 AppleWebKit/537.36 (KHTML, like Gecko; compatible; GPTBot/1.2; +https://openai.com/gptbot)"
20.171.207.193 - - [26/Apr/2025:11:46:40 -0400] "GET /2024/10/18/casino-rama-online/sustainable-casino-practices.jpg HTTP/1.1" 404 18499 "-" "Mozilla/5.0 AppleWebKit/537.36 (KHTML, like Gecko; compatible; GPTBot/1.2; +https://openai.com/gptbot)"
20.171.207.193 - - [26/Apr/2025:11:46:43 -0400] "GET /2024/10/19/20-euro-bonus-ohne-einzahlung-casino-deutschland/ HTTP/1.1" 200 20461 "-" "Mozilla/5.0 AppleWebKit/537.36 (KHTML, like Gecko; compatible; GPTBot/1.2; +https://openai.com/gptbot)"
20.171.207.193 - - [26/Apr/2025:11:46:45 -0400] "GET /wp-json/elementskit/v1/ HTTP/1.1" 404 114 "-" "Mozilla/5.0 AppleWebKit/537.36 (KHTML, like Gecko; compatible; GPTBot/1.2; +https://openai.com/gptbot)"
20.171.207.193 - - [26/Apr/2025:11:46:47 -0400] "GET /2024/10/19/888-casino-online/888-casino-success-story.jpg HTTP/1.1" 404 18499 "-" "Mozilla/5.0 AppleWebKit/537.36 (KHTML, like Gecko; compatible; GPTBot/1.2; +https://openai.com/gptbot)"
20.171.207.193 - - [26/Apr/2025:11:46:49 -0400] "GET /wp-json/oembed/1.0/embed?format=xml&url=https%3A%2F%2Fkamrancomputer.com%2F2024%2F10%2F19%2F888-casino-online%2F HTTP/1.1" 200 1027 "-" "Mozilla/5.0 AppleWebKit/537.36 (KHTML, like Gecko; compatible; GPTBot/1.2; +https://openai.com/gptbot)"
66.29.132.124 - - [26/Apr/2025:11:46:52 -0400] "POST /wp-cron.php?doing_wp_cron=1745682412.5835099220275878906250 HTTP/1.1" 200 0 "-" "WordPress/6.8; https://kamrancomputer.com"
20.171.207.193 - - [26/Apr/2025:11:46:51 -0400] "GET /wp-json/oembed/1.0/embed?url=https%3A%2F%2Fkamrancomputer.com%2F2024%2F10%2F19%2F888-casino-online%2F HTTP/1.1" 200 2139 "-" "Mozilla/5.0 AppleWebKit/537.36 (KHTML, like Gecko; compatible; GPTBot/1.2; +https://openai.com/gptbot)"
20.171.207.193 - - [26/Apr/2025:11:46:53 -0400] "GET /2024/10/19/888-casino-online/888-casino-success-story.jpg HTTP/1.1" 404 18499 "-" "Mozilla/5.0 AppleWebKit/537.36 (KHTML, like Gecko; compatible; GPTBot/1.2; +https://openai.com/gptbot)"
20.171.207.193 - - [26/Apr/2025:11:46:55 -0400] "GET /wp-json/oembed/1.0/embed?url=https%3A%2F%2Fkamrancomputer.com%2F2024%2F10%2F19%2F888-casino-online%2F HTTP/1.1" 200 2139 "-" "Mozilla/5.0 AppleWebKit/537.36 (KHTML, like Gecko; compatible; GPTBot/1.2; +https://openai.com/gptbot)"
20.171.207.193 - - [26/Apr/2025:11:46:57 -0400] "GET /?p=22744 HTTP/1.1" 301 0 "-" "Mozilla/5.0 AppleWebKit/537.36 (KHTML, like Gecko; compatible; GPTBot/1.2; +https://openai.com/gptbot)"
20.171.207.193 - - [26/Apr/2025:11:46:58 -0400] "GET /wp-json/wp/v2/posts/22744 HTTP/1.1" 200 6586 "-" "Mozilla/5.0 AppleWebKit/537.36 (KHTML, like Gecko; compatible; GPTBot/1.2; +https://openai.com/gptbot)"
20.171.207.193 - - [26/Apr/2025:11:46:59 -0400] "GET /wp-json/oembed/1.0/embed?url=https%3A%2F%2Fkamrancomputer.com%2F2024%2F10%2F18%2Fcasino-rama-online%2F HTTP/1.1" 200 2144 "-" "Mozilla/5.0 AppleWebKit/537.36 (KHTML, like Gecko; compatible; GPTBot/1.2; +https://openai.com/gptbot)"
20.171.207.193 - - [26/Apr/2025:11:47:01 -0400] "GET /wp-json/oembed/1.0/embed?url=https%3A%2F%2Fkamrancomputer.com%2F2024%2F10%2F14%2Fonline-casino-in-florida%2F HTTP/1.1" 200 2174 "-" "Mozilla/5.0 AppleWebKit/537.36 (KHTML, like Gecko; compatible; GPTBot/1.2; +https://openai.com/gptbot)"
20.171.207.193 - - [26/Apr/2025:11:47:03 -0400] "GET /wp-json/oembed/1.0/embed?url=https%3A%2F%2Fkamrancomputer.com%2F2024%2F10%2F19%2F20-euro-bonus-ohne-einzahlung-casino-deutschland%2F HTTP/1.1" 200 2294 "-" "Mozilla/5.0 AppleWebKit/537.36 (KHTML, like Gecko; compatible; GPTBot/1.2; +https://openai.com/gptbot)"
20.171.207.193 - - [26/Apr/2025:11:47:04 -0400] "GET /wp-json/oembed/1.0/embed?format=xml&url=https%3A%2F%2Fkamrancomputer.com%2F2024%2F10%2F14%2Fonline-casino-in-florida%2F HTTP/1.1" 200 1042 "-" "Mozilla/5.0 AppleWebKit/537.36 (KHTML, like Gecko; compatible; GPTBot/1.2; +https://openai.com/gptbot)"
57.141.4.2 - - [26/Apr/2025:11:47:05 -0400] "GET /wp-json/oembed/1.0/embed?url=https%3A%2F%2Fkamrancomputer.com%2F2024%2F10%2F18%2Fonline-casino-novoline%2F HTTP/1.1" 200 2164 "-" "meta-externalagent/1.1 (+https://developers.facebook.com/docs/sharing/webmasters/crawler)"
20.171.207.193 - - [26/Apr/2025:11:47:06 -0400] "GET /2024/10/19/888-casino-online/embed/ HTTP/1.1" 200 22786 "-" "Mozilla/5.0 AppleWebKit/537.36 (KHTML, like Gecko; compatible; GPTBot/1.2; +https://openai.com/gptbot)"
20.171.207.193 - - [26/Apr/2025:11:47:07 -0400] "GET /wp-json/oembed/1.0/embed?format=xml&url=https%3A%2F%2Fkamrancomputer.com%2F2024%2F10%2F19%2F20-euro-bonus-ohne-einzahlung-casino-deutschland%2F HTTP/1.1" 200 1073 "-" "Mozilla/5.0 AppleWebKit/537.36 (KHTML, like Gecko; compatible; GPTBot/1.2; +https://openai.com/gptbot)"
20.171.207.193 - - [26/Apr/2025:11:47:08 -0400] "GET /wp-json/oembed/1.0/embed?format=xml&url=https%3A%2F%2Fkamrancomputer.com%2F2024%2F10%2F18%2Fcasino-rama-online%2F HTTP/1.1" 200 1029 "-" "Mozilla/5.0 AppleWebKit/537.36 (KHTML, like Gecko; compatible; GPTBot/1.2; +https://openai.com/gptbot)"
20.171.207.193 - - [26/Apr/2025:11:47:10 -0400] "GET /2024/10/19/online-casino-montreal/ HTTP/1.1" 200 20488 "-" "Mozilla/5.0 AppleWebKit/537.36 (KHTML, like Gecko; compatible; GPTBot/1.2; +https://openai.com/gptbot)"
20.171.207.193 - - [26/Apr/2025:11:47:12 -0400] "GET /2024/10/14/online-casino-in-florida/embed/ HTTP/1.1" 200 22746 "-" "Mozilla/5.0 AppleWebKit/537.36 (KHTML, like Gecko; compatible; GPTBot/1.2; +https://openai.com/gptbot)"
20.171.207.193 - - [26/Apr/2025:11:47:15 -0400] "GET /wp-json/elementskit/v1/ HTTP/1.1" 404 114 "-" "Mozilla/5.0 AppleWebKit/537.36 (KHTML, like Gecko; compatible; GPTBot/1.2; +https://openai.com/gptbot)"
20.171.207.193 - - [26/Apr/2025:11:47:17 -0400] "GET /2024/10/19/20-euro-bonus-ohne-einzahlung-casino-deutschland/embed/ HTTP/1.1" 200 23150 "-" "Mozilla/5.0 AppleWebKit/537.36 (KHTML, like Gecko; compatible; GPTBot/1.2; +https://openai.com/gptbot)"
20.171.207.193 - - [26/Apr/2025:11:47:19 -0400] "GET /2024/10/18/casino-rama-online/embed/ HTTP/1.1" 200 22792 "-" "Mozilla/5.0 AppleWebKit/537.36 (KHTML, like Gecko; compatible; GPTBot/1.2; +https://openai.com/gptbot)"
20.171.207.193 - - [26/Apr/2025:11:47:21 -0400] "GET /?p=14466 HTTP/1.1" 301 0 "-" "Mozilla/5.0 AppleWebKit/537.36 (KHTML, like Gecko; compatible; GPTBot/1.2; +https://openai.com/gptbot)"
20.171.207.193 - - [26/Apr/2025:11:47:23 -0400] "GET /wp-json/wp/v2/posts/14466 HTTP/1.1" 200 6639 "-" "Mozilla/5.0 AppleWebKit/537.36 (KHTML, like Gecko; compatible; GPTBot/1.2; +https://openai.com/gptbot)"
20.171.207.193 - - [26/Apr/2025:11:47:24 -0400] "GET /wp-json/oembed/1.0/embed?format=xml&url=https%3A%2F%2Fkamrancomputer.com%2F2024%2F10%2F19%2Fonline-casino-montreal%2F HTTP/1.1" 200 1037 "-" "Mozilla/5.0 AppleWebKit/537.36 (KHTML, like Gecko; compatible; GPTBot/1.2; +https://openai.com/gptbot)"
66.29.132.124 - - [26/Apr/2025:11:47:26 -0400] "POST /wp-cron.php?doing_wp_cron=1745682446.7447340488433837890625 HTTP/1.1" 200 0 "-" "WordPress/6.8; https://kamrancomputer.com"
20.171.207.193 - - [26/Apr/2025:11:47:26 -0400] "GET /wp-json/oembed/1.0/embed?url=https%3A%2F%2Fkamrancomputer.com%2F2024%2F10%2F19%2Fonline-casino-montreal%2F HTTP/1.1" 200 2164 "-" "Mozilla/5.0 AppleWebKit/537.36 (KHTML, like Gecko; compatible; GPTBot/1.2; +https://openai.com/gptbot)"
66.29.132.124 - - [26/Apr/2025:11:47:27 -0400] "POST /wp-admin/admin-ajax.php?action=async_litespeed&nonce=1qO4k94ThGiz8mdCNJ5gEFnNzenBNcPz&litespeed_type=imgoptm HTTP/1.1" 200 0 "-" "WordPress/6.8; https://kamrancomputer.com"
20.171.207.193 - - [26/Apr/2025:11:47:27 -0400] "GET /wp-json/wp/v2/posts/14375 HTTP/1.1" 200 6296 "-" "Mozilla/5.0 AppleWebKit/537.36 (KHTML, like Gecko; compatible; GPTBot/1.2; +https://openai.com/gptbot)"
20.171.207.193 - - [26/Apr/2025:11:47:29 -0400] "GET /?p=14375 HTTP/1.1" 301 0 "-" "Mozilla/5.0 AppleWebKit/537.36 (KHTML, like Gecko; compatible; GPTBot/1.2; +https://openai.com/gptbot)"
20.171.207.193 - - [26/Apr/2025:11:47:32 -0400] "GET /2024/10/18/pa-casino-online/ HTTP/1.1" 200 20676 "-" "Mozilla/5.0 AppleWebKit/537.36 (KHTML, like Gecko; compatible; GPTBot/1.2; +https://openai.com/gptbot)"
20.171.207.193 - - [26/Apr/2025:11:47:35 -0400] "GET /?p=4875 HTTP/1.1" 301 0 "-" "Mozilla/5.0 AppleWebKit/537.36 (KHTML, like Gecko; compatible; GPTBot/1.2; +https://openai.com/gptbot)"
20.171.207.193 - - [26/Apr/2025:11:47:38 -0400] "GET /wp-json/wp/v2/posts/4875 HTTP/1.1" 200 6045 "-" "Mozilla/5.0 AppleWebKit/537.36 (KHTML, like Gecko; compatible; GPTBot/1.2; +https://openai.com/gptbot)"
20.171.207.193 - - [26/Apr/2025:11:47:41 -0400] "GET /2024/10/19/online-casino-montreal/embed/ HTTP/1.1" 200 22792 "-" "Mozilla/5.0 AppleWebKit/537.36 (KHTML, like Gecko; compatible; GPTBot/1.2; +https://openai.com/gptbot)"
20.171.207.193 - - [26/Apr/2025:11:47:43 -0400] "GET /?p=741 HTTP/1.1" 301 0 "-" "Mozilla/5.0 AppleWebKit/537.36 (KHTML, like Gecko; compatible; GPTBot/1.2; +https://openai.com/gptbot)"
20.171.207.193 - - [26/Apr/2025:11:47:46 -0400] "GET /wp-json/wp/v2/posts/741 HTTP/1.1" 200 16441 "-" "Mozilla/5.0 AppleWebKit/537.36 (KHTML, like Gecko; compatible; GPTBot/1.2; +https://openai.com/gptbot)"
20.171.207.193 - - [26/Apr/2025:11:47:48 -0400] "GET /wp-json/wp/v2/posts/14375 HTTP/1.1" 200 6296 "-" "Mozilla/5.0 AppleWebKit/537.36 (KHTML, like Gecko; compatible; GPTBot/1.2; +https://openai.com/gptbot)"
20.171.207.193 - - [26/Apr/2025:11:47:50 -0400] "GET /2024/10/18/online-gambling-sites-australia/ HTTP/1.1" 200 20331 "-" "Mozilla/5.0 AppleWebKit/537.36 (KHTML, like Gecko; compatible; GPTBot/1.2; +https://openai.com/gptbot)"
66.29.132.124 - - [26/Apr/2025:11:47:53 -0400] "POST /wp-cron.php?doing_wp_cron=1745682473.5306699275970458984375 HTTP/1.1" 200 0 "-" "WordPress/6.8; https://kamrancomputer.com"
20.171.207.193 - - [26/Apr/2025:11:47:52 -0400] "GET /2024/10/18/pa-casino-online/mobile_gaming_trends.jpg HTTP/1.1" 404 18497 "-" "Mozilla/5.0 AppleWebKit/537.36 (KHTML, like Gecko; compatible; GPTBot/1.2; +https://openai.com/gptbot)"
20.171.207.193 - - [26/Apr/2025:11:47:54 -0400] "GET /wp-json/elementskit/v1/ HTTP/1.1" 404 114 "-" "Mozilla/5.0 AppleWebKit/537.36 (KHTML, like Gecko; compatible; GPTBot/1.2; +https://openai.com/gptbot)"
20.171.207.193 - - [26/Apr/2025:11:47:56 -0400] "GET /2024/10/18/pa-casino-online/online_casino_market_growth.jpg HTTP/1.1" 404 18497 "-" "Mozilla/5.0 AppleWebKit/537.36 (KHTML, like Gecko; compatible; GPTBot/1.2; +https://openai.com/gptbot)"
20.171.207.193 - - [26/Apr/2025:11:47:57 -0400] "GET /wp-json/oembed/1.0/embed?url=https%3A%2F%2Fkamrancomputer.com%2F2024%2F10%2F18%2Fpa-casino-online%2F HTTP/1.1" 200 2134 "-" "Mozilla/5.0 AppleWebKit/537.36 (KHTML, like Gecko; compatible; GPTBot/1.2; +https://openai.com/gptbot)"
20.171.207.193 - - [26/Apr/2025:11:48:00 -0400] "GET /2024/10/14/tipico-casino-bonus/ HTTP/1.1" 200 20197 "-" "Mozilla/5.0 AppleWebKit/537.36 (KHTML, like Gecko; compatible; GPTBot/1.2; +https://openai.com/gptbot)"
20.171.207.193 - - [26/Apr/2025:11:48:02 -0400] "GET /wp-json/oembed/1.0/embed?format=xml&url=https%3A%2F%2Fkamrancomputer.com%2F2024%2F10%2F18%2Fpa-casino-online%2F HTTP/1.1" 200 1029 "-" "Mozilla/5.0 AppleWebKit/537.36 (KHTML, like Gecko; compatible; GPTBot/1.2; +https://openai.com/gptbot)"
20.171.207.193 - - [26/Apr/2025:11:48:04 -0400] "GET /2024/10/14/pokerdom-casino/ HTTP/1.1" 200 22210 "-" "Mozilla/5.0 AppleWebKit/537.36 (KHTML, like Gecko; compatible; GPTBot/1.2; +https://openai.com/gptbot)"
20.171.207.193 - - [26/Apr/2025:11:48:07 -0400] "GET /2024/10/18/online-gambling-sites-australia/images/advertising-impact.png HTTP/1.1" 404 18497 "-" "Mozilla/5.0 AppleWebKit/537.36 (KHTML, like Gecko; compatible; GPTBot/1.2; +https://openai.com/gptbot)"
20.171.207.193 - - [26/Apr/2025:11:48:11 -0400] "GET /2024/10/18/online-gambling-sites-australia/images/user-demographics.png HTTP/1.1" 404 18497 "-" "Mozilla/5.0 AppleWebKit/537.36 (KHTML, like Gecko; compatible; GPTBot/1.2; +https://openai.com/gptbot)"
20.171.207.193 - - [26/Apr/2025:11:48:15 -0400] "GET /2024/10/18/online-gambling-sites-australia/images/responsible-gambling.png HTTP/1.1" 404 18497 "-" "Mozilla/5.0 AppleWebKit/537.36 (KHTML, like Gecko; compatible; GPTBot/1.2; +https://openai.com/gptbot)"
20.171.207.193 - - [26/Apr/2025:11:48:18 -0400] "GET /2024/10/18/online-gambling-sites-australia/images/online-gambling-growth.png HTTP/1.1" 404 18497 "-" "Mozilla/5.0 AppleWebKit/537.36 (KHTML, like Gecko; compatible; GPTBot/1.2; +https://openai.com/gptbot)"
20.171.207.193 - - [26/Apr/2025:11:48:22 -0400] "GET /wp-json/oembed/1.0/embed?url=https%3A%2F%2Fkamrancomputer.com%2F2024%2F10%2F18%2Fonline-gambling-sites-australia%2F HTTP/1.1" 200 2209 "-" "Mozilla/5.0 AppleWebKit/537.36 (KHTML, like Gecko; compatible; GPTBot/1.2; +https://openai.com/gptbot)"
66.29.132.124 - - [26/Apr/2025:11:48:28 -0400] "POST /wp-cron.php?doing_wp_cron=1745682508.3112890720367431640625 HTTP/1.1" 200 0 "-" "WordPress/6.8; https://kamrancomputer.com"
20.171.207.193 - - [26/Apr/2025:11:48:26 -0400] "GET /wp-json/oembed/1.0/embed?format=xml&url=https%3A%2F%2Fkamrancomputer.com%2F2024%2F10%2F18%2Fonline-gambling-sites-australia%2F HTTP/1.1" 200 1041 "-" "Mozilla/5.0 AppleWebKit/537.36 (KHTML, like Gecko; compatible; GPTBot/1.2; +https://openai.com/gptbot)"
66.29.132.124 - - [26/Apr/2025:11:48:30 -0400] "POST /wp-admin/admin-ajax.php?action=async_litespeed&nonce=vnlUblTDcUYDkdXrRT9lHQYQ6u1dtMux&litespeed_type=imgoptm HTTP/1.1" 200 0 "-" "WordPress/6.8; https://kamrancomputer.com"
20.171.207.193 - - [26/Apr/2025:11:48:31 -0400] "GET /wp-json/oembed/1.0/embed?format=xml&url=https%3A%2F%2Fkamrancomputer.com%2F2024%2F10%2F14%2Ftipico-casino-bonus%2F HTTP/1.1" 200 1034 "-" "Mozilla/5.0 AppleWebKit/537.36 (KHTML, like Gecko; compatible; GPTBot/1.2; +https://openai.com/gptbot)"
20.171.207.193 - - [26/Apr/2025:11:48:34 -0400] "GET /wp-json/oembed/1.0/embed?url=https%3A%2F%2Fkamrancomputer.com%2F2024%2F10%2F14%2Ftipico-casino-bonus%2F HTTP/1.1" 200 2149 "-" "Mozilla/5.0 AppleWebKit/537.36 (KHTML, like Gecko; compatible; GPTBot/1.2; +https://openai.com/gptbot)"
20.171.207.193 - - [26/Apr/2025:11:48:37 -0400] "GET /2024/10/18/pa-casino-online/embed/ HTTP/1.1" 200 22803 "-" "Mozilla/5.0 AppleWebKit/537.36 (KHTML, like Gecko; compatible; GPTBot/1.2; +https://openai.com/gptbot)"
20.171.207.193 - - [26/Apr/2025:11:48:41 -0400] "GET /wp-json/oembed/1.0/embed?url=https%3A%2F%2Fkamrancomputer.com%2F2024%2F10%2F14%2Fpokerdom-casino%2F HTTP/1.1" 200 2129 "-" "Mozilla/5.0 AppleWebKit/537.36 (KHTML, like Gecko; compatible; GPTBot/1.2; +https://openai.com/gptbot)"
20.171.207.193 - - [26/Apr/2025:11:48:44 -0400] "GET /wp-json/oembed/1.0/embed?format=xml&url=https%3A%2F%2Fkamrancomputer.com%2F2024%2F10%2F14%2Fpokerdom-casino%2F HTTP/1.1" 200 1028 "-" "Mozilla/5.0 AppleWebKit/537.36 (KHTML, like Gecko; compatible; GPTBot/1.2; +https://openai.com/gptbot)"
20.171.207.193 - - [26/Apr/2025:11:48:47 -0400] "GET /2024/10/18/online-gambling-sites-australia/embed/ HTTP/1.1" 200 22762 "-" "Mozilla/5.0 AppleWebKit/537.36 (KHTML, like Gecko; compatible; GPTBot/1.2; +https://openai.com/gptbot)"
20.171.207.193 - - [26/Apr/2025:11:48:50 -0400] "GET /2024/10/14/tipico-casino-bonus/embed/ HTTP/1.1" 200 23038 "-" "Mozilla/5.0 AppleWebKit/537.36 (KHTML, like Gecko; compatible; GPTBot/1.2; +https://openai.com/gptbot)"
20.171.207.193 - - [26/Apr/2025:11:48:53 -0400] "GET /wp-json/elementskit/v1/ HTTP/1.1" 404 114 "-" "Mozilla/5.0 AppleWebKit/537.36 (KHTML, like Gecko; compatible; GPTBot/1.2; +https://openai.com/gptbot)"
66.29.132.124 - - [26/Apr/2025:11:48:57 -0400] "POST /wp-cron.php?doing_wp_cron=1745682537.6832509040832519531250 HTTP/1.1" 200 0 "-" "WordPress/6.8; https://kamrancomputer.com"
20.171.207.193 - - [26/Apr/2025:11:48:56 -0400] "GET /wp-json/wp/v2/posts/22353 HTTP/1.1" 200 5931 "-" "Mozilla/5.0 AppleWebKit/537.36 (KHTML, like Gecko; compatible; GPTBot/1.2; +https://openai.com/gptbot)"
20.171.207.193 - - [26/Apr/2025:11:49:00 -0400] "GET /?p=22353 HTTP/1.1" 301 0 "-" "Mozilla/5.0 AppleWebKit/537.36 (KHTML, like Gecko; compatible; GPTBot/1.2; +https://openai.com/gptbot)"
20.171.207.193 - - [26/Apr/2025:11:49:03 -0400] "GET /?p=2088 HTTP/1.1" 301 0 "-" "Mozilla/5.0 AppleWebKit/537.36 (KHTML, like Gecko; compatible; GPTBot/1.2; +https://openai.com/gptbot)"
20.171.207.193 - - [26/Apr/2025:11:49:06 -0400] "GET /wp-json/wp/v2/posts/2088 HTTP/1.1" 200 6295 "-" "Mozilla/5.0 AppleWebKit/537.36 (KHTML, like Gecko; compatible; GPTBot/1.2; +https://openai.com/gptbot)"
20.171.207.193 - - [26/Apr/2025:11:49:08 -0400] "GET /2024/10/14/pokerdom-casino/embed/ HTTP/1.1" 200 22913 "-" "Mozilla/5.0 AppleWebKit/537.36 (KHTML, like Gecko; compatible; GPTBot/1.2; +https://openai.com/gptbot)"
20.171.207.193 - - [26/Apr/2025:11:49:11 -0400] "GET /?p=3358 HTTP/1.1" 301 0 "-" "Mozilla/5.0 AppleWebKit/537.36 (KHTML, like Gecko; compatible; GPTBot/1.2; +https://openai.com/gptbot)"
20.171.207.193 - - [26/Apr/2025:11:49:13 -0400] "GET /wp-json/wp/v2/posts/3358 HTTP/1.1" 200 6167 "-" "Mozilla/5.0 AppleWebKit/537.36 (KHTML, like Gecko; compatible; GPTBot/1.2; +https://openai.com/gptbot)"
20.171.207.193 - - [26/Apr/2025:11:49:15 -0400] "GET /2024/10/19/casino-royale-online-gambling/ HTTP/1.1" 200 20286 "-" "Mozilla/5.0 AppleWebKit/537.36 (KHTML, like Gecko; compatible; GPTBot/1.2; +https://openai.com/gptbot)"
20.171.207.193 - - [26/Apr/2025:11:49:17 -0400] "GET /2024/10/14/online-casino-bonus/ HTTP/1.1" 200 20416 "-" "Mozilla/5.0 AppleWebKit/537.36 (KHTML, like Gecko; compatible; GPTBot/1.2; +https://openai.com/gptbot)"
20.171.207.193 - - [26/Apr/2025:11:49:18 -0400] "GET /wp-json/elementskit/v1/ HTTP/1.1" 404 114 "-" "Mozilla/5.0 AppleWebKit/537.36 (KHTML, like Gecko; compatible; GPTBot/1.2; +https://openai.com/gptbot)"
20.171.207.193 - - [26/Apr/2025:11:49:20 -0400] "GET /2024/10/14/real-money-online-casino-colorado/ HTTP/1.1" 200 20507 "-" "Mozilla/5.0 AppleWebKit/537.36 (KHTML, like Gecko; compatible; GPTBot/1.2; +https://openai.com/gptbot)"
20.171.207.193 - - [26/Apr/2025:11:49:22 -0400] "GET /2024/10/19/casino-royale-online-gambling/casino-royale-gambling.jpg HTTP/1.1" 404 18497 "-" "Mozilla/5.0 AppleWebKit/537.36 (KHTML, like Gecko; compatible; GPTBot/1.2; +https://openai.com/gptbot)"
20.171.207.193 - - [26/Apr/2025:11:49:23 -0400] "GET /wp-json/oembed/1.0/embed?url=https%3A%2F%2Fkamrancomputer.com%2F2024%2F10%2F19%2Fcasino-royale-online-gambling%2F HTTP/1.1" 200 2199 "-" "Mozilla/5.0 AppleWebKit/537.36 (KHTML, like Gecko; compatible; GPTBot/1.2; +https://openai.com/gptbot)"
66.29.132.124 - - [26/Apr/2025:11:49:26 -0400] "POST /wp-cron.php?doing_wp_cron=1745682566.3548491001129150390625 HTTP/1.1" 200 0 "-" "WordPress/6.8; https://kamrancomputer.com"
20.171.207.193 - - [26/Apr/2025:11:49:25 -0400] "GET /wp-json/oembed/1.0/embed?format=xml&url=https%3A%2F%2Fkamrancomputer.com%2F2024%2F10%2F19%2Fcasino-royale-online-gambling%2F HTTP/1.1" 200 1042 "-" "Mozilla/5.0 AppleWebKit/537.36 (KHTML, like Gecko; compatible; GPTBot/1.2; +https://openai.com/gptbot)"
66.29.132.124 - - [26/Apr/2025:11:49:27 -0400] "POST /wp-admin/admin-ajax.php?action=async_litespeed&nonce=e1MaYtp1eWFCHUJm7Hr4JTAtWaxeSygv&litespeed_type=imgoptm HTTP/1.1" 200 0 "-" "WordPress/6.8; https://kamrancomputer.com"
20.171.207.193 - - [26/Apr/2025:11:49:27 -0400] "GET /wp-json/oembed/1.0/embed?format=xml&url=https%3A%2F%2Fkamrancomputer.com%2F2024%2F10%2F14%2Fonline-casino-bonus%2F HTTP/1.1" 200 1033 "-" "Mozilla/5.0 AppleWebKit/537.36 (KHTML, like Gecko; compatible; GPTBot/1.2; +https://openai.com/gptbot)"
20.171.207.193 - - [26/Apr/2025:11:49:29 -0400] "GET /2024/10/14/online-casino-bonus/online-casino-bonus.jpg HTTP/1.1" 404 18497 "-" "Mozilla/5.0 AppleWebKit/537.36 (KHTML, like Gecko; compatible; GPTBot/1.2; +https://openai.com/gptbot)"
20.171.207.193 - - [26/Apr/2025:11:49:31 -0400] "GET /wp-json/oembed/1.0/embed?url=https%3A%2F%2Fkamrancomputer.com%2F2024%2F10%2F14%2Fonline-casino-bonus%2F HTTP/1.1" 200 2149 "-" "Mozilla/5.0 AppleWebKit/537.36 (KHTML, like Gecko; compatible; GPTBot/1.2; +https://openai.com/gptbot)"
20.171.207.193 - - [26/Apr/2025:11:49:33 -0400] "GET /wp-json/oembed/1.0/embed?format=xml&url=https%3A%2F%2Fkamrancomputer.com%2F2024%2F10%2F14%2Freal-money-online-casino-colorado%2F HTTP/1.1" 200 1047 "-" "Mozilla/5.0 AppleWebKit/537.36 (KHTML, like Gecko; compatible; GPTBot/1.2; +https://openai.com/gptbot)"
20.171.207.193 - - [26/Apr/2025:11:49:36 -0400] "GET /wp-json/oembed/1.0/embed?url=https%3A%2F%2Fkamrancomputer.com%2F2024%2F10%2F14%2Freal-money-online-casino-colorado%2F HTTP/1.1" 200 2219 "-" "Mozilla/5.0 AppleWebKit/537.36 (KHTML, like Gecko; compatible; GPTBot/1.2; +https://openai.com/gptbot)"
20.171.207.193 - - [26/Apr/2025:11:49:38 -0400] "GET /2024/10/19/casino-royale-online-gambling/embed/ HTTP/1.1" 200 22723 "-" "Mozilla/5.0 AppleWebKit/537.36 (KHTML, like Gecko; compatible; GPTBot/1.2; +https://openai.com/gptbot)"
20.171.207.193 - - [26/Apr/2025:11:49:39 -0400] "GET /2024/10/14/online-casino-bonus/embed/ HTTP/1.1" 200 22742 "-" "Mozilla/5.0 AppleWebKit/537.36 (KHTML, like Gecko; compatible; GPTBot/1.2; +https://openai.com/gptbot)"
20.171.207.193 - - [26/Apr/2025:11:49:42 -0400] "GET /2024/10/14/real-money-online-casino-colorado/embed/ HTTP/1.1" 200 22785 "-" "Mozilla/5.0 AppleWebKit/537.36 (KHTML, like Gecko; compatible; GPTBot/1.2; +https://openai.com/gptbot)"
20.171.207.193 - - [26/Apr/2025:11:49:45 -0400] "GET /wp-json/elementskit/v1/ HTTP/1.1" 404 114 "-" "Mozilla/5.0 AppleWebKit/537.36 (KHTML, like Gecko; compatible; GPTBot/1.2; +https://openai.com/gptbot)"
20.171.207.193 - - [26/Apr/2025:11:49:49 -0400] "GET /wp-json/wp/v2/posts/6067 HTTP/1.1" 200 5476 "-" "Mozilla/5.0 AppleWebKit/537.36 (KHTML, like Gecko; compatible; GPTBot/1.2; +https://openai.com/gptbot)"
66.29.132.124 - - [26/Apr/2025:11:49:53 -0400] "POST /wp-cron.php?doing_wp_cron=1745682593.0506300926208496093750 HTTP/1.1" 200 0 "-" "WordPress/6.8; https://kamrancomputer.com"
20.171.207.193 - - [26/Apr/2025:11:49:51 -0400] "GET /?p=6067 HTTP/1.1" 301 0 "-" "Mozilla/5.0 AppleWebKit/537.36 (KHTML, like Gecko; compatible; GPTBot/1.2; +https://openai.com/gptbot)"
20.171.207.193 - - [26/Apr/2025:11:49:55 -0400] "GET /2024/10/14/wow-online-casino/ HTTP/1.1" 200 20171 "-" "Mozilla/5.0 AppleWebKit/537.36 (KHTML, like Gecko; compatible; GPTBot/1.2; +https://openai.com/gptbot)"
20.171.207.193 - - [26/Apr/2025:11:49:58 -0400] "GET /wp-json/oembed/1.0/embed?format=xml&url=https%3A%2F%2Fkamrancomputer.com%2F2024%2F10%2F14%2Fwow-online-casino%2F HTTP/1.1" 200 1026 "-" "Mozilla/5.0 AppleWebKit/537.36 (KHTML, like Gecko; compatible; GPTBot/1.2; +https://openai.com/gptbot)"
20.171.207.193 - - [26/Apr/2025:11:50:02 -0400] "GET /wp-json/oembed/1.0/embed?url=https%3A%2F%2Fkamrancomputer.com%2F2024%2F10%2F14%2Fwow-online-casino%2F HTTP/1.1" 200 2139 "-" "Mozilla/5.0 AppleWebKit/537.36 (KHTML, like Gecko; compatible; GPTBot/1.2; +https://openai.com/gptbot)"
20.171.207.193 - - [26/Apr/2025:11:50:04 -0400] "GET /wp-json/elementskit/v1/ HTTP/1.1" 404 114 "-" "Mozilla/5.0 AppleWebKit/537.36 (KHTML, like Gecko; compatible; GPTBot/1.2; +https://openai.com/gptbot)"
20.171.207.193 - - [26/Apr/2025:11:50:07 -0400] "GET /2024/10/14/wow-online-casino/wow_online_casino.jpg HTTP/1.1" 404 18497 "-" "Mozilla/5.0 AppleWebKit/537.36 (KHTML, like Gecko; compatible; GPTBot/1.2; +https://openai.com/gptbot)"
20.171.207.193 - - [26/Apr/2025:11:50:09 -0400] "GET /2024/10/14/wow-online-casino/embed/ HTTP/1.1" 200 22751 "-" "Mozilla/5.0 AppleWebKit/537.36 (KHTML, like Gecko; compatible; GPTBot/1.2; +https://openai.com/gptbot)"
20.171.207.193 - - [26/Apr/2025:11:50:12 -0400] "GET /wp-json/elementskit/v1/ HTTP/1.1" 404 114 "-" "Mozilla/5.0 AppleWebKit/537.36 (KHTML, like Gecko; compatible; GPTBot/1.2; +https://openai.com/gptbot)"
20.171.207.193 - - [26/Apr/2025:11:50:23 -0400] "GET /wp-json/wp/v2/posts/16007 HTTP/1.1" 200 6495 "-" "Mozilla/5.0 AppleWebKit/537.36 (KHTML, like Gecko; compatible; GPTBot/1.2; +https://openai.com/gptbot)"
66.29.132.124 - - [26/Apr/2025:11:50:26 -0400] "POST /wp-cron.php?doing_wp_cron=1745682626.9010798931121826171875 HTTP/1.1" 200 0 "-" "WordPress/6.8; https://kamrancomputer.com"
20.171.207.193 - - [26/Apr/2025:11:50:25 -0400] "GET /?p=16007 HTTP/1.1" 301 0 "-" "Mozilla/5.0 AppleWebKit/537.36 (KHTML, like Gecko; compatible; GPTBot/1.2; +https://openai.com/gptbot)"
66.29.132.124 - - [26/Apr/2025:11:50:27 -0400] "POST /wp-admin/admin-ajax.php?action=async_litespeed&nonce=hsIMe5SvFYtMnXUDfaZVe17eMVXllCQu&litespeed_type=imgoptm HTTP/1.1" 200 0 "-" "WordPress/6.8; https://kamrancomputer.com"
20.171.207.193 - - [26/Apr/2025:11:50:27 -0400] "GET /2024/10/18/rsweeps-online-casino-777/ HTTP/1.1" 200 20458 "-" "Mozilla/5.0 AppleWebKit/537.36 (KHTML, like Gecko; compatible; GPTBot/1.2; +https://openai.com/gptbot)"
20.171.207.193 - - [26/Apr/2025:11:50:29 -0400] "GET /2024/10/18/rsweeps-online-casino-777/path/to/images/game-selection.png HTTP/1.1" 404 18497 "-" "Mozilla/5.0 AppleWebKit/537.36 (KHTML, like Gecko; compatible; GPTBot/1.2; +https://openai.com/gptbot)"
20.171.207.193 - - [26/Apr/2025:11:50:31 -0400] "GET /wp-json/wp/v2/posts/22479 HTTP/1.1" 200 16828 "-" "Mozilla/5.0 AppleWebKit/537.36 (KHTML, like Gecko; compatible; GPTBot/1.2; +https://openai.com/gptbot)"
20.171.207.193 - - [26/Apr/2025:11:50:32 -0400] "GET /2024/10/18/rsweeps-online-casino-777/path/to/images/player-security.png HTTP/1.1" 404 18497 "-" "Mozilla/5.0 AppleWebKit/537.36 (KHTML, like Gecko; compatible; GPTBot/1.2; +https://openai.com/gptbot)"
20.171.207.193 - - [26/Apr/2025:11:50:34 -0400] "GET /?p=22479 HTTP/1.1" 301 0 "-" "Mozilla/5.0 AppleWebKit/537.36 (KHTML, like Gecko; compatible; GPTBot/1.2; +https://openai.com/gptbot)"
20.171.207.193 - - [26/Apr/2025:11:50:35 -0400] "GET /2024/10/18/rsweeps-online-casino-777/path/to/images/promotions.png HTTP/1.1" 404 18497 "-" "Mozilla/5.0 AppleWebKit/537.36 (KHTML, like Gecko; compatible; GPTBot/1.2; +https://openai.com/gptbot)"
20.171.207.193 - - [26/Apr/2025:11:50:37 -0400] "GET /wp-json/elementskit/v1/ HTTP/1.1" 404 114 "-" "Mozilla/5.0 AppleWebKit/537.36 (KHTML, like Gecko; compatible; GPTBot/1.2; +https://openai.com/gptbot)"
20.171.207.193 - - [26/Apr/2025:11:50:38 -0400] "GET /2024/10/18/rsweeps-online-casino-777/path/to/images/user-interface.png HTTP/1.1" 404 18497 "-" "Mozilla/5.0 AppleWebKit/537.36 (KHTML, like Gecko; compatible; GPTBot/1.2; +https://openai.com/gptbot)"
20.171.207.193 - - [26/Apr/2025:11:50:40 -0400] "GET /2024/10/18/rsweeps-online-casino-777/path/to/images/payment-options.png HTTP/1.1" 404 18497 "-" "Mozilla/5.0 AppleWebKit/537.36 (KHTML, like Gecko; compatible; GPTBot/1.2; +https://openai.com/gptbot)"
20.171.207.193 - - [26/Apr/2025:11:50:41 -0400] "GET /wp-json/oembed/1.0/embed?url=https%3A%2F%2Fkamrancomputer.com%2F2024%2F10%2F18%2Frsweeps-online-casino-777%2F HTTP/1.1" 200 2179 "-" "Mozilla/5.0 AppleWebKit/537.36 (KHTML, like Gecko; compatible; GPTBot/1.2; +https://openai.com/gptbot)"
20.171.207.193 - - [26/Apr/2025:11:50:42 -0400] "GET /wp-json/oembed/1.0/embed?format=xml&url=https%3A%2F%2Fkamrancomputer.com%2F2024%2F10%2F18%2Frsweeps-online-casino-777%2F HTTP/1.1" 200 1035 "-" "Mozilla/5.0 AppleWebKit/537.36 (KHTML, like Gecko; compatible; GPTBot/1.2; +https://openai.com/gptbot)"
20.171.207.193 - - [26/Apr/2025:11:50:43 -0400] "GET /2024/10/19/kazino-igry/ HTTP/1.1" 200 22202 "-" "Mozilla/5.0 AppleWebKit/537.36 (KHTML, like Gecko; compatible; GPTBot/1.2; +https://openai.com/gptbot)"
20.171.207.193 - - [26/Apr/2025:11:50:45 -0400] "GET /2024/10/18/rsweeps-online-casino-777/embed/ HTTP/1.1" 200 22760 "-" "Mozilla/5.0 AppleWebKit/537.36 (KHTML, like Gecko; compatible; GPTBot/1.2; +https://openai.com/gptbot)"
20.171.207.193 - - [26/Apr/2025:11:50:47 -0400] "GET /wp-json/oembed/1.0/embed?url=https%3A%2F%2Fkamrancomputer.com%2F2024%2F10%2F19%2Fkazino-igry%2F HTTP/1.1" 200 2289 "-" "Mozilla/5.0 AppleWebKit/537.36 (KHTML, like Gecko; compatible; GPTBot/1.2; +https://openai.com/gptbot)"
20.171.207.193 - - [26/Apr/2025:11:50:48 -0400] "GET /wp-json/elementskit/v1/ HTTP/1.1" 404 114 "-" "Mozilla/5.0 AppleWebKit/537.36 (KHTML, like Gecko; compatible; GPTBot/1.2; +https://openai.com/gptbot)"
20.171.207.193 - - [26/Apr/2025:11:50:49 -0400] "GET /wp-json/oembed/1.0/embed?format=xml&url=https%3A%2F%2Fkamrancomputer.com%2F2024%2F10%2F19%2Fkazino-igry%2F HTTP/1.1" 200 1060 "-" "Mozilla/5.0 AppleWebKit/537.36 (KHTML, like Gecko; compatible; GPTBot/1.2; +https://openai.com/gptbot)"
66.29.132.124 - - [26/Apr/2025:11:50:52 -0400] "POST /wp-cron.php?doing_wp_cron=1745682652.5049290657043457031250 HTTP/1.1" 200 0 "-" "WordPress/6.8; https://kamrancomputer.com"
20.171.207.193 - - [26/Apr/2025:11:50:51 -0400] "GET /?p=7571 HTTP/1.1" 301 0 "-" "Mozilla/5.0 AppleWebKit/537.36 (KHTML, like Gecko; compatible; GPTBot/1.2; +https://openai.com/gptbot)"
20.171.207.193 - - [26/Apr/2025:11:50:53 -0400] "GET /wp-json/wp/v2/posts/7571 HTTP/1.1" 200 4919 "-" "Mozilla/5.0 AppleWebKit/537.36 (KHTML, like Gecko; compatible; GPTBot/1.2; +https://openai.com/gptbot)"
20.171.207.193 - - [26/Apr/2025:11:50:55 -0400] "GET /2024/10/19/kazino-igry/embed/ HTTP/1.1" 200 22946 "-" "Mozilla/5.0 AppleWebKit/537.36 (KHTML, like Gecko; compatible; GPTBot/1.2; +https://openai.com/gptbot)"
20.171.207.193 - - [26/Apr/2025:11:50:57 -0400] "GET /2024/10/18/bingo-casino/ HTTP/1.1" 200 20104 "-" "Mozilla/5.0 AppleWebKit/537.36 (KHTML, like Gecko; compatible; GPTBot/1.2; +https://openai.com/gptbot)"
20.171.207.193 - - [26/Apr/2025:11:51:08 -0400] "GET /2024/10/18/bingo-casino/bingo-casino.jpg HTTP/1.1" 404 18497 "-" "Mozilla/5.0 AppleWebKit/537.36 (KHTML, like Gecko; compatible; GPTBot/1.2; +https://openai.com/gptbot)"
66.29.132.124 - - [26/Apr/2025:11:51:12 -0400] "POST /wp-cron.php?doing_wp_cron=1745682672.5425748825073242187500 HTTP/1.1" 200 0 "-" "WordPress/6.8; https://kamrancomputer.com"
20.171.207.193 - - [26/Apr/2025:11:51:11 -0400] "GET /wp-json/oembed/1.0/embed?url=https%3A%2F%2Fkamrancomputer.com%2F2024%2F10%2F18%2Fbingo-casino%2F HTTP/1.1" 200 2114 "-" "Mozilla/5.0 AppleWebKit/537.36 (KHTML, like Gecko; compatible; GPTBot/1.2; +https://openai.com/gptbot)"
20.171.207.193 - - [26/Apr/2025:11:51:14 -0400] "GET /wp-json/oembed/1.0/embed?format=xml&url=https%3A%2F%2Fkamrancomputer.com%2F2024%2F10%2F18%2Fbingo-casino%2F HTTP/1.1" 200 1026 "-" "Mozilla/5.0 AppleWebKit/537.36 (KHTML, like Gecko; compatible; GPTBot/1.2; +https://openai.com/gptbot)"
20.171.207.193 - - [26/Apr/2025:11:51:17 -0400] "GET /2024/10/18/bingo-casino/embed/ HTTP/1.1" 200 22768 "-" "Mozilla/5.0 AppleWebKit/537.36 (KHTML, like Gecko; compatible; GPTBot/1.2; +https://openai.com/gptbot)"
20.171.207.193 - - [26/Apr/2025:11:51:20 -0400] "GET /wp-json/elementskit/v1/ HTTP/1.1" 404 114 "-" "Mozilla/5.0 AppleWebKit/537.36 (KHTML, like Gecko; compatible; GPTBot/1.2; +https://openai.com/gptbot)"
66.29.132.124 - - [26/Apr/2025:11:51:41 -0400] "POST /wp-cron.php?doing_wp_cron=1745682701.1337668895721435546875 HTTP/1.1" 200 0 "-" "WordPress/6.8; https://kamrancomputer.com"
57.141.4.13 - - [26/Apr/2025:11:51:39 -0400] "GET /?p=15930 HTTP/1.1" 301 0 "-" "meta-externalagent/1.1 (+https://developers.facebook.com/docs/sharing/webmasters/crawler)"
66.29.132.124 - - [26/Apr/2025:11:51:43 -0400] "POST /wp-admin/admin-ajax.php?action=async_litespeed&nonce=Eoqq4NQiVY1BLWsLN5QbZ4IrPVgemEVv&litespeed_type=imgoptm HTTP/1.1" 200 0 "-" "WordPress/6.8; https://kamrancomputer.com"
66.29.132.124 - - [26/Apr/2025:11:51:45 -0400] "POST /wp-admin/admin-ajax.php?action=as_async_request_queue_runner&nonce=81db4888c6 HTTP/1.1" 200 0 "-" "WordPress/6.8; https://kamrancomputer.com"
66.29.132.124 - - [26/Apr/2025:11:52:57 -0400] "POST /wp-cron.php?doing_wp_cron=1745682777.2628400325775146484375 HTTP/1.1" 200 0 "-" "WordPress/6.8; https://kamrancomputer.com"
20.171.207.193 - - [26/Apr/2025:11:52:56 -0400] "GET /wp-json/wp/v2/posts/17833 HTTP/1.1" 200 5654 "-" "Mozilla/5.0 AppleWebKit/537.36 (KHTML, like Gecko; compatible; GPTBot/1.2; +https://openai.com/gptbot)"
66.29.132.124 - - [26/Apr/2025:11:52:59 -0400] "POST /wp-admin/admin-ajax.php?action=async_litespeed&nonce=kuGW6PS4hqFSZSVbkmBRhfVRa16kYiG5&litespeed_type=imgoptm HTTP/1.1" 200 0 "-" "WordPress/6.8; https://kamrancomputer.com"
20.171.207.193 - - [26/Apr/2025:11:52:59 -0400] "GET /?p=17833 HTTP/1.1" 301 0 "-" "Mozilla/5.0 AppleWebKit/537.36 (KHTML, like Gecko; compatible; GPTBot/1.2; +https://openai.com/gptbot)"
20.171.207.193 - - [26/Apr/2025:11:53:01 -0400] "GET /2024/10/19/online-casino-mit-hoher-gewinnchance/ HTTP/1.1" 200 20212 "-" "Mozilla/5.0 AppleWebKit/537.36 (KHTML, like Gecko; compatible; GPTBot/1.2; +https://openai.com/gptbot)"
20.171.207.193 - - [26/Apr/2025:11:53:03 -0400] "GET /wp-json/elementskit/v1/ HTTP/1.1" 404 114 "-" "Mozilla/5.0 AppleWebKit/537.36 (KHTML, like Gecko; compatible; GPTBot/1.2; +https://openai.com/gptbot)"
20.171.207.193 - - [26/Apr/2025:11:53:06 -0400] "GET /wp-json/oembed/1.0/embed?url=https%3A%2F%2Fkamrancomputer.com%2F2024%2F10%2F19%2Fonline-casino-mit-hoher-gewinnchance%2F HTTP/1.1" 200 2234 "-" "Mozilla/5.0 AppleWebKit/537.36 (KHTML, like Gecko; compatible; GPTBot/1.2; +https://openai.com/gptbot)"
20.171.207.193 - - [26/Apr/2025:11:53:09 -0400] "GET /wp-json/oembed/1.0/embed?format=xml&url=https%3A%2F%2Fkamrancomputer.com%2F2024%2F10%2F19%2Fonline-casino-mit-hoher-gewinnchance%2F HTTP/1.1" 200 1052 "-" "Mozilla/5.0 AppleWebKit/537.36 (KHTML, like Gecko; compatible; GPTBot/1.2; +https://openai.com/gptbot)"
20.171.207.193 - - [26/Apr/2025:11:53:11 -0400] "GET /2024/10/19/online-casino-mit-hoher-gewinnchance/embed/ HTTP/1.1" 200 22839 "-" "Mozilla/5.0 AppleWebKit/537.36 (KHTML, like Gecko; compatible; GPTBot/1.2; +https://openai.com/gptbot)"
94.23.49.223 - - [26/Apr/2025:11:53:18 -0400] "GET / HTTP/1.1" 200 31207 "http://kamrancomputer.com" "Mozilla/5.0 (Windows NT 10.0; Win64; x64; Xbox; Xbox One) AppleWebKit/537.36 (KHTML, like Gecko) Chrome/103.0.0.0 Safari/537.36 Edge/44.18363.8131"
66.29.132.124 - - [26/Apr/2025:11:53:49 -0400] "POST /wp-cron.php?doing_wp_cron=1745682829.6251471042633056640625 HTTP/1.1" 200 0 "-" "WordPress/6.8; https://kamrancomputer.com"
20.171.207.193 - - [26/Apr/2025:11:53:48 -0400] "GET /wp-json/oembed/1.0/embed?url=https%3A%2F%2Fkamrancomputer.com%2F2024%2F10%2F18%2Fpin-up-rabochee-zerkalo%2F HTTP/1.1" 200 2418 "-" "Mozilla/5.0 AppleWebKit/537.36 (KHTML, like Gecko; compatible; GPTBot/1.2; +https://openai.com/gptbot)"
66.29.132.124 - - [26/Apr/2025:11:53:50 -0400] "POST /wp-admin/admin-ajax.php?action=async_litespeed&nonce=BPqPO28F3EhTOVn3DQpAE9bY3N1Oa6It&litespeed_type=imgoptm HTTP/1.1" 200 0 "-" "WordPress/6.8; https://kamrancomputer.com"
20.171.207.193 - - [26/Apr/2025:11:53:50 -0400] "GET /wp-json/wp/v2/posts/15684 HTTP/1.1" 200 18029 "-" "Mozilla/5.0 AppleWebKit/537.36 (KHTML, like Gecko; compatible; GPTBot/1.2; +https://openai.com/gptbot)"
20.171.207.193 - - [26/Apr/2025:11:53:53 -0400] "GET /wp-json/elementskit/v1/ HTTP/1.1" 404 114 "-" "Mozilla/5.0 AppleWebKit/537.36 (KHTML, like Gecko; compatible; GPTBot/1.2; +https://openai.com/gptbot)"
66.29.132.124 - - [26/Apr/2025:11:53:58 -0400] "POST /wp-cron.php?doing_wp_cron=1745682837.7555899620056152343750 HTTP/1.1" 200 0 "-" "WordPress/6.8; https://kamrancomputer.com"
20.171.207.193 - - [26/Apr/2025:11:53:56 -0400] "GET /?p=15684 HTTP/1.1" 301 0 "-" "Mozilla/5.0 AppleWebKit/537.36 (KHTML, like Gecko; compatible; GPTBot/1.2; +https://openai.com/gptbot)"
20.171.207.193 - - [26/Apr/2025:11:53:59 -0400] "GET /2024/10/18/pin-up-rabochee-zerkalo/ HTTP/1.1" 200 22355 "-" "Mozilla/5.0 AppleWebKit/537.36 (KHTML, like Gecko; compatible; GPTBot/1.2; +https://openai.com/gptbot)"
20.171.207.193 - - [26/Apr/2025:11:54:02 -0400] "GET /wp-json/wp/v2/posts/19991 HTTP/1.1" 200 15884 "-" "Mozilla/5.0 AppleWebKit/537.36 (KHTML, like Gecko; compatible; GPTBot/1.2; +https://openai.com/gptbot)"
20.171.207.193 - - [26/Apr/2025:11:54:06 -0400] "GET /?p=19991 HTTP/1.1" 301 0 "-" "Mozilla/5.0 AppleWebKit/537.36 (KHTML, like Gecko; compatible; GPTBot/1.2; +https://openai.com/gptbot)"
20.171.207.193 - - [26/Apr/2025:11:54:09 -0400] "GET /wp-json/elementskit/v1/ HTTP/1.1" 404 114 "-" "Mozilla/5.0 AppleWebKit/537.36 (KHTML, like Gecko; compatible; GPTBot/1.2; +https://openai.com/gptbot)"
20.171.207.193 - - [26/Apr/2025:11:54:13 -0400] "GET /wp-json/oembed/1.0/embed?format=xml&url=https%3A%2F%2Fkamrancomputer.com%2F2024%2F10%2F18%2Fpin-up-rabochee-zerkalo%2F HTTP/1.1" 200 1082 "-" "Mozilla/5.0 AppleWebKit/537.36 (KHTML, like Gecko; compatible; GPTBot/1.2; +https://openai.com/gptbot)"
20.171.207.193 - - [26/Apr/2025:11:54:17 -0400] "GET /wp-json/wp/v2/posts/2390 HTTP/1.1" 200 6524 "-" "Mozilla/5.0 AppleWebKit/537.36 (KHTML, like Gecko; compatible; GPTBot/1.2; +https://openai.com/gptbot)"
20.171.207.193 - - [26/Apr/2025:11:54:21 -0400] "GET /?p=2390 HTTP/1.1" 301 0 "-" "Mozilla/5.0 AppleWebKit/537.36 (KHTML, like Gecko; compatible; GPTBot/1.2; +https://openai.com/gptbot)"
20.171.207.193 - - [26/Apr/2025:11:54:24 -0400] "GET /2024/10/19/maksbet-kazino/ HTTP/1.1" 200 21799 "-" "Mozilla/5.0 AppleWebKit/537.36 (KHTML, like Gecko; compatible; GPTBot/1.2; +https://openai.com/gptbot)"
66.29.132.124 - - [26/Apr/2025:11:54:28 -0400] "POST /wp-cron.php?doing_wp_cron=1745682868.1783130168914794921875 HTTP/1.1" 200 0 "-" "WordPress/6.8; https://kamrancomputer.com"
20.171.207.193 - - [26/Apr/2025:11:54:27 -0400] "GET /2024/10/18/pin-up-rabochee-zerkalo/embed/ HTTP/1.1" 200 23016 "-" "Mozilla/5.0 AppleWebKit/537.36 (KHTML, like Gecko; compatible; GPTBot/1.2; +https://openai.com/gptbot)"
66.29.132.124 - - [26/Apr/2025:11:54:29 -0400] "POST /wp-admin/admin-ajax.php?action=async_litespeed&nonce=WmakeuF5jzMRVPutoVG34M2LTBqDeZlP&litespeed_type=imgoptm HTTP/1.1" 200 0 "-" "WordPress/6.8; https://kamrancomputer.com"
20.171.207.193 - - [26/Apr/2025:11:54:30 -0400] "GET /2024/10/14/anonymous-online-casino/ HTTP/1.1" 200 20552 "-" "Mozilla/5.0 AppleWebKit/537.36 (KHTML, like Gecko; compatible; GPTBot/1.2; +https://openai.com/gptbot)"
20.171.207.193 - - [26/Apr/2025:11:54:33 -0400] "GET /wp-json/elementskit/v1/ HTTP/1.1" 404 114 "-" "Mozilla/5.0 AppleWebKit/537.36 (KHTML, like Gecko; compatible; GPTBot/1.2; +https://openai.com/gptbot)"
20.171.207.193 - - [26/Apr/2025:11:54:35 -0400] "GET /wp-json/oembed/1.0/embed?url=https%3A%2F%2Fkamrancomputer.com%2F2024%2F10%2F19%2Fmaksbet-kazino%2F HTTP/1.1" 200 2358 "-" "Mozilla/5.0 AppleWebKit/537.36 (KHTML, like Gecko; compatible; GPTBot/1.2; +https://openai.com/gptbot)"
20.171.207.193 - - [26/Apr/2025:11:54:38 -0400] "GET /wp-json/oembed/1.0/embed?format=xml&url=https%3A%2F%2Fkamrancomputer.com%2F2024%2F10%2F19%2Fmaksbet-kazino%2F HTTP/1.1" 200 1071 "-" "Mozilla/5.0 AppleWebKit/537.36 (KHTML, like Gecko; compatible; GPTBot/1.2; +https://openai.com/gptbot)"
20.171.207.193 - - [26/Apr/2025:11:54:40 -0400] "GET /wp-json/oembed/1.0/embed?format=xml&url=https%3A%2F%2Fkamrancomputer.com%2F2024%2F10%2F14%2Fanonymous-online-casino%2F HTTP/1.1" 200 1031 "-" "Mozilla/5.0 AppleWebKit/537.36 (KHTML, like Gecko; compatible; GPTBot/1.2; +https://openai.com/gptbot)"
20.171.207.193 - - [26/Apr/2025:11:54:43 -0400] "GET /wp-json/oembed/1.0/embed?url=https%3A%2F%2Fkamrancomputer.com%2F2024%2F10%2F14%2Fanonymous-online-casino%2F HTTP/1.1" 200 2169 "-" "Mozilla/5.0 AppleWebKit/537.36 (KHTML, like Gecko; compatible; GPTBot/1.2; +https://openai.com/gptbot)"
20.171.207.193 - - [26/Apr/2025:11:54:45 -0400] "GET /2024/10/19/maksbet-kazino/embed/ HTTP/1.1" 200 22992 "-" "Mozilla/5.0 AppleWebKit/537.36 (KHTML, like Gecko; compatible; GPTBot/1.2; +https://openai.com/gptbot)"
20.171.207.193 - - [26/Apr/2025:11:54:47 -0400] "GET /2024/10/14/anonymous-online-casino/embed/ HTTP/1.1" 200 22814 "-" "Mozilla/5.0 AppleWebKit/537.36 (KHTML, like Gecko; compatible; GPTBot/1.2; +https://openai.com/gptbot)"
20.171.207.193 - - [26/Apr/2025:11:54:50 -0400] "GET /wp-json/elementskit/v1/ HTTP/1.1" 404 114 "-" "Mozilla/5.0 AppleWebKit/537.36 (KHTML, like Gecko; compatible; GPTBot/1.2; +https://openai.com/gptbot)"
66.29.132.124 - - [26/Apr/2025:11:54:54 -0400] "POST /wp-cron.php?doing_wp_cron=1745682894.5075800418853759765625 HTTP/1.1" 200 0 "-" "WordPress/6.8; https://kamrancomputer.com"
20.171.207.193 - - [26/Apr/2025:11:54:52 -0400] "GET /wp-json/wp/v2/posts/18544 HTTP/1.1" 200 5369 "-" "Mozilla/5.0 AppleWebKit/537.36 (KHTML, like Gecko; compatible; GPTBot/1.2; +https://openai.com/gptbot)"
20.171.207.193 - - [26/Apr/2025:11:54:56 -0400] "GET /?p=18544 HTTP/1.1" 301 0 "-" "Mozilla/5.0 AppleWebKit/537.36 (KHTML, like Gecko; compatible; GPTBot/1.2; +https://openai.com/gptbot)"
20.171.207.193 - - [26/Apr/2025:11:55:00 -0400] "GET /?p=8846 HTTP/1.1" 301 0 "-" "Mozilla/5.0 AppleWebKit/537.36 (KHTML, like Gecko; compatible; GPTBot/1.2; +https://openai.com/gptbot)"
20.171.207.193 - - [26/Apr/2025:11:55:04 -0400] "GET /wp-json/wp/v2/posts/8846 HTTP/1.1" 200 6269 "-" "Mozilla/5.0 AppleWebKit/537.36 (KHTML, like Gecko; compatible; GPTBot/1.2; +https://openai.com/gptbot)"
20.171.207.193 - - [26/Apr/2025:11:55:07 -0400] "GET /2024/10/19/online-casino-netbet/ HTTP/1.1" 200 21264 "-" "Mozilla/5.0 AppleWebKit/537.36 (KHTML, like Gecko; compatible; GPTBot/1.2; +https://openai.com/gptbot)"
20.171.207.193 - - [26/Apr/2025:11:55:13 -0400] "GET /2024/10/18/casinos-in-the-united-states/ HTTP/1.1" 200 20468 "-" "Mozilla/5.0 AppleWebKit/537.36 (KHTML, like Gecko; compatible; GPTBot/1.2; +https://openai.com/gptbot)"
20.171.207.193 - - [26/Apr/2025:11:55:20 -0400] "GET /wp-json/elementskit/v1/ HTTP/1.1" 404 114 "-" "Mozilla/5.0 AppleWebKit/537.36 (KHTML, like Gecko; compatible; GPTBot/1.2; +https://openai.com/gptbot)"
66.29.132.124 - - [26/Apr/2025:11:55:29 -0400] "POST /wp-cron.php?doing_wp_cron=1745682928.3158500194549560546875 HTTP/1.1" 200 0 "-" "WordPress/6.8; https://kamrancomputer.com"
20.171.207.193 - - [26/Apr/2025:11:55:26 -0400] "GET /wp-json/oembed/1.0/embed?url=https%3A%2F%2Fkamrancomputer.com%2F2024%2F10%2F19%2Fonline-casino-netbet%2F HTTP/1.1" 200 2154 "-" "Mozilla/5.0 AppleWebKit/537.36 (KHTML, like Gecko; compatible; GPTBot/1.2; +https://openai.com/gptbot)"
20.171.207.193 - - [26/Apr/2025:11:55:31 -0400] "GET /wp-json/oembed/1.0/embed?url=https%3A%2F%2Fkamrancomputer.com%2F2024%2F10%2F19%2Fonline-casino-netbet%2F HTTP/1.1" 200 2154 "-" "Mozilla/5.0 AppleWebKit/537.36 (KHTML, like Gecko; compatible; GPTBot/1.2; +https://openai.com/gptbot)"
66.29.132.124 - - [26/Apr/2025:11:55:31 -0400] "POST /wp-admin/admin-ajax.php?action=async_litespeed&nonce=zgqr9nmzYozrv8MRmROcYpkag8IcsCbW&litespeed_type=imgoptm HTTP/1.1" 200 0 "-" "WordPress/6.8; https://kamrancomputer.com"
57.141.4.3 - - [26/Apr/2025:11:55:34 -0400] "GET /wp-json/oembed/1.0/embed?url=https%3A%2F%2Fkamrancomputer.com%2F2024%2F10%2F18%2Fmir-slotov%2F HTTP/1.1" 200 2266 "-" "meta-externalagent/1.1 (+https://developers.facebook.com/docs/sharing/webmasters/crawler)"
57.141.4.19 - - [26/Apr/2025:11:55:38 -0400] "GET /wp-json/wp/v2/posts/17482 HTTP/1.1" 200 6120 "-" "meta-externalagent/1.1 (+https://developers.facebook.com/docs/sharing/webmasters/crawler)"
20.171.207.193 - - [26/Apr/2025:11:55:38 -0400] "GET /wp-json/oembed/1.0/embed?format=xml&url=https%3A%2F%2Fkamrancomputer.com%2F2024%2F10%2F19%2Fonline-casino-netbet%2F HTTP/1.1" 200 1033 "-" "Mozilla/5.0 AppleWebKit/537.36 (KHTML, like Gecko; compatible; GPTBot/1.2; +https://openai.com/gptbot)"
20.171.207.193 - - [26/Apr/2025:11:55:43 -0400] "GET /wp-json/oembed/1.0/embed?format=xml&url=https%3A%2F%2Fkamrancomputer.com%2F2024%2F10%2F19%2Fonline-casino-netbet%2F HTTP/1.1" 200 1033 "-" "Mozilla/5.0 AppleWebKit/537.36 (KHTML, like Gecko; compatible; GPTBot/1.2; +https://openai.com/gptbot)"
57.141.4.5 - - [26/Apr/2025:11:55:42 -0400] "GET /wp-json/wp/v2/posts/7238 HTTP/1.1" 200 5454 "-" "meta-externalagent/1.1 (+https://developers.facebook.com/docs/sharing/webmasters/crawler)"
20.171.207.193 - - [26/Apr/2025:11:55:48 -0400] "GET /wp-json/oembed/1.0/embed?format=xml&url=https%3A%2F%2Fkamrancomputer.com%2F2024%2F10%2F18%2Fcasinos-in-the-united-states%2F HTTP/1.1" 200 1043 "-" "Mozilla/5.0 AppleWebKit/537.36 (KHTML, like Gecko; compatible; GPTBot/1.2; +https://openai.com/gptbot)"
57.141.4.4 - - [26/Apr/2025:11:55:49 -0400] "GET /wp-json/oembed/1.0/embed?url=https%3A%2F%2Fkamrancomputer.com%2F2024%2F10%2F18%2Fspin-city-casino%2F HTTP/1.1" 200 2134 "-" "meta-externalagent/1.1 (+https://developers.facebook.com/docs/sharing/webmasters/crawler)"
66.29.132.124 - - [26/Apr/2025:11:55:53 -0400] "POST /wp-cron.php?doing_wp_cron=1745682953.4283580780029296875000 HTTP/1.1" 200 0 "-" "WordPress/6.8; https://kamrancomputer.com"
20.171.207.193 - - [26/Apr/2025:11:55:52 -0400] "GET /2024/10/18/casinos-in-the-united-states/casinos-in-us.jpg HTTP/1.1" 404 18499 "-" "Mozilla/5.0 AppleWebKit/537.36 (KHTML, like Gecko; compatible; GPTBot/1.2; +https://openai.com/gptbot)"
20.171.207.193 - - [26/Apr/2025:11:55:56 -0400] "GET /wp-json/oembed/1.0/embed?url=https%3A%2F%2Fkamrancomputer.com%2F2024%2F10%2F18%2Fcasinos-in-the-united-states%2F HTTP/1.1" 200 2194 "-" "Mozilla/5.0 AppleWebKit/537.36 (KHTML, like Gecko; compatible; GPTBot/1.2; +https://openai.com/gptbot)"
20.171.207.193 - - [26/Apr/2025:11:56:00 -0400] "GET /wp-json/wp/v2/posts/870 HTTP/1.1" 200 6189 "-" "Mozilla/5.0 AppleWebKit/537.36 (KHTML, like Gecko; compatible; GPTBot/1.2; +https://openai.com/gptbot)"
20.171.207.193 - - [26/Apr/2025:11:56:04 -0400] "GET /?p=870 HTTP/1.1" 301 0 "-" "Mozilla/5.0 AppleWebKit/537.36 (KHTML, like Gecko; compatible; GPTBot/1.2; +https://openai.com/gptbot)"
20.171.207.193 - - [26/Apr/2025:11:56:07 -0400] "GET /2024/10/19/online-casino-netbet/embed/ HTTP/1.1" 200 23039 "-" "Mozilla/5.0 AppleWebKit/537.36 (KHTML, like Gecko; compatible; GPTBot/1.2; +https://openai.com/gptbot)"
20.171.207.193 - - [26/Apr/2025:11:56:10 -0400] "GET /?p=15970 HTTP/1.1" 301 0 "-" "Mozilla/5.0 AppleWebKit/537.36 (KHTML, like Gecko; compatible; GPTBot/1.2; +https://openai.com/gptbot)"
66.29.132.124 - - [26/Apr/2025:11:56:13 -0400] "POST /wp-cron.php?doing_wp_cron=1745682973.7323560714721679687500 HTTP/1.1" 200 0 "-" "WordPress/6.8; https://kamrancomputer.com"
20.171.207.193 - - [26/Apr/2025:11:56:12 -0400] "GET /2024/10/18/everum-kazino/ HTTP/1.1" 200 21785 "-" "Mozilla/5.0 AppleWebKit/537.36 (KHTML, like Gecko; compatible; GPTBot/1.2; +https://openai.com/gptbot)"
20.171.207.193 - - [26/Apr/2025:11:56:15 -0400] "GET /wp-json/elementskit/v1/ HTTP/1.1" 404 114 "-" "Mozilla/5.0 AppleWebKit/537.36 (KHTML, like Gecko; compatible; GPTBot/1.2; +https://openai.com/gptbot)"
20.171.207.193 - - [26/Apr/2025:11:56:17 -0400] "GET /wp-json/wp/v2/posts/15970 HTTP/1.1" 200 14296 "-" "Mozilla/5.0 AppleWebKit/537.36 (KHTML, like Gecko; compatible; GPTBot/1.2; +https://openai.com/gptbot)"
20.171.207.193 - - [26/Apr/2025:11:56:20 -0400] "GET /2024/10/18/casinos-in-the-united-states/embed/ HTTP/1.1" 200 22828 "-" "Mozilla/5.0 AppleWebKit/537.36 (KHTML, like Gecko; compatible; GPTBot/1.2; +https://openai.com/gptbot)"
20.171.207.193 - - [26/Apr/2025:11:56:22 -0400] "GET /wp-json/oembed/1.0/embed?url=https%3A%2F%2Fkamrancomputer.com%2F2024%2F10%2F18%2Feverum-kazino%2F HTTP/1.1" 200 2335 "-" "Mozilla/5.0 AppleWebKit/537.36 (KHTML, like Gecko; compatible; GPTBot/1.2; +https://openai.com/gptbot)"
20.171.207.193 - - [26/Apr/2025:11:56:23 -0400] "GET /2024/10/14/online-casinos-sites/ HTTP/1.1" 200 20378 "-" "Mozilla/5.0 AppleWebKit/537.36 (KHTML, like Gecko; compatible; GPTBot/1.2; +https://openai.com/gptbot)"
66.29.132.124 - - [26/Apr/2025:11:56:27 -0400] "POST /wp-cron.php?doing_wp_cron=1745682987.1771640777587890625000 HTTP/1.1" 200 0 "-" "WordPress/6.8; https://kamrancomputer.com"
20.171.207.193 - - [26/Apr/2025:11:56:25 -0400] "GET /?p=4505 HTTP/1.1" 301 0 "-" "Mozilla/5.0 AppleWebKit/537.36 (KHTML, like Gecko; compatible; GPTBot/1.2; +https://openai.com/gptbot)"
20.171.207.193 - - [26/Apr/2025:11:56:27 -0400] "GET /wp-json/wp/v2/posts/4505 HTTP/1.1" 200 21133 "-" "Mozilla/5.0 AppleWebKit/537.36 (KHTML, like Gecko; compatible; GPTBot/1.2; +https://openai.com/gptbot)"
66.29.132.124 - - [26/Apr/2025:11:56:28 -0400] "POST /wp-admin/admin-ajax.php?action=async_litespeed&nonce=8huF4JlGbsxsVw7EIAXF6eQyouh96bOU&litespeed_type=imgoptm HTTP/1.1" 200 0 "-" "WordPress/6.8; https://kamrancomputer.com"
20.171.207.193 - - [26/Apr/2025:11:56:29 -0400] "GET /?p=19179 HTTP/1.1" 301 0 "-" "Mozilla/5.0 AppleWebKit/537.36 (KHTML, like Gecko; compatible; GPTBot/1.2; +https://openai.com/gptbot)"
20.171.207.193 - - [26/Apr/2025:11:56:31 -0400] "GET /wp-json/oembed/1.0/embed?format=xml&url=https%3A%2F%2Fkamrancomputer.com%2F2024%2F10%2F18%2Feverum-kazino%2F HTTP/1.1" 200 1073 "-" "Mozilla/5.0 AppleWebKit/537.36 (KHTML, like Gecko; compatible; GPTBot/1.2; +https://openai.com/gptbot)"
57.141.4.14 - - [26/Apr/2025:11:56:32 -0400] "GET /?p=7177 HTTP/1.1" 301 0 "-" "meta-externalagent/1.1 (+https://developers.facebook.com/docs/sharing/webmasters/crawler)"
20.171.207.193 - - [26/Apr/2025:11:56:34 -0400] "GET /wp-json/wp/v2/posts/19179 HTTP/1.1" 200 6398 "-" "Mozilla/5.0 AppleWebKit/537.36 (KHTML, like Gecko; compatible; GPTBot/1.2; +https://openai.com/gptbot)"
20.171.207.193 - - [26/Apr/2025:11:56:36 -0400] "GET /?p=22279 HTTP/1.1" 301 0 "-" "Mozilla/5.0 AppleWebKit/537.36 (KHTML, like Gecko; compatible; GPTBot/1.2; +https://openai.com/gptbot)"
