57.141.4.19 - - [26/Apr/2025:12:45:01 -0400] "GET /?p=7445 HTTP/1.1" 301 0 "-" "meta-externalagent/1.1 (+https://developers.facebook.com/docs/sharing/webmasters/crawler)"
20.171.207.193 - - [26/Apr/2025:12:45:04 -0400] "GET /wp-json/wp/v2/posts/21356 HTTP/1.1" 200 5990 "-" "Mozilla/5.0 AppleWebKit/537.36 (KHTML, like Gecko; compatible; GPTBot/1.2; +https://openai.com/gptbot)"
20.171.207.193 - - [26/Apr/2025:12:45:09 -0400] "GET /?p=21356 HTTP/1.1" 301 0 "-" "Mozilla/5.0 AppleWebKit/537.36 (KHTML, like Gecko; compatible; GPTBot/1.2; +https://openai.com/gptbot)"
20.171.207.193 - - [26/Apr/2025:12:45:13 -0400] "GET /2024/10/18/azino-tri-topora-igrat-onlajn/embed/ HTTP/1.1" 200 23125 "-" "Mozilla/5.0 AppleWebKit/537.36 (KHTML, like Gecko; compatible; GPTBot/1.2; +https://openai.com/gptbot)"
20.171.207.193 - - [26/Apr/2025:12:45:18 -0400] "GET /2024/10/19/online-casino-paypal-5-euro-einzahlung/ HTTP/1.1" 200 20360 "-" "Mozilla/5.0 AppleWebKit/537.36 (KHTML, like Gecko; compatible; GPTBot/1.2; +https://openai.com/gptbot)"
20.171.207.193 - - [26/Apr/2025:12:45:23 -0400] "GET /wp-json/elementskit/v1/ HTTP/1.1" 404 114 "-" "Mozilla/5.0 AppleWebKit/537.36 (KHTML, like Gecko; compatible; GPTBot/1.2; +https://openai.com/gptbot)"
66.29.132.124 - - [26/Apr/2025:12:45:28 -0400] "POST /wp-cron.php?doing_wp_cron=1745685928.6540970802307128906250 HTTP/1.1" 200 0 "-" "WordPress/6.8; https://kamrancomputer.com"
20.171.207.193 - - [26/Apr/2025:12:45:27 -0400] "GET /wp-json/oembed/1.0/embed?format=xml&url=https%3A%2F%2Fkamrancomputer.com%2F2024%2F10%2F19%2Fonline-casino-paypal-5-euro-einzahlung%2F HTTP/1.1" 200 1058 "-" "Mozilla/5.0 AppleWebKit/537.36 (KHTML, like Gecko; compatible; GPTBot/1.2; +https://openai.com/gptbot)"
66.29.132.124 - - [26/Apr/2025:12:45:30 -0400] "POST /wp-admin/admin-ajax.php?action=async_litespeed&nonce=0ltrzbhJsMEQIU4MRRBMsl8RWw8Y6COu&litespeed_type=imgoptm HTTP/1.1" 200 0 "-" "WordPress/6.8; https://kamrancomputer.com"
20.171.207.193 - - [26/Apr/2025:12:45:32 -0400] "GET /wp-json/oembed/1.0/embed?url=https%3A%2F%2Fkamrancomputer.com%2F2024%2F10%2F19%2Fonline-casino-paypal-5-euro-einzahlung%2F HTTP/1.1" 200 2244 "-" "Mozilla/5.0 AppleWebKit/537.36 (KHTML, like Gecko; compatible; GPTBot/1.2; +https://openai.com/gptbot)"
20.171.207.193 - - [26/Apr/2025:12:45:37 -0400] "GET /2024/10/19/online-casino-paypal-5-euro-einzahlung/embed/ HTTP/1.1" 200 23012 "-" "Mozilla/5.0 AppleWebKit/537.36 (KHTML, like Gecko; compatible; GPTBot/1.2; +https://openai.com/gptbot)"
20.171.207.193 - - [26/Apr/2025:12:45:41 -0400] "GET /wp-json/elementskit/v1/ HTTP/1.1" 404 114 "-" "Mozilla/5.0 AppleWebKit/537.36 (KHTML, like Gecko; compatible; GPTBot/1.2; +https://openai.com/gptbot)"
20.171.207.193 - - [26/Apr/2025:12:45:44 -0400] "GET /wp-json/wp/v2/posts/5110 HTTP/1.1" 200 6150 "-" "Mozilla/5.0 AppleWebKit/537.36 (KHTML, like Gecko; compatible; GPTBot/1.2; +https://openai.com/gptbot)"
20.171.207.193 - - [26/Apr/2025:12:45:48 -0400] "GET /?p=5110 HTTP/1.1" 301 0 "-" "Mozilla/5.0 AppleWebKit/537.36 (KHTML, like Gecko; compatible; GPTBot/1.2; +https://openai.com/gptbot)"
66.29.132.124 - - [26/Apr/2025:12:45:55 -0400] "POST /wp-cron.php?doing_wp_cron=1745685954.0742909908294677734375 HTTP/1.1" 200 0 "-" "WordPress/6.8; https://kamrancomputer.com"
20.171.207.193 - - [26/Apr/2025:12:45:52 -0400] "GET /wp-json/wp/v2/posts/21715 HTTP/1.1" 200 5198 "-" "Mozilla/5.0 AppleWebKit/537.36 (KHTML, like Gecko; compatible; GPTBot/1.2; +https://openai.com/gptbot)"
20.171.207.193 - - [26/Apr/2025:12:45:56 -0400] "GET /?p=21715 HTTP/1.1" 301 0 "-" "Mozilla/5.0 AppleWebKit/537.36 (KHTML, like Gecko; compatible; GPTBot/1.2; +https://openai.com/gptbot)"
20.171.207.193 - - [26/Apr/2025:12:45:59 -0400] "GET /2024/10/14/zotabet-online-casino/ HTTP/1.1" 200 20450 "-" "Mozilla/5.0 AppleWebKit/537.36 (KHTML, like Gecko; compatible; GPTBot/1.2; +https://openai.com/gptbot)"
20.171.207.193 - - [26/Apr/2025:12:46:02 -0400] "GET /2024/10/19/freispiele-ohne-einzahlung-2024-deutschland/ HTTP/1.1" 200 20004 "-" "Mozilla/5.0 AppleWebKit/537.36 (KHTML, like Gecko; compatible; GPTBot/1.2; +https://openai.com/gptbot)"
20.171.207.193 - - [26/Apr/2025:12:46:05 -0400] "GET /wp-json/oembed/1.0/embed?url=https%3A%2F%2Fkamrancomputer.com%2F2024%2F10%2F14%2Fzotabet-online-casino%2F HTTP/1.1" 200 2159 "-" "Mozilla/5.0 AppleWebKit/537.36 (KHTML, like Gecko; compatible; GPTBot/1.2; +https://openai.com/gptbot)"
20.171.207.193 - - [26/Apr/2025:12:46:08 -0400] "GET /wp-json/elementskit/v1/ HTTP/1.1" 404 114 "-" "Mozilla/5.0 AppleWebKit/537.36 (KHTML, like Gecko; compatible; GPTBot/1.2; +https://openai.com/gptbot)"
20.171.207.193 - - [26/Apr/2025:12:46:10 -0400] "GET /wp-json/oembed/1.0/embed?format=xml&url=https%3A%2F%2Fkamrancomputer.com%2F2024%2F10%2F14%2Fzotabet-online-casino%2F HTTP/1.1" 200 1030 "-" "Mozilla/5.0 AppleWebKit/537.36 (KHTML, like Gecko; compatible; GPTBot/1.2; +https://openai.com/gptbot)"
20.171.207.193 - - [26/Apr/2025:12:46:14 -0400] "GET /wp-json/wp/v2/posts/12038 HTTP/1.1" 200 5187 "-" "Mozilla/5.0 AppleWebKit/537.36 (KHTML, like Gecko; compatible; GPTBot/1.2; +https://openai.com/gptbot)"
20.171.207.193 - - [26/Apr/2025:12:46:17 -0400] "GET /?p=12038 HTTP/1.1" 301 0 "-" "Mozilla/5.0 AppleWebKit/537.36 (KHTML, like Gecko; compatible; GPTBot/1.2; +https://openai.com/gptbot)"
20.171.207.193 - - [26/Apr/2025:12:46:21 -0400] "GET /wp-json/oembed/1.0/embed?format=xml&url=https%3A%2F%2Fkamrancomputer.com%2F2024%2F10%2F19%2Ffreispiele-ohne-einzahlung-2024-deutschland%2F HTTP/1.1" 200 1059 "-" "Mozilla/5.0 AppleWebKit/537.36 (KHTML, like Gecko; compatible; GPTBot/1.2; +https://openai.com/gptbot)"
20.171.207.193 - - [26/Apr/2025:12:46:24 -0400] "GET /wp-json/oembed/1.0/embed?url=https%3A%2F%2Fkamrancomputer.com%2F2024%2F10%2F19%2Ffreispiele-ohne-einzahlung-2024-deutschland%2F HTTP/1.1" 200 2269 "-" "Mozilla/5.0 AppleWebKit/537.36 (KHTML, like Gecko; compatible; GPTBot/1.2; +https://openai.com/gptbot)"
20.171.207.193 - - [26/Apr/2025:12:46:28 -0400] "GET /2024/10/14/zotabet-online-casino/embed/ HTTP/1.1" 200 22767 "-" "Mozilla/5.0 AppleWebKit/537.36 (KHTML, like Gecko; compatible; GPTBot/1.2; +https://openai.com/gptbot)"
20.171.207.193 - - [26/Apr/2025:12:46:31 -0400] "GET /2024/10/18/gratis-slots-spielen/ HTTP/1.1" 200 20221 "-" "Mozilla/5.0 AppleWebKit/537.36 (KHTML, like Gecko; compatible; GPTBot/1.2; +https://openai.com/gptbot)"
20.171.207.193 - - [26/Apr/2025:12:46:34 -0400] "GET /2024/10/19/freispiele-ohne-einzahlung-2024-deutschland/embed/ HTTP/1.1" 200 22851 "-" "Mozilla/5.0 AppleWebKit/537.36 (KHTML, like Gecko; compatible; GPTBot/1.2; +https://openai.com/gptbot)"
20.171.207.193 - - [26/Apr/2025:12:46:37 -0400] "GET /wp-json/elementskit/v1/ HTTP/1.1" 404 114 "-" "Mozilla/5.0 AppleWebKit/537.36 (KHTML, like Gecko; compatible; GPTBot/1.2; +https://openai.com/gptbot)"
20.171.207.193 - - [26/Apr/2025:12:46:40 -0400] "GET /wp-json/oembed/1.0/embed?url=https%3A%2F%2Fkamrancomputer.com%2F2024%2F10%2F18%2Fgratis-slots-spielen%2F HTTP/1.1" 200 2154 "-" "Mozilla/5.0 AppleWebKit/537.36 (KHTML, like Gecko; compatible; GPTBot/1.2; +https://openai.com/gptbot)"
20.171.207.193 - - [26/Apr/2025:12:46:42 -0400] "GET /2024/10/18/gratis-slots-spielen/usage-diagram.jpg HTTP/1.1" 404 18497 "-" "Mozilla/5.0 AppleWebKit/537.36 (KHTML, like Gecko; compatible; GPTBot/1.2; +https://openai.com/gptbot)"
20.171.207.193 - - [26/Apr/2025:12:46:45 -0400] "GET /wp-json/oembed/1.0/embed?format=xml&url=https%3A%2F%2Fkamrancomputer.com%2F2024%2F10%2F18%2Fgratis-slots-spielen%2F HTTP/1.1" 200 1032 "-" "Mozilla/5.0 AppleWebKit/537.36 (KHTML, like Gecko; compatible; GPTBot/1.2; +https://openai.com/gptbot)"
20.171.207.193 - - [26/Apr/2025:12:46:47 -0400] "GET /wp-json/wp/v2/posts/18592 HTTP/1.1" 200 6089 "-" "Mozilla/5.0 AppleWebKit/537.36 (KHTML, like Gecko; compatible; GPTBot/1.2; +https://openai.com/gptbot)"
20.171.207.193 - - [26/Apr/2025:12:46:49 -0400] "GET /?p=18592 HTTP/1.1" 301 0 "-" "Mozilla/5.0 AppleWebKit/537.36 (KHTML, like Gecko; compatible; GPTBot/1.2; +https://openai.com/gptbot)"
20.171.207.193 - - [26/Apr/2025:12:46:51 -0400] "GET /2024/10/18/gratis-slots-spielen/embed/ HTTP/1.1" 200 22831 "-" "Mozilla/5.0 AppleWebKit/537.36 (KHTML, like Gecko; compatible; GPTBot/1.2; +https://openai.com/gptbot)"
66.29.132.124 - - [26/Apr/2025:12:46:55 -0400] "POST /wp-cron.php?doing_wp_cron=1745686015.2098650932312011718750 HTTP/1.1" 200 0 "-" "WordPress/6.8; https://kamrancomputer.com"
20.171.207.193 - - [26/Apr/2025:12:46:53 -0400] "GET /?p=5774 HTTP/1.1" 301 0 "-" "Mozilla/5.0 AppleWebKit/537.36 (KHTML, like Gecko; compatible; GPTBot/1.2; +https://openai.com/gptbot)"
20.171.207.193 - - [26/Apr/2025:12:46:56 -0400] "GET /wp-json/wp/v2/posts/5774 HTTP/1.1" 200 6096 "-" "Mozilla/5.0 AppleWebKit/537.36 (KHTML, like Gecko; compatible; GPTBot/1.2; +https://openai.com/gptbot)"
66.29.132.124 - - [26/Apr/2025:12:46:58 -0400] "POST /wp-admin/admin-ajax.php?action=async_litespeed&nonce=2x99tpWVqOiO4pDkyTOEkhVAizFErrrF&litespeed_type=imgoptm HTTP/1.1" 200 0 "-" "WordPress/6.8; https://kamrancomputer.com"
20.171.207.193 - - [26/Apr/2025:12:46:58 -0400] "GET /2024/10/19/royal-reels-online-casino/ HTTP/1.1" 200 20100 "-" "Mozilla/5.0 AppleWebKit/537.36 (KHTML, like Gecko; compatible; GPTBot/1.2; +https://openai.com/gptbot)"
20.171.207.193 - - [26/Apr/2025:12:47:02 -0400] "GET /wp-json/elementskit/v1/ HTTP/1.1" 404 114 "-" "Mozilla/5.0 AppleWebKit/537.36 (KHTML, like Gecko; compatible; GPTBot/1.2; +https://openai.com/gptbot)"
20.171.207.193 - - [26/Apr/2025:12:47:06 -0400] "GET /2024/10/14/niagara-online-casino/ HTTP/1.1" 200 20562 "-" "Mozilla/5.0 AppleWebKit/537.36 (KHTML, like Gecko; compatible; GPTBot/1.2; +https://openai.com/gptbot)"
20.171.207.193 - - [26/Apr/2025:12:47:10 -0400] "GET /wp-json/oembed/1.0/embed?format=xml&url=https%3A%2F%2Fkamrancomputer.com%2F2024%2F10%2F19%2Froyal-reels-online-casino%2F HTTP/1.1" 200 1038 "-" "Mozilla/5.0 AppleWebKit/537.36 (KHTML, like Gecko; compatible; GPTBot/1.2; +https://openai.com/gptbot)"
20.171.207.193 - - [26/Apr/2025:12:47:14 -0400] "GET /wp-json/oembed/1.0/embed?url=https%3A%2F%2Fkamrancomputer.com%2F2024%2F10%2F19%2Froyal-reels-online-casino%2F HTTP/1.1" 200 2179 "-" "Mozilla/5.0 AppleWebKit/537.36 (KHTML, like Gecko; compatible; GPTBot/1.2; +https://openai.com/gptbot)"
20.171.207.193 - - [26/Apr/2025:12:47:18 -0400] "GET /wp-json/oembed/1.0/embed?url=https%3A%2F%2Fkamrancomputer.com%2F2024%2F10%2F14%2Fniagara-online-casino%2F HTTP/1.1" 200 2159 "-" "Mozilla/5.0 AppleWebKit/537.36 (KHTML, like Gecko; compatible; GPTBot/1.2; +https://openai.com/gptbot)"
20.171.207.193 - - [26/Apr/2025:12:47:22 -0400] "GET /2024/10/14/niagara-online-casino/niagara-casino.jpg HTTP/1.1" 404 18497 "-" "Mozilla/5.0 AppleWebKit/537.36 (KHTML, like Gecko; compatible; GPTBot/1.2; +https://openai.com/gptbot)"
66.29.132.124 - - [26/Apr/2025:12:47:26 -0400] "POST /wp-cron.php?doing_wp_cron=1745686046.5585610866546630859375 HTTP/1.1" 200 0 "-" "WordPress/6.8; https://kamrancomputer.com"
20.171.207.193 - - [26/Apr/2025:12:47:25 -0400] "GET /wp-json/oembed/1.0/embed?format=xml&url=https%3A%2F%2Fkamrancomputer.com%2F2024%2F10%2F14%2Fniagara-online-casino%2F HTTP/1.1" 200 1030 "-" "Mozilla/5.0 AppleWebKit/537.36 (KHTML, like Gecko; compatible; GPTBot/1.2; +https://openai.com/gptbot)"
66.29.132.124 - - [26/Apr/2025:12:47:28 -0400] "POST /wp-admin/admin-ajax.php?action=async_litespeed&nonce=Rrduwofoun8KqWZHm9NKOZpSb4OgI1l0&litespeed_type=imgoptm HTTP/1.1" 200 0 "-" "WordPress/6.8; https://kamrancomputer.com"
20.171.207.193 - - [26/Apr/2025:12:47:28 -0400] "GET /2024/10/19/royal-reels-online-casino/embed/ HTTP/1.1" 200 22741 "-" "Mozilla/5.0 AppleWebKit/537.36 (KHTML, like Gecko; compatible; GPTBot/1.2; +https://openai.com/gptbot)"
20.171.207.193 - - [26/Apr/2025:12:47:31 -0400] "GET /2024/10/14/niagara-online-casino/embed/ HTTP/1.1" 200 22751 "-" "Mozilla/5.0 AppleWebKit/537.36 (KHTML, like Gecko; compatible; GPTBot/1.2; +https://openai.com/gptbot)"
20.171.207.193 - - [26/Apr/2025:12:47:35 -0400] "GET /wp-json/elementskit/v1/ HTTP/1.1" 404 114 "-" "Mozilla/5.0 AppleWebKit/537.36 (KHTML, like Gecko; compatible; GPTBot/1.2; +https://openai.com/gptbot)"
4.227.36.31 - - [26/Apr/2025:12:47:38 -0400] "GET /robots.txt HTTP/1.1" 200 402 "http://kamrancomputer.com/robots.txt" "Mozilla/5.0 AppleWebKit/537.36 (KHTML, like Gecko; compatible; GPTBot/1.2; +https://openai.com/gptbot)"
20.171.207.193 - - [26/Apr/2025:12:47:39 -0400] "GET /?p=8577 HTTP/1.1" 301 0 "-" "Mozilla/5.0 AppleWebKit/537.36 (KHTML, like Gecko; compatible; GPTBot/1.2; +https://openai.com/gptbot)"
20.171.207.193 - - [26/Apr/2025:12:47:43 -0400] "GET /wp-json/wp/v2/posts/8577 HTTP/1.1" 200 6431 "-" "Mozilla/5.0 AppleWebKit/537.36 (KHTML, like Gecko; compatible; GPTBot/1.2; +https://openai.com/gptbot)"
20.171.207.193 - - [26/Apr/2025:12:47:47 -0400] "GET /2024/10/18/online-gambling-bc/ HTTP/1.1" 200 20485 "-" "Mozilla/5.0 AppleWebKit/537.36 (KHTML, like Gecko; compatible; GPTBot/1.2; +https://openai.com/gptbot)"
66.29.132.124 - - [26/Apr/2025:12:47:52 -0400] "POST /wp-cron.php?doing_wp_cron=1745686072.2515180110931396484375 HTTP/1.1" 200 0 "-" "WordPress/6.8; https://kamrancomputer.com"
20.171.207.193 - - [26/Apr/2025:12:47:50 -0400] "GET /wp-json/oembed/1.0/embed?url=https%3A%2F%2Fkamrancomputer.com%2F2024%2F10%2F18%2Fonline-gambling-bc%2F HTTP/1.1" 200 2144 "-" "Mozilla/5.0 AppleWebKit/537.36 (KHTML, like Gecko; compatible; GPTBot/1.2; +https://openai.com/gptbot)"
20.171.207.193 - - [26/Apr/2025:12:47:54 -0400] "GET /wp-json/elementskit/v1/ HTTP/1.1" 404 114 "-" "Mozilla/5.0 AppleWebKit/537.36 (KHTML, like Gecko; compatible; GPTBot/1.2; +https://openai.com/gptbot)"
20.171.207.193 - - [26/Apr/2025:12:47:58 -0400] "GET /2024/10/18/online-gambling-bc/images/gambling-statistics-bc.jpg HTTP/1.1" 404 18497 "-" "Mozilla/5.0 AppleWebKit/537.36 (KHTML, like Gecko; compatible; GPTBot/1.2; +https://openai.com/gptbot)"
20.171.207.193 - - [26/Apr/2025:12:48:01 -0400] "GET /2024/10/18/online-gambling-bc/images/gambling-statistics-bc.jpg HTTP/1.1" 404 18497 "-" "Mozilla/5.0 AppleWebKit/537.36 (KHTML, like Gecko; compatible; GPTBot/1.2; +https://openai.com/gptbot)"
57.141.4.1 - - [26/Apr/2025:12:48:03 -0400] "GET /wp-json/wp/v2/posts/7685 HTTP/1.1" 200 6112 "-" "meta-externalagent/1.1 (+https://developers.facebook.com/docs/sharing/webmasters/crawler)"
20.171.207.193 - - [26/Apr/2025:12:48:04 -0400] "GET /wp-json/oembed/1.0/embed?format=xml&url=https%3A%2F%2Fkamrancomputer.com%2F2024%2F10%2F18%2Fonline-gambling-bc%2F HTTP/1.1" 200 1033 "-" "Mozilla/5.0 AppleWebKit/537.36 (KHTML, like Gecko; compatible; GPTBot/1.2; +https://openai.com/gptbot)"
20.171.207.193 - - [26/Apr/2025:12:48:10 -0400] "GET /wp-json/oembed/1.0/embed?format=xml&url=https%3A%2F%2Fkamrancomputer.com%2F2024%2F10%2F18%2Fonline-gambling-bc%2F HTTP/1.1" 200 1033 "-" "Mozilla/5.0 AppleWebKit/537.36 (KHTML, like Gecko; compatible; GPTBot/1.2; +https://openai.com/gptbot)"
57.141.4.1 - - [26/Apr/2025:12:48:10 -0400] "GET /wp-json/oembed/1.0/embed?url=https%3A%2F%2Fkamrancomputer.com%2F2024%2F10%2F18%2Figry-gaminator-onlajn%2F HTTP/1.1" 200 2501 "-" "meta-externalagent/1.1 (+https://developers.facebook.com/docs/sharing/webmasters/crawler)"
20.171.207.193 - - [26/Apr/2025:12:48:13 -0400] "GET /2024/10/18/online-gambling-bc/images/online-gambling-bc.jpg HTTP/1.1" 404 18497 "-" "Mozilla/5.0 AppleWebKit/537.36 (KHTML, like Gecko; compatible; GPTBot/1.2; +https://openai.com/gptbot)"
20.171.207.193 - - [26/Apr/2025:12:48:18 -0400] "GET /2024/10/18/online-gambling-bc/images/online-gambling-bc.jpg HTTP/1.1" 404 18497 "-" "Mozilla/5.0 AppleWebKit/537.36 (KHTML, like Gecko; compatible; GPTBot/1.2; +https://openai.com/gptbot)"
20.171.207.193 - - [26/Apr/2025:12:48:21 -0400] "GET /wp-json/oembed/1.0/embed?url=https%3A%2F%2Fkamrancomputer.com%2F2024%2F10%2F18%2Fonline-gambling-bc%2F HTTP/1.1" 200 2144 "-" "Mozilla/5.0 AppleWebKit/537.36 (KHTML, like Gecko; compatible; GPTBot/1.2; +https://openai.com/gptbot)"
66.29.132.124 - - [26/Apr/2025:12:48:28 -0400] "POST /wp-cron.php?doing_wp_cron=1745686108.1926898956298828125000 HTTP/1.1" 200 0 "-" "WordPress/6.8; https://kamrancomputer.com"
20.171.207.193 - - [26/Apr/2025:12:48:25 -0400] "GET /wp-json/wp/v2/posts/2018 HTTP/1.1" 200 6082 "-" "Mozilla/5.0 AppleWebKit/537.36 (KHTML, like Gecko; compatible; GPTBot/1.2; +https://openai.com/gptbot)"
66.29.132.124 - - [26/Apr/2025:12:48:30 -0400] "POST /wp-admin/admin-ajax.php?action=async_litespeed&nonce=aeYcQl3JMochks7TNiwTX43vOrAYC4BZ&litespeed_type=imgoptm HTTP/1.1" 200 0 "-" "WordPress/6.8; https://kamrancomputer.com"
20.171.207.193 - - [26/Apr/2025:12:48:30 -0400] "GET /?p=2018 HTTP/1.1" 301 0 "-" "Mozilla/5.0 AppleWebKit/537.36 (KHTML, like Gecko; compatible; GPTBot/1.2; +https://openai.com/gptbot)"
20.171.207.193 - - [26/Apr/2025:12:48:34 -0400] "GET /?p=8769 HTTP/1.1" 301 0 "-" "Mozilla/5.0 AppleWebKit/537.36 (KHTML, like Gecko; compatible; GPTBot/1.2; +https://openai.com/gptbot)"
20.171.207.193 - - [26/Apr/2025:12:48:38 -0400] "GET /wp-json/wp/v2/posts/8769 HTTP/1.1" 200 5569 "-" "Mozilla/5.0 AppleWebKit/537.36 (KHTML, like Gecko; compatible; GPTBot/1.2; +https://openai.com/gptbot)"
20.171.207.193 - - [26/Apr/2025:12:48:41 -0400] "GET /2024/10/18/online-gambling-bc/embed/ HTTP/1.1" 200 22822 "-" "Mozilla/5.0 AppleWebKit/537.36 (KHTML, like Gecko; compatible; GPTBot/1.2; +https://openai.com/gptbot)"
66.249.74.41 - - [26/Apr/2025:12:48:43 -0400] "GET /2024/10/14/ocean-resort-online-casino/ HTTP/1.1" 200 20535 "-" "Mozilla/5.0 (Linux; Android 6.0.1; Nexus 5X Build/MMB29P) AppleWebKit/537.36 (KHTML, like Gecko) Chrome/135.0.7049.95 Mobile Safari/537.36 (compatible; Googlebot/2.1; +http://www.google.com/bot.html)"
20.171.207.193 - - [26/Apr/2025:12:48:44 -0400] "GET /wp-json/oembed/1.0/embed?url=https%3A%2F%2Fkamrancomputer.com%2F2024%2F10%2F18%2Fbetwat%2F HTTP/1.1" 200 2084 "-" "Mozilla/5.0 AppleWebKit/537.36 (KHTML, like Gecko; compatible; GPTBot/1.2; +https://openai.com/gptbot)"
20.171.207.193 - - [26/Apr/2025:12:48:47 -0400] "GET /wp-json/elementskit/v1/ HTTP/1.1" 404 114 "-" "Mozilla/5.0 AppleWebKit/537.36 (KHTML, like Gecko; compatible; GPTBot/1.2; +https://openai.com/gptbot)"
20.171.207.193 - - [26/Apr/2025:12:48:50 -0400] "GET /?p=7442 HTTP/1.1" 301 0 "-" "Mozilla/5.0 AppleWebKit/537.36 (KHTML, like Gecko; compatible; GPTBot/1.2; +https://openai.com/gptbot)"
66.29.132.124 - - [26/Apr/2025:12:48:54 -0400] "POST /wp-cron.php?doing_wp_cron=1745686134.0831670761108398437500 HTTP/1.1" 200 0 "-" "WordPress/6.8; https://kamrancomputer.com"
20.171.207.193 - - [26/Apr/2025:12:48:52 -0400] "GET /wp-json/wp/v2/posts/7442 HTTP/1.1" 200 6099 "-" "Mozilla/5.0 AppleWebKit/537.36 (KHTML, like Gecko; compatible; GPTBot/1.2; +https://openai.com/gptbot)"
20.171.207.193 - - [26/Apr/2025:12:48:54 -0400] "GET /2024/10/18/betwat/ HTTP/1.1" 200 20462 "-" "Mozilla/5.0 AppleWebKit/537.36 (KHTML, like Gecko; compatible; GPTBot/1.2; +https://openai.com/gptbot)"
20.171.207.193 - - [26/Apr/2025:12:48:57 -0400] "GET /2024/10/14/surge-bet/ HTTP/1.1" 200 20545 "-" "Mozilla/5.0 AppleWebKit/537.36 (KHTML, like Gecko; compatible; GPTBot/1.2; +https://openai.com/gptbot)"
20.171.207.193 - - [26/Apr/2025:12:48:59 -0400] "GET /2024/10/18/tipico-games-download/ HTTP/1.1" 200 20272 "-" "Mozilla/5.0 AppleWebKit/537.36 (KHTML, like Gecko; compatible; GPTBot/1.2; +https://openai.com/gptbot)"
20.171.207.193 - - [26/Apr/2025:12:49:03 -0400] "GET /wp-json/elementskit/v1/ HTTP/1.1" 404 114 "-" "Mozilla/5.0 AppleWebKit/537.36 (KHTML, like Gecko; compatible; GPTBot/1.2; +https://openai.com/gptbot)"
20.171.207.193 - - [26/Apr/2025:12:49:06 -0400] "GET /wp-json/oembed/1.0/embed?format=xml&url=https%3A%2F%2Fkamrancomputer.com%2F2024%2F10%2F18%2Fbetwat%2F HTTP/1.1" 200 1014 "-" "Mozilla/5.0 AppleWebKit/537.36 (KHTML, like Gecko; compatible; GPTBot/1.2; +https://openai.com/gptbot)"
20.171.207.193 - - [26/Apr/2025:12:49:10 -0400] "GET /wp-json/oembed/1.0/embed?format=xml&url=https%3A%2F%2Fkamrancomputer.com%2F2024%2F10%2F14%2Fsurge-bet%2F HTTP/1.1" 200 1023 "-" "Mozilla/5.0 AppleWebKit/537.36 (KHTML, like Gecko; compatible; GPTBot/1.2; +https://openai.com/gptbot)"
20.171.207.193 - - [26/Apr/2025:12:49:13 -0400] "GET /wp-json/oembed/1.0/embed?url=https%3A%2F%2Fkamrancomputer.com%2F2024%2F10%2F14%2Fsurge-bet%2F HTTP/1.1" 200 2099 "-" "Mozilla/5.0 AppleWebKit/537.36 (KHTML, like Gecko; compatible; GPTBot/1.2; +https://openai.com/gptbot)"
20.171.207.193 - - [26/Apr/2025:12:49:15 -0400] "GET /2024/10/14/surge-bet/surge-betting-analysis.jpg HTTP/1.1" 404 18497 "-" "Mozilla/5.0 AppleWebKit/537.36 (KHTML, like Gecko; compatible; GPTBot/1.2; +https://openai.com/gptbot)"
20.171.207.193 - - [26/Apr/2025:12:49:18 -0400] "GET /wp-json/oembed/1.0/embed?url=https%3A%2F%2Fkamrancomputer.com%2F2024%2F10%2F18%2Ftipico-games-download%2F HTTP/1.1" 200 2159 "-" "Mozilla/5.0 AppleWebKit/537.36 (KHTML, like Gecko; compatible; GPTBot/1.2; +https://openai.com/gptbot)"
20.171.207.193 - - [26/Apr/2025:12:49:20 -0400] "GET /2024/10/18/tipico-games-download/tipico_app_screenshot.jpg HTTP/1.1" 404 18497 "-" "Mozilla/5.0 AppleWebKit/537.36 (KHTML, like Gecko; compatible; GPTBot/1.2; +https://openai.com/gptbot)"
20.171.207.193 - - [26/Apr/2025:12:49:23 -0400] "GET /wp-json/oembed/1.0/embed?format=xml&url=https%3A%2F%2Fkamrancomputer.com%2F2024%2F10%2F18%2Ftipico-games-download%2F HTTP/1.1" 200 1031 "-" "Mozilla/5.0 AppleWebKit/537.36 (KHTML, like Gecko; compatible; GPTBot/1.2; +https://openai.com/gptbot)"
66.29.132.124 - - [26/Apr/2025:12:49:26 -0400] "POST /wp-cron.php?doing_wp_cron=1745686166.4310770034790039062500 HTTP/1.1" 200 0 "-" "WordPress/6.8; https://kamrancomputer.com"
20.171.207.193 - - [26/Apr/2025:12:49:25 -0400] "GET /2024/10/18/betwat/embed/ HTTP/1.1" 200 22774 "-" "Mozilla/5.0 AppleWebKit/537.36 (KHTML, like Gecko; compatible; GPTBot/1.2; +https://openai.com/gptbot)"
66.29.132.124 - - [26/Apr/2025:12:49:27 -0400] "POST /wp-admin/admin-ajax.php?action=async_litespeed&nonce=TOWgWxOZG83DAv9q5mbz47bpajVAvfT9&litespeed_type=imgoptm HTTP/1.1" 200 0 "-" "WordPress/6.8; https://kamrancomputer.com"
20.171.207.193 - - [26/Apr/2025:12:49:27 -0400] "GET /2024/10/14/surge-bet/embed/ HTTP/1.1" 200 22661 "-" "Mozilla/5.0 AppleWebKit/537.36 (KHTML, like Gecko; compatible; GPTBot/1.2; +https://openai.com/gptbot)"
20.171.207.193 - - [26/Apr/2025:12:49:30 -0400] "GET /wp-json/wp/v2/posts/2407 HTTP/1.1" 200 16666 "-" "Mozilla/5.0 AppleWebKit/537.36 (KHTML, like Gecko; compatible; GPTBot/1.2; +https://openai.com/gptbot)"
20.171.207.193 - - [26/Apr/2025:12:49:33 -0400] "GET /?p=2407 HTTP/1.1" 301 0 "-" "Mozilla/5.0 AppleWebKit/537.36 (KHTML, like Gecko; compatible; GPTBot/1.2; +https://openai.com/gptbot)"
20.171.207.193 - - [26/Apr/2025:12:49:35 -0400] "GET /2024/10/18/tipico-games-download/embed/ HTTP/1.1" 200 22808 "-" "Mozilla/5.0 AppleWebKit/537.36 (KHTML, like Gecko; compatible; GPTBot/1.2; +https://openai.com/gptbot)"
20.171.207.193 - - [26/Apr/2025:12:49:39 -0400] "GET /wp-json/elementskit/v1/ HTTP/1.1" 404 114 "-" "Mozilla/5.0 AppleWebKit/537.36 (KHTML, like Gecko; compatible; GPTBot/1.2; +https://openai.com/gptbot)"
20.171.207.193 - - [26/Apr/2025:12:49:44 -0400] "GET /2024/10/14/kazino-ruletka/ HTTP/1.1" 200 21987 "-" "Mozilla/5.0 AppleWebKit/537.36 (KHTML, like Gecko; compatible; GPTBot/1.2; +https://openai.com/gptbot)"
20.171.207.193 - - [26/Apr/2025:12:49:47 -0400] "GET /wp-json/oembed/1.0/embed?url=https%3A%2F%2Fkamrancomputer.com%2F2024%2F10%2F14%2Fkazino-ruletka%2F HTTP/1.1" 200 2358 "-" "Mozilla/5.0 AppleWebKit/537.36 (KHTML, like Gecko; compatible; GPTBot/1.2; +https://openai.com/gptbot)"
66.29.132.124 - - [26/Apr/2025:12:49:52 -0400] "POST /wp-cron.php?doing_wp_cron=1745686192.3478200435638427734375 HTTP/1.1" 200 0 "-" "WordPress/6.8; https://kamrancomputer.com"
20.171.207.193 - - [26/Apr/2025:12:49:51 -0400] "GET /wp-json/oembed/1.0/embed?format=xml&url=https%3A%2F%2Fkamrancomputer.com%2F2024%2F10%2F14%2Fkazino-ruletka%2F HTTP/1.1" 200 1075 "-" "Mozilla/5.0 AppleWebKit/537.36 (KHTML, like Gecko; compatible; GPTBot/1.2; +https://openai.com/gptbot)"
20.171.207.193 - - [26/Apr/2025:12:49:55 -0400] "GET /2024/10/14/kazino-ruletka/embed/ HTTP/1.1" 200 23016 "-" "Mozilla/5.0 AppleWebKit/537.36 (KHTML, like Gecko; compatible; GPTBot/1.2; +https://openai.com/gptbot)"
57.141.4.4 - - [26/Apr/2025:12:50:02 -0400] "GET /wp-json/wp/v2/posts/12825 HTTP/1.1" 200 5436 "-" "meta-externalagent/1.1 (+https://developers.facebook.com/docs/sharing/webmasters/crawler)"
66.249.74.39 - - [26/Apr/2025:12:50:04 -0400] "GET /2024/10/19/best-online-sweepstakes-casinos/ HTTP/1.1" 200 20371 "-" "Mozilla/5.0 (Linux; Android 6.0.1; Nexus 5X Build/MMB29P) AppleWebKit/537.36 (KHTML, like Gecko) Chrome/135.0.7049.95 Mobile Safari/537.36 (compatible; Googlebot/2.1; +http://www.google.com/bot.html)"
57.141.4.4 - - [26/Apr/2025:12:50:09 -0400] "GET /wp-json/oembed/1.0/embed?url=https%3A%2F%2Fkamrancomputer.com%2F2024%2F10%2F18%2Fdrake-casino-online%2F HTTP/1.1" 200 2149 "-" "meta-externalagent/1.1 (+https://developers.facebook.com/docs/sharing/webmasters/crawler)"
162.0.232.89 - - [26/Apr/2025:12:52:57 -0400] "GET /wp-login.php HTTP/1.1" 200 2112 "http://kamrancomputer.com" "Mozilla/5.0 (Windows NT 10.0; Win64; x64) AppleWebKit/537.36 (KHTML, like Gecko) Chrome/112.0.5615.138 Safari/537.36 Edg/112.0.1722.68"
4.227.36.106 - - [26/Apr/2025:12:53:28 -0400] "GET /robots.txt HTTP/1.1" 200 402 "http://www.kamrancomputer.com/robots.txt" "Mozilla/5.0 AppleWebKit/537.36 (KHTML, like Gecko; compatible; GPTBot/1.2; +https://openai.com/gptbot)"
66.29.132.124 - - [26/Apr/2025:12:53:54 -0400] "POST /wp-cron.php?doing_wp_cron=1745686434.7633581161499023437500 HTTP/1.1" 200 0 "-" "WordPress/6.8; https://kamrancomputer.com"
20.171.207.193 - - [26/Apr/2025:12:53:29 -0400] "GET /sitemap2.xml HTTP/1.1" 404 18498 "-" "Mozilla/5.0 AppleWebKit/537.36 (KHTML, like Gecko; compatible; GPTBot/1.2; +https://openai.com/gptbot)"
66.29.132.124 - - [26/Apr/2025:12:53:56 -0400] "POST /wp-admin/admin-ajax.php?action=async_litespeed&nonce=TFqgdrN2NzCSyfm2H2SeSpS3HGKGE3H3&litespeed_type=imgoptm HTTP/1.1" 200 0 "-" "WordPress/6.8; https://kamrancomputer.com"
20.171.207.193 - - [26/Apr/2025:12:53:57 -0400] "GET /product/dell-small-pin-65w-ahsan-lhr/?add-to-cart=261 HTTP/1.1" 302 0 "-" "Mozilla/5.0 AppleWebKit/537.36 (KHTML, like Gecko; compatible; GPTBot/1.2; +https://openai.com/gptbot)"
20.171.207.193 - - [26/Apr/2025:12:54:00 -0400] "GET /product/dell-small-pin-65w-ahsan-lhr/?add-to-cart=269 HTTP/1.1" 302 0 "-" "Mozilla/5.0 AppleWebKit/537.36 (KHTML, like Gecko; compatible; GPTBot/1.2; +https://openai.com/gptbot)"
170.106.110.146 - - [26/Apr/2025:12:54:12 -0400] "GET / HTTP/1.1" 301 0 "http://www.kamrancomputer.com" "Mozilla/5.0 (iPhone; CPU iPhone OS 13_2_3 like Mac OS X) AppleWebKit/605.1.15 (KHTML, like Gecko) Version/13.0.3 Mobile/15E148 Safari/604.1"
170.106.110.146 - - [26/Apr/2025:12:54:15 -0400] "GET / HTTP/1.1" 200 37825 "https://www.kamrancomputer.com/" "Mozilla/5.0 (iPhone; CPU iPhone OS 13_2_3 like Mac OS X) AppleWebKit/605.1.15 (KHTML, like Gecko) Version/13.0.3 Mobile/15E148 Safari/604.1"
57.141.4.19 - - [26/Apr/2025:12:54:16 -0400] "GET /?p=8331 HTTP/1.1" 301 0 "-" "meta-externalagent/1.1 (+https://developers.facebook.com/docs/sharing/webmasters/crawler)"
66.29.132.124 - - [26/Apr/2025:12:54:28 -0400] "POST /wp-cron.php?doing_wp_cron=1745686467.8509020805358886718750 HTTP/1.1" 200 0 "-" "WordPress/6.8; https://kamrancomputer.com"
66.29.132.124 - - [26/Apr/2025:12:54:31 -0400] "POST /wp-admin/admin-ajax.php?action=async_litespeed&nonce=KQUq99JbWLctyEnAmRdTfhpsz0gZcaeN&litespeed_type=imgoptm HTTP/1.1" 200 0 "-" "WordPress/6.8; https://kamrancomputer.com"
57.141.4.11 - - [26/Apr/2025:12:54:27 -0400] "GET /wp-json/oembed/1.0/embed?url=https%3A%2F%2Fkamrancomputer.com%2F2024%2F10%2F18%2Fhopa-online-casino%2F HTTP/1.1" 200 2144 "-" "meta-externalagent/1.1 (+https://developers.facebook.com/docs/sharing/webmasters/crawler)"
66.29.132.124 - - [26/Apr/2025:12:56:24 -0400] "POST /wp-cron.php?doing_wp_cron=1745686583.3949649333953857421875 HTTP/1.1" 200 0 "-" "WordPress/6.8; https://kamrancomputer.com"
20.171.207.193 - - [26/Apr/2025:12:56:02 -0400] "GET /?p=19809 HTTP/1.1" 301 0 "-" "Mozilla/5.0 AppleWebKit/537.36 (KHTML, like Gecko; compatible; GPTBot/1.2; +https://openai.com/gptbot)"
20.171.207.193 - - [26/Apr/2025:12:56:25 -0400] "GET /wp-json/wp/v2/posts/19809 HTTP/1.1" 200 5771 "-" "Mozilla/5.0 AppleWebKit/537.36 (KHTML, like Gecko; compatible; GPTBot/1.2; +https://openai.com/gptbot)"
20.171.207.193 - - [26/Apr/2025:12:56:50 -0400] "GET /2024/10/19/online-baccarat-casino/ HTTP/1.1" 200 20250 "-" "Mozilla/5.0 AppleWebKit/537.36 (KHTML, like Gecko; compatible; GPTBot/1.2; +https://openai.com/gptbot)"
20.171.207.193 - - [26/Apr/2025:12:57:11 -0400] "GET /wp-json/wp/v2/posts/7531 HTTP/1.1" 200 6148 "-" "Mozilla/5.0 AppleWebKit/537.36 (KHTML, like Gecko; compatible; GPTBot/1.2; +https://openai.com/gptbot)"
20.15.133.174 - - [26/Apr/2025:12:57:25 -0400] "GET /2024/10/19/online-gambling-apps/ HTTP/1.1" 200 20094 "-" "Mozilla/5.0 AppleWebKit/537.36 (KHTML, like Gecko; compatible; bingbot/2.0; +http://www.bing.com/bingbot.htm) Chrome/116.0.1938.76 Safari/537.36"
20.171.207.193 - - [26/Apr/2025:12:57:32 -0400] "GET /?p=7531 HTTP/1.1" 301 0 "-" "Mozilla/5.0 AppleWebKit/537.36 (KHTML, like Gecko; compatible; GPTBot/1.2; +https://openai.com/gptbot)"
20.171.207.193 - - [26/Apr/2025:12:57:48 -0400] "GET /wp-json/wp/v2/posts/9032 HTTP/1.1" 200 6662 "-" "Mozilla/5.0 AppleWebKit/537.36 (KHTML, like Gecko; compatible; GPTBot/1.2; +https://openai.com/gptbot)"
66.249.74.40 - - [26/Apr/2025:12:57:57 -0400] "GET /2024/10/14/winario-erfahrungen/ HTTP/1.1" 200 20381 "-" "Mozilla/5.0 (Linux; Android 6.0.1; Nexus 5X Build/MMB29P) AppleWebKit/537.36 (KHTML, like Gecko) Chrome/135.0.7049.95 Mobile Safari/537.36 (compatible; Googlebot/2.1; +http://www.google.com/bot.html)"
20.171.207.193 - - [26/Apr/2025:12:58:03 -0400] "GET /?p=9032 HTTP/1.1" 301 0 "-" "Mozilla/5.0 AppleWebKit/537.36 (KHTML, like Gecko; compatible; GPTBot/1.2; +https://openai.com/gptbot)"
57.141.4.11 - - [26/Apr/2025:12:58:15 -0400] "GET /wp-json/wp/v2/posts/16144 HTTP/1.1" 200 6207 "-" "meta-externalagent/1.1 (+https://developers.facebook.com/docs/sharing/webmasters/crawler)"
20.171.207.193 - - [26/Apr/2025:12:58:18 -0400] "GET /wp-json/elementskit/v1/ HTTP/1.1" 404 114 "-" "Mozilla/5.0 AppleWebKit/537.36 (KHTML, like Gecko; compatible; GPTBot/1.2; +https://openai.com/gptbot)"
66.29.132.124 - - [26/Apr/2025:12:58:33 -0400] "POST /wp-cron.php?doing_wp_cron=1745686713.0066990852355957031250 HTTP/1.1" 200 0 "-" "WordPress/6.8; https://kamrancomputer.com"
20.171.207.193 - - [26/Apr/2025:12:58:31 -0400] "GET /wp-json/oembed/1.0/embed?format=xml&url=https%3A%2F%2Fkamrancomputer.com%2F2024%2F10%2F19%2Fonline-baccarat-casino%2F HTTP/1.1" 200 1038 "-" "Mozilla/5.0 AppleWebKit/537.36 (KHTML, like Gecko; compatible; GPTBot/1.2; +https://openai.com/gptbot)"
66.29.132.124 - - [26/Apr/2025:12:58:38 -0400] "POST /wp-admin/admin-ajax.php?action=async_litespeed&nonce=MxBf73lMUcfqKb3tsTDqDa6VnVOYQfQp&litespeed_type=imgoptm HTTP/1.1" 200 0 "-" "WordPress/6.8; https://kamrancomputer.com"
20.171.207.193 - - [26/Apr/2025:12:58:43 -0400] "GET /wp-json/oembed/1.0/embed?url=https%3A%2F%2Fkamrancomputer.com%2F2024%2F10%2F19%2Fonline-baccarat-casino%2F HTTP/1.1" 200 2164 "-" "Mozilla/5.0 AppleWebKit/537.36 (KHTML, like Gecko; compatible; GPTBot/1.2; +https://openai.com/gptbot)"
66.29.132.124 - - [26/Apr/2025:12:58:58 -0400] "POST /wp-cron.php?doing_wp_cron=1745686738.1213328838348388671875 HTTP/1.1" 200 0 "-" "WordPress/6.8; https://kamrancomputer.com"
20.171.207.193 - - [26/Apr/2025:12:58:56 -0400] "GET /wp-json/wp/v2/posts/6953 HTTP/1.1" 200 5993 "-" "Mozilla/5.0 AppleWebKit/537.36 (KHTML, like Gecko; compatible; GPTBot/1.2; +https://openai.com/gptbot)"
20.171.207.193 - - [26/Apr/2025:12:59:06 -0400] "GET /?p=6953 HTTP/1.1" 301 0 "-" "Mozilla/5.0 AppleWebKit/537.36 (KHTML, like Gecko; compatible; GPTBot/1.2; +https://openai.com/gptbot)"
20.171.207.193 - - [26/Apr/2025:12:59:15 -0400] "GET /2024/10/18/ruby-fortune-online-casino-canada/ HTTP/1.1" 200 20378 "-" "Mozilla/5.0 AppleWebKit/537.36 (KHTML, like Gecko; compatible; GPTBot/1.2; +https://openai.com/gptbot)"
20.171.207.193 - - [26/Apr/2025:12:59:23 -0400] "GET /?p=21656 HTTP/1.1" 301 0 "-" "Mozilla/5.0 AppleWebKit/537.36 (KHTML, like Gecko; compatible; GPTBot/1.2; +https://openai.com/gptbot)"
66.29.132.124 - - [26/Apr/2025:12:59:30 -0400] "POST /wp-cron.php?doing_wp_cron=1745686770.3236310482025146484375 HTTP/1.1" 200 0 "-" "WordPress/6.8; https://kamrancomputer.com"
57.141.4.13 - - [26/Apr/2025:12:59:28 -0400] "GET /wp-json/wp/v2/posts/8484 HTTP/1.1" 200 6086 "-" "meta-externalagent/1.1 (+https://developers.facebook.com/docs/sharing/webmasters/crawler)"
66.29.132.124 - - [26/Apr/2025:12:59:31 -0400] "POST /wp-admin/admin-ajax.php?action=async_litespeed&nonce=OZAwlRpASywrD0SEvdhpcfrfr0JdKAXa&litespeed_type=imgoptm HTTP/1.1" 200 0 "-" "WordPress/6.8; https://kamrancomputer.com"
20.171.207.193 - - [26/Apr/2025:12:59:31 -0400] "GET /2024/10/18/bally-online-casino/ HTTP/1.1" 200 20377 "-" "Mozilla/5.0 AppleWebKit/537.36 (KHTML, like Gecko; compatible; GPTBot/1.2; +https://openai.com/gptbot)"
20.171.207.193 - - [26/Apr/2025:12:59:38 -0400] "GET /wp-json/wp/v2/posts/21656 HTTP/1.1" 200 6609 "-" "Mozilla/5.0 AppleWebKit/537.36 (KHTML, like Gecko; compatible; GPTBot/1.2; +https://openai.com/gptbot)"
47.238.13.15 - - [26/Apr/2025:12:59:43 -0400] "GET /product-category/laptop-charger-ahsan-lhr HTTP/1.1" 301 0 "-" "Mozilla/5.0 (Macintosh; Intel Mac OS X 10_15_7) AppleWebKit/537.36 (KHTML, like Gecko) Chrome/109.0.0.0 Safari/537.36"
20.171.207.193 - - [26/Apr/2025:12:59:44 -0400] "GET /2024/10/18/playnow-mobile-app/ HTTP/1.1" 200 20879 "-" "Mozilla/5.0 AppleWebKit/537.36 (KHTML, like Gecko; compatible; GPTBot/1.2; +https://openai.com/gptbot)"
47.238.13.15 - - [26/Apr/2025:12:59:45 -0400] "GET /product-category/laptop-charger-ahsan-lhr/ HTTP/1.1" 200 24504 "https://kamrancomputer.com/product-category/laptop-charger-ahsan-lhr" "Mozilla/5.0 (Macintosh; Intel Mac OS X 10_15_7) AppleWebKit/537.36 (KHTML, like Gecko) Chrome/109.0.0.0 Safari/537.36"
66.29.132.124 - - [26/Apr/2025:12:59:52 -0400] "POST /wp-cron.php?doing_wp_cron=1745686792.0340549945831298828125 HTTP/1.1" 200 0 "-" "WordPress/6.8; https://kamrancomputer.com"
20.171.207.193 - - [26/Apr/2025:12:59:50 -0400] "GET /wp-json/oembed/1.0/embed?url=https%3A%2F%2Fkamrancomputer.com%2F2024%2F10%2F18%2Fruby-fortune-online-casino-canada%2F HTTP/1.1" 200 2219 "-" "Mozilla/5.0 AppleWebKit/537.36 (KHTML, like Gecko; compatible; GPTBot/1.2; +https://openai.com/gptbot)"
20.171.207.193 - - [26/Apr/2025:12:59:55 -0400] "GET /2024/10/19/online-baccarat-casino/embed/ HTTP/1.1" 200 22785 "-" "Mozilla/5.0 AppleWebKit/537.36 (KHTML, like Gecko; compatible; GPTBot/1.2; +https://openai.com/gptbot)"
20.171.207.193 - - [26/Apr/2025:12:59:59 -0400] "GET /wp-json/elementskit/v1/ HTTP/1.1" 404 114 "-" "Mozilla/5.0 AppleWebKit/537.36 (KHTML, like Gecko; compatible; GPTBot/1.2; +https://openai.com/gptbot)"
20.171.207.193 - - [26/Apr/2025:13:00:04 -0400] "GET /wp-json/oembed/1.0/embed?format=xml&url=https%3A%2F%2Fkamrancomputer.com%2F2024%2F10%2F18%2Fruby-fortune-online-casino-canada%2F HTTP/1.1" 200 1047 "-" "Mozilla/5.0 AppleWebKit/537.36 (KHTML, like Gecko; compatible; GPTBot/1.2; +https://openai.com/gptbot)"
57.141.4.14 - - [26/Apr/2025:13:00:05 -0400] "GET /wp-json/wp/v2/posts/16200 HTTP/1.1" 200 15264 "-" "meta-externalagent/1.1 (+https://developers.facebook.com/docs/sharing/webmasters/crawler)"
20.171.207.193 - - [26/Apr/2025:13:00:07 -0400] "GET /2024/10/19/video-poker-online-casino/ HTTP/1.1" 200 20773 "-" "Mozilla/5.0 AppleWebKit/537.36 (KHTML, like Gecko; compatible; GPTBot/1.2; +https://openai.com/gptbot)"
20.171.207.193 - - [26/Apr/2025:13:00:13 -0400] "GET /?p=11829 HTTP/1.1" 301 0 "-" "Mozilla/5.0 AppleWebKit/537.36 (KHTML, like Gecko; compatible; GPTBot/1.2; +https://openai.com/gptbot)"
20.171.207.193 - - [26/Apr/2025:13:00:16 -0400] "GET /wp-json/wp/v2/posts/11829 HTTP/1.1" 200 5786 "-" "Mozilla/5.0 AppleWebKit/537.36 (KHTML, like Gecko; compatible; GPTBot/1.2; +https://openai.com/gptbot)"
20.171.207.193 - - [26/Apr/2025:13:00:20 -0400] "GET /2024/10/18/bally-online-casino/bally-casino-interface.jpg HTTP/1.1" 404 18497 "-" "Mozilla/5.0 AppleWebKit/537.36 (KHTML, like Gecko; compatible; GPTBot/1.2; +https://openai.com/gptbot)"
66.29.132.124 - - [26/Apr/2025:13:00:26 -0400] "POST /wp-cron.php?doing_wp_cron=1745686826.1075510978698730468750 HTTP/1.1" 200 0 "-" "WordPress/6.8; https://kamrancomputer.com"
20.171.207.193 - - [26/Apr/2025:13:00:24 -0400] "GET /wp-json/oembed/1.0/embed?url=https%3A%2F%2Fkamrancomputer.com%2F2024%2F10%2F18%2Fbally-online-casino%2F HTTP/1.1" 200 2149 "-" "Mozilla/5.0 AppleWebKit/537.36 (KHTML, like Gecko; compatible; GPTBot/1.2; +https://openai.com/gptbot)"
20.171.207.193 - - [26/Apr/2025:13:00:27 -0400] "GET /2024/10/18/playnow-mobile-app/ HTTP/1.1" 200 20879 "-" "Mozilla/5.0 AppleWebKit/537.36 (KHTML, like Gecko; compatible; GPTBot/1.2; +https://openai.com/gptbot)"
66.29.132.124 - - [26/Apr/2025:13:00:28 -0400] "POST /wp-admin/admin-ajax.php?action=async_litespeed&nonce=5kVXPF88yKVBLl5jTvc9NsrTeKBgWKAW&litespeed_type=imgoptm HTTP/1.1" 200 0 "-" "WordPress/6.8; https://kamrancomputer.com"
20.171.207.193 - - [26/Apr/2025:13:00:32 -0400] "GET /wp-json/oembed/1.0/embed?format=xml&url=https%3A%2F%2Fkamrancomputer.com%2F2024%2F10%2F18%2Fbally-online-casino%2F HTTP/1.1" 200 1032 "-" "Mozilla/5.0 AppleWebKit/537.36 (KHTML, like Gecko; compatible; GPTBot/1.2; +https://openai.com/gptbot)"
20.171.207.193 - - [26/Apr/2025:13:00:35 -0400] "GET /?p=11924 HTTP/1.1" 301 0 "-" "Mozilla/5.0 AppleWebKit/537.36 (KHTML, like Gecko; compatible; GPTBot/1.2; +https://openai.com/gptbot)"
20.171.207.193 - - [26/Apr/2025:13:00:39 -0400] "GET /2024/10/18/playnow-mobile-app/playnow-success-story.jpg HTTP/1.1" 404 18496 "-" "Mozilla/5.0 AppleWebKit/537.36 (KHTML, like Gecko; compatible; GPTBot/1.2; +https://openai.com/gptbot)"
20.171.207.193 - - [26/Apr/2025:13:00:42 -0400] "GET /wp-json/wp/v2/posts/11924 HTTP/1.1" 200 5960 "-" "Mozilla/5.0 AppleWebKit/537.36 (KHTML, like Gecko; compatible; GPTBot/1.2; +https://openai.com/gptbot)"
20.171.207.193 - - [26/Apr/2025:13:00:46 -0400] "GET /wp-json/oembed/1.0/embed?url=https%3A%2F%2Fkamrancomputer.com%2F2024%2F10%2F18%2Fplaynow-mobile-app%2F HTTP/1.1" 200 2144 "-" "Mozilla/5.0 AppleWebKit/537.36 (KHTML, like Gecko; compatible; GPTBot/1.2; +https://openai.com/gptbot)"
20.171.207.193 - - [26/Apr/2025:13:00:48 -0400] "GET /2024/10/18/ruby-fortune-online-casino-canada/embed/ HTTP/1.1" 200 22805 "-" "Mozilla/5.0 AppleWebKit/537.36 (KHTML, like Gecko; compatible; GPTBot/1.2; +https://openai.com/gptbot)"
66.29.132.124 - - [26/Apr/2025:13:00:54 -0400] "POST /wp-cron.php?doing_wp_cron=1745686853.6443579196929931640625 HTTP/1.1" 200 0 "-" "WordPress/6.8; https://kamrancomputer.com"
20.171.207.193 - - [26/Apr/2025:13:00:52 -0400] "GET /2024/10/18/games-slots-online-bigwin-casino/ HTTP/1.1" 200 20123 "-" "Mozilla/5.0 AppleWebKit/537.36 (KHTML, like Gecko; compatible; GPTBot/1.2; +https://openai.com/gptbot)"
20.171.207.193 - - [26/Apr/2025:13:00:56 -0400] "GET /wp-json/elementskit/v1/ HTTP/1.1" 404 114 "-" "Mozilla/5.0 AppleWebKit/537.36 (KHTML, like Gecko; compatible; GPTBot/1.2; +https://openai.com/gptbot)"
20.171.207.193 - - [26/Apr/2025:13:01:00 -0400] "GET /wp-json/oembed/1.0/embed?url=https%3A%2F%2Fkamrancomputer.com%2F2024%2F10%2F19%2Fvideo-poker-online-casino%2F HTTP/1.1" 200 2179 "-" "Mozilla/5.0 AppleWebKit/537.36 (KHTML, like Gecko; compatible; GPTBot/1.2; +https://openai.com/gptbot)"
20.171.207.193 - - [26/Apr/2025:13:01:05 -0400] "GET /wp-json/oembed/1.0/embed?format=xml&url=https%3A%2F%2Fkamrancomputer.com%2F2024%2F10%2F19%2Fvideo-poker-online-casino%2F HTTP/1.1" 200 1037 "-" "Mozilla/5.0 AppleWebKit/537.36 (KHTML, like Gecko; compatible; GPTBot/1.2; +https://openai.com/gptbot)"
20.171.207.193 - - [26/Apr/2025:13:01:09 -0400] "GET /wp-json/oembed/1.0/embed?format=xml&url=https%3A%2F%2Fkamrancomputer.com%2F2024%2F10%2F18%2Fplaynow-mobile-app%2F HTTP/1.1" 200 1035 "-" "Mozilla/5.0 AppleWebKit/537.36 (KHTML, like Gecko; compatible; GPTBot/1.2; +https://openai.com/gptbot)"
66.29.132.124 - - [26/Apr/2025:13:01:14 -0400] "POST /wp-cron.php?doing_wp_cron=1745686874.3640069961547851562500 HTTP/1.1" 200 0 "-" "WordPress/6.8; https://kamrancomputer.com"
20.171.207.193 - - [26/Apr/2025:13:01:12 -0400] "GET /2024/10/18/spielautomat-jackpot/ HTTP/1.1" 200 20636 "-" "Mozilla/5.0 AppleWebKit/537.36 (KHTML, like Gecko; compatible; GPTBot/1.2; +https://openai.com/gptbot)"
20.171.207.193 - - [26/Apr/2025:13:01:16 -0400] "GET /2024/10/18/bally-online-casino/embed/ HTTP/1.1" 200 22757 "-" "Mozilla/5.0 AppleWebKit/537.36 (KHTML, like Gecko; compatible; GPTBot/1.2; +https://openai.com/gptbot)"
20.171.207.193 - - [26/Apr/2025:13:01:20 -0400] "GET /wp-json/oembed/1.0/embed?url=https%3A%2F%2Fkamrancomputer.com%2F2024%2F10%2F18%2Fgames-slots-online-bigwin-casino%2F HTTP/1.1" 200 2214 "-" "Mozilla/5.0 AppleWebKit/537.36 (KHTML, like Gecko; compatible; GPTBot/1.2; +https://openai.com/gptbot)"
20.171.207.193 - - [26/Apr/2025:13:01:24 -0400] "GET /wp-json/oembed/1.0/embed?format=xml&url=https%3A%2F%2Fkamrancomputer.com%2F2024%2F10%2F18%2Fgames-slots-online-bigwin-casino%2F HTTP/1.1" 200 1047 "-" "Mozilla/5.0 AppleWebKit/537.36 (KHTML, like Gecko; compatible; GPTBot/1.2; +https://openai.com/gptbot)"
66.29.132.124 - - [26/Apr/2025:13:01:30 -0400] "POST /wp-cron.php?doing_wp_cron=1745686889.8042089939117431640625 HTTP/1.1" 200 0 "-" "WordPress/6.8; https://kamrancomputer.com"
20.171.207.193 - - [26/Apr/2025:13:01:27 -0400] "GET /2024/10/19/video-poker-online-casino/embed/ HTTP/1.1" 200 22753 "-" "Mozilla/5.0 AppleWebKit/537.36 (KHTML, like Gecko; compatible; GPTBot/1.2; +https://openai.com/gptbot)"
66.29.132.124 - - [26/Apr/2025:13:01:33 -0400] "POST /wp-admin/admin-ajax.php?action=async_litespeed&nonce=12S0qY3Hf9ENZwd0eAwcVrzL5GvYraUn&litespeed_type=imgoptm HTTP/1.1" 200 0 "-" "WordPress/6.8; https://kamrancomputer.com"
20.171.207.193 - - [26/Apr/2025:13:01:31 -0400] "GET /2024/10/18/playnow-mobile-app/embed/ HTTP/1.1" 200 22802 "-" "Mozilla/5.0 AppleWebKit/537.36 (KHTML, like Gecko; compatible; GPTBot/1.2; +https://openai.com/gptbot)"
20.171.207.193 - - [26/Apr/2025:13:01:36 -0400] "GET /2024/10/18/spielautomat-jackpot/jackpot-machine.jpg HTTP/1.1" 404 18498 "-" "Mozilla/5.0 AppleWebKit/537.36 (KHTML, like Gecko; compatible; GPTBot/1.2; +https://openai.com/gptbot)"
20.171.207.193 - - [26/Apr/2025:13:01:40 -0400] "GET /wp-json/oembed/1.0/embed?format=xml&url=https%3A%2F%2Fkamrancomputer.com%2F2024%2F10%2F18%2Fspielautomat-jackpot%2F HTTP/1.1" 200 1031 "-" "Mozilla/5.0 AppleWebKit/537.36 (KHTML, like Gecko; compatible; GPTBot/1.2; +https://openai.com/gptbot)"
20.171.207.193 - - [26/Apr/2025:13:01:45 -0400] "GET /wp-json/elementskit/v1/ HTTP/1.1" 404 114 "-" "Mozilla/5.0 AppleWebKit/537.36 (KHTML, like Gecko; compatible; GPTBot/1.2; +https://openai.com/gptbot)"
20.171.207.193 - - [26/Apr/2025:13:01:49 -0400] "GET /wp-json/oembed/1.0/embed?url=https%3A%2F%2Fkamrancomputer.com%2F2024%2F10%2F18%2Fspielautomat-jackpot%2F HTTP/1.1" 200 2154 "-" "Mozilla/5.0 AppleWebKit/537.36 (KHTML, like Gecko; compatible; GPTBot/1.2; +https://openai.com/gptbot)"
66.29.132.124 - - [26/Apr/2025:13:01:54 -0400] "POST /wp-cron.php?doing_wp_cron=1745686914.0675539970397949218750 HTTP/1.1" 200 0 "-" "WordPress/6.8; https://kamrancomputer.com"
20.171.207.193 - - [26/Apr/2025:13:01:52 -0400] "GET /2024/10/18/games-slots-online-bigwin-casino/embed/ HTTP/1.1" 200 22779 "-" "Mozilla/5.0 AppleWebKit/537.36 (KHTML, like Gecko; compatible; GPTBot/1.2; +https://openai.com/gptbot)"
20.171.207.193 - - [26/Apr/2025:13:01:56 -0400] "GET /2024/10/18/spielautomat-jackpot/embed/ HTTP/1.1" 200 22786 "-" "Mozilla/5.0 AppleWebKit/537.36 (KHTML, like Gecko; compatible; GPTBot/1.2; +https://openai.com/gptbot)"
20.171.207.193 - - [26/Apr/2025:13:01:59 -0400] "GET /wp-json/elementskit/v1/ HTTP/1.1" 404 114 "-" "Mozilla/5.0 AppleWebKit/537.36 (KHTML, like Gecko; compatible; GPTBot/1.2; +https://openai.com/gptbot)"
66.29.132.124 - - [26/Apr/2025:13:03:04 -0400] "POST /wp-cron.php?doing_wp_cron=1745686984.3461289405822753906250 HTTP/1.1" 200 0 "-" "WordPress/6.8; https://kamrancomputer.com"
20.171.207.193 - - [26/Apr/2025:13:03:01 -0400] "GET /wp-json/wp/v2/posts/13477 HTTP/1.1" 200 15359 "-" "Mozilla/5.0 AppleWebKit/537.36 (KHTML, like Gecko; compatible; GPTBot/1.2; +https://openai.com/gptbot)"
66.29.132.124 - - [26/Apr/2025:13:03:07 -0400] "POST /wp-admin/admin-ajax.php?action=async_litespeed&nonce=NNhEgJCJmILelynV8ZGc1qdhrxt9c3TX&litespeed_type=imgoptm HTTP/1.1" 200 0 "-" "WordPress/6.8; https://kamrancomputer.com"
20.171.207.193 - - [26/Apr/2025:13:03:06 -0400] "GET /?p=13477 HTTP/1.1" 301 0 "-" "Mozilla/5.0 AppleWebKit/537.36 (KHTML, like Gecko; compatible; GPTBot/1.2; +https://openai.com/gptbot)"
20.171.207.193 - - [26/Apr/2025:13:03:12 -0400] "GET /2024/10/18/obzor-onlajn-casino-x/ HTTP/1.1" 200 22035 "-" "Mozilla/5.0 AppleWebKit/537.36 (KHTML, like Gecko; compatible; GPTBot/1.2; +https://openai.com/gptbot)"
20.171.207.193 - - [26/Apr/2025:13:03:16 -0400] "GET /wp-json/oembed/1.0/embed?url=https%3A%2F%2Fkamrancomputer.com%2F2024%2F10%2F18%2Fobzor-onlajn-casino-x%2F HTTP/1.1" 200 2357 "-" "Mozilla/5.0 AppleWebKit/537.36 (KHTML, like Gecko; compatible; GPTBot/1.2; +https://openai.com/gptbot)"
20.171.207.193 - - [26/Apr/2025:13:03:21 -0400] "GET /wp-json/oembed/1.0/embed?format=xml&url=https%3A%2F%2Fkamrancomputer.com%2F2024%2F10%2F18%2Fobzor-onlajn-casino-x%2F HTTP/1.1" 200 1073 "-" "Mozilla/5.0 AppleWebKit/537.36 (KHTML, like Gecko; compatible; GPTBot/1.2; +https://openai.com/gptbot)"
20.171.207.193 - - [26/Apr/2025:13:03:24 -0400] "GET /wp-json/elementskit/v1/ HTTP/1.1" 404 114 "-" "Mozilla/5.0 AppleWebKit/537.36 (KHTML, like Gecko; compatible; GPTBot/1.2; +https://openai.com/gptbot)"
66.29.132.124 - - [26/Apr/2025:13:03:29 -0400] "POST /wp-cron.php?doing_wp_cron=1745687009.7310619354248046875000 HTTP/1.1" 200 0 "-" "WordPress/6.8; https://kamrancomputer.com"
20.171.207.193 - - [26/Apr/2025:13:03:28 -0400] "GET /2024/10/18/obzor-onlajn-casino-x/embed/ HTTP/1.1" 200 23053 "-" "Mozilla/5.0 AppleWebKit/537.36 (KHTML, like Gecko; compatible; GPTBot/1.2; +https://openai.com/gptbot)"
20.171.207.193 - - [26/Apr/2025:13:03:32 -0400] "GET /wp-json/elementskit/v1/ HTTP/1.1" 404 114 "-" "Mozilla/5.0 AppleWebKit/537.36 (KHTML, like Gecko; compatible; GPTBot/1.2; +https://openai.com/gptbot)"
66.29.132.124 - - [26/Apr/2025:13:03:32 -0400] "POST /wp-admin/admin-ajax.php?action=async_litespeed&nonce=M1dZOxzCpiJin2ihgKyLFBPZUF1sHlxb&litespeed_type=imgoptm HTTP/1.1" 200 0 "-" "WordPress/6.8; https://kamrancomputer.com"
66.29.132.124 - - [26/Apr/2025:13:04:47 -0400] "POST /wp-cron.php?doing_wp_cron=1745687087.5385260581970214843750 HTTP/1.1" 200 0 "-" "WordPress/6.8; https://kamrancomputer.com"
20.171.207.193 - - [26/Apr/2025:13:04:45 -0400] "GET /?p=18745 HTTP/1.1" 301 0 "-" "Mozilla/5.0 AppleWebKit/537.36 (KHTML, like Gecko; compatible; GPTBot/1.2; +https://openai.com/gptbot)"
66.29.132.124 - - [26/Apr/2025:13:04:49 -0400] "POST /wp-admin/admin-ajax.php?action=async_litespeed&nonce=L75wWv8hVYypyyT8vfaHFbMln32j8EF2&litespeed_type=imgoptm HTTP/1.1" 200 0 "-" "WordPress/6.8; https://kamrancomputer.com"
20.171.207.193 - - [26/Apr/2025:13:04:49 -0400] "GET /wp-json/wp/v2/posts/18745 HTTP/1.1" 200 17514 "-" "Mozilla/5.0 AppleWebKit/537.36 (KHTML, like Gecko; compatible; GPTBot/1.2; +https://openai.com/gptbot)"
66.29.132.124 - - [26/Apr/2025:13:04:53 -0400] "POST /wp-cron.php?doing_wp_cron=1745687093.7536389827728271484375 HTTP/1.1" 200 0 "-" "WordPress/6.8; https://kamrancomputer.com"
20.171.207.193 - - [26/Apr/2025:13:04:52 -0400] "GET /2024/10/19/pinco-kazino/ HTTP/1.1" 200 22345 "-" "Mozilla/5.0 AppleWebKit/537.36 (KHTML, like Gecko; compatible; GPTBot/1.2; +https://openai.com/gptbot)"
20.171.207.193 - - [26/Apr/2025:13:04:55 -0400] "GET /wp-json/oembed/1.0/embed?format=xml&url=https%3A%2F%2Fkamrancomputer.com%2F2024%2F10%2F19%2Fpinco-kazino%2F HTTP/1.1" 200 1049 "-" "Mozilla/5.0 AppleWebKit/537.36 (KHTML, like Gecko; compatible; GPTBot/1.2; +https://openai.com/gptbot)"
20.171.207.193 - - [26/Apr/2025:13:04:59 -0400] "GET /wp-json/oembed/1.0/embed?url=https%3A%2F%2Fkamrancomputer.com%2F2024%2F10%2F19%2Fpinco-kazino%2F HTTP/1.1" 200 2222 "-" "Mozilla/5.0 AppleWebKit/537.36 (KHTML, like Gecko; compatible; GPTBot/1.2; +https://openai.com/gptbot)"
20.171.207.193 - - [26/Apr/2025:13:05:03 -0400] "GET /wp-json/elementskit/v1/ HTTP/1.1" 404 114 "-" "Mozilla/5.0 AppleWebKit/537.36 (KHTML, like Gecko; compatible; GPTBot/1.2; +https://openai.com/gptbot)"
20.171.207.193 - - [26/Apr/2025:13:05:05 -0400] "GET /wp-json/wp/v2/posts/6738 HTTP/1.1" 200 5977 "-" "Mozilla/5.0 AppleWebKit/537.36 (KHTML, like Gecko; compatible; GPTBot/1.2; +https://openai.com/gptbot)"
20.171.207.193 - - [26/Apr/2025:13:05:08 -0400] "GET /?p=6738 HTTP/1.1" 301 0 "-" "Mozilla/5.0 AppleWebKit/537.36 (KHTML, like Gecko; compatible; GPTBot/1.2; +https://openai.com/gptbot)"
20.171.207.193 - - [26/Apr/2025:13:05:12 -0400] "GET /2024/10/19/pinco-kazino/embed/ HTTP/1.1" 200 22981 "-" "Mozilla/5.0 AppleWebKit/537.36 (KHTML, like Gecko; compatible; GPTBot/1.2; +https://openai.com/gptbot)"
20.171.207.193 - - [26/Apr/2025:13:05:15 -0400] "GET /2024/10/18/nj-online-casino/ HTTP/1.1" 200 20167 "-" "Mozilla/5.0 AppleWebKit/537.36 (KHTML, like Gecko; compatible; GPTBot/1.2; +https://openai.com/gptbot)"
