OwlCyberSecurity - MANAGER
Edit File: kamrancomputer.com.arsn.media-ssl_log
66.29.132.124 - - [25/Apr/2025:21:32:19 -0400] "POST /wp-cron.php?doing_wp_cron=1745631139.1271131038665771484375 HTTP/1.1" 200 0 "-" "WordPress/6.8; https://kamrancomputer.com"
66.29.132.124 - - [25/Apr/2025:21:32:20 -0400] "POST /wp-admin/admin-ajax.php?action=async_litespeed&nonce=8CeDRmmKW1heRhzXk2J4rEWmR2qqcuoy&litespeed_type=imgoptm HTTP/1.1" 200 0 "-" "WordPress/6.8; https://kamrancomputer.com"
20.15.133.174 - - [25/Apr/2025:21:32:13 -0400] "GET /2024/10/18/online-casino-for-real-cash/ HTTP/1.1" 200 20873 "-" "Mozilla/5.0 AppleWebKit/537.36 (KHTML, like Gecko; compatible; bingbot/2.0; +http://www.bing.com/bingbot.htm) Chrome/116.0.1938.76 Safari/537.36"
66.29.132.124 - - [25/Apr/2025:21:38:19 -0400] "POST /wp-cron.php?doing_wp_cron=1745631499.2986669540405273437500 HTTP/1.1" 200 0 "-" "WordPress/6.8; https://kamrancomputer.com"
66.29.132.124 - - [25/Apr/2025:21:38:20 -0400] "POST /wp-admin/admin-ajax.php?action=async_litespeed&nonce=IPGLh2ICWzm1UFYMnG9I8SQ9Ty5Q6miv&litespeed_type=imgoptm HTTP/1.1" 200 0 "-" "WordPress/6.8; https://kamrancomputer.com"
57.141.4.16 - - [25/Apr/2025:21:38:01 -0400] "GET /sitemap2.xml HTTP/1.1" 404 105595 "-" "meta-externalagent/1.1 (+https://developers.facebook.com/docs/sharing/webmasters/crawler)"
66.29.132.124 - - [25/Apr/2025:21:49:50 -0400] "POST /wp-cron.php?doing_wp_cron=1745632190.3297080993652343750000 HTTP/1.1" 200 0 "-" "WordPress/6.8; https://kamrancomputer.com"
66.29.132.124 - - [25/Apr/2025:21:49:51 -0400] "POST /wp-admin/admin-ajax.php?action=async_litespeed&nonce=woiw1zncdPZfXBVLuJu1x7sWKFwOGdSL&litespeed_type=imgoptm HTTP/1.1" 200 0 "-" "WordPress/6.8; https://kamrancomputer.com"
57.141.4.14 - - [25/Apr/2025:21:49:28 -0400] "GET /wp-json/oembed/1.0/embed?url=https%3A%2F%2Fkamrancomputer.com%2F2024%2F10%2F18%2Ftropicana-online-casino%2F HTTP/1.1" 200 2169 "-" "meta-externalagent/1.1 (+https://developers.facebook.com/docs/sharing/webmasters/crawler)"
54.39.48.216 - - [25/Apr/2025:21:51:44 -0400] "GET /xmlrpc.php HTTP/1.1" 200 0 "http://kamrancomputer.com" "Mozilla/5.0 (Windows NT 10.0; Win64; x64; rv:128.0) Gecko/20100101 Firefox/128.0"
66.29.132.124 - - [25/Apr/2025:21:51:49 -0400] "POST /wp-cron.php?doing_wp_cron=1745632309.7206370830535888671875 HTTP/1.1" 200 0 "-" "WordPress/6.8; https://kamrancomputer.com"
66.29.132.124 - - [25/Apr/2025:21:51:50 -0400] "POST /wp-admin/admin-ajax.php?action=async_litespeed&nonce=p6r7bYHws2s8OsrfM8Q5LyNweM6jXZuj&litespeed_type=imgoptm HTTP/1.1" 200 0 "-" "WordPress/6.8; https://kamrancomputer.com"
66.29.132.124 - - [25/Apr/2025:21:57:40 -0400] "POST /wp-cron.php?doing_wp_cron=1745632660.0922150611877441406250 HTTP/1.1" 200 0 "-" "WordPress/6.8; https://kamrancomputer.com"
57.141.4.19 - - [25/Apr/2025:21:57:15 -0400] "GET /sitemap.xml HTTP/1.1" 301 0 "-" "meta-externalagent/1.1 (+https://developers.facebook.com/docs/sharing/webmasters/crawler)"
66.29.132.124 - - [25/Apr/2025:21:57:43 -0400] "POST /wp-admin/admin-ajax.php?action=async_litespeed&nonce=NdzUFEhaYnDHpTMVrCsf0M7lpKPUyyvX&litespeed_type=imgoptm HTTP/1.1" 200 0 "-" "WordPress/6.8; https://kamrancomputer.com"
57.141.4.13 - - [25/Apr/2025:21:57:44 -0400] "GET /wp-sitemap.xml HTTP/1.1" 200 1847 "-" "meta-externalagent/1.1 (+https://developers.facebook.com/docs/sharing/webmasters/crawler)"
66.29.132.124 - - [25/Apr/2025:22:09:50 -0400] "POST /wp-cron.php?doing_wp_cron=1745633390.8488690853118896484375 HTTP/1.1" 200 0 "-" "WordPress/6.8; https://kamrancomputer.com"
66.29.132.124 - - [25/Apr/2025:22:09:53 -0400] "POST /wp-admin/admin-ajax.php?action=async_litespeed&nonce=3uuiJZZsIwxLrOs2ct5ko11Ykf32Wtsh&litespeed_type=imgoptm HTTP/1.1" 200 0 "-" "WordPress/6.8; https://kamrancomputer.com"
57.141.4.23 - - [25/Apr/2025:22:09:21 -0400] "GET /wp-json/wp/v2/posts/8253 HTTP/1.1" 200 6774 "-" "meta-externalagent/1.1 (+https://developers.facebook.com/docs/sharing/webmasters/crawler)"
66.29.132.124 - - [25/Apr/2025:22:11:25 -0400] "POST /wp-cron.php?doing_wp_cron=1745633485.3860599994659423828125 HTTP/1.1" 200 0 "-" "WordPress/6.8; https://kamrancomputer.com"
57.141.4.19 - - [25/Apr/2025:22:11:19 -0400] "GET /?p=15528 HTTP/1.1" 301 0 "-" "meta-externalagent/1.1 (+https://developers.facebook.com/docs/sharing/webmasters/crawler)"
66.29.132.124 - - [25/Apr/2025:22:11:27 -0400] "POST /wp-admin/admin-ajax.php?action=async_litespeed&nonce=WRCC0Ylx9GKj2dgLZv9REMufVzSYUFTV&litespeed_type=imgoptm HTTP/1.1" 200 0 "-" "WordPress/6.8; https://kamrancomputer.com"
66.29.132.124 - - [25/Apr/2025:22:12:15 -0400] "POST /wp-cron.php?doing_wp_cron=1745633535.3499279022216796875000 HTTP/1.1" 200 0 "-" "WordPress/6.8; https://kamrancomputer.com"
57.141.4.22 - - [25/Apr/2025:22:12:14 -0400] "GET /product/lenovo-round-pin-90w-ahsan-lhr/feed/ HTTP/1.1" 200 825 "-" "meta-externalagent/1.1 (+https://developers.facebook.com/docs/sharing/webmasters/crawler)"
57.141.4.4 - - [25/Apr/2025:22:12:17 -0400] "GET /product/universla-hands-free-silverblue/feed/ HTTP/1.1" 200 828 "-" "meta-externalagent/1.1 (+https://developers.facebook.com/docs/sharing/webmasters/crawler)"
66.29.132.124 - - [25/Apr/2025:22:12:39 -0400] "POST /wp-cron.php?doing_wp_cron=1745633559.4384069442749023437500 HTTP/1.1" 200 0 "-" "WordPress/6.8; https://kamrancomputer.com"
57.141.4.15 - - [25/Apr/2025:22:12:37 -0400] "GET /wp-json/oembed/1.0/embed?url=https%3A%2F%2Fkamrancomputer.com%2F2024%2F10%2F18%2Fbest-new-online-casino-australia%2F HTTP/1.1" 200 2214 "-" "meta-externalagent/1.1 (+https://developers.facebook.com/docs/sharing/webmasters/crawler)"
66.29.132.124 - - [25/Apr/2025:22:12:40 -0400] "POST /wp-admin/admin-ajax.php?action=async_litespeed&nonce=lrkug3BPj3oIsUxZ4YvA28qYXEQPwW4m&litespeed_type=imgoptm HTTP/1.1" 200 0 "-" "WordPress/6.8; https://kamrancomputer.com"
43.143.248.236 - - [25/Apr/2025:22:18:55 -0400] "GET / HTTP/1.1" 200 37819 "http://kamrancomputer.com" "Mozilla/5.0 (iPhone; CPU iPhone OS 13_2_3 like Mac OS X) AppleWebKit/605.1.15 (KHTML, like Gecko) Version/13.0.3 Mobile/15E148 Safari/604.1"
66.29.132.124 - - [25/Apr/2025:22:23:10 -0400] "POST /wp-cron.php?doing_wp_cron=1745634190.0724239349365234375000 HTTP/1.1" 200 0 "-" "WordPress/6.8; https://kamrancomputer.com"
57.141.4.11 - - [25/Apr/2025:22:22:49 -0400] "GET /wp-json/wp/v2/posts/15131 HTTP/1.1" 200 6258 "-" "meta-externalagent/1.1 (+https://developers.facebook.com/docs/sharing/webmasters/crawler)"
66.29.132.124 - - [25/Apr/2025:22:23:11 -0400] "POST /wp-admin/admin-ajax.php?action=async_litespeed&nonce=qmcSwZrGyC1NQV5ArWWEXycP7r8mYZPM&litespeed_type=imgoptm HTTP/1.1" 200 0 "-" "WordPress/6.8; https://kamrancomputer.com"
66.29.132.124 - - [25/Apr/2025:22:27:01 -0400] "POST /wp-cron.php?doing_wp_cron=1745634421.3776869773864746093750 HTTP/1.1" 200 0 "-" "WordPress/6.8; https://kamrancomputer.com"
66.29.132.124 - - [25/Apr/2025:22:27:01 -0400] "POST /wp-cron.php?doing_wp_cron=1745634421.3783879280090332031250 HTTP/1.1" 200 0 "-" "WordPress/6.8; https://kamrancomputer.com"
57.141.4.5 - - [25/Apr/2025:22:26:59 -0400] "GET /?p=269 HTTP/1.1" 301 0 "-" "meta-externalagent/1.1 (+https://developers.facebook.com/docs/sharing/webmasters/crawler)"
57.141.4.5 - - [25/Apr/2025:22:26:50 -0400] "GET /?p=339 HTTP/1.1" 301 0 "-" "meta-externalagent/1.1 (+https://developers.facebook.com/docs/sharing/webmasters/crawler)"
57.141.4.20 - - [25/Apr/2025:22:26:52 -0400] "GET /product/lenovo-usb-90w-ahsan-lhr/feed/ HTTP/1.1" 200 807 "-" "meta-externalagent/1.1 (+https://developers.facebook.com/docs/sharing/webmasters/crawler)"
57.141.4.20 - - [25/Apr/2025:22:27:03 -0400] "GET /product/logitech-original-270/ HTTP/1.1" 200 129883 "-" "meta-externalagent/1.1 (+https://developers.facebook.com/docs/sharing/webmasters/crawler)"
66.29.132.124 - - [25/Apr/2025:22:27:02 -0400] "POST /wp-admin/admin-ajax.php?action=async_litespeed&nonce=DSZvZWmGBB7J18VOhojfjrZS0MkoxGGE&litespeed_type=imgoptm HTTP/1.1" 200 0 "-" "WordPress/6.8; https://kamrancomputer.com"
57.141.4.29 - - [25/Apr/2025:22:27:03 -0400] "GET /product/hp-blue-pin-90w-ahsan-lhr/ HTTP/1.1" 200 133549 "-" "meta-externalagent/1.1 (+https://developers.facebook.com/docs/sharing/webmasters/crawler)"
66.29.132.124 - - [25/Apr/2025:22:33:28 -0400] "POST /wp-cron.php?doing_wp_cron=1745634807.6288750171661376953125 HTTP/1.1" 200 0 "-" "WordPress/6.8; https://kamrancomputer.com"
66.29.132.124 - - [25/Apr/2025:22:33:28 -0400] "POST /wp-cron.php?doing_wp_cron=1745634807.6269469261169433593750 HTTP/1.1" 200 0 "-" "WordPress/6.8; https://kamrancomputer.com"
57.141.4.15 - - [25/Apr/2025:22:32:59 -0400] "GET /?p=264 HTTP/1.1" 301 0 "-" "meta-externalagent/1.1 (+https://developers.facebook.com/docs/sharing/webmasters/crawler)"
66.29.132.124 - - [25/Apr/2025:22:33:31 -0400] "POST /wp-admin/admin-ajax.php?action=async_litespeed&nonce=qDVUJPgOu7EJs1YsPi3pldRfdVqnTCXT&litespeed_type=imgoptm HTTP/1.1" 200 0 "-" "WordPress/6.8; https://kamrancomputer.com"
57.141.4.15 - - [25/Apr/2025:22:33:18 -0400] "GET /product-category/mic-wired-wireless/ HTTP/1.1" 200 109734 "-" "meta-externalagent/1.1 (+https://developers.facebook.com/docs/sharing/webmasters/crawler)"
57.141.4.14 - - [25/Apr/2025:22:33:31 -0400] "GET /product/dell-small-pin-90w-ahsan-lhr/ HTTP/1.1" 200 133553 "-" "meta-externalagent/1.1 (+https://developers.facebook.com/docs/sharing/webmasters/crawler)"
66.29.132.124 - - [25/Apr/2025:22:33:58 -0400] "POST /wp-cron.php?doing_wp_cron=1745634838.8393409252166748046875 HTTP/1.1" 200 0 "-" "WordPress/6.8; https://kamrancomputer.com"
57.141.4.15 - - [25/Apr/2025:22:33:57 -0400] "GET /wp-json/oembed/1.0/embed?url=https%3A%2F%2Fkamrancomputer.com%2F2024%2F10%2F18%2Fslottie-casino%2F HTTP/1.1" 200 2124 "-" "meta-externalagent/1.1 (+https://developers.facebook.com/docs/sharing/webmasters/crawler)"
57.141.4.23 - - [25/Apr/2025:22:34:21 -0400] "GET /product-category/ssd-all-big-brands/feed/ HTTP/1.1" 200 4570 "-" "meta-externalagent/1.1 (+https://developers.facebook.com/docs/sharing/webmasters/crawler)"
66.29.132.124 - - [25/Apr/2025:22:35:06 -0400] "POST /wp-cron.php?doing_wp_cron=1745634906.2079548835754394531250 HTTP/1.1" 200 0 "-" "WordPress/6.8; https://kamrancomputer.com"
57.141.4.17 - - [25/Apr/2025:22:35:03 -0400] "GET /product/lenovo-usb-65w-ahsan-lhr/feed/ HTTP/1.1" 200 807 "-" "meta-externalagent/1.1 (+https://developers.facebook.com/docs/sharing/webmasters/crawler)"
66.29.132.124 - - [25/Apr/2025:22:35:08 -0400] "POST /wp-admin/admin-ajax.php?action=async_litespeed&nonce=EbBRJW4JrirGeweRMsvpYTiWnbEBmopi&litespeed_type=imgoptm HTTP/1.1" 200 0 "-" "WordPress/6.8; https://kamrancomputer.com"
66.29.132.124 - - [25/Apr/2025:22:36:27 -0400] "POST /wp-cron.php?doing_wp_cron=1745634987.1374471187591552734375 HTTP/1.1" 200 0 "-" "WordPress/6.8; https://kamrancomputer.com"
57.141.4.16 - - [25/Apr/2025:22:36:26 -0400] "GET /?p=648 HTTP/1.1" 301 0 "-" "meta-externalagent/1.1 (+https://developers.facebook.com/docs/sharing/webmasters/crawler)"
57.141.4.19 - - [25/Apr/2025:22:36:28 -0400] "GET /print-ads/ HTTP/1.1" 200 152609 "-" "meta-externalagent/1.1 (+https://developers.facebook.com/docs/sharing/webmasters/crawler)"
66.29.132.124 - - [25/Apr/2025:22:36:27 -0400] "POST /wp-admin/admin-ajax.php?action=async_litespeed&nonce=nr8k7pmMKbSkAx1CwbmrZTlT7sQGbx9E&litespeed_type=imgoptm HTTP/1.1" 200 0 "-" "WordPress/6.8; https://kamrancomputer.com"
66.29.132.124 - - [25/Apr/2025:22:36:28 -0400] "POST /wp-admin/admin-ajax.php?action=as_async_request_queue_runner&nonce=62bb3accde HTTP/1.1" 200 0 "-" "WordPress/6.8; https://kamrancomputer.com"
66.29.132.124 - - [25/Apr/2025:22:39:14 -0400] "POST /wp-cron.php?doing_wp_cron=1745635154.7622530460357666015625 HTTP/1.1" 200 0 "-" "WordPress/6.8; https://kamrancomputer.com"
57.141.4.27 - - [25/Apr/2025:22:39:11 -0400] "GET /?p=271 HTTP/1.1" 301 0 "-" "meta-externalagent/1.1 (+https://developers.facebook.com/docs/sharing/webmasters/crawler)"
57.141.4.12 - - [25/Apr/2025:22:39:03 -0400] "GET /product/mini-wireless-keyboard-tv-box/feed/ HTTP/1.1" 200 821 "-" "meta-externalagent/1.1 (+https://developers.facebook.com/docs/sharing/webmasters/crawler)"
66.29.132.124 - - [25/Apr/2025:22:39:17 -0400] "POST /wp-admin/admin-ajax.php?action=async_litespeed&nonce=kDm6AYlhgvALcVfjnhgLfHPjLfpDhUlz&litespeed_type=imgoptm HTTP/1.1" 200 0 "-" "WordPress/6.8; https://kamrancomputer.com"
57.141.4.14 - - [25/Apr/2025:22:39:16 -0400] "GET /product/hp-blue-pin-65w-ahsan-lhr/ HTTP/1.1" 200 133348 "-" "meta-externalagent/1.1 (+https://developers.facebook.com/docs/sharing/webmasters/crawler)"
66.29.132.124 - - [25/Apr/2025:22:42:33 -0400] "POST /wp-cron.php?doing_wp_cron=1745635353.3998539447784423828125 HTTP/1.1" 200 0 "-" "WordPress/6.8; https://kamrancomputer.com"
57.141.4.25 - - [25/Apr/2025:22:42:28 -0400] "GET /?p=266 HTTP/1.1" 301 0 "-" "meta-externalagent/1.1 (+https://developers.facebook.com/docs/sharing/webmasters/crawler)"
57.141.4.25 - - [25/Apr/2025:22:42:34 -0400] "GET /product/dell-small-pin-65w-ahsan-lhr/ HTTP/1.1" 200 133596 "-" "meta-externalagent/1.1 (+https://developers.facebook.com/docs/sharing/webmasters/crawler)"
66.29.132.124 - - [25/Apr/2025:22:42:33 -0400] "POST /wp-admin/admin-ajax.php?action=async_litespeed&nonce=RTxCXIApCUInFRsrJX8ArTaFzuooABie&litespeed_type=imgoptm HTTP/1.1" 200 0 "-" "WordPress/6.8; https://kamrancomputer.com"
66.29.132.124 - - [25/Apr/2025:22:42:34 -0400] "POST /wp-admin/admin-ajax.php?action=as_async_request_queue_runner&nonce=62bb3accde HTTP/1.1" 200 0 "-" "WordPress/6.8; https://kamrancomputer.com"
66.29.132.124 - - [25/Apr/2025:22:43:29 -0400] "POST /wp-cron.php?doing_wp_cron=1745635409.2058959007263183593750 HTTP/1.1" 200 0 "-" "WordPress/6.8; https://kamrancomputer.com"
57.141.4.18 - - [25/Apr/2025:22:43:28 -0400] "GET /?p=277 HTTP/1.1" 301 0 "-" "meta-externalagent/1.1 (+https://developers.facebook.com/docs/sharing/webmasters/crawler)"
66.29.132.124 - - [25/Apr/2025:22:43:29 -0400] "POST /wp-admin/admin-ajax.php?action=async_litespeed&nonce=eRKCDahSrNLBqpGi9yhHuy8ZjFNU6sTt&litespeed_type=imgoptm HTTP/1.1" 200 21 "-" "WordPress/6.8; https://kamrancomputer.com"
57.141.4.5 - - [25/Apr/2025:22:43:30 -0400] "GET /product/lenovo-round-pin-90w-ahsan-lhr/ HTTP/1.1" 200 133756 "-" "meta-externalagent/1.1 (+https://developers.facebook.com/docs/sharing/webmasters/crawler)"
57.141.4.30 - - [25/Apr/2025:22:43:30 -0400] "GET /?p=243 HTTP/1.1" 301 0 "-" "meta-externalagent/1.1 (+https://developers.facebook.com/docs/sharing/webmasters/crawler)"
57.141.4.24 - - [25/Apr/2025:22:43:32 -0400] "GET /product/tv-remotes-faheem-khi-2/ HTTP/1.1" 200 126980 "-" "meta-externalagent/1.1 (+https://developers.facebook.com/docs/sharing/webmasters/crawler)"
57.141.4.22 - - [25/Apr/2025:22:43:39 -0400] "GET /?p=365 HTTP/1.1" 301 0 "-" "meta-externalagent/1.1 (+https://developers.facebook.com/docs/sharing/webmasters/crawler)"
57.141.4.8 - - [25/Apr/2025:22:43:41 -0400] "GET /product/universla-hands-free-silverblue/ HTTP/1.1" 200 130488 "-" "meta-externalagent/1.1 (+https://developers.facebook.com/docs/sharing/webmasters/crawler)"
66.29.132.124 - - [25/Apr/2025:22:45:24 -0400] "POST /wp-cron.php?doing_wp_cron=1745635524.1590449810028076171875 HTTP/1.1" 200 0 "-" "WordPress/6.8; https://kamrancomputer.com"
66.29.141.17 - - [25/Apr/2025:22:45:17 -0400] "GET /xmlrpc.php HTTP/1.1" 405 46 "http://kamrancomputer.com" "Mozilla/5.0 (Windows NT 10.0; Win64; x64) AppleWebKit/537.36 (KHTML, like Gecko) Chrome/113.0.5672.93 Safari/537.36"
66.29.132.124 - - [25/Apr/2025:22:45:27 -0400] "POST /wp-admin/admin-ajax.php?action=async_litespeed&nonce=4azCuhj8hxwLMeJ7mrnDRioG5RN777Ti&litespeed_type=imgoptm HTTP/1.1" 200 0 "-" "WordPress/6.8; https://kamrancomputer.com"
57.141.4.30 - - [25/Apr/2025:22:45:38 -0400] "GET /?p=157 HTTP/1.1" 301 0 "-" "meta-externalagent/1.1 (+https://developers.facebook.com/docs/sharing/webmasters/crawler)"
57.141.4.23 - - [25/Apr/2025:22:45:41 -0400] "GET /about-us/ HTTP/1.1" 200 124735 "-" "meta-externalagent/1.1 (+https://developers.facebook.com/docs/sharing/webmasters/crawler)"
66.29.132.124 - - [25/Apr/2025:22:48:01 -0400] "POST /wp-cron.php?doing_wp_cron=1745635681.9118459224700927734375 HTTP/1.1" 200 0 "-" "WordPress/6.8; https://kamrancomputer.com"
57.141.4.26 - - [25/Apr/2025:22:47:58 -0400] "GET /product-category/mobile-data-cable/ HTTP/1.1" 200 109696 "-" "meta-externalagent/1.1 (+https://developers.facebook.com/docs/sharing/webmasters/crawler)"
66.29.132.124 - - [25/Apr/2025:22:48:02 -0400] "POST /wp-admin/admin-ajax.php?action=async_litespeed&nonce=UgLcwhNCAZgeqiPVWOwXCpne9UXFgY4F&litespeed_type=imgoptm HTTP/1.1" 200 0 "-" "WordPress/6.8; https://kamrancomputer.com"
71.18.255.2 - - [25/Apr/2025:22:48:28 -0400] "GET / HTTP/1.1" 200 31198 "-" "Mozilla/5.0 (iPhone; CPU iPhone OS 15_7_2 like Mac OS X) AppleWebKit/605.1.15 (KHTML, like Gecko) Mobile/15E148"
71.18.255.2 - - [25/Apr/2025:22:48:29 -0400] "GET /wp-includes/js/mediaelement/wp-mediaelement.min.css?ver=6.8 HTTP/1.1" 200 982 "https://kamrancomputer.com/" "Mozilla/5.0 (iPhone; CPU iPhone OS 15_7_2 like Mac OS X) AppleWebKit/605.1.15 (KHTML, like Gecko) Mobile/15E148"
71.18.255.2 - - [25/Apr/2025:22:48:29 -0400] "GET /wp-content/plugins/header-footer-elementor/inc/widgets-css/frontend.css?ver=2.3.0 HTTP/1.1" 200 8133 "https://kamrancomputer.com/" "Mozilla/5.0 (iPhone; CPU iPhone OS 15_7_2 like Mac OS X) AppleWebKit/605.1.15 (KHTML, like Gecko) Mobile/15E148"
71.18.255.2 - - [25/Apr/2025:22:48:29 -0400] "GET /wp-includes/js/mediaelement/mediaelementplayer-legacy.min.css?ver=4.2.17 HTTP/1.1" 200 2394 "https://kamrancomputer.com/" "Mozilla/5.0 (iPhone; CPU iPhone OS 15_7_2 like Mac OS X) AppleWebKit/605.1.15 (KHTML, like Gecko) Mobile/15E148"
71.18.255.2 - - [25/Apr/2025:22:48:29 -0400] "GET /wp-content/plugins/woocommerce/assets/css/woocommerce-layout.css?ver=9.8.2 HTTP/1.1" 200 3160 "https://kamrancomputer.com/" "Mozilla/5.0 (iPhone; CPU iPhone OS 15_7_2 like Mac OS X) AppleWebKit/605.1.15 (KHTML, like Gecko) Mobile/15E148"
71.18.255.2 - - [25/Apr/2025:22:48:30 -0400] "GET /wp-content/plugins/woocommerce/assets/css/woocommerce-smallscreen.css?ver=9.8.2 HTTP/1.1" 200 1165 "https://kamrancomputer.com/" "Mozilla/5.0 (iPhone; CPU iPhone OS 15_7_2 like Mac OS X) AppleWebKit/605.1.15 (KHTML, like Gecko) Mobile/15E148"
71.18.255.2 - - [25/Apr/2025:22:48:30 -0400] "GET /wp-content/plugins/header-footer-elementor/assets/css/header-footer-elementor.css?ver=2.3.0 HTTP/1.1" 200 259 "https://kamrancomputer.com/" "Mozilla/5.0 (iPhone; CPU iPhone OS 15_7_2 like Mac OS X) AppleWebKit/605.1.15 (KHTML, like Gecko) Mobile/15E148"
71.18.255.2 - - [25/Apr/2025:22:48:30 -0400] "GET /wp-content/plugins/woocommerce/assets/css/woocommerce.css?ver=9.8.2 HTTP/1.1" 200 10163 "https://kamrancomputer.com/" "Mozilla/5.0 (iPhone; CPU iPhone OS 15_7_2 like Mac OS X) AppleWebKit/605.1.15 (KHTML, like Gecko) Mobile/15E148"
71.18.255.2 - - [25/Apr/2025:22:48:30 -0400] "GET /wp-content/plugins/elementor/assets/css/frontend.min.css?ver=3.28.4 HTTP/1.1" 200 6453 "https://kamrancomputer.com/" "Mozilla/5.0 (iPhone; CPU iPhone OS 15_7_2 like Mac OS X) AppleWebKit/605.1.15 (KHTML, like Gecko) Mobile/15E148"
71.18.255.2 - - [25/Apr/2025:22:48:30 -0400] "GET /wp-content/uploads/elementor/css/post-49.css?ver=1744797737 HTTP/1.1" 200 1666 "https://kamrancomputer.com/" "Mozilla/5.0 (iPhone; CPU iPhone OS 15_7_2 like Mac OS X) AppleWebKit/605.1.15 (KHTML, like Gecko) Mobile/15E148"
71.18.255.2 - - [25/Apr/2025:22:48:30 -0400] "GET /wp-content/plugins/pro-elements/assets/css/frontend.min.css?ver=3.23.3 HTTP/1.1" 200 43433 "https://kamrancomputer.com/" "Mozilla/5.0 (iPhone; CPU iPhone OS 15_7_2 like Mac OS X) AppleWebKit/605.1.15 (KHTML, like Gecko) Mobile/15E148"
71.18.255.2 - - [25/Apr/2025:22:48:30 -0400] "GET /wp-content/plugins/elementor/assets/lib/animations/styles/fadeInUp.min.css?ver=3.28.4 HTTP/1.1" 200 130 "https://kamrancomputer.com/" "Mozilla/5.0 (iPhone; CPU iPhone OS 15_7_2 like Mac OS X) AppleWebKit/605.1.15 (KHTML, like Gecko) Mobile/15E148"
71.18.255.2 - - [25/Apr/2025:22:48:30 -0400] "GET /wp-content/plugins/elementor/assets/css/widget-image.min.css?ver=3.28.4 HTTP/1.1" 200 254 "https://kamrancomputer.com/" "Mozilla/5.0 (iPhone; CPU iPhone OS 15_7_2 like Mac OS X) AppleWebKit/605.1.15 (KHTML, like Gecko) Mobile/15E148"
71.18.255.2 - - [25/Apr/2025:22:48:30 -0400] "GET /wp-content/plugins/elementor/assets/lib/animations/styles/zoomIn.min.css?ver=3.28.4 HTTP/1.1" 200 106 "https://kamrancomputer.com/" "Mozilla/5.0 (iPhone; CPU iPhone OS 15_7_2 like Mac OS X) AppleWebKit/605.1.15 (KHTML, like Gecko) Mobile/15E148"
71.18.255.2 - - [25/Apr/2025:22:48:30 -0400] "GET /wp-content/plugins/elementor/assets/lib/animations/styles/bounceInUp.min.css?ver=3.28.4 HTTP/1.1" 200 175 "https://kamrancomputer.com/" "Mozilla/5.0 (iPhone; CPU iPhone OS 15_7_2 like Mac OS X) AppleWebKit/605.1.15 (KHTML, like Gecko) Mobile/15E148"
71.18.255.2 - - [25/Apr/2025:22:48:30 -0400] "GET /wp-content/plugins/elementor/assets/css/widget-heading.min.css?ver=3.28.4 HTTP/1.1" 200 154 "https://kamrancomputer.com/" "Mozilla/5.0 (iPhone; CPU iPhone OS 15_7_2 like Mac OS X) AppleWebKit/605.1.15 (KHTML, like Gecko) Mobile/15E148"
71.18.255.2 - - [25/Apr/2025:22:48:30 -0400] "GET /wp-content/plugins/elementor/assets/lib/animations/styles/bounceIn.min.css?ver=3.28.4 HTTP/1.1" 200 186 "https://kamrancomputer.com/" "Mozilla/5.0 (iPhone; CPU iPhone OS 15_7_2 like Mac OS X) AppleWebKit/605.1.15 (KHTML, like Gecko) Mobile/15E148"
71.18.255.2 - - [25/Apr/2025:22:48:30 -0400] "GET /wp-content/plugins/elementor/assets/lib/swiper/v8/css/swiper.min.css?ver=8.4.5 HTTP/1.1" 200 4248 "https://kamrancomputer.com/" "Mozilla/5.0 (iPhone; CPU iPhone OS 15_7_2 like Mac OS X) AppleWebKit/605.1.15 (KHTML, like Gecko) Mobile/15E148"
71.18.255.2 - - [25/Apr/2025:22:48:30 -0400] "GET /wp-content/plugins/elementskit-lite/widgets/init/assets/css/responsive.css?ver=3.5.0 HTTP/1.1" 200 2859 "https://kamrancomputer.com/" "Mozilla/5.0 (iPhone; CPU iPhone OS 15_7_2 like Mac OS X) AppleWebKit/605.1.15 (KHTML, like Gecko) Mobile/15E148"
71.18.255.2 - - [25/Apr/2025:22:48:30 -0400] "GET /wp-content/plugins/elementor/assets/css/widget-icon-box.min.css?ver=3.28.4 HTTP/1.1" 200 656 "https://kamrancomputer.com/" "Mozilla/5.0 (iPhone; CPU iPhone OS 15_7_2 like Mac OS X) AppleWebKit/605.1.15 (KHTML, like Gecko) Mobile/15E148"
71.18.255.2 - - [25/Apr/2025:22:48:30 -0400] "GET /wp-content/plugins/elementor/assets/lib/animations/styles/fadeInDown.min.css?ver=3.28.4 HTTP/1.1" 200 137 "https://kamrancomputer.com/" "Mozilla/5.0 (iPhone; CPU iPhone OS 15_7_2 like Mac OS X) AppleWebKit/605.1.15 (KHTML, like Gecko) Mobile/15E148"
71.18.255.2 - - [25/Apr/2025:22:48:30 -0400] "GET /wp-content/plugins/elementor/assets/lib/animations/styles/fadeInRight.min.css?ver=3.28.4 HTTP/1.1" 200 139 "https://kamrancomputer.com/" "Mozilla/5.0 (iPhone; CPU iPhone OS 15_7_2 like Mac OS X) AppleWebKit/605.1.15 (KHTML, like Gecko) Mobile/15E148"
71.18.255.2 - - [25/Apr/2025:22:48:30 -0400] "GET /wp-content/plugins/elementor/assets/lib/animations/styles/fadeInLeft.min.css?ver=3.28.4 HTTP/1.1" 200 137 "https://kamrancomputer.com/" "Mozilla/5.0 (iPhone; CPU iPhone OS 15_7_2 like Mac OS X) AppleWebKit/605.1.15 (KHTML, like Gecko) Mobile/15E148"
71.18.255.2 - - [25/Apr/2025:22:48:30 -0400] "GET /wp-content/plugins/elementor/assets/lib/animations/styles/fadeIn.min.css?ver=3.28.4 HTTP/1.1" 200 77 "https://kamrancomputer.com/" "Mozilla/5.0 (iPhone; CPU iPhone OS 15_7_2 like Mac OS X) AppleWebKit/605.1.15 (KHTML, like Gecko) Mobile/15E148"
71.18.255.2 - - [25/Apr/2025:22:48:30 -0400] "GET /wp-content/plugins/elementor/assets/css/conditionals/e-swiper.min.css?ver=3.28.4 HTTP/1.1" 200 699 "https://kamrancomputer.com/" "Mozilla/5.0 (iPhone; CPU iPhone OS 15_7_2 like Mac OS X) AppleWebKit/605.1.15 (KHTML, like Gecko) Mobile/15E148"
71.18.255.2 - - [25/Apr/2025:22:48:30 -0400] "GET /wp-content/plugins/elementor/assets/lib/font-awesome/css/solid.css?ver=5.15.3 HTTP/1.1" 200 296 "https://kamrancomputer.com/" "Mozilla/5.0 (iPhone; CPU iPhone OS 15_7_2 like Mac OS X) AppleWebKit/605.1.15 (KHTML, like Gecko) Mobile/15E148"
71.18.255.2 - - [25/Apr/2025:22:48:30 -0400] "GET /wp-content/plugins/elementskit-lite/widgets/init/assets/css/widget-styles.css?ver=3.5.0 HTTP/1.1" 200 48223 "https://kamrancomputer.com/" "Mozilla/5.0 (iPhone; CPU iPhone OS 15_7_2 like Mac OS X) AppleWebKit/605.1.15 (KHTML, like Gecko) Mobile/15E148"
71.18.255.2 - - [25/Apr/2025:22:48:30 -0400] "GET /wp-content/uploads/elementor/css/post-7.css?ver=1744797742 HTTP/1.1" 200 5776 "https://kamrancomputer.com/" "Mozilla/5.0 (iPhone; CPU iPhone OS 15_7_2 like Mac OS X) AppleWebKit/605.1.15 (KHTML, like Gecko) Mobile/15E148"
71.18.255.2 - - [25/Apr/2025:22:48:30 -0400] "GET /wp-content/plugins/elementor/assets/css/widget-image-carousel.min.css?ver=3.28.4 HTTP/1.1" 200 163 "https://kamrancomputer.com/" "Mozilla/5.0 (iPhone; CPU iPhone OS 15_7_2 like Mac OS X) AppleWebKit/605.1.15 (KHTML, like Gecko) Mobile/15E148"
71.18.255.2 - - [25/Apr/2025:22:48:30 -0400] "GET /wp-content/uploads/elementor/css/post-140.css?ver=1744797743 HTTP/1.1" 200 2931 "https://kamrancomputer.com/" "Mozilla/5.0 (iPhone; CPU iPhone OS 15_7_2 like Mac OS X) AppleWebKit/605.1.15 (KHTML, like Gecko) Mobile/15E148"
71.18.255.2 - - [25/Apr/2025:22:48:30 -0400] "GET /wp-content/uploads/elementor/css/post-149.css?ver=1744797743 HTTP/1.1" 200 1805 "https://kamrancomputer.com/" "Mozilla/5.0 (iPhone; CPU iPhone OS 15_7_2 like Mac OS X) AppleWebKit/605.1.15 (KHTML, like Gecko) Mobile/15E148"
71.18.255.2 - - [25/Apr/2025:22:48:30 -0400] "GET /wp-content/plugins/woocommerce/assets/css/brands.css?ver=9.8.2 HTTP/1.1" 200 579 "https://kamrancomputer.com/" "Mozilla/5.0 (iPhone; CPU iPhone OS 15_7_2 like Mac OS X) AppleWebKit/605.1.15 (KHTML, like Gecko) Mobile/15E148"
71.18.255.2 - - [25/Apr/2025:22:48:30 -0400] "GET /wp-content/themes/hello-elementor/style.min.css?ver=3.3.0 HTTP/1.1" 200 1591 "https://kamrancomputer.com/" "Mozilla/5.0 (iPhone; CPU iPhone OS 15_7_2 like Mac OS X) AppleWebKit/605.1.15 (KHTML, like Gecko) Mobile/15E148"
71.18.255.2 - - [25/Apr/2025:22:48:30 -0400] "GET /wp-content/plugins/skyboot-custom-icons-for-elementor/assets/css/elegant.css?ver=1.0.8 HTTP/1.1" 200 3856 "https://kamrancomputer.com/" "Mozilla/5.0 (iPhone; CPU iPhone OS 15_7_2 like Mac OS X) AppleWebKit/605.1.15 (KHTML, like Gecko) Mobile/15E148"
71.18.255.2 - - [25/Apr/2025:22:48:30 -0400] "GET /wp-content/themes/hello-elementor/theme.min.css?ver=3.3.0 HTTP/1.1" 200 1131 "https://kamrancomputer.com/" "Mozilla/5.0 (iPhone; CPU iPhone OS 15_7_2 like Mac OS X) AppleWebKit/605.1.15 (KHTML, like Gecko) Mobile/15E148"
71.18.255.2 - - [25/Apr/2025:22:48:30 -0400] "GET /wp-content/themes/hello-elementor/header-footer.min.css?ver=3.3.0 HTTP/1.1" 200 1292 "https://kamrancomputer.com/" "Mozilla/5.0 (iPhone; CPU iPhone OS 15_7_2 like Mac OS X) AppleWebKit/605.1.15 (KHTML, like Gecko) Mobile/15E148"
71.18.255.2 - - [25/Apr/2025:22:48:30 -0400] "GET /wp-content/plugins/skyboot-custom-icons-for-elementor/assets/css/linearicons.css?ver=1.0.8 HTTP/1.1" 200 1505 "https://kamrancomputer.com/" "Mozilla/5.0 (iPhone; CPU iPhone OS 15_7_2 like Mac OS X) AppleWebKit/605.1.15 (KHTML, like Gecko) Mobile/15E148"
71.18.255.2 - - [25/Apr/2025:22:48:30 -0400] "GET /wp-content/plugins/skyboot-custom-icons-for-elementor/assets/css/themify.css?ver=1.0.8 HTTP/1.1" 200 2754 "https://kamrancomputer.com/" "Mozilla/5.0 (iPhone; CPU iPhone OS 15_7_2 like Mac OS X) AppleWebKit/605.1.15 (KHTML, like Gecko) Mobile/15E148"
71.18.255.2 - - [25/Apr/2025:22:48:30 -0400] "GET /wp-content/plugins/elementor/assets/lib/eicons/css/elementor-icons.min.css?ver=5.34.0 HTTP/1.1" 200 3845 "https://kamrancomputer.com/" "Mozilla/5.0 (iPhone; CPU iPhone OS 15_7_2 like Mac OS X) AppleWebKit/605.1.15 (KHTML, like Gecko) Mobile/15E148"
71.18.255.2 - - [25/Apr/2025:22:48:30 -0400] "GET /wp-content/plugins/elementor/assets/css/widget-social-icons.min.css?ver=3.24.0 HTTP/1.1" 200 1069 "https://kamrancomputer.com/" "Mozilla/5.0 (iPhone; CPU iPhone OS 15_7_2 like Mac OS X) AppleWebKit/605.1.15 (KHTML, like Gecko) Mobile/15E148"
71.18.255.2 - - [25/Apr/2025:22:48:30 -0400] "GET /wp-content/plugins/elementor/assets/lib/font-awesome/css/brands.css?ver=5.15.3 HTTP/1.1" 200 296 "https://kamrancomputer.com/" "Mozilla/5.0 (iPhone; CPU iPhone OS 15_7_2 like Mac OS X) AppleWebKit/605.1.15 (KHTML, like Gecko) Mobile/15E148"
71.18.255.2 - - [25/Apr/2025:22:48:30 -0400] "GET /wp-content/plugins/elementor/assets/lib/font-awesome/css/fontawesome.css?ver=5.15.3 HTTP/1.1" 200 12526 "https://kamrancomputer.com/" "Mozilla/5.0 (iPhone; CPU iPhone OS 15_7_2 like Mac OS X) AppleWebKit/605.1.15 (KHTML, like Gecko) Mobile/15E148"
71.18.255.2 - - [25/Apr/2025:22:48:30 -0400] "GET /wp-content/plugins/elementor/assets/css/widget-icon-list.min.css?ver=3.24.3 HTTP/1.1" 200 957 "https://kamrancomputer.com/" "Mozilla/5.0 (iPhone; CPU iPhone OS 15_7_2 like Mac OS X) AppleWebKit/605.1.15 (KHTML, like Gecko) Mobile/15E148"
71.18.255.2 - - [25/Apr/2025:22:48:30 -0400] "GET /wp-content/uploads/elementor/google-fonts/css/librefranklin.css?ver=1742302241 HTTP/1.1" 200 767 "https://kamrancomputer.com/" "Mozilla/5.0 (iPhone; CPU iPhone OS 15_7_2 like Mac OS X) AppleWebKit/605.1.15 (KHTML, like Gecko) Mobile/15E148"
71.18.255.2 - - [25/Apr/2025:22:48:30 -0400] "GET /wp-content/uploads/elementor/google-fonts/css/syne.css?ver=1742302228 HTTP/1.1" 200 426 "https://kamrancomputer.com/" "Mozilla/5.0 (iPhone; CPU iPhone OS 15_7_2 like Mac OS X) AppleWebKit/605.1.15 (KHTML, like Gecko) Mobile/15E148"
71.18.255.2 - - [25/Apr/2025:22:48:30 -0400] "GET /wp-content/plugins/elementskit-lite/modules/elementskit-icon-pack/assets/css/ekiticons.css?ver=3.5.0 HTTP/1.1" 200 11776 "https://kamrancomputer.com/" "Mozilla/5.0 (iPhone; CPU iPhone OS 15_7_2 like Mac OS X) AppleWebKit/605.1.15 (KHTML, like Gecko) Mobile/15E148"
71.18.255.2 - - [25/Apr/2025:22:48:31 -0400] "GET /wp-includes/js/jquery/jquery.min.js?ver=3.7.1 HTTP/1.1" 200 29744 "https://kamrancomputer.com/" "Mozilla/5.0 (iPhone; CPU iPhone OS 15_7_2 like Mac OS X) AppleWebKit/605.1.15 (KHTML, like Gecko) Mobile/15E148"
71.18.255.2 - - [25/Apr/2025:22:48:31 -0400] "GET /wp-includes/js/jquery/jquery-migrate.min.js?ver=3.4.1 HTTP/1.1" 200 4678 "https://kamrancomputer.com/" "Mozilla/5.0 (iPhone; CPU iPhone OS 15_7_2 like Mac OS X) AppleWebKit/605.1.15 (KHTML, like Gecko) Mobile/15E148"
66.29.132.124 - - [25/Apr/2025:22:48:31 -0400] "POST /wp-cron.php?doing_wp_cron=1745635711.5405089855194091796875 HTTP/1.1" 200 0 "-" "WordPress/6.8; https://kamrancomputer.com"
71.18.255.2 - - [25/Apr/2025:22:48:30 -0400] "GET /wp-content/plugins/elementor-pro/assets/css/widget-mega-menu.min.css?ver=3.26.2 HTTP/1.1" 404 18499 "https://kamrancomputer.com/" "Mozilla/5.0 (iPhone; CPU iPhone OS 15_7_2 like Mac OS X) AppleWebKit/605.1.15 (KHTML, like Gecko) Mobile/15E148"
71.18.255.2 - - [25/Apr/2025:22:48:30 -0400] "GET /wp-content/plugins/elementor-pro/assets/css/widget-blockquote.min.css?ver=3.25.0 HTTP/1.1" 404 18499 "https://kamrancomputer.com/" "Mozilla/5.0 (iPhone; CPU iPhone OS 15_7_2 like Mac OS X) AppleWebKit/605.1.15 (KHTML, like Gecko) Mobile/15E148"
71.18.255.2 - - [25/Apr/2025:22:48:30 -0400] "GET /wp-content/plugins/elementor-pro/assets/css/widget-nav-menu.min.css?ver=3.26.0 HTTP/1.1" 404 18499 "https://kamrancomputer.com/" "Mozilla/5.0 (iPhone; CPU iPhone OS 15_7_2 like Mac OS X) AppleWebKit/605.1.15 (KHTML, like Gecko) Mobile/15E148"
71.18.255.2 - - [25/Apr/2025:22:48:32 -0400] "GET /wp-content/plugins/woocommerce/assets/client/blocks/wc-blocks.css?ver=wc-9.8.2 HTTP/1.1" 200 2282 "https://kamrancomputer.com/" "Mozilla/5.0 (iPhone; CPU iPhone OS 15_7_2 like Mac OS X) AppleWebKit/605.1.15 (KHTML, like Gecko) Mobile/15E148"
71.18.255.2 - - [25/Apr/2025:22:48:32 -0400] "GET /wp-content/plugins/elementor/assets/css/widget-icon-list.min.css?ver=3.28.4 HTTP/1.1" 200 957 "https://kamrancomputer.com/" "Mozilla/5.0 (iPhone; CPU iPhone OS 15_7_2 like Mac OS X) AppleWebKit/605.1.15 (KHTML, like Gecko) Mobile/15E148"
71.18.255.2 - - [25/Apr/2025:22:48:33 -0400] "GET /wp-content/plugins/elementor/assets/css/widget-social-icons.min.css?ver=3.28.4 HTTP/1.1" 200 1069 "https://kamrancomputer.com/" "Mozilla/5.0 (iPhone; CPU iPhone OS 15_7_2 like Mac OS X) AppleWebKit/605.1.15 (KHTML, like Gecko) Mobile/15E148"
66.29.132.124 - - [25/Apr/2025:22:48:32 -0400] "POST /wp-admin/admin-ajax.php?action=async_litespeed&nonce=OCWcOfdIchTnFRNIMebjQuqr1NleWCmx&litespeed_type=imgoptm HTTP/1.1" 200 21 "-" "WordPress/6.8; https://kamrancomputer.com"
71.18.255.2 - - [25/Apr/2025:22:48:33 -0400] "GET /wp-content/plugins/elementor/assets/css/widget-divider.min.css?ver=3.28.4 HTTP/1.1" 200 707 "https://kamrancomputer.com/" "Mozilla/5.0 (iPhone; CPU iPhone OS 15_7_2 like Mac OS X) AppleWebKit/605.1.15 (KHTML, like Gecko) Mobile/15E148"
71.18.255.2 - - [25/Apr/2025:22:48:33 -0400] "GET /wp-content/plugins/elementor/assets/lib/swiper/v8/swiper.min.js?ver=8.4.5 HTTP/1.1" 200 38152 "https://kamrancomputer.com/" "Mozilla/5.0 (iPhone; CPU iPhone OS 15_7_2 like Mac OS X) AppleWebKit/605.1.15 (KHTML, like Gecko) Mobile/15E148"
71.18.255.2 - - [25/Apr/2025:22:48:33 -0400] "GET /wp-content/plugins/elementor/assets/lib/animations/styles/e-animation-pop.min.css?ver=3.28.4 HTTP/1.1" 200 278 "https://kamrancomputer.com/" "Mozilla/5.0 (iPhone; CPU iPhone OS 15_7_2 like Mac OS X) AppleWebKit/605.1.15 (KHTML, like Gecko) Mobile/15E148"
71.18.255.2 - - [25/Apr/2025:22:48:33 -0400] "GET /wp-includes/js/dist/hooks.min.js?ver=4d63a3d491d11ffd8ac6 HTTP/1.1" 200 1571 "https://kamrancomputer.com/" "Mozilla/5.0 (iPhone; CPU iPhone OS 15_7_2 like Mac OS X) AppleWebKit/605.1.15 (KHTML, like Gecko) Mobile/15E148"
71.18.255.2 - - [25/Apr/2025:22:48:33 -0400] "GET /wp-content/plugins/elementor/assets/css/conditionals/apple-webkit.min.css?ver=3.28.4 HTTP/1.1" 200 472 "https://kamrancomputer.com/" "Mozilla/5.0 (iPhone; CPU iPhone OS 15_7_2 like Mac OS X) AppleWebKit/605.1.15 (KHTML, like Gecko) Mobile/15E148"
71.18.255.2 - - [25/Apr/2025:22:48:33 -0400] "GET /wp-content/plugins/woocommerce/assets/js/frontend/order-attribution.min.js?ver=9.8.2 HTTP/1.1" 200 1006 "https://kamrancomputer.com/" "Mozilla/5.0 (iPhone; CPU iPhone OS 15_7_2 like Mac OS X) AppleWebKit/605.1.15 (KHTML, like Gecko) Mobile/15E148"
71.18.255.2 - - [25/Apr/2025:22:48:33 -0400] "GET /wp-content/themes/hello-elementor/assets/js/hello-frontend.min.js?ver=3.3.0 HTTP/1.1" 200 548 "https://kamrancomputer.com/" "Mozilla/5.0 (iPhone; CPU iPhone OS 15_7_2 like Mac OS X) AppleWebKit/605.1.15 (KHTML, like Gecko) Mobile/15E148"
71.18.255.2 - - [25/Apr/2025:22:48:33 -0400] "GET /wp-includes/js/dist/i18n.min.js?ver=5e580eb46a90c2b997e6 HTTP/1.1" 200 3542 "https://kamrancomputer.com/" "Mozilla/5.0 (iPhone; CPU iPhone OS 15_7_2 like Mac OS X) AppleWebKit/605.1.15 (KHTML, like Gecko) Mobile/15E148"
71.18.255.2 - - [25/Apr/2025:22:48:33 -0400] "GET /wp-content/plugins/elementskit-lite/libs/framework/assets/js/frontend-script.js?ver=3.5.0 HTTP/1.1" 200 40 "https://kamrancomputer.com/" "Mozilla/5.0 (iPhone; CPU iPhone OS 15_7_2 like Mac OS X) AppleWebKit/605.1.15 (KHTML, like Gecko) Mobile/15E148"
71.18.255.2 - - [25/Apr/2025:22:48:33 -0400] "GET /wp-content/plugins/woocommerce/assets/js/sourcebuster/sourcebuster.min.js?ver=9.8.2 HTTP/1.1" 200 4609 "https://kamrancomputer.com/" "Mozilla/5.0 (iPhone; CPU iPhone OS 15_7_2 like Mac OS X) AppleWebKit/605.1.15 (KHTML, like Gecko) Mobile/15E148"
71.18.255.2 - - [25/Apr/2025:22:48:33 -0400] "GET /wp-content/plugins/elementskit-lite/widgets/init/assets/js/widget-scripts.js?ver=3.5.0 HTTP/1.1" 200 40425 "https://kamrancomputer.com/" "Mozilla/5.0 (iPhone; CPU iPhone OS 15_7_2 like Mac OS X) AppleWebKit/605.1.15 (KHTML, like Gecko) Mobile/15E148"
71.18.255.2 - - [25/Apr/2025:22:48:33 -0400] "GET /wp-content/plugins/pro-elements/assets/lib/smartmenus/jquery.smartmenus.min.js?ver=1.2.1 HTTP/1.1" 200 6867 "https://kamrancomputer.com/" "Mozilla/5.0 (iPhone; CPU iPhone OS 15_7_2 like Mac OS X) AppleWebKit/605.1.15 (KHTML, like Gecko) Mobile/15E148"
71.18.255.2 - - [25/Apr/2025:22:48:33 -0400] "GET /wp-content/plugins/pro-elements/assets/js/webpack-pro.runtime.min.js?ver=3.23.3 HTTP/1.1" 200 2549 "https://kamrancomputer.com/" "Mozilla/5.0 (iPhone; CPU iPhone OS 15_7_2 like Mac OS X) AppleWebKit/605.1.15 (KHTML, like Gecko) Mobile/15E148"
71.18.255.2 - - [25/Apr/2025:22:48:33 -0400] "GET /wp-content/plugins/elementor/assets/js/webpack.runtime.min.js?ver=3.28.4 HTTP/1.1" 200 2228 "https://kamrancomputer.com/" "Mozilla/5.0 (iPhone; CPU iPhone OS 15_7_2 like Mac OS X) AppleWebKit/605.1.15 (KHTML, like Gecko) Mobile/15E148"
71.18.255.2 - - [25/Apr/2025:22:48:33 -0400] "GET /wp-content/plugins/elementor/assets/js/frontend-modules.min.js?ver=3.28.4 HTTP/1.1" 200 14421 "https://kamrancomputer.com/" "Mozilla/5.0 (iPhone; CPU iPhone OS 15_7_2 like Mac OS X) AppleWebKit/605.1.15 (KHTML, like Gecko) Mobile/15E148"
71.18.255.2 - - [25/Apr/2025:22:48:33 -0400] "GET /wp-content/plugins/elementskit-lite/widgets/init/assets/js/animate-circle.min.js?ver=3.5.0 HTTP/1.1" 200 393 "https://kamrancomputer.com/" "Mozilla/5.0 (iPhone; CPU iPhone OS 15_7_2 like Mac OS X) AppleWebKit/605.1.15 (KHTML, like Gecko) Mobile/15E148"
71.18.255.2 - - [25/Apr/2025:22:48:33 -0400] "GET /wp-content/plugins/pro-elements/assets/js/frontend.min.js?ver=3.23.3 HTTP/1.1" 200 6468 "https://kamrancomputer.com/" "Mozilla/5.0 (iPhone; CPU iPhone OS 15_7_2 like Mac OS X) AppleWebKit/605.1.15 (KHTML, like Gecko) Mobile/15E148"
71.18.255.2 - - [25/Apr/2025:22:48:34 -0400] "GET /wp-includes/js/jquery/ui/core.min.js?ver=1.13.3 HTTP/1.1" 200 6812 "https://kamrancomputer.com/" "Mozilla/5.0 (iPhone; CPU iPhone OS 15_7_2 like Mac OS X) AppleWebKit/605.1.15 (KHTML, like Gecko) Mobile/15E148"
71.18.255.2 - - [25/Apr/2025:22:48:34 -0400] "GET /wp-content/plugins/elementor/assets/js/frontend.min.js?ver=3.28.4 HTTP/1.1" 200 13099 "https://kamrancomputer.com/" "Mozilla/5.0 (iPhone; CPU iPhone OS 15_7_2 like Mac OS X) AppleWebKit/605.1.15 (KHTML, like Gecko) Mobile/15E148"
71.18.255.2 - - [25/Apr/2025:22:48:34 -0400] "GET /wp-content/plugins/pro-elements/assets/js/elements-handlers.min.js?ver=3.23.3 HTTP/1.1" 200 9631 "https://kamrancomputer.com/" "Mozilla/5.0 (iPhone; CPU iPhone OS 15_7_2 like Mac OS X) AppleWebKit/605.1.15 (KHTML, like Gecko) Mobile/15E148"
71.18.255.2 - - [25/Apr/2025:22:48:34 -0400] "GET /wp-content/plugins/elementskit-lite/widgets/init/assets/js/elementor.js?ver=3.5.0 HTTP/1.1" 200 5290 "https://kamrancomputer.com/" "Mozilla/5.0 (iPhone; CPU iPhone OS 15_7_2 like Mac OS X) AppleWebKit/605.1.15 (KHTML, like Gecko) Mobile/15E148"
71.18.255.2 - - [25/Apr/2025:22:48:34 -0400] "GET /wp-content/plugins/woocommerce/assets/js/frontend/woocommerce.min.js?ver=9.8.2 HTTP/1.1" 200 1241 "https://kamrancomputer.com/" "Mozilla/5.0 (iPhone; CPU iPhone OS 15_7_2 like Mac OS X) AppleWebKit/605.1.15 (KHTML, like Gecko) Mobile/15E148"
71.18.255.2 - - [25/Apr/2025:22:48:34 -0400] "GET /wp-content/plugins/woocommerce/assets/js/jquery-blockui/jquery.blockUI.min.js?ver=2.7.0-wc.9.8.2 HTTP/1.1" 200 3277 "https://kamrancomputer.com/" "Mozilla/5.0 (iPhone; CPU iPhone OS 15_7_2 like Mac OS X) AppleWebKit/605.1.15 (KHTML, like Gecko) Mobile/15E148"
71.18.255.2 - - [25/Apr/2025:22:48:34 -0400] "GET /wp-content/plugins/woocommerce/assets/js/frontend/add-to-cart.min.js?ver=9.8.2 HTTP/1.1" 200 1225 "https://kamrancomputer.com/" "Mozilla/5.0 (iPhone; CPU iPhone OS 15_7_2 like Mac OS X) AppleWebKit/605.1.15 (KHTML, like Gecko) Mobile/15E148"
71.18.255.2 - - [25/Apr/2025:22:48:34 -0400] "GET /wp-content/plugins/woocommerce/assets/js/js-cookie/js.cookie.min.js?ver=2.1.4-wc.9.8.2 HTTP/1.1" 200 760 "https://kamrancomputer.com/" "Mozilla/5.0 (iPhone; CPU iPhone OS 15_7_2 like Mac OS X) AppleWebKit/605.1.15 (KHTML, like Gecko) Mobile/15E148"
71.18.255.2 - - [25/Apr/2025:22:48:34 -0400] "GET /wp-content/plugins/woocommerce/assets/js/frontend/cart-fragments.min.js?ver=9.8.2 HTTP/1.1" 200 943 "https://kamrancomputer.com/" "Mozilla/5.0 (iPhone; CPU iPhone OS 15_7_2 like Mac OS X) AppleWebKit/605.1.15 (KHTML, like Gecko) Mobile/15E148"
66.29.132.124 - - [25/Apr/2025:22:49:16 -0400] "POST /wp-cron.php?doing_wp_cron=1745635756.9117310047149658203125 HTTP/1.1" 200 0 "-" "WordPress/6.8; https://kamrancomputer.com"
66.249.74.39 - - [25/Apr/2025:22:49:16 -0400] "GET /2024/10/18/grey-eagle-casino-online/ HTTP/1.1" 200 20465 "-" "Mozilla/5.0 (Linux; Android 6.0.1; Nexus 5X Build/MMB29P) AppleWebKit/537.36 (KHTML, like Gecko) Chrome/135.0.7049.95 Mobile Safari/537.36 (compatible; Googlebot/2.1; +http://www.google.com/bot.html)"
66.29.132.124 - - [25/Apr/2025:22:52:05 -0400] "POST /wp-cron.php?doing_wp_cron=1745635925.6004700660705566406250 HTTP/1.1" 200 0 "-" "WordPress/6.8; https://kamrancomputer.com"
57.141.4.22 - - [25/Apr/2025:22:52:01 -0400] "GET /?p=15692 HTTP/1.1" 301 0 "-" "meta-externalagent/1.1 (+https://developers.facebook.com/docs/sharing/webmasters/crawler)"
66.29.132.124 - - [25/Apr/2025:22:52:06 -0400] "POST /wp-admin/admin-ajax.php?action=async_litespeed&nonce=lwnafa112J55kmAoIGgHe3I2TtLWqeFT&litespeed_type=imgoptm HTTP/1.1" 200 0 "-" "WordPress/6.8; https://kamrancomputer.com"
66.29.132.124 - - [25/Apr/2025:22:52:06 -0400] "POST /wp-admin/admin-ajax.php?action=as_async_request_queue_runner&nonce=62bb3accde HTTP/1.1" 200 0 "-" "WordPress/6.8; https://kamrancomputer.com"
66.29.132.124 - - [25/Apr/2025:22:52:28 -0400] "POST /wp-cron.php?doing_wp_cron=1745635948.1984810829162597656250 HTTP/1.1" 200 0 "-" "WordPress/6.8; https://kamrancomputer.com"
66.29.132.124 - - [25/Apr/2025:22:52:28 -0400] "POST /wp-admin/admin-ajax.php?action=async_litespeed&nonce=JWHVcn5INbtBGjW6dg3vWYKMwlKXSJox&litespeed_type=imgoptm HTTP/1.1" 200 21 "-" "WordPress/6.8; https://kamrancomputer.com"
57.141.4.19 - - [25/Apr/2025:22:52:27 -0400] "GET /wp-json/wp/v2/posts/13925 HTTP/1.1" 200 6160 "-" "meta-externalagent/1.1 (+https://developers.facebook.com/docs/sharing/webmasters/crawler)"
66.29.132.124 - - [25/Apr/2025:22:52:57 -0400] "POST /wp-cron.php?doing_wp_cron=1745635977.6864690780639648437500 HTTP/1.1" 200 0 "-" "WordPress/6.8; https://kamrancomputer.com"
57.141.4.8 - - [25/Apr/2025:22:52:57 -0400] "GET /?p=281 HTTP/1.1" 301 0 "-" "meta-externalagent/1.1 (+https://developers.facebook.com/docs/sharing/webmasters/crawler)"
57.141.4.10 - - [25/Apr/2025:22:52:59 -0400] "GET /product/acer-round-pin-ahsan-lhr/ HTTP/1.1" 200 133427 "-" "meta-externalagent/1.1 (+https://developers.facebook.com/docs/sharing/webmasters/crawler)"
57.141.4.22 - - [25/Apr/2025:22:53:01 -0400] "GET /?p=261 HTTP/1.1" 301 0 "-" "meta-externalagent/1.1 (+https://developers.facebook.com/docs/sharing/webmasters/crawler)"
57.141.4.10 - - [25/Apr/2025:22:53:03 -0400] "GET /product/mixed-ahsan-lhr/ HTTP/1.1" 200 133320 "-" "meta-externalagent/1.1 (+https://developers.facebook.com/docs/sharing/webmasters/crawler)"
66.249.74.39 - - [25/Apr/2025:22:53:09 -0400] "GET /2024/10/19/tradiebet/ HTTP/1.1" 200 20290 "-" "Mozilla/5.0 (Linux; Android 6.0.1; Nexus 5X Build/MMB29P) AppleWebKit/537.36 (KHTML, like Gecko) Chrome/135.0.7049.95 Mobile Safari/537.36 (compatible; Googlebot/2.1; +http://www.google.com/bot.html)"
66.29.132.124 - - [25/Apr/2025:22:53:36 -0400] "POST /wp-cron.php?doing_wp_cron=1745636016.6151869297027587890625 HTTP/1.1" 200 0 "-" "WordPress/6.8; https://kamrancomputer.com"
66.249.74.39 - - [25/Apr/2025:22:53:35 -0400] "GET /2024/10/18/juwa-777-apk-online-casino-v1-0-53-download/ HTTP/1.1" 200 20754 "-" "Mozilla/5.0 (Linux; Android 6.0.1; Nexus 5X Build/MMB29P) AppleWebKit/537.36 (KHTML, like Gecko) Chrome/135.0.7049.95 Mobile Safari/537.36 (compatible; Googlebot/2.1; +http://www.google.com/bot.html)"
66.29.132.124 - - [25/Apr/2025:22:53:37 -0400] "POST /wp-admin/admin-ajax.php?action=async_litespeed&nonce=cCGkWQYBxjxKanMADVIeOqbGYoRciHrm&litespeed_type=imgoptm HTTP/1.1" 200 21 "-" "WordPress/6.8; https://kamrancomputer.com"
66.29.132.124 - - [25/Apr/2025:22:59:19 -0400] "POST /wp-cron.php?doing_wp_cron=1745636359.3680469989776611328125 HTTP/1.1" 200 0 "-" "WordPress/6.8; https://kamrancomputer.com"
57.141.4.25 - - [25/Apr/2025:22:59:14 -0400] "GET /?p=283 HTTP/1.1" 301 0 "-" "meta-externalagent/1.1 (+https://developers.facebook.com/docs/sharing/webmasters/crawler)"
57.141.4.25 - - [25/Apr/2025:22:59:21 -0400] "GET /product/ssd-120gb-lexar-all-in-one/ HTTP/1.1" 200 126513 "-" "meta-externalagent/1.1 (+https://developers.facebook.com/docs/sharing/webmasters/crawler)"
66.29.132.124 - - [25/Apr/2025:22:59:20 -0400] "POST /wp-admin/admin-ajax.php?action=async_litespeed&nonce=TO8enxRkGRG3flnUvYqQ4i0prD6I89YY&litespeed_type=imgoptm HTTP/1.1" 200 21 "-" "WordPress/6.8; https://kamrancomputer.com"
66.29.132.124 - - [25/Apr/2025:23:03:19 -0400] "POST /wp-cron.php?doing_wp_cron=1745636599.1598820686340332031250 HTTP/1.1" 200 0 "-" "WordPress/6.8; https://kamrancomputer.com"
162.213.253.33 - - [25/Apr/2025:23:03:09 -0400] "GET /xmlrpc.php HTTP/1.1" 405 46 "http://kamrancomputer.com" "Mozilla/5.0 (Windows NT 10.0; Win64; x64) AppleWebKit/537.36 (KHTML, like Gecko) Chrome/126.0.0.0 Safari/537.36 Edg/126.0.0.0"
66.29.132.124 - - [25/Apr/2025:23:03:19 -0400] "POST /wp-admin/admin-ajax.php?action=async_litespeed&nonce=17HZxKJivRiM7rcvK7g1lzXsfddKN3yX&litespeed_type=imgoptm HTTP/1.1" 200 0 "-" "WordPress/6.8; https://kamrancomputer.com"
66.29.132.124 - - [25/Apr/2025:23:03:20 -0400] "POST /wp-admin/admin-ajax.php?action=as_async_request_queue_runner&nonce=62bb3accde HTTP/1.1" 200 0 "-" "WordPress/6.8; https://kamrancomputer.com"
47.238.13.15 - - [25/Apr/2025:23:10:17 -0400] "GET /product-category/ssd-all-big-brands/?add-to-cart=285 HTTP/1.1" 302 0 "-" "Mozilla/5.0 (Macintosh; Intel Mac OS X 10_15_7) AppleWebKit/537.36 (KHTML, like Gecko) Chrome/109.0.0.0 Safari/537.36"
66.29.132.124 - - [25/Apr/2025:23:10:28 -0400] "POST /wp-cron.php?doing_wp_cron=1745637028.2316279411315917968750 HTTP/1.1" 200 0 "-" "WordPress/6.8; https://kamrancomputer.com"
66.29.132.124 - - [25/Apr/2025:23:10:29 -0400] "POST /wp-admin/admin-ajax.php?action=async_litespeed&nonce=uIPQdjaKOO3hLENUhRtMvYwbD8iwlyvR&litespeed_type=imgoptm HTTP/1.1" 200 0 "-" "WordPress/6.8; https://kamrancomputer.com"
47.238.13.15 - - [25/Apr/2025:23:10:27 -0400] "GET /cart/ HTTP/1.1" 200 86538 "https://kamrancomputer.com/product-category/ssd-all-big-brands/?add-to-cart=285" "Mozilla/5.0 (Macintosh; Intel Mac OS X 10_15_7) AppleWebKit/537.36 (KHTML, like Gecko) Chrome/109.0.0.0 Safari/537.36"
66.29.132.124 - - [25/Apr/2025:23:11:13 -0400] "POST /wp-cron.php?doing_wp_cron=1745637073.8337590694427490234375 HTTP/1.1" 200 0 "-" "WordPress/6.8; https://kamrancomputer.com"
57.141.4.16 - - [25/Apr/2025:23:11:13 -0400] "GET /?p=252 HTTP/1.1" 301 0 "-" "meta-externalagent/1.1 (+https://developers.facebook.com/docs/sharing/webmasters/crawler)"
57.141.4.29 - - [25/Apr/2025:23:11:15 -0400] "GET /product/febric-black-bag-hp-dell/ HTTP/1.1" 200 130986 "-" "meta-externalagent/1.1 (+https://developers.facebook.com/docs/sharing/webmasters/crawler)"
66.29.132.124 - - [25/Apr/2025:23:12:38 -0400] "POST /wp-cron.php?doing_wp_cron=1745637158.7603878974914550781250 HTTP/1.1" 200 0 "-" "WordPress/6.8; https://kamrancomputer.com"
57.141.4.23 - - [25/Apr/2025:23:12:38 -0400] "GET /wp-json/oembed/1.0/embed?url=https%3A%2F%2Fkamrancomputer.com%2F2024%2F10%2F18%2Fnj-best-online-casino%2F HTTP/1.1" 200 2159 "-" "meta-externalagent/1.1 (+https://developers.facebook.com/docs/sharing/webmasters/crawler)"
66.29.132.124 - - [25/Apr/2025:23:12:40 -0400] "POST /wp-admin/admin-ajax.php?action=async_litespeed&nonce=Dwx7Tj35vc3WjldfkWnU1d5xJnEe61ZC&litespeed_type=imgoptm HTTP/1.1" 200 0 "-" "WordPress/6.8; https://kamrancomputer.com"
66.29.132.124 - - [25/Apr/2025:23:12:41 -0400] "POST /wp-admin/admin-ajax.php?action=as_async_request_queue_runner&nonce=62bb3accde HTTP/1.1" 200 0 "-" "WordPress/6.8; https://kamrancomputer.com"
57.141.4.25 - - [25/Apr/2025:23:12:51 -0400] "GET /?p=358 HTTP/1.1" 301 0 "-" "meta-externalagent/1.1 (+https://developers.facebook.com/docs/sharing/webmasters/crawler)"
66.29.132.124 - - [25/Apr/2025:23:12:52 -0400] "POST /wp-cron.php?doing_wp_cron=1745637172.7232019901275634765625 HTTP/1.1" 200 0 "-" "WordPress/6.8; https://kamrancomputer.com"
57.141.4.6 - - [25/Apr/2025:23:12:52 -0400] "GET /?p=273 HTTP/1.1" 301 0 "-" "meta-externalagent/1.1 (+https://developers.facebook.com/docs/sharing/webmasters/crawler)"
57.141.4.5 - - [25/Apr/2025:23:12:53 -0400] "GET /product/akg-samsung-handsfree-blackish-silver-box/ HTTP/1.1" 200 134046 "-" "meta-externalagent/1.1 (+https://developers.facebook.com/docs/sharing/webmasters/crawler)"
57.141.4.6 - - [25/Apr/2025:23:12:54 -0400] "GET /product/lenovo-usb-90w-ahsan-lhr/ HTTP/1.1" 200 133529 "-" "meta-externalagent/1.1 (+https://developers.facebook.com/docs/sharing/webmasters/crawler)"
66.29.132.124 - - [25/Apr/2025:23:14:59 -0400] "POST /wp-cron.php?doing_wp_cron=1745637299.2469658851623535156250 HTTP/1.1" 200 0 "-" "WordPress/6.8; https://kamrancomputer.com"
57.141.4.25 - - [25/Apr/2025:23:14:56 -0400] "GET /?p=355 HTTP/1.1" 301 0 "-" "meta-externalagent/1.1 (+https://developers.facebook.com/docs/sharing/webmasters/crawler)"
66.29.132.124 - - [25/Apr/2025:23:14:59 -0400] "POST /wp-admin/admin-ajax.php?action=async_litespeed&nonce=Hgso51Ii7ZnoDlHOAmZzoteecvjO4WMr&litespeed_type=imgoptm HTTP/1.1" 200 0 "-" "WordPress/6.8; https://kamrancomputer.com"
66.29.132.124 - - [25/Apr/2025:23:15:00 -0400] "POST /wp-admin/admin-ajax.php?action=as_async_request_queue_runner&nonce=62bb3accde HTTP/1.1" 200 0 "-" "WordPress/6.8; https://kamrancomputer.com"
57.141.4.19 - - [25/Apr/2025:23:15:00 -0400] "GET /product/mobile-data-cable-magnet-3in1/ HTTP/1.1" 200 125498 "-" "meta-externalagent/1.1 (+https://developers.facebook.com/docs/sharing/webmasters/crawler)"
