20.171.207.193 - - [26/Apr/2025:09:44:26 -0400] "GET /wp-json/oembed/1.0/embed?format=xml&url=https%3A%2F%2Fkamrancomputer.com%2F2024%2F10%2F19%2Fnational-casino-online%2F HTTP/1.1" 200 1030 "-" "Mozilla/5.0 AppleWebKit/537.36 (KHTML, like Gecko; compatible; GPTBot/1.2; +https://openai.com/gptbot)"
66.29.132.124 - - [26/Apr/2025:09:44:27 -0400] "POST /wp-admin/admin-ajax.php?action=async_litespeed&nonce=hM9BlFNjqira12uZW4yIL5Ih1AaymK3O&litespeed_type=imgoptm HTTP/1.1" 200 21 "-" "WordPress/6.8; https://kamrancomputer.com"
20.171.207.193 - - [26/Apr/2025:09:44:27 -0400] "GET /wp-json/oembed/1.0/embed?url=https%3A%2F%2Fkamrancomputer.com%2F2024%2F10%2F19%2Fnational-casino-online%2F HTTP/1.1" 200 2164 "-" "Mozilla/5.0 AppleWebKit/537.36 (KHTML, like Gecko; compatible; GPTBot/1.2; +https://openai.com/gptbot)"
20.171.207.193 - - [26/Apr/2025:09:44:29 -0400] "GET /2024/10/19/national-casino-online/embed/ HTTP/1.1" 200 22796 "-" "Mozilla/5.0 AppleWebKit/537.36 (KHTML, like Gecko; compatible; GPTBot/1.2; +https://openai.com/gptbot)"
66.29.132.124 - - [26/Apr/2025:09:45:02 -0400] "POST /wp-cron.php?doing_wp_cron=1745675102.0911779403686523437500 HTTP/1.1" 200 0 "-" "WordPress/6.8; https://kamrancomputer.com"
57.141.4.17 - - [26/Apr/2025:09:45:00 -0400] "GET /wp-json/oembed/1.0/embed?url=https%3A%2F%2Fkamrancomputer.com%2F2024%2F10%2F18%2Fsuperslots-oficialnyj-sajt%2F HTTP/1.1" 200 2637 "-" "meta-externalagent/1.1 (+https://developers.facebook.com/docs/sharing/webmasters/crawler)"
20.171.207.193 - - [26/Apr/2025:09:45:14 -0400] "GET /wp-json/wp/v2/posts/19222 HTTP/1.1" 200 5947 "-" "Mozilla/5.0 AppleWebKit/537.36 (KHTML, like Gecko; compatible; GPTBot/1.2; +https://openai.com/gptbot)"
20.171.207.193 - - [26/Apr/2025:09:45:15 -0400] "GET /?p=19222 HTTP/1.1" 301 0 "-" "Mozilla/5.0 AppleWebKit/537.36 (KHTML, like Gecko; compatible; GPTBot/1.2; +https://openai.com/gptbot)"
20.171.207.193 - - [26/Apr/2025:09:45:17 -0400] "GET /2024/10/19/casino-online-gutschein/ HTTP/1.1" 200 20501 "-" "Mozilla/5.0 AppleWebKit/537.36 (KHTML, like Gecko; compatible; GPTBot/1.2; +https://openai.com/gptbot)"
20.171.207.193 - - [26/Apr/2025:09:45:20 -0400] "GET /wp-json/wp/v2/posts/19613 HTTP/1.1" 200 18908 "-" "Mozilla/5.0 AppleWebKit/537.36 (KHTML, like Gecko; compatible; GPTBot/1.2; +https://openai.com/gptbot)"
20.171.207.193 - - [26/Apr/2025:09:45:22 -0400] "GET /?p=19613 HTTP/1.1" 301 0 "-" "Mozilla/5.0 AppleWebKit/537.36 (KHTML, like Gecko; compatible; GPTBot/1.2; +https://openai.com/gptbot)"
66.29.132.124 - - [26/Apr/2025:09:45:26 -0400] "POST /wp-cron.php?doing_wp_cron=1745675126.1056439876556396484375 HTTP/1.1" 200 0 "-" "WordPress/6.8; https://kamrancomputer.com"
20.171.207.193 - - [26/Apr/2025:09:45:25 -0400] "GET /wp-json/oembed/1.0/embed?format=xml&url=https%3A%2F%2Fkamrancomputer.com%2F2024%2F10%2F19%2Fcasino-online-gutschein%2F HTTP/1.1" 200 1031 "-" "Mozilla/5.0 AppleWebKit/537.36 (KHTML, like Gecko; compatible; GPTBot/1.2; +https://openai.com/gptbot)"
66.29.132.124 - - [26/Apr/2025:09:45:27 -0400] "POST /wp-admin/admin-ajax.php?action=async_litespeed&nonce=5n1ki2znrkIPAUndLAf7lIMHdCDREMvD&litespeed_type=imgoptm HTTP/1.1" 200 21 "-" "WordPress/6.8; https://kamrancomputer.com"
20.171.207.193 - - [26/Apr/2025:09:45:27 -0400] "GET /wp-json/oembed/1.0/embed?url=https%3A%2F%2Fkamrancomputer.com%2F2024%2F10%2F19%2Fcasino-online-gutschein%2F HTTP/1.1" 200 2169 "-" "Mozilla/5.0 AppleWebKit/537.36 (KHTML, like Gecko; compatible; GPTBot/1.2; +https://openai.com/gptbot)"
20.171.207.193 - - [26/Apr/2025:09:45:29 -0400] "GET /2024/10/19/casino-online-gutschein/gutschein-illustration.jpg HTTP/1.1" 404 18497 "-" "Mozilla/5.0 AppleWebKit/537.36 (KHTML, like Gecko; compatible; GPTBot/1.2; +https://openai.com/gptbot)"
20.171.207.193 - - [26/Apr/2025:09:45:31 -0400] "GET /wp-json/elementskit/v1/ HTTP/1.1" 404 114 "-" "Mozilla/5.0 AppleWebKit/537.36 (KHTML, like Gecko; compatible; GPTBot/1.2; +https://openai.com/gptbot)"
20.171.207.193 - - [26/Apr/2025:09:45:33 -0400] "GET /2024/10/19/kazino-na-dengi/ HTTP/1.1" 200 22409 "-" "Mozilla/5.0 AppleWebKit/537.36 (KHTML, like Gecko; compatible; GPTBot/1.2; +https://openai.com/gptbot)"
20.171.207.193 - - [26/Apr/2025:09:45:35 -0400] "GET /2024/10/19/casino-online-gutschein/embed/ HTTP/1.1" 200 22808 "-" "Mozilla/5.0 AppleWebKit/537.36 (KHTML, like Gecko; compatible; GPTBot/1.2; +https://openai.com/gptbot)"
20.171.207.193 - - [26/Apr/2025:09:45:37 -0400] "GET /wp-json/oembed/1.0/embed?url=https%3A%2F%2Fkamrancomputer.com%2F2024%2F10%2F19%2Fkazino-na-dengi%2F HTTP/1.1" 200 2384 "-" "Mozilla/5.0 AppleWebKit/537.36 (KHTML, like Gecko; compatible; GPTBot/1.2; +https://openai.com/gptbot)"
20.171.207.193 - - [26/Apr/2025:09:45:40 -0400] "GET /wp-json/elementskit/v1/ HTTP/1.1" 404 114 "-" "Mozilla/5.0 AppleWebKit/537.36 (KHTML, like Gecko; compatible; GPTBot/1.2; +https://openai.com/gptbot)"
20.171.207.193 - - [26/Apr/2025:09:45:41 -0400] "GET /wp-json/oembed/1.0/embed?format=xml&url=https%3A%2F%2Fkamrancomputer.com%2F2024%2F10%2F19%2Fkazino-na-dengi%2F HTTP/1.1" 200 1072 "-" "Mozilla/5.0 AppleWebKit/537.36 (KHTML, like Gecko; compatible; GPTBot/1.2; +https://openai.com/gptbot)"
20.171.207.193 - - [26/Apr/2025:09:45:43 -0400] "GET /2024/10/19/kazino-na-dengi/embed/ HTTP/1.1" 200 23030 "-" "Mozilla/5.0 AppleWebKit/537.36 (KHTML, like Gecko; compatible; GPTBot/1.2; +https://openai.com/gptbot)"
66.29.132.124 - - [26/Apr/2025:09:45:58 -0400] "POST /wp-cron.php?doing_wp_cron=1745675158.8305969238281250000000 HTTP/1.1" 200 0 "-" "WordPress/6.8; https://kamrancomputer.com"
20.171.207.193 - - [26/Apr/2025:09:45:58 -0400] "GET /?p=2812 HTTP/1.1" 301 0 "-" "Mozilla/5.0 AppleWebKit/537.36 (KHTML, like Gecko; compatible; GPTBot/1.2; +https://openai.com/gptbot)"
20.171.207.193 - - [26/Apr/2025:09:45:59 -0400] "GET /wp-json/wp/v2/posts/2812 HTTP/1.1" 200 6472 "-" "Mozilla/5.0 AppleWebKit/537.36 (KHTML, like Gecko; compatible; GPTBot/1.2; +https://openai.com/gptbot)"
20.171.207.193 - - [26/Apr/2025:09:46:01 -0400] "GET /2024/10/14/casino-siteleri/ HTTP/1.1" 200 20695 "-" "Mozilla/5.0 AppleWebKit/537.36 (KHTML, like Gecko; compatible; GPTBot/1.2; +https://openai.com/gptbot)"
20.171.207.193 - - [26/Apr/2025:09:46:02 -0400] "GET /wp-json/elementskit/v1/ HTTP/1.1" 404 114 "-" "Mozilla/5.0 AppleWebKit/537.36 (KHTML, like Gecko; compatible; GPTBot/1.2; +https://openai.com/gptbot)"
20.171.207.193 - - [26/Apr/2025:09:46:03 -0400] "GET /wp-json/oembed/1.0/embed?url=https%3A%2F%2Fkamrancomputer.com%2F2024%2F10%2F14%2Fcasino-siteleri%2F HTTP/1.1" 200 2129 "-" "Mozilla/5.0 AppleWebKit/537.36 (KHTML, like Gecko; compatible; GPTBot/1.2; +https://openai.com/gptbot)"
20.171.207.193 - - [26/Apr/2025:09:46:04 -0400] "GET /wp-json/oembed/1.0/embed?format=xml&url=https%3A%2F%2Fkamrancomputer.com%2F2024%2F10%2F14%2Fcasino-siteleri%2F HTTP/1.1" 200 1029 "-" "Mozilla/5.0 AppleWebKit/537.36 (KHTML, like Gecko; compatible; GPTBot/1.2; +https://openai.com/gptbot)"
20.171.207.193 - - [26/Apr/2025:09:46:06 -0400] "GET /2024/10/14/casino-siteleri/casino-games.jpg HTTP/1.1" 404 18499 "-" "Mozilla/5.0 AppleWebKit/537.36 (KHTML, like Gecko; compatible; GPTBot/1.2; +https://openai.com/gptbot)"
20.171.207.193 - - [26/Apr/2025:09:46:07 -0400] "GET /2024/10/14/casino-siteleri/embed/ HTTP/1.1" 200 22779 "-" "Mozilla/5.0 AppleWebKit/537.36 (KHTML, like Gecko; compatible; GPTBot/1.2; +https://openai.com/gptbot)"
20.171.207.193 - - [26/Apr/2025:09:46:08 -0400] "GET /?p=8523 HTTP/1.1" 301 0 "-" "Mozilla/5.0 AppleWebKit/537.36 (KHTML, like Gecko; compatible; GPTBot/1.2; +https://openai.com/gptbot)"
20.171.207.193 - - [26/Apr/2025:09:46:09 -0400] "GET /wp-json/oembed/1.0/embed?url=https%3A%2F%2Fkamrancomputer.com%2F2024%2F10%2F18%2Fkazino-flint%2F HTTP/1.1" 200 2312 "-" "Mozilla/5.0 AppleWebKit/537.36 (KHTML, like Gecko; compatible; GPTBot/1.2; +https://openai.com/gptbot)"
20.171.207.193 - - [26/Apr/2025:09:46:11 -0400] "GET /2024/10/18/kazino-flint/ HTTP/1.1" 200 22117 "-" "Mozilla/5.0 AppleWebKit/537.36 (KHTML, like Gecko; compatible; GPTBot/1.2; +https://openai.com/gptbot)"
66.29.132.124 - - [26/Apr/2025:09:46:13 -0400] "POST /wp-cron.php?doing_wp_cron=1745675173.0138330459594726562500 HTTP/1.1" 200 0 "-" "WordPress/6.8; https://kamrancomputer.com"
20.171.207.193 - - [26/Apr/2025:09:46:12 -0400] "GET /wp-json/wp/v2/posts/8523 HTTP/1.1" 200 16647 "-" "Mozilla/5.0 AppleWebKit/537.36 (KHTML, like Gecko; compatible; GPTBot/1.2; +https://openai.com/gptbot)"
20.171.207.193 - - [26/Apr/2025:09:46:13 -0400] "GET /wp-json/elementskit/v1/ HTTP/1.1" 404 114 "-" "Mozilla/5.0 AppleWebKit/537.36 (KHTML, like Gecko; compatible; GPTBot/1.2; +https://openai.com/gptbot)"
20.171.207.193 - - [26/Apr/2025:09:46:14 -0400] "GET /wp-json/oembed/1.0/embed?format=xml&url=https%3A%2F%2Fkamrancomputer.com%2F2024%2F10%2F18%2Fkazino-flint%2F HTTP/1.1" 200 1062 "-" "Mozilla/5.0 AppleWebKit/537.36 (KHTML, like Gecko; compatible; GPTBot/1.2; +https://openai.com/gptbot)"
20.171.207.193 - - [26/Apr/2025:09:46:17 -0400] "GET /2024/10/18/kazino-flint/embed/ HTTP/1.1" 200 23000 "-" "Mozilla/5.0 AppleWebKit/537.36 (KHTML, like Gecko; compatible; GPTBot/1.2; +https://openai.com/gptbot)"
66.29.132.124 - - [26/Apr/2025:09:46:27 -0400] "POST /wp-cron.php?doing_wp_cron=1745675187.1416020393371582031250 HTTP/1.1" 200 0 "-" "WordPress/6.8; https://kamrancomputer.com"
57.141.4.3 - - [26/Apr/2025:09:46:26 -0400] "GET /wp-json/oembed/1.0/embed?url=https%3A%2F%2Fkamrancomputer.com%2F2024%2F10%2F18%2Freal-live-casino%2F HTTP/1.1" 200 2134 "-" "meta-externalagent/1.1 (+https://developers.facebook.com/docs/sharing/webmasters/crawler)"
66.29.132.124 - - [26/Apr/2025:09:46:28 -0400] "POST /wp-admin/admin-ajax.php?action=async_litespeed&nonce=RnJ96rCJdd3Zso2VFvTj2PgSl8FPJtbT&litespeed_type=imgoptm HTTP/1.1" 200 0 "-" "WordPress/6.8; https://kamrancomputer.com"
66.29.132.124 - - [26/Apr/2025:09:46:52 -0400] "POST /wp-cron.php?doing_wp_cron=1745675212.4273629188537597656250 HTTP/1.1" 200 0 "-" "WordPress/6.8; https://kamrancomputer.com"
20.171.207.193 - - [26/Apr/2025:09:46:51 -0400] "GET /?p=4642 HTTP/1.1" 301 0 "-" "Mozilla/5.0 AppleWebKit/537.36 (KHTML, like Gecko; compatible; GPTBot/1.2; +https://openai.com/gptbot)"
20.171.207.193 - - [26/Apr/2025:09:46:54 -0400] "GET /wp-json/wp/v2/posts/4642 HTTP/1.1" 200 5677 "-" "Mozilla/5.0 AppleWebKit/537.36 (KHTML, like Gecko; compatible; GPTBot/1.2; +https://openai.com/gptbot)"
20.171.207.193 - - [26/Apr/2025:09:46:57 -0400] "GET /2024/10/14/slot-kostenlos/ HTTP/1.1" 200 20302 "-" "Mozilla/5.0 AppleWebKit/537.36 (KHTML, like Gecko; compatible; GPTBot/1.2; +https://openai.com/gptbot)"
20.171.207.193 - - [26/Apr/2025:09:46:59 -0400] "GET /wp-json/oembed/1.0/embed?url=https%3A%2F%2Fkamrancomputer.com%2F2024%2F10%2F14%2Fslot-kostenlos%2F HTTP/1.1" 200 2124 "-" "Mozilla/5.0 AppleWebKit/537.36 (KHTML, like Gecko; compatible; GPTBot/1.2; +https://openai.com/gptbot)"
20.171.207.193 - - [26/Apr/2025:09:47:02 -0400] "GET /wp-json/elementskit/v1/ HTTP/1.1" 404 114 "-" "Mozilla/5.0 AppleWebKit/537.36 (KHTML, like Gecko; compatible; GPTBot/1.2; +https://openai.com/gptbot)"
20.171.207.193 - - [26/Apr/2025:09:47:04 -0400] "GET /wp-json/oembed/1.0/embed?format=xml&url=https%3A%2F%2Fkamrancomputer.com%2F2024%2F10%2F14%2Fslot-kostenlos%2F HTTP/1.1" 200 1024 "-" "Mozilla/5.0 AppleWebKit/537.36 (KHTML, like Gecko; compatible; GPTBot/1.2; +https://openai.com/gptbot)"
20.171.207.193 - - [26/Apr/2025:09:47:07 -0400] "GET /2024/10/14/slot-kostenlos/embed/ HTTP/1.1" 200 22852 "-" "Mozilla/5.0 AppleWebKit/537.36 (KHTML, like Gecko; compatible; GPTBot/1.2; +https://openai.com/gptbot)"
57.141.4.9 - - [26/Apr/2025:09:47:11 -0400] "GET /wp-json/wp/v2/posts/7488 HTTP/1.1" 200 6505 "-" "meta-externalagent/1.1 (+https://developers.facebook.com/docs/sharing/webmasters/crawler)"
20.171.207.193 - - [26/Apr/2025:09:47:13 -0400] "GET /?p=20183 HTTP/1.1" 301 0 "-" "Mozilla/5.0 AppleWebKit/537.36 (KHTML, like Gecko; compatible; GPTBot/1.2; +https://openai.com/gptbot)"
20.171.207.193 - - [26/Apr/2025:09:47:16 -0400] "GET /wp-json/wp/v2/posts/20183 HTTP/1.1" 200 20642 "-" "Mozilla/5.0 AppleWebKit/537.36 (KHTML, like Gecko; compatible; GPTBot/1.2; +https://openai.com/gptbot)"
20.171.207.193 - - [26/Apr/2025:09:47:17 -0400] "GET /2024/10/19/kazino-drift/ HTTP/1.1" 200 22623 "-" "Mozilla/5.0 AppleWebKit/537.36 (KHTML, like Gecko; compatible; GPTBot/1.2; +https://openai.com/gptbot)"
20.171.207.193 - - [26/Apr/2025:09:47:19 -0400] "GET /wp-json/oembed/1.0/embed?url=https%3A%2F%2Fkamrancomputer.com%2F2024%2F10%2F19%2Fkazino-drift%2F HTTP/1.1" 200 2312 "-" "Mozilla/5.0 AppleWebKit/537.36 (KHTML, like Gecko; compatible; GPTBot/1.2; +https://openai.com/gptbot)"
20.171.207.193 - - [26/Apr/2025:09:47:20 -0400] "GET /wp-json/oembed/1.0/embed?format=xml&url=https%3A%2F%2Fkamrancomputer.com%2F2024%2F10%2F19%2Fkazino-drift%2F HTTP/1.1" 200 1061 "-" "Mozilla/5.0 AppleWebKit/537.36 (KHTML, like Gecko; compatible; GPTBot/1.2; +https://openai.com/gptbot)"
20.171.207.193 - - [26/Apr/2025:09:47:22 -0400] "GET /2024/10/19/kazino-drift/embed/ HTTP/1.1" 200 22986 "-" "Mozilla/5.0 AppleWebKit/537.36 (KHTML, like Gecko; compatible; GPTBot/1.2; +https://openai.com/gptbot)"
66.29.132.124 - - [26/Apr/2025:09:47:38 -0400] "POST /wp-cron.php?doing_wp_cron=1745675258.0279710292816162109375 HTTP/1.1" 200 0 "-" "WordPress/6.8; https://kamrancomputer.com"
20.171.207.193 - - [26/Apr/2025:09:47:37 -0400] "GET /wp-json/wp/v2/posts/18742 HTTP/1.1" 200 7195 "-" "Mozilla/5.0 AppleWebKit/537.36 (KHTML, like Gecko; compatible; GPTBot/1.2; +https://openai.com/gptbot)"
66.29.132.124 - - [26/Apr/2025:09:47:38 -0400] "POST /wp-admin/admin-ajax.php?action=async_litespeed&nonce=F595n5T731xAcSTDXvO84mWdYfGrNsOC&litespeed_type=imgoptm HTTP/1.1" 200 0 "-" "WordPress/6.8; https://kamrancomputer.com"
66.29.132.124 - - [26/Apr/2025:09:47:39 -0400] "POST /wp-admin/admin-ajax.php?action=as_async_request_queue_runner&nonce=81db4888c6 HTTP/1.1" 200 0 "-" "WordPress/6.8; https://kamrancomputer.com"
20.171.207.193 - - [26/Apr/2025:09:47:40 -0400] "GET /?p=18742 HTTP/1.1" 301 0 "-" "Mozilla/5.0 AppleWebKit/537.36 (KHTML, like Gecko; compatible; GPTBot/1.2; +https://openai.com/gptbot)"
20.171.207.193 - - [26/Apr/2025:09:47:42 -0400] "GET /2024/10/19/legitimate-online-casinos-canada/ HTTP/1.1" 200 20729 "-" "Mozilla/5.0 AppleWebKit/537.36 (KHTML, like Gecko; compatible; GPTBot/1.2; +https://openai.com/gptbot)"
20.171.207.193 - - [26/Apr/2025:09:47:44 -0400] "GET /wp-json/oembed/1.0/embed?url=https%3A%2F%2Fkamrancomputer.com%2F2024%2F10%2F19%2Flegitimate-online-casinos-canada%2F HTTP/1.1" 200 2214 "-" "Mozilla/5.0 AppleWebKit/537.36 (KHTML, like Gecko; compatible; GPTBot/1.2; +https://openai.com/gptbot)"
20.171.207.193 - - [26/Apr/2025:09:47:46 -0400] "GET /wp-json/oembed/1.0/embed?format=xml&url=https%3A%2F%2Fkamrancomputer.com%2F2024%2F10%2F19%2Flegitimate-online-casinos-canada%2F HTTP/1.1" 200 1043 "-" "Mozilla/5.0 AppleWebKit/537.36 (KHTML, like Gecko; compatible; GPTBot/1.2; +https://openai.com/gptbot)"
20.171.207.193 - - [26/Apr/2025:09:47:49 -0400] "GET /wp-json/elementskit/v1/ HTTP/1.1" 404 114 "-" "Mozilla/5.0 AppleWebKit/537.36 (KHTML, like Gecko; compatible; GPTBot/1.2; +https://openai.com/gptbot)"
66.29.132.124 - - [26/Apr/2025:09:47:53 -0400] "POST /wp-cron.php?doing_wp_cron=1745675273.0532209873199462890625 HTTP/1.1" 200 0 "-" "WordPress/6.8; https://kamrancomputer.com"
20.171.207.193 - - [26/Apr/2025:09:47:51 -0400] "GET /2024/10/19/legitimate-online-casinos-canada/embed/ HTTP/1.1" 200 22853 "-" "Mozilla/5.0 AppleWebKit/537.36 (KHTML, like Gecko; compatible; GPTBot/1.2; +https://openai.com/gptbot)"
20.171.207.193 - - [26/Apr/2025:09:47:55 -0400] "GET /wp-json/wp/v2/posts/7485 HTTP/1.1" 200 16329 "-" "Mozilla/5.0 AppleWebKit/537.36 (KHTML, like Gecko; compatible; GPTBot/1.2; +https://openai.com/gptbot)"
20.171.207.193 - - [26/Apr/2025:09:47:59 -0400] "GET /?p=7485 HTTP/1.1" 301 0 "-" "Mozilla/5.0 AppleWebKit/537.36 (KHTML, like Gecko; compatible; GPTBot/1.2; +https://openai.com/gptbot)"
57.141.4.27 - - [26/Apr/2025:09:47:58 -0400] "GET /?p=6934 HTTP/1.1" 301 0 "-" "meta-externalagent/1.1 (+https://developers.facebook.com/docs/sharing/webmasters/crawler)"
20.171.207.193 - - [26/Apr/2025:09:48:02 -0400] "GET /?p=5593 HTTP/1.1" 301 0 "-" "Mozilla/5.0 AppleWebKit/537.36 (KHTML, like Gecko; compatible; GPTBot/1.2; +https://openai.com/gptbot)"
20.171.207.193 - - [26/Apr/2025:09:48:05 -0400] "GET /wp-json/wp/v2/posts/5593 HTTP/1.1" 200 6296 "-" "Mozilla/5.0 AppleWebKit/537.36 (KHTML, like Gecko; compatible; GPTBot/1.2; +https://openai.com/gptbot)"
20.171.207.193 - - [26/Apr/2025:09:48:08 -0400] "GET /2024/10/18/grand-kazino-igrat-onlajn/ HTTP/1.1" 200 21941 "-" "Mozilla/5.0 AppleWebKit/537.36 (KHTML, like Gecko; compatible; GPTBot/1.2; +https://openai.com/gptbot)"
20.171.207.193 - - [26/Apr/2025:09:48:10 -0400] "GET /2024/10/14/wild-casino/ HTTP/1.1" 200 20556 "-" "Mozilla/5.0 AppleWebKit/537.36 (KHTML, like Gecko; compatible; GPTBot/1.2; +https://openai.com/gptbot)"
20.171.207.193 - - [26/Apr/2025:09:48:13 -0400] "GET /wp-json/oembed/1.0/embed?url=https%3A%2F%2Fkamrancomputer.com%2F2024%2F10%2F18%2Fgrand-kazino-igrat-onlajn%2F HTTP/1.1" 200 2596 "-" "Mozilla/5.0 AppleWebKit/537.36 (KHTML, like Gecko; compatible; GPTBot/1.2; +https://openai.com/gptbot)"
20.171.207.193 - - [26/Apr/2025:09:48:15 -0400] "GET /wp-json/elementskit/v1/ HTTP/1.1" 404 114 "-" "Mozilla/5.0 AppleWebKit/537.36 (KHTML, like Gecko; compatible; GPTBot/1.2; +https://openai.com/gptbot)"
20.171.207.193 - - [26/Apr/2025:09:48:17 -0400] "GET /wp-json/oembed/1.0/embed?format=xml&url=https%3A%2F%2Fkamrancomputer.com%2F2024%2F10%2F18%2Fgrand-kazino-igrat-onlajn%2F HTTP/1.1" 200 1094 "-" "Mozilla/5.0 AppleWebKit/537.36 (KHTML, like Gecko; compatible; GPTBot/1.2; +https://openai.com/gptbot)"
20.171.207.193 - - [26/Apr/2025:09:48:18 -0400] "GET /2024/10/18/grand-kazino-igrat-onlajn/embed/ HTTP/1.1" 200 23155 "-" "Mozilla/5.0 AppleWebKit/537.36 (KHTML, like Gecko; compatible; GPTBot/1.2; +https://openai.com/gptbot)"
20.171.207.193 - - [26/Apr/2025:09:48:22 -0400] "GET /wp-json/oembed/1.0/embed?format=xml&url=https%3A%2F%2Fkamrancomputer.com%2F2024%2F10%2F14%2Fwild-casino%2F HTTP/1.1" 200 1025 "-" "Mozilla/5.0 AppleWebKit/537.36 (KHTML, like Gecko; compatible; GPTBot/1.2; +https://openai.com/gptbot)"
20.171.207.193 - - [26/Apr/2025:09:48:23 -0400] "GET /wp-json/oembed/1.0/embed?url=https%3A%2F%2Fkamrancomputer.com%2F2024%2F10%2F14%2Fwild-casino%2F HTTP/1.1" 200 2109 "-" "Mozilla/5.0 AppleWebKit/537.36 (KHTML, like Gecko; compatible; GPTBot/1.2; +https://openai.com/gptbot)"
20.171.207.193 - - [26/Apr/2025:09:48:25 -0400] "GET /2024/10/14/wild-casino/embed/ HTTP/1.1" 200 22806 "-" "Mozilla/5.0 AppleWebKit/537.36 (KHTML, like Gecko; compatible; GPTBot/1.2; +https://openai.com/gptbot)"
20.171.207.193 - - [26/Apr/2025:09:54:39 -0400] "GET /wp-json/wp/v2/posts/3789 HTTP/1.1" 200 0 "-" "Mozilla/5.0 AppleWebKit/537.36 (KHTML, like Gecko; compatible; GPTBot/1.2; +https://openai.com/gptbot)"
66.29.132.124 - - [26/Apr/2025:09:55:23 -0400] "POST /wp-cron.php?doing_wp_cron=1745675722.7256209850311279296875 HTTP/1.1" 200 0 "-" "WordPress/6.8; https://kamrancomputer.com"
66.29.132.124 - - [26/Apr/2025:09:55:27 -0400] "POST /wp-cron.php?doing_wp_cron=1745675722.7245800495147705078125 HTTP/1.1" 200 0 "-" "WordPress/6.8; https://kamrancomputer.com"
66.29.132.124 - - [26/Apr/2025:09:55:29 -0400] "POST /wp-admin/admin-ajax.php?action=async_litespeed&nonce=BgQvooIq8fzsxVyQrU6Ud6MhluT8y2ON&litespeed_type=imgoptm HTTP/1.1" 200 0 "-" "WordPress/6.8; https://kamrancomputer.com"
20.171.207.193 - - [26/Apr/2025:09:55:09 -0400] "GET /?p=3789 HTTP/1.1" 301 0 "-" "Mozilla/5.0 AppleWebKit/537.36 (KHTML, like Gecko; compatible; GPTBot/1.2; +https://openai.com/gptbot)"
66.29.132.124 - - [26/Apr/2025:09:55:32 -0400] "POST /wp-admin/admin-ajax.php?action=async_litespeed&nonce=UlCG7IsGI0AyoOyR7boQVhE7935yQR8E&litespeed_type=imgoptm HTTP/1.1" 200 0 "-" "WordPress/6.8; https://kamrancomputer.com"
20.171.207.193 - - [26/Apr/2025:09:55:40 -0400] "GET /wp-json/wp/v2/posts/754 HTTP/1.1" 200 5915 "-" "Mozilla/5.0 AppleWebKit/537.36 (KHTML, like Gecko; compatible; GPTBot/1.2; +https://openai.com/gptbot)"
66.29.132.124 - - [26/Apr/2025:09:56:09 -0400] "POST /wp-cron.php?doing_wp_cron=1745675769.5758829116821289062500 HTTP/1.1" 200 0 "-" "WordPress/6.8; https://kamrancomputer.com"
20.171.207.193 - - [26/Apr/2025:09:56:09 -0400] "GET /?p=754 HTTP/1.1" 301 0 "-" "Mozilla/5.0 AppleWebKit/537.36 (KHTML, like Gecko; compatible; GPTBot/1.2; +https://openai.com/gptbot)"
66.29.132.124 - - [26/Apr/2025:09:56:23 -0400] "POST /wp-cron.php?doing_wp_cron=1745675783.5284039974212646484375 HTTP/1.1" 200 0 "-" "WordPress/6.8; https://kamrancomputer.com"
57.141.4.18 - - [26/Apr/2025:09:56:22 -0400] "GET /wp-json/wp/v2/posts/7817 HTTP/1.1" 200 6480 "-" "meta-externalagent/1.1 (+https://developers.facebook.com/docs/sharing/webmasters/crawler)"
66.29.132.124 - - [26/Apr/2025:09:56:34 -0400] "POST /wp-cron.php?doing_wp_cron=1745675794.9327540397644042968750 HTTP/1.1" 200 0 "-" "WordPress/6.8; https://kamrancomputer.com"
20.171.207.193 - - [26/Apr/2025:09:56:34 -0400] "GET /?p=14863 HTTP/1.1" 301 0 "-" "Mozilla/5.0 AppleWebKit/537.36 (KHTML, like Gecko; compatible; GPTBot/1.2; +https://openai.com/gptbot)"
66.29.132.124 - - [26/Apr/2025:09:56:35 -0400] "POST /wp-admin/admin-ajax.php?action=async_litespeed&nonce=ApHpWfKD3YHxf3Pa3JtNNt2D66NByngQ&litespeed_type=imgoptm HTTP/1.1" 200 0 "-" "WordPress/6.8; https://kamrancomputer.com"
66.29.132.124 - - [26/Apr/2025:09:56:59 -0400] "POST /wp-cron.php?doing_wp_cron=1745675819.0393249988555908203125 HTTP/1.1" 200 0 "-" "WordPress/6.8; https://kamrancomputer.com"
20.171.207.193 - - [26/Apr/2025:09:56:58 -0400] "GET /wp-json/wp/v2/posts/14863 HTTP/1.1" 200 5758 "-" "Mozilla/5.0 AppleWebKit/537.36 (KHTML, like Gecko; compatible; GPTBot/1.2; +https://openai.com/gptbot)"
57.141.4.22 - - [26/Apr/2025:09:57:09 -0400] "GET /wp-json/wp/v2/posts/8560 HTTP/1.1" 200 5850 "-" "meta-externalagent/1.1 (+https://developers.facebook.com/docs/sharing/webmasters/crawler)"
20.171.207.193 - - [26/Apr/2025:09:57:18 -0400] "GET /2024/10/14/online-casino-roulette/ HTTP/1.1" 200 20835 "-" "Mozilla/5.0 AppleWebKit/537.36 (KHTML, like Gecko; compatible; GPTBot/1.2; +https://openai.com/gptbot)"
66.29.132.124 - - [26/Apr/2025:09:57:37 -0400] "POST /wp-cron.php?doing_wp_cron=1745675857.7716619968414306640625 HTTP/1.1" 200 0 "-" "WordPress/6.8; https://kamrancomputer.com"
20.171.207.193 - - [26/Apr/2025:09:57:36 -0400] "GET /2024/10/14/novoline-automaten-kaufen/ HTTP/1.1" 200 20435 "-" "Mozilla/5.0 AppleWebKit/537.36 (KHTML, like Gecko; compatible; GPTBot/1.2; +https://openai.com/gptbot)"
66.29.132.124 - - [26/Apr/2025:09:57:39 -0400] "POST /wp-admin/admin-ajax.php?action=async_litespeed&nonce=PqOKU9V0VKD9lMVjKEhsZ4Wk5875SBRZ&litespeed_type=imgoptm HTTP/1.1" 200 0 "-" "WordPress/6.8; https://kamrancomputer.com"
66.29.132.124 - - [26/Apr/2025:09:57:40 -0400] "POST /wp-admin/admin-ajax.php?action=as_async_request_queue_runner&nonce=81db4888c6 HTTP/1.1" 200 0 "-" "WordPress/6.8; https://kamrancomputer.com"
66.29.132.124 - - [26/Apr/2025:09:57:54 -0400] "POST /wp-cron.php?doing_wp_cron=1745675874.6216669082641601562500 HTTP/1.1" 200 0 "-" "WordPress/6.8; https://kamrancomputer.com"
20.171.207.193 - - [26/Apr/2025:09:57:53 -0400] "GET /wp-json/wp/v2/posts/3579 HTTP/1.1" 200 5969 "-" "Mozilla/5.0 AppleWebKit/537.36 (KHTML, like Gecko; compatible; GPTBot/1.2; +https://openai.com/gptbot)"
20.171.207.193 - - [26/Apr/2025:09:58:08 -0400] "GET /?p=3579 HTTP/1.1" 301 0 "-" "Mozilla/5.0 AppleWebKit/537.36 (KHTML, like Gecko; compatible; GPTBot/1.2; +https://openai.com/gptbot)"
57.141.4.19 - - [26/Apr/2025:09:58:23 -0400] "GET /wp-json/oembed/1.0/embed?url=https%3A%2F%2Fkamrancomputer.com%2F2024%2F10%2F18%2Ffirefrog-777-download%2F HTTP/1.1" 200 2159 "-" "meta-externalagent/1.1 (+https://developers.facebook.com/docs/sharing/webmasters/crawler)"
20.171.207.193 - - [26/Apr/2025:09:58:21 -0400] "GET /2024/10/18/best-online-casino/ HTTP/1.1" 200 21765 "-" "Mozilla/5.0 AppleWebKit/537.36 (KHTML, like Gecko; compatible; GPTBot/1.2; +https://openai.com/gptbot)"
66.29.132.124 - - [26/Apr/2025:09:58:32 -0400] "POST /wp-cron.php?doing_wp_cron=1745675912.7654619216918945312500 HTTP/1.1" 200 0 "-" "WordPress/6.8; https://kamrancomputer.com"
57.141.4.30 - - [26/Apr/2025:09:58:31 -0400] "GET /?p=13183 HTTP/1.1" 301 0 "-" "meta-externalagent/1.1 (+https://developers.facebook.com/docs/sharing/webmasters/crawler)"
66.29.132.124 - - [26/Apr/2025:09:58:34 -0400] "POST /wp-admin/admin-ajax.php?action=async_litespeed&nonce=mUv7kMGC2wVvTRDpQrv8OXHY453Kaaa6&litespeed_type=imgoptm HTTP/1.1" 200 21 "-" "WordPress/6.8; https://kamrancomputer.com"
20.171.207.193 - - [26/Apr/2025:09:58:34 -0400] "GET /wp-json/oembed/1.0/embed?format=xml&url=https%3A%2F%2Fkamrancomputer.com%2F2024%2F10%2F14%2Fonline-casino-roulette%2F HTTP/1.1" 200 1037 "-" "Mozilla/5.0 AppleWebKit/537.36 (KHTML, like Gecko; compatible; GPTBot/1.2; +https://openai.com/gptbot)"
20.171.207.193 - - [26/Apr/2025:09:58:45 -0400] "GET /wp-json/elementskit/v1/ HTTP/1.1" 404 114 "-" "Mozilla/5.0 AppleWebKit/537.36 (KHTML, like Gecko; compatible; GPTBot/1.2; +https://openai.com/gptbot)"
66.29.132.124 - - [26/Apr/2025:09:58:56 -0400] "POST /wp-cron.php?doing_wp_cron=1745675936.2815968990325927734375 HTTP/1.1" 200 0 "-" "WordPress/6.8; https://kamrancomputer.com"
20.171.207.193 - - [26/Apr/2025:09:58:54 -0400] "GET /wp-json/oembed/1.0/embed?url=https%3A%2F%2Fkamrancomputer.com%2F2024%2F10%2F14%2Fonline-casino-roulette%2F HTTP/1.1" 200 2164 "-" "Mozilla/5.0 AppleWebKit/537.36 (KHTML, like Gecko; compatible; GPTBot/1.2; +https://openai.com/gptbot)"
20.171.207.193 - - [26/Apr/2025:09:59:04 -0400] "GET /wp-json/wp/v2/posts/3789 HTTP/1.1" 200 6670 "-" "Mozilla/5.0 AppleWebKit/537.36 (KHTML, like Gecko; compatible; GPTBot/1.2; +https://openai.com/gptbot)"
20.171.207.193 - - [26/Apr/2025:09:59:12 -0400] "GET /wp-json/wp/v2/posts/3789 HTTP/1.1" 200 6670 "-" "Mozilla/5.0 AppleWebKit/537.36 (KHTML, like Gecko; compatible; GPTBot/1.2; +https://openai.com/gptbot)"
20.171.207.193 - - [26/Apr/2025:09:59:21 -0400] "GET /wp-json/oembed/1.0/embed?url=https%3A%2F%2Fkamrancomputer.com%2F2024%2F10%2F14%2Fonline-casino-roulette%2F HTTP/1.1" 200 2164 "-" "Mozilla/5.0 AppleWebKit/537.36 (KHTML, like Gecko; compatible; GPTBot/1.2; +https://openai.com/gptbot)"
20.171.207.193 - - [26/Apr/2025:09:59:28 -0400] "GET /wp-json/oembed/1.0/embed?format=xml&url=https%3A%2F%2Fkamrancomputer.com%2F2024%2F10%2F14%2Fonline-casino-roulette%2F HTTP/1.1" 200 1037 "-" "Mozilla/5.0 AppleWebKit/537.36 (KHTML, like Gecko; compatible; GPTBot/1.2; +https://openai.com/gptbot)"
66.29.132.124 - - [26/Apr/2025:09:59:35 -0400] "POST /wp-cron.php?doing_wp_cron=1745675975.3798670768737792968750 HTTP/1.1" 200 0 "-" "WordPress/6.8; https://kamrancomputer.com"
20.171.207.193 - - [26/Apr/2025:09:59:34 -0400] "GET /2024/10/14/novoline-automaten-kaufen/novoline-automat.jpg HTTP/1.1" 404 18497 "-" "Mozilla/5.0 AppleWebKit/537.36 (KHTML, like Gecko; compatible; GPTBot/1.2; +https://openai.com/gptbot)"
66.29.132.124 - - [26/Apr/2025:09:59:36 -0400] "POST /wp-admin/admin-ajax.php?action=async_litespeed&nonce=noYSLsk3e80MxINdMg0tDTYHL0khTMBW&litespeed_type=imgoptm HTTP/1.1" 200 0 "-" "WordPress/6.8; https://kamrancomputer.com"
20.171.207.193 - - [26/Apr/2025:09:59:40 -0400] "GET /?p=5981 HTTP/1.1" 301 0 "-" "Mozilla/5.0 AppleWebKit/537.36 (KHTML, like Gecko; compatible; GPTBot/1.2; +https://openai.com/gptbot)"
20.171.207.193 - - [26/Apr/2025:09:59:46 -0400] "GET /?p=7861 HTTP/1.1" 301 0 "-" "Mozilla/5.0 AppleWebKit/537.36 (KHTML, like Gecko; compatible; GPTBot/1.2; +https://openai.com/gptbot)"
57.141.4.20 - - [26/Apr/2025:09:59:48 -0400] "GET /?p=16000 HTTP/1.1" 301 0 "-" "meta-externalagent/1.1 (+https://developers.facebook.com/docs/sharing/webmasters/crawler)"
66.29.132.124 - - [26/Apr/2025:09:59:52 -0400] "POST /wp-cron.php?doing_wp_cron=1745675992.7508819103240966796875 HTTP/1.1" 200 0 "-" "WordPress/6.8; https://kamrancomputer.com"
20.171.207.193 - - [26/Apr/2025:09:59:51 -0400] "GET /2024/10/14/online-casino-roulette/embed/ HTTP/1.1" 200 22849 "-" "Mozilla/5.0 AppleWebKit/537.36 (KHTML, like Gecko; compatible; GPTBot/1.2; +https://openai.com/gptbot)"
57.141.4.4 - - [26/Apr/2025:09:59:53 -0400] "GET /2024/10/18/1xbet-kazino/ HTTP/1.1" 200 133331 "-" "meta-externalagent/1.1 (+https://developers.facebook.com/docs/sharing/webmasters/crawler)"
20.171.207.193 - - [26/Apr/2025:09:59:56 -0400] "GET /2024/10/14/new-casino-games/ HTTP/1.1" 200 20386 "-" "Mozilla/5.0 AppleWebKit/537.36 (KHTML, like Gecko; compatible; GPTBot/1.2; +https://openai.com/gptbot)"
20.171.207.193 - - [26/Apr/2025:10:00:00 -0400] "GET /wp-json/wp/v2/posts/5981 HTTP/1.1" 200 15251 "-" "Mozilla/5.0 AppleWebKit/537.36 (KHTML, like Gecko; compatible; GPTBot/1.2; +https://openai.com/gptbot)"
20.171.207.193 - - [26/Apr/2025:10:00:04 -0400] "GET /wp-json/wp/v2/posts/7861 HTTP/1.1" 200 5637 "-" "Mozilla/5.0 AppleWebKit/537.36 (KHTML, like Gecko; compatible; GPTBot/1.2; +https://openai.com/gptbot)"
20.171.207.193 - - [26/Apr/2025:10:00:07 -0400] "GET /wp-json/oembed/1.0/embed?url=https%3A%2F%2Fkamrancomputer.com%2F2024%2F10%2F18%2Fbest-online-casino%2F HTTP/1.1" 200 2144 "-" "Mozilla/5.0 AppleWebKit/537.36 (KHTML, like Gecko; compatible; GPTBot/1.2; +https://openai.com/gptbot)"
20.171.207.193 - - [26/Apr/2025:10:00:10 -0400] "GET /wp-json/oembed/1.0/embed?url=https%3A%2F%2Fkamrancomputer.com%2F2024%2F10%2F14%2Fnovoline-automaten-kaufen%2F HTTP/1.1" 200 2179 "-" "Mozilla/5.0 AppleWebKit/537.36 (KHTML, like Gecko; compatible; GPTBot/1.2; +https://openai.com/gptbot)"
57.141.4.26 - - [26/Apr/2025:10:00:12 -0400] "GET /wp-json/wp/v2/posts/16000 HTTP/1.1" 200 15337 "-" "meta-externalagent/1.1 (+https://developers.facebook.com/docs/sharing/webmasters/crawler)"
20.171.207.193 - - [26/Apr/2025:10:00:13 -0400] "GET /wp-json/oembed/1.0/embed?format=xml&url=https%3A%2F%2Fkamrancomputer.com%2F2024%2F10%2F14%2Fnovoline-automaten-kaufen%2F HTTP/1.1" 200 1037 "-" "Mozilla/5.0 AppleWebKit/537.36 (KHTML, like Gecko; compatible; GPTBot/1.2; +https://openai.com/gptbot)"
20.171.207.193 - - [26/Apr/2025:10:00:16 -0400] "GET /wp-json/oembed/1.0/embed?format=xml&url=https%3A%2F%2Fkamrancomputer.com%2F2024%2F10%2F18%2Fbest-online-casino%2F HTTP/1.1" 200 1030 "-" "Mozilla/5.0 AppleWebKit/537.36 (KHTML, like Gecko; compatible; GPTBot/1.2; +https://openai.com/gptbot)"
20.171.207.193 - - [26/Apr/2025:10:00:19 -0400] "GET /2024/10/14/vulkan-delyuks-klub/ HTTP/1.1" 200 21730 "-" "Mozilla/5.0 AppleWebKit/537.36 (KHTML, like Gecko; compatible; GPTBot/1.2; +https://openai.com/gptbot)"
20.171.207.193 - - [26/Apr/2025:10:00:22 -0400] "GET /2024/10/18/baytree-gambling/ HTTP/1.1" 200 20298 "-" "Mozilla/5.0 AppleWebKit/537.36 (KHTML, like Gecko; compatible; GPTBot/1.2; +https://openai.com/gptbot)"
20.171.207.193 - - [26/Apr/2025:10:00:26 -0400] "GET /wp-json/elementskit/v1/ HTTP/1.1" 404 114 "-" "Mozilla/5.0 AppleWebKit/537.36 (KHTML, like Gecko; compatible; GPTBot/1.2; +https://openai.com/gptbot)"
66.29.132.124 - - [26/Apr/2025:10:00:30 -0400] "POST /wp-cron.php?doing_wp_cron=1745676030.0335829257965087890625 HTTP/1.1" 200 0 "-" "WordPress/6.8; https://kamrancomputer.com"
20.171.207.193 - - [26/Apr/2025:10:00:29 -0400] "GET /2024/10/14/new-casino-games/new-casino-games.jpg HTTP/1.1" 404 18496 "-" "Mozilla/5.0 AppleWebKit/537.36 (KHTML, like Gecko; compatible; GPTBot/1.2; +https://openai.com/gptbot)"
66.29.132.124 - - [26/Apr/2025:10:00:31 -0400] "POST /wp-admin/admin-ajax.php?action=async_litespeed&nonce=Gj4altQGlzv89Vwrjrk8kcYqBfRJj19R&litespeed_type=imgoptm HTTP/1.1" 200 0 "-" "WordPress/6.8; https://kamrancomputer.com"
20.171.207.193 - - [26/Apr/2025:10:00:32 -0400] "GET /?p=13377 HTTP/1.1" 301 0 "-" "Mozilla/5.0 AppleWebKit/537.36 (KHTML, like Gecko; compatible; GPTBot/1.2; +https://openai.com/gptbot)"
20.171.207.193 - - [26/Apr/2025:10:00:35 -0400] "GET /wp-json/wp/v2/posts/13377 HTTP/1.1" 200 19431 "-" "Mozilla/5.0 AppleWebKit/537.36 (KHTML, like Gecko; compatible; GPTBot/1.2; +https://openai.com/gptbot)"
20.171.207.193 - - [26/Apr/2025:10:00:38 -0400] "GET /wp-json/oembed/1.0/embed?url=https%3A%2F%2Fkamrancomputer.com%2F2024%2F10%2F14%2Fnew-casino-games%2F HTTP/1.1" 200 2134 "-" "Mozilla/5.0 AppleWebKit/537.36 (KHTML, like Gecko; compatible; GPTBot/1.2; +https://openai.com/gptbot)"
20.171.207.193 - - [26/Apr/2025:10:00:40 -0400] "GET /wp-json/oembed/1.0/embed?format=xml&url=https%3A%2F%2Fkamrancomputer.com%2F2024%2F10%2F14%2Fnew-casino-games%2F HTTP/1.1" 200 1034 "-" "Mozilla/5.0 AppleWebKit/537.36 (KHTML, like Gecko; compatible; GPTBot/1.2; +https://openai.com/gptbot)"
20.171.207.193 - - [26/Apr/2025:10:00:43 -0400] "GET /2024/10/14/novoline-automaten-kaufen/embed/ HTTP/1.1" 200 22780 "-" "Mozilla/5.0 AppleWebKit/537.36 (KHTML, like Gecko; compatible; GPTBot/1.2; +https://openai.com/gptbot)"
20.171.207.193 - - [26/Apr/2025:10:00:45 -0400] "GET /2024/10/18/best-online-casino/embed/ HTTP/1.1" 200 23047 "-" "Mozilla/5.0 AppleWebKit/537.36 (KHTML, like Gecko; compatible; GPTBot/1.2; +https://openai.com/gptbot)"
20.171.207.193 - - [26/Apr/2025:10:00:48 -0400] "GET /wp-json/oembed/1.0/embed?url=https%3A%2F%2Fkamrancomputer.com%2F2024%2F10%2F14%2Fvulkan-delyuks-klub%2F HTTP/1.1" 200 2434 "-" "Mozilla/5.0 AppleWebKit/537.36 (KHTML, like Gecko; compatible; GPTBot/1.2; +https://openai.com/gptbot)"
66.29.132.124 - - [26/Apr/2025:10:00:53 -0400] "POST /wp-cron.php?doing_wp_cron=1745676053.2871201038360595703125 HTTP/1.1" 200 0 "-" "WordPress/6.8; https://kamrancomputer.com"
20.171.207.193 - - [26/Apr/2025:10:00:51 -0400] "GET /wp-json/oembed/1.0/embed?url=https%3A%2F%2Fkamrancomputer.com%2F2024%2F10%2F18%2Fbaytree-gambling%2F HTTP/1.1" 200 2134 "-" "Mozilla/5.0 AppleWebKit/537.36 (KHTML, like Gecko; compatible; GPTBot/1.2; +https://openai.com/gptbot)"
20.171.207.193 - - [26/Apr/2025:10:00:54 -0400] "GET /wp-json/oembed/1.0/embed?format=xml&url=https%3A%2F%2Fkamrancomputer.com%2F2024%2F10%2F14%2Fvulkan-delyuks-klub%2F HTTP/1.1" 200 1081 "-" "Mozilla/5.0 AppleWebKit/537.36 (KHTML, like Gecko; compatible; GPTBot/1.2; +https://openai.com/gptbot)"
20.171.207.193 - - [26/Apr/2025:10:00:57 -0400] "GET /wp-json/oembed/1.0/embed?format=xml&url=https%3A%2F%2Fkamrancomputer.com%2F2024%2F10%2F18%2Fbaytree-gambling%2F HTTP/1.1" 200 1028 "-" "Mozilla/5.0 AppleWebKit/537.36 (KHTML, like Gecko; compatible; GPTBot/1.2; +https://openai.com/gptbot)"
20.171.207.193 - - [26/Apr/2025:10:01:00 -0400] "GET /2024/10/18/tri-tuza-igrovye-avtomaty/ HTTP/1.1" 200 22548 "-" "Mozilla/5.0 AppleWebKit/537.36 (KHTML, like Gecko; compatible; GPTBot/1.2; +https://openai.com/gptbot)"
20.171.207.193 - - [26/Apr/2025:10:01:03 -0400] "GET /2024/10/14/new-casino-games/embed/ HTTP/1.1" 200 22789 "-" "Mozilla/5.0 AppleWebKit/537.36 (KHTML, like Gecko; compatible; GPTBot/1.2; +https://openai.com/gptbot)"
20.171.207.193 - - [26/Apr/2025:10:01:05 -0400] "GET /wp-json/elementskit/v1/ HTTP/1.1" 404 114 "-" "Mozilla/5.0 AppleWebKit/537.36 (KHTML, like Gecko; compatible; GPTBot/1.2; +https://openai.com/gptbot)"
20.171.207.193 - - [26/Apr/2025:10:01:07 -0400] "GET /2024/10/14/vulkan-delyuks-klub/embed/ HTTP/1.1" 200 23078 "-" "Mozilla/5.0 AppleWebKit/537.36 (KHTML, like Gecko; compatible; GPTBot/1.2; +https://openai.com/gptbot)"
20.171.207.193 - - [26/Apr/2025:10:01:10 -0400] "GET /2024/10/18/baytree-gambling/embed/ HTTP/1.1" 200 22810 "-" "Mozilla/5.0 AppleWebKit/537.36 (KHTML, like Gecko; compatible; GPTBot/1.2; +https://openai.com/gptbot)"
66.29.132.124 - - [26/Apr/2025:10:01:13 -0400] "POST /wp-cron.php?doing_wp_cron=1745676073.1225929260253906250000 HTTP/1.1" 200 0 "-" "WordPress/6.8; https://kamrancomputer.com"
20.171.207.193 - - [26/Apr/2025:10:01:12 -0400] "GET /?p=8816 HTTP/1.1" 301 0 "-" "Mozilla/5.0 AppleWebKit/537.36 (KHTML, like Gecko; compatible; GPTBot/1.2; +https://openai.com/gptbot)"
20.171.207.193 - - [26/Apr/2025:10:01:14 -0400] "GET /wp-json/wp/v2/posts/8816 HTTP/1.1" 200 5611 "-" "Mozilla/5.0 AppleWebKit/537.36 (KHTML, like Gecko; compatible; GPTBot/1.2; +https://openai.com/gptbot)"
20.171.207.193 - - [26/Apr/2025:10:01:15 -0400] "GET /wp-json/oembed/1.0/embed?url=https%3A%2F%2Fkamrancomputer.com%2F2024%2F10%2F18%2Ftri-tuza-igrovye-avtomaty%2F HTTP/1.1" 200 2575 "-" "Mozilla/5.0 AppleWebKit/537.36 (KHTML, like Gecko; compatible; GPTBot/1.2; +https://openai.com/gptbot)"
20.171.207.193 - - [26/Apr/2025:10:01:17 -0400] "GET /wp-json/oembed/1.0/embed?format=xml&url=https%3A%2F%2Fkamrancomputer.com%2F2024%2F10%2F18%2Ftri-tuza-igrovye-avtomaty%2F HTTP/1.1" 200 1096 "-" "Mozilla/5.0 AppleWebKit/537.36 (KHTML, like Gecko; compatible; GPTBot/1.2; +https://openai.com/gptbot)"
20.171.207.193 - - [26/Apr/2025:10:01:19 -0400] "GET /2024/10/18/bovada-bvx/ HTTP/1.1" 200 20194 "-" "Mozilla/5.0 AppleWebKit/537.36 (KHTML, like Gecko; compatible; GPTBot/1.2; +https://openai.com/gptbot)"
20.171.207.193 - - [26/Apr/2025:10:01:21 -0400] "GET /wp-json/wp/v2/posts/16956 HTTP/1.1" 200 6339 "-" "Mozilla/5.0 AppleWebKit/537.36 (KHTML, like Gecko; compatible; GPTBot/1.2; +https://openai.com/gptbot)"
20.171.207.193 - - [26/Apr/2025:10:01:23 -0400] "GET /?p=16956 HTTP/1.1" 301 0 "-" "Mozilla/5.0 AppleWebKit/537.36 (KHTML, like Gecko; compatible; GPTBot/1.2; +https://openai.com/gptbot)"
66.29.132.124 - - [26/Apr/2025:10:01:27 -0400] "POST /wp-cron.php?doing_wp_cron=1745676086.8578960895538330078125 HTTP/1.1" 200 0 "-" "WordPress/6.8; https://kamrancomputer.com"
20.171.207.193 - - [26/Apr/2025:10:01:26 -0400] "GET /2024/10/18/tri-tuza-igrovye-avtomaty/embed/ HTTP/1.1" 200 23074 "-" "Mozilla/5.0 AppleWebKit/537.36 (KHTML, like Gecko; compatible; GPTBot/1.2; +https://openai.com/gptbot)"
66.29.132.124 - - [26/Apr/2025:10:01:27 -0400] "POST /wp-admin/admin-ajax.php?action=async_litespeed&nonce=ZuZRnV4ICkFrJ1xRxMquNnoJg9B6WKOq&litespeed_type=imgoptm HTTP/1.1" 200 0 "-" "WordPress/6.8; https://kamrancomputer.com"
20.171.207.193 - - [26/Apr/2025:10:01:28 -0400] "GET /wp-json/oembed/1.0/embed?format=xml&url=https%3A%2F%2Fkamrancomputer.com%2F2024%2F10%2F18%2Fbovada-bvx%2F HTTP/1.1" 200 1024 "-" "Mozilla/5.0 AppleWebKit/537.36 (KHTML, like Gecko; compatible; GPTBot/1.2; +https://openai.com/gptbot)"
66.29.132.124 - - [26/Apr/2025:10:01:28 -0400] "POST /wp-admin/admin-ajax.php?action=as_async_request_queue_runner&nonce=81db4888c6 HTTP/1.1" 200 0 "-" "WordPress/6.8; https://kamrancomputer.com"
20.171.207.193 - - [26/Apr/2025:10:01:30 -0400] "GET /wp-json/oembed/1.0/embed?url=https%3A%2F%2Fkamrancomputer.com%2F2024%2F10%2F18%2Fbovada-bvx%2F HTTP/1.1" 200 2104 "-" "Mozilla/5.0 AppleWebKit/537.36 (KHTML, like Gecko; compatible; GPTBot/1.2; +https://openai.com/gptbot)"
20.171.207.193 - - [26/Apr/2025:10:01:32 -0400] "GET /2024/10/18/new-jersey-online-casinos-list/ HTTP/1.1" 200 20396 "-" "Mozilla/5.0 AppleWebKit/537.36 (KHTML, like Gecko; compatible; GPTBot/1.2; +https://openai.com/gptbot)"
20.171.207.193 - - [26/Apr/2025:10:01:34 -0400] "GET /2024/10/18/bovada-bvx/embed/ HTTP/1.1" 200 22769 "-" "Mozilla/5.0 AppleWebKit/537.36 (KHTML, like Gecko; compatible; GPTBot/1.2; +https://openai.com/gptbot)"
20.171.207.193 - - [26/Apr/2025:10:01:35 -0400] "GET /wp-json/oembed/1.0/embed?format=xml&url=https%3A%2F%2Fkamrancomputer.com%2F2024%2F10%2F18%2Fnew-jersey-online-casinos-list%2F HTTP/1.1" 200 1045 "-" "Mozilla/5.0 AppleWebKit/537.36 (KHTML, like Gecko; compatible; GPTBot/1.2; +https://openai.com/gptbot)"
20.171.207.193 - - [26/Apr/2025:10:01:37 -0400] "GET /wp-json/oembed/1.0/embed?url=https%3A%2F%2Fkamrancomputer.com%2F2024%2F10%2F18%2Fnew-jersey-online-casinos-list%2F HTTP/1.1" 200 2204 "-" "Mozilla/5.0 AppleWebKit/537.36 (KHTML, like Gecko; compatible; GPTBot/1.2; +https://openai.com/gptbot)"
20.171.207.193 - - [26/Apr/2025:10:01:39 -0400] "GET /2024/10/18/new-jersey-online-casinos-list/embed/ HTTP/1.1" 200 22801 "-" "Mozilla/5.0 AppleWebKit/537.36 (KHTML, like Gecko; compatible; GPTBot/1.2; +https://openai.com/gptbot)"
20.171.207.193 - - [26/Apr/2025:10:01:51 -0400] "GET /wp-json/wp/v2/posts/8503 HTTP/1.1" 200 6626 "-" "Mozilla/5.0 AppleWebKit/537.36 (KHTML, like Gecko; compatible; GPTBot/1.2; +https://openai.com/gptbot)"
66.29.132.124 - - [26/Apr/2025:10:01:53 -0400] "POST /wp-cron.php?doing_wp_cron=1745676113.0436770915985107421875 HTTP/1.1" 200 0 "-" "WordPress/6.8; https://kamrancomputer.com"
20.171.207.193 - - [26/Apr/2025:10:01:52 -0400] "GET /?p=8503 HTTP/1.1" 301 0 "-" "Mozilla/5.0 AppleWebKit/537.36 (KHTML, like Gecko; compatible; GPTBot/1.2; +https://openai.com/gptbot)"
20.171.207.193 - - [26/Apr/2025:10:01:53 -0400] "GET /2024/10/18/casino-online-kostenlos-spielen/ HTTP/1.1" 200 20726 "-" "Mozilla/5.0 AppleWebKit/537.36 (KHTML, like Gecko; compatible; GPTBot/1.2; +https://openai.com/gptbot)"
20.171.207.193 - - [26/Apr/2025:10:01:54 -0400] "GET /wp-json/oembed/1.0/embed?format=xml&url=https%3A%2F%2Fkamrancomputer.com%2F2024%2F10%2F18%2Fcasino-online-kostenlos-spielen%2F HTTP/1.1" 200 1037 "-" "Mozilla/5.0 AppleWebKit/537.36 (KHTML, like Gecko; compatible; GPTBot/1.2; +https://openai.com/gptbot)"
20.171.207.193 - - [26/Apr/2025:10:01:55 -0400] "GET /wp-json/oembed/1.0/embed?url=https%3A%2F%2Fkamrancomputer.com%2F2024%2F10%2F18%2Fcasino-online-kostenlos-spielen%2F HTTP/1.1" 200 2209 "-" "Mozilla/5.0 AppleWebKit/537.36 (KHTML, like Gecko; compatible; GPTBot/1.2; +https://openai.com/gptbot)"
20.171.207.193 - - [26/Apr/2025:10:01:57 -0400] "GET /wp-json/elementskit/v1/ HTTP/1.1" 404 114 "-" "Mozilla/5.0 AppleWebKit/537.36 (KHTML, like Gecko; compatible; GPTBot/1.2; +https://openai.com/gptbot)"
20.171.207.193 - - [26/Apr/2025:10:01:58 -0400] "GET /2024/10/18/casino-online-kostenlos-spielen/embed/ HTTP/1.1" 200 22823 "-" "Mozilla/5.0 AppleWebKit/537.36 (KHTML, like Gecko; compatible; GPTBot/1.2; +https://openai.com/gptbot)"
20.171.207.193 - - [26/Apr/2025:10:02:08 -0400] "GET /wp-json/wp/v2/posts/7585 HTTP/1.1" 200 5660 "-" "Mozilla/5.0 AppleWebKit/537.36 (KHTML, like Gecko; compatible; GPTBot/1.2; +https://openai.com/gptbot)"
20.171.207.193 - - [26/Apr/2025:10:02:10 -0400] "GET /?p=7585 HTTP/1.1" 301 0 "-" "Mozilla/5.0 AppleWebKit/537.36 (KHTML, like Gecko; compatible; GPTBot/1.2; +https://openai.com/gptbot)"
20.171.207.193 - - [26/Apr/2025:10:02:11 -0400] "GET /2024/10/18/novoline-spiele/ HTTP/1.1" 200 20299 "-" "Mozilla/5.0 AppleWebKit/537.36 (KHTML, like Gecko; compatible; GPTBot/1.2; +https://openai.com/gptbot)"
20.171.207.193 - - [26/Apr/2025:10:02:13 -0400] "GET /wp-json/oembed/1.0/embed?format=xml&url=https%3A%2F%2Fkamrancomputer.com%2F2024%2F10%2F18%2Fnovoline-spiele%2F HTTP/1.1" 200 1031 "-" "Mozilla/5.0 AppleWebKit/537.36 (KHTML, like Gecko; compatible; GPTBot/1.2; +https://openai.com/gptbot)"
20.171.207.193 - - [26/Apr/2025:10:02:15 -0400] "GET /wp-json/elementskit/v1/ HTTP/1.1" 404 114 "-" "Mozilla/5.0 AppleWebKit/537.36 (KHTML, like Gecko; compatible; GPTBot/1.2; +https://openai.com/gptbot)"
20.171.207.193 - - [26/Apr/2025:10:02:16 -0400] "GET /wp-json/oembed/1.0/embed?url=https%3A%2F%2Fkamrancomputer.com%2F2024%2F10%2F18%2Fnovoline-spiele%2F HTTP/1.1" 200 2129 "-" "Mozilla/5.0 AppleWebKit/537.36 (KHTML, like Gecko; compatible; GPTBot/1.2; +https://openai.com/gptbot)"
20.171.207.193 - - [26/Apr/2025:10:02:18 -0400] "GET /2024/10/18/novoline-spiele/embed/ HTTP/1.1" 200 22820 "-" "Mozilla/5.0 AppleWebKit/537.36 (KHTML, like Gecko; compatible; GPTBot/1.2; +https://openai.com/gptbot)"
66.29.132.124 - - [26/Apr/2025:10:03:12 -0400] "POST /wp-cron.php?doing_wp_cron=1745676192.4061229228973388671875 HTTP/1.1" 200 0 "-" "WordPress/6.8; https://kamrancomputer.com"
20.171.207.193 - - [26/Apr/2025:10:03:11 -0400] "GET /?p=5310 HTTP/1.1" 301 0 "-" "Mozilla/5.0 AppleWebKit/537.36 (KHTML, like Gecko; compatible; GPTBot/1.2; +https://openai.com/gptbot)"
66.29.132.124 - - [26/Apr/2025:10:03:14 -0400] "POST /wp-admin/admin-ajax.php?action=async_litespeed&nonce=56wU7hw7r2tMMn3a3cKG7ztpHTwdaQ6I&litespeed_type=imgoptm HTTP/1.1" 200 0 "-" "WordPress/6.8; https://kamrancomputer.com"
20.171.207.193 - - [26/Apr/2025:10:03:13 -0400] "GET /wp-json/wp/v2/posts/5310 HTTP/1.1" 200 13924 "-" "Mozilla/5.0 AppleWebKit/537.36 (KHTML, like Gecko; compatible; GPTBot/1.2; +https://openai.com/gptbot)"
20.171.207.193 - - [26/Apr/2025:10:03:16 -0400] "GET /2024/10/14/casino-gaminator/ HTTP/1.1" 200 21656 "-" "Mozilla/5.0 AppleWebKit/537.36 (KHTML, like Gecko; compatible; GPTBot/1.2; +https://openai.com/gptbot)"
20.171.207.193 - - [26/Apr/2025:10:03:19 -0400] "GET /wp-json/elementskit/v1/ HTTP/1.1" 404 114 "-" "Mozilla/5.0 AppleWebKit/537.36 (KHTML, like Gecko; compatible; GPTBot/1.2; +https://openai.com/gptbot)"
20.171.207.193 - - [26/Apr/2025:10:03:22 -0400] "GET /wp-json/oembed/1.0/embed?format=xml&url=https%3A%2F%2Fkamrancomputer.com%2F2024%2F10%2F14%2Fcasino-gaminator%2F HTTP/1.1" 200 1030 "-" "Mozilla/5.0 AppleWebKit/537.36 (KHTML, like Gecko; compatible; GPTBot/1.2; +https://openai.com/gptbot)"
66.29.132.124 - - [26/Apr/2025:10:03:26 -0400] "POST /wp-cron.php?doing_wp_cron=1745676206.4078230857849121093750 HTTP/1.1" 200 0 "-" "WordPress/6.8; https://kamrancomputer.com"
20.171.207.193 - - [26/Apr/2025:10:03:25 -0400] "GET /wp-json/oembed/1.0/embed?url=https%3A%2F%2Fkamrancomputer.com%2F2024%2F10%2F14%2Fcasino-gaminator%2F HTTP/1.1" 200 2134 "-" "Mozilla/5.0 AppleWebKit/537.36 (KHTML, like Gecko; compatible; GPTBot/1.2; +https://openai.com/gptbot)"
66.29.132.124 - - [26/Apr/2025:10:03:27 -0400] "POST /wp-admin/admin-ajax.php?action=async_litespeed&nonce=73Ks6nVqg1e7Ab7hbeetwjXAnNZQ2ppY&litespeed_type=imgoptm HTTP/1.1" 200 0 "-" "WordPress/6.8; https://kamrancomputer.com"
20.171.207.193 - - [26/Apr/2025:10:03:27 -0400] "GET /2024/10/14/casino-gaminator/embed/ HTTP/1.1" 200 22901 "-" "Mozilla/5.0 AppleWebKit/537.36 (KHTML, like Gecko; compatible; GPTBot/1.2; +https://openai.com/gptbot)"
66.29.132.124 - - [26/Apr/2025:10:03:57 -0400] "POST /wp-cron.php?doing_wp_cron=1745676237.5802810192108154296875 HTTP/1.1" 200 0 "-" "WordPress/6.8; https://kamrancomputer.com"
20.171.207.193 - - [26/Apr/2025:10:03:56 -0400] "GET /wp-json/wp/v2/posts/10105 HTTP/1.1" 200 5795 "-" "Mozilla/5.0 AppleWebKit/537.36 (KHTML, like Gecko; compatible; GPTBot/1.2; +https://openai.com/gptbot)"
20.171.207.193 - - [26/Apr/2025:10:03:59 -0400] "GET /?p=10105 HTTP/1.1" 301 0 "-" "Mozilla/5.0 AppleWebKit/537.36 (KHTML, like Gecko; compatible; GPTBot/1.2; +https://openai.com/gptbot)"
20.171.207.193 - - [26/Apr/2025:10:04:01 -0400] "GET /2024/10/18/spiele-slot-machine-kostenlos/ HTTP/1.1" 200 20349 "-" "Mozilla/5.0 AppleWebKit/537.36 (KHTML, like Gecko; compatible; GPTBot/1.2; +https://openai.com/gptbot)"
66.29.132.124 - - [26/Apr/2025:10:04:04 -0400] "POST /wp-cron.php?doing_wp_cron=1745676244.8991959095001220703125 HTTP/1.1" 200 0 "-" "WordPress/6.8; https://kamrancomputer.com"
20.171.207.193 - - [26/Apr/2025:10:04:03 -0400] "GET /2024/10/18/spiele-slot-machine-kostenlos/slot-machine-image.jpg HTTP/1.1" 404 18496 "-" "Mozilla/5.0 AppleWebKit/537.36 (KHTML, like Gecko; compatible; GPTBot/1.2; +https://openai.com/gptbot)"
20.171.207.193 - - [26/Apr/2025:10:04:06 -0400] "GET /wp-json/oembed/1.0/embed?url=https%3A%2F%2Fkamrancomputer.com%2F2024%2F10%2F18%2Fspiele-slot-machine-kostenlos%2F HTTP/1.1" 200 2199 "-" "Mozilla/5.0 AppleWebKit/537.36 (KHTML, like Gecko; compatible; GPTBot/1.2; +https://openai.com/gptbot)"
20.171.207.193 - - [26/Apr/2025:10:04:08 -0400] "GET /wp-json/elementskit/v1/ HTTP/1.1" 404 114 "-" "Mozilla/5.0 AppleWebKit/537.36 (KHTML, like Gecko; compatible; GPTBot/1.2; +https://openai.com/gptbot)"
20.171.207.193 - - [26/Apr/2025:10:04:10 -0400] "GET /wp-json/oembed/1.0/embed?format=xml&url=https%3A%2F%2Fkamrancomputer.com%2F2024%2F10%2F18%2Fspiele-slot-machine-kostenlos%2F HTTP/1.1" 200 1042 "-" "Mozilla/5.0 AppleWebKit/537.36 (KHTML, like Gecko; compatible; GPTBot/1.2; +https://openai.com/gptbot)"
20.171.207.193 - - [26/Apr/2025:10:04:12 -0400] "GET /2024/10/18/spiele-slot-machine-kostenlos/embed/ HTTP/1.1" 200 22962 "-" "Mozilla/5.0 AppleWebKit/537.36 (KHTML, like Gecko; compatible; GPTBot/1.2; +https://openai.com/gptbot)"
66.29.132.124 - - [26/Apr/2025:10:06:52 -0400] "POST /wp-cron.php?doing_wp_cron=1745676411.8962490558624267578125 HTTP/1.1" 200 0 "-" "WordPress/6.8; https://kamrancomputer.com"
20.171.207.193 - - [26/Apr/2025:10:06:33 -0400] "GET /?p=17314 HTTP/1.1" 301 0 "-" "Mozilla/5.0 AppleWebKit/537.36 (KHTML, like Gecko; compatible; GPTBot/1.2; +https://openai.com/gptbot)"
20.171.207.193 - - [26/Apr/2025:10:06:54 -0400] "GET /wp-json/wp/v2/posts/17314 HTTP/1.1" 200 4961 "-" "Mozilla/5.0 AppleWebKit/537.36 (KHTML, like Gecko; compatible; GPTBot/1.2; +https://openai.com/gptbot)"
66.29.132.124 - - [26/Apr/2025:10:06:59 -0400] "POST /wp-admin/admin-ajax.php?action=async_litespeed&nonce=mryDCur3Nsbl0Pdfb1M4yWY7VCMIZzZ4&litespeed_type=imgoptm HTTP/1.1" 200 0 "-" "WordPress/6.8; https://kamrancomputer.com"
20.171.207.193 - - [26/Apr/2025:10:07:16 -0400] "GET /2024/10/18/novolino/ HTTP/1.1" 200 20202 "-" "Mozilla/5.0 AppleWebKit/537.36 (KHTML, like Gecko; compatible; GPTBot/1.2; +https://openai.com/gptbot)"
66.29.132.124 - - [26/Apr/2025:10:07:37 -0400] "POST /wp-cron.php?doing_wp_cron=1745676456.8995990753173828125000 HTTP/1.1" 200 0 "-" "WordPress/6.8; https://kamrancomputer.com"
20.171.207.193 - - [26/Apr/2025:10:07:35 -0400] "GET /?p=22325 HTTP/1.1" 301 0 "-" "Mozilla/5.0 AppleWebKit/537.36 (KHTML, like Gecko; compatible; GPTBot/1.2; +https://openai.com/gptbot)"
66.29.132.124 - - [26/Apr/2025:10:07:38 -0400] "POST /wp-admin/admin-ajax.php?action=async_litespeed&nonce=2vZwR3MeMnckj5WpCl09SOaHh1s3mqbE&litespeed_type=imgoptm HTTP/1.1" 200 0 "-" "WordPress/6.8; https://kamrancomputer.com"
