66.29.132.124 - - [26/Apr/2025:06:11:52 -0400] "POST /wp-cron.php?doing_wp_cron=1745662312.5096778869628906250000 HTTP/1.1" 200 0 "-" "WordPress/6.8; https://kamrancomputer.com"
20.171.207.193 - - [26/Apr/2025:06:11:51 -0400] "GET /2024/10/18/mgm-online-casino-pa/embed/ HTTP/1.1" 200 22777 "-" "Mozilla/5.0 AppleWebKit/537.36 (KHTML, like Gecko; compatible; GPTBot/1.2; +https://openai.com/gptbot)"
20.171.207.193 - - [26/Apr/2025:06:12:03 -0400] "GET /wp-json/wp/v2/posts/3560 HTTP/1.1" 200 18032 "-" "Mozilla/5.0 AppleWebKit/537.36 (KHTML, like Gecko; compatible; GPTBot/1.2; +https://openai.com/gptbot)"
20.171.207.193 - - [26/Apr/2025:06:12:13 -0400] "GET /?p=3560 HTTP/1.1" 301 0 "-" "Mozilla/5.0 AppleWebKit/537.36 (KHTML, like Gecko; compatible; GPTBot/1.2; +https://openai.com/gptbot)"
20.171.207.193 - - [26/Apr/2025:06:12:22 -0400] "GET /?p=18652 HTTP/1.1" 301 0 "-" "Mozilla/5.0 AppleWebKit/537.36 (KHTML, like Gecko; compatible; GPTBot/1.2; +https://openai.com/gptbot)"
66.29.132.124 - - [26/Apr/2025:06:12:31 -0400] "POST /wp-cron.php?doing_wp_cron=1745662351.0452520847320556640625 HTTP/1.1" 200 0 "-" "WordPress/6.8; https://kamrancomputer.com"
20.171.207.193 - - [26/Apr/2025:06:12:30 -0400] "GET /wp-json/wp/v2/posts/18652 HTTP/1.1" 200 6027 "-" "Mozilla/5.0 AppleWebKit/537.36 (KHTML, like Gecko; compatible; GPTBot/1.2; +https://openai.com/gptbot)"
66.29.132.124 - - [26/Apr/2025:06:12:31 -0400] "POST /wp-admin/admin-ajax.php?action=async_litespeed&nonce=JA2LdimBLQIcJYSysBKBLFEFbBNGYxSj&litespeed_type=imgoptm HTTP/1.1" 200 0 "-" "WordPress/6.8; https://kamrancomputer.com"
66.29.132.124 - - [26/Apr/2025:06:12:32 -0400] "POST /wp-admin/admin-ajax.php?action=as_async_request_queue_runner&nonce=62bb3accde HTTP/1.1" 200 0 "-" "WordPress/6.8; https://kamrancomputer.com"
20.171.207.193 - - [26/Apr/2025:06:12:37 -0400] "GET /?p=20611 HTTP/1.1" 301 0 "-" "Mozilla/5.0 AppleWebKit/537.36 (KHTML, like Gecko; compatible; GPTBot/1.2; +https://openai.com/gptbot)"
20.171.207.193 - - [26/Apr/2025:06:12:44 -0400] "GET /wp-json/wp/v2/posts/20611 HTTP/1.1" 200 5997 "-" "Mozilla/5.0 AppleWebKit/537.36 (KHTML, like Gecko; compatible; GPTBot/1.2; +https://openai.com/gptbot)"
20.171.207.193 - - [26/Apr/2025:06:12:50 -0400] "GET /wp-json/elementskit/v1/ HTTP/1.1" 404 114 "-" "Mozilla/5.0 AppleWebKit/537.36 (KHTML, like Gecko; compatible; GPTBot/1.2; +https://openai.com/gptbot)"
66.29.132.124 - - [26/Apr/2025:06:12:56 -0400] "POST /wp-cron.php?doing_wp_cron=1745662376.8349239826202392578125 HTTP/1.1" 200 0 "-" "WordPress/6.8; https://kamrancomputer.com"
20.171.207.193 - - [26/Apr/2025:06:12:56 -0400] "GET /2024/10/14/sol-kazino/ HTTP/1.1" 200 22377 "-" "Mozilla/5.0 AppleWebKit/537.36 (KHTML, like Gecko; compatible; GPTBot/1.2; +https://openai.com/gptbot)"
20.171.207.193 - - [26/Apr/2025:06:13:01 -0400] "GET /2024/10/19/caesars-online-casino-indiana/ HTTP/1.1" 200 20551 "-" "Mozilla/5.0 AppleWebKit/537.36 (KHTML, like Gecko; compatible; GPTBot/1.2; +https://openai.com/gptbot)"
20.171.207.193 - - [26/Apr/2025:06:13:06 -0400] "GET /2024/10/19/deutsch-slot/ HTTP/1.1" 200 20355 "-" "Mozilla/5.0 AppleWebKit/537.36 (KHTML, like Gecko; compatible; GPTBot/1.2; +https://openai.com/gptbot)"
20.171.207.193 - - [26/Apr/2025:06:13:10 -0400] "GET /wp-json/wp/v2/posts/23355 HTTP/1.1" 200 20463 "-" "Mozilla/5.0 AppleWebKit/537.36 (KHTML, like Gecko; compatible; GPTBot/1.2; +https://openai.com/gptbot)"
57.141.4.18 - - [26/Apr/2025:06:13:10 -0400] "GET /wp-json/oembed/1.0/embed?url=https%3A%2F%2Fkamrancomputer.com%2F2024%2F10%2F18%2Fbingbong-de%2F HTTP/1.1" 200 2109 "-" "meta-externalagent/1.1 (+https://developers.facebook.com/docs/sharing/webmasters/crawler)"
20.171.207.193 - - [26/Apr/2025:06:13:14 -0400] "GET /?p=23355 HTTP/1.1" 301 0 "-" "Mozilla/5.0 AppleWebKit/537.36 (KHTML, like Gecko; compatible; GPTBot/1.2; +https://openai.com/gptbot)"
20.171.207.193 - - [26/Apr/2025:06:13:18 -0400] "GET /wp-json/oembed/1.0/embed?format=xml&url=https%3A%2F%2Fkamrancomputer.com%2F2024%2F10%2F14%2Fsol-kazino%2F HTTP/1.1" 200 1042 "-" "Mozilla/5.0 AppleWebKit/537.36 (KHTML, like Gecko; compatible; GPTBot/1.2; +https://openai.com/gptbot)"
20.171.207.193 - - [26/Apr/2025:06:13:21 -0400] "GET /wp-json/oembed/1.0/embed?url=https%3A%2F%2Fkamrancomputer.com%2F2024%2F10%2F14%2Fsol-kazino%2F HTTP/1.1" 200 2212 "-" "Mozilla/5.0 AppleWebKit/537.36 (KHTML, like Gecko; compatible; GPTBot/1.2; +https://openai.com/gptbot)"
20.171.207.193 - - [26/Apr/2025:06:13:24 -0400] "GET /wp-json/elementskit/v1/ HTTP/1.1" 404 114 "-" "Mozilla/5.0 AppleWebKit/537.36 (KHTML, like Gecko; compatible; GPTBot/1.2; +https://openai.com/gptbot)"
66.29.132.124 - - [26/Apr/2025:06:13:27 -0400] "POST /wp-cron.php?doing_wp_cron=1745662407.6303679943084716796875 HTTP/1.1" 200 0 "-" "WordPress/6.8; https://kamrancomputer.com"
20.171.207.193 - - [26/Apr/2025:06:13:27 -0400] "GET /2024/10/19/caesars-online-casino-indiana/caesars-casino-indiana.jpg HTTP/1.1" 404 18516 "-" "Mozilla/5.0 AppleWebKit/537.36 (KHTML, like Gecko; compatible; GPTBot/1.2; +https://openai.com/gptbot)"
66.29.132.124 - - [26/Apr/2025:06:13:28 -0400] "POST /wp-admin/admin-ajax.php?action=async_litespeed&nonce=P1xXT7UVXtgzEirtWy1v8CMrdmw4fG92&litespeed_type=imgoptm HTTP/1.1" 200 21 "-" "WordPress/6.8; https://kamrancomputer.com"
20.171.207.193 - - [26/Apr/2025:06:13:29 -0400] "GET /wp-json/oembed/1.0/embed?format=xml&url=https%3A%2F%2Fkamrancomputer.com%2F2024%2F10%2F19%2Fcaesars-online-casino-indiana%2F HTTP/1.1" 200 1041 "-" "Mozilla/5.0 AppleWebKit/537.36 (KHTML, like Gecko; compatible; GPTBot/1.2; +https://openai.com/gptbot)"
20.171.207.193 - - [26/Apr/2025:06:13:32 -0400] "GET /wp-json/oembed/1.0/embed?url=https%3A%2F%2Fkamrancomputer.com%2F2024%2F10%2F19%2Fcaesars-online-casino-indiana%2F HTTP/1.1" 200 2199 "-" "Mozilla/5.0 AppleWebKit/537.36 (KHTML, like Gecko; compatible; GPTBot/1.2; +https://openai.com/gptbot)"
20.171.207.193 - - [26/Apr/2025:06:13:34 -0400] "GET /wp-json/oembed/1.0/embed?url=https%3A%2F%2Fkamrancomputer.com%2F2024%2F10%2F19%2Fdeutsch-slot%2F HTTP/1.1" 200 2114 "-" "Mozilla/5.0 AppleWebKit/537.36 (KHTML, like Gecko; compatible; GPTBot/1.2; +https://openai.com/gptbot)"
20.171.207.193 - - [26/Apr/2025:06:13:36 -0400] "GET /wp-json/oembed/1.0/embed?format=xml&url=https%3A%2F%2Fkamrancomputer.com%2F2024%2F10%2F19%2Fdeutsch-slot%2F HTTP/1.1" 200 1026 "-" "Mozilla/5.0 AppleWebKit/537.36 (KHTML, like Gecko; compatible; GPTBot/1.2; +https://openai.com/gptbot)"
20.171.207.193 - - [26/Apr/2025:06:13:38 -0400] "GET /2024/10/19/vulkan-24-chasa/ HTTP/1.1" 200 22607 "-" "Mozilla/5.0 AppleWebKit/537.36 (KHTML, like Gecko; compatible; GPTBot/1.2; +https://openai.com/gptbot)"
20.171.207.193 - - [26/Apr/2025:06:13:40 -0400] "GET /2024/10/14/sol-kazino/embed/ HTTP/1.1" 200 22976 "-" "Mozilla/5.0 AppleWebKit/537.36 (KHTML, like Gecko; compatible; GPTBot/1.2; +https://openai.com/gptbot)"
20.171.207.193 - - [26/Apr/2025:06:13:42 -0400] "GET /2024/10/19/caesars-online-casino-indiana/embed/ HTTP/1.1" 200 22791 "-" "Mozilla/5.0 AppleWebKit/537.36 (KHTML, like Gecko; compatible; GPTBot/1.2; +https://openai.com/gptbot)"
20.171.207.193 - - [26/Apr/2025:06:13:43 -0400] "GET /2024/10/19/deutsch-slot/embed/ HTTP/1.1" 200 22809 "-" "Mozilla/5.0 AppleWebKit/537.36 (KHTML, like Gecko; compatible; GPTBot/1.2; +https://openai.com/gptbot)"
20.171.207.193 - - [26/Apr/2025:06:13:44 -0400] "GET /wp-json/wp/v2/posts/20384 HTTP/1.1" 200 6108 "-" "Mozilla/5.0 AppleWebKit/537.36 (KHTML, like Gecko; compatible; GPTBot/1.2; +https://openai.com/gptbot)"
20.171.207.193 - - [26/Apr/2025:06:13:45 -0400] "GET /?p=20384 HTTP/1.1" 301 0 "-" "Mozilla/5.0 AppleWebKit/537.36 (KHTML, like Gecko; compatible; GPTBot/1.2; +https://openai.com/gptbot)"
20.171.207.193 - - [26/Apr/2025:06:13:47 -0400] "GET /wp-json/oembed/1.0/embed?url=https%3A%2F%2Fkamrancomputer.com%2F2024%2F10%2F19%2Fvulkan-24-chasa%2F HTTP/1.1" 200 2306 "-" "Mozilla/5.0 AppleWebKit/537.36 (KHTML, like Gecko; compatible; GPTBot/1.2; +https://openai.com/gptbot)"
20.171.207.193 - - [26/Apr/2025:06:13:48 -0400] "GET /wp-json/elementskit/v1/ HTTP/1.1" 404 114 "-" "Mozilla/5.0 AppleWebKit/537.36 (KHTML, like Gecko; compatible; GPTBot/1.2; +https://openai.com/gptbot)"
20.171.207.193 - - [26/Apr/2025:06:13:49 -0400] "GET /wp-json/oembed/1.0/embed?format=xml&url=https%3A%2F%2Fkamrancomputer.com%2F2024%2F10%2F19%2Fvulkan-24-chasa%2F HTTP/1.1" 200 1066 "-" "Mozilla/5.0 AppleWebKit/537.36 (KHTML, like Gecko; compatible; GPTBot/1.2; +https://openai.com/gptbot)"
20.171.207.193 - - [26/Apr/2025:06:13:50 -0400] "GET /2024/10/19/online-casino-mit-schneller-auszahlung/ HTTP/1.1" 200 20401 "-" "Mozilla/5.0 AppleWebKit/537.36 (KHTML, like Gecko; compatible; GPTBot/1.2; +https://openai.com/gptbot)"
66.29.132.124 - - [26/Apr/2025:06:13:52 -0400] "POST /wp-cron.php?doing_wp_cron=1745662432.0684421062469482421875 HTTP/1.1" 200 0 "-" "WordPress/6.8; https://kamrancomputer.com"
20.171.207.193 - - [26/Apr/2025:06:13:51 -0400] "GET /2024/10/19/vulkan-24-chasa/embed/ HTTP/1.1" 200 22988 "-" "Mozilla/5.0 AppleWebKit/537.36 (KHTML, like Gecko; compatible; GPTBot/1.2; +https://openai.com/gptbot)"
20.171.207.193 - - [26/Apr/2025:06:13:52 -0400] "GET /wp-json/oembed/1.0/embed?format=xml&url=https%3A%2F%2Fkamrancomputer.com%2F2024%2F10%2F19%2Fonline-casino-mit-schneller-auszahlung%2F HTTP/1.1" 200 1055 "-" "Mozilla/5.0 AppleWebKit/537.36 (KHTML, like Gecko; compatible; GPTBot/1.2; +https://openai.com/gptbot)"
20.171.207.193 - - [26/Apr/2025:06:13:53 -0400] "GET /2024/10/19/online-casino-mit-schneller-auszahlung/images/online-casino.jpg HTTP/1.1" 404 18516 "-" "Mozilla/5.0 AppleWebKit/537.36 (KHTML, like Gecko; compatible; GPTBot/1.2; +https://openai.com/gptbot)"
20.171.207.193 - - [26/Apr/2025:06:13:55 -0400] "GET /wp-json/oembed/1.0/embed?url=https%3A%2F%2Fkamrancomputer.com%2F2024%2F10%2F19%2Fonline-casino-mit-schneller-auszahlung%2F HTTP/1.1" 200 2244 "-" "Mozilla/5.0 AppleWebKit/537.36 (KHTML, like Gecko; compatible; GPTBot/1.2; +https://openai.com/gptbot)"
20.171.207.193 - - [26/Apr/2025:06:13:56 -0400] "GET /2024/10/19/online-casino-mit-schneller-auszahlung/embed/ HTTP/1.1" 200 22875 "-" "Mozilla/5.0 AppleWebKit/537.36 (KHTML, like Gecko; compatible; GPTBot/1.2; +https://openai.com/gptbot)"
20.171.207.193 - - [26/Apr/2025:06:14:19 -0400] "GET /wp-json/wp/v2/posts/8601 HTTP/1.1" 200 5846 "-" "Mozilla/5.0 AppleWebKit/537.36 (KHTML, like Gecko; compatible; GPTBot/1.2; +https://openai.com/gptbot)"
20.171.207.193 - - [26/Apr/2025:06:14:20 -0400] "GET /wp-json/oembed/1.0/embed?url=https%3A%2F%2Fkamrancomputer.com%2F2024%2F10%2F18%2Fonline-gambling-louisiana%2F HTTP/1.1" 200 2179 "-" "Mozilla/5.0 AppleWebKit/537.36 (KHTML, like Gecko; compatible; GPTBot/1.2; +https://openai.com/gptbot)"
20.171.207.193 - - [26/Apr/2025:06:14:21 -0400] "GET /wp-json/elementskit/v1/ HTTP/1.1" 404 114 "-" "Mozilla/5.0 AppleWebKit/537.36 (KHTML, like Gecko; compatible; GPTBot/1.2; +https://openai.com/gptbot)"
20.171.207.193 - - [26/Apr/2025:06:14:22 -0400] "GET /2024/10/18/online-gambling-louisiana/ HTTP/1.1" 200 20331 "-" "Mozilla/5.0 AppleWebKit/537.36 (KHTML, like Gecko; compatible; GPTBot/1.2; +https://openai.com/gptbot)"
20.171.207.193 - - [26/Apr/2025:06:14:23 -0400] "GET /?p=8601 HTTP/1.1" 301 0 "-" "Mozilla/5.0 AppleWebKit/537.36 (KHTML, like Gecko; compatible; GPTBot/1.2; +https://openai.com/gptbot)"
20.171.207.193 - - [26/Apr/2025:06:14:24 -0400] "GET /wp-json/wp/v2/posts/2125 HTTP/1.1" 200 7010 "-" "Mozilla/5.0 AppleWebKit/537.36 (KHTML, like Gecko; compatible; GPTBot/1.2; +https://openai.com/gptbot)"
66.29.132.124 - - [26/Apr/2025:06:14:26 -0400] "POST /wp-cron.php?doing_wp_cron=1745662466.3970229625701904296875 HTTP/1.1" 200 0 "-" "WordPress/6.8; https://kamrancomputer.com"
20.171.207.193 - - [26/Apr/2025:06:14:26 -0400] "GET /?p=2125 HTTP/1.1" 301 0 "-" "Mozilla/5.0 AppleWebKit/537.36 (KHTML, like Gecko; compatible; GPTBot/1.2; +https://openai.com/gptbot)"
66.29.132.124 - - [26/Apr/2025:06:14:26 -0400] "POST /wp-admin/admin-ajax.php?action=async_litespeed&nonce=boUIz2L0V2bu2B8NVwVDZtngHLhTwLAY&litespeed_type=imgoptm HTTP/1.1" 200 21 "-" "WordPress/6.8; https://kamrancomputer.com"
20.171.207.193 - - [26/Apr/2025:06:14:27 -0400] "GET /wp-json/oembed/1.0/embed?format=xml&url=https%3A%2F%2Fkamrancomputer.com%2F2024%2F10%2F18%2Fonline-gambling-louisiana%2F HTTP/1.1" 200 1037 "-" "Mozilla/5.0 AppleWebKit/537.36 (KHTML, like Gecko; compatible; GPTBot/1.2; +https://openai.com/gptbot)"
20.171.207.193 - - [26/Apr/2025:06:14:28 -0400] "GET /wp-json/elementskit/v1/ HTTP/1.1" 404 114 "-" "Mozilla/5.0 AppleWebKit/537.36 (KHTML, like Gecko; compatible; GPTBot/1.2; +https://openai.com/gptbot)"
20.171.207.193 - - [26/Apr/2025:06:14:29 -0400] "GET /2024/10/14/top-10-online-gambling-sites/ HTTP/1.1" 200 20270 "-" "Mozilla/5.0 AppleWebKit/537.36 (KHTML, like Gecko; compatible; GPTBot/1.2; +https://openai.com/gptbot)"
20.171.207.193 - - [26/Apr/2025:06:14:30 -0400] "GET /2024/10/18/online-gambling-louisiana/embed/ HTTP/1.1" 200 22810 "-" "Mozilla/5.0 AppleWebKit/537.36 (KHTML, like Gecko; compatible; GPTBot/1.2; +https://openai.com/gptbot)"
20.171.207.193 - - [26/Apr/2025:06:14:31 -0400] "GET /wp-json/oembed/1.0/embed?format=xml&url=https%3A%2F%2Fkamrancomputer.com%2F2024%2F10%2F14%2Ftop-10-online-gambling-sites%2F HTTP/1.1" 200 1042 "-" "Mozilla/5.0 AppleWebKit/537.36 (KHTML, like Gecko; compatible; GPTBot/1.2; +https://openai.com/gptbot)"
20.171.207.193 - - [26/Apr/2025:06:14:32 -0400] "GET /wp-json/oembed/1.0/embed?url=https%3A%2F%2Fkamrancomputer.com%2F2024%2F10%2F14%2Ftop-10-online-gambling-sites%2F HTTP/1.1" 200 2194 "-" "Mozilla/5.0 AppleWebKit/537.36 (KHTML, like Gecko; compatible; GPTBot/1.2; +https://openai.com/gptbot)"
20.171.207.193 - - [26/Apr/2025:06:14:34 -0400] "GET /2024/10/14/top-10-online-gambling-sites/embed/ HTTP/1.1" 200 22809 "-" "Mozilla/5.0 AppleWebKit/537.36 (KHTML, like Gecko; compatible; GPTBot/1.2; +https://openai.com/gptbot)"
66.29.132.124 - - [26/Apr/2025:06:15:10 -0400] "POST /wp-cron.php?doing_wp_cron=1745662510.6136400699615478515625 HTTP/1.1" 200 0 "-" "WordPress/6.8; https://kamrancomputer.com"
57.141.4.20 - - [26/Apr/2025:06:15:09 -0400] "GET /?p=6925 HTTP/1.1" 301 0 "-" "meta-externalagent/1.1 (+https://developers.facebook.com/docs/sharing/webmasters/crawler)"
66.29.132.124 - - [26/Apr/2025:06:15:11 -0400] "POST /wp-admin/admin-ajax.php HTTP/1.1" 200 0 "-" "WordPress/6.8; https://kamrancomputer.com"
66.29.132.124 - - [26/Apr/2025:06:16:54 -0400] "POST /wp-cron.php?doing_wp_cron=1745662614.3389890193939208984375 HTTP/1.1" 200 0 "-" "WordPress/6.8; https://kamrancomputer.com"
20.171.207.193 - - [26/Apr/2025:06:16:47 -0400] "GET /?p=1390 HTTP/1.1" 301 0 "-" "Mozilla/5.0 AppleWebKit/537.36 (KHTML, like Gecko; compatible; GPTBot/1.2; +https://openai.com/gptbot)"
66.29.132.124 - - [26/Apr/2025:06:16:54 -0400] "POST /wp-admin/admin-ajax.php?action=async_litespeed&nonce=kaoVSsJhkjR6rErLxa8t2xkAyUmMxPc5&litespeed_type=imgoptm HTTP/1.1" 200 21 "-" "WordPress/6.8; https://kamrancomputer.com"
20.171.207.193 - - [26/Apr/2025:06:16:54 -0400] "GET /wp-json/wp/v2/posts/1390 HTTP/1.1" 200 5993 "-" "Mozilla/5.0 AppleWebKit/537.36 (KHTML, like Gecko; compatible; GPTBot/1.2; +https://openai.com/gptbot)"
20.171.207.193 - - [26/Apr/2025:06:17:02 -0400] "GET /wp-json/wp/v2/posts/22604 HTTP/1.1" 200 16253 "-" "Mozilla/5.0 AppleWebKit/537.36 (KHTML, like Gecko; compatible; GPTBot/1.2; +https://openai.com/gptbot)"
20.171.207.193 - - [26/Apr/2025:06:17:08 -0400] "GET /?p=22604 HTTP/1.1" 301 0 "-" "Mozilla/5.0 AppleWebKit/537.36 (KHTML, like Gecko; compatible; GPTBot/1.2; +https://openai.com/gptbot)"
20.171.207.193 - - [26/Apr/2025:06:17:14 -0400] "GET /2024/10/14/draftkings-pa/ HTTP/1.1" 200 20416 "-" "Mozilla/5.0 AppleWebKit/537.36 (KHTML, like Gecko; compatible; GPTBot/1.2; +https://openai.com/gptbot)"
20.171.207.193 - - [26/Apr/2025:06:17:20 -0400] "GET /2024/10/19/igrovye-avtomaty-obezyany/ HTTP/1.1" 200 21702 "-" "Mozilla/5.0 AppleWebKit/537.36 (KHTML, like Gecko; compatible; GPTBot/1.2; +https://openai.com/gptbot)"
20.171.207.193 - - [26/Apr/2025:06:17:25 -0400] "GET /?p=6712 HTTP/1.1" 301 0 "-" "Mozilla/5.0 AppleWebKit/537.36 (KHTML, like Gecko; compatible; GPTBot/1.2; +https://openai.com/gptbot)"
66.29.132.124 - - [26/Apr/2025:06:17:30 -0400] "POST /wp-cron.php?doing_wp_cron=1745662650.2747859954833984375000 HTTP/1.1" 200 0 "-" "WordPress/6.8; https://kamrancomputer.com"
20.171.207.193 - - [26/Apr/2025:06:17:29 -0400] "GET /wp-json/wp/v2/posts/6712 HTTP/1.1" 200 5496 "-" "Mozilla/5.0 AppleWebKit/537.36 (KHTML, like Gecko; compatible; GPTBot/1.2; +https://openai.com/gptbot)"
66.29.132.124 - - [26/Apr/2025:06:17:30 -0400] "POST /wp-admin/admin-ajax.php?action=async_litespeed&nonce=0U23meP5i7WUtkaFfGKuYWeobPm1n8p9&litespeed_type=imgoptm HTTP/1.1" 200 21 "-" "WordPress/6.8; https://kamrancomputer.com"
20.171.207.193 - - [26/Apr/2025:06:17:33 -0400] "GET /2024/10/18/fallsview-online-casino/ HTTP/1.1" 200 20248 "-" "Mozilla/5.0 AppleWebKit/537.36 (KHTML, like Gecko; compatible; GPTBot/1.2; +https://openai.com/gptbot)"
20.171.207.193 - - [26/Apr/2025:06:17:37 -0400] "GET /wp-json/elementskit/v1/ HTTP/1.1" 404 114 "-" "Mozilla/5.0 AppleWebKit/537.36 (KHTML, like Gecko; compatible; GPTBot/1.2; +https://openai.com/gptbot)"
20.171.207.193 - - [26/Apr/2025:06:17:40 -0400] "GET /wp-json/oembed/1.0/embed?url=https%3A%2F%2Fkamrancomputer.com%2F2024%2F10%2F18%2Ffallsview-online-casino%2F HTTP/1.1" 200 2169 "-" "Mozilla/5.0 AppleWebKit/537.36 (KHTML, like Gecko; compatible; GPTBot/1.2; +https://openai.com/gptbot)"
20.171.207.193 - - [26/Apr/2025:06:17:44 -0400] "GET /wp-json/oembed/1.0/embed?format=xml&url=https%3A%2F%2Fkamrancomputer.com%2F2024%2F10%2F19%2Figrovye-avtomaty-obezyany%2F HTTP/1.1" 200 1102 "-" "Mozilla/5.0 AppleWebKit/537.36 (KHTML, like Gecko; compatible; GPTBot/1.2; +https://openai.com/gptbot)"
20.171.207.193 - - [26/Apr/2025:06:17:47 -0400] "GET /wp-json/oembed/1.0/embed?url=https%3A%2F%2Fkamrancomputer.com%2F2024%2F10%2F19%2Figrovye-avtomaty-obezyany%2F HTTP/1.1" 200 2593 "-" "Mozilla/5.0 AppleWebKit/537.36 (KHTML, like Gecko; compatible; GPTBot/1.2; +https://openai.com/gptbot)"
20.171.207.193 - - [26/Apr/2025:06:17:49 -0400] "GET /wp-json/oembed/1.0/embed?url=https%3A%2F%2Fkamrancomputer.com%2F2024%2F10%2F14%2Fdraftkings-pa%2F HTTP/1.1" 200 2119 "-" "Mozilla/5.0 AppleWebKit/537.36 (KHTML, like Gecko; compatible; GPTBot/1.2; +https://openai.com/gptbot)"
66.29.132.124 - - [26/Apr/2025:06:17:52 -0400] "POST /wp-cron.php?doing_wp_cron=1745662672.7404680252075195312500 HTTP/1.1" 200 0 "-" "WordPress/6.8; https://kamrancomputer.com"
20.171.207.193 - - [26/Apr/2025:06:17:52 -0400] "GET /2024/10/14/draftkings-pa/market_growth_draftkings_pa.jpg HTTP/1.1" 404 18515 "-" "Mozilla/5.0 AppleWebKit/537.36 (KHTML, like Gecko; compatible; GPTBot/1.2; +https://openai.com/gptbot)"
20.171.207.193 - - [26/Apr/2025:06:17:54 -0400] "GET /wp-json/oembed/1.0/embed?format=xml&url=https%3A%2F%2Fkamrancomputer.com%2F2024%2F10%2F14%2Fdraftkings-pa%2F HTTP/1.1" 200 1023 "-" "Mozilla/5.0 AppleWebKit/537.36 (KHTML, like Gecko; compatible; GPTBot/1.2; +https://openai.com/gptbot)"
20.171.207.193 - - [26/Apr/2025:06:17:56 -0400] "GET /wp-json/oembed/1.0/embed?format=xml&url=https%3A%2F%2Fkamrancomputer.com%2F2024%2F10%2F18%2Ffallsview-online-casino%2F HTTP/1.1" 200 1031 "-" "Mozilla/5.0 AppleWebKit/537.36 (KHTML, like Gecko; compatible; GPTBot/1.2; +https://openai.com/gptbot)"
20.171.207.193 - - [26/Apr/2025:06:17:58 -0400] "GET /2024/10/19/igrovye-avtomaty-obezyany/embed/ HTTP/1.1" 200 23071 "-" "Mozilla/5.0 AppleWebKit/537.36 (KHTML, like Gecko; compatible; GPTBot/1.2; +https://openai.com/gptbot)"
20.171.207.193 - - [26/Apr/2025:06:18:00 -0400] "GET /2024/10/14/draftkings-pa/embed/ HTTP/1.1" 200 22811 "-" "Mozilla/5.0 AppleWebKit/537.36 (KHTML, like Gecko; compatible; GPTBot/1.2; +https://openai.com/gptbot)"
20.171.207.193 - - [26/Apr/2025:06:18:01 -0400] "GET /2024/10/18/fallsview-online-casino/embed/ HTTP/1.1" 200 22796 "-" "Mozilla/5.0 AppleWebKit/537.36 (KHTML, like Gecko; compatible; GPTBot/1.2; +https://openai.com/gptbot)"
20.171.207.193 - - [26/Apr/2025:06:18:03 -0400] "GET /wp-json/elementskit/v1/ HTTP/1.1" 404 114 "-" "Mozilla/5.0 AppleWebKit/537.36 (KHTML, like Gecko; compatible; GPTBot/1.2; +https://openai.com/gptbot)"
20.171.207.193 - - [26/Apr/2025:06:18:04 -0400] "GET /2024/10/14/draftkings-pa/embed/ HTTP/1.1" 200 22811 "-" "Mozilla/5.0 AppleWebKit/537.36 (KHTML, like Gecko; compatible; GPTBot/1.2; +https://openai.com/gptbot)"
66.29.132.124 - - [26/Apr/2025:06:18:33 -0400] "POST /wp-cron.php?doing_wp_cron=1745662713.3821179866790771484375 HTTP/1.1" 200 0 "-" "WordPress/6.8; https://kamrancomputer.com"
57.141.4.7 - - [26/Apr/2025:06:18:32 -0400] "GET /wp-json/oembed/1.0/embed?url=https%3A%2F%2Fkamrancomputer.com%2F2024%2F10%2F18%2Fwind-creek-casino-games%2F HTTP/1.1" 200 2169 "-" "meta-externalagent/1.1 (+https://developers.facebook.com/docs/sharing/webmasters/crawler)"
66.29.132.124 - - [26/Apr/2025:06:18:33 -0400] "POST /wp-admin/admin-ajax.php?action=async_litespeed&nonce=BfBjRSi375cwPs2HNXULMzZiJJI1Iiz5&litespeed_type=imgoptm HTTP/1.1" 200 21 "-" "WordPress/6.8; https://kamrancomputer.com"
66.29.132.124 - - [26/Apr/2025:06:20:17 -0400] "POST /wp-cron.php?doing_wp_cron=1745662817.7399260997772216796875 HTTP/1.1" 200 0 "-" "WordPress/6.8; https://kamrancomputer.com"
66.29.132.124 - - [26/Apr/2025:06:20:20 -0400] "POST /wp-admin/admin-ajax.php?action=async_litespeed&nonce=VxLUytdiL6GgdkwtIbiTj6W3J4mMmPHn&litespeed_type=imgoptm HTTP/1.1" 200 0 "-" "WordPress/6.8; https://kamrancomputer.com"
20.171.207.193 - - [26/Apr/2025:06:20:12 -0400] "GET /wp-json/wp/v2/posts/20778 HTTP/1.1" 200 15236 "-" "Mozilla/5.0 AppleWebKit/537.36 (KHTML, like Gecko; compatible; GPTBot/1.2; +https://openai.com/gptbot)"
20.171.207.193 - - [26/Apr/2025:06:20:21 -0400] "GET /?p=20778 HTTP/1.1" 301 0 "-" "Mozilla/5.0 AppleWebKit/537.36 (KHTML, like Gecko; compatible; GPTBot/1.2; +https://openai.com/gptbot)"
66.29.132.124 - - [26/Apr/2025:06:20:31 -0400] "POST /wp-cron.php?doing_wp_cron=1745662831.4391679763793945312500 HTTP/1.1" 200 0 "-" "WordPress/6.8; https://kamrancomputer.com"
20.171.207.193 - - [26/Apr/2025:06:20:30 -0400] "GET /wp-json/wp/v2/posts/8557 HTTP/1.1" 200 5993 "-" "Mozilla/5.0 AppleWebKit/537.36 (KHTML, like Gecko; compatible; GPTBot/1.2; +https://openai.com/gptbot)"
66.29.132.124 - - [26/Apr/2025:06:20:31 -0400] "POST /wp-admin/admin-ajax.php?action=async_litespeed&nonce=lOmbf9r6b1QEPZicw8ZHks95TfegKMhB&litespeed_type=imgoptm HTTP/1.1" 200 21 "-" "WordPress/6.8; https://kamrancomputer.com"
20.171.207.193 - - [26/Apr/2025:06:20:39 -0400] "GET /?p=8557 HTTP/1.1" 301 0 "-" "Mozilla/5.0 AppleWebKit/537.36 (KHTML, like Gecko; compatible; GPTBot/1.2; +https://openai.com/gptbot)"
20.171.207.193 - - [26/Apr/2025:06:20:46 -0400] "GET /2024/10/19/vulcan-casino-platinum/ HTTP/1.1" 200 21821 "-" "Mozilla/5.0 AppleWebKit/537.36 (KHTML, like Gecko; compatible; GPTBot/1.2; +https://openai.com/gptbot)"
66.29.132.124 - - [26/Apr/2025:06:20:53 -0400] "POST /wp-cron.php?doing_wp_cron=1745662853.1093099117279052734375 HTTP/1.1" 200 0 "-" "WordPress/6.8; https://kamrancomputer.com"
57.141.4.14 - - [26/Apr/2025:06:20:52 -0400] "GET /?p=13379 HTTP/1.1" 301 0 "-" "meta-externalagent/1.1 (+https://developers.facebook.com/docs/sharing/webmasters/crawler)"
20.171.207.193 - - [26/Apr/2025:06:20:53 -0400] "GET /2024/10/18/is-crown-casino-open-24-7/ HTTP/1.1" 200 20437 "-" "Mozilla/5.0 AppleWebKit/537.36 (KHTML, like Gecko; compatible; GPTBot/1.2; +https://openai.com/gptbot)"
20.171.207.193 - - [26/Apr/2025:06:21:00 -0400] "GET /wp-json/elementskit/v1/ HTTP/1.1" 404 114 "-" "Mozilla/5.0 AppleWebKit/537.36 (KHTML, like Gecko; compatible; GPTBot/1.2; +https://openai.com/gptbot)"
20.171.207.193 - - [26/Apr/2025:06:21:05 -0400] "GET /wp-json/oembed/1.0/embed?url=https%3A%2F%2Fkamrancomputer.com%2F2024%2F10%2F19%2Fvulcan-casino-platinum%2F HTTP/1.1" 200 2164 "-" "Mozilla/5.0 AppleWebKit/537.36 (KHTML, like Gecko; compatible; GPTBot/1.2; +https://openai.com/gptbot)"
20.171.207.193 - - [26/Apr/2025:06:21:10 -0400] "GET /wp-json/oembed/1.0/embed?format=xml&url=https%3A%2F%2Fkamrancomputer.com%2F2024%2F10%2F19%2Fvulcan-casino-platinum%2F HTTP/1.1" 200 1040 "-" "Mozilla/5.0 AppleWebKit/537.36 (KHTML, like Gecko; compatible; GPTBot/1.2; +https://openai.com/gptbot)"
66.29.132.124 - - [26/Apr/2025:06:21:16 -0400] "POST /wp-cron.php?doing_wp_cron=1745662876.2025940418243408203125 HTTP/1.1" 200 0 "-" "WordPress/6.8; https://kamrancomputer.com"
20.171.207.193 - - [26/Apr/2025:06:21:15 -0400] "GET /wp-json/oembed/1.0/embed?url=https%3A%2F%2Fkamrancomputer.com%2F2024%2F10%2F18%2Fis-crown-casino-open-24-7%2F HTTP/1.1" 200 2179 "-" "Mozilla/5.0 AppleWebKit/537.36 (KHTML, like Gecko; compatible; GPTBot/1.2; +https://openai.com/gptbot)"
20.171.207.193 - - [26/Apr/2025:06:21:20 -0400] "GET /2024/10/18/is-crown-casino-open-24-7/crown-casino.jpg HTTP/1.1" 404 18514 "-" "Mozilla/5.0 AppleWebKit/537.36 (KHTML, like Gecko; compatible; GPTBot/1.2; +https://openai.com/gptbot)"
20.171.207.193 - - [26/Apr/2025:06:21:24 -0400] "GET /wp-json/oembed/1.0/embed?format=xml&url=https%3A%2F%2Fkamrancomputer.com%2F2024%2F10%2F18%2Fis-crown-casino-open-24-7%2F HTTP/1.1" 200 1048 "-" "Mozilla/5.0 AppleWebKit/537.36 (KHTML, like Gecko; compatible; GPTBot/1.2; +https://openai.com/gptbot)"
66.29.132.124 - - [26/Apr/2025:06:21:29 -0400] "POST /wp-cron.php?doing_wp_cron=1745662889.0300090312957763671875 HTTP/1.1" 200 0 "-" "WordPress/6.8; https://kamrancomputer.com"
20.171.207.193 - - [26/Apr/2025:06:21:28 -0400] "GET /wp-json/wp/v2/posts/7695 HTTP/1.1" 200 5907 "-" "Mozilla/5.0 AppleWebKit/537.36 (KHTML, like Gecko; compatible; GPTBot/1.2; +https://openai.com/gptbot)"
66.29.132.124 - - [26/Apr/2025:06:21:29 -0400] "POST /wp-admin/admin-ajax.php?action=async_litespeed&nonce=kDozjvYph9HDFs1maLLXk9ZMvb1KqyI5&litespeed_type=imgoptm HTTP/1.1" 200 21 "-" "WordPress/6.8; https://kamrancomputer.com"
20.171.207.193 - - [26/Apr/2025:06:21:32 -0400] "GET /2024/10/18/caesar-online-casino-nj/ HTTP/1.1" 200 20385 "-" "Mozilla/5.0 AppleWebKit/537.36 (KHTML, like Gecko; compatible; GPTBot/1.2; +https://openai.com/gptbot)"
20.171.207.193 - - [26/Apr/2025:06:21:35 -0400] "GET /?p=7695 HTTP/1.1" 301 0 "-" "Mozilla/5.0 AppleWebKit/537.36 (KHTML, like Gecko; compatible; GPTBot/1.2; +https://openai.com/gptbot)"
20.171.207.193 - - [26/Apr/2025:06:21:38 -0400] "GET /wp-json/oembed/1.0/embed?url=https%3A%2F%2Fkamrancomputer.com%2F2024%2F10%2F18%2Fcaesar-online-casino-nj%2F HTTP/1.1" 200 2169 "-" "Mozilla/5.0 AppleWebKit/537.36 (KHTML, like Gecko; compatible; GPTBot/1.2; +https://openai.com/gptbot)"
20.171.207.193 - - [26/Apr/2025:06:21:41 -0400] "GET /?p=13946 HTTP/1.1" 301 0 "-" "Mozilla/5.0 AppleWebKit/537.36 (KHTML, like Gecko; compatible; GPTBot/1.2; +https://openai.com/gptbot)"
20.171.207.193 - - [26/Apr/2025:06:21:43 -0400] "GET /wp-json/wp/v2/posts/13946 HTTP/1.1" 200 6607 "-" "Mozilla/5.0 AppleWebKit/537.36 (KHTML, like Gecko; compatible; GPTBot/1.2; +https://openai.com/gptbot)"
20.171.207.193 - - [26/Apr/2025:06:21:45 -0400] "GET /?p=20389 HTTP/1.1" 301 0 "-" "Mozilla/5.0 AppleWebKit/537.36 (KHTML, like Gecko; compatible; GPTBot/1.2; +https://openai.com/gptbot)"
20.171.207.193 - - [26/Apr/2025:06:21:47 -0400] "GET /2024/10/19/vulcan-casino-platinum/embed/ HTTP/1.1" 200 22952 "-" "Mozilla/5.0 AppleWebKit/537.36 (KHTML, like Gecko; compatible; GPTBot/1.2; +https://openai.com/gptbot)"
20.171.207.193 - - [26/Apr/2025:06:21:49 -0400] "GET /?p=5408 HTTP/1.1" 301 0 "-" "Mozilla/5.0 AppleWebKit/537.36 (KHTML, like Gecko; compatible; GPTBot/1.2; +https://openai.com/gptbot)"
20.171.207.193 - - [26/Apr/2025:06:21:51 -0400] "GET /wp-json/wp/v2/posts/20389 HTTP/1.1" 200 16614 "-" "Mozilla/5.0 AppleWebKit/537.36 (KHTML, like Gecko; compatible; GPTBot/1.2; +https://openai.com/gptbot)"
66.29.132.124 - - [26/Apr/2025:06:21:53 -0400] "POST /wp-cron.php?doing_wp_cron=1745662913.0352048873901367187500 HTTP/1.1" 200 0 "-" "WordPress/6.8; https://kamrancomputer.com"
20.171.207.193 - - [26/Apr/2025:06:21:52 -0400] "GET /?p=22433 HTTP/1.1" 301 0 "-" "Mozilla/5.0 AppleWebKit/537.36 (KHTML, like Gecko; compatible; GPTBot/1.2; +https://openai.com/gptbot)"
20.171.207.193 - - [26/Apr/2025:06:21:53 -0400] "GET /2024/10/18/is-crown-casino-open-24-7/embed/ HTTP/1.1" 200 22803 "-" "Mozilla/5.0 AppleWebKit/537.36 (KHTML, like Gecko; compatible; GPTBot/1.2; +https://openai.com/gptbot)"
20.171.207.193 - - [26/Apr/2025:06:21:54 -0400] "GET /2024/10/18/caesar-online-casino-nj/user_statistics_caesar_casino.jpg HTTP/1.1" 404 18516 "-" "Mozilla/5.0 AppleWebKit/537.36 (KHTML, like Gecko; compatible; GPTBot/1.2; +https://openai.com/gptbot)"
20.171.207.193 - - [26/Apr/2025:06:21:56 -0400] "GET /2024/10/18/caesar-online-casino-nj/caesar_online_casino_games.jpg HTTP/1.1" 404 18516 "-" "Mozilla/5.0 AppleWebKit/537.36 (KHTML, like Gecko; compatible; GPTBot/1.2; +https://openai.com/gptbot)"
20.171.207.193 - - [26/Apr/2025:06:21:57 -0400] "GET /2024/10/18/caesar-online-casino-nj/caesar_casino_promotions.jpg HTTP/1.1" 404 18516 "-" "Mozilla/5.0 AppleWebKit/537.36 (KHTML, like Gecko; compatible; GPTBot/1.2; +https://openai.com/gptbot)"
20.171.207.193 - - [26/Apr/2025:06:21:58 -0400] "GET /2024/10/18/casino-888/ HTTP/1.1" 200 21822 "-" "Mozilla/5.0 AppleWebKit/537.36 (KHTML, like Gecko; compatible; GPTBot/1.2; +https://openai.com/gptbot)"
20.171.207.193 - - [26/Apr/2025:06:21:59 -0400] "GET /2024/10/19/igrovye-avtomaty-crazy-monkey/ HTTP/1.1" 200 22194 "-" "Mozilla/5.0 AppleWebKit/537.36 (KHTML, like Gecko; compatible; GPTBot/1.2; +https://openai.com/gptbot)"
20.171.207.193 - - [26/Apr/2025:06:22:00 -0400] "GET /wp-json/elementskit/v1/ HTTP/1.1" 404 114 "-" "Mozilla/5.0 AppleWebKit/537.36 (KHTML, like Gecko; compatible; GPTBot/1.2; +https://openai.com/gptbot)"
20.171.207.193 - - [26/Apr/2025:06:22:02 -0400] "GET /2024/10/14/bonus-casino/ HTTP/1.1" 200 21819 "-" "Mozilla/5.0 AppleWebKit/537.36 (KHTML, like Gecko; compatible; GPTBot/1.2; +https://openai.com/gptbot)"
20.171.207.193 - - [26/Apr/2025:06:22:03 -0400] "GET /wp-json/wp/v2/posts/5408 HTTP/1.1" 200 5960 "-" "Mozilla/5.0 AppleWebKit/537.36 (KHTML, like Gecko; compatible; GPTBot/1.2; +https://openai.com/gptbot)"
20.171.207.193 - - [26/Apr/2025:06:22:04 -0400] "GET /2024/10/19/sloty-s-bolshoj-otdachej/ HTTP/1.1" 200 22753 "-" "Mozilla/5.0 AppleWebKit/537.36 (KHTML, like Gecko; compatible; GPTBot/1.2; +https://openai.com/gptbot)"
20.171.207.193 - - [26/Apr/2025:06:22:05 -0400] "GET /wp-json/wp/v2/posts/22433 HTTP/1.1" 200 21045 "-" "Mozilla/5.0 AppleWebKit/537.36 (KHTML, like Gecko; compatible; GPTBot/1.2; +https://openai.com/gptbot)"
20.171.207.193 - - [26/Apr/2025:06:22:07 -0400] "GET /wp-json/oembed/1.0/embed?format=xml&url=https%3A%2F%2Fkamrancomputer.com%2F2024%2F10%2F18%2Fcaesar-online-casino-nj%2F HTTP/1.1" 200 1034 "-" "Mozilla/5.0 AppleWebKit/537.36 (KHTML, like Gecko; compatible; GPTBot/1.2; +https://openai.com/gptbot)"
20.171.207.193 - - [26/Apr/2025:06:22:08 -0400] "GET /wp-json/oembed/1.0/embed?format=xml&url=https%3A%2F%2Fkamrancomputer.com%2F2024%2F10%2F18%2Fcasino-888%2F HTTP/1.1" 200 1031 "-" "Mozilla/5.0 AppleWebKit/537.36 (KHTML, like Gecko; compatible; GPTBot/1.2; +https://openai.com/gptbot)"
20.171.207.193 - - [26/Apr/2025:06:22:09 -0400] "GET /wp-json/oembed/1.0/embed?url=https%3A%2F%2Fkamrancomputer.com%2F2024%2F10%2F18%2Fcasino-888%2F HTTP/1.1" 200 2125 "-" "Mozilla/5.0 AppleWebKit/537.36 (KHTML, like Gecko; compatible; GPTBot/1.2; +https://openai.com/gptbot)"
20.171.207.193 - - [26/Apr/2025:06:22:12 -0400] "GET /2024/10/18/casino-888/casino888-image.jpg HTTP/1.1" 404 18514 "-" "Mozilla/5.0 AppleWebKit/537.36 (KHTML, like Gecko; compatible; GPTBot/1.2; +https://openai.com/gptbot)"
20.171.207.193 - - [26/Apr/2025:06:22:13 -0400] "GET /wp-json/oembed/1.0/embed?url=https%3A%2F%2Fkamrancomputer.com%2F2024%2F10%2F19%2Figrovye-avtomaty-crazy-monkey%2F HTTP/1.1" 200 2469 "-" "Mozilla/5.0 AppleWebKit/537.36 (KHTML, like Gecko; compatible; GPTBot/1.2; +https://openai.com/gptbot)"
20.171.207.193 - - [26/Apr/2025:06:22:15 -0400] "GET /wp-json/oembed/1.0/embed?format=xml&url=https%3A%2F%2Fkamrancomputer.com%2F2024%2F10%2F19%2Figrovye-avtomaty-crazy-monkey%2F HTTP/1.1" 200 1093 "-" "Mozilla/5.0 AppleWebKit/537.36 (KHTML, like Gecko; compatible; GPTBot/1.2; +https://openai.com/gptbot)"
20.171.207.193 - - [26/Apr/2025:06:22:16 -0400] "GET /wp-json/oembed/1.0/embed?url=https%3A%2F%2Fkamrancomputer.com%2F2024%2F10%2F14%2Fbonus-casino%2F HTTP/1.1" 200 2114 "-" "Mozilla/5.0 AppleWebKit/537.36 (KHTML, like Gecko; compatible; GPTBot/1.2; +https://openai.com/gptbot)"
20.171.207.193 - - [26/Apr/2025:06:22:18 -0400] "GET /wp-json/oembed/1.0/embed?format=xml&url=https%3A%2F%2Fkamrancomputer.com%2F2024%2F10%2F14%2Fbonus-casino%2F HTTP/1.1" 200 1027 "-" "Mozilla/5.0 AppleWebKit/537.36 (KHTML, like Gecko; compatible; GPTBot/1.2; +https://openai.com/gptbot)"
20.171.207.193 - - [26/Apr/2025:06:22:19 -0400] "GET /wp-json/oembed/1.0/embed?url=https%3A%2F%2Fkamrancomputer.com%2F2024%2F10%2F19%2Fsloty-s-bolshoj-otdachej%2F HTTP/1.1" 200 2531 "-" "Mozilla/5.0 AppleWebKit/537.36 (KHTML, like Gecko; compatible; GPTBot/1.2; +https://openai.com/gptbot)"
20.171.207.193 - - [26/Apr/2025:06:22:21 -0400] "GET /wp-json/oembed/1.0/embed?format=xml&url=https%3A%2F%2Fkamrancomputer.com%2F2024%2F10%2F19%2Fsloty-s-bolshoj-otdachej%2F HTTP/1.1" 200 1094 "-" "Mozilla/5.0 AppleWebKit/537.36 (KHTML, like Gecko; compatible; GPTBot/1.2; +https://openai.com/gptbot)"
20.171.207.193 - - [26/Apr/2025:06:22:22 -0400] "GET /wp-json/oembed/1.0/embed?url=https%3A%2F%2Fkamrancomputer.com%2F2024%2F10%2F19%2Fsloty-s-bolshoj-otdachej%2F HTTP/1.1" 200 2531 "-" "Mozilla/5.0 AppleWebKit/537.36 (KHTML, like Gecko; compatible; GPTBot/1.2; +https://openai.com/gptbot)"
20.171.207.193 - - [26/Apr/2025:06:22:23 -0400] "GET /2024/10/18/caesar-online-casino-nj/embed/ HTTP/1.1" 200 22834 "-" "Mozilla/5.0 AppleWebKit/537.36 (KHTML, like Gecko; compatible; GPTBot/1.2; +https://openai.com/gptbot)"
20.171.207.193 - - [26/Apr/2025:06:22:25 -0400] "GET /2024/10/18/casino-888/embed/ HTTP/1.1" 200 22900 "-" "Mozilla/5.0 AppleWebKit/537.36 (KHTML, like Gecko; compatible; GPTBot/1.2; +https://openai.com/gptbot)"
20.171.207.193 - - [26/Apr/2025:06:22:26 -0400] "GET /wp-json/oembed/1.0/embed?format=xml&url=https%3A%2F%2Fkamrancomputer.com%2F2024%2F10%2F19%2Fsloty-s-bolshoj-otdachej%2F HTTP/1.1" 200 1094 "-" "Mozilla/5.0 AppleWebKit/537.36 (KHTML, like Gecko; compatible; GPTBot/1.2; +https://openai.com/gptbot)"
66.29.132.124 - - [26/Apr/2025:06:22:28 -0400] "POST /wp-cron.php?doing_wp_cron=1745662947.9330770969390869140625 HTTP/1.1" 200 0 "-" "WordPress/6.8; https://kamrancomputer.com"
20.171.207.193 - - [26/Apr/2025:06:22:27 -0400] "GET /2024/10/19/igrovye-avtomaty-crazy-monkey/embed/ HTTP/1.1" 200 23077 "-" "Mozilla/5.0 AppleWebKit/537.36 (KHTML, like Gecko; compatible; GPTBot/1.2; +https://openai.com/gptbot)"
66.29.132.124 - - [26/Apr/2025:06:22:28 -0400] "POST /wp-admin/admin-ajax.php?action=async_litespeed&nonce=Ndt1d4jt88Zyeewgzq8AslZGuggX0mxF&litespeed_type=imgoptm HTTP/1.1" 200 21 "-" "WordPress/6.8; https://kamrancomputer.com"
20.171.207.193 - - [26/Apr/2025:06:22:28 -0400] "GET /2024/10/14/bonus-casino/embed/ HTTP/1.1" 200 22825 "-" "Mozilla/5.0 AppleWebKit/537.36 (KHTML, like Gecko; compatible; GPTBot/1.2; +https://openai.com/gptbot)"
20.171.207.193 - - [26/Apr/2025:06:22:29 -0400] "GET /2024/10/19/sloty-s-bolshoj-otdachej/embed/ HTTP/1.1" 200 23079 "-" "Mozilla/5.0 AppleWebKit/537.36 (KHTML, like Gecko; compatible; GPTBot/1.2; +https://openai.com/gptbot)"
20.171.207.193 - - [26/Apr/2025:06:22:31 -0400] "GET /wp-json/elementskit/v1/ HTTP/1.1" 404 114 "-" "Mozilla/5.0 AppleWebKit/537.36 (KHTML, like Gecko; compatible; GPTBot/1.2; +https://openai.com/gptbot)"
66.29.132.124 - - [26/Apr/2025:06:23:20 -0400] "POST /wp-cron.php?doing_wp_cron=1745663000.3094220161437988281250 HTTP/1.1" 200 0 "-" "WordPress/6.8; https://kamrancomputer.com"
20.171.207.193 - - [26/Apr/2025:06:23:19 -0400] "GET /?p=10628 HTTP/1.1" 301 0 "-" "Mozilla/5.0 AppleWebKit/537.36 (KHTML, like Gecko; compatible; GPTBot/1.2; +https://openai.com/gptbot)"
20.171.207.193 - - [26/Apr/2025:06:23:20 -0400] "GET /wp-json/wp/v2/posts/10628 HTTP/1.1" 200 6450 "-" "Mozilla/5.0 AppleWebKit/537.36 (KHTML, like Gecko; compatible; GPTBot/1.2; +https://openai.com/gptbot)"
20.171.207.193 - - [26/Apr/2025:06:23:22 -0400] "GET /2024/10/18/online-casino-apps/ HTTP/1.1" 200 20615 "-" "Mozilla/5.0 AppleWebKit/537.36 (KHTML, like Gecko; compatible; GPTBot/1.2; +https://openai.com/gptbot)"
20.171.207.193 - - [26/Apr/2025:06:23:23 -0400] "GET /wp-json/oembed/1.0/embed?url=https%3A%2F%2Fkamrancomputer.com%2F2024%2F10%2F18%2Fonline-casino-apps%2F HTTP/1.1" 200 2144 "-" "Mozilla/5.0 AppleWebKit/537.36 (KHTML, like Gecko; compatible; GPTBot/1.2; +https://openai.com/gptbot)"
20.171.207.193 - - [26/Apr/2025:06:23:25 -0400] "GET /wp-json/elementskit/v1/ HTTP/1.1" 404 114 "-" "Mozilla/5.0 AppleWebKit/537.36 (KHTML, like Gecko; compatible; GPTBot/1.2; +https://openai.com/gptbot)"
66.29.132.124 - - [26/Apr/2025:06:23:26 -0400] "POST /wp-cron.php?doing_wp_cron=1745663006.0703558921813964843750 HTTP/1.1" 200 0 "-" "WordPress/6.8; https://kamrancomputer.com"
57.141.4.22 - - [26/Apr/2025:06:23:25 -0400] "GET /?p=13334 HTTP/1.1" 301 0 "-" "meta-externalagent/1.1 (+https://developers.facebook.com/docs/sharing/webmasters/crawler)"
20.171.207.193 - - [26/Apr/2025:06:23:26 -0400] "GET /wp-json/oembed/1.0/embed?format=xml&url=https%3A%2F%2Fkamrancomputer.com%2F2024%2F10%2F18%2Fonline-casino-apps%2F HTTP/1.1" 200 1032 "-" "Mozilla/5.0 AppleWebKit/537.36 (KHTML, like Gecko; compatible; GPTBot/1.2; +https://openai.com/gptbot)"
66.29.132.124 - - [26/Apr/2025:06:23:26 -0400] "POST /wp-admin/admin-ajax.php?action=async_litespeed&nonce=3P28Gz3MqkIwMuv9DL4sfVSrFSk30o8G&litespeed_type=imgoptm HTTP/1.1" 200 21 "-" "WordPress/6.8; https://kamrancomputer.com"
20.171.207.193 - - [26/Apr/2025:06:23:27 -0400] "GET /2024/10/18/online-casino-apps/embed/ HTTP/1.1" 200 22846 "-" "Mozilla/5.0 AppleWebKit/537.36 (KHTML, like Gecko; compatible; GPTBot/1.2; +https://openai.com/gptbot)"
20.171.207.193 - - [26/Apr/2025:06:23:39 -0400] "GET /wp-json/wp/v2/posts/5793 HTTP/1.1" 200 4726 "-" "Mozilla/5.0 AppleWebKit/537.36 (KHTML, like Gecko; compatible; GPTBot/1.2; +https://openai.com/gptbot)"
20.171.207.193 - - [26/Apr/2025:06:23:40 -0400] "GET /?p=5793 HTTP/1.1" 301 0 "-" "Mozilla/5.0 AppleWebKit/537.36 (KHTML, like Gecko; compatible; GPTBot/1.2; +https://openai.com/gptbot)"
20.171.207.193 - - [26/Apr/2025:06:23:41 -0400] "GET /2024/10/14/wildcasino/ HTTP/1.1" 200 19788 "-" "Mozilla/5.0 AppleWebKit/537.36 (KHTML, like Gecko; compatible; GPTBot/1.2; +https://openai.com/gptbot)"
20.171.207.193 - - [26/Apr/2025:06:23:43 -0400] "GET /2024/10/14/wildcasino/wildcasino_overview.jpg HTTP/1.1" 404 18514 "-" "Mozilla/5.0 AppleWebKit/537.36 (KHTML, like Gecko; compatible; GPTBot/1.2; +https://openai.com/gptbot)"
20.171.207.193 - - [26/Apr/2025:06:23:44 -0400] "GET /wp-json/oembed/1.0/embed?format=xml&url=https%3A%2F%2Fkamrancomputer.com%2F2024%2F10%2F14%2Fwildcasino%2F HTTP/1.1" 200 1020 "-" "Mozilla/5.0 AppleWebKit/537.36 (KHTML, like Gecko; compatible; GPTBot/1.2; +https://openai.com/gptbot)"
20.171.207.193 - - [26/Apr/2025:06:23:45 -0400] "GET /wp-json/elementskit/v1/ HTTP/1.1" 404 114 "-" "Mozilla/5.0 AppleWebKit/537.36 (KHTML, like Gecko; compatible; GPTBot/1.2; +https://openai.com/gptbot)"
20.171.207.193 - - [26/Apr/2025:06:23:46 -0400] "GET /wp-json/oembed/1.0/embed?url=https%3A%2F%2Fkamrancomputer.com%2F2024%2F10%2F14%2Fwildcasino%2F HTTP/1.1" 200 2104 "-" "Mozilla/5.0 AppleWebKit/537.36 (KHTML, like Gecko; compatible; GPTBot/1.2; +https://openai.com/gptbot)"
20.171.207.193 - - [26/Apr/2025:06:23:48 -0400] "GET /2024/10/14/wildcasino/embed/ HTTP/1.1" 200 22807 "-" "Mozilla/5.0 AppleWebKit/537.36 (KHTML, like Gecko; compatible; GPTBot/1.2; +https://openai.com/gptbot)"
66.29.132.124 - - [26/Apr/2025:06:23:56 -0400] "POST /wp-cron.php?doing_wp_cron=1745663036.2900478839874267578125 HTTP/1.1" 200 0 "-" "WordPress/6.8; https://kamrancomputer.com"
20.171.207.193 - - [26/Apr/2025:06:23:55 -0400] "GET /wp-json/wp/v2/posts/1093 HTTP/1.1" 200 6383 "-" "Mozilla/5.0 AppleWebKit/537.36 (KHTML, like Gecko; compatible; GPTBot/1.2; +https://openai.com/gptbot)"
20.171.207.193 - - [26/Apr/2025:06:23:57 -0400] "GET /?p=1093 HTTP/1.1" 301 0 "-" "Mozilla/5.0 AppleWebKit/537.36 (KHTML, like Gecko; compatible; GPTBot/1.2; +https://openai.com/gptbot)"
20.171.207.193 - - [26/Apr/2025:06:23:59 -0400] "GET /2024/10/14/spiele-poker-kostenlos-ohne-anmeldung/ HTTP/1.1" 200 20292 "-" "Mozilla/5.0 AppleWebKit/537.36 (KHTML, like Gecko; compatible; GPTBot/1.2; +https://openai.com/gptbot)"
20.171.207.193 - - [26/Apr/2025:06:24:00 -0400] "GET /wp-json/oembed/1.0/embed?url=https%3A%2F%2Fkamrancomputer.com%2F2024%2F10%2F14%2Fspiele-poker-kostenlos-ohne-anmeldung%2F HTTP/1.1" 200 2239 "-" "Mozilla/5.0 AppleWebKit/537.36 (KHTML, like Gecko; compatible; GPTBot/1.2; +https://openai.com/gptbot)"
20.171.207.193 - - [26/Apr/2025:06:24:02 -0400] "GET /wp-json/oembed/1.0/embed?format=xml&url=https%3A%2F%2Fkamrancomputer.com%2F2024%2F10%2F14%2Fspiele-poker-kostenlos-ohne-anmeldung%2F HTTP/1.1" 200 1058 "-" "Mozilla/5.0 AppleWebKit/537.36 (KHTML, like Gecko; compatible; GPTBot/1.2; +https://openai.com/gptbot)"
20.171.207.193 - - [26/Apr/2025:06:24:03 -0400] "GET /2024/10/14/spiele-poker-kostenlos-ohne-anmeldung/embed/ HTTP/1.1" 200 23093 "-" "Mozilla/5.0 AppleWebKit/537.36 (KHTML, like Gecko; compatible; GPTBot/1.2; +https://openai.com/gptbot)"
20.171.207.193 - - [26/Apr/2025:06:24:12 -0400] "GET /?p=5361 HTTP/1.1" 301 0 "-" "Mozilla/5.0 AppleWebKit/537.36 (KHTML, like Gecko; compatible; GPTBot/1.2; +https://openai.com/gptbot)"
20.171.207.193 - - [26/Apr/2025:06:24:13 -0400] "GET /wp-json/wp/v2/posts/5361 HTTP/1.1" 200 6434 "-" "Mozilla/5.0 AppleWebKit/537.36 (KHTML, like Gecko; compatible; GPTBot/1.2; +https://openai.com/gptbot)"
20.171.207.193 - - [26/Apr/2025:06:24:15 -0400] "GET /2024/10/14/best-online-casino-that-pays-real-money/ HTTP/1.1" 200 20536 "-" "Mozilla/5.0 AppleWebKit/537.36 (KHTML, like Gecko; compatible; GPTBot/1.2; +https://openai.com/gptbot)"
20.171.207.193 - - [26/Apr/2025:06:24:16 -0400] "GET /2024/10/14/best-online-casino-that-pays-real-money/leovegas-logo.jpg HTTP/1.1" 404 18516 "-" "Mozilla/5.0 AppleWebKit/537.36 (KHTML, like Gecko; compatible; GPTBot/1.2; +https://openai.com/gptbot)"
20.171.207.193 - - [26/Apr/2025:06:24:17 -0400] "GET /wp-json/oembed/1.0/embed?url=https%3A%2F%2Fkamrancomputer.com%2F2024%2F10%2F14%2Fbest-online-casino-that-pays-real-money%2F HTTP/1.1" 200 2249 "-" "Mozilla/5.0 AppleWebKit/537.36 (KHTML, like Gecko; compatible; GPTBot/1.2; +https://openai.com/gptbot)"
20.171.207.193 - - [26/Apr/2025:06:24:18 -0400] "GET /wp-json/oembed/1.0/embed?format=xml&url=https%3A%2F%2Fkamrancomputer.com%2F2024%2F10%2F14%2Fbest-online-casino-that-pays-real-money%2F HTTP/1.1" 200 1062 "-" "Mozilla/5.0 AppleWebKit/537.36 (KHTML, like Gecko; compatible; GPTBot/1.2; +https://openai.com/gptbot)"
20.171.207.193 - - [26/Apr/2025:06:24:19 -0400] "GET /2024/10/14/best-online-casino-that-pays-real-money/888-casino-logo.jpg HTTP/1.1" 404 18514 "-" "Mozilla/5.0 AppleWebKit/537.36 (KHTML, like Gecko; compatible; GPTBot/1.2; +https://openai.com/gptbot)"
20.171.207.193 - - [26/Apr/2025:06:24:20 -0400] "GET /2024/10/14/best-online-casino-that-pays-real-money/betway-logo.jpg HTTP/1.1" 404 18514 "-" "Mozilla/5.0 AppleWebKit/537.36 (KHTML, like Gecko; compatible; GPTBot/1.2; +https://openai.com/gptbot)"
20.171.207.193 - - [26/Apr/2025:06:24:21 -0400] "GET /2024/10/14/best-online-casino-that-pays-real-money/jackpot-city-logo.jpg HTTP/1.1" 404 18516 "-" "Mozilla/5.0 AppleWebKit/537.36 (KHTML, like Gecko; compatible; GPTBot/1.2; +https://openai.com/gptbot)"
20.171.207.193 - - [26/Apr/2025:06:24:23 -0400] "GET /2024/10/14/best-online-casino-that-pays-real-money/embed/ HTTP/1.1" 200 22900 "-" "Mozilla/5.0 AppleWebKit/537.36 (KHTML, like Gecko; compatible; GPTBot/1.2; +https://openai.com/gptbot)"
66.29.132.124 - - [26/Apr/2025:06:25:01 -0400] "POST /wp-cron.php?doing_wp_cron=1745663101.7622289657592773437500 HTTP/1.1" 200 0 "-" "WordPress/6.8; https://kamrancomputer.com"
57.141.4.19 - - [26/Apr/2025:06:25:00 -0400] "GET /wp-json/wp/v2/posts/9544 HTTP/1.1" 200 5465 "-" "meta-externalagent/1.1 (+https://developers.facebook.com/docs/sharing/webmasters/crawler)"
66.29.132.124 - - [26/Apr/2025:06:25:02 -0400] "POST /wp-admin/admin-ajax.php?action=async_litespeed&nonce=3ikp7Nnv3ekTHXmGAw2G73gxh1KJk4vb&litespeed_type=imgoptm HTTP/1.1" 200 0 "-" "WordPress/6.8; https://kamrancomputer.com"
57.141.4.3 - - [26/Apr/2025:06:25:12 -0400] "GET /wp-json/wp/v2/posts/7803 HTTP/1.1" 200 5413 "-" "meta-externalagent/1.1 (+https://developers.facebook.com/docs/sharing/webmasters/crawler)"
20.171.207.193 - - [26/Apr/2025:06:25:15 -0400] "GET /wp-json/wp/v2/posts/3017 HTTP/1.1" 200 6023 "-" "Mozilla/5.0 AppleWebKit/537.36 (KHTML, like Gecko; compatible; GPTBot/1.2; +https://openai.com/gptbot)"
20.171.207.193 - - [26/Apr/2025:06:25:17 -0400] "GET /?p=3017 HTTP/1.1" 301 0 "-" "Mozilla/5.0 AppleWebKit/537.36 (KHTML, like Gecko; compatible; GPTBot/1.2; +https://openai.com/gptbot)"
20.171.207.193 - - [26/Apr/2025:06:25:18 -0400] "GET /2024/10/14/online-casino-ohne-umsatzbedingungen/ HTTP/1.1" 200 20200 "-" "Mozilla/5.0 AppleWebKit/537.36 (KHTML, like Gecko; compatible; GPTBot/1.2; +https://openai.com/gptbot)"
20.171.207.193 - - [26/Apr/2025:06:25:19 -0400] "GET /wp-json/oembed/1.0/embed?format=xml&url=https%3A%2F%2Fkamrancomputer.com%2F2024%2F10%2F14%2Fonline-casino-ohne-umsatzbedingungen%2F HTTP/1.1" 200 1049 "-" "Mozilla/5.0 AppleWebKit/537.36 (KHTML, like Gecko; compatible; GPTBot/1.2; +https://openai.com/gptbot)"
20.171.207.193 - - [26/Apr/2025:06:25:21 -0400] "GET /wp-json/oembed/1.0/embed?url=https%3A%2F%2Fkamrancomputer.com%2F2024%2F10%2F14%2Fonline-casino-ohne-umsatzbedingungen%2F HTTP/1.1" 200 2234 "-" "Mozilla/5.0 AppleWebKit/537.36 (KHTML, like Gecko; compatible; GPTBot/1.2; +https://openai.com/gptbot)"
20.171.207.193 - - [26/Apr/2025:06:25:22 -0400] "GET /wp-json/elementskit/v1/ HTTP/1.1" 404 114 "-" "Mozilla/5.0 AppleWebKit/537.36 (KHTML, like Gecko; compatible; GPTBot/1.2; +https://openai.com/gptbot)"
20.171.207.193 - - [26/Apr/2025:06:25:23 -0400] "GET /2024/10/14/online-casino-ohne-umsatzbedingungen/embed/ HTTP/1.1" 200 22860 "-" "Mozilla/5.0 AppleWebKit/537.36 (KHTML, like Gecko; compatible; GPTBot/1.2; +https://openai.com/gptbot)"
66.29.132.124 - - [26/Apr/2025:06:25:28 -0400] "POST /wp-cron.php?doing_wp_cron=1745663128.6388759613037109375000 HTTP/1.1" 200 0 "-" "WordPress/6.8; https://kamrancomputer.com"
57.141.4.29 - - [26/Apr/2025:06:25:28 -0400] "GET /wp-json/wp/v2/posts/12063 HTTP/1.1" 200 5761 "-" "meta-externalagent/1.1 (+https://developers.facebook.com/docs/sharing/webmasters/crawler)"
66.29.132.124 - - [26/Apr/2025:06:25:29 -0400] "POST /wp-admin/admin-ajax.php?action=async_litespeed&nonce=N0z7HQqIHXDgq9fJQsYg61sAa6C46MWt&litespeed_type=imgoptm HTTP/1.1" 200 21 "-" "WordPress/6.8; https://kamrancomputer.com"
66.29.132.124 - - [26/Apr/2025:06:28:53 -0400] "POST /wp-cron.php?doing_wp_cron=1745663333.8902149200439453125000 HTTP/1.1" 200 0 "-" "WordPress/6.8; https://kamrancomputer.com"
57.141.4.12 - - [26/Apr/2025:06:28:42 -0400] "GET /wp-json/oembed/1.0/embed?url=https%3A%2F%2Fkamrancomputer.com%2F2024%2F10%2F18%2Fpin-ap-igrat%2F HTTP/1.1" 200 2315 "-" "meta-externalagent/1.1 (+https://developers.facebook.com/docs/sharing/webmasters/crawler)"
66.29.132.124 - - [26/Apr/2025:06:28:55 -0400] "POST /wp-admin/admin-ajax.php?action=async_litespeed&nonce=RKviwMtRNxVzBpNlydHD8OJJT0JWGJnE&litespeed_type=imgoptm HTTP/1.1" 200 0 "-" "WordPress/6.8; https://kamrancomputer.com"
66.29.132.124 - - [26/Apr/2025:06:31:03 -0400] "POST /wp-cron.php?doing_wp_cron=1745663463.0588860511779785156250 HTTP/1.1" 200 0 "-" "WordPress/6.8; https://kamrancomputer.com"
57.141.4.5 - - [26/Apr/2025:06:30:55 -0400] "GET /?p=7698 HTTP/1.1" 301 0 "-" "meta-externalagent/1.1 (+https://developers.facebook.com/docs/sharing/webmasters/crawler)"
66.29.132.124 - - [26/Apr/2025:06:31:03 -0400] "POST /wp-admin/admin-ajax.php?action=async_litespeed&nonce=n8bfULJYI71hPtpS8JHt1YMx6pzJzcQ8&litespeed_type=imgoptm HTTP/1.1" 200 0 "-" "WordPress/6.8; https://kamrancomputer.com"
66.29.132.124 - - [26/Apr/2025:06:32:21 -0400] "POST /wp-cron.php?doing_wp_cron=1745663541.8933138847351074218750 HTTP/1.1" 200 0 "-" "WordPress/6.8; https://kamrancomputer.com"
66.29.132.124 - - [26/Apr/2025:06:32:22 -0400] "POST /wp-admin/admin-ajax.php?action=async_litespeed&nonce=LPUfwW1ZEzyMtX7trzaOSHfyqKYO3Itc&litespeed_type=imgoptm HTTP/1.1" 200 21 "-" "WordPress/6.8; https://kamrancomputer.com"
57.141.4.19 - - [26/Apr/2025:06:32:21 -0400] "GET /wp-json/wp/v2/posts/6987 HTTP/1.1" 200 6450 "-" "meta-externalagent/1.1 (+https://developers.facebook.com/docs/sharing/webmasters/crawler)"
66.29.132.124 - - [26/Apr/2025:06:33:36 -0400] "POST /wp-cron.php?doing_wp_cron=1745663616.3348829746246337890625 HTTP/1.1" 200 0 "-" "WordPress/6.8; https://kamrancomputer.com"
57.141.4.23 - - [26/Apr/2025:06:33:35 -0400] "GET /wp-json/wp/v2/posts/13385 HTTP/1.1" 200 6552 "-" "meta-externalagent/1.1 (+https://developers.facebook.com/docs/sharing/webmasters/crawler)"
66.29.132.124 - - [26/Apr/2025:06:33:36 -0400] "POST /wp-admin/admin-ajax.php?action=async_litespeed&nonce=SDvfyH3bic5KnDxpmLGaC0lf2ioQLuvy&litespeed_type=imgoptm HTTP/1.1" 200 0 "-" "WordPress/6.8; https://kamrancomputer.com"
66.29.132.124 - - [26/Apr/2025:06:33:37 -0400] "POST /wp-admin/admin-ajax.php?action=as_async_request_queue_runner&nonce=62bb3accde HTTP/1.1" 200 0 "-" "WordPress/6.8; https://kamrancomputer.com"
