20.171.207.193 - - [26/Apr/2025:16:02:10 -0400] "GET /wp-json/oembed/1.0/embed?format=xml&url=https%3A%2F%2Fkamrancomputer.com%2F2024%2F10%2F19%2Ffoxwoods-online-casino%2F HTTP/1.1" 200 1031 "-" "Mozilla/5.0 AppleWebKit/537.36 (KHTML, like Gecko; compatible; GPTBot/1.2; +https://openai.com/gptbot)"
20.171.207.193 - - [26/Apr/2025:16:02:14 -0400] "GET /2024/10/18/best-real-money-casino/ HTTP/1.1" 200 20576 "-" "Mozilla/5.0 AppleWebKit/537.36 (KHTML, like Gecko; compatible; GPTBot/1.2; +https://openai.com/gptbot)"
20.171.207.193 - - [26/Apr/2025:16:02:19 -0400] "GET /2024/10/18/lavina-kazino/embed/ HTTP/1.1" 200 23027 "-" "Mozilla/5.0 AppleWebKit/537.36 (KHTML, like Gecko; compatible; GPTBot/1.2; +https://openai.com/gptbot)"
20.171.207.193 - - [26/Apr/2025:16:02:23 -0400] "GET /2024/10/19/foxwoods-online-casino/embed/ HTTP/1.1" 200 22772 "-" "Mozilla/5.0 AppleWebKit/537.36 (KHTML, like Gecko; compatible; GPTBot/1.2; +https://openai.com/gptbot)"
66.29.132.124 - - [26/Apr/2025:16:02:27 -0400] "POST /wp-cron.php?doing_wp_cron=1745697747.5092389583587646484375 HTTP/1.1" 200 0 "-" "WordPress/6.8; https://kamrancomputer.com"
20.171.207.193 - - [26/Apr/2025:16:02:26 -0400] "GET /2024/10/18/best-real-money-casino/payment-options.jpg HTTP/1.1" 404 18496 "-" "Mozilla/5.0 AppleWebKit/537.36 (KHTML, like Gecko; compatible; GPTBot/1.2; +https://openai.com/gptbot)"
66.29.132.124 - - [26/Apr/2025:16:02:28 -0400] "POST /wp-admin/admin-ajax.php?action=async_litespeed&nonce=sSxNYGPVGwtggoQJM4nvo9TAgfGX9vgR&litespeed_type=imgoptm HTTP/1.1" 200 21 "-" "WordPress/6.8; https://kamrancomputer.com"
20.171.207.193 - - [26/Apr/2025:16:02:30 -0400] "GET /wp-json/oembed/1.0/embed?url=https%3A%2F%2Fkamrancomputer.com%2F2024%2F10%2F18%2Fbest-real-money-casino%2F HTTP/1.1" 200 2164 "-" "Mozilla/5.0 AppleWebKit/537.36 (KHTML, like Gecko; compatible; GPTBot/1.2; +https://openai.com/gptbot)"
20.171.207.193 - - [26/Apr/2025:16:02:33 -0400] "GET /2024/10/18/best-real-money-casino/responsible-gaming.jpg HTTP/1.1" 404 18497 "-" "Mozilla/5.0 AppleWebKit/537.36 (KHTML, like Gecko; compatible; GPTBot/1.2; +https://openai.com/gptbot)"
57.141.4.29 - - [26/Apr/2025:16:02:34 -0400] "GET /wp-json/wp/v2/posts/8243 HTTP/1.1" 200 5340 "-" "meta-externalagent/1.1 (+https://developers.facebook.com/docs/sharing/webmasters/crawler)"
20.171.207.193 - - [26/Apr/2025:16:02:36 -0400] "GET /wp-json/elementskit/v1/ HTTP/1.1" 404 114 "-" "Mozilla/5.0 AppleWebKit/537.36 (KHTML, like Gecko; compatible; GPTBot/1.2; +https://openai.com/gptbot)"
20.171.207.193 - - [26/Apr/2025:16:02:39 -0400] "GET /2024/10/18/best-real-money-casino/casino-licensing.jpg HTTP/1.1" 404 18496 "-" "Mozilla/5.0 AppleWebKit/537.36 (KHTML, like Gecko; compatible; GPTBot/1.2; +https://openai.com/gptbot)"
20.171.207.193 - - [26/Apr/2025:16:02:42 -0400] "GET /2024/10/18/best-real-money-casino/bonuses.jpg HTTP/1.1" 404 18496 "-" "Mozilla/5.0 AppleWebKit/537.36 (KHTML, like Gecko; compatible; GPTBot/1.2; +https://openai.com/gptbot)"
20.171.207.193 - - [26/Apr/2025:16:02:45 -0400] "GET /2024/10/18/best-real-money-casino/game-variety.jpg HTTP/1.1" 404 18496 "-" "Mozilla/5.0 AppleWebKit/537.36 (KHTML, like Gecko; compatible; GPTBot/1.2; +https://openai.com/gptbot)"
20.171.207.193 - - [26/Apr/2025:16:02:47 -0400] "GET /2024/10/18/best-real-money-casino/customer-support.jpg HTTP/1.1" 404 18496 "-" "Mozilla/5.0 AppleWebKit/537.36 (KHTML, like Gecko; compatible; GPTBot/1.2; +https://openai.com/gptbot)"
20.171.207.193 - - [26/Apr/2025:16:02:50 -0400] "GET /wp-json/oembed/1.0/embed?format=xml&url=https%3A%2F%2Fkamrancomputer.com%2F2024%2F10%2F18%2Fbest-real-money-casino%2F HTTP/1.1" 200 1041 "-" "Mozilla/5.0 AppleWebKit/537.36 (KHTML, like Gecko; compatible; GPTBot/1.2; +https://openai.com/gptbot)"
20.171.207.193 - - [26/Apr/2025:15:57:32 -0400] "GET /?p=11522 HTTP/1.1" 301 0 "-" "Mozilla/5.0 AppleWebKit/537.36 (KHTML, like Gecko; compatible; GPTBot/1.2; +https://openai.com/gptbot)"
66.29.132.124 - - [26/Apr/2025:15:57:59 -0400] "POST /wp-admin/admin-ajax.php?action=async_litespeed&nonce=a8CSrP2lo4idt7D3UQYmQR42yDELL7Pq&litespeed_type=imgoptm HTTP/1.1" 200 0 "-" "WordPress/6.8; https://kamrancomputer.com"
20.171.207.193 - - [26/Apr/2025:15:57:58 -0400] "GET /wp-json/wp/v2/posts/11522 HTTP/1.1" 200 5629 "-" "Mozilla/5.0 AppleWebKit/537.36 (KHTML, like Gecko; compatible; GPTBot/1.2; +https://openai.com/gptbot)"
20.171.207.193 - - [26/Apr/2025:15:58:24 -0400] "GET /2024/10/18/bwin-de/ HTTP/1.1" 200 22271 "-" "Mozilla/5.0 AppleWebKit/537.36 (KHTML, like Gecko; compatible; GPTBot/1.2; +https://openai.com/gptbot)"
20.171.207.193 - - [26/Apr/2025:15:58:46 -0400] "GET /wp-json/elementskit/v1/ HTTP/1.1" 404 114 "-" "Mozilla/5.0 AppleWebKit/537.36 (KHTML, like Gecko; compatible; GPTBot/1.2; +https://openai.com/gptbot)"
66.29.132.124 - - [26/Apr/2025:15:59:09 -0400] "POST /wp-cron.php?doing_wp_cron=1745697549.5900940895080566406250 HTTP/1.1" 200 0 "-" "WordPress/6.8; https://kamrancomputer.com"
20.171.207.193 - - [26/Apr/2025:15:59:08 -0400] "GET /wp-json/oembed/1.0/embed?url=https%3A%2F%2Fkamrancomputer.com%2F2024%2F10%2F18%2Fbwin-de%2F HTTP/1.1" 200 2089 "-" "Mozilla/5.0 AppleWebKit/537.36 (KHTML, like Gecko; compatible; GPTBot/1.2; +https://openai.com/gptbot)"
66.29.132.124 - - [26/Apr/2025:15:59:10 -0400] "POST /wp-admin/admin-ajax.php?action=async_litespeed&nonce=9ejdIFLHMdc7XXmQwjYJnOvDSc4jgoBp&litespeed_type=imgoptm HTTP/1.1" 200 0 "-" "WordPress/6.8; https://kamrancomputer.com"
66.29.132.124 - - [26/Apr/2025:15:59:30 -0400] "POST /wp-cron.php?doing_wp_cron=1745697570.6200299263000488281250 HTTP/1.1" 200 0 "-" "WordPress/6.8; https://kamrancomputer.com"
20.171.207.193 - - [26/Apr/2025:15:59:29 -0400] "GET /?p=18819 HTTP/1.1" 301 0 "-" "Mozilla/5.0 AppleWebKit/537.36 (KHTML, like Gecko; compatible; GPTBot/1.2; +https://openai.com/gptbot)"
66.29.132.124 - - [26/Apr/2025:15:59:31 -0400] "POST /wp-admin/admin-ajax.php?action=async_litespeed&nonce=Trmtwn2ERWHATYBjJtfzRRVU1MLKrwsC&litespeed_type=imgoptm HTTP/1.1" 200 21 "-" "WordPress/6.8; https://kamrancomputer.com"
20.171.207.193 - - [26/Apr/2025:15:59:48 -0400] "GET /wp-json/wp/v2/posts/18819 HTTP/1.1" 200 6039 "-" "Mozilla/5.0 AppleWebKit/537.36 (KHTML, like Gecko; compatible; GPTBot/1.2; +https://openai.com/gptbot)"
66.29.132.124 - - [26/Apr/2025:16:02:54 -0400] "POST /wp-cron.php?doing_wp_cron=1745697774.1046109199523925781250 HTTP/1.1" 200 0 "-" "WordPress/6.8; https://kamrancomputer.com"
20.171.207.193 - - [26/Apr/2025:16:02:53 -0400] "GET /2024/10/18/best-real-money-casino/embed/ HTTP/1.1" 200 22787 "-" "Mozilla/5.0 AppleWebKit/537.36 (KHTML, like Gecko; compatible; GPTBot/1.2; +https://openai.com/gptbot)"
20.171.207.193 - - [26/Apr/2025:16:02:56 -0400] "GET /wp-json/elementskit/v1/ HTTP/1.1" 404 114 "-" "Mozilla/5.0 AppleWebKit/537.36 (KHTML, like Gecko; compatible; GPTBot/1.2; +https://openai.com/gptbot)"
66.29.132.124 - - [26/Apr/2025:16:04:10 -0400] "POST /wp-cron.php?doing_wp_cron=1745697850.1992430686950683593750 HTTP/1.1" 200 0 "-" "WordPress/6.8; https://kamrancomputer.com"
20.171.207.193 - - [26/Apr/2025:16:04:09 -0400] "GET /wp-json/wp/v2/posts/20486 HTTP/1.1" 200 6094 "-" "Mozilla/5.0 AppleWebKit/537.36 (KHTML, like Gecko; compatible; GPTBot/1.2; +https://openai.com/gptbot)"
66.29.132.124 - - [26/Apr/2025:16:04:11 -0400] "POST /wp-admin/admin-ajax.php?action=async_litespeed&nonce=j31p2XNDhSmSqGs9Y7yKvSSGg96R51Rj&litespeed_type=imgoptm HTTP/1.1" 200 0 "-" "WordPress/6.8; https://kamrancomputer.com"
66.29.132.124 - - [26/Apr/2025:16:04:12 -0400] "POST /wp-admin/admin-ajax.php?action=as_async_request_queue_runner&nonce=81db4888c6 HTTP/1.1" 200 0 "-" "WordPress/6.8; https://kamrancomputer.com"
20.171.207.193 - - [26/Apr/2025:16:04:12 -0400] "GET /?p=20486 HTTP/1.1" 301 0 "-" "Mozilla/5.0 AppleWebKit/537.36 (KHTML, like Gecko; compatible; GPTBot/1.2; +https://openai.com/gptbot)"
20.171.207.193 - - [26/Apr/2025:16:04:14 -0400] "GET /2024/10/19/legit-gambling-apps/ HTTP/1.1" 200 20470 "-" "Mozilla/5.0 AppleWebKit/537.36 (KHTML, like Gecko; compatible; GPTBot/1.2; +https://openai.com/gptbot)"
20.171.207.193 - - [26/Apr/2025:16:04:16 -0400] "GET /wp-json/oembed/1.0/embed?url=https%3A%2F%2Fkamrancomputer.com%2F2024%2F10%2F19%2Flegit-gambling-apps%2F HTTP/1.1" 200 2149 "-" "Mozilla/5.0 AppleWebKit/537.36 (KHTML, like Gecko; compatible; GPTBot/1.2; +https://openai.com/gptbot)"
20.171.207.193 - - [26/Apr/2025:16:04:18 -0400] "GET /wp-json/oembed/1.0/embed?format=xml&url=https%3A%2F%2Fkamrancomputer.com%2F2024%2F10%2F19%2Flegit-gambling-apps%2F HTTP/1.1" 200 1036 "-" "Mozilla/5.0 AppleWebKit/537.36 (KHTML, like Gecko; compatible; GPTBot/1.2; +https://openai.com/gptbot)"
20.171.207.193 - - [26/Apr/2025:16:04:20 -0400] "GET /wp-json/elementskit/v1/ HTTP/1.1" 404 114 "-" "Mozilla/5.0 AppleWebKit/537.36 (KHTML, like Gecko; compatible; GPTBot/1.2; +https://openai.com/gptbot)"
20.171.207.193 - - [26/Apr/2025:16:04:22 -0400] "GET /2024/10/19/legit-gambling-apps/embed/ HTTP/1.1" 200 22744 "-" "Mozilla/5.0 AppleWebKit/537.36 (KHTML, like Gecko; compatible; GPTBot/1.2; +https://openai.com/gptbot)"
66.29.132.124 - - [26/Apr/2025:16:05:04 -0400] "POST /wp-cron.php?doing_wp_cron=1745697904.2858180999755859375000 HTTP/1.1" 200 0 "-" "WordPress/6.8; https://kamrancomputer.com"
57.141.4.4 - - [26/Apr/2025:16:05:03 -0400] "GET /wp-json/oembed/1.0/embed?url=https%3A%2F%2Fkamrancomputer.com%2F2024%2F10%2F18%2Fborgata-pa-casino%2F HTTP/1.1" 200 2139 "-" "meta-externalagent/1.1 (+https://developers.facebook.com/docs/sharing/webmasters/crawler)"
66.29.132.124 - - [26/Apr/2025:16:08:16 -0400] "POST /wp-cron.php?doing_wp_cron=1745698095.9735929965972900390625 HTTP/1.1" 200 0 "-" "WordPress/6.8; https://kamrancomputer.com"
57.141.4.1 - - [26/Apr/2025:16:08:08 -0400] "GET /?p=15222 HTTP/1.1" 301 0 "-" "meta-externalagent/1.1 (+https://developers.facebook.com/docs/sharing/webmasters/crawler)"
66.29.132.124 - - [26/Apr/2025:16:08:16 -0400] "POST /wp-admin/admin-ajax.php?action=async_litespeed&nonce=KxJFlU22IcFtSe0hou5cXBZE39NOlebs&litespeed_type=imgoptm HTTP/1.1" 200 0 "-" "WordPress/6.8; https://kamrancomputer.com"
66.29.132.124 - - [26/Apr/2025:16:09:55 -0400] "POST /wp-cron.php?doing_wp_cron=1745698195.6593210697174072265625 HTTP/1.1" 200 0 "-" "WordPress/6.8; https://kamrancomputer.com"
57.141.4.1 - - [26/Apr/2025:16:09:51 -0400] "GET /wp-json/wp/v2/posts/13594 HTTP/1.1" 200 6390 "-" "meta-externalagent/1.1 (+https://developers.facebook.com/docs/sharing/webmasters/crawler)"
66.29.132.124 - - [26/Apr/2025:16:09:56 -0400] "POST /wp-admin/admin-ajax.php?action=async_litespeed&nonce=RAQppdrlNnJhUjaSDmDomreeiUMBFXtH&litespeed_type=imgoptm HTTP/1.1" 200 0 "-" "WordPress/6.8; https://kamrancomputer.com"
66.249.74.40 - - [26/Apr/2025:16:12:14 -0400] "GET /robots.txt HTTP/1.1" 200 402 "-" "Mozilla/5.0 (compatible; Googlebot/2.1; +http://www.google.com/bot.html)"
57.141.4.30 - - [26/Apr/2025:16:12:19 -0400] "GET /wp-json/oembed/1.0/embed?url=https%3A%2F%2Fkamrancomputer.com%2F2024%2F10%2F18%2Fnovoline-app%2F HTTP/1.1" 200 2114 "-" "meta-externalagent/1.1 (+https://developers.facebook.com/docs/sharing/webmasters/crawler)"
66.29.132.124 - - [26/Apr/2025:16:12:24 -0400] "POST /wp-cron.php?doing_wp_cron=1745698344.6740939617156982421875 HTTP/1.1" 200 0 "-" "WordPress/6.8; https://kamrancomputer.com"
66.249.74.40 - - [26/Apr/2025:16:12:20 -0400] "GET /2024/10/19/golden-nugget-online-casino-review/ HTTP/1.1" 200 20450 "-" "Mozilla/5.0 (Linux; Android 6.0.1; Nexus 5X Build/MMB29P) AppleWebKit/537.36 (KHTML, like Gecko) Chrome/135.0.7049.95 Mobile Safari/537.36 (compatible; Googlebot/2.1; +http://www.google.com/bot.html)"
66.29.132.124 - - [26/Apr/2025:16:12:25 -0400] "POST /wp-admin/admin-ajax.php?action=async_litespeed&nonce=z8xh479vFsGpQGvLAtYHhxHIZm5AUg4n&litespeed_type=imgoptm HTTP/1.1" 200 0 "-" "WordPress/6.8; https://kamrancomputer.com"
66.29.132.124 - - [26/Apr/2025:16:12:26 -0400] "POST /wp-admin/admin-ajax.php?action=as_async_request_queue_runner&nonce=81db4888c6 HTTP/1.1" 200 0 "-" "WordPress/6.8; https://kamrancomputer.com"
66.29.132.124 - - [26/Apr/2025:16:12:37 -0400] "POST /wp-cron.php?doing_wp_cron=1745698357.8347480297088623046875 HTTP/1.1" 200 0 "-" "WordPress/6.8; https://kamrancomputer.com"
66.249.74.39 - - [26/Apr/2025:16:12:37 -0400] "GET /2024/10/14/safest-online-casino/ HTTP/1.1" 200 20398 "-" "Mozilla/5.0 (Linux; Android 6.0.1; Nexus 5X Build/MMB29P) AppleWebKit/537.36 (KHTML, like Gecko) Chrome/135.0.7049.95 Mobile Safari/537.36 (compatible; Googlebot/2.1; +http://www.google.com/bot.html)"
66.29.132.124 - - [26/Apr/2025:16:12:38 -0400] "POST /wp-admin/admin-ajax.php?action=async_litespeed&nonce=rZiRnfFwWEIn5lyjxKup2vUIa6M938xz&litespeed_type=imgoptm HTTP/1.1" 200 21 "-" "WordPress/6.8; https://kamrancomputer.com"
66.249.74.39 - - [26/Apr/2025:16:12:40 -0400] "GET /2024/10/14/top-5-online-casino/ HTTP/1.1" 200 20427 "-" "Mozilla/5.0 (Linux; Android 6.0.1; Nexus 5X Build/MMB29P) AppleWebKit/537.36 (KHTML, like Gecko) Chrome/135.0.7049.95 Mobile Safari/537.36 (compatible; Googlebot/2.1; +http://www.google.com/bot.html)"
66.249.74.39 - - [26/Apr/2025:16:12:43 -0400] "GET /2024/10/14/bovada-online-casino-reviews/ HTTP/1.1" 200 20422 "-" "Mozilla/5.0 (Linux; Android 6.0.1; Nexus 5X Build/MMB29P) AppleWebKit/537.36 (KHTML, like Gecko) Chrome/135.0.7049.95 Mobile Safari/537.36 (compatible; Googlebot/2.1; +http://www.google.com/bot.html)"
66.249.74.39 - - [26/Apr/2025:16:12:44 -0400] "GET /2024/10/14/top-canadian-casino/ HTTP/1.1" 200 20738 "-" "Mozilla/5.0 (Linux; Android 6.0.1; Nexus 5X Build/MMB29P) AppleWebKit/537.36 (KHTML, like Gecko) Chrome/135.0.7049.95 Mobile Safari/537.36 (compatible; Googlebot/2.1; +http://www.google.com/bot.html)"
66.249.74.39 - - [26/Apr/2025:16:12:49 -0400] "GET /2024/10/14/www-jackpotcity-casino-online-com-au/ HTTP/1.1" 200 20736 "-" "Mozilla/5.0 (Linux; Android 6.0.1; Nexus 5X Build/MMB29P) AppleWebKit/537.36 (KHTML, like Gecko) Chrome/135.0.7049.95 Mobile Safari/537.36 (compatible; Googlebot/2.1; +http://www.google.com/bot.html)"
66.249.74.39 - - [26/Apr/2025:16:12:57 -0400] "GET /2024/10/19/best-welcome-bonus-online-casino/ HTTP/1.1" 200 19878 "-" "Mozilla/5.0 (Linux; Android 6.0.1; Nexus 5X Build/MMB29P) AppleWebKit/537.36 (KHTML, like Gecko) Chrome/135.0.7049.95 Mobile Safari/537.36 (compatible; Googlebot/2.1; +http://www.google.com/bot.html)"
66.29.132.124 - - [26/Apr/2025:16:15:51 -0400] "POST /wp-cron.php?doing_wp_cron=1745698551.0464510917663574218750 HTTP/1.1" 200 0 "-" "WordPress/6.8; https://kamrancomputer.com"
57.141.4.4 - - [26/Apr/2025:16:15:47 -0400] "GET /wp-json/oembed/1.0/embed?url=https%3A%2F%2Fkamrancomputer.com%2F2024%2F10%2F18%2Fgolden-nugget-app%2F HTTP/1.1" 200 2139 "-" "meta-externalagent/1.1 (+https://developers.facebook.com/docs/sharing/webmasters/crawler)"
66.29.132.124 - - [26/Apr/2025:16:15:52 -0400] "POST /wp-admin/admin-ajax.php?action=async_litespeed&nonce=tBKq072Pf5fxvSZIieuviOrIsbDqgALc&litespeed_type=imgoptm HTTP/1.1" 200 21 "-" "WordPress/6.8; https://kamrancomputer.com"
66.29.132.124 - - [26/Apr/2025:16:16:08 -0400] "POST /wp-cron.php?doing_wp_cron=1745698568.5576429367065429687500 HTTP/1.1" 200 0 "-" "WordPress/6.8; https://kamrancomputer.com"
20.171.207.193 - - [26/Apr/2025:16:16:07 -0400] "GET /?p=1705 HTTP/1.1" 301 0 "-" "Mozilla/5.0 AppleWebKit/537.36 (KHTML, like Gecko; compatible; GPTBot/1.2; +https://openai.com/gptbot)"
20.171.207.193 - - [26/Apr/2025:16:16:09 -0400] "GET /wp-json/wp/v2/posts/1705 HTTP/1.1" 200 6776 "-" "Mozilla/5.0 AppleWebKit/537.36 (KHTML, like Gecko; compatible; GPTBot/1.2; +https://openai.com/gptbot)"
20.171.207.193 - - [26/Apr/2025:16:16:10 -0400] "GET /2024/10/14/casino-website-builder/ HTTP/1.1" 200 20759 "-" "Mozilla/5.0 AppleWebKit/537.36 (KHTML, like Gecko; compatible; GPTBot/1.2; +https://openai.com/gptbot)"
66.29.132.124 - - [26/Apr/2025:16:16:12 -0400] "POST /wp-cron.php?doing_wp_cron=1745698572.4485859870910644531250 HTTP/1.1" 200 0 "-" "WordPress/6.8; https://kamrancomputer.com"
20.171.207.193 - - [26/Apr/2025:16:16:12 -0400] "GET /wp-json/oembed/1.0/embed?format=xml&url=https%3A%2F%2Fkamrancomputer.com%2F2024%2F10%2F14%2Fcasino-website-builder%2F HTTP/1.1" 200 1034 "-" "Mozilla/5.0 AppleWebKit/537.36 (KHTML, like Gecko; compatible; GPTBot/1.2; +https://openai.com/gptbot)"
20.171.207.193 - - [26/Apr/2025:16:16:13 -0400] "GET /wp-json/oembed/1.0/embed?url=https%3A%2F%2Fkamrancomputer.com%2F2024%2F10%2F14%2Fcasino-website-builder%2F HTTP/1.1" 200 2164 "-" "Mozilla/5.0 AppleWebKit/537.36 (KHTML, like Gecko; compatible; GPTBot/1.2; +https://openai.com/gptbot)"
20.171.207.193 - - [26/Apr/2025:16:16:14 -0400] "GET /wp-json/elementskit/v1/ HTTP/1.1" 404 114 "-" "Mozilla/5.0 AppleWebKit/537.36 (KHTML, like Gecko; compatible; GPTBot/1.2; +https://openai.com/gptbot)"
20.171.207.193 - - [26/Apr/2025:16:16:15 -0400] "GET /2024/10/14/casino-website-builder/embed/ HTTP/1.1" 200 22703 "-" "Mozilla/5.0 AppleWebKit/537.36 (KHTML, like Gecko; compatible; GPTBot/1.2; +https://openai.com/gptbot)"
66.29.132.124 - - [26/Apr/2025:16:16:30 -0400] "POST /wp-cron.php?doing_wp_cron=1745698590.0617129802703857421875 HTTP/1.1" 200 0 "-" "WordPress/6.8; https://kamrancomputer.com"
66.249.74.40 - - [26/Apr/2025:16:16:29 -0400] "GET /2024/10/14/best-michigan-online-casino-bonus/ HTTP/1.1" 200 20415 "-" "Mozilla/5.0 (Linux; Android 6.0.1; Nexus 5X Build/MMB29P) AppleWebKit/537.36 (KHTML, like Gecko) Chrome/135.0.7049.95 Mobile Safari/537.36 (compatible; Googlebot/2.1; +http://www.google.com/bot.html)"
66.29.132.124 - - [26/Apr/2025:16:16:30 -0400] "POST /wp-admin/admin-ajax.php?action=async_litespeed&nonce=bnlSxeZcudbTqF5jwpnCqNShC5VmMmeM&litespeed_type=imgoptm HTTP/1.1" 200 21 "-" "WordPress/6.8; https://kamrancomputer.com"
66.29.132.124 - - [26/Apr/2025:16:16:59 -0400] "POST /wp-cron.php?doing_wp_cron=1745698619.6787478923797607421875 HTTP/1.1" 200 0 "-" "WordPress/6.8; https://kamrancomputer.com"
66.249.74.40 - - [26/Apr/2025:16:16:59 -0400] "GET /print-ads/ HTTP/1.1" 200 22369 "-" "Mozilla/5.0 (Linux; Android 6.0.1; Nexus 5X Build/MMB29P) AppleWebKit/537.36 (KHTML, like Gecko) Chrome/135.0.7049.95 Mobile Safari/537.36 (compatible; Googlebot/2.1; +http://www.google.com/bot.html)"
66.29.132.124 - - [26/Apr/2025:16:18:17 -0400] "POST /wp-cron.php?doing_wp_cron=1745698697.9214599132537841796875 HTTP/1.1" 200 0 "-" "WordPress/6.8; https://kamrancomputer.com"
66.249.74.39 - - [26/Apr/2025:16:18:16 -0400] "GET /2024/10/18/top-10-online-casinos-australia/ HTTP/1.1" 200 20567 "-" "Mozilla/5.0 (Linux; Android 6.0.1; Nexus 5X Build/MMB29P) AppleWebKit/537.36 (KHTML, like Gecko) Chrome/135.0.7049.95 Mobile Safari/537.36 (compatible; Googlebot/2.1; +http://www.google.com/bot.html)"
66.29.132.124 - - [26/Apr/2025:16:18:18 -0400] "POST /wp-admin/admin-ajax.php?action=async_litespeed&nonce=MRe8d6xy2yhGc7pQlV2CiRMKu44wwUS1&litespeed_type=imgoptm HTTP/1.1" 200 0 "-" "WordPress/6.8; https://kamrancomputer.com"
66.29.132.124 - - [26/Apr/2025:16:18:19 -0400] "POST /wp-admin/admin-ajax.php?action=as_async_request_queue_runner&nonce=81db4888c6 HTTP/1.1" 200 0 "-" "WordPress/6.8; https://kamrancomputer.com"
57.141.4.5 - - [26/Apr/2025:16:18:20 -0400] "GET /wp-json/oembed/1.0/embed?url=https%3A%2F%2Fkamrancomputer.com%2F2024%2F10%2F18%2Ftradiebet%2F HTTP/1.1" 200 2099 "-" "meta-externalagent/1.1 (+https://developers.facebook.com/docs/sharing/webmasters/crawler)"
66.249.74.39 - - [26/Apr/2025:16:18:24 -0400] "GET /2024/10/19/best-online-pokies-australia/ HTTP/1.1" 200 20517 "-" "Mozilla/5.0 (Linux; Android 6.0.1; Nexus 5X Build/MMB29P) AppleWebKit/537.36 (KHTML, like Gecko) Chrome/135.0.7049.95 Mobile Safari/537.36 (compatible; Googlebot/2.1; +http://www.google.com/bot.html)"
66.29.132.124 - - [26/Apr/2025:16:18:28 -0400] "POST /wp-cron.php?doing_wp_cron=1745698708.7381360530853271484375 HTTP/1.1" 200 0 "-" "WordPress/6.8; https://kamrancomputer.com"
66.249.74.39 - - [26/Apr/2025:16:18:28 -0400] "GET /2024/10/19/vinbet/ HTTP/1.1" 200 20502 "-" "Mozilla/5.0 (Linux; Android 6.0.1; Nexus 5X Build/MMB29P) AppleWebKit/537.36 (KHTML, like Gecko) Chrome/135.0.7049.95 Mobile Safari/537.36 (compatible; Googlebot/2.1; +http://www.google.com/bot.html)"
66.29.132.124 - - [26/Apr/2025:16:18:29 -0400] "POST /wp-admin/admin-ajax.php?action=async_litespeed&nonce=ES03mxQdjADOj9rU3Jd9vDwYrtw5Q7Ej&litespeed_type=imgoptm HTTP/1.1" 200 21 "-" "WordPress/6.8; https://kamrancomputer.com"
66.249.74.39 - - [26/Apr/2025:16:18:31 -0400] "GET /2024/10/14/best-new-jersey-online-casino/ HTTP/1.1" 200 20488 "-" "Mozilla/5.0 (Linux; Android 6.0.1; Nexus 5X Build/MMB29P) AppleWebKit/537.36 (KHTML, like Gecko) Chrome/135.0.7049.95 Mobile Safari/537.36 (compatible; Googlebot/2.1; +http://www.google.com/bot.html)"
66.249.74.39 - - [26/Apr/2025:16:18:36 -0400] "GET /2024/10/18/fastest-withdrawal-online-casino/ HTTP/1.1" 200 20371 "-" "Mozilla/5.0 (Linux; Android 6.0.1; Nexus 5X Build/MMB29P) AppleWebKit/537.36 (KHTML, like Gecko) Chrome/135.0.7049.95 Mobile Safari/537.36 (compatible; Googlebot/2.1; +http://www.google.com/bot.html)"
66.29.132.124 - - [26/Apr/2025:16:22:02 -0400] "POST /wp-cron.php?doing_wp_cron=1745698922.1525781154632568359375 HTTP/1.1" 200 0 "-" "WordPress/6.8; https://kamrancomputer.com"
57.141.4.11 - - [26/Apr/2025:16:21:58 -0400] "GET /?p=13611 HTTP/1.1" 301 0 "-" "meta-externalagent/1.1 (+https://developers.facebook.com/docs/sharing/webmasters/crawler)"
66.29.132.124 - - [26/Apr/2025:16:22:03 -0400] "POST /wp-admin/admin-ajax.php?action=async_litespeed&nonce=120O5Rw6LwFaNHv3Q83ZPxaUt0Q7235s&litespeed_type=imgoptm HTTP/1.1" 200 21 "-" "WordPress/6.8; https://kamrancomputer.com"
66.29.132.124 - - [26/Apr/2025:16:24:23 -0400] "POST /wp-cron.php?doing_wp_cron=1745699063.8348670005798339843750 HTTP/1.1" 200 0 "-" "WordPress/6.8; https://kamrancomputer.com"
57.141.4.17 - - [26/Apr/2025:16:24:20 -0400] "GET /wp-json/oembed/1.0/embed?url=https%3A%2F%2Fkamrancomputer.com%2F2024%2F10%2F18%2Fpokies-casino%2F HTTP/1.1" 200 2119 "-" "meta-externalagent/1.1 (+https://developers.facebook.com/docs/sharing/webmasters/crawler)"
66.29.132.124 - - [26/Apr/2025:16:24:24 -0400] "POST /wp-admin/admin-ajax.php?action=async_litespeed&nonce=wcQose6DfSUKsDUegYGqwmHXvkcLONrT&litespeed_type=imgoptm HTTP/1.1" 200 0 "-" "WordPress/6.8; https://kamrancomputer.com"
66.29.132.124 - - [26/Apr/2025:16:24:25 -0400] "POST /wp-admin/admin-ajax.php?action=as_async_request_queue_runner&nonce=81db4888c6 HTTP/1.1" 200 0 "-" "WordPress/6.8; https://kamrancomputer.com"
66.29.132.124 - - [26/Apr/2025:16:25:37 -0400] "POST /wp-cron.php?doing_wp_cron=1745699137.6063420772552490234375 HTTP/1.1" 200 0 "-" "WordPress/6.8; https://kamrancomputer.com"
57.141.4.15 - - [26/Apr/2025:16:25:34 -0400] "GET /wp-json/oembed/1.0/embed?url=https%3A%2F%2Fkamrancomputer.com%2F2024%2F10%2F18%2Figry-kazino%2F HTTP/1.1" 200 2289 "-" "meta-externalagent/1.1 (+https://developers.facebook.com/docs/sharing/webmasters/crawler)"
66.29.132.124 - - [26/Apr/2025:16:25:38 -0400] "POST /wp-admin/admin-ajax.php?action=async_litespeed&nonce=PjyL8BlCWvZW4aFoQ6VDI2nMgcI4PFHK&litespeed_type=imgoptm HTTP/1.1" 200 21 "-" "WordPress/6.8; https://kamrancomputer.com"
66.29.132.124 - - [26/Apr/2025:16:30:22 -0400] "POST /wp-cron.php?doing_wp_cron=1745699421.9852659702301025390625 HTTP/1.1" 200 0 "-" "WordPress/6.8; https://kamrancomputer.com"
57.141.4.6 - - [26/Apr/2025:16:30:04 -0400] "GET /?p=13877 HTTP/1.1" 301 0 "-" "meta-externalagent/1.1 (+https://developers.facebook.com/docs/sharing/webmasters/crawler)"
66.29.132.124 - - [26/Apr/2025:16:30:24 -0400] "POST /wp-admin/admin-ajax.php?action=async_litespeed&nonce=58sdkql1ppdYVTqGXcYoJirHPvCVi9wa&litespeed_type=imgoptm HTTP/1.1" 200 0 "-" "WordPress/6.8; https://kamrancomputer.com"
66.29.132.124 - - [26/Apr/2025:16:39:20 -0400] "POST /wp-cron.php?doing_wp_cron=1745699960.4641480445861816406250 HTTP/1.1" 200 0 "-" "WordPress/6.8; https://kamrancomputer.com"
57.141.4.20 - - [26/Apr/2025:16:39:10 -0400] "GET /wp-json/wp/v2/posts/14687 HTTP/1.1" 200 6133 "-" "meta-externalagent/1.1 (+https://developers.facebook.com/docs/sharing/webmasters/crawler)"
57.141.4.6 - - [26/Apr/2025:16:39:13 -0400] "GET /wp-json/wp/v2/posts/12106 HTTP/1.1" 200 6249 "-" "meta-externalagent/1.1 (+https://developers.facebook.com/docs/sharing/webmasters/crawler)"
66.29.132.124 - - [26/Apr/2025:16:39:21 -0400] "POST /wp-admin/admin-ajax.php?action=async_litespeed&nonce=YOASlDkBTw1eykTbGGGVn5iLTbSXPUdj&litespeed_type=imgoptm HTTP/1.1" 200 0 "-" "WordPress/6.8; https://kamrancomputer.com"
66.29.132.124 - - [26/Apr/2025:16:39:21 -0400] "POST /wp-admin/admin-ajax.php?action=as_async_request_queue_runner&nonce=81db4888c6 HTTP/1.1" 200 0 "-" "WordPress/6.8; https://kamrancomputer.com"
4.227.36.31 - - [26/Apr/2025:16:40:40 -0400] "GET /robots.txt HTTP/1.1" 200 402 "http://kamrancomputer.com/robots.txt" "Mozilla/5.0 AppleWebKit/537.36 (KHTML, like Gecko; compatible; GPTBot/1.2; +https://openai.com/gptbot)"
66.29.132.124 - - [26/Apr/2025:16:40:44 -0400] "POST /wp-cron.php?doing_wp_cron=1745700044.2397489547729492187500 HTTP/1.1" 200 0 "-" "WordPress/6.8; https://kamrancomputer.com"
66.29.132.124 - - [26/Apr/2025:16:40:44 -0400] "POST /wp-admin/admin-ajax.php?action=async_litespeed&nonce=X3gDUuHYPPwF89Tz38sXMAllkPxzblTd&litespeed_type=imgoptm HTTP/1.1" 200 21 "-" "WordPress/6.8; https://kamrancomputer.com"
20.171.207.193 - - [26/Apr/2025:16:40:43 -0400] "GET /.well-known/hosting-provider HTTP/1.1" 404 18497 "-" "Mozilla/5.0 AppleWebKit/537.36 (KHTML, like Gecko; compatible; GPTBot/1.2; +https://openai.com/gptbot)"
66.29.132.124 - - [26/Apr/2025:16:43:43 -0400] "POST /wp-cron.php?doing_wp_cron=1745700222.9668281078338623046875 HTTP/1.1" 200 0 "-" "WordPress/6.8; https://kamrancomputer.com"
57.141.4.28 - - [26/Apr/2025:16:43:38 -0400] "GET /wp-json/oembed/1.0/embed?url=https%3A%2F%2Fkamrancomputer.com%2F2024%2F10%2F18%2Flive-casino-online-pa%2F HTTP/1.1" 200 2159 "-" "meta-externalagent/1.1 (+https://developers.facebook.com/docs/sharing/webmasters/crawler)"
66.29.132.124 - - [26/Apr/2025:16:43:44 -0400] "POST /wp-admin/admin-ajax.php?action=async_litespeed&nonce=30fPwf5oJUaycCNl7IhlKQlopw5MlyDw&litespeed_type=imgoptm HTTP/1.1" 200 21 "-" "WordPress/6.8; https://kamrancomputer.com"
66.29.132.124 - - [26/Apr/2025:16:44:25 -0400] "POST /wp-cron.php?doing_wp_cron=1745700264.9862320423126220703125 HTTP/1.1" 200 0 "-" "WordPress/6.8; https://kamrancomputer.com"
57.141.4.11 - - [26/Apr/2025:16:44:24 -0400] "GET /wp-json/wp/v2/posts/16160 HTTP/1.1" 200 6138 "-" "meta-externalagent/1.1 (+https://developers.facebook.com/docs/sharing/webmasters/crawler)"
66.29.132.124 - - [26/Apr/2025:16:48:00 -0400] "POST /wp-cron.php?doing_wp_cron=1745700480.0421829223632812500000 HTTP/1.1" 200 0 "-" "WordPress/6.8; https://kamrancomputer.com"
57.141.4.5 - - [26/Apr/2025:16:47:53 -0400] "GET /wp-json/oembed/1.0/embed?url=https%3A%2F%2Fkamrancomputer.com%2F2024%2F10%2F18%2Figrovye-apparaty-igrat-onlajn%2F HTTP/1.1" 200 2688 "-" "meta-externalagent/1.1 (+https://developers.facebook.com/docs/sharing/webmasters/crawler)"
66.29.132.124 - - [26/Apr/2025:16:48:01 -0400] "POST /wp-admin/admin-ajax.php?action=async_litespeed&nonce=8xJM3T9n5aDXJsNEtIjooWs52ijOG58j&litespeed_type=imgoptm HTTP/1.1" 200 0 "-" "WordPress/6.8; https://kamrancomputer.com"
66.29.132.124 - - [26/Apr/2025:16:48:02 -0400] "POST /wp-admin/admin-ajax.php?action=as_async_request_queue_runner&nonce=81db4888c6 HTTP/1.1" 200 0 "-" "WordPress/6.8; https://kamrancomputer.com"
66.29.132.124 - - [26/Apr/2025:16:48:58 -0400] "POST /wp-cron.php?doing_wp_cron=1745700538.3864219188690185546875 HTTP/1.1" 200 0 "-" "WordPress/6.8; https://kamrancomputer.com"
57.141.4.15 - - [26/Apr/2025:16:48:57 -0400] "GET /wp-json/wp/v2/posts/10765 HTTP/1.1" 200 5489 "-" "meta-externalagent/1.1 (+https://developers.facebook.com/docs/sharing/webmasters/crawler)"
66.29.132.124 - - [26/Apr/2025:16:48:59 -0400] "POST /wp-admin/admin-ajax.php?action=async_litespeed&nonce=N6DtcsdV6UJsbmueaw8L9eJqTXnAd3ae&litespeed_type=imgoptm HTTP/1.1" 200 21 "-" "WordPress/6.8; https://kamrancomputer.com"
66.29.132.124 - - [26/Apr/2025:16:50:09 -0400] "POST /wp-cron.php?doing_wp_cron=1745700609.8103508949279785156250 HTTP/1.1" 200 0 "-" "WordPress/6.8; https://kamrancomputer.com"
57.141.4.4 - - [26/Apr/2025:16:50:07 -0400] "GET /wp-json/oembed/1.0/embed?url=https%3A%2F%2Fkamrancomputer.com%2F2024%2F10%2F18%2Fonlajn-kazino-igri%2F HTTP/1.1" 200 2432 "-" "meta-externalagent/1.1 (+https://developers.facebook.com/docs/sharing/webmasters/crawler)"
66.29.132.124 - - [26/Apr/2025:16:50:11 -0400] "POST /wp-admin/admin-ajax.php?action=async_litespeed&nonce=c4H5Ri6Bx6uw71zsA27MDKvzbNPiKakq&litespeed_type=imgoptm HTTP/1.1" 200 0 "-" "WordPress/6.8; https://kamrancomputer.com"
4.227.36.31 - - [26/Apr/2025:16:51:51 -0400] "GET /robots.txt HTTP/1.1" 200 402 "-" "Mozilla/5.0 AppleWebKit/537.36 (KHTML, like Gecko; compatible; GPTBot/1.2; +https://openai.com/gptbot)"
66.29.132.124 - - [26/Apr/2025:16:51:55 -0400] "POST /wp-cron.php?doing_wp_cron=1745700715.5294899940490722656250 HTTP/1.1" 200 0 "-" "WordPress/6.8; https://kamrancomputer.com"
20.171.207.193 - - [26/Apr/2025:16:51:51 -0400] "GET /wp-json/wp/v2/posts/10083 HTTP/1.1" 200 5160 "-" "Mozilla/5.0 AppleWebKit/537.36 (KHTML, like Gecko; compatible; GPTBot/1.2; +https://openai.com/gptbot)"
20.171.207.193 - - [26/Apr/2025:16:51:56 -0400] "GET /?p=10083 HTTP/1.1" 301 0 "-" "Mozilla/5.0 AppleWebKit/537.36 (KHTML, like Gecko; compatible; GPTBot/1.2; +https://openai.com/gptbot)"
66.29.132.124 - - [26/Apr/2025:16:51:56 -0400] "POST /wp-admin/admin-ajax.php?action=async_litespeed&nonce=EZK4B4BS2TB390h5bvD3fVYRS9pPsOho&litespeed_type=imgoptm HTTP/1.1" 200 0 "-" "WordPress/6.8; https://kamrancomputer.com"
20.171.207.193 - - [26/Apr/2025:16:52:01 -0400] "GET /?p=9027 HTTP/1.1" 301 0 "-" "Mozilla/5.0 AppleWebKit/537.36 (KHTML, like Gecko; compatible; GPTBot/1.2; +https://openai.com/gptbot)"
20.171.207.193 - - [26/Apr/2025:16:52:06 -0400] "GET /wp-json/wp/v2/posts/9027 HTTP/1.1" 200 15596 "-" "Mozilla/5.0 AppleWebKit/537.36 (KHTML, like Gecko; compatible; GPTBot/1.2; +https://openai.com/gptbot)"
20.171.207.193 - - [26/Apr/2025:16:52:11 -0400] "GET /2024/10/18/soaring-eagle-online-casino-app/ HTTP/1.1" 200 19971 "-" "Mozilla/5.0 AppleWebKit/537.36 (KHTML, like Gecko; compatible; GPTBot/1.2; +https://openai.com/gptbot)"
20.171.207.193 - - [26/Apr/2025:16:52:14 -0400] "GET /2024/10/18/pin-up-bet/ HTTP/1.1" 200 22073 "-" "Mozilla/5.0 AppleWebKit/537.36 (KHTML, like Gecko; compatible; GPTBot/1.2; +https://openai.com/gptbot)"
87.250.224.228 - - [26/Apr/2025:16:52:16 -0400] "GET /robots.txt HTTP/1.1" 200 1294 "-" "Mozilla/5.0 (compatible; YandexBot/3.0; +http://yandex.com/bots)"
20.171.207.193 - - [26/Apr/2025:16:52:18 -0400] "GET /wp-json/oembed/1.0/embed?url=https%3A%2F%2Fkamrancomputer.com%2F2024%2F10%2F18%2Fsoaring-eagle-online-casino-app%2F HTTP/1.1" 200 2209 "-" "Mozilla/5.0 AppleWebKit/537.36 (KHTML, like Gecko; compatible; GPTBot/1.2; +https://openai.com/gptbot)"
95.108.213.240 - - [26/Apr/2025:16:52:17 -0400] "GET /product-category/keyboard/ HTTP/1.1" 200 23082 "-" "Mozilla/5.0 (compatible; YandexBot/3.0; +http://yandex.com/bots)"
20.171.207.193 - - [26/Apr/2025:16:52:21 -0400] "GET /wp-json/oembed/1.0/embed?format=xml&url=https%3A%2F%2Fkamrancomputer.com%2F2024%2F10%2F18%2Fsoaring-eagle-online-casino-app%2F HTTP/1.1" 200 1043 "-" "Mozilla/5.0 AppleWebKit/537.36 (KHTML, like Gecko; compatible; GPTBot/1.2; +https://openai.com/gptbot)"
20.171.207.193 - - [26/Apr/2025:16:52:24 -0400] "GET /wp-json/elementskit/v1/ HTTP/1.1" 404 114 "-" "Mozilla/5.0 AppleWebKit/537.36 (KHTML, like Gecko; compatible; GPTBot/1.2; +https://openai.com/gptbot)"
66.29.132.124 - - [26/Apr/2025:16:52:27 -0400] "POST /wp-cron.php?doing_wp_cron=1745700747.6775419712066650390625 HTTP/1.1" 200 0 "-" "WordPress/6.8; https://kamrancomputer.com"
20.171.207.193 - - [26/Apr/2025:16:52:27 -0400] "GET /wp-json/oembed/1.0/embed?format=xml&url=https%3A%2F%2Fkamrancomputer.com%2F2024%2F10%2F18%2Fpin-up-bet%2F HTTP/1.1" 200 1024 "-" "Mozilla/5.0 AppleWebKit/537.36 (KHTML, like Gecko; compatible; GPTBot/1.2; +https://openai.com/gptbot)"
66.29.132.124 - - [26/Apr/2025:16:52:28 -0400] "POST /wp-admin/admin-ajax.php?action=async_litespeed&nonce=6GhidroCa5c63teYtGNGgdmD0UiubJ9C&litespeed_type=imgoptm HTTP/1.1" 200 21 "-" "WordPress/6.8; https://kamrancomputer.com"
20.171.207.193 - - [26/Apr/2025:16:52:29 -0400] "GET /wp-json/oembed/1.0/embed?url=https%3A%2F%2Fkamrancomputer.com%2F2024%2F10%2F18%2Fpin-up-bet%2F HTTP/1.1" 200 2104 "-" "Mozilla/5.0 AppleWebKit/537.36 (KHTML, like Gecko; compatible; GPTBot/1.2; +https://openai.com/gptbot)"
20.171.207.193 - - [26/Apr/2025:16:52:32 -0400] "GET /2024/10/18/soaring-eagle-online-casino-app/embed/ HTTP/1.1" 200 22752 "-" "Mozilla/5.0 AppleWebKit/537.36 (KHTML, like Gecko; compatible; GPTBot/1.2; +https://openai.com/gptbot)"
20.171.207.193 - - [26/Apr/2025:16:52:34 -0400] "GET /wp-json/oembed/1.0/embed?format=xml&url=https%3A%2F%2Fkamrancomputer.com%2F2024%2F10%2F18%2Fpin-up-bet%2F HTTP/1.1" 200 1024 "-" "Mozilla/5.0 AppleWebKit/537.36 (KHTML, like Gecko; compatible; GPTBot/1.2; +https://openai.com/gptbot)"
20.171.207.193 - - [26/Apr/2025:16:52:35 -0400] "GET /2024/10/18/pin-up-bet/embed/ HTTP/1.1" 200 22964 "-" "Mozilla/5.0 AppleWebKit/537.36 (KHTML, like Gecko; compatible; GPTBot/1.2; +https://openai.com/gptbot)"
20.171.207.193 - - [26/Apr/2025:16:52:37 -0400] "GET /wp-json/elementskit/v1/ HTTP/1.1" 404 114 "-" "Mozilla/5.0 AppleWebKit/537.36 (KHTML, like Gecko; compatible; GPTBot/1.2; +https://openai.com/gptbot)"
47.238.13.10 - - [26/Apr/2025:16:53:43 -0400] "GET /product/febric-black-bag-hp-dell/?add-to-cart=256 HTTP/1.1" 302 0 "-" "Mozilla/5.0 (Macintosh; Intel Mac OS X 10_15_7) AppleWebKit/537.36 (KHTML, like Gecko) Chrome/109.0.0.0 Safari/537.36"
66.29.132.124 - - [26/Apr/2025:16:53:45 -0400] "POST /wp-cron.php?doing_wp_cron=1745700825.1337969303131103515625 HTTP/1.1" 200 0 "-" "WordPress/6.8; https://kamrancomputer.com"
47.238.13.10 - - [26/Apr/2025:16:53:44 -0400] "GET /cart/ HTTP/1.1" 200 86699 "https://kamrancomputer.com/product/febric-black-bag-hp-dell/?add-to-cart=256" "Mozilla/5.0 (Macintosh; Intel Mac OS X 10_15_7) AppleWebKit/537.36 (KHTML, like Gecko) Chrome/109.0.0.0 Safari/537.36"
66.29.132.124 - - [26/Apr/2025:16:53:45 -0400] "POST /wp-admin/admin-ajax.php?action=async_litespeed&nonce=dvMlbK4yRx90iJbPcwSQEbqTdCmZXsJs&litespeed_type=imgoptm HTTP/1.1" 200 21 "-" "WordPress/6.8; https://kamrancomputer.com"
66.29.132.124 - - [26/Apr/2025:16:57:05 -0400] "POST /wp-cron.php?doing_wp_cron=1745701025.6433460712432861328125 HTTP/1.1" 200 0 "-" "WordPress/6.8; https://kamrancomputer.com"
57.141.4.19 - - [26/Apr/2025:16:57:00 -0400] "GET /wp-json/wp/v2/posts/17419 HTTP/1.1" 200 5467 "-" "meta-externalagent/1.1 (+https://developers.facebook.com/docs/sharing/webmasters/crawler)"
66.29.132.124 - - [26/Apr/2025:16:57:07 -0400] "POST /wp-admin/admin-ajax.php?action=async_litespeed&nonce=zS9mhWR1p2vrUXtfgVIwEgREnQVEMx02&litespeed_type=imgoptm HTTP/1.1" 200 0 "-" "WordPress/6.8; https://kamrancomputer.com"
66.29.132.124 - - [26/Apr/2025:16:58:07 -0400] "POST /wp-cron.php?doing_wp_cron=1745701087.2563939094543457031250 HTTP/1.1" 200 0 "-" "WordPress/6.8; https://kamrancomputer.com"
57.141.4.3 - - [26/Apr/2025:16:58:05 -0400] "GET /wp-json/oembed/1.0/embed?url=https%3A%2F%2Fkamrancomputer.com%2F2024%2F10%2F18%2Fkazino-admiral-mobilnaya-versiya%2F HTTP/1.1" 200 2715 "-" "meta-externalagent/1.1 (+https://developers.facebook.com/docs/sharing/webmasters/crawler)"
66.29.132.124 - - [26/Apr/2025:16:58:09 -0400] "POST /wp-admin/admin-ajax.php?action=async_litespeed&nonce=X0UGYJl4kjzZuMgtKudesHCBE7bmacZE&litespeed_type=imgoptm HTTP/1.1" 200 0 "-" "WordPress/6.8; https://kamrancomputer.com"
66.29.132.124 - - [26/Apr/2025:16:58:38 -0400] "POST /wp-cron.php?doing_wp_cron=1745701118.4697380065917968750000 HTTP/1.1" 200 0 "-" "WordPress/6.8; https://kamrancomputer.com"
57.141.4.5 - - [26/Apr/2025:16:58:37 -0400] "GET /wp-json/wp/v2/posts/13656 HTTP/1.1" 200 5626 "-" "meta-externalagent/1.1 (+https://developers.facebook.com/docs/sharing/webmasters/crawler)"
66.29.132.124 - - [26/Apr/2025:16:58:40 -0400] "POST /wp-admin/admin-ajax.php?action=async_litespeed&nonce=zZn3qLsM2srtT2HsEtg8GgmOfdtStrUA&litespeed_type=imgoptm HTTP/1.1" 200 0 "-" "WordPress/6.8; https://kamrancomputer.com"
66.29.132.124 - - [26/Apr/2025:16:59:01 -0400] "POST /wp-cron.php?doing_wp_cron=1745701141.4105579853057861328125 HTTP/1.1" 200 0 "-" "WordPress/6.8; https://kamrancomputer.com"
66.249.65.69 - - [26/Apr/2025:16:59:02 -0400] "GET /robots.txt HTTP/1.1" 200 402 "-" "Mozilla/5.0 (compatible; Googlebot/2.1; +http://www.google.com/bot.html)"
57.141.4.24 - - [26/Apr/2025:16:59:00 -0400] "GET /wp-json/oembed/1.0/embed?url=https%3A%2F%2Fkamrancomputer.com%2F2024%2F10%2F18%2Fhigh5-online-casino%2F HTTP/1.1" 200 2149 "-" "meta-externalagent/1.1 (+https://developers.facebook.com/docs/sharing/webmasters/crawler)"
66.29.132.124 - - [26/Apr/2025:17:02:59 -0400] "POST /wp-cron.php?doing_wp_cron=1745701379.6823880672454833984375 HTTP/1.1" 200 0 "-" "WordPress/6.8; https://kamrancomputer.com"
57.141.4.15 - - [26/Apr/2025:17:02:46 -0400] "GET /?p=13962 HTTP/1.1" 301 0 "-" "meta-externalagent/1.1 (+https://developers.facebook.com/docs/sharing/webmasters/crawler)"
57.141.4.24 - - [26/Apr/2025:17:02:50 -0400] "GET /wp-json/wp/v2/posts/13686 HTTP/1.1" 200 18995 "-" "meta-externalagent/1.1 (+https://developers.facebook.com/docs/sharing/webmasters/crawler)"
66.29.132.124 - - [26/Apr/2025:17:03:00 -0400] "POST /wp-admin/admin-ajax.php?action=async_litespeed&nonce=cQFA1M8K2XrKzlaiHuhxAjdmv4aUDL3g&litespeed_type=imgoptm HTTP/1.1" 200 0 "-" "WordPress/6.8; https://kamrancomputer.com"
66.29.132.124 - - [26/Apr/2025:17:05:22 -0400] "POST /wp-cron.php?doing_wp_cron=1745701522.4111769199371337890625 HTTP/1.1" 200 0 "-" "WordPress/6.8; https://kamrancomputer.com"
57.141.4.16 - - [26/Apr/2025:17:05:16 -0400] "GET /wp-json/wp/v2/posts/7494 HTTP/1.1" 200 5605 "-" "meta-externalagent/1.1 (+https://developers.facebook.com/docs/sharing/webmasters/crawler)"
66.29.132.124 - - [26/Apr/2025:17:05:24 -0400] "POST /wp-admin/admin-ajax.php?action=async_litespeed&nonce=7ofQ3SGxu6pTCnoYyfie8Bm9wpmziLu0&litespeed_type=imgoptm HTTP/1.1" 200 0 "-" "WordPress/6.8; https://kamrancomputer.com"
66.29.132.124 - - [26/Apr/2025:17:05:25 -0400] "POST /wp-admin/admin-ajax.php?action=as_async_request_queue_runner&nonce=81db4888c6 HTTP/1.1" 200 0 "-" "WordPress/6.8; https://kamrancomputer.com"
66.29.132.124 - - [26/Apr/2025:17:09:52 -0400] "POST /wp-cron.php?doing_wp_cron=1745701792.4885609149932861328125 HTTP/1.1" 200 0 "-" "WordPress/6.8; https://kamrancomputer.com"
57.141.4.27 - - [26/Apr/2025:17:09:46 -0400] "GET /wp-json/wp/v2/posts/6686 HTTP/1.1" 200 6580 "-" "meta-externalagent/1.1 (+https://developers.facebook.com/docs/sharing/webmasters/crawler)"
66.29.132.124 - - [26/Apr/2025:17:09:53 -0400] "POST /wp-admin/admin-ajax.php?action=async_litespeed&nonce=6xvHLopYekKWjRCyOOp9FSDYqqALGjVD&litespeed_type=imgoptm HTTP/1.1" 200 0 "-" "WordPress/6.8; https://kamrancomputer.com"
66.29.132.124 - - [26/Apr/2025:17:09:54 -0400] "POST /wp-admin/admin-ajax.php?action=as_async_request_queue_runner&nonce=81db4888c6 HTTP/1.1" 200 0 "-" "WordPress/6.8; https://kamrancomputer.com"
66.29.132.124 - - [26/Apr/2025:17:11:46 -0400] "POST /wp-cron.php?doing_wp_cron=1745701906.7111139297485351562500 HTTP/1.1" 200 0 "-" "WordPress/6.8; https://kamrancomputer.com"
57.141.4.27 - - [26/Apr/2025:17:11:42 -0400] "GET /wp-json/wp/v2/posts/7445 HTTP/1.1" 200 5983 "-" "meta-externalagent/1.1 (+https://developers.facebook.com/docs/sharing/webmasters/crawler)"
66.29.132.124 - - [26/Apr/2025:17:11:47 -0400] "POST /wp-admin/admin-ajax.php?action=async_litespeed&nonce=MGpU99xKgazVont8pgo1j4DqRNMD0MTq&litespeed_type=imgoptm HTTP/1.1" 200 0 "-" "WordPress/6.8; https://kamrancomputer.com"
66.29.132.124 - - [26/Apr/2025:17:13:33 -0400] "POST /wp-cron.php?doing_wp_cron=1745702013.2243978977203369140625 HTTP/1.1" 200 0 "-" "WordPress/6.8; https://kamrancomputer.com"
57.141.4.1 - - [26/Apr/2025:17:13:27 -0400] "GET /wp-json/oembed/1.0/embed?url=https%3A%2F%2Fkamrancomputer.com%2F2024%2F10%2F18%2Fjckpot%2F HTTP/1.1" 200 2084 "-" "meta-externalagent/1.1 (+https://developers.facebook.com/docs/sharing/webmasters/crawler)"
66.29.132.124 - - [26/Apr/2025:17:13:35 -0400] "POST /wp-admin/admin-ajax.php?action=async_litespeed&nonce=mCVad95EIzrBMSP7oKkVxTaYs6KyrmTU&litespeed_type=imgoptm HTTP/1.1" 200 0 "-" "WordPress/6.8; https://kamrancomputer.com"
57.141.4.12 - - [26/Apr/2025:17:13:42 -0400] "GET /wp-json/oembed/1.0/embed?url=https%3A%2F%2Fkamrancomputer.com%2F2024%2F10%2F18%2Fcasino-apps-real-money%2F HTTP/1.1" 200 2164 "-" "meta-externalagent/1.1 (+https://developers.facebook.com/docs/sharing/webmasters/crawler)"
66.29.132.124 - - [26/Apr/2025:17:15:54 -0400] "POST /wp-cron.php?doing_wp_cron=1745702154.7998330593109130859375 HTTP/1.1" 200 0 "-" "WordPress/6.8; https://kamrancomputer.com"
57.141.4.7 - - [26/Apr/2025:17:15:50 -0400] "GET /wp-json/wp/v2/posts/7835 HTTP/1.1" 200 6472 "-" "meta-externalagent/1.1 (+https://developers.facebook.com/docs/sharing/webmasters/crawler)"
66.29.132.124 - - [26/Apr/2025:17:15:55 -0400] "POST /wp-admin/admin-ajax.php?action=async_litespeed&nonce=Wx4olA01CDeOeuXuPGnL9HiS96kyhmdF&litespeed_type=imgoptm HTTP/1.1" 200 21 "-" "WordPress/6.8; https://kamrancomputer.com"
66.29.132.124 - - [26/Apr/2025:17:17:31 -0400] "POST /wp-cron.php?doing_wp_cron=1745702251.6308839321136474609375 HTTP/1.1" 200 0 "-" "WordPress/6.8; https://kamrancomputer.com"
57.141.4.29 - - [26/Apr/2025:17:17:26 -0400] "GET /wp-json/wp/v2/posts/7259 HTTP/1.1" 200 5159 "-" "meta-externalagent/1.1 (+https://developers.facebook.com/docs/sharing/webmasters/crawler)"
66.29.132.124 - - [26/Apr/2025:17:17:32 -0400] "POST /wp-admin/admin-ajax.php?action=async_litespeed&nonce=A3x6LIwIZoFxlrpWBMNTliKb20AtErh7&litespeed_type=imgoptm HTTP/1.1" 200 0 "-" "WordPress/6.8; https://kamrancomputer.com"
66.29.132.124 - - [26/Apr/2025:17:19:08 -0400] "POST /wp-cron.php?doing_wp_cron=1745702348.0414750576019287109375 HTTP/1.1" 200 0 "-" "WordPress/6.8; https://kamrancomputer.com"
20.171.207.193 - - [26/Apr/2025:17:19:03 -0400] "GET /wp-json/wp/v2/posts/11180 HTTP/1.1" 200 6736 "-" "Mozilla/5.0 AppleWebKit/537.36 (KHTML, like Gecko; compatible; GPTBot/1.2; +https://openai.com/gptbot)"
20.171.207.193 - - [26/Apr/2025:17:19:09 -0400] "GET /?p=11180 HTTP/1.1" 301 0 "-" "Mozilla/5.0 AppleWebKit/537.36 (KHTML, like Gecko; compatible; GPTBot/1.2; +https://openai.com/gptbot)"
66.29.132.124 - - [26/Apr/2025:17:19:09 -0400] "POST /wp-admin/admin-ajax.php?action=async_litespeed&nonce=hftWRS2NDWMU0Iz9DxnvEBbQ2slAshzS&litespeed_type=imgoptm HTTP/1.1" 200 0 "-" "WordPress/6.8; https://kamrancomputer.com"
20.171.207.193 - - [26/Apr/2025:17:19:14 -0400] "GET /2024/10/18/new-online-casinos-accepting-us-players/ HTTP/1.1" 200 20647 "-" "Mozilla/5.0 AppleWebKit/537.36 (KHTML, like Gecko; compatible; GPTBot/1.2; +https://openai.com/gptbot)"
20.171.207.193 - - [26/Apr/2025:17:19:19 -0400] "GET /2024/10/18/new-online-casinos-accepting-us-players/path_to_image/new_casinos_chart.jpg HTTP/1.1" 404 18497 "-" "Mozilla/5.0 AppleWebKit/537.36 (KHTML, like Gecko; compatible; GPTBot/1.2; +https://openai.com/gptbot)"
20.171.207.193 - - [26/Apr/2025:17:19:23 -0400] "GET /wp-json/oembed/1.0/embed?url=https%3A%2F%2Fkamrancomputer.com%2F2024%2F10%2F18%2Fnew-online-casinos-accepting-us-players%2F HTTP/1.1" 200 2249 "-" "Mozilla/5.0 AppleWebKit/537.36 (KHTML, like Gecko; compatible; GPTBot/1.2; +https://openai.com/gptbot)"
66.29.132.124 - - [26/Apr/2025:17:19:28 -0400] "POST /wp-cron.php?doing_wp_cron=1745702368.3328709602355957031250 HTTP/1.1" 200 0 "-" "WordPress/6.8; https://kamrancomputer.com"
20.171.207.193 - - [26/Apr/2025:17:19:27 -0400] "GET /2024/10/18/new-online-casinos-accepting-us-players/path_to_image/payment_methods.jpg HTTP/1.1" 404 18497 "-" "Mozilla/5.0 AppleWebKit/537.36 (KHTML, like Gecko; compatible; GPTBot/1.2; +https://openai.com/gptbot)"
66.29.132.124 - - [26/Apr/2025:17:19:29 -0400] "POST /wp-admin/admin-ajax.php?action=async_litespeed&nonce=nCB1FFxWTK117hIfRS53gNcQi6rmxXTG&litespeed_type=imgoptm HTTP/1.1" 200 0 "-" "WordPress/6.8; https://kamrancomputer.com"
20.171.207.193 - - [26/Apr/2025:17:19:31 -0400] "GET /wp-json/oembed/1.0/embed?format=xml&url=https%3A%2F%2Fkamrancomputer.com%2F2024%2F10%2F18%2Fnew-online-casinos-accepting-us-players%2F HTTP/1.1" 200 1056 "-" "Mozilla/5.0 AppleWebKit/537.36 (KHTML, like Gecko; compatible; GPTBot/1.2; +https://openai.com/gptbot)"
20.171.207.193 - - [26/Apr/2025:17:19:35 -0400] "GET /wp-json/elementskit/v1/ HTTP/1.1" 404 114 "-" "Mozilla/5.0 AppleWebKit/537.36 (KHTML, like Gecko; compatible; GPTBot/1.2; +https://openai.com/gptbot)"
20.171.207.193 - - [26/Apr/2025:17:19:39 -0400] "GET /2024/10/18/new-online-casinos-accepting-us-players/embed/ HTTP/1.1" 200 22983 "-" "Mozilla/5.0 AppleWebKit/537.36 (KHTML, like Gecko; compatible; GPTBot/1.2; +https://openai.com/gptbot)"
20.171.207.193 - - [26/Apr/2025:17:19:42 -0400] "GET /wp-json/elementskit/v1/ HTTP/1.1" 404 114 "-" "Mozilla/5.0 AppleWebKit/537.36 (KHTML, like Gecko; compatible; GPTBot/1.2; +https://openai.com/gptbot)"
20.171.207.193 - - [26/Apr/2025:17:19:47 -0400] "GET /wp-json/wp/v2/posts/21291 HTTP/1.1" 200 6691 "-" "Mozilla/5.0 AppleWebKit/537.36 (KHTML, like Gecko; compatible; GPTBot/1.2; +https://openai.com/gptbot)"
20.171.207.193 - - [26/Apr/2025:17:19:51 -0400] "GET /?p=21291 HTTP/1.1" 301 0 "-" "Mozilla/5.0 AppleWebKit/537.36 (KHTML, like Gecko; compatible; GPTBot/1.2; +https://openai.com/gptbot)"
66.29.132.124 - - [26/Apr/2025:17:19:54 -0400] "POST /wp-cron.php?doing_wp_cron=1745702394.5340809822082519531250 HTTP/1.1" 200 0 "-" "WordPress/6.8; https://kamrancomputer.com"
20.171.207.193 - - [26/Apr/2025:17:19:54 -0400] "GET /2024/10/19/list-of-all-pa-online-casinos/ HTTP/1.1" 200 20801 "-" "Mozilla/5.0 AppleWebKit/537.36 (KHTML, like Gecko; compatible; GPTBot/1.2; +https://openai.com/gptbot)"
20.171.207.193 - - [26/Apr/2025:17:19:56 -0400] "GET /wp-json/elementskit/v1/ HTTP/1.1" 404 114 "-" "Mozilla/5.0 AppleWebKit/537.36 (KHTML, like Gecko; compatible; GPTBot/1.2; +https://openai.com/gptbot)"
20.171.207.193 - - [26/Apr/2025:17:19:58 -0400] "GET /wp-json/oembed/1.0/embed?url=https%3A%2F%2Fkamrancomputer.com%2F2024%2F10%2F19%2Flist-of-all-pa-online-casinos%2F HTTP/1.1" 200 2199 "-" "Mozilla/5.0 AppleWebKit/537.36 (KHTML, like Gecko; compatible; GPTBot/1.2; +https://openai.com/gptbot)"
20.171.207.193 - - [26/Apr/2025:17:20:01 -0400] "GET /2024/10/19/list-of-all-pa-online-casinos/images/success-story.jpg HTTP/1.1" 404 18498 "-" "Mozilla/5.0 AppleWebKit/537.36 (KHTML, like Gecko; compatible; GPTBot/1.2; +https://openai.com/gptbot)"
20.171.207.193 - - [26/Apr/2025:17:20:03 -0400] "GET /wp-json/oembed/1.0/embed?format=xml&url=https%3A%2F%2Fkamrancomputer.com%2F2024%2F10%2F19%2Flist-of-all-pa-online-casinos%2F HTTP/1.1" 200 1043 "-" "Mozilla/5.0 AppleWebKit/537.36 (KHTML, like Gecko; compatible; GPTBot/1.2; +https://openai.com/gptbot)"
20.171.207.193 - - [26/Apr/2025:17:20:05 -0400] "GET /2024/10/19/list-of-all-pa-online-casinos/embed/ HTTP/1.1" 200 22788 "-" "Mozilla/5.0 AppleWebKit/537.36 (KHTML, like Gecko; compatible; GPTBot/1.2; +https://openai.com/gptbot)"
20.171.207.193 - - [26/Apr/2025:17:20:09 -0400] "GET /?p=18587 HTTP/1.1" 301 0 "-" "Mozilla/5.0 AppleWebKit/537.36 (KHTML, like Gecko; compatible; GPTBot/1.2; +https://openai.com/gptbot)"
20.171.207.193 - - [26/Apr/2025:17:20:12 -0400] "GET /wp-json/wp/v2/posts/18587 HTTP/1.1" 200 5690 "-" "Mozilla/5.0 AppleWebKit/537.36 (KHTML, like Gecko; compatible; GPTBot/1.2; +https://openai.com/gptbot)"
20.171.207.193 - - [26/Apr/2025:17:20:15 -0400] "GET /2024/10/19/gold-of-casino/ HTTP/1.1" 200 20405 "-" "Mozilla/5.0 AppleWebKit/537.36 (KHTML, like Gecko; compatible; GPTBot/1.2; +https://openai.com/gptbot)"
20.171.207.193 - - [26/Apr/2025:17:20:18 -0400] "GET /wp-json/oembed/1.0/embed?format=xml&url=https%3A%2F%2Fkamrancomputer.com%2F2024%2F10%2F19%2Fgold-of-casino%2F HTTP/1.1" 200 1027 "-" "Mozilla/5.0 AppleWebKit/537.36 (KHTML, like Gecko; compatible; GPTBot/1.2; +https://openai.com/gptbot)"
20.171.207.193 - - [26/Apr/2025:17:20:20 -0400] "GET /wp-json/oembed/1.0/embed?url=https%3A%2F%2Fkamrancomputer.com%2F2024%2F10%2F19%2Fgold-of-casino%2F HTTP/1.1" 200 2124 "-" "Mozilla/5.0 AppleWebKit/537.36 (KHTML, like Gecko; compatible; GPTBot/1.2; +https://openai.com/gptbot)"
20.171.207.193 - - [26/Apr/2025:17:20:22 -0400] "GET /2024/10/19/gold-of-casino/embed/ HTTP/1.1" 200 22811 "-" "Mozilla/5.0 AppleWebKit/537.36 (KHTML, like Gecko; compatible; GPTBot/1.2; +https://openai.com/gptbot)"
66.29.132.124 - - [26/Apr/2025:17:20:33 -0400] "POST /wp-cron.php?doing_wp_cron=1745702433.5808589458465576171875 HTTP/1.1" 200 0 "-" "WordPress/6.8; https://kamrancomputer.com"
20.171.207.193 - - [26/Apr/2025:17:20:33 -0400] "GET /2024/10/18/casinos-in-melbourne-australia/ HTTP/1.1" 200 20302 "-" "Mozilla/5.0 AppleWebKit/537.36 (KHTML, like Gecko; compatible; GPTBot/1.2; +https://openai.com/gptbot)"
66.29.132.124 - - [26/Apr/2025:17:20:34 -0400] "POST /wp-admin/admin-ajax.php?action=async_litespeed&nonce=ebNvLEkQTlOURqpBxtFSlOrC4rnUTfGF&litespeed_type=imgoptm HTTP/1.1" 200 21 "-" "WordPress/6.8; https://kamrancomputer.com"
20.171.207.193 - - [26/Apr/2025:17:20:34 -0400] "GET /wp-json/wp/v2/posts/8201 HTTP/1.1" 200 5626 "-" "Mozilla/5.0 AppleWebKit/537.36 (KHTML, like Gecko; compatible; GPTBot/1.2; +https://openai.com/gptbot)"
