223.123.3.31 - - [27/Apr/2025:10:22:15 -0400] "GET /wp-content/plugins/pro-elements/assets/js/nav-menu.e65811186e94a386ba7b.bundle.min.js HTTP/1.1" 200 1678 "https://kneespine.com/" "Mozilla/5.0 (Linux; Android 14; en; Infinix X6850 Build/SP1A.210812.016) AppleWebKit/537.36 (KHTML, like Gecko) Chrome/135.0.7049.110 HiBrowser/v2.24.3.6 UWS/ Mobile Safari/537.36"
223.123.3.31 - - [27/Apr/2025:10:22:15 -0400] "GET /wp-content/plugins/elementor/assets/js/text-editor.c084ef86600b6f11690d.bundle.min.js HTTP/1.1" 200 621 "https://kneespine.com/" "Mozilla/5.0 (Linux; Android 14; en; Infinix X6850 Build/SP1A.210812.016) AppleWebKit/537.36 (KHTML, like Gecko) Chrome/135.0.7049.110 HiBrowser/v2.24.3.6 UWS/ Mobile Safari/537.36"
223.123.3.31 - - [27/Apr/2025:10:22:15 -0400] "GET /wp-content/plugins/elementor/assets/js/counter.12335f45aaa79d244f24.bundle.min.js HTTP/1.1" 200 442 "https://kneespine.com/" "Mozilla/5.0 (Linux; Android 14; en; Infinix X6850 Build/SP1A.210812.016) AppleWebKit/537.36 (KHTML, like Gecko) Chrome/135.0.7049.110 HiBrowser/v2.24.3.6 UWS/ Mobile Safari/537.36"
223.123.3.31 - - [27/Apr/2025:10:22:15 -0400] "GET /wp-content/plugins/pro-elements/assets/js/carousel.9b02b45d7826c1c48f33.bundle.min.js HTTP/1.1" 200 1598 "https://kneespine.com/" "Mozilla/5.0 (Linux; Android 14; en; Infinix X6850 Build/SP1A.210812.016) AppleWebKit/537.36 (KHTML, like Gecko) Chrome/135.0.7049.110 HiBrowser/v2.24.3.6 UWS/ Mobile Safari/537.36"
223.123.3.31 - - [27/Apr/2025:10:22:16 -0400] "GET /wp-content/plugins/pro-elements/assets/js/form.c4bc7eaa69583834a7d5.bundle.min.js HTTP/1.1" 200 4825 "https://kneespine.com/" "Mozilla/5.0 (Linux; Android 14; en; Infinix X6850 Build/SP1A.210812.016) AppleWebKit/537.36 (KHTML, like Gecko) Chrome/135.0.7049.110 HiBrowser/v2.24.3.6 UWS/ Mobile Safari/537.36"
223.123.3.31 - - [27/Apr/2025:10:22:17 -0400] "GET /wp-content/plugins/pro-elements/assets/js/popup.085c1727e36940b18f29.bundle.min.js HTTP/1.1" 200 395 "https://kneespine.com/" "Mozilla/5.0 (Linux; Android 14; en; Infinix X6850 Build/SP1A.210812.016) AppleWebKit/537.36 (KHTML, like Gecko) Chrome/135.0.7049.110 HiBrowser/v2.24.3.6 UWS/ Mobile Safari/537.36"
223.123.3.31 - - [27/Apr/2025:10:22:17 -0400] "GET /wp-content/plugins/elementor/assets/js/accordion.36aa4c8c4eba17bc8e03.bundle.min.js HTTP/1.1" 200 1318 "https://kneespine.com/" "Mozilla/5.0 (Linux; Android 14; en; Infinix X6850 Build/SP1A.210812.016) AppleWebKit/537.36 (KHTML, like Gecko) Chrome/135.0.7049.110 HiBrowser/v2.24.3.6 UWS/ Mobile Safari/537.36"
223.123.3.31 - - [27/Apr/2025:10:22:17 -0400] "GET /wp-content/plugins/elementor/assets/lib/swiper/v8/swiper.min.js?ver=8.4.5 HTTP/1.1" 200 38152 "https://kneespine.com/" "Mozilla/5.0 (Linux; Android 14; en; Infinix X6850 Build/SP1A.210812.016) AppleWebKit/537.36 (KHTML, like Gecko) Chrome/135.0.7049.110 HiBrowser/v2.24.3.6 UWS/ Mobile Safari/537.36"
173.252.83.7 - - [27/Apr/2025:10:28:10 -0400] "GET /robots.txt HTTP/1.1" 301 0 "-" "facebookexternalhit/1.1 (+http://www.facebook.com/externalhit_uatext.php)"
173.252.83.7 - - [27/Apr/2025:10:28:10 -0400] "GET /robots.txt HTTP/1.1" 200 114 "-" "facebookexternalhit/1.1 (+http://www.facebook.com/externalhit_uatext.php)"
185.136.234.216 - - [27/Apr/2025:10:29:42 -0400] "GET / HTTP/1.1" 200 177599 "-" "Mozilla/5.0 (Windows NT 10.0; Win64; x64) AppleWebKit/537.36 (KHTML, like Gecko) Chrome/78.0.3904.108 Safari/537.36"
66.29.132.124 - - [27/Apr/2025:10:29:46 -0400] "POST /wp-cron.php?doing_wp_cron=1745764186.8052530288696289062500 HTTP/1.1" 200 0 "-" "WordPress/6.8; https://kneespine.com"
185.136.234.216 - - [27/Apr/2025:10:29:42 -0400] "GET //wp-includes/wlwmanifest.xml HTTP/1.1" 301 0 "-" "Mozilla/5.0 (Windows NT 10.0; Win64; x64) AppleWebKit/537.36 (KHTML, like Gecko) Chrome/78.0.3904.108 Safari/537.36"
185.136.234.216 - - [27/Apr/2025:10:29:47 -0400] "GET / HTTP/1.1" 200 177599 "-" "Mozilla/5.0 (Windows NT 10.0; Win64; x64) AppleWebKit/537.36 (KHTML, like Gecko) Chrome/78.0.3904.108 Safari/537.36"
66.29.132.124 - - [27/Apr/2025:10:29:47 -0400] "POST /wp-admin/admin-ajax.php?action=async_litespeed&nonce=9TNqVmL19WZYc8J2LS9lxDHwkBX1tkgA&litespeed_type=imgoptm HTTP/1.1" 200 0 "-" "WordPress/6.8; https://kneespine.com"
185.136.234.216 - - [27/Apr/2025:10:29:48 -0400] "GET //?author=1 HTTP/1.1" 301 0 "-" "Mozilla/5.0 (Windows NT 10.0; Win64; x64) AppleWebKit/537.36 (KHTML, like Gecko) Chrome/78.0.3904.108 Safari/537.36"
66.29.132.124 - - [27/Apr/2025:10:29:47 -0400] "POST /wp-admin/admin-ajax.php?action=as_async_request_queue_runner&nonce=e23eb06758 HTTP/1.1" 200 0 "-" "WordPress/6.8; https://kneespine.com"
185.136.234.216 - - [27/Apr/2025:10:29:48 -0400] "GET //?author=2 HTTP/1.1" 301 0 "-" "Mozilla/5.0 (Windows NT 10.0; Win64; x64) AppleWebKit/537.36 (KHTML, like Gecko) Chrome/78.0.3904.108 Safari/537.36"
185.136.234.216 - - [27/Apr/2025:10:29:48 -0400] "GET //wp-json/wp/v2/users/ HTTP/1.1" 200 818 "-" "Mozilla/5.0 (Windows NT 10.0; Win64; x64) AppleWebKit/537.36 (KHTML, like Gecko) Chrome/78.0.3904.108 Safari/537.36"
150.40.242.182 - - [27/Apr/2025:10:38:05 -0400] "HEAD / HTTP/1.1" 200 0 "-" "Java/1.8.0_322"
150.40.242.182 - - [27/Apr/2025:10:38:06 -0400] "GET / HTTP/1.1" 200 31790 "-" "Mozilla/5.0 (Windows NT 6.1; WOW64; iPhone) AppleWebKit/537.36 (KHTML, like Gecko) Chrome/79.0.4356.11 Safari/537.36 HuaweiCrawler"
23.27.145.12 - - [27/Apr/2025:10:47:27 -0400] "GET / HTTP/1.1" 200 31790 "-" "Mozilla/5.0 (X11; Linux i686; rv:109.0) Gecko/20100101 Firefox/120.0"
51.8.152.195 - - [27/Apr/2025:10:53:38 -0400] "GET / HTTP/1.1" 200 31790 "-" "Python/3.9 aiohttp/3.10.6"
173.252.83.7 - - [27/Apr/2025:11:01:47 -0400] "GET /wp-content/uploads/2024/07/Untitled_design__53_-removebg-preview.png HTTP/1.1" 200 49731 "-" "facebookexternalhit/1.1 (+http://www.facebook.com/externalhit_uatext.php)"
66.29.132.124 - - [27/Apr/2025:11:03:26 -0400] "POST /wp-cron.php?doing_wp_cron=1745766206.3989989757537841796875 HTTP/1.1" 200 0 "-" "WordPress/6.8; https://kneespine.com"
182.44.8.254 - - [27/Apr/2025:11:03:23 -0400] "GET / HTTP/1.1" 301 0 "http://www.kneespine.com" "Mozilla/5.0 (iPhone; CPU iPhone OS 13_2_3 like Mac OS X) AppleWebKit/605.1.15 (KHTML, like Gecko) Version/13.0.3 Mobile/15E148 Safari/604.1"
66.29.132.124 - - [27/Apr/2025:11:03:26 -0400] "POST /wp-admin/admin-ajax.php?action=async_litespeed&nonce=P0Sxp0fFQHEzEy3rbge6hXJprVWyUSHj&litespeed_type=imgoptm HTTP/1.1" 200 0 "-" "WordPress/6.8; https://kneespine.com"
66.29.132.124 - - [27/Apr/2025:11:03:27 -0400] "POST /wp-admin/admin-ajax.php?action=as_async_request_queue_runner&nonce=e23eb06758 HTTP/1.1" 200 0 "-" "WordPress/6.8; https://kneespine.com"
182.44.8.254 - - [27/Apr/2025:11:03:30 -0400] "GET / HTTP/1.1" 200 31790 "https://www.kneespine.com/" "Mozilla/5.0 (iPhone; CPU iPhone OS 13_2_3 like Mac OS X) AppleWebKit/605.1.15 (KHTML, like Gecko) Version/13.0.3 Mobile/15E148 Safari/604.1"
173.252.107.8 - - [27/Apr/2025:11:06:37 -0400] "GET / HTTP/1.1" 200 177599 "-" "meta-externalagent/1.1 (+https://developers.facebook.com/docs/sharing/webmasters/crawler)"
23.27.145.91 - - [27/Apr/2025:11:17:19 -0400] "GET / HTTP/1.1" 200 31790 "-" "Mozilla/5.0 (X11; Linux i686; rv:109.0) Gecko/20100101 Firefox/120.0"
223.123.20.74 - - [27/Apr/2025:11:47:29 -0400] "GET / HTTP/1.1" 304 0 "-" "Mozilla/5.0 (Linux; Android 14; en; Infinix X6850 Build/SP1A.210812.016) AppleWebKit/537.36 (KHTML, like Gecko) Chrome/135.0.7049.110 HiBrowser/v2.24.3.6 UWS/ Mobile Safari/537.36"
66.29.132.124 - - [27/Apr/2025:11:47:34 -0400] "POST /wp-cron.php?doing_wp_cron=1745768854.4776389598846435546875 HTTP/1.1" 200 0 "-" "WordPress/6.8; https://kneespine.com"
66.29.132.124 - - [27/Apr/2025:11:47:34 -0400] "POST /wp-cron.php?doing_wp_cron=1745768854.4776339530944824218750 HTTP/1.1" 200 0 "-" "WordPress/6.8; https://kneespine.com"
66.29.132.124 - - [27/Apr/2025:11:47:34 -0400] "POST /wp-admin/admin-ajax.php?action=async_litespeed&nonce=2wXQwnDjFIvn9eVHruQdxmCmFYfOqZnW&litespeed_type=imgoptm HTTP/1.1" 200 0 "-" "WordPress/6.8; https://kneespine.com"
223.123.20.74 - - [27/Apr/2025:11:47:30 -0400] "GET /wp-content/plugins/elementor-pro/assets/css/widget-nav-menu.min.css?ver=3.26.0 HTTP/1.1" 404 13124 "https://kneespine.com/" "Mozilla/5.0 (Linux; Android 14; en; Infinix X6850 Build/SP1A.210812.016) AppleWebKit/537.36 (KHTML, like Gecko) Chrome/135.0.7049.110 HiBrowser/v2.24.3.6 UWS/ Mobile Safari/537.36"
223.123.20.74 - - [27/Apr/2025:11:47:30 -0400] "GET /wp-content/plugins/elementor-pro/assets/css/widget-mega-menu.min.css?ver=3.26.2 HTTP/1.1" 404 13124 "https://kneespine.com/" "Mozilla/5.0 (Linux; Android 14; en; Infinix X6850 Build/SP1A.210812.016) AppleWebKit/537.36 (KHTML, like Gecko) Chrome/135.0.7049.110 HiBrowser/v2.24.3.6 UWS/ Mobile Safari/537.36"
223.123.20.74 - - [27/Apr/2025:11:47:30 -0400] "GET /wp-content/plugins/elementor-pro/assets/css/widget-blockquote.min.css?ver=3.25.0 HTTP/1.1" 404 13125 "https://kneespine.com/" "Mozilla/5.0 (Linux; Android 14; en; Infinix X6850 Build/SP1A.210812.016) AppleWebKit/537.36 (KHTML, like Gecko) Chrome/135.0.7049.110 HiBrowser/v2.24.3.6 UWS/ Mobile Safari/537.36"
66.29.132.124 - - [27/Apr/2025:11:47:35 -0400] "POST /wp-admin/admin-ajax.php?action=as_async_request_queue_runner&nonce=e23eb06758 HTTP/1.1" 200 0 "-" "WordPress/6.8; https://kneespine.com"
223.123.20.74 - - [27/Apr/2025:11:47:37 -0400] "GET /wp-content/uploads/2024/08/1-removebg-preview-1.png HTTP/1.1" 200 12782 "https://kneespine.com/" "Mozilla/5.0 (Linux; Android 14; en; Infinix X6850 Build/SP1A.210812.016) AppleWebKit/537.36 (KHTML, like Gecko) Chrome/135.0.7049.110 HiBrowser/v2.24.3.6 UWS/ Mobile Safari/537.36"
223.123.20.74 - - [27/Apr/2025:11:47:37 -0400] "GET /wp-content/uploads/2024/08/2-removebg-preview-2.png HTTP/1.1" 200 5351 "https://kneespine.com/" "Mozilla/5.0 (Linux; Android 14; en; Infinix X6850 Build/SP1A.210812.016) AppleWebKit/537.36 (KHTML, like Gecko) Chrome/135.0.7049.110 HiBrowser/v2.24.3.6 UWS/ Mobile Safari/537.36"
223.123.20.74 - - [27/Apr/2025:11:47:37 -0400] "GET /wp-content/uploads/2024/08/5-removebg-preview-1.png HTTP/1.1" 200 9205 "https://kneespine.com/" "Mozilla/5.0 (Linux; Android 14; en; Infinix X6850 Build/SP1A.210812.016) AppleWebKit/537.36 (KHTML, like Gecko) Chrome/135.0.7049.110 HiBrowser/v2.24.3.6 UWS/ Mobile Safari/537.36"
223.123.20.74 - - [27/Apr/2025:11:47:37 -0400] "GET /wp-content/plugins/pro-elements/assets/js/popup.085c1727e36940b18f29.bundle.min.js HTTP/1.1" 200 395 "https://kneespine.com/" "Mozilla/5.0 (Linux; Android 14; en; Infinix X6850 Build/SP1A.210812.016) AppleWebKit/537.36 (KHTML, like Gecko) Chrome/135.0.7049.110 HiBrowser/v2.24.3.6 UWS/ Mobile Safari/537.36"
223.123.20.74 - - [27/Apr/2025:11:47:37 -0400] "GET /wp-content/plugins/elementor/assets/js/accordion.36aa4c8c4eba17bc8e03.bundle.min.js HTTP/1.1" 200 1318 "https://kneespine.com/" "Mozilla/5.0 (Linux; Android 14; en; Infinix X6850 Build/SP1A.210812.016) AppleWebKit/537.36 (KHTML, like Gecko) Chrome/135.0.7049.110 HiBrowser/v2.24.3.6 UWS/ Mobile Safari/537.36"
223.123.20.74 - - [27/Apr/2025:11:47:37 -0400] "GET /wp-content/uploads/2024/07/cropped-Untitled_design__53_-removebg-preview-192x192.png HTTP/1.1" 200 22222 "https://kneespine.com/" "Mozilla/5.0 (Linux; Android 14; en; Infinix X6850 Build/SP1A.210812.016) AppleWebKit/537.36 (KHTML, like Gecko) Chrome/135.0.7049.110 HiBrowser/v2.24.3.6 UWS/ Mobile Safari/537.36"
223.123.20.74 - - [27/Apr/2025:11:47:37 -0400] "GET /wp-content/uploads/2024/07/cropped-Untitled_design__53_-removebg-preview-32x32.png HTTP/1.1" 200 1416 "https://kneespine.com/" "Mozilla/5.0 (Linux; Android 14; en; Infinix X6850 Build/SP1A.210812.016) AppleWebKit/537.36 (KHTML, like Gecko) Chrome/135.0.7049.110 HiBrowser/v2.24.3.6 UWS/ Mobile Safari/537.36"
223.123.20.74 - - [27/Apr/2025:11:47:38 -0400] "GET /wp-content/plugins/elementor/assets/lib/swiper/v8/swiper.min.js?ver=8.4.5 HTTP/1.1" 200 38152 "https://kneespine.com/" "Mozilla/5.0 (Linux; Android 14; en; Infinix X6850 Build/SP1A.210812.016) AppleWebKit/537.36 (KHTML, like Gecko) Chrome/135.0.7049.110 HiBrowser/v2.24.3.6 UWS/ Mobile Safari/537.36"
223.123.20.74 - - [27/Apr/2025:11:48:09 -0400] "GET /about-us/ HTTP/1.1" 200 18595 "https://kneespine.com/" "Mozilla/5.0 (Linux; Android 14; Infinix X6850 Build/UP1A.231005.007; wv) AppleWebKit/537.36 (KHTML, like Gecko) Version/4.0 Chrome/135.0.7049.110 Mobile Safari/537.36"
39.52.37.73 - - [27/Apr/2025:11:57:16 -0400] "GET / HTTP/1.1" 200 26518 "-" "Mozilla/5.0 (Linux; Android 10; K) AppleWebKit/537.36 (KHTML, like Gecko) Chrome/135.0.0.0 Mobile Safari/537.36"
39.52.37.73 - - [27/Apr/2025:11:57:17 -0400] "GET /wp-content/plugins/elementor/assets/css/frontend.min.css?ver=3.28.4 HTTP/1.1" 200 6453 "https://kneespine.com/" "Mozilla/5.0 (Linux; Android 10; K) AppleWebKit/537.36 (KHTML, like Gecko) Chrome/135.0.0.0 Mobile Safari/537.36"
39.52.37.73 - - [27/Apr/2025:11:57:17 -0400] "GET /wp-content/plugins/elementor/assets/css/widget-image.min.css?ver=3.28.4 HTTP/1.1" 200 254 "https://kneespine.com/" "Mozilla/5.0 (Linux; Android 10; K) AppleWebKit/537.36 (KHTML, like Gecko) Chrome/135.0.0.0 Mobile Safari/537.36"
39.52.37.73 - - [27/Apr/2025:11:57:17 -0400] "GET /wp-content/plugins/elementor/assets/css/widget-heading.min.css?ver=3.28.4 HTTP/1.1" 200 154 "https://kneespine.com/" "Mozilla/5.0 (Linux; Android 10; K) AppleWebKit/537.36 (KHTML, like Gecko) Chrome/135.0.0.0 Mobile Safari/537.36"
39.52.37.73 - - [27/Apr/2025:11:57:17 -0400] "GET /wp-content/plugins/elementor/assets/css/widget-counter.min.css?ver=3.28.4 HTTP/1.1" 200 234 "https://kneespine.com/" "Mozilla/5.0 (Linux; Android 10; K) AppleWebKit/537.36 (KHTML, like Gecko) Chrome/135.0.0.0 Mobile Safari/537.36"
39.52.37.73 - - [27/Apr/2025:11:57:17 -0400] "GET /wp-content/plugins/elementor/assets/lib/animations/styles/fadeIn.min.css?ver=3.28.4 HTTP/1.1" 200 77 "https://kneespine.com/" "Mozilla/5.0 (Linux; Android 10; K) AppleWebKit/537.36 (KHTML, like Gecko) Chrome/135.0.0.0 Mobile Safari/537.36"
39.52.37.73 - - [27/Apr/2025:11:57:17 -0400] "GET /wp-content/plugins/elementor/assets/lib/animations/styles/e-animation-grow.min.css?ver=3.28.4 HTTP/1.1" 200 198 "https://kneespine.com/" "Mozilla/5.0 (Linux; Android 10; K) AppleWebKit/537.36 (KHTML, like Gecko) Chrome/135.0.0.0 Mobile Safari/537.36"
39.52.37.73 - - [27/Apr/2025:11:57:17 -0400] "GET /wp-content/plugins/elementor/assets/css/widget-image-box.min.css?ver=3.28.4 HTTP/1.1" 200 291 "https://kneespine.com/" "Mozilla/5.0 (Linux; Android 10; K) AppleWebKit/537.36 (KHTML, like Gecko) Chrome/135.0.0.0 Mobile Safari/537.36"
39.52.37.73 - - [27/Apr/2025:11:57:17 -0400] "GET /wp-content/plugins/elementor/assets/lib/animations/styles/fadeInUp.min.css?ver=3.28.4 HTTP/1.1" 200 130 "https://kneespine.com/" "Mozilla/5.0 (Linux; Android 10; K) AppleWebKit/537.36 (KHTML, like Gecko) Chrome/135.0.0.0 Mobile Safari/537.36"
39.52.37.73 - - [27/Apr/2025:11:57:17 -0400] "GET /wp-content/plugins/elementor/assets/css/widget-icon-list.min.css?ver=3.28.4 HTTP/1.1" 200 957 "https://kneespine.com/" "Mozilla/5.0 (Linux; Android 10; K) AppleWebKit/537.36 (KHTML, like Gecko) Chrome/135.0.0.0 Mobile Safari/537.36"
39.52.37.73 - - [27/Apr/2025:11:57:17 -0400] "GET /wp-content/plugins/elementor/assets/lib/animations/styles/slideInUp.min.css?ver=3.28.4 HTTP/1.1" 200 146 "https://kneespine.com/" "Mozilla/5.0 (Linux; Android 10; K) AppleWebKit/537.36 (KHTML, like Gecko) Chrome/135.0.0.0 Mobile Safari/537.36"
39.52.37.73 - - [27/Apr/2025:11:57:17 -0400] "GET /wp-content/plugins/elementor-pro/assets/css/widget-blockquote.min.css?ver=3.25.0 HTTP/1.1" 404 13125 "https://kneespine.com/" "Mozilla/5.0 (Linux; Android 10; K) AppleWebKit/537.36 (KHTML, like Gecko) Chrome/135.0.0.0 Mobile Safari/537.36"
39.52.37.73 - - [27/Apr/2025:11:57:17 -0400] "GET /wp-content/plugins/elementor-pro/assets/css/widget-mega-menu.min.css?ver=3.26.2 HTTP/1.1" 404 13124 "https://kneespine.com/" "Mozilla/5.0 (Linux; Android 10; K) AppleWebKit/537.36 (KHTML, like Gecko) Chrome/135.0.0.0 Mobile Safari/537.36"
39.52.37.73 - - [27/Apr/2025:11:57:17 -0400] "GET /wp-content/plugins/elementor-pro/assets/css/widget-nav-menu.min.css?ver=3.26.0 HTTP/1.1" 404 13124 "https://kneespine.com/" "Mozilla/5.0 (Linux; Android 10; K) AppleWebKit/537.36 (KHTML, like Gecko) Chrome/135.0.0.0 Mobile Safari/537.36"
39.52.37.73 - - [27/Apr/2025:11:57:17 -0400] "GET /wp-content/plugins/elementor/assets/css/widget-google_maps.min.css?ver=3.28.4 HTTP/1.1" 200 117 "https://kneespine.com/" "Mozilla/5.0 (Linux; Android 10; K) AppleWebKit/537.36 (KHTML, like Gecko) Chrome/135.0.0.0 Mobile Safari/537.36"
39.52.37.73 - - [27/Apr/2025:11:57:17 -0400] "GET /wp-content/plugins/elementor/assets/css/widget-icon-box.min.css?ver=3.28.4 HTTP/1.1" 200 656 "https://kneespine.com/" "Mozilla/5.0 (Linux; Android 10; K) AppleWebKit/537.36 (KHTML, like Gecko) Chrome/135.0.0.0 Mobile Safari/537.36"
39.52.37.73 - - [27/Apr/2025:11:57:17 -0400] "GET /wp-content/plugins/elementor/assets/css/widget-accordion.min.css?ver=3.28.4 HTTP/1.1" 200 377 "https://kneespine.com/" "Mozilla/5.0 (Linux; Android 10; K) AppleWebKit/537.36 (KHTML, like Gecko) Chrome/135.0.0.0 Mobile Safari/537.36"
39.52.37.73 - - [27/Apr/2025:11:57:17 -0400] "GET /wp-content/plugins/elementor/assets/lib/animations/styles/e-animation-float.min.css?ver=3.28.4 HTTP/1.1" 200 244 "https://kneespine.com/" "Mozilla/5.0 (Linux; Android 10; K) AppleWebKit/537.36 (KHTML, like Gecko) Chrome/135.0.0.0 Mobile Safari/537.36"
39.52.37.73 - - [27/Apr/2025:11:57:17 -0400] "GET /wp-content/plugins/essential-addons-for-elementor-lite/assets/front-end/css/view/general.min.css?ver=6.1.11 HTTP/1.1" 200 1365 "https://kneespine.com/" "Mozilla/5.0 (Linux; Android 10; K) AppleWebKit/537.36 (KHTML, like Gecko) Chrome/135.0.0.0 Mobile Safari/537.36"
39.52.37.73 - - [27/Apr/2025:11:57:20 -0400] "GET /wp-content/plugins/elementor/assets/css/widget-social-icons.min.css?ver=3.28.4 HTTP/1.1" 200 1069 "https://kneespine.com/" "Mozilla/5.0 (Linux; Android 10; K) AppleWebKit/537.36 (KHTML, like Gecko) Chrome/135.0.0.0 Mobile Safari/537.36"
39.52.37.73 - - [27/Apr/2025:11:57:20 -0400] "GET /wp-content/plugins/essential-addons-for-elementor-lite/assets/front-end/js/view/general.min.js?ver=6.1.11 HTTP/1.1" 200 3883 "https://kneespine.com/" "Mozilla/5.0 (Linux; Android 10; K) AppleWebKit/537.36 (KHTML, like Gecko) Chrome/135.0.0.0 Mobile Safari/537.36"
39.52.37.73 - - [27/Apr/2025:11:57:20 -0400] "GET /wp-content/plugins/elementor/assets/css/widget-divider.min.css?ver=3.28.4 HTTP/1.1" 200 707 "https://kneespine.com/" "Mozilla/5.0 (Linux; Android 10; K) AppleWebKit/537.36 (KHTML, like Gecko) Chrome/135.0.0.0 Mobile Safari/537.36"
39.52.37.73 - - [27/Apr/2025:11:57:20 -0400] "GET /wp-content/plugins/elementor/assets/js/webpack.runtime.min.js?ver=3.28.4 HTTP/1.1" 200 2228 "https://kneespine.com/" "Mozilla/5.0 (Linux; Android 10; K) AppleWebKit/537.36 (KHTML, like Gecko) Chrome/135.0.0.0 Mobile Safari/537.36"
39.52.37.73 - - [27/Apr/2025:11:57:20 -0400] "GET /wp-content/plugins/elementor/assets/css/conditionals/apple-webkit.min.css?ver=3.28.4 HTTP/1.1" 200 472 "https://kneespine.com/" "Mozilla/5.0 (Linux; Android 10; K) AppleWebKit/537.36 (KHTML, like Gecko) Chrome/135.0.0.0 Mobile Safari/537.36"
39.52.37.73 - - [27/Apr/2025:11:57:20 -0400] "GET /wp-includes/js/dist/hooks.min.js?ver=4d63a3d491d11ffd8ac6 HTTP/1.1" 304 0 "https://kneespine.com/" "Mozilla/5.0 (Linux; Android 10; K) AppleWebKit/537.36 (KHTML, like Gecko) Chrome/135.0.0.0 Mobile Safari/537.36"
39.52.37.73 - - [27/Apr/2025:11:57:20 -0400] "GET /wp-content/plugins/elementor/assets/js/frontend.min.js?ver=3.28.4 HTTP/1.1" 200 13099 "https://kneespine.com/" "Mozilla/5.0 (Linux; Android 10; K) AppleWebKit/537.36 (KHTML, like Gecko) Chrome/135.0.0.0 Mobile Safari/537.36"
39.52.37.73 - - [27/Apr/2025:11:57:20 -0400] "GET /wp-content/plugins/elementor/assets/js/frontend-modules.min.js?ver=3.28.4 HTTP/1.1" 200 14421 "https://kneespine.com/" "Mozilla/5.0 (Linux; Android 10; K) AppleWebKit/537.36 (KHTML, like Gecko) Chrome/135.0.0.0 Mobile Safari/537.36"
39.52.37.73 - - [27/Apr/2025:11:57:21 -0400] "GET /wp-content/plugins/elementor/assets/js/text-editor.c084ef86600b6f11690d.bundle.min.js HTTP/1.1" 200 621 "https://kneespine.com/" "Mozilla/5.0 (Linux; Android 10; K) AppleWebKit/537.36 (KHTML, like Gecko) Chrome/135.0.0.0 Mobile Safari/537.36"
39.52.37.73 - - [27/Apr/2025:11:57:21 -0400] "GET /wp-content/plugins/elementor/assets/js/counter.12335f45aaa79d244f24.bundle.min.js HTTP/1.1" 200 442 "https://kneespine.com/" "Mozilla/5.0 (Linux; Android 10; K) AppleWebKit/537.36 (KHTML, like Gecko) Chrome/135.0.0.0 Mobile Safari/537.36"
39.52.37.73 - - [27/Apr/2025:11:57:22 -0400] "GET /wp-content/plugins/elementor/assets/js/accordion.36aa4c8c4eba17bc8e03.bundle.min.js HTTP/1.1" 200 1318 "https://kneespine.com/" "Mozilla/5.0 (Linux; Android 10; K) AppleWebKit/537.36 (KHTML, like Gecko) Chrome/135.0.0.0 Mobile Safari/537.36"
66.29.132.124 - - [27/Apr/2025:12:07:20 -0400] "POST /wp-cron.php?doing_wp_cron=1745770040.0437080860137939453125 HTTP/1.1" 200 0 "-" "WordPress/6.8; https://kneespine.com"
66.29.132.124 - - [27/Apr/2025:12:07:20 -0400] "POST /wp-admin/admin-ajax.php?action=async_litespeed&nonce=dkOnQRVOPtJDbFD8ORv9omPDGJtf55Iy&litespeed_type=imgoptm HTTP/1.1" 200 0 "-" "WordPress/6.8; https://kneespine.com"
173.249.43.220 - - [27/Apr/2025:12:07:16 -0400] "GET /wp-content/plugins/suretriggers/readme.txt HTTP/1.1" 404 15226 "www.google.com" "Mozilla/5.0 (Linux; Android 7.0; SM-G892A Build/NRD90M; wv) AppleWebKit/537.36 (KHTML, like Gecko) Version/4.0 Chrome/60.0.3112.107 Mobile Safari/537.36"
66.29.132.124 - - [27/Apr/2025:12:07:20 -0400] "POST /wp-admin/admin-ajax.php?action=as_async_request_queue_runner&nonce=e23eb06758 HTTP/1.1" 200 0 "-" "WordPress/6.8; https://kneespine.com"
66.29.132.124 - - [27/Apr/2025:12:11:49 -0400] "POST /wp-cron.php?doing_wp_cron=1745770308.9896199703216552734375 HTTP/1.1" 200 0 "-" "WordPress/6.8; https://kneespine.com"
46.101.218.201 - - [27/Apr/2025:12:11:47 -0400] "POST /xmlrpc.php HTTP/1.1" 200 403 "-" "Mozilla/5.0 (Windows; U; Windows NT 5.1; en-US; rv:1.7.5) Gecko/20041107 Firefox/1.0"
66.29.132.124 - - [27/Apr/2025:12:11:49 -0400] "POST /wp-admin/admin-ajax.php?action=async_litespeed&nonce=Spy7p1PRFXurqXkPMWKVGfjhHnRNojbZ&litespeed_type=imgoptm HTTP/1.1" 200 21 "-" "WordPress/6.8; https://kneespine.com"
75.119.153.221 - - [27/Apr/2025:12:11:51 -0400] "POST /xmlrpc.php HTTP/1.1" 200 403 "-" "Mozilla/5.0 (Windows NT 10.0; WOW64; rv:52.0) Gecko/20100101 Firefox/52.0"
66.29.132.124 - - [27/Apr/2025:12:11:55 -0400] "POST /wp-cron.php?doing_wp_cron=1745770315.3248190879821777343750 HTTP/1.1" 200 0 "-" "WordPress/6.8; https://kneespine.com"
108.167.132.38 - - [27/Apr/2025:12:11:55 -0400] "POST /xmlrpc.php HTTP/1.1" 200 403 "-" "Mozilla/5.0 (Windows NT 6.1; Win64; x64; rv:58.0) Gecko/20100101 Firefox/58.0"
66.29.132.124 - - [27/Apr/2025:12:11:55 -0400] "POST /wp-admin/admin-ajax.php?action=async_litespeed&nonce=v86PYO7SKpld4LrnIX9jAS5HUMYno5tz&litespeed_type=imgoptm HTTP/1.1" 200 21 "-" "WordPress/6.8; https://kneespine.com"
66.29.132.124 - - [27/Apr/2025:12:11:57 -0400] "POST /wp-cron.php?doing_wp_cron=1745770317.8561239242553710937500 HTTP/1.1" 200 0 "-" "WordPress/6.8; https://kneespine.com"
8.217.40.137 - - [27/Apr/2025:12:11:57 -0400] "POST /xmlrpc.php HTTP/1.1" 200 403 "-" "Mozilla/5.0 (Linux; Android 10; SM-N960U) AppleWebKit/537.36 (KHTML, like Gecko) Chrome/91.0.4472.114 Mobile Safari/537.36"
109.105.0.130 - - [27/Apr/2025:12:11:59 -0400] "POST /xmlrpc.php HTTP/1.1" 200 403 "-" "Mozilla/5.0 (Linux; Android 10; LM-Q710(FGN)) AppleWebKit/537.36 (KHTML, like Gecko) Chrome/91.0.4472.114 Mobile Safari/537.36"
94.46.178.8 - - [27/Apr/2025:12:11:59 -0400] "POST /xmlrpc.php HTTP/1.1" 200 403 "-" "Mozilla/5.0 (iPod; CPU iPhone OS 14_6 like Mac OS X) AppleWebKit/605.1.15 (KHTML, like Gecko) CriOS/91.0.4472.80 Mobile/15E148 Safari/604.1"
66.29.132.124 - - [27/Apr/2025:12:12:18 -0400] "POST /wp-cron.php?doing_wp_cron=1745770338.2033529281616210937500 HTTP/1.1" 200 0 "-" "WordPress/6.8; https://kneespine.com"
94.46.178.8 - - [27/Apr/2025:12:12:18 -0400] "POST /xmlrpc.php HTTP/1.1" 200 403 "-" "Mozilla/5.0 (Windows NT 10.0; Win64; x64) AppleWebKit/537.36 (KHTML, like Gecko) Chrome/87.0.4280.141 Safari/537.36"
66.29.141.128 - - [27/Apr/2025:12:12:22 -0400] "POST /xmlrpc.php HTTP/1.1" 200 403 "-" "Mozilla/5.0 (Windows NT 6.1; WOW64; rv:41.0) Gecko/20100101 Firefox/41.0"
205.234.134.178 - - [27/Apr/2025:12:12:42 -0400] "POST /xmlrpc.php HTTP/1.1" 200 403 "-" "Mozilla/5.0 (Windows NT 10.0; Win64; x64) AppleWebKit/537.36 (KHTML, like Gecko) Chrome/87.0.4280.141 Safari/537.36"
193.202.110.29 - - [27/Apr/2025:12:12:44 -0400] "POST /xmlrpc.php HTTP/1.1" 200 403 "-" "Mozilla/5.0 (Linux; Android 10; LM-Q720) AppleWebKit/537.36 (KHTML, like Gecko) Chrome/91.0.4472.114 Mobile Safari/537.36"
51.68.11.199 - - [27/Apr/2025:12:12:45 -0400] "POST /xmlrpc.php HTTP/1.1" 200 403 "-" "Mozilla/5.0 (Windows NT 10.0; WOW64; rv:54.0) Gecko/20100101 Firefox/54.0"
54.36.148.88 - - [27/Apr/2025:12:15:00 -0400] "GET /wp-includes/class-wp-block-type-registry.php HTTP/1.1" 200 0 "-" "Mozilla/5.0 (compatible; AhrefsBot/7.0; +http://ahrefs.com/robot/)"
69.171.231.112 - - [27/Apr/2025:12:32:14 -0400] "GET /robots.txt HTTP/1.1" 200 114 "-" "facebookexternalhit/1.1 (+http://www.facebook.com/externalhit_uatext.php)"
78.153.140.222 - - [27/Apr/2025:12:32:36 -0400] "GET /.env HTTP/1.1" 403 1242 "-" "Mozilla/5.0 (Macintosh; Intel Mac OS X 10_11_6) AppleWebKit/601.7.8 (KHTML, like Gecko) Version/9.1.3 Safari/601.7.8"
78.153.140.222 - - [27/Apr/2025:12:32:36 -0400] "GET /.env HTTP/1.1" 403 1242 "-" "Opera/9.80 (Linux mips ; U; HbbTV/1.1.1 (; Philips; ; ; ; ) CE-HTML/1.0 NETTV/3.2.1; en) Presto/2.6.33 Version/10.70"
78.153.140.222 - - [27/Apr/2025:12:32:37 -0400] "GET /.aws/credentials HTTP/1.1" 200 1517 "-" "Opera/9.80 (Windows NT 5.1) Presto/2.12.388 Version/12.14"
78.153.140.222 - - [27/Apr/2025:12:32:37 -0400] "GET /.aws/credentials HTTP/1.1" 200 1517 "-" "Mozilla/5.0 (Macintosh; U; Intel Mac OS X 10_5_8; en-US) AppleWebKit/532.0 (KHTML, like Gecko) Chrome/4.0.207.0 Safari/532.0"
78.153.140.222 - - [27/Apr/2025:12:32:38 -0400] "GET /backend/.env HTTP/1.1" 403 1242 "-" "Mozilla/5.0 (Windows NT 6.1; WOW64) AppleWebKit/537.36 (KHTML, like Gecko) Chrome/37.0.2062.94 AOL/9.7 AOLBuild/4343.4049.US Safari/537.36"
78.153.140.222 - - [27/Apr/2025:12:32:38 -0400] "GET /backend/.env HTTP/1.1" 403 1242 "-" "Mozilla/5.0 (Linux; Android 8.0.0; SM-G950U Build/R16NW) AppleWebKit/537.36 (KHTML, like Gecko) Chrome/66.0.3359.158 Mobile Safari/537.36"
78.153.140.222 - - [27/Apr/2025:12:32:40 -0400] "GET /api/.env HTTP/1.1" 403 1242 "-" "Mozilla/5.0 (Linux; Android 4.4.4; en-us; SAMSUNG-SM-N900A Build/KTU84P) AppleWebKit/537.36 (KHTML, like Gecko) Version/1.5 Chrome/28.0.1500.94 Mobile Safari/537.36"
78.153.140.222 - - [27/Apr/2025:12:32:40 -0400] "GET /api/.env HTTP/1.1" 403 1242 "-" "Mozilla/5.0 (Windows; U; Windows NT 5.0; en-US; rv:1.7.12) Gecko/20050915 Firefox/1.0.7"
78.153.140.222 - - [27/Apr/2025:12:32:41 -0400] "GET /admin/.env HTTP/1.1" 403 1242 "-" "Mozilla/5.0 (Windows NT 6.1) AppleWebKit/536.5 (KHTML, like Gecko) Chrome/19.0.1084.52 Safari/536.5"
78.153.140.222 - - [27/Apr/2025:12:32:41 -0400] "GET /admin/.env HTTP/1.1" 403 1242 "-" "Opera/9.80 (Macintosh; Intel Mac OS X 10.9.1) Presto/2.12.388 Version/12.16"
78.153.140.222 - - [27/Apr/2025:12:32:42 -0400] "GET /app/.env HTTP/1.1" 403 1242 "-" "Mozilla/5.0 (iPad; CPU OS 8_4_1 like Mac OS X) AppleWebKit/600.1.4.17.9 (KHTML, like Gecko) Version/5.1 Mobile/9B206 Safari/7534.48.3"
78.153.140.222 - - [27/Apr/2025:12:32:43 -0400] "GET /app/.env HTTP/1.1" 403 1242 "-" "Mozilla/5.0 (Linux; U; Android 4.2.2; es-us; HUAWEI Y600-U151 Build/HUAWEIY600-U151) AppleWebKit/534.30 (KHTML, like Gecko) Version/4.0 Mobile Safari/534.30"
78.153.140.222 - - [27/Apr/2025:12:32:44 -0400] "GET /vendor/.env HTTP/1.1" 403 1242 "-" "Baiduspider ( http://www.baidu.com/search/spider.htm)"
78.153.140.222 - - [27/Apr/2025:12:32:44 -0400] "GET /vendor/.env HTTP/1.1" 403 1242 "-" "Mozilla/5.0 (X11; U; Linux x86_64; en-US; rv:1.9.0.5) Gecko/2008122014 CentOS/3.0.5-1.el4.centos Firefox/3.0.5"
78.153.140.222 - - [27/Apr/2025:12:32:45 -0400] "GET /crm/.env HTTP/1.1" 403 1242 "-" "Mozilla/5.0 (Linux; U; Android 4.1.2; en-us; SAMSUNG-SGH-I437 Build/JZO54K) AppleWebKit/534.30 (KHTML, like Gecko) Version/4.0 Mobile Safari/534.30"
78.153.140.222 - - [27/Apr/2025:12:32:46 -0400] "GET /crm/.env HTTP/1.1" 403 1242 "-" "Mozilla/5.0 (X11; U; Linux x86_64; en-US) AppleWebKit/535.1 (KHTML, like Gecko) Chrome/13.0.782.20 Safari/535.1"
78.153.140.222 - - [27/Apr/2025:12:32:46 -0400] "GET /.env.example HTTP/1.1" 403 1242 "-" "Mozilla/5.0 (Macintosh; Intel Mac OS X 10_7_3) AppleWebKit/535.20 (KHTML, like Gecko) Chrome/19.0.1036.7 Safari/535.20"
78.153.140.222 - - [27/Apr/2025:12:32:47 -0400] "GET /.env.example HTTP/1.1" 403 1242 "-" "Mozilla/5.0 (Windows NT 5.0; U) Opera 7.01 [en]"
78.153.140.222 - - [27/Apr/2025:12:32:49 -0400] "GET /.env.production HTTP/1.1" 403 1242 "-" "Mozilla/5.0 (Windows NT 6.3; WOW64; rv:30.0) Gecko/20100101 Firefox/30.0"
78.153.140.222 - - [27/Apr/2025:12:32:50 -0400] "GET /?phpinfo=-1 HTTP/1.1" 200 1517 "-" "Opera/9.80 (Windows NT 6.1; U; en) Presto/2.9.168 Version/11.52"
78.153.140.222 - - [27/Apr/2025:12:32:51 -0400] "GET /phpinfo.php HTTP/1.1" 200 1517 "-" "Mozilla/5.0 (Windows; U; Windows NT 5.2; en-US) AppleWebKit/525.13 (KHTML, like Gecko) Chrome/0.2.149.30 Safari/525.13"
78.153.140.222 - - [27/Apr/2025:12:32:53 -0400] "GET /media/.env HTTP/1.1" 403 1242 "-" "Opera/9.25 (Windows NT 5.1; U; MEGAUPLOAD 1.0; pt-br)"
78.153.140.222 - - [27/Apr/2025:12:32:54 -0400] "GET /server/.env HTTP/1.1" 403 1242 "-" "Mozilla/5.0 (Windows NT 10.0; Win64; x64) AppleWebKit/537.36 (KHTML, like Gecko) Chrome/62.0.3202.89 Safari/537.36"
78.153.140.222 - - [27/Apr/2025:12:32:55 -0400] "GET /staging/.env HTTP/1.1" 403 1242 "-" "Mozilla/5.0 (X11; U; Linux i686; sk; rv:1.9.1) Gecko/20090630 Fedora/3.5-1.fc11 Firefox/3.0"
78.153.140.222 - - [27/Apr/2025:12:32:56 -0400] "GET /twilio/.env HTTP/1.1" 403 1242 "-" "Mozilla/5.0 (Macintosh; U; Intel Mac OS X; en) AppleWebKit/521.32.1 (KHTML, like Gecko) Safari/521.32.1"
78.153.140.222 - - [27/Apr/2025:12:32:57 -0400] "GET /.env.save HTTP/1.1" 403 1242 "-" "Mozilla/5.0 (Windows NT 10.0; Win64; x64) AppleWebKit/537.36 (KHTML, like Gecko) Chrome/63.0.3239.132 Safari/537.36 OPR/50.0.2762.58"
78.153.140.222 - - [27/Apr/2025:12:32:58 -0400] "GET /.json HTTP/1.1" 200 1517 "-" "Mozilla/5.0 (X11; U; SunOS sun4u; en-US; rv:1.9b5) Gecko/2008032620 Firefox/3.0b5"
78.153.140.222 - - [27/Apr/2025:12:33:00 -0400] "GET /?url=.env HTTP/1.1" 200 1517 "-" "Mozilla/5.0 (Windows NT 6.1; WOW64) AppleWebKit/537.36 (KHTML, like Gecko) Maxthon/4.4.6.2000 Chrome/30.0.1599.101 Safari/537.36"
78.153.140.222 - - [27/Apr/2025:12:33:01 -0400] "GET /config/.env HTTP/1.1" 403 1242 "-" "Mozilla/5.0 (X11; U; Linux x86_64; en-US) AppleWebKit/532.2 (KHTML, like Gecko) Chrome/4.0.222.1 Safari/532.2"
18.117.153.108 - - [27/Apr/2025:12:43:41 -0400] "GET /robots.txt HTTP/1.1" 200 95 "-" "Mozilla/5.0 AppleWebKit/537.36 (KHTML, like Gecko; compatible; ClaudeBot/1.0; +claudebot@anthropic.com)"
18.117.153.108 - - [27/Apr/2025:12:43:41 -0400] "GET / HTTP/1.1" 200 26518 "-" "Mozilla/5.0 AppleWebKit/537.36 (KHTML, like Gecko; compatible; ClaudeBot/1.0; +claudebot@anthropic.com)"
66.29.132.124 - - [27/Apr/2025:12:54:54 -0400] "POST /wp-cron.php?doing_wp_cron=1745772894.4948680400848388671875 HTTP/1.1" 200 0 "-" "WordPress/6.8; https://kneespine.com"
43.130.111.40 - - [27/Apr/2025:12:54:51 -0400] "GET / HTTP/1.1" 301 0 "http://www.kneespine.com" "Mozilla/5.0 (iPhone; CPU iPhone OS 13_2_3 like Mac OS X) AppleWebKit/605.1.15 (KHTML, like Gecko) Version/13.0.3 Mobile/15E148 Safari/604.1"
43.130.111.40 - - [27/Apr/2025:12:54:55 -0400] "GET / HTTP/1.1" 200 31790 "https://www.kneespine.com/" "Mozilla/5.0 (iPhone; CPU iPhone OS 13_2_3 like Mac OS X) AppleWebKit/605.1.15 (KHTML, like Gecko) Version/13.0.3 Mobile/15E148 Safari/604.1"
66.29.132.124 - - [27/Apr/2025:12:54:54 -0400] "POST /wp-admin/admin-ajax.php?action=async_litespeed&nonce=FkH11G9BbpI883fIIZPYoE4Gsui1d6Se&litespeed_type=imgoptm HTTP/1.1" 200 0 "-" "WordPress/6.8; https://kneespine.com"
66.29.132.124 - - [27/Apr/2025:12:54:55 -0400] "POST /wp-admin/admin-ajax.php?action=as_async_request_queue_runner&nonce=e23eb06758 HTTP/1.1" 200 0 "-" "WordPress/6.8; https://kneespine.com"
66.29.132.124 - - [27/Apr/2025:13:08:35 -0400] "POST /wp-cron.php?doing_wp_cron=1745773715.6065011024475097656250 HTTP/1.1" 200 0 "-" "WordPress/6.8; https://kneespine.com"
49.51.183.84 - - [27/Apr/2025:13:08:32 -0400] "GET /xmlrpc.php HTTP/1.1" 405 60 "-" "Mozilla/5.0 (iPhone; CPU iPhone OS 13_2_3 like Mac OS X) AppleWebKit/605.1.15 (KHTML, like Gecko) Version/13.0.3 Mobile/15E148 Safari/604.1"
66.29.132.124 - - [27/Apr/2025:13:08:39 -0400] "POST /wp-admin/admin-ajax.php?action=async_litespeed&nonce=TerYA3F77pQh6roA6d8xNnrx6VQBe3Lj&litespeed_type=imgoptm HTTP/1.1" 200 21 "-" "WordPress/6.8; https://kneespine.com"
69.171.249.115 - - [27/Apr/2025:13:17:44 -0400] "GET /_autoindex/assets/icons/folder-fill.svg HTTP/1.1" 200 591 "-" "facebookexternalhit/1.1 (+http://www.facebook.com/externalhit_uatext.php)"
69.171.249.1 - - [27/Apr/2025:13:17:45 -0400] "GET /_autoindex/assets/icons/folder-fill.svg HTTP/1.1" 200 591 "-" "facebookexternalhit/1.1 (+http://www.facebook.com/externalhit_uatext.php)"
69.171.249.114 - - [27/Apr/2025:13:17:46 -0400] "GET /_autoindex/assets/icons/folder-fill.svg HTTP/1.1" 200 591 "-" "facebookexternalhit/1.1 (+http://www.facebook.com/externalhit_uatext.php)"
66.29.132.124 - - [27/Apr/2025:13:17:59 -0400] "POST /wp-cron.php?doing_wp_cron=1745774279.9591441154479980468750 HTTP/1.1" 200 0 "-" "WordPress/6.8; https://kneespine.com"
69.171.249.9 - - [27/Apr/2025:13:17:55 -0400] "GET / HTTP/1.1" 301 0 "-" "facebookexternalhit/1.1 (+http://www.facebook.com/externalhit_uatext.php)"
69.171.249.9 - - [27/Apr/2025:13:18:00 -0400] "GET / HTTP/1.1" 200 177599 "-" "facebookexternalhit/1.1 (+http://www.facebook.com/externalhit_uatext.php)"
69.171.249.114 - - [27/Apr/2025:13:18:00 -0400] "GET / HTTP/1.1" 301 0 "-" "facebookexternalhit/1.1 (+http://www.facebook.com/externalhit_uatext.php)"
69.171.249.7 - - [27/Apr/2025:13:18:01 -0400] "GET / HTTP/1.1" 200 177599 "-" "facebookexternalhit/1.1 (+http://www.facebook.com/externalhit_uatext.php)"
66.29.132.124 - - [27/Apr/2025:13:18:00 -0400] "POST /wp-admin/admin-ajax.php?action=async_litespeed&nonce=vPVqZh2WjwS1UWZUcFknfh6yx0fIn7Rc&litespeed_type=imgoptm HTTP/1.1" 200 0 "-" "WordPress/6.8; https://kneespine.com"
66.29.132.124 - - [27/Apr/2025:13:18:01 -0400] "POST /wp-admin/admin-ajax.php?action=as_async_request_queue_runner&nonce=e23eb06758 HTTP/1.1" 200 0 "-" "WordPress/6.8; https://kneespine.com"
69.171.249.10 - - [27/Apr/2025:13:18:04 -0400] "GET / HTTP/1.1" 301 0 "-" "facebookexternalhit/1.1 (+http://www.facebook.com/externalhit_uatext.php)"
69.171.249.3 - - [27/Apr/2025:13:18:06 -0400] "GET / HTTP/1.1" 301 0 "-" "facebookexternalhit/1.1 (+http://www.facebook.com/externalhit_uatext.php)"
69.171.249.8 - - [27/Apr/2025:13:18:15 -0400] "GET / HTTP/1.1" 301 0 "-" "facebookexternalhit/1.1 (+http://www.facebook.com/externalhit_uatext.php)"
66.29.132.124 - - [27/Apr/2025:13:26:41 -0400] "POST /wp-cron.php?doing_wp_cron=1745774801.0657300949096679687500 HTTP/1.1" 200 0 "-" "WordPress/6.8; https://kneespine.com"
66.29.132.124 - - [27/Apr/2025:13:26:41 -0400] "POST /wp-cron.php?doing_wp_cron=1745774801.0660629272460937500000 HTTP/1.1" 200 0 "-" "WordPress/6.8; https://kneespine.com"
31.13.115.10 - - [27/Apr/2025:13:26:38 -0400] "GET / HTTP/1.1" 301 0 "-" "facebookexternalhit/1.1 (+http://www.facebook.com/externalhit_uatext.php)"
31.13.115.115 - - [27/Apr/2025:13:26:38 -0400] "GET /meta.json HTTP/1.1" 301 0 "-" "facebookexternalhit/1.1 (+http://www.facebook.com/externalhit_uatext.php)"
31.13.115.113 - - [27/Apr/2025:13:26:38 -0400] "GET / HTTP/1.1" 301 0 "-" "facebookexternalhit/1.1 (+http://www.facebook.com/externalhit_uatext.php)"
31.13.115.113 - - [27/Apr/2025:13:26:41 -0400] "GET / HTTP/1.1" 200 177599 "-" "facebookexternalhit/1.1 (+http://www.facebook.com/externalhit_uatext.php)"
31.13.115.10 - - [27/Apr/2025:13:26:41 -0400] "GET / HTTP/1.1" 200 177599 "-" "facebookexternalhit/1.1 (+http://www.facebook.com/externalhit_uatext.php)"
31.13.115.8 - - [27/Apr/2025:13:26:41 -0400] "GET /meta.json HTTP/1.1" 404 66011 "-" "facebookexternalhit/1.1 (+http://www.facebook.com/externalhit_uatext.php)"
66.29.132.124 - - [27/Apr/2025:13:26:46 -0400] "POST /wp-admin/admin-ajax.php?action=async_litespeed&nonce=he5bgX2KVlVJLe75qTlJnIIK4Q6yKAdU&litespeed_type=imgoptm HTTP/1.1" 200 21 "-" "WordPress/6.8; https://kneespine.com"
66.29.132.124 - - [27/Apr/2025:13:32:55 -0400] "POST /wp-cron.php?doing_wp_cron=1745775175.3433079719543457031250 HTTP/1.1" 200 0 "-" "WordPress/6.8; https://kneespine.com"
223.123.43.12 - - [27/Apr/2025:13:32:52 -0400] "GET / HTTP/1.1" 301 0 "-" "Mozilla/5.0 (Linux; Android 10; K) AppleWebKit/537.36 (KHTML, like Gecko) Chrome/135.0.0.0 Mobile Safari/537.36"
223.123.43.12 - - [27/Apr/2025:13:32:56 -0400] "GET / HTTP/1.1" 200 26518 "-" "Mozilla/5.0 (Linux; Android 10; K) AppleWebKit/537.36 (KHTML, like Gecko) Chrome/135.0.0.0 Mobile Safari/537.36"
66.29.132.124 - - [27/Apr/2025:13:32:55 -0400] "POST /wp-admin/admin-ajax.php?action=async_litespeed&nonce=DK8IArD5udaSjLH6xDI9NKZwHaWLcM0O&litespeed_type=imgoptm HTTP/1.1" 200 0 "-" "WordPress/6.8; https://kneespine.com"
223.123.43.12 - - [27/Apr/2025:13:32:57 -0400] "GET /wp-content/plugins/header-footer-elementor/inc/widgets-css/frontend.css?ver=2.3.0 HTTP/1.1" 200 8133 "https://kneespine.com/" "Mozilla/5.0 (Linux; Android 10; K) AppleWebKit/537.36 (KHTML, like Gecko) Chrome/135.0.0.0 Mobile Safari/537.36"
223.123.43.12 - - [27/Apr/2025:13:32:57 -0400] "GET /wp-content/plugins/header-footer-elementor/assets/css/header-footer-elementor.css?ver=2.3.0 HTTP/1.1" 200 259 "https://kneespine.com/" "Mozilla/5.0 (Linux; Android 10; K) AppleWebKit/537.36 (KHTML, like Gecko) Chrome/135.0.0.0 Mobile Safari/537.36"
223.123.43.12 - - [27/Apr/2025:13:32:57 -0400] "GET /wp-content/uploads/elementor/css/post-66.css?ver=1744791676 HTTP/1.1" 200 1424 "https://kneespine.com/" "Mozilla/5.0 (Linux; Android 10; K) AppleWebKit/537.36 (KHTML, like Gecko) Chrome/135.0.0.0 Mobile Safari/537.36"
223.123.43.12 - - [27/Apr/2025:13:32:57 -0400] "GET /wp-content/plugins/selection-lite/css/sticky-effect.min.css?ver=1.15 HTTP/1.1" 200 0 "https://kneespine.com/" "Mozilla/5.0 (Linux; Android 10; K) AppleWebKit/537.36 (KHTML, like Gecko) Chrome/135.0.0.0 Mobile Safari/537.36"
223.123.43.12 - - [27/Apr/2025:13:32:57 -0400] "GET /wp-content/plugins/elementor/assets/css/widget-image.min.css?ver=3.28.4 HTTP/1.1" 200 254 "https://kneespine.com/" "Mozilla/5.0 (Linux; Android 10; K) AppleWebKit/537.36 (KHTML, like Gecko) Chrome/135.0.0.0 Mobile Safari/537.36"
223.123.43.12 - - [27/Apr/2025:13:32:57 -0400] "GET /wp-content/plugins/elementor/assets/lib/animations/styles/e-animation-grow.min.css?ver=3.28.4 HTTP/1.1" 200 198 "https://kneespine.com/" "Mozilla/5.0 (Linux; Android 10; K) AppleWebKit/537.36 (KHTML, like Gecko) Chrome/135.0.0.0 Mobile Safari/537.36"
223.123.43.12 - - [27/Apr/2025:13:32:57 -0400] "GET /wp-content/plugins/elementor/assets/css/widget-heading.min.css?ver=3.28.4 HTTP/1.1" 200 154 "https://kneespine.com/" "Mozilla/5.0 (Linux; Android 10; K) AppleWebKit/537.36 (KHTML, like Gecko) Chrome/135.0.0.0 Mobile Safari/537.36"
223.123.43.12 - - [27/Apr/2025:13:32:57 -0400] "GET /wp-content/plugins/elementor/assets/lib/animations/styles/fadeIn.min.css?ver=3.28.4 HTTP/1.1" 200 77 "https://kneespine.com/" "Mozilla/5.0 (Linux; Android 10; K) AppleWebKit/537.36 (KHTML, like Gecko) Chrome/135.0.0.0 Mobile Safari/537.36"
223.123.43.12 - - [27/Apr/2025:13:32:57 -0400] "GET /wp-content/plugins/elementor/assets/css/frontend.min.css?ver=3.28.4 HTTP/1.1" 200 6453 "https://kneespine.com/" "Mozilla/5.0 (Linux; Android 10; K) AppleWebKit/537.36 (KHTML, like Gecko) Chrome/135.0.0.0 Mobile Safari/537.36"
223.123.43.12 - - [27/Apr/2025:13:32:57 -0400] "GET /wp-content/plugins/pro-elements/assets/css/frontend.min.css?ver=3.23.1 HTTP/1.1" 200 43409 "https://kneespine.com/" "Mozilla/5.0 (Linux; Android 10; K) AppleWebKit/537.36 (KHTML, like Gecko) Chrome/135.0.0.0 Mobile Safari/537.36"
66.29.132.124 - - [27/Apr/2025:13:32:56 -0400] "POST /wp-admin/admin-ajax.php?action=as_async_request_queue_runner&nonce=e23eb06758 HTTP/1.1" 200 0 "-" "WordPress/6.8; https://kneespine.com"
223.123.43.12 - - [27/Apr/2025:13:32:57 -0400] "GET /wp-content/plugins/elementor/assets/css/widget-icon-list.min.css?ver=3.24.3 HTTP/1.1" 200 957 "https://kneespine.com/" "Mozilla/5.0 (Linux; Android 10; K) AppleWebKit/537.36 (KHTML, like Gecko) Chrome/135.0.0.0 Mobile Safari/537.36"
223.123.43.12 - - [27/Apr/2025:13:32:57 -0400] "GET /wp-content/plugins/elementor/assets/css/widget-counter.min.css?ver=3.28.4 HTTP/1.1" 200 234 "https://kneespine.com/" "Mozilla/5.0 (Linux; Android 10; K) AppleWebKit/537.36 (KHTML, like Gecko) Chrome/135.0.0.0 Mobile Safari/537.36"
223.123.43.12 - - [27/Apr/2025:13:32:57 -0400] "GET /wp-content/plugins/elementor/assets/lib/animations/styles/fadeInUp.min.css?ver=3.28.4 HTTP/1.1" 200 130 "https://kneespine.com/" "Mozilla/5.0 (Linux; Android 10; K) AppleWebKit/537.36 (KHTML, like Gecko) Chrome/135.0.0.0 Mobile Safari/537.36"
223.123.43.12 - - [27/Apr/2025:13:32:57 -0400] "GET /wp-content/plugins/elementor/assets/lib/animations/styles/slideInUp.min.css?ver=3.28.4 HTTP/1.1" 200 146 "https://kneespine.com/" "Mozilla/5.0 (Linux; Android 10; K) AppleWebKit/537.36 (KHTML, like Gecko) Chrome/135.0.0.0 Mobile Safari/537.36"
223.123.43.12 - - [27/Apr/2025:13:32:57 -0400] "GET /wp-content/plugins/elementor/assets/css/widget-google_maps.min.css?ver=3.28.4 HTTP/1.1" 200 117 "https://kneespine.com/" "Mozilla/5.0 (Linux; Android 10; K) AppleWebKit/537.36 (KHTML, like Gecko) Chrome/135.0.0.0 Mobile Safari/537.36"
223.123.43.12 - - [27/Apr/2025:13:32:57 -0400] "GET /wp-content/plugins/elementor/assets/css/widget-icon-list.min.css?ver=3.28.4 HTTP/1.1" 200 957 "https://kneespine.com/" "Mozilla/5.0 (Linux; Android 10; K) AppleWebKit/537.36 (KHTML, like Gecko) Chrome/135.0.0.0 Mobile Safari/537.36"
223.123.43.12 - - [27/Apr/2025:13:32:57 -0400] "GET /wp-content/plugins/elementor/assets/css/widget-image-box.min.css?ver=3.28.4 HTTP/1.1" 200 291 "https://kneespine.com/" "Mozilla/5.0 (Linux; Android 10; K) AppleWebKit/537.36 (KHTML, like Gecko) Chrome/135.0.0.0 Mobile Safari/537.36"
223.123.43.12 - - [27/Apr/2025:13:32:57 -0400] "GET /wp-content/plugins/elementor/assets/css/widget-accordion.min.css?ver=3.28.4 HTTP/1.1" 200 377 "https://kneespine.com/" "Mozilla/5.0 (Linux; Android 10; K) AppleWebKit/537.36 (KHTML, like Gecko) Chrome/135.0.0.0 Mobile Safari/537.36"
223.123.43.12 - - [27/Apr/2025:13:32:57 -0400] "GET /wp-content/plugins/elementor/assets/lib/animations/styles/e-animation-float.min.css?ver=3.28.4 HTTP/1.1" 200 244 "https://kneespine.com/" "Mozilla/5.0 (Linux; Android 10; K) AppleWebKit/537.36 (KHTML, like Gecko) Chrome/135.0.0.0 Mobile Safari/537.36"
223.123.43.12 - - [27/Apr/2025:13:32:57 -0400] "GET /wp-content/uploads/elementor/css/post-220.css?ver=1744791681 HTTP/1.1" 200 2400 "https://kneespine.com/" "Mozilla/5.0 (Linux; Android 10; K) AppleWebKit/537.36 (KHTML, like Gecko) Chrome/135.0.0.0 Mobile Safari/537.36"
223.123.43.12 - - [27/Apr/2025:13:32:57 -0400] "GET /wp-content/themes/hello-elementor/style.min.css?ver=3.3.0 HTTP/1.1" 200 1591 "https://kneespine.com/" "Mozilla/5.0 (Linux; Android 10; K) AppleWebKit/537.36 (KHTML, like Gecko) Chrome/135.0.0.0 Mobile Safari/537.36"
223.123.43.12 - - [27/Apr/2025:13:32:57 -0400] "GET /wp-content/themes/hello-elementor/header-footer.min.css?ver=3.3.0 HTTP/1.1" 200 1292 "https://kneespine.com/" "Mozilla/5.0 (Linux; Android 10; K) AppleWebKit/537.36 (KHTML, like Gecko) Chrome/135.0.0.0 Mobile Safari/537.36"
223.123.43.12 - - [27/Apr/2025:13:32:57 -0400] "GET /wp-content/themes/hello-elementor/theme.min.css?ver=3.3.0 HTTP/1.1" 200 1131 "https://kneespine.com/" "Mozilla/5.0 (Linux; Android 10; K) AppleWebKit/537.36 (KHTML, like Gecko) Chrome/135.0.0.0 Mobile Safari/537.36"
223.123.43.12 - - [27/Apr/2025:13:32:57 -0400] "GET /wp-content/uploads/elementor/css/post-225.css?ver=1744791682 HTTP/1.1" 200 1636 "https://kneespine.com/" "Mozilla/5.0 (Linux; Android 10; K) AppleWebKit/537.36 (KHTML, like Gecko) Chrome/135.0.0.0 Mobile Safari/537.36"
223.123.43.12 - - [27/Apr/2025:13:32:57 -0400] "GET /wp-content/plugins/elementor/assets/css/widget-icon-box.min.css?ver=3.28.4 HTTP/1.1" 200 656 "https://kneespine.com/" "Mozilla/5.0 (Linux; Android 10; K) AppleWebKit/537.36 (KHTML, like Gecko) Chrome/135.0.0.0 Mobile Safari/537.36"
223.123.43.12 - - [27/Apr/2025:13:32:57 -0400] "GET /wp-content/plugins/elementor/assets/lib/eicons/css/elementor-icons.min.css?ver=5.34.0 HTTP/1.1" 200 3845 "https://kneespine.com/" "Mozilla/5.0 (Linux; Android 10; K) AppleWebKit/537.36 (KHTML, like Gecko) Chrome/135.0.0.0 Mobile Safari/537.36"
223.123.43.12 - - [27/Apr/2025:13:32:57 -0400] "GET /wp-content/plugins/elementor/assets/css/widget-social-icons.min.css?ver=3.24.0 HTTP/1.1" 200 1069 "https://kneespine.com/" "Mozilla/5.0 (Linux; Android 10; K) AppleWebKit/537.36 (KHTML, like Gecko) Chrome/135.0.0.0 Mobile Safari/537.36"
223.123.43.12 - - [27/Apr/2025:13:32:57 -0400] "GET /wp-content/plugins/elementor/assets/lib/font-awesome/css/brands.css?ver=5.15.3 HTTP/1.1" 200 296 "https://kneespine.com/" "Mozilla/5.0 (Linux; Android 10; K) AppleWebKit/537.36 (KHTML, like Gecko) Chrome/135.0.0.0 Mobile Safari/537.36"
223.123.43.12 - - [27/Apr/2025:13:32:58 -0400] "GET /wp-content/plugins/elementor/assets/lib/font-awesome/css/solid.css?ver=5.15.3 HTTP/1.1" 200 296 "https://kneespine.com/" "Mozilla/5.0 (Linux; Android 10; K) AppleWebKit/537.36 (KHTML, like Gecko) Chrome/135.0.0.0 Mobile Safari/537.36"
223.123.43.12 - - [27/Apr/2025:13:32:58 -0400] "GET /wp-content/uploads/elementor/google-fonts/css/opensans.css?ver=1742289141 HTTP/1.1" 200 1830 "https://kneespine.com/" "Mozilla/5.0 (Linux; Android 10; K) AppleWebKit/537.36 (KHTML, like Gecko) Chrome/135.0.0.0 Mobile Safari/537.36"
223.123.43.12 - - [27/Apr/2025:13:32:58 -0400] "GET /wp-content/uploads/elementor/google-fonts/css/nunitosans.css?ver=1742795905 HTTP/1.1" 200 833 "https://kneespine.com/" "Mozilla/5.0 (Linux; Android 10; K) AppleWebKit/537.36 (KHTML, like Gecko) Chrome/135.0.0.0 Mobile Safari/537.36"
223.123.43.12 - - [27/Apr/2025:13:32:58 -0400] "GET /wp-content/uploads/2024/07/Untitled_design__53_-removebg-preview.png HTTP/1.1" 200 49731 "https://kneespine.com/" "Mozilla/5.0 (Linux; Android 10; K) AppleWebKit/537.36 (KHTML, like Gecko) Chrome/135.0.0.0 Mobile Safari/537.36"
223.123.43.12 - - [27/Apr/2025:13:32:58 -0400] "GET /wp-includes/js/jquery/jquery-migrate.min.js?ver=3.4.1 HTTP/1.1" 200 4678 "https://kneespine.com/" "Mozilla/5.0 (Linux; Android 10; K) AppleWebKit/537.36 (KHTML, like Gecko) Chrome/135.0.0.0 Mobile Safari/537.36"
223.123.43.12 - - [27/Apr/2025:13:32:57 -0400] "GET /wp-content/uploads/elementor/css/post-11.css?ver=1744797423 HTTP/1.1" 200 9335 "https://kneespine.com/" "Mozilla/5.0 (Linux; Android 10; K) AppleWebKit/537.36 (KHTML, like Gecko) Chrome/135.0.0.0 Mobile Safari/537.36"
223.123.43.12 - - [27/Apr/2025:13:32:58 -0400] "GET /wp-content/plugins/essential-addons-for-elementor-lite/assets/front-end/css/view/general.min.css?ver=6.1.11 HTTP/1.1" 200 1365 "https://kneespine.com/" "Mozilla/5.0 (Linux; Android 10; K) AppleWebKit/537.36 (KHTML, like Gecko) Chrome/135.0.0.0 Mobile Safari/537.36"
223.123.43.12 - - [27/Apr/2025:13:32:57 -0400] "GET /wp-content/plugins/elementor/assets/lib/font-awesome/css/fontawesome.css?ver=5.15.3 HTTP/1.1" 200 12526 "https://kneespine.com/" "Mozilla/5.0 (Linux; Android 10; K) AppleWebKit/537.36 (KHTML, like Gecko) Chrome/135.0.0.0 Mobile Safari/537.36"
223.123.43.12 - - [27/Apr/2025:13:32:58 -0400] "GET /wp-content/uploads/2024/07/portrait-of-serious-male-architect-in-office-stand-FVHYLV4-1-300x200.jpg HTTP/1.1" 200 15624 "https://kneespine.com/" "Mozilla/5.0 (Linux; Android 10; K) AppleWebKit/537.36 (KHTML, like Gecko) Chrome/135.0.0.0 Mobile Safari/537.36"
223.123.43.12 - - [27/Apr/2025:13:32:58 -0400] "GET /wp-content/uploads/2024/07/casual-business-woman-portrait-of-a-beautiful-young-business-woman-sitting-at-her-working-place--300x200.jpg HTTP/1.1" 200 13529 "https://kneespine.com/" "Mozilla/5.0 (Linux; Android 10; K) AppleWebKit/537.36 (KHTML, like Gecko) Chrome/135.0.0.0 Mobile Safari/537.36"
223.123.43.12 - - [27/Apr/2025:13:32:58 -0400] "GET /wp-includes/js/jquery/jquery.min.js?ver=3.7.1 HTTP/1.1" 200 29744 "https://kneespine.com/" "Mozilla/5.0 (Linux; Android 10; K) AppleWebKit/537.36 (KHTML, like Gecko) Chrome/135.0.0.0 Mobile Safari/537.36"
223.123.43.12 - - [27/Apr/2025:13:32:58 -0400] "GET /wp-content/uploads/2024/07/friendly-woman-patient-talking-to-psychological-co-QRBVN9Q-1-1-e1624538472451-300x285.jpg HTTP/1.1" 200 14762 "https://kneespine.com/" "Mozilla/5.0 (Linux; Android 10; K) AppleWebKit/537.36 (KHTML, like Gecko) Chrome/135.0.0.0 Mobile Safari/537.36"
223.123.43.12 - - [27/Apr/2025:13:32:58 -0400] "GET /wp-content/plugins/elementor/assets/lib/flatpickr/flatpickr.min.css?ver=4.6.13 HTTP/1.1" 200 2797 "https://kneespine.com/" "Mozilla/5.0 (Linux; Android 10; K) AppleWebKit/537.36 (KHTML, like Gecko) Chrome/135.0.0.0 Mobile Safari/537.36"
223.123.43.12 - - [27/Apr/2025:13:32:59 -0400] "GET /wp-content/plugins/elementor/assets/css/widget-social-icons.min.css?ver=3.28.4 HTTP/1.1" 200 1069 "https://kneespine.com/" "Mozilla/5.0 (Linux; Android 10; K) AppleWebKit/537.36 (KHTML, like Gecko) Chrome/135.0.0.0 Mobile Safari/537.36"
