74.125.210.128 - - [28/Apr/2025:12:19:13 -0400] "GET /wp-content/plugins/elementor-pro/assets/css/widget-blockquote.min.css?ver=3.25.0 HTTP/1.1" 404 13250 "https://kneespine.com/" "Mozilla/5.0 (Linux; Android 7.0; SM-G930V Build/NRD90M) AppleWebKit/537.36 (KHTML, like Gecko) Chrome/59.0.3071.125 Mobile Safari/537.36 (compatible; Google-Read-Aloud; +https://support.google.com/webmasters/answer/1061943)"
74.125.210.128 - - [28/Apr/2025:12:19:13 -0400] "GET /wp-content/plugins/elementor/assets/css/widget-social-icons.min.css?ver=3.24.0 HTTP/1.1" 200 1069 "https://kneespine.com/" "Mozilla/5.0 (Linux; Android 7.0; SM-G930V Build/NRD90M) AppleWebKit/537.36 (KHTML, like Gecko) Chrome/59.0.3071.125 Mobile Safari/537.36 (compatible; Google-Read-Aloud; +https://support.google.com/webmasters/answer/1061943)"
74.125.210.129 - - [28/Apr/2025:12:19:13 -0400] "GET /wp-content/plugins/elementor-pro/assets/css/widget-nav-menu.min.css?ver=3.26.0 HTTP/1.1" 404 13250 "https://kneespine.com/" "Mozilla/5.0 (Linux; Android 7.0; SM-G930V Build/NRD90M) AppleWebKit/537.36 (KHTML, like Gecko) Chrome/59.0.3071.125 Mobile Safari/537.36 (compatible; Google-Read-Aloud; +https://support.google.com/webmasters/answer/1061943)"
74.125.210.129 - - [28/Apr/2025:12:19:13 -0400] "GET /wp-content/uploads/elementor/google-fonts/css/opensans.css?ver=1742289141 HTTP/1.1" 200 1830 "https://kneespine.com/" "Mozilla/5.0 (Linux; Android 7.0; SM-G930V Build/NRD90M) AppleWebKit/537.36 (KHTML, like Gecko) Chrome/59.0.3071.125 Mobile Safari/537.36 (compatible; Google-Read-Aloud; +https://support.google.com/webmasters/answer/1061943)"
74.125.210.128 - - [28/Apr/2025:12:19:13 -0400] "GET /wp-content/uploads/elementor/google-fonts/css/nunitosans.css?ver=1742795905 HTTP/1.1" 200 833 "https://kneespine.com/" "Mozilla/5.0 (Linux; Android 7.0; SM-G930V Build/NRD90M) AppleWebKit/537.36 (KHTML, like Gecko) Chrome/59.0.3071.125 Mobile Safari/537.36 (compatible; Google-Read-Aloud; +https://support.google.com/webmasters/answer/1061943)"
74.125.210.128 - - [28/Apr/2025:12:19:13 -0400] "GET /wp-content/plugins/elementor/assets/lib/flatpickr/flatpickr.min.css?ver=4.6.13 HTTP/1.1" 200 2797 "https://kneespine.com/" "Mozilla/5.0 (Linux; Android 7.0; SM-G930V Build/NRD90M) AppleWebKit/537.36 (KHTML, like Gecko) Chrome/59.0.3071.125 Mobile Safari/537.36 (compatible; Google-Read-Aloud; +https://support.google.com/webmasters/answer/1061943)"
74.125.210.129 - - [28/Apr/2025:12:19:13 -0400] "GET /wp-content/plugins/essential-addons-for-elementor-lite/assets/front-end/css/view/general.min.css?ver=6.1.11 HTTP/1.1" 200 1365 "https://kneespine.com/" "Mozilla/5.0 (Linux; Android 7.0; SM-G930V Build/NRD90M) AppleWebKit/537.36 (KHTML, like Gecko) Chrome/59.0.3071.125 Mobile Safari/537.36 (compatible; Google-Read-Aloud; +https://support.google.com/webmasters/answer/1061943)"
74.125.210.142 - - [28/Apr/2025:12:19:13 -0400] "GET /wp-content/uploads/elementor/google-fonts/css/opensans.css?ver=1742289141 HTTP/1.1" 200 1830 "https://kneespine.com/" "Mozilla/5.0 (Linux; Android 7.0; SM-G930V Build/NRD90M) AppleWebKit/537.36 (KHTML, like Gecko) Chrome/59.0.3071.125 Mobile Safari/537.36 (compatible; Google-Read-Aloud; +https://support.google.com/webmasters/answer/1061943)"
74.125.210.128 - - [28/Apr/2025:12:19:13 -0400] "GET /wp-includes/js/jquery/jquery-migrate.min.js?ver=3.4.1 HTTP/1.1" 200 4678 "https://kneespine.com/" "Mozilla/5.0 (Linux; Android 7.0; SM-G930V Build/NRD90M) AppleWebKit/537.36 (KHTML, like Gecko) Chrome/59.0.3071.125 Mobile Safari/537.36 (compatible; Google-Read-Aloud; +https://support.google.com/webmasters/answer/1061943)"
74.125.210.129 - - [28/Apr/2025:12:19:13 -0400] "GET /wp-content/uploads/elementor/google-fonts/css/nunitosans.css?ver=1742795905 HTTP/1.1" 200 833 "https://kneespine.com/" "Mozilla/5.0 (Linux; Android 7.0; SM-G930V Build/NRD90M) AppleWebKit/537.36 (KHTML, like Gecko) Chrome/59.0.3071.125 Mobile Safari/537.36 (compatible; Google-Read-Aloud; +https://support.google.com/webmasters/answer/1061943)"
74.125.210.129 - - [28/Apr/2025:12:19:13 -0400] "GET /wp-includes/js/jquery/jquery.min.js?ver=3.7.1 HTTP/1.1" 200 29744 "https://kneespine.com/" "Mozilla/5.0 (Linux; Android 7.0; SM-G930V Build/NRD90M) AppleWebKit/537.36 (KHTML, like Gecko) Chrome/59.0.3071.125 Mobile Safari/537.36 (compatible; Google-Read-Aloud; +https://support.google.com/webmasters/answer/1061943)"
74.125.210.129 - - [28/Apr/2025:12:19:13 -0400] "GET /wp-content/plugins/elementor/assets/css/widget-social-icons.min.css?ver=3.28.4 HTTP/1.1" 200 1069 "https://kneespine.com/" "Mozilla/5.0 (Linux; Android 7.0; SM-G930V Build/NRD90M) AppleWebKit/537.36 (KHTML, like Gecko) Chrome/59.0.3071.125 Mobile Safari/537.36 (compatible; Google-Read-Aloud; +https://support.google.com/webmasters/answer/1061943)"
74.125.210.142 - - [28/Apr/2025:12:19:13 -0400] "GET /wp-content/uploads/elementor/css/post-225.css?ver=1744791682 HTTP/1.1" 200 1636 "https://kneespine.com/" "Mozilla/5.0 (Linux; Android 7.0; SM-G930V Build/NRD90M) AppleWebKit/537.36 (KHTML, like Gecko) Chrome/59.0.3071.125 Mobile Safari/537.36 (compatible; Google-Read-Aloud; +https://support.google.com/webmasters/answer/1061943)"
74.125.210.129 - - [28/Apr/2025:12:19:13 -0400] "GET /wp-content/uploads/elementor/css/post-220.css?ver=1744791681 HTTP/1.1" 200 2400 "https://kneespine.com/" "Mozilla/5.0 (Linux; Android 7.0; SM-G930V Build/NRD90M) AppleWebKit/537.36 (KHTML, like Gecko) Chrome/59.0.3071.125 Mobile Safari/537.36 (compatible; Google-Read-Aloud; +https://support.google.com/webmasters/answer/1061943)"
74.125.210.142 - - [28/Apr/2025:12:19:13 -0400] "GET /wp-content/uploads/elementor/css/post-220.css?ver=1744791681 HTTP/1.1" 200 2400 "https://kneespine.com/" "Mozilla/5.0 (Linux; Android 7.0; SM-G930V Build/NRD90M) AppleWebKit/537.36 (KHTML, like Gecko) Chrome/59.0.3071.125 Mobile Safari/537.36 (compatible; Google-Read-Aloud; +https://support.google.com/webmasters/answer/1061943)"
74.125.210.129 - - [28/Apr/2025:12:19:13 -0400] "GET /wp-content/themes/hello-elementor/theme.min.css?ver=3.3.0 HTTP/1.1" 200 1131 "https://kneespine.com/" "Mozilla/5.0 (Linux; Android 7.0; SM-G930V Build/NRD90M) AppleWebKit/537.36 (KHTML, like Gecko) Chrome/59.0.3071.125 Mobile Safari/537.36 (compatible; Google-Read-Aloud; +https://support.google.com/webmasters/answer/1061943)"
74.125.210.129 - - [28/Apr/2025:12:19:13 -0400] "GET /wp-content/plugins/elementor/assets/css/conditionals/apple-webkit.min.css?ver=3.28.4 HTTP/1.1" 200 472 "https://kneespine.com/" "Mozilla/5.0 (Linux; Android 7.0; SM-G930V Build/NRD90M) AppleWebKit/537.36 (KHTML, like Gecko) Chrome/59.0.3071.125 Mobile Safari/537.36 (compatible; Google-Read-Aloud; +https://support.google.com/webmasters/answer/1061943)"
74.125.210.128 - - [28/Apr/2025:12:19:13 -0400] "GET /wp-content/plugins/elementor/assets/lib/font-awesome/css/solid.css?ver=5.15.3 HTTP/1.1" 200 296 "https://kneespine.com/" "Mozilla/5.0 (Linux; Android 7.0; SM-G930V Build/NRD90M) AppleWebKit/537.36 (KHTML, like Gecko) Chrome/59.0.3071.125 Mobile Safari/537.36 (compatible; Google-Read-Aloud; +https://support.google.com/webmasters/answer/1061943)"
59.103.124.166 - - [28/Apr/2025:12:19:13 -0400] "GET /wp-content/plugins/pro-elements/assets/js/carousel.9b02b45d7826c1c48f33.bundle.min.js HTTP/1.1" 200 1598 "https://kneespine.com/?fbclid=IwQ0xDSwJ8ibhleHRuA2FlbQIxMQABHtyAAM1m2mH_3bvMt8dFU6VK8djG8T0-zho7nhIlFcy2XOwtidQ2j050QCh0_aem_FLDH0HoqZZyorvJmrN2dFQ" "Mozilla/5.0 (Linux; Android 10; K) AppleWebKit/537.36 (KHTML, like Gecko) Chrome/133.0.0.0 Mobile Safari/537.36"
74.125.210.128 - - [28/Apr/2025:12:19:13 -0400] "GET /wp-content/plugins/elementor/assets/lib/flatpickr/flatpickr.min.css?ver=4.6.13 HTTP/1.1" 200 2797 "https://kneespine.com/" "Mozilla/5.0 (Linux; Android 7.0; SM-G930V Build/NRD90M) AppleWebKit/537.36 (KHTML, like Gecko) Chrome/59.0.3071.125 Mobile Safari/537.36 (compatible; Google-Read-Aloud; +https://support.google.com/webmasters/answer/1061943)"
59.103.124.166 - - [28/Apr/2025:12:19:13 -0400] "GET /wp-content/plugins/pro-elements/assets/js/popup.085c1727e36940b18f29.bundle.min.js HTTP/1.1" 200 395 "https://kneespine.com/?fbclid=IwQ0xDSwJ8ibhleHRuA2FlbQIxMQABHtyAAM1m2mH_3bvMt8dFU6VK8djG8T0-zho7nhIlFcy2XOwtidQ2j050QCh0_aem_FLDH0HoqZZyorvJmrN2dFQ" "Mozilla/5.0 (Linux; Android 10; K) AppleWebKit/537.36 (KHTML, like Gecko) Chrome/133.0.0.0 Mobile Safari/537.36"
59.103.124.166 - - [28/Apr/2025:12:19:13 -0400] "GET /wp-content/plugins/pro-elements/assets/js/form.c4bc7eaa69583834a7d5.bundle.min.js HTTP/1.1" 200 4825 "https://kneespine.com/?fbclid=IwQ0xDSwJ8ibhleHRuA2FlbQIxMQABHtyAAM1m2mH_3bvMt8dFU6VK8djG8T0-zho7nhIlFcy2XOwtidQ2j050QCh0_aem_FLDH0HoqZZyorvJmrN2dFQ" "Mozilla/5.0 (Linux; Android 10; K) AppleWebKit/537.36 (KHTML, like Gecko) Chrome/133.0.0.0 Mobile Safari/537.36"
74.125.210.142 - - [28/Apr/2025:12:19:14 -0400] "GET /wp-content/plugins/elementor/assets/css/widget-divider.min.css?ver=3.28.4 HTTP/1.1" 200 707 "https://kneespine.com/" "Mozilla/5.0 (Linux; Android 7.0; SM-G930V Build/NRD90M) AppleWebKit/537.36 (KHTML, like Gecko) Chrome/59.0.3071.125 Mobile Safari/537.36 (compatible; Google-Read-Aloud; +https://support.google.com/webmasters/answer/1061943)"
74.125.210.142 - - [28/Apr/2025:12:19:14 -0400] "GET /wp-content/plugins/brave-popup-builder/assets/css/frontend.min.css?ver=6.8 HTTP/1.1" 200 7994 "https://kneespine.com/" "Mozilla/5.0 (Linux; Android 7.0; SM-G930V Build/NRD90M) AppleWebKit/537.36 (KHTML, like Gecko) Chrome/59.0.3071.125 Mobile Safari/537.36 (compatible; Google-Read-Aloud; +https://support.google.com/webmasters/answer/1061943)"
74.125.210.128 - - [28/Apr/2025:12:19:14 -0400] "GET /wp-content/plugins/elementor/assets/css/widget-social-icons.min.css?ver=3.28.4 HTTP/1.1" 200 1069 "https://kneespine.com/" "Mozilla/5.0 (Linux; Android 7.0; SM-G930V Build/NRD90M) AppleWebKit/537.36 (KHTML, like Gecko) Chrome/59.0.3071.125 Mobile Safari/537.36 (compatible; Google-Read-Aloud; +https://support.google.com/webmasters/answer/1061943)"
59.103.124.166 - - [28/Apr/2025:12:19:14 -0400] "GET /wp-content/plugins/elementor/assets/js/accordion.36aa4c8c4eba17bc8e03.bundle.min.js HTTP/1.1" 200 1318 "https://kneespine.com/?fbclid=IwQ0xDSwJ8ibhleHRuA2FlbQIxMQABHtyAAM1m2mH_3bvMt8dFU6VK8djG8T0-zho7nhIlFcy2XOwtidQ2j050QCh0_aem_FLDH0HoqZZyorvJmrN2dFQ" "Mozilla/5.0 (Linux; Android 10; K) AppleWebKit/537.36 (KHTML, like Gecko) Chrome/133.0.0.0 Mobile Safari/537.36"
74.125.210.142 - - [28/Apr/2025:12:19:14 -0400] "GET /wp-content/plugins/elementor/assets/css/conditionals/apple-webkit.min.css?ver=3.28.4 HTTP/1.1" 200 472 "https://kneespine.com/" "Mozilla/5.0 (Linux; Android 7.0; SM-G930V Build/NRD90M) AppleWebKit/537.36 (KHTML, like Gecko) Chrome/59.0.3071.125 Mobile Safari/537.36 (compatible; Google-Read-Aloud; +https://support.google.com/webmasters/answer/1061943)"
59.103.124.166 - - [28/Apr/2025:12:19:14 -0400] "GET /wp-content/plugins/elementor/assets/lib/swiper/v8/swiper.min.js?ver=8.4.5 HTTP/1.1" 200 38152 "https://kneespine.com/?fbclid=IwQ0xDSwJ8ibhleHRuA2FlbQIxMQABHtyAAM1m2mH_3bvMt8dFU6VK8djG8T0-zho7nhIlFcy2XOwtidQ2j050QCh0_aem_FLDH0HoqZZyorvJmrN2dFQ" "Mozilla/5.0 (Linux; Android 10; K) AppleWebKit/537.36 (KHTML, like Gecko) Chrome/133.0.0.0 Mobile Safari/537.36"
74.125.210.142 - - [28/Apr/2025:12:19:15 -0400] "GET /wp-content/plugins/elementor/assets/css/widget-divider.min.css?ver=3.28.4 HTTP/1.1" 200 707 "https://kneespine.com/" "Mozilla/5.0 (Linux; Android 7.0; SM-G930V Build/NRD90M) AppleWebKit/537.36 (KHTML, like Gecko) Chrome/59.0.3071.125 Mobile Safari/537.36 (compatible; Google-Read-Aloud; +https://support.google.com/webmasters/answer/1061943)"
74.125.210.128 - - [28/Apr/2025:12:19:15 -0400] "GET /wp-content/uploads/elementor/google-fonts/fonts/opensans-memvyags126mizpba-uvwbx2vvnxbbobj2ovts-muw.woff2 HTTP/1.1" 200 48236 "https://kneespine.com/wp-content/uploads/elementor/google-fonts/css/opensans.css?ver=1742289141" "Mozilla/5.0 (Linux; Android 7.0; SM-G930V Build/NRD90M) AppleWebKit/537.36 (KHTML, like Gecko) Chrome/59.0.3071.125 Mobile Safari/537.36 (compatible; Google-Read-Aloud; +https://support.google.com/webmasters/answer/1061943)"
74.125.210.129 - - [28/Apr/2025:12:19:15 -0400] "GET /wp-content/uploads/elementor/google-fonts/fonts/nunitosans-pe0tmimslybiv1o4x1m8ce2xcx3yop4tqpf_metm0lfgwvpnn64cl7u8uphzibmv51q42ptcp7t1r-s.woff2 HTTP/1.1" 200 31052 "https://kneespine.com/wp-content/uploads/elementor/google-fonts/css/nunitosans.css?ver=1742795905" "Mozilla/5.0 (Linux; Android 7.0; SM-G930V Build/NRD90M) AppleWebKit/537.36 (KHTML, like Gecko) Chrome/59.0.3071.125 Mobile Safari/537.36 (compatible; Google-Read-Aloud; +https://support.google.com/webmasters/answer/1061943)"
74.125.210.128 - - [28/Apr/2025:12:19:15 -0400] "GET /wp-content/plugins/brave-popup-builder/assets/css/frontend.min.css?ver=6.8 HTTP/1.1" 200 7994 "https://kneespine.com/" "Mozilla/5.0 (Linux; Android 7.0; SM-G930V Build/NRD90M) AppleWebKit/537.36 (KHTML, like Gecko) Chrome/59.0.3071.125 Mobile Safari/537.36 (compatible; Google-Read-Aloud; +https://support.google.com/webmasters/answer/1061943)"
74.125.210.128 - - [28/Apr/2025:12:19:15 -0400] "GET /wp-content/plugins/elementor/assets/lib/jquery-numerator/jquery-numerator.min.js?ver=0.2.1 HTTP/1.1" 200 677 "https://kneespine.com/" "Mozilla/5.0 (Linux; Android 7.0; SM-G930V Build/NRD90M) AppleWebKit/537.36 (KHTML, like Gecko) Chrome/59.0.3071.125 Mobile Safari/537.36 (compatible; Google-Read-Aloud; +https://support.google.com/webmasters/answer/1061943)"
74.125.210.129 - - [28/Apr/2025:12:19:16 -0400] "GET /wp-includes/js/imagesloaded.min.js?ver=5.0.0 HTTP/1.1" 200 1687 "https://kneespine.com/" "Mozilla/5.0 (Linux; Android 7.0; SM-G930V Build/NRD90M) AppleWebKit/537.36 (KHTML, like Gecko) Chrome/59.0.3071.125 Mobile Safari/537.36 (compatible; Google-Read-Aloud; +https://support.google.com/webmasters/answer/1061943)"
74.125.210.142 - - [28/Apr/2025:12:19:16 -0400] "GET /wp-content/plugins/elementor/assets/lib/eicons/fonts/eicons.woff2?5.36.0 HTTP/1.1" 200 99440 "https://kneespine.com/wp-content/plugins/elementor/assets/lib/eicons/css/elementor-icons.min.css?ver=5.34.0" "Mozilla/5.0 (Linux; Android 7.0; SM-G930V Build/NRD90M) AppleWebKit/537.36 (KHTML, like Gecko) Chrome/59.0.3071.125 Mobile Safari/537.36 (compatible; Google-Read-Aloud; +https://support.google.com/webmasters/answer/1061943)"
74.125.210.142 - - [28/Apr/2025:12:19:16 -0400] "GET /wp-content/themes/hello-elementor/assets/js/hello-frontend.min.js?ver=3.3.0 HTTP/1.1" 200 548 "https://kneespine.com/" "Mozilla/5.0 (Linux; Android 7.0; SM-G930V Build/NRD90M) AppleWebKit/537.36 (KHTML, like Gecko) Chrome/59.0.3071.125 Mobile Safari/537.36 (compatible; Google-Read-Aloud; +https://support.google.com/webmasters/answer/1061943)"
74.125.210.128 - - [28/Apr/2025:12:19:16 -0400] "GET /wp-content/plugins/essential-addons-for-elementor-lite/assets/front-end/js/view/general.min.js?ver=6.1.11 HTTP/1.1" 200 3883 "https://kneespine.com/" "Mozilla/5.0 (Linux; Android 7.0; SM-G930V Build/NRD90M) AppleWebKit/537.36 (KHTML, like Gecko) Chrome/59.0.3071.125 Mobile Safari/537.36 (compatible; Google-Read-Aloud; +https://support.google.com/webmasters/answer/1061943)"
74.125.210.128 - - [28/Apr/2025:12:19:17 -0400] "GET /wp-content/plugins/pro-elements/assets/lib/smartmenus/jquery.smartmenus.min.js?ver=1.2.1 HTTP/1.1" 200 6867 "https://kneespine.com/" "Mozilla/5.0 (Linux; Android 7.0; SM-G930V Build/NRD90M) AppleWebKit/537.36 (KHTML, like Gecko) Chrome/59.0.3071.125 Mobile Safari/537.36 (compatible; Google-Read-Aloud; +https://support.google.com/webmasters/answer/1061943)"
74.125.210.142 - - [28/Apr/2025:12:19:17 -0400] "GET /wp-content/plugins/elementor/assets/lib/flatpickr/flatpickr.min.js?ver=4.6.13 HTTP/1.1" 200 14078 "https://kneespine.com/" "Mozilla/5.0 (Linux; Android 7.0; SM-G930V Build/NRD90M) AppleWebKit/537.36 (KHTML, like Gecko) Chrome/59.0.3071.125 Mobile Safari/537.36 (compatible; Google-Read-Aloud; +https://support.google.com/webmasters/answer/1061943)"
59.103.124.166 - - [28/Apr/2025:12:19:17 -0400] "GET /wp-content/uploads/2024/08/5-removebg-preview-1.png HTTP/1.1" 200 9205 "https://kneespine.com/?fbclid=IwQ0xDSwJ8ibhleHRuA2FlbQIxMQABHtyAAM1m2mH_3bvMt8dFU6VK8djG8T0-zho7nhIlFcy2XOwtidQ2j050QCh0_aem_FLDH0HoqZZyorvJmrN2dFQ" "Mozilla/5.0 (Linux; Android 10; K) AppleWebKit/537.36 (KHTML, like Gecko) Chrome/133.0.0.0 Mobile Safari/537.36"
59.103.124.166 - - [28/Apr/2025:12:19:18 -0400] "GET /wp-content/uploads/2024/07/cropped-Untitled_design__53_-removebg-preview-192x192.png HTTP/1.1" 200 22222 "https://kneespine.com/?fbclid=IwQ0xDSwJ8ibhleHRuA2FlbQIxMQABHtyAAM1m2mH_3bvMt8dFU6VK8djG8T0-zho7nhIlFcy2XOwtidQ2j050QCh0_aem_FLDH0HoqZZyorvJmrN2dFQ" "Mozilla/5.0 (Linux; Android 10; K) AppleWebKit/537.36 (KHTML, like Gecko) Chrome/133.0.0.0 Mobile Safari/537.36"
59.103.124.166 - - [28/Apr/2025:12:19:18 -0400] "GET /wp-content/uploads/2024/07/cropped-Untitled_design__53_-removebg-preview-180x180.png HTTP/1.1" 200 20055 "https://kneespine.com/?fbclid=IwQ0xDSwJ8ibhleHRuA2FlbQIxMQABHtyAAM1m2mH_3bvMt8dFU6VK8djG8T0-zho7nhIlFcy2XOwtidQ2j050QCh0_aem_FLDH0HoqZZyorvJmrN2dFQ" "Mozilla/5.0 (Linux; Android 10; K) AppleWebKit/537.36 (KHTML, like Gecko) Chrome/133.0.0.0 Mobile Safari/537.36"
59.103.124.166 - - [28/Apr/2025:12:19:20 -0400] "GET /wp-content/uploads/2024/08/2-removebg-preview-2.png HTTP/1.1" 200 5351 "https://kneespine.com/?fbclid=IwQ0xDSwJ8ibhleHRuA2FlbQIxMQABHtyAAM1m2mH_3bvMt8dFU6VK8djG8T0-zho7nhIlFcy2XOwtidQ2j050QCh0_aem_FLDH0HoqZZyorvJmrN2dFQ" "Mozilla/5.0 (Linux; Android 10; K) AppleWebKit/537.36 (KHTML, like Gecko) Chrome/133.0.0.0 Mobile Safari/537.36"
59.103.124.166 - - [28/Apr/2025:12:19:30 -0400] "GET /contact-us/ HTTP/1.1" 200 18901 "https://kneespine.com/?fbclid=IwQ0xDSwJ8ibhleHRuA2FlbQIxMQABHtyAAM1m2mH_3bvMt8dFU6VK8djG8T0-zho7nhIlFcy2XOwtidQ2j050QCh0_aem_FLDH0HoqZZyorvJmrN2dFQ" "Mozilla/5.0 (Linux; Android 10; K) AppleWebKit/537.36 (KHTML, like Gecko) Chrome/133.0.0.0 Mobile Safari/537.36"
59.103.124.166 - - [28/Apr/2025:12:19:31 -0400] "GET /wp-content/plugins/elementor-pro/assets/css/widget-blockquote.min.css?ver=3.25.0 HTTP/1.1" 404 13250 "https://kneespine.com/contact-us/" "Mozilla/5.0 (Linux; Android 10; K) AppleWebKit/537.36 (KHTML, like Gecko) Chrome/133.0.0.0 Mobile Safari/537.36"
59.103.124.166 - - [28/Apr/2025:12:19:31 -0400] "GET /wp-content/plugins/elementor-pro/assets/css/widget-mega-menu.min.css?ver=3.26.2 HTTP/1.1" 404 13250 "https://kneespine.com/contact-us/" "Mozilla/5.0 (Linux; Android 10; K) AppleWebKit/537.36 (KHTML, like Gecko) Chrome/133.0.0.0 Mobile Safari/537.36"
59.103.124.166 - - [28/Apr/2025:12:19:31 -0400] "GET /wp-content/plugins/elementor-pro/assets/css/widget-nav-menu.min.css?ver=3.26.0 HTTP/1.1" 404 13250 "https://kneespine.com/contact-us/" "Mozilla/5.0 (Linux; Android 10; K) AppleWebKit/537.36 (KHTML, like Gecko) Chrome/133.0.0.0 Mobile Safari/537.36"
59.103.124.166 - - [28/Apr/2025:12:19:31 -0400] "GET /wp-content/uploads/elementor/css/post-148.css?ver=1744811944 HTTP/1.1" 200 3886 "https://kneespine.com/contact-us/" "Mozilla/5.0 (Linux; Android 10; K) AppleWebKit/537.36 (KHTML, like Gecko) Chrome/133.0.0.0 Mobile Safari/537.36"
59.103.124.166 - - [28/Apr/2025:12:19:32 -0400] "GET /wp-content/uploads/2024/07/bg-copy-2-5.png HTTP/1.1" 200 9730 "https://kneespine.com/wp-content/uploads/elementor/css/post-148.css?ver=1744811944" "Mozilla/5.0 (Linux; Android 10; K) AppleWebKit/537.36 (KHTML, like Gecko) Chrome/133.0.0.0 Mobile Safari/537.36"
66.249.93.33 - - [28/Apr/2025:12:19:38 -0400] "GET /contact-us/ HTTP/1.1" 200 18901 "-" "Mozilla/5.0 (Linux; Android 7.0; SM-G930V Build/NRD90M) AppleWebKit/537.36 (KHTML, like Gecko) Chrome/59.0.3071.125 Mobile Safari/537.36 (compatible; Google-Read-Aloud; +https://support.google.com/webmasters/answer/1061943)"
74.125.210.129 - - [28/Apr/2025:12:19:39 -0400] "GET /contact-us/ HTTP/1.1" 200 18901 "-" "Mozilla/5.0 (Linux; Android 7.0; SM-G930V Build/NRD90M) AppleWebKit/537.36 (KHTML, like Gecko) Chrome/59.0.3071.125 Mobile Safari/537.36 (compatible; Google-Read-Aloud; +https://support.google.com/webmasters/answer/1061943)"
74.125.210.128 - - [28/Apr/2025:12:19:39 -0400] "GET /contact-us/ HTTP/1.1" 200 18901 "-" "Mozilla/5.0 (Linux; Android 7.0; SM-G930V Build/NRD90M) AppleWebKit/537.36 (KHTML, like Gecko) Chrome/59.0.3071.125 Mobile Safari/537.36 (compatible; Google-Read-Aloud; +https://support.google.com/webmasters/answer/1061943)"
74.125.210.129 - - [28/Apr/2025:12:19:39 -0400] "GET /wp-content/plugins/elementor-pro/assets/css/widget-mega-menu.min.css?ver=3.26.2 HTTP/1.1" 404 13250 "https://kneespine.com/contact-us/" "Mozilla/5.0 (Linux; Android 7.0; SM-G930V Build/NRD90M) AppleWebKit/537.36 (KHTML, like Gecko) Chrome/59.0.3071.125 Mobile Safari/537.36 (compatible; Google-Read-Aloud; +https://support.google.com/webmasters/answer/1061943)"
74.125.210.128 - - [28/Apr/2025:12:19:39 -0400] "GET /wp-content/uploads/elementor/css/post-148.css?ver=1744811944 HTTP/1.1" 200 3886 "https://kneespine.com/contact-us/" "Mozilla/5.0 (Linux; Android 7.0; SM-G930V Build/NRD90M) AppleWebKit/537.36 (KHTML, like Gecko) Chrome/59.0.3071.125 Mobile Safari/537.36 (compatible; Google-Read-Aloud; +https://support.google.com/webmasters/answer/1061943)"
74.125.210.129 - - [28/Apr/2025:12:19:40 -0400] "GET /wp-includes/js/jquery/jquery.min.js?ver=3.7.1 HTTP/1.1" 200 29744 "https://kneespine.com/contact-us/" "Mozilla/5.0 (Linux; Android 7.0; SM-G930V Build/NRD90M) AppleWebKit/537.36 (KHTML, like Gecko) Chrome/59.0.3071.125 Mobile Safari/537.36 (compatible; Google-Read-Aloud; +https://support.google.com/webmasters/answer/1061943)"
74.125.210.128 - - [28/Apr/2025:12:19:40 -0400] "GET /wp-content/plugins/essential-addons-for-elementor-lite/assets/front-end/js/view/general.min.js?ver=6.1.11 HTTP/1.1" 200 3883 "https://kneespine.com/contact-us/" "Mozilla/5.0 (Linux; Android 7.0; SM-G930V Build/NRD90M) AppleWebKit/537.36 (KHTML, like Gecko) Chrome/59.0.3071.125 Mobile Safari/537.36 (compatible; Google-Read-Aloud; +https://support.google.com/webmasters/answer/1061943)"
74.125.210.142 - - [28/Apr/2025:12:19:40 -0400] "GET /wp-content/themes/hello-elementor/assets/js/hello-frontend.min.js?ver=3.3.0 HTTP/1.1" 200 548 "https://kneespine.com/contact-us/" "Mozilla/5.0 (Linux; Android 7.0; SM-G930V Build/NRD90M) AppleWebKit/537.36 (KHTML, like Gecko) Chrome/59.0.3071.125 Mobile Safari/537.36 (compatible; Google-Read-Aloud; +https://support.google.com/webmasters/answer/1061943)"
74.125.210.128 - - [28/Apr/2025:12:19:40 -0400] "GET /wp-content/plugins/elementor-pro/assets/css/widget-nav-menu.min.css?ver=3.26.0 HTTP/1.1" 404 13250 "https://kneespine.com/contact-us/" "Mozilla/5.0 (Linux; Android 7.0; SM-G930V Build/NRD90M) AppleWebKit/537.36 (KHTML, like Gecko) Chrome/59.0.3071.125 Mobile Safari/537.36 (compatible; Google-Read-Aloud; +https://support.google.com/webmasters/answer/1061943)"
74.125.210.128 - - [28/Apr/2025:12:19:40 -0400] "GET /wp-content/uploads/elementor/css/post-148.css?ver=1744811944 HTTP/1.1" 200 3886 "https://kneespine.com/contact-us/" "Mozilla/5.0 (Linux; Android 7.0; SM-G930V Build/NRD90M) AppleWebKit/537.36 (KHTML, like Gecko) Chrome/59.0.3071.125 Mobile Safari/537.36 (compatible; Google-Read-Aloud; +https://support.google.com/webmasters/answer/1061943)"
74.125.210.142 - - [28/Apr/2025:12:19:40 -0400] "GET /wp-content/plugins/elementor-pro/assets/css/widget-blockquote.min.css?ver=3.25.0 HTTP/1.1" 404 13250 "https://kneespine.com/contact-us/" "Mozilla/5.0 (Linux; Android 7.0; SM-G930V Build/NRD90M) AppleWebKit/537.36 (KHTML, like Gecko) Chrome/59.0.3071.125 Mobile Safari/537.36 (compatible; Google-Read-Aloud; +https://support.google.com/webmasters/answer/1061943)"
74.125.210.129 - - [28/Apr/2025:12:19:40 -0400] "GET /wp-content/plugins/elementor-pro/assets/css/widget-blockquote.min.css?ver=3.25.0 HTTP/1.1" 404 13250 "https://kneespine.com/contact-us/" "Mozilla/5.0 (Linux; Android 7.0; SM-G930V Build/NRD90M) AppleWebKit/537.36 (KHTML, like Gecko) Chrome/59.0.3071.125 Mobile Safari/537.36 (compatible; Google-Read-Aloud; +https://support.google.com/webmasters/answer/1061943)"
74.125.210.129 - - [28/Apr/2025:12:19:40 -0400] "GET /wp-content/plugins/elementor-pro/assets/css/widget-mega-menu.min.css?ver=3.26.2 HTTP/1.1" 404 13250 "https://kneespine.com/contact-us/" "Mozilla/5.0 (Linux; Android 7.0; SM-G930V Build/NRD90M) AppleWebKit/537.36 (KHTML, like Gecko) Chrome/59.0.3071.125 Mobile Safari/537.36 (compatible; Google-Read-Aloud; +https://support.google.com/webmasters/answer/1061943)"
74.125.210.142 - - [28/Apr/2025:12:19:40 -0400] "GET /wp-includes/js/jquery/jquery-migrate.min.js?ver=3.4.1 HTTP/1.1" 200 4678 "https://kneespine.com/contact-us/" "Mozilla/5.0 (Linux; Android 7.0; SM-G930V Build/NRD90M) AppleWebKit/537.36 (KHTML, like Gecko) Chrome/59.0.3071.125 Mobile Safari/537.36 (compatible; Google-Read-Aloud; +https://support.google.com/webmasters/answer/1061943)"
74.125.210.129 - - [28/Apr/2025:12:19:40 -0400] "GET /wp-content/plugins/brave-popup-builder/assets/frontend/brave.js?ver=6.8 HTTP/1.1" 200 23854 "https://kneespine.com/contact-us/" "Mozilla/5.0 (Linux; Android 7.0; SM-G930V Build/NRD90M) AppleWebKit/537.36 (KHTML, like Gecko) Chrome/59.0.3071.125 Mobile Safari/537.36 (compatible; Google-Read-Aloud; +https://support.google.com/webmasters/answer/1061943)"
74.125.210.128 - - [28/Apr/2025:12:19:41 -0400] "GET /wp-content/plugins/elementor-pro/assets/css/widget-nav-menu.min.css?ver=3.26.0 HTTP/1.1" 404 13250 "https://kneespine.com/contact-us/" "Mozilla/5.0 (Linux; Android 7.0; SM-G930V Build/NRD90M) AppleWebKit/537.36 (KHTML, like Gecko) Chrome/59.0.3071.125 Mobile Safari/537.36 (compatible; Google-Read-Aloud; +https://support.google.com/webmasters/answer/1061943)"
74.125.210.142 - - [28/Apr/2025:12:19:41 -0400] "GET /wp-content/plugins/pro-elements/assets/js/webpack-pro.runtime.min.js?ver=3.23.1 HTTP/1.1" 200 2549 "https://kneespine.com/contact-us/" "Mozilla/5.0 (Linux; Android 7.0; SM-G930V Build/NRD90M) AppleWebKit/537.36 (KHTML, like Gecko) Chrome/59.0.3071.125 Mobile Safari/537.36 (compatible; Google-Read-Aloud; +https://support.google.com/webmasters/answer/1061943)"
74.125.210.129 - - [28/Apr/2025:12:19:41 -0400] "GET /wp-content/plugins/pro-elements/assets/lib/smartmenus/jquery.smartmenus.min.js?ver=1.2.1 HTTP/1.1" 200 6867 "https://kneespine.com/contact-us/" "Mozilla/5.0 (Linux; Android 7.0; SM-G930V Build/NRD90M) AppleWebKit/537.36 (KHTML, like Gecko) Chrome/59.0.3071.125 Mobile Safari/537.36 (compatible; Google-Read-Aloud; +https://support.google.com/webmasters/answer/1061943)"
74.125.210.129 - - [28/Apr/2025:12:19:41 -0400] "GET /wp-includes/js/jquery/ui/core.min.js?ver=1.13.3 HTTP/1.1" 200 6812 "https://kneespine.com/contact-us/" "Mozilla/5.0 (Linux; Android 7.0; SM-G930V Build/NRD90M) AppleWebKit/537.36 (KHTML, like Gecko) Chrome/59.0.3071.125 Mobile Safari/537.36 (compatible; Google-Read-Aloud; +https://support.google.com/webmasters/answer/1061943)"
74.125.210.129 - - [28/Apr/2025:12:19:41 -0400] "GET /wp-includes/js/dist/i18n.min.js?ver=5e580eb46a90c2b997e6 HTTP/1.1" 200 3542 "https://kneespine.com/contact-us/" "Mozilla/5.0 (Linux; Android 7.0; SM-G930V Build/NRD90M) AppleWebKit/537.36 (KHTML, like Gecko) Chrome/59.0.3071.125 Mobile Safari/537.36 (compatible; Google-Read-Aloud; +https://support.google.com/webmasters/answer/1061943)"
74.125.210.142 - - [28/Apr/2025:12:19:41 -0400] "GET /wp-content/plugins/elementor/assets/js/frontend-modules.min.js?ver=3.28.4 HTTP/1.1" 200 14421 "https://kneespine.com/contact-us/" "Mozilla/5.0 (Linux; Android 7.0; SM-G930V Build/NRD90M) AppleWebKit/537.36 (KHTML, like Gecko) Chrome/59.0.3071.125 Mobile Safari/537.36 (compatible; Google-Read-Aloud; +https://support.google.com/webmasters/answer/1061943)"
74.125.210.142 - - [28/Apr/2025:12:19:41 -0400] "GET /wp-content/plugins/pro-elements/assets/js/elements-handlers.min.js?ver=3.23.1 HTTP/1.1" 200 9632 "https://kneespine.com/contact-us/" "Mozilla/5.0 (Linux; Android 7.0; SM-G930V Build/NRD90M) AppleWebKit/537.36 (KHTML, like Gecko) Chrome/59.0.3071.125 Mobile Safari/537.36 (compatible; Google-Read-Aloud; +https://support.google.com/webmasters/answer/1061943)"
74.125.210.129 - - [28/Apr/2025:12:19:41 -0400] "GET /wp-includes/js/dist/hooks.min.js?ver=4d63a3d491d11ffd8ac6 HTTP/1.1" 200 1571 "https://kneespine.com/contact-us/" "Mozilla/5.0 (Linux; Android 7.0; SM-G930V Build/NRD90M) AppleWebKit/537.36 (KHTML, like Gecko) Chrome/59.0.3071.125 Mobile Safari/537.36 (compatible; Google-Read-Aloud; +https://support.google.com/webmasters/answer/1061943)"
74.125.210.128 - - [28/Apr/2025:12:19:42 -0400] "GET /wp-content/plugins/elementor/assets/js/webpack.runtime.min.js?ver=3.28.4 HTTP/1.1" 200 2228 "https://kneespine.com/contact-us/" "Mozilla/5.0 (Linux; Android 7.0; SM-G930V Build/NRD90M) AppleWebKit/537.36 (KHTML, like Gecko) Chrome/59.0.3071.125 Mobile Safari/537.36 (compatible; Google-Read-Aloud; +https://support.google.com/webmasters/answer/1061943)"
74.125.210.128 - - [28/Apr/2025:12:19:42 -0400] "GET /wp-content/plugins/elementor/assets/js/frontend.min.js?ver=3.28.4 HTTP/1.1" 200 13099 "https://kneespine.com/contact-us/" "Mozilla/5.0 (Linux; Android 7.0; SM-G930V Build/NRD90M) AppleWebKit/537.36 (KHTML, like Gecko) Chrome/59.0.3071.125 Mobile Safari/537.36 (compatible; Google-Read-Aloud; +https://support.google.com/webmasters/answer/1061943)"
74.125.210.142 - - [28/Apr/2025:12:19:42 -0400] "GET /wp-content/plugins/pro-elements/assets/js/frontend.min.js?ver=3.23.1 HTTP/1.1" 200 6467 "https://kneespine.com/contact-us/" "Mozilla/5.0 (Linux; Android 7.0; SM-G930V Build/NRD90M) AppleWebKit/537.36 (KHTML, like Gecko) Chrome/59.0.3071.125 Mobile Safari/537.36 (compatible; Google-Read-Aloud; +https://support.google.com/webmasters/answer/1061943)"
74.125.210.142 - - [28/Apr/2025:12:19:42 -0400] "GET /wp-content/plugins/selection-lite/js/sticky-effect.min.js?ver=1.15 HTTP/1.1" 200 1466 "https://kneespine.com/contact-us/" "Mozilla/5.0 (Linux; Android 7.0; SM-G930V Build/NRD90M) AppleWebKit/537.36 (KHTML, like Gecko) Chrome/59.0.3071.125 Mobile Safari/537.36 (compatible; Google-Read-Aloud; +https://support.google.com/webmasters/answer/1061943)"
54.36.148.194 - - [28/Apr/2025:12:23:03 -0400] "GET /wp-includes/class-wp-block-list.php HTTP/1.1" 200 0 "-" "Mozilla/5.0 (compatible; AhrefsBot/7.0; +http://ahrefs.com/robot/)"
4.227.36.104 - - [28/Apr/2025:12:26:59 -0400] "GET /robots.txt HTTP/1.1" 200 95 "-" "Mozilla/5.0 AppleWebKit/537.36 (KHTML, like Gecko; compatible; GPTBot/1.2; +https://openai.com/gptbot)"
66.29.132.124 - - [28/Apr/2025:12:27:12 -0400] "POST /wp-cron.php?doing_wp_cron=1745857630.3225359916687011718750 HTTP/1.1" 200 0 "-" "WordPress/6.8; https://kneespine.com"
20.171.207.100 - - [28/Apr/2025:12:26:59 -0400] "GET /wp-content/plugins/brave-popup-builder/assets/frontend/+content+ HTTP/1.1" 404 13122 "-" "Mozilla/5.0 AppleWebKit/537.36 (KHTML, like Gecko; compatible; GPTBot/1.2; +https://openai.com/gptbot)"
223.123.12.122 - - [28/Apr/2025:12:41:35 -0400] "GET / HTTP/1.1" 200 0 "-" "Mozilla/5.0 (Linux; Android 10; K) AppleWebKit/537.36 (KHTML, like Gecko) Chrome/124.0.0.0 Mobile Safari/537.36"
66.29.132.124 - - [28/Apr/2025:12:41:47 -0400] "POST /wp-cron.php?doing_wp_cron=1745858506.7046420574188232421875 HTTP/1.1" 200 0 "-" "WordPress/6.8; https://kneespine.com"
66.29.132.124 - - [28/Apr/2025:12:42:06 -0400] "POST /wp-admin/admin-ajax.php?action=async_litespeed&nonce=7heFkCPQDTi0MTUBFtxTzDoKNAy1X82i&litespeed_type=imgoptm HTTP/1.1" 200 0 "-" "WordPress/6.8; https://kneespine.com"
66.29.132.124 - - [28/Apr/2025:12:42:08 -0400] "POST /wp-admin/admin-ajax.php?action=as_async_request_queue_runner&nonce=bd5b960920 HTTP/1.1" 200 0 "-" "WordPress/6.8; https://kneespine.com"
66.29.132.124 - - [28/Apr/2025:12:42:10 -0400] "POST /wp-cron.php?doing_wp_cron=1745858529.5635039806365966796875 HTTP/1.1" 200 0 "-" "WordPress/6.8; https://kneespine.com"
45.61.186.205 - - [28/Apr/2025:12:59:29 -0400] "GET /wp-login.php HTTP/1.1" 200 5847 "-" "Mozilla/5.0 (Windows NT 6.3; WOW64) AppleWebKit/537.36 (KHTML, like Gecko) Chrome/36.0.1985.125 Safari/537.36"
173.252.69.115 - - [28/Apr/2025:12:59:29 -0400] "GET /wp-content/uploads/elementor/thumbs/Untitled-design-53-qsvhqk8hh6vozl3na2xyh8dr6oaxeag1pbvqh2irkw.png HTTP/1.1" 200 170764 "-" "facebookexternalhit/1.1 (+http://www.facebook.com/externalhit_uatext.php)"
66.29.132.124 - - [28/Apr/2025:12:59:40 -0400] "POST /wp-cron.php?doing_wp_cron=1745859580.0465869903564453125000 HTTP/1.1" 200 0 "-" "WordPress/6.8; https://kneespine.com"
45.61.186.205 - - [28/Apr/2025:12:59:29 -0400] "POST /wp-login.php HTTP/1.1" 200 6103 "-" "Mozilla/5.0 (Windows NT 6.3; WOW64) AppleWebKit/537.36 (KHTML, like Gecko) Chrome/36.0.1985.125 Safari/537.36"
66.29.132.124 - - [28/Apr/2025:12:59:42 -0400] "POST /wp-admin/admin-ajax.php?action=async_litespeed&nonce=rX6a4k0kz87IMyNTv90qJSTLegY3RSkz&litespeed_type=imgoptm HTTP/1.1" 200 0 "-" "WordPress/6.8; https://kneespine.com"
66.29.132.124 - - [28/Apr/2025:13:08:33 -0400] "POST /wp-cron.php?doing_wp_cron=1745860112.2916929721832275390625 HTTP/1.1" 200 0 "-" "WordPress/6.8; https://kneespine.com"
125.75.66.97 - - [28/Apr/2025:13:08:22 -0400] "GET / HTTP/1.1" 301 0 "http://www.kneespine.com" "Mozilla/5.0 (iPhone; CPU iPhone OS 13_2_3 like Mac OS X) AppleWebKit/605.1.15 (KHTML, like Gecko) Version/13.0.3 Mobile/15E148 Safari/604.1"
125.75.66.97 - - [28/Apr/2025:13:08:42 -0400] "GET / HTTP/1.1" 200 31790 "https://www.kneespine.com/" "Mozilla/5.0 (iPhone; CPU iPhone OS 13_2_3 like Mac OS X) AppleWebKit/605.1.15 (KHTML, like Gecko) Version/13.0.3 Mobile/15E148 Safari/604.1"
66.29.132.124 - - [28/Apr/2025:13:08:45 -0400] "POST /wp-admin/admin-ajax.php?action=async_litespeed&nonce=miiLvVJxnbqKvBbVAokF1H30FDxC4fe7&litespeed_type=imgoptm HTTP/1.1" 200 0 "-" "WordPress/6.8; https://kneespine.com"
66.29.132.124 - - [28/Apr/2025:13:08:48 -0400] "POST /wp-admin/admin-ajax.php?action=as_async_request_queue_runner&nonce=bd5b960920 HTTP/1.1" 200 0 "-" "WordPress/6.8; https://kneespine.com"
54.36.148.106 - - [28/Apr/2025:13:17:38 -0400] "GET /wp-includes/class-walker-category-dropdown.php HTTP/1.1" 500 0 "-" "Mozilla/5.0 (compatible; AhrefsBot/7.0; +http://ahrefs.com/robot/)"
59.103.124.166 - - [28/Apr/2025:13:21:32 -0400] "GET /wp-content/plugins/elementor-pro/assets/css/widget-blockquote.min.css?ver=3.25.0 HTTP/1.1" 200 0 "https://kneespine.com/contact-us/" "Mozilla/5.0 (Linux; Android 10; K) AppleWebKit/537.36 (KHTML, like Gecko) Chrome/133.0.0.0 Mobile Safari/537.36"
59.103.124.166 - - [28/Apr/2025:13:21:32 -0400] "GET /wp-content/plugins/elementor-pro/assets/css/widget-nav-menu.min.css?ver=3.26.0 HTTP/1.1" 200 0 "https://kneespine.com/contact-us/" "Mozilla/5.0 (Linux; Android 10; K) AppleWebKit/537.36 (KHTML, like Gecko) Chrome/133.0.0.0 Mobile Safari/537.36"
59.103.124.166 - - [28/Apr/2025:13:21:32 -0400] "GET /wp-content/plugins/elementor-pro/assets/css/widget-mega-menu.min.css?ver=3.26.2 HTTP/1.1" 200 0 "https://kneespine.com/contact-us/" "Mozilla/5.0 (Linux; Android 10; K) AppleWebKit/537.36 (KHTML, like Gecko) Chrome/133.0.0.0 Mobile Safari/537.36"
66.29.132.124 - - [28/Apr/2025:13:21:41 -0400] "POST /wp-cron.php?doing_wp_cron=1745860900.6029319763183593750000 HTTP/1.1" 200 0 "-" "WordPress/6.8; https://kneespine.com"
66.29.132.124 - - [28/Apr/2025:13:21:41 -0400] "POST /wp-cron.php?doing_wp_cron=1745860900.6031639575958251953125 HTTP/1.1" 200 0 "-" "WordPress/6.8; https://kneespine.com"
66.29.132.124 - - [28/Apr/2025:13:21:42 -0400] "POST /wp-admin/admin-ajax.php?action=async_litespeed&nonce=539CqC0zOPU55ALBvrfX3TrIjmJN6Tpx&litespeed_type=imgoptm HTTP/1.1" 200 0 "-" "WordPress/6.8; https://kneespine.com"
59.103.124.166 - - [28/Apr/2025:13:21:43 -0400] "GET /wp-content/plugins/elementor-pro/assets/css/widget-mega-menu.min.css?ver=3.26.2 HTTP/1.1" 404 13140 "https://kneespine.com/contact-us/" "Mozilla/5.0 (Linux; Android 10; K) AppleWebKit/537.36 (KHTML, like Gecko) Chrome/133.0.0.0 Mobile Safari/537.36"
59.103.124.166 - - [28/Apr/2025:13:21:43 -0400] "GET /wp-content/plugins/elementor-pro/assets/css/widget-nav-menu.min.css?ver=3.26.0 HTTP/1.1" 404 13140 "https://kneespine.com/contact-us/" "Mozilla/5.0 (Linux; Android 10; K) AppleWebKit/537.36 (KHTML, like Gecko) Chrome/133.0.0.0 Mobile Safari/537.36"
59.103.124.166 - - [28/Apr/2025:13:21:49 -0400] "GET /wp-content/uploads/elementor/thumbs/Untitled-design-53-qsvhqk8hh6vozl3na2xyh8dr6oaxeag1pbvqh2irkw.png HTTP/1.1" 200 170764 "https://kneespine.com/contact-us/" "Mozilla/5.0 (Linux; Android 10; K) AppleWebKit/537.36 (KHTML, like Gecko) Chrome/133.0.0.0 Mobile Safari/537.36"
66.249.65.203 - - [28/Apr/2025:13:39:41 -0400] "GET /robots.txt HTTP/1.1" 200 95 "-" "Mozilla/5.0 (compatible; Googlebot/2.1; +http://www.google.com/bot.html)"
66.29.132.124 - - [28/Apr/2025:13:40:23 -0400] "POST /wp-cron.php?doing_wp_cron=1745862022.9060750007629394531250 HTTP/1.1" 200 0 "-" "WordPress/6.8; https://kneespine.com"
66.249.65.201 - - [28/Apr/2025:13:40:06 -0400] "GET /elementor-hf/header/ HTTP/1.1" 301 0 "-" "Mozilla/5.0 (Linux; Android 6.0.1; Nexus 5X Build/MMB29P) AppleWebKit/537.36 (KHTML, like Gecko) Chrome/135.0.7049.95 Mobile Safari/537.36 (compatible; Googlebot/2.1; +http://www.google.com/bot.html)"
66.29.132.124 - - [28/Apr/2025:13:40:39 -0400] "POST /wp-admin/admin-ajax.php?action=async_litespeed&nonce=dFVl1JzGYEgyiLjlrxe73zdQXxEHUHwg&litespeed_type=imgoptm HTTP/1.1" 200 0 "-" "WordPress/6.8; https://kneespine.com"
66.29.132.124 - - [28/Apr/2025:13:40:43 -0400] "POST /wp-admin/admin-ajax.php?action=as_async_request_queue_runner&nonce=bd5b960920 HTTP/1.1" 200 0 "-" "WordPress/6.8; https://kneespine.com"
66.249.65.201 - - [28/Apr/2025:13:41:43 -0400] "GET / HTTP/1.1" 200 26518 "-" "Mozilla/5.0 (Linux; Android 6.0.1; Nexus 5X Build/MMB29P) AppleWebKit/537.36 (KHTML, like Gecko) Chrome/135.0.7049.95 Mobile Safari/537.36 (compatible; Googlebot/2.1; +http://www.google.com/bot.html)"
66.249.65.202 - - [28/Apr/2025:13:42:03 -0400] "GET /wp-content/themes/hello-elementor/assets/js/hello-frontend.min.js?ver=3.3.0 HTTP/1.1" 200 548 "https://kneespine.com/" "Mozilla/5.0 (Linux; Android 6.0.1; Nexus 5X Build/MMB29P) AppleWebKit/537.36 (KHTML, like Gecko) Chrome/134.0.6998.165 Mobile Safari/537.36 (compatible; Googlebot/2.1; +http://www.google.com/bot.html)"
31.13.115.112 - - [28/Apr/2025:13:48:03 -0400] "GET /wp-content/uploads/2024/07/Untitled_design__53_-removebg-preview.png HTTP/1.1" 200 49731 "-" "facebookexternalhit/1.1 (+http://www.facebook.com/externalhit_uatext.php)"
66.29.132.124 - - [28/Apr/2025:13:56:10 -0400] "POST /wp-cron.php?doing_wp_cron=1745862970.3108730316162109375000 HTTP/1.1" 200 0 "-" "WordPress/6.8; https://kneespine.com"
66.29.132.124 - - [28/Apr/2025:13:56:10 -0400] "POST /wp-cron.php?doing_wp_cron=1745862970.3193440437316894531250 HTTP/1.1" 200 0 "-" "WordPress/6.8; https://kneespine.com"
119.63.138.5 - - [28/Apr/2025:13:56:05 -0400] "GET / HTTP/1.1" 301 0 "-" "Mozilla/5.0 (Linux; Android 10; K) AppleWebKit/537.36 (KHTML, like Gecko) Chrome/135.0.0.0 Mobile Safari/537.36"
139.135.59.146 - - [28/Apr/2025:13:56:01 -0400] "GET /?fbclid=IwY2xjawJ8oH9leHRuA2FlbQIxMQABHpfN2PXe8TKNfVNgbxzEtX4apZn5qDmBpP_ncb8K73-xx7IGveBML4uli_db_aem_YiIGL_yGf1QFHMFPsmHREg HTTP/1.1" 301 0 "https://lm.facebook.com/" "Mozilla/5.0 (Linux; Android 14; Infinix X6881 Build/UP1A.231005.007; wv) AppleWebKit/537.36 (KHTML, like Gecko) Version/4.0 Chrome/135.0.7049.105 Mobile Safari/537.36 [FB_IAB/FB4A;FBAV/510.0.0.72.41;IABMV/1;]"
139.135.59.146 - - [28/Apr/2025:13:56:12 -0400] "GET /?fbclid=IwY2xjawJ8oH9leHRuA2FlbQIxMQABHpfN2PXe8TKNfVNgbxzEtX4apZn5qDmBpP_ncb8K73-xx7IGveBML4uli_db_aem_YiIGL_yGf1QFHMFPsmHREg HTTP/1.1" 200 26518 "https://lm.facebook.com/" "Mozilla/5.0 (Linux; Android 14; Infinix X6881 Build/UP1A.231005.007; wv) AppleWebKit/537.36 (KHTML, like Gecko) Version/4.0 Chrome/135.0.7049.105 Mobile Safari/537.36 [FB_IAB/FB4A;FBAV/510.0.0.72.41;IABMV/1;]"
66.29.132.124 - - [28/Apr/2025:13:56:11 -0400] "POST /wp-admin/admin-ajax.php?action=async_litespeed&nonce=SPpivOPkit7uF2ERpUR6CwLXyb2hjyT9&litespeed_type=imgoptm HTTP/1.1" 200 0 "-" "WordPress/6.8; https://kneespine.com"
119.63.138.5 - - [28/Apr/2025:13:56:13 -0400] "GET / HTTP/1.1" 200 26518 "-" "Mozilla/5.0 (Linux; Android 10; K) AppleWebKit/537.36 (KHTML, like Gecko) Chrome/135.0.0.0 Mobile Safari/537.36"
139.135.59.146 - - [28/Apr/2025:13:56:13 -0400] "GET /wp-content/plugins/header-footer-elementor/assets/css/header-footer-elementor.css?ver=2.3.0 HTTP/1.1" 200 259 "https://kneespine.com/?fbclid=IwY2xjawJ8oH9leHRuA2FlbQIxMQABHpfN2PXe8TKNfVNgbxzEtX4apZn5qDmBpP_ncb8K73-xx7IGveBML4uli_db_aem_YiIGL_yGf1QFHMFPsmHREg" "Mozilla/5.0 (Linux; Android 14; Infinix X6881 Build/UP1A.231005.007; wv) AppleWebKit/537.36 (KHTML, like Gecko) Version/4.0 Chrome/135.0.7049.105 Mobile Safari/537.36 [FB_IAB/FB4A;FBAV/510.0.0.72.41;IABMV/1;]"
139.135.59.146 - - [28/Apr/2025:13:56:13 -0400] "GET /wp-content/uploads/elementor/css/post-66.css?ver=1744791676 HTTP/1.1" 200 1424 "https://kneespine.com/?fbclid=IwY2xjawJ8oH9leHRuA2FlbQIxMQABHpfN2PXe8TKNfVNgbxzEtX4apZn5qDmBpP_ncb8K73-xx7IGveBML4uli_db_aem_YiIGL_yGf1QFHMFPsmHREg" "Mozilla/5.0 (Linux; Android 14; Infinix X6881 Build/UP1A.231005.007; wv) AppleWebKit/537.36 (KHTML, like Gecko) Version/4.0 Chrome/135.0.7049.105 Mobile Safari/537.36 [FB_IAB/FB4A;FBAV/510.0.0.72.41;IABMV/1;]"
139.135.59.146 - - [28/Apr/2025:13:56:13 -0400] "GET /wp-content/plugins/selection-lite/css/sticky-effect.min.css?ver=1.15 HTTP/1.1" 200 0 "https://kneespine.com/?fbclid=IwY2xjawJ8oH9leHRuA2FlbQIxMQABHpfN2PXe8TKNfVNgbxzEtX4apZn5qDmBpP_ncb8K73-xx7IGveBML4uli_db_aem_YiIGL_yGf1QFHMFPsmHREg" "Mozilla/5.0 (Linux; Android 14; Infinix X6881 Build/UP1A.231005.007; wv) AppleWebKit/537.36 (KHTML, like Gecko) Version/4.0 Chrome/135.0.7049.105 Mobile Safari/537.36 [FB_IAB/FB4A;FBAV/510.0.0.72.41;IABMV/1;]"
139.135.59.146 - - [28/Apr/2025:13:56:13 -0400] "GET /wp-content/plugins/elementor/assets/css/widget-heading.min.css?ver=3.28.4 HTTP/1.1" 200 154 "https://kneespine.com/?fbclid=IwY2xjawJ8oH9leHRuA2FlbQIxMQABHpfN2PXe8TKNfVNgbxzEtX4apZn5qDmBpP_ncb8K73-xx7IGveBML4uli_db_aem_YiIGL_yGf1QFHMFPsmHREg" "Mozilla/5.0 (Linux; Android 14; Infinix X6881 Build/UP1A.231005.007; wv) AppleWebKit/537.36 (KHTML, like Gecko) Version/4.0 Chrome/135.0.7049.105 Mobile Safari/537.36 [FB_IAB/FB4A;FBAV/510.0.0.72.41;IABMV/1;]"
139.135.59.146 - - [28/Apr/2025:13:56:13 -0400] "GET /wp-content/plugins/elementor/assets/lib/animations/styles/e-animation-grow.min.css?ver=3.28.4 HTTP/1.1" 200 198 "https://kneespine.com/?fbclid=IwY2xjawJ8oH9leHRuA2FlbQIxMQABHpfN2PXe8TKNfVNgbxzEtX4apZn5qDmBpP_ncb8K73-xx7IGveBML4uli_db_aem_YiIGL_yGf1QFHMFPsmHREg" "Mozilla/5.0 (Linux; Android 14; Infinix X6881 Build/UP1A.231005.007; wv) AppleWebKit/537.36 (KHTML, like Gecko) Version/4.0 Chrome/135.0.7049.105 Mobile Safari/537.36 [FB_IAB/FB4A;FBAV/510.0.0.72.41;IABMV/1;]"
139.135.59.146 - - [28/Apr/2025:13:56:13 -0400] "GET /wp-content/plugins/elementor/assets/css/widget-image.min.css?ver=3.28.4 HTTP/1.1" 200 254 "https://kneespine.com/?fbclid=IwY2xjawJ8oH9leHRuA2FlbQIxMQABHpfN2PXe8TKNfVNgbxzEtX4apZn5qDmBpP_ncb8K73-xx7IGveBML4uli_db_aem_YiIGL_yGf1QFHMFPsmHREg" "Mozilla/5.0 (Linux; Android 14; Infinix X6881 Build/UP1A.231005.007; wv) AppleWebKit/537.36 (KHTML, like Gecko) Version/4.0 Chrome/135.0.7049.105 Mobile Safari/537.36 [FB_IAB/FB4A;FBAV/510.0.0.72.41;IABMV/1;]"
139.135.59.146 - - [28/Apr/2025:13:56:13 -0400] "GET /wp-content/plugins/header-footer-elementor/inc/widgets-css/frontend.css?ver=2.3.0 HTTP/1.1" 200 8133 "https://kneespine.com/?fbclid=IwY2xjawJ8oH9leHRuA2FlbQIxMQABHpfN2PXe8TKNfVNgbxzEtX4apZn5qDmBpP_ncb8K73-xx7IGveBML4uli_db_aem_YiIGL_yGf1QFHMFPsmHREg" "Mozilla/5.0 (Linux; Android 14; Infinix X6881 Build/UP1A.231005.007; wv) AppleWebKit/537.36 (KHTML, like Gecko) Version/4.0 Chrome/135.0.7049.105 Mobile Safari/537.36 [FB_IAB/FB4A;FBAV/510.0.0.72.41;IABMV/1;]"
139.135.59.146 - - [28/Apr/2025:13:56:13 -0400] "GET /wp-content/plugins/pro-elements/assets/css/frontend.min.css?ver=3.23.1 HTTP/1.1" 200 43409 "https://kneespine.com/?fbclid=IwY2xjawJ8oH9leHRuA2FlbQIxMQABHpfN2PXe8TKNfVNgbxzEtX4apZn5qDmBpP_ncb8K73-xx7IGveBML4uli_db_aem_YiIGL_yGf1QFHMFPsmHREg" "Mozilla/5.0 (Linux; Android 14; Infinix X6881 Build/UP1A.231005.007; wv) AppleWebKit/537.36 (KHTML, like Gecko) Version/4.0 Chrome/135.0.7049.105 Mobile Safari/537.36 [FB_IAB/FB4A;FBAV/510.0.0.72.41;IABMV/1;]"
139.135.59.146 - - [28/Apr/2025:13:56:13 -0400] "GET /wp-content/plugins/elementor/assets/css/frontend.min.css?ver=3.28.4 HTTP/1.1" 200 6453 "https://kneespine.com/?fbclid=IwY2xjawJ8oH9leHRuA2FlbQIxMQABHpfN2PXe8TKNfVNgbxzEtX4apZn5qDmBpP_ncb8K73-xx7IGveBML4uli_db_aem_YiIGL_yGf1QFHMFPsmHREg" "Mozilla/5.0 (Linux; Android 14; Infinix X6881 Build/UP1A.231005.007; wv) AppleWebKit/537.36 (KHTML, like Gecko) Version/4.0 Chrome/135.0.7049.105 Mobile Safari/537.36 [FB_IAB/FB4A;FBAV/510.0.0.72.41;IABMV/1;]"
139.135.59.146 - - [28/Apr/2025:13:56:13 -0400] "GET /wp-content/plugins/elementor/assets/lib/animations/styles/fadeIn.min.css?ver=3.28.4 HTTP/1.1" 200 77 "https://kneespine.com/?fbclid=IwY2xjawJ8oH9leHRuA2FlbQIxMQABHpfN2PXe8TKNfVNgbxzEtX4apZn5qDmBpP_ncb8K73-xx7IGveBML4uli_db_aem_YiIGL_yGf1QFHMFPsmHREg" "Mozilla/5.0 (Linux; Android 14; Infinix X6881 Build/UP1A.231005.007; wv) AppleWebKit/537.36 (KHTML, like Gecko) Version/4.0 Chrome/135.0.7049.105 Mobile Safari/537.36 [FB_IAB/FB4A;FBAV/510.0.0.72.41;IABMV/1;]"
139.135.59.146 - - [28/Apr/2025:13:56:13 -0400] "GET /wp-content/plugins/elementor/assets/css/widget-counter.min.css?ver=3.28.4 HTTP/1.1" 200 234 "https://kneespine.com/?fbclid=IwY2xjawJ8oH9leHRuA2FlbQIxMQABHpfN2PXe8TKNfVNgbxzEtX4apZn5qDmBpP_ncb8K73-xx7IGveBML4uli_db_aem_YiIGL_yGf1QFHMFPsmHREg" "Mozilla/5.0 (Linux; Android 14; Infinix X6881 Build/UP1A.231005.007; wv) AppleWebKit/537.36 (KHTML, like Gecko) Version/4.0 Chrome/135.0.7049.105 Mobile Safari/537.36 [FB_IAB/FB4A;FBAV/510.0.0.72.41;IABMV/1;]"
139.135.59.146 - - [28/Apr/2025:13:56:13 -0400] "GET /wp-content/plugins/elementor/assets/css/widget-image-box.min.css?ver=3.28.4 HTTP/1.1" 200 291 "https://kneespine.com/?fbclid=IwY2xjawJ8oH9leHRuA2FlbQIxMQABHpfN2PXe8TKNfVNgbxzEtX4apZn5qDmBpP_ncb8K73-xx7IGveBML4uli_db_aem_YiIGL_yGf1QFHMFPsmHREg" "Mozilla/5.0 (Linux; Android 14; Infinix X6881 Build/UP1A.231005.007; wv) AppleWebKit/537.36 (KHTML, like Gecko) Version/4.0 Chrome/135.0.7049.105 Mobile Safari/537.36 [FB_IAB/FB4A;FBAV/510.0.0.72.41;IABMV/1;]"
139.135.59.146 - - [28/Apr/2025:13:56:13 -0400] "GET /wp-content/plugins/elementor/assets/css/widget-icon-list.min.css?ver=3.24.3 HTTP/1.1" 200 957 "https://kneespine.com/?fbclid=IwY2xjawJ8oH9leHRuA2FlbQIxMQABHpfN2PXe8TKNfVNgbxzEtX4apZn5qDmBpP_ncb8K73-xx7IGveBML4uli_db_aem_YiIGL_yGf1QFHMFPsmHREg" "Mozilla/5.0 (Linux; Android 14; Infinix X6881 Build/UP1A.231005.007; wv) AppleWebKit/537.36 (KHTML, like Gecko) Version/4.0 Chrome/135.0.7049.105 Mobile Safari/537.36 [FB_IAB/FB4A;FBAV/510.0.0.72.41;IABMV/1;]"
139.135.59.146 - - [28/Apr/2025:13:56:13 -0400] "GET /wp-content/plugins/elementor-pro/assets/css/widget-mega-menu.min.css?ver=3.26.2 HTTP/1.1" 404 13140 "https://kneespine.com/?fbclid=IwY2xjawJ8oH9leHRuA2FlbQIxMQABHpfN2PXe8TKNfVNgbxzEtX4apZn5qDmBpP_ncb8K73-xx7IGveBML4uli_db_aem_YiIGL_yGf1QFHMFPsmHREg" "Mozilla/5.0 (Linux; Android 14; Infinix X6881 Build/UP1A.231005.007; wv) AppleWebKit/537.36 (KHTML, like Gecko) Version/4.0 Chrome/135.0.7049.105 Mobile Safari/537.36 [FB_IAB/FB4A;FBAV/510.0.0.72.41;IABMV/1;]"
139.135.59.146 - - [28/Apr/2025:13:56:13 -0400] "GET /wp-content/plugins/elementor-pro/assets/css/widget-nav-menu.min.css?ver=3.26.0 HTTP/1.1" 404 13140 "https://kneespine.com/?fbclid=IwY2xjawJ8oH9leHRuA2FlbQIxMQABHpfN2PXe8TKNfVNgbxzEtX4apZn5qDmBpP_ncb8K73-xx7IGveBML4uli_db_aem_YiIGL_yGf1QFHMFPsmHREg" "Mozilla/5.0 (Linux; Android 14; Infinix X6881 Build/UP1A.231005.007; wv) AppleWebKit/537.36 (KHTML, like Gecko) Version/4.0 Chrome/135.0.7049.105 Mobile Safari/537.36 [FB_IAB/FB4A;FBAV/510.0.0.72.41;IABMV/1;]"
139.135.59.146 - - [28/Apr/2025:13:56:13 -0400] "GET /wp-content/plugins/elementor/assets/lib/animations/styles/fadeInUp.min.css?ver=3.28.4 HTTP/1.1" 200 130 "https://kneespine.com/?fbclid=IwY2xjawJ8oH9leHRuA2FlbQIxMQABHpfN2PXe8TKNfVNgbxzEtX4apZn5qDmBpP_ncb8K73-xx7IGveBML4uli_db_aem_YiIGL_yGf1QFHMFPsmHREg" "Mozilla/5.0 (Linux; Android 14; Infinix X6881 Build/UP1A.231005.007; wv) AppleWebKit/537.36 (KHTML, like Gecko) Version/4.0 Chrome/135.0.7049.105 Mobile Safari/537.36 [FB_IAB/FB4A;FBAV/510.0.0.72.41;IABMV/1;]"
139.135.59.146 - - [28/Apr/2025:13:56:13 -0400] "GET /wp-content/plugins/elementor/assets/lib/animations/styles/slideInUp.min.css?ver=3.28.4 HTTP/1.1" 200 146 "https://kneespine.com/?fbclid=IwY2xjawJ8oH9leHRuA2FlbQIxMQABHpfN2PXe8TKNfVNgbxzEtX4apZn5qDmBpP_ncb8K73-xx7IGveBML4uli_db_aem_YiIGL_yGf1QFHMFPsmHREg" "Mozilla/5.0 (Linux; Android 14; Infinix X6881 Build/UP1A.231005.007; wv) AppleWebKit/537.36 (KHTML, like Gecko) Version/4.0 Chrome/135.0.7049.105 Mobile Safari/537.36 [FB_IAB/FB4A;FBAV/510.0.0.72.41;IABMV/1;]"
139.135.59.146 - - [28/Apr/2025:13:56:13 -0400] "GET /wp-content/plugins/elementor/assets/css/widget-icon-box.min.css?ver=3.28.4 HTTP/1.1" 200 656 "https://kneespine.com/?fbclid=IwY2xjawJ8oH9leHRuA2FlbQIxMQABHpfN2PXe8TKNfVNgbxzEtX4apZn5qDmBpP_ncb8K73-xx7IGveBML4uli_db_aem_YiIGL_yGf1QFHMFPsmHREg" "Mozilla/5.0 (Linux; Android 14; Infinix X6881 Build/UP1A.231005.007; wv) AppleWebKit/537.36 (KHTML, like Gecko) Version/4.0 Chrome/135.0.7049.105 Mobile Safari/537.36 [FB_IAB/FB4A;FBAV/510.0.0.72.41;IABMV/1;]"
