139.135.59.146 - - [28/Apr/2025:13:56:13 -0400] "GET /wp-content/plugins/elementor/assets/css/widget-accordion.min.css?ver=3.28.4 HTTP/1.1" 200 377 "https://kneespine.com/?fbclid=IwY2xjawJ8oH9leHRuA2FlbQIxMQABHpfN2PXe8TKNfVNgbxzEtX4apZn5qDmBpP_ncb8K73-xx7IGveBML4uli_db_aem_YiIGL_yGf1QFHMFPsmHREg" "Mozilla/5.0 (Linux; Android 14; Infinix X6881 Build/UP1A.231005.007; wv) AppleWebKit/537.36 (KHTML, like Gecko) Version/4.0 Chrome/135.0.7049.105 Mobile Safari/537.36 [FB_IAB/FB4A;FBAV/510.0.0.72.41;IABMV/1;]"
139.135.59.146 - - [28/Apr/2025:13:56:13 -0400] "GET /wp-content/plugins/elementor/assets/lib/animations/styles/e-animation-float.min.css?ver=3.28.4 HTTP/1.1" 200 244 "https://kneespine.com/?fbclid=IwY2xjawJ8oH9leHRuA2FlbQIxMQABHpfN2PXe8TKNfVNgbxzEtX4apZn5qDmBpP_ncb8K73-xx7IGveBML4uli_db_aem_YiIGL_yGf1QFHMFPsmHREg" "Mozilla/5.0 (Linux; Android 14; Infinix X6881 Build/UP1A.231005.007; wv) AppleWebKit/537.36 (KHTML, like Gecko) Version/4.0 Chrome/135.0.7049.105 Mobile Safari/537.36 [FB_IAB/FB4A;FBAV/510.0.0.72.41;IABMV/1;]"
139.135.59.146 - - [28/Apr/2025:13:56:13 -0400] "GET /wp-content/plugins/elementor/assets/css/widget-google_maps.min.css?ver=3.28.4 HTTP/1.1" 200 117 "https://kneespine.com/?fbclid=IwY2xjawJ8oH9leHRuA2FlbQIxMQABHpfN2PXe8TKNfVNgbxzEtX4apZn5qDmBpP_ncb8K73-xx7IGveBML4uli_db_aem_YiIGL_yGf1QFHMFPsmHREg" "Mozilla/5.0 (Linux; Android 14; Infinix X6881 Build/UP1A.231005.007; wv) AppleWebKit/537.36 (KHTML, like Gecko) Version/4.0 Chrome/135.0.7049.105 Mobile Safari/537.36 [FB_IAB/FB4A;FBAV/510.0.0.72.41;IABMV/1;]"
139.135.59.146 - - [28/Apr/2025:13:56:13 -0400] "GET /wp-content/plugins/elementor/assets/css/widget-icon-list.min.css?ver=3.28.4 HTTP/1.1" 200 957 "https://kneespine.com/?fbclid=IwY2xjawJ8oH9leHRuA2FlbQIxMQABHpfN2PXe8TKNfVNgbxzEtX4apZn5qDmBpP_ncb8K73-xx7IGveBML4uli_db_aem_YiIGL_yGf1QFHMFPsmHREg" "Mozilla/5.0 (Linux; Android 14; Infinix X6881 Build/UP1A.231005.007; wv) AppleWebKit/537.36 (KHTML, like Gecko) Version/4.0 Chrome/135.0.7049.105 Mobile Safari/537.36 [FB_IAB/FB4A;FBAV/510.0.0.72.41;IABMV/1;]"
139.135.59.146 - - [28/Apr/2025:13:56:13 -0400] "GET /wp-content/uploads/elementor/css/post-220.css?ver=1744791681 HTTP/1.1" 200 2400 "https://kneespine.com/?fbclid=IwY2xjawJ8oH9leHRuA2FlbQIxMQABHpfN2PXe8TKNfVNgbxzEtX4apZn5qDmBpP_ncb8K73-xx7IGveBML4uli_db_aem_YiIGL_yGf1QFHMFPsmHREg" "Mozilla/5.0 (Linux; Android 14; Infinix X6881 Build/UP1A.231005.007; wv) AppleWebKit/537.36 (KHTML, like Gecko) Version/4.0 Chrome/135.0.7049.105 Mobile Safari/537.36 [FB_IAB/FB4A;FBAV/510.0.0.72.41;IABMV/1;]"
139.135.59.146 - - [28/Apr/2025:13:56:13 -0400] "GET /wp-content/uploads/elementor/css/post-225.css?ver=1744791682 HTTP/1.1" 200 1636 "https://kneespine.com/?fbclid=IwY2xjawJ8oH9leHRuA2FlbQIxMQABHpfN2PXe8TKNfVNgbxzEtX4apZn5qDmBpP_ncb8K73-xx7IGveBML4uli_db_aem_YiIGL_yGf1QFHMFPsmHREg" "Mozilla/5.0 (Linux; Android 14; Infinix X6881 Build/UP1A.231005.007; wv) AppleWebKit/537.36 (KHTML, like Gecko) Version/4.0 Chrome/135.0.7049.105 Mobile Safari/537.36 [FB_IAB/FB4A;FBAV/510.0.0.72.41;IABMV/1;]"
139.135.59.146 - - [28/Apr/2025:13:56:13 -0400] "GET /wp-content/themes/hello-elementor/style.min.css?ver=3.3.0 HTTP/1.1" 200 1591 "https://kneespine.com/?fbclid=IwY2xjawJ8oH9leHRuA2FlbQIxMQABHpfN2PXe8TKNfVNgbxzEtX4apZn5qDmBpP_ncb8K73-xx7IGveBML4uli_db_aem_YiIGL_yGf1QFHMFPsmHREg" "Mozilla/5.0 (Linux; Android 14; Infinix X6881 Build/UP1A.231005.007; wv) AppleWebKit/537.36 (KHTML, like Gecko) Version/4.0 Chrome/135.0.7049.105 Mobile Safari/537.36 [FB_IAB/FB4A;FBAV/510.0.0.72.41;IABMV/1;]"
139.135.59.146 - - [28/Apr/2025:13:56:13 -0400] "GET /wp-content/themes/hello-elementor/header-footer.min.css?ver=3.3.0 HTTP/1.1" 200 1292 "https://kneespine.com/?fbclid=IwY2xjawJ8oH9leHRuA2FlbQIxMQABHpfN2PXe8TKNfVNgbxzEtX4apZn5qDmBpP_ncb8K73-xx7IGveBML4uli_db_aem_YiIGL_yGf1QFHMFPsmHREg" "Mozilla/5.0 (Linux; Android 14; Infinix X6881 Build/UP1A.231005.007; wv) AppleWebKit/537.36 (KHTML, like Gecko) Version/4.0 Chrome/135.0.7049.105 Mobile Safari/537.36 [FB_IAB/FB4A;FBAV/510.0.0.72.41;IABMV/1;]"
139.135.59.146 - - [28/Apr/2025:13:56:13 -0400] "GET /wp-content/themes/hello-elementor/theme.min.css?ver=3.3.0 HTTP/1.1" 200 1131 "https://kneespine.com/?fbclid=IwY2xjawJ8oH9leHRuA2FlbQIxMQABHpfN2PXe8TKNfVNgbxzEtX4apZn5qDmBpP_ncb8K73-xx7IGveBML4uli_db_aem_YiIGL_yGf1QFHMFPsmHREg" "Mozilla/5.0 (Linux; Android 14; Infinix X6881 Build/UP1A.231005.007; wv) AppleWebKit/537.36 (KHTML, like Gecko) Version/4.0 Chrome/135.0.7049.105 Mobile Safari/537.36 [FB_IAB/FB4A;FBAV/510.0.0.72.41;IABMV/1;]"
139.135.59.146 - - [28/Apr/2025:13:56:13 -0400] "GET /wp-content/plugins/elementor/assets/lib/eicons/css/elementor-icons.min.css?ver=5.34.0 HTTP/1.1" 200 3845 "https://kneespine.com/?fbclid=IwY2xjawJ8oH9leHRuA2FlbQIxMQABHpfN2PXe8TKNfVNgbxzEtX4apZn5qDmBpP_ncb8K73-xx7IGveBML4uli_db_aem_YiIGL_yGf1QFHMFPsmHREg" "Mozilla/5.0 (Linux; Android 14; Infinix X6881 Build/UP1A.231005.007; wv) AppleWebKit/537.36 (KHTML, like Gecko) Version/4.0 Chrome/135.0.7049.105 Mobile Safari/537.36 [FB_IAB/FB4A;FBAV/510.0.0.72.41;IABMV/1;]"
139.135.59.146 - - [28/Apr/2025:13:56:13 -0400] "GET /wp-content/plugins/elementor/assets/css/widget-social-icons.min.css?ver=3.24.0 HTTP/1.1" 200 1069 "https://kneespine.com/?fbclid=IwY2xjawJ8oH9leHRuA2FlbQIxMQABHpfN2PXe8TKNfVNgbxzEtX4apZn5qDmBpP_ncb8K73-xx7IGveBML4uli_db_aem_YiIGL_yGf1QFHMFPsmHREg" "Mozilla/5.0 (Linux; Android 14; Infinix X6881 Build/UP1A.231005.007; wv) AppleWebKit/537.36 (KHTML, like Gecko) Version/4.0 Chrome/135.0.7049.105 Mobile Safari/537.36 [FB_IAB/FB4A;FBAV/510.0.0.72.41;IABMV/1;]"
139.135.59.146 - - [28/Apr/2025:13:56:13 -0400] "GET /wp-content/plugins/elementor/assets/lib/font-awesome/css/brands.css?ver=5.15.3 HTTP/1.1" 200 296 "https://kneespine.com/?fbclid=IwY2xjawJ8oH9leHRuA2FlbQIxMQABHpfN2PXe8TKNfVNgbxzEtX4apZn5qDmBpP_ncb8K73-xx7IGveBML4uli_db_aem_YiIGL_yGf1QFHMFPsmHREg" "Mozilla/5.0 (Linux; Android 14; Infinix X6881 Build/UP1A.231005.007; wv) AppleWebKit/537.36 (KHTML, like Gecko) Version/4.0 Chrome/135.0.7049.105 Mobile Safari/537.36 [FB_IAB/FB4A;FBAV/510.0.0.72.41;IABMV/1;]"
139.135.59.146 - - [28/Apr/2025:13:56:13 -0400] "GET /wp-content/plugins/elementor/assets/lib/font-awesome/css/solid.css?ver=5.15.3 HTTP/1.1" 200 296 "https://kneespine.com/?fbclid=IwY2xjawJ8oH9leHRuA2FlbQIxMQABHpfN2PXe8TKNfVNgbxzEtX4apZn5qDmBpP_ncb8K73-xx7IGveBML4uli_db_aem_YiIGL_yGf1QFHMFPsmHREg" "Mozilla/5.0 (Linux; Android 14; Infinix X6881 Build/UP1A.231005.007; wv) AppleWebKit/537.36 (KHTML, like Gecko) Version/4.0 Chrome/135.0.7049.105 Mobile Safari/537.36 [FB_IAB/FB4A;FBAV/510.0.0.72.41;IABMV/1;]"
139.135.59.146 - - [28/Apr/2025:13:56:13 -0400] "GET /wp-content/plugins/essential-addons-for-elementor-lite/assets/front-end/css/view/general.min.css?ver=6.1.11 HTTP/1.1" 200 1365 "https://kneespine.com/?fbclid=IwY2xjawJ8oH9leHRuA2FlbQIxMQABHpfN2PXe8TKNfVNgbxzEtX4apZn5qDmBpP_ncb8K73-xx7IGveBML4uli_db_aem_YiIGL_yGf1QFHMFPsmHREg" "Mozilla/5.0 (Linux; Android 14; Infinix X6881 Build/UP1A.231005.007; wv) AppleWebKit/537.36 (KHTML, like Gecko) Version/4.0 Chrome/135.0.7049.105 Mobile Safari/537.36 [FB_IAB/FB4A;FBAV/510.0.0.72.41;IABMV/1;]"
139.135.59.146 - - [28/Apr/2025:13:56:13 -0400] "GET /wp-content/uploads/elementor/google-fonts/css/nunitosans.css?ver=1742795905 HTTP/1.1" 200 833 "https://kneespine.com/?fbclid=IwY2xjawJ8oH9leHRuA2FlbQIxMQABHpfN2PXe8TKNfVNgbxzEtX4apZn5qDmBpP_ncb8K73-xx7IGveBML4uli_db_aem_YiIGL_yGf1QFHMFPsmHREg" "Mozilla/5.0 (Linux; Android 14; Infinix X6881 Build/UP1A.231005.007; wv) AppleWebKit/537.36 (KHTML, like Gecko) Version/4.0 Chrome/135.0.7049.105 Mobile Safari/537.36 [FB_IAB/FB4A;FBAV/510.0.0.72.41;IABMV/1;]"
139.135.59.146 - - [28/Apr/2025:13:56:13 -0400] "GET /wp-content/uploads/elementor/google-fonts/css/opensans.css?ver=1742289141 HTTP/1.1" 200 1830 "https://kneespine.com/?fbclid=IwY2xjawJ8oH9leHRuA2FlbQIxMQABHpfN2PXe8TKNfVNgbxzEtX4apZn5qDmBpP_ncb8K73-xx7IGveBML4uli_db_aem_YiIGL_yGf1QFHMFPsmHREg" "Mozilla/5.0 (Linux; Android 14; Infinix X6881 Build/UP1A.231005.007; wv) AppleWebKit/537.36 (KHTML, like Gecko) Version/4.0 Chrome/135.0.7049.105 Mobile Safari/537.36 [FB_IAB/FB4A;FBAV/510.0.0.72.41;IABMV/1;]"
139.135.59.146 - - [28/Apr/2025:13:56:13 -0400] "GET /wp-content/uploads/elementor/css/post-11.css?ver=1744797423 HTTP/1.1" 200 9335 "https://kneespine.com/?fbclid=IwY2xjawJ8oH9leHRuA2FlbQIxMQABHpfN2PXe8TKNfVNgbxzEtX4apZn5qDmBpP_ncb8K73-xx7IGveBML4uli_db_aem_YiIGL_yGf1QFHMFPsmHREg" "Mozilla/5.0 (Linux; Android 14; Infinix X6881 Build/UP1A.231005.007; wv) AppleWebKit/537.36 (KHTML, like Gecko) Version/4.0 Chrome/135.0.7049.105 Mobile Safari/537.36 [FB_IAB/FB4A;FBAV/510.0.0.72.41;IABMV/1;]"
139.135.59.146 - - [28/Apr/2025:13:56:13 -0400] "GET /wp-content/plugins/elementor/assets/lib/font-awesome/css/fontawesome.css?ver=5.15.3 HTTP/1.1" 200 12526 "https://kneespine.com/?fbclid=IwY2xjawJ8oH9leHRuA2FlbQIxMQABHpfN2PXe8TKNfVNgbxzEtX4apZn5qDmBpP_ncb8K73-xx7IGveBML4uli_db_aem_YiIGL_yGf1QFHMFPsmHREg" "Mozilla/5.0 (Linux; Android 14; Infinix X6881 Build/UP1A.231005.007; wv) AppleWebKit/537.36 (KHTML, like Gecko) Version/4.0 Chrome/135.0.7049.105 Mobile Safari/537.36 [FB_IAB/FB4A;FBAV/510.0.0.72.41;IABMV/1;]"
139.135.59.146 - - [28/Apr/2025:13:56:13 -0400] "GET /wp-includes/js/jquery/jquery.min.js?ver=3.7.1 HTTP/1.1" 200 29744 "https://kneespine.com/?fbclid=IwY2xjawJ8oH9leHRuA2FlbQIxMQABHpfN2PXe8TKNfVNgbxzEtX4apZn5qDmBpP_ncb8K73-xx7IGveBML4uli_db_aem_YiIGL_yGf1QFHMFPsmHREg" "Mozilla/5.0 (Linux; Android 14; Infinix X6881 Build/UP1A.231005.007; wv) AppleWebKit/537.36 (KHTML, like Gecko) Version/4.0 Chrome/135.0.7049.105 Mobile Safari/537.36 [FB_IAB/FB4A;FBAV/510.0.0.72.41;IABMV/1;]"
139.135.59.146 - - [28/Apr/2025:13:56:14 -0400] "GET /wp-content/uploads/2024/07/Untitled_design__53_-removebg-preview.png HTTP/1.1" 200 49731 "https://kneespine.com/?fbclid=IwY2xjawJ8oH9leHRuA2FlbQIxMQABHpfN2PXe8TKNfVNgbxzEtX4apZn5qDmBpP_ncb8K73-xx7IGveBML4uli_db_aem_YiIGL_yGf1QFHMFPsmHREg" "Mozilla/5.0 (Linux; Android 14; Infinix X6881 Build/UP1A.231005.007; wv) AppleWebKit/537.36 (KHTML, like Gecko) Version/4.0 Chrome/135.0.7049.105 Mobile Safari/537.36 [FB_IAB/FB4A;FBAV/510.0.0.72.41;IABMV/1;]"
139.135.59.146 - - [28/Apr/2025:13:56:14 -0400] "GET /wp-includes/js/jquery/jquery-migrate.min.js?ver=3.4.1 HTTP/1.1" 200 4678 "https://kneespine.com/?fbclid=IwY2xjawJ8oH9leHRuA2FlbQIxMQABHpfN2PXe8TKNfVNgbxzEtX4apZn5qDmBpP_ncb8K73-xx7IGveBML4uli_db_aem_YiIGL_yGf1QFHMFPsmHREg" "Mozilla/5.0 (Linux; Android 14; Infinix X6881 Build/UP1A.231005.007; wv) AppleWebKit/537.36 (KHTML, like Gecko) Version/4.0 Chrome/135.0.7049.105 Mobile Safari/537.36 [FB_IAB/FB4A;FBAV/510.0.0.72.41;IABMV/1;]"
119.63.138.5 - - [28/Apr/2025:13:56:14 -0400] "GET /wp-content/plugins/header-footer-elementor/inc/widgets-css/frontend.css?ver=2.3.0 HTTP/1.1" 200 8133 "https://kneespine.com/" "Mozilla/5.0 (Linux; Android 10; K) AppleWebKit/537.36 (KHTML, like Gecko) Chrome/135.0.0.0 Mobile Safari/537.36"
119.63.138.5 - - [28/Apr/2025:13:56:14 -0400] "GET /wp-content/plugins/header-footer-elementor/assets/css/header-footer-elementor.css?ver=2.3.0 HTTP/1.1" 200 259 "https://kneespine.com/" "Mozilla/5.0 (Linux; Android 10; K) AppleWebKit/537.36 (KHTML, like Gecko) Chrome/135.0.0.0 Mobile Safari/537.36"
119.63.138.5 - - [28/Apr/2025:13:56:14 -0400] "GET /wp-content/plugins/elementor/assets/css/frontend.min.css?ver=3.28.4 HTTP/1.1" 200 6453 "https://kneespine.com/" "Mozilla/5.0 (Linux; Android 10; K) AppleWebKit/537.36 (KHTML, like Gecko) Chrome/135.0.0.0 Mobile Safari/537.36"
119.63.138.5 - - [28/Apr/2025:13:56:14 -0400] "GET /wp-content/uploads/elementor/css/post-66.css?ver=1744791676 HTTP/1.1" 200 1424 "https://kneespine.com/" "Mozilla/5.0 (Linux; Android 10; K) AppleWebKit/537.36 (KHTML, like Gecko) Chrome/135.0.0.0 Mobile Safari/537.36"
119.63.138.5 - - [28/Apr/2025:13:56:14 -0400] "GET /wp-content/plugins/pro-elements/assets/css/frontend.min.css?ver=3.23.1 HTTP/1.1" 200 43409 "https://kneespine.com/" "Mozilla/5.0 (Linux; Android 10; K) AppleWebKit/537.36 (KHTML, like Gecko) Chrome/135.0.0.0 Mobile Safari/537.36"
119.63.138.5 - - [28/Apr/2025:13:56:14 -0400] "GET /wp-content/plugins/selection-lite/css/sticky-effect.min.css?ver=1.15 HTTP/1.1" 200 0 "https://kneespine.com/" "Mozilla/5.0 (Linux; Android 10; K) AppleWebKit/537.36 (KHTML, like Gecko) Chrome/135.0.0.0 Mobile Safari/537.36"
119.63.138.5 - - [28/Apr/2025:13:56:14 -0400] "GET /wp-content/plugins/elementor/assets/css/widget-image.min.css?ver=3.28.4 HTTP/1.1" 200 254 "https://kneespine.com/" "Mozilla/5.0 (Linux; Android 10; K) AppleWebKit/537.36 (KHTML, like Gecko) Chrome/135.0.0.0 Mobile Safari/537.36"
119.63.138.5 - - [28/Apr/2025:13:56:14 -0400] "GET /wp-content/plugins/elementor/assets/css/widget-heading.min.css?ver=3.28.4 HTTP/1.1" 200 154 "https://kneespine.com/" "Mozilla/5.0 (Linux; Android 10; K) AppleWebKit/537.36 (KHTML, like Gecko) Chrome/135.0.0.0 Mobile Safari/537.36"
119.63.138.5 - - [28/Apr/2025:13:56:14 -0400] "GET /wp-content/plugins/elementor/assets/lib/animations/styles/e-animation-grow.min.css?ver=3.28.4 HTTP/1.1" 200 198 "https://kneespine.com/" "Mozilla/5.0 (Linux; Android 10; K) AppleWebKit/537.36 (KHTML, like Gecko) Chrome/135.0.0.0 Mobile Safari/537.36"
119.63.138.5 - - [28/Apr/2025:13:56:14 -0400] "GET /wp-content/plugins/elementor/assets/lib/animations/styles/fadeIn.min.css?ver=3.28.4 HTTP/1.1" 200 77 "https://kneespine.com/" "Mozilla/5.0 (Linux; Android 10; K) AppleWebKit/537.36 (KHTML, like Gecko) Chrome/135.0.0.0 Mobile Safari/537.36"
119.63.138.5 - - [28/Apr/2025:13:56:14 -0400] "GET /wp-content/plugins/elementor/assets/css/widget-counter.min.css?ver=3.28.4 HTTP/1.1" 200 234 "https://kneespine.com/" "Mozilla/5.0 (Linux; Android 10; K) AppleWebKit/537.36 (KHTML, like Gecko) Chrome/135.0.0.0 Mobile Safari/537.36"
119.63.138.5 - - [28/Apr/2025:13:56:14 -0400] "GET /wp-content/plugins/elementor/assets/css/widget-image-box.min.css?ver=3.28.4 HTTP/1.1" 200 291 "https://kneespine.com/" "Mozilla/5.0 (Linux; Android 10; K) AppleWebKit/537.36 (KHTML, like Gecko) Chrome/135.0.0.0 Mobile Safari/537.36"
119.63.138.5 - - [28/Apr/2025:13:56:14 -0400] "GET /wp-content/plugins/elementor/assets/lib/animations/styles/fadeInUp.min.css?ver=3.28.4 HTTP/1.1" 200 130 "https://kneespine.com/" "Mozilla/5.0 (Linux; Android 10; K) AppleWebKit/537.36 (KHTML, like Gecko) Chrome/135.0.0.0 Mobile Safari/537.36"
119.63.138.5 - - [28/Apr/2025:13:56:14 -0400] "GET /wp-content/plugins/elementor/assets/lib/animations/styles/slideInUp.min.css?ver=3.28.4 HTTP/1.1" 200 146 "https://kneespine.com/" "Mozilla/5.0 (Linux; Android 10; K) AppleWebKit/537.36 (KHTML, like Gecko) Chrome/135.0.0.0 Mobile Safari/537.36"
119.63.138.5 - - [28/Apr/2025:13:56:14 -0400] "GET /wp-content/plugins/elementor/assets/css/widget-icon-list.min.css?ver=3.28.4 HTTP/1.1" 200 957 "https://kneespine.com/" "Mozilla/5.0 (Linux; Android 10; K) AppleWebKit/537.36 (KHTML, like Gecko) Chrome/135.0.0.0 Mobile Safari/537.36"
119.63.138.5 - - [28/Apr/2025:13:56:14 -0400] "GET /wp-content/plugins/elementor/assets/css/widget-google_maps.min.css?ver=3.28.4 HTTP/1.1" 200 117 "https://kneespine.com/" "Mozilla/5.0 (Linux; Android 10; K) AppleWebKit/537.36 (KHTML, like Gecko) Chrome/135.0.0.0 Mobile Safari/537.36"
119.63.138.5 - - [28/Apr/2025:13:56:14 -0400] "GET /wp-content/plugins/elementor/assets/css/widget-icon-box.min.css?ver=3.28.4 HTTP/1.1" 200 656 "https://kneespine.com/" "Mozilla/5.0 (Linux; Android 10; K) AppleWebKit/537.36 (KHTML, like Gecko) Chrome/135.0.0.0 Mobile Safari/537.36"
119.63.138.5 - - [28/Apr/2025:13:56:14 -0400] "GET /wp-content/plugins/elementor/assets/lib/animations/styles/e-animation-float.min.css?ver=3.28.4 HTTP/1.1" 200 244 "https://kneespine.com/" "Mozilla/5.0 (Linux; Android 10; K) AppleWebKit/537.36 (KHTML, like Gecko) Chrome/135.0.0.0 Mobile Safari/537.36"
119.63.138.5 - - [28/Apr/2025:13:56:14 -0400] "GET /wp-content/plugins/elementor/assets/css/widget-accordion.min.css?ver=3.28.4 HTTP/1.1" 200 377 "https://kneespine.com/" "Mozilla/5.0 (Linux; Android 10; K) AppleWebKit/537.36 (KHTML, like Gecko) Chrome/135.0.0.0 Mobile Safari/537.36"
119.63.138.5 - - [28/Apr/2025:13:56:14 -0400] "GET /wp-content/uploads/elementor/css/post-11.css?ver=1744797423 HTTP/1.1" 200 9335 "https://kneespine.com/" "Mozilla/5.0 (Linux; Android 10; K) AppleWebKit/537.36 (KHTML, like Gecko) Chrome/135.0.0.0 Mobile Safari/537.36"
119.63.138.5 - - [28/Apr/2025:13:56:14 -0400] "GET /wp-content/uploads/elementor/css/post-220.css?ver=1744791681 HTTP/1.1" 200 2400 "https://kneespine.com/" "Mozilla/5.0 (Linux; Android 10; K) AppleWebKit/537.36 (KHTML, like Gecko) Chrome/135.0.0.0 Mobile Safari/537.36"
119.63.138.5 - - [28/Apr/2025:13:56:14 -0400] "GET /wp-content/uploads/elementor/css/post-225.css?ver=1744791682 HTTP/1.1" 200 1636 "https://kneespine.com/" "Mozilla/5.0 (Linux; Android 10; K) AppleWebKit/537.36 (KHTML, like Gecko) Chrome/135.0.0.0 Mobile Safari/537.36"
119.63.138.5 - - [28/Apr/2025:13:56:14 -0400] "GET /wp-content/themes/hello-elementor/style.min.css?ver=3.3.0 HTTP/1.1" 200 1591 "https://kneespine.com/" "Mozilla/5.0 (Linux; Android 10; K) AppleWebKit/537.36 (KHTML, like Gecko) Chrome/135.0.0.0 Mobile Safari/537.36"
119.63.138.5 - - [28/Apr/2025:13:56:14 -0400] "GET /wp-content/themes/hello-elementor/theme.min.css?ver=3.3.0 HTTP/1.1" 200 1131 "https://kneespine.com/" "Mozilla/5.0 (Linux; Android 10; K) AppleWebKit/537.36 (KHTML, like Gecko) Chrome/135.0.0.0 Mobile Safari/537.36"
119.63.138.5 - - [28/Apr/2025:13:56:14 -0400] "GET /wp-content/themes/hello-elementor/header-footer.min.css?ver=3.3.0 HTTP/1.1" 200 1292 "https://kneespine.com/" "Mozilla/5.0 (Linux; Android 10; K) AppleWebKit/537.36 (KHTML, like Gecko) Chrome/135.0.0.0 Mobile Safari/537.36"
119.63.138.5 - - [28/Apr/2025:13:56:14 -0400] "GET /wp-content/plugins/elementor/assets/lib/eicons/css/elementor-icons.min.css?ver=5.34.0 HTTP/1.1" 200 3845 "https://kneespine.com/" "Mozilla/5.0 (Linux; Android 10; K) AppleWebKit/537.36 (KHTML, like Gecko) Chrome/135.0.0.0 Mobile Safari/537.36"
119.63.138.5 - - [28/Apr/2025:13:56:14 -0400] "GET /wp-content/plugins/elementor/assets/css/widget-icon-list.min.css?ver=3.24.3 HTTP/1.1" 200 957 "https://kneespine.com/" "Mozilla/5.0 (Linux; Android 10; K) AppleWebKit/537.36 (KHTML, like Gecko) Chrome/135.0.0.0 Mobile Safari/537.36"
119.63.138.5 - - [28/Apr/2025:13:56:14 -0400] "GET /wp-content/plugins/elementor/assets/css/widget-social-icons.min.css?ver=3.24.0 HTTP/1.1" 200 1069 "https://kneespine.com/" "Mozilla/5.0 (Linux; Android 10; K) AppleWebKit/537.36 (KHTML, like Gecko) Chrome/135.0.0.0 Mobile Safari/537.36"
119.63.138.5 - - [28/Apr/2025:13:56:14 -0400] "GET /wp-content/plugins/elementor/assets/lib/font-awesome/css/brands.css?ver=5.15.3 HTTP/1.1" 200 296 "https://kneespine.com/" "Mozilla/5.0 (Linux; Android 10; K) AppleWebKit/537.36 (KHTML, like Gecko) Chrome/135.0.0.0 Mobile Safari/537.36"
119.63.138.5 - - [28/Apr/2025:13:56:14 -0400] "GET /wp-content/plugins/elementor/assets/lib/font-awesome/css/fontawesome.css?ver=5.15.3 HTTP/1.1" 200 12526 "https://kneespine.com/" "Mozilla/5.0 (Linux; Android 10; K) AppleWebKit/537.36 (KHTML, like Gecko) Chrome/135.0.0.0 Mobile Safari/537.36"
119.63.138.5 - - [28/Apr/2025:13:56:14 -0400] "GET /wp-content/plugins/elementor/assets/lib/font-awesome/css/solid.css?ver=5.15.3 HTTP/1.1" 200 296 "https://kneespine.com/" "Mozilla/5.0 (Linux; Android 10; K) AppleWebKit/537.36 (KHTML, like Gecko) Chrome/135.0.0.0 Mobile Safari/537.36"
119.63.138.5 - - [28/Apr/2025:13:56:14 -0400] "GET /wp-content/plugins/elementor-pro/assets/css/widget-mega-menu.min.css?ver=3.26.2 HTTP/1.1" 404 13140 "https://kneespine.com/" "Mozilla/5.0 (Linux; Android 10; K) AppleWebKit/537.36 (KHTML, like Gecko) Chrome/135.0.0.0 Mobile Safari/537.36"
119.63.138.5 - - [28/Apr/2025:13:56:14 -0400] "GET /wp-content/plugins/elementor-pro/assets/css/widget-nav-menu.min.css?ver=3.26.0 HTTP/1.1" 404 13140 "https://kneespine.com/" "Mozilla/5.0 (Linux; Android 10; K) AppleWebKit/537.36 (KHTML, like Gecko) Chrome/135.0.0.0 Mobile Safari/537.36"
119.63.138.5 - - [28/Apr/2025:13:56:14 -0400] "GET /wp-content/plugins/essential-addons-for-elementor-lite/assets/front-end/css/view/general.min.css?ver=6.1.11 HTTP/1.1" 200 1365 "https://kneespine.com/" "Mozilla/5.0 (Linux; Android 10; K) AppleWebKit/537.36 (KHTML, like Gecko) Chrome/135.0.0.0 Mobile Safari/537.36"
119.63.138.5 - - [28/Apr/2025:13:56:14 -0400] "GET /wp-content/uploads/elementor/google-fonts/css/opensans.css?ver=1742289141 HTTP/1.1" 200 1830 "https://kneespine.com/" "Mozilla/5.0 (Linux; Android 10; K) AppleWebKit/537.36 (KHTML, like Gecko) Chrome/135.0.0.0 Mobile Safari/537.36"
119.63.138.5 - - [28/Apr/2025:13:56:14 -0400] "GET /wp-content/uploads/elementor/google-fonts/css/nunitosans.css?ver=1742795905 HTTP/1.1" 200 833 "https://kneespine.com/" "Mozilla/5.0 (Linux; Android 10; K) AppleWebKit/537.36 (KHTML, like Gecko) Chrome/135.0.0.0 Mobile Safari/537.36"
119.63.138.5 - - [28/Apr/2025:13:56:14 -0400] "GET /wp-includes/js/jquery/jquery.min.js?ver=3.7.1 HTTP/1.1" 200 29744 "https://kneespine.com/" "Mozilla/5.0 (Linux; Android 10; K) AppleWebKit/537.36 (KHTML, like Gecko) Chrome/135.0.0.0 Mobile Safari/537.36"
119.63.138.5 - - [28/Apr/2025:13:56:14 -0400] "GET /wp-includes/js/jquery/jquery-migrate.min.js?ver=3.4.1 HTTP/1.1" 200 4678 "https://kneespine.com/" "Mozilla/5.0 (Linux; Android 10; K) AppleWebKit/537.36 (KHTML, like Gecko) Chrome/135.0.0.0 Mobile Safari/537.36"
119.63.138.5 - - [28/Apr/2025:13:56:14 -0400] "GET /wp-content/uploads/2024/07/Untitled_design__53_-removebg-preview.png HTTP/1.1" 200 49731 "https://kneespine.com/" "Mozilla/5.0 (Linux; Android 10; K) AppleWebKit/537.36 (KHTML, like Gecko) Chrome/135.0.0.0 Mobile Safari/537.36"
119.63.138.5 - - [28/Apr/2025:13:56:14 -0400] "GET /wp-content/uploads/2024/07/portrait-of-serious-male-architect-in-office-stand-FVHYLV4-1-300x200.jpg HTTP/1.1" 200 15624 "https://kneespine.com/" "Mozilla/5.0 (Linux; Android 10; K) AppleWebKit/537.36 (KHTML, like Gecko) Chrome/135.0.0.0 Mobile Safari/537.36"
119.63.138.5 - - [28/Apr/2025:13:56:14 -0400] "GET /wp-content/uploads/2024/07/casual-business-woman-portrait-of-a-beautiful-young-business-woman-sitting-at-her-working-place--300x200.jpg HTTP/1.1" 200 13529 "https://kneespine.com/" "Mozilla/5.0 (Linux; Android 10; K) AppleWebKit/537.36 (KHTML, like Gecko) Chrome/135.0.0.0 Mobile Safari/537.36"
139.135.59.146 - - [28/Apr/2025:13:56:14 -0400] "GET /wp-content/uploads/2024/07/casual-business-woman-portrait-of-a-beautiful-young-business-woman-sitting-at-her-working-place--300x200.jpg HTTP/1.1" 200 13529 "https://kneespine.com/?fbclid=IwY2xjawJ8oH9leHRuA2FlbQIxMQABHpfN2PXe8TKNfVNgbxzEtX4apZn5qDmBpP_ncb8K73-xx7IGveBML4uli_db_aem_YiIGL_yGf1QFHMFPsmHREg" "Mozilla/5.0 (Linux; Android 14; Infinix X6881 Build/UP1A.231005.007; wv) AppleWebKit/537.36 (KHTML, like Gecko) Version/4.0 Chrome/135.0.7049.105 Mobile Safari/537.36 [FB_IAB/FB4A;FBAV/510.0.0.72.41;IABMV/1;]"
139.135.59.146 - - [28/Apr/2025:13:56:14 -0400] "GET /wp-content/uploads/2024/07/portrait-of-serious-male-architect-in-office-stand-FVHYLV4-1-300x200.jpg HTTP/1.1" 200 15624 "https://kneespine.com/?fbclid=IwY2xjawJ8oH9leHRuA2FlbQIxMQABHpfN2PXe8TKNfVNgbxzEtX4apZn5qDmBpP_ncb8K73-xx7IGveBML4uli_db_aem_YiIGL_yGf1QFHMFPsmHREg" "Mozilla/5.0 (Linux; Android 14; Infinix X6881 Build/UP1A.231005.007; wv) AppleWebKit/537.36 (KHTML, like Gecko) Version/4.0 Chrome/135.0.7049.105 Mobile Safari/537.36 [FB_IAB/FB4A;FBAV/510.0.0.72.41;IABMV/1;]"
139.135.59.146 - - [28/Apr/2025:13:56:15 -0400] "GET /wp-content/uploads/2024/07/friendly-woman-patient-talking-to-psychological-co-QRBVN9Q-1-1-e1624538472451-300x285.jpg HTTP/1.1" 200 14762 "https://kneespine.com/?fbclid=IwY2xjawJ8oH9leHRuA2FlbQIxMQABHpfN2PXe8TKNfVNgbxzEtX4apZn5qDmBpP_ncb8K73-xx7IGveBML4uli_db_aem_YiIGL_yGf1QFHMFPsmHREg" "Mozilla/5.0 (Linux; Android 14; Infinix X6881 Build/UP1A.231005.007; wv) AppleWebKit/537.36 (KHTML, like Gecko) Version/4.0 Chrome/135.0.7049.105 Mobile Safari/537.36 [FB_IAB/FB4A;FBAV/510.0.0.72.41;IABMV/1;]"
139.135.59.146 - - [28/Apr/2025:13:56:15 -0400] "GET /wp-content/plugins/elementor/assets/lib/flatpickr/flatpickr.min.css?ver=4.6.13 HTTP/1.1" 200 2797 "https://kneespine.com/?fbclid=IwY2xjawJ8oH9leHRuA2FlbQIxMQABHpfN2PXe8TKNfVNgbxzEtX4apZn5qDmBpP_ncb8K73-xx7IGveBML4uli_db_aem_YiIGL_yGf1QFHMFPsmHREg" "Mozilla/5.0 (Linux; Android 14; Infinix X6881 Build/UP1A.231005.007; wv) AppleWebKit/537.36 (KHTML, like Gecko) Version/4.0 Chrome/135.0.7049.105 Mobile Safari/537.36 [FB_IAB/FB4A;FBAV/510.0.0.72.41;IABMV/1;]"
139.135.59.146 - - [28/Apr/2025:13:56:16 -0400] "GET /wp-content/plugins/elementor/assets/css/widget-social-icons.min.css?ver=3.28.4 HTTP/1.1" 200 1069 "https://kneespine.com/?fbclid=IwY2xjawJ8oH9leHRuA2FlbQIxMQABHpfN2PXe8TKNfVNgbxzEtX4apZn5qDmBpP_ncb8K73-xx7IGveBML4uli_db_aem_YiIGL_yGf1QFHMFPsmHREg" "Mozilla/5.0 (Linux; Android 14; Infinix X6881 Build/UP1A.231005.007; wv) AppleWebKit/537.36 (KHTML, like Gecko) Version/4.0 Chrome/135.0.7049.105 Mobile Safari/537.36 [FB_IAB/FB4A;FBAV/510.0.0.72.41;IABMV/1;]"
139.135.59.146 - - [28/Apr/2025:13:56:16 -0400] "GET /wp-content/plugins/elementor/assets/css/conditionals/apple-webkit.min.css?ver=3.28.4 HTTP/1.1" 200 472 "https://kneespine.com/?fbclid=IwY2xjawJ8oH9leHRuA2FlbQIxMQABHpfN2PXe8TKNfVNgbxzEtX4apZn5qDmBpP_ncb8K73-xx7IGveBML4uli_db_aem_YiIGL_yGf1QFHMFPsmHREg" "Mozilla/5.0 (Linux; Android 14; Infinix X6881 Build/UP1A.231005.007; wv) AppleWebKit/537.36 (KHTML, like Gecko) Version/4.0 Chrome/135.0.7049.105 Mobile Safari/537.36 [FB_IAB/FB4A;FBAV/510.0.0.72.41;IABMV/1;]"
119.63.138.5 - - [28/Apr/2025:13:56:17 -0400] "GET /wp-content/uploads/2024/07/friendly-woman-patient-talking-to-psychological-co-QRBVN9Q-1-1-e1624538472451-300x285.jpg HTTP/1.1" 200 14762 "https://kneespine.com/" "Mozilla/5.0 (Linux; Android 10; K) AppleWebKit/537.36 (KHTML, like Gecko) Chrome/135.0.0.0 Mobile Safari/537.36"
119.63.138.5 - - [28/Apr/2025:13:56:18 -0400] "GET /wp-content/plugins/elementor/assets/lib/flatpickr/flatpickr.min.css?ver=4.6.13 HTTP/1.1" 200 2797 "https://kneespine.com/" "Mozilla/5.0 (Linux; Android 10; K) AppleWebKit/537.36 (KHTML, like Gecko) Chrome/135.0.0.0 Mobile Safari/537.36"
139.135.59.146 - - [28/Apr/2025:13:56:18 -0400] "GET /wp-content/plugins/elementor/assets/css/widget-divider.min.css?ver=3.28.4 HTTP/1.1" 200 707 "https://kneespine.com/?fbclid=IwY2xjawJ8oH9leHRuA2FlbQIxMQABHpfN2PXe8TKNfVNgbxzEtX4apZn5qDmBpP_ncb8K73-xx7IGveBML4uli_db_aem_YiIGL_yGf1QFHMFPsmHREg" "Mozilla/5.0 (Linux; Android 14; Infinix X6881 Build/UP1A.231005.007; wv) AppleWebKit/537.36 (KHTML, like Gecko) Version/4.0 Chrome/135.0.7049.105 Mobile Safari/537.36 [FB_IAB/FB4A;FBAV/510.0.0.72.41;IABMV/1;]"
139.135.59.146 - - [28/Apr/2025:13:56:18 -0400] "GET /wp-content/plugins/brave-popup-builder/assets/css/frontend.min.css?ver=6.8 HTTP/1.1" 200 7994 "https://kneespine.com/?fbclid=IwY2xjawJ8oH9leHRuA2FlbQIxMQABHpfN2PXe8TKNfVNgbxzEtX4apZn5qDmBpP_ncb8K73-xx7IGveBML4uli_db_aem_YiIGL_yGf1QFHMFPsmHREg" "Mozilla/5.0 (Linux; Android 14; Infinix X6881 Build/UP1A.231005.007; wv) AppleWebKit/537.36 (KHTML, like Gecko) Version/4.0 Chrome/135.0.7049.105 Mobile Safari/537.36 [FB_IAB/FB4A;FBAV/510.0.0.72.41;IABMV/1;]"
119.63.138.5 - - [28/Apr/2025:13:56:18 -0400] "GET /wp-content/plugins/elementor/assets/css/widget-social-icons.min.css?ver=3.28.4 HTTP/1.1" 200 1069 "https://kneespine.com/" "Mozilla/5.0 (Linux; Android 10; K) AppleWebKit/537.36 (KHTML, like Gecko) Chrome/135.0.0.0 Mobile Safari/537.36"
119.63.138.5 - - [28/Apr/2025:13:56:19 -0400] "GET /wp-content/plugins/elementor/assets/css/conditionals/apple-webkit.min.css?ver=3.28.4 HTTP/1.1" 200 472 "https://kneespine.com/" "Mozilla/5.0 (Linux; Android 10; K) AppleWebKit/537.36 (KHTML, like Gecko) Chrome/135.0.0.0 Mobile Safari/537.36"
139.135.59.146 - - [28/Apr/2025:13:56:19 -0400] "GET /wp-content/plugins/elementor/assets/lib/jquery-numerator/jquery-numerator.min.js?ver=0.2.1 HTTP/1.1" 200 677 "https://kneespine.com/?fbclid=IwY2xjawJ8oH9leHRuA2FlbQIxMQABHpfN2PXe8TKNfVNgbxzEtX4apZn5qDmBpP_ncb8K73-xx7IGveBML4uli_db_aem_YiIGL_yGf1QFHMFPsmHREg" "Mozilla/5.0 (Linux; Android 14; Infinix X6881 Build/UP1A.231005.007; wv) AppleWebKit/537.36 (KHTML, like Gecko) Version/4.0 Chrome/135.0.7049.105 Mobile Safari/537.36 [FB_IAB/FB4A;FBAV/510.0.0.72.41;IABMV/1;]"
139.135.59.146 - - [28/Apr/2025:13:56:13 -0400] "GET /wp-content/plugins/elementor-pro/assets/css/widget-blockquote.min.css?ver=3.25.0 HTTP/1.1" 404 13252 "https://kneespine.com/?fbclid=IwY2xjawJ8oH9leHRuA2FlbQIxMQABHpfN2PXe8TKNfVNgbxzEtX4apZn5qDmBpP_ncb8K73-xx7IGveBML4uli_db_aem_YiIGL_yGf1QFHMFPsmHREg" "Mozilla/5.0 (Linux; Android 14; Infinix X6881 Build/UP1A.231005.007; wv) AppleWebKit/537.36 (KHTML, like Gecko) Version/4.0 Chrome/135.0.7049.105 Mobile Safari/537.36 [FB_IAB/FB4A;FBAV/510.0.0.72.41;IABMV/1;]"
119.63.138.5 - - [28/Apr/2025:13:56:14 -0400] "GET /wp-content/plugins/elementor-pro/assets/css/widget-blockquote.min.css?ver=3.25.0 HTTP/1.1" 404 13122 "https://kneespine.com/" "Mozilla/5.0 (Linux; Android 10; K) AppleWebKit/537.36 (KHTML, like Gecko) Chrome/135.0.0.0 Mobile Safari/537.36"
139.135.59.146 - - [28/Apr/2025:13:56:19 -0400] "GET /wp-includes/js/imagesloaded.min.js?ver=5.0.0 HTTP/1.1" 200 1687 "https://kneespine.com/?fbclid=IwY2xjawJ8oH9leHRuA2FlbQIxMQABHpfN2PXe8TKNfVNgbxzEtX4apZn5qDmBpP_ncb8K73-xx7IGveBML4uli_db_aem_YiIGL_yGf1QFHMFPsmHREg" "Mozilla/5.0 (Linux; Android 14; Infinix X6881 Build/UP1A.231005.007; wv) AppleWebKit/537.36 (KHTML, like Gecko) Version/4.0 Chrome/135.0.7049.105 Mobile Safari/537.36 [FB_IAB/FB4A;FBAV/510.0.0.72.41;IABMV/1;]"
119.63.138.5 - - [28/Apr/2025:13:56:19 -0400] "GET /wp-content/plugins/elementor/assets/css/widget-divider.min.css?ver=3.28.4 HTTP/1.1" 200 707 "https://kneespine.com/" "Mozilla/5.0 (Linux; Android 10; K) AppleWebKit/537.36 (KHTML, like Gecko) Chrome/135.0.0.0 Mobile Safari/537.36"
119.63.138.5 - - [28/Apr/2025:13:56:19 -0400] "GET /wp-content/plugins/brave-popup-builder/assets/css/frontend.min.css?ver=6.8 HTTP/1.1" 200 7994 "https://kneespine.com/" "Mozilla/5.0 (Linux; Android 10; K) AppleWebKit/537.36 (KHTML, like Gecko) Chrome/135.0.0.0 Mobile Safari/537.36"
119.63.138.5 - - [28/Apr/2025:13:56:20 -0400] "GET /wp-content/plugins/elementor/assets/lib/jquery-numerator/jquery-numerator.min.js?ver=0.2.1 HTTP/1.1" 200 677 "https://kneespine.com/" "Mozilla/5.0 (Linux; Android 10; K) AppleWebKit/537.36 (KHTML, like Gecko) Chrome/135.0.0.0 Mobile Safari/537.36"
139.135.59.146 - - [28/Apr/2025:13:56:19 -0400] "GET /wp-content/themes/hello-elementor/assets/js/hello-frontend.min.js?ver=3.3.0 HTTP/1.1" 200 548 "https://kneespine.com/?fbclid=IwY2xjawJ8oH9leHRuA2FlbQIxMQABHpfN2PXe8TKNfVNgbxzEtX4apZn5qDmBpP_ncb8K73-xx7IGveBML4uli_db_aem_YiIGL_yGf1QFHMFPsmHREg" "Mozilla/5.0 (Linux; Android 14; Infinix X6881 Build/UP1A.231005.007; wv) AppleWebKit/537.36 (KHTML, like Gecko) Version/4.0 Chrome/135.0.7049.105 Mobile Safari/537.36 [FB_IAB/FB4A;FBAV/510.0.0.72.41;IABMV/1;]"
139.135.59.146 - - [28/Apr/2025:13:56:19 -0400] "GET /wp-content/plugins/essential-addons-for-elementor-lite/assets/front-end/js/view/general.min.js?ver=6.1.11 HTTP/1.1" 200 3883 "https://kneespine.com/?fbclid=IwY2xjawJ8oH9leHRuA2FlbQIxMQABHpfN2PXe8TKNfVNgbxzEtX4apZn5qDmBpP_ncb8K73-xx7IGveBML4uli_db_aem_YiIGL_yGf1QFHMFPsmHREg" "Mozilla/5.0 (Linux; Android 14; Infinix X6881 Build/UP1A.231005.007; wv) AppleWebKit/537.36 (KHTML, like Gecko) Version/4.0 Chrome/135.0.7049.105 Mobile Safari/537.36 [FB_IAB/FB4A;FBAV/510.0.0.72.41;IABMV/1;]"
139.135.59.146 - - [28/Apr/2025:13:56:19 -0400] "GET /wp-content/plugins/pro-elements/assets/js/webpack-pro.runtime.min.js?ver=3.23.1 HTTP/1.1" 200 2549 "https://kneespine.com/?fbclid=IwY2xjawJ8oH9leHRuA2FlbQIxMQABHpfN2PXe8TKNfVNgbxzEtX4apZn5qDmBpP_ncb8K73-xx7IGveBML4uli_db_aem_YiIGL_yGf1QFHMFPsmHREg" "Mozilla/5.0 (Linux; Android 14; Infinix X6881 Build/UP1A.231005.007; wv) AppleWebKit/537.36 (KHTML, like Gecko) Version/4.0 Chrome/135.0.7049.105 Mobile Safari/537.36 [FB_IAB/FB4A;FBAV/510.0.0.72.41;IABMV/1;]"
139.135.59.146 - - [28/Apr/2025:13:56:20 -0400] "GET /wp-content/uploads/elementor/google-fonts/fonts/opensans-memvyags126mizpba-uvwbx2vvnxbbobj2ovts-muw.woff2 HTTP/1.1" 200 48236 "https://kneespine.com/wp-content/uploads/elementor/google-fonts/css/opensans.css?ver=1742289141" "Mozilla/5.0 (Linux; Android 14; Infinix X6881 Build/UP1A.231005.007; wv) AppleWebKit/537.36 (KHTML, like Gecko) Version/4.0 Chrome/135.0.7049.105 Mobile Safari/537.36 [FB_IAB/FB4A;FBAV/510.0.0.72.41;IABMV/1;]"
139.135.59.146 - - [28/Apr/2025:13:56:20 -0400] "GET /wp-content/uploads/elementor/google-fonts/fonts/nunitosans-pe0tmimslybiv1o4x1m8ce2xcx3yop4tqpf_metm0lfgwvpnn64cl7u8uphzibmv51q42ptcp7t1r-s.woff2 HTTP/1.1" 200 31052 "https://kneespine.com/wp-content/uploads/elementor/google-fonts/css/nunitosans.css?ver=1742795905" "Mozilla/5.0 (Linux; Android 14; Infinix X6881 Build/UP1A.231005.007; wv) AppleWebKit/537.36 (KHTML, like Gecko) Version/4.0 Chrome/135.0.7049.105 Mobile Safari/537.36 [FB_IAB/FB4A;FBAV/510.0.0.72.41;IABMV/1;]"
119.63.138.5 - - [28/Apr/2025:13:56:20 -0400] "GET /wp-includes/js/imagesloaded.min.js?ver=5.0.0 HTTP/1.1" 200 1687 "https://kneespine.com/" "Mozilla/5.0 (Linux; Android 10; K) AppleWebKit/537.36 (KHTML, like Gecko) Chrome/135.0.0.0 Mobile Safari/537.36"
119.63.138.5 - - [28/Apr/2025:13:56:20 -0400] "GET /wp-content/themes/hello-elementor/assets/js/hello-frontend.min.js?ver=3.3.0 HTTP/1.1" 200 548 "https://kneespine.com/" "Mozilla/5.0 (Linux; Android 10; K) AppleWebKit/537.36 (KHTML, like Gecko) Chrome/135.0.0.0 Mobile Safari/537.36"
119.63.138.5 - - [28/Apr/2025:13:56:20 -0400] "GET /wp-content/plugins/essential-addons-for-elementor-lite/assets/front-end/js/view/general.min.js?ver=6.1.11 HTTP/1.1" 200 3883 "https://kneespine.com/" "Mozilla/5.0 (Linux; Android 10; K) AppleWebKit/537.36 (KHTML, like Gecko) Chrome/135.0.0.0 Mobile Safari/537.36"
119.63.138.5 - - [28/Apr/2025:13:56:20 -0400] "GET /wp-content/plugins/pro-elements/assets/lib/smartmenus/jquery.smartmenus.min.js?ver=1.2.1 HTTP/1.1" 200 6867 "https://kneespine.com/" "Mozilla/5.0 (Linux; Android 10; K) AppleWebKit/537.36 (KHTML, like Gecko) Chrome/135.0.0.0 Mobile Safari/537.36"
119.63.138.5 - - [28/Apr/2025:13:56:20 -0400] "GET /wp-content/plugins/elementor/assets/lib/flatpickr/flatpickr.min.js?ver=4.6.13 HTTP/1.1" 200 14078 "https://kneespine.com/" "Mozilla/5.0 (Linux; Android 10; K) AppleWebKit/537.36 (KHTML, like Gecko) Chrome/135.0.0.0 Mobile Safari/537.36"
119.63.138.5 - - [28/Apr/2025:13:56:20 -0400] "GET /wp-content/plugins/brave-popup-builder/assets/frontend/brave.js?ver=6.8 HTTP/1.1" 200 23854 "https://kneespine.com/" "Mozilla/5.0 (Linux; Android 10; K) AppleWebKit/537.36 (KHTML, like Gecko) Chrome/135.0.0.0 Mobile Safari/537.36"
139.135.59.146 - - [28/Apr/2025:13:56:20 -0400] "GET /wp-content/plugins/elementor/assets/lib/eicons/fonts/eicons.woff2?5.36.0 HTTP/1.1" 200 99440 "https://kneespine.com/wp-content/plugins/elementor/assets/lib/eicons/css/elementor-icons.min.css?ver=5.34.0" "Mozilla/5.0 (Linux; Android 14; Infinix X6881 Build/UP1A.231005.007; wv) AppleWebKit/537.36 (KHTML, like Gecko) Version/4.0 Chrome/135.0.7049.105 Mobile Safari/537.36 [FB_IAB/FB4A;FBAV/510.0.0.72.41;IABMV/1;]"
139.135.59.146 - - [28/Apr/2025:13:56:20 -0400] "GET /wp-content/uploads/elementor/thumbs/WhatsApp-Image-2024-08-20-at-14.16.00_8cdd6a52-qsviksp5cu4unsfnxn6byxxzrf0kfwr4lx2r26zqcw.jpg HTTP/1.1" 200 102084 "https://kneespine.com/?fbclid=IwY2xjawJ8oH9leHRuA2FlbQIxMQABHpfN2PXe8TKNfVNgbxzEtX4apZn5qDmBpP_ncb8K73-xx7IGveBML4uli_db_aem_YiIGL_yGf1QFHMFPsmHREg" "Mozilla/5.0 (Linux; Android 14; Infinix X6881 Build/UP1A.231005.007; wv) AppleWebKit/537.36 (KHTML, like Gecko) Version/4.0 Chrome/135.0.7049.105 Mobile Safari/537.36 [FB_IAB/FB4A;FBAV/510.0.0.72.41;IABMV/1;]"
139.135.59.146 - - [28/Apr/2025:13:56:19 -0400] "GET /wp-content/plugins/pro-elements/assets/lib/smartmenus/jquery.smartmenus.min.js?ver=1.2.1 HTTP/1.1" 200 6867 "https://kneespine.com/?fbclid=IwY2xjawJ8oH9leHRuA2FlbQIxMQABHpfN2PXe8TKNfVNgbxzEtX4apZn5qDmBpP_ncb8K73-xx7IGveBML4uli_db_aem_YiIGL_yGf1QFHMFPsmHREg" "Mozilla/5.0 (Linux; Android 14; Infinix X6881 Build/UP1A.231005.007; wv) AppleWebKit/537.36 (KHTML, like Gecko) Version/4.0 Chrome/135.0.7049.105 Mobile Safari/537.36 [FB_IAB/FB4A;FBAV/510.0.0.72.41;IABMV/1;]"
139.135.59.146 - - [28/Apr/2025:13:56:19 -0400] "GET /wp-content/plugins/brave-popup-builder/assets/frontend/brave.js?ver=6.8 HTTP/1.1" 200 23854 "https://kneespine.com/?fbclid=IwY2xjawJ8oH9leHRuA2FlbQIxMQABHpfN2PXe8TKNfVNgbxzEtX4apZn5qDmBpP_ncb8K73-xx7IGveBML4uli_db_aem_YiIGL_yGf1QFHMFPsmHREg" "Mozilla/5.0 (Linux; Android 14; Infinix X6881 Build/UP1A.231005.007; wv) AppleWebKit/537.36 (KHTML, like Gecko) Version/4.0 Chrome/135.0.7049.105 Mobile Safari/537.36 [FB_IAB/FB4A;FBAV/510.0.0.72.41;IABMV/1;]"
139.135.59.146 - - [28/Apr/2025:13:56:19 -0400] "GET /wp-content/plugins/elementor/assets/lib/flatpickr/flatpickr.min.js?ver=4.6.13 HTTP/1.1" 200 14078 "https://kneespine.com/?fbclid=IwY2xjawJ8oH9leHRuA2FlbQIxMQABHpfN2PXe8TKNfVNgbxzEtX4apZn5qDmBpP_ncb8K73-xx7IGveBML4uli_db_aem_YiIGL_yGf1QFHMFPsmHREg" "Mozilla/5.0 (Linux; Android 14; Infinix X6881 Build/UP1A.231005.007; wv) AppleWebKit/537.36 (KHTML, like Gecko) Version/4.0 Chrome/135.0.7049.105 Mobile Safari/537.36 [FB_IAB/FB4A;FBAV/510.0.0.72.41;IABMV/1;]"
119.63.138.5 - - [28/Apr/2025:13:56:20 -0400] "GET /wp-content/plugins/pro-elements/assets/js/webpack-pro.runtime.min.js?ver=3.23.1 HTTP/1.1" 200 2549 "https://kneespine.com/" "Mozilla/5.0 (Linux; Android 10; K) AppleWebKit/537.36 (KHTML, like Gecko) Chrome/135.0.0.0 Mobile Safari/537.36"
119.63.138.5 - - [28/Apr/2025:13:56:20 -0400] "GET /wp-content/plugins/elementor/assets/js/webpack.runtime.min.js?ver=3.28.4 HTTP/1.1" 200 2228 "https://kneespine.com/" "Mozilla/5.0 (Linux; Android 10; K) AppleWebKit/537.36 (KHTML, like Gecko) Chrome/135.0.0.0 Mobile Safari/537.36"
119.63.138.5 - - [28/Apr/2025:13:56:20 -0400] "GET /wp-includes/js/dist/i18n.min.js?ver=5e580eb46a90c2b997e6 HTTP/1.1" 200 3542 "https://kneespine.com/" "Mozilla/5.0 (Linux; Android 10; K) AppleWebKit/537.36 (KHTML, like Gecko) Chrome/135.0.0.0 Mobile Safari/537.36"
119.63.138.5 - - [28/Apr/2025:13:56:20 -0400] "GET /wp-includes/js/dist/hooks.min.js?ver=4d63a3d491d11ffd8ac6 HTTP/1.1" 200 1571 "https://kneespine.com/" "Mozilla/5.0 (Linux; Android 10; K) AppleWebKit/537.36 (KHTML, like Gecko) Chrome/135.0.0.0 Mobile Safari/537.36"
119.63.138.5 - - [28/Apr/2025:13:56:20 -0400] "GET /wp-content/plugins/selection-lite/js/sticky-effect.min.js?ver=1.15 HTTP/1.1" 200 1466 "https://kneespine.com/" "Mozilla/5.0 (Linux; Android 10; K) AppleWebKit/537.36 (KHTML, like Gecko) Chrome/135.0.0.0 Mobile Safari/537.36"
119.63.138.5 - - [28/Apr/2025:13:56:20 -0400] "GET /wp-content/plugins/elementor/assets/js/frontend-modules.min.js?ver=3.28.4 HTTP/1.1" 200 14421 "https://kneespine.com/" "Mozilla/5.0 (Linux; Android 10; K) AppleWebKit/537.36 (KHTML, like Gecko) Chrome/135.0.0.0 Mobile Safari/537.36"
119.63.138.5 - - [28/Apr/2025:13:56:20 -0400] "GET /wp-includes/js/jquery/ui/core.min.js?ver=1.13.3 HTTP/1.1" 200 6812 "https://kneespine.com/" "Mozilla/5.0 (Linux; Android 10; K) AppleWebKit/537.36 (KHTML, like Gecko) Chrome/135.0.0.0 Mobile Safari/537.36"
119.63.138.5 - - [28/Apr/2025:13:56:20 -0400] "GET /wp-content/plugins/elementor/assets/js/frontend.min.js?ver=3.28.4 HTTP/1.1" 200 13099 "https://kneespine.com/" "Mozilla/5.0 (Linux; Android 10; K) AppleWebKit/537.36 (KHTML, like Gecko) Chrome/135.0.0.0 Mobile Safari/537.36"
119.63.138.5 - - [28/Apr/2025:13:56:20 -0400] "GET /wp-content/plugins/pro-elements/assets/js/elements-handlers.min.js?ver=3.23.1 HTTP/1.1" 200 9632 "https://kneespine.com/" "Mozilla/5.0 (Linux; Android 10; K) AppleWebKit/537.36 (KHTML, like Gecko) Chrome/135.0.0.0 Mobile Safari/537.36"
119.63.138.5 - - [28/Apr/2025:13:56:20 -0400] "GET /wp-content/plugins/pro-elements/assets/js/frontend.min.js?ver=3.23.1 HTTP/1.1" 200 6467 "https://kneespine.com/" "Mozilla/5.0 (Linux; Android 10; K) AppleWebKit/537.36 (KHTML, like Gecko) Chrome/135.0.0.0 Mobile Safari/537.36"
119.63.138.5 - - [28/Apr/2025:13:56:20 -0400] "GET /wp-content/uploads/elementor/google-fonts/fonts/opensans-memvyags126mizpba-uvwbx2vvnxbbobj2ovts-muw.woff2 HTTP/1.1" 200 48236 "https://kneespine.com/wp-content/uploads/elementor/google-fonts/css/opensans.css?ver=1742289141" "Mozilla/5.0 (Linux; Android 10; K) AppleWebKit/537.36 (KHTML, like Gecko) Chrome/135.0.0.0 Mobile Safari/537.36"
119.63.138.5 - - [28/Apr/2025:13:56:20 -0400] "GET /wp-content/uploads/elementor/thumbs/WhatsApp-Image-2024-08-20-at-14.16.00_8cdd6a52-qsviksp5cu4unsfnxn6byxxzrf0kfwr4lx2r26zqcw.jpg HTTP/1.1" 200 102084 "https://kneespine.com/" "Mozilla/5.0 (Linux; Android 10; K) AppleWebKit/537.36 (KHTML, like Gecko) Chrome/135.0.0.0 Mobile Safari/537.36"
119.63.138.5 - - [28/Apr/2025:13:56:20 -0400] "GET /wp-content/uploads/elementor/google-fonts/fonts/nunitosans-pe0tmimslybiv1o4x1m8ce2xcx3yop4tqpf_metm0lfgwvpnn64cl7u8uphzibmv51q42ptcp7t1r-s.woff2 HTTP/1.1" 200 31052 "https://kneespine.com/wp-content/uploads/elementor/google-fonts/css/nunitosans.css?ver=1742795905" "Mozilla/5.0 (Linux; Android 10; K) AppleWebKit/537.36 (KHTML, like Gecko) Chrome/135.0.0.0 Mobile Safari/537.36"
119.63.138.5 - - [28/Apr/2025:13:56:20 -0400] "GET /wp-content/uploads/2024/08/4-removebg-preview-1.png HTTP/1.1" 200 13112 "https://kneespine.com/" "Mozilla/5.0 (Linux; Android 10; K) AppleWebKit/537.36 (KHTML, like Gecko) Chrome/135.0.0.0 Mobile Safari/537.36"
119.63.138.5 - - [28/Apr/2025:13:56:20 -0400] "GET /wp-content/uploads/2024/08/3-removebg-preview-1.png HTTP/1.1" 200 11066 "https://kneespine.com/" "Mozilla/5.0 (Linux; Android 10; K) AppleWebKit/537.36 (KHTML, like Gecko) Chrome/135.0.0.0 Mobile Safari/537.36"
119.63.138.5 - - [28/Apr/2025:13:56:20 -0400] "GET /wp-content/uploads/2024/08/1-removebg-preview-1.png HTTP/1.1" 200 12782 "https://kneespine.com/" "Mozilla/5.0 (Linux; Android 10; K) AppleWebKit/537.36 (KHTML, like Gecko) Chrome/135.0.0.0 Mobile Safari/537.36"
119.63.138.5 - - [28/Apr/2025:13:56:20 -0400] "GET /wp-content/uploads/2024/07/404_bg.png HTTP/1.1" 200 25573 "https://kneespine.com/wp-content/uploads/elementor/css/post-11.css?ver=1744797423" "Mozilla/5.0 (Linux; Android 10; K) AppleWebKit/537.36 (KHTML, like Gecko) Chrome/135.0.0.0 Mobile Safari/537.36"
119.63.138.5 - - [28/Apr/2025:13:56:20 -0400] "GET /wp-content/plugins/elementor/assets/lib/eicons/fonts/eicons.woff2?5.36.0 HTTP/1.1" 200 99440 "https://kneespine.com/wp-content/plugins/elementor/assets/lib/eicons/css/elementor-icons.min.css?ver=5.34.0" "Mozilla/5.0 (Linux; Android 10; K) AppleWebKit/537.36 (KHTML, like Gecko) Chrome/135.0.0.0 Mobile Safari/537.36"
119.63.138.5 - - [28/Apr/2025:13:56:21 -0400] "GET /wp-content/plugins/pro-elements/assets/js/nav-menu.e65811186e94a386ba7b.bundle.min.js HTTP/1.1" 200 1678 "https://kneespine.com/" "Mozilla/5.0 (Linux; Android 10; K) AppleWebKit/537.36 (KHTML, like Gecko) Chrome/135.0.0.0 Mobile Safari/537.36"
139.135.59.146 - - [28/Apr/2025:13:56:21 -0400] "GET /wp-content/plugins/elementor/assets/js/webpack.runtime.min.js?ver=3.28.4 HTTP/1.1" 200 2228 "https://kneespine.com/?fbclid=IwY2xjawJ8oH9leHRuA2FlbQIxMQABHpfN2PXe8TKNfVNgbxzEtX4apZn5qDmBpP_ncb8K73-xx7IGveBML4uli_db_aem_YiIGL_yGf1QFHMFPsmHREg" "Mozilla/5.0 (Linux; Android 14; Infinix X6881 Build/UP1A.231005.007; wv) AppleWebKit/537.36 (KHTML, like Gecko) Version/4.0 Chrome/135.0.7049.105 Mobile Safari/537.36 [FB_IAB/FB4A;FBAV/510.0.0.72.41;IABMV/1;]"
119.63.138.5 - - [28/Apr/2025:13:56:21 -0400] "GET /wp-content/plugins/elementor/assets/js/text-editor.c084ef86600b6f11690d.bundle.min.js HTTP/1.1" 200 621 "https://kneespine.com/" "Mozilla/5.0 (Linux; Android 10; K) AppleWebKit/537.36 (KHTML, like Gecko) Chrome/135.0.0.0 Mobile Safari/537.36"
119.63.138.5 - - [28/Apr/2025:13:56:21 -0400] "GET /wp-content/plugins/elementor/assets/js/counter.12335f45aaa79d244f24.bundle.min.js HTTP/1.1" 200 442 "https://kneespine.com/" "Mozilla/5.0 (Linux; Android 10; K) AppleWebKit/537.36 (KHTML, like Gecko) Chrome/135.0.0.0 Mobile Safari/537.36"
139.135.59.146 - - [28/Apr/2025:13:56:22 -0400] "GET /wp-content/plugins/elementor/assets/js/frontend-modules.min.js?ver=3.28.4 HTTP/1.1" 200 14421 "https://kneespine.com/?fbclid=IwY2xjawJ8oH9leHRuA2FlbQIxMQABHpfN2PXe8TKNfVNgbxzEtX4apZn5qDmBpP_ncb8K73-xx7IGveBML4uli_db_aem_YiIGL_yGf1QFHMFPsmHREg" "Mozilla/5.0 (Linux; Android 14; Infinix X6881 Build/UP1A.231005.007; wv) AppleWebKit/537.36 (KHTML, like Gecko) Version/4.0 Chrome/135.0.7049.105 Mobile Safari/537.36 [FB_IAB/FB4A;FBAV/510.0.0.72.41;IABMV/1;]"
139.135.59.146 - - [28/Apr/2025:13:56:22 -0400] "GET /wp-includes/js/dist/hooks.min.js?ver=4d63a3d491d11ffd8ac6 HTTP/1.1" 200 1571 "https://kneespine.com/?fbclid=IwY2xjawJ8oH9leHRuA2FlbQIxMQABHpfN2PXe8TKNfVNgbxzEtX4apZn5qDmBpP_ncb8K73-xx7IGveBML4uli_db_aem_YiIGL_yGf1QFHMFPsmHREg" "Mozilla/5.0 (Linux; Android 14; Infinix X6881 Build/UP1A.231005.007; wv) AppleWebKit/537.36 (KHTML, like Gecko) Version/4.0 Chrome/135.0.7049.105 Mobile Safari/537.36 [FB_IAB/FB4A;FBAV/510.0.0.72.41;IABMV/1;]"
139.135.59.146 - - [28/Apr/2025:13:56:22 -0400] "GET /wp-includes/js/dist/i18n.min.js?ver=5e580eb46a90c2b997e6 HTTP/1.1" 200 3542 "https://kneespine.com/?fbclid=IwY2xjawJ8oH9leHRuA2FlbQIxMQABHpfN2PXe8TKNfVNgbxzEtX4apZn5qDmBpP_ncb8K73-xx7IGveBML4uli_db_aem_YiIGL_yGf1QFHMFPsmHREg" "Mozilla/5.0 (Linux; Android 14; Infinix X6881 Build/UP1A.231005.007; wv) AppleWebKit/537.36 (KHTML, like Gecko) Version/4.0 Chrome/135.0.7049.105 Mobile Safari/537.36 [FB_IAB/FB4A;FBAV/510.0.0.72.41;IABMV/1;]"
119.63.138.5 - - [28/Apr/2025:13:56:22 -0400] "GET /wp-content/plugins/pro-elements/assets/js/popup.085c1727e36940b18f29.bundle.min.js HTTP/1.1" 200 395 "https://kneespine.com/" "Mozilla/5.0 (Linux; Android 10; K) AppleWebKit/537.36 (KHTML, like Gecko) Chrome/135.0.0.0 Mobile Safari/537.36"
119.63.138.5 - - [28/Apr/2025:13:56:22 -0400] "GET /wp-content/plugins/pro-elements/assets/js/carousel.9b02b45d7826c1c48f33.bundle.min.js HTTP/1.1" 200 1598 "https://kneespine.com/" "Mozilla/5.0 (Linux; Android 10; K) AppleWebKit/537.36 (KHTML, like Gecko) Chrome/135.0.0.0 Mobile Safari/537.36"
119.63.138.5 - - [28/Apr/2025:13:56:22 -0400] "GET /wp-content/plugins/elementor/assets/js/accordion.36aa4c8c4eba17bc8e03.bundle.min.js HTTP/1.1" 200 1318 "https://kneespine.com/" "Mozilla/5.0 (Linux; Android 10; K) AppleWebKit/537.36 (KHTML, like Gecko) Chrome/135.0.0.0 Mobile Safari/537.36"
119.63.138.5 - - [28/Apr/2025:13:56:22 -0400] "GET /wp-content/plugins/pro-elements/assets/js/form.c4bc7eaa69583834a7d5.bundle.min.js HTTP/1.1" 200 4825 "https://kneespine.com/" "Mozilla/5.0 (Linux; Android 10; K) AppleWebKit/537.36 (KHTML, like Gecko) Chrome/135.0.0.0 Mobile Safari/537.36"
139.135.59.146 - - [28/Apr/2025:13:56:22 -0400] "GET /wp-content/plugins/pro-elements/assets/js/frontend.min.js?ver=3.23.1 HTTP/1.1" 200 6467 "https://kneespine.com/?fbclid=IwY2xjawJ8oH9leHRuA2FlbQIxMQABHpfN2PXe8TKNfVNgbxzEtX4apZn5qDmBpP_ncb8K73-xx7IGveBML4uli_db_aem_YiIGL_yGf1QFHMFPsmHREg" "Mozilla/5.0 (Linux; Android 14; Infinix X6881 Build/UP1A.231005.007; wv) AppleWebKit/537.36 (KHTML, like Gecko) Version/4.0 Chrome/135.0.7049.105 Mobile Safari/537.36 [FB_IAB/FB4A;FBAV/510.0.0.72.41;IABMV/1;]"
139.135.59.146 - - [28/Apr/2025:13:56:22 -0400] "GET /wp-includes/js/jquery/ui/core.min.js?ver=1.13.3 HTTP/1.1" 200 6812 "https://kneespine.com/?fbclid=IwY2xjawJ8oH9leHRuA2FlbQIxMQABHpfN2PXe8TKNfVNgbxzEtX4apZn5qDmBpP_ncb8K73-xx7IGveBML4uli_db_aem_YiIGL_yGf1QFHMFPsmHREg" "Mozilla/5.0 (Linux; Android 14; Infinix X6881 Build/UP1A.231005.007; wv) AppleWebKit/537.36 (KHTML, like Gecko) Version/4.0 Chrome/135.0.7049.105 Mobile Safari/537.36 [FB_IAB/FB4A;FBAV/510.0.0.72.41;IABMV/1;]"
139.135.59.146 - - [28/Apr/2025:13:56:22 -0400] "GET /wp-content/plugins/elementor/assets/js/frontend.min.js?ver=3.28.4 HTTP/1.1" 200 13099 "https://kneespine.com/?fbclid=IwY2xjawJ8oH9leHRuA2FlbQIxMQABHpfN2PXe8TKNfVNgbxzEtX4apZn5qDmBpP_ncb8K73-xx7IGveBML4uli_db_aem_YiIGL_yGf1QFHMFPsmHREg" "Mozilla/5.0 (Linux; Android 14; Infinix X6881 Build/UP1A.231005.007; wv) AppleWebKit/537.36 (KHTML, like Gecko) Version/4.0 Chrome/135.0.7049.105 Mobile Safari/537.36 [FB_IAB/FB4A;FBAV/510.0.0.72.41;IABMV/1;]"
139.135.59.146 - - [28/Apr/2025:13:56:22 -0400] "GET /wp-content/plugins/pro-elements/assets/js/elements-handlers.min.js?ver=3.23.1 HTTP/1.1" 200 9632 "https://kneespine.com/?fbclid=IwY2xjawJ8oH9leHRuA2FlbQIxMQABHpfN2PXe8TKNfVNgbxzEtX4apZn5qDmBpP_ncb8K73-xx7IGveBML4uli_db_aem_YiIGL_yGf1QFHMFPsmHREg" "Mozilla/5.0 (Linux; Android 14; Infinix X6881 Build/UP1A.231005.007; wv) AppleWebKit/537.36 (KHTML, like Gecko) Version/4.0 Chrome/135.0.7049.105 Mobile Safari/537.36 [FB_IAB/FB4A;FBAV/510.0.0.72.41;IABMV/1;]"
139.135.59.146 - - [28/Apr/2025:13:56:22 -0400] "GET /wp-content/plugins/selection-lite/js/sticky-effect.min.js?ver=1.15 HTTP/1.1" 200 1466 "https://kneespine.com/?fbclid=IwY2xjawJ8oH9leHRuA2FlbQIxMQABHpfN2PXe8TKNfVNgbxzEtX4apZn5qDmBpP_ncb8K73-xx7IGveBML4uli_db_aem_YiIGL_yGf1QFHMFPsmHREg" "Mozilla/5.0 (Linux; Android 14; Infinix X6881 Build/UP1A.231005.007; wv) AppleWebKit/537.36 (KHTML, like Gecko) Version/4.0 Chrome/135.0.7049.105 Mobile Safari/537.36 [FB_IAB/FB4A;FBAV/510.0.0.72.41;IABMV/1;]"
139.135.59.146 - - [28/Apr/2025:13:56:22 -0400] "GET /wp-content/uploads/2024/08/4-removebg-preview-1.png HTTP/1.1" 200 13112 "https://kneespine.com/?fbclid=IwY2xjawJ8oH9leHRuA2FlbQIxMQABHpfN2PXe8TKNfVNgbxzEtX4apZn5qDmBpP_ncb8K73-xx7IGveBML4uli_db_aem_YiIGL_yGf1QFHMFPsmHREg" "Mozilla/5.0 (Linux; Android 14; Infinix X6881 Build/UP1A.231005.007; wv) AppleWebKit/537.36 (KHTML, like Gecko) Version/4.0 Chrome/135.0.7049.105 Mobile Safari/537.36 [FB_IAB/FB4A;FBAV/510.0.0.72.41;IABMV/1;]"
