154.80.21.240 - - [28/Apr/2025:08:27:06 -0400] "GET /wp-content/uploads/elementor/thumbs/WhatsApp-Image-2024-08-20-at-14.16.00_8cdd6a52-qsviksp5cu4unsfnxn6byxxzrf0kfwr4lx2r26zqcw.jpg HTTP/1.1" 200 102084 "https://kneespine.com/?fbclid=IwY2xjawJ8U1NleHRuA2FlbQIxMQABHkKroWzCwPjb1OxbpRc8VRrvqJtH2foixspO38jHf3in6M_mb6HvHSYMsWYC_aem_dexWk5GbV0pQizadrCrx2Q" "Mozilla/5.0 (Linux; Android 13; RMX3195 Build/SP1A.210812.016; wv) AppleWebKit/537.36 (KHTML, like Gecko) Version/4.0 Chrome/135.0.7049.105 Mobile Safari/537.36 [FB_IAB/FB4A;FBAV/510.0.0.72.41;IABMV/1;]"
154.80.21.240 - - [28/Apr/2025:08:27:06 -0400] "GET /wp-content/plugins/elementor/assets/css/widget-divider.min.css?ver=3.28.4 HTTP/1.1" 200 707 "https://kneespine.com/?fbclid=IwY2xjawJ8U1NleHRuA2FlbQIxMQABHkKroWzCwPjb1OxbpRc8VRrvqJtH2foixspO38jHf3in6M_mb6HvHSYMsWYC_aem_dexWk5GbV0pQizadrCrx2Q" "Mozilla/5.0 (Linux; Android 13; RMX3195 Build/SP1A.210812.016; wv) AppleWebKit/537.36 (KHTML, like Gecko) Version/4.0 Chrome/135.0.7049.105 Mobile Safari/537.36 [FB_IAB/FB4A;FBAV/510.0.0.72.41;IABMV/1;]"
66.29.132.124 - - [28/Apr/2025:08:27:06 -0400] "POST /wp-admin/admin-ajax.php?action=async_litespeed&nonce=zxrb0HubVFYMHxV4VxwundDjr1uGk3Xe&litespeed_type=imgoptm HTTP/1.1" 200 0 "-" "WordPress/6.8; https://kneespine.com"
154.80.21.240 - - [28/Apr/2025:08:27:07 -0400] "GET /wp-content/plugins/elementor/assets/lib/jquery-numerator/jquery-numerator.min.js?ver=0.2.1 HTTP/1.1" 200 677 "https://kneespine.com/?fbclid=IwY2xjawJ8U1NleHRuA2FlbQIxMQABHkKroWzCwPjb1OxbpRc8VRrvqJtH2foixspO38jHf3in6M_mb6HvHSYMsWYC_aem_dexWk5GbV0pQizadrCrx2Q" "Mozilla/5.0 (Linux; Android 13; RMX3195 Build/SP1A.210812.016; wv) AppleWebKit/537.36 (KHTML, like Gecko) Version/4.0 Chrome/135.0.7049.105 Mobile Safari/537.36 [FB_IAB/FB4A;FBAV/510.0.0.72.41;IABMV/1;]"
154.80.21.240 - - [28/Apr/2025:08:27:07 -0400] "GET /wp-includes/js/imagesloaded.min.js?ver=5.0.0 HTTP/1.1" 200 1687 "https://kneespine.com/?fbclid=IwY2xjawJ8U1NleHRuA2FlbQIxMQABHkKroWzCwPjb1OxbpRc8VRrvqJtH2foixspO38jHf3in6M_mb6HvHSYMsWYC_aem_dexWk5GbV0pQizadrCrx2Q" "Mozilla/5.0 (Linux; Android 13; RMX3195 Build/SP1A.210812.016; wv) AppleWebKit/537.36 (KHTML, like Gecko) Version/4.0 Chrome/135.0.7049.105 Mobile Safari/537.36 [FB_IAB/FB4A;FBAV/510.0.0.72.41;IABMV/1;]"
154.80.21.240 - - [28/Apr/2025:08:27:07 -0400] "GET /wp-content/themes/hello-elementor/assets/js/hello-frontend.min.js?ver=3.3.0 HTTP/1.1" 200 548 "https://kneespine.com/?fbclid=IwY2xjawJ8U1NleHRuA2FlbQIxMQABHkKroWzCwPjb1OxbpRc8VRrvqJtH2foixspO38jHf3in6M_mb6HvHSYMsWYC_aem_dexWk5GbV0pQizadrCrx2Q" "Mozilla/5.0 (Linux; Android 13; RMX3195 Build/SP1A.210812.016; wv) AppleWebKit/537.36 (KHTML, like Gecko) Version/4.0 Chrome/135.0.7049.105 Mobile Safari/537.36 [FB_IAB/FB4A;FBAV/510.0.0.72.41;IABMV/1;]"
154.80.21.240 - - [28/Apr/2025:08:27:07 -0400] "GET /wp-content/plugins/essential-addons-for-elementor-lite/assets/front-end/js/view/general.min.js?ver=6.1.11 HTTP/1.1" 200 3883 "https://kneespine.com/?fbclid=IwY2xjawJ8U1NleHRuA2FlbQIxMQABHkKroWzCwPjb1OxbpRc8VRrvqJtH2foixspO38jHf3in6M_mb6HvHSYMsWYC_aem_dexWk5GbV0pQizadrCrx2Q" "Mozilla/5.0 (Linux; Android 13; RMX3195 Build/SP1A.210812.016; wv) AppleWebKit/537.36 (KHTML, like Gecko) Version/4.0 Chrome/135.0.7049.105 Mobile Safari/537.36 [FB_IAB/FB4A;FBAV/510.0.0.72.41;IABMV/1;]"
154.80.21.240 - - [28/Apr/2025:08:27:07 -0400] "GET /wp-content/plugins/brave-popup-builder/assets/css/frontend.min.css?ver=6.8 HTTP/1.1" 200 7994 "https://kneespine.com/?fbclid=IwY2xjawJ8U1NleHRuA2FlbQIxMQABHkKroWzCwPjb1OxbpRc8VRrvqJtH2foixspO38jHf3in6M_mb6HvHSYMsWYC_aem_dexWk5GbV0pQizadrCrx2Q" "Mozilla/5.0 (Linux; Android 13; RMX3195 Build/SP1A.210812.016; wv) AppleWebKit/537.36 (KHTML, like Gecko) Version/4.0 Chrome/135.0.7049.105 Mobile Safari/537.36 [FB_IAB/FB4A;FBAV/510.0.0.72.41;IABMV/1;]"
154.80.21.240 - - [28/Apr/2025:08:27:07 -0400] "GET /wp-content/plugins/pro-elements/assets/lib/smartmenus/jquery.smartmenus.min.js?ver=1.2.1 HTTP/1.1" 200 6867 "https://kneespine.com/?fbclid=IwY2xjawJ8U1NleHRuA2FlbQIxMQABHkKroWzCwPjb1OxbpRc8VRrvqJtH2foixspO38jHf3in6M_mb6HvHSYMsWYC_aem_dexWk5GbV0pQizadrCrx2Q" "Mozilla/5.0 (Linux; Android 13; RMX3195 Build/SP1A.210812.016; wv) AppleWebKit/537.36 (KHTML, like Gecko) Version/4.0 Chrome/135.0.7049.105 Mobile Safari/537.36 [FB_IAB/FB4A;FBAV/510.0.0.72.41;IABMV/1;]"
154.80.21.240 - - [28/Apr/2025:08:27:09 -0400] "GET /wp-content/plugins/pro-elements/assets/js/webpack-pro.runtime.min.js?ver=3.23.1 HTTP/1.1" 200 2549 "https://kneespine.com/?fbclid=IwY2xjawJ8U1NleHRuA2FlbQIxMQABHkKroWzCwPjb1OxbpRc8VRrvqJtH2foixspO38jHf3in6M_mb6HvHSYMsWYC_aem_dexWk5GbV0pQizadrCrx2Q" "Mozilla/5.0 (Linux; Android 13; RMX3195 Build/SP1A.210812.016; wv) AppleWebKit/537.36 (KHTML, like Gecko) Version/4.0 Chrome/135.0.7049.105 Mobile Safari/537.36 [FB_IAB/FB4A;FBAV/510.0.0.72.41;IABMV/1;]"
154.80.21.240 - - [28/Apr/2025:08:27:09 -0400] "GET /wp-content/plugins/elementor/assets/js/webpack.runtime.min.js?ver=3.28.4 HTTP/1.1" 200 2228 "https://kneespine.com/?fbclid=IwY2xjawJ8U1NleHRuA2FlbQIxMQABHkKroWzCwPjb1OxbpRc8VRrvqJtH2foixspO38jHf3in6M_mb6HvHSYMsWYC_aem_dexWk5GbV0pQizadrCrx2Q" "Mozilla/5.0 (Linux; Android 13; RMX3195 Build/SP1A.210812.016; wv) AppleWebKit/537.36 (KHTML, like Gecko) Version/4.0 Chrome/135.0.7049.105 Mobile Safari/537.36 [FB_IAB/FB4A;FBAV/510.0.0.72.41;IABMV/1;]"
154.80.21.240 - - [28/Apr/2025:08:27:09 -0400] "GET /wp-content/plugins/brave-popup-builder/assets/frontend/brave.js?ver=6.8 HTTP/1.1" 200 23854 "https://kneespine.com/?fbclid=IwY2xjawJ8U1NleHRuA2FlbQIxMQABHkKroWzCwPjb1OxbpRc8VRrvqJtH2foixspO38jHf3in6M_mb6HvHSYMsWYC_aem_dexWk5GbV0pQizadrCrx2Q" "Mozilla/5.0 (Linux; Android 13; RMX3195 Build/SP1A.210812.016; wv) AppleWebKit/537.36 (KHTML, like Gecko) Version/4.0 Chrome/135.0.7049.105 Mobile Safari/537.36 [FB_IAB/FB4A;FBAV/510.0.0.72.41;IABMV/1;]"
154.80.21.240 - - [28/Apr/2025:08:27:09 -0400] "GET /wp-content/plugins/elementor/assets/js/frontend-modules.min.js?ver=3.28.4 HTTP/1.1" 200 14421 "https://kneespine.com/?fbclid=IwY2xjawJ8U1NleHRuA2FlbQIxMQABHkKroWzCwPjb1OxbpRc8VRrvqJtH2foixspO38jHf3in6M_mb6HvHSYMsWYC_aem_dexWk5GbV0pQizadrCrx2Q" "Mozilla/5.0 (Linux; Android 13; RMX3195 Build/SP1A.210812.016; wv) AppleWebKit/537.36 (KHTML, like Gecko) Version/4.0 Chrome/135.0.7049.105 Mobile Safari/537.36 [FB_IAB/FB4A;FBAV/510.0.0.72.41;IABMV/1;]"
154.80.21.240 - - [28/Apr/2025:08:27:09 -0400] "GET /wp-content/plugins/elementor/assets/lib/flatpickr/flatpickr.min.js?ver=4.6.13 HTTP/1.1" 200 14078 "https://kneespine.com/?fbclid=IwY2xjawJ8U1NleHRuA2FlbQIxMQABHkKroWzCwPjb1OxbpRc8VRrvqJtH2foixspO38jHf3in6M_mb6HvHSYMsWYC_aem_dexWk5GbV0pQizadrCrx2Q" "Mozilla/5.0 (Linux; Android 13; RMX3195 Build/SP1A.210812.016; wv) AppleWebKit/537.36 (KHTML, like Gecko) Version/4.0 Chrome/135.0.7049.105 Mobile Safari/537.36 [FB_IAB/FB4A;FBAV/510.0.0.72.41;IABMV/1;]"
154.80.21.240 - - [28/Apr/2025:08:27:09 -0400] "GET /wp-includes/js/dist/hooks.min.js?ver=4d63a3d491d11ffd8ac6 HTTP/1.1" 200 1571 "https://kneespine.com/?fbclid=IwY2xjawJ8U1NleHRuA2FlbQIxMQABHkKroWzCwPjb1OxbpRc8VRrvqJtH2foixspO38jHf3in6M_mb6HvHSYMsWYC_aem_dexWk5GbV0pQizadrCrx2Q" "Mozilla/5.0 (Linux; Android 13; RMX3195 Build/SP1A.210812.016; wv) AppleWebKit/537.36 (KHTML, like Gecko) Version/4.0 Chrome/135.0.7049.105 Mobile Safari/537.36 [FB_IAB/FB4A;FBAV/510.0.0.72.41;IABMV/1;]"
4.227.36.104 - - [28/Apr/2025:08:27:09 -0400] "GET /robots.txt HTTP/1.1" 200 95 "-" "Mozilla/5.0 AppleWebKit/537.36 (KHTML, like Gecko; compatible; GPTBot/1.2; +https://openai.com/gptbot)"
66.29.132.124 - - [28/Apr/2025:08:27:10 -0400] "GET / HTTP/1.1" 200 31790 "-" "WordPress/6.8; https://kneespine.com"
66.29.132.124 - - [28/Apr/2025:08:27:09 -0400] "POST /wp-admin/admin-ajax.php?action=as_async_request_queue_runner&nonce=bd5b960920 HTTP/1.1" 200 0 "-" "WordPress/6.8; https://kneespine.com"
154.80.21.240 - - [28/Apr/2025:08:27:10 -0400] "GET /wp-includes/js/dist/i18n.min.js?ver=5e580eb46a90c2b997e6 HTTP/1.1" 200 3542 "https://kneespine.com/?fbclid=IwY2xjawJ8U1NleHRuA2FlbQIxMQABHkKroWzCwPjb1OxbpRc8VRrvqJtH2foixspO38jHf3in6M_mb6HvHSYMsWYC_aem_dexWk5GbV0pQizadrCrx2Q" "Mozilla/5.0 (Linux; Android 13; RMX3195 Build/SP1A.210812.016; wv) AppleWebKit/537.36 (KHTML, like Gecko) Version/4.0 Chrome/135.0.7049.105 Mobile Safari/537.36 [FB_IAB/FB4A;FBAV/510.0.0.72.41;IABMV/1;]"
154.80.21.240 - - [28/Apr/2025:08:27:10 -0400] "GET /wp-content/plugins/selection-lite/js/sticky-effect.min.js?ver=1.15 HTTP/1.1" 200 1466 "https://kneespine.com/?fbclid=IwY2xjawJ8U1NleHRuA2FlbQIxMQABHkKroWzCwPjb1OxbpRc8VRrvqJtH2foixspO38jHf3in6M_mb6HvHSYMsWYC_aem_dexWk5GbV0pQizadrCrx2Q" "Mozilla/5.0 (Linux; Android 13; RMX3195 Build/SP1A.210812.016; wv) AppleWebKit/537.36 (KHTML, like Gecko) Version/4.0 Chrome/135.0.7049.105 Mobile Safari/537.36 [FB_IAB/FB4A;FBAV/510.0.0.72.41;IABMV/1;]"
154.80.21.240 - - [28/Apr/2025:08:27:10 -0400] "GET /wp-content/plugins/pro-elements/assets/js/frontend.min.js?ver=3.23.1 HTTP/1.1" 200 6467 "https://kneespine.com/?fbclid=IwY2xjawJ8U1NleHRuA2FlbQIxMQABHkKroWzCwPjb1OxbpRc8VRrvqJtH2foixspO38jHf3in6M_mb6HvHSYMsWYC_aem_dexWk5GbV0pQizadrCrx2Q" "Mozilla/5.0 (Linux; Android 13; RMX3195 Build/SP1A.210812.016; wv) AppleWebKit/537.36 (KHTML, like Gecko) Version/4.0 Chrome/135.0.7049.105 Mobile Safari/537.36 [FB_IAB/FB4A;FBAV/510.0.0.72.41;IABMV/1;]"
154.80.21.240 - - [28/Apr/2025:08:27:10 -0400] "GET /wp-content/plugins/elementor/assets/js/frontend.min.js?ver=3.28.4 HTTP/1.1" 200 13099 "https://kneespine.com/?fbclid=IwY2xjawJ8U1NleHRuA2FlbQIxMQABHkKroWzCwPjb1OxbpRc8VRrvqJtH2foixspO38jHf3in6M_mb6HvHSYMsWYC_aem_dexWk5GbV0pQizadrCrx2Q" "Mozilla/5.0 (Linux; Android 13; RMX3195 Build/SP1A.210812.016; wv) AppleWebKit/537.36 (KHTML, like Gecko) Version/4.0 Chrome/135.0.7049.105 Mobile Safari/537.36 [FB_IAB/FB4A;FBAV/510.0.0.72.41;IABMV/1;]"
154.80.21.240 - - [28/Apr/2025:08:27:10 -0400] "GET /wp-includes/js/jquery/ui/core.min.js?ver=1.13.3 HTTP/1.1" 200 6812 "https://kneespine.com/?fbclid=IwY2xjawJ8U1NleHRuA2FlbQIxMQABHkKroWzCwPjb1OxbpRc8VRrvqJtH2foixspO38jHf3in6M_mb6HvHSYMsWYC_aem_dexWk5GbV0pQizadrCrx2Q" "Mozilla/5.0 (Linux; Android 13; RMX3195 Build/SP1A.210812.016; wv) AppleWebKit/537.36 (KHTML, like Gecko) Version/4.0 Chrome/135.0.7049.105 Mobile Safari/537.36 [FB_IAB/FB4A;FBAV/510.0.0.72.41;IABMV/1;]"
154.80.21.240 - - [28/Apr/2025:08:27:10 -0400] "GET /wp-content/plugins/pro-elements/assets/js/elements-handlers.min.js?ver=3.23.1 HTTP/1.1" 200 9632 "https://kneespine.com/?fbclid=IwY2xjawJ8U1NleHRuA2FlbQIxMQABHkKroWzCwPjb1OxbpRc8VRrvqJtH2foixspO38jHf3in6M_mb6HvHSYMsWYC_aem_dexWk5GbV0pQizadrCrx2Q" "Mozilla/5.0 (Linux; Android 13; RMX3195 Build/SP1A.210812.016; wv) AppleWebKit/537.36 (KHTML, like Gecko) Version/4.0 Chrome/135.0.7049.105 Mobile Safari/537.36 [FB_IAB/FB4A;FBAV/510.0.0.72.41;IABMV/1;]"
154.80.21.240 - - [28/Apr/2025:08:27:11 -0400] "GET /wp-content/uploads/2024/08/4-removebg-preview-1.png HTTP/1.1" 200 13112 "https://kneespine.com/?fbclid=IwY2xjawJ8U1NleHRuA2FlbQIxMQABHkKroWzCwPjb1OxbpRc8VRrvqJtH2foixspO38jHf3in6M_mb6HvHSYMsWYC_aem_dexWk5GbV0pQizadrCrx2Q" "Mozilla/5.0 (Linux; Android 13; RMX3195 Build/SP1A.210812.016; wv) AppleWebKit/537.36 (KHTML, like Gecko) Version/4.0 Chrome/135.0.7049.105 Mobile Safari/537.36 [FB_IAB/FB4A;FBAV/510.0.0.72.41;IABMV/1;]"
154.80.21.240 - - [28/Apr/2025:08:27:11 -0400] "GET /wp-content/uploads/2024/08/3-removebg-preview-1.png HTTP/1.1" 200 11066 "https://kneespine.com/?fbclid=IwY2xjawJ8U1NleHRuA2FlbQIxMQABHkKroWzCwPjb1OxbpRc8VRrvqJtH2foixspO38jHf3in6M_mb6HvHSYMsWYC_aem_dexWk5GbV0pQizadrCrx2Q" "Mozilla/5.0 (Linux; Android 13; RMX3195 Build/SP1A.210812.016; wv) AppleWebKit/537.36 (KHTML, like Gecko) Version/4.0 Chrome/135.0.7049.105 Mobile Safari/537.36 [FB_IAB/FB4A;FBAV/510.0.0.72.41;IABMV/1;]"
154.80.21.240 - - [28/Apr/2025:08:27:11 -0400] "GET /wp-content/uploads/2024/08/2-removebg-preview-2.png HTTP/1.1" 200 5351 "https://kneespine.com/?fbclid=IwY2xjawJ8U1NleHRuA2FlbQIxMQABHkKroWzCwPjb1OxbpRc8VRrvqJtH2foixspO38jHf3in6M_mb6HvHSYMsWYC_aem_dexWk5GbV0pQizadrCrx2Q" "Mozilla/5.0 (Linux; Android 13; RMX3195 Build/SP1A.210812.016; wv) AppleWebKit/537.36 (KHTML, like Gecko) Version/4.0 Chrome/135.0.7049.105 Mobile Safari/537.36 [FB_IAB/FB4A;FBAV/510.0.0.72.41;IABMV/1;]"
154.80.21.240 - - [28/Apr/2025:08:27:11 -0400] "GET /wp-content/uploads/2024/08/1-removebg-preview-1.png HTTP/1.1" 200 12782 "https://kneespine.com/?fbclid=IwY2xjawJ8U1NleHRuA2FlbQIxMQABHkKroWzCwPjb1OxbpRc8VRrvqJtH2foixspO38jHf3in6M_mb6HvHSYMsWYC_aem_dexWk5GbV0pQizadrCrx2Q" "Mozilla/5.0 (Linux; Android 13; RMX3195 Build/SP1A.210812.016; wv) AppleWebKit/537.36 (KHTML, like Gecko) Version/4.0 Chrome/135.0.7049.105 Mobile Safari/537.36 [FB_IAB/FB4A;FBAV/510.0.0.72.41;IABMV/1;]"
154.80.21.240 - - [28/Apr/2025:08:27:11 -0400] "GET /wp-content/uploads/2024/08/5-removebg-preview-1.png HTTP/1.1" 200 9205 "https://kneespine.com/?fbclid=IwY2xjawJ8U1NleHRuA2FlbQIxMQABHkKroWzCwPjb1OxbpRc8VRrvqJtH2foixspO38jHf3in6M_mb6HvHSYMsWYC_aem_dexWk5GbV0pQizadrCrx2Q" "Mozilla/5.0 (Linux; Android 13; RMX3195 Build/SP1A.210812.016; wv) AppleWebKit/537.36 (KHTML, like Gecko) Version/4.0 Chrome/135.0.7049.105 Mobile Safari/537.36 [FB_IAB/FB4A;FBAV/510.0.0.72.41;IABMV/1;]"
154.80.21.240 - - [28/Apr/2025:08:27:11 -0400] "GET /wp-content/uploads/2024/07/404_bg.png HTTP/1.1" 200 25573 "https://kneespine.com/wp-content/uploads/elementor/css/post-11.css?ver=1744797423" "Mozilla/5.0 (Linux; Android 13; RMX3195 Build/SP1A.210812.016; wv) AppleWebKit/537.36 (KHTML, like Gecko) Version/4.0 Chrome/135.0.7049.105 Mobile Safari/537.36 [FB_IAB/FB4A;FBAV/510.0.0.72.41;IABMV/1;]"
20.171.207.100 - - [28/Apr/2025:08:27:11 -0400] "GET /wp-login.php?action=register HTTP/1.1" 302 0 "-" "Mozilla/5.0 AppleWebKit/537.36 (KHTML, like Gecko; compatible; GPTBot/1.2; +https://openai.com/gptbot)"
154.80.21.240 - - [28/Apr/2025:08:27:12 -0400] "GET /wp-content/plugins/pro-elements/assets/js/nav-menu.e65811186e94a386ba7b.bundle.min.js HTTP/1.1" 200 1678 "https://kneespine.com/?fbclid=IwY2xjawJ8U1NleHRuA2FlbQIxMQABHkKroWzCwPjb1OxbpRc8VRrvqJtH2foixspO38jHf3in6M_mb6HvHSYMsWYC_aem_dexWk5GbV0pQizadrCrx2Q" "Mozilla/5.0 (Linux; Android 13; RMX3195 Build/SP1A.210812.016; wv) AppleWebKit/537.36 (KHTML, like Gecko) Version/4.0 Chrome/135.0.7049.105 Mobile Safari/537.36 [FB_IAB/FB4A;FBAV/510.0.0.72.41;IABMV/1;]"
154.80.21.240 - - [28/Apr/2025:08:27:12 -0400] "GET /wp-content/plugins/elementor/assets/js/text-editor.c084ef86600b6f11690d.bundle.min.js HTTP/1.1" 200 621 "https://kneespine.com/?fbclid=IwY2xjawJ8U1NleHRuA2FlbQIxMQABHkKroWzCwPjb1OxbpRc8VRrvqJtH2foixspO38jHf3in6M_mb6HvHSYMsWYC_aem_dexWk5GbV0pQizadrCrx2Q" "Mozilla/5.0 (Linux; Android 13; RMX3195 Build/SP1A.210812.016; wv) AppleWebKit/537.36 (KHTML, like Gecko) Version/4.0 Chrome/135.0.7049.105 Mobile Safari/537.36 [FB_IAB/FB4A;FBAV/510.0.0.72.41;IABMV/1;]"
154.80.21.240 - - [28/Apr/2025:08:27:12 -0400] "GET /wp-content/plugins/elementor/assets/js/counter.12335f45aaa79d244f24.bundle.min.js HTTP/1.1" 200 442 "https://kneespine.com/?fbclid=IwY2xjawJ8U1NleHRuA2FlbQIxMQABHkKroWzCwPjb1OxbpRc8VRrvqJtH2foixspO38jHf3in6M_mb6HvHSYMsWYC_aem_dexWk5GbV0pQizadrCrx2Q" "Mozilla/5.0 (Linux; Android 13; RMX3195 Build/SP1A.210812.016; wv) AppleWebKit/537.36 (KHTML, like Gecko) Version/4.0 Chrome/135.0.7049.105 Mobile Safari/537.36 [FB_IAB/FB4A;FBAV/510.0.0.72.41;IABMV/1;]"
154.80.21.240 - - [28/Apr/2025:08:27:13 -0400] "GET /wp-content/plugins/pro-elements/assets/js/carousel.9b02b45d7826c1c48f33.bundle.min.js HTTP/1.1" 200 1598 "https://kneespine.com/?fbclid=IwY2xjawJ8U1NleHRuA2FlbQIxMQABHkKroWzCwPjb1OxbpRc8VRrvqJtH2foixspO38jHf3in6M_mb6HvHSYMsWYC_aem_dexWk5GbV0pQizadrCrx2Q" "Mozilla/5.0 (Linux; Android 13; RMX3195 Build/SP1A.210812.016; wv) AppleWebKit/537.36 (KHTML, like Gecko) Version/4.0 Chrome/135.0.7049.105 Mobile Safari/537.36 [FB_IAB/FB4A;FBAV/510.0.0.72.41;IABMV/1;]"
154.80.21.240 - - [28/Apr/2025:08:27:13 -0400] "GET /wp-content/plugins/pro-elements/assets/js/form.c4bc7eaa69583834a7d5.bundle.min.js HTTP/1.1" 200 4825 "https://kneespine.com/?fbclid=IwY2xjawJ8U1NleHRuA2FlbQIxMQABHkKroWzCwPjb1OxbpRc8VRrvqJtH2foixspO38jHf3in6M_mb6HvHSYMsWYC_aem_dexWk5GbV0pQizadrCrx2Q" "Mozilla/5.0 (Linux; Android 13; RMX3195 Build/SP1A.210812.016; wv) AppleWebKit/537.36 (KHTML, like Gecko) Version/4.0 Chrome/135.0.7049.105 Mobile Safari/537.36 [FB_IAB/FB4A;FBAV/510.0.0.72.41;IABMV/1;]"
154.80.21.240 - - [28/Apr/2025:08:27:13 -0400] "GET /wp-content/plugins/pro-elements/assets/js/popup.085c1727e36940b18f29.bundle.min.js HTTP/1.1" 200 395 "https://kneespine.com/?fbclid=IwY2xjawJ8U1NleHRuA2FlbQIxMQABHkKroWzCwPjb1OxbpRc8VRrvqJtH2foixspO38jHf3in6M_mb6HvHSYMsWYC_aem_dexWk5GbV0pQizadrCrx2Q" "Mozilla/5.0 (Linux; Android 13; RMX3195 Build/SP1A.210812.016; wv) AppleWebKit/537.36 (KHTML, like Gecko) Version/4.0 Chrome/135.0.7049.105 Mobile Safari/537.36 [FB_IAB/FB4A;FBAV/510.0.0.72.41;IABMV/1;]"
154.80.21.240 - - [28/Apr/2025:08:27:13 -0400] "GET /wp-content/plugins/elementor/assets/js/accordion.36aa4c8c4eba17bc8e03.bundle.min.js HTTP/1.1" 200 1318 "https://kneespine.com/?fbclid=IwY2xjawJ8U1NleHRuA2FlbQIxMQABHkKroWzCwPjb1OxbpRc8VRrvqJtH2foixspO38jHf3in6M_mb6HvHSYMsWYC_aem_dexWk5GbV0pQizadrCrx2Q" "Mozilla/5.0 (Linux; Android 13; RMX3195 Build/SP1A.210812.016; wv) AppleWebKit/537.36 (KHTML, like Gecko) Version/4.0 Chrome/135.0.7049.105 Mobile Safari/537.36 [FB_IAB/FB4A;FBAV/510.0.0.72.41;IABMV/1;]"
154.80.21.240 - - [28/Apr/2025:08:27:14 -0400] "GET /wp-content/plugins/elementor/assets/lib/swiper/v8/swiper.min.js?ver=8.4.5 HTTP/1.1" 200 38152 "https://kneespine.com/?fbclid=IwY2xjawJ8U1NleHRuA2FlbQIxMQABHkKroWzCwPjb1OxbpRc8VRrvqJtH2foixspO38jHf3in6M_mb6HvHSYMsWYC_aem_dexWk5GbV0pQizadrCrx2Q" "Mozilla/5.0 (Linux; Android 13; RMX3195 Build/SP1A.210812.016; wv) AppleWebKit/537.36 (KHTML, like Gecko) Version/4.0 Chrome/135.0.7049.105 Mobile Safari/537.36 [FB_IAB/FB4A;FBAV/510.0.0.72.41;IABMV/1;]"
20.171.207.100 - - [28/Apr/2025:08:27:14 -0400] "GET /wp-login.php?registration=disabled HTTP/1.1" 200 1933 "-" "Mozilla/5.0 AppleWebKit/537.36 (KHTML, like Gecko; compatible; GPTBot/1.2; +https://openai.com/gptbot)"
66.29.132.124 - - [28/Apr/2025:08:27:15 -0400] "POST /wp-cron.php?doing_wp_cron=1745843234.5058889389038085937500 HTTP/1.1" 200 0 "-" "WordPress/6.8; https://kneespine.com"
154.80.21.240 - - [28/Apr/2025:08:27:15 -0400] "GET /wp-content/uploads/2024/07/cropped-Untitled_design__53_-removebg-preview-32x32.png HTTP/1.1" 200 1416 "https://kneespine.com/?fbclid=IwY2xjawJ8U1NleHRuA2FlbQIxMQABHkKroWzCwPjb1OxbpRc8VRrvqJtH2foixspO38jHf3in6M_mb6HvHSYMsWYC_aem_dexWk5GbV0pQizadrCrx2Q" "Mozilla/5.0 (Linux; Android 13; RMX3195 Build/SP1A.210812.016; wv) AppleWebKit/537.36 (KHTML, like Gecko) Version/4.0 Chrome/135.0.7049.105 Mobile Safari/537.36 [FB_IAB/FB4A;FBAV/510.0.0.72.41;IABMV/1;]"
154.80.21.240 - - [28/Apr/2025:08:27:15 -0400] "GET /wp-content/uploads/2024/07/cropped-Untitled_design__53_-removebg-preview-192x192.png HTTP/1.1" 200 22222 "https://kneespine.com/?fbclid=IwY2xjawJ8U1NleHRuA2FlbQIxMQABHkKroWzCwPjb1OxbpRc8VRrvqJtH2foixspO38jHf3in6M_mb6HvHSYMsWYC_aem_dexWk5GbV0pQizadrCrx2Q" "Mozilla/5.0 (Linux; Android 13; RMX3195 Build/SP1A.210812.016; wv) AppleWebKit/537.36 (KHTML, like Gecko) Version/4.0 Chrome/135.0.7049.105 Mobile Safari/537.36 [FB_IAB/FB4A;FBAV/510.0.0.72.41;IABMV/1;]"
20.171.207.100 - - [28/Apr/2025:08:27:17 -0400] "GET /wp-includes/js/underscore.min.js?ver=1.13.7 HTTP/1.1" 200 7185 "-" "Mozilla/5.0 AppleWebKit/537.36 (KHTML, like Gecko; compatible; GPTBot/1.2; +https://openai.com/gptbot)"
154.80.21.240 - - [28/Apr/2025:08:27:17 -0400] "GET /our-services/ HTTP/1.1" 200 15531 "https://kneespine.com/?fbclid=IwY2xjawJ8U1NleHRuA2FlbQIxMQABHkKroWzCwPjb1OxbpRc8VRrvqJtH2foixspO38jHf3in6M_mb6HvHSYMsWYC_aem_dexWk5GbV0pQizadrCrx2Q" "Mozilla/5.0 (Linux; Android 13; RMX3195 Build/SP1A.210812.016; wv) AppleWebKit/537.36 (KHTML, like Gecko) Version/4.0 Chrome/135.0.7049.105 Mobile Safari/537.36"
20.171.207.100 - - [28/Apr/2025:08:27:19 -0400] "GET /wp-includes/js/dist/dom-ready.min.js?ver=f77871ff7694fffea381 HTTP/1.1" 200 275 "-" "Mozilla/5.0 AppleWebKit/537.36 (KHTML, like Gecko; compatible; GPTBot/1.2; +https://openai.com/gptbot)"
20.171.207.100 - - [28/Apr/2025:08:27:21 -0400] "GET /wp-includes/js/dist/a11y.min.js?ver=3156534cc54473497e14 HTTP/1.1" 200 827 "-" "Mozilla/5.0 AppleWebKit/537.36 (KHTML, like Gecko; compatible; GPTBot/1.2; +https://openai.com/gptbot)"
20.171.207.100 - - [28/Apr/2025:08:27:23 -0400] "GET /wp-includes/js/wp-util.min.js?ver=6.8 HTTP/1.1" 200 690 "-" "Mozilla/5.0 AppleWebKit/537.36 (KHTML, like Gecko; compatible; GPTBot/1.2; +https://openai.com/gptbot)"
20.171.207.100 - - [28/Apr/2025:08:27:25 -0400] "GET /wp-includes/css/buttons.min.css?ver=6.8 HTTP/1.1" 200 1275 "-" "Mozilla/5.0 AppleWebKit/537.36 (KHTML, like Gecko; compatible; GPTBot/1.2; +https://openai.com/gptbot)"
20.171.207.100 - - [28/Apr/2025:08:27:27 -0400] "GET /wp-login.php?action=lostpassword HTTP/1.1" 200 1088 "-" "Mozilla/5.0 AppleWebKit/537.36 (KHTML, like Gecko; compatible; GPTBot/1.2; +https://openai.com/gptbot)"
20.171.207.100 - - [28/Apr/2025:08:27:29 -0400] "GET /wp-includes/js/zxcvbn-async.min.js?ver=1.0 HTTP/1.1" 200 187 "-" "Mozilla/5.0 AppleWebKit/537.36 (KHTML, like Gecko; compatible; GPTBot/1.2; +https://openai.com/gptbot)"
20.171.207.100 - - [28/Apr/2025:08:27:32 -0400] "GET /wp-includes/js/clipboard.min.js?ver=2.0.11 HTTP/1.1" 200 2989 "-" "Mozilla/5.0 AppleWebKit/537.36 (KHTML, like Gecko; compatible; GPTBot/1.2; +https://openai.com/gptbot)"
20.171.207.100 - - [28/Apr/2025:08:27:33 -0400] "GET /wp-includes/css/dashicons.min.css?ver=6.8 HTTP/1.1" 200 35110 "-" "Mozilla/5.0 AppleWebKit/537.36 (KHTML, like Gecko; compatible; GPTBot/1.2; +https://openai.com/gptbot)"
20.171.207.100 - - [28/Apr/2025:08:27:35 -0400] "GET /wp-login.php HTTP/1.1" 200 1870 "-" "Mozilla/5.0 AppleWebKit/537.36 (KHTML, like Gecko; compatible; GPTBot/1.2; +https://openai.com/gptbot)"
20.171.207.100 - - [28/Apr/2025:08:27:36 -0400] "GET /wp-includes/fonts/dashicons.eot?99ac726223c749443b642ce33df8b800 HTTP/1.1" 200 56564 "-" "Mozilla/5.0 AppleWebKit/537.36 (KHTML, like Gecko; compatible; GPTBot/1.2; +https://openai.com/gptbot)"
20.171.207.100 - - [28/Apr/2025:08:27:38 -0400] "GET /wp-includes/fonts/dashicons.ttf?99ac726223c749443b642ce33df8b800 HTTP/1.1" 200 56392 "-" "Mozilla/5.0 AppleWebKit/537.36 (KHTML, like Gecko; compatible; GPTBot/1.2; +https://openai.com/gptbot)"
69.171.231.7 - - [28/Apr/2025:08:34:11 -0400] "GET /robots.txt HTTP/1.1" 200 114 "-" "facebookexternalhit/1.1 (+http://www.facebook.com/externalhit_uatext.php)"
54.36.148.120 - - [28/Apr/2025:08:35:29 -0400] "GET /wp-includes/blocks/ HTTP/1.1" 200 6 "-" "Mozilla/5.0 (compatible; AhrefsBot/7.0; +http://ahrefs.com/robot/)"
57.141.0.25 - - [28/Apr/2025:08:38:37 -0400] "GET /wp-includes/ID3/license.txt HTTP/1.1" 200 1514 "-" "meta-externalagent/1.1 (+https://developers.facebook.com/docs/sharing/webmasters/crawler)"
37.111.174.75 - - [28/Apr/2025:08:42:03 -0400] "GET / HTTP/1.1" 301 0 "-" "Mozilla/5.0 (Linux; Android 10; K) AppleWebKit/537.36 (KHTML, like Gecko) Chrome/135.0.0.0 Mobile Safari/537.36"
66.29.132.124 - - [28/Apr/2025:08:42:12 -0400] "POST /wp-cron.php?doing_wp_cron=1745844132.6031880378723144531250 HTTP/1.1" 200 0 "-" "WordPress/6.8; https://kneespine.com"
66.29.132.124 - - [28/Apr/2025:08:42:28 -0400] "POST /wp-admin/admin-ajax.php?action=async_litespeed&nonce=mN48ZIfFWVmSMQnhTgQ7qJMwOmsfUPKv&litespeed_type=imgoptm HTTP/1.1" 200 0 "-" "WordPress/6.8; https://kneespine.com"
66.29.132.124 - - [28/Apr/2025:08:42:30 -0400] "POST /wp-admin/admin-ajax.php?action=as_async_request_queue_runner&nonce=bd5b960920 HTTP/1.1" 200 0 "-" "WordPress/6.8; https://kneespine.com"
66.29.132.124 - - [28/Apr/2025:08:42:32 -0400] "POST /wp-cron.php?doing_wp_cron=1745844151.6081409454345703125000 HTTP/1.1" 200 0 "-" "WordPress/6.8; https://kneespine.com"
104.236.243.87 - - [28/Apr/2025:09:30:58 -0400] "GET / HTTP/1.1" 200 31790 "-" "Mozilla/5.0 (compatible)"
104.236.243.87 - - [28/Apr/2025:09:31:01 -0400] "GET /wp-content/uploads/2024/07/cropped-Untitled_design__53_-removebg-preview-32x32.png HTTP/1.1" 200 1416 "https://kneespine.com/" "Mozilla/5.0 (compatible)"
4.227.36.104 - - [28/Apr/2025:09:52:27 -0400] "GET /robots.txt HTTP/1.1" 200 95 "-" "Mozilla/5.0 AppleWebKit/537.36 (KHTML, like Gecko; compatible; GPTBot/1.2; +https://openai.com/gptbot)"
66.29.132.124 - - [28/Apr/2025:09:55:21 -0400] "POST /wp-cron.php?doing_wp_cron=1745848520.0377020835876464843750 HTTP/1.1" 200 0 "-" "WordPress/6.8; https://kneespine.com"
66.29.132.124 - - [28/Apr/2025:09:55:21 -0400] "POST /wp-cron.php?doing_wp_cron=1745848520.0300829410552978515625 HTTP/1.1" 200 0 "-" "WordPress/6.8; https://kneespine.com"
66.29.132.124 - - [28/Apr/2025:09:55:21 -0400] "POST /wp-cron.php?doing_wp_cron=1745848520.0303080081939697265625 HTTP/1.1" 200 0 "-" "WordPress/6.8; https://kneespine.com"
223.123.19.160 - - [28/Apr/2025:09:55:10 -0400] "GET /wp-content/plugins/elementor-pro/assets/css/widget-mega-menu.min.css?ver=3.26.2 HTTP/1.1" 200 0 "https://kneespine.com/" "Mozilla/5.0 (Linux; Android 10; K) AppleWebKit/537.36 (KHTML, like Gecko) Chrome/135.0.0.0 Mobile Safari/537.36"
223.123.19.160 - - [28/Apr/2025:09:55:10 -0400] "GET /wp-content/plugins/elementor-pro/assets/css/widget-blockquote.min.css?ver=3.25.0 HTTP/1.1" 200 0 "https://kneespine.com/" "Mozilla/5.0 (Linux; Android 10; K) AppleWebKit/537.36 (KHTML, like Gecko) Chrome/135.0.0.0 Mobile Safari/537.36"
223.123.19.160 - - [28/Apr/2025:09:55:10 -0400] "GET /wp-content/plugins/elementor-pro/assets/css/widget-nav-menu.min.css?ver=3.26.0 HTTP/1.1" 200 0 "https://kneespine.com/" "Mozilla/5.0 (Linux; Android 10; K) AppleWebKit/537.36 (KHTML, like Gecko) Chrome/135.0.0.0 Mobile Safari/537.36"
54.36.148.95 - - [28/Apr/2025:10:06:17 -0400] "GET /wp-includes/class-walker-nav-menu.php HTTP/1.1" 500 0 "-" "Mozilla/5.0 (compatible; AhrefsBot/7.0; +http://ahrefs.com/robot/)"
157.173.122.176 - - [28/Apr/2025:10:06:44 -0400] "GET / HTTP/1.1" 200 31790 "-" "Mozilla/5.0 (Windows NT 10.0; Win64; x64) AppleWebKit/537.36 (KHTML, like Gecko) Chrome/91.0.4472.114 Safari/537.36 Edg/91.0.864.54"
149.57.180.155 - - [28/Apr/2025:10:16:27 -0400] "GET / HTTP/1.1" 200 31790 "-" "Mozilla/5.0 (X11; Linux i686; rv:109.0) Gecko/20100101 Firefox/120.0"
54.36.148.58 - - [28/Apr/2025:10:34:24 -0400] "GET /wp-includes/class-wp-application-passwords.php HTTP/1.1" 200 0 "-" "Mozilla/5.0 (compatible; AhrefsBot/7.0; +http://ahrefs.com/robot/)"
66.29.132.124 - - [28/Apr/2025:10:53:59 -0400] "POST /wp-cron.php?doing_wp_cron=1745852038.6896119117736816406250 HTTP/1.1" 200 0 "-" "WordPress/6.8; https://kneespine.com"
182.182.181.200 - - [28/Apr/2025:10:53:45 -0400] "GET / HTTP/1.1" 301 0 "-" "Mozilla/5.0 (Linux; Android 10; K) AppleWebKit/537.36 (KHTML, like Gecko) Chrome/131.0.0.0 Mobile Safari/537.36"
66.29.132.124 - - [28/Apr/2025:10:54:00 -0400] "POST /wp-admin/admin-ajax.php?action=async_litespeed&nonce=g3dKqWEMnR6yDmHioOOrr98XktJDOl4q&litespeed_type=imgoptm HTTP/1.1" 200 0 "-" "WordPress/6.8; https://kneespine.com"
182.182.181.200 - - [28/Apr/2025:10:54:01 -0400] "GET / HTTP/1.1" 200 26518 "-" "Mozilla/5.0 (Linux; Android 10; K) AppleWebKit/537.36 (KHTML, like Gecko) Chrome/131.0.0.0 Mobile Safari/537.36"
182.182.181.200 - - [28/Apr/2025:10:54:03 -0400] "GET /wp-content/plugins/header-footer-elementor/inc/widgets-css/frontend.css?ver=2.3.0 HTTP/1.1" 200 8133 "https://kneespine.com/" "Mozilla/5.0 (Linux; Android 10; K) AppleWebKit/537.36 (KHTML, like Gecko) Chrome/131.0.0.0 Mobile Safari/537.36"
182.182.181.200 - - [28/Apr/2025:10:54:03 -0400] "GET /wp-content/plugins/header-footer-elementor/assets/css/header-footer-elementor.css?ver=2.3.0 HTTP/1.1" 200 259 "https://kneespine.com/" "Mozilla/5.0 (Linux; Android 10; K) AppleWebKit/537.36 (KHTML, like Gecko) Chrome/131.0.0.0 Mobile Safari/537.36"
182.182.181.200 - - [28/Apr/2025:10:54:03 -0400] "GET /wp-content/plugins/elementor/assets/css/frontend.min.css?ver=3.28.4 HTTP/1.1" 200 6453 "https://kneespine.com/" "Mozilla/5.0 (Linux; Android 10; K) AppleWebKit/537.36 (KHTML, like Gecko) Chrome/131.0.0.0 Mobile Safari/537.36"
182.182.181.200 - - [28/Apr/2025:10:54:04 -0400] "GET /wp-content/uploads/elementor/css/post-66.css?ver=1744791676 HTTP/1.1" 200 1424 "https://kneespine.com/" "Mozilla/5.0 (Linux; Android 10; K) AppleWebKit/537.36 (KHTML, like Gecko) Chrome/131.0.0.0 Mobile Safari/537.36"
182.182.181.200 - - [28/Apr/2025:10:54:04 -0400] "GET /wp-content/plugins/selection-lite/css/sticky-effect.min.css?ver=1.15 HTTP/1.1" 200 0 "https://kneespine.com/" "Mozilla/5.0 (Linux; Android 10; K) AppleWebKit/537.36 (KHTML, like Gecko) Chrome/131.0.0.0 Mobile Safari/537.36"
182.182.181.200 - - [28/Apr/2025:10:54:04 -0400] "GET /wp-content/plugins/pro-elements/assets/css/frontend.min.css?ver=3.23.1 HTTP/1.1" 200 43409 "https://kneespine.com/" "Mozilla/5.0 (Linux; Android 10; K) AppleWebKit/537.36 (KHTML, like Gecko) Chrome/131.0.0.0 Mobile Safari/537.36"
182.182.181.200 - - [28/Apr/2025:10:54:05 -0400] "GET /wp-content/plugins/elementor/assets/css/widget-image.min.css?ver=3.28.4 HTTP/1.1" 200 254 "https://kneespine.com/" "Mozilla/5.0 (Linux; Android 10; K) AppleWebKit/537.36 (KHTML, like Gecko) Chrome/131.0.0.0 Mobile Safari/537.36"
182.182.181.200 - - [28/Apr/2025:10:54:05 -0400] "GET /wp-content/plugins/elementor/assets/lib/animations/styles/e-animation-grow.min.css?ver=3.28.4 HTTP/1.1" 200 198 "https://kneespine.com/" "Mozilla/5.0 (Linux; Android 10; K) AppleWebKit/537.36 (KHTML, like Gecko) Chrome/131.0.0.0 Mobile Safari/537.36"
182.182.181.200 - - [28/Apr/2025:10:54:05 -0400] "GET /wp-content/plugins/elementor/assets/css/widget-heading.min.css?ver=3.28.4 HTTP/1.1" 200 154 "https://kneespine.com/" "Mozilla/5.0 (Linux; Android 10; K) AppleWebKit/537.36 (KHTML, like Gecko) Chrome/131.0.0.0 Mobile Safari/537.36"
182.182.181.200 - - [28/Apr/2025:10:54:06 -0400] "GET /wp-content/plugins/elementor/assets/lib/animations/styles/fadeIn.min.css?ver=3.28.4 HTTP/1.1" 200 77 "https://kneespine.com/" "Mozilla/5.0 (Linux; Android 10; K) AppleWebKit/537.36 (KHTML, like Gecko) Chrome/131.0.0.0 Mobile Safari/537.36"
182.182.181.200 - - [28/Apr/2025:10:54:07 -0400] "GET /wp-content/plugins/elementor/assets/css/widget-image-box.min.css?ver=3.28.4 HTTP/1.1" 200 291 "https://kneespine.com/" "Mozilla/5.0 (Linux; Android 10; K) AppleWebKit/537.36 (KHTML, like Gecko) Chrome/131.0.0.0 Mobile Safari/537.36"
182.182.181.200 - - [28/Apr/2025:10:54:07 -0400] "GET /wp-content/plugins/elementor/assets/css/widget-counter.min.css?ver=3.28.4 HTTP/1.1" 200 234 "https://kneespine.com/" "Mozilla/5.0 (Linux; Android 10; K) AppleWebKit/537.36 (KHTML, like Gecko) Chrome/131.0.0.0 Mobile Safari/537.36"
182.182.181.200 - - [28/Apr/2025:10:54:07 -0400] "GET /wp-content/plugins/elementor/assets/lib/animations/styles/fadeInUp.min.css?ver=3.28.4 HTTP/1.1" 200 130 "https://kneespine.com/" "Mozilla/5.0 (Linux; Android 10; K) AppleWebKit/537.36 (KHTML, like Gecko) Chrome/131.0.0.0 Mobile Safari/537.36"
182.182.181.200 - - [28/Apr/2025:10:54:08 -0400] "GET /wp-content/plugins/elementor/assets/lib/animations/styles/slideInUp.min.css?ver=3.28.4 HTTP/1.1" 200 146 "https://kneespine.com/" "Mozilla/5.0 (Linux; Android 10; K) AppleWebKit/537.36 (KHTML, like Gecko) Chrome/131.0.0.0 Mobile Safari/537.36"
182.182.181.200 - - [28/Apr/2025:10:54:08 -0400] "GET /wp-content/plugins/elementor/assets/css/widget-icon-list.min.css?ver=3.28.4 HTTP/1.1" 200 957 "https://kneespine.com/" "Mozilla/5.0 (Linux; Android 10; K) AppleWebKit/537.36 (KHTML, like Gecko) Chrome/131.0.0.0 Mobile Safari/537.36"
182.182.181.200 - - [28/Apr/2025:10:54:08 -0400] "GET /wp-content/plugins/elementor/assets/css/widget-google_maps.min.css?ver=3.28.4 HTTP/1.1" 200 117 "https://kneespine.com/" "Mozilla/5.0 (Linux; Android 10; K) AppleWebKit/537.36 (KHTML, like Gecko) Chrome/131.0.0.0 Mobile Safari/537.36"
182.182.181.200 - - [28/Apr/2025:10:54:08 -0400] "GET /wp-content/plugins/elementor/assets/css/widget-icon-box.min.css?ver=3.28.4 HTTP/1.1" 200 656 "https://kneespine.com/" "Mozilla/5.0 (Linux; Android 10; K) AppleWebKit/537.36 (KHTML, like Gecko) Chrome/131.0.0.0 Mobile Safari/537.36"
182.182.181.200 - - [28/Apr/2025:10:54:08 -0400] "GET /wp-content/plugins/elementor/assets/lib/animations/styles/e-animation-float.min.css?ver=3.28.4 HTTP/1.1" 200 244 "https://kneespine.com/" "Mozilla/5.0 (Linux; Android 10; K) AppleWebKit/537.36 (KHTML, like Gecko) Chrome/131.0.0.0 Mobile Safari/537.36"
182.182.181.200 - - [28/Apr/2025:10:54:09 -0400] "GET /wp-content/uploads/elementor/css/post-220.css?ver=1744791681 HTTP/1.1" 200 2400 "https://kneespine.com/" "Mozilla/5.0 (Linux; Android 10; K) AppleWebKit/537.36 (KHTML, like Gecko) Chrome/131.0.0.0 Mobile Safari/537.36"
182.182.181.200 - - [28/Apr/2025:10:54:09 -0400] "GET /wp-content/plugins/elementor/assets/css/widget-accordion.min.css?ver=3.28.4 HTTP/1.1" 200 377 "https://kneespine.com/" "Mozilla/5.0 (Linux; Android 10; K) AppleWebKit/537.36 (KHTML, like Gecko) Chrome/131.0.0.0 Mobile Safari/537.36"
182.182.181.200 - - [28/Apr/2025:10:54:09 -0400] "GET /wp-content/uploads/elementor/css/post-11.css?ver=1744797423 HTTP/1.1" 200 9335 "https://kneespine.com/" "Mozilla/5.0 (Linux; Android 10; K) AppleWebKit/537.36 (KHTML, like Gecko) Chrome/131.0.0.0 Mobile Safari/537.36"
182.182.181.200 - - [28/Apr/2025:10:54:11 -0400] "GET /wp-content/uploads/elementor/css/post-225.css?ver=1744791682 HTTP/1.1" 200 1636 "https://kneespine.com/" "Mozilla/5.0 (Linux; Android 10; K) AppleWebKit/537.36 (KHTML, like Gecko) Chrome/131.0.0.0 Mobile Safari/537.36"
182.182.181.200 - - [28/Apr/2025:10:54:11 -0400] "GET /wp-content/themes/hello-elementor/theme.min.css?ver=3.3.0 HTTP/1.1" 200 1131 "https://kneespine.com/" "Mozilla/5.0 (Linux; Android 10; K) AppleWebKit/537.36 (KHTML, like Gecko) Chrome/131.0.0.0 Mobile Safari/537.36"
182.182.181.200 - - [28/Apr/2025:10:54:11 -0400] "GET /wp-content/themes/hello-elementor/style.min.css?ver=3.3.0 HTTP/1.1" 200 1591 "https://kneespine.com/" "Mozilla/5.0 (Linux; Android 10; K) AppleWebKit/537.36 (KHTML, like Gecko) Chrome/131.0.0.0 Mobile Safari/537.36"
182.182.181.200 - - [28/Apr/2025:10:54:12 -0400] "GET /wp-content/plugins/elementor/assets/css/widget-icon-list.min.css?ver=3.24.3 HTTP/1.1" 200 957 "https://kneespine.com/" "Mozilla/5.0 (Linux; Android 10; K) AppleWebKit/537.36 (KHTML, like Gecko) Chrome/131.0.0.0 Mobile Safari/537.36"
182.182.181.200 - - [28/Apr/2025:10:54:12 -0400] "GET /wp-content/themes/hello-elementor/header-footer.min.css?ver=3.3.0 HTTP/1.1" 200 1292 "https://kneespine.com/" "Mozilla/5.0 (Linux; Android 10; K) AppleWebKit/537.36 (KHTML, like Gecko) Chrome/131.0.0.0 Mobile Safari/537.36"
182.182.181.200 - - [28/Apr/2025:10:54:12 -0400] "GET /wp-content/plugins/elementor/assets/lib/eicons/css/elementor-icons.min.css?ver=5.34.0 HTTP/1.1" 200 3845 "https://kneespine.com/" "Mozilla/5.0 (Linux; Android 10; K) AppleWebKit/537.36 (KHTML, like Gecko) Chrome/131.0.0.0 Mobile Safari/537.36"
182.182.181.200 - - [28/Apr/2025:10:54:12 -0400] "GET /wp-content/plugins/elementor/assets/css/widget-social-icons.min.css?ver=3.24.0 HTTP/1.1" 200 1069 "https://kneespine.com/" "Mozilla/5.0 (Linux; Android 10; K) AppleWebKit/537.36 (KHTML, like Gecko) Chrome/131.0.0.0 Mobile Safari/537.36"
182.182.181.200 - - [28/Apr/2025:10:54:12 -0400] "GET /wp-content/plugins/elementor/assets/lib/font-awesome/css/brands.css?ver=5.15.3 HTTP/1.1" 200 296 "https://kneespine.com/" "Mozilla/5.0 (Linux; Android 10; K) AppleWebKit/537.36 (KHTML, like Gecko) Chrome/131.0.0.0 Mobile Safari/537.36"
182.182.181.200 - - [28/Apr/2025:10:54:12 -0400] "GET /wp-content/plugins/essential-addons-for-elementor-lite/assets/front-end/css/view/general.min.css?ver=6.1.11 HTTP/1.1" 200 1365 "https://kneespine.com/" "Mozilla/5.0 (Linux; Android 10; K) AppleWebKit/537.36 (KHTML, like Gecko) Chrome/131.0.0.0 Mobile Safari/537.36"
182.182.181.200 - - [28/Apr/2025:10:54:12 -0400] "GET /wp-content/plugins/elementor/assets/lib/font-awesome/css/solid.css?ver=5.15.3 HTTP/1.1" 200 296 "https://kneespine.com/" "Mozilla/5.0 (Linux; Android 10; K) AppleWebKit/537.36 (KHTML, like Gecko) Chrome/131.0.0.0 Mobile Safari/537.36"
182.182.181.200 - - [28/Apr/2025:10:54:12 -0400] "GET /wp-content/uploads/elementor/google-fonts/css/opensans.css?ver=1742289141 HTTP/1.1" 200 1830 "https://kneespine.com/" "Mozilla/5.0 (Linux; Android 10; K) AppleWebKit/537.36 (KHTML, like Gecko) Chrome/131.0.0.0 Mobile Safari/537.36"
182.182.181.200 - - [28/Apr/2025:10:54:13 -0400] "GET /wp-content/uploads/elementor/google-fonts/css/nunitosans.css?ver=1742795905 HTTP/1.1" 200 833 "https://kneespine.com/" "Mozilla/5.0 (Linux; Android 10; K) AppleWebKit/537.36 (KHTML, like Gecko) Chrome/131.0.0.0 Mobile Safari/537.36"
182.182.181.200 - - [28/Apr/2025:10:54:12 -0400] "GET /wp-content/plugins/elementor/assets/lib/font-awesome/css/fontawesome.css?ver=5.15.3 HTTP/1.1" 200 12526 "https://kneespine.com/" "Mozilla/5.0 (Linux; Android 10; K) AppleWebKit/537.36 (KHTML, like Gecko) Chrome/131.0.0.0 Mobile Safari/537.36"
182.182.181.200 - - [28/Apr/2025:10:54:13 -0400] "GET /wp-content/uploads/2024/07/Untitled_design__53_-removebg-preview.png HTTP/1.1" 200 49731 "https://kneespine.com/" "Mozilla/5.0 (Linux; Android 10; K) AppleWebKit/537.36 (KHTML, like Gecko) Chrome/131.0.0.0 Mobile Safari/537.36"
182.182.181.200 - - [28/Apr/2025:10:54:13 -0400] "GET /wp-includes/js/jquery/jquery-migrate.min.js?ver=3.4.1 HTTP/1.1" 200 4678 "https://kneespine.com/" "Mozilla/5.0 (Linux; Android 10; K) AppleWebKit/537.36 (KHTML, like Gecko) Chrome/131.0.0.0 Mobile Safari/537.36"
182.182.181.200 - - [28/Apr/2025:10:54:13 -0400] "GET /wp-includes/js/jquery/jquery.min.js?ver=3.7.1 HTTP/1.1" 200 29744 "https://kneespine.com/" "Mozilla/5.0 (Linux; Android 10; K) AppleWebKit/537.36 (KHTML, like Gecko) Chrome/131.0.0.0 Mobile Safari/537.36"
182.182.181.200 - - [28/Apr/2025:10:54:12 -0400] "GET /wp-content/plugins/elementor-pro/assets/css/widget-blockquote.min.css?ver=3.25.0 HTTP/1.1" 404 13122 "https://kneespine.com/" "Mozilla/5.0 (Linux; Android 10; K) AppleWebKit/537.36 (KHTML, like Gecko) Chrome/131.0.0.0 Mobile Safari/537.36"
182.182.181.200 - - [28/Apr/2025:10:54:12 -0400] "GET /wp-content/plugins/elementor-pro/assets/css/widget-mega-menu.min.css?ver=3.26.2 HTTP/1.1" 404 13122 "https://kneespine.com/" "Mozilla/5.0 (Linux; Android 10; K) AppleWebKit/537.36 (KHTML, like Gecko) Chrome/131.0.0.0 Mobile Safari/537.36"
182.182.181.200 - - [28/Apr/2025:10:54:12 -0400] "GET /wp-content/plugins/elementor-pro/assets/css/widget-nav-menu.min.css?ver=3.26.0 HTTP/1.1" 404 13122 "https://kneespine.com/" "Mozilla/5.0 (Linux; Android 10; K) AppleWebKit/537.36 (KHTML, like Gecko) Chrome/131.0.0.0 Mobile Safari/537.36"
182.182.181.200 - - [28/Apr/2025:10:54:20 -0400] "GET /wp-content/uploads/elementor/thumbs/WhatsApp-Image-2024-08-20-at-14.16.00_8cdd6a52-qsviksp5cu4unsfnxn6byxxzrf0kfwr4lx2r26zqcw.jpg HTTP/1.1" 200 102084 "https://kneespine.com/" "Mozilla/5.0 (Linux; Android 10; K) AppleWebKit/537.36 (KHTML, like Gecko) Chrome/131.0.0.0 Mobile Safari/537.36"
182.182.181.200 - - [28/Apr/2025:10:54:20 -0400] "GET /wp-content/uploads/elementor/thumbs/Untitled-design-53-qsvhqk8hh6vozl3na2xyh8dr6oaxeag1pbvqh2irkw.png HTTP/1.1" 200 170764 "https://kneespine.com/" "Mozilla/5.0 (Linux; Android 10; K) AppleWebKit/537.36 (KHTML, like Gecko) Chrome/131.0.0.0 Mobile Safari/537.36"
182.182.181.200 - - [28/Apr/2025:10:54:20 -0400] "GET /wp-content/plugins/elementor/assets/css/widget-social-icons.min.css?ver=3.28.4 HTTP/1.1" 200 1069 "https://kneespine.com/" "Mozilla/5.0 (Linux; Android 10; K) AppleWebKit/537.36 (KHTML, like Gecko) Chrome/131.0.0.0 Mobile Safari/537.36"
182.182.181.200 - - [28/Apr/2025:10:54:20 -0400] "GET /wp-content/uploads/elementor/thumbs/WhatsApp-Image-2024-08-20-at-14.16.00_8cdd6a52-qsviksp5cu4mh5hy77pck3lzlvmvxjynkivm90dqqo.jpg HTTP/1.1" 200 98907 "https://kneespine.com/" "Mozilla/5.0 (Linux; Android 10; K) AppleWebKit/537.36 (KHTML, like Gecko) Chrome/131.0.0.0 Mobile Safari/537.36"
182.182.181.200 - - [28/Apr/2025:10:54:20 -0400] "GET /wp-content/plugins/elementor/assets/lib/flatpickr/flatpickr.min.css?ver=4.6.13 HTTP/1.1" 200 2797 "https://kneespine.com/" "Mozilla/5.0 (Linux; Android 10; K) AppleWebKit/537.36 (KHTML, like Gecko) Chrome/131.0.0.0 Mobile Safari/537.36"
182.182.181.200 - - [28/Apr/2025:10:54:20 -0400] "GET /wp-content/uploads/elementor/google-fonts/fonts/opensans-memvyags126mizpba-uvwbx2vvnxbbobj2ovts-muw.woff2 HTTP/1.1" 200 48236 "https://kneespine.com/wp-content/uploads/elementor/google-fonts/css/opensans.css?ver=1742289141" "Mozilla/5.0 (Linux; Android 10; K) AppleWebKit/537.36 (KHTML, like Gecko) Chrome/131.0.0.0 Mobile Safari/537.36"
182.182.181.200 - - [28/Apr/2025:10:54:20 -0400] "GET /wp-content/uploads/elementor/google-fonts/fonts/nunitosans-pe0tmimslybiv1o4x1m8ce2xcx3yop4tqpf_metm0lfgwvpnn64cl7u8uphzibmv51q42ptcp7t1r-s.woff2 HTTP/1.1" 200 31052 "https://kneespine.com/wp-content/uploads/elementor/google-fonts/css/nunitosans.css?ver=1742795905" "Mozilla/5.0 (Linux; Android 10; K) AppleWebKit/537.36 (KHTML, like Gecko) Chrome/131.0.0.0 Mobile Safari/537.36"
182.182.181.200 - - [28/Apr/2025:10:54:20 -0400] "GET /wp-content/plugins/elementor/assets/css/conditionals/apple-webkit.min.css?ver=3.28.4 HTTP/1.1" 200 472 "https://kneespine.com/" "Mozilla/5.0 (Linux; Android 10; K) AppleWebKit/537.36 (KHTML, like Gecko) Chrome/131.0.0.0 Mobile Safari/537.36"
182.182.181.200 - - [28/Apr/2025:10:54:23 -0400] "GET /wp-content/plugins/elementor/assets/css/widget-divider.min.css?ver=3.28.4 HTTP/1.1" 200 707 "https://kneespine.com/" "Mozilla/5.0 (Linux; Android 10; K) AppleWebKit/537.36 (KHTML, like Gecko) Chrome/131.0.0.0 Mobile Safari/537.36"
182.182.181.200 - - [28/Apr/2025:10:54:23 -0400] "GET /wp-content/plugins/brave-popup-builder/assets/css/frontend.min.css?ver=6.8 HTTP/1.1" 200 7994 "https://kneespine.com/" "Mozilla/5.0 (Linux; Android 10; K) AppleWebKit/537.36 (KHTML, like Gecko) Chrome/131.0.0.0 Mobile Safari/537.36"
182.182.181.200 - - [28/Apr/2025:10:54:23 -0400] "GET /wp-content/plugins/elementor/assets/lib/jquery-numerator/jquery-numerator.min.js?ver=0.2.1 HTTP/1.1" 200 677 "https://kneespine.com/" "Mozilla/5.0 (Linux; Android 10; K) AppleWebKit/537.36 (KHTML, like Gecko) Chrome/131.0.0.0 Mobile Safari/537.36"
182.182.181.200 - - [28/Apr/2025:10:54:23 -0400] "GET /wp-includes/js/imagesloaded.min.js?ver=5.0.0 HTTP/1.1" 200 1687 "https://kneespine.com/" "Mozilla/5.0 (Linux; Android 10; K) AppleWebKit/537.36 (KHTML, like Gecko) Chrome/131.0.0.0 Mobile Safari/537.36"
182.182.181.200 - - [28/Apr/2025:10:54:23 -0400] "GET /wp-content/themes/hello-elementor/assets/js/hello-frontend.min.js?ver=3.3.0 HTTP/1.1" 200 548 "https://kneespine.com/" "Mozilla/5.0 (Linux; Android 10; K) AppleWebKit/537.36 (KHTML, like Gecko) Chrome/131.0.0.0 Mobile Safari/537.36"
182.182.181.200 - - [28/Apr/2025:10:54:23 -0400] "GET /wp-content/plugins/essential-addons-for-elementor-lite/assets/front-end/js/view/general.min.js?ver=6.1.11 HTTP/1.1" 200 3883 "https://kneespine.com/" "Mozilla/5.0 (Linux; Android 10; K) AppleWebKit/537.36 (KHTML, like Gecko) Chrome/131.0.0.0 Mobile Safari/537.36"
182.182.181.200 - - [28/Apr/2025:10:54:24 -0400] "GET /wp-content/plugins/pro-elements/assets/lib/smartmenus/jquery.smartmenus.min.js?ver=1.2.1 HTTP/1.1" 200 6867 "https://kneespine.com/" "Mozilla/5.0 (Linux; Android 10; K) AppleWebKit/537.36 (KHTML, like Gecko) Chrome/131.0.0.0 Mobile Safari/537.36"
182.182.181.200 - - [28/Apr/2025:10:54:24 -0400] "GET /wp-content/plugins/elementor/assets/js/webpack.runtime.min.js?ver=3.28.4 HTTP/1.1" 200 2228 "https://kneespine.com/" "Mozilla/5.0 (Linux; Android 10; K) AppleWebKit/537.36 (KHTML, like Gecko) Chrome/131.0.0.0 Mobile Safari/537.36"
182.182.181.200 - - [28/Apr/2025:10:54:24 -0400] "GET /wp-content/plugins/elementor/assets/js/frontend-modules.min.js?ver=3.28.4 HTTP/1.1" 200 14421 "https://kneespine.com/" "Mozilla/5.0 (Linux; Android 10; K) AppleWebKit/537.36 (KHTML, like Gecko) Chrome/131.0.0.0 Mobile Safari/537.36"
182.182.181.200 - - [28/Apr/2025:10:54:24 -0400] "GET /wp-content/plugins/pro-elements/assets/js/webpack-pro.runtime.min.js?ver=3.23.1 HTTP/1.1" 200 2549 "https://kneespine.com/" "Mozilla/5.0 (Linux; Android 10; K) AppleWebKit/537.36 (KHTML, like Gecko) Chrome/131.0.0.0 Mobile Safari/537.36"
182.182.181.200 - - [28/Apr/2025:10:54:24 -0400] "GET /wp-content/plugins/brave-popup-builder/assets/frontend/brave.js?ver=6.8 HTTP/1.1" 200 23854 "https://kneespine.com/" "Mozilla/5.0 (Linux; Android 10; K) AppleWebKit/537.36 (KHTML, like Gecko) Chrome/131.0.0.0 Mobile Safari/537.36"
182.182.181.200 - - [28/Apr/2025:10:54:24 -0400] "GET /wp-content/plugins/elementor/assets/lib/flatpickr/flatpickr.min.js?ver=4.6.13 HTTP/1.1" 200 14078 "https://kneespine.com/" "Mozilla/5.0 (Linux; Android 10; K) AppleWebKit/537.36 (KHTML, like Gecko) Chrome/131.0.0.0 Mobile Safari/537.36"
182.182.181.200 - - [28/Apr/2025:10:54:25 -0400] "GET /wp-includes/js/dist/hooks.min.js?ver=4d63a3d491d11ffd8ac6 HTTP/1.1" 200 1571 "https://kneespine.com/" "Mozilla/5.0 (Linux; Android 10; K) AppleWebKit/537.36 (KHTML, like Gecko) Chrome/131.0.0.0 Mobile Safari/537.36"
182.182.181.200 - - [28/Apr/2025:10:54:25 -0400] "GET /wp-includes/js/dist/i18n.min.js?ver=5e580eb46a90c2b997e6 HTTP/1.1" 200 3542 "https://kneespine.com/" "Mozilla/5.0 (Linux; Android 10; K) AppleWebKit/537.36 (KHTML, like Gecko) Chrome/131.0.0.0 Mobile Safari/537.36"
182.182.181.200 - - [28/Apr/2025:10:54:25 -0400] "GET /wp-content/plugins/pro-elements/assets/js/frontend.min.js?ver=3.23.1 HTTP/1.1" 200 6467 "https://kneespine.com/" "Mozilla/5.0 (Linux; Android 10; K) AppleWebKit/537.36 (KHTML, like Gecko) Chrome/131.0.0.0 Mobile Safari/537.36"
182.182.181.200 - - [28/Apr/2025:10:54:25 -0400] "GET /wp-includes/js/jquery/ui/core.min.js?ver=1.13.3 HTTP/1.1" 200 6812 "https://kneespine.com/" "Mozilla/5.0 (Linux; Android 10; K) AppleWebKit/537.36 (KHTML, like Gecko) Chrome/131.0.0.0 Mobile Safari/537.36"
182.182.181.200 - - [28/Apr/2025:10:54:25 -0400] "GET /wp-content/plugins/pro-elements/assets/js/elements-handlers.min.js?ver=3.23.1 HTTP/1.1" 200 9632 "https://kneespine.com/" "Mozilla/5.0 (Linux; Android 10; K) AppleWebKit/537.36 (KHTML, like Gecko) Chrome/131.0.0.0 Mobile Safari/537.36"
182.182.181.200 - - [28/Apr/2025:10:54:25 -0400] "GET /wp-content/plugins/elementor/assets/js/frontend.min.js?ver=3.28.4 HTTP/1.1" 200 13099 "https://kneespine.com/" "Mozilla/5.0 (Linux; Android 10; K) AppleWebKit/537.36 (KHTML, like Gecko) Chrome/131.0.0.0 Mobile Safari/537.36"
182.182.181.200 - - [28/Apr/2025:10:54:27 -0400] "GET /wp-content/plugins/selection-lite/js/sticky-effect.min.js?ver=1.15 HTTP/1.1" 200 1466 "https://kneespine.com/" "Mozilla/5.0 (Linux; Android 10; K) AppleWebKit/537.36 (KHTML, like Gecko) Chrome/131.0.0.0 Mobile Safari/537.36"
182.182.181.200 - - [28/Apr/2025:10:54:27 -0400] "GET /wp-content/uploads/2024/08/3-removebg-preview-1.png HTTP/1.1" 200 11066 "https://kneespine.com/" "Mozilla/5.0 (Linux; Android 10; K) AppleWebKit/537.36 (KHTML, like Gecko) Chrome/131.0.0.0 Mobile Safari/537.36"
182.182.181.200 - - [28/Apr/2025:10:54:27 -0400] "GET /wp-content/uploads/2024/08/4-removebg-preview-1.png HTTP/1.1" 200 13112 "https://kneespine.com/" "Mozilla/5.0 (Linux; Android 10; K) AppleWebKit/537.36 (KHTML, like Gecko) Chrome/131.0.0.0 Mobile Safari/537.36"
182.182.181.200 - - [28/Apr/2025:10:54:27 -0400] "GET /wp-content/uploads/2024/08/2-removebg-preview-2.png HTTP/1.1" 200 5351 "https://kneespine.com/" "Mozilla/5.0 (Linux; Android 10; K) AppleWebKit/537.36 (KHTML, like Gecko) Chrome/131.0.0.0 Mobile Safari/537.36"
182.182.181.200 - - [28/Apr/2025:10:54:27 -0400] "GET /wp-content/uploads/2024/08/1-removebg-preview-1.png HTTP/1.1" 200 12782 "https://kneespine.com/" "Mozilla/5.0 (Linux; Android 10; K) AppleWebKit/537.36 (KHTML, like Gecko) Chrome/131.0.0.0 Mobile Safari/537.36"
182.182.181.200 - - [28/Apr/2025:10:54:27 -0400] "GET /wp-content/uploads/2024/08/5-removebg-preview-1.png HTTP/1.1" 200 9205 "https://kneespine.com/" "Mozilla/5.0 (Linux; Android 10; K) AppleWebKit/537.36 (KHTML, like Gecko) Chrome/131.0.0.0 Mobile Safari/537.36"
182.182.181.200 - - [28/Apr/2025:10:54:29 -0400] "GET /wp-content/uploads/2024/07/casual-business-woman-portrait-of-a-beautiful-young-business-woman-sitting-at-her-working-place--300x200.jpg HTTP/1.1" 200 13529 "https://kneespine.com/" "Mozilla/5.0 (Linux; Android 10; K) AppleWebKit/537.36 (KHTML, like Gecko) Chrome/131.0.0.0 Mobile Safari/537.36"
182.182.181.200 - - [28/Apr/2025:10:54:29 -0400] "GET /wp-content/uploads/2024/07/portrait-of-serious-male-architect-in-office-stand-FVHYLV4-1-300x200.jpg HTTP/1.1" 200 15624 "https://kneespine.com/" "Mozilla/5.0 (Linux; Android 10; K) AppleWebKit/537.36 (KHTML, like Gecko) Chrome/131.0.0.0 Mobile Safari/537.36"
182.182.181.200 - - [28/Apr/2025:10:54:29 -0400] "GET /wp-content/uploads/2024/07/friendly-woman-patient-talking-to-psychological-co-QRBVN9Q-1-1-e1624538472451-300x285.jpg HTTP/1.1" 200 14762 "https://kneespine.com/" "Mozilla/5.0 (Linux; Android 10; K) AppleWebKit/537.36 (KHTML, like Gecko) Chrome/131.0.0.0 Mobile Safari/537.36"
182.182.181.200 - - [28/Apr/2025:10:54:29 -0400] "GET /wp-content/uploads/elementor/thumbs/39991-compressed-qsxa5af7jnzmgu9ortcsv7gth7sjcz7ma0r01f5rac.jpg HTTP/1.1" 200 19079 "https://kneespine.com/" "Mozilla/5.0 (Linux; Android 10; K) AppleWebKit/537.36 (KHTML, like Gecko) Chrome/131.0.0.0 Mobile Safari/537.36"
182.182.181.200 - - [28/Apr/2025:10:54:29 -0400] "GET /wp-content/uploads/elementor/thumbs/1356-compressed-qsxa52wi0zp3pbmw9amswf14klfx51lajlbze0ux1w.jpg HTTP/1.1" 200 15801 "https://kneespine.com/" "Mozilla/5.0 (Linux; Android 10; K) AppleWebKit/537.36 (KHTML, like Gecko) Chrome/131.0.0.0 Mobile Safari/537.36"
