110.39.161.153 - - [26/Apr/2025:09:06:25 -0400] "GET /wp-content/plugins/elementor-pro/assets/css/widget-mega-menu.min.css?ver=3.26.2 HTTP/1.1" 404 13123 "https://kneespine.com/" "Mozilla/5.0 (Linux; Android 10; K) AppleWebKit/537.36 (KHTML, like Gecko) Chrome/135.0.0.0 Mobile Safari/537.36"
110.39.161.153 - - [26/Apr/2025:09:06:25 -0400] "GET /wp-content/plugins/elementor-pro/assets/css/widget-nav-menu.min.css?ver=3.26.0 HTTP/1.1" 404 13123 "https://kneespine.com/" "Mozilla/5.0 (Linux; Android 10; K) AppleWebKit/537.36 (KHTML, like Gecko) Chrome/135.0.0.0 Mobile Safari/537.36"
66.29.132.124 - - [26/Apr/2025:09:08:58 -0400] "POST /wp-cron.php?doing_wp_cron=1745672938.8328359127044677734375 HTTP/1.1" 200 0 "-" "WordPress/6.8; https://kneespine.com"
66.29.132.124 - - [26/Apr/2025:09:08:59 -0400] "POST /wp-admin/admin-ajax.php?action=async_litespeed&nonce=AQC2C2DwW5N1SQX1GAAO8f5gT8dfh0oD&litespeed_type=imgoptm HTTP/1.1" 200 21 "-" "WordPress/6.8; https://kneespine.com"
154.208.47.133 - - [26/Apr/2025:09:08:56 -0400] "GET /wp-content/plugins/elementor-pro/assets/css/widget-mega-menu.min.css?ver=3.26.2 HTTP/1.1" 404 13123 "https://kneespine.com/" "Mozilla/5.0 (Linux; Android 10; K) AppleWebKit/537.36 (KHTML, like Gecko) Chrome/135.0.0.0 Mobile Safari/537.36"
154.208.47.133 - - [26/Apr/2025:09:08:56 -0400] "GET /wp-content/plugins/elementor-pro/assets/css/widget-nav-menu.min.css?ver=3.26.0 HTTP/1.1" 404 13123 "https://kneespine.com/" "Mozilla/5.0 (Linux; Android 10; K) AppleWebKit/537.36 (KHTML, like Gecko) Chrome/135.0.0.0 Mobile Safari/537.36"
154.208.47.133 - - [26/Apr/2025:09:08:56 -0400] "GET /wp-content/plugins/elementor-pro/assets/css/widget-blockquote.min.css?ver=3.25.0 HTTP/1.1" 404 13123 "https://kneespine.com/" "Mozilla/5.0 (Linux; Android 10; K) AppleWebKit/537.36 (KHTML, like Gecko) Chrome/135.0.0.0 Mobile Safari/537.36"
154.208.47.133 - - [26/Apr/2025:09:09:01 -0400] "GET /wp-content/uploads/elementor/thumbs/Untitled-design-53-qsvhqk8hh6vozl3na2xyh8dr6oaxeag1pbvqh2irkw.png HTTP/1.1" 200 170764 "https://kneespine.com/" "Mozilla/5.0 (Linux; Android 10; K) AppleWebKit/537.36 (KHTML, like Gecko) Chrome/135.0.0.0 Mobile Safari/537.36"
154.208.47.133 - - [26/Apr/2025:09:09:01 -0400] "GET /wp-content/uploads/elementor/thumbs/WhatsApp-Image-2024-08-20-at-14.16.00_8cdd6a52-qsviksp5cu4mh5hy77pck3lzlvmvxjynkivm90dqqo.jpg HTTP/1.1" 200 98907 "https://kneespine.com/" "Mozilla/5.0 (Linux; Android 10; K) AppleWebKit/537.36 (KHTML, like Gecko) Chrome/135.0.0.0 Mobile Safari/537.36"
154.208.47.133 - - [26/Apr/2025:09:09:02 -0400] "GET /wp-content/uploads/elementor/thumbs/39991-compressed-qsxa5af7jnzmgu9ortcsv7gth7sjcz7ma0r01f5rac.jpg HTTP/1.1" 200 19079 "https://kneespine.com/" "Mozilla/5.0 (Linux; Android 10; K) AppleWebKit/537.36 (KHTML, like Gecko) Chrome/135.0.0.0 Mobile Safari/537.36"
154.208.47.133 - - [26/Apr/2025:09:09:03 -0400] "GET /wp-content/uploads/elementor/thumbs/1356-compressed-qsxa52wi0zp3pbmw9amswf14klfx51lajlbze0ux1w.jpg HTTP/1.1" 200 15801 "https://kneespine.com/" "Mozilla/5.0 (Linux; Android 10; K) AppleWebKit/537.36 (KHTML, like Gecko) Chrome/135.0.0.0 Mobile Safari/537.36"
154.208.47.133 - - [26/Apr/2025:09:09:04 -0400] "GET /wp-content/uploads/elementor/thumbs/54081-compressed-qsxaurtp74i0e1k8993b4mj7asjbqyyj28zyuty79w.jpg HTTP/1.1" 200 16191 "https://kneespine.com/" "Mozilla/5.0 (Linux; Android 10; K) AppleWebKit/537.36 (KHTML, like Gecko) Chrome/135.0.0.0 Mobile Safari/537.36"
154.208.47.133 - - [26/Apr/2025:09:09:04 -0400] "GET /wp-content/uploads/elementor/thumbs/378-compressed-qsxa4z54whx72gjiuecojr2s00882ht07kzu8dttg4.jpg HTTP/1.1" 200 11001 "https://kneespine.com/" "Mozilla/5.0 (Linux; Android 10; K) AppleWebKit/537.36 (KHTML, like Gecko) Chrome/135.0.0.0 Mobile Safari/537.36"
154.208.47.133 - - [26/Apr/2025:09:09:38 -0400] "GET / HTTP/1.1" 304 0 "-" "Mozilla/5.0 (Linux; Android 10; K) AppleWebKit/537.36 (KHTML, like Gecko) Chrome/135.0.0.0 Mobile Safari/537.36"
154.208.47.133 - - [26/Apr/2025:09:09:39 -0400] "GET /wp-content/plugins/elementor-pro/assets/css/widget-blockquote.min.css?ver=3.25.0 HTTP/1.1" 404 13123 "https://kneespine.com/" "Mozilla/5.0 (Linux; Android 10; K) AppleWebKit/537.36 (KHTML, like Gecko) Chrome/135.0.0.0 Mobile Safari/537.36"
154.208.47.133 - - [26/Apr/2025:09:09:39 -0400] "GET /wp-content/plugins/elementor-pro/assets/css/widget-mega-menu.min.css?ver=3.26.2 HTTP/1.1" 404 13123 "https://kneespine.com/" "Mozilla/5.0 (Linux; Android 10; K) AppleWebKit/537.36 (KHTML, like Gecko) Chrome/135.0.0.0 Mobile Safari/537.36"
154.208.47.133 - - [26/Apr/2025:09:09:39 -0400] "GET /wp-content/plugins/elementor-pro/assets/css/widget-nav-menu.min.css?ver=3.26.0 HTTP/1.1" 404 13123 "https://kneespine.com/" "Mozilla/5.0 (Linux; Android 10; K) AppleWebKit/537.36 (KHTML, like Gecko) Chrome/135.0.0.0 Mobile Safari/537.36"
154.208.47.133 - - [26/Apr/2025:09:09:45 -0400] "GET /our-services/ HTTP/1.1" 200 15531 "https://kneespine.com/" "Mozilla/5.0 (Linux; Android 10; K) AppleWebKit/537.36 (KHTML, like Gecko) Chrome/135.0.0.0 Mobile Safari/537.36"
154.208.47.133 - - [26/Apr/2025:09:14:31 -0400] "GET / HTTP/1.1" 304 0 "-" "Mozilla/5.0 (Linux; Android 10; K) AppleWebKit/537.36 (KHTML, like Gecko) Chrome/135.0.0.0 Mobile Safari/537.36"
154.208.47.133 - - [26/Apr/2025:09:14:31 -0400] "GET /wp-content/plugins/elementor-pro/assets/css/widget-blockquote.min.css?ver=3.25.0 HTTP/1.1" 404 13123 "https://kneespine.com/" "Mozilla/5.0 (Linux; Android 10; K) AppleWebKit/537.36 (KHTML, like Gecko) Chrome/135.0.0.0 Mobile Safari/537.36"
154.208.47.133 - - [26/Apr/2025:09:14:31 -0400] "GET /wp-content/plugins/elementor-pro/assets/css/widget-mega-menu.min.css?ver=3.26.2 HTTP/1.1" 404 13123 "https://kneespine.com/" "Mozilla/5.0 (Linux; Android 10; K) AppleWebKit/537.36 (KHTML, like Gecko) Chrome/135.0.0.0 Mobile Safari/537.36"
154.208.47.133 - - [26/Apr/2025:09:14:31 -0400] "GET /wp-content/plugins/elementor-pro/assets/css/widget-nav-menu.min.css?ver=3.26.0 HTTP/1.1" 404 13123 "https://kneespine.com/" "Mozilla/5.0 (Linux; Android 10; K) AppleWebKit/537.36 (KHTML, like Gecko) Chrome/135.0.0.0 Mobile Safari/537.36"
54.36.149.36 - - [26/Apr/2025:09:15:10 -0400] "GET /wp-includes/PHPMailer/ HTTP/1.1" 200 709 "-" "Mozilla/5.0 (compatible; AhrefsBot/7.0; +http://ahrefs.com/robot/)"
110.39.161.153 - - [26/Apr/2025:09:17:06 -0400] "GET /wp-content/plugins/elementor-pro/assets/css/widget-blockquote.min.css?ver=3.25.0 HTTP/1.1" 404 13123 "https://kneespine.com/" "Mozilla/5.0 (Linux; Android 10; K) AppleWebKit/537.36 (KHTML, like Gecko) Chrome/135.0.0.0 Mobile Safari/537.36"
110.39.161.153 - - [26/Apr/2025:09:17:06 -0400] "GET /wp-content/plugins/elementor-pro/assets/css/widget-mega-menu.min.css?ver=3.26.2 HTTP/1.1" 404 13123 "https://kneespine.com/" "Mozilla/5.0 (Linux; Android 10; K) AppleWebKit/537.36 (KHTML, like Gecko) Chrome/135.0.0.0 Mobile Safari/537.36"
110.39.161.153 - - [26/Apr/2025:09:17:06 -0400] "GET /wp-content/plugins/elementor-pro/assets/css/widget-nav-menu.min.css?ver=3.26.0 HTTP/1.1" 404 13123 "https://kneespine.com/" "Mozilla/5.0 (Linux; Android 10; K) AppleWebKit/537.36 (KHTML, like Gecko) Chrome/135.0.0.0 Mobile Safari/537.36"
173.252.87.18 - - [26/Apr/2025:09:17:20 -0400] "GET / HTTP/1.1" 200 177599 "-" "facebookexternalhit/1.1 (+http://www.facebook.com/externalhit_uatext.php)"
198.98.59.123 - - [26/Apr/2025:09:18:10 -0400] "GET /wp-login.php HTTP/1.1" 200 5847 "-" "Mozilla/5.0 (Macintosh; Intel Mac OS X 10_9_4 AppleWebKit/537.36 (KHTML, like Gecko) Chrome/36.0.1985.125 Safari/537.36"
66.29.132.124 - - [26/Apr/2025:09:18:16 -0400] "POST /wp-cron.php?doing_wp_cron=1745673496.4887919425964355468750 HTTP/1.1" 200 0 "-" "WordPress/6.8; https://kneespine.com"
198.98.59.123 - - [26/Apr/2025:09:18:10 -0400] "POST /wp-login.php HTTP/1.1" 200 6103 "-" "Mozilla/5.0 (Macintosh; Intel Mac OS X 10_9_4 AppleWebKit/537.36 (KHTML, like Gecko) Chrome/36.0.1985.125 Safari/537.36"
66.29.132.124 - - [26/Apr/2025:09:18:27 -0400] "POST /wp-admin/admin-ajax.php?action=async_litespeed&nonce=Ore87aGJHoGp6tSQNSx2vbjqATlyOVn7&litespeed_type=imgoptm HTTP/1.1" 200 21 "-" "WordPress/6.8; https://kneespine.com"
110.39.161.153 - - [26/Apr/2025:09:21:24 -0400] "GET /wp-content/plugins/elementor-pro/assets/css/widget-blockquote.min.css?ver=3.25.0 HTTP/1.1" 404 13123 "https://kneespine.com/" "Mozilla/5.0 (Linux; Android 10; K) AppleWebKit/537.36 (KHTML, like Gecko) Chrome/135.0.0.0 Mobile Safari/537.36"
110.39.161.153 - - [26/Apr/2025:09:21:24 -0400] "GET /wp-content/plugins/elementor-pro/assets/css/widget-mega-menu.min.css?ver=3.26.2 HTTP/1.1" 404 13123 "https://kneespine.com/" "Mozilla/5.0 (Linux; Android 10; K) AppleWebKit/537.36 (KHTML, like Gecko) Chrome/135.0.0.0 Mobile Safari/537.36"
110.39.161.153 - - [26/Apr/2025:09:21:24 -0400] "GET /wp-content/plugins/elementor-pro/assets/css/widget-nav-menu.min.css?ver=3.26.0 HTTP/1.1" 404 13123 "https://kneespine.com/" "Mozilla/5.0 (Linux; Android 10; K) AppleWebKit/537.36 (KHTML, like Gecko) Chrome/135.0.0.0 Mobile Safari/537.36"
110.39.161.153 - - [26/Apr/2025:09:27:34 -0400] "GET /wp-content/plugins/elementor-pro/assets/css/widget-blockquote.min.css?ver=3.25.0 HTTP/1.1" 404 13123 "https://kneespine.com/" "Mozilla/5.0 (Linux; Android 10; K) AppleWebKit/537.36 (KHTML, like Gecko) Chrome/135.0.0.0 Mobile Safari/537.36"
110.39.161.153 - - [26/Apr/2025:09:27:34 -0400] "GET /wp-content/plugins/elementor-pro/assets/css/widget-mega-menu.min.css?ver=3.26.2 HTTP/1.1" 404 13123 "https://kneespine.com/" "Mozilla/5.0 (Linux; Android 10; K) AppleWebKit/537.36 (KHTML, like Gecko) Chrome/135.0.0.0 Mobile Safari/537.36"
110.39.161.153 - - [26/Apr/2025:09:27:34 -0400] "GET /wp-content/plugins/elementor-pro/assets/css/widget-nav-menu.min.css?ver=3.26.0 HTTP/1.1" 404 13123 "https://kneespine.com/" "Mozilla/5.0 (Linux; Android 10; K) AppleWebKit/537.36 (KHTML, like Gecko) Chrome/135.0.0.0 Mobile Safari/537.36"
66.29.132.124 - - [26/Apr/2025:09:30:29 -0400] "POST /wp-cron.php?doing_wp_cron=1745674228.9861121177673339843750 HTTP/1.1" 200 0 "-" "WordPress/6.8; https://kneespine.com"
43.153.10.83 - - [26/Apr/2025:09:30:21 -0400] "GET / HTTP/1.1" 301 0 "http://www.kneespine.com" "Mozilla/5.0 (iPhone; CPU iPhone OS 13_2_3 like Mac OS X) AppleWebKit/605.1.15 (KHTML, like Gecko) Version/13.0.3 Mobile/15E148 Safari/604.1"
66.29.132.124 - - [26/Apr/2025:09:30:29 -0400] "POST /wp-admin/admin-ajax.php?action=async_litespeed&nonce=HpymIFP6dRZw3dL3SYyFGo9Tohuklhze&litespeed_type=imgoptm HTTP/1.1" 200 0 "-" "WordPress/6.8; https://kneespine.com"
43.153.10.83 - - [26/Apr/2025:09:30:32 -0400] "GET / HTTP/1.1" 200 31790 "https://www.kneespine.com/" "Mozilla/5.0 (iPhone; CPU iPhone OS 13_2_3 like Mac OS X) AppleWebKit/605.1.15 (KHTML, like Gecko) Version/13.0.3 Mobile/15E148 Safari/604.1"
103.18.10.195 - - [26/Apr/2025:09:33:02 -0400] "GET / HTTP/1.1" 200 0 "https://l.wl.co/" "Mozilla/5.0 (Linux; Android 10; K) AppleWebKit/537.36 (KHTML, like Gecko) Chrome/135.0.0.0 Mobile Safari/537.36"
54.36.148.188 - - [26/Apr/2025:09:33:03 -0400] "GET /wp-includes/SimplePie/ HTTP/1.1" 200 721 "-" "Mozilla/5.0 (compatible; AhrefsBot/7.0; +http://ahrefs.com/robot/)"
66.29.132.124 - - [26/Apr/2025:09:33:05 -0400] "POST /wp-cron.php?doing_wp_cron=1745674384.9860339164733886718750 HTTP/1.1" 200 0 "-" "WordPress/6.8; https://kneespine.com"
66.29.132.124 - - [26/Apr/2025:09:33:05 -0400] "POST /wp-admin/admin-ajax.php?action=async_litespeed&nonce=hpxrWvEHg8q8URsBEczxaJ7gxMOjWnSj&litespeed_type=imgoptm HTTP/1.1" 200 0 "-" "WordPress/6.8; https://kneespine.com"
185.191.171.8 - - [26/Apr/2025:09:36:12 -0400] "GET /robots.txt HTTP/1.1" 200 110 "-" "Mozilla/5.0 (compatible; SemrushBot/7~bl; +http://www.semrush.com/bot.html)"
85.208.96.200 - - [26/Apr/2025:09:36:12 -0400] "GET /wp-includes/css/dist/nux/ HTTP/1.1" 200 858 "-" "Mozilla/5.0 (compatible; SemrushBot/7~bl; +http://www.semrush.com/bot.html)"
185.191.171.9 - - [26/Apr/2025:09:36:30 -0400] "GET /wp-includes/sodium_compat/lib/php72compat_const.php HTTP/1.1" 200 0 "-" "Mozilla/5.0 (compatible; SemrushBot/7~bl; +http://www.semrush.com/bot.html)"
173.252.87.115 - - [26/Apr/2025:09:37:03 -0400] "GET /robots.txt HTTP/1.1" 200 114 "-" "facebookexternalhit/1.1 (+http://www.facebook.com/externalhit_uatext.php)"
85.208.96.211 - - [26/Apr/2025:09:48:08 -0400] "GET /wp-includes/Requests/library/Requests.php HTTP/1.1" 500 0 "-" "Mozilla/5.0 (compatible; SemrushBot/7~bl; +http://www.semrush.com/bot.html)"
85.208.96.207 - - [26/Apr/2025:09:49:09 -0400] "GET /wp-includes/css/dist/commands/ HTTP/1.1" 200 846 "-" "Mozilla/5.0 (compatible; SemrushBot/7~bl; +http://www.semrush.com/bot.html)"
85.208.96.206 - - [26/Apr/2025:09:51:17 -0400] "GET /wp-includes/sodium_compat/lib/php84compat_const.php HTTP/1.1" 200 0 "-" "Mozilla/5.0 (compatible; SemrushBot/7~bl; +http://www.semrush.com/bot.html)"
54.36.148.12 - - [26/Apr/2025:09:51:43 -0400] "GET /wp-includes/Text/ HTTP/1.1" 200 710 "-" "Mozilla/5.0 (compatible; AhrefsBot/7.0; +http://ahrefs.com/robot/)"
185.191.171.19 - - [26/Apr/2025:09:58:39 -0400] "GET /wp-includes/css/dist/block-editor/ HTTP/1.1" 200 1409 "-" "Mozilla/5.0 (compatible; SemrushBot/7~bl; +http://www.semrush.com/bot.html)"
185.191.171.4 - - [26/Apr/2025:09:58:47 -0400] "GET /wp-includes/Requests/src/Response.php HTTP/1.1" 200 0 "-" "Mozilla/5.0 (compatible; SemrushBot/7~bl; +http://www.semrush.com/bot.html)"
185.191.171.6 - - [26/Apr/2025:10:02:46 -0400] "GET /wp-includes/rest-api/endpoints/class-wp-rest-pattern-directory-controller.php HTTP/1.1" 500 0 "-" "Mozilla/5.0 (compatible; SemrushBot/7~bl; +http://www.semrush.com/bot.html)"
185.191.171.12 - - [26/Apr/2025:10:02:50 -0400] "GET /wp-includes/rest-api/fields/class-wp-rest-post-meta-fields.php HTTP/1.1" 500 0 "-" "Mozilla/5.0 (compatible; SemrushBot/7~bl; +http://www.semrush.com/bot.html)"
185.191.171.10 - - [26/Apr/2025:10:08:18 -0400] "GET /wp-includes/sodium_compat/src/File.php HTTP/1.1" 500 0 "-" "Mozilla/5.0 (compatible; SemrushBot/7~bl; +http://www.semrush.com/bot.html)"
54.36.149.72 - - [26/Apr/2025:10:10:12 -0400] "GET /wp-includes/blocks.php HTTP/1.1" 200 0 "-" "Mozilla/5.0 (compatible; AhrefsBot/7.0; +http://ahrefs.com/robot/)"
185.191.171.18 - - [26/Apr/2025:10:13:31 -0400] "GET /wp-includes/css/dist/format-library/ HTTP/1.1" 200 849 "-" "Mozilla/5.0 (compatible; SemrushBot/7~bl; +http://www.semrush.com/bot.html)"
223.123.18.151 - - [26/Apr/2025:10:14:51 -0400] "GET /wp-content/plugins/elementor-pro/assets/css/widget-blockquote.min.css?ver=3.25.0 HTTP/1.1" 200 0 "https://kneespine.com/" "Mozilla/5.0 (Linux; Android 10; K) AppleWebKit/537.36 (KHTML, like Gecko) SamsungBrowser/27.0 Chrome/125.0.0.0 Mobile Safari/537.36"
223.123.18.151 - - [26/Apr/2025:10:14:51 -0400] "GET /wp-content/plugins/elementor-pro/assets/css/widget-mega-menu.min.css?ver=3.26.2 HTTP/1.1" 200 0 "https://kneespine.com/" "Mozilla/5.0 (Linux; Android 10; K) AppleWebKit/537.36 (KHTML, like Gecko) SamsungBrowser/27.0 Chrome/125.0.0.0 Mobile Safari/537.36"
223.123.18.151 - - [26/Apr/2025:10:14:51 -0400] "GET /wp-content/plugins/elementor-pro/assets/css/widget-nav-menu.min.css?ver=3.26.0 HTTP/1.1" 200 0 "https://kneespine.com/" "Mozilla/5.0 (Linux; Android 10; K) AppleWebKit/537.36 (KHTML, like Gecko) SamsungBrowser/27.0 Chrome/125.0.0.0 Mobile Safari/537.36"
66.29.132.124 - - [26/Apr/2025:10:14:58 -0400] "POST /wp-cron.php?doing_wp_cron=1745676898.7087850570678710937500 HTTP/1.1" 200 0 "-" "WordPress/6.8; https://kneespine.com"
66.29.132.124 - - [26/Apr/2025:10:15:22 -0400] "POST /wp-admin/admin-ajax.php?action=async_litespeed&nonce=7G3B83zwuLveRzQAPrRrUP0dOAk2I3zk&litespeed_type=imgoptm HTTP/1.1" 200 0 "-" "WordPress/6.8; https://kneespine.com"
66.29.132.124 - - [26/Apr/2025:10:15:25 -0400] "POST /wp-cron.php?doing_wp_cron=1745676925.9080429077148437500000 HTTP/1.1" 200 0 "-" "WordPress/6.8; https://kneespine.com"
66.29.132.124 - - [26/Apr/2025:10:15:25 -0400] "POST /wp-admin/admin-ajax.php?action=as_async_request_queue_runner&nonce=3f8523bb47 HTTP/1.1" 200 0 "-" "WordPress/6.8; https://kneespine.com"
66.29.132.124 - - [26/Apr/2025:10:18:55 -0400] "POST /wp-cron.php?doing_wp_cron=1745677135.6313059329986572265625 HTTP/1.1" 200 0 "-" "WordPress/6.8; https://kneespine.com"
68.65.122.55 - - [26/Apr/2025:10:18:48 -0400] "POST /wp-login.php HTTP/1.1" 200 1962 "https://kneespine.com" "Mozilla/5.0 (Windows NT 10.0; Win64; x64) AppleWebKit/537.36 (KHTML, like Gecko) Chrome/115.0.5790.102 Safari/537.36"
66.29.132.124 - - [26/Apr/2025:10:18:56 -0400] "POST /wp-admin/admin-ajax.php?action=async_litespeed&nonce=FsGoR0xaOx51zUeRuGGghST2XCDv6rGo&litespeed_type=imgoptm HTTP/1.1" 200 0 "-" "WordPress/6.8; https://kneespine.com"
173.252.83.4 - - [26/Apr/2025:10:24:40 -0400] "GET /robots.txt HTTP/1.1" 200 114 "-" "facebookexternalhit/1.1 (+http://www.facebook.com/externalhit_uatext.php)"
57.141.4.10 - - [26/Apr/2025:10:24:42 -0400] "GET / HTTP/1.1" 200 177599 "-" "meta-externalagent/1.1 (+https://developers.facebook.com/docs/sharing/webmasters/crawler)"
54.36.148.45 - - [26/Apr/2025:10:28:02 -0400] "GET /wp-includes/category.php HTTP/1.1" 200 0 "-" "Mozilla/5.0 (compatible; AhrefsBot/7.0; +http://ahrefs.com/robot/)"
31.13.115.4 - - [26/Apr/2025:10:28:20 -0400] "GET / HTTP/1.1" 200 177599 "-" "facebookexternalhit/1.1 (+http://www.facebook.com/externalhit_uatext.php)"
85.208.96.210 - - [26/Apr/2025:10:31:52 -0400] "GET /wp-includes/rest-api/endpoints/class-wp-rest-menu-locations-controller.php HTTP/1.1" 500 0 "-" "Mozilla/5.0 (compatible; SemrushBot/7~bl; +http://www.semrush.com/bot.html)"
85.208.96.212 - - [26/Apr/2025:10:32:05 -0400] "GET /wp-includes/Requests/src/Auth.php HTTP/1.1" 200 0 "-" "Mozilla/5.0 (compatible; SemrushBot/7~bl; +http://www.semrush.com/bot.html)"
185.191.171.18 - - [26/Apr/2025:10:39:34 -0400] "GET /robots.txt HTTP/1.1" 200 110 "-" "Mozilla/5.0 (compatible; SemrushBot/7~bl; +http://www.semrush.com/bot.html)"
85.208.96.205 - - [26/Apr/2025:10:39:35 -0400] "GET /wp-includes/SimplePie/src/Decode/ HTTP/1.1" 200 776 "-" "Mozilla/5.0 (compatible; SemrushBot/7~bl; +http://www.semrush.com/bot.html)"
54.36.149.93 - - [26/Apr/2025:10:43:55 -0400] "GET /wp-includes/class-walker-comment.php HTTP/1.1" 500 0 "-" "Mozilla/5.0 (compatible; AhrefsBot/7.0; +http://ahrefs.com/robot/)"
85.208.96.202 - - [26/Apr/2025:10:49:59 -0400] "GET /wp-includes/SimplePie/src/Copyright.php HTTP/1.1" 200 0 "-" "Mozilla/5.0 (compatible; SemrushBot/7~bl; +http://www.semrush.com/bot.html)"
185.191.171.4 - - [26/Apr/2025:10:54:01 -0400] "GET /wp-includes/css/dist/customize-widgets/ HTTP/1.1" 200 852 "-" "Mozilla/5.0 (compatible; SemrushBot/7~bl; +http://www.semrush.com/bot.html)"
185.191.171.3 - - [26/Apr/2025:10:54:45 -0400] "GET /wp-includes/rest-api/endpoints/class-wp-rest-templates-controller.php HTTP/1.1" 500 0 "-" "Mozilla/5.0 (compatible; SemrushBot/7~bl; +http://www.semrush.com/bot.html)"
68.65.123.228 - - [26/Apr/2025:10:55:16 -0400] "POST /wp-login.php HTTP/1.1" 200 0 "https://kneespine.com" "Mozilla/5.0 (Windows NT 10.0; Win64; x64; rv:129.0) Gecko/20100101 Firefox/129.0"
66.29.132.124 - - [26/Apr/2025:10:55:26 -0400] "POST /wp-cron.php?doing_wp_cron=1745679325.9523179531097412109375 HTTP/1.1" 200 0 "-" "WordPress/6.8; https://kneespine.com"
172.177.233.49 - - [26/Apr/2025:10:55:38 -0400] "GET / HTTP/1.1" 200 31790 "-" "Python/3.9 aiohttp/3.10.6"
66.29.132.124 - - [26/Apr/2025:10:55:41 -0400] "POST /wp-admin/admin-ajax.php?action=async_litespeed&nonce=HJvyxb746KaqULRU7f0PdE4ZH2mChF5g&litespeed_type=imgoptm HTTP/1.1" 200 0 "-" "WordPress/6.8; https://kneespine.com"
66.29.132.124 - - [26/Apr/2025:10:55:44 -0400] "POST /wp-admin/admin-ajax.php?action=as_async_request_queue_runner&nonce=3f8523bb47 HTTP/1.1" 200 0 "-" "WordPress/6.8; https://kneespine.com"
66.29.132.124 - - [26/Apr/2025:10:55:45 -0400] "POST /wp-cron.php?doing_wp_cron=1745679345.8496050834655761718750 HTTP/1.1" 200 0 "-" "WordPress/6.8; https://kneespine.com"
54.36.148.123 - - [26/Apr/2025:11:01:46 -0400] "GET /wp-includes/class-wp-block-parser-block.php HTTP/1.1" 200 0 "-" "Mozilla/5.0 (compatible; AhrefsBot/7.0; +http://ahrefs.com/robot/)"
162.0.209.103 - - [26/Apr/2025:11:02:36 -0400] "POST /wp-login.php HTTP/1.1" 200 0 "https://kneespine.com" "Mozilla/5.0 (Windows NT 10.0; Win64; x64) AppleWebKit/537.36 (KHTML, like Gecko) Chrome/115.0.5790.171 Safari/537.36 Edg/115.0.1901.203"
66.29.132.124 - - [26/Apr/2025:11:02:47 -0400] "POST /wp-cron.php?doing_wp_cron=1745679766.8987240791320800781250 HTTP/1.1" 200 0 "-" "WordPress/6.8; https://kneespine.com"
66.29.132.124 - - [26/Apr/2025:11:02:48 -0400] "POST /wp-admin/admin-ajax.php?action=async_litespeed&nonce=f0SmCPIarNY3MqBgubCk9LAB7gmX43tw&litespeed_type=imgoptm HTTP/1.1" 200 0 "-" "WordPress/6.8; https://kneespine.com"
185.191.171.3 - - [26/Apr/2025:11:05:49 -0400] "GET /wp-includes/Requests/src/Hooks.php HTTP/1.1" 500 0 "-" "Mozilla/5.0 (compatible; SemrushBot/7~bl; +http://www.semrush.com/bot.html)"
85.208.96.194 - - [26/Apr/2025:11:08:52 -0400] "GET /wp-includes/js/jquery/ui/ HTTP/1.1" 200 2857 "-" "Mozilla/5.0 (compatible; SemrushBot/7~bl; +http://www.semrush.com/bot.html)"
85.208.96.197 - - [26/Apr/2025:11:11:20 -0400] "GET /wp-includes/SimplePie/library/SimplePie.php HTTP/1.1" 500 0 "-" "Mozilla/5.0 (compatible; SemrushBot/7~bl; +http://www.semrush.com/bot.html)"
198.98.54.73 - - [26/Apr/2025:11:11:25 -0400] "GET /wp-login.php HTTP/1.1" 200 5847 "-" "Mozilla/5.0 (iPad; CPU OS 7_1_2 like Mac OS X) AppleWebKit/537.51.2 (KHTML, like Gecko) Version/7.0 Mobile/11D257 Safari/9537.53"
198.98.54.73 - - [26/Apr/2025:11:11:30 -0400] "POST /wp-login.php HTTP/1.1" 200 6103 "-" "Mozilla/5.0 (iPad; CPU OS 7_1_2 like Mac OS X) AppleWebKit/537.51.2 (KHTML, like Gecko) Version/7.0 Mobile/11D257 Safari/9537.53"
185.191.171.3 - - [26/Apr/2025:11:14:25 -0400] "GET /wp-includes/sodium_compat/src/Core32/ HTTP/1.1" 200 1723 "-" "Mozilla/5.0 (compatible; SemrushBot/7~bl; +http://www.semrush.com/bot.html)"
66.29.132.7 - - [26/Apr/2025:11:17:21 -0400] "POST /wp-login.php HTTP/1.1" 200 0 "https://kneespine.com" "Mozilla/5.0 (Macintosh; Intel Mac OS X 10_15_7; rv:129.0) Gecko/20100101 Firefox/129.0"
66.29.132.124 - - [26/Apr/2025:11:17:34 -0400] "POST /wp-cron.php?doing_wp_cron=1745680652.1800220012664794921875 HTTP/1.1" 200 0 "-" "WordPress/6.8; https://kneespine.com"
185.191.171.1 - - [26/Apr/2025:11:17:45 -0400] "GET /wp-includes/rest-api/endpoints/class-wp-rest-sidebars-controller.php HTTP/1.1" 500 0 "-" "Mozilla/5.0 (compatible; SemrushBot/7~bl; +http://www.semrush.com/bot.html)"
185.191.171.15 - - [26/Apr/2025:11:18:37 -0400] "GET /wp-includes/Requests/src/Capability.php HTTP/1.1" 200 0 "-" "Mozilla/5.0 (compatible; SemrushBot/7~bl; +http://www.semrush.com/bot.html)"
85.208.96.200 - - [26/Apr/2025:11:21:49 -0400] "GET /wp-includes/sodium_compat/src/Core/ HTTP/1.1" 200 1844 "-" "Mozilla/5.0 (compatible; SemrushBot/7~bl; +http://www.semrush.com/bot.html)"
4.227.36.97 - - [26/Apr/2025:11:22:31 -0400] "GET /robots.txt HTTP/1.1" 200 95 "http://kneespine.com/robots.txt" "Mozilla/5.0 AppleWebKit/537.36 (KHTML, like Gecko; compatible; GPTBot/1.2; +https://openai.com/gptbot)"
4.227.36.97 - - [26/Apr/2025:11:22:32 -0400] "GET /robots.txt HTTP/1.1" 200 95 "-" "Mozilla/5.0 AppleWebKit/537.36 (KHTML, like Gecko; compatible; GPTBot/1.2; +https://openai.com/gptbot)"
66.29.132.124 - - [26/Apr/2025:11:22:45 -0400] "POST /wp-cron.php?doing_wp_cron=1745680964.4540889263153076171875 HTTP/1.1" 200 0 "-" "WordPress/6.8; https://kneespine.com"
20.171.207.161 - - [26/Apr/2025:11:22:35 -0400] "GET /xmlrpc.php HTTP/1.1" 405 46 "-" "Mozilla/5.0 AppleWebKit/537.36 (KHTML, like Gecko; compatible; GPTBot/1.2; +https://openai.com/gptbot)"
66.29.132.124 - - [26/Apr/2025:11:22:46 -0400] "POST /wp-admin/admin-ajax.php?action=async_litespeed&nonce=B05zZJ1tTRE8NJklhouRA9YIWwIp35EF&litespeed_type=imgoptm HTTP/1.1" 200 0 "-" "WordPress/6.8; https://kneespine.com"
66.29.132.124 - - [26/Apr/2025:11:25:48 -0400] "POST /wp-cron.php?doing_wp_cron=1745681147.2471930980682373046875 HTTP/1.1" 200 0 "-" "WordPress/6.8; https://kneespine.com"
139.135.49.26 - - [26/Apr/2025:11:25:42 -0400] "GET / HTTP/1.1" 301 0 "-" "Mozilla/5.0 (Linux; U; Android 12; en-pk; CPH2095 Build/RKQ1.211119.001) AppleWebKit/537.36 (KHTML, like Gecko) Chrome/91.0.4472.88 Mobile Safari/537.36 HeyTapBrowser/45.12.3.1"
139.135.49.26 - - [26/Apr/2025:11:25:49 -0400] "GET / HTTP/1.1" 200 26518 "-" "Mozilla/5.0 (Linux; U; Android 12; en-pk; CPH2095 Build/RKQ1.211119.001) AppleWebKit/537.36 (KHTML, like Gecko) Chrome/91.0.4472.88 Mobile Safari/537.36 HeyTapBrowser/45.12.3.1"
139.135.49.26 - - [26/Apr/2025:11:25:50 -0400] "GET /wp-content/plugins/header-footer-elementor/assets/css/header-footer-elementor.css?ver=2.3.0 HTTP/1.1" 200 259 "https://kneespine.com/" "Mozilla/5.0 (Linux; U; Android 12; en-pk; CPH2095 Build/RKQ1.211119.001) AppleWebKit/537.36 (KHTML, like Gecko) Chrome/91.0.4472.88 Mobile Safari/537.36 HeyTapBrowser/45.12.3.1"
139.135.49.26 - - [26/Apr/2025:11:25:50 -0400] "GET /wp-content/uploads/elementor/css/post-66.css?ver=1744791676 HTTP/1.1" 200 1424 "https://kneespine.com/" "Mozilla/5.0 (Linux; U; Android 12; en-pk; CPH2095 Build/RKQ1.211119.001) AppleWebKit/537.36 (KHTML, like Gecko) Chrome/91.0.4472.88 Mobile Safari/537.36 HeyTapBrowser/45.12.3.1"
139.135.49.26 - - [26/Apr/2025:11:25:50 -0400] "GET /wp-content/plugins/selection-lite/css/sticky-effect.min.css?ver=1.15 HTTP/1.1" 200 0 "https://kneespine.com/" "Mozilla/5.0 (Linux; U; Android 12; en-pk; CPH2095 Build/RKQ1.211119.001) AppleWebKit/537.36 (KHTML, like Gecko) Chrome/91.0.4472.88 Mobile Safari/537.36 HeyTapBrowser/45.12.3.1"
139.135.49.26 - - [26/Apr/2025:11:25:50 -0400] "GET /wp-content/plugins/elementor/assets/css/widget-image.min.css?ver=3.28.4 HTTP/1.1" 200 254 "https://kneespine.com/" "Mozilla/5.0 (Linux; U; Android 12; en-pk; CPH2095 Build/RKQ1.211119.001) AppleWebKit/537.36 (KHTML, like Gecko) Chrome/91.0.4472.88 Mobile Safari/537.36 HeyTapBrowser/45.12.3.1"
139.135.49.26 - - [26/Apr/2025:11:25:50 -0400] "GET /wp-content/plugins/header-footer-elementor/inc/widgets-css/frontend.css?ver=2.3.0 HTTP/1.1" 200 8133 "https://kneespine.com/" "Mozilla/5.0 (Linux; U; Android 12; en-pk; CPH2095 Build/RKQ1.211119.001) AppleWebKit/537.36 (KHTML, like Gecko) Chrome/91.0.4472.88 Mobile Safari/537.36 HeyTapBrowser/45.12.3.1"
139.135.49.26 - - [26/Apr/2025:11:25:50 -0400] "GET /wp-content/plugins/elementor/assets/css/frontend.min.css?ver=3.28.4 HTTP/1.1" 200 6453 "https://kneespine.com/" "Mozilla/5.0 (Linux; U; Android 12; en-pk; CPH2095 Build/RKQ1.211119.001) AppleWebKit/537.36 (KHTML, like Gecko) Chrome/91.0.4472.88 Mobile Safari/537.36 HeyTapBrowser/45.12.3.1"
139.135.49.26 - - [26/Apr/2025:11:25:50 -0400] "GET /wp-content/plugins/pro-elements/assets/css/frontend.min.css?ver=3.23.1 HTTP/1.1" 200 43409 "https://kneespine.com/" "Mozilla/5.0 (Linux; U; Android 12; en-pk; CPH2095 Build/RKQ1.211119.001) AppleWebKit/537.36 (KHTML, like Gecko) Chrome/91.0.4472.88 Mobile Safari/537.36 HeyTapBrowser/45.12.3.1"
139.135.49.26 - - [26/Apr/2025:11:25:50 -0400] "GET /wp-content/plugins/elementor/assets/css/widget-heading.min.css?ver=3.28.4 HTTP/1.1" 200 154 "https://kneespine.com/" "Mozilla/5.0 (Linux; U; Android 12; en-pk; CPH2095 Build/RKQ1.211119.001) AppleWebKit/537.36 (KHTML, like Gecko) Chrome/91.0.4472.88 Mobile Safari/537.36 HeyTapBrowser/45.12.3.1"
139.135.49.26 - - [26/Apr/2025:11:25:51 -0400] "GET /wp-content/plugins/elementor/assets/css/widget-icon-list.min.css?ver=3.24.3 HTTP/1.1" 200 957 "https://kneespine.com/" "Mozilla/5.0 (Linux; U; Android 12; en-pk; CPH2095 Build/RKQ1.211119.001) AppleWebKit/537.36 (KHTML, like Gecko) Chrome/91.0.4472.88 Mobile Safari/537.36 HeyTapBrowser/45.12.3.1"
139.135.49.26 - - [26/Apr/2025:11:25:50 -0400] "GET /wp-content/plugins/elementor/assets/lib/animations/styles/fadeIn.min.css?ver=3.28.4 HTTP/1.1" 200 77 "https://kneespine.com/" "Mozilla/5.0 (Linux; U; Android 12; en-pk; CPH2095 Build/RKQ1.211119.001) AppleWebKit/537.36 (KHTML, like Gecko) Chrome/91.0.4472.88 Mobile Safari/537.36 HeyTapBrowser/45.12.3.1"
139.135.49.26 - - [26/Apr/2025:11:25:50 -0400] "GET /wp-content/plugins/elementor/assets/css/widget-image-box.min.css?ver=3.28.4 HTTP/1.1" 200 291 "https://kneespine.com/" "Mozilla/5.0 (Linux; U; Android 12; en-pk; CPH2095 Build/RKQ1.211119.001) AppleWebKit/537.36 (KHTML, like Gecko) Chrome/91.0.4472.88 Mobile Safari/537.36 HeyTapBrowser/45.12.3.1"
139.135.49.26 - - [26/Apr/2025:11:25:51 -0400] "GET /wp-content/plugins/elementor/assets/lib/animations/styles/slideInUp.min.css?ver=3.28.4 HTTP/1.1" 200 146 "https://kneespine.com/" "Mozilla/5.0 (Linux; U; Android 12; en-pk; CPH2095 Build/RKQ1.211119.001) AppleWebKit/537.36 (KHTML, like Gecko) Chrome/91.0.4472.88 Mobile Safari/537.36 HeyTapBrowser/45.12.3.1"
139.135.49.26 - - [26/Apr/2025:11:25:51 -0400] "GET /wp-content/plugins/elementor/assets/lib/animations/styles/fadeInUp.min.css?ver=3.28.4 HTTP/1.1" 200 130 "https://kneespine.com/" "Mozilla/5.0 (Linux; U; Android 12; en-pk; CPH2095 Build/RKQ1.211119.001) AppleWebKit/537.36 (KHTML, like Gecko) Chrome/91.0.4472.88 Mobile Safari/537.36 HeyTapBrowser/45.12.3.1"
139.135.49.26 - - [26/Apr/2025:11:25:51 -0400] "GET /wp-content/plugins/elementor/assets/lib/animations/styles/e-animation-grow.min.css?ver=3.28.4 HTTP/1.1" 200 198 "https://kneespine.com/" "Mozilla/5.0 (Linux; U; Android 12; en-pk; CPH2095 Build/RKQ1.211119.001) AppleWebKit/537.36 (KHTML, like Gecko) Chrome/91.0.4472.88 Mobile Safari/537.36 HeyTapBrowser/45.12.3.1"
139.135.49.26 - - [26/Apr/2025:11:25:51 -0400] "GET /wp-content/plugins/elementor/assets/css/widget-counter.min.css?ver=3.28.4 HTTP/1.1" 200 234 "https://kneespine.com/" "Mozilla/5.0 (Linux; U; Android 12; en-pk; CPH2095 Build/RKQ1.211119.001) AppleWebKit/537.36 (KHTML, like Gecko) Chrome/91.0.4472.88 Mobile Safari/537.36 HeyTapBrowser/45.12.3.1"
139.135.49.26 - - [26/Apr/2025:11:25:51 -0400] "GET /wp-content/plugins/elementor/assets/css/widget-icon-list.min.css?ver=3.28.4 HTTP/1.1" 200 957 "https://kneespine.com/" "Mozilla/5.0 (Linux; U; Android 12; en-pk; CPH2095 Build/RKQ1.211119.001) AppleWebKit/537.36 (KHTML, like Gecko) Chrome/91.0.4472.88 Mobile Safari/537.36 HeyTapBrowser/45.12.3.1"
139.135.49.26 - - [26/Apr/2025:11:25:51 -0400] "GET /wp-content/plugins/elementor/assets/css/widget-google_maps.min.css?ver=3.28.4 HTTP/1.1" 200 117 "https://kneespine.com/" "Mozilla/5.0 (Linux; U; Android 12; en-pk; CPH2095 Build/RKQ1.211119.001) AppleWebKit/537.36 (KHTML, like Gecko) Chrome/91.0.4472.88 Mobile Safari/537.36 HeyTapBrowser/45.12.3.1"
139.135.49.26 - - [26/Apr/2025:11:25:51 -0400] "GET /wp-content/plugins/elementor/assets/lib/animations/styles/e-animation-float.min.css?ver=3.28.4 HTTP/1.1" 200 244 "https://kneespine.com/" "Mozilla/5.0 (Linux; U; Android 12; en-pk; CPH2095 Build/RKQ1.211119.001) AppleWebKit/537.36 (KHTML, like Gecko) Chrome/91.0.4472.88 Mobile Safari/537.36 HeyTapBrowser/45.12.3.1"
139.135.49.26 - - [26/Apr/2025:11:25:51 -0400] "GET /wp-content/plugins/elementor/assets/css/widget-accordion.min.css?ver=3.28.4 HTTP/1.1" 200 377 "https://kneespine.com/" "Mozilla/5.0 (Linux; U; Android 12; en-pk; CPH2095 Build/RKQ1.211119.001) AppleWebKit/537.36 (KHTML, like Gecko) Chrome/91.0.4472.88 Mobile Safari/537.36 HeyTapBrowser/45.12.3.1"
139.135.49.26 - - [26/Apr/2025:11:25:51 -0400] "GET /wp-content/plugins/elementor/assets/css/widget-icon-box.min.css?ver=3.28.4 HTTP/1.1" 200 656 "https://kneespine.com/" "Mozilla/5.0 (Linux; U; Android 12; en-pk; CPH2095 Build/RKQ1.211119.001) AppleWebKit/537.36 (KHTML, like Gecko) Chrome/91.0.4472.88 Mobile Safari/537.36 HeyTapBrowser/45.12.3.1"
139.135.49.26 - - [26/Apr/2025:11:25:51 -0400] "GET /wp-content/uploads/elementor/css/post-220.css?ver=1744791681 HTTP/1.1" 200 2400 "https://kneespine.com/" "Mozilla/5.0 (Linux; U; Android 12; en-pk; CPH2095 Build/RKQ1.211119.001) AppleWebKit/537.36 (KHTML, like Gecko) Chrome/91.0.4472.88 Mobile Safari/537.36 HeyTapBrowser/45.12.3.1"
139.135.49.26 - - [26/Apr/2025:11:25:51 -0400] "GET /wp-content/uploads/elementor/css/post-225.css?ver=1744791682 HTTP/1.1" 200 1636 "https://kneespine.com/" "Mozilla/5.0 (Linux; U; Android 12; en-pk; CPH2095 Build/RKQ1.211119.001) AppleWebKit/537.36 (KHTML, like Gecko) Chrome/91.0.4472.88 Mobile Safari/537.36 HeyTapBrowser/45.12.3.1"
139.135.49.26 - - [26/Apr/2025:11:25:51 -0400] "GET /wp-content/themes/hello-elementor/style.min.css?ver=3.3.0 HTTP/1.1" 200 1591 "https://kneespine.com/" "Mozilla/5.0 (Linux; U; Android 12; en-pk; CPH2095 Build/RKQ1.211119.001) AppleWebKit/537.36 (KHTML, like Gecko) Chrome/91.0.4472.88 Mobile Safari/537.36 HeyTapBrowser/45.12.3.1"
139.135.49.26 - - [26/Apr/2025:11:25:51 -0400] "GET /wp-content/themes/hello-elementor/theme.min.css?ver=3.3.0 HTTP/1.1" 200 1131 "https://kneespine.com/" "Mozilla/5.0 (Linux; U; Android 12; en-pk; CPH2095 Build/RKQ1.211119.001) AppleWebKit/537.36 (KHTML, like Gecko) Chrome/91.0.4472.88 Mobile Safari/537.36 HeyTapBrowser/45.12.3.1"
139.135.49.26 - - [26/Apr/2025:11:25:51 -0400] "GET /wp-content/uploads/elementor/css/post-11.css?ver=1744797423 HTTP/1.1" 200 9335 "https://kneespine.com/" "Mozilla/5.0 (Linux; U; Android 12; en-pk; CPH2095 Build/RKQ1.211119.001) AppleWebKit/537.36 (KHTML, like Gecko) Chrome/91.0.4472.88 Mobile Safari/537.36 HeyTapBrowser/45.12.3.1"
139.135.49.26 - - [26/Apr/2025:11:25:51 -0400] "GET /wp-content/plugins/elementor/assets/css/widget-social-icons.min.css?ver=3.24.0 HTTP/1.1" 200 1069 "https://kneespine.com/" "Mozilla/5.0 (Linux; U; Android 12; en-pk; CPH2095 Build/RKQ1.211119.001) AppleWebKit/537.36 (KHTML, like Gecko) Chrome/91.0.4472.88 Mobile Safari/537.36 HeyTapBrowser/45.12.3.1"
139.135.49.26 - - [26/Apr/2025:11:25:51 -0400] "GET /wp-content/plugins/elementor/assets/lib/font-awesome/css/brands.css?ver=5.15.3 HTTP/1.1" 200 296 "https://kneespine.com/" "Mozilla/5.0 (Linux; U; Android 12; en-pk; CPH2095 Build/RKQ1.211119.001) AppleWebKit/537.36 (KHTML, like Gecko) Chrome/91.0.4472.88 Mobile Safari/537.36 HeyTapBrowser/45.12.3.1"
139.135.49.26 - - [26/Apr/2025:11:25:51 -0400] "GET /wp-content/plugins/elementor/assets/lib/font-awesome/css/solid.css?ver=5.15.3 HTTP/1.1" 200 296 "https://kneespine.com/" "Mozilla/5.0 (Linux; U; Android 12; en-pk; CPH2095 Build/RKQ1.211119.001) AppleWebKit/537.36 (KHTML, like Gecko) Chrome/91.0.4472.88 Mobile Safari/537.36 HeyTapBrowser/45.12.3.1"
139.135.49.26 - - [26/Apr/2025:11:25:51 -0400] "GET /wp-content/themes/hello-elementor/header-footer.min.css?ver=3.3.0 HTTP/1.1" 200 1292 "https://kneespine.com/" "Mozilla/5.0 (Linux; U; Android 12; en-pk; CPH2095 Build/RKQ1.211119.001) AppleWebKit/537.36 (KHTML, like Gecko) Chrome/91.0.4472.88 Mobile Safari/537.36 HeyTapBrowser/45.12.3.1"
139.135.49.26 - - [26/Apr/2025:11:25:51 -0400] "GET /wp-content/plugins/essential-addons-for-elementor-lite/assets/front-end/css/view/general.min.css?ver=6.1.11 HTTP/1.1" 200 1365 "https://kneespine.com/" "Mozilla/5.0 (Linux; U; Android 12; en-pk; CPH2095 Build/RKQ1.211119.001) AppleWebKit/537.36 (KHTML, like Gecko) Chrome/91.0.4472.88 Mobile Safari/537.36 HeyTapBrowser/45.12.3.1"
139.135.49.26 - - [26/Apr/2025:11:25:51 -0400] "GET /wp-content/uploads/elementor/google-fonts/css/opensans.css?ver=1742289141 HTTP/1.1" 200 1830 "https://kneespine.com/" "Mozilla/5.0 (Linux; U; Android 12; en-pk; CPH2095 Build/RKQ1.211119.001) AppleWebKit/537.36 (KHTML, like Gecko) Chrome/91.0.4472.88 Mobile Safari/537.36 HeyTapBrowser/45.12.3.1"
139.135.49.26 - - [26/Apr/2025:11:25:51 -0400] "GET /wp-content/plugins/elementor/assets/lib/font-awesome/css/fontawesome.css?ver=5.15.3 HTTP/1.1" 200 12526 "https://kneespine.com/" "Mozilla/5.0 (Linux; U; Android 12; en-pk; CPH2095 Build/RKQ1.211119.001) AppleWebKit/537.36 (KHTML, like Gecko) Chrome/91.0.4472.88 Mobile Safari/537.36 HeyTapBrowser/45.12.3.1"
139.135.49.26 - - [26/Apr/2025:11:25:51 -0400] "GET /wp-content/plugins/elementor/assets/lib/eicons/css/elementor-icons.min.css?ver=5.34.0 HTTP/1.1" 200 3845 "https://kneespine.com/" "Mozilla/5.0 (Linux; U; Android 12; en-pk; CPH2095 Build/RKQ1.211119.001) AppleWebKit/537.36 (KHTML, like Gecko) Chrome/91.0.4472.88 Mobile Safari/537.36 HeyTapBrowser/45.12.3.1"
139.135.49.26 - - [26/Apr/2025:11:25:51 -0400] "GET /wp-content/uploads/elementor/google-fonts/css/nunitosans.css?ver=1742795905 HTTP/1.1" 200 833 "https://kneespine.com/" "Mozilla/5.0 (Linux; U; Android 12; en-pk; CPH2095 Build/RKQ1.211119.001) AppleWebKit/537.36 (KHTML, like Gecko) Chrome/91.0.4472.88 Mobile Safari/537.36 HeyTapBrowser/45.12.3.1"
139.135.49.26 - - [26/Apr/2025:11:25:51 -0400] "GET /wp-includes/js/jquery/jquery-migrate.min.js?ver=3.4.1 HTTP/1.1" 200 4678 "https://kneespine.com/" "Mozilla/5.0 (Linux; U; Android 12; en-pk; CPH2095 Build/RKQ1.211119.001) AppleWebKit/537.36 (KHTML, like Gecko) Chrome/91.0.4472.88 Mobile Safari/537.36 HeyTapBrowser/45.12.3.1"
139.135.49.26 - - [26/Apr/2025:11:25:51 -0400] "GET /wp-includes/js/jquery/jquery.min.js?ver=3.7.1 HTTP/1.1" 200 29744 "https://kneespine.com/" "Mozilla/5.0 (Linux; U; Android 12; en-pk; CPH2095 Build/RKQ1.211119.001) AppleWebKit/537.36 (KHTML, like Gecko) Chrome/91.0.4472.88 Mobile Safari/537.36 HeyTapBrowser/45.12.3.1"
139.135.49.26 - - [26/Apr/2025:11:25:51 -0400] "GET /wp-content/plugins/elementor-pro/assets/css/widget-mega-menu.min.css?ver=3.26.2 HTTP/1.1" 404 13123 "https://kneespine.com/" "Mozilla/5.0 (Linux; U; Android 12; en-pk; CPH2095 Build/RKQ1.211119.001) AppleWebKit/537.36 (KHTML, like Gecko) Chrome/91.0.4472.88 Mobile Safari/537.36 HeyTapBrowser/45.12.3.1"
139.135.49.26 - - [26/Apr/2025:11:25:51 -0400] "GET /wp-content/plugins/elementor-pro/assets/css/widget-blockquote.min.css?ver=3.25.0 HTTP/1.1" 404 13123 "https://kneespine.com/" "Mozilla/5.0 (Linux; U; Android 12; en-pk; CPH2095 Build/RKQ1.211119.001) AppleWebKit/537.36 (KHTML, like Gecko) Chrome/91.0.4472.88 Mobile Safari/537.36 HeyTapBrowser/45.12.3.1"
139.135.49.26 - - [26/Apr/2025:11:25:51 -0400] "GET /wp-content/plugins/elementor-pro/assets/css/widget-nav-menu.min.css?ver=3.26.0 HTTP/1.1" 404 13123 "https://kneespine.com/" "Mozilla/5.0 (Linux; U; Android 12; en-pk; CPH2095 Build/RKQ1.211119.001) AppleWebKit/537.36 (KHTML, like Gecko) Chrome/91.0.4472.88 Mobile Safari/537.36 HeyTapBrowser/45.12.3.1"
139.135.49.26 - - [26/Apr/2025:11:25:57 -0400] "GET /wp-content/plugins/elementor/assets/css/widget-social-icons.min.css?ver=3.28.4 HTTP/1.1" 200 1069 "https://kneespine.com/" "Mozilla/5.0 (Linux; U; Android 12; en-pk; CPH2095 Build/RKQ1.211119.001) AppleWebKit/537.36 (KHTML, like Gecko) Chrome/91.0.4472.88 Mobile Safari/537.36 HeyTapBrowser/45.12.3.1"
139.135.49.26 - - [26/Apr/2025:11:25:57 -0400] "GET /wp-content/plugins/elementor/assets/lib/flatpickr/flatpickr.min.css?ver=4.6.13 HTTP/1.1" 200 2797 "https://kneespine.com/" "Mozilla/5.0 (Linux; U; Android 12; en-pk; CPH2095 Build/RKQ1.211119.001) AppleWebKit/537.36 (KHTML, like Gecko) Chrome/91.0.4472.88 Mobile Safari/537.36 HeyTapBrowser/45.12.3.1"
139.135.49.26 - - [26/Apr/2025:11:25:57 -0400] "GET /wp-content/plugins/elementor/assets/css/conditionals/apple-webkit.min.css?ver=3.28.4 HTTP/1.1" 200 472 "https://kneespine.com/" "Mozilla/5.0 (Linux; U; Android 12; en-pk; CPH2095 Build/RKQ1.211119.001) AppleWebKit/537.36 (KHTML, like Gecko) Chrome/91.0.4472.88 Mobile Safari/537.36 HeyTapBrowser/45.12.3.1"
139.135.49.26 - - [26/Apr/2025:11:25:57 -0400] "GET /wp-content/plugins/brave-popup-builder/assets/css/frontend.min.css?ver=6.8 HTTP/1.1" 200 7994 "https://kneespine.com/" "Mozilla/5.0 (Linux; U; Android 12; en-pk; CPH2095 Build/RKQ1.211119.001) AppleWebKit/537.36 (KHTML, like Gecko) Chrome/91.0.4472.88 Mobile Safari/537.36 HeyTapBrowser/45.12.3.1"
139.135.49.26 - - [26/Apr/2025:11:25:57 -0400] "GET /wp-content/plugins/elementor/assets/lib/jquery-numerator/jquery-numerator.min.js?ver=0.2.1 HTTP/1.1" 200 677 "https://kneespine.com/" "Mozilla/5.0 (Linux; U; Android 12; en-pk; CPH2095 Build/RKQ1.211119.001) AppleWebKit/537.36 (KHTML, like Gecko) Chrome/91.0.4472.88 Mobile Safari/537.36 HeyTapBrowser/45.12.3.1"
139.135.49.26 - - [26/Apr/2025:11:25:57 -0400] "GET /wp-includes/js/imagesloaded.min.js?ver=5.0.0 HTTP/1.1" 200 1687 "https://kneespine.com/" "Mozilla/5.0 (Linux; U; Android 12; en-pk; CPH2095 Build/RKQ1.211119.001) AppleWebKit/537.36 (KHTML, like Gecko) Chrome/91.0.4472.88 Mobile Safari/537.36 HeyTapBrowser/45.12.3.1"
139.135.49.26 - - [26/Apr/2025:11:25:57 -0400] "GET /wp-content/uploads/elementor/google-fonts/fonts/opensans-memvyags126mizpba-uvwbx2vvnxbbobj2ovts-muw.woff2 HTTP/1.1" 200 48236 "https://kneespine.com/wp-content/uploads/elementor/google-fonts/css/opensans.css?ver=1742289141" "Mozilla/5.0 (Linux; U; Android 12; en-pk; CPH2095 Build/RKQ1.211119.001) AppleWebKit/537.36 (KHTML, like Gecko) Chrome/91.0.4472.88 Mobile Safari/537.36 HeyTapBrowser/45.12.3.1"
139.135.49.26 - - [26/Apr/2025:11:25:57 -0400] "GET /wp-content/uploads/elementor/google-fonts/fonts/nunitosans-pe0tmimslybiv1o4x1m8ce2xcx3yop4tqpf_metm0lfgwvpnn64cl7u8uphzibmv51q42ptcp7t1r-s.woff2 HTTP/1.1" 200 31052 "https://kneespine.com/wp-content/uploads/elementor/google-fonts/css/nunitosans.css?ver=1742795905" "Mozilla/5.0 (Linux; U; Android 12; en-pk; CPH2095 Build/RKQ1.211119.001) AppleWebKit/537.36 (KHTML, like Gecko) Chrome/91.0.4472.88 Mobile Safari/537.36 HeyTapBrowser/45.12.3.1"
139.135.49.26 - - [26/Apr/2025:11:25:57 -0400] "GET /wp-content/uploads/2024/07/Untitled_design__53_-removebg-preview.png HTTP/1.1" 200 49731 "https://kneespine.com/" "Mozilla/5.0 (Linux; U; Android 12; en-pk; CPH2095 Build/RKQ1.211119.001) AppleWebKit/537.36 (KHTML, like Gecko) Chrome/91.0.4472.88 Mobile Safari/537.36 HeyTapBrowser/45.12.3.1"
139.135.49.26 - - [26/Apr/2025:11:25:57 -0400] "GET /wp-content/uploads/elementor/thumbs/WhatsApp-Image-2024-08-20-at-14.16.00_8cdd6a52-qsviksp5cu4unsfnxn6byxxzrf0kfwr4lx2r26zqcw.jpg HTTP/1.1" 200 102084 "https://kneespine.com/" "Mozilla/5.0 (Linux; U; Android 12; en-pk; CPH2095 Build/RKQ1.211119.001) AppleWebKit/537.36 (KHTML, like Gecko) Chrome/91.0.4472.88 Mobile Safari/537.36 HeyTapBrowser/45.12.3.1"
139.135.49.26 - - [26/Apr/2025:11:25:57 -0400] "GET /wp-content/plugins/elementor/assets/css/widget-divider.min.css?ver=3.28.4 HTTP/1.1" 200 707 "https://kneespine.com/" "Mozilla/5.0 (Linux; U; Android 12; en-pk; CPH2095 Build/RKQ1.211119.001) AppleWebKit/537.36 (KHTML, like Gecko) Chrome/91.0.4472.88 Mobile Safari/537.36 HeyTapBrowser/45.12.3.1"
139.135.49.26 - - [26/Apr/2025:11:25:59 -0400] "GET /wp-content/themes/hello-elementor/assets/js/hello-frontend.min.js?ver=3.3.0 HTTP/1.1" 200 548 "https://kneespine.com/" "Mozilla/5.0 (Linux; U; Android 12; en-pk; CPH2095 Build/RKQ1.211119.001) AppleWebKit/537.36 (KHTML, like Gecko) Chrome/91.0.4472.88 Mobile Safari/537.36 HeyTapBrowser/45.12.3.1"
139.135.49.26 - - [26/Apr/2025:11:25:59 -0400] "GET /wp-content/plugins/essential-addons-for-elementor-lite/assets/front-end/js/view/general.min.js?ver=6.1.11 HTTP/1.1" 200 3883 "https://kneespine.com/" "Mozilla/5.0 (Linux; U; Android 12; en-pk; CPH2095 Build/RKQ1.211119.001) AppleWebKit/537.36 (KHTML, like Gecko) Chrome/91.0.4472.88 Mobile Safari/537.36 HeyTapBrowser/45.12.3.1"
139.135.49.26 - - [26/Apr/2025:11:25:59 -0400] "GET /wp-content/plugins/pro-elements/assets/lib/smartmenus/jquery.smartmenus.min.js?ver=1.2.1 HTTP/1.1" 200 6867 "https://kneespine.com/" "Mozilla/5.0 (Linux; U; Android 12; en-pk; CPH2095 Build/RKQ1.211119.001) AppleWebKit/537.36 (KHTML, like Gecko) Chrome/91.0.4472.88 Mobile Safari/537.36 HeyTapBrowser/45.12.3.1"
139.135.49.26 - - [26/Apr/2025:11:25:59 -0400] "GET /wp-content/plugins/elementor/assets/lib/flatpickr/flatpickr.min.js?ver=4.6.13 HTTP/1.1" 200 14078 "https://kneespine.com/" "Mozilla/5.0 (Linux; U; Android 12; en-pk; CPH2095 Build/RKQ1.211119.001) AppleWebKit/537.36 (KHTML, like Gecko) Chrome/91.0.4472.88 Mobile Safari/537.36 HeyTapBrowser/45.12.3.1"
139.135.49.26 - - [26/Apr/2025:11:25:59 -0400] "GET /wp-content/plugins/brave-popup-builder/assets/frontend/brave.js?ver=6.8 HTTP/1.1" 200 23854 "https://kneespine.com/" "Mozilla/5.0 (Linux; U; Android 12; en-pk; CPH2095 Build/RKQ1.211119.001) AppleWebKit/537.36 (KHTML, like Gecko) Chrome/91.0.4472.88 Mobile Safari/537.36 HeyTapBrowser/45.12.3.1"
139.135.49.26 - - [26/Apr/2025:11:26:00 -0400] "GET /wp-content/plugins/pro-elements/assets/js/webpack-pro.runtime.min.js?ver=3.23.1 HTTP/1.1" 200 2549 "https://kneespine.com/" "Mozilla/5.0 (Linux; U; Android 12; en-pk; CPH2095 Build/RKQ1.211119.001) AppleWebKit/537.36 (KHTML, like Gecko) Chrome/91.0.4472.88 Mobile Safari/537.36 HeyTapBrowser/45.12.3.1"
139.135.49.26 - - [26/Apr/2025:11:26:00 -0400] "GET /wp-content/plugins/elementor/assets/js/webpack.runtime.min.js?ver=3.28.4 HTTP/1.1" 200 2228 "https://kneespine.com/" "Mozilla/5.0 (Linux; U; Android 12; en-pk; CPH2095 Build/RKQ1.211119.001) AppleWebKit/537.36 (KHTML, like Gecko) Chrome/91.0.4472.88 Mobile Safari/537.36 HeyTapBrowser/45.12.3.1"
139.135.49.26 - - [26/Apr/2025:11:26:00 -0400] "GET /wp-includes/js/dist/hooks.min.js?ver=4d63a3d491d11ffd8ac6 HTTP/1.1" 200 1571 "https://kneespine.com/" "Mozilla/5.0 (Linux; U; Android 12; en-pk; CPH2095 Build/RKQ1.211119.001) AppleWebKit/537.36 (KHTML, like Gecko) Chrome/91.0.4472.88 Mobile Safari/537.36 HeyTapBrowser/45.12.3.1"
139.135.49.26 - - [26/Apr/2025:11:26:00 -0400] "GET /wp-content/plugins/elementor/assets/js/frontend-modules.min.js?ver=3.28.4 HTTP/1.1" 200 14421 "https://kneespine.com/" "Mozilla/5.0 (Linux; U; Android 12; en-pk; CPH2095 Build/RKQ1.211119.001) AppleWebKit/537.36 (KHTML, like Gecko) Chrome/91.0.4472.88 Mobile Safari/537.36 HeyTapBrowser/45.12.3.1"
139.135.49.26 - - [26/Apr/2025:11:26:00 -0400] "GET /wp-content/plugins/pro-elements/assets/js/frontend.min.js?ver=3.23.1 HTTP/1.1" 200 6467 "https://kneespine.com/" "Mozilla/5.0 (Linux; U; Android 12; en-pk; CPH2095 Build/RKQ1.211119.001) AppleWebKit/537.36 (KHTML, like Gecko) Chrome/91.0.4472.88 Mobile Safari/537.36 HeyTapBrowser/45.12.3.1"
139.135.49.26 - - [26/Apr/2025:11:26:00 -0400] "GET /wp-includes/js/jquery/ui/core.min.js?ver=1.13.3 HTTP/1.1" 200 6812 "https://kneespine.com/" "Mozilla/5.0 (Linux; U; Android 12; en-pk; CPH2095 Build/RKQ1.211119.001) AppleWebKit/537.36 (KHTML, like Gecko) Chrome/91.0.4472.88 Mobile Safari/537.36 HeyTapBrowser/45.12.3.1"
139.135.49.26 - - [26/Apr/2025:11:26:01 -0400] "GET /wp-content/plugins/elementor/assets/js/frontend.min.js?ver=3.28.4 HTTP/1.1" 200 13099 "https://kneespine.com/" "Mozilla/5.0 (Linux; U; Android 12; en-pk; CPH2095 Build/RKQ1.211119.001) AppleWebKit/537.36 (KHTML, like Gecko) Chrome/91.0.4472.88 Mobile Safari/537.36 HeyTapBrowser/45.12.3.1"
139.135.49.26 - - [26/Apr/2025:11:26:01 -0400] "GET /wp-content/plugins/pro-elements/assets/js/elements-handlers.min.js?ver=3.23.1 HTTP/1.1" 200 9632 "https://kneespine.com/" "Mozilla/5.0 (Linux; U; Android 12; en-pk; CPH2095 Build/RKQ1.211119.001) AppleWebKit/537.36 (KHTML, like Gecko) Chrome/91.0.4472.88 Mobile Safari/537.36 HeyTapBrowser/45.12.3.1"
139.135.49.26 - - [26/Apr/2025:11:26:01 -0400] "GET /wp-content/plugins/selection-lite/js/sticky-effect.min.js?ver=1.15 HTTP/1.1" 200 1466 "https://kneespine.com/" "Mozilla/5.0 (Linux; U; Android 12; en-pk; CPH2095 Build/RKQ1.211119.001) AppleWebKit/537.36 (KHTML, like Gecko) Chrome/91.0.4472.88 Mobile Safari/537.36 HeyTapBrowser/45.12.3.1"
139.135.49.26 - - [26/Apr/2025:11:26:01 -0400] "GET /wp-includes/js/dist/i18n.min.js?ver=5e580eb46a90c2b997e6 HTTP/1.1" 200 3542 "https://kneespine.com/" "Mozilla/5.0 (Linux; U; Android 12; en-pk; CPH2095 Build/RKQ1.211119.001) AppleWebKit/537.36 (KHTML, like Gecko) Chrome/91.0.4472.88 Mobile Safari/537.36 HeyTapBrowser/45.12.3.1"
139.135.49.26 - - [26/Apr/2025:11:26:01 -0400] "GET /wp-content/uploads/2024/07/friendly-woman-patient-talking-to-psychological-co-QRBVN9Q-1-1-e1624538472451-300x285.jpg HTTP/1.1" 200 14762 "https://kneespine.com/" "Mozilla/5.0 (Linux; U; Android 12; en-pk; CPH2095 Build/RKQ1.211119.001) AppleWebKit/537.36 (KHTML, like Gecko) Chrome/91.0.4472.88 Mobile Safari/537.36 HeyTapBrowser/45.12.3.1"
139.135.49.26 - - [26/Apr/2025:11:26:01 -0400] "GET /wp-content/uploads/2024/07/casual-business-woman-portrait-of-a-beautiful-young-business-woman-sitting-at-her-working-place--300x200.jpg HTTP/1.1" 200 13529 "https://kneespine.com/" "Mozilla/5.0 (Linux; U; Android 12; en-pk; CPH2095 Build/RKQ1.211119.001) AppleWebKit/537.36 (KHTML, like Gecko) Chrome/91.0.4472.88 Mobile Safari/537.36 HeyTapBrowser/45.12.3.1"
139.135.49.26 - - [26/Apr/2025:11:26:01 -0400] "GET /wp-content/uploads/2024/07/portrait-of-serious-male-architect-in-office-stand-FVHYLV4-1-300x200.jpg HTTP/1.1" 200 15624 "https://kneespine.com/" "Mozilla/5.0 (Linux; U; Android 12; en-pk; CPH2095 Build/RKQ1.211119.001) AppleWebKit/537.36 (KHTML, like Gecko) Chrome/91.0.4472.88 Mobile Safari/537.36 HeyTapBrowser/45.12.3.1"
139.135.49.26 - - [26/Apr/2025:11:26:01 -0400] "GET /wp-content/uploads/2024/08/4-removebg-preview-1.png HTTP/1.1" 200 13112 "https://kneespine.com/" "Mozilla/5.0 (Linux; U; Android 12; en-pk; CPH2095 Build/RKQ1.211119.001) AppleWebKit/537.36 (KHTML, like Gecko) Chrome/91.0.4472.88 Mobile Safari/537.36 HeyTapBrowser/45.12.3.1"
139.135.49.26 - - [26/Apr/2025:11:26:01 -0400] "GET /wp-content/uploads/2024/08/3-removebg-preview-1.png HTTP/1.1" 200 11066 "https://kneespine.com/" "Mozilla/5.0 (Linux; U; Android 12; en-pk; CPH2095 Build/RKQ1.211119.001) AppleWebKit/537.36 (KHTML, like Gecko) Chrome/91.0.4472.88 Mobile Safari/537.36 HeyTapBrowser/45.12.3.1"
139.135.49.26 - - [26/Apr/2025:11:26:01 -0400] "GET /wp-content/uploads/2024/07/404_bg.png HTTP/1.1" 200 25573 "https://kneespine.com/wp-content/uploads/elementor/css/post-11.css?ver=1744797423" "Mozilla/5.0 (Linux; U; Android 12; en-pk; CPH2095 Build/RKQ1.211119.001) AppleWebKit/537.36 (KHTML, like Gecko) Chrome/91.0.4472.88 Mobile Safari/537.36 HeyTapBrowser/45.12.3.1"
