223.123.22.206 - - [26/Apr/2025:18:18:01 -0400] "GET /wp-content/plugins/selection-lite/js/sticky-effect.min.js?ver=1.15 HTTP/1.1" 200 1466 "https://kneespine.com/" "Mozilla/5.0 (Linux; Android 10; K) AppleWebKit/537.36 (KHTML, like Gecko) Chrome/134.0.0.0 Mobile Safari/537.36"
223.123.22.206 - - [26/Apr/2025:18:18:01 -0400] "GET /wp-includes/js/jquery/ui/core.min.js?ver=1.13.3 HTTP/1.1" 200 6812 "https://kneespine.com/" "Mozilla/5.0 (Linux; Android 10; K) AppleWebKit/537.36 (KHTML, like Gecko) Chrome/134.0.0.0 Mobile Safari/537.36"
223.123.22.206 - - [26/Apr/2025:18:18:01 -0400] "GET /wp-content/plugins/elementor/assets/js/frontend.min.js?ver=3.28.4 HTTP/1.1" 200 13099 "https://kneespine.com/" "Mozilla/5.0 (Linux; Android 10; K) AppleWebKit/537.36 (KHTML, like Gecko) Chrome/134.0.0.0 Mobile Safari/537.36"
223.123.22.206 - - [26/Apr/2025:18:18:01 -0400] "GET /wp-content/uploads/2024/08/4-removebg-preview-1.png HTTP/1.1" 200 13112 "https://kneespine.com/" "Mozilla/5.0 (Linux; Android 10; K) AppleWebKit/537.36 (KHTML, like Gecko) Chrome/134.0.0.0 Mobile Safari/537.36"
223.123.22.206 - - [26/Apr/2025:18:18:01 -0400] "GET /wp-content/plugins/pro-elements/assets/js/elements-handlers.min.js?ver=3.23.1 HTTP/1.1" 200 9632 "https://kneespine.com/" "Mozilla/5.0 (Linux; Android 10; K) AppleWebKit/537.36 (KHTML, like Gecko) Chrome/134.0.0.0 Mobile Safari/537.36"
223.123.22.206 - - [26/Apr/2025:18:18:01 -0400] "GET /wp-content/uploads/2024/08/3-removebg-preview-1.png HTTP/1.1" 200 11066 "https://kneespine.com/" "Mozilla/5.0 (Linux; Android 10; K) AppleWebKit/537.36 (KHTML, like Gecko) Chrome/134.0.0.0 Mobile Safari/537.36"
223.123.22.206 - - [26/Apr/2025:18:18:01 -0400] "GET /wp-content/uploads/2024/08/1-removebg-preview-1.png HTTP/1.1" 200 12782 "https://kneespine.com/" "Mozilla/5.0 (Linux; Android 10; K) AppleWebKit/537.36 (KHTML, like Gecko) Chrome/134.0.0.0 Mobile Safari/537.36"
223.123.22.206 - - [26/Apr/2025:18:18:01 -0400] "GET /wp-content/uploads/2024/08/2-removebg-preview-2.png HTTP/1.1" 200 5351 "https://kneespine.com/" "Mozilla/5.0 (Linux; Android 10; K) AppleWebKit/537.36 (KHTML, like Gecko) Chrome/134.0.0.0 Mobile Safari/537.36"
223.123.22.206 - - [26/Apr/2025:18:18:01 -0400] "GET /wp-content/uploads/2024/08/5-removebg-preview-1.png HTTP/1.1" 200 9205 "https://kneespine.com/" "Mozilla/5.0 (Linux; Android 10; K) AppleWebKit/537.36 (KHTML, like Gecko) Chrome/134.0.0.0 Mobile Safari/537.36"
223.123.22.206 - - [26/Apr/2025:18:18:01 -0400] "GET /wp-content/plugins/elementor/assets/lib/eicons/fonts/eicons.woff2?5.36.0 HTTP/1.1" 200 99440 "https://kneespine.com/wp-content/plugins/elementor/assets/lib/eicons/css/elementor-icons.min.css?ver=5.34.0" "Mozilla/5.0 (Linux; Android 10; K) AppleWebKit/537.36 (KHTML, like Gecko) Chrome/134.0.0.0 Mobile Safari/537.36"
223.123.22.206 - - [26/Apr/2025:18:18:01 -0400] "GET /wp-content/uploads/2024/07/404_bg.png HTTP/1.1" 200 25573 "https://kneespine.com/wp-content/uploads/elementor/css/post-11.css?ver=1744797423" "Mozilla/5.0 (Linux; Android 10; K) AppleWebKit/537.36 (KHTML, like Gecko) Chrome/134.0.0.0 Mobile Safari/537.36"
223.123.22.206 - - [26/Apr/2025:18:18:02 -0400] "GET /wp-content/plugins/pro-elements/assets/js/nav-menu.e65811186e94a386ba7b.bundle.min.js HTTP/1.1" 200 1678 "https://kneespine.com/" "Mozilla/5.0 (Linux; Android 10; K) AppleWebKit/537.36 (KHTML, like Gecko) Chrome/134.0.0.0 Mobile Safari/537.36"
223.123.22.206 - - [26/Apr/2025:18:18:02 -0400] "GET /wp-content/plugins/elementor/assets/js/text-editor.c084ef86600b6f11690d.bundle.min.js HTTP/1.1" 200 621 "https://kneespine.com/" "Mozilla/5.0 (Linux; Android 10; K) AppleWebKit/537.36 (KHTML, like Gecko) Chrome/134.0.0.0 Mobile Safari/537.36"
223.123.22.206 - - [26/Apr/2025:18:18:02 -0400] "GET /wp-content/plugins/elementor/assets/js/counter.12335f45aaa79d244f24.bundle.min.js HTTP/1.1" 200 442 "https://kneespine.com/" "Mozilla/5.0 (Linux; Android 10; K) AppleWebKit/537.36 (KHTML, like Gecko) Chrome/134.0.0.0 Mobile Safari/537.36"
223.123.22.206 - - [26/Apr/2025:18:18:02 -0400] "GET /wp-content/plugins/pro-elements/assets/js/carousel.9b02b45d7826c1c48f33.bundle.min.js HTTP/1.1" 200 1598 "https://kneespine.com/" "Mozilla/5.0 (Linux; Android 10; K) AppleWebKit/537.36 (KHTML, like Gecko) Chrome/134.0.0.0 Mobile Safari/537.36"
223.123.22.206 - - [26/Apr/2025:18:18:02 -0400] "GET /wp-content/plugins/pro-elements/assets/js/form.c4bc7eaa69583834a7d5.bundle.min.js HTTP/1.1" 200 4825 "https://kneespine.com/" "Mozilla/5.0 (Linux; Android 10; K) AppleWebKit/537.36 (KHTML, like Gecko) Chrome/134.0.0.0 Mobile Safari/537.36"
223.123.22.206 - - [26/Apr/2025:18:18:03 -0400] "GET /wp-content/plugins/pro-elements/assets/js/popup.085c1727e36940b18f29.bundle.min.js HTTP/1.1" 200 395 "https://kneespine.com/" "Mozilla/5.0 (Linux; Android 10; K) AppleWebKit/537.36 (KHTML, like Gecko) Chrome/134.0.0.0 Mobile Safari/537.36"
223.123.22.206 - - [26/Apr/2025:18:18:03 -0400] "GET /wp-content/plugins/elementor/assets/js/accordion.36aa4c8c4eba17bc8e03.bundle.min.js HTTP/1.1" 200 1318 "https://kneespine.com/" "Mozilla/5.0 (Linux; Android 10; K) AppleWebKit/537.36 (KHTML, like Gecko) Chrome/134.0.0.0 Mobile Safari/537.36"
223.123.22.206 - - [26/Apr/2025:18:18:03 -0400] "GET /wp-content/plugins/elementor/assets/lib/swiper/v8/swiper.min.js?ver=8.4.5 HTTP/1.1" 200 38152 "https://kneespine.com/" "Mozilla/5.0 (Linux; Android 10; K) AppleWebKit/537.36 (KHTML, like Gecko) Chrome/134.0.0.0 Mobile Safari/537.36"
223.123.22.206 - - [26/Apr/2025:18:18:03 -0400] "GET /wp-content/uploads/2024/07/cropped-Untitled_design__53_-removebg-preview-192x192.png HTTP/1.1" 200 22222 "https://kneespine.com/" "Mozilla/5.0 (Linux; Android 10; K) AppleWebKit/537.36 (KHTML, like Gecko) Chrome/134.0.0.0 Mobile Safari/537.36"
223.123.22.206 - - [26/Apr/2025:18:18:03 -0400] "GET /wp-content/uploads/2024/07/cropped-Untitled_design__53_-removebg-preview-180x180.png HTTP/1.1" 200 20055 "https://kneespine.com/" "Mozilla/5.0 (Linux; Android 10; K) AppleWebKit/537.36 (KHTML, like Gecko) Chrome/134.0.0.0 Mobile Safari/537.36"
66.29.132.124 - - [26/Apr/2025:18:21:11 -0400] "POST /wp-cron.php?doing_wp_cron=1745706071.1280460357666015625000 HTTP/1.1" 200 0 "-" "WordPress/6.8; https://kneespine.com"
43.166.237.57 - - [26/Apr/2025:18:21:09 -0400] "GET / HTTP/1.1" 301 0 "http://www.kneespine.com" "Mozilla/5.0 (iPhone; CPU iPhone OS 13_2_3 like Mac OS X) AppleWebKit/605.1.15 (KHTML, like Gecko) Version/13.0.3 Mobile/15E148 Safari/604.1"
43.166.237.57 - - [26/Apr/2025:18:21:11 -0400] "GET / HTTP/1.1" 200 31790 "https://www.kneespine.com/" "Mozilla/5.0 (iPhone; CPU iPhone OS 13_2_3 like Mac OS X) AppleWebKit/605.1.15 (KHTML, like Gecko) Version/13.0.3 Mobile/15E148 Safari/604.1"
66.29.132.124 - - [26/Apr/2025:18:21:11 -0400] "POST /wp-admin/admin-ajax.php?action=async_litespeed&nonce=DSbYl2WdCAradqWXSIx3Twh1L8VwGKkW&litespeed_type=imgoptm HTTP/1.1" 200 21 "-" "WordPress/6.8; https://kneespine.com"
85.208.96.200 - - [26/Apr/2025:18:26:03 -0400] "GET /wp-includes/js/tinymce/themes/ HTTP/1.1" 200 792 "-" "Mozilla/5.0 (compatible; SemrushBot/7~bl; +http://www.semrush.com/bot.html)"
85.208.96.202 - - [26/Apr/2025:18:32:07 -0400] "GET /wp-includes/sodium_compat/namespaced/Crypto.php HTTP/1.1" 500 0 "-" "Mozilla/5.0 (compatible; SemrushBot/7~bl; +http://www.semrush.com/bot.html)"
85.208.96.211 - - [26/Apr/2025:18:35:12 -0400] "GET /wp-includes/Requests/src/Transport.php HTTP/1.1" 200 0 "-" "Mozilla/5.0 (compatible; SemrushBot/7~bl; +http://www.semrush.com/bot.html)"
85.208.96.193 - - [26/Apr/2025:18:41:12 -0400] "GET /wp-includes/Text/Diff/Engine/ HTTP/1.1" 200 886 "-" "Mozilla/5.0 (compatible; SemrushBot/7~bl; +http://www.semrush.com/bot.html)"
85.208.96.208 - - [26/Apr/2025:18:42:12 -0400] "GET /wp-includes/rest-api/endpoints/class-wp-rest-block-pattern-categories-controller.php HTTP/1.1" 500 0 "-" "Mozilla/5.0 (compatible; SemrushBot/7~bl; +http://www.semrush.com/bot.html)"
106.227.49.113 - - [26/Apr/2025:18:44:25 -0400] "GET / HTTP/1.1" 200 31790 "http://kneespine.com" "Mozilla/5.0 (iPhone; CPU iPhone OS 13_2_3 like Mac OS X) AppleWebKit/605.1.15 (KHTML, like Gecko) Version/13.0.3 Mobile/15E148 Safari/604.1"
185.191.171.4 - - [26/Apr/2025:18:51:21 -0400] "GET /wp-includes/sodium_compat/lib/namespaced.php HTTP/1.1" 200 0 "-" "Mozilla/5.0 (compatible; SemrushBot/7~bl; +http://www.semrush.com/bot.html)"
128.90.141.5 - - [26/Apr/2025:18:57:09 -0400] "GET / HTTP/1.1" 200 31790 "http://kneespine.com" "Go-http-client/1.1"
128.90.141.5 - - [26/Apr/2025:18:57:10 -0400] "GET /wp-admin/setup-config.php?step=1&language=en_GB HTTP/1.1" 409 1222 "-" "Mozilla/5.0 (X11; Linux x86_64) AppleWebKit/537.36 (KHTML, like Gecko) Chrome/115.0.0.0 Safari/537.36"
66.29.132.124 - - [26/Apr/2025:18:57:13 -0400] "POST /wp-cron.php?doing_wp_cron=1745708233.2472090721130371093750 HTTP/1.1" 200 0 "-" "WordPress/6.8; https://kneespine.com"
128.90.141.5 - - [26/Apr/2025:18:57:13 -0400] "GET /wp-admin/install.php?step=1&language=en_GB HTTP/1.1" 200 514 "-" "Mozilla/5.0 (Macintosh; Intel Mac OS X 10_15_7) AppleWebKit/605.1.15 (KHTML, like Gecko) Version/15.1 Safari/605.1.15"
66.29.132.124 - - [26/Apr/2025:18:57:16 -0400] "POST /wp-cron.php?doing_wp_cron=1745708236.6354579925537109375000 HTTP/1.1" 200 0 "-" "WordPress/6.8; https://kneespine.com"
66.29.132.124 - - [26/Apr/2025:18:57:17 -0400] "POST /wp-admin/admin-ajax.php?action=async_litespeed&nonce=qkaLJfCICfH3DmFz6TXH5xIOhm0RtHBG&litespeed_type=imgoptm HTTP/1.1" 200 0 "-" "WordPress/6.8; https://kneespine.com"
66.29.132.124 - - [26/Apr/2025:18:57:18 -0400] "POST /wp-admin/admin-ajax.php?action=as_async_request_queue_runner&nonce=3f8523bb47 HTTP/1.1" 200 0 "-" "WordPress/6.8; https://kneespine.com"
128.90.141.5 - - [26/Apr/2025:18:57:13 -0400] "GET /wordpress/wp-admin/setup-config.php?step=1&language=en_GB HTTP/1.1" 404 15197 "-" "Mozilla/5.0 (Macintosh; Intel Mac OS X 10_15_7) AppleWebKit/605.1.15 (KHTML, like Gecko) Version/15.1 Safari/605.1.15"
128.90.141.5 - - [26/Apr/2025:18:57:19 -0400] "GET /wordpress/wp-admin/install.php?step=1&language=en_GB HTTP/1.1" 404 15197 "-" "Mozilla/5.0 (Windows NT 10.0; Win64; x64) AppleWebKit/537.36 (KHTML, like Gecko) Chrome/115.0.0.0 Safari/537.36"
128.90.141.5 - - [26/Apr/2025:18:57:21 -0400] "GET /wp/wp-admin/setup-config.php?step=1&language=en_GB HTTP/1.1" 404 15197 "-" "Mozilla/5.0 (Macintosh; Intel Mac OS X 10_15_7) AppleWebKit/605.1.15 (KHTML, like Gecko) Version/15.1 Safari/605.1.15"
128.90.141.5 - - [26/Apr/2025:18:57:22 -0400] "GET /wp/wp-admin/install.php?step=1&language=en_GB HTTP/1.1" 404 15197 "-" "Mozilla/5.0 (compatible; Yahoo! Slurp; http://help.yahoo.com/help/us/ysearch/slurp)"
128.90.141.5 - - [26/Apr/2025:18:57:23 -0400] "GET /new/wp-admin/setup-config.php?step=1&language=en_GB HTTP/1.1" 404 15197 "-" "Mozilla/5.0 (iPad; CPU OS 16_4 like Mac OS X) AppleWebKit/605.1.15 (KHTML, like Gecko) Version/16.4 Mobile/15E148 Safari/604.1"
128.90.141.5 - - [26/Apr/2025:18:57:24 -0400] "GET /new/wp-admin/install.php?step=1&language=en_GB HTTP/1.1" 404 15197 "-" "Mozilla/5.0 (iPad; CPU OS 16_4 like Mac OS X) AppleWebKit/605.1.15 (KHTML, like Gecko) Version/16.4 Mobile/15E148 Safari/604.1"
128.90.141.5 - - [26/Apr/2025:18:57:25 -0400] "GET /old/wp-admin/setup-config.php?step=1&language=en_GB HTTP/1.1" 404 15196 "-" "Mozilla/5.0 (Windows NT 10.0; Win64; x64) AppleWebKit/537.36 (KHTML, like Gecko) Edge/115.0.0.0"
128.90.141.5 - - [26/Apr/2025:18:57:26 -0400] "GET /old/wp-admin/install.php?step=1&language=en_GB HTTP/1.1" 404 15197 "-" "Mozilla/5.0 (Windows NT 10.0; Win64; x64; rv:108.0) Gecko/20100101 Firefox/108.0"
128.90.141.5 - - [26/Apr/2025:18:57:28 -0400] "GET /blog/wp-admin/setup-config.php?step=1&language=en_GB HTTP/1.1" 404 15197 "-" "Mozilla/5.0 (Macintosh; Intel Mac OS X 10_15_7) AppleWebKit/605.1.15 (KHTML, like Gecko) Version/15.1 Safari/605.1.15"
128.90.141.5 - - [26/Apr/2025:18:57:29 -0400] "GET /blog/wp-admin/install.php?step=1&language=en_GB HTTP/1.1" 404 15197 "-" "Mozilla/5.0 (compatible; Bingbot/2.0; +http://www.bing.com/bingbot.htm)"
185.191.171.16 - - [26/Apr/2025:18:58:14 -0400] "GET /wp-includes/rest-api/endpoints/class-wp-rest-search-controller.php HTTP/1.1" 500 0 "-" "Mozilla/5.0 (compatible; SemrushBot/7~bl; +http://www.semrush.com/bot.html)"
128.90.141.5 - - [26/Apr/2025:18:57:30 -0400] "GET /test/wp-admin/setup-config.php?step=1&language=en_GB HTTP/1.1" 404 15197 "-" "Mozilla/5.0 (Windows NT 10.0; Win64; x64) AppleWebKit/537.36 (KHTML, like Gecko) Edge/115.0.0.0"
128.90.141.5 - - [26/Apr/2025:18:57:31 -0400] "GET /test/wp-admin/install.php?step=1&language=en_GB HTTP/1.1" 404 15197 "-" "Mozilla/5.0 (Windows NT 10.0; Win64; x64; rv:108.0) Gecko/20100101 Firefox/108.0"
128.90.141.5 - - [26/Apr/2025:18:57:32 -0400] "GET /shop/wp-admin/setup-config.php?step=1&language=en_GB HTTP/1.1" 404 15197 "-" "Mozilla/5.0 (Windows NT 10.0; Win64; x64; rv:108.0) Gecko/20100101 Firefox/108.0"
128.90.141.5 - - [26/Apr/2025:18:57:33 -0400] "GET /shop/wp-admin/install.php?step=1&language=en_GB HTTP/1.1" 404 15197 "-" "Mozilla/5.0 (Windows NT 10.0; Win64; x64) AppleWebKit/537.36 (KHTML, like Gecko) Edge/115.0.0.0"
185.191.171.12 - - [26/Apr/2025:19:11:24 -0400] "GET /wp-includes/sodium_compat/lib/php72compat.php HTTP/1.1" 200 0 "-" "Mozilla/5.0 (compatible; SemrushBot/7~bl; +http://www.semrush.com/bot.html)"
85.208.96.193 - - [26/Apr/2025:19:16:09 -0400] "GET /robots.txt HTTP/1.1" 200 110 "-" "Mozilla/5.0 (compatible; SemrushBot/7~bl; +http://www.semrush.com/bot.html)"
85.208.96.196 - - [26/Apr/2025:19:16:09 -0400] "GET /wp-includes/sodium_compat/lib/sodium_compat.php HTTP/1.1" 200 0 "-" "Mozilla/5.0 (compatible; SemrushBot/7~bl; +http://www.semrush.com/bot.html)"
185.191.171.1 - - [26/Apr/2025:19:21:19 -0400] "GET /wp-includes/SimplePie/src/Rating.php HTTP/1.1" 200 0 "-" "Mozilla/5.0 (compatible; SemrushBot/7~bl; +http://www.semrush.com/bot.html)"
185.191.171.5 - - [26/Apr/2025:19:23:15 -0400] "GET /wp-includes/sodium_compat/namespaced/Compat.php HTTP/1.1" 500 0 "-" "Mozilla/5.0 (compatible; SemrushBot/7~bl; +http://www.semrush.com/bot.html)"
85.208.96.209 - - [26/Apr/2025:19:36:48 -0400] "GET /wp-includes/SimplePie/src/Registry.php HTTP/1.1" 200 0 "-" "Mozilla/5.0 (compatible; SemrushBot/7~bl; +http://www.semrush.com/bot.html)"
54.36.148.228 - - [26/Apr/2025:19:47:27 -0400] "GET /wp-includes/class-wp-roles.php HTTP/1.1" 200 0 "-" "Mozilla/5.0 (compatible; AhrefsBot/7.0; +http://ahrefs.com/robot/)"
85.208.96.196 - - [26/Apr/2025:19:53:21 -0400] "GET /wp-includes/rest-api/endpoints/class-wp-rest-post-statuses-controller.php HTTP/1.1" 500 0 "-" "Mozilla/5.0 (compatible; SemrushBot/7~bl; +http://www.semrush.com/bot.html)"
45.61.184.238 - - [26/Apr/2025:20:01:41 -0400] "GET /wp-login.php HTTP/1.1" 200 5847 "-" "Mozilla/5.0 (Windows NT 6.0) AppleWebKit/537.36 (KHTML, like Gecko) Chrome/36.0.1985.125 Safari/537.36"
66.29.132.124 - - [26/Apr/2025:20:01:46 -0400] "POST /wp-cron.php?doing_wp_cron=1745712106.3090279102325439453125 HTTP/1.1" 200 0 "-" "WordPress/6.8; https://kneespine.com"
45.61.184.238 - - [26/Apr/2025:20:01:41 -0400] "POST /wp-login.php HTTP/1.1" 200 6103 "-" "Mozilla/5.0 (Windows NT 6.0) AppleWebKit/537.36 (KHTML, like Gecko) Chrome/36.0.1985.125 Safari/537.36"
66.29.132.124 - - [26/Apr/2025:20:01:46 -0400] "POST /wp-admin/admin-ajax.php?action=async_litespeed&nonce=64tzbIzSVtCv70xzc88OYtVB3NTBh08G&litespeed_type=imgoptm HTTP/1.1" 200 0 "-" "WordPress/6.8; https://kneespine.com"
66.29.132.124 - - [26/Apr/2025:20:01:47 -0400] "POST /wp-admin/admin-ajax.php?action=as_async_request_queue_runner&nonce=66e7b95936 HTTP/1.1" 200 0 "-" "WordPress/6.8; https://kneespine.com"
185.191.171.6 - - [26/Apr/2025:20:04:15 -0400] "GET /wp-includes/rest-api/endpoints/class-wp-rest-menu-items-controller.php HTTP/1.1" 500 0 "-" "Mozilla/5.0 (compatible; SemrushBot/7~bl; +http://www.semrush.com/bot.html)"
85.208.96.205 - - [26/Apr/2025:20:08:24 -0400] "GET /wp-includes/Requests/src/HookManager.php HTTP/1.1" 200 0 "-" "Mozilla/5.0 (compatible; SemrushBot/7~bl; +http://www.semrush.com/bot.html)"
66.29.132.124 - - [26/Apr/2025:20:12:37 -0400] "POST /wp-cron.php?doing_wp_cron=1745712757.8014650344848632812500 HTTP/1.1" 200 0 "-" "WordPress/6.8; https://kneespine.com"
103.221.246.162 - - [26/Apr/2025:20:12:34 -0400] "GET / HTTP/1.1" 301 0 "-" "Mozilla/5.0 (Linux; Android 10; K) AppleWebKit/537.36 (KHTML, like Gecko) Chrome/135.0.0.0 Mobile Safari/537.36"
66.29.132.124 - - [26/Apr/2025:20:12:38 -0400] "POST /wp-admin/admin-ajax.php?action=async_litespeed&nonce=QPvpGw1CiXhNf66gJjJKsgo3ezkc2mpK&litespeed_type=imgoptm HTTP/1.1" 200 0 "-" "WordPress/6.8; https://kneespine.com"
103.221.246.162 - - [26/Apr/2025:20:12:39 -0400] "GET / HTTP/1.1" 200 26518 "-" "Mozilla/5.0 (Linux; Android 10; K) AppleWebKit/537.36 (KHTML, like Gecko) Chrome/135.0.0.0 Mobile Safari/537.36"
103.221.246.162 - - [26/Apr/2025:20:12:40 -0400] "GET /wp-content/plugins/header-footer-elementor/inc/widgets-css/frontend.css?ver=2.3.0 HTTP/1.1" 200 8133 "https://kneespine.com/" "Mozilla/5.0 (Linux; Android 10; K) AppleWebKit/537.36 (KHTML, like Gecko) Chrome/135.0.0.0 Mobile Safari/537.36"
103.221.246.162 - - [26/Apr/2025:20:12:40 -0400] "GET /wp-content/plugins/header-footer-elementor/assets/css/header-footer-elementor.css?ver=2.3.0 HTTP/1.1" 200 259 "https://kneespine.com/" "Mozilla/5.0 (Linux; Android 10; K) AppleWebKit/537.36 (KHTML, like Gecko) Chrome/135.0.0.0 Mobile Safari/537.36"
103.221.246.162 - - [26/Apr/2025:20:12:40 -0400] "GET /wp-content/plugins/elementor/assets/css/frontend.min.css?ver=3.28.4 HTTP/1.1" 200 6453 "https://kneespine.com/" "Mozilla/5.0 (Linux; Android 10; K) AppleWebKit/537.36 (KHTML, like Gecko) Chrome/135.0.0.0 Mobile Safari/537.36"
103.221.246.162 - - [26/Apr/2025:20:12:40 -0400] "GET /wp-content/plugins/pro-elements/assets/css/frontend.min.css?ver=3.23.1 HTTP/1.1" 200 43409 "https://kneespine.com/" "Mozilla/5.0 (Linux; Android 10; K) AppleWebKit/537.36 (KHTML, like Gecko) Chrome/135.0.0.0 Mobile Safari/537.36"
103.221.246.162 - - [26/Apr/2025:20:12:40 -0400] "GET /wp-content/plugins/selection-lite/css/sticky-effect.min.css?ver=1.15 HTTP/1.1" 200 0 "https://kneespine.com/" "Mozilla/5.0 (Linux; Android 10; K) AppleWebKit/537.36 (KHTML, like Gecko) Chrome/135.0.0.0 Mobile Safari/537.36"
103.221.246.162 - - [26/Apr/2025:20:12:40 -0400] "GET /wp-content/uploads/elementor/css/post-66.css?ver=1744791676 HTTP/1.1" 200 1424 "https://kneespine.com/" "Mozilla/5.0 (Linux; Android 10; K) AppleWebKit/537.36 (KHTML, like Gecko) Chrome/135.0.0.0 Mobile Safari/537.36"
85.208.96.211 - - [26/Apr/2025:20:12:49 -0400] "GET /wp-includes/rest-api/endpoints/class-wp-rest-post-types-controller.php HTTP/1.1" 500 0 "-" "Mozilla/5.0 (compatible; SemrushBot/7~bl; +http://www.semrush.com/bot.html)"
66.29.132.124 - - [26/Apr/2025:20:14:36 -0400] "POST /wp-cron.php?doing_wp_cron=1745712876.6040968894958496093750 HTTP/1.1" 200 0 "-" "WordPress/6.8; https://kneespine.com"
35.205.143.78 - - [26/Apr/2025:20:14:34 -0400] "POST /xmlrpc.php HTTP/1.1" 200 403 "-" "Mozilla/5.0 (Linux; Android 10; SM-G960U) AppleWebKit/537.36 (KHTML, like Gecko) Chrome/91.0.4472.114 Mobile Safari/537.36"
51.68.229.140 - - [26/Apr/2025:20:14:35 -0400] "POST /xmlrpc.php HTTP/1.1" 200 403 "-" "Mozilla/5.0 (Windows NT 10.0; Win64; x64) AppleWebKit/537.36 (KHTML, like Gecko) Chrome/90.0.4430.212 Safari/537.36"
66.29.132.124 - - [26/Apr/2025:20:14:37 -0400] "POST /wp-admin/admin-ajax.php?action=async_litespeed&nonce=mjOZ1h7jwddNxlyuQ3V44wmTNnFMwFv2&litespeed_type=imgoptm HTTP/1.1" 200 21 "-" "WordPress/6.8; https://kneespine.com"
51.68.229.140 - - [26/Apr/2025:20:14:39 -0400] "POST /xmlrpc.php HTTP/1.1" 200 403 "-" "Mozilla/5.0 (Windows NT 10.0; Win64; x64; rv:66.0) Gecko/20100101 Firefox/66.0"
51.158.145.134 - - [26/Apr/2025:20:14:42 -0400] "POST /xmlrpc.php HTTP/1.1" 200 403 "-" "Mozilla/5.0 (Windows; U; Windows NT 5.1; en-US; rv:1.7.5) Gecko/20041107 Firefox/1.0"
51.68.229.140 - - [26/Apr/2025:20:14:50 -0400] "POST /xmlrpc.php HTTP/1.1" 200 403 "-" "Mozilla/5.0 (Windows NT 6.1; Win64; x64; rv:25.0) Gecko/20100101 Firefox/29.0"
66.29.132.124 - - [26/Apr/2025:20:14:55 -0400] "POST /wp-cron.php?doing_wp_cron=1745712895.9484219551086425781250 HTTP/1.1" 200 0 "-" "WordPress/6.8; https://kneespine.com"
85.128.143.222 - - [26/Apr/2025:20:14:55 -0400] "POST /xmlrpc.php HTTP/1.1" 200 403 "-" "Mozilla/5.0 (Windows NT 10.0; Win64; x64) AppleWebKit/537.36 (KHTML, like Gecko) Chrome/80.0.3987.149 Safari/537.36"
66.29.132.124 - - [26/Apr/2025:20:14:56 -0400] "POST /wp-admin/admin-ajax.php?action=async_litespeed&nonce=E2AIeXVLTSMkfU9WunEc8eXFJi85artM&litespeed_type=imgoptm HTTP/1.1" 200 21 "-" "WordPress/6.8; https://kneespine.com"
66.29.132.124 - - [26/Apr/2025:20:14:58 -0400] "POST /wp-cron.php?doing_wp_cron=1745712898.4241240024566650390625 HTTP/1.1" 200 0 "-" "WordPress/6.8; https://kneespine.com"
51.158.145.134 - - [26/Apr/2025:20:14:58 -0400] "POST /xmlrpc.php HTTP/1.1" 200 403 "-" "Mozilla/5.0 (Windows NT 5.1; rv:36.0) Gecko/20100101 Firefox/36.0"
20.255.220.222 - - [26/Apr/2025:20:14:59 -0400] "POST /xmlrpc.php HTTP/1.1" 200 403 "-" "Mozilla/5.0 (Windows NT 6.1; WOW64; rv:17.0) Gecko/20100101 Firefox/17.0"
66.29.132.124 - - [26/Apr/2025:20:15:07 -0400] "POST /wp-cron.php?doing_wp_cron=1745712906.7400839328765869140625 HTTP/1.1" 200 0 "-" "WordPress/6.8; https://kneespine.com"
51.68.229.140 - - [26/Apr/2025:20:15:05 -0400] "POST /xmlrpc.php HTTP/1.1" 200 403 "-" "Mozilla/5.0 (Windows NT 10.0; Win64; x64; rv:59.0) Gecko/20100101 Firefox/59.0"
37.9.175.163 - - [26/Apr/2025:20:15:09 -0400] "POST /xmlrpc.php HTTP/1.1" 200 403 "-" "Mozilla/5.0 (Windows NT 10.0; Win64; x64; rv:84.0) Gecko/20100101 Firefox/84.0"
185.191.171.9 - - [26/Apr/2025:20:15:28 -0400] "GET /wp-includes/js/tinymce/wp-tinymce.php HTTP/1.1" 200 146897 "-" "Mozilla/5.0 (compatible; SemrushBot/7~bl; +http://www.semrush.com/bot.html)"
185.191.171.3 - - [26/Apr/2025:20:33:33 -0400] "GET /robots.txt HTTP/1.1" 200 110 "-" "Mozilla/5.0 (compatible; SemrushBot/7~bl; +http://www.semrush.com/bot.html)"
185.191.171.12 - - [26/Apr/2025:20:33:34 -0400] "GET /wp-includes/Requests/src/Exception/ HTTP/1.1" 200 1274 "-" "Mozilla/5.0 (compatible; SemrushBot/7~bl; +http://www.semrush.com/bot.html)"
85.208.96.198 - - [26/Apr/2025:20:40:32 -0400] "GET /wp-includes/css/dist/editor/ HTTP/1.1" 200 862 "-" "Mozilla/5.0 (compatible; SemrushBot/7~bl; +http://www.semrush.com/bot.html)"
66.29.132.124 - - [26/Apr/2025:20:40:47 -0400] "POST /wp-cron.php?doing_wp_cron=1745714447.6970829963684082031250 HTTP/1.1" 200 0 "-" "WordPress/6.8; https://kneespine.com"
66.29.132.124 - - [26/Apr/2025:20:40:49 -0400] "POST /wp-admin/admin-ajax.php?action=async_litespeed&nonce=RW30422Sh9sQWjGIq2BJEqYK6c3suPOa&litespeed_type=imgoptm HTTP/1.1" 200 0 "-" "WordPress/6.8; https://kneespine.com"
185.191.171.1 - - [26/Apr/2025:20:40:42 -0400] "GET /contact-us/ HTTP/1.1" 200 22593 "-" "Mozilla/5.0 (compatible; SemrushBot/7~bl; +http://www.semrush.com/bot.html)"
66.29.132.124 - - [26/Apr/2025:20:40:49 -0400] "POST /wp-admin/admin-ajax.php?action=as_async_request_queue_runner&nonce=66e7b95936 HTTP/1.1" 200 0 "-" "WordPress/6.8; https://kneespine.com"
66.29.132.124 - - [26/Apr/2025:20:51:36 -0400] "POST /wp-cron.php?doing_wp_cron=1745715096.8056020736694335937500 HTTP/1.1" 200 0 "-" "WordPress/6.8; https://kneespine.com"
66.29.132.124 - - [26/Apr/2025:20:51:37 -0400] "POST /wp-admin/admin-ajax.php?action=async_litespeed&nonce=9oi3folcbLGpgrHqh61m2CRaEcaOYrdy&litespeed_type=imgoptm HTTP/1.1" 200 0 "-" "WordPress/6.8; https://kneespine.com"
66.29.132.124 - - [26/Apr/2025:20:51:38 -0400] "POST /wp-admin/admin-ajax.php?action=as_async_request_queue_runner&nonce=66e7b95936 HTTP/1.1" 200 0 "-" "WordPress/6.8; https://kneespine.com"
152.53.225.138 - - [26/Apr/2025:20:51:31 -0400] "GET /wp-content/plugins/HelloDollyV2/hello_dolly_v2.php HTTP/1.1" 404 15229 "www.google.com" "Mozlila/5.0 (Linux; Android 7.0; SM-G892A Bulid/NRD90M; wv) AppleWebKit/537.36 (KHTML, like Gecko) Version/4.0 Chrome/60.0.3112.107 Moblie Safari/537.36"
66.29.132.124 - - [26/Apr/2025:20:51:57 -0400] "POST /wp-cron.php?doing_wp_cron=1745715117.5968160629272460937500 HTTP/1.1" 200 0 "-" "WordPress/6.8; https://kneespine.com"
152.53.225.138 - - [26/Apr/2025:20:51:57 -0400] "GET /wp-content/themes/hello_dolly_v2.php HTTP/1.1" 404 15219 "www.google.com" "Mozlila/5.0 (Linux; Android 7.0; SM-G892A Bulid/NRD90M; wv) AppleWebKit/537.36 (KHTML, like Gecko) Version/4.0 Chrome/60.0.3112.107 Moblie Safari/537.36"
66.29.132.124 - - [26/Apr/2025:20:51:58 -0400] "POST /wp-admin/admin-ajax.php?action=async_litespeed&nonce=z97xN5JV8GeHCOWysGfUGDcAcsFpSSnK&litespeed_type=imgoptm HTTP/1.1" 200 21 "-" "WordPress/6.8; https://kneespine.com"
85.208.96.199 - - [26/Apr/2025:20:58:36 -0400] "GET /wp-includes/sodium_compat/lib/stream-xchacha20.php HTTP/1.1" 200 0 "-" "Mozilla/5.0 (compatible; SemrushBot/7~bl; +http://www.semrush.com/bot.html)"
85.208.96.202 - - [26/Apr/2025:20:59:23 -0400] "GET /wp-includes/sodium_compat/src/PHP52/ HTTP/1.1" 200 803 "-" "Mozilla/5.0 (compatible; SemrushBot/7~bl; +http://www.semrush.com/bot.html)"
209.141.33.127 - - [26/Apr/2025:21:02:19 -0400] "GET /wp-login.php HTTP/1.1" 200 5847 "-" "Mozilla/5.0 (Macintosh; Intel Mac OS X 10_10) AppleWebKit/600.1.3 (KHTML, like Gecko) Version/8.0 Safari/600.1.3"
66.29.132.124 - - [26/Apr/2025:21:02:22 -0400] "POST /wp-cron.php?doing_wp_cron=1745715742.2144079208374023437500 HTTP/1.1" 200 0 "-" "WordPress/6.8; https://kneespine.com"
209.141.33.127 - - [26/Apr/2025:21:02:19 -0400] "POST /wp-login.php HTTP/1.1" 200 6103 "-" "Mozilla/5.0 (Macintosh; Intel Mac OS X 10_10) AppleWebKit/600.1.3 (KHTML, like Gecko) Version/8.0 Safari/600.1.3"
66.29.132.124 - - [26/Apr/2025:21:02:25 -0400] "POST /wp-admin/admin-ajax.php?action=async_litespeed&nonce=nFl2xhy5fiZJD76PCWztAkBJ70MITc2H&litespeed_type=imgoptm HTTP/1.1" 200 21 "-" "WordPress/6.8; https://kneespine.com"
144.91.119.115 - - [26/Apr/2025:21:05:04 -0400] "GET /wp-content/plugins/HelloDollyV2/hello_dolly_v2.php HTTP/1.1" 404 15229 "www.google.com" "Mozilla/5.0 (Linux; Android 7.0; SM-G892A Build/NRD90M; wv) AppleWebKit/537.36 (KHTML, like Gecko) Version/4.0 Chrome/60.0.3112.107 Mobile Safari/537.36"
144.91.119.115 - - [26/Apr/2025:21:05:08 -0400] "GET /wp-content/themes/hello_dolly_v2.php HTTP/1.1" 404 15219 "www.google.com" "Mozilla/5.0 (Linux; Android 7.0; SM-G892A Build/NRD90M; wv) AppleWebKit/537.36 (KHTML, like Gecko) Version/4.0 Chrome/60.0.3112.107 Mobile Safari/537.36"
66.29.132.124 - - [26/Apr/2025:21:05:18 -0400] "POST /wp-cron.php?doing_wp_cron=1745715918.5814061164855957031250 HTTP/1.1" 200 0 "-" "WordPress/6.8; https://kneespine.com"
66.29.132.124 - - [26/Apr/2025:21:05:19 -0400] "POST /wp-admin/admin-ajax.php?action=async_litespeed&nonce=iURlsFM8UsMsTr0rR6AV0iWYAIpapDlW&litespeed_type=imgoptm HTTP/1.1" 200 21 "-" "WordPress/6.8; https://kneespine.com"
144.91.119.115 - - [26/Apr/2025:21:05:15 -0400] "GET /wp-content/plugins/WordPressCore/include.php HTTP/1.1" 404 15228 "www.google.com" "Mozilla/5.0 (Linux; Android 7.0; SM-G892A Build/NRD90M; wv) AppleWebKit/537.36 (KHTML, like Gecko) Version/4.0 Chrome/60.0.3112.107 Mobile Safari/537.36"
144.91.119.115 - - [26/Apr/2025:21:05:24 -0400] "GET /wp-content/themes/include.php HTTP/1.1" 404 15219 "www.google.com" "Mozilla/5.0 (Linux; Android 7.0; SM-G892A Build/NRD90M; wv) AppleWebKit/537.36 (KHTML, like Gecko) Version/4.0 Chrome/60.0.3112.107 Mobile Safari/537.36"
85.208.96.202 - - [26/Apr/2025:21:10:57 -0400] "GET /wp-includes/SimplePie/src/Net/ HTTP/1.1" 200 787 "-" "Mozilla/5.0 (compatible; SemrushBot/7~bl; +http://www.semrush.com/bot.html)"
85.208.96.205 - - [26/Apr/2025:21:12:04 -0400] "GET /wp-includes/Text/Diff/Renderer/ HTTP/1.1" 200 787 "-" "Mozilla/5.0 (compatible; SemrushBot/7~bl; +http://www.semrush.com/bot.html)"
85.208.96.195 - - [26/Apr/2025:21:13:27 -0400] "GET /wp-includes/css/dist/patterns/ HTTP/1.1" 200 846 "-" "Mozilla/5.0 (compatible; SemrushBot/7~bl; +http://www.semrush.com/bot.html)"
85.208.96.208 - - [26/Apr/2025:21:15:25 -0400] "GET /wp-includes/sodium_compat/lib/ristretto255.php HTTP/1.1" 200 0 "-" "Mozilla/5.0 (compatible; SemrushBot/7~bl; +http://www.semrush.com/bot.html)"
185.191.171.9 - - [26/Apr/2025:21:16:58 -0400] "GET /wp-includes/rest-api/endpoints/class-wp-rest-global-styles-revisions-controller.php HTTP/1.1" 500 0 "-" "Mozilla/5.0 (compatible; SemrushBot/7~bl; +http://www.semrush.com/bot.html)"
85.208.96.212 - - [26/Apr/2025:21:17:14 -0400] "GET /wp-includes/rest-api/endpoints/class-wp-rest-controller.php HTTP/1.1" 200 0 "-" "Mozilla/5.0 (compatible; SemrushBot/7~bl; +http://www.semrush.com/bot.html)"
85.208.96.211 - - [26/Apr/2025:21:18:55 -0400] "GET /wp-includes/css/dist/widgets/ HTTP/1.1" 200 846 "-" "Mozilla/5.0 (compatible; SemrushBot/7~bl; +http://www.semrush.com/bot.html)"
69.171.249.4 - - [26/Apr/2025:21:22:24 -0400] "GET / HTTP/1.1" 200 177599 "-" "facebookexternalhit/1.1 (+http://www.facebook.com/externalhit_uatext.php)"
85.208.96.202 - - [26/Apr/2025:21:35:21 -0400] "GET /robots.txt HTTP/1.1" 200 110 "-" "Mozilla/5.0 (compatible; SemrushBot/7~bl; +http://www.semrush.com/bot.html)"
85.208.96.198 - - [26/Apr/2025:21:35:21 -0400] "GET /wp-includes/Requests/src/Ipv6.php HTTP/1.1" 200 0 "-" "Mozilla/5.0 (compatible; SemrushBot/7~bl; +http://www.semrush.com/bot.html)"
185.191.171.19 - - [26/Apr/2025:21:42:06 -0400] "GET /wp-includes/js/mediaelement/renderers/ HTTP/1.1" 200 809 "-" "Mozilla/5.0 (compatible; SemrushBot/7~bl; +http://www.semrush.com/bot.html)"
54.36.148.84 - - [26/Apr/2025:21:53:42 -0400] "GET /robots.txt HTTP/1.1" 200 95 "-" "Mozilla/5.0 (compatible; AhrefsBot/7.0; +http://ahrefs.com/robot/)"
54.36.148.237 - - [26/Apr/2025:21:53:44 -0400] "GET /wp-includes/class-wp-walker.php HTTP/1.1" 200 0 "-" "Mozilla/5.0 (compatible; AhrefsBot/7.0; +http://ahrefs.com/robot/)"
85.208.96.195 - - [26/Apr/2025:21:57:41 -0400] "GET /wp-includes/sodium_compat/src/SodiumException.php HTTP/1.1" 200 0 "-" "Mozilla/5.0 (compatible; SemrushBot/7~bl; +http://www.semrush.com/bot.html)"
85.208.96.212 - - [26/Apr/2025:22:04:21 -0400] "GET /wp-includes/SimplePie/src/Caption.php HTTP/1.1" 200 0 "-" "Mozilla/5.0 (compatible; SemrushBot/7~bl; +http://www.semrush.com/bot.html)"
85.208.96.202 - - [26/Apr/2025:22:09:58 -0400] "GET /wp-includes/rest-api/endpoints/class-wp-rest-block-patterns-controller.php HTTP/1.1" 500 0 "-" "Mozilla/5.0 (compatible; SemrushBot/7~bl; +http://www.semrush.com/bot.html)"
85.208.96.207 - - [26/Apr/2025:22:10:19 -0400] "GET /wp-includes/sodium_compat/src/Crypto.php HTTP/1.1" 200 0 "-" "Mozilla/5.0 (compatible; SemrushBot/7~bl; +http://www.semrush.com/bot.html)"
185.191.171.1 - - [26/Apr/2025:22:25:07 -0400] "GET /wp-includes/js/tinymce/skins/ HTTP/1.1" 200 802 "-" "Mozilla/5.0 (compatible; SemrushBot/7~bl; +http://www.semrush.com/bot.html)"
103.161.48.166 - - [26/Apr/2025:22:26:29 -0400] "GET / HTTP/1.1" 200 0 "-" "Mozilla/5.0 (Linux; Android 11; en; TECNO KG5k Build/SP1A.210812.016) AppleWebKit/537.36 (KHTML, like Gecko) Chrome/103.0.5060.129 HiBrowser/v2.23.1.4 UWS/ Mobile Safari/537.36"
66.29.132.124 - - [26/Apr/2025:22:26:33 -0400] "POST /wp-cron.php?doing_wp_cron=1745720793.6602330207824707031250 HTTP/1.1" 200 0 "-" "WordPress/6.8; https://kneespine.com"
66.29.132.124 - - [26/Apr/2025:22:26:34 -0400] "POST /wp-admin/admin-ajax.php?action=async_litespeed&nonce=pszj0VyDW0HYTmO0AxEWbwnwqaMqNCCX&litespeed_type=imgoptm HTTP/1.1" 200 0 "-" "WordPress/6.8; https://kneespine.com"
66.29.132.124 - - [26/Apr/2025:22:26:34 -0400] "POST /wp-admin/admin-ajax.php?action=as_async_request_queue_runner&nonce=66e7b95936 HTTP/1.1" 200 0 "-" "WordPress/6.8; https://kneespine.com"
85.208.96.210 - - [26/Apr/2025:22:27:30 -0400] "GET /wp-includes/rest-api/fields/class-wp-rest-user-meta-fields.php HTTP/1.1" 500 0 "-" "Mozilla/5.0 (compatible; SemrushBot/7~bl; +http://www.semrush.com/bot.html)"
59.103.33.77 - - [26/Apr/2025:22:29:38 -0400] "GET / HTTP/1.1" 200 26518 "-" "Mozilla/5.0 (Linux; Android 10; K) AppleWebKit/537.36 (KHTML, like Gecko) Chrome/135.0.0.0 Mobile Safari/537.36"
59.103.33.77 - - [26/Apr/2025:22:29:39 -0400] "GET /wp-content/plugins/header-footer-elementor/assets/css/header-footer-elementor.css?ver=2.3.0 HTTP/1.1" 200 259 "https://kneespine.com/" "Mozilla/5.0 (Linux; Android 10; K) AppleWebKit/537.36 (KHTML, like Gecko) Chrome/135.0.0.0 Mobile Safari/537.36"
59.103.33.77 - - [26/Apr/2025:22:29:39 -0400] "GET /wp-content/plugins/header-footer-elementor/inc/widgets-css/frontend.css?ver=2.3.0 HTTP/1.1" 200 8133 "https://kneespine.com/" "Mozilla/5.0 (Linux; Android 10; K) AppleWebKit/537.36 (KHTML, like Gecko) Chrome/135.0.0.0 Mobile Safari/537.36"
59.103.33.77 - - [26/Apr/2025:22:29:39 -0400] "GET /wp-content/plugins/elementor/assets/css/frontend.min.css?ver=3.28.4 HTTP/1.1" 200 6453 "https://kneespine.com/" "Mozilla/5.0 (Linux; Android 10; K) AppleWebKit/537.36 (KHTML, like Gecko) Chrome/135.0.0.0 Mobile Safari/537.36"
59.103.33.77 - - [26/Apr/2025:22:29:39 -0400] "GET /wp-content/uploads/elementor/css/post-66.css?ver=1744791676 HTTP/1.1" 200 1424 "https://kneespine.com/" "Mozilla/5.0 (Linux; Android 10; K) AppleWebKit/537.36 (KHTML, like Gecko) Chrome/135.0.0.0 Mobile Safari/537.36"
59.103.33.77 - - [26/Apr/2025:22:29:39 -0400] "GET /wp-content/plugins/pro-elements/assets/css/frontend.min.css?ver=3.23.1 HTTP/1.1" 200 43409 "https://kneespine.com/" "Mozilla/5.0 (Linux; Android 10; K) AppleWebKit/537.36 (KHTML, like Gecko) Chrome/135.0.0.0 Mobile Safari/537.36"
59.103.33.77 - - [26/Apr/2025:22:29:39 -0400] "GET /wp-content/plugins/selection-lite/css/sticky-effect.min.css?ver=1.15 HTTP/1.1" 200 0 "https://kneespine.com/" "Mozilla/5.0 (Linux; Android 10; K) AppleWebKit/537.36 (KHTML, like Gecko) Chrome/135.0.0.0 Mobile Safari/537.36"
59.103.33.77 - - [26/Apr/2025:22:29:40 -0400] "GET /wp-content/plugins/elementor/assets/css/widget-image.min.css?ver=3.28.4 HTTP/1.1" 200 254 "https://kneespine.com/" "Mozilla/5.0 (Linux; Android 10; K) AppleWebKit/537.36 (KHTML, like Gecko) Chrome/135.0.0.0 Mobile Safari/537.36"
59.103.33.77 - - [26/Apr/2025:22:29:40 -0400] "GET /wp-content/plugins/elementor/assets/css/widget-heading.min.css?ver=3.28.4 HTTP/1.1" 200 154 "https://kneespine.com/" "Mozilla/5.0 (Linux; Android 10; K) AppleWebKit/537.36 (KHTML, like Gecko) Chrome/135.0.0.0 Mobile Safari/537.36"
59.103.33.77 - - [26/Apr/2025:22:29:40 -0400] "GET /wp-content/plugins/elementor/assets/lib/animations/styles/e-animation-grow.min.css?ver=3.28.4 HTTP/1.1" 200 198 "https://kneespine.com/" "Mozilla/5.0 (Linux; Android 10; K) AppleWebKit/537.36 (KHTML, like Gecko) Chrome/135.0.0.0 Mobile Safari/537.36"
59.103.33.77 - - [26/Apr/2025:22:29:40 -0400] "GET /wp-content/plugins/elementor/assets/lib/animations/styles/fadeIn.min.css?ver=3.28.4 HTTP/1.1" 200 77 "https://kneespine.com/" "Mozilla/5.0 (Linux; Android 10; K) AppleWebKit/537.36 (KHTML, like Gecko) Chrome/135.0.0.0 Mobile Safari/537.36"
59.103.33.77 - - [26/Apr/2025:22:29:40 -0400] "GET /wp-content/plugins/elementor/assets/css/widget-image-box.min.css?ver=3.28.4 HTTP/1.1" 200 291 "https://kneespine.com/" "Mozilla/5.0 (Linux; Android 10; K) AppleWebKit/537.36 (KHTML, like Gecko) Chrome/135.0.0.0 Mobile Safari/537.36"
59.103.33.77 - - [26/Apr/2025:22:29:40 -0400] "GET /wp-content/plugins/elementor/assets/lib/animations/styles/fadeInUp.min.css?ver=3.28.4 HTTP/1.1" 200 130 "https://kneespine.com/" "Mozilla/5.0 (Linux; Android 10; K) AppleWebKit/537.36 (KHTML, like Gecko) Chrome/135.0.0.0 Mobile Safari/537.36"
59.103.33.77 - - [26/Apr/2025:22:29:40 -0400] "GET /wp-content/plugins/elementor/assets/css/widget-counter.min.css?ver=3.28.4 HTTP/1.1" 200 234 "https://kneespine.com/" "Mozilla/5.0 (Linux; Android 10; K) AppleWebKit/537.36 (KHTML, like Gecko) Chrome/135.0.0.0 Mobile Safari/537.36"
59.103.33.77 - - [26/Apr/2025:22:29:41 -0400] "GET /wp-content/plugins/elementor/assets/css/widget-icon-list.min.css?ver=3.28.4 HTTP/1.1" 200 957 "https://kneespine.com/" "Mozilla/5.0 (Linux; Android 10; K) AppleWebKit/537.36 (KHTML, like Gecko) Chrome/135.0.0.0 Mobile Safari/537.36"
59.103.33.77 - - [26/Apr/2025:22:29:41 -0400] "GET /wp-content/plugins/elementor/assets/lib/animations/styles/slideInUp.min.css?ver=3.28.4 HTTP/1.1" 200 146 "https://kneespine.com/" "Mozilla/5.0 (Linux; Android 10; K) AppleWebKit/537.36 (KHTML, like Gecko) Chrome/135.0.0.0 Mobile Safari/537.36"
59.103.33.77 - - [26/Apr/2025:22:29:41 -0400] "GET /wp-content/plugins/elementor/assets/css/widget-google_maps.min.css?ver=3.28.4 HTTP/1.1" 200 117 "https://kneespine.com/" "Mozilla/5.0 (Linux; Android 10; K) AppleWebKit/537.36 (KHTML, like Gecko) Chrome/135.0.0.0 Mobile Safari/537.36"
59.103.33.77 - - [26/Apr/2025:22:29:41 -0400] "GET /wp-content/plugins/elementor/assets/css/widget-icon-box.min.css?ver=3.28.4 HTTP/1.1" 200 656 "https://kneespine.com/" "Mozilla/5.0 (Linux; Android 10; K) AppleWebKit/537.36 (KHTML, like Gecko) Chrome/135.0.0.0 Mobile Safari/537.36"
59.103.33.77 - - [26/Apr/2025:22:29:41 -0400] "GET /wp-content/plugins/elementor/assets/lib/animations/styles/e-animation-float.min.css?ver=3.28.4 HTTP/1.1" 200 244 "https://kneespine.com/" "Mozilla/5.0 (Linux; Android 10; K) AppleWebKit/537.36 (KHTML, like Gecko) Chrome/135.0.0.0 Mobile Safari/537.36"
59.103.33.77 - - [26/Apr/2025:22:29:41 -0400] "GET /wp-content/plugins/elementor/assets/css/widget-accordion.min.css?ver=3.28.4 HTTP/1.1" 200 377 "https://kneespine.com/" "Mozilla/5.0 (Linux; Android 10; K) AppleWebKit/537.36 (KHTML, like Gecko) Chrome/135.0.0.0 Mobile Safari/537.36"
59.103.33.77 - - [26/Apr/2025:22:29:42 -0400] "GET /wp-content/uploads/elementor/css/post-11.css?ver=1744797423 HTTP/1.1" 200 9335 "https://kneespine.com/" "Mozilla/5.0 (Linux; Android 10; K) AppleWebKit/537.36 (KHTML, like Gecko) Chrome/135.0.0.0 Mobile Safari/537.36"
59.103.33.77 - - [26/Apr/2025:22:29:42 -0400] "GET /wp-content/uploads/elementor/css/post-220.css?ver=1744791681 HTTP/1.1" 200 2400 "https://kneespine.com/" "Mozilla/5.0 (Linux; Android 10; K) AppleWebKit/537.36 (KHTML, like Gecko) Chrome/135.0.0.0 Mobile Safari/537.36"
59.103.33.77 - - [26/Apr/2025:22:29:42 -0400] "GET /wp-content/uploads/elementor/css/post-225.css?ver=1744791682 HTTP/1.1" 200 1636 "https://kneespine.com/" "Mozilla/5.0 (Linux; Android 10; K) AppleWebKit/537.36 (KHTML, like Gecko) Chrome/135.0.0.0 Mobile Safari/537.36"
59.103.33.77 - - [26/Apr/2025:22:29:42 -0400] "GET /wp-content/themes/hello-elementor/style.min.css?ver=3.3.0 HTTP/1.1" 200 1591 "https://kneespine.com/" "Mozilla/5.0 (Linux; Android 10; K) AppleWebKit/537.36 (KHTML, like Gecko) Chrome/135.0.0.0 Mobile Safari/537.36"
59.103.33.77 - - [26/Apr/2025:22:29:42 -0400] "GET /wp-content/themes/hello-elementor/theme.min.css?ver=3.3.0 HTTP/1.1" 200 1131 "https://kneespine.com/" "Mozilla/5.0 (Linux; Android 10; K) AppleWebKit/537.36 (KHTML, like Gecko) Chrome/135.0.0.0 Mobile Safari/537.36"
59.103.33.77 - - [26/Apr/2025:22:29:42 -0400] "GET /wp-content/themes/hello-elementor/header-footer.min.css?ver=3.3.0 HTTP/1.1" 200 1292 "https://kneespine.com/" "Mozilla/5.0 (Linux; Android 10; K) AppleWebKit/537.36 (KHTML, like Gecko) Chrome/135.0.0.0 Mobile Safari/537.36"
59.103.33.77 - - [26/Apr/2025:22:29:42 -0400] "GET /wp-content/plugins/elementor/assets/lib/eicons/css/elementor-icons.min.css?ver=5.34.0 HTTP/1.1" 200 3845 "https://kneespine.com/" "Mozilla/5.0 (Linux; Android 10; K) AppleWebKit/537.36 (KHTML, like Gecko) Chrome/135.0.0.0 Mobile Safari/537.36"
59.103.33.77 - - [26/Apr/2025:22:29:42 -0400] "GET /wp-content/plugins/elementor/assets/css/widget-icon-list.min.css?ver=3.24.3 HTTP/1.1" 200 957 "https://kneespine.com/" "Mozilla/5.0 (Linux; Android 10; K) AppleWebKit/537.36 (KHTML, like Gecko) Chrome/135.0.0.0 Mobile Safari/537.36"
59.103.33.77 - - [26/Apr/2025:22:29:42 -0400] "GET /wp-content/plugins/elementor/assets/css/widget-social-icons.min.css?ver=3.24.0 HTTP/1.1" 200 1069 "https://kneespine.com/" "Mozilla/5.0 (Linux; Android 10; K) AppleWebKit/537.36 (KHTML, like Gecko) Chrome/135.0.0.0 Mobile Safari/537.36"
59.103.33.77 - - [26/Apr/2025:22:29:43 -0400] "GET /wp-content/plugins/elementor/assets/lib/font-awesome/css/solid.css?ver=5.15.3 HTTP/1.1" 200 296 "https://kneespine.com/" "Mozilla/5.0 (Linux; Android 10; K) AppleWebKit/537.36 (KHTML, like Gecko) Chrome/135.0.0.0 Mobile Safari/537.36"
59.103.33.77 - - [26/Apr/2025:22:29:43 -0400] "GET /wp-content/plugins/elementor/assets/lib/font-awesome/css/fontawesome.css?ver=5.15.3 HTTP/1.1" 200 12526 "https://kneespine.com/" "Mozilla/5.0 (Linux; Android 10; K) AppleWebKit/537.36 (KHTML, like Gecko) Chrome/135.0.0.0 Mobile Safari/537.36"
59.103.33.77 - - [26/Apr/2025:22:29:43 -0400] "GET /wp-content/plugins/elementor/assets/lib/font-awesome/css/brands.css?ver=5.15.3 HTTP/1.1" 200 296 "https://kneespine.com/" "Mozilla/5.0 (Linux; Android 10; K) AppleWebKit/537.36 (KHTML, like Gecko) Chrome/135.0.0.0 Mobile Safari/537.36"
66.29.132.124 - - [26/Apr/2025:22:29:45 -0400] "POST /wp-cron.php?doing_wp_cron=1745720985.8961930274963378906250 HTTP/1.1" 200 0 "-" "WordPress/6.8; https://kneespine.com"
66.29.132.124 - - [26/Apr/2025:22:29:46 -0400] "POST /wp-cron.php?doing_wp_cron=1745720985.8964979648590087890625 HTTP/1.1" 200 0 "-" "WordPress/6.8; https://kneespine.com"
66.29.132.124 - - [26/Apr/2025:22:29:46 -0400] "POST /wp-admin/admin-ajax.php?action=async_litespeed&nonce=gM3VZQac6r73vWUWC2ZsPnOxtqOc6pp5&litespeed_type=imgoptm HTTP/1.1" 200 21 "-" "WordPress/6.8; https://kneespine.com"
59.103.33.77 - - [26/Apr/2025:22:29:43 -0400] "GET /wp-content/plugins/elementor-pro/assets/css/widget-blockquote.min.css?ver=3.25.0 HTTP/1.1" 404 13123 "https://kneespine.com/" "Mozilla/5.0 (Linux; Android 10; K) AppleWebKit/537.36 (KHTML, like Gecko) Chrome/135.0.0.0 Mobile Safari/537.36"
59.103.33.77 - - [26/Apr/2025:22:29:43 -0400] "GET /wp-content/plugins/elementor-pro/assets/css/widget-mega-menu.min.css?ver=3.26.2 HTTP/1.1" 404 13123 "https://kneespine.com/" "Mozilla/5.0 (Linux; Android 10; K) AppleWebKit/537.36 (KHTML, like Gecko) Chrome/135.0.0.0 Mobile Safari/537.36"
59.103.33.77 - - [26/Apr/2025:22:29:43 -0400] "GET /wp-content/plugins/elementor-pro/assets/css/widget-nav-menu.min.css?ver=3.26.0 HTTP/1.1" 404 13123 "https://kneespine.com/" "Mozilla/5.0 (Linux; Android 10; K) AppleWebKit/537.36 (KHTML, like Gecko) Chrome/135.0.0.0 Mobile Safari/537.36"
59.103.33.77 - - [26/Apr/2025:22:29:49 -0400] "GET /wp-content/plugins/essential-addons-for-elementor-lite/assets/front-end/css/view/general.min.css?ver=6.1.11 HTTP/1.1" 200 1365 "https://kneespine.com/" "Mozilla/5.0 (Linux; Android 10; K) AppleWebKit/537.36 (KHTML, like Gecko) Chrome/135.0.0.0 Mobile Safari/537.36"
59.103.33.77 - - [26/Apr/2025:22:29:50 -0400] "GET /wp-content/uploads/elementor/google-fonts/css/opensans.css?ver=1742289141 HTTP/1.1" 200 1830 "https://kneespine.com/" "Mozilla/5.0 (Linux; Android 10; K) AppleWebKit/537.36 (KHTML, like Gecko) Chrome/135.0.0.0 Mobile Safari/537.36"
59.103.33.77 - - [26/Apr/2025:22:29:51 -0400] "GET /wp-content/uploads/elementor/google-fonts/css/nunitosans.css?ver=1742795905 HTTP/1.1" 200 833 "https://kneespine.com/" "Mozilla/5.0 (Linux; Android 10; K) AppleWebKit/537.36 (KHTML, like Gecko) Chrome/135.0.0.0 Mobile Safari/537.36"
59.103.33.77 - - [26/Apr/2025:22:29:51 -0400] "GET /wp-includes/js/jquery/jquery.min.js?ver=3.7.1 HTTP/1.1" 200 29744 "https://kneespine.com/" "Mozilla/5.0 (Linux; Android 10; K) AppleWebKit/537.36 (KHTML, like Gecko) Chrome/135.0.0.0 Mobile Safari/537.36"
59.103.33.77 - - [26/Apr/2025:22:29:51 -0400] "GET /wp-includes/js/jquery/jquery-migrate.min.js?ver=3.4.1 HTTP/1.1" 200 4678 "https://kneespine.com/" "Mozilla/5.0 (Linux; Android 10; K) AppleWebKit/537.36 (KHTML, like Gecko) Chrome/135.0.0.0 Mobile Safari/537.36"
59.103.33.77 - - [26/Apr/2025:22:29:52 -0400] "GET /wp-content/uploads/2024/07/Untitled_design__53_-removebg-preview.png HTTP/1.1" 200 49731 "https://kneespine.com/" "Mozilla/5.0 (Linux; Android 10; K) AppleWebKit/537.36 (KHTML, like Gecko) Chrome/135.0.0.0 Mobile Safari/537.36"
59.103.33.77 - - [26/Apr/2025:22:29:52 -0400] "GET /wp-content/uploads/elementor/thumbs/Untitled-design-53-qsvhqk8hh6vozl3na2xyh8dr6oaxeag1pbvqh2irkw.png HTTP/1.1" 200 170764 "https://kneespine.com/" "Mozilla/5.0 (Linux; Android 10; K) AppleWebKit/537.36 (KHTML, like Gecko) Chrome/135.0.0.0 Mobile Safari/537.36"
59.103.33.77 - - [26/Apr/2025:22:29:52 -0400] "GET /wp-content/uploads/elementor/thumbs/WhatsApp-Image-2024-08-20-at-14.16.00_8cdd6a52-qsviksp5cu4unsfnxn6byxxzrf0kfwr4lx2r26zqcw.jpg HTTP/1.1" 200 102084 "https://kneespine.com/" "Mozilla/5.0 (Linux; Android 10; K) AppleWebKit/537.36 (KHTML, like Gecko) Chrome/135.0.0.0 Mobile Safari/537.36"
59.103.33.77 - - [26/Apr/2025:22:29:57 -0400] "GET /wp-content/plugins/elementor/assets/lib/flatpickr/flatpickr.min.css?ver=4.6.13 HTTP/1.1" 200 2797 "https://kneespine.com/" "Mozilla/5.0 (Linux; Android 10; K) AppleWebKit/537.36 (KHTML, like Gecko) Chrome/135.0.0.0 Mobile Safari/537.36"
59.103.33.77 - - [26/Apr/2025:22:29:59 -0400] "GET /wp-content/plugins/elementor/assets/css/widget-social-icons.min.css?ver=3.28.4 HTTP/1.1" 200 1069 "https://kneespine.com/" "Mozilla/5.0 (Linux; Android 10; K) AppleWebKit/537.36 (KHTML, like Gecko) Chrome/135.0.0.0 Mobile Safari/537.36"
59.103.33.77 - - [26/Apr/2025:22:29:59 -0400] "GET /wp-content/uploads/elementor/thumbs/WhatsApp-Image-2024-08-20-at-14.16.00_8cdd6a52-qsviksp5cu4mh5hy77pck3lzlvmvxjynkivm90dqqo.jpg HTTP/1.1" 200 98907 "https://kneespine.com/" "Mozilla/5.0 (Linux; Android 10; K) AppleWebKit/537.36 (KHTML, like Gecko) Chrome/135.0.0.0 Mobile Safari/537.36"
59.103.33.77 - - [26/Apr/2025:22:30:00 -0400] "GET /wp-content/plugins/elementor/assets/css/conditionals/apple-webkit.min.css?ver=3.28.4 HTTP/1.1" 200 472 "https://kneespine.com/" "Mozilla/5.0 (Linux; Android 10; K) AppleWebKit/537.36 (KHTML, like Gecko) Chrome/135.0.0.0 Mobile Safari/537.36"
59.103.33.77 - - [26/Apr/2025:22:30:00 -0400] "GET /wp-content/plugins/elementor/assets/css/widget-divider.min.css?ver=3.28.4 HTTP/1.1" 200 707 "https://kneespine.com/" "Mozilla/5.0 (Linux; Android 10; K) AppleWebKit/537.36 (KHTML, like Gecko) Chrome/135.0.0.0 Mobile Safari/537.36"
59.103.33.77 - - [26/Apr/2025:22:30:00 -0400] "GET /wp-content/plugins/elementor/assets/lib/jquery-numerator/jquery-numerator.min.js?ver=0.2.1 HTTP/1.1" 200 677 "https://kneespine.com/" "Mozilla/5.0 (Linux; Android 10; K) AppleWebKit/537.36 (KHTML, like Gecko) Chrome/135.0.0.0 Mobile Safari/537.36"
59.103.33.77 - - [26/Apr/2025:22:30:00 -0400] "GET /wp-includes/js/imagesloaded.min.js?ver=5.0.0 HTTP/1.1" 200 1687 "https://kneespine.com/" "Mozilla/5.0 (Linux; Android 10; K) AppleWebKit/537.36 (KHTML, like Gecko) Chrome/135.0.0.0 Mobile Safari/537.36"
59.103.33.77 - - [26/Apr/2025:22:30:00 -0400] "GET /wp-content/plugins/brave-popup-builder/assets/css/frontend.min.css?ver=6.8 HTTP/1.1" 200 7994 "https://kneespine.com/" "Mozilla/5.0 (Linux; Android 10; K) AppleWebKit/537.36 (KHTML, like Gecko) Chrome/135.0.0.0 Mobile Safari/537.36"
59.103.33.77 - - [26/Apr/2025:22:30:01 -0400] "GET /wp-content/themes/hello-elementor/assets/js/hello-frontend.min.js?ver=3.3.0 HTTP/1.1" 200 548 "https://kneespine.com/" "Mozilla/5.0 (Linux; Android 10; K) AppleWebKit/537.36 (KHTML, like Gecko) Chrome/135.0.0.0 Mobile Safari/537.36"
59.103.33.77 - - [26/Apr/2025:22:30:01 -0400] "GET /wp-content/plugins/essential-addons-for-elementor-lite/assets/front-end/js/view/general.min.js?ver=6.1.11 HTTP/1.1" 200 3883 "https://kneespine.com/" "Mozilla/5.0 (Linux; Android 10; K) AppleWebKit/537.36 (KHTML, like Gecko) Chrome/135.0.0.0 Mobile Safari/537.36"
59.103.33.77 - - [26/Apr/2025:22:30:01 -0400] "GET /wp-content/plugins/pro-elements/assets/lib/smartmenus/jquery.smartmenus.min.js?ver=1.2.1 HTTP/1.1" 200 6867 "https://kneespine.com/" "Mozilla/5.0 (Linux; Android 10; K) AppleWebKit/537.36 (KHTML, like Gecko) Chrome/135.0.0.0 Mobile Safari/537.36"
59.103.33.77 - - [26/Apr/2025:22:30:01 -0400] "GET /wp-content/plugins/elementor/assets/lib/flatpickr/flatpickr.min.js?ver=4.6.13 HTTP/1.1" 200 14078 "https://kneespine.com/" "Mozilla/5.0 (Linux; Android 10; K) AppleWebKit/537.36 (KHTML, like Gecko) Chrome/135.0.0.0 Mobile Safari/537.36"
59.103.33.77 - - [26/Apr/2025:22:30:01 -0400] "GET /wp-content/plugins/pro-elements/assets/js/webpack-pro.runtime.min.js?ver=3.23.1 HTTP/1.1" 200 2549 "https://kneespine.com/" "Mozilla/5.0 (Linux; Android 10; K) AppleWebKit/537.36 (KHTML, like Gecko) Chrome/135.0.0.0 Mobile Safari/537.36"
59.103.33.77 - - [26/Apr/2025:22:30:01 -0400] "GET /wp-content/plugins/brave-popup-builder/assets/frontend/brave.js?ver=6.8 HTTP/1.1" 200 23854 "https://kneespine.com/" "Mozilla/5.0 (Linux; Android 10; K) AppleWebKit/537.36 (KHTML, like Gecko) Chrome/135.0.0.0 Mobile Safari/537.36"
59.103.33.77 - - [26/Apr/2025:22:30:03 -0400] "GET /wp-content/plugins/elementor/assets/js/webpack.runtime.min.js?ver=3.28.4 HTTP/1.1" 200 2228 "https://kneespine.com/" "Mozilla/5.0 (Linux; Android 10; K) AppleWebKit/537.36 (KHTML, like Gecko) Chrome/135.0.0.0 Mobile Safari/537.36"
59.103.33.77 - - [26/Apr/2025:22:30:03 -0400] "GET /wp-content/plugins/elementor/assets/js/frontend-modules.min.js?ver=3.28.4 HTTP/1.1" 200 14421 "https://kneespine.com/" "Mozilla/5.0 (Linux; Android 10; K) AppleWebKit/537.36 (KHTML, like Gecko) Chrome/135.0.0.0 Mobile Safari/537.36"
59.103.33.77 - - [26/Apr/2025:22:30:04 -0400] "GET /wp-includes/js/dist/hooks.min.js?ver=4d63a3d491d11ffd8ac6 HTTP/1.1" 200 1571 "https://kneespine.com/" "Mozilla/5.0 (Linux; Android 10; K) AppleWebKit/537.36 (KHTML, like Gecko) Chrome/135.0.0.0 Mobile Safari/537.36"
59.103.33.77 - - [26/Apr/2025:22:30:04 -0400] "GET /wp-includes/js/dist/i18n.min.js?ver=5e580eb46a90c2b997e6 HTTP/1.1" 200 3542 "https://kneespine.com/" "Mozilla/5.0 (Linux; Android 10; K) AppleWebKit/537.36 (KHTML, like Gecko) Chrome/135.0.0.0 Mobile Safari/537.36"
