OwlCyberSecurity - MANAGER
Edit File: kneespine.com.arsn.media-ssl_log
66.29.132.124 - - [25/Apr/2025:21:35:11 -0400] "POST /wp-cron.php?doing_wp_cron=1745631310.9313349723815917968750 HTTP/1.1" 200 0 "-" "WordPress/6.8; https://kneespine.com"
43.153.54.138 - - [25/Apr/2025:21:34:59 -0400] "GET /feed/ HTTP/1.1" 200 861 "-" "Mozilla/5.0 (iPhone; CPU iPhone OS 13_2_3 like Mac OS X) AppleWebKit/605.1.15 (KHTML, like Gecko) Version/13.0.3 Mobile/15E148 Safari/604.1"
66.29.132.124 - - [25/Apr/2025:21:35:12 -0400] "POST /wp-admin/admin-ajax.php?action=async_litespeed&nonce=vO5HxTITllzWrroTJqRg2yibP3Koqw1N&litespeed_type=imgoptm HTTP/1.1" 200 0 "-" "WordPress/6.8; https://kneespine.com"
66.29.132.124 - - [25/Apr/2025:21:37:48 -0400] "POST /wp-cron.php?doing_wp_cron=1745631468.4793009757995605468750 HTTP/1.1" 200 0 "-" "WordPress/6.8; https://kneespine.com"
199.188.206.50 - - [25/Apr/2025:21:37:43 -0400] "GET /xmlrpc.php HTTP/1.1" 405 60 "http://kneespine.com/xmlrpc.php" "Mozilla/5.0 (X11; Gentoo; Linux x86_64; rv:91.0) Gecko/20100101 Firefox/91.0"
66.29.132.124 - - [25/Apr/2025:21:37:49 -0400] "POST /wp-admin/admin-ajax.php?action=async_litespeed&nonce=eUfMU1MvvXyFziQBpaeEeVNIKZ6agR1H&litespeed_type=imgoptm HTTP/1.1" 200 0 "-" "WordPress/6.8; https://kneespine.com"
66.29.132.124 - - [25/Apr/2025:21:38:44 -0400] "POST /wp-cron.php?doing_wp_cron=1745631524.0530550479888916015625 HTTP/1.1" 200 0 "-" "WordPress/6.8; https://kneespine.com"
66.29.141.204 - - [25/Apr/2025:21:38:43 -0400] "POST /xmlrpc.php HTTP/1.1" 200 186 "https://kneespine.com" "Mozilla/5.0 (Macintosh; Intel Mac OS X 10_15_7; rv:126.0) Gecko/20100101 Firefox/126.0"
66.29.132.124 - - [25/Apr/2025:21:38:44 -0400] "POST /wp-admin/admin-ajax.php?action=async_litespeed&nonce=4TFNNu8Oq6kaUQ2YDx6kJIxjn790p1s1&litespeed_type=imgoptm HTTP/1.1" 200 21 "-" "WordPress/6.8; https://kneespine.com"
54.36.148.160 - - [25/Apr/2025:21:39:33 -0400] "GET /wp-includes/class-wp-user-query.php HTTP/1.1" 200 0 "-" "Mozilla/5.0 (compatible; AhrefsBot/7.0; +http://ahrefs.com/robot/)"
66.29.132.124 - - [25/Apr/2025:21:46:51 -0400] "POST /wp-cron.php?doing_wp_cron=1745632011.1675601005554199218750 HTTP/1.1" 200 0 "-" "WordPress/6.8; https://kneespine.com"
49.51.243.156 - - [25/Apr/2025:21:46:45 -0400] "GET /xmlrpc.php?rsd HTTP/1.1" 200 305 "-" "Mozilla/5.0 (iPhone; CPU iPhone OS 13_2_3 like Mac OS X) AppleWebKit/605.1.15 (KHTML, like Gecko) Version/13.0.3 Mobile/15E148 Safari/604.1"
66.29.132.124 - - [25/Apr/2025:21:46:51 -0400] "POST /wp-admin/admin-ajax.php?action=async_litespeed&nonce=PXmxZVRxx6yCZvHXWSVvO8YUvf9KBOlF&litespeed_type=imgoptm HTTP/1.1" 200 0 "-" "WordPress/6.8; https://kneespine.com"
66.29.132.124 - - [25/Apr/2025:21:46:52 -0400] "POST /wp-admin/admin-ajax.php?action=as_async_request_queue_runner&nonce=4bea106d56 HTTP/1.1" 200 0 "-" "WordPress/6.8; https://kneespine.com"
66.29.132.124 - - [25/Apr/2025:21:53:10 -0400] "POST /wp-cron.php?doing_wp_cron=1745632390.4560570716857910156250 HTTP/1.1" 200 0 "-" "WordPress/6.8; https://kneespine.com"
170.106.72.178 - - [25/Apr/2025:21:53:04 -0400] "GET /?p=148 HTTP/1.1" 301 0 "-" "Mozilla/5.0 (iPhone; CPU iPhone OS 13_2_3 like Mac OS X) AppleWebKit/605.1.15 (KHTML, like Gecko) Version/13.0.3 Mobile/15E148 Safari/604.1"
66.29.132.124 - - [25/Apr/2025:21:53:11 -0400] "POST /wp-admin/admin-ajax.php?action=async_litespeed&nonce=5iZ1kvfr5ULyFseXvjRpWVPcNlCX7DzJ&litespeed_type=imgoptm HTTP/1.1" 200 0 "-" "WordPress/6.8; https://kneespine.com"
170.106.72.178 - - [25/Apr/2025:21:53:16 -0400] "GET /contact-us/ HTTP/1.1" 200 22660 "https://kneespine.com/?p=148" "Mozilla/5.0 (iPhone; CPU iPhone OS 13_2_3 like Mac OS X) AppleWebKit/605.1.15 (KHTML, like Gecko) Version/13.0.3 Mobile/15E148 Safari/604.1"
157.173.113.43 - - [25/Apr/2025:21:54:32 -0400] "GET /wp-login.php HTTP/1.1" 200 2111 "-" "GRequests/0.10"
66.29.132.124 - - [25/Apr/2025:21:54:35 -0400] "POST /wp-cron.php?doing_wp_cron=1745632474.8314309120178222656250 HTTP/1.1" 200 0 "-" "WordPress/6.8; https://kneespine.com"
157.173.113.43 - - [25/Apr/2025:21:54:33 -0400] "POST /wp-login.php HTTP/1.1" 200 2226 "-" "GRequests/0.10"
198.54.114.29 - - [25/Apr/2025:21:56:26 -0400] "POST /xmlrpc.php HTTP/1.1" 200 0 "https://kneespine.com" "Mozilla/5.0 (Macintosh; Intel Mac OS X 14.3) AppleWebKit/614.31.14 (KHTML, like Gecko) Version/17.0.96 Safari/614.31.14"
66.29.132.124 - - [25/Apr/2025:21:56:36 -0400] "POST /wp-cron.php?doing_wp_cron=1745632596.1963710784912109375000 HTTP/1.1" 200 0 "-" "WordPress/6.8; https://kneespine.com"
66.29.132.124 - - [25/Apr/2025:21:56:38 -0400] "POST /wp-admin/admin-ajax.php?action=async_litespeed&nonce=y32rEtjHd5TmNyIc6OsCHsHmLBam2VrW&litespeed_type=imgoptm HTTP/1.1" 200 0 "-" "WordPress/6.8; https://kneespine.com"
66.29.132.124 - - [25/Apr/2025:22:02:34 -0400] "POST /wp-cron.php?doing_wp_cron=1745632953.7382929325103759765625 HTTP/1.1" 200 0 "-" "WordPress/6.8; https://kneespine.com"
198.54.114.126 - - [25/Apr/2025:22:02:26 -0400] "POST /xmlrpc.php HTTP/1.1" 200 0 "https://kneespine.com" "Mozilla/5.0 (Macintosh; Intel Mac OS X 13.3; rv:126.0) Gecko/20100101 Firefox/126.0"
66.29.132.124 - - [25/Apr/2025:22:02:53 -0400] "POST /wp-admin/admin-ajax.php?action=async_litespeed&nonce=wyD9JvHIe7744DNzbPsTHTQMmsQT0M2l&litespeed_type=imgoptm HTTP/1.1" 200 0 "-" "WordPress/6.8; https://kneespine.com"
66.29.132.124 - - [25/Apr/2025:22:02:55 -0400] "POST /wp-admin/admin-ajax.php?action=as_async_request_queue_runner&nonce=4bea106d56 HTTP/1.1" 200 0 "-" "WordPress/6.8; https://kneespine.com"
66.29.132.124 - - [25/Apr/2025:22:02:57 -0400] "POST /wp-cron.php?doing_wp_cron=1745632976.8359050750732421875000 HTTP/1.1" 200 0 "-" "WordPress/6.8; https://kneespine.com"
66.29.132.124 - - [25/Apr/2025:22:02:58 -0400] "POST /wp-admin/admin-ajax.php?action=async_litespeed&nonce=g2n4ZnqoYIwHCLj7B63AJQPPu8lmuqeE&litespeed_type=imgoptm HTTP/1.1" 200 0 "-" "WordPress/6.8; https://kneespine.com"
31.13.103.6 - - [25/Apr/2025:22:19:41 -0400] "GET /wp-content/uploads/elementor/thumbs/Untitled-design-53-qsvhqk8hh6vozl3na2xyh8dr6oaxeag1pbvqh2irkw.png HTTP/1.1" 200 170764 "-" "facebookexternalhit/1.1 (+http://www.facebook.com/externalhit_uatext.php)"
66.29.132.124 - - [25/Apr/2025:22:20:32 -0400] "POST /wp-cron.php?doing_wp_cron=1745634032.8501091003417968750000 HTTP/1.1" 200 0 "-" "WordPress/6.8; https://kneespine.com"
162.213.251.71 - - [25/Apr/2025:22:20:24 -0400] "POST /xmlrpc.php HTTP/1.1" 200 186 "https://kneespine.com" "Mozilla/5.0 (Windows NT 10.0; Win64; x64) AppleWebKit/537.36 (KHTML, like Gecko) Chrome/113.0.5672.126 Safari/537.36 Edg/113.0.1774.50"
66.29.132.124 - - [25/Apr/2025:22:20:41 -0400] "POST /wp-admin/admin-ajax.php?action=async_litespeed&nonce=SgSByOgXo06Q7QbyouhcKhTZf4v7TcKb&litespeed_type=imgoptm HTTP/1.1" 200 0 "-" "WordPress/6.8; https://kneespine.com"
36.111.67.189 - - [25/Apr/2025:22:23:18 -0400] "GET / HTTP/1.1" 200 31782 "http://kneespine.com" "Mozilla/5.0 (iPhone; CPU iPhone OS 13_2_3 like Mac OS X) AppleWebKit/605.1.15 (KHTML, like Gecko) Version/13.0.3 Mobile/15E148 Safari/604.1"
141.0.12.170 - - [25/Apr/2025:22:37:13 -0400] "GET / HTTP/1.1" 200 31782 "-" "Mozilla/5.0 (Linux; U; Android 11; CPH2421 Build/RP1A.200720.011; wv) AppleWebKit/537.36 (KHTML, like Gecko) Version/4.0 Chrome/135.0.7049.111 Mobile Safari/537.36 OPR/90.1.2254.77167"
198.98.62.238 - - [25/Apr/2025:22:41:57 -0400] "GET /wp-login.php HTTP/1.1" 200 5847 "-" "Mozilla/5.0 (Macintosh; Intel Mac OS X 10_9_4) AppleWebKit/537.36 (KHTML, like Gecko) Chrome/35.0.1916.153 Safari/537.36"
66.29.132.124 - - [25/Apr/2025:22:50:15 -0400] "POST /wp-cron.php?doing_wp_cron=1745635815.6976149082183837890625 HTTP/1.1" 200 0 "-" "WordPress/6.8; https://kneespine.com"
198.98.62.238 - - [25/Apr/2025:22:50:06 -0400] "POST /wp-login.php HTTP/1.1" 200 6103 "-" "Mozilla/5.0 (Macintosh; Intel Mac OS X 10_9_4) AppleWebKit/537.36 (KHTML, like Gecko) Chrome/35.0.1916.153 Safari/537.36"
66.29.132.124 - - [25/Apr/2025:22:50:16 -0400] "POST /wp-admin/admin-ajax.php?action=async_litespeed&nonce=Caax4xz7uMlbCN5YBYrBemGgSShfa0HB&litespeed_type=imgoptm HTTP/1.1" 200 0 "-" "WordPress/6.8; https://kneespine.com"
31.13.103.4 - - [25/Apr/2025:22:55:42 -0400] "GET /wp-content/uploads/elementor/thumbs/Untitled-design-53-qsvhqk8hh6vozl3na2xyh8dr6oaxeag1pbvqh2irkw.png HTTP/1.1" 200 170764 "-" "facebookexternalhit/1.1 (+http://www.facebook.com/externalhit_uatext.php)"
66.29.132.124 - - [25/Apr/2025:22:56:06 -0400] "POST /wp-cron.php?doing_wp_cron=1745636166.9460070133209228515625 HTTP/1.1" 200 0 "-" "WordPress/6.8; https://kneespine.com"
198.54.114.29 - - [25/Apr/2025:22:56:03 -0400] "POST /xmlrpc.php HTTP/1.1" 200 186 "https://kneespine.com" "Mozilla/5.0 (Macintosh; Intel Mac OS X 10.15; rv:126.0) Gecko/20100101 Firefox/126.0"
66.29.132.124 - - [25/Apr/2025:22:56:07 -0400] "POST /wp-admin/admin-ajax.php?action=async_litespeed&nonce=zK1TiDmXdpADieSEGnuLhkIM5ieDPtO3&litespeed_type=imgoptm HTTP/1.1" 200 0 "-" "WordPress/6.8; https://kneespine.com"
66.29.132.124 - - [25/Apr/2025:22:56:07 -0400] "POST /wp-admin/admin-ajax.php?action=as_async_request_queue_runner&nonce=4bea106d56 HTTP/1.1" 200 0 "-" "WordPress/6.8; https://kneespine.com"
51.89.136.156 - - [25/Apr/2025:23:00:39 -0400] "GET /favicon.ico HTTP/1.1" 404 1251 "https://www.kneespine.com/" "Mozilla/5.0 (Linux; Android 10; K) AppleWebKit/537.36 (KHTML, like Gecko) Chrome/135.0.0.0 Mobile Safari/537.36"
66.29.132.124 - - [25/Apr/2025:23:14:07 -0400] "POST /wp-cron.php?doing_wp_cron=1745637246.8741021156311035156250 HTTP/1.1" 200 0 "-" "WordPress/6.8; https://kneespine.com"
67.223.118.151 - - [25/Apr/2025:23:14:02 -0400] "POST /xmlrpc.php HTTP/1.1" 200 186 "https://kneespine.com" "Mozilla/5.0 (Macintosh; Intel Mac OS X 13_3) AppleWebKit/537.36 (KHTML, like Gecko) Chrome/126.0.0.0 Safari/537.36 Edg/126.0.0.0"
66.29.132.124 - - [25/Apr/2025:23:14:07 -0400] "POST /wp-admin/admin-ajax.php?action=async_litespeed&nonce=vIxiSiymtagYQxUMKDAA8p1mPPGmfSmb&litespeed_type=imgoptm HTTP/1.1" 200 0 "-" "WordPress/6.8; https://kneespine.com"
66.29.132.124 - - [25/Apr/2025:23:14:08 -0400] "POST /wp-admin/admin-ajax.php?action=as_async_request_queue_runner&nonce=4bea106d56 HTTP/1.1" 200 0 "-" "WordPress/6.8; https://kneespine.com"
34.159.144.92 - - [25/Apr/2025:23:28:31 -0400] "GET /wp-login.php HTTP/1.1" 200 2111 "-" "GRequests/0.10"
66.29.132.124 - - [25/Apr/2025:23:28:43 -0400] "POST /wp-cron.php?doing_wp_cron=1745638123.3794629573822021484375 HTTP/1.1" 200 0 "-" "WordPress/6.8; https://kneespine.com"
34.159.144.92 - - [25/Apr/2025:23:28:32 -0400] "POST /wp-login.php HTTP/1.1" 200 2225 "-" "GRequests/0.10"
66.29.132.124 - - [25/Apr/2025:23:28:44 -0400] "POST /wp-admin/admin-ajax.php?action=async_litespeed&nonce=7J2JUsMJgIAQYiAjOkmmakg0UTdcnXGy&litespeed_type=imgoptm HTTP/1.1" 200 0 "-" "WordPress/6.8; https://kneespine.com"
54.36.148.191 - - [25/Apr/2025:23:51:06 -0400] "GET /wp-includes/default-widgets.php HTTP/1.1" 200 6 "-" "Mozilla/5.0 (compatible; AhrefsBot/7.0; +http://ahrefs.com/robot/)"
162.213.253.31 - - [26/Apr/2025:00:02:16 -0400] "POST /xmlrpc.php HTTP/1.1" 200 0 "https://kneespine.com" "Mozilla/5.0 (Macintosh; Intel Mac OS X 10.15; rv:126.0) Gecko/20100101 Firefox/126.0"
66.29.132.124 - - [26/Apr/2025:00:02:29 -0400] "POST /wp-cron.php?doing_wp_cron=1745640147.8938169479370117187500 HTTP/1.1" 200 0 "-" "WordPress/6.8; https://kneespine.com"
198.54.125.100 - - [26/Apr/2025:00:08:16 -0400] "POST /xmlrpc.php HTTP/1.1" 200 0 "https://kneespine.com" "Mozilla/5.0 (Macintosh; Intel Mac OS X 13.3; rv:126.0) Gecko/20100101 Firefox/126.0"
66.29.132.124 - - [26/Apr/2025:00:08:26 -0400] "POST /wp-cron.php?doing_wp_cron=1745640505.5583839416503906250000 HTTP/1.1" 200 0 "-" "WordPress/6.8; https://kneespine.com"
66.29.132.124 - - [26/Apr/2025:00:08:27 -0400] "POST /wp-admin/admin-ajax.php?action=async_litespeed&nonce=SNbdmqzvxOhCQeGW2NrimjB81fQzrdJW&litespeed_type=imgoptm HTTP/1.1" 200 0 "-" "WordPress/6.8; https://kneespine.com"
199.188.201.172 - - [26/Apr/2025:00:14:24 -0400] "POST /xmlrpc.php HTTP/1.1" 200 0 "https://kneespine.com" "Mozilla/5.0 (Macintosh; Intel Mac OS X 10_15_7; rv:127.0) Gecko/20100101 Firefox/127.0"
66.29.132.124 - - [26/Apr/2025:00:14:31 -0400] "POST /wp-cron.php?doing_wp_cron=1745640871.3282430171966552734375 HTTP/1.1" 200 0 "-" "WordPress/6.8; https://kneespine.com"
66.29.132.124 - - [26/Apr/2025:00:14:46 -0400] "POST /wp-admin/admin-ajax.php?action=async_litespeed&nonce=1BKAGdWaThMEgefrpmkwcr9QvJPNRlip&litespeed_type=imgoptm HTTP/1.1" 200 0 "-" "WordPress/6.8; https://kneespine.com"
197.243.16.120 - - [26/Apr/2025:00:15:38 -0400] "GET /wp-login.php HTTP/1.1" 200 2111 "-" "GRequests/0.10"
66.29.132.124 - - [26/Apr/2025:00:15:42 -0400] "POST /wp-cron.php?doing_wp_cron=1745640941.8850929737091064453125 HTTP/1.1" 200 0 "-" "WordPress/6.8; https://kneespine.com"
197.243.16.120 - - [26/Apr/2025:00:15:40 -0400] "POST /wp-login.php HTTP/1.1" 200 2225 "-" "GRequests/0.10"
66.29.132.124 - - [26/Apr/2025:00:15:43 -0400] "POST /wp-admin/admin-ajax.php?action=async_litespeed&nonce=Or2bjunWhim7gFemxY9Giiz5rD1T1Nnm&litespeed_type=imgoptm HTTP/1.1" 200 0 "-" "WordPress/6.8; https://kneespine.com"
68.65.122.55 - - [26/Apr/2025:00:20:24 -0400] "POST /xmlrpc.php HTTP/1.1" 200 186 "https://kneespine.com" "Mozilla/5.0 (Windows NT 10.0; Win64; x64; rv:129.0) Gecko/20100101 Firefox/129.0"
66.29.137.140 - - [26/Apr/2025:00:26:25 -0400] "POST /xmlrpc.php HTTP/1.1" 200 0 "https://kneespine.com" "Mozilla/5.0 (Windows NT 10.0; Win64; x64; rv:129.0) Gecko/20100101 Firefox/129.0"
66.29.132.124 - - [26/Apr/2025:00:26:36 -0400] "POST /wp-cron.php?doing_wp_cron=1745641595.8530011177062988281250 HTTP/1.1" 200 0 "-" "WordPress/6.8; https://kneespine.com"
66.29.132.124 - - [26/Apr/2025:00:26:39 -0400] "POST /wp-admin/admin-ajax.php?action=async_litespeed&nonce=VTt1IuY9wsUUW2OhSbMKzQoyglxOtGWy&litespeed_type=imgoptm HTTP/1.1" 200 0 "-" "WordPress/6.8; https://kneespine.com"
66.29.132.124 - - [26/Apr/2025:00:32:35 -0400] "POST /wp-cron.php?doing_wp_cron=1745641954.5839149951934814453125 HTTP/1.1" 200 0 "-" "WordPress/6.8; https://kneespine.com"
66.29.141.204 - - [26/Apr/2025:00:32:27 -0400] "POST /xmlrpc.php HTTP/1.1" 200 186 "https://kneespine.com" "Mozilla/5.0 (Macintosh; Intel Mac OS X 14.3) AppleWebKit/614.31.14 (KHTML, like Gecko) Version/17.0.96 Safari/614.31.14"
66.29.132.124 - - [26/Apr/2025:00:32:37 -0400] "POST /wp-admin/admin-ajax.php?action=async_litespeed&nonce=SjoczopgMQzopL0Sl9bk70z4dZ7t3ro5&litespeed_type=imgoptm HTTP/1.1" 200 0 "-" "WordPress/6.8; https://kneespine.com"
173.252.107.6 - - [26/Apr/2025:00:45:26 -0400] "GET /robots.txt HTTP/1.1" 200 114 "-" "facebookexternalhit/1.1 (+http://www.facebook.com/externalhit_uatext.php)"
31.13.115.7 - - [26/Apr/2025:00:45:28 -0400] "GET /robots.txt HTTP/1.1" 200 110 "-" "facebookexternalhit/1.1 (+http://www.facebook.com/externalhit_uatext.php)"
154.80.84.234 - - [26/Apr/2025:00:50:47 -0400] "GET / HTTP/1.1" 200 0 "-" "Mozilla/5.0 (Linux; Android 10; K) AppleWebKit/537.36 (KHTML, like Gecko) Chrome/135.0.0.0 Mobile Safari/537.36"
66.29.132.124 - - [26/Apr/2025:00:51:04 -0400] "POST /wp-cron.php?doing_wp_cron=1745643061.7104289531707763671875 HTTP/1.1" 200 0 "-" "WordPress/6.8; https://kneespine.com"
45.61.188.195 - - [26/Apr/2025:01:03:59 -0400] "GET /wp-login.php HTTP/1.1" 200 5847 "-" "Mozilla/5.0 (X11; Linux x86_64) AppleWebKit/537.36 (KHTML, like Gecko) Chrome/35.0.1916.153 Safari/537.36"
66.29.132.124 - - [26/Apr/2025:01:04:20 -0400] "POST /wp-cron.php?doing_wp_cron=1745643859.8033120632171630859375 HTTP/1.1" 200 0 "-" "WordPress/6.8; https://kneespine.com"
45.61.188.195 - - [26/Apr/2025:01:04:01 -0400] "POST /wp-login.php HTTP/1.1" 200 6103 "-" "Mozilla/5.0 (X11; Linux x86_64) AppleWebKit/537.36 (KHTML, like Gecko) Chrome/35.0.1916.153 Safari/537.36"
66.29.132.124 - - [26/Apr/2025:01:04:34 -0400] "POST /wp-admin/admin-ajax.php?action=async_litespeed&nonce=OKUCujGIAyiZAoEAP88YbzIspuGpOCYW&litespeed_type=imgoptm HTTP/1.1" 200 0 "-" "WordPress/6.8; https://kneespine.com"
66.29.132.124 - - [26/Apr/2025:01:34:58 -0400] "POST /wp-cron.php?doing_wp_cron=1745645696.6292541027069091796875 HTTP/1.1" 200 0 "-" "WordPress/6.8; https://kneespine.com"
223.123.17.13 - - [26/Apr/2025:01:34:43 -0400] "GET / HTTP/1.1" 301 0 "-" "Mozilla/5.0 (Linux; U; Android 11; en-gb; CPH2239 Build/RP1A.200720.011) AppleWebKit/537.36 (KHTML, like Gecko) Chrome/91.0.4472.88 Mobile Safari/537.36 HeyTapBrowser/45.12.3.1"
223.123.17.13 - - [26/Apr/2025:01:35:10 -0400] "GET / HTTP/1.1" 200 26517 "-" "Mozilla/5.0 (Linux; U; Android 11; en-gb; CPH2239 Build/RP1A.200720.011) AppleWebKit/537.36 (KHTML, like Gecko) Chrome/91.0.4472.88 Mobile Safari/537.36 HeyTapBrowser/45.12.3.1"
223.123.17.13 - - [26/Apr/2025:01:35:46 -0400] "GET /wp-content/uploads/elementor/css/post-66.css?ver=1744791676 HTTP/1.1" 200 1424 "https://kneespine.com/" "Mozilla/5.0 (Linux; U; Android 11; en-gb; CPH2239 Build/RP1A.200720.011) AppleWebKit/537.36 (KHTML, like Gecko) Chrome/91.0.4472.88 Mobile Safari/537.36 HeyTapBrowser/45.12.3.1"
223.123.17.13 - - [26/Apr/2025:01:35:47 -0400] "GET /wp-content/plugins/elementor/assets/css/widget-icon-list.min.css?ver=3.24.3 HTTP/1.1" 200 957 "https://kneespine.com/" "Mozilla/5.0 (Linux; U; Android 11; en-gb; CPH2239 Build/RP1A.200720.011) AppleWebKit/537.36 (KHTML, like Gecko) Chrome/91.0.4472.88 Mobile Safari/537.36 HeyTapBrowser/45.12.3.1"
223.123.17.13 - - [26/Apr/2025:01:35:47 -0400] "GET /wp-content/plugins/pro-elements/assets/css/frontend.min.css?ver=3.23.1 HTTP/1.1" 200 43409 "https://kneespine.com/" "Mozilla/5.0 (Linux; U; Android 11; en-gb; CPH2239 Build/RP1A.200720.011) AppleWebKit/537.36 (KHTML, like Gecko) Chrome/91.0.4472.88 Mobile Safari/537.36 HeyTapBrowser/45.12.3.1"
223.123.17.13 - - [26/Apr/2025:01:35:47 -0400] "GET /wp-content/plugins/header-footer-elementor/inc/widgets-css/frontend.css?ver=2.3.0 HTTP/1.1" 200 8133 "https://kneespine.com/" "Mozilla/5.0 (Linux; U; Android 11; en-gb; CPH2239 Build/RP1A.200720.011) AppleWebKit/537.36 (KHTML, like Gecko) Chrome/91.0.4472.88 Mobile Safari/537.36 HeyTapBrowser/45.12.3.1"
223.123.17.13 - - [26/Apr/2025:01:35:47 -0400] "GET /wp-content/plugins/elementor/assets/lib/animations/styles/fadeIn.min.css?ver=3.28.4 HTTP/1.1" 200 77 "https://kneespine.com/" "Mozilla/5.0 (Linux; U; Android 11; en-gb; CPH2239 Build/RP1A.200720.011) AppleWebKit/537.36 (KHTML, like Gecko) Chrome/91.0.4472.88 Mobile Safari/537.36 HeyTapBrowser/45.12.3.1"
223.123.17.13 - - [26/Apr/2025:01:35:47 -0400] "GET /wp-content/plugins/elementor/assets/css/widget-counter.min.css?ver=3.28.4 HTTP/1.1" 200 234 "https://kneespine.com/" "Mozilla/5.0 (Linux; U; Android 11; en-gb; CPH2239 Build/RP1A.200720.011) AppleWebKit/537.36 (KHTML, like Gecko) Chrome/91.0.4472.88 Mobile Safari/537.36 HeyTapBrowser/45.12.3.1"
223.123.17.13 - - [26/Apr/2025:01:35:47 -0400] "GET /wp-content/plugins/elementor/assets/css/widget-heading.min.css?ver=3.28.4 HTTP/1.1" 200 154 "https://kneespine.com/" "Mozilla/5.0 (Linux; U; Android 11; en-gb; CPH2239 Build/RP1A.200720.011) AppleWebKit/537.36 (KHTML, like Gecko) Chrome/91.0.4472.88 Mobile Safari/537.36 HeyTapBrowser/45.12.3.1"
223.123.17.13 - - [26/Apr/2025:01:35:47 -0400] "GET /wp-content/plugins/header-footer-elementor/assets/css/header-footer-elementor.css?ver=2.3.0 HTTP/1.1" 200 259 "https://kneespine.com/" "Mozilla/5.0 (Linux; U; Android 11; en-gb; CPH2239 Build/RP1A.200720.011) AppleWebKit/537.36 (KHTML, like Gecko) Chrome/91.0.4472.88 Mobile Safari/537.36 HeyTapBrowser/45.12.3.1"
223.123.17.13 - - [26/Apr/2025:01:35:47 -0400] "GET /wp-content/plugins/elementor/assets/css/widget-image-box.min.css?ver=3.28.4 HTTP/1.1" 200 291 "https://kneespine.com/" "Mozilla/5.0 (Linux; U; Android 11; en-gb; CPH2239 Build/RP1A.200720.011) AppleWebKit/537.36 (KHTML, like Gecko) Chrome/91.0.4472.88 Mobile Safari/537.36 HeyTapBrowser/45.12.3.1"
223.123.17.13 - - [26/Apr/2025:01:35:47 -0400] "GET /wp-content/plugins/elementor/assets/lib/animations/styles/slideInUp.min.css?ver=3.28.4 HTTP/1.1" 200 146 "https://kneespine.com/" "Mozilla/5.0 (Linux; U; Android 11; en-gb; CPH2239 Build/RP1A.200720.011) AppleWebKit/537.36 (KHTML, like Gecko) Chrome/91.0.4472.88 Mobile Safari/537.36 HeyTapBrowser/45.12.3.1"
223.123.17.13 - - [26/Apr/2025:01:35:47 -0400] "GET /wp-content/plugins/elementor/assets/css/frontend.min.css?ver=3.28.4 HTTP/1.1" 200 6453 "https://kneespine.com/" "Mozilla/5.0 (Linux; U; Android 11; en-gb; CPH2239 Build/RP1A.200720.011) AppleWebKit/537.36 (KHTML, like Gecko) Chrome/91.0.4472.88 Mobile Safari/537.36 HeyTapBrowser/45.12.3.1"
223.123.17.13 - - [26/Apr/2025:01:35:47 -0400] "GET /wp-content/plugins/elementor/assets/css/widget-icon-list.min.css?ver=3.28.4 HTTP/1.1" 200 957 "https://kneespine.com/" "Mozilla/5.0 (Linux; U; Android 11; en-gb; CPH2239 Build/RP1A.200720.011) AppleWebKit/537.36 (KHTML, like Gecko) Chrome/91.0.4472.88 Mobile Safari/537.36 HeyTapBrowser/45.12.3.1"
223.123.17.13 - - [26/Apr/2025:01:35:47 -0400] "GET /wp-content/plugins/elementor/assets/lib/animations/styles/e-animation-grow.min.css?ver=3.28.4 HTTP/1.1" 200 198 "https://kneespine.com/" "Mozilla/5.0 (Linux; U; Android 11; en-gb; CPH2239 Build/RP1A.200720.011) AppleWebKit/537.36 (KHTML, like Gecko) Chrome/91.0.4472.88 Mobile Safari/537.36 HeyTapBrowser/45.12.3.1"
223.123.17.13 - - [26/Apr/2025:01:35:47 -0400] "GET /wp-content/plugins/elementor/assets/css/widget-icon-box.min.css?ver=3.28.4 HTTP/1.1" 200 656 "https://kneespine.com/" "Mozilla/5.0 (Linux; U; Android 11; en-gb; CPH2239 Build/RP1A.200720.011) AppleWebKit/537.36 (KHTML, like Gecko) Chrome/91.0.4472.88 Mobile Safari/537.36 HeyTapBrowser/45.12.3.1"
223.123.17.13 - - [26/Apr/2025:01:35:47 -0400] "GET /wp-content/plugins/elementor/assets/lib/animations/styles/fadeInUp.min.css?ver=3.28.4 HTTP/1.1" 200 130 "https://kneespine.com/" "Mozilla/5.0 (Linux; U; Android 11; en-gb; CPH2239 Build/RP1A.200720.011) AppleWebKit/537.36 (KHTML, like Gecko) Chrome/91.0.4472.88 Mobile Safari/537.36 HeyTapBrowser/45.12.3.1"
223.123.17.13 - - [26/Apr/2025:01:35:47 -0400] "GET /wp-content/plugins/elementor/assets/css/widget-google_maps.min.css?ver=3.28.4 HTTP/1.1" 200 117 "https://kneespine.com/" "Mozilla/5.0 (Linux; U; Android 11; en-gb; CPH2239 Build/RP1A.200720.011) AppleWebKit/537.36 (KHTML, like Gecko) Chrome/91.0.4472.88 Mobile Safari/537.36 HeyTapBrowser/45.12.3.1"
223.123.17.13 - - [26/Apr/2025:01:35:47 -0400] "GET /wp-content/plugins/elementor/assets/lib/animations/styles/e-animation-float.min.css?ver=3.28.4 HTTP/1.1" 200 244 "https://kneespine.com/" "Mozilla/5.0 (Linux; U; Android 11; en-gb; CPH2239 Build/RP1A.200720.011) AppleWebKit/537.36 (KHTML, like Gecko) Chrome/91.0.4472.88 Mobile Safari/537.36 HeyTapBrowser/45.12.3.1"
223.123.17.13 - - [26/Apr/2025:01:35:47 -0400] "GET /wp-content/plugins/elementor/assets/css/widget-accordion.min.css?ver=3.28.4 HTTP/1.1" 200 377 "https://kneespine.com/" "Mozilla/5.0 (Linux; U; Android 11; en-gb; CPH2239 Build/RP1A.200720.011) AppleWebKit/537.36 (KHTML, like Gecko) Chrome/91.0.4472.88 Mobile Safari/537.36 HeyTapBrowser/45.12.3.1"
223.123.17.13 - - [26/Apr/2025:01:35:47 -0400] "GET /wp-content/plugins/elementor/assets/css/widget-image.min.css?ver=3.28.4 HTTP/1.1" 200 254 "https://kneespine.com/" "Mozilla/5.0 (Linux; U; Android 11; en-gb; CPH2239 Build/RP1A.200720.011) AppleWebKit/537.36 (KHTML, like Gecko) Chrome/91.0.4472.88 Mobile Safari/537.36 HeyTapBrowser/45.12.3.1"
223.123.17.13 - - [26/Apr/2025:01:35:47 -0400] "GET /wp-content/uploads/elementor/css/post-220.css?ver=1744791681 HTTP/1.1" 200 2400 "https://kneespine.com/" "Mozilla/5.0 (Linux; U; Android 11; en-gb; CPH2239 Build/RP1A.200720.011) AppleWebKit/537.36 (KHTML, like Gecko) Chrome/91.0.4472.88 Mobile Safari/537.36 HeyTapBrowser/45.12.3.1"
223.123.17.13 - - [26/Apr/2025:01:35:47 -0400] "GET /wp-content/uploads/elementor/css/post-11.css?ver=1744797423 HTTP/1.1" 200 9335 "https://kneespine.com/" "Mozilla/5.0 (Linux; U; Android 11; en-gb; CPH2239 Build/RP1A.200720.011) AppleWebKit/537.36 (KHTML, like Gecko) Chrome/91.0.4472.88 Mobile Safari/537.36 HeyTapBrowser/45.12.3.1"
223.123.17.13 - - [26/Apr/2025:01:35:47 -0400] "GET /wp-content/themes/hello-elementor/theme.min.css?ver=3.3.0 HTTP/1.1" 200 1131 "https://kneespine.com/" "Mozilla/5.0 (Linux; U; Android 11; en-gb; CPH2239 Build/RP1A.200720.011) AppleWebKit/537.36 (KHTML, like Gecko) Chrome/91.0.4472.88 Mobile Safari/537.36 HeyTapBrowser/45.12.3.1"
223.123.17.13 - - [26/Apr/2025:01:35:47 -0400] "GET /wp-content/themes/hello-elementor/style.min.css?ver=3.3.0 HTTP/1.1" 200 1591 "https://kneespine.com/" "Mozilla/5.0 (Linux; U; Android 11; en-gb; CPH2239 Build/RP1A.200720.011) AppleWebKit/537.36 (KHTML, like Gecko) Chrome/91.0.4472.88 Mobile Safari/537.36 HeyTapBrowser/45.12.3.1"
223.123.17.13 - - [26/Apr/2025:01:35:47 -0400] "GET /wp-content/themes/hello-elementor/header-footer.min.css?ver=3.3.0 HTTP/1.1" 200 1292 "https://kneespine.com/" "Mozilla/5.0 (Linux; U; Android 11; en-gb; CPH2239 Build/RP1A.200720.011) AppleWebKit/537.36 (KHTML, like Gecko) Chrome/91.0.4472.88 Mobile Safari/537.36 HeyTapBrowser/45.12.3.1"
223.123.17.13 - - [26/Apr/2025:01:35:47 -0400] "GET /wp-content/uploads/elementor/css/post-225.css?ver=1744791682 HTTP/1.1" 200 1636 "https://kneespine.com/" "Mozilla/5.0 (Linux; U; Android 11; en-gb; CPH2239 Build/RP1A.200720.011) AppleWebKit/537.36 (KHTML, like Gecko) Chrome/91.0.4472.88 Mobile Safari/537.36 HeyTapBrowser/45.12.3.1"
223.123.17.13 - - [26/Apr/2025:01:35:47 -0400] "GET /wp-content/plugins/elementor/assets/lib/eicons/css/elementor-icons.min.css?ver=5.34.0 HTTP/1.1" 200 3845 "https://kneespine.com/" "Mozilla/5.0 (Linux; U; Android 11; en-gb; CPH2239 Build/RP1A.200720.011) AppleWebKit/537.36 (KHTML, like Gecko) Chrome/91.0.4472.88 Mobile Safari/537.36 HeyTapBrowser/45.12.3.1"
223.123.17.13 - - [26/Apr/2025:01:35:47 -0400] "GET /wp-content/plugins/elementor/assets/lib/font-awesome/css/brands.css?ver=5.15.3 HTTP/1.1" 200 296 "https://kneespine.com/" "Mozilla/5.0 (Linux; U; Android 11; en-gb; CPH2239 Build/RP1A.200720.011) AppleWebKit/537.36 (KHTML, like Gecko) Chrome/91.0.4472.88 Mobile Safari/537.36 HeyTapBrowser/45.12.3.1"
223.123.17.13 - - [26/Apr/2025:01:35:47 -0400] "GET /wp-content/plugins/elementor/assets/css/widget-social-icons.min.css?ver=3.24.0 HTTP/1.1" 200 1069 "https://kneespine.com/" "Mozilla/5.0 (Linux; U; Android 11; en-gb; CPH2239 Build/RP1A.200720.011) AppleWebKit/537.36 (KHTML, like Gecko) Chrome/91.0.4472.88 Mobile Safari/537.36 HeyTapBrowser/45.12.3.1"
223.123.17.13 - - [26/Apr/2025:01:35:47 -0400] "GET /wp-content/plugins/elementor/assets/lib/font-awesome/css/solid.css?ver=5.15.3 HTTP/1.1" 200 296 "https://kneespine.com/" "Mozilla/5.0 (Linux; U; Android 11; en-gb; CPH2239 Build/RP1A.200720.011) AppleWebKit/537.36 (KHTML, like Gecko) Chrome/91.0.4472.88 Mobile Safari/537.36 HeyTapBrowser/45.12.3.1"
223.123.17.13 - - [26/Apr/2025:01:35:47 -0400] "GET /wp-content/plugins/elementor/assets/lib/font-awesome/css/fontawesome.css?ver=5.15.3 HTTP/1.1" 200 12526 "https://kneespine.com/" "Mozilla/5.0 (Linux; U; Android 11; en-gb; CPH2239 Build/RP1A.200720.011) AppleWebKit/537.36 (KHTML, like Gecko) Chrome/91.0.4472.88 Mobile Safari/537.36 HeyTapBrowser/45.12.3.1"
223.123.17.13 - - [26/Apr/2025:01:35:47 -0400] "GET /wp-content/uploads/elementor/google-fonts/css/opensans.css?ver=1742289141 HTTP/1.1" 200 1830 "https://kneespine.com/" "Mozilla/5.0 (Linux; U; Android 11; en-gb; CPH2239 Build/RP1A.200720.011) AppleWebKit/537.36 (KHTML, like Gecko) Chrome/91.0.4472.88 Mobile Safari/537.36 HeyTapBrowser/45.12.3.1"
223.123.17.13 - - [26/Apr/2025:01:35:47 -0400] "GET /wp-content/uploads/elementor/google-fonts/css/nunitosans.css?ver=1742795905 HTTP/1.1" 200 833 "https://kneespine.com/" "Mozilla/5.0 (Linux; U; Android 11; en-gb; CPH2239 Build/RP1A.200720.011) AppleWebKit/537.36 (KHTML, like Gecko) Chrome/91.0.4472.88 Mobile Safari/537.36 HeyTapBrowser/45.12.3.1"
223.123.17.13 - - [26/Apr/2025:01:35:47 -0400] "GET /wp-content/plugins/essential-addons-for-elementor-lite/assets/front-end/css/view/general.min.css?ver=6.1.11 HTTP/1.1" 200 1365 "https://kneespine.com/" "Mozilla/5.0 (Linux; U; Android 11; en-gb; CPH2239 Build/RP1A.200720.011) AppleWebKit/537.36 (KHTML, like Gecko) Chrome/91.0.4472.88 Mobile Safari/537.36 HeyTapBrowser/45.12.3.1"
223.123.17.13 - - [26/Apr/2025:01:35:47 -0400] "GET /wp-includes/js/jquery/jquery-migrate.min.js?ver=3.4.1 HTTP/1.1" 200 4678 "https://kneespine.com/" "Mozilla/5.0 (Linux; U; Android 11; en-gb; CPH2239 Build/RP1A.200720.011) AppleWebKit/537.36 (KHTML, like Gecko) Chrome/91.0.4472.88 Mobile Safari/537.36 HeyTapBrowser/45.12.3.1"
223.123.17.13 - - [26/Apr/2025:01:35:47 -0400] "GET /wp-includes/js/jquery/jquery.min.js?ver=3.7.1 HTTP/1.1" 200 29744 "https://kneespine.com/" "Mozilla/5.0 (Linux; U; Android 11; en-gb; CPH2239 Build/RP1A.200720.011) AppleWebKit/537.36 (KHTML, like Gecko) Chrome/91.0.4472.88 Mobile Safari/537.36 HeyTapBrowser/45.12.3.1"
223.123.17.13 - - [26/Apr/2025:01:35:47 -0400] "GET /wp-content/plugins/elementor-pro/assets/css/widget-mega-menu.min.css?ver=3.26.2 HTTP/1.1" 200 0 "https://kneespine.com/" "Mozilla/5.0 (Linux; U; Android 11; en-gb; CPH2239 Build/RP1A.200720.011) AppleWebKit/537.36 (KHTML, like Gecko) Chrome/91.0.4472.88 Mobile Safari/537.36 HeyTapBrowser/45.12.3.1"
223.123.17.13 - - [26/Apr/2025:01:35:47 -0400] "GET /wp-content/plugins/elementor-pro/assets/css/widget-nav-menu.min.css?ver=3.26.0 HTTP/1.1" 200 0 "https://kneespine.com/" "Mozilla/5.0 (Linux; U; Android 11; en-gb; CPH2239 Build/RP1A.200720.011) AppleWebKit/537.36 (KHTML, like Gecko) Chrome/91.0.4472.88 Mobile Safari/537.36 HeyTapBrowser/45.12.3.1"
223.123.17.13 - - [26/Apr/2025:01:35:47 -0400] "GET /wp-content/plugins/elementor-pro/assets/css/widget-blockquote.min.css?ver=3.25.0 HTTP/1.1" 200 0 "https://kneespine.com/" "Mozilla/5.0 (Linux; U; Android 11; en-gb; CPH2239 Build/RP1A.200720.011) AppleWebKit/537.36 (KHTML, like Gecko) Chrome/91.0.4472.88 Mobile Safari/537.36 HeyTapBrowser/45.12.3.1"
57.141.4.10 - - [26/Apr/2025:01:36:00 -0400] "GET /wp-includes/rest-api/?ND HTTP/1.1" 200 3896 "-" "meta-externalagent/1.1 (+https://developers.facebook.com/docs/sharing/webmasters/crawler)"
66.29.132.124 - - [26/Apr/2025:01:49:53 -0400] "POST /wp-cron.php?doing_wp_cron=1745646592.9379100799560546875000 HTTP/1.1" 200 0 "-" "WordPress/6.8; https://kneespine.com"
132.232.165.4 - - [26/Apr/2025:01:49:39 -0400] "GET / HTTP/1.1" 301 0 "http://www.kneespine.com" "Mozilla/5.0 (iPhone; CPU iPhone OS 13_2_3 like Mac OS X) AppleWebKit/605.1.15 (KHTML, like Gecko) Version/13.0.3 Mobile/15E148 Safari/604.1"
66.29.132.124 - - [26/Apr/2025:01:49:55 -0400] "POST /wp-admin/admin-ajax.php?action=async_litespeed&nonce=sd4EL8eqV5jqTB8naXF0BUQD6W756vYV&litespeed_type=imgoptm HTTP/1.1" 200 0 "-" "WordPress/6.8; https://kneespine.com"
132.232.165.4 - - [26/Apr/2025:01:49:59 -0400] "GET / HTTP/1.1" 200 31782 "https://www.kneespine.com/" "Mozilla/5.0 (iPhone; CPU iPhone OS 13_2_3 like Mac OS X) AppleWebKit/605.1.15 (KHTML, like Gecko) Version/13.0.3 Mobile/15E148 Safari/604.1"
37.111.129.243 - - [26/Apr/2025:02:01:49 -0400] "GET /?fbclid=IwY2xjawJ5VgpleHRuA2FlbQIxMQABHokZouQeMcB9_wo4w_my_o1slJ4-axYuY5QJYoC1YNfq8vPgHm0kkJdTr9Hg_aem_vcLjoVvb4efYsA9xt0P5bQ HTTP/1.1" 200 0 "https://lm.facebook.com/" "Mozilla/5.0 (Linux; Android 10; M2006C3MG Build/QP1A.190711.020; wv) AppleWebKit/537.36 (KHTML, like Gecko) Version/4.0 Chrome/135.0.7049.38 Mobile Safari/537.36 [FB_IAB/FB4A;FBAV/508.0.0.74.47;IABMV/1;]"
198.98.52.69 - - [26/Apr/2025:02:02:15 -0400] "GET /wp-login.php HTTP/1.1" 200 5847 "-" "Mozilla/5.0 (Macintosh; Intel Mac OS X 10_9_4) AppleWebKit/537.36 (KHTML, like Gecko) Chrome/36.0.1985.143 Safari/537.36"
198.98.52.69 - - [26/Apr/2025:02:02:27 -0400] "POST /wp-login.php HTTP/1.1" 200 6103 "-" "Mozilla/5.0 (Macintosh; Intel Mac OS X 10_9_4) AppleWebKit/537.36 (KHTML, like Gecko) Chrome/36.0.1985.143 Safari/537.36"
66.29.132.124 - - [26/Apr/2025:02:02:49 -0400] "POST /wp-cron.php?doing_wp_cron=1745647362.2526628971099853515625 HTTP/1.1" 200 0 "-" "WordPress/6.8; https://kneespine.com"
170.106.163.48 - - [26/Apr/2025:02:08:05 -0400] "GET / HTTP/1.1" 301 0 "http://www.kneespine.com" "Mozilla/5.0 (iPhone; CPU iPhone OS 13_2_3 like Mac OS X) AppleWebKit/605.1.15 (KHTML, like Gecko) Version/13.0.3 Mobile/15E148 Safari/604.1"
66.29.132.124 - - [26/Apr/2025:02:08:22 -0400] "POST /wp-cron.php?doing_wp_cron=1745647699.2039000988006591796875 HTTP/1.1" 200 0 "-" "WordPress/6.8; https://kneespine.com"
170.106.163.48 - - [26/Apr/2025:02:08:27 -0400] "GET / HTTP/1.1" 200 31782 "https://www.kneespine.com/" "Mozilla/5.0 (iPhone; CPU iPhone OS 13_2_3 like Mac OS X) AppleWebKit/605.1.15 (KHTML, like Gecko) Version/13.0.3 Mobile/15E148 Safari/604.1"
54.36.148.107 - - [26/Apr/2025:02:12:20 -0400] "GET /wp-includes/bookmark-template.php HTTP/1.1" 200 0 "-" "Mozilla/5.0 (compatible; AhrefsBot/7.0; +http://ahrefs.com/robot/)"
31.13.103.8 - - [26/Apr/2025:02:13:36 -0400] "GET /wp-content/uploads/elementor/thumbs/Untitled-design-53-qsvhqk8hh6vozl3na2xyh8dr6oaxeag1pbvqh2irkw.png HTTP/1.1" 200 170764 "-" "facebookexternalhit/1.1 (+http://www.facebook.com/externalhit_uatext.php)"
103.84.56.127 - - [26/Apr/2025:02:15:55 -0400] "GET /?fbclid=IwY2xjawJ5WWRleHRuA2FlbQIxMQABHtpAolIrPengPOaEwToQA5o6gIYLF2USzj28aY-W23nJzy_NoZP1iOjSliFx_aem_AYaM2IXWwIoAugZ_OZfK5g HTTP/1.1" 200 0 "https://lm.facebook.com/" "Mozilla/5.0 (Linux; Android 15; 23090RA98G Build/AP3A.240905.015.A2; wv) AppleWebKit/537.36 (KHTML, like Gecko) Version/4.0 Chrome/135.0.7049.92 Mobile Safari/537.36 [FB_IAB/FB4A;FBAV/509.0.0.67.28;IABMV/1;]"
66.29.132.124 - - [26/Apr/2025:02:16:13 -0400] "POST /wp-cron.php?doing_wp_cron=1745648170.3549590110778808593750 HTTP/1.1" 200 0 "-" "WordPress/6.8; https://kneespine.com"
103.84.56.127 - - [26/Apr/2025:02:16:17 -0400] "GET /?fbclid=IwY2xjawJ5WXpleHRuA2FlbQIxMQABHtpAolIrPengPOaEwToQA5o6gIYLF2USzj28aY-W23nJzy_NoZP1iOjSliFx_aem_AYaM2IXWwIoAugZ_OZfK5g HTTP/1.1" 200 0 "https://lm.facebook.com/" "Mozilla/5.0 (Linux; Android 15; 23090RA98G Build/AP3A.240905.015.A2; wv) AppleWebKit/537.36 (KHTML, like Gecko) Version/4.0 Chrome/135.0.7049.92 Mobile Safari/537.36 [FB_IAB/FB4A;FBAV/509.0.0.67.28;IABMV/1;] FBNV/5"
66.29.132.124 - - [26/Apr/2025:02:30:52 -0400] "POST /wp-cron.php?doing_wp_cron=1745649052.0450150966644287109375 HTTP/1.1" 200 0 "-" "WordPress/6.8; https://kneespine.com"
39.45.139.137 - - [26/Apr/2025:02:30:44 -0400] "GET / HTTP/1.1" 301 0 "-" "Mozilla/5.0 (Linux; Android 10; K) AppleWebKit/537.36 (KHTML, like Gecko) Chrome/135.0.0.0 Mobile Safari/537.36"
39.45.139.137 - - [26/Apr/2025:02:30:54 -0400] "GET / HTTP/1.1" 200 26517 "-" "Mozilla/5.0 (Linux; Android 10; K) AppleWebKit/537.36 (KHTML, like Gecko) Chrome/135.0.0.0 Mobile Safari/537.36"
39.45.139.137 - - [26/Apr/2025:02:30:55 -0400] "GET /wp-content/plugins/header-footer-elementor/inc/widgets-css/frontend.css?ver=2.3.0 HTTP/1.1" 200 8133 "https://kneespine.com/" "Mozilla/5.0 (Linux; Android 10; K) AppleWebKit/537.36 (KHTML, like Gecko) Chrome/135.0.0.0 Mobile Safari/537.36"
39.45.139.137 - - [26/Apr/2025:02:30:56 -0400] "GET /wp-content/plugins/header-footer-elementor/assets/css/header-footer-elementor.css?ver=2.3.0 HTTP/1.1" 200 259 "https://kneespine.com/" "Mozilla/5.0 (Linux; Android 10; K) AppleWebKit/537.36 (KHTML, like Gecko) Chrome/135.0.0.0 Mobile Safari/537.36"
39.45.139.137 - - [26/Apr/2025:02:30:56 -0400] "GET /wp-content/plugins/selection-lite/css/sticky-effect.min.css?ver=1.15 HTTP/1.1" 200 0 "https://kneespine.com/" "Mozilla/5.0 (Linux; Android 10; K) AppleWebKit/537.36 (KHTML, like Gecko) Chrome/135.0.0.0 Mobile Safari/537.36"
39.45.139.137 - - [26/Apr/2025:02:30:56 -0400] "GET /wp-content/uploads/elementor/css/post-66.css?ver=1744791676 HTTP/1.1" 200 1424 "https://kneespine.com/" "Mozilla/5.0 (Linux; Android 10; K) AppleWebKit/537.36 (KHTML, like Gecko) Chrome/135.0.0.0 Mobile Safari/537.36"
39.45.139.137 - - [26/Apr/2025:02:30:56 -0400] "GET /wp-content/plugins/elementor/assets/css/frontend.min.css?ver=3.28.4 HTTP/1.1" 200 6453 "https://kneespine.com/" "Mozilla/5.0 (Linux; Android 10; K) AppleWebKit/537.36 (KHTML, like Gecko) Chrome/135.0.0.0 Mobile Safari/537.36"
39.45.139.137 - - [26/Apr/2025:02:30:56 -0400] "GET /wp-content/plugins/pro-elements/assets/css/frontend.min.css?ver=3.23.1 HTTP/1.1" 200 43409 "https://kneespine.com/" "Mozilla/5.0 (Linux; Android 10; K) AppleWebKit/537.36 (KHTML, like Gecko) Chrome/135.0.0.0 Mobile Safari/537.36"
39.45.139.137 - - [26/Apr/2025:02:30:56 -0400] "GET /wp-content/plugins/elementor/assets/css/widget-image.min.css?ver=3.28.4 HTTP/1.1" 200 254 "https://kneespine.com/" "Mozilla/5.0 (Linux; Android 10; K) AppleWebKit/537.36 (KHTML, like Gecko) Chrome/135.0.0.0 Mobile Safari/537.36"
39.45.139.137 - - [26/Apr/2025:02:30:56 -0400] "GET /wp-content/plugins/elementor/assets/css/widget-heading.min.css?ver=3.28.4 HTTP/1.1" 200 154 "https://kneespine.com/" "Mozilla/5.0 (Linux; Android 10; K) AppleWebKit/537.36 (KHTML, like Gecko) Chrome/135.0.0.0 Mobile Safari/537.36"
39.45.139.137 - - [26/Apr/2025:02:30:56 -0400] "GET /wp-content/plugins/elementor/assets/lib/animations/styles/fadeIn.min.css?ver=3.28.4 HTTP/1.1" 200 77 "https://kneespine.com/" "Mozilla/5.0 (Linux; Android 10; K) AppleWebKit/537.36 (KHTML, like Gecko) Chrome/135.0.0.0 Mobile Safari/537.36"
39.45.139.137 - - [26/Apr/2025:02:30:56 -0400] "GET /wp-content/plugins/elementor/assets/lib/animations/styles/e-animation-grow.min.css?ver=3.28.4 HTTP/1.1" 200 198 "https://kneespine.com/" "Mozilla/5.0 (Linux; Android 10; K) AppleWebKit/537.36 (KHTML, like Gecko) Chrome/135.0.0.0 Mobile Safari/537.36"
39.45.139.137 - - [26/Apr/2025:02:30:56 -0400] "GET /wp-content/plugins/elementor/assets/css/widget-icon-list.min.css?ver=3.24.3 HTTP/1.1" 200 957 "https://kneespine.com/" "Mozilla/5.0 (Linux; Android 10; K) AppleWebKit/537.36 (KHTML, like Gecko) Chrome/135.0.0.0 Mobile Safari/537.36"
39.45.139.137 - - [26/Apr/2025:02:30:56 -0400] "GET /wp-content/plugins/elementor/assets/css/widget-image-box.min.css?ver=3.28.4 HTTP/1.1" 200 291 "https://kneespine.com/" "Mozilla/5.0 (Linux; Android 10; K) AppleWebKit/537.36 (KHTML, like Gecko) Chrome/135.0.0.0 Mobile Safari/537.36"
39.45.139.137 - - [26/Apr/2025:02:30:56 -0400] "GET /wp-content/plugins/elementor/assets/css/widget-counter.min.css?ver=3.28.4 HTTP/1.1" 200 234 "https://kneespine.com/" "Mozilla/5.0 (Linux; Android 10; K) AppleWebKit/537.36 (KHTML, like Gecko) Chrome/135.0.0.0 Mobile Safari/537.36"
39.45.139.137 - - [26/Apr/2025:02:30:56 -0400] "GET /wp-content/plugins/elementor/assets/lib/animations/styles/fadeInUp.min.css?ver=3.28.4 HTTP/1.1" 200 130 "https://kneespine.com/" "Mozilla/5.0 (Linux; Android 10; K) AppleWebKit/537.36 (KHTML, like Gecko) Chrome/135.0.0.0 Mobile Safari/537.36"
39.45.139.137 - - [26/Apr/2025:02:30:56 -0400] "GET /wp-content/plugins/elementor/assets/lib/animations/styles/slideInUp.min.css?ver=3.28.4 HTTP/1.1" 200 146 "https://kneespine.com/" "Mozilla/5.0 (Linux; Android 10; K) AppleWebKit/537.36 (KHTML, like Gecko) Chrome/135.0.0.0 Mobile Safari/537.36"
39.45.139.137 - - [26/Apr/2025:02:30:56 -0400] "GET /wp-content/plugins/elementor/assets/css/widget-icon-list.min.css?ver=3.28.4 HTTP/1.1" 200 957 "https://kneespine.com/" "Mozilla/5.0 (Linux; Android 10; K) AppleWebKit/537.36 (KHTML, like Gecko) Chrome/135.0.0.0 Mobile Safari/537.36"
39.45.139.137 - - [26/Apr/2025:02:30:56 -0400] "GET /wp-content/plugins/elementor/assets/css/widget-google_maps.min.css?ver=3.28.4 HTTP/1.1" 200 117 "https://kneespine.com/" "Mozilla/5.0 (Linux; Android 10; K) AppleWebKit/537.36 (KHTML, like Gecko) Chrome/135.0.0.0 Mobile Safari/537.36"
39.45.139.137 - - [26/Apr/2025:02:30:56 -0400] "GET /wp-content/plugins/elementor/assets/css/widget-icon-box.min.css?ver=3.28.4 HTTP/1.1" 200 656 "https://kneespine.com/" "Mozilla/5.0 (Linux; Android 10; K) AppleWebKit/537.36 (KHTML, like Gecko) Chrome/135.0.0.0 Mobile Safari/537.36"
39.45.139.137 - - [26/Apr/2025:02:30:56 -0400] "GET /wp-content/plugins/elementor/assets/css/widget-accordion.min.css?ver=3.28.4 HTTP/1.1" 200 377 "https://kneespine.com/" "Mozilla/5.0 (Linux; Android 10; K) AppleWebKit/537.36 (KHTML, like Gecko) Chrome/135.0.0.0 Mobile Safari/537.36"
39.45.139.137 - - [26/Apr/2025:02:30:56 -0400] "GET /wp-content/themes/hello-elementor/style.min.css?ver=3.3.0 HTTP/1.1" 200 1591 "https://kneespine.com/" "Mozilla/5.0 (Linux; Android 10; K) AppleWebKit/537.36 (KHTML, like Gecko) Chrome/135.0.0.0 Mobile Safari/537.36"
39.45.139.137 - - [26/Apr/2025:02:30:56 -0400] "GET /wp-content/themes/hello-elementor/header-footer.min.css?ver=3.3.0 HTTP/1.1" 200 1292 "https://kneespine.com/" "Mozilla/5.0 (Linux; Android 10; K) AppleWebKit/537.36 (KHTML, like Gecko) Chrome/135.0.0.0 Mobile Safari/537.36"
39.45.139.137 - - [26/Apr/2025:02:30:56 -0400] "GET /wp-content/themes/hello-elementor/theme.min.css?ver=3.3.0 HTTP/1.1" 200 1131 "https://kneespine.com/" "Mozilla/5.0 (Linux; Android 10; K) AppleWebKit/537.36 (KHTML, like Gecko) Chrome/135.0.0.0 Mobile Safari/537.36"
39.45.139.137 - - [26/Apr/2025:02:30:56 -0400] "GET /wp-content/uploads/elementor/css/post-225.css?ver=1744791682 HTTP/1.1" 200 1636 "https://kneespine.com/" "Mozilla/5.0 (Linux; Android 10; K) AppleWebKit/537.36 (KHTML, like Gecko) Chrome/135.0.0.0 Mobile Safari/537.36"
39.45.139.137 - - [26/Apr/2025:02:30:56 -0400] "GET /wp-content/plugins/elementor/assets/lib/animations/styles/e-animation-float.min.css?ver=3.28.4 HTTP/1.1" 200 244 "https://kneespine.com/" "Mozilla/5.0 (Linux; Android 10; K) AppleWebKit/537.36 (KHTML, like Gecko) Chrome/135.0.0.0 Mobile Safari/537.36"
39.45.139.137 - - [26/Apr/2025:02:30:56 -0400] "GET /wp-content/uploads/elementor/css/post-220.css?ver=1744791681 HTTP/1.1" 200 2400 "https://kneespine.com/" "Mozilla/5.0 (Linux; Android 10; K) AppleWebKit/537.36 (KHTML, like Gecko) Chrome/135.0.0.0 Mobile Safari/537.36"
39.45.139.137 - - [26/Apr/2025:02:30:56 -0400] "GET /wp-content/plugins/elementor/assets/lib/eicons/css/elementor-icons.min.css?ver=5.34.0 HTTP/1.1" 200 3845 "https://kneespine.com/" "Mozilla/5.0 (Linux; Android 10; K) AppleWebKit/537.36 (KHTML, like Gecko) Chrome/135.0.0.0 Mobile Safari/537.36"
39.45.139.137 - - [26/Apr/2025:02:30:56 -0400] "GET /wp-content/uploads/elementor/css/post-11.css?ver=1744797423 HTTP/1.1" 200 9335 "https://kneespine.com/" "Mozilla/5.0 (Linux; Android 10; K) AppleWebKit/537.36 (KHTML, like Gecko) Chrome/135.0.0.0 Mobile Safari/537.36"
39.45.139.137 - - [26/Apr/2025:02:30:56 -0400] "GET /wp-content/plugins/elementor/assets/css/widget-social-icons.min.css?ver=3.24.0 HTTP/1.1" 200 1069 "https://kneespine.com/" "Mozilla/5.0 (Linux; Android 10; K) AppleWebKit/537.36 (KHTML, like Gecko) Chrome/135.0.0.0 Mobile Safari/537.36"
39.45.139.137 - - [26/Apr/2025:02:30:56 -0400] "GET /wp-content/plugins/elementor/assets/lib/font-awesome/css/brands.css?ver=5.15.3 HTTP/1.1" 200 296 "https://kneespine.com/" "Mozilla/5.0 (Linux; Android 10; K) AppleWebKit/537.36 (KHTML, like Gecko) Chrome/135.0.0.0 Mobile Safari/537.36"
39.45.139.137 - - [26/Apr/2025:02:30:56 -0400] "GET /wp-content/plugins/elementor/assets/lib/font-awesome/css/solid.css?ver=5.15.3 HTTP/1.1" 200 296 "https://kneespine.com/" "Mozilla/5.0 (Linux; Android 10; K) AppleWebKit/537.36 (KHTML, like Gecko) Chrome/135.0.0.0 Mobile Safari/537.36"
39.45.139.137 - - [26/Apr/2025:02:30:56 -0400] "GET /wp-content/plugins/essential-addons-for-elementor-lite/assets/front-end/css/view/general.min.css?ver=6.1.11 HTTP/1.1" 200 1365 "https://kneespine.com/" "Mozilla/5.0 (Linux; Android 10; K) AppleWebKit/537.36 (KHTML, like Gecko) Chrome/135.0.0.0 Mobile Safari/537.36"
39.45.139.137 - - [26/Apr/2025:02:30:56 -0400] "GET /wp-content/uploads/elementor/google-fonts/css/opensans.css?ver=1742289141 HTTP/1.1" 200 1830 "https://kneespine.com/" "Mozilla/5.0 (Linux; Android 10; K) AppleWebKit/537.36 (KHTML, like Gecko) Chrome/135.0.0.0 Mobile Safari/537.36"
39.45.139.137 - - [26/Apr/2025:02:30:56 -0400] "GET /wp-content/plugins/elementor/assets/lib/font-awesome/css/fontawesome.css?ver=5.15.3 HTTP/1.1" 200 12526 "https://kneespine.com/" "Mozilla/5.0 (Linux; Android 10; K) AppleWebKit/537.36 (KHTML, like Gecko) Chrome/135.0.0.0 Mobile Safari/537.36"
39.45.139.137 - - [26/Apr/2025:02:30:56 -0400] "GET /wp-content/uploads/elementor/google-fonts/css/nunitosans.css?ver=1742795905 HTTP/1.1" 200 833 "https://kneespine.com/" "Mozilla/5.0 (Linux; Android 10; K) AppleWebKit/537.36 (KHTML, like Gecko) Chrome/135.0.0.0 Mobile Safari/537.36"
39.45.139.137 - - [26/Apr/2025:02:30:56 -0400] "GET /wp-content/uploads/2024/07/Untitled_design__53_-removebg-preview.png HTTP/1.1" 200 49731 "https://kneespine.com/" "Mozilla/5.0 (Linux; Android 10; K) AppleWebKit/537.36 (KHTML, like Gecko) Chrome/135.0.0.0 Mobile Safari/537.36"
39.45.139.137 - - [26/Apr/2025:02:30:56 -0400] "GET /wp-includes/js/jquery/jquery.min.js?ver=3.7.1 HTTP/1.1" 200 29744 "https://kneespine.com/" "Mozilla/5.0 (Linux; Android 10; K) AppleWebKit/537.36 (KHTML, like Gecko) Chrome/135.0.0.0 Mobile Safari/537.36"
39.45.139.137 - - [26/Apr/2025:02:30:56 -0400] "GET /wp-includes/js/jquery/jquery-migrate.min.js?ver=3.4.1 HTTP/1.1" 200 4678 "https://kneespine.com/" "Mozilla/5.0 (Linux; Android 10; K) AppleWebKit/537.36 (KHTML, like Gecko) Chrome/135.0.0.0 Mobile Safari/537.36"
39.45.139.137 - - [26/Apr/2025:02:30:56 -0400] "GET /wp-content/plugins/elementor-pro/assets/css/widget-nav-menu.min.css?ver=3.26.0 HTTP/1.1" 404 13124 "https://kneespine.com/" "Mozilla/5.0 (Linux; Android 10; K) AppleWebKit/537.36 (KHTML, like Gecko) Chrome/135.0.0.0 Mobile Safari/537.36"
39.45.139.137 - - [26/Apr/2025:02:30:56 -0400] "GET /wp-content/plugins/elementor-pro/assets/css/widget-mega-menu.min.css?ver=3.26.2 HTTP/1.1" 404 13124 "https://kneespine.com/" "Mozilla/5.0 (Linux; Android 10; K) AppleWebKit/537.36 (KHTML, like Gecko) Chrome/135.0.0.0 Mobile Safari/537.36"
39.45.139.137 - - [26/Apr/2025:02:30:56 -0400] "GET /wp-content/plugins/elementor-pro/assets/css/widget-blockquote.min.css?ver=3.25.0 HTTP/1.1" 404 13124 "https://kneespine.com/" "Mozilla/5.0 (Linux; Android 10; K) AppleWebKit/537.36 (KHTML, like Gecko) Chrome/135.0.0.0 Mobile Safari/537.36"
39.45.139.137 - - [26/Apr/2025:02:31:00 -0400] "GET /wp-content/uploads/2024/07/casual-business-woman-portrait-of-a-beautiful-young-business-woman-sitting-at-her-working-place--300x200.jpg HTTP/1.1" 200 13529 "https://kneespine.com/" "Mozilla/5.0 (Linux; Android 10; K) AppleWebKit/537.36 (KHTML, like Gecko) Chrome/135.0.0.0 Mobile Safari/537.36"
39.45.139.137 - - [26/Apr/2025:02:31:00 -0400] "GET /wp-content/uploads/2024/07/portrait-of-serious-male-architect-in-office-stand-FVHYLV4-1-300x200.jpg HTTP/1.1" 200 15624 "https://kneespine.com/" "Mozilla/5.0 (Linux; Android 10; K) AppleWebKit/537.36 (KHTML, like Gecko) Chrome/135.0.0.0 Mobile Safari/537.36"
39.45.139.137 - - [26/Apr/2025:02:31:01 -0400] "GET /wp-content/plugins/elementor/assets/css/widget-social-icons.min.css?ver=3.28.4 HTTP/1.1" 200 1069 "https://kneespine.com/" "Mozilla/5.0 (Linux; Android 10; K) AppleWebKit/537.36 (KHTML, like Gecko) Chrome/135.0.0.0 Mobile Safari/537.36"
39.45.139.137 - - [26/Apr/2025:02:31:01 -0400] "GET /wp-content/uploads/2024/07/friendly-woman-patient-talking-to-psychological-co-QRBVN9Q-1-1-e1624538472451-300x285.jpg HTTP/1.1" 200 14762 "https://kneespine.com/" "Mozilla/5.0 (Linux; Android 10; K) AppleWebKit/537.36 (KHTML, like Gecko) Chrome/135.0.0.0 Mobile Safari/537.36"
39.45.139.137 - - [26/Apr/2025:02:31:01 -0400] "GET /wp-content/plugins/elementor/assets/lib/flatpickr/flatpickr.min.css?ver=4.6.13 HTTP/1.1" 200 2797 "https://kneespine.com/" "Mozilla/5.0 (Linux; Android 10; K) AppleWebKit/537.36 (KHTML, like Gecko) Chrome/135.0.0.0 Mobile Safari/537.36"
39.45.139.137 - - [26/Apr/2025:02:31:01 -0400] "GET /wp-content/plugins/elementor/assets/css/conditionals/apple-webkit.min.css?ver=3.28.4 HTTP/1.1" 200 472 "https://kneespine.com/" "Mozilla/5.0 (Linux; Android 10; K) AppleWebKit/537.36 (KHTML, like Gecko) Chrome/135.0.0.0 Mobile Safari/537.36"
39.45.139.137 - - [26/Apr/2025:02:31:01 -0400] "GET /wp-content/plugins/elementor/assets/css/widget-divider.min.css?ver=3.28.4 HTTP/1.1" 200 707 "https://kneespine.com/" "Mozilla/5.0 (Linux; Android 10; K) AppleWebKit/537.36 (KHTML, like Gecko) Chrome/135.0.0.0 Mobile Safari/537.36"
39.45.139.137 - - [26/Apr/2025:02:31:01 -0400] "GET /wp-content/plugins/brave-popup-builder/assets/css/frontend.min.css?ver=6.8 HTTP/1.1" 200 7994 "https://kneespine.com/" "Mozilla/5.0 (Linux; Android 10; K) AppleWebKit/537.36 (KHTML, like Gecko) Chrome/135.0.0.0 Mobile Safari/537.36"
39.45.139.137 - - [26/Apr/2025:02:31:01 -0400] "GET /wp-content/uploads/elementor/google-fonts/fonts/opensans-memvyags126mizpba-uvwbx2vvnxbbobj2ovts-muw.woff2 HTTP/1.1" 200 48236 "https://kneespine.com/wp-content/uploads/elementor/google-fonts/css/opensans.css?ver=1742289141" "Mozilla/5.0 (Linux; Android 10; K) AppleWebKit/537.36 (KHTML, like Gecko) Chrome/135.0.0.0 Mobile Safari/537.36"
39.45.139.137 - - [26/Apr/2025:02:31:01 -0400] "GET /wp-content/uploads/elementor/google-fonts/fonts/nunitosans-pe0tmimslybiv1o4x1m8ce2xcx3yop4tqpf_metm0lfgwvpnn64cl7u8uphzibmv51q42ptcp7t1r-s.woff2 HTTP/1.1" 200 31052 "https://kneespine.com/wp-content/uploads/elementor/google-fonts/css/nunitosans.css?ver=1742795905" "Mozilla/5.0 (Linux; Android 10; K) AppleWebKit/537.36 (KHTML, like Gecko) Chrome/135.0.0.0 Mobile Safari/537.36"
39.45.139.137 - - [26/Apr/2025:02:31:01 -0400] "GET /wp-content/uploads/elementor/thumbs/WhatsApp-Image-2024-08-20-at-14.16.00_8cdd6a52-qsviksp5cu4unsfnxn6byxxzrf0kfwr4lx2r26zqcw.jpg HTTP/1.1" 200 102084 "https://kneespine.com/" "Mozilla/5.0 (Linux; Android 10; K) AppleWebKit/537.36 (KHTML, like Gecko) Chrome/135.0.0.0 Mobile Safari/537.36"
