103.229.190.59 - - [26/Apr/2025:13:41:27 -0400] "GET /wp-content/uploads/2024/07/cropped-Untitled_design__53_-removebg-preview-192x192.png HTTP/1.1" 200 22222 "https://kneespine.com/" "Mozilla/5.0 (Linux; Android 10; K) AppleWebKit/537.36 (KHTML, like Gecko) Chrome/135.0.0.0 Mobile Safari/537.36"
103.229.190.59 - - [26/Apr/2025:13:41:27 -0400] "GET /wp-content/uploads/2024/07/cropped-Untitled_design__53_-removebg-preview-180x180.png HTTP/1.1" 200 20055 "https://kneespine.com/" "Mozilla/5.0 (Linux; Android 10; K) AppleWebKit/537.36 (KHTML, like Gecko) Chrome/135.0.0.0 Mobile Safari/537.36"
103.229.190.59 - - [26/Apr/2025:13:41:42 -0400] "GET /wp-content/uploads/2024/08/5-removebg-preview-1.png HTTP/1.1" 200 9205 "https://kneespine.com/" "Mozilla/5.0 (Linux; Android 10; K) AppleWebKit/537.36 (KHTML, like Gecko) Chrome/135.0.0.0 Mobile Safari/537.36"
103.229.190.59 - - [26/Apr/2025:13:41:42 -0400] "GET /wp-content/uploads/2024/08/2-removebg-preview-2.png HTTP/1.1" 200 5351 "https://kneespine.com/" "Mozilla/5.0 (Linux; Android 10; K) AppleWebKit/537.36 (KHTML, like Gecko) Chrome/135.0.0.0 Mobile Safari/537.36"
57.141.4.1 - - [26/Apr/2025:13:41:50 -0400] "GET /wp-includes/sitemaps/?SD HTTP/1.1" 200 4127 "-" "meta-externalagent/1.1 (+https://developers.facebook.com/docs/sharing/webmasters/crawler)"
185.191.171.14 - - [26/Apr/2025:13:44:21 -0400] "GET /wp-includes/rest-api/endpoints/class-wp-rest-font-families-controller.php HTTP/1.1" 500 0 "-" "Mozilla/5.0 (compatible; SemrushBot/7~bl; +http://www.semrush.com/bot.html)"
185.191.171.14 - - [26/Apr/2025:13:45:49 -0400] "GET /robots.txt HTTP/1.1" 200 110 "-" "Mozilla/5.0 (compatible; SemrushBot/7~bl; +http://www.semrush.com/bot.html)"
185.191.171.11 - - [26/Apr/2025:13:45:51 -0400] "GET /our-services/ HTTP/1.1" 200 18169 "-" "Mozilla/5.0 (compatible; SemrushBot/7~bl; +http://www.semrush.com/bot.html)"
54.36.149.51 - - [26/Apr/2025:13:52:02 -0400] "GET /wp-includes/class-wp-http-ixr-client.php HTTP/1.1" 500 0 "-" "Mozilla/5.0 (compatible; AhrefsBot/7.0; +http://ahrefs.com/robot/)"
104.219.248.8 - - [26/Apr/2025:13:55:00 -0400] "POST /wp-login.php HTTP/1.1" 200 0 "https://kneespine.com" "Mozilla/5.0 (Windows NT 10.0; Win64; x64) AppleWebKit/537.36 (KHTML, like Gecko) Chrome/112.0.5615.138 Safari/537.36"
66.29.132.124 - - [26/Apr/2025:13:55:19 -0400] "POST /wp-cron.php?doing_wp_cron=1745690118.5374500751495361328125 HTTP/1.1" 200 0 "-" "WordPress/6.8; https://kneespine.com"
66.29.132.124 - - [26/Apr/2025:13:55:31 -0400] "POST /wp-admin/admin-ajax.php?action=async_litespeed&nonce=j7bRMhxBvgkQZ04GRC9acnVB1tAajh3Y&litespeed_type=imgoptm HTTP/1.1" 200 0 "-" "WordPress/6.8; https://kneespine.com"
66.29.132.124 - - [26/Apr/2025:13:55:33 -0400] "POST /wp-admin/admin-ajax.php?action=as_async_request_queue_runner&nonce=3f8523bb47 HTTP/1.1" 200 0 "-" "WordPress/6.8; https://kneespine.com"
66.29.132.124 - - [26/Apr/2025:13:55:35 -0400] "POST /wp-cron.php?doing_wp_cron=1745690134.9133510589599609375000 HTTP/1.1" 200 0 "-" "WordPress/6.8; https://kneespine.com"
85.208.96.207 - - [26/Apr/2025:13:55:51 -0400] "GET /wp-includes/Requests/src/Autoload.php HTTP/1.1" 200 0 "-" "Mozilla/5.0 (compatible; SemrushBot/7~bl; +http://www.semrush.com/bot.html)"
85.208.96.203 - - [26/Apr/2025:13:56:45 -0400] "GET /wp-includes/rest-api/fields/class-wp-rest-meta-fields.php HTTP/1.1" 200 0 "-" "Mozilla/5.0 (compatible; SemrushBot/7~bl; +http://www.semrush.com/bot.html)"
85.208.96.202 - - [26/Apr/2025:13:59:11 -0400] "GET /wp-includes/SimplePie/src/Parse/ HTTP/1.1" 200 787 "-" "Mozilla/5.0 (compatible; SemrushBot/7~bl; +http://www.semrush.com/bot.html)"
85.208.96.203 - - [26/Apr/2025:14:02:08 -0400] "GET /wp-includes/SimplePie/src/Category.php HTTP/1.1" 200 0 "-" "Mozilla/5.0 (compatible; SemrushBot/7~bl; +http://www.semrush.com/bot.html)"
85.208.96.204 - - [26/Apr/2025:14:04:39 -0400] "GET /wp-includes/SimplePie/src/Cache.php HTTP/1.1" 200 0 "-" "Mozilla/5.0 (compatible; SemrushBot/7~bl; +http://www.semrush.com/bot.html)"
185.191.171.18 - - [26/Apr/2025:14:08:02 -0400] "GET /wp-includes/rest-api/endpoints/class-wp-rest-widgets-controller.php HTTP/1.1" 500 0 "-" "Mozilla/5.0 (compatible; SemrushBot/7~bl; +http://www.semrush.com/bot.html)"
185.191.171.5 - - [26/Apr/2025:14:08:09 -0400] "GET /wp-includes/rest-api/endpoints/class-wp-rest-navigation-fallback-controller.php HTTP/1.1" 500 0 "-" "Mozilla/5.0 (compatible; SemrushBot/7~bl; +http://www.semrush.com/bot.html)"
85.208.96.194 - - [26/Apr/2025:14:16:27 -0400] "GET /wp-includes/rest-api/endpoints/class-wp-rest-global-styles-controller.php HTTP/1.1" 500 0 "-" "Mozilla/5.0 (compatible; SemrushBot/7~bl; +http://www.semrush.com/bot.html)"
85.208.96.207 - - [26/Apr/2025:14:16:33 -0400] "GET /wp-includes/rest-api/endpoints/class-wp-rest-block-types-controller.php HTTP/1.1" 500 0 "-" "Mozilla/5.0 (compatible; SemrushBot/7~bl; +http://www.semrush.com/bot.html)"
69.171.231.113 - - [26/Apr/2025:14:18:49 -0400] "GET /robots.txt HTTP/1.1" 301 0 "-" "facebookexternalhit/1.1 (+http://www.facebook.com/externalhit_uatext.php)"
69.171.231.113 - - [26/Apr/2025:14:18:50 -0400] "GET /robots.txt HTTP/1.1" 200 114 "-" "facebookexternalhit/1.1 (+http://www.facebook.com/externalhit_uatext.php)"
199.188.201.234 - - [26/Apr/2025:14:25:12 -0400] "POST /wp-login.php HTTP/1.1" 200 0 "https://kneespine.com" "Mozilla/5.0 (Windows NT 10.0; Win64; x64; rv:128.0) Gecko/20100101 Firefox/128.0"
66.29.132.124 - - [26/Apr/2025:14:25:30 -0400] "POST /wp-cron.php?doing_wp_cron=1745691928.1061830520629882812500 HTTP/1.1" 200 0 "-" "WordPress/6.8; https://kneespine.com"
54.36.148.119 - - [26/Apr/2025:14:26:31 -0400] "GET /wp-includes/class-wp-customize-section.php HTTP/1.1" 500 0 "-" "Mozilla/5.0 (compatible; AhrefsBot/7.0; +http://ahrefs.com/robot/)"
85.208.96.198 - - [26/Apr/2025:14:33:45 -0400] "GET /wp-includes/css/dist/edit-site/ HTTP/1.1" 200 1280 "-" "Mozilla/5.0 (compatible; SemrushBot/7~bl; +http://www.semrush.com/bot.html)"
69.57.162.2 - - [26/Apr/2025:14:40:20 -0400] "POST /wp-login.php HTTP/1.1" 200 0 "https://kneespine.com" "Mozilla/5.0 (Windows NT 11.0; Win64; x64) AppleWebKit/537.36 (KHTML, like Gecko) Chrome/126.0.0.0 Safari/537.36 Edg/126.0.0.0"
66.29.132.124 - - [26/Apr/2025:14:40:33 -0400] "POST /wp-cron.php?doing_wp_cron=1745692832.8136799335479736328125 HTTP/1.1" 200 0 "-" "WordPress/6.8; https://kneespine.com"
66.29.132.124 - - [26/Apr/2025:14:40:34 -0400] "POST /wp-admin/admin-ajax.php?action=async_litespeed&nonce=VmHFEwguzRQWvnuTi5ZJBM54WmuVyo4q&litespeed_type=imgoptm HTTP/1.1" 200 0 "-" "WordPress/6.8; https://kneespine.com"
85.208.96.202 - - [26/Apr/2025:14:43:05 -0400] "GET /wp-includes/css/dist/block-library/ HTTP/1.1" 200 1906 "-" "Mozilla/5.0 (compatible; SemrushBot/7~bl; +http://www.semrush.com/bot.html)"
45.61.185.91 - - [26/Apr/2025:14:45:24 -0400] "GET /wp-login.php HTTP/1.1" 200 5847 "-" "Mozilla/5.0 (Windows NT 6.1; WOW64; rv:29.0) Gecko/20100101 Firefox/29.0"
66.29.132.124 - - [26/Apr/2025:14:45:46 -0400] "POST /wp-cron.php?doing_wp_cron=1745693146.1302208900451660156250 HTTP/1.1" 200 0 "-" "WordPress/6.8; https://kneespine.com"
45.61.185.91 - - [26/Apr/2025:14:45:36 -0400] "POST /wp-login.php HTTP/1.1" 200 6103 "-" "Mozilla/5.0 (Windows NT 6.1; WOW64; rv:29.0) Gecko/20100101 Firefox/29.0"
66.29.132.124 - - [26/Apr/2025:14:46:00 -0400] "POST /wp-admin/admin-ajax.php?action=async_litespeed&nonce=IA80dnWpC2Zg4a8JX4kyfyJID776DN9h&litespeed_type=imgoptm HTTP/1.1" 200 0 "-" "WordPress/6.8; https://kneespine.com"
66.29.132.124 - - [26/Apr/2025:14:46:03 -0400] "POST /wp-admin/admin-ajax.php?action=as_async_request_queue_runner&nonce=3f8523bb47 HTTP/1.1" 200 0 "-" "WordPress/6.8; https://kneespine.com"
85.208.96.206 - - [26/Apr/2025:14:46:36 -0400] "GET /robots.txt HTTP/1.1" 200 110 "-" "Mozilla/5.0 (compatible; SemrushBot/7~bl; +http://www.semrush.com/bot.html)"
185.191.171.11 - - [26/Apr/2025:14:46:39 -0400] "GET /wp-includes/SimplePie/src/Credit.php HTTP/1.1" 200 0 "-" "Mozilla/5.0 (compatible; SemrushBot/7~bl; +http://www.semrush.com/bot.html)"
66.29.132.124 - - [26/Apr/2025:14:47:53 -0400] "POST /wp-cron.php?doing_wp_cron=1745693273.4367370605468750000000 HTTP/1.1" 200 0 "-" "WordPress/6.8; https://kneespine.com"
68.65.121.149 - - [26/Apr/2025:14:47:52 -0400] "POST /wp-login.php HTTP/1.1" 200 2213 "https://kneespine.com" "Mozilla/5.0 (Windows NT 10.0; Win64; x64; rv:125.0.1) Gecko/20100101 Firefox/125.0.1"
66.29.132.124 - - [26/Apr/2025:14:47:54 -0400] "POST /wp-admin/admin-ajax.php?action=async_litespeed&nonce=s8kywGdSXjjbUEEpBv2FlJy9EqcOwD23&litespeed_type=imgoptm HTTP/1.1" 200 21 "-" "WordPress/6.8; https://kneespine.com"
4.227.36.97 - - [26/Apr/2025:14:55:13 -0400] "GET /robots.txt HTTP/1.1" 200 95 "-" "Mozilla/5.0 AppleWebKit/537.36 (KHTML, like Gecko; compatible; GPTBot/1.2; +https://openai.com/gptbot)"
20.171.207.161 - - [26/Apr/2025:14:55:14 -0400] "GET / HTTP/1.1" 200 26518 "-" "Mozilla/5.0 AppleWebKit/537.36 (KHTML, like Gecko; compatible; GPTBot/1.2; +https://openai.com/gptbot)"
66.29.132.124 - - [26/Apr/2025:14:55:32 -0400] "POST /wp-cron.php?doing_wp_cron=1745693731.9360918998718261718750 HTTP/1.1" 200 0 "-" "WordPress/6.8; https://kneespine.com"
20.171.207.161 - - [26/Apr/2025:14:55:19 -0400] "GET /xmlrpc.php HTTP/1.1" 405 46 "-" "Mozilla/5.0 AppleWebKit/537.36 (KHTML, like Gecko; compatible; GPTBot/1.2; +https://openai.com/gptbot)"
20.171.207.161 - - [26/Apr/2025:14:55:34 -0400] "GET /appointment/ HTTP/1.1" 200 17818 "-" "Mozilla/5.0 AppleWebKit/537.36 (KHTML, like Gecko; compatible; GPTBot/1.2; +https://openai.com/gptbot)"
20.171.207.161 - - [26/Apr/2025:14:55:43 -0400] "GET /xmlrpc.php HTTP/1.1" 405 46 "-" "Mozilla/5.0 AppleWebKit/537.36 (KHTML, like Gecko; compatible; GPTBot/1.2; +https://openai.com/gptbot)"
66.29.132.124 - - [26/Apr/2025:14:55:49 -0400] "POST /wp-admin/admin-ajax.php?action=async_litespeed&nonce=d1nrRbL2Ncomqj7I1x8w3yUmBexu4vfD&litespeed_type=imgoptm HTTP/1.1" 200 0 "-" "WordPress/6.8; https://kneespine.com"
20.171.207.161 - - [26/Apr/2025:14:55:53 -0400] "GET /wp-content/uploads/elementor/css/post-289.css?ver=1744864272 HTTP/1.1" 200 3371 "-" "Mozilla/5.0 AppleWebKit/537.36 (KHTML, like Gecko; compatible; GPTBot/1.2; +https://openai.com/gptbot)"
66.29.132.124 - - [26/Apr/2025:14:56:04 -0400] "POST /wp-cron.php?doing_wp_cron=1745693763.6079919338226318359375 HTTP/1.1" 200 0 "-" "WordPress/6.8; https://kneespine.com"
20.171.207.161 - - [26/Apr/2025:14:56:02 -0400] "GET /wp-json/wp/v2/pages/289 HTTP/1.1" 200 30766 "-" "Mozilla/5.0 AppleWebKit/537.36 (KHTML, like Gecko; compatible; GPTBot/1.2; +https://openai.com/gptbot)"
66.29.132.124 - - [26/Apr/2025:14:56:05 -0400] "POST /wp-admin/admin-ajax.php?action=async_litespeed&nonce=3O44fHy9RaUgydKQYZJi1MaEaHloIbDT&litespeed_type=imgoptm HTTP/1.1" 200 0 "-" "WordPress/6.8; https://kneespine.com"
66.29.132.124 - - [26/Apr/2025:14:56:07 -0400] "POST /wp-admin/admin-ajax.php?action=as_async_request_queue_runner&nonce=3f8523bb47 HTTP/1.1" 200 0 "-" "WordPress/6.8; https://kneespine.com"
66.29.132.124 - - [26/Apr/2025:14:56:08 -0400] "POST /wp-cron.php?doing_wp_cron=1745693768.2940280437469482421875 HTTP/1.1" 200 0 "-" "WordPress/6.8; https://kneespine.com"
20.171.207.161 - - [26/Apr/2025:14:56:11 -0400] "GET /?p=289 HTTP/1.1" 301 0 "-" "Mozilla/5.0 AppleWebKit/537.36 (KHTML, like Gecko; compatible; GPTBot/1.2; +https://openai.com/gptbot)"
20.171.207.161 - - [26/Apr/2025:14:56:20 -0400] "GET /wp-json/oembed/1.0/embed?format=xml&url=https%3A%2F%2Fkneespine.com%2Fappointment%2F HTTP/1.1" 200 1032 "-" "Mozilla/5.0 AppleWebKit/537.36 (KHTML, like Gecko; compatible; GPTBot/1.2; +https://openai.com/gptbot)"
20.171.207.161 - - [26/Apr/2025:14:56:28 -0400] "GET /wp-content/uploads/2024/07/bg_first-screen.png HTTP/1.1" 200 20114 "-" "Mozilla/5.0 AppleWebKit/537.36 (KHTML, like Gecko; compatible; GPTBot/1.2; +https://openai.com/gptbot)"
20.171.207.161 - - [26/Apr/2025:14:56:35 -0400] "GET /wp-content/uploads/2024/07/404_bg.png HTTP/1.1" 200 25573 "-" "Mozilla/5.0 AppleWebKit/537.36 (KHTML, like Gecko; compatible; GPTBot/1.2; +https://openai.com/gptbot)"
20.171.207.161 - - [26/Apr/2025:14:56:40 -0400] "GET /wp-content/uploads/2024/07/bg-copy-2-5.png HTTP/1.1" 200 9730 "-" "Mozilla/5.0 AppleWebKit/537.36 (KHTML, like Gecko; compatible; GPTBot/1.2; +https://openai.com/gptbot)"
20.171.207.161 - - [26/Apr/2025:14:56:44 -0400] "GET /appointment/embed/ HTTP/1.1" 200 17882 "-" "Mozilla/5.0 AppleWebKit/537.36 (KHTML, like Gecko; compatible; GPTBot/1.2; +https://openai.com/gptbot)"
20.171.207.161 - - [26/Apr/2025:14:56:50 -0400] "GET /xmlrpc.php HTTP/1.1" 405 46 "-" "Mozilla/5.0 AppleWebKit/537.36 (KHTML, like Gecko; compatible; GPTBot/1.2; +https://openai.com/gptbot)"
66.29.132.124 - - [26/Apr/2025:15:00:05 -0400] "POST /wp-cron.php?doing_wp_cron=1745694004.8839099407196044921875 HTTP/1.1" 200 0 "-" "WordPress/6.8; https://kneespine.com"
37.111.151.54 - - [26/Apr/2025:14:59:56 -0400] "GET / HTTP/1.1" 301 0 "-" "Mozilla/5.0 (Linux; Android 12; V2027) AppleWebKit/537.36 (KHTML, like Gecko) Version/4.0 Chrome/123.0.6312.118 Mobile Safari/537.36 VivoBrowser/13.9.0.2"
66.29.132.124 - - [26/Apr/2025:15:00:07 -0400] "POST /wp-admin/admin-ajax.php?action=async_litespeed&nonce=1OoLSUjKocvm3iyWAlwiwnWEDEYJKBhX&litespeed_type=imgoptm HTTP/1.1" 200 0 "-" "WordPress/6.8; https://kneespine.com"
37.111.151.54 - - [26/Apr/2025:15:00:08 -0400] "GET / HTTP/1.1" 200 26518 "-" "Mozilla/5.0 (Linux; Android 12; V2027) AppleWebKit/537.36 (KHTML, like Gecko) Version/4.0 Chrome/123.0.6312.118 Mobile Safari/537.36 VivoBrowser/13.9.0.2"
37.111.151.54 - - [26/Apr/2025:15:00:13 -0400] "GET /wp-content/plugins/header-footer-elementor/assets/css/header-footer-elementor.css?ver=2.3.0 HTTP/1.1" 200 259 "https://kneespine.com/" "Mozilla/5.0 (Linux; Android 12; V2027) AppleWebKit/537.36 (KHTML, like Gecko) Version/4.0 Chrome/123.0.6312.118 Mobile Safari/537.36 VivoBrowser/13.9.0.2"
37.111.151.54 - - [26/Apr/2025:15:00:13 -0400] "GET /wp-content/uploads/elementor/css/post-66.css?ver=1744791676 HTTP/1.1" 200 1424 "https://kneespine.com/" "Mozilla/5.0 (Linux; Android 12; V2027) AppleWebKit/537.36 (KHTML, like Gecko) Version/4.0 Chrome/123.0.6312.118 Mobile Safari/537.36 VivoBrowser/13.9.0.2"
37.111.151.54 - - [26/Apr/2025:15:00:13 -0400] "GET /wp-content/plugins/elementor/assets/css/widget-heading.min.css?ver=3.28.4 HTTP/1.1" 200 154 "https://kneespine.com/" "Mozilla/5.0 (Linux; Android 12; V2027) AppleWebKit/537.36 (KHTML, like Gecko) Version/4.0 Chrome/123.0.6312.118 Mobile Safari/537.36 VivoBrowser/13.9.0.2"
37.111.151.54 - - [26/Apr/2025:15:00:13 -0400] "GET /wp-content/plugins/elementor/assets/css/widget-image.min.css?ver=3.28.4 HTTP/1.1" 200 254 "https://kneespine.com/" "Mozilla/5.0 (Linux; Android 12; V2027) AppleWebKit/537.36 (KHTML, like Gecko) Version/4.0 Chrome/123.0.6312.118 Mobile Safari/537.36 VivoBrowser/13.9.0.2"
37.111.151.54 - - [26/Apr/2025:15:00:13 -0400] "GET /wp-content/plugins/selection-lite/css/sticky-effect.min.css?ver=1.15 HTTP/1.1" 200 0 "https://kneespine.com/" "Mozilla/5.0 (Linux; Android 12; V2027) AppleWebKit/537.36 (KHTML, like Gecko) Version/4.0 Chrome/123.0.6312.118 Mobile Safari/537.36 VivoBrowser/13.9.0.2"
37.111.151.54 - - [26/Apr/2025:15:00:13 -0400] "GET /wp-content/plugins/elementor/assets/lib/animations/styles/e-animation-grow.min.css?ver=3.28.4 HTTP/1.1" 200 198 "https://kneespine.com/" "Mozilla/5.0 (Linux; Android 12; V2027) AppleWebKit/537.36 (KHTML, like Gecko) Version/4.0 Chrome/123.0.6312.118 Mobile Safari/537.36 VivoBrowser/13.9.0.2"
37.111.151.54 - - [26/Apr/2025:15:00:13 -0400] "GET /wp-content/plugins/elementor/assets/lib/animations/styles/fadeIn.min.css?ver=3.28.4 HTTP/1.1" 200 77 "https://kneespine.com/" "Mozilla/5.0 (Linux; Android 12; V2027) AppleWebKit/537.36 (KHTML, like Gecko) Version/4.0 Chrome/123.0.6312.118 Mobile Safari/537.36 VivoBrowser/13.9.0.2"
37.111.151.54 - - [26/Apr/2025:15:00:14 -0400] "GET /wp-content/plugins/elementor/assets/css/widget-icon-list.min.css?ver=3.24.3 HTTP/1.1" 200 957 "https://kneespine.com/" "Mozilla/5.0 (Linux; Android 12; V2027) AppleWebKit/537.36 (KHTML, like Gecko) Version/4.0 Chrome/123.0.6312.118 Mobile Safari/537.36 VivoBrowser/13.9.0.2"
37.111.151.54 - - [26/Apr/2025:15:00:14 -0400] "GET /wp-content/plugins/elementor/assets/css/widget-counter.min.css?ver=3.28.4 HTTP/1.1" 200 234 "https://kneespine.com/" "Mozilla/5.0 (Linux; Android 12; V2027) AppleWebKit/537.36 (KHTML, like Gecko) Version/4.0 Chrome/123.0.6312.118 Mobile Safari/537.36 VivoBrowser/13.9.0.2"
37.111.151.54 - - [26/Apr/2025:15:00:14 -0400] "GET /wp-content/plugins/elementor/assets/css/widget-image-box.min.css?ver=3.28.4 HTTP/1.1" 200 291 "https://kneespine.com/" "Mozilla/5.0 (Linux; Android 12; V2027) AppleWebKit/537.36 (KHTML, like Gecko) Version/4.0 Chrome/123.0.6312.118 Mobile Safari/537.36 VivoBrowser/13.9.0.2"
37.111.151.54 - - [26/Apr/2025:15:00:14 -0400] "GET /wp-content/plugins/elementor/assets/lib/animations/styles/fadeInUp.min.css?ver=3.28.4 HTTP/1.1" 200 130 "https://kneespine.com/" "Mozilla/5.0 (Linux; Android 12; V2027) AppleWebKit/537.36 (KHTML, like Gecko) Version/4.0 Chrome/123.0.6312.118 Mobile Safari/537.36 VivoBrowser/13.9.0.2"
37.111.151.54 - - [26/Apr/2025:15:00:14 -0400] "GET /wp-content/plugins/elementor/assets/lib/animations/styles/e-animation-float.min.css?ver=3.28.4 HTTP/1.1" 200 244 "https://kneespine.com/" "Mozilla/5.0 (Linux; Android 12; V2027) AppleWebKit/537.36 (KHTML, like Gecko) Version/4.0 Chrome/123.0.6312.118 Mobile Safari/537.36 VivoBrowser/13.9.0.2"
37.111.151.54 - - [26/Apr/2025:15:00:14 -0400] "GET /wp-content/plugins/elementor/assets/css/widget-accordion.min.css?ver=3.28.4 HTTP/1.1" 200 377 "https://kneespine.com/" "Mozilla/5.0 (Linux; Android 12; V2027) AppleWebKit/537.36 (KHTML, like Gecko) Version/4.0 Chrome/123.0.6312.118 Mobile Safari/537.36 VivoBrowser/13.9.0.2"
37.111.151.54 - - [26/Apr/2025:15:00:14 -0400] "GET /wp-content/plugins/elementor/assets/lib/animations/styles/slideInUp.min.css?ver=3.28.4 HTTP/1.1" 200 146 "https://kneespine.com/" "Mozilla/5.0 (Linux; Android 12; V2027) AppleWebKit/537.36 (KHTML, like Gecko) Version/4.0 Chrome/123.0.6312.118 Mobile Safari/537.36 VivoBrowser/13.9.0.2"
37.111.151.54 - - [26/Apr/2025:15:00:14 -0400] "GET /wp-content/plugins/elementor/assets/css/widget-icon-box.min.css?ver=3.28.4 HTTP/1.1" 200 656 "https://kneespine.com/" "Mozilla/5.0 (Linux; Android 12; V2027) AppleWebKit/537.36 (KHTML, like Gecko) Version/4.0 Chrome/123.0.6312.118 Mobile Safari/537.36 VivoBrowser/13.9.0.2"
37.111.151.54 - - [26/Apr/2025:15:00:14 -0400] "GET /wp-content/plugins/elementor/assets/css/widget-icon-list.min.css?ver=3.28.4 HTTP/1.1" 200 957 "https://kneespine.com/" "Mozilla/5.0 (Linux; Android 12; V2027) AppleWebKit/537.36 (KHTML, like Gecko) Version/4.0 Chrome/123.0.6312.118 Mobile Safari/537.36 VivoBrowser/13.9.0.2"
37.111.151.54 - - [26/Apr/2025:15:00:14 -0400] "GET /wp-content/plugins/elementor/assets/css/widget-google_maps.min.css?ver=3.28.4 HTTP/1.1" 200 117 "https://kneespine.com/" "Mozilla/5.0 (Linux; Android 12; V2027) AppleWebKit/537.36 (KHTML, like Gecko) Version/4.0 Chrome/123.0.6312.118 Mobile Safari/537.36 VivoBrowser/13.9.0.2"
37.111.151.54 - - [26/Apr/2025:15:00:13 -0400] "GET /wp-content/plugins/header-footer-elementor/inc/widgets-css/frontend.css?ver=2.3.0 HTTP/1.1" 200 8133 "https://kneespine.com/" "Mozilla/5.0 (Linux; Android 12; V2027) AppleWebKit/537.36 (KHTML, like Gecko) Version/4.0 Chrome/123.0.6312.118 Mobile Safari/537.36 VivoBrowser/13.9.0.2"
37.111.151.54 - - [26/Apr/2025:15:00:13 -0400] "GET /wp-content/plugins/elementor/assets/css/frontend.min.css?ver=3.28.4 HTTP/1.1" 200 6453 "https://kneespine.com/" "Mozilla/5.0 (Linux; Android 12; V2027) AppleWebKit/537.36 (KHTML, like Gecko) Version/4.0 Chrome/123.0.6312.118 Mobile Safari/537.36 VivoBrowser/13.9.0.2"
37.111.151.54 - - [26/Apr/2025:15:00:13 -0400] "GET /wp-content/plugins/pro-elements/assets/css/frontend.min.css?ver=3.23.1 HTTP/1.1" 200 43409 "https://kneespine.com/" "Mozilla/5.0 (Linux; Android 12; V2027) AppleWebKit/537.36 (KHTML, like Gecko) Version/4.0 Chrome/123.0.6312.118 Mobile Safari/537.36 VivoBrowser/13.9.0.2"
37.111.151.54 - - [26/Apr/2025:15:00:14 -0400] "GET /wp-content/uploads/elementor/css/post-225.css?ver=1744791682 HTTP/1.1" 200 1636 "https://kneespine.com/" "Mozilla/5.0 (Linux; Android 12; V2027) AppleWebKit/537.36 (KHTML, like Gecko) Version/4.0 Chrome/123.0.6312.118 Mobile Safari/537.36 VivoBrowser/13.9.0.2"
37.111.151.54 - - [26/Apr/2025:15:00:14 -0400] "GET /wp-content/uploads/elementor/css/post-220.css?ver=1744791681 HTTP/1.1" 200 2400 "https://kneespine.com/" "Mozilla/5.0 (Linux; Android 12; V2027) AppleWebKit/537.36 (KHTML, like Gecko) Version/4.0 Chrome/123.0.6312.118 Mobile Safari/537.36 VivoBrowser/13.9.0.2"
37.111.151.54 - - [26/Apr/2025:15:00:14 -0400] "GET /wp-content/themes/hello-elementor/style.min.css?ver=3.3.0 HTTP/1.1" 200 1591 "https://kneespine.com/" "Mozilla/5.0 (Linux; Android 12; V2027) AppleWebKit/537.36 (KHTML, like Gecko) Version/4.0 Chrome/123.0.6312.118 Mobile Safari/537.36 VivoBrowser/13.9.0.2"
37.111.151.54 - - [26/Apr/2025:15:00:14 -0400] "GET /wp-content/themes/hello-elementor/theme.min.css?ver=3.3.0 HTTP/1.1" 200 1131 "https://kneespine.com/" "Mozilla/5.0 (Linux; Android 12; V2027) AppleWebKit/537.36 (KHTML, like Gecko) Version/4.0 Chrome/123.0.6312.118 Mobile Safari/537.36 VivoBrowser/13.9.0.2"
37.111.151.54 - - [26/Apr/2025:15:00:14 -0400] "GET /wp-content/themes/hello-elementor/header-footer.min.css?ver=3.3.0 HTTP/1.1" 200 1292 "https://kneespine.com/" "Mozilla/5.0 (Linux; Android 12; V2027) AppleWebKit/537.36 (KHTML, like Gecko) Version/4.0 Chrome/123.0.6312.118 Mobile Safari/537.36 VivoBrowser/13.9.0.2"
37.111.151.54 - - [26/Apr/2025:15:00:14 -0400] "GET /wp-content/plugins/elementor/assets/lib/eicons/css/elementor-icons.min.css?ver=5.34.0 HTTP/1.1" 200 3845 "https://kneespine.com/" "Mozilla/5.0 (Linux; Android 12; V2027) AppleWebKit/537.36 (KHTML, like Gecko) Version/4.0 Chrome/123.0.6312.118 Mobile Safari/537.36 VivoBrowser/13.9.0.2"
37.111.151.54 - - [26/Apr/2025:15:00:14 -0400] "GET /wp-content/plugins/elementor/assets/css/widget-social-icons.min.css?ver=3.24.0 HTTP/1.1" 200 1069 "https://kneespine.com/" "Mozilla/5.0 (Linux; Android 12; V2027) AppleWebKit/537.36 (KHTML, like Gecko) Version/4.0 Chrome/123.0.6312.118 Mobile Safari/537.36 VivoBrowser/13.9.0.2"
37.111.151.54 - - [26/Apr/2025:15:00:14 -0400] "GET /wp-content/plugins/elementor/assets/lib/font-awesome/css/brands.css?ver=5.15.3 HTTP/1.1" 200 296 "https://kneespine.com/" "Mozilla/5.0 (Linux; Android 12; V2027) AppleWebKit/537.36 (KHTML, like Gecko) Version/4.0 Chrome/123.0.6312.118 Mobile Safari/537.36 VivoBrowser/13.9.0.2"
37.111.151.54 - - [26/Apr/2025:15:00:14 -0400] "GET /wp-content/plugins/elementor/assets/lib/font-awesome/css/solid.css?ver=5.15.3 HTTP/1.1" 200 296 "https://kneespine.com/" "Mozilla/5.0 (Linux; Android 12; V2027) AppleWebKit/537.36 (KHTML, like Gecko) Version/4.0 Chrome/123.0.6312.118 Mobile Safari/537.36 VivoBrowser/13.9.0.2"
37.111.151.54 - - [26/Apr/2025:15:00:14 -0400] "GET /wp-content/plugins/essential-addons-for-elementor-lite/assets/front-end/css/view/general.min.css?ver=6.1.11 HTTP/1.1" 200 1365 "https://kneespine.com/" "Mozilla/5.0 (Linux; Android 12; V2027) AppleWebKit/537.36 (KHTML, like Gecko) Version/4.0 Chrome/123.0.6312.118 Mobile Safari/537.36 VivoBrowser/13.9.0.2"
37.111.151.54 - - [26/Apr/2025:15:00:14 -0400] "GET /wp-content/uploads/elementor/google-fonts/css/opensans.css?ver=1742289141 HTTP/1.1" 200 1830 "https://kneespine.com/" "Mozilla/5.0 (Linux; Android 12; V2027) AppleWebKit/537.36 (KHTML, like Gecko) Version/4.0 Chrome/123.0.6312.118 Mobile Safari/537.36 VivoBrowser/13.9.0.2"
37.111.151.54 - - [26/Apr/2025:15:00:14 -0400] "GET /wp-content/uploads/elementor/google-fonts/css/nunitosans.css?ver=1742795905 HTTP/1.1" 200 833 "https://kneespine.com/" "Mozilla/5.0 (Linux; Android 12; V2027) AppleWebKit/537.36 (KHTML, like Gecko) Version/4.0 Chrome/123.0.6312.118 Mobile Safari/537.36 VivoBrowser/13.9.0.2"
37.111.151.54 - - [26/Apr/2025:15:00:14 -0400] "GET /wp-content/uploads/2024/07/Untitled_design__53_-removebg-preview.png HTTP/1.1" 200 49731 "https://kneespine.com/" "Mozilla/5.0 (Linux; Android 12; V2027) AppleWebKit/537.36 (KHTML, like Gecko) Version/4.0 Chrome/123.0.6312.118 Mobile Safari/537.36 VivoBrowser/13.9.0.2"
37.111.151.54 - - [26/Apr/2025:15:00:14 -0400] "GET /wp-content/uploads/elementor/css/post-11.css?ver=1744797423 HTTP/1.1" 200 9335 "https://kneespine.com/" "Mozilla/5.0 (Linux; Android 12; V2027) AppleWebKit/537.36 (KHTML, like Gecko) Version/4.0 Chrome/123.0.6312.118 Mobile Safari/537.36 VivoBrowser/13.9.0.2"
37.111.151.54 - - [26/Apr/2025:15:00:14 -0400] "GET /wp-content/plugins/elementor/assets/lib/font-awesome/css/fontawesome.css?ver=5.15.3 HTTP/1.1" 200 12526 "https://kneespine.com/" "Mozilla/5.0 (Linux; Android 12; V2027) AppleWebKit/537.36 (KHTML, like Gecko) Version/4.0 Chrome/123.0.6312.118 Mobile Safari/537.36 VivoBrowser/13.9.0.2"
37.111.151.54 - - [26/Apr/2025:15:00:14 -0400] "GET /wp-includes/js/jquery/jquery-migrate.min.js?ver=3.4.1 HTTP/1.1" 200 4678 "https://kneespine.com/" "Mozilla/5.0 (Linux; Android 12; V2027) AppleWebKit/537.36 (KHTML, like Gecko) Version/4.0 Chrome/123.0.6312.118 Mobile Safari/537.36 VivoBrowser/13.9.0.2"
37.111.151.54 - - [26/Apr/2025:15:00:14 -0400] "GET /wp-includes/js/jquery/jquery.min.js?ver=3.7.1 HTTP/1.1" 200 29744 "https://kneespine.com/" "Mozilla/5.0 (Linux; Android 12; V2027) AppleWebKit/537.36 (KHTML, like Gecko) Version/4.0 Chrome/123.0.6312.118 Mobile Safari/537.36 VivoBrowser/13.9.0.2"
37.111.151.54 - - [26/Apr/2025:15:00:14 -0400] "GET /wp-content/plugins/elementor-pro/assets/css/widget-mega-menu.min.css?ver=3.26.2 HTTP/1.1" 404 13123 "https://kneespine.com/" "Mozilla/5.0 (Linux; Android 12; V2027) AppleWebKit/537.36 (KHTML, like Gecko) Version/4.0 Chrome/123.0.6312.118 Mobile Safari/537.36 VivoBrowser/13.9.0.2"
37.111.151.54 - - [26/Apr/2025:15:00:14 -0400] "GET /wp-content/plugins/elementor-pro/assets/css/widget-nav-menu.min.css?ver=3.26.0 HTTP/1.1" 404 13123 "https://kneespine.com/" "Mozilla/5.0 (Linux; Android 12; V2027) AppleWebKit/537.36 (KHTML, like Gecko) Version/4.0 Chrome/123.0.6312.118 Mobile Safari/537.36 VivoBrowser/13.9.0.2"
37.111.151.54 - - [26/Apr/2025:15:00:14 -0400] "GET /wp-content/plugins/elementor-pro/assets/css/widget-blockquote.min.css?ver=3.25.0 HTTP/1.1" 404 13123 "https://kneespine.com/" "Mozilla/5.0 (Linux; Android 12; V2027) AppleWebKit/537.36 (KHTML, like Gecko) Version/4.0 Chrome/123.0.6312.118 Mobile Safari/537.36 VivoBrowser/13.9.0.2"
163.171.210.57 - - [26/Apr/2025:15:00:22 -0400] "GET /wp-content/plugins/elementor-pro/assets/css/widget-blockquote.min.css?ver=3.25.0 HTTP/1.1" 404 15201 "https://kneespine.com/" "Mozilla/5.0 (Linux; Android 12; V2027) AppleWebKit/537.36 (KHTML, like Gecko) Version/4.0 Chrome/123.0.6312.118 Mobile Safari/537.36 VivoBrowser/13.9.0.2"
163.171.210.57 - - [26/Apr/2025:15:00:22 -0400] "GET /wp-content/plugins/elementor-pro/assets/css/widget-mega-menu.min.css?ver=3.26.2 HTTP/1.1" 404 15201 "https://kneespine.com/" "Mozilla/5.0 (Linux; Android 12; V2027) AppleWebKit/537.36 (KHTML, like Gecko) Version/4.0 Chrome/123.0.6312.118 Mobile Safari/537.36 VivoBrowser/13.9.0.2"
163.171.210.57 - - [26/Apr/2025:15:00:22 -0400] "GET /wp-includes/js/jquery/jquery.min.js?ver=3.7.1 HTTP/1.1" 200 35438 "https://kneespine.com/" "Mozilla/5.0 (Linux; Android 12; V2027) AppleWebKit/537.36 (KHTML, like Gecko) Version/4.0 Chrome/123.0.6312.118 Mobile Safari/537.36 VivoBrowser/13.9.0.2"
163.171.210.57 - - [26/Apr/2025:15:00:22 -0400] "GET /wp-content/plugins/elementor-pro/assets/css/widget-nav-menu.min.css?ver=3.26.0 HTTP/1.1" 404 15201 "https://kneespine.com/" "Mozilla/5.0 (Linux; Android 12; V2027) AppleWebKit/537.36 (KHTML, like Gecko) Version/4.0 Chrome/123.0.6312.118 Mobile Safari/537.36 VivoBrowser/13.9.0.2"
37.111.151.54 - - [26/Apr/2025:15:00:24 -0400] "GET /wp-content/uploads/2024/07/casual-business-woman-portrait-of-a-beautiful-young-business-woman-sitting-at-her-working-place--300x200.jpg HTTP/1.1" 200 13529 "https://kneespine.com/" "Mozilla/5.0 (Linux; Android 12; V2027) AppleWebKit/537.36 (KHTML, like Gecko) Version/4.0 Chrome/123.0.6312.118 Mobile Safari/537.36 VivoBrowser/13.9.0.2"
37.111.151.54 - - [26/Apr/2025:15:00:24 -0400] "GET /wp-content/uploads/2024/07/portrait-of-serious-male-architect-in-office-stand-FVHYLV4-1-300x200.jpg HTTP/1.1" 200 15624 "https://kneespine.com/" "Mozilla/5.0 (Linux; Android 12; V2027) AppleWebKit/537.36 (KHTML, like Gecko) Version/4.0 Chrome/123.0.6312.118 Mobile Safari/537.36 VivoBrowser/13.9.0.2"
37.111.151.54 - - [26/Apr/2025:15:00:24 -0400] "GET /wp-content/plugins/elementor/assets/css/widget-social-icons.min.css?ver=3.28.4 HTTP/1.1" 200 1069 "https://kneespine.com/" "Mozilla/5.0 (Linux; Android 12; V2027) AppleWebKit/537.36 (KHTML, like Gecko) Version/4.0 Chrome/123.0.6312.118 Mobile Safari/537.36 VivoBrowser/13.9.0.2"
37.111.151.54 - - [26/Apr/2025:15:00:24 -0400] "GET /wp-content/plugins/elementor/assets/lib/flatpickr/flatpickr.min.css?ver=4.6.13 HTTP/1.1" 200 2797 "https://kneespine.com/" "Mozilla/5.0 (Linux; Android 12; V2027) AppleWebKit/537.36 (KHTML, like Gecko) Version/4.0 Chrome/123.0.6312.118 Mobile Safari/537.36 VivoBrowser/13.9.0.2"
37.111.151.54 - - [26/Apr/2025:15:00:24 -0400] "GET /wp-content/uploads/2024/07/friendly-woman-patient-talking-to-psychological-co-QRBVN9Q-1-1-e1624538472451-300x285.jpg HTTP/1.1" 200 14762 "https://kneespine.com/" "Mozilla/5.0 (Linux; Android 12; V2027) AppleWebKit/537.36 (KHTML, like Gecko) Version/4.0 Chrome/123.0.6312.118 Mobile Safari/537.36 VivoBrowser/13.9.0.2"
37.111.151.54 - - [26/Apr/2025:15:00:24 -0400] "GET /wp-content/plugins/elementor/assets/css/conditionals/apple-webkit.min.css?ver=3.28.4 HTTP/1.1" 200 472 "https://kneespine.com/" "Mozilla/5.0 (Linux; Android 12; V2027) AppleWebKit/537.36 (KHTML, like Gecko) Version/4.0 Chrome/123.0.6312.118 Mobile Safari/537.36 VivoBrowser/13.9.0.2"
37.111.151.54 - - [26/Apr/2025:15:00:24 -0400] "GET /wp-content/plugins/elementor/assets/css/widget-divider.min.css?ver=3.28.4 HTTP/1.1" 200 707 "https://kneespine.com/" "Mozilla/5.0 (Linux; Android 12; V2027) AppleWebKit/537.36 (KHTML, like Gecko) Version/4.0 Chrome/123.0.6312.118 Mobile Safari/537.36 VivoBrowser/13.9.0.2"
37.111.151.54 - - [26/Apr/2025:15:00:24 -0400] "GET /wp-content/uploads/elementor/google-fonts/fonts/opensans-memvyags126mizpba-uvwbx2vvnxbbobj2ovts-muw.woff2 HTTP/1.1" 200 48236 "https://kneespine.com/wp-content/uploads/elementor/google-fonts/css/opensans.css?ver=1742289141" "Mozilla/5.0 (Linux; Android 12; V2027) AppleWebKit/537.36 (KHTML, like Gecko) Version/4.0 Chrome/123.0.6312.118 Mobile Safari/537.36 VivoBrowser/13.9.0.2"
37.111.151.54 - - [26/Apr/2025:15:00:24 -0400] "GET /wp-content/plugins/brave-popup-builder/assets/css/frontend.min.css?ver=6.8 HTTP/1.1" 200 7994 "https://kneespine.com/" "Mozilla/5.0 (Linux; Android 12; V2027) AppleWebKit/537.36 (KHTML, like Gecko) Version/4.0 Chrome/123.0.6312.118 Mobile Safari/537.36 VivoBrowser/13.9.0.2"
37.111.151.54 - - [26/Apr/2025:15:00:25 -0400] "GET /wp-content/uploads/elementor/google-fonts/fonts/nunitosans-pe0tmimslybiv1o4x1m8ce2xcx3yop4tqpf_metm0lfgwvpnn64cl7u8uphzibmv51q42ptcp7t1r-s.woff2 HTTP/1.1" 200 31052 "https://kneespine.com/wp-content/uploads/elementor/google-fonts/css/nunitosans.css?ver=1742795905" "Mozilla/5.0 (Linux; Android 12; V2027) AppleWebKit/537.36 (KHTML, like Gecko) Version/4.0 Chrome/123.0.6312.118 Mobile Safari/537.36 VivoBrowser/13.9.0.2"
37.111.151.54 - - [26/Apr/2025:15:00:25 -0400] "GET /wp-content/uploads/elementor/thumbs/WhatsApp-Image-2024-08-20-at-14.16.00_8cdd6a52-qsviksp5cu4unsfnxn6byxxzrf0kfwr4lx2r26zqcw.jpg HTTP/1.1" 200 102084 "https://kneespine.com/" "Mozilla/5.0 (Linux; Android 12; V2027) AppleWebKit/537.36 (KHTML, like Gecko) Version/4.0 Chrome/123.0.6312.118 Mobile Safari/537.36 VivoBrowser/13.9.0.2"
37.111.151.54 - - [26/Apr/2025:15:00:25 -0400] "GET /wp-content/plugins/elementor/assets/lib/eicons/fonts/eicons.woff2?5.36.0 HTTP/1.1" 200 99440 "https://kneespine.com/wp-content/plugins/elementor/assets/lib/eicons/css/elementor-icons.min.css?ver=5.34.0" "Mozilla/5.0 (Linux; Android 12; V2027) AppleWebKit/537.36 (KHTML, like Gecko) Version/4.0 Chrome/123.0.6312.118 Mobile Safari/537.36 VivoBrowser/13.9.0.2"
163.171.210.57 - - [26/Apr/2025:15:00:32 -0400] "GET /wp-content/plugins/brave-popup-builder/assets/css/frontend.min.css?ver=6.8 HTTP/1.1" 200 10820 "https://kneespine.com/" "Mozilla/5.0 (Linux; Android 12; V2027) AppleWebKit/537.36 (KHTML, like Gecko) Version/4.0 Chrome/123.0.6312.118 Mobile Safari/537.36 VivoBrowser/13.9.0.2"
163.171.210.57 - - [26/Apr/2025:15:00:33 -0400] "GET /wp-content/uploads/elementor/google-fonts/fonts/nunitosans-pe0tmimslybiv1o4x1m8ce2xcx3yop4tqpf_metm0lfgwvpnn64cl7u8uphzibmv51q42ptcp7t1r-s.woff2 HTTP/1.1" 200 31052 "https://kneespine.com/wp-content/uploads/elementor/google-fonts/css/nunitosans.css?ver=1742795905" "Mozilla/5.0 (Linux; Android 12; V2027) AppleWebKit/537.36 (KHTML, like Gecko) Version/4.0 Chrome/123.0.6312.118 Mobile Safari/537.36 VivoBrowser/13.9.0.2"
163.171.210.57 - - [26/Apr/2025:15:00:33 -0400] "GET /wp-content/plugins/elementor/assets/lib/eicons/fonts/eicons.woff2?5.36.0 HTTP/1.1" 200 99440 "https://kneespine.com/wp-content/plugins/elementor/assets/lib/eicons/css/elementor-icons.min.css?ver=5.34.0" "Mozilla/5.0 (Linux; Android 12; V2027) AppleWebKit/537.36 (KHTML, like Gecko) Version/4.0 Chrome/123.0.6312.118 Mobile Safari/537.36 VivoBrowser/13.9.0.2"
37.111.151.54 - - [26/Apr/2025:15:00:34 -0400] "GET /wp-content/plugins/elementor/assets/lib/jquery-numerator/jquery-numerator.min.js?ver=0.2.1 HTTP/1.1" 200 677 "https://kneespine.com/" "Mozilla/5.0 (Linux; Android 12; V2027) AppleWebKit/537.36 (KHTML, like Gecko) Version/4.0 Chrome/123.0.6312.118 Mobile Safari/537.36 VivoBrowser/13.9.0.2"
37.111.151.54 - - [26/Apr/2025:15:00:35 -0400] "GET /wp-includes/js/imagesloaded.min.js?ver=5.0.0 HTTP/1.1" 200 1687 "https://kneespine.com/" "Mozilla/5.0 (Linux; Android 12; V2027) AppleWebKit/537.36 (KHTML, like Gecko) Version/4.0 Chrome/123.0.6312.118 Mobile Safari/537.36 VivoBrowser/13.9.0.2"
37.111.151.54 - - [26/Apr/2025:15:00:35 -0400] "GET /wp-content/themes/hello-elementor/assets/js/hello-frontend.min.js?ver=3.3.0 HTTP/1.1" 200 548 "https://kneespine.com/" "Mozilla/5.0 (Linux; Android 12; V2027) AppleWebKit/537.36 (KHTML, like Gecko) Version/4.0 Chrome/123.0.6312.118 Mobile Safari/537.36 VivoBrowser/13.9.0.2"
37.111.151.54 - - [26/Apr/2025:15:00:35 -0400] "GET /wp-content/plugins/essential-addons-for-elementor-lite/assets/front-end/js/view/general.min.js?ver=6.1.11 HTTP/1.1" 200 3883 "https://kneespine.com/" "Mozilla/5.0 (Linux; Android 12; V2027) AppleWebKit/537.36 (KHTML, like Gecko) Version/4.0 Chrome/123.0.6312.118 Mobile Safari/537.36 VivoBrowser/13.9.0.2"
37.111.151.54 - - [26/Apr/2025:15:00:35 -0400] "GET /wp-content/plugins/pro-elements/assets/lib/smartmenus/jquery.smartmenus.min.js?ver=1.2.1 HTTP/1.1" 200 6867 "https://kneespine.com/" "Mozilla/5.0 (Linux; Android 12; V2027) AppleWebKit/537.36 (KHTML, like Gecko) Version/4.0 Chrome/123.0.6312.118 Mobile Safari/537.36 VivoBrowser/13.9.0.2"
37.111.151.54 - - [26/Apr/2025:15:00:35 -0400] "GET /wp-content/plugins/elementor/assets/lib/flatpickr/flatpickr.min.js?ver=4.6.13 HTTP/1.1" 200 14078 "https://kneespine.com/" "Mozilla/5.0 (Linux; Android 12; V2027) AppleWebKit/537.36 (KHTML, like Gecko) Version/4.0 Chrome/123.0.6312.118 Mobile Safari/537.36 VivoBrowser/13.9.0.2"
37.111.151.54 - - [26/Apr/2025:15:00:39 -0400] "GET /wp-content/plugins/pro-elements/assets/js/webpack-pro.runtime.min.js?ver=3.23.1 HTTP/1.1" 200 2549 "https://kneespine.com/" "Mozilla/5.0 (Linux; Android 12; V2027) AppleWebKit/537.36 (KHTML, like Gecko) Version/4.0 Chrome/123.0.6312.118 Mobile Safari/537.36 VivoBrowser/13.9.0.2"
37.111.151.54 - - [26/Apr/2025:15:00:39 -0400] "GET /wp-content/plugins/elementor/assets/js/webpack.runtime.min.js?ver=3.28.4 HTTP/1.1" 200 2228 "https://kneespine.com/" "Mozilla/5.0 (Linux; Android 12; V2027) AppleWebKit/537.36 (KHTML, like Gecko) Version/4.0 Chrome/123.0.6312.118 Mobile Safari/537.36 VivoBrowser/13.9.0.2"
37.111.151.54 - - [26/Apr/2025:15:00:39 -0400] "GET /wp-content/plugins/brave-popup-builder/assets/frontend/brave.js?ver=6.8 HTTP/1.1" 200 23854 "https://kneespine.com/" "Mozilla/5.0 (Linux; Android 12; V2027) AppleWebKit/537.36 (KHTML, like Gecko) Version/4.0 Chrome/123.0.6312.118 Mobile Safari/537.36 VivoBrowser/13.9.0.2"
37.111.151.54 - - [26/Apr/2025:15:00:39 -0400] "GET /wp-includes/js/dist/hooks.min.js?ver=4d63a3d491d11ffd8ac6 HTTP/1.1" 200 1571 "https://kneespine.com/" "Mozilla/5.0 (Linux; Android 12; V2027) AppleWebKit/537.36 (KHTML, like Gecko) Version/4.0 Chrome/123.0.6312.118 Mobile Safari/537.36 VivoBrowser/13.9.0.2"
37.111.151.54 - - [26/Apr/2025:15:00:39 -0400] "GET /wp-includes/js/dist/i18n.min.js?ver=5e580eb46a90c2b997e6 HTTP/1.1" 200 3542 "https://kneespine.com/" "Mozilla/5.0 (Linux; Android 12; V2027) AppleWebKit/537.36 (KHTML, like Gecko) Version/4.0 Chrome/123.0.6312.118 Mobile Safari/537.36 VivoBrowser/13.9.0.2"
37.111.151.54 - - [26/Apr/2025:15:00:39 -0400] "GET /wp-content/plugins/elementor/assets/js/frontend-modules.min.js?ver=3.28.4 HTTP/1.1" 200 14421 "https://kneespine.com/" "Mozilla/5.0 (Linux; Android 12; V2027) AppleWebKit/537.36 (KHTML, like Gecko) Version/4.0 Chrome/123.0.6312.118 Mobile Safari/537.36 VivoBrowser/13.9.0.2"
37.111.151.54 - - [26/Apr/2025:15:00:39 -0400] "GET /wp-content/plugins/pro-elements/assets/js/frontend.min.js?ver=3.23.1 HTTP/1.1" 200 6467 "https://kneespine.com/" "Mozilla/5.0 (Linux; Android 12; V2027) AppleWebKit/537.36 (KHTML, like Gecko) Version/4.0 Chrome/123.0.6312.118 Mobile Safari/537.36 VivoBrowser/13.9.0.2"
37.111.151.54 - - [26/Apr/2025:15:00:39 -0400] "GET /wp-includes/js/jquery/ui/core.min.js?ver=1.13.3 HTTP/1.1" 200 6812 "https://kneespine.com/" "Mozilla/5.0 (Linux; Android 12; V2027) AppleWebKit/537.36 (KHTML, like Gecko) Version/4.0 Chrome/123.0.6312.118 Mobile Safari/537.36 VivoBrowser/13.9.0.2"
37.111.151.54 - - [26/Apr/2025:15:00:41 -0400] "GET /wp-content/plugins/selection-lite/js/sticky-effect.min.js?ver=1.15 HTTP/1.1" 200 1466 "https://kneespine.com/" "Mozilla/5.0 (Linux; Android 12; V2027) AppleWebKit/537.36 (KHTML, like Gecko) Version/4.0 Chrome/123.0.6312.118 Mobile Safari/537.36 VivoBrowser/13.9.0.2"
37.111.151.54 - - [26/Apr/2025:15:00:41 -0400] "GET /wp-content/uploads/2024/08/4-removebg-preview-1.png HTTP/1.1" 200 13112 "https://kneespine.com/" "Mozilla/5.0 (Linux; Android 12; V2027) AppleWebKit/537.36 (KHTML, like Gecko) Version/4.0 Chrome/123.0.6312.118 Mobile Safari/537.36 VivoBrowser/13.9.0.2"
37.111.151.54 - - [26/Apr/2025:15:00:41 -0400] "GET /wp-content/uploads/2024/08/3-removebg-preview-1.png HTTP/1.1" 200 11066 "https://kneespine.com/" "Mozilla/5.0 (Linux; Android 12; V2027) AppleWebKit/537.36 (KHTML, like Gecko) Version/4.0 Chrome/123.0.6312.118 Mobile Safari/537.36 VivoBrowser/13.9.0.2"
37.111.151.54 - - [26/Apr/2025:15:00:41 -0400] "GET /wp-content/plugins/elementor/assets/js/frontend.min.js?ver=3.28.4 HTTP/1.1" 200 13099 "https://kneespine.com/" "Mozilla/5.0 (Linux; Android 12; V2027) AppleWebKit/537.36 (KHTML, like Gecko) Version/4.0 Chrome/123.0.6312.118 Mobile Safari/537.36 VivoBrowser/13.9.0.2"
37.111.151.54 - - [26/Apr/2025:15:00:41 -0400] "GET /wp-content/plugins/pro-elements/assets/js/elements-handlers.min.js?ver=3.23.1 HTTP/1.1" 200 9632 "https://kneespine.com/" "Mozilla/5.0 (Linux; Android 12; V2027) AppleWebKit/537.36 (KHTML, like Gecko) Version/4.0 Chrome/123.0.6312.118 Mobile Safari/537.36 VivoBrowser/13.9.0.2"
37.111.151.54 - - [26/Apr/2025:15:00:42 -0400] "GET /wp-content/uploads/2024/08/1-removebg-preview-1.png HTTP/1.1" 200 12782 "https://kneespine.com/" "Mozilla/5.0 (Linux; Android 12; V2027) AppleWebKit/537.36 (KHTML, like Gecko) Version/4.0 Chrome/123.0.6312.118 Mobile Safari/537.36 VivoBrowser/13.9.0.2"
37.111.151.54 - - [26/Apr/2025:15:00:42 -0400] "GET /wp-content/uploads/2024/08/2-removebg-preview-2.png HTTP/1.1" 200 5351 "https://kneespine.com/" "Mozilla/5.0 (Linux; Android 12; V2027) AppleWebKit/537.36 (KHTML, like Gecko) Version/4.0 Chrome/123.0.6312.118 Mobile Safari/537.36 VivoBrowser/13.9.0.2"
37.111.151.54 - - [26/Apr/2025:15:00:43 -0400] "GET /wp-content/uploads/2024/08/5-removebg-preview-1.png HTTP/1.1" 200 9205 "https://kneespine.com/" "Mozilla/5.0 (Linux; Android 12; V2027) AppleWebKit/537.36 (KHTML, like Gecko) Version/4.0 Chrome/123.0.6312.118 Mobile Safari/537.36 VivoBrowser/13.9.0.2"
37.111.151.54 - - [26/Apr/2025:15:00:43 -0400] "GET /wp-content/uploads/2024/07/404_bg.png HTTP/1.1" 200 25573 "https://kneespine.com/wp-content/uploads/elementor/css/post-11.css?ver=1744797423" "Mozilla/5.0 (Linux; Android 12; V2027) AppleWebKit/537.36 (KHTML, like Gecko) Version/4.0 Chrome/123.0.6312.118 Mobile Safari/537.36 VivoBrowser/13.9.0.2"
37.111.151.54 - - [26/Apr/2025:15:00:45 -0400] "GET /wp-content/plugins/pro-elements/assets/js/nav-menu.e65811186e94a386ba7b.bundle.min.js HTTP/1.1" 200 1678 "https://kneespine.com/" "Mozilla/5.0 (Linux; Android 12; V2027) AppleWebKit/537.36 (KHTML, like Gecko) Version/4.0 Chrome/123.0.6312.118 Mobile Safari/537.36 VivoBrowser/13.9.0.2"
37.111.151.54 - - [26/Apr/2025:15:00:45 -0400] "GET /wp-content/plugins/elementor/assets/js/text-editor.c084ef86600b6f11690d.bundle.min.js HTTP/1.1" 200 621 "https://kneespine.com/" "Mozilla/5.0 (Linux; Android 12; V2027) AppleWebKit/537.36 (KHTML, like Gecko) Version/4.0 Chrome/123.0.6312.118 Mobile Safari/537.36 VivoBrowser/13.9.0.2"
37.111.151.54 - - [26/Apr/2025:15:00:45 -0400] "GET /wp-content/plugins/elementor/assets/js/counter.12335f45aaa79d244f24.bundle.min.js HTTP/1.1" 200 442 "https://kneespine.com/" "Mozilla/5.0 (Linux; Android 12; V2027) AppleWebKit/537.36 (KHTML, like Gecko) Version/4.0 Chrome/123.0.6312.118 Mobile Safari/537.36 VivoBrowser/13.9.0.2"
37.111.151.54 - - [26/Apr/2025:15:00:45 -0400] "GET /wp-content/plugins/pro-elements/assets/js/carousel.9b02b45d7826c1c48f33.bundle.min.js HTTP/1.1" 200 1598 "https://kneespine.com/" "Mozilla/5.0 (Linux; Android 12; V2027) AppleWebKit/537.36 (KHTML, like Gecko) Version/4.0 Chrome/123.0.6312.118 Mobile Safari/537.36 VivoBrowser/13.9.0.2"
37.111.151.54 - - [26/Apr/2025:15:00:45 -0400] "GET /wp-content/plugins/pro-elements/assets/js/popup.085c1727e36940b18f29.bundle.min.js HTTP/1.1" 200 395 "https://kneespine.com/" "Mozilla/5.0 (Linux; Android 12; V2027) AppleWebKit/537.36 (KHTML, like Gecko) Version/4.0 Chrome/123.0.6312.118 Mobile Safari/537.36 VivoBrowser/13.9.0.2"
37.111.151.54 - - [26/Apr/2025:15:00:45 -0400] "GET /wp-content/plugins/elementor/assets/js/accordion.36aa4c8c4eba17bc8e03.bundle.min.js HTTP/1.1" 200 1318 "https://kneespine.com/" "Mozilla/5.0 (Linux; Android 12; V2027) AppleWebKit/537.36 (KHTML, like Gecko) Version/4.0 Chrome/123.0.6312.118 Mobile Safari/537.36 VivoBrowser/13.9.0.2"
37.111.151.54 - - [26/Apr/2025:15:00:45 -0400] "GET /wp-content/plugins/pro-elements/assets/js/form.c4bc7eaa69583834a7d5.bundle.min.js HTTP/1.1" 200 4825 "https://kneespine.com/" "Mozilla/5.0 (Linux; Android 12; V2027) AppleWebKit/537.36 (KHTML, like Gecko) Version/4.0 Chrome/123.0.6312.118 Mobile Safari/537.36 VivoBrowser/13.9.0.2"
37.111.151.54 - - [26/Apr/2025:15:00:48 -0400] "GET /wp-content/plugins/elementor/assets/lib/swiper/v8/swiper.min.js?ver=8.4.5 HTTP/1.1" 200 38152 "https://kneespine.com/" "Mozilla/5.0 (Linux; Android 12; V2027) AppleWebKit/537.36 (KHTML, like Gecko) Version/4.0 Chrome/123.0.6312.118 Mobile Safari/537.36 VivoBrowser/13.9.0.2"
37.111.151.54 - - [26/Apr/2025:15:00:48 -0400] "GET /our-services/ HTTP/1.1" 200 15531 "https://kneespine.com/" "Mozilla/5.0 (Linux; Android 12; V2027; wv) AppleWebKit/537.36 (KHTML, like Gecko) Version/4.0 Chrome/123.0.6312.118 Mobile Safari/537.36"
37.111.151.54 - - [26/Apr/2025:15:00:53 -0400] "GET /wp-content/uploads/2024/07/cropped-Untitled_design__53_-removebg-preview-192x192.png HTTP/1.1" 200 22222 "https://kneespine.com/" "Mozilla/5.0 (Linux; Android 12; V2027) AppleWebKit/537.36 (KHTML, like Gecko) Version/4.0 Chrome/123.0.6312.118 Mobile Safari/537.36 VivoBrowser/13.9.0.2"
37.111.151.54 - - [26/Apr/2025:15:00:53 -0400] "GET /wp-content/uploads/2024/07/cropped-Untitled_design__53_-removebg-preview-32x32.png HTTP/1.1" 200 1416 "https://kneespine.com/" "Mozilla/5.0 (Linux; Android 12; V2027) AppleWebKit/537.36 (KHTML, like Gecko) Version/4.0 Chrome/123.0.6312.118 Mobile Safari/537.36 VivoBrowser/13.9.0.2"
85.208.96.201 - - [26/Apr/2025:15:02:06 -0400] "GET /wp-includes/sodium_compat/lib/php84compat.php HTTP/1.1" 200 0 "-" "Mozilla/5.0 (compatible; SemrushBot/7~bl; +http://www.semrush.com/bot.html)"
85.208.96.193 - - [26/Apr/2025:15:03:33 -0400] "GET /wp-includes/rest-api/fields/class-wp-rest-comment-meta-fields.php HTTP/1.1" 500 0 "-" "Mozilla/5.0 (compatible; SemrushBot/7~bl; +http://www.semrush.com/bot.html)"
37.111.151.54 - - [26/Apr/2025:15:03:49 -0400] "GET /wp-content/plugins/elementor-pro/assets/css/widget-blockquote.min.css?ver=3.25.0 HTTP/1.1" 404 13123 "https://kneespine.com/" "Mozilla/5.0 (Linux; Android 12; V2027) AppleWebKit/537.36 (KHTML, like Gecko) Version/4.0 Chrome/123.0.6312.118 Mobile Safari/537.36 VivoBrowser/13.9.0.2"
37.111.151.54 - - [26/Apr/2025:15:03:49 -0400] "GET /wp-content/plugins/elementor-pro/assets/css/widget-nav-menu.min.css?ver=3.26.0 HTTP/1.1" 404 13123 "https://kneespine.com/" "Mozilla/5.0 (Linux; Android 12; V2027) AppleWebKit/537.36 (KHTML, like Gecko) Version/4.0 Chrome/123.0.6312.118 Mobile Safari/537.36 VivoBrowser/13.9.0.2"
37.111.151.54 - - [26/Apr/2025:15:03:49 -0400] "GET /wp-content/plugins/elementor-pro/assets/css/widget-mega-menu.min.css?ver=3.26.2 HTTP/1.1" 404 13123 "https://kneespine.com/" "Mozilla/5.0 (Linux; Android 12; V2027) AppleWebKit/537.36 (KHTML, like Gecko) Version/4.0 Chrome/123.0.6312.118 Mobile Safari/537.36 VivoBrowser/13.9.0.2"
163.171.210.57 - - [26/Apr/2025:15:03:51 -0400] "GET /wp-content/plugins/elementor-pro/assets/css/widget-blockquote.min.css?ver=3.25.0 HTTP/1.1" 404 15201 "https://kneespine.com/" "Mozilla/5.0 (Linux; Android 12; V2027) AppleWebKit/537.36 (KHTML, like Gecko) Version/4.0 Chrome/123.0.6312.118 Mobile Safari/537.36 VivoBrowser/13.9.0.2"
37.111.151.54 - - [26/Apr/2025:15:03:52 -0400] "GET /favicon.ico HTTP/1.1" 404 1251 "https://kneespine.com/" "Mozilla/5.0 (Linux; Android 12; V2027) AppleWebKit/537.36 (KHTML, like Gecko) Version/4.0 Chrome/123.0.6312.118 Mobile Safari/537.36 VivoBrowser/13.9.0.2"
37.111.151.54 - - [26/Apr/2025:15:03:53 -0400] "GET /favicon.ico HTTP/1.1" 404 1251 "https://kneespine.com/" "Mozilla/5.0 (Linux; Android 12; V2027) AppleWebKit/537.36 (KHTML, like Gecko) Version/4.0 Chrome/123.0.6312.118 Mobile Safari/537.36 VivoBrowser/13.9.0.2"
85.208.96.203 - - [26/Apr/2025:15:05:43 -0400] "GET /wp-includes/css/dist/reusable-blocks/ HTTP/1.1" 200 845 "-" "Mozilla/5.0 (compatible; SemrushBot/7~bl; +http://www.semrush.com/bot.html)"
31.13.127.113 - - [26/Apr/2025:15:11:39 -0400] "GET / HTTP/1.1" 200 177599 "-" "facebookexternalhit/1.1 (+http://www.facebook.com/externalhit_uatext.php)"
85.208.96.203 - - [26/Apr/2025:15:11:51 -0400] "GET /wp-includes/rest-api/endpoints/class-wp-rest-taxonomies-controller.php HTTP/1.1" 500 0 "-" "Mozilla/5.0 (compatible; SemrushBot/7~bl; +http://www.semrush.com/bot.html)"
85.208.96.200 - - [26/Apr/2025:15:12:30 -0400] "GET /wp-includes/SimplePie/src/Exception.php HTTP/1.1" 200 0 "-" "Mozilla/5.0 (compatible; SemrushBot/7~bl; +http://www.semrush.com/bot.html)"
85.208.96.195 - - [26/Apr/2025:15:19:09 -0400] "GET /wp-includes/rest-api/endpoints/class-wp-rest-edit-site-export-controller.php HTTP/1.1" 500 0 "-" "Mozilla/5.0 (compatible; SemrushBot/7~bl; +http://www.semrush.com/bot.html)"
85.208.96.196 - - [26/Apr/2025:15:19:29 -0400] "GET /wp-includes/SimplePie/library/SimplePie/ HTTP/1.1" 200 1706 "-" "Mozilla/5.0 (compatible; SemrushBot/7~bl; +http://www.semrush.com/bot.html)"
185.191.171.17 - - [26/Apr/2025:15:21:27 -0400] "GET /wp-includes/Requests/src/Ssl.php HTTP/1.1" 200 0 "-" "Mozilla/5.0 (compatible; SemrushBot/7~bl; +http://www.semrush.com/bot.html)"
185.191.171.19 - - [26/Apr/2025:15:23:22 -0400] "GET /wp-includes/rest-api/endpoints/class-wp-rest-font-collections-controller.php HTTP/1.1" 500 0 "-" "Mozilla/5.0 (compatible; SemrushBot/7~bl; +http://www.semrush.com/bot.html)"
185.191.171.9 - - [26/Apr/2025:15:24:42 -0400] "GET /wp-includes/Requests/src/Proxy.php HTTP/1.1" 200 0 "-" "Mozilla/5.0 (compatible; SemrushBot/7~bl; +http://www.semrush.com/bot.html)"
115.167.10.145 - - [26/Apr/2025:15:25:17 -0400] "GET / HTTP/1.1" 200 31790 "-" "Mozilla/5.0 (X11; Linux x86_64) AppleWebKit/537.36 (KHTML, like Gecko) Chrome/123.0.0.0 Safari/537.36"
45.196.45.100 - - [26/Apr/2025:15:25:18 -0400] "GET / HTTP/1.1" 200 31790 "-" "Mozilla/5.0 (X11; Linux x86_64; rv:124.0) Gecko/20100101 Firefox/124.0"
45.196.59.35 - - [26/Apr/2025:15:25:18 -0400] "GET / HTTP/1.1" 200 31790 "-" "Mozilla/5.0 (X11; Ubuntu; Linux x86_64; rv:123.0) Gecko/20100101 Firefox/123.0"
45.196.44.36 - - [26/Apr/2025:15:25:18 -0400] "GET / HTTP/1.1" 200 31790 "-" "Mozilla/5.0 (Macintosh; Intel Mac OS X 10_15_7) AppleWebKit/537.36 (KHTML, like Gecko) Chrome/122.0.0.0 Safari/537.36"
50.117.28.169 - - [26/Apr/2025:15:25:18 -0400] "GET / HTTP/1.1" 200 31790 "-" "Mozilla/5.0 (Macintosh; Intel Mac OS X 10.15; rv:124.0) Gecko/20100101 Firefox/124.0"
45.196.57.78 - - [26/Apr/2025:15:25:19 -0400] "GET / HTTP/1.1" 200 31790 "-" "Mozilla/5.0 (Windows NT 10.0; Win64; x64) AppleWebKit/537.36 (KHTML, like Gecko) Chrome/117.0.0.0 Safari/537.36"
