198.145.48.154 - - [26/Apr/2025:15:25:25 -0400] "GET / HTTP/1.1" 200 31790 "-" "Mozilla/5.0 (Macintosh; Intel Mac OS X 10_15_7) AppleWebKit/537.36 (KHTML, like Gecko) obsidian/1.4.13 Chrome/114.0.5735.289 Electron/25.8.1 Safari/537.36"
45.196.44.118 - - [26/Apr/2025:15:25:17 -0400] "GET /cbzysdpm HTTP/1.1" 200 0 "-" "Mozilla/5.0 (Macintosh; Intel Mac OS X 10_15_7) AppleWebKit/605.1.15 (KHTML, like Gecko) Version/17.3 Safari/605.1.15"
50.117.73.195 - - [26/Apr/2025:15:25:18 -0400] "GET /nxogqirz HTTP/1.1" 200 0 "-" "Mozilla/5.0 (Macintosh; Intel Mac OS X 10.15; rv:123.0) Gecko/20100101 Firefox/123.0"
66.29.132.124 - - [26/Apr/2025:15:25:29 -0400] "POST /wp-cron.php?doing_wp_cron=1745695528.8648829460144042968750 HTTP/1.1" 200 0 "-" "WordPress/6.8; https://kneespine.com"
66.29.132.124 - - [26/Apr/2025:15:25:29 -0400] "POST /wp-cron.php?doing_wp_cron=1745695528.8657259941101074218750 HTTP/1.1" 200 0 "-" "WordPress/6.8; https://kneespine.com"
115.167.10.125 - - [26/Apr/2025:15:25:21 -0400] "GET /nxogqirz HTTP/1.1" 200 0 "-" "Mozilla/5.0 (Windows NT 10.0; Win64; x64) AppleWebKit/537.36 (KHTML, like Gecko) Chrome/118.0.0.0 Safari/537.36"
66.29.132.124 - - [26/Apr/2025:15:25:31 -0400] "POST /wp-admin/admin-ajax.php?action=async_litespeed&nonce=jr5LrsLL2F2CWvUPbOyoFmLSAm2Hk3Oh&litespeed_type=imgoptm HTTP/1.1" 200 0 "-" "WordPress/6.8; https://kneespine.com"
198.145.48.183 - - [26/Apr/2025:15:25:32 -0400] "GET /cbzysdpm HTTP/1.1" 200 0 "-" "Mozilla/5.0 (Windows NT 10.0; Win64; x64) AppleWebKit/537.36 (KHTML, like Gecko) Chrome/117.0.0.0 Safari/537.36"
198.145.49.224 - - [26/Apr/2025:15:25:27 -0400] "GET /cbzysdpm HTTP/1.1" 404 15197 "-" "Mozilla/5.0 (Macintosh; Intel Mac OS X 10_15_7) AppleWebKit/605.1.15 (KHTML, like Gecko) Version/17.3 Safari/605.1.15"
66.180.131.139 - - [26/Apr/2025:15:25:24 -0400] "GET /nxogqirz HTTP/1.1" 404 15197 "-" "Mozilla/5.0 (Macintosh; Intel Mac OS X 10_15_7) AppleWebKit/537.36 (KHTML, like Gecko) Chrome/121.0.0.0 Safari/537.36"
85.208.96.202 - - [26/Apr/2025:15:30:29 -0400] "GET /wp-includes/sodium_compat/namespaced/File.php HTTP/1.1" 500 0 "-" "Mozilla/5.0 (compatible; SemrushBot/7~bl; +http://www.semrush.com/bot.html)"
66.29.132.124 - - [26/Apr/2025:15:32:13 -0400] "POST /wp-cron.php?doing_wp_cron=1745695933.7690310478210449218750 HTTP/1.1" 200 0 "-" "WordPress/6.8; https://kneespine.com"
117.62.235.53 - - [26/Apr/2025:15:32:06 -0400] "GET / HTTP/1.1" 301 0 "http://www.kneespine.com" "Mozilla/5.0 (iPhone; CPU iPhone OS 13_2_3 like Mac OS X) AppleWebKit/605.1.15 (KHTML, like Gecko) Version/13.0.3 Mobile/15E148 Safari/604.1"
117.62.235.53 - - [26/Apr/2025:15:32:15 -0400] "GET / HTTP/1.1" 200 31790 "https://www.kneespine.com/" "Mozilla/5.0 (iPhone; CPU iPhone OS 13_2_3 like Mac OS X) AppleWebKit/605.1.15 (KHTML, like Gecko) Version/13.0.3 Mobile/15E148 Safari/604.1"
66.29.132.124 - - [26/Apr/2025:15:32:29 -0400] "POST /wp-admin/admin-ajax.php?action=async_litespeed&nonce=hkS4cXPEvdh9srFR8V7F72gC7deAX3fY&litespeed_type=imgoptm HTTP/1.1" 200 0 "-" "WordPress/6.8; https://kneespine.com"
69.57.162.2 - - [26/Apr/2025:15:32:42 -0400] "POST /wp-login.php HTTP/1.1" 200 1962 "https://kneespine.com" "Mozilla/5.0 (Macintosh; Intel Mac OS X 10_15_7) AppleWebKit/537.36 (KHTML, like Gecko) Chrome/113.0.5672.93 Safari/537.36"
54.36.148.249 - - [26/Apr/2025:15:33:34 -0400] "GET /wp-includes/class-wp-http-encoding.php HTTP/1.1" 200 0 "-" "Mozilla/5.0 (compatible; AhrefsBot/7.0; +http://ahrefs.com/robot/)"
162.0.235.223 - - [26/Apr/2025:15:40:04 -0400] "POST /wp-login.php HTTP/1.1" 200 0 "https://kneespine.com" "Mozilla/5.0 (Windows NT 10.0; Win64; x64) AppleWebKit/537.36 (KHTML, like Gecko) Chrome/115.0.5790.171 Safari/537.36 Edg/115.0.1901.203"
66.29.132.124 - - [26/Apr/2025:15:40:17 -0400] "POST /wp-cron.php?doing_wp_cron=1745696416.7331640720367431640625 HTTP/1.1" 200 0 "-" "WordPress/6.8; https://kneespine.com"
66.29.132.124 - - [26/Apr/2025:15:40:17 -0400] "POST /wp-admin/admin-ajax.php?action=async_litespeed&nonce=GRAryAr0CegO6TbNdwsIuzzbYmp4qaCL&litespeed_type=imgoptm HTTP/1.1" 200 0 "-" "WordPress/6.8; https://kneespine.com"
66.29.132.124 - - [26/Apr/2025:15:44:22 -0400] "POST /wp-cron.php?doing_wp_cron=1745696661.9625930786132812500000 HTTP/1.1" 200 0 "-" "WordPress/6.8; https://kneespine.com"
51.68.229.140 - - [26/Apr/2025:15:44:20 -0400] "POST /xmlrpc.php HTTP/1.1" 200 403 "-" "Mozilla/5.0 (Windows NT 6.3; Win64; x64) AppleWebKit/537.36 (KHTML, like Gecko) Chrome/60.0.3112.113 Safari/537.36"
103.159.51.29 - - [26/Apr/2025:15:44:21 -0400] "POST /xmlrpc.php HTTP/1.1" 200 403 "-" "Mozilla/5.0 (Windows NT 10.0; Win64; x64) AppleWebKit/537.36 (KHTML, like Gecko) Chrome/83.0.4103.116 Safari/537.36"
66.29.132.124 - - [26/Apr/2025:15:44:22 -0400] "POST /wp-admin/admin-ajax.php?action=async_litespeed&nonce=VE30mTm1EaG9zSyACCtUWdokQ7xVR0Aw&litespeed_type=imgoptm HTTP/1.1" 200 0 "-" "WordPress/6.8; https://kneespine.com"
66.29.132.124 - - [26/Apr/2025:15:44:23 -0400] "POST /wp-admin/admin-ajax.php?action=as_async_request_queue_runner&nonce=3f8523bb47 HTTP/1.1" 200 0 "-" "WordPress/6.8; https://kneespine.com"
38.242.195.179 - - [26/Apr/2025:15:44:28 -0400] "POST /xmlrpc.php HTTP/1.1" 200 403 "-" "Mozilla/5.0 (Windows NT 10.0) AppleWebKit/537.36 (KHTML, like Gecko) Chrome/91.0.4472.114 Safari/537.36"
66.29.132.124 - - [26/Apr/2025:15:44:32 -0400] "POST /wp-cron.php?doing_wp_cron=1745696672.3211100101470947265625 HTTP/1.1" 200 0 "-" "WordPress/6.8; https://kneespine.com"
34.87.228.107 - - [26/Apr/2025:15:44:31 -0400] "POST /xmlrpc.php HTTP/1.1" 200 403 "-" "Mozilla/5.0 (Windows NT 10.0; WOW64) AppleWebKit/537.36 (KHTML, like Gecko) Chrome/72.0.3626.121 Safari/537.36"
185.88.154.204 - - [26/Apr/2025:15:44:36 -0400] "POST /xmlrpc.php HTTP/1.1" 200 403 "-" "Mozilla/5.0 (Windows NT 5.1; rv:40.0) Gecko/20100101 Firefox/40.0"
118.27.125.50 - - [26/Apr/2025:15:44:41 -0400] "POST /xmlrpc.php HTTP/1.1" 200 403 "-" "Mozilla/5.0 (Windows NT 10.0; Win64; x64) AppleWebKit/537.36 (KHTML, like Gecko) Chrome/87.0.4280.88 Safari/537.36"
51.158.145.134 - - [26/Apr/2025:15:44:45 -0400] "POST /xmlrpc.php HTTP/1.1" 200 403 "-" "Mozilla/5.0 (Windows NT 10.0; Win64; x64) AppleWebKit/537.36 (KHTML, like Gecko) Chrome/83.0.4103.116 Safari/537.36"
149.56.127.123 - - [26/Apr/2025:15:44:48 -0400] "POST /xmlrpc.php HTTP/1.1" 200 403 "-" "Mozilla/5.0 (Windows NT 10.0; Win64; x64; rv:62.0) Gecko/20100101 Firefox/62.0"
85.208.96.194 - - [26/Apr/2025:15:45:06 -0400] "GET /wp-includes/rest-api/fields/class-wp-rest-term-meta-fields.php HTTP/1.1" 500 0 "-" "Mozilla/5.0 (compatible; SemrushBot/7~bl; +http://www.semrush.com/bot.html)"
66.29.132.124 - - [26/Apr/2025:15:49:58 -0400] "POST /wp-cron.php?doing_wp_cron=1745696998.2196009159088134765625 HTTP/1.1" 200 0 "-" "WordPress/6.8; https://kneespine.com"
205.210.31.156 - - [26/Apr/2025:15:49:56 -0400] "GET / HTTP/1.1" 301 0 "http://66.29.132.124:80/" "-"
205.210.31.156 - - [26/Apr/2025:15:49:59 -0400] "GET / HTTP/1.1" 200 177599 "-" "-"
66.29.132.124 - - [26/Apr/2025:15:49:58 -0400] "POST /wp-admin/admin-ajax.php?action=async_litespeed&nonce=7R9zN2UR2r0iNueHHMHfzDfSAIDxO2pS&litespeed_type=imgoptm HTTP/1.1" 200 0 "-" "WordPress/6.8; https://kneespine.com"
66.29.132.124 - - [26/Apr/2025:15:49:58 -0400] "POST /wp-admin/admin-ajax.php?action=as_async_request_queue_runner&nonce=3f8523bb47 HTTP/1.1" 200 0 "-" "WordPress/6.8; https://kneespine.com"
66.29.132.124 - - [26/Apr/2025:15:50:13 -0400] "POST /wp-cron.php?doing_wp_cron=1745697013.3223099708557128906250 HTTP/1.1" 200 0 "-" "WordPress/6.8; https://kneespine.com"
66.29.132.124 - - [26/Apr/2025:15:50:13 -0400] "POST /wp-admin/admin-ajax.php?action=as_async_request_queue_runner&nonce=3f8523bb47 HTTP/1.1" 200 0 "-" "WordPress/6.8; https://kneespine.com"
185.191.171.3 - - [26/Apr/2025:16:06:42 -0400] "GET /robots.txt HTTP/1.1" 200 110 "-" "Mozilla/5.0 (compatible; SemrushBot/7~bl; +http://www.semrush.com/bot.html)"
185.191.171.5 - - [26/Apr/2025:16:06:43 -0400] "GET /wp-includes/SimplePie/src/SimplePie.php HTTP/1.1" 200 0 "-" "Mozilla/5.0 (compatible; SemrushBot/7~bl; +http://www.semrush.com/bot.html)"
185.191.171.14 - - [26/Apr/2025:16:08:43 -0400] "GET /wp-includes/SimplePie/src/Content/ HTTP/1.1" 200 775 "-" "Mozilla/5.0 (compatible; SemrushBot/7~bl; +http://www.semrush.com/bot.html)"
85.208.96.210 - - [26/Apr/2025:16:13:32 -0400] "GET /wp-includes/rest-api/endpoints/class-wp-rest-plugins-controller.php HTTP/1.1" 500 0 "-" "Mozilla/5.0 (compatible; SemrushBot/7~bl; +http://www.semrush.com/bot.html)"
185.191.171.9 - - [26/Apr/2025:16:15:30 -0400] "GET /wp-includes/Requests/src/Port.php HTTP/1.1" 200 0 "-" "Mozilla/5.0 (compatible; SemrushBot/7~bl; +http://www.semrush.com/bot.html)"
85.208.96.206 - - [26/Apr/2025:16:15:55 -0400] "GET /wp-includes/SimplePie/src/Locator.php HTTP/1.1" 500 0 "-" "Mozilla/5.0 (compatible; SemrushBot/7~bl; +http://www.semrush.com/bot.html)"
85.208.96.200 - - [26/Apr/2025:16:21:13 -0400] "GET /wp-includes/rest-api/endpoints/class-wp-rest-comments-controller.php HTTP/1.1" 500 0 "-" "Mozilla/5.0 (compatible; SemrushBot/7~bl; +http://www.semrush.com/bot.html)"
185.191.171.18 - - [26/Apr/2025:16:22:28 -0400] "GET /wp-includes/SimplePie/src/File.php HTTP/1.1" 200 0 "-" "Mozilla/5.0 (compatible; SemrushBot/7~bl; +http://www.semrush.com/bot.html)"
69.171.231.2 - - [26/Apr/2025:16:27:57 -0400] "GET /robots.txt HTTP/1.1" 200 114 "-" "facebookexternalhit/1.1 (+http://www.facebook.com/externalhit_uatext.php)"
69.167.12.44 - - [26/Apr/2025:16:28:42 -0400] "GET / HTTP/1.1" 200 31790 "http://kneespine.com" "Go-http-client/1.1"
69.167.12.44 - - [26/Apr/2025:16:28:43 -0400] "GET /wp-admin/setup-config.php?step=1&language=en_GB HTTP/1.1" 409 1222 "-" "Mozilla/5.0 (Windows NT 10.0; Win64; x64) AppleWebKit/537.36 (KHTML, like Gecko) Edge/115.0.0.0"
66.29.132.124 - - [26/Apr/2025:16:28:45 -0400] "POST /wp-cron.php?doing_wp_cron=1745699325.7693309783935546875000 HTTP/1.1" 200 0 "-" "WordPress/6.8; https://kneespine.com"
69.167.12.44 - - [26/Apr/2025:16:28:45 -0400] "GET /wp-admin/install.php?step=1&language=en_GB HTTP/1.1" 200 514 "-" "Mozilla/5.0 (iPad; CPU OS 16_4 like Mac OS X) AppleWebKit/605.1.15 (KHTML, like Gecko) Version/16.4 Mobile/15E148 Safari/604.1"
66.29.132.124 - - [26/Apr/2025:16:28:50 -0400] "POST /wp-cron.php?doing_wp_cron=1745699330.0472469329833984375000 HTTP/1.1" 200 0 "-" "WordPress/6.8; https://kneespine.com"
66.29.132.124 - - [26/Apr/2025:16:28:50 -0400] "POST /wp-admin/admin-ajax.php?action=async_litespeed&nonce=wt9UTioESURgfBFfip8WapQDe323cSPt&litespeed_type=imgoptm HTTP/1.1" 200 0 "-" "WordPress/6.8; https://kneespine.com"
66.29.132.124 - - [26/Apr/2025:16:28:52 -0400] "POST /wp-admin/admin-ajax.php?action=as_async_request_queue_runner&nonce=3f8523bb47 HTTP/1.1" 200 0 "-" "WordPress/6.8; https://kneespine.com"
69.167.12.44 - - [26/Apr/2025:16:28:46 -0400] "GET /wordpress/wp-admin/setup-config.php?step=1&language=en_GB HTTP/1.1" 404 15196 "-" "Mozilla/5.0 (Windows NT 10.0; Win64; x64; rv:108.0) Gecko/20100101 Firefox/108.0"
69.167.12.44 - - [26/Apr/2025:16:28:54 -0400] "GET /wordpress/wp-admin/install.php?step=1&language=en_GB HTTP/1.1" 404 15196 "-" "Mozilla/5.0 (Macintosh; Intel Mac OS X 10_15_7) AppleWebKit/605.1.15 (KHTML, like Gecko) Version/15.1 Safari/605.1.15"
69.167.12.44 - - [26/Apr/2025:16:28:54 -0400] "GET /wp/wp-admin/setup-config.php?step=1&language=en_GB HTTP/1.1" 404 15196 "-" "Mozilla/5.0 (iPhone; CPU iPhone OS 16_4 like Mac OS X) AppleWebKit/605.1.15 (KHTML, like Gecko) Version/16.4 Mobile/15E148 Safari/604.1"
69.167.12.44 - - [26/Apr/2025:16:28:55 -0400] "GET /wp/wp-admin/install.php?step=1&language=en_GB HTTP/1.1" 404 15196 "-" "Mozilla/5.0 (Windows NT 10.0; Win64; x64) AppleWebKit/537.36 (KHTML, like Gecko) Chrome/115.0.0.0 Safari/537.36"
69.167.12.44 - - [26/Apr/2025:16:28:56 -0400] "GET /new/wp-admin/setup-config.php?step=1&language=en_GB HTTP/1.1" 404 15196 "-" "Mozilla/5.0 (X11; Linux x86_64) AppleWebKit/537.36 (KHTML, like Gecko) Chrome/115.0.0.0 Safari/537.36"
69.167.12.44 - - [26/Apr/2025:16:28:57 -0400] "GET /new/wp-admin/install.php?step=1&language=en_GB HTTP/1.1" 404 15196 "-" "Mozilla/5.0 (X11; Linux x86_64) AppleWebKit/537.36 (KHTML, like Gecko) Chrome/115.0.0.0 Safari/537.36"
69.167.12.44 - - [26/Apr/2025:16:28:58 -0400] "GET /old/wp-admin/setup-config.php?step=1&language=en_GB HTTP/1.1" 404 15196 "-" "Mozilla/5.0 (Macintosh; Intel Mac OS X 10_15_7) AppleWebKit/605.1.15 (KHTML, like Gecko) Version/15.1 Safari/605.1.15"
66.29.132.124 - - [26/Apr/2025:16:29:00 -0400] "POST /wp-cron.php?doing_wp_cron=1745699340.0360510349273681640625 HTTP/1.1" 200 0 "-" "WordPress/6.8; https://kneespine.com"
69.167.12.44 - - [26/Apr/2025:16:28:59 -0400] "GET /old/wp-admin/install.php?step=1&language=en_GB HTTP/1.1" 404 15196 "-" "Mozilla/5.0 (Windows NT 10.0; Win64; x64) AppleWebKit/537.36 (KHTML, like Gecko) Edge/115.0.0.0"
66.29.132.124 - - [26/Apr/2025:16:29:00 -0400] "POST /wp-admin/admin-ajax.php?action=async_litespeed&nonce=2Ja1KYk2PTwCJA1sRYA4nCNMHMfg2AoR&litespeed_type=imgoptm HTTP/1.1" 200 21 "-" "WordPress/6.8; https://kneespine.com"
69.167.12.44 - - [26/Apr/2025:16:29:01 -0400] "GET /blog/wp-admin/setup-config.php?step=1&language=en_GB HTTP/1.1" 404 15196 "-" "Mozilla/5.0 (Windows NT 10.0; Win64; x64; rv:108.0) Gecko/20100101 Firefox/108.0"
69.167.12.44 - - [26/Apr/2025:16:29:01 -0400] "GET /blog/wp-admin/install.php?step=1&language=en_GB HTTP/1.1" 404 15196 "-" "Mozilla/5.0 (Macintosh; Intel Mac OS X 10_15_7) AppleWebKit/605.1.15 (KHTML, like Gecko) Version/15.1 Safari/605.1.15"
69.167.12.44 - - [26/Apr/2025:16:29:02 -0400] "GET /test/wp-admin/setup-config.php?step=1&language=en_GB HTTP/1.1" 404 15196 "-" "Mozilla/5.0 (Windows NT 10.0; Win64; x64; rv:108.0) Gecko/20100101 Firefox/108.0"
69.167.12.44 - - [26/Apr/2025:16:29:03 -0400] "GET /test/wp-admin/install.php?step=1&language=en_GB HTTP/1.1" 404 15196 "-" "Mozilla/5.0 (iPhone; CPU iPhone OS 16_4 like Mac OS X) AppleWebKit/605.1.15 (KHTML, like Gecko) Version/16.4 Mobile/15E148 Safari/604.1"
69.167.12.44 - - [26/Apr/2025:16:29:04 -0400] "GET /shop/wp-admin/setup-config.php?step=1&language=en_GB HTTP/1.1" 404 15196 "-" "Mozilla/5.0 (iPad; CPU OS 16_4 like Mac OS X) AppleWebKit/605.1.15 (KHTML, like Gecko) Version/16.4 Mobile/15E148 Safari/604.1"
66.29.132.124 - - [26/Apr/2025:16:29:06 -0400] "POST /wp-cron.php?doing_wp_cron=1745699346.2326440811157226562500 HTTP/1.1" 200 0 "-" "WordPress/6.8; https://kneespine.com"
69.167.12.44 - - [26/Apr/2025:16:29:05 -0400] "GET /shop/wp-admin/install.php?step=1&language=en_GB HTTP/1.1" 404 15196 "-" "Mozilla/5.0 (Windows NT 10.0; Win64; x64) AppleWebKit/537.36 (KHTML, like Gecko) Chrome/115.0.0.0 Safari/537.36"
85.208.96.204 - - [26/Apr/2025:16:36:03 -0400] "GET /about-us/ HTTP/1.1" 200 22251 "-" "Mozilla/5.0 (compatible; SemrushBot/7~bl; +http://www.semrush.com/bot.html)"
185.191.171.15 - - [26/Apr/2025:16:36:50 -0400] "GET /wp-includes/rest-api/endpoints/class-wp-rest-template-autosaves-controller.php HTTP/1.1" 500 0 "-" "Mozilla/5.0 (compatible; SemrushBot/7~bl; +http://www.semrush.com/bot.html)"
185.191.171.15 - - [26/Apr/2025:16:37:43 -0400] "GET /wp-includes/rest-api/endpoints/class-wp-rest-widget-types-controller.php HTTP/1.1" 500 0 "-" "Mozilla/5.0 (compatible; SemrushBot/7~bl; +http://www.semrush.com/bot.html)"
85.208.96.195 - - [26/Apr/2025:16:39:10 -0400] "GET /wp-includes/SimplePie/src/HTTP/ HTTP/1.1" 200 790 "-" "Mozilla/5.0 (compatible; SemrushBot/7~bl; +http://www.semrush.com/bot.html)"
198.98.61.49 - - [26/Apr/2025:16:42:15 -0400] "GET /wp-login.php HTTP/1.1" 200 5847 "-" "Mozilla/5.0 (Macintosh; Intel Mac OS X 10_6_8) AppleWebKit/537.36 (KHTML, like Gecko) Chrome/36.0.1985.125 Safari/537.36"
66.29.132.124 - - [26/Apr/2025:16:42:21 -0400] "POST /wp-cron.php?doing_wp_cron=1745700141.2382240295410156250000 HTTP/1.1" 200 0 "-" "WordPress/6.8; https://kneespine.com"
198.98.61.49 - - [26/Apr/2025:16:42:16 -0400] "POST /wp-login.php HTTP/1.1" 200 6103 "-" "Mozilla/5.0 (Macintosh; Intel Mac OS X 10_6_8) AppleWebKit/537.36 (KHTML, like Gecko) Chrome/36.0.1985.125 Safari/537.36"
66.29.132.124 - - [26/Apr/2025:16:42:21 -0400] "POST /wp-admin/admin-ajax.php?action=async_litespeed&nonce=YgMAcZL8OQyqdysJM4pbcmt5c5d033sW&litespeed_type=imgoptm HTTP/1.1" 200 0 "-" "WordPress/6.8; https://kneespine.com"
66.29.132.124 - - [26/Apr/2025:16:42:22 -0400] "POST /wp-admin/admin-ajax.php?action=as_async_request_queue_runner&nonce=3f8523bb47 HTTP/1.1" 200 0 "-" "WordPress/6.8; https://kneespine.com"
85.208.96.200 - - [26/Apr/2025:16:46:57 -0400] "GET /wp-includes/Requests/src/Iri.php HTTP/1.1" 200 0 "-" "Mozilla/5.0 (compatible; SemrushBot/7~bl; +http://www.semrush.com/bot.html)"
85.208.96.202 - - [26/Apr/2025:16:50:31 -0400] "GET /wp-includes/Text/Diff/Renderer.php HTTP/1.1" 200 0 "-" "Mozilla/5.0 (compatible; SemrushBot/7~bl; +http://www.semrush.com/bot.html)"
185.191.171.13 - - [26/Apr/2025:17:05:32 -0400] "GET /wp-includes/SimplePie/src/Gzdecode.php HTTP/1.1" 200 0 "-" "Mozilla/5.0 (compatible; SemrushBot/7~bl; +http://www.semrush.com/bot.html)"
85.208.96.203 - - [26/Apr/2025:17:05:44 -0400] "GET /appointment/ HTTP/1.1" 200 21188 "-" "Mozilla/5.0 (compatible; SemrushBot/7~bl; +http://www.semrush.com/bot.html)"
85.208.96.207 - - [26/Apr/2025:17:08:11 -0400] "GET /robots.txt HTTP/1.1" 200 110 "-" "Mozilla/5.0 (compatible; SemrushBot/7~bl; +http://www.semrush.com/bot.html)"
185.191.171.4 - - [26/Apr/2025:17:08:12 -0400] "GET /wp-includes/SimplePie/src/Cache/ HTTP/1.1" 200 1402 "-" "Mozilla/5.0 (compatible; SemrushBot/7~bl; +http://www.semrush.com/bot.html)"
85.208.96.198 - - [26/Apr/2025:17:09:36 -0400] "GET /wp-includes/SimplePie/src/Source.php HTTP/1.1" 500 0 "-" "Mozilla/5.0 (compatible; SemrushBot/7~bl; +http://www.semrush.com/bot.html)"
85.208.96.204 - - [26/Apr/2025:17:11:20 -0400] "GET /wp-includes/SimplePie/src/IRI.php HTTP/1.1" 200 0 "-" "Mozilla/5.0 (compatible; SemrushBot/7~bl; +http://www.semrush.com/bot.html)"
85.208.96.196 - - [26/Apr/2025:17:14:49 -0400] "GET /wp-includes/rest-api/endpoints/class-wp-rest-blocks-controller.php HTTP/1.1" 500 0 "-" "Mozilla/5.0 (compatible; SemrushBot/7~bl; +http://www.semrush.com/bot.html)"
85.208.96.203 - - [26/Apr/2025:17:21:07 -0400] "GET /wp-includes/SimplePie/src/Misc.php HTTP/1.1" 200 0 "-" "Mozilla/5.0 (compatible; SemrushBot/7~bl; +http://www.semrush.com/bot.html)"
54.36.149.103 - - [26/Apr/2025:17:29:10 -0400] "GET /wp-includes/class-wp-recovery-mode-email-service.php HTTP/1.1" 200 0 "-" "Mozilla/5.0 (compatible; AhrefsBot/7.0; +http://ahrefs.com/robot/)"
185.191.171.10 - - [26/Apr/2025:17:46:14 -0400] "GET /wp-includes/css/dist/list-reusable-blocks/ HTTP/1.1" 200 851 "-" "Mozilla/5.0 (compatible; SemrushBot/7~bl; +http://www.semrush.com/bot.html)"
66.29.132.124 - - [26/Apr/2025:17:57:35 -0400] "POST /wp-cron.php?doing_wp_cron=1745704655.7902669906616210937500 HTTP/1.1" 200 0 "-" "WordPress/6.8; https://kneespine.com"
38.242.195.179 - - [26/Apr/2025:17:57:30 -0400] "POST /xmlrpc.php HTTP/1.1" 200 403 "-" "Mozilla/5.0 (Linux; Android 10; LM-Q710(FGN)) AppleWebKit/537.36 (KHTML, like Gecko) Chrome/91.0.4472.114 Mobile Safari/537.36"
198.54.120.17 - - [26/Apr/2025:17:57:29 -0400] "POST /xmlrpc.php HTTP/1.1" 200 403 "-" "Mozilla/5.0 (Windows NT 10.0; Win64; x64; rv:66.0) Gecko/20100101 Firefox/66.0"
66.29.132.124 - - [26/Apr/2025:17:57:36 -0400] "POST /wp-admin/admin-ajax.php?action=async_litespeed&nonce=SyP0wDK89cYJUXsmNnyA9BHHkgqqlkhG&litespeed_type=imgoptm HTTP/1.1" 200 0 "-" "WordPress/6.8; https://kneespine.com"
66.29.132.124 - - [26/Apr/2025:17:57:37 -0400] "POST /wp-admin/admin-ajax.php?action=as_async_request_queue_runner&nonce=3f8523bb47 HTTP/1.1" 200 0 "-" "WordPress/6.8; https://kneespine.com"
66.29.132.124 - - [26/Apr/2025:17:57:45 -0400] "POST /wp-cron.php?doing_wp_cron=1745704665.1086230278015136718750 HTTP/1.1" 200 0 "-" "WordPress/6.8; https://kneespine.com"
104.207.158.139 - - [26/Apr/2025:17:57:44 -0400] "POST /xmlrpc.php HTTP/1.1" 200 403 "-" "Mozilla/5.0 (Windows NT 10.0; Win64; x64; rv:66.0) Gecko/20100101 Firefox/66.0"
66.29.132.124 - - [26/Apr/2025:17:57:57 -0400] "POST /wp-cron.php?doing_wp_cron=1745704677.5812880992889404296875 HTTP/1.1" 200 0 "-" "WordPress/6.8; https://kneespine.com"
37.9.175.163 - - [26/Apr/2025:17:57:57 -0400] "POST /xmlrpc.php HTTP/1.1" 200 403 "-" "Mozilla/5.0 (Windows NT 10.0; Win64; x64) AppleWebKit/537.36 (KHTML, like Gecko) Chrome/90.0.4430.212 Safari/537.36"
66.29.132.124 - - [26/Apr/2025:17:57:57 -0400] "POST /wp-admin/admin-ajax.php?action=async_litespeed&nonce=0NJueTjxjlutCQ4voUuPOIbn34mDjwrq&litespeed_type=imgoptm HTTP/1.1" 200 21 "-" "WordPress/6.8; https://kneespine.com"
101.126.80.238 - - [26/Apr/2025:17:58:00 -0400] "POST /xmlrpc.php HTTP/1.1" 200 403 "-" "Mozilla/5.0 (Windows NT 10.0) AppleWebKit/537.36 (KHTML, like Gecko) Chrome/91.0.4472.114 Safari/537.36"
5.44.111.184 - - [26/Apr/2025:17:58:03 -0400] "POST /xmlrpc.php HTTP/1.1" 200 403 "-" "Mozilla/5.0 (Windows NT 6.1; WOW64; rv:17.0) Gecko/20100101 Firefox/17.0"
142.93.213.178 - - [26/Apr/2025:17:58:05 -0400] "POST /xmlrpc.php HTTP/1.1" 200 403 "-" "Mozilla/5.0 (Windows NT 6.1; Win64; x64) AppleWebKit/537.36 (KHTML, like Gecko) Chrome/79.0.3945.88 Safari/537.36"
66.29.132.124 - - [26/Apr/2025:17:58:07 -0400] "POST /wp-cron.php?doing_wp_cron=1745704687.6298630237579345703125 HTTP/1.1" 200 0 "-" "WordPress/6.8; https://kneespine.com"
194.163.164.140 - - [26/Apr/2025:17:58:07 -0400] "POST /xmlrpc.php HTTP/1.1" 200 403 "-" "Mozilla/5.0 (Windows NT 10.0; Win64; x64) AppleWebKit/537.36 (KHTML, like Gecko) Chrome/88.0.4324.104 Safari/537.36"
85.10.137.175 - - [26/Apr/2025:17:58:07 -0400] "POST /xmlrpc.php HTTP/1.1" 200 403 "-" "Mozilla/5.0 (Windows NT 10.0; Win64; x64; rv:84.0) Gecko/20100101 Firefox/84.0"
194.163.164.140 - - [26/Apr/2025:17:58:08 -0400] "POST /xmlrpc.php HTTP/1.1" 200 403 "-" "Mozilla/5.0 (Linux; Android 10; SM-A205U) AppleWebKit/537.36 (KHTML, like Gecko) Chrome/91.0.4472.114 Mobile Safari/537.36"
194.163.164.140 - - [26/Apr/2025:17:58:21 -0400] "POST /xmlrpc.php HTTP/1.1" 200 403 "-" "Mozilla/5.0 (Windows NT 6.2; Win64; x64) AppleWebKit/537.36 (KHTML, like Gecko) Chrome/60.0.3112.90 Safari/537.36"
34.126.208.38 - - [26/Apr/2025:17:58:24 -0400] "POST /xmlrpc.php HTTP/1.1" 200 403 "-" "Mozilla/5.0 (Windows NT 5.1; rv:7.0.1) Gecko/20100101 Firefox/7.0.1"
35.205.143.78 - - [26/Apr/2025:17:58:30 -0400] "POST /xmlrpc.php HTTP/1.1" 200 403 "-" "Mozilla/5.0 (Linux; Android 10; SM-A205U) AppleWebKit/537.36 (KHTML, like Gecko) Chrome/91.0.4472.114 Mobile Safari/537.36"
85.208.96.204 - - [26/Apr/2025:17:58:43 -0400] "GET /wp-includes/rest-api/endpoints/class-wp-rest-attachments-controller.php HTTP/1.1" 500 0 "-" "Mozilla/5.0 (compatible; SemrushBot/7~bl; +http://www.semrush.com/bot.html)"
85.208.96.210 - - [26/Apr/2025:18:03:44 -0400] "GET /wp-includes/css/dist/components/ HTTP/1.1" 200 863 "-" "Mozilla/5.0 (compatible; SemrushBot/7~bl; +http://www.semrush.com/bot.html)"
85.208.96.197 - - [26/Apr/2025:18:12:57 -0400] "GET /robots.txt HTTP/1.1" 200 110 "-" "Mozilla/5.0 (compatible; SemrushBot/7~bl; +http://www.semrush.com/bot.html)"
185.191.171.1 - - [26/Apr/2025:18:12:58 -0400] "GET /wp-includes/Requests/src/Cookie/ HTTP/1.1" 200 787 "-" "Mozilla/5.0 (compatible; SemrushBot/7~bl; +http://www.semrush.com/bot.html)"
4.227.36.97 - - [26/Apr/2025:18:13:11 -0400] "GET /robots.txt HTTP/1.1" 200 95 "-" "Mozilla/5.0 AppleWebKit/537.36 (KHTML, like Gecko; compatible; GPTBot/1.2; +https://openai.com/gptbot)"
20.171.207.161 - - [26/Apr/2025:18:13:11 -0400] "GET /wp-content/uploads/elementor/google-fonts/fonts/opensans-memvyags126mizpba-uvwbx2vvnxbbobj2ovtsgmu1ab.woff2 HTTP/1.1" 200 35328 "-" "Mozilla/5.0 AppleWebKit/537.36 (KHTML, like Gecko; compatible; GPTBot/1.2; +https://openai.com/gptbot)"
20.171.207.161 - - [26/Apr/2025:18:13:14 -0400] "GET /wp-content/uploads/elementor/google-fonts/fonts/opensans-memvyags126mizpba-uvwbx2vvnxbbobj2ovtsymu1ab.woff2 HTTP/1.1" 200 21272 "-" "Mozilla/5.0 AppleWebKit/537.36 (KHTML, like Gecko; compatible; GPTBot/1.2; +https://openai.com/gptbot)"
20.171.207.161 - - [26/Apr/2025:18:13:17 -0400] "GET /wp-content/uploads/elementor/google-fonts/fonts/opensans-memvyags126mizpba-uvwbx2vvnxbbobj2ovts2mu1ab.woff2 HTTP/1.1" 200 16516 "-" "Mozilla/5.0 AppleWebKit/537.36 (KHTML, like Gecko; compatible; GPTBot/1.2; +https://openai.com/gptbot)"
20.171.207.161 - - [26/Apr/2025:18:13:19 -0400] "GET /wp-content/uploads/elementor/google-fonts/fonts/opensans-memvyags126mizpba-uvwbx2vvnxbbobj2ovtsumu1ab.woff2 HTTP/1.1" 200 26736 "-" "Mozilla/5.0 AppleWebKit/537.36 (KHTML, like Gecko; compatible; GPTBot/1.2; +https://openai.com/gptbot)"
20.171.207.161 - - [26/Apr/2025:18:13:22 -0400] "GET /wp-content/uploads/elementor/google-fonts/fonts/opensans-memtyags126mizpba-ufuicvxscekx2cmqvxlwqw106f15m.woff2 HTTP/1.1" 200 25968 "-" "Mozilla/5.0 AppleWebKit/537.36 (KHTML, like Gecko; compatible; GPTBot/1.2; +https://openai.com/gptbot)"
20.171.207.161 - - [26/Apr/2025:18:13:24 -0400] "GET /wp-content/uploads/elementor/google-fonts/fonts/opensans-memtyags126mizpba-ufuicvxscekx2cmqvxlwqwu06f15m.woff2 HTTP/1.1" 200 17064 "-" "Mozilla/5.0 AppleWebKit/537.36 (KHTML, like Gecko; compatible; GPTBot/1.2; +https://openai.com/gptbot)"
20.171.207.161 - - [26/Apr/2025:18:13:26 -0400] "GET /wp-content/uploads/elementor/google-fonts/fonts/opensans-memvyags126mizpba-uvwbx2vvnxbbobj2ovtugmu1ab.woff2 HTTP/1.1" 200 24984 "-" "Mozilla/5.0 AppleWebKit/537.36 (KHTML, like Gecko; compatible; GPTBot/1.2; +https://openai.com/gptbot)"
20.171.207.161 - - [26/Apr/2025:18:13:27 -0400] "GET /wp-content/uploads/elementor/google-fonts/fonts/opensans-memvyags126mizpba-uvwbx2vvnxbbobj2ovts-muw.woff2 HTTP/1.1" 200 48236 "-" "Mozilla/5.0 AppleWebKit/537.36 (KHTML, like Gecko; compatible; GPTBot/1.2; +https://openai.com/gptbot)"
20.171.207.161 - - [26/Apr/2025:18:13:29 -0400] "GET /wp-content/uploads/elementor/google-fonts/fonts/opensans-memtyags126mizpba-ufuicvxscekx2cmqvxlwqwt06f15m.woff2 HTTP/1.1" 200 37696 "-" "Mozilla/5.0 AppleWebKit/537.36 (KHTML, like Gecko; compatible; GPTBot/1.2; +https://openai.com/gptbot)"
20.171.207.161 - - [26/Apr/2025:18:13:30 -0400] "GET /wp-content/uploads/elementor/google-fonts/fonts/opensans-memvyags126mizpba-uvwbx2vvnxbbobj2ovtscmu1ab.woff2 HTTP/1.1" 200 16552 "-" "Mozilla/5.0 AppleWebKit/537.36 (KHTML, like Gecko; compatible; GPTBot/1.2; +https://openai.com/gptbot)"
20.171.207.161 - - [26/Apr/2025:18:13:31 -0400] "GET /wp-content/uploads/elementor/google-fonts/fonts/opensans-memvyags126mizpba-uvwbx2vvnxbbobj2ovtskmu1ab.woff2 HTTP/1.1" 200 49436 "-" "Mozilla/5.0 AppleWebKit/537.36 (KHTML, like Gecko; compatible; GPTBot/1.2; +https://openai.com/gptbot)"
20.171.207.161 - - [26/Apr/2025:18:13:33 -0400] "GET /wp-content/uploads/elementor/google-fonts/fonts/opensans-memtyags126mizpba-ufuicvxscekx2cmqvxlwqwuu6f.woff2 HTTP/1.1" 200 50296 "-" "Mozilla/5.0 AppleWebKit/537.36 (KHTML, like Gecko; compatible; GPTBot/1.2; +https://openai.com/gptbot)"
20.171.207.161 - - [26/Apr/2025:18:13:34 -0400] "GET /wp-content/uploads/elementor/google-fonts/fonts/opensans-memvyags126mizpba-uvwbx2vvnxbbobj2ovtsomu1ab.woff2 HTTP/1.1" 200 4524 "-" "Mozilla/5.0 AppleWebKit/537.36 (KHTML, like Gecko; compatible; GPTBot/1.2; +https://openai.com/gptbot)"
20.171.207.161 - - [26/Apr/2025:18:13:35 -0400] "GET /wp-content/uploads/elementor/google-fonts/fonts/opensans-memvyags126mizpba-uvwbx2vvnxbbobj2ovtvomu1ab.woff2 HTTP/1.1" 200 47136 "-" "Mozilla/5.0 AppleWebKit/537.36 (KHTML, like Gecko; compatible; GPTBot/1.2; +https://openai.com/gptbot)"
20.171.207.161 - - [26/Apr/2025:18:13:36 -0400] "GET /wp-content/uploads/elementor/google-fonts/fonts/opensans-memtyags126mizpba-ufuicvxscekx2cmqvxlwqwuk6f15m.woff2 HTTP/1.1" 200 22780 "-" "Mozilla/5.0 AppleWebKit/537.36 (KHTML, like Gecko; compatible; GPTBot/1.2; +https://openai.com/gptbot)"
20.171.207.161 - - [26/Apr/2025:18:13:37 -0400] "GET /wp-content/uploads/elementor/google-fonts/fonts/opensans-memtyags126mizpba-ufuicvxscekx2cmqvxlwqwtu6f15m.woff2 HTTP/1.1" 200 4880 "-" "Mozilla/5.0 AppleWebKit/537.36 (KHTML, like Gecko; compatible; GPTBot/1.2; +https://openai.com/gptbot)"
20.171.207.161 - - [26/Apr/2025:18:13:38 -0400] "GET /wp-content/uploads/elementor/google-fonts/fonts/opensans-memtyags126mizpba-ufuicvxscekx2cmqvxlwqwxu6f15m.woff2 HTTP/1.1" 200 50484 "-" "Mozilla/5.0 AppleWebKit/537.36 (KHTML, like Gecko; compatible; GPTBot/1.2; +https://openai.com/gptbot)"
20.171.207.161 - - [26/Apr/2025:18:13:40 -0400] "GET /wp-content/uploads/elementor/google-fonts/fonts/opensans-memtyags126mizpba-ufuicvxscekx2cmqvxlwqwvu6f15m.woff2 HTTP/1.1" 200 32204 "-" "Mozilla/5.0 AppleWebKit/537.36 (KHTML, like Gecko; compatible; GPTBot/1.2; +https://openai.com/gptbot)"
20.171.207.161 - - [26/Apr/2025:18:13:41 -0400] "GET /wp-content/uploads/elementor/google-fonts/fonts/opensans-memtyags126mizpba-ufuicvxscekx2cmqvxlwqwte6f15m.woff2 HTTP/1.1" 200 54888 "-" "Mozilla/5.0 AppleWebKit/537.36 (KHTML, like Gecko; compatible; GPTBot/1.2; +https://openai.com/gptbot)"
20.171.207.161 - - [26/Apr/2025:18:13:42 -0400] "GET /wp-content/uploads/elementor/google-fonts/fonts/opensans-memtyags126mizpba-ufuicvxscekx2cmqvxlwqwtk6f15m.woff2 HTTP/1.1" 200 17136 "-" "Mozilla/5.0 AppleWebKit/537.36 (KHTML, like Gecko; compatible; GPTBot/1.2; +https://openai.com/gptbot)"
85.208.96.210 - - [26/Apr/2025:18:15:14 -0400] "GET /wp-includes/js/dist/script-modules/ HTTP/1.1" 200 866 "-" "Mozilla/5.0 (compatible; SemrushBot/7~bl; +http://www.semrush.com/bot.html)"
223.123.22.206 - - [26/Apr/2025:18:17:49 -0400] "GET / HTTP/1.1" 200 0 "-" "Mozilla/5.0 (Linux; Android 10; K) AppleWebKit/537.36 (KHTML, like Gecko) Chrome/134.0.0.0 Mobile Safari/537.36"
66.29.132.124 - - [26/Apr/2025:18:17:52 -0400] "POST /wp-cron.php?doing_wp_cron=1745705872.7738380432128906250000 HTTP/1.1" 200 0 "-" "WordPress/6.8; https://kneespine.com"
223.123.22.206 - - [26/Apr/2025:18:17:52 -0400] "GET / HTTP/1.1" 301 0 "-" "Mozilla/5.0 (Linux; Android 10; K) AppleWebKit/537.36 (KHTML, like Gecko) Chrome/134.0.0.0 Mobile Safari/537.36"
223.123.22.206 - - [26/Apr/2025:18:17:53 -0400] "GET / HTTP/1.1" 200 26518 "-" "Mozilla/5.0 (Linux; Android 10; K) AppleWebKit/537.36 (KHTML, like Gecko) Chrome/134.0.0.0 Mobile Safari/537.36"
66.29.132.124 - - [26/Apr/2025:18:17:52 -0400] "POST /wp-admin/admin-ajax.php?action=async_litespeed&nonce=HXOlzq6255dYYhezJMxMe6b7zki0JddE&litespeed_type=imgoptm HTTP/1.1" 200 0 "-" "WordPress/6.8; https://kneespine.com"
66.29.132.124 - - [26/Apr/2025:18:17:53 -0400] "POST /wp-admin/admin-ajax.php?action=as_async_request_queue_runner&nonce=3f8523bb47 HTTP/1.1" 200 0 "-" "WordPress/6.8; https://kneespine.com"
223.123.22.206 - - [26/Apr/2025:18:17:54 -0400] "GET /wp-content/plugins/header-footer-elementor/inc/widgets-css/frontend.css?ver=2.3.0 HTTP/1.1" 200 8133 "https://kneespine.com/" "Mozilla/5.0 (Linux; Android 10; K) AppleWebKit/537.36 (KHTML, like Gecko) Chrome/134.0.0.0 Mobile Safari/537.36"
223.123.22.206 - - [26/Apr/2025:18:17:54 -0400] "GET /wp-content/plugins/header-footer-elementor/assets/css/header-footer-elementor.css?ver=2.3.0 HTTP/1.1" 200 259 "https://kneespine.com/" "Mozilla/5.0 (Linux; Android 10; K) AppleWebKit/537.36 (KHTML, like Gecko) Chrome/134.0.0.0 Mobile Safari/537.36"
223.123.22.206 - - [26/Apr/2025:18:17:54 -0400] "GET /wp-content/plugins/elementor/assets/css/frontend.min.css?ver=3.28.4 HTTP/1.1" 200 6453 "https://kneespine.com/" "Mozilla/5.0 (Linux; Android 10; K) AppleWebKit/537.36 (KHTML, like Gecko) Chrome/134.0.0.0 Mobile Safari/537.36"
223.123.22.206 - - [26/Apr/2025:18:17:54 -0400] "GET /wp-content/plugins/pro-elements/assets/css/frontend.min.css?ver=3.23.1 HTTP/1.1" 200 43409 "https://kneespine.com/" "Mozilla/5.0 (Linux; Android 10; K) AppleWebKit/537.36 (KHTML, like Gecko) Chrome/134.0.0.0 Mobile Safari/537.36"
223.123.22.206 - - [26/Apr/2025:18:17:54 -0400] "GET /wp-content/uploads/elementor/css/post-66.css?ver=1744791676 HTTP/1.1" 200 1424 "https://kneespine.com/" "Mozilla/5.0 (Linux; Android 10; K) AppleWebKit/537.36 (KHTML, like Gecko) Chrome/134.0.0.0 Mobile Safari/537.36"
223.123.22.206 - - [26/Apr/2025:18:17:54 -0400] "GET /wp-content/plugins/selection-lite/css/sticky-effect.min.css?ver=1.15 HTTP/1.1" 200 0 "https://kneespine.com/" "Mozilla/5.0 (Linux; Android 10; K) AppleWebKit/537.36 (KHTML, like Gecko) Chrome/134.0.0.0 Mobile Safari/537.36"
223.123.22.206 - - [26/Apr/2025:18:17:54 -0400] "GET /wp-content/plugins/elementor/assets/css/widget-heading.min.css?ver=3.28.4 HTTP/1.1" 200 154 "https://kneespine.com/" "Mozilla/5.0 (Linux; Android 10; K) AppleWebKit/537.36 (KHTML, like Gecko) Chrome/134.0.0.0 Mobile Safari/537.36"
223.123.22.206 - - [26/Apr/2025:18:17:54 -0400] "GET /wp-content/plugins/elementor/assets/css/widget-image.min.css?ver=3.28.4 HTTP/1.1" 200 254 "https://kneespine.com/" "Mozilla/5.0 (Linux; Android 10; K) AppleWebKit/537.36 (KHTML, like Gecko) Chrome/134.0.0.0 Mobile Safari/537.36"
223.123.22.206 - - [26/Apr/2025:18:17:54 -0400] "GET /wp-content/plugins/elementor/assets/lib/animations/styles/e-animation-grow.min.css?ver=3.28.4 HTTP/1.1" 200 198 "https://kneespine.com/" "Mozilla/5.0 (Linux; Android 10; K) AppleWebKit/537.36 (KHTML, like Gecko) Chrome/134.0.0.0 Mobile Safari/537.36"
223.123.22.206 - - [26/Apr/2025:18:17:54 -0400] "GET /wp-content/plugins/elementor/assets/css/widget-counter.min.css?ver=3.28.4 HTTP/1.1" 200 234 "https://kneespine.com/" "Mozilla/5.0 (Linux; Android 10; K) AppleWebKit/537.36 (KHTML, like Gecko) Chrome/134.0.0.0 Mobile Safari/537.36"
223.123.22.206 - - [26/Apr/2025:18:17:54 -0400] "GET /wp-content/plugins/elementor/assets/css/widget-image-box.min.css?ver=3.28.4 HTTP/1.1" 200 291 "https://kneespine.com/" "Mozilla/5.0 (Linux; Android 10; K) AppleWebKit/537.36 (KHTML, like Gecko) Chrome/134.0.0.0 Mobile Safari/537.36"
223.123.22.206 - - [26/Apr/2025:18:17:54 -0400] "GET /wp-content/plugins/elementor/assets/lib/animations/styles/fadeIn.min.css?ver=3.28.4 HTTP/1.1" 200 77 "https://kneespine.com/" "Mozilla/5.0 (Linux; Android 10; K) AppleWebKit/537.36 (KHTML, like Gecko) Chrome/134.0.0.0 Mobile Safari/537.36"
223.123.22.206 - - [26/Apr/2025:18:17:55 -0400] "GET /wp-content/plugins/elementor/assets/css/widget-icon-list.min.css?ver=3.24.3 HTTP/1.1" 200 957 "https://kneespine.com/" "Mozilla/5.0 (Linux; Android 10; K) AppleWebKit/537.36 (KHTML, like Gecko) Chrome/134.0.0.0 Mobile Safari/537.36"
223.123.22.206 - - [26/Apr/2025:18:17:55 -0400] "GET /wp-content/plugins/essential-addons-for-elementor-lite/assets/front-end/css/view/general.min.css?ver=6.1.11 HTTP/1.1" 200 1365 "https://kneespine.com/" "Mozilla/5.0 (Linux; Android 10; K) AppleWebKit/537.36 (KHTML, like Gecko) Chrome/134.0.0.0 Mobile Safari/537.36"
223.123.22.206 - - [26/Apr/2025:18:17:55 -0400] "GET /wp-content/uploads/elementor/google-fonts/css/opensans.css?ver=1742289141 HTTP/1.1" 200 1830 "https://kneespine.com/" "Mozilla/5.0 (Linux; Android 10; K) AppleWebKit/537.36 (KHTML, like Gecko) Chrome/134.0.0.0 Mobile Safari/537.36"
223.123.22.206 - - [26/Apr/2025:18:17:55 -0400] "GET /wp-content/uploads/elementor/google-fonts/css/nunitosans.css?ver=1742795905 HTTP/1.1" 200 833 "https://kneespine.com/" "Mozilla/5.0 (Linux; Android 10; K) AppleWebKit/537.36 (KHTML, like Gecko) Chrome/134.0.0.0 Mobile Safari/537.36"
223.123.22.206 - - [26/Apr/2025:18:17:55 -0400] "GET /wp-content/plugins/elementor/assets/lib/animations/styles/slideInUp.min.css?ver=3.28.4 HTTP/1.1" 200 146 "https://kneespine.com/" "Mozilla/5.0 (Linux; Android 10; K) AppleWebKit/537.36 (KHTML, like Gecko) Chrome/134.0.0.0 Mobile Safari/537.36"
223.123.22.206 - - [26/Apr/2025:18:17:55 -0400] "GET /wp-content/plugins/elementor/assets/lib/animations/styles/fadeInUp.min.css?ver=3.28.4 HTTP/1.1" 200 130 "https://kneespine.com/" "Mozilla/5.0 (Linux; Android 10; K) AppleWebKit/537.36 (KHTML, like Gecko) Chrome/134.0.0.0 Mobile Safari/537.36"
223.123.22.206 - - [26/Apr/2025:18:17:55 -0400] "GET /wp-content/plugins/elementor/assets/css/widget-google_maps.min.css?ver=3.28.4 HTTP/1.1" 200 117 "https://kneespine.com/" "Mozilla/5.0 (Linux; Android 10; K) AppleWebKit/537.36 (KHTML, like Gecko) Chrome/134.0.0.0 Mobile Safari/537.36"
223.123.22.206 - - [26/Apr/2025:18:17:55 -0400] "GET /wp-content/themes/hello-elementor/style.min.css?ver=3.3.0 HTTP/1.1" 200 1591 "https://kneespine.com/" "Mozilla/5.0 (Linux; Android 10; K) AppleWebKit/537.36 (KHTML, like Gecko) Chrome/134.0.0.0 Mobile Safari/537.36"
223.123.22.206 - - [26/Apr/2025:18:17:55 -0400] "GET /wp-content/uploads/elementor/css/post-220.css?ver=1744791681 HTTP/1.1" 200 2400 "https://kneespine.com/" "Mozilla/5.0 (Linux; Android 10; K) AppleWebKit/537.36 (KHTML, like Gecko) Chrome/134.0.0.0 Mobile Safari/537.36"
223.123.22.206 - - [26/Apr/2025:18:17:55 -0400] "GET /wp-content/uploads/elementor/css/post-225.css?ver=1744791682 HTTP/1.1" 200 1636 "https://kneespine.com/" "Mozilla/5.0 (Linux; Android 10; K) AppleWebKit/537.36 (KHTML, like Gecko) Chrome/134.0.0.0 Mobile Safari/537.36"
223.123.22.206 - - [26/Apr/2025:18:17:55 -0400] "GET /wp-content/plugins/elementor/assets/css/widget-icon-list.min.css?ver=3.28.4 HTTP/1.1" 200 957 "https://kneespine.com/" "Mozilla/5.0 (Linux; Android 10; K) AppleWebKit/537.36 (KHTML, like Gecko) Chrome/134.0.0.0 Mobile Safari/537.36"
223.123.22.206 - - [26/Apr/2025:18:17:55 -0400] "GET /wp-content/plugins/elementor/assets/css/widget-icon-box.min.css?ver=3.28.4 HTTP/1.1" 200 656 "https://kneespine.com/" "Mozilla/5.0 (Linux; Android 10; K) AppleWebKit/537.36 (KHTML, like Gecko) Chrome/134.0.0.0 Mobile Safari/537.36"
223.123.22.206 - - [26/Apr/2025:18:17:55 -0400] "GET /wp-content/themes/hello-elementor/header-footer.min.css?ver=3.3.0 HTTP/1.1" 200 1292 "https://kneespine.com/" "Mozilla/5.0 (Linux; Android 10; K) AppleWebKit/537.36 (KHTML, like Gecko) Chrome/134.0.0.0 Mobile Safari/537.36"
223.123.22.206 - - [26/Apr/2025:18:17:55 -0400] "GET /wp-content/plugins/elementor/assets/lib/animations/styles/e-animation-float.min.css?ver=3.28.4 HTTP/1.1" 200 244 "https://kneespine.com/" "Mozilla/5.0 (Linux; Android 10; K) AppleWebKit/537.36 (KHTML, like Gecko) Chrome/134.0.0.0 Mobile Safari/537.36"
223.123.22.206 - - [26/Apr/2025:18:17:55 -0400] "GET /wp-content/themes/hello-elementor/theme.min.css?ver=3.3.0 HTTP/1.1" 200 1131 "https://kneespine.com/" "Mozilla/5.0 (Linux; Android 10; K) AppleWebKit/537.36 (KHTML, like Gecko) Chrome/134.0.0.0 Mobile Safari/537.36"
223.123.22.206 - - [26/Apr/2025:18:17:55 -0400] "GET /wp-content/plugins/elementor/assets/css/widget-accordion.min.css?ver=3.28.4 HTTP/1.1" 200 377 "https://kneespine.com/" "Mozilla/5.0 (Linux; Android 10; K) AppleWebKit/537.36 (KHTML, like Gecko) Chrome/134.0.0.0 Mobile Safari/537.36"
223.123.22.206 - - [26/Apr/2025:18:17:55 -0400] "GET /wp-content/plugins/elementor/assets/lib/eicons/css/elementor-icons.min.css?ver=5.34.0 HTTP/1.1" 200 3845 "https://kneespine.com/" "Mozilla/5.0 (Linux; Android 10; K) AppleWebKit/537.36 (KHTML, like Gecko) Chrome/134.0.0.0 Mobile Safari/537.36"
223.123.22.206 - - [26/Apr/2025:18:17:55 -0400] "GET /wp-content/plugins/elementor/assets/css/widget-social-icons.min.css?ver=3.24.0 HTTP/1.1" 200 1069 "https://kneespine.com/" "Mozilla/5.0 (Linux; Android 10; K) AppleWebKit/537.36 (KHTML, like Gecko) Chrome/134.0.0.0 Mobile Safari/537.36"
223.123.22.206 - - [26/Apr/2025:18:17:55 -0400] "GET /wp-content/plugins/elementor/assets/lib/font-awesome/css/brands.css?ver=5.15.3 HTTP/1.1" 200 296 "https://kneespine.com/" "Mozilla/5.0 (Linux; Android 10; K) AppleWebKit/537.36 (KHTML, like Gecko) Chrome/134.0.0.0 Mobile Safari/537.36"
223.123.22.206 - - [26/Apr/2025:18:17:55 -0400] "GET /wp-content/plugins/elementor/assets/lib/font-awesome/css/solid.css?ver=5.15.3 HTTP/1.1" 200 296 "https://kneespine.com/" "Mozilla/5.0 (Linux; Android 10; K) AppleWebKit/537.36 (KHTML, like Gecko) Chrome/134.0.0.0 Mobile Safari/537.36"
223.123.22.206 - - [26/Apr/2025:18:17:55 -0400] "GET /wp-content/uploads/2024/07/Untitled_design__53_-removebg-preview.png HTTP/1.1" 200 49731 "https://kneespine.com/" "Mozilla/5.0 (Linux; Android 10; K) AppleWebKit/537.36 (KHTML, like Gecko) Chrome/134.0.0.0 Mobile Safari/537.36"
223.123.22.206 - - [26/Apr/2025:18:17:55 -0400] "GET /wp-content/plugins/elementor/assets/lib/font-awesome/css/fontawesome.css?ver=5.15.3 HTTP/1.1" 200 12526 "https://kneespine.com/" "Mozilla/5.0 (Linux; Android 10; K) AppleWebKit/537.36 (KHTML, like Gecko) Chrome/134.0.0.0 Mobile Safari/537.36"
223.123.22.206 - - [26/Apr/2025:18:17:55 -0400] "GET /wp-includes/js/jquery/jquery.min.js?ver=3.7.1 HTTP/1.1" 200 29744 "https://kneespine.com/" "Mozilla/5.0 (Linux; Android 10; K) AppleWebKit/537.36 (KHTML, like Gecko) Chrome/134.0.0.0 Mobile Safari/537.36"
223.123.22.206 - - [26/Apr/2025:18:17:55 -0400] "GET /wp-includes/js/jquery/jquery-migrate.min.js?ver=3.4.1 HTTP/1.1" 200 4678 "https://kneespine.com/" "Mozilla/5.0 (Linux; Android 10; K) AppleWebKit/537.36 (KHTML, like Gecko) Chrome/134.0.0.0 Mobile Safari/537.36"
223.123.22.206 - - [26/Apr/2025:18:17:55 -0400] "GET /wp-content/uploads/elementor/css/post-11.css?ver=1744797423 HTTP/1.1" 200 9335 "https://kneespine.com/" "Mozilla/5.0 (Linux; Android 10; K) AppleWebKit/537.36 (KHTML, like Gecko) Chrome/134.0.0.0 Mobile Safari/537.36"
66.29.132.124 - - [26/Apr/2025:18:17:55 -0400] "POST /wp-cron.php?doing_wp_cron=1745705875.6409699916839599609375 HTTP/1.1" 200 0 "-" "WordPress/6.8; https://kneespine.com"
66.29.132.124 - - [26/Apr/2025:18:17:55 -0400] "POST /wp-admin/admin-ajax.php?action=async_litespeed&nonce=CLJorylR8humWFaX5MibiwyVN8JRR0f9&litespeed_type=imgoptm HTTP/1.1" 200 21 "-" "WordPress/6.8; https://kneespine.com"
223.123.22.206 - - [26/Apr/2025:18:17:55 -0400] "GET /wp-content/plugins/elementor-pro/assets/css/widget-blockquote.min.css?ver=3.25.0 HTTP/1.1" 404 13123 "https://kneespine.com/" "Mozilla/5.0 (Linux; Android 10; K) AppleWebKit/537.36 (KHTML, like Gecko) Chrome/134.0.0.0 Mobile Safari/537.36"
223.123.22.206 - - [26/Apr/2025:18:17:55 -0400] "GET /wp-content/plugins/elementor-pro/assets/css/widget-mega-menu.min.css?ver=3.26.2 HTTP/1.1" 404 13123 "https://kneespine.com/" "Mozilla/5.0 (Linux; Android 10; K) AppleWebKit/537.36 (KHTML, like Gecko) Chrome/134.0.0.0 Mobile Safari/537.36"
223.123.22.206 - - [26/Apr/2025:18:17:55 -0400] "GET /wp-content/plugins/elementor-pro/assets/css/widget-nav-menu.min.css?ver=3.26.0 HTTP/1.1" 404 13123 "https://kneespine.com/" "Mozilla/5.0 (Linux; Android 10; K) AppleWebKit/537.36 (KHTML, like Gecko) Chrome/134.0.0.0 Mobile Safari/537.36"
223.123.22.206 - - [26/Apr/2025:18:17:57 -0400] "GET /wp-content/uploads/2024/07/casual-business-woman-portrait-of-a-beautiful-young-business-woman-sitting-at-her-working-place--300x200.jpg HTTP/1.1" 200 13529 "https://kneespine.com/" "Mozilla/5.0 (Linux; Android 10; K) AppleWebKit/537.36 (KHTML, like Gecko) Chrome/134.0.0.0 Mobile Safari/537.36"
223.123.22.206 - - [26/Apr/2025:18:17:57 -0400] "GET /wp-content/uploads/2024/07/portrait-of-serious-male-architect-in-office-stand-FVHYLV4-1-300x200.jpg HTTP/1.1" 200 15624 "https://kneespine.com/" "Mozilla/5.0 (Linux; Android 10; K) AppleWebKit/537.36 (KHTML, like Gecko) Chrome/134.0.0.0 Mobile Safari/537.36"
223.123.22.206 - - [26/Apr/2025:18:17:57 -0400] "GET /wp-content/uploads/2024/07/friendly-woman-patient-talking-to-psychological-co-QRBVN9Q-1-1-e1624538472451-300x285.jpg HTTP/1.1" 200 14762 "https://kneespine.com/" "Mozilla/5.0 (Linux; Android 10; K) AppleWebKit/537.36 (KHTML, like Gecko) Chrome/134.0.0.0 Mobile Safari/537.36"
223.123.22.206 - - [26/Apr/2025:18:17:58 -0400] "GET /wp-content/plugins/elementor/assets/css/widget-social-icons.min.css?ver=3.28.4 HTTP/1.1" 200 1069 "https://kneespine.com/" "Mozilla/5.0 (Linux; Android 10; K) AppleWebKit/537.36 (KHTML, like Gecko) Chrome/134.0.0.0 Mobile Safari/537.36"
223.123.22.206 - - [26/Apr/2025:18:17:58 -0400] "GET /wp-content/uploads/elementor/google-fonts/fonts/opensans-memvyags126mizpba-uvwbx2vvnxbbobj2ovts-muw.woff2 HTTP/1.1" 200 48236 "https://kneespine.com/wp-content/uploads/elementor/google-fonts/css/opensans.css?ver=1742289141" "Mozilla/5.0 (Linux; Android 10; K) AppleWebKit/537.36 (KHTML, like Gecko) Chrome/134.0.0.0 Mobile Safari/537.36"
223.123.22.206 - - [26/Apr/2025:18:17:58 -0400] "GET /wp-content/plugins/elementor/assets/lib/flatpickr/flatpickr.min.css?ver=4.6.13 HTTP/1.1" 200 2797 "https://kneespine.com/" "Mozilla/5.0 (Linux; Android 10; K) AppleWebKit/537.36 (KHTML, like Gecko) Chrome/134.0.0.0 Mobile Safari/537.36"
223.123.22.206 - - [26/Apr/2025:18:17:58 -0400] "GET /wp-content/plugins/elementor/assets/css/conditionals/apple-webkit.min.css?ver=3.28.4 HTTP/1.1" 200 472 "https://kneespine.com/" "Mozilla/5.0 (Linux; Android 10; K) AppleWebKit/537.36 (KHTML, like Gecko) Chrome/134.0.0.0 Mobile Safari/537.36"
223.123.22.206 - - [26/Apr/2025:18:17:58 -0400] "GET /wp-content/uploads/elementor/google-fonts/fonts/nunitosans-pe0tmimslybiv1o4x1m8ce2xcx3yop4tqpf_metm0lfgwvpnn64cl7u8uphzibmv51q42ptcp7t1r-s.woff2 HTTP/1.1" 200 31052 "https://kneespine.com/wp-content/uploads/elementor/google-fonts/css/nunitosans.css?ver=1742795905" "Mozilla/5.0 (Linux; Android 10; K) AppleWebKit/537.36 (KHTML, like Gecko) Chrome/134.0.0.0 Mobile Safari/537.36"
223.123.22.206 - - [26/Apr/2025:18:17:58 -0400] "GET /wp-content/uploads/elementor/thumbs/WhatsApp-Image-2024-08-20-at-14.16.00_8cdd6a52-qsviksp5cu4unsfnxn6byxxzrf0kfwr4lx2r26zqcw.jpg HTTP/1.1" 200 102084 "https://kneespine.com/" "Mozilla/5.0 (Linux; Android 10; K) AppleWebKit/537.36 (KHTML, like Gecko) Chrome/134.0.0.0 Mobile Safari/537.36"
223.123.22.206 - - [26/Apr/2025:18:17:59 -0400] "GET /wp-content/plugins/elementor/assets/css/widget-divider.min.css?ver=3.28.4 HTTP/1.1" 200 707 "https://kneespine.com/" "Mozilla/5.0 (Linux; Android 10; K) AppleWebKit/537.36 (KHTML, like Gecko) Chrome/134.0.0.0 Mobile Safari/537.36"
223.123.22.206 - - [26/Apr/2025:18:17:59 -0400] "GET /wp-content/plugins/brave-popup-builder/assets/css/frontend.min.css?ver=6.8 HTTP/1.1" 200 7994 "https://kneespine.com/" "Mozilla/5.0 (Linux; Android 10; K) AppleWebKit/537.36 (KHTML, like Gecko) Chrome/134.0.0.0 Mobile Safari/537.36"
223.123.22.206 - - [26/Apr/2025:18:17:59 -0400] "GET /wp-content/plugins/elementor/assets/lib/jquery-numerator/jquery-numerator.min.js?ver=0.2.1 HTTP/1.1" 200 677 "https://kneespine.com/" "Mozilla/5.0 (Linux; Android 10; K) AppleWebKit/537.36 (KHTML, like Gecko) Chrome/134.0.0.0 Mobile Safari/537.36"
223.123.22.206 - - [26/Apr/2025:18:18:00 -0400] "GET /wp-includes/js/imagesloaded.min.js?ver=5.0.0 HTTP/1.1" 200 1687 "https://kneespine.com/" "Mozilla/5.0 (Linux; Android 10; K) AppleWebKit/537.36 (KHTML, like Gecko) Chrome/134.0.0.0 Mobile Safari/537.36"
223.123.22.206 - - [26/Apr/2025:18:18:00 -0400] "GET /wp-content/themes/hello-elementor/assets/js/hello-frontend.min.js?ver=3.3.0 HTTP/1.1" 200 548 "https://kneespine.com/" "Mozilla/5.0 (Linux; Android 10; K) AppleWebKit/537.36 (KHTML, like Gecko) Chrome/134.0.0.0 Mobile Safari/537.36"
223.123.22.206 - - [26/Apr/2025:18:18:00 -0400] "GET /wp-content/plugins/essential-addons-for-elementor-lite/assets/front-end/js/view/general.min.js?ver=6.1.11 HTTP/1.1" 200 3883 "https://kneespine.com/" "Mozilla/5.0 (Linux; Android 10; K) AppleWebKit/537.36 (KHTML, like Gecko) Chrome/134.0.0.0 Mobile Safari/537.36"
223.123.22.206 - - [26/Apr/2025:18:18:00 -0400] "GET /wp-content/plugins/pro-elements/assets/lib/smartmenus/jquery.smartmenus.min.js?ver=1.2.1 HTTP/1.1" 200 6867 "https://kneespine.com/" "Mozilla/5.0 (Linux; Android 10; K) AppleWebKit/537.36 (KHTML, like Gecko) Chrome/134.0.0.0 Mobile Safari/537.36"
223.123.22.206 - - [26/Apr/2025:18:18:00 -0400] "GET /wp-content/plugins/elementor/assets/lib/flatpickr/flatpickr.min.js?ver=4.6.13 HTTP/1.1" 200 14078 "https://kneespine.com/" "Mozilla/5.0 (Linux; Android 10; K) AppleWebKit/537.36 (KHTML, like Gecko) Chrome/134.0.0.0 Mobile Safari/537.36"
223.123.22.206 - - [26/Apr/2025:18:18:00 -0400] "GET /wp-content/plugins/brave-popup-builder/assets/frontend/brave.js?ver=6.8 HTTP/1.1" 200 23854 "https://kneespine.com/" "Mozilla/5.0 (Linux; Android 10; K) AppleWebKit/537.36 (KHTML, like Gecko) Chrome/134.0.0.0 Mobile Safari/537.36"
223.123.22.206 - - [26/Apr/2025:18:18:00 -0400] "GET /wp-content/plugins/pro-elements/assets/js/webpack-pro.runtime.min.js?ver=3.23.1 HTTP/1.1" 200 2549 "https://kneespine.com/" "Mozilla/5.0 (Linux; Android 10; K) AppleWebKit/537.36 (KHTML, like Gecko) Chrome/134.0.0.0 Mobile Safari/537.36"
223.123.22.206 - - [26/Apr/2025:18:18:00 -0400] "GET /wp-content/plugins/elementor/assets/js/webpack.runtime.min.js?ver=3.28.4 HTTP/1.1" 200 2228 "https://kneespine.com/" "Mozilla/5.0 (Linux; Android 10; K) AppleWebKit/537.36 (KHTML, like Gecko) Chrome/134.0.0.0 Mobile Safari/537.36"
223.123.22.206 - - [26/Apr/2025:18:18:00 -0400] "GET /wp-includes/js/dist/i18n.min.js?ver=5e580eb46a90c2b997e6 HTTP/1.1" 200 3542 "https://kneespine.com/" "Mozilla/5.0 (Linux; Android 10; K) AppleWebKit/537.36 (KHTML, like Gecko) Chrome/134.0.0.0 Mobile Safari/537.36"
223.123.22.206 - - [26/Apr/2025:18:18:00 -0400] "GET /wp-includes/js/dist/hooks.min.js?ver=4d63a3d491d11ffd8ac6 HTTP/1.1" 200 1571 "https://kneespine.com/" "Mozilla/5.0 (Linux; Android 10; K) AppleWebKit/537.36 (KHTML, like Gecko) Chrome/134.0.0.0 Mobile Safari/537.36"
223.123.22.206 - - [26/Apr/2025:18:18:00 -0400] "GET /wp-content/plugins/elementor/assets/js/frontend-modules.min.js?ver=3.28.4 HTTP/1.1" 200 14421 "https://kneespine.com/" "Mozilla/5.0 (Linux; Android 10; K) AppleWebKit/537.36 (KHTML, like Gecko) Chrome/134.0.0.0 Mobile Safari/537.36"
223.123.22.206 - - [26/Apr/2025:18:18:00 -0400] "GET /wp-content/plugins/pro-elements/assets/js/frontend.min.js?ver=3.23.1 HTTP/1.1" 200 6467 "https://kneespine.com/" "Mozilla/5.0 (Linux; Android 10; K) AppleWebKit/537.36 (KHTML, like Gecko) Chrome/134.0.0.0 Mobile Safari/537.36"
