OwlCyberSecurity - MANAGER
Edit File: learningladder.academy.arsn.media-ssl_log
66.29.132.124 - - [27/Apr/2025:03:41:40 -0400] "POST /wp-cron.php?doing_wp_cron=1745739700.3569769859313964843750 HTTP/1.1" 200 0 "-" "WordPress/6.8; https://learningladder.academy"
162.0.232.248 - - [27/Apr/2025:03:41:36 -0400] "GET /xmlrpc.php HTTP/1.1" 405 46 "http://learningladder.academy" "Mozilla/5.0 (Macintosh; Intel Mac OS X 10_15_7; rv:125.0.1) Gecko/20100101 Firefox/125.0.1"
66.29.132.124 - - [27/Apr/2025:03:41:40 -0400] "POST /wp-admin/admin-ajax.php?action=async_litespeed&nonce=DQPmS0gq8UZVxvkkproXMpgk8S5cHLRG&litespeed_type=imgoptm HTTP/1.1" 200 21 "-" "WordPress/6.8; https://learningladder.academy"
91.84.109.110 - - [27/Apr/2025:03:44:44 -0400] "GET / HTTP/1.1" 200 34334 "-" "Mozilla/5.0 (Macintosh; Intel Mac OS X 10_15_7) AppleWebKit/537.36 (KHTML, like Gecko) Chrome/133.0.0.0 Safari/537.36"
66.29.132.124 - - [27/Apr/2025:03:44:51 -0400] "POST /wp-cron.php?doing_wp_cron=1745739891.4390659332275390625000 HTTP/1.1" 200 0 "-" "WordPress/6.8; https://learningladder.academy"
66.29.132.124 - - [27/Apr/2025:03:44:51 -0400] "POST /wp-admin/admin-ajax.php?action=async_litespeed&nonce=BTHLKGn69QxBxHiqPa1W9m2XS1cKBpr1&litespeed_type=imgoptm HTTP/1.1" 200 21 "-" "WordPress/6.8; https://learningladder.academy"
78.38.157.81 - - [27/Apr/2025:03:44:47 -0400] "POST / HTTP/1.1" 200 34289 "-" "Mozilla/5.0 (Macintosh; Intel Mac OS X 10_15_7) AppleWebKit/537.36 (KHTML, like Gecko) Chrome/133.0.0.0 Safari/537.36"
78.38.157.81 - - [27/Apr/2025:03:44:56 -0400] "POST / HTTP/1.1" 200 34289 "-" "Mozilla/5.0 (Windows NT 10.0; Win64; x64) AppleWebKit/537.36 (KHTML, like Gecko) Chrome/120.0.0.0 Safari/537.36"
78.38.157.81 - - [27/Apr/2025:03:44:59 -0400] "POST / HTTP/1.1" 200 34289 "-" "Mozilla/5.0 (Macintosh; Intel Mac OS X 10_15_7) AppleWebKit/537.36 (KHTML, like Gecko) Chrome/133.0.0.0 Safari/537.36"
78.38.157.81 - - [27/Apr/2025:03:45:01 -0400] "POST / HTTP/1.1" 200 34289 "-" "Mozilla/5.0 (Windows NT 10.0; Win64; x64) AppleWebKit/537.36 (KHTML, like Gecko) Chrome/120.0.0.0 Safari/537.36"
91.84.109.110 - - [27/Apr/2025:03:45:03 -0400] "GET /comments/feed/ HTTP/1.1" 200 763 "-" "Mozilla/5.0 (Macintosh; Intel Mac OS X 10_15_7) AppleWebKit/537.36 (KHTML, like Gecko) Chrome/133.0.0.0 Safari/537.36"
91.84.109.110 - - [27/Apr/2025:03:45:04 -0400] "GET /contact-us/ HTTP/1.1" 200 27826 "-" "Mozilla/5.0 (Macintosh; Intel Mac OS X 10_15_7) AppleWebKit/537.36 (KHTML, like Gecko) Chrome/133.0.0.0 Safari/537.36"
66.29.132.124 - - [27/Apr/2025:03:45:09 -0400] "POST /wp-cron.php?doing_wp_cron=1745739908.8739008903503417968750 HTTP/1.1" 200 0 "-" "WordPress/6.8; https://learningladder.academy"
78.38.157.81 - - [27/Apr/2025:03:45:07 -0400] "POST /contact-us/ HTTP/1.1" 200 27781 "-" "Mozilla/5.0 (Macintosh; Intel Mac OS X 10_15_7) AppleWebKit/537.36 (KHTML, like Gecko) Chrome/133.0.0.0 Safari/537.36"
66.29.132.124 - - [27/Apr/2025:03:45:10 -0400] "POST /wp-admin/admin-ajax.php?action=async_litespeed&nonce=p9b3K4BCc3OUWg5YIDjtS32YUVswxG9y&litespeed_type=imgoptm HTTP/1.1" 200 21 "-" "WordPress/6.8; https://learningladder.academy"
78.38.157.81 - - [27/Apr/2025:03:45:13 -0400] "POST /contact-us/ HTTP/1.1" 200 27781 "-" "Mozilla/5.0 (Windows NT 10.0; Win64; x64) AppleWebKit/537.36 (KHTML, like Gecko) Chrome/120.0.0.0 Safari/537.36"
91.84.109.110 - - [27/Apr/2025:03:45:18 -0400] "GET /registration-policy/ HTTP/1.1" 200 29375 "-" "Mozilla/5.0 (Macintosh; Intel Mac OS X 10_15_7) AppleWebKit/537.36 (KHTML, like Gecko) Chrome/133.0.0.0 Safari/537.36"
78.38.157.81 - - [27/Apr/2025:03:45:20 -0400] "POST /registration-policy/ HTTP/1.1" 200 29336 "-" "Mozilla/5.0 (Macintosh; Intel Mac OS X 10_15_7) AppleWebKit/537.36 (KHTML, like Gecko) Chrome/133.0.0.0 Safari/537.36"
78.38.157.81 - - [27/Apr/2025:03:45:24 -0400] "POST /registration-policy/ HTTP/1.1" 200 29336 "-" "Mozilla/5.0 (Windows NT 10.0; Win64; x64) AppleWebKit/537.36 (KHTML, like Gecko) Chrome/120.0.0.0 Safari/537.36"
78.38.157.81 - - [27/Apr/2025:03:45:27 -0400] "POST /registration-policy/ HTTP/1.1" 200 29336 "-" "Mozilla/5.0 (Macintosh; Intel Mac OS X 10_15_7) AppleWebKit/537.36 (KHTML, like Gecko) Chrome/133.0.0.0 Safari/537.36"
78.38.157.81 - - [27/Apr/2025:03:45:30 -0400] "POST /registration-policy/ HTTP/1.1" 200 29336 "-" "Mozilla/5.0 (Windows NT 10.0; Win64; x64) AppleWebKit/537.36 (KHTML, like Gecko) Chrome/120.0.0.0 Safari/537.36"
91.84.109.110 - - [27/Apr/2025:03:45:36 -0400] "GET / HTTP/1.1" 200 34334 "-" "Mozilla/5.0 (Macintosh; Intel Mac OS X 10_15_7) AppleWebKit/537.36 (KHTML, like Gecko) Chrome/133.0.0.0 Safari/537.36"
66.29.132.124 - - [27/Apr/2025:03:45:39 -0400] "POST /wp-cron.php?doing_wp_cron=1745739939.5390760898590087890625 HTTP/1.1" 200 0 "-" "WordPress/6.8; https://learningladder.academy"
78.38.157.81 - - [27/Apr/2025:03:45:39 -0400] "POST / HTTP/1.1" 200 34289 "-" "Mozilla/5.0 (Macintosh; Intel Mac OS X 10_15_7) AppleWebKit/537.36 (KHTML, like Gecko) Chrome/133.0.0.0 Safari/537.36"
78.38.157.81 - - [27/Apr/2025:03:45:45 -0400] "POST / HTTP/1.1" 200 34289 "-" "Mozilla/5.0 (Windows NT 10.0; Win64; x64) AppleWebKit/537.36 (KHTML, like Gecko) Chrome/120.0.0.0 Safari/537.36"
78.38.157.81 - - [27/Apr/2025:03:45:48 -0400] "POST / HTTP/1.1" 200 34289 "-" "Mozilla/5.0 (Macintosh; Intel Mac OS X 10_15_7) AppleWebKit/537.36 (KHTML, like Gecko) Chrome/133.0.0.0 Safari/537.36"
78.38.157.81 - - [27/Apr/2025:03:45:51 -0400] "POST / HTTP/1.1" 200 34289 "-" "Mozilla/5.0 (Windows NT 10.0; Win64; x64) AppleWebKit/537.36 (KHTML, like Gecko) Chrome/120.0.0.0 Safari/537.36"
66.29.132.124 - - [27/Apr/2025:04:05:32 -0400] "GET / HTTP/1.1" 200 164706 "-" "Mozilla/5.0 (Windows NT 10.0; Win64; x64; rv:122.0) Gecko/20100101 Firefox/122.0"
54.36.148.195 - - [27/Apr/2025:04:28:50 -0400] "GET /about-us/ HTTP/1.1" 200 24634 "-" "Mozilla/5.0 (compatible; AhrefsBot/7.0; +http://ahrefs.com/robot/)"
66.249.74.134 - - [27/Apr/2025:05:16:36 -0400] "GET /robots.txt HTTP/1.1" 200 99 "-" "Mozilla/5.0 (compatible; Googlebot/2.1; +http://www.google.com/bot.html)"
63.250.38.232 - - [27/Apr/2025:06:03:54 -0400] "GET /xmlrpc.php HTTP/1.1" 200 0 "http://learningladder.academy" "Mozilla/5.0 (Macintosh; Intel Mac OS X 10_15_7) AppleWebKit/537.36 (KHTML, like Gecko) Chrome/115.0.5790.102 Safari/537.36"
66.29.132.124 - - [27/Apr/2025:06:07:31 -0400] "POST /wp-cron.php?doing_wp_cron=1745748451.2612740993499755859375 HTTP/1.1" 200 0 "-" "WordPress/6.8; https://learningladder.academy"
91.134.248.249 - - [27/Apr/2025:06:07:28 -0400] "POST /xmlrpc.php HTTP/1.1" 200 403 "-" "Mozilla/5.0 (Windows NT 10.0; Win64; x64; rv:63.0) Gecko/20100101 Firefox/63.0"
66.29.132.124 - - [27/Apr/2025:06:07:31 -0400] "POST /wp-admin/admin-ajax.php?action=async_litespeed&nonce=LIQ1TvkHw97ykELTOFbcJ3Mu6WiIwqbl&litespeed_type=imgoptm HTTP/1.1" 200 21 "-" "WordPress/6.8; https://learningladder.academy"
193.202.110.17 - - [27/Apr/2025:06:07:32 -0400] "POST /xmlrpc.php HTTP/1.1" 200 403 "-" "Mozilla/5.0 (Macintosh; Intel Mac OS X 11_4) AppleWebKit/537.36 (KHTML, like Gecko) Chrome/91.0.4472.114 Safari/537.36"
66.29.132.124 - - [27/Apr/2025:06:07:36 -0400] "POST /wp-cron.php?doing_wp_cron=1745748456.8835749626159667968750 HTTP/1.1" 200 0 "-" "WordPress/6.8; https://learningladder.academy"
193.202.110.17 - - [27/Apr/2025:06:07:36 -0400] "POST /xmlrpc.php HTTP/1.1" 200 403 "-" "Mozilla/5.0 (Windows NT 10.0; Win64; x64) AppleWebKit/537.36 (KHTML, like Gecko) Chrome/85.0.4183.102 Safari/537.36"
47.254.173.12 - - [27/Apr/2025:06:07:40 -0400] "POST /xmlrpc.php HTTP/1.1" 200 403 "-" "Mozilla/5.0 (Windows NT 10.0) AppleWebKit/537.36 (KHTML, like Gecko) Chrome/72.0.3626.121 Safari/537.36"
91.134.248.235 - - [27/Apr/2025:06:07:42 -0400] "POST /xmlrpc.php HTTP/1.1" 200 403 "-" "Mozilla/5.0 (Windows NT 5.1; rv:36.0) Gecko/20100101 Firefox/36.0"
103.13.121.176 - - [27/Apr/2025:06:07:48 -0400] "POST /xmlrpc.php HTTP/1.1" 200 403 "-" "Mozilla/5.0 (Windows NT 10.0; Win64; x64; rv:88.0) Gecko/20100101 Firefox/88.0"
141.94.87.67 - - [27/Apr/2025:06:07:50 -0400] "POST /xmlrpc.php HTTP/1.1" 200 403 "-" "Mozilla/5.0 (Windows NT 10.0; Win64; x64) AppleWebKit/537.36 (KHTML, like Gecko) Chrome/79.0.3945.88 Safari/537.36"
162.62.126.5 - - [27/Apr/2025:06:07:53 -0400] "POST /xmlrpc.php HTTP/1.1" 200 403 "-" "Mozilla/5.0 (Windows NT 10.0; Win64; x64) AppleWebKit/537.36 (KHTML, like Gecko) Chrome/80.0.3987.149 Safari/537.36"
95.217.165.68 - - [27/Apr/2025:06:08:00 -0400] "POST /xmlrpc.php HTTP/1.1" 200 403 "-" "Mozilla/5.0 (Windows NT 6.1; WOW64; rv:41.0) Gecko/20100101 Firefox/41.0"
66.29.132.124 - - [27/Apr/2025:06:10:01 -0400] "POST /wp-cron.php?doing_wp_cron=1745748601.3243930339813232421875 HTTP/1.1" 200 0 "-" "WordPress/6.8; https://learningladder.academy"
198.54.114.126 - - [27/Apr/2025:06:09:59 -0400] "GET /xmlrpc.php HTTP/1.1" 405 60 "http://learningladder.academy" "Mozilla/5.0 (Windows NT 10.0; Win64; x64) AppleWebKit/537.36 (KHTML, like Gecko) Chrome/112.0.5615.138 Safari/537.36 Edg/112.0.1722.68"
66.29.132.124 - - [27/Apr/2025:06:10:02 -0400] "POST /wp-admin/admin-ajax.php?action=async_litespeed&nonce=qKKB4s20RfLR06QhZgCYorFoYWb2LiAV&litespeed_type=imgoptm HTTP/1.1" 200 21 "-" "WordPress/6.8; https://learningladder.academy"
51.15.9.50 - - [27/Apr/2025:06:10:47 -0400] "HEAD / HTTP/1.1" 200 0 "-" "Mozilla/5.0 (compatible; SeoLyt/1.0; +https://seolyt.com)"
51.15.9.50 - - [27/Apr/2025:06:10:47 -0400] "GET / HTTP/1.1" 200 34334 "-" "Mozilla/5.0 (compatible; SeoLyt/1.0; +https://seolyt.com)"
66.29.132.124 - - [27/Apr/2025:06:10:52 -0400] "POST /wp-cron.php?doing_wp_cron=1745748652.5228829383850097656250 HTTP/1.1" 200 0 "-" "WordPress/6.8; https://learningladder.academy"
66.29.132.124 - - [27/Apr/2025:06:10:52 -0400] "POST /wp-admin/admin-ajax.php?action=async_litespeed&nonce=lE1DF9JXVXBekpVtTbFjHT2TOd7i2NcE&litespeed_type=imgoptm HTTP/1.1" 200 21 "-" "WordPress/6.8; https://learningladder.academy"
51.15.9.50 - - [27/Apr/2025:06:10:52 -0400] "HEAD /about-us HTTP/1.1" 301 0 "-" "Mozilla/5.0 (compatible; SeoLyt/1.0; +https://seolyt.com)"
51.15.9.50 - - [27/Apr/2025:06:10:53 -0400] "HEAD /about-us/ HTTP/1.1" 200 0 "https://learningladder.academy/about-us" "Mozilla/5.0 (compatible; SeoLyt/1.0; +https://seolyt.com)"
51.15.9.50 - - [27/Apr/2025:06:10:53 -0400] "GET /about-us HTTP/1.1" 301 0 "-" "Mozilla/5.0 (compatible; SeoLyt/1.0; +https://seolyt.com)"
51.15.9.50 - - [27/Apr/2025:06:10:54 -0400] "GET /about-us/ HTTP/1.1" 200 28632 "https://learningladder.academy/about-us" "Mozilla/5.0 (compatible; SeoLyt/1.0; +https://seolyt.com)"
51.15.9.50 - - [27/Apr/2025:06:11:00 -0400] "HEAD /contact-us HTTP/1.1" 301 0 "-" "Mozilla/5.0 (compatible; SeoLyt/1.0; +https://seolyt.com)"
51.15.9.50 - - [27/Apr/2025:06:11:00 -0400] "HEAD /contact-us/ HTTP/1.1" 200 0 "https://learningladder.academy/contact-us" "Mozilla/5.0 (compatible; SeoLyt/1.0; +https://seolyt.com)"
51.15.9.50 - - [27/Apr/2025:06:11:01 -0400] "GET /contact-us HTTP/1.1" 301 0 "-" "Mozilla/5.0 (compatible; SeoLyt/1.0; +https://seolyt.com)"
51.15.9.50 - - [27/Apr/2025:06:11:01 -0400] "GET /contact-us/ HTTP/1.1" 200 27826 "https://learningladder.academy/contact-us" "Mozilla/5.0 (compatible; SeoLyt/1.0; +https://seolyt.com)"
51.15.9.50 - - [27/Apr/2025:06:11:05 -0400] "HEAD /courses HTTP/1.1" 301 0 "-" "Mozilla/5.0 (compatible; SeoLyt/1.0; +https://seolyt.com)"
51.15.9.50 - - [27/Apr/2025:06:11:05 -0400] "HEAD /courses/ HTTP/1.1" 200 0 "https://learningladder.academy/courses" "Mozilla/5.0 (compatible; SeoLyt/1.0; +https://seolyt.com)"
51.15.9.50 - - [27/Apr/2025:06:11:05 -0400] "GET /courses HTTP/1.1" 301 0 "-" "Mozilla/5.0 (compatible; SeoLyt/1.0; +https://seolyt.com)"
51.15.9.50 - - [27/Apr/2025:06:11:06 -0400] "GET /courses/ HTTP/1.1" 200 37325 "https://learningladder.academy/courses" "Mozilla/5.0 (compatible; SeoLyt/1.0; +https://seolyt.com)"
66.29.132.124 - - [27/Apr/2025:06:11:10 -0400] "POST /wp-cron.php?doing_wp_cron=1745748670.6822659969329833984375 HTTP/1.1" 200 0 "-" "WordPress/6.8; https://learningladder.academy"
51.15.9.50 - - [27/Apr/2025:06:11:10 -0400] "HEAD /enrollment HTTP/1.1" 301 0 "-" "Mozilla/5.0 (compatible; SeoLyt/1.0; +https://seolyt.com)"
51.15.9.50 - - [27/Apr/2025:06:11:11 -0400] "HEAD /enrollment/ HTTP/1.1" 200 0 "https://learningladder.academy/enrollment" "Mozilla/5.0 (compatible; SeoLyt/1.0; +https://seolyt.com)"
66.29.132.124 - - [27/Apr/2025:06:11:11 -0400] "POST /wp-admin/admin-ajax.php?action=async_litespeed&nonce=6HvdECPLsg4QgwZGwUxHEX3gBGHTuxSN&litespeed_type=imgoptm HTTP/1.1" 200 21 "-" "WordPress/6.8; https://learningladder.academy"
66.29.132.124 - - [27/Apr/2025:06:11:11 -0400] "POST /wp-cron.php?doing_wp_cron=1745748671.7710158824920654296875 HTTP/1.1" 200 0 "-" "WordPress/6.8; https://learningladder.academy"
51.15.9.50 - - [27/Apr/2025:06:11:11 -0400] "GET /enrollment HTTP/1.1" 301 0 "-" "Mozilla/5.0 (compatible; SeoLyt/1.0; +https://seolyt.com)"
51.15.9.50 - - [27/Apr/2025:06:11:12 -0400] "GET /enrollment/ HTTP/1.1" 200 28897 "https://learningladder.academy/enrollment" "Mozilla/5.0 (compatible; SeoLyt/1.0; +https://seolyt.com)"
51.15.9.50 - - [27/Apr/2025:06:11:15 -0400] "HEAD /feedback HTTP/1.1" 301 0 "-" "Mozilla/5.0 (compatible; SeoLyt/1.0; +https://seolyt.com)"
51.15.9.50 - - [27/Apr/2025:06:11:15 -0400] "HEAD /feedback/ HTTP/1.1" 200 0 "https://learningladder.academy/feedback" "Mozilla/5.0 (compatible; SeoLyt/1.0; +https://seolyt.com)"
51.15.9.50 - - [27/Apr/2025:06:11:16 -0400] "GET /feedback HTTP/1.1" 301 0 "-" "Mozilla/5.0 (compatible; SeoLyt/1.0; +https://seolyt.com)"
51.15.9.50 - - [27/Apr/2025:06:11:17 -0400] "GET /feedback/ HTTP/1.1" 200 26851 "https://learningladder.academy/feedback" "Mozilla/5.0 (compatible; SeoLyt/1.0; +https://seolyt.com)"
51.15.9.50 - - [27/Apr/2025:06:11:22 -0400] "HEAD /registration-policy HTTP/1.1" 301 0 "-" "Mozilla/5.0 (compatible; SeoLyt/1.0; +https://seolyt.com)"
51.15.9.50 - - [27/Apr/2025:06:11:23 -0400] "HEAD /registration-policy/ HTTP/1.1" 200 0 "https://learningladder.academy/registration-policy" "Mozilla/5.0 (compatible; SeoLyt/1.0; +https://seolyt.com)"
51.15.9.50 - - [27/Apr/2025:06:11:23 -0400] "GET /registration-policy HTTP/1.1" 301 0 "-" "Mozilla/5.0 (compatible; SeoLyt/1.0; +https://seolyt.com)"
51.15.9.50 - - [27/Apr/2025:06:11:24 -0400] "GET /registration-policy/ HTTP/1.1" 200 29375 "https://learningladder.academy/registration-policy" "Mozilla/5.0 (compatible; SeoLyt/1.0; +https://seolyt.com)"
51.15.9.50 - - [27/Apr/2025:06:11:27 -0400] "HEAD /faqs HTTP/1.1" 301 0 "-" "Mozilla/5.0 (compatible; SeoLyt/1.0; +https://seolyt.com)"
51.15.9.50 - - [27/Apr/2025:06:11:28 -0400] "HEAD /faqs/ HTTP/1.1" 200 0 "https://learningladder.academy/faqs" "Mozilla/5.0 (compatible; SeoLyt/1.0; +https://seolyt.com)"
51.15.9.50 - - [27/Apr/2025:06:11:28 -0400] "GET /faqs HTTP/1.1" 301 0 "-" "Mozilla/5.0 (compatible; SeoLyt/1.0; +https://seolyt.com)"
51.15.9.50 - - [27/Apr/2025:06:11:29 -0400] "GET /faqs/ HTTP/1.1" 200 31171 "https://learningladder.academy/faqs" "Mozilla/5.0 (compatible; SeoLyt/1.0; +https://seolyt.com)"
51.15.9.50 - - [27/Apr/2025:06:11:58 -0400] "HEAD /wp-content/uploads/2024/08/stem_students6-150x150.jpg HTTP/1.1" 200 0 "-" "Mozilla/5.0 (compatible; SeoLyt/1.0; +https://seolyt.com)"
51.15.9.50 - - [27/Apr/2025:06:11:59 -0400] "HEAD /wp-content/uploads/elementor/thumbs/stem_installations1-qtdkgax64jevzkmm38fucydelbgmanj7sig40v3an4.jpg HTTP/1.1" 200 0 "-" "Mozilla/5.0 (compatible; SeoLyt/1.0; +https://seolyt.com)"
51.15.9.50 - - [27/Apr/2025:06:11:59 -0400] "HEAD /wp-content/uploads/2024/09/B167402-3-683x1024.jpg HTTP/1.1" 200 0 "-" "Mozilla/5.0 (compatible; SeoLyt/1.0; +https://seolyt.com)"
51.15.9.50 - - [27/Apr/2025:06:11:59 -0400] "HEAD /wp-content/uploads/2024/08/adult-communication-daylight-1346197-150x150.jpg HTTP/1.1" 200 0 "-" "Mozilla/5.0 (compatible; SeoLyt/1.0; +https://seolyt.com)"
51.15.9.50 - - [27/Apr/2025:06:11:59 -0400] "HEAD /wp-content/uploads/2024/09/B167402-2-683x1024.jpg HTTP/1.1" 200 0 "-" "Mozilla/5.0 (compatible; SeoLyt/1.0; +https://seolyt.com)"
51.15.9.50 - - [27/Apr/2025:06:11:59 -0400] "HEAD /wp-content/uploads/2024/08/Untitled_design_-_2024-09-28T134323.355-removebg-preview.png HTTP/1.1" 200 0 "-" "Mozilla/5.0 (compatible; SeoLyt/1.0; +https://seolyt.com)"
51.15.9.50 - - [27/Apr/2025:06:11:59 -0400] "HEAD /wp-content/plugins/brave-popup-builder/assets/images/preloader.png HTTP/1.1" 200 0 "-" "Mozilla/5.0 (compatible; SeoLyt/1.0; +https://seolyt.com)"
51.15.9.50 - - [27/Apr/2025:06:12:00 -0400] "HEAD /wp-content/uploads/2024/08/icon_diploma.png HTTP/1.1" 200 0 "-" "Mozilla/5.0 (compatible; SeoLyt/1.0; +https://seolyt.com)"
51.15.9.50 - - [27/Apr/2025:06:12:00 -0400] "HEAD /wp-content/uploads/2024/08/icon_materials.png HTTP/1.1" 200 0 "-" "Mozilla/5.0 (compatible; SeoLyt/1.0; +https://seolyt.com)"
51.15.9.50 - - [27/Apr/2025:06:12:01 -0400] "HEAD /wp-content/uploads/2024/08/stem_installations1-150x150.jpg HTTP/1.1" 200 0 "-" "Mozilla/5.0 (compatible; SeoLyt/1.0; +https://seolyt.com)"
51.15.9.50 - - [27/Apr/2025:06:12:01 -0400] "HEAD /wp-content/uploads/2024/08/stem_student3-150x150.jpg HTTP/1.1" 200 0 "-" "Mozilla/5.0 (compatible; SeoLyt/1.0; +https://seolyt.com)"
51.15.9.50 - - [27/Apr/2025:06:12:01 -0400] "HEAD /wp-content/uploads/2024/08/icon_professor.png HTTP/1.1" 200 0 "-" "Mozilla/5.0 (compatible; SeoLyt/1.0; +https://seolyt.com)"
51.15.9.50 - - [27/Apr/2025:06:12:01 -0400] "HEAD /wp-content/uploads/2024/08/stem_student-150x150.jpg HTTP/1.1" 200 0 "-" "Mozilla/5.0 (compatible; SeoLyt/1.0; +https://seolyt.com)"
51.15.9.50 - - [27/Apr/2025:06:12:01 -0400] "HEAD /wp-content/uploads/2024/08/icon_school.png HTTP/1.1" 200 0 "-" "Mozilla/5.0 (compatible; SeoLyt/1.0; +https://seolyt.com)"
42.236.17.70 - - [27/Apr/2025:06:13:40 -0400] "GET / HTTP/1.1" 200 34334 "https://learningladder.academy/" "Mozilla/5.0 (Windows NT 6.1; WOW64) AppleWebKit/537.36 (KHTML, like Gecko) Chrome/50.0.2661.102 Safari/537.36; 360Spider"
66.29.132.124 - - [27/Apr/2025:06:16:15 -0400] "POST /wp-cron.php?doing_wp_cron=1745748974.9726550579071044921875 HTTP/1.1" 200 0 "-" "WordPress/6.8; https://learningladder.academy"
66.29.137.140 - - [27/Apr/2025:06:16:12 -0400] "GET /xmlrpc.php HTTP/1.1" 405 46 "http://learningladder.academy" "Mozilla/5.0 (Macintosh; Intel Mac OS X 10_15_7; rv:126.0) Gecko/20100101 Firefox/126.0"
66.29.132.124 - - [27/Apr/2025:06:16:15 -0400] "POST /wp-admin/admin-ajax.php?action=async_litespeed&nonce=0u58j36VULeDnXX46Cmj73G8gQ613ylw&litespeed_type=imgoptm HTTP/1.1" 200 21 "-" "WordPress/6.8; https://learningladder.academy"
66.29.132.124 - - [27/Apr/2025:06:22:33 -0400] "POST /wp-cron.php?doing_wp_cron=1745749353.2810139656066894531250 HTTP/1.1" 200 0 "-" "WordPress/6.8; https://learningladder.academy"
162.0.232.166 - - [27/Apr/2025:06:22:29 -0400] "GET /xmlrpc.php HTTP/1.1" 405 46 "http://learningladder.academy" "Mozilla/5.0 (Windows NT 10.0; Win64; x64) AppleWebKit/537.36 (KHTML, like Gecko) Chrome/115.0.5790.171 Safari/537.36 Edg/115.0.1901.203"
66.29.132.124 - - [27/Apr/2025:06:22:33 -0400] "POST /wp-admin/admin-ajax.php?action=async_litespeed&nonce=MdyenVYf1U9Rrvcc2vNETpPVO6qfnXZJ&litespeed_type=imgoptm HTTP/1.1" 200 21 "-" "WordPress/6.8; https://learningladder.academy"
54.218.108.34 - - [27/Apr/2025:06:24:46 -0400] "GET / HTTP/1.1" 200 34334 "-" "Mozilla/5.0 (X11; Linux x86_64) AppleWebKit/537.36 (KHTML, like Gecko) Chrome/83.0.4103.97 Safari/537.36"
66.29.132.124 - - [27/Apr/2025:06:34:51 -0400] "POST /wp-cron.php?doing_wp_cron=1745750091.6590380668640136718750 HTTP/1.1" 200 0 "-" "WordPress/6.8; https://learningladder.academy"
162.213.251.71 - - [27/Apr/2025:06:34:48 -0400] "GET /xmlrpc.php HTTP/1.1" 405 46 "http://learningladder.academy" "Mozilla/5.0 (Windows NT 11.0; Win64; x64) AppleWebKit/537.36 (KHTML, like Gecko) Chrome/126.0.0.0 Safari/537.36 Edg/126.0.0.0"
66.29.132.124 - - [27/Apr/2025:06:34:52 -0400] "POST /wp-admin/admin-ajax.php?action=async_litespeed&nonce=9vtv8lIEila9PNR7We76iCkelVEsWvC4&litespeed_type=imgoptm HTTP/1.1" 200 21 "-" "WordPress/6.8; https://learningladder.academy"
66.29.132.124 - - [27/Apr/2025:07:00:21 -0400] "POST /wp-cron.php?doing_wp_cron=1745751621.5673699378967285156250 HTTP/1.1" 200 0 "-" "WordPress/6.8; https://learningladder.academy"
162.213.255.38 - - [27/Apr/2025:07:00:13 -0400] "GET /xmlrpc.php HTTP/1.1" 405 46 "http://learningladder.academy" "Mozilla/5.0 (Macintosh; Intel Mac OS X 14_4_1) AppleWebKit/605.1.15 (KHTML, like Gecko) Version/17.3.1 Safari/605.1.15"
66.29.132.124 - - [27/Apr/2025:07:00:22 -0400] "POST /wp-admin/admin-ajax.php?action=async_litespeed&nonce=x1p0X3Ct0Pzx2i3FIiQ0J7qbrbB9WtCf&litespeed_type=imgoptm HTTP/1.1" 200 21 "-" "WordPress/6.8; https://learningladder.academy"
87.250.224.216 - - [27/Apr/2025:06:44:11 -0400] "GET /robots.txt HTTP/1.1" 200 123 "-" "Mozilla/5.0 (compatible; YandexBot/3.0; +http://yandex.com/bots)"
213.180.203.50 - - [27/Apr/2025:06:44:12 -0400] "GET /wp-content/uploads/2024/08/Untitled-design-71.png HTTP/1.1" 200 5954 "-" "Mozilla/5.0 (compatible; YandexFavicons/1.0; +http://yandex.com/bots)"
66.29.132.124 - - [27/Apr/2025:07:45:15 -0400] "POST /wp-cron.php?doing_wp_cron=1745754315.5717079639434814453125 HTTP/1.1" 200 0 "-" "WordPress/6.8; https://learningladder.academy"
199.188.201.234 - - [27/Apr/2025:07:45:11 -0400] "GET /xmlrpc.php HTTP/1.1" 405 46 "http://learningladder.academy" "Mozilla/5.0 (Macintosh; Intel Mac OS X 14_4_1) AppleWebKit/605.1.15 (KHTML, like Gecko) Version/17.3.1 Safari/605.1.15"
66.29.132.124 - - [27/Apr/2025:07:45:15 -0400] "POST /wp-admin/admin-ajax.php?action=async_litespeed&nonce=oZp9rnh1BmcViso6wDdw98Pwo6rnz4aK&litespeed_type=imgoptm HTTP/1.1" 200 21 "-" "WordPress/6.8; https://learningladder.academy"
132.232.165.4 - - [27/Apr/2025:07:47:04 -0400] "GET / HTTP/1.1" 200 34334 "http://learningladder.academy" "Mozilla/5.0 (iPhone; CPU iPhone OS 13_2_3 like Mac OS X) AppleWebKit/605.1.15 (KHTML, like Gecko) Version/13.0.3 Mobile/15E148 Safari/604.1"
66.29.132.124 - - [27/Apr/2025:08:22:30 -0400] "POST /wp-cron.php?doing_wp_cron=1745756550.6275210380554199218750 HTTP/1.1" 200 0 "-" "WordPress/6.8; https://learningladder.academy"
66.29.132.124 - - [27/Apr/2025:08:22:30 -0400] "POST /wp-admin/admin-ajax.php?action=async_litespeed&nonce=hakCa9JdNenxc0v5zJDNDKeRNfIzH0Am&litespeed_type=imgoptm HTTP/1.1" 200 21 "-" "WordPress/6.8; https://learningladder.academy"
49.51.253.83 - - [27/Apr/2025:08:22:27 -0400] "GET / HTTP/1.1" 301 0 "http://www.learningladder.academy" "Mozilla/5.0 (iPhone; CPU iPhone OS 13_2_3 like Mac OS X) AppleWebKit/605.1.15 (KHTML, like Gecko) Version/13.0.3 Mobile/15E148 Safari/604.1"
49.51.253.83 - - [27/Apr/2025:08:22:32 -0400] "GET / HTTP/1.1" 200 34334 "https://www.learningladder.academy/" "Mozilla/5.0 (iPhone; CPU iPhone OS 13_2_3 like Mac OS X) AppleWebKit/605.1.15 (KHTML, like Gecko) Version/13.0.3 Mobile/15E148 Safari/604.1"
66.29.132.124 - - [27/Apr/2025:08:38:52 -0400] "POST /wp-cron.php?doing_wp_cron=1745757532.6880059242248535156250 HTTP/1.1" 200 0 "-" "WordPress/6.8; https://learningladder.academy"
193.207.56.130 - - [27/Apr/2025:08:38:49 -0400] "POST /xmlrpc.php HTTP/1.1" 200 403 "-" "Mozilla/5.0 (Linux; Android 6.0.1; RedMi Note 5 Build/RB3N5C; wv) AppleWebKit/537.36 (KHTML, like Gecko) Version/4.0 Chrome/68.0.3440.91 Mobile Safari/537.36"
66.29.132.124 - - [27/Apr/2025:08:38:52 -0400] "POST /wp-admin/admin-ajax.php?action=async_litespeed&nonce=C2NufzDkqdr9H6khVwzLbDFtYKjWpZ44&litespeed_type=imgoptm HTTP/1.1" 200 21 "-" "WordPress/6.8; https://learningladder.academy"
3.147.199.62 - - [27/Apr/2025:08:38:53 -0400] "POST /xmlrpc.php HTTP/1.1" 200 403 "-" "Mozilla/5.0 (Windows NT 6.1; Win64; x64) AppleWebKit/537.36 (KHTML, like Gecko) Chrome/79.0.3945.88 Safari/537.36"
66.29.132.124 - - [27/Apr/2025:08:38:55 -0400] "POST /wp-cron.php?doing_wp_cron=1745757535.3477571010589599609375 HTTP/1.1" 200 0 "-" "WordPress/6.8; https://learningladder.academy"
47.254.173.46 - - [27/Apr/2025:08:38:55 -0400] "POST /xmlrpc.php HTTP/1.1" 200 403 "-" "Mozilla/5.0 (Windows NT 10.0; Win64; x64) AppleWebKit/537.36 (KHTML, like Gecko) Chrome/79.0.3945.130 Safari/537.36"
47.254.173.12 - - [27/Apr/2025:08:38:56 -0400] "POST /xmlrpc.php HTTP/1.1" 200 403 "-" "Mozilla/5.0 (Windows NT 6.0; rv:34.0) Gecko/20100101 Firefox/34.0"
88.99.105.11 - - [27/Apr/2025:08:38:58 -0400] "POST /xmlrpc.php HTTP/1.1" 200 403 "-" "Mozilla/5.0 (Windows NT 10.0; Win64; x64) AppleWebKit/537.36 (KHTML, like Gecko) Chrome/87.0.4280.141 Safari/537.36"
54.36.61.94 - - [27/Apr/2025:08:39:01 -0400] "POST /xmlrpc.php HTTP/1.1" 200 403 "-" "Mozilla/5.0 (Linux; Android 10; SM-N960U) AppleWebKit/537.36 (KHTML, like Gecko) Chrome/91.0.4472.114 Mobile Safari/537.36"
77.244.243.18 - - [27/Apr/2025:08:39:02 -0400] "POST /xmlrpc.php HTTP/1.1" 200 403 "-" "Mozilla/5.0 (Linux; Android 10; SM-G960U) AppleWebKit/537.36 (KHTML, like Gecko) Chrome/91.0.4472.114 Mobile Safari/537.36"
46.226.10.70 - - [27/Apr/2025:08:39:04 -0400] "POST /xmlrpc.php HTTP/1.1" 200 403 "-" "Mozilla/5.0 (Windows NT 10.0; Win64; x64) AppleWebKit/537.36 (KHTML, like Gecko) Chrome/86.0.4240.198 Safari/537.36"
66.29.132.124 - - [27/Apr/2025:08:39:09 -0400] "POST /wp-cron.php?doing_wp_cron=1745757549.2853219509124755859375 HTTP/1.1" 200 0 "-" "WordPress/6.8; https://learningladder.academy"
91.134.248.235 - - [27/Apr/2025:08:39:09 -0400] "POST /xmlrpc.php HTTP/1.1" 200 403 "-" "Mozilla/5.0 (Windows NT 10.0; Win64; x64) AppleWebKit/537.36 (KHTML, like Gecko) Chrome/64.0.3282.186 Safari/537.36"
66.29.132.124 - - [27/Apr/2025:08:39:09 -0400] "POST /wp-admin/admin-ajax.php?action=async_litespeed&nonce=i9wtNWE5KnwsQEw4HkpEhgKYorHHxXK3&litespeed_type=imgoptm HTTP/1.1" 200 21 "-" "WordPress/6.8; https://learningladder.academy"
66.29.132.124 - - [27/Apr/2025:08:50:49 -0400] "POST /wp-cron.php?doing_wp_cron=1745758249.5975790023803710937500 HTTP/1.1" 200 0 "-" "WordPress/6.8; https://learningladder.academy"
162.0.229.109 - - [27/Apr/2025:08:50:47 -0400] "GET /xmlrpc.php HTTP/1.1" 405 46 "http://learningladder.academy" "Mozilla/5.0 (Macintosh; Intel Mac OS X 10_15_7) AppleWebKit/537.36 (KHTML, like Gecko) Chrome/116.0.5845.96 Safari/537.36"
66.29.132.124 - - [27/Apr/2025:08:50:49 -0400] "POST /wp-admin/admin-ajax.php?action=async_litespeed&nonce=WfL27kjInCNQ6aU6eDuPTPhdTZMZ4AbA&litespeed_type=imgoptm HTTP/1.1" 200 21 "-" "WordPress/6.8; https://learningladder.academy"
43.166.240.231 - - [27/Apr/2025:09:03:17 -0400] "GET / HTTP/1.1" 200 34334 "http://learningladder.academy" "Mozilla/5.0 (iPhone; CPU iPhone OS 13_2_3 like Mac OS X) AppleWebKit/605.1.15 (KHTML, like Gecko) Version/13.0.3 Mobile/15E148 Safari/604.1"
66.29.132.124 - - [27/Apr/2025:09:03:52 -0400] "POST /wp-cron.php?doing_wp_cron=1745759032.4135570526123046875000 HTTP/1.1" 200 0 "-" "WordPress/6.8; https://learningladder.academy"
162.0.232.89 - - [27/Apr/2025:09:03:48 -0400] "GET /xmlrpc.php HTTP/1.1" 405 60 "http://learningladder.academy" "Mozilla/5.0 (Windows NT 10.0; Win64; x64) AppleWebKit/537.36 (KHTML, like Gecko) Chrome/126.0.0.0 Safari/537.36 Edg/126.0.0.0"
66.29.132.124 - - [27/Apr/2025:09:03:52 -0400] "POST /wp-admin/admin-ajax.php?action=async_litespeed&nonce=HtURaXKD2RGHYFw0mtt8PrdXl1RTq5UI&litespeed_type=imgoptm HTTP/1.1" 200 21 "-" "WordPress/6.8; https://learningladder.academy"
66.29.132.124 - - [27/Apr/2025:09:03:53 -0400] "GET / HTTP/1.1" 200 34334 "-" "WordPress/6.8; https://learningladder.academy"
54.36.148.172 - - [27/Apr/2025:09:05:49 -0400] "GET /comments/feed/ HTTP/1.1" 304 0 "-" "Mozilla/5.0 (compatible; AhrefsBot/7.0; +http://ahrefs.com/robot/)"
66.29.132.124 - - [27/Apr/2025:09:16:57 -0400] "POST /wp-cron.php?doing_wp_cron=1745759817.1446180343627929687500 HTTP/1.1" 200 0 "-" "WordPress/6.8; https://learningladder.academy"
66.29.141.222 - - [27/Apr/2025:09:16:50 -0400] "GET /xmlrpc.php HTTP/1.1" 405 46 "http://learningladder.academy" "Mozilla/5.0 (Windows NT 10.0; Win64; x64) AppleWebKit/537.36 (KHTML, like Gecko) Chrome/113.0.5672.126 Safari/537.36 Edg/113.0.1774.50"
66.29.132.124 - - [27/Apr/2025:09:16:57 -0400] "POST /wp-admin/admin-ajax.php?action=async_litespeed&nonce=rU4h9gQhQchojkFkcJZdWLSK48tLmlJn&litespeed_type=imgoptm HTTP/1.1" 200 21 "-" "WordPress/6.8; https://learningladder.academy"
66.29.132.124 - - [27/Apr/2025:09:52:29 -0400] "POST /wp-cron.php?doing_wp_cron=1745761949.2899339199066162109375 HTTP/1.1" 200 0 "-" "WordPress/6.8; https://learningladder.academy"
66.29.132.124 - - [27/Apr/2025:09:52:29 -0400] "POST /wp-admin/admin-ajax.php?action=async_litespeed&nonce=Q6NOKugSN2j37PZupYXC8wrQnjTdsYMm&litespeed_type=imgoptm HTTP/1.1" 200 21 "-" "WordPress/6.8; https://learningladder.academy"
173.249.43.220 - - [27/Apr/2025:09:52:26 -0400] "GET /wp-content/plugins/suretriggers/readme.txt HTTP/1.1" 404 21716 "www.google.com" "Mozilla/5.0 (Linux; Android 7.0; SM-G892A Build/NRD90M; wv) AppleWebKit/537.36 (KHTML, like Gecko) Version/4.0 Chrome/60.0.3112.107 Mobile Safari/537.36"
66.29.132.124 - - [27/Apr/2025:10:32:25 -0400] "POST /wp-cron.php?doing_wp_cron=1745764345.2578558921813964843750 HTTP/1.1" 200 0 "-" "WordPress/6.8; https://learningladder.academy"
66.29.132.124 - - [27/Apr/2025:10:32:25 -0400] "POST /wp-admin/admin-ajax.php?action=async_litespeed&nonce=yVuKflPoOvoRNL0G5Ku6fYXW5YFpcR33&litespeed_type=imgoptm HTTP/1.1" 200 21 "-" "WordPress/6.8; https://learningladder.academy"
157.55.39.204 - - [27/Apr/2025:10:32:21 -0400] "GET /courses/stem_student.jpg HTTP/1.1" 404 18897 "-" "Mozilla/5.0 AppleWebKit/537.36 (KHTML, like Gecko; compatible; bingbot/2.0; +http://www.bing.com/bingbot.htm) Chrome/116.0.1938.76 Safari/537.36"
66.29.132.124 - - [27/Apr/2025:11:07:22 -0400] "POST /wp-cron.php?doing_wp_cron=1745766442.4593570232391357421875 HTTP/1.1" 200 0 "-" "WordPress/6.8; https://learningladder.academy"
66.29.132.124 - - [27/Apr/2025:11:07:22 -0400] "POST /wp-admin/admin-ajax.php?action=async_litespeed&nonce=LqLOCKkrhpSv0rGwhaxMg2XAukmmHNJw&litespeed_type=imgoptm HTTP/1.1" 200 21 "-" "WordPress/6.8; https://learningladder.academy"
125.94.144.102 - - [27/Apr/2025:11:07:19 -0400] "GET / HTTP/1.1" 301 0 "http://www.learningladder.academy" "Mozilla/5.0 (iPhone; CPU iPhone OS 13_2_3 like Mac OS X) AppleWebKit/605.1.15 (KHTML, like Gecko) Version/13.0.3 Mobile/15E148 Safari/604.1"
125.94.144.102 - - [27/Apr/2025:11:07:31 -0400] "GET / HTTP/1.1" 200 34334 "https://www.learningladder.academy/" "Mozilla/5.0 (iPhone; CPU iPhone OS 13_2_3 like Mac OS X) AppleWebKit/605.1.15 (KHTML, like Gecko) Version/13.0.3 Mobile/15E148 Safari/604.1"
66.29.132.124 - - [27/Apr/2025:11:13:21 -0400] "POST /wp-cron.php?doing_wp_cron=1745766801.1513459682464599609375 HTTP/1.1" 200 0 "-" "WordPress/6.8; https://learningladder.academy"
66.29.132.124 - - [27/Apr/2025:11:13:21 -0400] "POST /wp-admin/admin-ajax.php?action=async_litespeed&nonce=baCrwTtCIe0JJti6XeZD2pYPcxSZ52nH&litespeed_type=imgoptm HTTP/1.1" 200 21 "-" "WordPress/6.8; https://learningladder.academy"
134.17.14.122 - - [27/Apr/2025:11:13:18 -0400] "POST /wp.php HTTP/1.1" 404 18832 "-" "Mozilla/4.0 (compatible; MSIE 6.0; Windows NT 5.1; SV1)"
66.29.132.124 - - [27/Apr/2025:11:15:51 -0400] "POST /wp-cron.php?doing_wp_cron=1745766951.5831720829010009765625 HTTP/1.1" 200 0 "-" "WordPress/6.8; https://learningladder.academy"
162.213.253.33 - - [27/Apr/2025:11:15:50 -0400] "POST /xmlrpc.php HTTP/1.1" 200 403 "-" "Mozilla/5.0 (Windows NT 6.1; Win64; x64) AppleWebKit/537.36 (KHTML, like Gecko) Chrome/60.0.3112.90 Safari/537.36"
66.29.132.124 - - [27/Apr/2025:11:15:51 -0400] "POST /wp-admin/admin-ajax.php?action=async_litespeed&nonce=J37MGQU6Os7gyREM402wnthSk4ggkjoM&litespeed_type=imgoptm HTTP/1.1" 200 21 "-" "WordPress/6.8; https://learningladder.academy"
109.123.236.200 - - [27/Apr/2025:11:15:57 -0400] "POST /xmlrpc.php HTTP/1.1" 200 403 "-" "Mozilla/5.0 (Windows NT 5.1; rv:52.0) Gecko/20100101 Firefox/52.0"
179.61.199.9 - - [27/Apr/2025:11:16:02 -0400] "POST /xmlrpc.php HTTP/1.1" 200 403 "-" "Mozilla/5.0 (Windows NT 6.1; WOW64; rv:38.0) Gecko/20100101 Firefox/38.0"
91.134.248.245 - - [27/Apr/2025:11:16:05 -0400] "POST /xmlrpc.php HTTP/1.1" 200 403 "-" "Mozilla/5.0 (Windows; U; Windows NT 5.1; en-US; rv:1.7.10) Gecko/20050716 Firefox/1.0.6"
66.29.132.124 - - [27/Apr/2025:11:16:10 -0400] "POST /wp-cron.php?doing_wp_cron=1745766970.4540970325469970703125 HTTP/1.1" 200 0 "-" "WordPress/6.8; https://learningladder.academy"
51.222.27.14 - - [27/Apr/2025:11:16:10 -0400] "POST /xmlrpc.php HTTP/1.1" 200 403 "-" "Mozilla/5.0 (Windows NT 10.0; Win64; x64) AppleWebKit/537.36 (KHTML, like Gecko) Chrome/87.0.4280.141 Safari/537.36"
66.29.132.124 - - [27/Apr/2025:11:16:10 -0400] "POST /wp-admin/admin-ajax.php?action=async_litespeed&nonce=YnwpRK8MmwRnnRl4annuFgbcwpuytIGo&litespeed_type=imgoptm HTTP/1.1" 200 21 "-" "WordPress/6.8; https://learningladder.academy"
54.36.61.94 - - [27/Apr/2025:11:16:14 -0400] "POST /xmlrpc.php HTTP/1.1" 200 403 "-" "Mozilla/5.0 (Windows NT 10.0; Win64; x64) AppleWebKit/537.36 (KHTML, like Gecko) Chrome/63.0.3239.132 Safari/537.36"
134.209.95.224 - - [27/Apr/2025:11:16:18 -0400] "POST /xmlrpc.php HTTP/1.1" 200 403 "-" "Mozilla/5.0 (Windows NT 6.1; rv:17.0) Gecko/20100101 Firefox/20.6.14"
195.78.94.193 - - [27/Apr/2025:11:16:20 -0400] "POST /xmlrpc.php HTTP/1.1" 200 403 "-" "Mozilla/5.0 (Windows NT 10.0; Win64; x64) AppleWebKit/537.36 (KHTML, like Gecko) Chrome/87.0.4280.141 Safari/537.36"
193.202.110.17 - - [27/Apr/2025:11:16:22 -0400] "POST /xmlrpc.php HTTP/1.1" 200 403 "-" "Mozilla/5.0 (Windows NT 6.1; WOW64; rv:47.0) Gecko/20100101 Firefox/47.0"
179.61.199.9 - - [27/Apr/2025:11:16:26 -0400] "POST /xmlrpc.php HTTP/1.1" 200 403 "-" "Mozilla/5.0 (Windows NT 6.1; WOW64; rv:45.0) Gecko/20100101 Firefox/45.0"
179.61.199.9 - - [27/Apr/2025:11:16:29 -0400] "POST /xmlrpc.php HTTP/1.1" 200 403 "-" "Mozilla/5.0 (Windows NT 6.1; Win64; x64) AppleWebKit/537.36 (KHTML, like Gecko) Chrome/63.0.3239.132 Safari/537.36"
173.252.79.5 - - [27/Apr/2025:11:28:30 -0400] "GET /robots.txt HTTP/1.1" 200 123 "-" "facebookexternalhit/1.1 (+http://www.facebook.com/externalhit_uatext.php)"
104.194.133.108 - - [27/Apr/2025:12:29:29 -0400] "GET /.env HTTP/1.1" 200 0 "-" "Mozilla/5.0 (Macintosh; Intel Mac OS X 10.15; rv:77.0) Gecko/20100101 Firefox/77.0"
66.29.132.124 - - [27/Apr/2025:12:29:33 -0400] "POST /wp-cron.php?doing_wp_cron=1745771373.1461539268493652343750 HTTP/1.1" 200 0 "-" "WordPress/6.8; https://learningladder.academy"
66.29.132.124 - - [27/Apr/2025:12:29:33 -0400] "POST /wp-admin/admin-ajax.php?action=async_litespeed&nonce=Hk72g695OABqQZrp4rc1LVOEFxlLs6Wk&litespeed_type=imgoptm HTTP/1.1" 200 21 "-" "WordPress/6.8; https://learningladder.academy"
54.36.148.134 - - [27/Apr/2025:13:04:09 -0400] "GET /robots.txt HTTP/1.1" 200 99 "-" "Mozilla/5.0 (compatible; AhrefsBot/7.0; +http://ahrefs.com/robot/)"
51.222.253.19 - - [27/Apr/2025:13:04:10 -0400] "GET / HTTP/1.1" 200 28842 "-" "Mozilla/5.0 (compatible; AhrefsBot/7.0; +http://ahrefs.com/robot/)"
64.64.127.21 - - [27/Apr/2025:13:15:11 -0400] "GET / HTTP/1.1" 200 34334 "-" "Mozilla/5.0 (Macintosh; Intel Mac OS X 10_15_7) AppleWebKit/537.36 (KHTML, like Gecko) Chrome/130.0.0.0 Safari/537.36"
66.29.132.124 - - [27/Apr/2025:13:45:24 -0400] "POST /wp-cron.php?doing_wp_cron=1745775923.4236209392547607421875 HTTP/1.1" 200 0 "-" "WordPress/6.8; https://learningladder.academy"
66.29.132.124 - - [27/Apr/2025:13:45:26 -0400] "POST /wp-admin/admin-ajax.php?action=async_litespeed&nonce=dq29vrPKxhozgba0sIjfpoBostN1GdFp&litespeed_type=imgoptm HTTP/1.1" 200 0 "-" "WordPress/6.8; https://learningladder.academy"
52.167.144.176 - - [27/Apr/2025:13:45:14 -0400] "GET /courses/stem_installations1.jpg HTTP/1.1" 404 18885 "-" "Mozilla/5.0 AppleWebKit/537.36 (KHTML, like Gecko; compatible; bingbot/2.0; +http://www.bing.com/bingbot.htm) Chrome/116.0.1938.76 Safari/537.36"
66.29.132.124 - - [27/Apr/2025:13:58:35 -0400] "POST /wp-cron.php?doing_wp_cron=1745776715.0138370990753173828125 HTTP/1.1" 200 0 "-" "WordPress/6.8; https://learningladder.academy"
18.218.40.36 - - [27/Apr/2025:13:58:32 -0400] "POST /xmlrpc.php HTTP/1.1" 200 403 "-" "Mozilla/5.0 (Windows NT 6.1; Win64; x64) AppleWebKit/537.36 (KHTML, like Gecko) Chrome/60.0.3112.90 Safari/537.36"
47.254.173.12 - - [27/Apr/2025:13:58:31 -0400] "POST /xmlrpc.php HTTP/1.1" 200 403 "-" "Mozilla/5.0 (Windows NT 6.1; Win64; x64) AppleWebKit/537.36 (KHTML, like Gecko) Chrome/69.0.3497.100 Safari/537.36"
66.29.132.124 - - [27/Apr/2025:13:58:35 -0400] "POST /wp-admin/admin-ajax.php?action=async_litespeed&nonce=NU8WUmB8xKQc1dzQENvEfTXk5WvJN2kw&litespeed_type=imgoptm HTTP/1.1" 200 21 "-" "WordPress/6.8; https://learningladder.academy"
47.254.173.12 - - [27/Apr/2025:13:58:44 -0400] "POST /xmlrpc.php HTTP/1.1" 200 403 "-" "Mozilla/5.0 (Windows NT 10.0; Win64; x64; rv:88.0) Gecko/20100101 Firefox/88.0"
203.115.100.139 - - [27/Apr/2025:13:58:46 -0400] "POST /xmlrpc.php HTTP/1.1" 200 403 "-" "Mozilla/5.0 (Windows NT 10.0; Win64; x64) AppleWebKit/537.36 (KHTML, like Gecko) Chrome/65.0.3325.181 Safari/537.36"
179.61.199.9 - - [27/Apr/2025:13:58:49 -0400] "POST /xmlrpc.php HTTP/1.1" 200 403 "-" "Mozilla/5.0 (Windows NT 10.0; Win64; x64) AppleWebKit/537.36 (KHTML, like Gecko) Chrome/80.0.3987.163 Safari/537.36"
162.55.100.32 - - [27/Apr/2025:13:58:49 -0400] "POST /xmlrpc.php HTTP/1.1" 200 403 "-" "Mozilla/5.0 (Windows NT 10.0; Win64; x64) AppleWebKit/537.36 (KHTML, like Gecko) Chrome/80.0.3987.163 Safari/537.36"
85.128.143.200 - - [27/Apr/2025:13:59:01 -0400] "POST /xmlrpc.php HTTP/1.1" 200 403 "-" "Mozilla/5.0 (Linux; Android 10; SM-A102U) AppleWebKit/537.36 (KHTML, like Gecko) Chrome/91.0.4472.114 Mobile Safari/537.36"
195.78.94.193 - - [27/Apr/2025:13:59:02 -0400] "POST /xmlrpc.php HTTP/1.1" 200 403 "-" "Mozilla/5.0 (Windows NT 6.1; WOW64; rv:18.0) Gecko/20100101 Firefox/18.0"
47.254.173.12 - - [27/Apr/2025:13:59:04 -0400] "POST /xmlrpc.php HTTP/1.1" 200 403 "-" "Mozilla/5.0 (Windows NT 10.0; Win64; x64; rv:57.0) Gecko/20100101 Firefox/57.0"
66.29.132.124 - - [27/Apr/2025:13:59:14 -0400] "POST /wp-cron.php?doing_wp_cron=1745776754.1184129714965820312500 HTTP/1.1" 200 0 "-" "WordPress/6.8; https://learningladder.academy"
91.134.248.211 - - [27/Apr/2025:13:59:13 -0400] "POST /xmlrpc.php HTTP/1.1" 200 403 "-" "Mozilla/5.0 (Windows NT 6.1; WOW64; rv:52.0) Gecko/20100101 Firefox/52.0"
66.29.132.124 - - [27/Apr/2025:13:59:14 -0400] "POST /wp-admin/admin-ajax.php?action=async_litespeed&nonce=v0fV5ck33weuHmZ7hKYAC0z5q4N0Msxr&litespeed_type=imgoptm HTTP/1.1" 200 21 "-" "WordPress/6.8; https://learningladder.academy"
138.68.174.32 - - [27/Apr/2025:14:14:01 -0400] "GET / HTTP/1.1" 200 34334 "-" "Mozilla/5.0 (compatible)"
138.68.174.32 - - [27/Apr/2025:14:14:09 -0400] "GET /favicon.ico HTTP/1.1" 404 1251 "https://learningladder.academy/" "Mozilla/5.0 (compatible)"
182.42.110.255 - - [27/Apr/2025:14:27:21 -0400] "GET / HTTP/1.1" 200 34334 "http://learningladder.academy" "Mozilla/5.0 (iPhone; CPU iPhone OS 13_2_3 like Mac OS X) AppleWebKit/605.1.15 (KHTML, like Gecko) Version/13.0.3 Mobile/15E148 Safari/604.1"
69.171.249.112 - - [27/Apr/2025:14:28:23 -0400] "GET /robots.txt HTTP/1.1" 301 0 "-" "facebookexternalhit/1.1 (+http://www.facebook.com/externalhit_uatext.php)"
69.171.249.112 - - [27/Apr/2025:14:28:24 -0400] "GET /robots.txt HTTP/1.1" 200 123 "-" "facebookexternalhit/1.1 (+http://www.facebook.com/externalhit_uatext.php)"
66.29.132.124 - - [27/Apr/2025:14:28:32 -0400] "POST /wp-cron.php?doing_wp_cron=1745778512.5691399574279785156250 HTTP/1.1" 200 0 "-" "WordPress/6.8; https://learningladder.academy"
66.29.132.124 - - [27/Apr/2025:14:28:34 -0400] "POST /wp-admin/admin-ajax.php?action=async_litespeed&nonce=leIzdHaBf9woGtO98ifF79OBuzkKnieP&litespeed_type=imgoptm HTTP/1.1" 200 0 "-" "WordPress/6.8; https://learningladder.academy"
57.141.4.11 - - [27/Apr/2025:14:28:24 -0400] "GET /index.html HTTP/1.1" 301 0 "-" "meta-externalagent/1.1 (+https://developers.facebook.com/docs/sharing/webmasters/crawler)"
66.29.132.124 - - [27/Apr/2025:14:28:40 -0400] "POST /wp-cron.php?doing_wp_cron=1745778520.0158789157867431640625 HTTP/1.1" 200 0 "-" "WordPress/6.8; https://learningladder.academy"
57.141.4.25 - - [27/Apr/2025:14:28:39 -0400] "GET / HTTP/1.1" 301 0 "-" "meta-externalagent/1.1 (+https://developers.facebook.com/docs/sharing/webmasters/crawler)"
57.141.4.18 - - [27/Apr/2025:14:28:40 -0400] "GET /index.html HTTP/1.1" 404 86713 "-" "meta-externalagent/1.1 (+https://developers.facebook.com/docs/sharing/webmasters/crawler)"
51.8.102.242 - - [27/Apr/2025:14:38:56 -0400] "GET /robots.txt HTTP/1.1" 200 99 "-" "Mozilla/5.0 (Macintosh; Intel Mac OS X 10_15_7) AppleWebKit/537.36 (KHTML, like Gecko) Chrome/131.0.0.0 Safari/537.36; compatible; OAI-SearchBot/1.0; +https://openai.com/searchbot"
40.77.167.255 - - [27/Apr/2025:14:50:41 -0400] "GET /courses/ HTTP/1.1" 200 31793 "-" "Mozilla/5.0 AppleWebKit/537.36 (KHTML, like Gecko; compatible; bingbot/2.0; +http://www.bing.com/bingbot.htm) Chrome/116.0.1938.76 Safari/537.36"
40.77.167.33 - - [27/Apr/2025:14:51:18 -0400] "GET /wp-content/plugins/elementor/assets/css/widget-icon-list.min.css?ver=3.28.4 HTTP/1.1" 200 957 "-" "Mozilla/5.0 AppleWebKit/537.36 (KHTML, like Gecko; compatible; bingbot/2.0; +http://www.bing.com/bingbot.htm) Chrome/116.0.1938.76 Safari/537.36"
40.77.167.33 - - [27/Apr/2025:14:51:19 -0400] "GET /wp-content/plugins/elementor/assets/css/widget-image-gallery.min.css?ver=3.28.4 HTTP/1.1" 200 300 "-" "Mozilla/5.0 AppleWebKit/537.36 (KHTML, like Gecko; compatible; bingbot/2.0; +http://www.bing.com/bingbot.htm) Chrome/116.0.1938.76 Safari/537.36"
40.77.167.33 - - [27/Apr/2025:14:51:19 -0400] "GET /wp-content/plugins/elementor/assets/css/widget-social-icons.min.css?ver=3.28.4 HTTP/1.1" 200 1069 "-" "Mozilla/5.0 AppleWebKit/537.36 (KHTML, like Gecko; compatible; bingbot/2.0; +http://www.bing.com/bingbot.htm) Chrome/116.0.1938.76 Safari/537.36"
40.77.167.33 - - [27/Apr/2025:14:51:20 -0400] "GET /wp-content/plugins/elementor/assets/js/webpack.runtime.min.js?ver=3.28.4 HTTP/1.1" 200 2228 "-" "Mozilla/5.0 AppleWebKit/537.36 (KHTML, like Gecko; compatible; bingbot/2.0; +http://www.bing.com/bingbot.htm) Chrome/116.0.1938.76 Safari/537.36"
40.77.167.33 - - [27/Apr/2025:14:51:20 -0400] "GET /wp-content/plugins/elementor/assets/lib/animations/styles/fadeIn.min.css?ver=3.28.4 HTTP/1.1" 200 77 "-" "Mozilla/5.0 AppleWebKit/537.36 (KHTML, like Gecko; compatible; bingbot/2.0; +http://www.bing.com/bingbot.htm) Chrome/116.0.1938.76 Safari/537.36"
40.77.167.33 - - [27/Apr/2025:14:51:21 -0400] "GET /wp-content/plugins/elementor/assets/lib/swiper/v8/css/swiper.min.css?ver=8.4.5 HTTP/1.1" 200 4248 "-" "Mozilla/5.0 AppleWebKit/537.36 (KHTML, like Gecko; compatible; bingbot/2.0; +http://www.bing.com/bingbot.htm) Chrome/116.0.1938.76 Safari/537.36"
40.77.167.33 - - [27/Apr/2025:14:51:21 -0400] "GET /wp-content/plugins/elementskit-lite/widgets/init/assets/css/responsive.css?ver=3.5.0 HTTP/1.1" 200 2859 "-" "Mozilla/5.0 AppleWebKit/537.36 (KHTML, like Gecko; compatible; bingbot/2.0; +http://www.bing.com/bingbot.htm) Chrome/116.0.1938.76 Safari/537.36"
40.77.167.33 - - [27/Apr/2025:14:51:21 -0400] "GET /wp-content/plugins/elementskit-lite/widgets/init/assets/js/widget-scripts.js?ver=3.5.0 HTTP/1.1" 200 40425 "-" "Mozilla/5.0 AppleWebKit/537.36 (KHTML, like Gecko; compatible; bingbot/2.0; +http://www.bing.com/bingbot.htm) Chrome/116.0.1938.76 Safari/537.36"
40.77.167.33 - - [27/Apr/2025:14:51:22 -0400] "GET /wp-content/plugins/pro-elements/assets/css/widget-nav-menu.min.css?ver=3.25.5 HTTP/1.1" 200 3142 "-" "Mozilla/5.0 AppleWebKit/537.36 (KHTML, like Gecko; compatible; bingbot/2.0; +http://www.bing.com/bingbot.htm) Chrome/116.0.1938.76 Safari/537.36"
40.77.167.33 - - [27/Apr/2025:14:51:22 -0400] "GET /wp-content/plugins/pro-elements/assets/js/frontend.min.js?ver=3.25.5 HTTP/1.1" 200 6449 "-" "Mozilla/5.0 AppleWebKit/537.36 (KHTML, like Gecko; compatible; bingbot/2.0; +http://www.bing.com/bingbot.htm) Chrome/116.0.1938.76 Safari/537.36"
40.77.167.33 - - [27/Apr/2025:14:51:22 -0400] "GET /wp-content/plugins/pro-elements/assets/lib/smartmenus/jquery.smartmenus.min.js?ver=1.2.1 HTTP/1.1" 200 6867 "-" "Mozilla/5.0 AppleWebKit/537.36 (KHTML, like Gecko; compatible; bingbot/2.0; +http://www.bing.com/bingbot.htm) Chrome/116.0.1938.76 Safari/537.36"
40.77.167.33 - - [27/Apr/2025:14:51:23 -0400] "GET /wp-content/themes/hello-elementor/assets/js/hello-frontend.min.js?ver=3.3.0 HTTP/1.1" 200 548 "-" "Mozilla/5.0 AppleWebKit/537.36 (KHTML, like Gecko; compatible; bingbot/2.0; +http://www.bing.com/bingbot.htm) Chrome/116.0.1938.76 Safari/537.36"
40.77.167.33 - - [27/Apr/2025:14:51:23 -0400] "GET /wp-content/themes/hello-elementor/theme.min.css?ver=3.3.0 HTTP/1.1" 200 1131 "-" "Mozilla/5.0 AppleWebKit/537.36 (KHTML, like Gecko; compatible; bingbot/2.0; +http://www.bing.com/bingbot.htm) Chrome/116.0.1938.76 Safari/537.36"
40.77.167.33 - - [27/Apr/2025:14:51:24 -0400] "GET /wp-content/uploads/elementor/css/post-10.css?ver=1744798032 HTTP/1.1" 200 369 "-" "Mozilla/5.0 AppleWebKit/537.36 (KHTML, like Gecko; compatible; bingbot/2.0; +http://www.bing.com/bingbot.htm) Chrome/116.0.1938.76 Safari/537.36"
40.77.167.33 - - [27/Apr/2025:14:51:24 -0400] "GET /wp-content/uploads/elementor/css/post-284.css?ver=1744797921 HTTP/1.1" 200 1412 "-" "Mozilla/5.0 AppleWebKit/537.36 (KHTML, like Gecko; compatible; bingbot/2.0; +http://www.bing.com/bingbot.htm) Chrome/116.0.1938.76 Safari/537.36"
40.77.167.33 - - [27/Apr/2025:14:51:25 -0400] "GET /wp-content/uploads/elementor/google-fonts/css/palanquindark.css?ver=1742299995 HTTP/1.1" 200 516 "-" "Mozilla/5.0 AppleWebKit/537.36 (KHTML, like Gecko; compatible; bingbot/2.0; +http://www.bing.com/bingbot.htm) Chrome/116.0.1938.76 Safari/537.36"
40.77.167.33 - - [27/Apr/2025:14:51:25 -0400] "GET /wp-content/uploads/elementor/google-fonts/css/palanquin.css?ver=1742299946 HTTP/1.1" 200 576 "-" "Mozilla/5.0 AppleWebKit/537.36 (KHTML, like Gecko; compatible; bingbot/2.0; +http://www.bing.com/bingbot.htm) Chrome/116.0.1938.76 Safari/537.36"
40.77.167.33 - - [27/Apr/2025:14:51:25 -0400] "GET /wp-includes/js/dist/hooks.min.js?ver=4d63a3d491d11ffd8ac6 HTTP/1.1" 200 1571 "-" "Mozilla/5.0 AppleWebKit/537.36 (KHTML, like Gecko; compatible; bingbot/2.0; +http://www.bing.com/bingbot.htm) Chrome/116.0.1938.76 Safari/537.36"
40.77.167.33 - - [27/Apr/2025:14:51:25 -0400] "GET /wp-includes/js/wp-emoji-release.min.js?ver=6.8 HTTP/1.1" 200 4771 "-" "Mozilla/5.0 AppleWebKit/537.36 (KHTML, like Gecko; compatible; bingbot/2.0; +http://www.bing.com/bingbot.htm) Chrome/116.0.1938.76 Safari/537.36"
157.55.39.16 - - [27/Apr/2025:14:51:37 -0400] "GET /wp-content/plugins/elementor/assets/css/conditionals/apple-webkit.min.css?ver=3.28.4 HTTP/1.1" 200 472 "-" "Mozilla/5.0 AppleWebKit/537.36 (KHTML, like Gecko; compatible; bingbot/2.0; +http://www.bing.com/bingbot.htm) Chrome/116.0.1938.76 Safari/537.36"
157.55.39.16 - - [27/Apr/2025:14:51:37 -0400] "GET /wp-content/plugins/elementor/assets/css/conditionals/e-swiper.min.css?ver=3.28.4 HTTP/1.1" 200 699 "-" "Mozilla/5.0 AppleWebKit/537.36 (KHTML, like Gecko; compatible; bingbot/2.0; +http://www.bing.com/bingbot.htm) Chrome/116.0.1938.76 Safari/537.36"
157.55.39.16 - - [27/Apr/2025:14:51:38 -0400] "GET /wp-content/plugins/elementor/assets/css/widget-heading.min.css?ver=3.28.4 HTTP/1.1" 200 154 "-" "Mozilla/5.0 AppleWebKit/537.36 (KHTML, like Gecko; compatible; bingbot/2.0; +http://www.bing.com/bingbot.htm) Chrome/116.0.1938.76 Safari/537.36"
157.55.39.16 - - [27/Apr/2025:14:51:38 -0400] "GET /wp-content/plugins/elementor/assets/css/widget-spacer.min.css?ver=3.28.4 HTTP/1.1" 200 315 "-" "Mozilla/5.0 AppleWebKit/537.36 (KHTML, like Gecko; compatible; bingbot/2.0; +http://www.bing.com/bingbot.htm) Chrome/116.0.1938.76 Safari/537.36"
157.55.39.16 - - [27/Apr/2025:14:51:38 -0400] "GET /wp-content/plugins/elementor/assets/js/frontend-modules.min.js?ver=3.28.4 HTTP/1.1" 200 14421 "-" "Mozilla/5.0 AppleWebKit/537.36 (KHTML, like Gecko; compatible; bingbot/2.0; +http://www.bing.com/bingbot.htm) Chrome/116.0.1938.76 Safari/537.36"
157.55.39.16 - - [27/Apr/2025:14:51:38 -0400] "GET /wp-content/plugins/elementor/assets/js/frontend.min.js?ver=3.28.4 HTTP/1.1" 200 13099 "-" "Mozilla/5.0 AppleWebKit/537.36 (KHTML, like Gecko; compatible; bingbot/2.0; +http://www.bing.com/bingbot.htm) Chrome/116.0.1938.76 Safari/537.36"
157.55.39.16 - - [27/Apr/2025:14:51:39 -0400] "GET /wp-content/plugins/elementor/assets/lib/animations/styles/fadeInDown.min.css?ver=3.28.4 HTTP/1.1" 200 137 "-" "Mozilla/5.0 AppleWebKit/537.36 (KHTML, like Gecko; compatible; bingbot/2.0; +http://www.bing.com/bingbot.htm) Chrome/116.0.1938.76 Safari/537.36"
157.55.39.16 - - [27/Apr/2025:14:51:39 -0400] "GET /wp-content/plugins/elementor/assets/lib/animations/styles/fadeInLeft.min.css?ver=3.28.4 HTTP/1.1" 200 137 "-" "Mozilla/5.0 AppleWebKit/537.36 (KHTML, like Gecko; compatible; bingbot/2.0; +http://www.bing.com/bingbot.htm) Chrome/116.0.1938.76 Safari/537.36"
157.55.39.16 - - [27/Apr/2025:14:51:39 -0400] "GET /wp-content/plugins/elementor/assets/lib/swiper/v8/swiper.min.js?ver=8.4.5 HTTP/1.1" 200 38152 "-" "Mozilla/5.0 AppleWebKit/537.36 (KHTML, like Gecko; compatible; bingbot/2.0; +http://www.bing.com/bingbot.htm) Chrome/116.0.1938.76 Safari/537.36"
157.55.39.16 - - [27/Apr/2025:14:51:40 -0400] "GET /wp-content/plugins/elementskit-lite/modules/elementskit-icon-pack/assets/css/ekiticons.css?ver=3.5.0 HTTP/1.1" 200 11776 "-" "Mozilla/5.0 AppleWebKit/537.36 (KHTML, like Gecko; compatible; bingbot/2.0; +http://www.bing.com/bingbot.htm) Chrome/116.0.1938.76 Safari/537.36"
157.55.39.16 - - [27/Apr/2025:14:51:41 -0400] "GET /wp-content/plugins/elementskit-lite/widgets/init/assets/js/elementor.js?ver=3.5.0 HTTP/1.1" 200 5290 "-" "Mozilla/5.0 AppleWebKit/537.36 (KHTML, like Gecko; compatible; bingbot/2.0; +http://www.bing.com/bingbot.htm) Chrome/116.0.1938.76 Safari/537.36"
