20.171.207.66 - - [28/Apr/2025:14:42:03 -0400] "GET /wp-content/uploads/2024/08/stem_installations1-150x150.jpg%20150w,%20https:/learningladder.academy/wp-content/uploads/2024/08/elementor/thumbs/stem_installations1-qtdkgax019izrx73cyttwzhmy07a3fdcrhhldot2ns.jpg%20300w HTTP/1.1" 404 18920 "-" "Mozilla/5.0 AppleWebKit/537.36 (KHTML, like Gecko; compatible; GPTBot/1.2; +https://openai.com/gptbot)"
20.171.207.66 - - [28/Apr/2025:14:42:10 -0400] "GET /wp-content/uploads/2024/08/Untitled_design_-_2024-09-28T134323.355-removebg-preview.png%20300w,%20https:/learningladder.academy/wp-content/uploads/2024/08/Untitled_design_-_2024-09-28T134323.355-removebg-preview-150x150.png%20150w HTTP/1.1" 404 18912 "-" "Mozilla/5.0 AppleWebKit/537.36 (KHTML, like Gecko; compatible; GPTBot/1.2; +https://openai.com/gptbot)"
66.29.132.124 - - [28/Apr/2025:14:48:22 -0400] "POST /wp-cron.php?doing_wp_cron=1745866101.8621370792388916015625 HTTP/1.1" 200 0 "-" "WordPress/6.8; https://learningladder.academy"
66.29.132.124 - - [28/Apr/2025:14:48:23 -0400] "POST /wp-admin/admin-ajax.php?action=async_litespeed&nonce=2Zkl9SWzM30rvuEgUGv1wNZ6Tqq7UuyQ&litespeed_type=imgoptm HTTP/1.1" 200 0 "-" "WordPress/6.8; https://learningladder.academy"
20.171.207.66 - - [28/Apr/2025:14:48:11 -0400] "GET /appsettings.json HTTP/1.1" 404 18881 "-" "Mozilla/5.0 AppleWebKit/537.36 (KHTML, like Gecko; compatible; GPTBot/1.2; +https://openai.com/gptbot)"
20.171.207.66 - - [28/Apr/2025:14:48:28 -0400] "GET /wp-content/uploads/2024/08/Untitled_design_-_2024-09-28T134323.355-removebg-preview.png%20300w,%20https:/learningladder.academy/wp-content/uploads/2024/08/Untitled_design_-_2024-09-28T134323.355-removebg-preview-150x150.png%20150w HTTP/1.1" 404 18912 "-" "Mozilla/5.0 AppleWebKit/537.36 (KHTML, like Gecko; compatible; GPTBot/1.2; +https://openai.com/gptbot)"
66.29.132.124 - - [28/Apr/2025:14:48:37 -0400] "POST /wp-cron.php?doing_wp_cron=1745866117.4831318855285644531250 HTTP/1.1" 200 0 "-" "WordPress/6.8; https://learningladder.academy"
20.171.207.66 - - [28/Apr/2025:14:48:36 -0400] "GET /wp-json/elementskit/v1/ HTTP/1.1" 404 114 "-" "Mozilla/5.0 AppleWebKit/537.36 (KHTML, like Gecko; compatible; GPTBot/1.2; +https://openai.com/gptbot)"
20.171.207.66 - - [28/Apr/2025:14:48:41 -0400] "GET /wp-content/uploads/2024/08/stem_installations1-150x150.jpg%20150w,%20https:/learningladder.academy/wp-content/uploads/2024/08/elementor/thumbs/stem_installations1-qtdkgax019izrx73cyttwzhmy07a3fdcrhhldot2ns.jpg%20300w HTTP/1.1" 404 18920 "-" "Mozilla/5.0 AppleWebKit/537.36 (KHTML, like Gecko; compatible; GPTBot/1.2; +https://openai.com/gptbot)"
20.171.207.66 - - [28/Apr/2025:14:49:21 -0400] "GET /wp-content/uploads/2024/08/Untitled_design_-_2024-09-28T134323.355-removebg-preview.png%20300w,%20https:/learningladder.academy/wp-content/uploads/2024/08/Untitled_design_-_2024-09-28T134323.355-removebg-preview-150x150.png%20150w HTTP/1.1" 404 18912 "-" "Mozilla/5.0 AppleWebKit/537.36 (KHTML, like Gecko; compatible; GPTBot/1.2; +https://openai.com/gptbot)"
20.171.207.66 - - [28/Apr/2025:14:49:28 -0400] "GET /wp-json/elementskit/v1/ HTTP/1.1" 404 114 "-" "Mozilla/5.0 AppleWebKit/537.36 (KHTML, like Gecko; compatible; GPTBot/1.2; +https://openai.com/gptbot)"
20.171.207.66 - - [28/Apr/2025:14:49:35 -0400] "GET /wp-content/uploads/2024/08/stem_installations1-150x150.jpg%20150w,%20https:/learningladder.academy/wp-content/uploads/2024/08/elementor/thumbs/stem_installations1-qtdkgax019izrx73cyttwzhmy07a3fdcrhhldot2ns.jpg%20300w HTTP/1.1" 404 18920 "-" "Mozilla/5.0 AppleWebKit/537.36 (KHTML, like Gecko; compatible; GPTBot/1.2; +https://openai.com/gptbot)"
66.29.132.124 - - [28/Apr/2025:14:54:35 -0400] "POST /wp-cron.php?doing_wp_cron=1745866474.1230490207672119140625 HTTP/1.1" 200 0 "-" "WordPress/6.8; https://learningladder.academy"
66.29.132.124 - - [28/Apr/2025:14:54:37 -0400] "POST /wp-admin/admin-ajax.php?action=async_litespeed&nonce=4X8oy1Ok8eBeS2q82DH00UBpeeIGxAy6&litespeed_type=imgoptm HTTP/1.1" 200 0 "-" "WordPress/6.8; https://learningladder.academy"
20.171.207.66 - - [28/Apr/2025:14:54:24 -0400] "GET /wp-content/cache/ HTTP/1.1" 404 18870 "-" "Mozilla/5.0 AppleWebKit/537.36 (KHTML, like Gecko; compatible; GPTBot/1.2; +https://openai.com/gptbot)"
20.171.207.66 - - [28/Apr/2025:14:54:42 -0400] "GET /wp-json/elementskit/v1/ HTTP/1.1" 404 114 "-" "Mozilla/5.0 AppleWebKit/537.36 (KHTML, like Gecko; compatible; GPTBot/1.2; +https://openai.com/gptbot)"
194.163.143.168 - - [28/Apr/2025:14:54:47 -0400] "GET /.git/config HTTP/1.1" 403 1242 "-" "-"
20.171.207.66 - - [28/Apr/2025:14:54:49 -0400] "GET /wp-content/uploads/2024/08/stem_installations1-150x150.jpg%20150w,%20https:/learningladder.academy/wp-content/uploads/2024/08/elementor/thumbs/stem_installations1-qtdkgax019izrx73cyttwzhmy07a3fdcrhhldot2ns.jpg%20300w HTTP/1.1" 404 18920 "-" "Mozilla/5.0 AppleWebKit/537.36 (KHTML, like Gecko; compatible; GPTBot/1.2; +https://openai.com/gptbot)"
20.171.207.66 - - [28/Apr/2025:14:54:56 -0400] "GET /wp-content/uploads/2024/08/Untitled_design_-_2024-09-28T134323.355-removebg-preview.png%20300w,%20https:/learningladder.academy/wp-content/uploads/2024/08/Untitled_design_-_2024-09-28T134323.355-removebg-preview-150x150.png%20150w HTTP/1.1" 404 18912 "-" "Mozilla/5.0 AppleWebKit/537.36 (KHTML, like Gecko; compatible; GPTBot/1.2; +https://openai.com/gptbot)"
20.171.207.66 - - [28/Apr/2025:14:55:01 -0400] "GET /wp-content/cache/ HTTP/1.1" 404 18870 "-" "Mozilla/5.0 AppleWebKit/537.36 (KHTML, like Gecko; compatible; GPTBot/1.2; +https://openai.com/gptbot)"
20.171.207.66 - - [28/Apr/2025:14:55:09 -0400] "GET /wp-content/uploads/2024/08/stem_installations1-150x150.jpg%20150w,%20https:/learningladder.academy/wp-content/uploads/2024/08/elementor/thumbs/stem_installations1-qtdkgax019izrx73cyttwzhmy07a3fdcrhhldot2ns.jpg%20300w HTTP/1.1" 404 18920 "-" "Mozilla/5.0 AppleWebKit/537.36 (KHTML, like Gecko; compatible; GPTBot/1.2; +https://openai.com/gptbot)"
66.29.132.124 - - [28/Apr/2025:14:55:34 -0400] "POST /wp-cron.php?doing_wp_cron=1745866533.9122619628906250000000 HTTP/1.1" 200 0 "-" "WordPress/6.8; https://learningladder.academy"
20.171.207.66 - - [28/Apr/2025:14:55:33 -0400] "GET /?p=1 HTTP/1.1" 301 0 "-" "Mozilla/5.0 AppleWebKit/537.36 (KHTML, like Gecko; compatible; GPTBot/1.2; +https://openai.com/gptbot)"
66.29.132.124 - - [28/Apr/2025:14:55:36 -0400] "POST /wp-admin/admin-ajax.php?action=async_litespeed&nonce=ICkSQen0a2wZiu9Z8YgqTho66RxDaFqc&litespeed_type=imgoptm HTTP/1.1" 200 0 "-" "WordPress/6.8; https://learningladder.academy"
20.171.207.66 - - [28/Apr/2025:14:55:37 -0400] "GET /xmlrpc.php HTTP/1.1" 405 46 "-" "Mozilla/5.0 AppleWebKit/537.36 (KHTML, like Gecko; compatible; GPTBot/1.2; +https://openai.com/gptbot)"
20.171.207.66 - - [28/Apr/2025:14:57:20 -0400] "GET /wp-json/elementskit/v1/ HTTP/1.1" 404 114 "-" "Mozilla/5.0 AppleWebKit/537.36 (KHTML, like Gecko; compatible; GPTBot/1.2; +https://openai.com/gptbot)"
20.171.207.66 - - [28/Apr/2025:14:57:26 -0400] "GET /wp-content/uploads/2024/08/stem_installations1-150x150.jpg%20150w,%20https:/learningladder.academy/wp-content/uploads/2024/08/elementor/thumbs/stem_installations1-qtdkgax019izrx73cyttwzhmy07a3fdcrhhldot2ns.jpg%20300w HTTP/1.1" 404 18920 "-" "Mozilla/5.0 AppleWebKit/537.36 (KHTML, like Gecko; compatible; GPTBot/1.2; +https://openai.com/gptbot)"
20.171.207.66 - - [28/Apr/2025:14:57:32 -0400] "GET /wp-content/uploads/2024/08/Untitled_design_-_2024-09-28T134323.355-removebg-preview.png%20300w,%20https:/learningladder.academy/wp-content/uploads/2024/08/Untitled_design_-_2024-09-28T134323.355-removebg-preview-150x150.png%20150w HTTP/1.1" 404 18912 "-" "Mozilla/5.0 AppleWebKit/537.36 (KHTML, like Gecko; compatible; GPTBot/1.2; +https://openai.com/gptbot)"
128.79.54.64 - - [28/Apr/2025:15:01:59 -0400] "POST /xmlrpc.php HTTP/1.1" 200 0 "-" "Mozilla/5.0 (Windows NT 10.0; Win64; x64) AppleWebKit/537.36 (KHTML, like Gecko) Chrome/91.0.4472.124 Safari/537.36"
66.29.132.124 - - [28/Apr/2025:15:02:12 -0400] "POST /wp-cron.php?doing_wp_cron=1745866929.7052791118621826171875 HTTP/1.1" 200 0 "-" "WordPress/6.8; https://learningladder.academy"
20.171.207.66 - - [28/Apr/2025:15:03:21 -0400] "GET /wp-content/uploads/2024/08/Untitled_design_-_2024-09-28T134323.355-removebg-preview.png%20300w,%20https:/learningladder.academy/wp-content/uploads/2024/08/Untitled_design_-_2024-09-28T134323.355-removebg-preview-150x150.png%20150w HTTP/1.1" 404 18912 "-" "Mozilla/5.0 AppleWebKit/537.36 (KHTML, like Gecko; compatible; GPTBot/1.2; +https://openai.com/gptbot)"
20.171.207.66 - - [28/Apr/2025:15:03:25 -0400] "GET /wp-json/elementskit/v1/ HTTP/1.1" 404 114 "-" "Mozilla/5.0 AppleWebKit/537.36 (KHTML, like Gecko; compatible; GPTBot/1.2; +https://openai.com/gptbot)"
20.171.207.66 - - [28/Apr/2025:15:03:31 -0400] "GET /wp-content/uploads/2024/08/stem_installations1-150x150.jpg%20150w,%20https:/learningladder.academy/wp-content/uploads/2024/08/elementor/thumbs/stem_installations1-qtdkgax019izrx73cyttwzhmy07a3fdcrhhldot2ns.jpg%20300w HTTP/1.1" 404 18920 "-" "Mozilla/5.0 AppleWebKit/537.36 (KHTML, like Gecko; compatible; GPTBot/1.2; +https://openai.com/gptbot)"
196.251.81.49 - - [28/Apr/2025:15:03:49 -0400] "GET / HTTP/1.1" 200 164706 "-" "Mozilla/5.0 (iPhone; CPU iPhone OS 17_7 like Mac OS X) AppleWebKit/605.1.15 (KHTML, like Gecko) CriOS/132.0.6834.100 Mobile/15E148 Safari/604.1"
196.251.81.49 - - [28/Apr/2025:15:03:50 -0400] "GET /about-us/ HTTP/1.1" 200 122586 "-" "Mozilla/5.0 (iPhone; CPU iPhone OS 17_7 like Mac OS X) AppleWebKit/605.1.15 (KHTML, like Gecko) CriOS/132.0.6834.100 Mobile/15E148 Safari/604.1"
196.251.81.49 - - [28/Apr/2025:15:03:52 -0400] "GET /contact-us/ HTTP/1.1" 200 121263 "-" "Mozilla/5.0 (iPhone; CPU iPhone OS 17_7 like Mac OS X) AppleWebKit/605.1.15 (KHTML, like Gecko) CriOS/132.0.6834.100 Mobile/15E148 Safari/604.1"
20.171.207.66 - - [28/Apr/2025:15:07:30 -0400] "GET /wp-json/elementskit/v1/ HTTP/1.1" 404 114 "-" "Mozilla/5.0 AppleWebKit/537.36 (KHTML, like Gecko; compatible; GPTBot/1.2; +https://openai.com/gptbot)"
20.171.207.66 - - [28/Apr/2025:15:07:35 -0400] "GET /wp-content/uploads/2024/08/Untitled_design_-_2024-09-28T134323.355-removebg-preview.png%20300w,%20https:/learningladder.academy/wp-content/uploads/2024/08/Untitled_design_-_2024-09-28T134323.355-removebg-preview-150x150.png%20150w HTTP/1.1" 404 18912 "-" "Mozilla/5.0 AppleWebKit/537.36 (KHTML, like Gecko; compatible; GPTBot/1.2; +https://openai.com/gptbot)"
20.171.207.66 - - [28/Apr/2025:15:07:41 -0400] "GET /wp-content/uploads/2024/08/stem_installations1-150x150.jpg%20150w,%20https:/learningladder.academy/wp-content/uploads/2024/08/elementor/thumbs/stem_installations1-qtdkgax019izrx73cyttwzhmy07a3fdcrhhldot2ns.jpg%20300w HTTP/1.1" 404 18920 "-" "Mozilla/5.0 AppleWebKit/537.36 (KHTML, like Gecko; compatible; GPTBot/1.2; +https://openai.com/gptbot)"
20.171.207.66 - - [28/Apr/2025:15:20:41 -0400] "GET /wp-json/elementskit/v1/ HTTP/1.1" 404 114 "-" "Mozilla/5.0 AppleWebKit/537.36 (KHTML, like Gecko; compatible; GPTBot/1.2; +https://openai.com/gptbot)"
20.171.207.66 - - [28/Apr/2025:15:20:47 -0400] "GET /wp-content/uploads/2024/08/Untitled_design_-_2024-09-28T134323.355-removebg-preview.png%20300w,%20https:/learningladder.academy/wp-content/uploads/2024/08/Untitled_design_-_2024-09-28T134323.355-removebg-preview-150x150.png%20150w HTTP/1.1" 404 18912 "-" "Mozilla/5.0 AppleWebKit/537.36 (KHTML, like Gecko; compatible; GPTBot/1.2; +https://openai.com/gptbot)"
20.171.207.66 - - [28/Apr/2025:15:20:53 -0400] "GET /wp-content/uploads/2024/08/stem_installations1-150x150.jpg%20150w,%20https:/learningladder.academy/wp-content/uploads/2024/08/elementor/thumbs/stem_installations1-qtdkgax019izrx73cyttwzhmy07a3fdcrhhldot2ns.jpg%20300w HTTP/1.1" 404 18920 "-" "Mozilla/5.0 AppleWebKit/537.36 (KHTML, like Gecko; compatible; GPTBot/1.2; +https://openai.com/gptbot)"
20.171.207.66 - - [28/Apr/2025:15:23:26 -0400] "GET /wp-content/uploads/2024/08/stem_installations1-150x150.jpg%20150w,%20https:/learningladder.academy/wp-content/uploads/2024/08/elementor/thumbs/stem_installations1-qtdkgax019izrx73cyttwzhmy07a3fdcrhhldot2ns.jpg%20300w HTTP/1.1" 404 18920 "-" "Mozilla/5.0 AppleWebKit/537.36 (KHTML, like Gecko; compatible; GPTBot/1.2; +https://openai.com/gptbot)"
20.171.207.66 - - [28/Apr/2025:15:23:30 -0400] "GET /wp-content/uploads/2024/08/Untitled_design_-_2024-09-28T134323.355-removebg-preview.png%20300w,%20https:/learningladder.academy/wp-content/uploads/2024/08/Untitled_design_-_2024-09-28T134323.355-removebg-preview-150x150.png%20150w HTTP/1.1" 404 18912 "-" "Mozilla/5.0 AppleWebKit/537.36 (KHTML, like Gecko; compatible; GPTBot/1.2; +https://openai.com/gptbot)"
20.171.207.66 - - [28/Apr/2025:15:23:36 -0400] "GET /wp-json/elementskit/v1/ HTTP/1.1" 404 114 "-" "Mozilla/5.0 AppleWebKit/537.36 (KHTML, like Gecko; compatible; GPTBot/1.2; +https://openai.com/gptbot)"
20.171.207.66 - - [28/Apr/2025:15:23:51 -0400] "GET /wp-content/uploads/2024/08/Untitled_design_-_2024-09-28T134323.355-removebg-preview.png%20300w,%20https:/learningladder.academy/wp-content/uploads/2024/08/Untitled_design_-_2024-09-28T134323.355-removebg-preview-150x150.png%20150w HTTP/1.1" 404 18912 "-" "Mozilla/5.0 AppleWebKit/537.36 (KHTML, like Gecko; compatible; GPTBot/1.2; +https://openai.com/gptbot)"
20.171.207.66 - - [28/Apr/2025:15:23:59 -0400] "GET /wp-json/elementskit/v1/ HTTP/1.1" 404 114 "-" "Mozilla/5.0 AppleWebKit/537.36 (KHTML, like Gecko; compatible; GPTBot/1.2; +https://openai.com/gptbot)"
20.171.207.66 - - [28/Apr/2025:15:24:02 -0400] "GET /wp-content/uploads/2024/08/stem_installations1-150x150.jpg%20150w,%20https:/learningladder.academy/wp-content/uploads/2024/08/elementor/thumbs/stem_installations1-qtdkgax019izrx73cyttwzhmy07a3fdcrhhldot2ns.jpg%20300w HTTP/1.1" 404 18920 "-" "Mozilla/5.0 AppleWebKit/537.36 (KHTML, like Gecko; compatible; GPTBot/1.2; +https://openai.com/gptbot)"
20.171.207.66 - - [28/Apr/2025:15:34:33 -0400] "GET /wp-includes/blocks/calendar/ HTTP/1.1" 403 1242 "-" "Mozilla/5.0 AppleWebKit/537.36 (KHTML, like Gecko; compatible; GPTBot/1.2; +https://openai.com/gptbot)"
20.171.207.66 - - [28/Apr/2025:15:37:02 -0400] "GET /wp-includes/blocks/latest-posts/ HTTP/1.1" 403 1242 "-" "Mozilla/5.0 AppleWebKit/537.36 (KHTML, like Gecko; compatible; GPTBot/1.2; +https://openai.com/gptbot)"
66.29.132.124 - - [28/Apr/2025:15:37:24 -0400] "POST /wp-cron.php?doing_wp_cron=1745869043.5032649040222167968750 HTTP/1.1" 200 0 "-" "WordPress/6.8; https://learningladder.academy"
66.29.132.124 - - [28/Apr/2025:15:37:25 -0400] "POST /wp-admin/admin-ajax.php?action=async_litespeed&nonce=oXkxpAmlbqJnbr7bQj8dcC9olbdqbduQ&litespeed_type=imgoptm HTTP/1.1" 200 0 "-" "WordPress/6.8; https://learningladder.academy"
20.171.207.66 - - [28/Apr/2025:15:37:14 -0400] "GET /.well-known/acme-challenge/ HTTP/1.1" 404 18892 "-" "Mozilla/5.0 AppleWebKit/537.36 (KHTML, like Gecko; compatible; GPTBot/1.2; +https://openai.com/gptbot)"
20.171.207.66 - - [28/Apr/2025:15:38:19 -0400] "GET /wp-content/uploads/2024/08/Untitled_design_-_2024-09-28T134323.355-removebg-preview.png%20300w,%20https:/learningladder.academy/wp-content/uploads/2024/08/Untitled_design_-_2024-09-28T134323.355-removebg-preview-150x150.png%20150w HTTP/1.1" 404 18912 "-" "Mozilla/5.0 AppleWebKit/537.36 (KHTML, like Gecko; compatible; GPTBot/1.2; +https://openai.com/gptbot)"
20.171.207.66 - - [28/Apr/2025:15:38:24 -0400] "GET /wp-json/elementskit/v1/ HTTP/1.1" 404 114 "-" "Mozilla/5.0 AppleWebKit/537.36 (KHTML, like Gecko; compatible; GPTBot/1.2; +https://openai.com/gptbot)"
20.171.207.66 - - [28/Apr/2025:15:38:30 -0400] "GET /wp-content/uploads/2024/08/stem_installations1-150x150.jpg%20150w,%20https:/learningladder.academy/wp-content/uploads/2024/08/elementor/thumbs/stem_installations1-qtdkgax019izrx73cyttwzhmy07a3fdcrhhldot2ns.jpg%20300w HTTP/1.1" 404 18920 "-" "Mozilla/5.0 AppleWebKit/537.36 (KHTML, like Gecko; compatible; GPTBot/1.2; +https://openai.com/gptbot)"
20.171.207.66 - - [28/Apr/2025:15:39:43 -0400] "GET /wp-content/uploads/2024/08/Untitled_design_-_2024-09-28T134323.355-removebg-preview.png%20300w,%20https:/learningladder.academy/wp-content/uploads/2024/08/Untitled_design_-_2024-09-28T134323.355-removebg-preview-150x150.png%20150w HTTP/1.1" 404 18912 "-" "Mozilla/5.0 AppleWebKit/537.36 (KHTML, like Gecko; compatible; GPTBot/1.2; +https://openai.com/gptbot)"
20.171.207.66 - - [28/Apr/2025:15:39:44 -0400] "GET /wp-json/elementskit/v1/ HTTP/1.1" 404 114 "-" "Mozilla/5.0 AppleWebKit/537.36 (KHTML, like Gecko; compatible; GPTBot/1.2; +https://openai.com/gptbot)"
20.171.207.66 - - [28/Apr/2025:15:39:49 -0400] "GET /wp-content/uploads/2024/08/stem_installations1-150x150.jpg%20150w,%20https:/learningladder.academy/wp-content/uploads/2024/08/elementor/thumbs/stem_installations1-qtdkgax019izrx73cyttwzhmy07a3fdcrhhldot2ns.jpg%20300w HTTP/1.1" 404 18920 "-" "Mozilla/5.0 AppleWebKit/537.36 (KHTML, like Gecko; compatible; GPTBot/1.2; +https://openai.com/gptbot)"
20.171.207.66 - - [28/Apr/2025:15:42:16 -0400] "GET /wp-includes/html-api/ HTTP/1.1" 403 1242 "-" "Mozilla/5.0 AppleWebKit/537.36 (KHTML, like Gecko; compatible; GPTBot/1.2; +https://openai.com/gptbot)"
20.171.207.66 - - [28/Apr/2025:15:43:26 -0400] "GET /wp-includes/assets/ HTTP/1.1" 403 1242 "-" "Mozilla/5.0 AppleWebKit/537.36 (KHTML, like Gecko; compatible; GPTBot/1.2; +https://openai.com/gptbot)"
20.171.207.66 - - [28/Apr/2025:15:44:01 -0400] "GET /wp-content/uploads/2024/08/stem_installations1-150x150.jpg%20150w,%20https:/learningladder.academy/wp-content/uploads/2024/08/elementor/thumbs/stem_installations1-qtdkgax019izrx73cyttwzhmy07a3fdcrhhldot2ns.jpg%20300w HTTP/1.1" 404 18920 "-" "Mozilla/5.0 AppleWebKit/537.36 (KHTML, like Gecko; compatible; GPTBot/1.2; +https://openai.com/gptbot)"
20.171.207.66 - - [28/Apr/2025:15:44:07 -0400] "GET /wp-json/elementskit/v1/ HTTP/1.1" 404 114 "-" "Mozilla/5.0 AppleWebKit/537.36 (KHTML, like Gecko; compatible; GPTBot/1.2; +https://openai.com/gptbot)"
20.171.207.66 - - [28/Apr/2025:15:44:13 -0400] "GET /wp-content/uploads/2024/08/Untitled_design_-_2024-09-28T134323.355-removebg-preview.png%20300w,%20https:/learningladder.academy/wp-content/uploads/2024/08/Untitled_design_-_2024-09-28T134323.355-removebg-preview-150x150.png%20150w HTTP/1.1" 404 18912 "-" "Mozilla/5.0 AppleWebKit/537.36 (KHTML, like Gecko; compatible; GPTBot/1.2; +https://openai.com/gptbot)"
66.29.132.124 - - [28/Apr/2025:15:54:30 -0400] "POST /wp-cron.php?doing_wp_cron=1745870070.7983500957489013671875 HTTP/1.1" 200 0 "-" "WordPress/6.8; https://learningladder.academy"
66.29.132.124 - - [28/Apr/2025:15:54:32 -0400] "POST /wp-admin/admin-ajax.php?action=async_litespeed&nonce=IB65sY5WN8iWJrNpZjWYDrASwLHgA4T6&litespeed_type=imgoptm HTTP/1.1" 200 0 "-" "WordPress/6.8; https://learningladder.academy"
20.171.207.66 - - [28/Apr/2025:15:54:22 -0400] "GET /wp-content/uploads/2024/08/Untitled_design_-_2024-09-28T134323.355-removebg-preview.png%20300w,%20https:/learningladder.academy/wp-content/uploads/2024/08/Untitled_design_-_2024-09-28T134323.355-removebg-preview-150x150.png%20150w HTTP/1.1" 404 18912 "-" "Mozilla/5.0 AppleWebKit/537.36 (KHTML, like Gecko; compatible; GPTBot/1.2; +https://openai.com/gptbot)"
66.29.132.124 - - [28/Apr/2025:15:54:34 -0400] "POST /wp-cron.php?doing_wp_cron=1745870074.4137599468231201171875 HTTP/1.1" 200 0 "-" "WordPress/6.8; https://learningladder.academy"
20.171.207.66 - - [28/Apr/2025:15:54:33 -0400] "GET /wp-json/elementskit/v1/ HTTP/1.1" 404 114 "-" "Mozilla/5.0 AppleWebKit/537.36 (KHTML, like Gecko; compatible; GPTBot/1.2; +https://openai.com/gptbot)"
20.171.207.66 - - [28/Apr/2025:15:54:39 -0400] "GET /wp-content/uploads/2024/08/stem_installations1-150x150.jpg%20150w,%20https:/learningladder.academy/wp-content/uploads/2024/08/elementor/thumbs/stem_installations1-qtdkgax019izrx73cyttwzhmy07a3fdcrhhldot2ns.jpg%20300w HTTP/1.1" 404 18920 "-" "Mozilla/5.0 AppleWebKit/537.36 (KHTML, like Gecko; compatible; GPTBot/1.2; +https://openai.com/gptbot)"
20.171.207.66 - - [28/Apr/2025:15:54:53 -0400] "GET /wp-content/uploads/2024/08/Untitled_design_-_2024-09-28T134323.355-removebg-preview.png%20300w,%20https:/learningladder.academy/wp-content/uploads/2024/08/Untitled_design_-_2024-09-28T134323.355-removebg-preview-150x150.png%20150w HTTP/1.1" 404 18912 "-" "Mozilla/5.0 AppleWebKit/537.36 (KHTML, like Gecko; compatible; GPTBot/1.2; +https://openai.com/gptbot)"
20.171.207.66 - - [28/Apr/2025:15:55:00 -0400] "GET /wp-content/uploads/2024/08/stem_installations1-150x150.jpg%20150w,%20https:/learningladder.academy/wp-content/uploads/2024/08/elementor/thumbs/stem_installations1-qtdkgax019izrx73cyttwzhmy07a3fdcrhhldot2ns.jpg%20300w HTTP/1.1" 404 18920 "-" "Mozilla/5.0 AppleWebKit/537.36 (KHTML, like Gecko; compatible; GPTBot/1.2; +https://openai.com/gptbot)"
20.171.207.66 - - [28/Apr/2025:15:55:05 -0400] "GET /wp-json/elementskit/v1/ HTTP/1.1" 404 114 "-" "Mozilla/5.0 AppleWebKit/537.36 (KHTML, like Gecko; compatible; GPTBot/1.2; +https://openai.com/gptbot)"
20.171.207.66 - - [28/Apr/2025:15:56:41 -0400] "GET /wp-includes/blocks/freeform/ HTTP/1.1" 403 1242 "-" "Mozilla/5.0 AppleWebKit/537.36 (KHTML, like Gecko; compatible; GPTBot/1.2; +https://openai.com/gptbot)"
194.163.143.168 - - [28/Apr/2025:16:00:27 -0400] "GET /.git/config HTTP/1.1" 403 1242 "-" "-"
20.171.207.66 - - [28/Apr/2025:16:16:01 -0400] "GET /wp-content/upgrade/ HTTP/1.1" 403 1242 "-" "Mozilla/5.0 AppleWebKit/537.36 (KHTML, like Gecko; compatible; GPTBot/1.2; +https://openai.com/gptbot)"
20.171.207.66 - - [28/Apr/2025:16:45:13 -0400] "GET /wp-content/uploads/2024/08/Untitled_design_-_2024-09-28T134323.355-removebg-preview.png%20300w,%20https:/learningladder.academy/wp-content/uploads/2024/08/Untitled_design_-_2024-09-28T134323.355-removebg-preview-150x150.png%20150w HTTP/1.1" 404 18912 "-" "Mozilla/5.0 AppleWebKit/537.36 (KHTML, like Gecko; compatible; GPTBot/1.2; +https://openai.com/gptbot)"
20.171.207.66 - - [28/Apr/2025:16:45:23 -0400] "GET /wp-content/uploads/2024/08/stem_installations1-150x150.jpg%20150w,%20https:/learningladder.academy/wp-content/uploads/2024/08/elementor/thumbs/stem_installations1-qtdkgax019izrx73cyttwzhmy07a3fdcrhhldot2ns.jpg%20300w HTTP/1.1" 404 18920 "-" "Mozilla/5.0 AppleWebKit/537.36 (KHTML, like Gecko; compatible; GPTBot/1.2; +https://openai.com/gptbot)"
20.171.207.66 - - [28/Apr/2025:16:45:25 -0400] "GET /wp-json/elementskit/v1/ HTTP/1.1" 404 114 "-" "Mozilla/5.0 AppleWebKit/537.36 (KHTML, like Gecko; compatible; GPTBot/1.2; +https://openai.com/gptbot)"
66.29.132.124 - - [28/Apr/2025:16:50:04 -0400] "POST /wp-cron.php?doing_wp_cron=1745873404.1263980865478515625000 HTTP/1.1" 200 0 "-" "WordPress/6.8; https://learningladder.academy"
66.29.132.124 - - [28/Apr/2025:16:50:07 -0400] "POST /wp-admin/admin-ajax.php?action=async_litespeed&nonce=oV1rF4Ydwu8atwZ8iQBxSKoawL6ui2O3&litespeed_type=imgoptm HTTP/1.1" 200 0 "-" "WordPress/6.8; https://learningladder.academy"
20.171.207.66 - - [28/Apr/2025:16:49:55 -0400] "GET /api/appsettings.json HTTP/1.1" 404 18873 "-" "Mozilla/5.0 AppleWebKit/537.36 (KHTML, like Gecko; compatible; GPTBot/1.2; +https://openai.com/gptbot)"
20.171.207.66 - - [28/Apr/2025:16:51:03 -0400] "GET /wp-content/uploads/2024/08/stem_installations1-150x150.jpg%20150w,%20https:/learningladder.academy/wp-content/uploads/2024/08/elementor/thumbs/stem_installations1-qtdkgax019izrx73cyttwzhmy07a3fdcrhhldot2ns.jpg%20300w HTTP/1.1" 404 18920 "-" "Mozilla/5.0 AppleWebKit/537.36 (KHTML, like Gecko; compatible; GPTBot/1.2; +https://openai.com/gptbot)"
20.171.207.66 - - [28/Apr/2025:16:51:06 -0400] "GET /wp-json/elementskit/v1/ HTTP/1.1" 404 114 "-" "Mozilla/5.0 AppleWebKit/537.36 (KHTML, like Gecko; compatible; GPTBot/1.2; +https://openai.com/gptbot)"
20.171.207.66 - - [28/Apr/2025:16:51:10 -0400] "GET /wp-content/uploads/2024/08/Untitled_design_-_2024-09-28T134323.355-removebg-preview.png%20300w,%20https:/learningladder.academy/wp-content/uploads/2024/08/Untitled_design_-_2024-09-28T134323.355-removebg-preview-150x150.png%20150w HTTP/1.1" 404 18912 "-" "Mozilla/5.0 AppleWebKit/537.36 (KHTML, like Gecko; compatible; GPTBot/1.2; +https://openai.com/gptbot)"
198.98.55.56 - - [28/Apr/2025:17:07:44 -0400] "GET /wp-login.php HTTP/1.1" 200 5454 "-" "Mozilla/5.0 (Macintosh; Intel Mac OS X 10_7_5) AppleWebKit/537.36 (KHTML, like Gecko) Chrome/36.0.1985.125 Safari/537.36"
66.29.132.124 - - [28/Apr/2025:17:07:53 -0400] "POST /wp-cron.php?doing_wp_cron=1745874473.6231079101562500000000 HTTP/1.1" 200 0 "-" "WordPress/6.8; https://learningladder.academy"
198.98.55.56 - - [28/Apr/2025:17:07:44 -0400] "POST /wp-login.php HTTP/1.1" 200 5710 "-" "Mozilla/5.0 (Macintosh; Intel Mac OS X 10_7_5) AppleWebKit/537.36 (KHTML, like Gecko) Chrome/36.0.1985.125 Safari/537.36"
66.29.132.124 - - [28/Apr/2025:17:07:55 -0400] "POST /wp-admin/admin-ajax.php?action=async_litespeed&nonce=Szlzuy3ZGoaCLJrM5MQtlUxc5eC9Vmi2&litespeed_type=imgoptm HTTP/1.1" 200 0 "-" "WordPress/6.8; https://learningladder.academy"
4.227.36.125 - - [28/Apr/2025:17:20:25 -0400] "GET /robots.txt HTTP/1.1" 200 99 "-" "Mozilla/5.0 AppleWebKit/537.36 (KHTML, like Gecko; compatible; GPTBot/1.2; +https://openai.com/gptbot)"
69.171.231.3 - - [28/Apr/2025:18:59:27 -0400] "GET /robots.txt HTTP/1.1" 200 123 "-" "facebookexternalhit/1.1 (+http://www.facebook.com/externalhit_uatext.php)"
66.29.132.124 - - [28/Apr/2025:19:56:36 -0400] "POST /wp-cron.php?doing_wp_cron=1745884596.1621799468994140625000 HTTP/1.1" 200 0 "-" "WordPress/6.8; https://learningladder.academy"
66.29.132.124 - - [28/Apr/2025:19:56:36 -0400] "POST /wp-admin/admin-ajax.php?action=async_litespeed&nonce=JtYkKr7sgIthLpPVY9MYZKU5mwU0ZTOB&litespeed_type=imgoptm HTTP/1.1" 200 21 "-" "WordPress/6.8; https://learningladder.academy"
157.55.39.60 - - [28/Apr/2025:19:56:30 -0400] "GET /feedback/stem_student.jpg HTTP/1.1" 404 18901 "-" "Mozilla/5.0 AppleWebKit/537.36 (KHTML, like Gecko; compatible; bingbot/2.0; +http://www.bing.com/bingbot.htm) Chrome/116.0.1938.76 Safari/537.36"
66.29.132.124 - - [28/Apr/2025:20:01:23 -0400] "POST /wp-cron.php?doing_wp_cron=1745884883.3702340126037597656250 HTTP/1.1" 200 0 "-" "WordPress/6.8; https://learningladder.academy"
43.159.152.184 - - [28/Apr/2025:20:01:21 -0400] "GET / HTTP/1.1" 301 0 "http://www.learningladder.academy" "Mozilla/5.0 (iPhone; CPU iPhone OS 13_2_3 like Mac OS X) AppleWebKit/605.1.15 (KHTML, like Gecko) Version/13.0.3 Mobile/15E148 Safari/604.1"
66.29.132.124 - - [28/Apr/2025:20:01:23 -0400] "POST /wp-admin/admin-ajax.php?action=async_litespeed&nonce=Ey4um7gIwmWrWdpKI08A3vL4qlUhItyh&litespeed_type=imgoptm HTTP/1.1" 200 21 "-" "WordPress/6.8; https://learningladder.academy"
43.159.152.184 - - [28/Apr/2025:20:01:24 -0400] "GET / HTTP/1.1" 200 34334 "https://www.learningladder.academy/" "Mozilla/5.0 (iPhone; CPU iPhone OS 13_2_3 like Mac OS X) AppleWebKit/605.1.15 (KHTML, like Gecko) Version/13.0.3 Mobile/15E148 Safari/604.1"
52.167.144.209 - - [28/Apr/2025:20:03:52 -0400] "GET /enrollment/ HTTP/1.1" 200 24575 "-" "Mozilla/5.0 AppleWebKit/537.36 (KHTML, like Gecko; compatible; bingbot/2.0; +http://www.bing.com/bingbot.htm) Chrome/116.0.1938.76 Safari/537.36"
52.167.144.209 - - [28/Apr/2025:20:04:11 -0400] "GET /wp-content/plugins/brave-popup-builder/assets/css/frontend.min.css?ver=6.8 HTTP/1.1" 200 7994 "-" "Mozilla/5.0 AppleWebKit/537.36 (KHTML, like Gecko; compatible; bingbot/2.0; +http://www.bing.com/bingbot.htm) Chrome/116.0.1938.76 Safari/537.36"
52.167.144.209 - - [28/Apr/2025:20:04:11 -0400] "GET /wp-content/plugins/brave-popup-builder/assets/frontend/brave.js?ver=6.8 HTTP/1.1" 200 23854 "-" "Mozilla/5.0 AppleWebKit/537.36 (KHTML, like Gecko; compatible; bingbot/2.0; +http://www.bing.com/bingbot.htm) Chrome/116.0.1938.76 Safari/537.36"
52.167.144.209 - - [28/Apr/2025:20:04:12 -0400] "GET /wp-content/plugins/elementor/assets/css/frontend.min.css?ver=3.28.4 HTTP/1.1" 200 6453 "-" "Mozilla/5.0 AppleWebKit/537.36 (KHTML, like Gecko; compatible; bingbot/2.0; +http://www.bing.com/bingbot.htm) Chrome/116.0.1938.76 Safari/537.36"
52.167.144.209 - - [28/Apr/2025:20:04:12 -0400] "GET /wp-content/plugins/elementor/assets/css/widget-divider.min.css?ver=3.28.4 HTTP/1.1" 200 707 "-" "Mozilla/5.0 AppleWebKit/537.36 (KHTML, like Gecko; compatible; bingbot/2.0; +http://www.bing.com/bingbot.htm) Chrome/116.0.1938.76 Safari/537.36"
52.167.144.209 - - [28/Apr/2025:20:04:12 -0400] "GET /wp-content/plugins/elementor/assets/css/widget-image.min.css?ver=3.28.4 HTTP/1.1" 200 254 "-" "Mozilla/5.0 AppleWebKit/537.36 (KHTML, like Gecko; compatible; bingbot/2.0; +http://www.bing.com/bingbot.htm) Chrome/116.0.1938.76 Safari/537.36"
52.167.144.209 - - [28/Apr/2025:20:04:12 -0400] "GET /wp-content/plugins/elementor/assets/lib/animations/styles/e-animation-float.min.css?ver=3.28.4 HTTP/1.1" 200 244 "-" "Mozilla/5.0 AppleWebKit/537.36 (KHTML, like Gecko; compatible; bingbot/2.0; +http://www.bing.com/bingbot.htm) Chrome/116.0.1938.76 Safari/537.36"
52.167.144.209 - - [28/Apr/2025:20:04:12 -0400] "GET /wp-content/plugins/elementor/assets/lib/animations/styles/e-animation-hang.min.css?ver=3.28.4 HTTP/1.1" 200 217 "-" "Mozilla/5.0 AppleWebKit/537.36 (KHTML, like Gecko; compatible; bingbot/2.0; +http://www.bing.com/bingbot.htm) Chrome/116.0.1938.76 Safari/537.36"
52.167.144.209 - - [28/Apr/2025:20:04:13 -0400] "GET /wp-content/plugins/elementskit-lite/libs/framework/assets/js/frontend-script.js?ver=3.5.0 HTTP/1.1" 200 40 "-" "Mozilla/5.0 AppleWebKit/537.36 (KHTML, like Gecko; compatible; bingbot/2.0; +http://www.bing.com/bingbot.htm) Chrome/116.0.1938.76 Safari/537.36"
52.167.144.209 - - [28/Apr/2025:20:04:13 -0400] "GET /wp-content/plugins/elementskit-lite/widgets/init/assets/js/animate-circle.min.js?ver=3.5.0 HTTP/1.1" 200 393 "-" "Mozilla/5.0 AppleWebKit/537.36 (KHTML, like Gecko; compatible; bingbot/2.0; +http://www.bing.com/bingbot.htm) Chrome/116.0.1938.76 Safari/537.36"
52.167.144.209 - - [28/Apr/2025:20:04:13 -0400] "GET /wp-content/plugins/pro-elements/assets/css/widget-form.min.css?ver=3.25.5 HTTP/1.1" 200 1404 "-" "Mozilla/5.0 AppleWebKit/537.36 (KHTML, like Gecko; compatible; bingbot/2.0; +http://www.bing.com/bingbot.htm) Chrome/116.0.1938.76 Safari/537.36"
52.167.144.209 - - [28/Apr/2025:20:04:13 -0400] "GET /wp-content/uploads/elementor/google-fonts/css/robotoslab.css?ver=1742299992 HTTP/1.1" 200 712 "-" "Mozilla/5.0 AppleWebKit/537.36 (KHTML, like Gecko; compatible; bingbot/2.0; +http://www.bing.com/bingbot.htm) Chrome/116.0.1938.76 Safari/537.36"
52.167.144.209 - - [28/Apr/2025:20:04:14 -0400] "GET /wp-includes/js/jquery/jquery.min.js?ver=3.7.1 HTTP/1.1" 200 29744 "-" "Mozilla/5.0 AppleWebKit/537.36 (KHTML, like Gecko; compatible; bingbot/2.0; +http://www.bing.com/bingbot.htm) Chrome/116.0.1938.76 Safari/537.36"
157.55.39.60 - - [28/Apr/2025:20:04:22 -0400] "GET /wp-content/plugins/elementor/assets/css/conditionals/apple-webkit.min.css?ver=3.28.4 HTTP/1.1" 200 472 "-" "Mozilla/5.0 AppleWebKit/537.36 (KHTML, like Gecko; compatible; bingbot/2.0; +http://www.bing.com/bingbot.htm) Chrome/116.0.1938.76 Safari/537.36"
157.55.39.60 - - [28/Apr/2025:20:04:22 -0400] "GET /wp-content/plugins/elementor/assets/css/widget-heading.min.css?ver=3.28.4 HTTP/1.1" 200 154 "-" "Mozilla/5.0 AppleWebKit/537.36 (KHTML, like Gecko; compatible; bingbot/2.0; +http://www.bing.com/bingbot.htm) Chrome/116.0.1938.76 Safari/537.36"
157.55.39.60 - - [28/Apr/2025:20:04:23 -0400] "GET /wp-content/plugins/elementor/assets/js/frontend-modules.min.js?ver=3.28.4 HTTP/1.1" 200 14421 "-" "Mozilla/5.0 AppleWebKit/537.36 (KHTML, like Gecko; compatible; bingbot/2.0; +http://www.bing.com/bingbot.htm) Chrome/116.0.1938.76 Safari/537.36"
157.55.39.60 - - [28/Apr/2025:20:04:23 -0400] "GET /wp-content/plugins/elementor/assets/js/frontend.min.js?ver=3.28.4 HTTP/1.1" 200 13099 "-" "Mozilla/5.0 AppleWebKit/537.36 (KHTML, like Gecko; compatible; bingbot/2.0; +http://www.bing.com/bingbot.htm) Chrome/116.0.1938.76 Safari/537.36"
157.55.39.60 - - [28/Apr/2025:20:04:24 -0400] "GET /wp-content/plugins/elementor/assets/lib/animations/styles/fadeInDown.min.css?ver=3.28.4 HTTP/1.1" 200 137 "-" "Mozilla/5.0 AppleWebKit/537.36 (KHTML, like Gecko; compatible; bingbot/2.0; +http://www.bing.com/bingbot.htm) Chrome/116.0.1938.76 Safari/537.36"
157.55.39.60 - - [28/Apr/2025:20:04:24 -0400] "GET /wp-content/plugins/elementor/assets/lib/animations/styles/fadeInLeft.min.css?ver=3.28.4 HTTP/1.1" 200 137 "-" "Mozilla/5.0 AppleWebKit/537.36 (KHTML, like Gecko; compatible; bingbot/2.0; +http://www.bing.com/bingbot.htm) Chrome/116.0.1938.76 Safari/537.36"
157.55.39.60 - - [28/Apr/2025:20:04:25 -0400] "GET /wp-content/plugins/elementor/assets/lib/swiper/v8/swiper.min.js?ver=8.4.5 HTTP/1.1" 200 38152 "-" "Mozilla/5.0 AppleWebKit/537.36 (KHTML, like Gecko; compatible; bingbot/2.0; +http://www.bing.com/bingbot.htm) Chrome/116.0.1938.76 Safari/537.36"
157.55.39.60 - - [28/Apr/2025:20:04:25 -0400] "GET /wp-content/plugins/elementskit-lite/modules/elementskit-icon-pack/assets/css/ekiticons.css?ver=3.5.0 HTTP/1.1" 200 11776 "-" "Mozilla/5.0 AppleWebKit/537.36 (KHTML, like Gecko; compatible; bingbot/2.0; +http://www.bing.com/bingbot.htm) Chrome/116.0.1938.76 Safari/537.36"
157.55.39.60 - - [28/Apr/2025:20:04:26 -0400] "GET /wp-content/plugins/elementskit-lite/widgets/init/assets/css/widget-styles.css?ver=3.5.0 HTTP/1.1" 200 48223 "-" "Mozilla/5.0 AppleWebKit/537.36 (KHTML, like Gecko; compatible; bingbot/2.0; +http://www.bing.com/bingbot.htm) Chrome/116.0.1938.76 Safari/537.36"
157.55.39.60 - - [28/Apr/2025:20:04:27 -0400] "GET /wp-content/plugins/pro-elements/assets/css/conditionals/popup.min.css?ver=3.25.5 HTTP/1.1" 200 328 "-" "Mozilla/5.0 AppleWebKit/537.36 (KHTML, like Gecko; compatible; bingbot/2.0; +http://www.bing.com/bingbot.htm) Chrome/116.0.1938.76 Safari/537.36"
157.55.39.60 - - [28/Apr/2025:20:04:27 -0400] "GET /wp-content/plugins/elementskit-lite/widgets/init/assets/js/elementor.js?ver=3.5.0 HTTP/1.1" 200 5290 "-" "Mozilla/5.0 AppleWebKit/537.36 (KHTML, like Gecko; compatible; bingbot/2.0; +http://www.bing.com/bingbot.htm) Chrome/116.0.1938.76 Safari/537.36"
157.55.39.60 - - [28/Apr/2025:20:04:27 -0400] "GET /wp-content/plugins/pro-elements/assets/js/webpack-pro.runtime.min.js?ver=3.25.5 HTTP/1.1" 200 2629 "-" "Mozilla/5.0 AppleWebKit/537.36 (KHTML, like Gecko; compatible; bingbot/2.0; +http://www.bing.com/bingbot.htm) Chrome/116.0.1938.76 Safari/537.36"
157.55.39.60 - - [28/Apr/2025:20:04:28 -0400] "GET /wp-content/plugins/pro-elements/assets/lib/sticky/jquery.sticky.min.js?ver=3.25.5 HTTP/1.1" 200 1442 "-" "Mozilla/5.0 AppleWebKit/537.36 (KHTML, like Gecko; compatible; bingbot/2.0; +http://www.bing.com/bingbot.htm) Chrome/116.0.1938.76 Safari/537.36"
157.55.39.60 - - [28/Apr/2025:20:04:28 -0400] "GET /wp-content/themes/hello-elementor/header-footer.min.css?ver=3.3.0 HTTP/1.1" 200 1292 "-" "Mozilla/5.0 AppleWebKit/537.36 (KHTML, like Gecko; compatible; bingbot/2.0; +http://www.bing.com/bingbot.htm) Chrome/116.0.1938.76 Safari/537.36"
157.55.39.60 - - [28/Apr/2025:20:04:28 -0400] "GET /wp-content/plugins/pro-elements/assets/js/elements-handlers.min.js?ver=3.25.5 HTTP/1.1" 200 9873 "-" "Mozilla/5.0 AppleWebKit/537.36 (KHTML, like Gecko; compatible; bingbot/2.0; +http://www.bing.com/bingbot.htm) Chrome/116.0.1938.76 Safari/537.36"
157.55.39.60 - - [28/Apr/2025:20:04:29 -0400] "GET /wp-content/themes/hello-elementor/style.min.css?ver=3.3.0 HTTP/1.1" 200 1591 "-" "Mozilla/5.0 AppleWebKit/537.36 (KHTML, like Gecko; compatible; bingbot/2.0; +http://www.bing.com/bingbot.htm) Chrome/116.0.1938.76 Safari/537.36"
157.55.39.60 - - [28/Apr/2025:20:04:29 -0400] "GET /wp-content/uploads/elementor/css/post-343.css?ver=1744868934 HTTP/1.1" 200 3875 "-" "Mozilla/5.0 AppleWebKit/537.36 (KHTML, like Gecko; compatible; bingbot/2.0; +http://www.bing.com/bingbot.htm) Chrome/116.0.1938.76 Safari/537.36"
157.55.39.60 - - [28/Apr/2025:20:04:29 -0400] "GET /wp-content/uploads/elementor/css/post-255.css?ver=1744797920 HTTP/1.1" 200 1524 "-" "Mozilla/5.0 AppleWebKit/537.36 (KHTML, like Gecko; compatible; bingbot/2.0; +http://www.bing.com/bingbot.htm) Chrome/116.0.1938.76 Safari/537.36"
157.55.39.60 - - [28/Apr/2025:20:04:30 -0400] "GET /wp-content/uploads/elementor/google-fonts/css/montserrat.css?ver=1742299940 HTTP/1.1" 200 754 "-" "Mozilla/5.0 AppleWebKit/537.36 (KHTML, like Gecko; compatible; bingbot/2.0; +http://www.bing.com/bingbot.htm) Chrome/116.0.1938.76 Safari/537.36"
157.55.39.60 - - [28/Apr/2025:20:04:30 -0400] "GET /wp-content/uploads/elementor/google-fonts/css/roboto.css?ver=1742299980 HTTP/1.1" 200 1874 "-" "Mozilla/5.0 AppleWebKit/537.36 (KHTML, like Gecko; compatible; bingbot/2.0; +http://www.bing.com/bingbot.htm) Chrome/116.0.1938.76 Safari/537.36"
157.55.39.60 - - [28/Apr/2025:20:04:31 -0400] "GET /wp-includes/js/jquery/jquery-migrate.min.js?ver=3.4.1 HTTP/1.1" 200 4678 "-" "Mozilla/5.0 AppleWebKit/537.36 (KHTML, like Gecko; compatible; bingbot/2.0; +http://www.bing.com/bingbot.htm) Chrome/116.0.1938.76 Safari/537.36"
157.55.39.60 - - [28/Apr/2025:20:04:31 -0400] "GET /wp-includes/js/dist/i18n.min.js?ver=5e580eb46a90c2b997e6 HTTP/1.1" 200 3542 "-" "Mozilla/5.0 AppleWebKit/537.36 (KHTML, like Gecko; compatible; bingbot/2.0; +http://www.bing.com/bingbot.htm) Chrome/116.0.1938.76 Safari/537.36"
157.55.39.60 - - [28/Apr/2025:20:04:31 -0400] "GET /wp-includes/js/jquery/ui/core.min.js?ver=1.13.3 HTTP/1.1" 200 6812 "-" "Mozilla/5.0 AppleWebKit/537.36 (KHTML, like Gecko; compatible; bingbot/2.0; +http://www.bing.com/bingbot.htm) Chrome/116.0.1938.76 Safari/537.36"
40.77.167.20 - - [28/Apr/2025:20:04:46 -0400] "GET /wp-content/plugins/elementor/assets/css/widget-icon-list.min.css?ver=3.28.4 HTTP/1.1" 200 957 "-" "Mozilla/5.0 AppleWebKit/537.36 (KHTML, like Gecko; compatible; bingbot/2.0; +http://www.bing.com/bingbot.htm) Chrome/116.0.1938.76 Safari/537.36"
40.77.167.20 - - [28/Apr/2025:20:04:46 -0400] "GET /wp-content/plugins/elementor/assets/css/widget-image-gallery.min.css?ver=3.28.4 HTTP/1.1" 200 300 "-" "Mozilla/5.0 AppleWebKit/537.36 (KHTML, like Gecko; compatible; bingbot/2.0; +http://www.bing.com/bingbot.htm) Chrome/116.0.1938.76 Safari/537.36"
40.77.167.20 - - [28/Apr/2025:20:04:46 -0400] "GET /wp-content/plugins/elementor/assets/css/widget-social-icons.min.css?ver=3.28.4 HTTP/1.1" 200 1069 "-" "Mozilla/5.0 AppleWebKit/537.36 (KHTML, like Gecko; compatible; bingbot/2.0; +http://www.bing.com/bingbot.htm) Chrome/116.0.1938.76 Safari/537.36"
40.77.167.20 - - [28/Apr/2025:20:04:46 -0400] "GET /wp-content/plugins/elementor/assets/js/webpack.runtime.min.js?ver=3.28.4 HTTP/1.1" 200 2228 "-" "Mozilla/5.0 AppleWebKit/537.36 (KHTML, like Gecko; compatible; bingbot/2.0; +http://www.bing.com/bingbot.htm) Chrome/116.0.1938.76 Safari/537.36"
40.77.167.20 - - [28/Apr/2025:20:04:47 -0400] "GET /wp-content/plugins/elementor/assets/lib/animations/styles/fadeIn.min.css?ver=3.28.4 HTTP/1.1" 200 77 "-" "Mozilla/5.0 AppleWebKit/537.36 (KHTML, like Gecko; compatible; bingbot/2.0; +http://www.bing.com/bingbot.htm) Chrome/116.0.1938.76 Safari/537.36"
40.77.167.20 - - [28/Apr/2025:20:04:47 -0400] "GET /wp-content/plugins/elementor/assets/lib/swiper/v8/css/swiper.min.css?ver=8.4.5 HTTP/1.1" 200 4248 "-" "Mozilla/5.0 AppleWebKit/537.36 (KHTML, like Gecko; compatible; bingbot/2.0; +http://www.bing.com/bingbot.htm) Chrome/116.0.1938.76 Safari/537.36"
40.77.167.20 - - [28/Apr/2025:20:04:48 -0400] "GET /wp-content/plugins/elementskit-lite/widgets/init/assets/css/responsive.css?ver=3.5.0 HTTP/1.1" 200 2859 "-" "Mozilla/5.0 AppleWebKit/537.36 (KHTML, like Gecko; compatible; bingbot/2.0; +http://www.bing.com/bingbot.htm) Chrome/116.0.1938.76 Safari/537.36"
40.77.167.20 - - [28/Apr/2025:20:04:48 -0400] "GET /wp-content/plugins/elementskit-lite/widgets/init/assets/js/widget-scripts.js?ver=3.5.0 HTTP/1.1" 200 40425 "-" "Mozilla/5.0 AppleWebKit/537.36 (KHTML, like Gecko; compatible; bingbot/2.0; +http://www.bing.com/bingbot.htm) Chrome/116.0.1938.76 Safari/537.36"
40.77.167.20 - - [28/Apr/2025:20:04:48 -0400] "GET /wp-content/plugins/pro-elements/assets/css/widget-nav-menu.min.css?ver=3.25.5 HTTP/1.1" 200 3142 "-" "Mozilla/5.0 AppleWebKit/537.36 (KHTML, like Gecko; compatible; bingbot/2.0; +http://www.bing.com/bingbot.htm) Chrome/116.0.1938.76 Safari/537.36"
40.77.167.20 - - [28/Apr/2025:20:04:49 -0400] "GET /wp-content/plugins/pro-elements/assets/js/frontend.min.js?ver=3.25.5 HTTP/1.1" 200 6449 "-" "Mozilla/5.0 AppleWebKit/537.36 (KHTML, like Gecko; compatible; bingbot/2.0; +http://www.bing.com/bingbot.htm) Chrome/116.0.1938.76 Safari/537.36"
40.77.167.20 - - [28/Apr/2025:20:04:49 -0400] "GET /wp-content/plugins/pro-elements/assets/lib/smartmenus/jquery.smartmenus.min.js?ver=1.2.1 HTTP/1.1" 200 6867 "-" "Mozilla/5.0 AppleWebKit/537.36 (KHTML, like Gecko; compatible; bingbot/2.0; +http://www.bing.com/bingbot.htm) Chrome/116.0.1938.76 Safari/537.36"
40.77.167.20 - - [28/Apr/2025:20:04:49 -0400] "GET /wp-content/themes/hello-elementor/theme.min.css?ver=3.3.0 HTTP/1.1" 200 1131 "-" "Mozilla/5.0 AppleWebKit/537.36 (KHTML, like Gecko; compatible; bingbot/2.0; +http://www.bing.com/bingbot.htm) Chrome/116.0.1938.76 Safari/537.36"
40.77.167.20 - - [28/Apr/2025:20:04:50 -0400] "GET /wp-content/themes/hello-elementor/assets/js/hello-frontend.min.js?ver=3.3.0 HTTP/1.1" 200 548 "-" "Mozilla/5.0 AppleWebKit/537.36 (KHTML, like Gecko; compatible; bingbot/2.0; +http://www.bing.com/bingbot.htm) Chrome/116.0.1938.76 Safari/537.36"
40.77.167.20 - - [28/Apr/2025:20:04:50 -0400] "GET /wp-content/uploads/elementor/css/post-10.css?ver=1744798032 HTTP/1.1" 200 369 "-" "Mozilla/5.0 AppleWebKit/537.36 (KHTML, like Gecko; compatible; bingbot/2.0; +http://www.bing.com/bingbot.htm) Chrome/116.0.1938.76 Safari/537.36"
40.77.167.20 - - [28/Apr/2025:20:04:50 -0400] "GET /wp-content/uploads/elementor/google-fonts/css/palanquin.css?ver=1742299946 HTTP/1.1" 200 576 "-" "Mozilla/5.0 AppleWebKit/537.36 (KHTML, like Gecko; compatible; bingbot/2.0; +http://www.bing.com/bingbot.htm) Chrome/116.0.1938.76 Safari/537.36"
40.77.167.20 - - [28/Apr/2025:20:04:50 -0400] "GET /wp-content/uploads/elementor/google-fonts/css/palanquindark.css?ver=1742299995 HTTP/1.1" 200 516 "-" "Mozilla/5.0 AppleWebKit/537.36 (KHTML, like Gecko; compatible; bingbot/2.0; +http://www.bing.com/bingbot.htm) Chrome/116.0.1938.76 Safari/537.36"
40.77.167.20 - - [28/Apr/2025:20:04:51 -0400] "GET /wp-includes/js/dist/hooks.min.js?ver=4d63a3d491d11ffd8ac6 HTTP/1.1" 200 1571 "-" "Mozilla/5.0 AppleWebKit/537.36 (KHTML, like Gecko; compatible; bingbot/2.0; +http://www.bing.com/bingbot.htm) Chrome/116.0.1938.76 Safari/537.36"
40.77.167.20 - - [28/Apr/2025:20:04:51 -0400] "GET /wp-includes/js/wp-emoji-release.min.js?ver=6.8 HTTP/1.1" 200 4771 "-" "Mozilla/5.0 AppleWebKit/537.36 (KHTML, like Gecko; compatible; bingbot/2.0; +http://www.bing.com/bingbot.htm) Chrome/116.0.1938.76 Safari/537.36"
66.29.132.124 - - [28/Apr/2025:20:05:08 -0400] "POST /wp-cron.php?doing_wp_cron=1745885108.5992300510406494140625 HTTP/1.1" 200 0 "-" "WordPress/6.8; https://learningladder.academy"
134.17.14.122 - - [28/Apr/2025:20:05:05 -0400] "GET /tinyfilemanager.php?p= HTTP/1.1" 301 0 "-" "Mozilla/5.0 (iPhone; CPU OS 10_15_5 (Erg\xc3\xa4nzendes Update) like Mac OS X) AppleWebKit/605.1.15 (KHTML, like Gecko) Version/12.1.1 Mobile/14E304 Safari/605.1.15"
66.29.132.124 - - [28/Apr/2025:20:05:09 -0400] "POST /wp-admin/admin-ajax.php?action=async_litespeed&nonce=kndj6qrA6hwOWmlogAWBkqSr9g60rYJY&litespeed_type=imgoptm HTTP/1.1" 200 21 "-" "WordPress/6.8; https://learningladder.academy"
66.29.132.124 - - [28/Apr/2025:20:05:10 -0400] "POST /wp-cron.php?doing_wp_cron=1745885110.1090190410614013671875 HTTP/1.1" 200 0 "-" "WordPress/6.8; https://learningladder.academy"
134.17.14.122 - - [28/Apr/2025:20:05:09 -0400] "GET /tinyfilemanager.php HTTP/1.1" 404 18875 "-" "Mozilla/5.0 (iPhone; CPU OS 10_15_5 (Erg\xc3\xa4nzendes Update) like Mac OS X) AppleWebKit/605.1.15 (KHTML, like Gecko) Version/12.1.1 Mobile/14E304 Safari/605.1.15"
40.77.190.201 - - [28/Apr/2025:20:20:03 -0400] "GET /wp-content/uploads/elementor/google-fonts/fonts/palanquin-9xuilj90n1fbfg7cexwurn9yw5gr.woff2 HTTP/1.1" 200 20520 "https://learningladder.academy/wp-content/uploads/elementor/google-fonts/css/palanquin.css?ver=1742299946" "Mozilla/5.0 AppleWebKit/537.36 (KHTML, like Gecko; compatible; bingbot/2.0; +http://www.bing.com/bingbot.htm) Chrome/112.0.0.0 Safari/537.36"
40.77.190.201 - - [28/Apr/2025:20:20:03 -0400] "GET /wp-content/uploads/elementor/google-fonts/fonts/montserrat-jtusjig1_i6t8kchkm459wlhyw.woff2 HTTP/1.1" 200 37828 "https://learningladder.academy/wp-content/uploads/elementor/google-fonts/css/montserrat.css?ver=1742299940" "Mozilla/5.0 AppleWebKit/537.36 (KHTML, like Gecko; compatible; bingbot/2.0; +http://www.bing.com/bingbot.htm) Chrome/112.0.0.0 Safari/537.36"
40.77.190.201 - - [28/Apr/2025:20:20:03 -0400] "GET /wp-content/uploads/elementor/google-fonts/fonts/palanquindark-xn76yhgl1nqmanmb-26xc7yuf8yyy14yd8o.woff2 HTTP/1.1" 200 18824 "https://learningladder.academy/wp-content/uploads/elementor/google-fonts/css/palanquindark.css?ver=1742299995" "Mozilla/5.0 AppleWebKit/537.36 (KHTML, like Gecko; compatible; bingbot/2.0; +http://www.bing.com/bingbot.htm) Chrome/112.0.0.0 Safari/537.36"
40.77.190.201 - - [28/Apr/2025:20:20:03 -0400] "GET /wp-content/uploads/elementor/google-fonts/fonts/palanquin-9xuilj90n1fbfg7cexwugnhyw5gr.woff2 HTTP/1.1" 200 20152 "https://learningladder.academy/wp-content/uploads/elementor/google-fonts/css/palanquin.css?ver=1742299946" "Mozilla/5.0 AppleWebKit/537.36 (KHTML, like Gecko; compatible; bingbot/2.0; +http://www.bing.com/bingbot.htm) Chrome/112.0.0.0 Safari/537.36"
40.77.190.201 - - [28/Apr/2025:20:20:03 -0400] "GET /wp-content/uploads/elementor/google-fonts/fonts/palanquindark-xn76yhgl1nqmanmb-26xc7yuf8z6zv4yd8o.woff2 HTTP/1.1" 200 20168 "https://learningladder.academy/wp-content/uploads/elementor/google-fonts/css/palanquindark.css?ver=1742299995" "Mozilla/5.0 AppleWebKit/537.36 (KHTML, like Gecko; compatible; bingbot/2.0; +http://www.bing.com/bingbot.htm) Chrome/112.0.0.0 Safari/537.36"
40.77.190.201 - - [28/Apr/2025:20:20:03 -0400] "GET /wp-content/plugins/elementor/assets/css/conditionals/dialog.min.css?ver=3.28.4 HTTP/1.1" 200 1359 "https://learningladder.academy/enrollment/" "Mozilla/5.0 AppleWebKit/537.36 (KHTML, like Gecko; compatible; bingbot/2.0; +http://www.bing.com/bingbot.htm) Chrome/112.0.0.0 Safari/537.36"
40.77.190.201 - - [28/Apr/2025:20:20:03 -0400] "GET /wp-content/uploads/elementor/google-fonts/fonts/palanquin-9xunlj90n1fbfg7cexwccvtn.woff2 HTTP/1.1" 200 20420 "https://learningladder.academy/wp-content/uploads/elementor/google-fonts/css/palanquin.css?ver=1742299946" "Mozilla/5.0 AppleWebKit/537.36 (KHTML, like Gecko; compatible; bingbot/2.0; +http://www.bing.com/bingbot.htm) Chrome/112.0.0.0 Safari/537.36"
40.77.190.201 - - [28/Apr/2025:20:20:03 -0400] "GET /wp-content/uploads/elementor/google-fonts/fonts/palanquin-9xuilj90n1fbfg7cexwuyn5yw5gr.woff2 HTTP/1.1" 200 20076 "https://learningladder.academy/wp-content/uploads/elementor/google-fonts/css/palanquin.css?ver=1742299946" "Mozilla/5.0 AppleWebKit/537.36 (KHTML, like Gecko; compatible; bingbot/2.0; +http://www.bing.com/bingbot.htm) Chrome/112.0.0.0 Safari/537.36"
40.77.190.201 - - [28/Apr/2025:20:20:03 -0400] "GET /wp-content/plugins/pro-elements/assets/js/nav-menu.7e665d03657d48aef483.bundle.min.js HTTP/1.1" 200 1768 "https://learningladder.academy/enrollment/" "Mozilla/5.0 AppleWebKit/537.36 (KHTML, like Gecko; compatible; bingbot/2.0; +http://www.bing.com/bingbot.htm) Chrome/112.0.0.0 Safari/537.36"
40.77.190.201 - - [28/Apr/2025:20:20:03 -0400] "GET /wp-content/plugins/elementor/assets/css/conditionals/lightbox.min.css?ver=3.28.4 HTTP/1.1" 200 1752 "https://learningladder.academy/enrollment/" "Mozilla/5.0 AppleWebKit/537.36 (KHTML, like Gecko; compatible; bingbot/2.0; +http://www.bing.com/bingbot.htm) Chrome/112.0.0.0 Safari/537.36"
40.77.190.201 - - [28/Apr/2025:20:20:03 -0400] "GET /wp-content/plugins/elementor/assets/js/text-editor.c084ef86600b6f11690d.bundle.min.js HTTP/1.1" 200 621 "https://learningladder.academy/enrollment/" "Mozilla/5.0 AppleWebKit/537.36 (KHTML, like Gecko; compatible; bingbot/2.0; +http://www.bing.com/bingbot.htm) Chrome/112.0.0.0 Safari/537.36"
40.77.190.201 - - [28/Apr/2025:20:20:03 -0400] "GET /wp-content/plugins/pro-elements/assets/js/form.a8f0864f4b4fda696ad1.bundle.min.js HTTP/1.1" 200 4826 "https://learningladder.academy/enrollment/" "Mozilla/5.0 AppleWebKit/537.36 (KHTML, like Gecko; compatible; bingbot/2.0; +http://www.bing.com/bingbot.htm) Chrome/112.0.0.0 Safari/537.36"
40.77.190.201 - - [28/Apr/2025:20:20:03 -0400] "GET /wp-content/plugins/elementor/assets/js/lightbox.f3fa607b705962362647.bundle.min.js HTTP/1.1" 200 9073 "https://learningladder.academy/enrollment/" "Mozilla/5.0 AppleWebKit/537.36 (KHTML, like Gecko; compatible; bingbot/2.0; +http://www.bing.com/bingbot.htm) Chrome/112.0.0.0 Safari/537.36"
40.77.190.201 - - [28/Apr/2025:20:20:03 -0400] "GET /wp-content/plugins/pro-elements/assets/js/popup.f7b15b2ca565b152bf98.bundle.min.js HTTP/1.1" 200 396 "https://learningladder.academy/enrollment/" "Mozilla/5.0 AppleWebKit/537.36 (KHTML, like Gecko; compatible; bingbot/2.0; +http://www.bing.com/bingbot.htm) Chrome/112.0.0.0 Safari/537.36"
40.77.190.201 - - [28/Apr/2025:20:20:03 -0400] "GET /wp-content/plugins/elementor/assets/lib/share-link/share-link.min.js?ver=3.28.4 HTTP/1.1" 200 1072 "https://learningladder.academy/enrollment/" "Mozilla/5.0 AppleWebKit/537.36 (KHTML, like Gecko; compatible; bingbot/2.0; +http://www.bing.com/bingbot.htm) Chrome/112.0.0.0 Safari/537.36"
