24.206.82.74 - - [28/Apr/2025:10:39:08 -0400] "GET /wp-content/plugins/elementor/assets/js/frontend.min.js?ver=3.28.4 HTTP/1.1" 200 13099 "https://learningladder.academy/enrollment/" "Mozilla/5.0 (Windows NT 10.0; Win64; x64) AppleWebKit/537.36 (KHTML, like Gecko) Chrome/135.0.0.0 Safari/537.36 Edg/135.0.0.0"
24.206.82.74 - - [28/Apr/2025:10:39:08 -0400] "GET /wp-content/plugins/pro-elements/assets/js/elements-handlers.min.js?ver=3.25.5 HTTP/1.1" 200 9873 "https://learningladder.academy/enrollment/" "Mozilla/5.0 (Windows NT 10.0; Win64; x64) AppleWebKit/537.36 (KHTML, like Gecko) Chrome/135.0.0.0 Safari/537.36 Edg/135.0.0.0"
24.206.82.74 - - [28/Apr/2025:10:39:08 -0400] "GET /wp-content/plugins/elementskit-lite/widgets/init/assets/js/elementor.js?ver=3.5.0 HTTP/1.1" 200 5290 "https://learningladder.academy/enrollment/" "Mozilla/5.0 (Windows NT 10.0; Win64; x64) AppleWebKit/537.36 (KHTML, like Gecko) Chrome/135.0.0.0 Safari/537.36 Edg/135.0.0.0"
24.206.82.74 - - [28/Apr/2025:10:39:08 -0400] "GET /wp-content/uploads/2024/08/adult-communication-daylight-1346197-150x150.jpg HTTP/1.1" 200 9043 "https://learningladder.academy/enrollment/" "Mozilla/5.0 (Windows NT 10.0; Win64; x64) AppleWebKit/537.36 (KHTML, like Gecko) Chrome/135.0.0.0 Safari/537.36 Edg/135.0.0.0"
24.206.82.74 - - [28/Apr/2025:10:39:08 -0400] "GET /wp-content/plugins/elementskit-lite/widgets/init/assets/js/animate-circle.min.js?ver=3.5.0 HTTP/1.1" 200 393 "https://learningladder.academy/enrollment/" "Mozilla/5.0 (Windows NT 10.0; Win64; x64) AppleWebKit/537.36 (KHTML, like Gecko) Chrome/135.0.0.0 Safari/537.36 Edg/135.0.0.0"
24.206.82.74 - - [28/Apr/2025:10:39:08 -0400] "GET /wp-content/uploads/elementor/google-fonts/fonts/montserrat-jtusjig1_i6t8kchkm459wlhyw.woff2 HTTP/1.1" 200 37828 "https://learningladder.academy/wp-content/uploads/elementor/google-fonts/css/montserrat.css?ver=1742299940" "Mozilla/5.0 (Windows NT 10.0; Win64; x64) AppleWebKit/537.36 (KHTML, like Gecko) Chrome/135.0.0.0 Safari/537.36 Edg/135.0.0.0"
24.206.82.74 - - [28/Apr/2025:10:39:08 -0400] "GET /wp-content/plugins/brave-popup-builder/assets/images/preloader.png HTTP/1.1" 200 119 "https://learningladder.academy/enrollment/" "Mozilla/5.0 (Windows NT 10.0; Win64; x64) AppleWebKit/537.36 (KHTML, like Gecko) Chrome/135.0.0.0 Safari/537.36 Edg/135.0.0.0"
24.206.82.74 - - [28/Apr/2025:10:39:08 -0400] "GET /wp-content/uploads/elementor/google-fonts/fonts/palanquin-9xuilj90n1fbfg7cexwurn9yw5gr.woff2 HTTP/1.1" 200 20520 "https://learningladder.academy/wp-content/uploads/elementor/google-fonts/css/palanquin.css?ver=1742299946" "Mozilla/5.0 (Windows NT 10.0; Win64; x64) AppleWebKit/537.36 (KHTML, like Gecko) Chrome/135.0.0.0 Safari/537.36 Edg/135.0.0.0"
24.206.82.74 - - [28/Apr/2025:10:39:08 -0400] "GET /wp-content/uploads/elementor/google-fonts/fonts/palanquindark-xn76yhgl1nqmanmb-26xc7yuf8yyy14yd8o.woff2 HTTP/1.1" 200 18824 "https://learningladder.academy/wp-content/uploads/elementor/google-fonts/css/palanquindark.css?ver=1742299995" "Mozilla/5.0 (Windows NT 10.0; Win64; x64) AppleWebKit/537.36 (KHTML, like Gecko) Chrome/135.0.0.0 Safari/537.36 Edg/135.0.0.0"
24.206.82.74 - - [28/Apr/2025:10:39:08 -0400] "GET /wp-includes/js/jquery/ui/core.min.js?ver=1.13.3 HTTP/1.1" 200 6812 "https://learningladder.academy/enrollment/" "Mozilla/5.0 (Windows NT 10.0; Win64; x64) AppleWebKit/537.36 (KHTML, like Gecko) Chrome/135.0.0.0 Safari/537.36 Edg/135.0.0.0"
24.206.82.74 - - [28/Apr/2025:10:39:08 -0400] "GET /wp-content/uploads/elementor/google-fonts/fonts/palanquin-9xuilj90n1fbfg7cexwugnhyw5gr.woff2 HTTP/1.1" 200 20152 "https://learningladder.academy/wp-content/uploads/elementor/google-fonts/css/palanquin.css?ver=1742299946" "Mozilla/5.0 (Windows NT 10.0; Win64; x64) AppleWebKit/537.36 (KHTML, like Gecko) Chrome/135.0.0.0 Safari/537.36 Edg/135.0.0.0"
24.206.82.74 - - [28/Apr/2025:10:39:08 -0400] "GET /wp-content/uploads/elementor/google-fonts/fonts/palanquin-9xunlj90n1fbfg7cexwccvtn.woff2 HTTP/1.1" 200 20420 "https://learningladder.academy/wp-content/uploads/elementor/google-fonts/css/palanquin.css?ver=1742299946" "Mozilla/5.0 (Windows NT 10.0; Win64; x64) AppleWebKit/537.36 (KHTML, like Gecko) Chrome/135.0.0.0 Safari/537.36 Edg/135.0.0.0"
24.206.82.74 - - [28/Apr/2025:10:39:08 -0400] "GET /wp-content/uploads/elementor/google-fonts/fonts/palanquin-9xuilj90n1fbfg7cexwuyn5yw5gr.woff2 HTTP/1.1" 200 20076 "https://learningladder.academy/wp-content/uploads/elementor/google-fonts/css/palanquin.css?ver=1742299946" "Mozilla/5.0 (Windows NT 10.0; Win64; x64) AppleWebKit/537.36 (KHTML, like Gecko) Chrome/135.0.0.0 Safari/537.36 Edg/135.0.0.0"
24.206.82.74 - - [28/Apr/2025:10:39:08 -0400] "GET /wp-content/uploads/elementor/google-fonts/fonts/palanquindark-xn76yhgl1nqmanmb-26xc7yuf8z6zv4yd8o.woff2 HTTP/1.1" 200 20168 "https://learningladder.academy/wp-content/uploads/elementor/google-fonts/css/palanquindark.css?ver=1742299995" "Mozilla/5.0 (Windows NT 10.0; Win64; x64) AppleWebKit/537.36 (KHTML, like Gecko) Chrome/135.0.0.0 Safari/537.36 Edg/135.0.0.0"
24.206.82.74 - - [28/Apr/2025:10:39:08 -0400] "GET /wp-content/plugins/elementskit-lite/modules/elementskit-icon-pack/assets/fonts/elementskit.woff?y24e1e HTTP/1.1" 200 459560 "https://learningladder.academy/wp-content/plugins/elementskit-lite/modules/elementskit-icon-pack/assets/css/ekiticons.css?ver=3.5.0" "Mozilla/5.0 (Windows NT 10.0; Win64; x64) AppleWebKit/537.36 (KHTML, like Gecko) Chrome/135.0.0.0 Safari/537.36 Edg/135.0.0.0"
24.206.82.74 - - [28/Apr/2025:10:39:10 -0400] "GET /wp-includes/js/wp-emoji-release.min.js?ver=6.8 HTTP/1.1" 200 4771 "https://learningladder.academy/enrollment/" "Mozilla/5.0 (Windows NT 10.0; Win64; x64) AppleWebKit/537.36 (KHTML, like Gecko) Chrome/135.0.0.0 Safari/537.36 Edg/135.0.0.0"
24.206.82.74 - - [28/Apr/2025:10:39:10 -0400] "GET /wp-content/plugins/elementor/assets/css/conditionals/dialog.min.css?ver=3.28.4 HTTP/1.1" 200 1359 "https://learningladder.academy/enrollment/" "Mozilla/5.0 (Windows NT 10.0; Win64; x64) AppleWebKit/537.36 (KHTML, like Gecko) Chrome/135.0.0.0 Safari/537.36 Edg/135.0.0.0"
24.206.82.74 - - [28/Apr/2025:10:39:10 -0400] "GET /wp-content/plugins/elementor/assets/lib/dialog/dialog.min.js?ver=4.9.3 HTTP/1.1" 200 3487 "https://learningladder.academy/enrollment/" "Mozilla/5.0 (Windows NT 10.0; Win64; x64) AppleWebKit/537.36 (KHTML, like Gecko) Chrome/135.0.0.0 Safari/537.36 Edg/135.0.0.0"
24.206.82.74 - - [28/Apr/2025:10:39:10 -0400] "GET /wp-content/plugins/elementor/assets/js/text-editor.c084ef86600b6f11690d.bundle.min.js HTTP/1.1" 200 621 "https://learningladder.academy/enrollment/" "Mozilla/5.0 (Windows NT 10.0; Win64; x64) AppleWebKit/537.36 (KHTML, like Gecko) Chrome/135.0.0.0 Safari/537.36 Edg/135.0.0.0"
24.206.82.74 - - [28/Apr/2025:10:39:10 -0400] "GET /wp-content/plugins/elementor/assets/css/conditionals/lightbox.min.css?ver=3.28.4 HTTP/1.1" 200 1752 "https://learningladder.academy/enrollment/" "Mozilla/5.0 (Windows NT 10.0; Win64; x64) AppleWebKit/537.36 (KHTML, like Gecko) Chrome/135.0.0.0 Safari/537.36 Edg/135.0.0.0"
24.206.82.74 - - [28/Apr/2025:10:39:10 -0400] "GET /wp-content/plugins/pro-elements/assets/js/nav-menu.7e665d03657d48aef483.bundle.min.js HTTP/1.1" 200 1768 "https://learningladder.academy/enrollment/" "Mozilla/5.0 (Windows NT 10.0; Win64; x64) AppleWebKit/537.36 (KHTML, like Gecko) Chrome/135.0.0.0 Safari/537.36 Edg/135.0.0.0"
24.206.82.74 - - [28/Apr/2025:10:39:10 -0400] "GET /wp-content/plugins/elementor/assets/lib/share-link/share-link.min.js?ver=3.28.4 HTTP/1.1" 200 1072 "https://learningladder.academy/enrollment/" "Mozilla/5.0 (Windows NT 10.0; Win64; x64) AppleWebKit/537.36 (KHTML, like Gecko) Chrome/135.0.0.0 Safari/537.36 Edg/135.0.0.0"
24.206.82.74 - - [28/Apr/2025:10:39:10 -0400] "GET /wp-content/plugins/elementor/assets/js/lightbox.f3fa607b705962362647.bundle.min.js HTTP/1.1" 200 9073 "https://learningladder.academy/enrollment/" "Mozilla/5.0 (Windows NT 10.0; Win64; x64) AppleWebKit/537.36 (KHTML, like Gecko) Chrome/135.0.0.0 Safari/537.36 Edg/135.0.0.0"
24.206.82.74 - - [28/Apr/2025:10:39:11 -0400] "GET /wp-content/plugins/pro-elements/assets/js/form.a8f0864f4b4fda696ad1.bundle.min.js HTTP/1.1" 200 4826 "https://learningladder.academy/enrollment/" "Mozilla/5.0 (Windows NT 10.0; Win64; x64) AppleWebKit/537.36 (KHTML, like Gecko) Chrome/135.0.0.0 Safari/537.36 Edg/135.0.0.0"
24.206.82.74 - - [28/Apr/2025:10:39:11 -0400] "GET /wp-content/plugins/pro-elements/assets/js/popup.f7b15b2ca565b152bf98.bundle.min.js HTTP/1.1" 200 396 "https://learningladder.academy/enrollment/" "Mozilla/5.0 (Windows NT 10.0; Win64; x64) AppleWebKit/537.36 (KHTML, like Gecko) Chrome/135.0.0.0 Safari/537.36 Edg/135.0.0.0"
24.206.82.74 - - [28/Apr/2025:10:39:13 -0400] "GET /favicon.ico HTTP/1.1" 404 0 "https://learningladder.academy/enrollment/" "Mozilla/5.0 (Windows NT 10.0; Win64; x64) AppleWebKit/537.36 (KHTML, like Gecko) Chrome/135.0.0.0 Safari/537.36 Edg/135.0.0.0"
4.227.36.125 - - [28/Apr/2025:11:09:31 -0400] "GET /robots.txt HTTP/1.1" 200 99 "-" "Mozilla/5.0 AppleWebKit/537.36 (KHTML, like Gecko; compatible; GPTBot/1.2; +https://openai.com/gptbot)"
66.29.132.124 - - [28/Apr/2025:11:09:47 -0400] "POST /wp-cron.php?doing_wp_cron=1745852986.6792891025543212890625 HTTP/1.1" 200 0 "-" "WordPress/6.8; https://learningladder.academy"
20.171.207.66 - - [28/Apr/2025:11:09:32 -0400] "GET /wp-json/elementskit/v1/ HTTP/1.1" 404 114 "-" "Mozilla/5.0 AppleWebKit/537.36 (KHTML, like Gecko; compatible; GPTBot/1.2; +https://openai.com/gptbot)"
66.29.132.124 - - [28/Apr/2025:11:09:48 -0400] "POST /wp-admin/admin-ajax.php?action=async_litespeed&nonce=ClURopcPdVyxyJqRooDxwrDMqMZJHCfs&litespeed_type=imgoptm HTTP/1.1" 200 0 "-" "WordPress/6.8; https://learningladder.academy"
20.171.207.66 - - [28/Apr/2025:11:09:49 -0400] "GET /wp-content/uploads/2024/08/Untitled_design_-_2024-09-28T134323.355-removebg-preview.png%20300w,%20https:/learningladder.academy/wp-content/uploads/2024/08/Untitled_design_-_2024-09-28T134323.355-removebg-preview-150x150.png%20150w HTTP/1.1" 404 18912 "-" "Mozilla/5.0 AppleWebKit/537.36 (KHTML, like Gecko; compatible; GPTBot/1.2; +https://openai.com/gptbot)"
66.29.132.124 - - [28/Apr/2025:11:10:01 -0400] "POST /wp-cron.php?doing_wp_cron=1745853000.5357329845428466796875 HTTP/1.1" 200 0 "-" "WordPress/6.8; https://learningladder.academy"
20.171.207.66 - - [28/Apr/2025:11:09:59 -0400] "GET /wp-content/uploads/2024/08/stem_installations1-150x150.jpg%20150w,%20https:/learningladder.academy/wp-content/uploads/2024/08/elementor/thumbs/stem_installations1-qtdkgax019izrx73cyttwzhmy07a3fdcrhhldot2ns.jpg%20300w HTTP/1.1" 404 18920 "-" "Mozilla/5.0 AppleWebKit/537.36 (KHTML, like Gecko; compatible; GPTBot/1.2; +https://openai.com/gptbot)"
20.171.207.66 - - [28/Apr/2025:11:11:02 -0400] "GET /wp-content/uploads/2024/08/Untitled_design_-_2024-09-28T134323.355-removebg-preview.png%20300w,%20https:/learningladder.academy/wp-content/uploads/2024/08/Untitled_design_-_2024-09-28T134323.355-removebg-preview-150x150.png%20150w HTTP/1.1" 404 18912 "-" "Mozilla/5.0 AppleWebKit/537.36 (KHTML, like Gecko; compatible; GPTBot/1.2; +https://openai.com/gptbot)"
20.171.207.66 - - [28/Apr/2025:11:11:07 -0400] "GET /wp-json/elementskit/v1/ HTTP/1.1" 404 114 "-" "Mozilla/5.0 AppleWebKit/537.36 (KHTML, like Gecko; compatible; GPTBot/1.2; +https://openai.com/gptbot)"
20.171.207.66 - - [28/Apr/2025:11:11:09 -0400] "GET /wp-content/uploads/2024/08/stem_installations1-150x150.jpg%20150w,%20https:/learningladder.academy/wp-content/uploads/2024/08/elementor/thumbs/stem_installations1-qtdkgax019izrx73cyttwzhmy07a3fdcrhhldot2ns.jpg%20300w HTTP/1.1" 404 18920 "-" "Mozilla/5.0 AppleWebKit/537.36 (KHTML, like Gecko; compatible; GPTBot/1.2; +https://openai.com/gptbot)"
154.3.62.10 - - [28/Apr/2025:11:18:16 -0400] "GET / HTTP/1.1" 200 28842 "-" "Mozilla/5.0 (compatible; MixrankBot; crawler@mixrank.com)"
154.3.62.10 - - [28/Apr/2025:11:18:25 -0400] "GET / HTTP/1.1" 200 28842 "-" "Mozilla/5.0 (compatible; MixrankBot; crawler@mixrank.com)"
154.3.62.10 - - [28/Apr/2025:11:18:28 -0400] "GET /about-us/ HTTP/1.1" 200 24634 "-" "Mozilla/5.0 (compatible; MixrankBot; crawler@mixrank.com)"
154.3.62.10 - - [28/Apr/2025:11:18:33 -0400] "GET /feedback/ HTTP/1.1" 200 23016 "-" "Mozilla/5.0 (compatible; MixrankBot; crawler@mixrank.com)"
154.3.62.10 - - [28/Apr/2025:11:18:39 -0400] "GET /faqs/ HTTP/1.1" 200 26357 "-" "Mozilla/5.0 (compatible; MixrankBot; crawler@mixrank.com)"
154.3.62.10 - - [28/Apr/2025:11:18:43 -0400] "GET /registration-policy/ HTTP/1.1" 200 24883 "-" "Mozilla/5.0 (compatible; MixrankBot; crawler@mixrank.com)"
154.3.62.10 - - [28/Apr/2025:11:18:45 -0400] "GET / HTTP/1.1" 200 28842 "-" "Mozilla/5.0 (compatible; MixrankBot; crawler@mixrank.com)"
154.3.62.10 - - [28/Apr/2025:11:18:50 -0400] "GET /courses/ HTTP/1.1" 200 31793 "-" "Mozilla/5.0 (compatible; MixrankBot; crawler@mixrank.com)"
154.3.62.10 - - [28/Apr/2025:11:18:57 -0400] "GET /contact-us/ HTTP/1.1" 200 23723 "-" "Mozilla/5.0 (compatible; MixrankBot; crawler@mixrank.com)"
154.3.62.10 - - [28/Apr/2025:11:19:01 -0400] "GET /enrollment/ HTTP/1.1" 200 24575 "-" "Mozilla/5.0 (compatible; MixrankBot; crawler@mixrank.com)"
157.55.39.52 - - [28/Apr/2025:11:26:12 -0400] "GET /wp-sitemap-posts-page-1.xml HTTP/1.1" 200 335 "-" "Mozilla/5.0 AppleWebKit/537.36 (KHTML, like Gecko; compatible; bingbot/2.0; +http://www.bing.com/bingbot.htm) Chrome/116.0.1938.76 Safari/537.36"
157.55.39.52 - - [28/Apr/2025:11:26:22 -0400] "GET /wp-sitemap.xml HTTP/1.1" 200 204 "-" "Mozilla/5.0 AppleWebKit/537.36 (KHTML, like Gecko; compatible; bingbot/2.0; +http://www.bing.com/bingbot.htm) Chrome/116.0.1938.76 Safari/537.36"
66.29.132.124 - - [28/Apr/2025:11:34:55 -0400] "POST /wp-cron.php?doing_wp_cron=1745854494.7808949947357177734375 HTTP/1.1" 200 0 "-" "WordPress/6.8; https://learningladder.academy"
8.217.1.112 - - [28/Apr/2025:11:34:42 -0400] "GET /wp-json/wp/v2/users HTTP/1.1" 200 854 "-" "Mozilla/5.0 (Linux; Android 10; SM-A205U) AppleWebKit/537.36 (KHTML, like Gecko) Chrome/91.0.4472.114 Mobile Safari/537.36"
66.29.132.124 - - [28/Apr/2025:11:34:57 -0400] "POST /wp-admin/admin-ajax.php?action=async_litespeed&nonce=onBISPD12ztbCR9lV5RFdiuKmpGOZU0o&litespeed_type=imgoptm HTTP/1.1" 200 0 "-" "WordPress/6.8; https://learningladder.academy"
20.171.207.66 - - [28/Apr/2025:11:35:26 -0400] "GET /wp-content/uploads/2024/08/stem_installations1-150x150.jpg%20150w,%20https:/learningladder.academy/wp-content/uploads/2024/08/elementor/thumbs/stem_installations1-qtdkgax019izrx73cyttwzhmy07a3fdcrhhldot2ns.jpg%20300w HTTP/1.1" 404 18920 "-" "Mozilla/5.0 AppleWebKit/537.36 (KHTML, like Gecko; compatible; GPTBot/1.2; +https://openai.com/gptbot)"
20.171.207.66 - - [28/Apr/2025:11:35:32 -0400] "GET /wp-json/elementskit/v1/ HTTP/1.1" 404 114 "-" "Mozilla/5.0 AppleWebKit/537.36 (KHTML, like Gecko; compatible; GPTBot/1.2; +https://openai.com/gptbot)"
20.171.207.66 - - [28/Apr/2025:11:35:32 -0400] "GET /wp-content/uploads/2024/08/Untitled_design_-_2024-09-28T134323.355-removebg-preview.png%20300w,%20https:/learningladder.academy/wp-content/uploads/2024/08/Untitled_design_-_2024-09-28T134323.355-removebg-preview-150x150.png%20150w HTTP/1.1" 404 18912 "-" "Mozilla/5.0 AppleWebKit/537.36 (KHTML, like Gecko; compatible; GPTBot/1.2; +https://openai.com/gptbot)"
20.171.207.66 - - [28/Apr/2025:11:39:32 -0400] "GET /wp-json/elementskit/v1/ HTTP/1.1" 404 114 "-" "Mozilla/5.0 AppleWebKit/537.36 (KHTML, like Gecko; compatible; GPTBot/1.2; +https://openai.com/gptbot)"
20.171.207.66 - - [28/Apr/2025:11:39:34 -0400] "GET /wp-content/uploads/2024/08/stem_installations1-150x150.jpg%20150w,%20https:/learningladder.academy/wp-content/uploads/2024/08/elementor/thumbs/stem_installations1-qtdkgax019izrx73cyttwzhmy07a3fdcrhhldot2ns.jpg%20300w HTTP/1.1" 404 18920 "-" "Mozilla/5.0 AppleWebKit/537.36 (KHTML, like Gecko; compatible; GPTBot/1.2; +https://openai.com/gptbot)"
20.171.207.66 - - [28/Apr/2025:11:39:38 -0400] "GET /wp-content/uploads/2024/08/Untitled_design_-_2024-09-28T134323.355-removebg-preview.png%20300w,%20https:/learningladder.academy/wp-content/uploads/2024/08/Untitled_design_-_2024-09-28T134323.355-removebg-preview-150x150.png%20150w HTTP/1.1" 404 18912 "-" "Mozilla/5.0 AppleWebKit/537.36 (KHTML, like Gecko; compatible; GPTBot/1.2; +https://openai.com/gptbot)"
20.171.207.66 - - [28/Apr/2025:11:42:50 -0400] "GET /wp-content/plugins/elementskit-lite/widgets/init/assets/js/widget-scripts.js?ver=3.3.7 HTTP/1.1" 200 40425 "-" "Mozilla/5.0 AppleWebKit/537.36 (KHTML, like Gecko; compatible; GPTBot/1.2; +https://openai.com/gptbot)"
20.171.207.66 - - [28/Apr/2025:11:42:52 -0400] "GET /wp-content/uploads/2024/08/Untitled_design_-_2024-09-28T134323.355-removebg-preview.png%20300w,%20https:/learningladder.academy/wp-content/uploads/2024/08/Untitled_design_-_2024-09-28T134323.355-removebg-preview-150x150.png%20150w HTTP/1.1" 404 18912 "-" "Mozilla/5.0 AppleWebKit/537.36 (KHTML, like Gecko; compatible; GPTBot/1.2; +https://openai.com/gptbot)"
20.171.207.66 - - [28/Apr/2025:11:42:54 -0400] "GET /wp-json/elementskit/v1/ HTTP/1.1" 404 114 "-" "Mozilla/5.0 AppleWebKit/537.36 (KHTML, like Gecko; compatible; GPTBot/1.2; +https://openai.com/gptbot)"
20.171.207.66 - - [28/Apr/2025:11:42:58 -0400] "GET /wp-content/uploads/2024/08/stem_installations1-150x150.jpg%20150w,%20https:/learningladder.academy/wp-content/uploads/2024/08/elementor/thumbs/stem_installations1-qtdkgax019izrx73cyttwzhmy07a3fdcrhhldot2ns.jpg%20300w HTTP/1.1" 404 18920 "-" "Mozilla/5.0 AppleWebKit/537.36 (KHTML, like Gecko; compatible; GPTBot/1.2; +https://openai.com/gptbot)"
20.171.207.66 - - [28/Apr/2025:11:43:03 -0400] "GET /wp-content/plugins/elementor/assets/js/frontend.min.js?ver=3.26.4 HTTP/1.1" 200 13099 "-" "Mozilla/5.0 AppleWebKit/537.36 (KHTML, like Gecko; compatible; GPTBot/1.2; +https://openai.com/gptbot)"
20.171.207.66 - - [28/Apr/2025:11:43:04 -0400] "GET /wp-content/plugins/elementskit-lite/widgets/init/assets/js/animate-circle.min.js?ver=3.3.7 HTTP/1.1" 200 393 "-" "Mozilla/5.0 AppleWebKit/537.36 (KHTML, like Gecko; compatible; GPTBot/1.2; +https://openai.com/gptbot)"
20.171.207.66 - - [28/Apr/2025:11:43:07 -0400] "GET /wp-content/plugins/elementor/assets/js/webpack.runtime.min.js?ver=3.26.4 HTTP/1.1" 200 2228 "-" "Mozilla/5.0 AppleWebKit/537.36 (KHTML, like Gecko; compatible; GPTBot/1.2; +https://openai.com/gptbot)"
20.171.207.66 - - [28/Apr/2025:11:43:10 -0400] "GET /wp-content/plugins/elementskit-lite/libs/framework/assets/js/frontend-script.js?ver=3.3.7 HTTP/1.1" 200 40 "-" "Mozilla/5.0 AppleWebKit/537.36 (KHTML, like Gecko; compatible; GPTBot/1.2; +https://openai.com/gptbot)"
20.171.207.66 - - [28/Apr/2025:11:43:11 -0400] "GET /wp-content/plugins/elementskit-lite/widgets/init/assets/js/elementor.js?ver=3.3.7 HTTP/1.1" 200 5290 "-" "Mozilla/5.0 AppleWebKit/537.36 (KHTML, like Gecko; compatible; GPTBot/1.2; +https://openai.com/gptbot)"
20.171.207.66 - - [28/Apr/2025:11:43:14 -0400] "GET /wp-content/plugins/elementor/assets/js/frontend-modules.min.js?ver=3.26.4 HTTP/1.1" 200 14421 "-" "Mozilla/5.0 AppleWebKit/537.36 (KHTML, like Gecko; compatible; GPTBot/1.2; +https://openai.com/gptbot)"
20.171.207.66 - - [28/Apr/2025:11:43:15 -0400] "GET /wp-content/themes/hello-elementor/assets/js/hello-frontend.min.js?ver=3.2.1 HTTP/1.1" 200 548 "-" "Mozilla/5.0 AppleWebKit/537.36 (KHTML, like Gecko; compatible; GPTBot/1.2; +https://openai.com/gptbot)"
20.171.207.66 - - [28/Apr/2025:11:43:17 -0400] "GET /wp-content/themes/hello-elementor/theme.min.css?ver=3.2.1 HTTP/1.1" 200 1131 "-" "Mozilla/5.0 AppleWebKit/537.36 (KHTML, like Gecko; compatible; GPTBot/1.2; +https://openai.com/gptbot)"
20.171.207.66 - - [28/Apr/2025:11:43:19 -0400] "GET /wp-content/themes/hello-elementor/style.min.css?ver=3.2.1 HTTP/1.1" 200 1591 "-" "Mozilla/5.0 AppleWebKit/537.36 (KHTML, like Gecko; compatible; GPTBot/1.2; +https://openai.com/gptbot)"
20.171.207.66 - - [28/Apr/2025:11:43:20 -0400] "GET /wp-content/plugins/elementskit-lite/widgets/init/assets/js/%url% HTTP/1.1" 403 1242 "-" "Mozilla/5.0 AppleWebKit/537.36 (KHTML, like Gecko; compatible; GPTBot/1.2; +https://openai.com/gptbot)"
20.171.207.66 - - [28/Apr/2025:11:43:21 -0400] "GET /wp-content/themes/hello-elementor/header-footer.min.css?ver=3.2.1 HTTP/1.1" 200 1292 "-" "Mozilla/5.0 AppleWebKit/537.36 (KHTML, like Gecko; compatible; GPTBot/1.2; +https://openai.com/gptbot)"
20.171.207.66 - - [28/Apr/2025:11:43:23 -0400] "GET /wp-content/plugins/elementskit-lite/widgets/init/assets/css/widget-styles.css?ver=3.3.7 HTTP/1.1" 200 48223 "-" "Mozilla/5.0 AppleWebKit/537.36 (KHTML, like Gecko; compatible; GPTBot/1.2; +https://openai.com/gptbot)"
20.171.207.66 - - [28/Apr/2025:11:43:25 -0400] "GET /wp-content/plugins/elementor/assets/css/frontend.min.css?ver=3.26.4 HTTP/1.1" 200 6453 "-" "Mozilla/5.0 AppleWebKit/537.36 (KHTML, like Gecko; compatible; GPTBot/1.2; +https://openai.com/gptbot)"
20.171.207.66 - - [28/Apr/2025:11:43:26 -0400] "GET /wp-content/plugins/pro-elements/assets/css/modules/sticky.min.css?ver=3.25.5 HTTP/1.1" 200 162 "-" "Mozilla/5.0 AppleWebKit/537.36 (KHTML, like Gecko; compatible; GPTBot/1.2; +https://openai.com/gptbot)"
20.171.207.66 - - [28/Apr/2025:11:43:30 -0400] "GET /wp-content/plugins/elementor/assets/css/widget-image.min.css?ver=3.26.4 HTTP/1.1" 200 254 "-" "Mozilla/5.0 AppleWebKit/537.36 (KHTML, like Gecko; compatible; GPTBot/1.2; +https://openai.com/gptbot)"
20.171.207.66 - - [28/Apr/2025:11:43:34 -0400] "GET /wp-content/plugins/elementor/assets/css/widget-heading.min.css?ver=3.26.4 HTTP/1.1" 200 154 "-" "Mozilla/5.0 AppleWebKit/537.36 (KHTML, like Gecko; compatible; GPTBot/1.2; +https://openai.com/gptbot)"
20.171.207.66 - - [28/Apr/2025:11:43:34 -0400] "GET /wp-content/plugins/elementor/assets/css/widget-icon-list.min.css?ver=3.26.4 HTTP/1.1" 200 957 "-" "Mozilla/5.0 AppleWebKit/537.36 (KHTML, like Gecko; compatible; GPTBot/1.2; +https://openai.com/gptbot)"
20.171.207.66 - - [28/Apr/2025:11:43:37 -0400] "GET /wp-content/plugins/elementskit-lite/widgets/init/assets/css/responsive.css?ver=3.3.7 HTTP/1.1" 200 2859 "-" "Mozilla/5.0 AppleWebKit/537.36 (KHTML, like Gecko; compatible; GPTBot/1.2; +https://openai.com/gptbot)"
20.171.207.66 - - [28/Apr/2025:11:43:40 -0400] "GET /wp-content/plugins/elementor/assets/css/widget-image-gallery.min.css?ver=3.26.4 HTTP/1.1" 200 300 "-" "Mozilla/5.0 AppleWebKit/537.36 (KHTML, like Gecko; compatible; GPTBot/1.2; +https://openai.com/gptbot)"
20.171.207.66 - - [28/Apr/2025:11:43:40 -0400] "GET /wp-content/plugins/elementskit-lite/modules/elementskit-icon-pack/assets/css/ekiticons.css?ver=3.3.7 HTTP/1.1" 200 11776 "-" "Mozilla/5.0 AppleWebKit/537.36 (KHTML, like Gecko; compatible; GPTBot/1.2; +https://openai.com/gptbot)"
20.171.207.66 - - [28/Apr/2025:11:43:43 -0400] "GET /wp-content/plugins/elementor/assets/css/widget-social-icons.min.css?ver=3.26.4 HTTP/1.1" 200 1069 "-" "Mozilla/5.0 AppleWebKit/537.36 (KHTML, like Gecko; compatible; GPTBot/1.2; +https://openai.com/gptbot)"
20.171.207.66 - - [28/Apr/2025:11:43:44 -0400] "GET /wp-content/plugins/elementor/assets/css/widget-text-editor.min.css?ver=3.26.4 HTTP/1.1" 200 208 "-" "Mozilla/5.0 AppleWebKit/537.36 (KHTML, like Gecko; compatible; GPTBot/1.2; +https://openai.com/gptbot)"
20.171.207.66 - - [28/Apr/2025:11:43:45 -0400] "GET /wp-content/plugins/elementor/assets/css/conditionals/apple-webkit.min.css?ver=3.26.4 HTTP/1.1" 200 472 "-" "Mozilla/5.0 AppleWebKit/537.36 (KHTML, like Gecko; compatible; GPTBot/1.2; +https://openai.com/gptbot)"
20.171.207.66 - - [28/Apr/2025:11:44:28 -0400] "GET /wp-content/uploads/2024/08/stem_installations1-150x150.jpg%20150w,%20https:/learningladder.academy/wp-content/uploads/2024/08/elementor/thumbs/stem_installations1-qtdkgax019izrx73cyttwzhmy07a3fdcrhhldot2ns.jpg%20300w HTTP/1.1" 404 18920 "-" "Mozilla/5.0 AppleWebKit/537.36 (KHTML, like Gecko; compatible; GPTBot/1.2; +https://openai.com/gptbot)"
20.171.207.66 - - [28/Apr/2025:11:44:29 -0400] "GET /wp-json/elementskit/v1/ HTTP/1.1" 404 114 "-" "Mozilla/5.0 AppleWebKit/537.36 (KHTML, like Gecko; compatible; GPTBot/1.2; +https://openai.com/gptbot)"
20.171.207.66 - - [28/Apr/2025:11:44:30 -0400] "GET /wp-content/uploads/2024/08/Untitled_design_-_2024-09-28T134323.355-removebg-preview.png%20300w,%20https:/learningladder.academy/wp-content/uploads/2024/08/Untitled_design_-_2024-09-28T134323.355-removebg-preview-150x150.png%20150w HTTP/1.1" 404 18912 "-" "Mozilla/5.0 AppleWebKit/537.36 (KHTML, like Gecko; compatible; GPTBot/1.2; +https://openai.com/gptbot)"
20.171.207.66 - - [28/Apr/2025:11:46:28 -0400] "GET /wp-includes/js/thickbox/ HTTP/1.1" 403 1242 "-" "Mozilla/5.0 AppleWebKit/537.36 (KHTML, like Gecko; compatible; GPTBot/1.2; +https://openai.com/gptbot)"
20.171.207.66 - - [28/Apr/2025:11:48:54 -0400] "GET /wp-includes/blocks/query/ HTTP/1.1" 403 1242 "-" "Mozilla/5.0 AppleWebKit/537.36 (KHTML, like Gecko; compatible; GPTBot/1.2; +https://openai.com/gptbot)"
20.171.207.66 - - [28/Apr/2025:11:59:44 -0400] "GET /wp-json/elementskit/v1/ HTTP/1.1" 404 114 "-" "Mozilla/5.0 AppleWebKit/537.36 (KHTML, like Gecko; compatible; GPTBot/1.2; +https://openai.com/gptbot)"
20.171.207.66 - - [28/Apr/2025:11:59:48 -0400] "GET /wp-content/uploads/2024/08/Untitled_design_-_2024-09-28T134323.355-removebg-preview.png%20300w,%20https:/learningladder.academy/wp-content/uploads/2024/08/Untitled_design_-_2024-09-28T134323.355-removebg-preview-150x150.png%20150w HTTP/1.1" 404 18912 "-" "Mozilla/5.0 AppleWebKit/537.36 (KHTML, like Gecko; compatible; GPTBot/1.2; +https://openai.com/gptbot)"
20.171.207.66 - - [28/Apr/2025:11:59:50 -0400] "GET /wp-content/uploads/2024/08/stem_installations1-150x150.jpg%20150w,%20https:/learningladder.academy/wp-content/uploads/2024/08/elementor/thumbs/stem_installations1-qtdkgax019izrx73cyttwzhmy07a3fdcrhhldot2ns.jpg%20300w HTTP/1.1" 404 18920 "-" "Mozilla/5.0 AppleWebKit/537.36 (KHTML, like Gecko; compatible; GPTBot/1.2; +https://openai.com/gptbot)"
20.171.207.66 - - [28/Apr/2025:12:19:18 -0400] "GET /wp-includes/ HTTP/1.1" 403 1242 "-" "Mozilla/5.0 AppleWebKit/537.36 (KHTML, like Gecko; compatible; GPTBot/1.2; +https://openai.com/gptbot)"
51.222.253.4 - - [28/Apr/2025:12:21:36 -0400] "GET /robots.txt HTTP/1.1" 200 99 "-" "Mozilla/5.0 (compatible; AhrefsBot/7.0; +http://ahrefs.com/robot/)"
51.222.253.12 - - [28/Apr/2025:12:21:38 -0400] "GET /enrollment/ HTTP/1.1" 200 24575 "-" "Mozilla/5.0 (compatible; AhrefsBot/7.0; +http://ahrefs.com/robot/)"
66.29.132.124 - - [28/Apr/2025:12:41:56 -0400] "POST /wp-cron.php?doing_wp_cron=1745858516.2242209911346435546875 HTTP/1.1" 200 0 "-" "WordPress/6.8; https://learningladder.academy"
66.29.132.124 - - [28/Apr/2025:12:41:58 -0400] "POST /wp-admin/admin-ajax.php?action=async_litespeed&nonce=oKNl4IxiC09ml2K9DHlfroO3NK4FVWhS&litespeed_type=imgoptm HTTP/1.1" 200 0 "-" "WordPress/6.8; https://learningladder.academy"
20.171.207.66 - - [28/Apr/2025:12:41:45 -0400] "GET /wp-content/uploads/2024/08/Untitled_design_-_2024-09-28T134323.355-removebg-preview.png%20300w,%20https:/learningladder.academy/wp-content/uploads/2024/08/Untitled_design_-_2024-09-28T134323.355-removebg-preview-150x150.png%20150w HTTP/1.1" 404 18912 "-" "Mozilla/5.0 AppleWebKit/537.36 (KHTML, like Gecko; compatible; GPTBot/1.2; +https://openai.com/gptbot)"
20.171.207.66 - - [28/Apr/2025:12:42:00 -0400] "GET /wp-json/elementskit/v1/ HTTP/1.1" 404 114 "-" "Mozilla/5.0 AppleWebKit/537.36 (KHTML, like Gecko; compatible; GPTBot/1.2; +https://openai.com/gptbot)"
20.171.207.66 - - [28/Apr/2025:12:42:03 -0400] "GET /wp-content/uploads/2024/08/stem_installations1-150x150.jpg%20150w,%20https:/learningladder.academy/wp-content/uploads/2024/08/elementor/thumbs/stem_installations1-qtdkgax019izrx73cyttwzhmy07a3fdcrhhldot2ns.jpg%20300w HTTP/1.1" 404 18920 "-" "Mozilla/5.0 AppleWebKit/537.36 (KHTML, like Gecko; compatible; GPTBot/1.2; +https://openai.com/gptbot)"
45.61.186.205 - - [28/Apr/2025:12:45:16 -0400] "GET /wp-login.php HTTP/1.1" 200 5454 "-" "Mozilla/5.0 (X11; Linux i686) AppleWebKit/537.36 (KHTML, like Gecko) Chrome/36.0.1985.125 Safari/537.36"
66.29.132.124 - - [28/Apr/2025:12:45:26 -0400] "POST /wp-cron.php?doing_wp_cron=1745858725.6042919158935546875000 HTTP/1.1" 200 0 "-" "WordPress/6.8; https://learningladder.academy"
45.61.186.205 - - [28/Apr/2025:12:45:17 -0400] "POST /wp-login.php HTTP/1.1" 200 5710 "-" "Mozilla/5.0 (X11; Linux i686) AppleWebKit/537.36 (KHTML, like Gecko) Chrome/36.0.1985.125 Safari/537.36"
66.29.132.124 - - [28/Apr/2025:12:45:28 -0400] "POST /wp-admin/admin-ajax.php?action=async_litespeed&nonce=02JCUVZp9Zil6tCQBWTRJYgwxPlf4zfC&litespeed_type=imgoptm HTTP/1.1" 200 0 "-" "WordPress/6.8; https://learningladder.academy"
66.29.132.124 - - [28/Apr/2025:12:53:16 -0400] "POST /wp-cron.php?doing_wp_cron=1745859195.9470980167388916015625 HTTP/1.1" 200 0 "-" "WordPress/6.8; https://learningladder.academy"
66.29.132.124 - - [28/Apr/2025:12:53:17 -0400] "POST /wp-admin/admin-ajax.php?action=async_litespeed&nonce=1wZaUbx3A8zScllbJTDzjClMC1lHxdWp&litespeed_type=imgoptm HTTP/1.1" 200 0 "-" "WordPress/6.8; https://learningladder.academy"
43.159.149.56 - - [28/Apr/2025:12:53:06 -0400] "GET / HTTP/1.1" 301 0 "http://www.learningladder.academy" "Mozilla/5.0 (iPhone; CPU iPhone OS 13_2_3 like Mac OS X) AppleWebKit/605.1.15 (KHTML, like Gecko) Version/13.0.3 Mobile/15E148 Safari/604.1"
43.159.149.56 - - [28/Apr/2025:12:53:20 -0400] "GET / HTTP/1.1" 200 34334 "https://www.learningladder.academy/" "Mozilla/5.0 (iPhone; CPU iPhone OS 13_2_3 like Mac OS X) AppleWebKit/605.1.15 (KHTML, like Gecko) Version/13.0.3 Mobile/15E148 Safari/604.1"
66.29.132.124 - - [28/Apr/2025:12:55:51 -0400] "POST /wp-cron.php?doing_wp_cron=1745859350.4443540573120117187500 HTTP/1.1" 200 0 "-" "WordPress/6.8; https://learningladder.academy"
66.29.132.124 - - [28/Apr/2025:12:55:52 -0400] "POST /wp-admin/admin-ajax.php?action=async_litespeed&nonce=23sSGNXBpAElfZ2jGEnho8pxA6GpY7kh&litespeed_type=imgoptm HTTP/1.1" 200 0 "-" "WordPress/6.8; https://learningladder.academy"
20.171.207.66 - - [28/Apr/2025:12:55:47 -0400] "GET /wp-json/wp/v2/pages/68 HTTP/1.1" 200 69269 "-" "Mozilla/5.0 AppleWebKit/537.36 (KHTML, like Gecko; compatible; GPTBot/1.2; +https://openai.com/gptbot)"
20.171.207.66 - - [28/Apr/2025:12:55:54 -0400] "GET /?p=68 HTTP/1.1" 301 0 "-" "Mozilla/5.0 AppleWebKit/537.36 (KHTML, like Gecko; compatible; GPTBot/1.2; +https://openai.com/gptbot)"
20.171.207.66 - - [28/Apr/2025:12:56:36 -0400] "GET /wp-content/uploads/2024/08/Untitled_design_-_2024-09-28T134323.355-removebg-preview.png%20300w,%20https:/learningladder.academy/wp-content/uploads/2024/08/Untitled_design_-_2024-09-28T134323.355-removebg-preview-150x150.png%20150w HTTP/1.1" 404 18912 "-" "Mozilla/5.0 AppleWebKit/537.36 (KHTML, like Gecko; compatible; GPTBot/1.2; +https://openai.com/gptbot)"
20.171.207.66 - - [28/Apr/2025:12:56:43 -0400] "GET /wp-json/elementskit/v1/ HTTP/1.1" 404 114 "-" "Mozilla/5.0 AppleWebKit/537.36 (KHTML, like Gecko; compatible; GPTBot/1.2; +https://openai.com/gptbot)"
20.171.207.66 - - [28/Apr/2025:12:56:49 -0400] "GET /wp-content/uploads/2024/08/stem_installations1-150x150.jpg%20150w,%20https:/learningladder.academy/wp-content/uploads/2024/08/elementor/thumbs/stem_installations1-qtdkgax019izrx73cyttwzhmy07a3fdcrhhldot2ns.jpg%20300w HTTP/1.1" 404 18920 "-" "Mozilla/5.0 AppleWebKit/537.36 (KHTML, like Gecko; compatible; GPTBot/1.2; +https://openai.com/gptbot)"
20.171.207.66 - - [28/Apr/2025:12:57:02 -0400] "GET /wp-json/elementskit/v1/ HTTP/1.1" 404 114 "-" "Mozilla/5.0 AppleWebKit/537.36 (KHTML, like Gecko; compatible; GPTBot/1.2; +https://openai.com/gptbot)"
20.171.207.66 - - [28/Apr/2025:12:57:07 -0400] "GET /wp-content/uploads/2024/08/Untitled_design_-_2024-09-28T134323.355-removebg-preview.png%20300w,%20https:/learningladder.academy/wp-content/uploads/2024/08/Untitled_design_-_2024-09-28T134323.355-removebg-preview-150x150.png%20150w HTTP/1.1" 404 18912 "-" "Mozilla/5.0 AppleWebKit/537.36 (KHTML, like Gecko; compatible; GPTBot/1.2; +https://openai.com/gptbot)"
20.171.207.66 - - [28/Apr/2025:12:57:13 -0400] "GET /wp-content/uploads/2024/08/stem_installations1-150x150.jpg%20150w,%20https:/learningladder.academy/wp-content/uploads/2024/08/elementor/thumbs/stem_installations1-qtdkgax019izrx73cyttwzhmy07a3fdcrhhldot2ns.jpg%20300w HTTP/1.1" 404 18920 "-" "Mozilla/5.0 AppleWebKit/537.36 (KHTML, like Gecko; compatible; GPTBot/1.2; +https://openai.com/gptbot)"
20.171.207.66 - - [28/Apr/2025:12:59:32 -0400] "GET /wp-json/elementskit/v1/ HTTP/1.1" 404 114 "-" "Mozilla/5.0 AppleWebKit/537.36 (KHTML, like Gecko; compatible; GPTBot/1.2; +https://openai.com/gptbot)"
20.171.207.66 - - [28/Apr/2025:12:59:42 -0400] "GET /wp-content/uploads/2024/08/Untitled_design_-_2024-09-28T134323.355-removebg-preview.png%20300w,%20https:/learningladder.academy/wp-content/uploads/2024/08/Untitled_design_-_2024-09-28T134323.355-removebg-preview-150x150.png%20150w HTTP/1.1" 404 18912 "-" "Mozilla/5.0 AppleWebKit/537.36 (KHTML, like Gecko; compatible; GPTBot/1.2; +https://openai.com/gptbot)"
20.171.207.66 - - [28/Apr/2025:12:59:45 -0400] "GET /wp-content/uploads/2024/08/stem_installations1-150x150.jpg%20150w,%20https:/learningladder.academy/wp-content/uploads/2024/08/elementor/thumbs/stem_installations1-qtdkgax019izrx73cyttwzhmy07a3fdcrhhldot2ns.jpg%20300w HTTP/1.1" 404 18920 "-" "Mozilla/5.0 AppleWebKit/537.36 (KHTML, like Gecko; compatible; GPTBot/1.2; +https://openai.com/gptbot)"
122.160.119.70 - - [28/Apr/2025:13:00:54 -0400] "HEAD / HTTP/1.1" 200 0 "-" "python-requests/2.28.2"
122.160.119.70 - - [28/Apr/2025:13:00:54 -0400] "HEAD / HTTP/1.1" 200 0 "-" "python-requests/2.28.2"
20.171.207.66 - - [28/Apr/2025:13:01:17 -0400] "GET /wp-includes/js/tinymce/plugins/image/ HTTP/1.1" 403 1242 "-" "Mozilla/5.0 AppleWebKit/537.36 (KHTML, like Gecko; compatible; GPTBot/1.2; +https://openai.com/gptbot)"
69.171.230.112 - - [28/Apr/2025:13:01:29 -0400] "GET /robots.txt HTTP/1.1" 200 123 "-" "facebookexternalhit/1.1 (+http://www.facebook.com/externalhit_uatext.php)"
20.171.207.66 - - [28/Apr/2025:13:01:49 -0400] "GET /wp-content/uploads/2024/08/Untitled_design_-_2024-09-28T134323.355-removebg-preview.png%20300w,%20https:/learningladder.academy/wp-content/uploads/2024/08/Untitled_design_-_2024-09-28T134323.355-removebg-preview-150x150.png%20150w HTTP/1.1" 404 18912 "-" "Mozilla/5.0 AppleWebKit/537.36 (KHTML, like Gecko; compatible; GPTBot/1.2; +https://openai.com/gptbot)"
20.171.207.66 - - [28/Apr/2025:13:01:55 -0400] "GET /wp-json/elementskit/v1/ HTTP/1.1" 404 114 "-" "Mozilla/5.0 AppleWebKit/537.36 (KHTML, like Gecko; compatible; GPTBot/1.2; +https://openai.com/gptbot)"
20.171.207.66 - - [28/Apr/2025:13:02:06 -0400] "GET /wp-content/uploads/2024/08/stem_installations1-150x150.jpg%20150w,%20https:/learningladder.academy/wp-content/uploads/2024/08/elementor/thumbs/stem_installations1-qtdkgax019izrx73cyttwzhmy07a3fdcrhhldot2ns.jpg%20300w HTTP/1.1" 404 18920 "-" "Mozilla/5.0 AppleWebKit/537.36 (KHTML, like Gecko; compatible; GPTBot/1.2; +https://openai.com/gptbot)"
20.171.207.66 - - [28/Apr/2025:13:02:37 -0400] "GET /wp-json/elementskit/v1/ HTTP/1.1" 404 114 "-" "Mozilla/5.0 AppleWebKit/537.36 (KHTML, like Gecko; compatible; GPTBot/1.2; +https://openai.com/gptbot)"
20.171.207.66 - - [28/Apr/2025:13:02:43 -0400] "GET /wp-content/uploads/2024/08/Untitled_design_-_2024-09-28T134323.355-removebg-preview.png%20300w,%20https:/learningladder.academy/wp-content/uploads/2024/08/Untitled_design_-_2024-09-28T134323.355-removebg-preview-150x150.png%20150w HTTP/1.1" 404 18912 "-" "Mozilla/5.0 AppleWebKit/537.36 (KHTML, like Gecko; compatible; GPTBot/1.2; +https://openai.com/gptbot)"
20.171.207.66 - - [28/Apr/2025:13:02:50 -0400] "GET /wp-content/uploads/2024/08/stem_installations1-150x150.jpg%20150w,%20https:/learningladder.academy/wp-content/uploads/2024/08/elementor/thumbs/stem_installations1-qtdkgax019izrx73cyttwzhmy07a3fdcrhhldot2ns.jpg%20300w HTTP/1.1" 404 18920 "-" "Mozilla/5.0 AppleWebKit/537.36 (KHTML, like Gecko; compatible; GPTBot/1.2; +https://openai.com/gptbot)"
20.171.207.66 - - [28/Apr/2025:13:05:19 -0400] "GET /wp-content/uploads/2024/08/stem_installations1-150x150.jpg%20150w,%20https:/learningladder.academy/wp-content/uploads/2024/08/elementor/thumbs/stem_installations1-qtdkgax019izrx73cyttwzhmy07a3fdcrhhldot2ns.jpg%20300w HTTP/1.1" 404 18920 "-" "Mozilla/5.0 AppleWebKit/537.36 (KHTML, like Gecko; compatible; GPTBot/1.2; +https://openai.com/gptbot)"
20.171.207.66 - - [28/Apr/2025:13:05:25 -0400] "GET /wp-content/uploads/2024/08/Untitled_design_-_2024-09-28T134323.355-removebg-preview.png%20300w,%20https:/learningladder.academy/wp-content/uploads/2024/08/Untitled_design_-_2024-09-28T134323.355-removebg-preview-150x150.png%20150w HTTP/1.1" 404 18912 "-" "Mozilla/5.0 AppleWebKit/537.36 (KHTML, like Gecko; compatible; GPTBot/1.2; +https://openai.com/gptbot)"
20.171.207.66 - - [28/Apr/2025:13:05:31 -0400] "GET /wp-json/elementskit/v1/ HTTP/1.1" 404 114 "-" "Mozilla/5.0 AppleWebKit/537.36 (KHTML, like Gecko; compatible; GPTBot/1.2; +https://openai.com/gptbot)"
20.171.207.66 - - [28/Apr/2025:13:09:17 -0400] "GET /wp-json/elementskit/v1/ HTTP/1.1" 404 114 "-" "Mozilla/5.0 AppleWebKit/537.36 (KHTML, like Gecko; compatible; GPTBot/1.2; +https://openai.com/gptbot)"
20.171.207.66 - - [28/Apr/2025:13:09:25 -0400] "GET /wp-content/uploads/2024/08/Untitled_design_-_2024-09-28T134323.355-removebg-preview.png%20300w,%20https:/learningladder.academy/wp-content/uploads/2024/08/Untitled_design_-_2024-09-28T134323.355-removebg-preview-150x150.png%20150w HTTP/1.1" 404 18912 "-" "Mozilla/5.0 AppleWebKit/537.36 (KHTML, like Gecko; compatible; GPTBot/1.2; +https://openai.com/gptbot)"
20.171.207.66 - - [28/Apr/2025:13:09:33 -0400] "GET /wp-content/uploads/2024/08/stem_installations1-150x150.jpg%20150w,%20https:/learningladder.academy/wp-content/uploads/2024/08/elementor/thumbs/stem_installations1-qtdkgax019izrx73cyttwzhmy07a3fdcrhhldot2ns.jpg%20300w HTTP/1.1" 404 18920 "-" "Mozilla/5.0 AppleWebKit/537.36 (KHTML, like Gecko; compatible; GPTBot/1.2; +https://openai.com/gptbot)"
66.29.132.124 - - [28/Apr/2025:13:11:42 -0400] "POST /wp-cron.php?doing_wp_cron=1745860302.1918520927429199218750 HTTP/1.1" 200 0 "-" "WordPress/6.8; https://learningladder.academy"
66.29.132.124 - - [28/Apr/2025:13:11:44 -0400] "POST /wp-admin/admin-ajax.php?action=async_litespeed&nonce=zR0cAxK46ovTRnUyOphtbQRuuiSLE26Z&litespeed_type=imgoptm HTTP/1.1" 200 0 "-" "WordPress/6.8; https://learningladder.academy"
125.94.144.102 - - [28/Apr/2025:13:11:30 -0400] "GET / HTTP/1.1" 301 0 "http://www.learningladder.academy" "Mozilla/5.0 (iPhone; CPU iPhone OS 13_2_3 like Mac OS X) AppleWebKit/605.1.15 (KHTML, like Gecko) Version/13.0.3 Mobile/15E148 Safari/604.1"
20.171.207.66 - - [28/Apr/2025:13:14:07 -0400] "GET /wp-includes/blocks/navigation-link/ HTTP/1.1" 403 1242 "-" "Mozilla/5.0 AppleWebKit/537.36 (KHTML, like Gecko; compatible; GPTBot/1.2; +https://openai.com/gptbot)"
20.171.207.66 - - [28/Apr/2025:13:19:04 -0400] "GET /wp-includes/blocks/shortcode/ HTTP/1.1" 403 1242 "-" "Mozilla/5.0 AppleWebKit/537.36 (KHTML, like Gecko; compatible; GPTBot/1.2; +https://openai.com/gptbot)"
66.249.74.133 - - [28/Apr/2025:13:26:52 -0400] "GET /wp-content/uploads/2024/08/icon_school.png HTTP/1.1" 200 7646 "-" "Googlebot-Image/1.0"
20.171.207.66 - - [28/Apr/2025:13:30:59 -0400] "GET /wp-content/uploads/2024/08/Untitled_design_-_2024-09-28T134323.355-removebg-preview.png%20300w,%20https:/learningladder.academy/wp-content/uploads/2024/08/Untitled_design_-_2024-09-28T134323.355-removebg-preview-150x150.png%20150w HTTP/1.1" 404 18912 "-" "Mozilla/5.0 AppleWebKit/537.36 (KHTML, like Gecko; compatible; GPTBot/1.2; +https://openai.com/gptbot)"
20.171.207.66 - - [28/Apr/2025:13:31:04 -0400] "GET /wp-json/elementskit/v1/ HTTP/1.1" 404 114 "-" "Mozilla/5.0 AppleWebKit/537.36 (KHTML, like Gecko; compatible; GPTBot/1.2; +https://openai.com/gptbot)"
20.171.207.66 - - [28/Apr/2025:13:31:11 -0400] "GET /wp-content/uploads/2024/08/stem_installations1-150x150.jpg%20150w,%20https:/learningladder.academy/wp-content/uploads/2024/08/elementor/thumbs/stem_installations1-qtdkgax019izrx73cyttwzhmy07a3fdcrhhldot2ns.jpg%20300w HTTP/1.1" 404 18920 "-" "Mozilla/5.0 AppleWebKit/537.36 (KHTML, like Gecko; compatible; GPTBot/1.2; +https://openai.com/gptbot)"
43.130.47.33 - - [28/Apr/2025:13:33:11 -0400] "GET / HTTP/1.1" 200 34334 "http://learningladder.academy" "Mozilla/5.0 (iPhone; CPU iPhone OS 13_2_3 like Mac OS X) AppleWebKit/605.1.15 (KHTML, like Gecko) Version/13.0.3 Mobile/15E148 Safari/604.1"
20.171.207.66 - - [28/Apr/2025:13:33:53 -0400] "GET /wp-includes/css/dist/nux/ HTTP/1.1" 403 1242 "-" "Mozilla/5.0 AppleWebKit/537.36 (KHTML, like Gecko; compatible; GPTBot/1.2; +https://openai.com/gptbot)"
20.171.207.66 - - [28/Apr/2025:13:34:41 -0400] "GET /wp-content/uploads/2024/08/Untitled_design_-_2024-09-28T134323.355-removebg-preview.png%20300w,%20https:/learningladder.academy/wp-content/uploads/2024/08/Untitled_design_-_2024-09-28T134323.355-removebg-preview-150x150.png%20150w HTTP/1.1" 404 18912 "-" "Mozilla/5.0 AppleWebKit/537.36 (KHTML, like Gecko; compatible; GPTBot/1.2; +https://openai.com/gptbot)"
20.171.207.66 - - [28/Apr/2025:13:34:54 -0400] "GET /wp-json/elementskit/v1/ HTTP/1.1" 404 114 "-" "Mozilla/5.0 AppleWebKit/537.36 (KHTML, like Gecko; compatible; GPTBot/1.2; +https://openai.com/gptbot)"
20.171.207.66 - - [28/Apr/2025:13:34:55 -0400] "GET /wp-content/uploads/2024/08/stem_installations1-150x150.jpg%20150w,%20https:/learningladder.academy/wp-content/uploads/2024/08/elementor/thumbs/stem_installations1-qtdkgax019izrx73cyttwzhmy07a3fdcrhhldot2ns.jpg%20300w HTTP/1.1" 404 18920 "-" "Mozilla/5.0 AppleWebKit/537.36 (KHTML, like Gecko; compatible; GPTBot/1.2; +https://openai.com/gptbot)"
20.171.207.66 - - [28/Apr/2025:13:40:53 -0400] "GET /wp-includes/rest-api/search/ HTTP/1.1" 403 1242 "-" "Mozilla/5.0 AppleWebKit/537.36 (KHTML, like Gecko; compatible; GPTBot/1.2; +https://openai.com/gptbot)"
66.29.132.124 - - [28/Apr/2025:13:44:22 -0400] "POST /wp-cron.php?doing_wp_cron=1745862261.1257679462432861328125 HTTP/1.1" 200 0 "-" "WordPress/6.8; https://learningladder.academy"
20.171.207.66 - - [28/Apr/2025:13:44:05 -0400] "GET /wp-json/elementskit/v1/ HTTP/1.1" 404 114 "-" "Mozilla/5.0 AppleWebKit/537.36 (KHTML, like Gecko; compatible; GPTBot/1.2; +https://openai.com/gptbot)"
20.171.207.66 - - [28/Apr/2025:13:44:30 -0400] "GET /wp-content/uploads/2024/08/Untitled_design_-_2024-09-28T134323.355-removebg-preview.png%20300w,%20https:/learningladder.academy/wp-content/uploads/2024/08/Untitled_design_-_2024-09-28T134323.355-removebg-preview-150x150.png%20150w HTTP/1.1" 404 18912 "-" "Mozilla/5.0 AppleWebKit/537.36 (KHTML, like Gecko; compatible; GPTBot/1.2; +https://openai.com/gptbot)"
20.171.207.66 - - [28/Apr/2025:13:44:34 -0400] "GET /wp-content/uploads/2024/08/stem_installations1-150x150.jpg%20150w,%20https:/learningladder.academy/wp-content/uploads/2024/08/elementor/thumbs/stem_installations1-qtdkgax019izrx73cyttwzhmy07a3fdcrhhldot2ns.jpg%20300w HTTP/1.1" 404 18920 "-" "Mozilla/5.0 AppleWebKit/537.36 (KHTML, like Gecko; compatible; GPTBot/1.2; +https://openai.com/gptbot)"
66.29.132.124 - - [28/Apr/2025:13:50:45 -0400] "POST /wp-cron.php?doing_wp_cron=1745862645.6841609477996826171875 HTTP/1.1" 200 0 "-" "WordPress/6.8; https://learningladder.academy"
66.29.132.124 - - [28/Apr/2025:13:50:47 -0400] "POST /wp-admin/admin-ajax.php?action=async_litespeed&nonce=ppEM7mEG8tKrbwRa59a5zWJVmcrA7RQG&litespeed_type=imgoptm HTTP/1.1" 200 0 "-" "WordPress/6.8; https://learningladder.academy"
20.171.207.66 - - [28/Apr/2025:13:50:35 -0400] "GET /.well-known/acme-challenge/xmrlpc.php HTTP/1.1" 404 18890 "-" "Mozilla/5.0 AppleWebKit/537.36 (KHTML, like Gecko; compatible; GPTBot/1.2; +https://openai.com/gptbot)"
20.171.207.66 - - [28/Apr/2025:13:53:00 -0400] "GET /wp-includes/blocks/social-link/ HTTP/1.1" 403 1242 "-" "Mozilla/5.0 AppleWebKit/537.36 (KHTML, like Gecko; compatible; GPTBot/1.2; +https://openai.com/gptbot)"
20.171.207.66 - - [28/Apr/2025:13:53:34 -0400] "GET /wp-content/uploads/2024/08/Untitled_design_-_2024-09-28T134323.355-removebg-preview.png%20300w,%20https:/learningladder.academy/wp-content/uploads/2024/08/Untitled_design_-_2024-09-28T134323.355-removebg-preview-150x150.png%20150w HTTP/1.1" 404 18912 "-" "Mozilla/5.0 AppleWebKit/537.36 (KHTML, like Gecko; compatible; GPTBot/1.2; +https://openai.com/gptbot)"
20.171.207.66 - - [28/Apr/2025:13:53:41 -0400] "GET /wp-content/uploads/2024/08/stem_installations1-150x150.jpg%20150w,%20https:/learningladder.academy/wp-content/uploads/2024/08/elementor/thumbs/stem_installations1-qtdkgax019izrx73cyttwzhmy07a3fdcrhhldot2ns.jpg%20300w HTTP/1.1" 404 18920 "-" "Mozilla/5.0 AppleWebKit/537.36 (KHTML, like Gecko; compatible; GPTBot/1.2; +https://openai.com/gptbot)"
20.171.207.66 - - [28/Apr/2025:13:53:49 -0400] "GET /wp-json/elementskit/v1/ HTTP/1.1" 404 114 "-" "Mozilla/5.0 AppleWebKit/537.36 (KHTML, like Gecko; compatible; GPTBot/1.2; +https://openai.com/gptbot)"
20.171.207.66 - - [28/Apr/2025:13:54:15 -0400] "GET /wp-includes/customize/ HTTP/1.1" 403 1242 "-" "Mozilla/5.0 AppleWebKit/537.36 (KHTML, like Gecko; compatible; GPTBot/1.2; +https://openai.com/gptbot)"
20.171.207.66 - - [28/Apr/2025:13:59:30 -0400] "GET /wp-includes/blocks/spacer/ HTTP/1.1" 403 1242 "-" "Mozilla/5.0 AppleWebKit/537.36 (KHTML, like Gecko; compatible; GPTBot/1.2; +https://openai.com/gptbot)"
20.171.207.66 - - [28/Apr/2025:14:04:13 -0400] "GET /wp-includes/blocks/button/ HTTP/1.1" 403 1242 "-" "Mozilla/5.0 AppleWebKit/537.36 (KHTML, like Gecko; compatible; GPTBot/1.2; +https://openai.com/gptbot)"
20.171.207.66 - - [28/Apr/2025:14:12:30 -0400] "GET /wp-content/uploads/2024/08/Untitled_design_-_2024-09-28T134323.355-removebg-preview.png%20300w,%20https:/learningladder.academy/wp-content/uploads/2024/08/Untitled_design_-_2024-09-28T134323.355-removebg-preview-150x150.png%20150w HTTP/1.1" 404 18912 "-" "Mozilla/5.0 AppleWebKit/537.36 (KHTML, like Gecko; compatible; GPTBot/1.2; +https://openai.com/gptbot)"
20.171.207.66 - - [28/Apr/2025:14:12:37 -0400] "GET /wp-json/elementskit/v1/ HTTP/1.1" 404 114 "-" "Mozilla/5.0 AppleWebKit/537.36 (KHTML, like Gecko; compatible; GPTBot/1.2; +https://openai.com/gptbot)"
20.171.207.66 - - [28/Apr/2025:14:12:43 -0400] "GET /wp-content/uploads/2024/08/stem_installations1-150x150.jpg%20150w,%20https:/learningladder.academy/wp-content/uploads/2024/08/elementor/thumbs/stem_installations1-qtdkgax019izrx73cyttwzhmy07a3fdcrhhldot2ns.jpg%20300w HTTP/1.1" 404 18920 "-" "Mozilla/5.0 AppleWebKit/537.36 (KHTML, like Gecko; compatible; GPTBot/1.2; +https://openai.com/gptbot)"
20.171.207.66 - - [28/Apr/2025:14:12:51 -0400] "GET /wp-content/uploads/2024/08/Untitled_design_-_2024-09-28T134323.355-removebg-preview.png%20300w,%20https:/learningladder.academy/wp-content/uploads/2024/08/Untitled_design_-_2024-09-28T134323.355-removebg-preview-150x150.png%20150w HTTP/1.1" 404 18912 "-" "Mozilla/5.0 AppleWebKit/537.36 (KHTML, like Gecko; compatible; GPTBot/1.2; +https://openai.com/gptbot)"
178.62.82.141 - - [28/Apr/2025:14:18:40 -0400] "GET / HTTP/1.1" 200 34334 "-" "Mozilla/5.0 (Windows NT 10.0; Win64; x64) AppleWebKit/537.36 (KHTML, like Gecko) Chrome/124.0.0.0 Safari/537.36"
178.62.82.141 - - [28/Apr/2025:14:18:42 -0400] "GET /courses/ HTTP/1.1" 200 37325 "-" "Mozilla/5.0 (Windows NT 10.0; Win64; x64) AppleWebKit/537.36 (KHTML, like Gecko) Chrome/124.0.0.0 Safari/537.36"
178.62.82.141 - - [28/Apr/2025:14:18:43 -0400] "GET /enrollment/ HTTP/1.1" 200 28897 "-" "Mozilla/5.0 (Windows NT 10.0; Win64; x64) AppleWebKit/537.36 (KHTML, like Gecko) Chrome/124.0.0.0 Safari/537.36"
178.62.82.141 - - [28/Apr/2025:14:18:44 -0400] "GET /registration-policy/ HTTP/1.1" 200 29375 "-" "Mozilla/5.0 (Windows NT 10.0; Win64; x64) AppleWebKit/537.36 (KHTML, like Gecko) Chrome/124.0.0.0 Safari/537.36"
178.62.82.141 - - [28/Apr/2025:14:18:46 -0400] "GET /about-us/ HTTP/1.1" 200 28632 "-" "Mozilla/5.0 (Windows NT 10.0; Win64; x64) AppleWebKit/537.36 (KHTML, like Gecko) Chrome/124.0.0.0 Safari/537.36"
178.62.82.141 - - [28/Apr/2025:14:18:47 -0400] "GET /contact-us/ HTTP/1.1" 200 27826 "-" "Mozilla/5.0 (Windows NT 10.0; Win64; x64) AppleWebKit/537.36 (KHTML, like Gecko) Chrome/124.0.0.0 Safari/537.36"
178.62.82.141 - - [28/Apr/2025:14:18:48 -0400] "GET /feedback/ HTTP/1.1" 200 26851 "-" "Mozilla/5.0 (Windows NT 10.0; Win64; x64) AppleWebKit/537.36 (KHTML, like Gecko) Chrome/124.0.0.0 Safari/537.36"
20.171.207.66 - - [28/Apr/2025:14:21:34 -0400] "GET /wp-includes/Requests/src/Exception/ HTTP/1.1" 403 1242 "-" "Mozilla/5.0 AppleWebKit/537.36 (KHTML, like Gecko; compatible; GPTBot/1.2; +https://openai.com/gptbot)"
20.171.207.66 - - [28/Apr/2025:14:28:10 -0400] "GET /wp-includes/js/jquery/ui/ HTTP/1.1" 403 1242 "-" "Mozilla/5.0 AppleWebKit/537.36 (KHTML, like Gecko; compatible; GPTBot/1.2; +https://openai.com/gptbot)"
20.171.207.66 - - [28/Apr/2025:14:30:50 -0400] "GET /wp-includes/blocks/categories/ HTTP/1.1" 403 1242 "-" "Mozilla/5.0 AppleWebKit/537.36 (KHTML, like Gecko; compatible; GPTBot/1.2; +https://openai.com/gptbot)"
20.171.207.66 - - [28/Apr/2025:14:31:08 -0400] "GET /wp-includes/block-supports/ HTTP/1.1" 403 1242 "-" "Mozilla/5.0 AppleWebKit/537.36 (KHTML, like Gecko; compatible; GPTBot/1.2; +https://openai.com/gptbot)"
20.171.207.66 - - [28/Apr/2025:14:41:57 -0400] "GET /wp-json/elementskit/v1/ HTTP/1.1" 404 114 "-" "Mozilla/5.0 AppleWebKit/537.36 (KHTML, like Gecko; compatible; GPTBot/1.2; +https://openai.com/gptbot)"
