20.171.207.66 - - [28/Apr/2025:06:51:58 -0400] "GET /wp-content/uploads/2024/08/Untitled_design_-_2024-09-28T134323.355-removebg-preview.png%20300w,%20https:/learningladder.academy/wp-content/uploads/2024/08/Untitled_design_-_2024-09-28T134323.355-removebg-preview-150x150.png%20150w HTTP/1.1" 404 18918 "-" "Mozilla/5.0 AppleWebKit/537.36 (KHTML, like Gecko; compatible; GPTBot/1.2; +https://openai.com/gptbot)"
20.171.207.66 - - [28/Apr/2025:06:52:09 -0400] "GET /wp-content/uploads/2024/08/stem_installations1-150x150.jpg%20150w,%20https:/learningladder.academy/wp-content/uploads/2024/08/elementor/thumbs/stem_installations1-qtdkgax019izrx73cyttwzhmy07a3fdcrhhldot2ns.jpg%20300w HTTP/1.1" 404 18918 "-" "Mozilla/5.0 AppleWebKit/537.36 (KHTML, like Gecko; compatible; GPTBot/1.2; +https://openai.com/gptbot)"
20.171.207.66 - - [28/Apr/2025:07:01:08 -0400] "GET /wp-content/uploads/2024/08/Untitled_design_-_2024-09-28T134323.355-removebg-preview.png%20300w,%20https:/learningladder.academy/wp-content/uploads/2024/08/Untitled_design_-_2024-09-28T134323.355-removebg-preview-150x150.png%20150w HTTP/1.1" 404 18918 "-" "Mozilla/5.0 AppleWebKit/537.36 (KHTML, like Gecko; compatible; GPTBot/1.2; +https://openai.com/gptbot)"
20.171.207.66 - - [28/Apr/2025:07:01:21 -0400] "GET /wp-json/elementskit/v1/ HTTP/1.1" 404 114 "-" "Mozilla/5.0 AppleWebKit/537.36 (KHTML, like Gecko; compatible; GPTBot/1.2; +https://openai.com/gptbot)"
20.171.207.66 - - [28/Apr/2025:07:01:33 -0400] "GET /wp-content/uploads/2024/08/stem_installations1-150x150.jpg%20150w,%20https:/learningladder.academy/wp-content/uploads/2024/08/elementor/thumbs/stem_installations1-qtdkgax019izrx73cyttwzhmy07a3fdcrhhldot2ns.jpg%20300w HTTP/1.1" 404 18918 "-" "Mozilla/5.0 AppleWebKit/537.36 (KHTML, like Gecko; compatible; GPTBot/1.2; +https://openai.com/gptbot)"
66.29.132.124 - - [28/Apr/2025:07:03:56 -0400] "POST /wp-cron.php?doing_wp_cron=1745838235.9358038902282714843750 HTTP/1.1" 200 0 "-" "WordPress/6.8; https://learningladder.academy"
66.29.132.124 - - [28/Apr/2025:07:03:56 -0400] "POST /wp-admin/admin-ajax.php?action=async_litespeed&nonce=Z5cDq3JmHLKCiZ7M7aR5IpMdf6IJPNnw&litespeed_type=imgoptm HTTP/1.1" 200 0 "-" "WordPress/6.8; https://learningladder.academy"
20.171.207.66 - - [28/Apr/2025:07:03:49 -0400] "GET /wp-includes/SimplePie/Decode/HTML/ HTTP/1.1" 404 18892 "-" "Mozilla/5.0 AppleWebKit/537.36 (KHTML, like Gecko; compatible; GPTBot/1.2; +https://openai.com/gptbot)"
66.29.132.124 - - [28/Apr/2025:07:07:05 -0400] "POST /wp-cron.php?doing_wp_cron=1745838425.1562600135803222656250 HTTP/1.1" 200 0 "-" "WordPress/6.8; https://learningladder.academy"
66.29.132.124 - - [28/Apr/2025:07:07:06 -0400] "POST /wp-admin/admin-ajax.php?action=async_litespeed&nonce=qMnRR0rr6R9pwMUQPxwcel9yChWzZmUM&litespeed_type=imgoptm HTTP/1.1" 200 0 "-" "WordPress/6.8; https://learningladder.academy"
20.171.207.66 - - [28/Apr/2025:07:06:56 -0400] "GET /wp-includes/SimplePie/Cache/ HTTP/1.1" 404 18900 "-" "Mozilla/5.0 AppleWebKit/537.36 (KHTML, like Gecko; compatible; GPTBot/1.2; +https://openai.com/gptbot)"
170.106.193.108 - - [28/Apr/2025:07:07:35 -0400] "GET / HTTP/1.1" 200 34334 "http://learningladder.academy" "Mozilla/5.0 (iPhone; CPU iPhone OS 13_2_3 like Mac OS X) AppleWebKit/605.1.15 (KHTML, like Gecko) Version/13.0.3 Mobile/15E148 Safari/604.1"
20.171.207.66 - - [28/Apr/2025:07:08:08 -0400] "GET /wp-json/elementskit/v1/ HTTP/1.1" 404 114 "-" "Mozilla/5.0 AppleWebKit/537.36 (KHTML, like Gecko; compatible; GPTBot/1.2; +https://openai.com/gptbot)"
20.171.207.66 - - [28/Apr/2025:07:08:22 -0400] "GET /wp-content/uploads/2024/08/Untitled_design_-_2024-09-28T134323.355-removebg-preview.png%20300w,%20https:/learningladder.academy/wp-content/uploads/2024/08/Untitled_design_-_2024-09-28T134323.355-removebg-preview-150x150.png%20150w HTTP/1.1" 404 18918 "-" "Mozilla/5.0 AppleWebKit/537.36 (KHTML, like Gecko; compatible; GPTBot/1.2; +https://openai.com/gptbot)"
20.171.207.66 - - [28/Apr/2025:07:08:33 -0400] "GET /wp-content/uploads/2024/08/stem_installations1-150x150.jpg%20150w,%20https:/learningladder.academy/wp-content/uploads/2024/08/elementor/thumbs/stem_installations1-qtdkgax019izrx73cyttwzhmy07a3fdcrhhldot2ns.jpg%20300w HTTP/1.1" 404 18918 "-" "Mozilla/5.0 AppleWebKit/537.36 (KHTML, like Gecko; compatible; GPTBot/1.2; +https://openai.com/gptbot)"
20.171.207.66 - - [28/Apr/2025:07:16:22 -0400] "GET /wp-json/elementskit/v1/ HTTP/1.1" 404 114 "-" "Mozilla/5.0 AppleWebKit/537.36 (KHTML, like Gecko; compatible; GPTBot/1.2; +https://openai.com/gptbot)"
20.171.207.66 - - [28/Apr/2025:07:16:36 -0400] "GET /wp-content/uploads/2024/08/stem_installations1-150x150.jpg%20150w,%20https:/learningladder.academy/wp-content/uploads/2024/08/elementor/thumbs/stem_installations1-qtdkgax019izrx73cyttwzhmy07a3fdcrhhldot2ns.jpg%20300w HTTP/1.1" 404 18918 "-" "Mozilla/5.0 AppleWebKit/537.36 (KHTML, like Gecko; compatible; GPTBot/1.2; +https://openai.com/gptbot)"
20.171.207.66 - - [28/Apr/2025:07:16:46 -0400] "GET /wp-content/uploads/2024/08/Untitled_design_-_2024-09-28T134323.355-removebg-preview.png%20300w,%20https:/learningladder.academy/wp-content/uploads/2024/08/Untitled_design_-_2024-09-28T134323.355-removebg-preview-150x150.png%20150w HTTP/1.1" 404 18918 "-" "Mozilla/5.0 AppleWebKit/537.36 (KHTML, like Gecko; compatible; GPTBot/1.2; +https://openai.com/gptbot)"
20.171.207.66 - - [28/Apr/2025:07:19:43 -0400] "GET /wp-includes/blocks/post-excerpt/ HTTP/1.1" 403 1242 "-" "Mozilla/5.0 AppleWebKit/537.36 (KHTML, like Gecko; compatible; GPTBot/1.2; +https://openai.com/gptbot)"
20.171.207.66 - - [28/Apr/2025:07:21:12 -0400] "GET /wp-includes/blocks/post-title/ HTTP/1.1" 403 1242 "-" "Mozilla/5.0 AppleWebKit/537.36 (KHTML, like Gecko; compatible; GPTBot/1.2; +https://openai.com/gptbot)"
66.29.132.124 - - [28/Apr/2025:07:27:16 -0400] "POST /wp-cron.php?doing_wp_cron=1745839636.0420920848846435546875 HTTP/1.1" 200 0 "-" "WordPress/6.8; https://learningladder.academy"
66.29.132.124 - - [28/Apr/2025:07:27:18 -0400] "POST /wp-admin/admin-ajax.php?action=async_litespeed&nonce=HVbrvuQ9OLx2pcOmIeRHzBXl0YeCAnEl&litespeed_type=imgoptm HTTP/1.1" 200 0 "-" "WordPress/6.8; https://learningladder.academy"
20.171.207.66 - - [28/Apr/2025:07:27:05 -0400] "GET /?p=623 HTTP/1.1" 301 0 "-" "Mozilla/5.0 AppleWebKit/537.36 (KHTML, like Gecko; compatible; GPTBot/1.2; +https://openai.com/gptbot)"
20.171.207.66 - - [28/Apr/2025:07:27:20 -0400] "GET /wp-json/wp/v2/pages/623 HTTP/1.1" 200 45840 "-" "Mozilla/5.0 AppleWebKit/537.36 (KHTML, like Gecko; compatible; GPTBot/1.2; +https://openai.com/gptbot)"
66.29.132.124 - - [28/Apr/2025:07:32:04 -0400] "POST /wp-cron.php?doing_wp_cron=1745839924.1593780517578125000000 HTTP/1.1" 200 0 "-" "WordPress/6.8; https://learningladder.academy"
66.29.132.124 - - [28/Apr/2025:07:32:05 -0400] "POST /wp-admin/admin-ajax.php?action=async_litespeed&nonce=j1XOoIvmAVvMiCre5bUDXeyPxg38JOzq&litespeed_type=imgoptm HTTP/1.1" 200 0 "-" "WordPress/6.8; https://learningladder.academy"
20.171.207.66 - - [28/Apr/2025:07:31:57 -0400] "GET /wp-includes/SimplePie/Content/Type/ HTTP/1.1" 404 18878 "-" "Mozilla/5.0 AppleWebKit/537.36 (KHTML, like Gecko; compatible; GPTBot/1.2; +https://openai.com/gptbot)"
20.171.207.66 - - [28/Apr/2025:07:32:10 -0400] "GET /wp-includes/blocks/video/ HTTP/1.1" 403 1242 "-" "Mozilla/5.0 AppleWebKit/537.36 (KHTML, like Gecko; compatible; GPTBot/1.2; +https://openai.com/gptbot)"
66.29.132.124 - - [28/Apr/2025:07:33:17 -0400] "POST /wp-cron.php?doing_wp_cron=1745839997.2274570465087890625000 HTTP/1.1" 200 0 "-" "WordPress/6.8; https://learningladder.academy"
20.171.207.66 - - [28/Apr/2025:07:33:16 -0400] "GET /wp-content/uploads/2024/08/Untitled_design_-_2024-09-28T134323.355-removebg-preview.png%20300w,%20https:/learningladder.academy/wp-content/uploads/2024/08/Untitled_design_-_2024-09-28T134323.355-removebg-preview-150x150.png%20150w HTTP/1.1" 404 18918 "-" "Mozilla/5.0 AppleWebKit/537.36 (KHTML, like Gecko; compatible; GPTBot/1.2; +https://openai.com/gptbot)"
66.29.132.124 - - [28/Apr/2025:07:33:18 -0400] "POST /wp-admin/admin-ajax.php?action=async_litespeed&nonce=ojN7PBDOVHbItTfLouolDgYBdSLUz3BG&litespeed_type=imgoptm HTTP/1.1" 200 0 "-" "WordPress/6.8; https://learningladder.academy"
20.171.207.66 - - [28/Apr/2025:07:33:29 -0400] "GET /wp-json/elementskit/v1/ HTTP/1.1" 404 114 "-" "Mozilla/5.0 AppleWebKit/537.36 (KHTML, like Gecko; compatible; GPTBot/1.2; +https://openai.com/gptbot)"
66.29.132.124 - - [28/Apr/2025:07:33:43 -0400] "POST /wp-cron.php?doing_wp_cron=1745840022.9746000766754150390625 HTTP/1.1" 200 0 "-" "WordPress/6.8; https://learningladder.academy"
20.171.207.66 - - [28/Apr/2025:07:33:42 -0400] "GET /wp-content/uploads/2024/08/stem_installations1-150x150.jpg%20150w,%20https:/learningladder.academy/wp-content/uploads/2024/08/elementor/thumbs/stem_installations1-qtdkgax019izrx73cyttwzhmy07a3fdcrhhldot2ns.jpg%20300w HTTP/1.1" 404 18918 "-" "Mozilla/5.0 AppleWebKit/537.36 (KHTML, like Gecko; compatible; GPTBot/1.2; +https://openai.com/gptbot)"
20.171.207.66 - - [28/Apr/2025:07:42:10 -0400] "GET /wp-json/elementskit/v1/ HTTP/1.1" 404 114 "-" "Mozilla/5.0 AppleWebKit/537.36 (KHTML, like Gecko; compatible; GPTBot/1.2; +https://openai.com/gptbot)"
20.171.207.66 - - [28/Apr/2025:07:42:23 -0400] "GET /wp-content/uploads/2024/08/Untitled_design_-_2024-09-28T134323.355-removebg-preview.png%20300w,%20https:/learningladder.academy/wp-content/uploads/2024/08/Untitled_design_-_2024-09-28T134323.355-removebg-preview-150x150.png%20150w HTTP/1.1" 404 18918 "-" "Mozilla/5.0 AppleWebKit/537.36 (KHTML, like Gecko; compatible; GPTBot/1.2; +https://openai.com/gptbot)"
20.171.207.66 - - [28/Apr/2025:07:42:37 -0400] "GET /wp-content/uploads/2024/08/stem_installations1-150x150.jpg%20150w,%20https:/learningladder.academy/wp-content/uploads/2024/08/elementor/thumbs/stem_installations1-qtdkgax019izrx73cyttwzhmy07a3fdcrhhldot2ns.jpg%20300w HTTP/1.1" 404 18918 "-" "Mozilla/5.0 AppleWebKit/537.36 (KHTML, like Gecko; compatible; GPTBot/1.2; +https://openai.com/gptbot)"
20.171.207.66 - - [28/Apr/2025:07:42:49 -0400] "GET /wp-includes/blocks/social-links/ HTTP/1.1" 403 1242 "-" "Mozilla/5.0 AppleWebKit/537.36 (KHTML, like Gecko; compatible; GPTBot/1.2; +https://openai.com/gptbot)"
20.171.207.66 - - [28/Apr/2025:07:44:40 -0400] "GET /wp-content/uploads/2024/08/stem_installations1-150x150.jpg%20150w,%20https:/learningladder.academy/wp-content/uploads/2024/08/elementor/thumbs/stem_installations1-qtdkgax019izrx73cyttwzhmy07a3fdcrhhldot2ns.jpg%20300w HTTP/1.1" 404 18918 "-" "Mozilla/5.0 AppleWebKit/537.36 (KHTML, like Gecko; compatible; GPTBot/1.2; +https://openai.com/gptbot)"
20.171.207.66 - - [28/Apr/2025:07:44:52 -0400] "GET /wp-content/uploads/2024/08/Untitled_design_-_2024-09-28T134323.355-removebg-preview.png%20300w,%20https:/learningladder.academy/wp-content/uploads/2024/08/Untitled_design_-_2024-09-28T134323.355-removebg-preview-150x150.png%20150w HTTP/1.1" 404 18918 "-" "Mozilla/5.0 AppleWebKit/537.36 (KHTML, like Gecko; compatible; GPTBot/1.2; +https://openai.com/gptbot)"
20.171.207.66 - - [28/Apr/2025:07:45:06 -0400] "GET /wp-json/elementskit/v1/ HTTP/1.1" 404 114 "-" "Mozilla/5.0 AppleWebKit/537.36 (KHTML, like Gecko; compatible; GPTBot/1.2; +https://openai.com/gptbot)"
20.171.207.66 - - [28/Apr/2025:07:45:18 -0400] "GET /wp-includes/blocks/site-title/ HTTP/1.1" 403 1242 "-" "Mozilla/5.0 AppleWebKit/537.36 (KHTML, like Gecko; compatible; GPTBot/1.2; +https://openai.com/gptbot)"
20.171.207.66 - - [28/Apr/2025:07:45:37 -0400] "GET /wp-includes/blocks/cover/ HTTP/1.1" 403 1242 "-" "Mozilla/5.0 AppleWebKit/537.36 (KHTML, like Gecko; compatible; GPTBot/1.2; +https://openai.com/gptbot)"
20.171.207.66 - - [28/Apr/2025:07:46:34 -0400] "GET /wp-includes/blocks/post-template/ HTTP/1.1" 403 1242 "-" "Mozilla/5.0 AppleWebKit/537.36 (KHTML, like Gecko; compatible; GPTBot/1.2; +https://openai.com/gptbot)"
20.171.207.66 - - [28/Apr/2025:07:46:46 -0400] "GET /wp-includes/css/dist/components/ HTTP/1.1" 403 1242 "-" "Mozilla/5.0 AppleWebKit/537.36 (KHTML, like Gecko; compatible; GPTBot/1.2; +https://openai.com/gptbot)"
20.171.207.66 - - [28/Apr/2025:07:47:31 -0400] "GET /wp-json/elementskit/v1/ HTTP/1.1" 404 114 "-" "Mozilla/5.0 AppleWebKit/537.36 (KHTML, like Gecko; compatible; GPTBot/1.2; +https://openai.com/gptbot)"
20.171.207.66 - - [28/Apr/2025:07:47:44 -0400] "GET /wp-content/uploads/2024/08/Untitled_design_-_2024-09-28T134323.355-removebg-preview.png%20300w,%20https:/learningladder.academy/wp-content/uploads/2024/08/Untitled_design_-_2024-09-28T134323.355-removebg-preview-150x150.png%20150w HTTP/1.1" 404 18918 "-" "Mozilla/5.0 AppleWebKit/537.36 (KHTML, like Gecko; compatible; GPTBot/1.2; +https://openai.com/gptbot)"
20.171.207.66 - - [28/Apr/2025:07:47:56 -0400] "GET /wp-content/uploads/2024/08/stem_installations1-150x150.jpg%20150w,%20https:/learningladder.academy/wp-content/uploads/2024/08/elementor/thumbs/stem_installations1-qtdkgax019izrx73cyttwzhmy07a3fdcrhhldot2ns.jpg%20300w HTTP/1.1" 404 18918 "-" "Mozilla/5.0 AppleWebKit/537.36 (KHTML, like Gecko; compatible; GPTBot/1.2; +https://openai.com/gptbot)"
20.171.207.66 - - [28/Apr/2025:07:48:54 -0400] "GET /wp-includes/js/jquery/ HTTP/1.1" 403 1242 "-" "Mozilla/5.0 AppleWebKit/537.36 (KHTML, like Gecko; compatible; GPTBot/1.2; +https://openai.com/gptbot)"
20.171.207.66 - - [28/Apr/2025:07:55:17 -0400] "GET /wp-content/uploads/2024/08/Untitled_design_-_2024-09-28T134323.355-removebg-preview.png%20300w,%20https:/learningladder.academy/wp-content/uploads/2024/08/Untitled_design_-_2024-09-28T134323.355-removebg-preview-150x150.png%20150w HTTP/1.1" 404 18918 "-" "Mozilla/5.0 AppleWebKit/537.36 (KHTML, like Gecko; compatible; GPTBot/1.2; +https://openai.com/gptbot)"
20.171.207.66 - - [28/Apr/2025:07:55:30 -0400] "GET /wp-json/elementskit/v1/ HTTP/1.1" 404 114 "-" "Mozilla/5.0 AppleWebKit/537.36 (KHTML, like Gecko; compatible; GPTBot/1.2; +https://openai.com/gptbot)"
20.171.207.66 - - [28/Apr/2025:07:55:43 -0400] "GET /wp-content/uploads/2024/08/stem_installations1-150x150.jpg%20150w,%20https:/learningladder.academy/wp-content/uploads/2024/08/elementor/thumbs/stem_installations1-qtdkgax019izrx73cyttwzhmy07a3fdcrhhldot2ns.jpg%20300w HTTP/1.1" 404 18918 "-" "Mozilla/5.0 AppleWebKit/537.36 (KHTML, like Gecko; compatible; GPTBot/1.2; +https://openai.com/gptbot)"
66.29.132.124 - - [28/Apr/2025:07:59:12 -0400] "POST /wp-cron.php?doing_wp_cron=1745841552.2644679546356201171875 HTTP/1.1" 200 0 "-" "WordPress/6.8; https://learningladder.academy"
66.29.132.124 - - [28/Apr/2025:07:59:13 -0400] "POST /wp-admin/admin-ajax.php?action=async_litespeed&nonce=A4VLUWGuzvuNJddYf0noQpKmGLNL3Qrd&litespeed_type=imgoptm HTTP/1.1" 200 0 "-" "WordPress/6.8; https://learningladder.academy"
20.171.207.66 - - [28/Apr/2025:07:59:02 -0400] "GET /wp-content/plugins/wp-help/ HTTP/1.1" 404 18877 "-" "Mozilla/5.0 AppleWebKit/537.36 (KHTML, like Gecko; compatible; GPTBot/1.2; +https://openai.com/gptbot)"
20.171.207.66 - - [28/Apr/2025:08:07:02 -0400] "GET /wp-includes/js/tinymce/plugins/charmap/ HTTP/1.1" 403 1242 "-" "Mozilla/5.0 AppleWebKit/537.36 (KHTML, like Gecko; compatible; GPTBot/1.2; +https://openai.com/gptbot)"
20.171.207.66 - - [28/Apr/2025:08:09:17 -0400] "GET /wp-includes/js/jquery/ui/core.min.js?ver=1.13.3 HTTP/1.1" 200 6812 "-" "Mozilla/5.0 AppleWebKit/537.36 (KHTML, like Gecko; compatible; GPTBot/1.2; +https://openai.com/gptbot)"
20.171.207.66 - - [28/Apr/2025:08:12:01 -0400] "GET /wp-includes/blocks/tag-cloud/ HTTP/1.1" 403 1242 "-" "Mozilla/5.0 AppleWebKit/537.36 (KHTML, like Gecko; compatible; GPTBot/1.2; +https://openai.com/gptbot)"
20.171.207.66 - - [28/Apr/2025:08:09:30 -0400] "GET /wp-content/uploads/2024/08/Untitled_design_-_2024-09-28T134323.355-removebg-preview.png%20300w,%20https:/learningladder.academy/wp-content/uploads/2024/08/Untitled_design_-_2024-09-28T134323.355-removebg-preview-150x150.png%20150w HTTP/1.1" 404 18918 "-" "Mozilla/5.0 AppleWebKit/537.36 (KHTML, like Gecko; compatible; GPTBot/1.2; +https://openai.com/gptbot)"
20.171.207.66 - - [28/Apr/2025:08:09:40 -0400] "GET /wp-content/uploads/2024/08/stem_installations1-150x150.jpg%20150w,%20https:/learningladder.academy/wp-content/uploads/2024/08/elementor/thumbs/stem_installations1-qtdkgax019izrx73cyttwzhmy07a3fdcrhhldot2ns.jpg%20300w HTTP/1.1" 404 18918 "-" "Mozilla/5.0 AppleWebKit/537.36 (KHTML, like Gecko; compatible; GPTBot/1.2; +https://openai.com/gptbot)"
20.171.207.66 - - [28/Apr/2025:08:09:52 -0400] "GET /wp-json/elementskit/v1/ HTTP/1.1" 404 114 "-" "Mozilla/5.0 AppleWebKit/537.36 (KHTML, like Gecko; compatible; GPTBot/1.2; +https://openai.com/gptbot)"
20.171.207.66 - - [28/Apr/2025:08:15:58 -0400] "GET /wp-json/elementskit/v1/ HTTP/1.1" 404 114 "-" "Mozilla/5.0 AppleWebKit/537.36 (KHTML, like Gecko; compatible; GPTBot/1.2; +https://openai.com/gptbot)"
20.171.207.66 - - [28/Apr/2025:08:16:17 -0400] "GET /wp-content/uploads/2024/08/stem_installations1-150x150.jpg%20150w,%20https:/learningladder.academy/wp-content/uploads/2024/08/elementor/thumbs/stem_installations1-qtdkgax019izrx73cyttwzhmy07a3fdcrhhldot2ns.jpg%20300w HTTP/1.1" 404 18918 "-" "Mozilla/5.0 AppleWebKit/537.36 (KHTML, like Gecko; compatible; GPTBot/1.2; +https://openai.com/gptbot)"
20.171.207.66 - - [28/Apr/2025:08:16:21 -0400] "GET /wp-content/uploads/2024/08/Untitled_design_-_2024-09-28T134323.355-removebg-preview.png%20300w,%20https:/learningladder.academy/wp-content/uploads/2024/08/Untitled_design_-_2024-09-28T134323.355-removebg-preview-150x150.png%20150w HTTP/1.1" 404 18918 "-" "Mozilla/5.0 AppleWebKit/537.36 (KHTML, like Gecko; compatible; GPTBot/1.2; +https://openai.com/gptbot)"
20.171.207.66 - - [28/Apr/2025:08:17:02 -0400] "GET /wp-json/elementskit/v1/ HTTP/1.1" 404 114 "-" "Mozilla/5.0 AppleWebKit/537.36 (KHTML, like Gecko; compatible; GPTBot/1.2; +https://openai.com/gptbot)"
20.171.207.66 - - [28/Apr/2025:08:17:14 -0400] "GET /wp-content/uploads/2024/08/Untitled_design_-_2024-09-28T134323.355-removebg-preview.png%20300w,%20https:/learningladder.academy/wp-content/uploads/2024/08/Untitled_design_-_2024-09-28T134323.355-removebg-preview-150x150.png%20150w HTTP/1.1" 404 18918 "-" "Mozilla/5.0 AppleWebKit/537.36 (KHTML, like Gecko; compatible; GPTBot/1.2; +https://openai.com/gptbot)"
20.171.207.66 - - [28/Apr/2025:08:17:26 -0400] "GET /wp-content/uploads/2024/08/stem_installations1-150x150.jpg%20150w,%20https:/learningladder.academy/wp-content/uploads/2024/08/elementor/thumbs/stem_installations1-qtdkgax019izrx73cyttwzhmy07a3fdcrhhldot2ns.jpg%20300w HTTP/1.1" 404 18918 "-" "Mozilla/5.0 AppleWebKit/537.36 (KHTML, like Gecko; compatible; GPTBot/1.2; +https://openai.com/gptbot)"
20.171.207.66 - - [28/Apr/2025:08:19:21 -0400] "GET /wp-json/elementskit/v1/ HTTP/1.1" 404 114 "-" "Mozilla/5.0 AppleWebKit/537.36 (KHTML, like Gecko; compatible; GPTBot/1.2; +https://openai.com/gptbot)"
20.171.207.66 - - [28/Apr/2025:08:19:32 -0400] "GET /wp-content/uploads/2024/08/stem_installations1-150x150.jpg%20150w,%20https:/learningladder.academy/wp-content/uploads/2024/08/elementor/thumbs/stem_installations1-qtdkgax019izrx73cyttwzhmy07a3fdcrhhldot2ns.jpg%20300w HTTP/1.1" 404 18918 "-" "Mozilla/5.0 AppleWebKit/537.36 (KHTML, like Gecko; compatible; GPTBot/1.2; +https://openai.com/gptbot)"
20.171.207.66 - - [28/Apr/2025:08:19:45 -0400] "GET /wp-content/uploads/2024/08/Untitled_design_-_2024-09-28T134323.355-removebg-preview.png%20300w,%20https:/learningladder.academy/wp-content/uploads/2024/08/Untitled_design_-_2024-09-28T134323.355-removebg-preview-150x150.png%20150w HTTP/1.1" 404 18918 "-" "Mozilla/5.0 AppleWebKit/537.36 (KHTML, like Gecko; compatible; GPTBot/1.2; +https://openai.com/gptbot)"
20.171.207.66 - - [28/Apr/2025:08:23:40 -0400] "GET /wp-json/elementskit/v1/ HTTP/1.1" 404 114 "-" "Mozilla/5.0 AppleWebKit/537.36 (KHTML, like Gecko; compatible; GPTBot/1.2; +https://openai.com/gptbot)"
20.171.207.66 - - [28/Apr/2025:08:23:51 -0400] "GET /wp-content/uploads/2024/08/Untitled_design_-_2024-09-28T134323.355-removebg-preview.png%20300w,%20https:/learningladder.academy/wp-content/uploads/2024/08/Untitled_design_-_2024-09-28T134323.355-removebg-preview-150x150.png%20150w HTTP/1.1" 404 18918 "-" "Mozilla/5.0 AppleWebKit/537.36 (KHTML, like Gecko; compatible; GPTBot/1.2; +https://openai.com/gptbot)"
20.171.207.66 - - [28/Apr/2025:08:24:03 -0400] "GET /wp-content/uploads/2024/08/stem_installations1-150x150.jpg%20150w,%20https:/learningladder.academy/wp-content/uploads/2024/08/elementor/thumbs/stem_installations1-qtdkgax019izrx73cyttwzhmy07a3fdcrhhldot2ns.jpg%20300w HTTP/1.1" 404 18918 "-" "Mozilla/5.0 AppleWebKit/537.36 (KHTML, like Gecko; compatible; GPTBot/1.2; +https://openai.com/gptbot)"
20.171.207.66 - - [28/Apr/2025:08:26:10 -0400] "GET /wp-json/elementskit/v1/ HTTP/1.1" 404 114 "-" "Mozilla/5.0 AppleWebKit/537.36 (KHTML, like Gecko; compatible; GPTBot/1.2; +https://openai.com/gptbot)"
20.171.207.66 - - [28/Apr/2025:08:26:21 -0400] "GET /wp-content/uploads/2024/08/Untitled_design_-_2024-09-28T134323.355-removebg-preview.png%20300w,%20https:/learningladder.academy/wp-content/uploads/2024/08/Untitled_design_-_2024-09-28T134323.355-removebg-preview-150x150.png%20150w HTTP/1.1" 404 18918 "-" "Mozilla/5.0 AppleWebKit/537.36 (KHTML, like Gecko; compatible; GPTBot/1.2; +https://openai.com/gptbot)"
20.171.207.66 - - [28/Apr/2025:08:26:34 -0400] "GET /wp-content/uploads/2024/08/stem_installations1-150x150.jpg%20150w,%20https:/learningladder.academy/wp-content/uploads/2024/08/elementor/thumbs/stem_installations1-qtdkgax019izrx73cyttwzhmy07a3fdcrhhldot2ns.jpg%20300w HTTP/1.1" 404 18918 "-" "Mozilla/5.0 AppleWebKit/537.36 (KHTML, like Gecko; compatible; GPTBot/1.2; +https://openai.com/gptbot)"
20.171.207.66 - - [28/Apr/2025:08:32:57 -0400] "GET /wp-includes/blocks/audio/ HTTP/1.1" 403 1242 "-" "Mozilla/5.0 AppleWebKit/537.36 (KHTML, like Gecko; compatible; GPTBot/1.2; +https://openai.com/gptbot)"
202.47.34.192 - - [28/Apr/2025:08:44:15 -0400] "GET /wp-content/uploads/2024/08/Untitled_design_-_2024-09-28T134323.355-removebg-preview.png HTTP/1.1" 200 70064 "https://learningladder.academy/about-us/" "Mozilla/5.0 (Linux; Android 10; K) AppleWebKit/537.36 (KHTML, like Gecko) Chrome/135.0.0.0 Mobile Safari/537.36"
202.47.34.192 - - [28/Apr/2025:08:44:15 -0400] "GET /wp-content/uploads/2024/09/B167402-3-768x1152.jpg HTTP/1.1" 200 195947 "https://learningladder.academy/about-us/" "Mozilla/5.0 (Linux; Android 10; K) AppleWebKit/537.36 (KHTML, like Gecko) Chrome/135.0.0.0 Mobile Safari/537.36"
202.47.34.192 - - [28/Apr/2025:08:44:15 -0400] "GET /wp-content/uploads/2024/09/2148763870-compressed.jpg HTTP/1.1" 200 110544 "https://learningladder.academy/wp-content/uploads/elementor/css/post-19.css?ver=1739403980" "Mozilla/5.0 (Linux; Android 10; K) AppleWebKit/537.36 (KHTML, like Gecko) Chrome/135.0.0.0 Mobile Safari/537.36"
202.47.34.192 - - [28/Apr/2025:08:44:15 -0400] "GET /wp-content/uploads/2024/09/2148212356-compressed.jpg HTTP/1.1" 200 113261 "https://learningladder.academy/wp-content/uploads/elementor/css/post-19.css?ver=1739403980" "Mozilla/5.0 (Linux; Android 10; K) AppleWebKit/537.36 (KHTML, like Gecko) Chrome/135.0.0.0 Mobile Safari/537.36"
202.47.34.192 - - [28/Apr/2025:08:44:15 -0400] "GET /wp-content/uploads/2024/08/adolescent-adult-beautiful-1448258.jpg HTTP/1.1" 200 168390 "https://learningladder.academy/wp-content/uploads/elementor/css/post-19.css?ver=1739403980" "Mozilla/5.0 (Linux; Android 10; K) AppleWebKit/537.36 (KHTML, like Gecko) Chrome/135.0.0.0 Mobile Safari/537.36"
202.47.34.192 - - [28/Apr/2025:08:44:15 -0400] "GET /wp-content/plugins/elementskit-lite/modules/elementskit-icon-pack/assets/fonts/elementskit.woff?y24e1e HTTP/1.1" 200 459560 "https://learningladder.academy/wp-content/plugins/elementskit-lite/modules/elementskit-icon-pack/assets/css/ekiticons.css?ver=3.4.8" "Mozilla/5.0 (Linux; Android 10; K) AppleWebKit/537.36 (KHTML, like Gecko) Chrome/135.0.0.0 Mobile Safari/537.36"
202.47.34.192 - - [28/Apr/2025:08:44:19 -0400] "GET /favicon.ico HTTP/1.1" 404 1251 "https://learningladder.academy/about-us/" "Mozilla/5.0 (Linux; Android 10; K) AppleWebKit/537.36 (KHTML, like Gecko) Chrome/135.0.0.0 Mobile Safari/537.36"
4.227.36.125 - - [28/Apr/2025:08:47:25 -0400] "GET /robots.txt HTTP/1.1" 200 99 "-" "Mozilla/5.0 AppleWebKit/537.36 (KHTML, like Gecko; compatible; GPTBot/1.2; +https://openai.com/gptbot)"
66.29.132.124 - - [28/Apr/2025:08:47:37 -0400] "POST /wp-cron.php?doing_wp_cron=1745844456.5237131118774414062500 HTTP/1.1" 200 0 "-" "WordPress/6.8; https://learningladder.academy"
66.29.132.124 - - [28/Apr/2025:08:47:39 -0400] "POST /wp-admin/admin-ajax.php?action=async_litespeed&nonce=wOMsAzTAic3G16CAhYGfxheAHooM9Jxz&litespeed_type=imgoptm HTTP/1.1" 200 0 "-" "WordPress/6.8; https://learningladder.academy"
20.171.207.66 - - [28/Apr/2025:08:47:27 -0400] "GET /wp-content/uploads/2024/08/stem_installations1-150x150.jpg%20150w,%20https:/learningladder.academy/wp-content/uploads/2024/08/elementor/thumbs/stem_installations1-qtdkgax019izrx73cyttwzhmy07a3fdcrhhldot2ns.jpg%20300w HTTP/1.1" 404 18921 "-" "Mozilla/5.0 AppleWebKit/537.36 (KHTML, like Gecko; compatible; GPTBot/1.2; +https://openai.com/gptbot)"
66.29.132.124 - - [28/Apr/2025:08:47:45 -0400] "POST /wp-cron.php?doing_wp_cron=1745844464.1339099407196044921875 HTTP/1.1" 200 0 "-" "WordPress/6.8; https://learningladder.academy"
20.171.207.66 - - [28/Apr/2025:08:47:43 -0400] "GET /wp-content/uploads/2024/08/Untitled_design_-_2024-09-28T134323.355-removebg-preview.png%20300w,%20https:/learningladder.academy/wp-content/uploads/2024/08/Untitled_design_-_2024-09-28T134323.355-removebg-preview-150x150.png%20150w HTTP/1.1" 404 18912 "-" "Mozilla/5.0 AppleWebKit/537.36 (KHTML, like Gecko; compatible; GPTBot/1.2; +https://openai.com/gptbot)"
20.171.207.66 - - [28/Apr/2025:08:47:54 -0400] "GET /wp-json/elementskit/v1/ HTTP/1.1" 404 114 "-" "Mozilla/5.0 AppleWebKit/537.36 (KHTML, like Gecko; compatible; GPTBot/1.2; +https://openai.com/gptbot)"
66.29.132.124 - - [28/Apr/2025:09:03:28 -0400] "POST /wp-cron.php?doing_wp_cron=1745845408.3446938991546630859375 HTTP/1.1" 200 0 "-" "WordPress/6.8; https://learningladder.academy"
213.152.162.84 - - [28/Apr/2025:09:03:19 -0400] "POST /xmlrpc.php HTTP/1.1" 200 212 "-" "Mozilla/5.0 (Windows NT 10.0; Win64; x64) AppleWebKit/537.36 (KHTML, like Gecko) Chrome/135.0.0.0 Safari/537.36"
66.29.132.124 - - [28/Apr/2025:09:03:30 -0400] "POST /wp-admin/admin-ajax.php?action=async_litespeed&nonce=W616TTUtg6NBIHCtZS1b43W8jzCB3Bmc&litespeed_type=imgoptm HTTP/1.1" 200 0 "-" "WordPress/6.8; https://learningladder.academy"
66.29.132.124 - - [28/Apr/2025:09:03:33 -0400] "GET / HTTP/1.1" 200 34334 "-" "WordPress/6.8; https://learningladder.academy"
202.47.34.192 - - [28/Apr/2025:09:34:19 -0400] "GET /wp-content/plugins/elementor/assets/js/lightbox.f3fa607b705962362647.bundle.min.js HTTP/1.1" 200 9073 "https://learningladder.academy/about-us/" "Mozilla/5.0 (Linux; Android 10; K) AppleWebKit/537.36 (KHTML, like Gecko) Chrome/135.0.0.0 Mobile Safari/537.36"
202.47.34.192 - - [28/Apr/2025:09:34:19 -0400] "GET /wp-content/plugins/elementor/assets/css/conditionals/dialog.min.css?ver=3.28.3 HTTP/1.1" 304 0 "https://learningladder.academy/about-us/" "Mozilla/5.0 (Linux; Android 10; K) AppleWebKit/537.36 (KHTML, like Gecko) Chrome/135.0.0.0 Mobile Safari/537.36"
202.47.34.192 - - [28/Apr/2025:09:34:19 -0400] "GET /wp-content/plugins/elementor/assets/css/conditionals/lightbox.min.css?ver=3.28.3 HTTP/1.1" 304 0 "https://learningladder.academy/about-us/" "Mozilla/5.0 (Linux; Android 10; K) AppleWebKit/537.36 (KHTML, like Gecko) Chrome/135.0.0.0 Mobile Safari/537.36"
202.47.34.192 - - [28/Apr/2025:09:34:20 -0400] "GET /favicon.ico HTTP/1.1" 404 1251 "https://learningladder.academy/about-us/" "Mozilla/5.0 (Linux; Android 10; K) AppleWebKit/537.36 (KHTML, like Gecko) Chrome/135.0.0.0 Mobile Safari/537.36"
202.47.34.192 - - [28/Apr/2025:09:34:20 -0400] "GET /wp-content/plugins/elementor/assets/js/text-editor.c084ef86600b6f11690d.bundle.min.js HTTP/1.1" 200 621 "https://learningladder.academy/about-us/" "Mozilla/5.0 (Linux; Android 10; K) AppleWebKit/537.36 (KHTML, like Gecko) Chrome/135.0.0.0 Mobile Safari/537.36"
202.47.34.192 - - [28/Apr/2025:09:34:20 -0400] "GET /wp-content/plugins/pro-elements/assets/js/nav-menu.7e665d03657d48aef483.bundle.min.js HTTP/1.1" 304 0 "https://learningladder.academy/about-us/" "Mozilla/5.0 (Linux; Android 10; K) AppleWebKit/537.36 (KHTML, like Gecko) Chrome/135.0.0.0 Mobile Safari/537.36"
202.47.34.192 - - [28/Apr/2025:09:34:20 -0400] "GET /wp-content/plugins/pro-elements/assets/js/form.a8f0864f4b4fda696ad1.bundle.min.js HTTP/1.1" 304 0 "https://learningladder.academy/about-us/" "Mozilla/5.0 (Linux; Android 10; K) AppleWebKit/537.36 (KHTML, like Gecko) Chrome/135.0.0.0 Mobile Safari/537.36"
202.47.34.192 - - [28/Apr/2025:09:34:20 -0400] "GET /wp-content/plugins/pro-elements/assets/js/popup.f7b15b2ca565b152bf98.bundle.min.js HTTP/1.1" 304 0 "https://learningladder.academy/about-us/" "Mozilla/5.0 (Linux; Android 10; K) AppleWebKit/537.36 (KHTML, like Gecko) Chrome/135.0.0.0 Mobile Safari/537.36"
110.40.186.63 - - [28/Apr/2025:09:48:38 -0400] "GET / HTTP/1.1" 200 34334 "http://learningladder.academy" "Mozilla/5.0 (iPhone; CPU iPhone OS 13_2_3 like Mac OS X) AppleWebKit/605.1.15 (KHTML, like Gecko) Version/13.0.3 Mobile/15E148 Safari/604.1"
66.29.132.124 - - [28/Apr/2025:09:58:43 -0400] "POST /wp-cron.php?doing_wp_cron=1745848723.3930809497833251953125 HTTP/1.1" 200 0 "-" "WordPress/6.8; https://learningladder.academy"
20.171.207.66 - - [28/Apr/2025:09:58:33 -0400] "GET /wp-json/elementskit/v1/ HTTP/1.1" 404 114 "-" "Mozilla/5.0 AppleWebKit/537.36 (KHTML, like Gecko; compatible; GPTBot/1.2; +https://openai.com/gptbot)"
66.29.132.124 - - [28/Apr/2025:09:58:45 -0400] "POST /wp-admin/admin-ajax.php?action=async_litespeed&nonce=Vj2bIQLEl7Q2d9TzEBlNMzFIGsSMPkmy&litespeed_type=imgoptm HTTP/1.1" 200 0 "-" "WordPress/6.8; https://learningladder.academy"
20.171.207.66 - - [28/Apr/2025:09:58:45 -0400] "GET /wp-content/uploads/2024/08/Untitled_design_-_2024-09-28T134323.355-removebg-preview.png%20300w,%20https:/learningladder.academy/wp-content/uploads/2024/08/Untitled_design_-_2024-09-28T134323.355-removebg-preview-150x150.png%20150w HTTP/1.1" 404 18912 "-" "Mozilla/5.0 AppleWebKit/537.36 (KHTML, like Gecko; compatible; GPTBot/1.2; +https://openai.com/gptbot)"
66.29.132.124 - - [28/Apr/2025:09:58:52 -0400] "POST /wp-cron.php?doing_wp_cron=1745848731.9721000194549560546875 HTTP/1.1" 200 0 "-" "WordPress/6.8; https://learningladder.academy"
20.171.207.66 - - [28/Apr/2025:09:58:51 -0400] "GET /wp-content/uploads/2024/08/stem_installations1-150x150.jpg%20150w,%20https:/learningladder.academy/wp-content/uploads/2024/08/elementor/thumbs/stem_installations1-qtdkgax019izrx73cyttwzhmy07a3fdcrhhldot2ns.jpg%20300w HTTP/1.1" 404 18920 "-" "Mozilla/5.0 AppleWebKit/537.36 (KHTML, like Gecko; compatible; GPTBot/1.2; +https://openai.com/gptbot)"
20.171.207.66 - - [28/Apr/2025:10:04:44 -0400] "GET /wp-json/elementskit/v1/ HTTP/1.1" 404 114 "-" "Mozilla/5.0 AppleWebKit/537.36 (KHTML, like Gecko; compatible; GPTBot/1.2; +https://openai.com/gptbot)"
20.171.207.66 - - [28/Apr/2025:10:04:45 -0400] "GET /wp-content/uploads/2024/08/Untitled_design_-_2024-09-28T134323.355-removebg-preview.png%20300w,%20https:/learningladder.academy/wp-content/uploads/2024/08/Untitled_design_-_2024-09-28T134323.355-removebg-preview-150x150.png%20150w HTTP/1.1" 404 18912 "-" "Mozilla/5.0 AppleWebKit/537.36 (KHTML, like Gecko; compatible; GPTBot/1.2; +https://openai.com/gptbot)"
20.171.207.66 - - [28/Apr/2025:10:04:50 -0400] "GET /wp-content/uploads/2024/08/stem_installations1-150x150.jpg%20150w,%20https:/learningladder.academy/wp-content/uploads/2024/08/elementor/thumbs/stem_installations1-qtdkgax019izrx73cyttwzhmy07a3fdcrhhldot2ns.jpg%20300w HTTP/1.1" 404 18920 "-" "Mozilla/5.0 AppleWebKit/537.36 (KHTML, like Gecko; compatible; GPTBot/1.2; +https://openai.com/gptbot)"
20.171.207.66 - - [28/Apr/2025:10:04:51 -0400] "GET /wp-json/elementskit/v1/ HTTP/1.1" 404 114 "-" "Mozilla/5.0 AppleWebKit/537.36 (KHTML, like Gecko; compatible; GPTBot/1.2; +https://openai.com/gptbot)"
20.171.207.66 - - [28/Apr/2025:10:05:46 -0400] "GET /wp-includes/js/imgareaselect/ HTTP/1.1" 403 1242 "-" "Mozilla/5.0 AppleWebKit/537.36 (KHTML, like Gecko; compatible; GPTBot/1.2; +https://openai.com/gptbot)"
24.206.82.74 - - [28/Apr/2025:10:39:01 -0400] "GET /enrollment/ HTTP/1.1" 200 24575 "https://www.bing.com/" "Mozilla/5.0 (Windows NT 10.0; Win64; x64) AppleWebKit/537.36 (KHTML, like Gecko) Chrome/135.0.0.0 Safari/537.36 Edg/135.0.0.0"
24.206.82.74 - - [28/Apr/2025:10:39:03 -0400] "GET /wp-content/uploads/elementor/css/post-255.css?ver=1744797920 HTTP/1.1" 200 1524 "https://learningladder.academy/enrollment/" "Mozilla/5.0 (Windows NT 10.0; Win64; x64) AppleWebKit/537.36 (KHTML, like Gecko) Chrome/135.0.0.0 Safari/537.36 Edg/135.0.0.0"
24.206.82.74 - - [28/Apr/2025:10:39:03 -0400] "GET /wp-content/uploads/elementor/css/post-284.css?ver=1744797921 HTTP/1.1" 200 1412 "https://learningladder.academy/enrollment/" "Mozilla/5.0 (Windows NT 10.0; Win64; x64) AppleWebKit/537.36 (KHTML, like Gecko) Chrome/135.0.0.0 Safari/537.36 Edg/135.0.0.0"
24.206.82.74 - - [28/Apr/2025:10:39:03 -0400] "GET /wp-content/themes/hello-elementor/style.min.css?ver=3.3.0 HTTP/1.1" 200 1591 "https://learningladder.academy/enrollment/" "Mozilla/5.0 (Windows NT 10.0; Win64; x64) AppleWebKit/537.36 (KHTML, like Gecko) Chrome/135.0.0.0 Safari/537.36 Edg/135.0.0.0"
24.206.82.74 - - [28/Apr/2025:10:39:03 -0400] "GET /wp-content/plugins/elementor/assets/lib/animations/styles/fadeIn.min.css?ver=3.28.4 HTTP/1.1" 200 77 "https://learningladder.academy/enrollment/" "Mozilla/5.0 (Windows NT 10.0; Win64; x64) AppleWebKit/537.36 (KHTML, like Gecko) Chrome/135.0.0.0 Safari/537.36 Edg/135.0.0.0"
24.206.82.74 - - [28/Apr/2025:10:39:03 -0400] "GET /wp-content/plugins/elementor/assets/css/widget-heading.min.css?ver=3.28.4 HTTP/1.1" 200 154 "https://learningladder.academy/enrollment/" "Mozilla/5.0 (Windows NT 10.0; Win64; x64) AppleWebKit/537.36 (KHTML, like Gecko) Chrome/135.0.0.0 Safari/537.36 Edg/135.0.0.0"
24.206.82.74 - - [28/Apr/2025:10:39:03 -0400] "GET /wp-content/plugins/pro-elements/assets/css/conditionals/popup.min.css?ver=3.25.5 HTTP/1.1" 200 328 "https://learningladder.academy/enrollment/" "Mozilla/5.0 (Windows NT 10.0; Win64; x64) AppleWebKit/537.36 (KHTML, like Gecko) Chrome/135.0.0.0 Safari/537.36 Edg/135.0.0.0"
24.206.82.74 - - [28/Apr/2025:10:39:03 -0400] "GET /wp-content/uploads/elementor/css/post-10.css?ver=1744798032 HTTP/1.1" 200 369 "https://learningladder.academy/enrollment/" "Mozilla/5.0 (Windows NT 10.0; Win64; x64) AppleWebKit/537.36 (KHTML, like Gecko) Chrome/135.0.0.0 Safari/537.36 Edg/135.0.0.0"
24.206.82.74 - - [28/Apr/2025:10:39:03 -0400] "GET /wp-content/uploads/elementor/google-fonts/css/palanquindark.css?ver=1742299995 HTTP/1.1" 200 516 "https://learningladder.academy/enrollment/" "Mozilla/5.0 (Windows NT 10.0; Win64; x64) AppleWebKit/537.36 (KHTML, like Gecko) Chrome/135.0.0.0 Safari/537.36 Edg/135.0.0.0"
24.206.82.74 - - [28/Apr/2025:10:39:04 -0400] "GET /wp-content/plugins/elementskit-lite/widgets/init/assets/css/responsive.css?ver=3.5.0 HTTP/1.1" 200 2859 "https://learningladder.academy/enrollment/" "Mozilla/5.0 (Windows NT 10.0; Win64; x64) AppleWebKit/537.36 (KHTML, like Gecko) Chrome/135.0.0.0 Safari/537.36 Edg/135.0.0.0"
24.206.82.74 - - [28/Apr/2025:10:39:04 -0400] "GET /wp-content/uploads/elementor/css/post-343.css?ver=1744868934 HTTP/1.1" 200 3875 "https://learningladder.academy/enrollment/" "Mozilla/5.0 (Windows NT 10.0; Win64; x64) AppleWebKit/537.36 (KHTML, like Gecko) Chrome/135.0.0.0 Safari/537.36 Edg/135.0.0.0"
24.206.82.74 - - [28/Apr/2025:10:39:04 -0400] "GET /wp-content/uploads/elementor/google-fonts/css/montserrat.css?ver=1742299940 HTTP/1.1" 200 754 "https://learningladder.academy/enrollment/" "Mozilla/5.0 (Windows NT 10.0; Win64; x64) AppleWebKit/537.36 (KHTML, like Gecko) Chrome/135.0.0.0 Safari/537.36 Edg/135.0.0.0"
24.206.82.74 - - [28/Apr/2025:10:39:04 -0400] "GET /wp-content/uploads/elementor/google-fonts/css/roboto.css?ver=1742299980 HTTP/1.1" 200 1874 "https://learningladder.academy/enrollment/" "Mozilla/5.0 (Windows NT 10.0; Win64; x64) AppleWebKit/537.36 (KHTML, like Gecko) Chrome/135.0.0.0 Safari/537.36 Edg/135.0.0.0"
24.206.82.74 - - [28/Apr/2025:10:39:04 -0400] "GET /wp-content/uploads/elementor/google-fonts/css/robotoslab.css?ver=1742299992 HTTP/1.1" 200 712 "https://learningladder.academy/enrollment/" "Mozilla/5.0 (Windows NT 10.0; Win64; x64) AppleWebKit/537.36 (KHTML, like Gecko) Chrome/135.0.0.0 Safari/537.36 Edg/135.0.0.0"
24.206.82.74 - - [28/Apr/2025:10:39:04 -0400] "GET /wp-content/plugins/elementskit-lite/modules/elementskit-icon-pack/assets/css/ekiticons.css?ver=3.5.0 HTTP/1.1" 200 11776 "https://learningladder.academy/enrollment/" "Mozilla/5.0 (Windows NT 10.0; Win64; x64) AppleWebKit/537.36 (KHTML, like Gecko) Chrome/135.0.0.0 Safari/537.36 Edg/135.0.0.0"
24.206.82.74 - - [28/Apr/2025:10:39:04 -0400] "GET /wp-content/plugins/elementskit-lite/widgets/init/assets/css/widget-styles.css?ver=3.5.0 HTTP/1.1" 200 48223 "https://learningladder.academy/enrollment/" "Mozilla/5.0 (Windows NT 10.0; Win64; x64) AppleWebKit/537.36 (KHTML, like Gecko) Chrome/135.0.0.0 Safari/537.36 Edg/135.0.0.0"
24.206.82.74 - - [28/Apr/2025:10:39:04 -0400] "GET /wp-content/themes/hello-elementor/theme.min.css?ver=3.3.0 HTTP/1.1" 200 1131 "https://learningladder.academy/enrollment/" "Mozilla/5.0 (Windows NT 10.0; Win64; x64) AppleWebKit/537.36 (KHTML, like Gecko) Chrome/135.0.0.0 Safari/537.36 Edg/135.0.0.0"
24.206.82.74 - - [28/Apr/2025:10:39:04 -0400] "GET /wp-content/uploads/elementor/google-fonts/css/palanquin.css?ver=1742299946 HTTP/1.1" 200 576 "https://learningladder.academy/enrollment/" "Mozilla/5.0 (Windows NT 10.0; Win64; x64) AppleWebKit/537.36 (KHTML, like Gecko) Chrome/135.0.0.0 Safari/537.36 Edg/135.0.0.0"
24.206.82.74 - - [28/Apr/2025:10:39:04 -0400] "GET /wp-content/themes/hello-elementor/header-footer.min.css?ver=3.3.0 HTTP/1.1" 200 1292 "https://learningladder.academy/enrollment/" "Mozilla/5.0 (Windows NT 10.0; Win64; x64) AppleWebKit/537.36 (KHTML, like Gecko) Chrome/135.0.0.0 Safari/537.36 Edg/135.0.0.0"
24.206.82.74 - - [28/Apr/2025:10:39:04 -0400] "GET /wp-content/plugins/elementor/assets/lib/animations/styles/e-animation-float.min.css?ver=3.28.4 HTTP/1.1" 200 244 "https://learningladder.academy/enrollment/" "Mozilla/5.0 (Windows NT 10.0; Win64; x64) AppleWebKit/537.36 (KHTML, like Gecko) Chrome/135.0.0.0 Safari/537.36 Edg/135.0.0.0"
24.206.82.74 - - [28/Apr/2025:10:39:04 -0400] "GET /wp-content/plugins/pro-elements/assets/css/widget-form.min.css?ver=3.25.5 HTTP/1.1" 200 1404 "https://learningladder.academy/enrollment/" "Mozilla/5.0 (Windows NT 10.0; Win64; x64) AppleWebKit/537.36 (KHTML, like Gecko) Chrome/135.0.0.0 Safari/537.36 Edg/135.0.0.0"
24.206.82.74 - - [28/Apr/2025:10:39:04 -0400] "GET /wp-content/plugins/elementor/assets/lib/animations/styles/e-animation-hang.min.css?ver=3.28.4 HTTP/1.1" 200 217 "https://learningladder.academy/enrollment/" "Mozilla/5.0 (Windows NT 10.0; Win64; x64) AppleWebKit/537.36 (KHTML, like Gecko) Chrome/135.0.0.0 Safari/537.36 Edg/135.0.0.0"
24.206.82.74 - - [28/Apr/2025:10:39:04 -0400] "GET /wp-content/plugins/elementor/assets/css/widget-divider.min.css?ver=3.28.4 HTTP/1.1" 200 707 "https://learningladder.academy/enrollment/" "Mozilla/5.0 (Windows NT 10.0; Win64; x64) AppleWebKit/537.36 (KHTML, like Gecko) Chrome/135.0.0.0 Safari/537.36 Edg/135.0.0.0"
24.206.82.74 - - [28/Apr/2025:10:39:04 -0400] "GET /wp-content/plugins/elementor/assets/lib/animations/styles/fadeInLeft.min.css?ver=3.28.4 HTTP/1.1" 200 137 "https://learningladder.academy/enrollment/" "Mozilla/5.0 (Windows NT 10.0; Win64; x64) AppleWebKit/537.36 (KHTML, like Gecko) Chrome/135.0.0.0 Safari/537.36 Edg/135.0.0.0"
24.206.82.74 - - [28/Apr/2025:10:39:04 -0400] "GET /wp-content/plugins/elementor/assets/lib/animations/styles/fadeInDown.min.css?ver=3.28.4 HTTP/1.1" 200 137 "https://learningladder.academy/enrollment/" "Mozilla/5.0 (Windows NT 10.0; Win64; x64) AppleWebKit/537.36 (KHTML, like Gecko) Chrome/135.0.0.0 Safari/537.36 Edg/135.0.0.0"
24.206.82.74 - - [28/Apr/2025:10:39:04 -0400] "GET /wp-includes/js/jquery/jquery-migrate.min.js?ver=3.4.1 HTTP/1.1" 200 4678 "https://learningladder.academy/enrollment/" "Mozilla/5.0 (Windows NT 10.0; Win64; x64) AppleWebKit/537.36 (KHTML, like Gecko) Chrome/135.0.0.0 Safari/537.36 Edg/135.0.0.0"
24.206.82.74 - - [28/Apr/2025:10:39:04 -0400] "GET /wp-includes/js/jquery/jquery.min.js?ver=3.7.1 HTTP/1.1" 200 29744 "https://learningladder.academy/enrollment/" "Mozilla/5.0 (Windows NT 10.0; Win64; x64) AppleWebKit/537.36 (KHTML, like Gecko) Chrome/135.0.0.0 Safari/537.36 Edg/135.0.0.0"
24.206.82.74 - - [28/Apr/2025:10:39:04 -0400] "GET /wp-content/uploads/2024/08/Untitled_design_-_2024-09-28T134323.355-removebg-preview.png HTTP/1.1" 200 70064 "https://learningladder.academy/enrollment/" "Mozilla/5.0 (Windows NT 10.0; Win64; x64) AppleWebKit/537.36 (KHTML, like Gecko) Chrome/135.0.0.0 Safari/537.36 Edg/135.0.0.0"
24.206.82.74 - - [28/Apr/2025:10:39:05 -0400] "GET /wp-content/plugins/elementor/assets/css/frontend.min.css?ver=3.28.4 HTTP/1.1" 200 6453 "https://learningladder.academy/enrollment/" "Mozilla/5.0 (Windows NT 10.0; Win64; x64) AppleWebKit/537.36 (KHTML, like Gecko) Chrome/135.0.0.0 Safari/537.36 Edg/135.0.0.0"
24.206.82.74 - - [28/Apr/2025:10:39:05 -0400] "GET /wp-content/uploads/2024/08/stem_student3-150x150.jpg HTTP/1.1" 200 11055 "https://learningladder.academy/enrollment/" "Mozilla/5.0 (Windows NT 10.0; Win64; x64) AppleWebKit/537.36 (KHTML, like Gecko) Chrome/135.0.0.0 Safari/537.36 Edg/135.0.0.0"
24.206.82.74 - - [28/Apr/2025:10:39:05 -0400] "GET /wp-content/uploads/2024/08/stem_installations1-150x150.jpg HTTP/1.1" 200 12048 "https://learningladder.academy/enrollment/" "Mozilla/5.0 (Windows NT 10.0; Win64; x64) AppleWebKit/537.36 (KHTML, like Gecko) Chrome/135.0.0.0 Safari/537.36 Edg/135.0.0.0"
24.206.82.74 - - [28/Apr/2025:10:39:07 -0400] "GET /wp-content/uploads/2024/08/stem_students6-150x150.jpg HTTP/1.1" 200 9135 "https://learningladder.academy/enrollment/" "Mozilla/5.0 (Windows NT 10.0; Win64; x64) AppleWebKit/537.36 (KHTML, like Gecko) Chrome/135.0.0.0 Safari/537.36 Edg/135.0.0.0"
24.206.82.74 - - [28/Apr/2025:10:39:07 -0400] "GET /wp-content/uploads/2024/08/stem_student-150x150.jpg HTTP/1.1" 200 10242 "https://learningladder.academy/enrollment/" "Mozilla/5.0 (Windows NT 10.0; Win64; x64) AppleWebKit/537.36 (KHTML, like Gecko) Chrome/135.0.0.0 Safari/537.36 Edg/135.0.0.0"
24.206.82.74 - - [28/Apr/2025:10:39:07 -0400] "GET /wp-content/plugins/elementor/assets/css/widget-image.min.css?ver=3.28.4 HTTP/1.1" 200 254 "https://learningladder.academy/enrollment/" "Mozilla/5.0 (Windows NT 10.0; Win64; x64) AppleWebKit/537.36 (KHTML, like Gecko) Chrome/135.0.0.0 Safari/537.36 Edg/135.0.0.0"
24.206.82.74 - - [28/Apr/2025:10:39:07 -0400] "GET /wp-content/plugins/elementor/assets/css/widget-social-icons.min.css?ver=3.28.4 HTTP/1.1" 200 1069 "https://learningladder.academy/enrollment/" "Mozilla/5.0 (Windows NT 10.0; Win64; x64) AppleWebKit/537.36 (KHTML, like Gecko) Chrome/135.0.0.0 Safari/537.36 Edg/135.0.0.0"
24.206.82.74 - - [28/Apr/2025:10:39:07 -0400] "GET /wp-content/plugins/elementor/assets/css/widget-icon-list.min.css?ver=3.28.4 HTTP/1.1" 200 957 "https://learningladder.academy/enrollment/" "Mozilla/5.0 (Windows NT 10.0; Win64; x64) AppleWebKit/537.36 (KHTML, like Gecko) Chrome/135.0.0.0 Safari/537.36 Edg/135.0.0.0"
24.206.82.74 - - [28/Apr/2025:10:39:07 -0400] "GET /wp-content/plugins/elementor/assets/css/conditionals/apple-webkit.min.css?ver=3.28.4 HTTP/1.1" 200 472 "https://learningladder.academy/enrollment/" "Mozilla/5.0 (Windows NT 10.0; Win64; x64) AppleWebKit/537.36 (KHTML, like Gecko) Chrome/135.0.0.0 Safari/537.36 Edg/135.0.0.0"
24.206.82.74 - - [28/Apr/2025:10:39:07 -0400] "GET /wp-content/plugins/pro-elements/assets/css/widget-nav-menu.min.css?ver=3.25.5 HTTP/1.1" 200 3142 "https://learningladder.academy/enrollment/" "Mozilla/5.0 (Windows NT 10.0; Win64; x64) AppleWebKit/537.36 (KHTML, like Gecko) Chrome/135.0.0.0 Safari/537.36 Edg/135.0.0.0"
24.206.82.74 - - [28/Apr/2025:10:39:07 -0400] "GET /wp-content/plugins/elementor/assets/lib/swiper/v8/css/swiper.min.css?ver=8.4.5 HTTP/1.1" 200 4248 "https://learningladder.academy/enrollment/" "Mozilla/5.0 (Windows NT 10.0; Win64; x64) AppleWebKit/537.36 (KHTML, like Gecko) Chrome/135.0.0.0 Safari/537.36 Edg/135.0.0.0"
24.206.82.74 - - [28/Apr/2025:10:39:07 -0400] "GET /wp-content/plugins/elementor/assets/css/widget-image-gallery.min.css?ver=3.28.4 HTTP/1.1" 200 300 "https://learningladder.academy/enrollment/" "Mozilla/5.0 (Windows NT 10.0; Win64; x64) AppleWebKit/537.36 (KHTML, like Gecko) Chrome/135.0.0.0 Safari/537.36 Edg/135.0.0.0"
24.206.82.74 - - [28/Apr/2025:10:39:07 -0400] "GET /wp-content/plugins/elementor/assets/css/conditionals/e-swiper.min.css?ver=3.28.4 HTTP/1.1" 200 699 "https://learningladder.academy/enrollment/" "Mozilla/5.0 (Windows NT 10.0; Win64; x64) AppleWebKit/537.36 (KHTML, like Gecko) Chrome/135.0.0.0 Safari/537.36 Edg/135.0.0.0"
24.206.82.74 - - [28/Apr/2025:10:39:07 -0400] "GET /wp-content/plugins/brave-popup-builder/assets/css/frontend.min.css?ver=6.8 HTTP/1.1" 200 7994 "https://learningladder.academy/enrollment/" "Mozilla/5.0 (Windows NT 10.0; Win64; x64) AppleWebKit/537.36 (KHTML, like Gecko) Chrome/135.0.0.0 Safari/537.36 Edg/135.0.0.0"
24.206.82.74 - - [28/Apr/2025:10:39:07 -0400] "GET /wp-content/themes/hello-elementor/assets/js/hello-frontend.min.js?ver=3.3.0 HTTP/1.1" 200 548 "https://learningladder.academy/enrollment/" "Mozilla/5.0 (Windows NT 10.0; Win64; x64) AppleWebKit/537.36 (KHTML, like Gecko) Chrome/135.0.0.0 Safari/537.36 Edg/135.0.0.0"
24.206.82.74 - - [28/Apr/2025:10:39:07 -0400] "GET /wp-content/plugins/elementskit-lite/libs/framework/assets/js/frontend-script.js?ver=3.5.0 HTTP/1.1" 200 40 "https://learningladder.academy/enrollment/" "Mozilla/5.0 (Windows NT 10.0; Win64; x64) AppleWebKit/537.36 (KHTML, like Gecko) Chrome/135.0.0.0 Safari/537.36 Edg/135.0.0.0"
24.206.82.74 - - [28/Apr/2025:10:39:07 -0400] "GET /wp-content/plugins/elementskit-lite/widgets/init/assets/js/widget-scripts.js?ver=3.5.0 HTTP/1.1" 200 40425 "https://learningladder.academy/enrollment/" "Mozilla/5.0 (Windows NT 10.0; Win64; x64) AppleWebKit/537.36 (KHTML, like Gecko) Chrome/135.0.0.0 Safari/537.36 Edg/135.0.0.0"
24.206.82.74 - - [28/Apr/2025:10:39:07 -0400] "GET /wp-content/plugins/pro-elements/assets/lib/smartmenus/jquery.smartmenus.min.js?ver=1.2.1 HTTP/1.1" 200 6867 "https://learningladder.academy/enrollment/" "Mozilla/5.0 (Windows NT 10.0; Win64; x64) AppleWebKit/537.36 (KHTML, like Gecko) Chrome/135.0.0.0 Safari/537.36 Edg/135.0.0.0"
24.206.82.74 - - [28/Apr/2025:10:39:07 -0400] "GET /wp-content/plugins/pro-elements/assets/lib/sticky/jquery.sticky.min.js?ver=3.25.5 HTTP/1.1" 200 1442 "https://learningladder.academy/enrollment/" "Mozilla/5.0 (Windows NT 10.0; Win64; x64) AppleWebKit/537.36 (KHTML, like Gecko) Chrome/135.0.0.0 Safari/537.36 Edg/135.0.0.0"
24.206.82.74 - - [28/Apr/2025:10:39:08 -0400] "GET /wp-content/plugins/brave-popup-builder/assets/frontend/brave.js?ver=6.8 HTTP/1.1" 200 23854 "https://learningladder.academy/enrollment/" "Mozilla/5.0 (Windows NT 10.0; Win64; x64) AppleWebKit/537.36 (KHTML, like Gecko) Chrome/135.0.0.0 Safari/537.36 Edg/135.0.0.0"
24.206.82.74 - - [28/Apr/2025:10:39:08 -0400] "GET /wp-content/plugins/elementor/assets/lib/swiper/v8/swiper.min.js?ver=8.4.5 HTTP/1.1" 200 38152 "https://learningladder.academy/enrollment/" "Mozilla/5.0 (Windows NT 10.0; Win64; x64) AppleWebKit/537.36 (KHTML, like Gecko) Chrome/135.0.0.0 Safari/537.36 Edg/135.0.0.0"
24.206.82.74 - - [28/Apr/2025:10:39:08 -0400] "GET /wp-content/plugins/pro-elements/assets/js/webpack-pro.runtime.min.js?ver=3.25.5 HTTP/1.1" 200 2629 "https://learningladder.academy/enrollment/" "Mozilla/5.0 (Windows NT 10.0; Win64; x64) AppleWebKit/537.36 (KHTML, like Gecko) Chrome/135.0.0.0 Safari/537.36 Edg/135.0.0.0"
24.206.82.74 - - [28/Apr/2025:10:39:08 -0400] "GET /wp-content/plugins/elementor/assets/js/webpack.runtime.min.js?ver=3.28.4 HTTP/1.1" 200 2228 "https://learningladder.academy/enrollment/" "Mozilla/5.0 (Windows NT 10.0; Win64; x64) AppleWebKit/537.36 (KHTML, like Gecko) Chrome/135.0.0.0 Safari/537.36 Edg/135.0.0.0"
24.206.82.74 - - [28/Apr/2025:10:39:08 -0400] "GET /wp-content/plugins/elementor/assets/js/frontend-modules.min.js?ver=3.28.4 HTTP/1.1" 200 14421 "https://learningladder.academy/enrollment/" "Mozilla/5.0 (Windows NT 10.0; Win64; x64) AppleWebKit/537.36 (KHTML, like Gecko) Chrome/135.0.0.0 Safari/537.36 Edg/135.0.0.0"
24.206.82.74 - - [28/Apr/2025:10:39:08 -0400] "GET /wp-includes/js/dist/hooks.min.js?ver=4d63a3d491d11ffd8ac6 HTTP/1.1" 200 1571 "https://learningladder.academy/enrollment/" "Mozilla/5.0 (Windows NT 10.0; Win64; x64) AppleWebKit/537.36 (KHTML, like Gecko) Chrome/135.0.0.0 Safari/537.36 Edg/135.0.0.0"
24.206.82.74 - - [28/Apr/2025:10:39:08 -0400] "GET /wp-includes/js/dist/i18n.min.js?ver=5e580eb46a90c2b997e6 HTTP/1.1" 200 3542 "https://learningladder.academy/enrollment/" "Mozilla/5.0 (Windows NT 10.0; Win64; x64) AppleWebKit/537.36 (KHTML, like Gecko) Chrome/135.0.0.0 Safari/537.36 Edg/135.0.0.0"
24.206.82.74 - - [28/Apr/2025:10:39:08 -0400] "GET /wp-content/plugins/pro-elements/assets/js/frontend.min.js?ver=3.25.5 HTTP/1.1" 200 6449 "https://learningladder.academy/enrollment/" "Mozilla/5.0 (Windows NT 10.0; Win64; x64) AppleWebKit/537.36 (KHTML, like Gecko) Chrome/135.0.0.0 Safari/537.36 Edg/135.0.0.0"
