OwlCyberSecurity - MANAGER
Edit File: learningladder.academy.arsn.media-ssl_log
66.29.132.124 - - [28/Apr/2025:03:47:20 -0400] "POST /wp-cron.php?doing_wp_cron=1745826440.4024670124053955078125 HTTP/1.1" 200 0 "-" "WordPress/6.8; https://learningladder.academy"
66.29.132.124 - - [28/Apr/2025:03:47:20 -0400] "POST /wp-cron.php?doing_wp_cron=1745826440.4036219120025634765625 HTTP/1.1" 200 0 "-" "WordPress/6.8; https://learningladder.academy"
46.226.10.70 - - [28/Apr/2025:03:47:14 -0400] "POST /xmlrpc.php HTTP/1.1" 200 403 "-" "Mozilla/5.0 (Windows NT 10.0; Win64; x64) AppleWebKit/537.36 (KHTML, like Gecko) Chrome/83.0.4103.116 Safari/537.36"
5.9.157.246 - - [28/Apr/2025:03:47:13 -0400] "POST /xmlrpc.php HTTP/1.1" 200 403 "-" "Mozilla/5.0 (Linux; Android 10; SM-G960U) AppleWebKit/537.36 (KHTML, like Gecko) Chrome/91.0.4472.114 Mobile Safari/537.36"
66.29.132.124 - - [28/Apr/2025:03:47:21 -0400] "POST /wp-admin/admin-ajax.php?action=async_litespeed&nonce=q3h6oG7hyn9aYQRb71K5SMlhNhWJfXQ1&litespeed_type=imgoptm HTTP/1.1" 200 0 "-" "WordPress/6.8; https://learningladder.academy"
5.9.157.246 - - [28/Apr/2025:03:47:28 -0400] "POST /xmlrpc.php HTTP/1.1" 200 403 "-" "Mozilla/5.0 (Windows NT 10.0; Win64; x64) AppleWebKit/537.36 (KHTML, like Gecko) Chrome/90.0.4430.212 Safari/537.36"
78.157.38.73 - - [28/Apr/2025:03:47:29 -0400] "POST /xmlrpc.php HTTP/1.1" 200 403 "-" "Mozilla/5.0 (Windows NT 10.0; Win64; x64) AppleWebKit/537.36 (KHTML, like Gecko) Chrome/85.0.4183.121 Safari/537.36"
62.116.200.98 - - [28/Apr/2025:03:47:31 -0400] "POST /xmlrpc.php HTTP/1.1" 200 403 "-" "Mozilla/5.0 (Windows NT 10.0; Win64; x64) AppleWebKit/537.36 (KHTML, like Gecko) Chrome/87.0.4280.88 Safari/537.36"
66.29.132.124 - - [28/Apr/2025:03:47:36 -0400] "POST /wp-cron.php?doing_wp_cron=1745826456.1526730060577392578125 HTTP/1.1" 200 0 "-" "WordPress/6.8; https://learningladder.academy"
207.38.87.177 - - [28/Apr/2025:03:47:35 -0400] "POST /xmlrpc.php HTTP/1.1" 200 403 "-" "Mozilla/5.0 (Windows NT 10.0; Win64; x64) AppleWebKit/537.36 (KHTML, like Gecko) Chrome/67.0.3396.99 Safari/537.36"
208.98.35.233 - - [28/Apr/2025:03:47:36 -0400] "POST /xmlrpc.php HTTP/1.1" 200 403 "-" "Mozilla/5.0 (Windows; U; Windows NT 5.1; en-US; rv:1.7.10) Gecko/20050716 Firefox/1.0.6"
207.38.87.177 - - [28/Apr/2025:03:47:37 -0400] "POST /xmlrpc.php HTTP/1.1" 200 403 "-" "Mozilla/5.0 (Windows NT 10.0) AppleWebKit/537.36 (KHTML, like Gecko) Chrome/72.0.3626.121 Safari/537.36"
162.55.233.168 - - [28/Apr/2025:03:47:42 -0400] "POST /xmlrpc.php HTTP/1.1" 200 403 "-" "Mozilla/5.0 (Windows NT 10.0) AppleWebKit/537.36 (KHTML, like Gecko) Chrome/72.0.3626.121 Safari/537.36"
5.9.157.246 - - [28/Apr/2025:03:47:42 -0400] "POST /xmlrpc.php HTTP/1.1" 200 403 "-" "Mozilla/5.0 (Windows NT 10.0; Win64; x64) AppleWebKit/537.36 (KHTML, like Gecko) Chrome/74.0.3729.157 Safari/537.36"
77.156.227.220 - - [28/Apr/2025:03:47:45 -0400] "POST /xmlrpc.php HTTP/1.1" 200 403 "-" "Mozilla/5.0 (Windows NT 10.0; Win64; x64; rv:57.0) Gecko/20100101 Firefox/57.0"
88.99.105.11 - - [28/Apr/2025:03:47:48 -0400] "POST /xmlrpc.php HTTP/1.1" 200 403 "-" "Mozilla/5.0 (Windows NT 10.0; Win64; x64) AppleWebKit/537.36 (KHTML, like Gecko) Chrome/88.0.4324.190 Safari/537.36"
46.226.10.70 - - [28/Apr/2025:03:47:52 -0400] "POST /xmlrpc.php HTTP/1.1" 200 403 "-" "Mozilla/5.0 (X11; Linux x86_64) AppleWebKit/537.36 (KHTML, like Gecko) Chrome/91.0.4472.114 Safari/537.36"
66.29.132.124 - - [28/Apr/2025:03:48:11 -0400] "POST /wp-cron.php?doing_wp_cron=1745826491.2561430931091308593750 HTTP/1.1" 200 0 "-" "WordPress/6.8; https://learningladder.academy"
20.171.207.66 - - [28/Apr/2025:03:48:10 -0400] "GET /xmlrpc.php HTTP/1.1" 405 46 "-" "Mozilla/5.0 AppleWebKit/537.36 (KHTML, like Gecko; compatible; GPTBot/1.2; +https://openai.com/gptbot)"
66.29.132.124 - - [28/Apr/2025:03:48:13 -0400] "POST /wp-admin/admin-ajax.php?action=async_litespeed&nonce=zCRHlKVcOQtn41rBIiFXmfwduQl9WX8v&litespeed_type=imgoptm HTTP/1.1" 200 0 "-" "WordPress/6.8; https://learningladder.academy"
20.171.207.66 - - [28/Apr/2025:03:50:46 -0400] "GET /wp-content/uploads/2024/08/Untitled_design_-_2024-09-28T134323.355-removebg-preview.png%20300w,%20https:/learningladder.academy/wp-content/uploads/2024/08/Untitled_design_-_2024-09-28T134323.355-removebg-preview-150x150.png%20150w HTTP/1.1" 404 18918 "-" "Mozilla/5.0 AppleWebKit/537.36 (KHTML, like Gecko; compatible; GPTBot/1.2; +https://openai.com/gptbot)"
20.171.207.66 - - [28/Apr/2025:03:50:48 -0400] "GET /wp-content/uploads/2024/08/stem_installations1-150x150.jpg%20150w,%20https:/learningladder.academy/wp-content/uploads/2024/08/elementor/thumbs/stem_installations1-qtdkgax019izrx73cyttwzhmy07a3fdcrhhldot2ns.jpg%20300w HTTP/1.1" 404 18918 "-" "Mozilla/5.0 AppleWebKit/537.36 (KHTML, like Gecko; compatible; GPTBot/1.2; +https://openai.com/gptbot)"
20.171.207.66 - - [28/Apr/2025:03:50:50 -0400] "GET /wp-json/elementskit/v1/ HTTP/1.1" 404 114 "-" "Mozilla/5.0 AppleWebKit/537.36 (KHTML, like Gecko; compatible; GPTBot/1.2; +https://openai.com/gptbot)"
20.171.207.66 - - [28/Apr/2025:03:53:08 -0400] "GET /wp-includes/sodium_compat/src/Core32/SecretStream/ HTTP/1.1" 403 1242 "-" "Mozilla/5.0 AppleWebKit/537.36 (KHTML, like Gecko; compatible; GPTBot/1.2; +https://openai.com/gptbot)"
20.171.207.66 - - [28/Apr/2025:03:54:11 -0400] "GET /wp-content/uploads/2024/08/Untitled_design_-_2024-09-28T134323.355-removebg-preview.png%20300w,%20https:/learningladder.academy/wp-content/uploads/2024/08/Untitled_design_-_2024-09-28T134323.355-removebg-preview-150x150.png%20150w HTTP/1.1" 404 18918 "-" "Mozilla/5.0 AppleWebKit/537.36 (KHTML, like Gecko; compatible; GPTBot/1.2; +https://openai.com/gptbot)"
20.171.207.66 - - [28/Apr/2025:03:54:20 -0400] "GET /wp-content/uploads/2024/08/stem_installations1-150x150.jpg%20150w,%20https:/learningladder.academy/wp-content/uploads/2024/08/elementor/thumbs/stem_installations1-qtdkgax019izrx73cyttwzhmy07a3fdcrhhldot2ns.jpg%20300w HTTP/1.1" 404 18918 "-" "Mozilla/5.0 AppleWebKit/537.36 (KHTML, like Gecko; compatible; GPTBot/1.2; +https://openai.com/gptbot)"
20.171.207.66 - - [28/Apr/2025:03:54:21 -0400] "GET /wp-json/elementskit/v1/ HTTP/1.1" 404 114 "-" "Mozilla/5.0 AppleWebKit/537.36 (KHTML, like Gecko; compatible; GPTBot/1.2; +https://openai.com/gptbot)"
57.141.4.5 - - [28/Apr/2025:03:54:30 -0400] "GET / HTTP/1.1" 200 164706 "-" "meta-externalagent/1.1 (+https://developers.facebook.com/docs/sharing/webmasters/crawler)"
20.171.207.66 - - [28/Apr/2025:03:54:54 -0400] "GET /wp-content/uploads/2024/08/Untitled_design_-_2024-09-28T134323.355-removebg-preview.png%20300w,%20https:/learningladder.academy/wp-content/uploads/2024/08/Untitled_design_-_2024-09-28T134323.355-removebg-preview-150x150.png%20150w HTTP/1.1" 404 18918 "-" "Mozilla/5.0 AppleWebKit/537.36 (KHTML, like Gecko; compatible; GPTBot/1.2; +https://openai.com/gptbot)"
20.171.207.66 - - [28/Apr/2025:03:54:57 -0400] "GET /wp-content/uploads/2024/08/stem_installations1-150x150.jpg%20150w,%20https:/learningladder.academy/wp-content/uploads/2024/08/elementor/thumbs/stem_installations1-qtdkgax019izrx73cyttwzhmy07a3fdcrhhldot2ns.jpg%20300w HTTP/1.1" 404 18918 "-" "Mozilla/5.0 AppleWebKit/537.36 (KHTML, like Gecko; compatible; GPTBot/1.2; +https://openai.com/gptbot)"
20.171.207.66 - - [28/Apr/2025:03:54:59 -0400] "GET /wp-json/elementskit/v1/ HTTP/1.1" 404 114 "-" "Mozilla/5.0 AppleWebKit/537.36 (KHTML, like Gecko; compatible; GPTBot/1.2; +https://openai.com/gptbot)"
20.171.207.66 - - [28/Apr/2025:03:59:23 -0400] "GET /wp-includes/blocks/missing/ HTTP/1.1" 403 1242 "-" "Mozilla/5.0 AppleWebKit/537.36 (KHTML, like Gecko; compatible; GPTBot/1.2; +https://openai.com/gptbot)"
66.249.74.132 - - [28/Apr/2025:03:59:35 -0400] "GET /robots.txt HTTP/1.1" 200 99 "-" "Mozilla/5.0 (compatible; Googlebot/2.1; +http://www.google.com/bot.html)"
66.249.74.133 - - [28/Apr/2025:03:59:55 -0400] "GET /wp-content/uploads/2024/08/stem_student-150x150.jpg HTTP/1.1" 200 10242 "-" "Googlebot-Image/1.0"
20.171.207.66 - - [28/Apr/2025:04:02:35 -0400] "GET /wp-json/elementskit/v1/ HTTP/1.1" 404 114 "-" "Mozilla/5.0 AppleWebKit/537.36 (KHTML, like Gecko; compatible; GPTBot/1.2; +https://openai.com/gptbot)"
20.171.207.66 - - [28/Apr/2025:04:02:38 -0400] "GET /wp-content/uploads/2024/08/stem_installations1-150x150.jpg%20150w,%20https:/learningladder.academy/wp-content/uploads/2024/08/elementor/thumbs/stem_installations1-qtdkgax019izrx73cyttwzhmy07a3fdcrhhldot2ns.jpg%20300w HTTP/1.1" 404 18918 "-" "Mozilla/5.0 AppleWebKit/537.36 (KHTML, like Gecko; compatible; GPTBot/1.2; +https://openai.com/gptbot)"
20.171.207.66 - - [28/Apr/2025:04:02:41 -0400] "GET /wp-content/uploads/2024/08/Untitled_design_-_2024-09-28T134323.355-removebg-preview.png%20300w,%20https:/learningladder.academy/wp-content/uploads/2024/08/Untitled_design_-_2024-09-28T134323.355-removebg-preview-150x150.png%20150w HTTP/1.1" 404 18918 "-" "Mozilla/5.0 AppleWebKit/537.36 (KHTML, like Gecko; compatible; GPTBot/1.2; +https://openai.com/gptbot)"
66.29.132.124 - - [28/Apr/2025:04:05:48 -0400] "POST /wp-cron.php?doing_wp_cron=1745827548.1893498897552490234375 HTTP/1.1" 200 0 "-" "WordPress/6.8; https://learningladder.academy"
66.29.132.124 - - [28/Apr/2025:04:05:50 -0400] "POST /wp-admin/admin-ajax.php?action=async_litespeed&nonce=tTiFkmZiq1hzrhj0jaz6Kk0wzDyL6DFQ&litespeed_type=imgoptm HTTP/1.1" 200 0 "-" "WordPress/6.8; https://learningladder.academy"
57.141.4.12 - - [28/Apr/2025:04:05:37 -0400] "GET /index.html HTTP/1.1" 301 0 "-" "meta-externalagent/1.1 (+https://developers.facebook.com/docs/sharing/webmasters/crawler)"
66.29.132.124 - - [28/Apr/2025:04:05:59 -0400] "POST /wp-cron.php?doing_wp_cron=1745827558.9041650295257568359375 HTTP/1.1" 200 0 "-" "WordPress/6.8; https://learningladder.academy"
57.141.4.16 - - [28/Apr/2025:04:05:58 -0400] "GET /index.html HTTP/1.1" 404 86713 "-" "meta-externalagent/1.1 (+https://developers.facebook.com/docs/sharing/webmasters/crawler)"
20.171.207.66 - - [28/Apr/2025:04:06:49 -0400] "GET /wp-includes/js/dist/vendor/ HTTP/1.1" 403 1242 "-" "Mozilla/5.0 AppleWebKit/537.36 (KHTML, like Gecko; compatible; GPTBot/1.2; +https://openai.com/gptbot)"
20.171.207.66 - - [28/Apr/2025:04:07:41 -0400] "GET /wp-json/elementskit/v1/ HTTP/1.1" 404 114 "-" "Mozilla/5.0 AppleWebKit/537.36 (KHTML, like Gecko; compatible; GPTBot/1.2; +https://openai.com/gptbot)"
20.171.207.66 - - [28/Apr/2025:04:07:44 -0400] "GET /wp-content/uploads/2024/08/stem_installations1-150x150.jpg%20150w,%20https:/learningladder.academy/wp-content/uploads/2024/08/elementor/thumbs/stem_installations1-qtdkgax019izrx73cyttwzhmy07a3fdcrhhldot2ns.jpg%20300w HTTP/1.1" 404 18918 "-" "Mozilla/5.0 AppleWebKit/537.36 (KHTML, like Gecko; compatible; GPTBot/1.2; +https://openai.com/gptbot)"
66.29.132.124 - - [28/Apr/2025:04:07:51 -0400] "POST /wp-cron.php?doing_wp_cron=1745827671.1456310749053955078125 HTTP/1.1" 200 0 "-" "WordPress/6.8; https://learningladder.academy"
20.171.207.66 - - [28/Apr/2025:04:07:52 -0400] "GET /wp-content/uploads/2024/08/Untitled_design_-_2024-09-28T134323.355-removebg-preview.png%20300w,%20https:/learningladder.academy/wp-content/uploads/2024/08/Untitled_design_-_2024-09-28T134323.355-removebg-preview-150x150.png%20150w HTTP/1.1" 404 18918 "-" "Mozilla/5.0 AppleWebKit/537.36 (KHTML, like Gecko; compatible; GPTBot/1.2; +https://openai.com/gptbot)"
57.141.4.28 - - [28/Apr/2025:04:07:48 -0400] "GET / HTTP/1.1" 301 0 "-" "meta-externalagent/1.1 (+https://developers.facebook.com/docs/sharing/webmasters/crawler)"
66.29.132.124 - - [28/Apr/2025:04:07:52 -0400] "POST /wp-admin/admin-ajax.php?action=async_litespeed&nonce=Lt9rdUl7LIWMZ2EKRj1laj4MoM4trKNc&litespeed_type=imgoptm HTTP/1.1" 200 0 "-" "WordPress/6.8; https://learningladder.academy"
20.171.207.66 - - [28/Apr/2025:04:07:58 -0400] "GET /wp-includes/blocks/page-list/ HTTP/1.1" 403 1242 "-" "Mozilla/5.0 AppleWebKit/537.36 (KHTML, like Gecko; compatible; GPTBot/1.2; +https://openai.com/gptbot)"
57.141.4.25 - - [28/Apr/2025:04:08:00 -0400] "GET / HTTP/1.1" 200 164706 "-" "meta-externalagent/1.1 (+https://developers.facebook.com/docs/sharing/webmasters/crawler)"
66.29.132.124 - - [28/Apr/2025:04:10:20 -0400] "GET / HTTP/1.1" 200 164706 "-" "Mozilla/5.0 (Windows NT 10.0; Win64; x64; rv:122.0) Gecko/20100101 Firefox/122.0"
66.29.132.124 - - [28/Apr/2025:04:11:26 -0400] "POST /wp-cron.php?doing_wp_cron=1745827886.2904529571533203125000 HTTP/1.1" 200 0 "-" "WordPress/6.8; https://learningladder.academy"
20.171.207.66 - - [28/Apr/2025:04:11:21 -0400] "GET /wp-json/elementskit/v1/ HTTP/1.1" 404 114 "-" "Mozilla/5.0 AppleWebKit/537.36 (KHTML, like Gecko; compatible; GPTBot/1.2; +https://openai.com/gptbot)"
66.29.132.124 - - [28/Apr/2025:04:11:28 -0400] "POST /wp-admin/admin-ajax.php?action=async_litespeed&nonce=4dd2EIRZl6pjiMIqyqSetihVX1S5iFus&litespeed_type=imgoptm HTTP/1.1" 200 0 "-" "WordPress/6.8; https://learningladder.academy"
20.171.207.66 - - [28/Apr/2025:04:11:28 -0400] "GET /wp-content/uploads/2024/08/stem_installations1-150x150.jpg%20150w,%20https:/learningladder.academy/wp-content/uploads/2024/08/elementor/thumbs/stem_installations1-qtdkgax019izrx73cyttwzhmy07a3fdcrhhldot2ns.jpg%20300w HTTP/1.1" 404 18918 "-" "Mozilla/5.0 AppleWebKit/537.36 (KHTML, like Gecko; compatible; GPTBot/1.2; +https://openai.com/gptbot)"
20.171.207.66 - - [28/Apr/2025:04:11:31 -0400] "GET /wp-content/uploads/2024/08/Untitled_design_-_2024-09-28T134323.355-removebg-preview.png%20300w,%20https:/learningladder.academy/wp-content/uploads/2024/08/Untitled_design_-_2024-09-28T134323.355-removebg-preview-150x150.png%20150w HTTP/1.1" 404 18918 "-" "Mozilla/5.0 AppleWebKit/537.36 (KHTML, like Gecko; compatible; GPTBot/1.2; +https://openai.com/gptbot)"
20.171.207.66 - - [28/Apr/2025:04:18:18 -0400] "GET /wp-includes/images/smilies/ HTTP/1.1" 403 1242 "-" "Mozilla/5.0 AppleWebKit/537.36 (KHTML, like Gecko; compatible; GPTBot/1.2; +https://openai.com/gptbot)"
20.171.207.66 - - [28/Apr/2025:04:19:53 -0400] "GET /wp-includes/js/tinymce/langs/ HTTP/1.1" 403 1242 "-" "Mozilla/5.0 AppleWebKit/537.36 (KHTML, like Gecko; compatible; GPTBot/1.2; +https://openai.com/gptbot)"
57.141.4.12 - - [28/Apr/2025:04:20:40 -0400] "GET /index.html HTTP/1.1" 404 86713 "-" "meta-externalagent/1.1 (+https://developers.facebook.com/docs/sharing/webmasters/crawler)"
20.171.207.66 - - [28/Apr/2025:04:24:59 -0400] "GET /wp-content/uploads/2024/08/Untitled_design_-_2024-09-28T134323.355-removebg-preview.png%20300w,%20https:/learningladder.academy/wp-content/uploads/2024/08/Untitled_design_-_2024-09-28T134323.355-removebg-preview-150x150.png%20150w HTTP/1.1" 404 18918 "-" "Mozilla/5.0 AppleWebKit/537.36 (KHTML, like Gecko; compatible; GPTBot/1.2; +https://openai.com/gptbot)"
20.171.207.66 - - [28/Apr/2025:04:25:01 -0400] "GET /wp-content/uploads/2024/08/stem_installations1-150x150.jpg%20150w,%20https:/learningladder.academy/wp-content/uploads/2024/08/elementor/thumbs/stem_installations1-qtdkgax019izrx73cyttwzhmy07a3fdcrhhldot2ns.jpg%20300w HTTP/1.1" 404 18918 "-" "Mozilla/5.0 AppleWebKit/537.36 (KHTML, like Gecko; compatible; GPTBot/1.2; +https://openai.com/gptbot)"
20.171.207.66 - - [28/Apr/2025:04:25:02 -0400] "GET /wp-json/elementskit/v1/ HTTP/1.1" 404 114 "-" "Mozilla/5.0 AppleWebKit/537.36 (KHTML, like Gecko; compatible; GPTBot/1.2; +https://openai.com/gptbot)"
66.29.132.124 - - [28/Apr/2025:04:28:44 -0400] "POST /wp-cron.php?doing_wp_cron=1745828924.0466730594635009765625 HTTP/1.1" 200 0 "-" "WordPress/6.8; https://learningladder.academy"
66.29.132.124 - - [28/Apr/2025:04:28:46 -0400] "POST /wp-admin/admin-ajax.php?action=async_litespeed&nonce=ZUs3V4e6V9hEQAktPWiPL7kxGObHwnuQ&litespeed_type=imgoptm HTTP/1.1" 200 0 "-" "WordPress/6.8; https://learningladder.academy"
20.171.207.66 - - [28/Apr/2025:04:28:34 -0400] "GET /wp-includes/Requests/Cookie/ HTTP/1.1" 404 18899 "-" "Mozilla/5.0 AppleWebKit/537.36 (KHTML, like Gecko; compatible; GPTBot/1.2; +https://openai.com/gptbot)"
20.171.207.66 - - [28/Apr/2025:04:31:25 -0400] "GET /wp-includes/certificates/ HTTP/1.1" 403 1242 "-" "Mozilla/5.0 AppleWebKit/537.36 (KHTML, like Gecko; compatible; GPTBot/1.2; +https://openai.com/gptbot)"
20.171.207.66 - - [28/Apr/2025:04:31:35 -0400] "GET /wp-includes/ID3/ HTTP/1.1" 403 1242 "-" "Mozilla/5.0 AppleWebKit/537.36 (KHTML, like Gecko; compatible; GPTBot/1.2; +https://openai.com/gptbot)"
20.171.207.66 - - [28/Apr/2025:04:32:58 -0400] "GET /wp-json/elementskit/v1/ HTTP/1.1" 404 114 "-" "Mozilla/5.0 AppleWebKit/537.36 (KHTML, like Gecko; compatible; GPTBot/1.2; +https://openai.com/gptbot)"
20.171.207.66 - - [28/Apr/2025:04:33:00 -0400] "GET /wp-content/uploads/2024/08/stem_installations1-150x150.jpg%20150w,%20https:/learningladder.academy/wp-content/uploads/2024/08/elementor/thumbs/stem_installations1-qtdkgax019izrx73cyttwzhmy07a3fdcrhhldot2ns.jpg%20300w HTTP/1.1" 404 18918 "-" "Mozilla/5.0 AppleWebKit/537.36 (KHTML, like Gecko; compatible; GPTBot/1.2; +https://openai.com/gptbot)"
20.171.207.66 - - [28/Apr/2025:04:33:03 -0400] "GET /wp-content/uploads/2024/08/Untitled_design_-_2024-09-28T134323.355-removebg-preview.png%20300w,%20https:/learningladder.academy/wp-content/uploads/2024/08/Untitled_design_-_2024-09-28T134323.355-removebg-preview-150x150.png%20150w HTTP/1.1" 404 18918 "-" "Mozilla/5.0 AppleWebKit/537.36 (KHTML, like Gecko; compatible; GPTBot/1.2; +https://openai.com/gptbot)"
20.171.207.66 - - [28/Apr/2025:04:36:03 -0400] "GET /wp-json/elementskit/v1/ HTTP/1.1" 404 114 "-" "Mozilla/5.0 AppleWebKit/537.36 (KHTML, like Gecko; compatible; GPTBot/1.2; +https://openai.com/gptbot)"
20.171.207.66 - - [28/Apr/2025:04:36:05 -0400] "GET /wp-content/uploads/2024/08/stem_installations1-150x150.jpg%20150w,%20https:/learningladder.academy/wp-content/uploads/2024/08/elementor/thumbs/stem_installations1-qtdkgax019izrx73cyttwzhmy07a3fdcrhhldot2ns.jpg%20300w HTTP/1.1" 404 18918 "-" "Mozilla/5.0 AppleWebKit/537.36 (KHTML, like Gecko; compatible; GPTBot/1.2; +https://openai.com/gptbot)"
20.171.207.66 - - [28/Apr/2025:04:36:09 -0400] "GET /wp-content/uploads/2024/08/Untitled_design_-_2024-09-28T134323.355-removebg-preview.png%20300w,%20https:/learningladder.academy/wp-content/uploads/2024/08/Untitled_design_-_2024-09-28T134323.355-removebg-preview-150x150.png%20150w HTTP/1.1" 404 18918 "-" "Mozilla/5.0 AppleWebKit/537.36 (KHTML, like Gecko; compatible; GPTBot/1.2; +https://openai.com/gptbot)"
66.29.132.124 - - [28/Apr/2025:04:45:52 -0400] "POST /wp-cron.php?doing_wp_cron=1745829952.2065470218658447265625 HTTP/1.1" 200 0 "-" "WordPress/6.8; https://learningladder.academy"
66.29.132.124 - - [28/Apr/2025:04:45:53 -0400] "POST /wp-admin/admin-ajax.php?action=async_litespeed&nonce=zwDFEinyRcv1YF14habZwESCLoCECGxB&litespeed_type=imgoptm HTTP/1.1" 200 0 "-" "WordPress/6.8; https://learningladder.academy"
20.171.207.66 - - [28/Apr/2025:04:45:46 -0400] "GET /xt/ HTTP/1.1" 404 18861 "-" "Mozilla/5.0 AppleWebKit/537.36 (KHTML, like Gecko; compatible; GPTBot/1.2; +https://openai.com/gptbot)"
20.171.207.66 - - [28/Apr/2025:04:46:14 -0400] "GET /wp-includes/blocks/verse/ HTTP/1.1" 403 1242 "-" "Mozilla/5.0 AppleWebKit/537.36 (KHTML, like Gecko; compatible; GPTBot/1.2; +https://openai.com/gptbot)"
20.171.207.66 - - [28/Apr/2025:04:46:31 -0400] "GET /wp-json/elementskit/v1/ HTTP/1.1" 404 114 "-" "Mozilla/5.0 AppleWebKit/537.36 (KHTML, like Gecko; compatible; GPTBot/1.2; +https://openai.com/gptbot)"
20.171.207.66 - - [28/Apr/2025:04:46:36 -0400] "GET /wp-content/uploads/2024/08/Untitled_design_-_2024-09-28T134323.355-removebg-preview.png%20300w,%20https:/learningladder.academy/wp-content/uploads/2024/08/Untitled_design_-_2024-09-28T134323.355-removebg-preview-150x150.png%20150w HTTP/1.1" 404 18918 "-" "Mozilla/5.0 AppleWebKit/537.36 (KHTML, like Gecko; compatible; GPTBot/1.2; +https://openai.com/gptbot)"
20.171.207.66 - - [28/Apr/2025:04:46:37 -0400] "GET /wp-content/uploads/2024/08/stem_installations1-150x150.jpg%20150w,%20https:/learningladder.academy/wp-content/uploads/2024/08/elementor/thumbs/stem_installations1-qtdkgax019izrx73cyttwzhmy07a3fdcrhhldot2ns.jpg%20300w HTTP/1.1" 404 18918 "-" "Mozilla/5.0 AppleWebKit/537.36 (KHTML, like Gecko; compatible; GPTBot/1.2; +https://openai.com/gptbot)"
66.29.132.124 - - [28/Apr/2025:04:46:59 -0400] "POST /wp-cron.php?doing_wp_cron=1745830019.7100150585174560546875 HTTP/1.1" 200 0 "-" "WordPress/6.8; https://learningladder.academy"
20.171.207.66 - - [28/Apr/2025:04:46:59 -0400] "GET /wp-includes/Requests/Response/ HTTP/1.1" 404 18880 "-" "Mozilla/5.0 AppleWebKit/537.36 (KHTML, like Gecko; compatible; GPTBot/1.2; +https://openai.com/gptbot)"
66.29.132.124 - - [28/Apr/2025:04:47:00 -0400] "POST /wp-admin/admin-ajax.php?action=async_litespeed&nonce=2qVNlfyLKRnbX49Z7QG0wvmFPvl0Mcxy&litespeed_type=imgoptm HTTP/1.1" 200 21 "-" "WordPress/6.8; https://learningladder.academy"
20.171.207.66 - - [28/Apr/2025:05:04:12 -0400] "GET /wp-content/uploads/2024/08/stem_installations1-150x150.jpg%20150w,%20https:/learningladder.academy/wp-content/uploads/2024/08/elementor/thumbs/stem_installations1-qtdkgax019izrx73cyttwzhmy07a3fdcrhhldot2ns.jpg%20300w HTTP/1.1" 404 18918 "-" "Mozilla/5.0 AppleWebKit/537.36 (KHTML, like Gecko; compatible; GPTBot/1.2; +https://openai.com/gptbot)"
20.171.207.66 - - [28/Apr/2025:05:04:16 -0400] "GET /wp-content/uploads/2024/08/Untitled_design_-_2024-09-28T134323.355-removebg-preview.png%20300w,%20https:/learningladder.academy/wp-content/uploads/2024/08/Untitled_design_-_2024-09-28T134323.355-removebg-preview-150x150.png%20150w HTTP/1.1" 404 18918 "-" "Mozilla/5.0 AppleWebKit/537.36 (KHTML, like Gecko; compatible; GPTBot/1.2; +https://openai.com/gptbot)"
20.171.207.66 - - [28/Apr/2025:05:04:18 -0400] "GET /wp-json/elementskit/v1/ HTTP/1.1" 404 114 "-" "Mozilla/5.0 AppleWebKit/537.36 (KHTML, like Gecko; compatible; GPTBot/1.2; +https://openai.com/gptbot)"
20.171.207.66 - - [28/Apr/2025:05:04:47 -0400] "GET /wp-includes/blocks/post-content/ HTTP/1.1" 403 1242 "-" "Mozilla/5.0 AppleWebKit/537.36 (KHTML, like Gecko; compatible; GPTBot/1.2; +https://openai.com/gptbot)"
20.171.207.66 - - [28/Apr/2025:05:07:32 -0400] "GET /wp-json/elementskit/v1/ HTTP/1.1" 404 114 "-" "Mozilla/5.0 AppleWebKit/537.36 (KHTML, like Gecko; compatible; GPTBot/1.2; +https://openai.com/gptbot)"
20.171.207.66 - - [28/Apr/2025:05:07:35 -0400] "GET /wp-content/uploads/2024/08/Untitled_design_-_2024-09-28T134323.355-removebg-preview.png%20300w,%20https:/learningladder.academy/wp-content/uploads/2024/08/Untitled_design_-_2024-09-28T134323.355-removebg-preview-150x150.png%20150w HTTP/1.1" 404 18918 "-" "Mozilla/5.0 AppleWebKit/537.36 (KHTML, like Gecko; compatible; GPTBot/1.2; +https://openai.com/gptbot)"
20.171.207.66 - - [28/Apr/2025:05:07:37 -0400] "GET /wp-content/uploads/2024/08/stem_installations1-150x150.jpg%20150w,%20https:/learningladder.academy/wp-content/uploads/2024/08/elementor/thumbs/stem_installations1-qtdkgax019izrx73cyttwzhmy07a3fdcrhhldot2ns.jpg%20300w HTTP/1.1" 404 18918 "-" "Mozilla/5.0 AppleWebKit/537.36 (KHTML, like Gecko; compatible; GPTBot/1.2; +https://openai.com/gptbot)"
20.171.207.66 - - [28/Apr/2025:05:10:32 -0400] "GET /wp-content/uploads/2024/08/Untitled_design_-_2024-09-28T134323.355-removebg-preview.png%20300w,%20https:/learningladder.academy/wp-content/uploads/2024/08/Untitled_design_-_2024-09-28T134323.355-removebg-preview-150x150.png%20150w HTTP/1.1" 404 18918 "-" "Mozilla/5.0 AppleWebKit/537.36 (KHTML, like Gecko; compatible; GPTBot/1.2; +https://openai.com/gptbot)"
20.171.207.66 - - [28/Apr/2025:05:10:36 -0400] "GET /wp-json/elementskit/v1/ HTTP/1.1" 404 114 "-" "Mozilla/5.0 AppleWebKit/537.36 (KHTML, like Gecko; compatible; GPTBot/1.2; +https://openai.com/gptbot)"
20.171.207.66 - - [28/Apr/2025:05:10:38 -0400] "GET /wp-content/uploads/2024/08/stem_installations1-150x150.jpg%20150w,%20https:/learningladder.academy/wp-content/uploads/2024/08/elementor/thumbs/stem_installations1-qtdkgax019izrx73cyttwzhmy07a3fdcrhhldot2ns.jpg%20300w HTTP/1.1" 404 18918 "-" "Mozilla/5.0 AppleWebKit/537.36 (KHTML, like Gecko; compatible; GPTBot/1.2; +https://openai.com/gptbot)"
66.29.132.124 - - [28/Apr/2025:05:22:36 -0400] "POST /wp-cron.php?doing_wp_cron=1745832156.4268920421600341796875 HTTP/1.1" 200 0 "-" "WordPress/6.8; https://learningladder.academy"
66.29.132.124 - - [28/Apr/2025:05:22:37 -0400] "POST /wp-admin/admin-ajax.php?action=async_litespeed&nonce=wRhP7P2URNDAx94WXiA7S28ealQeX7HP&litespeed_type=imgoptm HTTP/1.1" 200 0 "-" "WordPress/6.8; https://learningladder.academy"
20.171.207.66 - - [28/Apr/2025:05:22:27 -0400] "GET /?action=Login&fuse=admin HTTP/1.1" 200 28866 "-" "Mozilla/5.0 AppleWebKit/537.36 (KHTML, like Gecko; compatible; GPTBot/1.2; +https://openai.com/gptbot)"
20.171.207.66 - - [28/Apr/2025:05:22:43 -0400] "GET /wp-json/elementskit/v1/ HTTP/1.1" 404 114 "-" "Mozilla/5.0 AppleWebKit/537.36 (KHTML, like Gecko; compatible; GPTBot/1.2; +https://openai.com/gptbot)"
20.171.207.66 - - [28/Apr/2025:05:23:33 -0400] "GET /wp-includes/blocks/file/ HTTP/1.1" 403 1242 "-" "Mozilla/5.0 AppleWebKit/537.36 (KHTML, like Gecko; compatible; GPTBot/1.2; +https://openai.com/gptbot)"
93.158.90.31 - - [28/Apr/2025:05:27:05 -0400] "GET /robots.txt HTTP/1.1" 200 117 "http://learningladder.academy/robots.txt" "Mozilla/5.0 (iPhone; CPU iPhone OS 17_3_1 like Mac OS X) AppleWebKit/605.1.15 (KHTML, like Gecko) Version/17.3.1 Mobile/15E148 Safari/604"
93.158.90.40 - - [28/Apr/2025:05:27:08 -0400] "GET / HTTP/1.1" 200 34334 "http://learningladder.academy/" "Mozilla/5.0 (iPhone; CPU iPhone OS 17_3_1 like Mac OS X) AppleWebKit/605.1.15 (KHTML, like Gecko) Version/17.3.1 Mobile/15E148 Safari/604"
66.29.132.124 - - [28/Apr/2025:05:28:47 -0400] "POST /wp-cron.php?doing_wp_cron=1745832527.8191640377044677734375 HTTP/1.1" 200 0 "-" "WordPress/6.8; https://learningladder.academy"
66.29.132.124 - - [28/Apr/2025:05:28:48 -0400] "POST /wp-admin/admin-ajax.php?action=async_litespeed&nonce=CKOt3Rl4J69dJFHFHtX8MmOnMcrbi8Sz&litespeed_type=imgoptm HTTP/1.1" 200 21 "-" "WordPress/6.8; https://learningladder.academy"
20.171.207.66 - - [28/Apr/2025:05:28:41 -0400] "GET /wp-content/uploads/2024/08/Untitled_design_-_2024-09-28T134323.355-removebg-preview.png%20300w,%20https:/learningladder.academy/wp-content/uploads/2024/08/Untitled_design_-_2024-09-28T134323.355-removebg-preview-150x150.png%20150w HTTP/1.1" 404 18918 "-" "Mozilla/5.0 AppleWebKit/537.36 (KHTML, like Gecko; compatible; GPTBot/1.2; +https://openai.com/gptbot)"
20.171.207.66 - - [28/Apr/2025:05:28:53 -0400] "GET /wp-content/uploads/2024/08/stem_installations1-150x150.jpg%20150w,%20https:/learningladder.academy/wp-content/uploads/2024/08/elementor/thumbs/stem_installations1-qtdkgax019izrx73cyttwzhmy07a3fdcrhhldot2ns.jpg%20300w HTTP/1.1" 404 18918 "-" "Mozilla/5.0 AppleWebKit/537.36 (KHTML, like Gecko; compatible; GPTBot/1.2; +https://openai.com/gptbot)"
20.171.207.66 - - [28/Apr/2025:05:29:06 -0400] "GET /wp-json/elementskit/v1/ HTTP/1.1" 404 114 "-" "Mozilla/5.0 AppleWebKit/537.36 (KHTML, like Gecko; compatible; GPTBot/1.2; +https://openai.com/gptbot)"
20.171.207.66 - - [28/Apr/2025:05:33:01 -0400] "GET /wp-includes/Requests/library/ HTTP/1.1" 403 1242 "-" "Mozilla/5.0 AppleWebKit/537.36 (KHTML, like Gecko; compatible; GPTBot/1.2; +https://openai.com/gptbot)"
20.171.207.66 - - [28/Apr/2025:05:35:54 -0400] "GET /wp-content/uploads/2024/08/stem_installations1-150x150.jpg%20150w,%20https:/learningladder.academy/wp-content/uploads/2024/08/elementor/thumbs/stem_installations1-qtdkgax019izrx73cyttwzhmy07a3fdcrhhldot2ns.jpg%20300w HTTP/1.1" 404 18918 "-" "Mozilla/5.0 AppleWebKit/537.36 (KHTML, like Gecko; compatible; GPTBot/1.2; +https://openai.com/gptbot)"
20.171.207.66 - - [28/Apr/2025:05:36:07 -0400] "GET /wp-content/uploads/2024/08/Untitled_design_-_2024-09-28T134323.355-removebg-preview.png%20300w,%20https:/learningladder.academy/wp-content/uploads/2024/08/Untitled_design_-_2024-09-28T134323.355-removebg-preview-150x150.png%20150w HTTP/1.1" 404 18918 "-" "Mozilla/5.0 AppleWebKit/537.36 (KHTML, like Gecko; compatible; GPTBot/1.2; +https://openai.com/gptbot)"
20.171.207.66 - - [28/Apr/2025:05:36:20 -0400] "GET /wp-json/elementskit/v1/ HTTP/1.1" 404 114 "-" "Mozilla/5.0 AppleWebKit/537.36 (KHTML, like Gecko; compatible; GPTBot/1.2; +https://openai.com/gptbot)"
20.171.207.66 - - [28/Apr/2025:05:39:39 -0400] "GET /wp-includes/blocks/buttons/ HTTP/1.1" 403 1242 "-" "Mozilla/5.0 AppleWebKit/537.36 (KHTML, like Gecko; compatible; GPTBot/1.2; +https://openai.com/gptbot)"
20.171.207.66 - - [28/Apr/2025:05:39:59 -0400] "GET /wp-content/uploads/2024/08/Untitled_design_-_2024-09-28T134323.355-removebg-preview.png%20300w,%20https:/learningladder.academy/wp-content/uploads/2024/08/Untitled_design_-_2024-09-28T134323.355-removebg-preview-150x150.png%20150w HTTP/1.1" 404 18918 "-" "Mozilla/5.0 AppleWebKit/537.36 (KHTML, like Gecko; compatible; GPTBot/1.2; +https://openai.com/gptbot)"
20.171.207.66 - - [28/Apr/2025:05:40:13 -0400] "GET /wp-content/uploads/2024/08/stem_installations1-150x150.jpg%20150w,%20https:/learningladder.academy/wp-content/uploads/2024/08/elementor/thumbs/stem_installations1-qtdkgax019izrx73cyttwzhmy07a3fdcrhhldot2ns.jpg%20300w HTTP/1.1" 404 18918 "-" "Mozilla/5.0 AppleWebKit/537.36 (KHTML, like Gecko; compatible; GPTBot/1.2; +https://openai.com/gptbot)"
20.171.207.66 - - [28/Apr/2025:05:40:25 -0400] "GET /wp-json/elementskit/v1/ HTTP/1.1" 404 114 "-" "Mozilla/5.0 AppleWebKit/537.36 (KHTML, like Gecko; compatible; GPTBot/1.2; +https://openai.com/gptbot)"
20.171.207.66 - - [28/Apr/2025:05:46:53 -0400] "GET /wp-includes/blocks/table/ HTTP/1.1" 403 1242 "-" "Mozilla/5.0 AppleWebKit/537.36 (KHTML, like Gecko; compatible; GPTBot/1.2; +https://openai.com/gptbot)"
20.171.207.66 - - [28/Apr/2025:05:54:14 -0400] "GET /wp-content/uploads/2024/08/stem_installations1-150x150.jpg%20150w,%20https:/learningladder.academy/wp-content/uploads/2024/08/elementor/thumbs/stem_installations1-qtdkgax019izrx73cyttwzhmy07a3fdcrhhldot2ns.jpg%20300w HTTP/1.1" 404 18918 "-" "Mozilla/5.0 AppleWebKit/537.36 (KHTML, like Gecko; compatible; GPTBot/1.2; +https://openai.com/gptbot)"
20.171.207.66 - - [28/Apr/2025:05:54:26 -0400] "GET /wp-json/elementskit/v1/ HTTP/1.1" 404 114 "-" "Mozilla/5.0 AppleWebKit/537.36 (KHTML, like Gecko; compatible; GPTBot/1.2; +https://openai.com/gptbot)"
20.171.207.66 - - [28/Apr/2025:05:54:40 -0400] "GET /wp-content/uploads/2024/08/Untitled_design_-_2024-09-28T134323.355-removebg-preview.png%20300w,%20https:/learningladder.academy/wp-content/uploads/2024/08/Untitled_design_-_2024-09-28T134323.355-removebg-preview-150x150.png%20150w HTTP/1.1" 404 18918 "-" "Mozilla/5.0 AppleWebKit/537.36 (KHTML, like Gecko; compatible; GPTBot/1.2; +https://openai.com/gptbot)"
20.171.207.66 - - [28/Apr/2025:05:58:53 -0400] "GET /wp-includes/SimplePie/ HTTP/1.1" 403 1242 "-" "Mozilla/5.0 AppleWebKit/537.36 (KHTML, like Gecko; compatible; GPTBot/1.2; +https://openai.com/gptbot)"
66.29.132.124 - - [28/Apr/2025:06:03:28 -0400] "POST /wp-cron.php?doing_wp_cron=1745834608.1334009170532226562500 HTTP/1.1" 200 0 "-" "WordPress/6.8; https://learningladder.academy"
66.29.132.124 - - [28/Apr/2025:06:03:28 -0400] "POST /wp-admin/admin-ajax.php?action=async_litespeed&nonce=uYkS3BNwOSYMVv4WoS6aMlUSbG0DXlBQ&litespeed_type=imgoptm HTTP/1.1" 200 21 "-" "WordPress/6.8; https://learningladder.academy"
20.171.207.66 - - [28/Apr/2025:06:03:22 -0400] "GET /sitemap_index.xml HTTP/1.1" 404 18875 "-" "Mozilla/5.0 AppleWebKit/537.36 (KHTML, like Gecko; compatible; GPTBot/1.2; +https://openai.com/gptbot)"
52.167.144.57 - - [28/Apr/2025:06:05:33 -0400] "GET /robots.txt HTTP/1.1" 200 99 "-" "Mozilla/5.0 AppleWebKit/537.36 (KHTML, like Gecko; compatible; bingbot/2.0; +http://www.bing.com/bingbot.htm) Chrome/116.0.1938.76 Safari/537.36"
66.29.132.124 - - [28/Apr/2025:06:05:40 -0400] "POST /wp-cron.php?doing_wp_cron=1745834740.0654180049896240234375 HTTP/1.1" 200 0 "-" "WordPress/6.8; https://learningladder.academy"
40.77.167.65 - - [28/Apr/2025:06:05:37 -0400] "GET /feedback/stem_student3.jpg HTTP/1.1" 404 18901 "-" "Mozilla/5.0 AppleWebKit/537.36 (KHTML, like Gecko; compatible; bingbot/2.0; +http://www.bing.com/bingbot.htm) Chrome/116.0.1938.76 Safari/537.36"
66.29.132.124 - - [28/Apr/2025:06:05:41 -0400] "POST /wp-admin/admin-ajax.php?action=async_litespeed&nonce=wF8ZKXywNW9RmEKilu4zX8HNDW43rHiF&litespeed_type=imgoptm HTTP/1.1" 200 0 "-" "WordPress/6.8; https://learningladder.academy"
66.29.132.124 - - [28/Apr/2025:06:14:26 -0400] "POST /wp-cron.php?doing_wp_cron=1745835266.2048380374908447265625 HTTP/1.1" 200 0 "-" "WordPress/6.8; https://learningladder.academy"
66.29.132.124 - - [28/Apr/2025:06:14:27 -0400] "POST /wp-admin/admin-ajax.php?action=async_litespeed&nonce=1yDzItZtFuzRxXMjHQVhDMLFmCrILWOF&litespeed_type=imgoptm HTTP/1.1" 200 0 "-" "WordPress/6.8; https://learningladder.academy"
20.171.207.66 - - [28/Apr/2025:06:14:17 -0400] "GET /wp-content/plugins/WordPressCore/ HTTP/1.1" 404 18866 "-" "Mozilla/5.0 AppleWebKit/537.36 (KHTML, like Gecko; compatible; GPTBot/1.2; +https://openai.com/gptbot)"
66.29.132.124 - - [28/Apr/2025:06:18:58 -0400] "POST /wp-cron.php?doing_wp_cron=1745835538.0646541118621826171875 HTTP/1.1" 200 0 "-" "WordPress/6.8; https://learningladder.academy"
66.29.132.124 - - [28/Apr/2025:06:18:58 -0400] "POST /wp-admin/admin-ajax.php?action=async_litespeed&nonce=ugZsSTz3bdeCTVZv7PxU4SEd97DCZGRl&litespeed_type=imgoptm HTTP/1.1" 200 21 "-" "WordPress/6.8; https://learningladder.academy"
20.171.207.66 - - [28/Apr/2025:06:18:53 -0400] "GET /wp-includes/Requests/Proxy/ HTTP/1.1" 404 18881 "-" "Mozilla/5.0 AppleWebKit/537.36 (KHTML, like Gecko; compatible; GPTBot/1.2; +https://openai.com/gptbot)"
20.171.207.66 - - [28/Apr/2025:06:19:39 -0400] "GET /wp-includes/Requests/src/Exception/Http/ HTTP/1.1" 403 1242 "-" "Mozilla/5.0 AppleWebKit/537.36 (KHTML, like Gecko; compatible; GPTBot/1.2; +https://openai.com/gptbot)"
20.171.207.66 - - [28/Apr/2025:06:21:49 -0400] "GET /wp-content/uploads/2024/08/stem_installations1-150x150.jpg%20150w,%20https:/learningladder.academy/wp-content/uploads/2024/08/elementor/thumbs/stem_installations1-qtdkgax019izrx73cyttwzhmy07a3fdcrhhldot2ns.jpg%20300w HTTP/1.1" 404 18918 "-" "Mozilla/5.0 AppleWebKit/537.36 (KHTML, like Gecko; compatible; GPTBot/1.2; +https://openai.com/gptbot)"
20.171.207.66 - - [28/Apr/2025:06:22:02 -0400] "GET /wp-json/elementskit/v1/ HTTP/1.1" 404 114 "-" "Mozilla/5.0 AppleWebKit/537.36 (KHTML, like Gecko; compatible; GPTBot/1.2; +https://openai.com/gptbot)"
20.171.207.66 - - [28/Apr/2025:06:22:15 -0400] "GET /wp-content/uploads/2024/08/Untitled_design_-_2024-09-28T134323.355-removebg-preview.png%20300w,%20https:/learningladder.academy/wp-content/uploads/2024/08/Untitled_design_-_2024-09-28T134323.355-removebg-preview-150x150.png%20150w HTTP/1.1" 404 18918 "-" "Mozilla/5.0 AppleWebKit/537.36 (KHTML, like Gecko; compatible; GPTBot/1.2; +https://openai.com/gptbot)"
66.29.132.124 - - [28/Apr/2025:06:22:55 -0400] "POST /wp-cron.php?doing_wp_cron=1745835775.8045239448547363281250 HTTP/1.1" 200 0 "-" "WordPress/6.8; https://learningladder.academy"
20.171.207.66 - - [28/Apr/2025:06:22:50 -0400] "GET /wp-json/elementskit/v1/ HTTP/1.1" 404 114 "-" "Mozilla/5.0 AppleWebKit/537.36 (KHTML, like Gecko; compatible; GPTBot/1.2; +https://openai.com/gptbot)"
66.29.132.124 - - [28/Apr/2025:06:22:56 -0400] "POST /wp-admin/admin-ajax.php?action=async_litespeed&nonce=ivBXXaNXOUgzSHvjLyAogMURprxZBVHf&litespeed_type=imgoptm HTTP/1.1" 200 0 "-" "WordPress/6.8; https://learningladder.academy"
20.171.207.66 - - [28/Apr/2025:06:23:01 -0400] "GET /wp-content/uploads/2024/08/stem_installations1-150x150.jpg%20150w,%20https:/learningladder.academy/wp-content/uploads/2024/08/elementor/thumbs/stem_installations1-qtdkgax019izrx73cyttwzhmy07a3fdcrhhldot2ns.jpg%20300w HTTP/1.1" 404 18918 "-" "Mozilla/5.0 AppleWebKit/537.36 (KHTML, like Gecko; compatible; GPTBot/1.2; +https://openai.com/gptbot)"
20.171.207.66 - - [28/Apr/2025:06:23:13 -0400] "GET /wp-content/uploads/2024/08/Untitled_design_-_2024-09-28T134323.355-removebg-preview.png%20300w,%20https:/learningladder.academy/wp-content/uploads/2024/08/Untitled_design_-_2024-09-28T134323.355-removebg-preview-150x150.png%20150w HTTP/1.1" 404 18918 "-" "Mozilla/5.0 AppleWebKit/537.36 (KHTML, like Gecko; compatible; GPTBot/1.2; +https://openai.com/gptbot)"
66.29.132.124 - - [28/Apr/2025:06:25:16 -0400] "POST /wp-cron.php?doing_wp_cron=1745835915.9871020317077636718750 HTTP/1.1" 200 0 "-" "WordPress/6.8; https://learningladder.academy"
66.29.132.124 - - [28/Apr/2025:06:25:20 -0400] "POST /wp-admin/admin-ajax.php?action=async_litespeed&nonce=Kd0C5vBAl7QCCvVaT5SQRi5EFUNaxPDK&litespeed_type=imgoptm HTTP/1.1" 200 0 "-" "WordPress/6.8; https://learningladder.academy"
43.159.145.153 - - [28/Apr/2025:06:25:12 -0400] "GET / HTTP/1.1" 301 0 "http://www.learningladder.academy" "Mozilla/5.0 (iPhone; CPU iPhone OS 13_2_3 like Mac OS X) AppleWebKit/605.1.15 (KHTML, like Gecko) Version/13.0.3 Mobile/15E148 Safari/604.1"
43.159.145.153 - - [28/Apr/2025:06:25:21 -0400] "GET / HTTP/1.1" 200 34334 "https://www.learningladder.academy/" "Mozilla/5.0 (iPhone; CPU iPhone OS 13_2_3 like Mac OS X) AppleWebKit/605.1.15 (KHTML, like Gecko) Version/13.0.3 Mobile/15E148 Safari/604.1"
20.171.207.66 - - [28/Apr/2025:06:27:27 -0400] "GET /wp-includes/blocks/gallery/ HTTP/1.1" 403 1242 "-" "Mozilla/5.0 AppleWebKit/537.36 (KHTML, like Gecko; compatible; GPTBot/1.2; +https://openai.com/gptbot)"
20.171.207.66 - - [28/Apr/2025:06:27:47 -0400] "GET /wp-includes/blocks/search/ HTTP/1.1" 403 1242 "-" "Mozilla/5.0 AppleWebKit/537.36 (KHTML, like Gecko; compatible; GPTBot/1.2; +https://openai.com/gptbot)"
20.171.207.66 - - [28/Apr/2025:06:28:03 -0400] "GET /wp-includes/blocks/block/ HTTP/1.1" 403 1242 "-" "Mozilla/5.0 AppleWebKit/537.36 (KHTML, like Gecko; compatible; GPTBot/1.2; +https://openai.com/gptbot)"
20.171.207.66 - - [28/Apr/2025:06:28:19 -0400] "GET /wp-includes/blocks/query-pagination-previous/ HTTP/1.1" 403 1242 "-" "Mozilla/5.0 AppleWebKit/537.36 (KHTML, like Gecko; compatible; GPTBot/1.2; +https://openai.com/gptbot)"
20.171.207.66 - - [28/Apr/2025:06:29:02 -0400] "GET /wp-json/elementskit/v1/ HTTP/1.1" 404 114 "-" "Mozilla/5.0 AppleWebKit/537.36 (KHTML, like Gecko; compatible; GPTBot/1.2; +https://openai.com/gptbot)"
66.29.132.124 - - [28/Apr/2025:06:29:20 -0400] "POST /wp-cron.php?doing_wp_cron=1745836160.1857209205627441406250 HTTP/1.1" 200 0 "-" "WordPress/6.8; https://learningladder.academy"
66.29.132.124 - - [28/Apr/2025:06:29:21 -0400] "POST /wp-admin/admin-ajax.php?action=async_litespeed&nonce=ubyFSvCLV6LSCP9Lqi0hrLQOX69aJOHZ&litespeed_type=imgoptm HTTP/1.1" 200 0 "-" "WordPress/6.8; https://learningladder.academy"
20.171.207.66 - - [28/Apr/2025:06:29:14 -0400] "GET /wp-content/uploads/2024/08/Untitled_design_-_2024-09-28T134323.355-removebg-preview.png%20300w,%20https:/learningladder.academy/wp-content/uploads/2024/08/Untitled_design_-_2024-09-28T134323.355-removebg-preview-150x150.png%20150w HTTP/1.1" 404 18918 "-" "Mozilla/5.0 AppleWebKit/537.36 (KHTML, like Gecko; compatible; GPTBot/1.2; +https://openai.com/gptbot)"
66.29.132.124 - - [28/Apr/2025:06:29:26 -0400] "POST /wp-cron.php?doing_wp_cron=1745836166.4765059947967529296875 HTTP/1.1" 200 0 "-" "WordPress/6.8; https://learningladder.academy"
20.171.207.66 - - [28/Apr/2025:06:29:26 -0400] "GET /wp-content/uploads/2024/08/stem_installations1-150x150.jpg%20150w,%20https:/learningladder.academy/wp-content/uploads/2024/08/elementor/thumbs/stem_installations1-qtdkgax019izrx73cyttwzhmy07a3fdcrhhldot2ns.jpg%20300w HTTP/1.1" 404 18918 "-" "Mozilla/5.0 AppleWebKit/537.36 (KHTML, like Gecko; compatible; GPTBot/1.2; +https://openai.com/gptbot)"
20.171.207.66 - - [28/Apr/2025:06:33:25 -0400] "GET /wp-json/elementskit/v1/ HTTP/1.1" 404 114 "-" "Mozilla/5.0 AppleWebKit/537.36 (KHTML, like Gecko; compatible; GPTBot/1.2; +https://openai.com/gptbot)"
20.171.207.66 - - [28/Apr/2025:06:33:34 -0400] "GET /wp-content/uploads/2024/08/Untitled_design_-_2024-09-28T134323.355-removebg-preview.png%20300w,%20https:/learningladder.academy/wp-content/uploads/2024/08/Untitled_design_-_2024-09-28T134323.355-removebg-preview-150x150.png%20150w HTTP/1.1" 404 18918 "-" "Mozilla/5.0 AppleWebKit/537.36 (KHTML, like Gecko; compatible; GPTBot/1.2; +https://openai.com/gptbot)"
20.171.207.66 - - [28/Apr/2025:06:33:48 -0400] "GET /wp-content/uploads/2024/08/stem_installations1-150x150.jpg%20150w,%20https:/learningladder.academy/wp-content/uploads/2024/08/elementor/thumbs/stem_installations1-qtdkgax019izrx73cyttwzhmy07a3fdcrhhldot2ns.jpg%20300w HTTP/1.1" 404 18918 "-" "Mozilla/5.0 AppleWebKit/537.36 (KHTML, like Gecko; compatible; GPTBot/1.2; +https://openai.com/gptbot)"
66.29.132.124 - - [28/Apr/2025:06:34:02 -0400] "POST /wp-cron.php?doing_wp_cron=1745836441.9776198863983154296875 HTTP/1.1" 200 0 "-" "WordPress/6.8; https://learningladder.academy"
66.29.132.124 - - [28/Apr/2025:06:34:03 -0400] "POST /wp-admin/admin-ajax.php?action=async_litespeed&nonce=i2CEjBbiVTxpGug4XnCUmGbtwEyZqxY5&litespeed_type=imgoptm HTTP/1.1" 200 0 "-" "WordPress/6.8; https://learningladder.academy"
140.143.98.18 - - [28/Apr/2025:06:33:51 -0400] "GET / HTTP/1.1" 301 0 "http://www.learningladder.academy" "Mozilla/5.0 (iPhone; CPU iPhone OS 13_2_3 like Mac OS X) AppleWebKit/605.1.15 (KHTML, like Gecko) Version/13.0.3 Mobile/15E148 Safari/604.1"
140.143.98.18 - - [28/Apr/2025:06:34:06 -0400] "GET / HTTP/1.1" 200 34334 "https://www.learningladder.academy/" "Mozilla/5.0 (iPhone; CPU iPhone OS 13_2_3 like Mac OS X) AppleWebKit/605.1.15 (KHTML, like Gecko) Version/13.0.3 Mobile/15E148 Safari/604.1"
66.29.132.124 - - [28/Apr/2025:06:34:11 -0400] "POST /wp-cron.php?doing_wp_cron=1745836451.4258339405059814453125 HTTP/1.1" 200 0 "-" "WordPress/6.8; https://learningladder.academy"
160.251.151.146 - - [28/Apr/2025:06:34:11 -0400] "POST /xmlrpc.php HTTP/1.1" 200 403 "-" "Mozilla/5.0 (Linux; Android 10) AppleWebKit/537.36 (KHTML, like Gecko) Chrome/91.0.4472.114 Mobile Safari/537.36"
3.147.199.62 - - [28/Apr/2025:06:34:11 -0400] "POST /xmlrpc.php HTTP/1.1" 200 403 "-" "Mozilla/5.0 (Windows NT 10.0; Win64; x64) AppleWebKit/537.36 (KHTML, like Gecko) Chrome/85.0.4183.102 Safari/537.36"
66.29.132.124 - - [28/Apr/2025:06:34:11 -0400] "POST /wp-admin/admin-ajax.php?action=async_litespeed&nonce=1ufByFJdLvkb4pzEdfdzhJ3XEnbrdki7&litespeed_type=imgoptm HTTP/1.1" 200 21 "-" "WordPress/6.8; https://learningladder.academy"
54.36.110.109 - - [28/Apr/2025:06:34:13 -0400] "POST /xmlrpc.php HTTP/1.1" 200 403 "-" "Mozilla/5.0 (Windows NT 5.1; rv:52.0) Gecko/20100101 Firefox/52.0"
5.9.157.246 - - [28/Apr/2025:06:34:15 -0400] "POST /xmlrpc.php HTTP/1.1" 200 403 "-" "Mozilla/5.0 (Windows NT 10.0; Win64; x64) AppleWebKit/537.36 (KHTML, like Gecko) Chrome/86.0.4240.198 Safari/537.36"
5.9.157.246 - - [28/Apr/2025:06:34:19 -0400] "POST /xmlrpc.php HTTP/1.1" 200 403 "-" "Mozilla/5.0 (Windows NT 10.0; Win64; x64) AppleWebKit/537.36 (KHTML, like Gecko) Chrome/74.0.3729.157 Safari/537.36"
18.218.40.36 - - [28/Apr/2025:06:34:19 -0400] "POST /xmlrpc.php HTTP/1.1" 200 403 "-" "Mozilla/5.0 (Windows NT 10.0; Win64; x64) AppleWebKit/537.36 (KHTML, like Gecko) Chrome/79.0.3945.130 Safari/537.36"
185.33.55.25 - - [28/Apr/2025:06:34:22 -0400] "POST /xmlrpc.php HTTP/1.1" 200 403 "-" "Mozilla/5.0 (Windows NT 5.1; rv:30.0) Gecko/20100101 Firefox/30.0"
5.9.157.246 - - [28/Apr/2025:06:34:24 -0400] "POST /xmlrpc.php HTTP/1.1" 200 403 "-" "Mozilla/5.0 (Windows NT 10.0; Win64; x64) AppleWebKit/537.36 (KHTML, like Gecko) Chrome/85.0.4183.102 Safari/537.36"
195.78.94.193 - - [28/Apr/2025:06:34:25 -0400] "POST /xmlrpc.php HTTP/1.1" 200 403 "-" "Mozilla/5.0 (Windows NT 5.1) AppleWebKit/537.36 (KHTML, like Gecko) Chrome/46.0.2490.71 Safari/537.36"
88.99.105.11 - - [28/Apr/2025:06:34:25 -0400] "POST /xmlrpc.php HTTP/1.1" 200 403 "-" "Mozilla/5.0 (Windows NT 10.0; Win64; x64) AppleWebKit/537.36 (KHTML, like Gecko) Chrome/85.0.4183.121 Safari/537.36"
5.9.157.246 - - [28/Apr/2025:06:34:27 -0400] "POST /xmlrpc.php HTTP/1.1" 200 403 "-" "Mozilla/5.0 (Windows NT 10.0; Win64; x64) AppleWebKit/537.36 (KHTML, like Gecko) Chrome/83.0.4103.116 Safari/537.36"
62.116.200.98 - - [28/Apr/2025:06:34:27 -0400] "POST /xmlrpc.php HTTP/1.1" 200 403 "-" "Mozilla/5.0 (Windows NT 5.1; rv:52.0) Gecko/20100101 Firefox/52.0"
46.226.10.70 - - [28/Apr/2025:06:34:29 -0400] "POST /xmlrpc.php HTTP/1.1" 200 403 "-" "Mozilla/5.0 (Macintosh; Intel Mac OS X 11_4) AppleWebKit/537.36 (KHTML, like Gecko) Chrome/91.0.4472.114 Safari/537.36"
47.254.173.12 - - [28/Apr/2025:06:34:32 -0400] "POST /xmlrpc.php HTTP/1.1" 200 403 "-" "Mozilla/5.0 (Windows NT 10.0; Win64; x64) AppleWebKit/537.36 (KHTML, like Gecko) Chrome/69.0.3497.100 Safari/537.36"
194.87.151.45 - - [28/Apr/2025:06:34:32 -0400] "POST /xmlrpc.php HTTP/1.1" 200 403 "-" "Mozilla/5.0 (Windows NT 5.1; rv:40.0) Gecko/20100101 Firefox/40.0"
20.171.207.66 - - [28/Apr/2025:06:38:23 -0400] "GET /wp-content/uploads/2024/08/stem_installations1-150x150.jpg%20150w,%20https:/learningladder.academy/wp-content/uploads/2024/08/elementor/thumbs/stem_installations1-qtdkgax019izrx73cyttwzhmy07a3fdcrhhldot2ns.jpg%20300w HTTP/1.1" 404 18918 "-" "Mozilla/5.0 AppleWebKit/537.36 (KHTML, like Gecko; compatible; GPTBot/1.2; +https://openai.com/gptbot)"
20.171.207.66 - - [28/Apr/2025:06:38:35 -0400] "GET /wp-content/uploads/2024/08/Untitled_design_-_2024-09-28T134323.355-removebg-preview.png%20300w,%20https:/learningladder.academy/wp-content/uploads/2024/08/Untitled_design_-_2024-09-28T134323.355-removebg-preview-150x150.png%20150w HTTP/1.1" 404 18918 "-" "Mozilla/5.0 AppleWebKit/537.36 (KHTML, like Gecko; compatible; GPTBot/1.2; +https://openai.com/gptbot)"
20.171.207.66 - - [28/Apr/2025:06:38:49 -0400] "GET /wp-json/elementskit/v1/ HTTP/1.1" 404 114 "-" "Mozilla/5.0 AppleWebKit/537.36 (KHTML, like Gecko; compatible; GPTBot/1.2; +https://openai.com/gptbot)"
20.171.207.66 - - [28/Apr/2025:06:41:02 -0400] "GET /wp-json/elementskit/v1/ HTTP/1.1" 404 114 "-" "Mozilla/5.0 AppleWebKit/537.36 (KHTML, like Gecko; compatible; GPTBot/1.2; +https://openai.com/gptbot)"
20.171.207.66 - - [28/Apr/2025:06:41:14 -0400] "GET /wp-content/uploads/2024/08/stem_installations1-150x150.jpg%20150w,%20https:/learningladder.academy/wp-content/uploads/2024/08/elementor/thumbs/stem_installations1-qtdkgax019izrx73cyttwzhmy07a3fdcrhhldot2ns.jpg%20300w HTTP/1.1" 404 18918 "-" "Mozilla/5.0 AppleWebKit/537.36 (KHTML, like Gecko; compatible; GPTBot/1.2; +https://openai.com/gptbot)"
20.171.207.66 - - [28/Apr/2025:06:41:26 -0400] "GET /wp-content/uploads/2024/08/Untitled_design_-_2024-09-28T134323.355-removebg-preview.png%20300w,%20https:/learningladder.academy/wp-content/uploads/2024/08/Untitled_design_-_2024-09-28T134323.355-removebg-preview-150x150.png%20150w HTTP/1.1" 404 18918 "-" "Mozilla/5.0 AppleWebKit/537.36 (KHTML, like Gecko; compatible; GPTBot/1.2; +https://openai.com/gptbot)"
20.171.207.66 - - [28/Apr/2025:06:46:46 -0400] "GET /wp-includes/blocks/comment-date/ HTTP/1.1" 403 1242 "-" "Mozilla/5.0 AppleWebKit/537.36 (KHTML, like Gecko; compatible; GPTBot/1.2; +https://openai.com/gptbot)"
20.171.207.66 - - [28/Apr/2025:06:47:05 -0400] "GET /wp-includes/blocks/image/ HTTP/1.1" 403 1242 "-" "Mozilla/5.0 AppleWebKit/537.36 (KHTML, like Gecko; compatible; GPTBot/1.2; +https://openai.com/gptbot)"
20.171.207.66 - - [28/Apr/2025:06:47:28 -0400] "GET /wp-content/uploads/2024/08/Untitled_design_-_2024-09-28T134323.355-removebg-preview.png%20300w,%20https:/learningladder.academy/wp-content/uploads/2024/08/Untitled_design_-_2024-09-28T134323.355-removebg-preview-150x150.png%20150w HTTP/1.1" 404 18918 "-" "Mozilla/5.0 AppleWebKit/537.36 (KHTML, like Gecko; compatible; GPTBot/1.2; +https://openai.com/gptbot)"
20.171.207.66 - - [28/Apr/2025:06:47:44 -0400] "GET /wp-json/elementskit/v1/ HTTP/1.1" 404 114 "-" "Mozilla/5.0 AppleWebKit/537.36 (KHTML, like Gecko; compatible; GPTBot/1.2; +https://openai.com/gptbot)"
20.171.207.66 - - [28/Apr/2025:06:47:50 -0400] "GET /wp-content/uploads/2024/08/stem_installations1-150x150.jpg%20150w,%20https:/learningladder.academy/wp-content/uploads/2024/08/elementor/thumbs/stem_installations1-qtdkgax019izrx73cyttwzhmy07a3fdcrhhldot2ns.jpg%20300w HTTP/1.1" 404 18918 "-" "Mozilla/5.0 AppleWebKit/537.36 (KHTML, like Gecko; compatible; GPTBot/1.2; +https://openai.com/gptbot)"
20.171.207.66 - - [28/Apr/2025:06:50:19 -0400] "GET /wp-content/uploads/2024/08/stem_installations1-150x150.jpg%20150w,%20https:/learningladder.academy/wp-content/uploads/2024/08/elementor/thumbs/stem_installations1-qtdkgax019izrx73cyttwzhmy07a3fdcrhhldot2ns.jpg%20300w HTTP/1.1" 404 18918 "-" "Mozilla/5.0 AppleWebKit/537.36 (KHTML, like Gecko; compatible; GPTBot/1.2; +https://openai.com/gptbot)"
20.171.207.66 - - [28/Apr/2025:06:50:31 -0400] "GET /wp-json/elementskit/v1/ HTTP/1.1" 404 114 "-" "Mozilla/5.0 AppleWebKit/537.36 (KHTML, like Gecko; compatible; GPTBot/1.2; +https://openai.com/gptbot)"
20.171.207.66 - - [28/Apr/2025:06:50:44 -0400] "GET /wp-content/uploads/2024/08/Untitled_design_-_2024-09-28T134323.355-removebg-preview.png%20300w,%20https:/learningladder.academy/wp-content/uploads/2024/08/Untitled_design_-_2024-09-28T134323.355-removebg-preview-150x150.png%20150w HTTP/1.1" 404 18918 "-" "Mozilla/5.0 AppleWebKit/537.36 (KHTML, like Gecko; compatible; GPTBot/1.2; +https://openai.com/gptbot)"
20.171.207.66 - - [28/Apr/2025:06:51:45 -0400] "GET /wp-json/elementskit/v1/ HTTP/1.1" 404 114 "-" "Mozilla/5.0 AppleWebKit/537.36 (KHTML, like Gecko; compatible; GPTBot/1.2; +https://openai.com/gptbot)"
