66.29.132.124 - - [26/Apr/2025:09:10:33 -0400] "GET / HTTP/1.1" 200 34334 "-" "WordPress/6.8; https://learningladder.academy"
66.29.132.124 - - [26/Apr/2025:09:10:33 -0400] "GET / HTTP/1.1" 200 34334 "-" "WordPress/6.8; https://learningladder.academy"
66.29.132.124 - - [26/Apr/2025:09:10:34 -0400] "GET / HTTP/1.1" 200 34334 "-" "WordPress/6.8; https://learningladder.academy"
66.29.132.124 - - [26/Apr/2025:09:10:34 -0400] "GET / HTTP/1.1" 200 34334 "-" "WordPress/6.8; https://learningladder.academy"
66.29.132.124 - - [26/Apr/2025:09:10:35 -0400] "GET / HTTP/1.1" 200 34334 "-" "WordPress/6.8; https://learningladder.academy"
20.171.207.207 - - [26/Apr/2025:09:10:36 -0400] "GET /wp-content/uploads/2024/08/Untitled_design_-_2024-09-28T134323.355-removebg-preview.png%20300w,%20https:/learningladder.academy/wp-content/uploads/2024/08/Untitled_design_-_2024-09-28T134323.355-removebg-preview-150x150.png%20150w HTTP/1.1" 404 18911 "-" "Mozilla/5.0 AppleWebKit/537.36 (KHTML, like Gecko; compatible; GPTBot/1.2; +https://openai.com/gptbot)"
20.171.207.207 - - [26/Apr/2025:09:10:39 -0400] "GET /wp-content/plugins/elementskit-lite/widgets/init/assets/js/animate-circle.min.js?ver=3.4.4 HTTP/1.1" 200 393 "-" "Mozilla/5.0 AppleWebKit/537.36 (KHTML, like Gecko; compatible; GPTBot/1.2; +https://openai.com/gptbot)"
20.171.207.207 - - [26/Apr/2025:09:10:47 -0400] "GET /wp-content/plugins/elementskit-lite/widgets/init/assets/js/widget-scripts.js?ver=3.4.4 HTTP/1.1" 200 40425 "-" "Mozilla/5.0 AppleWebKit/537.36 (KHTML, like Gecko; compatible; GPTBot/1.2; +https://openai.com/gptbot)"
20.171.207.207 - - [26/Apr/2025:09:10:48 -0400] "GET /wp-content/plugins/elementor/assets/js/frontend-modules.min.js?ver=3.27.6 HTTP/1.1" 200 14421 "-" "Mozilla/5.0 AppleWebKit/537.36 (KHTML, like Gecko; compatible; GPTBot/1.2; +https://openai.com/gptbot)"
20.171.207.207 - - [26/Apr/2025:09:10:50 -0400] "GET /wp-content/plugins/elementskit-lite/libs/framework/assets/js/frontend-script.js?ver=3.4.4 HTTP/1.1" 200 40 "-" "Mozilla/5.0 AppleWebKit/537.36 (KHTML, like Gecko; compatible; GPTBot/1.2; +https://openai.com/gptbot)"
20.171.207.207 - - [26/Apr/2025:09:10:52 -0400] "GET /wp-content/plugins/elementskit-lite/widgets/init/assets/js/elementor.js?ver=3.4.4 HTTP/1.1" 200 5290 "-" "Mozilla/5.0 AppleWebKit/537.36 (KHTML, like Gecko; compatible; GPTBot/1.2; +https://openai.com/gptbot)"
20.171.207.207 - - [26/Apr/2025:09:10:54 -0400] "GET /wp-content/plugins/elementor/assets/js/webpack.runtime.min.js?ver=3.27.6 HTTP/1.1" 200 2228 "-" "Mozilla/5.0 AppleWebKit/537.36 (KHTML, like Gecko; compatible; GPTBot/1.2; +https://openai.com/gptbot)"
20.171.207.207 - - [26/Apr/2025:09:10:56 -0400] "GET /wp-content/plugins/elementor/assets/js/frontend.min.js?ver=3.27.6 HTTP/1.1" 200 13099 "-" "Mozilla/5.0 AppleWebKit/537.36 (KHTML, like Gecko; compatible; GPTBot/1.2; +https://openai.com/gptbot)"
20.171.207.207 - - [26/Apr/2025:09:10:58 -0400] "GET /wp-content/plugins/brave-popup-builder/assets/frontend/brave.js?ver=6.7.2 HTTP/1.1" 200 23854 "-" "Mozilla/5.0 AppleWebKit/537.36 (KHTML, like Gecko; compatible; GPTBot/1.2; +https://openai.com/gptbot)"
20.171.207.207 - - [26/Apr/2025:09:10:59 -0400] "GET /wp-includes/css/dist/block-library/style.min.css?ver=6.7.2 HTTP/1.1" 200 14358 "-" "Mozilla/5.0 AppleWebKit/537.36 (KHTML, like Gecko; compatible; GPTBot/1.2; +https://openai.com/gptbot)"
20.171.207.207 - - [26/Apr/2025:09:11:00 -0400] "GET /wp-content/plugins/elementskit-lite/widgets/init/assets/css/widget-styles.css?ver=3.4.4 HTTP/1.1" 200 48223 "-" "Mozilla/5.0 AppleWebKit/537.36 (KHTML, like Gecko; compatible; GPTBot/1.2; +https://openai.com/gptbot)"
20.171.207.207 - - [26/Apr/2025:09:11:02 -0400] "GET /wp-content/plugins/elementor/assets/css/conditionals/e-swiper.min.css?ver=3.27.6 HTTP/1.1" 200 699 "-" "Mozilla/5.0 AppleWebKit/537.36 (KHTML, like Gecko; compatible; GPTBot/1.2; +https://openai.com/gptbot)"
20.171.207.207 - - [26/Apr/2025:09:11:03 -0400] "GET /wp-content/plugins/elementor/assets/css/frontend.min.css?ver=3.27.6 HTTP/1.1" 200 6453 "-" "Mozilla/5.0 AppleWebKit/537.36 (KHTML, like Gecko; compatible; GPTBot/1.2; +https://openai.com/gptbot)"
20.171.207.207 - - [26/Apr/2025:09:11:04 -0400] "GET /wp-content/plugins/elementor/assets/css/widget-image.min.css?ver=3.27.6 HTTP/1.1" 200 254 "-" "Mozilla/5.0 AppleWebKit/537.36 (KHTML, like Gecko; compatible; GPTBot/1.2; +https://openai.com/gptbot)"
20.171.207.207 - - [26/Apr/2025:09:11:05 -0400] "GET /wp-content/plugins/elementor/assets/css/widget-heading.min.css?ver=3.27.6 HTTP/1.1" 200 154 "-" "Mozilla/5.0 AppleWebKit/537.36 (KHTML, like Gecko; compatible; GPTBot/1.2; +https://openai.com/gptbot)"
20.171.207.207 - - [26/Apr/2025:09:11:06 -0400] "GET /wp-content/plugins/elementskit-lite/widgets/init/assets/js/%url% HTTP/1.1" 403 1242 "-" "Mozilla/5.0 AppleWebKit/537.36 (KHTML, like Gecko; compatible; GPTBot/1.2; +https://openai.com/gptbot)"
20.171.207.207 - - [26/Apr/2025:09:11:08 -0400] "GET /wp-content/plugins/elementor/assets/css/widget-icon-list.min.css?ver=3.27.6 HTTP/1.1" 200 957 "-" "Mozilla/5.0 AppleWebKit/537.36 (KHTML, like Gecko; compatible; GPTBot/1.2; +https://openai.com/gptbot)"
20.171.207.207 - - [26/Apr/2025:09:11:09 -0400] "GET /wp-content/plugins/brave-popup-builder/assets/css/frontend.min.css?ver=6.7.2 HTTP/1.1" 200 7994 "-" "Mozilla/5.0 AppleWebKit/537.36 (KHTML, like Gecko; compatible; GPTBot/1.2; +https://openai.com/gptbot)"
20.171.207.207 - - [26/Apr/2025:09:11:10 -0400] "GET /wp-content/plugins/elementskit-lite/widgets/init/assets/css/responsive.css?ver=3.4.4 HTTP/1.1" 200 2859 "-" "Mozilla/5.0 AppleWebKit/537.36 (KHTML, like Gecko; compatible; GPTBot/1.2; +https://openai.com/gptbot)"
20.171.207.207 - - [26/Apr/2025:09:11:11 -0400] "GET /wp-content/plugins/elementor/assets/css/widget-image-gallery.min.css?ver=3.27.6 HTTP/1.1" 200 300 "-" "Mozilla/5.0 AppleWebKit/537.36 (KHTML, like Gecko; compatible; GPTBot/1.2; +https://openai.com/gptbot)"
20.171.207.207 - - [26/Apr/2025:09:11:12 -0400] "GET /wp-content/plugins/elementskit-lite/modules/elementskit-icon-pack/assets/css/ekiticons.css?ver=3.4.4 HTTP/1.1" 200 11776 "-" "Mozilla/5.0 AppleWebKit/537.36 (KHTML, like Gecko; compatible; GPTBot/1.2; +https://openai.com/gptbot)"
66.29.132.124 - - [26/Apr/2025:09:11:14 -0400] "POST /wp-cron.php?doing_wp_cron=1745673074.2498641014099121093750 HTTP/1.1" 200 0 "-" "WordPress/6.8; https://learningladder.academy"
20.171.207.207 - - [26/Apr/2025:09:11:13 -0400] "GET /wp-content/plugins/brave-popup-builder/assets/frontend/'+content+' HTTP/1.1" 301 0 "-" "Mozilla/5.0 AppleWebKit/537.36 (KHTML, like Gecko; compatible; GPTBot/1.2; +https://openai.com/gptbot)"
66.29.132.124 - - [26/Apr/2025:09:11:14 -0400] "POST /wp-admin/admin-ajax.php?action=async_litespeed&nonce=5uyyvnnU6fPh6WlMAWAju3OkzF46ubGj&litespeed_type=imgoptm HTTP/1.1" 200 21 "-" "WordPress/6.8; https://learningladder.academy"
20.171.207.207 - - [26/Apr/2025:09:11:15 -0400] "GET /wp-content/plugins/elementor/assets/css/widget-social-icons.min.css?ver=3.27.6 HTTP/1.1" 200 1069 "-" "Mozilla/5.0 AppleWebKit/537.36 (KHTML, like Gecko; compatible; GPTBot/1.2; +https://openai.com/gptbot)"
20.171.207.207 - - [26/Apr/2025:09:11:16 -0400] "GET /wp-content/plugins/elementskit-lite/widgets/init/assets/img/cross-out.svg HTTP/1.1" 200 257 "-" "Mozilla/5.0 AppleWebKit/537.36 (KHTML, like Gecko; compatible; GPTBot/1.2; +https://openai.com/gptbot)"
20.171.207.207 - - [26/Apr/2025:09:11:17 -0400] "GET /wp-content/plugins/elementor/assets/css/widget-text-editor.min.css?ver=3.27.6 HTTP/1.1" 200 208 "-" "Mozilla/5.0 AppleWebKit/537.36 (KHTML, like Gecko; compatible; GPTBot/1.2; +https://openai.com/gptbot)"
20.171.207.207 - - [26/Apr/2025:09:11:18 -0400] "GET /wp-content/plugins/elementor/assets/css/conditionals/apple-webkit.min.css?ver=3.27.6 HTTP/1.1" 200 472 "-" "Mozilla/5.0 AppleWebKit/537.36 (KHTML, like Gecko; compatible; GPTBot/1.2; +https://openai.com/gptbot)"
20.171.207.207 - - [26/Apr/2025:09:11:19 -0400] "GET /wp-content/uploads/elementor/css/post-255.css?ver=1739358973 HTTP/1.1" 200 1524 "-" "Mozilla/5.0 AppleWebKit/537.36 (KHTML, like Gecko; compatible; GPTBot/1.2; +https://openai.com/gptbot)"
20.171.207.207 - - [26/Apr/2025:09:11:20 -0400] "GET /wp-content/uploads/elementor/css/post-10.css?ver=1739358974 HTTP/1.1" 200 369 "-" "Mozilla/5.0 AppleWebKit/537.36 (KHTML, like Gecko; compatible; GPTBot/1.2; +https://openai.com/gptbot)"
20.171.207.207 - - [26/Apr/2025:09:11:22 -0400] "GET /wp-content/uploads/elementor/css/post-284.css?ver=1739358973 HTTP/1.1" 200 1412 "-" "Mozilla/5.0 AppleWebKit/537.36 (KHTML, like Gecko; compatible; GPTBot/1.2; +https://openai.com/gptbot)"
20.171.207.207 - - [26/Apr/2025:09:11:23 -0400] "GET /wp-content/plugins/elementskit-lite/modules/elementskit-icon-pack/assets/fonts/elementskit.woff?y24e1e HTTP/1.1" 200 459560 "-" "Mozilla/5.0 AppleWebKit/537.36 (KHTML, like Gecko; compatible; GPTBot/1.2; +https://openai.com/gptbot)"
20.171.207.207 - - [26/Apr/2025:09:11:24 -0400] "GET /wp-content/plugins/brave-popup-builder/assets/frontend/+content+ HTTP/1.1" 404 18883 "-" "Mozilla/5.0 AppleWebKit/537.36 (KHTML, like Gecko; compatible; GPTBot/1.2; +https://openai.com/gptbot)"
198.98.48.90 - - [26/Apr/2025:09:12:43 -0400] "GET /wp-login.php HTTP/1.1" 200 5454 "-" "Mozilla/5.0 (Macintosh; Intel Mac OS X 10_9_4) AppleWebKit/537.77.4 (KHTML, like Gecko) Version/7.0.5 Safari/537.77.4"
66.29.132.124 - - [26/Apr/2025:09:12:48 -0400] "POST /wp-cron.php?doing_wp_cron=1745673167.9811329841613769531250 HTTP/1.1" 200 0 "-" "WordPress/6.8; https://learningladder.academy"
66.29.132.124 - - [26/Apr/2025:09:12:48 -0400] "POST /wp-admin/admin-ajax.php?action=async_litespeed&nonce=X6hUIWiOv4qaR3vGZO3I35VhgUmWgD2X&litespeed_type=imgoptm HTTP/1.1" 200 21 "-" "WordPress/6.8; https://learningladder.academy"
69.63.184.6 - - [26/Apr/2025:09:12:47 -0400] "GET /courses/ HTTP/1.1" 200 200058 "-" "meta-externalagent/1.1 (+https://developers.facebook.com/docs/sharing/webmasters/crawler)"
198.98.48.90 - - [26/Apr/2025:09:12:51 -0400] "POST /wp-login.php HTTP/1.1" 200 5710 "-" "Mozilla/5.0 (Macintosh; Intel Mac OS X 10_9_4) AppleWebKit/537.77.4 (KHTML, like Gecko) Version/7.0.5 Safari/537.77.4"
20.171.207.207 - - [26/Apr/2025:09:17:51 -0400] "GET /wp-includes/blocks/buttons/ HTTP/1.1" 403 1242 "-" "Mozilla/5.0 AppleWebKit/537.36 (KHTML, like Gecko; compatible; GPTBot/1.2; +https://openai.com/gptbot)"
66.29.132.124 - - [26/Apr/2025:09:27:57 -0400] "POST /wp-cron.php?doing_wp_cron=1745674077.6099059581756591796875 HTTP/1.1" 200 0 "-" "WordPress/6.8; https://learningladder.academy"
66.29.132.124 - - [26/Apr/2025:09:27:58 -0400] "POST /wp-admin/admin-ajax.php?action=async_litespeed&nonce=MzfLnPjo2mcpNfcRng5SlaM7EUhLLt7W&litespeed_type=imgoptm HTTP/1.1" 200 0 "-" "WordPress/6.8; https://learningladder.academy"
144.76.72.245 - - [26/Apr/2025:09:27:52 -0400] "GET /wp-content/plugins/ultimate-member/readme.txt HTTP/1.1" 404 21702 "-" "python-requests/2.32.3"
195.20.18.145 - - [26/Apr/2025:09:45:12 -0400] "GET / HTTP/1.1" 200 164706 "-" "ALittle Client"
54.36.148.164 - - [26/Apr/2025:10:17:41 -0400] "GET /robots.txt HTTP/1.1" 200 99 "-" "Mozilla/5.0 (compatible; AhrefsBot/7.0; +http://ahrefs.com/robot/)"
66.29.132.124 - - [26/Apr/2025:10:17:52 -0400] "POST /wp-cron.php?doing_wp_cron=1745677072.3035869598388671875000 HTTP/1.1" 200 0 "-" "WordPress/6.8; https://learningladder.academy"
66.29.132.124 - - [26/Apr/2025:10:17:53 -0400] "POST /wp-admin/admin-ajax.php?action=async_litespeed&nonce=YJovqRK8aq2x7MguChJmzUUxPXj9ed1d&litespeed_type=imgoptm HTTP/1.1" 200 0 "-" "WordPress/6.8; https://learningladder.academy"
54.36.148.114 - - [26/Apr/2025:10:17:42 -0400] "GET /registration-policy/ HTTP/1.1" 200 24883 "-" "Mozilla/5.0 (compatible; AhrefsBot/7.0; +http://ahrefs.com/robot/)"
45.61.186.205 - - [26/Apr/2025:10:57:35 -0400] "GET /wp-login.php HTTP/1.1" 200 5454 "-" "Mozilla/5.0 (X11; Ubuntu; Linux x86_64; rv:30.0) Gecko/20100101 Firefox/30.0"
66.29.132.124 - - [26/Apr/2025:10:57:47 -0400] "POST /wp-cron.php?doing_wp_cron=1745679466.6508738994598388671875 HTTP/1.1" 200 0 "-" "WordPress/6.8; https://learningladder.academy"
45.61.186.205 - - [26/Apr/2025:10:57:36 -0400] "POST /wp-login.php HTTP/1.1" 200 5710 "-" "Mozilla/5.0 (X11; Ubuntu; Linux x86_64; rv:30.0) Gecko/20100101 Firefox/30.0"
66.29.132.124 - - [26/Apr/2025:10:57:49 -0400] "POST /wp-admin/admin-ajax.php?action=async_litespeed&nonce=Ze2H2oSvs3VPyaS2eT3NoTrAD3E3XJn8&litespeed_type=imgoptm HTTP/1.1" 200 0 "-" "WordPress/6.8; https://learningladder.academy"
92.118.88.107 - - [26/Apr/2025:11:00:20 -0400] "GET / HTTP/1.0" 200 164706 "https://learningladder.academy/" "Mozilla/5.0 (Windows NT 10.0; Win64; x64) AppleWebKit/537.36 (KHTML, like Gecko) Chrome/131.0.0.0 Safari/537.36"
66.29.132.124 - - [26/Apr/2025:11:00:42 -0400] "POST /wp-cron.php?doing_wp_cron=1745679642.0078279972076416015625 HTTP/1.1" 200 0 "-" "WordPress/6.8; https://learningladder.academy"
92.118.88.107 - - [26/Apr/2025:11:00:38 -0400] "POST /wp-admin/admin-ajax.php HTTP/1.0" 200 112 "https://learningladder.academy/" "Mozilla/5.0 (Windows NT 10.0; Win64; x64) AppleWebKit/537.36 (KHTML, like Gecko) Chrome/131.0.0.0 Safari/537.36"
66.29.132.124 - - [26/Apr/2025:11:00:43 -0400] "POST /wp-admin/admin-ajax.php?action=async_litespeed&nonce=x7yOFJJavYhdbUCHtDM80Sz55brGkSvk&litespeed_type=imgoptm HTTP/1.1" 200 0 "-" "WordPress/6.8; https://learningladder.academy"
196.251.86.177 - - [26/Apr/2025:11:07:42 -0400] "GET / HTTP/1.1" 200 164706 "-" "-"
196.251.86.177 - - [26/Apr/2025:11:07:47 -0400] "GET /wordpress HTTP/1.1" 200 0 "-" "-"
196.251.86.177 - - [26/Apr/2025:11:07:54 -0400] "GET /wordpress HTTP/1.1" 200 0 "-" "-"
196.251.86.177 - - [26/Apr/2025:11:08:04 -0400] "GET /wordpress HTTP/1.1" 200 0 "-" "-"
196.251.86.177 - - [26/Apr/2025:11:08:06 -0400] "GET /wordpress HTTP/1.1" 200 0 "-" "-"
196.251.86.177 - - [26/Apr/2025:11:08:11 -0400] "GET /wordpress HTTP/1.1" 200 0 "-" "-"
196.251.86.177 - - [26/Apr/2025:11:08:30 -0400] "GET /wp-admin/setup-config.php HTTP/1.1" 200 0 "-" "-"
196.251.86.177 - - [26/Apr/2025:11:08:33 -0400] "GET /wp-admin/setup-config.php HTTP/1.1" 200 0 "-" "-"
196.251.86.177 - - [26/Apr/2025:11:08:37 -0400] "GET /wp-admin/setup-config.php HTTP/1.1" 409 0 "-" "-"
196.251.86.177 - - [26/Apr/2025:11:08:43 -0400] "GET /wp-admin/setup-config.php HTTP/1.1" 409 2665 "-" "-"
196.251.86.177 - - [26/Apr/2025:11:08:49 -0400] "GET /wp-admin/install.php HTTP/1.1" 200 1317 "-" "-"
66.29.132.124 - - [26/Apr/2025:11:08:52 -0400] "POST /wp-cron.php?doing_wp_cron=1745680130.6837921142578125000000 HTTP/1.1" 200 0 "-" "WordPress/6.8; https://learningladder.academy"
196.251.86.177 - - [26/Apr/2025:11:08:56 -0400] "GET /wp HTTP/1.1" 404 86697 "-" "-"
196.251.86.177 - - [26/Apr/2025:11:09:01 -0400] "GET /wp HTTP/1.1" 404 86697 "-" "-"
196.251.86.177 - - [26/Apr/2025:11:09:06 -0400] "GET /blog HTTP/1.1" 404 86701 "-" "-"
66.29.132.124 - - [26/Apr/2025:11:09:08 -0400] "POST /wp-cron.php?doing_wp_cron=1745680146.6937949657440185546875 HTTP/1.1" 200 0 "-" "WordPress/6.8; https://learningladder.academy"
196.251.86.177 - - [26/Apr/2025:11:09:11 -0400] "GET /blog HTTP/1.1" 404 86701 "-" "-"
196.251.86.177 - - [26/Apr/2025:11:09:13 -0400] "GET /new HTTP/1.1" 404 86699 "-" "-"
196.251.86.177 - - [26/Apr/2025:11:09:17 -0400] "GET /old HTTP/1.1" 404 86699 "-" "-"
196.251.86.177 - - [26/Apr/2025:11:09:21 -0400] "GET /newsite HTTP/1.1" 404 86707 "-" "-"
196.251.86.177 - - [26/Apr/2025:11:09:25 -0400] "GET /test HTTP/1.1" 404 86701 "-" "-"
196.251.86.177 - - [26/Apr/2025:11:09:27 -0400] "GET /main HTTP/1.1" 404 86701 "-" "-"
196.251.86.177 - - [26/Apr/2025:11:09:29 -0400] "GET /testing HTTP/1.1" 404 86707 "-" "-"
196.251.86.177 - - [26/Apr/2025:11:09:33 -0400] "GET /site HTTP/1.1" 404 86701 "-" "-"
196.251.86.177 - - [26/Apr/2025:11:09:39 -0400] "GET /backup HTTP/1.1" 404 86705 "-" "-"
196.251.86.177 - - [26/Apr/2025:11:09:41 -0400] "GET /demo HTTP/1.1" 404 86701 "-" "-"
196.251.86.177 - - [26/Apr/2025:11:09:45 -0400] "GET /home HTTP/1.1" 301 0 "-" "-"
196.251.86.177 - - [26/Apr/2025:11:09:46 -0400] "GET / HTTP/1.1" 200 164706 "-" "-"
196.251.86.177 - - [26/Apr/2025:11:09:49 -0400] "GET /tmp HTTP/1.1" 404 86699 "-" "-"
196.251.86.177 - - [26/Apr/2025:11:09:54 -0400] "GET /dev HTTP/1.1" 404 86699 "-" "-"
196.251.86.177 - - [26/Apr/2025:11:10:00 -0400] "GET /dev HTTP/1.1" 404 86699 "-" "-"
196.251.86.177 - - [26/Apr/2025:11:10:09 -0400] "GET /cms HTTP/1.1" 200 0 "-" "-"
66.29.132.124 - - [26/Apr/2025:11:10:14 -0400] "POST /wp-cron.php?doing_wp_cron=1745680210.5235950946807861328125 HTTP/1.1" 200 0 "-" "WordPress/6.8; https://learningladder.academy"
196.251.86.177 - - [26/Apr/2025:11:10:16 -0400] "GET /cms HTTP/1.1" 200 0 "-" "-"
196.251.86.177 - - [26/Apr/2025:11:10:23 -0400] "GET /cms HTTP/1.1" 200 0 "-" "-"
196.251.86.177 - - [26/Apr/2025:11:10:34 -0400] "GET /cms HTTP/1.1" 200 0 "-" "-"
196.251.86.177 - - [26/Apr/2025:11:10:38 -0400] "GET /cms HTTP/1.1" 200 0 "-" "-"
196.251.86.177 - - [26/Apr/2025:11:11:11 -0400] "GET /portal HTTP/1.1" 200 0 "-" "-"
196.251.86.177 - - [26/Apr/2025:11:11:15 -0400] "GET /portal HTTP/1.1" 404 86705 "-" "-"
196.251.86.177 - - [26/Apr/2025:11:11:22 -0400] "GET /portal HTTP/1.1" 404 86705 "-" "-"
196.251.86.177 - - [26/Apr/2025:11:11:29 -0400] "GET /portal HTTP/1.1" 404 86705 "-" "-"
196.251.86.177 - - [26/Apr/2025:11:11:44 -0400] "GET /web HTTP/1.1" 200 0 "-" "-"
196.251.86.177 - - [26/Apr/2025:11:11:50 -0400] "GET /web HTTP/1.1" 200 0 "-" "-"
196.251.86.177 - - [26/Apr/2025:11:11:57 -0400] "GET /web HTTP/1.1" 200 0 "-" "-"
196.251.86.177 - - [26/Apr/2025:11:12:01 -0400] "GET /web HTTP/1.1" 200 0 "-" "-"
196.251.86.177 - - [26/Apr/2025:11:12:07 -0400] "GET /web HTTP/1.1" 200 0 "-" "-"
104.219.248.8 - - [26/Apr/2025:11:37:30 -0400] "GET /wp-login.php HTTP/1.1" 200 1761 "http://learningladder.academy" "Mozilla/5.0 (Macintosh; Intel Mac OS X 14.5) AppleWebKit/618.3.5 (KHTML, like Gecko) Version/17.4 Safari/618.3.5"
66.29.132.124 - - [26/Apr/2025:11:38:09 -0400] "POST /wp-cron.php?doing_wp_cron=1745681889.4821279048919677734375 HTTP/1.1" 200 0 "-" "WordPress/6.8; https://learningladder.academy"
66.29.132.124 - - [26/Apr/2025:11:38:09 -0400] "POST /wp-admin/admin-ajax.php?action=async_litespeed&nonce=R550QaD1ta8gJTy0vGDA4CsPt68nS3LT&litespeed_type=imgoptm HTTP/1.1" 200 0 "-" "WordPress/6.8; https://learningladder.academy"
43.159.135.203 - - [26/Apr/2025:11:38:01 -0400] "GET / HTTP/1.1" 301 0 "http://www.learningladder.academy" "Mozilla/5.0 (iPhone; CPU iPhone OS 13_2_3 like Mac OS X) AppleWebKit/605.1.15 (KHTML, like Gecko) Version/13.0.3 Mobile/15E148 Safari/604.1"
43.159.135.203 - - [26/Apr/2025:11:38:12 -0400] "GET / HTTP/1.1" 200 34334 "https://www.learningladder.academy/" "Mozilla/5.0 (iPhone; CPU iPhone OS 13_2_3 like Mac OS X) AppleWebKit/605.1.15 (KHTML, like Gecko) Version/13.0.3 Mobile/15E148 Safari/604.1"
66.29.132.124 - - [26/Apr/2025:11:41:57 -0400] "POST /wp-cron.php?doing_wp_cron=1745682117.1421759128570556640625 HTTP/1.1" 200 0 "-" "WordPress/6.8; https://learningladder.academy"
195.78.94.193 - - [26/Apr/2025:11:41:50 -0400] "POST /xmlrpc.php HTTP/1.1" 200 403 "-" "Mozilla/5.0 (Windows NT 10.0; Win64; x64) AppleWebKit/537.36 (KHTML, like Gecko) Chrome/68.0.3440.106 Safari/537.36"
66.29.132.124 - - [26/Apr/2025:11:41:58 -0400] "POST /wp-admin/admin-ajax.php?action=async_litespeed&nonce=XOQQxxybzfwueXSGwRpDmiVK4fISPgdS&litespeed_type=imgoptm HTTP/1.1" 200 0 "-" "WordPress/6.8; https://learningladder.academy"
66.29.132.124 - - [26/Apr/2025:11:42:02 -0400] "POST /wp-cron.php?doing_wp_cron=1745682122.6600658893585205078125 HTTP/1.1" 200 0 "-" "WordPress/6.8; https://learningladder.academy"
66.97.47.45 - - [26/Apr/2025:11:42:02 -0400] "POST /xmlrpc.php HTTP/1.1" 200 403 "-" "Mozilla/5.0 (Windows NT 10.0; Win64; x64) AppleWebKit/537.36 (KHTML, like Gecko) Chrome/65.0.3325.181 Safari/537.36"
51.68.11.227 - - [26/Apr/2025:11:42:03 -0400] "POST /xmlrpc.php HTTP/1.1" 200 403 "-" "Mozilla/5.0 (Windows NT 10.0; Win64; x64; rv:65.0) Gecko/20100101 Firefox/65.0"
51.178.146.199 - - [26/Apr/2025:11:42:06 -0400] "POST /xmlrpc.php HTTP/1.1" 200 403 "-" "Mozilla/5.0 (Windows NT 10.0) AppleWebKit/537.36 (KHTML, like Gecko) Chrome/72.0.3626.121 Safari/537.36"
66.29.132.124 - - [26/Apr/2025:11:42:08 -0400] "POST /wp-cron.php?doing_wp_cron=1745682128.1054921150207519531250 HTTP/1.1" 200 0 "-" "WordPress/6.8; https://learningladder.academy"
213.238.183.30 - - [26/Apr/2025:11:42:07 -0400] "POST /xmlrpc.php HTTP/1.1" 200 403 "-" "Mozilla/5.0 (Windows NT 10.0; Win64; x64; rv:62.0) Gecko/20100101 Firefox/62.0"
66.29.132.124 - - [26/Apr/2025:11:42:09 -0400] "POST /wp-admin/admin-ajax.php?action=async_litespeed&nonce=zWJCE42VQ5elD5FVIIuDeJgDsBkzLQLA&litespeed_type=imgoptm HTTP/1.1" 200 21 "-" "WordPress/6.8; https://learningladder.academy"
193.202.110.22 - - [26/Apr/2025:11:42:12 -0400] "POST /xmlrpc.php HTTP/1.1" 200 403 "-" "Mozilla/5.0 (Windows NT 10.0; Win64; x64) AppleWebKit/537.36 (KHTML, like Gecko) Chrome/83.0.4103.116 Safari/537.36"
167.71.213.107 - - [26/Apr/2025:11:42:14 -0400] "POST /xmlrpc.php HTTP/1.1" 200 403 "-" "Mozilla/5.0 (Windows NT 10.0; Win64; x64) AppleWebKit/537.36 (KHTML, like Gecko) Chrome/88.0.4324.104 Safari/537.36"
54.36.61.94 - - [26/Apr/2025:11:42:20 -0400] "POST /xmlrpc.php HTTP/1.1" 200 403 "-" "Mozilla/5.0 (Windows NT 6.1; WOW64; rv:38.0) Gecko/20100101 Firefox/38.0"
206.81.26.118 - - [26/Apr/2025:11:42:25 -0400] "POST /xmlrpc.php HTTP/1.1" 200 403 "-" "Mozilla/5.0 (Windows NT 10.0; Win64; x64) AppleWebKit/537.36 (KHTML, like Gecko) Chrome/69.0.3497.100 Safari/537.36"
4.227.36.32 - - [26/Apr/2025:11:45:04 -0400] "GET /robots.txt HTTP/1.1" 200 99 "-" "Mozilla/5.0 AppleWebKit/537.36 (KHTML, like Gecko; compatible; GPTBot/1.2; +https://openai.com/gptbot)"
66.29.132.124 - - [26/Apr/2025:11:45:11 -0400] "POST /wp-cron.php?doing_wp_cron=1745682309.5400600433349609375000 HTTP/1.1" 200 0 "-" "WordPress/6.8; https://learningladder.academy"
20.171.207.207 - - [26/Apr/2025:11:45:05 -0400] "GET /wp-content/uploads/2024/08/stem_installations1-150x150.jpg%20150w,%20https:/learningladder.academy/wp-content/uploads/2024/08/elementor/thumbs/stem_installations1-qtdkgax019izrx73cyttwzhmy07a3fdcrhhldot2ns.jpg%20300w HTTP/1.1" 404 18919 "-" "Mozilla/5.0 AppleWebKit/537.36 (KHTML, like Gecko; compatible; GPTBot/1.2; +https://openai.com/gptbot)"
20.171.207.207 - - [26/Apr/2025:11:45:16 -0400] "GET /wp-content/uploads/2024/08/Untitled_design_-_2024-09-28T134323.355-removebg-preview.png%20300w,%20https:/learningladder.academy/wp-content/uploads/2024/08/Untitled_design_-_2024-09-28T134323.355-removebg-preview-150x150.png%20150w HTTP/1.1" 404 18911 "-" "Mozilla/5.0 AppleWebKit/537.36 (KHTML, like Gecko; compatible; GPTBot/1.2; +https://openai.com/gptbot)"
20.171.207.207 - - [26/Apr/2025:11:45:19 -0400] "GET /wp-json/elementskit/v1/ HTTP/1.1" 404 114 "-" "Mozilla/5.0 AppleWebKit/537.36 (KHTML, like Gecko; compatible; GPTBot/1.2; +https://openai.com/gptbot)"
63.250.38.202 - - [26/Apr/2025:11:52:02 -0400] "GET /wp-login.php HTTP/1.1" 200 1761 "http://learningladder.academy" "Mozilla/5.0 (Windows NT 10.0; Win64; x64) AppleWebKit/537.36 (KHTML, like Gecko) Chrome/114.0.5735.134 Safari/537.36"
20.171.207.207 - - [26/Apr/2025:11:55:42 -0400] "GET /wp-content/uploads/2024/08/stem_installations1-150x150.jpg%20150w,%20https:/learningladder.academy/wp-content/uploads/2024/08/elementor/thumbs/stem_installations1-qtdkgax019izrx73cyttwzhmy07a3fdcrhhldot2ns.jpg%20300w HTTP/1.1" 404 18919 "-" "Mozilla/5.0 AppleWebKit/537.36 (KHTML, like Gecko; compatible; GPTBot/1.2; +https://openai.com/gptbot)"
20.171.207.207 - - [26/Apr/2025:11:55:45 -0400] "GET /wp-content/uploads/2024/08/Untitled_design_-_2024-09-28T134323.355-removebg-preview.png%20300w,%20https:/learningladder.academy/wp-content/uploads/2024/08/Untitled_design_-_2024-09-28T134323.355-removebg-preview-150x150.png%20150w HTTP/1.1" 404 18911 "-" "Mozilla/5.0 AppleWebKit/537.36 (KHTML, like Gecko; compatible; GPTBot/1.2; +https://openai.com/gptbot)"
20.171.207.207 - - [26/Apr/2025:11:55:48 -0400] "GET /wp-json/elementskit/v1/ HTTP/1.1" 404 114 "-" "Mozilla/5.0 AppleWebKit/537.36 (KHTML, like Gecko; compatible; GPTBot/1.2; +https://openai.com/gptbot)"
162.0.209.35 - - [26/Apr/2025:11:59:24 -0400] "GET /wp-login.php HTTP/1.1" 200 1761 "http://learningladder.academy" "Mozilla/5.0 (Macintosh; Intel Mac OS X 13.3; rv:126.0) Gecko/20100101 Firefox/126.0"
43.166.255.122 - - [26/Apr/2025:12:14:00 -0400] "GET / HTTP/1.1" 200 34334 "http://learningladder.academy" "Mozilla/5.0 (iPhone; CPU iPhone OS 13_2_3 like Mac OS X) AppleWebKit/605.1.15 (KHTML, like Gecko) Version/13.0.3 Mobile/15E148 Safari/604.1"
36.41.75.167 - - [26/Apr/2025:12:20:19 -0400] "GET / HTTP/1.1" 200 34334 "http://learningladder.academy" "Mozilla/5.0 (iPhone; CPU iPhone OS 13_2_3 like Mac OS X) AppleWebKit/605.1.15 (KHTML, like Gecko) Version/13.0.3 Mobile/15E148 Safari/604.1"
192.64.117.71 - - [26/Apr/2025:12:28:38 -0400] "GET /wp-login.php HTTP/1.1" 200 1761 "http://learningladder.academy" "Mozilla/5.0 (Macintosh; Intel Mac OS X 10_15_7; rv:127.0) Gecko/20100101 Firefox/127.0"
170.106.73.216 - - [26/Apr/2025:12:30:40 -0400] "GET /about-us/ HTTP/1.1" 200 28632 "-" "Mozilla/5.0 (iPhone; CPU iPhone OS 13_2_3 like Mac OS X) AppleWebKit/605.1.15 (KHTML, like Gecko) Version/13.0.3 Mobile/15E148 Safari/604.1"
20.171.207.207 - - [26/Apr/2025:12:42:26 -0400] "GET /wp-includes/blocks/separator/ HTTP/1.1" 403 1242 "-" "Mozilla/5.0 AppleWebKit/537.36 (KHTML, like Gecko; compatible; GPTBot/1.2; +https://openai.com/gptbot)"
66.29.132.124 - - [26/Apr/2025:12:45:19 -0400] "POST /wp-cron.php?doing_wp_cron=1745685918.6253349781036376953125 HTTP/1.1" 200 0 "-" "WordPress/6.8; https://learningladder.academy"
43.130.72.177 - - [26/Apr/2025:12:45:06 -0400] "GET /wp-json/oembed/1.0/embed?url=https%3A%2F%2Flearningladder.academy%2Fabout-us%2F&format=xml HTTP/1.1" 200 1096 "-" "Mozilla/5.0 (iPhone; CPU iPhone OS 13_2_3 like Mac OS X) AppleWebKit/605.1.15 (KHTML, like Gecko) Version/13.0.3 Mobile/15E148 Safari/604.1"
66.29.132.124 - - [26/Apr/2025:12:45:22 -0400] "POST /wp-admin/admin-ajax.php?action=async_litespeed&nonce=dwzOn3quS9ixq69oKSFw19twLKOmr5b9&litespeed_type=imgoptm HTTP/1.1" 200 0 "-" "WordPress/6.8; https://learningladder.academy"
66.29.132.124 - - [26/Apr/2025:12:52:57 -0400] "POST /wp-cron.php?doing_wp_cron=1745686376.8712050914764404296875 HTTP/1.1" 200 0 "-" "WordPress/6.8; https://learningladder.academy"
43.158.91.71 - - [26/Apr/2025:12:52:46 -0400] "GET /wp-json/oembed/1.0/embed?url=https%3A%2F%2Flearningladder.academy%2Fabout-us%2F HTTP/1.1" 200 2103 "-" "Mozilla/5.0 (iPhone; CPU iPhone OS 13_2_3 like Mac OS X) AppleWebKit/605.1.15 (KHTML, like Gecko) Version/13.0.3 Mobile/15E148 Safari/604.1"
66.29.132.124 - - [26/Apr/2025:12:52:58 -0400] "POST /wp-admin/admin-ajax.php?action=async_litespeed&nonce=31nuS0zmPCIxthxDqzvbpaWM9o6cRhFA&litespeed_type=imgoptm HTTP/1.1" 200 0 "-" "WordPress/6.8; https://learningladder.academy"
45.61.186.205 - - [26/Apr/2025:13:01:08 -0400] "GET /wp-login.php HTTP/1.1" 200 5454 "-" "Mozilla/5.0 (X11; Linux x86_64; rv:30.0) Gecko/20100101 Firefox/30.0"
66.29.132.124 - - [26/Apr/2025:13:01:19 -0400] "POST /wp-cron.php?doing_wp_cron=1745686878.5602140426635742187500 HTTP/1.1" 200 0 "-" "WordPress/6.8; https://learningladder.academy"
45.61.186.205 - - [26/Apr/2025:13:01:09 -0400] "POST /wp-login.php HTTP/1.1" 200 5710 "-" "Mozilla/5.0 (X11; Linux x86_64; rv:30.0) Gecko/20100101 Firefox/30.0"
66.29.132.124 - - [26/Apr/2025:13:01:22 -0400] "POST /wp-admin/admin-ajax.php?action=async_litespeed&nonce=WgojVN2O47grOyftRujGQVh0rf6LYz2U&litespeed_type=imgoptm HTTP/1.1" 200 0 "-" "WordPress/6.8; https://learningladder.academy"
43.166.134.47 - - [26/Apr/2025:13:06:24 -0400] "GET /about-us/ HTTP/1.1" 200 28632 "-" "Mozilla/5.0 (iPhone; CPU iPhone OS 13_2_3 like Mac OS X) AppleWebKit/605.1.15 (KHTML, like Gecko) Version/13.0.3 Mobile/15E148 Safari/604.1"
162.0.235.8 - - [26/Apr/2025:13:11:04 -0400] "GET /wp-login.php HTTP/1.1" 200 1761 "http://learningladder.academy" "Mozilla/5.0 (Windows NT 10.0; Win64; x64) AppleWebKit/537.36 (KHTML, like Gecko) Chrome/113.0.5672.126 Safari/537.36 Edg/113.0.1774.50"
66.29.132.124 - - [26/Apr/2025:13:14:49 -0400] "POST /wp-cron.php?doing_wp_cron=1745687687.1809079647064208984375 HTTP/1.1" 200 0 "-" "WordPress/6.8; https://learningladder.academy"
43.130.67.33 - - [26/Apr/2025:13:14:34 -0400] "GET /wp-json/wp/v2/pages/19 HTTP/1.1" 200 39201 "-" "Mozilla/5.0 (iPhone; CPU iPhone OS 13_2_3 like Mac OS X) AppleWebKit/605.1.15 (KHTML, like Gecko) Version/13.0.3 Mobile/15E148 Safari/604.1"
66.29.141.222 - - [26/Apr/2025:13:25:12 -0400] "GET /wp-login.php HTTP/1.1" 200 1761 "http://learningladder.academy" "Mozilla/5.0 (Windows NT 10.0; Win64; x64) AppleWebKit/537.36 (KHTML, like Gecko) Chrome/116.0.5845.96 Safari/537.36 Edg/116.0.1938.62"
66.29.132.124 - - [26/Apr/2025:13:30:09 -0400] "POST /wp-cron.php?doing_wp_cron=1745688607.0243620872497558593750 HTTP/1.1" 200 0 "-" "WordPress/6.8; https://learningladder.academy"
43.131.243.61 - - [26/Apr/2025:13:29:56 -0400] "GET /?p=19 HTTP/1.1" 301 0 "-" "Mozilla/5.0 (iPhone; CPU iPhone OS 13_2_3 like Mac OS X) AppleWebKit/605.1.15 (KHTML, like Gecko) Version/13.0.3 Mobile/15E148 Safari/604.1"
43.131.243.61 - - [26/Apr/2025:13:30:18 -0400] "GET /about-us/ HTTP/1.1" 200 28632 "https://learningladder.academy/?p=19" "Mozilla/5.0 (iPhone; CPU iPhone OS 13_2_3 like Mac OS X) AppleWebKit/605.1.15 (KHTML, like Gecko) Version/13.0.3 Mobile/15E148 Safari/604.1"
66.29.141.17 - - [26/Apr/2025:13:32:13 -0400] "GET /wp-login.php HTTP/1.1" 200 1761 "http://learningladder.academy" "Mozilla/5.0 (Macintosh; Intel Mac OS X 13.3; rv:126.0) Gecko/20100101 Firefox/126.0"
66.29.132.124 - - [26/Apr/2025:13:35:27 -0400] "POST /wp-cron.php?doing_wp_cron=1745688927.0472071170806884765625 HTTP/1.1" 200 0 "-" "WordPress/6.8; https://learningladder.academy"
66.29.132.124 - - [26/Apr/2025:13:35:28 -0400] "POST /wp-admin/admin-ajax.php?action=async_litespeed&nonce=W3anXFwvbXwRAb7TrwgEHoWDLMKa5jX0&litespeed_type=imgoptm HTTP/1.1" 200 0 "-" "WordPress/6.8; https://learningladder.academy"
170.106.161.78 - - [26/Apr/2025:13:35:19 -0400] "GET /about-us/embed/ HTTP/1.1" 200 22425 "-" "Mozilla/5.0 (iPhone; CPU iPhone OS 13_2_3 like Mac OS X) AppleWebKit/605.1.15 (KHTML, like Gecko) Version/13.0.3 Mobile/15E148 Safari/604.1"
34.159.144.92 - - [26/Apr/2025:13:40:21 -0400] "GET /wp-login.php HTTP/1.1" 200 1976 "-" "GRequests/0.10"
34.159.144.92 - - [26/Apr/2025:13:40:25 -0400] "POST /wp-login.php HTTP/1.1" 200 2091 "-" "GRequests/0.10"
66.29.132.124 - - [26/Apr/2025:13:40:31 -0400] "POST /wp-cron.php?doing_wp_cron=1745689229.7391400337219238281250 HTTP/1.1" 200 0 "-" "WordPress/6.8; https://learningladder.academy"
4.227.36.32 - - [26/Apr/2025:13:47:36 -0400] "GET /robots.txt HTTP/1.1" 200 99 "-" "Mozilla/5.0 AppleWebKit/537.36 (KHTML, like Gecko; compatible; GPTBot/1.2; +https://openai.com/gptbot)"
66.29.132.124 - - [26/Apr/2025:13:47:41 -0400] "POST /wp-cron.php?doing_wp_cron=1745689661.5435481071472167968750 HTTP/1.1" 200 0 "-" "WordPress/6.8; https://learningladder.academy"
66.29.132.124 - - [26/Apr/2025:13:47:44 -0400] "POST /wp-admin/admin-ajax.php?action=async_litespeed&nonce=D0qlRl0Rx6MPSN3M5e3WXBfjMMSAlfpp&litespeed_type=imgoptm HTTP/1.1" 200 0 "-" "WordPress/6.8; https://learningladder.academy"
20.171.207.207 - - [26/Apr/2025:13:47:37 -0400] "GET /wp-includes/SimplePie/Net/ HTTP/1.1" 404 18906 "-" "Mozilla/5.0 AppleWebKit/537.36 (KHTML, like Gecko; compatible; GPTBot/1.2; +https://openai.com/gptbot)"
68.65.122.90 - - [26/Apr/2025:13:53:12 -0400] "GET /wp-login.php HTTP/1.1" 200 1761 "http://learningladder.academy" "Mozilla/5.0 (Windows NT 10.0; Win64; x64; rv:129.0) Gecko/20100101 Firefox/129.0"
198.54.120.17 - - [26/Apr/2025:14:00:33 -0400] "GET /wp-login.php HTTP/1.1" 200 1761 "http://learningladder.academy" "Mozilla/5.0 (Macintosh; Intel Mac OS X 10_15_7; rv:126.0) Gecko/20100101 Firefox/126.0"
66.29.132.124 - - [26/Apr/2025:14:13:47 -0400] "POST /wp-cron.php?doing_wp_cron=1745691227.3568050861358642578125 HTTP/1.1" 200 0 "-" "WordPress/6.8; https://learningladder.academy"
66.29.132.124 - - [26/Apr/2025:14:13:47 -0400] "POST /wp-cron.php?doing_wp_cron=1745691227.3615810871124267578125 HTTP/1.1" 200 0 "-" "WordPress/6.8; https://learningladder.academy"
52.167.144.226 - - [26/Apr/2025:14:13:39 -0400] "GET /wp-sitemap-taxonomies-category-1.xml HTTP/1.1" 200 163 "-" "Mozilla/5.0 AppleWebKit/537.36 (KHTML, like Gecko; compatible; bingbot/2.0; +http://www.bing.com/bingbot.htm) Chrome/116.0.1938.76 Safari/537.36"
66.29.132.124 - - [26/Apr/2025:14:13:48 -0400] "POST /wp-admin/admin-ajax.php?action=async_litespeed&nonce=PtMkokdLXAKB5D0eVsueGFpwWIWBNx8c&litespeed_type=imgoptm HTTP/1.1" 200 0 "-" "WordPress/6.8; https://learningladder.academy"
52.167.144.163 - - [26/Apr/2025:14:13:43 -0400] "GET /wp-sitemap-posts-page-1.xml HTTP/1.1" 200 335 "-" "Mozilla/5.0 AppleWebKit/537.36 (KHTML, like Gecko; compatible; bingbot/2.0; +http://www.bing.com/bingbot.htm) Chrome/116.0.1938.76 Safari/537.36"
52.167.144.163 - - [26/Apr/2025:14:13:50 -0400] "GET /wp-sitemap-users-1.xml HTTP/1.1" 200 161 "-" "Mozilla/5.0 AppleWebKit/537.36 (KHTML, like Gecko; compatible; bingbot/2.0; +http://www.bing.com/bingbot.htm) Chrome/116.0.1938.76 Safari/537.36"
52.167.144.226 - - [26/Apr/2025:14:13:59 -0400] "GET /wp-sitemap-posts-post-1.xml HTTP/1.1" 200 202 "-" "Mozilla/5.0 AppleWebKit/537.36 (KHTML, like Gecko; compatible; bingbot/2.0; +http://www.bing.com/bingbot.htm) Chrome/116.0.1938.76 Safari/537.36"
52.167.144.226 - - [26/Apr/2025:14:14:01 -0400] "GET /wp-sitemap-posts-elementskit_template-1.xml HTTP/1.1" 200 223 "-" "Mozilla/5.0 AppleWebKit/537.36 (KHTML, like Gecko; compatible; bingbot/2.0; +http://www.bing.com/bingbot.htm) Chrome/116.0.1938.76 Safari/537.36"
66.29.132.124 - - [26/Apr/2025:14:19:21 -0400] "POST /wp-cron.php?doing_wp_cron=1745691560.9169979095458984375000 HTTP/1.1" 200 0 "-" "WordPress/6.8; https://learningladder.academy"
5.9.157.246 - - [26/Apr/2025:14:19:12 -0400] "POST /xmlrpc.php HTTP/1.1" 200 403 "-" "Mozilla/5.0 (Windows NT 6.1; Win64; x64) AppleWebKit/537.36 (KHTML, like Gecko) Chrome/60.0.3112.90 Safari/537.36"
66.29.132.124 - - [26/Apr/2025:14:19:24 -0400] "POST /wp-admin/admin-ajax.php?action=async_litespeed&nonce=JbBAdhSHyO8azl70wghWPxxb71Dhvh9b&litespeed_type=imgoptm HTTP/1.1" 200 0 "-" "WordPress/6.8; https://learningladder.academy"
34.38.142.97 - - [26/Apr/2025:14:19:37 -0400] "POST /xmlrpc.php HTTP/1.1" 200 403 "-" "Mozilla/5.0 (Windows NT 10.0; Win64; x64) AppleWebKit/537.36 (KHTML, like Gecko) Chrome/70.0.3538.102 Safari/537.36"
134.209.95.224 - - [26/Apr/2025:14:19:38 -0400] "POST /xmlrpc.php HTTP/1.1" 200 403 "-" "Mozilla/5.0 (Windows NT 10.0; Win64; x64; rv:88.0) Gecko/20100101 Firefox/88.0"
66.29.132.124 - - [26/Apr/2025:14:19:39 -0400] "POST /wp-cron.php?doing_wp_cron=1745691577.7735180854797363281250 HTTP/1.1" 200 0 "-" "WordPress/6.8; https://learningladder.academy"
62.116.200.98 - - [26/Apr/2025:14:19:50 -0400] "POST /xmlrpc.php HTTP/1.1" 200 403 "-" "Mozilla/5.0 (Windows NT 6.1) AppleWebKit/537.36 (KHTML, like Gecko) Chrome/56.0.2924.76 Safari/537.36"
195.85.19.62 - - [26/Apr/2025:14:19:52 -0400] "POST /xmlrpc.php HTTP/1.1" 200 403 "-" "Mozilla/5.0 (Windows NT 10.0; Win64; x64) AppleWebKit/537.36 (KHTML, like Gecko) Chrome/84.0.4147.135 Safari/537.36"
5.9.157.246 - - [26/Apr/2025:14:20:00 -0400] "POST /xmlrpc.php HTTP/1.1" 200 403 "-" "Mozilla/5.0 (Windows NT 6.1; Win64; x64) AppleWebKit/537.36 (KHTML, like Gecko) Chrome/60.0.3112.90 Safari/537.36"
194.163.151.88 - - [26/Apr/2025:14:20:07 -0400] "POST /xmlrpc.php HTTP/1.1" 200 403 "-" "Mozilla/5.0 (Windows NT 10.0; Win64; x64; rv:63.0) Gecko/20100101 Firefox/63.0"
45.91.122.120 - - [26/Apr/2025:14:20:15 -0400] "POST /xmlrpc.php HTTP/1.1" 200 403 "-" "Mozilla/5.0 (Linux; Android 10; LM-X420) AppleWebKit/537.36 (KHTML, like Gecko) Chrome/91.0.4472.114 Mobile Safari/537.36"
198.54.114.29 - - [26/Apr/2025:14:30:55 -0400] "GET /wp-login.php HTTP/1.1" 200 1761 "http://learningladder.academy" "Mozilla/5.0 (Macintosh; Intel Mac OS X 13.3; rv:126.0) Gecko/20100101 Firefox/126.0"
91.84.99.6 - - [26/Apr/2025:14:35:23 -0400] "GET / HTTP/1.1" 200 34334 "-" "Mozilla/5.0 (Macintosh; Intel Mac OS X 10_15_7) AppleWebKit/537.36 (KHTML, like Gecko) Chrome/133.0.0.0 Safari/537.36"
66.29.132.124 - - [26/Apr/2025:14:35:34 -0400] "POST /wp-cron.php?doing_wp_cron=1745692534.0921781063079833984375 HTTP/1.1" 200 0 "-" "WordPress/6.8; https://learningladder.academy"
66.29.132.124 - - [26/Apr/2025:14:35:36 -0400] "POST /wp-admin/admin-ajax.php?action=async_litespeed&nonce=2j64OOU7Hw5JMPo1oPH4XdwQZNrCoBNd&litespeed_type=imgoptm HTTP/1.1" 200 0 "-" "WordPress/6.8; https://learningladder.academy"
170.247.124.207 - - [26/Apr/2025:14:35:25 -0400] "POST / HTTP/1.1" 200 34283 "-" "Mozilla/5.0 (Macintosh; Intel Mac OS X 10_15_7) AppleWebKit/537.36 (KHTML, like Gecko) Chrome/133.0.0.0 Safari/537.36"
66.29.132.124 - - [26/Apr/2025:14:35:48 -0400] "POST /wp-cron.php?doing_wp_cron=1745692547.5947599411010742187500 HTTP/1.1" 200 0 "-" "WordPress/6.8; https://learningladder.academy"
170.247.124.207 - - [26/Apr/2025:14:35:46 -0400] "POST / HTTP/1.1" 200 34283 "-" "Mozilla/5.0 (Windows NT 10.0; Win64; x64) AppleWebKit/537.36 (KHTML, like Gecko) Chrome/120.0.0.0 Safari/537.36"
170.247.124.207 - - [26/Apr/2025:14:35:52 -0400] "POST / HTTP/1.1" 200 34283 "-" "Mozilla/5.0 (Macintosh; Intel Mac OS X 10_15_7) AppleWebKit/537.36 (KHTML, like Gecko) Chrome/133.0.0.0 Safari/537.36"
170.247.124.207 - - [26/Apr/2025:14:35:56 -0400] "POST / HTTP/1.1" 200 34283 "-" "Mozilla/5.0 (Windows NT 10.0; Win64; x64) AppleWebKit/537.36 (KHTML, like Gecko) Chrome/120.0.0.0 Safari/537.36"
91.84.99.6 - - [26/Apr/2025:14:35:59 -0400] "GET /comments/feed/ HTTP/1.1" 200 763 "-" "Mozilla/5.0 (Macintosh; Intel Mac OS X 10_15_7) AppleWebKit/537.36 (KHTML, like Gecko) Chrome/133.0.0.0 Safari/537.36"
91.84.99.6 - - [26/Apr/2025:14:36:00 -0400] "GET /contact-us/ HTTP/1.1" 200 27826 "-" "Mozilla/5.0 (Macintosh; Intel Mac OS X 10_15_7) AppleWebKit/537.36 (KHTML, like Gecko) Chrome/133.0.0.0 Safari/537.36"
170.247.124.207 - - [26/Apr/2025:14:36:05 -0400] "POST /contact-us/ HTTP/1.1" 200 27778 "-" "Mozilla/5.0 (Macintosh; Intel Mac OS X 10_15_7) AppleWebKit/537.36 (KHTML, like Gecko) Chrome/133.0.0.0 Safari/537.36"
170.247.124.207 - - [26/Apr/2025:14:36:08 -0400] "POST /contact-us/ HTTP/1.1" 200 27778 "-" "Mozilla/5.0 (Windows NT 10.0; Win64; x64) AppleWebKit/537.36 (KHTML, like Gecko) Chrome/120.0.0.0 Safari/537.36"
170.247.124.207 - - [26/Apr/2025:14:36:12 -0400] "POST /contact-us/ HTTP/1.1" 200 27778 "-" "Mozilla/5.0 (Macintosh; Intel Mac OS X 10_15_7) AppleWebKit/537.36 (KHTML, like Gecko) Chrome/133.0.0.0 Safari/537.36"
170.247.124.207 - - [26/Apr/2025:14:36:15 -0400] "POST /contact-us/ HTTP/1.1" 200 27778 "-" "Mozilla/5.0 (Windows NT 10.0; Win64; x64) AppleWebKit/537.36 (KHTML, like Gecko) Chrome/120.0.0.0 Safari/537.36"
91.84.99.6 - - [26/Apr/2025:14:36:18 -0400] "GET /registration-policy/ HTTP/1.1" 200 29375 "-" "Mozilla/5.0 (Macintosh; Intel Mac OS X 10_15_7) AppleWebKit/537.36 (KHTML, like Gecko) Chrome/133.0.0.0 Safari/537.36"
170.247.124.207 - - [26/Apr/2025:14:36:21 -0400] "POST /registration-policy/ HTTP/1.1" 200 29333 "-" "Mozilla/5.0 (Macintosh; Intel Mac OS X 10_15_7) AppleWebKit/537.36 (KHTML, like Gecko) Chrome/133.0.0.0 Safari/537.36"
170.247.124.207 - - [26/Apr/2025:14:36:31 -0400] "POST /registration-policy/ HTTP/1.1" 200 29333 "-" "Mozilla/5.0 (Windows NT 10.0; Win64; x64) AppleWebKit/537.36 (KHTML, like Gecko) Chrome/120.0.0.0 Safari/537.36"
170.247.124.207 - - [26/Apr/2025:14:36:33 -0400] "POST /registration-policy/ HTTP/1.1" 200 29333 "-" "Mozilla/5.0 (Macintosh; Intel Mac OS X 10_15_7) AppleWebKit/537.36 (KHTML, like Gecko) Chrome/133.0.0.0 Safari/537.36"
170.247.124.207 - - [26/Apr/2025:14:36:37 -0400] "POST /registration-policy/ HTTP/1.1" 200 29333 "-" "Mozilla/5.0 (Windows NT 10.0; Win64; x64) AppleWebKit/537.36 (KHTML, like Gecko) Chrome/120.0.0.0 Safari/537.36"
91.84.99.6 - - [26/Apr/2025:14:36:39 -0400] "GET / HTTP/1.1" 200 34334 "-" "Mozilla/5.0 (Macintosh; Intel Mac OS X 10_15_7) AppleWebKit/537.36 (KHTML, like Gecko) Chrome/133.0.0.0 Safari/537.36"
170.247.124.207 - - [26/Apr/2025:14:36:40 -0400] "POST / HTTP/1.1" 200 34283 "-" "Mozilla/5.0 (Macintosh; Intel Mac OS X 10_15_7) AppleWebKit/537.36 (KHTML, like Gecko) Chrome/133.0.0.0 Safari/537.36"
170.247.124.207 - - [26/Apr/2025:14:36:44 -0400] "POST / HTTP/1.1" 200 34283 "-" "Mozilla/5.0 (Windows NT 10.0; Win64; x64) AppleWebKit/537.36 (KHTML, like Gecko) Chrome/120.0.0.0 Safari/537.36"
170.247.124.207 - - [26/Apr/2025:14:36:46 -0400] "POST / HTTP/1.1" 200 34283 "-" "Mozilla/5.0 (Macintosh; Intel Mac OS X 10_15_7) AppleWebKit/537.36 (KHTML, like Gecko) Chrome/133.0.0.0 Safari/537.36"
66.29.132.124 - - [26/Apr/2025:14:36:50 -0400] "POST /wp-cron.php?doing_wp_cron=1745692610.4570820331573486328125 HTTP/1.1" 200 0 "-" "WordPress/6.8; https://learningladder.academy"
170.247.124.207 - - [26/Apr/2025:14:36:49 -0400] "POST / HTTP/1.1" 200 34283 "-" "Mozilla/5.0 (Windows NT 10.0; Win64; x64) AppleWebKit/537.36 (KHTML, like Gecko) Chrome/120.0.0.0 Safari/537.36"
66.29.132.124 - - [26/Apr/2025:14:36:52 -0400] "POST /wp-admin/admin-ajax.php?action=async_litespeed&nonce=ezJ5HcDwVfxdl4ZsypiFadnKTjBaWT6U&litespeed_type=imgoptm HTTP/1.1" 200 21 "-" "WordPress/6.8; https://learningladder.academy"
193.186.4.244 - - [26/Apr/2025:14:42:42 -0400] "GET / HTTP/1.1" 200 28842 "https://www.google.com/" "Mozilla/5.0 (X11; Linux x86_64) AppleWebKit/537.36 (KHTML, like Gecko) Chrome/135.0.0.0 Safari/537.36"
66.102.6.167 - - [26/Apr/2025:14:42:42 -0400] "GET /.well-known/traffic-advice HTTP/1.1" 200 0 "-" "Chrome Privacy Preserving Prefetch Proxy"
66.29.132.124 - - [26/Apr/2025:14:42:52 -0400] "POST /wp-cron.php?doing_wp_cron=1745692971.3366310596466064453125 HTTP/1.1" 200 0 "-" "WordPress/6.8; https://learningladder.academy"
37.139.53.253 - - [26/Apr/2025:15:08:10 -0400] "GET / HTTP/1.1" 200 28842 "-" "Mozilla/5.0 (Windows NT 11.0; Win64; x64) AppleWebKit/537.36 (KHTML, like Gecko) Chrome/135.0.7049.42 Safari/537.36"
162.0.235.8 - - [26/Apr/2025:15:08:31 -0400] "GET /wp-login.php HTTP/1.1" 200 1761 "http://learningladder.academy" "Mozilla/5.0 (Macintosh; Intel Mac OS X 10_15_7; rv:129.0) Gecko/20100101 Firefox/129.0"
212.41.8.68 - - [26/Apr/2025:15:14:49 -0400] "GET / HTTP/1.0" 200 164706 "https://learningladder.academy/" "Mozilla/5.0 (Windows NT 6.3; Win64; x64) AppleWebKit/537.36 (KHTML, like Gecko) Chrome/103.0.0.0 Safari/537.36"
66.29.132.124 - - [26/Apr/2025:15:15:06 -0400] "POST /wp-cron.php?doing_wp_cron=1745694904.9668180942535400390625 HTTP/1.1" 200 0 "-" "WordPress/6.8; https://learningladder.academy"
212.41.8.68 - - [26/Apr/2025:15:14:52 -0400] "POST /wp-admin/admin-ajax.php HTTP/1.0" 200 112 "https://learningladder.academy/" "Mozilla/5.0 (Windows NT 6.3; Win64; x64) AppleWebKit/537.36 (KHTML, like Gecko) Chrome/103.0.0.0 Safari/537.36"
107.150.0.65 - - [26/Apr/2025:15:37:04 -0400] "GET /.env HTTP/1.1" 403 1242 "-" "Mozilla/5.0 (Windows NT 10.0; Win64; x64) AppleWebKit/537.36 (KHTML, like Gecko) Chrome/119.0.0.0 Safari/537.36"
107.150.0.65 - - [26/Apr/2025:15:37:04 -0400] "POST / HTTP/1.1" 508 829 "-" "Mozilla/5.0 (Windows NT 10.0; Win64; x64) AppleWebKit/537.36 (KHTML, like Gecko) Chrome/119.0.0.0 Safari/537.36"
66.29.132.124 - - [26/Apr/2025:15:38:49 -0400] "POST /wp-cron.php?doing_wp_cron=1745696329.1586370468139648437500 HTTP/1.1" 200 0 "-" "WordPress/6.8; https://learningladder.academy"
66.29.132.124 - - [26/Apr/2025:15:38:49 -0400] "POST /wp-admin/admin-ajax.php?action=async_litespeed&nonce=7n7Kky4hPVEOxO7sO66F4Vf0SYeSCOri&litespeed_type=imgoptm HTTP/1.1" 200 21 "-" "WordPress/6.8; https://learningladder.academy"
66.249.74.9 - - [26/Apr/2025:15:38:41 -0400] "GET /robots.txt HTTP/1.1" 301 0 "-" "Mozilla/5.0 (compatible; Googlebot/2.1; +http://www.google.com/bot.html)"
66.249.74.134 - - [26/Apr/2025:15:38:51 -0400] "GET /robots.txt HTTP/1.1" 200 99 "-" "Mozilla/5.0 (compatible; Googlebot/2.1; +http://www.google.com/bot.html)"
66.29.132.124 - - [26/Apr/2025:15:45:56 -0400] "POST /wp-cron.php?doing_wp_cron=1745696756.3785359859466552734375 HTTP/1.1" 200 0 "-" "WordPress/6.8; https://learningladder.academy"
66.29.132.124 - - [26/Apr/2025:15:45:57 -0400] "POST /wp-admin/admin-ajax.php?action=async_litespeed&nonce=HFYyOuGuyhJ4SFiKMNT76IquoS9N9TG4&litespeed_type=imgoptm HTTP/1.1" 200 21 "-" "WordPress/6.8; https://learningladder.academy"
52.167.144.19 - - [26/Apr/2025:15:45:51 -0400] "GET /courses/stem_student.jpg HTTP/1.1" 404 18896 "-" "Mozilla/5.0 AppleWebKit/537.36 (KHTML, like Gecko; compatible; bingbot/2.0; +http://www.bing.com/bingbot.htm) Chrome/116.0.1938.76 Safari/537.36"
162.0.209.186 - - [26/Apr/2025:15:53:02 -0400] "GET /wp-login.php HTTP/1.1" 200 1761 "http://learningladder.academy" "Mozilla/5.0 (Windows NT 11.0; Win64; x64; rv:126.0) Gecko/20100101 Firefox/126.0"
31.13.103.113 - - [26/Apr/2025:16:09:16 -0400] "GET /registration-policy/ HTTP/1.1" 200 128105 "-" "meta-externalagent/1.1 (+https://developers.facebook.com/docs/sharing/webmasters/crawler)"
31.13.103.10 - - [26/Apr/2025:16:09:16 -0400] "GET / HTTP/1.1" 200 164706 "-" "meta-externalagent/1.1 (+https://developers.facebook.com/docs/sharing/webmasters/crawler)"
66.29.132.124 - - [26/Apr/2025:16:09:19 -0400] "POST /wp-cron.php?doing_wp_cron=1745698159.2484340667724609375000 HTTP/1.1" 200 0 "-" "WordPress/6.8; https://learningladder.academy"
66.29.132.124 - - [26/Apr/2025:16:09:19 -0400] "POST /wp-admin/admin-ajax.php?action=async_litespeed&nonce=bCNhZTdfrRulSPaU58kaqmmZ4lrcnSre&litespeed_type=imgoptm HTTP/1.1" 200 21 "-" "WordPress/6.8; https://learningladder.academy"
31.13.103.5 - - [26/Apr/2025:16:09:16 -0400] "GET /enrollment/ HTTP/1.1" 200 125855 "-" "meta-externalagent/1.1 (+https://developers.facebook.com/docs/sharing/webmasters/crawler)"
66.29.132.124 - - [26/Apr/2025:16:15:09 -0400] "POST /wp-cron.php?doing_wp_cron=1745698509.0017850399017333984375 HTTP/1.1" 200 0 "-" "WordPress/6.8; https://learningladder.academy"
107.151.214.140 - - [26/Apr/2025:16:15:06 -0400] "GET /wp-content/plugins/shell/about.php HTTP/1.1" 404 21697 "www.google.com" "Mozlila/5.0 (Linux; Android 7.0; SM-G892A Bulid/NRD90M; wv) AppleWebKit/537.36 (KHTML, like Gecko) Version/4.0 Chrome/60.0.3112.107 Moblie Safari/537.36"
66.29.132.124 - - [26/Apr/2025:16:15:10 -0400] "POST /wp-admin/admin-ajax.php?action=async_litespeed&nonce=asyneB0vK0h29vrPFjb0q5G2uY5vuurG&litespeed_type=imgoptm HTTP/1.1" 200 0 "-" "WordPress/6.8; https://learningladder.academy"
66.29.132.124 - - [26/Apr/2025:16:15:15 -0400] "POST /wp-cron.php?doing_wp_cron=1745698514.7708880901336669921875 HTTP/1.1" 200 0 "-" "WordPress/6.8; https://learningladder.academy"
107.151.214.140 - - [26/Apr/2025:16:15:14 -0400] "GET /wp-content/plugins/pwnd/pwnd.php HTTP/1.1" 404 21706 "www.google.com" "Mozlila/5.0 (Linux; Android 7.0; SM-G892A Bulid/NRD90M; wv) AppleWebKit/537.36 (KHTML, like Gecko) Version/4.0 Chrome/60.0.3112.107 Moblie Safari/537.36"
107.151.214.140 - - [26/Apr/2025:16:15:27 -0400] "GET /wp-content/plugins/fix/up.php HTTP/1.1" 404 21698 "www.google.com" "Mozlila/5.0 (Linux; Android 7.0; SM-G892A Bulid/NRD90M; wv) AppleWebKit/537.36 (KHTML, like Gecko) Version/4.0 Chrome/60.0.3112.107 Moblie Safari/537.36"
107.151.214.140 - - [26/Apr/2025:16:15:28 -0400] "GET /wp-content/plugins/ph-file-manager/wp-file.php HTTP/1.1" 404 21712 "www.google.com" "Mozlila/5.0 (Linux; Android 7.0; SM-G892A Bulid/NRD90M; wv) AppleWebKit/537.36 (KHTML, like Gecko) Version/4.0 Chrome/60.0.3112.107 Moblie Safari/537.36"
107.151.214.140 - - [26/Apr/2025:16:15:29 -0400] "GET /wp-content/plugins/root-file-manager/wp-file.php HTTP/1.1" 404 21707 "www.google.com" "Mozlila/5.0 (Linux; Android 7.0; SM-G892A Bulid/NRD90M; wv) AppleWebKit/537.36 (KHTML, like Gecko) Version/4.0 Chrome/60.0.3112.107 Moblie Safari/537.36"
66.29.132.124 - - [26/Apr/2025:16:15:46 -0400] "POST /wp-cron.php?doing_wp_cron=1745698546.2951779365539550781250 HTTP/1.1" 200 0 "-" "WordPress/6.8; https://learningladder.academy"
107.151.214.140 - - [26/Apr/2025:16:15:46 -0400] "GET /wp-content/plugins/wp-help/mini.php HTTP/1.1" 404 21702 "www.google.com" "Mozlila/5.0 (Linux; Android 7.0; SM-G892A Bulid/NRD90M; wv) AppleWebKit/537.36 (KHTML, like Gecko) Version/4.0 Chrome/60.0.3112.107 Moblie Safari/537.36"
107.151.214.140 - - [26/Apr/2025:16:15:57 -0400] "GET /wp-content/themes/travel/issue.php HTTP/1.1" 404 21709 "www.google.com" "Mozlila/5.0 (Linux; Android 7.0; SM-G892A Bulid/NRD90M; wv) AppleWebKit/537.36 (KHTML, like Gecko) Version/4.0 Chrome/60.0.3112.107 Moblie Safari/537.36"
107.151.214.140 - - [26/Apr/2025:16:16:04 -0400] "GET /wp-content/themes/jaida/lang.php HTTP/1.1" 404 21710 "www.google.com" "Mozlila/5.0 (Linux; Android 7.0; SM-G892A Bulid/NRD90M; wv) AppleWebKit/537.36 (KHTML, like Gecko) Version/4.0 Chrome/60.0.3112.107 Moblie Safari/537.36"
66.29.132.124 - - [26/Apr/2025:17:03:26 -0400] "POST /wp-cron.php?doing_wp_cron=1745701406.2018980979919433593750 HTTP/1.1" 200 0 "-" "WordPress/6.8; https://learningladder.academy"
91.134.248.245 - - [26/Apr/2025:17:03:19 -0400] "POST /xmlrpc.php HTTP/1.1" 200 403 "-" "Mozilla/5.0 (Windows NT 10.0; Win64; x64) AppleWebKit/537.36 (KHTML, like Gecko) Chrome/88.0.4324.104 Safari/537.36"
66.29.132.124 - - [26/Apr/2025:17:03:26 -0400] "POST /wp-admin/admin-ajax.php?action=async_litespeed&nonce=lxoBsKzwehr8thU3RRoRLcN7elBZF2GY&litespeed_type=imgoptm HTTP/1.1" 200 21 "-" "WordPress/6.8; https://learningladder.academy"
5.9.157.246 - - [26/Apr/2025:17:03:29 -0400] "POST /xmlrpc.php HTTP/1.1" 200 403 "-" "Mozilla/5.0 (Windows NT 10.0; Win64; x64) AppleWebKit/537.36 (KHTML, like Gecko) Chrome/84.0.4147.105 Safari/537.36"
