OwlCyberSecurity - MANAGER
Edit File: makstandardent.com.arsn.media-ssl_log
66.29.132.124 - - [27/Apr/2025:04:05:39 -0400] "GET / HTTP/1.1" 200 171401 "-" "Mozilla/5.0 (Windows NT 10.0; Win64; x64; rv:122.0) Gecko/20100101 Firefox/122.0"
66.29.132.124 - - [27/Apr/2025:04:40:22 -0400] "POST /wp-cron.php?doing_wp_cron=1745743221.8489959239959716796875 HTTP/1.1" 200 0 "-" "WordPress/6.8; https://makstandardent.com"
66.29.132.124 - - [27/Apr/2025:04:40:22 -0400] "POST /wp-cron.php?doing_wp_cron=1745743222.6308209896087646484375 HTTP/1.1" 200 0 "-" "WordPress/6.8; https://makstandardent.com"
182.42.105.144 - - [27/Apr/2025:04:40:09 -0400] "GET / HTTP/1.1" 301 0 "http://www.makstandardent.com" "Mozilla/5.0 (iPhone; CPU iPhone OS 13_2_3 like Mac OS X) AppleWebKit/605.1.15 (KHTML, like Gecko) Version/13.0.3 Mobile/15E148 Safari/604.1"
182.42.105.144 - - [27/Apr/2025:04:40:25 -0400] "GET / HTTP/1.1" 200 38887 "https://www.makstandardent.com/" "Mozilla/5.0 (iPhone; CPU iPhone OS 13_2_3 like Mac OS X) AppleWebKit/605.1.15 (KHTML, like Gecko) Version/13.0.3 Mobile/15E148 Safari/604.1"
66.29.132.124 - - [27/Apr/2025:04:40:25 -0400] "POST /wp-admin/admin-ajax.php?action=async_litespeed&nonce=rxolE8ZE5u5Y87fceIhBT75mOktSPQrS&litespeed_type=imgoptm HTTP/1.1" 200 0 "-" "WordPress/6.8; https://makstandardent.com"
67.223.118.151 - - [27/Apr/2025:04:55:36 -0400] "POST /xmlrpc.php HTTP/1.1" 200 0 "https://makstandardent.com" "Mozilla/5.0 (Macintosh; Intel Mac OS X 10_15_7) AppleWebKit/537.36 (KHTML, like Gecko) Chrome/116.0.5845.96 Safari/537.36"
66.29.132.124 - - [27/Apr/2025:04:55:47 -0400] "POST /wp-cron.php?doing_wp_cron=1745744147.4536960124969482421875 HTTP/1.1" 200 0 "-" "WordPress/6.8; https://makstandardent.com"
66.29.132.124 - - [27/Apr/2025:04:55:48 -0400] "POST /wp-admin/admin-ajax.php?action=async_litespeed&nonce=8iHT8jXigKGguriNITx4z2fPbJ9VJthh&litespeed_type=imgoptm HTTP/1.1" 200 0 "-" "WordPress/6.8; https://makstandardent.com"
43.153.27.244 - - [27/Apr/2025:05:03:07 -0400] "GET / HTTP/1.1" 200 38887 "http://makstandardent.com" "Mozilla/5.0 (iPhone; CPU iPhone OS 13_2_3 like Mac OS X) AppleWebKit/605.1.15 (KHTML, like Gecko) Version/13.0.3 Mobile/15E148 Safari/604.1"
66.29.132.124 - - [27/Apr/2025:05:21:40 -0400] "POST /wp-cron.php?doing_wp_cron=1745745700.5875210762023925781250 HTTP/1.1" 200 0 "-" "WordPress/6.8; https://makstandardent.com"
69.57.162.14 - - [27/Apr/2025:05:21:35 -0400] "POST /xmlrpc.php HTTP/1.1" 200 212 "https://makstandardent.com" "Mozilla/5.0 (Windows NT 10.0; Win64; x64) AppleWebKit/537.36 (KHTML, like Gecko) Chrome/114.0.5735.199 Safari/537.36 Edg/114.0.1823.67"
66.29.132.124 - - [27/Apr/2025:05:21:41 -0400] "POST /wp-admin/admin-ajax.php?action=async_litespeed&nonce=wPEgYEFYK2AC9ixFFLV6UXJ6KZU7BWWw&litespeed_type=imgoptm HTTP/1.1" 200 21 "-" "WordPress/6.8; https://makstandardent.com"
66.29.132.124 - - [27/Apr/2025:05:28:07 -0400] "POST /wp-cron.php?doing_wp_cron=1745746087.8181550502777099609375 HTTP/1.1" 200 0 "-" "WordPress/6.8; https://makstandardent.com"
66.29.141.222 - - [27/Apr/2025:05:28:02 -0400] "POST /xmlrpc.php HTTP/1.1" 200 212 "https://makstandardent.com" "Mozilla/5.0 (Macintosh; Intel Mac OS X 10_15_7) AppleWebKit/537.36 (KHTML, like Gecko) Chrome/126.0.0.0 Safari/537.36"
66.29.132.124 - - [27/Apr/2025:05:28:08 -0400] "POST /wp-admin/admin-ajax.php?action=async_litespeed&nonce=PtxTyL9EZq0hxQxx8XUbUJS2y7ZDXkAo&litespeed_type=imgoptm HTTP/1.1" 200 21 "-" "WordPress/6.8; https://makstandardent.com"
66.29.132.124 - - [27/Apr/2025:05:53:17 -0400] "POST /wp-cron.php?doing_wp_cron=1745747596.9168109893798828125000 HTTP/1.1" 200 0 "-" "WordPress/6.8; https://makstandardent.com"
68.65.123.76 - - [27/Apr/2025:05:53:10 -0400] "POST /xmlrpc.php HTTP/1.1" 200 186 "https://makstandardent.com" "Mozilla/5.0 (Windows NT 10.0; Win64; x64) AppleWebKit/537.36 (KHTML, like Gecko) Chrome/114.0.5735.134 Safari/537.36"
66.29.132.124 - - [27/Apr/2025:05:53:17 -0400] "POST /wp-admin/admin-ajax.php?action=async_litespeed&nonce=oY73ThGdthH35TfFzUplUYecajuFaev9&litespeed_type=imgoptm HTTP/1.1" 200 0 "-" "WordPress/6.8; https://makstandardent.com"
66.29.132.124 - - [27/Apr/2025:05:53:18 -0400] "POST /wp-cron.php?doing_wp_cron=1745747598.7392590045928955078125 HTTP/1.1" 200 0 "-" "WordPress/6.8; https://makstandardent.com"
66.29.132.124 - - [27/Apr/2025:06:11:51 -0400] "POST /wp-cron.php?doing_wp_cron=1745748711.6408309936523437500000 HTTP/1.1" 200 0 "-" "WordPress/6.8; https://makstandardent.com"
198.54.114.86 - - [27/Apr/2025:06:11:46 -0400] "POST /xmlrpc.php HTTP/1.1" 200 186 "https://makstandardent.com" "Mozilla/5.0 (Macintosh; Intel Mac OS X 10_15_7) AppleWebKit/537.36 (KHTML, like Gecko) Chrome/113.0.5672.93 Safari/537.36"
66.29.132.124 - - [27/Apr/2025:06:11:52 -0400] "POST /wp-admin/admin-ajax.php?action=async_litespeed&nonce=uq44nlUUHOb7OGhyPjro7HlVnIsU42KB&litespeed_type=imgoptm HTTP/1.1" 200 21 "-" "WordPress/6.8; https://makstandardent.com"
66.29.132.124 - - [27/Apr/2025:06:36:39 -0400] "POST /wp-cron.php?doing_wp_cron=1745750199.8503780364990234375000 HTTP/1.1" 200 0 "-" "WordPress/6.8; https://makstandardent.com"
66.29.137.140 - - [27/Apr/2025:06:36:33 -0400] "POST /xmlrpc.php HTTP/1.1" 200 186 "https://makstandardent.com" "Mozilla/5.0 (Windows NT 10.0; Win64; x64) AppleWebKit/537.36 (KHTML, like Gecko) Chrome/114.0.5735.134 Safari/537.36"
66.29.132.124 - - [27/Apr/2025:06:36:40 -0400] "POST /wp-admin/admin-ajax.php?action=async_litespeed&nonce=1ajapgotUBXVR9z33jh9qwUPRM3kcj99&litespeed_type=imgoptm HTTP/1.1" 200 21 "-" "WordPress/6.8; https://makstandardent.com"
68.65.122.143 - - [27/Apr/2025:07:27:35 -0400] "POST /xmlrpc.php HTTP/1.1" 200 0 "https://makstandardent.com" "Mozilla/5.0 (Windows NT 10.0; Win64; x64) AppleWebKit/537.36 (KHTML, like Gecko) Chrome/115.0.5790.171 Safari/537.36 Edg/115.0.1901.203"
66.29.132.124 - - [27/Apr/2025:07:27:46 -0400] "POST /wp-cron.php?doing_wp_cron=1745753266.5022380352020263671875 HTTP/1.1" 200 0 "-" "WordPress/6.8; https://makstandardent.com"
66.29.132.124 - - [27/Apr/2025:07:27:46 -0400] "POST /wp-admin/admin-ajax.php?action=async_litespeed&nonce=uQUn2fdp8PqVrdjyfUNMyDaqZ86jOPpS&litespeed_type=imgoptm HTTP/1.1" 200 0 "-" "WordPress/6.8; https://makstandardent.com"
66.29.132.124 - - [27/Apr/2025:07:27:47 -0400] "POST /wp-cron.php?doing_wp_cron=1745753267.9185431003570556640625 HTTP/1.1" 200 0 "-" "WordPress/6.8; https://makstandardent.com"
66.29.132.124 - - [27/Apr/2025:07:44:30 -0400] "POST /wp-cron.php?doing_wp_cron=1745754270.5092289447784423828125 HTTP/1.1" 200 0 "-" "WordPress/6.8; https://makstandardent.com"
170.106.11.141 - - [27/Apr/2025:07:44:25 -0400] "GET / HTTP/1.1" 301 0 "http://www.makstandardent.com" "Mozilla/5.0 (iPhone; CPU iPhone OS 13_2_3 like Mac OS X) AppleWebKit/605.1.15 (KHTML, like Gecko) Version/13.0.3 Mobile/15E148 Safari/604.1"
170.106.11.141 - - [27/Apr/2025:07:44:31 -0400] "GET / HTTP/1.1" 200 38887 "https://www.makstandardent.com/" "Mozilla/5.0 (iPhone; CPU iPhone OS 13_2_3 like Mac OS X) AppleWebKit/605.1.15 (KHTML, like Gecko) Version/13.0.3 Mobile/15E148 Safari/604.1"
66.29.132.124 - - [27/Apr/2025:07:44:30 -0400] "POST /wp-admin/admin-ajax.php?action=async_litespeed&nonce=rs5HQn5rw3DQX8jwHHLkxQkVa1X1pQZO&litespeed_type=imgoptm HTTP/1.1" 200 21 "-" "WordPress/6.8; https://makstandardent.com"
124.226.222.66 - - [27/Apr/2025:07:54:21 -0400] "GET / HTTP/1.1" 200 38887 "http://makstandardent.com" "Mozilla/5.0 (iPhone; CPU iPhone OS 13_2_3 like Mac OS X) AppleWebKit/605.1.15 (KHTML, like Gecko) Version/13.0.3 Mobile/15E148 Safari/604.1"
66.29.132.124 - - [27/Apr/2025:08:19:47 -0400] "POST /wp-cron.php?doing_wp_cron=1745756387.7569909095764160156250 HTTP/1.1" 200 0 "-" "WordPress/6.8; https://makstandardent.com"
68.65.120.227 - - [27/Apr/2025:08:19:43 -0400] "POST /xmlrpc.php HTTP/1.1" 200 186 "https://makstandardent.com" "Mozilla/5.0 (Windows NT 10.0; Win64; x64) AppleWebKit/537.36 (KHTML, like Gecko) Chrome/115.0.5790.102 Safari/537.36"
66.29.132.124 - - [27/Apr/2025:08:19:48 -0400] "POST /wp-admin/admin-ajax.php?action=async_litespeed&nonce=iuh6xmU0M7gUITGGCIi7jrTF9zKTwNqz&litespeed_type=imgoptm HTTP/1.1" 200 21 "-" "WordPress/6.8; https://makstandardent.com"
66.29.132.124 - - [27/Apr/2025:08:19:49 -0400] "GET / HTTP/1.1" 200 38887 "-" "WordPress/6.8; https://makstandardent.com"
66.29.132.124 - - [27/Apr/2025:08:59:08 -0400] "POST /wp-cron.php?doing_wp_cron=1745758748.7019109725952148437500 HTTP/1.1" 200 0 "-" "WordPress/6.8; https://makstandardent.com"
68.65.122.55 - - [27/Apr/2025:08:59:03 -0400] "POST /xmlrpc.php HTTP/1.1" 200 186 "https://makstandardent.com" "Mozilla/5.0 (Macintosh; Intel Mac OS X 10_15_7) AppleWebKit/537.36 (KHTML, like Gecko) Chrome/114.0.5735.134 Safari/537.36"
66.29.132.124 - - [27/Apr/2025:08:59:09 -0400] "POST /wp-cron.php?doing_wp_cron=1745758749.5402429103851318359375 HTTP/1.1" 200 0 "-" "WordPress/6.8; https://makstandardent.com"
66.29.132.124 - - [27/Apr/2025:08:59:09 -0400] "POST /wp-admin/admin-ajax.php?action=async_litespeed&nonce=dIYS7R2m9Ry3tEC5dnsORbYRXEVCuoPM&litespeed_type=imgoptm HTTP/1.1" 200 21 "-" "WordPress/6.8; https://makstandardent.com"
66.29.132.124 - - [27/Apr/2025:09:05:40 -0400] "POST /wp-cron.php?doing_wp_cron=1745759140.1435511112213134765625 HTTP/1.1" 200 0 "-" "WordPress/6.8; https://makstandardent.com"
68.65.123.34 - - [27/Apr/2025:09:05:36 -0400] "POST /xmlrpc.php HTTP/1.1" 200 212 "https://makstandardent.com" "Mozilla/5.0 (Windows NT 11.0; Win64; x64) AppleWebKit/537.36 (KHTML, like Gecko) Chrome/126.0.0.0 Safari/537.36 Edg/126.0.0.0"
66.29.132.124 - - [27/Apr/2025:09:05:40 -0400] "POST /wp-admin/admin-ajax.php?action=async_litespeed&nonce=G2YUeYuaA4SWduNNKGYWlVygKodMI9sc&litespeed_type=imgoptm HTTP/1.1" 200 21 "-" "WordPress/6.8; https://makstandardent.com"
66.29.132.124 - - [27/Apr/2025:09:12:11 -0400] "POST /wp-cron.php?doing_wp_cron=1745759531.3072218894958496093750 HTTP/1.1" 200 0 "-" "WordPress/6.8; https://makstandardent.com"
66.29.141.222 - - [27/Apr/2025:09:12:08 -0400] "POST /xmlrpc.php HTTP/1.1" 200 186 "https://makstandardent.com" "Mozilla/5.0 (Windows NT 10.0; Win64; x64; rv:125.0.1) Gecko/20100101 Firefox/125.0.1"
66.29.132.124 - - [27/Apr/2025:09:12:11 -0400] "POST /wp-admin/admin-ajax.php?action=async_litespeed&nonce=GkJCsZ7GLOuC1K13nOIAe9mOd6lcWUNk&litespeed_type=imgoptm HTTP/1.1" 200 21 "-" "WordPress/6.8; https://makstandardent.com"
66.29.132.124 - - [27/Apr/2025:09:18:36 -0400] "POST /wp-cron.php?doing_wp_cron=1745759916.0458860397338867187500 HTTP/1.1" 200 0 "-" "WordPress/6.8; https://makstandardent.com"
67.223.118.151 - - [27/Apr/2025:09:18:33 -0400] "POST /xmlrpc.php HTTP/1.1" 200 212 "https://makstandardent.com" "Mozilla/5.0 (Windows NT 11.0; Win64; x64) AppleWebKit/537.36 (KHTML, like Gecko) Chrome/126.0.0.0 Safari/537.36"
66.29.132.124 - - [27/Apr/2025:09:18:37 -0400] "POST /wp-admin/admin-ajax.php?action=async_litespeed&nonce=NjaGUweVouzlathhsY5CXTjtOr8hHe7K&litespeed_type=imgoptm HTTP/1.1" 200 21 "-" "WordPress/6.8; https://makstandardent.com"
67.223.118.121 - - [27/Apr/2025:09:25:05 -0400] "POST /xmlrpc.php HTTP/1.1" 200 0 "https://makstandardent.com" "Mozilla/5.0 (Windows NT 10.0; Win64; x64) AppleWebKit/537.36 (KHTML, like Gecko) Chrome/114.0.5735.199 Safari/537.36 Edg/114.0.1823.67"
66.29.132.124 - - [27/Apr/2025:09:25:19 -0400] "POST /wp-cron.php?doing_wp_cron=1745760319.6940519809722900390625 HTTP/1.1" 200 0 "-" "WordPress/6.8; https://makstandardent.com"
66.29.132.124 - - [27/Apr/2025:09:25:20 -0400] "POST /wp-admin/admin-ajax.php?action=async_litespeed&nonce=1iDq09bQk7684gDeTocRgLomUNTLbrSD&litespeed_type=imgoptm HTTP/1.1" 200 0 "-" "WordPress/6.8; https://makstandardent.com"
66.29.132.124 - - [27/Apr/2025:09:39:10 -0400] "POST /wp-cron.php?doing_wp_cron=1745761150.8051469326019287109375 HTTP/1.1" 200 0 "-" "WordPress/6.8; https://makstandardent.com"
66.102.128.27 - - [27/Apr/2025:09:39:00 -0400] "POST /xmlrpc.php HTTP/1.1" 200 186 "https://makstandardent.com" "Mozilla/5.0 (Windows NT 10.0; Win64; x64) AppleWebKit/537.36 (KHTML, like Gecko) Chrome/113.0.5672.126 Safari/537.36 Edg/113.0.1774.50"
66.29.132.124 - - [27/Apr/2025:09:39:11 -0400] "POST /wp-admin/admin-ajax.php?action=async_litespeed&nonce=6gOG3vtGHTKEFwTDWdEhv0LChZ6yBktA&litespeed_type=imgoptm HTTP/1.1" 200 0 "-" "WordPress/6.8; https://makstandardent.com"
66.249.73.103 - - [27/Apr/2025:10:39:25 -0400] "GET /robots.txt HTTP/1.1" 200 141 "-" "Mozilla/5.0 (compatible; Googlebot/2.1; +http://www.google.com/bot.html)"
66.249.73.102 - - [27/Apr/2025:10:39:29 -0400] "GET / HTTP/1.1" 200 32187 "-" "Mozilla/5.0 (Linux; Android 6.0.1; Nexus 5X Build/MMB29P) AppleWebKit/537.36 (KHTML, like Gecko) Chrome/135.0.7049.95 Mobile Safari/537.36 (compatible; Googlebot/2.1; +http://www.google.com/bot.html)"
66.249.73.102 - - [27/Apr/2025:10:39:34 -0400] "GET /wp-content/plugins/elementor/assets/css/widget-image-box.min.css?ver=3.28.4 HTTP/1.1" 200 291 "https://makstandardent.com/" "Mozilla/5.0 (Linux; Android 6.0.1; Nexus 5X Build/MMB29P) AppleWebKit/537.36 (KHTML, like Gecko) Chrome/134.0.6998.165 Mobile Safari/537.36 (compatible; Googlebot/2.1; +http://www.google.com/bot.html)"
66.249.73.102 - - [27/Apr/2025:10:39:35 -0400] "GET /wp-content/themes/astra/assets/css/minified/compatibility/woocommerce/woocommerce-grid.min.css?ver=4.10.1 HTTP/1.1" 200 15147 "https://makstandardent.com/" "Mozilla/5.0 (Linux; Android 6.0.1; Nexus 5X Build/MMB29P) AppleWebKit/537.36 (KHTML, like Gecko) Chrome/134.0.6998.165 Mobile Safari/537.36 (compatible; Googlebot/2.1; +http://www.google.com/bot.html)"
66.249.73.102 - - [27/Apr/2025:10:39:36 -0400] "GET /wp-content/plugins/elementor/assets/js/frontend-modules.min.js?ver=3.28.4 HTTP/1.1" 200 14421 "https://makstandardent.com/" "Mozilla/5.0 (Linux; Android 6.0.1; Nexus 5X Build/MMB29P) AppleWebKit/537.36 (KHTML, like Gecko) Chrome/134.0.6998.165 Mobile Safari/537.36 (compatible; Googlebot/2.1; +http://www.google.com/bot.html)"
66.249.73.102 - - [27/Apr/2025:10:39:36 -0400] "GET /wp-includes/css/dist/block-library/style.min.css?ver=6.8 HTTP/1.1" 200 14358 "https://makstandardent.com/" "Mozilla/5.0 (Linux; Android 6.0.1; Nexus 5X Build/MMB29P) AppleWebKit/537.36 (KHTML, like Gecko) Chrome/134.0.6998.165 Mobile Safari/537.36 (compatible; Googlebot/2.1; +http://www.google.com/bot.html)"
66.249.73.102 - - [27/Apr/2025:10:39:37 -0400] "GET /wp-content/uploads/elementor/css/post-64.css?ver=1744416000 HTTP/1.1" 200 2169 "https://makstandardent.com/" "Mozilla/5.0 (Linux; Android 6.0.1; Nexus 5X Build/MMB29P) AppleWebKit/537.36 (KHTML, like Gecko) Chrome/134.0.6998.165 Mobile Safari/537.36 (compatible; Googlebot/2.1; +http://www.google.com/bot.html)"
66.249.73.102 - - [27/Apr/2025:10:39:38 -0400] "GET /wp-content/plugins/elementor-pro/assets/css/widget-form.min.css?ver=3.28.3 HTTP/1.1" 200 1409 "https://makstandardent.com/" "Mozilla/5.0 (Linux; Android 6.0.1; Nexus 5X Build/MMB29P) AppleWebKit/537.36 (KHTML, like Gecko) Chrome/134.0.6998.165 Mobile Safari/537.36 (compatible; Googlebot/2.1; +http://www.google.com/bot.html)"
66.249.73.102 - - [27/Apr/2025:10:39:38 -0400] "GET /wp-content/plugins/elementor/assets/css/frontend.min.css?ver=3.28.4 HTTP/1.1" 200 6453 "https://makstandardent.com/" "Mozilla/5.0 (Linux; Android 6.0.1; Nexus 5X Build/MMB29P) AppleWebKit/537.36 (KHTML, like Gecko) Chrome/134.0.6998.165 Mobile Safari/537.36 (compatible; Googlebot/2.1; +http://www.google.com/bot.html)"
66.249.73.102 - - [27/Apr/2025:10:39:39 -0400] "GET /wp-content/plugins/elementor/assets/js/webpack.runtime.min.js?ver=3.28.4 HTTP/1.1" 200 2228 "https://makstandardent.com/" "Mozilla/5.0 (Linux; Android 6.0.1; Nexus 5X Build/MMB29P) AppleWebKit/537.36 (KHTML, like Gecko) Chrome/134.0.6998.165 Mobile Safari/537.36 (compatible; Googlebot/2.1; +http://www.google.com/bot.html)"
66.249.73.102 - - [27/Apr/2025:10:39:39 -0400] "GET /wp-content/plugins/woocommerce/assets/css/brands.css?ver=9.8.2 HTTP/1.1" 200 579 "https://makstandardent.com/" "Mozilla/5.0 (Linux; Android 6.0.1; Nexus 5X Build/MMB29P) AppleWebKit/537.36 (KHTML, like Gecko) Chrome/134.0.6998.165 Mobile Safari/537.36 (compatible; Googlebot/2.1; +http://www.google.com/bot.html)"
66.249.73.102 - - [27/Apr/2025:10:39:40 -0400] "GET /wp-content/plugins/elementor/assets/css/widget-heading.min.css?ver=3.28.4 HTTP/1.1" 200 154 "https://makstandardent.com/" "Mozilla/5.0 (Linux; Android 6.0.1; Nexus 5X Build/MMB29P) AppleWebKit/537.36 (KHTML, like Gecko) Chrome/134.0.6998.165 Mobile Safari/537.36 (compatible; Googlebot/2.1; +http://www.google.com/bot.html)"
66.249.73.102 - - [27/Apr/2025:10:39:41 -0400] "GET /wp-includes/js/jquery/ui/core.min.js?ver=1.13.3 HTTP/1.1" 200 6812 "https://makstandardent.com/" "Mozilla/5.0 (Linux; Android 6.0.1; Nexus 5X Build/MMB29P) AppleWebKit/537.36 (KHTML, like Gecko) Chrome/134.0.6998.165 Mobile Safari/537.36 (compatible; Googlebot/2.1; +http://www.google.com/bot.html)"
66.249.73.102 - - [27/Apr/2025:10:39:42 -0400] "GET /wp-content/plugins/elementor-pro/assets/lib/smartmenus/jquery.smartmenus.min.js?ver=1.2.1 HTTP/1.1" 200 6867 "https://makstandardent.com/" "Mozilla/5.0 (Linux; Android 6.0.1; Nexus 5X Build/MMB29P) AppleWebKit/537.36 (KHTML, like Gecko) Chrome/134.0.6998.165 Mobile Safari/537.36 (compatible; Googlebot/2.1; +http://www.google.com/bot.html)"
66.249.73.102 - - [27/Apr/2025:10:39:42 -0400] "GET /wp-content/uploads/elementor/css/post-17.css?ver=1744416000 HTTP/1.1" 200 1581 "https://makstandardent.com/" "Mozilla/5.0 (Linux; Android 6.0.1; Nexus 5X Build/MMB29P) AppleWebKit/537.36 (KHTML, like Gecko) Chrome/134.0.6998.165 Mobile Safari/537.36 (compatible; Googlebot/2.1; +http://www.google.com/bot.html)"
66.249.73.102 - - [27/Apr/2025:10:39:43 -0400] "GET /wp-content/plugins/woocommerce/assets/js/frontend/order-attribution.min.js?ver=9.8.2 HTTP/1.1" 200 1006 "https://makstandardent.com/" "Mozilla/5.0 (Linux; Android 6.0.1; Nexus 5X Build/MMB29P) AppleWebKit/537.36 (KHTML, like Gecko) Chrome/134.0.6998.165 Mobile Safari/537.36 (compatible; Googlebot/2.1; +http://www.google.com/bot.html)"
66.249.73.102 - - [27/Apr/2025:10:39:45 -0400] "GET /wp-content/plugins/woocommerce/assets/js/frontend/add-to-cart.min.js?ver=9.8.2 HTTP/1.1" 200 1225 "https://makstandardent.com/" "Mozilla/5.0 (Linux; Android 6.0.1; Nexus 5X Build/MMB29P) AppleWebKit/537.36 (KHTML, like Gecko) Chrome/134.0.6998.165 Mobile Safari/537.36 (compatible; Googlebot/2.1; +http://www.google.com/bot.html)"
66.249.73.102 - - [27/Apr/2025:10:39:47 -0400] "GET /wp-content/plugins/woocommerce/assets/js/js-cookie/js.cookie.min.js?ver=2.1.4-wc.9.8.2 HTTP/1.1" 200 760 "https://makstandardent.com/" "Mozilla/5.0 (Linux; Android 6.0.1; Nexus 5X Build/MMB29P) AppleWebKit/537.36 (KHTML, like Gecko) Chrome/134.0.6998.165 Mobile Safari/537.36 (compatible; Googlebot/2.1; +http://www.google.com/bot.html)"
66.249.73.102 - - [27/Apr/2025:10:39:48 -0400] "GET /wp-content/plugins/woocommerce/assets/js/frontend/cart-fragments.min.js?ver=9.8.2 HTTP/1.1" 200 943 "https://makstandardent.com/" "Mozilla/5.0 (Linux; Android 6.0.1; Nexus 5X Build/MMB29P) AppleWebKit/537.36 (KHTML, like Gecko) Chrome/134.0.6998.165 Mobile Safari/537.36 (compatible; Googlebot/2.1; +http://www.google.com/bot.html)"
66.249.73.102 - - [27/Apr/2025:10:39:49 -0400] "GET /wp-content/plugins/woocommerce/assets/js/jquery-blockui/jquery.blockUI.min.js?ver=2.7.0-wc.9.8.2 HTTP/1.1" 200 3277 "https://makstandardent.com/" "Mozilla/5.0 (Linux; Android 6.0.1; Nexus 5X Build/MMB29P) AppleWebKit/537.36 (KHTML, like Gecko) Chrome/134.0.6998.165 Mobile Safari/537.36 (compatible; Googlebot/2.1; +http://www.google.com/bot.html)"
66.249.73.102 - - [27/Apr/2025:10:39:50 -0400] "GET /wp-includes/js/wp-emoji-release.min.js?ver=6.8 HTTP/1.1" 200 4771 "https://makstandardent.com/" "Mozilla/5.0 (Linux; Android 6.0.1; Nexus 5X Build/MMB29P) AppleWebKit/537.36 (KHTML, like Gecko) Chrome/134.0.6998.165 Mobile Safari/537.36 (compatible; Googlebot/2.1; +http://www.google.com/bot.html)"
66.29.132.124 - - [27/Apr/2025:11:05:23 -0400] "POST /wp-cron.php?doing_wp_cron=1745766323.2135910987854003906250 HTTP/1.1" 200 0 "-" "WordPress/6.8; https://makstandardent.com"
66.29.132.124 - - [27/Apr/2025:11:05:23 -0400] "POST /wp-cron.php?doing_wp_cron=1745766323.4393050670623779296875 HTTP/1.1" 200 0 "-" "WordPress/6.8; https://makstandardent.com"
43.159.152.187 - - [27/Apr/2025:11:05:18 -0400] "GET / HTTP/1.1" 301 0 "http://www.makstandardent.com" "Mozilla/5.0 (iPhone; CPU iPhone OS 13_2_3 like Mac OS X) AppleWebKit/605.1.15 (KHTML, like Gecko) Version/13.0.3 Mobile/15E148 Safari/604.1"
43.159.152.187 - - [27/Apr/2025:11:05:24 -0400] "GET / HTTP/1.1" 200 38887 "https://www.makstandardent.com/" "Mozilla/5.0 (iPhone; CPU iPhone OS 13_2_3 like Mac OS X) AppleWebKit/605.1.15 (KHTML, like Gecko) Version/13.0.3 Mobile/15E148 Safari/604.1"
66.29.132.124 - - [27/Apr/2025:11:05:23 -0400] "POST /wp-admin/admin-ajax.php?action=async_litespeed&nonce=BAqCp05ushPkQ3lIsIutPQDruuwSxxyT&litespeed_type=imgoptm HTTP/1.1" 200 21 "-" "WordPress/6.8; https://makstandardent.com"
66.29.132.124 - - [27/Apr/2025:11:13:19 -0400] "POST /wp-cron.php?doing_wp_cron=1745766799.1205189228057861328125 HTTP/1.1" 200 0 "-" "WordPress/6.8; https://makstandardent.com"
117.33.163.216 - - [27/Apr/2025:11:13:14 -0400] "GET / HTTP/1.1" 301 0 "http://www.makstandardent.com" "Mozilla/5.0 (iPhone; CPU iPhone OS 13_2_3 like Mac OS X) AppleWebKit/605.1.15 (KHTML, like Gecko) Version/13.0.3 Mobile/15E148 Safari/604.1"
66.29.132.124 - - [27/Apr/2025:11:13:19 -0400] "POST /wp-admin/admin-ajax.php?action=async_litespeed&nonce=DM4KIPbfjhnl1KRbskldlRXi5KwThhIw&litespeed_type=imgoptm HTTP/1.1" 200 21 "-" "WordPress/6.8; https://makstandardent.com"
117.33.163.216 - - [27/Apr/2025:11:13:20 -0400] "GET / HTTP/1.1" 200 38887 "https://www.makstandardent.com/" "Mozilla/5.0 (iPhone; CPU iPhone OS 13_2_3 like Mac OS X) AppleWebKit/605.1.15 (KHTML, like Gecko) Version/13.0.3 Mobile/15E148 Safari/604.1"
158.69.25.39 - - [27/Apr/2025:11:48:07 -0400] "GET / HTTP/1.1" 200 38887 "-" "Mozilla/5.0 (Windows NT 10.0; Win64; x64; rv:118.0) Gecko/20100101 Firefox/118.0"
43.166.238.12 - - [27/Apr/2025:12:13:10 -0400] "GET / HTTP/1.1" 200 38887 "http://makstandardent.com" "Mozilla/5.0 (iPhone; CPU iPhone OS 13_2_3 like Mac OS X) AppleWebKit/605.1.15 (KHTML, like Gecko) Version/13.0.3 Mobile/15E148 Safari/604.1"
45.86.208.9 - - [27/Apr/2025:12:44:42 -0400] "GET //wp-includes/ID3/license.txt HTTP/1.1" 200 1396 "-" "Mozilla/5.0 (Windows NT 10.0; Win64; x64) AppleWebKit/537.36 (KHTML, like Gecko) Chrome/95.0.4638.69 Safari/537.36"
66.29.132.124 - - [27/Apr/2025:12:44:52 -0400] "POST /wp-cron.php?doing_wp_cron=1745772292.2850139141082763671875 HTTP/1.1" 200 0 "-" "WordPress/6.8; https://makstandardent.com"
66.29.132.124 - - [27/Apr/2025:12:44:52 -0400] "POST /wp-cron.php?doing_wp_cron=1745772292.6166150569915771484375 HTTP/1.1" 200 0 "-" "WordPress/6.8; https://makstandardent.com"
45.86.208.9 - - [27/Apr/2025:12:44:42 -0400] "GET //feed/ HTTP/1.1" 301 0 "-" "Mozilla/5.0 (Windows NT 10.0; Win64; x64) AppleWebKit/537.36 (KHTML, like Gecko) Chrome/95.0.4638.69 Safari/537.36"
45.86.208.9 - - [27/Apr/2025:12:44:53 -0400] "GET //blog/wp-includes/wlwmanifest.xml HTTP/1.1" 301 0 "-" "Mozilla/5.0 (Windows NT 10.0; Win64; x64) AppleWebKit/537.36 (KHTML, like Gecko) Chrome/95.0.4638.69 Safari/537.36"
45.86.208.9 - - [27/Apr/2025:12:44:53 -0400] "GET //web/wp-includes/wlwmanifest.xml HTTP/1.1" 301 0 "-" "Mozilla/5.0 (Windows NT 10.0; Win64; x64) AppleWebKit/537.36 (KHTML, like Gecko) Chrome/95.0.4638.69 Safari/537.36"
66.29.132.124 - - [27/Apr/2025:12:44:53 -0400] "POST /wp-admin/admin-ajax.php?action=async_litespeed&nonce=bjq4EQGGRoXWXVH6lQOvgOSKa5BzIpSy&litespeed_type=imgoptm HTTP/1.1" 200 0 "-" "WordPress/6.8; https://makstandardent.com"
45.86.208.9 - - [27/Apr/2025:12:44:54 -0400] "GET //wordpress/wp-includes/wlwmanifest.xml HTTP/1.1" 301 0 "-" "Mozilla/5.0 (Windows NT 10.0; Win64; x64) AppleWebKit/537.36 (KHTML, like Gecko) Chrome/95.0.4638.69 Safari/537.36"
45.86.208.9 - - [27/Apr/2025:12:44:55 -0400] "GET //wp/wp-includes/wlwmanifest.xml HTTP/1.1" 301 0 "-" "Mozilla/5.0 (Windows NT 10.0; Win64; x64) AppleWebKit/537.36 (KHTML, like Gecko) Chrome/95.0.4638.69 Safari/537.36"
45.86.208.9 - - [27/Apr/2025:12:44:55 -0400] "GET //2020/wp-includes/wlwmanifest.xml HTTP/1.1" 301 0 "-" "Mozilla/5.0 (Windows NT 10.0; Win64; x64) AppleWebKit/537.36 (KHTML, like Gecko) Chrome/95.0.4638.69 Safari/537.36"
45.86.208.9 - - [27/Apr/2025:12:44:56 -0400] "GET //2019/wp-includes/wlwmanifest.xml HTTP/1.1" 301 0 "-" "Mozilla/5.0 (Windows NT 10.0; Win64; x64) AppleWebKit/537.36 (KHTML, like Gecko) Chrome/95.0.4638.69 Safari/537.36"
45.86.208.9 - - [27/Apr/2025:12:44:57 -0400] "GET //2021/wp-includes/wlwmanifest.xml HTTP/1.1" 301 0 "-" "Mozilla/5.0 (Windows NT 10.0; Win64; x64) AppleWebKit/537.36 (KHTML, like Gecko) Chrome/95.0.4638.69 Safari/537.36"
45.86.208.9 - - [27/Apr/2025:12:44:58 -0400] "GET //shop/wp-includes/wlwmanifest.xml HTTP/1.1" 301 0 "-" "Mozilla/5.0 (Windows NT 10.0; Win64; x64) AppleWebKit/537.36 (KHTML, like Gecko) Chrome/95.0.4638.69 Safari/537.36"
66.29.132.124 - - [27/Apr/2025:12:44:58 -0400] "POST /wp-admin/admin-ajax.php?action=wp_1_wc_privacy_cleanup&nonce=612ef449d6 HTTP/1.1" 200 0 "-" "WordPress/6.8; https://makstandardent.com"
45.86.208.9 - - [27/Apr/2025:12:44:58 -0400] "GET //wp1/wp-includes/wlwmanifest.xml HTTP/1.1" 301 0 "-" "Mozilla/5.0 (Windows NT 10.0; Win64; x64) AppleWebKit/537.36 (KHTML, like Gecko) Chrome/95.0.4638.69 Safari/537.36"
66.29.132.124 - - [27/Apr/2025:12:44:59 -0400] "POST /wp-cron.php?doing_wp_cron=1745772299.8366909027099609375000 HTTP/1.1" 200 0 "-" "WordPress/6.8; https://makstandardent.com"
45.86.208.9 - - [27/Apr/2025:12:44:59 -0400] "GET //test/wp-includes/wlwmanifest.xml HTTP/1.1" 301 0 "-" "Mozilla/5.0 (Windows NT 10.0; Win64; x64) AppleWebKit/537.36 (KHTML, like Gecko) Chrome/95.0.4638.69 Safari/537.36"
45.86.208.9 - - [27/Apr/2025:12:45:00 -0400] "GET //site/wp-includes/wlwmanifest.xml HTTP/1.1" 301 0 "-" "Mozilla/5.0 (Windows NT 10.0; Win64; x64) AppleWebKit/537.36 (KHTML, like Gecko) Chrome/95.0.4638.69 Safari/537.36"
45.86.208.9 - - [27/Apr/2025:12:45:01 -0400] "GET //cms/wp-includes/wlwmanifest.xml HTTP/1.1" 301 0 "-" "Mozilla/5.0 (Windows NT 10.0; Win64; x64) AppleWebKit/537.36 (KHTML, like Gecko) Chrome/95.0.4638.69 Safari/537.36"
195.20.18.145 - - [27/Apr/2025:13:17:24 -0400] "GET / HTTP/1.1" 200 171401 "-" "ALittle Client"
43.130.57.76 - - [27/Apr/2025:14:07:47 -0400] "GET / HTTP/1.1" 200 38887 "http://makstandardent.com" "Mozilla/5.0 (iPhone; CPU iPhone OS 13_2_3 like Mac OS X) AppleWebKit/605.1.15 (KHTML, like Gecko) Version/13.0.3 Mobile/15E148 Safari/604.1"
66.29.132.124 - - [27/Apr/2025:14:26:04 -0400] "POST /wp-cron.php?doing_wp_cron=1745778364.5450580120086669921875 HTTP/1.1" 200 0 "-" "WordPress/6.8; https://makstandardent.com"
66.29.132.124 - - [27/Apr/2025:14:26:05 -0400] "POST /wp-cron.php?doing_wp_cron=1745778365.0946459770202636718750 HTTP/1.1" 200 0 "-" "WordPress/6.8; https://makstandardent.com"
43.166.129.247 - - [27/Apr/2025:14:25:52 -0400] "GET / HTTP/1.1" 301 0 "http://www.makstandardent.com" "Mozilla/5.0 (iPhone; CPU iPhone OS 13_2_3 like Mac OS X) AppleWebKit/605.1.15 (KHTML, like Gecko) Version/13.0.3 Mobile/15E148 Safari/604.1"
43.166.129.247 - - [27/Apr/2025:14:26:06 -0400] "GET / HTTP/1.1" 200 38887 "https://www.makstandardent.com/" "Mozilla/5.0 (iPhone; CPU iPhone OS 13_2_3 like Mac OS X) AppleWebKit/605.1.15 (KHTML, like Gecko) Version/13.0.3 Mobile/15E148 Safari/604.1"
66.29.132.124 - - [27/Apr/2025:14:26:05 -0400] "POST /wp-admin/admin-ajax.php?action=async_litespeed&nonce=eAHRSzXVggGFdag8hkSVDriWIlQMwFQT&litespeed_type=imgoptm HTTP/1.1" 200 0 "-" "WordPress/6.8; https://makstandardent.com"
2a06:98c0:3600::103 - - [27/Apr/2025:14:59:58 -0400] "GET /wp-admin/setup-config.php HTTP/1.1" 409 1041 "-" "Mozilla/5.0 (Windows NT 10.0; Win64; x64) AppleWebKit/537.36 (KHTML, like Gecko) Chrome/135.0.0.0 Safari/537.36"
2a06:98c0:3600::103 - - [27/Apr/2025:15:00:52 -0400] "GET /wordpress/wp-admin/setup-config.php HTTP/1.1" 200 0 "-" "Mozilla/5.0 (Windows NT 10.0; Win64; x64) AppleWebKit/537.36 (KHTML, like Gecko) Chrome/135.0.0.0 Safari/537.36"
66.29.132.124 - - [27/Apr/2025:15:00:59 -0400] "POST /wp-cron.php?doing_wp_cron=1745780459.7417590618133544921875 HTTP/1.1" 200 0 "-" "WordPress/6.8; https://makstandardent.com"
66.29.132.124 - - [27/Apr/2025:15:01:00 -0400] "POST /wp-admin/admin-ajax.php?action=async_litespeed&nonce=WGBH3P4AkePxq9t1QkmRZbGseMaUEqaC&litespeed_type=imgoptm HTTP/1.1" 200 0 "-" "WordPress/6.8; https://makstandardent.com"
66.29.132.124 - - [27/Apr/2025:15:03:26 -0400] "POST /wp-cron.php?doing_wp_cron=1745780606.7860579490661621093750 HTTP/1.1" 200 0 "-" "WordPress/6.8; https://makstandardent.com"
2a06:98c0:3600::103 - - [27/Apr/2025:15:03:23 -0400] "GET /wordpress/wp-admin/setup-config.php HTTP/1.1" 200 0 "-" "Mozilla/5.0 (Windows NT 10.0; Win64; x64) AppleWebKit/537.36 (KHTML, like Gecko) Chrome/135.0.0.0 Safari/537.36"
66.29.132.124 - - [27/Apr/2025:15:03:28 -0400] "POST /wp-admin/admin-ajax.php?action=async_litespeed&nonce=1BXUF7HicZ5aOLDngXAj1vSvi7KOJXWr&litespeed_type=imgoptm HTTP/1.1" 200 21 "-" "WordPress/6.8; https://makstandardent.com"
205.210.31.60 - - [27/Apr/2025:15:28:33 -0400] "GET / HTTP/1.1" 200 171401 "-" "-"
162.240.232.97 - - [27/Apr/2025:15:46:46 -0400] "GET / HTTP/1.1" 200 32187 "http://makstandardent.com" "Mozilla/5.0 (Windows NT 11.0; Win64; x64) AppleWebKit/537.36 (KHTML, like Gecko) Chrome/126.0.0.0 Safari/537.36"
66.29.132.124 - - [27/Apr/2025:15:46:53 -0400] "POST /wp-cron.php?doing_wp_cron=1745783213.3177630901336669921875 HTTP/1.1" 200 0 "-" "WordPress/6.8; https://makstandardent.com"
162.240.232.97 - - [27/Apr/2025:15:46:46 -0400] "GET /index.php?rest_route=/wp/v2/users HTTP/1.1" 200 886 "https://makstandardent.com" "Mozilla/5.0 (Windows NT 10.0; Win64; x64; rv:129.0) Gecko/20100101 Firefox/129.0"
66.29.132.124 - - [27/Apr/2025:15:46:55 -0400] "POST /wp-admin/admin-ajax.php?action=async_litespeed&nonce=69C4DTaJmhY9R5e6LdsUgxleXSJq1BU2&litespeed_type=imgoptm HTTP/1.1" 200 0 "-" "WordPress/6.8; https://makstandardent.com"
66.29.132.124 - - [27/Apr/2025:15:46:57 -0400] "POST /wp-cron.php?doing_wp_cron=1745783217.7061350345611572265625 HTTP/1.1" 200 0 "-" "WordPress/6.8; https://makstandardent.com"
206.168.34.83 - - [27/Apr/2025:16:30:03 -0400] "GET / HTTP/1.1" 200 38887 "-" "Mozilla/5.0 (compatible; CensysInspect/1.1; +https://about.censys.io/)"
206.168.34.83 - - [27/Apr/2025:16:30:12 -0400] "GET /favicon.ico HTTP/1.1" 404 1251 "-" "Mozilla/5.0 (compatible; CensysInspect/1.1; +https://about.censys.io/)"
206.168.34.83 - - [27/Apr/2025:16:30:47 -0400] "GET /favicon.ico HTTP/1.1" 404 1251 "-" "Mozilla/5.0 (compatible; CensysInspect/1.1; +https://about.censys.io/)"
103.118.29.120 - - [27/Apr/2025:16:30:58 -0400] "GET / HTTP/1.1" 200 0 "https://www.google.com.hk" "Mozilla/5.0 (Macintosh; Intel Mac OS X 10_15_7; rv:129.0) Gecko/20100101 Firefox/129.0"
66.29.132.124 - - [27/Apr/2025:16:31:11 -0400] "POST /wp-cron.php?doing_wp_cron=1745785871.8705489635467529296875 HTTP/1.1" 200 0 "-" "WordPress/6.8; https://makstandardent.com"
66.29.132.124 - - [27/Apr/2025:16:31:13 -0400] "POST /wp-admin/admin-ajax.php?action=async_litespeed&nonce=mL5ZDeNKEXMZqCSSAbApNpZQ0Ejz1GL6&litespeed_type=imgoptm HTTP/1.1" 200 0 "-" "WordPress/6.8; https://makstandardent.com"