103.244.175.189 - - [28/Apr/2025:11:43:40 -0400] "POST /wp-admin/admin-ajax.php HTTP/1.1" 200 77 "https://makstandardent.com/wp-admin/post.php?post=21&action=elementor" "Mozilla/5.0 (Windows NT 10.0; Win64; x64) AppleWebKit/537.36 (KHTML, like Gecko) Chrome/135.0.0.0 Safari/537.36"
66.29.132.124 - - [28/Apr/2025:11:44:01 -0400] "POST /wp-cron.php?doing_wp_cron=1745855039.6364979743957519531250 HTTP/1.1" 200 0 "-" "WordPress/6.8; https://makstandardent.com"
103.244.175.189 - - [28/Apr/2025:11:43:57 -0400] "POST /wp-admin/admin-ajax.php HTTP/1.1" 200 77 "https://makstandardent.com/wp-admin/post.php?post=21&action=elementor" "Mozilla/5.0 (Windows NT 10.0; Win64; x64) AppleWebKit/537.36 (KHTML, like Gecko) Chrome/135.0.0.0 Safari/537.36"
103.244.175.189 - - [28/Apr/2025:11:44:10 -0400] "POST /wp-admin/admin-ajax.php HTTP/1.1" 200 77 "https://makstandardent.com/wp-admin/post.php?post=52&action=elementor" "Mozilla/5.0 (Windows NT 10.0; Win64; x64) AppleWebKit/537.36 (KHTML, like Gecko) Chrome/135.0.0.0 Safari/537.36"
103.244.175.189 - - [28/Apr/2025:11:44:19 -0400] "POST /wp-admin/admin-ajax.php HTTP/1.1" 200 77 "https://makstandardent.com/wp-admin/post.php?post=21&action=elementor" "Mozilla/5.0 (Windows NT 10.0; Win64; x64) AppleWebKit/537.36 (KHTML, like Gecko) Chrome/135.0.0.0 Safari/537.36"
103.244.175.189 - - [28/Apr/2025:11:44:19 -0400] "GET /wp-json/elementor/v1/checklist/user-progress HTTP/1.1" 200 614 "https://makstandardent.com/wp-admin/post.php?post=21&action=elementor" "Mozilla/5.0 (Windows NT 10.0; Win64; x64) AppleWebKit/537.36 (KHTML, like Gecko) Chrome/135.0.0.0 Safari/537.36"
103.244.175.189 - - [28/Apr/2025:11:44:23 -0400] "POST /wp-admin/admin-ajax.php HTTP/1.1" 200 1574 "https://makstandardent.com/wp-admin/post.php?post=21&action=elementor" "Mozilla/5.0 (Windows NT 10.0; Win64; x64) AppleWebKit/537.36 (KHTML, like Gecko) Chrome/135.0.0.0 Safari/537.36"
103.244.175.189 - - [28/Apr/2025:11:44:24 -0400] "POST /wp-admin/admin-ajax.php HTTP/1.1" 200 66321 "https://makstandardent.com/wp-admin/post.php?post=21&action=elementor" "Mozilla/5.0 (Windows NT 10.0; Win64; x64) AppleWebKit/537.36 (KHTML, like Gecko) Chrome/135.0.0.0 Safari/537.36"
103.244.175.189 - - [28/Apr/2025:11:44:24 -0400] "POST /wp-admin/admin-ajax.php HTTP/1.1" 200 66321 "https://makstandardent.com/wp-admin/post.php?post=21&action=elementor" "Mozilla/5.0 (Windows NT 10.0; Win64; x64) AppleWebKit/537.36 (KHTML, like Gecko) Chrome/135.0.0.0 Safari/537.36"
103.244.175.189 - - [28/Apr/2025:11:44:33 -0400] "POST /wp-admin/admin-ajax.php HTTP/1.1" 200 77 "https://makstandardent.com/wp-admin/post.php?post=21&action=elementor" "Mozilla/5.0 (Windows NT 10.0; Win64; x64) AppleWebKit/537.36 (KHTML, like Gecko) Chrome/135.0.0.0 Safari/537.36"
103.244.175.189 - - [28/Apr/2025:11:44:30 -0400] "POST /wp-admin/async-upload.php HTTP/1.1" 200 568 "https://makstandardent.com/wp-admin/post.php?post=21&action=elementor" "Mozilla/5.0 (Windows NT 10.0; Win64; x64) AppleWebKit/537.36 (KHTML, like Gecko) Chrome/135.0.0.0 Safari/537.36"
103.244.175.189 - - [28/Apr/2025:11:44:43 -0400] "GET /wp-content/uploads/2025/04/egg-box-12-1-300x300-1-150x150.jpg HTTP/1.1" 200 4002 "https://makstandardent.com/wp-admin/post.php?post=21&action=elementor" "Mozilla/5.0 (Windows NT 10.0; Win64; x64) AppleWebKit/537.36 (KHTML, like Gecko) Chrome/135.0.0.0 Safari/537.36"
103.244.175.189 - - [28/Apr/2025:11:44:49 -0400] "POST /wp-admin/admin-ajax.php HTTP/1.1" 200 77 "https://makstandardent.com/wp-admin/post.php?post=21&action=elementor" "Mozilla/5.0 (Windows NT 10.0; Win64; x64) AppleWebKit/537.36 (KHTML, like Gecko) Chrome/135.0.0.0 Safari/537.36"
103.244.175.189 - - [28/Apr/2025:11:44:50 -0400] "GET /wp-json/elementor/v1/checklist/user-progress HTTP/1.1" 200 614 "https://makstandardent.com/wp-admin/post.php?post=21&action=elementor" "Mozilla/5.0 (Windows NT 10.0; Win64; x64) AppleWebKit/537.36 (KHTML, like Gecko) Chrome/135.0.0.0 Safari/537.36"
103.244.175.189 - - [28/Apr/2025:11:44:51 -0400] "POST /wp-admin/admin-ajax.php HTTP/1.1" 200 603 "https://makstandardent.com/wp-admin/post.php?post=21&action=elementor" "Mozilla/5.0 (Windows NT 10.0; Win64; x64) AppleWebKit/537.36 (KHTML, like Gecko) Chrome/135.0.0.0 Safari/537.36"
103.244.175.189 - - [28/Apr/2025:11:44:56 -0400] "GET /wp-json/elementor/v1/checklist/user-progress HTTP/1.1" 200 614 "https://makstandardent.com/wp-admin/post.php?post=21&action=elementor" "Mozilla/5.0 (Windows NT 10.0; Win64; x64) AppleWebKit/537.36 (KHTML, like Gecko) Chrome/135.0.0.0 Safari/537.36"
103.244.175.189 - - [28/Apr/2025:11:45:07 -0400] "GET /wp-content/uploads/2025/04/egg-box-12-1-300x300-1.jpg HTTP/1.1" 200 11729 "https://makstandardent.com/wp-admin/post.php?post=21&action=elementor" "Mozilla/5.0 (Windows NT 10.0; Win64; x64) AppleWebKit/537.36 (KHTML, like Gecko) Chrome/135.0.0.0 Safari/537.36"
66.29.132.124 - - [28/Apr/2025:11:45:08 -0400] "POST /wp-cron.php?doing_wp_cron=1745855105.9413380622863769531250 HTTP/1.1" 200 0 "-" "WordPress/6.8; https://makstandardent.com"
103.244.175.189 - - [28/Apr/2025:11:45:04 -0400] "POST /wp-admin/admin-ajax.php HTTP/1.1" 200 77 "https://makstandardent.com/wp-admin/post.php?post=21&action=elementor" "Mozilla/5.0 (Windows NT 10.0; Win64; x64) AppleWebKit/537.36 (KHTML, like Gecko) Chrome/135.0.0.0 Safari/537.36"
103.244.175.189 - - [28/Apr/2025:11:45:07 -0400] "POST /wp-admin/admin-ajax.php HTTP/1.1" 200 1193 "https://makstandardent.com/wp-admin/post.php?post=21&action=elementor" "Mozilla/5.0 (Windows NT 10.0; Win64; x64) AppleWebKit/537.36 (KHTML, like Gecko) Chrome/135.0.0.0 Safari/537.36"
103.244.175.189 - - [28/Apr/2025:11:45:07 -0400] "POST /wp-admin/admin-ajax.php HTTP/1.1" 200 1477 "https://makstandardent.com/wp-admin/post.php?post=21&action=elementor" "Mozilla/5.0 (Windows NT 10.0; Win64; x64) AppleWebKit/537.36 (KHTML, like Gecko) Chrome/135.0.0.0 Safari/537.36"
103.244.175.189 - - [28/Apr/2025:11:45:19 -0400] "POST /wp-admin/admin-ajax.php HTTP/1.1" 200 77 "https://makstandardent.com/wp-admin/post.php?post=21&action=elementor" "Mozilla/5.0 (Windows NT 10.0; Win64; x64) AppleWebKit/537.36 (KHTML, like Gecko) Chrome/135.0.0.0 Safari/537.36"
103.244.175.189 - - [28/Apr/2025:11:45:27 -0400] "GET /wp-json/elementor/v1/checklist/user-progress HTTP/1.1" 200 614 "https://makstandardent.com/wp-admin/post.php?post=21&action=elementor" "Mozilla/5.0 (Windows NT 10.0; Win64; x64) AppleWebKit/537.36 (KHTML, like Gecko) Chrome/135.0.0.0 Safari/537.36"
103.244.175.189 - - [28/Apr/2025:11:45:33 -0400] "POST /wp-admin/admin-ajax.php HTTP/1.1" 200 77 "https://makstandardent.com/wp-admin/post.php?post=21&action=elementor" "Mozilla/5.0 (Windows NT 10.0; Win64; x64) AppleWebKit/537.36 (KHTML, like Gecko) Chrome/135.0.0.0 Safari/537.36"
103.244.175.189 - - [28/Apr/2025:11:45:33 -0400] "POST /wp-admin/admin-ajax.php HTTP/1.1" 200 221 "https://makstandardent.com/wp-admin/post.php?post=21&action=elementor" "Mozilla/5.0 (Windows NT 10.0; Win64; x64) AppleWebKit/537.36 (KHTML, like Gecko) Chrome/135.0.0.0 Safari/537.36"
103.244.175.189 - - [28/Apr/2025:11:45:38 -0400] "GET /wp-json/elementor/v1/checklist/user-progress HTTP/1.1" 200 614 "https://makstandardent.com/wp-admin/post.php?post=21&action=elementor" "Mozilla/5.0 (Windows NT 10.0; Win64; x64) AppleWebKit/537.36 (KHTML, like Gecko) Chrome/135.0.0.0 Safari/537.36"
103.244.175.189 - - [28/Apr/2025:11:45:48 -0400] "POST /wp-admin/admin-ajax.php HTTP/1.1" 200 77 "https://makstandardent.com/wp-admin/post.php?post=21&action=elementor" "Mozilla/5.0 (Windows NT 10.0; Win64; x64) AppleWebKit/537.36 (KHTML, like Gecko) Chrome/135.0.0.0 Safari/537.36"
103.244.175.189 - - [28/Apr/2025:11:46:03 -0400] "POST /wp-admin/admin-ajax.php HTTP/1.1" 200 77 "https://makstandardent.com/wp-admin/post.php?post=21&action=elementor" "Mozilla/5.0 (Windows NT 10.0; Win64; x64) AppleWebKit/537.36 (KHTML, like Gecko) Chrome/135.0.0.0 Safari/537.36"
66.29.132.124 - - [28/Apr/2025:11:46:11 -0400] "POST /wp-cron.php?doing_wp_cron=1745855171.1159720420837402343750 HTTP/1.1" 200 0 "-" "WordPress/6.8; https://makstandardent.com"
103.244.175.189 - - [28/Apr/2025:11:46:09 -0400] "POST /wp-admin/admin-ajax.php HTTP/1.1" 200 217 "https://makstandardent.com/wp-admin/post.php?post=21&action=elementor" "Mozilla/5.0 (Windows NT 10.0; Win64; x64) AppleWebKit/537.36 (KHTML, like Gecko) Chrome/135.0.0.0 Safari/537.36"
66.29.132.124 - - [28/Apr/2025:11:46:13 -0400] "POST /wp-cron.php?doing_wp_cron=1745855172.3098061084747314453125 HTTP/1.1" 200 0 "-" "WordPress/6.8; https://makstandardent.com"
103.244.175.189 - - [28/Apr/2025:11:46:10 -0400] "POST /wp-admin/admin-ajax.php HTTP/1.1" 200 77 "https://makstandardent.com/wp-admin/post.php?post=52&action=elementor" "Mozilla/5.0 (Windows NT 10.0; Win64; x64) AppleWebKit/537.36 (KHTML, like Gecko) Chrome/135.0.0.0 Safari/537.36"
66.29.132.124 - - [28/Apr/2025:11:46:14 -0400] "POST /wp-admin/admin-ajax.php?action=async_litespeed&nonce=83L7KNof32RNid2zSrdVEwxKQOupUPpB&litespeed_type=imgoptm HTTP/1.1" 200 0 "-" "WordPress/6.8; https://makstandardent.com"
103.244.175.189 - - [28/Apr/2025:11:46:18 -0400] "POST /wp-admin/admin-ajax.php HTTP/1.1" 200 77 "https://makstandardent.com/wp-admin/post.php?post=21&action=elementor" "Mozilla/5.0 (Windows NT 10.0; Win64; x64) AppleWebKit/537.36 (KHTML, like Gecko) Chrome/135.0.0.0 Safari/537.36"
103.244.175.189 - - [28/Apr/2025:11:46:34 -0400] "POST /wp-admin/admin-ajax.php HTTP/1.1" 200 77 "https://makstandardent.com/wp-admin/post.php?post=21&action=elementor" "Mozilla/5.0 (Windows NT 10.0; Win64; x64) AppleWebKit/537.36 (KHTML, like Gecko) Chrome/135.0.0.0 Safari/537.36"
66.29.132.124 - - [28/Apr/2025:11:46:36 -0400] "POST /wp-cron.php?doing_wp_cron=1745855195.4711999893188476562500 HTTP/1.1" 200 0 "-" "WordPress/6.8; https://makstandardent.com"
103.244.175.189 - - [28/Apr/2025:11:46:34 -0400] "POST /wp-admin/admin-ajax.php HTTP/1.1" 200 1558 "https://makstandardent.com/wp-admin/post.php?post=21&action=elementor" "Mozilla/5.0 (Windows NT 10.0; Win64; x64) AppleWebKit/537.36 (KHTML, like Gecko) Chrome/135.0.0.0 Safari/537.36"
103.244.175.189 - - [28/Apr/2025:11:46:35 -0400] "POST /wp-admin/admin-ajax.php HTTP/1.1" 200 67775 "https://makstandardent.com/wp-admin/post.php?post=21&action=elementor" "Mozilla/5.0 (Windows NT 10.0; Win64; x64) AppleWebKit/537.36 (KHTML, like Gecko) Chrome/135.0.0.0 Safari/537.36"
103.244.175.189 - - [28/Apr/2025:11:46:35 -0400] "POST /wp-admin/admin-ajax.php HTTP/1.1" 200 67775 "https://makstandardent.com/wp-admin/post.php?post=21&action=elementor" "Mozilla/5.0 (Windows NT 10.0; Win64; x64) AppleWebKit/537.36 (KHTML, like Gecko) Chrome/135.0.0.0 Safari/537.36"
66.29.132.124 - - [28/Apr/2025:11:46:38 -0400] "POST /wp-admin/admin-ajax.php?action=async_litespeed&nonce=SCYXGc2UnikeJucX9Nt5q7cFColoAdZQ&litespeed_type=imgoptm HTTP/1.1" 200 0 "-" "WordPress/6.8; https://makstandardent.com"
103.244.175.189 - - [28/Apr/2025:11:46:43 -0400] "POST /wp-admin/async-upload.php HTTP/1.1" 200 565 "https://makstandardent.com/wp-admin/post.php?post=21&action=elementor" "Mozilla/5.0 (Windows NT 10.0; Win64; x64) AppleWebKit/537.36 (KHTML, like Gecko) Chrome/135.0.0.0 Safari/537.36"
103.244.175.189 - - [28/Apr/2025:11:46:49 -0400] "GET /wp-content/uploads/2025/04/egg-box-1-300x300-1-150x150.jpg HTTP/1.1" 200 2896 "https://makstandardent.com/wp-admin/post.php?post=21&action=elementor" "Mozilla/5.0 (Windows NT 10.0; Win64; x64) AppleWebKit/537.36 (KHTML, like Gecko) Chrome/135.0.0.0 Safari/537.36"
103.244.175.189 - - [28/Apr/2025:11:46:51 -0400] "GET /wp-content/uploads/2025/04/egg-box-1-300x300-1.jpg HTTP/1.1" 200 8663 "https://makstandardent.com/wp-admin/post.php?post=21&action=elementor" "Mozilla/5.0 (Windows NT 10.0; Win64; x64) AppleWebKit/537.36 (KHTML, like Gecko) Chrome/135.0.0.0 Safari/537.36"
103.244.175.189 - - [28/Apr/2025:11:46:49 -0400] "POST /wp-admin/admin-ajax.php HTTP/1.1" 200 77 "https://makstandardent.com/wp-admin/post.php?post=21&action=elementor" "Mozilla/5.0 (Windows NT 10.0; Win64; x64) AppleWebKit/537.36 (KHTML, like Gecko) Chrome/135.0.0.0 Safari/537.36"
103.244.175.189 - - [28/Apr/2025:11:46:51 -0400] "POST /wp-admin/admin-ajax.php HTTP/1.1" 200 1454 "https://makstandardent.com/wp-admin/post.php?post=21&action=elementor" "Mozilla/5.0 (Windows NT 10.0; Win64; x64) AppleWebKit/537.36 (KHTML, like Gecko) Chrome/135.0.0.0 Safari/537.36"
103.244.175.189 - - [28/Apr/2025:11:46:51 -0400] "POST /wp-admin/admin-ajax.php HTTP/1.1" 200 1160 "https://makstandardent.com/wp-admin/post.php?post=21&action=elementor" "Mozilla/5.0 (Windows NT 10.0; Win64; x64) AppleWebKit/537.36 (KHTML, like Gecko) Chrome/135.0.0.0 Safari/537.36"
66.29.132.124 - - [28/Apr/2025:11:46:59 -0400] "POST /wp-cron.php?doing_wp_cron=1745855218.6071600914001464843750 HTTP/1.1" 200 0 "-" "WordPress/6.8; https://makstandardent.com"
103.244.175.189 - - [28/Apr/2025:11:46:57 -0400] "GET /wp-json/elementor/v1/checklist/user-progress HTTP/1.1" 200 614 "https://makstandardent.com/wp-admin/post.php?post=21&action=elementor" "Mozilla/5.0 (Windows NT 10.0; Win64; x64) AppleWebKit/537.36 (KHTML, like Gecko) Chrome/135.0.0.0 Safari/537.36"
103.244.175.189 - - [28/Apr/2025:11:47:03 -0400] "GET /wp-json/elementor/v1/checklist/user-progress HTTP/1.1" 200 614 "https://makstandardent.com/wp-admin/post.php?post=21&action=elementor" "Mozilla/5.0 (Windows NT 10.0; Win64; x64) AppleWebKit/537.36 (KHTML, like Gecko) Chrome/135.0.0.0 Safari/537.36"
103.244.175.189 - - [28/Apr/2025:11:47:04 -0400] "POST /wp-admin/admin-ajax.php HTTP/1.1" 200 219 "https://makstandardent.com/wp-admin/post.php?post=21&action=elementor" "Mozilla/5.0 (Windows NT 10.0; Win64; x64) AppleWebKit/537.36 (KHTML, like Gecko) Chrome/135.0.0.0 Safari/537.36"
103.244.175.189 - - [28/Apr/2025:11:47:04 -0400] "POST /wp-admin/admin-ajax.php HTTP/1.1" 200 77 "https://makstandardent.com/wp-admin/post.php?post=21&action=elementor" "Mozilla/5.0 (Windows NT 10.0; Win64; x64) AppleWebKit/537.36 (KHTML, like Gecko) Chrome/135.0.0.0 Safari/537.36"
66.29.132.124 - - [28/Apr/2025:11:47:22 -0400] "POST /wp-cron.php?doing_wp_cron=1745855242.5545270442962646484375 HTTP/1.1" 200 0 "-" "WordPress/6.8; https://makstandardent.com"
103.244.175.189 - - [28/Apr/2025:11:47:20 -0400] "POST /wp-admin/admin-ajax.php HTTP/1.1" 200 77 "https://makstandardent.com/wp-admin/post.php?post=21&action=elementor" "Mozilla/5.0 (Windows NT 10.0; Win64; x64) AppleWebKit/537.36 (KHTML, like Gecko) Chrome/135.0.0.0 Safari/537.36"
103.244.175.189 - - [28/Apr/2025:11:47:24 -0400] "GET /wp-json/elementor/v1/checklist/user-progress HTTP/1.1" 200 614 "https://makstandardent.com/wp-admin/post.php?post=21&action=elementor" "Mozilla/5.0 (Windows NT 10.0; Win64; x64) AppleWebKit/537.36 (KHTML, like Gecko) Chrome/135.0.0.0 Safari/537.36"
103.244.175.189 - - [28/Apr/2025:11:47:27 -0400] "POST /wp-admin/admin-ajax.php HTTP/1.1" 200 215 "https://makstandardent.com/wp-admin/post.php?post=21&action=elementor" "Mozilla/5.0 (Windows NT 10.0; Win64; x64) AppleWebKit/537.36 (KHTML, like Gecko) Chrome/135.0.0.0 Safari/537.36"
66.29.132.124 - - [28/Apr/2025:11:47:30 -0400] "POST /wp-cron.php?doing_wp_cron=1745855250.2594959735870361328125 HTTP/1.1" 200 0 "-" "WordPress/6.8; https://makstandardent.com"
103.244.175.189 - - [28/Apr/2025:11:47:28 -0400] "POST /wp-admin/admin-ajax.php HTTP/1.1" 200 1556 "https://makstandardent.com/wp-admin/post.php?post=21&action=elementor" "Mozilla/5.0 (Windows NT 10.0; Win64; x64) AppleWebKit/537.36 (KHTML, like Gecko) Chrome/135.0.0.0 Safari/537.36"
103.244.175.189 - - [28/Apr/2025:11:47:29 -0400] "POST /wp-admin/admin-ajax.php HTTP/1.1" 200 69206 "https://makstandardent.com/wp-admin/post.php?post=21&action=elementor" "Mozilla/5.0 (Windows NT 10.0; Win64; x64) AppleWebKit/537.36 (KHTML, like Gecko) Chrome/135.0.0.0 Safari/537.36"
103.244.175.189 - - [28/Apr/2025:11:47:29 -0400] "POST /wp-admin/admin-ajax.php HTTP/1.1" 200 69206 "https://makstandardent.com/wp-admin/post.php?post=21&action=elementor" "Mozilla/5.0 (Windows NT 10.0; Win64; x64) AppleWebKit/537.36 (KHTML, like Gecko) Chrome/135.0.0.0 Safari/537.36"
66.29.132.124 - - [28/Apr/2025:11:47:32 -0400] "POST /wp-admin/admin-ajax.php?action=async_litespeed&nonce=BOgLQNVoghO1llaGL9oSSdB6MUzGwRVX&litespeed_type=imgoptm HTTP/1.1" 200 0 "-" "WordPress/6.8; https://makstandardent.com"
103.244.175.189 - - [28/Apr/2025:11:47:36 -0400] "POST /wp-admin/admin-ajax.php HTTP/1.1" 200 77 "https://makstandardent.com/wp-admin/post.php?post=21&action=elementor" "Mozilla/5.0 (Windows NT 10.0; Win64; x64) AppleWebKit/537.36 (KHTML, like Gecko) Chrome/135.0.0.0 Safari/537.36"
103.244.175.189 - - [28/Apr/2025:11:47:37 -0400] "POST /wp-admin/async-upload.php HTTP/1.1" 200 570 "https://makstandardent.com/wp-admin/post.php?post=21&action=elementor" "Mozilla/5.0 (Windows NT 10.0; Win64; x64) AppleWebKit/537.36 (KHTML, like Gecko) Chrome/135.0.0.0 Safari/537.36"
103.244.175.189 - - [28/Apr/2025:11:47:42 -0400] "GET /wp-content/uploads/2025/04/Ration-box-4-300x300-1-150x150.jpg HTTP/1.1" 200 3458 "https://makstandardent.com/wp-admin/post.php?post=21&action=elementor" "Mozilla/5.0 (Windows NT 10.0; Win64; x64) AppleWebKit/537.36 (KHTML, like Gecko) Chrome/135.0.0.0 Safari/537.36"
103.244.175.189 - - [28/Apr/2025:11:47:43 -0400] "GET /wp-content/uploads/2025/04/Ration-box-4-300x300-1.jpg HTTP/1.1" 200 11489 "https://makstandardent.com/wp-admin/post.php?post=21&action=elementor" "Mozilla/5.0 (Windows NT 10.0; Win64; x64) AppleWebKit/537.36 (KHTML, like Gecko) Chrome/135.0.0.0 Safari/537.36"
103.244.175.189 - - [28/Apr/2025:11:47:43 -0400] "POST /wp-admin/admin-ajax.php HTTP/1.1" 200 1477 "https://makstandardent.com/wp-admin/post.php?post=21&action=elementor" "Mozilla/5.0 (Windows NT 10.0; Win64; x64) AppleWebKit/537.36 (KHTML, like Gecko) Chrome/135.0.0.0 Safari/537.36"
103.244.175.189 - - [28/Apr/2025:11:47:44 -0400] "POST /wp-admin/admin-ajax.php HTTP/1.1" 200 1193 "https://makstandardent.com/wp-admin/post.php?post=21&action=elementor" "Mozilla/5.0 (Windows NT 10.0; Win64; x64) AppleWebKit/537.36 (KHTML, like Gecko) Chrome/135.0.0.0 Safari/537.36"
103.244.175.189 - - [28/Apr/2025:11:47:52 -0400] "POST /wp-admin/admin-ajax.php HTTP/1.1" 200 77 "https://makstandardent.com/wp-admin/post.php?post=21&action=elementor" "Mozilla/5.0 (Windows NT 10.0; Win64; x64) AppleWebKit/537.36 (KHTML, like Gecko) Chrome/135.0.0.0 Safari/537.36"
103.244.175.189 - - [28/Apr/2025:11:48:02 -0400] "GET /wp-json/elementor/v1/checklist/user-progress HTTP/1.1" 200 614 "https://makstandardent.com/wp-admin/post.php?post=21&action=elementor" "Mozilla/5.0 (Windows NT 10.0; Win64; x64) AppleWebKit/537.36 (KHTML, like Gecko) Chrome/135.0.0.0 Safari/537.36"
103.244.175.189 - - [28/Apr/2025:11:48:01 -0400] "POST /wp-admin/admin-ajax.php HTTP/1.1" 200 47 "https://makstandardent.com/wp-admin/edit.php?post_type=elementor_library" "Mozilla/5.0 (Windows NT 10.0; Win64; x64) AppleWebKit/537.36 (KHTML, like Gecko) Chrome/135.0.0.0 Safari/537.36"
66.29.132.124 - - [28/Apr/2025:11:48:04 -0400] "POST /wp-cron.php?doing_wp_cron=1745855282.4174768924713134765625 HTTP/1.1" 200 0 "-" "WordPress/6.8; https://makstandardent.com"
103.244.175.189 - - [28/Apr/2025:11:48:06 -0400] "POST /wp-admin/admin-ajax.php HTTP/1.1" 200 77 "https://makstandardent.com/wp-admin/post.php?post=21&action=elementor" "Mozilla/5.0 (Windows NT 10.0; Win64; x64) AppleWebKit/537.36 (KHTML, like Gecko) Chrome/135.0.0.0 Safari/537.36"
103.244.175.189 - - [28/Apr/2025:11:48:11 -0400] "POST /wp-admin/admin-ajax.php HTTP/1.1" 200 77 "https://makstandardent.com/wp-admin/post.php?post=52&action=elementor" "Mozilla/5.0 (Windows NT 10.0; Win64; x64) AppleWebKit/537.36 (KHTML, like Gecko) Chrome/135.0.0.0 Safari/537.36"
103.244.175.189 - - [28/Apr/2025:11:48:17 -0400] "POST /wp-admin/admin-ajax.php HTTP/1.1" 200 234 "https://makstandardent.com/wp-admin/post.php?post=21&action=elementor" "Mozilla/5.0 (Windows NT 10.0; Win64; x64) AppleWebKit/537.36 (KHTML, like Gecko) Chrome/135.0.0.0 Safari/537.36"
103.244.175.189 - - [28/Apr/2025:11:48:17 -0400] "GET /wp-json/elementor/v1/checklist/user-progress HTTP/1.1" 200 614 "https://makstandardent.com/wp-admin/post.php?post=21&action=elementor" "Mozilla/5.0 (Windows NT 10.0; Win64; x64) AppleWebKit/537.36 (KHTML, like Gecko) Chrome/135.0.0.0 Safari/537.36"
103.244.175.189 - - [28/Apr/2025:11:48:22 -0400] "POST /wp-admin/admin-ajax.php HTTP/1.1" 200 77 "https://makstandardent.com/wp-admin/post.php?post=21&action=elementor" "Mozilla/5.0 (Windows NT 10.0; Win64; x64) AppleWebKit/537.36 (KHTML, like Gecko) Chrome/135.0.0.0 Safari/537.36"
103.244.175.189 - - [28/Apr/2025:11:48:27 -0400] "POST /wp-admin/admin-ajax.php HTTP/1.1" 200 217 "https://makstandardent.com/wp-admin/post.php?post=21&action=elementor" "Mozilla/5.0 (Windows NT 10.0; Win64; x64) AppleWebKit/537.36 (KHTML, like Gecko) Chrome/135.0.0.0 Safari/537.36"
103.244.175.189 - - [28/Apr/2025:11:48:36 -0400] "POST /wp-admin/admin-ajax.php HTTP/1.1" 200 77 "https://makstandardent.com/wp-admin/post.php?post=21&action=elementor" "Mozilla/5.0 (Windows NT 10.0; Win64; x64) AppleWebKit/537.36 (KHTML, like Gecko) Chrome/135.0.0.0 Safari/537.36"
103.244.175.189 - - [28/Apr/2025:11:48:39 -0400] "POST /wp-admin/admin-ajax.php HTTP/1.1" 200 227 "https://makstandardent.com/wp-admin/post.php?post=21&action=elementor" "Mozilla/5.0 (Windows NT 10.0; Win64; x64) AppleWebKit/537.36 (KHTML, like Gecko) Chrome/135.0.0.0 Safari/537.36"
103.244.175.189 - - [28/Apr/2025:11:48:48 -0400] "GET /wp-json/elementor/v1/checklist/user-progress HTTP/1.1" 200 614 "https://makstandardent.com/wp-admin/post.php?post=21&action=elementor" "Mozilla/5.0 (Windows NT 10.0; Win64; x64) AppleWebKit/537.36 (KHTML, like Gecko) Chrome/135.0.0.0 Safari/537.36"
103.244.175.189 - - [28/Apr/2025:11:48:50 -0400] "POST /wp-admin/admin-ajax.php HTTP/1.1" 200 226 "https://makstandardent.com/wp-admin/post.php?post=21&action=elementor" "Mozilla/5.0 (Windows NT 10.0; Win64; x64) AppleWebKit/537.36 (KHTML, like Gecko) Chrome/135.0.0.0 Safari/537.36"
103.244.175.189 - - [28/Apr/2025:11:48:51 -0400] "POST /wp-admin/admin-ajax.php HTTP/1.1" 200 77 "https://makstandardent.com/wp-admin/post.php?post=21&action=elementor" "Mozilla/5.0 (Windows NT 10.0; Win64; x64) AppleWebKit/537.36 (KHTML, like Gecko) Chrome/135.0.0.0 Safari/537.36"
103.244.175.189 - - [28/Apr/2025:11:48:52 -0400] "POST /wp-admin/admin-ajax.php HTTP/1.1" 200 1574 "https://makstandardent.com/wp-admin/post.php?post=21&action=elementor" "Mozilla/5.0 (Windows NT 10.0; Win64; x64) AppleWebKit/537.36 (KHTML, like Gecko) Chrome/135.0.0.0 Safari/537.36"
103.244.175.189 - - [28/Apr/2025:11:48:55 -0400] "POST /wp-admin/admin-ajax.php HTTP/1.1" 200 70660 "https://makstandardent.com/wp-admin/post.php?post=21&action=elementor" "Mozilla/5.0 (Windows NT 10.0; Win64; x64) AppleWebKit/537.36 (KHTML, like Gecko) Chrome/135.0.0.0 Safari/537.36"
103.244.175.189 - - [28/Apr/2025:11:48:55 -0400] "POST /wp-admin/admin-ajax.php HTTP/1.1" 200 70660 "https://makstandardent.com/wp-admin/post.php?post=21&action=elementor" "Mozilla/5.0 (Windows NT 10.0; Win64; x64) AppleWebKit/537.36 (KHTML, like Gecko) Chrome/135.0.0.0 Safari/537.36"
66.29.132.124 - - [28/Apr/2025:11:49:05 -0400] "POST /wp-cron.php?doing_wp_cron=1745855345.1742370128631591796875 HTTP/1.1" 200 0 "-" "WordPress/6.8; https://makstandardent.com"
103.244.175.189 - - [28/Apr/2025:11:49:00 -0400] "POST /wp-admin/async-upload.php HTTP/1.1" 200 581 "https://makstandardent.com/wp-admin/post.php?post=21&action=elementor" "Mozilla/5.0 (Windows NT 10.0; Win64; x64) AppleWebKit/537.36 (KHTML, like Gecko) Chrome/135.0.0.0 Safari/537.36"
103.244.175.189 - - [28/Apr/2025:11:49:06 -0400] "POST /wp-admin/admin-ajax.php HTTP/1.1" 200 77 "https://makstandardent.com/wp-admin/post.php?post=21&action=elementor" "Mozilla/5.0 (Windows NT 10.0; Win64; x64) AppleWebKit/537.36 (KHTML, like Gecko) Chrome/135.0.0.0 Safari/537.36"
103.244.175.189 - - [28/Apr/2025:11:49:07 -0400] "GET /wp-content/uploads/2025/04/Ration-box-4-300x300-1-1-150x150.jpg HTTP/1.1" 200 3458 "https://makstandardent.com/wp-admin/post.php?post=21&action=elementor" "Mozilla/5.0 (Windows NT 10.0; Win64; x64) AppleWebKit/537.36 (KHTML, like Gecko) Chrome/135.0.0.0 Safari/537.36"
103.244.175.189 - - [28/Apr/2025:11:49:09 -0400] "GET /wp-content/uploads/2025/04/Ration-box-4-300x300-1-1.jpg HTTP/1.1" 200 11489 "https://makstandardent.com/wp-admin/post.php?post=21&action=elementor" "Mozilla/5.0 (Windows NT 10.0; Win64; x64) AppleWebKit/537.36 (KHTML, like Gecko) Chrome/135.0.0.0 Safari/537.36"
103.244.175.189 - - [28/Apr/2025:11:49:09 -0400] "POST /wp-admin/admin-ajax.php HTTP/1.1" 200 1215 "https://makstandardent.com/wp-admin/post.php?post=21&action=elementor" "Mozilla/5.0 (Windows NT 10.0; Win64; x64) AppleWebKit/537.36 (KHTML, like Gecko) Chrome/135.0.0.0 Safari/537.36"
103.244.175.189 - - [28/Apr/2025:11:49:09 -0400] "POST /wp-admin/admin-ajax.php HTTP/1.1" 200 1493 "https://makstandardent.com/wp-admin/post.php?post=21&action=elementor" "Mozilla/5.0 (Windows NT 10.0; Win64; x64) AppleWebKit/537.36 (KHTML, like Gecko) Chrome/135.0.0.0 Safari/537.36"
66.29.132.124 - - [28/Apr/2025:11:49:11 -0400] "POST /wp-admin/admin-ajax.php?action=wp_1_wc_privacy_cleanup&nonce=a7d1d32155 HTTP/1.1" 200 0 "-" "WordPress/6.8; https://makstandardent.com"
66.29.132.124 - - [28/Apr/2025:11:49:12 -0400] "POST /wp-admin/admin-ajax.php?action=async_litespeed&nonce=VnV0StLFyGESkhWzOQJkicHmFTw30rJy&litespeed_type=imgoptm HTTP/1.1" 200 0 "-" "WordPress/6.8; https://makstandardent.com"
66.29.132.124 - - [28/Apr/2025:11:49:24 -0400] "POST /wp-cron.php?doing_wp_cron=1745855363.7513749599456787109375 HTTP/1.1" 200 0 "-" "WordPress/6.8; https://makstandardent.com"
103.244.175.189 - - [28/Apr/2025:11:49:22 -0400] "POST /wp-admin/admin-ajax.php HTTP/1.1" 200 77 "https://makstandardent.com/wp-admin/post.php?post=21&action=elementor" "Mozilla/5.0 (Windows NT 10.0; Win64; x64) AppleWebKit/537.36 (KHTML, like Gecko) Chrome/135.0.0.0 Safari/537.36"
103.244.175.189 - - [28/Apr/2025:11:49:29 -0400] "GET /wp-json/elementor/v1/checklist/user-progress HTTP/1.1" 200 614 "https://makstandardent.com/wp-admin/post.php?post=21&action=elementor" "Mozilla/5.0 (Windows NT 10.0; Win64; x64) AppleWebKit/537.36 (KHTML, like Gecko) Chrome/135.0.0.0 Safari/537.36"
103.244.175.189 - - [28/Apr/2025:11:49:37 -0400] "POST /wp-admin/admin-ajax.php HTTP/1.1" 200 77 "https://makstandardent.com/wp-admin/post.php?post=21&action=elementor" "Mozilla/5.0 (Windows NT 10.0; Win64; x64) AppleWebKit/537.36 (KHTML, like Gecko) Chrome/135.0.0.0 Safari/537.36"
103.244.175.189 - - [28/Apr/2025:11:49:41 -0400] "GET /wp-json/elementor/v1/checklist/user-progress HTTP/1.1" 200 614 "https://makstandardent.com/wp-admin/post.php?post=21&action=elementor" "Mozilla/5.0 (Windows NT 10.0; Win64; x64) AppleWebKit/537.36 (KHTML, like Gecko) Chrome/135.0.0.0 Safari/537.36"
103.244.175.189 - - [28/Apr/2025:11:49:42 -0400] "POST /wp-admin/admin-ajax.php HTTP/1.1" 200 229 "https://makstandardent.com/wp-admin/post.php?post=21&action=elementor" "Mozilla/5.0 (Windows NT 10.0; Win64; x64) AppleWebKit/537.36 (KHTML, like Gecko) Chrome/135.0.0.0 Safari/537.36"
103.244.175.189 - - [28/Apr/2025:11:49:51 -0400] "POST /wp-admin/admin-ajax.php HTTP/1.1" 200 216 "https://makstandardent.com/wp-admin/post.php?post=21&action=elementor" "Mozilla/5.0 (Windows NT 10.0; Win64; x64) AppleWebKit/537.36 (KHTML, like Gecko) Chrome/135.0.0.0 Safari/537.36"
103.244.175.189 - - [28/Apr/2025:11:49:53 -0400] "POST /wp-admin/admin-ajax.php HTTP/1.1" 200 77 "https://makstandardent.com/wp-admin/post.php?post=21&action=elementor" "Mozilla/5.0 (Windows NT 10.0; Win64; x64) AppleWebKit/537.36 (KHTML, like Gecko) Chrome/135.0.0.0 Safari/537.36"
103.244.175.189 - - [28/Apr/2025:11:49:57 -0400] "GET /wp-json/elementor/v1/checklist/user-progress HTTP/1.1" 200 614 "https://makstandardent.com/wp-admin/post.php?post=21&action=elementor" "Mozilla/5.0 (Windows NT 10.0; Win64; x64) AppleWebKit/537.36 (KHTML, like Gecko) Chrome/135.0.0.0 Safari/537.36"
103.244.175.189 - - [28/Apr/2025:11:50:00 -0400] "POST /wp-admin/admin-ajax.php HTTP/1.1" 200 1558 "https://makstandardent.com/wp-admin/post.php?post=21&action=elementor" "Mozilla/5.0 (Windows NT 10.0; Win64; x64) AppleWebKit/537.36 (KHTML, like Gecko) Chrome/135.0.0.0 Safari/537.36"
103.244.175.189 - - [28/Apr/2025:11:50:03 -0400] "POST /wp-admin/admin-ajax.php HTTP/1.1" 200 47 "https://makstandardent.com/wp-admin/edit.php?post_type=elementor_library" "Mozilla/5.0 (Windows NT 10.0; Win64; x64) AppleWebKit/537.36 (KHTML, like Gecko) Chrome/135.0.0.0 Safari/537.36"
103.244.175.189 - - [28/Apr/2025:11:50:03 -0400] "POST /wp-admin/admin-ajax.php HTTP/1.1" 200 72130 "https://makstandardent.com/wp-admin/post.php?post=21&action=elementor" "Mozilla/5.0 (Windows NT 10.0; Win64; x64) AppleWebKit/537.36 (KHTML, like Gecko) Chrome/135.0.0.0 Safari/537.36"
103.244.175.189 - - [28/Apr/2025:11:50:03 -0400] "POST /wp-admin/admin-ajax.php HTTP/1.1" 200 72130 "https://makstandardent.com/wp-admin/post.php?post=21&action=elementor" "Mozilla/5.0 (Windows NT 10.0; Win64; x64) AppleWebKit/537.36 (KHTML, like Gecko) Chrome/135.0.0.0 Safari/537.36"
103.244.175.189 - - [28/Apr/2025:11:50:11 -0400] "POST /wp-admin/admin-ajax.php HTTP/1.1" 200 77 "https://makstandardent.com/wp-admin/post.php?post=21&action=elementor" "Mozilla/5.0 (Windows NT 10.0; Win64; x64) AppleWebKit/537.36 (KHTML, like Gecko) Chrome/135.0.0.0 Safari/537.36"
103.244.175.189 - - [28/Apr/2025:11:50:13 -0400] "POST /wp-admin/admin-ajax.php HTTP/1.1" 200 127 "https://makstandardent.com/wp-admin/post.php?post=21&action=elementor" "Mozilla/5.0 (Windows NT 10.0; Win64; x64) AppleWebKit/537.36 (KHTML, like Gecko) Chrome/135.0.0.0 Safari/537.36"
103.244.175.189 - - [28/Apr/2025:11:50:12 -0400] "POST /wp-admin/admin-ajax.php HTTP/1.1" 200 1493 "https://makstandardent.com/wp-admin/post.php?post=21&action=elementor" "Mozilla/5.0 (Windows NT 10.0; Win64; x64) AppleWebKit/537.36 (KHTML, like Gecko) Chrome/135.0.0.0 Safari/537.36"
103.244.175.189 - - [28/Apr/2025:11:50:15 -0400] "POST /wp-admin/admin-ajax.php HTTP/1.1" 200 77 "https://makstandardent.com/wp-admin/post.php?post=52&action=elementor" "Mozilla/5.0 (Windows NT 10.0; Win64; x64) AppleWebKit/537.36 (KHTML, like Gecko) Chrome/135.0.0.0 Safari/537.36"
103.244.175.189 - - [28/Apr/2025:11:50:21 -0400] "GET /wp-json/elementor/v1/checklist/user-progress HTTP/1.1" 200 614 "https://makstandardent.com/wp-admin/post.php?post=21&action=elementor" "Mozilla/5.0 (Windows NT 10.0; Win64; x64) AppleWebKit/537.36 (KHTML, like Gecko) Chrome/135.0.0.0 Safari/537.36"
103.244.175.189 - - [28/Apr/2025:11:50:25 -0400] "POST /wp-admin/admin-ajax.php HTTP/1.1" 200 77 "https://makstandardent.com/wp-admin/post.php?post=21&action=elementor" "Mozilla/5.0 (Windows NT 10.0; Win64; x64) AppleWebKit/537.36 (KHTML, like Gecko) Chrome/135.0.0.0 Safari/537.36"
66.29.132.124 - - [28/Apr/2025:11:50:28 -0400] "POST /wp-cron.php?doing_wp_cron=1745855426.7308700084686279296875 HTTP/1.1" 200 0 "-" "WordPress/6.8; https://makstandardent.com"
103.244.175.189 - - [28/Apr/2025:11:50:30 -0400] "GET /wp-json/elementor/v1/checklist/user-progress HTTP/1.1" 200 614 "https://makstandardent.com/wp-admin/post.php?post=21&action=elementor" "Mozilla/5.0 (Windows NT 10.0; Win64; x64) AppleWebKit/537.36 (KHTML, like Gecko) Chrome/135.0.0.0 Safari/537.36"
103.244.175.189 - - [28/Apr/2025:11:50:30 -0400] "POST /wp-admin/admin-ajax.php HTTP/1.1" 200 231 "https://makstandardent.com/wp-admin/post.php?post=21&action=elementor" "Mozilla/5.0 (Windows NT 10.0; Win64; x64) AppleWebKit/537.36 (KHTML, like Gecko) Chrome/135.0.0.0 Safari/537.36"
103.244.175.189 - - [28/Apr/2025:11:50:39 -0400] "POST /wp-admin/admin-ajax.php HTTP/1.1" 200 77 "https://makstandardent.com/wp-admin/post.php?post=21&action=elementor" "Mozilla/5.0 (Windows NT 10.0; Win64; x64) AppleWebKit/537.36 (KHTML, like Gecko) Chrome/135.0.0.0 Safari/537.36"
103.244.175.189 - - [28/Apr/2025:11:50:55 -0400] "POST /wp-admin/admin-ajax.php HTTP/1.1" 200 77 "https://makstandardent.com/wp-admin/post.php?post=21&action=elementor" "Mozilla/5.0 (Windows NT 10.0; Win64; x64) AppleWebKit/537.36 (KHTML, like Gecko) Chrome/135.0.0.0 Safari/537.36"
103.244.175.189 - - [28/Apr/2025:11:50:55 -0400] "GET /wp-json/elementor/v1/checklist/user-progress HTTP/1.1" 200 614 "https://makstandardent.com/wp-admin/post.php?post=21&action=elementor" "Mozilla/5.0 (Windows NT 10.0; Win64; x64) AppleWebKit/537.36 (KHTML, like Gecko) Chrome/135.0.0.0 Safari/537.36"
103.244.175.189 - - [28/Apr/2025:11:50:58 -0400] "POST /wp-admin/admin-ajax.php HTTP/1.1" 200 217 "https://makstandardent.com/wp-admin/post.php?post=21&action=elementor" "Mozilla/5.0 (Windows NT 10.0; Win64; x64) AppleWebKit/537.36 (KHTML, like Gecko) Chrome/135.0.0.0 Safari/537.36"
103.244.175.189 - - [28/Apr/2025:11:51:01 -0400] "POST /wp-admin/admin-ajax.php HTTP/1.1" 200 1556 "https://makstandardent.com/wp-admin/post.php?post=21&action=elementor" "Mozilla/5.0 (Windows NT 10.0; Win64; x64) AppleWebKit/537.36 (KHTML, like Gecko) Chrome/135.0.0.0 Safari/537.36"
103.244.175.189 - - [28/Apr/2025:11:51:02 -0400] "POST /wp-admin/admin-ajax.php HTTP/1.1" 200 72130 "https://makstandardent.com/wp-admin/post.php?post=21&action=elementor" "Mozilla/5.0 (Windows NT 10.0; Win64; x64) AppleWebKit/537.36 (KHTML, like Gecko) Chrome/135.0.0.0 Safari/537.36"
103.244.175.189 - - [28/Apr/2025:11:51:02 -0400] "POST /wp-admin/admin-ajax.php HTTP/1.1" 200 72130 "https://makstandardent.com/wp-admin/post.php?post=21&action=elementor" "Mozilla/5.0 (Windows NT 10.0; Win64; x64) AppleWebKit/537.36 (KHTML, like Gecko) Chrome/135.0.0.0 Safari/537.36"
103.244.175.189 - - [28/Apr/2025:11:51:10 -0400] "POST /wp-admin/admin-ajax.php HTTP/1.1" 200 77 "https://makstandardent.com/wp-admin/post.php?post=21&action=elementor" "Mozilla/5.0 (Windows NT 10.0; Win64; x64) AppleWebKit/537.36 (KHTML, like Gecko) Chrome/135.0.0.0 Safari/537.36"
103.244.175.189 - - [28/Apr/2025:11:51:13 -0400] "POST /wp-admin/async-upload.php HTTP/1.1" 200 585 "https://makstandardent.com/wp-admin/post.php?post=21&action=elementor" "Mozilla/5.0 (Windows NT 10.0; Win64; x64) AppleWebKit/537.36 (KHTML, like Gecko) Chrome/135.0.0.0 Safari/537.36"
103.244.175.189 - - [28/Apr/2025:11:51:18 -0400] "GET /wp-content/uploads/2025/04/Family-Grill-Box-1-300x300-1-150x150.jpg HTTP/1.1" 200 2591 "https://makstandardent.com/wp-admin/post.php?post=21&action=elementor" "Mozilla/5.0 (Windows NT 10.0; Win64; x64) AppleWebKit/537.36 (KHTML, like Gecko) Chrome/135.0.0.0 Safari/537.36"
103.244.175.189 - - [28/Apr/2025:11:51:20 -0400] "GET /wp-content/uploads/2025/04/Family-Grill-Box-1-300x300-1.jpg HTTP/1.1" 200 6949 "https://makstandardent.com/wp-admin/post.php?post=21&action=elementor" "Mozilla/5.0 (Windows NT 10.0; Win64; x64) AppleWebKit/537.36 (KHTML, like Gecko) Chrome/135.0.0.0 Safari/537.36"
103.244.175.189 - - [28/Apr/2025:11:51:20 -0400] "POST /wp-admin/admin-ajax.php HTTP/1.1" 200 1517 "https://makstandardent.com/wp-admin/post.php?post=21&action=elementor" "Mozilla/5.0 (Windows NT 10.0; Win64; x64) AppleWebKit/537.36 (KHTML, like Gecko) Chrome/135.0.0.0 Safari/537.36"
103.244.175.189 - - [28/Apr/2025:11:51:21 -0400] "POST /wp-admin/admin-ajax.php HTTP/1.1" 200 1259 "https://makstandardent.com/wp-admin/post.php?post=21&action=elementor" "Mozilla/5.0 (Windows NT 10.0; Win64; x64) AppleWebKit/537.36 (KHTML, like Gecko) Chrome/135.0.0.0 Safari/537.36"
66.29.132.124 - - [28/Apr/2025:11:51:27 -0400] "POST /wp-cron.php?doing_wp_cron=1745855486.8302841186523437500000 HTTP/1.1" 200 0 "-" "WordPress/6.8; https://makstandardent.com"
103.244.175.189 - - [28/Apr/2025:11:51:25 -0400] "POST /wp-admin/admin-ajax.php HTTP/1.1" 200 77 "https://makstandardent.com/wp-admin/post.php?post=21&action=elementor" "Mozilla/5.0 (Windows NT 10.0; Win64; x64) AppleWebKit/537.36 (KHTML, like Gecko) Chrome/135.0.0.0 Safari/537.36"
66.29.132.124 - - [28/Apr/2025:11:51:29 -0400] "POST /wp-admin/admin-ajax.php?action=async_litespeed&nonce=81Gv4wOWoAE89qx3us0mg7xdYq4uqjLn&litespeed_type=imgoptm HTTP/1.1" 200 0 "-" "WordPress/6.8; https://makstandardent.com"
66.29.132.124 - - [28/Apr/2025:11:51:32 -0400] "POST /wp-cron.php?doing_wp_cron=1745855491.4934420585632324218750 HTTP/1.1" 200 0 "-" "WordPress/6.8; https://makstandardent.com"
103.244.175.189 - - [28/Apr/2025:11:51:30 -0400] "GET /wp-json/elementor/v1/checklist/user-progress HTTP/1.1" 200 614 "https://makstandardent.com/wp-admin/post.php?post=21&action=elementor" "Mozilla/5.0 (Windows NT 10.0; Win64; x64) AppleWebKit/537.36 (KHTML, like Gecko) Chrome/135.0.0.0 Safari/537.36"
66.29.132.124 - - [28/Apr/2025:11:51:33 -0400] "POST /wp-admin/admin-ajax.php?action=async_litespeed&nonce=YgSB3o44uFsyDAiev5xT11SXMYOGnU8p&litespeed_type=imgoptm HTTP/1.1" 200 0 "-" "WordPress/6.8; https://makstandardent.com"
103.244.175.189 - - [28/Apr/2025:11:51:37 -0400] "GET /wp-json/elementor/v1/checklist/user-progress HTTP/1.1" 200 614 "https://makstandardent.com/wp-admin/post.php?post=21&action=elementor" "Mozilla/5.0 (Windows NT 10.0; Win64; x64) AppleWebKit/537.36 (KHTML, like Gecko) Chrome/135.0.0.0 Safari/537.36"
103.244.175.189 - - [28/Apr/2025:11:51:38 -0400] "POST /wp-admin/admin-ajax.php HTTP/1.1" 200 220 "https://makstandardent.com/wp-admin/post.php?post=21&action=elementor" "Mozilla/5.0 (Windows NT 10.0; Win64; x64) AppleWebKit/537.36 (KHTML, like Gecko) Chrome/135.0.0.0 Safari/537.36"
103.244.175.189 - - [28/Apr/2025:11:51:40 -0400] "POST /wp-admin/admin-ajax.php HTTP/1.1" 200 77 "https://makstandardent.com/wp-admin/post.php?post=21&action=elementor" "Mozilla/5.0 (Windows NT 10.0; Win64; x64) AppleWebKit/537.36 (KHTML, like Gecko) Chrome/135.0.0.0 Safari/537.36"
103.244.175.189 - - [28/Apr/2025:11:51:55 -0400] "POST /wp-admin/admin-ajax.php HTTP/1.1" 200 77 "https://makstandardent.com/wp-admin/post.php?post=21&action=elementor" "Mozilla/5.0 (Windows NT 10.0; Win64; x64) AppleWebKit/537.36 (KHTML, like Gecko) Chrome/135.0.0.0 Safari/537.36"
66.29.132.124 - - [28/Apr/2025:11:52:04 -0400] "POST /wp-cron.php?doing_wp_cron=1745855523.5399188995361328125000 HTTP/1.1" 200 0 "-" "WordPress/6.8; https://makstandardent.com"
103.244.175.189 - - [28/Apr/2025:11:52:02 -0400] "POST /wp-admin/admin-ajax.php HTTP/1.1" 200 47 "https://makstandardent.com/wp-admin/edit.php?post_type=elementor_library" "Mozilla/5.0 (Windows NT 10.0; Win64; x64) AppleWebKit/537.36 (KHTML, like Gecko) Chrome/135.0.0.0 Safari/537.36"
103.244.175.189 - - [28/Apr/2025:11:52:10 -0400] "POST /wp-admin/admin-ajax.php HTTP/1.1" 200 77 "https://makstandardent.com/wp-admin/post.php?post=21&action=elementor" "Mozilla/5.0 (Windows NT 10.0; Win64; x64) AppleWebKit/537.36 (KHTML, like Gecko) Chrome/135.0.0.0 Safari/537.36"
103.244.175.189 - - [28/Apr/2025:11:52:14 -0400] "POST /wp-admin/admin-ajax.php HTTP/1.1" 200 77 "https://makstandardent.com/wp-admin/post.php?post=52&action=elementor" "Mozilla/5.0 (Windows NT 10.0; Win64; x64) AppleWebKit/537.36 (KHTML, like Gecko) Chrome/135.0.0.0 Safari/537.36"
103.244.175.189 - - [28/Apr/2025:11:52:18 -0400] "GET /wp-json/elementor/v1/checklist/user-progress HTTP/1.1" 200 614 "https://makstandardent.com/wp-admin/post.php?post=21&action=elementor" "Mozilla/5.0 (Windows NT 10.0; Win64; x64) AppleWebKit/537.36 (KHTML, like Gecko) Chrome/135.0.0.0 Safari/537.36"
103.244.175.189 - - [28/Apr/2025:11:52:19 -0400] "POST /wp-admin/admin-ajax.php HTTP/1.1" 200 216 "https://makstandardent.com/wp-admin/post.php?post=21&action=elementor" "Mozilla/5.0 (Windows NT 10.0; Win64; x64) AppleWebKit/537.36 (KHTML, like Gecko) Chrome/135.0.0.0 Safari/537.36"
103.244.175.189 - - [28/Apr/2025:11:52:21 -0400] "POST /wp-admin/admin-ajax.php HTTP/1.1" 200 1574 "https://makstandardent.com/wp-admin/post.php?post=21&action=elementor" "Mozilla/5.0 (Windows NT 10.0; Win64; x64) AppleWebKit/537.36 (KHTML, like Gecko) Chrome/135.0.0.0 Safari/537.36"
103.244.175.189 - - [28/Apr/2025:11:52:23 -0400] "POST /wp-admin/admin-ajax.php HTTP/1.1" 200 73624 "https://makstandardent.com/wp-admin/post.php?post=21&action=elementor" "Mozilla/5.0 (Windows NT 10.0; Win64; x64) AppleWebKit/537.36 (KHTML, like Gecko) Chrome/135.0.0.0 Safari/537.36"
103.244.175.189 - - [28/Apr/2025:11:52:23 -0400] "POST /wp-admin/admin-ajax.php HTTP/1.1" 200 73624 "https://makstandardent.com/wp-admin/post.php?post=21&action=elementor" "Mozilla/5.0 (Windows NT 10.0; Win64; x64) AppleWebKit/537.36 (KHTML, like Gecko) Chrome/135.0.0.0 Safari/537.36"
103.244.175.189 - - [28/Apr/2025:11:52:25 -0400] "POST /wp-admin/admin-ajax.php HTTP/1.1" 200 77 "https://makstandardent.com/wp-admin/post.php?post=21&action=elementor" "Mozilla/5.0 (Windows NT 10.0; Win64; x64) AppleWebKit/537.36 (KHTML, like Gecko) Chrome/135.0.0.0 Safari/537.36"
66.29.132.124 - - [28/Apr/2025:11:52:35 -0400] "POST /wp-cron.php?doing_wp_cron=1745855554.2533280849456787109375 HTTP/1.1" 200 0 "-" "WordPress/6.8; https://makstandardent.com"
103.244.175.189 - - [28/Apr/2025:11:52:29 -0400] "POST /wp-admin/async-upload.php HTTP/1.1" 200 580 "https://makstandardent.com/wp-admin/post.php?post=21&action=elementor" "Mozilla/5.0 (Windows NT 10.0; Win64; x64) AppleWebKit/537.36 (KHTML, like Gecko) Chrome/135.0.0.0 Safari/537.36"
103.244.175.189 - - [28/Apr/2025:11:52:35 -0400] "GET /wp-json/elementor/v1/checklist/user-progress HTTP/1.1" 200 614 "https://makstandardent.com/wp-admin/post.php?post=21&action=elementor" "Mozilla/5.0 (Windows NT 10.0; Win64; x64) AppleWebKit/537.36 (KHTML, like Gecko) Chrome/135.0.0.0 Safari/537.36"
103.244.175.189 - - [28/Apr/2025:11:52:38 -0400] "GET /wp-content/uploads/2025/04/1-Pound-Cake-Box-300x300-1-150x150.jpg HTTP/1.1" 200 2383 "https://makstandardent.com/wp-admin/post.php?post=21&action=elementor" "Mozilla/5.0 (Windows NT 10.0; Win64; x64) AppleWebKit/537.36 (KHTML, like Gecko) Chrome/135.0.0.0 Safari/537.36"
103.244.175.189 - - [28/Apr/2025:11:52:38 -0400] "GET /wp-content/uploads/2025/04/1-Pound-Cake-Box-300x300-1.jpg HTTP/1.1" 200 6794 "https://makstandardent.com/wp-admin/post.php?post=21&action=elementor" "Mozilla/5.0 (Windows NT 10.0; Win64; x64) AppleWebKit/537.36 (KHTML, like Gecko) Chrome/135.0.0.0 Safari/537.36"
103.244.175.189 - - [28/Apr/2025:11:52:38 -0400] "POST /wp-admin/admin-ajax.php HTTP/1.1" 200 1503 "https://makstandardent.com/wp-admin/post.php?post=21&action=elementor" "Mozilla/5.0 (Windows NT 10.0; Win64; x64) AppleWebKit/537.36 (KHTML, like Gecko) Chrome/135.0.0.0 Safari/537.36"
103.244.175.189 - - [28/Apr/2025:11:52:39 -0400] "POST /wp-admin/admin-ajax.php HTTP/1.1" 200 1237 "https://makstandardent.com/wp-admin/post.php?post=21&action=elementor" "Mozilla/5.0 (Windows NT 10.0; Win64; x64) AppleWebKit/537.36 (KHTML, like Gecko) Chrome/135.0.0.0 Safari/537.36"
103.244.175.189 - - [28/Apr/2025:11:52:41 -0400] "POST /wp-admin/admin-ajax.php HTTP/1.1" 200 77 "https://makstandardent.com/wp-admin/post.php?post=21&action=elementor" "Mozilla/5.0 (Windows NT 10.0; Win64; x64) AppleWebKit/537.36 (KHTML, like Gecko) Chrome/135.0.0.0 Safari/537.36"
103.244.175.189 - - [28/Apr/2025:11:52:47 -0400] "GET /wp-json/elementor/v1/checklist/user-progress HTTP/1.1" 200 614 "https://makstandardent.com/wp-admin/post.php?post=21&action=elementor" "Mozilla/5.0 (Windows NT 10.0; Win64; x64) AppleWebKit/537.36 (KHTML, like Gecko) Chrome/135.0.0.0 Safari/537.36"
103.244.175.189 - - [28/Apr/2025:11:52:48 -0400] "POST /wp-admin/admin-ajax.php HTTP/1.1" 200 214 "https://makstandardent.com/wp-admin/post.php?post=21&action=elementor" "Mozilla/5.0 (Windows NT 10.0; Win64; x64) AppleWebKit/537.36 (KHTML, like Gecko) Chrome/135.0.0.0 Safari/537.36"
103.244.175.189 - - [28/Apr/2025:11:52:56 -0400] "POST /wp-admin/admin-ajax.php HTTP/1.1" 200 77 "https://makstandardent.com/wp-admin/post.php?post=21&action=elementor" "Mozilla/5.0 (Windows NT 10.0; Win64; x64) AppleWebKit/537.36 (KHTML, like Gecko) Chrome/135.0.0.0 Safari/537.36"
103.244.175.189 - - [28/Apr/2025:11:52:57 -0400] "GET /wp-json/elementor/v1/checklist/user-progress HTTP/1.1" 200 614 "https://makstandardent.com/wp-admin/post.php?post=21&action=elementor" "Mozilla/5.0 (Windows NT 10.0; Win64; x64) AppleWebKit/537.36 (KHTML, like Gecko) Chrome/135.0.0.0 Safari/537.36"
103.244.175.189 - - [28/Apr/2025:11:52:59 -0400] "POST /wp-admin/admin-ajax.php HTTP/1.1" 200 215 "https://makstandardent.com/wp-admin/post.php?post=21&action=elementor" "Mozilla/5.0 (Windows NT 10.0; Win64; x64) AppleWebKit/537.36 (KHTML, like Gecko) Chrome/135.0.0.0 Safari/537.36"
103.244.175.189 - - [28/Apr/2025:11:53:03 -0400] "POST /wp-admin/admin-ajax.php HTTP/1.1" 200 1558 "https://makstandardent.com/wp-admin/post.php?post=21&action=elementor" "Mozilla/5.0 (Windows NT 10.0; Win64; x64) AppleWebKit/537.36 (KHTML, like Gecko) Chrome/135.0.0.0 Safari/537.36"
103.244.175.189 - - [28/Apr/2025:11:53:04 -0400] "POST /wp-admin/admin-ajax.php HTTP/1.1" 200 75104 "https://makstandardent.com/wp-admin/post.php?post=21&action=elementor" "Mozilla/5.0 (Windows NT 10.0; Win64; x64) AppleWebKit/537.36 (KHTML, like Gecko) Chrome/135.0.0.0 Safari/537.36"
103.244.175.189 - - [28/Apr/2025:11:53:04 -0400] "POST /wp-admin/admin-ajax.php HTTP/1.1" 200 75104 "https://makstandardent.com/wp-admin/post.php?post=21&action=elementor" "Mozilla/5.0 (Windows NT 10.0; Win64; x64) AppleWebKit/537.36 (KHTML, like Gecko) Chrome/135.0.0.0 Safari/537.36"
103.244.175.189 - - [28/Apr/2025:11:53:12 -0400] "POST /wp-admin/admin-ajax.php HTTP/1.1" 200 77 "https://makstandardent.com/wp-admin/post.php?post=21&action=elementor" "Mozilla/5.0 (Windows NT 10.0; Win64; x64) AppleWebKit/537.36 (KHTML, like Gecko) Chrome/135.0.0.0 Safari/537.36"
103.244.175.189 - - [28/Apr/2025:11:53:11 -0400] "POST /wp-admin/async-upload.php HTTP/1.1" 200 581 "https://makstandardent.com/wp-admin/post.php?post=21&action=elementor" "Mozilla/5.0 (Windows NT 10.0; Win64; x64) AppleWebKit/537.36 (KHTML, like Gecko) Chrome/135.0.0.0 Safari/537.36"
103.244.175.189 - - [28/Apr/2025:11:53:16 -0400] "GET /wp-json/elementor/v1/checklist/user-progress HTTP/1.1" 200 614 "https://makstandardent.com/wp-admin/post.php?post=21&action=elementor" "Mozilla/5.0 (Windows NT 10.0; Win64; x64) AppleWebKit/537.36 (KHTML, like Gecko) Chrome/135.0.0.0 Safari/537.36"
103.244.175.189 - - [28/Apr/2025:11:53:18 -0400] "GET /wp-content/uploads/2025/04/6-x-6-Pizza-Box-2-300x300-1-150x150.jpg HTTP/1.1" 200 1778 "https://makstandardent.com/wp-admin/post.php?post=21&action=elementor" "Mozilla/5.0 (Windows NT 10.0; Win64; x64) AppleWebKit/537.36 (KHTML, like Gecko) Chrome/135.0.0.0 Safari/537.36"
103.244.175.189 - - [28/Apr/2025:11:53:23 -0400] "GET /wp-json/elementor/v1/checklist/user-progress HTTP/1.1" 200 614 "https://makstandardent.com/wp-admin/post.php?post=21&action=elementor" "Mozilla/5.0 (Windows NT 10.0; Win64; x64) AppleWebKit/537.36 (KHTML, like Gecko) Chrome/135.0.0.0 Safari/537.36"
103.244.175.189 - - [28/Apr/2025:11:53:26 -0400] "GET /wp-content/uploads/2025/04/6-x-6-Pizza-Box-2-300x300-1.jpg HTTP/1.1" 200 5213 "https://makstandardent.com/wp-admin/post.php?post=21&action=elementor" "Mozilla/5.0 (Windows NT 10.0; Win64; x64) AppleWebKit/537.36 (KHTML, like Gecko) Chrome/135.0.0.0 Safari/537.36"
103.244.175.189 - - [28/Apr/2025:11:53:26 -0400] "POST /wp-admin/admin-ajax.php HTTP/1.1" 200 1248 "https://makstandardent.com/wp-admin/post.php?post=21&action=elementor" "Mozilla/5.0 (Windows NT 10.0; Win64; x64) AppleWebKit/537.36 (KHTML, like Gecko) Chrome/135.0.0.0 Safari/537.36"
103.244.175.189 - - [28/Apr/2025:11:53:27 -0400] "POST /wp-admin/admin-ajax.php HTTP/1.1" 200 77 "https://makstandardent.com/wp-admin/post.php?post=21&action=elementor" "Mozilla/5.0 (Windows NT 10.0; Win64; x64) AppleWebKit/537.36 (KHTML, like Gecko) Chrome/135.0.0.0 Safari/537.36"
103.244.175.189 - - [28/Apr/2025:11:53:26 -0400] "POST /wp-admin/admin-ajax.php HTTP/1.1" 200 1510 "https://makstandardent.com/wp-admin/post.php?post=21&action=elementor" "Mozilla/5.0 (Windows NT 10.0; Win64; x64) AppleWebKit/537.36 (KHTML, like Gecko) Chrome/135.0.0.0 Safari/537.36"
66.29.132.124 - - [28/Apr/2025:11:53:46 -0400] "POST /wp-cron.php?doing_wp_cron=1745855625.1125490665435791015625 HTTP/1.1" 200 0 "-" "WordPress/6.8; https://makstandardent.com"
103.244.175.189 - - [28/Apr/2025:11:53:43 -0400] "POST /wp-admin/admin-ajax.php HTTP/1.1" 200 77 "https://makstandardent.com/wp-admin/post.php?post=21&action=elementor" "Mozilla/5.0 (Windows NT 10.0; Win64; x64) AppleWebKit/537.36 (KHTML, like Gecko) Chrome/135.0.0.0 Safari/537.36"
103.244.175.189 - - [28/Apr/2025:11:53:48 -0400] "GET /wp-json/elementor/v1/checklist/user-progress HTTP/1.1" 200 614 "https://makstandardent.com/wp-admin/post.php?post=21&action=elementor" "Mozilla/5.0 (Windows NT 10.0; Win64; x64) AppleWebKit/537.36 (KHTML, like Gecko) Chrome/135.0.0.0 Safari/537.36"
103.244.175.189 - - [28/Apr/2025:11:53:49 -0400] "POST /wp-admin/admin-ajax.php HTTP/1.1" 200 233 "https://makstandardent.com/wp-admin/post.php?post=21&action=elementor" "Mozilla/5.0 (Windows NT 10.0; Win64; x64) AppleWebKit/537.36 (KHTML, like Gecko) Chrome/135.0.0.0 Safari/537.36"
103.244.175.189 - - [28/Apr/2025:11:53:54 -0400] "POST /wp-admin/admin-ajax.php HTTP/1.1" 200 216 "https://makstandardent.com/wp-admin/post.php?post=21&action=elementor" "Mozilla/5.0 (Windows NT 10.0; Win64; x64) AppleWebKit/537.36 (KHTML, like Gecko) Chrome/135.0.0.0 Safari/537.36"
103.244.175.189 - - [28/Apr/2025:11:53:57 -0400] "POST /wp-admin/admin-ajax.php HTTP/1.1" 200 77 "https://makstandardent.com/wp-admin/post.php?post=21&action=elementor" "Mozilla/5.0 (Windows NT 10.0; Win64; x64) AppleWebKit/537.36 (KHTML, like Gecko) Chrome/135.0.0.0 Safari/537.36"
103.244.175.189 - - [28/Apr/2025:11:54:03 -0400] "POST /wp-admin/admin-ajax.php HTTP/1.1" 200 47 "https://makstandardent.com/wp-admin/edit.php?post_type=elementor_library" "Mozilla/5.0 (Windows NT 10.0; Win64; x64) AppleWebKit/537.36 (KHTML, like Gecko) Chrome/135.0.0.0 Safari/537.36"
