103.244.175.189 - - [28/Apr/2025:13:44:48 -0400] "GET /wp-json/elementor/v1/globals HTTP/1.1" 200 9042 "https://makstandardent.com/wp-admin/post.php?post=103&action=elementor" "Mozilla/5.0 (Windows NT 10.0; Win64; x64) AppleWebKit/537.36 (KHTML, like Gecko) Chrome/135.0.0.0 Safari/537.36"
103.244.175.189 - - [28/Apr/2025:13:44:51 -0400] "GET /wp-json/elementor/v1/checklist/user-progress HTTP/1.1" 200 614 "https://makstandardent.com/wp-admin/post.php?post=103&action=elementor" "Mozilla/5.0 (Windows NT 10.0; Win64; x64) AppleWebKit/537.36 (KHTML, like Gecko) Chrome/135.0.0.0 Safari/537.36"
103.244.175.189 - - [28/Apr/2025:13:44:53 -0400] "POST /wp-admin/admin-ajax.php HTTP/1.1" 401 96 "https://makstandardent.com/wp-admin/post.php?post=103&action=elementor" "Mozilla/5.0 (Windows NT 10.0; Win64; x64) AppleWebKit/537.36 (KHTML, like Gecko) Chrome/135.0.0.0 Safari/537.36"
103.244.175.189 - - [28/Apr/2025:13:44:58 -0400] "POST /wp-admin/admin-ajax.php HTTP/1.1" 200 77 "https://makstandardent.com/wp-admin/post.php?post=103&action=elementor" "Mozilla/5.0 (Windows NT 10.0; Win64; x64) AppleWebKit/537.36 (KHTML, like Gecko) Chrome/135.0.0.0 Safari/537.36"
103.244.175.189 - - [28/Apr/2025:13:45:15 -0400] "POST /wp-admin/admin-ajax.php HTTP/1.1" 200 77 "https://makstandardent.com/wp-admin/post.php?post=103&action=elementor" "Mozilla/5.0 (Windows NT 10.0; Win64; x64) AppleWebKit/537.36 (KHTML, like Gecko) Chrome/135.0.0.0 Safari/537.36"
103.244.175.189 - - [28/Apr/2025:13:45:29 -0400] "POST /wp-admin/admin-ajax.php HTTP/1.1" 200 77 "https://makstandardent.com/wp-admin/post.php?post=103&action=elementor" "Mozilla/5.0 (Windows NT 10.0; Win64; x64) AppleWebKit/537.36 (KHTML, like Gecko) Chrome/135.0.0.0 Safari/537.36"
103.244.175.189 - - [28/Apr/2025:13:45:28 -0400] "POST /wp-json/envato-elements/v2/fetchInstalledTemplateKits HTTP/1.1" 200 262 "https://makstandardent.com/wp-admin/post.php?post=103&action=elementor" "Mozilla/5.0 (Windows NT 10.0; Win64; x64) AppleWebKit/537.36 (KHTML, like Gecko) Chrome/135.0.0.0 Safari/537.36"
66.29.132.124 - - [28/Apr/2025:13:45:32 -0400] "POST /wp-cron.php?doing_wp_cron=1745862329.9050390720367431640625 HTTP/1.1" 200 0 "-" "WordPress/6.8; https://makstandardent.com"
103.244.175.189 - - [28/Apr/2025:13:45:38 -0400] "POST /wp-json/envato-elements/v2/fetchIndividualTemplates HTTP/1.1" 200 29957 "https://makstandardent.com/wp-admin/post.php?post=103&action=elementor" "Mozilla/5.0 (Windows NT 10.0; Win64; x64) AppleWebKit/537.36 (KHTML, like Gecko) Chrome/135.0.0.0 Safari/537.36"
103.244.175.189 - - [28/Apr/2025:13:45:42 -0400] "POST /wp-json/envato-elements/v2/fetchInstalledTemplateKits HTTP/1.1" 200 262 "https://makstandardent.com/wp-admin/post.php?post=103&action=elementor" "Mozilla/5.0 (Windows NT 10.0; Win64; x64) AppleWebKit/537.36 (KHTML, like Gecko) Chrome/135.0.0.0 Safari/537.36"
103.244.175.189 - - [28/Apr/2025:13:45:43 -0400] "POST /wp-admin/admin-ajax.php HTTP/1.1" 200 77 "https://makstandardent.com/wp-admin/post.php?post=103&action=elementor" "Mozilla/5.0 (Windows NT 10.0; Win64; x64) AppleWebKit/537.36 (KHTML, like Gecko) Chrome/135.0.0.0 Safari/537.36"
103.244.175.189 - - [28/Apr/2025:13:45:45 -0400] "POST /wp-json/envato-elements/v2/getSingleTemplateImportData HTTP/1.1" 200 45025 "https://makstandardent.com/wp-admin/post.php?post=103&action=elementor" "Mozilla/5.0 (Windows NT 10.0; Win64; x64) AppleWebKit/537.36 (KHTML, like Gecko) Chrome/135.0.0.0 Safari/537.36"
103.244.175.189 - - [28/Apr/2025:13:45:48 -0400] "POST /wp-json/envato-elements/v2/importElementorTemplateImage HTTP/1.1" 200 94 "https://makstandardent.com/wp-admin/post.php?post=103&action=elementor" "Mozilla/5.0 (Windows NT 10.0; Win64; x64) AppleWebKit/537.36 (KHTML, like Gecko) Chrome/135.0.0.0 Safari/537.36"
103.244.175.189 - - [28/Apr/2025:13:45:53 -0400] "POST /wp-json/envato-elements/v2/importElementorTemplateImage HTTP/1.1" 200 95 "https://makstandardent.com/wp-admin/post.php?post=103&action=elementor" "Mozilla/5.0 (Windows NT 10.0; Win64; x64) AppleWebKit/537.36 (KHTML, like Gecko) Chrome/135.0.0.0 Safari/537.36"
103.244.175.189 - - [28/Apr/2025:13:45:57 -0400] "POST /wp-json/envato-elements/v2/importElementorTemplateImage HTTP/1.1" 200 94 "https://makstandardent.com/wp-admin/post.php?post=103&action=elementor" "Mozilla/5.0 (Windows NT 10.0; Win64; x64) AppleWebKit/537.36 (KHTML, like Gecko) Chrome/135.0.0.0 Safari/537.36"
103.244.175.189 - - [28/Apr/2025:13:45:58 -0400] "POST /wp-admin/admin-ajax.php HTTP/1.1" 200 77 "https://makstandardent.com/wp-admin/post.php?post=103&action=elementor" "Mozilla/5.0 (Windows NT 10.0; Win64; x64) AppleWebKit/537.36 (KHTML, like Gecko) Chrome/135.0.0.0 Safari/537.36"
103.244.175.189 - - [28/Apr/2025:13:45:59 -0400] "POST /wp-json/envato-elements/v2/importElementorTemplateImage HTTP/1.1" 200 99 "https://makstandardent.com/wp-admin/post.php?post=103&action=elementor" "Mozilla/5.0 (Windows NT 10.0; Win64; x64) AppleWebKit/537.36 (KHTML, like Gecko) Chrome/135.0.0.0 Safari/537.36"
103.244.175.189 - - [28/Apr/2025:13:46:02 -0400] "POST /wp-json/envato-elements/v2/importElementorTemplateImage HTTP/1.1" 200 93 "https://makstandardent.com/wp-admin/post.php?post=103&action=elementor" "Mozilla/5.0 (Windows NT 10.0; Win64; x64) AppleWebKit/537.36 (KHTML, like Gecko) Chrome/135.0.0.0 Safari/537.36"
103.244.175.189 - - [28/Apr/2025:13:46:05 -0400] "POST /wp-json/envato-elements/v2/importElementorTemplateImage HTTP/1.1" 200 95 "https://makstandardent.com/wp-admin/post.php?post=103&action=elementor" "Mozilla/5.0 (Windows NT 10.0; Win64; x64) AppleWebKit/537.36 (KHTML, like Gecko) Chrome/135.0.0.0 Safari/537.36"
103.244.175.189 - - [28/Apr/2025:13:46:10 -0400] "POST /wp-json/envato-elements/v2/importElementorTemplateImage HTTP/1.1" 200 93 "https://makstandardent.com/wp-admin/post.php?post=103&action=elementor" "Mozilla/5.0 (Windows NT 10.0; Win64; x64) AppleWebKit/537.36 (KHTML, like Gecko) Chrome/135.0.0.0 Safari/537.36"
103.244.175.189 - - [28/Apr/2025:13:46:13 -0400] "POST /wp-admin/admin-ajax.php HTTP/1.1" 200 77 "https://makstandardent.com/wp-admin/post.php?post=103&action=elementor" "Mozilla/5.0 (Windows NT 10.0; Win64; x64) AppleWebKit/537.36 (KHTML, like Gecko) Chrome/135.0.0.0 Safari/537.36"
103.244.175.189 - - [28/Apr/2025:13:46:13 -0400] "POST /wp-json/envato-elements/v2/importElementorTemplateImage HTTP/1.1" 200 93 "https://makstandardent.com/wp-admin/post.php?post=103&action=elementor" "Mozilla/5.0 (Windows NT 10.0; Win64; x64) AppleWebKit/537.36 (KHTML, like Gecko) Chrome/135.0.0.0 Safari/537.36"
103.244.175.189 - - [28/Apr/2025:13:46:18 -0400] "POST /wp-json/envato-elements/v2/importElementorTemplateImage HTTP/1.1" 200 95 "https://makstandardent.com/wp-admin/post.php?post=103&action=elementor" "Mozilla/5.0 (Windows NT 10.0; Win64; x64) AppleWebKit/537.36 (KHTML, like Gecko) Chrome/135.0.0.0 Safari/537.36"
103.244.175.189 - - [28/Apr/2025:13:46:20 -0400] "POST /wp-json/envato-elements/v2/importElementorTemplateImage HTTP/1.1" 200 97 "https://makstandardent.com/wp-admin/post.php?post=103&action=elementor" "Mozilla/5.0 (Windows NT 10.0; Win64; x64) AppleWebKit/537.36 (KHTML, like Gecko) Chrome/135.0.0.0 Safari/537.36"
103.244.175.189 - - [28/Apr/2025:13:46:23 -0400] "POST /wp-json/envato-elements/v2/importElementorTemplateImage HTTP/1.1" 200 97 "https://makstandardent.com/wp-admin/post.php?post=103&action=elementor" "Mozilla/5.0 (Windows NT 10.0; Win64; x64) AppleWebKit/537.36 (KHTML, like Gecko) Chrome/135.0.0.0 Safari/537.36"
103.244.175.189 - - [28/Apr/2025:13:46:26 -0400] "POST /wp-json/envato-elements/v2/importElementorTemplateImage HTTP/1.1" 200 89 "https://makstandardent.com/wp-admin/post.php?post=103&action=elementor" "Mozilla/5.0 (Windows NT 10.0; Win64; x64) AppleWebKit/537.36 (KHTML, like Gecko) Chrome/135.0.0.0 Safari/537.36"
103.244.175.189 - - [28/Apr/2025:13:46:28 -0400] "POST /wp-admin/admin-ajax.php HTTP/1.1" 200 77 "https://makstandardent.com/wp-admin/post.php?post=103&action=elementor" "Mozilla/5.0 (Windows NT 10.0; Win64; x64) AppleWebKit/537.36 (KHTML, like Gecko) Chrome/135.0.0.0 Safari/537.36"
66.29.132.124 - - [28/Apr/2025:13:46:31 -0400] "POST /wp-cron.php?doing_wp_cron=1745862390.9149150848388671875000 HTTP/1.1" 200 0 "-" "WordPress/6.8; https://makstandardent.com"
66.29.132.124 - - [28/Apr/2025:13:46:32 -0400] "POST /wp-admin/admin-ajax.php?action=async_litespeed&nonce=6huyY4McnADvHK45uwHmohElCOHCf6Zx&litespeed_type=imgoptm HTTP/1.1" 200 0 "-" "WordPress/6.8; https://makstandardent.com"
103.244.175.189 - - [28/Apr/2025:13:46:29 -0400] "POST /wp-json/envato-elements/v2/importElementorTemplateImage HTTP/1.1" 200 89 "https://makstandardent.com/wp-admin/post.php?post=103&action=elementor" "Mozilla/5.0 (Windows NT 10.0; Win64; x64) AppleWebKit/537.36 (KHTML, like Gecko) Chrome/135.0.0.0 Safari/537.36"
103.244.175.189 - - [28/Apr/2025:13:46:35 -0400] "POST /wp-json/envato-elements/v2/importElementorTemplateImage HTTP/1.1" 200 89 "https://makstandardent.com/wp-admin/post.php?post=103&action=elementor" "Mozilla/5.0 (Windows NT 10.0; Win64; x64) AppleWebKit/537.36 (KHTML, like Gecko) Chrome/135.0.0.0 Safari/537.36"
103.244.175.189 - - [28/Apr/2025:13:46:39 -0400] "POST /wp-json/envato-elements/v2/importElementorTemplateImage HTTP/1.1" 200 89 "https://makstandardent.com/wp-admin/post.php?post=103&action=elementor" "Mozilla/5.0 (Windows NT 10.0; Win64; x64) AppleWebKit/537.36 (KHTML, like Gecko) Chrome/135.0.0.0 Safari/537.36"
103.244.175.189 - - [28/Apr/2025:13:46:44 -0400] "POST /wp-admin/admin-ajax.php HTTP/1.1" 200 77 "https://makstandardent.com/wp-admin/post.php?post=103&action=elementor" "Mozilla/5.0 (Windows NT 10.0; Win64; x64) AppleWebKit/537.36 (KHTML, like Gecko) Chrome/135.0.0.0 Safari/537.36"
103.244.175.189 - - [28/Apr/2025:13:46:44 -0400] "POST /wp-json/envato-elements/v2/importElementorTemplateImage HTTP/1.1" 200 89 "https://makstandardent.com/wp-admin/post.php?post=103&action=elementor" "Mozilla/5.0 (Windows NT 10.0; Win64; x64) AppleWebKit/537.36 (KHTML, like Gecko) Chrome/135.0.0.0 Safari/537.36"
103.244.175.189 - - [28/Apr/2025:13:46:48 -0400] "POST /wp-json/envato-elements/v2/importElementorTemplateImage HTTP/1.1" 200 89 "https://makstandardent.com/wp-admin/post.php?post=103&action=elementor" "Mozilla/5.0 (Windows NT 10.0; Win64; x64) AppleWebKit/537.36 (KHTML, like Gecko) Chrome/135.0.0.0 Safari/537.36"
103.244.175.189 - - [28/Apr/2025:13:46:52 -0400] "POST /wp-json/envato-elements/v2/importSingleTemplate HTTP/1.1" 200 91542 "https://makstandardent.com/wp-admin/post.php?post=103&action=elementor" "Mozilla/5.0 (Windows NT 10.0; Win64; x64) AppleWebKit/537.36 (KHTML, like Gecko) Chrome/135.0.0.0 Safari/537.36"
103.244.175.189 - - [28/Apr/2025:13:47:01 -0400] "GET /wp-content/uploads/2025/04/hero-about.jpg HTTP/1.1" 200 88612 "https://makstandardent.com/?page_id=103&elementor-preview=103&ver=1745862274" "Mozilla/5.0 (Windows NT 10.0; Win64; x64) AppleWebKit/537.36 (KHTML, like Gecko) Chrome/135.0.0.0 Safari/537.36"
103.244.175.189 - - [28/Apr/2025:13:47:02 -0400] "GET /wp-content/uploads/2025/04/history-sct.jpg HTTP/1.1" 200 48410 "https://makstandardent.com/?page_id=103&elementor-preview=103&ver=1745862274" "Mozilla/5.0 (Windows NT 10.0; Win64; x64) AppleWebKit/537.36 (KHTML, like Gecko) Chrome/135.0.0.0 Safari/537.36"
103.244.175.189 - - [28/Apr/2025:13:47:05 -0400] "GET /wp-content/uploads/elementor/thumbs/history-1-r518xhkgehx6aprdr5al10wcc3e9ee9cgx1ev163lw.jpg HTTP/1.1" 200 27399 "https://makstandardent.com/wp-admin/post.php?post=103&action=elementor" "Mozilla/5.0 (Windows NT 10.0; Win64; x64) AppleWebKit/537.36 (KHTML, like Gecko) Chrome/135.0.0.0 Safari/537.36"
103.244.175.189 - - [28/Apr/2025:13:47:05 -0400] "GET /wp-content/uploads/elementor/thumbs/history-2-r518xlbt5u3fovliuaqb84l09kn5ybqzpgticqlvfw.jpg HTTP/1.1" 200 35340 "https://makstandardent.com/wp-admin/post.php?post=103&action=elementor" "Mozilla/5.0 (Windows NT 10.0; Win64; x64) AppleWebKit/537.36 (KHTML, like Gecko) Chrome/135.0.0.0 Safari/537.36"
103.244.175.189 - - [28/Apr/2025:13:47:06 -0400] "GET /wp-content/uploads/elementor/thumbs/team2-r518y9rlpht85m0zis142c87rwkcffp2k49aucs6ci.jpg HTTP/1.1" 200 20003 "https://makstandardent.com/wp-admin/post.php?post=103&action=elementor" "Mozilla/5.0 (Windows NT 10.0; Win64; x64) AppleWebKit/537.36 (KHTML, like Gecko) Chrome/135.0.0.0 Safari/537.36"
103.244.175.189 - - [28/Apr/2025:13:47:06 -0400] "GET /wp-content/uploads/elementor/thumbs/team1-r518y1b1zzhn94d9w6dgxwd2ffq1i5rhiydxiv4pwi.jpg HTTP/1.1" 200 17898 "https://makstandardent.com/wp-admin/post.php?post=103&action=elementor" "Mozilla/5.0 (Windows NT 10.0; Win64; x64) AppleWebKit/537.36 (KHTML, like Gecko) Chrome/135.0.0.0 Safari/537.36"
103.244.175.189 - - [28/Apr/2025:13:47:06 -0400] "GET /wp-content/uploads/elementor/thumbs/team3-r518yhab863iqhq2ava4mabwizja50ix95h6okh0yq.jpg HTTP/1.1" 200 20916 "https://makstandardent.com/wp-admin/post.php?post=103&action=elementor" "Mozilla/5.0 (Windows NT 10.0; Win64; x64) AppleWebKit/537.36 (KHTML, like Gecko) Chrome/135.0.0.0 Safari/537.36"
103.244.175.189 - - [28/Apr/2025:13:47:02 -0400] "POST /wp-admin/admin-ajax.php HTTP/1.1" 200 77 "https://makstandardent.com/wp-admin/post.php?post=103&action=elementor" "Mozilla/5.0 (Windows NT 10.0; Win64; x64) AppleWebKit/537.36 (KHTML, like Gecko) Chrome/135.0.0.0 Safari/537.36"
66.29.132.124 - - [28/Apr/2025:13:47:10 -0400] "POST /wp-cron.php?doing_wp_cron=1745862429.8254299163818359375000 HTTP/1.1" 200 0 "-" "WordPress/6.8; https://makstandardent.com"
66.29.132.124 - - [28/Apr/2025:13:47:10 -0400] "POST /wp-cron.php?doing_wp_cron=1745862429.7971870899200439453125 HTTP/1.1" 200 0 "-" "WordPress/6.8; https://makstandardent.com"
103.244.175.189 - - [28/Apr/2025:13:47:02 -0400] "POST /wp-admin/admin-ajax.php HTTP/1.1" 200 14210 "https://makstandardent.com/wp-admin/post.php?post=103&action=elementor" "Mozilla/5.0 (Windows NT 10.0; Win64; x64) AppleWebKit/537.36 (KHTML, like Gecko) Chrome/135.0.0.0 Safari/537.36"
103.244.175.189 - - [28/Apr/2025:13:47:06 -0400] "POST /wp-admin/admin-ajax.php HTTP/1.1" 200 222 "https://makstandardent.com/wp-admin/post.php?post=103&action=elementor" "Mozilla/5.0 (Windows NT 10.0; Win64; x64) AppleWebKit/537.36 (KHTML, like Gecko) Chrome/135.0.0.0 Safari/537.36"
103.244.175.189 - - [28/Apr/2025:13:47:02 -0400] "GET /wp-json/elementor/v1/checklist/user-progress HTTP/1.1" 200 614 "https://makstandardent.com/wp-admin/post.php?post=103&action=elementor" "Mozilla/5.0 (Windows NT 10.0; Win64; x64) AppleWebKit/537.36 (KHTML, like Gecko) Chrome/135.0.0.0 Safari/537.36"
103.244.175.189 - - [28/Apr/2025:13:47:14 -0400] "POST /wp-admin/admin-ajax.php HTTP/1.1" 200 222 "https://makstandardent.com/wp-admin/post.php?post=103&action=elementor" "Mozilla/5.0 (Windows NT 10.0; Win64; x64) AppleWebKit/537.36 (KHTML, like Gecko) Chrome/135.0.0.0 Safari/537.36"
103.244.175.189 - - [28/Apr/2025:13:47:17 -0400] "POST /wp-admin/admin-ajax.php HTTP/1.1" 200 77 "https://makstandardent.com/wp-admin/post.php?post=103&action=elementor" "Mozilla/5.0 (Windows NT 10.0; Win64; x64) AppleWebKit/537.36 (KHTML, like Gecko) Chrome/135.0.0.0 Safari/537.36"
103.244.175.189 - - [28/Apr/2025:13:47:32 -0400] "POST /wp-admin/admin-ajax.php HTTP/1.1" 200 77 "https://makstandardent.com/wp-admin/post.php?post=103&action=elementor" "Mozilla/5.0 (Windows NT 10.0; Win64; x64) AppleWebKit/537.36 (KHTML, like Gecko) Chrome/135.0.0.0 Safari/537.36"
103.244.175.189 - - [28/Apr/2025:13:47:47 -0400] "POST /wp-admin/admin-ajax.php HTTP/1.1" 200 77 "https://makstandardent.com/wp-admin/post.php?post=103&action=elementor" "Mozilla/5.0 (Windows NT 10.0; Win64; x64) AppleWebKit/537.36 (KHTML, like Gecko) Chrome/135.0.0.0 Safari/537.36"
103.244.175.189 - - [28/Apr/2025:13:47:49 -0400] "GET /wp-json/elementor/v1/checklist/user-progress HTTP/1.1" 200 614 "https://makstandardent.com/wp-admin/post.php?post=103&action=elementor" "Mozilla/5.0 (Windows NT 10.0; Win64; x64) AppleWebKit/537.36 (KHTML, like Gecko) Chrome/135.0.0.0 Safari/537.36"
103.244.175.189 - - [28/Apr/2025:13:47:53 -0400] "GET /wp-json/elementor/v1/checklist/user-progress HTTP/1.1" 200 614 "https://makstandardent.com/wp-admin/post.php?post=103&action=elementor" "Mozilla/5.0 (Windows NT 10.0; Win64; x64) AppleWebKit/537.36 (KHTML, like Gecko) Chrome/135.0.0.0 Safari/537.36"
103.244.175.189 - - [28/Apr/2025:13:48:01 -0400] "GET /wp-json/elementor/v1/checklist/user-progress HTTP/1.1" 200 614 "https://makstandardent.com/wp-admin/post.php?post=103&action=elementor" "Mozilla/5.0 (Windows NT 10.0; Win64; x64) AppleWebKit/537.36 (KHTML, like Gecko) Chrome/135.0.0.0 Safari/537.36"
103.244.175.189 - - [28/Apr/2025:13:48:02 -0400] "POST /wp-admin/admin-ajax.php HTTP/1.1" 200 77 "https://makstandardent.com/wp-admin/post.php?post=103&action=elementor" "Mozilla/5.0 (Windows NT 10.0; Win64; x64) AppleWebKit/537.36 (KHTML, like Gecko) Chrome/135.0.0.0 Safari/537.36"
103.244.175.189 - - [28/Apr/2025:13:48:02 -0400] "POST /wp-admin/admin-ajax.php HTTP/1.1" 200 525 "https://makstandardent.com/wp-admin/post.php?post=103&action=elementor" "Mozilla/5.0 (Windows NT 10.0; Win64; x64) AppleWebKit/537.36 (KHTML, like Gecko) Chrome/135.0.0.0 Safari/537.36"
103.244.175.189 - - [28/Apr/2025:13:48:07 -0400] "GET /wp-json/elementor/v1/checklist/user-progress HTTP/1.1" 200 614 "https://makstandardent.com/wp-admin/post.php?post=103&action=elementor" "Mozilla/5.0 (Windows NT 10.0; Win64; x64) AppleWebKit/537.36 (KHTML, like Gecko) Chrome/135.0.0.0 Safari/537.36"
66.29.132.124 - - [28/Apr/2025:13:48:10 -0400] "POST /wp-cron.php?doing_wp_cron=1745862490.0339550971984863281250 HTTP/1.1" 200 0 "-" "WordPress/6.8; https://makstandardent.com"
103.244.175.189 - - [28/Apr/2025:13:48:09 -0400] "POST /wp-admin/admin-ajax.php HTTP/1.1" 200 368 "https://makstandardent.com/wp-admin/post.php?post=103&action=elementor" "Mozilla/5.0 (Windows NT 10.0; Win64; x64) AppleWebKit/537.36 (KHTML, like Gecko) Chrome/135.0.0.0 Safari/537.36"
66.29.132.124 - - [28/Apr/2025:13:48:12 -0400] "POST /wp-admin/admin-ajax.php?action=async_litespeed&nonce=ELB2Dhjswa7wljEwscL1Bp6VGeaOtveh&litespeed_type=imgoptm HTTP/1.1" 200 0 "-" "WordPress/6.8; https://makstandardent.com"
103.244.175.189 - - [28/Apr/2025:13:49:24 -0400] "POST /wp-admin/admin-ajax.php HTTP/1.1" 200 77 "https://makstandardent.com/wp-admin/post.php?post=103&action=elementor" "Mozilla/5.0 (Windows NT 10.0; Win64; x64) AppleWebKit/537.36 (KHTML, like Gecko) Chrome/135.0.0.0 Safari/537.36"
66.29.132.124 - - [28/Apr/2025:13:49:26 -0400] "POST /wp-cron.php?doing_wp_cron=1745862566.0127151012420654296875 HTTP/1.1" 200 0 "-" "WordPress/6.8; https://makstandardent.com"
103.244.175.189 - - [28/Apr/2025:13:49:24 -0400] "GET /wp-json/elementor/v1/checklist/user-progress HTTP/1.1" 200 614 "https://makstandardent.com/wp-admin/post.php?post=103&action=elementor" "Mozilla/5.0 (Windows NT 10.0; Win64; x64) AppleWebKit/537.36 (KHTML, like Gecko) Chrome/135.0.0.0 Safari/537.36"
66.29.132.124 - - [28/Apr/2025:13:49:28 -0400] "POST /wp-admin/admin-ajax.php?action=async_litespeed&nonce=5RAgJt6CRNt4EAgFoLSKd7LJNkMFGGB0&litespeed_type=imgoptm HTTP/1.1" 200 0 "-" "WordPress/6.8; https://makstandardent.com"
103.244.175.189 - - [28/Apr/2025:13:50:10 -0400] "GET /wp-json/elementor/v1/checklist/user-progress HTTP/1.1" 200 614 "https://makstandardent.com/wp-admin/post.php?post=103&action=elementor" "Mozilla/5.0 (Windows NT 10.0; Win64; x64) AppleWebKit/537.36 (KHTML, like Gecko) Chrome/135.0.0.0 Safari/537.36"
66.29.132.124 - - [28/Apr/2025:13:50:12 -0400] "POST /wp-cron.php?doing_wp_cron=1745862612.0297470092773437500000 HTTP/1.1" 200 0 "-" "WordPress/6.8; https://makstandardent.com"
103.244.175.189 - - [28/Apr/2025:13:50:10 -0400] "POST /wp-admin/admin-ajax.php HTTP/1.1" 200 77 "https://makstandardent.com/wp-admin/post.php?post=103&action=elementor" "Mozilla/5.0 (Windows NT 10.0; Win64; x64) AppleWebKit/537.36 (KHTML, like Gecko) Chrome/135.0.0.0 Safari/537.36"
66.29.132.124 - - [28/Apr/2025:13:50:15 -0400] "POST /wp-admin/admin-ajax.php?action=async_litespeed&nonce=zx32FisjW0Med2LWiMktsvkbTrs91wwM&litespeed_type=imgoptm HTTP/1.1" 200 0 "-" "WordPress/6.8; https://makstandardent.com"
66.29.132.124 - - [28/Apr/2025:13:50:47 -0400] "POST /wp-cron.php?doing_wp_cron=1745862647.7018129825592041015625 HTTP/1.1" 200 0 "-" "WordPress/6.8; https://makstandardent.com"
103.244.175.189 - - [28/Apr/2025:13:50:46 -0400] "POST /wp-admin/admin-ajax.php HTTP/1.1" 200 77 "https://makstandardent.com/wp-admin/post.php?post=103&action=elementor" "Mozilla/5.0 (Windows NT 10.0; Win64; x64) AppleWebKit/537.36 (KHTML, like Gecko) Chrome/135.0.0.0 Safari/537.36"
103.244.175.189 - - [28/Apr/2025:13:50:46 -0400] "GET /wp-json/elementor/v1/checklist/user-progress HTTP/1.1" 200 614 "https://makstandardent.com/wp-admin/post.php?post=103&action=elementor" "Mozilla/5.0 (Windows NT 10.0; Win64; x64) AppleWebKit/537.36 (KHTML, like Gecko) Chrome/135.0.0.0 Safari/537.36"
66.29.132.124 - - [28/Apr/2025:13:50:50 -0400] "POST /wp-admin/admin-ajax.php?action=async_litespeed&nonce=LD65SNFhkE4AXIixRmL5F3h0b3xD0jXn&litespeed_type=imgoptm HTTP/1.1" 200 0 "-" "WordPress/6.8; https://makstandardent.com"
103.244.175.189 - - [28/Apr/2025:13:50:50 -0400] "GET /wp-json/elementor/v1/checklist/user-progress HTTP/1.1" 200 614 "https://makstandardent.com/wp-admin/post.php?post=103&action=elementor" "Mozilla/5.0 (Windows NT 10.0; Win64; x64) AppleWebKit/537.36 (KHTML, like Gecko) Chrome/135.0.0.0 Safari/537.36"
66.29.132.124 - - [28/Apr/2025:13:51:03 -0400] "POST /wp-cron.php?doing_wp_cron=1745862662.7663259506225585937500 HTTP/1.1" 200 0 "-" "WordPress/6.8; https://makstandardent.com"
103.244.175.189 - - [28/Apr/2025:13:51:01 -0400] "POST /wp-admin/admin-ajax.php HTTP/1.1" 200 77 "https://makstandardent.com/wp-admin/post.php?post=103&action=elementor" "Mozilla/5.0 (Windows NT 10.0; Win64; x64) AppleWebKit/537.36 (KHTML, like Gecko) Chrome/135.0.0.0 Safari/537.36"
103.244.175.189 - - [28/Apr/2025:13:51:26 -0400] "GET /wp-json/elementor/v1/checklist/user-progress HTTP/1.1" 200 614 "https://makstandardent.com/wp-admin/post.php?post=103&action=elementor" "Mozilla/5.0 (Windows NT 10.0; Win64; x64) AppleWebKit/537.36 (KHTML, like Gecko) Chrome/135.0.0.0 Safari/537.36"
103.244.175.189 - - [28/Apr/2025:13:51:26 -0400] "POST /wp-admin/admin-ajax.php HTTP/1.1" 200 77 "https://makstandardent.com/wp-admin/post.php?post=103&action=elementor" "Mozilla/5.0 (Windows NT 10.0; Win64; x64) AppleWebKit/537.36 (KHTML, like Gecko) Chrome/135.0.0.0 Safari/537.36"
66.29.132.124 - - [28/Apr/2025:13:51:43 -0400] "POST /wp-cron.php?doing_wp_cron=1745862703.0378620624542236328125 HTTP/1.1" 200 0 "-" "WordPress/6.8; https://makstandardent.com"
103.244.175.189 - - [28/Apr/2025:13:51:41 -0400] "POST /wp-admin/admin-ajax.php HTTP/1.1" 200 77 "https://makstandardent.com/wp-admin/post.php?post=103&action=elementor" "Mozilla/5.0 (Windows NT 10.0; Win64; x64) AppleWebKit/537.36 (KHTML, like Gecko) Chrome/135.0.0.0 Safari/537.36"
66.29.132.124 - - [28/Apr/2025:13:51:44 -0400] "POST /wp-admin/admin-ajax.php?action=async_litespeed&nonce=4juJhpIrvHL8w7YG9CijAqY1aRk6Ofk2&litespeed_type=imgoptm HTTP/1.1" 200 0 "-" "WordPress/6.8; https://makstandardent.com"
103.244.175.189 - - [28/Apr/2025:13:51:45 -0400] "GET /wp-json/elementor/v1/checklist/user-progress HTTP/1.1" 200 614 "https://makstandardent.com/wp-admin/post.php?post=103&action=elementor" "Mozilla/5.0 (Windows NT 10.0; Win64; x64) AppleWebKit/537.36 (KHTML, like Gecko) Chrome/135.0.0.0 Safari/537.36"
103.244.175.189 - - [28/Apr/2025:13:51:46 -0400] "POST /wp-admin/admin-ajax.php HTTP/1.1" 200 239 "https://makstandardent.com/wp-admin/post.php?post=103&action=elementor" "Mozilla/5.0 (Windows NT 10.0; Win64; x64) AppleWebKit/537.36 (KHTML, like Gecko) Chrome/135.0.0.0 Safari/537.36"
103.244.175.189 - - [28/Apr/2025:13:51:47 -0400] "POST /wp-admin/admin-ajax.php HTTP/1.1" 200 395 "https://makstandardent.com/wp-admin/post.php?post=103&action=elementor" "Mozilla/5.0 (Windows NT 10.0; Win64; x64) AppleWebKit/537.36 (KHTML, like Gecko) Chrome/135.0.0.0 Safari/537.36"
66.29.132.124 - - [28/Apr/2025:13:51:57 -0400] "POST /wp-cron.php?doing_wp_cron=1745862717.5349519252777099609375 HTTP/1.1" 200 0 "-" "WordPress/6.8; https://makstandardent.com"
103.244.175.189 - - [28/Apr/2025:13:51:56 -0400] "POST /wp-admin/admin-ajax.php HTTP/1.1" 200 77 "https://makstandardent.com/wp-admin/post.php?post=103&action=elementor" "Mozilla/5.0 (Windows NT 10.0; Win64; x64) AppleWebKit/537.36 (KHTML, like Gecko) Chrome/135.0.0.0 Safari/537.36"
103.244.175.189 - - [28/Apr/2025:13:52:08 -0400] "GET /wp-json/elementor/v1/checklist/user-progress HTTP/1.1" 200 614 "https://makstandardent.com/wp-admin/post.php?post=103&action=elementor" "Mozilla/5.0 (Windows NT 10.0; Win64; x64) AppleWebKit/537.36 (KHTML, like Gecko) Chrome/135.0.0.0 Safari/537.36"
103.244.175.189 - - [28/Apr/2025:13:52:12 -0400] "POST /wp-admin/admin-ajax.php HTTP/1.1" 200 77 "https://makstandardent.com/wp-admin/post.php?post=103&action=elementor" "Mozilla/5.0 (Windows NT 10.0; Win64; x64) AppleWebKit/537.36 (KHTML, like Gecko) Chrome/135.0.0.0 Safari/537.36"
103.244.175.189 - - [28/Apr/2025:13:52:20 -0400] "POST /wp-admin/admin-ajax.php HTTP/1.1" 200 878 "https://makstandardent.com/wp-admin/post.php?post=103&action=elementor" "Mozilla/5.0 (Windows NT 10.0; Win64; x64) AppleWebKit/537.36 (KHTML, like Gecko) Chrome/135.0.0.0 Safari/537.36"
103.244.175.189 - - [28/Apr/2025:13:52:26 -0400] "POST /wp-admin/admin-ajax.php HTTP/1.1" 200 77 "https://makstandardent.com/wp-admin/post.php?post=103&action=elementor" "Mozilla/5.0 (Windows NT 10.0; Win64; x64) AppleWebKit/537.36 (KHTML, like Gecko) Chrome/135.0.0.0 Safari/537.36"
66.29.132.124 - - [28/Apr/2025:13:52:44 -0400] "POST /wp-cron.php?doing_wp_cron=1745862763.6123020648956298828125 HTTP/1.1" 200 0 "-" "WordPress/6.8; https://makstandardent.com"
103.244.175.189 - - [28/Apr/2025:13:52:42 -0400] "POST /wp-admin/admin-ajax.php HTTP/1.1" 200 77 "https://makstandardent.com/wp-admin/post.php?post=103&action=elementor" "Mozilla/5.0 (Windows NT 10.0; Win64; x64) AppleWebKit/537.36 (KHTML, like Gecko) Chrome/135.0.0.0 Safari/537.36"
103.244.175.189 - - [28/Apr/2025:13:52:44 -0400] "GET /wp-json/elementor/v1/checklist/user-progress HTTP/1.1" 200 614 "https://makstandardent.com/wp-admin/post.php?post=103&action=elementor" "Mozilla/5.0 (Windows NT 10.0; Win64; x64) AppleWebKit/537.36 (KHTML, like Gecko) Chrome/135.0.0.0 Safari/537.36"
66.29.132.124 - - [28/Apr/2025:13:52:46 -0400] "POST /wp-admin/admin-ajax.php?action=async_litespeed&nonce=JhbBVWEOHvomF72eKKImTN2ZWzUPNk2g&litespeed_type=imgoptm HTTP/1.1" 200 0 "-" "WordPress/6.8; https://makstandardent.com"
66.29.132.124 - - [28/Apr/2025:13:52:57 -0400] "POST /wp-cron.php?doing_wp_cron=1745862777.6507329940795898437500 HTTP/1.1" 200 0 "-" "WordPress/6.8; https://makstandardent.com"
103.244.175.189 - - [28/Apr/2025:13:52:57 -0400] "POST /wp-admin/admin-ajax.php HTTP/1.1" 200 77 "https://makstandardent.com/wp-admin/post.php?post=103&action=elementor" "Mozilla/5.0 (Windows NT 10.0; Win64; x64) AppleWebKit/537.36 (KHTML, like Gecko) Chrome/135.0.0.0 Safari/537.36"
103.244.175.189 - - [28/Apr/2025:13:53:00 -0400] "POST /wp-admin/admin-ajax.php HTTP/1.1" 200 1435 "https://makstandardent.com/wp-admin/post.php?post=103&action=elementor" "Mozilla/5.0 (Windows NT 10.0; Win64; x64) AppleWebKit/537.36 (KHTML, like Gecko) Chrome/135.0.0.0 Safari/537.36"
103.244.175.189 - - [28/Apr/2025:13:53:01 -0400] "POST /wp-admin/admin-ajax.php HTTP/1.1" 200 90852 "https://makstandardent.com/wp-admin/post.php?post=103&action=elementor" "Mozilla/5.0 (Windows NT 10.0; Win64; x64) AppleWebKit/537.36 (KHTML, like Gecko) Chrome/135.0.0.0 Safari/537.36"
103.244.175.189 - - [28/Apr/2025:13:53:01 -0400] "POST /wp-admin/admin-ajax.php HTTP/1.1" 200 90852 "https://makstandardent.com/wp-admin/post.php?post=103&action=elementor" "Mozilla/5.0 (Windows NT 10.0; Win64; x64) AppleWebKit/537.36 (KHTML, like Gecko) Chrome/135.0.0.0 Safari/537.36"
103.244.175.189 - - [28/Apr/2025:13:53:12 -0400] "POST /wp-admin/admin-ajax.php HTTP/1.1" 200 77 "https://makstandardent.com/wp-admin/post.php?post=103&action=elementor" "Mozilla/5.0 (Windows NT 10.0; Win64; x64) AppleWebKit/537.36 (KHTML, like Gecko) Chrome/135.0.0.0 Safari/537.36"
103.244.175.189 - - [28/Apr/2025:13:53:14 -0400] "GET /wp-content/uploads/2025/04/team3-218x300.jpg HTTP/1.1" 200 11260 "https://makstandardent.com/wp-admin/post.php?post=103&action=elementor" "Mozilla/5.0 (Windows NT 10.0; Win64; x64) AppleWebKit/537.36 (KHTML, like Gecko) Chrome/135.0.0.0 Safari/537.36"
103.244.175.189 - - [28/Apr/2025:13:53:14 -0400] "GET /wp-content/uploads/2025/04/team1-218x300.jpg HTTP/1.1" 200 10295 "https://makstandardent.com/wp-admin/post.php?post=103&action=elementor" "Mozilla/5.0 (Windows NT 10.0; Win64; x64) AppleWebKit/537.36 (KHTML, like Gecko) Chrome/135.0.0.0 Safari/537.36"
103.244.175.189 - - [28/Apr/2025:13:53:14 -0400] "GET /wp-content/uploads/2025/04/history-2-223x300.jpg HTTP/1.1" 200 16985 "https://makstandardent.com/wp-admin/post.php?post=103&action=elementor" "Mozilla/5.0 (Windows NT 10.0; Win64; x64) AppleWebKit/537.36 (KHTML, like Gecko) Chrome/135.0.0.0 Safari/537.36"
103.244.175.189 - - [28/Apr/2025:13:53:14 -0400] "GET /wp-content/uploads/2025/04/history-sct-300x248.jpg HTTP/1.1" 200 18731 "https://makstandardent.com/wp-admin/post.php?post=103&action=elementor" "Mozilla/5.0 (Windows NT 10.0; Win64; x64) AppleWebKit/537.36 (KHTML, like Gecko) Chrome/135.0.0.0 Safari/537.36"
103.244.175.189 - - [28/Apr/2025:13:53:14 -0400] "GET /wp-content/uploads/2025/04/history-1-300x226.jpg HTTP/1.1" 200 19977 "https://makstandardent.com/wp-admin/post.php?post=103&action=elementor" "Mozilla/5.0 (Windows NT 10.0; Win64; x64) AppleWebKit/537.36 (KHTML, like Gecko) Chrome/135.0.0.0 Safari/537.36"
103.244.175.189 - - [28/Apr/2025:13:53:14 -0400] "GET /wp-content/uploads/2025/04/team2-218x300.jpg HTTP/1.1" 200 11123 "https://makstandardent.com/wp-admin/post.php?post=103&action=elementor" "Mozilla/5.0 (Windows NT 10.0; Win64; x64) AppleWebKit/537.36 (KHTML, like Gecko) Chrome/135.0.0.0 Safari/537.36"
103.244.175.189 - - [28/Apr/2025:13:53:14 -0400] "GET /wp-content/uploads/2025/04/hero-about-300x75.jpg HTTP/1.1" 200 7721 "https://makstandardent.com/wp-admin/post.php?post=103&action=elementor" "Mozilla/5.0 (Windows NT 10.0; Win64; x64) AppleWebKit/537.36 (KHTML, like Gecko) Chrome/135.0.0.0 Safari/537.36"
103.244.175.189 - - [28/Apr/2025:13:53:14 -0400] "POST /wp-admin/async-upload.php HTTP/1.1" 200 641 "https://makstandardent.com/wp-admin/post.php?post=103&action=elementor" "Mozilla/5.0 (Windows NT 10.0; Win64; x64) AppleWebKit/537.36 (KHTML, like Gecko) Chrome/135.0.0.0 Safari/537.36"
103.244.175.189 - - [28/Apr/2025:13:53:24 -0400] "GET /wp-content/uploads/2025/04/Backgorund-About-Custom-Boxes-1536x1261-1-300x246.webp HTTP/1.1" 200 10998 "https://makstandardent.com/wp-admin/post.php?post=103&action=elementor" "Mozilla/5.0 (Windows NT 10.0; Win64; x64) AppleWebKit/537.36 (KHTML, like Gecko) Chrome/135.0.0.0 Safari/537.36"
103.244.175.189 - - [28/Apr/2025:13:53:27 -0400] "POST /wp-admin/admin-ajax.php HTTP/1.1" 200 77 "https://makstandardent.com/wp-admin/post.php?post=103&action=elementor" "Mozilla/5.0 (Windows NT 10.0; Win64; x64) AppleWebKit/537.36 (KHTML, like Gecko) Chrome/135.0.0.0 Safari/537.36"
103.244.175.189 - - [28/Apr/2025:13:53:29 -0400] "GET /wp-content/uploads/2025/04/Backgorund-About-Custom-Boxes-1536x1261-1.webp HTTP/1.1" 200 127290 "https://makstandardent.com/wp-admin/post.php?post=103&action=elementor" "Mozilla/5.0 (Windows NT 10.0; Win64; x64) AppleWebKit/537.36 (KHTML, like Gecko) Chrome/135.0.0.0 Safari/537.36"
66.29.132.124 - - [28/Apr/2025:13:53:31 -0400] "POST /wp-cron.php?doing_wp_cron=1745862811.0560910701751708984375 HTTP/1.1" 200 0 "-" "WordPress/6.8; https://makstandardent.com"
103.244.175.189 - - [28/Apr/2025:13:53:29 -0400] "POST /wp-admin/admin-ajax.php HTTP/1.1" 200 1962 "https://makstandardent.com/wp-admin/post.php?post=103&action=elementor" "Mozilla/5.0 (Windows NT 10.0; Win64; x64) AppleWebKit/537.36 (KHTML, like Gecko) Chrome/135.0.0.0 Safari/537.36"
103.244.175.189 - - [28/Apr/2025:13:53:29 -0400] "POST /wp-admin/admin-ajax.php HTTP/1.1" 200 1521 "https://makstandardent.com/wp-admin/post.php?post=103&action=elementor" "Mozilla/5.0 (Windows NT 10.0; Win64; x64) AppleWebKit/537.36 (KHTML, like Gecko) Chrome/135.0.0.0 Safari/537.36"
66.29.132.124 - - [28/Apr/2025:13:53:33 -0400] "POST /wp-admin/admin-ajax.php?action=async_litespeed&nonce=HbRghAxp9wIrWMjhwskb5yrLQZVtK9nz&litespeed_type=imgoptm HTTP/1.1" 200 0 "-" "WordPress/6.8; https://makstandardent.com"
103.244.175.189 - - [28/Apr/2025:13:53:33 -0400] "GET /wp-content/uploads/elementor/thumbs/Backgorund-About-Custom-Boxes-1536x1261-1-r5198mxp5zxh15pb757vokf3vr70tf6tvnolmdq2yg.webp HTTP/1.1" 200 54332 "https://makstandardent.com/?page_id=103&elementor-preview=103&ver=1745862274" "Mozilla/5.0 (Windows NT 10.0; Win64; x64) AppleWebKit/537.36 (KHTML, like Gecko) Chrome/135.0.0.0 Safari/537.36"
103.244.175.189 - - [28/Apr/2025:13:53:42 -0400] "POST /wp-admin/admin-ajax.php HTTP/1.1" 200 77 "https://makstandardent.com/wp-admin/post.php?post=103&action=elementor" "Mozilla/5.0 (Windows NT 10.0; Win64; x64) AppleWebKit/537.36 (KHTML, like Gecko) Chrome/135.0.0.0 Safari/537.36"
66.29.132.124 - - [28/Apr/2025:13:53:59 -0400] "POST /wp-cron.php?doing_wp_cron=1745862839.1954879760742187500000 HTTP/1.1" 200 0 "-" "WordPress/6.8; https://makstandardent.com"
103.244.175.189 - - [28/Apr/2025:13:53:57 -0400] "POST /wp-admin/admin-ajax.php HTTP/1.1" 200 77 "https://makstandardent.com/wp-admin/post.php?post=103&action=elementor" "Mozilla/5.0 (Windows NT 10.0; Win64; x64) AppleWebKit/537.36 (KHTML, like Gecko) Chrome/135.0.0.0 Safari/537.36"
103.244.175.189 - - [28/Apr/2025:13:54:12 -0400] "POST /wp-admin/admin-ajax.php HTTP/1.1" 200 77 "https://makstandardent.com/wp-admin/post.php?post=103&action=elementor" "Mozilla/5.0 (Windows NT 10.0; Win64; x64) AppleWebKit/537.36 (KHTML, like Gecko) Chrome/135.0.0.0 Safari/537.36"
103.244.175.189 - - [28/Apr/2025:13:54:27 -0400] "POST /wp-admin/admin-ajax.php HTTP/1.1" 200 77 "https://makstandardent.com/wp-admin/post.php?post=103&action=elementor" "Mozilla/5.0 (Windows NT 10.0; Win64; x64) AppleWebKit/537.36 (KHTML, like Gecko) Chrome/135.0.0.0 Safari/537.36"
66.29.132.124 - - [28/Apr/2025:13:54:31 -0400] "POST /wp-cron.php?doing_wp_cron=1745862870.7351889610290527343750 HTTP/1.1" 200 0 "-" "WordPress/6.8; https://makstandardent.com"
103.244.175.189 - - [28/Apr/2025:13:54:29 -0400] "GET /wp-json/elementor/v1/checklist/user-progress HTTP/1.1" 200 614 "https://makstandardent.com/wp-admin/post.php?post=103&action=elementor" "Mozilla/5.0 (Windows NT 10.0; Win64; x64) AppleWebKit/537.36 (KHTML, like Gecko) Chrome/135.0.0.0 Safari/537.36"
66.29.132.124 - - [28/Apr/2025:13:54:33 -0400] "POST /wp-admin/admin-ajax.php?action=async_litespeed&nonce=Gwa7Dx5ZuueDSqHEsF0OmnaOPEHhC7te&litespeed_type=imgoptm HTTP/1.1" 200 0 "-" "WordPress/6.8; https://makstandardent.com"
103.244.175.189 - - [28/Apr/2025:13:54:30 -0400] "POST /wp-admin/admin-ajax.php HTTP/1.1" 200 525 "https://makstandardent.com/wp-admin/post.php?post=103&action=elementor" "Mozilla/5.0 (Windows NT 10.0; Win64; x64) AppleWebKit/537.36 (KHTML, like Gecko) Chrome/135.0.0.0 Safari/537.36"
103.244.175.189 - - [28/Apr/2025:13:54:35 -0400] "GET /wp-json/elementor/v1/checklist/user-progress HTTP/1.1" 200 614 "https://makstandardent.com/wp-admin/post.php?post=103&action=elementor" "Mozilla/5.0 (Windows NT 10.0; Win64; x64) AppleWebKit/537.36 (KHTML, like Gecko) Chrome/135.0.0.0 Safari/537.36"
103.244.175.189 - - [28/Apr/2025:13:54:42 -0400] "POST /wp-admin/admin-ajax.php HTTP/1.1" 200 77 "https://makstandardent.com/wp-admin/post.php?post=103&action=elementor" "Mozilla/5.0 (Windows NT 10.0; Win64; x64) AppleWebKit/537.36 (KHTML, like Gecko) Chrome/135.0.0.0 Safari/537.36"
66.29.132.124 - - [28/Apr/2025:13:54:58 -0400] "POST /wp-cron.php?doing_wp_cron=1745862897.9991950988769531250000 HTTP/1.1" 200 0 "-" "WordPress/6.8; https://makstandardent.com"
103.244.175.189 - - [28/Apr/2025:13:54:57 -0400] "POST /wp-admin/admin-ajax.php HTTP/1.1" 200 77 "https://makstandardent.com/wp-admin/post.php?post=103&action=elementor" "Mozilla/5.0 (Windows NT 10.0; Win64; x64) AppleWebKit/537.36 (KHTML, like Gecko) Chrome/135.0.0.0 Safari/537.36"
66.29.132.124 - - [28/Apr/2025:13:57:11 -0400] "POST /wp-cron.php?doing_wp_cron=1745863030.9274029731750488281250 HTTP/1.1" 200 0 "-" "WordPress/6.8; https://makstandardent.com"
103.244.175.189 - - [28/Apr/2025:13:56:58 -0400] "POST /wp-admin/admin-ajax.php HTTP/1.1" 200 77 "https://makstandardent.com/wp-admin/post.php?post=103&action=elementor" "Mozilla/5.0 (Windows NT 10.0; Win64; x64) AppleWebKit/537.36 (KHTML, like Gecko) Chrome/135.0.0.0 Safari/537.36"
66.29.132.124 - - [28/Apr/2025:13:57:12 -0400] "POST /wp-admin/admin-ajax.php?action=async_litespeed&nonce=Hxe7Q7qBawp7HKyuoZdjSBSj7WKXboMH&litespeed_type=imgoptm HTTP/1.1" 200 0 "-" "WordPress/6.8; https://makstandardent.com"
103.244.175.189 - - [28/Apr/2025:13:57:14 -0400] "POST /wp-admin/admin-ajax.php HTTP/1.1" 200 77 "https://makstandardent.com/wp-admin/post.php?post=103&action=elementor" "Mozilla/5.0 (Windows NT 10.0; Win64; x64) AppleWebKit/537.36 (KHTML, like Gecko) Chrome/135.0.0.0 Safari/537.36"
103.244.175.189 - - [28/Apr/2025:13:57:14 -0400] "GET /wp-json/elementor/v1/checklist/user-progress HTTP/1.1" 200 614 "https://makstandardent.com/wp-admin/post.php?post=103&action=elementor" "Mozilla/5.0 (Windows NT 10.0; Win64; x64) AppleWebKit/537.36 (KHTML, like Gecko) Chrome/135.0.0.0 Safari/537.36"
103.244.175.189 - - [28/Apr/2025:13:57:20 -0400] "GET /wp-json/elementor/v1/checklist/user-progress HTTP/1.1" 200 614 "https://makstandardent.com/wp-admin/post.php?post=103&action=elementor" "Mozilla/5.0 (Windows NT 10.0; Win64; x64) AppleWebKit/537.36 (KHTML, like Gecko) Chrome/135.0.0.0 Safari/537.36"
66.29.132.124 - - [28/Apr/2025:13:57:29 -0400] "POST /wp-cron.php?doing_wp_cron=1745863049.2871890068054199218750 HTTP/1.1" 200 0 "-" "WordPress/6.8; https://makstandardent.com"
103.244.175.189 - - [28/Apr/2025:13:57:28 -0400] "GET /wp-json/elementor/v1/checklist/user-progress HTTP/1.1" 200 614 "https://makstandardent.com/wp-admin/post.php?post=103&action=elementor" "Mozilla/5.0 (Windows NT 10.0; Win64; x64) AppleWebKit/537.36 (KHTML, like Gecko) Chrome/135.0.0.0 Safari/537.36"
103.244.175.189 - - [28/Apr/2025:13:57:29 -0400] "POST /wp-admin/admin-ajax.php HTTP/1.1" 200 77 "https://makstandardent.com/wp-admin/post.php?post=103&action=elementor" "Mozilla/5.0 (Windows NT 10.0; Win64; x64) AppleWebKit/537.36 (KHTML, like Gecko) Chrome/135.0.0.0 Safari/537.36"
66.29.132.124 - - [28/Apr/2025:13:57:31 -0400] "POST /wp-admin/admin-ajax.php?action=async_litespeed&nonce=cEvgRFDed19QyHt1Fc8KcY2DcpI0WOeB&litespeed_type=imgoptm HTTP/1.1" 200 0 "-" "WordPress/6.8; https://makstandardent.com"
103.244.175.189 - - [28/Apr/2025:13:58:18 -0400] "POST /wp-admin/admin-ajax.php HTTP/1.1" 200 77 "https://makstandardent.com/wp-admin/post.php?post=103&action=elementor" "Mozilla/5.0 (Windows NT 10.0; Win64; x64) AppleWebKit/537.36 (KHTML, like Gecko) Chrome/135.0.0.0 Safari/537.36"
103.244.175.189 - - [28/Apr/2025:13:58:18 -0400] "GET /wp-json/elementor/v1/checklist/user-progress HTTP/1.1" 200 614 "https://makstandardent.com/wp-admin/post.php?post=103&action=elementor" "Mozilla/5.0 (Windows NT 10.0; Win64; x64) AppleWebKit/537.36 (KHTML, like Gecko) Chrome/135.0.0.0 Safari/537.36"
66.29.132.124 - - [28/Apr/2025:13:58:21 -0400] "POST /wp-cron.php?doing_wp_cron=1745863099.6126790046691894531250 HTTP/1.1" 200 0 "-" "WordPress/6.8; https://makstandardent.com"
103.244.175.189 - - [28/Apr/2025:13:58:23 -0400] "POST /wp-admin/admin-ajax.php HTTP/1.1" 200 302 "https://makstandardent.com/wp-admin/post.php?post=103&action=elementor" "Mozilla/5.0 (Windows NT 10.0; Win64; x64) AppleWebKit/537.36 (KHTML, like Gecko) Chrome/135.0.0.0 Safari/537.36"
103.244.175.189 - - [28/Apr/2025:13:58:26 -0400] "POST /wp-admin/admin-ajax.php HTTP/1.1" 200 206 "https://makstandardent.com/wp-admin/post.php?post=103&action=elementor" "Mozilla/5.0 (Windows NT 10.0; Win64; x64) AppleWebKit/537.36 (KHTML, like Gecko) Chrome/135.0.0.0 Safari/537.36"
103.244.175.189 - - [28/Apr/2025:13:58:31 -0400] "POST /wp-admin/admin-ajax.php HTTP/1.1" 200 77 "https://makstandardent.com/wp-admin/post.php?post=103&action=elementor" "Mozilla/5.0 (Windows NT 10.0; Win64; x64) AppleWebKit/537.36 (KHTML, like Gecko) Chrome/135.0.0.0 Safari/537.36"
103.244.175.189 - - [28/Apr/2025:13:58:36 -0400] "GET /wp-json/elementor/v1/checklist/user-progress HTTP/1.1" 200 614 "https://makstandardent.com/wp-admin/post.php?post=103&action=elementor" "Mozilla/5.0 (Windows NT 10.0; Win64; x64) AppleWebKit/537.36 (KHTML, like Gecko) Chrome/135.0.0.0 Safari/537.36"
103.244.175.189 - - [28/Apr/2025:13:58:47 -0400] "POST /wp-admin/admin-ajax.php HTTP/1.1" 200 77 "https://makstandardent.com/wp-admin/post.php?post=103&action=elementor" "Mozilla/5.0 (Windows NT 10.0; Win64; x64) AppleWebKit/537.36 (KHTML, like Gecko) Chrome/135.0.0.0 Safari/537.36"
103.244.175.189 - - [28/Apr/2025:13:58:47 -0400] "GET /wp-json/elementor/v1/checklist/user-progress HTTP/1.1" 200 614 "https://makstandardent.com/wp-admin/post.php?post=103&action=elementor" "Mozilla/5.0 (Windows NT 10.0; Win64; x64) AppleWebKit/537.36 (KHTML, like Gecko) Chrome/135.0.0.0 Safari/537.36"
103.244.175.189 - - [28/Apr/2025:13:58:51 -0400] "GET /wp-json/elementor/v1/checklist/user-progress HTTP/1.1" 200 614 "https://makstandardent.com/wp-admin/post.php?post=103&action=elementor" "Mozilla/5.0 (Windows NT 10.0; Win64; x64) AppleWebKit/537.36 (KHTML, like Gecko) Chrome/135.0.0.0 Safari/537.36"
103.244.175.189 - - [28/Apr/2025:13:58:54 -0400] "POST /wp-admin/admin-ajax.php HTTP/1.1" 200 1445 "https://makstandardent.com/wp-admin/post.php?post=103&action=elementor" "Mozilla/5.0 (Windows NT 10.0; Win64; x64) AppleWebKit/537.36 (KHTML, like Gecko) Chrome/135.0.0.0 Safari/537.36"
103.244.175.189 - - [28/Apr/2025:13:58:54 -0400] "POST /wp-admin/admin-ajax.php HTTP/1.1" 200 92791 "https://makstandardent.com/wp-admin/post.php?post=103&action=elementor" "Mozilla/5.0 (Windows NT 10.0; Win64; x64) AppleWebKit/537.36 (KHTML, like Gecko) Chrome/135.0.0.0 Safari/537.36"
103.244.175.189 - - [28/Apr/2025:13:58:54 -0400] "POST /wp-admin/admin-ajax.php HTTP/1.1" 200 899 "https://makstandardent.com/wp-admin/post.php?post=103&action=elementor" "Mozilla/5.0 (Windows NT 10.0; Win64; x64) AppleWebKit/537.36 (KHTML, like Gecko) Chrome/135.0.0.0 Safari/537.36"
103.244.175.189 - - [28/Apr/2025:13:58:54 -0400] "POST /wp-admin/admin-ajax.php HTTP/1.1" 200 92791 "https://makstandardent.com/wp-admin/post.php?post=103&action=elementor" "Mozilla/5.0 (Windows NT 10.0; Win64; x64) AppleWebKit/537.36 (KHTML, like Gecko) Chrome/135.0.0.0 Safari/537.36"
103.244.175.189 - - [28/Apr/2025:13:59:02 -0400] "POST /wp-admin/admin-ajax.php HTTP/1.1" 200 77 "https://makstandardent.com/wp-admin/post.php?post=103&action=elementor" "Mozilla/5.0 (Windows NT 10.0; Win64; x64) AppleWebKit/537.36 (KHTML, like Gecko) Chrome/135.0.0.0 Safari/537.36"
103.244.175.189 - - [28/Apr/2025:13:58:59 -0400] "POST /wp-admin/async-upload.php HTTP/1.1" 200 579 "https://makstandardent.com/wp-admin/post.php?post=103&action=elementor" "Mozilla/5.0 (Windows NT 10.0; Win64; x64) AppleWebKit/537.36 (KHTML, like Gecko) Chrome/135.0.0.0 Safari/537.36"
103.244.175.189 - - [28/Apr/2025:13:59:05 -0400] "GET /wp-content/uploads/2025/04/vision-300x245.webp HTTP/1.1" 200 12340 "https://makstandardent.com/wp-admin/post.php?post=103&action=elementor" "Mozilla/5.0 (Windows NT 10.0; Win64; x64) AppleWebKit/537.36 (KHTML, like Gecko) Chrome/135.0.0.0 Safari/537.36"
103.244.175.189 - - [28/Apr/2025:13:59:06 -0400] "GET /wp-json/elementor/v1/checklist/user-progress HTTP/1.1" 200 614 "https://makstandardent.com/wp-admin/post.php?post=103&action=elementor" "Mozilla/5.0 (Windows NT 10.0; Win64; x64) AppleWebKit/537.36 (KHTML, like Gecko) Chrome/135.0.0.0 Safari/537.36"
103.244.175.189 - - [28/Apr/2025:13:59:09 -0400] "GET /wp-content/uploads/2025/04/vision.webp HTTP/1.1" 200 43852 "https://makstandardent.com/wp-admin/post.php?post=103&action=elementor" "Mozilla/5.0 (Windows NT 10.0; Win64; x64) AppleWebKit/537.36 (KHTML, like Gecko) Chrome/135.0.0.0 Safari/537.36"
103.244.175.189 - - [28/Apr/2025:13:59:09 -0400] "POST /wp-admin/admin-ajax.php HTTP/1.1" 200 1528 "https://makstandardent.com/wp-admin/post.php?post=103&action=elementor" "Mozilla/5.0 (Windows NT 10.0; Win64; x64) AppleWebKit/537.36 (KHTML, like Gecko) Chrome/135.0.0.0 Safari/537.36"
103.244.175.189 - - [28/Apr/2025:13:59:09 -0400] "POST /wp-admin/admin-ajax.php HTTP/1.1" 200 983 "https://makstandardent.com/wp-admin/post.php?post=103&action=elementor" "Mozilla/5.0 (Windows NT 10.0; Win64; x64) AppleWebKit/537.36 (KHTML, like Gecko) Chrome/135.0.0.0 Safari/537.36"
103.244.175.189 - - [28/Apr/2025:13:59:13 -0400] "POST /wp-admin/admin-ajax.php HTTP/1.1" 200 327 "https://makstandardent.com/wp-admin/post.php?post=103&action=elementor" "Mozilla/5.0 (Windows NT 10.0; Win64; x64) AppleWebKit/537.36 (KHTML, like Gecko) Chrome/135.0.0.0 Safari/537.36"
103.244.175.189 - - [28/Apr/2025:13:59:17 -0400] "POST /wp-admin/admin-ajax.php HTTP/1.1" 200 77 "https://makstandardent.com/wp-admin/post.php?post=103&action=elementor" "Mozilla/5.0 (Windows NT 10.0; Win64; x64) AppleWebKit/537.36 (KHTML, like Gecko) Chrome/135.0.0.0 Safari/537.36"
66.29.132.124 - - [28/Apr/2025:13:59:33 -0400] "POST /wp-cron.php?doing_wp_cron=1745863173.9057691097259521484375 HTTP/1.1" 200 0 "-" "WordPress/6.8; https://makstandardent.com"
103.244.175.189 - - [28/Apr/2025:13:59:32 -0400] "POST /wp-admin/admin-ajax.php HTTP/1.1" 200 77 "https://makstandardent.com/wp-admin/post.php?post=103&action=elementor" "Mozilla/5.0 (Windows NT 10.0; Win64; x64) AppleWebKit/537.36 (KHTML, like Gecko) Chrome/135.0.0.0 Safari/537.36"
66.29.132.124 - - [28/Apr/2025:13:59:34 -0400] "POST /wp-admin/admin-ajax.php?action=async_litespeed&nonce=v3AsUsDqyDdzi9D0N205HsDpSW35jDq5&litespeed_type=imgoptm HTTP/1.1" 200 0 "-" "WordPress/6.8; https://makstandardent.com"
103.244.175.189 - - [28/Apr/2025:13:59:47 -0400] "POST /wp-admin/admin-ajax.php HTTP/1.1" 200 77 "https://makstandardent.com/wp-admin/post.php?post=103&action=elementor" "Mozilla/5.0 (Windows NT 10.0; Win64; x64) AppleWebKit/537.36 (KHTML, like Gecko) Chrome/135.0.0.0 Safari/537.36"
66.29.132.124 - - [28/Apr/2025:14:00:06 -0400] "POST /wp-cron.php?doing_wp_cron=1745863205.0105528831481933593750 HTTP/1.1" 200 0 "-" "WordPress/6.8; https://makstandardent.com"
103.244.175.189 - - [28/Apr/2025:14:00:03 -0400] "POST /wp-admin/admin-ajax.php HTTP/1.1" 200 77 "https://makstandardent.com/wp-admin/post.php?post=103&action=elementor" "Mozilla/5.0 (Windows NT 10.0; Win64; x64) AppleWebKit/537.36 (KHTML, like Gecko) Chrome/135.0.0.0 Safari/537.36"
103.244.175.189 - - [28/Apr/2025:14:00:06 -0400] "GET /wp-json/elementor/v1/checklist/user-progress HTTP/1.1" 200 614 "https://makstandardent.com/wp-admin/post.php?post=103&action=elementor" "Mozilla/5.0 (Windows NT 10.0; Win64; x64) AppleWebKit/537.36 (KHTML, like Gecko) Chrome/135.0.0.0 Safari/537.36"
103.244.175.189 - - [28/Apr/2025:14:00:20 -0400] "POST /wp-admin/admin-ajax.php HTTP/1.1" 200 77 "https://makstandardent.com/wp-admin/post.php?post=103&action=elementor" "Mozilla/5.0 (Windows NT 10.0; Win64; x64) AppleWebKit/537.36 (KHTML, like Gecko) Chrome/135.0.0.0 Safari/537.36"
103.244.175.189 - - [28/Apr/2025:14:00:22 -0400] "GET /wp-json/elementor/v1/checklist/user-progress HTTP/1.1" 200 614 "https://makstandardent.com/wp-admin/post.php?post=103&action=elementor" "Mozilla/5.0 (Windows NT 10.0; Win64; x64) AppleWebKit/537.36 (KHTML, like Gecko) Chrome/135.0.0.0 Safari/537.36"
103.244.175.189 - - [28/Apr/2025:14:00:34 -0400] "POST /wp-admin/admin-ajax.php HTTP/1.1" 200 77 "https://makstandardent.com/wp-admin/post.php?post=103&action=elementor" "Mozilla/5.0 (Windows NT 10.0; Win64; x64) AppleWebKit/537.36 (KHTML, like Gecko) Chrome/135.0.0.0 Safari/537.36"
103.244.175.189 - - [28/Apr/2025:14:00:49 -0400] "POST /wp-admin/admin-ajax.php HTTP/1.1" 200 77 "https://makstandardent.com/wp-admin/post.php?post=103&action=elementor" "Mozilla/5.0 (Windows NT 10.0; Win64; x64) AppleWebKit/537.36 (KHTML, like Gecko) Chrome/135.0.0.0 Safari/537.36"
103.244.175.189 - - [28/Apr/2025:14:00:48 -0400] "GET /wp-json/elementor/v1/checklist/user-progress HTTP/1.1" 200 614 "https://makstandardent.com/wp-admin/post.php?post=103&action=elementor" "Mozilla/5.0 (Windows NT 10.0; Win64; x64) AppleWebKit/537.36 (KHTML, like Gecko) Chrome/135.0.0.0 Safari/537.36"
103.244.175.189 - - [28/Apr/2025:14:00:57 -0400] "GET /wp-json/elementor/v1/checklist/user-progress HTTP/1.1" 200 614 "https://makstandardent.com/wp-admin/post.php?post=103&action=elementor" "Mozilla/5.0 (Windows NT 10.0; Win64; x64) AppleWebKit/537.36 (KHTML, like Gecko) Chrome/135.0.0.0 Safari/537.36"
103.244.175.189 - - [28/Apr/2025:14:00:58 -0400] "POST /wp-admin/admin-ajax.php HTTP/1.1" 200 524 "https://makstandardent.com/wp-admin/post.php?post=103&action=elementor" "Mozilla/5.0 (Windows NT 10.0; Win64; x64) AppleWebKit/537.36 (KHTML, like Gecko) Chrome/135.0.0.0 Safari/537.36"
103.244.175.189 - - [28/Apr/2025:14:01:02 -0400] "GET /wp-json/elementor/v1/checklist/user-progress HTTP/1.1" 200 614 "https://makstandardent.com/wp-admin/post.php?post=103&action=elementor" "Mozilla/5.0 (Windows NT 10.0; Win64; x64) AppleWebKit/537.36 (KHTML, like Gecko) Chrome/135.0.0.0 Safari/537.36"
