103.244.175.189 - - [28/Apr/2025:09:38:12 -0400] "GET /wp-content/themes/astra/inc/lib/astra-notices/notices.js?ver=1.1.14 HTTP/1.1" 304 0 "https://makstandardent.com/wp-admin/edit.php?post_type=elementor_library" "Mozilla/5.0 (Windows NT 10.0; Win64; x64) AppleWebKit/537.36 (KHTML, like Gecko) Chrome/135.0.0.0 Safari/537.36"
103.244.175.189 - - [28/Apr/2025:09:38:13 -0400] "POST /wp-json/extendify/v1/help-center/router-data?_locale=user HTTP/1.1" 200 133 "https://makstandardent.com/wp-admin/edit.php?post_type=elementor_library" "Mozilla/5.0 (Windows NT 10.0; Win64; x64) AppleWebKit/537.36 (KHTML, like Gecko) Chrome/135.0.0.0 Safari/537.36"
103.244.175.189 - - [28/Apr/2025:09:38:13 -0400] "POST /wp-admin/admin-ajax.php HTTP/1.1" 200 47 "https://makstandardent.com/wp-admin/edit.php?post_type=elementor_library" "Mozilla/5.0 (Windows NT 10.0; Win64; x64) AppleWebKit/537.36 (KHTML, like Gecko) Chrome/135.0.0.0 Safari/537.36"
103.244.175.189 - - [28/Apr/2025:09:38:17 -0400] "POST /wp-admin/admin-ajax.php HTTP/1.1" 401 96 "https://makstandardent.com/wp-admin/post.php?post=21&action=elementor" "Mozilla/5.0 (Windows NT 10.0; Win64; x64) AppleWebKit/537.36 (KHTML, like Gecko) Chrome/135.0.0.0 Safari/537.36"
39.51.100.81 - - [28/Apr/2025:09:38:23 -0400] "GET /home-page HTTP/1.1" 200 0 "-" "Mozilla/5.0 (Windows NT 10.0; Win64; x64) AppleWebKit/537.36 (KHTML, like Gecko) Chrome/135.0.0.0 Safari/537.36"
103.244.175.189 - - [28/Apr/2025:09:38:25 -0400] "GET /wp-json/elementor/v1/checklist/user-progress HTTP/1.1" 503 856 "https://makstandardent.com/wp-admin/post.php?post=21&action=elementor" "Mozilla/5.0 (Windows NT 10.0; Win64; x64) AppleWebKit/537.36 (KHTML, like Gecko) Chrome/135.0.0.0 Safari/537.36"
39.51.100.81 - - [28/Apr/2025:09:38:27 -0400] "GET /home-page HTTP/1.1" 503 856 "-" "Mozilla/5.0 (Windows NT 10.0; Win64; x64) AppleWebKit/537.36 (KHTML, like Gecko) Chrome/135.0.0.0 Safari/537.36"
39.51.100.81 - - [28/Apr/2025:09:38:31 -0400] "GET /systemerror/block.gif HTTP/1.1" 200 8629 "https://makstandardent.com/home-page" "Mozilla/5.0 (Windows NT 10.0; Win64; x64) AppleWebKit/537.36 (KHTML, like Gecko) Chrome/135.0.0.0 Safari/537.36"
103.244.175.189 - - [28/Apr/2025:09:38:36 -0400] "POST /wp-admin/admin-ajax.php HTTP/1.1" 503 856 "https://makstandardent.com/wp-admin/post.php?post=21&action=elementor" "Mozilla/5.0 (Windows NT 10.0; Win64; x64) AppleWebKit/537.36 (KHTML, like Gecko) Chrome/135.0.0.0 Safari/537.36"
103.244.175.189 - - [28/Apr/2025:09:38:35 -0400] "GET /home-page/ HTTP/1.1" 503 856 "-" "WhatsApp/2.23.20.0"
39.51.100.81 - - [28/Apr/2025:09:38:39 -0400] "GET /home-page/ HTTP/1.1" 503 856 "-" "Mozilla/5.0 (Windows NT 10.0; Win64; x64) AppleWebKit/537.36 (KHTML, like Gecko) Chrome/135.0.0.0 Safari/537.36"
39.51.100.81 - - [28/Apr/2025:09:38:52 -0400] "GET / HTTP/1.1" 304 0 "-" "Mozilla/5.0 (Windows NT 10.0; Win64; x64) AppleWebKit/537.36 (KHTML, like Gecko) Chrome/135.0.0.0 Safari/537.36"
39.51.100.81 - - [28/Apr/2025:09:38:53 -0400] "POST /?wc-ajax=get_refreshed_fragments HTTP/1.1" 200 1314 "https://makstandardent.com/" "Mozilla/5.0 (Windows NT 10.0; Win64; x64) AppleWebKit/537.36 (KHTML, like Gecko) Chrome/135.0.0.0 Safari/537.36"
39.51.100.81 - - [28/Apr/2025:09:38:58 -0400] "GET /2025/04/25/hello-world/ HTTP/1.1" 200 34293 "https://makstandardent.com/" "Mozilla/5.0 (Windows NT 10.0; Win64; x64) AppleWebKit/537.36 (KHTML, like Gecko) Chrome/135.0.0.0 Safari/537.36"
39.51.100.81 - - [28/Apr/2025:09:38:59 -0400] "GET /wp-includes/js/comment-reply.min.js?ver=6.8 HTTP/1.1" 200 1247 "https://makstandardent.com/2025/04/25/hello-world/" "Mozilla/5.0 (Windows NT 10.0; Win64; x64) AppleWebKit/537.36 (KHTML, like Gecko) Chrome/135.0.0.0 Safari/537.36"
39.51.100.81 - - [28/Apr/2025:09:38:58 -0400] "POST /wp-admin/admin-ajax.php HTTP/1.1" 200 2 "https://makstandardent.com/" "Mozilla/5.0 (Windows NT 10.0; Win64; x64) AppleWebKit/537.36 (KHTML, like Gecko) Chrome/135.0.0.0 Safari/537.36"
39.51.100.81 - - [28/Apr/2025:09:38:59 -0400] "GET /wp-content/uploads/elementor/google-fonts/fonts/poppins-pxibyp8kv8jhgfvrlcz7z1xlfq.woff2 HTTP/1.1" 200 7816 "https://makstandardent.com/wp-content/uploads/elementor/google-fonts/css/poppins.css?ver=1745596400" "Mozilla/5.0 (Windows NT 10.0; Win64; x64) AppleWebKit/537.36 (KHTML, like Gecko) Chrome/135.0.0.0 Safari/537.36"
39.51.100.81 - - [28/Apr/2025:09:38:59 -0400] "GET /wp-content/uploads/elementor/google-fonts/fonts/poppins-pxibyp8kv8jhgfvrlgt9z1xlfq.woff2 HTTP/1.1" 200 7748 "https://makstandardent.com/wp-content/uploads/elementor/google-fonts/css/poppins.css?ver=1745596400" "Mozilla/5.0 (Windows NT 10.0; Win64; x64) AppleWebKit/537.36 (KHTML, like Gecko) Chrome/135.0.0.0 Safari/537.36"
103.244.175.189 - - [28/Apr/2025:09:39:04 -0400] "GET /wp-content/uploads/elementor/thumbs/sect-about-r4vwco88ky5zqc752ktgluonvh3yu64t685rm5aznk.jpg HTTP/1.1" 200 103936 "https://makstandardent.com/home-page/?elementor-preview=21&ver=1745847450" "Mozilla/5.0 (Windows NT 10.0; Win64; x64) AppleWebKit/537.36 (KHTML, like Gecko) Chrome/135.0.0.0 Safari/537.36"
103.244.175.189 - - [28/Apr/2025:09:39:11 -0400] "GET /wp-content/uploads/elementor/thumbs/present-1-r4vwcrzc6ht9spcuxm2gp4stq70f84rrljrlmxs7wg.png HTTP/1.1" 200 797 "https://makstandardent.com/home-page/?elementor-preview=21&ver=1745847450" "Mozilla/5.0 (Windows NT 10.0; Win64; x64) AppleWebKit/537.36 (KHTML, like Gecko) Chrome/135.0.0.0 Safari/537.36"
66.29.132.124 - - [28/Apr/2025:09:39:13 -0400] "POST /wp-cron.php?doing_wp_cron=1745847552.4685389995574951171875 HTTP/1.1" 200 0 "-" "WordPress/6.8; https://makstandardent.com"
103.244.175.189 - - [28/Apr/2025:09:39:11 -0400] "POST /wp-admin/admin-ajax.php HTTP/1.1" 200 12186 "https://makstandardent.com/wp-admin/post.php?post=21&action=elementor" "Mozilla/5.0 (Windows NT 10.0; Win64; x64) AppleWebKit/537.36 (KHTML, like Gecko) Chrome/135.0.0.0 Safari/537.36"
66.29.132.124 - - [28/Apr/2025:09:39:14 -0400] "POST /wp-admin/admin-ajax.php?action=async_litespeed&nonce=KDo4mAaZmW6BjYoJAWuoneQJpPlU22V9&litespeed_type=imgoptm HTTP/1.1" 200 0 "-" "WordPress/6.8; https://makstandardent.com"
66.29.132.124 - - [28/Apr/2025:09:41:21 -0400] "POST /wp-cron.php?doing_wp_cron=1745847681.4064168930053710937500 HTTP/1.1" 200 0 "-" "WordPress/6.8; https://makstandardent.com"
103.244.175.189 - - [28/Apr/2025:09:41:16 -0400] "POST /wp-admin/admin-ajax.php HTTP/1.1" 200 47 "https://makstandardent.com/wp-admin/edit.php?post_type=elementor_library" "Mozilla/5.0 (Windows NT 10.0; Win64; x64) AppleWebKit/537.36 (KHTML, like Gecko) Chrome/135.0.0.0 Safari/537.36"
66.29.132.124 - - [28/Apr/2025:09:41:22 -0400] "POST /wp-admin/admin-ajax.php?action=async_litespeed&nonce=upfv1vDSbDClwiIcrhqLBxqbeRVIfjEe&litespeed_type=imgoptm HTTP/1.1" 200 0 "-" "WordPress/6.8; https://makstandardent.com"
66.29.132.124 - - [28/Apr/2025:09:41:38 -0400] "POST /wp-cron.php?doing_wp_cron=1745847698.0299899578094482421875 HTTP/1.1" 200 0 "-" "WordPress/6.8; https://makstandardent.com"
66.29.132.124 - - [28/Apr/2025:09:41:38 -0400] "POST /wp-admin/admin-ajax.php?action=async_litespeed&nonce=gNkEK0R3w0NfTcVeW24zu4nJr6NTZhhM&litespeed_type=imgoptm HTTP/1.1" 200 0 "-" "WordPress/6.8; https://makstandardent.com"
103.244.175.189 - - [28/Apr/2025:09:41:37 -0400] "GET /home-page/ HTTP/1.1" 200 71153 "https://makstandardent.com/wp-admin/edit.php?post_type=page" "Mozilla/5.0 (Windows NT 10.0; Win64; x64) AppleWebKit/537.36 (KHTML, like Gecko) Chrome/135.0.0.0 Safari/537.36"
103.244.175.189 - - [28/Apr/2025:09:41:42 -0400] "GET /wp-content/plugins/woocommerce/assets/js/jquery-blockui/jquery.blockUI.min.js?ver=2.7.0-wc.9.8.2 HTTP/1.1" 304 0 "https://makstandardent.com/home-page/" "Mozilla/5.0 (Windows NT 10.0; Win64; x64) AppleWebKit/537.36 (KHTML, like Gecko) Chrome/135.0.0.0 Safari/537.36"
103.244.175.189 - - [28/Apr/2025:09:41:42 -0400] "GET /wp-content/plugins/woocommerce/assets/js/frontend/add-to-cart.min.js?ver=9.8.2 HTTP/1.1" 304 0 "https://makstandardent.com/home-page/" "Mozilla/5.0 (Windows NT 10.0; Win64; x64) AppleWebKit/537.36 (KHTML, like Gecko) Chrome/135.0.0.0 Safari/537.36"
103.244.175.189 - - [28/Apr/2025:09:41:42 -0400] "GET /wp-content/plugins/woocommerce/assets/js/js-cookie/js.cookie.min.js?ver=2.1.4-wc.9.8.2 HTTP/1.1" 304 0 "https://makstandardent.com/home-page/" "Mozilla/5.0 (Windows NT 10.0; Win64; x64) AppleWebKit/537.36 (KHTML, like Gecko) Chrome/135.0.0.0 Safari/537.36"
103.244.175.189 - - [28/Apr/2025:09:41:42 -0400] "GET /wp-content/plugins/woocommerce/assets/js/frontend/woocommerce.min.js?ver=9.8.2 HTTP/1.1" 304 0 "https://makstandardent.com/home-page/" "Mozilla/5.0 (Windows NT 10.0; Win64; x64) AppleWebKit/537.36 (KHTML, like Gecko) Chrome/135.0.0.0 Safari/537.36"
103.244.175.189 - - [28/Apr/2025:09:41:43 -0400] "GET /wp-content/themes/astra/assets/js/minified/frontend.min.js?ver=4.10.1 HTTP/1.1" 304 0 "https://makstandardent.com/home-page/" "Mozilla/5.0 (Windows NT 10.0; Win64; x64) AppleWebKit/537.36 (KHTML, like Gecko) Chrome/135.0.0.0 Safari/537.36"
66.29.132.124 - - [28/Apr/2025:09:42:55 -0400] "POST /wp-cron.php?doing_wp_cron=1745847775.0698409080505371093750 HTTP/1.1" 200 0 "-" "WordPress/6.8; https://makstandardent.com"
103.244.175.189 - - [28/Apr/2025:09:42:55 -0400] "GET /wp-content/uploads/elementor/thumbs/download-box-1-r4vwcusuqzx4rj8rh5acem37icmiv82ylxq22ro1ds.png HTTP/1.1" 200 1284 "https://makstandardent.com/home-page/?elementor-preview=21&ver=1745847450" "Mozilla/5.0 (Windows NT 10.0; Win64; x64) AppleWebKit/537.36 (KHTML, like Gecko) Chrome/135.0.0.0 Safari/537.36"
103.244.175.189 - - [28/Apr/2025:09:42:55 -0400] "GET /wp-content/uploads/elementor/thumbs/ribbon-2-r4vwcwoj4nzper61663ljlm4p4d9amafa7111bl91c.png HTTP/1.1" 200 1496 "https://makstandardent.com/home-page/?elementor-preview=21&ver=1745847450" "Mozilla/5.0 (Windows NT 10.0; Win64; x64) AppleWebKit/537.36 (KHTML, like Gecko) Chrome/135.0.0.0 Safari/537.36"
103.244.175.189 - - [28/Apr/2025:09:42:53 -0400] "POST /wp-admin/admin-ajax.php HTTP/1.1" 200 47 "https://makstandardent.com/wp-admin/edit.php?post_type=elementor_library" "Mozilla/5.0 (Windows NT 10.0; Win64; x64) AppleWebKit/537.36 (KHTML, like Gecko) Chrome/135.0.0.0 Safari/537.36"
103.244.175.189 - - [28/Apr/2025:09:42:54 -0400] "POST /wp-admin/admin-ajax.php HTTP/1.1" 200 169 "https://makstandardent.com/wp-admin/post.php?post=21&action=elementor" "Mozilla/5.0 (Windows NT 10.0; Win64; x64) AppleWebKit/537.36 (KHTML, like Gecko) Chrome/135.0.0.0 Safari/537.36"
66.29.132.124 - - [28/Apr/2025:09:42:56 -0400] "POST /wp-admin/admin-ajax.php?action=async_litespeed&nonce=xRT4SR52VpSsF4O1DyC8IuBV36fnA41Y&litespeed_type=imgoptm HTTP/1.1" 200 0 "-" "WordPress/6.8; https://makstandardent.com"
103.244.175.189 - - [28/Apr/2025:09:42:57 -0400] "GET /wp-content/uploads/elementor/thumbs/new-arrival-r4vwcziasrltkhpkd4t6gl0qqm8jyehkqpg5onqh34.jpg HTTP/1.1" 200 65430 "https://makstandardent.com/wp-admin/post.php?post=21&action=elementor" "Mozilla/5.0 (Windows NT 10.0; Win64; x64) AppleWebKit/537.36 (KHTML, like Gecko) Chrome/135.0.0.0 Safari/537.36"
103.244.175.189 - - [28/Apr/2025:09:42:54 -0400] "GET /wp-json/elementor/v1/checklist/user-progress HTTP/1.1" 403 90 "https://makstandardent.com/wp-admin/post.php?post=21&action=elementor" "Mozilla/5.0 (Windows NT 10.0; Win64; x64) AppleWebKit/537.36 (KHTML, like Gecko) Chrome/135.0.0.0 Safari/537.36"
103.244.175.189 - - [28/Apr/2025:09:42:58 -0400] "GET /wp-content/uploads/2025/04/upgrade-sect-vid-150x150.jpg HTTP/1.1" 200 7993 "https://makstandardent.com/home-page/?elementor-preview=21&ver=1745847450" "Mozilla/5.0 (Windows NT 10.0; Win64; x64) AppleWebKit/537.36 (KHTML, like Gecko) Chrome/135.0.0.0 Safari/537.36"
103.244.175.189 - - [28/Apr/2025:09:42:58 -0400] "GET /wp-content/uploads/elementor/thumbs/new-arrival2-r4vwd39h823dlc0cmcsvbutjdt4xk69uexfbb6hwcg.jpg HTTP/1.1" 200 11890 "https://makstandardent.com/wp-admin/post.php?post=21&action=elementor" "Mozilla/5.0 (Windows NT 10.0; Win64; x64) AppleWebKit/537.36 (KHTML, like Gecko) Chrome/135.0.0.0 Safari/537.36"
103.244.175.189 - - [28/Apr/2025:09:42:59 -0400] "GET /wp-content/uploads/elementor/thumbs/new-arrival2-1-r4vwd555lq5y8jxmbdm4gucgkkvnzkhb36qa9qf400.jpg HTTP/1.1" 200 12749 "https://makstandardent.com/wp-admin/post.php?post=21&action=elementor" "Mozilla/5.0 (Windows NT 10.0; Win64; x64) AppleWebKit/537.36 (KHTML, like Gecko) Chrome/135.0.0.0 Safari/537.36"
103.244.175.189 - - [28/Apr/2025:09:42:59 -0400] "GET /wp-content/uploads/elementor/thumbs/services-0-r4vwdnxy2j7j47rlx52dbc6kowy6akukz9tz4x8ruo.jpg HTTP/1.1" 200 30220 "https://makstandardent.com/wp-admin/post.php?post=21&action=elementor" "Mozilla/5.0 (Windows NT 10.0; Win64; x64) AppleWebKit/537.36 (KHTML, like Gecko) Chrome/135.0.0.0 Safari/537.36"
66.29.132.124 - - [28/Apr/2025:09:44:06 -0400] "POST /wp-cron.php?doing_wp_cron=1745847845.9784259796142578125000 HTTP/1.1" 200 0 "-" "WordPress/6.8; https://makstandardent.com"
39.51.100.81 - - [28/Apr/2025:09:44:05 -0400] "GET /home-page/ HTTP/1.1" 200 38188 "-" "Mozilla/5.0 (Windows NT 10.0; Win64; x64) AppleWebKit/537.36 (KHTML, like Gecko) Chrome/135.0.0.0 Safari/537.36"
66.29.132.124 - - [28/Apr/2025:09:44:07 -0400] "POST /wp-admin/admin-ajax.php?action=async_litespeed&nonce=KETaBGK9Y1dKOrPGMl5fceB1FxQwkKhh&litespeed_type=imgoptm HTTP/1.1" 200 21 "-" "WordPress/6.8; https://makstandardent.com"
39.51.100.81 - - [28/Apr/2025:09:44:08 -0400] "GET /wp-content/plugins/elementor/assets/lib/animations/styles/fadeInLeft.min.css?ver=3.28.4 HTTP/1.1" 200 137 "https://makstandardent.com/home-page/" "Mozilla/5.0 (Windows NT 10.0; Win64; x64) AppleWebKit/537.36 (KHTML, like Gecko) Chrome/135.0.0.0 Safari/537.36"
39.51.100.81 - - [28/Apr/2025:09:44:08 -0400] "GET /wp-content/plugins/elementor/assets/lib/animations/styles/fadeInRight.min.css?ver=3.28.4 HTTP/1.1" 200 139 "https://makstandardent.com/home-page/" "Mozilla/5.0 (Windows NT 10.0; Win64; x64) AppleWebKit/537.36 (KHTML, like Gecko) Chrome/135.0.0.0 Safari/537.36"
39.51.100.81 - - [28/Apr/2025:09:44:08 -0400] "GET /wp-content/plugins/elementor-pro/assets/css/widget-woocommerce-products.min.css?ver=3.28.3 HTTP/1.1" 200 509 "https://makstandardent.com/home-page/" "Mozilla/5.0 (Windows NT 10.0; Win64; x64) AppleWebKit/537.36 (KHTML, like Gecko) Chrome/135.0.0.0 Safari/537.36"
39.51.100.81 - - [28/Apr/2025:09:44:08 -0400] "GET /wp-content/plugins/elementor/assets/lib/animations/styles/fadeInDown.min.css?ver=3.28.4 HTTP/1.1" 200 137 "https://makstandardent.com/home-page/" "Mozilla/5.0 (Windows NT 10.0; Win64; x64) AppleWebKit/537.36 (KHTML, like Gecko) Chrome/135.0.0.0 Safari/537.36"
39.51.100.81 - - [28/Apr/2025:09:44:08 -0400] "GET /wp-content/plugins/elementor/assets/css/widget-video.min.css?ver=3.28.4 HTTP/1.1" 200 354 "https://makstandardent.com/home-page/" "Mozilla/5.0 (Windows NT 10.0; Win64; x64) AppleWebKit/537.36 (KHTML, like Gecko) Chrome/135.0.0.0 Safari/537.36"
39.51.100.81 - - [28/Apr/2025:09:44:08 -0400] "GET /wp-content/plugins/elementor/assets/lib/animations/styles/bounceInUp.min.css?ver=3.28.4 HTTP/1.1" 200 175 "https://makstandardent.com/home-page/" "Mozilla/5.0 (Windows NT 10.0; Win64; x64) AppleWebKit/537.36 (KHTML, like Gecko) Chrome/135.0.0.0 Safari/537.36"
39.51.100.81 - - [28/Apr/2025:09:44:09 -0400] "GET /wp-content/plugins/elementor/assets/lib/swiper/v8/css/swiper.min.css?ver=8.4.5 HTTP/1.1" 200 4248 "https://makstandardent.com/home-page/" "Mozilla/5.0 (Windows NT 10.0; Win64; x64) AppleWebKit/537.36 (KHTML, like Gecko) Chrome/135.0.0.0 Safari/537.36"
39.51.100.81 - - [28/Apr/2025:09:44:09 -0400] "GET /wp-content/plugins/elementor/assets/css/conditionals/e-swiper.min.css?ver=3.28.4 HTTP/1.1" 200 699 "https://makstandardent.com/home-page/" "Mozilla/5.0 (Windows NT 10.0; Win64; x64) AppleWebKit/537.36 (KHTML, like Gecko) Chrome/135.0.0.0 Safari/537.36"
39.51.100.81 - - [28/Apr/2025:09:44:09 -0400] "GET /wp-content/plugins/elementor-pro/assets/css/widget-testimonial-carousel.min.css?ver=3.28.3 HTTP/1.1" 200 1396 "https://makstandardent.com/home-page/" "Mozilla/5.0 (Windows NT 10.0; Win64; x64) AppleWebKit/537.36 (KHTML, like Gecko) Chrome/135.0.0.0 Safari/537.36"
39.51.100.81 - - [28/Apr/2025:09:44:09 -0400] "GET /wp-content/plugins/elementor-pro/assets/css/widget-carousel-module-base.min.css?ver=3.28.3 HTTP/1.1" 200 583 "https://makstandardent.com/home-page/" "Mozilla/5.0 (Windows NT 10.0; Win64; x64) AppleWebKit/537.36 (KHTML, like Gecko) Chrome/135.0.0.0 Safari/537.36"
39.51.100.81 - - [28/Apr/2025:09:44:09 -0400] "GET /wp-content/plugins/elementor-pro/assets/css/widget-posts.min.css?ver=3.28.3 HTTP/1.1" 200 2304 "https://makstandardent.com/home-page/" "Mozilla/5.0 (Windows NT 10.0; Win64; x64) AppleWebKit/537.36 (KHTML, like Gecko) Chrome/135.0.0.0 Safari/537.36"
39.51.100.81 - - [28/Apr/2025:09:44:09 -0400] "GET /wp-content/uploads/elementor/css/post-21.css?ver=1745597360 HTTP/1.1" 200 6348 "https://makstandardent.com/home-page/" "Mozilla/5.0 (Windows NT 10.0; Win64; x64) AppleWebKit/537.36 (KHTML, like Gecko) Chrome/135.0.0.0 Safari/537.36"
39.51.100.81 - - [28/Apr/2025:09:44:10 -0400] "GET /wp-content/uploads/2025/04/upgr-img.jpg HTTP/1.1" 200 66253 "https://makstandardent.com/home-page/" "Mozilla/5.0 (Windows NT 10.0; Win64; x64) AppleWebKit/537.36 (KHTML, like Gecko) Chrome/135.0.0.0 Safari/537.36"
39.51.100.81 - - [28/Apr/2025:09:44:10 -0400] "GET /wp-content/plugins/elementor/assets/lib/swiper/v8/swiper.min.js?ver=8.4.5 HTTP/1.1" 200 38152 "https://makstandardent.com/home-page/" "Mozilla/5.0 (Windows NT 10.0; Win64; x64) AppleWebKit/537.36 (KHTML, like Gecko) Chrome/135.0.0.0 Safari/537.36"
39.51.100.81 - - [28/Apr/2025:09:44:10 -0400] "GET /wp-includes/js/imagesloaded.min.js?ver=5.0.0 HTTP/1.1" 200 1687 "https://makstandardent.com/home-page/" "Mozilla/5.0 (Windows NT 10.0; Win64; x64) AppleWebKit/537.36 (KHTML, like Gecko) Chrome/135.0.0.0 Safari/537.36"
39.51.100.81 - - [28/Apr/2025:09:44:11 -0400] "GET /wp-content/uploads/elementor/google-fonts/fonts/poppins-pxigyp8kv8jhgfvrjjluchta.woff2 HTTP/1.1" 200 8668 "https://makstandardent.com/wp-content/uploads/elementor/google-fonts/css/poppins.css?ver=1745596400" "Mozilla/5.0 (Windows NT 10.0; Win64; x64) AppleWebKit/537.36 (KHTML, like Gecko) Chrome/135.0.0.0 Safari/537.36"
39.51.100.81 - - [28/Apr/2025:09:44:11 -0400] "GET /wp-content/uploads/2025/04/hero-home.jpg HTTP/1.1" 200 202108 "https://makstandardent.com/wp-content/uploads/elementor/css/post-21.css?ver=1745597360" "Mozilla/5.0 (Windows NT 10.0; Win64; x64) AppleWebKit/537.36 (KHTML, like Gecko) Chrome/135.0.0.0 Safari/537.36"
39.51.100.81 - - [28/Apr/2025:09:44:11 -0400] "GET /wp-content/uploads/elementor/thumbs/sect-about-r4vwco88ky5zqc752ktgluonvh3yu64t685rzdlxmg.jpg HTTP/1.1" 200 103936 "https://makstandardent.com/home-page/" "Mozilla/5.0 (Windows NT 10.0; Win64; x64) AppleWebKit/537.36 (KHTML, like Gecko) Chrome/135.0.0.0 Safari/537.36"
39.51.100.81 - - [28/Apr/2025:09:44:11 -0400] "GET /wp-content/uploads/elementor/thumbs/present-1-r4vwcrzc6ht9spcuxm2gp4stq70f84rrljrlnqd1b4.png HTTP/1.1" 200 797 "https://makstandardent.com/home-page/" "Mozilla/5.0 (Windows NT 10.0; Win64; x64) AppleWebKit/537.36 (KHTML, like Gecko) Chrome/135.0.0.0 Safari/537.36"
39.51.100.81 - - [28/Apr/2025:09:44:12 -0400] "GET /wp-content/uploads/elementor/thumbs/download-box-1-r4vwcusuqzx4rj8rh5acem37icmiv82ylxq23k8usg.png HTTP/1.1" 200 1284 "https://makstandardent.com/home-page/" "Mozilla/5.0 (Windows NT 10.0; Win64; x64) AppleWebKit/537.36 (KHTML, like Gecko) Chrome/135.0.0.0 Safari/537.36"
39.51.100.81 - - [28/Apr/2025:09:44:12 -0400] "GET /wp-content/uploads/elementor/thumbs/ribbon-2-r4vwcwoj4nzper61663ljlm4p4d9amafa7112462g0.png HTTP/1.1" 200 1496 "https://makstandardent.com/home-page/" "Mozilla/5.0 (Windows NT 10.0; Win64; x64) AppleWebKit/537.36 (KHTML, like Gecko) Chrome/135.0.0.0 Safari/537.36"
39.51.100.81 - - [28/Apr/2025:09:44:12 -0400] "GET /wp-content/uploads/elementor/thumbs/new-arrival-r4vwcziasrltkhpkd4t6gl0qqm8jyehkqpg61t26k8.jpg HTTP/1.1" 200 65430 "https://makstandardent.com/home-page/" "Mozilla/5.0 (Windows NT 10.0; Win64; x64) AppleWebKit/537.36 (KHTML, like Gecko) Chrome/135.0.0.0 Safari/537.36"
39.51.100.81 - - [28/Apr/2025:09:44:12 -0400] "GET /wp-content/uploads/elementor/thumbs/new-arrival2-r4vwd39h823dlc0cmcsvbutjdt4xk69uexfbfq85rs.jpg HTTP/1.1" 200 11890 "https://makstandardent.com/home-page/" "Mozilla/5.0 (Windows NT 10.0; Win64; x64) AppleWebKit/537.36 (KHTML, like Gecko) Chrome/135.0.0.0 Safari/537.36"
39.51.100.81 - - [28/Apr/2025:09:44:13 -0400] "GET /wp-content/uploads/elementor/thumbs/services-0-r4vwdnxy2j7j47rlx52dbc6kowy6akukz9tzadpvpm.jpg HTTP/1.1" 200 30220 "https://makstandardent.com/home-page/" "Mozilla/5.0 (Windows NT 10.0; Win64; x64) AppleWebKit/537.36 (KHTML, like Gecko) Chrome/135.0.0.0 Safari/537.36"
39.51.100.81 - - [28/Apr/2025:09:44:13 -0400] "GET /wp-content/uploads/elementor/thumbs/new-arrival2-1-r4vwd555lq5y8jxmbdm4gucgkkvnzkhb36qaea5dfc.jpg HTTP/1.1" 200 12749 "https://makstandardent.com/home-page/" "Mozilla/5.0 (Windows NT 10.0; Win64; x64) AppleWebKit/537.36 (KHTML, like Gecko) Chrome/135.0.0.0 Safari/537.36"
39.51.100.81 - - [28/Apr/2025:09:44:13 -0400] "GET /wp-content/uploads/elementor/thumbs/services-0-1-r4vwdptmg7a3rfovm5vmgbphvoowpz21nj4y8xn3d6.jpg HTTP/1.1" 200 33855 "https://makstandardent.com/home-page/" "Mozilla/5.0 (Windows NT 10.0; Win64; x64) AppleWebKit/537.36 (KHTML, like Gecko) Chrome/135.0.0.0 Safari/537.36"
39.51.100.81 - - [28/Apr/2025:09:44:13 -0400] "GET /wp-content/uploads/2025/04/testi03.jpg HTTP/1.1" 200 38022 "https://makstandardent.com/home-page/" "Mozilla/5.0 (Windows NT 10.0; Win64; x64) AppleWebKit/537.36 (KHTML, like Gecko) Chrome/135.0.0.0 Safari/537.36"
39.51.100.81 - - [28/Apr/2025:09:44:13 -0400] "GET /wp-content/uploads/2025/04/testi06.jpg HTTP/1.1" 200 44347 "https://makstandardent.com/home-page/" "Mozilla/5.0 (Windows NT 10.0; Win64; x64) AppleWebKit/537.36 (KHTML, like Gecko) Chrome/135.0.0.0 Safari/537.36"
39.51.100.81 - - [28/Apr/2025:09:44:13 -0400] "GET /wp-content/uploads/elementor/thumbs/services-0-2-r4vwdsn50pdyq9ks5p3i5szvnub0d2d8nx3eoriwui.jpg HTTP/1.1" 200 26085 "https://makstandardent.com/home-page/" "Mozilla/5.0 (Windows NT 10.0; Win64; x64) AppleWebKit/537.36 (KHTML, like Gecko) Chrome/135.0.0.0 Safari/537.36"
39.51.100.81 - - [28/Apr/2025:09:44:13 -0400] "GET /wp-content/uploads/2025/04/testimo1.jpg HTTP/1.1" 200 17357 "https://makstandardent.com/home-page/" "Mozilla/5.0 (Windows NT 10.0; Win64; x64) AppleWebKit/537.36 (KHTML, like Gecko) Chrome/135.0.0.0 Safari/537.36"
39.51.100.81 - - [28/Apr/2025:09:44:13 -0400] "GET /wp-content/uploads/2025/04/categ-bg.jpg HTTP/1.1" 200 47551 "https://makstandardent.com/wp-content/uploads/elementor/css/post-21.css?ver=1745597360" "Mozilla/5.0 (Windows NT 10.0; Win64; x64) AppleWebKit/537.36 (KHTML, like Gecko) Chrome/135.0.0.0 Safari/537.36"
39.51.100.81 - - [28/Apr/2025:09:44:14 -0400] "GET /wp-content/uploads/2025/04/categ-bg-1.jpg HTTP/1.1" 200 37964 "https://makstandardent.com/wp-content/uploads/elementor/css/post-21.css?ver=1745597360" "Mozilla/5.0 (Windows NT 10.0; Win64; x64) AppleWebKit/537.36 (KHTML, like Gecko) Chrome/135.0.0.0 Safari/537.36"
39.51.100.81 - - [28/Apr/2025:09:44:14 -0400] "GET /wp-content/uploads/2025/04/categ-bg-2.jpg HTTP/1.1" 200 40822 "https://makstandardent.com/wp-content/uploads/elementor/css/post-21.css?ver=1745597360" "Mozilla/5.0 (Windows NT 10.0; Win64; x64) AppleWebKit/537.36 (KHTML, like Gecko) Chrome/135.0.0.0 Safari/537.36"
39.51.100.81 - - [28/Apr/2025:09:44:14 -0400] "GET /wp-content/uploads/2025/04/categ-bg-3.jpg HTTP/1.1" 200 46461 "https://makstandardent.com/wp-content/uploads/elementor/css/post-21.css?ver=1745597360" "Mozilla/5.0 (Windows NT 10.0; Win64; x64) AppleWebKit/537.36 (KHTML, like Gecko) Chrome/135.0.0.0 Safari/537.36"
39.51.100.81 - - [28/Apr/2025:09:44:14 -0400] "GET /wp-content/uploads/2025/04/categ-bg-4.jpg HTTP/1.1" 200 48641 "https://makstandardent.com/wp-content/uploads/elementor/css/post-21.css?ver=1745597360" "Mozilla/5.0 (Windows NT 10.0; Win64; x64) AppleWebKit/537.36 (KHTML, like Gecko) Chrome/135.0.0.0 Safari/537.36"
39.51.100.81 - - [28/Apr/2025:09:44:14 -0400] "GET /wp-content/uploads/2025/04/categ-bg-5.jpg HTTP/1.1" 200 40929 "https://makstandardent.com/wp-content/uploads/elementor/css/post-21.css?ver=1745597360" "Mozilla/5.0 (Windows NT 10.0; Win64; x64) AppleWebKit/537.36 (KHTML, like Gecko) Chrome/135.0.0.0 Safari/537.36"
39.51.100.81 - - [28/Apr/2025:09:44:14 -0400] "POST /?wc-ajax=get_refreshed_fragments HTTP/1.1" 200 1314 "https://makstandardent.com/home-page/" "Mozilla/5.0 (Windows NT 10.0; Win64; x64) AppleWebKit/537.36 (KHTML, like Gecko) Chrome/135.0.0.0 Safari/537.36"
103.244.175.189 - - [28/Apr/2025:09:41:43 -0400] "GET /wp-content/plugins/elementor-pro/assets/lib/smartmenus/jquery.smartmenus.min.js?ver=1.2.1 HTTP/1.1" 304 0 "https://makstandardent.com/home-page/" "Mozilla/5.0 (Windows NT 10.0; Win64; x64) AppleWebKit/537.36 (KHTML, like Gecko) Chrome/135.0.0.0 Safari/537.36"
103.244.175.189 - - [28/Apr/2025:09:41:43 -0400] "GET /wp-content/plugins/elementor/assets/lib/swiper/v8/swiper.min.js?ver=8.4.5 HTTP/1.1" 304 0 "https://makstandardent.com/home-page/" "Mozilla/5.0 (Windows NT 10.0; Win64; x64) AppleWebKit/537.36 (KHTML, like Gecko) Chrome/135.0.0.0 Safari/537.36"
103.244.175.189 - - [28/Apr/2025:09:41:43 -0400] "GET /wp-content/plugins/woocommerce/assets/js/sourcebuster/sourcebuster.min.js?ver=9.8.2 HTTP/1.1" 304 0 "https://makstandardent.com/home-page/" "Mozilla/5.0 (Windows NT 10.0; Win64; x64) AppleWebKit/537.36 (KHTML, like Gecko) Chrome/135.0.0.0 Safari/537.36"
103.244.175.189 - - [28/Apr/2025:09:41:43 -0400] "GET /wp-content/plugins/woocommerce/assets/js/frontend/order-attribution.min.js?ver=9.8.2 HTTP/1.1" 304 0 "https://makstandardent.com/home-page/" "Mozilla/5.0 (Windows NT 10.0; Win64; x64) AppleWebKit/537.36 (KHTML, like Gecko) Chrome/135.0.0.0 Safari/537.36"
103.244.175.189 - - [28/Apr/2025:09:41:43 -0400] "GET /wp-content/plugins/elementor/assets/lib/dialog/dialog.min.js?ver=4.9.3 HTTP/1.1" 304 0 "https://makstandardent.com/home-page/" "Mozilla/5.0 (Windows NT 10.0; Win64; x64) AppleWebKit/537.36 (KHTML, like Gecko) Chrome/135.0.0.0 Safari/537.36"
103.244.175.189 - - [28/Apr/2025:09:41:43 -0400] "GET /wp-content/plugins/elementor-pro/assets/js/webpack-pro.runtime.min.js?ver=3.28.3 HTTP/1.1" 304 0 "https://makstandardent.com/home-page/" "Mozilla/5.0 (Windows NT 10.0; Win64; x64) AppleWebKit/537.36 (KHTML, like Gecko) Chrome/135.0.0.0 Safari/537.36"
103.244.175.189 - - [28/Apr/2025:09:41:43 -0400] "GET /wp-content/plugins/elementor/assets/js/webpack.runtime.min.js?ver=3.28.4 HTTP/1.1" 304 0 "https://makstandardent.com/home-page/" "Mozilla/5.0 (Windows NT 10.0; Win64; x64) AppleWebKit/537.36 (KHTML, like Gecko) Chrome/135.0.0.0 Safari/537.36"
103.244.175.189 - - [28/Apr/2025:09:41:43 -0400] "GET /wp-content/plugins/elementor/assets/js/frontend-modules.min.js?ver=3.28.4 HTTP/1.1" 304 0 "https://makstandardent.com/home-page/" "Mozilla/5.0 (Windows NT 10.0; Win64; x64) AppleWebKit/537.36 (KHTML, like Gecko) Chrome/135.0.0.0 Safari/537.36"
103.244.175.189 - - [28/Apr/2025:09:41:43 -0400] "GET /wp-content/plugins/elementor/assets/js/frontend.min.js?ver=3.28.4 HTTP/1.1" 304 0 "https://makstandardent.com/home-page/" "Mozilla/5.0 (Windows NT 10.0; Win64; x64) AppleWebKit/537.36 (KHTML, like Gecko) Chrome/135.0.0.0 Safari/537.36"
103.244.175.189 - - [28/Apr/2025:09:41:43 -0400] "GET /wp-content/plugins/elementor-pro/assets/js/frontend.min.js?ver=3.28.3 HTTP/1.1" 304 0 "https://makstandardent.com/home-page/" "Mozilla/5.0 (Windows NT 10.0; Win64; x64) AppleWebKit/537.36 (KHTML, like Gecko) Chrome/135.0.0.0 Safari/537.36"
103.244.175.189 - - [28/Apr/2025:09:41:43 -0400] "GET /wp-content/plugins/elementor-pro/assets/js/elements-handlers.min.js?ver=3.28.3 HTTP/1.1" 304 0 "https://makstandardent.com/home-page/" "Mozilla/5.0 (Windows NT 10.0; Win64; x64) AppleWebKit/537.36 (KHTML, like Gecko) Chrome/135.0.0.0 Safari/537.36"
103.244.175.189 - - [28/Apr/2025:09:41:43 -0400] "GET /wp-content/plugins/woocommerce/assets/js/frontend/cart-fragments.min.js?ver=9.8.2 HTTP/1.1" 304 0 "https://makstandardent.com/home-page/" "Mozilla/5.0 (Windows NT 10.0; Win64; x64) AppleWebKit/537.36 (KHTML, like Gecko) Chrome/135.0.0.0 Safari/537.36"
103.244.175.189 - - [28/Apr/2025:09:42:59 -0400] "GET /wp-content/uploads/elementor/thumbs/services-0-1-r4vwdptmg7a3rfovm5vmgbphvoowpz21nj4y3h5zi8.jpg HTTP/1.1" 200 33855 "https://makstandardent.com/wp-admin/post.php?post=21&action=elementor" "Mozilla/5.0 (Windows NT 10.0; Win64; x64) AppleWebKit/537.36 (KHTML, like Gecko) Chrome/135.0.0.0 Safari/537.36"
103.244.175.189 - - [28/Apr/2025:09:42:59 -0400] "GET /wp-content/uploads/elementor/thumbs/services-0-2-r4vwdsn50pdyq9ks5p3i5szvnub0d2d8nx3ejb1szk.jpg HTTP/1.1" 200 26085 "https://makstandardent.com/wp-admin/post.php?post=21&action=elementor" "Mozilla/5.0 (Windows NT 10.0; Win64; x64) AppleWebKit/537.36 (KHTML, like Gecko) Chrome/135.0.0.0 Safari/537.36"
66.29.132.124 - - [28/Apr/2025:09:43:00 -0400] "POST /wp-cron.php?doing_wp_cron=1745847780.6131699085235595703125 HTTP/1.1" 200 0 "-" "WordPress/6.8; https://makstandardent.com"
103.244.175.189 - - [28/Apr/2025:09:42:59 -0400] "POST /wp-admin/admin-ajax.php HTTP/1.1" 200 115 "https://makstandardent.com/wp-admin/post.php?post=21&action=elementor" "Mozilla/5.0 (Windows NT 10.0; Win64; x64) AppleWebKit/537.36 (KHTML, like Gecko) Chrome/135.0.0.0 Safari/537.36"
103.244.175.189 - - [28/Apr/2025:09:43:06 -0400] "GET /wp-json/elementor/v1/checklist/user-progress HTTP/1.1" 403 90 "https://makstandardent.com/wp-admin/post.php?post=21&action=elementor" "Mozilla/5.0 (Windows NT 10.0; Win64; x64) AppleWebKit/537.36 (KHTML, like Gecko) Chrome/135.0.0.0 Safari/537.36"
103.244.175.189 - - [28/Apr/2025:09:43:09 -0400] "POST /wp-admin/admin-ajax.php HTTP/1.1" 200 77 "https://makstandardent.com/wp-admin/post.php?post=21&action=elementor" "Mozilla/5.0 (Windows NT 10.0; Win64; x64) AppleWebKit/537.36 (KHTML, like Gecko) Chrome/135.0.0.0 Safari/537.36"
103.244.175.189 - - [28/Apr/2025:09:43:09 -0400] "GET /wp-json/elementor/v1/checklist/user-progress HTTP/1.1" 403 90 "https://makstandardent.com/wp-admin/post.php?post=21&action=elementor" "Mozilla/5.0 (Windows NT 10.0; Win64; x64) AppleWebKit/537.36 (KHTML, like Gecko) Chrome/135.0.0.0 Safari/537.36"
103.244.175.189 - - [28/Apr/2025:09:43:15 -0400] "GET /wp-json/elementor/v1/checklist/user-progress HTTP/1.1" 403 90 "https://makstandardent.com/wp-admin/post.php?post=21&action=elementor" "Mozilla/5.0 (Windows NT 10.0; Win64; x64) AppleWebKit/537.36 (KHTML, like Gecko) Chrome/135.0.0.0 Safari/537.36"
103.244.175.189 - - [28/Apr/2025:09:43:25 -0400] "POST /wp-admin/admin-ajax.php HTTP/1.1" 200 77 "https://makstandardent.com/wp-admin/post.php?post=21&action=elementor" "Mozilla/5.0 (Windows NT 10.0; Win64; x64) AppleWebKit/537.36 (KHTML, like Gecko) Chrome/135.0.0.0 Safari/537.36"
66.29.132.124 - - [28/Apr/2025:09:44:55 -0400] "POST /wp-cron.php?doing_wp_cron=1745847895.0149469375610351562500 HTTP/1.1" 200 0 "-" "WordPress/6.8; https://makstandardent.com"
103.244.175.189 - - [28/Apr/2025:09:44:54 -0400] "POST /wp-admin/admin-ajax.php HTTP/1.1" 200 47 "https://makstandardent.com/wp-admin/edit.php?post_type=elementor_library" "Mozilla/5.0 (Windows NT 10.0; Win64; x64) AppleWebKit/537.36 (KHTML, like Gecko) Chrome/135.0.0.0 Safari/537.36"
66.29.132.124 - - [28/Apr/2025:09:44:56 -0400] "POST /wp-admin/admin-ajax.php?action=async_litespeed&nonce=Vpz4peCpLSuX6v7XNIvaJRzWxBheuznY&litespeed_type=imgoptm HTTP/1.1" 200 0 "-" "WordPress/6.8; https://makstandardent.com"
66.29.132.124 - - [28/Apr/2025:09:47:08 -0400] "POST /wp-cron.php?doing_wp_cron=1745848028.3815710544586181640625 HTTP/1.1" 200 0 "-" "WordPress/6.8; https://makstandardent.com"
103.244.175.189 - - [28/Apr/2025:09:46:55 -0400] "POST /wp-admin/admin-ajax.php HTTP/1.1" 200 47 "https://makstandardent.com/wp-admin/edit.php?post_type=elementor_library" "Mozilla/5.0 (Windows NT 10.0; Win64; x64) AppleWebKit/537.36 (KHTML, like Gecko) Chrome/135.0.0.0 Safari/537.36"
66.29.132.124 - - [28/Apr/2025:09:47:09 -0400] "POST /wp-admin/admin-ajax.php?action=async_litespeed&nonce=5IR0KEspRRDDXCaFIvoHJVhVXWDnQE4T&litespeed_type=imgoptm HTTP/1.1" 200 0 "-" "WordPress/6.8; https://makstandardent.com"
66.29.132.124 - - [28/Apr/2025:09:48:01 -0400] "POST /wp-cron.php?doing_wp_cron=1745848081.3290750980377197265625 HTTP/1.1" 200 0 "-" "WordPress/6.8; https://makstandardent.com"
103.244.175.189 - - [28/Apr/2025:09:47:59 -0400] "GET /home-page HTTP/1.1" 301 0 "-" "WhatsApp/2.23.20.0"
103.244.175.189 - - [28/Apr/2025:09:48:02 -0400] "GET /home-page/ HTTP/1.1" 200 45693 "-" "WhatsApp/2.23.20.0"
66.29.132.124 - - [28/Apr/2025:09:48:03 -0400] "POST /wp-admin/admin-ajax.php?action=async_litespeed&nonce=ebrIOOdHqMVCA3GyyK9TOLVurEdKGag1&litespeed_type=imgoptm HTTP/1.1" 200 0 "-" "WordPress/6.8; https://makstandardent.com"
103.244.175.189 - - [28/Apr/2025:09:48:04 -0400] "GET /favicon.ico HTTP/1.1" 404 1251 "-" "WhatsApp/2.23.20.0"
66.29.132.124 - - [28/Apr/2025:09:48:36 -0400] "POST /wp-cron.php?doing_wp_cron=1745848116.2530510425567626953125 HTTP/1.1" 200 0 "-" "WordPress/6.8; https://makstandardent.com"
103.244.175.189 - - [28/Apr/2025:09:48:35 -0400] "POST /wp-admin/admin-ajax.php HTTP/1.1" 200 77 "https://makstandardent.com/wp-admin/post.php?post=21&action=elementor" "Mozilla/5.0 (Windows NT 10.0; Win64; x64) AppleWebKit/537.36 (KHTML, like Gecko) Chrome/135.0.0.0 Safari/537.36"
66.29.132.124 - - [28/Apr/2025:09:48:37 -0400] "POST /wp-admin/admin-ajax.php?action=async_litespeed&nonce=xpsuKSXeWCuv4Ugih0qFZX4ieLJnKLzu&litespeed_type=imgoptm HTTP/1.1" 200 0 "-" "WordPress/6.8; https://makstandardent.com"
66.29.132.124 - - [28/Apr/2025:09:48:57 -0400] "POST /wp-cron.php?doing_wp_cron=1745848137.3775010108947753906250 HTTP/1.1" 200 0 "-" "WordPress/6.8; https://makstandardent.com"
103.244.175.189 - - [28/Apr/2025:09:48:56 -0400] "POST /wp-admin/admin-ajax.php HTTP/1.1" 200 47 "https://makstandardent.com/wp-admin/edit.php?post_type=elementor_library" "Mozilla/5.0 (Windows NT 10.0; Win64; x64) AppleWebKit/537.36 (KHTML, like Gecko) Chrome/135.0.0.0 Safari/537.36"
103.244.175.189 - - [28/Apr/2025:09:49:03 -0400] "GET /home-page/ HTTP/1.1" 200 38188 "-" "Mozilla/5.0 (Windows NT 10.0; Win64; x64) AppleWebKit/537.36 (KHTML, like Gecko) Chrome/131.0.0.0 Safari/537.36"
103.244.175.189 - - [28/Apr/2025:09:49:04 -0400] "GET /wp-content/themes/astra/assets/css/minified/compatibility/woocommerce/woocommerce-layout-grid.min.css?ver=4.10.1 HTTP/1.1" 200 1829 "https://makstandardent.com/home-page/" "Mozilla/5.0 (Windows NT 10.0; Win64; x64) AppleWebKit/537.36 (KHTML, like Gecko) Chrome/131.0.0.0 Safari/537.36"
103.244.175.189 - - [28/Apr/2025:09:49:04 -0400] "GET /wp-content/plugins/woocommerce/assets/css/brands.css?ver=9.8.2 HTTP/1.1" 200 579 "https://makstandardent.com/home-page/" "Mozilla/5.0 (Windows NT 10.0; Win64; x64) AppleWebKit/537.36 (KHTML, like Gecko) Chrome/131.0.0.0 Safari/537.36"
103.244.175.189 - - [28/Apr/2025:09:49:05 -0400] "GET /wp-content/plugins/elementor/assets/css/widget-heading.min.css?ver=3.28.4 HTTP/1.1" 200 154 "https://makstandardent.com/home-page/" "Mozilla/5.0 (Windows NT 10.0; Win64; x64) AppleWebKit/537.36 (KHTML, like Gecko) Chrome/131.0.0.0 Safari/537.36"
103.244.175.189 - - [28/Apr/2025:09:49:05 -0400] "GET /wp-content/plugins/elementor/assets/lib/animations/styles/e-animation-float.min.css?ver=3.28.4 HTTP/1.1" 200 244 "https://makstandardent.com/home-page/" "Mozilla/5.0 (Windows NT 10.0; Win64; x64) AppleWebKit/537.36 (KHTML, like Gecko) Chrome/131.0.0.0 Safari/537.36"
103.244.175.189 - - [28/Apr/2025:09:49:05 -0400] "GET /wp-content/plugins/elementor-pro/assets/css/widget-search-form.min.css?ver=3.28.3 HTTP/1.1" 200 921 "https://makstandardent.com/home-page/" "Mozilla/5.0 (Windows NT 10.0; Win64; x64) AppleWebKit/537.36 (KHTML, like Gecko) Chrome/131.0.0.0 Safari/537.36"
103.244.175.189 - - [28/Apr/2025:09:49:05 -0400] "GET /wp-content/plugins/elementor/assets/css/widget-image-box.min.css?ver=3.28.4 HTTP/1.1" 200 291 "https://makstandardent.com/home-page/" "Mozilla/5.0 (Windows NT 10.0; Win64; x64) AppleWebKit/537.36 (KHTML, like Gecko) Chrome/131.0.0.0 Safari/537.36"
103.244.175.189 - - [28/Apr/2025:09:49:05 -0400] "GET /wp-content/plugins/elementor/assets/css/widget-image.min.css?ver=3.28.4 HTTP/1.1" 200 254 "https://makstandardent.com/home-page/" "Mozilla/5.0 (Windows NT 10.0; Win64; x64) AppleWebKit/537.36 (KHTML, like Gecko) Chrome/131.0.0.0 Safari/537.36"
103.244.175.189 - - [28/Apr/2025:09:49:05 -0400] "GET /wp-content/plugins/elementor-pro/assets/css/widget-nav-menu.min.css?ver=3.28.3 HTTP/1.1" 200 3172 "https://makstandardent.com/home-page/" "Mozilla/5.0 (Windows NT 10.0; Win64; x64) AppleWebKit/537.36 (KHTML, like Gecko) Chrome/131.0.0.0 Safari/537.36"
103.244.175.189 - - [28/Apr/2025:09:49:05 -0400] "GET /wp-content/plugins/elementor-pro/assets/css/widget-form.min.css?ver=3.28.3 HTTP/1.1" 200 1409 "https://makstandardent.com/home-page/" "Mozilla/5.0 (Windows NT 10.0; Win64; x64) AppleWebKit/537.36 (KHTML, like Gecko) Chrome/131.0.0.0 Safari/537.36"
103.244.175.189 - - [28/Apr/2025:09:49:05 -0400] "GET /wp-content/plugins/elementor-pro/assets/css/widget-woocommerce-menu-cart.min.css?ver=3.28.3 HTTP/1.1" 200 2314 "https://makstandardent.com/home-page/" "Mozilla/5.0 (Windows NT 10.0; Win64; x64) AppleWebKit/537.36 (KHTML, like Gecko) Chrome/131.0.0.0 Safari/537.36"
103.244.175.189 - - [28/Apr/2025:09:49:04 -0400] "GET /wp-content/themes/astra/assets/css/minified/main.min.css?ver=4.10.1 HTTP/1.1" 200 8479 "https://makstandardent.com/home-page/" "Mozilla/5.0 (Windows NT 10.0; Win64; x64) AppleWebKit/537.36 (KHTML, like Gecko) Chrome/131.0.0.0 Safari/537.36"
103.244.175.189 - - [28/Apr/2025:09:49:04 -0400] "GET /wp-content/themes/astra/assets/css/minified/compatibility/woocommerce/woocommerce-grid.min.css?ver=4.10.1 HTTP/1.1" 200 15147 "https://makstandardent.com/home-page/" "Mozilla/5.0 (Windows NT 10.0; Win64; x64) AppleWebKit/537.36 (KHTML, like Gecko) Chrome/131.0.0.0 Safari/537.36"
103.244.175.189 - - [28/Apr/2025:09:49:05 -0400] "GET /wp-content/plugins/elementor/assets/css/frontend.min.css?ver=3.28.4 HTTP/1.1" 200 6453 "https://makstandardent.com/home-page/" "Mozilla/5.0 (Windows NT 10.0; Win64; x64) AppleWebKit/537.36 (KHTML, like Gecko) Chrome/131.0.0.0 Safari/537.36"
103.244.175.189 - - [28/Apr/2025:09:49:05 -0400] "GET /wp-content/plugins/elementor/assets/lib/animations/styles/fadeInUp.min.css?ver=3.28.4 HTTP/1.1" 200 130 "https://makstandardent.com/home-page/" "Mozilla/5.0 (Windows NT 10.0; Win64; x64) AppleWebKit/537.36 (KHTML, like Gecko) Chrome/131.0.0.0 Safari/537.36"
103.244.175.189 - - [28/Apr/2025:09:49:05 -0400] "GET /wp-content/plugins/elementor/assets/css/widget-social-icons.min.css?ver=3.28.4 HTTP/1.1" 200 1069 "https://makstandardent.com/home-page/" "Mozilla/5.0 (Windows NT 10.0; Win64; x64) AppleWebKit/537.36 (KHTML, like Gecko) Chrome/131.0.0.0 Safari/537.36"
103.244.175.189 - - [28/Apr/2025:09:49:05 -0400] "GET /wp-content/plugins/elementor/assets/css/widget-icon-list.min.css?ver=3.28.4 HTTP/1.1" 200 957 "https://makstandardent.com/home-page/" "Mozilla/5.0 (Windows NT 10.0; Win64; x64) AppleWebKit/537.36 (KHTML, like Gecko) Chrome/131.0.0.0 Safari/537.36"
103.244.175.189 - - [28/Apr/2025:09:49:05 -0400] "GET /wp-content/plugins/elementor/assets/css/conditionals/apple-webkit.min.css?ver=3.28.4 HTTP/1.1" 200 472 "https://makstandardent.com/home-page/" "Mozilla/5.0 (Windows NT 10.0; Win64; x64) AppleWebKit/537.36 (KHTML, like Gecko) Chrome/131.0.0.0 Safari/537.36"
103.244.175.189 - - [28/Apr/2025:09:49:05 -0400] "GET /wp-content/uploads/elementor/css/post-17.css?ver=1745596395 HTTP/1.1" 200 1581 "https://makstandardent.com/home-page/" "Mozilla/5.0 (Windows NT 10.0; Win64; x64) AppleWebKit/537.36 (KHTML, like Gecko) Chrome/131.0.0.0 Safari/537.36"
103.244.175.189 - - [28/Apr/2025:09:49:05 -0400] "GET /wp-content/plugins/elementor/assets/lib/animations/styles/fadeInLeft.min.css?ver=3.28.4 HTTP/1.1" 200 137 "https://makstandardent.com/home-page/" "Mozilla/5.0 (Windows NT 10.0; Win64; x64) AppleWebKit/537.36 (KHTML, like Gecko) Chrome/131.0.0.0 Safari/537.36"
103.244.175.189 - - [28/Apr/2025:09:49:05 -0400] "GET /wp-content/plugins/elementor/assets/lib/animations/styles/fadeInDown.min.css?ver=3.28.4 HTTP/1.1" 200 137 "https://makstandardent.com/home-page/" "Mozilla/5.0 (Windows NT 10.0; Win64; x64) AppleWebKit/537.36 (KHTML, like Gecko) Chrome/131.0.0.0 Safari/537.36"
103.244.175.189 - - [28/Apr/2025:09:49:05 -0400] "GET /wp-content/plugins/elementor-pro/assets/css/widget-woocommerce-products.min.css?ver=3.28.3 HTTP/1.1" 200 509 "https://makstandardent.com/home-page/" "Mozilla/5.0 (Windows NT 10.0; Win64; x64) AppleWebKit/537.36 (KHTML, like Gecko) Chrome/131.0.0.0 Safari/537.36"
103.244.175.189 - - [28/Apr/2025:09:49:05 -0400] "GET /wp-content/plugins/elementor/assets/css/widget-video.min.css?ver=3.28.4 HTTP/1.1" 200 354 "https://makstandardent.com/home-page/" "Mozilla/5.0 (Windows NT 10.0; Win64; x64) AppleWebKit/537.36 (KHTML, like Gecko) Chrome/131.0.0.0 Safari/537.36"
103.244.175.189 - - [28/Apr/2025:09:49:05 -0400] "GET /wp-content/plugins/elementor/assets/lib/animations/styles/fadeInRight.min.css?ver=3.28.4 HTTP/1.1" 200 139 "https://makstandardent.com/home-page/" "Mozilla/5.0 (Windows NT 10.0; Win64; x64) AppleWebKit/537.36 (KHTML, like Gecko) Chrome/131.0.0.0 Safari/537.36"
103.244.175.189 - - [28/Apr/2025:09:49:05 -0400] "GET /wp-content/plugins/elementor/assets/css/conditionals/e-swiper.min.css?ver=3.28.4 HTTP/1.1" 200 699 "https://makstandardent.com/home-page/" "Mozilla/5.0 (Windows NT 10.0; Win64; x64) AppleWebKit/537.36 (KHTML, like Gecko) Chrome/131.0.0.0 Safari/537.36"
103.244.175.189 - - [28/Apr/2025:09:49:05 -0400] "GET /wp-content/plugins/elementor-pro/assets/css/widget-testimonial-carousel.min.css?ver=3.28.3 HTTP/1.1" 200 1396 "https://makstandardent.com/home-page/" "Mozilla/5.0 (Windows NT 10.0; Win64; x64) AppleWebKit/537.36 (KHTML, like Gecko) Chrome/131.0.0.0 Safari/537.36"
103.244.175.189 - - [28/Apr/2025:09:49:05 -0400] "GET /wp-content/plugins/elementor-pro/assets/css/widget-carousel-module-base.min.css?ver=3.28.3 HTTP/1.1" 200 583 "https://makstandardent.com/home-page/" "Mozilla/5.0 (Windows NT 10.0; Win64; x64) AppleWebKit/537.36 (KHTML, like Gecko) Chrome/131.0.0.0 Safari/537.36"
103.244.175.189 - - [28/Apr/2025:09:49:05 -0400] "GET /wp-content/plugins/elementor-pro/assets/css/widget-posts.min.css?ver=3.28.3 HTTP/1.1" 200 2304 "https://makstandardent.com/home-page/" "Mozilla/5.0 (Windows NT 10.0; Win64; x64) AppleWebKit/537.36 (KHTML, like Gecko) Chrome/131.0.0.0 Safari/537.36"
103.244.175.189 - - [28/Apr/2025:09:49:05 -0400] "GET /wp-content/uploads/elementor/css/post-64.css?ver=1745602467 HTTP/1.1" 200 2169 "https://makstandardent.com/home-page/" "Mozilla/5.0 (Windows NT 10.0; Win64; x64) AppleWebKit/537.36 (KHTML, like Gecko) Chrome/131.0.0.0 Safari/537.36"
103.244.175.189 - - [28/Apr/2025:09:49:05 -0400] "GET /wp-content/plugins/elementor/assets/lib/animations/styles/bounceInUp.min.css?ver=3.28.4 HTTP/1.1" 200 175 "https://makstandardent.com/home-page/" "Mozilla/5.0 (Windows NT 10.0; Win64; x64) AppleWebKit/537.36 (KHTML, like Gecko) Chrome/131.0.0.0 Safari/537.36"
103.244.175.189 - - [28/Apr/2025:09:49:05 -0400] "GET /wp-content/uploads/elementor/css/post-52.css?ver=1745602264 HTTP/1.1" 200 2979 "https://makstandardent.com/home-page/" "Mozilla/5.0 (Windows NT 10.0; Win64; x64) AppleWebKit/537.36 (KHTML, like Gecko) Chrome/131.0.0.0 Safari/537.36"
103.244.175.189 - - [28/Apr/2025:09:49:05 -0400] "GET /wp-content/uploads/elementor/google-fonts/css/oxanium.css?ver=1745596396 HTTP/1.1" 200 390 "https://makstandardent.com/home-page/" "Mozilla/5.0 (Windows NT 10.0; Win64; x64) AppleWebKit/537.36 (KHTML, like Gecko) Chrome/131.0.0.0 Safari/537.36"
103.244.175.189 - - [28/Apr/2025:09:49:05 -0400] "GET /wp-content/uploads/elementor/google-fonts/css/poppins.css?ver=1745596400 HTTP/1.1" 200 782 "https://makstandardent.com/home-page/" "Mozilla/5.0 (Windows NT 10.0; Win64; x64) AppleWebKit/537.36 (KHTML, like Gecko) Chrome/131.0.0.0 Safari/537.36"
103.244.175.189 - - [28/Apr/2025:09:49:05 -0400] "GET /wp-content/uploads/2025/04/testi06.jpg HTTP/1.1" 200 44347 "https://makstandardent.com/home-page/" "Mozilla/5.0 (Windows NT 10.0; Win64; x64) AppleWebKit/537.36 (KHTML, like Gecko) Chrome/131.0.0.0 Safari/537.36"
103.244.175.189 - - [28/Apr/2025:09:49:05 -0400] "GET /wp-content/uploads/2025/04/upgr-img.jpg HTTP/1.1" 200 66253 "https://makstandardent.com/home-page/" "Mozilla/5.0 (Windows NT 10.0; Win64; x64) AppleWebKit/537.36 (KHTML, like Gecko) Chrome/131.0.0.0 Safari/537.36"
103.244.175.189 - - [28/Apr/2025:09:49:05 -0400] "GET /wp-content/uploads/2025/04/testi03.jpg HTTP/1.1" 200 38022 "https://makstandardent.com/home-page/" "Mozilla/5.0 (Windows NT 10.0; Win64; x64) AppleWebKit/537.36 (KHTML, like Gecko) Chrome/131.0.0.0 Safari/537.36"
103.244.175.189 - - [28/Apr/2025:09:49:05 -0400] "GET /wp-content/plugins/elementor/assets/lib/swiper/v8/css/swiper.min.css?ver=8.4.5 HTTP/1.1" 200 4248 "https://makstandardent.com/home-page/" "Mozilla/5.0 (Windows NT 10.0; Win64; x64) AppleWebKit/537.36 (KHTML, like Gecko) Chrome/131.0.0.0 Safari/537.36"
103.244.175.189 - - [28/Apr/2025:09:49:05 -0400] "GET /wp-content/uploads/elementor/css/post-21.css?ver=1745597360 HTTP/1.1" 200 6348 "https://makstandardent.com/home-page/" "Mozilla/5.0 (Windows NT 10.0; Win64; x64) AppleWebKit/537.36 (KHTML, like Gecko) Chrome/131.0.0.0 Safari/537.36"
103.244.175.189 - - [28/Apr/2025:09:49:05 -0400] "GET /wp-includes/js/jquery/jquery.min.js?ver=3.7.1 HTTP/1.1" 200 29744 "https://makstandardent.com/home-page/" "Mozilla/5.0 (Windows NT 10.0; Win64; x64) AppleWebKit/537.36 (KHTML, like Gecko) Chrome/131.0.0.0 Safari/537.36"
103.244.175.189 - - [28/Apr/2025:09:49:05 -0400] "GET /wp-includes/js/jquery/jquery-migrate.min.js?ver=3.4.1 HTTP/1.1" 200 4678 "https://makstandardent.com/home-page/" "Mozilla/5.0 (Windows NT 10.0; Win64; x64) AppleWebKit/537.36 (KHTML, like Gecko) Chrome/131.0.0.0 Safari/537.36"
103.244.175.189 - - [28/Apr/2025:09:49:06 -0400] "GET /wp-content/uploads/2025/04/testimo1.jpg HTTP/1.1" 200 17357 "https://makstandardent.com/home-page/" "Mozilla/5.0 (Windows NT 10.0; Win64; x64) AppleWebKit/537.36 (KHTML, like Gecko) Chrome/131.0.0.0 Safari/537.36"
103.244.175.189 - - [28/Apr/2025:09:49:07 -0400] "GET /wp-content/plugins/woocommerce/assets/client/blocks/wc-blocks.css?ver=wc-9.8.2 HTTP/1.1" 200 2282 "https://makstandardent.com/home-page/" "Mozilla/5.0 (Windows NT 10.0; Win64; x64) AppleWebKit/537.36 (KHTML, like Gecko) Chrome/131.0.0.0 Safari/537.36"
103.244.175.189 - - [28/Apr/2025:09:49:07 -0400] "GET /wp-includes/js/imagesloaded.min.js?ver=5.0.0 HTTP/1.1" 200 1687 "https://makstandardent.com/home-page/" "Mozilla/5.0 (Windows NT 10.0; Win64; x64) AppleWebKit/537.36 (KHTML, like Gecko) Chrome/131.0.0.0 Safari/537.36"
103.244.175.189 - - [28/Apr/2025:09:49:07 -0400] "GET /wp-content/plugins/elementor-pro/assets/js/webpack-pro.runtime.min.js?ver=3.28.3 HTTP/1.1" 200 2624 "https://makstandardent.com/home-page/" "Mozilla/5.0 (Windows NT 10.0; Win64; x64) AppleWebKit/537.36 (KHTML, like Gecko) Chrome/131.0.0.0 Safari/537.36"
103.244.175.189 - - [28/Apr/2025:09:49:07 -0400] "GET /wp-includes/js/dist/hooks.min.js?ver=4d63a3d491d11ffd8ac6 HTTP/1.1" 200 1571 "https://makstandardent.com/home-page/" "Mozilla/5.0 (Windows NT 10.0; Win64; x64) AppleWebKit/537.36 (KHTML, like Gecko) Chrome/131.0.0.0 Safari/537.36"
103.244.175.189 - - [28/Apr/2025:09:49:07 -0400] "GET /wp-content/plugins/elementor/assets/js/webpack.runtime.min.js?ver=3.28.4 HTTP/1.1" 200 2228 "https://makstandardent.com/home-page/" "Mozilla/5.0 (Windows NT 10.0; Win64; x64) AppleWebKit/537.36 (KHTML, like Gecko) Chrome/131.0.0.0 Safari/537.36"
103.244.175.189 - - [28/Apr/2025:09:49:07 -0400] "GET /wp-content/plugins/woocommerce/assets/js/frontend/order-attribution.min.js?ver=9.8.2 HTTP/1.1" 200 1006 "https://makstandardent.com/home-page/" "Mozilla/5.0 (Windows NT 10.0; Win64; x64) AppleWebKit/537.36 (KHTML, like Gecko) Chrome/131.0.0.0 Safari/537.36"
103.244.175.189 - - [28/Apr/2025:09:49:07 -0400] "GET /wp-includes/js/dist/i18n.min.js?ver=5e580eb46a90c2b997e6 HTTP/1.1" 200 3542 "https://makstandardent.com/home-page/" "Mozilla/5.0 (Windows NT 10.0; Win64; x64) AppleWebKit/537.36 (KHTML, like Gecko) Chrome/131.0.0.0 Safari/537.36"
103.244.175.189 - - [28/Apr/2025:09:49:07 -0400] "GET /wp-content/plugins/elementor/assets/lib/swiper/v8/swiper.min.js?ver=8.4.5 HTTP/1.1" 200 38152 "https://makstandardent.com/home-page/" "Mozilla/5.0 (Windows NT 10.0; Win64; x64) AppleWebKit/537.36 (KHTML, like Gecko) Chrome/131.0.0.0 Safari/537.36"
103.244.175.189 - - [28/Apr/2025:09:49:07 -0400] "GET /wp-content/plugins/elementor-pro/assets/lib/smartmenus/jquery.smartmenus.min.js?ver=1.2.1 HTTP/1.1" 200 6867 "https://makstandardent.com/home-page/" "Mozilla/5.0 (Windows NT 10.0; Win64; x64) AppleWebKit/537.36 (KHTML, like Gecko) Chrome/131.0.0.0 Safari/537.36"
103.244.175.189 - - [28/Apr/2025:09:49:07 -0400] "GET /wp-content/themes/astra/assets/js/minified/frontend.min.js?ver=4.10.1 HTTP/1.1" 200 5606 "https://makstandardent.com/home-page/" "Mozilla/5.0 (Windows NT 10.0; Win64; x64) AppleWebKit/537.36 (KHTML, like Gecko) Chrome/131.0.0.0 Safari/537.36"
103.244.175.189 - - [28/Apr/2025:09:49:07 -0400] "GET /wp-content/plugins/woocommerce/assets/js/sourcebuster/sourcebuster.min.js?ver=9.8.2 HTTP/1.1" 200 4609 "https://makstandardent.com/home-page/" "Mozilla/5.0 (Windows NT 10.0; Win64; x64) AppleWebKit/537.36 (KHTML, like Gecko) Chrome/131.0.0.0 Safari/537.36"
