66.29.132.124 - - [28/Apr/2025:10:32:43 -0400] "POST /wp-cron.php?doing_wp_cron=1745850761.6984930038452148437500 HTTP/1.1" 200 0 "-" "WordPress/6.8; https://makstandardent.com"
43.131.243.61 - - [28/Apr/2025:10:32:39 -0400] "GET / HTTP/1.1" 200 39078 "http://makstandardent.com" "Mozilla/5.0 (iPhone; CPU iPhone OS 13_2_3 like Mac OS X) AppleWebKit/605.1.15 (KHTML, like Gecko) Version/13.0.3 Mobile/15E148 Safari/604.1"
103.244.175.189 - - [28/Apr/2025:10:33:17 -0400] "POST /wp-admin/admin-ajax.php HTTP/1.1" 200 77 "https://makstandardent.com/wp-admin/post.php?post=52&action=elementor" "Mozilla/5.0 (Windows NT 10.0; Win64; x64) AppleWebKit/537.36 (KHTML, like Gecko) Chrome/135.0.0.0 Safari/537.36"
66.29.132.124 - - [28/Apr/2025:10:34:41 -0400] "POST /wp-cron.php?doing_wp_cron=1745850880.5153660774230957031250 HTTP/1.1" 200 0 "-" "WordPress/6.8; https://makstandardent.com"
103.244.175.189 - - [28/Apr/2025:10:34:39 -0400] "POST /wp-admin/admin-ajax.php HTTP/1.1" 200 77 "https://makstandardent.com/wp-admin/post.php?post=21&action=elementor" "Mozilla/5.0 (Windows NT 10.0; Win64; x64) AppleWebKit/537.36 (KHTML, like Gecko) Chrome/135.0.0.0 Safari/537.36"
66.29.132.124 - - [28/Apr/2025:10:34:42 -0400] "POST /wp-admin/admin-ajax.php?action=async_litespeed&nonce=pTXH8Zs6FU972n6lCeiyr9JIX24Vgqm3&litespeed_type=imgoptm HTTP/1.1" 200 0 "-" "WordPress/6.8; https://makstandardent.com"
66.29.132.124 - - [28/Apr/2025:10:35:23 -0400] "POST /wp-cron.php?doing_wp_cron=1745850923.6371099948883056640625 HTTP/1.1" 200 0 "-" "WordPress/6.8; https://makstandardent.com"
103.244.175.189 - - [28/Apr/2025:10:35:18 -0400] "POST /wp-admin/admin-ajax.php HTTP/1.1" 200 77 "https://makstandardent.com/wp-admin/post.php?post=52&action=elementor" "Mozilla/5.0 (Windows NT 10.0; Win64; x64) AppleWebKit/537.36 (KHTML, like Gecko) Chrome/135.0.0.0 Safari/537.36"
66.29.132.124 - - [28/Apr/2025:10:36:48 -0400] "POST /wp-cron.php?doing_wp_cron=1745851007.4992001056671142578125 HTTP/1.1" 200 0 "-" "WordPress/6.8; https://makstandardent.com"
103.244.175.189 - - [28/Apr/2025:10:36:40 -0400] "POST /wp-admin/admin-ajax.php HTTP/1.1" 200 77 "https://makstandardent.com/wp-admin/post.php?post=21&action=elementor" "Mozilla/5.0 (Windows NT 10.0; Win64; x64) AppleWebKit/537.36 (KHTML, like Gecko) Chrome/135.0.0.0 Safari/537.36"
66.29.132.124 - - [28/Apr/2025:10:36:52 -0400] "POST /wp-admin/admin-ajax.php?action=async_litespeed&nonce=LW1qooBjCKpTEkdIPHBwb1VNbCkEZbeT&litespeed_type=imgoptm HTTP/1.1" 200 0 "-" "WordPress/6.8; https://makstandardent.com"
66.29.132.124 - - [28/Apr/2025:10:37:21 -0400] "POST /wp-cron.php?doing_wp_cron=1745851041.0302100181579589843750 HTTP/1.1" 200 0 "-" "WordPress/6.8; https://makstandardent.com"
66.29.132.124 - - [28/Apr/2025:10:37:22 -0400] "POST /wp-cron.php?doing_wp_cron=1745851042.3558208942413330078125 HTTP/1.1" 200 0 "-" "WordPress/6.8; https://makstandardent.com"
103.244.175.189 - - [28/Apr/2025:10:37:19 -0400] "POST /wp-admin/admin-ajax.php HTTP/1.1" 200 77 "https://makstandardent.com/wp-admin/post.php?post=52&action=elementor" "Mozilla/5.0 (Windows NT 10.0; Win64; x64) AppleWebKit/537.36 (KHTML, like Gecko) Chrome/135.0.0.0 Safari/537.36"
66.29.132.124 - - [28/Apr/2025:10:38:45 -0400] "POST /wp-cron.php?doing_wp_cron=1745851124.7511429786682128906250 HTTP/1.1" 200 0 "-" "WordPress/6.8; https://makstandardent.com"
103.244.175.189 - - [28/Apr/2025:10:38:43 -0400] "POST /wp-admin/admin-ajax.php HTTP/1.1" 200 77 "https://makstandardent.com/wp-admin/post.php?post=21&action=elementor" "Mozilla/5.0 (Windows NT 10.0; Win64; x64) AppleWebKit/537.36 (KHTML, like Gecko) Chrome/135.0.0.0 Safari/537.36"
66.29.132.124 - - [28/Apr/2025:10:38:47 -0400] "POST /wp-admin/admin-ajax.php?action=async_litespeed&nonce=PwBJGatOfaONHXeCBiwgiTExHVJFbNfh&litespeed_type=imgoptm HTTP/1.1" 200 0 "-" "WordPress/6.8; https://makstandardent.com"
66.29.132.124 - - [28/Apr/2025:10:39:25 -0400] "POST /wp-cron.php?doing_wp_cron=1745851163.6609389781951904296875 HTTP/1.1" 200 0 "-" "WordPress/6.8; https://makstandardent.com"
103.244.175.189 - - [28/Apr/2025:10:39:21 -0400] "POST /wp-admin/admin-ajax.php HTTP/1.1" 200 77 "https://makstandardent.com/wp-admin/post.php?post=52&action=elementor" "Mozilla/5.0 (Windows NT 10.0; Win64; x64) AppleWebKit/537.36 (KHTML, like Gecko) Chrome/135.0.0.0 Safari/537.36"
103.244.175.189 - - [28/Apr/2025:10:40:01 -0400] "GET /home-page/ HTTP/1.1" 200 71323 "-" "Mozilla/5.0 (Windows NT 10.0; Win64; x64) AppleWebKit/537.36 (KHTML, like Gecko) Chrome/135.0.0.0 Safari/537.36"
66.29.132.124 - - [28/Apr/2025:10:40:43 -0400] "POST /wp-cron.php?doing_wp_cron=1745851243.0362339019775390625000 HTTP/1.1" 200 0 "-" "WordPress/6.8; https://makstandardent.com"
103.244.175.189 - - [28/Apr/2025:10:40:41 -0400] "POST /wp-admin/admin-ajax.php HTTP/1.1" 200 77 "https://makstandardent.com/wp-admin/post.php?post=21&action=elementor" "Mozilla/5.0 (Windows NT 10.0; Win64; x64) AppleWebKit/537.36 (KHTML, like Gecko) Chrome/135.0.0.0 Safari/537.36"
66.29.132.124 - - [28/Apr/2025:10:40:46 -0400] "POST /wp-admin/admin-ajax.php?action=async_litespeed&nonce=52QK6Z4Ux0u1Qp6hRqYnLH2S0jgPvZXA&litespeed_type=imgoptm HTTP/1.1" 200 0 "-" "WordPress/6.8; https://makstandardent.com"
66.29.132.124 - - [28/Apr/2025:10:41:22 -0400] "POST /wp-cron.php?doing_wp_cron=1745851281.7028870582580566406250 HTTP/1.1" 200 0 "-" "WordPress/6.8; https://makstandardent.com"
103.244.175.189 - - [28/Apr/2025:10:41:21 -0400] "POST /wp-admin/admin-ajax.php HTTP/1.1" 200 77 "https://makstandardent.com/wp-admin/post.php?post=52&action=elementor" "Mozilla/5.0 (Windows NT 10.0; Win64; x64) AppleWebKit/537.36 (KHTML, like Gecko) Chrome/135.0.0.0 Safari/537.36"
66.29.132.124 - - [28/Apr/2025:10:42:45 -0400] "POST /wp-cron.php?doing_wp_cron=1745851364.1604540348052978515625 HTTP/1.1" 200 0 "-" "WordPress/6.8; https://makstandardent.com"
103.244.175.189 - - [28/Apr/2025:10:42:42 -0400] "POST /wp-admin/admin-ajax.php HTTP/1.1" 200 77 "https://makstandardent.com/wp-admin/post.php?post=21&action=elementor" "Mozilla/5.0 (Windows NT 10.0; Win64; x64) AppleWebKit/537.36 (KHTML, like Gecko) Chrome/135.0.0.0 Safari/537.36"
103.244.175.189 - - [28/Apr/2025:10:43:22 -0400] "POST /wp-admin/admin-ajax.php HTTP/1.1" 200 77 "https://makstandardent.com/wp-admin/post.php?post=52&action=elementor" "Mozilla/5.0 (Windows NT 10.0; Win64; x64) AppleWebKit/537.36 (KHTML, like Gecko) Chrome/135.0.0.0 Safari/537.36"
66.29.132.124 - - [28/Apr/2025:10:44:08 -0400] "POST /wp-cron.php?doing_wp_cron=1745851448.2302970886230468750000 HTTP/1.1" 200 0 "-" "WordPress/6.8; https://makstandardent.com"
103.244.175.189 - - [28/Apr/2025:10:44:06 -0400] "POST /wp-admin/admin-ajax.php HTTP/1.1" 200 77 "https://makstandardent.com/wp-admin/post.php?post=21&action=elementor" "Mozilla/5.0 (Windows NT 10.0; Win64; x64) AppleWebKit/537.36 (KHTML, like Gecko) Chrome/135.0.0.0 Safari/537.36"
66.29.132.124 - - [28/Apr/2025:10:44:09 -0400] "POST /wp-cron.php?doing_wp_cron=1745851448.7080719470977783203125 HTTP/1.1" 200 0 "-" "WordPress/6.8; https://makstandardent.com"
103.244.175.189 - - [28/Apr/2025:10:44:08 -0400] "POST /wp-admin/admin-ajax.php HTTP/1.1" 200 77 "https://makstandardent.com/wp-admin/post.php?post=52&action=elementor" "Mozilla/5.0 (Windows NT 10.0; Win64; x64) AppleWebKit/537.36 (KHTML, like Gecko) Chrome/135.0.0.0 Safari/537.36"
103.244.175.189 - - [28/Apr/2025:10:44:09 -0400] "POST /wp-admin/admin-ajax.php HTTP/1.1" 200 47 "https://makstandardent.com/wp-admin/edit.php?post_type=elementor_library" "Mozilla/5.0 (Windows NT 10.0; Win64; x64) AppleWebKit/537.36 (KHTML, like Gecko) Chrome/135.0.0.0 Safari/537.36"
66.29.132.124 - - [28/Apr/2025:10:44:11 -0400] "POST /wp-admin/admin-ajax.php?action=async_litespeed&nonce=jry41uyeB3b0F8O3DRdQTwrhM3S5CiWh&litespeed_type=imgoptm HTTP/1.1" 200 0 "-" "WordPress/6.8; https://makstandardent.com"
103.244.175.189 - - [28/Apr/2025:10:44:06 -0400] "GET /wp-json/elementor/v1/checklist/user-progress HTTP/1.1" 403 90 "https://makstandardent.com/wp-admin/post.php?post=21&action=elementor" "Mozilla/5.0 (Windows NT 10.0; Win64; x64) AppleWebKit/537.36 (KHTML, like Gecko) Chrome/135.0.0.0 Safari/537.36"
103.244.175.189 - - [28/Apr/2025:10:44:13 -0400] "GET /wp-json/elementor/v1/checklist/user-progress HTTP/1.1" 200 614 "https://makstandardent.com/wp-admin/post.php?post=52&action=elementor" "Mozilla/5.0 (Windows NT 10.0; Win64; x64) AppleWebKit/537.36 (KHTML, like Gecko) Chrome/135.0.0.0 Safari/537.36"
103.244.175.189 - - [28/Apr/2025:10:44:15 -0400] "GET /wp-json/elementor/v1/checklist/user-progress HTTP/1.1" 200 0 "https://makstandardent.com/wp-admin/post.php?post=21&action=elementor" "Mozilla/5.0 (Windows NT 10.0; Win64; x64) AppleWebKit/537.36 (KHTML, like Gecko) Chrome/135.0.0.0 Safari/537.36"
103.244.175.189 - - [28/Apr/2025:10:44:11 -0400] "GET /wp-admin/post.php?post=21&action=elementor HTTP/1.1" 200 286023 "https://makstandardent.com/wp-login.php?redirect_to=https%3A%2F%2Fmakstandardent.com%2Fwp-admin%2Fpost.php%3Fpost%3D21%26action%3Delementor&reauth=1" "Mozilla/5.0 (Windows NT 10.0; Win64; x64) AppleWebKit/537.36 (KHTML, like Gecko) Chrome/135.0.0.0 Safari/537.36"
103.244.175.189 - - [28/Apr/2025:10:44:21 -0400] "POST /wp-admin/admin-ajax.php HTTP/1.1" 200 77 "https://makstandardent.com/wp-admin/post.php?post=21&action=elementor" "Mozilla/5.0 (Windows NT 10.0; Win64; x64) AppleWebKit/537.36 (KHTML, like Gecko) Chrome/135.0.0.0 Safari/537.36"
103.244.175.189 - - [28/Apr/2025:10:44:21 -0400] "GET /wp-json/elementor/v1/kit-elements-defaults HTTP/1.1" 200 2 "https://makstandardent.com/wp-admin/post.php?post=21&action=elementor" "Mozilla/5.0 (Windows NT 10.0; Win64; x64) AppleWebKit/537.36 (KHTML, like Gecko) Chrome/135.0.0.0 Safari/537.36"
103.244.175.189 - - [28/Apr/2025:10:44:21 -0400] "GET /wp-json/elementor/v1/global-widget/templates HTTP/1.1" 200 2 "https://makstandardent.com/wp-admin/post.php?post=21&action=elementor" "Mozilla/5.0 (Windows NT 10.0; Win64; x64) AppleWebKit/537.36 (KHTML, like Gecko) Chrome/135.0.0.0 Safari/537.36"
103.244.175.189 - - [28/Apr/2025:10:44:21 -0400] "GET /wp-json/elementor/v1/site-navigation/recent-posts?posts_per_page=6&_locale=user HTTP/1.1" 200 1458 "https://makstandardent.com/wp-admin/post.php?post=21&action=elementor" "Mozilla/5.0 (Windows NT 10.0; Win64; x64) AppleWebKit/537.36 (KHTML, like Gecko) Chrome/135.0.0.0 Safari/537.36"
66.29.132.124 - - [28/Apr/2025:10:44:23 -0400] "POST /wp-cron.php?doing_wp_cron=1745851463.2157099246978759765625 HTTP/1.1" 200 0 "-" "WordPress/6.8; https://makstandardent.com"
103.244.175.189 - - [28/Apr/2025:10:44:21 -0400] "GET /wp-json/elementor/v1/checklist/user-progress HTTP/1.1" 200 614 "https://makstandardent.com/wp-admin/post.php?post=21&action=elementor" "Mozilla/5.0 (Windows NT 10.0; Win64; x64) AppleWebKit/537.36 (KHTML, like Gecko) Chrome/135.0.0.0 Safari/537.36"
103.244.175.189 - - [28/Apr/2025:10:44:21 -0400] "GET /home-page/?elementor-preview=21&ver=1745851455 HTTP/1.1" 200 83273 "https://makstandardent.com/wp-admin/post.php?post=21&action=elementor" "Mozilla/5.0 (Windows NT 10.0; Win64; x64) AppleWebKit/537.36 (KHTML, like Gecko) Chrome/135.0.0.0 Safari/537.36"
103.244.175.189 - - [28/Apr/2025:10:44:22 -0400] "POST /wp-admin/admin-ajax.php HTTP/1.1" 200 639469 "https://makstandardent.com/wp-admin/post.php?post=21&action=elementor" "Mozilla/5.0 (Windows NT 10.0; Win64; x64) AppleWebKit/537.36 (KHTML, like Gecko) Chrome/135.0.0.0 Safari/537.36"
103.244.175.189 - - [28/Apr/2025:10:44:26 -0400] "GET /wp-json/elementor/v1/globals HTTP/1.1" 200 9042 "https://makstandardent.com/wp-admin/post.php?post=21&action=elementor" "Mozilla/5.0 (Windows NT 10.0; Win64; x64) AppleWebKit/537.36 (KHTML, like Gecko) Chrome/135.0.0.0 Safari/537.36"
66.29.132.124 - - [28/Apr/2025:10:44:44 -0400] "POST /wp-cron.php?doing_wp_cron=1745851484.4665598869323730468750 HTTP/1.1" 200 0 "-" "WordPress/6.8; https://makstandardent.com"
103.244.175.189 - - [28/Apr/2025:10:44:43 -0400] "POST /wp-admin/admin-ajax.php HTTP/1.1" 200 85 "https://makstandardent.com/wp-admin/post.php?post=21&action=elementor" "Mozilla/5.0 (Windows NT 10.0; Win64; x64) AppleWebKit/537.36 (KHTML, like Gecko) Chrome/135.0.0.0 Safari/537.36"
66.29.132.124 - - [28/Apr/2025:10:44:45 -0400] "POST /wp-admin/admin-ajax.php?action=async_litespeed&nonce=985dQtssHaEZY9bEfdevJIXJ1wwY2b9h&litespeed_type=imgoptm HTTP/1.1" 200 0 "-" "WordPress/6.8; https://makstandardent.com"
103.244.175.189 - - [28/Apr/2025:10:44:48 -0400] "GET /wp-json/elementor/v1/checklist/user-progress HTTP/1.1" 200 614 "https://makstandardent.com/wp-admin/post.php?post=21&action=elementor" "Mozilla/5.0 (Windows NT 10.0; Win64; x64) AppleWebKit/537.36 (KHTML, like Gecko) Chrome/135.0.0.0 Safari/537.36"
66.29.132.124 - - [28/Apr/2025:10:44:57 -0400] "POST /wp-cron.php?doing_wp_cron=1745851497.3566811084747314453125 HTTP/1.1" 200 0 "-" "WordPress/6.8; https://makstandardent.com"
103.244.175.189 - - [28/Apr/2025:10:44:56 -0400] "POST /wp-admin/admin-ajax.php HTTP/1.1" 200 12186 "https://makstandardent.com/wp-admin/post.php?post=21&action=elementor" "Mozilla/5.0 (Windows NT 10.0; Win64; x64) AppleWebKit/537.36 (KHTML, like Gecko) Chrome/135.0.0.0 Safari/537.36"
103.244.175.189 - - [28/Apr/2025:10:45:36 -0400] "GET /wp-json/elementor/v1/checklist/user-progress HTTP/1.1" 200 614 "https://makstandardent.com/wp-admin/post.php?post=21&action=elementor" "Mozilla/5.0 (Windows NT 10.0; Win64; x64) AppleWebKit/537.36 (KHTML, like Gecko) Chrome/135.0.0.0 Safari/537.36"
66.29.132.124 - - [28/Apr/2025:10:45:38 -0400] "POST /wp-cron.php?doing_wp_cron=1745851538.0672740936279296875000 HTTP/1.1" 200 0 "-" "WordPress/6.8; https://makstandardent.com"
103.244.175.189 - - [28/Apr/2025:10:45:36 -0400] "POST /wp-admin/admin-ajax.php HTTP/1.1" 200 77 "https://makstandardent.com/wp-admin/post.php?post=21&action=elementor" "Mozilla/5.0 (Windows NT 10.0; Win64; x64) AppleWebKit/537.36 (KHTML, like Gecko) Chrome/135.0.0.0 Safari/537.36"
66.29.132.124 - - [28/Apr/2025:10:45:40 -0400] "POST /wp-admin/admin-ajax.php?action=async_litespeed&nonce=L6PV7yQOJdG3hZAheXlh4r51ZCeD30qY&litespeed_type=imgoptm HTTP/1.1" 200 0 "-" "WordPress/6.8; https://makstandardent.com"
103.244.175.189 - - [28/Apr/2025:10:45:41 -0400] "POST /wp-admin/admin-ajax.php HTTP/1.1" 200 115 "https://makstandardent.com/wp-admin/post.php?post=21&action=elementor" "Mozilla/5.0 (Windows NT 10.0; Win64; x64) AppleWebKit/537.36 (KHTML, like Gecko) Chrome/135.0.0.0 Safari/537.36"
66.29.132.124 - - [28/Apr/2025:10:46:09 -0400] "POST /wp-cron.php?doing_wp_cron=1745851569.5453660488128662109375 HTTP/1.1" 200 0 "-" "WordPress/6.8; https://makstandardent.com"
103.244.175.189 - - [28/Apr/2025:10:46:09 -0400] "POST /wp-admin/admin-ajax.php HTTP/1.1" 200 77 "https://makstandardent.com/wp-admin/post.php?post=52&action=elementor" "Mozilla/5.0 (Windows NT 10.0; Win64; x64) AppleWebKit/537.36 (KHTML, like Gecko) Chrome/135.0.0.0 Safari/537.36"
66.29.132.124 - - [28/Apr/2025:10:46:10 -0400] "POST /wp-cron.php?doing_wp_cron=1745851570.1069579124450683593750 HTTP/1.1" 200 0 "-" "WordPress/6.8; https://makstandardent.com"
103.244.175.189 - - [28/Apr/2025:10:46:09 -0400] "POST /wp-admin/admin-ajax.php HTTP/1.1" 200 47 "https://makstandardent.com/wp-admin/edit.php?post_type=elementor_library" "Mozilla/5.0 (Windows NT 10.0; Win64; x64) AppleWebKit/537.36 (KHTML, like Gecko) Chrome/135.0.0.0 Safari/537.36"
66.29.132.124 - - [28/Apr/2025:10:47:51 -0400] "POST /wp-cron.php?doing_wp_cron=1745851671.2050991058349609375000 HTTP/1.1" 200 0 "-" "WordPress/6.8; https://makstandardent.com"
103.244.175.189 - - [28/Apr/2025:10:47:38 -0400] "POST /wp-admin/admin-ajax.php HTTP/1.1" 200 77 "https://makstandardent.com/wp-admin/post.php?post=21&action=elementor" "Mozilla/5.0 (Windows NT 10.0; Win64; x64) AppleWebKit/537.36 (KHTML, like Gecko) Chrome/135.0.0.0 Safari/537.36"
66.29.132.124 - - [28/Apr/2025:10:47:55 -0400] "POST /wp-admin/admin-ajax.php?action=async_litespeed&nonce=HPAIrGI00pIjdVPqF9wE8ArNz8wTaZG4&litespeed_type=imgoptm HTTP/1.1" 200 0 "-" "WordPress/6.8; https://makstandardent.com"
66.29.132.124 - - [28/Apr/2025:10:48:12 -0400] "POST /wp-cron.php?doing_wp_cron=1745851692.1861059665679931640625 HTTP/1.1" 200 0 "-" "WordPress/6.8; https://makstandardent.com"
103.244.175.189 - - [28/Apr/2025:10:48:11 -0400] "POST /wp-admin/admin-ajax.php HTTP/1.1" 200 77 "https://makstandardent.com/wp-admin/post.php?post=52&action=elementor" "Mozilla/5.0 (Windows NT 10.0; Win64; x64) AppleWebKit/537.36 (KHTML, like Gecko) Chrome/135.0.0.0 Safari/537.36"
103.244.175.189 - - [28/Apr/2025:10:48:11 -0400] "POST /wp-admin/admin-ajax.php HTTP/1.1" 200 47 "https://makstandardent.com/wp-admin/edit.php?post_type=elementor_library" "Mozilla/5.0 (Windows NT 10.0; Win64; x64) AppleWebKit/537.36 (KHTML, like Gecko) Chrome/135.0.0.0 Safari/537.36"
66.29.132.124 - - [28/Apr/2025:10:49:45 -0400] "POST /wp-cron.php?doing_wp_cron=1745851784.0216259956359863281250 HTTP/1.1" 200 0 "-" "WordPress/6.8; https://makstandardent.com"
103.244.175.189 - - [28/Apr/2025:10:49:38 -0400] "POST /wp-admin/admin-ajax.php HTTP/1.1" 200 77 "https://makstandardent.com/wp-admin/post.php?post=21&action=elementor" "Mozilla/5.0 (Windows NT 10.0; Win64; x64) AppleWebKit/537.36 (KHTML, like Gecko) Chrome/135.0.0.0 Safari/537.36"
103.244.175.189 - - [28/Apr/2025:10:50:12 -0400] "POST /wp-admin/admin-ajax.php HTTP/1.1" 200 77 "https://makstandardent.com/wp-admin/post.php?post=52&action=elementor" "Mozilla/5.0 (Windows NT 10.0; Win64; x64) AppleWebKit/537.36 (KHTML, like Gecko) Chrome/135.0.0.0 Safari/537.36"
103.244.175.189 - - [28/Apr/2025:10:50:12 -0400] "POST /wp-admin/admin-ajax.php HTTP/1.1" 200 47 "https://makstandardent.com/wp-admin/edit.php?post_type=elementor_library" "Mozilla/5.0 (Windows NT 10.0; Win64; x64) AppleWebKit/537.36 (KHTML, like Gecko) Chrome/135.0.0.0 Safari/537.36"
103.244.175.189 - - [28/Apr/2025:10:50:38 -0400] "POST /wp-admin/admin-ajax.php HTTP/1.1" 200 77 "https://makstandardent.com/wp-admin/post.php?post=21&action=elementor" "Mozilla/5.0 (Windows NT 10.0; Win64; x64) AppleWebKit/537.36 (KHTML, like Gecko) Chrome/135.0.0.0 Safari/537.36"
103.244.175.189 - - [28/Apr/2025:10:50:38 -0400] "GET /wp-json/elementor/v1/checklist/user-progress HTTP/1.1" 200 614 "https://makstandardent.com/wp-admin/post.php?post=21&action=elementor" "Mozilla/5.0 (Windows NT 10.0; Win64; x64) AppleWebKit/537.36 (KHTML, like Gecko) Chrome/135.0.0.0 Safari/537.36"
66.29.132.124 - - [28/Apr/2025:10:50:47 -0400] "POST /wp-cron.php?doing_wp_cron=1745851846.3093938827514648437500 HTTP/1.1" 200 0 "-" "WordPress/6.8; https://makstandardent.com"
103.244.175.189 - - [28/Apr/2025:10:50:44 -0400] "GET /wp-json/elementor/v1/checklist/user-progress HTTP/1.1" 200 614 "https://makstandardent.com/wp-admin/post.php?post=21&action=elementor" "Mozilla/5.0 (Windows NT 10.0; Win64; x64) AppleWebKit/537.36 (KHTML, like Gecko) Chrome/135.0.0.0 Safari/537.36"
66.29.132.124 - - [28/Apr/2025:10:50:48 -0400] "POST /wp-admin/admin-ajax.php?action=async_litespeed&nonce=Y43qgWS4dtUp0Jy03GWv0QSHAIuZeclb&litespeed_type=imgoptm HTTP/1.1" 200 0 "-" "WordPress/6.8; https://makstandardent.com"
66.29.132.124 - - [28/Apr/2025:10:50:52 -0400] "POST /wp-cron.php?doing_wp_cron=1745851851.9905788898468017578125 HTTP/1.1" 200 0 "-" "WordPress/6.8; https://makstandardent.com"
103.244.175.189 - - [28/Apr/2025:10:50:50 -0400] "GET /wp-json/elementor/v1/checklist/user-progress HTTP/1.1" 200 614 "https://makstandardent.com/wp-admin/post.php?post=21&action=elementor" "Mozilla/5.0 (Windows NT 10.0; Win64; x64) AppleWebKit/537.36 (KHTML, like Gecko) Chrome/135.0.0.0 Safari/537.36"
103.244.175.189 - - [28/Apr/2025:10:50:52 -0400] "POST /wp-admin/admin-ajax.php HTTP/1.1" 200 77 "https://makstandardent.com/wp-admin/post.php?post=21&action=elementor" "Mozilla/5.0 (Windows NT 10.0; Win64; x64) AppleWebKit/537.36 (KHTML, like Gecko) Chrome/135.0.0.0 Safari/537.36"
103.244.175.189 - - [28/Apr/2025:10:50:52 -0400] "POST /wp-admin/admin-ajax.php HTTP/1.1" 200 219 "https://makstandardent.com/wp-admin/post.php?post=21&action=elementor" "Mozilla/5.0 (Windows NT 10.0; Win64; x64) AppleWebKit/537.36 (KHTML, like Gecko) Chrome/135.0.0.0 Safari/537.36"
103.244.175.189 - - [28/Apr/2025:10:51:08 -0400] "POST /wp-admin/admin-ajax.php HTTP/1.1" 200 77 "https://makstandardent.com/wp-admin/post.php?post=21&action=elementor" "Mozilla/5.0 (Windows NT 10.0; Win64; x64) AppleWebKit/537.36 (KHTML, like Gecko) Chrome/135.0.0.0 Safari/537.36"
66.29.132.124 - - [28/Apr/2025:10:51:10 -0400] "POST /wp-cron.php?doing_wp_cron=1745851869.9929010868072509765625 HTTP/1.1" 200 0 "-" "WordPress/6.8; https://makstandardent.com"
103.244.175.189 - - [28/Apr/2025:10:51:08 -0400] "GET /wp-json/elementor/v1/checklist/user-progress HTTP/1.1" 200 614 "https://makstandardent.com/wp-admin/post.php?post=21&action=elementor" "Mozilla/5.0 (Windows NT 10.0; Win64; x64) AppleWebKit/537.36 (KHTML, like Gecko) Chrome/135.0.0.0 Safari/537.36"
103.244.175.189 - - [28/Apr/2025:10:51:16 -0400] "POST /wp-admin/admin-ajax.php HTTP/1.1" 200 361 "https://makstandardent.com/wp-admin/post.php?post=21&action=elementor" "Mozilla/5.0 (Windows NT 10.0; Win64; x64) AppleWebKit/537.36 (KHTML, like Gecko) Chrome/135.0.0.0 Safari/537.36"
103.244.175.189 - - [28/Apr/2025:10:51:17 -0400] "POST /wp-admin/admin-ajax.php HTTP/1.1" 200 1585 "https://makstandardent.com/wp-admin/post.php?post=21&action=elementor" "Mozilla/5.0 (Windows NT 10.0; Win64; x64) AppleWebKit/537.36 (KHTML, like Gecko) Chrome/135.0.0.0 Safari/537.36"
103.244.175.189 - - [28/Apr/2025:10:51:19 -0400] "POST /wp-admin/admin-ajax.php HTTP/1.1" 200 44880 "https://makstandardent.com/wp-admin/post.php?post=21&action=elementor" "Mozilla/5.0 (Windows NT 10.0; Win64; x64) AppleWebKit/537.36 (KHTML, like Gecko) Chrome/135.0.0.0 Safari/537.36"
103.244.175.189 - - [28/Apr/2025:10:51:19 -0400] "POST /wp-admin/admin-ajax.php HTTP/1.1" 200 44880 "https://makstandardent.com/wp-admin/post.php?post=21&action=elementor" "Mozilla/5.0 (Windows NT 10.0; Win64; x64) AppleWebKit/537.36 (KHTML, like Gecko) Chrome/135.0.0.0 Safari/537.36"
103.244.175.189 - - [28/Apr/2025:10:51:23 -0400] "POST /wp-admin/admin-ajax.php HTTP/1.1" 200 77 "https://makstandardent.com/wp-admin/post.php?post=21&action=elementor" "Mozilla/5.0 (Windows NT 10.0; Win64; x64) AppleWebKit/537.36 (KHTML, like Gecko) Chrome/135.0.0.0 Safari/537.36"
103.244.175.189 - - [28/Apr/2025:10:51:25 -0400] "GET /wp-json/elementor/v1/checklist/user-progress HTTP/1.1" 200 614 "https://makstandardent.com/wp-admin/post.php?post=21&action=elementor" "Mozilla/5.0 (Windows NT 10.0; Win64; x64) AppleWebKit/537.36 (KHTML, like Gecko) Chrome/135.0.0.0 Safari/537.36"
66.29.132.124 - - [28/Apr/2025:10:51:33 -0400] "POST /wp-cron.php?doing_wp_cron=1745851891.9142339229583740234375 HTTP/1.1" 200 0 "-" "WordPress/6.8; https://makstandardent.com"
103.244.175.189 - - [28/Apr/2025:10:51:28 -0400] "POST /wp-admin/async-upload.php HTTP/1.1" 200 589 "https://makstandardent.com/wp-admin/post.php?post=21&action=elementor" "Mozilla/5.0 (Windows NT 10.0; Win64; x64) AppleWebKit/537.36 (KHTML, like Gecko) Chrome/135.0.0.0 Safari/537.36"
103.244.175.189 - - [28/Apr/2025:10:51:36 -0400] "GET /wp-content/uploads/2025/04/New-Banner-300x172.webp HTTP/1.1" 200 12500 "https://makstandardent.com/wp-admin/post.php?post=21&action=elementor" "Mozilla/5.0 (Windows NT 10.0; Win64; x64) AppleWebKit/537.36 (KHTML, like Gecko) Chrome/135.0.0.0 Safari/537.36"
103.244.175.189 - - [28/Apr/2025:10:51:39 -0400] "GET /wp-content/uploads/2025/04/New-Banner.webp HTTP/1.1" 200 50512 "https://makstandardent.com/wp-admin/post.php?post=21&action=elementor" "Mozilla/5.0 (Windows NT 10.0; Win64; x64) AppleWebKit/537.36 (KHTML, like Gecko) Chrome/135.0.0.0 Safari/537.36"
103.244.175.189 - - [28/Apr/2025:10:51:39 -0400] "POST /wp-admin/admin-ajax.php HTTP/1.1" 200 77 "https://makstandardent.com/wp-admin/post.php?post=21&action=elementor" "Mozilla/5.0 (Windows NT 10.0; Win64; x64) AppleWebKit/537.36 (KHTML, like Gecko) Chrome/135.0.0.0 Safari/537.36"
103.244.175.189 - - [28/Apr/2025:10:51:39 -0400] "POST /wp-admin/admin-ajax.php HTTP/1.1" 200 1558 "https://makstandardent.com/wp-admin/post.php?post=21&action=elementor" "Mozilla/5.0 (Windows NT 10.0; Win64; x64) AppleWebKit/537.36 (KHTML, like Gecko) Chrome/135.0.0.0 Safari/537.36"
103.244.175.189 - - [28/Apr/2025:10:51:40 -0400] "POST /wp-admin/admin-ajax.php HTTP/1.1" 200 1104 "https://makstandardent.com/wp-admin/post.php?post=21&action=elementor" "Mozilla/5.0 (Windows NT 10.0; Win64; x64) AppleWebKit/537.36 (KHTML, like Gecko) Chrome/135.0.0.0 Safari/537.36"
103.244.175.189 - - [28/Apr/2025:10:51:54 -0400] "POST /wp-admin/admin-ajax.php HTTP/1.1" 200 77 "https://makstandardent.com/wp-admin/post.php?post=21&action=elementor" "Mozilla/5.0 (Windows NT 10.0; Win64; x64) AppleWebKit/537.36 (KHTML, like Gecko) Chrome/135.0.0.0 Safari/537.36"
103.244.175.189 - - [28/Apr/2025:10:51:59 -0400] "GET /wp-json/elementor/v1/checklist/user-progress HTTP/1.1" 200 614 "https://makstandardent.com/wp-admin/post.php?post=21&action=elementor" "Mozilla/5.0 (Windows NT 10.0; Win64; x64) AppleWebKit/537.36 (KHTML, like Gecko) Chrome/135.0.0.0 Safari/537.36"
103.244.175.189 - - [28/Apr/2025:10:52:09 -0400] "POST /wp-admin/admin-ajax.php HTTP/1.1" 200 77 "https://makstandardent.com/wp-admin/post.php?post=21&action=elementor" "Mozilla/5.0 (Windows NT 10.0; Win64; x64) AppleWebKit/537.36 (KHTML, like Gecko) Chrome/135.0.0.0 Safari/537.36"
103.244.175.189 - - [28/Apr/2025:10:52:12 -0400] "POST /wp-admin/admin-ajax.php HTTP/1.1" 200 47 "https://makstandardent.com/wp-admin/edit.php?post_type=elementor_library" "Mozilla/5.0 (Windows NT 10.0; Win64; x64) AppleWebKit/537.36 (KHTML, like Gecko) Chrome/135.0.0.0 Safari/537.36"
103.244.175.189 - - [28/Apr/2025:10:52:12 -0400] "GET /wp-json/elementor/v1/checklist/user-progress HTTP/1.1" 200 614 "https://makstandardent.com/wp-admin/post.php?post=21&action=elementor" "Mozilla/5.0 (Windows NT 10.0; Win64; x64) AppleWebKit/537.36 (KHTML, like Gecko) Chrome/135.0.0.0 Safari/537.36"
103.244.175.189 - - [28/Apr/2025:10:52:12 -0400] "POST /wp-admin/admin-ajax.php HTTP/1.1" 200 77 "https://makstandardent.com/wp-admin/post.php?post=52&action=elementor" "Mozilla/5.0 (Windows NT 10.0; Win64; x64) AppleWebKit/537.36 (KHTML, like Gecko) Chrome/135.0.0.0 Safari/537.36"
103.244.175.189 - - [28/Apr/2025:10:52:24 -0400] "POST /wp-admin/admin-ajax.php HTTP/1.1" 200 77 "https://makstandardent.com/wp-admin/post.php?post=21&action=elementor" "Mozilla/5.0 (Windows NT 10.0; Win64; x64) AppleWebKit/537.36 (KHTML, like Gecko) Chrome/135.0.0.0 Safari/537.36"
66.29.132.124 - - [28/Apr/2025:10:52:45 -0400] "POST /wp-cron.php?doing_wp_cron=1745851965.3220078945159912109375 HTTP/1.1" 200 0 "-" "WordPress/6.8; https://makstandardent.com"
103.244.175.189 - - [28/Apr/2025:10:52:44 -0400] "GET /wp-json/elementor/v1/checklist/user-progress HTTP/1.1" 200 614 "https://makstandardent.com/wp-admin/post.php?post=21&action=elementor" "Mozilla/5.0 (Windows NT 10.0; Win64; x64) AppleWebKit/537.36 (KHTML, like Gecko) Chrome/135.0.0.0 Safari/537.36"
66.29.132.124 - - [28/Apr/2025:10:52:46 -0400] "POST /wp-admin/admin-ajax.php?action=async_litespeed&nonce=cqHCc12yOpECDWgknbs10BQqTr9rD9wt&litespeed_type=imgoptm HTTP/1.1" 200 0 "-" "WordPress/6.8; https://makstandardent.com"
103.244.175.189 - - [28/Apr/2025:10:52:45 -0400] "POST /wp-admin/admin-ajax.php HTTP/1.1" 200 603 "https://makstandardent.com/wp-admin/post.php?post=21&action=elementor" "Mozilla/5.0 (Windows NT 10.0; Win64; x64) AppleWebKit/537.36 (KHTML, like Gecko) Chrome/135.0.0.0 Safari/537.36"
103.244.175.189 - - [28/Apr/2025:10:52:48 -0400] "GET /wp-json/elementor/v1/checklist/user-progress HTTP/1.1" 200 614 "https://makstandardent.com/wp-admin/post.php?post=21&action=elementor" "Mozilla/5.0 (Windows NT 10.0; Win64; x64) AppleWebKit/537.36 (KHTML, like Gecko) Chrome/135.0.0.0 Safari/537.36"
103.244.175.189 - - [28/Apr/2025:10:52:49 -0400] "POST /wp-admin/admin-ajax.php HTTP/1.1" 200 438 "https://makstandardent.com/wp-admin/post.php?post=21&action=elementor" "Mozilla/5.0 (Windows NT 10.0; Win64; x64) AppleWebKit/537.36 (KHTML, like Gecko) Chrome/135.0.0.0 Safari/537.36"
66.29.132.124 - - [28/Apr/2025:10:53:46 -0400] "POST /wp-cron.php?doing_wp_cron=1745852025.6924769878387451171875 HTTP/1.1" 200 0 "-" "WordPress/6.8; https://makstandardent.com"
103.244.175.189 - - [28/Apr/2025:10:53:44 -0400] "GET /wp-json/elementor/v1/checklist/user-progress HTTP/1.1" 200 614 "https://makstandardent.com/wp-admin/post.php?post=21&action=elementor" "Mozilla/5.0 (Windows NT 10.0; Win64; x64) AppleWebKit/537.36 (KHTML, like Gecko) Chrome/135.0.0.0 Safari/537.36"
103.244.175.189 - - [28/Apr/2025:10:53:44 -0400] "POST /wp-admin/admin-ajax.php HTTP/1.1" 200 77 "https://makstandardent.com/wp-admin/post.php?post=21&action=elementor" "Mozilla/5.0 (Windows NT 10.0; Win64; x64) AppleWebKit/537.36 (KHTML, like Gecko) Chrome/135.0.0.0 Safari/537.36"
66.29.132.124 - - [28/Apr/2025:10:53:47 -0400] "POST /wp-admin/admin-ajax.php?action=async_litespeed&nonce=ComJi2ls0oY1rJ59vaFgn6US4jB3g6Mf&litespeed_type=imgoptm HTTP/1.1" 200 0 "-" "WordPress/6.8; https://makstandardent.com"
103.244.175.189 - - [28/Apr/2025:10:53:50 -0400] "GET /wp-json/elementor/v1/checklist/user-progress HTTP/1.1" 200 614 "https://makstandardent.com/wp-admin/post.php?post=21&action=elementor" "Mozilla/5.0 (Windows NT 10.0; Win64; x64) AppleWebKit/537.36 (KHTML, like Gecko) Chrome/135.0.0.0 Safari/537.36"
66.29.132.124 - - [28/Apr/2025:10:54:00 -0400] "POST /wp-cron.php?doing_wp_cron=1745852039.2906789779663085937500 HTTP/1.1" 200 0 "-" "WordPress/6.8; https://makstandardent.com"
103.244.175.189 - - [28/Apr/2025:10:53:58 -0400] "POST /wp-admin/admin-ajax.php HTTP/1.1" 200 77 "https://makstandardent.com/wp-admin/post.php?post=21&action=elementor" "Mozilla/5.0 (Windows NT 10.0; Win64; x64) AppleWebKit/537.36 (KHTML, like Gecko) Chrome/135.0.0.0 Safari/537.36"
103.244.175.189 - - [28/Apr/2025:10:53:58 -0400] "POST /wp-admin/admin-ajax.php HTTP/1.1" 200 230 "https://makstandardent.com/wp-admin/post.php?post=21&action=elementor" "Mozilla/5.0 (Windows NT 10.0; Win64; x64) AppleWebKit/537.36 (KHTML, like Gecko) Chrome/135.0.0.0 Safari/537.36"
103.244.175.189 - - [28/Apr/2025:10:54:06 -0400] "GET /wp-json/elementor/v1/checklist/user-progress HTTP/1.1" 200 614 "https://makstandardent.com/wp-admin/post.php?post=21&action=elementor" "Mozilla/5.0 (Windows NT 10.0; Win64; x64) AppleWebKit/537.36 (KHTML, like Gecko) Chrome/135.0.0.0 Safari/537.36"
103.244.175.189 - - [28/Apr/2025:10:54:13 -0400] "POST /wp-admin/admin-ajax.php HTTP/1.1" 200 47 "https://makstandardent.com/wp-admin/edit.php?post_type=elementor_library" "Mozilla/5.0 (Windows NT 10.0; Win64; x64) AppleWebKit/537.36 (KHTML, like Gecko) Chrome/135.0.0.0 Safari/537.36"
103.244.175.189 - - [28/Apr/2025:10:54:13 -0400] "POST /wp-admin/admin-ajax.php HTTP/1.1" 200 77 "https://makstandardent.com/wp-admin/post.php?post=52&action=elementor" "Mozilla/5.0 (Windows NT 10.0; Win64; x64) AppleWebKit/537.36 (KHTML, like Gecko) Chrome/135.0.0.0 Safari/537.36"
103.244.175.189 - - [28/Apr/2025:10:54:14 -0400] "POST /wp-admin/admin-ajax.php HTTP/1.1" 200 77 "https://makstandardent.com/wp-admin/post.php?post=21&action=elementor" "Mozilla/5.0 (Windows NT 10.0; Win64; x64) AppleWebKit/537.36 (KHTML, like Gecko) Chrome/135.0.0.0 Safari/537.36"
103.244.175.189 - - [28/Apr/2025:10:54:17 -0400] "POST /wp-admin/admin-ajax.php HTTP/1.1" 200 260 "https://makstandardent.com/wp-admin/post.php?post=21&action=elementor" "Mozilla/5.0 (Windows NT 10.0; Win64; x64) AppleWebKit/537.36 (KHTML, like Gecko) Chrome/135.0.0.0 Safari/537.36"
66.29.132.124 - - [28/Apr/2025:10:54:31 -0400] "POST /wp-cron.php?doing_wp_cron=1745852070.2475910186767578125000 HTTP/1.1" 200 0 "-" "WordPress/6.8; https://makstandardent.com"
103.244.175.189 - - [28/Apr/2025:10:54:29 -0400] "POST /wp-admin/admin-ajax.php HTTP/1.1" 200 77 "https://makstandardent.com/wp-admin/post.php?post=21&action=elementor" "Mozilla/5.0 (Windows NT 10.0; Win64; x64) AppleWebKit/537.36 (KHTML, like Gecko) Chrome/135.0.0.0 Safari/537.36"
103.244.175.189 - - [28/Apr/2025:10:54:38 -0400] "GET /wp-json/elementor/v1/checklist/user-progress HTTP/1.1" 200 614 "https://makstandardent.com/wp-admin/post.php?post=21&action=elementor" "Mozilla/5.0 (Windows NT 10.0; Win64; x64) AppleWebKit/537.36 (KHTML, like Gecko) Chrome/135.0.0.0 Safari/537.36"
103.244.175.189 - - [28/Apr/2025:10:54:43 -0400] "POST /wp-admin/admin-ajax.php HTTP/1.1" 200 77 "https://makstandardent.com/wp-admin/post.php?post=21&action=elementor" "Mozilla/5.0 (Windows NT 10.0; Win64; x64) AppleWebKit/537.36 (KHTML, like Gecko) Chrome/135.0.0.0 Safari/537.36"
103.244.175.189 - - [28/Apr/2025:10:54:45 -0400] "GET /wp-json/elementor/v1/checklist/user-progress HTTP/1.1" 200 614 "https://makstandardent.com/wp-admin/post.php?post=21&action=elementor" "Mozilla/5.0 (Windows NT 10.0; Win64; x64) AppleWebKit/537.36 (KHTML, like Gecko) Chrome/135.0.0.0 Safari/537.36"
103.244.175.189 - - [28/Apr/2025:10:54:50 -0400] "POST /wp-admin/admin-ajax.php HTTP/1.1" 200 206 "https://makstandardent.com/wp-admin/post.php?post=21&action=elementor" "Mozilla/5.0 (Windows NT 10.0; Win64; x64) AppleWebKit/537.36 (KHTML, like Gecko) Chrome/135.0.0.0 Safari/537.36"
103.244.175.189 - - [28/Apr/2025:10:54:59 -0400] "POST /wp-admin/admin-ajax.php HTTP/1.1" 200 77 "https://makstandardent.com/wp-admin/post.php?post=21&action=elementor" "Mozilla/5.0 (Windows NT 10.0; Win64; x64) AppleWebKit/537.36 (KHTML, like Gecko) Chrome/135.0.0.0 Safari/537.36"
103.244.175.189 - - [28/Apr/2025:10:55:02 -0400] "GET /wp-json/elementor/v1/checklist/user-progress HTTP/1.1" 200 614 "https://makstandardent.com/wp-admin/post.php?post=21&action=elementor" "Mozilla/5.0 (Windows NT 10.0; Win64; x64) AppleWebKit/537.36 (KHTML, like Gecko) Chrome/135.0.0.0 Safari/537.36"
103.244.175.189 - - [28/Apr/2025:10:55:12 -0400] "POST /wp-admin/admin-ajax.php HTTP/1.1" 200 263 "https://makstandardent.com/wp-admin/post.php?post=21&action=elementor" "Mozilla/5.0 (Windows NT 10.0; Win64; x64) AppleWebKit/537.36 (KHTML, like Gecko) Chrome/135.0.0.0 Safari/537.36"
103.244.175.189 - - [28/Apr/2025:10:55:13 -0400] "POST /wp-admin/admin-ajax.php HTTP/1.1" 200 96 "https://makstandardent.com/wp-admin/post.php?post=21&action=elementor" "Mozilla/5.0 (Windows NT 10.0; Win64; x64) AppleWebKit/537.36 (KHTML, like Gecko) Chrome/135.0.0.0 Safari/537.36"
103.244.175.189 - - [28/Apr/2025:10:55:14 -0400] "POST /wp-admin/admin-ajax.php HTTP/1.1" 200 77 "https://makstandardent.com/wp-admin/post.php?post=21&action=elementor" "Mozilla/5.0 (Windows NT 10.0; Win64; x64) AppleWebKit/537.36 (KHTML, like Gecko) Chrome/135.0.0.0 Safari/537.36"
66.29.132.124 - - [28/Apr/2025:10:55:31 -0400] "POST /wp-cron.php?doing_wp_cron=1745852130.9281609058380126953125 HTTP/1.1" 200 0 "-" "WordPress/6.8; https://makstandardent.com"
103.244.175.189 - - [28/Apr/2025:10:55:30 -0400] "POST /wp-admin/admin-ajax.php HTTP/1.1" 200 77 "https://makstandardent.com/wp-admin/post.php?post=21&action=elementor" "Mozilla/5.0 (Windows NT 10.0; Win64; x64) AppleWebKit/537.36 (KHTML, like Gecko) Chrome/135.0.0.0 Safari/537.36"
66.29.132.124 - - [28/Apr/2025:10:55:34 -0400] "POST /wp-admin/admin-ajax.php?action=async_litespeed&nonce=NbsluHNat4Hrsc0uPH8YLoDCb1YTvbqI&litespeed_type=imgoptm HTTP/1.1" 200 0 "-" "WordPress/6.8; https://makstandardent.com"
103.244.175.189 - - [28/Apr/2025:10:55:44 -0400] "POST /wp-admin/admin-ajax.php HTTP/1.1" 200 77 "https://makstandardent.com/wp-admin/post.php?post=21&action=elementor" "Mozilla/5.0 (Windows NT 10.0; Win64; x64) AppleWebKit/537.36 (KHTML, like Gecko) Chrome/135.0.0.0 Safari/537.36"
66.29.132.124 - - [28/Apr/2025:10:56:02 -0400] "POST /wp-cron.php?doing_wp_cron=1745852162.0679519176483154296875 HTTP/1.1" 200 0 "-" "WordPress/6.8; https://makstandardent.com"
103.244.175.189 - - [28/Apr/2025:10:56:00 -0400] "POST /wp-admin/admin-ajax.php HTTP/1.1" 200 77 "https://makstandardent.com/wp-admin/post.php?post=21&action=elementor" "Mozilla/5.0 (Windows NT 10.0; Win64; x64) AppleWebKit/537.36 (KHTML, like Gecko) Chrome/135.0.0.0 Safari/537.36"
103.244.175.189 - - [28/Apr/2025:10:56:03 -0400] "GET /wp-json/elementor/v1/checklist/user-progress HTTP/1.1" 200 614 "https://makstandardent.com/wp-admin/post.php?post=21&action=elementor" "Mozilla/5.0 (Windows NT 10.0; Win64; x64) AppleWebKit/537.36 (KHTML, like Gecko) Chrome/135.0.0.0 Safari/537.36"
103.244.175.189 - - [28/Apr/2025:10:56:13 -0400] "POST /wp-admin/admin-ajax.php HTTP/1.1" 200 77 "https://makstandardent.com/wp-admin/post.php?post=52&action=elementor" "Mozilla/5.0 (Windows NT 10.0; Win64; x64) AppleWebKit/537.36 (KHTML, like Gecko) Chrome/135.0.0.0 Safari/537.36"
103.244.175.189 - - [28/Apr/2025:10:56:15 -0400] "POST /wp-admin/admin-ajax.php HTTP/1.1" 200 77 "https://makstandardent.com/wp-admin/post.php?post=21&action=elementor" "Mozilla/5.0 (Windows NT 10.0; Win64; x64) AppleWebKit/537.36 (KHTML, like Gecko) Chrome/135.0.0.0 Safari/537.36"
66.29.132.124 - - [28/Apr/2025:10:56:33 -0400] "POST /wp-cron.php?doing_wp_cron=1745852193.2788519859313964843750 HTTP/1.1" 200 0 "-" "WordPress/6.8; https://makstandardent.com"
103.244.175.189 - - [28/Apr/2025:10:56:31 -0400] "POST /wp-admin/admin-ajax.php HTTP/1.1" 200 77 "https://makstandardent.com/wp-admin/post.php?post=21&action=elementor" "Mozilla/5.0 (Windows NT 10.0; Win64; x64) AppleWebKit/537.36 (KHTML, like Gecko) Chrome/135.0.0.0 Safari/537.36"
103.244.175.189 - - [28/Apr/2025:10:56:34 -0400] "GET /wp-json/elementor/v1/checklist/user-progress HTTP/1.1" 200 614 "https://makstandardent.com/wp-admin/post.php?post=21&action=elementor" "Mozilla/5.0 (Windows NT 10.0; Win64; x64) AppleWebKit/537.36 (KHTML, like Gecko) Chrome/135.0.0.0 Safari/537.36"
66.29.132.124 - - [28/Apr/2025:10:56:35 -0400] "POST /wp-admin/admin-ajax.php?action=async_litespeed&nonce=7of5ra73zjlPIkP3IbqZ9EikNYYAHElF&litespeed_type=imgoptm HTTP/1.1" 200 0 "-" "WordPress/6.8; https://makstandardent.com"
103.244.175.189 - - [28/Apr/2025:10:56:45 -0400] "POST /wp-admin/admin-ajax.php HTTP/1.1" 200 211 "https://makstandardent.com/wp-admin/post.php?post=21&action=elementor" "Mozilla/5.0 (Windows NT 10.0; Win64; x64) AppleWebKit/537.36 (KHTML, like Gecko) Chrome/135.0.0.0 Safari/537.36"
103.244.175.189 - - [28/Apr/2025:10:56:47 -0400] "POST /wp-admin/admin-ajax.php HTTP/1.1" 200 77 "https://makstandardent.com/wp-admin/post.php?post=21&action=elementor" "Mozilla/5.0 (Windows NT 10.0; Win64; x64) AppleWebKit/537.36 (KHTML, like Gecko) Chrome/135.0.0.0 Safari/537.36"
103.244.175.189 - - [28/Apr/2025:10:56:48 -0400] "POST /wp-admin/admin-ajax.php HTTP/1.1" 200 47 "https://makstandardent.com/wp-admin/edit.php?post_type=elementor_library" "Mozilla/5.0 (Windows NT 10.0; Win64; x64) AppleWebKit/537.36 (KHTML, like Gecko) Chrome/135.0.0.0 Safari/537.36"
103.244.175.189 - - [28/Apr/2025:10:56:49 -0400] "POST /wp-admin/admin-ajax.php HTTP/1.1" 200 77 "https://makstandardent.com/wp-admin/post.php?post=52&action=elementor" "Mozilla/5.0 (Windows NT 10.0; Win64; x64) AppleWebKit/537.36 (KHTML, like Gecko) Chrome/135.0.0.0 Safari/537.36"
103.244.175.189 - - [28/Apr/2025:10:56:49 -0400] "GET /wp-json/elementor/v1/checklist/user-progress HTTP/1.1" 200 614 "https://makstandardent.com/wp-admin/post.php?post=52&action=elementor" "Mozilla/5.0 (Windows NT 10.0; Win64; x64) AppleWebKit/537.36 (KHTML, like Gecko) Chrome/135.0.0.0 Safari/537.36"
103.244.175.189 - - [28/Apr/2025:10:56:53 -0400] "GET /wp-json/elementor/v1/checklist/user-progress HTTP/1.1" 200 614 "https://makstandardent.com/wp-admin/post.php?post=21&action=elementor" "Mozilla/5.0 (Windows NT 10.0; Win64; x64) AppleWebKit/537.36 (KHTML, like Gecko) Chrome/135.0.0.0 Safari/537.36"
66.29.132.124 - - [28/Apr/2025:10:57:04 -0400] "POST /wp-cron.php?doing_wp_cron=1745852224.3360381126403808593750 HTTP/1.1" 200 0 "-" "WordPress/6.8; https://makstandardent.com"
103.244.175.189 - - [28/Apr/2025:10:57:03 -0400] "POST /wp-admin/admin-ajax.php HTTP/1.1" 200 77 "https://makstandardent.com/wp-admin/post.php?post=21&action=elementor" "Mozilla/5.0 (Windows NT 10.0; Win64; x64) AppleWebKit/537.36 (KHTML, like Gecko) Chrome/135.0.0.0 Safari/537.36"
103.244.175.189 - - [28/Apr/2025:10:57:14 -0400] "GET /wp-json/elementor/v1/checklist/user-progress HTTP/1.1" 200 614 "https://makstandardent.com/wp-admin/post.php?post=21&action=elementor" "Mozilla/5.0 (Windows NT 10.0; Win64; x64) AppleWebKit/537.36 (KHTML, like Gecko) Chrome/135.0.0.0 Safari/537.36"
103.244.175.189 - - [28/Apr/2025:10:57:18 -0400] "POST /wp-admin/admin-ajax.php HTTP/1.1" 200 77 "https://makstandardent.com/wp-admin/post.php?post=21&action=elementor" "Mozilla/5.0 (Windows NT 10.0; Win64; x64) AppleWebKit/537.36 (KHTML, like Gecko) Chrome/135.0.0.0 Safari/537.36"
103.244.175.189 - - [28/Apr/2025:10:57:22 -0400] "GET /wp-json/elementor/v1/checklist/user-progress HTTP/1.1" 200 614 "https://makstandardent.com/wp-admin/post.php?post=21&action=elementor" "Mozilla/5.0 (Windows NT 10.0; Win64; x64) AppleWebKit/537.36 (KHTML, like Gecko) Chrome/135.0.0.0 Safari/537.36"
66.29.132.124 - - [28/Apr/2025:10:57:29 -0400] "POST /wp-cron.php?doing_wp_cron=1745852249.1185090541839599609375 HTTP/1.1" 200 0 "-" "WordPress/6.8; https://makstandardent.com"
103.244.175.189 - - [28/Apr/2025:10:57:26 -0400] "POST /wp-admin/admin-ajax.php HTTP/1.1" 200 260 "https://makstandardent.com/wp-admin/post.php?post=21&action=elementor" "Mozilla/5.0 (Windows NT 10.0; Win64; x64) AppleWebKit/537.36 (KHTML, like Gecko) Chrome/135.0.0.0 Safari/537.36"
66.29.132.124 - - [28/Apr/2025:10:57:31 -0400] "POST /wp-admin/admin-ajax.php?action=async_litespeed&nonce=sjZfjG8yWWW3wVdoy7TuYn0zP1DxYRiR&litespeed_type=imgoptm HTTP/1.1" 200 0 "-" "WordPress/6.8; https://makstandardent.com"
103.244.175.189 - - [28/Apr/2025:10:57:32 -0400] "POST /wp-admin/admin-ajax.php HTTP/1.1" 200 47 "https://makstandardent.com/wp-admin/edit.php?post_type=elementor_library" "Mozilla/5.0 (Windows NT 10.0; Win64; x64) AppleWebKit/537.36 (KHTML, like Gecko) Chrome/135.0.0.0 Safari/537.36"
103.244.175.189 - - [28/Apr/2025:10:57:33 -0400] "POST /wp-admin/admin-ajax.php HTTP/1.1" 200 77 "https://makstandardent.com/wp-admin/post.php?post=21&action=elementor" "Mozilla/5.0 (Windows NT 10.0; Win64; x64) AppleWebKit/537.36 (KHTML, like Gecko) Chrome/135.0.0.0 Safari/537.36"
103.244.175.189 - - [28/Apr/2025:10:57:33 -0400] "GET /wp-json/elementor/v1/checklist/user-progress HTTP/1.1" 200 614 "https://makstandardent.com/wp-admin/post.php?post=21&action=elementor" "Mozilla/5.0 (Windows NT 10.0; Win64; x64) AppleWebKit/537.36 (KHTML, like Gecko) Chrome/135.0.0.0 Safari/537.36"
103.244.175.189 - - [28/Apr/2025:10:57:37 -0400] "POST /wp-admin/admin-ajax.php HTTP/1.1" 200 208 "https://makstandardent.com/wp-admin/post.php?post=21&action=elementor" "Mozilla/5.0 (Windows NT 10.0; Win64; x64) AppleWebKit/537.36 (KHTML, like Gecko) Chrome/135.0.0.0 Safari/537.36"
103.244.175.189 - - [28/Apr/2025:10:57:48 -0400] "POST /wp-admin/admin-ajax.php HTTP/1.1" 200 77 "https://makstandardent.com/wp-admin/post.php?post=21&action=elementor" "Mozilla/5.0 (Windows NT 10.0; Win64; x64) AppleWebKit/537.36 (KHTML, like Gecko) Chrome/135.0.0.0 Safari/537.36"
103.244.175.189 - - [28/Apr/2025:10:57:51 -0400] "GET /wp-content/plugins/elementor/assets/lib/font-awesome/js/regular.js HTTP/1.1" 200 720 "https://makstandardent.com/wp-admin/post.php?post=21&action=elementor" "Mozilla/5.0 (Windows NT 10.0; Win64; x64) AppleWebKit/537.36 (KHTML, like Gecko) Chrome/135.0.0.0 Safari/537.36"
103.244.175.189 - - [28/Apr/2025:10:57:51 -0400] "GET /wp-content/plugins/elementor/assets/lib/font-awesome/js/brands.js HTTP/1.1" 200 2246 "https://makstandardent.com/wp-admin/post.php?post=21&action=elementor" "Mozilla/5.0 (Windows NT 10.0; Win64; x64) AppleWebKit/537.36 (KHTML, like Gecko) Chrome/135.0.0.0 Safari/537.36"
103.244.175.189 - - [28/Apr/2025:10:57:51 -0400] "GET /wp-content/plugins/elementor/assets/lib/font-awesome/js/solid.js HTTP/1.1" 200 4373 "https://makstandardent.com/wp-admin/post.php?post=21&action=elementor" "Mozilla/5.0 (Windows NT 10.0; Win64; x64) AppleWebKit/537.36 (KHTML, like Gecko) Chrome/135.0.0.0 Safari/537.36"
103.244.175.189 - - [28/Apr/2025:10:57:53 -0400] "GET /wp-json/elementor/v1/checklist/user-progress HTTP/1.1" 200 614 "https://makstandardent.com/wp-admin/post.php?post=21&action=elementor" "Mozilla/5.0 (Windows NT 10.0; Win64; x64) AppleWebKit/537.36 (KHTML, like Gecko) Chrome/135.0.0.0 Safari/537.36"
66.29.132.124 - - [28/Apr/2025:10:58:05 -0400] "POST /wp-cron.php?doing_wp_cron=1745852284.9961550235748291015625 HTTP/1.1" 200 0 "-" "WordPress/6.8; https://makstandardent.com"
103.244.175.189 - - [28/Apr/2025:10:58:03 -0400] "GET /wp-json/elementor/v1/checklist/user-progress HTTP/1.1" 200 614 "https://makstandardent.com/wp-admin/post.php?post=21&action=elementor" "Mozilla/5.0 (Windows NT 10.0; Win64; x64) AppleWebKit/537.36 (KHTML, like Gecko) Chrome/135.0.0.0 Safari/537.36"
103.244.175.189 - - [28/Apr/2025:10:58:03 -0400] "POST /wp-admin/admin-ajax.php HTTP/1.1" 200 77 "https://makstandardent.com/wp-admin/post.php?post=21&action=elementor" "Mozilla/5.0 (Windows NT 10.0; Win64; x64) AppleWebKit/537.36 (KHTML, like Gecko) Chrome/135.0.0.0 Safari/537.36"
103.244.175.189 - - [28/Apr/2025:10:58:09 -0400] "GET /wp-json/elementor/v1/checklist/user-progress HTTP/1.1" 200 614 "https://makstandardent.com/wp-admin/post.php?post=21&action=elementor" "Mozilla/5.0 (Windows NT 10.0; Win64; x64) AppleWebKit/537.36 (KHTML, like Gecko) Chrome/135.0.0.0 Safari/537.36"
103.244.175.189 - - [28/Apr/2025:10:58:11 -0400] "POST /wp-admin/admin-ajax.php HTTP/1.1" 200 265 "https://makstandardent.com/wp-admin/post.php?post=21&action=elementor" "Mozilla/5.0 (Windows NT 10.0; Win64; x64) AppleWebKit/537.36 (KHTML, like Gecko) Chrome/135.0.0.0 Safari/537.36"
103.244.175.189 - - [28/Apr/2025:10:58:15 -0400] "POST /wp-admin/admin-ajax.php HTTP/1.1" 200 210 "https://makstandardent.com/wp-admin/post.php?post=21&action=elementor" "Mozilla/5.0 (Windows NT 10.0; Win64; x64) AppleWebKit/537.36 (KHTML, like Gecko) Chrome/135.0.0.0 Safari/537.36"
103.244.175.189 - - [28/Apr/2025:10:58:19 -0400] "POST /wp-admin/admin-ajax.php HTTP/1.1" 200 77 "https://makstandardent.com/wp-admin/post.php?post=21&action=elementor" "Mozilla/5.0 (Windows NT 10.0; Win64; x64) AppleWebKit/537.36 (KHTML, like Gecko) Chrome/135.0.0.0 Safari/537.36"
103.244.175.189 - - [28/Apr/2025:10:58:27 -0400] "GET /wp-json/elementor/v1/checklist/user-progress HTTP/1.1" 200 614 "https://makstandardent.com/wp-admin/post.php?post=21&action=elementor" "Mozilla/5.0 (Windows NT 10.0; Win64; x64) AppleWebKit/537.36 (KHTML, like Gecko) Chrome/135.0.0.0 Safari/537.36"
66.29.132.124 - - [28/Apr/2025:10:58:35 -0400] "POST /wp-cron.php?doing_wp_cron=1745852315.3770990371704101562500 HTTP/1.1" 200 0 "-" "WordPress/6.8; https://makstandardent.com"
103.244.175.189 - - [28/Apr/2025:10:58:33 -0400] "POST /wp-admin/admin-ajax.php HTTP/1.1" 200 77 "https://makstandardent.com/wp-admin/post.php?post=21&action=elementor" "Mozilla/5.0 (Windows NT 10.0; Win64; x64) AppleWebKit/537.36 (KHTML, like Gecko) Chrome/135.0.0.0 Safari/537.36"
66.29.132.124 - - [28/Apr/2025:10:58:36 -0400] "POST /wp-admin/admin-ajax.php?action=async_litespeed&nonce=YOLZYwX24D71Hdgz3teKXXfHbhj5Xwng&litespeed_type=imgoptm HTTP/1.1" 200 21 "-" "WordPress/6.8; https://makstandardent.com"
103.244.175.189 - - [28/Apr/2025:10:58:38 -0400] "POST /wp-admin/admin-ajax.php HTTP/1.1" 200 261 "https://makstandardent.com/wp-admin/post.php?post=21&action=elementor" "Mozilla/5.0 (Windows NT 10.0; Win64; x64) AppleWebKit/537.36 (KHTML, like Gecko) Chrome/135.0.0.0 Safari/537.36"
103.244.175.189 - - [28/Apr/2025:10:58:40 -0400] "GET /wp-json/elementor/v1/checklist/user-progress HTTP/1.1" 200 614 "https://makstandardent.com/wp-admin/post.php?post=21&action=elementor" "Mozilla/5.0 (Windows NT 10.0; Win64; x64) AppleWebKit/537.36 (KHTML, like Gecko) Chrome/135.0.0.0 Safari/537.36"
103.244.175.189 - - [28/Apr/2025:10:58:48 -0400] "POST /wp-admin/admin-ajax.php HTTP/1.1" 200 77 "https://makstandardent.com/wp-admin/post.php?post=21&action=elementor" "Mozilla/5.0 (Windows NT 10.0; Win64; x64) AppleWebKit/537.36 (KHTML, like Gecko) Chrome/135.0.0.0 Safari/537.36"
103.244.175.189 - - [28/Apr/2025:10:58:49 -0400] "POST /wp-admin/admin-ajax.php HTTP/1.1" 200 77 "https://makstandardent.com/wp-admin/post.php?post=52&action=elementor" "Mozilla/5.0 (Windows NT 10.0; Win64; x64) AppleWebKit/537.36 (KHTML, like Gecko) Chrome/135.0.0.0 Safari/537.36"
103.244.175.189 - - [28/Apr/2025:10:58:50 -0400] "GET /wp-json/elementor/v1/checklist/user-progress HTTP/1.1" 200 614 "https://makstandardent.com/wp-admin/post.php?post=21&action=elementor" "Mozilla/5.0 (Windows NT 10.0; Win64; x64) AppleWebKit/537.36 (KHTML, like Gecko) Chrome/135.0.0.0 Safari/537.36"
103.244.175.189 - - [28/Apr/2025:10:58:54 -0400] "POST /wp-admin/admin-ajax.php HTTP/1.1" 200 207 "https://makstandardent.com/wp-admin/post.php?post=21&action=elementor" "Mozilla/5.0 (Windows NT 10.0; Win64; x64) AppleWebKit/537.36 (KHTML, like Gecko) Chrome/135.0.0.0 Safari/537.36"
66.29.132.124 - - [28/Apr/2025:10:59:05 -0400] "POST /wp-cron.php?doing_wp_cron=1745852345.1125791072845458984375 HTTP/1.1" 200 0 "-" "WordPress/6.8; https://makstandardent.com"
103.244.175.189 - - [28/Apr/2025:10:59:03 -0400] "POST /wp-admin/admin-ajax.php HTTP/1.1" 200 77 "https://makstandardent.com/wp-admin/post.php?post=21&action=elementor" "Mozilla/5.0 (Windows NT 10.0; Win64; x64) AppleWebKit/537.36 (KHTML, like Gecko) Chrome/135.0.0.0 Safari/537.36"
