103.244.175.189 - - [28/Apr/2025:09:49:07 -0400] "GET /wp-content/plugins/elementor/assets/js/frontend-modules.min.js?ver=3.28.4 HTTP/1.1" 200 14421 "https://makstandardent.com/home-page/" "Mozilla/5.0 (Windows NT 10.0; Win64; x64) AppleWebKit/537.36 (KHTML, like Gecko) Chrome/131.0.0.0 Safari/537.36"
103.244.175.189 - - [28/Apr/2025:09:49:07 -0400] "GET /wp-content/plugins/elementor-pro/assets/js/frontend.min.js?ver=3.28.3 HTTP/1.1" 200 6279 "https://makstandardent.com/home-page/" "Mozilla/5.0 (Windows NT 10.0; Win64; x64) AppleWebKit/537.36 (KHTML, like Gecko) Chrome/131.0.0.0 Safari/537.36"
103.244.175.189 - - [28/Apr/2025:09:49:07 -0400] "GET /wp-includes/js/jquery/ui/core.min.js?ver=1.13.3 HTTP/1.1" 200 6812 "https://makstandardent.com/home-page/" "Mozilla/5.0 (Windows NT 10.0; Win64; x64) AppleWebKit/537.36 (KHTML, like Gecko) Chrome/131.0.0.0 Safari/537.36"
103.244.175.189 - - [28/Apr/2025:09:49:07 -0400] "GET /wp-content/plugins/elementor/assets/js/frontend.min.js?ver=3.28.4 HTTP/1.1" 200 13099 "https://makstandardent.com/home-page/" "Mozilla/5.0 (Windows NT 10.0; Win64; x64) AppleWebKit/537.36 (KHTML, like Gecko) Chrome/131.0.0.0 Safari/537.36"
103.244.175.189 - - [28/Apr/2025:09:49:07 -0400] "GET /wp-content/plugins/woocommerce/assets/js/frontend/add-to-cart.min.js?ver=9.8.2 HTTP/1.1" 200 1225 "https://makstandardent.com/home-page/" "Mozilla/5.0 (Windows NT 10.0; Win64; x64) AppleWebKit/537.36 (KHTML, like Gecko) Chrome/131.0.0.0 Safari/537.36"
103.244.175.189 - - [28/Apr/2025:09:49:07 -0400] "GET /wp-content/plugins/woocommerce/assets/js/jquery-blockui/jquery.blockUI.min.js?ver=2.7.0-wc.9.8.2 HTTP/1.1" 200 3277 "https://makstandardent.com/home-page/" "Mozilla/5.0 (Windows NT 10.0; Win64; x64) AppleWebKit/537.36 (KHTML, like Gecko) Chrome/131.0.0.0 Safari/537.36"
103.244.175.189 - - [28/Apr/2025:09:49:07 -0400] "GET /wp-content/themes/astra/assets/css/minified/compatibility/woocommerce/woocommerce-smallscreen-grid.min.css?ver=4.10.1 HTTP/1.1" 200 796 "https://makstandardent.com/home-page/" "Mozilla/5.0 (Windows NT 10.0; Win64; x64) AppleWebKit/537.36 (KHTML, like Gecko) Chrome/131.0.0.0 Safari/537.36"
103.244.175.189 - - [28/Apr/2025:09:49:07 -0400] "GET /wp-content/plugins/woocommerce/assets/js/frontend/cart-fragments.min.js?ver=9.8.2 HTTP/1.1" 200 943 "https://makstandardent.com/home-page/" "Mozilla/5.0 (Windows NT 10.0; Win64; x64) AppleWebKit/537.36 (KHTML, like Gecko) Chrome/131.0.0.0 Safari/537.36"
103.244.175.189 - - [28/Apr/2025:09:49:07 -0400] "GET /wp-content/uploads/2025/04/categ-bg.jpg HTTP/1.1" 200 47551 "https://makstandardent.com/wp-content/uploads/elementor/css/post-21.css?ver=1745597360" "Mozilla/5.0 (Windows NT 10.0; Win64; x64) AppleWebKit/537.36 (KHTML, like Gecko) Chrome/131.0.0.0 Safari/537.36"
103.244.175.189 - - [28/Apr/2025:09:49:07 -0400] "GET /wp-content/plugins/woocommerce/assets/js/js-cookie/js.cookie.min.js?ver=2.1.4-wc.9.8.2 HTTP/1.1" 200 760 "https://makstandardent.com/home-page/" "Mozilla/5.0 (Windows NT 10.0; Win64; x64) AppleWebKit/537.36 (KHTML, like Gecko) Chrome/131.0.0.0 Safari/537.36"
103.244.175.189 - - [28/Apr/2025:09:49:07 -0400] "GET /wp-content/plugins/woocommerce/assets/js/frontend/woocommerce.min.js?ver=9.8.2 HTTP/1.1" 200 1241 "https://makstandardent.com/home-page/" "Mozilla/5.0 (Windows NT 10.0; Win64; x64) AppleWebKit/537.36 (KHTML, like Gecko) Chrome/131.0.0.0 Safari/537.36"
103.244.175.189 - - [28/Apr/2025:09:49:07 -0400] "GET /wp-content/uploads/2025/04/categ-bg-1.jpg HTTP/1.1" 200 37964 "https://makstandardent.com/wp-content/uploads/elementor/css/post-21.css?ver=1745597360" "Mozilla/5.0 (Windows NT 10.0; Win64; x64) AppleWebKit/537.36 (KHTML, like Gecko) Chrome/131.0.0.0 Safari/537.36"
103.244.175.189 - - [28/Apr/2025:09:49:07 -0400] "GET /wp-content/uploads/2025/04/hero-home.jpg HTTP/1.1" 200 202108 "https://makstandardent.com/wp-content/uploads/elementor/css/post-21.css?ver=1745597360" "Mozilla/5.0 (Windows NT 10.0; Win64; x64) AppleWebKit/537.36 (KHTML, like Gecko) Chrome/131.0.0.0 Safari/537.36"
103.244.175.189 - - [28/Apr/2025:09:49:08 -0400] "GET /wp-content/uploads/2025/04/categ-bg-2.jpg HTTP/1.1" 200 40822 "https://makstandardent.com/wp-content/uploads/elementor/css/post-21.css?ver=1745597360" "Mozilla/5.0 (Windows NT 10.0; Win64; x64) AppleWebKit/537.36 (KHTML, like Gecko) Chrome/131.0.0.0 Safari/537.36"
103.244.175.189 - - [28/Apr/2025:09:49:08 -0400] "GET /wp-content/uploads/2025/04/categ-bg-4.jpg HTTP/1.1" 200 48641 "https://makstandardent.com/wp-content/uploads/elementor/css/post-21.css?ver=1745597360" "Mozilla/5.0 (Windows NT 10.0; Win64; x64) AppleWebKit/537.36 (KHTML, like Gecko) Chrome/131.0.0.0 Safari/537.36"
103.244.175.189 - - [28/Apr/2025:09:49:08 -0400] "GET /wp-content/uploads/2025/04/categ-bg-5.jpg HTTP/1.1" 200 40929 "https://makstandardent.com/wp-content/uploads/elementor/css/post-21.css?ver=1745597360" "Mozilla/5.0 (Windows NT 10.0; Win64; x64) AppleWebKit/537.36 (KHTML, like Gecko) Chrome/131.0.0.0 Safari/537.36"
103.244.175.189 - - [28/Apr/2025:09:49:08 -0400] "GET /wp-content/uploads/2025/04/categ-bg-3.jpg HTTP/1.1" 200 46461 "https://makstandardent.com/wp-content/uploads/elementor/css/post-21.css?ver=1745597360" "Mozilla/5.0 (Windows NT 10.0; Win64; x64) AppleWebKit/537.36 (KHTML, like Gecko) Chrome/131.0.0.0 Safari/537.36"
103.244.175.189 - - [28/Apr/2025:09:49:08 -0400] "GET /wp-content/uploads/elementor/thumbs/upgrade-sect-vid-r4vwdvgt4qxq7mj9q000m9j2p4zeevhyp78x1jeu0m.jpg HTTP/1.1" 200 64185 "https://makstandardent.com/home-page/" "Mozilla/5.0 (Windows NT 10.0; Win64; x64) AppleWebKit/537.36 (KHTML, like Gecko) Chrome/131.0.0.0 Safari/537.36"
103.244.175.189 - - [28/Apr/2025:09:49:08 -0400] "GET /wp-content/uploads/2025/04/bg01.png HTTP/1.1" 200 21144 "https://makstandardent.com/wp-content/uploads/elementor/css/post-21.css?ver=1745597360" "Mozilla/5.0 (Windows NT 10.0; Win64; x64) AppleWebKit/537.36 (KHTML, like Gecko) Chrome/131.0.0.0 Safari/537.36"
103.244.175.189 - - [28/Apr/2025:09:49:08 -0400] "GET /wp-content/uploads/2025/04/bg-newsletter.png HTTP/1.1" 200 1358 "https://makstandardent.com/wp-content/uploads/elementor/css/post-64.css?ver=1745602467" "Mozilla/5.0 (Windows NT 10.0; Win64; x64) AppleWebKit/537.36 (KHTML, like Gecko) Chrome/131.0.0.0 Safari/537.36"
103.244.175.189 - - [28/Apr/2025:09:49:07 -0400] "GET /wp-content/plugins/elementor-pro/assets/js/elements-handlers.min.js?ver=3.28.3 HTTP/1.1" 200 10224 "https://makstandardent.com/home-page/" "Mozilla/5.0 (Windows NT 10.0; Win64; x64) AppleWebKit/537.36 (KHTML, like Gecko) Chrome/131.0.0.0 Safari/537.36"
103.244.175.189 - - [28/Apr/2025:09:49:08 -0400] "GET /wp-content/plugins/elementor-pro/assets/images/logo-placeholder.png HTTP/1.1" 200 4059 "https://makstandardent.com/home-page/" "Mozilla/5.0 (Windows NT 10.0; Win64; x64) AppleWebKit/537.36 (KHTML, like Gecko) Chrome/131.0.0.0 Safari/537.36"
103.244.175.189 - - [28/Apr/2025:09:49:08 -0400] "GET /wp-content/uploads/elementor/thumbs/shipped-1-r4vyz427vwcf4ymgrv3r3nlheykijvrgcz9odu0h8g.png HTTP/1.1" 200 585 "https://makstandardent.com/home-page/" "Mozilla/5.0 (Windows NT 10.0; Win64; x64) AppleWebKit/537.36 (KHTML, like Gecko) Chrome/131.0.0.0 Safari/537.36"
103.244.175.189 - - [28/Apr/2025:09:49:08 -0400] "GET /wp-content/uploads/elementor/thumbs/added-box-1-r4vyz0av4k79uirxdth8tojn1f31p3cj0gnqgq61xc.png HTTP/1.1" 200 856 "https://makstandardent.com/home-page/" "Mozilla/5.0 (Windows NT 10.0; Win64; x64) AppleWebKit/537.36 (KHTML, like Gecko) Chrome/131.0.0.0 Safari/537.36"
103.244.175.189 - - [28/Apr/2025:09:49:08 -0400] "GET /wp-content/uploads/elementor/thumbs/present-1-r4vwcrzc6ht9spcuxm2gp4stq70f84rrljrlnqd1b4.png HTTP/1.1" 200 797 "https://makstandardent.com/home-page/" "Mozilla/5.0 (Windows NT 10.0; Win64; x64) AppleWebKit/537.36 (KHTML, like Gecko) Chrome/131.0.0.0 Safari/537.36"
103.244.175.189 - - [28/Apr/2025:09:49:08 -0400] "GET /wp-content/uploads/elementor/thumbs/storefront-1-r4vyz8reu2iur0fn0f4vy4esdvxcmda41mj3s7tidc.png HTTP/1.1" 200 491 "https://makstandardent.com/home-page/" "Mozilla/5.0 (Windows NT 10.0; Win64; x64) AppleWebKit/537.36 (KHTML, like Gecko) Chrome/131.0.0.0 Safari/537.36"
103.244.175.189 - - [28/Apr/2025:09:49:08 -0400] "GET /wp-content/uploads/elementor/thumbs/sect-about-r4vwco88ky5zqc752ktgluonvh3yu64t685rzdlxmg.jpg HTTP/1.1" 200 103936 "https://makstandardent.com/home-page/" "Mozilla/5.0 (Windows NT 10.0; Win64; x64) AppleWebKit/537.36 (KHTML, like Gecko) Chrome/131.0.0.0 Safari/537.36"
103.244.175.189 - - [28/Apr/2025:09:49:08 -0400] "GET /wp-content/uploads/elementor/thumbs/dollar-1-r4vyz6vqgega3sidbebmt4vv746m6z2ndd84tnwaps.png HTTP/1.1" 200 832 "https://makstandardent.com/home-page/" "Mozilla/5.0 (Windows NT 10.0; Win64; x64) AppleWebKit/537.36 (KHTML, like Gecko) Chrome/131.0.0.0 Safari/537.36"
103.244.175.189 - - [28/Apr/2025:09:49:08 -0400] "GET /wp-content/uploads/elementor/thumbs/download-box-1-r4vwcusuqzx4rj8rh5acem37icmiv82ylxq23k8usg.png HTTP/1.1" 200 1284 "https://makstandardent.com/home-page/" "Mozilla/5.0 (Windows NT 10.0; Win64; x64) AppleWebKit/537.36 (KHTML, like Gecko) Chrome/131.0.0.0 Safari/537.36"
103.244.175.189 - - [28/Apr/2025:09:49:08 -0400] "GET /wp-content/uploads/elementor/thumbs/ribbon-2-r4vwcwoj4nzper61663ljlm4p4d9amafa7112462g0.png HTTP/1.1" 200 1496 "https://makstandardent.com/home-page/" "Mozilla/5.0 (Windows NT 10.0; Win64; x64) AppleWebKit/537.36 (KHTML, like Gecko) Chrome/131.0.0.0 Safari/537.36"
103.244.175.189 - - [28/Apr/2025:09:49:08 -0400] "GET /wp-content/uploads/elementor/thumbs/new-arrival-r4vwcziasrltkhpkd4t6gl0qqm8jyehkqpg61t26k8.jpg HTTP/1.1" 200 65430 "https://makstandardent.com/home-page/" "Mozilla/5.0 (Windows NT 10.0; Win64; x64) AppleWebKit/537.36 (KHTML, like Gecko) Chrome/131.0.0.0 Safari/537.36"
103.244.175.189 - - [28/Apr/2025:09:49:08 -0400] "GET /wp-content/uploads/elementor/google-fonts/fonts/poppins-pxieyp8kv8jhgfvrjjfecg.woff2 HTTP/1.1" 200 7884 "https://makstandardent.com/wp-content/uploads/elementor/google-fonts/css/poppins.css?ver=1745596400" "Mozilla/5.0 (Windows NT 10.0; Win64; x64) AppleWebKit/537.36 (KHTML, like Gecko) Chrome/131.0.0.0 Safari/537.36"
103.244.175.189 - - [28/Apr/2025:09:49:08 -0400] "GET /wp-content/uploads/elementor/thumbs/new-arrival2-1-r4vwd555lq5y8jxmbdm4gucgkkvnzkhb36qaea5dfc.jpg HTTP/1.1" 200 12749 "https://makstandardent.com/home-page/" "Mozilla/5.0 (Windows NT 10.0; Win64; x64) AppleWebKit/537.36 (KHTML, like Gecko) Chrome/131.0.0.0 Safari/537.36"
103.244.175.189 - - [28/Apr/2025:09:49:08 -0400] "GET /wp-content/uploads/elementor/google-fonts/fonts/poppins-pxigyp8kv8jhgfvrjjluchta.woff2 HTTP/1.1" 200 8668 "https://makstandardent.com/wp-content/uploads/elementor/google-fonts/css/poppins.css?ver=1745596400" "Mozilla/5.0 (Windows NT 10.0; Win64; x64) AppleWebKit/537.36 (KHTML, like Gecko) Chrome/131.0.0.0 Safari/537.36"
103.244.175.189 - - [28/Apr/2025:09:49:08 -0400] "GET /wp-content/uploads/elementor/google-fonts/fonts/oxanium-rrqqbon_4yj0jmime2le0q.woff2 HTTP/1.1" 200 14012 "https://makstandardent.com/wp-content/uploads/elementor/google-fonts/css/oxanium.css?ver=1745596396" "Mozilla/5.0 (Windows NT 10.0; Win64; x64) AppleWebKit/537.36 (KHTML, like Gecko) Chrome/131.0.0.0 Safari/537.36"
103.244.175.189 - - [28/Apr/2025:09:49:08 -0400] "GET /wp-content/uploads/elementor/thumbs/new-arrival2-r4vwd39h823dlc0cmcsvbutjdt4xk69uexfbfq85rs.jpg HTTP/1.1" 200 11890 "https://makstandardent.com/home-page/" "Mozilla/5.0 (Windows NT 10.0; Win64; x64) AppleWebKit/537.36 (KHTML, like Gecko) Chrome/131.0.0.0 Safari/537.36"
103.244.175.189 - - [28/Apr/2025:09:49:08 -0400] "GET /wp-content/uploads/elementor/google-fonts/fonts/poppins-pxibyp8kv8jhgfvrlej6z1xlfq.woff2 HTTP/1.1" 200 8000 "https://makstandardent.com/wp-content/uploads/elementor/google-fonts/css/poppins.css?ver=1745596400" "Mozilla/5.0 (Windows NT 10.0; Win64; x64) AppleWebKit/537.36 (KHTML, like Gecko) Chrome/131.0.0.0 Safari/537.36"
103.244.175.189 - - [28/Apr/2025:09:49:09 -0400] "GET /wp-content/plugins/elementor-pro/assets/js/search-form.b7065999d77832a1b764.bundle.min.js HTTP/1.1" 200 752 "https://makstandardent.com/home-page/" "Mozilla/5.0 (Windows NT 10.0; Win64; x64) AppleWebKit/537.36 (KHTML, like Gecko) Chrome/131.0.0.0 Safari/537.36"
103.244.175.189 - - [28/Apr/2025:09:49:09 -0400] "GET /wp-content/plugins/elementor/assets/js/text-editor.c084ef86600b6f11690d.bundle.min.js HTTP/1.1" 200 621 "https://makstandardent.com/home-page/" "Mozilla/5.0 (Windows NT 10.0; Win64; x64) AppleWebKit/537.36 (KHTML, like Gecko) Chrome/131.0.0.0 Safari/537.36"
103.244.175.189 - - [28/Apr/2025:09:49:09 -0400] "GET /wp-content/plugins/elementor-pro/assets/js/woocommerce-menu-cart.eb61fe086245485310a4.bundle.min.js HTTP/1.1" 200 1465 "https://makstandardent.com/home-page/" "Mozilla/5.0 (Windows NT 10.0; Win64; x64) AppleWebKit/537.36 (KHTML, like Gecko) Chrome/131.0.0.0 Safari/537.36"
103.244.175.189 - - [28/Apr/2025:09:49:09 -0400] "GET /wp-content/plugins/elementor/assets/js/video.6ebfa2c3f5493cb2eaaf.bundle.min.js HTTP/1.1" 200 1228 "https://makstandardent.com/home-page/" "Mozilla/5.0 (Windows NT 10.0; Win64; x64) AppleWebKit/537.36 (KHTML, like Gecko) Chrome/131.0.0.0 Safari/537.36"
103.244.175.189 - - [28/Apr/2025:09:49:09 -0400] "GET /wp-content/plugins/elementor-pro/assets/js/carousel.3620fca501cb18163600.bundle.min.js HTTP/1.1" 200 1594 "https://makstandardent.com/home-page/" "Mozilla/5.0 (Windows NT 10.0; Win64; x64) AppleWebKit/537.36 (KHTML, like Gecko) Chrome/131.0.0.0 Safari/537.36"
103.244.175.189 - - [28/Apr/2025:09:49:09 -0400] "GET /wp-content/plugins/elementor-pro/assets/js/posts.aec59265318492b89cb5.bundle.min.js HTTP/1.1" 200 1178 "https://makstandardent.com/home-page/" "Mozilla/5.0 (Windows NT 10.0; Win64; x64) AppleWebKit/537.36 (KHTML, like Gecko) Chrome/131.0.0.0 Safari/537.36"
103.244.175.189 - - [28/Apr/2025:09:49:09 -0400] "GET /wp-content/plugins/elementor-pro/assets/js/load-more.8b46f464e573feab5dd7.bundle.min.js HTTP/1.1" 200 1484 "https://makstandardent.com/home-page/" "Mozilla/5.0 (Windows NT 10.0; Win64; x64) AppleWebKit/537.36 (KHTML, like Gecko) Chrome/131.0.0.0 Safari/537.36"
103.244.175.189 - - [28/Apr/2025:09:49:09 -0400] "GET /wp-includes/js/wp-emoji-release.min.js?ver=6.8 HTTP/1.1" 200 4771 "https://makstandardent.com/home-page/" "Mozilla/5.0 (Windows NT 10.0; Win64; x64) AppleWebKit/537.36 (KHTML, like Gecko) Chrome/131.0.0.0 Safari/537.36"
103.244.175.189 - - [28/Apr/2025:09:49:10 -0400] "GET /wp-content/plugins/elementor-pro/assets/js/popup.f7b15b2ca565b152bf98.bundle.min.js HTTP/1.1" 200 394 "https://makstandardent.com/home-page/" "Mozilla/5.0 (Windows NT 10.0; Win64; x64) AppleWebKit/537.36 (KHTML, like Gecko) Chrome/131.0.0.0 Safari/537.36"
103.244.175.189 - - [28/Apr/2025:09:49:10 -0400] "GET /wp-content/plugins/elementor-pro/assets/js/form.5fb35271b8ba3fb1e7d6.bundle.min.js HTTP/1.1" 200 4961 "https://makstandardent.com/home-page/" "Mozilla/5.0 (Windows NT 10.0; Win64; x64) AppleWebKit/537.36 (KHTML, like Gecko) Chrome/131.0.0.0 Safari/537.36"
103.244.175.189 - - [28/Apr/2025:09:49:10 -0400] "GET /favicon.ico HTTP/1.1" 404 1251 "https://makstandardent.com/home-page/" "Mozilla/5.0 (Windows NT 10.0; Win64; x64) AppleWebKit/537.36 (KHTML, like Gecko) Chrome/131.0.0.0 Safari/537.36"
103.244.175.189 - - [28/Apr/2025:09:49:09 -0400] "POST /?wc-ajax=get_refreshed_fragments HTTP/1.1" 200 1314 "https://makstandardent.com/home-page/" "Mozilla/5.0 (Windows NT 10.0; Win64; x64) AppleWebKit/537.36 (KHTML, like Gecko) Chrome/131.0.0.0 Safari/537.36"
103.244.175.189 - - [28/Apr/2025:09:49:12 -0400] "POST /wp-admin/admin-ajax.php HTTP/1.1" 200 1341 "https://makstandardent.com/home-page/" "Mozilla/5.0 (Windows NT 10.0; Win64; x64) AppleWebKit/537.36 (KHTML, like Gecko) Chrome/131.0.0.0 Safari/537.36"
103.244.175.189 - - [28/Apr/2025:09:49:13 -0400] "GET /wp-content/uploads/elementor/thumbs/services-0-r4vwdnxy2j7j47rlx52dbc6kowy6akukz9tzadpvpm.jpg HTTP/1.1" 200 30220 "https://makstandardent.com/home-page/" "Mozilla/5.0 (Windows NT 10.0; Win64; x64) AppleWebKit/537.36 (KHTML, like Gecko) Chrome/131.0.0.0 Safari/537.36"
103.244.175.189 - - [28/Apr/2025:09:49:13 -0400] "GET /wp-content/uploads/elementor/thumbs/services-0-2-r4vwdsn50pdyq9ks5p3i5szvnub0d2d8nx3eoriwui.jpg HTTP/1.1" 200 26085 "https://makstandardent.com/home-page/" "Mozilla/5.0 (Windows NT 10.0; Win64; x64) AppleWebKit/537.36 (KHTML, like Gecko) Chrome/131.0.0.0 Safari/537.36"
39.51.100.81 - - [28/Apr/2025:09:44:14 -0400] "GET /wp-content/uploads/2025/04/bg01.png HTTP/1.1" 200 21144 "https://makstandardent.com/wp-content/uploads/elementor/css/post-21.css?ver=1745597360" "Mozilla/5.0 (Windows NT 10.0; Win64; x64) AppleWebKit/537.36 (KHTML, like Gecko) Chrome/135.0.0.0 Safari/537.36"
39.51.100.81 - - [28/Apr/2025:09:44:14 -0400] "GET /wp-content/uploads/elementor/thumbs/upgrade-sect-vid-r4vwdvgt4qxq7mj9q000m9j2p4zeevhyp78x1jeu0m.jpg HTTP/1.1" 200 64185 "https://makstandardent.com/home-page/" "Mozilla/5.0 (Windows NT 10.0; Win64; x64) AppleWebKit/537.36 (KHTML, like Gecko) Chrome/135.0.0.0 Safari/537.36"
39.51.100.81 - - [28/Apr/2025:09:44:15 -0400] "GET /wp-content/plugins/elementor/assets/js/text-editor.c084ef86600b6f11690d.bundle.min.js HTTP/1.1" 200 621 "https://makstandardent.com/home-page/" "Mozilla/5.0 (Windows NT 10.0; Win64; x64) AppleWebKit/537.36 (KHTML, like Gecko) Chrome/135.0.0.0 Safari/537.36"
39.51.100.81 - - [28/Apr/2025:09:44:15 -0400] "GET /wp-content/plugins/elementor/assets/js/video.6ebfa2c3f5493cb2eaaf.bundle.min.js HTTP/1.1" 200 1228 "https://makstandardent.com/home-page/" "Mozilla/5.0 (Windows NT 10.0; Win64; x64) AppleWebKit/537.36 (KHTML, like Gecko) Chrome/135.0.0.0 Safari/537.36"
39.51.100.81 - - [28/Apr/2025:09:44:15 -0400] "GET /wp-content/plugins/elementor-pro/assets/js/carousel.3620fca501cb18163600.bundle.min.js HTTP/1.1" 200 1594 "https://makstandardent.com/home-page/" "Mozilla/5.0 (Windows NT 10.0; Win64; x64) AppleWebKit/537.36 (KHTML, like Gecko) Chrome/135.0.0.0 Safari/537.36"
39.51.100.81 - - [28/Apr/2025:09:44:15 -0400] "GET /wp-content/plugins/elementor-pro/assets/js/load-more.8b46f464e573feab5dd7.bundle.min.js HTTP/1.1" 200 1484 "https://makstandardent.com/home-page/" "Mozilla/5.0 (Windows NT 10.0; Win64; x64) AppleWebKit/537.36 (KHTML, like Gecko) Chrome/135.0.0.0 Safari/537.36"
39.51.100.81 - - [28/Apr/2025:09:44:15 -0400] "GET /wp-content/plugins/elementor-pro/assets/js/posts.aec59265318492b89cb5.bundle.min.js HTTP/1.1" 200 1178 "https://makstandardent.com/home-page/" "Mozilla/5.0 (Windows NT 10.0; Win64; x64) AppleWebKit/537.36 (KHTML, like Gecko) Chrome/135.0.0.0 Safari/537.36"
39.51.100.81 - - [28/Apr/2025:09:44:15 -0400] "POST /wp-admin/admin-ajax.php HTTP/1.1" 200 1341 "https://makstandardent.com/home-page/" "Mozilla/5.0 (Windows NT 10.0; Win64; x64) AppleWebKit/537.36 (KHTML, like Gecko) Chrome/135.0.0.0 Safari/537.36"
103.244.175.189 - - [28/Apr/2025:09:49:13 -0400] "GET /wp-content/uploads/elementor/thumbs/services-0-1-r4vwdptmg7a3rfovm5vmgbphvoowpz21nj4y8xn3d6.jpg HTTP/1.1" 200 33855 "https://makstandardent.com/home-page/" "Mozilla/5.0 (Windows NT 10.0; Win64; x64) AppleWebKit/537.36 (KHTML, like Gecko) Chrome/131.0.0.0 Safari/537.36"
66.29.132.124 - - [28/Apr/2025:09:50:40 -0400] "POST /wp-cron.php?doing_wp_cron=1745848240.4960350990295410156250 HTTP/1.1" 200 0 "-" "WordPress/6.8; https://makstandardent.com"
103.244.175.189 - - [28/Apr/2025:09:50:35 -0400] "POST /wp-admin/admin-ajax.php HTTP/1.1" 200 77 "https://makstandardent.com/wp-admin/post.php?post=21&action=elementor" "Mozilla/5.0 (Windows NT 10.0; Win64; x64) AppleWebKit/537.36 (KHTML, like Gecko) Chrome/135.0.0.0 Safari/537.36"
66.29.132.124 - - [28/Apr/2025:09:50:41 -0400] "POST /wp-admin/admin-ajax.php?action=async_litespeed&nonce=9yd0wcyMLRT815YALi4cLpPFPaAqLpdf&litespeed_type=imgoptm HTTP/1.1" 200 0 "-" "WordPress/6.8; https://makstandardent.com"
66.29.132.124 - - [28/Apr/2025:09:50:57 -0400] "POST /wp-cron.php?doing_wp_cron=1745848257.9035360813140869140625 HTTP/1.1" 200 0 "-" "WordPress/6.8; https://makstandardent.com"
103.244.175.189 - - [28/Apr/2025:09:50:57 -0400] "POST /wp-admin/admin-ajax.php HTTP/1.1" 200 47 "https://makstandardent.com/wp-admin/edit.php?post_type=elementor_library" "Mozilla/5.0 (Windows NT 10.0; Win64; x64) AppleWebKit/537.36 (KHTML, like Gecko) Chrome/135.0.0.0 Safari/537.36"
66.29.132.124 - - [28/Apr/2025:09:52:40 -0400] "POST /wp-cron.php?doing_wp_cron=1745848360.4109508991241455078125 HTTP/1.1" 200 0 "-" "WordPress/6.8; https://makstandardent.com"
103.244.175.189 - - [28/Apr/2025:09:52:36 -0400] "POST /wp-admin/admin-ajax.php HTTP/1.1" 200 77 "https://makstandardent.com/wp-admin/post.php?post=21&action=elementor" "Mozilla/5.0 (Windows NT 10.0; Win64; x64) AppleWebKit/537.36 (KHTML, like Gecko) Chrome/135.0.0.0 Safari/537.36"
66.29.132.124 - - [28/Apr/2025:09:52:41 -0400] "POST /wp-admin/admin-ajax.php?action=async_litespeed&nonce=DyxFhGXblbb896V3zwiGgF7aMSC0YNx5&litespeed_type=imgoptm HTTP/1.1" 200 0 "-" "WordPress/6.8; https://makstandardent.com"
66.29.132.124 - - [28/Apr/2025:09:52:59 -0400] "POST /wp-cron.php?doing_wp_cron=1745848379.2589840888977050781250 HTTP/1.1" 200 0 "-" "WordPress/6.8; https://makstandardent.com"
103.244.175.189 - - [28/Apr/2025:09:52:58 -0400] "POST /wp-admin/admin-ajax.php HTTP/1.1" 200 47 "https://makstandardent.com/wp-admin/edit.php?post_type=elementor_library" "Mozilla/5.0 (Windows NT 10.0; Win64; x64) AppleWebKit/537.36 (KHTML, like Gecko) Chrome/135.0.0.0 Safari/537.36"
66.29.132.124 - - [28/Apr/2025:09:54:46 -0400] "POST /wp-cron.php?doing_wp_cron=1745848484.6482539176940917968750 HTTP/1.1" 200 0 "-" "WordPress/6.8; https://makstandardent.com"
103.244.175.189 - - [28/Apr/2025:09:54:38 -0400] "POST /wp-admin/admin-ajax.php HTTP/1.1" 200 77 "https://makstandardent.com/wp-admin/post.php?post=21&action=elementor" "Mozilla/5.0 (Windows NT 10.0; Win64; x64) AppleWebKit/537.36 (KHTML, like Gecko) Chrome/135.0.0.0 Safari/537.36"
66.29.132.124 - - [28/Apr/2025:09:56:49 -0400] "POST /wp-cron.php?doing_wp_cron=1745848609.0738980770111083984375 HTTP/1.1" 200 0 "-" "WordPress/6.8; https://makstandardent.com"
103.244.175.189 - - [28/Apr/2025:09:56:38 -0400] "POST /wp-admin/admin-ajax.php HTTP/1.1" 200 77 "https://makstandardent.com/wp-admin/post.php?post=21&action=elementor" "Mozilla/5.0 (Windows NT 10.0; Win64; x64) AppleWebKit/537.36 (KHTML, like Gecko) Chrome/135.0.0.0 Safari/537.36"
66.29.132.124 - - [28/Apr/2025:09:56:52 -0400] "POST /wp-admin/admin-ajax.php?action=async_litespeed&nonce=OpeaU6qXIEYv1acJWtJcLbnUdgC4f8wf&litespeed_type=imgoptm HTTP/1.1" 200 0 "-" "WordPress/6.8; https://makstandardent.com"
132.232.144.200 - - [28/Apr/2025:09:57:10 -0400] "GET / HTTP/1.1" 200 38887 "http://makstandardent.com" "Mozilla/5.0 (iPhone; CPU iPhone OS 13_2_3 like Mac OS X) AppleWebKit/605.1.15 (KHTML, like Gecko) Version/13.0.3 Mobile/15E148 Safari/604.1"
66.29.132.124 - - [28/Apr/2025:09:58:45 -0400] "POST /wp-cron.php?doing_wp_cron=1745848725.3421189785003662109375 HTTP/1.1" 200 0 "-" "WordPress/6.8; https://makstandardent.com"
103.244.175.189 - - [28/Apr/2025:09:58:39 -0400] "POST /wp-admin/admin-ajax.php HTTP/1.1" 200 77 "https://makstandardent.com/wp-admin/post.php?post=21&action=elementor" "Mozilla/5.0 (Windows NT 10.0; Win64; x64) AppleWebKit/537.36 (KHTML, like Gecko) Chrome/135.0.0.0 Safari/537.36"
66.29.132.124 - - [28/Apr/2025:09:58:48 -0400] "POST /wp-admin/admin-ajax.php?action=async_litespeed&nonce=d3PIkzjpc8CYhyNizRLk24i1VGg3tGFX&litespeed_type=imgoptm HTTP/1.1" 200 0 "-" "WordPress/6.8; https://makstandardent.com"
66.29.132.124 - - [28/Apr/2025:10:00:46 -0400] "POST /wp-cron.php?doing_wp_cron=1745848845.4139599800109863281250 HTTP/1.1" 200 0 "-" "WordPress/6.8; https://makstandardent.com"
103.244.175.189 - - [28/Apr/2025:10:00:40 -0400] "POST /wp-admin/admin-ajax.php HTTP/1.1" 200 77 "https://makstandardent.com/wp-admin/post.php?post=21&action=elementor" "Mozilla/5.0 (Windows NT 10.0; Win64; x64) AppleWebKit/537.36 (KHTML, like Gecko) Chrome/135.0.0.0 Safari/537.36"
66.29.132.124 - - [28/Apr/2025:10:02:54 -0400] "POST /wp-cron.php?doing_wp_cron=1745848973.6878259181976318359375 HTTP/1.1" 200 0 "-" "WordPress/6.8; https://makstandardent.com"
103.244.175.189 - - [28/Apr/2025:10:02:41 -0400] "POST /wp-admin/admin-ajax.php HTTP/1.1" 200 77 "https://makstandardent.com/wp-admin/post.php?post=21&action=elementor" "Mozilla/5.0 (Windows NT 10.0; Win64; x64) AppleWebKit/537.36 (KHTML, like Gecko) Chrome/135.0.0.0 Safari/537.36"
66.29.132.124 - - [28/Apr/2025:10:02:56 -0400] "POST /wp-admin/admin-ajax.php?action=async_litespeed&nonce=nsvFIDyQuF3oxOrGxGicKwRe8IX0O1Pb&litespeed_type=imgoptm HTTP/1.1" 200 0 "-" "WordPress/6.8; https://makstandardent.com"
66.29.132.124 - - [28/Apr/2025:10:04:47 -0400] "POST /wp-cron.php?doing_wp_cron=1745849086.8726971149444580078125 HTTP/1.1" 200 0 "-" "WordPress/6.8; https://makstandardent.com"
103.244.175.189 - - [28/Apr/2025:10:04:42 -0400] "POST /wp-admin/admin-ajax.php HTTP/1.1" 200 77 "https://makstandardent.com/wp-admin/post.php?post=21&action=elementor" "Mozilla/5.0 (Windows NT 10.0; Win64; x64) AppleWebKit/537.36 (KHTML, like Gecko) Chrome/135.0.0.0 Safari/537.36"
66.29.132.124 - - [28/Apr/2025:10:04:48 -0400] "POST /wp-admin/admin-ajax.php?action=async_litespeed&nonce=Juuru0DHuWsPAGTuH0TRsstWByO013KW&litespeed_type=imgoptm HTTP/1.1" 200 0 "-" "WordPress/6.8; https://makstandardent.com"
103.244.175.189 - - [28/Apr/2025:10:06:45 -0400] "POST /wp-admin/admin-ajax.php HTTP/1.1" 200 77 "https://makstandardent.com/wp-admin/post.php?post=21&action=elementor" "Mozilla/5.0 (Windows NT 10.0; Win64; x64) AppleWebKit/537.36 (KHTML, like Gecko) Chrome/135.0.0.0 Safari/537.36"
66.29.132.124 - - [28/Apr/2025:10:06:52 -0400] "POST /wp-cron.php?doing_wp_cron=1745849209.4838740825653076171875 HTTP/1.1" 200 0 "-" "WordPress/6.8; https://makstandardent.com"
66.29.132.124 - - [28/Apr/2025:10:08:52 -0400] "POST /wp-cron.php?doing_wp_cron=1745849331.1689360141754150390625 HTTP/1.1" 200 0 "-" "WordPress/6.8; https://makstandardent.com"
103.244.175.189 - - [28/Apr/2025:10:08:44 -0400] "POST /wp-admin/admin-ajax.php HTTP/1.1" 200 77 "https://makstandardent.com/wp-admin/post.php?post=21&action=elementor" "Mozilla/5.0 (Windows NT 10.0; Win64; x64) AppleWebKit/537.36 (KHTML, like Gecko) Chrome/135.0.0.0 Safari/537.36"
66.29.132.124 - - [28/Apr/2025:10:08:53 -0400] "POST /wp-admin/admin-ajax.php?action=async_litespeed&nonce=Oi3V5yqS2PeNXDNRYYKLCQQzeCsljBx0&litespeed_type=imgoptm HTTP/1.1" 200 0 "-" "WordPress/6.8; https://makstandardent.com"
103.244.175.189 - - [28/Apr/2025:10:09:02 -0400] "POST /wp-admin/admin-ajax.php HTTP/1.1" 200 77 "https://makstandardent.com/wp-admin/post.php?post=21&action=elementor" "Mozilla/5.0 (Windows NT 10.0; Win64; x64) AppleWebKit/537.36 (KHTML, like Gecko) Chrome/135.0.0.0 Safari/537.36"
66.29.132.124 - - [28/Apr/2025:10:09:03 -0400] "POST /wp-cron.php?doing_wp_cron=1745849343.3000979423522949218750 HTTP/1.1" 200 0 "-" "WordPress/6.8; https://makstandardent.com"
103.244.175.189 - - [28/Apr/2025:10:09:02 -0400] "GET /wp-json/elementor/v1/checklist/user-progress HTTP/1.1" 403 90 "https://makstandardent.com/wp-admin/post.php?post=21&action=elementor" "Mozilla/5.0 (Windows NT 10.0; Win64; x64) AppleWebKit/537.36 (KHTML, like Gecko) Chrome/135.0.0.0 Safari/537.36"
103.244.175.189 - - [28/Apr/2025:10:09:18 -0400] "POST /wp-admin/admin-ajax.php HTTP/1.1" 200 77 "https://makstandardent.com/wp-admin/post.php?post=21&action=elementor" "Mozilla/5.0 (Windows NT 10.0; Win64; x64) AppleWebKit/537.36 (KHTML, like Gecko) Chrome/135.0.0.0 Safari/537.36"
103.244.175.189 - - [28/Apr/2025:10:10:16 -0400] "POST /wp-admin/admin-ajax.php HTTP/1.1" 200 77 "https://makstandardent.com/wp-admin/post.php?post=21&action=elementor" "Mozilla/5.0 (Windows NT 10.0; Win64; x64) AppleWebKit/537.36 (KHTML, like Gecko) Chrome/135.0.0.0 Safari/537.36"
66.29.132.124 - - [28/Apr/2025:10:10:18 -0400] "POST /wp-cron.php?doing_wp_cron=1745849418.2106549739837646484375 HTTP/1.1" 200 0 "-" "WordPress/6.8; https://makstandardent.com"
103.244.175.189 - - [28/Apr/2025:10:10:16 -0400] "GET /wp-json/elementor/v1/checklist/user-progress HTTP/1.1" 403 90 "https://makstandardent.com/wp-admin/post.php?post=21&action=elementor" "Mozilla/5.0 (Windows NT 10.0; Win64; x64) AppleWebKit/537.36 (KHTML, like Gecko) Chrome/135.0.0.0 Safari/537.36"
103.244.175.189 - - [28/Apr/2025:10:10:18 -0400] "POST /wp-admin/admin-ajax.php HTTP/1.1" 200 47 "https://makstandardent.com/wp-admin/edit.php?post_type=elementor_library" "Mozilla/5.0 (Windows NT 10.0; Win64; x64) AppleWebKit/537.36 (KHTML, like Gecko) Chrome/135.0.0.0 Safari/537.36"
66.29.132.124 - - [28/Apr/2025:10:10:20 -0400] "POST /wp-admin/admin-ajax.php?action=async_litespeed&nonce=soUD9Rd8qn2zmkhaT2fVJLWauFOS2gRY&litespeed_type=imgoptm HTTP/1.1" 200 0 "-" "WordPress/6.8; https://makstandardent.com"
103.244.175.189 - - [28/Apr/2025:10:10:28 -0400] "POST /wp-admin/admin-ajax.php HTTP/1.1" 200 47 "https://makstandardent.com/wp-admin/edit.php?post_type=elementor_library" "Mozilla/5.0 (Windows NT 10.0; Win64; x64) AppleWebKit/537.36 (KHTML, like Gecko) Chrome/135.0.0.0 Safari/537.36"
66.29.132.124 - - [28/Apr/2025:10:10:29 -0400] "POST /wp-cron.php?doing_wp_cron=1745849429.1429440975189208984375 HTTP/1.1" 200 0 "-" "WordPress/6.8; https://makstandardent.com"
66.29.132.124 - - [28/Apr/2025:10:10:29 -0400] "POST /wp-admin/admin-ajax.php?action=async_litespeed&nonce=dR89ZPg72gGTIQFtsAbS2zicAbs8zUtb&litespeed_type=imgoptm HTTP/1.1" 200 21 "-" "WordPress/6.8; https://makstandardent.com"
103.244.175.189 - - [28/Apr/2025:10:10:27 -0400] "GET /wp-admin/post.php?post=52&action=elementor HTTP/1.1" 200 263938 "https://makstandardent.com/wp-admin/edit.php?post_type=elementor_library" "Mozilla/5.0 (Windows NT 10.0; Win64; x64) AppleWebKit/537.36 (KHTML, like Gecko) Chrome/135.0.0.0 Safari/537.36"
103.244.175.189 - - [28/Apr/2025:10:10:41 -0400] "GET /wp-json/elementor/v1/global-widget/templates HTTP/1.1" 200 2 "https://makstandardent.com/wp-admin/post.php?post=52&action=elementor" "Mozilla/5.0 (Windows NT 10.0; Win64; x64) AppleWebKit/537.36 (KHTML, like Gecko) Chrome/135.0.0.0 Safari/537.36"
103.244.175.189 - - [28/Apr/2025:10:10:41 -0400] "POST /wp-admin/admin-ajax.php HTTP/1.1" 200 77 "https://makstandardent.com/wp-admin/post.php?post=52&action=elementor" "Mozilla/5.0 (Windows NT 10.0; Win64; x64) AppleWebKit/537.36 (KHTML, like Gecko) Chrome/135.0.0.0 Safari/537.36"
103.244.175.189 - - [28/Apr/2025:10:10:42 -0400] "GET /wp-json/elementor/v1/checklist/user-progress HTTP/1.1" 200 614 "https://makstandardent.com/wp-admin/post.php?post=52&action=elementor" "Mozilla/5.0 (Windows NT 10.0; Win64; x64) AppleWebKit/537.36 (KHTML, like Gecko) Chrome/135.0.0.0 Safari/537.36"
103.244.175.189 - - [28/Apr/2025:10:10:42 -0400] "GET /wp-json/elementor/v1/site-navigation/recent-posts?posts_per_page=6&_locale=user HTTP/1.1" 200 1458 "https://makstandardent.com/wp-admin/post.php?post=52&action=elementor" "Mozilla/5.0 (Windows NT 10.0; Win64; x64) AppleWebKit/537.36 (KHTML, like Gecko) Chrome/135.0.0.0 Safari/537.36"
103.244.175.189 - - [28/Apr/2025:10:10:42 -0400] "GET /wp-json/elementor/v1/kit-elements-defaults HTTP/1.1" 200 2 "https://makstandardent.com/wp-admin/post.php?post=52&action=elementor" "Mozilla/5.0 (Windows NT 10.0; Win64; x64) AppleWebKit/537.36 (KHTML, like Gecko) Chrome/135.0.0.0 Safari/537.36"
66.29.132.124 - - [28/Apr/2025:10:10:43 -0400] "POST /wp-cron.php?doing_wp_cron=1745849443.3382270336151123046875 HTTP/1.1" 200 0 "-" "WordPress/6.8; https://makstandardent.com"
103.244.175.189 - - [28/Apr/2025:10:10:41 -0400] "GET /?elementor_library=header-2&elementor-preview=52&ver=1745849432 HTTP/1.1" 200 80751 "https://makstandardent.com/wp-admin/post.php?post=52&action=elementor" "Mozilla/5.0 (Windows NT 10.0; Win64; x64) AppleWebKit/537.36 (KHTML, like Gecko) Chrome/135.0.0.0 Safari/537.36"
103.244.175.189 - - [28/Apr/2025:10:10:42 -0400] "POST /wp-admin/admin-ajax.php HTTP/1.1" 200 639456 "https://makstandardent.com/wp-admin/post.php?post=52&action=elementor" "Mozilla/5.0 (Windows NT 10.0; Win64; x64) AppleWebKit/537.36 (KHTML, like Gecko) Chrome/135.0.0.0 Safari/537.36"
103.244.175.189 - - [28/Apr/2025:10:10:46 -0400] "GET /wp-json/elementor/v1/checklist/user-progress HTTP/1.1" 200 614 "https://makstandardent.com/wp-admin/post.php?post=52&action=elementor" "Mozilla/5.0 (Windows NT 10.0; Win64; x64) AppleWebKit/537.36 (KHTML, like Gecko) Chrome/135.0.0.0 Safari/537.36"
103.244.175.189 - - [28/Apr/2025:10:10:47 -0400] "GET /wp-json/elementor/v1/globals HTTP/1.1" 200 9042 "https://makstandardent.com/wp-admin/post.php?post=52&action=elementor" "Mozilla/5.0 (Windows NT 10.0; Win64; x64) AppleWebKit/537.36 (KHTML, like Gecko) Chrome/135.0.0.0 Safari/537.36"
103.244.175.189 - - [28/Apr/2025:10:10:52 -0400] "POST /wp-admin/admin-ajax.php HTTP/1.1" 200 84 "https://makstandardent.com/wp-admin/post.php?post=52&action=elementor" "Mozilla/5.0 (Windows NT 10.0; Win64; x64) AppleWebKit/537.36 (KHTML, like Gecko) Chrome/135.0.0.0 Safari/537.36"
103.244.175.189 - - [28/Apr/2025:10:10:54 -0400] "GET /wp-content/uploads/2025/04/shipped-1.png HTTP/1.1" 200 621 "https://makstandardent.com/?elementor_library=header-2&elementor-preview=52&ver=1745849432" "Mozilla/5.0 (Windows NT 10.0; Win64; x64) AppleWebKit/537.36 (KHTML, like Gecko) Chrome/135.0.0.0 Safari/537.36"
103.244.175.189 - - [28/Apr/2025:10:10:54 -0400] "GET /wp-content/uploads/2025/04/added-box-1.png HTTP/1.1" 200 890 "https://makstandardent.com/?elementor_library=header-2&elementor-preview=52&ver=1745849432" "Mozilla/5.0 (Windows NT 10.0; Win64; x64) AppleWebKit/537.36 (KHTML, like Gecko) Chrome/135.0.0.0 Safari/537.36"
103.244.175.189 - - [28/Apr/2025:10:10:54 -0400] "GET /wp-content/uploads/2025/04/storefront-1.png HTTP/1.1" 200 516 "https://makstandardent.com/?elementor_library=header-2&elementor-preview=52&ver=1745849432" "Mozilla/5.0 (Windows NT 10.0; Win64; x64) AppleWebKit/537.36 (KHTML, like Gecko) Chrome/135.0.0.0 Safari/537.36"
103.244.175.189 - - [28/Apr/2025:10:10:54 -0400] "GET /wp-content/uploads/2025/04/dollar-1.png HTTP/1.1" 200 875 "https://makstandardent.com/?elementor_library=header-2&elementor-preview=52&ver=1745849432" "Mozilla/5.0 (Windows NT 10.0; Win64; x64) AppleWebKit/537.36 (KHTML, like Gecko) Chrome/135.0.0.0 Safari/537.36"
103.244.175.189 - - [28/Apr/2025:10:10:54 -0400] "GET /wp-content/plugins/elementor-pro/assets/js/nav-menu.a23fbd67486c5bedf26c.bundle.min.js HTTP/1.1" 304 0 "https://makstandardent.com/?elementor_library=header-2&elementor-preview=52&ver=1745849432" "Mozilla/5.0 (Windows NT 10.0; Win64; x64) AppleWebKit/537.36 (KHTML, like Gecko) Chrome/135.0.0.0 Safari/537.36"
103.244.175.189 - - [28/Apr/2025:10:10:53 -0400] "POST /wp-admin/admin-ajax.php HTTP/1.1" 200 84 "https://makstandardent.com/wp-admin/post.php?post=52&action=elementor" "Mozilla/5.0 (Windows NT 10.0; Win64; x64) AppleWebKit/537.36 (KHTML, like Gecko) Chrome/135.0.0.0 Safari/537.36"
103.244.175.189 - - [28/Apr/2025:10:10:53 -0400] "GET /wp-json/elementor/v1/checklist/user-progress HTTP/1.1" 200 614 "https://makstandardent.com/wp-admin/post.php?post=52&action=elementor" "Mozilla/5.0 (Windows NT 10.0; Win64; x64) AppleWebKit/537.36 (KHTML, like Gecko) Chrome/135.0.0.0 Safari/537.36"
103.244.175.189 - - [28/Apr/2025:10:10:54 -0400] "POST /wp-admin/admin-ajax.php HTTP/1.1" 200 4153 "https://makstandardent.com/wp-admin/post.php?post=52&action=elementor" "Mozilla/5.0 (Windows NT 10.0; Win64; x64) AppleWebKit/537.36 (KHTML, like Gecko) Chrome/135.0.0.0 Safari/537.36"
103.244.175.189 - - [28/Apr/2025:10:10:54 -0400] "POST /wp-admin/admin-ajax.php HTTP/1.1" 200 244 "https://makstandardent.com/wp-admin/post.php?post=52&action=elementor" "Mozilla/5.0 (Windows NT 10.0; Win64; x64) AppleWebKit/537.36 (KHTML, like Gecko) Chrome/135.0.0.0 Safari/537.36"
103.244.175.189 - - [28/Apr/2025:10:10:54 -0400] "POST /wp-admin/admin-ajax.php HTTP/1.1" 200 84 "https://makstandardent.com/wp-admin/post.php?post=52&action=elementor" "Mozilla/5.0 (Windows NT 10.0; Win64; x64) AppleWebKit/537.36 (KHTML, like Gecko) Chrome/135.0.0.0 Safari/537.36"
66.29.132.124 - - [28/Apr/2025:10:10:57 -0400] "POST /wp-cron.php?doing_wp_cron=1745849457.8746130466461181640625 HTTP/1.1" 200 0 "-" "WordPress/6.8; https://makstandardent.com"
103.244.175.189 - - [28/Apr/2025:10:10:56 -0400] "POST /wp-admin/admin-ajax.php HTTP/1.1" 200 237 "https://makstandardent.com/wp-admin/post.php?post=52&action=elementor" "Mozilla/5.0 (Windows NT 10.0; Win64; x64) AppleWebKit/537.36 (KHTML, like Gecko) Chrome/135.0.0.0 Safari/537.36"
103.244.175.189 - - [28/Apr/2025:10:10:57 -0400] "POST /wp-admin/admin-ajax.php HTTP/1.1" 200 77 "https://makstandardent.com/wp-admin/post.php?post=52&action=elementor" "Mozilla/5.0 (Windows NT 10.0; Win64; x64) AppleWebKit/537.36 (KHTML, like Gecko) Chrome/135.0.0.0 Safari/537.36"
103.244.175.189 - - [28/Apr/2025:10:10:58 -0400] "POST /wp-admin/admin-ajax.php HTTP/1.1" 200 50646 "https://makstandardent.com/wp-admin/post.php?post=52&action=elementor" "Mozilla/5.0 (Windows NT 10.0; Win64; x64) AppleWebKit/537.36 (KHTML, like Gecko) Chrome/135.0.0.0 Safari/537.36"
103.244.175.189 - - [28/Apr/2025:10:11:01 -0400] "POST /wp-admin/admin-ajax.php HTTP/1.1" 200 77 "https://makstandardent.com/wp-admin/post.php?post=52&action=elementor" "Mozilla/5.0 (Windows NT 10.0; Win64; x64) AppleWebKit/537.36 (KHTML, like Gecko) Chrome/135.0.0.0 Safari/537.36"
103.244.175.189 - - [28/Apr/2025:10:11:02 -0400] "POST /wp-admin/admin-ajax.php HTTP/1.1" 200 17 "https://makstandardent.com/wp-admin/post.php?post=52&action=elementor&active-document=17" "Mozilla/5.0 (Windows NT 10.0; Win64; x64) AppleWebKit/537.36 (KHTML, like Gecko) Chrome/135.0.0.0 Safari/537.36"
103.244.175.189 - - [28/Apr/2025:10:11:01 -0400] "GET /wp-json/elementor/v1/checklist/user-progress HTTP/1.1" 200 614 "https://makstandardent.com/wp-admin/post.php?post=52&action=elementor&active-document=17" "Mozilla/5.0 (Windows NT 10.0; Win64; x64) AppleWebKit/537.36 (KHTML, like Gecko) Chrome/135.0.0.0 Safari/537.36"
103.244.175.189 - - [28/Apr/2025:10:11:17 -0400] "POST /wp-admin/admin-ajax.php HTTP/1.1" 200 77 "https://makstandardent.com/wp-admin/post.php?post=52&action=elementor&active-document=17" "Mozilla/5.0 (Windows NT 10.0; Win64; x64) AppleWebKit/537.36 (KHTML, like Gecko) Chrome/135.0.0.0 Safari/537.36"
103.244.175.189 - - [28/Apr/2025:10:11:19 -0400] "GET /wp-json/elementor/v1/checklist/user-progress HTTP/1.1" 200 614 "https://makstandardent.com/wp-admin/post.php?post=52&action=elementor&active-document=17" "Mozilla/5.0 (Windows NT 10.0; Win64; x64) AppleWebKit/537.36 (KHTML, like Gecko) Chrome/135.0.0.0 Safari/537.36"
103.244.175.189 - - [28/Apr/2025:10:11:25 -0400] "GET /wp-includes/images/spinner.gif HTTP/1.1" 200 3656 "https://makstandardent.com/wp-includes/css/media-views.min.css?ver=6.8" "Mozilla/5.0 (Windows NT 10.0; Win64; x64) AppleWebKit/537.36 (KHTML, like Gecko) Chrome/135.0.0.0 Safari/537.36"
103.244.175.189 - - [28/Apr/2025:10:11:25 -0400] "GET /wp-includes/images/uploader-icons.png HTTP/1.1" 200 1556 "https://makstandardent.com/wp-includes/css/media-views.min.css?ver=6.8" "Mozilla/5.0 (Windows NT 10.0; Win64; x64) AppleWebKit/537.36 (KHTML, like Gecko) Chrome/135.0.0.0 Safari/537.36"
66.29.132.124 - - [28/Apr/2025:10:11:30 -0400] "POST /wp-cron.php?doing_wp_cron=1745849490.3530960083007812500000 HTTP/1.1" 200 0 "-" "WordPress/6.8; https://makstandardent.com"
66.29.132.124 - - [28/Apr/2025:10:11:31 -0400] "POST /wp-admin/admin-ajax.php?action=async_litespeed&nonce=ffv3So8idONHAgRoveEeoTt0QQvZTt1t&litespeed_type=imgoptm HTTP/1.1" 200 0 "-" "WordPress/6.8; https://makstandardent.com"
103.244.175.189 - - [28/Apr/2025:10:11:26 -0400] "POST /wp-admin/async-upload.php HTTP/1.1" 200 620 "https://makstandardent.com/wp-admin/post.php?post=52&action=elementor&active-document=17" "Mozilla/5.0 (Windows NT 10.0; Win64; x64) AppleWebKit/537.36 (KHTML, like Gecko) Chrome/135.0.0.0 Safari/537.36"
103.244.175.189 - - [28/Apr/2025:10:11:33 -0400] "GET /wp-content/uploads/2025/04/mak-logo-300x240.jpg HTTP/1.1" 200 6550 "https://makstandardent.com/wp-admin/post.php?post=52&action=elementor&active-document=17" "Mozilla/5.0 (Windows NT 10.0; Win64; x64) AppleWebKit/537.36 (KHTML, like Gecko) Chrome/135.0.0.0 Safari/537.36"
103.244.175.189 - - [28/Apr/2025:10:11:32 -0400] "POST /wp-admin/admin-ajax.php HTTP/1.1" 200 77 "https://makstandardent.com/wp-admin/post.php?post=52&action=elementor&active-document=17" "Mozilla/5.0 (Windows NT 10.0; Win64; x64) AppleWebKit/537.36 (KHTML, like Gecko) Chrome/135.0.0.0 Safari/537.36"
103.244.175.189 - - [28/Apr/2025:10:11:36 -0400] "GET /wp-content/uploads/2025/04/mak-logo.jpg HTTP/1.1" 200 43185 "https://makstandardent.com/wp-admin/post.php?post=52&action=elementor&active-document=17" "Mozilla/5.0 (Windows NT 10.0; Win64; x64) AppleWebKit/537.36 (KHTML, like Gecko) Chrome/135.0.0.0 Safari/537.36"
103.244.175.189 - - [28/Apr/2025:10:11:36 -0400] "POST /wp-admin/admin-ajax.php HTTP/1.1" 200 1700 "https://makstandardent.com/wp-admin/post.php?post=52&action=elementor&active-document=17" "Mozilla/5.0 (Windows NT 10.0; Win64; x64) AppleWebKit/537.36 (KHTML, like Gecko) Chrome/135.0.0.0 Safari/537.36"
103.244.175.189 - - [28/Apr/2025:10:11:36 -0400] "GET /wp-json/elementor/v1/checklist/user-progress HTTP/1.1" 200 614 "https://makstandardent.com/wp-admin/post.php?post=52&action=elementor&active-document=17" "Mozilla/5.0 (Windows NT 10.0; Win64; x64) AppleWebKit/537.36 (KHTML, like Gecko) Chrome/135.0.0.0 Safari/537.36"
103.244.175.189 - - [28/Apr/2025:10:11:45 -0400] "POST /wp-admin/admin-ajax.php HTTP/1.1" 200 127 "https://makstandardent.com/wp-admin/post.php?post=52&action=elementor&active-document=17" "Mozilla/5.0 (Windows NT 10.0; Win64; x64) AppleWebKit/537.36 (KHTML, like Gecko) Chrome/135.0.0.0 Safari/537.36"
103.244.175.189 - - [28/Apr/2025:10:11:47 -0400] "POST /wp-admin/admin-ajax.php HTTP/1.1" 200 77 "https://makstandardent.com/wp-admin/post.php?post=52&action=elementor&active-document=17" "Mozilla/5.0 (Windows NT 10.0; Win64; x64) AppleWebKit/537.36 (KHTML, like Gecko) Chrome/135.0.0.0 Safari/537.36"
103.244.175.189 - - [28/Apr/2025:10:11:49 -0400] "GET /wp-json/elementor/v1/checklist/user-progress HTTP/1.1" 200 614 "https://makstandardent.com/wp-admin/post.php?post=52&action=elementor&active-document=17" "Mozilla/5.0 (Windows NT 10.0; Win64; x64) AppleWebKit/537.36 (KHTML, like Gecko) Chrome/135.0.0.0 Safari/537.36"
103.244.175.189 - - [28/Apr/2025:10:11:49 -0400] "POST /wp-admin/admin-ajax.php HTTP/1.1" 200 594 "https://makstandardent.com/wp-admin/post.php?post=52&action=elementor&active-document=17" "Mozilla/5.0 (Windows NT 10.0; Win64; x64) AppleWebKit/537.36 (KHTML, like Gecko) Chrome/135.0.0.0 Safari/537.36"
103.244.175.189 - - [28/Apr/2025:10:11:53 -0400] "GET /wp-json/elementor/v1/checklist/user-progress HTTP/1.1" 200 614 "https://makstandardent.com/wp-admin/post.php?post=52&action=elementor&active-document=17" "Mozilla/5.0 (Windows NT 10.0; Win64; x64) AppleWebKit/537.36 (KHTML, like Gecko) Chrome/135.0.0.0 Safari/537.36"
103.244.175.189 - - [28/Apr/2025:10:11:54 -0400] "POST /wp-admin/admin-ajax.php HTTP/1.1" 200 438 "https://makstandardent.com/wp-admin/post.php?post=52&action=elementor&active-document=17" "Mozilla/5.0 (Windows NT 10.0; Win64; x64) AppleWebKit/537.36 (KHTML, like Gecko) Chrome/135.0.0.0 Safari/537.36"
66.29.132.124 - - [28/Apr/2025:10:11:58 -0400] "POST /wp-cron.php?doing_wp_cron=1745849518.6443150043487548828125 HTTP/1.1" 200 0 "-" "WordPress/6.8; https://makstandardent.com"
103.244.175.189 - - [28/Apr/2025:10:11:58 -0400] "POST /wp-admin/admin-ajax.php HTTP/1.1" 200 47 "https://makstandardent.com/wp-admin/edit.php?post_type=elementor_library" "Mozilla/5.0 (Windows NT 10.0; Win64; x64) AppleWebKit/537.36 (KHTML, like Gecko) Chrome/135.0.0.0 Safari/537.36"
103.244.175.189 - - [28/Apr/2025:10:11:58 -0400] "POST /wp-admin/admin-ajax.php HTTP/1.1" 200 77 "https://makstandardent.com/wp-admin/post.php?post=21&action=elementor" "Mozilla/5.0 (Windows NT 10.0; Win64; x64) AppleWebKit/537.36 (KHTML, like Gecko) Chrome/135.0.0.0 Safari/537.36"
103.244.175.189 - - [28/Apr/2025:10:11:58 -0400] "GET /wp-json/elementor/v1/checklist/user-progress HTTP/1.1" 403 90 "https://makstandardent.com/wp-admin/post.php?post=21&action=elementor" "Mozilla/5.0 (Windows NT 10.0; Win64; x64) AppleWebKit/537.36 (KHTML, like Gecko) Chrome/135.0.0.0 Safari/537.36"
66.29.132.124 - - [28/Apr/2025:10:12:02 -0400] "POST /wp-cron.php?doing_wp_cron=1745849522.1154849529266357421875 HTTP/1.1" 200 0 "-" "WordPress/6.8; https://makstandardent.com"
103.244.175.189 - - [28/Apr/2025:10:12:03 -0400] "POST /wp-admin/admin-ajax.php HTTP/1.1" 200 77 "https://makstandardent.com/wp-admin/post.php?post=52&action=elementor&active-document=17" "Mozilla/5.0 (Windows NT 10.0; Win64; x64) AppleWebKit/537.36 (KHTML, like Gecko) Chrome/135.0.0.0 Safari/537.36"
103.244.175.189 - - [28/Apr/2025:10:12:01 -0400] "GET /home-page/ HTTP/1.1" 200 71272 "https://makstandardent.com/wp-admin/edit.php?post_type=page" "Mozilla/5.0 (Windows NT 10.0; Win64; x64) AppleWebKit/537.36 (KHTML, like Gecko) Chrome/135.0.0.0 Safari/537.36"
103.244.175.189 - - [28/Apr/2025:10:12:07 -0400] "GET /wp-content/uploads/elementor/css/post-52.css?ver=1745849524 HTTP/1.1" 200 2919 "https://makstandardent.com/home-page/" "Mozilla/5.0 (Windows NT 10.0; Win64; x64) AppleWebKit/537.36 (KHTML, like Gecko) Chrome/135.0.0.0 Safari/537.36"
103.244.175.189 - - [28/Apr/2025:10:12:07 -0400] "GET /wp-content/uploads/elementor/css/post-17.css?ver=1745849522 HTTP/1.1" 200 1543 "https://makstandardent.com/home-page/" "Mozilla/5.0 (Windows NT 10.0; Win64; x64) AppleWebKit/537.36 (KHTML, like Gecko) Chrome/135.0.0.0 Safari/537.36"
103.244.175.189 - - [28/Apr/2025:10:12:07 -0400] "GET /wp-content/uploads/elementor/css/post-21.css?ver=1745849524 HTTP/1.1" 200 6348 "https://makstandardent.com/home-page/" "Mozilla/5.0 (Windows NT 10.0; Win64; x64) AppleWebKit/537.36 (KHTML, like Gecko) Chrome/135.0.0.0 Safari/537.36"
103.244.175.189 - - [28/Apr/2025:10:12:08 -0400] "GET /wp-content/uploads/elementor/css/post-64.css?ver=1745849524 HTTP/1.1" 200 2169 "https://makstandardent.com/home-page/" "Mozilla/5.0 (Windows NT 10.0; Win64; x64) AppleWebKit/537.36 (KHTML, like Gecko) Chrome/135.0.0.0 Safari/537.36"
103.244.175.189 - - [28/Apr/2025:10:12:15 -0400] "GET /wp-json/elementor/v1/checklist/user-progress HTTP/1.1" 200 614 "https://makstandardent.com/wp-admin/post.php?post=52&action=elementor&active-document=17" "Mozilla/5.0 (Windows NT 10.0; Win64; x64) AppleWebKit/537.36 (KHTML, like Gecko) Chrome/135.0.0.0 Safari/537.36"
103.244.175.189 - - [28/Apr/2025:10:12:18 -0400] "POST /wp-admin/admin-ajax.php HTTP/1.1" 200 77 "https://makstandardent.com/wp-admin/post.php?post=52&action=elementor&active-document=17" "Mozilla/5.0 (Windows NT 10.0; Win64; x64) AppleWebKit/537.36 (KHTML, like Gecko) Chrome/135.0.0.0 Safari/537.36"
103.244.175.189 - - [28/Apr/2025:10:12:23 -0400] "POST /wp-admin/admin-ajax.php HTTP/1.1" 200 88286 "https://makstandardent.com/wp-admin/post.php?post=52&action=elementor" "Mozilla/5.0 (Windows NT 10.0; Win64; x64) AppleWebKit/537.36 (KHTML, like Gecko) Chrome/135.0.0.0 Safari/537.36"
103.244.175.189 - - [28/Apr/2025:10:12:26 -0400] "POST /wp-admin/admin-ajax.php HTTP/1.1" 200 77 "https://makstandardent.com/wp-admin/post.php?post=52&action=elementor" "Mozilla/5.0 (Windows NT 10.0; Win64; x64) AppleWebKit/537.36 (KHTML, like Gecko) Chrome/135.0.0.0 Safari/537.36"
103.244.175.189 - - [28/Apr/2025:10:12:26 -0400] "GET /wp-json/elementor/v1/globals HTTP/1.1" 200 9042 "https://makstandardent.com/wp-admin/post.php?post=52&action=elementor" "Mozilla/5.0 (Windows NT 10.0; Win64; x64) AppleWebKit/537.36 (KHTML, like Gecko) Chrome/135.0.0.0 Safari/537.36"
66.29.132.124 - - [28/Apr/2025:10:12:31 -0400] "POST /wp-cron.php?doing_wp_cron=1745849551.2543470859527587890625 HTTP/1.1" 200 0 "-" "WordPress/6.8; https://makstandardent.com"
103.244.175.189 - - [28/Apr/2025:10:12:30 -0400] "GET /wp-json/elementor/v1/checklist/user-progress HTTP/1.1" 200 614 "https://makstandardent.com/wp-admin/post.php?post=52&action=elementor" "Mozilla/5.0 (Windows NT 10.0; Win64; x64) AppleWebKit/537.36 (KHTML, like Gecko) Chrome/135.0.0.0 Safari/537.36"
103.244.175.189 - - [28/Apr/2025:10:12:29 -0400] "POST /wp-admin/admin-ajax.php HTTP/1.1" 200 86 "https://makstandardent.com/wp-admin/post.php?post=52&action=elementor" "Mozilla/5.0 (Windows NT 10.0; Win64; x64) AppleWebKit/537.36 (KHTML, like Gecko) Chrome/135.0.0.0 Safari/537.36"
103.244.175.189 - - [28/Apr/2025:10:12:31 -0400] "POST /wp-admin/admin-ajax.php HTTP/1.1" 200 186 "https://makstandardent.com/wp-admin/post.php?post=52&action=elementor" "Mozilla/5.0 (Windows NT 10.0; Win64; x64) AppleWebKit/537.36 (KHTML, like Gecko) Chrome/135.0.0.0 Safari/537.36"
103.244.175.189 - - [28/Apr/2025:10:12:29 -0400] "POST /wp-admin/admin-ajax.php HTTP/1.1" 200 86 "https://makstandardent.com/wp-admin/post.php?post=52&action=elementor" "Mozilla/5.0 (Windows NT 10.0; Win64; x64) AppleWebKit/537.36 (KHTML, like Gecko) Chrome/135.0.0.0 Safari/537.36"
66.29.132.124 - - [28/Apr/2025:10:12:32 -0400] "POST /wp-admin/admin-ajax.php?action=async_litespeed&nonce=Fn52CNy0Z3U3RDv3uEK275usdjFT8p3U&litespeed_type=imgoptm HTTP/1.1" 200 21 "-" "WordPress/6.8; https://makstandardent.com"
103.244.175.189 - - [28/Apr/2025:10:12:30 -0400] "POST /wp-admin/admin-ajax.php HTTP/1.1" 200 86 "https://makstandardent.com/wp-admin/post.php?post=52&action=elementor" "Mozilla/5.0 (Windows NT 10.0; Win64; x64) AppleWebKit/537.36 (KHTML, like Gecko) Chrome/135.0.0.0 Safari/537.36"
