66.29.132.124 - - [28/Apr/2025:13:36:18 -0400] "POST /wp-admin/admin-ajax.php?action=async_litespeed&nonce=nqAA6z0FDu8MTGJxMGQDm8xeVVdxY3Q9&litespeed_type=imgoptm HTTP/1.1" 200 0 "-" "WordPress/6.8; https://makstandardent.com"
39.51.100.81 - - [28/Apr/2025:13:36:18 -0400] "POST /wp-admin/admin-ajax.php HTTP/1.1" 200 1341 "https://makstandardent.com/home-page/" "Mozilla/5.0 (Windows NT 10.0; Win64; x64) AppleWebKit/537.36 (KHTML, like Gecko) Chrome/135.0.0.0 Safari/537.36"
66.29.132.124 - - [28/Apr/2025:13:36:35 -0400] "POST /wp-cron.php?doing_wp_cron=1745861795.3139491081237792968750 HTTP/1.1" 200 0 "-" "WordPress/6.8; https://makstandardent.com"
103.244.175.189 - - [28/Apr/2025:13:36:32 -0400] "POST /wp-admin/admin-ajax.php HTTP/1.1" 200 77 "https://makstandardent.com/wp-admin/post.php?post=21&action=elementor" "Mozilla/5.0 (Windows NT 10.0; Win64; x64) AppleWebKit/537.36 (KHTML, like Gecko) Chrome/135.0.0.0 Safari/537.36"
66.29.132.124 - - [28/Apr/2025:13:36:37 -0400] "POST /wp-admin/admin-ajax.php?action=async_litespeed&nonce=309tiYww6ILoYIFKNcKBPZYA2NOd1OEb&litespeed_type=imgoptm HTTP/1.1" 200 0 "-" "WordPress/6.8; https://makstandardent.com"
39.51.100.81 - - [28/Apr/2025:13:36:52 -0400] "GET /wp-content/uploads/elementor/thumbs/Food-Restaurant-r5135f0livioft53xipb8mfelgfiylog2r7ndoceru.webp HTTP/1.1" 200 8026 "https://makstandardent.com/home-page/" "Mozilla/5.0 (Windows NT 10.0; Win64; x64) AppleWebKit/537.36 (KHTML, like Gecko) Chrome/135.0.0.0 Safari/537.36"
39.51.100.81 - - [28/Apr/2025:13:36:52 -0400] "GET /wp-content/uploads/elementor/thumbs/Cake-Box-r5135wvj4q74kef618f81zx5vrzi0unch7lvhxlxhm.webp HTTP/1.1" 200 9916 "https://makstandardent.com/home-page/" "Mozilla/5.0 (Windows NT 10.0; Win64; x64) AppleWebKit/537.36 (KHTML, like Gecko) Chrome/135.0.0.0 Safari/537.36"
39.51.100.81 - - [28/Apr/2025:13:36:52 -0400] "GET /wp-content/uploads/elementor/thumbs/Fast-Food-Boxes-r5136dsmjquaddqlafqiavngkpo3veiijjcm4wwudm.webp HTTP/1.1" 200 7808 "https://makstandardent.com/home-page/" "Mozilla/5.0 (Windows NT 10.0; Win64; x64) AppleWebKit/537.36 (KHTML, like Gecko) Chrome/135.0.0.0 Safari/537.36"
39.51.100.81 - - [28/Apr/2025:13:36:52 -0400] "GET /wp-content/uploads/elementor/thumbs/Boxes-r5136vnk5liqhz0ne5gf4957v182xnhexzqu966d3e.webp HTTP/1.1" 200 3638 "https://makstandardent.com/home-page/" "Mozilla/5.0 (Windows NT 10.0; Win64; x64) AppleWebKit/537.36 (KHTML, like Gecko) Chrome/135.0.0.0 Safari/537.36"
39.51.100.81 - - [28/Apr/2025:13:36:53 -0400] "GET /wp-content/uploads/elementor/thumbs/Cartons-2-r5137i7opmdm8m3vqf7gs3ga4a4w2dyz13ehrt8wy2.webp HTTP/1.1" 200 3914 "https://makstandardent.com/home-page/" "Mozilla/5.0 (Windows NT 10.0; Win64; x64) AppleWebKit/537.36 (KHTML, like Gecko) Chrome/135.0.0.0 Safari/537.36"
39.51.100.81 - - [28/Apr/2025:13:36:53 -0400] "GET /wp-content/uploads/elementor/thumbs/packaging-r51381yap54n0fb7j5qmqggyldflk15c3t3oumfnbe.webp HTTP/1.1" 200 5658 "https://makstandardent.com/home-page/" "Mozilla/5.0 (Windows NT 10.0; Win64; x64) AppleWebKit/537.36 (KHTML, like Gecko) Chrome/135.0.0.0 Safari/537.36"
66.29.132.124 - - [28/Apr/2025:13:38:48 -0400] "POST /wp-cron.php?doing_wp_cron=1745861927.7192580699920654296875 HTTP/1.1" 200 0 "-" "WordPress/6.8; https://makstandardent.com"
66.29.132.124 - - [28/Apr/2025:13:38:51 -0400] "POST /wp-cron.php?doing_wp_cron=1745861930.8394849300384521484375 HTTP/1.1" 200 0 "-" "WordPress/6.8; https://makstandardent.com"
66.29.132.124 - - [28/Apr/2025:13:38:50 -0400] "POST /wp-admin/admin-ajax.php?action=async_litespeed&nonce=bLKbEkFYi3IPLV6MgRfceveMtNn2F39H&litespeed_type=imgoptm HTTP/1.1" 200 0 "-" "WordPress/6.8; https://makstandardent.com"
66.29.132.124 - - [28/Apr/2025:13:38:51 -0400] "POST /wp-cron.php?doing_wp_cron=1745861931.2571990489959716796875 HTTP/1.1" 200 0 "-" "WordPress/6.8; https://makstandardent.com"
103.244.175.189 - - [28/Apr/2025:13:38:33 -0400] "POST /wp-admin/admin-ajax.php HTTP/1.1" 200 77 "https://makstandardent.com/wp-admin/post.php?post=21&action=elementor" "Mozilla/5.0 (Windows NT 10.0; Win64; x64) AppleWebKit/537.36 (KHTML, like Gecko) Chrome/135.0.0.0 Safari/537.36"
66.29.132.124 - - [28/Apr/2025:13:40:40 -0400] "POST /wp-cron.php?doing_wp_cron=1745862039.2162179946899414062500 HTTP/1.1" 200 0 "-" "WordPress/6.8; https://makstandardent.com"
103.244.175.189 - - [28/Apr/2025:13:40:33 -0400] "POST /wp-admin/admin-ajax.php HTTP/1.1" 200 77 "https://makstandardent.com/wp-admin/post.php?post=21&action=elementor" "Mozilla/5.0 (Windows NT 10.0; Win64; x64) AppleWebKit/537.36 (KHTML, like Gecko) Chrome/135.0.0.0 Safari/537.36"
66.29.132.124 - - [28/Apr/2025:13:40:41 -0400] "POST /wp-admin/admin-ajax.php?action=async_litespeed&nonce=Yg7FbzFtXTfy2dP1nYOIFXTbfMr2dig8&litespeed_type=imgoptm HTTP/1.1" 200 0 "-" "WordPress/6.8; https://makstandardent.com"
103.244.175.189 - - [28/Apr/2025:13:42:35 -0400] "POST /wp-admin/admin-ajax.php HTTP/1.1" 200 77 "https://makstandardent.com/wp-admin/post.php?post=21&action=elementor" "Mozilla/5.0 (Windows NT 10.0; Win64; x64) AppleWebKit/537.36 (KHTML, like Gecko) Chrome/135.0.0.0 Safari/537.36"
66.29.132.124 - - [28/Apr/2025:13:42:43 -0400] "POST /wp-cron.php?doing_wp_cron=1745862161.0697710514068603515625 HTTP/1.1" 200 0 "-" "WordPress/6.8; https://makstandardent.com"
103.244.175.189 - - [28/Apr/2025:13:42:49 -0400] "POST /wp-admin/admin-ajax.php HTTP/1.1" 200 0 "https://makstandardent.com/wp-admin/post.php?post=21&action=elementor" "Mozilla/5.0 (Windows NT 10.0; Win64; x64) AppleWebKit/537.36 (KHTML, like Gecko) Chrome/135.0.0.0 Safari/537.36"
103.244.175.189 - - [28/Apr/2025:13:42:49 -0400] "GET /wp-json/elementor/v1/checklist/user-progress HTTP/1.1" 200 0 "https://makstandardent.com/wp-admin/post.php?post=21&action=elementor" "Mozilla/5.0 (Windows NT 10.0; Win64; x64) AppleWebKit/537.36 (KHTML, like Gecko) Chrome/135.0.0.0 Safari/537.36"
103.244.175.189 - - [28/Apr/2025:13:42:54 -0400] "POST /wp-admin/admin-ajax.php HTTP/1.1" 200 47 "https://makstandardent.com/wp-admin/edit.php?post_type=page" "Mozilla/5.0 (Windows NT 10.0; Win64; x64) AppleWebKit/537.36 (KHTML, like Gecko) Chrome/135.0.0.0 Safari/537.36"
103.244.175.189 - - [28/Apr/2025:13:43:04 -0400] "POST /wp-admin/admin-ajax.php HTTP/1.1" 200 47 "https://makstandardent.com/wp-admin/edit.php?post_type=page" "Mozilla/5.0 (Windows NT 10.0; Win64; x64) AppleWebKit/537.36 (KHTML, like Gecko) Chrome/135.0.0.0 Safari/537.36"
103.244.175.189 - - [28/Apr/2025:13:43:07 -0400] "GET /wp-admin/post-new.php?post_type=page HTTP/1.1" 200 168982 "https://makstandardent.com/wp-admin/edit.php?post_type=page" "Mozilla/5.0 (Windows NT 10.0; Win64; x64) AppleWebKit/537.36 (KHTML, like Gecko) Chrome/135.0.0.0 Safari/537.36"
103.244.175.189 - - [28/Apr/2025:13:43:14 -0400] "POST /wp-admin/admin-ajax.php HTTP/1.1" 200 0 "https://makstandardent.com/wp-admin/edit.php?post_type=page" "Mozilla/5.0 (Windows NT 10.0; Win64; x64) AppleWebKit/537.36 (KHTML, like Gecko) Chrome/135.0.0.0 Safari/537.36"
103.244.175.189 - - [28/Apr/2025:13:43:16 -0400] "GET /wp-content/plugins/woocommerce/assets/client/admin/customer-effort-score/style.css?ver=wc-9.8.2 HTTP/1.1" 200 848 "https://makstandardent.com/wp-admin/post-new.php?post_type=page" "Mozilla/5.0 (Windows NT 10.0; Win64; x64) AppleWebKit/537.36 (KHTML, like Gecko) Chrome/135.0.0.0 Safari/537.36"
103.244.175.189 - - [28/Apr/2025:13:43:16 -0400] "GET /wp-content/themes/astra//inc/metabox/extend-metabox/css/minified/metabox.min.css?ver=4.10.1 HTTP/1.1" 200 7586 "https://makstandardent.com/wp-admin/post-new.php?post_type=page" "Mozilla/5.0 (Windows NT 10.0; Win64; x64) AppleWebKit/537.36 (KHTML, like Gecko) Chrome/135.0.0.0 Safari/537.36"
103.244.175.189 - - [28/Apr/2025:13:43:15 -0400] "GET /wp-admin/load-styles.php?c=1&dir=ltr&load%5Bchunk_0%5D=dashicons,admin-bar,buttons,media-views,editor-buttons,wp-components,wp-preferences,wp-block-editor,wp-reusable-blocks,wp-patter&load%5Bchunk_1%5D=ns,wp-editor,common,forms,wp-reset-editor-styles,wp-block-library,wp-block-editor-content,wp-edit-blocks,wp-commands,wp-edit-pos&load%5Bchunk_2%5D=t,wp-block-directory,wp-format-library,admin-menu,dashboard,list-tables,edit,revisions,media,themes,about,nav-menus,wp-pointer,w&load%5Bchunk_3%5D=idgets,site-icon,l10n,wp-auth-check&ver=6.8 HTTP/1.1" 200 192352 "https://makstandardent.com/wp-admin/post-new.php?post_type=page" "Mozilla/5.0 (Windows NT 10.0; Win64; x64) AppleWebKit/537.36 (KHTML, like Gecko) Chrome/135.0.0.0 Safari/537.36"
103.244.175.189 - - [28/Apr/2025:13:43:20 -0400] "GET /wp-content/plugins/extendify/public/build/extendify-draft-0636bfcee0cca38200d7.css?ver=1.18.5 HTTP/1.1" 200 2761 "https://makstandardent.com/wp-admin/post-new.php?post_type=page" "Mozilla/5.0 (Windows NT 10.0; Win64; x64) AppleWebKit/537.36 (KHTML, like Gecko) Chrome/135.0.0.0 Safari/537.36"
103.244.175.189 - - [28/Apr/2025:13:43:20 -0400] "GET /wp-admin/load-scripts.php?c=1&load%5Bchunk_0%5D=jquery-core,jquery-migrate,utils,wp-dom-ready,wp-hooks&ver=6.8 HTTP/1.1" 200 37724 "https://makstandardent.com/wp-admin/post-new.php?post_type=page" "Mozilla/5.0 (Windows NT 10.0; Win64; x64) AppleWebKit/537.36 (KHTML, like Gecko) Chrome/135.0.0.0 Safari/537.36"
103.244.175.189 - - [28/Apr/2025:13:43:23 -0400] "GET /wp-content/themes/astra/inc/assets/js/custom-fields-priority.js?ver=4.10.1 HTTP/1.1" 200 321 "https://makstandardent.com/wp-admin/post-new.php?post_type=page" "Mozilla/5.0 (Windows NT 10.0; Win64; x64) AppleWebKit/537.36 (KHTML, like Gecko) Chrome/135.0.0.0 Safari/537.36"
103.244.175.189 - - [28/Apr/2025:13:43:23 -0400] "GET /wp-content/themes/astra/inc/assets/js/column-block-compatibility.js?ver=4.10.1 HTTP/1.1" 200 769 "https://makstandardent.com/wp-admin/post-new.php?post_type=page" "Mozilla/5.0 (Windows NT 10.0; Win64; x64) AppleWebKit/537.36 (KHTML, like Gecko) Chrome/135.0.0.0 Safari/537.36"
103.244.175.189 - - [28/Apr/2025:13:43:23 -0400] "GET /wp-includes/js/dist/block-editor.min.js?ver=0fc7ccf43bed20e8f558 HTTP/1.1" 304 0 "https://makstandardent.com/wp-admin/post-new.php?post_type=page" "Mozilla/5.0 (Windows NT 10.0; Win64; x64) AppleWebKit/537.36 (KHTML, like Gecko) Chrome/135.0.0.0 Safari/537.36"
103.244.175.189 - - [28/Apr/2025:13:43:23 -0400] "GET /wp-admin/load-scripts.php?c=1&load%5Bchunk_0%5D=hoverIntent&ver=6.8 HTTP/1.1" 200 712 "https://makstandardent.com/wp-admin/post-new.php?post_type=page" "Mozilla/5.0 (Windows NT 10.0; Win64; x64) AppleWebKit/537.36 (KHTML, like Gecko) Chrome/135.0.0.0 Safari/537.36"
103.244.175.189 - - [28/Apr/2025:13:43:24 -0400] "GET /wp-includes/js/dist/editor.min.js?ver=fc384d79eb3556b8b586 HTTP/1.1" 200 106880 "https://makstandardent.com/wp-admin/post-new.php?post_type=page" "Mozilla/5.0 (Windows NT 10.0; Win64; x64) AppleWebKit/537.36 (KHTML, like Gecko) Chrome/135.0.0.0 Safari/537.36"
103.244.175.189 - - [28/Apr/2025:13:43:24 -0400] "GET /wp-includes/js/dist/core-commands.min.js?ver=afcb83dba96ea45361e9 HTTP/1.1" 200 2934 "https://makstandardent.com/wp-admin/post-new.php?post_type=page" "Mozilla/5.0 (Windows NT 10.0; Win64; x64) AppleWebKit/537.36 (KHTML, like Gecko) Chrome/135.0.0.0 Safari/537.36"
103.244.175.189 - - [28/Apr/2025:13:43:24 -0400] "GET /wp-includes/js/dist/block-library.min.js?ver=da3dad2e2f76224eccfe HTTP/1.1" 304 0 "https://makstandardent.com/wp-admin/post-new.php?post_type=page" "Mozilla/5.0 (Windows NT 10.0; Win64; x64) AppleWebKit/537.36 (KHTML, like Gecko) Chrome/135.0.0.0 Safari/537.36"
103.244.175.189 - - [28/Apr/2025:13:43:27 -0400] "GET /wp-includes/js/dist/widgets.min.js?ver=0b561f75d41627a9d110 HTTP/1.1" 200 6794 "https://makstandardent.com/wp-admin/post-new.php?post_type=page" "Mozilla/5.0 (Windows NT 10.0; Win64; x64) AppleWebKit/537.36 (KHTML, like Gecko) Chrome/135.0.0.0 Safari/537.36"
103.244.175.189 - - [28/Apr/2025:13:43:27 -0400] "GET /wp-includes/js/dist/edit-post.min.js?ver=e3a2e2736260cde2f056 HTTP/1.1" 200 12866 "https://makstandardent.com/wp-admin/post-new.php?post_type=page" "Mozilla/5.0 (Windows NT 10.0; Win64; x64) AppleWebKit/537.36 (KHTML, like Gecko) Chrome/135.0.0.0 Safari/537.36"
103.244.175.189 - - [28/Apr/2025:13:43:27 -0400] "GET /wp-includes/js/dist/block-directory.min.js?ver=5cecf7d562a5ae133696 HTTP/1.1" 200 6702 "https://makstandardent.com/wp-admin/post-new.php?post_type=page" "Mozilla/5.0 (Windows NT 10.0; Win64; x64) AppleWebKit/537.36 (KHTML, like Gecko) Chrome/135.0.0.0 Safari/537.36"
103.244.175.189 - - [28/Apr/2025:13:43:27 -0400] "GET /wp-includes/js/dist/format-library.min.js?ver=f813b03986e369dad65e HTTP/1.1" 200 7632 "https://makstandardent.com/wp-admin/post-new.php?post_type=page" "Mozilla/5.0 (Windows NT 10.0; Win64; x64) AppleWebKit/537.36 (KHTML, like Gecko) Chrome/135.0.0.0 Safari/537.36"
103.244.175.189 - - [28/Apr/2025:13:43:28 -0400] "GET /wp-content/plugins/woocommerce/assets/client/blocks/wc-settings.js?ver=4d43a4bcb41a5a6336c2 HTTP/1.1" 304 0 "https://makstandardent.com/wp-admin/post-new.php?post_type=page" "Mozilla/5.0 (Windows NT 10.0; Win64; x64) AppleWebKit/537.36 (KHTML, like Gecko) Chrome/135.0.0.0 Safari/537.36"
103.244.175.189 - - [28/Apr/2025:13:43:28 -0400] "GET /wp-content/plugins/woocommerce/assets/client/admin/number/index.js?ver=c30720e5ebdf9cb16d10 HTTP/1.1" 304 0 "https://makstandardent.com/wp-admin/post-new.php?post_type=page" "Mozilla/5.0 (Windows NT 10.0; Win64; x64) AppleWebKit/537.36 (KHTML, like Gecko) Chrome/135.0.0.0 Safari/537.36"
103.244.175.189 - - [28/Apr/2025:13:43:28 -0400] "GET /wp-content/plugins/woocommerce/assets/client/admin/currency/index.js?ver=992e6acba98302d099bc HTTP/1.1" 304 0 "https://makstandardent.com/wp-admin/post-new.php?post_type=page" "Mozilla/5.0 (Windows NT 10.0; Win64; x64) AppleWebKit/537.36 (KHTML, like Gecko) Chrome/135.0.0.0 Safari/537.36"
103.244.175.189 - - [28/Apr/2025:13:43:28 -0400] "GET /wp-content/plugins/woocommerce/assets/client/admin/date/index.js?ver=5c176087d214d33b1209 HTTP/1.1" 304 0 "https://makstandardent.com/wp-admin/post-new.php?post_type=page" "Mozilla/5.0 (Windows NT 10.0; Win64; x64) AppleWebKit/537.36 (KHTML, like Gecko) Chrome/135.0.0.0 Safari/537.36"
103.244.175.189 - - [28/Apr/2025:13:43:28 -0400] "GET /wp-content/plugins/woocommerce/assets/client/admin/navigation/index.js?ver=b2fa84c9feb17d9054a1 HTTP/1.1" 304 0 "https://makstandardent.com/wp-admin/post-new.php?post_type=page" "Mozilla/5.0 (Windows NT 10.0; Win64; x64) AppleWebKit/537.36 (KHTML, like Gecko) Chrome/135.0.0.0 Safari/537.36"
103.244.175.189 - - [28/Apr/2025:13:43:28 -0400] "GET /wp-content/plugins/woocommerce/assets/client/admin/tracks/index.js?ver=ee009812aa522ef7a999 HTTP/1.1" 304 0 "https://makstandardent.com/wp-admin/post-new.php?post_type=page" "Mozilla/5.0 (Windows NT 10.0; Win64; x64) AppleWebKit/537.36 (KHTML, like Gecko) Chrome/135.0.0.0 Safari/537.36"
103.244.175.189 - - [28/Apr/2025:13:43:29 -0400] "GET /wp-content/plugins/woocommerce/assets/client/admin/data/index.js?ver=411c9de47bbcc5579cf6 HTTP/1.1" 304 0 "https://makstandardent.com/wp-admin/post-new.php?post_type=page" "Mozilla/5.0 (Windows NT 10.0; Win64; x64) AppleWebKit/537.36 (KHTML, like Gecko) Chrome/135.0.0.0 Safari/537.36"
103.244.175.189 - - [28/Apr/2025:13:43:29 -0400] "GET /wp-content/plugins/woocommerce/assets/client/admin/components/index.js?ver=d47f50445b4993d55e83 HTTP/1.1" 304 0 "https://makstandardent.com/wp-admin/post-new.php?post_type=page" "Mozilla/5.0 (Windows NT 10.0; Win64; x64) AppleWebKit/537.36 (KHTML, like Gecko) Chrome/135.0.0.0 Safari/537.36"
103.244.175.189 - - [28/Apr/2025:13:43:29 -0400] "GET /wp-content/plugins/woocommerce/assets/client/admin/experimental/index.js?ver=2e16a3a219b17b5f3afc HTTP/1.1" 304 0 "https://makstandardent.com/wp-admin/post-new.php?post_type=page" "Mozilla/5.0 (Windows NT 10.0; Win64; x64) AppleWebKit/537.36 (KHTML, like Gecko) Chrome/135.0.0.0 Safari/537.36"
103.244.175.189 - - [28/Apr/2025:13:43:29 -0400] "GET /wp-content/plugins/woocommerce/assets/client/admin/customer-effort-score/index.js?ver=daf82f32ab7ca75c7285 HTTP/1.1" 304 0 "https://makstandardent.com/wp-admin/post-new.php?post_type=page" "Mozilla/5.0 (Windows NT 10.0; Win64; x64) AppleWebKit/537.36 (KHTML, like Gecko) Chrome/135.0.0.0 Safari/537.36"
103.244.175.189 - - [28/Apr/2025:13:43:29 -0400] "GET /wp-content/themes/astra/inc/assets/js/block-editor-script.js?ver=4.10.1 HTTP/1.1" 200 6770 "https://makstandardent.com/wp-admin/post-new.php?post_type=page" "Mozilla/5.0 (Windows NT 10.0; Win64; x64) AppleWebKit/537.36 (KHTML, like Gecko) Chrome/135.0.0.0 Safari/537.36"
103.244.175.189 - - [28/Apr/2025:13:43:29 -0400] "GET /wp-content/plugins/elementor/assets/js/gutenberg.min.js?ver=3.28.4 HTTP/1.1" 200 1299 "https://makstandardent.com/wp-admin/post-new.php?post_type=page" "Mozilla/5.0 (Windows NT 10.0; Win64; x64) AppleWebKit/537.36 (KHTML, like Gecko) Chrome/135.0.0.0 Safari/537.36"
103.244.175.189 - - [28/Apr/2025:13:43:29 -0400] "GET /wp-content/themes/astra/inc/metabox/extend-metabox/build/index.js?ver=4.10.1 HTTP/1.1" 200 492391 "https://makstandardent.com/wp-admin/post-new.php?post_type=page" "Mozilla/5.0 (Windows NT 10.0; Win64; x64) AppleWebKit/537.36 (KHTML, like Gecko) Chrome/135.0.0.0 Safari/537.36"
103.244.175.189 - - [28/Apr/2025:13:43:29 -0400] "GET /wp-content/plugins/elementor/assets/js/ai-gutenberg.min.js?ver=3.28.4 HTTP/1.1" 200 164015 "https://makstandardent.com/wp-admin/post-new.php?post_type=page" "Mozilla/5.0 (Windows NT 10.0; Win64; x64) AppleWebKit/537.36 (KHTML, like Gecko) Chrome/135.0.0.0 Safari/537.36"
103.244.175.189 - - [28/Apr/2025:13:43:29 -0400] "GET /wp-content/plugins/woocommerce/assets/client/admin/wp-admin-scripts/command-palette.js?ver=76cd8b170dc8b876803e HTTP/1.1" 200 2134 "https://makstandardent.com/wp-admin/post-new.php?post_type=page" "Mozilla/5.0 (Windows NT 10.0; Win64; x64) AppleWebKit/537.36 (KHTML, like Gecko) Chrome/135.0.0.0 Safari/537.36"
103.244.175.189 - - [28/Apr/2025:13:43:29 -0400] "GET /wp-content/plugins/woocommerce/assets/client/admin/wp-admin-scripts/command-palette-analytics.js?ver=80a42d19bab364f3fa91 HTTP/1.1" 200 1277 "https://makstandardent.com/wp-admin/post-new.php?post_type=page" "Mozilla/5.0 (Windows NT 10.0; Win64; x64) AppleWebKit/537.36 (KHTML, like Gecko) Chrome/135.0.0.0 Safari/537.36"
103.244.175.189 - - [28/Apr/2025:13:43:29 -0400] "GET /wp-content/plugins/woocommerce/assets/client/blocks/wc-cart-checkout-vendors-frontend.js?ver=a16e7eb12f5267371fe0 HTTP/1.1" 200 51443 "https://makstandardent.com/wp-admin/post-new.php?post_type=page" "Mozilla/5.0 (Windows NT 10.0; Win64; x64) AppleWebKit/537.36 (KHTML, like Gecko) Chrome/135.0.0.0 Safari/537.36"
103.244.175.189 - - [28/Apr/2025:13:43:29 -0400] "GET /wp-content/plugins/woocommerce/assets/client/blocks/wc-types.js?ver=df3cbcae422855d48387 HTTP/1.1" 200 1335 "https://makstandardent.com/wp-admin/post-new.php?post_type=page" "Mozilla/5.0 (Windows NT 10.0; Win64; x64) AppleWebKit/537.36 (KHTML, like Gecko) Chrome/135.0.0.0 Safari/537.36"
103.244.175.189 - - [28/Apr/2025:13:43:29 -0400] "GET /wp-content/plugins/woocommerce/assets/client/blocks/blocks-components.js?ver=c163716dbc1e3cc6748c HTTP/1.1" 200 1141 "https://makstandardent.com/wp-admin/post-new.php?post_type=page" "Mozilla/5.0 (Windows NT 10.0; Win64; x64) AppleWebKit/537.36 (KHTML, like Gecko) Chrome/135.0.0.0 Safari/537.36"
103.244.175.189 - - [28/Apr/2025:13:43:29 -0400] "GET /wp-content/plugins/woocommerce/assets/client/blocks/blocks-checkout-events.js?ver=2d0fd4590f6cc663947c HTTP/1.1" 200 707 "https://makstandardent.com/wp-admin/post-new.php?post_type=page" "Mozilla/5.0 (Windows NT 10.0; Win64; x64) AppleWebKit/537.36 (KHTML, like Gecko) Chrome/135.0.0.0 Safari/537.36"
103.244.175.189 - - [28/Apr/2025:13:43:29 -0400] "GET /wp-content/plugins/woocommerce/assets/client/blocks/price-format.js?ver=a3e67bb0b09f566d5bdf HTTP/1.1" 200 754 "https://makstandardent.com/wp-admin/post-new.php?post_type=page" "Mozilla/5.0 (Windows NT 10.0; Win64; x64) AppleWebKit/537.36 (KHTML, like Gecko) Chrome/135.0.0.0 Safari/537.36"
103.244.175.189 - - [28/Apr/2025:13:43:29 -0400] "GET /wp-content/plugins/woocommerce/assets/client/blocks/wc-blocks-data.js?ver=94f6fdb24497762c3877 HTTP/1.1" 200 21609 "https://makstandardent.com/wp-admin/post-new.php?post_type=page" "Mozilla/5.0 (Windows NT 10.0; Win64; x64) AppleWebKit/537.36 (KHTML, like Gecko) Chrome/135.0.0.0 Safari/537.36"
103.244.175.189 - - [28/Apr/2025:13:43:29 -0400] "GET /wp-content/plugins/woocommerce/assets/client/blocks/wc-blocks-vendors.js?ver=13ca26913ccb282c047e HTTP/1.1" 200 38823 "https://makstandardent.com/wp-admin/post-new.php?post_type=page" "Mozilla/5.0 (Windows NT 10.0; Win64; x64) AppleWebKit/537.36 (KHTML, like Gecko) Chrome/135.0.0.0 Safari/537.36"
103.244.175.189 - - [28/Apr/2025:13:43:29 -0400] "GET /wp-content/plugins/woocommerce/assets/client/blocks/all-products.js?ver=7a19551eeb8a127f6b38 HTTP/1.1" 200 35036 "https://makstandardent.com/wp-admin/post-new.php?post_type=page" "Mozilla/5.0 (Windows NT 10.0; Win64; x64) AppleWebKit/537.36 (KHTML, like Gecko) Chrome/135.0.0.0 Safari/537.36"
103.244.175.189 - - [28/Apr/2025:13:43:29 -0400] "GET /wp-content/plugins/woocommerce/assets/client/blocks/add-to-cart-form.js?ver=5a141fe8e4328ad9bdca HTTP/1.1" 200 4066 "https://makstandardent.com/wp-admin/post-new.php?post_type=page" "Mozilla/5.0 (Windows NT 10.0; Win64; x64) AppleWebKit/537.36 (KHTML, like Gecko) Chrome/135.0.0.0 Safari/537.36"
103.244.175.189 - - [28/Apr/2025:13:43:29 -0400] "GET /wp-content/plugins/woocommerce/assets/client/blocks/all-reviews.js?ver=dadae5bc1ed6bf58c090 HTTP/1.1" 200 8053 "https://makstandardent.com/wp-admin/post-new.php?post_type=page" "Mozilla/5.0 (Windows NT 10.0; Win64; x64) AppleWebKit/537.36 (KHTML, like Gecko) Chrome/135.0.0.0 Safari/537.36"
103.244.175.189 - - [28/Apr/2025:13:43:29 -0400] "GET /wp-content/plugins/woocommerce/assets/client/blocks/cart-link.js?ver=944a9d2ef1ba4ce3864b HTTP/1.1" 200 3457 "https://makstandardent.com/wp-admin/post-new.php?post_type=page" "Mozilla/5.0 (Windows NT 10.0; Win64; x64) AppleWebKit/537.36 (KHTML, like Gecko) Chrome/135.0.0.0 Safari/537.36"
103.244.175.189 - - [28/Apr/2025:13:43:29 -0400] "GET /wp-content/plugins/woocommerce/assets/client/blocks/wc-blocks-shared-hocs.js?ver=cba59eca47d9101980bf HTTP/1.1" 200 1307 "https://makstandardent.com/wp-admin/post-new.php?post_type=page" "Mozilla/5.0 (Windows NT 10.0; Win64; x64) AppleWebKit/537.36 (KHTML, like Gecko) Chrome/135.0.0.0 Safari/537.36"
103.244.175.189 - - [28/Apr/2025:13:43:29 -0400] "GET /wp-content/plugins/woocommerce/assets/client/blocks/wc-blocks-shared-context.js?ver=ce9125bf472706dea11a HTTP/1.1" 200 812 "https://makstandardent.com/wp-admin/post-new.php?post_type=page" "Mozilla/5.0 (Windows NT 10.0; Win64; x64) AppleWebKit/537.36 (KHTML, like Gecko) Chrome/135.0.0.0 Safari/537.36"
103.244.175.189 - - [28/Apr/2025:13:43:29 -0400] "GET /wp-content/plugins/woocommerce/assets/client/blocks/coming-soon.js?ver=1365ae33cf1eb3b27cdf HTTP/1.1" 200 2131 "https://makstandardent.com/wp-admin/post-new.php?post_type=page" "Mozilla/5.0 (Windows NT 10.0; Win64; x64) AppleWebKit/537.36 (KHTML, like Gecko) Chrome/135.0.0.0 Safari/537.36"
103.244.175.189 - - [28/Apr/2025:13:43:29 -0400] "GET /wp-content/plugins/woocommerce/assets/client/blocks/wc-blocks-registry.js?ver=6d08dccfb4bf1a392a0d HTTP/1.1" 200 5402 "https://makstandardent.com/wp-admin/post-new.php?post_type=page" "Mozilla/5.0 (Windows NT 10.0; Win64; x64) AppleWebKit/537.36 (KHTML, like Gecko) Chrome/135.0.0.0 Safari/537.36"
103.244.175.189 - - [28/Apr/2025:13:43:29 -0400] "GET /wp-content/plugins/woocommerce/assets/client/blocks/filter-wrapper.js?ver=abb8cc0dd97877bb6443 HTTP/1.1" 200 2427 "https://makstandardent.com/wp-admin/post-new.php?post_type=page" "Mozilla/5.0 (Windows NT 10.0; Win64; x64) AppleWebKit/537.36 (KHTML, like Gecko) Chrome/135.0.0.0 Safari/537.36"
103.244.175.189 - - [28/Apr/2025:13:43:29 -0400] "GET /wp-content/plugins/woocommerce/assets/client/blocks/handpicked-products.js?ver=7d703f1e9b80dc59b4d3 HTTP/1.1" 200 7347 "https://makstandardent.com/wp-admin/post-new.php?post_type=page" "Mozilla/5.0 (Windows NT 10.0; Win64; x64) AppleWebKit/537.36 (KHTML, like Gecko) Chrome/135.0.0.0 Safari/537.36"
103.244.175.189 - - [28/Apr/2025:13:43:29 -0400] "GET /wp-content/plugins/woocommerce/assets/client/blocks/featured-category.js?ver=e94ca64638bb101d56cc HTTP/1.1" 200 13533 "https://makstandardent.com/wp-admin/post-new.php?post_type=page" "Mozilla/5.0 (Windows NT 10.0; Win64; x64) AppleWebKit/537.36 (KHTML, like Gecko) Chrome/135.0.0.0 Safari/537.36"
103.244.175.189 - - [28/Apr/2025:13:43:30 -0400] "GET /wp-content/plugins/woocommerce/assets/client/blocks/store-notices.js?ver=c5e5f33043a7d0d6277d HTTP/1.1" 200 2539 "https://makstandardent.com/wp-admin/post-new.php?post_type=page" "Mozilla/5.0 (Windows NT 10.0; Win64; x64) AppleWebKit/537.36 (KHTML, like Gecko) Chrome/135.0.0.0 Safari/537.36"
103.244.175.189 - - [28/Apr/2025:13:43:30 -0400] "GET /wp-content/plugins/woocommerce/assets/client/blocks/price-filter.js?ver=8167608873d8ebf63902 HTTP/1.1" 200 7635 "https://makstandardent.com/wp-admin/post-new.php?post_type=page" "Mozilla/5.0 (Windows NT 10.0; Win64; x64) AppleWebKit/537.36 (KHTML, like Gecko) Chrome/135.0.0.0 Safari/537.36"
103.244.175.189 - - [28/Apr/2025:13:43:29 -0400] "GET /wp-content/plugins/woocommerce/assets/client/blocks/featured-product.js?ver=47d8f1dc6e3db26f0e67 HTTP/1.1" 200 13664 "https://makstandardent.com/wp-admin/post-new.php?post_type=page" "Mozilla/5.0 (Windows NT 10.0; Win64; x64) AppleWebKit/537.36 (KHTML, like Gecko) Chrome/135.0.0.0 Safari/537.36"
103.244.175.189 - - [28/Apr/2025:13:43:29 -0400] "GET /wp-content/plugins/woocommerce/assets/client/blocks/attribute-filter.js?ver=1cd893974d5255bda642 HTTP/1.1" 200 10708 "https://makstandardent.com/wp-admin/post-new.php?post_type=page" "Mozilla/5.0 (Windows NT 10.0; Win64; x64) AppleWebKit/537.36 (KHTML, like Gecko) Chrome/135.0.0.0 Safari/537.36"
103.244.175.189 - - [28/Apr/2025:13:43:30 -0400] "GET /wp-content/plugins/woocommerce/assets/client/blocks/product-button.js?ver=wc-9.8.2 HTTP/1.1" 200 4292 "https://makstandardent.com/wp-admin/post-new.php?post_type=page" "Mozilla/5.0 (Windows NT 10.0; Win64; x64) AppleWebKit/537.36 (KHTML, like Gecko) Chrome/135.0.0.0 Safari/537.36"
103.244.175.189 - - [28/Apr/2025:13:43:30 -0400] "GET /wp-content/plugins/woocommerce/assets/client/blocks/product-categories.js?ver=7c7e5a384e96018e4e0c HTTP/1.1" 200 2633 "https://makstandardent.com/wp-admin/post-new.php?post_type=page" "Mozilla/5.0 (Windows NT 10.0; Win64; x64) AppleWebKit/537.36 (KHTML, like Gecko) Chrome/135.0.0.0 Safari/537.36"
103.244.175.189 - - [28/Apr/2025:13:43:30 -0400] "GET /wp-content/plugins/woocommerce/assets/client/blocks/product-collection.js?ver=722caa8245d53ebe41ac HTTP/1.1" 200 24637 "https://makstandardent.com/wp-admin/post-new.php?post_type=page" "Mozilla/5.0 (Windows NT 10.0; Win64; x64) AppleWebKit/537.36 (KHTML, like Gecko) Chrome/135.0.0.0 Safari/537.36"
103.244.175.189 - - [28/Apr/2025:13:43:29 -0400] "GET /wp-content/plugins/woocommerce/assets/client/blocks/wc-blocks-middleware.js?ver=0d3321630119e50d175f HTTP/1.1" 200 803 "https://makstandardent.com/wp-admin/post-new.php?post_type=page" "Mozilla/5.0 (Windows NT 10.0; Win64; x64) AppleWebKit/537.36 (KHTML, like Gecko) Chrome/135.0.0.0 Safari/537.36"
103.244.175.189 - - [28/Apr/2025:13:43:29 -0400] "GET /wp-content/plugins/woocommerce/assets/client/blocks/customer-account.js?ver=cb9a25bb406bbdd1c7c5 HTTP/1.1" 200 3478 "https://makstandardent.com/wp-admin/post-new.php?post_type=page" "Mozilla/5.0 (Windows NT 10.0; Win64; x64) AppleWebKit/537.36 (KHTML, like Gecko) Chrome/135.0.0.0 Safari/537.36"
103.244.175.189 - - [28/Apr/2025:13:43:29 -0400] "GET /wp-content/plugins/woocommerce/assets/client/blocks/active-filters.js?ver=f381353f3f7e7ed36089 HTTP/1.1" 200 5853 "https://makstandardent.com/wp-admin/post-new.php?post_type=page" "Mozilla/5.0 (Windows NT 10.0; Win64; x64) AppleWebKit/537.36 (KHTML, like Gecko) Chrome/135.0.0.0 Safari/537.36"
103.244.175.189 - - [28/Apr/2025:13:43:30 -0400] "GET /wp-content/plugins/woocommerce/assets/client/blocks/product-collection-no-results.js?ver=6c20e02184839a02a973 HTTP/1.1" 200 1718 "https://makstandardent.com/wp-admin/post-new.php?post_type=page" "Mozilla/5.0 (Windows NT 10.0; Win64; x64) AppleWebKit/537.36 (KHTML, like Gecko) Chrome/135.0.0.0 Safari/537.36"
103.244.175.189 - - [28/Apr/2025:13:43:30 -0400] "GET /wp-content/plugins/woocommerce/assets/client/blocks/product-on-sale.js?ver=e9b797a179693805f8a0 HTTP/1.1" 200 7363 "https://makstandardent.com/wp-admin/post-new.php?post_type=page" "Mozilla/5.0 (Windows NT 10.0; Win64; x64) AppleWebKit/537.36 (KHTML, like Gecko) Chrome/135.0.0.0 Safari/537.36"
103.244.175.189 - - [28/Apr/2025:13:43:30 -0400] "GET /wp-content/plugins/woocommerce/assets/client/blocks/product-gallery-large-image.js?ver=2d7b72a6336caff58507 HTTP/1.1" 200 2556 "https://makstandardent.com/wp-admin/post-new.php?post_type=page" "Mozilla/5.0 (Windows NT 10.0; Win64; x64) AppleWebKit/537.36 (KHTML, like Gecko) Chrome/135.0.0.0 Safari/537.36"
103.244.175.189 - - [28/Apr/2025:13:43:29 -0400] "GET /wp-content/plugins/woocommerce/assets/client/blocks/classic-shortcode.js?ver=17184788293b707dd4d6 HTTP/1.1" 200 3546 "https://makstandardent.com/wp-admin/post-new.php?post_type=page" "Mozilla/5.0 (Windows NT 10.0; Win64; x64) AppleWebKit/537.36 (KHTML, like Gecko) Chrome/135.0.0.0 Safari/537.36"
103.244.175.189 - - [28/Apr/2025:13:43:30 -0400] "GET /wp-content/plugins/woocommerce/assets/client/blocks/product-gallery.js?ver=04a52bcebe5be86ceacc HTTP/1.1" 200 5952 "https://makstandardent.com/wp-admin/post-new.php?post_type=page" "Mozilla/5.0 (Windows NT 10.0; Win64; x64) AppleWebKit/537.36 (KHTML, like Gecko) Chrome/135.0.0.0 Safari/537.36"
103.244.175.189 - - [28/Apr/2025:13:43:30 -0400] "GET /wp-content/plugins/woocommerce/assets/client/blocks/product-template.js?ver=d6395f4995af19d24b4d HTTP/1.1" 200 4705 "https://makstandardent.com/wp-admin/post-new.php?post_type=page" "Mozilla/5.0 (Windows NT 10.0; Win64; x64) AppleWebKit/537.36 (KHTML, like Gecko) Chrome/135.0.0.0 Safari/537.36"
103.244.175.189 - - [28/Apr/2025:13:43:30 -0400] "GET /wp-content/plugins/woocommerce/assets/client/blocks/product-top-rated.js?ver=fe4d269229849f17b046 HTTP/1.1" 200 7572 "https://makstandardent.com/wp-admin/post-new.php?post_type=page" "Mozilla/5.0 (Windows NT 10.0; Win64; x64) AppleWebKit/537.36 (KHTML, like Gecko) Chrome/135.0.0.0 Safari/537.36"
103.244.175.189 - - [28/Apr/2025:13:43:30 -0400] "GET /wp-content/plugins/woocommerce/assets/client/blocks/products-by-attribute.js?ver=179e1dccd8923e2a437b HTTP/1.1" 200 7858 "https://makstandardent.com/wp-admin/post-new.php?post_type=page" "Mozilla/5.0 (Windows NT 10.0; Win64; x64) AppleWebKit/537.36 (KHTML, like Gecko) Chrome/135.0.0.0 Safari/537.36"
103.244.175.189 - - [28/Apr/2025:13:43:30 -0400] "GET /wp-content/plugins/woocommerce/assets/client/blocks/product-search.js?ver=b153cd026197512b7e61 HTTP/1.1" 200 3302 "https://makstandardent.com/wp-admin/post-new.php?post_type=page" "Mozilla/5.0 (Windows NT 10.0; Win64; x64) AppleWebKit/537.36 (KHTML, like Gecko) Chrome/135.0.0.0 Safari/537.36"
103.244.175.189 - - [28/Apr/2025:13:43:30 -0400] "GET /wp-content/plugins/woocommerce/assets/client/blocks/rating-filter.js?ver=1d033a92a9ad2c11bfaa HTTP/1.1" 200 5783 "https://makstandardent.com/wp-admin/post-new.php?post_type=page" "Mozilla/5.0 (Windows NT 10.0; Win64; x64) AppleWebKit/537.36 (KHTML, like Gecko) Chrome/135.0.0.0 Safari/537.36"
103.244.175.189 - - [28/Apr/2025:13:43:30 -0400] "GET /wp-content/plugins/woocommerce/assets/client/blocks/reviews-by-category.js?ver=f960595815e84efd82d2 HTTP/1.1" 200 11717 "https://makstandardent.com/wp-admin/post-new.php?post_type=page" "Mozilla/5.0 (Windows NT 10.0; Win64; x64) AppleWebKit/537.36 (KHTML, like Gecko) Chrome/135.0.0.0 Safari/537.36"
103.244.175.189 - - [28/Apr/2025:13:43:29 -0400] "GET /wp-content/plugins/woocommerce/assets/client/blocks/wc-cart-checkout-base-frontend.js?ver=d50f9a2bc8d460081355 HTTP/1.1" 200 54029 "https://makstandardent.com/wp-admin/post-new.php?post_type=page" "Mozilla/5.0 (Windows NT 10.0; Win64; x64) AppleWebKit/537.36 (KHTML, like Gecko) Chrome/135.0.0.0 Safari/537.36"
103.244.175.189 - - [28/Apr/2025:13:43:30 -0400] "GET /wp-content/plugins/woocommerce/assets/client/blocks/single-product.js?ver=b52a6b6911685670a02d HTTP/1.1" 200 11056 "https://makstandardent.com/wp-admin/post-new.php?post_type=page" "Mozilla/5.0 (Windows NT 10.0; Win64; x64) AppleWebKit/537.36 (KHTML, like Gecko) Chrome/135.0.0.0 Safari/537.36"
103.244.175.189 - - [28/Apr/2025:13:43:30 -0400] "GET /wp-content/plugins/woocommerce/assets/client/blocks/product-best-sellers.js?ver=2007fb3dec3341105428 HTTP/1.1" 200 7070 "https://makstandardent.com/wp-admin/post-new.php?post_type=page" "Mozilla/5.0 (Windows NT 10.0; Win64; x64) AppleWebKit/537.36 (KHTML, like Gecko) Chrome/135.0.0.0 Safari/537.36"
103.244.175.189 - - [28/Apr/2025:13:43:30 -0400] "GET /wp-content/plugins/woocommerce/assets/client/blocks/product-new.js?ver=ba17580fdc93fb5070a2 HTTP/1.1" 200 7946 "https://makstandardent.com/wp-admin/post-new.php?post_type=page" "Mozilla/5.0 (Windows NT 10.0; Win64; x64) AppleWebKit/537.36 (KHTML, like Gecko) Chrome/135.0.0.0 Safari/537.36"
103.244.175.189 - - [28/Apr/2025:13:43:30 -0400] "GET /wp-content/plugins/woocommerce/assets/client/blocks/product-category.js?ver=3853031b16057484ffdf HTTP/1.1" 200 7956 "https://makstandardent.com/wp-admin/post-new.php?post_type=page" "Mozilla/5.0 (Windows NT 10.0; Win64; x64) AppleWebKit/537.36 (KHTML, like Gecko) Chrome/135.0.0.0 Safari/537.36"
103.244.175.189 - - [28/Apr/2025:13:43:29 -0400] "GET /wp-content/plugins/woocommerce/assets/client/blocks/wc-blocks.js?ver=4d3dbff32a4959449c1d HTTP/1.1" 200 3658 "https://makstandardent.com/wp-admin/post-new.php?post_type=page" "Mozilla/5.0 (Windows NT 10.0; Win64; x64) AppleWebKit/537.36 (KHTML, like Gecko) Chrome/135.0.0.0 Safari/537.36"
103.244.175.189 - - [28/Apr/2025:13:43:30 -0400] "GET /wp-content/plugins/woocommerce/assets/client/blocks/product-title.js?ver=wc-9.8.2 HTTP/1.1" 200 1768 "https://makstandardent.com/wp-admin/post-new.php?post_type=page" "Mozilla/5.0 (Windows NT 10.0; Win64; x64) AppleWebKit/537.36 (KHTML, like Gecko) Chrome/135.0.0.0 Safari/537.36"
103.244.175.189 - - [28/Apr/2025:13:43:29 -0400] "GET /wp-content/plugins/woocommerce/assets/client/blocks/mini-cart.js?ver=49b25eb781418fba3ddd HTTP/1.1" 200 6824 "https://makstandardent.com/wp-admin/post-new.php?post_type=page" "Mozilla/5.0 (Windows NT 10.0; Win64; x64) AppleWebKit/537.36 (KHTML, like Gecko) Chrome/135.0.0.0 Safari/537.36"
103.244.175.189 - - [28/Apr/2025:13:43:30 -0400] "GET /wp-content/plugins/woocommerce/assets/client/blocks/stock-filter.js?ver=6a4e9123d124adc84cad HTTP/1.1" 200 6421 "https://makstandardent.com/wp-admin/post-new.php?post_type=page" "Mozilla/5.0 (Windows NT 10.0; Win64; x64) AppleWebKit/537.36 (KHTML, like Gecko) Chrome/135.0.0.0 Safari/537.36"
103.244.175.189 - - [28/Apr/2025:13:43:30 -0400] "GET /wp-content/plugins/woocommerce/assets/client/blocks/reviews-by-product.js?ver=79c7f0b3caf682a0c6fb HTTP/1.1" 200 12851 "https://makstandardent.com/wp-admin/post-new.php?post_type=page" "Mozilla/5.0 (Windows NT 10.0; Win64; x64) AppleWebKit/537.36 (KHTML, like Gecko) Chrome/135.0.0.0 Safari/537.36"
103.244.175.189 - - [28/Apr/2025:13:43:30 -0400] "GET /wp-content/plugins/woocommerce/assets/client/blocks/product-tag.js?ver=dd807ff09d318f122818 HTTP/1.1" 200 7408 "https://makstandardent.com/wp-admin/post-new.php?post_type=page" "Mozilla/5.0 (Windows NT 10.0; Win64; x64) AppleWebKit/537.36 (KHTML, like Gecko) Chrome/135.0.0.0 Safari/537.36"
103.244.175.189 - - [28/Apr/2025:13:43:30 -0400] "GET /wp-content/plugins/woocommerce/assets/client/blocks/product-query.js?ver=680e6b1d77122d1721e9 HTTP/1.1" 200 12299 "https://makstandardent.com/wp-admin/post-new.php?post_type=page" "Mozilla/5.0 (Windows NT 10.0; Win64; x64) AppleWebKit/537.36 (KHTML, like Gecko) Chrome/135.0.0.0 Safari/537.36"
103.244.175.189 - - [28/Apr/2025:13:43:29 -0400] "POST /wp-admin/admin-ajax.php HTTP/1.1" 200 47 "https://makstandardent.com/wp-admin/post-new.php?post_type=page" "Mozilla/5.0 (Windows NT 10.0; Win64; x64) AppleWebKit/537.36 (KHTML, like Gecko) Chrome/135.0.0.0 Safari/537.36"
103.244.175.189 - - [28/Apr/2025:13:43:32 -0400] "GET /wp-content/plugins/woocommerce/assets/client/blocks/order-confirmation-create-account.js?ver=0e02191bd2374cd414da HTTP/1.1" 200 4798 "https://makstandardent.com/wp-admin/post-new.php?post_type=page" "Mozilla/5.0 (Windows NT 10.0; Win64; x64) AppleWebKit/537.36 (KHTML, like Gecko) Chrome/135.0.0.0 Safari/537.36"
103.244.175.189 - - [28/Apr/2025:13:43:32 -0400] "GET /wp-content/plugins/woocommerce/assets/client/blocks/page-content-wrapper.js?ver=e7ee2b97aa3f73b70440 HTTP/1.1" 200 2162 "https://makstandardent.com/wp-admin/post-new.php?post_type=page" "Mozilla/5.0 (Windows NT 10.0; Win64; x64) AppleWebKit/537.36 (KHTML, like Gecko) Chrome/135.0.0.0 Safari/537.36"
103.244.175.189 - - [28/Apr/2025:13:43:32 -0400] "GET /wp-content/plugins/woocommerce/assets/client/blocks/blocks-checkout.js?ver=0ea5d4718f1bb3c42ede HTTP/1.1" 200 1192 "https://makstandardent.com/wp-admin/post-new.php?post_type=page" "Mozilla/5.0 (Windows NT 10.0; Win64; x64) AppleWebKit/537.36 (KHTML, like Gecko) Chrome/135.0.0.0 Safari/537.36"
103.244.175.189 - - [28/Apr/2025:13:43:32 -0400] "GET /wp-content/plugins/extendify/public/build/extendify-draft-0636bfcee0cca38200d7.js?ver=e6bc4719670116ccf83c HTTP/1.1" 200 14491 "https://makstandardent.com/wp-admin/post-new.php?post_type=page" "Mozilla/5.0 (Windows NT 10.0; Win64; x64) AppleWebKit/537.36 (KHTML, like Gecko) Chrome/135.0.0.0 Safari/537.36"
103.244.175.189 - - [28/Apr/2025:13:43:32 -0400] "GET /wp-content/plugins/extendify/public/build/extendify-library-254beaabfd4525359837.js?ver=cc10aa84f86a8b496198 HTTP/1.1" 200 6588 "https://makstandardent.com/wp-admin/post-new.php?post_type=page" "Mozilla/5.0 (Windows NT 10.0; Win64; x64) AppleWebKit/537.36 (KHTML, like Gecko) Chrome/135.0.0.0 Safari/537.36"
103.244.175.189 - - [28/Apr/2025:13:43:32 -0400] "GET /wp-content/plugins/woocommerce/assets/client/blocks/mini-cart-contents.js?ver=cdacfcfe5741d60251cf HTTP/1.1" 200 16291 "https://makstandardent.com/wp-admin/post-new.php?post_type=page" "Mozilla/5.0 (Windows NT 10.0; Win64; x64) AppleWebKit/537.36 (KHTML, like Gecko) Chrome/135.0.0.0 Safari/537.36"
103.244.175.189 - - [28/Apr/2025:13:43:32 -0400] "GET /wp-content/plugins/woocommerce/assets/client/blocks/cart.js?ver=45aafe057aca523293cd HTTP/1.1" 200 43119 "https://makstandardent.com/wp-admin/post-new.php?post_type=page" "Mozilla/5.0 (Windows NT 10.0; Win64; x64) AppleWebKit/537.36 (KHTML, like Gecko) Chrome/135.0.0.0 Safari/537.36"
103.244.175.189 - - [28/Apr/2025:13:43:32 -0400] "GET /wp-content/plugins/woocommerce/assets/client/blocks/checkout.js?ver=f14c8c816f05e8e4c62a HTTP/1.1" 200 49389 "https://makstandardent.com/wp-admin/post-new.php?post_type=page" "Mozilla/5.0 (Windows NT 10.0; Win64; x64) AppleWebKit/537.36 (KHTML, like Gecko) Chrome/135.0.0.0 Safari/537.36"
103.244.175.189 - - [28/Apr/2025:13:43:36 -0400] "GET /wp-includes/css/dist/block-editor/content.min.css?ver=6.8 HTTP/1.1" 200 4136 "-" "Mozilla/5.0 (Windows NT 10.0; Win64; x64) AppleWebKit/537.36 (KHTML, like Gecko) Chrome/135.0.0.0 Safari/537.36"
103.244.175.189 - - [28/Apr/2025:13:43:36 -0400] "GET /wp-includes/css/dist/block-library/editor.min.css?ver=6.8 HTTP/1.1" 200 10998 "-" "Mozilla/5.0 (Windows NT 10.0; Win64; x64) AppleWebKit/537.36 (KHTML, like Gecko) Chrome/135.0.0.0 Safari/537.36"
103.244.175.189 - - [28/Apr/2025:13:43:37 -0400] "GET /wp-admin/load-scripts.php?c=1&load%5Bchunk_0%5D=wp-polyfill&ver=6.8 HTTP/1.1" 200 14869 "-" "Mozilla/5.0 (Windows NT 10.0; Win64; x64) AppleWebKit/537.36 (KHTML, like Gecko) Chrome/135.0.0.0 Safari/537.36"
103.244.175.189 - - [28/Apr/2025:13:43:36 -0400] "GET /wp-json/wp/v2/users?context=view&who=authors&per_page=100&_fields=id%2Cname&_locale=user HTTP/1.1" 200 25 "https://makstandardent.com/wp-admin/post-new.php?post_type=page" "Mozilla/5.0 (Windows NT 10.0; Win64; x64) AppleWebKit/537.36 (KHTML, like Gecko) Chrome/135.0.0.0 Safari/537.36"
103.244.175.189 - - [28/Apr/2025:13:43:36 -0400] "GET /wp-json/wp/v2/blocks?context=edit&per_page=100&page=1&_locale=user HTTP/1.1" 200 2 "https://makstandardent.com/wp-admin/post-new.php?post_type=page" "Mozilla/5.0 (Windows NT 10.0; Win64; x64) AppleWebKit/537.36 (KHTML, like Gecko) Chrome/135.0.0.0 Safari/537.36"
103.244.175.189 - - [28/Apr/2025:13:43:36 -0400] "GET /wp-json/wp/v2/wp_pattern_category?context=view&per_page=100&_fields=id%2Cname%2Cdescription%2Cslug&_locale=user HTTP/1.1" 200 2 "https://makstandardent.com/wp-admin/post-new.php?post_type=page" "Mozilla/5.0 (Windows NT 10.0; Win64; x64) AppleWebKit/537.36 (KHTML, like Gecko) Chrome/135.0.0.0 Safari/537.36"
103.244.175.189 - - [28/Apr/2025:13:43:36 -0400] "POST /wp-json/extendify/v1/draft/router-data?_locale=user HTTP/1.1" 200 150 "https://makstandardent.com/wp-admin/post-new.php?post_type=page" "Mozilla/5.0 (Windows NT 10.0; Win64; x64) AppleWebKit/537.36 (KHTML, like Gecko) Chrome/135.0.0.0 Safari/537.36"
103.244.175.189 - - [28/Apr/2025:13:43:36 -0400] "GET /wp-json/wp/v2/taxonomies?context=edit&per_page=100&_locale=user HTTP/1.1" 200 14542 "https://makstandardent.com/wp-admin/post-new.php?post_type=page" "Mozilla/5.0 (Windows NT 10.0; Win64; x64) AppleWebKit/537.36 (KHTML, like Gecko) Chrome/135.0.0.0 Safari/537.36"
103.244.175.189 - - [28/Apr/2025:13:43:36 -0400] "GET /wp-json/wp/v2/templates/lookup?slug=front-page&_locale=user HTTP/1.1" 200 2 "https://makstandardent.com/wp-admin/post-new.php?post_type=page" "Mozilla/5.0 (Windows NT 10.0; Win64; x64) AppleWebKit/537.36 (KHTML, like Gecko) Chrome/135.0.0.0 Safari/537.36"
103.244.175.189 - - [28/Apr/2025:13:43:36 -0400] "GET /wp-json/wp/v2/templates?context=edit&per_page=100&_locale=user HTTP/1.1" 200 2 "https://makstandardent.com/wp-admin/post-new.php?post_type=page" "Mozilla/5.0 (Windows NT 10.0; Win64; x64) AppleWebKit/537.36 (KHTML, like Gecko) Chrome/135.0.0.0 Safari/537.36"
66.29.132.124 - - [28/Apr/2025:13:43:42 -0400] "POST /wp-cron.php?doing_wp_cron=1745862221.7539949417114257812500 HTTP/1.1" 200 0 "-" "WordPress/6.8; https://makstandardent.com"
103.244.175.189 - - [28/Apr/2025:13:43:39 -0400] "GET /wp-json/wp/v2/users/1?context=view&_fields=id%2Cname&_locale=user HTTP/1.1" 200 23 "https://makstandardent.com/wp-admin/post-new.php?post_type=page" "Mozilla/5.0 (Windows NT 10.0; Win64; x64) AppleWebKit/537.36 (KHTML, like Gecko) Chrome/135.0.0.0 Safari/537.36"
103.244.175.189 - - [28/Apr/2025:13:43:36 -0400] "GET /wp-json/wp/v2/block-patterns/patterns?_locale=user HTTP/1.1" 200 343129 "https://makstandardent.com/wp-admin/post-new.php?post_type=page" "Mozilla/5.0 (Windows NT 10.0; Win64; x64) AppleWebKit/537.36 (KHTML, like Gecko) Chrome/135.0.0.0 Safari/537.36"
66.29.132.124 - - [28/Apr/2025:13:43:44 -0400] "POST /wp-cron.php?doing_wp_cron=1745862223.7378799915313720703125 HTTP/1.1" 200 0 "-" "WordPress/6.8; https://makstandardent.com"
103.244.175.189 - - [28/Apr/2025:13:43:36 -0400] "OPTIONS /wp-json/wp/v2/settings?_locale=user HTTP/1.1" 200 9186 "https://makstandardent.com/wp-admin/post-new.php?post_type=page" "Mozilla/5.0 (Windows NT 10.0; Win64; x64) AppleWebKit/537.36 (KHTML, like Gecko) Chrome/135.0.0.0 Safari/537.36"
66.29.132.124 - - [28/Apr/2025:13:43:46 -0400] "POST /wp-admin/admin-ajax.php?action=async_litespeed&nonce=fuJ1SKzOmeQaf6cpokVhguEkqlqZCJ6g&litespeed_type=imgoptm HTTP/1.1" 200 0 "-" "WordPress/6.8; https://makstandardent.com"
66.29.132.124 - - [28/Apr/2025:13:43:57 -0400] "POST /wp-cron.php?doing_wp_cron=1745862237.2533130645751953125000 HTTP/1.1" 200 0 "-" "WordPress/6.8; https://makstandardent.com"
103.244.175.189 - - [28/Apr/2025:13:43:55 -0400] "POST /wp-admin/admin-ajax.php HTTP/1.1" 200 98 "https://makstandardent.com/wp-admin/post-new.php?post_type=page" "Mozilla/5.0 (Windows NT 10.0; Win64; x64) AppleWebKit/537.36 (KHTML, like Gecko) Chrome/135.0.0.0 Safari/537.36"
103.244.175.189 - - [28/Apr/2025:13:44:08 -0400] "POST /wp-json/wp/v2/pages/103?_locale=user HTTP/1.1" 200 4880 "https://makstandardent.com/wp-admin/post-new.php?post_type=page" "Mozilla/5.0 (Windows NT 10.0; Win64; x64) AppleWebKit/537.36 (KHTML, like Gecko) Chrome/135.0.0.0 Safari/537.36"
103.244.175.189 - - [28/Apr/2025:13:44:05 -0400] "POST /wp-admin/admin-ajax.php HTTP/1.1" 200 98 "https://makstandardent.com/wp-admin/post-new.php?post_type=page" "Mozilla/5.0 (Windows NT 10.0; Win64; x64) AppleWebKit/537.36 (KHTML, like Gecko) Chrome/135.0.0.0 Safari/537.36"
103.244.175.189 - - [28/Apr/2025:13:44:11 -0400] "POST /wp-admin/post.php?post=103&action=edit&meta-box-loader=1&meta-box-loader-nonce=08a233bcd1&_locale=user HTTP/1.1" 302 0 "https://makstandardent.com/wp-admin/post.php?post=103&action=edit" "Mozilla/5.0 (Windows NT 10.0; Win64; x64) AppleWebKit/537.36 (KHTML, like Gecko) Chrome/135.0.0.0 Safari/537.36"
103.244.175.189 - - [28/Apr/2025:13:44:22 -0400] "POST /wp-admin/admin-ajax.php HTTP/1.1" 200 98 "https://makstandardent.com/wp-admin/post.php?post=103&action=edit" "Mozilla/5.0 (Windows NT 10.0; Win64; x64) AppleWebKit/537.36 (KHTML, like Gecko) Chrome/135.0.0.0 Safari/537.36"
103.244.175.189 - - [28/Apr/2025:13:44:24 -0400] "POST /wp-admin/admin-ajax.php HTTP/1.1" 200 77 "https://makstandardent.com/wp-admin/post.php?post=52&action=elementor" "Mozilla/5.0 (Windows NT 10.0; Win64; x64) AppleWebKit/537.36 (KHTML, like Gecko) Chrome/135.0.0.0 Safari/537.36"
103.244.175.189 - - [28/Apr/2025:13:44:24 -0400] "GET /wp-json/elementor/v1/checklist/user-progress HTTP/1.1" 200 614 "https://makstandardent.com/wp-admin/post.php?post=52&action=elementor" "Mozilla/5.0 (Windows NT 10.0; Win64; x64) AppleWebKit/537.36 (KHTML, like Gecko) Chrome/135.0.0.0 Safari/537.36"
103.244.175.189 - - [28/Apr/2025:13:44:20 -0400] "GET /wp-admin/post.php?post=103&action=edit&message=4 HTTP/1.1" 200 167267 "https://makstandardent.com/wp-admin/post.php?post=103&action=edit" "Mozilla/5.0 (Windows NT 10.0; Win64; x64) AppleWebKit/537.36 (KHTML, like Gecko) Chrome/135.0.0.0 Safari/537.36"
103.244.175.189 - - [28/Apr/2025:13:44:28 -0400] "POST /wp-admin/admin-ajax.php HTTP/1.1" 200 5 "https://makstandardent.com/wp-admin/post.php?post=103&action=edit" "Mozilla/5.0 (Windows NT 10.0; Win64; x64) AppleWebKit/537.36 (KHTML, like Gecko) Chrome/135.0.0.0 Safari/537.36"
103.244.175.189 - - [28/Apr/2025:13:44:28 -0400] "POST /wp-admin/admin-ajax.php HTTP/1.1" 200 5 "https://makstandardent.com/wp-admin/post.php?post=103&action=edit" "Mozilla/5.0 (Windows NT 10.0; Win64; x64) AppleWebKit/537.36 (KHTML, like Gecko) Chrome/135.0.0.0 Safari/537.36"
103.244.175.189 - - [28/Apr/2025:13:44:35 -0400] "POST /wp-admin/admin-ajax.php HTTP/1.1" 200 0 "https://makstandardent.com/wp-admin/post.php?post=103&action=edit" "Mozilla/5.0 (Windows NT 10.0; Win64; x64) AppleWebKit/537.36 (KHTML, like Gecko) Chrome/135.0.0.0 Safari/537.36"
103.244.175.189 - - [28/Apr/2025:13:44:28 -0400] "GET /wp-admin/post.php?post=103&action=elementor HTTP/1.1" 200 208447 "https://makstandardent.com/wp-admin/post.php?post=103&action=edit" "Mozilla/5.0 (Windows NT 10.0; Win64; x64) AppleWebKit/537.36 (KHTML, like Gecko) Chrome/135.0.0.0 Safari/537.36"
103.244.175.189 - - [28/Apr/2025:13:44:40 -0400] "POST /wp-admin/admin-ajax.php HTTP/1.1" 200 47 "https://makstandardent.com/wp-admin/post.php?post=103&action=elementor" "Mozilla/5.0 (Windows NT 10.0; Win64; x64) AppleWebKit/537.36 (KHTML, like Gecko) Chrome/135.0.0.0 Safari/537.36"
103.244.175.189 - - [28/Apr/2025:13:44:42 -0400] "GET /wp-json/elementor/v1/site-navigation/recent-posts?posts_per_page=6&_locale=user HTTP/1.1" 200 1444 "https://makstandardent.com/wp-admin/post.php?post=103&action=elementor" "Mozilla/5.0 (Windows NT 10.0; Win64; x64) AppleWebKit/537.36 (KHTML, like Gecko) Chrome/135.0.0.0 Safari/537.36"
103.244.175.189 - - [28/Apr/2025:13:44:42 -0400] "GET /wp-json/elementor/v1/kit-elements-defaults HTTP/1.1" 200 2 "https://makstandardent.com/wp-admin/post.php?post=103&action=elementor" "Mozilla/5.0 (Windows NT 10.0; Win64; x64) AppleWebKit/537.36 (KHTML, like Gecko) Chrome/135.0.0.0 Safari/537.36"
103.244.175.189 - - [28/Apr/2025:13:44:42 -0400] "GET /wp-json/elementor/v1/global-widget/templates HTTP/1.1" 200 2 "https://makstandardent.com/wp-admin/post.php?post=103&action=elementor" "Mozilla/5.0 (Windows NT 10.0; Win64; x64) AppleWebKit/537.36 (KHTML, like Gecko) Chrome/135.0.0.0 Safari/537.36"
103.244.175.189 - - [28/Apr/2025:13:44:42 -0400] "GET /wp-json/elementor/v1/checklist/user-progress HTTP/1.1" 200 614 "https://makstandardent.com/wp-admin/post.php?post=103&action=elementor" "Mozilla/5.0 (Windows NT 10.0; Win64; x64) AppleWebKit/537.36 (KHTML, like Gecko) Chrome/135.0.0.0 Safari/537.36"
103.244.175.189 - - [28/Apr/2025:13:44:42 -0400] "GET /?page_id=103&elementor-preview=103&ver=1745862274 HTTP/1.1" 200 83301 "https://makstandardent.com/wp-admin/post.php?post=103&action=elementor" "Mozilla/5.0 (Windows NT 10.0; Win64; x64) AppleWebKit/537.36 (KHTML, like Gecko) Chrome/135.0.0.0 Safari/537.36"
103.244.175.189 - - [28/Apr/2025:13:44:42 -0400] "POST /wp-admin/admin-ajax.php HTTP/1.1" 200 639469 "https://makstandardent.com/wp-admin/post.php?post=103&action=elementor" "Mozilla/5.0 (Windows NT 10.0; Win64; x64) AppleWebKit/537.36 (KHTML, like Gecko) Chrome/135.0.0.0 Safari/537.36"
103.244.175.189 - - [28/Apr/2025:13:44:48 -0400] "POST /?wc-ajax=get_refreshed_fragments HTTP/1.1" 200 1314 "https://makstandardent.com/?page_id=103&elementor-preview=103&ver=1745862274" "Mozilla/5.0 (Windows NT 10.0; Win64; x64) AppleWebKit/537.36 (KHTML, like Gecko) Chrome/135.0.0.0 Safari/537.36"
