66.29.132.124 - - [28/Apr/2025:12:55:03 -0400] "POST /wp-admin/admin-ajax.php?action=async_litespeed&nonce=k7iVl1ArUhLtsgYVnXCrWf4Wv5OZXrw1&litespeed_type=imgoptm HTTP/1.1" 200 0 "-" "WordPress/6.8; https://makstandardent.com"
103.244.175.189 - - [28/Apr/2025:12:56:57 -0400] "POST /wp-admin/admin-ajax.php HTTP/1.1" 200 47 "https://makstandardent.com/wp-admin/edit.php?post_type=page" "Mozilla/5.0 (Windows NT 10.0; Win64; x64) AppleWebKit/537.36 (KHTML, like Gecko) Chrome/135.0.0.0 Safari/537.36"
66.29.132.124 - - [28/Apr/2025:12:57:02 -0400] "POST /wp-cron.php?doing_wp_cron=1745859421.6696529388427734375000 HTTP/1.1" 200 0 "-" "WordPress/6.8; https://makstandardent.com"
103.244.175.189 - - [28/Apr/2025:12:56:57 -0400] "POST /wp-admin/admin-ajax.php HTTP/1.1" 200 77 "https://makstandardent.com/wp-admin/post.php?post=21&action=elementor" "Mozilla/5.0 (Windows NT 10.0; Win64; x64) AppleWebKit/537.36 (KHTML, like Gecko) Chrome/135.0.0.0 Safari/537.36"
66.29.132.124 - - [28/Apr/2025:12:57:03 -0400] "POST /wp-admin/admin-ajax.php?action=async_litespeed&nonce=rOhi4WxbJiWT9JOzrP7DCcuH7fBMcRny&litespeed_type=imgoptm HTTP/1.1" 200 0 "-" "WordPress/6.8; https://makstandardent.com"
66.29.132.124 - - [28/Apr/2025:12:59:02 -0400] "POST /wp-cron.php?doing_wp_cron=1745859541.8894450664520263671875 HTTP/1.1" 200 0 "-" "WordPress/6.8; https://makstandardent.com"
66.29.132.124 - - [28/Apr/2025:12:59:02 -0400] "POST /wp-cron.php?doing_wp_cron=1745859541.8882598876953125000000 HTTP/1.1" 200 0 "-" "WordPress/6.8; https://makstandardent.com"
103.244.175.189 - - [28/Apr/2025:12:58:58 -0400] "POST /wp-admin/admin-ajax.php HTTP/1.1" 200 47 "https://makstandardent.com/wp-admin/edit.php?post_type=page" "Mozilla/5.0 (Windows NT 10.0; Win64; x64) AppleWebKit/537.36 (KHTML, like Gecko) Chrome/135.0.0.0 Safari/537.36"
103.244.175.189 - - [28/Apr/2025:12:58:57 -0400] "POST /wp-admin/admin-ajax.php HTTP/1.1" 200 77 "https://makstandardent.com/wp-admin/post.php?post=21&action=elementor" "Mozilla/5.0 (Windows NT 10.0; Win64; x64) AppleWebKit/537.36 (KHTML, like Gecko) Chrome/135.0.0.0 Safari/537.36"
66.29.132.124 - - [28/Apr/2025:12:59:05 -0400] "POST /wp-admin/admin-ajax.php?action=async_litespeed&nonce=qAJWtXk40jKjzj1hF4KbfnVqoXTYbDTg&litespeed_type=imgoptm HTTP/1.1" 200 0 "-" "WordPress/6.8; https://makstandardent.com"
103.244.175.189 - - [28/Apr/2025:13:00:59 -0400] "POST /wp-admin/admin-ajax.php HTTP/1.1" 200 47 "https://makstandardent.com/wp-admin/edit.php?post_type=page" "Mozilla/5.0 (Windows NT 10.0; Win64; x64) AppleWebKit/537.36 (KHTML, like Gecko) Chrome/135.0.0.0 Safari/537.36"
66.29.132.124 - - [28/Apr/2025:13:01:06 -0400] "POST /wp-cron.php?doing_wp_cron=1745859665.2463250160217285156250 HTTP/1.1" 200 0 "-" "WordPress/6.8; https://makstandardent.com"
103.244.175.189 - - [28/Apr/2025:13:00:58 -0400] "POST /wp-admin/admin-ajax.php HTTP/1.1" 200 77 "https://makstandardent.com/wp-admin/post.php?post=21&action=elementor" "Mozilla/5.0 (Windows NT 10.0; Win64; x64) AppleWebKit/537.36 (KHTML, like Gecko) Chrome/135.0.0.0 Safari/537.36"
66.29.132.124 - - [28/Apr/2025:13:03:05 -0400] "POST /wp-cron.php?doing_wp_cron=1745859785.6732640266418457031250 HTTP/1.1" 200 0 "-" "WordPress/6.8; https://makstandardent.com"
103.244.175.189 - - [28/Apr/2025:13:02:58 -0400] "POST /wp-admin/admin-ajax.php HTTP/1.1" 200 77 "https://makstandardent.com/wp-admin/post.php?post=21&action=elementor" "Mozilla/5.0 (Windows NT 10.0; Win64; x64) AppleWebKit/537.36 (KHTML, like Gecko) Chrome/135.0.0.0 Safari/537.36"
66.29.132.124 - - [28/Apr/2025:13:03:06 -0400] "POST /wp-admin/admin-ajax.php?action=async_litespeed&nonce=ITq3GQP4qUsUWg8vpAq4DwQnSO9vjXjI&litespeed_type=imgoptm HTTP/1.1" 200 0 "-" "WordPress/6.8; https://makstandardent.com"
66.29.132.124 - - [28/Apr/2025:13:05:07 -0400] "POST /wp-cron.php?doing_wp_cron=1745859905.0226540565490722656250 HTTP/1.1" 200 0 "-" "WordPress/6.8; https://makstandardent.com"
103.244.175.189 - - [28/Apr/2025:13:05:00 -0400] "POST /wp-admin/admin-ajax.php HTTP/1.1" 200 77 "https://makstandardent.com/wp-admin/post.php?post=21&action=elementor" "Mozilla/5.0 (Windows NT 10.0; Win64; x64) AppleWebKit/537.36 (KHTML, like Gecko) Chrome/135.0.0.0 Safari/537.36"
66.29.132.124 - - [28/Apr/2025:13:07:06 -0400] "POST /wp-cron.php?doing_wp_cron=1745860026.5094580650329589843750 HTTP/1.1" 200 0 "-" "WordPress/6.8; https://makstandardent.com"
103.244.175.189 - - [28/Apr/2025:13:07:02 -0400] "POST /wp-admin/admin-ajax.php HTTP/1.1" 200 77 "https://makstandardent.com/wp-admin/post.php?post=21&action=elementor" "Mozilla/5.0 (Windows NT 10.0; Win64; x64) AppleWebKit/537.36 (KHTML, like Gecko) Chrome/135.0.0.0 Safari/537.36"
66.29.132.124 - - [28/Apr/2025:13:07:09 -0400] "POST /wp-admin/admin-ajax.php?action=async_litespeed&nonce=iyHK3CB14kVvniKTJ0UlLpRKkkVNvmGJ&litespeed_type=imgoptm HTTP/1.1" 200 0 "-" "WordPress/6.8; https://makstandardent.com"
103.244.175.189 - - [28/Apr/2025:13:09:04 -0400] "POST /wp-admin/admin-ajax.php HTTP/1.1" 200 77 "https://makstandardent.com/wp-admin/post.php?post=21&action=elementor" "Mozilla/5.0 (Windows NT 10.0; Win64; x64) AppleWebKit/537.36 (KHTML, like Gecko) Chrome/135.0.0.0 Safari/537.36"
66.29.132.124 - - [28/Apr/2025:13:09:12 -0400] "POST /wp-cron.php?doing_wp_cron=1745860150.1609590053558349609375 HTTP/1.1" 200 0 "-" "WordPress/6.8; https://makstandardent.com"
66.29.132.124 - - [28/Apr/2025:13:11:08 -0400] "POST /wp-cron.php?doing_wp_cron=1745860268.1499199867248535156250 HTTP/1.1" 200 0 "-" "WordPress/6.8; https://makstandardent.com"
103.244.175.189 - - [28/Apr/2025:13:11:03 -0400] "POST /wp-admin/admin-ajax.php HTTP/1.1" 200 77 "https://makstandardent.com/wp-admin/post.php?post=21&action=elementor" "Mozilla/5.0 (Windows NT 10.0; Win64; x64) AppleWebKit/537.36 (KHTML, like Gecko) Chrome/135.0.0.0 Safari/537.36"
66.29.132.124 - - [28/Apr/2025:13:11:10 -0400] "POST /wp-admin/admin-ajax.php?action=async_litespeed&nonce=ygn1NOaf56JGA5PyT6oPqTe1pmQOH0YN&litespeed_type=imgoptm HTTP/1.1" 200 0 "-" "WordPress/6.8; https://makstandardent.com"
66.29.132.124 - - [28/Apr/2025:13:13:09 -0400] "POST /wp-cron.php?doing_wp_cron=1745860389.2746500968933105468750 HTTP/1.1" 200 0 "-" "WordPress/6.8; https://makstandardent.com"
103.244.175.189 - - [28/Apr/2025:13:13:04 -0400] "POST /wp-admin/admin-ajax.php HTTP/1.1" 200 77 "https://makstandardent.com/wp-admin/post.php?post=21&action=elementor" "Mozilla/5.0 (Windows NT 10.0; Win64; x64) AppleWebKit/537.36 (KHTML, like Gecko) Chrome/135.0.0.0 Safari/537.36"
66.29.132.124 - - [28/Apr/2025:13:13:11 -0400] "POST /wp-admin/admin-ajax.php?action=async_litespeed&nonce=zMhHlRDmQsa6F96q8QE1w8RdxSc2lmfd&litespeed_type=imgoptm HTTP/1.1" 200 0 "-" "WordPress/6.8; https://makstandardent.com"
66.29.132.124 - - [28/Apr/2025:13:15:15 -0400] "POST /wp-cron.php?doing_wp_cron=1745860513.9634070396423339843750 HTTP/1.1" 200 0 "-" "WordPress/6.8; https://makstandardent.com"
103.244.175.189 - - [28/Apr/2025:13:15:05 -0400] "POST /wp-admin/admin-ajax.php HTTP/1.1" 200 77 "https://makstandardent.com/wp-admin/post.php?post=21&action=elementor" "Mozilla/5.0 (Windows NT 10.0; Win64; x64) AppleWebKit/537.36 (KHTML, like Gecko) Chrome/135.0.0.0 Safari/537.36"
66.29.132.124 - - [28/Apr/2025:13:17:11 -0400] "POST /wp-cron.php?doing_wp_cron=1745860631.1171569824218750000000 HTTP/1.1" 200 0 "-" "WordPress/6.8; https://makstandardent.com"
103.244.175.189 - - [28/Apr/2025:13:17:06 -0400] "POST /wp-admin/admin-ajax.php HTTP/1.1" 200 77 "https://makstandardent.com/wp-admin/post.php?post=21&action=elementor" "Mozilla/5.0 (Windows NT 10.0; Win64; x64) AppleWebKit/537.36 (KHTML, like Gecko) Chrome/135.0.0.0 Safari/537.36"
66.29.132.124 - - [28/Apr/2025:13:17:13 -0400] "POST /wp-admin/admin-ajax.php?action=async_litespeed&nonce=nTgCYfE8AfJwzdMQLbVTF5kQJRsBVod4&litespeed_type=imgoptm HTTP/1.1" 200 0 "-" "WordPress/6.8; https://makstandardent.com"
175.6.217.4 - - [28/Apr/2025:13:17:15 -0400] "GET / HTTP/1.1" 301 0 "http://www.makstandardent.com" "Mozilla/5.0 (iPhone; CPU iPhone OS 13_2_3 like Mac OS X) AppleWebKit/605.1.15 (KHTML, like Gecko) Version/13.0.3 Mobile/15E148 Safari/604.1"
175.6.217.4 - - [28/Apr/2025:13:17:18 -0400] "GET / HTTP/1.1" 200 39078 "https://www.makstandardent.com/" "Mozilla/5.0 (iPhone; CPU iPhone OS 13_2_3 like Mac OS X) AppleWebKit/605.1.15 (KHTML, like Gecko) Version/13.0.3 Mobile/15E148 Safari/604.1"
103.244.175.189 - - [28/Apr/2025:13:19:08 -0400] "POST /wp-admin/admin-ajax.php HTTP/1.1" 200 77 "https://makstandardent.com/wp-admin/post.php?post=21&action=elementor" "Mozilla/5.0 (Windows NT 10.0; Win64; x64) AppleWebKit/537.36 (KHTML, like Gecko) Chrome/135.0.0.0 Safari/537.36"
66.29.132.124 - - [28/Apr/2025:13:19:15 -0400] "POST /wp-cron.php?doing_wp_cron=1745860753.9522509574890136718750 HTTP/1.1" 200 0 "-" "WordPress/6.8; https://makstandardent.com"
66.29.132.124 - - [28/Apr/2025:13:21:14 -0400] "POST /wp-cron.php?doing_wp_cron=1745860873.7994790077209472656250 HTTP/1.1" 200 0 "-" "WordPress/6.8; https://makstandardent.com"
103.244.175.189 - - [28/Apr/2025:13:21:08 -0400] "POST /wp-admin/admin-ajax.php HTTP/1.1" 200 77 "https://makstandardent.com/wp-admin/post.php?post=21&action=elementor" "Mozilla/5.0 (Windows NT 10.0; Win64; x64) AppleWebKit/537.36 (KHTML, like Gecko) Chrome/135.0.0.0 Safari/537.36"
66.29.132.124 - - [28/Apr/2025:13:21:16 -0400] "POST /wp-admin/admin-ajax.php?action=async_litespeed&nonce=qxEKqotf5KScHvbnsI4xWwiPM27CqTHo&litespeed_type=imgoptm HTTP/1.1" 200 0 "-" "WordPress/6.8; https://makstandardent.com"
103.244.175.189 - - [28/Apr/2025:13:23:09 -0400] "POST /wp-admin/admin-ajax.php HTTP/1.1" 200 77 "https://makstandardent.com/wp-admin/post.php?post=21&action=elementor" "Mozilla/5.0 (Windows NT 10.0; Win64; x64) AppleWebKit/537.36 (KHTML, like Gecko) Chrome/135.0.0.0 Safari/537.36"
66.29.132.124 - - [28/Apr/2025:13:23:15 -0400] "POST /wp-cron.php?doing_wp_cron=1745860994.0032169818878173828125 HTTP/1.1" 200 0 "-" "WordPress/6.8; https://makstandardent.com"
2a06:98c0:3600::103 - - [28/Apr/2025:13:23:50 -0400] "GET /wordpress/wp-admin/setup-config.php HTTP/1.1" 200 0 "-" "Mozilla/5.0 (Windows NT 10.0; Win64; x64) AppleWebKit/537.36 (KHTML, like Gecko) Chrome/135.0.0.0 Safari/537.36"
2a06:98c0:3600::103 - - [28/Apr/2025:13:23:58 -0400] "GET /wordpress/wp-admin/setup-config.php HTTP/1.1" 404 30612 "-" "Mozilla/5.0 (Windows NT 10.0; Win64; x64) AppleWebKit/537.36 (KHTML, like Gecko) Chrome/135.0.0.0 Safari/537.36"
2a06:98c0:3600::103 - - [28/Apr/2025:13:24:37 -0400] "GET /wp-admin/setup-config.php HTTP/1.1" 409 1041 "-" "Mozilla/5.0 (Windows NT 10.0; Win64; x64) AppleWebKit/537.36 (KHTML, like Gecko) Chrome/135.0.0.0 Safari/537.36"
66.29.132.124 - - [28/Apr/2025:13:25:14 -0400] "POST /wp-cron.php?doing_wp_cron=1745861113.0910398960113525390625 HTTP/1.1" 200 0 "-" "WordPress/6.8; https://makstandardent.com"
103.244.175.189 - - [28/Apr/2025:13:25:11 -0400] "POST /wp-admin/admin-ajax.php HTTP/1.1" 200 77 "https://makstandardent.com/wp-admin/post.php?post=21&action=elementor" "Mozilla/5.0 (Windows NT 10.0; Win64; x64) AppleWebKit/537.36 (KHTML, like Gecko) Chrome/135.0.0.0 Safari/537.36"
66.29.132.124 - - [28/Apr/2025:13:25:17 -0400] "POST /wp-admin/admin-ajax.php?action=async_litespeed&nonce=sCfw7mw1qjOiYbV7Uje1fFHmEJz0tZhC&litespeed_type=imgoptm HTTP/1.1" 200 0 "-" "WordPress/6.8; https://makstandardent.com"
66.29.132.124 - - [28/Apr/2025:13:27:16 -0400] "POST /wp-cron.php?doing_wp_cron=1745861235.7162749767303466796875 HTTP/1.1" 200 0 "-" "WordPress/6.8; https://makstandardent.com"
103.244.175.189 - - [28/Apr/2025:13:27:11 -0400] "POST /wp-admin/admin-ajax.php HTTP/1.1" 200 77 "https://makstandardent.com/wp-admin/post.php?post=21&action=elementor" "Mozilla/5.0 (Windows NT 10.0; Win64; x64) AppleWebKit/537.36 (KHTML, like Gecko) Chrome/135.0.0.0 Safari/537.36"
66.29.132.124 - - [28/Apr/2025:13:27:18 -0400] "POST /wp-admin/admin-ajax.php?action=async_litespeed&nonce=n6SH0e0ogfYNlgQAHLBwhj8a1aV89IBv&litespeed_type=imgoptm HTTP/1.1" 200 0 "-" "WordPress/6.8; https://makstandardent.com"
103.244.175.189 - - [28/Apr/2025:13:27:15 -0400] "GET /wp-json/elementor/v1/checklist/user-progress HTTP/1.1" 200 614 "https://makstandardent.com/wp-admin/post.php?post=21&action=elementor" "Mozilla/5.0 (Windows NT 10.0; Win64; x64) AppleWebKit/537.36 (KHTML, like Gecko) Chrome/135.0.0.0 Safari/537.36"
66.29.132.124 - - [28/Apr/2025:13:27:28 -0400] "POST /wp-cron.php?doing_wp_cron=1745861246.9593770503997802734375 HTTP/1.1" 200 0 "-" "WordPress/6.8; https://makstandardent.com"
103.244.175.189 - - [28/Apr/2025:13:27:26 -0400] "POST /wp-admin/admin-ajax.php HTTP/1.1" 200 77 "https://makstandardent.com/wp-admin/post.php?post=21&action=elementor" "Mozilla/5.0 (Windows NT 10.0; Win64; x64) AppleWebKit/537.36 (KHTML, like Gecko) Chrome/135.0.0.0 Safari/537.36"
66.29.132.124 - - [28/Apr/2025:13:27:31 -0400] "POST /wp-admin/admin-ajax.php?action=async_litespeed&nonce=PclhiZER1S1QZ4EGKvscYWoLmDVaeoFj&litespeed_type=imgoptm HTTP/1.1" 200 0 "-" "WordPress/6.8; https://makstandardent.com"
103.244.175.189 - - [28/Apr/2025:13:27:41 -0400] "POST /wp-admin/admin-ajax.php HTTP/1.1" 200 77 "https://makstandardent.com/wp-admin/post.php?post=21&action=elementor" "Mozilla/5.0 (Windows NT 10.0; Win64; x64) AppleWebKit/537.36 (KHTML, like Gecko) Chrome/135.0.0.0 Safari/537.36"
66.29.132.124 - - [28/Apr/2025:13:27:59 -0400] "POST /wp-cron.php?doing_wp_cron=1745861278.2636499404907226562500 HTTP/1.1" 200 0 "-" "WordPress/6.8; https://makstandardent.com"
103.244.175.189 - - [28/Apr/2025:13:27:57 -0400] "POST /wp-admin/admin-ajax.php HTTP/1.1" 200 77 "https://makstandardent.com/wp-admin/post.php?post=21&action=elementor" "Mozilla/5.0 (Windows NT 10.0; Win64; x64) AppleWebKit/537.36 (KHTML, like Gecko) Chrome/135.0.0.0 Safari/537.36"
103.244.175.189 - - [28/Apr/2025:13:28:11 -0400] "POST /wp-admin/admin-ajax.php HTTP/1.1" 200 77 "https://makstandardent.com/wp-admin/post.php?post=21&action=elementor" "Mozilla/5.0 (Windows NT 10.0; Win64; x64) AppleWebKit/537.36 (KHTML, like Gecko) Chrome/135.0.0.0 Safari/537.36"
103.244.175.189 - - [28/Apr/2025:13:28:25 -0400] "POST /wp-admin/admin-ajax.php HTTP/1.1" 200 77 "https://makstandardent.com/wp-admin/post.php?post=21&action=elementor" "Mozilla/5.0 (Windows NT 10.0; Win64; x64) AppleWebKit/537.36 (KHTML, like Gecko) Chrome/135.0.0.0 Safari/537.36"
103.244.175.189 - - [28/Apr/2025:13:28:41 -0400] "POST /wp-admin/admin-ajax.php HTTP/1.1" 200 77 "https://makstandardent.com/wp-admin/post.php?post=21&action=elementor" "Mozilla/5.0 (Windows NT 10.0; Win64; x64) AppleWebKit/537.36 (KHTML, like Gecko) Chrome/135.0.0.0 Safari/537.36"
103.244.175.189 - - [28/Apr/2025:13:28:48 -0400] "GET /wp-json/elementor/v1/checklist/user-progress HTTP/1.1" 200 614 "https://makstandardent.com/wp-admin/post.php?post=21&action=elementor" "Mozilla/5.0 (Windows NT 10.0; Win64; x64) AppleWebKit/537.36 (KHTML, like Gecko) Chrome/135.0.0.0 Safari/537.36"
66.29.132.124 - - [28/Apr/2025:13:28:59 -0400] "POST /wp-cron.php?doing_wp_cron=1745861339.0703690052032470703125 HTTP/1.1" 200 0 "-" "WordPress/6.8; https://makstandardent.com"
66.29.132.124 - - [28/Apr/2025:13:28:59 -0400] "POST /wp-cron.php?doing_wp_cron=1745861339.1754970550537109375000 HTTP/1.1" 200 0 "-" "WordPress/6.8; https://makstandardent.com"
103.244.175.189 - - [28/Apr/2025:13:28:58 -0400] "GET /wp-json/elementor/v1/checklist/user-progress HTTP/1.1" 200 614 "https://makstandardent.com/wp-admin/post.php?post=21&action=elementor" "Mozilla/5.0 (Windows NT 10.0; Win64; x64) AppleWebKit/537.36 (KHTML, like Gecko) Chrome/135.0.0.0 Safari/537.36"
103.244.175.189 - - [28/Apr/2025:13:28:57 -0400] "POST /wp-admin/admin-ajax.php HTTP/1.1" 200 77 "https://makstandardent.com/wp-admin/post.php?post=21&action=elementor" "Mozilla/5.0 (Windows NT 10.0; Win64; x64) AppleWebKit/537.36 (KHTML, like Gecko) Chrome/135.0.0.0 Safari/537.36"
66.29.132.124 - - [28/Apr/2025:13:29:01 -0400] "POST /wp-admin/admin-ajax.php?action=async_litespeed&nonce=QQQoX7KdWoiNSgK0OatTHfoxCfAYm1Fq&litespeed_type=imgoptm HTTP/1.1" 200 0 "-" "WordPress/6.8; https://makstandardent.com"
103.244.175.189 - - [28/Apr/2025:13:28:59 -0400] "POST /wp-admin/admin-ajax.php HTTP/1.1" 200 217 "https://makstandardent.com/wp-admin/post.php?post=21&action=elementor" "Mozilla/5.0 (Windows NT 10.0; Win64; x64) AppleWebKit/537.36 (KHTML, like Gecko) Chrome/135.0.0.0 Safari/537.36"
103.244.175.189 - - [28/Apr/2025:13:29:05 -0400] "POST /wp-admin/admin-ajax.php HTTP/1.1" 200 217 "https://makstandardent.com/wp-admin/post.php?post=21&action=elementor" "Mozilla/5.0 (Windows NT 10.0; Win64; x64) AppleWebKit/537.36 (KHTML, like Gecko) Chrome/135.0.0.0 Safari/537.36"
103.244.175.189 - - [28/Apr/2025:13:29:07 -0400] "POST /wp-admin/admin-ajax.php HTTP/1.1" 200 1558 "https://makstandardent.com/wp-admin/post.php?post=21&action=elementor" "Mozilla/5.0 (Windows NT 10.0; Win64; x64) AppleWebKit/537.36 (KHTML, like Gecko) Chrome/135.0.0.0 Safari/537.36"
103.244.175.189 - - [28/Apr/2025:13:29:10 -0400] "GET /wp-json/elementor/v1/checklist/user-progress HTTP/1.1" 200 614 "https://makstandardent.com/wp-admin/post.php?post=21&action=elementor" "Mozilla/5.0 (Windows NT 10.0; Win64; x64) AppleWebKit/537.36 (KHTML, like Gecko) Chrome/135.0.0.0 Safari/537.36"
103.244.175.189 - - [28/Apr/2025:13:29:11 -0400] "POST /wp-admin/admin-ajax.php HTTP/1.1" 200 77 "https://makstandardent.com/wp-admin/post.php?post=21&action=elementor" "Mozilla/5.0 (Windows NT 10.0; Win64; x64) AppleWebKit/537.36 (KHTML, like Gecko) Chrome/135.0.0.0 Safari/537.36"
103.244.175.189 - - [28/Apr/2025:13:29:13 -0400] "POST /wp-admin/admin-ajax.php HTTP/1.1" 200 78064 "https://makstandardent.com/wp-admin/post.php?post=21&action=elementor" "Mozilla/5.0 (Windows NT 10.0; Win64; x64) AppleWebKit/537.36 (KHTML, like Gecko) Chrome/135.0.0.0 Safari/537.36"
103.244.175.189 - - [28/Apr/2025:13:29:13 -0400] "POST /wp-admin/admin-ajax.php HTTP/1.1" 200 78064 "https://makstandardent.com/wp-admin/post.php?post=21&action=elementor" "Mozilla/5.0 (Windows NT 10.0; Win64; x64) AppleWebKit/537.36 (KHTML, like Gecko) Chrome/135.0.0.0 Safari/537.36"
103.244.175.189 - - [28/Apr/2025:13:29:26 -0400] "POST /wp-admin/admin-ajax.php HTTP/1.1" 200 77 "https://makstandardent.com/wp-admin/post.php?post=21&action=elementor" "Mozilla/5.0 (Windows NT 10.0; Win64; x64) AppleWebKit/537.36 (KHTML, like Gecko) Chrome/135.0.0.0 Safari/537.36"
66.29.132.124 - - [28/Apr/2025:13:29:34 -0400] "POST /wp-cron.php?doing_wp_cron=1745861373.5987150669097900390625 HTTP/1.1" 200 0 "-" "WordPress/6.8; https://makstandardent.com"
103.244.175.189 - - [28/Apr/2025:13:29:29 -0400] "POST /wp-admin/async-upload.php HTTP/1.1" 200 564 "https://makstandardent.com/wp-admin/post.php?post=21&action=elementor" "Mozilla/5.0 (Windows NT 10.0; Win64; x64) AppleWebKit/537.36 (KHTML, like Gecko) Chrome/135.0.0.0 Safari/537.36"
66.29.132.124 - - [28/Apr/2025:13:29:35 -0400] "POST /wp-admin/admin-ajax.php?action=async_litespeed&nonce=n6wn7cOAMvafz4MUprgJt9jQ8fHZ6TMY&litespeed_type=imgoptm HTTP/1.1" 200 0 "-" "WordPress/6.8; https://makstandardent.com"
103.244.175.189 - - [28/Apr/2025:13:29:37 -0400] "GET /wp-content/uploads/2025/04/2139Sw3KFQL-150x150.jpg HTTP/1.1" 200 2584 "https://makstandardent.com/wp-admin/post.php?post=21&action=elementor" "Mozilla/5.0 (Windows NT 10.0; Win64; x64) AppleWebKit/537.36 (KHTML, like Gecko) Chrome/135.0.0.0 Safari/537.36"
103.244.175.189 - - [28/Apr/2025:13:29:39 -0400] "GET /wp-content/uploads/2025/04/2139Sw3KFQL.jpg HTTP/1.1" 200 7134 "https://makstandardent.com/wp-admin/post.php?post=21&action=elementor" "Mozilla/5.0 (Windows NT 10.0; Win64; x64) AppleWebKit/537.36 (KHTML, like Gecko) Chrome/135.0.0.0 Safari/537.36"
103.244.175.189 - - [28/Apr/2025:13:29:39 -0400] "POST /wp-admin/admin-ajax.php HTTP/1.1" 200 1072 "https://makstandardent.com/wp-admin/post.php?post=21&action=elementor" "Mozilla/5.0 (Windows NT 10.0; Win64; x64) AppleWebKit/537.36 (KHTML, like Gecko) Chrome/135.0.0.0 Safari/537.36"
103.244.175.189 - - [28/Apr/2025:13:29:39 -0400] "POST /wp-admin/admin-ajax.php HTTP/1.1" 200 1404 "https://makstandardent.com/wp-admin/post.php?post=21&action=elementor" "Mozilla/5.0 (Windows NT 10.0; Win64; x64) AppleWebKit/537.36 (KHTML, like Gecko) Chrome/135.0.0.0 Safari/537.36"
103.244.175.189 - - [28/Apr/2025:13:29:41 -0400] "POST /wp-admin/admin-ajax.php HTTP/1.1" 200 77 "https://makstandardent.com/wp-admin/post.php?post=21&action=elementor" "Mozilla/5.0 (Windows NT 10.0; Win64; x64) AppleWebKit/537.36 (KHTML, like Gecko) Chrome/135.0.0.0 Safari/537.36"
103.244.175.189 - - [28/Apr/2025:13:29:48 -0400] "GET /wp-json/elementor/v1/checklist/user-progress HTTP/1.1" 200 614 "https://makstandardent.com/wp-admin/post.php?post=21&action=elementor" "Mozilla/5.0 (Windows NT 10.0; Win64; x64) AppleWebKit/537.36 (KHTML, like Gecko) Chrome/135.0.0.0 Safari/537.36"
66.29.132.124 - - [28/Apr/2025:13:29:57 -0400] "POST /wp-cron.php?doing_wp_cron=1745861397.6992309093475341796875 HTTP/1.1" 200 0 "-" "WordPress/6.8; https://makstandardent.com"
103.244.175.189 - - [28/Apr/2025:13:29:56 -0400] "POST /wp-admin/admin-ajax.php HTTP/1.1" 200 77 "https://makstandardent.com/wp-admin/post.php?post=21&action=elementor" "Mozilla/5.0 (Windows NT 10.0; Win64; x64) AppleWebKit/537.36 (KHTML, like Gecko) Chrome/135.0.0.0 Safari/537.36"
103.244.175.189 - - [28/Apr/2025:13:29:56 -0400] "GET /wp-json/elementor/v1/checklist/user-progress HTTP/1.1" 200 614 "https://makstandardent.com/wp-admin/post.php?post=21&action=elementor" "Mozilla/5.0 (Windows NT 10.0; Win64; x64) AppleWebKit/537.36 (KHTML, like Gecko) Chrome/135.0.0.0 Safari/537.36"
103.244.175.189 - - [28/Apr/2025:13:29:57 -0400] "POST /wp-admin/admin-ajax.php HTTP/1.1" 200 219 "https://makstandardent.com/wp-admin/post.php?post=21&action=elementor" "Mozilla/5.0 (Windows NT 10.0; Win64; x64) AppleWebKit/537.36 (KHTML, like Gecko) Chrome/135.0.0.0 Safari/537.36"
103.244.175.189 - - [28/Apr/2025:13:30:02 -0400] "GET /wp-json/elementor/v1/checklist/user-progress HTTP/1.1" 200 614 "https://makstandardent.com/wp-admin/post.php?post=21&action=elementor" "Mozilla/5.0 (Windows NT 10.0; Win64; x64) AppleWebKit/537.36 (KHTML, like Gecko) Chrome/135.0.0.0 Safari/537.36"
103.244.175.189 - - [28/Apr/2025:13:30:05 -0400] "POST /wp-admin/admin-ajax.php HTTP/1.1" 200 218 "https://makstandardent.com/wp-admin/post.php?post=21&action=elementor" "Mozilla/5.0 (Windows NT 10.0; Win64; x64) AppleWebKit/537.36 (KHTML, like Gecko) Chrome/135.0.0.0 Safari/537.36"
103.244.175.189 - - [28/Apr/2025:13:30:08 -0400] "POST /wp-admin/admin-ajax.php HTTP/1.1" 200 1556 "https://makstandardent.com/wp-admin/post.php?post=21&action=elementor" "Mozilla/5.0 (Windows NT 10.0; Win64; x64) AppleWebKit/537.36 (KHTML, like Gecko) Chrome/135.0.0.0 Safari/537.36"
103.244.175.189 - - [28/Apr/2025:13:30:10 -0400] "POST /wp-admin/admin-ajax.php HTTP/1.1" 200 79445 "https://makstandardent.com/wp-admin/post.php?post=21&action=elementor" "Mozilla/5.0 (Windows NT 10.0; Win64; x64) AppleWebKit/537.36 (KHTML, like Gecko) Chrome/135.0.0.0 Safari/537.36"
103.244.175.189 - - [28/Apr/2025:13:30:10 -0400] "POST /wp-admin/admin-ajax.php HTTP/1.1" 200 79445 "https://makstandardent.com/wp-admin/post.php?post=21&action=elementor" "Mozilla/5.0 (Windows NT 10.0; Win64; x64) AppleWebKit/537.36 (KHTML, like Gecko) Chrome/135.0.0.0 Safari/537.36"
103.244.175.189 - - [28/Apr/2025:13:30:12 -0400] "POST /wp-admin/admin-ajax.php HTTP/1.1" 200 77 "https://makstandardent.com/wp-admin/post.php?post=21&action=elementor" "Mozilla/5.0 (Windows NT 10.0; Win64; x64) AppleWebKit/537.36 (KHTML, like Gecko) Chrome/135.0.0.0 Safari/537.36"
103.244.175.189 - - [28/Apr/2025:13:30:22 -0400] "POST /wp-admin/async-upload.php HTTP/1.1" 200 570 "https://makstandardent.com/wp-admin/post.php?post=21&action=elementor" "Mozilla/5.0 (Windows NT 10.0; Win64; x64) AppleWebKit/537.36 (KHTML, like Gecko) Chrome/135.0.0.0 Safari/537.36"
103.244.175.189 - - [28/Apr/2025:13:30:29 -0400] "GET /wp-content/uploads/2025/04/piza-bis-bad-forus-300x300-1-150x150.jpg HTTP/1.1" 200 2881 "https://makstandardent.com/wp-admin/post.php?post=21&action=elementor" "Mozilla/5.0 (Windows NT 10.0; Win64; x64) AppleWebKit/537.36 (KHTML, like Gecko) Chrome/135.0.0.0 Safari/537.36"
66.29.132.124 - - [28/Apr/2025:13:30:29 -0400] "POST /wp-cron.php?doing_wp_cron=1745861429.0458021163940429687500 HTTP/1.1" 200 0 "-" "WordPress/6.8; https://makstandardent.com"
103.244.175.189 - - [28/Apr/2025:13:30:28 -0400] "POST /wp-admin/admin-ajax.php HTTP/1.1" 200 77 "https://makstandardent.com/wp-admin/post.php?post=21&action=elementor" "Mozilla/5.0 (Windows NT 10.0; Win64; x64) AppleWebKit/537.36 (KHTML, like Gecko) Chrome/135.0.0.0 Safari/537.36"
66.29.132.124 - - [28/Apr/2025:13:30:31 -0400] "POST /wp-admin/admin-ajax.php?action=async_litespeed&nonce=v0jk4ameXEqTm5PCZ9mcd4Ftx7xNo3pU&litespeed_type=imgoptm HTTP/1.1" 200 0 "-" "WordPress/6.8; https://makstandardent.com"
103.244.175.189 - - [28/Apr/2025:13:30:32 -0400] "GET /wp-content/uploads/2025/04/piza-bis-bad-forus-300x300-1.jpg HTTP/1.1" 200 7649 "https://makstandardent.com/wp-admin/post.php?post=21&action=elementor" "Mozilla/5.0 (Windows NT 10.0; Win64; x64) AppleWebKit/537.36 (KHTML, like Gecko) Chrome/135.0.0.0 Safari/537.36"
103.244.175.189 - - [28/Apr/2025:13:30:32 -0400] "POST /wp-admin/admin-ajax.php HTTP/1.1" 200 1259 "https://makstandardent.com/wp-admin/post.php?post=21&action=elementor" "Mozilla/5.0 (Windows NT 10.0; Win64; x64) AppleWebKit/537.36 (KHTML, like Gecko) Chrome/135.0.0.0 Safari/537.36"
103.244.175.189 - - [28/Apr/2025:13:30:32 -0400] "POST /wp-admin/admin-ajax.php HTTP/1.1" 200 1517 "https://makstandardent.com/wp-admin/post.php?post=21&action=elementor" "Mozilla/5.0 (Windows NT 10.0; Win64; x64) AppleWebKit/537.36 (KHTML, like Gecko) Chrome/135.0.0.0 Safari/537.36"
103.244.175.189 - - [28/Apr/2025:13:30:42 -0400] "GET /wp-json/elementor/v1/checklist/user-progress HTTP/1.1" 200 614 "https://makstandardent.com/wp-admin/post.php?post=21&action=elementor" "Mozilla/5.0 (Windows NT 10.0; Win64; x64) AppleWebKit/537.36 (KHTML, like Gecko) Chrome/135.0.0.0 Safari/537.36"
103.244.175.189 - - [28/Apr/2025:13:30:42 -0400] "POST /wp-admin/admin-ajax.php HTTP/1.1" 200 77 "https://makstandardent.com/wp-admin/post.php?post=21&action=elementor" "Mozilla/5.0 (Windows NT 10.0; Win64; x64) AppleWebKit/537.36 (KHTML, like Gecko) Chrome/135.0.0.0 Safari/537.36"
103.244.175.189 - - [28/Apr/2025:13:30:48 -0400] "GET /wp-json/elementor/v1/checklist/user-progress HTTP/1.1" 200 614 "https://makstandardent.com/wp-admin/post.php?post=21&action=elementor" "Mozilla/5.0 (Windows NT 10.0; Win64; x64) AppleWebKit/537.36 (KHTML, like Gecko) Chrome/135.0.0.0 Safari/537.36"
103.244.175.189 - - [28/Apr/2025:13:30:49 -0400] "POST /wp-admin/admin-ajax.php HTTP/1.1" 200 231 "https://makstandardent.com/wp-admin/post.php?post=21&action=elementor" "Mozilla/5.0 (Windows NT 10.0; Win64; x64) AppleWebKit/537.36 (KHTML, like Gecko) Chrome/135.0.0.0 Safari/537.36"
103.244.175.189 - - [28/Apr/2025:13:30:53 -0400] "POST /wp-admin/admin-ajax.php HTTP/1.1" 200 218 "https://makstandardent.com/wp-admin/post.php?post=21&action=elementor" "Mozilla/5.0 (Windows NT 10.0; Win64; x64) AppleWebKit/537.36 (KHTML, like Gecko) Chrome/135.0.0.0 Safari/537.36"
66.29.132.124 - - [28/Apr/2025:13:30:58 -0400] "POST /wp-cron.php?doing_wp_cron=1745861458.5116350650787353515625 HTTP/1.1" 200 0 "-" "WordPress/6.8; https://makstandardent.com"
103.244.175.189 - - [28/Apr/2025:13:30:57 -0400] "POST /wp-admin/admin-ajax.php HTTP/1.1" 200 77 "https://makstandardent.com/wp-admin/post.php?post=21&action=elementor" "Mozilla/5.0 (Windows NT 10.0; Win64; x64) AppleWebKit/537.36 (KHTML, like Gecko) Chrome/135.0.0.0 Safari/537.36"
103.244.175.189 - - [28/Apr/2025:13:31:05 -0400] "POST /wp-admin/admin-ajax.php HTTP/1.1" 200 224 "https://makstandardent.com/wp-admin/post.php?post=21&action=elementor" "Mozilla/5.0 (Windows NT 10.0; Win64; x64) AppleWebKit/537.36 (KHTML, like Gecko) Chrome/135.0.0.0 Safari/537.36"
103.244.175.189 - - [28/Apr/2025:13:31:12 -0400] "POST /wp-admin/admin-ajax.php HTTP/1.1" 200 77 "https://makstandardent.com/wp-admin/post.php?post=21&action=elementor" "Mozilla/5.0 (Windows NT 10.0; Win64; x64) AppleWebKit/537.36 (KHTML, like Gecko) Chrome/135.0.0.0 Safari/537.36"
103.244.175.189 - - [28/Apr/2025:13:31:27 -0400] "POST /wp-admin/admin-ajax.php HTTP/1.1" 200 77 "https://makstandardent.com/wp-admin/post.php?post=21&action=elementor" "Mozilla/5.0 (Windows NT 10.0; Win64; x64) AppleWebKit/537.36 (KHTML, like Gecko) Chrome/135.0.0.0 Safari/537.36"
66.29.132.124 - - [28/Apr/2025:13:31:43 -0400] "POST /wp-cron.php?doing_wp_cron=1745861503.7145099639892578125000 HTTP/1.1" 200 0 "-" "WordPress/6.8; https://makstandardent.com"
103.244.175.189 - - [28/Apr/2025:13:31:42 -0400] "POST /wp-admin/admin-ajax.php HTTP/1.1" 200 77 "https://makstandardent.com/wp-admin/post.php?post=21&action=elementor" "Mozilla/5.0 (Windows NT 10.0; Win64; x64) AppleWebKit/537.36 (KHTML, like Gecko) Chrome/135.0.0.0 Safari/537.36"
66.29.132.124 - - [28/Apr/2025:13:31:44 -0400] "POST /wp-admin/admin-ajax.php?action=async_litespeed&nonce=GukEqFtOjvpkP3zHOYJy5SJpSYudNFLp&litespeed_type=imgoptm HTTP/1.1" 200 21 "-" "WordPress/6.8; https://makstandardent.com"
66.29.132.124 - - [28/Apr/2025:13:31:58 -0400] "POST /wp-cron.php?doing_wp_cron=1745861518.4125869274139404296875 HTTP/1.1" 200 0 "-" "WordPress/6.8; https://makstandardent.com"
103.244.175.189 - - [28/Apr/2025:13:31:57 -0400] "POST /wp-admin/admin-ajax.php HTTP/1.1" 200 77 "https://makstandardent.com/wp-admin/post.php?post=21&action=elementor" "Mozilla/5.0 (Windows NT 10.0; Win64; x64) AppleWebKit/537.36 (KHTML, like Gecko) Chrome/135.0.0.0 Safari/537.36"
103.244.175.189 - - [28/Apr/2025:13:32:12 -0400] "POST /wp-admin/admin-ajax.php HTTP/1.1" 200 77 "https://makstandardent.com/wp-admin/post.php?post=21&action=elementor" "Mozilla/5.0 (Windows NT 10.0; Win64; x64) AppleWebKit/537.36 (KHTML, like Gecko) Chrome/135.0.0.0 Safari/537.36"
103.244.175.189 - - [28/Apr/2025:13:32:30 -0400] "POST /wp-admin/admin-ajax.php HTTP/1.1" 200 77 "https://makstandardent.com/wp-admin/post.php?post=21&action=elementor" "Mozilla/5.0 (Windows NT 10.0; Win64; x64) AppleWebKit/537.36 (KHTML, like Gecko) Chrome/135.0.0.0 Safari/537.36"
66.29.132.124 - - [28/Apr/2025:13:32:31 -0400] "POST /wp-cron.php?doing_wp_cron=1745861551.5800800323486328125000 HTTP/1.1" 200 0 "-" "WordPress/6.8; https://makstandardent.com"
103.244.175.189 - - [28/Apr/2025:13:32:30 -0400] "GET /wp-json/elementor/v1/checklist/user-progress HTTP/1.1" 200 614 "https://makstandardent.com/wp-admin/post.php?post=21&action=elementor" "Mozilla/5.0 (Windows NT 10.0; Win64; x64) AppleWebKit/537.36 (KHTML, like Gecko) Chrome/135.0.0.0 Safari/537.36"
66.29.132.124 - - [28/Apr/2025:13:32:33 -0400] "POST /wp-admin/admin-ajax.php?action=async_litespeed&nonce=kNYXex38qCayFI15KoeFTbYpMcTFvrKi&litespeed_type=imgoptm HTTP/1.1" 200 0 "-" "WordPress/6.8; https://makstandardent.com"
103.244.175.189 - - [28/Apr/2025:13:32:45 -0400] "POST /wp-admin/admin-ajax.php HTTP/1.1" 200 77 "https://makstandardent.com/wp-admin/post.php?post=21&action=elementor" "Mozilla/5.0 (Windows NT 10.0; Win64; x64) AppleWebKit/537.36 (KHTML, like Gecko) Chrome/135.0.0.0 Safari/537.36"
103.244.175.189 - - [28/Apr/2025:13:32:47 -0400] "POST /wp-admin/admin-ajax.php HTTP/1.1" 200 221 "https://makstandardent.com/wp-admin/post.php?post=21&action=elementor" "Mozilla/5.0 (Windows NT 10.0; Win64; x64) AppleWebKit/537.36 (KHTML, like Gecko) Chrome/135.0.0.0 Safari/537.36"
66.29.132.124 - - [28/Apr/2025:13:33:01 -0400] "POST /wp-cron.php?doing_wp_cron=1745861581.4889979362487792968750 HTTP/1.1" 200 0 "-" "WordPress/6.8; https://makstandardent.com"
103.244.175.189 - - [28/Apr/2025:13:33:00 -0400] "POST /wp-admin/admin-ajax.php HTTP/1.1" 200 77 "https://makstandardent.com/wp-admin/post.php?post=21&action=elementor" "Mozilla/5.0 (Windows NT 10.0; Win64; x64) AppleWebKit/537.36 (KHTML, like Gecko) Chrome/135.0.0.0 Safari/537.36"
103.244.175.189 - - [28/Apr/2025:13:33:15 -0400] "POST /wp-admin/admin-ajax.php HTTP/1.1" 200 77 "https://makstandardent.com/wp-admin/post.php?post=21&action=elementor" "Mozilla/5.0 (Windows NT 10.0; Win64; x64) AppleWebKit/537.36 (KHTML, like Gecko) Chrome/135.0.0.0 Safari/537.36"
103.244.175.189 - - [28/Apr/2025:13:33:24 -0400] "POST /wp-admin/admin-ajax.php HTTP/1.1" 200 1574 "https://makstandardent.com/wp-admin/post.php?post=21&action=elementor" "Mozilla/5.0 (Windows NT 10.0; Win64; x64) AppleWebKit/537.36 (KHTML, like Gecko) Chrome/135.0.0.0 Safari/537.36"
103.244.175.189 - - [28/Apr/2025:13:33:24 -0400] "POST /wp-admin/admin-ajax.php HTTP/1.1" 200 211 "https://makstandardent.com/wp-admin/post.php?post=21&action=elementor" "Mozilla/5.0 (Windows NT 10.0; Win64; x64) AppleWebKit/537.36 (KHTML, like Gecko) Chrome/135.0.0.0 Safari/537.36"
66.29.132.124 - - [28/Apr/2025:13:33:32 -0400] "POST /wp-cron.php?doing_wp_cron=1745861612.1183860301971435546875 HTTP/1.1" 200 0 "-" "WordPress/6.8; https://makstandardent.com"
103.244.175.189 - - [28/Apr/2025:13:33:30 -0400] "POST /wp-admin/admin-ajax.php HTTP/1.1" 200 77 "https://makstandardent.com/wp-admin/post.php?post=21&action=elementor" "Mozilla/5.0 (Windows NT 10.0; Win64; x64) AppleWebKit/537.36 (KHTML, like Gecko) Chrome/135.0.0.0 Safari/537.36"
66.29.132.124 - - [28/Apr/2025:13:33:34 -0400] "POST /wp-admin/admin-ajax.php?action=async_litespeed&nonce=7sgmzWNWrUiupU8Q7JnAY8FmmWjITA1V&litespeed_type=imgoptm HTTP/1.1" 200 0 "-" "WordPress/6.8; https://makstandardent.com"
103.244.175.189 - - [28/Apr/2025:13:33:45 -0400] "POST /wp-admin/admin-ajax.php HTTP/1.1" 200 77 "https://makstandardent.com/wp-admin/post.php?post=21&action=elementor" "Mozilla/5.0 (Windows NT 10.0; Win64; x64) AppleWebKit/537.36 (KHTML, like Gecko) Chrome/135.0.0.0 Safari/537.36"
66.29.132.124 - - [28/Apr/2025:13:34:02 -0400] "POST /wp-cron.php?doing_wp_cron=1745861642.3105230331420898437500 HTTP/1.1" 200 0 "-" "WordPress/6.8; https://makstandardent.com"
103.244.175.189 - - [28/Apr/2025:13:34:00 -0400] "POST /wp-admin/admin-ajax.php HTTP/1.1" 200 77 "https://makstandardent.com/wp-admin/post.php?post=21&action=elementor" "Mozilla/5.0 (Windows NT 10.0; Win64; x64) AppleWebKit/537.36 (KHTML, like Gecko) Chrome/135.0.0.0 Safari/537.36"
103.244.175.189 - - [28/Apr/2025:13:34:15 -0400] "POST /wp-admin/admin-ajax.php HTTP/1.1" 200 77 "https://makstandardent.com/wp-admin/post.php?post=21&action=elementor" "Mozilla/5.0 (Windows NT 10.0; Win64; x64) AppleWebKit/537.36 (KHTML, like Gecko) Chrome/135.0.0.0 Safari/537.36"
103.244.175.189 - - [28/Apr/2025:13:34:20 -0400] "GET /wp-json/elementor/v1/checklist/user-progress HTTP/1.1" 200 614 "https://makstandardent.com/wp-admin/post.php?post=21&action=elementor" "Mozilla/5.0 (Windows NT 10.0; Win64; x64) AppleWebKit/537.36 (KHTML, like Gecko) Chrome/135.0.0.0 Safari/537.36"
103.244.175.189 - - [28/Apr/2025:13:34:21 -0400] "POST /wp-admin/admin-ajax.php HTTP/1.1" 200 568 "https://makstandardent.com/wp-admin/post.php?post=21&action=elementor" "Mozilla/5.0 (Windows NT 10.0; Win64; x64) AppleWebKit/537.36 (KHTML, like Gecko) Chrome/135.0.0.0 Safari/537.36"
103.244.175.189 - - [28/Apr/2025:13:34:24 -0400] "GET /wp-json/elementor/v1/checklist/user-progress HTTP/1.1" 200 614 "https://makstandardent.com/wp-admin/post.php?post=21&action=elementor" "Mozilla/5.0 (Windows NT 10.0; Win64; x64) AppleWebKit/537.36 (KHTML, like Gecko) Chrome/135.0.0.0 Safari/537.36"
103.244.175.189 - - [28/Apr/2025:13:34:24 -0400] "POST /?wc-ajax=get_refreshed_fragments HTTP/1.1" 200 1314 "https://makstandardent.com/home-page/" "Mozilla/5.0 (Windows NT 10.0; Win64; x64) AppleWebKit/537.36 (KHTML, like Gecko) Chrome/135.0.0.0 Safari/537.36"
103.244.175.189 - - [28/Apr/2025:13:34:26 -0400] "POST /?wc-ajax=get_refreshed_fragments HTTP/1.1" 200 1314 "https://makstandardent.com/home-page/?elementor-preview=21&ver=1745851455" "Mozilla/5.0 (Windows NT 10.0; Win64; x64) AppleWebKit/537.36 (KHTML, like Gecko) Chrome/135.0.0.0 Safari/537.36"
103.244.175.189 - - [28/Apr/2025:13:34:26 -0400] "POST /wp-admin/admin-ajax.php HTTP/1.1" 200 1341 "https://makstandardent.com/home-page/" "Mozilla/5.0 (Windows NT 10.0; Win64; x64) AppleWebKit/537.36 (KHTML, like Gecko) Chrome/135.0.0.0 Safari/537.36"
66.29.132.124 - - [28/Apr/2025:13:34:30 -0400] "POST /wp-cron.php?doing_wp_cron=1745861670.3135008811950683593750 HTTP/1.1" 200 0 "-" "WordPress/6.8; https://makstandardent.com"
103.244.175.189 - - [28/Apr/2025:13:34:28 -0400] "POST /wp-admin/admin-ajax.php HTTP/1.1" 200 1341 "https://makstandardent.com/home-page/?elementor-preview=21&ver=1745851455" "Mozilla/5.0 (Windows NT 10.0; Win64; x64) AppleWebKit/537.36 (KHTML, like Gecko) Chrome/135.0.0.0 Safari/537.36"
103.244.175.189 - - [28/Apr/2025:13:34:30 -0400] "POST /wp-admin/admin-ajax.php HTTP/1.1" 200 77 "https://makstandardent.com/wp-admin/post.php?post=21&action=elementor" "Mozilla/5.0 (Windows NT 10.0; Win64; x64) AppleWebKit/537.36 (KHTML, like Gecko) Chrome/135.0.0.0 Safari/537.36"
66.29.132.124 - - [28/Apr/2025:13:34:31 -0400] "POST /wp-admin/admin-ajax.php?action=async_litespeed&nonce=pyi4hOx2Yceg8ehOPLZ2861lv1jql4Ej&litespeed_type=imgoptm HTTP/1.1" 200 0 "-" "WordPress/6.8; https://makstandardent.com"
66.29.132.124 - - [28/Apr/2025:13:34:33 -0400] "POST /wp-cron.php?doing_wp_cron=1745861673.3662149906158447265625 HTTP/1.1" 200 0 "-" "WordPress/6.8; https://makstandardent.com"
103.244.175.189 - - [28/Apr/2025:13:34:32 -0400] "GET /home-page/ HTTP/1.1" 200 72171 "https://makstandardent.com/wp-admin/edit.php?post_type=page" "Mozilla/5.0 (Windows NT 10.0; Win64; x64) AppleWebKit/537.36 (KHTML, like Gecko) Chrome/135.0.0.0 Safari/537.36"
103.244.175.189 - - [28/Apr/2025:13:34:36 -0400] "GET /wp-content/uploads/elementor/css/post-21.css?ver=1745861674 HTTP/1.1" 200 5552 "https://makstandardent.com/home-page/" "Mozilla/5.0 (Windows NT 10.0; Win64; x64) AppleWebKit/537.36 (KHTML, like Gecko) Chrome/135.0.0.0 Safari/537.36"
103.244.175.189 - - [28/Apr/2025:13:34:37 -0400] "GET /wp-content/plugins/extendify/public/build/extendify-vendors-35f519f87ae3fc937146.js?ver=1.18.5 HTTP/1.1" 304 0 "https://makstandardent.com/home-page/" "Mozilla/5.0 (Windows NT 10.0; Win64; x64) AppleWebKit/537.36 (KHTML, like Gecko) Chrome/135.0.0.0 Safari/537.36"
103.244.175.189 - - [28/Apr/2025:13:34:38 -0400] "GET /wp-content/uploads/elementor/google-fonts/fonts/poppins-pxibyp8kv8jhgfvrlcz7z1xlfq.woff2 HTTP/1.1" 200 7816 "https://makstandardent.com/wp-content/uploads/elementor/google-fonts/css/poppins.css?ver=1745596400" "Mozilla/5.0 (Windows NT 10.0; Win64; x64) AppleWebKit/537.36 (KHTML, like Gecko) Chrome/135.0.0.0 Safari/537.36"
103.244.175.189 - - [28/Apr/2025:13:34:38 -0400] "GET /wp-content/uploads/elementor/google-fonts/fonts/poppins-pxieyp8kv8jhgfvrjjnecmne.woff2 HTTP/1.1" 200 5644 "https://makstandardent.com/wp-content/uploads/elementor/google-fonts/css/poppins.css?ver=1745596400" "Mozilla/5.0 (Windows NT 10.0; Win64; x64) AppleWebKit/537.36 (KHTML, like Gecko) Chrome/135.0.0.0 Safari/537.36"
103.244.175.189 - - [28/Apr/2025:13:34:38 -0400] "GET /wp-content/uploads/elementor/thumbs/packag-r513byy8wet098m20pvl1qdpgdeeapx3n22rrn1oqg.webp HTTP/1.1" 200 33902 "https://makstandardent.com/home-page/" "Mozilla/5.0 (Windows NT 10.0; Win64; x64) AppleWebKit/537.36 (KHTML, like Gecko) Chrome/135.0.0.0 Safari/537.36"
103.244.175.189 - - [28/Apr/2025:13:34:42 -0400] "GET /wp-content/uploads/elementor/thumbs/Cake-Box-r5135wvj4q74kef618f81zx5vrzi0unch7lvhxlxhm.webp HTTP/1.1" 200 9916 "https://makstandardent.com/home-page/" "Mozilla/5.0 (Windows NT 10.0; Win64; x64) AppleWebKit/537.36 (KHTML, like Gecko) Chrome/135.0.0.0 Safari/537.36"
103.244.175.189 - - [28/Apr/2025:13:34:42 -0400] "GET /wp-content/uploads/elementor/thumbs/Food-Restaurant-r5135f0livioft53xipb8mfelgfiylog2r7ndoceru.webp HTTP/1.1" 200 8026 "https://makstandardent.com/home-page/" "Mozilla/5.0 (Windows NT 10.0; Win64; x64) AppleWebKit/537.36 (KHTML, like Gecko) Chrome/135.0.0.0 Safari/537.36"
103.244.175.189 - - [28/Apr/2025:13:34:42 -0400] "GET /wp-content/uploads/elementor/thumbs/Fast-Food-Boxes-r5136dsmjquaddqlafqiavngkpo3veiijjcm4wwudm.webp HTTP/1.1" 200 7808 "https://makstandardent.com/home-page/" "Mozilla/5.0 (Windows NT 10.0; Win64; x64) AppleWebKit/537.36 (KHTML, like Gecko) Chrome/135.0.0.0 Safari/537.36"
103.244.175.189 - - [28/Apr/2025:13:34:42 -0400] "GET /wp-content/uploads/elementor/thumbs/Boxes-r5136vnk5liqhz0ne5gf4957v182xnhexzqu966d3e.webp HTTP/1.1" 200 3638 "https://makstandardent.com/home-page/" "Mozilla/5.0 (Windows NT 10.0; Win64; x64) AppleWebKit/537.36 (KHTML, like Gecko) Chrome/135.0.0.0 Safari/537.36"
103.244.175.189 - - [28/Apr/2025:13:34:42 -0400] "GET /wp-content/uploads/elementor/thumbs/Cartons-2-r5137i7opmdm8m3vqf7gs3ga4a4w2dyz13ehrt8wy2.webp HTTP/1.1" 200 3914 "https://makstandardent.com/home-page/" "Mozilla/5.0 (Windows NT 10.0; Win64; x64) AppleWebKit/537.36 (KHTML, like Gecko) Chrome/135.0.0.0 Safari/537.36"
103.244.175.189 - - [28/Apr/2025:13:34:42 -0400] "GET /wp-content/uploads/elementor/thumbs/packaging-r51381yap54n0fb7j5qmqggyldflk15c3t3oumfnbe.webp HTTP/1.1" 200 5658 "https://makstandardent.com/home-page/" "Mozilla/5.0 (Windows NT 10.0; Win64; x64) AppleWebKit/537.36 (KHTML, like Gecko) Chrome/135.0.0.0 Safari/537.36"
66.29.132.124 - - [28/Apr/2025:13:35:03 -0400] "POST /wp-cron.php?doing_wp_cron=1745861702.4303400516510009765625 HTTP/1.1" 200 0 "-" "WordPress/6.8; https://makstandardent.com"
103.244.175.189 - - [28/Apr/2025:13:35:01 -0400] "GET /home-page/ HTTP/1.1" 200 46306 "-" "WhatsApp/2.23.20.0"
39.51.100.81 - - [28/Apr/2025:13:36:14 -0400] "GET /home-page/ HTTP/1.1" 200 39164 "-" "Mozilla/5.0 (Windows NT 10.0; Win64; x64) AppleWebKit/537.36 (KHTML, like Gecko) Chrome/135.0.0.0 Safari/537.36"
39.51.100.81 - - [28/Apr/2025:13:36:15 -0400] "GET /wp-content/uploads/elementor/css/post-21.css?ver=1745861674 HTTP/1.1" 200 5552 "https://makstandardent.com/home-page/" "Mozilla/5.0 (Windows NT 10.0; Win64; x64) AppleWebKit/537.36 (KHTML, like Gecko) Chrome/135.0.0.0 Safari/537.36"
39.51.100.81 - - [28/Apr/2025:13:36:15 -0400] "GET /wp-content/uploads/elementor/css/post-17.css?ver=1745850208 HTTP/1.1" 200 1543 "https://makstandardent.com/home-page/" "Mozilla/5.0 (Windows NT 10.0; Win64; x64) AppleWebKit/537.36 (KHTML, like Gecko) Chrome/135.0.0.0 Safari/537.36"
39.51.100.81 - - [28/Apr/2025:13:36:15 -0400] "GET /wp-content/uploads/elementor/css/post-52.css?ver=1745850429 HTTP/1.1" 200 2921 "https://makstandardent.com/home-page/" "Mozilla/5.0 (Windows NT 10.0; Win64; x64) AppleWebKit/537.36 (KHTML, like Gecko) Chrome/135.0.0.0 Safari/537.36"
39.51.100.81 - - [28/Apr/2025:13:36:15 -0400] "GET /wp-content/uploads/elementor/css/post-64.css?ver=1745850210 HTTP/1.1" 200 2169 "https://makstandardent.com/home-page/" "Mozilla/5.0 (Windows NT 10.0; Win64; x64) AppleWebKit/537.36 (KHTML, like Gecko) Chrome/135.0.0.0 Safari/537.36"
39.51.100.81 - - [28/Apr/2025:13:36:15 -0400] "GET /wp-content/uploads/2025/04/mak-logo.jpg HTTP/1.1" 200 44266 "https://makstandardent.com/home-page/" "Mozilla/5.0 (Windows NT 10.0; Win64; x64) AppleWebKit/537.36 (KHTML, like Gecko) Chrome/135.0.0.0 Safari/537.36"
39.51.100.81 - - [28/Apr/2025:13:36:16 -0400] "GET /wp-content/uploads/2025/04/New-Banner.webp HTTP/1.1" 200 50512 "https://makstandardent.com/wp-content/uploads/elementor/css/post-21.css?ver=1745861674" "Mozilla/5.0 (Windows NT 10.0; Win64; x64) AppleWebKit/537.36 (KHTML, like Gecko) Chrome/135.0.0.0 Safari/537.36"
39.51.100.81 - - [28/Apr/2025:13:36:16 -0400] "GET /wp-content/uploads/2025/04/eco-friendly.avif HTTP/1.1" 200 49790 "https://makstandardent.com/wp-content/uploads/elementor/css/post-21.css?ver=1745861674" "Mozilla/5.0 (Windows NT 10.0; Win64; x64) AppleWebKit/537.36 (KHTML, like Gecko) Chrome/135.0.0.0 Safari/537.36"
39.51.100.81 - - [28/Apr/2025:13:36:16 -0400] "GET /wp-content/uploads/elementor/google-fonts/fonts/poppins-pxieyp8kv8jhgfvrjjnecmne.woff2 HTTP/1.1" 200 5644 "https://makstandardent.com/wp-content/uploads/elementor/google-fonts/css/poppins.css?ver=1745596400" "Mozilla/5.0 (Windows NT 10.0; Win64; x64) AppleWebKit/537.36 (KHTML, like Gecko) Chrome/135.0.0.0 Safari/537.36"
39.51.100.81 - - [28/Apr/2025:13:36:16 -0400] "GET /wp-content/uploads/2025/04/box-sizes.avif HTTP/1.1" 200 11473 "https://makstandardent.com/wp-content/uploads/elementor/css/post-21.css?ver=1745861674" "Mozilla/5.0 (Windows NT 10.0; Win64; x64) AppleWebKit/537.36 (KHTML, like Gecko) Chrome/135.0.0.0 Safari/537.36"
39.51.100.81 - - [28/Apr/2025:13:36:16 -0400] "GET /wp-content/uploads/2025/04/cost-savvy.avif HTTP/1.1" 200 14851 "https://makstandardent.com/wp-content/uploads/elementor/css/post-21.css?ver=1745861674" "Mozilla/5.0 (Windows NT 10.0; Win64; x64) AppleWebKit/537.36 (KHTML, like Gecko) Chrome/135.0.0.0 Safari/537.36"
39.51.100.81 - - [28/Apr/2025:13:36:16 -0400] "GET /wp-content/uploads/elementor/thumbs/packag-r513byy8wet098m20pvl1qdpgdeeapx3n22rrn1oqg.webp HTTP/1.1" 200 33902 "https://makstandardent.com/home-page/" "Mozilla/5.0 (Windows NT 10.0; Win64; x64) AppleWebKit/537.36 (KHTML, like Gecko) Chrome/135.0.0.0 Safari/537.36"
39.51.100.81 - - [28/Apr/2025:13:36:16 -0400] "GET /wp-content/uploads/2025/04/unique-box.avif HTTP/1.1" 200 3388 "https://makstandardent.com/wp-content/uploads/elementor/css/post-21.css?ver=1745861674" "Mozilla/5.0 (Windows NT 10.0; Win64; x64) AppleWebKit/537.36 (KHTML, like Gecko) Chrome/135.0.0.0 Safari/537.36"
39.51.100.81 - - [28/Apr/2025:13:36:16 -0400] "GET /wp-content/uploads/2025/04/quality.avif HTTP/1.1" 200 21005 "https://makstandardent.com/wp-content/uploads/elementor/css/post-21.css?ver=1745861674" "Mozilla/5.0 (Windows NT 10.0; Win64; x64) AppleWebKit/537.36 (KHTML, like Gecko) Chrome/135.0.0.0 Safari/537.36"
39.51.100.81 - - [28/Apr/2025:13:36:16 -0400] "GET /wp-content/uploads/2025/04/Ration-box-4-300x300-1.jpg HTTP/1.1" 200 11489 "https://makstandardent.com/wp-content/uploads/elementor/css/post-21.css?ver=1745861674" "Mozilla/5.0 (Windows NT 10.0; Win64; x64) AppleWebKit/537.36 (KHTML, like Gecko) Chrome/135.0.0.0 Safari/537.36"
39.51.100.81 - - [28/Apr/2025:13:36:16 -0400] "GET /wp-content/uploads/2025/04/1-Pound-Cake-Box-300x300-1.jpg HTTP/1.1" 200 6794 "https://makstandardent.com/wp-content/uploads/elementor/css/post-21.css?ver=1745861674" "Mozilla/5.0 (Windows NT 10.0; Win64; x64) AppleWebKit/537.36 (KHTML, like Gecko) Chrome/135.0.0.0 Safari/537.36"
39.51.100.81 - - [28/Apr/2025:13:36:16 -0400] "GET /wp-content/uploads/2025/04/Ration-box-4-300x300-1-1.jpg HTTP/1.1" 200 11489 "https://makstandardent.com/wp-content/uploads/elementor/css/post-21.css?ver=1745861674" "Mozilla/5.0 (Windows NT 10.0; Win64; x64) AppleWebKit/537.36 (KHTML, like Gecko) Chrome/135.0.0.0 Safari/537.36"
39.51.100.81 - - [28/Apr/2025:13:36:16 -0400] "GET /wp-content/uploads/2025/04/6-x-6-Pizza-Box-2-300x300-1.jpg HTTP/1.1" 200 5213 "https://makstandardent.com/wp-content/uploads/elementor/css/post-21.css?ver=1745861674" "Mozilla/5.0 (Windows NT 10.0; Win64; x64) AppleWebKit/537.36 (KHTML, like Gecko) Chrome/135.0.0.0 Safari/537.36"
39.51.100.81 - - [28/Apr/2025:13:36:16 -0400] "GET /wp-content/uploads/2025/04/Family-Grill-Box-1-300x300-1.jpg HTTP/1.1" 200 6949 "https://makstandardent.com/wp-content/uploads/elementor/css/post-21.css?ver=1745861674" "Mozilla/5.0 (Windows NT 10.0; Win64; x64) AppleWebKit/537.36 (KHTML, like Gecko) Chrome/135.0.0.0 Safari/537.36"
39.51.100.81 - - [28/Apr/2025:13:36:16 -0400] "GET /wp-content/uploads/2025/04/manage-fab.avif HTTP/1.1" 200 22701 "https://makstandardent.com/wp-content/uploads/elementor/css/post-21.css?ver=1745861674" "Mozilla/5.0 (Windows NT 10.0; Win64; x64) AppleWebKit/537.36 (KHTML, like Gecko) Chrome/135.0.0.0 Safari/537.36"
39.51.100.81 - - [28/Apr/2025:13:36:16 -0400] "GET /wp-content/uploads/2025/04/slice-pizza-box-300x300-1.jpg HTTP/1.1" 200 5040 "https://makstandardent.com/wp-content/uploads/elementor/css/post-21.css?ver=1745861674" "Mozilla/5.0 (Windows NT 10.0; Win64; x64) AppleWebKit/537.36 (KHTML, like Gecko) Chrome/135.0.0.0 Safari/537.36"
39.51.100.81 - - [28/Apr/2025:13:36:16 -0400] "GET /wp-content/uploads/2025/04/egg-box-12-1-300x300-1.jpg HTTP/1.1" 200 11729 "https://makstandardent.com/wp-content/uploads/elementor/css/post-21.css?ver=1745861674" "Mozilla/5.0 (Windows NT 10.0; Win64; x64) AppleWebKit/537.36 (KHTML, like Gecko) Chrome/135.0.0.0 Safari/537.36"
39.51.100.81 - - [28/Apr/2025:13:36:16 -0400] "GET /wp-content/uploads/2025/04/egg-box-1-300x300-1.jpg HTTP/1.1" 200 8663 "https://makstandardent.com/wp-content/uploads/elementor/css/post-21.css?ver=1745861674" "Mozilla/5.0 (Windows NT 10.0; Win64; x64) AppleWebKit/537.36 (KHTML, like Gecko) Chrome/135.0.0.0 Safari/537.36"
39.51.100.81 - - [28/Apr/2025:13:36:16 -0400] "GET /wp-content/uploads/2025/04/piza-bis-bad-forus-300x300-1.jpg HTTP/1.1" 200 7649 "https://makstandardent.com/wp-content/uploads/elementor/css/post-21.css?ver=1745861674" "Mozilla/5.0 (Windows NT 10.0; Win64; x64) AppleWebKit/537.36 (KHTML, like Gecko) Chrome/135.0.0.0 Safari/537.36"
39.51.100.81 - - [28/Apr/2025:13:36:16 -0400] "GET /wp-content/uploads/2025/04/2139Sw3KFQL.jpg HTTP/1.1" 200 7134 "https://makstandardent.com/wp-content/uploads/elementor/css/post-21.css?ver=1745861674" "Mozilla/5.0 (Windows NT 10.0; Win64; x64) AppleWebKit/537.36 (KHTML, like Gecko) Chrome/135.0.0.0 Safari/537.36"
66.29.132.124 - - [28/Apr/2025:13:36:17 -0400] "POST /wp-cron.php?doing_wp_cron=1745861777.3310430049896240234375 HTTP/1.1" 200 0 "-" "WordPress/6.8; https://makstandardent.com"
39.51.100.81 - - [28/Apr/2025:13:36:16 -0400] "POST /?wc-ajax=get_refreshed_fragments HTTP/1.1" 200 1314 "https://makstandardent.com/home-page/" "Mozilla/5.0 (Windows NT 10.0; Win64; x64) AppleWebKit/537.36 (KHTML, like Gecko) Chrome/135.0.0.0 Safari/537.36"
