OwlCyberSecurity - MANAGER
Edit File: makstandardent.com.arsn.media-ssl_log
64.227.129.123 - - [25/Apr/2025:21:31:27 -0400] "GET / HTTP/1.1" 200 38897 "-" "Mozilla/5.0 (compatible)"
64.227.129.123 - - [25/Apr/2025:21:31:33 -0400] "GET /favicon.ico HTTP/1.1" 404 1251 "https://makstandardent.com/" "Mozilla/5.0 (compatible)"
67.223.118.121 - - [25/Apr/2025:21:32:55 -0400] "POST /xmlrpc.php HTTP/1.1" 200 0 "https://makstandardent.com" "Mozilla/5.0 (Windows NT 10.0; Win64; x64; rv:128.0) Gecko/20100101 Firefox/128.0"
66.29.132.124 - - [25/Apr/2025:21:33:10 -0400] "POST /wp-cron.php?doing_wp_cron=1745631189.6377630233764648437500 HTTP/1.1" 200 0 "-" "WordPress/6.8; https://makstandardent.com"
66.29.132.124 - - [25/Apr/2025:21:33:12 -0400] "POST /wp-admin/admin-ajax.php?action=async_litespeed&nonce=nXV7zkSsqmmU9t18yOFyu0IfWGoEfYYi&litespeed_type=imgoptm HTTP/1.1" 200 0 "-" "WordPress/6.8; https://makstandardent.com"
198.54.126.2 - - [25/Apr/2025:21:44:48 -0400] "POST /xmlrpc.php HTTP/1.1" 200 0 "https://makstandardent.com" "Mozilla/5.0 (Macintosh; Intel Mac OS X 14.3) AppleWebKit/614.31.14 (KHTML, like Gecko) Version/17.0.96 Safari/614.31.14"
66.29.132.124 - - [25/Apr/2025:21:44:58 -0400] "POST /wp-cron.php?doing_wp_cron=1745631898.2958478927612304687500 HTTP/1.1" 200 0 "-" "WordPress/6.8; https://makstandardent.com"
66.29.132.124 - - [25/Apr/2025:21:44:59 -0400] "POST /wp-admin/admin-ajax.php?action=async_litespeed&nonce=7UIWBYKTAoktFjqHbazq2rlrJXTt2crt&litespeed_type=imgoptm HTTP/1.1" 200 0 "-" "WordPress/6.8; https://makstandardent.com"
199.188.200.139 - - [25/Apr/2025:21:50:45 -0400] "POST /xmlrpc.php HTTP/1.1" 200 0 "https://makstandardent.com" "Mozilla/5.0 (Macintosh; Intel Mac OS X 10_15_7; rv:125.0.1) Gecko/20100101 Firefox/125.0.1"
66.29.132.124 - - [25/Apr/2025:21:50:55 -0400] "POST /wp-cron.php?doing_wp_cron=1745632254.8963658809661865234375 HTTP/1.1" 200 0 "-" "WordPress/6.8; https://makstandardent.com"
66.29.132.124 - - [25/Apr/2025:21:50:56 -0400] "POST /wp-admin/admin-ajax.php?action=async_litespeed&nonce=EyUM2CslBEcVgxQ8e1kToJGDqT6N4mHs&litespeed_type=imgoptm HTTP/1.1" 200 0 "-" "WordPress/6.8; https://makstandardent.com"
198.54.114.85 - - [25/Apr/2025:22:02:35 -0400] "POST /xmlrpc.php HTTP/1.1" 200 0 "https://makstandardent.com" "Mozilla/5.0 (Windows NT 10.0; Win64; x64) AppleWebKit/537.36 (KHTML, like Gecko) Chrome/126.0.0.0 Safari/537.36"
66.29.132.124 - - [25/Apr/2025:22:02:49 -0400] "POST /wp-cron.php?doing_wp_cron=1745632969.6053409576416015625000 HTTP/1.1" 200 0 "-" "WordPress/6.8; https://makstandardent.com"
66.29.132.124 - - [25/Apr/2025:22:02:52 -0400] "POST /wp-admin/admin-ajax.php?action=async_litespeed&nonce=zYIKas8kmxQYfFrU8f2FW3Ht7Nnh5x5K&litespeed_type=imgoptm HTTP/1.1" 200 0 "-" "WordPress/6.8; https://makstandardent.com"
66.29.132.124 - - [25/Apr/2025:22:02:55 -0400] "POST /wp-cron.php?doing_wp_cron=1745632975.0802390575408935546875 HTTP/1.1" 200 0 "-" "WordPress/6.8; https://makstandardent.com"
66.29.132.124 - - [25/Apr/2025:22:04:29 -0400] "POST /wp-cron.php?doing_wp_cron=1745633069.6925919055938720703125 HTTP/1.1" 200 0 "-" "WordPress/6.8; https://makstandardent.com"
150.109.230.210 - - [25/Apr/2025:22:04:25 -0400] "GET / HTTP/1.1" 301 0 "http://www.makstandardent.com" "Mozilla/5.0 (iPhone; CPU iPhone OS 13_2_3 like Mac OS X) AppleWebKit/605.1.15 (KHTML, like Gecko) Version/13.0.3 Mobile/15E148 Safari/604.1"
150.109.230.210 - - [25/Apr/2025:22:04:31 -0400] "GET / HTTP/1.1" 200 38897 "https://www.makstandardent.com/" "Mozilla/5.0 (iPhone; CPU iPhone OS 13_2_3 like Mac OS X) AppleWebKit/605.1.15 (KHTML, like Gecko) Version/13.0.3 Mobile/15E148 Safari/604.1"
66.29.132.124 - - [25/Apr/2025:22:04:30 -0400] "POST /wp-admin/admin-ajax.php?action=async_litespeed&nonce=lvCFaZP9KLenUjnBl8Swt1jRE6krTVBB&litespeed_type=imgoptm HTTP/1.1" 200 0 "-" "WordPress/6.8; https://makstandardent.com"
68.65.120.171 - - [25/Apr/2025:22:20:33 -0400] "POST /xmlrpc.php HTTP/1.1" 200 0 "https://makstandardent.com" "Mozilla/5.0 (Macintosh; Intel Mac OS X 10_15_7) AppleWebKit/537.36 (KHTML, like Gecko) Chrome/115.0.5790.102 Safari/537.36"
66.29.132.124 - - [25/Apr/2025:22:20:47 -0400] "POST /wp-cron.php?doing_wp_cron=1745634047.1303410530090332031250 HTTP/1.1" 200 0 "-" "WordPress/6.8; https://makstandardent.com"
66.29.132.124 - - [25/Apr/2025:22:20:49 -0400] "POST /wp-admin/admin-ajax.php?action=async_litespeed&nonce=bndKVJ4z0AGc1kIH6ws7yYqUaSQBz3rM&litespeed_type=imgoptm HTTP/1.1" 200 0 "-" "WordPress/6.8; https://makstandardent.com"
182.43.70.143 - - [25/Apr/2025:22:35:12 -0400] "GET / HTTP/1.1" 200 38897 "http://makstandardent.com" "Mozilla/5.0 (iPhone; CPU iPhone OS 13_2_3 like Mac OS X) AppleWebKit/605.1.15 (KHTML, like Gecko) Version/13.0.3 Mobile/15E148 Safari/604.1"
66.29.132.124 - - [25/Apr/2025:22:38:32 -0400] "POST /wp-cron.php?doing_wp_cron=1745635112.8615050315856933593750 HTTP/1.1" 200 0 "-" "WordPress/6.8; https://makstandardent.com"
66.29.141.59 - - [25/Apr/2025:22:38:24 -0400] "POST /xmlrpc.php HTTP/1.1" 200 212 "https://makstandardent.com" "Mozilla/5.0 (Windows NT 10.0; Win64; x64; rv:126.0) Gecko/20100101 Firefox/126.0"
66.29.132.124 - - [25/Apr/2025:22:38:33 -0400] "POST /wp-admin/admin-ajax.php?action=async_litespeed&nonce=YBXCTfjWWdiws0URTBIiNCKvQlqDnQ8N&litespeed_type=imgoptm HTTP/1.1" 200 0 "-" "WordPress/6.8; https://makstandardent.com"
2a06:98c0:3600::103 - - [25/Apr/2025:23:19:53 -0400] "GET /wordpress/wp-admin/setup-config.php HTTP/1.1" 200 0 "-" "Mozilla/5.0 (Windows NT 10.0; Win64; x64) AppleWebKit/537.36 (KHTML, like Gecko) Chrome/135.0.0.0 Safari/537.36"
66.29.132.124 - - [25/Apr/2025:23:20:01 -0400] "POST /wp-cron.php?doing_wp_cron=1745637600.9532589912414550781250 HTTP/1.1" 200 0 "-" "WordPress/6.8; https://makstandardent.com"
66.29.132.124 - - [25/Apr/2025:23:20:01 -0400] "POST /wp-cron.php?doing_wp_cron=1745637601.2522599697113037109375 HTTP/1.1" 200 0 "-" "WordPress/6.8; https://makstandardent.com"
66.29.132.124 - - [25/Apr/2025:23:20:02 -0400] "POST /wp-admin/admin-ajax.php?action=async_litespeed&nonce=4nvJud33EWVEqEfDMiapbndIBM36yfo4&litespeed_type=imgoptm HTTP/1.1" 200 0 "-" "WordPress/6.8; https://makstandardent.com"
2a06:98c0:3600::103 - - [25/Apr/2025:23:22:01 -0400] "GET /wp-admin/setup-config.php HTTP/1.1" 409 1041 "-" "Mozilla/5.0 (Windows NT 10.0; Win64; x64) AppleWebKit/537.36 (KHTML, like Gecko) Chrome/135.0.0.0 Safari/537.36"
66.29.132.124 - - [25/Apr/2025:23:22:14 -0400] "POST /wp-cron.php?doing_wp_cron=1745637734.1925199031829833984375 HTTP/1.1" 200 0 "-" "WordPress/6.8; https://makstandardent.com"
2a06:98c0:3600::103 - - [25/Apr/2025:23:22:11 -0400] "GET /wordpress/wp-admin/setup-config.php HTTP/1.1" 200 0 "-" "Mozilla/5.0 (Windows NT 10.0; Win64; x64) AppleWebKit/537.36 (KHTML, like Gecko) Chrome/135.0.0.0 Safari/537.36"
66.29.132.124 - - [25/Apr/2025:23:22:16 -0400] "POST /wp-admin/admin-ajax.php?action=async_litespeed&nonce=IVvQnQfvFkytfeVggHyvLg7mCOT1xiZz&litespeed_type=imgoptm HTTP/1.1" 200 0 "-" "WordPress/6.8; https://makstandardent.com"
66.29.132.124 - - [25/Apr/2025:23:26:14 -0400] "POST /wp-cron.php?doing_wp_cron=1745637974.2139489650726318359375 HTTP/1.1" 200 0 "-" "WordPress/6.8; https://makstandardent.com"
162.0.235.8 - - [25/Apr/2025:23:26:11 -0400] "POST /xmlrpc.php HTTP/1.1" 200 186 "https://makstandardent.com" "Mozilla/5.0 (Macintosh; Intel Mac OS X 10_15_7; rv:127.0) Gecko/20100101 Firefox/127.0"
66.29.132.124 - - [25/Apr/2025:23:26:16 -0400] "POST /wp-admin/admin-ajax.php?action=async_litespeed&nonce=MuqRcfVTt4yx0shLnoSwSOIxVweNl6zi&litespeed_type=imgoptm HTTP/1.1" 200 21 "-" "WordPress/6.8; https://makstandardent.com"
68.65.120.246 - - [25/Apr/2025:23:44:17 -0400] "POST /xmlrpc.php HTTP/1.1" 200 0 "https://makstandardent.com" "Mozilla/5.0 (Windows NT 10.0; Win64; x64) AppleWebKit/537.36 (KHTML, like Gecko) Chrome/112.0.5615.138 Safari/537.36 Edg/112.0.1722.68"
66.29.132.124 - - [25/Apr/2025:23:44:35 -0400] "POST /wp-cron.php?doing_wp_cron=1745639074.7461969852447509765625 HTTP/1.1" 200 0 "-" "WordPress/6.8; https://makstandardent.com"
66.29.132.124 - - [25/Apr/2025:23:44:37 -0400] "POST /wp-admin/admin-ajax.php?action=async_litespeed&nonce=v4kVmGC2wDOHBp0XKfMDwXe5tjH2y3HT&litespeed_type=imgoptm HTTP/1.1" 200 0 "-" "WordPress/6.8; https://makstandardent.com"
68.65.122.219 - - [26/Apr/2025:00:14:30 -0400] "POST /xmlrpc.php HTTP/1.1" 200 0 "https://makstandardent.com" "Mozilla/5.0 (Macintosh; Intel Mac OS X 10_15_7) AppleWebKit/537.36 (KHTML, like Gecko) Chrome/113.0.5672.93 Safari/537.36"
66.29.132.124 - - [26/Apr/2025:00:14:55 -0400] "POST /wp-cron.php?doing_wp_cron=1745640893.9286189079284667968750 HTTP/1.1" 200 0 "-" "WordPress/6.8; https://makstandardent.com"
66.29.132.124 - - [26/Apr/2025:00:14:58 -0400] "POST /wp-admin/admin-ajax.php?action=async_litespeed&nonce=Whxs5epmUziWXnuxsPcWXZCjcba7Mbiw&litespeed_type=imgoptm HTTP/1.1" 200 0 "-" "WordPress/6.8; https://makstandardent.com"
170.106.11.6 - - [26/Apr/2025:00:49:03 -0400] "GET / HTTP/1.1" 200 38897 "http://makstandardent.com" "Mozilla/5.0 (iPhone; CPU iPhone OS 13_2_3 like Mac OS X) AppleWebKit/605.1.15 (KHTML, like Gecko) Version/13.0.3 Mobile/15E148 Safari/604.1"
54.153.110.251 - - [26/Apr/2025:01:39:33 -0400] "GET / HTTP/1.1" 200 38897 "-" "Mozilla/5.0 (X11; Linux x86_64) AppleWebKit/537.36 (KHTML, like Gecko) Chrome/51.0.2704.103 Safari/537.36"
124.223.197.100 - - [26/Apr/2025:01:47:53 -0400] "GET / HTTP/1.1" 200 38897 "-" "Mozilla/5.0 (Linux; Android 10; LIO-AN00 Build/HUAWEILIO-AN00; wv) MicroMessenger Weixin QQ AppleWebKit/537.36 (KHTML, like Gecko) Version/4.0 Chrome/78.0.3904.62 XWEB/2692 MMWEBSDK/200901 Mobile Safari/537.36"
162.0.209.186 - - [26/Apr/2025:01:51:18 -0400] "POST /xmlrpc.php HTTP/1.1" 200 0 "https://makstandardent.com" "Mozilla/5.0 (Macintosh; Intel Mac OS X 10_15_7) AppleWebKit/537.36 (KHTML, like Gecko) Chrome/113.0.5672.93 Safari/537.36"
66.29.132.124 - - [26/Apr/2025:01:51:47 -0400] "POST /wp-cron.php?doing_wp_cron=1745646700.4407680034637451171875 HTTP/1.1" 200 0 "-" "WordPress/6.8; https://makstandardent.com"
199.188.200.145 - - [26/Apr/2025:01:57:22 -0400] "POST /xmlrpc.php HTTP/1.1" 200 0 "https://makstandardent.com" "Mozilla/5.0 (Macintosh; Intel Mac OS X 10_15_7; rv:126.0) Gecko/20100101 Firefox/126.0"
66.29.132.124 - - [26/Apr/2025:01:57:44 -0400] "POST /wp-cron.php?doing_wp_cron=1745647060.1845219135284423828125 HTTP/1.1" 200 0 "-" "WordPress/6.8; https://makstandardent.com"
175.6.217.4 - - [26/Apr/2025:02:01:38 -0400] "GET / HTTP/1.1" 301 0 "http://www.makstandardent.com" "Mozilla/5.0 (iPhone; CPU iPhone OS 13_2_3 like Mac OS X) AppleWebKit/605.1.15 (KHTML, like Gecko) Version/13.0.3 Mobile/15E148 Safari/604.1"
66.29.132.124 - - [26/Apr/2025:02:02:03 -0400] "POST /wp-cron.php?doing_wp_cron=1745647313.7188239097595214843750 HTTP/1.1" 200 0 "-" "WordPress/6.8; https://makstandardent.com"
175.6.217.4 - - [26/Apr/2025:02:02:10 -0400] "GET / HTTP/1.1" 200 38897 "https://www.makstandardent.com/" "Mozilla/5.0 (iPhone; CPU iPhone OS 13_2_3 like Mac OS X) AppleWebKit/605.1.15 (KHTML, like Gecko) Version/13.0.3 Mobile/15E148 Safari/604.1"
124.223.197.100 - - [26/Apr/2025:02:05:55 -0400] "GET / HTTP/1.1" 200 38897 "-" "Mozilla/5.0 (Linux; Android 10; LIO-AN00 Build/HUAWEILIO-AN00; wv) MicroMessenger Weixin QQ AppleWebKit/537.36 (KHTML, like Gecko) Version/4.0 Chrome/78.0.3904.62 XWEB/2692 MMWEBSDK/200901 Mobile Safari/537.36"
198.54.114.72 - - [26/Apr/2025:02:15:50 -0400] "POST /xmlrpc.php HTTP/1.1" 200 0 "https://makstandardent.com" "Mozilla/5.0 (Macintosh; Intel Mac OS X 10_15_7) AppleWebKit/537.36 (KHTML, like Gecko) Chrome/115.0.5790.102 Safari/537.36"
66.29.132.124 - - [26/Apr/2025:02:16:14 -0400] "POST /wp-cron.php?doing_wp_cron=1745648171.7477750778198242187500 HTTP/1.1" 200 0 "-" "WordPress/6.8; https://makstandardent.com"
66.29.132.124 - - [26/Apr/2025:03:52:49 -0400] "POST /wp-cron.php?doing_wp_cron=1745653968.9374868869781494140625 HTTP/1.1" 200 0 "-" "WordPress/6.8; https://makstandardent.com"
66.29.132.124 - - [26/Apr/2025:03:52:49 -0400] "POST /wp-cron.php?doing_wp_cron=1745653969.4459979534149169921875 HTTP/1.1" 200 0 "-" "WordPress/6.8; https://makstandardent.com"
43.130.14.245 - - [26/Apr/2025:03:52:37 -0400] "GET / HTTP/1.1" 301 0 "http://www.makstandardent.com" "Mozilla/5.0 (iPhone; CPU iPhone OS 13_2_3 like Mac OS X) AppleWebKit/605.1.15 (KHTML, like Gecko) Version/13.0.3 Mobile/15E148 Safari/604.1"
43.130.14.245 - - [26/Apr/2025:03:52:50 -0400] "GET / HTTP/1.1" 200 38897 "https://www.makstandardent.com/" "Mozilla/5.0 (iPhone; CPU iPhone OS 13_2_3 like Mac OS X) AppleWebKit/605.1.15 (KHTML, like Gecko) Version/13.0.3 Mobile/15E148 Safari/604.1"
66.29.132.124 - - [26/Apr/2025:03:52:50 -0400] "POST /wp-admin/admin-ajax.php?action=async_litespeed&nonce=dPL33CqCHbgdlVh4zBrCO74jkUuEBEsi&litespeed_type=imgoptm HTTP/1.1" 200 0 "-" "WordPress/6.8; https://makstandardent.com"
66.29.132.124 - - [26/Apr/2025:04:12:30 -0400] "GET / HTTP/1.1" 200 171414 "-" "Mozilla/5.0 (Windows NT 10.0; Win64; x64; rv:122.0) Gecko/20100101 Firefox/122.0"
66.29.132.124 - - [26/Apr/2025:04:13:00 -0400] "GET / HTTP/1.1" 200 171414 "-" "Softaculous"
66.29.132.124 - - [26/Apr/2025:04:13:02 -0400] "GET / HTTP/1.1" 200 171414 "-" "Softaculous"
66.29.132.124 - - [26/Apr/2025:04:13:02 -0400] "GET / HTTP/1.1" 200 171414 "-" "Mozilla/5.0 (Windows NT 10.0; Win64; x64; rv:122.0) Gecko/20100101 Firefox/122.0"
66.29.132.124 - - [26/Apr/2025:04:47:54 -0400] "POST /wp-cron.php?doing_wp_cron=1745657274.0227570533752441406250 HTTP/1.1" 200 0 "-" "WordPress/6.8; https://makstandardent.com"
87.236.176.124 - - [26/Apr/2025:04:47:47 -0400] "GET / HTTP/1.1" 301 0 "-" "Mozilla/5.0 (compatible; InternetMeasurement/1.0; +https://internet-measurement.com/)"
66.29.132.124 - - [26/Apr/2025:04:47:55 -0400] "POST /wp-admin/admin-ajax.php?action=async_litespeed&nonce=9Rr9vM114jSzFdezmF8NJrU4iZBIRj6h&litespeed_type=imgoptm HTTP/1.1" 200 0 "-" "WordPress/6.8; https://makstandardent.com"
87.236.176.124 - - [26/Apr/2025:04:47:54 -0400] "GET / HTTP/1.1" 200 38887 "https://www.makstandardent.com" "Mozilla/5.0 (compatible; InternetMeasurement/1.0; +https://internet-measurement.com/)"
87.236.176.58 - - [26/Apr/2025:04:47:59 -0400] "GET /favicon.ico HTTP/1.1" 404 1251 "-" "Mozilla/5.0 (compatible; InternetMeasurement/1.0; +https://internet-measurement.com/)"
157.245.245.246 - - [26/Apr/2025:04:48:00 -0400] "GET /favicon.ico HTTP/1.1" 404 1251 "-" "Mozilla/5.0 (compatible; InternetMeasurement/1.0; +https://internet-measurement.com/)"
2a06:98c0:3600::103 - - [26/Apr/2025:05:38:19 -0400] "GET /wp-admin/setup-config.php HTTP/1.1" 409 1041 "-" "Mozilla/5.0 (Windows NT 10.0; Win64; x64) AppleWebKit/537.36 (KHTML, like Gecko) Chrome/135.0.0.0 Safari/537.36"
2a06:98c0:3600::103 - - [26/Apr/2025:05:40:46 -0400] "GET /wordpress/wp-admin/setup-config.php HTTP/1.1" 200 0 "-" "Mozilla/5.0 (Windows NT 10.0; Win64; x64) AppleWebKit/537.36 (KHTML, like Gecko) Chrome/135.0.0.0 Safari/537.36"
66.29.132.124 - - [26/Apr/2025:05:40:51 -0400] "POST /wp-cron.php?doing_wp_cron=1745660451.6878829002380371093750 HTTP/1.1" 200 0 "-" "WordPress/6.8; https://makstandardent.com"
66.29.132.124 - - [26/Apr/2025:05:40:51 -0400] "POST /wp-cron.php?doing_wp_cron=1745660451.8788189888000488281250 HTTP/1.1" 200 0 "-" "WordPress/6.8; https://makstandardent.com"
66.29.132.124 - - [26/Apr/2025:05:40:52 -0400] "POST /wp-admin/admin-ajax.php?action=async_litespeed&nonce=uOGNlKDG4nTqZ3MEt12FCUCBikihtHUu&litespeed_type=imgoptm HTTP/1.1" 200 21 "-" "WordPress/6.8; https://makstandardent.com"
2a06:98c0:3600::103 - - [26/Apr/2025:05:41:39 -0400] "GET /wp-admin/setup-config.php HTTP/1.1" 409 1041 "-" "Mozilla/5.0 (Windows NT 10.0; Win64; x64) AppleWebKit/537.36 (KHTML, like Gecko) Chrome/135.0.0.0 Safari/537.36"
108.177.131.221 - - [26/Apr/2025:07:12:35 -0400] "GET / HTTP/1.1" 200 32187 "http://makstandardent.com" "Mozilla/5.0 (X11; Ubuntu; Linux i686; rv:114.0) Gecko/20100101 Firefox/114.0"
23.105.3.205 - - [26/Apr/2025:07:12:37 -0400] "GET / HTTP/1.1" 200 32187 "https://makstandardent.com/" "Mozilla/5.0 (X11; Ubuntu; Linux i686; rv:114.0) Gecko/20100101 Firefox/114.0"
23.105.3.205 - - [26/Apr/2025:07:12:39 -0400] "GET / HTTP/1.1" 200 32187 "https://makstandardent.com/" "Mozilla/5.0 (X11; Ubuntu; Linux i686; rv:114.0) Gecko/20100101 Firefox/114.0"
66.29.132.124 - - [26/Apr/2025:07:12:49 -0400] "POST /wp-cron.php?doing_wp_cron=1745665969.3619670867919921875000 HTTP/1.1" 200 0 "-" "WordPress/6.8; https://makstandardent.com"
66.29.132.124 - - [26/Apr/2025:07:12:49 -0400] "POST /wp-cron.php?doing_wp_cron=1745665969.6926090717315673828125 HTTP/1.1" 200 0 "-" "WordPress/6.8; https://makstandardent.com"
66.29.132.124 - - [26/Apr/2025:07:12:50 -0400] "POST /wp-admin/admin-ajax.php?action=async_litespeed&nonce=cK3RPS0ZsZPHISR9cVA80L1Zk5MEvzeK&litespeed_type=imgoptm HTTP/1.1" 200 0 "-" "WordPress/6.8; https://makstandardent.com"
23.105.3.205 - - [26/Apr/2025:07:12:41 -0400] "GET /category/uncategorized/ HTTP/1.1" 200 32264 "https://makstandardent.com/" "Mozilla/5.0 (X11; Ubuntu; Linux i686; rv:114.0) Gecko/20100101 Firefox/114.0"
23.105.3.205 - - [26/Apr/2025:07:12:53 -0400] "GET /comments/feed/ HTTP/1.1" 200 735 "https://makstandardent.com/" "Mozilla/5.0 (X11; Ubuntu; Linux i686; rv:114.0) Gecko/20100101 Firefox/114.0"
23.105.3.205 - - [26/Apr/2025:07:12:55 -0400] "GET /author/admin/ HTTP/1.1" 200 32535 "https://makstandardent.com/" "Mozilla/5.0 (X11; Ubuntu; Linux i686; rv:114.0) Gecko/20100101 Firefox/114.0"
66.29.132.124 - - [26/Apr/2025:07:12:58 -0400] "POST /wp-cron.php?doing_wp_cron=1745665978.6672689914703369140625 HTTP/1.1" 200 0 "-" "WordPress/6.8; https://makstandardent.com"
23.105.3.205 - - [26/Apr/2025:07:12:58 -0400] "GET /feed/ HTTP/1.1" 200 714 "https://makstandardent.com/" "Mozilla/5.0 (X11; Ubuntu; Linux i686; rv:114.0) Gecko/20100101 Firefox/114.0"
23.105.4.207 - - [26/Apr/2025:07:13:07 -0400] "GET /wp-content/plugins/woocommerce/assets/fonts/Inter-VariableFont_slnt,wght.woff2 HTTP/1.1" 200 326628 "https://makstandardent.com/" "Mozilla/5.0 (X11; Ubuntu; Linux i686; rv:114.0) Gecko/20100101 Firefox/114.0"
23.105.4.207 - - [26/Apr/2025:07:13:12 -0400] "GET /wp-json/ HTTP/1.1" 200 1691903 "https://makstandardent.com/" "Mozilla/5.0 (X11; Ubuntu; Linux i686; rv:114.0) Gecko/20100101 Firefox/114.0"
23.105.4.207 - - [26/Apr/2025:07:13:37 -0400] "GET /wp-content/plugins/woocommerce/assets/fonts/cardo_normal_400.woff2 HTTP/1.1" 200 146060 "https://makstandardent.com/" "Mozilla/5.0 (X11; Ubuntu; Linux i686; rv:114.0) Gecko/20100101 Firefox/114.0"
4.227.36.4 - - [26/Apr/2025:08:10:55 -0400] "GET /robots.txt HTTP/1.1" 200 0 "http://makstandardent.com/robots.txt" "Mozilla/5.0 AppleWebKit/537.36 (KHTML, like Gecko; compatible; GPTBot/1.2; +https://openai.com/gptbot)"
4.227.36.4 - - [26/Apr/2025:08:10:55 -0400] "GET /robots.txt HTTP/1.1" 200 0 "-" "Mozilla/5.0 AppleWebKit/537.36 (KHTML, like Gecko; compatible; GPTBot/1.2; +https://openai.com/gptbot)"
66.29.132.124 - - [26/Apr/2025:08:11:04 -0400] "POST /wp-cron.php?doing_wp_cron=1745669464.8230979442596435546875 HTTP/1.1" 200 0 "-" "WordPress/6.8; https://makstandardent.com"
4.227.36.28 - - [26/Apr/2025:08:10:55 -0400] "GET /robots.txt HTTP/1.1" 200 0 "-" "Mozilla/5.0 AppleWebKit/537.36 (KHTML, like Gecko; compatible; GPTBot/1.2; +https://openai.com/gptbot)"
4.227.36.28 - - [26/Apr/2025:08:10:55 -0400] "GET /robots.txt HTTP/1.1" 200 0 "http://www.makstandardent.com/robots.txt" "Mozilla/5.0 AppleWebKit/537.36 (KHTML, like Gecko; compatible; GPTBot/1.2; +https://openai.com/gptbot)"
66.29.132.124 - - [26/Apr/2025:08:11:04 -0400] "POST /wp-cron.php?doing_wp_cron=1745669464.8226358890533447265625 HTTP/1.1" 200 0 "-" "WordPress/6.8; https://makstandardent.com"
66.29.132.124 - - [26/Apr/2025:08:11:06 -0400] "POST /wp-admin/admin-ajax.php?action=async_litespeed&nonce=7PePDp8WWdBEBaZ9D7H8oJ6ozKUCZdpH&litespeed_type=imgoptm HTTP/1.1" 200 0 "-" "WordPress/6.8; https://makstandardent.com"
34.76.216.141 - - [26/Apr/2025:08:37:24 -0400] "GET /media/system/js/core.js HTTP/1.1" 200 0 "http://makstandardent.com/media/system/js/core.js" "Mozilla/5.0 (Macintosh; Intel Mac OS X 10_10_1) AppleWebKit/537.36 (KHTML, like Gecko) Chrome/39.0.2171.95 Safari/537.36"
66.29.132.124 - - [26/Apr/2025:08:37:36 -0400] "POST /wp-cron.php?doing_wp_cron=1745671056.6777729988098144531250 HTTP/1.1" 200 0 "-" "WordPress/6.8; https://makstandardent.com"
66.29.132.124 - - [26/Apr/2025:08:37:37 -0400] "POST /wp-cron.php?doing_wp_cron=1745671057.1330680847167968750000 HTTP/1.1" 200 0 "-" "WordPress/6.8; https://makstandardent.com"
66.29.132.124 - - [26/Apr/2025:08:37:38 -0400] "POST /wp-admin/admin-ajax.php?action=async_litespeed&nonce=MczImNS3JfaFpzIXjhkXUhwi4Y3n6L2V&litespeed_type=imgoptm HTTP/1.1" 200 0 "-" "WordPress/6.8; https://makstandardent.com"
66.29.132.124 - - [26/Apr/2025:08:37:41 -0400] "POST /wp-cron.php HTTP/1.1" 200 0 "-" "WordPress/6.8; https://makstandardent.com"
66.29.132.124 - - [26/Apr/2025:08:37:41 -0400] "GET / HTTP/1.1" 200 38887 "-" "WordPress/6.8; https://makstandardent.com"
66.29.132.124 - - [26/Apr/2025:08:37:41 -0400] "GET / HTTP/1.1" 200 38887 "-" "WordPress/6.8; https://makstandardent.com"
66.29.132.124 - - [26/Apr/2025:08:37:42 -0400] "GET / HTTP/1.1" 200 38887 "-" "WordPress/6.8; https://makstandardent.com"
66.29.132.124 - - [26/Apr/2025:08:37:42 -0400] "GET / HTTP/1.1" 200 38887 "-" "WordPress/6.8; https://makstandardent.com"
66.29.132.124 - - [26/Apr/2025:08:37:43 -0400] "GET / HTTP/1.1" 200 38887 "-" "WordPress/6.8; https://makstandardent.com"
66.29.132.124 - - [26/Apr/2025:08:48:10 -0400] "POST /wp-cron.php?doing_wp_cron=1745671690.2242939472198486328125 HTTP/1.1" 200 0 "-" "WordPress/6.8; https://makstandardent.com"
66.249.64.41 - - [26/Apr/2025:08:48:02 -0400] "GET /robots.txt HTTP/1.1" 301 0 "-" "Mozilla/5.0 (compatible; Googlebot/2.1; +http://www.google.com/bot.html)"
66.249.73.96 - - [26/Apr/2025:08:48:10 -0400] "GET /robots.txt HTTP/1.1" 200 141 "-" "Mozilla/5.0 (compatible; Googlebot/2.1; +http://www.google.com/bot.html)"
66.29.132.124 - - [26/Apr/2025:08:48:10 -0400] "POST /wp-admin/admin-ajax.php?action=async_litespeed&nonce=l6hHos9hoM52iq9vo5QiL7sguDveTAKx&litespeed_type=imgoptm HTTP/1.1" 200 0 "-" "WordPress/6.8; https://makstandardent.com"
66.29.132.124 - - [26/Apr/2025:08:52:43 -0400] "POST /wp-cron.php?doing_wp_cron=1745671962.9813549518585205078125 HTTP/1.1" 200 0 "-" "WordPress/6.8; https://makstandardent.com"
66.249.64.41 - - [26/Apr/2025:08:52:40 -0400] "GET / HTTP/1.1" 301 0 "-" "Mozilla/5.0 (compatible; Googlebot/2.1; +http://www.google.com/bot.html)"
66.249.64.41 - - [26/Apr/2025:08:52:41 -0400] "GET / HTTP/1.1" 301 0 "-" "Mozilla/5.0 (Linux; Android 6.0.1; Nexus 5X Build/MMB29P) AppleWebKit/537.36 (KHTML, like Gecko) Chrome/135.0.7049.95 Mobile Safari/537.36 (compatible; Googlebot/2.1; +http://www.google.com/bot.html)"
66.249.73.102 - - [26/Apr/2025:08:52:43 -0400] "GET /robots.txt HTTP/1.1" 200 141 "-" "Mozilla/5.0 (compatible; Googlebot/2.1; +http://www.google.com/bot.html)"
66.29.132.124 - - [26/Apr/2025:08:52:43 -0400] "POST /wp-admin/admin-ajax.php?action=async_litespeed&nonce=jMsVeW3PRbMZGKPkge2Yc6TXq6ayxKBz&litespeed_type=imgoptm HTTP/1.1" 200 21 "-" "WordPress/6.8; https://makstandardent.com"
43.130.111.40 - - [26/Apr/2025:08:54:12 -0400] "GET / HTTP/1.1" 200 38887 "http://makstandardent.com" "Mozilla/5.0 (iPhone; CPU iPhone OS 13_2_3 like Mac OS X) AppleWebKit/605.1.15 (KHTML, like Gecko) Version/13.0.3 Mobile/15E148 Safari/604.1"
66.29.132.124 - - [26/Apr/2025:09:02:30 -0400] "POST /wp-cron.php?doing_wp_cron=1745672550.4391241073608398437500 HTTP/1.1" 200 0 "-" "WordPress/6.8; https://makstandardent.com"
122.51.104.231 - - [26/Apr/2025:09:02:21 -0400] "GET / HTTP/1.1" 301 0 "http://www.makstandardent.com" "Mozilla/5.0 (iPhone; CPU iPhone OS 13_2_3 like Mac OS X) AppleWebKit/605.1.15 (KHTML, like Gecko) Version/13.0.3 Mobile/15E148 Safari/604.1"
122.51.104.231 - - [26/Apr/2025:09:02:32 -0400] "GET / HTTP/1.1" 200 38887 "https://www.makstandardent.com/" "Mozilla/5.0 (iPhone; CPU iPhone OS 13_2_3 like Mac OS X) AppleWebKit/605.1.15 (KHTML, like Gecko) Version/13.0.3 Mobile/15E148 Safari/604.1"
66.29.132.124 - - [26/Apr/2025:09:02:32 -0400] "POST /wp-admin/admin-ajax.php?action=async_litespeed&nonce=PbWfFf3gLbEnoEsckBHzhbO8jnJp9ODl&litespeed_type=imgoptm HTTP/1.1" 200 0 "-" "WordPress/6.8; https://makstandardent.com"
66.249.73.96 - - [26/Apr/2025:09:28:36 -0400] "GET / HTTP/1.1" 200 32187 "-" "Mozilla/5.0 (compatible; Googlebot/2.1; +http://www.google.com/bot.html)"
66.249.73.103 - - [26/Apr/2025:09:28:39 -0400] "GET /wp-content/plugins/elementor-pro/assets/lib/smartmenus/jquery.smartmenus.min.js?ver=1.2.1 HTTP/1.1" 200 6867 "https://makstandardent.com/" "Mozilla/5.0 AppleWebKit/537.36 (KHTML, like Gecko; compatible; Googlebot/2.1; +http://www.google.com/bot.html) Chrome/134.0.6998.165 Safari/537.36"
66.249.73.103 - - [26/Apr/2025:09:29:03 -0400] "GET /wp-content/plugins/woocommerce/assets/js/frontend/woocommerce.min.js?ver=9.8.2 HTTP/1.1" 200 1241 "https://makstandardent.com/" "Mozilla/5.0 AppleWebKit/537.36 (KHTML, like Gecko; compatible; Googlebot/2.1; +http://www.google.com/bot.html) Chrome/134.0.6998.165 Safari/537.36"
66.249.73.103 - - [26/Apr/2025:09:33:31 -0400] "GET / HTTP/1.1" 200 32187 "-" "Mozilla/5.0 (Linux; Android 6.0.1; Nexus 5X Build/MMB29P) AppleWebKit/537.36 (KHTML, like Gecko) Chrome/135.0.7049.95 Mobile Safari/537.36 (compatible; Googlebot/2.1; +http://www.google.com/bot.html)"
66.249.73.102 - - [26/Apr/2025:09:33:34 -0400] "GET /wp-content/themes/astra/assets/css/minified/main.min.css?ver=4.10.1 HTTP/1.1" 200 8479 "https://makstandardent.com/" "Mozilla/5.0 (Linux; Android 6.0.1; Nexus 5X Build/MMB29P) AppleWebKit/537.36 (KHTML, like Gecko) Chrome/134.0.6998.165 Mobile Safari/537.36 (compatible; Googlebot/2.1; +http://www.google.com/bot.html)"
66.249.73.102 - - [26/Apr/2025:09:33:39 -0400] "GET /wp-content/plugins/elementor/assets/lib/animations/styles/e-animation-float.min.css?ver=3.28.4 HTTP/1.1" 200 244 "https://makstandardent.com/" "Mozilla/5.0 (Linux; Android 6.0.1; Nexus 5X Build/MMB29P) AppleWebKit/537.36 (KHTML, like Gecko) Chrome/134.0.6998.165 Mobile Safari/537.36 (compatible; Googlebot/2.1; +http://www.google.com/bot.html)"
66.249.64.41 - - [26/Apr/2025:09:55:13 -0400] "GET /robots.txt HTTP/1.1" 301 0 "-" "Mozilla/5.0 (compatible; Googlebot/2.1; +http://www.google.com/bot.html)"
66.249.73.103 - - [26/Apr/2025:09:55:13 -0400] "GET /robots.txt HTTP/1.1" 200 141 "-" "Mozilla/5.0 (compatible; Googlebot/2.1; +http://www.google.com/bot.html)"
66.29.132.124 - - [26/Apr/2025:09:55:26 -0400] "POST /wp-cron.php?doing_wp_cron=1745675725.8621709346771240234375 HTTP/1.1" 200 0 "-" "WordPress/6.8; https://makstandardent.com"
66.29.132.124 - - [26/Apr/2025:09:55:26 -0400] "POST /wp-cron.php?doing_wp_cron=1745675726.7629120349884033203125 HTTP/1.1" 200 0 "-" "WordPress/6.8; https://makstandardent.com"
66.249.64.40 - - [26/Apr/2025:09:55:14 -0400] "GET / HTTP/1.1" 301 0 "-" "Mozilla/5.0 (Linux; Android 6.0.1; Nexus 5X Build/MMB29P) AppleWebKit/537.36 (KHTML, like Gecko) Chrome/135.0.7049.95 Mobile Safari/537.36 (compatible; Googlebot/2.1; +http://www.google.com/bot.html)"
66.29.132.124 - - [26/Apr/2025:09:55:28 -0400] "POST /wp-admin/admin-ajax.php?action=async_litespeed&nonce=U8L9H7K9xIvyVhQBztRdQ4RHxMCNqVyM&litespeed_type=imgoptm HTTP/1.1" 200 0 "-" "WordPress/6.8; https://makstandardent.com"
198.54.114.85 - - [26/Apr/2025:10:11:45 -0400] "POST /wp-login.php HTTP/1.1" 200 0 "https://makstandardent.com" "Mozilla/5.0 (Windows NT 10.0; Win64; x64) AppleWebKit/537.36 (KHTML, like Gecko) Chrome/115.0.5790.171 Safari/537.36 Edg/115.0.1901.203"
66.29.132.124 - - [26/Apr/2025:10:12:01 -0400] "POST /wp-cron.php?doing_wp_cron=1745676720.9903779029846191406250 HTTP/1.1" 200 0 "-" "WordPress/6.8; https://makstandardent.com"
66.29.132.124 - - [26/Apr/2025:10:12:03 -0400] "POST /wp-admin/admin-ajax.php?action=async_litespeed&nonce=47MNrdFRck3ayd1d87kIKFKa87MgNNi8&litespeed_type=imgoptm HTTP/1.1" 200 0 "-" "WordPress/6.8; https://makstandardent.com"
66.249.73.103 - - [26/Apr/2025:10:13:14 -0400] "GET / HTTP/1.1" 200 32187 "-" "Mozilla/5.0 (Linux; Android 6.0.1; Nexus 5X Build/MMB29P) AppleWebKit/537.36 (KHTML, like Gecko) Chrome/135.0.7049.95 Mobile Safari/537.36 (compatible; Googlebot/2.1; +http://www.google.com/bot.html)"
66.249.73.102 - - [26/Apr/2025:10:13:18 -0400] "GET /wp-content/themes/astra/assets/css/minified/compatibility/woocommerce/woocommerce-smallscreen-grid.min.css?ver=4.10.1 HTTP/1.1" 200 796 "https://makstandardent.com/" "Mozilla/5.0 (Linux; Android 6.0.1; Nexus 5X Build/MMB29P) AppleWebKit/537.36 (KHTML, like Gecko) Chrome/134.0.6998.165 Mobile Safari/537.36 (compatible; Googlebot/2.1; +http://www.google.com/bot.html)"
66.249.73.102 - - [26/Apr/2025:10:13:38 -0400] "GET /wp-content/plugins/woocommerce/assets/js/jquery-blockui/jquery.blockUI.min.js?ver=2.7.0-wc.9.8.2 HTTP/1.1" 200 3277 "https://makstandardent.com/" "Mozilla/5.0 (Linux; Android 6.0.1; Nexus 5X Build/MMB29P) AppleWebKit/537.36 (KHTML, like Gecko) Chrome/134.0.6998.165 Mobile Safari/537.36 (compatible; Googlebot/2.1; +http://www.google.com/bot.html)"
69.57.162.20 - - [26/Apr/2025:10:26:12 -0400] "POST /wp-login.php HTTP/1.1" 200 0 "https://makstandardent.com" "Mozilla/5.0 (Macintosh; Intel Mac OS X 10_15_7; rv:127.0) Gecko/20100101 Firefox/127.0"
66.29.132.124 - - [26/Apr/2025:10:26:26 -0400] "POST /wp-cron.php?doing_wp_cron=1745677585.9256489276885986328125 HTTP/1.1" 200 0 "-" "WordPress/6.8; https://makstandardent.com"
66.29.132.124 - - [26/Apr/2025:10:26:31 -0400] "POST /wp-admin/admin-ajax.php?action=async_litespeed&nonce=EAqAJwRc6oIT6IDEHilnnffOk33PYnYB&litespeed_type=imgoptm HTTP/1.1" 200 0 "-" "WordPress/6.8; https://makstandardent.com"
162.0.232.193 - - [26/Apr/2025:10:33:24 -0400] "POST /wp-login.php HTTP/1.1" 200 0 "https://makstandardent.com" "Mozilla/5.0 (Windows NT 10.0; Win64; x64) AppleWebKit/537.36 (KHTML, like Gecko) Chrome/112.0.5615.138 Safari/537.36 Edg/112.0.1722.68"
66.29.132.124 - - [26/Apr/2025:10:33:43 -0400] "POST /wp-cron.php?doing_wp_cron=1745678022.2508521080017089843750 HTTP/1.1" 200 0 "-" "WordPress/6.8; https://makstandardent.com"
66.29.132.124 - - [26/Apr/2025:10:33:46 -0400] "POST /wp-admin/admin-ajax.php?action=async_litespeed&nonce=Z20uPXul5jhWydWwNpxMWy44Jhxtn2fE&litespeed_type=imgoptm HTTP/1.1" 200 0 "-" "WordPress/6.8; https://makstandardent.com"
66.29.132.124 - - [26/Apr/2025:10:48:03 -0400] "POST /wp-cron.php?doing_wp_cron=1745678881.7838129997253417968750 HTTP/1.1" 200 0 "-" "WordPress/6.8; https://makstandardent.com"
43.156.228.27 - - [26/Apr/2025:10:47:48 -0400] "GET / HTTP/1.1" 301 0 "http://www.makstandardent.com" "Mozilla/5.0 (iPhone; CPU iPhone OS 13_2_3 like Mac OS X) AppleWebKit/605.1.15 (KHTML, like Gecko) Version/13.0.3 Mobile/15E148 Safari/604.1"
43.156.228.27 - - [26/Apr/2025:10:48:05 -0400] "GET / HTTP/1.1" 200 38887 "https://www.makstandardent.com/" "Mozilla/5.0 (iPhone; CPU iPhone OS 13_2_3 like Mac OS X) AppleWebKit/605.1.15 (KHTML, like Gecko) Version/13.0.3 Mobile/15E148 Safari/604.1"
198.54.120.87 - - [26/Apr/2025:11:02:46 -0400] "POST /wp-login.php HTTP/1.1" 200 0 "https://makstandardent.com" "Mozilla/5.0 (Macintosh; Intel Mac OS X 10_15_7) AppleWebKit/537.36 (KHTML, like Gecko) Chrome/126.0.0.0 Safari/537.36"
66.29.132.124 - - [26/Apr/2025:11:03:09 -0400] "POST /wp-cron.php?doing_wp_cron=1745679788.1300899982452392578125 HTTP/1.1" 200 0 "-" "WordPress/6.8; https://makstandardent.com"
66.29.132.124 - - [26/Apr/2025:11:09:03 -0400] "POST /wp-cron.php?doing_wp_cron=1745680140.6815500259399414062500 HTTP/1.1" 200 0 "-" "WordPress/6.8; https://makstandardent.com"
66.29.132.124 - - [26/Apr/2025:11:09:04 -0400] "POST /wp-cron.php?doing_wp_cron=1745680142.2640469074249267578125 HTTP/1.1" 200 0 "-" "WordPress/6.8; https://makstandardent.com"
43.159.139.164 - - [26/Apr/2025:11:08:46 -0400] "GET / HTTP/1.1" 301 0 "http://www.makstandardent.com" "Mozilla/5.0 (iPhone; CPU iPhone OS 13_2_3 like Mac OS X) AppleWebKit/605.1.15 (KHTML, like Gecko) Version/13.0.3 Mobile/15E148 Safari/604.1"
43.159.139.164 - - [26/Apr/2025:11:09:10 -0400] "GET / HTTP/1.1" 200 38887 "https://www.makstandardent.com/" "Mozilla/5.0 (iPhone; CPU iPhone OS 13_2_3 like Mac OS X) AppleWebKit/605.1.15 (KHTML, like Gecko) Version/13.0.3 Mobile/15E148 Safari/604.1"
198.235.24.49 - - [26/Apr/2025:11:24:30 -0400] "GET / HTTP/1.1" 200 171401 "http://66.29.132.124:80/" "-"
162.0.229.183 - - [26/Apr/2025:11:32:08 -0400] "POST /wp-login.php HTTP/1.1" 200 0 "https://makstandardent.com" "Mozilla/5.0 (Macintosh; Intel Mac OS X 14_4_1) AppleWebKit/605.1.15 (KHTML, like Gecko) Version/17.3.1 Safari/605.1.15"
66.29.132.124 - - [26/Apr/2025:11:32:28 -0400] "POST /wp-cron.php?doing_wp_cron=1745681547.7832190990447998046875 HTTP/1.1" 200 0 "-" "WordPress/6.8; https://makstandardent.com"
66.29.132.124 - - [26/Apr/2025:11:32:30 -0400] "POST /wp-admin/admin-ajax.php?action=async_litespeed&nonce=wAN0Yo2KXDxFkGM65jkvGkKi7OyGk29N&litespeed_type=imgoptm HTTP/1.1" 200 0 "-" "WordPress/6.8; https://makstandardent.com"
104.197.69.115 - - [26/Apr/2025:11:48:10 -0400] "GET / HTTP/1.1" 200 32187 "-" "Mozilla/5.0 (X11; Linux x86_64) AppleWebKit/537.36 (KHTML, like Gecko) HeadlessChrome/125.0.6422.60 Safari/537.36"
104.197.69.115 - - [26/Apr/2025:11:48:10 -0400] "GET /wp-includes/css/dist/block-library/style.min.css?ver=6.8 HTTP/1.1" 200 14358 "https://makstandardent.com/" "Mozilla/5.0 (X11; Linux x86_64) AppleWebKit/537.36 (KHTML, like Gecko) HeadlessChrome/125.0.6422.60 Safari/537.36"
104.197.69.115 - - [26/Apr/2025:11:48:10 -0400] "GET /wp-content/themes/astra/assets/css/minified/compatibility/woocommerce/woocommerce-layout-grid.min.css?ver=4.10.1 HTTP/1.1" 200 1829 "https://makstandardent.com/" "Mozilla/5.0 (X11; Linux x86_64) AppleWebKit/537.36 (KHTML, like Gecko) HeadlessChrome/125.0.6422.60 Safari/537.36"
104.197.69.115 - - [26/Apr/2025:11:48:10 -0400] "GET /wp-content/plugins/woocommerce/assets/css/brands.css?ver=9.8.2 HTTP/1.1" 200 579 "https://makstandardent.com/" "Mozilla/5.0 (X11; Linux x86_64) AppleWebKit/537.36 (KHTML, like Gecko) HeadlessChrome/125.0.6422.60 Safari/537.36"
104.197.69.115 - - [26/Apr/2025:11:48:10 -0400] "GET /wp-content/themes/astra/assets/css/minified/compatibility/woocommerce/woocommerce-smallscreen-grid.min.css?ver=4.10.1 HTTP/1.1" 200 796 "https://makstandardent.com/" "Mozilla/5.0 (X11; Linux x86_64) AppleWebKit/537.36 (KHTML, like Gecko) HeadlessChrome/125.0.6422.60 Safari/537.36"
104.197.69.115 - - [26/Apr/2025:11:48:10 -0400] "GET /wp-content/plugins/elementor/assets/css/widget-heading.min.css?ver=3.28.4 HTTP/1.1" 200 154 "https://makstandardent.com/" "Mozilla/5.0 (X11; Linux x86_64) AppleWebKit/537.36 (KHTML, like Gecko) HeadlessChrome/125.0.6422.60 Safari/537.36"
104.197.69.115 - - [26/Apr/2025:11:48:11 -0400] "GET /wp-content/plugins/elementor/assets/lib/animations/styles/e-animation-float.min.css?ver=3.28.4 HTTP/1.1" 200 244 "https://makstandardent.com/" "Mozilla/5.0 (X11; Linux x86_64) AppleWebKit/537.36 (KHTML, like Gecko) HeadlessChrome/125.0.6422.60 Safari/537.36"
104.197.69.115 - - [26/Apr/2025:11:48:11 -0400] "GET /wp-content/plugins/elementor-pro/assets/css/widget-nav-menu.min.css?ver=3.28.3 HTTP/1.1" 200 3172 "https://makstandardent.com/" "Mozilla/5.0 (X11; Linux x86_64) AppleWebKit/537.36 (KHTML, like Gecko) HeadlessChrome/125.0.6422.60 Safari/537.36"
104.197.69.115 - - [26/Apr/2025:11:48:11 -0400] "GET /wp-content/plugins/elementor/assets/css/widget-image.min.css?ver=3.28.4 HTTP/1.1" 200 254 "https://makstandardent.com/" "Mozilla/5.0 (X11; Linux x86_64) AppleWebKit/537.36 (KHTML, like Gecko) HeadlessChrome/125.0.6422.60 Safari/537.36"
104.197.69.115 - - [26/Apr/2025:11:48:11 -0400] "GET /wp-content/plugins/elementor-pro/assets/css/widget-woocommerce-menu-cart.min.css?ver=3.28.3 HTTP/1.1" 200 2314 "https://makstandardent.com/" "Mozilla/5.0 (X11; Linux x86_64) AppleWebKit/537.36 (KHTML, like Gecko) HeadlessChrome/125.0.6422.60 Safari/537.36"
104.197.69.115 - - [26/Apr/2025:11:48:11 -0400] "GET /wp-content/plugins/elementor-pro/assets/css/widget-form.min.css?ver=3.28.3 HTTP/1.1" 200 1409 "https://makstandardent.com/" "Mozilla/5.0 (X11; Linux x86_64) AppleWebKit/537.36 (KHTML, like Gecko) HeadlessChrome/125.0.6422.60 Safari/537.36"
104.197.69.115 - - [26/Apr/2025:11:48:11 -0400] "GET /wp-content/plugins/elementor/assets/css/widget-image-box.min.css?ver=3.28.4 HTTP/1.1" 200 291 "https://makstandardent.com/" "Mozilla/5.0 (X11; Linux x86_64) AppleWebKit/537.36 (KHTML, like Gecko) HeadlessChrome/125.0.6422.60 Safari/537.36"
104.197.69.115 - - [26/Apr/2025:11:48:11 -0400] "GET /wp-content/plugins/elementor-pro/assets/css/widget-search-form.min.css?ver=3.28.3 HTTP/1.1" 200 921 "https://makstandardent.com/" "Mozilla/5.0 (X11; Linux x86_64) AppleWebKit/537.36 (KHTML, like Gecko) HeadlessChrome/125.0.6422.60 Safari/537.36"
104.197.69.115 - - [26/Apr/2025:11:48:10 -0400] "GET /wp-content/themes/astra/assets/css/minified/main.min.css?ver=4.10.1 HTTP/1.1" 200 8479 "https://makstandardent.com/" "Mozilla/5.0 (X11; Linux x86_64) AppleWebKit/537.36 (KHTML, like Gecko) HeadlessChrome/125.0.6422.60 Safari/537.36"
104.197.69.115 - - [26/Apr/2025:11:48:10 -0400] "GET /wp-content/themes/astra/assets/css/minified/compatibility/woocommerce/woocommerce-grid.min.css?ver=4.10.1 HTTP/1.1" 200 15147 "https://makstandardent.com/" "Mozilla/5.0 (X11; Linux x86_64) AppleWebKit/537.36 (KHTML, like Gecko) HeadlessChrome/125.0.6422.60 Safari/537.36"
104.197.69.115 - - [26/Apr/2025:11:48:10 -0400] "GET /wp-content/plugins/elementor/assets/css/frontend.min.css?ver=3.28.4 HTTP/1.1" 200 6453 "https://makstandardent.com/" "Mozilla/5.0 (X11; Linux x86_64) AppleWebKit/537.36 (KHTML, like Gecko) HeadlessChrome/125.0.6422.60 Safari/537.36"
104.197.69.115 - - [26/Apr/2025:11:48:11 -0400] "GET /wp-content/plugins/elementor/assets/lib/animations/styles/fadeInUp.min.css?ver=3.28.4 HTTP/1.1" 200 130 "https://makstandardent.com/" "Mozilla/5.0 (X11; Linux x86_64) AppleWebKit/537.36 (KHTML, like Gecko) HeadlessChrome/125.0.6422.60 Safari/537.36"
104.197.69.115 - - [26/Apr/2025:11:48:11 -0400] "GET /wp-content/plugins/elementor/assets/css/widget-icon-list.min.css?ver=3.28.4 HTTP/1.1" 200 957 "https://makstandardent.com/" "Mozilla/5.0 (X11; Linux x86_64) AppleWebKit/537.36 (KHTML, like Gecko) HeadlessChrome/125.0.6422.60 Safari/537.36"
104.197.69.115 - - [26/Apr/2025:11:48:11 -0400] "GET /wp-content/plugins/elementor/assets/css/widget-social-icons.min.css?ver=3.28.4 HTTP/1.1" 200 1069 "https://makstandardent.com/" "Mozilla/5.0 (X11; Linux x86_64) AppleWebKit/537.36 (KHTML, like Gecko) HeadlessChrome/125.0.6422.60 Safari/537.36"
104.197.69.115 - - [26/Apr/2025:11:48:11 -0400] "GET /wp-content/plugins/elementor/assets/css/conditionals/apple-webkit.min.css?ver=3.28.4 HTTP/1.1" 200 472 "https://makstandardent.com/" "Mozilla/5.0 (X11; Linux x86_64) AppleWebKit/537.36 (KHTML, like Gecko) HeadlessChrome/125.0.6422.60 Safari/537.36"
104.197.69.115 - - [26/Apr/2025:11:48:11 -0400] "GET /wp-content/uploads/elementor/css/post-17.css?ver=1745596395 HTTP/1.1" 200 1581 "https://makstandardent.com/" "Mozilla/5.0 (X11; Linux x86_64) AppleWebKit/537.36 (KHTML, like Gecko) HeadlessChrome/125.0.6422.60 Safari/537.36"
104.197.69.115 - - [26/Apr/2025:11:48:11 -0400] "GET /wp-content/uploads/elementor/css/post-52.css?ver=1745602264 HTTP/1.1" 200 2979 "https://makstandardent.com/" "Mozilla/5.0 (X11; Linux x86_64) AppleWebKit/537.36 (KHTML, like Gecko) HeadlessChrome/125.0.6422.60 Safari/537.36"
104.197.69.115 - - [26/Apr/2025:11:48:11 -0400] "GET /wp-content/uploads/elementor/css/post-64.css?ver=1745602467 HTTP/1.1" 200 2169 "https://makstandardent.com/" "Mozilla/5.0 (X11; Linux x86_64) AppleWebKit/537.36 (KHTML, like Gecko) HeadlessChrome/125.0.6422.60 Safari/537.36"
104.197.69.115 - - [26/Apr/2025:11:48:11 -0400] "GET /wp-content/uploads/elementor/google-fonts/css/poppins.css?ver=1745596400 HTTP/1.1" 200 782 "https://makstandardent.com/" "Mozilla/5.0 (X11; Linux x86_64) AppleWebKit/537.36 (KHTML, like Gecko) HeadlessChrome/125.0.6422.60 Safari/537.36"
104.197.69.115 - - [26/Apr/2025:11:48:11 -0400] "GET /wp-content/uploads/elementor/google-fonts/css/oxanium.css?ver=1745596396 HTTP/1.1" 200 390 "https://makstandardent.com/" "Mozilla/5.0 (X11; Linux x86_64) AppleWebKit/537.36 (KHTML, like Gecko) HeadlessChrome/125.0.6422.60 Safari/537.36"
104.197.69.115 - - [26/Apr/2025:11:48:11 -0400] "GET /wp-includes/js/jquery/jquery.min.js?ver=3.7.1 HTTP/1.1" 200 29744 "https://makstandardent.com/" "Mozilla/5.0 (X11; Linux x86_64) AppleWebKit/537.36 (KHTML, like Gecko) HeadlessChrome/125.0.6422.60 Safari/537.36"
104.197.69.115 - - [26/Apr/2025:11:48:11 -0400] "GET /wp-includes/js/jquery/jquery-migrate.min.js?ver=3.4.1 HTTP/1.1" 200 4678 "https://makstandardent.com/" "Mozilla/5.0 (X11; Linux x86_64) AppleWebKit/537.36 (KHTML, like Gecko) HeadlessChrome/125.0.6422.60 Safari/537.36"
104.197.69.115 - - [26/Apr/2025:11:48:11 -0400] "GET /wp-content/plugins/woocommerce/assets/client/blocks/wc-blocks.css?ver=wc-9.8.2 HTTP/1.1" 200 2282 "https://makstandardent.com/" "Mozilla/5.0 (X11; Linux x86_64) AppleWebKit/537.36 (KHTML, like Gecko) HeadlessChrome/125.0.6422.60 Safari/537.36"
104.197.69.115 - - [26/Apr/2025:11:48:11 -0400] "GET /wp-includes/js/dist/hooks.min.js?ver=4d63a3d491d11ffd8ac6 HTTP/1.1" 200 1571 "https://makstandardent.com/" "Mozilla/5.0 (X11; Linux x86_64) AppleWebKit/537.36 (KHTML, like Gecko) HeadlessChrome/125.0.6422.60 Safari/537.36"
104.197.69.115 - - [26/Apr/2025:11:48:11 -0400] "GET /wp-content/plugins/woocommerce/assets/js/frontend/order-attribution.min.js?ver=9.8.2 HTTP/1.1" 200 1006 "https://makstandardent.com/" "Mozilla/5.0 (X11; Linux x86_64) AppleWebKit/537.36 (KHTML, like Gecko) HeadlessChrome/125.0.6422.60 Safari/537.36"
104.197.69.115 - - [26/Apr/2025:11:48:11 -0400] "GET /wp-content/plugins/elementor/assets/js/webpack.runtime.min.js?ver=3.28.4 HTTP/1.1" 200 2228 "https://makstandardent.com/" "Mozilla/5.0 (X11; Linux x86_64) AppleWebKit/537.36 (KHTML, like Gecko) HeadlessChrome/125.0.6422.60 Safari/537.36"
104.197.69.115 - - [26/Apr/2025:11:48:11 -0400] "GET /wp-content/plugins/elementor-pro/assets/js/webpack-pro.runtime.min.js?ver=3.28.3 HTTP/1.1" 200 2624 "https://makstandardent.com/" "Mozilla/5.0 (X11; Linux x86_64) AppleWebKit/537.36 (KHTML, like Gecko) HeadlessChrome/125.0.6422.60 Safari/537.36"
104.197.69.115 - - [26/Apr/2025:11:48:11 -0400] "GET /wp-content/themes/astra/assets/js/minified/frontend.min.js?ver=4.10.1 HTTP/1.1" 200 5606 "https://makstandardent.com/" "Mozilla/5.0 (X11; Linux x86_64) AppleWebKit/537.36 (KHTML, like Gecko) HeadlessChrome/125.0.6422.60 Safari/537.36"
104.197.69.115 - - [26/Apr/2025:11:48:11 -0400] "GET /wp-content/plugins/woocommerce/assets/js/sourcebuster/sourcebuster.min.js?ver=9.8.2 HTTP/1.1" 200 4609 "https://makstandardent.com/" "Mozilla/5.0 (X11; Linux x86_64) AppleWebKit/537.36 (KHTML, like Gecko) HeadlessChrome/125.0.6422.60 Safari/537.36"
104.197.69.115 - - [26/Apr/2025:11:48:11 -0400] "GET /wp-content/plugins/elementor/assets/js/frontend-modules.min.js?ver=3.28.4 HTTP/1.1" 200 14421 "https://makstandardent.com/" "Mozilla/5.0 (X11; Linux x86_64) AppleWebKit/537.36 (KHTML, like Gecko) HeadlessChrome/125.0.6422.60 Safari/537.36"
104.197.69.115 - - [26/Apr/2025:11:48:11 -0400] "GET /wp-content/plugins/elementor-pro/assets/lib/smartmenus/jquery.smartmenus.min.js?ver=1.2.1 HTTP/1.1" 200 6867 "https://makstandardent.com/" "Mozilla/5.0 (X11; Linux x86_64) AppleWebKit/537.36 (KHTML, like Gecko) HeadlessChrome/125.0.6422.60 Safari/537.36"
104.197.69.115 - - [26/Apr/2025:11:48:11 -0400] "GET /wp-includes/js/dist/i18n.min.js?ver=5e580eb46a90c2b997e6 HTTP/1.1" 200 3542 "https://makstandardent.com/" "Mozilla/5.0 (X11; Linux x86_64) AppleWebKit/537.36 (KHTML, like Gecko) HeadlessChrome/125.0.6422.60 Safari/537.36"
104.197.69.115 - - [26/Apr/2025:11:48:11 -0400] "GET /wp-includes/js/jquery/ui/core.min.js?ver=1.13.3 HTTP/1.1" 200 6812 "https://makstandardent.com/" "Mozilla/5.0 (X11; Linux x86_64) AppleWebKit/537.36 (KHTML, like Gecko) HeadlessChrome/125.0.6422.60 Safari/537.36"
104.197.69.115 - - [26/Apr/2025:11:48:11 -0400] "GET /wp-content/plugins/elementor-pro/assets/js/frontend.min.js?ver=3.28.3 HTTP/1.1" 200 6279 "https://makstandardent.com/" "Mozilla/5.0 (X11; Linux x86_64) AppleWebKit/537.36 (KHTML, like Gecko) HeadlessChrome/125.0.6422.60 Safari/537.36"
104.197.69.115 - - [26/Apr/2025:11:48:11 -0400] "GET /wp-content/plugins/elementor-pro/assets/js/elements-handlers.min.js?ver=3.28.3 HTTP/1.1" 200 10224 "https://makstandardent.com/" "Mozilla/5.0 (X11; Linux x86_64) AppleWebKit/537.36 (KHTML, like Gecko) HeadlessChrome/125.0.6422.60 Safari/537.36"
104.197.69.115 - - [26/Apr/2025:11:48:11 -0400] "GET /wp-content/plugins/elementor/assets/js/frontend.min.js?ver=3.28.4 HTTP/1.1" 200 13099 "https://makstandardent.com/" "Mozilla/5.0 (X11; Linux x86_64) AppleWebKit/537.36 (KHTML, like Gecko) HeadlessChrome/125.0.6422.60 Safari/537.36"
104.197.69.115 - - [26/Apr/2025:11:48:11 -0400] "GET /wp-content/uploads/elementor/google-fonts/fonts/poppins-pxieyp8kv8jhgfvrjjfecg.woff2 HTTP/1.1" 200 7884 "https://makstandardent.com/wp-content/uploads/elementor/google-fonts/css/poppins.css?ver=1745596400" "Mozilla/5.0 (X11; Linux x86_64) AppleWebKit/537.36 (KHTML, like Gecko) HeadlessChrome/125.0.6422.60 Safari/537.36"
104.197.69.115 - - [26/Apr/2025:11:48:11 -0400] "GET /wp-content/uploads/elementor/google-fonts/fonts/oxanium-rrqqbon_4yj0jmime2le0q.woff2 HTTP/1.1" 200 14012 "https://makstandardent.com/wp-content/uploads/elementor/google-fonts/css/oxanium.css?ver=1745596396" "Mozilla/5.0 (X11; Linux x86_64) AppleWebKit/537.36 (KHTML, like Gecko) HeadlessChrome/125.0.6422.60 Safari/537.36"
104.197.69.115 - - [26/Apr/2025:11:48:11 -0400] "GET /wp-content/uploads/elementor/google-fonts/fonts/poppins-pxibyp8kv8jhgfvrlej6z1xlfq.woff2 HTTP/1.1" 200 8000 "https://makstandardent.com/wp-content/uploads/elementor/google-fonts/css/poppins.css?ver=1745596400" "Mozilla/5.0 (X11; Linux x86_64) AppleWebKit/537.36 (KHTML, like Gecko) HeadlessChrome/125.0.6422.60 Safari/537.36"
104.197.69.115 - - [26/Apr/2025:11:48:11 -0400] "GET /wp-content/uploads/2025/04/bg-newsletter.png HTTP/1.1" 200 1358 "https://makstandardent.com/wp-content/uploads/elementor/css/post-64.css?ver=1745602467" "Mozilla/5.0 (X11; Linux x86_64) AppleWebKit/537.36 (KHTML, like Gecko) HeadlessChrome/125.0.6422.60 Safari/537.36"
104.197.69.115 - - [26/Apr/2025:11:48:11 -0400] "GET /wp-content/plugins/elementor-pro/assets/images/logo-placeholder.png HTTP/1.1" 200 4059 "https://makstandardent.com/" "Mozilla/5.0 (X11; Linux x86_64) AppleWebKit/537.36 (KHTML, like Gecko) HeadlessChrome/125.0.6422.60 Safari/537.36"
104.197.69.115 - - [26/Apr/2025:11:48:11 -0400] "GET /wp-content/uploads/elementor/thumbs/dollar-1-r4vyz6vqgega3sidbebmt4vv746m6z2ndd84tnwaps.png HTTP/1.1" 200 832 "https://makstandardent.com/" "Mozilla/5.0 (X11; Linux x86_64) AppleWebKit/537.36 (KHTML, like Gecko) HeadlessChrome/125.0.6422.60 Safari/537.36"
104.197.69.115 - - [26/Apr/2025:11:48:11 -0400] "GET /wp-content/uploads/elementor/thumbs/storefront-1-r4vyz8reu2iur0fn0f4vy4esdvxcmda41mj3s7tidc.png HTTP/1.1" 200 491 "https://makstandardent.com/" "Mozilla/5.0 (X11; Linux x86_64) AppleWebKit/537.36 (KHTML, like Gecko) HeadlessChrome/125.0.6422.60 Safari/537.36"
104.197.69.115 - - [26/Apr/2025:11:48:11 -0400] "GET /wp-content/uploads/elementor/thumbs/shipped-1-r4vyz427vwcf4ymgrv3r3nlheykijvrgcz9odu0h8g.png HTTP/1.1" 200 585 "https://makstandardent.com/" "Mozilla/5.0 (X11; Linux x86_64) AppleWebKit/537.36 (KHTML, like Gecko) HeadlessChrome/125.0.6422.60 Safari/537.36"
104.197.69.115 - - [26/Apr/2025:11:48:11 -0400] "GET /wp-content/uploads/elementor/thumbs/added-box-1-r4vyz0av4k79uirxdth8tojn1f31p3cj0gnqgq61xc.png HTTP/1.1" 200 856 "https://makstandardent.com/" "Mozilla/5.0 (X11; Linux x86_64) AppleWebKit/537.36 (KHTML, like Gecko) HeadlessChrome/125.0.6422.60 Safari/537.36"
104.197.69.115 - - [26/Apr/2025:11:48:12 -0400] "GET /wp-content/plugins/woocommerce/assets/js/jquery-blockui/jquery.blockUI.min.js?ver=2.7.0-wc.9.8.2 HTTP/1.1" 200 3277 "https://makstandardent.com/" "Mozilla/5.0 (X11; Linux x86_64) AppleWebKit/537.36 (KHTML, like Gecko) HeadlessChrome/125.0.6422.60 Safari/537.36"
104.197.69.115 - - [26/Apr/2025:11:48:12 -0400] "GET /wp-content/plugins/woocommerce/assets/js/frontend/add-to-cart.min.js?ver=9.8.2 HTTP/1.1" 200 1225 "https://makstandardent.com/" "Mozilla/5.0 (X11; Linux x86_64) AppleWebKit/537.36 (KHTML, like Gecko) HeadlessChrome/125.0.6422.60 Safari/537.36"
104.197.69.115 - - [26/Apr/2025:11:48:12 -0400] "GET /wp-content/plugins/woocommerce/assets/js/js-cookie/js.cookie.min.js?ver=2.1.4-wc.9.8.2 HTTP/1.1" 200 760 "https://makstandardent.com/" "Mozilla/5.0 (X11; Linux x86_64) AppleWebKit/537.36 (KHTML, like Gecko) HeadlessChrome/125.0.6422.60 Safari/537.36"
104.197.69.115 - - [26/Apr/2025:11:48:12 -0400] "GET /wp-content/plugins/woocommerce/assets/js/frontend/woocommerce.min.js?ver=9.8.2 HTTP/1.1" 200 1241 "https://makstandardent.com/" "Mozilla/5.0 (X11; Linux x86_64) AppleWebKit/537.36 (KHTML, like Gecko) HeadlessChrome/125.0.6422.60 Safari/537.36"
4.227.36.28 - - [26/Apr/2025:12:53:28 -0400] "GET /robots.txt HTTP/1.1" 301 0 "-" "Mozilla/5.0 AppleWebKit/537.36 (KHTML, like Gecko; compatible; GPTBot/1.2; +https://openai.com/gptbot)"
4.227.36.4 - - [26/Apr/2025:12:53:28 -0400] "GET /robots.txt HTTP/1.1" 200 141 "-" "Mozilla/5.0 AppleWebKit/537.36 (KHTML, like Gecko; compatible; GPTBot/1.2; +https://openai.com/gptbot)"
4.227.36.28 - - [26/Apr/2025:12:53:28 -0400] "GET /robots.txt HTTP/1.1" 301 0 "http://www.makstandardent.com/robots.txt" "Mozilla/5.0 AppleWebKit/537.36 (KHTML, like Gecko; compatible; GPTBot/1.2; +https://openai.com/gptbot)"
