47.128.126.140 - - [27/Apr/2025:08:25:53 -0400] "GET /about.php?path=%2F%2Fhome%2Fmakmfewe%2Fibnearif.com%2Fwp-includes%2FSimplePie%2Flibrary%2FSimplePie HTTP/1.1" 200 1207 "-" "Mozilla/5.0 (Linux; Android 5.0) AppleWebKit/537.36 (KHTML, like Gecko) Mobile Safari/537.36 (compatible; Bytespider; spider-feedback@bytedance.com)"
47.128.46.187 - - [27/Apr/2025:08:26:20 -0400] "GET /about.php?path=%2F%2Fvar%2Fsoftaculous%2Fmt HTTP/1.1" 200 1159 "-" "Mozilla/5.0 (Linux; Android 5.0) AppleWebKit/537.36 (KHTML, like Gecko) Mobile Safari/537.36 (compatible; Bytespider; spider-feedback@bytedance.com)"
47.128.115.179 - - [27/Apr/2025:08:26:46 -0400] "GET /about.php?path=%2F%2Fhome%2Fmakmfewe%2Fmail%2F.info%40drshahidchudhary_com%2F.Sent HTTP/1.1" 200 914 "-" "Mozilla/5.0 (Linux; Android 5.0) AppleWebKit/537.36 (KHTML, like Gecko) Mobile Safari/537.36 (compatible; Bytespider; spider-feedback@bytedance.com)"
47.128.112.72 - - [27/Apr/2025:08:27:12 -0400] "GET /about.php?path=%2F%2Fopt%2Falt%2Fphp71%2Fetc%2Fmysql5.5 HTTP/1.1" 403 1242 "-" "Mozilla/5.0 (Linux; Android 5.0) AppleWebKit/537.36 (KHTML, like Gecko) Mobile Safari/537.36 (compatible; Bytespider; spider-feedback@bytedance.com)"
66.249.75.166 - - [27/Apr/2025:08:27:24 -0400] "GET /about.php?action=edit&file=cp500.cpython-38.opt-2.pyc&path=%2F%2Fopt%2Falt%2Fpython38%2Flib64%2Fpython3.8%2Fencodings%2F__pycache__ HTTP/1.1" 200 1813 "-" "Mozilla/5.0 (Linux; Android 6.0.1; Nexus 5X Build/MMB29P) AppleWebKit/537.36 (KHTML, like Gecko) Chrome/135.0.7049.95 Mobile Safari/537.36 (compatible; Googlebot/2.1; +http://www.google.com/bot.html)"
66.249.68.65 - - [27/Apr/2025:08:27:29 -0400] "GET /about.php?action=edit&file=shift_jis_2004.cpython-38.pyc&path=%2F%2Fopt%2Falt%2Fpython38%2Flib64%2Fpython3.8%2Fencodings%2F__pycache__ HTTP/1.1" 200 1248 "-" "Mozilla/5.0 (Linux; Android 6.0.1; Nexus 5X Build/MMB29P) AppleWebKit/537.36 (KHTML, like Gecko) Chrome/135.0.7049.95 Mobile Safari/537.36 (compatible; GoogleOther)"
66.249.68.65 - - [27/Apr/2025:08:27:35 -0400] "GET /about.php?action=edit&file=iso8859_7.cpython-38.opt-1.pyc&path=%2F%2Fopt%2Falt%2Fpython38%2Flib64%2Fpython3.8%2Fencodings%2F__pycache__ HTTP/1.1" 200 1926 "-" "Mozilla/5.0 (Linux; Android 6.0.1; Nexus 5X Build/MMB29P) AppleWebKit/537.36 (KHTML, like Gecko) Chrome/135.0.7049.95 Mobile Safari/537.36 (compatible; Googlebot/2.1; +http://www.google.com/bot.html)"
47.128.99.93 - - [27/Apr/2025:08:27:39 -0400] "GET /about.php?path=%2F%2Fhome%2Fmakmfewe%2Fpublic_html%2Fgillindustry%2Fwp-includes%2Fimages%2Fcrystal HTTP/1.1" 200 998 "-" "Mozilla/5.0 (Linux; Android 5.0) AppleWebKit/537.36 (KHTML, like Gecko) Mobile Safari/537.36 (compatible; Bytespider; spider-feedback@bytedance.com)"
66.249.68.65 - - [27/Apr/2025:08:27:40 -0400] "GET /about.php?action=edit&file=tis_620.cpython-38.opt-2.pyc&path=%2F%2Fopt%2Falt%2Fpython38%2Flib64%2Fpython3.8%2Fencodings%2F__pycache__ HTTP/1.1" 200 1842 "-" "Mozilla/5.0 (Linux; Android 6.0.1; Nexus 5X Build/MMB29P) AppleWebKit/537.36 (KHTML, like Gecko) Chrome/135.0.7049.95 Mobile Safari/537.36 (compatible; Googlebot/2.1; +http://www.google.com/bot.html)"
66.249.75.165 - - [27/Apr/2025:08:27:40 -0400] "GET /about.php?action=edit&file=net_smtp.reg&path=%2F%2Fopt%2Fcloudlinux%2Falt-php82%2Froot%2Fusr%2Fshare%2Fpear%2F.registry HTTP/1.1" 200 2242 "-" "Mozilla/5.0 (Linux; Android 6.0.1; Nexus 5X Build/MMB29P) AppleWebKit/537.36 (KHTML, like Gecko) Chrome/135.0.7049.95 Mobile Safari/537.36 (compatible; Googlebot/2.1; +http://www.google.com/bot.html)"
66.249.75.165 - - [27/Apr/2025:08:27:45 -0400] "GET /about.php?action=edit&file=mac_cyrillic.cpython-38.opt-2.pyc&path=%2F%2Fopt%2Falt%2Fpython38%2Flib64%2Fpython3.8%2Fencodings%2F__pycache__ HTTP/1.1" 200 1820 "-" "Mozilla/5.0 (Linux; Android 6.0.1; Nexus 5X Build/MMB29P) AppleWebKit/537.36 (KHTML, like Gecko) Chrome/135.0.7049.95 Mobile Safari/537.36 (compatible; Googlebot/2.1; +http://www.google.com/bot.html)"
66.249.68.65 - - [27/Apr/2025:08:27:46 -0400] "GET /about.php?action=edit&file=iso8859_13.cpython-38.opt-2.pyc&path=%2F%2Fopt%2Falt%2Fpython38%2Flib64%2Fpython3.8%2Fencodings%2F__pycache__ HTTP/1.1" 200 1801 "-" "Mozilla/5.0 (Linux; Android 6.0.1; Nexus 5X Build/MMB29P) AppleWebKit/537.36 (KHTML, like Gecko) Chrome/135.0.7049.95 Mobile Safari/537.36 (compatible; Googlebot/2.1; +http://www.google.com/bot.html)"
66.249.68.65 - - [27/Apr/2025:08:27:51 -0400] "GET /about.php?action=edit&file=cp1256.cpython-38.opt-2.pyc&path=%2F%2Fopt%2Falt%2Fpython38%2Flib64%2Fpython3.8%2Fencodings%2F__pycache__ HTTP/1.1" 200 1824 "-" "Mozilla/5.0 (Linux; Android 6.0.1; Nexus 5X Build/MMB29P) AppleWebKit/537.36 (KHTML, like Gecko) Chrome/135.0.7049.95 Mobile Safari/537.36 (compatible; Googlebot/2.1; +http://www.google.com/bot.html)"
66.249.75.165 - - [27/Apr/2025:08:27:51 -0400] "GET /about.php?action=edit&file=iso2022_jp_ext.cpython-38.opt-2.pyc&path=%2F%2Fopt%2Falt%2Fpython38%2Flib64%2Fpython3.8%2Fencodings%2F__pycache__ HTTP/1.1" 200 1255 "-" "Mozilla/5.0 (Linux; Android 6.0.1; Nexus 5X Build/MMB29P) AppleWebKit/537.36 (KHTML, like Gecko) Chrome/135.0.7049.95 Mobile Safari/537.36 (compatible; Googlebot/2.1; +http://www.google.com/bot.html)"
66.249.68.65 - - [27/Apr/2025:08:27:57 -0400] "GET /about.php?action=edit&file=iso8859_2.cpython-38.opt-2.pyc&path=%2F%2Fopt%2Falt%2Fpython38%2Flib64%2Fpython3.8%2Fencodings%2F__pycache__ HTTP/1.1" 200 1804 "-" "Mozilla/5.0 (Linux; Android 6.0.1; Nexus 5X Build/MMB29P) AppleWebKit/537.36 (KHTML, like Gecko) Chrome/135.0.7049.95 Mobile Safari/537.36 (compatible; Googlebot/2.1; +http://www.google.com/bot.html)"
66.249.75.165 - - [27/Apr/2025:08:27:57 -0400] "GET /about.php?action=edit&file=utf_32.cpython-38.pyc&path=%2F%2Fopt%2Falt%2Fpython38%2Flib64%2Fpython3.8%2Fencodings%2F__pycache__ HTTP/1.1" 200 2577 "-" "Mozilla/5.0 (Linux; Android 6.0.1; Nexus 5X Build/MMB29P) AppleWebKit/537.36 (KHTML, like Gecko) Chrome/135.0.7049.95 Mobile Safari/537.36 (compatible; Googlebot/2.1; +http://www.google.com/bot.html)"
66.249.68.65 - - [27/Apr/2025:08:28:02 -0400] "GET /about.php?action=edit&file=pearcmd.php&path=%2F%2Fopt%2Fcloudlinux%2Falt-php56%2Froot%2Fusr%2Fshare%2Fpear HTTP/1.1" 200 5299 "-" "Mozilla/5.0 (Linux; Android 6.0.1; Nexus 5X Build/MMB29P) AppleWebKit/537.36 (KHTML, like Gecko) Chrome/135.0.7049.95 Mobile Safari/537.36 (compatible; Googlebot/2.1; +http://www.google.com/bot.html)"
66.249.68.65 - - [27/Apr/2025:08:28:08 -0400] "GET /about.php?action=edit&file=shift_jis.cpython-38.opt-2.pyc&path=%2F%2Fopt%2Falt%2Fpython38%2Flib64%2Fpython3.8%2Fencodings%2F__pycache__ HTTP/1.1" 200 1247 "-" "Mozilla/5.0 (Linux; Android 6.0.1; Nexus 5X Build/MMB29P) AppleWebKit/537.36 (KHTML, like Gecko) Chrome/135.0.7049.95 Mobile Safari/537.36 (compatible; Googlebot/2.1; +http://www.google.com/bot.html)"
70.127.140.128 - - [27/Apr/2025:08:28:09 -0400] "GET /about.php?path=%2F%2Fopt%2Falt%2Fphp80%2Fetc%2Fmysql5.5 HTTP/1.1" 403 1242 "-" "Mozilla/5.0 (Linux; Android 6.0; Nexus 5 Build/MRA58N) AppleWebKit/537.36 (KHTML, like Gecko) Chrome/42.0.2352.1034 Mobile Safari/537.36"
66.249.68.65 - - [27/Apr/2025:08:28:13 -0400] "GET /about.php?action=edit&file=__phello__.foo.cpython-38.opt-1.pyc&path=%2F%2Fopt%2Falt%2Fpython38%2Flib64%2Fpython3.8%2F__pycache__ HTTP/1.1" 200 674 "-" "Mozilla/5.0 (Linux; Android 6.0.1; Nexus 5X Build/MMB29P) AppleWebKit/537.36 (KHTML, like Gecko) Chrome/135.0.7049.95 Mobile Safari/537.36 (compatible; Googlebot/2.1; +http://www.google.com/bot.html)"
66.249.68.65 - - [27/Apr/2025:08:28:19 -0400] "GET /about.php?path=%2F%2Fopt%2Falt%2Fpython38%2Fshare%2Fdoc HTTP/1.1" 200 886 "-" "Mozilla/5.0 (Linux; Android 6.0.1; Nexus 5X Build/MMB29P) AppleWebKit/537.36 (KHTML, like Gecko) Chrome/135.0.7049.95 Mobile Safari/537.36 (compatible; GoogleOther)"
66.249.75.165 - - [27/Apr/2025:08:28:20 -0400] "GET /about.php?action=edit&file=cp737.cpython-38.opt-2.pyc&path=%2F%2Fopt%2Falt%2Fpython38%2Flib64%2Fpython3.8%2Fencodings%2F__pycache__ HTTP/1.1" 200 3326 "-" "Mozilla/5.0 (Linux; Android 6.0.1; Nexus 5X Build/MMB29P) AppleWebKit/537.36 (KHTML, like Gecko) Chrome/135.0.7049.95 Mobile Safari/537.36 (compatible; Googlebot/2.1; +http://www.google.com/bot.html)"
66.249.68.65 - - [27/Apr/2025:08:28:21 -0400] "GET /about.php?action=edit&file=cp720.cpython-38.opt-2.pyc&path=%2F%2Fopt%2Falt%2Fpython38%2Flib64%2Fpython3.8%2Fencodings%2F__pycache__ HTTP/1.1" 200 1831 "-" "Mozilla/5.0 (Linux; Android 6.0.1; Nexus 5X Build/MMB29P) AppleWebKit/537.36 (KHTML, like Gecko) Chrome/135.0.7049.95 Mobile Safari/537.36 (compatible; Googlebot/2.1; +http://www.google.com/bot.html)"
66.249.68.65 - - [27/Apr/2025:08:28:22 -0400] "GET /about.php?action=edit&file=iso8859_16.cpython-38.opt-1.pyc&path=%2F%2Fopt%2Falt%2Fpython38%2Flib64%2Fpython3.8%2Fencodings%2F__pycache__ HTTP/1.1" 200 1936 "-" "Mozilla/5.0 (Linux; Android 6.0.1; Nexus 5X Build/MMB29P) AppleWebKit/537.36 (KHTML, like Gecko) Chrome/135.0.7049.95 Mobile Safari/537.36 (compatible; Googlebot/2.1; +http://www.google.com/bot.html)"
66.249.68.65 - - [27/Apr/2025:08:28:24 -0400] "GET /about.php?path=%2F%2Fopt%2Fcloudlinux%2Falt-php82%2Froot%2Flink HTTP/1.1" 200 791 "-" "Mozilla/5.0 (Linux; Android 6.0.1; Nexus 5X Build/MMB29P) AppleWebKit/537.36 (KHTML, like Gecko) Chrome/135.0.7049.95 Mobile Safari/537.36 (compatible; GoogleOther)"
66.249.75.165 - - [27/Apr/2025:08:28:25 -0400] "GET /about.php?path=%2F%2Fopt%2Fcloudlinux%2Falt-php82%2Froot%2Fusr%2Flib64%2Fphp%2Fmodules HTTP/1.1" 200 2408 "-" "Mozilla/5.0 (Linux; Android 6.0.1; Nexus 5X Build/MMB29P) AppleWebKit/537.36 (KHTML, like Gecko) Chrome/135.0.7049.95 Mobile Safari/537.36 (compatible; GoogleOther)"
66.249.68.65 - - [27/Apr/2025:08:28:26 -0400] "GET /about.php?path=%2F%2Fopt%2Fcloudlinux%2Falt-php56 HTTP/1.1" 200 796 "-" "Mozilla/5.0 (Linux; Android 6.0.1; Nexus 5X Build/MMB29P) AppleWebKit/537.36 (KHTML, like Gecko) Chrome/135.0.7049.95 Mobile Safari/537.36 (compatible; GoogleOther)"
66.249.75.165 - - [27/Apr/2025:08:28:30 -0400] "GET /about.php?action=edit&file=cp1250.cpython-38.opt-2.pyc&path=%2F%2Fopt%2Falt%2Fpython38%2Flib64%2Fpython3.8%2Fencodings%2F__pycache__ HTTP/1.1" 200 1821 "-" "Mozilla/5.0 (Linux; Android 6.0.1; Nexus 5X Build/MMB29P) AppleWebKit/537.36 (KHTML, like Gecko) Chrome/135.0.7049.95 Mobile Safari/537.36 (compatible; Googlebot/2.1; +http://www.google.com/bot.html)"
47.128.127.141 - - [27/Apr/2025:08:28:32 -0400] "GET /about.php?path=%2F%2Fvar%2Fsoftaculous%2Favactis HTTP/1.1" 200 1058 "-" "Mozilla/5.0 (Linux; Android 5.0) AppleWebKit/537.36 (KHTML, like Gecko) Mobile Safari/537.36 (compatible; Bytespider; spider-feedback@bytedance.com)"
66.249.75.165 - - [27/Apr/2025:08:28:37 -0400] "GET /about.php?action=edit&file=mac_iceland.cpython-38.opt-1.pyc&path=%2F%2Fopt%2Falt%2Fpython38%2Flib64%2Fpython3.8%2Fencodings%2F__pycache__ HTTP/1.1" 200 1957 "-" "Mozilla/5.0 (Linux; Android 6.0.1; Nexus 5X Build/MMB29P) AppleWebKit/537.36 (KHTML, like Gecko) Chrome/135.0.7049.95 Mobile Safari/537.36 (compatible; Googlebot/2.1; +http://www.google.com/bot.html)"
66.249.68.65 - - [27/Apr/2025:08:28:43 -0400] "GET /about.php?action=edit&file=koi8_u.cpython-38.opt-1.pyc&path=%2F%2Fopt%2Falt%2Fpython38%2Flib64%2Fpython3.8%2Fencodings%2F__pycache__ HTTP/1.1" 200 1937 "-" "Mozilla/5.0 (Linux; Android 6.0.1; Nexus 5X Build/MMB29P) AppleWebKit/537.36 (KHTML, like Gecko) Chrome/135.0.7049.95 Mobile Safari/537.36 (compatible; Googlebot/2.1; +http://www.google.com/bot.html)"
66.249.75.165 - - [27/Apr/2025:08:28:48 -0400] "GET /about.php?action=edit&file=unicode_escape.cpython-38.pyc&path=%2F%2Fopt%2Falt%2Fpython38%2Flib64%2Fpython3.8%2Fencodings%2F__pycache__ HTTP/1.1" 200 1425 "-" "Mozilla/5.0 (Linux; Android 6.0.1; Nexus 5X Build/MMB29P) AppleWebKit/537.36 (KHTML, like Gecko) Chrome/135.0.7049.95 Mobile Safari/537.36 (compatible; GoogleOther)"
47.128.96.128 - - [27/Apr/2025:08:28:52 -0400] "GET /about.php?path=%2F%2Fopt%2Fhc_python%2Flib%2Fpython3.12%2Fsite-packages%2Fpydantic%2Fplugin HTTP/1.1" 200 920 "-" "Mozilla/5.0 (Linux; Android 5.0) AppleWebKit/537.36 (KHTML, like Gecko) Mobile Safari/537.36 (compatible; TikTokSpider; ttspider-feedback@tiktok.com)"
66.249.75.165 - - [27/Apr/2025:08:28:53 -0400] "GET /about.php?action=edit&file=iso8859_3.cpython-38.pyc&path=%2F%2Fopt%2Falt%2Fpython38%2Flib64%2Fpython3.8%2Fencodings%2F__pycache__ HTTP/1.1" 200 1915 "-" "Mozilla/5.0 (Linux; Android 6.0.1; Nexus 5X Build/MMB29P) AppleWebKit/537.36 (KHTML, like Gecko) Chrome/135.0.7049.95 Mobile Safari/537.36 (compatible; Googlebot/2.1; +http://www.google.com/bot.html)"
66.249.68.65 - - [27/Apr/2025:08:28:54 -0400] "GET /about.php?action=edit&file=setuptools.rst&path=%2F%2Fopt%2Falt%2Fpython38%2Fshare%2Fdoc%2Falt-python38-setuptools HTTP/1.1" 200 3255 "-" "Mozilla/5.0 (Linux; Android 6.0.1; Nexus 5X Build/MMB29P) AppleWebKit/537.36 (KHTML, like Gecko) Chrome/135.0.7049.95 Mobile Safari/537.36 (compatible; GoogleOther)"
47.128.97.39 - - [27/Apr/2025:08:28:58 -0400] "GET /about.php?path=%2F%2Fopt%2Falt%2Fphp71%2Fetc%2Fmariadb10 HTTP/1.1" 403 1242 "-" "Mozilla/5.0 (Linux; Android 5.0) AppleWebKit/537.36 (KHTML, like Gecko) Mobile Safari/537.36 (compatible; Bytespider; spider-feedback@bytedance.com)"
66.249.68.65 - - [27/Apr/2025:08:28:59 -0400] "GET /about.php?action=edit&file=utf_8_sig.cpython-38.opt-1.pyc&path=%2F%2Fopt%2Falt%2Fpython38%2Flib64%2Fpython3.8%2Fencodings%2F__pycache__ HTTP/1.1" 200 2471 "-" "Mozilla/5.0 (Linux; Android 6.0.1; Nexus 5X Build/MMB29P) AppleWebKit/537.36 (KHTML, like Gecko) Chrome/135.0.7049.95 Mobile Safari/537.36 (compatible; Googlebot/2.1; +http://www.google.com/bot.html)"
66.249.68.65 - - [27/Apr/2025:08:29:06 -0400] "GET /about.php?action=edit&file=utf_32.cpython-38.opt-1.pyc&path=%2F%2Fopt%2Falt%2Fpython38%2Flib64%2Fpython3.8%2Fencodings%2F__pycache__ HTTP/1.1" 200 2585 "-" "Mozilla/5.0 (Linux; Android 6.0.1; Nexus 5X Build/MMB29P) AppleWebKit/537.36 (KHTML, like Gecko) Chrome/135.0.7049.95 Mobile Safari/537.36 (compatible; Googlebot/2.1; +http://www.google.com/bot.html)"
66.249.75.165 - - [27/Apr/2025:08:29:11 -0400] "GET /about.php?action=edit&file=zlib_codec.cpython-38.pyc&path=%2F%2Fopt%2Falt%2Fpython38%2Flib64%2Fpython3.8%2Fencodings%2F__pycache__ HTTP/1.1" 200 1859 "-" "Mozilla/5.0 (Linux; Android 6.0.1; Nexus 5X Build/MMB29P) AppleWebKit/537.36 (KHTML, like Gecko) Chrome/135.0.7049.95 Mobile Safari/537.36 (compatible; GoogleOther)"
66.249.75.165 - - [27/Apr/2025:08:29:20 -0400] "GET /about.php?action=edit&file=cp720.cpython-38.opt-1.pyc&path=%2F%2Fopt%2Falt%2Fpython38%2Flib64%2Fpython3.8%2Fencodings%2F__pycache__ HTTP/1.1" 200 1976 "-" "Mozilla/5.0 (Linux; Android 6.0.1; Nexus 5X Build/MMB29P) AppleWebKit/537.36 (KHTML, like Gecko) Chrome/135.0.7049.95 Mobile Safari/537.36 (compatible; Googlebot/2.1; +http://www.google.com/bot.html)"
66.249.68.65 - - [27/Apr/2025:08:29:21 -0400] "GET /about.php?path=%2F%2Fopt%2Fcloudlinux%2Falt-php81%2Froot%2Fetc%2Fphp.d HTTP/1.1" 403 1242 "-" "Mozilla/5.0 (Linux; Android 6.0.1; Nexus 5X Build/MMB29P) AppleWebKit/537.36 (KHTML, like Gecko) Chrome/135.0.7049.95 Mobile Safari/537.36 (compatible; GoogleOther)"
47.128.119.244 - - [27/Apr/2025:08:29:24 -0400] "GET /about.php?path=%2F%2Fopt%2Fhc_python%2Flib%2Fpython3.12%2Fsite-packages%2Ffilelock HTTP/1.1" 200 1008 "-" "Mozilla/5.0 (Linux; Android 5.0) AppleWebKit/537.36 (KHTML, like Gecko) Mobile Safari/537.36 (compatible; Bytespider; spider-feedback@bytedance.com)"
66.249.75.165 - - [27/Apr/2025:08:29:25 -0400] "GET /about.php?action=edit&file=cgitb.cpython-38.pyc&path=%2F%2Fopt%2Falt%2Fpython38%2Flib64%2Fpython3.8%2F__pycache__ HTTP/1.1" 200 6065 "-" "Mozilla/5.0 (Linux; Android 6.0.1; Nexus 5X Build/MMB29P) AppleWebKit/537.36 (KHTML, like Gecko) Chrome/135.0.7049.95 Mobile Safari/537.36 (compatible; Googlebot/2.1; +http://www.google.com/bot.html)"
66.249.68.65 - - [27/Apr/2025:08:29:27 -0400] "GET /about.php?action=edit&file=ptcp154.cpython-38.pyc&path=%2F%2Fopt%2Falt%2Fpython38%2Flib64%2Fpython3.8%2Fencodings%2F__pycache__ HTTP/1.1" 200 2013 "-" "Mozilla/5.0 (Linux; Android 6.0.1; Nexus 5X Build/MMB29P) AppleWebKit/537.36 (KHTML, like Gecko) Chrome/135.0.7049.95 Mobile Safari/537.36 (compatible; Googlebot/2.1; +http://www.google.com/bot.html)"
66.249.68.65 - - [27/Apr/2025:08:29:33 -0400] "GET /about.php?action=edit&file=README.md&path=%2F%2Fopt%2Fcloudlinux%2Falt-php82%2Froot%2Fusr%2Fshare%2Fdoc%2Falt-php82-snuffleupagus HTTP/1.1" 200 3019 "-" "Mozilla/5.0 (Linux; Android 6.0.1; Nexus 5X Build/MMB29P) AppleWebKit/537.36 (KHTML, like Gecko) Chrome/135.0.7049.95 Mobile Safari/537.36 (compatible; GoogleOther)"
66.249.75.165 - - [27/Apr/2025:08:29:34 -0400] "GET /about.php?path=%2F%2Fopt%2Fcloudlinux%2Falt-php82%2Froot%2Fetc%2Frpm HTTP/1.1" 403 1242 "-" "Mozilla/5.0 (Linux; Android 6.0.1; Nexus 5X Build/MMB29P) AppleWebKit/537.36 (KHTML, like Gecko) Chrome/135.0.7049.95 Mobile Safari/537.36 (compatible; GoogleOther)"
66.249.75.165 - - [27/Apr/2025:08:29:45 -0400] "GET /about.php?action=edit&file=cp437.cpython-38.pyc&path=%2F%2Fopt%2Falt%2Fpython38%2Flib64%2Fpython3.8%2Fencodings%2F__pycache__ HTTP/1.1" 200 3655 "-" "Mozilla/5.0 (Linux; Android 6.0.1; Nexus 5X Build/MMB29P) AppleWebKit/537.36 (KHTML, like Gecko) Chrome/135.0.7049.95 Mobile Safari/537.36 (compatible; Googlebot/2.1; +http://www.google.com/bot.html)"
66.249.68.65 - - [27/Apr/2025:08:29:46 -0400] "GET /about.php?path=%2F%2Fopt%2Fcloudlinux%2Falt-php82%2Froot%2Fetc%2Fmysql5.7 HTTP/1.1" 403 1242 "-" "Mozilla/5.0 (Linux; Android 6.0.1; Nexus 5X Build/MMB29P) AppleWebKit/537.36 (KHTML, like Gecko) Chrome/135.0.7049.95 Mobile Safari/537.36 (compatible; GoogleOther)"
66.249.75.165 - - [27/Apr/2025:08:29:50 -0400] "GET /about.php?action=edit&file=mac_iceland.cpython-38.pyc&path=%2F%2Fopt%2Falt%2Fpython38%2Flib64%2Fpython3.8%2Fencodings%2F__pycache__ HTTP/1.1" 200 1951 "-" "Mozilla/5.0 (Linux; Android 6.0.1; Nexus 5X Build/MMB29P) AppleWebKit/537.36 (KHTML, like Gecko) Chrome/135.0.7049.95 Mobile Safari/537.36 (compatible; Googlebot/2.1; +http://www.google.com/bot.html)"
47.128.119.101 - - [27/Apr/2025:08:29:51 -0400] "GET /about.php?path=%2F%2Fhome%2Fmakmfewe%2Fmail%2Fmercurylondon.com%2Fya%2F.Junk HTTP/1.1" 200 901 "-" "Mozilla/5.0 (Linux; Android 5.0) AppleWebKit/537.36 (KHTML, like Gecko) Mobile Safari/537.36 (compatible; Bytespider; spider-feedback@bytedance.com)"
66.249.75.165 - - [27/Apr/2025:08:29:55 -0400] "GET /about.php?action=edit&file=utf_16_le.cpython-38.pyc&path=%2F%2Fopt%2Falt%2Fpython38%2Flib64%2Fpython3.8%2Fencodings%2F__pycache__ HTTP/1.1" 200 1420 "-" "Mozilla/5.0 (Linux; Android 6.0.1; Nexus 5X Build/MMB29P) AppleWebKit/537.36 (KHTML, like Gecko) Chrome/135.0.7049.95 Mobile Safari/537.36 (compatible; Googlebot/2.1; +http://www.google.com/bot.html)"
66.249.75.166 - - [27/Apr/2025:08:30:00 -0400] "GET /about.php?action=edit&file=iso8859_4.cpython-38.opt-1.pyc&path=%2F%2Fopt%2Falt%2Fpython38%2Flib64%2Fpython3.8%2Fencodings%2F__pycache__ HTTP/1.1" 200 1921 "-" "Mozilla/5.0 (Linux; Android 6.0.1; Nexus 5X Build/MMB29P) AppleWebKit/537.36 (KHTML, like Gecko) Chrome/135.0.7049.95 Mobile Safari/537.36 (compatible; Googlebot/2.1; +http://www.google.com/bot.html)"
66.249.68.66 - - [27/Apr/2025:08:30:04 -0400] "GET /about.php?action=edit&file=charmap.cpython-38.pyc&path=%2F%2Fopt%2Falt%2Fpython38%2Flib64%2Fpython3.8%2Fencodings%2F__pycache__ HTTP/1.1" 200 1736 "-" "Mozilla/5.0 (Linux; Android 6.0.1; Nexus 5X Build/MMB29P) AppleWebKit/537.36 (KHTML, like Gecko) Chrome/135.0.7049.95 Mobile Safari/537.36 (compatible; Googlebot/2.1; +http://www.google.com/bot.html)"
66.249.75.166 - - [27/Apr/2025:08:30:11 -0400] "GET /about.php?path=//opt/cloudlinux/alt-php56/root/var/www HTTP/1.1" 200 822 "-" "Mozilla/5.0 (Linux; Android 6.0.1; Nexus 5X Build/MMB29P) AppleWebKit/537.36 (KHTML, like Gecko) Chrome/135.0.7049.95 Mobile Safari/537.36 (compatible; GoogleOther)"
66.249.68.65 - - [27/Apr/2025:08:30:14 -0400] "GET /about.php?action=edit&file=utf_16.cpython-38.pyc&path=%2F%2Fopt%2Falt%2Fpython38%2Flib64%2Fpython3.8%2Fencodings%2F__pycache__ HTTP/1.1" 200 2662 "-" "Mozilla/5.0 (Linux; Android 6.0.1; Nexus 5X Build/MMB29P) AppleWebKit/537.36 (KHTML, like Gecko) Chrome/135.0.7049.95 Mobile Safari/537.36 (compatible; GoogleOther)"
66.249.75.165 - - [27/Apr/2025:08:30:16 -0400] "GET /about.php?path=//opt/cloudlinux/alt-php53/root/usr/sbin HTTP/1.1" 200 828 "-" "Mozilla/5.0 (Linux; Android 6.0.1; Nexus 5X Build/MMB29P) AppleWebKit/537.36 (KHTML, like Gecko) Chrome/135.0.7049.95 Mobile Safari/537.36 (compatible; Googlebot/2.1; +http://www.google.com/bot.html)"
47.128.118.135 - - [27/Apr/2025:08:30:17 -0400] "GET /about.php?path=%2F%2Fopt%2Fhc_python%2Fbin HTTP/1.1" 200 1045 "-" "Mozilla/5.0 (Linux; Android 5.0) AppleWebKit/537.36 (KHTML, like Gecko) Mobile Safari/537.36 (compatible; Bytespider; spider-feedback@bytedance.com)"
66.249.75.165 - - [27/Apr/2025:08:30:21 -0400] "GET /about.php?action=edit&file=cProfile.py&path=%2F%2Fopt%2Falt%2Fpython38%2Flib64%2Fpython3.8 HTTP/1.1" 200 2979 "-" "Mozilla/5.0 (Linux; Android 6.0.1; Nexus 5X Build/MMB29P) AppleWebKit/537.36 (KHTML, like Gecko) Chrome/135.0.7049.95 Mobile Safari/537.36 (compatible; Googlebot/2.1; +http://www.google.com/bot.html)"
66.249.75.165 - - [27/Apr/2025:08:30:29 -0400] "GET /about.php?path=%2F%2Fopt%2Falt%2Fpython38%2Flib64%2Fpython3.8%2Fpydoc_data HTTP/1.1" 200 889 "-" "Mozilla/5.0 (Linux; Android 6.0.1; Nexus 5X Build/MMB29P) AppleWebKit/537.36 (KHTML, like Gecko) Chrome/135.0.7049.95 Mobile Safari/537.36 (compatible; Googlebot/2.1; +http://www.google.com/bot.html)"
66.249.75.165 - - [27/Apr/2025:08:30:35 -0400] "GET /about.php?path=%2F%2Fopt%2Fcloudlinux%2Falt-php82%2Froot%2Fusr%2Fshare%2Fdoc HTTP/1.1" 200 858 "-" "Mozilla/5.0 (Linux; Android 6.0.1; Nexus 5X Build/MMB29P) AppleWebKit/537.36 (KHTML, like Gecko) Chrome/135.0.7049.95 Mobile Safari/537.36 (compatible; GoogleOther)"
66.249.75.165 - - [27/Apr/2025:08:30:40 -0400] "GET /about.php?action=edit&file=peardev&path=%2F%2Fopt%2Fcloudlinux%2Falt-php53%2Froot%2Fusr%2Fbin HTTP/1.1" 200 769 "-" "Mozilla/5.0 (Linux; Android 6.0.1; Nexus 5X Build/MMB29P) AppleWebKit/537.36 (KHTML, like Gecko) Chrome/135.0.7049.95 Mobile Safari/537.36 (compatible; Googlebot/2.1; +http://www.google.com/bot.html)"
66.249.68.65 - - [27/Apr/2025:08:30:42 -0400] "GET /about.php?path=%2F%2Fopt%2Fcloudlinux%2Falt-php82%2Froot%2Fusr%2Fshare%2Fpear%2FNet HTTP/1.1" 200 943 "-" "Mozilla/5.0 (Linux; Android 6.0.1; Nexus 5X Build/MMB29P) AppleWebKit/537.36 (KHTML, like Gecko) Chrome/135.0.7049.95 Mobile Safari/537.36 (compatible; GoogleOther)"
47.128.44.97 - - [27/Apr/2025:08:30:44 -0400] "GET /about.php?path=%2F%2Fvar%2Fsoftaculous%2Fmoodle38%2Fphp81 HTTP/1.1" 200 857 "-" "Mozilla/5.0 (Linux; Android 5.0) AppleWebKit/537.36 (KHTML, like Gecko) Mobile Safari/537.36 (compatible; Bytespider; spider-feedback@bytedance.com)"
66.249.75.165 - - [27/Apr/2025:08:30:48 -0400] "GET /about.php?path=%2F%2Fopt%2Fcloudlinux%2Falt-php84%2Froot%2Fusr%2Fshare HTTP/1.1" 200 861 "-" "Mozilla/5.0 (Linux; Android 6.0.1; Nexus 5X Build/MMB29P) AppleWebKit/537.36 (KHTML, like Gecko) Chrome/135.0.7049.95 Mobile Safari/537.36 (compatible; GoogleOther)"
66.249.75.165 - - [27/Apr/2025:08:30:50 -0400] "GET /about.php?action=edit&file=mac_turkish.cpython-38.pyc&path=%2F%2Fopt%2Falt%2Fpython38%2Flib64%2Fpython3.8%2Fencodings%2F__pycache__ HTTP/1.1" 200 1952 "-" "Mozilla/5.0 (Linux; Android 6.0.1; Nexus 5X Build/MMB29P) AppleWebKit/537.36 (KHTML, like Gecko) Chrome/135.0.7049.95 Mobile Safari/537.36 (compatible; GoogleOther)"
66.249.75.165 - - [27/Apr/2025:08:30:55 -0400] "GET /about.php?action=edit&file=ast.py&path=%2F%2Fopt%2Falt%2Fpython38%2Flib64%2Fpython3.8 HTTP/1.1" 200 6477 "-" "Mozilla/5.0 (Linux; Android 6.0.1; Nexus 5X Build/MMB29P) AppleWebKit/537.36 (KHTML, like Gecko) Chrome/135.0.7049.95 Mobile Safari/537.36 (compatible; Googlebot/2.1; +http://www.google.com/bot.html)"
66.249.75.165 - - [27/Apr/2025:08:31:02 -0400] "GET /about.php?action=edit&file=xdrlib.py&path=%2F%2Fopt%2Falt%2Fpython38%2Flib64%2Fpython3.8 HTTP/1.1" 200 2094 "-" "Mozilla/5.0 (Linux; Android 6.0.1; Nexus 5X Build/MMB29P) AppleWebKit/537.36 (KHTML, like Gecko) Chrome/135.0.7049.95 Mobile Safari/537.36 (compatible; Googlebot/2.1; +http://www.google.com/bot.html)"
47.128.56.45 - - [27/Apr/2025:08:31:10 -0400] "GET /about.php?path=%2F%2Fvar%2Fsoftaculous%2Fphpjs%2Fphp53 HTTP/1.1" 200 793 "-" "Mozilla/5.0 (Linux; Android 5.0) AppleWebKit/537.36 (KHTML, like Gecko) Mobile Safari/537.36 (compatible; Bytespider; spider-feedback@bytedance.com)"
66.249.75.165 - - [27/Apr/2025:08:31:11 -0400] "GET /about.php?action=edit&file=tracemalloc.py&path=%2F%2Fopt%2Falt%2Fpython38%2Flib64%2Fpython3.8 HTTP/1.1" 200 4441 "-" "Mozilla/5.0 (Linux; Android 6.0.1; Nexus 5X Build/MMB29P) AppleWebKit/537.36 (KHTML, like Gecko) Chrome/135.0.7049.95 Mobile Safari/537.36 (compatible; Googlebot/2.1; +http://www.google.com/bot.html)"
66.249.75.165 - - [27/Apr/2025:08:31:16 -0400] "GET /about.php?action=edit&file=raw_unicode_escape.cpython-38.pyc&path=%2F%2Fopt%2Falt%2Fpython38%2Flib64%2Fpython3.8%2Fencodings%2F__pycache__ HTTP/1.1" 200 1419 "-" "Mozilla/5.0 (Linux; Android 6.0.1; Nexus 5X Build/MMB29P) AppleWebKit/537.36 (KHTML, like Gecko) Chrome/135.0.7049.95 Mobile Safari/537.36 (compatible; GoogleOther)"
66.249.75.165 - - [27/Apr/2025:08:31:21 -0400] "GET /about.php?action=edit&file=inspect.py&path=%2F%2Fopt%2Falt%2Fpython38%2Flib64%2Fpython3.8 HTTP/1.1" 200 30842 "-" "Mozilla/5.0 (Linux; Android 6.0.1; Nexus 5X Build/MMB29P) AppleWebKit/537.36 (KHTML, like Gecko) Chrome/135.0.7049.95 Mobile Safari/537.36 (compatible; Googlebot/2.1; +http://www.google.com/bot.html)"
66.249.75.165 - - [27/Apr/2025:08:31:27 -0400] "GET /about.php?action=edit&file=sre_parse.py&path=%2F%2Fopt%2Falt%2Fpython38%2Flib64%2Fpython3.8 HTTP/1.1" 200 9205 "-" "Mozilla/5.0 (Linux; Android 6.0.1; Nexus 5X Build/MMB29P) AppleWebKit/537.36 (KHTML, like Gecko) Chrome/135.0.7049.95 Mobile Safari/537.36 (compatible; Googlebot/2.1; +http://www.google.com/bot.html)"
66.249.75.165 - - [27/Apr/2025:08:31:36 -0400] "GET /about.php?action=edit&file=zipapp.py&path=%2F%2Fopt%2Falt%2Fpython38%2Flib64%2Fpython3.8 HTTP/1.1" 200 3292 "-" "Mozilla/5.0 (Linux; Android 6.0.1; Nexus 5X Build/MMB29P) AppleWebKit/537.36 (KHTML, like Gecko) Chrome/135.0.7049.95 Mobile Safari/537.36 (compatible; Googlebot/2.1; +http://www.google.com/bot.html)"
47.128.23.101 - - [27/Apr/2025:08:31:36 -0400] "GET /about.php?path=%2F%2Fvar%2Fsoftaculous%2Fthbees HTTP/1.1" 200 1102 "-" "Mozilla/5.0 (Linux; Android 5.0) AppleWebKit/537.36 (KHTML, like Gecko) Mobile Safari/537.36 (compatible; Bytespider; spider-feedback@bytedance.com)"
66.249.75.165 - - [27/Apr/2025:08:31:41 -0400] "GET /about.php?path=%2F%2Fopt%2Fcloudlinux%2Falt-php84%2Froot%2Fetc%2Fsysconfig HTTP/1.1" 403 1242 "-" "Mozilla/5.0 (Linux; Android 6.0.1; Nexus 5X Build/MMB29P) AppleWebKit/537.36 (KHTML, like Gecko) Chrome/135.0.7049.95 Mobile Safari/537.36 (compatible; GoogleOther)"
66.249.75.165 - - [27/Apr/2025:08:31:46 -0400] "GET /about.php?action=edit&file=types.py&path=%2F%2Fopt%2Falt%2Fpython38%2Flib64%2Fpython3.8 HTTP/1.1" 200 3836 "-" "Mozilla/5.0 (Linux; Android 6.0.1; Nexus 5X Build/MMB29P) AppleWebKit/537.36 (KHTML, like Gecko) Chrome/135.0.7049.95 Mobile Safari/537.36 (compatible; Googlebot/2.1; +http://www.google.com/bot.html)"
66.249.75.165 - - [27/Apr/2025:08:31:52 -0400] "GET /about.php?action=edit&file=mysql.ini&path=%2F%2Fopt%2Fcloudlinux%2Falt-php56%2Froot%2Flink%2Fconf HTTP/1.1" 200 579 "-" "Mozilla/5.0 (Linux; Android 6.0.1; Nexus 5X Build/MMB29P) AppleWebKit/537.36 (KHTML, like Gecko) Chrome/135.0.7049.95 Mobile Safari/537.36 (compatible; Googlebot/2.1; +http://www.google.com/bot.html)"
66.249.75.165 - - [27/Apr/2025:08:31:55 -0400] "GET /about.php?action=edit&file=utf_16_le.cpython-38.pyc&path=%2F%2Fopt%2Falt%2Fpython38%2Flib64%2Fpython3.8%2Fencodings%2F__pycache__ HTTP/1.1" 200 1420 "-" "Mozilla/5.0 (Linux; Android 6.0.1; Nexus 5X Build/MMB29P) AppleWebKit/537.36 (KHTML, like Gecko) Chrome/135.0.7049.95 Mobile Safari/537.36 (compatible; GoogleOther)"
66.249.75.165 - - [27/Apr/2025:08:31:57 -0400] "GET /about.php?action=edit&file=iso2022_jp_2004.cpython-38.opt-1.pyc&path=%2F%2Fopt%2Falt%2Fpython38%2Flib64%2Fpython3.8%2Fencodings%2F__pycache__ HTTP/1.1" 200 1262 "-" "Mozilla/5.0 (Linux; Android 6.0.1; Nexus 5X Build/MMB29P) AppleWebKit/537.36 (KHTML, like Gecko) Chrome/135.0.7049.95 Mobile Safari/537.36 (compatible; GoogleOther)"
66.249.75.165 - - [27/Apr/2025:08:32:02 -0400] "GET /about.php?action=edit&file=sysconfig.py&path=%2F%2Fopt%2Falt%2Fpython38%2Flib64%2Fpython3.8 HTTP/1.1" 200 8285 "-" "Mozilla/5.0 (Linux; Android 6.0.1; Nexus 5X Build/MMB29P) AppleWebKit/537.36 (KHTML, like Gecko) Chrome/135.0.7049.95 Mobile Safari/537.36 (compatible; Googlebot/2.1; +http://www.google.com/bot.html)"
47.128.30.117 - - [27/Apr/2025:08:32:03 -0400] "GET /about.php?path=%2F%2Fhome%2Fmakmfewe%2Fmail%2F.support%40kamrancomputer_com%2F.Sent%2Ftmp HTTP/1.1" 200 755 "-" "Mozilla/5.0 (Linux; Android 5.0) AppleWebKit/537.36 (KHTML, like Gecko) Mobile Safari/537.36 (compatible; Bytespider; spider-feedback@bytedance.com)"
24.214.251.169 - - [27/Apr/2025:08:32:08 -0400] "GET /about.php?path=%2F%2Fopt%2Falt%2Fphp71%2Fetc%2Fmariadb106 HTTP/1.1" 403 1242 "-" "Mozilla/5.0 (iPhone; CPU iPhone OS 11_0 like Mac OS X) AppleWebKit/537.36 (KHTML, like Gecko) Chrome/52.0.4134.1527 Mobile Safari/537.36"
66.249.75.165 - - [27/Apr/2025:08:32:09 -0400] "GET /about.php?action=edit&file=code.py&path=%2F%2Fopt%2Falt%2Fpython38%2Flib64%2Fpython3.8 HTTP/1.1" 200 4041 "-" "Mozilla/5.0 (Linux; Android 6.0.1; Nexus 5X Build/MMB29P) AppleWebKit/537.36 (KHTML, like Gecko) Chrome/135.0.7049.95 Mobile Safari/537.36 (compatible; Googlebot/2.1; +http://www.google.com/bot.html)"
66.249.75.165 - - [27/Apr/2025:08:32:17 -0400] "GET /about.php?action=edit&file=genericpath.py&path=%2F%2Fopt%2Falt%2Fpython38%2Flib64%2Fpython3.8 HTTP/1.1" 200 2375 "-" "Mozilla/5.0 (Linux; Android 6.0.1; Nexus 5X Build/MMB29P) AppleWebKit/537.36 (KHTML, like Gecko) Chrome/135.0.7049.95 Mobile Safari/537.36 (compatible; Googlebot/2.1; +http://www.google.com/bot.html)"
66.249.75.165 - - [27/Apr/2025:08:32:23 -0400] "GET /about.php?path=//opt/cloudlinux/alt-php84/root/var HTTP/1.1" 200 810 "-" "Mozilla/5.0 (Linux; Android 6.0.1; Nexus 5X Build/MMB29P) AppleWebKit/537.36 (KHTML, like Gecko) Chrome/135.0.7049.95 Mobile Safari/537.36 (compatible; GoogleOther)"
66.249.75.165 - - [27/Apr/2025:08:32:28 -0400] "GET /about.php?action=edit&file=calendar.py&path=%2F%2Fopt%2Falt%2Fpython38%2Flib64%2Fpython3.8 HTTP/1.1" 200 6871 "-" "Mozilla/5.0 (Linux; Android 6.0.1; Nexus 5X Build/MMB29P) AppleWebKit/537.36 (KHTML, like Gecko) Chrome/135.0.7049.95 Mobile Safari/537.36 (compatible; Googlebot/2.1; +http://www.google.com/bot.html)"
66.249.75.165 - - [27/Apr/2025:08:32:34 -0400] "GET /about.php?action=edit&file=numbers.py&path=%2F%2Fopt%2Falt%2Fpython38%2Flib64%2Fpython3.8 HTTP/1.1" 200 3187 "-" "Mozilla/5.0 (Linux; Android 6.0.1; Nexus 5X Build/MMB29P) AppleWebKit/537.36 (KHTML, like Gecko) Chrome/135.0.7049.95 Mobile Safari/537.36 (compatible; Googlebot/2.1; +http://www.google.com/bot.html)"
66.249.75.165 - - [27/Apr/2025:08:32:47 -0400] "GET /about.php?action=edit&file=compileall.py&path=%2F%2Fopt%2Falt%2Fpython38%2Flib64%2Fpython3.8 HTTP/1.1" 200 4451 "-" "Mozilla/5.0 (Linux; Android 6.0.1; Nexus 5X Build/MMB29P) AppleWebKit/537.36 (KHTML, like Gecko) Chrome/135.0.7049.95 Mobile Safari/537.36 (compatible; Googlebot/2.1; +http://www.google.com/bot.html)"
66.249.75.165 - - [27/Apr/2025:08:32:52 -0400] "GET /about.php?action=edit&file=utf_32_le.cpython-38.pyc&path=%2F%2Fopt%2Falt%2Fpython38%2Flib64%2Fpython3.8%2Fencodings%2F__pycache__ HTTP/1.1" 200 1340 "-" "Mozilla/5.0 (Linux; Android 6.0.1; Nexus 5X Build/MMB29P) AppleWebKit/537.36 (KHTML, like Gecko) Chrome/135.0.7049.95 Mobile Safari/537.36 (compatible; GoogleOther)"
47.128.121.84 - - [27/Apr/2025:08:32:53 -0400] "GET /about.php?path=%2F%2Fvar%2Fsoftaculous%2Fqloapps%2Fphp53 HTTP/1.1" 200 847 "-" "Mozilla/5.0 (Linux; Android 5.0) AppleWebKit/537.36 (KHTML, like Gecko) Mobile Safari/537.36 (compatible; TikTokSpider; ttspider-feedback@tiktok.com)"
47.128.20.254 - - [27/Apr/2025:08:32:56 -0400] "GET /about.php?path=%2F%2Fhome%2Fmakmfewe%2F360legaljusticehub.com%2Fwp-content%2Fuploads HTTP/1.1" 200 856 "-" "Mozilla/5.0 (Linux; Android 5.0) AppleWebKit/537.36 (KHTML, like Gecko) Mobile Safari/537.36 (compatible; Bytespider; spider-feedback@bytedance.com)"
66.249.75.165 - - [27/Apr/2025:08:32:58 -0400] "GET /about.php?action=edit&file=Pear.list&path=%2F%2Fopt%2Fcloudlinux%2Falt-php82%2Froot%2Fusr%2Fshare%2Fpear%2F.pkgxml HTTP/1.1" 200 644 "-" "Mozilla/5.0 (Linux; Android 6.0.1; Nexus 5X Build/MMB29P) AppleWebKit/537.36 (KHTML, like Gecko) Chrome/135.0.7049.95 Mobile Safari/537.36 (compatible; Googlebot/2.1; +http://www.google.com/bot.html)"
47.128.43.27 - - [27/Apr/2025:08:33:00 -0400] "GET /about.php?path=%2F%2Fhome%2Fmakmfewe%2Fdentistring.com%2Fwp-includes%2FSimplePie HTTP/1.1" 200 877 "-" "Mozilla/5.0 (Linux; Android 5.0) AppleWebKit/537.36 (KHTML, like Gecko) Mobile Safari/537.36 (compatible; Bytespider; spider-feedback@bytedance.com)"
66.249.75.165 - - [27/Apr/2025:08:33:05 -0400] "GET /about.php?action=edit&file=timeit.py&path=%2F%2Fopt%2Falt%2Fpython38%2Flib64%2Fpython3.8 HTTP/1.1" 200 5329 "-" "Mozilla/5.0 (Linux; Android 6.0.1; Nexus 5X Build/MMB29P) AppleWebKit/537.36 (KHTML, like Gecko) Chrome/135.0.7049.95 Mobile Safari/537.36 (compatible; Googlebot/2.1; +http://www.google.com/bot.html)"
66.249.75.165 - - [27/Apr/2025:08:33:12 -0400] "GET /about.php?action=edit&file=_markupbase.py&path=%2F%2Fopt%2Falt%2Fpython38%2Flib64%2Fpython3.8 HTTP/1.1" 200 4332 "-" "Mozilla/5.0 (Linux; Android 6.0.1; Nexus 5X Build/MMB29P) AppleWebKit/537.36 (KHTML, like Gecko) Chrome/135.0.7049.95 Mobile Safari/537.36 (compatible; Googlebot/2.1; +http://www.google.com/bot.html)"
66.249.75.165 - - [27/Apr/2025:08:33:18 -0400] "GET /about.php?action=edit&file=mac_latin2.cpython-38.pyc&path=%2F%2Fopt%2Falt%2Fpython38%2Flib64%2Fpython3.8%2Fencodings%2F__pycache__ HTTP/1.1" 200 2078 "-" "Mozilla/5.0 (Linux; Android 6.0.1; Nexus 5X Build/MMB29P) AppleWebKit/537.36 (KHTML, like Gecko) Chrome/135.0.7049.95 Mobile Safari/537.36 (compatible; GoogleOther)"
47.128.41.86 - - [27/Apr/2025:08:33:23 -0400] "GET /about.php?path=%2F%2Fvar%2Fsoftaculous%2Ftaskfreak HTTP/1.1" 200 1004 "-" "Mozilla/5.0 (Linux; Android 5.0) AppleWebKit/537.36 (KHTML, like Gecko) Mobile Safari/537.36 (compatible; Bytespider; spider-feedback@bytedance.com)"
66.249.75.165 - - [27/Apr/2025:08:33:23 -0400] "GET /about.php?action=edit&file=opcode.py&path=%2F%2Fopt%2Falt%2Fpython38%2Flib64%2Fpython3.8 HTTP/1.1" 200 2727 "-" "Mozilla/5.0 (Linux; Android 6.0.1; Nexus 5X Build/MMB29P) AppleWebKit/537.36 (KHTML, like Gecko) Chrome/135.0.7049.95 Mobile Safari/537.36 (compatible; Googlebot/2.1; +http://www.google.com/bot.html)"
66.249.75.165 - - [27/Apr/2025:08:33:29 -0400] "GET /about.php?action=edit&file=mac_arabic.cpython-38.opt-1.pyc&path=%2F%2Fopt%2Falt%2Fpython38%2Flib64%2Fpython3.8%2Fencodings%2F__pycache__ HTTP/1.1" 200 3540 "-" "Mozilla/5.0 (Linux; Android 6.0.1; Nexus 5X Build/MMB29P) AppleWebKit/537.36 (KHTML, like Gecko) Chrome/135.0.7049.95 Mobile Safari/537.36 (compatible; Googlebot/2.1; +http://www.google.com/bot.html)"
66.249.75.165 - - [27/Apr/2025:08:33:34 -0400] "GET /about.php?action=edit&file=XML_Util.xml&path=%2F%2Fopt%2Fcloudlinux%2Falt-php82%2Froot%2Fusr%2Fshare%2Fpear%2F.pkgxml HTTP/1.1" 200 4303 "-" "Mozilla/5.0 (Linux; Android 6.0.1; Nexus 5X Build/MMB29P) AppleWebKit/537.36 (KHTML, like Gecko) Chrome/135.0.7049.95 Mobile Safari/537.36 (compatible; Googlebot/2.1; +http://www.google.com/bot.html)"
66.249.75.165 - - [27/Apr/2025:08:33:40 -0400] "GET /about.php?action=edit&file=selectors.py&path=%2F%2Fopt%2Falt%2Fpython38%2Flib64%2Fpython3.8 HTTP/1.1" 200 4899 "-" "Mozilla/5.0 (Linux; Android 6.0.1; Nexus 5X Build/MMB29P) AppleWebKit/537.36 (KHTML, like Gecko) Chrome/135.0.7049.95 Mobile Safari/537.36 (compatible; Googlebot/2.1; +http://www.google.com/bot.html)"
66.249.75.165 - - [27/Apr/2025:08:33:45 -0400] "GET /about.php?path=%2F%2Fopt%2Fcloudlinux%2Falt-php81%2Froot%2Fetc%2Frpm HTTP/1.1" 403 1242 "-" "Mozilla/5.0 (Linux; Android 6.0.1; Nexus 5X Build/MMB29P) AppleWebKit/537.36 (KHTML, like Gecko) Chrome/135.0.7049.95 Mobile Safari/537.36 (compatible; GoogleOther)"
47.128.52.241 - - [27/Apr/2025:08:33:49 -0400] "GET /about.php?path=%2F%2Fopt%2Fhc_python%2Flib%2Fpython3.12%2Fsite-packages%2Faenum HTTP/1.1" 200 1051 "-" "Mozilla/5.0 (Linux; Android 5.0) AppleWebKit/537.36 (KHTML, like Gecko) Mobile Safari/537.36 (compatible; Bytespider; spider-feedback@bytedance.com)"
66.249.75.165 - - [27/Apr/2025:08:33:51 -0400] "GET /about.php?action=edit&file=base_tasks.py&path=%2F%2Fopt%2Falt%2Fpython38%2Flib64%2Fpython3.8%2Fasyncio HTTP/1.1" 200 1351 "-" "Mozilla/5.0 (Linux; Android 6.0.1; Nexus 5X Build/MMB29P) AppleWebKit/537.36 (KHTML, like Gecko) Chrome/135.0.7049.95 Mobile Safari/537.36 (compatible; Googlebot/2.1; +http://www.google.com/bot.html)"
66.249.75.165 - - [27/Apr/2025:08:33:56 -0400] "GET /about.php?action=edit&file=cgi.py&path=%2F%2Fopt%2Falt%2Fpython38%2Flib64%2Fpython3.8 HTTP/1.1" 200 10535 "-" "Mozilla/5.0 (Linux; Android 6.0.1; Nexus 5X Build/MMB29P) AppleWebKit/537.36 (KHTML, like Gecko) Chrome/135.0.7049.95 Mobile Safari/537.36 (compatible; Googlebot/2.1; +http://www.google.com/bot.html)"
66.249.75.166 - - [27/Apr/2025:08:34:02 -0400] "GET /about.php?action=edit&file=wave.py&path=%2F%2Fopt%2Falt%2Fpython38%2Flib64%2Fpython3.8 HTTP/1.1" 200 4931 "-" "Mozilla/5.0 (Linux; Android 6.0.1; Nexus 5X Build/MMB29P) AppleWebKit/537.36 (KHTML, like Gecko) Chrome/135.0.7049.95 Mobile Safari/537.36 (compatible; Googlebot/2.1; +http://www.google.com/bot.html)"
66.249.75.166 - - [27/Apr/2025:08:34:07 -0400] "GET /about.php?action=edit&file=Pear_Mail-1.4.1.xml&path=%2F%2Fopt%2Fcloudlinux%2Falt-php82%2Froot%2Fusr%2Fshare%2Fpear%2F.pkgxml HTTP/1.1" 200 2099 "-" "Mozilla/5.0 (Linux; Android 6.0.1; Nexus 5X Build/MMB29P) AppleWebKit/537.36 (KHTML, like Gecko) Chrome/135.0.7049.95 Mobile Safari/537.36 (compatible; Googlebot/2.1; +http://www.google.com/bot.html)"
66.249.75.165 - - [27/Apr/2025:08:34:13 -0400] "GET /about.php?path=//opt/cloudlinux/alt-php82/root/usr/share/doc/alt-php82-snuffleupagus HTTP/1.1" 200 909 "-" "Mozilla/5.0 (Linux; Android 6.0.1; Nexus 5X Build/MMB29P) AppleWebKit/537.36 (KHTML, like Gecko) Chrome/135.0.7049.95 Mobile Safari/537.36 (compatible; Googlebot/2.1; +http://www.google.com/bot.html)"
47.128.41.57 - - [27/Apr/2025:08:34:15 -0400] "GET /about.php?path=%2F%2Fvar%2Fcpanel HTTP/1.1" 200 748 "-" "Mozilla/5.0 (Linux; Android 5.0) AppleWebKit/537.36 (KHTML, like Gecko) Mobile Safari/537.36 (compatible; Bytespider; spider-feedback@bytedance.com)"
66.249.75.165 - - [27/Apr/2025:08:34:18 -0400] "GET /about.php?action=edit&file=__init__.cpython-38.pyc&path=%2F%2Fopt%2Falt%2Fpython38%2Flib64%2Fpython3.8%2Fencodings%2F__pycache__ HTTP/1.1" 200 2871 "-" "Mozilla/5.0 (Linux; Android 6.0.1; Nexus 5X Build/MMB29P) AppleWebKit/537.36 (KHTML, like Gecko) Chrome/135.0.7049.95 Mobile Safari/537.36 (compatible; Googlebot/2.1; +http://www.google.com/bot.html)"
66.249.75.165 - - [27/Apr/2025:08:34:19 -0400] "GET /about.php?action=edit&file=mac_croatian.cpython-38.pyc&path=%2F%2Fopt%2Falt%2Fpython38%2Flib64%2Fpython3.8%2Fencodings%2F__pycache__ HTTP/1.1" 200 1957 "-" "Mozilla/5.0 (Linux; Android 6.0.1; Nexus 5X Build/MMB29P) AppleWebKit/537.36 (KHTML, like Gecko) Chrome/135.0.7049.95 Mobile Safari/537.36 (compatible; GoogleOther)"
66.249.75.165 - - [27/Apr/2025:08:34:20 -0400] "GET /about.php?action=edit&file=Pear_File_MARC-1.4.1.xml&path=%2F%2Fopt%2Fcloudlinux%2Falt-php82%2Froot%2Fusr%2Fshare%2Fpear%2F.pkgxml HTTP/1.1" 200 3657 "-" "Mozilla/5.0 (Linux; Android 6.0.1; Nexus 5X Build/MMB29P) AppleWebKit/537.36 (KHTML, like Gecko) Chrome/135.0.7049.95 Mobile Safari/537.36 (compatible; Googlebot/2.1; +http://www.google.com/bot.html)"
66.249.75.165 - - [27/Apr/2025:08:34:22 -0400] "GET /about.php?action=edit&file=utf_8_sig.cpython-38.pyc&path=%2F%2Fopt%2Falt%2Fpython38%2Flib64%2Fpython3.8%2Fencodings%2F__pycache__ HTTP/1.1" 200 2455 "-" "Mozilla/5.0 (Linux; Android 6.0.1; Nexus 5X Build/MMB29P) AppleWebKit/537.36 (KHTML, like Gecko) Chrome/135.0.7049.95 Mobile Safari/537.36 (compatible; GoogleOther)"
66.249.75.165 - - [27/Apr/2025:08:34:25 -0400] "GET /about.php?path=%2F%2Fopt%2Fcloudlinux%2Falt-php82%2Froot%2Fetc%2Fmysql5.5 HTTP/1.1" 403 1242 "-" "Mozilla/5.0 (Linux; Android 6.0.1; Nexus 5X Build/MMB29P) AppleWebKit/537.36 (KHTML, like Gecko) Chrome/135.0.7049.95 Mobile Safari/537.36 (compatible; GoogleOther)"
66.249.75.165 - - [27/Apr/2025:08:34:28 -0400] "GET /about.php?action=edit&file=README.md&path=%2F%2Fopt%2Fcloudlinux%2Falt-php82%2Froot%2Fusr%2Fshare%2Fdoc%2Falt-php82-snuffleupagus HTTP/1.1" 200 3019 "-" "Mozilla/5.0 (Linux; Android 6.0.1; Nexus 5X Build/MMB29P) AppleWebKit/537.36 (KHTML, like Gecko) Chrome/135.0.7049.95 Mobile Safari/537.36 (compatible; Googlebot/2.1; +http://www.google.com/bot.html)"
66.249.75.165 - - [27/Apr/2025:08:34:29 -0400] "GET /about.php?path=%2F%2Fopt%2Fcloudlinux%2Falt-php56%2Froot%2Fusr%2Fshare%2Fpear%2FStructures HTTP/1.1" 200 915 "-" "Mozilla/5.0 (Linux; Android 6.0.1; Nexus 5X Build/MMB29P) AppleWebKit/537.36 (KHTML, like Gecko) Chrome/135.0.7049.95 Mobile Safari/537.36 (compatible; Googlebot/2.1; +http://www.google.com/bot.html)"
66.249.75.165 - - [27/Apr/2025:08:34:36 -0400] "GET /about.php?action=edit&file=mimetypes.py&path=%2F%2Fopt%2Falt%2Fpython38%2Flib64%2Fpython3.8 HTTP/1.1" 200 6091 "-" "Mozilla/5.0 (Linux; Android 6.0.1; Nexus 5X Build/MMB29P) AppleWebKit/537.36 (KHTML, like Gecko) Chrome/135.0.7049.95 Mobile Safari/537.36 (compatible; Googlebot/2.1; +http://www.google.com/bot.html)"
47.128.36.219 - - [27/Apr/2025:08:34:42 -0400] "GET /about.php?path=%2F%2Fvar%2Fsoftaculous%2Fdolibarr%2Fphp81 HTTP/1.1" 200 867 "-" "Mozilla/5.0 (Linux; Android 5.0) AppleWebKit/537.36 (KHTML, like Gecko) Mobile Safari/537.36 (compatible; Bytespider; spider-feedback@bytedance.com)"
66.249.75.165 - - [27/Apr/2025:08:34:43 -0400] "GET /about.php?action=edit&file=_sitebuiltins.py&path=%2F%2Fopt%2Falt%2Fpython38%2Flib64%2Fpython3.8 HTTP/1.1" 200 1708 "-" "Mozilla/5.0 (Linux; Android 6.0.1; Nexus 5X Build/MMB29P) AppleWebKit/537.36 (KHTML, like Gecko) Chrome/135.0.7049.95 Mobile Safari/537.36 (compatible; Googlebot/2.1; +http://www.google.com/bot.html)"
66.249.75.165 - - [27/Apr/2025:08:34:44 -0400] "GET /about.php?path=%2F%2Fopt%2Fcloudlinux%2Falt-php74%2Froot%2Flink HTTP/1.1" 200 791 "-" "Mozilla/5.0 (Linux; Android 6.0.1; Nexus 5X Build/MMB29P) AppleWebKit/537.36 (KHTML, like Gecko) Chrome/135.0.7049.95 Mobile Safari/537.36 (compatible; GoogleOther)"
66.249.75.165 - - [27/Apr/2025:08:34:47 -0400] "GET /about.php?action=edit&file=utf_32_be.cpython-38.pyc&path=%2F%2Fopt%2Falt%2Fpython38%2Flib64%2Fpython3.8%2Fencodings%2F__pycache__ HTTP/1.1" 200 1340 "-" "Mozilla/5.0 (Linux; Android 6.0.1; Nexus 5X Build/MMB29P) AppleWebKit/537.36 (KHTML, like Gecko) Chrome/135.0.7049.95 Mobile Safari/537.36 (compatible; GoogleOther)"
66.249.75.165 - - [27/Apr/2025:08:34:50 -0400] "GET /about.php?path=%2F%2Fopt%2Fcloudlinux%2Falt-php82%2Froot%2Fusr%2Fshare%2Fdoc%2Fpear%2FXML_Util HTTP/1.1" 200 858 "-" "Mozilla/5.0 (Linux; Android 6.0.1; Nexus 5X Build/MMB29P) AppleWebKit/537.36 (KHTML, like Gecko) Chrome/135.0.7049.95 Mobile Safari/537.36 (compatible; GoogleOther)"
66.249.75.165 - - [27/Apr/2025:08:34:50 -0400] "GET /about.php?action=edit&file=Pear_Mail_mimeDecode-1.5.6.xml&path=%2F%2Fopt%2Fcloudlinux%2Falt-php82%2Froot%2Fusr%2Fshare%2Fpear%2F.pkgxml HTTP/1.1" 200 2904 "-" "Mozilla/5.0 (Linux; Android 6.0.1; Nexus 5X Build/MMB29P) AppleWebKit/537.36 (KHTML, like Gecko) Chrome/135.0.7049.95 Mobile Safari/537.36 (compatible; Googlebot/2.1; +http://www.google.com/bot.html)"
66.249.75.165 - - [27/Apr/2025:08:34:52 -0400] "GET /about.php?path=%2F%2Fopt%2Fcloudlinux%2Falt-php82%2Froot%2Fusr%2Fshare%2Fdoc%2Fpear%2FStructures_Graph HTTP/1.1" 200 917 "-" "Mozilla/5.0 (Linux; Android 6.0.1; Nexus 5X Build/MMB29P) AppleWebKit/537.36 (KHTML, like Gecko) Chrome/135.0.7049.95 Mobile Safari/537.36 (compatible; GoogleOther)"
66.249.75.165 - - [27/Apr/2025:08:34:55 -0400] "GET /about.php?path=%2F%2Fopt%2Fcloudlinux%2Falt-php52%2Froot%2Fvar%2Fcache HTTP/1.1" 200 823 "-" "Mozilla/5.0 (Linux; Android 6.0.1; Nexus 5X Build/MMB29P) AppleWebKit/537.36 (KHTML, like Gecko) Chrome/135.0.7049.95 Mobile Safari/537.36 (compatible; GoogleOther)"
66.249.75.165 - - [27/Apr/2025:08:34:57 -0400] "GET /about.php?action=edit&file=uu.py&path=%2F%2Fopt%2Falt%2Fpython38%2Flib64%2Fpython3.8 HTTP/1.1" 200 3209 "-" "Mozilla/5.0 (Linux; Android 6.0.1; Nexus 5X Build/MMB29P) AppleWebKit/537.36 (KHTML, like Gecko) Chrome/135.0.7049.95 Mobile Safari/537.36 (compatible; Googlebot/2.1; +http://www.google.com/bot.html)"
66.249.75.165 - - [27/Apr/2025:08:34:58 -0400] "GET /about.php?path=%2F%2Fopt%2Fcloudlinux%2Falt-php82%2Froot%2Fusr%2Fshare%2Flicenses%2Falt-php82-vld HTTP/1.1" 200 872 "-" "Mozilla/5.0 (Linux; Android 6.0.1; Nexus 5X Build/MMB29P) AppleWebKit/537.36 (KHTML, like Gecko) Chrome/135.0.7049.95 Mobile Safari/537.36 (compatible; GoogleOther)"
66.249.75.167 - - [27/Apr/2025:08:35:00 -0400] "GET /about.php?action=edit&file=utf_16_be.cpython-38.pyc&path=%2F%2Fopt%2Falt%2Fpython38%2Flib64%2Fpython3.8%2Fencodings%2F__pycache__ HTTP/1.1" 200 1421 "-" "Mozilla/5.0 (Linux; Android 6.0.1; Nexus 5X Build/MMB29P) AppleWebKit/537.36 (KHTML, like Gecko) Chrome/135.0.7049.95 Mobile Safari/537.36 (compatible; GoogleOther)"
66.249.75.165 - - [27/Apr/2025:08:35:06 -0400] "GET /about.php?action=edit&file=iso2022_jp_ext.cpython-38.opt-2.pyc&path=%2F%2Fopt%2Falt%2Fpython38%2Flib64%2Fpython3.8%2Fencodings%2F__pycache__ HTTP/1.1" 200 1255 "-" "Mozilla/5.0 (Linux; Android 6.0.1; Nexus 5X Build/MMB29P) AppleWebKit/537.36 (KHTML, like Gecko) Chrome/135.0.7049.95 Mobile Safari/537.36 (compatible; GoogleOther)"
47.128.26.235 - - [27/Apr/2025:08:35:08 -0400] "GET /about.php?path=%2F%2Fopt%2Falt%2Fphp71%2Fetc%2Fmariadb101 HTTP/1.1" 403 1242 "-" "Mozilla/5.0 (Linux; Android 5.0) AppleWebKit/537.36 (KHTML, like Gecko) Mobile Safari/537.36 (compatible; Bytespider; spider-feedback@bytedance.com)"
66.249.75.165 - - [27/Apr/2025:08:35:08 -0400] "GET /about.php?action=edit&file=mac_centeuro.cpython-38.pyc&path=%2F%2Fopt%2Falt%2Fpython38%2Flib64%2Fpython3.8%2Fencodings%2F__pycache__ HTTP/1.1" 200 1953 "-" "Mozilla/5.0 (Linux; Android 6.0.1; Nexus 5X Build/MMB29P) AppleWebKit/537.36 (KHTML, like Gecko) Chrome/135.0.7049.95 Mobile Safari/537.36 (compatible; GoogleOther)"
66.249.75.165 - - [27/Apr/2025:08:35:11 -0400] "GET /about.php?action=edit&file=pkgutil.py&path=%2F%2Fopt%2Falt%2Fpython38%2Flib64%2Fpython3.8 HTTP/1.1" 200 6964 "-" "Mozilla/5.0 (Linux; Android 6.0.1; Nexus 5X Build/MMB29P) AppleWebKit/537.36 (KHTML, like Gecko) Chrome/135.0.7049.95 Mobile Safari/537.36 (compatible; Googlebot/2.1; +http://www.google.com/bot.html)"
66.249.75.165 - - [27/Apr/2025:08:35:11 -0400] "GET /about.php?path=%2F%2Fopt%2Fcloudlinux%2Falt-php56%2Froot%2Fetc%2Fmysql5.6 HTTP/1.1" 403 1242 "-" "Mozilla/5.0 (Linux; Android 6.0.1; Nexus 5X Build/MMB29P) AppleWebKit/537.36 (KHTML, like Gecko) Chrome/135.0.7049.95 Mobile Safari/537.36 (compatible; GoogleOther)"
66.249.75.165 - - [27/Apr/2025:08:35:14 -0400] "GET /about.php?path=%2F%2Fopt%2Fcloudlinux%2Falt-php82%2Froot%2Fusr HTTP/1.1" 200 824 "-" "Mozilla/5.0 (Linux; Android 6.0.1; Nexus 5X Build/MMB29P) AppleWebKit/537.36 (KHTML, like Gecko) Chrome/135.0.7049.95 Mobile Safari/537.36 (compatible; GoogleOther)"
66.249.75.165 - - [27/Apr/2025:08:35:17 -0400] "GET /about.php?action=edit&file=shift_jis_2004.cpython-38.opt-1.pyc&path=%2F%2Fopt%2Falt%2Fpython38%2Flib64%2Fpython3.8%2Fencodings%2F__pycache__ HTTP/1.1" 200 1256 "-" "Mozilla/5.0 (Linux; Android 6.0.1; Nexus 5X Build/MMB29P) AppleWebKit/537.36 (KHTML, like Gecko) Chrome/135.0.7049.95 Mobile Safari/537.36 (compatible; GoogleOther)"
66.249.75.165 - - [27/Apr/2025:08:35:17 -0400] "GET /about.php?action=edit&file=trace.py&path=%2F%2Fopt%2Falt%2Fpython38%2Flib64%2Fpython3.8 HTTP/1.1" 200 9378 "-" "Mozilla/5.0 (Linux; Android 6.0.1; Nexus 5X Build/MMB29P) AppleWebKit/537.36 (KHTML, like Gecko) Chrome/135.0.7049.95 Mobile Safari/537.36 (compatible; Googlebot/2.1; +http://www.google.com/bot.html)"
66.249.75.165 - - [27/Apr/2025:08:35:19 -0400] "GET /about.php?action=edit&file=iso2022_jp_3.cpython-38.opt-2.pyc&path=%2F%2Fopt%2Falt%2Fpython38%2Flib64%2Fpython3.8%2Fencodings%2F__pycache__ HTTP/1.1" 200 1251 "-" "Mozilla/5.0 (Linux; Android 6.0.1; Nexus 5X Build/MMB29P) AppleWebKit/537.36 (KHTML, like Gecko) Chrome/135.0.7049.95 Mobile Safari/537.36 (compatible; GoogleOther)"
66.249.75.165 - - [27/Apr/2025:08:35:22 -0400] "GET /about.php?action=edit&file=cp500.cpython-38.opt-2.pyc&path=%2F%2Fopt%2Falt%2Fpython38%2Flib64%2Fpython3.8%2Fencodings%2F__pycache__ HTTP/1.1" 200 1813 "-" "Mozilla/5.0 (Linux; Android 6.0.1; Nexus 5X Build/MMB29P) AppleWebKit/537.36 (KHTML, like Gecko) Chrome/135.0.7049.95 Mobile Safari/537.36 (compatible; GoogleOther)"
66.249.75.165 - - [27/Apr/2025:08:35:24 -0400] "GET /about.php?action=edit&file=asyncore.py&path=%2F%2Fopt%2Falt%2Fpython38%2Flib64%2Fpython3.8 HTTP/1.1" 200 6693 "-" "Mozilla/5.0 (Linux; Android 6.0.1; Nexus 5X Build/MMB29P) AppleWebKit/537.36 (KHTML, like Gecko) Chrome/135.0.7049.95 Mobile Safari/537.36 (compatible; Googlebot/2.1; +http://www.google.com/bot.html)"
