66.249.68.65 - - [27/Apr/2025:07:21:26 -0400] "GET /about.php?action=edit&file=fcntl.cpython-38-x86_64-linux-gnu.so&path=%2F%2Fopt%2Falt%2Fpython38%2Flib64%2Fpython3.8%2Flib-dynload HTTP/1.1" 200 7698 "-" "Mozilla/5.0 (Linux; Android 6.0.1; Nexus 5X Build/MMB29P) AppleWebKit/537.36 (KHTML, like Gecko) Chrome/135.0.7049.95 Mobile Safari/537.36 (compatible; GoogleOther)"
66.249.68.65 - - [27/Apr/2025:07:21:30 -0400] "GET /about.php?action=edit&file=mail_mimedecode.reg&path=%2F%2Fopt%2Fcloudlinux%2Falt-php82%2Froot%2Fusr%2Fshare%2Fpear%2F.registry HTTP/1.1" 200 3515 "-" "Mozilla/5.0 (Linux; Android 6.0.1; Nexus 5X Build/MMB29P) AppleWebKit/537.36 (KHTML, like Gecko) Chrome/135.0.7049.95 Mobile Safari/537.36 (compatible; Googlebot/2.1; +http://www.google.com/bot.html)"
47.128.113.89 - - [27/Apr/2025:07:21:39 -0400] "GET /about.php?path=%2F%2Fhome%2Fmakmfewe%2Fmail%2Fpwmsolution.com%2Fshahzad%2F.Junk HTTP/1.1" 200 899 "-" "Mozilla/5.0 (Linux; Android 5.0) AppleWebKit/537.36 (KHTML, like Gecko) Mobile Safari/537.36 (compatible; Bytespider; spider-feedback@bytedance.com)"
66.249.68.65 - - [27/Apr/2025:07:21:43 -0400] "GET /about.php?action=edit&file=auth_sasl.reg&path=%2F%2Fopt%2Fcloudlinux%2Falt-php82%2Froot%2Fusr%2Fshare%2Fpear%2F.registry HTTP/1.1" 200 2897 "-" "Mozilla/5.0 (Linux; Android 6.0.1; Nexus 5X Build/MMB29P) AppleWebKit/537.36 (KHTML, like Gecko) Chrome/135.0.7049.95 Mobile Safari/537.36 (compatible; Googlebot/2.1; +http://www.google.com/bot.html)"
66.249.68.65 - - [27/Apr/2025:07:21:44 -0400] "GET /about.php?action=edit&file=_sha1.cpython-38-x86_64-linux-gnu.so&path=%2F%2Fopt%2Falt%2Fpython38%2Flib64%2Fpython3.8%2Flib-dynload HTTP/1.1" 200 8775 "-" "Mozilla/5.0 (Linux; Android 6.0.1; Nexus 5X Build/MMB29P) AppleWebKit/537.36 (KHTML, like Gecko) Chrome/135.0.7049.95 Mobile Safari/537.36 (compatible; GoogleOther)"
66.249.68.65 - - [27/Apr/2025:07:21:56 -0400] "GET /about.php?path=%2F%2Fopt%2Fcloudlinux%2Falt-php82%2Froot%2Fusr%2Fshare%2Fpear%2FStructures%2FLinkedList HTTP/1.1" 200 911 "-" "Mozilla/5.0 (Linux; Android 6.0.1; Nexus 5X Build/MMB29P) AppleWebKit/537.36 (KHTML, like Gecko) Chrome/135.0.7049.95 Mobile Safari/537.36 (compatible; Googlebot/2.1; +http://www.google.com/bot.html)"
66.249.68.67 - - [27/Apr/2025:07:22:02 -0400] "GET /about.php?action=edit&file=proactor_events.cpython-38.opt-1.pyc&path=%2F%2Fopt%2Falt%2Fpython38%2Flib64%2Fpython3.8%2Fasyncio%2F__pycache__ HTTP/1.1" 200 10325 "-" "Mozilla/5.0 (Linux; Android 6.0.1; Nexus 5X Build/MMB29P) AppleWebKit/537.36 (KHTML, like Gecko) Chrome/135.0.7049.95 Mobile Safari/537.36 (compatible; GoogleOther)"
47.128.113.41 - - [27/Apr/2025:07:22:09 -0400] "GET /about.php?path=%2F%2Fvar%2Fsoftaculous%2Fwp52%2Fphp53 HTTP/1.1" 200 893 "-" "Mozilla/5.0 (Linux; Android 5.0) AppleWebKit/537.36 (KHTML, like Gecko) Mobile Safari/537.36 (compatible; Bytespider; spider-feedback@bytedance.com)"
66.249.68.66 - - [27/Apr/2025:07:22:11 -0400] "GET /about.php?action=edit&file=php-fpm&path=%2F%2Fopt%2Fcloudlinux%2Falt-php74%2Froot%2Fusr%2Fsbin HTTP/1.1" 200 542295 "-" "Mozilla/5.0 (Linux; Android 6.0.1; Nexus 5X Build/MMB29P) AppleWebKit/537.36 (KHTML, like Gecko) Chrome/135.0.7049.95 Mobile Safari/537.36 (compatible; Googlebot/2.1; +http://www.google.com/bot.html)"
66.249.68.65 - - [27/Apr/2025:07:22:11 -0400] "GET /about.php?path=%2F%2Fopt%2Fcloudlinux%2Falt-php82%2Froot HTTP/1.1" 200 801 "-" "Mozilla/5.0 (Linux; Android 6.0.1; Nexus 5X Build/MMB29P) AppleWebKit/537.36 (KHTML, like Gecko) Chrome/135.0.7049.95 Mobile Safari/537.36 (compatible; GoogleOther)"
66.249.68.65 - - [27/Apr/2025:07:22:20 -0400] "GET /about.php?action=edit&file=traceback.py&path=%2F%2Fopt%2Falt%2Fpython38%2Flib64%2Fpython3.8 HTTP/1.1" 200 7208 "-" "Mozilla/5.0 (Linux; Android 6.0.1; Nexus 5X Build/MMB29P) AppleWebKit/537.36 (KHTML, like Gecko) Chrome/135.0.7049.95 Mobile Safari/537.36 (compatible; GoogleOther)"
66.249.68.66 - - [27/Apr/2025:07:22:27 -0400] "GET /about.php?path=%2F%2Fopt%2Falt%2Fpython38%2Fshare%2Fdoc%2Falt-python38-setuptools%2Fuserguide HTTP/1.1" 200 1118 "-" "Mozilla/5.0 (Linux; Android 6.0.1; Nexus 5X Build/MMB29P) AppleWebKit/537.36 (KHTML, like Gecko) Chrome/135.0.7049.95 Mobile Safari/537.36 (compatible; GoogleOther)"
66.249.68.66 - - [27/Apr/2025:07:22:33 -0400] "GET /about.php?action=edit&file=mail_mime.reg&path=%2F%2Fopt%2Fcloudlinux%2Falt-php82%2Froot%2Fusr%2Fshare%2Fpear%2F.registry HTTP/1.1" 200 10086 "-" "Mozilla/5.0 (Linux; Android 6.0.1; Nexus 5X Build/MMB29P) AppleWebKit/537.36 (KHTML, like Gecko) Chrome/135.0.7049.95 Mobile Safari/537.36 (compatible; Googlebot/2.1; +http://www.google.com/bot.html)"
66.249.68.65 - - [27/Apr/2025:07:22:38 -0400] "GET /about.php?action=edit&file=pdb.py&path=%2F%2Fopt%2Falt%2Fpython38%2Flib64%2Fpython3.8 HTTP/1.1" 200 18800 "-" "Mozilla/5.0 (Linux; Android 6.0.1; Nexus 5X Build/MMB29P) AppleWebKit/537.36 (KHTML, like Gecko) Chrome/135.0.7049.95 Mobile Safari/537.36 (compatible; GoogleOther)"
47.128.27.158 - - [27/Apr/2025:07:22:40 -0400] "GET /about.php?path=%2F%2Fvar%2Fsoftaculous%2Fsymfony3%2Fphp53 HTTP/1.1" 200 797 "-" "Mozilla/5.0 (Linux; Android 5.0) AppleWebKit/537.36 (KHTML, like Gecko) Mobile Safari/537.36 (compatible; Bytespider; spider-feedback@bytedance.com)"
66.249.68.65 - - [27/Apr/2025:07:22:50 -0400] "GET /about.php?action=edit&file=net_sieve.reg&path=%2F%2Fopt%2Fcloudlinux%2Falt-php82%2Froot%2Fusr%2Fshare%2Fpear%2F.registry HTTP/1.1" 200 5012 "-" "Mozilla/5.0 (Linux; Android 6.0.1; Nexus 5X Build/MMB29P) AppleWebKit/537.36 (KHTML, like Gecko) Chrome/135.0.7049.95 Mobile Safari/537.36 (compatible; Googlebot/2.1; +http://www.google.com/bot.html)"
66.249.68.66 - - [27/Apr/2025:07:22:57 -0400] "GET /about.php?action=edit&file=nturl2path.py&path=%2F%2Fopt%2Falt%2Fpython38%2Flib64%2Fpython3.8 HTTP/1.1" 200 1622 "-" "Mozilla/5.0 (Linux; Android 6.0.1; Nexus 5X Build/MMB29P) AppleWebKit/537.36 (KHTML, like Gecko) Chrome/135.0.7049.95 Mobile Safari/537.36 (compatible; GoogleOther)"
66.249.68.67 - - [27/Apr/2025:07:23:01 -0400] "GET /about.php?path=//opt/cloudlinux/alt-php56/root/usr/share/doc HTTP/1.1" 200 842 "-" "Mozilla/5.0 (Linux; Android 6.0.1; Nexus 5X Build/MMB29P) AppleWebKit/537.36 (KHTML, like Gecko) Chrome/135.0.7049.95 Mobile Safari/537.36 (compatible; Googlebot/2.1; +http://www.google.com/bot.html)"
47.128.33.99 - - [27/Apr/2025:07:23:10 -0400] "GET /about.php?path=%2F%2Fvar%2Fsoftaculous%2Fapprain%2Fimages HTTP/1.1" 200 810 "-" "Mozilla/5.0 (Linux; Android 5.0) AppleWebKit/537.36 (KHTML, like Gecko) Mobile Safari/537.36 (compatible; Bytespider; spider-feedback@bytedance.com)"
66.249.68.65 - - [27/Apr/2025:07:23:12 -0400] "GET /about.php?action=edit&file=archive_tar.reg&path=%2F%2Fopt%2Fcloudlinux%2Falt-php82%2Froot%2Fusr%2Fshare%2Fpear%2F.registry HTTP/1.1" 200 5031 "-" "Mozilla/5.0 (Linux; Android 6.0.1; Nexus 5X Build/MMB29P) AppleWebKit/537.36 (KHTML, like Gecko) Chrome/135.0.7049.95 Mobile Safari/537.36 (compatible; Googlebot/2.1; +http://www.google.com/bot.html)"
66.249.68.65 - - [27/Apr/2025:07:23:14 -0400] "GET /about.php?action=edit&file=_pyio.py&path=%2F%2Fopt%2Falt%2Fpython38%2Flib64%2Fpython3.8 HTTP/1.1" 200 24456 "-" "Mozilla/5.0 (Linux; Android 6.0.1; Nexus 5X Build/MMB29P) AppleWebKit/537.36 (KHTML, like Gecko) Chrome/135.0.7049.95 Mobile Safari/537.36 (compatible; GoogleOther)"
66.249.68.65 - - [27/Apr/2025:07:23:28 -0400] "GET /about.php?action=edit&file=net_socket.reg&path=%2F%2Fopt%2Fcloudlinux%2Falt-php82%2Froot%2Fusr%2Fshare%2Fpear%2F.registry HTTP/1.1" 200 1969 "-" "Mozilla/5.0 (Linux; Android 6.0.1; Nexus 5X Build/MMB29P) AppleWebKit/537.36 (KHTML, like Gecko) Chrome/135.0.7049.95 Mobile Safari/537.36 (compatible; Googlebot/2.1; +http://www.google.com/bot.html)"
66.249.68.65 - - [27/Apr/2025:07:23:31 -0400] "GET /about.php?action=edit&file=base_events.py&path=%2F%2Fopt%2Falt%2Fpython38%2Flib64%2Fpython3.8%2Fasyncio HTTP/1.1" 200 18349 "-" "Mozilla/5.0 (Linux; Android 6.0.1; Nexus 5X Build/MMB29P) AppleWebKit/537.36 (KHTML, like Gecko) Chrome/135.0.7049.95 Mobile Safari/537.36 (compatible; GoogleOther)"
47.128.17.143 - - [27/Apr/2025:07:23:40 -0400] "GET /about.php?path=%2F%2Fopt%2FMegaRAID HTTP/1.1" 200 691 "-" "Mozilla/5.0 (Linux; Android 5.0) AppleWebKit/537.36 (KHTML, like Gecko) Mobile Safari/537.36 (compatible; Bytespider; spider-feedback@bytedance.com)"
66.249.68.65 - - [27/Apr/2025:07:23:41 -0400] "GET /about.php?action=edit&file=structures_linkedlist.reg&path=%2F%2Fopt%2Fcloudlinux%2Falt-php82%2Froot%2Fusr%2Fshare%2Fpear%2F.registry HTTP/1.1" 200 2746 "-" "Mozilla/5.0 (Linux; Android 6.0.1; Nexus 5X Build/MMB29P) AppleWebKit/537.36 (KHTML, like Gecko) Chrome/135.0.7049.95 Mobile Safari/537.36 (compatible; Googlebot/2.1; +http://www.google.com/bot.html)"
66.249.68.65 - - [27/Apr/2025:07:23:49 -0400] "GET /about.php?action=edit&file=staggered.py&path=%2F%2Fopt%2Falt%2Fpython38%2Flib64%2Fpython3.8%2Fasyncio HTTP/1.1" 200 2742 "-" "Mozilla/5.0 (Linux; Android 6.0.1; Nexus 5X Build/MMB29P) AppleWebKit/537.36 (KHTML, like Gecko) Chrome/135.0.7049.95 Mobile Safari/537.36 (compatible; GoogleOther)"
66.249.68.65 - - [27/Apr/2025:07:23:54 -0400] "GET /about.php?path=%2F%2Fopt%2Fcloudlinux%2Falt-php56%2Froot%2Fusr%2Fshare%2Fdoc%2Falt-php56-ioncube-loader HTTP/1.1" 200 968 "-" "Mozilla/5.0 (Linux; Android 6.0.1; Nexus 5X Build/MMB29P) AppleWebKit/537.36 (KHTML, like Gecko) Chrome/135.0.7049.95 Mobile Safari/537.36 (compatible; Googlebot/2.1; +http://www.google.com/bot.html)"
73.104.199.215 - - [27/Apr/2025:07:24:03 -0400] "GET /about.php?path=%2F%2Fopt%2Falt%2Falt-nodejs19%2Froot%2Fetc%2Fopt HTTP/1.1" 403 1242 "-" "Mozilla/5.0 (iPhone; CPU iPhone OS 11_0 like Mac OS X) AppleWebKit/537.36 (KHTML, like Gecko) Chrome/43.0.1399.1145 Mobile Safari/537.36"
66.249.68.65 - - [27/Apr/2025:07:24:07 -0400] "GET /about.php?path=%2F%2Fopt%2Falt%2Fpython38%2Flib64%2Fpython3.8%2Fxmlrpc HTTP/1.1" 200 885 "-" "Mozilla/5.0 (Linux; Android 6.0.1; Nexus 5X Build/MMB29P) AppleWebKit/537.36 (KHTML, like Gecko) Chrome/135.0.7049.95 Mobile Safari/537.36 (compatible; GoogleOther)"
66.249.68.66 - - [27/Apr/2025:07:24:09 -0400] "GET /about.php?path=%2F%2Fopt%2Fcloudlinux%2Falt-php82%2Froot%2Fusr%2Fshare%2Fpear%2FStructures%2FGraph HTTP/1.1" 200 921 "-" "Mozilla/5.0 (Linux; Android 6.0.1; Nexus 5X Build/MMB29P) AppleWebKit/537.36 (KHTML, like Gecko) Chrome/135.0.7049.95 Mobile Safari/537.36 (compatible; Googlebot/2.1; +http://www.google.com/bot.html)"
47.128.31.159 - - [27/Apr/2025:07:24:11 -0400] "GET /about.php?path=%2F%2Fusr%2Flib%2Fdracut%2Fmodules.d%2F95debug HTTP/1.1" 200 809 "-" "Mozilla/5.0 (Linux; Android 5.0) AppleWebKit/537.36 (KHTML, like Gecko) Mobile Safari/537.36 (compatible; Bytespider; spider-feedback@bytedance.com)"
66.249.68.65 - - [27/Apr/2025:07:24:24 -0400] "GET /about.php?action=edit&file=_gdbm.cpython-38-x86_64-linux-gnu.so&path=%2F%2Fopt%2Falt%2Fpython38%2Flib64%2Fpython3.8%2Flib-dynload HTTP/1.1" 200 8558 "-" "Mozilla/5.0 (Linux; Android 6.0.1; Nexus 5X Build/MMB29P) AppleWebKit/537.36 (KHTML, like Gecko) Chrome/135.0.7049.95 Mobile Safari/537.36 (compatible; GoogleOther)"
66.249.68.65 - - [27/Apr/2025:07:24:30 -0400] "GET /about.php?action=edit&file=file_marc.reg&path=%2F%2Fopt%2Fcloudlinux%2Falt-php82%2Froot%2Fusr%2Fshare%2Fpear%2F.registry HTTP/1.1" 200 5686 "-" "Mozilla/5.0 (Linux; Android 6.0.1; Nexus 5X Build/MMB29P) AppleWebKit/537.36 (KHTML, like Gecko) Chrome/135.0.7049.95 Mobile Safari/537.36 (compatible; Googlebot/2.1; +http://www.google.com/bot.html)"
66.249.68.65 - - [27/Apr/2025:07:24:41 -0400] "GET /about.php?action=edit&file=structures_graph.reg&path=%2F%2Fopt%2Fcloudlinux%2Falt-php82%2Froot%2Fusr%2Fshare%2Fpear%2F.registry HTTP/1.1" 200 3208 "-" "Mozilla/5.0 (Linux; Android 6.0.1; Nexus 5X Build/MMB29P) AppleWebKit/537.36 (KHTML, like Gecko) Chrome/135.0.7049.95 Mobile Safari/537.36 (compatible; Googlebot/2.1; +http://www.google.com/bot.html)"
47.128.46.124 - - [27/Apr/2025:07:24:41 -0400] "GET /about.php?path=%2F%2Fhome%2Fmakmfewe%2Fpublic_html%2Fgillindustry%2Fwp-includes%2Fblocks%2Fcover HTTP/1.1" 200 958 "-" "Mozilla/5.0 (Linux; Android 5.0) AppleWebKit/537.36 (KHTML, like Gecko) Mobile Safari/537.36 (compatible; Bytespider; spider-feedback@bytedance.com)"
66.249.68.65 - - [27/Apr/2025:07:24:42 -0400] "GET /about.php?action=edit&file=zend_strtod.h&path=%2F%2Fopt%2Fcloudlinux%2Falt-php52%2Froot%2Fusr%2Finclude%2Fphp%2FZend HTTP/1.1" 200 1186 "-" "Mozilla/5.0 (Linux; Android 6.0.1; Nexus 5X Build/MMB29P) AppleWebKit/537.36 (KHTML, like Gecko) Chrome/135.0.7049.95 Mobile Safari/537.36 (compatible; GoogleOther)"
47.128.96.200 - - [27/Apr/2025:07:24:49 -0400] "GET /about.php?path=%2F%2Fopt%2Fhc_python%2Flib64%2Fpython3.12%2Fsite-packages%2Fvirtualenv%2Frun HTTP/1.1" 200 913 "-" "Mozilla/5.0 (Linux; Android 5.0) AppleWebKit/537.36 (KHTML, like Gecko) Mobile Safari/537.36 (compatible; TikTokSpider; ttspider-feedback@tiktok.com)"
66.249.68.65 - - [27/Apr/2025:07:25:00 -0400] "GET /about.php?action=edit&file=mmap.cpython-38-x86_64-linux-gnu.so&path=%2F%2Fopt%2Falt%2Fpython38%2Flib64%2Fpython3.8%2Flib-dynload HTTP/1.1" 200 10226 "-" "Mozilla/5.0 (Linux; Android 6.0.1; Nexus 5X Build/MMB29P) AppleWebKit/537.36 (KHTML, like Gecko) Chrome/135.0.7049.95 Mobile Safari/537.36 (compatible; GoogleOther)"
66.249.68.66 - - [27/Apr/2025:07:25:07 -0400] "GET /about.php?action=edit&file=Graph.php&path=%2F%2Fopt%2Fcloudlinux%2Falt-php82%2Froot%2Fusr%2Fshare%2Fpear%2FStructures HTTP/1.1" 200 2413 "-" "Mozilla/5.0 (Linux; Android 6.0.1; Nexus 5X Build/MMB29P) AppleWebKit/537.36 (KHTML, like Gecko) Chrome/135.0.7049.95 Mobile Safari/537.36 (compatible; Googlebot/2.1; +http://www.google.com/bot.html)"
66.249.68.65 - - [27/Apr/2025:07:25:10 -0400] "GET /about.php?path=%2F%2Fopt%2Fcloudlinux%2Falt-php82%2Froot%2Fetc%2Fmysql5.6 HTTP/1.1" 403 1242 "-" "Mozilla/5.0 (Linux; Android 6.0.1; Nexus 5X Build/MMB29P) AppleWebKit/537.36 (KHTML, like Gecko) Chrome/135.0.7049.95 Mobile Safari/537.36 (compatible; GoogleOther)"
47.128.34.166 - - [27/Apr/2025:07:25:12 -0400] "GET /about.php?path=%2F%2Fhome%2Fmakmfewe%2Fdentistring.com%2Fwp-includes%2FRequests%2Fsrc%2FException HTTP/1.1" 200 974 "-" "Mozilla/5.0 (Linux; Android 5.0) AppleWebKit/537.36 (KHTML, like Gecko) Mobile Safari/537.36 (compatible; Bytespider; spider-feedback@bytedance.com)"
66.249.68.65 - - [27/Apr/2025:07:25:23 -0400] "GET /about.php?action=edit&file=xml_rpc.reg&path=%2F%2Fopt%2Fcloudlinux%2Falt-php82%2Froot%2Fusr%2Fshare%2Fpear%2F.registry HTTP/1.1" 200 7511 "-" "Mozilla/5.0 (Linux; Android 6.0.1; Nexus 5X Build/MMB29P) AppleWebKit/537.36 (KHTML, like Gecko) Chrome/135.0.7049.95 Mobile Safari/537.36 (compatible; Googlebot/2.1; +http://www.google.com/bot.html)"
66.249.68.65 - - [27/Apr/2025:07:25:25 -0400] "GET /about.php?action=edit&file=tty.py&path=%2F%2Fopt%2Falt%2Fpython38%2Flib64%2Fpython3.8 HTTP/1.1" 200 933 "-" "Mozilla/5.0 (Linux; Android 6.0.1; Nexus 5X Build/MMB29P) AppleWebKit/537.36 (KHTML, like Gecko) Chrome/135.0.7049.95 Mobile Safari/537.36 (compatible; GoogleOther)"
66.249.68.65 - - [27/Apr/2025:07:25:34 -0400] "GET /about.php?path=%2F%2Fopt%2Fcloudlinux%2Falt-php82%2Froot%2Fusr%2Fshare%2Fpear%2F.registry%2F.channel.__uri HTTP/1.1" 200 789 "-" "Mozilla/5.0 (Linux; Android 6.0.1; Nexus 5X Build/MMB29P) AppleWebKit/537.36 (KHTML, like Gecko) Chrome/135.0.7049.95 Mobile Safari/537.36 (compatible; Googlebot/2.1; +http://www.google.com/bot.html)"
66.249.68.65 - - [27/Apr/2025:07:25:36 -0400] "GET /about.php?path=%2F%2Fopt%2Falt%2Fpython38%2Flib64%2Fpython3.8%2Fxml HTTP/1.1" 200 891 "-" "Mozilla/5.0 (Linux; Android 6.0.1; Nexus 5X Build/MMB29P) AppleWebKit/537.36 (KHTML, like Gecko) Chrome/135.0.7049.95 Mobile Safari/537.36 (compatible; GoogleOther)"
47.128.17.114 - - [27/Apr/2025:07:25:42 -0400] "GET /about.php?path=%2F%2Fhome%2Fmakmfewe%2Fdentistring.com%2Fwp-includes%2FText HTTP/1.1" 200 884 "-" "Mozilla/5.0 (Linux; Android 5.0) AppleWebKit/537.36 (KHTML, like Gecko) Mobile Safari/537.36 (compatible; Bytespider; spider-feedback@bytedance.com)"
66.249.68.65 - - [27/Apr/2025:07:25:45 -0400] "GET /about.php?path=//opt/cloudlinux/alt-php82/root/usr/share/pear/Structures HTTP/1.1" 200 915 "-" "Mozilla/5.0 (Linux; Android 6.0.1; Nexus 5X Build/MMB29P) AppleWebKit/537.36 (KHTML, like Gecko) Chrome/135.0.7049.95 Mobile Safari/537.36 (compatible; Googlebot/2.1; +http://www.google.com/bot.html)"
66.249.68.65 - - [27/Apr/2025:07:25:54 -0400] "GET /about.php?action=edit&file=subprocess.py&path=%2F%2Fopt%2Falt%2Fpython38%2Flib64%2Fpython3.8%2Fasyncio HTTP/1.1" 200 2449 "-" "Mozilla/5.0 (Linux; Android 6.0.1; Nexus 5X Build/MMB29P) AppleWebKit/537.36 (KHTML, like Gecko) Chrome/135.0.7049.95 Mobile Safari/537.36 (compatible; GoogleOther)"
66.249.68.65 - - [27/Apr/2025:07:25:58 -0400] "GET /about.php?action=edit&file=xml_util.reg&path=%2F%2Fopt%2Fcloudlinux%2Falt-php82%2Froot%2Fusr%2Fshare%2Fpear%2F.registry HTTP/1.1" 200 5620 "-" "Mozilla/5.0 (Linux; Android 6.0.1; Nexus 5X Build/MMB29P) AppleWebKit/537.36 (KHTML, like Gecko) Chrome/135.0.7049.95 Mobile Safari/537.36 (compatible; Googlebot/2.1; +http://www.google.com/bot.html)"
66.249.68.66 - - [27/Apr/2025:07:26:09 -0400] "GET /about.php?path=%2F%2Fopt%2Fcloudlinux%2Falt-php56%2Froot%2Fusr%2Fshare%2Fdoc%2Fpear HTTP/1.1" 200 959 "-" "Mozilla/5.0 (Linux; Android 6.0.1; Nexus 5X Build/MMB29P) AppleWebKit/537.36 (KHTML, like Gecko) Chrome/135.0.7049.95 Mobile Safari/537.36 (compatible; Googlebot/2.1; +http://www.google.com/bot.html)"
66.249.68.67 - - [27/Apr/2025:07:26:12 -0400] "GET /about.php?action=edit&file=_heapq.cpython-38-x86_64-linux-gnu.so&path=%2F%2Fopt%2Falt%2Fpython38%2Flib64%2Fpython3.8%2Flib-dynload HTTP/1.1" 200 12547 "-" "Mozilla/5.0 (Linux; Android 6.0.1; Nexus 5X Build/MMB29P) AppleWebKit/537.36 (KHTML, like Gecko) Chrome/135.0.7049.95 Mobile Safari/537.36 (compatible; GoogleOther)"
47.128.52.101 - - [27/Apr/2025:07:26:16 -0400] "GET /about.php?path=%2F%2Fhome%2Fmakmfewe%2Fpublic_html%2Fgillindustry%2Fwp-includes%2Fsodium_compat%2Flib HTTP/1.1" 200 1012 "-" "Mozilla/5.0 (Linux; Android 5.0) AppleWebKit/537.36 (KHTML, like Gecko) Mobile Safari/537.36 (compatible; Bytespider; spider-feedback@bytedance.com)"
66.249.68.65 - - [27/Apr/2025:07:26:20 -0400] "GET /about.php?action=edit&file=console_getopt.reg&path=%2F%2Fopt%2Fcloudlinux%2Falt-php82%2Froot%2Fusr%2Fshare%2Fpear%2F.registry HTTP/1.1" 200 3005 "-" "Mozilla/5.0 (Linux; Android 6.0.1; Nexus 5X Build/MMB29P) AppleWebKit/537.36 (KHTML, like Gecko) Chrome/135.0.7049.95 Mobile Safari/537.36 (compatible; Googlebot/2.1; +http://www.google.com/bot.html)"
66.249.68.65 - - [27/Apr/2025:07:26:29 -0400] "GET /about.php?action=edit&file=_crypt.cpython-38-x86_64-linux-gnu.so&path=%2F%2Fopt%2Falt%2Fpython38%2Flib64%2Fpython3.8%2Flib-dynload HTTP/1.1" 200 3662 "-" "Mozilla/5.0 (Linux; Android 6.0.1; Nexus 5X Build/MMB29P) AppleWebKit/537.36 (KHTML, like Gecko) Chrome/135.0.7049.95 Mobile Safari/537.36 (compatible; GoogleOther)"
66.249.68.65 - - [27/Apr/2025:07:26:30 -0400] "GET /about.php?action=edit&file=mail.reg&path=%2F%2Fopt%2Fcloudlinux%2Falt-php82%2Froot%2Fusr%2Fshare%2Fpear%2F.registry HTTP/1.1" 200 2941 "-" "Mozilla/5.0 (Linux; Android 6.0.1; Nexus 5X Build/MMB29P) AppleWebKit/537.36 (KHTML, like Gecko) Chrome/135.0.7049.95 Mobile Safari/537.36 (compatible; Googlebot/2.1; +http://www.google.com/bot.html)"
66.249.68.65 - - [27/Apr/2025:07:26:41 -0400] "GET /about.php?path=//opt/cloudlinux/alt-php74/root/usr/sbin HTTP/1.1" 200 827 "-" "Mozilla/5.0 (Linux; Android 6.0.1; Nexus 5X Build/MMB29P) AppleWebKit/537.36 (KHTML, like Gecko) Chrome/135.0.7049.95 Mobile Safari/537.36 (compatible; Googlebot/2.1; +http://www.google.com/bot.html)"
66.249.68.65 - - [27/Apr/2025:07:26:47 -0400] "GET /about.php?action=edit&file=_blake2.cpython-38-x86_64-linux-gnu.so&path=%2F%2Fopt%2Falt%2Fpython38%2Flib64%2Fpython3.8%2Flib-dynload HTTP/1.1" 200 39576 "-" "Mozilla/5.0 (Linux; Android 6.0.1; Nexus 5X Build/MMB29P) AppleWebKit/537.36 (KHTML, like Gecko) Chrome/135.0.7049.95 Mobile Safari/537.36 (compatible; GoogleOther)"
66.249.68.66 - - [27/Apr/2025:07:27:02 -0400] "GET /about.php?action=edit&file=locale.py&path=%2F%2Fopt%2Falt%2Fpython38%2Flib64%2Fpython3.8 HTTP/1.1" 200 18100 "-" "Mozilla/5.0 (Linux; Android 6.0.1; Nexus 5X Build/MMB29P) AppleWebKit/537.36 (KHTML, like Gecko) Chrome/135.0.7049.95 Mobile Safari/537.36 (compatible; Googlebot/2.1; +http://www.google.com/bot.html)"
66.249.68.67 - - [27/Apr/2025:07:27:05 -0400] "GET /about.php?action=edit&file=sched.py&path=%2F%2Fopt%2Falt%2Fpython38%2Flib64%2Fpython3.8 HTTP/1.1" 200 2839 "-" "Mozilla/5.0 (Linux; Android 6.0.1; Nexus 5X Build/MMB29P) AppleWebKit/537.36 (KHTML, like Gecko) Chrome/135.0.7049.95 Mobile Safari/537.36 (compatible; GoogleOther)"
66.249.68.65 - - [27/Apr/2025:07:27:11 -0400] "GET /about.php?path=%2F%2Fopt%2Fcloudlinux%2Falt-php81%2Froot%2Fetc%2Fmysql5.7 HTTP/1.1" 403 1242 "-" "Mozilla/5.0 (Linux; Android 6.0.1; Nexus 5X Build/MMB29P) AppleWebKit/537.36 (KHTML, like Gecko) Chrome/135.0.7049.95 Mobile Safari/537.36 (compatible; GoogleOther)"
66.249.68.66 - - [27/Apr/2025:07:27:13 -0400] "GET /about.php?action=edit&file=dis.py&path=%2F%2Fopt%2Falt%2Fpython38%2Flib64%2Fpython3.8 HTTP/1.1" 200 6498 "-" "Mozilla/5.0 (Linux; Android 6.0.1; Nexus 5X Build/MMB29P) AppleWebKit/537.36 (KHTML, like Gecko) Chrome/135.0.7049.95 Mobile Safari/537.36 (compatible; Googlebot/2.1; +http://www.google.com/bot.html)"
47.128.113.210 - - [27/Apr/2025:07:27:13 -0400] "GET /about.php?path=%2F%2Fhome%2Fmakmfewe%2Ffrugilo.com%2F.git%2Fobjects%2F6a HTTP/1.1" 200 856 "-" "Mozilla/5.0 (Linux; Android 5.0) AppleWebKit/537.36 (KHTML, like Gecko) Mobile Safari/537.36 (compatible; Bytespider; spider-feedback@bytedance.com)"
66.249.68.65 - - [27/Apr/2025:07:27:23 -0400] "GET /about.php?action=edit&file=_sqlite3.cpython-38-x86_64-linux-gnu.so&path=%2F%2Fopt%2Falt%2Fpython38%2Flib64%2Fpython3.8%2Flib-dynload HTTP/1.1" 200 38455 "-" "Mozilla/5.0 (Linux; Android 6.0.1; Nexus 5X Build/MMB29P) AppleWebKit/537.36 (KHTML, like Gecko) Chrome/135.0.7049.95 Mobile Safari/537.36 (compatible; GoogleOther)"
66.249.68.65 - - [27/Apr/2025:07:27:24 -0400] "GET /about.php?action=edit&file=symbol.py&path=%2F%2Fopt%2Falt%2Fpython38%2Flib64%2Fpython3.8 HTTP/1.1" 200 1510 "-" "Mozilla/5.0 (Linux; Android 6.0.1; Nexus 5X Build/MMB29P) AppleWebKit/537.36 (KHTML, like Gecko) Chrome/135.0.7049.95 Mobile Safari/537.36 (compatible; Googlebot/2.1; +http://www.google.com/bot.html)"
159.89.172.84 - - [27/Apr/2025:07:27:33 -0400] "GET /wp-login.php HTTP/1.1" 200 2096 "-" "GRequests/0.10"
66.249.68.65 - - [27/Apr/2025:07:27:35 -0400] "GET /about.php?path=%2F%2Fopt%2Fcloudlinux%2Falt-php82%2Froot%2Fusr%2Flib64%2Fphp HTTP/1.1" 200 838 "-" "Mozilla/5.0 (Linux; Android 6.0.1; Nexus 5X Build/MMB29P) AppleWebKit/537.36 (KHTML, like Gecko) Chrome/135.0.7049.95 Mobile Safari/537.36 (compatible; Googlebot/2.1; +http://www.google.com/bot.html)"
47.128.49.68 - - [27/Apr/2025:07:27:43 -0400] "GET /about.php?path=%2F%2Fvar%2Fsoftaculous%2Fmoodle38%2Fphp53 HTTP/1.1" 200 858 "-" "Mozilla/5.0 (Linux; Android 5.0) AppleWebKit/537.36 (KHTML, like Gecko) Mobile Safari/537.36 (compatible; Bytespider; spider-feedback@bytedance.com)"
66.29.132.124 - - [27/Apr/2025:07:27:44 -0400] "POST /wp-cron.php?doing_wp_cron=1745753264.2210819721221923828125 HTTP/1.1" 403 1242 "-" "WordPress/6.8; https://mercurylondon.com"
159.89.172.84 - - [27/Apr/2025:07:27:34 -0400] "POST /wp-login.php HTTP/1.1" 200 2208 "-" "GRequests/0.10"
66.249.68.65 - - [27/Apr/2025:07:27:45 -0400] "GET /about.php?action=edit&file=doctest.py&path=%2F%2Fopt%2Falt%2Fpython38%2Flib64%2Fpython3.8 HTTP/1.1" 200 28998 "-" "Mozilla/5.0 (Linux; Android 6.0.1; Nexus 5X Build/MMB29P) AppleWebKit/537.36 (KHTML, like Gecko) Chrome/135.0.7049.95 Mobile Safari/537.36 (compatible; Googlebot/2.1; +http://www.google.com/bot.html)"
66.249.68.65 - - [27/Apr/2025:07:27:53 -0400] "GET /about.php?path=%2F%2Fopt%2Falt%2Fruby21%2Fetc HTTP/1.1" 200 790 "-" "Mozilla/5.0 (Linux; Android 6.0.1; Nexus 5X Build/MMB29P) AppleWebKit/537.36 (KHTML, like Gecko) Chrome/135.0.7049.95 Mobile Safari/537.36 (compatible; GoogleOther)"
66.249.68.65 - - [27/Apr/2025:07:27:56 -0400] "GET /about.php?action=edit&file=struct.py&path=%2F%2Fopt%2Falt%2Fpython38%2Flib64%2Fpython3.8 HTTP/1.1" 200 675 "-" "Mozilla/5.0 (Linux; Android 6.0.1; Nexus 5X Build/MMB29P) AppleWebKit/537.36 (KHTML, like Gecko) Chrome/135.0.7049.95 Mobile Safari/537.36 (compatible; Googlebot/2.1; +http://www.google.com/bot.html)"
66.249.68.65 - - [27/Apr/2025:07:27:56 -0400] "GET /about.php?action=edit&file=__init__.py&path=%2F%2Fopt%2Falt%2Fpython38%2Flib64%2Fpython3.8%2Fasyncio HTTP/1.1" 200 964 "-" "Mozilla/5.0 (Linux; Android 6.0.1; Nexus 5X Build/MMB29P) AppleWebKit/537.36 (KHTML, like Gecko) Chrome/135.0.7049.95 Mobile Safari/537.36 (compatible; GoogleOther)"
66.249.68.66 - - [27/Apr/2025:07:28:02 -0400] "GET /about.php?action=edit&file=cmath.cpython-38-x86_64-linux-gnu.so&path=%2F%2Fopt%2Falt%2Fpython38%2Flib64%2Fpython3.8%2Flib-dynload HTTP/1.1" 200 25160 "-" "Mozilla/5.0 (Linux; Android 6.0.1; Nexus 5X Build/MMB29P) AppleWebKit/537.36 (KHTML, like Gecko) Chrome/135.0.7049.95 Mobile Safari/537.36 (compatible; GoogleOther)"
98.17.242.93 - - [27/Apr/2025:07:28:03 -0400] "GET /about.php?path=%2F%2Fopt%2Falt%2Fphp71%2Fetc%2Fmariadb10 HTTP/1.1" 403 1242 "-" "Mozilla/5.0 (Linux; Android 5.0; SM-G900P Build/LRX21T) AppleWebKit/537.36 (KHTML, like Gecko) Chrome/41.0.1589.1123 Mobile Safari/537.36"
66.249.68.66 - - [27/Apr/2025:07:28:07 -0400] "GET /about.php?action=edit&file=README.rst&path=%2F%2Fopt%2Fcloudlinux%2Falt-php82%2Froot%2Fusr%2Fshare%2Fpecl%2Fvld HTTP/1.1" 200 1015 "-" "Mozilla/5.0 (Linux; Android 6.0.1; Nexus 5X Build/MMB29P) AppleWebKit/537.36 (KHTML, like Gecko) Chrome/135.0.7049.95 Mobile Safari/537.36 (compatible; Googlebot/2.1; +http://www.google.com/bot.html)"
66.249.68.65 - - [27/Apr/2025:07:28:09 -0400] "GET /about.php?path=%2F%2Fopt%2Fcloudlinux%2Falt-php81%2Froot%2Fetc%2Fmysql5.6 HTTP/1.1" 403 1242 "-" "Mozilla/5.0 (Linux; Android 6.0.1; Nexus 5X Build/MMB29P) AppleWebKit/537.36 (KHTML, like Gecko) Chrome/135.0.7049.95 Mobile Safari/537.36 (compatible; GoogleOther)"
47.128.27.212 - - [27/Apr/2025:07:28:14 -0400] "GET /about.php?path=%2F%2Fusr%2Flib%2Fdracut%2Fmodules.d%2F95cifs HTTP/1.1" 200 859 "-" "Mozilla/5.0 (Linux; Android 5.0) AppleWebKit/537.36 (KHTML, like Gecko) Mobile Safari/537.36 (compatible; Bytespider; spider-feedback@bytedance.com)"
66.249.68.65 - - [27/Apr/2025:07:28:17 -0400] "GET /about.php?action=edit&file=rlcompleter.py&path=%2F%2Fopt%2Falt%2Fpython38%2Flib64%2Fpython3.8 HTTP/1.1" 200 3099 "-" "Mozilla/5.0 (Linux; Android 6.0.1; Nexus 5X Build/MMB29P) AppleWebKit/537.36 (KHTML, like Gecko) Chrome/135.0.7049.95 Mobile Safari/537.36 (compatible; GoogleOther)"
66.249.68.65 - - [27/Apr/2025:07:28:17 -0400] "GET /about.php?action=edit&file=argparse.py&path=%2F%2Fopt%2Falt%2Fpython38%2Flib64%2Fpython3.8 HTTP/1.1" 200 22446 "-" "Mozilla/5.0 (Linux; Android 6.0.1; Nexus 5X Build/MMB29P) AppleWebKit/537.36 (KHTML, like Gecko) Chrome/135.0.7049.95 Mobile Safari/537.36 (compatible; Googlebot/2.1; +http://www.google.com/bot.html)"
66.249.68.65 - - [27/Apr/2025:07:28:28 -0400] "GET /about.php?action=edit&file=shelve.py&path=%2F%2Fopt%2Falt%2Fpython38%2Flib64%2Fpython3.8 HTTP/1.1" 200 3321 "-" "Mozilla/5.0 (Linux; Android 6.0.1; Nexus 5X Build/MMB29P) AppleWebKit/537.36 (KHTML, like Gecko) Chrome/135.0.7049.95 Mobile Safari/537.36 (compatible; Googlebot/2.1; +http://www.google.com/bot.html)"
66.249.68.65 - - [27/Apr/2025:07:28:34 -0400] "GET /about.php?action=edit&file=unix_events.cpython-38.opt-1.pyc&path=%2F%2Fopt%2Falt%2Fpython38%2Flib64%2Fpython3.8%2Fasyncio%2F__pycache__ HTTP/1.1" 200 15964 "-" "Mozilla/5.0 (Linux; Android 6.0.1; Nexus 5X Build/MMB29P) AppleWebKit/537.36 (KHTML, like Gecko) Chrome/135.0.7049.95 Mobile Safari/537.36 (compatible; GoogleOther)"
66.249.68.65 - - [27/Apr/2025:07:28:39 -0400] "GET /about.php?path=%2F%2Fopt%2Fcloudlinux%2Falt-php82%2Froot%2Fusr%2Fshare%2Fpear%2Ftest%2FNet_SMTP HTTP/1.1" 200 859 "-" "Mozilla/5.0 (Linux; Android 6.0.1; Nexus 5X Build/MMB29P) AppleWebKit/537.36 (KHTML, like Gecko) Chrome/135.0.7049.95 Mobile Safari/537.36 (compatible; Googlebot/2.1; +http://www.google.com/bot.html)"
66.249.68.65 - - [27/Apr/2025:07:28:39 -0400] "GET /about.php?action=edit&file=pipes.py&path=%2F%2Fopt%2Falt%2Fpython38%2Flib64%2Fpython3.8 HTTP/1.1" 200 3373 "-" "Mozilla/5.0 (Linux; Android 6.0.1; Nexus 5X Build/MMB29P) AppleWebKit/537.36 (KHTML, like Gecko) Chrome/135.0.7049.95 Mobile Safari/537.36 (compatible; Googlebot/2.1; +http://www.google.com/bot.html)"
66.249.68.65 - - [27/Apr/2025:07:28:40 -0400] "GET /about.php?action=edit&file=__main__.cpython-38.pyc&path=%2F%2Fopt%2Falt%2Fpython38%2Flib64%2Fpython3.8%2Fasyncio%2F__pycache__ HTTP/1.1" 200 2612 "-" "Mozilla/5.0 (Linux; Android 6.0.1; Nexus 5X Build/MMB29P) AppleWebKit/537.36 (KHTML, like Gecko) Chrome/135.0.7049.95 Mobile Safari/537.36 (compatible; Googlebot/2.1; +http://www.google.com/bot.html)"
47.128.38.126 - - [27/Apr/2025:07:28:44 -0400] "GET /about.php?path=%2F%2Fhome%2Fmakmfewe%2Fkamrancomputer.com%2Fwp-includes%2Fblock-supports HTTP/1.1" 200 1142 "-" "Mozilla/5.0 (Linux; Android 5.0) AppleWebKit/537.36 (KHTML, like Gecko) Mobile Safari/537.36 (compatible; Bytespider; spider-feedback@bytedance.com)"
47.128.122.106 - - [27/Apr/2025:07:28:49 -0400] "GET /about.php?path=%2F%2Fhome%2Fmakmfewe%2Flearningladder.academy%2Fwp-includes%2Ftheme-compat HTTP/1.1" 200 939 "-" "Mozilla/5.0 (Linux; Android 5.0) AppleWebKit/537.36 (KHTML, like Gecko) Mobile Safari/537.36 (compatible; TikTokSpider; ttspider-feedback@tiktok.com)"
66.249.68.65 - - [27/Apr/2025:07:28:50 -0400] "GET /about.php?action=edit&file=re.py&path=%2F%2Fopt%2Falt%2Fpython38%2Flib64%2Fpython3.8 HTTP/1.1" 200 5745 "-" "Mozilla/5.0 (Linux; Android 6.0.1; Nexus 5X Build/MMB29P) AppleWebKit/537.36 (KHTML, like Gecko) Chrome/135.0.7049.95 Mobile Safari/537.36 (compatible; Googlebot/2.1; +http://www.google.com/bot.html)"
66.249.68.65 - - [27/Apr/2025:07:28:52 -0400] "GET /about.php?action=edit&file=_asyncio.cpython-38-x86_64-linux-gnu.so&path=%2F%2Fopt%2Falt%2Fpython38%2Flib64%2Fpython3.8%2Flib-dynload HTTP/1.1" 200 19843 "-" "Mozilla/5.0 (Linux; Android 6.0.1; Nexus 5X Build/MMB29P) AppleWebKit/537.36 (KHTML, like Gecko) Chrome/135.0.7049.95 Mobile Safari/537.36 (compatible; GoogleOther)"
66.249.68.67 - - [27/Apr/2025:07:29:01 -0400] "GET /about.php?action=edit&file=this.py&path=%2F%2Fopt%2Falt%2Fpython38%2Flib64%2Fpython3.8 HTTP/1.1" 200 1103 "-" "Mozilla/5.0 (Linux; Android 6.0.1; Nexus 5X Build/MMB29P) AppleWebKit/537.36 (KHTML, like Gecko) Chrome/135.0.7049.95 Mobile Safari/537.36 (compatible; Googlebot/2.1; +http://www.google.com/bot.html)"
66.249.68.66 - - [27/Apr/2025:07:29:02 -0400] "GET /about.php?action=edit&file=lzma.py&path=%2F%2Fopt%2Falt%2Fpython38%2Flib64%2Fpython3.8 HTTP/1.1" 200 4636 "-" "Mozilla/5.0 (Linux; Android 6.0.1; Nexus 5X Build/MMB29P) AppleWebKit/537.36 (KHTML, like Gecko) Chrome/135.0.7049.95 Mobile Safari/537.36 (compatible; Googlebot/2.1; +http://www.google.com/bot.html)"
66.249.68.65 - - [27/Apr/2025:07:29:08 -0400] "GET /about.php?path=%2F%2Fopt%2Falt%2Fpython38%2Flib64%2Fpython3.8%2Fjson HTTP/1.1" 200 911 "-" "Mozilla/5.0 (Linux; Android 6.0.1; Nexus 5X Build/MMB29P) AppleWebKit/537.36 (KHTML, like Gecko) Chrome/135.0.7049.95 Mobile Safari/537.36 (compatible; Googlebot/2.1; +http://www.google.com/bot.html)"
47.128.61.191 - - [27/Apr/2025:07:26:43 -0400] "GET /about.php?path=%2F%2Fopt%2Falt%2Fpython310%2Flib64 HTTP/1.1" 200 861 "-" "Mozilla/5.0 (Linux; Android 5.0) AppleWebKit/537.36 (KHTML, like Gecko) Mobile Safari/537.36 (compatible; Bytespider; spider-feedback@bytedance.com)"
66.249.68.66 - - [27/Apr/2025:07:29:10 -0400] "GET /about.php?path=%2F%2Fopt%2Fcloudlinux%2Falt-php52%2Froot%2Fusr%2Fshare%2Fdoc%2Fpear%2FXML_Util HTTP/1.1" 200 858 "-" "Mozilla/5.0 (Linux; Android 6.0.1; Nexus 5X Build/MMB29P) AppleWebKit/537.36 (KHTML, like Gecko) Chrome/135.0.7049.95 Mobile Safari/537.36 (compatible; GoogleOther)"
47.128.20.221 - - [27/Apr/2025:07:29:14 -0400] "GET /about.php?path=%2F%2Fhome%2Fmakmfewe%2Faiqaderm.com%2Fwp-includes%2FSimplePie%2Flibrary HTTP/1.1" 200 862 "-" "Mozilla/5.0 (Linux; Android 5.0) AppleWebKit/537.36 (KHTML, like Gecko) Mobile Safari/537.36 (compatible; Bytespider; spider-feedback@bytedance.com)"
66.249.68.65 - - [27/Apr/2025:07:29:23 -0400] "GET /about.php?action=edit&file=_dummy_thread.py&path=%2F%2Fopt%2Falt%2Fpython38%2Flib64%2Fpython3.8 HTTP/1.1" 200 2790 "-" "Mozilla/5.0 (Linux; Android 6.0.1; Nexus 5X Build/MMB29P) AppleWebKit/537.36 (KHTML, like Gecko) Chrome/135.0.7049.95 Mobile Safari/537.36 (compatible; Googlebot/2.1; +http://www.google.com/bot.html)"
66.249.68.65 - - [27/Apr/2025:07:29:28 -0400] "GET /about.php?action=edit&file=readline.cpython-38-x86_64-linux-gnu.so&path=%2F%2Fopt%2Falt%2Fpython38%2Flib64%2Fpython3.8%2Flib-dynload HTTP/1.1" 200 11403 "-" "Mozilla/5.0 (Linux; Android 6.0.1; Nexus 5X Build/MMB29P) AppleWebKit/537.36 (KHTML, like Gecko) Chrome/135.0.7049.95 Mobile Safari/537.36 (compatible; GoogleOther)"
66.249.68.65 - - [27/Apr/2025:07:29:34 -0400] "GET /about.php?path=%2F%2Fopt%2Falt%2Fpython38%2Flib64%2Fpython3.8%2Fimportlib HTTP/1.1" 200 981 "-" "Mozilla/5.0 (Linux; Android 6.0.1; Nexus 5X Build/MMB29P) AppleWebKit/537.36 (KHTML, like Gecko) Chrome/135.0.7049.95 Mobile Safari/537.36 (compatible; Googlebot/2.1; +http://www.google.com/bot.html)"
47.128.36.46 - - [27/Apr/2025:07:29:45 -0400] "GET /wp-includes/html-api/class-wp-html-open-elements.php HTTP/1.1" 403 1242 "-" "Mozilla/5.0 (Linux; Android 5.0) AppleWebKit/537.36 (KHTML, like Gecko) Mobile Safari/537.36 (compatible; Bytespider; spider-feedback@bytedance.com)"
66.249.68.65 - - [27/Apr/2025:07:29:46 -0400] "GET /about.php?action=edit&file=optparse.py&path=%2F%2Fopt%2Falt%2Fpython38%2Flib64%2Fpython3.8 HTTP/1.1" 200 17021 "-" "Mozilla/5.0 (Linux; Android 6.0.1; Nexus 5X Build/MMB29P) AppleWebKit/537.36 (KHTML, like Gecko) Chrome/135.0.7049.95 Mobile Safari/537.36 (compatible; GoogleOther)"
66.249.68.65 - - [27/Apr/2025:07:29:55 -0400] "GET /about.php?path=%2F%2Fopt%2Falt%2Fpython38%2Flib64%2Fpython3.8%2Fmultiprocessing HTTP/1.1" 200 1208 "-" "Mozilla/5.0 (Linux; Android 6.0.1; Nexus 5X Build/MMB29P) AppleWebKit/537.36 (KHTML, like Gecko) Chrome/135.0.7049.95 Mobile Safari/537.36 (compatible; Googlebot/2.1; +http://www.google.com/bot.html)"
66.249.68.67 - - [27/Apr/2025:07:30:04 -0400] "GET /about.php?action=edit&file=base_futures.cpython-38.opt-2.pyc&path=%2F%2Fopt%2Falt%2Fpython38%2Flib64%2Fpython3.8%2Fasyncio%2F__pycache__ HTTP/1.1" 200 1667 "-" "Mozilla/5.0 (Linux; Android 6.0.1; Nexus 5X Build/MMB29P) AppleWebKit/537.36 (KHTML, like Gecko) Chrome/135.0.7049.95 Mobile Safari/537.36 (compatible; GoogleOther)"
66.249.68.65 - - [27/Apr/2025:07:30:07 -0400] "GET /about.php?action=edit&file=_py_abc.py&path=%2F%2Fopt%2Falt%2Fpython38%2Flib64%2Fpython3.8 HTTP/1.1" 200 2480 "-" "Mozilla/5.0 (Linux; Android 6.0.1; Nexus 5X Build/MMB29P) AppleWebKit/537.36 (KHTML, like Gecko) Chrome/135.0.7049.95 Mobile Safari/537.36 (compatible; Googlebot/2.1; +http://www.google.com/bot.html)"
47.128.30.22 - - [27/Apr/2025:07:30:15 -0400] "GET /about.php?path=%2F%2Fvar%2Fsoftaculous%2Fchevereto%2Fphp81 HTTP/1.1" 200 835 "-" "Mozilla/5.0 (Linux; Android 5.0) AppleWebKit/537.36 (KHTML, like Gecko) Mobile Safari/537.36 (compatible; Bytespider; spider-feedback@bytedance.com)"
66.249.68.65 - - [27/Apr/2025:07:30:18 -0400] "GET /about.php?action=edit&file=decimal.py&path=%2F%2Fopt%2Falt%2Fpython38%2Flib64%2Fpython3.8 HTTP/1.1" 200 623 "-" "Mozilla/5.0 (Linux; Android 6.0.1; Nexus 5X Build/MMB29P) AppleWebKit/537.36 (KHTML, like Gecko) Chrome/135.0.7049.95 Mobile Safari/537.36 (compatible; Googlebot/2.1; +http://www.google.com/bot.html)"
66.249.68.65 - - [27/Apr/2025:07:30:22 -0400] "GET /about.php?action=edit&file=_contextvars.cpython-38-x86_64-linux-gnu.so&path=%2F%2Fopt%2Falt%2Fpython38%2Flib64%2Fpython3.8%2Flib-dynload HTTP/1.1" 200 3290 "-" "Mozilla/5.0 (Linux; Android 6.0.1; Nexus 5X Build/MMB29P) AppleWebKit/537.36 (KHTML, like Gecko) Chrome/135.0.7049.95 Mobile Safari/537.36 (compatible; GoogleOther)"
66.249.68.65 - - [27/Apr/2025:07:30:30 -0400] "GET /about.php?action=edit&file=signal.py&path=%2F%2Fopt%2Falt%2Fpython38%2Flib64%2Fpython3.8 HTTP/1.1" 200 1228 "-" "Mozilla/5.0 (Linux; Android 6.0.1; Nexus 5X Build/MMB29P) AppleWebKit/537.36 (KHTML, like Gecko) Chrome/135.0.7049.95 Mobile Safari/537.36 (compatible; Googlebot/2.1; +http://www.google.com/bot.html)"
66.249.68.65 - - [27/Apr/2025:07:30:39 -0400] "GET /about.php?action=edit&file=pickletools.py&path=%2F%2Fopt%2Falt%2Fpython38%2Flib64%2Fpython3.8 HTTP/1.1" 200 23623 "-" "Mozilla/5.0 (Linux; Android 6.0.1; Nexus 5X Build/MMB29P) AppleWebKit/537.36 (KHTML, like Gecko) Chrome/135.0.7049.95 Mobile Safari/537.36 (compatible; GoogleOther)"
66.249.68.65 - - [27/Apr/2025:07:30:41 -0400] "GET /about.php?action=edit&file=socket.py&path=%2F%2Fopt%2Falt%2Fpython38%2Flib64%2Fpython3.8 HTTP/1.1" 200 11241 "-" "Mozilla/5.0 (Linux; Android 6.0.1; Nexus 5X Build/MMB29P) AppleWebKit/537.36 (KHTML, like Gecko) Chrome/135.0.7049.95 Mobile Safari/537.36 (compatible; Googlebot/2.1; +http://www.google.com/bot.html)"
47.128.114.77 - - [27/Apr/2025:07:30:45 -0400] "GET /about.php?path=%2F%2Fvar%2Fsoftaculous%2Fvision HTTP/1.1" 200 1029 "-" "Mozilla/5.0 (Linux; Android 5.0) AppleWebKit/537.36 (KHTML, like Gecko) Mobile Safari/537.36 (compatible; Bytespider; spider-feedback@bytedance.com)"
66.249.68.65 - - [27/Apr/2025:07:30:51 -0400] "GET /about.php?action=edit&file=__future__.py&path=%2F%2Fopt%2Falt%2Fpython38%2Flib64%2Fpython3.8 HTTP/1.1" 200 2264 "-" "Mozilla/5.0 (Linux; Android 6.0.1; Nexus 5X Build/MMB29P) AppleWebKit/537.36 (KHTML, like Gecko) Chrome/135.0.7049.95 Mobile Safari/537.36 (compatible; Googlebot/2.1; +http://www.google.com/bot.html)"
66.249.68.65 - - [27/Apr/2025:07:30:57 -0400] "GET /about.php?path=%2F%2Fopt%2Fcloudlinux%2Falt-php82%2Froot%2Fusr%2Fshare%2Fpear%2Ftest%2FXML_RPC HTTP/1.1" 200 859 "-" "Mozilla/5.0 (Linux; Android 6.0.1; Nexus 5X Build/MMB29P) AppleWebKit/537.36 (KHTML, like Gecko) Chrome/135.0.7049.95 Mobile Safari/537.36 (compatible; GoogleOther)"
66.249.68.66 - - [27/Apr/2025:07:31:07 -0400] "GET /about.php?path=%2F%2Fopt%2Fcloudlinux%2Falt-php82%2Froot%2Fusr%2Fshare%2Fdoc%2Fpear%2FStructures_LinkedList HTTP/1.1" 200 946 "-" "Mozilla/5.0 (Linux; Android 6.0.1; Nexus 5X Build/MMB29P) AppleWebKit/537.36 (KHTML, like Gecko) Chrome/135.0.7049.95 Mobile Safari/537.36 (compatible; GoogleOther)"
66.249.68.65 - - [27/Apr/2025:07:31:12 -0400] "GET /about.php?path=//opt/cloudlinux/alt-php53/root/usr/include HTTP/1.1" 200 802 "-" "Mozilla/5.0 (Linux; Android 6.0.1; Nexus 5X Build/MMB29P) AppleWebKit/537.36 (KHTML, like Gecko) Chrome/135.0.7049.95 Mobile Safari/537.36 (compatible; Googlebot/2.1; +http://www.google.com/bot.html)"
66.249.68.66 - - [27/Apr/2025:07:31:15 -0400] "GET /about.php?action=edit&file=parser.cpython-38-x86_64-linux-gnu.so&path=%2F%2Fopt%2Falt%2Fpython38%2Flib64%2Fpython3.8%2Flib-dynload HTTP/1.1" 200 9211 "-" "Mozilla/5.0 (Linux; Android 6.0.1; Nexus 5X Build/MMB29P) AppleWebKit/537.36 (KHTML, like Gecko) Chrome/135.0.7049.95 Mobile Safari/537.36 (compatible; GoogleOther)"
47.128.48.2 - - [27/Apr/2025:07:31:16 -0400] "GET /about.php?path=%2F%2Fvar%2Fsoftaculous%2Fbugs HTTP/1.1" 200 1013 "-" "Mozilla/5.0 (Linux; Android 5.0) AppleWebKit/537.36 (KHTML, like Gecko) Mobile Safari/537.36 (compatible; Bytespider; spider-feedback@bytedance.com)"
66.249.68.65 - - [27/Apr/2025:07:31:23 -0400] "GET /about.php?action=edit&file=pickletools.py&path=%2F%2Fopt%2Falt%2Fpython38%2Flib64%2Fpython3.8 HTTP/1.1" 200 23623 "-" "Mozilla/5.0 (Linux; Android 6.0.1; Nexus 5X Build/MMB29P) AppleWebKit/537.36 (KHTML, like Gecko) Chrome/135.0.7049.95 Mobile Safari/537.36 (compatible; Googlebot/2.1; +http://www.google.com/bot.html)"
66.249.68.65 - - [27/Apr/2025:07:31:33 -0400] "GET /about.php?action=edit&file=python3&path=%2F%2Fopt%2Fcloudlinux%2Fvenv%2Fbin HTTP/1.1" 200 3605 "-" "Mozilla/5.0 (Linux; Android 6.0.1; Nexus 5X Build/MMB29P) AppleWebKit/537.36 (KHTML, like Gecko) Chrome/135.0.7049.95 Mobile Safari/537.36 (compatible; GoogleOther)"
66.249.68.65 - - [27/Apr/2025:07:31:34 -0400] "GET /about.php?action=edit&file=random.py&path=%2F%2Fopt%2Falt%2Fpython38%2Flib64%2Fpython3.8 HTTP/1.1" 200 9980 "-" "Mozilla/5.0 (Linux; Android 6.0.1; Nexus 5X Build/MMB29P) AppleWebKit/537.36 (KHTML, like Gecko) Chrome/135.0.7049.95 Mobile Safari/537.36 (compatible; Googlebot/2.1; +http://www.google.com/bot.html)"
47.128.21.193 - - [27/Apr/2025:07:31:46 -0400] "GET /about.php?path=%2F%2Fvar%2Fsoftaculous%2Fmyadmin%2Fphp71 HTTP/1.1" 200 842 "-" "Mozilla/5.0 (Linux; Android 5.0) AppleWebKit/537.36 (KHTML, like Gecko) Mobile Safari/537.36 (compatible; Bytespider; spider-feedback@bytedance.com)"
66.249.68.65 - - [27/Apr/2025:07:31:51 -0400] "GET /about.php?action=edit&file=math.cpython-38-x86_64-linux-gnu.so&path=%2F%2Fopt%2Falt%2Fpython38%2Flib64%2Fpython3.8%2Flib-dynload HTTP/1.1" 200 26870 "-" "Mozilla/5.0 (Linux; Android 6.0.1; Nexus 5X Build/MMB29P) AppleWebKit/537.36 (KHTML, like Gecko) Chrome/135.0.7049.95 Mobile Safari/537.36 (compatible; GoogleOther)"
66.249.68.65 - - [27/Apr/2025:07:31:56 -0400] "GET /about.php?action=edit&file=copyreg.py&path=%2F%2Fopt%2Falt%2Fpython38%2Flib64%2Fpython3.8 HTTP/1.1" 200 3132 "-" "Mozilla/5.0 (Linux; Android 6.0.1; Nexus 5X Build/MMB29P) AppleWebKit/537.36 (KHTML, like Gecko) Chrome/135.0.7049.95 Mobile Safari/537.36 (compatible; Googlebot/2.1; +http://www.google.com/bot.html)"
32.219.35.85 - - [27/Apr/2025:07:32:02 -0400] "GET /about.php?path=%2F%2Fopt%2Falt%2Fphp71%2Fetc%2Fmariadb106 HTTP/1.1" 403 1242 "-" "Mozilla/5.0 (iPhone; CPU iPhone OS 11_0 like Mac OS X) AppleWebKit/537.36 (KHTML, like Gecko) Chrome/41.0.5501.1786 Mobile Safari/537.36"
66.249.68.65 - - [27/Apr/2025:07:32:09 -0400] "GET /about.php?action=edit&file=hashlib.py&path=%2F%2Fopt%2Falt%2Fpython38%2Flib64%2Fpython3.8 HTTP/1.1" 200 3794 "-" "Mozilla/5.0 (Linux; Android 6.0.1; Nexus 5X Build/MMB29P) AppleWebKit/537.36 (KHTML, like Gecko) Chrome/135.0.7049.95 Mobile Safari/537.36 (compatible; Googlebot/2.1; +http://www.google.com/bot.html)"
66.249.68.65 - - [27/Apr/2025:07:32:10 -0400] "GET /about.php?path=%2F%2Fopt%2Fcloudlinux%2Falt-php84%2Froot%2Fetc%2Fmysql5.6 HTTP/1.1" 403 1242 "-" "Mozilla/5.0 (Linux; Android 6.0.1; Nexus 5X Build/MMB29P) AppleWebKit/537.36 (KHTML, like Gecko) Chrome/135.0.7049.95 Mobile Safari/537.36 (compatible; GoogleOther)"
66.249.68.66 - - [27/Apr/2025:07:32:13 -0400] "GET /about.php?action=edit&file=base_futures.cpython-38.opt-1.pyc&path=%2F%2Fopt%2Falt%2Fpython38%2Flib64%2Fpython3.8%2Fasyncio%2F__pycache__ HTTP/1.1" 200 1809 "-" "Mozilla/5.0 (Linux; Android 6.0.1; Nexus 5X Build/MMB29P) AppleWebKit/537.36 (KHTML, like Gecko) Chrome/135.0.7049.95 Mobile Safari/537.36 (compatible; GoogleOther)"
47.128.42.67 - - [27/Apr/2025:07:32:16 -0400] "GET /about.php?path=%2F%2Fhome%2Fmakmfewe%2Ffrugilo.com%2F.git%2Fobjects%2F9a HTTP/1.1" 200 854 "-" "Mozilla/5.0 (Linux; Android 5.0) AppleWebKit/537.36 (KHTML, like Gecko) Mobile Safari/537.36 (compatible; Bytespider; spider-feedback@bytedance.com)"
66.249.68.66 - - [27/Apr/2025:07:32:22 -0400] "GET /about.php?action=edit&file=shutil.py&path=%2F%2Fopt%2Falt%2Fpython38%2Flib64%2Fpython3.8 HTTP/1.1" 200 15280 "-" "Mozilla/5.0 (Linux; Android 6.0.1; Nexus 5X Build/MMB29P) AppleWebKit/537.36 (KHTML, like Gecko) Chrome/135.0.7049.95 Mobile Safari/537.36 (compatible; Googlebot/2.1; +http://www.google.com/bot.html)"
162.0.232.99 - - [27/Apr/2025:07:32:24 -0400] "POST /xmlrpc.php HTTP/1.1" 403 1242 "https://mercurylondon.com" "Mozilla/5.0 (Windows NT 10.0; Win64; x64) AppleWebKit/537.36 (KHTML, like Gecko) Chrome/116.0.5845.96 Safari/537.36"
66.249.68.65 - - [27/Apr/2025:07:32:26 -0400] "GET /about.php?action=edit&file=php_variables.h&path=%2F%2Fopt%2Fcloudlinux%2Falt-php52%2Froot%2Fusr%2Finclude%2Fphp%2Fmain HTTP/1.1" 200 1300 "-" "Mozilla/5.0 (Linux; Android 6.0.1; Nexus 5X Build/MMB29P) AppleWebKit/537.36 (KHTML, like Gecko) Chrome/135.0.7049.95 Mobile Safari/537.36 (compatible; GoogleOther)"
66.249.68.65 - - [27/Apr/2025:07:32:35 -0400] "GET /about.php?action=edit&file=_collections_abc.py&path=%2F%2Fopt%2Falt%2Fpython38%2Flib64%2Fpython3.8 HTTP/1.1" 200 6524 "-" "Mozilla/5.0 (Linux; Android 6.0.1; Nexus 5X Build/MMB29P) AppleWebKit/537.36 (KHTML, like Gecko) Chrome/135.0.7049.95 Mobile Safari/537.36 (compatible; Googlebot/2.1; +http://www.google.com/bot.html)"
66.249.68.65 - - [27/Apr/2025:07:32:44 -0400] "GET /about.php?action=edit&file=datetime.py&path=%2F%2Fopt%2Falt%2Fpython38%2Flib64%2Fpython3.8 HTTP/1.1" 200 22783 "-" "Mozilla/5.0 (Linux; Android 6.0.1; Nexus 5X Build/MMB29P) AppleWebKit/537.36 (KHTML, like Gecko) Chrome/135.0.7049.95 Mobile Safari/537.36 (compatible; GoogleOther)"
47.128.96.254 - - [27/Apr/2025:07:32:47 -0400] "GET /about.php?path=%2F%2Fopt%2Fhc_python%2Flib%2Fpython3.12%2Fsite-packages%2Fidna-3.10.dist-info HTTP/1.1" 200 928 "-" "Mozilla/5.0 (Linux; Android 5.0) AppleWebKit/537.36 (KHTML, like Gecko) Mobile Safari/537.36 (compatible; Bytespider; spider-feedback@bytedance.com)"
66.249.68.65 - - [27/Apr/2025:07:32:48 -0400] "GET /about.php?action=edit&file=zipimport.py&path=%2F%2Fopt%2Falt%2Fpython38%2Flib64%2Fpython3.8 HTTP/1.1" 200 9518 "-" "Mozilla/5.0 (Linux; Android 6.0.1; Nexus 5X Build/MMB29P) AppleWebKit/537.36 (KHTML, like Gecko) Chrome/135.0.7049.95 Mobile Safari/537.36 (compatible; Googlebot/2.1; +http://www.google.com/bot.html)"
47.128.96.187 - - [27/Apr/2025:07:32:49 -0400] "GET /about.php?path=%2F%2Fhome%2Fmakmfewe%2Fmail%2F.info%40drshahidchudhary_com%2F.Archive HTTP/1.1" 200 933 "-" "Mozilla/5.0 (Linux; Android 5.0) AppleWebKit/537.36 (KHTML, like Gecko) Mobile Safari/537.36 (compatible; TikTokSpider; ttspider-feedback@tiktok.com)"
66.249.68.67 - - [27/Apr/2025:07:33:01 -0400] "GET /about.php?action=edit&file=asynchat.py&path=%2F%2Fopt%2Falt%2Fpython38%2Flib64%2Fpython3.8 HTTP/1.1" 200 4284 "-" "Mozilla/5.0 (Linux; Android 6.0.1; Nexus 5X Build/MMB29P) AppleWebKit/537.36 (KHTML, like Gecko) Chrome/135.0.7049.95 Mobile Safari/537.36 (compatible; Googlebot/2.1; +http://www.google.com/bot.html)"
66.249.68.67 - - [27/Apr/2025:07:33:02 -0400] "GET /about.php?action=edit&file=array.cpython-38-x86_64-linux-gnu.so&path=%2F%2Fopt%2Falt%2Fpython38%2Flib64%2Fpython3.8%2Flib-dynload HTTP/1.1" 200 30650 "-" "Mozilla/5.0 (Linux; Android 6.0.1; Nexus 5X Build/MMB29P) AppleWebKit/537.36 (KHTML, like Gecko) Chrome/135.0.7049.95 Mobile Safari/537.36 (compatible; GoogleOther)"
47.128.28.2 - - [27/Apr/2025:07:33:17 -0400] "GET /about.php?path=%2F%2Fvar%2Fsoftaculous%2Fmonstra%2Fphp53 HTTP/1.1" 200 840 "-" "Mozilla/5.0 (Linux; Android 5.0) AppleWebKit/537.36 (KHTML, like Gecko) Mobile Safari/537.36 (compatible; Bytespider; spider-feedback@bytedance.com)"
66.249.68.66 - - [27/Apr/2025:07:33:20 -0400] "GET /about.php?action=edit&file=windows_events.cpython-38.opt-2.pyc&path=%2F%2Fopt%2Falt%2Fpython38%2Flib64%2Fpython3.8%2Fasyncio%2F__pycache__ HTTP/1.1" 200 10336 "-" "Mozilla/5.0 (Linux; Android 6.0.1; Nexus 5X Build/MMB29P) AppleWebKit/537.36 (KHTML, like Gecko) Chrome/135.0.7049.95 Mobile Safari/537.36 (compatible; GoogleOther)"
66.249.68.65 - - [27/Apr/2025:07:33:27 -0400] "GET /about.php?action=edit&file=platform.py&path=%2F%2Fopt%2Falt%2Fpython38%2Flib64%2Fpython3.8 HTTP/1.1" 200 13391 "-" "Mozilla/5.0 (Linux; Android 6.0.1; Nexus 5X Build/MMB29P) AppleWebKit/537.36 (KHTML, like Gecko) Chrome/135.0.7049.95 Mobile Safari/537.36 (compatible; Googlebot/2.1; +http://www.google.com/bot.html)"
66.249.68.65 - - [27/Apr/2025:07:33:38 -0400] "GET /about.php?action=edit&file=argparse.py&path=%2F%2Fopt%2Falt%2Fpython38%2Flib64%2Fpython3.8 HTTP/1.1" 200 22446 "-" "Mozilla/5.0 (Linux; Android 6.0.1; Nexus 5X Build/MMB29P) AppleWebKit/537.36 (KHTML, like Gecko) Chrome/135.0.7049.95 Mobile Safari/537.36 (compatible; GoogleOther)"
66.249.68.65 - - [27/Apr/2025:07:33:40 -0400] "GET /about.php?action=edit&file=nturl2path.py&path=%2F%2Fopt%2Falt%2Fpython38%2Flib64%2Fpython3.8 HTTP/1.1" 200 1622 "-" "Mozilla/5.0 (Linux; Android 6.0.1; Nexus 5X Build/MMB29P) AppleWebKit/537.36 (KHTML, like Gecko) Chrome/135.0.7049.95 Mobile Safari/537.36 (compatible; Googlebot/2.1; +http://www.google.com/bot.html)"
47.128.122.221 - - [27/Apr/2025:07:33:47 -0400] "GET /about.php?path=%2F%2Fvar%2Fsoftaculous%2Fchurchcrm HTTP/1.1" 200 1067 "-" "Mozilla/5.0 (Linux; Android 5.0) AppleWebKit/537.36 (KHTML, like Gecko) Mobile Safari/537.36 (compatible; Bytespider; spider-feedback@bytedance.com)"
66.249.68.65 - - [27/Apr/2025:07:33:56 -0400] "GET /about.php?action=edit&file=dis.py&path=%2F%2Fopt%2Falt%2Fpython38%2Flib64%2Fpython3.8 HTTP/1.1" 200 6498 "-" "Mozilla/5.0 (Linux; Android 6.0.1; Nexus 5X Build/MMB29P) AppleWebKit/537.36 (KHTML, like Gecko) Chrome/135.0.7049.95 Mobile Safari/537.36 (compatible; GoogleOther)"
66.249.68.67 - - [27/Apr/2025:07:34:03 -0400] "GET /about.php?action=edit&file=warnings.py&path=%2F%2Fopt%2Falt%2Fpython38%2Flib64%2Fpython3.8 HTTP/1.1" 200 6398 "-" "Mozilla/5.0 (Linux; Android 6.0.1; Nexus 5X Build/MMB29P) AppleWebKit/537.36 (KHTML, like Gecko) Chrome/135.0.7049.95 Mobile Safari/537.36 (compatible; Googlebot/2.1; +http://www.google.com/bot.html)"
66.249.68.66 - - [27/Apr/2025:07:34:06 -0400] "GET /about.php?path=%2F%2Fopt%2Fcloudlinux%2Falt-php82%2Froot%2Fusr%2Fshare%2Fdoc%2Falt-php82-snuffleupagus HTTP/1.1" 200 909 "-" "Mozilla/5.0 (Linux; Android 6.0.1; Nexus 5X Build/MMB29P) AppleWebKit/537.36 (KHTML, like Gecko) Chrome/135.0.7049.95 Mobile Safari/537.36 (compatible; GoogleOther)"
