66.249.68.66 - - [27/Apr/2025:05:56:06 -0400] "GET /about.php?action=edit&file=php-fpm.conf.plesk&path=%2F%2Fopt%2Fcloudlinux%2Falt-php74%2Froot%2Fetc HTTP/1.1" 200 2253 "-" "Mozilla/5.0 (Linux; Android 6.0.1; Nexus 5X Build/MMB29P) AppleWebKit/537.36 (KHTML, like Gecko) Chrome/135.0.7049.95 Mobile Safari/537.36 (compatible; Googlebot/2.1; +http://www.google.com/bot.html)"
66.249.68.65 - - [27/Apr/2025:05:56:29 -0400] "GET /about.php?path=%2F%2Fopt%2Fcloudlinux%2Falt-php74%2Froot%2Fetc%2Fmysql5.7 HTTP/1.1" 403 1242 "-" "Mozilla/5.0 (Linux; Android 6.0.1; Nexus 5X Build/MMB29P) AppleWebKit/537.36 (KHTML, like Gecko) Chrome/135.0.7049.95 Mobile Safari/537.36 (compatible; Googlebot/2.1; +http://www.google.com/bot.html)"
66.249.68.65 - - [27/Apr/2025:05:56:34 -0400] "GET /about.php?action=edit&file=libpython3.8.so&path=%2F%2Fopt%2Falt%2Fpython38%2Flib64 HTTP/1.1" 200 1488861 "-" "Mozilla/5.0 (Linux; Android 6.0.1; Nexus 5X Build/MMB29P) AppleWebKit/537.36 (KHTML, like Gecko) Chrome/135.0.7049.95 Mobile Safari/537.36 (compatible; Googlebot/2.1; +http://www.google.com/bot.html)"
47.128.16.188 - - [27/Apr/2025:05:56:39 -0400] "GET /about.php?path=%2F%2Fopt%2Fhc_python%2Flib64%2Fpython3.12%2Fsite-packages%2Fnose HTTP/1.1" 200 1181 "-" "Mozilla/5.0 (Linux; Android 5.0) AppleWebKit/537.36 (KHTML, like Gecko) Mobile Safari/537.36 (compatible; Bytespider; spider-feedback@bytedance.com)"
47.128.121.89 - - [27/Apr/2025:05:56:43 -0400] "GET /about.php?path=%2F%2Fopt%2Falt%2Fphp71%2Flink%2Fconf HTTP/1.1" 200 1216 "-" "Mozilla/5.0 (Linux; Android 5.0) AppleWebKit/537.36 (KHTML, like Gecko) Mobile Safari/537.36 (compatible; TikTokSpider; ttspider-feedback@tiktok.com)"
66.249.68.65 - - [27/Apr/2025:05:56:46 -0400] "GET /about.php?path=%2F%2Fopt%2Fcloudlinux%2Falt-php74%2Froot%2Fetc%2Fmariadb104 HTTP/1.1" 403 1242 "-" "Mozilla/5.0 (Linux; Android 6.0.1; Nexus 5X Build/MMB29P) AppleWebKit/537.36 (KHTML, like Gecko) Chrome/135.0.7049.95 Mobile Safari/537.36 (compatible; Googlebot/2.1; +http://www.google.com/bot.html)"
66.249.68.66 - - [27/Apr/2025:05:56:57 -0400] "GET /about.php?path=%2F%2Fopt%2Fcloudlinux%2Falt-php74%2Froot%2Fetc%2Fmariadb102 HTTP/1.1" 403 1242 "-" "Mozilla/5.0 (Linux; Android 6.0.1; Nexus 5X Build/MMB29P) AppleWebKit/537.36 (KHTML, like Gecko) Chrome/135.0.7049.95 Mobile Safari/537.36 (compatible; Googlebot/2.1; +http://www.google.com/bot.html)"
66.249.68.67 - - [27/Apr/2025:05:57:09 -0400] "GET /about.php?action=edit&file=activate&path=%2F%2Fopt%2Fimunify360%2Fvenv%2Fbin HTTP/1.1" 200 1164 "-" "Mozilla/5.0 (Linux; Android 6.0.1; Nexus 5X Build/MMB29P) AppleWebKit/537.36 (KHTML, like Gecko) Chrome/135.0.7049.95 Mobile Safari/537.36 (compatible; Googlebot/2.1; +http://www.google.com/bot.html)"
47.128.126.54 - - [27/Apr/2025:05:57:13 -0400] "GET /about.php?path=%2F%2Fusr%2Flib%2Fdracut%2Fmodules.d%2F95virtfs HTTP/1.1" 200 845 "-" "Mozilla/5.0 (Linux; Android 5.0) AppleWebKit/537.36 (KHTML, like Gecko) Mobile Safari/537.36 (compatible; Bytespider; spider-feedback@bytedance.com)"
66.249.68.65 - - [27/Apr/2025:05:57:20 -0400] "GET /about.php?path=%2F%2Fopt%2Fcloudlinux%2Falt-php74%2Froot%2Fetc%2Fsysconfig HTTP/1.1" 403 1242 "-" "Mozilla/5.0 (Linux; Android 6.0.1; Nexus 5X Build/MMB29P) AppleWebKit/537.36 (KHTML, like Gecko) Chrome/135.0.7049.95 Mobile Safari/537.36 (compatible; Googlebot/2.1; +http://www.google.com/bot.html)"
66.249.68.66 - - [27/Apr/2025:05:57:20 -0400] "GET /about.php?path=%2F%2Fopt%2Fcloudlinux%2Falt-php56%2Froot%2Fetc%2Fpear HTTP/1.1" 403 1242 "-" "Mozilla/5.0 (Linux; Android 6.0.1; Nexus 5X Build/MMB29P) AppleWebKit/537.36 (KHTML, like Gecko) Chrome/135.0.7049.95 Mobile Safari/537.36 (compatible; Googlebot/2.1; +http://www.google.com/bot.html)"
66.249.68.65 - - [27/Apr/2025:05:57:24 -0400] "GET /about.php?path=%2F%2Fopt%2Fcloudlinux%2Falt-php84%2Froot%2Fetc%2Fmariadb105 HTTP/1.1" 403 1242 "-" "Mozilla/5.0 (Linux; Android 6.0.1; Nexus 5X Build/MMB29P) AppleWebKit/537.36 (KHTML, like Gecko) Chrome/135.0.7049.95 Mobile Safari/537.36 (compatible; GoogleOther)"
66.249.68.65 - - [27/Apr/2025:05:57:26 -0400] "GET /about.php?action=edit&file=streams.cpython-38.pyc&path=%2F%2Fopt%2Falt%2Fpython38%2Flib64%2Fpython3.8%2Fasyncio%2F__pycache__ HTTP/1.1" 200 9019 "-" "Mozilla/5.0 (Linux; Android 6.0.1; Nexus 5X Build/MMB29P) AppleWebKit/537.36 (KHTML, like Gecko) Chrome/135.0.7049.95 Mobile Safari/537.36 (compatible; GoogleOther)"
66.249.68.65 - - [27/Apr/2025:05:57:28 -0400] "GET /about.php?path=%2F%2Fopt%2Fcloudlinux%2Falt-php-internal HTTP/1.1" 200 799 "-" "Mozilla/5.0 (Linux; Android 6.0.1; Nexus 5X Build/MMB29P) AppleWebKit/537.36 (KHTML, like Gecko) Chrome/135.0.7049.95 Mobile Safari/537.36 (compatible; GoogleOther)"
66.249.68.65 - - [27/Apr/2025:05:57:31 -0400] "GET /about.php?path=//opt/cloudlinux/alt-php81/root/etc HTTP/1.1" 200 1074 "-" "Mozilla/5.0 (Linux; Android 6.0.1; Nexus 5X Build/MMB29P) AppleWebKit/537.36 (KHTML, like Gecko) Chrome/135.0.7049.95 Mobile Safari/537.36 (compatible; Googlebot/2.1; +http://www.google.com/bot.html)"
66.249.68.65 - - [27/Apr/2025:05:57:32 -0400] "GET /about.php?path=%2F%2Fopt%2Fcloudlinux%2Falt-php74%2Froot%2Fetc%2Fpear HTTP/1.1" 403 1242 "-" "Mozilla/5.0 (Linux; Android 6.0.1; Nexus 5X Build/MMB29P) AppleWebKit/537.36 (KHTML, like Gecko) Chrome/135.0.7049.95 Mobile Safari/537.36 (compatible; Googlebot/2.1; +http://www.google.com/bot.html)"
66.249.68.65 - - [27/Apr/2025:05:57:42 -0400] "GET /about.php?action=edit&file=php-fpm.conf.default&path=%2F%2Fopt%2Fcloudlinux%2Falt-php74%2Froot%2Fetc HTTP/1.1" 200 2744 "-" "Mozilla/5.0 (Linux; Android 6.0.1; Nexus 5X Build/MMB29P) AppleWebKit/537.36 (KHTML, like Gecko) Chrome/135.0.7049.95 Mobile Safari/537.36 (compatible; Googlebot/2.1; +http://www.google.com/bot.html)"
198.54.114.126 - - [27/Apr/2025:05:57:47 -0400] "POST /xmlrpc.php HTTP/1.1" 403 1242 "https://mercurylondon.com" "Mozilla/5.0 (Windows NT 10.0; Win64; x64) AppleWebKit/537.36 (KHTML, like Gecko) Chrome/126.0.0.0 Safari/537.36 Edg/126.0.0.0"
47.128.46.144 - - [27/Apr/2025:05:57:48 -0400] "GET /about.php?path=%2F%2Fopt%2Fhc_python%2Flib64%2Fpython3.12%2Fsite-packages%2Flxml%2Fincludes%2Flibexslt HTTP/1.1" 200 952 "-" "Mozilla/5.0 (Linux; Android 5.0) AppleWebKit/537.36 (KHTML, like Gecko) Mobile Safari/537.36 (compatible; Bytespider; spider-feedback@bytedance.com)"
66.249.68.65 - - [27/Apr/2025:05:57:53 -0400] "GET /about.php?action=edit&file=distro&path=%2F%2Fopt%2Fimunify360%2Fvenv%2Fbin HTTP/1.1" 200 727 "-" "Mozilla/5.0 (Linux; Android 6.0.1; Nexus 5X Build/MMB29P) AppleWebKit/537.36 (KHTML, like Gecko) Chrome/135.0.7049.95 Mobile Safari/537.36 (compatible; Googlebot/2.1; +http://www.google.com/bot.html)"
66.249.68.67 - - [27/Apr/2025:05:58:03 -0400] "GET /about.php?path=%2F%2Fopt%2Fcloudlinux%2Falt-php74%2Froot%2Fetc%2Frpm HTTP/1.1" 403 1242 "-" "Mozilla/5.0 (Linux; Android 6.0.1; Nexus 5X Build/MMB29P) AppleWebKit/537.36 (KHTML, like Gecko) Chrome/135.0.7049.95 Mobile Safari/537.36 (compatible; Googlebot/2.1; +http://www.google.com/bot.html)"
66.249.68.65 - - [27/Apr/2025:05:58:14 -0400] "GET /about.php?action=edit&file=docutils&path=%2F%2Fopt%2Fimunify360%2Fvenv%2Fbin HTTP/1.1" 200 727 "-" "Mozilla/5.0 (Linux; Android 6.0.1; Nexus 5X Build/MMB29P) AppleWebKit/537.36 (KHTML, like Gecko) Chrome/135.0.7049.95 Mobile Safari/537.36 (compatible; Googlebot/2.1; +http://www.google.com/bot.html)"
47.128.29.106 - - [27/Apr/2025:05:58:22 -0400] "GET /about.php?path=%2F%2Fvar%2Fsoftaculous%2Fpaste%2Fphp71 HTTP/1.1" 200 836 "-" "Mozilla/5.0 (Linux; Android 5.0) AppleWebKit/537.36 (KHTML, like Gecko) Mobile Safari/537.36 (compatible; Bytespider; spider-feedback@bytedance.com)"
66.249.68.65 - - [27/Apr/2025:05:58:26 -0400] "GET /about.php?path=%2F%2Fopt%2Fcloudlinux%2Falt-php74%2Froot%2Fetc%2Fmariadb10 HTTP/1.1" 403 1242 "-" "Mozilla/5.0 (Linux; Android 6.0.1; Nexus 5X Build/MMB29P) AppleWebKit/537.36 (KHTML, like Gecko) Chrome/135.0.7049.95 Mobile Safari/537.36 (compatible; Googlebot/2.1; +http://www.google.com/bot.html)"
66.249.68.65 - - [27/Apr/2025:05:58:37 -0400] "GET /about.php?path=%2F%2Fopt%2Fcloudlinux%2Falt-php74%2Froot%2Fetc%2Fmariadb1011 HTTP/1.1" 403 1242 "-" "Mozilla/5.0 (Linux; Android 6.0.1; Nexus 5X Build/MMB29P) AppleWebKit/537.36 (KHTML, like Gecko) Chrome/135.0.7049.95 Mobile Safari/537.36 (compatible; Googlebot/2.1; +http://www.google.com/bot.html)"
66.249.68.65 - - [27/Apr/2025:05:58:48 -0400] "GET /about.php?action=edit&file=newrelic.xml&path=%2F%2Fopt%2Fcloudlinux%2Falt-php74%2Froot%2Fetc HTTP/1.1" 200 1002 "-" "Mozilla/5.0 (Linux; Android 6.0.1; Nexus 5X Build/MMB29P) AppleWebKit/537.36 (KHTML, like Gecko) Chrome/135.0.7049.95 Mobile Safari/537.36 (compatible; Googlebot/2.1; +http://www.google.com/bot.html)"
66.249.68.65 - - [27/Apr/2025:05:58:49 -0400] "GET /about.php?path=//opt/cloudlinux/alt-php52/root/link/conf HTTP/1.1" 200 1033 "-" "Mozilla/5.0 (Linux; Android 6.0.1; Nexus 5X Build/MMB29P) AppleWebKit/537.36 (KHTML, like Gecko) Chrome/135.0.7049.95 Mobile Safari/537.36 (compatible; Googlebot/2.1; +http://www.google.com/bot.html)"
66.249.68.65 - - [27/Apr/2025:05:58:54 -0400] "GET /about.php?path=%2F%2Fopt%2Fcloudlinux%2Falt-php74%2Froot%2Fetc%2Fphp-fpm.d HTTP/1.1" 403 1242 "-" "Mozilla/5.0 (Linux; Android 6.0.1; Nexus 5X Build/MMB29P) AppleWebKit/537.36 (KHTML, like Gecko) Chrome/135.0.7049.95 Mobile Safari/537.36 (compatible; Googlebot/2.1; +http://www.google.com/bot.html)"
47.128.49.191 - - [27/Apr/2025:05:58:57 -0400] "GET /about.php?path=%2F%2Fusr%2Flocal%2Fapache%2Fdomlogs HTTP/1.1" 200 708 "-" "Mozilla/5.0 (Linux; Android 5.0) AppleWebKit/537.36 (KHTML, like Gecko) Mobile Safari/537.36 (compatible; Bytespider; spider-feedback@bytedance.com)"
66.249.68.65 - - [27/Apr/2025:05:59:01 -0400] "GET /about.php?action=edit&file=rst2html4.py&path=%2F%2Fopt%2Fimunify360%2Fvenv%2Fbin HTTP/1.1" 200 1012 "-" "Mozilla/5.0 (Linux; Android 6.0.1; Nexus 5X Build/MMB29P) AppleWebKit/537.36 (KHTML, like Gecko) Chrome/135.0.7049.95 Mobile Safari/537.36 (compatible; Googlebot/2.1; +http://www.google.com/bot.html)"
90.156.142.33 - - [27/Apr/2025:05:59:06 -0400] "GET /wp-login.php HTTP/1.1" 200 2096 "-" "GRequests/0.10"
66.29.132.124 - - [27/Apr/2025:05:59:08 -0400] "POST /wp-cron.php?doing_wp_cron=1745747948.2038869857788085937500 HTTP/1.1" 403 1242 "-" "WordPress/6.8; https://mercurylondon.com"
90.156.142.33 - - [27/Apr/2025:05:59:06 -0400] "POST /wp-login.php HTTP/1.1" 200 2208 "-" "GRequests/0.10"
66.249.68.65 - - [27/Apr/2025:05:59:13 -0400] "GET /about.php?action=edit&file=jsonschema&path=%2F%2Fopt%2Fimunify360%2Fvenv%2Fbin HTTP/1.1" 200 731 "-" "Mozilla/5.0 (Linux; Android 6.0.1; Nexus 5X Build/MMB29P) AppleWebKit/537.36 (KHTML, like Gecko) Chrome/135.0.7049.95 Mobile Safari/537.36 (compatible; Googlebot/2.1; +http://www.google.com/bot.html)"
66.249.68.65 - - [27/Apr/2025:05:59:26 -0400] "GET /about.php?path=%2F%2Fopt%2Fcloudlinux%2Falt-php81%2Froot%2Fetc%2Fmariadb104 HTTP/1.1" 403 1242 "-" "Mozilla/5.0 (Linux; Android 6.0.1; Nexus 5X Build/MMB29P) AppleWebKit/537.36 (KHTML, like Gecko) Chrome/135.0.7049.95 Mobile Safari/537.36 (compatible; Googlebot/2.1; +http://www.google.com/bot.html)"
47.128.114.255 - - [27/Apr/2025:05:59:32 -0400] "GET /about.php?path=%2F%2Fvar%2Fsoftaculous%2Fseo%2Fphp56 HTTP/1.1" 200 856 "-" "Mozilla/5.0 (Linux; Android 5.0) AppleWebKit/537.36 (KHTML, like Gecko) Mobile Safari/537.36 (compatible; Bytespider; spider-feedback@bytedance.com)"
66.249.68.65 - - [27/Apr/2025:05:59:39 -0400] "GET /about.php?action=edit&file=pear.conf&path=%2F%2Fopt%2Fcloudlinux%2Falt-php81%2Froot%2Fetc HTTP/1.1" 200 994 "-" "Mozilla/5.0 (Linux; Android 6.0.1; Nexus 5X Build/MMB29P) AppleWebKit/537.36 (KHTML, like Gecko) Chrome/135.0.7049.95 Mobile Safari/537.36 (compatible; Googlebot/2.1; +http://www.google.com/bot.html)"
66.249.68.65 - - [27/Apr/2025:05:59:52 -0400] "GET /about.php?action=edit&file=textpad.cpython-38.pyc&path=%2F%2Fopt%2Falt%2Fpython38%2Flib64%2Fpython3.8%2Fcurses%2F__pycache__ HTTP/1.1" 200 3650 "-" "Mozilla/5.0 (Linux; Android 6.0.1; Nexus 5X Build/MMB29P) AppleWebKit/537.36 (KHTML, like Gecko) Chrome/135.0.7049.95 Mobile Safari/537.36 (compatible; GoogleOther)"
66.207.82.121 - - [27/Apr/2025:05:59:53 -0400] "GET /about.php?path=%2F%2Fhome%2Fmakmfewe%2Fetc%2Falyanaclothing.com HTTP/1.1" 403 1242 "-" "Mozilla/5.0 (Linux; Android 8.0; Pixel 2 Build/OPD3.170816.012) AppleWebKit/537.36 (KHTML, like Gecko) Chrome/41.0.8545.1370 Mobile Safari/537.36"
47.128.53.240 - - [27/Apr/2025:06:00:06 -0400] "GET /about.php?path=%2F%2Fhome%2Fmakmfewe%2Ffrugilo.com%2F.git%2Fobjects%2F18 HTTP/1.1" 200 856 "-" "Mozilla/5.0 (Linux; Android 5.0) AppleWebKit/537.36 (KHTML, like Gecko) Mobile Safari/537.36 (compatible; Bytespider; spider-feedback@bytedance.com)"
66.249.68.66 - - [27/Apr/2025:06:00:10 -0400] "GET /about.php?path=//opt/cloudlinux/alt-php84/root/usr HTTP/1.1" 200 824 "-" "Mozilla/5.0 (Linux; Android 6.0.1; Nexus 5X Build/MMB29P) AppleWebKit/537.36 (KHTML, like Gecko) Chrome/135.0.7049.95 Mobile Safari/537.36 (compatible; Googlebot/2.1; +http://www.google.com/bot.html)"
66.249.68.66 - - [27/Apr/2025:06:00:22 -0400] "GET /about.php?path=%2F%2Fopt%2Fcloudlinux%2Falt-php81%2Froot%2Fetc%2Fmariadb103 HTTP/1.1" 403 1242 "-" "Mozilla/5.0 (Linux; Android 6.0.1; Nexus 5X Build/MMB29P) AppleWebKit/537.36 (KHTML, like Gecko) Chrome/135.0.7049.95 Mobile Safari/537.36 (compatible; Googlebot/2.1; +http://www.google.com/bot.html)"
66.249.68.65 - - [27/Apr/2025:06:00:31 -0400] "GET /about.php?path=%2F%2Fopt%2Fcloudlinux%2Falt-php84%2Froot%2Fusr%2Fbin HTTP/1.1" 200 982 "-" "Mozilla/5.0 (Linux; Android 6.0.1; Nexus 5X Build/MMB29P) AppleWebKit/537.36 (KHTML, like Gecko) Chrome/135.0.7049.95 Mobile Safari/537.36 (compatible; Googlebot/2.1; +http://www.google.com/bot.html)"
47.128.52.236 - - [27/Apr/2025:06:00:41 -0400] "GET /about.php?path=%2F%2Fhome%2Fmakmfewe%2Fmail%2F.Drafts%2Ftmp HTTP/1.1" 200 725 "-" "Mozilla/5.0 (Linux; Android 5.0) AppleWebKit/537.36 (KHTML, like Gecko) Mobile Safari/537.36 (compatible; Bytespider; spider-feedback@bytedance.com)"
47.128.96.194 - - [27/Apr/2025:06:00:42 -0400] "GET /about.php?path=%2F%2Fvar%2Fsoftaculous%2Fwp53%2Fplugins HTTP/1.1" 200 836 "-" "Mozilla/5.0 (Linux; Android 5.0) AppleWebKit/537.36 (KHTML, like Gecko) Mobile Safari/537.36 (compatible; TikTokSpider; ttspider-feedback@tiktok.com)"
66.249.68.67 - - [27/Apr/2025:06:01:01 -0400] "GET /about.php?path=%2F%2Fopt%2Fcloudlinux%2Falt-php56%2Froot%2Fusr HTTP/1.1" 200 824 "-" "Mozilla/5.0 (Linux; Android 6.0.1; Nexus 5X Build/MMB29P) AppleWebKit/537.36 (KHTML, like Gecko) Chrome/135.0.7049.95 Mobile Safari/537.36 (compatible; Googlebot/2.1; +http://www.google.com/bot.html)"
66.249.68.66 - - [27/Apr/2025:06:01:13 -0400] "GET /about.php?path=%2F%2Fopt%2Fcloudlinux%2Falt-php82%2Froot%2Flink HTTP/1.1" 200 791 "-" "Mozilla/5.0 (Linux; Android 6.0.1; Nexus 5X Build/MMB29P) AppleWebKit/537.36 (KHTML, like Gecko) Chrome/135.0.7049.95 Mobile Safari/537.36 (compatible; Googlebot/2.1; +http://www.google.com/bot.html)"
47.128.55.207 - - [27/Apr/2025:06:01:15 -0400] "GET /about.php?path=%2F%2Fvar%2Fsoftaculous%2Fthelia%2Fphp81 HTTP/1.1" 200 837 "-" "Mozilla/5.0 (Linux; Android 5.0) AppleWebKit/537.36 (KHTML, like Gecko) Mobile Safari/537.36 (compatible; Bytespider; spider-feedback@bytedance.com)"
66.249.68.65 - - [27/Apr/2025:06:01:24 -0400] "GET /about.php?action=edit&file=mysqli.ini&path=%2F%2Fopt%2Fcloudlinux%2Falt-php52%2Froot%2Flink%2Fconf HTTP/1.1" 200 582 "-" "Mozilla/5.0 (Linux; Android 6.0.1; Nexus 5X Build/MMB29P) AppleWebKit/537.36 (KHTML, like Gecko) Chrome/135.0.7049.95 Mobile Safari/537.36 (compatible; Googlebot/2.1; +http://www.google.com/bot.html)"
66.249.68.65 - - [27/Apr/2025:06:01:35 -0400] "GET /about.php?action=edit&file=phar.ini&path=%2F%2Fopt%2Fcloudlinux%2Falt-php52%2Froot%2Flink%2Fconf HTTP/1.1" 200 578 "-" "Mozilla/5.0 (Linux; Android 6.0.1; Nexus 5X Build/MMB29P) AppleWebKit/537.36 (KHTML, like Gecko) Chrome/135.0.7049.95 Mobile Safari/537.36 (compatible; Googlebot/2.1; +http://www.google.com/bot.html)"
66.249.68.65 - - [27/Apr/2025:06:01:45 -0400] "GET /about.php?action=edit&file=posix.ini&path=%2F%2Fopt%2Fcloudlinux%2Falt-php52%2Froot%2Flink%2Fconf HTTP/1.1" 200 578 "-" "Mozilla/5.0 (Linux; Android 6.0.1; Nexus 5X Build/MMB29P) AppleWebKit/537.36 (KHTML, like Gecko) Chrome/135.0.7049.95 Mobile Safari/537.36 (compatible; Googlebot/2.1; +http://www.google.com/bot.html)"
47.128.114.33 - - [27/Apr/2025:06:01:50 -0400] "GET /about.php?path=%2F%2Fhome%2Fmakmfewe%2Fsh-fragrances.com%2Fwp-content%2Fplugins%2Floginizer HTTP/1.1" 200 979 "-" "Mozilla/5.0 (Linux; Android 5.0) AppleWebKit/537.36 (KHTML, like Gecko) Mobile Safari/537.36 (compatible; Bytespider; spider-feedback@bytedance.com)"
66.249.68.65 - - [27/Apr/2025:06:01:56 -0400] "GET /about.php?action=edit&file=pdo_sqlite.ini&path=%2F%2Fopt%2Fcloudlinux%2Falt-php52%2Froot%2Flink%2Fconf HTTP/1.1" 200 590 "-" "Mozilla/5.0 (Linux; Android 6.0.1; Nexus 5X Build/MMB29P) AppleWebKit/537.36 (KHTML, like Gecko) Chrome/135.0.7049.95 Mobile Safari/537.36 (compatible; Googlebot/2.1; +http://www.google.com/bot.html)"
47.128.22.154 - - [27/Apr/2025:06:02:25 -0400] "GET /about.php?path=%2F%2Fvar%2Fsoftaculous%2Fstripe HTTP/1.1" 200 1173 "-" "Mozilla/5.0 (Linux; Android 5.0) AppleWebKit/537.36 (KHTML, like Gecko) Mobile Safari/537.36 (compatible; Bytespider; spider-feedback@bytedance.com)"
66.249.68.67 - - [27/Apr/2025:06:02:28 -0400] "GET /about.php?action=edit&file=pdo.ini&path=%2F%2Fopt%2Fcloudlinux%2Falt-php52%2Froot%2Flink%2Fconf HTTP/1.1" 200 580 "-" "Mozilla/5.0 (Linux; Android 6.0.1; Nexus 5X Build/MMB29P) AppleWebKit/537.36 (KHTML, like Gecko) Chrome/135.0.7049.95 Mobile Safari/537.36 (compatible; Googlebot/2.1; +http://www.google.com/bot.html)"
66.249.68.66 - - [27/Apr/2025:06:02:39 -0400] "GET /about.php?action=edit&file=ioncube_loader.ini&path=%2F%2Fopt%2Fcloudlinux%2Falt-php52%2Froot%2Flink%2Fconf HTTP/1.1" 200 599 "-" "Mozilla/5.0 (Linux; Android 6.0.1; Nexus 5X Build/MMB29P) AppleWebKit/537.36 (KHTML, like Gecko) Chrome/135.0.7049.95 Mobile Safari/537.36 (compatible; Googlebot/2.1; +http://www.google.com/bot.html)"
66.249.68.66 - - [27/Apr/2025:06:02:40 -0400] "GET /about.php?action=edit&file=events.cpython-38.pyc&path=%2F%2Fopt%2Falt%2Fpython38%2Flib64%2Fpython3.8%2Fasyncio%2F__pycache__ HTTP/1.1" 200 9670 "-" "Mozilla/5.0 (Linux; Android 6.0.1; Nexus 5X Build/MMB29P) AppleWebKit/537.36 (KHTML, like Gecko) Chrome/135.0.7049.95 Mobile Safari/537.36 (compatible; GoogleOther)"
66.249.68.65 - - [27/Apr/2025:06:02:50 -0400] "GET /about.php?action=edit&file=mbstring.ini&path=%2F%2Fopt%2Fcloudlinux%2Falt-php52%2Froot%2Flink%2Fconf HTTP/1.1" 200 581 "-" "Mozilla/5.0 (Linux; Android 6.0.1; Nexus 5X Build/MMB29P) AppleWebKit/537.36 (KHTML, like Gecko) Chrome/135.0.7049.95 Mobile Safari/537.36 (compatible; Googlebot/2.1; +http://www.google.com/bot.html)"
47.128.111.47 - - [27/Apr/2025:06:02:59 -0400] "GET /about.php?path=%2F%2Fhome%2Fmakmfewe%2Flearningladder.academy%2Fwp-includes%2Fblock-patterns HTTP/1.1" 200 945 "-" "Mozilla/5.0 (Linux; Android 5.0) AppleWebKit/537.36 (KHTML, like Gecko) Mobile Safari/537.36 (compatible; Bytespider; spider-feedback@bytedance.com)"
66.249.68.65 - - [27/Apr/2025:06:03:01 -0400] "GET /about.php?path=//opt/cloudlinux/alt-php52/root/var/www HTTP/1.1" 200 822 "-" "Mozilla/5.0 (Linux; Android 6.0.1; Nexus 5X Build/MMB29P) AppleWebKit/537.36 (KHTML, like Gecko) Chrome/135.0.7049.95 Mobile Safari/537.36 (compatible; Googlebot/2.1; +http://www.google.com/bot.html)"
66.249.68.66 - - [27/Apr/2025:06:03:12 -0400] "GET /about.php?path=%2F%2Fopt%2Fcloudlinux%2Falt-php52%2Froot%2Fvar%2Fwww%2Fhtml HTTP/1.1" 200 752 "-" "Mozilla/5.0 (Linux; Android 6.0.1; Nexus 5X Build/MMB29P) AppleWebKit/537.36 (KHTML, like Gecko) Chrome/135.0.7049.95 Mobile Safari/537.36 (compatible; Googlebot/2.1; +http://www.google.com/bot.html)"
66.249.68.65 - - [27/Apr/2025:06:03:23 -0400] "GET /about.php?path=%2F%2Fopt%2Fcloudlinux%2Falt-php52%2Froot%2Fusr%2Flib64%2Fphp HTTP/1.1" 200 857 "-" "Mozilla/5.0 (Linux; Android 6.0.1; Nexus 5X Build/MMB29P) AppleWebKit/537.36 (KHTML, like Gecko) Chrome/135.0.7049.95 Mobile Safari/537.36 (compatible; Googlebot/2.1; +http://www.google.com/bot.html)"
47.128.126.242 - - [27/Apr/2025:06:03:34 -0400] "GET /about.php?path=%2F%2Fvar%2Fsoftaculous%2Fmicroweber HTTP/1.1" 200 1185 "-" "Mozilla/5.0 (Linux; Android 5.0) AppleWebKit/537.36 (KHTML, like Gecko) Mobile Safari/537.36 (compatible; Bytespider; spider-feedback@bytedance.com)"
66.249.68.65 - - [27/Apr/2025:06:03:45 -0400] "GET /about.php?path=%2F%2Fopt%2Fcloudlinux%2Falt-php52%2Froot%2Fvar%2Fwww%2Ficons HTTP/1.1" 200 846 "-" "Mozilla/5.0 (Linux; Android 6.0.1; Nexus 5X Build/MMB29P) AppleWebKit/537.36 (KHTML, like Gecko) Chrome/135.0.7049.95 Mobile Safari/537.36 (compatible; Googlebot/2.1; +http://www.google.com/bot.html)"
66.249.68.65 - - [27/Apr/2025:06:03:51 -0400] "GET /about.php?action=edit&file=python-3.8.pc&path=%2F%2Fopt%2Falt%2Fpython38%2Flib64%2Fpkgconfig HTTP/1.1" 200 712 "-" "Mozilla/5.0 (Linux; Android 6.0.1; Nexus 5X Build/MMB29P) AppleWebKit/537.36 (KHTML, like Gecko) Chrome/135.0.7049.95 Mobile Safari/537.36 (compatible; Googlebot/2.1; +http://www.google.com/bot.html)"
184.98.42.142 - - [27/Apr/2025:06:03:55 -0400] "GET /about.php?path=%2F%2Fopt%2Falt%2Fphp53%2Fetc%2Fmariadb1011 HTTP/1.1" 403 1242 "-" "Mozilla/5.0 (Linux; Android 8.0; Pixel 2 Build/OPD3.170816.012) AppleWebKit/537.36 (KHTML, like Gecko) Chrome/50.0.8027.1623 Mobile Safari/537.36"
66.249.68.67 - - [27/Apr/2025:06:04:03 -0400] "GET /about.php?action=edit&file=python-3.8-embed.pc&path=%2F%2Fopt%2Falt%2Fpython38%2Flib64%2Fpkgconfig HTTP/1.1" 200 726 "-" "Mozilla/5.0 (Linux; Android 6.0.1; Nexus 5X Build/MMB29P) AppleWebKit/537.36 (KHTML, like Gecko) Chrome/135.0.7049.95 Mobile Safari/537.36 (compatible; Googlebot/2.1; +http://www.google.com/bot.html)"
47.128.30.155 - - [27/Apr/2025:06:04:08 -0400] "GET /about.php?path=%2F%2Fhome%2Fmakmfewe%2Flearningladder.academy%2Fwp-includes%2Fblocks%2Ffile HTTP/1.1" 200 1007 "-" "Mozilla/5.0 (Linux; Android 5.0) AppleWebKit/537.36 (KHTML, like Gecko) Mobile Safari/537.36 (compatible; Bytespider; spider-feedback@bytedance.com)"
66.249.68.66 - - [27/Apr/2025:06:04:14 -0400] "GET /about.php?path=%2F%2Fopt%2Falt%2Fpython38%2Fshare%2Fdoc HTTP/1.1" 200 886 "-" "Mozilla/5.0 (Linux; Android 6.0.1; Nexus 5X Build/MMB29P) AppleWebKit/537.36 (KHTML, like Gecko) Chrome/135.0.7049.95 Mobile Safari/537.36 (compatible; Googlebot/2.1; +http://www.google.com/bot.html)"
66.249.68.66 - - [27/Apr/2025:06:04:14 -0400] "GET /about.php?path=%2F%2Fopt%2Fcloudlinux%2Falt-php52%2Froot%2Fusr%2Finclude%2Fphp HTTP/1.1" 200 877 "-" "Mozilla/5.0 (Linux; Android 6.0.1; Nexus 5X Build/MMB29P) AppleWebKit/537.36 (KHTML, like Gecko) Chrome/135.0.7049.95 Mobile Safari/537.36 (compatible; Googlebot/2.1; +http://www.google.com/bot.html)"
66.249.68.65 - - [27/Apr/2025:06:04:27 -0400] "GET /about.php?action=edit&file=python3-embed.pc&path=%2F%2Fopt%2Falt%2Fpython38%2Flib64%2Fpkgconfig HTTP/1.1" 200 723 "-" "Mozilla/5.0 (Linux; Android 6.0.1; Nexus 5X Build/MMB29P) AppleWebKit/537.36 (KHTML, like Gecko) Chrome/135.0.7049.95 Mobile Safari/537.36 (compatible; Googlebot/2.1; +http://www.google.com/bot.html)"
66.249.68.65 - - [27/Apr/2025:06:04:28 -0400] "GET /about.php?path=%2F%2Fopt%2Fcloudlinux%2Falt-php52%2Froot%2Fetc%2Fpear HTTP/1.1" 403 1242 "-" "Mozilla/5.0 (Linux; Android 6.0.1; Nexus 5X Build/MMB29P) AppleWebKit/537.36 (KHTML, like Gecko) Chrome/135.0.7049.95 Mobile Safari/537.36 (compatible; Googlebot/2.1; +http://www.google.com/bot.html)"
66.249.68.65 - - [27/Apr/2025:06:04:41 -0400] "GET /about.php?path=//opt/cloudlinux/alt-php70 HTTP/1.1" 200 796 "-" "Mozilla/5.0 (Linux; Android 6.0.1; Nexus 5X Build/MMB29P) AppleWebKit/537.36 (KHTML, like Gecko) Chrome/135.0.7049.95 Mobile Safari/537.36 (compatible; GoogleOther)"
47.128.96.175 - - [27/Apr/2025:06:04:42 -0400] "GET /about.php?path=%2F%2Fusr%2Fselector.etc HTTP/1.1" 200 753 "-" "Mozilla/5.0 (Linux; Android 5.0) AppleWebKit/537.36 (KHTML, like Gecko) Mobile Safari/537.36 (compatible; TikTokSpider; ttspider-feedback@tiktok.com)"
66.249.68.65 - - [27/Apr/2025:06:04:43 -0400] "GET /about.php?path=%2F%2Fopt%2Fcloudlinux%2Falt-php81%2Froot%2Flink HTTP/1.1" 200 791 "-" "Mozilla/5.0 (Linux; Android 6.0.1; Nexus 5X Build/MMB29P) AppleWebKit/537.36 (KHTML, like Gecko) Chrome/135.0.7049.95 Mobile Safari/537.36 (compatible; GoogleOther)"
47.128.110.193 - - [27/Apr/2025:06:04:43 -0400] "GET /about.php?path=%2F%2Fvar%2Fsoftaculous%2Fshopsite%2Fphp56 HTTP/1.1" 200 809 "-" "Mozilla/5.0 (Linux; Android 5.0) AppleWebKit/537.36 (KHTML, like Gecko) Mobile Safari/537.36 (compatible; Bytespider; spider-feedback@bytedance.com)"
66.249.68.65 - - [27/Apr/2025:06:04:45 -0400] "GET /about.php?path=%2F%2Fopt%2Falt%2Fpython38%2Fshare HTTP/1.1" 200 816 "-" "Mozilla/5.0 (Linux; Android 6.0.1; Nexus 5X Build/MMB29P) AppleWebKit/537.36 (KHTML, like Gecko) Chrome/135.0.7049.95 Mobile Safari/537.36 (compatible; GoogleOther)"
66.249.68.65 - - [27/Apr/2025:06:04:48 -0400] "GET /about.php?action=edit&file=runners.cpython-38.pyc&path=%2F%2Fopt%2Falt%2Fpython38%2Flib64%2Fpython3.8%2Fasyncio%2F__pycache__ HTTP/1.1" 200 1718 "-" "Mozilla/5.0 (Linux; Android 6.0.1; Nexus 5X Build/MMB29P) AppleWebKit/537.36 (KHTML, like Gecko) Chrome/135.0.7049.95 Mobile Safari/537.36 (compatible; GoogleOther)"
66.249.68.65 - - [27/Apr/2025:06:04:50 -0400] "GET /about.php?path=//opt/cloudlinux/alt-php70/root/link HTTP/1.1" 200 791 "-" "Mozilla/5.0 (Linux; Android 6.0.1; Nexus 5X Build/MMB29P) AppleWebKit/537.36 (KHTML, like Gecko) Chrome/135.0.7049.95 Mobile Safari/537.36 (compatible; GoogleOther)"
66.249.68.65 - - [27/Apr/2025:06:04:52 -0400] "GET /about.php?path=%2F%2Fopt%2Fcloudlinux%2Falt-php70%2Froot HTTP/1.1" 200 800 "-" "Mozilla/5.0 (Linux; Android 6.0.1; Nexus 5X Build/MMB29P) AppleWebKit/537.36 (KHTML, like Gecko) Chrome/135.0.7049.95 Mobile Safari/537.36 (compatible; GoogleOther)"
66.249.68.65 - - [27/Apr/2025:06:04:55 -0400] "GET /about.php?action=edit&file=format_helpers.cpython-38.pyc&path=%2F%2Fopt%2Falt%2Fpython38%2Flib64%2Fpython3.8%2Fasyncio%2F__pycache__ HTTP/1.1" 200 2039 "-" "Mozilla/5.0 (Linux; Android 6.0.1; Nexus 5X Build/MMB29P) AppleWebKit/537.36 (KHTML, like Gecko) Chrome/135.0.7049.95 Mobile Safari/537.36 (compatible; GoogleOther)"
66.249.68.65 - - [27/Apr/2025:06:04:57 -0400] "GET /about.php?action=edit&file=python3.pc&path=%2F%2Fopt%2Falt%2Fpython38%2Flib64%2Fpkgconfig HTTP/1.1" 200 710 "-" "Mozilla/5.0 (Linux; Android 6.0.1; Nexus 5X Build/MMB29P) AppleWebKit/537.36 (KHTML, like Gecko) Chrome/135.0.7049.95 Mobile Safari/537.36 (compatible; Googlebot/2.1; +http://www.google.com/bot.html)"
66.249.68.65 - - [27/Apr/2025:06:04:57 -0400] "GET /about.php?path=%2F%2Fopt%2Fcloudlinux%2Falt-php70%2Froot%2Fusr%2Fbin HTTP/1.1" 200 987 "-" "Mozilla/5.0 (Linux; Android 6.0.1; Nexus 5X Build/MMB29P) AppleWebKit/537.36 (KHTML, like Gecko) Chrome/135.0.7049.95 Mobile Safari/537.36 (compatible; GoogleOther)"
66.249.68.67 - - [27/Apr/2025:06:05:00 -0400] "GET /about.php?path=%2F%2Fopt%2Fcloudlinux%2Falt-php80 HTTP/1.1" 200 796 "-" "Mozilla/5.0 (Linux; Android 6.0.1; Nexus 5X Build/MMB29P) AppleWebKit/537.36 (KHTML, like Gecko) Chrome/135.0.7049.95 Mobile Safari/537.36 (compatible; GoogleOther)"
66.249.68.67 - - [27/Apr/2025:06:05:02 -0400] "GET /about.php?action=edit&file=queues.cpython-38.pyc&path=%2F%2Fopt%2Falt%2Fpython38%2Flib64%2Fpython3.8%2Fasyncio%2F__pycache__ HTTP/1.1" 200 4293 "-" "Mozilla/5.0 (Linux; Android 6.0.1; Nexus 5X Build/MMB29P) AppleWebKit/537.36 (KHTML, like Gecko) Chrome/135.0.7049.95 Mobile Safari/537.36 (compatible; GoogleOther)"
66.249.68.66 - - [27/Apr/2025:06:05:05 -0400] "GET /about.php?action=edit&file=tarfile.py&path=%2F%2Fopt%2Falt%2Fpython38%2Flib64%2Fpython3.8 HTTP/1.1" 200 27849 "-" "Mozilla/5.0 (Linux; Android 6.0.1; Nexus 5X Build/MMB29P) AppleWebKit/537.36 (KHTML, like Gecko) Chrome/135.0.7049.95 Mobile Safari/537.36 (compatible; Googlebot/2.1; +http://www.google.com/bot.html)"
66.249.68.65 - - [27/Apr/2025:06:05:05 -0400] "GET /about.php?path=//opt/alt/python38/etc HTTP/1.1" 200 793 "-" "Mozilla/5.0 (Linux; Android 6.0.1; Nexus 5X Build/MMB29P) AppleWebKit/537.36 (KHTML, like Gecko) Chrome/135.0.7049.95 Mobile Safari/537.36 (compatible; GoogleOther)"
47.128.111.17 - - [27/Apr/2025:06:05:17 -0400] "GET /about.php?path=%2F%2Fopt%2Fhc_python%2Flib%2Fpython3.12%2Fsite-packages%2Fzipp HTTP/1.1" 200 913 "-" "Mozilla/5.0 (Linux; Android 5.0) AppleWebKit/537.36 (KHTML, like Gecko) Mobile Safari/537.36 (compatible; Bytespider; spider-feedback@bytedance.com)"
66.249.68.65 - - [27/Apr/2025:06:05:19 -0400] "GET /about.php?path=%2F%2Fopt%2Falt%2Fpython38%2Flib64%2Fpython3.8%2Flib-dynload HTTP/1.1" 200 1865 "-" "Mozilla/5.0 (Linux; Android 6.0.1; Nexus 5X Build/MMB29P) AppleWebKit/537.36 (KHTML, like Gecko) Chrome/135.0.7049.95 Mobile Safari/537.36 (compatible; Googlebot/2.1; +http://www.google.com/bot.html)"
66.249.68.65 - - [27/Apr/2025:06:05:20 -0400] "GET /about.php?action=edit&file=string.py&path=%2F%2Fopt%2Falt%2Fpython38%2Flib64%2Fpython3.8 HTTP/1.1" 200 3881 "-" "Mozilla/5.0 (Linux; Android 6.0.1; Nexus 5X Build/MMB29P) AppleWebKit/537.36 (KHTML, like Gecko) Chrome/135.0.7049.95 Mobile Safari/537.36 (compatible; GoogleOther)"
66.249.68.65 - - [27/Apr/2025:06:05:33 -0400] "GET /about.php?path=%2F%2Fopt%2Falt%2Fpython38%2Flib64%2Fpython3.8%2Fhtml HTTP/1.1" 200 891 "-" "Mozilla/5.0 (Linux; Android 6.0.1; Nexus 5X Build/MMB29P) AppleWebKit/537.36 (KHTML, like Gecko) Chrome/135.0.7049.95 Mobile Safari/537.36 (compatible; Googlebot/2.1; +http://www.google.com/bot.html)"
66.249.68.65 - - [27/Apr/2025:06:05:36 -0400] "GET /about.php?action=edit&file=numbers.py&path=%2F%2Fopt%2Falt%2Fpython38%2Flib64%2Fpython3.8 HTTP/1.1" 200 3187 "-" "Mozilla/5.0 (Linux; Android 6.0.1; Nexus 5X Build/MMB29P) AppleWebKit/537.36 (KHTML, like Gecko) Chrome/135.0.7049.95 Mobile Safari/537.36 (compatible; GoogleOther)"
47.128.42.35 - - [27/Apr/2025:06:05:52 -0400] "GET /about.php?path=%2F%2Fvar%2Fsoftaculous%2Fphpwcms%2Fphp53 HTTP/1.1" 200 841 "-" "Mozilla/5.0 (Linux; Android 5.0) AppleWebKit/537.36 (KHTML, like Gecko) Mobile Safari/537.36 (compatible; Bytespider; spider-feedback@bytedance.com)"
66.249.68.65 - - [27/Apr/2025:06:05:55 -0400] "GET /about.php?action=edit&file=xmlreader.ini&path=%2F%2Fopt%2Fcloudlinux%2Falt-php52%2Froot%2Flink%2Fconf HTTP/1.1" 200 588 "-" "Mozilla/5.0 (Linux; Android 6.0.1; Nexus 5X Build/MMB29P) AppleWebKit/537.36 (KHTML, like Gecko) Chrome/135.0.7049.95 Mobile Safari/537.36 (compatible; Googlebot/2.1; +http://www.google.com/bot.html)"
66.249.68.65 - - [27/Apr/2025:06:05:56 -0400] "GET /about.php?action=edit&file=glob.py&path=%2F%2Fopt%2Falt%2Fpython38%2Flib64%2Fpython3.8 HTTP/1.1" 200 2261 "-" "Mozilla/5.0 (Linux; Android 6.0.1; Nexus 5X Build/MMB29P) AppleWebKit/537.36 (KHTML, like Gecko) Chrome/135.0.7049.95 Mobile Safari/537.36 (compatible; Googlebot/2.1; +http://www.google.com/bot.html)"
66.249.68.65 - - [27/Apr/2025:06:05:57 -0400] "GET /about.php?action=edit&file=__main__.py&path=%2F%2Fopt%2Falt%2Fpython38%2Flib64%2Fpython3.8%2Fasyncio HTTP/1.1" 200 1717 "-" "Mozilla/5.0 (Linux; Android 6.0.1; Nexus 5X Build/MMB29P) AppleWebKit/537.36 (KHTML, like Gecko) Chrome/135.0.7049.95 Mobile Safari/537.36 (compatible; GoogleOther)"
66.249.68.66 - - [27/Apr/2025:06:06:07 -0400] "GET /about.php?path=%2F%2Fopt%2Fcloudlinux%2Falt-php52%2Froot%2Fusr%2Fshare%2Fpear HTTP/1.1" 200 1152 "-" "Mozilla/5.0 (Linux; Android 6.0.1; Nexus 5X Build/MMB29P) AppleWebKit/537.36 (KHTML, like Gecko) Chrome/135.0.7049.95 Mobile Safari/537.36 (compatible; Googlebot/2.1; +http://www.google.com/bot.html)"
66.249.68.65 - - [27/Apr/2025:06:06:14 -0400] "GET /about.php?action=edit&file=transports.cpython-38.pyc&path=%2F%2Fopt%2Falt%2Fpython38%2Flib64%2Fpython3.8%2Fasyncio%2F__pycache__ HTTP/1.1" 200 4946 "-" "Mozilla/5.0 (Linux; Android 6.0.1; Nexus 5X Build/MMB29P) AppleWebKit/537.36 (KHTML, like Gecko) Chrome/135.0.7049.95 Mobile Safari/537.36 (compatible; GoogleOther)"
47.128.62.178 - - [27/Apr/2025:06:06:27 -0400] "GET /about.php?path=%2Fhome%2Fmakmfewe%2Fibnearif.com HTTP/1.1" 200 1241 "-" "Mozilla/5.0 (Linux; Android 5.0) AppleWebKit/537.36 (KHTML, like Gecko) Mobile Safari/537.36 (compatible; Bytespider; spider-feedback@bytedance.com)"
66.249.68.65 - - [27/Apr/2025:06:06:32 -0400] "GET /about.php?action=edit&file=selector_events.cpython-38.pyc&path=%2F%2Fopt%2Falt%2Fpython38%2Flib64%2Fpython3.8%2Fasyncio%2F__pycache__ HTTP/1.1" 200 12453 "-" "Mozilla/5.0 (Linux; Android 6.0.1; Nexus 5X Build/MMB29P) AppleWebKit/537.36 (KHTML, like Gecko) Chrome/135.0.7049.95 Mobile Safari/537.36 (compatible; GoogleOther)"
66.249.68.65 - - [27/Apr/2025:06:06:38 -0400] "GET /about.php?action=edit&file=audioop.cpython-38-x86_64-linux-gnu.so&path=%2F%2Fopt%2Falt%2Fpython38%2Flib64%2Fpython3.8%2Flib-dynload HTTP/1.1" 200 16106 "-" "Mozilla/5.0 (Linux; Android 6.0.1; Nexus 5X Build/MMB29P) AppleWebKit/537.36 (KHTML, like Gecko) Chrome/135.0.7049.95 Mobile Safari/537.36 (compatible; Googlebot/2.1; +http://www.google.com/bot.html)"
66.249.68.65 - - [27/Apr/2025:06:06:47 -0400] "GET /about.php?action=edit&file=tasks.cpython-38.pyc&path=%2F%2Fopt%2Falt%2Fpython38%2Flib64%2Fpython3.8%2Fasyncio%2F__pycache__ HTTP/1.1" 200 11493 "-" "Mozilla/5.0 (Linux; Android 6.0.1; Nexus 5X Build/MMB29P) AppleWebKit/537.36 (KHTML, like Gecko) Chrome/135.0.7049.95 Mobile Safari/537.36 (compatible; GoogleOther)"
66.249.68.65 - - [27/Apr/2025:06:06:53 -0400] "GET /about.php?path=//opt/cloudlinux/alt-php52/root/var/www/icons HTTP/1.1" 200 846 "-" "Mozilla/5.0 (Linux; Android 6.0.1; Nexus 5X Build/MMB29P) AppleWebKit/537.36 (KHTML, like Gecko) Chrome/135.0.7049.95 Mobile Safari/537.36 (compatible; Googlebot/2.1; +http://www.google.com/bot.html)"
47.128.119.164 - - [27/Apr/2025:06:07:01 -0400] "GET /about.php?path=%2F%2Fhome%2Fmakmfewe%2Fufoodspvtltd.com%2Fwp-includes%2Fcss%2Fdist%2Fwidgets HTTP/1.1" 200 891 "-" "Mozilla/5.0 (Linux; Android 5.0) AppleWebKit/537.36 (KHTML, like Gecko) Mobile Safari/537.36 (compatible; Bytespider; spider-feedback@bytedance.com)"
66.249.68.65 - - [27/Apr/2025:06:07:03 -0400] "GET /about.php?path=%2F%2Fopt%2Fcloudlinux%2Falt-php81%2Froot%2Fetc%2Fmysql5.5 HTTP/1.1" 403 1242 "-" "Mozilla/5.0 (Linux; Android 6.0.1; Nexus 5X Build/MMB29P) AppleWebKit/537.36 (KHTML, like Gecko) Chrome/135.0.7049.95 Mobile Safari/537.36 (compatible; GoogleOther)"
66.249.68.65 - - [27/Apr/2025:06:07:06 -0400] "GET /about.php?action=edit&file=proactor_events.cpython-38.pyc&path=%2F%2Fopt%2Falt%2Fpython38%2Flib64%2Fpython3.8%2Fasyncio%2F__pycache__ HTTP/1.1" 200 10485 "-" "Mozilla/5.0 (Linux; Android 6.0.1; Nexus 5X Build/MMB29P) AppleWebKit/537.36 (KHTML, like Gecko) Chrome/135.0.7049.95 Mobile Safari/537.36 (compatible; GoogleOther)"
66.249.68.65 - - [27/Apr/2025:06:07:08 -0400] "GET /about.php?path=%2F%2Fopt%2Fcloudlinux%2Falt-php82%2Froot%2Fetc%2Fmariadb105 HTTP/1.1" 403 1242 "-" "Mozilla/5.0 (Linux; Android 6.0.1; Nexus 5X Build/MMB29P) AppleWebKit/537.36 (KHTML, like Gecko) Chrome/135.0.7049.95 Mobile Safari/537.36 (compatible; GoogleOther)"
66.249.68.65 - - [27/Apr/2025:06:07:15 -0400] "GET /about.php?action=edit&file=readline.cpython-38-x86_64-linux-gnu.so&path=%2F%2Fopt%2Falt%2Fpython38%2Flib64%2Fpython3.8%2Flib-dynload HTTP/1.1" 200 11403 "-" "Mozilla/5.0 (Linux; Android 6.0.1; Nexus 5X Build/MMB29P) AppleWebKit/537.36 (KHTML, like Gecko) Chrome/135.0.7049.95 Mobile Safari/537.36 (compatible; Googlebot/2.1; +http://www.google.com/bot.html)"
66.249.68.65 - - [27/Apr/2025:06:07:24 -0400] "GET /about.php?action=edit&file=subprocess.cpython-38.pyc&path=%2F%2Fopt%2Falt%2Fpython38%2Flib64%2Fpython3.8%2Fasyncio%2F__pycache__ HTTP/1.1" 200 4035 "-" "Mozilla/5.0 (Linux; Android 6.0.1; Nexus 5X Build/MMB29P) AppleWebKit/537.36 (KHTML, like Gecko) Chrome/135.0.7049.95 Mobile Safari/537.36 (compatible; GoogleOther)"
66.249.68.65 - - [27/Apr/2025:06:07:26 -0400] "GET /about.php?path=%2F%2Fopt%2Fcloudlinux%2Falt-php52%2Froot%2Fusr%2Flib64%2Fphp%2Fbuild HTTP/1.1" 200 1059 "-" "Mozilla/5.0 (Linux; Android 6.0.1; Nexus 5X Build/MMB29P) AppleWebKit/537.36 (KHTML, like Gecko) Chrome/135.0.7049.95 Mobile Safari/537.36 (compatible; Googlebot/2.1; +http://www.google.com/bot.html)"
47.128.34.189 - - [27/Apr/2025:06:07:36 -0400] "GET /about.php?path=%2F%2Fopt%2Fhc_python%2Flib64%2Fpython3.12%2Fsite-packages%2Fcertifi%2F__pycache__ HTTP/1.1" 200 897 "-" "Mozilla/5.0 (Linux; Android 5.0) AppleWebKit/537.36 (KHTML, like Gecko) Mobile Safari/537.36 (compatible; Bytespider; spider-feedback@bytedance.com)"
66.249.68.65 - - [27/Apr/2025:06:07:37 -0400] "GET /about.php?action=edit&file=_bz2.cpython-38-x86_64-linux-gnu.so&path=%2F%2Fopt%2Falt%2Fpython38%2Flib64%2Fpython3.8%2Flib-dynload HTTP/1.1" 200 9787 "-" "Mozilla/5.0 (Linux; Android 6.0.1; Nexus 5X Build/MMB29P) AppleWebKit/537.36 (KHTML, like Gecko) Chrome/135.0.7049.95 Mobile Safari/537.36 (compatible; Googlebot/2.1; +http://www.google.com/bot.html)"
66.249.68.65 - - [27/Apr/2025:06:07:39 -0400] "GET /about.php?action=edit&file=ascii.cpython-38.pyc&path=%2F%2Fopt%2Falt%2Fpython38%2Flib64%2Fpython3.8%2Fcurses%2F__pycache__ HTTP/1.1" 200 2134 "-" "Mozilla/5.0 (Linux; Android 6.0.1; Nexus 5X Build/MMB29P) AppleWebKit/537.36 (KHTML, like Gecko) Chrome/135.0.7049.95 Mobile Safari/537.36 (compatible; GoogleOther)"
66.249.68.65 - - [27/Apr/2025:06:07:47 -0400] "GET /about.php?action=edit&file=php.gif&path=%2F%2Fopt%2Fcloudlinux%2Falt-php52%2Froot%2Fvar%2Fwww%2Ficons HTTP/1.1" 200 3060 "-" "Mozilla/5.0 (Linux; Android 6.0.1; Nexus 5X Build/MMB29P) AppleWebKit/537.36 (KHTML, like Gecko) Chrome/135.0.7049.95 Mobile Safari/537.36 (compatible; Googlebot/2.1; +http://www.google.com/bot.html)"
66.249.68.65 - - [27/Apr/2025:06:07:54 -0400] "GET /about.php?action=edit&file=staggered.cpython-38.pyc&path=%2F%2Fopt%2Falt%2Fpython38%2Flib64%2Fpython3.8%2Fasyncio%2F__pycache__ HTTP/1.1" 200 2889 "-" "Mozilla/5.0 (Linux; Android 6.0.1; Nexus 5X Build/MMB29P) AppleWebKit/537.36 (KHTML, like Gecko) Chrome/135.0.7049.95 Mobile Safari/537.36 (compatible; GoogleOther)"
66.249.68.65 - - [27/Apr/2025:06:07:58 -0400] "GET /about.php?action=edit&file=_lsprof.cpython-38-x86_64-linux-gnu.so&path=%2F%2Fopt%2Falt%2Fpython38%2Flib64%2Fpython3.8%2Flib-dynload HTTP/1.1" 200 7922 "-" "Mozilla/5.0 (Linux; Android 6.0.1; Nexus 5X Build/MMB29P) AppleWebKit/537.36 (KHTML, like Gecko) Chrome/135.0.7049.95 Mobile Safari/537.36 (compatible; Googlebot/2.1; +http://www.google.com/bot.html)"
66.249.68.65 - - [27/Apr/2025:06:07:59 -0400] "GET /about.php?path=//opt/cloudlinux/alt-php-internal HTTP/1.1" 200 799 "-" "Mozilla/5.0 (Linux; Android 6.0.1; Nexus 5X Build/MMB29P) AppleWebKit/537.36 (KHTML, like Gecko) Chrome/135.0.7049.95 Mobile Safari/537.36 (compatible; GoogleOther)"
66.249.68.65 - - [27/Apr/2025:06:08:03 -0400] "GET /about.php?action=edit&file=exceptions.cpython-38.pyc&path=%2F%2Fopt%2Falt%2Fpython38%2Flib64%2Fpython3.8%2Fasyncio%2F__pycache__ HTTP/1.1" 200 1762 "-" "Mozilla/5.0 (Linux; Android 6.0.1; Nexus 5X Build/MMB29P) AppleWebKit/537.36 (KHTML, like Gecko) Chrome/135.0.7049.95 Mobile Safari/537.36 (compatible; GoogleOther)"
66.249.68.65 - - [27/Apr/2025:06:08:08 -0400] "GET /about.php?action=edit&file=_blake2.cpython-38-x86_64-linux-gnu.so&path=%2F%2Fopt%2Falt%2Fpython38%2Flib64%2Fpython3.8%2Flib-dynload HTTP/1.1" 200 39576 "-" "Mozilla/5.0 (Linux; Android 6.0.1; Nexus 5X Build/MMB29P) AppleWebKit/537.36 (KHTML, like Gecko) Chrome/135.0.7049.95 Mobile Safari/537.36 (compatible; Googlebot/2.1; +http://www.google.com/bot.html)"
47.128.97.193 - - [27/Apr/2025:06:08:10 -0400] "GET /about.php?path=%2F%2Fusr%2Flib%2Fdracut%2Fmodules.d%2F01fips HTTP/1.1" 200 875 "-" "Mozilla/5.0 (Linux; Android 5.0) AppleWebKit/537.36 (KHTML, like Gecko) Mobile Safari/537.36 (compatible; Bytespider; spider-feedback@bytedance.com)"
66.249.68.65 - - [27/Apr/2025:06:08:12 -0400] "GET /about.php?action=edit&file=unix_events.cpython-38.pyc&path=%2F%2Fopt%2Falt%2Fpython38%2Flib64%2Fpython3.8%2Fasyncio%2F__pycache__ HTTP/1.1" 200 16188 "-" "Mozilla/5.0 (Linux; Android 6.0.1; Nexus 5X Build/MMB29P) AppleWebKit/537.36 (KHTML, like Gecko) Chrome/135.0.7049.95 Mobile Safari/537.36 (compatible; GoogleOther)"
66.249.68.65 - - [27/Apr/2025:06:08:21 -0400] "GET /about.php?action=edit&file=base_events.cpython-38.pyc&path=%2F%2Fopt%2Falt%2Fpython38%2Flib64%2Fpython3.8%2Fasyncio%2F__pycache__ HTTP/1.1" 200 22812 "-" "Mozilla/5.0 (Linux; Android 6.0.1; Nexus 5X Build/MMB29P) AppleWebKit/537.36 (KHTML, like Gecko) Chrome/135.0.7049.95 Mobile Safari/537.36 (compatible; GoogleOther)"
66.249.68.65 - - [27/Apr/2025:06:08:29 -0400] "GET /about.php?action=edit&file=_gdbm.cpython-38-x86_64-linux-gnu.so&path=%2F%2Fopt%2Falt%2Fpython38%2Flib64%2Fpython3.8%2Flib-dynload HTTP/1.1" 200 8530 "-" "Mozilla/5.0 (Linux; Android 6.0.1; Nexus 5X Build/MMB29P) AppleWebKit/537.36 (KHTML, like Gecko) Chrome/135.0.7049.95 Mobile Safari/537.36 (compatible; Googlebot/2.1; +http://www.google.com/bot.html)"
66.249.68.65 - - [27/Apr/2025:06:08:33 -0400] "GET /about.php?action=edit&file=windows_events.cpython-38.pyc&path=%2F%2Fopt%2Falt%2Fpython38%2Flib64%2Fpython3.8%2Fasyncio%2F__pycache__ HTTP/1.1" 200 10835 "-" "Mozilla/5.0 (Linux; Android 6.0.1; Nexus 5X Build/MMB29P) AppleWebKit/537.36 (KHTML, like Gecko) Chrome/135.0.7049.95 Mobile Safari/537.36 (compatible; GoogleOther)"
66.249.68.65 - - [27/Apr/2025:06:08:40 -0400] "GET /about.php?action=edit&file=_codecs_cn.cpython-38-x86_64-linux-gnu.so&path=%2F%2Fopt%2Falt%2Fpython38%2Flib64%2Fpython3.8%2Flib-dynload HTTP/1.1" 200 60451 "-" "Mozilla/5.0 (Linux; Android 6.0.1; Nexus 5X Build/MMB29P) AppleWebKit/537.36 (KHTML, like Gecko) Chrome/135.0.7049.95 Mobile Safari/537.36 (compatible; Googlebot/2.1; +http://www.google.com/bot.html)"
47.128.16.144 - - [27/Apr/2025:06:08:43 -0400] "GET /about.php?path=%2F%2Fopt%2Falt%2Fruby26%2Fshare%2Fdoc HTTP/1.1" 200 777 "-" "Mozilla/5.0 (Linux; Android 5.0) AppleWebKit/537.36 (KHTML, like Gecko) Mobile Safari/537.36 (compatible; TikTokSpider; ttspider-feedback@tiktok.com)"
47.128.28.112 - - [27/Apr/2025:06:08:45 -0400] "GET /about.php?path=%2F%2Fopt%2Fhc_python%2Flib64%2Fpython3.12%2Fsite-packages%2Fvirtualenv%2Fseed HTTP/1.1" 200 922 "-" "Mozilla/5.0 (Linux; Android 5.0) AppleWebKit/537.36 (KHTML, like Gecko) Mobile Safari/537.36 (compatible; Bytespider; spider-feedback@bytedance.com)"
66.249.68.65 - - [27/Apr/2025:06:08:51 -0400] "GET /about.php?action=edit&file=coroutines.cpython-38.pyc&path=%2F%2Fopt%2Falt%2Fpython38%2Flib64%2Fpython3.8%2Fasyncio%2F__pycache__ HTTP/1.1" 200 4052 "-" "Mozilla/5.0 (Linux; Android 6.0.1; Nexus 5X Build/MMB29P) AppleWebKit/537.36 (KHTML, like Gecko) Chrome/135.0.7049.95 Mobile Safari/537.36 (compatible; GoogleOther)"
66.249.68.66 - - [27/Apr/2025:06:09:01 -0400] "GET /about.php?action=edit&file=ossaudiodev.cpython-38-x86_64-linux-gnu.so&path=%2F%2Fopt%2Falt%2Fpython38%2Flib64%2Fpython3.8%2Flib-dynload HTTP/1.1" 200 10663 "-" "Mozilla/5.0 (Linux; Android 6.0.1; Nexus 5X Build/MMB29P) AppleWebKit/537.36 (KHTML, like Gecko) Chrome/135.0.7049.95 Mobile Safari/537.36 (compatible; Googlebot/2.1; +http://www.google.com/bot.html)"
66.249.68.65 - - [27/Apr/2025:06:09:08 -0400] "GET /about.php?action=edit&file=has_key.cpython-38.pyc&path=%2F%2Fopt%2Falt%2Fpython38%2Flib64%2Fpython3.8%2Fcurses%2F__pycache__ HTTP/1.1" 200 2703 "-" "Mozilla/5.0 (Linux; Android 6.0.1; Nexus 5X Build/MMB29P) AppleWebKit/537.36 (KHTML, like Gecko) Chrome/135.0.7049.95 Mobile Safari/537.36 (compatible; GoogleOther)"
47.128.124.238 - - [27/Apr/2025:06:09:15 -0400] "GET /about.php?path=%2F%2Fvar%2Fsoftaculous%2Fbackdrop%2Fphp71 HTTP/1.1" 200 862 "-" "Mozilla/5.0 (Linux; Android 5.0) AppleWebKit/537.36 (KHTML, like Gecko) Mobile Safari/537.36 (compatible; Bytespider; spider-feedback@bytedance.com)"
66.249.68.65 - - [27/Apr/2025:06:09:23 -0400] "GET /about.php?action=edit&file=_codecs_jp.cpython-38-x86_64-linux-gnu.so&path=%2F%2Fopt%2Falt%2Fpython38%2Flib64%2Fpython3.8%2Flib-dynload HTTP/1.1" 200 82654 "-" "Mozilla/5.0 (Linux; Android 6.0.1; Nexus 5X Build/MMB29P) AppleWebKit/537.36 (KHTML, like Gecko) Chrome/135.0.7049.95 Mobile Safari/537.36 (compatible; Googlebot/2.1; +http://www.google.com/bot.html)"
66.249.68.65 - - [27/Apr/2025:06:09:24 -0400] "GET /about.php?path=//opt/alt/python38/lib64/python3.8/asyncio HTTP/1.1" 200 1290 "-" "Mozilla/5.0 (Linux; Android 6.0.1; Nexus 5X Build/MMB29P) AppleWebKit/537.36 (KHTML, like Gecko) Chrome/135.0.7049.95 Mobile Safari/537.36 (compatible; Googlebot/2.1; +http://www.google.com/bot.html)"
66.249.68.65 - - [27/Apr/2025:06:09:27 -0400] "GET /about.php?action=edit&file=log.cpython-38.pyc&path=%2F%2Fopt%2Falt%2Fpython38%2Flib64%2Fpython3.8%2Fasyncio%2F__pycache__ HTTP/1.1" 200 757 "-" "Mozilla/5.0 (Linux; Android 6.0.1; Nexus 5X Build/MMB29P) AppleWebKit/537.36 (KHTML, like Gecko) Chrome/135.0.7049.95 Mobile Safari/537.36 (compatible; GoogleOther)"
66.249.68.65 - - [27/Apr/2025:06:09:36 -0400] "GET /about.php?action=edit&file=_sha512.cpython-38-x86_64-linux-gnu.so&path=%2F%2Fopt%2Falt%2Fpython38%2Flib64%2Fpython3.8%2Flib-dynload HTTP/1.1" 200 13083 "-" "Mozilla/5.0 (Linux; Android 6.0.1; Nexus 5X Build/MMB29P) AppleWebKit/537.36 (KHTML, like Gecko) Chrome/135.0.7049.95 Mobile Safari/537.36 (compatible; Googlebot/2.1; +http://www.google.com/bot.html)"
47.128.61.37 - - [27/Apr/2025:06:09:39 -0400] "GET /about.php?path=%2F%2Fopt%2Falt%2Falt-nodejs19%2Froot%2Flib HTTP/1.1" 200 860 "-" "Mozilla/5.0 (Linux; Android 5.0) AppleWebKit/537.36 (KHTML, like Gecko) Mobile Safari/537.36 (compatible; Bytespider; spider-feedback@bytedance.com)"
66.249.68.65 - - [27/Apr/2025:06:09:44 -0400] "GET /about.php?action=edit&file=base_tasks.cpython-38.pyc&path=%2F%2Fopt%2Falt%2Fpython38%2Flib64%2Fpython3.8%2Fasyncio%2F__pycache__ HTTP/1.1" 200 1838 "-" "Mozilla/5.0 (Linux; Android 6.0.1; Nexus 5X Build/MMB29P) AppleWebKit/537.36 (KHTML, like Gecko) Chrome/135.0.7049.95 Mobile Safari/537.36 (compatible; GoogleOther)"
66.249.68.65 - - [27/Apr/2025:06:09:48 -0400] "GET /about.php?action=edit&file=syslog.cpython-38-x86_64-linux-gnu.so&path=%2F%2Fopt%2Falt%2Fpython38%2Flib64%2Fpython3.8%2Flib-dynload HTTP/1.1" 200 4767 "-" "Mozilla/5.0 (Linux; Android 6.0.1; Nexus 5X Build/MMB29P) AppleWebKit/537.36 (KHTML, like Gecko) Chrome/135.0.7049.95 Mobile Safari/537.36 (compatible; Googlebot/2.1; +http://www.google.com/bot.html)"
66.249.68.65 - - [27/Apr/2025:06:09:48 -0400] "GET /about.php?action=edit&file=_socket.cpython-38-x86_64-linux-gnu.so&path=%2F%2Fopt%2Falt%2Fpython38%2Flib64%2Fpython3.8%2Flib-dynload HTTP/1.1" 200 35405 "-" "Mozilla/5.0 (Linux; Android 6.0.1; Nexus 5X Build/MMB29P) AppleWebKit/537.36 (KHTML, like Gecko) Chrome/135.0.7049.95 Mobile Safari/537.36 (compatible; Googlebot/2.1; +http://www.google.com/bot.html)"
66.249.68.65 - - [27/Apr/2025:06:09:54 -0400] "GET /about.php?action=edit&file=_xxsubinterpreters.cpython-38-x86_64-linux-gnu.so&path=%2F%2Fopt%2Falt%2Fpython38%2Flib64%2Fpython3.8%2Flib-dynload HTTP/1.1" 200 12918 "-" "Mozilla/5.0 (Linux; Android 6.0.1; Nexus 5X Build/MMB29P) AppleWebKit/537.36 (KHTML, like Gecko) Chrome/135.0.7049.95 Mobile Safari/537.36 (compatible; Googlebot/2.1; +http://www.google.com/bot.html)"
66.249.68.65 - - [27/Apr/2025:06:10:02 -0400] "GET /about.php?action=edit&file=base_futures.cpython-38.pyc&path=%2F%2Fopt%2Falt%2Fpython38%2Flib64%2Fpython3.8%2Fasyncio%2F__pycache__ HTTP/1.1" 200 1805 "-" "Mozilla/5.0 (Linux; Android 6.0.1; Nexus 5X Build/MMB29P) AppleWebKit/537.36 (KHTML, like Gecko) Chrome/135.0.7049.95 Mobile Safari/537.36 (compatible; GoogleOther)"
47.128.46.46 - - [27/Apr/2025:06:10:04 -0400] "GET /about.php?path=%2F%2Fvar%2Fsoftaculous%2Fopenb%2Fphp56 HTTP/1.1" 200 826 "-" "Mozilla/5.0 (Linux; Android 5.0) AppleWebKit/537.36 (KHTML, like Gecko) Mobile Safari/537.36 (compatible; Bytespider; spider-feedback@bytedance.com)"
66.249.68.65 - - [27/Apr/2025:06:10:04 -0400] "GET /about.php?action=edit&file=unicodedata.cpython-38-x86_64-linux-gnu.so&path=%2F%2Fopt%2Falt%2Fpython38%2Flib64%2Fpython3.8%2Flib-dynload HTTP/1.1" 200 314108 "-" "Mozilla/5.0 (Linux; Android 6.0.1; Nexus 5X Build/MMB29P) AppleWebKit/537.36 (KHTML, like Gecko) Chrome/135.0.7049.95 Mobile Safari/537.36 (compatible; Googlebot/2.1; +http://www.google.com/bot.html)"
66.249.68.65 - - [27/Apr/2025:06:10:20 -0400] "GET /about.php?path=%2F%2Fopt%2Fimunify360%2Fvenv%2Flib64%2Fpython3.11 HTTP/1.1" 200 791 "-" "Mozilla/5.0 (Linux; Android 6.0.1; Nexus 5X Build/MMB29P) AppleWebKit/537.36 (KHTML, like Gecko) Chrome/135.0.7049.95 Mobile Safari/537.36 (compatible; GoogleOther)"
66.249.68.65 - - [27/Apr/2025:06:10:21 -0400] "GET /about.php?action=edit&file=entities.py&path=%2F%2Fopt%2Falt%2Fpython38%2Flib64%2Fpython3.8%2Fhtml HTTP/1.1" 200 19288 "-" "Mozilla/5.0 (Linux; Android 6.0.1; Nexus 5X Build/MMB29P) AppleWebKit/537.36 (KHTML, like Gecko) Chrome/135.0.7049.95 Mobile Safari/537.36 (compatible; Googlebot/2.1; +http://www.google.com/bot.html)"
47.128.118.53 - - [27/Apr/2025:06:10:28 -0400] "GET /about.php?path=%2F%2Fhome%2Fmakmfewe%2Fdrshahidchudhary.com%2Fwp-includes%2FPHPMailer HTTP/1.1" 200 867 "-" "Mozilla/5.0 (Linux; Android 5.0) AppleWebKit/537.36 (KHTML, like Gecko) Mobile Safari/537.36 (compatible; Bytespider; spider-feedback@bytedance.com)"
66.249.68.65 - - [27/Apr/2025:06:10:32 -0400] "GET /about.php?action=edit&file=_curses.cpython-38-x86_64-linux-gnu.so&path=%2F%2Fopt%2Falt%2Fpython38%2Flib64%2Fpython3.8%2Flib-dynload HTTP/1.1" 200 39083 "-" "Mozilla/5.0 (Linux; Android 6.0.1; Nexus 5X Build/MMB29P) AppleWebKit/537.36 (KHTML, like Gecko) Chrome/135.0.7049.95 Mobile Safari/537.36 (compatible; Googlebot/2.1; +http://www.google.com/bot.html)"
