20.171.207.245 - - [28/Apr/2025:04:02:50 -0400] "GET /wp-includes/blocks/post-terms/?SD HTTP/1.1" 200 738 "-" "Mozilla/5.0 AppleWebKit/537.36 (KHTML, like Gecko; compatible; GPTBot/1.2; +https://openai.com/gptbot)"
20.171.207.245 - - [28/Apr/2025:04:02:51 -0400] "GET /wp-includes/blocks/post-terms/?MD HTTP/1.1" 200 738 "-" "Mozilla/5.0 AppleWebKit/537.36 (KHTML, like Gecko; compatible; GPTBot/1.2; +https://openai.com/gptbot)"
66.249.75.165 - - [28/Apr/2025:04:02:56 -0400] "GET /about.php?path=//opt/cloudlinux/venv/lib/python3.11/site-packages/attrs HTTP/1.1" 200 981 "-" "Mozilla/5.0 (Linux; Android 6.0.1; Nexus 5X Build/MMB29P) AppleWebKit/537.36 (KHTML, like Gecko) Chrome/135.0.7049.95 Mobile Safari/537.36 (compatible; GoogleOther)"
66.249.75.166 - - [28/Apr/2025:04:03:02 -0400] "GET /about.php?path=//proc/thread-self/root/opt/alt/php83/usr/share/doc/pear/Structures_Graph HTTP/1.1" 200 943 "-" "Mozilla/5.0 (Linux; Android 6.0.1; Nexus 5X Build/MMB29P) AppleWebKit/537.36 (KHTML, like Gecko) Chrome/135.0.7049.95 Mobile Safari/537.36 (compatible; GoogleOther)"
47.128.43.248 - - [28/Apr/2025:04:03:03 -0400] "GET /about.php?path=%2F%2Fvar%2Fsoftaculous%2Fsaurus HTTP/1.1" 200 988 "-" "Mozilla/5.0 (Linux; Android 5.0) AppleWebKit/537.36 (KHTML, like Gecko) Mobile Safari/537.36 (compatible; Bytespider; spider-feedback@bytedance.com)"
66.249.75.165 - - [28/Apr/2025:04:03:08 -0400] "GET /about.php?action=edit&file=instance.py&path=%2F%2Fopt%2Fimunify360%2Fvenv%2Flib%2Fpython3.11%2Fsite-packages%2Fdefence360agent%2Fmodel HTTP/1.1" 200 852 "-" "Mozilla/5.0 (Linux; Android 6.0.1; Nexus 5X Build/MMB29P) AppleWebKit/537.36 (KHTML, like Gecko) Chrome/135.0.7049.95 Mobile Safari/537.36 (compatible; GoogleOther)"
66.249.75.165 - - [28/Apr/2025:04:03:13 -0400] "GET /about.php?action=edit&file=__init__.py&path=%2F%2Fopt%2Fcloudlinux%2Fvenv%2Flib64%2Fpython3.11%2Fsite-packages%2Fyarl HTTP/1.1" 200 641 "-" "Mozilla/5.0 (Linux; Android 6.0.1; Nexus 5X Build/MMB29P) AppleWebKit/537.36 (KHTML, like Gecko) Chrome/135.0.7049.95 Mobile Safari/537.36 (compatible; GoogleOther)"
66.249.75.165 - - [28/Apr/2025:04:03:19 -0400] "GET /about.php?action=edit&file=langbulgarianmodel.py&path=%2F%2Fopt%2Fcloudlinux%2Fvenv%2Flib64%2Fpython3.11%2Fsite-packages%2Fchardet HTTP/1.1" 200 6153 "-" "Mozilla/5.0 (Linux; Android 6.0.1; Nexus 5X Build/MMB29P) AppleWebKit/537.36 (KHTML, like Gecko) Chrome/135.0.7049.95 Mobile Safari/537.36 (compatible; GoogleOther)"
66.249.75.165 - - [28/Apr/2025:04:03:25 -0400] "GET /about.php?path=%2F%2Fopt%2Fimunify360%2Fvenv%2Flib%2Fpython3.11%2Fsite-packages%2Fphpserialize-1.3.dist-info HTTP/1.1" 200 974 "-" "Mozilla/5.0 (Linux; Android 6.0.1; Nexus 5X Build/MMB29P) AppleWebKit/537.36 (KHTML, like Gecko) Chrome/135.0.7049.95 Mobile Safari/537.36 (compatible; GoogleOther)"
47.128.23.220 - - [28/Apr/2025:04:03:26 -0400] "GET /about.php?path=%2F%2Fvar%2Fsoftaculous%2Fzenario HTTP/1.1" 200 1115 "-" "Mozilla/5.0 (Linux; Android 5.0) AppleWebKit/537.36 (KHTML, like Gecko) Mobile Safari/537.36 (compatible; Bytespider; spider-feedback@bytedance.com)"
66.249.75.165 - - [28/Apr/2025:04:03:30 -0400] "GET /about.php?path=%2F%2Fopt%2Fimunify360%2Fvenv%2Flib%2Fpython3.11%2Fsite-packages%2Fsimplejson HTTP/1.1" 200 1079 "-" "Mozilla/5.0 (Linux; Android 6.0.1; Nexus 5X Build/MMB29P) AppleWebKit/537.36 (KHTML, like Gecko) Chrome/135.0.7049.95 Mobile Safari/537.36 (compatible; GoogleOther)"
66.249.75.165 - - [28/Apr/2025:04:03:36 -0400] "GET /about.php?path=%2F%2Fopt%2Fcloudlinux%2Fvenv%2Flib%2Fpython3.11%2Fsite-packages%2Ftoml-0.10.2.dist-info HTTP/1.1" 200 985 "-" "Mozilla/5.0 (Linux; Android 6.0.1; Nexus 5X Build/MMB29P) AppleWebKit/537.36 (KHTML, like Gecko) Chrome/135.0.7049.95 Mobile Safari/537.36 (compatible; GoogleOther)"
20.171.207.245 - - [28/Apr/2025:04:03:40 -0400] "GET /wp-includes/blocks/archives/ HTTP/1.1" 200 1078 "-" "Mozilla/5.0 AppleWebKit/537.36 (KHTML, like Gecko; compatible; GPTBot/1.2; +https://openai.com/gptbot)"
66.249.75.165 - - [28/Apr/2025:04:03:40 -0400] "GET /about.php?action=edit&file=INSTALLER&path=%2F%2Fopt%2Fcloudlinux%2Fvenv%2Flib64%2Fpython3.11%2Fsite-packages%2Faiohttp_jinja2-1.5.dist-info HTTP/1.1" 200 554 "-" "Mozilla/5.0 (Linux; Android 6.0.1; Nexus 5X Build/MMB29P) AppleWebKit/537.36 (KHTML, like Gecko) Chrome/135.0.7049.95 Mobile Safari/537.36 (compatible; GoogleOther)"
20.171.207.245 - - [28/Apr/2025:04:03:41 -0400] "GET /wp-includes/blocks/archives/?SA HTTP/1.1" 200 1078 "-" "Mozilla/5.0 AppleWebKit/537.36 (KHTML, like Gecko; compatible; GPTBot/1.2; +https://openai.com/gptbot)"
20.171.207.245 - - [28/Apr/2025:04:03:42 -0400] "GET /wp-includes/blocks/archives/block.json HTTP/1.1" 200 1437 "-" "Mozilla/5.0 AppleWebKit/537.36 (KHTML, like Gecko; compatible; GPTBot/1.2; +https://openai.com/gptbot)"
20.171.207.245 - - [28/Apr/2025:04:03:43 -0400] "GET /wp-includes/blocks/archives/?ND HTTP/1.1" 200 1077 "-" "Mozilla/5.0 AppleWebKit/537.36 (KHTML, like Gecko; compatible; GPTBot/1.2; +https://openai.com/gptbot)"
20.171.207.245 - - [28/Apr/2025:04:03:44 -0400] "GET /wp-includes/blocks/archives/editor-rtl.min.css HTTP/1.1" 200 97 "-" "Mozilla/5.0 AppleWebKit/537.36 (KHTML, like Gecko; compatible; GPTBot/1.2; +https://openai.com/gptbot)"
20.171.207.245 - - [28/Apr/2025:04:03:45 -0400] "GET /wp-includes/blocks/archives/editor-rtl.css HTTP/1.1" 200 112 "-" "Mozilla/5.0 AppleWebKit/537.36 (KHTML, like Gecko; compatible; GPTBot/1.2; +https://openai.com/gptbot)"
66.249.75.165 - - [28/Apr/2025:04:03:46 -0400] "GET /about.php?action=edit&file=marc_xml_008.phpt&path=%2F%2Fproc%2Fthread-self%2Froot%2Fopt%2Falt%2Fphp81%2Fusr%2Fshare%2Fpear%2Ftest%2FFile_MARC%2Ftests HTTP/1.1" 200 3369 "-" "Mozilla/5.0 (Linux; Android 6.0.1; Nexus 5X Build/MMB29P) AppleWebKit/537.36 (KHTML, like Gecko) Chrome/135.0.7049.95 Mobile Safari/537.36 (compatible; GoogleOther)"
20.171.207.245 - - [28/Apr/2025:04:03:47 -0400] "GET /wp-includes/blocks/archives/style-rtl.min.css HTTP/1.1" 200 89 "-" "Mozilla/5.0 AppleWebKit/537.36 (KHTML, like Gecko; compatible; GPTBot/1.2; +https://openai.com/gptbot)"
20.171.207.245 - - [28/Apr/2025:04:03:48 -0400] "GET /wp-includes/blocks/archives/?MA HTTP/1.1" 200 1083 "-" "Mozilla/5.0 AppleWebKit/537.36 (KHTML, like Gecko; compatible; GPTBot/1.2; +https://openai.com/gptbot)"
20.171.207.245 - - [28/Apr/2025:04:03:49 -0400] "GET /wp-includes/blocks/archives/style.min.css HTTP/1.1" 200 89 "-" "Mozilla/5.0 AppleWebKit/537.36 (KHTML, like Gecko; compatible; GPTBot/1.2; +https://openai.com/gptbot)"
20.171.207.245 - - [28/Apr/2025:04:03:50 -0400] "GET /wp-includes/blocks/archives/editor.min.css HTTP/1.1" 200 96 "-" "Mozilla/5.0 AppleWebKit/537.36 (KHTML, like Gecko; compatible; GPTBot/1.2; +https://openai.com/gptbot)"
20.171.207.245 - - [28/Apr/2025:04:03:51 -0400] "GET /wp-includes/blocks/archives/style-rtl.css HTTP/1.1" 200 101 "-" "Mozilla/5.0 AppleWebKit/537.36 (KHTML, like Gecko; compatible; GPTBot/1.2; +https://openai.com/gptbot)"
66.249.75.165 - - [28/Apr/2025:04:03:52 -0400] "GET /about.php?action=edit&file=unshare.cpython-311-x86_64-linux-gnu.so&path=%2F%2Fopt%2Fcloudlinux%2Fvenv%2Flib%2Fpython3.11%2Fsite-packages HTTP/1.1" 200 3082 "-" "Mozilla/5.0 (Linux; Android 6.0.1; Nexus 5X Build/MMB29P) AppleWebKit/537.36 (KHTML, like Gecko) Chrome/135.0.7049.95 Mobile Safari/537.36 (compatible; GoogleOther)"
47.128.33.100 - - [28/Apr/2025:04:03:52 -0400] "GET /about.php?path=%2F%2Fhome%2Fmakmfewe%2Fpublic_html%2Fgillindustry%2Fwp-includes%2Fblocks%2Fpattern HTTP/1.1" 200 858 "-" "Mozilla/5.0 (Linux; Android 5.0) AppleWebKit/537.36 (KHTML, like Gecko) Mobile Safari/537.36 (compatible; Bytespider; spider-feedback@bytedance.com)"
20.171.207.245 - - [28/Apr/2025:04:03:52 -0400] "GET /wp-includes/blocks/archives/?NA HTTP/1.1" 200 1078 "-" "Mozilla/5.0 AppleWebKit/537.36 (KHTML, like Gecko; compatible; GPTBot/1.2; +https://openai.com/gptbot)"
20.171.207.245 - - [28/Apr/2025:04:03:54 -0400] "GET /wp-includes/blocks/archives/?SD HTTP/1.1" 200 1085 "-" "Mozilla/5.0 AppleWebKit/537.36 (KHTML, like Gecko; compatible; GPTBot/1.2; +https://openai.com/gptbot)"
20.171.207.245 - - [28/Apr/2025:04:03:55 -0400] "GET /wp-includes/blocks/archives/style.css HTTP/1.1" 200 101 "-" "Mozilla/5.0 AppleWebKit/537.36 (KHTML, like Gecko; compatible; GPTBot/1.2; +https://openai.com/gptbot)"
20.171.207.245 - - [28/Apr/2025:04:03:56 -0400] "GET /wp-includes/blocks/archives/editor.css HTTP/1.1" 200 111 "-" "Mozilla/5.0 AppleWebKit/537.36 (KHTML, like Gecko; compatible; GPTBot/1.2; +https://openai.com/gptbot)"
66.249.75.165 - - [28/Apr/2025:04:03:57 -0400] "GET /about.php?path=//proc/thread-self/root/opt/alt/php81/usr/share/pear/PEAR HTTP/1.1" 200 1343 "-" "Mozilla/5.0 (Linux; Android 6.0.1; Nexus 5X Build/MMB29P) AppleWebKit/537.36 (KHTML, like Gecko) Chrome/135.0.7049.95 Mobile Safari/537.36 (compatible; GoogleOther)"
20.171.207.245 - - [28/Apr/2025:04:03:57 -0400] "GET /wp-includes/blocks/archives/?MD HTTP/1.1" 200 1084 "-" "Mozilla/5.0 AppleWebKit/537.36 (KHTML, like Gecko; compatible; GPTBot/1.2; +https://openai.com/gptbot)"
66.249.75.167 - - [28/Apr/2025:04:04:02 -0400] "GET /about.php?action=edit&file=sockets.so&path=%2F%2Fproc%2Fthread-self%2Froot%2Fopt%2Falt%2Fphp81%2Fusr%2Flib64%2Fphp%2Fmodules HTTP/1.1" 200 37569 "-" "Mozilla/5.0 (Linux; Android 6.0.1; Nexus 5X Build/MMB29P) AppleWebKit/537.36 (KHTML, like Gecko) Chrome/135.0.7049.95 Mobile Safari/537.36 (compatible; GoogleOther)"
47.128.35.159 - - [28/Apr/2025:04:01:42 -0400] "GET /about.php?path=%2F%2Fhome%2Fmakmfewe%2Fdentistring.com%2Fwp-content%2Fthemes%2Ftwentytwentythree%2Fpatterns HTTP/1.1" 200 1014 "-" "Mozilla/5.0 (Linux; Android 5.0) AppleWebKit/537.36 (KHTML, like Gecko) Mobile Safari/537.36 (compatible; Bytespider; spider-feedback@bytedance.com)"
47.128.16.160 - - [28/Apr/2025:04:01:47 -0400] "GET /wp-includes/js/tinymce/plugins/wpview/ HTTP/1.1" 200 676 "-" "Mozilla/5.0 (Linux; Android 5.0) AppleWebKit/537.36 (KHTML, like Gecko) Mobile Safari/537.36 (compatible; TikTokSpider; ttspider-feedback@tiktok.com)"
66.249.75.165 - - [28/Apr/2025:04:01:48 -0400] "GET /about.php?path=%2F%2Fopt%2Fcloudlinux%2Fvenv%2Flib64%2Fpython3.11%2Fsite-packages%2Fwcwidth-0.2.6.dist-info HTTP/1.1" 200 1003 "-" "Mozilla/5.0 (Linux; Android 6.0.1; Nexus 5X Build/MMB29P) AppleWebKit/537.36 (KHTML, like Gecko) Chrome/135.0.7049.95 Mobile Safari/537.36 (compatible; GoogleOther)"
66.249.75.165 - - [28/Apr/2025:04:01:55 -0400] "GET /about.php?action=edit&file=_funcs.py&path=%2F%2Fopt%2Fcloudlinux%2Fvenv%2Flib%2Fpython3.11%2Fsite-packages%2Fattr HTTP/1.1" 200 4694 "-" "Mozilla/5.0 (Linux; Android 6.0.1; Nexus 5X Build/MMB29P) AppleWebKit/537.36 (KHTML, like Gecko) Chrome/135.0.7049.95 Mobile Safari/537.36 (compatible; GoogleOther)"
66.249.75.166 - - [28/Apr/2025:04:04:08 -0400] "GET /about.php?action=edit&file=pkgconfig.py&path=%2F%2Fopt%2Fimunify360%2Fvenv%2Flib%2Fpython3.11%2Fsite-packages%2Fcffi HTTP/1.1" 200 2053 "-" "Mozilla/5.0 (Linux; Android 6.0.1; Nexus 5X Build/MMB29P) AppleWebKit/537.36 (KHTML, like Gecko) Chrome/135.0.7049.95 Mobile Safari/537.36 (compatible; GoogleOther)"
170.148.244.20 - - [28/Apr/2025:04:04:15 -0400] "GET /wp-content/uploads/2024/01/image-removebg-preview-1.png HTTP/1.1" 304 0 "-" "Mozilla/4.0 (compatible;)"
66.249.75.165 - - [28/Apr/2025:04:04:15 -0400] "GET /about.php?path=%2F%2Fopt%2Fimunify360%2Fvenv%2Flib%2Fpython3.11%2Fsite-packages%2F_distutils_hack HTTP/1.1" 200 916 "-" "Mozilla/5.0 (Linux; Android 6.0.1; Nexus 5X Build/MMB29P) AppleWebKit/537.36 (KHTML, like Gecko) Chrome/135.0.7049.95 Mobile Safari/537.36 (compatible; GoogleOther)"
47.128.40.221 - - [28/Apr/2025:04:04:18 -0400] "GET /about.php?path=%2F%2Fvar%2Fsoftaculous%2Fzentao%2Fphp71 HTTP/1.1" 200 843 "-" "Mozilla/5.0 (Linux; Android 5.0) AppleWebKit/537.36 (KHTML, like Gecko) Mobile Safari/537.36 (compatible; Bytespider; spider-feedback@bytedance.com)"
66.249.75.165 - - [28/Apr/2025:04:04:22 -0400] "GET /about.php?action=edit&file=locked_extensions.ini&path=%2F%2Fopt%2Falt%2Fruby31%2Fetc HTTP/1.1" 200 656 "-" "Mozilla/5.0 (Linux; Android 6.0.1; Nexus 5X Build/MMB29P) AppleWebKit/537.36 (KHTML, like Gecko) Chrome/135.0.7049.95 Mobile Safari/537.36 (compatible; GoogleOther)"
66.249.75.165 - - [28/Apr/2025:04:04:28 -0400] "GET /about.php?path=%2F%2Fproc%2Fthread-self%2Froot%2Fproc%2Firq%2F34%2Fvirtio1-config HTTP/1.1" 200 750 "-" "Mozilla/5.0 (Linux; Android 6.0.1; Nexus 5X Build/MMB29P) AppleWebKit/537.36 (KHTML, like Gecko) Chrome/135.0.7049.95 Mobile Safari/537.36 (compatible; GoogleOther)"
66.249.75.165 - - [28/Apr/2025:04:04:35 -0400] "GET /about.php?action=edit&file=fix_itertools_imports.cpython-38.pyc&path=%2F%2Fopt%2Falt%2Fpython38%2Flib64%2Fpython3.8%2Flib2to3%2Ffixes%2F__pycache__ HTTP/1.1" 200 1709 "-" "Mozilla/5.0 (Linux; Android 6.0.1; Nexus 5X Build/MMB29P) AppleWebKit/537.36 (KHTML, like Gecko) Chrome/135.0.7049.95 Mobile Safari/537.36 (compatible; GoogleOther)"
66.249.75.165 - - [28/Apr/2025:04:04:41 -0400] "GET /about.php?action=edit&file=_reflect.py&path=%2F%2Fopt%2Fcloudlinux%2Fvenv%2Flib%2Fpython3.11%2Fsite-packages%2Fjsonschema HTTP/1.1" 200 2437 "-" "Mozilla/5.0 (Linux; Android 6.0.1; Nexus 5X Build/MMB29P) AppleWebKit/537.36 (KHTML, like Gecko) Chrome/135.0.7049.95 Mobile Safari/537.36 (compatible; GoogleOther)"
47.128.39.189 - - [28/Apr/2025:04:04:44 -0400] "GET /about.php?path=%2F%2Fvar%2Fsoftaculous%2Fricar%2Fphp81 HTTP/1.1" 200 839 "-" "Mozilla/5.0 (Linux; Android 5.0) AppleWebKit/537.36 (KHTML, like Gecko) Mobile Safari/537.36 (compatible; Bytespider; spider-feedback@bytedance.com)"
66.249.75.165 - - [28/Apr/2025:04:04:47 -0400] "GET /about.php?path=%2F%2Fopt%2Fcloudlinux%2Fvenv%2Flib64%2Fpython3.11%2Fsite-packages%2Fgitdb%2Ftest HTTP/1.1" 200 1001 "-" "Mozilla/5.0 (Linux; Android 6.0.1; Nexus 5X Build/MMB29P) AppleWebKit/537.36 (KHTML, like Gecko) Chrome/135.0.7049.95 Mobile Safari/537.36 (compatible; GoogleOther)"
66.249.75.165 - - [28/Apr/2025:04:04:56 -0400] "GET /about.php?path=//opt/alt/python38/lib/python3.8/site-packages/urllib3/contrib/_securetransport HTTP/1.1" 200 964 "-" "Mozilla/5.0 (Linux; Android 6.0.1; Nexus 5X Build/MMB29P) AppleWebKit/537.36 (KHTML, like Gecko) Chrome/135.0.7049.95 Mobile Safari/537.36 (compatible; GoogleOther)"
66.249.75.167 - - [28/Apr/2025:04:05:05 -0400] "GET /about.php?action=edit&file=indonesian_stemmer.py&path=%2F%2Fopt%2Fcloudlinux%2Fvenv%2Flib64%2Fpython3.11%2Fsite-packages%2Fsnowballstemmer HTTP/1.1" 200 1906 "-" "Mozilla/5.0 (Linux; Android 6.0.1; Nexus 5X Build/MMB29P) AppleWebKit/537.36 (KHTML, like Gecko) Chrome/135.0.7049.95 Mobile Safari/537.36 (compatible; GoogleOther)"
66.249.75.166 - - [28/Apr/2025:04:05:12 -0400] "GET /about.php?path=%2F%2Fopt%2Fimunify360%2Fvenv%2Flib%2Fpython3.11%2Fsite-packages%2Fcffi-1.15.1.dist-info HTTP/1.1" 200 1005 "-" "Mozilla/5.0 (Linux; Android 6.0.1; Nexus 5X Build/MMB29P) AppleWebKit/537.36 (KHTML, like Gecko) Chrome/135.0.7049.95 Mobile Safari/537.36 (compatible; GoogleOther)"
20.171.207.245 - - [28/Apr/2025:04:05:16 -0400] "GET /xmrlpc.php HTTP/1.1" 403 0 "-" "Mozilla/5.0 AppleWebKit/537.36 (KHTML, like Gecko; compatible; GPTBot/1.2; +https://openai.com/gptbot)"
66.249.75.165 - - [28/Apr/2025:04:05:19 -0400] "GET /about.php?action=edit&file=METADATA&path=%2F%2Fopt%2Fcloudlinux%2Fvenv%2Flib64%2Fpython3.11%2Fsite-packages%2Fguppy3-3.1.3.dist-info HTTP/1.1" 200 3181 "-" "Mozilla/5.0 (Linux; Android 6.0.1; Nexus 5X Build/MMB29P) AppleWebKit/537.36 (KHTML, like Gecko) Chrome/135.0.7049.95 Mobile Safari/537.36 (compatible; GoogleOther)"
66.249.75.165 - - [28/Apr/2025:04:05:28 -0400] "GET /about.php?action=edit&file=INSTALLER&path=%2F%2Fopt%2Fimunify360%2Fvenv%2Flib64%2Fpython3.11%2Fsite-packages%2FBabel-2.12.1.dist-info HTTP/1.1" 200 554 "-" "Mozilla/5.0 (Linux; Android 6.0.1; Nexus 5X Build/MMB29P) AppleWebKit/537.36 (KHTML, like Gecko) Chrome/135.0.7049.95 Mobile Safari/537.36 (compatible; GoogleOther)"
66.249.75.165 - - [28/Apr/2025:04:05:36 -0400] "GET /about.php?action=edit&file=main.cpython-38.pyc&path=%2F%2Fopt%2Falt%2Fpython38%2Flib%2Fpython3.8%2Fsite-packages%2Fpip%2F_internal%2Fcli%2F__pycache__ HTTP/1.1" 200 1530 "-" "Mozilla/5.0 (Linux; Android 6.0.1; Nexus 5X Build/MMB29P) AppleWebKit/537.36 (KHTML, like Gecko) Chrome/135.0.7049.95 Mobile Safari/537.36 (compatible; GoogleOther)"
66.249.75.165 - - [28/Apr/2025:04:05:43 -0400] "GET /about.php?action=edit&file=ffiplatform.py&path=%2F%2Fopt%2Fcloudlinux%2Fvenv%2Flib64%2Fpython3.11%2Fsite-packages%2Fcffi HTTP/1.1" 200 2085 "-" "Mozilla/5.0 (Linux; Android 6.0.1; Nexus 5X Build/MMB29P) AppleWebKit/537.36 (KHTML, like Gecko) Chrome/135.0.7049.95 Mobile Safari/537.36 (compatible; GoogleOther)"
66.102.132.163 - - [28/Apr/2025:04:05:43 -0400] "POST /xmlrpc.php HTTP/1.1" 403 1242 "https://mercurylondon.com" "Mozilla/5.0 (Windows NT 10.0; Win64; x64) AppleWebKit/537.36 (KHTML, like Gecko) Chrome/116.0.5845.96 Safari/537.36"
47.128.16.183 - - [28/Apr/2025:04:05:47 -0400] "GET /about.php?path=%2F%2Fhome%2Fmakmfewe%2Fsh-fragrances.com%2Fwp-includes%2Fcertificates HTTP/1.1" 200 828 "-" "Mozilla/5.0 (Linux; Android 5.0) AppleWebKit/537.36 (KHTML, like Gecko) Mobile Safari/537.36 (compatible; TikTokSpider; ttspider-feedback@tiktok.com)"
66.249.75.165 - - [28/Apr/2025:04:05:52 -0400] "GET /about.php?action=edit&file=installer.py&path=%2F%2Fopt%2Fimunify360%2Fvenv%2Flib%2Fpython3.11%2Fsite-packages%2Fsetuptools HTTP/1.1" 200 2449 "-" "Mozilla/5.0 (Linux; Android 6.0.1; Nexus 5X Build/MMB29P) AppleWebKit/537.36 (KHTML, like Gecko) Chrome/135.0.7049.95 Mobile Safari/537.36 (compatible; GoogleOther)"
66.249.75.165 - - [28/Apr/2025:04:05:59 -0400] "GET /about.php?action=edit&file=effective_affinity_list&path=%2F%2Fproc%2Fthread-self%2Froot%2Fproc%2Firq%2F12 HTTP/1.1" 200 557 "-" "Mozilla/5.0 (Linux; Android 6.0.1; Nexus 5X Build/MMB29P) AppleWebKit/537.36 (KHTML, like Gecko) Chrome/135.0.7049.95 Mobile Safari/537.36 (compatible; GoogleOther)"
66.249.75.165 - - [28/Apr/2025:04:06:07 -0400] "GET /about.php?path=%2F%2Fopt%2Falt%2Fruby24%2Flib64%2Fruby%2F2.4.0%2Fx86_64-linux%2Fio HTTP/1.1" 200 892 "-" "Mozilla/5.0 (Linux; Android 6.0.1; Nexus 5X Build/MMB29P) AppleWebKit/537.36 (KHTML, like Gecko) Chrome/135.0.7049.95 Mobile Safari/537.36 (compatible; GoogleOther)"
2.100.110.34 - - [28/Apr/2025:04:06:11 -0400] "GET /about.php?path=%2F%2Fopt%2Falt%2Fphp80%2Fetc%2Fmariadb1011 HTTP/1.1" 403 1242 "-" "Mozilla/5.0 (Linux; Android 6.0; Nexus 5 Build/MRA58N) AppleWebKit/537.36 (KHTML, like Gecko) Chrome/57.0.6864.1699 Mobile Safari/537.36"
66.249.75.165 - - [28/Apr/2025:04:06:16 -0400] "GET /about.php?action=edit&file=music.xml&path=%2F%2Fproc%2Fthread-self%2Froot%2Fopt%2Falt%2Fphp81%2Fusr%2Fshare%2Fpear%2Ftest%2FFile_MARC%2Ftests HTTP/1.1" 200 2859 "-" "Mozilla/5.0 (Linux; Android 6.0.1; Nexus 5X Build/MMB29P) AppleWebKit/537.36 (KHTML, like Gecko) Chrome/135.0.7049.95 Mobile Safari/537.36 (compatible; GoogleOther)"
85.208.96.193 - - [28/Apr/2025:04:06:27 -0400] "GET /wp-includes/compat.php HTTP/1.1" 403 1242 "-" "Mozilla/5.0 (compatible; SemrushBot/7~bl; +http://www.semrush.com/bot.html)"
66.249.75.165 - - [28/Apr/2025:04:06:27 -0400] "GET /about.php?action=edit&file=cp874.cpython-38.pyc&path=%2F%2Fopt%2Falt%2Fpython38%2Flib64%2Fpython3.8%2Fencodings%2F__pycache__ HTTP/1.1" 200 1943 "-" "Mozilla/5.0 (Linux; Android 6.0.1; Nexus 5X Build/MMB29P) AppleWebKit/537.36 (KHTML, like Gecko) Chrome/135.0.7049.95 Mobile Safari/537.36 (compatible; GoogleOther)"
69.171.231.115 - - [28/Apr/2025:04:06:32 -0400] "GET /robots.txt HTTP/1.1" 206 1091 "-" "facebookexternalhit/1.1 (+http://www.facebook.com/externalhit_uatext.php)"
66.249.75.165 - - [28/Apr/2025:04:06:42 -0400] "GET /about.php?action=edit&file=iso2022_jp.cpython-38.pyc&path=%2F%2Fopt%2Falt%2Fpython38%2Flib64%2Fpython3.8%2Fencodings%2F__pycache__ HTTP/1.1" 200 1247 "-" "Mozilla/5.0 (Linux; Android 6.0.1; Nexus 5X Build/MMB29P) AppleWebKit/537.36 (KHTML, like Gecko) Chrome/135.0.7049.95 Mobile Safari/537.36 (compatible; GoogleOther)"
66.249.75.165 - - [28/Apr/2025:04:06:49 -0400] "GET /about.php?action=edit&file=serializer.py&path=%2F%2Fopt%2Fimunify360%2Fvenv%2Flib64%2Fpython3.11%2Fsite-packages%2Fsentry_sdk HTTP/1.1" 200 5461 "-" "Mozilla/5.0 (Linux; Android 6.0.1; Nexus 5X Build/MMB29P) AppleWebKit/537.36 (KHTML, like Gecko) Chrome/135.0.7049.95 Mobile Safari/537.36 (compatible; GoogleOther)"
66.249.75.165 - - [28/Apr/2025:04:06:56 -0400] "GET /about.php?action=edit&file=headers.cpython-38.pyc&path=%2F%2Fopt%2Falt%2Fpython38%2Flib64%2Fpython3.8%2Fwsgiref%2F__pycache__ HTTP/1.1" 200 3893 "-" "Mozilla/5.0 (Linux; Android 6.0.1; Nexus 5X Build/MMB29P) AppleWebKit/537.36 (KHTML, like Gecko) Chrome/135.0.7049.95 Mobile Safari/537.36 (compatible; GoogleOther)"
66.249.75.167 - - [28/Apr/2025:04:07:09 -0400] "GET /about.php?action=edit&file=gbk.cpython-38.pyc&path=%2F%2Fopt%2Falt%2Fpython38%2Flib64%2Fpython3.8%2Fencodings%2F__pycache__ HTTP/1.1" 200 1240 "-" "Mozilla/5.0 (Linux; Android 6.0.1; Nexus 5X Build/MMB29P) AppleWebKit/537.36 (KHTML, like Gecko) Chrome/135.0.7049.95 Mobile Safari/537.36 (compatible; GoogleOther)"
66.249.75.165 - - [28/Apr/2025:04:07:14 -0400] "GET /about.php?action=edit&file=gb2312.cpython-38.pyc&path=%2F%2Fopt%2Falt%2Fpython38%2Flib64%2Fpython3.8%2Fencodings%2F__pycache__ HTTP/1.1" 200 1241 "-" "Mozilla/5.0 (Linux; Android 6.0.1; Nexus 5X Build/MMB29P) AppleWebKit/537.36 (KHTML, like Gecko) Chrome/135.0.7049.95 Mobile Safari/537.36 (compatible; GoogleOther)"
66.249.75.165 - - [28/Apr/2025:04:07:19 -0400] "GET /about.php?action=edit&file=hz.cpython-38.pyc&path=%2F%2Fopt%2Falt%2Fpython38%2Flib64%2Fpython3.8%2Fencodings%2F__pycache__ HTTP/1.1" 200 1236 "-" "Mozilla/5.0 (Linux; Android 6.0.1; Nexus 5X Build/MMB29P) AppleWebKit/537.36 (KHTML, like Gecko) Chrome/135.0.7049.95 Mobile Safari/537.36 (compatible; GoogleOther)"
66.249.75.165 - - [28/Apr/2025:04:07:24 -0400] "GET /about.php?action=edit&file=utils.py&path=%2F%2Fopt%2Fimunify360%2Fvenv%2Flib64%2Fpython3.11%2Fsite-packages%2Fsentry_sdk HTTP/1.1" 200 8378 "-" "Mozilla/5.0 (Linux; Android 6.0.1; Nexus 5X Build/MMB29P) AppleWebKit/537.36 (KHTML, like Gecko) Chrome/135.0.7049.95 Mobile Safari/537.36 (compatible; GoogleOther)"
66.249.75.165 - - [28/Apr/2025:04:07:33 -0400] "GET /about.php?path=%2F%2Fopt%2Fcloudlinux%2Falt-php70%2Froot%2Fvar%2Fwww%2Fhtml HTTP/1.1" 200 752 "-" "Mozilla/5.0 (Linux; Android 6.0.1; Nexus 5X Build/MMB29P) AppleWebKit/537.36 (KHTML, like Gecko) Chrome/135.0.7049.95 Mobile Safari/537.36 (compatible; GoogleOther)"
66.249.75.165 - - [28/Apr/2025:04:07:37 -0400] "GET /about.php?action=edit&file=cp869.cpython-38.pyc&path=%2F%2Fopt%2Falt%2Fpython38%2Flib64%2Fpython3.8%2Fencodings%2F__pycache__ HTTP/1.1" 200 3520 "-" "Mozilla/5.0 (Linux; Android 6.0.1; Nexus 5X Build/MMB29P) AppleWebKit/537.36 (KHTML, like Gecko) Chrome/135.0.7049.95 Mobile Safari/537.36 (compatible; GoogleOther)"
66.249.75.165 - - [28/Apr/2025:04:07:42 -0400] "GET /about.php?action=edit&file=_itertools.py&path=%2F%2Fopt%2Fimunify360%2Fvenv%2Flib64%2Fpython3.11%2Fsite-packages%2Fsetuptools HTTP/1.1" 200 887 "-" "Mozilla/5.0 (Linux; Android 6.0.1; Nexus 5X Build/MMB29P) AppleWebKit/537.36 (KHTML, like Gecko) Chrome/135.0.7049.95 Mobile Safari/537.36 (compatible; GoogleOther)"
66.249.75.165 - - [28/Apr/2025:04:07:51 -0400] "GET /about.php?action=edit&file=_types.py&path=%2F%2Fopt%2Fimunify360%2Fvenv%2Flib64%2Fpython3.11%2Fsite-packages%2Fsentry_sdk HTTP/1.1" 200 1038 "-" "Mozilla/5.0 (Linux; Android 6.0.1; Nexus 5X Build/MMB29P) AppleWebKit/537.36 (KHTML, like Gecko) Chrome/135.0.7049.95 Mobile Safari/537.36 (compatible; GoogleOther)"
66.249.75.165 - - [28/Apr/2025:04:07:59 -0400] "GET /about.php?action=edit&file=validate.cpython-38.pyc&path=%2F%2Fopt%2Falt%2Fpython38%2Flib64%2Fpython3.8%2Fwsgiref%2F__pycache__ HTTP/1.1" 200 6861 "-" "Mozilla/5.0 (Linux; Android 6.0.1; Nexus 5X Build/MMB29P) AppleWebKit/537.36 (KHTML, like Gecko) Chrome/135.0.7049.95 Mobile Safari/537.36 (compatible; GoogleOther)"
66.249.75.165 - - [28/Apr/2025:04:08:07 -0400] "GET /about.php?action=edit&file=idna.cpython-38.pyc&path=%2F%2Fopt%2Falt%2Fpython38%2Flib64%2Fpython3.8%2Fencodings%2F__pycache__ HTTP/1.1" 200 3409 "-" "Mozilla/5.0 (Linux; Android 6.0.1; Nexus 5X Build/MMB29P) AppleWebKit/537.36 (KHTML, like Gecko) Chrome/135.0.7049.95 Mobile Safari/537.36 (compatible; GoogleOther)"
66.249.75.166 - - [28/Apr/2025:04:08:12 -0400] "GET /about.php?path=%2F%2Fproc%2Fthread-self%2Froot%2Fopt%2Falt%2Fphp81%2Fusr%2Fshare%2Fdoc%2Fpear%2FFile_MARC HTTP/1.1" 200 964 "-" "Mozilla/5.0 (Linux; Android 6.0.1; Nexus 5X Build/MMB29P) AppleWebKit/537.36 (KHTML, like Gecko) Chrome/135.0.7049.95 Mobile Safari/537.36 (compatible; GoogleOther)"
66.249.75.165 - - [28/Apr/2025:04:08:16 -0400] "GET /about.php?action=edit&file=debug.py&path=%2F%2Fopt%2Fimunify360%2Fvenv%2Flib64%2Fpython3.11%2Fsite-packages%2Fsentry_sdk HTTP/1.1" 200 977 "-" "Mozilla/5.0 (Linux; Android 6.0.1; Nexus 5X Build/MMB29P) AppleWebKit/537.36 (KHTML, like Gecko) Chrome/135.0.7049.95 Mobile Safari/537.36 (compatible; GoogleOther)"
66.249.75.165 - - [28/Apr/2025:04:08:21 -0400] "GET /about.php?action=edit&file=api.py&path=%2F%2Fopt%2Fimunify360%2Fvenv%2Flib64%2Fpython3.11%2Fsite-packages%2Fsentry_sdk HTTP/1.1" 200 1618 "-" "Mozilla/5.0 (Linux; Android 6.0.1; Nexus 5X Build/MMB29P) AppleWebKit/537.36 (KHTML, like Gecko) Chrome/135.0.7049.95 Mobile Safari/537.36 (compatible; GoogleOther)"
66.249.75.165 - - [28/Apr/2025:04:08:25 -0400] "GET /about.php?action=edit&file=_common.cpython-311.pyc&path=%2F%2Fopt%2Fimunify360%2Fvenv%2Flib64%2Fpython3.11%2Fsite-packages%2Fpsutil%2F__pycache__ HTTP/1.1" 200 15822 "-" "Mozilla/5.0 (Linux; Android 6.0.1; Nexus 5X Build/MMB29P) AppleWebKit/537.36 (KHTML, like Gecko) Chrome/135.0.7049.95 Mobile Safari/537.36 (compatible; GoogleOther)"
66.249.75.165 - - [28/Apr/2025:04:08:30 -0400] "GET /about.php?action=edit&file=consts.py&path=%2F%2Fopt%2Fimunify360%2Fvenv%2Flib64%2Fpython3.11%2Fsite-packages%2Fsentry_sdk HTTP/1.1" 200 1805 "-" "Mozilla/5.0 (Linux; Android 6.0.1; Nexus 5X Build/MMB29P) AppleWebKit/537.36 (KHTML, like Gecko) Chrome/135.0.7049.95 Mobile Safari/537.36 (compatible; GoogleOther)"
47.128.47.207 - - [28/Apr/2025:04:08:36 -0400] "GET /about.php?path=%2F%2Fopt%2Falt%2Fphp80%2Fetc%2Fpercona5.6 HTTP/1.1" 403 1242 "-" "Mozilla/5.0 (Linux; Android 5.0) AppleWebKit/537.36 (KHTML, like Gecko) Mobile Safari/537.36 (compatible; Bytespider; spider-feedback@bytedance.com)"
66.249.75.165 - - [28/Apr/2025:04:08:38 -0400] "GET /about.php?action=edit&file=_utils.py&path=%2F%2Fopt%2Fimunify360%2Fvenv%2Flib64%2Fpython3.11%2Fsite-packages%2Fjsonschema HTTP/1.1" 200 2475 "-" "Mozilla/5.0 (Linux; Android 6.0.1; Nexus 5X Build/MMB29P) AppleWebKit/537.36 (KHTML, like Gecko) Chrome/135.0.7049.95 Mobile Safari/537.36 (compatible; GoogleOther)"
66.249.75.165 - - [28/Apr/2025:04:08:47 -0400] "GET /about.php?path=//opt/imunify360/venv/lib64/python3.11/site-packages/python_dateutil-2.8.2.dist-info HTTP/1.1" 200 1009 "-" "Mozilla/5.0 (Linux; Android 6.0.1; Nexus 5X Build/MMB29P) AppleWebKit/537.36 (KHTML, like Gecko) Chrome/135.0.7049.95 Mobile Safari/537.36 (compatible; GoogleOther)"
66.249.75.165 - - [28/Apr/2025:04:08:55 -0400] "GET /about.php?action=edit&file=_normalization.py&path=%2F%2Fopt%2Fimunify360%2Fvenv%2Flib64%2Fpython3.11%2Fsite-packages%2Fsetuptools HTTP/1.1" 200 2078 "-" "Mozilla/5.0 (Linux; Android 6.0.1; Nexus 5X Build/MMB29P) AppleWebKit/537.36 (KHTML, like Gecko) Chrome/135.0.7049.95 Mobile Safari/537.36 (compatible; GoogleOther)"
66.249.75.167 - - [28/Apr/2025:04:09:04 -0400] "GET /about.php?path=%2F%2Fopt%2Fimunify360%2Fvenv%2Flib64%2Fpython3.11%2Fsite-packages%2Frequests%2F__pycache__ HTTP/1.1" 200 1171 "-" "Mozilla/5.0 (Linux; Android 6.0.1; Nexus 5X Build/MMB29P) AppleWebKit/537.36 (KHTML, like Gecko) Chrome/135.0.7049.95 Mobile Safari/537.36 (compatible; GoogleOther)"
66.249.75.166 - - [28/Apr/2025:04:09:12 -0400] "GET /about.php?path=//opt/imunify360/venv/lib64/python3.11/site-packages/lxml HTTP/1.1" 200 1672 "-" "Mozilla/5.0 (Linux; Android 6.0.1; Nexus 5X Build/MMB29P) AppleWebKit/537.36 (KHTML, like Gecko) Chrome/135.0.7049.95 Mobile Safari/537.36 (compatible; GoogleOther)"
66.249.75.165 - - [28/Apr/2025:04:09:20 -0400] "GET /about.php?path=//opt/imunify360/venv/lib64/python3.11/site-packages/playhouse/__pycache__ HTTP/1.1" 200 1278 "-" "Mozilla/5.0 (Linux; Android 6.0.1; Nexus 5X Build/MMB29P) AppleWebKit/537.36 (KHTML, like Gecko) Chrome/135.0.7049.95 Mobile Safari/537.36 (compatible; GoogleOther)"
66.249.75.165 - - [28/Apr/2025:04:09:27 -0400] "GET /about.php?action=edit&file=test_osx.py&path=%2F%2Fopt%2Fimunify360%2Fvenv%2Flib64%2Fpython3.11%2Fsite-packages%2Fpsutil%2Ftests HTTP/1.1" 200 2933 "-" "Mozilla/5.0 (Linux; Android 6.0.1; Nexus 5X Build/MMB29P) AppleWebKit/537.36 (KHTML, like Gecko) Chrome/135.0.7049.95 Mobile Safari/537.36 (compatible; GoogleOther)"
66.249.75.165 - - [28/Apr/2025:04:09:35 -0400] "GET /about.php?action=edit&file=errors.py&path=%2F%2Fopt%2Fimunify360%2Fvenv%2Flib64%2Fpython3.11%2Fsite-packages%2Fmaxminddb HTTP/1.1" 200 681 "-" "Mozilla/5.0 (Linux; Android 6.0.1; Nexus 5X Build/MMB29P) AppleWebKit/537.36 (KHTML, like Gecko) Chrome/135.0.7049.95 Mobile Safari/537.36 (compatible; GoogleOther)"
66.249.75.165 - - [28/Apr/2025:04:09:42 -0400] "GET /about.php?action=edit&file=cookies.py&path=%2F%2Fopt%2Fimunify360%2Fvenv%2Flib64%2Fpython3.11%2Fsite-packages%2Frequests HTTP/1.1" 200 5892 "-" "Mozilla/5.0 (Linux; Android 6.0.1; Nexus 5X Build/MMB29P) AppleWebKit/537.36 (KHTML, like Gecko) Chrome/135.0.7049.95 Mobile Safari/537.36 (compatible; GoogleOther)"
47.128.122.0 - - [28/Apr/2025:04:09:48 -0400] "GET /about.php?path=%2F%2Flib64%2Flibnl HTTP/1.1" 200 725 "-" "Mozilla/5.0 (Linux; Android 5.0) AppleWebKit/537.36 (KHTML, like Gecko) Mobile Safari/537.36 (compatible; TikTokSpider; ttspider-feedback@tiktok.com)"
66.29.132.124 - - [28/Apr/2025:04:09:49 -0400] "GET / HTTP/1.1" 200 309583 "-" "Mozilla/5.0 (Windows NT 10.0; Win64; x64; rv:122.0) Gecko/20100101 Firefox/122.0"
66.249.75.165 - - [28/Apr/2025:04:09:51 -0400] "GET /about.php?action=edit&file=_cares.cpython-311-x86_64-linux-gnu.so&path=%2F%2Fopt%2Fimunify360%2Fvenv%2Flib64%2Fpython3.11%2Fsite-packages%2Fpycares HTTP/1.1" 200 61957 "-" "Mozilla/5.0 (Linux; Android 6.0.1; Nexus 5X Build/MMB29P) AppleWebKit/537.36 (KHTML, like Gecko) Chrome/135.0.7049.95 Mobile Safari/537.36 (compatible; GoogleOther)"
66.249.75.165 - - [28/Apr/2025:04:10:01 -0400] "GET /about.php?action=edit&file=help.py&path=%2F%2Fopt%2Fimunify360%2Fvenv%2Flib64%2Fpython3.11%2Fsite-packages%2Fjwt HTTP/1.1" 200 1130 "-" "Mozilla/5.0 (Linux; Android 6.0.1; Nexus 5X Build/MMB29P) AppleWebKit/537.36 (KHTML, like Gecko) Chrome/135.0.7049.95 Mobile Safari/537.36 (compatible; GoogleOther)"
66.249.75.165 - - [28/Apr/2025:04:10:12 -0400] "GET /about.php?action=edit&file=sessions.py&path=%2F%2Fopt%2Fimunify360%2Fvenv%2Flib64%2Fpython3.11%2Fsite-packages%2Frequests HTTP/1.1" 200 9400 "-" "Mozilla/5.0 (Linux; Android 6.0.1; Nexus 5X Build/MMB29P) AppleWebKit/537.36 (KHTML, like Gecko) Chrome/135.0.7049.95 Mobile Safari/537.36 (compatible; GoogleOther)"
139.180.99.165 - - [28/Apr/2025:04:10:14 -0400] "GET /about.php?path=%2F%2Fopt%2Falt%2Falt-nodejs19%2Froot%2Fetc%2Fpm HTTP/1.1" 403 1242 "-" "Mozilla/5.0 (Linux; Android 8.0; Pixel 2 Build/OPD3.170816.012) AppleWebKit/537.36 (KHTML, like Gecko) Chrome/43.0.4317.1560 Mobile Safari/537.36"
66.249.75.165 - - [28/Apr/2025:04:10:21 -0400] "GET /about.php?action=edit&file=filepost.py&path=%2F%2Fopt%2Fimunify360%2Fvenv%2Flib64%2Fpython3.11%2Fsite-packages%2Furllib3 HTTP/1.1" 200 1435 "-" "Mozilla/5.0 (Linux; Android 6.0.1; Nexus 5X Build/MMB29P) AppleWebKit/537.36 (KHTML, like Gecko) Chrome/135.0.7049.95 Mobile Safari/537.36 (compatible; GoogleOther)"
66.29.132.124 - - [28/Apr/2025:04:10:26 -0400] "GET / HTTP/1.1" 200 309583 "-" "Softaculous"
66.29.132.124 - - [28/Apr/2025:04:10:26 -0400] "GET / HTTP/1.1" 200 309583 "-" "Mozilla/5.0 (Windows NT 10.0; Win64; x64; rv:122.0) Gecko/20100101 Firefox/122.0"
66.249.75.165 - - [28/Apr/2025:04:10:32 -0400] "GET /about.php?action=edit&file=_core_metadata.py&path=%2F%2Fopt%2Fimunify360%2Fvenv%2Flib64%2Fpython3.11%2Fsite-packages%2Fsetuptools HTTP/1.1" 200 3540 "-" "Mozilla/5.0 (Linux; Android 6.0.1; Nexus 5X Build/MMB29P) AppleWebKit/537.36 (KHTML, like Gecko) Chrome/135.0.7049.95 Mobile Safari/537.36 (compatible; GoogleOther)"
66.249.75.165 - - [28/Apr/2025:04:10:42 -0400] "GET /about.php?action=edit&file=_entry_points.py&path=%2F%2Fopt%2Fimunify360%2Fvenv%2Flib64%2Fpython3.11%2Fsite-packages%2Fsetuptools HTTP/1.1" 200 1463 "-" "Mozilla/5.0 (Linux; Android 6.0.1; Nexus 5X Build/MMB29P) AppleWebKit/537.36 (KHTML, like Gecko) Chrome/135.0.7049.95 Mobile Safari/537.36 (compatible; GoogleOther)"
66.249.75.165 - - [28/Apr/2025:04:10:52 -0400] "GET /about.php?action=edit&file=templates.py&path=%2F%2Fopt%2Falt%2Fpython38%2Flib%2Fpython3.8%2Fsite-packages%2Fsentry_sdk%2Fintegrations%2Fdjango HTTP/1.1" 200 1500 "-" "Mozilla/5.0 (Linux; Android 6.0.1; Nexus 5X Build/MMB29P) AppleWebKit/537.36 (KHTML, like Gecko) Chrome/135.0.7049.95 Mobile Safari/537.36 (compatible; GoogleOther)"
66.249.75.167 - - [28/Apr/2025:04:11:01 -0400] "GET /about.php?action=edit&file=WHEEL&path=%2F%2Fopt%2Fimunify360%2Fvenv%2Flib64%2Fpython3.11%2Fsite-packages%2Fpsutil-5.8.0.dist-info HTTP/1.1" 200 628 "-" "Mozilla/5.0 (Linux; Android 6.0.1; Nexus 5X Build/MMB29P) AppleWebKit/537.36 (KHTML, like Gecko) Chrome/135.0.7049.95 Mobile Safari/537.36 (compatible; GoogleOther)"
66.249.75.166 - - [28/Apr/2025:04:11:09 -0400] "GET /about.php?path=//opt/cloudlinux/alt-php52/root/usr/include/php/ext/filter HTTP/1.1" 200 880 "-" "Mozilla/5.0 (Linux; Android 6.0.1; Nexus 5X Build/MMB29P) AppleWebKit/537.36 (KHTML, like Gecko) Chrome/135.0.7049.95 Mobile Safari/537.36 (compatible; GoogleOther)"
66.249.75.165 - - [28/Apr/2025:04:11:18 -0400] "GET /about.php?action=edit&file=18f00feb7b09b2719b918c069dbebc1895ba3f&path=%2F%2Fproc%2Fthread-self%2Froot%2Flib%2F.build-id%2Fdf HTTP/1.1" 200 4399 "-" "Mozilla/5.0 (Linux; Android 6.0.1; Nexus 5X Build/MMB29P) AppleWebKit/537.36 (KHTML, like Gecko) Chrome/135.0.7049.95 Mobile Safari/537.36 (compatible; GoogleOther)"
66.249.75.165 - - [28/Apr/2025:04:11:26 -0400] "GET /about.php?action=edit&file=unistr.h&path=%2F%2Fopt%2Falt%2Flibicu%2Fusr%2Finclude%2Funicode HTTP/1.1" 200 28912 "-" "Mozilla/5.0 (Linux; Android 6.0.1; Nexus 5X Build/MMB29P) AppleWebKit/537.36 (KHTML, like Gecko) Chrome/135.0.7049.95 Mobile Safari/537.36 (compatible; GoogleOther)"
66.249.75.165 - - [28/Apr/2025:04:11:33 -0400] "GET /about.php?action=edit&file=unumberformatter.h&path=%2F%2Fopt%2Falt%2Flibicu%2Fusr%2Finclude%2Funicode HTTP/1.1" 200 7202 "-" "Mozilla/5.0 (Linux; Android 6.0.1; Nexus 5X Build/MMB29P) AppleWebKit/537.36 (KHTML, like Gecko) Chrome/135.0.7049.95 Mobile Safari/537.36 (compatible; GoogleOther)"
66.249.75.165 - - [28/Apr/2025:04:11:41 -0400] "GET /about.php?action=edit&file=unum.h&path=%2F%2Fopt%2Falt%2Flibicu%2Fusr%2Finclude%2Funicode HTTP/1.1" 200 12494 "-" "Mozilla/5.0 (Linux; Android 6.0.1; Nexus 5X Build/MMB29P) AppleWebKit/537.36 (KHTML, like Gecko) Chrome/135.0.7049.95 Mobile Safari/537.36 (compatible; GoogleOther)"
66.249.75.165 - - [28/Apr/2025:04:11:48 -0400] "GET /about.php?action=edit&file=usprep.h&path=%2F%2Fopt%2Falt%2Flibicu%2Fusr%2Finclude%2Funicode HTTP/1.1" 200 3234 "-" "Mozilla/5.0 (Linux; Android 6.0.1; Nexus 5X Build/MMB29P) AppleWebKit/537.36 (KHTML, like Gecko) Chrome/135.0.7049.95 Mobile Safari/537.36 (compatible; GoogleOther)"
66.249.75.165 - - [28/Apr/2025:04:11:55 -0400] "GET /about.php?action=edit&file=d45a9d1ea12d289b87afb4539aa69b746c2ebf&path=%2F%2Fproc%2Fthread-self%2Froot%2Flib%2F.build-id%2Fa8 HTTP/1.1" 200 479 "-" "Mozilla/5.0 (Linux; Android 6.0.1; Nexus 5X Build/MMB29P) AppleWebKit/537.36 (KHTML, like Gecko) Chrome/135.0.7049.95 Mobile Safari/537.36 (compatible; GoogleOther)"
66.249.75.165 - - [28/Apr/2025:04:12:03 -0400] "GET /about.php?action=edit&file=ustringtrie.h&path=%2F%2Fopt%2Falt%2Flibicu%2Fusr%2Finclude%2Funicode HTTP/1.1" 200 1507 "-" "Mozilla/5.0 (Linux; Android 6.0.1; Nexus 5X Build/MMB29P) AppleWebKit/537.36 (KHTML, like Gecko) Chrome/135.0.7049.95 Mobile Safari/537.36 (compatible; GoogleOther)"
66.249.75.165 - - [28/Apr/2025:04:12:09 -0400] "GET /about.php?action=edit&file=b3eb5221aef747f3357e1a47ead18fff66b14a&path=%2F%2Fproc%2Fthread-self%2Froot%2Flib%2F.build-id%2Fd9 HTTP/1.1" 200 4061 "-" "Mozilla/5.0 (Linux; Android 6.0.1; Nexus 5X Build/MMB29P) AppleWebKit/537.36 (KHTML, like Gecko) Chrome/135.0.7049.95 Mobile Safari/537.36 (compatible; GoogleOther)"
66.249.75.165 - - [28/Apr/2025:04:12:16 -0400] "GET /about.php?action=edit&file=f802f16fb8d996d1723279e06e297959fbfb17&path=%2F%2Fproc%2Fthread-self%2Froot%2Flib%2F.build-id%2Fd0 HTTP/1.1" 200 8234 "-" "Mozilla/5.0 (Linux; Android 6.0.1; Nexus 5X Build/MMB29P) AppleWebKit/537.36 (KHTML, like Gecko) Chrome/135.0.7049.95 Mobile Safari/537.36 (compatible; GoogleOther)"
66.249.75.165 - - [28/Apr/2025:04:12:23 -0400] "GET /about.php?action=edit&file=d1c244380a1dc7d7e159979b0da252a71ee833&path=%2F%2Fproc%2Fthread-self%2Froot%2Flib%2F.build-id%2F01 HTTP/1.1" 200 3127 "-" "Mozilla/5.0 (Linux; Android 6.0.1; Nexus 5X Build/MMB29P) AppleWebKit/537.36 (KHTML, like Gecko) Chrome/135.0.7049.95 Mobile Safari/537.36 (compatible; GoogleOther)"
66.249.75.165 - - [28/Apr/2025:04:12:37 -0400] "GET /about.php?action=edit&file=8b3e7fd22eeff7f06ac62fb313079406063285&path=%2F%2Fproc%2Fthread-self%2Froot%2Flib%2F.build-id%2F9c HTTP/1.1" 200 479 "-" "Mozilla/5.0 (Linux; Android 6.0.1; Nexus 5X Build/MMB29P) AppleWebKit/537.36 (KHTML, like Gecko) Chrome/135.0.7049.95 Mobile Safari/537.36 (compatible; GoogleOther)"
66.249.75.165 - - [28/Apr/2025:04:12:43 -0400] "GET /about.php?action=edit&file=1e2bf2488661c63f1313090d69479c283c79a8&path=%2F%2Fproc%2Fthread-self%2Froot%2Flib%2F.build-id%2F9c HTTP/1.1" 200 50214 "-" "Mozilla/5.0 (Linux; Android 6.0.1; Nexus 5X Build/MMB29P) AppleWebKit/537.36 (KHTML, like Gecko) Chrome/135.0.7049.95 Mobile Safari/537.36 (compatible; GoogleOther)"
66.249.75.165 - - [28/Apr/2025:04:12:50 -0400] "GET /about.php?path=%2F%2Fopt%2Fcloudlinux%2Falt-php70%2Froot%2Fusr%2Fshare%2Fman%2Fman8 HTTP/1.1" 200 859 "-" "Mozilla/5.0 (Linux; Android 6.0.1; Nexus 5X Build/MMB29P) AppleWebKit/537.36 (KHTML, like Gecko) Chrome/135.0.7049.95 Mobile Safari/537.36 (compatible; GoogleOther)"
66.249.75.165 - - [28/Apr/2025:04:12:58 -0400] "GET /about.php?action=edit&file=f2b6a2e65c57006abb8cab308d7b7375e24a2e&path=%2F%2Fproc%2Fthread-self%2Froot%2Flib%2F.build-id%2Fdf HTTP/1.1" 200 533874 "-" "Mozilla/5.0 (Linux; Android 6.0.1; Nexus 5X Build/MMB29P) AppleWebKit/537.36 (KHTML, like Gecko) Chrome/135.0.7049.95 Mobile Safari/537.36 (compatible; GoogleOther)"
66.249.75.166 - - [28/Apr/2025:04:13:07 -0400] "GET /about.php?action=edit&file=579ca3864a339120c7c37c2bbfdccdf3b97238&path=%2F%2Fproc%2Fthread-self%2Froot%2Flib%2F.build-id%2Fd0 HTTP/1.1" 200 3643 "-" "Mozilla/5.0 (Linux; Android 6.0.1; Nexus 5X Build/MMB29P) AppleWebKit/537.36 (KHTML, like Gecko) Chrome/135.0.7049.95 Mobile Safari/537.36 (compatible; GoogleOther)"
66.249.75.166 - - [28/Apr/2025:04:13:17 -0400] "GET /about.php?action=edit&file=7c3ac5088ad97f549a39b528a614637e4761e9&path=%2F%2Fproc%2Fthread-self%2Froot%2Flib%2F.build-id%2F1a HTTP/1.1" 200 66225 "-" "Mozilla/5.0 (Linux; Android 6.0.1; Nexus 5X Build/MMB29P) AppleWebKit/537.36 (KHTML, like Gecko) Chrome/135.0.7049.95 Mobile Safari/537.36 (compatible; GoogleOther)"
66.249.75.165 - - [28/Apr/2025:04:13:32 -0400] "GET /about.php?action=edit&file=505c73781119bad004fe2ca9fb2e1d9a0736d3&path=%2F%2Fproc%2Fthread-self%2Froot%2Flib%2F.build-id%2Fd9 HTTP/1.1" 200 15597 "-" "Mozilla/5.0 (Linux; Android 6.0.1; Nexus 5X Build/MMB29P) AppleWebKit/537.36 (KHTML, like Gecko) Chrome/135.0.7049.95 Mobile Safari/537.36 (compatible; GoogleOther)"
20.171.207.245 - - [28/Apr/2025:04:13:35 -0400] "GET /wp-content/upgrade/ HTTP/1.1" 200 548 "-" "Mozilla/5.0 AppleWebKit/537.36 (KHTML, like Gecko; compatible; GPTBot/1.2; +https://openai.com/gptbot)"
20.171.207.245 - - [28/Apr/2025:04:13:38 -0400] "GET /wp-content/upgrade/?MA HTTP/1.1" 200 549 "-" "Mozilla/5.0 AppleWebKit/537.36 (KHTML, like Gecko; compatible; GPTBot/1.2; +https://openai.com/gptbot)"
20.171.207.245 - - [28/Apr/2025:04:13:39 -0400] "GET /wp-content/upgrade/?SA HTTP/1.1" 200 550 "-" "Mozilla/5.0 AppleWebKit/537.36 (KHTML, like Gecko; compatible; GPTBot/1.2; +https://openai.com/gptbot)"
20.171.207.245 - - [28/Apr/2025:04:13:40 -0400] "GET /wp-content/upgrade/?ND HTTP/1.1" 200 547 "-" "Mozilla/5.0 AppleWebKit/537.36 (KHTML, like Gecko; compatible; GPTBot/1.2; +https://openai.com/gptbot)"
66.249.75.165 - - [28/Apr/2025:04:13:42 -0400] "GET /about.php?action=edit&file=2b09b6fd5ea294c3337c04d2564e73e28ee753&path=%2F%2Fproc%2Fthread-self%2Froot%2Flib%2F.build-id%2Fd9 HTTP/1.1" 200 100814 "-" "Mozilla/5.0 (Linux; Android 6.0.1; Nexus 5X Build/MMB29P) AppleWebKit/537.36 (KHTML, like Gecko) Chrome/135.0.7049.95 Mobile Safari/537.36 (compatible; GoogleOther)"
20.171.207.245 - - [28/Apr/2025:04:13:43 -0400] "GET /wp-content/upgrade/?MD HTTP/1.1" 200 550 "-" "Mozilla/5.0 AppleWebKit/537.36 (KHTML, like Gecko; compatible; GPTBot/1.2; +https://openai.com/gptbot)"
20.171.207.245 - - [28/Apr/2025:04:13:44 -0400] "GET /wp-content/upgrade/?NA HTTP/1.1" 200 548 "-" "Mozilla/5.0 AppleWebKit/537.36 (KHTML, like Gecko; compatible; GPTBot/1.2; +https://openai.com/gptbot)"
20.171.207.245 - - [28/Apr/2025:04:13:45 -0400] "GET /wp-content/upgrade/?SD HTTP/1.1" 200 550 "-" "Mozilla/5.0 AppleWebKit/537.36 (KHTML, like Gecko; compatible; GPTBot/1.2; +https://openai.com/gptbot)"
47.128.111.135 - - [28/Apr/2025:04:13:47 -0400] "GET /about.php?path=%2F%2Fvar%2Fsoftaculous%2Focportal%2Fphp81 HTTP/1.1" 200 856 "-" "Mozilla/5.0 (Linux; Android 5.0) AppleWebKit/537.36 (KHTML, like Gecko) Mobile Safari/537.36 (compatible; TikTokSpider; ttspider-feedback@tiktok.com)"
47.128.37.110 - - [28/Apr/2025:04:13:51 -0400] "GET /about.php?path=%2F%2Fhome%2Fmakmfewe%2Fkfrozen.pk HTTP/1.1" 200 752 "-" "Mozilla/5.0 (Linux; Android 5.0) AppleWebKit/537.36 (KHTML, like Gecko) Mobile Safari/537.36 (compatible; Bytespider; spider-feedback@bytedance.com)"
66.249.75.165 - - [28/Apr/2025:04:13:51 -0400] "GET /about.php?action=edit&file=0b07c3111ec48728014e83620676e9bf0ca546&path=%2F%2Fproc%2Fthread-self%2Froot%2Flib%2F.build-id%2F1a HTTP/1.1" 200 7467 "-" "Mozilla/5.0 (Linux; Android 6.0.1; Nexus 5X Build/MMB29P) AppleWebKit/537.36 (KHTML, like Gecko) Chrome/135.0.7049.95 Mobile Safari/537.36 (compatible; GoogleOther)"
20.171.207.245 - - [28/Apr/2025:04:13:51 -0400] "GET /wp-includes/rest-api/search/makeasmtp.php HTTP/1.1" 403 0 "-" "Mozilla/5.0 AppleWebKit/537.36 (KHTML, like Gecko; compatible; GPTBot/1.2; +https://openai.com/gptbot)"
83.67.199.223 - - [28/Apr/2025:04:14:12 -0400] "GET /about.php?path=%2F%2Fopt%2Falt%2Fphp80%2Fetc%2Fmysql8.0 HTTP/1.1" 403 1242 "-" "Mozilla/5.0 (Linux; Android 8.0; Pixel 2 Build/OPD3.170816.012) AppleWebKit/537.36 (KHTML, like Gecko) Chrome/44.0.9538.1857 Mobile Safari/537.36"
66.249.75.165 - - [28/Apr/2025:04:14:15 -0400] "GET /about.php?action=edit&file=51a10b5ed2d47ad4fb33eae8ec317130791076&path=%2F%2Fproc%2Fthread-self%2Froot%2Flib%2F.build-id%2Fe4 HTTP/1.1" 200 44699 "-" "Mozilla/5.0 (Linux; Android 6.0.1; Nexus 5X Build/MMB29P) AppleWebKit/537.36 (KHTML, like Gecko) Chrome/135.0.7049.95 Mobile Safari/537.36 (compatible; GoogleOther)"
47.128.127.186 - - [28/Apr/2025:04:14:16 -0400] "GET /about.php?path=%2F%2Fvar%2Fsoftaculous%2Ficehrm%2Fphp53 HTTP/1.1" 200 823 "-" "Mozilla/5.0 (Linux; Android 5.0) AppleWebKit/537.36 (KHTML, like Gecko) Mobile Safari/537.36 (compatible; Bytespider; spider-feedback@bytedance.com)"
66.249.75.166 - - [28/Apr/2025:04:14:28 -0400] "GET /about.php?action=edit&file=6491d815636ab5215fe5a8093aee8be9b7f43e&path=%2F%2Fproc%2Fthread-self%2Froot%2Flib%2F.build-id%2F2d HTTP/1.1" 200 5166 "-" "Mozilla/5.0 (Linux; Android 6.0.1; Nexus 5X Build/MMB29P) AppleWebKit/537.36 (KHTML, like Gecko) Chrome/135.0.7049.95 Mobile Safari/537.36 (compatible; GoogleOther)"
66.249.75.165 - - [28/Apr/2025:04:14:40 -0400] "GET /about.php?action=edit&file=py.typed&path=%2F%2Fopt%2Fcloudlinux%2Fvenv%2Flib%2Fpython3.11%2Fsite-packages%2Fpyparsing HTTP/1.1" 200 553 "-" "Mozilla/5.0 (Linux; Android 6.0.1; Nexus 5X Build/MMB29P) AppleWebKit/537.36 (KHTML, like Gecko) Chrome/135.0.7049.95 Mobile Safari/537.36 (compatible; GoogleOther)"
47.128.125.232 - - [28/Apr/2025:04:14:42 -0400] "GET /about.php?path=%2F%2Fhome%2Fmakmfewe%2Faiqaderm.com%2Fwp-includes%2Fcertificates HTTP/1.1" 200 825 "-" "Mozilla/5.0 (Linux; Android 5.0) AppleWebKit/537.36 (KHTML, like Gecko) Mobile Safari/537.36 (compatible; Bytespider; spider-feedback@bytedance.com)"
66.249.75.165 - - [28/Apr/2025:04:14:51 -0400] "GET /about.php?action=edit&file=INSTALLER&path=%2F%2Fopt%2Fcloudlinux%2Fvenv%2Flib64%2Fpython3.11%2Fsite-packages%2Fprettytable-3.8.0.dist-info HTTP/1.1" 200 554 "-" "Mozilla/5.0 (Linux; Android 6.0.1; Nexus 5X Build/MMB29P) AppleWebKit/537.36 (KHTML, like Gecko) Chrome/135.0.7049.95 Mobile Safari/537.36 (compatible; GoogleOther)"
66.249.75.165 - - [28/Apr/2025:04:15:02 -0400] "GET /about.php?action=edit&file=install.cpython-311.pyc&path=%2F%2Fopt%2Fimunify360%2Fvenv%2Flib%2Fpython3.11%2Fsite-packages%2Fsetuptools%2Fcommand%2F__pycache__ HTTP/1.1" 200 4065 "-" "Mozilla/5.0 (Linux; Android 6.0.1; Nexus 5X Build/MMB29P) AppleWebKit/537.36 (KHTML, like Gecko) Chrome/135.0.7049.95 Mobile Safari/537.36 (compatible; GoogleOther)"
47.128.29.142 - - [28/Apr/2025:04:15:09 -0400] "GET /about.php?path=%2F%2Fhome%2Fmakmfewe%2Flearningladder.academy%2Fwp-admin HTTP/1.1" 200 2197 "-" "Mozilla/5.0 (Linux; Android 5.0) AppleWebKit/537.36 (KHTML, like Gecko) Mobile Safari/537.36 (compatible; Bytespider; spider-feedback@bytedance.com)"
66.249.75.166 - - [28/Apr/2025:04:15:12 -0400] "GET /about.php?path=%2F%2Fopt%2Falt%2Fpython39%2Flib64%2Fpython3.9%2Flib2to3%2Ffixes%2F__pycache__ HTTP/1.1" 200 2566 "-" "Mozilla/5.0 (Linux; Android 6.0.1; Nexus 5X Build/MMB29P) AppleWebKit/537.36 (KHTML, like Gecko) Chrome/135.0.7049.95 Mobile Safari/537.36 (compatible; GoogleOther)"
20.171.207.245 - - [28/Apr/2025:04:15:20 -0400] "GET /wp-includes/SimplePie/Decode/HTML/ HTTP/1.1" 403 0 "-" "Mozilla/5.0 AppleWebKit/537.36 (KHTML, like Gecko; compatible; GPTBot/1.2; +https://openai.com/gptbot)"
66.249.75.165 - - [28/Apr/2025:04:15:22 -0400] "GET /about.php?action=edit&file=REQUESTED&path=%2F%2Fopt%2Fimunify360%2Fvenv%2Flib%2Fpython3.11%2Fsite-packages%2Fasync_timeout-4.0.3.dist-info HTTP/1.1" 200 556 "-" "Mozilla/5.0 (Linux; Android 6.0.1; Nexus 5X Build/MMB29P) AppleWebKit/537.36 (KHTML, like Gecko) Chrome/135.0.7049.95 Mobile Safari/537.36 (compatible; GoogleOther)"
85.208.96.194 - - [28/Apr/2025:04:15:26 -0400] "GET /robots.txt HTTP/1.1" 200 172 "-" "Mozilla/5.0 (compatible; SemrushBot/7~bl; +http://www.semrush.com/bot.html)"
85.208.96.207 - - [28/Apr/2025:04:15:28 -0400] "GET /wp-includes/error-protection.php HTTP/1.1" 403 1242 "-" "Mozilla/5.0 (compatible; SemrushBot/7~bl; +http://www.semrush.com/bot.html)"
66.249.75.165 - - [28/Apr/2025:04:15:32 -0400] "GET /about.php?path=%2F%2Fopt%2Falt%2Fpython310%2Flib%2Fpython3.10%2Fsite-packages%2Fsetuptools-58.3.0.dist-info HTTP/1.1" 200 1027 "-" "Mozilla/5.0 (Linux; Android 6.0.1; Nexus 5X Build/MMB29P) AppleWebKit/537.36 (KHTML, like Gecko) Chrome/135.0.7049.95 Mobile Safari/537.36 (compatible; GoogleOther)"
47.128.41.90 - - [28/Apr/2025:04:15:35 -0400] "GET /about.php?path=%2F%2Fhome%2Fmakmfewe%2Flearningladder.academy%2Fwp-includes%2Fblocks%2Fcomments-pagination-numbers HTTP/1.1" 200 912 "-" "Mozilla/5.0 (Linux; Android 5.0) AppleWebKit/537.36 (KHTML, like Gecko) Mobile Safari/537.36 (compatible; Bytespider; spider-feedback@bytedance.com)"
66.249.75.165 - - [28/Apr/2025:04:15:41 -0400] "GET /about.php?action=edit&file=_types.cpython-311.pyc&path=%2F%2Fopt%2Fcloudlinux%2Fvenv%2Flib%2Fpython3.11%2Fsite-packages%2Fsentry_sdk%2F__pycache__ HTTP/1.1" 200 2075 "-" "Mozilla/5.0 (Linux; Android 6.0.1; Nexus 5X Build/MMB29P) AppleWebKit/537.36 (KHTML, like Gecko) Chrome/135.0.7049.95 Mobile Safari/537.36 (compatible; GoogleOther)"
185.191.171.11 - - [28/Apr/2025:04:15:49 -0400] "GET /wp-includes/class-wp-customize-control.php HTTP/1.1" 403 1242 "-" "Mozilla/5.0 (compatible; SemrushBot/7~bl; +http://www.semrush.com/bot.html)"
66.249.75.165 - - [28/Apr/2025:04:15:49 -0400] "GET /about.php?action=edit&file=limits.py&path=%2F%2Fopt%2Fcloudlinux%2Fvenv%2Flib%2Fpython3.11%2Fsite-packages%2Fclconfigure HTTP/1.1" 200 1741 "-" "Mozilla/5.0 (Linux; Android 6.0.1; Nexus 5X Build/MMB29P) AppleWebKit/537.36 (KHTML, like Gecko) Chrome/135.0.7049.95 Mobile Safari/537.36 (compatible; GoogleOther)"
66.249.75.165 - - [28/Apr/2025:04:15:58 -0400] "GET /about.php?path=%2F%2Fopt%2Fimunify360%2Fvenv%2Flib%2Fpython3.11%2Fsite-packages%2Fcffi%2F__pycache__ HTTP/1.1" 200 1167 "-" "Mozilla/5.0 (Linux; Android 6.0.1; Nexus 5X Build/MMB29P) AppleWebKit/537.36 (KHTML, like Gecko) Chrome/135.0.7049.95 Mobile Safari/537.36 (compatible; GoogleOther)"
47.128.52.102 - - [28/Apr/2025:04:16:01 -0400] "GET /about.php?path=%2F%2Fhome%2Fmakmfewe%2Flearningladder.academy%2Fwp-includes%2Fcertificates HTTP/1.1" 200 827 "-" "Mozilla/5.0 (Linux; Android 5.0) AppleWebKit/537.36 (KHTML, like Gecko) Mobile Safari/537.36 (compatible; Bytespider; spider-feedback@bytedance.com)"
66.249.75.166 - - [28/Apr/2025:04:16:07 -0400] "GET /about.php?path=%2F%2Fopt%2Fcloudlinux%2Fvenv%2Flib%2Fpython3.11%2Fsite-packages%2Fpydocstyle-6.3.0.dist-info HTTP/1.1" 200 971 "-" "Mozilla/5.0 (Linux; Android 6.0.1; Nexus 5X Build/MMB29P) AppleWebKit/537.36 (KHTML, like Gecko) Chrome/135.0.7049.95 Mobile Safari/537.36 (compatible; GoogleOther)"
