66.249.75.166 - - [28/Apr/2025:11:41:02 -0400] "GET /about.php?action=edit&file=test_rangecomparison.cpython-311.pyc&path=%2F%2Fopt%2Fcloudlinux%2Fvenv%2Flib%2Fpython3.11%2Fsite-packages%2Ftestfixtures%2Ftests%2F__pycache__ HTTP/1.1" 200 4007 "-" "Mozilla/5.0 (Linux; Android 6.0.1; Nexus 5X Build/MMB29P) AppleWebKit/537.36 (KHTML, like Gecko) Chrome/135.0.7049.95 Mobile Safari/537.36 (compatible; GoogleOther)"
66.249.75.165 - - [28/Apr/2025:11:41:16 -0400] "GET /about.php?path=%2F%2Fproc%2Fthread-self%2Froot%2Fvar%2Flib%2Fmysql%2Frvgolrlz_wp579 HTTP/1.1" 200 760 "-" "Mozilla/5.0 (Linux; Android 6.0.1; Nexus 5X Build/MMB29P) AppleWebKit/537.36 (KHTML, like Gecko) Chrome/135.0.7049.95 Mobile Safari/537.36 (compatible; GoogleOther)"
47.128.21.241 - - [28/Apr/2025:11:41:19 -0400] "GET /about.php?path=%2F%2Fvar%2Fsoftaculous%2Fflatboard HTTP/1.1" 200 1081 "-" "Mozilla/5.0 (Linux; Android 5.0) AppleWebKit/537.36 (KHTML, like Gecko) Mobile Safari/537.36 (compatible; Bytespider; spider-feedback@bytedance.com)"
66.249.75.165 - - [28/Apr/2025:11:41:29 -0400] "GET /about.php?action=edit&file=writer_aux.cpython-311.pyc&path=%2F%2Fopt%2Fimunify360%2Fvenv%2Flib64%2Fpython3.11%2Fsite-packages%2Fdocutils%2Ftransforms%2F__pycache__ HTTP/1.1" 200 2757 "-" "Mozilla/5.0 (Linux; Android 6.0.1; Nexus 5X Build/MMB29P) AppleWebKit/537.36 (KHTML, like Gecko) Chrome/135.0.7049.95 Mobile Safari/537.36 (compatible; GoogleOther)"
66.249.75.165 - - [28/Apr/2025:11:41:43 -0400] "GET /about.php?path=%2F%2Fproc%2Fthread-self%2Froot%2Fvar%2Flib%2Fmysql%2Fautoiqia_wp623 HTTP/1.1" 200 758 "-" "Mozilla/5.0 (Linux; Android 6.0.1; Nexus 5X Build/MMB29P) AppleWebKit/537.36 (KHTML, like Gecko) Chrome/135.0.7049.95 Mobile Safari/537.36 (compatible; GoogleOther)"
47.128.34.210 - - [28/Apr/2025:11:41:45 -0400] "GET /about.php?path=%2F%2Fhome%2Fmakmfewe%2Fsh-fragrances.com%2Fwp-content%2Fplugins%2Fneytri-plus%2Fassets%2Fcss HTTP/1.1" 200 876 "-" "Mozilla/5.0 (Linux; Android 5.0) AppleWebKit/537.36 (KHTML, like Gecko) Mobile Safari/537.36 (compatible; Bytespider; spider-feedback@bytedance.com)"
40.77.167.131 - - [28/Apr/2025:11:41:51 -0400] "GET /sitemap_index.xml HTTP/1.1" 200 2554 "-" "Mozilla/5.0 AppleWebKit/537.36 (KHTML, like Gecko; compatible; bingbot/2.0; +http://www.bing.com/bingbot.htm) Chrome/116.0.1938.76 Safari/537.36"
66.249.75.165 - - [28/Apr/2025:11:41:55 -0400] "GET /about.php?path=%2F%2Fproc%2Fthread-self%2Froot%2Fvar%2Flib%2Fmysql%2Fcretbraw_wp291 HTTP/1.1" 200 758 "-" "Mozilla/5.0 (Linux; Android 6.0.1; Nexus 5X Build/MMB29P) AppleWebKit/537.36 (KHTML, like Gecko) Chrome/135.0.7049.95 Mobile Safari/537.36 (compatible; GoogleOther)"
66.249.75.165 - - [28/Apr/2025:11:42:06 -0400] "GET /about.php?path=%2F%2Fproc%2Fthread-self%2Froot%2Fvar%2Flib%2Fmysql%2Fallgjohf_wp431 HTTP/1.1" 200 758 "-" "Mozilla/5.0 (Linux; Android 6.0.1; Nexus 5X Build/MMB29P) AppleWebKit/537.36 (KHTML, like Gecko) Chrome/135.0.7049.95 Mobile Safari/537.36 (compatible; GoogleOther)"
47.128.122.69 - - [28/Apr/2025:11:42:11 -0400] "GET /about.php?path=%2F%2Fvar%2Fsoftaculous%2Fstripe HTTP/1.1" 200 1173 "-" "Mozilla/5.0 (Linux; Android 5.0) AppleWebKit/537.36 (KHTML, like Gecko) Mobile Safari/537.36 (compatible; Bytespider; spider-feedback@bytedance.com)"
66.249.75.166 - - [28/Apr/2025:11:42:17 -0400] "GET /about.php?action=edit&file=php_reentrancy.h&path=%2F%2Fopt%2Fcloudlinux%2Falt-php84%2Froot%2Fusr%2Finclude%2Fphp%2Fmain HTTP/1.1" 200 1468 "-" "Mozilla/5.0 (Linux; Android 6.0.1; Nexus 5X Build/MMB29P) AppleWebKit/537.36 (KHTML, like Gecko) Chrome/135.0.7049.95 Mobile Safari/537.36 (compatible; GoogleOther)"
66.249.75.165 - - [28/Apr/2025:11:42:27 -0400] "GET /about.php?path=%2F%2Fproc%2Fthread-self%2Froot%2Fvar%2Flib%2Fmysql%2Fautoiqia_wp555 HTTP/1.1" 200 758 "-" "Mozilla/5.0 (Linux; Android 6.0.1; Nexus 5X Build/MMB29P) AppleWebKit/537.36 (KHTML, like Gecko) Chrome/135.0.7049.95 Mobile Safari/537.36 (compatible; GoogleOther)"
47.128.121.16 - - [28/Apr/2025:11:42:31 -0400] "GET /about.php?path=%2F%2Fvar%2Fsoftaculous%2Fspip%2Fphp82 HTTP/1.1" 200 860 "-" "Mozilla/5.0 (Linux; Android 5.0) AppleWebKit/537.36 (KHTML, like Gecko) Mobile Safari/537.36 (compatible; TikTokSpider; ttspider-feedback@tiktok.com)"
20.171.207.245 - - [28/Apr/2025:11:42:34 -0400] "GET /wp-includes/blocks/social-link/ HTTP/1.1" 200 718 "-" "Mozilla/5.0 AppleWebKit/537.36 (KHTML, like Gecko; compatible; GPTBot/1.2; +https://openai.com/gptbot)"
20.171.207.245 - - [28/Apr/2025:11:42:37 -0400] "GET /wp-includes/blocks/social-link/block.json HTTP/1.1" 200 804 "-" "Mozilla/5.0 AppleWebKit/537.36 (KHTML, like Gecko; compatible; GPTBot/1.2; +https://openai.com/gptbot)"
66.249.75.165 - - [28/Apr/2025:11:42:38 -0400] "GET /about.php?path=%2F%2Fproc%2Fthread-self%2Froot%2Fvar%2Flib%2Fmysql%2Folacsjpd_wp890 HTTP/1.1" 200 758 "-" "Mozilla/5.0 (Linux; Android 6.0.1; Nexus 5X Build/MMB29P) AppleWebKit/537.36 (KHTML, like Gecko) Chrome/135.0.7049.95 Mobile Safari/537.36 (compatible; GoogleOther)"
20.171.207.245 - - [28/Apr/2025:11:42:40 -0400] "GET /wp-includes/blocks/social-link/editor.min.css HTTP/1.1" 200 239 "-" "Mozilla/5.0 AppleWebKit/537.36 (KHTML, like Gecko; compatible; GPTBot/1.2; +https://openai.com/gptbot)"
20.171.207.245 - - [28/Apr/2025:11:42:42 -0400] "GET /wp-includes/blocks/social-link/editor-rtl.css HTTP/1.1" 200 263 "-" "Mozilla/5.0 AppleWebKit/537.36 (KHTML, like Gecko; compatible; GPTBot/1.2; +https://openai.com/gptbot)"
20.171.207.245 - - [28/Apr/2025:11:42:45 -0400] "GET /wp-includes/blocks/social-link/?SA HTTP/1.1" 200 716 "-" "Mozilla/5.0 AppleWebKit/537.36 (KHTML, like Gecko; compatible; GPTBot/1.2; +https://openai.com/gptbot)"
20.171.207.245 - - [28/Apr/2025:11:42:47 -0400] "GET /wp-includes/blocks/social-link/?ND HTTP/1.1" 200 713 "-" "Mozilla/5.0 AppleWebKit/537.36 (KHTML, like Gecko; compatible; GPTBot/1.2; +https://openai.com/gptbot)"
66.249.75.165 - - [28/Apr/2025:11:42:48 -0400] "GET /about.php?path=%2F%2Fproc%2Fthread-self%2Froot%2Fvar%2Flib%2Fmysql%2Fsweeynaj_wp446 HTTP/1.1" 200 759 "-" "Mozilla/5.0 (Linux; Android 6.0.1; Nexus 5X Build/MMB29P) AppleWebKit/537.36 (KHTML, like Gecko) Chrome/135.0.7049.95 Mobile Safari/537.36 (compatible; GoogleOther)"
20.171.207.245 - - [28/Apr/2025:11:42:48 -0400] "GET /wp-includes/blocks/social-link/editor-rtl.min.css HTTP/1.1" 200 239 "-" "Mozilla/5.0 AppleWebKit/537.36 (KHTML, like Gecko; compatible; GPTBot/1.2; +https://openai.com/gptbot)"
20.171.207.245 - - [28/Apr/2025:11:42:51 -0400] "GET /wp-includes/blocks/social-link/?MA HTTP/1.1" 200 726 "-" "Mozilla/5.0 AppleWebKit/537.36 (KHTML, like Gecko; compatible; GPTBot/1.2; +https://openai.com/gptbot)"
20.171.207.245 - - [28/Apr/2025:11:42:52 -0400] "GET /wp-includes/blocks/social-link/editor.css HTTP/1.1" 200 263 "-" "Mozilla/5.0 AppleWebKit/537.36 (KHTML, like Gecko; compatible; GPTBot/1.2; +https://openai.com/gptbot)"
20.171.207.245 - - [28/Apr/2025:11:42:53 -0400] "GET /wp-includes/blocks/social-link/?NA HTTP/1.1" 200 718 "-" "Mozilla/5.0 AppleWebKit/537.36 (KHTML, like Gecko; compatible; GPTBot/1.2; +https://openai.com/gptbot)"
20.171.207.245 - - [28/Apr/2025:11:42:54 -0400] "GET /wp-includes/blocks/social-link/?SD HTTP/1.1" 200 715 "-" "Mozilla/5.0 AppleWebKit/537.36 (KHTML, like Gecko; compatible; GPTBot/1.2; +https://openai.com/gptbot)"
20.171.207.245 - - [28/Apr/2025:11:42:56 -0400] "GET /wp-includes/blocks/social-link/?ND HTTP/1.1" 200 713 "-" "Mozilla/5.0 AppleWebKit/537.36 (KHTML, like Gecko; compatible; GPTBot/1.2; +https://openai.com/gptbot)"
20.171.207.245 - - [28/Apr/2025:11:42:57 -0400] "GET /wp-includes/blocks/social-link/?MA HTTP/1.1" 200 726 "-" "Mozilla/5.0 AppleWebKit/537.36 (KHTML, like Gecko; compatible; GPTBot/1.2; +https://openai.com/gptbot)"
69.104.61.249 - - [28/Apr/2025:11:42:58 -0400] "GET /about.php?path=%2F%2Fopt%2Falt%2Falt-nodejs19%2Froot%2Fetc%2Fpm HTTP/1.1" 403 1242 "-" "Mozilla/5.0 (Linux; Android 6.0; Nexus 5 Build/MRA58N) AppleWebKit/537.36 (KHTML, like Gecko) Chrome/47.0.2134.1241 Mobile Safari/537.36"
66.249.75.165 - - [28/Apr/2025:11:42:58 -0400] "GET /about.php?path=%2F%2Fproc%2Fthread-self%2Froot%2Fvar%2Flib%2Fmysql%2Famazcfaq_wp668 HTTP/1.1" 200 760 "-" "Mozilla/5.0 (Linux; Android 6.0.1; Nexus 5X Build/MMB29P) AppleWebKit/537.36 (KHTML, like Gecko) Chrome/135.0.7049.95 Mobile Safari/537.36 (compatible; GoogleOther)"
20.171.207.245 - - [28/Apr/2025:11:42:58 -0400] "GET /wp-includes/blocks/social-link/?MD HTTP/1.1" 200 724 "-" "Mozilla/5.0 AppleWebKit/537.36 (KHTML, like Gecko; compatible; GPTBot/1.2; +https://openai.com/gptbot)"
66.249.75.165 - - [28/Apr/2025:11:43:07 -0400] "GET /about.php?path=%2F%2Fproc%2Fthread-self%2Froot%2Fvar%2Flib%2Fmysql%2Fberkuyki_wp540 HTTP/1.1" 200 760 "-" "Mozilla/5.0 (Linux; Android 6.0.1; Nexus 5X Build/MMB29P) AppleWebKit/537.36 (KHTML, like Gecko) Chrome/135.0.7049.95 Mobile Safari/537.36 (compatible; GoogleOther)"
66.249.75.166 - - [28/Apr/2025:11:43:16 -0400] "GET /about.php?path=%2F%2Fproc%2Fthread-self%2Froot%2Fvar%2Flib%2Fmysql%2Fmvrwsuyg_Ollo69 HTTP/1.1" 200 760 "-" "Mozilla/5.0 (Linux; Android 6.0.1; Nexus 5X Build/MMB29P) AppleWebKit/537.36 (KHTML, like Gecko) Chrome/135.0.7049.95 Mobile Safari/537.36 (compatible; GoogleOther)"
185.40.48.135 - - [28/Apr/2025:11:43:21 -0400] "GET / HTTP/1.1" 200 26007 "http://lsdkjlxckvjsldfjsdkf.com/" "Mozilla/5.0 (Macintosh; Intel Mac OS X 10_15_7) AppleWebKit/537.36 (KHTML, like Gecko) Chrome/103.0.5060.134 Safari/537.36"
66.249.75.165 - - [28/Apr/2025:11:43:25 -0400] "GET /about.php?path=%2F%2Fproc%2Fthread-self%2Froot%2Fvar%2Flib%2Fmysql%2Flemoxqvr_wp772 HTTP/1.1" 200 759 "-" "Mozilla/5.0 (Linux; Android 6.0.1; Nexus 5X Build/MMB29P) AppleWebKit/537.36 (KHTML, like Gecko) Chrome/135.0.7049.95 Mobile Safari/537.36 (compatible; GoogleOther)"
66.249.75.165 - - [28/Apr/2025:11:43:33 -0400] "GET /about.php?path=%2F%2Fproc%2Fthread-self%2Froot%2Fvar%2Flib%2Fmysql%2Falpuqqli_wp509 HTTP/1.1" 200 758 "-" "Mozilla/5.0 (Linux; Android 6.0.1; Nexus 5X Build/MMB29P) AppleWebKit/537.36 (KHTML, like Gecko) Chrome/135.0.7049.95 Mobile Safari/537.36 (compatible; GoogleOther)"
66.249.75.165 - - [28/Apr/2025:11:43:41 -0400] "GET /about.php?path=%2F%2Fproc%2Fthread-self%2Froot%2Fvar%2Flib%2Fmysql%2Ftajcgbge_tajcorporation HTTP/1.1" 200 764 "-" "Mozilla/5.0 (Linux; Android 6.0.1; Nexus 5X Build/MMB29P) AppleWebKit/537.36 (KHTML, like Gecko) Chrome/135.0.7049.95 Mobile Safari/537.36 (compatible; GoogleOther)"
66.249.75.165 - - [28/Apr/2025:11:43:49 -0400] "GET /about.php?path=%2F%2Fproc%2Fthread-self%2Froot%2Fvar%2Flib%2Fmysql%2Fnestytlz_kid HTTP/1.1" 200 758 "-" "Mozilla/5.0 (Linux; Android 6.0.1; Nexus 5X Build/MMB29P) AppleWebKit/537.36 (KHTML, like Gecko) Chrome/135.0.7049.95 Mobile Safari/537.36 (compatible; GoogleOther)"
66.249.75.165 - - [28/Apr/2025:11:43:57 -0400] "GET /about.php?path=%2F%2Fproc%2Fthread-self%2Froot%2Fvar%2Flib%2Fmysql%2Fredcadpf_mktLanuovapiazza HTTP/1.1" 200 766 "-" "Mozilla/5.0 (Linux; Android 6.0.1; Nexus 5X Build/MMB29P) AppleWebKit/537.36 (KHTML, like Gecko) Chrome/135.0.7049.95 Mobile Safari/537.36 (compatible; GoogleOther)"
66.249.75.165 - - [28/Apr/2025:11:44:05 -0400] "GET /about.php?path=%2F%2Fproc%2Fthread-self%2Froot%2Fvar%2Flib%2Fmysql%2Fandrbfjj_3pattig HTTP/1.1" 200 759 "-" "Mozilla/5.0 (Linux; Android 6.0.1; Nexus 5X Build/MMB29P) AppleWebKit/537.36 (KHTML, like Gecko) Chrome/135.0.7049.95 Mobile Safari/537.36 (compatible; GoogleOther)"
66.249.75.166 - - [28/Apr/2025:11:44:17 -0400] "GET /about.php?path=%2F%2Fproc%2Fthread-self%2Froot%2Fvar%2Flib%2Fmysql%2Fautoiqia_wp66 HTTP/1.1" 200 758 "-" "Mozilla/5.0 (Linux; Android 6.0.1; Nexus 5X Build/MMB29P) AppleWebKit/537.36 (KHTML, like Gecko) Chrome/135.0.7049.95 Mobile Safari/537.36 (compatible; GoogleOther)"
66.249.75.165 - - [28/Apr/2025:11:44:24 -0400] "GET /about.php?path=%2F%2Fproc%2Fthread-self%2Froot%2Fvar%2Flib%2Fmysql%2Fredcadpf_open365work HTTP/1.1" 200 763 "-" "Mozilla/5.0 (Linux; Android 6.0.1; Nexus 5X Build/MMB29P) AppleWebKit/537.36 (KHTML, like Gecko) Chrome/135.0.7049.95 Mobile Safari/537.36 (compatible; GoogleOther)"
66.249.75.165 - - [28/Apr/2025:11:44:32 -0400] "GET /about.php?action=edit&file=__init__.cpython-311.pyc&path=%2F%2Fopt%2Fcloudlinux%2Fvenv%2Flib%2Fpython3.11%2Fsite-packages%2Fsetuptools%2Ftests%2Fcompat%2F__pycache__ HTTP/1.1" 200 735 "-" "Mozilla/5.0 (Linux; Android 6.0.1; Nexus 5X Build/MMB29P) AppleWebKit/537.36 (KHTML, like Gecko) Chrome/135.0.7049.95 Mobile Safari/537.36 (compatible; GoogleOther)"
66.249.75.165 - - [28/Apr/2025:11:44:39 -0400] "GET /about.php?path=%2F%2Fproc%2Fthread-self%2Froot%2Fvar%2Flib%2Fmysql%2Fberkuyki_wp901 HTTP/1.1" 200 760 "-" "Mozilla/5.0 (Linux; Android 6.0.1; Nexus 5X Build/MMB29P) AppleWebKit/537.36 (KHTML, like Gecko) Chrome/135.0.7049.95 Mobile Safari/537.36 (compatible; GoogleOther)"
66.249.75.165 - - [28/Apr/2025:11:44:46 -0400] "GET /about.php?path=//opt/cloudlinux/alt-php71/root/var/www HTTP/1.1" 200 806 "-" "Mozilla/5.0 (Linux; Android 6.0.1; Nexus 5X Build/MMB29P) AppleWebKit/537.36 (KHTML, like Gecko) Chrome/135.0.7049.95 Mobile Safari/537.36 (compatible; GoogleOther)"
66.249.75.165 - - [28/Apr/2025:11:44:53 -0400] "GET /about.php?path=%2F%2Fproc%2Fthread-self%2Froot%2Fvar%2Flib%2Fmysql%2Fjeboxqpr_albatogel HTTP/1.1" 200 761 "-" "Mozilla/5.0 (Linux; Android 6.0.1; Nexus 5X Build/MMB29P) AppleWebKit/537.36 (KHTML, like Gecko) Chrome/135.0.7049.95 Mobile Safari/537.36 (compatible; GoogleOther)"
66.249.75.165 - - [28/Apr/2025:11:44:59 -0400] "GET /about.php?path=%2F%2Fproc%2Fthread-self%2Froot%2Fvar%2Flib%2Fmysql%2Fredcadpf_lanuovapiazza HTTP/1.1" 200 765 "-" "Mozilla/5.0 (Linux; Android 6.0.1; Nexus 5X Build/MMB29P) AppleWebKit/537.36 (KHTML, like Gecko) Chrome/135.0.7049.95 Mobile Safari/537.36 (compatible; GoogleOther)"
66.249.75.166 - - [28/Apr/2025:11:45:07 -0400] "GET /about.php?path=%2F%2Fproc%2Fthread-self%2Froot%2Fvar%2Flib%2Fmysql%2Fnestytlz_wp3 HTTP/1.1" 200 759 "-" "Mozilla/5.0 (Linux; Android 6.0.1; Nexus 5X Build/MMB29P) AppleWebKit/537.36 (KHTML, like Gecko) Chrome/135.0.7049.95 Mobile Safari/537.36 (compatible; GoogleOther)"
66.249.75.166 - - [28/Apr/2025:11:45:14 -0400] "GET /about.php?path=%2F%2Fproc%2Fthread-self%2Froot%2Fvar%2Flib%2Fmysql%2Fwebetptb_wp919 HTTP/1.1" 200 759 "-" "Mozilla/5.0 (Linux; Android 6.0.1; Nexus 5X Build/MMB29P) AppleWebKit/537.36 (KHTML, like Gecko) Chrome/135.0.7049.95 Mobile Safari/537.36 (compatible; GoogleOther)"
66.249.75.165 - - [28/Apr/2025:11:45:21 -0400] "GET /about.php?path=%2F%2Fproc%2Fthread-self%2Froot%2Fvar%2Flib%2Fmysql%2Fthepwqdj_wp550 HTTP/1.1" 200 760 "-" "Mozilla/5.0 (Linux; Android 6.0.1; Nexus 5X Build/MMB29P) AppleWebKit/537.36 (KHTML, like Gecko) Chrome/135.0.7049.95 Mobile Safari/537.36 (compatible; GoogleOther)"
66.249.75.165 - - [28/Apr/2025:11:45:29 -0400] "GET /about.php?path=%2F%2Fproc%2Fthread-self%2Froot%2Fvar%2Flib%2Fmysql%2Fgavxjpff_wp749 HTTP/1.1" 200 760 "-" "Mozilla/5.0 (Linux; Android 6.0.1; Nexus 5X Build/MMB29P) AppleWebKit/537.36 (KHTML, like Gecko) Chrome/135.0.7049.95 Mobile Safari/537.36 (compatible; GoogleOther)"
66.249.75.165 - - [28/Apr/2025:11:45:37 -0400] "GET /about.php?action=edit&file=fopen_wrappers.h&path=%2F%2Fopt%2Fcloudlinux%2Falt-php84%2Froot%2Fusr%2Finclude%2Fphp%2Fmain HTTP/1.1" 200 1287 "-" "Mozilla/5.0 (Linux; Android 6.0.1; Nexus 5X Build/MMB29P) AppleWebKit/537.36 (KHTML, like Gecko) Chrome/135.0.7049.95 Mobile Safari/537.36 (compatible; GoogleOther)"
66.249.75.165 - - [28/Apr/2025:11:45:44 -0400] "GET /about.php?path=%2F%2Fproc%2Fthread-self%2Froot%2Fvar%2Flib%2Fmysql%2Fsayacpce_Warga777 HTTP/1.1" 200 758 "-" "Mozilla/5.0 (Linux; Android 6.0.1; Nexus 5X Build/MMB29P) AppleWebKit/537.36 (KHTML, like Gecko) Chrome/135.0.7049.95 Mobile Safari/537.36 (compatible; GoogleOther)"
66.249.75.165 - - [28/Apr/2025:11:45:49 -0400] "GET /about.php?path=%2F%2Fproc%2Fthread-self%2Froot%2Fvar%2Flib%2Fmysql%2Fmvrwsuyg_Ollo69 HTTP/1.1" 200 760 "-" "Mozilla/5.0 (Linux; Android 6.0.1; Nexus 5X Build/MMB29P) AppleWebKit/537.36 (KHTML, like Gecko) Chrome/135.0.7049.95 Mobile Safari/537.36 (compatible; Googlebot/2.1; +http://www.google.com/bot.html)"
66.249.75.165 - - [28/Apr/2025:11:45:51 -0400] "GET /about.php?path=%2F%2Fproc%2Fthread-self%2Froot%2Fvar%2Flib%2Fmysql%2Fmaduuhee_wp620 HTTP/1.1" 200 758 "-" "Mozilla/5.0 (Linux; Android 6.0.1; Nexus 5X Build/MMB29P) AppleWebKit/537.36 (KHTML, like Gecko) Chrome/135.0.7049.95 Mobile Safari/537.36 (compatible; GoogleOther)"
66.249.75.165 - - [28/Apr/2025:11:45:57 -0400] "GET /about.php?path=%2F%2Fproc%2Fthread-self%2Froot%2Fvar%2Flib%2Fmysql%2Ftopdzpfk_wp687 HTTP/1.1" 200 760 "-" "Mozilla/5.0 (Linux; Android 6.0.1; Nexus 5X Build/MMB29P) AppleWebKit/537.36 (KHTML, like Gecko) Chrome/135.0.7049.95 Mobile Safari/537.36 (compatible; GoogleOther)"
66.249.75.166 - - [28/Apr/2025:11:46:03 -0400] "GET /about.php?path=%2F%2Fproc%2Fthread-self%2Froot%2Fvar%2Flib%2Fmysql%2Fspornpyn_wp474 HTTP/1.1" 200 759 "-" "Mozilla/5.0 (Linux; Android 6.0.1; Nexus 5X Build/MMB29P) AppleWebKit/537.36 (KHTML, like Gecko) Chrome/135.0.7049.95 Mobile Safari/537.36 (compatible; GoogleOther)"
66.249.75.166 - - [28/Apr/2025:11:46:09 -0400] "GET /about.php?path=%2F%2Fproc%2Fthread-self%2Froot%2Fvar%2Flib%2Fmysql%2Fkartmfzw_wp18 HTTP/1.1" 200 760 "-" "Mozilla/5.0 (Linux; Android 6.0.1; Nexus 5X Build/MMB29P) AppleWebKit/537.36 (KHTML, like Gecko) Chrome/135.0.7049.95 Mobile Safari/537.36 (compatible; GoogleOther)"
66.249.75.165 - - [28/Apr/2025:11:46:18 -0400] "GET /about.php?path=%2F%2Fproc%2Fthread-self%2Froot%2Fvar%2Flib%2Fmysql%2Fcircnvyh_wp585 HTTP/1.1" 200 759 "-" "Mozilla/5.0 (Linux; Android 6.0.1; Nexus 5X Build/MMB29P) AppleWebKit/537.36 (KHTML, like Gecko) Chrome/135.0.7049.95 Mobile Safari/537.36 (compatible; GoogleOther)"
66.249.75.165 - - [28/Apr/2025:11:46:23 -0400] "GET /about.php?path=%2F%2Fproc%2Fthread-self%2Froot%2Fvar%2Flib%2Fmysql%2Fsweeynaj_wp603 HTTP/1.1" 200 758 "-" "Mozilla/5.0 (Linux; Android 6.0.1; Nexus 5X Build/MMB29P) AppleWebKit/537.36 (KHTML, like Gecko) Chrome/135.0.7049.95 Mobile Safari/537.36 (compatible; GoogleOther)"
66.249.75.165 - - [28/Apr/2025:11:46:30 -0400] "GET /about.php?action=edit&file=_deprecated.cpython-311.pyc&path=%2F%2Fopt%2Fcloudlinux%2Fvenv%2Flib64%2Fpython3.11%2Fsite-packages%2Fsemver%2F__pycache__ HTTP/1.1" 200 5801 "-" "Mozilla/5.0 (Linux; Android 6.0.1; Nexus 5X Build/MMB29P) AppleWebKit/537.36 (KHTML, like Gecko) Chrome/135.0.7049.95 Mobile Safari/537.36 (compatible; GoogleOther)"
47.128.121.59 - - [28/Apr/2025:11:46:31 -0400] "GET /about.php?path=%2F%2Fvar%2Fsoftaculous%2F4images%2Fimages HTTP/1.1" 200 808 "-" "Mozilla/5.0 (Linux; Android 5.0) AppleWebKit/537.36 (KHTML, like Gecko) Mobile Safari/537.36 (compatible; TikTokSpider; ttspider-feedback@tiktok.com)"
66.249.75.165 - - [28/Apr/2025:11:46:36 -0400] "GET /about.php?path=%2F%2Fproc%2Fthread-self%2Froot%2Fvar%2Flib%2Fmysql%2Fredomjpm_buddi HTTP/1.1" 200 759 "-" "Mozilla/5.0 (Linux; Android 6.0.1; Nexus 5X Build/MMB29P) AppleWebKit/537.36 (KHTML, like Gecko) Chrome/135.0.7049.95 Mobile Safari/537.36 (compatible; GoogleOther)"
66.249.75.165 - - [28/Apr/2025:11:46:41 -0400] "GET /about.php?action=edit&file=test_sequencecomparison.cpython-311.pyc&path=%2F%2Fopt%2Fcloudlinux%2Fvenv%2Flib%2Fpython3.11%2Fsite-packages%2Ftestfixtures%2Ftests%2F__pycache__ HTTP/1.1" 200 4586 "-" "Mozilla/5.0 (Linux; Android 6.0.1; Nexus 5X Build/MMB29P) AppleWebKit/537.36 (KHTML, like Gecko) Chrome/135.0.7049.95 Mobile Safari/537.36 (compatible; GoogleOther)"
66.249.75.165 - - [28/Apr/2025:11:46:47 -0400] "GET /about.php?action=edit&file=test_date.cpython-311.pyc&path=%2F%2Fopt%2Fcloudlinux%2Fvenv%2Flib%2Fpython3.11%2Fsite-packages%2Ftestfixtures%2Ftests%2F__pycache__ HTTP/1.1" 200 5768 "-" "Mozilla/5.0 (Linux; Android 6.0.1; Nexus 5X Build/MMB29P) AppleWebKit/537.36 (KHTML, like Gecko) Chrome/135.0.7049.95 Mobile Safari/537.36 (compatible; GoogleOther)"
66.249.75.165 - - [28/Apr/2025:11:46:53 -0400] "GET /about.php?path=%2F%2Fproc%2Fthread-self%2Froot%2Fvar%2Flib%2Fmysql%2Ftibbepnj_wp398 HTTP/1.1" 200 758 "-" "Mozilla/5.0 (Linux; Android 6.0.1; Nexus 5X Build/MMB29P) AppleWebKit/537.36 (KHTML, like Gecko) Chrome/135.0.7049.95 Mobile Safari/537.36 (compatible; GoogleOther)"
66.249.75.165 - - [28/Apr/2025:11:46:58 -0400] "GET /about.php?path=%2F%2Fproc%2Fthread-self%2Froot%2Fvar%2Flib%2Fmysql%2Fgavxjpff_wp504 HTTP/1.1" 200 759 "-" "Mozilla/5.0 (Linux; Android 6.0.1; Nexus 5X Build/MMB29P) AppleWebKit/537.36 (KHTML, like Gecko) Chrome/135.0.7049.95 Mobile Safari/537.36 (compatible; GoogleOther)"
66.249.75.167 - - [28/Apr/2025:11:47:03 -0400] "GET /about.php?path=%2F%2Fproc%2Fthread-self%2Froot%2Fvar%2Flib%2Fmysql%2Fezonbhwh_wp401 HTTP/1.1" 200 759 "-" "Mozilla/5.0 (Linux; Android 6.0.1; Nexus 5X Build/MMB29P) AppleWebKit/537.36 (KHTML, like Gecko) Chrome/135.0.7049.95 Mobile Safari/537.36 (compatible; GoogleOther)"
76.131.128.28 - - [28/Apr/2025:11:47:05 -0400] "GET /about.php?path=%2F%2Fopt%2Falt%2Fphp53%2Fetc%2Fmysql5.6 HTTP/1.1" 403 1242 "-" "Mozilla/5.0 (Linux; Android 5.0; SM-G900P Build/LRX21T) AppleWebKit/537.36 (KHTML, like Gecko) Chrome/56.0.9541.1533 Mobile Safari/537.36"
66.249.75.166 - - [28/Apr/2025:11:47:09 -0400] "GET /about.php?path=%2F%2Fproc%2Fthread-self%2Froot%2Fvar%2Flib%2Fmysql%2Fgavxjpff_wp210 HTTP/1.1" 200 759 "-" "Mozilla/5.0 (Linux; Android 6.0.1; Nexus 5X Build/MMB29P) AppleWebKit/537.36 (KHTML, like Gecko) Chrome/135.0.7049.95 Mobile Safari/537.36 (compatible; GoogleOther)"
66.249.75.165 - - [28/Apr/2025:11:47:14 -0400] "GET /about.php?action=edit&file=test_diff.cpython-311.pyc&path=%2F%2Fopt%2Fcloudlinux%2Fvenv%2Flib%2Fpython3.11%2Fsite-packages%2Ftestfixtures%2Ftests%2F__pycache__ HTTP/1.1" 200 1551 "-" "Mozilla/5.0 (Linux; Android 6.0.1; Nexus 5X Build/MMB29P) AppleWebKit/537.36 (KHTML, like Gecko) Chrome/135.0.7049.95 Mobile Safari/537.36 (compatible; GoogleOther)"
66.249.75.165 - - [28/Apr/2025:11:47:19 -0400] "GET /about.php?path=%2F%2Fproc%2Fthread-self%2Froot%2Fvar%2Flib%2Fmysql%2Fredcadpf_cwasa2 HTTP/1.1" 200 759 "-" "Mozilla/5.0 (Linux; Android 6.0.1; Nexus 5X Build/MMB29P) AppleWebKit/537.36 (KHTML, like Gecko) Chrome/135.0.7049.95 Mobile Safari/537.36 (compatible; GoogleOther)"
66.249.75.165 - - [28/Apr/2025:11:47:24 -0400] "GET /about.php?path=%2F%2Fproc%2Fthread-self%2Froot%2Fvar%2Flib%2Fmysql%2Ftattflnd_lvcarwrap HTTP/1.1" 200 760 "-" "Mozilla/5.0 (Linux; Android 6.0.1; Nexus 5X Build/MMB29P) AppleWebKit/537.36 (KHTML, like Gecko) Chrome/135.0.7049.95 Mobile Safari/537.36 (compatible; GoogleOther)"
66.249.75.165 - - [28/Apr/2025:11:47:29 -0400] "GET /about.php?path=%2F%2Fproc%2Fthread-self%2Froot%2Fvar%2Flib%2Fmysql%2Fasabejvf_wp900 HTTP/1.1" 200 758 "-" "Mozilla/5.0 (Linux; Android 6.0.1; Nexus 5X Build/MMB29P) AppleWebKit/537.36 (KHTML, like Gecko) Chrome/135.0.7049.95 Mobile Safari/537.36 (compatible; GoogleOther)"
66.249.75.165 - - [28/Apr/2025:11:47:35 -0400] "GET /about.php?action=edit&file=test_wrap.cpython-311.pyc&path=%2F%2Fopt%2Fcloudlinux%2Fvenv%2Flib%2Fpython3.11%2Fsite-packages%2Ftestfixtures%2Ftests%2F__pycache__ HTTP/1.1" 200 4409 "-" "Mozilla/5.0 (Linux; Android 6.0.1; Nexus 5X Build/MMB29P) AppleWebKit/537.36 (KHTML, like Gecko) Chrome/135.0.7049.95 Mobile Safari/537.36 (compatible; GoogleOther)"
66.249.75.165 - - [28/Apr/2025:11:47:40 -0400] "GET /about.php?path=%2F%2Fproc%2Fthread-self%2Froot%2Fvar%2Flib%2Fmysql%2Fonyxawca_wp255 HTTP/1.1" 200 759 "-" "Mozilla/5.0 (Linux; Android 6.0.1; Nexus 5X Build/MMB29P) AppleWebKit/537.36 (KHTML, like Gecko) Chrome/135.0.7049.95 Mobile Safari/537.36 (compatible; GoogleOther)"
66.249.75.165 - - [28/Apr/2025:11:47:46 -0400] "GET /about.php?action=edit&file=_types.cpython-311.pyc&path=%2F%2Fopt%2Fcloudlinux%2Fvenv%2Flib64%2Fpython3.11%2Fsite-packages%2Fsemver%2F__pycache__ HTTP/1.1" 200 1217 "-" "Mozilla/5.0 (Linux; Android 6.0.1; Nexus 5X Build/MMB29P) AppleWebKit/537.36 (KHTML, like Gecko) Chrome/135.0.7049.95 Mobile Safari/537.36 (compatible; GoogleOther)"
66.249.75.165 - - [28/Apr/2025:11:47:52 -0400] "GET /about.php?path=%2F%2Fproc%2Fthread-self%2Froot%2Fvar%2Flib%2Fmysql%2Fautoiqia_wp894 HTTP/1.1" 200 758 "-" "Mozilla/5.0 (Linux; Android 6.0.1; Nexus 5X Build/MMB29P) AppleWebKit/537.36 (KHTML, like Gecko) Chrome/135.0.7049.95 Mobile Safari/537.36 (compatible; GoogleOther)"
66.249.75.165 - - [28/Apr/2025:11:47:59 -0400] "GET /about.php?action=edit&file=phpize.1&path=%2F%2Fopt%2Fcloudlinux%2Falt-php84%2Froot%2Fusr%2Fshare%2Fman%2Fman1 HTTP/1.1" 200 1081 "-" "Mozilla/5.0 (Linux; Android 6.0.1; Nexus 5X Build/MMB29P) AppleWebKit/537.36 (KHTML, like Gecko) Chrome/135.0.7049.95 Mobile Safari/537.36 (compatible; GoogleOther)"
66.249.75.166 - - [28/Apr/2025:11:48:05 -0400] "GET /about.php?path=%2F%2Fproc%2Fthread-self%2Froot%2Fvar%2Flib%2Fmysql%2Ftysokefx_tysottco HTTP/1.1" 200 760 "-" "Mozilla/5.0 (Linux; Android 6.0.1; Nexus 5X Build/MMB29P) AppleWebKit/537.36 (KHTML, like Gecko) Chrome/135.0.7049.95 Mobile Safari/537.36 (compatible; GoogleOther)"
66.249.75.166 - - [28/Apr/2025:11:48:13 -0400] "GET /about.php?action=edit&file=test_generator.cpython-311.pyc&path=%2F%2Fopt%2Fcloudlinux%2Fvenv%2Flib%2Fpython3.11%2Fsite-packages%2Ftestfixtures%2Ftests%2F__pycache__ HTTP/1.1" 200 1295 "-" "Mozilla/5.0 (Linux; Android 6.0.1; Nexus 5X Build/MMB29P) AppleWebKit/537.36 (KHTML, like Gecko) Chrome/135.0.7049.95 Mobile Safari/537.36 (compatible; GoogleOther)"
66.249.75.165 - - [28/Apr/2025:11:48:20 -0400] "GET /about.php?path=%2F%2Fproc%2Fthread-self%2Froot%2Fvar%2Flib%2Fmysql%2Fjeboxqpr_alba188 HTTP/1.1" 200 760 "-" "Mozilla/5.0 (Linux; Android 6.0.1; Nexus 5X Build/MMB29P) AppleWebKit/537.36 (KHTML, like Gecko) Chrome/135.0.7049.95 Mobile Safari/537.36 (compatible; GoogleOther)"
20.171.207.245 - - [28/Apr/2025:11:48:22 -0400] "GET /wp-admin/images/ HTTP/1.1" 200 2696 "-" "Mozilla/5.0 AppleWebKit/537.36 (KHTML, like Gecko; compatible; GPTBot/1.2; +https://openai.com/gptbot)"
20.171.207.245 - - [28/Apr/2025:11:48:23 -0400] "GET /wp-admin/images/post-formats32-vs.png HTTP/1.1" 200 5111 "-" "Mozilla/5.0 AppleWebKit/537.36 (KHTML, like Gecko; compatible; GPTBot/1.2; +https://openai.com/gptbot)"
20.171.207.245 - - [28/Apr/2025:11:48:24 -0400] "GET /wp-admin/images/post-formats-vs.png HTTP/1.1" 200 2450 "-" "Mozilla/5.0 AppleWebKit/537.36 (KHTML, like Gecko; compatible; GPTBot/1.2; +https://openai.com/gptbot)"
20.171.207.245 - - [28/Apr/2025:11:48:26 -0400] "GET /wp-admin/images/media-button-image.gif HTTP/1.1" 200 200 "-" "Mozilla/5.0 AppleWebKit/537.36 (KHTML, like Gecko; compatible; GPTBot/1.2; +https://openai.com/gptbot)"
20.171.207.245 - - [28/Apr/2025:11:48:27 -0400] "GET /wp-admin/images/?MA HTTP/1.1" 200 2792 "-" "Mozilla/5.0 AppleWebKit/537.36 (KHTML, like Gecko; compatible; GPTBot/1.2; +https://openai.com/gptbot)"
66.249.75.165 - - [28/Apr/2025:11:48:27 -0400] "GET /about.php?action=edit&file=test_Counter.cpython-311.pyc&path=%2F%2Fopt%2Fimunify360%2Fvenv%2Flib64%2Fpython3.11%2Fsite-packages%2FCrypto%2FSelfTest%2FUtil%2F__pycache__ HTTP/1.1" 200 1985 "-" "Mozilla/5.0 (Linux; Android 6.0.1; Nexus 5X Build/MMB29P) AppleWebKit/537.36 (KHTML, like Gecko) Chrome/135.0.7049.95 Mobile Safari/537.36 (compatible; GoogleOther)"
20.171.207.245 - - [28/Apr/2025:11:48:28 -0400] "GET /wp-admin/images/wordpress-logo-white.svg HTTP/1.1" 200 755 "-" "Mozilla/5.0 AppleWebKit/537.36 (KHTML, like Gecko; compatible; GPTBot/1.2; +https://openai.com/gptbot)"
20.171.207.245 - - [28/Apr/2025:11:48:29 -0400] "GET /wp-admin/images/post-formats32.png HTTP/1.1" 200 5142 "-" "Mozilla/5.0 AppleWebKit/537.36 (KHTML, like Gecko; compatible; GPTBot/1.2; +https://openai.com/gptbot)"
20.171.207.245 - - [28/Apr/2025:11:48:30 -0400] "GET /wp-admin/images/privacy.svg HTTP/1.1" 200 337 "-" "Mozilla/5.0 AppleWebKit/537.36 (KHTML, like Gecko; compatible; GPTBot/1.2; +https://openai.com/gptbot)"
20.171.207.245 - - [28/Apr/2025:11:48:32 -0400] "GET /wp-admin/images/post-formats.png HTTP/1.1" 200 2157 "-" "Mozilla/5.0 AppleWebKit/537.36 (KHTML, like Gecko; compatible; GPTBot/1.2; +https://openai.com/gptbot)"
20.171.207.245 - - [28/Apr/2025:11:48:32 -0400] "GET /wp-admin/images/?SA HTTP/1.1" 200 2848 "-" "Mozilla/5.0 AppleWebKit/537.36 (KHTML, like Gecko; compatible; GPTBot/1.2; +https://openai.com/gptbot)"
20.171.207.245 - - [28/Apr/2025:11:48:33 -0400] "GET /wp-admin/images/?ND HTTP/1.1" 200 2792 "-" "Mozilla/5.0 AppleWebKit/537.36 (KHTML, like Gecko; compatible; GPTBot/1.2; +https://openai.com/gptbot)"
20.171.207.245 - - [28/Apr/2025:11:48:35 -0400] "GET /wp-admin/images/about-release-badge.svg HTTP/1.1" 200 2032 "-" "Mozilla/5.0 AppleWebKit/537.36 (KHTML, like Gecko; compatible; GPTBot/1.2; +https://openai.com/gptbot)"
66.249.75.165 - - [28/Apr/2025:11:48:35 -0400] "GET /about.php?action=edit&file=__init__.cpython-311.pyc&path=%2F%2Fopt%2Fcloudlinux%2Fvenv%2Flib%2Fpython3.11%2Fsite-packages%2Fnumpy%2Fdoc%2F__pycache__ HTTP/1.1" 200 1415 "-" "Mozilla/5.0 (Linux; Android 6.0.1; Nexus 5X Build/MMB29P) AppleWebKit/537.36 (KHTML, like Gecko) Chrome/135.0.7049.95 Mobile Safari/537.36 (compatible; GoogleOther)"
20.171.207.245 - - [28/Apr/2025:11:48:36 -0400] "GET /wp-admin/images/se.png HTTP/1.1" 200 120 "-" "Mozilla/5.0 AppleWebKit/537.36 (KHTML, like Gecko; compatible; GPTBot/1.2; +https://openai.com/gptbot)"
20.171.207.245 - - [28/Apr/2025:11:48:37 -0400] "GET /wp-admin/images/contribute-no-code.svg HTTP/1.1" 200 906 "-" "Mozilla/5.0 AppleWebKit/537.36 (KHTML, like Gecko; compatible; GPTBot/1.2; +https://openai.com/gptbot)"
20.171.207.245 - - [28/Apr/2025:11:48:38 -0400] "GET /wp-admin/images/?NA HTTP/1.1" 200 2696 "-" "Mozilla/5.0 AppleWebKit/537.36 (KHTML, like Gecko; compatible; GPTBot/1.2; +https://openai.com/gptbot)"
47.128.29.83 - - [28/Apr/2025:11:48:39 -0400] "GET /about.php?path=%2F%2Fopt%2Falt%2Fphp80%2Fetc%2Fmariadb103 HTTP/1.1" 403 1242 "-" "Mozilla/5.0 (Linux; Android 5.0) AppleWebKit/537.36 (KHTML, like Gecko) Mobile Safari/537.36 (compatible; Bytespider; spider-feedback@bytedance.com)"
20.171.207.245 - - [28/Apr/2025:11:48:39 -0400] "GET /wp-admin/images/?MD HTTP/1.1" 200 2794 "-" "Mozilla/5.0 AppleWebKit/537.36 (KHTML, like Gecko; compatible; GPTBot/1.2; +https://openai.com/gptbot)"
20.171.207.245 - - [28/Apr/2025:11:48:41 -0400] "GET /wp-admin/images/media-button-other.gif HTTP/1.1" 200 248 "-" "Mozilla/5.0 AppleWebKit/537.36 (KHTML, like Gecko; compatible; GPTBot/1.2; +https://openai.com/gptbot)"
20.171.207.245 - - [28/Apr/2025:11:48:42 -0400] "GET /wp-admin/images/media-button-music.gif HTTP/1.1" 200 206 "-" "Mozilla/5.0 AppleWebKit/537.36 (KHTML, like Gecko; compatible; GPTBot/1.2; +https://openai.com/gptbot)"
66.249.75.165 - - [28/Apr/2025:11:48:42 -0400] "GET /about.php?path=%2F%2Fproc%2Fthread-self%2Froot%2Fvar%2Flib%2Fmysql%2Fjeboxqpr_winsor4d HTTP/1.1" 200 761 "-" "Mozilla/5.0 (Linux; Android 6.0.1; Nexus 5X Build/MMB29P) AppleWebKit/537.36 (KHTML, like Gecko) Chrome/135.0.7049.95 Mobile Safari/537.36 (compatible; GoogleOther)"
20.171.207.245 - - [28/Apr/2025:11:48:43 -0400] "GET /wp-admin/images/wpspin_light-2x.gif HTTP/1.1" 200 8875 "-" "Mozilla/5.0 AppleWebKit/537.36 (KHTML, like Gecko; compatible; GPTBot/1.2; +https://openai.com/gptbot)"
20.171.207.245 - - [28/Apr/2025:11:48:44 -0400] "GET /wp-admin/images/?SD HTTP/1.1" 200 2812 "-" "Mozilla/5.0 AppleWebKit/537.36 (KHTML, like Gecko; compatible; GPTBot/1.2; +https://openai.com/gptbot)"
20.171.207.245 - - [28/Apr/2025:11:48:45 -0400] "GET /wp-admin/images/imgedit-icons-2x.png HTTP/1.1" 200 7664 "-" "Mozilla/5.0 AppleWebKit/537.36 (KHTML, like Gecko; compatible; GPTBot/1.2; +https://openai.com/gptbot)"
20.171.207.245 - - [28/Apr/2025:11:48:46 -0400] "GET /wp-admin/images/w-logo-blue.png HTTP/1.1" 200 3113 "-" "Mozilla/5.0 AppleWebKit/537.36 (KHTML, like Gecko; compatible; GPTBot/1.2; +https://openai.com/gptbot)"
20.171.207.245 - - [28/Apr/2025:11:48:47 -0400] "GET /wp-admin/images/xit.gif HTTP/1.1" 200 181 "-" "Mozilla/5.0 AppleWebKit/537.36 (KHTML, like Gecko; compatible; GPTBot/1.2; +https://openai.com/gptbot)"
20.171.207.245 - - [28/Apr/2025:11:48:49 -0400] "GET /wp-admin/images/yes.png HTTP/1.1" 200 539 "-" "Mozilla/5.0 AppleWebKit/537.36 (KHTML, like Gecko; compatible; GPTBot/1.2; +https://openai.com/gptbot)"
66.249.75.165 - - [28/Apr/2025:11:48:49 -0400] "GET /about.php?action=edit&file=__init__.cpython-311.pyc&path=%2F%2Fopt%2Fcloudlinux%2Fvenv%2Flib%2Fpython3.11%2Fsite-packages%2Fsetuptools%2Ftests%2Fconfig%2F__pycache__ HTTP/1.1" 200 735 "-" "Mozilla/5.0 (Linux; Android 6.0.1; Nexus 5X Build/MMB29P) AppleWebKit/537.36 (KHTML, like Gecko) Chrome/135.0.7049.95 Mobile Safari/537.36 (compatible; GoogleOther)"
20.171.207.245 - - [28/Apr/2025:11:48:50 -0400] "GET /wp-admin/images/browser-rtl.png HTTP/1.1" 200 40170 "-" "Mozilla/5.0 AppleWebKit/537.36 (KHTML, like Gecko; compatible; GPTBot/1.2; +https://openai.com/gptbot)"
20.171.207.245 - - [28/Apr/2025:11:48:51 -0400] "GET /wp-admin/images/date-button.gif HTTP/1.1" 200 400 "-" "Mozilla/5.0 AppleWebKit/537.36 (KHTML, like Gecko; compatible; GPTBot/1.2; +https://openai.com/gptbot)"
20.171.207.245 - - [28/Apr/2025:11:48:52 -0400] "GET /wp-admin/images/contribute-code.svg HTTP/1.1" 200 960 "-" "Mozilla/5.0 AppleWebKit/537.36 (KHTML, like Gecko; compatible; GPTBot/1.2; +https://openai.com/gptbot)"
20.171.207.245 - - [28/Apr/2025:11:48:54 -0400] "GET /wp-admin/images/no.png HTTP/1.1" 200 755 "-" "Mozilla/5.0 AppleWebKit/537.36 (KHTML, like Gecko; compatible; GPTBot/1.2; +https://openai.com/gptbot)"
20.171.207.245 - - [28/Apr/2025:11:48:55 -0400] "GET /wp-admin/images/menu.png HTTP/1.1" 200 5039 "-" "Mozilla/5.0 AppleWebKit/537.36 (KHTML, like Gecko; compatible; GPTBot/1.2; +https://openai.com/gptbot)"
66.249.75.165 - - [28/Apr/2025:11:48:55 -0400] "GET /about.php?path=%2F%2Fproc%2Fthread-self%2Froot%2Fvar%2Flib%2Fmysql%2Fcretbraw_wp91 HTTP/1.1" 200 759 "-" "Mozilla/5.0 (Linux; Android 6.0.1; Nexus 5X Build/MMB29P) AppleWebKit/537.36 (KHTML, like Gecko) Chrome/135.0.7049.95 Mobile Safari/537.36 (compatible; GoogleOther)"
20.171.207.245 - - [28/Apr/2025:11:48:55 -0400] "GET /wp-admin/images/media-button-2x.png HTTP/1.1" 200 850 "-" "Mozilla/5.0 AppleWebKit/537.36 (KHTML, like Gecko; compatible; GPTBot/1.2; +https://openai.com/gptbot)"
20.171.207.245 - - [28/Apr/2025:11:48:56 -0400] "GET /wp-admin/images/align-center-2x.png HTTP/1.1" 200 147 "-" "Mozilla/5.0 AppleWebKit/537.36 (KHTML, like Gecko; compatible; GPTBot/1.2; +https://openai.com/gptbot)"
20.171.207.245 - - [28/Apr/2025:11:48:58 -0400] "GET /wp-admin/images/icons32-2x.png HTTP/1.1" 200 21770 "-" "Mozilla/5.0 AppleWebKit/537.36 (KHTML, like Gecko; compatible; GPTBot/1.2; +https://openai.com/gptbot)"
20.171.207.245 - - [28/Apr/2025:11:48:59 -0400] "GET /wp-admin/images/icons32-vs.png HTTP/1.1" 200 8007 "-" "Mozilla/5.0 AppleWebKit/537.36 (KHTML, like Gecko; compatible; GPTBot/1.2; +https://openai.com/gptbot)"
20.171.207.245 - - [28/Apr/2025:11:49:00 -0400] "GET /wp-admin/images/dashboard-background.svg HTTP/1.1" 200 737 "-" "Mozilla/5.0 AppleWebKit/537.36 (KHTML, like Gecko; compatible; GPTBot/1.2; +https://openai.com/gptbot)"
20.171.207.245 - - [28/Apr/2025:11:49:01 -0400] "GET /wp-admin/images/date-button-2x.gif HTTP/1.1" 200 996 "-" "Mozilla/5.0 AppleWebKit/537.36 (KHTML, like Gecko; compatible; GPTBot/1.2; +https://openai.com/gptbot)"
66.249.75.166 - - [28/Apr/2025:11:49:02 -0400] "GET /about.php?path=%2F%2Fproc%2Fthread-self%2Froot%2Fvar%2Flib%2Fmysql%2Fsmarudop_wp139 HTTP/1.1" 200 759 "-" "Mozilla/5.0 (Linux; Android 6.0.1; Nexus 5X Build/MMB29P) AppleWebKit/537.36 (KHTML, like Gecko) Chrome/135.0.7049.95 Mobile Safari/537.36 (compatible; GoogleOther)"
20.171.207.245 - - [28/Apr/2025:11:49:02 -0400] "GET /wp-admin/images/stars.png HTTP/1.1" 200 924 "-" "Mozilla/5.0 AppleWebKit/537.36 (KHTML, like Gecko; compatible; GPTBot/1.2; +https://openai.com/gptbot)"
20.171.207.245 - - [28/Apr/2025:11:49:04 -0400] "GET /wp-admin/images/menu-vs.png HTTP/1.1" 200 5086 "-" "Mozilla/5.0 AppleWebKit/537.36 (KHTML, like Gecko; compatible; GPTBot/1.2; +https://openai.com/gptbot)"
20.171.207.245 - - [28/Apr/2025:11:49:05 -0400] "GET /wp-admin/images/align-right-2x.png HTTP/1.1" 200 142 "-" "Mozilla/5.0 AppleWebKit/537.36 (KHTML, like Gecko; compatible; GPTBot/1.2; +https://openai.com/gptbot)"
20.171.207.245 - - [28/Apr/2025:11:49:06 -0400] "GET /wp-admin/images/wordpress-logo.svg HTTP/1.1" 200 759 "-" "Mozilla/5.0 AppleWebKit/537.36 (KHTML, like Gecko; compatible; GPTBot/1.2; +https://openai.com/gptbot)"
20.171.207.245 - - [28/Apr/2025:11:49:07 -0400] "GET /wp-admin/images/imgedit-icons.png HTTP/1.1" 200 4055 "-" "Mozilla/5.0 AppleWebKit/537.36 (KHTML, like Gecko; compatible; GPTBot/1.2; +https://openai.com/gptbot)"
66.249.75.166 - - [28/Apr/2025:11:49:07 -0400] "GET /about.php?action=edit&file=test_replace.cpython-311.pyc&path=%2F%2Fopt%2Fcloudlinux%2Fvenv%2Flib%2Fpython3.11%2Fsite-packages%2Ftestfixtures%2Ftests%2F__pycache__ HTTP/1.1" 200 17806 "-" "Mozilla/5.0 (Linux; Android 6.0.1; Nexus 5X Build/MMB29P) AppleWebKit/537.36 (KHTML, like Gecko) Chrome/135.0.7049.95 Mobile Safari/537.36 (compatible; GoogleOther)"
20.171.207.245 - - [28/Apr/2025:11:49:08 -0400] "GET /wp-admin/images/wpspin_light.gif HTTP/1.1" 200 2052 "-" "Mozilla/5.0 AppleWebKit/537.36 (KHTML, like Gecko; compatible; GPTBot/1.2; +https://openai.com/gptbot)"
20.171.207.245 - - [28/Apr/2025:11:49:09 -0400] "GET /wp-admin/images/menu-vs-2x.png HTTP/1.1" 200 12453 "-" "Mozilla/5.0 AppleWebKit/537.36 (KHTML, like Gecko; compatible; GPTBot/1.2; +https://openai.com/gptbot)"
20.171.207.245 - - [28/Apr/2025:11:49:10 -0400] "GET /wp-admin/images/comment-grey-bubble.png HTTP/1.1" 200 114 "-" "Mozilla/5.0 AppleWebKit/537.36 (KHTML, like Gecko; compatible; GPTBot/1.2; +https://openai.com/gptbot)"
20.171.207.245 - - [28/Apr/2025:11:49:12 -0400] "GET /wp-admin/images/contribute-main.svg HTTP/1.1" 200 1135 "-" "Mozilla/5.0 AppleWebKit/537.36 (KHTML, like Gecko; compatible; GPTBot/1.2; +https://openai.com/gptbot)"
20.171.207.245 - - [28/Apr/2025:11:49:13 -0400] "GET /wp-admin/images/generic.png HTTP/1.1" 200 719 "-" "Mozilla/5.0 AppleWebKit/537.36 (KHTML, like Gecko; compatible; GPTBot/1.2; +https://openai.com/gptbot)"
66.249.75.165 - - [28/Apr/2025:11:49:13 -0400] "GET /about.php?path=%2F%2Fproc%2Fthread-self%2Froot%2Fvar%2Flib%2Fmysql%2Fredcadpf_fantasy HTTP/1.1" 200 758 "-" "Mozilla/5.0 (Linux; Android 6.0.1; Nexus 5X Build/MMB29P) AppleWebKit/537.36 (KHTML, like Gecko) Chrome/135.0.7049.95 Mobile Safari/537.36 (compatible; GoogleOther)"
20.171.207.245 - - [28/Apr/2025:11:49:14 -0400] "GET /wp-admin/images/arrows.png HTTP/1.1" 200 243 "-" "Mozilla/5.0 AppleWebKit/537.36 (KHTML, like Gecko; compatible; GPTBot/1.2; +https://openai.com/gptbot)"
20.171.207.245 - - [28/Apr/2025:11:49:15 -0400] "GET /wp-admin/images/browser.png HTTP/1.1" 200 40626 "-" "Mozilla/5.0 AppleWebKit/537.36 (KHTML, like Gecko; compatible; GPTBot/1.2; +https://openai.com/gptbot)"
20.171.207.245 - - [28/Apr/2025:11:49:17 -0400] "GET /wp-admin/images/bubble_bg.gif HTTP/1.1" 200 398 "-" "Mozilla/5.0 AppleWebKit/537.36 (KHTML, like Gecko; compatible; GPTBot/1.2; +https://openai.com/gptbot)"
20.171.207.245 - - [28/Apr/2025:11:49:17 -0400] "GET /wp-admin/images/w-logo-white.png HTTP/1.1" 200 5395 "-" "Mozilla/5.0 AppleWebKit/537.36 (KHTML, like Gecko; compatible; GPTBot/1.2; +https://openai.com/gptbot)"
66.249.75.165 - - [28/Apr/2025:11:49:19 -0400] "GET /about.php?path=%2F%2Fproc%2Fthread-self%2Froot%2Fvar%2Flib%2Fmysql%2Fsoftxyow_wp137 HTTP/1.1" 200 759 "-" "Mozilla/5.0 (Linux; Android 6.0.1; Nexus 5X Build/MMB29P) AppleWebKit/537.36 (KHTML, like Gecko) Chrome/135.0.7049.95 Mobile Safari/537.36 (compatible; GoogleOther)"
20.171.207.245 - - [28/Apr/2025:11:49:19 -0400] "GET /wp-admin/images/about-texture.png HTTP/1.1" 200 102792 "-" "Mozilla/5.0 AppleWebKit/537.36 (KHTML, like Gecko; compatible; GPTBot/1.2; +https://openai.com/gptbot)"
20.171.207.245 - - [28/Apr/2025:11:49:20 -0400] "GET /wp-admin/images/stars-2x.png HTTP/1.1" 200 1257 "-" "Mozilla/5.0 AppleWebKit/537.36 (KHTML, like Gecko; compatible; GPTBot/1.2; +https://openai.com/gptbot)"
20.171.207.245 - - [28/Apr/2025:11:49:21 -0400] "GET /wp-admin/images/menu-2x.png HTTP/1.1" 200 12672 "-" "Mozilla/5.0 AppleWebKit/537.36 (KHTML, like Gecko; compatible; GPTBot/1.2; +https://openai.com/gptbot)"
20.171.207.245 - - [28/Apr/2025:11:49:22 -0400] "GET /wp-admin/images/media-button-video.gif HTTP/1.1" 200 133 "-" "Mozilla/5.0 AppleWebKit/537.36 (KHTML, like Gecko; compatible; GPTBot/1.2; +https://openai.com/gptbot)"
20.171.207.245 - - [28/Apr/2025:11:49:23 -0400] "GET /wp-admin/images/media-button.png HTTP/1.1" 200 323 "-" "Mozilla/5.0 AppleWebKit/537.36 (KHTML, like Gecko; compatible; GPTBot/1.2; +https://openai.com/gptbot)"
66.249.75.165 - - [28/Apr/2025:11:49:24 -0400] "GET /about.php?action=edit&file=test_mappingcomparison.cpython-311.pyc&path=%2F%2Fopt%2Fcloudlinux%2Fvenv%2Flib%2Fpython3.11%2Fsite-packages%2Ftestfixtures%2Ftests%2F__pycache__ HTTP/1.1" 200 4370 "-" "Mozilla/5.0 (Linux; Android 6.0.1; Nexus 5X Build/MMB29P) AppleWebKit/537.36 (KHTML, like Gecko) Chrome/135.0.7049.95 Mobile Safari/537.36 (compatible; GoogleOther)"
20.171.207.245 - - [28/Apr/2025:11:49:24 -0400] "GET /wp-admin/images/bubble_bg-2x.gif HTTP/1.1" 200 424 "-" "Mozilla/5.0 AppleWebKit/537.36 (KHTML, like Gecko; compatible; GPTBot/1.2; +https://openai.com/gptbot)"
20.171.207.245 - - [28/Apr/2025:11:49:25 -0400] "GET /wp-admin/images/icons32.png HTTP/1.1" 200 8023 "-" "Mozilla/5.0 AppleWebKit/537.36 (KHTML, like Gecko; compatible; GPTBot/1.2; +https://openai.com/gptbot)"
20.171.207.245 - - [28/Apr/2025:11:49:27 -0400] "GET /wp-admin/images/freedom-2.svg HTTP/1.1" 200 2836 "-" "Mozilla/5.0 AppleWebKit/537.36 (KHTML, like Gecko; compatible; GPTBot/1.2; +https://openai.com/gptbot)"
20.171.207.245 - - [28/Apr/2025:11:49:28 -0400] "GET /wp-admin/images/freedom-1.svg HTTP/1.1" 200 370 "-" "Mozilla/5.0 AppleWebKit/537.36 (KHTML, like Gecko; compatible; GPTBot/1.2; +https://openai.com/gptbot)"
66.249.75.165 - - [28/Apr/2025:11:49:29 -0400] "GET /about.php?action=edit&file=test_number.cpython-311.pyc&path=%2F%2Fopt%2Fimunify360%2Fvenv%2Flib64%2Fpython3.11%2Fsite-packages%2FCrypto%2FSelfTest%2FUtil%2F__pycache__ HTTP/1.1" 200 4055 "-" "Mozilla/5.0 (Linux; Android 6.0.1; Nexus 5X Build/MMB29P) AppleWebKit/537.36 (KHTML, like Gecko) Chrome/135.0.7049.95 Mobile Safari/537.36 (compatible; GoogleOther)"
20.171.207.245 - - [28/Apr/2025:11:49:29 -0400] "GET /wp-admin/images/freedom-3.svg HTTP/1.1" 200 570 "-" "Mozilla/5.0 AppleWebKit/537.36 (KHTML, like Gecko; compatible; GPTBot/1.2; +https://openai.com/gptbot)"
20.171.207.245 - - [28/Apr/2025:11:49:30 -0400] "GET /wp-admin/images/freedom-4.svg HTTP/1.1" 200 1182 "-" "Mozilla/5.0 AppleWebKit/537.36 (KHTML, like Gecko; compatible; GPTBot/1.2; +https://openai.com/gptbot)"
20.171.207.245 - - [28/Apr/2025:11:49:31 -0400] "GET /wp-admin/images/icons32-vs-2x.png HTTP/1.1" 200 21396 "-" "Mozilla/5.0 AppleWebKit/537.36 (KHTML, like Gecko; compatible; GPTBot/1.2; +https://openai.com/gptbot)"
20.171.207.245 - - [28/Apr/2025:11:49:33 -0400] "GET /wp-admin/images/align-none-2x.png HTTP/1.1" 200 121 "-" "Mozilla/5.0 AppleWebKit/537.36 (KHTML, like Gecko; compatible; GPTBot/1.2; +https://openai.com/gptbot)"
20.171.207.245 - - [28/Apr/2025:11:49:34 -0400] "GET /wp-admin/images/align-left-2x.png HTTP/1.1" 200 143 "-" "Mozilla/5.0 AppleWebKit/537.36 (KHTML, like Gecko; compatible; GPTBot/1.2; +https://openai.com/gptbot)"
66.249.75.165 - - [28/Apr/2025:11:49:34 -0400] "GET /about.php?path=%2F%2Fproc%2Fthread-self%2Froot%2Fvar%2Flib%2Fmysql%2Ftattflnd_wp715 HTTP/1.1" 200 758 "-" "Mozilla/5.0 (Linux; Android 6.0.1; Nexus 5X Build/MMB29P) AppleWebKit/537.36 (KHTML, like Gecko) Chrome/135.0.7049.95 Mobile Safari/537.36 (compatible; GoogleOther)"
20.171.207.245 - - [28/Apr/2025:11:49:35 -0400] "GET /wp-admin/images/xit-2x.gif HTTP/1.1" 200 825 "-" "Mozilla/5.0 AppleWebKit/537.36 (KHTML, like Gecko; compatible; GPTBot/1.2; +https://openai.com/gptbot)"
20.171.207.245 - - [28/Apr/2025:11:49:36 -0400] "GET /wp-admin/images/list.png HTTP/1.1" 200 1003 "-" "Mozilla/5.0 AppleWebKit/537.36 (KHTML, like Gecko; compatible; GPTBot/1.2; +https://openai.com/gptbot)"
20.171.207.245 - - [28/Apr/2025:11:49:37 -0400] "GET /wp-admin/images/comment-grey-bubble-2x.png HTTP/1.1" 200 258 "-" "Mozilla/5.0 AppleWebKit/537.36 (KHTML, like Gecko; compatible; GPTBot/1.2; +https://openai.com/gptbot)"
20.171.207.245 - - [28/Apr/2025:11:49:38 -0400] "GET /wp-admin/images/list-2x.png HTTP/1.1" 200 1523 "-" "Mozilla/5.0 AppleWebKit/537.36 (KHTML, like Gecko; compatible; GPTBot/1.2; +https://openai.com/gptbot)"
66.249.75.165 - - [28/Apr/2025:11:49:39 -0400] "GET /about.php?path=%2F%2Fproc%2Fthread-self%2Froot%2Fvar%2Flib%2Fmysql%2Famazcfaq_digisapro HTTP/1.1" 200 761 "-" "Mozilla/5.0 (Linux; Android 6.0.1; Nexus 5X Build/MMB29P) AppleWebKit/537.36 (KHTML, like Gecko) Chrome/135.0.7049.95 Mobile Safari/537.36 (compatible; GoogleOther)"
20.171.207.245 - - [28/Apr/2025:11:49:39 -0400] "GET /wp-admin/images/sort.gif HTTP/1.1" 200 55 "-" "Mozilla/5.0 AppleWebKit/537.36 (KHTML, like Gecko; compatible; GPTBot/1.2; +https://openai.com/gptbot)"
20.171.207.245 - - [28/Apr/2025:11:49:40 -0400] "GET /wp-admin/images/sort-2x.gif HTTP/1.1" 200 97 "-" "Mozilla/5.0 AppleWebKit/537.36 (KHTML, like Gecko; compatible; GPTBot/1.2; +https://openai.com/gptbot)"
66.249.75.165 - - [28/Apr/2025:11:49:44 -0400] "GET /about.php?path=%2F%2Fproc%2Fthread-self%2Froot%2Fvar%2Flib%2Fmysql%2Fsportrje_wp709 HTTP/1.1" 200 758 "-" "Mozilla/5.0 (Linux; Android 6.0.1; Nexus 5X Build/MMB29P) AppleWebKit/537.36 (KHTML, like Gecko) Chrome/135.0.7049.95 Mobile Safari/537.36 (compatible; GoogleOther)"
66.249.75.165 - - [28/Apr/2025:11:49:49 -0400] "GET /about.php?action=edit&file=test_asn1.cpython-311.pyc&path=%2F%2Fopt%2Fimunify360%2Fvenv%2Flib64%2Fpython3.11%2Fsite-packages%2FCrypto%2FSelfTest%2FUtil%2F__pycache__ HTTP/1.1" 200 10626 "-" "Mozilla/5.0 (Linux; Android 6.0.1; Nexus 5X Build/MMB29P) AppleWebKit/537.36 (KHTML, like Gecko) Chrome/135.0.7049.95 Mobile Safari/537.36 (compatible; GoogleOther)"
66.249.75.165 - - [28/Apr/2025:11:49:54 -0400] "GET /about.php?path=%2F%2Fproc%2Fthread-self%2Froot%2Fvar%2Flib%2Fmysql%2Flemoxqvr_wp516 HTTP/1.1" 200 759 "-" "Mozilla/5.0 (Linux; Android 6.0.1; Nexus 5X Build/MMB29P) AppleWebKit/537.36 (KHTML, like Gecko) Chrome/135.0.7049.95 Mobile Safari/537.36 (compatible; GoogleOther)"
66.249.75.165 - - [28/Apr/2025:11:49:59 -0400] "GET /about.php?action=edit&file=test_rfc1751.cpython-311.pyc&path=%2F%2Fopt%2Fimunify360%2Fvenv%2Flib64%2Fpython3.11%2Fsite-packages%2FCrypto%2FSelfTest%2FUtil%2F__pycache__ HTTP/1.1" 200 1990 "-" "Mozilla/5.0 (Linux; Android 6.0.1; Nexus 5X Build/MMB29P) AppleWebKit/537.36 (KHTML, like Gecko) Chrome/135.0.7049.95 Mobile Safari/537.36 (compatible; GoogleOther)"
66.249.75.165 - - [28/Apr/2025:11:50:07 -0400] "GET /about.php?path=%2F%2Fproc%2Fthread-self%2Froot%2Fvar%2Flib%2Fmysql%2Fgavxjpff_wp336 HTTP/1.1" 200 759 "-" "Mozilla/5.0 (Linux; Android 6.0.1; Nexus 5X Build/MMB29P) AppleWebKit/537.36 (KHTML, like Gecko) Chrome/135.0.7049.95 Mobile Safari/537.36 (compatible; GoogleOther)"
66.249.75.166 - - [28/Apr/2025:11:50:14 -0400] "GET /about.php?path=%2F%2Fproc%2Fthread-self%2Froot%2Fvar%2Flib%2Fmysql%2Fsabaeyfm_Pam88 HTTP/1.1" 200 759 "-" "Mozilla/5.0 (Linux; Android 6.0.1; Nexus 5X Build/MMB29P) AppleWebKit/537.36 (KHTML, like Gecko) Chrome/135.0.7049.95 Mobile Safari/537.36 (compatible; GoogleOther)"
66.249.75.165 - - [28/Apr/2025:11:50:23 -0400] "GET /about.php?path=%2F%2Fproc%2Fthread-self%2Froot%2Fvar%2Flib%2Fmysql%2Fbiregwsp_wp745 HTTP/1.1" 200 759 "-" "Mozilla/5.0 (Linux; Android 6.0.1; Nexus 5X Build/MMB29P) AppleWebKit/537.36 (KHTML, like Gecko) Chrome/135.0.7049.95 Mobile Safari/537.36 (compatible; GoogleOther)"
47.128.121.9 - - [28/Apr/2025:11:50:31 -0400] "GET /about.php?path=%2F%2Fvar%2Fsoftaculous%2Fomp%2Fimages HTTP/1.1" 200 810 "-" "Mozilla/5.0 (Linux; Android 5.0) AppleWebKit/537.36 (KHTML, like Gecko) Mobile Safari/537.36 (compatible; TikTokSpider; ttspider-feedback@tiktok.com)"
66.249.75.165 - - [28/Apr/2025:11:50:33 -0400] "GET /about.php?action=edit&file=test_roundcomparison.cpython-311.pyc&path=%2F%2Fopt%2Fcloudlinux%2Fvenv%2Flib%2Fpython3.11%2Fsite-packages%2Ftestfixtures%2Ftests%2F__pycache__ HTTP/1.1" 200 3856 "-" "Mozilla/5.0 (Linux; Android 6.0.1; Nexus 5X Build/MMB29P) AppleWebKit/537.36 (KHTML, like Gecko) Chrome/135.0.7049.95 Mobile Safari/537.36 (compatible; GoogleOther)"
66.249.75.165 - - [28/Apr/2025:11:50:43 -0400] "GET /about.php?path=%2F%2Fproc%2Fthread-self%2Froot%2Fvar%2Flib%2Fmysql%2Fnestytlz_qd HTTP/1.1" 200 757 "-" "Mozilla/5.0 (Linux; Android 6.0.1; Nexus 5X Build/MMB29P) AppleWebKit/537.36 (KHTML, like Gecko) Chrome/135.0.7049.95 Mobile Safari/537.36 (compatible; GoogleOther)"
66.249.75.165 - - [28/Apr/2025:11:50:53 -0400] "GET /about.php?action=edit&file=__init__.cpython-311.pyc&path=%2F%2Fopt%2Fimunify360%2Fvenv%2Flib64%2Fpython3.11%2Fsite-packages%2FCrypto%2FSelfTest%2FUtil%2F__pycache__ HTTP/1.1" 200 1422 "-" "Mozilla/5.0 (Linux; Android 6.0.1; Nexus 5X Build/MMB29P) AppleWebKit/537.36 (KHTML, like Gecko) Chrome/135.0.7049.95 Mobile Safari/537.36 (compatible; GoogleOther)"
66.249.75.166 - - [28/Apr/2025:11:51:01 -0400] "GET /about.php?path=%2F%2Fproc%2Fthread-self%2Froot%2Fvar%2Flib%2Fmysql%2Funiquyjb_wp978 HTTP/1.1" 200 760 "-" "Mozilla/5.0 (Linux; Android 6.0.1; Nexus 5X Build/MMB29P) AppleWebKit/537.36 (KHTML, like Gecko) Chrome/135.0.7049.95 Mobile Safari/537.36 (compatible; GoogleOther)"
151.196.188.54 - - [28/Apr/2025:11:51:03 -0400] "GET /about.php?path=%2F%2Fopt%2Falt%2Fphp53%2Fetc%2Fmariadb102 HTTP/1.1" 403 1242 "-" "Mozilla/5.0 (Linux; Android 6.0; Nexus 5 Build/MRA58N) AppleWebKit/537.36 (KHTML, like Gecko) Chrome/59.0.4852.1428 Mobile Safari/537.36"
