66.249.75.165 - - [28/Apr/2025:04:54:54 -0400] "GET /about.php?action=edit&file=install_data.cpython-39.opt-1.pyc&path=%2F%2Fopt%2Falt%2Fpython39%2Flib64%2Fpython3.9%2Fdistutils%2Fcommand%2F__pycache__ HTTP/1.1" 200 1872 "-" "Mozilla/5.0 (Linux; Android 6.0.1; Nexus 5X Build/MMB29P) AppleWebKit/537.36 (KHTML, like Gecko) Chrome/135.0.7049.95 Mobile Safari/537.36 (compatible; GoogleOther)"
66.249.75.165 - - [28/Apr/2025:04:55:12 -0400] "GET /about.php?action=edit&file=build_ext.cpython-311.pyc&path=%2F%2Fopt%2Fimunify360%2Fvenv%2Flib%2Fpython3.11%2Fsite-packages%2Fsetuptools%2Fcommand%2F__pycache__ HTTP/1.1" 200 11304 "-" "Mozilla/5.0 (Linux; Android 6.0.1; Nexus 5X Build/MMB29P) AppleWebKit/537.36 (KHTML, like Gecko) Chrome/135.0.7049.95 Mobile Safari/537.36 (compatible; GoogleOther)"
66.249.75.166 - - [28/Apr/2025:04:55:23 -0400] "GET /about.php?action=edit&file=_psutil_posix.cpython-311-x86_64-linux-gnu.so&path=%2F%2Fopt%2Fimunify360%2Fvenv%2Flib%2Fpython3.11%2Fsite-packages%2Fpsutil HTTP/1.1" 200 6633 "-" "Mozilla/5.0 (Linux; Android 6.0.1; Nexus 5X Build/MMB29P) AppleWebKit/537.36 (KHTML, like Gecko) Chrome/135.0.7049.95 Mobile Safari/537.36 (compatible; GoogleOther)"
66.249.75.165 - - [28/Apr/2025:04:55:34 -0400] "GET /about.php?path=%2F%2Fopt%2Fcloudlinux%2Fvenv%2Flib%2Fpython3.11%2Fsite-packages%2Fpsycopg2_binary.libs HTTP/1.1" 200 1228 "-" "Mozilla/5.0 (Linux; Android 6.0.1; Nexus 5X Build/MMB29P) AppleWebKit/537.36 (KHTML, like Gecko) Chrome/135.0.7049.95 Mobile Safari/537.36 (compatible; GoogleOther)"
66.249.75.165 - - [28/Apr/2025:04:55:45 -0400] "GET /about.php?action=edit&file=REQUESTED&path=%2F%2Fopt%2Fcloudlinux%2Fvenv%2Flib64%2Fpython3.11%2Fsite-packages%2Fpackaging-23.1.dist-info HTTP/1.1" 200 556 "-" "Mozilla/5.0 (Linux; Android 6.0.1; Nexus 5X Build/MMB29P) AppleWebKit/537.36 (KHTML, like Gecko) Chrome/135.0.7049.95 Mobile Safari/537.36 (compatible; GoogleOther)"
66.249.75.165 - - [28/Apr/2025:04:55:55 -0400] "GET /about.php?path=%2F%2Fopt%2Fcloudlinux%2Fvenv%2Flib%2Fpython3.11%2Fsite-packages%2Ffuture-0.18.3.dist-info HTTP/1.1" 200 1013 "-" "Mozilla/5.0 (Linux; Android 6.0.1; Nexus 5X Build/MMB29P) AppleWebKit/537.36 (KHTML, like Gecko) Chrome/135.0.7049.95 Mobile Safari/537.36 (compatible; GoogleOther)"
66.249.75.166 - - [28/Apr/2025:04:56:05 -0400] "GET /about.php?path=%2F%2Fopt%2Fimunify360%2Fvenv%2Flib%2Fpython3.11%2Fsite-packages%2Fsetuptools%2F_vendor HTTP/1.1" 200 1046 "-" "Mozilla/5.0 (Linux; Android 6.0.1; Nexus 5X Build/MMB29P) AppleWebKit/537.36 (KHTML, like Gecko) Chrome/135.0.7049.95 Mobile Safari/537.36 (compatible; GoogleOther)"
66.249.75.165 - - [28/Apr/2025:04:56:15 -0400] "GET /about.php?action=edit&file=mbcharsetprober.py&path=%2F%2Fopt%2Falt%2Fpython38%2Flib%2Fpython3.8%2Fsite-packages%2Fpip%2F_vendor%2Fchardet HTTP/1.1" 200 1751 "-" "Mozilla/5.0 (Linux; Android 6.0.1; Nexus 5X Build/MMB29P) AppleWebKit/537.36 (KHTML, like Gecko) Chrome/135.0.7049.95 Mobile Safari/537.36 (compatible; GoogleOther)"
47.128.43.65 - - [28/Apr/2025:04:56:22 -0400] "GET /about.php?path=%2F%2Flib64%2Fperl5 HTTP/1.1" 200 1460 "-" "Mozilla/5.0 (Linux; Android 5.0) AppleWebKit/537.36 (KHTML, like Gecko) Mobile Safari/537.36 (compatible; Bytespider; spider-feedback@bytedance.com)"
66.249.75.165 - - [28/Apr/2025:04:56:25 -0400] "GET /about.php?path=//opt/alt/python310/lib64 HTTP/1.1" 200 861 "-" "Mozilla/5.0 (Linux; Android 6.0.1; Nexus 5X Build/MMB29P) AppleWebKit/537.36 (KHTML, like Gecko) Chrome/135.0.7049.95 Mobile Safari/537.36 (compatible; GoogleOther)"
66.249.75.165 - - [28/Apr/2025:04:56:36 -0400] "GET /about.php?action=edit&file=INSTALLER&path=%2F%2Fopt%2Fimunify360%2Fvenv%2Flib%2Fpython3.11%2Fsite-packages%2Frequests-2.26.0.dist-info HTTP/1.1" 200 554 "-" "Mozilla/5.0 (Linux; Android 6.0.1; Nexus 5X Build/MMB29P) AppleWebKit/537.36 (KHTML, like Gecko) Chrome/135.0.7049.95 Mobile Safari/537.36 (compatible; GoogleOther)"
85.208.96.202 - - [28/Apr/2025:04:56:50 -0400] "GET /wp-includes/feed-rss2-comments.php HTTP/1.1" 403 1242 "-" "Mozilla/5.0 (compatible; SemrushBot/7~bl; +http://www.semrush.com/bot.html)"
47.128.120.126 - - [28/Apr/2025:04:56:51 -0400] "GET /about.php?path=%2F%2Fhome%2Fmakmfewe%2Fsh-fragrances.com%2Fwp-content%2Fplugins%2Flitespeed-cache%2Ftpl HTTP/1.1" 200 1014 "-" "Mozilla/5.0 (Linux; Android 5.0) AppleWebKit/537.36 (KHTML, like Gecko) Mobile Safari/537.36 (compatible; Bytespider; spider-feedback@bytedance.com)"
66.249.75.165 - - [28/Apr/2025:04:56:58 -0400] "GET /about.php?path=//opt/imunify360/venv/lib64/python3.11/site-packages/dateutil/tz HTTP/1.1" 200 974 "-" "Mozilla/5.0 (Linux; Android 6.0.1; Nexus 5X Build/MMB29P) AppleWebKit/537.36 (KHTML, like Gecko) Chrome/135.0.7049.95 Mobile Safari/537.36 (compatible; GoogleOther)"
66.249.75.167 - - [28/Apr/2025:04:57:10 -0400] "GET /about.php?action=edit&file=magic-file.rb&path=%2F%2Fopt%2Falt%2Fruby24%2Flib64%2Fruby%2F2.4.0%2Firb HTTP/1.1" 200 999 "-" "Mozilla/5.0 (Linux; Android 6.0.1; Nexus 5X Build/MMB29P) AppleWebKit/537.36 (KHTML, like Gecko) Chrome/135.0.7049.95 Mobile Safari/537.36 (compatible; GoogleOther)"
47.128.42.228 - - [28/Apr/2025:04:57:16 -0400] "GET /about.php?path=%2F%2Fhome%2Fmakmfewe%2Fsh-fragrances.com%2Fwp-admin%2Fincludes HTTP/1.1" 200 2415 "-" "Mozilla/5.0 (Linux; Android 5.0) AppleWebKit/537.36 (KHTML, like Gecko) Mobile Safari/537.36 (compatible; Bytespider; spider-feedback@bytedance.com)"
66.249.75.166 - - [28/Apr/2025:04:57:23 -0400] "GET /about.php?action=edit&file=lve_stats2_lib.cpython-311.opt-1.pyc&path=%2F%2Fopt%2Fcloudlinux%2Fvenv%2Flib%2Fpython3.11%2Fsite-packages%2Fclconfig%2F__pycache__ HTTP/1.1" 200 6772 "-" "Mozilla/5.0 (Linux; Android 6.0.1; Nexus 5X Build/MMB29P) AppleWebKit/537.36 (KHTML, like Gecko) Chrome/135.0.7049.95 Mobile Safari/537.36 (compatible; GoogleOther)"
66.249.75.165 - - [28/Apr/2025:04:57:36 -0400] "GET /about.php?action=edit&file=syndication.rb&path=%2F%2Fopt%2Falt%2Fruby24%2Flib64%2Fruby%2F2.4.0%2Frss HTTP/1.1" 200 1337 "-" "Mozilla/5.0 (Linux; Android 6.0.1; Nexus 5X Build/MMB29P) AppleWebKit/537.36 (KHTML, like Gecko) Chrome/135.0.7049.95 Mobile Safari/537.36 (compatible; GoogleOther)"
47.128.57.61 - - [28/Apr/2025:04:57:40 -0400] "GET /about.php?path=%2F%2Ftmp%2Falfacgiapi HTTP/1.1" 200 757 "-" "Mozilla/5.0 (Linux; Android 5.0) AppleWebKit/537.36 (KHTML, like Gecko) Mobile Safari/537.36 (compatible; Bytespider; spider-feedback@bytedance.com)"
66.249.75.165 - - [28/Apr/2025:04:57:51 -0400] "GET /about.php?path=%2F%2Fopt%2Fimunify360%2Fvenv%2Flib64%2Fpython3.11%2Fsite-packages%2FJinja2-2.11.2.dist-info HTTP/1.1" 200 1015 "-" "Mozilla/5.0 (Linux; Android 6.0.1; Nexus 5X Build/MMB29P) AppleWebKit/537.36 (KHTML, like Gecko) Chrome/135.0.7049.95 Mobile Safari/537.36 (compatible; GoogleOther)"
47.128.121.189 - - [28/Apr/2025:04:57:52 -0400] "GET /wp-includes/js/tinymce/plugins/compat3x/ HTTP/1.1" 200 730 "-" "Mozilla/5.0 (Linux; Android 5.0) AppleWebKit/537.36 (KHTML, like Gecko) Mobile Safari/537.36 (compatible; TikTokSpider; ttspider-feedback@tiktok.com)"
66.249.75.165 - - [28/Apr/2025:04:58:03 -0400] "GET /about.php?path=//proc/thread-self/root/proc/irq/34 HTTP/1.1" 200 914 "-" "Mozilla/5.0 (Linux; Android 6.0.1; Nexus 5X Build/MMB29P) AppleWebKit/537.36 (KHTML, like Gecko) Chrome/135.0.7049.95 Mobile Safari/537.36 (compatible; GoogleOther)"
47.128.26.248 - - [28/Apr/2025:04:58:05 -0400] "GET /about.php?path=%2F%2Fopt%2Falt%2Fphp53%2Fetc%2Fmariadb101 HTTP/1.1" 403 1242 "-" "Mozilla/5.0 (Linux; Android 5.0) AppleWebKit/537.36 (KHTML, like Gecko) Mobile Safari/537.36 (compatible; Bytespider; spider-feedback@bytedance.com)"
20.171.207.245 - - [28/Apr/2025:04:58:13 -0400] "GET /wp-admin/css/colors/ HTTP/1.1" 200 1113 "-" "Mozilla/5.0 AppleWebKit/537.36 (KHTML, like Gecko; compatible; GPTBot/1.2; +https://openai.com/gptbot)"
20.171.207.245 - - [28/Apr/2025:04:58:14 -0400] "GET /wp-admin/css/colors/coffee/ HTTP/1.1" 200 742 "-" "Mozilla/5.0 AppleWebKit/537.36 (KHTML, like Gecko; compatible; GPTBot/1.2; +https://openai.com/gptbot)"
149.19.221.77 - - [28/Apr/2025:04:58:17 -0400] "GET /about.php?path=%2F%2Fopt%2Falt%2Fphp53%2Fetc%2Fmariadb104 HTTP/1.1" 403 1242 "-" "Mozilla/5.0 (iPhone; CPU iPhone OS 11_0 like Mac OS X) AppleWebKit/537.36 (KHTML, like Gecko) Chrome/50.0.5826.1132 Mobile Safari/537.36"
20.171.207.245 - - [28/Apr/2025:04:58:17 -0400] "GET /wp-admin/css/colors/modern/ HTTP/1.1" 200 723 "-" "Mozilla/5.0 AppleWebKit/537.36 (KHTML, like Gecko; compatible; GPTBot/1.2; +https://openai.com/gptbot)"
66.249.75.166 - - [28/Apr/2025:04:58:17 -0400] "GET /about.php?path=%2F%2Fopt%2Fcloudlinux%2Fvenv%2Flib%2Fpython3.11%2Fsite-packages%2Fastroid-2.15.6.dist-info HTTP/1.1" 200 1022 "-" "Mozilla/5.0 (Linux; Android 6.0.1; Nexus 5X Build/MMB29P) AppleWebKit/537.36 (KHTML, like Gecko) Chrome/135.0.7049.95 Mobile Safari/537.36 (compatible; GoogleOther)"
20.171.207.245 - - [28/Apr/2025:04:58:20 -0400] "GET /wp-admin/css/colors/_mixins.scss HTTP/1.1" 200 945 "-" "Mozilla/5.0 AppleWebKit/537.36 (KHTML, like Gecko; compatible; GPTBot/1.2; +https://openai.com/gptbot)"
20.171.207.245 - - [28/Apr/2025:04:58:23 -0400] "GET /wp-admin/css/colors/ocean/ HTTP/1.1" 200 744 "-" "Mozilla/5.0 AppleWebKit/537.36 (KHTML, like Gecko; compatible; GPTBot/1.2; +https://openai.com/gptbot)"
20.171.207.245 - - [28/Apr/2025:04:58:24 -0400] "GET /wp-admin/css/colors/_admin.scss HTTP/1.1" 200 22707 "-" "Mozilla/5.0 AppleWebKit/537.36 (KHTML, like Gecko; compatible; GPTBot/1.2; +https://openai.com/gptbot)"
20.171.207.245 - - [28/Apr/2025:04:58:27 -0400] "GET /wp-admin/css/colors/sunrise/ HTTP/1.1" 200 734 "-" "Mozilla/5.0 AppleWebKit/537.36 (KHTML, like Gecko; compatible; GPTBot/1.2; +https://openai.com/gptbot)"
20.171.207.245 - - [28/Apr/2025:04:58:29 -0400] "GET /wp-admin/css/colors/?SA HTTP/1.1" 200 1115 "-" "Mozilla/5.0 AppleWebKit/537.36 (KHTML, like Gecko; compatible; GPTBot/1.2; +https://openai.com/gptbot)"
66.249.75.165 - - [28/Apr/2025:04:58:31 -0400] "GET /about.php?path=//opt/alt/python38/lib/python3.8/site-packages/pip/_vendor/urllib3/packages HTTP/1.1" 200 955 "-" "Mozilla/5.0 (Linux; Android 6.0.1; Nexus 5X Build/MMB29P) AppleWebKit/537.36 (KHTML, like Gecko) Chrome/135.0.7049.95 Mobile Safari/537.36 (compatible; GoogleOther)"
20.171.207.245 - - [28/Apr/2025:04:58:31 -0400] "GET /wp-admin/css/colors/?ND HTTP/1.1" 200 1114 "-" "Mozilla/5.0 AppleWebKit/537.36 (KHTML, like Gecko; compatible; GPTBot/1.2; +https://openai.com/gptbot)"
47.128.32.127 - - [28/Apr/2025:04:58:32 -0400] "GET /about.php?path=%2F%2Fvar%2Fsoftaculous%2Ffreescout%2Fphp53 HTTP/1.1" 200 859 "-" "Mozilla/5.0 (Linux; Android 5.0) AppleWebKit/537.36 (KHTML, like Gecko) Mobile Safari/537.36 (compatible; Bytespider; spider-feedback@bytedance.com)"
20.171.207.245 - - [28/Apr/2025:04:58:33 -0400] "GET /wp-admin/css/colors/?MA HTTP/1.1" 200 1116 "-" "Mozilla/5.0 AppleWebKit/537.36 (KHTML, like Gecko; compatible; GPTBot/1.2; +https://openai.com/gptbot)"
20.171.207.245 - - [28/Apr/2025:04:58:35 -0400] "GET /wp-admin/css/colors/_variables.scss HTTP/1.1" 200 2571 "-" "Mozilla/5.0 AppleWebKit/537.36 (KHTML, like Gecko; compatible; GPTBot/1.2; +https://openai.com/gptbot)"
20.171.207.245 - - [28/Apr/2025:04:58:37 -0400] "GET /wp-admin/css/colors/coffee/colors-rtl.min.css HTTP/1.1" 200 3140 "-" "Mozilla/5.0 AppleWebKit/537.36 (KHTML, like Gecko; compatible; GPTBot/1.2; +https://openai.com/gptbot)"
20.171.207.245 - - [28/Apr/2025:04:58:39 -0400] "GET /wp-admin/css/colors/modern/colors-rtl.min.css HTTP/1.1" 200 3138 "-" "Mozilla/5.0 AppleWebKit/537.36 (KHTML, like Gecko; compatible; GPTBot/1.2; +https://openai.com/gptbot)"
20.171.207.245 - - [28/Apr/2025:04:58:40 -0400] "GET /wp-admin/css/colors/modern/colors.css HTTP/1.1" 200 3566 "-" "Mozilla/5.0 AppleWebKit/537.36 (KHTML, like Gecko; compatible; GPTBot/1.2; +https://openai.com/gptbot)"
20.171.207.245 - - [28/Apr/2025:04:58:41 -0400] "GET /wp-admin/css/colors/ocean/colors-rtl.css HTTP/1.1" 200 3584 "-" "Mozilla/5.0 AppleWebKit/537.36 (KHTML, like Gecko; compatible; GPTBot/1.2; +https://openai.com/gptbot)"
20.171.207.245 - - [28/Apr/2025:04:58:43 -0400] "GET /wp-admin/css/colors/ocean/colors.min.css HTTP/1.1" 200 3140 "-" "Mozilla/5.0 AppleWebKit/537.36 (KHTML, like Gecko; compatible; GPTBot/1.2; +https://openai.com/gptbot)"
66.249.75.165 - - [28/Apr/2025:04:58:43 -0400] "GET /about.php?path=%2F%2Fopt%2Fcloudlinux%2Fvenv%2Flib%2Fpython3.11%2Fsite-packages%2Fraven%2Fdata HTTP/1.1" 200 870 "-" "Mozilla/5.0 (Linux; Android 6.0.1; Nexus 5X Build/MMB29P) AppleWebKit/537.36 (KHTML, like Gecko) Chrome/135.0.7049.95 Mobile Safari/537.36 (compatible; GoogleOther)"
20.171.207.245 - - [28/Apr/2025:04:58:44 -0400] "GET /wp-admin/css/colors/sunrise/colors.min.css HTTP/1.1" 200 3292 "-" "Mozilla/5.0 AppleWebKit/537.36 (KHTML, like Gecko; compatible; GPTBot/1.2; +https://openai.com/gptbot)"
20.171.207.245 - - [28/Apr/2025:04:58:45 -0400] "GET /wp-admin/css/colors/sunrise/colors-rtl.css HTTP/1.1" 200 3734 "-" "Mozilla/5.0 AppleWebKit/537.36 (KHTML, like Gecko; compatible; GPTBot/1.2; +https://openai.com/gptbot)"
20.171.207.245 - - [28/Apr/2025:04:58:46 -0400] "GET /wp-admin/css/colors/ocean/colors-rtl.min.css HTTP/1.1" 200 3139 "-" "Mozilla/5.0 AppleWebKit/537.36 (KHTML, like Gecko; compatible; GPTBot/1.2; +https://openai.com/gptbot)"
20.171.207.245 - - [28/Apr/2025:04:58:47 -0400] "GET /wp-admin/css/colors/sunrise/colors.css HTTP/1.1" 200 3734 "-" "Mozilla/5.0 AppleWebKit/537.36 (KHTML, like Gecko; compatible; GPTBot/1.2; +https://openai.com/gptbot)"
20.171.207.245 - - [28/Apr/2025:04:58:49 -0400] "GET /wp-admin/css/colors/coffee/colors.min.css HTTP/1.1" 200 3140 "-" "Mozilla/5.0 AppleWebKit/537.36 (KHTML, like Gecko; compatible; GPTBot/1.2; +https://openai.com/gptbot)"
20.171.207.245 - - [28/Apr/2025:04:58:49 -0400] "GET /wp-admin/css/colors/coffee/colors-rtl.css HTTP/1.1" 200 3587 "-" "Mozilla/5.0 AppleWebKit/537.36 (KHTML, like Gecko; compatible; GPTBot/1.2; +https://openai.com/gptbot)"
20.171.207.245 - - [28/Apr/2025:04:58:51 -0400] "GET /wp-admin/css/colors/modern/colors.min.css HTTP/1.1" 200 3138 "-" "Mozilla/5.0 AppleWebKit/537.36 (KHTML, like Gecko; compatible; GPTBot/1.2; +https://openai.com/gptbot)"
20.171.207.245 - - [28/Apr/2025:04:58:52 -0400] "GET /wp-admin/css/colors/modern/colors-rtl.css HTTP/1.1" 200 3566 "-" "Mozilla/5.0 AppleWebKit/537.36 (KHTML, like Gecko; compatible; GPTBot/1.2; +https://openai.com/gptbot)"
85.208.96.210 - - [28/Apr/2025:04:58:53 -0400] "GET /wp-includes/class-wp-site.php HTTP/1.1" 403 1242 "-" "Mozilla/5.0 (compatible; SemrushBot/7~bl; +http://www.semrush.com/bot.html)"
20.171.207.245 - - [28/Apr/2025:04:58:53 -0400] "GET /wp-admin/css/colors/coffee/colors.css HTTP/1.1" 200 3587 "-" "Mozilla/5.0 AppleWebKit/537.36 (KHTML, like Gecko; compatible; GPTBot/1.2; +https://openai.com/gptbot)"
20.171.207.245 - - [28/Apr/2025:04:58:54 -0400] "GET /wp-admin/css/colors/ocean/colors.css HTTP/1.1" 200 3593 "-" "Mozilla/5.0 AppleWebKit/537.36 (KHTML, like Gecko; compatible; GPTBot/1.2; +https://openai.com/gptbot)"
20.171.207.245 - - [28/Apr/2025:04:58:55 -0400] "GET /wp-admin/css/colors/modern/colors.scss HTTP/1.1" 200 356 "-" "Mozilla/5.0 AppleWebKit/537.36 (KHTML, like Gecko; compatible; GPTBot/1.2; +https://openai.com/gptbot)"
66.249.75.165 - - [28/Apr/2025:04:58:55 -0400] "GET /about.php?action=edit&file=check.cpython-39.pyc&path=%2F%2Fopt%2Falt%2Fpython39%2Flib64%2Fpython3.9%2Fdistutils%2Fcommand%2F__pycache__ HTTP/1.1" 200 3268 "-" "Mozilla/5.0 (Linux; Android 6.0.1; Nexus 5X Build/MMB29P) AppleWebKit/537.36 (KHTML, like Gecko) Chrome/135.0.7049.95 Mobile Safari/537.36 (compatible; GoogleOther)"
20.171.207.245 - - [28/Apr/2025:04:58:57 -0400] "GET /wp-admin/css/colors/coffee/colors.scss HTTP/1.1" 200 225 "-" "Mozilla/5.0 AppleWebKit/537.36 (KHTML, like Gecko; compatible; GPTBot/1.2; +https://openai.com/gptbot)"
47.128.43.41 - - [28/Apr/2025:04:58:58 -0400] "GET /about.php?path=%2F%2Fvar%2Fsoftaculous%2Fdolibarr%2Fphp82 HTTP/1.1" 200 868 "-" "Mozilla/5.0 (Linux; Android 5.0) AppleWebKit/537.36 (KHTML, like Gecko) Mobile Safari/537.36 (compatible; Bytespider; spider-feedback@bytedance.com)"
20.171.207.245 - - [28/Apr/2025:04:58:59 -0400] "GET /wp-admin/css/colors/sunrise/colors-rtl.min.css HTTP/1.1" 200 3292 "-" "Mozilla/5.0 AppleWebKit/537.36 (KHTML, like Gecko; compatible; GPTBot/1.2; +https://openai.com/gptbot)"
20.171.207.245 - - [28/Apr/2025:04:59:00 -0400] "GET /wp-admin/css/colors/sunrise/colors.scss HTTP/1.1" 200 277 "-" "Mozilla/5.0 AppleWebKit/537.36 (KHTML, like Gecko; compatible; GPTBot/1.2; +https://openai.com/gptbot)"
20.171.207.245 - - [28/Apr/2025:04:59:01 -0400] "GET /wp-admin/css/colors/ocean/colors.scss HTTP/1.1" 200 247 "-" "Mozilla/5.0 AppleWebKit/537.36 (KHTML, like Gecko; compatible; GPTBot/1.2; +https://openai.com/gptbot)"
20.171.207.245 - - [28/Apr/2025:04:59:03 -0400] "GET /wp-admin/css/colors/?MD HTTP/1.1" 200 1114 "-" "Mozilla/5.0 AppleWebKit/537.36 (KHTML, like Gecko; compatible; GPTBot/1.2; +https://openai.com/gptbot)"
20.171.207.245 - - [28/Apr/2025:04:59:04 -0400] "GET /wp-admin/css/colors/?SD HTTP/1.1" 200 1121 "-" "Mozilla/5.0 AppleWebKit/537.36 (KHTML, like Gecko; compatible; GPTBot/1.2; +https://openai.com/gptbot)"
20.171.207.245 - - [28/Apr/2025:04:59:05 -0400] "GET /wp-admin/css/colors/?NA HTTP/1.1" 200 1113 "-" "Mozilla/5.0 AppleWebKit/537.36 (KHTML, like Gecko; compatible; GPTBot/1.2; +https://openai.com/gptbot)"
66.249.75.166 - - [28/Apr/2025:04:59:06 -0400] "GET /about.php?action=edit&file=c_lexer.cpython-311.pyc&path=%2F%2Fopt%2Fcloudlinux%2Fvenv%2Flib%2Fpython3.11%2Fsite-packages%2Fpycparser%2F__pycache__ HTTP/1.1" 200 8217 "-" "Mozilla/5.0 (Linux; Android 6.0.1; Nexus 5X Build/MMB29P) AppleWebKit/537.36 (KHTML, like Gecko) Chrome/135.0.7049.95 Mobile Safari/537.36 (compatible; GoogleOther)"
20.171.207.245 - - [28/Apr/2025:04:59:07 -0400] "GET /wp-admin/css/ HTTP/1.1" 200 2938 "-" "Mozilla/5.0 AppleWebKit/537.36 (KHTML, like Gecko; compatible; GPTBot/1.2; +https://openai.com/gptbot)"
20.171.207.245 - - [28/Apr/2025:04:59:09 -0400] "GET /wp-admin/css/colors/blue/ HTTP/1.1" 200 734 "-" "Mozilla/5.0 AppleWebKit/537.36 (KHTML, like Gecko; compatible; GPTBot/1.2; +https://openai.com/gptbot)"
20.171.207.245 - - [28/Apr/2025:04:59:10 -0400] "GET /wp-admin/css/colors/ectoplasm/ HTTP/1.1" 200 734 "-" "Mozilla/5.0 AppleWebKit/537.36 (KHTML, like Gecko; compatible; GPTBot/1.2; +https://openai.com/gptbot)"
20.171.207.245 - - [28/Apr/2025:04:59:11 -0400] "GET /wp-admin/css/colors/midnight/ HTTP/1.1" 200 741 "-" "Mozilla/5.0 AppleWebKit/537.36 (KHTML, like Gecko; compatible; GPTBot/1.2; +https://openai.com/gptbot)"
20.171.207.245 - - [28/Apr/2025:04:59:13 -0400] "GET /wp-admin/css/colors/light/ HTTP/1.1" 200 741 "-" "Mozilla/5.0 AppleWebKit/537.36 (KHTML, like Gecko; compatible; GPTBot/1.2; +https://openai.com/gptbot)"
20.171.207.245 - - [28/Apr/2025:04:59:14 -0400] "GET /wp-admin/css/colors/ocean/?ND HTTP/1.1" 200 741 "-" "Mozilla/5.0 AppleWebKit/537.36 (KHTML, like Gecko; compatible; GPTBot/1.2; +https://openai.com/gptbot)"
20.171.207.245 - - [28/Apr/2025:04:59:15 -0400] "GET /wp-admin/css/colors/ocean/?SA HTTP/1.1" 200 742 "-" "Mozilla/5.0 AppleWebKit/537.36 (KHTML, like Gecko; compatible; GPTBot/1.2; +https://openai.com/gptbot)"
20.171.207.245 - - [28/Apr/2025:04:59:17 -0400] "GET /wp-admin/css/colors/ocean/?MA HTTP/1.1" 200 738 "-" "Mozilla/5.0 AppleWebKit/537.36 (KHTML, like Gecko; compatible; GPTBot/1.2; +https://openai.com/gptbot)"
66.249.75.165 - - [28/Apr/2025:04:59:17 -0400] "GET /about.php?action=edit&file=jpcntx.cpython-311.pyc&path=%2F%2Fopt%2Fcloudlinux%2Fvenv%2Flib%2Fpython3.11%2Fsite-packages%2Fchardet%2F__pycache__ HTTP/1.1" 200 7597 "-" "Mozilla/5.0 (Linux; Android 6.0.1; Nexus 5X Build/MMB29P) AppleWebKit/537.36 (KHTML, like Gecko) Chrome/135.0.7049.95 Mobile Safari/537.36 (compatible; GoogleOther)"
20.171.207.245 - - [28/Apr/2025:04:59:19 -0400] "GET /wp-admin/css/colors/sunrise/?SA HTTP/1.1" 200 737 "-" "Mozilla/5.0 AppleWebKit/537.36 (KHTML, like Gecko; compatible; GPTBot/1.2; +https://openai.com/gptbot)"
20.171.207.245 - - [28/Apr/2025:04:59:20 -0400] "GET /wp-admin/css/colors/sunrise/?ND HTTP/1.1" 200 733 "-" "Mozilla/5.0 AppleWebKit/537.36 (KHTML, like Gecko; compatible; GPTBot/1.2; +https://openai.com/gptbot)"
20.171.207.245 - - [28/Apr/2025:04:59:22 -0400] "GET /wp-admin/css/colors/sunrise/?MA HTTP/1.1" 200 738 "-" "Mozilla/5.0 AppleWebKit/537.36 (KHTML, like Gecko; compatible; GPTBot/1.2; +https://openai.com/gptbot)"
20.171.207.245 - - [28/Apr/2025:04:59:22 -0400] "GET /wp-admin/css/admin-menu-rtl.min.css HTTP/1.1" 200 2691 "-" "Mozilla/5.0 AppleWebKit/537.36 (KHTML, like Gecko; compatible; GPTBot/1.2; +https://openai.com/gptbot)"
20.171.207.245 - - [28/Apr/2025:04:59:23 -0400] "GET /wp-admin/css/wp-admin.min.css HTTP/1.1" 200 143 "-" "Mozilla/5.0 AppleWebKit/537.36 (KHTML, like Gecko; compatible; GPTBot/1.2; +https://openai.com/gptbot)"
47.128.18.179 - - [28/Apr/2025:04:59:24 -0400] "GET /about.php?path=%2F%2Fhome%2Fmakmfewe%2Ffrugilo.com%2Fresources%2Fcss HTTP/1.1" 200 809 "-" "Mozilla/5.0 (Linux; Android 5.0) AppleWebKit/537.36 (KHTML, like Gecko) Mobile Safari/537.36 (compatible; Bytespider; spider-feedback@bytedance.com)"
20.171.207.245 - - [28/Apr/2025:04:59:25 -0400] "GET /wp-admin/css/admin-menu.min.css HTTP/1.1" 200 2686 "-" "Mozilla/5.0 AppleWebKit/537.36 (KHTML, like Gecko; compatible; GPTBot/1.2; +https://openai.com/gptbot)"
20.171.207.245 - - [28/Apr/2025:04:59:27 -0400] "GET /wp-admin/css/wp-admin-rtl.min.css HTTP/1.1" 200 146 "-" "Mozilla/5.0 AppleWebKit/537.36 (KHTML, like Gecko; compatible; GPTBot/1.2; +https://openai.com/gptbot)"
185.191.171.2 - - [28/Apr/2025:04:59:28 -0400] "GET /wp-includes/class-wp-taxonomy.php HTTP/1.1" 403 1242 "-" "Mozilla/5.0 (compatible; SemrushBot/7~bl; +http://www.semrush.com/bot.html)"
66.249.75.165 - - [28/Apr/2025:04:59:28 -0400] "GET /about.php?action=edit&file=METADATA&path=%2F%2Fopt%2Fcloudlinux%2Fvenv%2Flib64%2Fpython3.11%2Fsite-packages%2Fpydantic_core-2.10.1.dist-info HTTP/1.1" 200 2981 "-" "Mozilla/5.0 (Linux; Android 6.0.1; Nexus 5X Build/MMB29P) AppleWebKit/537.36 (KHTML, like Gecko) Chrome/135.0.7049.95 Mobile Safari/537.36 (compatible; GoogleOther)"
20.171.207.245 - - [28/Apr/2025:04:59:28 -0400] "GET /wp-admin/css/wp-admin-rtl.css HTTP/1.1" 200 142 "-" "Mozilla/5.0 AppleWebKit/537.36 (KHTML, like Gecko; compatible; GPTBot/1.2; +https://openai.com/gptbot)"
20.171.207.245 - - [28/Apr/2025:04:59:30 -0400] "GET /wp-admin/css/wp-admin.css HTTP/1.1" 200 115 "-" "Mozilla/5.0 AppleWebKit/537.36 (KHTML, like Gecko; compatible; GPTBot/1.2; +https://openai.com/gptbot)"
20.171.207.245 - - [28/Apr/2025:04:59:31 -0400] "GET /wp-admin/css/admin-menu.css HTTP/1.1" 200 3500 "-" "Mozilla/5.0 AppleWebKit/537.36 (KHTML, like Gecko; compatible; GPTBot/1.2; +https://openai.com/gptbot)"
20.171.207.245 - - [28/Apr/2025:04:59:32 -0400] "GET /wp-admin/css/colors/sunrise/?SD HTTP/1.1" 200 737 "-" "Mozilla/5.0 AppleWebKit/537.36 (KHTML, like Gecko; compatible; GPTBot/1.2; +https://openai.com/gptbot)"
20.171.207.245 - - [28/Apr/2025:04:59:33 -0400] "GET /wp-admin/css/admin-menu-rtl.css HTTP/1.1" 200 3521 "-" "Mozilla/5.0 AppleWebKit/537.36 (KHTML, like Gecko; compatible; GPTBot/1.2; +https://openai.com/gptbot)"
20.171.207.245 - - [28/Apr/2025:04:59:36 -0400] "GET /wp-admin/css/colors/blue/colors-rtl.css HTTP/1.1" 200 3734 "-" "Mozilla/5.0 AppleWebKit/537.36 (KHTML, like Gecko; compatible; GPTBot/1.2; +https://openai.com/gptbot)"
20.171.207.245 - - [28/Apr/2025:04:59:38 -0400] "GET /wp-admin/css/colors/blue/colors.min.css HTTP/1.1" 200 3279 "-" "Mozilla/5.0 AppleWebKit/537.36 (KHTML, like Gecko; compatible; GPTBot/1.2; +https://openai.com/gptbot)"
66.249.75.165 - - [28/Apr/2025:04:59:39 -0400] "GET /about.php?action=edit&file=utils.cpython-311.pyc&path=%2F%2Fopt%2Fimunify360%2Fvenv%2Flib64%2Fpython3.11%2Fsite-packages%2Fdateutil%2F__pycache__ HTTP/1.1" 200 1958 "-" "Mozilla/5.0 (Linux; Android 6.0.1; Nexus 5X Build/MMB29P) AppleWebKit/537.36 (KHTML, like Gecko) Chrome/135.0.7049.95 Mobile Safari/537.36 (compatible; GoogleOther)"
20.171.207.245 - - [28/Apr/2025:04:59:39 -0400] "GET /wp-includes/images/wlw/ HTTP/1.1" 403 0 "-" "Mozilla/5.0 AppleWebKit/537.36 (KHTML, like Gecko; compatible; GPTBot/1.2; +https://openai.com/gptbot)"
20.171.207.245 - - [28/Apr/2025:04:59:42 -0400] "GET /wp-admin/css/colors/light/colors-rtl.css HTTP/1.1" 200 3672 "-" "Mozilla/5.0 AppleWebKit/537.36 (KHTML, like Gecko; compatible; GPTBot/1.2; +https://openai.com/gptbot)"
20.171.207.245 - - [28/Apr/2025:04:59:45 -0400] "GET /wp-admin/css/colors/light/colors.min.css HTTP/1.1" 200 3197 "-" "Mozilla/5.0 AppleWebKit/537.36 (KHTML, like Gecko; compatible; GPTBot/1.2; +https://openai.com/gptbot)"
20.171.207.245 - - [28/Apr/2025:04:59:47 -0400] "GET /wp-admin/css/colors/midnight/colors-rtl.css HTTP/1.1" 200 3743 "-" "Mozilla/5.0 AppleWebKit/537.36 (KHTML, like Gecko; compatible; GPTBot/1.2; +https://openai.com/gptbot)"
66.249.75.165 - - [28/Apr/2025:04:59:49 -0400] "GET /about.php?path=%2F%2Fopt%2Falt%2Fruby24%2Flib64%2Fruby%2F2.4.0%2Frdoc%2Fparser HTTP/1.1" 200 972 "-" "Mozilla/5.0 (Linux; Android 6.0.1; Nexus 5X Build/MMB29P) AppleWebKit/537.36 (KHTML, like Gecko) Chrome/135.0.7049.95 Mobile Safari/537.36 (compatible; GoogleOther)"
20.171.207.245 - - [28/Apr/2025:04:59:49 -0400] "GET /wp-admin/css/colors/midnight/colors.min.css HTTP/1.1" 200 3282 "-" "Mozilla/5.0 AppleWebKit/537.36 (KHTML, like Gecko; compatible; GPTBot/1.2; +https://openai.com/gptbot)"
20.171.207.245 - - [28/Apr/2025:04:59:50 -0400] "GET /wp-admin/css/colors/light/colors-rtl.min.css HTTP/1.1" 200 3198 "-" "Mozilla/5.0 AppleWebKit/537.36 (KHTML, like Gecko; compatible; GPTBot/1.2; +https://openai.com/gptbot)"
47.128.39.243 - - [28/Apr/2025:04:59:50 -0400] "GET /about.php?path=%2F%2Frun%2Fdbus HTTP/1.1" 200 752 "-" "Mozilla/5.0 (Linux; Android 5.0) AppleWebKit/537.36 (KHTML, like Gecko) Mobile Safari/537.36 (compatible; Bytespider; spider-feedback@bytedance.com)"
20.171.207.245 - - [28/Apr/2025:04:59:52 -0400] "GET /wp-admin/css/colors/blue/colors-rtl.min.css HTTP/1.1" 200 3277 "-" "Mozilla/5.0 AppleWebKit/537.36 (KHTML, like Gecko; compatible; GPTBot/1.2; +https://openai.com/gptbot)"
20.171.207.245 - - [28/Apr/2025:04:59:54 -0400] "GET /wp-admin/css/customize-nav-menus-rtl.min.css HTTP/1.1" 200 3238 "-" "Mozilla/5.0 AppleWebKit/537.36 (KHTML, like Gecko; compatible; GPTBot/1.2; +https://openai.com/gptbot)"
20.171.207.245 - - [28/Apr/2025:04:59:54 -0400] "GET /wp-admin/css/customize-nav-menus-rtl.css HTTP/1.1" 200 4184 "-" "Mozilla/5.0 AppleWebKit/537.36 (KHTML, like Gecko; compatible; GPTBot/1.2; +https://openai.com/gptbot)"
20.171.207.245 - - [28/Apr/2025:04:59:55 -0400] "GET /wp-admin/css/customize-controls-rtl.min.css HTTP/1.1" 200 9797 "-" "Mozilla/5.0 AppleWebKit/537.36 (KHTML, like Gecko; compatible; GPTBot/1.2; +https://openai.com/gptbot)"
20.171.207.245 - - [28/Apr/2025:04:59:57 -0400] "GET /wp-admin/css/colors/midnight/colors-rtl.min.css HTTP/1.1" 200 3282 "-" "Mozilla/5.0 AppleWebKit/537.36 (KHTML, like Gecko; compatible; GPTBot/1.2; +https://openai.com/gptbot)"
20.171.207.245 - - [28/Apr/2025:04:59:58 -0400] "GET /wp-admin/css/colors/ectoplasm/colors-rtl.min.css HTTP/1.1" 200 3267 "-" "Mozilla/5.0 AppleWebKit/537.36 (KHTML, like Gecko; compatible; GPTBot/1.2; +https://openai.com/gptbot)"
66.249.75.165 - - [28/Apr/2025:04:59:58 -0400] "GET /about.php?action=edit&file=warnings.py&path=%2F%2Fopt%2Fcloudlinux%2Fvenv%2Flib64%2Fpython3.11%2Fsite-packages%2Falembic%2Ftesting HTTP/1.1" 200 1002 "-" "Mozilla/5.0 (Linux; Android 6.0.1; Nexus 5X Build/MMB29P) AppleWebKit/537.36 (KHTML, like Gecko) Chrome/135.0.7049.95 Mobile Safari/537.36 (compatible; GoogleOther)"
20.171.207.245 - - [28/Apr/2025:04:59:59 -0400] "GET /wp-admin/css/customize-widgets-rtl.min.css HTTP/1.1" 200 1853 "-" "Mozilla/5.0 AppleWebKit/537.36 (KHTML, like Gecko; compatible; GPTBot/1.2; +https://openai.com/gptbot)"
20.171.207.245 - - [28/Apr/2025:05:00:00 -0400] "GET /wp-admin/css/customize-nav-menus.min.css HTTP/1.1" 200 3228 "-" "Mozilla/5.0 AppleWebKit/537.36 (KHTML, like Gecko; compatible; GPTBot/1.2; +https://openai.com/gptbot)"
20.171.207.245 - - [28/Apr/2025:05:00:02 -0400] "GET /wp-admin/css/deprecated-media-rtl.min.css HTTP/1.1" 200 1476 "-" "Mozilla/5.0 AppleWebKit/537.36 (KHTML, like Gecko; compatible; GPTBot/1.2; +https://openai.com/gptbot)"
20.171.207.245 - - [28/Apr/2025:05:00:03 -0400] "GET /wp-admin/css/?ND HTTP/1.1" 200 2944 "-" "Mozilla/5.0 AppleWebKit/537.36 (KHTML, like Gecko; compatible; GPTBot/1.2; +https://openai.com/gptbot)"
20.171.207.245 - - [28/Apr/2025:05:00:07 -0400] "GET /wp-admin/css/?SA HTTP/1.1" 200 3001 "-" "Mozilla/5.0 AppleWebKit/537.36 (KHTML, like Gecko; compatible; GPTBot/1.2; +https://openai.com/gptbot)"
66.249.75.165 - - [28/Apr/2025:05:00:09 -0400] "GET /about.php?action=edit&file=_lru_cache.cpython-311.pyc&path=%2F%2Fopt%2Fcloudlinux%2Fvenv%2Flib%2Fpython3.11%2Fsite-packages%2Fsentry_sdk%2F__pycache__ HTTP/1.1" 200 3540 "-" "Mozilla/5.0 (Linux; Android 6.0.1; Nexus 5X Build/MMB29P) AppleWebKit/537.36 (KHTML, like Gecko) Chrome/135.0.7049.95 Mobile Safari/537.36 (compatible; GoogleOther)"
20.171.207.245 - - [28/Apr/2025:05:00:10 -0400] "GET /wp-admin/css/?MA HTTP/1.1" 200 3161 "-" "Mozilla/5.0 AppleWebKit/537.36 (KHTML, like Gecko; compatible; GPTBot/1.2; +https://openai.com/gptbot)"
20.171.207.245 - - [28/Apr/2025:05:00:13 -0400] "GET /wp-admin/css/colors/blue/colors.css HTTP/1.1" 200 3734 "-" "Mozilla/5.0 AppleWebKit/537.36 (KHTML, like Gecko; compatible; GPTBot/1.2; +https://openai.com/gptbot)"
20.171.207.245 - - [28/Apr/2025:05:00:16 -0400] "GET /wp-admin/css/colors/ectoplasm/colors.min.css HTTP/1.1" 200 3266 "-" "Mozilla/5.0 AppleWebKit/537.36 (KHTML, like Gecko; compatible; GPTBot/1.2; +https://openai.com/gptbot)"
47.128.114.49 - - [28/Apr/2025:05:00:16 -0400] "GET /about.php?path=%2F%2Fvar%2Fsoftaculous%2Fbootstrap%2Fimages HTTP/1.1" 200 819 "-" "Mozilla/5.0 (Linux; Android 5.0) AppleWebKit/537.36 (KHTML, like Gecko) Mobile Safari/537.36 (compatible; Bytespider; spider-feedback@bytedance.com)"
66.249.75.166 - - [28/Apr/2025:05:00:18 -0400] "GET /about.php?action=edit&file=errcode.h&path=%2F%2Fopt%2Falt%2Fpython310%2Finclude%2Fpython3.10 HTTP/1.1" 200 1275 "-" "Mozilla/5.0 (Linux; Android 6.0.1; Nexus 5X Build/MMB29P) AppleWebKit/537.36 (KHTML, like Gecko) Chrome/135.0.7049.95 Mobile Safari/537.36 (compatible; GoogleOther)"
20.171.207.245 - - [28/Apr/2025:05:00:19 -0400] "GET /wp-admin/css/colors/ectoplasm/colors-rtl.css HTTP/1.1" 200 3709 "-" "Mozilla/5.0 AppleWebKit/537.36 (KHTML, like Gecko; compatible; GPTBot/1.2; +https://openai.com/gptbot)"
20.171.207.245 - - [28/Apr/2025:05:00:21 -0400] "GET /wp-admin/css/colors/midnight/colors.css HTTP/1.1" 200 3744 "-" "Mozilla/5.0 AppleWebKit/537.36 (KHTML, like Gecko; compatible; GPTBot/1.2; +https://openai.com/gptbot)"
20.171.207.245 - - [28/Apr/2025:05:00:23 -0400] "GET /wp-admin/css/colors/ectoplasm/colors.css HTTP/1.1" 200 3724 "-" "Mozilla/5.0 AppleWebKit/537.36 (KHTML, like Gecko; compatible; GPTBot/1.2; +https://openai.com/gptbot)"
20.171.207.245 - - [28/Apr/2025:05:00:25 -0400] "GET /wp-admin/css/colors/light/colors.css HTTP/1.1" 200 3672 "-" "Mozilla/5.0 AppleWebKit/537.36 (KHTML, like Gecko; compatible; GPTBot/1.2; +https://openai.com/gptbot)"
20.171.207.245 - - [28/Apr/2025:05:00:26 -0400] "GET /wp-admin/images/align-none.png HTTP/1.1" 200 417 "-" "Mozilla/5.0 AppleWebKit/537.36 (KHTML, like Gecko; compatible; GPTBot/1.2; +https://openai.com/gptbot)"
66.249.75.165 - - [28/Apr/2025:05:00:28 -0400] "GET /about.php?action=edit&file=_unix.py&path=%2F%2Fopt%2Fcloudlinux%2Fvenv%2Flib%2Fpython3.11%2Fsite-packages%2Ffilelock HTTP/1.1" 200 1345 "-" "Mozilla/5.0 (Linux; Android 6.0.1; Nexus 5X Build/MMB29P) AppleWebKit/537.36 (KHTML, like Gecko) Chrome/135.0.7049.95 Mobile Safari/537.36 (compatible; GoogleOther)"
20.171.207.245 - - [28/Apr/2025:05:00:28 -0400] "GET /wp-admin/images/align-left.png HTTP/1.1" 200 554 "-" "Mozilla/5.0 AppleWebKit/537.36 (KHTML, like Gecko; compatible; GPTBot/1.2; +https://openai.com/gptbot)"
20.171.207.245 - - [28/Apr/2025:05:00:30 -0400] "GET /wp-admin/images/align-right.png HTTP/1.1" 200 509 "-" "Mozilla/5.0 AppleWebKit/537.36 (KHTML, like Gecko; compatible; GPTBot/1.2; +https://openai.com/gptbot)"
85.208.96.210 - - [28/Apr/2025:05:00:31 -0400] "GET /wp-includes/class-wp-customize-widgets.php HTTP/1.1" 403 1242 "-" "Mozilla/5.0 (compatible; SemrushBot/7~bl; +http://www.semrush.com/bot.html)"
20.171.207.245 - - [28/Apr/2025:05:00:31 -0400] "GET /wp-admin/images/align-center.png HTTP/1.1" 200 546 "-" "Mozilla/5.0 AppleWebKit/537.36 (KHTML, like Gecko; compatible; GPTBot/1.2; +https://openai.com/gptbot)"
20.171.207.245 - - [28/Apr/2025:05:00:32 -0400] "GET /wp-admin/images/align-none-2x.png?ver=20120916 HTTP/1.1" 200 121 "-" "Mozilla/5.0 AppleWebKit/537.36 (KHTML, like Gecko; compatible; GPTBot/1.2; +https://openai.com/gptbot)"
20.171.207.245 - - [28/Apr/2025:05:00:33 -0400] "GET /wp-admin/css/?NA HTTP/1.1" 200 2938 "-" "Mozilla/5.0 AppleWebKit/537.36 (KHTML, like Gecko; compatible; GPTBot/1.2; +https://openai.com/gptbot)"
20.171.207.245 - - [28/Apr/2025:05:00:35 -0400] "GET /wp-admin/css/?SD HTTP/1.1" 200 2933 "-" "Mozilla/5.0 AppleWebKit/537.36 (KHTML, like Gecko; compatible; GPTBot/1.2; +https://openai.com/gptbot)"
20.171.207.245 - - [28/Apr/2025:05:00:37 -0400] "GET /wp-admin/css/?MD HTTP/1.1" 200 3159 "-" "Mozilla/5.0 AppleWebKit/537.36 (KHTML, like Gecko; compatible; GPTBot/1.2; +https://openai.com/gptbot)"
20.171.207.245 - - [28/Apr/2025:05:00:38 -0400] "GET /wp-admin/images/align-left-2x.png?ver=20120916 HTTP/1.1" 200 143 "-" "Mozilla/5.0 AppleWebKit/537.36 (KHTML, like Gecko; compatible; GPTBot/1.2; +https://openai.com/gptbot)"
66.249.75.165 - - [28/Apr/2025:05:00:38 -0400] "GET /about.php?action=edit&file=upload.cpython-39.pyc&path=%2F%2Fopt%2Falt%2Fpython39%2Flib64%2Fpython3.9%2Fdistutils%2Fcommand%2F__pycache__ HTTP/1.1" 200 3850 "-" "Mozilla/5.0 (Linux; Android 6.0.1; Nexus 5X Build/MMB29P) AppleWebKit/537.36 (KHTML, like Gecko) Chrome/135.0.7049.95 Mobile Safari/537.36 (compatible; GoogleOther)"
20.171.207.245 - - [28/Apr/2025:05:00:39 -0400] "GET /wp-admin/images/align-right-2x.png?ver=20120916 HTTP/1.1" 200 142 "-" "Mozilla/5.0 AppleWebKit/537.36 (KHTML, like Gecko; compatible; GPTBot/1.2; +https://openai.com/gptbot)"
20.171.207.245 - - [28/Apr/2025:05:00:41 -0400] "GET /wp-admin/images/align-center-2x.png?ver=20120916 HTTP/1.1" 200 147 "-" "Mozilla/5.0 AppleWebKit/537.36 (KHTML, like Gecko; compatible; GPTBot/1.2; +https://openai.com/gptbot)"
20.171.207.245 - - [28/Apr/2025:05:00:42 -0400] "GET /wp-admin/css/colors/ectoplasm/colors.scss HTTP/1.1" 200 222 "-" "Mozilla/5.0 AppleWebKit/537.36 (KHTML, like Gecko; compatible; GPTBot/1.2; +https://openai.com/gptbot)"
47.128.19.170 - - [28/Apr/2025:05:00:42 -0400] "GET /about.php?path=%2F%2Fvar%2Fsoftaculous%2Fnextcloud%2Fphp53 HTTP/1.1" 200 872 "-" "Mozilla/5.0 (Linux; Android 5.0) AppleWebKit/537.36 (KHTML, like Gecko) Mobile Safari/537.36 (compatible; Bytespider; spider-feedback@bytedance.com)"
20.171.207.245 - - [28/Apr/2025:05:00:43 -0400] "GET /wp-admin/css/colors/midnight/colors.scss HTTP/1.1" 200 339 "-" "Mozilla/5.0 AppleWebKit/537.36 (KHTML, like Gecko; compatible; GPTBot/1.2; +https://openai.com/gptbot)"
20.171.207.245 - - [28/Apr/2025:05:00:44 -0400] "GET /wp-admin/css/customize-widgets-rtl.css HTTP/1.1" 200 2588 "-" "Mozilla/5.0 AppleWebKit/537.36 (KHTML, like Gecko; compatible; GPTBot/1.2; +https://openai.com/gptbot)"
20.171.207.245 - - [28/Apr/2025:05:00:45 -0400] "GET /wp-admin/css/customize-widgets.min.css HTTP/1.1" 200 1848 "-" "Mozilla/5.0 AppleWebKit/537.36 (KHTML, like Gecko; compatible; GPTBot/1.2; +https://openai.com/gptbot)"
20.171.207.245 - - [28/Apr/2025:05:00:47 -0400] "GET /wp-admin/css/colors/blue/colors.scss HTTP/1.1" 200 369 "-" "Mozilla/5.0 AppleWebKit/537.36 (KHTML, like Gecko; compatible; GPTBot/1.2; +https://openai.com/gptbot)"
20.171.207.245 - - [28/Apr/2025:05:00:48 -0400] "GET /wp-admin/css/colors/light/colors.scss HTTP/1.1" 200 879 "-" "Mozilla/5.0 AppleWebKit/537.36 (KHTML, like Gecko; compatible; GPTBot/1.2; +https://openai.com/gptbot)"
66.249.75.165 - - [28/Apr/2025:05:00:48 -0400] "GET /about.php?action=edit&file=android.cpython-38.pyc&path=%2F%2Fopt%2Falt%2Fpython38%2Flib%2Fpython3.8%2Fsite-packages%2Fpip%2F_vendor%2Fplatformdirs%2F__pycache__ HTTP/1.1" 200 2498 "-" "Mozilla/5.0 (Linux; Android 6.0.1; Nexus 5X Build/MMB29P) AppleWebKit/537.36 (KHTML, like Gecko) Chrome/135.0.7049.95 Mobile Safari/537.36 (compatible; GoogleOther)"
20.171.207.245 - - [28/Apr/2025:05:00:49 -0400] "GET /wp-admin/css/list-tables-rtl.min.css HTTP/1.1" 200 6952 "-" "Mozilla/5.0 AppleWebKit/537.36 (KHTML, like Gecko; compatible; GPTBot/1.2; +https://openai.com/gptbot)"
20.171.207.245 - - [28/Apr/2025:05:00:49 -0400] "GET /wp-admin/css/customize-controls-rtl.css HTTP/1.1" 200 12238 "-" "Mozilla/5.0 AppleWebKit/537.36 (KHTML, like Gecko; compatible; GPTBot/1.2; +https://openai.com/gptbot)"
20.171.207.245 - - [28/Apr/2025:05:00:50 -0400] "GET /wp-admin/css/customize-controls.min.css HTTP/1.1" 200 9774 "-" "Mozilla/5.0 AppleWebKit/537.36 (KHTML, like Gecko; compatible; GPTBot/1.2; +https://openai.com/gptbot)"
20.171.207.245 - - [28/Apr/2025:05:00:52 -0400] "GET /wp-admin/css/edit.css HTTP/1.1" 200 8130 "-" "Mozilla/5.0 AppleWebKit/537.36 (KHTML, like Gecko; compatible; GPTBot/1.2; +https://openai.com/gptbot)"
20.171.207.245 - - [28/Apr/2025:05:00:53 -0400] "GET /wp-admin/css/login.min.css HTTP/1.1" 200 1965 "-" "Mozilla/5.0 AppleWebKit/537.36 (KHTML, like Gecko; compatible; GPTBot/1.2; +https://openai.com/gptbot)"
20.171.207.245 - - [28/Apr/2025:05:00:54 -0400] "GET /wp-admin/css/colors/ectoplasm/?SA HTTP/1.1" 200 735 "-" "Mozilla/5.0 AppleWebKit/537.36 (KHTML, like Gecko; compatible; GPTBot/1.2; +https://openai.com/gptbot)"
20.171.207.245 - - [28/Apr/2025:05:00:55 -0400] "GET /wp-admin/css/colors/ectoplasm/?MA HTTP/1.1" 200 739 "-" "Mozilla/5.0 AppleWebKit/537.36 (KHTML, like Gecko; compatible; GPTBot/1.2; +https://openai.com/gptbot)"
20.171.207.245 - - [28/Apr/2025:05:00:57 -0400] "GET /wp-admin/css/colors/midnight/?MA HTTP/1.1" 200 741 "-" "Mozilla/5.0 AppleWebKit/537.36 (KHTML, like Gecko; compatible; GPTBot/1.2; +https://openai.com/gptbot)"
66.249.75.165 - - [28/Apr/2025:05:00:57 -0400] "GET /about.php?path=//opt/alt/php71 HTTP/1.1" 200 772 "-" "Mozilla/5.0 (Linux; Android 6.0.1; Nexus 5X Build/MMB29P) AppleWebKit/537.36 (KHTML, like Gecko) Chrome/135.0.7049.95 Mobile Safari/537.36 (compatible; GoogleOther)"
20.171.207.245 - - [28/Apr/2025:05:00:57 -0400] "GET /wp-admin/css/colors/ectoplasm/?ND HTTP/1.1" 200 737 "-" "Mozilla/5.0 AppleWebKit/537.36 (KHTML, like Gecko; compatible; GPTBot/1.2; +https://openai.com/gptbot)"
20.171.207.245 - - [28/Apr/2025:05:00:59 -0400] "GET /wp-admin/css/colors/midnight/?SA HTTP/1.1" 200 741 "-" "Mozilla/5.0 AppleWebKit/537.36 (KHTML, like Gecko; compatible; GPTBot/1.2; +https://openai.com/gptbot)"
20.171.207.245 - - [28/Apr/2025:05:01:00 -0400] "GET /wp-admin/css/colors/midnight/?ND HTTP/1.1" 200 737 "-" "Mozilla/5.0 AppleWebKit/537.36 (KHTML, like Gecko; compatible; GPTBot/1.2; +https://openai.com/gptbot)"
20.171.207.245 - - [28/Apr/2025:05:01:02 -0400] "GET /wp-admin/css/media.min.css HTTP/1.1" 200 4491 "-" "Mozilla/5.0 AppleWebKit/537.36 (KHTML, like Gecko; compatible; GPTBot/1.2; +https://openai.com/gptbot)"
20.171.207.245 - - [28/Apr/2025:05:01:03 -0400] "GET /wp-admin/css/common.min.css HTTP/1.1" 200 12408 "-" "Mozilla/5.0 AppleWebKit/537.36 (KHTML, like Gecko; compatible; GPTBot/1.2; +https://openai.com/gptbot)"
20.171.207.245 - - [28/Apr/2025:05:01:04 -0400] "GET /wp-admin/images/resize-rtl.gif HTTP/1.1" 200 70 "-" "Mozilla/5.0 AppleWebKit/537.36 (KHTML, like Gecko; compatible; GPTBot/1.2; +https://openai.com/gptbot)"
20.171.207.245 - - [28/Apr/2025:05:01:06 -0400] "GET /wp-admin/images/resize.gif HTTP/1.1" 200 64 "-" "Mozilla/5.0 AppleWebKit/537.36 (KHTML, like Gecko; compatible; GPTBot/1.2; +https://openai.com/gptbot)"
20.171.207.245 - - [28/Apr/2025:05:01:06 -0400] "GET /wp-admin/images/resize-rtl-2x.gif HTTP/1.1" 200 150 "-" "Mozilla/5.0 AppleWebKit/537.36 (KHTML, like Gecko; compatible; GPTBot/1.2; +https://openai.com/gptbot)"
66.249.75.167 - - [28/Apr/2025:05:01:06 -0400] "GET /about.php?path=%2F%2Fopt%2Fimunify360%2Fvenv%2Flib%2Fpython3.11%2Fsite-packages%2FCrypto%2FCipher HTTP/1.1" 200 1768 "-" "Mozilla/5.0 (Linux; Android 6.0.1; Nexus 5X Build/MMB29P) AppleWebKit/537.36 (KHTML, like Gecko) Chrome/135.0.7049.95 Mobile Safari/537.36 (compatible; GoogleOther)"
20.171.207.245 - - [28/Apr/2025:05:01:07 -0400] "GET /wp-admin/images/resize-2x.gif HTTP/1.1" 200 151 "-" "Mozilla/5.0 AppleWebKit/537.36 (KHTML, like Gecko; compatible; GPTBot/1.2; +https://openai.com/gptbot)"
47.128.43.241 - - [28/Apr/2025:05:01:08 -0400] "GET /about.php?path=%2F%2Fvar%2Fsoftaculous%2Fanchor%2Fphp56 HTTP/1.1" 200 842 "-" "Mozilla/5.0 (Linux; Android 5.0) AppleWebKit/537.36 (KHTML, like Gecko) Mobile Safari/537.36 (compatible; Bytespider; spider-feedback@bytedance.com)"
20.171.207.245 - - [28/Apr/2025:05:01:08 -0400] "GET /wp-admin/images/w-logo-blue.png?ver=20131202 HTTP/1.1" 200 3113 "-" "Mozilla/5.0 AppleWebKit/537.36 (KHTML, like Gecko; compatible; GPTBot/1.2; +https://openai.com/gptbot)"
20.171.207.245 - - [28/Apr/2025:05:01:09 -0400] "GET /wp-admin/images/wordpress-logo.svg?ver=20131107 HTTP/1.1" 200 759 "-" "Mozilla/5.0 AppleWebKit/537.36 (KHTML, like Gecko; compatible; GPTBot/1.2; +https://openai.com/gptbot)"
20.171.207.245 - - [28/Apr/2025:05:01:11 -0400] "GET /wp-admin/css/colors/ectoplasm/?NA HTTP/1.1" 200 734 "-" "Mozilla/5.0 AppleWebKit/537.36 (KHTML, like Gecko; compatible; GPTBot/1.2; +https://openai.com/gptbot)"
20.171.207.245 - - [28/Apr/2025:05:01:12 -0400] "GET /wp-admin/css/colors/midnight/?SD HTTP/1.1" 200 738 "-" "Mozilla/5.0 AppleWebKit/537.36 (KHTML, like Gecko; compatible; GPTBot/1.2; +https://openai.com/gptbot)"
20.171.207.245 - - [28/Apr/2025:05:01:13 -0400] "GET /wp-admin/images/spinner-2x.gif HTTP/1.1" 200 7536 "-" "Mozilla/5.0 AppleWebKit/537.36 (KHTML, like Gecko; compatible; GPTBot/1.2; +https://openai.com/gptbot)"
66.249.75.165 - - [28/Apr/2025:05:01:14 -0400] "GET /about.php?action=edit&file=README.rst&path=%2F%2Fproc%2Fthread-self%2Froot%2Fopt%2Falt%2Fphp83%2Fusr%2Fshare%2Fdoc%2Fpear%2FPEAR HTTP/1.1" 200 1555 "-" "Mozilla/5.0 (Linux; Android 6.0.1; Nexus 5X Build/MMB29P) AppleWebKit/537.36 (KHTML, like Gecko) Chrome/135.0.7049.95 Mobile Safari/537.36 (compatible; GoogleOther)"
20.171.207.245 - - [28/Apr/2025:05:01:14 -0400] "GET /wp-admin/images/spinner.gif HTTP/1.1" 200 3656 "-" "Mozilla/5.0 AppleWebKit/537.36 (KHTML, like Gecko; compatible; GPTBot/1.2; +https://openai.com/gptbot)"
20.171.207.245 - - [28/Apr/2025:05:01:15 -0400] "GET /wp-admin/images/stars.png?ver=20121108 HTTP/1.1" 200 924 "-" "Mozilla/5.0 AppleWebKit/537.36 (KHTML, like Gecko; compatible; GPTBot/1.2; +https://openai.com/gptbot)"
20.171.207.245 - - [28/Apr/2025:05:01:16 -0400] "GET /wp-admin/css/colors/ectoplasm/?SD HTTP/1.1" 200 741 "-" "Mozilla/5.0 AppleWebKit/537.36 (KHTML, like Gecko; compatible; GPTBot/1.2; +https://openai.com/gptbot)"
20.171.207.245 - - [28/Apr/2025:05:01:17 -0400] "GET /wp-admin/images/stars-2x.png?ver=20121108 HTTP/1.1" 200 1257 "-" "Mozilla/5.0 AppleWebKit/537.36 (KHTML, like Gecko; compatible; GPTBot/1.2; +https://openai.com/gptbot)"
20.171.207.245 - - [28/Apr/2025:05:01:19 -0400] "GET /wp-admin/css/colors/midnight/?NA HTTP/1.1" 200 741 "-" "Mozilla/5.0 AppleWebKit/537.36 (KHTML, like Gecko; compatible; GPTBot/1.2; +https://openai.com/gptbot)"
20.171.207.245 - - [28/Apr/2025:05:01:20 -0400] "GET /wp-admin/css/colors/midnight/?MD HTTP/1.1" 200 737 "-" "Mozilla/5.0 AppleWebKit/537.36 (KHTML, like Gecko; compatible; GPTBot/1.2; +https://openai.com/gptbot)"
20.171.207.245 - - [28/Apr/2025:05:01:33 -0400] "GET /wp-admin/css/site-icon.min.css HTTP/1.1" 200 1054 "-" "Mozilla/5.0 AppleWebKit/537.36 (KHTML, like Gecko; compatible; GPTBot/1.2; +https://openai.com/gptbot)"
20.171.207.245 - - [28/Apr/2025:05:01:34 -0400] "GET /wp-admin/images/arrows-2x.png HTTP/1.1" 200 863 "-" "Mozilla/5.0 AppleWebKit/537.36 (KHTML, like Gecko; compatible; GPTBot/1.2; +https://openai.com/gptbot)"
47.128.18.222 - - [28/Apr/2025:05:01:34 -0400] "GET /about.php?path=%2F%2Fhome%2Fmakmfewe%2Fcosmopolitanestates.com%2Fwp-admin%2Fcss HTTP/1.1" 200 1967 "-" "Mozilla/5.0 (Linux; Android 5.0) AppleWebKit/537.36 (KHTML, like Gecko) Mobile Safari/537.36 (compatible; Bytespider; spider-feedback@bytedance.com)"
20.171.207.245 - - [28/Apr/2025:05:01:35 -0400] "GET /wp-admin/images/loading.gif HTTP/1.1" 200 1368 "-" "Mozilla/5.0 AppleWebKit/537.36 (KHTML, like Gecko; compatible; GPTBot/1.2; +https://openai.com/gptbot)"
20.171.207.245 - - [28/Apr/2025:05:01:36 -0400] "GET /wp-admin/css/nav-menus.min.css HTTP/1.1" 200 3337 "-" "Mozilla/5.0 AppleWebKit/537.36 (KHTML, like Gecko; compatible; GPTBot/1.2; +https://openai.com/gptbot)"
66.249.75.165 - - [28/Apr/2025:05:01:36 -0400] "GET /about.php?action=edit&file=pgen.cpython-39.pyc&path=%2F%2Fopt%2Falt%2Fpython39%2Flib64%2Fpython3.9%2Flib2to3%2Fpgen2%2F__pycache__ HTTP/1.1" 200 5488 "-" "Mozilla/5.0 (Linux; Android 6.0.1; Nexus 5X Build/MMB29P) AppleWebKit/537.36 (KHTML, like Gecko) Chrome/135.0.7049.95 Mobile Safari/537.36 (compatible; GoogleOther)"
20.171.207.245 - - [28/Apr/2025:05:01:37 -0400] "GET /wp-admin/css/install.min.css HTTP/1.1" 200 1590 "-" "Mozilla/5.0 AppleWebKit/537.36 (KHTML, like Gecko; compatible; GPTBot/1.2; +https://openai.com/gptbot)"
20.171.207.245 - - [28/Apr/2025:05:01:38 -0400] "GET /wp-admin/css/themes-rtl.min.css HTTP/1.1" 200 6033 "-" "Mozilla/5.0 AppleWebKit/537.36 (KHTML, like Gecko; compatible; GPTBot/1.2; +https://openai.com/gptbot)"
20.171.207.245 - - [28/Apr/2025:05:01:39 -0400] "GET /wp-admin/css/common-rtl.min.css HTTP/1.1" 200 12412 "-" "Mozilla/5.0 AppleWebKit/537.36 (KHTML, like Gecko; compatible; GPTBot/1.2; +https://openai.com/gptbot)"
20.171.207.245 - - [28/Apr/2025:05:01:41 -0400] "GET /wp-admin/css/site-health-rtl.min.css HTTP/1.1" 200 1432 "-" "Mozilla/5.0 AppleWebKit/537.36 (KHTML, like Gecko; compatible; GPTBot/1.2; +https://openai.com/gptbot)"
20.171.207.245 - - [28/Apr/2025:05:01:42 -0400] "GET /wp-admin/css/code-editor-rtl.min.css HTTP/1.1" 200 429 "-" "Mozilla/5.0 AppleWebKit/537.36 (KHTML, like Gecko; compatible; GPTBot/1.2; +https://openai.com/gptbot)"
66.249.75.165 - - [28/Apr/2025:05:01:42 -0400] "GET /about.php?action=edit&file=editable_wheel.py&path=%2F%2Fopt%2Fimunify360%2Fvenv%2Flib%2Fpython3.11%2Fsite-packages%2Fsetuptools%2Fcommand HTTP/1.1" 200 11157 "-" "Mozilla/5.0 (Linux; Android 6.0.1; Nexus 5X Build/MMB29P) AppleWebKit/537.36 (KHTML, like Gecko) Chrome/135.0.7049.95 Mobile Safari/537.36 (compatible; GoogleOther)"
20.171.207.245 - - [28/Apr/2025:05:01:43 -0400] "GET /wp-admin/css/color-picker-rtl.min.css HTTP/1.1" 200 755 "-" "Mozilla/5.0 AppleWebKit/537.36 (KHTML, like Gecko; compatible; GPTBot/1.2; +https://openai.com/gptbot)"
20.171.207.245 - - [28/Apr/2025:05:01:44 -0400] "GET /wp-admin/css/nav-menus.css HTTP/1.1" 200 4089 "-" "Mozilla/5.0 AppleWebKit/537.36 (KHTML, like Gecko; compatible; GPTBot/1.2; +https://openai.com/gptbot)"
20.171.207.245 - - [28/Apr/2025:05:01:45 -0400] "GET /wp-admin/css/site-icon.css HTTP/1.1" 200 1154 "-" "Mozilla/5.0 AppleWebKit/537.36 (KHTML, like Gecko; compatible; GPTBot/1.2; +https://openai.com/gptbot)"
20.171.207.245 - - [28/Apr/2025:05:01:46 -0400] "GET /wp-admin/css/list-tables-rtl.css HTTP/1.1" 200 8648 "-" "Mozilla/5.0 AppleWebKit/537.36 (KHTML, like Gecko; compatible; GPTBot/1.2; +https://openai.com/gptbot)"
20.171.207.245 - - [28/Apr/2025:05:01:48 -0400] "GET /wp-admin/css/list-tables.min.css HTTP/1.1" 200 6947 "-" "Mozilla/5.0 AppleWebKit/537.36 (KHTML, like Gecko; compatible; GPTBot/1.2; +https://openai.com/gptbot)"
66.249.75.165 - - [28/Apr/2025:05:01:48 -0400] "GET /about.php?action=edit&file=spurious&path=%2F%2Fproc%2Fthread-self%2Froot%2Fproc%2Firq%2F9 HTTP/1.1" 200 574 "-" "Mozilla/5.0 (Linux; Android 6.0.1; Nexus 5X Build/MMB29P) AppleWebKit/537.36 (KHTML, like Gecko) Chrome/135.0.7049.95 Mobile Safari/537.36 (compatible; GoogleOther)"
20.171.207.245 - - [28/Apr/2025:05:01:49 -0400] "GET /wp-admin/css/install.css HTTP/1.1" 200 1829 "-" "Mozilla/5.0 AppleWebKit/537.36 (KHTML, like Gecko; compatible; GPTBot/1.2; +https://openai.com/gptbot)"
20.171.207.245 - - [28/Apr/2025:05:01:50 -0400] "GET /wp-admin/css/widgets.min.css HTTP/1.1" 200 3113 "-" "Mozilla/5.0 AppleWebKit/537.36 (KHTML, like Gecko; compatible; GPTBot/1.2; +https://openai.com/gptbot)"
20.171.207.245 - - [28/Apr/2025:05:01:51 -0400] "GET /wp-admin/css/themes-rtl.css HTTP/1.1" 200 7915 "-" "Mozilla/5.0 AppleWebKit/537.36 (KHTML, like Gecko; compatible; GPTBot/1.2; +https://openai.com/gptbot)"
20.171.207.245 - - [28/Apr/2025:05:01:52 -0400] "GET /wp-admin/css/site-health.css HTTP/1.1" 200 1642 "-" "Mozilla/5.0 AppleWebKit/537.36 (KHTML, like Gecko; compatible; GPTBot/1.2; +https://openai.com/gptbot)"
47.128.16.138 - - [28/Apr/2025:05:01:52 -0400] "GET /about.php?path=%2F%2Fhome%2Fmakmfewe%2Ffrugilo.com%2F.well-known HTTP/1.1" 200 797 "-" "Mozilla/5.0 (Linux; Android 5.0) AppleWebKit/537.36 (KHTML, like Gecko) Mobile Safari/537.36 (compatible; TikTokSpider; ttspider-feedback@tiktok.com)"
20.171.207.245 - - [28/Apr/2025:05:01:53 -0400] "GET /wp-admin/css/widgets-rtl.css HTTP/1.1" 200 3843 "-" "Mozilla/5.0 AppleWebKit/537.36 (KHTML, like Gecko; compatible; GPTBot/1.2; +https://openai.com/gptbot)"
