66.249.75.165 - - [28/Apr/2025:06:49:00 -0400] "GET /about.php?action=edit&file=php_streams.h&path=%2F%2Fproc%2Fthread-self%2Froot%2Fopt%2Falt%2Fphp81%2Fusr%2Finclude%2Fphp%2Fmain HTTP/1.1" 200 8889 "-" "Mozilla/5.0 (Linux; Android 6.0.1; Nexus 5X Build/MMB29P) AppleWebKit/537.36 (KHTML, like Gecko) Chrome/135.0.7049.95 Mobile Safari/537.36 (compatible; GoogleOther)"
47.128.42.5 - - [28/Apr/2025:06:49:04 -0400] "GET /about.php?path=%2F%2Fhome%2Fmakmfewe%2Fpublic_html%2Fgillindustry%2Fwp-includes%2Fblocks%2Fsocial-link HTTP/1.1" 200 917 "-" "Mozilla/5.0 (Linux; Android 5.0) AppleWebKit/537.36 (KHTML, like Gecko) Mobile Safari/537.36 (compatible; Bytespider; spider-feedback@bytedance.com)"
66.249.75.165 - - [28/Apr/2025:06:49:11 -0400] "GET /about.php?path=%2F%2Fopt%2Fimunify360%2Fvenv%2Flib64%2Fpython3.11%2Fsite-packages%2Fjsonschema%2Ftests%2F__pycache__ HTTP/1.1" 200 1050 "-" "Mozilla/5.0 (Linux; Android 6.0.1; Nexus 5X Build/MMB29P) AppleWebKit/537.36 (KHTML, like Gecko) Chrome/135.0.7049.95 Mobile Safari/537.36 (compatible; GoogleOther)"
185.191.171.4 - - [28/Apr/2025:06:49:12 -0400] "GET /wp-includes/class-wp-locale-switcher.php HTTP/1.1" 403 1242 "-" "Mozilla/5.0 (compatible; SemrushBot/7~bl; +http://www.semrush.com/bot.html)"
66.249.75.165 - - [28/Apr/2025:06:49:22 -0400] "GET /about.php?action=edit&file=consts.cpython-311.pyc&path=%2F%2Fopt%2Fimunify360%2Fvenv%2Flib64%2Fpython3.11%2Fsite-packages%2Fsentry_sdk%2F__pycache__ HTTP/1.1" 200 2494 "-" "Mozilla/5.0 (Linux; Android 6.0.1; Nexus 5X Build/MMB29P) AppleWebKit/537.36 (KHTML, like Gecko) Chrome/135.0.7049.95 Mobile Safari/537.36 (compatible; GoogleOther)"
47.128.44.190 - - [28/Apr/2025:06:49:30 -0400] "GET /about.php?path=%2F%2Fhome%2Fmakmfewe%2Fibnearif.com%2Fwp-includes%2Fsodium_compat%2Flib HTTP/1.1" 200 1002 "-" "Mozilla/5.0 (Linux; Android 5.0) AppleWebKit/537.36 (KHTML, like Gecko) Mobile Safari/537.36 (compatible; Bytespider; spider-feedback@bytedance.com)"
66.249.75.165 - - [28/Apr/2025:06:49:33 -0400] "GET /about.php?action=edit&file=test_decode.py&path=%2F%2Fopt%2Fimunify360%2Fvenv%2Flib64%2Fpython3.11%2Fsite-packages%2Fsimplejson%2Ftests HTTP/1.1" 200 2141 "-" "Mozilla/5.0 (Linux; Android 6.0.1; Nexus 5X Build/MMB29P) AppleWebKit/537.36 (KHTML, like Gecko) Chrome/135.0.7049.95 Mobile Safari/537.36 (compatible; GoogleOther)"
66.249.75.165 - - [28/Apr/2025:06:49:44 -0400] "GET /about.php?action=edit&file=issue232.py&path=%2F%2Fopt%2Fimunify360%2Fvenv%2Flib64%2Fpython3.11%2Fsite-packages%2Fjsonschema%2Fbenchmarks HTTP/1.1" 200 841 "-" "Mozilla/5.0 (Linux; Android 6.0.1; Nexus 5X Build/MMB29P) AppleWebKit/537.36 (KHTML, like Gecko) Chrome/135.0.7049.95 Mobile Safari/537.36 (compatible; GoogleOther)"
66.249.75.165 - - [28/Apr/2025:06:49:54 -0400] "GET /about.php?path=//opt/imunify360/venv/lib64/python3.11/site-packages/sentry_sdk/__pycache__ HTTP/1.1" 200 1200 "-" "Mozilla/5.0 (Linux; Android 6.0.1; Nexus 5X Build/MMB29P) AppleWebKit/537.36 (KHTML, like Gecko) Chrome/135.0.7049.95 Mobile Safari/537.36 (compatible; GoogleOther)"
47.128.60.29 - - [28/Apr/2025:06:49:56 -0400] "GET /about.php?path=%2F%2Fhome%2Fmakmfewe%2Fssl HTTP/1.1" 200 837 "-" "Mozilla/5.0 (Linux; Android 5.0) AppleWebKit/537.36 (KHTML, like Gecko) Mobile Safari/537.36 (compatible; Bytespider; spider-feedback@bytedance.com)"
47.128.121.84 - - [28/Apr/2025:06:49:59 -0400] "GET /about.php?path=%2F%2Fusr%2Flib%2Ftuned HTTP/1.1" 200 1020 "-" "Mozilla/5.0 (Linux; Android 5.0) AppleWebKit/537.36 (KHTML, like Gecko) Mobile Safari/537.36 (compatible; TikTokSpider; ttspider-feedback@tiktok.com)"
66.249.75.166 - - [28/Apr/2025:06:50:06 -0400] "GET /about.php?action=edit&file=tokens.cpython-311.pyc&path=%2F%2Fopt%2Fimunify360%2Fvenv%2Flib64%2Fpython3.11%2Fsite-packages%2Fyaml%2F__pycache__ HTTP/1.1" 200 2719 "-" "Mozilla/5.0 (Linux; Android 6.0.1; Nexus 5X Build/MMB29P) AppleWebKit/537.36 (KHTML, like Gecko) Chrome/135.0.7049.95 Mobile Safari/537.36 (compatible; GoogleOther)"
66.249.75.166 - - [28/Apr/2025:06:50:17 -0400] "GET /about.php?action=edit&file=composer.cpython-311.pyc&path=%2F%2Fopt%2Fimunify360%2Fvenv%2Flib64%2Fpython3.11%2Fsite-packages%2Fyaml%2F__pycache__ HTTP/1.1" 200 3336 "-" "Mozilla/5.0 (Linux; Android 6.0.1; Nexus 5X Build/MMB29P) AppleWebKit/537.36 (KHTML, like Gecko) Chrome/135.0.7049.95 Mobile Safari/537.36 (compatible; GoogleOther)"
47.128.32.68 - - [28/Apr/2025:06:50:22 -0400] "GET /about.php?path=%2F%2Fopt%2Falt%2Fphp53%2Fetc%2Fmysql5.6 HTTP/1.1" 403 1242 "-" "Mozilla/5.0 (Linux; Android 5.0) AppleWebKit/537.36 (KHTML, like Gecko) Mobile Safari/537.36 (compatible; Bytespider; spider-feedback@bytedance.com)"
75.190.67.101 - - [28/Apr/2025:06:50:27 -0400] "GET /about.php?path=%2F%2Fopt%2Falt%2Fphp80%2Fetc%2Fmariadb106 HTTP/1.1" 403 1242 "-" "Mozilla/5.0 (Linux; Android 6.0; Nexus 5 Build/MRA58N) AppleWebKit/537.36 (KHTML, like Gecko) Chrome/57.0.3819.1456 Mobile Safari/537.36"
66.249.75.165 - - [28/Apr/2025:06:50:27 -0400] "GET /about.php?action=edit&file=php_reentrancy.h&path=%2F%2Fproc%2Fthread-self%2Froot%2Fopt%2Falt%2Fphp81%2Fusr%2Finclude%2Fphp%2Fmain HTTP/1.1" 200 1468 "-" "Mozilla/5.0 (Linux; Android 6.0.1; Nexus 5X Build/MMB29P) AppleWebKit/537.36 (KHTML, like Gecko) Chrome/135.0.7049.95 Mobile Safari/537.36 (compatible; GoogleOther)"
66.249.75.165 - - [28/Apr/2025:06:50:38 -0400] "GET /about.php?path=%2F%2Fopt%2Fcloudlinux%2Fvenv%2Flib%2Fpython3.11%2Fsite-packages%2Fsetuptools%2Ftests%2Fintegration HTTP/1.1" 200 973 "-" "Mozilla/5.0 (Linux; Android 6.0.1; Nexus 5X Build/MMB29P) AppleWebKit/537.36 (KHTML, like Gecko) Chrome/135.0.7049.95 Mobile Safari/537.36 (compatible; GoogleOther)"
47.128.23.88 - - [28/Apr/2025:06:50:48 -0400] "GET /about.php?path=%2F%2Fhome%2Fmakmfewe%2Fglobalindustrialsolution.org%2Fwp-includes%2FSimplePie%2Flibrary HTTP/1.1" 200 870 "-" "Mozilla/5.0 (Linux; Android 5.0) AppleWebKit/537.36 (KHTML, like Gecko) Mobile Safari/537.36 (compatible; Bytespider; spider-feedback@bytedance.com)"
66.249.75.165 - - [28/Apr/2025:06:50:49 -0400] "GET /about.php?action=edit&file=constructor.cpython-311.pyc&path=%2F%2Fopt%2Fimunify360%2Fvenv%2Flib64%2Fpython3.11%2Fsite-packages%2Fyaml%2F__pycache__ HTTP/1.1" 200 13643 "-" "Mozilla/5.0 (Linux; Android 6.0.1; Nexus 5X Build/MMB29P) AppleWebKit/537.36 (KHTML, like Gecko) Chrome/135.0.7049.95 Mobile Safari/537.36 (compatible; GoogleOther)"
66.249.75.166 - - [28/Apr/2025:06:51:00 -0400] "GET /about.php?action=edit&file=test_tool.py&path=%2F%2Fopt%2Fimunify360%2Fvenv%2Flib64%2Fpython3.11%2Fsite-packages%2Fsimplejson%2Ftests HTTP/1.1" 200 1623 "-" "Mozilla/5.0 (Linux; Android 6.0.1; Nexus 5X Build/MMB29P) AppleWebKit/537.36 (KHTML, like Gecko) Chrome/135.0.7049.95 Mobile Safari/537.36 (compatible; GoogleOther)"
66.249.75.165 - - [28/Apr/2025:06:51:11 -0400] "GET /about.php?action=edit&file=debug.cpython-311.pyc&path=%2F%2Fopt%2Fimunify360%2Fvenv%2Flib64%2Fpython3.11%2Fsite-packages%2Fsentry_sdk%2F__pycache__ HTTP/1.1" 200 1861 "-" "Mozilla/5.0 (Linux; Android 6.0.1; Nexus 5X Build/MMB29P) AppleWebKit/537.36 (KHTML, like Gecko) Chrome/135.0.7049.95 Mobile Safari/537.36 (compatible; GoogleOther)"
47.128.24.106 - - [28/Apr/2025:06:51:14 -0400] "GET /about.php?path=%2F%2Fhome%2Fmakmfewe%2Fglobalindustrialsolution.org%2Fwp-content%2Fplugins%2Fbackuply HTTP/1.1" 200 1052 "-" "Mozilla/5.0 (Linux; Android 5.0) AppleWebKit/537.36 (KHTML, like Gecko) Mobile Safari/537.36 (compatible; Bytespider; spider-feedback@bytedance.com)"
66.249.75.165 - - [28/Apr/2025:06:51:22 -0400] "GET /about.php?action=edit&file=test_manifest.py&path=%2F%2Fopt%2Fcloudlinux%2Fvenv%2Flib%2Fpython3.11%2Fsite-packages%2Fsetuptools%2Ftests HTTP/1.1" 200 4743 "-" "Mozilla/5.0 (Linux; Android 6.0.1; Nexus 5X Build/MMB29P) AppleWebKit/537.36 (KHTML, like Gecko) Chrome/135.0.7049.95 Mobile Safari/537.36 (compatible; GoogleOther)"
66.249.75.165 - - [28/Apr/2025:06:51:33 -0400] "GET /about.php?path=//opt/imunify360/venv/lib64/python3.11/site-packages/jsonschema/benchmarks HTTP/1.1" 200 958 "-" "Mozilla/5.0 (Linux; Android 6.0.1; Nexus 5X Build/MMB29P) AppleWebKit/537.36 (KHTML, like Gecko) Chrome/135.0.7049.95 Mobile Safari/537.36 (compatible; GoogleOther)"
47.128.33.125 - - [28/Apr/2025:06:51:40 -0400] "GET /about.php?path=%2F%2Fhome%2Fmakmfewe%2Fglobalindustrialsolution.org%2Fwp-includes%2Fblocks%2Fverse HTTP/1.1" 200 898 "-" "Mozilla/5.0 (Linux; Android 5.0) AppleWebKit/537.36 (KHTML, like Gecko) Mobile Safari/537.36 (compatible; Bytespider; spider-feedback@bytedance.com)"
66.249.75.165 - - [28/Apr/2025:06:51:43 -0400] "GET /about.php?action=edit&file=php_stdint.h&path=%2F%2Fproc%2Fthread-self%2Froot%2Fopt%2Falt%2Fphp81%2Fusr%2Finclude%2Fphp%2Fmain HTTP/1.1" 200 1263 "-" "Mozilla/5.0 (Linux; Android 6.0.1; Nexus 5X Build/MMB29P) AppleWebKit/537.36 (KHTML, like Gecko) Chrome/135.0.7049.95 Mobile Safari/537.36 (compatible; GoogleOther)"
66.249.75.165 - - [28/Apr/2025:06:51:54 -0400] "GET /about.php?action=edit&file=php_memory_streams.h&path=%2F%2Fproc%2Fthread-self%2Froot%2Fopt%2Falt%2Fphp81%2Fusr%2Finclude%2Fphp%2Fmain HTTP/1.1" 200 1418 "-" "Mozilla/5.0 (Linux; Android 6.0.1; Nexus 5X Build/MMB29P) AppleWebKit/537.36 (KHTML, like Gecko) Chrome/135.0.7049.95 Mobile Safari/537.36 (compatible; GoogleOther)"
66.249.75.165 - - [28/Apr/2025:06:52:05 -0400] "GET /about.php?action=edit&file=test_item_sort_key.py&path=%2F%2Fopt%2Fimunify360%2Fvenv%2Flib64%2Fpython3.11%2Fsite-packages%2Fsimplejson%2Ftests HTTP/1.1" 200 1017 "-" "Mozilla/5.0 (Linux; Android 6.0.1; Nexus 5X Build/MMB29P) AppleWebKit/537.36 (KHTML, like Gecko) Chrome/135.0.7049.95 Mobile Safari/537.36 (compatible; GoogleOther)"
47.128.45.142 - - [28/Apr/2025:06:52:06 -0400] "GET /about.php?path=%2F%2Fhome%2Fmakmfewe%2Fglobalindustrialsolution.org%2Fwp-includes%2Fjs%2Ftinymce HTTP/1.1" 200 987 "-" "Mozilla/5.0 (Linux; Android 5.0) AppleWebKit/537.36 (KHTML, like Gecko) Mobile Safari/537.36 (compatible; Bytespider; spider-feedback@bytedance.com)"
66.249.75.165 - - [28/Apr/2025:06:52:16 -0400] "GET /about.php?action=edit&file=test_config_discovery.py&path=%2F%2Fopt%2Fcloudlinux%2Fvenv%2Flib%2Fpython3.11%2Fsite-packages%2Fsetuptools%2Ftests HTTP/1.1" 200 6670 "-" "Mozilla/5.0 (Linux; Android 6.0.1; Nexus 5X Build/MMB29P) AppleWebKit/537.36 (KHTML, like Gecko) Chrome/135.0.7049.95 Mobile Safari/537.36 (compatible; GoogleOther)"
66.249.75.165 - - [28/Apr/2025:06:52:19 -0400] "GET /about.php?action=edit&file=loader-wizard.php&path=%2F%2Fopt%2Fcloudlinux%2Falt-php82%2Froot%2Fusr%2Fshare%2Fdoc%2Falt-php82-ioncube-loader HTTP/1.1" 200 46818 "-" "Mozilla/5.0 (Linux; Android 6.0.1; Nexus 5X Build/MMB29P) AppleWebKit/537.36 (KHTML, like Gecko) Chrome/135.0.7049.95 Mobile Safari/537.36 (compatible; GoogleOther)"
66.249.75.165 - - [28/Apr/2025:06:52:27 -0400] "GET /about.php?action=edit&file=__init__.py&path=%2F%2Fopt%2Fimunify360%2Fvenv%2Flib64%2Fpython3.11%2Fsite-packages%2Fsimplejson%2Ftests HTTP/1.1" 200 1469 "-" "Mozilla/5.0 (Linux; Android 6.0.1; Nexus 5X Build/MMB29P) AppleWebKit/537.36 (KHTML, like Gecko) Chrome/135.0.7049.95 Mobile Safari/537.36 (compatible; GoogleOther)"
66.249.75.165 - - [28/Apr/2025:06:52:38 -0400] "GET /about.php?action=edit&file=draft7.json&path=%2F%2Fopt%2Fimunify360%2Fvenv%2Flib64%2Fpython3.11%2Fsite-packages%2Fjsonschema%2Fschemas HTTP/1.1" 200 1444 "-" "Mozilla/5.0 (Linux; Android 6.0.1; Nexus 5X Build/MMB29P) AppleWebKit/537.36 (KHTML, like Gecko) Chrome/135.0.7049.95 Mobile Safari/537.36 (compatible; GoogleOther)"
66.249.75.165 - - [28/Apr/2025:06:52:49 -0400] "GET /about.php?action=edit&file=test_bitsize_int_as_string.py&path=%2F%2Fopt%2Fimunify360%2Fvenv%2Flib64%2Fpython3.11%2Fsite-packages%2Fsimplejson%2Ftests HTTP/1.1" 200 1106 "-" "Mozilla/5.0 (Linux; Android 6.0.1; Nexus 5X Build/MMB29P) AppleWebKit/537.36 (KHTML, like Gecko) Chrome/135.0.7049.95 Mobile Safari/537.36 (compatible; GoogleOther)"
66.249.75.165 - - [28/Apr/2025:06:53:00 -0400] "GET /about.php?path=%2F%2Fopt%2Fcloudlinux%2Fvenv%2Flib%2Fpython3.11%2Fsite-packages%2Fsetuptools%2Ftests%2Findexes HTTP/1.1" 200 873 "-" "Mozilla/5.0 (Linux; Android 6.0.1; Nexus 5X Build/MMB29P) AppleWebKit/537.36 (KHTML, like Gecko) Chrome/135.0.7049.95 Mobile Safari/537.36 (compatible; GoogleOther)"
66.249.75.166 - - [28/Apr/2025:06:53:11 -0400] "GET /about.php?action=edit&file=test_separators.py&path=%2F%2Fopt%2Fimunify360%2Fvenv%2Flib64%2Fpython3.11%2Fsite-packages%2Fsimplejson%2Ftests HTTP/1.1" 200 955 "-" "Mozilla/5.0 (Linux; Android 6.0.1; Nexus 5X Build/MMB29P) AppleWebKit/537.36 (KHTML, like Gecko) Chrome/135.0.7049.95 Mobile Safari/537.36 (compatible; GoogleOther)"
66.249.75.165 - - [28/Apr/2025:06:53:14 -0400] "GET /about.php?path=%2F%2Fopt%2Fcloudlinux%2Falt-php82%2Froot%2Fusr%2Finclude%2Fphp%2Fmain HTTP/1.1" 200 1338 "-" "Mozilla/5.0 (Linux; Android 6.0.1; Nexus 5X Build/MMB29P) AppleWebKit/537.36 (KHTML, like Gecko) Chrome/135.0.7049.95 Mobile Safari/537.36 (compatible; GoogleOther)"
66.249.75.165 - - [28/Apr/2025:06:53:22 -0400] "GET /about.php?action=edit&file=test_editable_install.py&path=%2F%2Fopt%2Fcloudlinux%2Fvenv%2Flib%2Fpython3.11%2Fsite-packages%2Fsetuptools%2Ftests HTTP/1.1" 200 10919 "-" "Mozilla/5.0 (Linux; Android 6.0.1; Nexus 5X Build/MMB29P) AppleWebKit/537.36 (KHTML, like Gecko) Chrome/135.0.7049.95 Mobile Safari/537.36 (compatible; GoogleOther)"
66.249.75.165 - - [28/Apr/2025:06:53:33 -0400] "GET /about.php?path=//opt/imunify360/venv/lib64/python3.11/site-packages/yaml/__pycache__ HTTP/1.1" 200 1139 "-" "Mozilla/5.0 (Linux; Android 6.0.1; Nexus 5X Build/MMB29P) AppleWebKit/537.36 (KHTML, like Gecko) Chrome/135.0.7049.95 Mobile Safari/537.36 (compatible; GoogleOther)"
66.249.75.165 - - [28/Apr/2025:06:53:44 -0400] "GET /about.php?action=edit&file=php_syslog.h&path=%2F%2Fproc%2Fthread-self%2Froot%2Fopt%2Falt%2Fphp81%2Fusr%2Finclude%2Fphp%2Fmain HTTP/1.1" 200 1115 "-" "Mozilla/5.0 (Linux; Android 6.0.1; Nexus 5X Build/MMB29P) AppleWebKit/537.36 (KHTML, like Gecko) Chrome/135.0.7049.95 Mobile Safari/537.36 (compatible; GoogleOther)"
66.249.75.165 - - [28/Apr/2025:06:53:54 -0400] "GET /about.php?action=edit&file=http_status_codes.h&path=%2F%2Fproc%2Fthread-self%2Froot%2Fopt%2Falt%2Fphp81%2Fusr%2Finclude%2Fphp%2Fmain HTTP/1.1" 200 1646 "-" "Mozilla/5.0 (Linux; Android 6.0.1; Nexus 5X Build/MMB29P) AppleWebKit/537.36 (KHTML, like Gecko) Chrome/135.0.7049.95 Mobile Safari/537.36 (compatible; GoogleOther)"
47.128.122.112 - - [28/Apr/2025:06:54:00 -0400] "GET /about.php?path=%2F%2Fvar%2Fsoftaculous%2Fdotproj HTTP/1.1" 200 1032 "-" "Mozilla/5.0 (Linux; Android 5.0) AppleWebKit/537.36 (KHTML, like Gecko) Mobile Safari/537.36 (compatible; TikTokSpider; ttspider-feedback@tiktok.com)"
66.249.75.167 - - [28/Apr/2025:06:54:07 -0400] "GET /about.php?action=edit&file=_helpers.py&path=%2F%2Fopt%2Fimunify360%2Fvenv%2Flib64%2Fpython3.11%2Fsite-packages%2Fjsonschema%2Ftests HTTP/1.1" 200 640 "-" "Mozilla/5.0 (Linux; Android 6.0.1; Nexus 5X Build/MMB29P) AppleWebKit/537.36 (KHTML, like Gecko) Chrome/135.0.7049.95 Mobile Safari/537.36 (compatible; GoogleOther)"
66.249.65.37 - - [28/Apr/2025:06:54:17 -0400] "GET /about.php?action=edit&file=environment.py&path=%2F%2Fopt%2Fcloudlinux%2Fvenv%2Flib%2Fpython3.11%2Fsite-packages%2Fsetuptools%2Ftests HTTP/1.1" 200 1917 "-" "Mozilla/5.0 (Linux; Android 6.0.1; Nexus 5X Build/MMB29P) AppleWebKit/537.36 (KHTML, like Gecko) Chrome/135.0.7049.95 Mobile Safari/537.36 (compatible; GoogleOther)"
66.249.75.165 - - [28/Apr/2025:06:54:27 -0400] "GET /about.php?action=edit&file=domains_with_php.yaml&path=%2F%2Fopt%2Fimunify360%2Fvenv%2Flib64%2Fpython3.11%2Fsite-packages%2Fvendors_api%2Fschemas HTTP/1.1" 200 758 "-" "Mozilla/5.0 (Linux; Android 6.0.1; Nexus 5X Build/MMB29P) AppleWebKit/537.36 (KHTML, like Gecko) Chrome/135.0.7049.95 Mobile Safari/537.36 (compatible; GoogleOther)"
172.56.217.4 - - [28/Apr/2025:06:54:29 -0400] "GET /about.php?path=%2F%2Fopt%2Falt%2Fphp53%2Fetc%2Fmariadb101 HTTP/1.1" 403 1242 "-" "Mozilla/5.0 (Linux; Android 5.0; SM-G900P Build/LRX21T) AppleWebKit/537.36 (KHTML, like Gecko) Chrome/54.0.2722.1141 Mobile Safari/537.36"
173.252.79.5 - - [28/Apr/2025:06:54:40 -0400] "GET /robots.txt HTTP/1.1" 200 1091 "-" "facebookexternalhit/1.1 (+http://www.facebook.com/externalhit_uatext.php)"
66.249.75.165 - - [28/Apr/2025:06:54:40 -0400] "GET /about.php?action=edit&file=test_exceptions.py&path=%2F%2Fopt%2Fimunify360%2Fvenv%2Flib64%2Fpython3.11%2Fsite-packages%2Fjsonschema%2Ftests HTTP/1.1" 200 3811 "-" "Mozilla/5.0 (Linux; Android 6.0.1; Nexus 5X Build/MMB29P) AppleWebKit/537.36 (KHTML, like Gecko) Chrome/135.0.7049.95 Mobile Safari/537.36 (compatible; GoogleOther)"
20.171.207.245 - - [28/Apr/2025:06:54:42 -0400] "GET /wp-includes/blocks/image/ HTTP/1.1" 200 1247 "-" "Mozilla/5.0 AppleWebKit/537.36 (KHTML, like Gecko; compatible; GPTBot/1.2; +https://openai.com/gptbot)"
20.171.207.245 - - [28/Apr/2025:06:54:43 -0400] "GET /wp-includes/blocks/image/view.min.asset.php HTTP/1.1" 403 1242 "-" "Mozilla/5.0 AppleWebKit/537.36 (KHTML, like Gecko; compatible; GPTBot/1.2; +https://openai.com/gptbot)"
20.171.207.245 - - [28/Apr/2025:06:54:44 -0400] "GET /wp-includes/blocks/image/editor-rtl.min.css HTTP/1.1" 200 695 "-" "Mozilla/5.0 AppleWebKit/537.36 (KHTML, like Gecko; compatible; GPTBot/1.2; +https://openai.com/gptbot)"
66.29.132.124 - - [28/Apr/2025:06:54:44 -0400] "POST /wp-cron.php?doing_wp_cron=1745837684.4699239730834960937500 HTTP/1.1" 403 1242 "-" "WordPress/6.8; https://mercurylondon.com"
173.252.79.5 - - [28/Apr/2025:06:54:41 -0400] "GET /about-us HTTP/1.1" 301 0 "-" "facebookexternalhit/1.1 (+http://www.facebook.com/externalhit_uatext.php)"
20.171.207.245 - - [28/Apr/2025:06:54:45 -0400] "GET /wp-includes/blocks/image/view.min.js HTTP/1.1" 200 1650 "-" "Mozilla/5.0 AppleWebKit/537.36 (KHTML, like Gecko; compatible; GPTBot/1.2; +https://openai.com/gptbot)"
20.171.207.245 - - [28/Apr/2025:06:54:46 -0400] "GET /wp-includes/blocks/image/block.json HTTP/1.1" 200 2984 "-" "Mozilla/5.0 AppleWebKit/537.36 (KHTML, like Gecko; compatible; GPTBot/1.2; +https://openai.com/gptbot)"
20.171.207.245 - - [28/Apr/2025:06:54:48 -0400] "GET /wp-includes/blocks/image/view.js HTTP/1.1" 200 4562 "-" "Mozilla/5.0 AppleWebKit/537.36 (KHTML, like Gecko; compatible; GPTBot/1.2; +https://openai.com/gptbot)"
173.252.79.114 - - [28/Apr/2025:06:54:45 -0400] "GET /about-us/ HTTP/1.1" 200 291514 "-" "facebookexternalhit/1.1 (+http://www.facebook.com/externalhit_uatext.php)"
20.171.207.245 - - [28/Apr/2025:06:54:49 -0400] "GET /wp-includes/blocks/image/view.asset.php HTTP/1.1" 403 1242 "-" "Mozilla/5.0 AppleWebKit/537.36 (KHTML, like Gecko; compatible; GPTBot/1.2; +https://openai.com/gptbot)"
66.249.75.165 - - [28/Apr/2025:06:54:50 -0400] "GET /about.php?action=edit&file=test_tuple.py&path=%2F%2Fopt%2Fimunify360%2Fvenv%2Flib64%2Fpython3.11%2Fsite-packages%2Fsimplejson%2Ftests HTTP/1.1" 200 921 "-" "Mozilla/5.0 (Linux; Android 6.0.1; Nexus 5X Build/MMB29P) AppleWebKit/537.36 (KHTML, like Gecko) Chrome/135.0.7049.95 Mobile Safari/537.36 (compatible; GoogleOther)"
20.171.207.245 - - [28/Apr/2025:06:54:50 -0400] "GET /wp-includes/blocks/image/?SA HTTP/1.1" 200 1247 "-" "Mozilla/5.0 AppleWebKit/537.36 (KHTML, like Gecko; compatible; GPTBot/1.2; +https://openai.com/gptbot)"
20.171.207.245 - - [28/Apr/2025:06:54:51 -0400] "GET /wp-includes/blocks/image/?MA HTTP/1.1" 200 1261 "-" "Mozilla/5.0 AppleWebKit/537.36 (KHTML, like Gecko; compatible; GPTBot/1.2; +https://openai.com/gptbot)"
20.171.207.245 - - [28/Apr/2025:06:54:52 -0400] "GET /wp-includes/blocks/image/?ND HTTP/1.1" 200 1232 "-" "Mozilla/5.0 AppleWebKit/537.36 (KHTML, like Gecko; compatible; GPTBot/1.2; +https://openai.com/gptbot)"
20.171.207.245 - - [28/Apr/2025:06:54:53 -0400] "GET /wp-includes/blocks/image/style-rtl.min.css HTTP/1.1" 200 1454 "-" "Mozilla/5.0 AppleWebKit/537.36 (KHTML, like Gecko; compatible; GPTBot/1.2; +https://openai.com/gptbot)"
20.171.207.245 - - [28/Apr/2025:06:54:55 -0400] "GET /wp-includes/blocks/image/theme-rtl.min.css HTTP/1.1" 200 188 "-" "Mozilla/5.0 AppleWebKit/537.36 (KHTML, like Gecko; compatible; GPTBot/1.2; +https://openai.com/gptbot)"
20.171.207.245 - - [28/Apr/2025:06:54:56 -0400] "GET /wp-includes/blocks/image/style.min.css HTTP/1.1" 200 1448 "-" "Mozilla/5.0 AppleWebKit/537.36 (KHTML, like Gecko; compatible; GPTBot/1.2; +https://openai.com/gptbot)"
20.171.207.245 - - [28/Apr/2025:06:54:58 -0400] "GET /wp-includes/blocks/image/style-rtl.css HTTP/1.1" 200 1546 "-" "Mozilla/5.0 AppleWebKit/537.36 (KHTML, like Gecko; compatible; GPTBot/1.2; +https://openai.com/gptbot)"
20.171.207.245 - - [28/Apr/2025:06:54:59 -0400] "GET /wp-includes/blocks/image/theme-rtl.css HTTP/1.1" 200 212 "-" "Mozilla/5.0 AppleWebKit/537.36 (KHTML, like Gecko; compatible; GPTBot/1.2; +https://openai.com/gptbot)"
20.171.207.245 - - [28/Apr/2025:06:55:00 -0400] "GET /wp-includes/blocks/image/theme.min.css HTTP/1.1" 200 188 "-" "Mozilla/5.0 AppleWebKit/537.36 (KHTML, like Gecko; compatible; GPTBot/1.2; +https://openai.com/gptbot)"
66.249.75.167 - - [28/Apr/2025:06:55:01 -0400] "GET /about.php?action=edit&file=test_build_ext.py&path=%2F%2Fopt%2Fcloudlinux%2Fvenv%2Flib%2Fpython3.11%2Fsite-packages%2Fsetuptools%2Ftests HTTP/1.1" 200 3587 "-" "Mozilla/5.0 (Linux; Android 6.0.1; Nexus 5X Build/MMB29P) AppleWebKit/537.36 (KHTML, like Gecko) Chrome/135.0.7049.95 Mobile Safari/537.36 (compatible; GoogleOther)"
20.171.207.245 - - [28/Apr/2025:06:55:03 -0400] "GET /wp-includes/blocks/image/editor.min.css HTTP/1.1" 200 692 "-" "Mozilla/5.0 AppleWebKit/537.36 (KHTML, like Gecko; compatible; GPTBot/1.2; +https://openai.com/gptbot)"
20.171.207.245 - - [28/Apr/2025:06:55:04 -0400] "GET /wp-includes/blocks/image/?SD HTTP/1.1" 200 1256 "-" "Mozilla/5.0 AppleWebKit/537.36 (KHTML, like Gecko; compatible; GPTBot/1.2; +https://openai.com/gptbot)"
20.171.207.245 - - [28/Apr/2025:06:55:08 -0400] "GET /wp-includes/blocks/image/?NA HTTP/1.1" 200 1247 "-" "Mozilla/5.0 AppleWebKit/537.36 (KHTML, like Gecko; compatible; GPTBot/1.2; +https://openai.com/gptbot)"
47.128.50.243 - - [28/Apr/2025:06:55:10 -0400] "GET /about.php?path=%2F%2Fhome%2Fmakmfewe%2Fpublic_ftp HTTP/1.1" 200 757 "-" "Mozilla/5.0 (Linux; Android 5.0) AppleWebKit/537.36 (KHTML, like Gecko) Mobile Safari/537.36 (compatible; Bytespider; spider-feedback@bytedance.com)"
20.171.207.245 - - [28/Apr/2025:06:55:10 -0400] "GET /wp-includes/blocks/image/?MD HTTP/1.1" 200 1264 "-" "Mozilla/5.0 AppleWebKit/537.36 (KHTML, like Gecko; compatible; GPTBot/1.2; +https://openai.com/gptbot)"
66.249.75.166 - - [28/Apr/2025:06:55:12 -0400] "GET /about.php?path=%2F%2Fopt%2Fimunify360%2Fvenv%2Flib%2Fpython3.11%2Fsite-packages%2Furllib3%2Fpackages%2Fbackports%2F__pycache__ HTTP/1.1" 200 940 "-" "Mozilla/5.0 (Linux; Android 6.0.1; Nexus 5X Build/MMB29P) AppleWebKit/537.36 (KHTML, like Gecko) Chrome/135.0.7049.95 Mobile Safari/537.36 (compatible; GoogleOther)"
20.171.207.245 - - [28/Apr/2025:06:55:12 -0400] "GET /wp-includes/blocks/image/editor-rtl.css HTTP/1.1" 200 738 "-" "Mozilla/5.0 AppleWebKit/537.36 (KHTML, like Gecko; compatible; GPTBot/1.2; +https://openai.com/gptbot)"
20.171.207.245 - - [28/Apr/2025:06:55:14 -0400] "GET /wp-includes/blocks/image/editor.css HTTP/1.1" 200 731 "-" "Mozilla/5.0 AppleWebKit/537.36 (KHTML, like Gecko; compatible; GPTBot/1.2; +https://openai.com/gptbot)"
20.171.207.245 - - [28/Apr/2025:06:55:16 -0400] "GET /wp-includes/blocks/image/theme.css HTTP/1.1" 200 212 "-" "Mozilla/5.0 AppleWebKit/537.36 (KHTML, like Gecko; compatible; GPTBot/1.2; +https://openai.com/gptbot)"
20.171.207.245 - - [28/Apr/2025:06:55:19 -0400] "GET /wp-includes/blocks/image/style.css HTTP/1.1" 200 1541 "-" "Mozilla/5.0 AppleWebKit/537.36 (KHTML, like Gecko; compatible; GPTBot/1.2; +https://openai.com/gptbot)"
20.171.207.245 - - [28/Apr/2025:06:55:21 -0400] "GET /wp-includes/blocks/image/view.min.asset.php HTTP/1.1" 403 1242 "-" "Mozilla/5.0 AppleWebKit/537.36 (KHTML, like Gecko; compatible; GPTBot/1.2; +https://openai.com/gptbot)"
20.171.207.245 - - [28/Apr/2025:06:55:21 -0400] "GET /wp-includes/blocks/image/view.asset.php HTTP/1.1" 403 1242 "-" "Mozilla/5.0 AppleWebKit/537.36 (KHTML, like Gecko; compatible; GPTBot/1.2; +https://openai.com/gptbot)"
66.249.75.165 - - [28/Apr/2025:06:55:22 -0400] "GET /about.php?action=edit&file=nodes.cpython-311.pyc&path=%2F%2Fopt%2Fimunify360%2Fvenv%2Flib64%2Fpython3.11%2Fsite-packages%2Fyaml%2F__pycache__ HTTP/1.1" 200 1625 "-" "Mozilla/5.0 (Linux; Android 6.0.1; Nexus 5X Build/MMB29P) AppleWebKit/537.36 (KHTML, like Gecko) Chrome/135.0.7049.95 Mobile Safari/537.36 (compatible; GoogleOther)"
66.249.75.165 - - [28/Apr/2025:06:55:33 -0400] "GET /about.php?action=edit&file=dumper.cpython-311.pyc&path=%2F%2Fopt%2Fimunify360%2Fvenv%2Flib64%2Fpython3.11%2Fsite-packages%2Fyaml%2F__pycache__ HTTP/1.1" 200 1626 "-" "Mozilla/5.0 (Linux; Android 6.0.1; Nexus 5X Build/MMB29P) AppleWebKit/537.36 (KHTML, like Gecko) Chrome/135.0.7049.95 Mobile Safari/537.36 (compatible; GoogleOther)"
47.128.58.199 - - [28/Apr/2025:06:55:35 -0400] "GET /about.php?path=%2F%2Fhome%2Fmakmfewe%2Fpublic_html%2Fgillindustry%2Fwp-includes%2Fblocks%2Fcomments-pagination HTTP/1.1" 200 968 "-" "Mozilla/5.0 (Linux; Android 5.0) AppleWebKit/537.36 (KHTML, like Gecko) Mobile Safari/537.36 (compatible; Bytespider; spider-feedback@bytedance.com)"
66.249.75.165 - - [28/Apr/2025:06:55:45 -0400] "GET /about.php?action=edit&file=parser.cpython-311.pyc&path=%2F%2Fopt%2Fimunify360%2Fvenv%2Flib64%2Fpython3.11%2Fsite-packages%2Fyaml%2F__pycache__ HTTP/1.1" 200 8253 "-" "Mozilla/5.0 (Linux; Android 6.0.1; Nexus 5X Build/MMB29P) AppleWebKit/537.36 (KHTML, like Gecko) Chrome/135.0.7049.95 Mobile Safari/537.36 (compatible; GoogleOther)"
66.249.75.165 - - [28/Apr/2025:06:55:54 -0400] "GET /about.php?action=edit&file=api.cpython-311.pyc&path=%2F%2Fopt%2Fimunify360%2Fvenv%2Flib64%2Fpython3.11%2Fsite-packages%2Fsentry_sdk%2F__pycache__ HTTP/1.1" 200 3031 "-" "Mozilla/5.0 (Linux; Android 6.0.1; Nexus 5X Build/MMB29P) AppleWebKit/537.36 (KHTML, like Gecko) Chrome/135.0.7049.95 Mobile Safari/537.36 (compatible; GoogleOther)"
47.128.99.199 - - [28/Apr/2025:06:56:00 -0400] "GET /about.php?path=%2F%2Fhome%2Fmakmfewe%2Fpublic_html%2Fgillindustry%2Fwp-includes%2FText%2FDiff HTTP/1.1" 200 901 "-" "Mozilla/5.0 (Linux; Android 5.0) AppleWebKit/537.36 (KHTML, like Gecko) Mobile Safari/537.36 (compatible; Bytespider; spider-feedback@bytedance.com)"
66.249.75.165 - - [28/Apr/2025:06:56:06 -0400] "GET /about.php?action=edit&file=tracing.cpython-311.pyc&path=%2F%2Fopt%2Fimunify360%2Fvenv%2Flib64%2Fpython3.11%2Fsite-packages%2Fsentry_sdk%2F__pycache__ HTTP/1.1" 200 11984 "-" "Mozilla/5.0 (Linux; Android 6.0.1; Nexus 5X Build/MMB29P) AppleWebKit/537.36 (KHTML, like Gecko) Chrome/135.0.7049.95 Mobile Safari/537.36 (compatible; GoogleOther)"
66.249.75.166 - - [28/Apr/2025:06:56:12 -0400] "GET /about.php?action=edit&file=securetransport.py&path=%2F%2Fopt%2Falt%2Fpython38%2Flib%2Fpython3.8%2Fsite-packages%2Fpip%2F_vendor%2Furllib3%2Fcontrib HTTP/1.1" 200 10566 "-" "Mozilla/5.0 (Linux; Android 6.0.1; Nexus 5X Build/MMB29P) AppleWebKit/537.36 (KHTML, like Gecko) Chrome/135.0.7049.95 Mobile Safari/537.36 (compatible; GoogleOther)"
66.249.75.165 - - [28/Apr/2025:06:56:20 -0400] "GET /about.php?action=edit&file=test_build_meta.py&path=%2F%2Fopt%2Fcloudlinux%2Fvenv%2Flib%2Fpython3.11%2Fsite-packages%2Fsetuptools%2Ftests HTTP/1.1" 200 8532 "-" "Mozilla/5.0 (Linux; Android 6.0.1; Nexus 5X Build/MMB29P) AppleWebKit/537.36 (KHTML, like Gecko) Chrome/135.0.7049.95 Mobile Safari/537.36 (compatible; GoogleOther)"
47.128.49.89 - - [28/Apr/2025:06:56:26 -0400] "GET /about.php?path=%2F%2Fhome%2Fmakmfewe%2Fglobalindustrialsolution.org%2Fwp-includes%2Fblocks%2Fcover HTTP/1.1" 200 945 "-" "Mozilla/5.0 (Linux; Android 5.0) AppleWebKit/537.36 (KHTML, like Gecko) Mobile Safari/537.36 (compatible; Bytespider; spider-feedback@bytedance.com)"
66.249.75.165 - - [28/Apr/2025:06:56:27 -0400] "GET /about.php?action=edit&file=textwrap.py&path=%2F%2Fopt%2Fcloudlinux%2Fvenv%2Flib%2Fpython3.11%2Fsite-packages%2Fsetuptools%2Ftests HTTP/1.1" 200 614 "-" "Mozilla/5.0 (Linux; Android 6.0.1; Nexus 5X Build/MMB29P) AppleWebKit/537.36 (KHTML, like Gecko) Chrome/135.0.7049.95 Mobile Safari/537.36 (compatible; GoogleOther)"
66.249.75.165 - - [28/Apr/2025:06:56:38 -0400] "GET /about.php?action=edit&file=__init__.cpython-311.pyc&path=%2F%2Fopt%2Fimunify360%2Fvenv%2Flib64%2Fpython3.11%2Fsite-packages%2Fyaml%2F__pycache__ HTTP/1.1" 200 5877 "-" "Mozilla/5.0 (Linux; Android 6.0.1; Nexus 5X Build/MMB29P) AppleWebKit/537.36 (KHTML, like Gecko) Chrome/135.0.7049.95 Mobile Safari/537.36 (compatible; GoogleOther)"
66.249.75.165 - - [28/Apr/2025:06:56:49 -0400] "GET /about.php?action=edit&file=php_network.h&path=%2F%2Fproc%2Fthread-self%2Froot%2Fopt%2Falt%2Fphp81%2Fusr%2Finclude%2Fphp%2Fmain HTTP/1.1" 200 3920 "-" "Mozilla/5.0 (Linux; Android 6.0.1; Nexus 5X Build/MMB29P) AppleWebKit/537.36 (KHTML, like Gecko) Chrome/135.0.7049.95 Mobile Safari/537.36 (compatible; GoogleOther)"
47.128.19.237 - - [28/Apr/2025:06:56:52 -0400] "GET /about.php?path=%2F%2Fhome%2Fmakmfewe%2Fsh-fragrances.com%2Fwp-content%2Fplugins%2Floginizer HTTP/1.1" 200 979 "-" "Mozilla/5.0 (Linux; Android 5.0) AppleWebKit/537.36 (KHTML, like Gecko) Mobile Safari/537.36 (compatible; Bytespider; spider-feedback@bytedance.com)"
66.249.75.167 - - [28/Apr/2025:06:57:01 -0400] "GET /about.php?action=edit&file=test_distutils_adoption.py&path=%2F%2Fopt%2Fcloudlinux%2Fvenv%2Flib%2Fpython3.11%2Fsite-packages%2Fsetuptools%2Ftests HTTP/1.1" 200 2551 "-" "Mozilla/5.0 (Linux; Android 6.0.1; Nexus 5X Build/MMB29P) AppleWebKit/537.36 (KHTML, like Gecko) Chrome/135.0.7049.95 Mobile Safari/537.36 (compatible; GoogleOther)"
66.249.75.165 - - [28/Apr/2025:06:57:11 -0400] "GET /about.php?action=edit&file=test_find_packages.py&path=%2F%2Fopt%2Fcloudlinux%2Fvenv%2Flib%2Fpython3.11%2Fsite-packages%2Fsetuptools%2Ftests HTTP/1.1" 200 2449 "-" "Mozilla/5.0 (Linux; Android 6.0.1; Nexus 5X Build/MMB29P) AppleWebKit/537.36 (KHTML, like Gecko) Chrome/135.0.7049.95 Mobile Safari/537.36 (compatible; GoogleOther)"
47.128.36.235 - - [28/Apr/2025:06:57:19 -0400] "GET /about.php?path=%2F%2Fopt%2Falt%2Fphp80%2Fetc%2Fmysql8.0 HTTP/1.1" 403 1242 "-" "Mozilla/5.0 (Linux; Android 5.0) AppleWebKit/537.36 (KHTML, like Gecko) Mobile Safari/537.36 (compatible; Bytespider; spider-feedback@bytedance.com)"
66.249.75.165 - - [28/Apr/2025:06:57:23 -0400] "GET /about.php?action=edit&file=__init__.py&path=%2F%2Fopt%2Fimunify360%2Fvenv%2Flib%2Fpython3.11%2Fsite-packages%2Furllib3%2Fpackages%2Fbackports HTTP/1.1" 200 555 "-" "Mozilla/5.0 (Linux; Android 6.0.1; Nexus 5X Build/MMB29P) AppleWebKit/537.36 (KHTML, like Gecko) Chrome/135.0.7049.95 Mobile Safari/537.36 (compatible; GoogleOther)"
66.249.75.165 - - [28/Apr/2025:06:57:33 -0400] "GET /about.php?action=edit&file=test_float.py&path=%2F%2Fopt%2Fimunify360%2Fvenv%2Flib64%2Fpython3.11%2Fsite-packages%2Fsimplejson%2Ftests HTTP/1.1" 200 1038 "-" "Mozilla/5.0 (Linux; Android 6.0.1; Nexus 5X Build/MMB29P) AppleWebKit/537.36 (KHTML, like Gecko) Chrome/135.0.7049.95 Mobile Safari/537.36 (compatible; GoogleOther)"
66.249.75.165 - - [28/Apr/2025:06:57:43 -0400] "GET /about.php?action=edit&file=fixtures.py&path=%2F%2Fopt%2Fcloudlinux%2Fvenv%2Flib%2Fpython3.11%2Fsite-packages%2Fsetuptools%2Ftests HTTP/1.1" 200 2369 "-" "Mozilla/5.0 (Linux; Android 6.0.1; Nexus 5X Build/MMB29P) AppleWebKit/537.36 (KHTML, like Gecko) Chrome/135.0.7049.95 Mobile Safari/537.36 (compatible; GoogleOther)"
47.128.117.156 - - [28/Apr/2025:06:57:45 -0400] "GET /about.php?path=%2F%2Fvar%2Fsoftaculous%2Fowa%2Fphp71 HTTP/1.1" 200 859 "-" "Mozilla/5.0 (Linux; Android 5.0) AppleWebKit/537.36 (KHTML, like Gecko) Mobile Safari/537.36 (compatible; Bytespider; spider-feedback@bytedance.com)"
66.249.75.165 - - [28/Apr/2025:06:57:55 -0400] "GET /about.php?action=edit&file=events.cpython-311.pyc&path=%2F%2Fopt%2Fimunify360%2Fvenv%2Flib64%2Fpython3.11%2Fsite-packages%2Fyaml%2F__pycache__ HTTP/1.1" 200 2431 "-" "Mozilla/5.0 (Linux; Android 6.0.1; Nexus 5X Build/MMB29P) AppleWebKit/537.36 (KHTML, like Gecko) Chrome/135.0.7049.95 Mobile Safari/537.36 (compatible; GoogleOther)"
47.128.121.130 - - [28/Apr/2025:06:58:00 -0400] "GET /about.php?path=%2F%2Fhome%2Fmakmfewe%2Fglobalindustrialsolution.org%2Fwp-includes%2Fblocks%2Fgroup HTTP/1.1" 200 976 "-" "Mozilla/5.0 (Linux; Android 5.0) AppleWebKit/537.36 (KHTML, like Gecko) Mobile Safari/537.36 (compatible; TikTokSpider; ttspider-feedback@tiktok.com)"
66.249.75.165 - - [28/Apr/2025:06:58:05 -0400] "GET /about.php?action=edit&file=reader.cpython-311.pyc&path=%2F%2Fopt%2Fimunify360%2Fvenv%2Flib64%2Fpython3.11%2Fsite-packages%2Fyaml%2F__pycache__ HTTP/1.1" 200 4627 "-" "Mozilla/5.0 (Linux; Android 6.0.1; Nexus 5X Build/MMB29P) AppleWebKit/537.36 (KHTML, like Gecko) Chrome/135.0.7049.95 Mobile Safari/537.36 (compatible; GoogleOther)"
47.128.39.239 - - [28/Apr/2025:06:58:10 -0400] "GET /about.php?path=%2F%2Fhome%2Fmakmfewe%2Fdentistring.com%2Fwp-includes%2Fblock-bindings HTTP/1.1" 200 874 "-" "Mozilla/5.0 (Linux; Android 5.0) AppleWebKit/537.36 (KHTML, like Gecko) Mobile Safari/537.36 (compatible; Bytespider; spider-feedback@bytedance.com)"
66.249.75.165 - - [28/Apr/2025:06:58:16 -0400] "GET /about.php?path=//opt/imunify360/venv/lib64/python3.11/site-packages/vendors_api/schemas HTTP/1.1" 200 997 "-" "Mozilla/5.0 (Linux; Android 6.0.1; Nexus 5X Build/MMB29P) AppleWebKit/537.36 (KHTML, like Gecko) Chrome/135.0.7049.95 Mobile Safari/537.36 (compatible; GoogleOther)"
66.249.75.165 - - [28/Apr/2025:06:58:27 -0400] "GET /about.php?action=edit&file=test_unicode_utils.py&path=%2F%2Fopt%2Fcloudlinux%2Fvenv%2Flib%2Fpython3.11%2Fsite-packages%2Fsetuptools%2Ftests HTTP/1.1" 200 722 "-" "Mozilla/5.0 (Linux; Android 6.0.1; Nexus 5X Build/MMB29P) AppleWebKit/537.36 (KHTML, like Gecko) Chrome/135.0.7049.95 Mobile Safari/537.36 (compatible; GoogleOther)"
184.59.84.84 - - [28/Apr/2025:06:58:31 -0400] "GET /about.php?path=%2F%2Fopt%2Falt%2Fphp53%2Fetc%2Fmariadb102 HTTP/1.1" 403 1242 "-" "Mozilla/5.0 (Linux; Android 8.0; Pixel 2 Build/OPD3.170816.012) AppleWebKit/537.36 (KHTML, like Gecko) Chrome/43.0.8081.1819 Mobile Safari/537.36"
47.128.36.16 - - [28/Apr/2025:06:58:37 -0400] "GET /wp-includes/js/tinymce/plugins/wpeditimage/ HTTP/1.1" 200 688 "-" "Mozilla/5.0 (Linux; Android 5.0) AppleWebKit/537.36 (KHTML, like Gecko) Mobile Safari/537.36 (compatible; Bytespider; spider-feedback@bytedance.com)"
66.249.75.165 - - [28/Apr/2025:06:58:38 -0400] "GET /about.php?action=edit&file=test_extern.py&path=%2F%2Fopt%2Fcloudlinux%2Fvenv%2Flib%2Fpython3.11%2Fsite-packages%2Fsetuptools%2Ftests HTTP/1.1" 200 689 "-" "Mozilla/5.0 (Linux; Android 6.0.1; Nexus 5X Build/MMB29P) AppleWebKit/537.36 (KHTML, like Gecko) Chrome/135.0.7049.95 Mobile Safari/537.36 (compatible; GoogleOther)"
66.249.75.165 - - [28/Apr/2025:06:58:50 -0400] "GET /about.php?path=%2F%2Fproc%2Fthread-self%2Froot%2Fopt%2Falt%2Fphp81%2Fusr%2Fshare%2Fdoc%2Fpear%2FMail HTTP/1.1" 200 910 "-" "Mozilla/5.0 (Linux; Android 6.0.1; Nexus 5X Build/MMB29P) AppleWebKit/537.36 (KHTML, like Gecko) Chrome/135.0.7049.95 Mobile Safari/537.36 (compatible; GoogleOther)"
66.249.75.165 - - [28/Apr/2025:06:58:54 -0400] "GET /about.php?path=%2F%2Fproc%2Fthread-self%2Froot%2Flib%2F.build-id%2Fbd HTTP/1.1" 200 1421 "-" "Mozilla/5.0 (Linux; Android 6.0.1; Nexus 5X Build/MMB29P) AppleWebKit/537.36 (KHTML, like Gecko) Chrome/135.0.7049.95 Mobile Safari/537.36 (compatible; GoogleOther)"
66.249.75.165 - - [28/Apr/2025:06:58:59 -0400] "GET /about.php?path=%2F%2Fopt%2Fcloudlinux%2Falt-php82%2Froot%2Fusr%2Finclude%2Fphp%2Fext%2Fmysqlnd HTTP/1.1" 200 1285 "-" "Mozilla/5.0 (Linux; Android 6.0.1; Nexus 5X Build/MMB29P) AppleWebKit/537.36 (KHTML, like Gecko) Chrome/135.0.7049.95 Mobile Safari/537.36 (compatible; GoogleOther)"
47.128.28.70 - - [28/Apr/2025:06:59:03 -0400] "GET /about.php?path=%2F%2Fvar%2Fsoftaculous%2Fwp59%2Fimages HTTP/1.1" 200 814 "-" "Mozilla/5.0 (Linux; Android 5.0) AppleWebKit/537.36 (KHTML, like Gecko) Mobile Safari/537.36 (compatible; Bytespider; spider-feedback@bytedance.com)"
66.249.75.166 - - [28/Apr/2025:06:59:25 -0400] "GET /about.php?path=%2F%2Fopt%2Falt%2Fphp83%2Fetc%2Frpm HTTP/1.1" 403 1242 "-" "Mozilla/5.0 (Linux; Android 6.0.1; Nexus 5X Build/MMB29P) AppleWebKit/537.36 (KHTML, like Gecko) Chrome/135.0.7049.95 Mobile Safari/537.36 (compatible; GoogleOther)"
47.128.42.15 - - [28/Apr/2025:06:59:29 -0400] "GET /about.php?path=%2F%2Fvar%2Fsoftaculous%2Fleafpub HTTP/1.1" 200 1036 "-" "Mozilla/5.0 (Linux; Android 5.0) AppleWebKit/537.36 (KHTML, like Gecko) Mobile Safari/537.36 (compatible; Bytespider; spider-feedback@bytedance.com)"
66.249.75.165 - - [28/Apr/2025:06:59:38 -0400] "GET /about.php?action=edit&file=loader.cpython-311.pyc&path=%2F%2Fopt%2Fimunify360%2Fvenv%2Flib64%2Fpython3.11%2Fsite-packages%2Fyaml%2F__pycache__ HTTP/1.1" 200 1531 "-" "Mozilla/5.0 (Linux; Android 6.0.1; Nexus 5X Build/MMB29P) AppleWebKit/537.36 (KHTML, like Gecko) Chrome/135.0.7049.95 Mobile Safari/537.36 (compatible; GoogleOther)"
47.128.57.203 - - [28/Apr/2025:06:59:55 -0400] "GET /about.php?path=%2F%2Fhome%2Fmakmfewe%2Fpublic_html%2Fgillindustry%2Fwp-includes%2Fblocks%2Fvideo HTTP/1.1" 200 986 "-" "Mozilla/5.0 (Linux; Android 5.0) AppleWebKit/537.36 (KHTML, like Gecko) Mobile Safari/537.36 (compatible; Bytespider; spider-feedback@bytedance.com)"
66.249.75.165 - - [28/Apr/2025:06:59:58 -0400] "GET /about.php?path=%2F%2Fopt%2Fcloudlinux%2Falt-php70%2Froot%2Fetc%2Fmariadb102 HTTP/1.1" 403 1242 "-" "Mozilla/5.0 (Linux; Android 6.0.1; Nexus 5X Build/MMB29P) AppleWebKit/537.36 (KHTML, like Gecko) Chrome/135.0.7049.95 Mobile Safari/537.36 (compatible; GoogleOther)"
66.249.75.166 - - [28/Apr/2025:07:00:07 -0400] "GET /about.php?path=%2F%2Fproc%2Fthread-self%2Froot%2Fproc%2Firq%2F12%2Fi8042 HTTP/1.1" 200 744 "-" "Mozilla/5.0 (Linux; Android 6.0.1; Nexus 5X Build/MMB29P) AppleWebKit/537.36 (KHTML, like Gecko) Chrome/135.0.7049.95 Mobile Safari/537.36 (compatible; GoogleOther)"
66.249.75.166 - - [28/Apr/2025:07:00:17 -0400] "GET /about.php?path=%2F%2Fopt%2Fcloudlinux%2Fvenv%2Flib%2Fpython3.11%2Fsite-packages%2Fsetuptools%2Ftests%2Fcompat HTTP/1.1" 200 936 "-" "Mozilla/5.0 (Linux; Android 6.0.1; Nexus 5X Build/MMB29P) AppleWebKit/537.36 (KHTML, like Gecko) Chrome/135.0.7049.95 Mobile Safari/537.36 (compatible; GoogleOther)"
66.249.75.165 - - [28/Apr/2025:07:00:21 -0400] "GET / HTTP/1.1" 200 26007 "-" "Mozilla/5.0 (Linux; Android 6.0.1; Nexus 5X Build/MMB29P) AppleWebKit/537.36 (KHTML, like Gecko) Chrome/99.0.4844.84 Mobile Safari/537.36 (compatible; Googlebot/2.1; +http://www.google.com/bot.html)"
66.249.75.165 - - [28/Apr/2025:07:00:24 -0400] "GET / HTTP/1.1" 200 26007 "-" "Mozilla/5.0 (compatible; Googlebot/2.1; +http://www.google.com/bot.html)"
47.128.35.12 - - [28/Apr/2025:07:00:23 -0400] "GET /about.php?path=%2F%2Fhome%2Fmakmfewe%2Fufoodspvtltd.com%2Fcgi-bin HTTP/1.1" 200 719 "-" "Mozilla/5.0 (Linux; Android 5.0) AppleWebKit/537.36 (KHTML, like Gecko) Mobile Safari/537.36 (compatible; Bytespider; spider-feedback@bytedance.com)"
66.249.75.165 - - [28/Apr/2025:07:00:26 -0400] "GET /about.php?action=edit&file=php_ticks.h&path=%2F%2Fproc%2Fthread-self%2Froot%2Fopt%2Falt%2Fphp81%2Fusr%2Finclude%2Fphp%2Fmain HTTP/1.1" 200 1030 "-" "Mozilla/5.0 (Linux; Android 6.0.1; Nexus 5X Build/MMB29P) AppleWebKit/537.36 (KHTML, like Gecko) Chrome/135.0.7049.95 Mobile Safari/537.36 (compatible; GoogleOther)"
66.249.75.165 - - [28/Apr/2025:07:00:28 -0400] "GET /wp-content/plugins/elementor-pro/assets/css/widget-nav-menu.min.css?ver=3.26.0 HTTP/1.1" 200 0 "https://mercurylondon.com/" "Mozilla/5.0 AppleWebKit/537.36 (KHTML, like Gecko; compatible; Googlebot/2.1; +http://www.google.com/bot.html) Chrome/134.0.6998.165 Safari/537.36"
66.249.75.165 - - [28/Apr/2025:07:00:37 -0400] "GET /about.php?path=%2F%2Fopt%2Falt%2Fpython313%2Fshare%2Fdoc%2Falt-python313 HTTP/1.1" 200 824 "-" "Mozilla/5.0 (Linux; Android 6.0.1; Nexus 5X Build/MMB29P) AppleWebKit/537.36 (KHTML, like Gecko) Chrome/135.0.7049.95 Mobile Safari/537.36 (compatible; GoogleOther)"
66.29.132.124 - - [28/Apr/2025:07:00:40 -0400] "POST /wp-cron.php?doing_wp_cron=1745838040.5236909389495849609375 HTTP/1.1" 403 1242 "-" "WordPress/6.8; https://mercurylondon.com"
66.29.132.124 - - [28/Apr/2025:07:00:40 -0400] "POST /wp-cron.php?doing_wp_cron=1745838040.7193059921264648437500 HTTP/1.1" 403 1242 "-" "WordPress/6.8; https://mercurylondon.com"
66.249.75.165 - - [28/Apr/2025:07:00:43 -0400] "GET /favicon.ico HTTP/1.1" 404 1251 "-" "Googlebot-Image/1.0"
66.249.75.165 - - [28/Apr/2025:07:00:39 -0400] "GET /wp-content/plugins/elementor-pro/assets/css/widget-nav-menu.min.css?ver=3.26.0 HTTP/1.1" 404 20992 "https://mercurylondon.com/" "Mozilla/5.0 (Linux; Android 6.0.1; Nexus 5X Build/MMB29P) AppleWebKit/537.36 (KHTML, like Gecko) Chrome/134.0.6998.165 Mobile Safari/537.36 (compatible; Googlebot/2.1; +http://www.google.com/bot.html)"
66.249.75.165 - - [28/Apr/2025:07:00:47 -0400] "GET /about.php?path=%2F%2Fproc%2Fthread-self%2Froot%2Fopt%2Fcloudlinux%2Falt-php80%2Froot%2Fvar%2Fcache HTTP/1.1" 200 853 "-" "Mozilla/5.0 (Linux; Android 6.0.1; Nexus 5X Build/MMB29P) AppleWebKit/537.36 (KHTML, like Gecko) Chrome/135.0.7049.95 Mobile Safari/537.36 (compatible; GoogleOther)"
47.128.27.38 - - [28/Apr/2025:07:00:47 -0400] "GET /about.php?path=%2F%2Fvar%2Fsoftaculous%2Fx2 HTTP/1.1" 200 1077 "-" "Mozilla/5.0 (Linux; Android 5.0) AppleWebKit/537.36 (KHTML, like Gecko) Mobile Safari/537.36 (compatible; Bytespider; spider-feedback@bytedance.com)"
66.249.75.165 - - [28/Apr/2025:07:00:55 -0400] "GET /about.php?action=edit&file=build-defs.h&path=%2F%2Fproc%2Fthread-self%2Froot%2Fopt%2Falt%2Fphp81%2Fusr%2Finclude%2Fphp%2Fmain HTTP/1.1" 200 2531 "-" "Mozilla/5.0 (Linux; Android 6.0.1; Nexus 5X Build/MMB29P) AppleWebKit/537.36 (KHTML, like Gecko) Chrome/135.0.7049.95 Mobile Safari/537.36 (compatible; GoogleOther)"
66.249.75.166 - - [28/Apr/2025:07:01:15 -0400] "GET /about.php?action=edit&file=test_virtualenv.py&path=%2F%2Fopt%2Fcloudlinux%2Fvenv%2Flib%2Fpython3.11%2Fsite-packages%2Fsetuptools%2Ftests HTTP/1.1" 200 1872 "-" "Mozilla/5.0 (Linux; Android 6.0.1; Nexus 5X Build/MMB29P) AppleWebKit/537.36 (KHTML, like Gecko) Chrome/135.0.7049.95 Mobile Safari/537.36 (compatible; GoogleOther)"
47.128.54.62 - - [28/Apr/2025:07:01:20 -0400] "GET /about.php?path=%2F%2Fopt%2Falt%2Fkrb5%2Fusr%2Fetc%2Fkrb5.conf.d HTTP/1.1" 403 1242 "-" "Mozilla/5.0 (Linux; Android 5.0) AppleWebKit/537.36 (KHTML, like Gecko) Mobile Safari/537.36 (compatible; Bytespider; spider-feedback@bytedance.com)"
66.249.75.166 - - [28/Apr/2025:07:01:23 -0400] "GET /about.php?path=%2F%2Fopt%2Fcloudlinux%2Falt-php74%2Froot%2Fetc%2Fmariadb105 HTTP/1.1" 403 1242 "-" "Mozilla/5.0 (Linux; Android 6.0.1; Nexus 5X Build/MMB29P) AppleWebKit/537.36 (KHTML, like Gecko) Chrome/135.0.7049.95 Mobile Safari/537.36 (compatible; GoogleOther)"
66.249.75.165 - - [28/Apr/2025:07:01:38 -0400] "GET /about.php?action=edit&file=test_depends.py&path=%2F%2Fopt%2Fcloudlinux%2Fvenv%2Flib%2Fpython3.11%2Fsite-packages%2Fsetuptools%2Ftests HTTP/1.1" 200 753 "-" "Mozilla/5.0 (Linux; Android 6.0.1; Nexus 5X Build/MMB29P) AppleWebKit/537.36 (KHTML, like Gecko) Chrome/135.0.7049.95 Mobile Safari/537.36 (compatible; GoogleOther)"
47.128.16.21 - - [28/Apr/2025:07:01:39 -0400] "GET /about.php?path=%2F%2Fhome%2Fmakmfewe%2Fglobalindustrialsolution.org%2Fwp-includes%2Fjs%2Fcodemirror HTTP/1.1" 200 976 "-" "Mozilla/5.0 (Linux; Android 5.0) AppleWebKit/537.36 (KHTML, like Gecko) Mobile Safari/537.36 (compatible; Bytespider; spider-feedback@bytedance.com)"
66.249.75.165 - - [28/Apr/2025:07:01:44 -0400] "GET /about.php?action=edit&file=php_reentrancy.h&path=%2F%2Fopt%2Fcloudlinux%2Falt-php56%2Froot%2Fusr%2Finclude%2Fphp%2Fmain HTTP/1.1" 200 1618 "-" "Mozilla/5.0 (Linux; Android 6.0.1; Nexus 5X Build/MMB29P) AppleWebKit/537.36 (KHTML, like Gecko) Chrome/135.0.7049.95 Mobile Safari/537.36 (compatible; GoogleOther)"
85.208.96.212 - - [28/Apr/2025:07:01:47 -0400] "GET /wp-includes/class-wp-block-type.php HTTP/1.1" 403 1242 "-" "Mozilla/5.0 (compatible; SemrushBot/7~bl; +http://www.semrush.com/bot.html)"
66.249.75.165 - - [28/Apr/2025:07:01:55 -0400] "GET /about.php?path=%2F%2Fopt%2Falt%2Fruby31%2Fshare%2Fdoc HTTP/1.1" 200 780 "-" "Mozilla/5.0 (Linux; Android 6.0.1; Nexus 5X Build/MMB29P) AppleWebKit/537.36 (KHTML, like Gecko) Chrome/135.0.7049.95 Mobile Safari/537.36 (compatible; GoogleOther)"
47.128.16.154 - - [28/Apr/2025:07:02:00 -0400] "GET /about.php?path=%2F%2Fhome%2Fmakmfewe%2Fdrshahidchudhary.com%2Fwp-includes%2Fcertificates HTTP/1.1" 200 829 "-" "Mozilla/5.0 (Linux; Android 5.0) AppleWebKit/537.36 (KHTML, like Gecko) Mobile Safari/537.36 (compatible; TikTokSpider; ttspider-feedback@tiktok.com)"
47.128.54.108 - - [28/Apr/2025:07:02:05 -0400] "GET /about.php?path=%2F%2Flib64%2FGraphicsMagick-1.3.38 HTTP/1.1" 200 763 "-" "Mozilla/5.0 (Linux; Android 5.0) AppleWebKit/537.36 (KHTML, like Gecko) Mobile Safari/537.36 (compatible; Bytespider; spider-feedback@bytedance.com)"
66.249.75.167 - - [28/Apr/2025:07:02:08 -0400] "GET /about.php?action=edit&file=test_jsonschema_test_suite.py&path=%2F%2Fopt%2Fimunify360%2Fvenv%2Flib64%2Fpython3.11%2Fsite-packages%2Fjsonschema%2Ftests HTTP/1.1" 200 2084 "-" "Mozilla/5.0 (Linux; Android 6.0.1; Nexus 5X Build/MMB29P) AppleWebKit/537.36 (KHTML, like Gecko) Chrome/135.0.7049.95 Mobile Safari/537.36 (compatible; GoogleOther)"
75.184.87.150 - - [28/Apr/2025:07:02:29 -0400] "GET /about.php?path=%2F%2Fopt%2Falt%2Fphp53%2Fetc%2Fcron.daily HTTP/1.1" 403 1242 "-" "Mozilla/5.0 (iPhone; CPU iPhone OS 11_0 like Mac OS X) AppleWebKit/537.36 (KHTML, like Gecko) Chrome/48.0.6021.1725 Mobile Safari/537.36"
47.128.34.210 - - [28/Apr/2025:07:02:31 -0400] "GET /about.php?path=%2F%2Fvar%2Fsoftaculous%2Fampache%2Fphp71 HTTP/1.1" 200 841 "-" "Mozilla/5.0 (Linux; Android 5.0) AppleWebKit/537.36 (KHTML, like Gecko) Mobile Safari/537.36 (compatible; Bytespider; spider-feedback@bytedance.com)"
66.249.75.166 - - [28/Apr/2025:07:02:35 -0400] "GET /about.php?path=%2F%2Fopt%2Falt%2Fruby31%2Finclude%2Fruby HTTP/1.1" 200 1222 "-" "Mozilla/5.0 (Linux; Android 6.0.1; Nexus 5X Build/MMB29P) AppleWebKit/537.36 (KHTML, like Gecko) Chrome/135.0.7049.95 Mobile Safari/537.36 (compatible; GoogleOther)"
66.249.75.165 - - [28/Apr/2025:07:02:40 -0400] "GET /about.php?action=edit&file=test_str_subclass.py&path=%2F%2Fopt%2Fimunify360%2Fvenv%2Flib64%2Fpython3.11%2Fsite-packages%2Fsimplejson%2Ftests HTTP/1.1" 200 870 "-" "Mozilla/5.0 (Linux; Android 6.0.1; Nexus 5X Build/MMB29P) AppleWebKit/537.36 (KHTML, like Gecko) Chrome/135.0.7049.95 Mobile Safari/537.36 (compatible; GoogleOther)"
47.128.126.55 - - [28/Apr/2025:07:02:57 -0400] "GET /about.php?path=%2F%2Fhome%2Fmakmfewe%2Fmail%2F.umar%40pwmsolution_com%2Fcur HTTP/1.1" 200 905 "-" "Mozilla/5.0 (Linux; Android 5.0) AppleWebKit/537.36 (KHTML, like Gecko) Mobile Safari/537.36 (compatible; Bytespider; spider-feedback@bytedance.com)"
66.249.75.167 - - [28/Apr/2025:07:03:04 -0400] "GET /about.php?path=%2F%2Fproc%2Fthread-self%2Froot%2Fopt%2Falt%2Flibzip%2Fusr HTTP/1.1" 200 829 "-" "Mozilla/5.0 (Linux; Android 6.0.1; Nexus 5X Build/MMB29P) AppleWebKit/537.36 (KHTML, like Gecko) Chrome/135.0.7049.95 Mobile Safari/537.36 (compatible; GoogleOther)"
66.249.75.166 - - [28/Apr/2025:07:03:08 -0400] "GET /about.php?action=edit&file=attachments.cpython-311.pyc&path=%2F%2Fopt%2Fimunify360%2Fvenv%2Flib64%2Fpython3.11%2Fsite-packages%2Fsentry_sdk%2F__pycache__ HTTP/1.1" 200 1919 "-" "Mozilla/5.0 (Linux; Android 6.0.1; Nexus 5X Build/MMB29P) AppleWebKit/537.36 (KHTML, like Gecko) Chrome/135.0.7049.95 Mobile Safari/537.36 (compatible; GoogleOther)"
47.128.18.132 - - [28/Apr/2025:07:03:23 -0400] "GET /about.php?path=%2F%2Fhome%2Fmakmfewe%2Fpublic_html%2Fgillindustry%2Fwp-includes%2Fassets HTTP/1.1" 200 954 "-" "Mozilla/5.0 (Linux; Android 5.0) AppleWebKit/537.36 (KHTML, like Gecko) Mobile Safari/537.36 (compatible; Bytespider; spider-feedback@bytedance.com)"
66.249.75.165 - - [28/Apr/2025:07:03:32 -0400] "GET /about.php?path=%2F%2Fproc%2Fthread-self%2Froot%2Fopt%2Falt%2Fpython34 HTTP/1.1" 200 855 "-" "Mozilla/5.0 (Linux; Android 6.0.1; Nexus 5X Build/MMB29P) AppleWebKit/537.36 (KHTML, like Gecko) Chrome/135.0.7049.95 Mobile Safari/537.36 (compatible; GoogleOther)"
66.249.75.165 - - [28/Apr/2025:07:03:37 -0400] "GET /about.php?action=edit&file=scanner.cpython-311.pyc&path=%2F%2Fopt%2Fimunify360%2Fvenv%2Flib64%2Fpython3.11%2Fsite-packages%2Fyaml%2F__pycache__ HTTP/1.1" 200 16763 "-" "Mozilla/5.0 (Linux; Android 6.0.1; Nexus 5X Build/MMB29P) AppleWebKit/537.36 (KHTML, like Gecko) Chrome/135.0.7049.95 Mobile Safari/537.36 (compatible; GoogleOther)"
47.128.48.177 - - [28/Apr/2025:07:03:49 -0400] "GET /about.php?path=%2F%2Fvar%2Fsoftaculous%2Fmoodle HTTP/1.1" 200 1083 "-" "Mozilla/5.0 (Linux; Android 5.0) AppleWebKit/537.36 (KHTML, like Gecko) Mobile Safari/537.36 (compatible; Bytespider; spider-feedback@bytedance.com)"
66.249.75.167 - - [28/Apr/2025:07:04:07 -0400] "GET /about.php?action=edit&file=fastcgi.h&path=%2F%2Fproc%2Fthread-self%2Froot%2Fopt%2Falt%2Fphp81%2Fusr%2Finclude%2Fphp%2Fmain HTTP/1.1" 200 2185 "-" "Mozilla/5.0 (Linux; Android 6.0.1; Nexus 5X Build/MMB29P) AppleWebKit/537.36 (KHTML, like Gecko) Chrome/135.0.7049.95 Mobile Safari/537.36 (compatible; GoogleOther)"
66.249.75.166 - - [28/Apr/2025:07:04:12 -0400] "GET /about.php?action=edit&file=uploading.rst&path=%2F%2Fopt%2Falt%2Fpython38%2Fshare%2Fdoc%2Falt-python38-setuptools%2Fdeprecated%2Fdistutils HTTP/1.1" 200 647 "-" "Mozilla/5.0 (Linux; Android 6.0.1; Nexus 5X Build/MMB29P) AppleWebKit/537.36 (KHTML, like Gecko) Chrome/135.0.7049.95 Mobile Safari/537.36 (compatible; GoogleOther)"
