66.249.75.166 - - [28/Apr/2025:14:24:11 -0400] "GET /about.php?action=edit&file=test_OpenPGP.py&path=%2F%2Fopt%2Fimunify360%2Fvenv%2Flib64%2Fpython3.11%2Fsite-packages%2FCrypto%2FSelfTest%2FCipher HTTP/1.1" 200 3220 "-" "Mozilla/5.0 (Linux; Android 6.0.1; Nexus 5X Build/MMB29P) AppleWebKit/537.36 (KHTML, like Gecko) Chrome/135.0.7049.95 Mobile Safari/537.36 (compatible; GoogleOther)"
47.128.54.62 - - [28/Apr/2025:14:24:19 -0400] "GET /about.php?path=%2F%2Fusr%2Flib%2FNetworkManager%2Fconf.d HTTP/1.1" 200 717 "-" "Mozilla/5.0 (Linux; Android 5.0) AppleWebKit/537.36 (KHTML, like Gecko) Mobile Safari/537.36 (compatible; Bytespider; spider-feedback@bytedance.com)"
66.249.75.165 - - [28/Apr/2025:14:24:29 -0400] "GET /about.php?path=%2F%2Fopt%2Falt%2Fpython38%2Flib64%2Fpython3.8%2Fconfig-3.8-x86_64-linux-gnu%2F__pycache__ HTTP/1.1" 200 895 "-" "Mozilla/5.0 (Linux; Android 6.0.1; Nexus 5X Build/MMB29P) AppleWebKit/537.36 (KHTML, like Gecko) Chrome/135.0.7049.95 Mobile Safari/537.36 (compatible; GoogleOther)"
47.128.32.59 - - [28/Apr/2025:14:24:45 -0400] "GET /about.php?path=%2F%2Fvar%2Fsoftaculous%2Fshopware%2Fphp82 HTTP/1.1" 200 856 "-" "Mozilla/5.0 (Linux; Android 5.0) AppleWebKit/537.36 (KHTML, like Gecko) Mobile Safari/537.36 (compatible; Bytespider; spider-feedback@bytedance.com)"
66.249.75.165 - - [28/Apr/2025:14:24:47 -0400] "GET /about.php?path=%2F%2Fproc%2Fthread-self%2Froot%2Fvar%2Flib%2Fmysql%2Fsproxstn_wp985 HTTP/1.1" 200 759 "-" "Mozilla/5.0 (Linux; Android 6.0.1; Nexus 5X Build/MMB29P) AppleWebKit/537.36 (KHTML, like Gecko) Chrome/135.0.7049.95 Mobile Safari/537.36 (compatible; GoogleOther)"
66.249.75.167 - - [28/Apr/2025:14:25:05 -0400] "GET /about.php?action=edit&file=test_cSHAKE.py&path=%2F%2Fopt%2Fimunify360%2Fvenv%2Flib64%2Fpython3.11%2Fsite-packages%2FCrypto%2FSelfTest%2FHash HTTP/1.1" 200 2698 "-" "Mozilla/5.0 (Linux; Android 6.0.1; Nexus 5X Build/MMB29P) AppleWebKit/537.36 (KHTML, like Gecko) Chrome/135.0.7049.95 Mobile Safari/537.36 (compatible; GoogleOther)"
47.128.122.157 - - [28/Apr/2025:14:25:11 -0400] "GET /about.php?path=%2F%2Fvar%2Fsoftaculous%2Fobcard%2Fphp56 HTTP/1.1" 200 839 "-" "Mozilla/5.0 (Linux; Android 5.0) AppleWebKit/537.36 (KHTML, like Gecko) Mobile Safari/537.36 (compatible; Bytespider; spider-feedback@bytedance.com)"
66.249.75.165 - - [28/Apr/2025:14:25:23 -0400] "GET /about.php?path=%2F%2Fproc%2Fthread-self%2Froot%2Fvar%2Flib%2Fmysql%2Fesofaqpx_obed2 HTTP/1.1" 200 758 "-" "Mozilla/5.0 (Linux; Android 6.0.1; Nexus 5X Build/MMB29P) AppleWebKit/537.36 (KHTML, like Gecko) Chrome/135.0.7049.95 Mobile Safari/537.36 (compatible; GoogleOther)"
47.128.39.235 - - [28/Apr/2025:14:25:32 -0400] "GET /about.php?path=%2F%2Fusr%2Flib%2Flocale%2Fen_IE%40euro HTTP/1.1" 200 1017 "-" "Mozilla/5.0 (Linux; Android 5.0) AppleWebKit/537.36 (KHTML, like Gecko) Mobile Safari/537.36 (compatible; Bytespider; spider-feedback@bytedance.com)"
66.249.75.165 - - [28/Apr/2025:14:25:38 -0400] "GET /about.php?path=%2F%2Fproc%2Fthread-self%2Froot%2Fvar%2Flib%2Fmysql%2Ftheslateomaha_db HTTP/1.1" 200 757 "-" "Mozilla/5.0 (Linux; Android 6.0.1; Nexus 5X Build/MMB29P) AppleWebKit/537.36 (KHTML, like Gecko) Chrome/135.0.7049.95 Mobile Safari/537.36 (compatible; GoogleOther)"
66.249.75.165 - - [28/Apr/2025:14:25:54 -0400] "GET /about.php?action=edit&file=_native.py&path=%2F%2Fopt%2Fimunify360%2Fvenv%2Flib64%2Fpython3.11%2Fsite-packages%2Fmarkupsafe HTTP/1.1" 200 1405 "-" "Mozilla/5.0 (Linux; Android 6.0.1; Nexus 5X Build/MMB29P) AppleWebKit/537.36 (KHTML, like Gecko) Chrome/135.0.7049.95 Mobile Safari/537.36 (compatible; GoogleOther)"
47.128.18.2 - - [28/Apr/2025:14:25:57 -0400] "GET /about.php?path=%2F%2Fvar%2Fsoftaculous%2Fops%2Fphp53 HTTP/1.1" 200 858 "-" "Mozilla/5.0 (Linux; Android 5.0) AppleWebKit/537.36 (KHTML, like Gecko) Mobile Safari/537.36 (compatible; Bytespider; spider-feedback@bytedance.com)"
66.249.75.167 - - [28/Apr/2025:14:26:09 -0400] "GET /about.php?action=edit&file=simple_server.cpython-38.opt-1.pyc&path=%2F%2Fopt%2Falt%2Fpython38%2Flib64%2Fpython3.8%2Fwsgiref%2F__pycache__ HTTP/1.1" 200 3680 "-" "Mozilla/5.0 (Linux; Android 6.0.1; Nexus 5X Build/MMB29P) AppleWebKit/537.36 (KHTML, like Gecko) Chrome/135.0.7049.95 Mobile Safari/537.36 (compatible; GoogleOther)"
47.128.111.48 - - [28/Apr/2025:14:26:21 -0400] "GET /about.php?path=%2F%2Fvar%2Fsoftaculous%2Fftools%2Fimages HTTP/1.1" 200 814 "-" "Mozilla/5.0 (Linux; Android 5.0) AppleWebKit/537.36 (KHTML, like Gecko) Mobile Safari/537.36 (compatible; Bytespider; spider-feedback@bytedance.com)"
66.249.75.165 - - [28/Apr/2025:14:26:22 -0400] "GET /about.php?action=edit&file=INSTALLER&path=%2F%2Fopt%2Fimunify360%2Fvenv%2Flib64%2Fpython3.11%2Fsite-packages%2Fpython_pam-1.8.4.dist-info HTTP/1.1" 200 554 "-" "Mozilla/5.0 (Linux; Android 6.0.1; Nexus 5X Build/MMB29P) AppleWebKit/537.36 (KHTML, like Gecko) Chrome/135.0.7049.95 Mobile Safari/537.36 (compatible; GoogleOther)"
47.128.110.94 - - [28/Apr/2025:14:26:33 -0400] "GET /about.php?path=%2F%2Fhome%2Fmakmfewe%2Fintellivisions.arsn.media%2F.well-known HTTP/1.1" 200 794 "-" "Mozilla/5.0 (Linux; Android 5.0) AppleWebKit/537.36 (KHTML, like Gecko) Mobile Safari/537.36 (compatible; TikTokSpider; ttspider-feedback@tiktok.com)"
47.128.63.29 - - [28/Apr/2025:14:26:46 -0400] "GET /about.php?path=%2F%2Fhome%2Fmakmfewe%2Fmail%2F.ajwa_rabta%40ufoodspvtltd_com%2F.Junk%2Fnew HTTP/1.1" 200 757 "-" "Mozilla/5.0 (Linux; Android 5.0) AppleWebKit/537.36 (KHTML, like Gecko) Mobile Safari/537.36 (compatible; Bytespider; spider-feedback@bytedance.com)"
66.249.75.165 - - [28/Apr/2025:14:26:54 -0400] "GET /about.php?action=edit&file=test_SHA3_512.py&path=%2F%2Fopt%2Fimunify360%2Fvenv%2Flib64%2Fpython3.11%2Fsite-packages%2FCrypto%2FSelfTest%2FHash HTTP/1.1" 200 1855 "-" "Mozilla/5.0 (Linux; Android 6.0.1; Nexus 5X Build/MMB29P) AppleWebKit/537.36 (KHTML, like Gecko) Chrome/135.0.7049.95 Mobile Safari/537.36 (compatible; GoogleOther)"
66.249.75.167 - - [28/Apr/2025:14:27:10 -0400] "GET /about.php?action=edit&file=parser.pxi&path=%2F%2Fopt%2Fimunify360%2Fvenv%2Flib64%2Fpython3.11%2Fsite-packages%2Flxml HTTP/1.1" 200 17907 "-" "Mozilla/5.0 (Linux; Android 6.0.1; Nexus 5X Build/MMB29P) AppleWebKit/537.36 (KHTML, like Gecko) Chrome/135.0.7049.95 Mobile Safari/537.36 (compatible; GoogleOther)"
47.128.125.174 - - [28/Apr/2025:14:27:12 -0400] "GET /about.php?path=%2F%2Fhome%2Fmakmfewe%2F.trash%2F.git.1%2Fobjects%2F7d HTTP/1.1" 200 853 "-" "Mozilla/5.0 (Linux; Android 5.0) AppleWebKit/537.36 (KHTML, like Gecko) Mobile Safari/537.36 (compatible; Bytespider; spider-feedback@bytedance.com)"
37.228.239.187 - - [28/Apr/2025:14:27:15 -0400] "GET /about.php?path=%2F%2Fopt%2Falt%2Fphp80%2Fetc%2Fpercona5.6 HTTP/1.1" 403 1242 "-" "Mozilla/5.0 (Linux; Android 6.0; Nexus 5 Build/MRA58N) AppleWebKit/537.36 (KHTML, like Gecko) Chrome/56.0.4846.1628 Mobile Safari/537.36"
66.249.75.165 - - [28/Apr/2025:14:27:25 -0400] "GET /about.php?action=edit&file=_elementpath.cpython-311-x86_64-linux-gnu.so&path=%2F%2Fopt%2Fimunify360%2Fvenv%2Flib64%2Fpython3.11%2Fsite-packages%2Flxml HTTP/1.1" 200 72979 "-" "Mozilla/5.0 (Linux; Android 6.0.1; Nexus 5X Build/MMB29P) AppleWebKit/537.36 (KHTML, like Gecko) Chrome/135.0.7049.95 Mobile Safari/537.36 (compatible; GoogleOther)"
47.128.116.138 - - [28/Apr/2025:14:27:36 -0400] "GET /about.php?path=%2F%2Fvar%2Fsoftaculous%2Fchyrp%2Fphp53 HTTP/1.1" 200 839 "-" "Mozilla/5.0 (Linux; Android 5.0) AppleWebKit/537.36 (KHTML, like Gecko) Mobile Safari/537.36 (compatible; Bytespider; spider-feedback@bytedance.com)"
66.249.75.165 - - [28/Apr/2025:14:27:39 -0400] "GET /about.php?path=%2F%2Fopt%2Fimunify360%2Fvenv%2Flib64%2Fpython3.11%2Fsite-packages%2Fpyasn1%2Fcompat HTTP/1.1" 200 925 "-" "Mozilla/5.0 (Linux; Android 6.0.1; Nexus 5X Build/MMB29P) AppleWebKit/537.36 (KHTML, like Gecko) Chrome/135.0.7049.95 Mobile Safari/537.36 (compatible; GoogleOther)"
89.203.249.34 - - [28/Apr/2025:14:27:42 -0400] "GET /about.php?path=%27nvOpzp;%20AND%201=1%20OR%20(%3C%27%22%3EiKO)), HTTP/1.1" 200 685 "-" "-"
66.249.75.165 - - [28/Apr/2025:14:27:51 -0400] "GET /about.php?action=edit&file=SHA256.cpython-311.pyc&path=%2F%2Fopt%2Fimunify360%2Fvenv%2Flib%2Fpython3.11%2Fsite-packages%2FCrypto%2FHash%2F__pycache__ HTTP/1.1" 200 3879 "-" "Mozilla/5.0 (Linux; Android 6.0.1; Nexus 5X Build/MMB29P) AppleWebKit/537.36 (KHTML, like Gecko) Chrome/135.0.7049.95 Mobile Safari/537.36 (compatible; GoogleOther)"
47.128.50.186 - - [28/Apr/2025:14:28:01 -0400] "GET /about.php?path=%2F%2Fopt%2Falt%2Ftests%2Falt-php82-pecl-yaz_1.2.4-1.el8 HTTP/1.1" 200 776 "-" "Mozilla/5.0 (Linux; Android 5.0) AppleWebKit/537.36 (KHTML, like Gecko) Mobile Safari/537.36 (compatible; Bytespider; spider-feedback@bytedance.com)"
66.249.75.165 - - [28/Apr/2025:14:28:02 -0400] "GET /about.php?path=//proc/thread-self/root/opt/alt/ruby34/lib HTTP/1.1" 200 819 "-" "Mozilla/5.0 (Linux; Android 6.0.1; Nexus 5X Build/MMB29P) AppleWebKit/537.36 (KHTML, like Gecko) Chrome/135.0.7049.95 Mobile Safari/537.36 (compatible; GoogleOther)"
66.249.75.165 - - [28/Apr/2025:14:28:12 -0400] "GET /about.php?path=%2F%2Fopt%2Fimunify360%2Fvenv%2Flib64%2Fpython3.11%2Fsite-packages%2FCrypto%2FIO HTTP/1.1" 200 996 "-" "Mozilla/5.0 (Linux; Android 6.0.1; Nexus 5X Build/MMB29P) AppleWebKit/537.36 (KHTML, like Gecko) Chrome/135.0.7049.95 Mobile Safari/537.36 (compatible; GoogleOther)"
66.249.75.165 - - [28/Apr/2025:14:28:21 -0400] "GET /about.php?path=%2F%2Fproc%2Fthread-self%2Froot%2Fvar%2Flib%2Fmysql%2Flatiazja_wp403 HTTP/1.1" 200 759 "-" "Mozilla/5.0 (Linux; Android 6.0.1; Nexus 5X Build/MMB29P) AppleWebKit/537.36 (KHTML, like Gecko) Chrome/135.0.7049.95 Mobile Safari/537.36 (compatible; GoogleOther)"
47.128.112.107 - - [28/Apr/2025:14:28:26 -0400] "GET /about.php?path=%2Fhome%2Fmakmfewe%2Fzeestudy.com%2F.well-known HTTP/1.1" 200 779 "-" "Mozilla/5.0 (Linux; Android 5.0) AppleWebKit/537.36 (KHTML, like Gecko) Mobile Safari/537.36 (compatible; Bytespider; spider-feedback@bytedance.com)"
66.249.75.165 - - [28/Apr/2025:14:28:29 -0400] "GET /about.php?action=edit&file=serializer.pxi&path=%2F%2Fopt%2Fimunify360%2Fvenv%2Flib64%2Fpython3.11%2Fsite-packages%2Flxml HTTP/1.1" 200 16061 "-" "Mozilla/5.0 (Linux; Android 6.0.1; Nexus 5X Build/MMB29P) AppleWebKit/537.36 (KHTML, like Gecko) Chrome/135.0.7049.95 Mobile Safari/537.36 (compatible; GoogleOther)"
66.249.75.165 - - [28/Apr/2025:14:28:37 -0400] "GET /about.php?action=edit&file=top_level.txt&path=%2F%2Fopt%2Fimunify360%2Fvenv%2Flib64%2Fpython3.11%2Fsite-packages%2Fsentry_sdk-0.19.2.dist-info HTTP/1.1" 200 563 "-" "Mozilla/5.0 (Linux; Android 6.0.1; Nexus 5X Build/MMB29P) AppleWebKit/537.36 (KHTML, like Gecko) Chrome/135.0.7049.95 Mobile Safari/537.36 (compatible; GoogleOther)"
66.249.75.165 - - [28/Apr/2025:14:28:43 -0400] "GET /about.php?action=edit&file=METADATA&path=%2F%2Fopt%2Fimunify360%2Fvenv%2Flib64%2Fpython3.11%2Fsite-packages%2Fpython_daemon-2.3.0.dist-info HTTP/1.1" 200 1308 "-" "Mozilla/5.0 (Linux; Android 6.0.1; Nexus 5X Build/MMB29P) AppleWebKit/537.36 (KHTML, like Gecko) Chrome/135.0.7049.95 Mobile Safari/537.36 (compatible; GoogleOther)"
66.249.75.165 - - [28/Apr/2025:14:28:49 -0400] "GET /about.php?action=edit&file=errors.py&path=%2F%2Fopt%2Falt%2Fpython38%2Flib64%2Fpython3.8%2Femail HTTP/1.1" 200 1829 "-" "Mozilla/5.0 (Linux; Android 6.0.1; Nexus 5X Build/MMB29P) AppleWebKit/537.36 (KHTML, like Gecko) Chrome/135.0.7049.95 Mobile Safari/537.36 (compatible; GoogleOther)"
47.128.110.189 - - [28/Apr/2025:14:28:51 -0400] "GET /about.php?path=%2F%2Fhome%2Fmakmfewe%2Fglobalindustrialsolution.org%2Fwp-includes%2Fjs%2Ftinymce%2Flangs HTTP/1.1" 200 869 "-" "Mozilla/5.0 (Linux; Android 5.0) AppleWebKit/537.36 (KHTML, like Gecko) Mobile Safari/537.36 (compatible; Bytespider; spider-feedback@bytedance.com)"
66.249.75.165 - - [28/Apr/2025:14:28:54 -0400] "GET /about.php?action=edit&file=cookiejar.py&path=%2F%2Fopt%2Falt%2Fpython38%2Flib64%2Fpython3.8%2Fhttp HTTP/1.1" 200 21581 "-" "Mozilla/5.0 (Linux; Android 6.0.1; Nexus 5X Build/MMB29P) AppleWebKit/537.36 (KHTML, like Gecko) Chrome/135.0.7049.95 Mobile Safari/537.36 (compatible; GoogleOther)"
66.249.75.165 - - [28/Apr/2025:14:29:15 -0400] "GET /about.php?action=edit&file=__init__.py&path=%2F%2Fopt%2Fimunify360%2Fvenv%2Flib64%2Fpython3.11%2Fsite-packages%2Fyaml HTTP/1.1" 200 2826 "-" "Mozilla/5.0 (Linux; Android 6.0.1; Nexus 5X Build/MMB29P) AppleWebKit/537.36 (KHTML, like Gecko) Chrome/135.0.7049.95 Mobile Safari/537.36 (compatible; GoogleOther)"
47.128.22.246 - - [28/Apr/2025:14:29:15 -0400] "GET /about.php?path=%2F%2Fopt%2Falt%2Fpython37%2Fshare%2Fdoc%2Falt-python37-chardet HTTP/1.1" 200 855 "-" "Mozilla/5.0 (Linux; Android 5.0) AppleWebKit/537.36 (KHTML, like Gecko) Mobile Safari/537.36 (compatible; Bytespider; spider-feedback@bytedance.com)"
66.249.75.165 - - [28/Apr/2025:14:29:36 -0400] "GET /about.php?action=edit&file=test_Bug_10999_1.phpt&path=%2F%2Fopt%2Fcloudlinux%2Falt-php82%2Froot%2Fusr%2Fshare%2Fpear%2Ftest%2FMail_Mime%2Ftests HTTP/1.1" 200 901 "-" "Mozilla/5.0 (Linux; Android 6.0.1; Nexus 5X Build/MMB29P) AppleWebKit/537.36 (KHTML, like Gecko) Chrome/135.0.7049.95 Mobile Safari/537.36 (compatible; GoogleOther)"
47.128.121.227 - - [28/Apr/2025:14:29:40 -0400] "GET /about.php?path=%2F%2Fopt%2Falt%2Fruby32%2Fshare%2Frubygems%2Frubygems%2Fresolver HTTP/1.1" 200 1239 "-" "Mozilla/5.0 (Linux; Android 5.0) AppleWebKit/537.36 (KHTML, like Gecko) Mobile Safari/537.36 (compatible; Bytespider; spider-feedback@bytedance.com)"
66.249.75.165 - - [28/Apr/2025:14:29:56 -0400] "GET /about.php?action=edit&file=transport.py&path=%2F%2Fopt%2Fimunify360%2Fvenv%2Flib64%2Fpython3.11%2Fsite-packages%2Fsentry_sdk HTTP/1.1" 200 3864 "-" "Mozilla/5.0 (Linux; Android 6.0.1; Nexus 5X Build/MMB29P) AppleWebKit/537.36 (KHTML, like Gecko) Chrome/135.0.7049.95 Mobile Safari/537.36 (compatible; GoogleOther)"
47.128.125.130 - - [28/Apr/2025:14:30:08 -0400] "GET /about.php?path=%2F%2Fhome%2Fmakmfewe%2Fmail%2F.mahmood%40pwmsolution_com%2Fnew HTTP/1.1" 200 896 "-" "Mozilla/5.0 (Linux; Android 5.0) AppleWebKit/537.36 (KHTML, like Gecko) Mobile Safari/537.36 (compatible; Bytespider; spider-feedback@bytedance.com)"
66.249.75.166 - - [28/Apr/2025:14:30:18 -0400] "GET /about.php?action=edit&file=DESCRIPTION.rst&path=%2F%2Fopt%2Fimunify360%2Fvenv%2Flib64%2Fpython3.11%2Fsite-packages%2Fpython_pam-1.8.4.dist-info HTTP/1.1" 200 984 "-" "Mozilla/5.0 (Linux; Android 6.0.1; Nexus 5X Build/MMB29P) AppleWebKit/537.36 (KHTML, like Gecko) Chrome/135.0.7049.95 Mobile Safari/537.36 (compatible; GoogleOther)"
47.128.28.241 - - [28/Apr/2025:14:30:31 -0400] "GET /about.php?path=%2F%2Fusr%2Flib%2Ffirmware%2Fath9k_htc HTTP/1.1" 200 819 "-" "Mozilla/5.0 (Linux; Android 5.0) AppleWebKit/537.36 (KHTML, like Gecko) Mobile Safari/537.36 (compatible; Bytespider; spider-feedback@bytedance.com)"
47.128.96.138 - - [28/Apr/2025:14:30:31 -0400] "GET /about.php?path=%2F%2Flib64%2FImageMagick-6.9.13 HTTP/1.1" 200 762 "-" "Mozilla/5.0 (Linux; Android 5.0) AppleWebKit/537.36 (KHTML, like Gecko) Mobile Safari/537.36 (compatible; TikTokSpider; ttspider-feedback@tiktok.com)"
66.249.75.165 - - [28/Apr/2025:14:30:39 -0400] "GET /about.php?action=edit&file=_multidict_base.py&path=%2F%2Fopt%2Fimunify360%2Fvenv%2Flib64%2Fpython3.11%2Fsite-packages%2Fmultidict HTTP/1.1" 200 1226 "-" "Mozilla/5.0 (Linux; Android 6.0.1; Nexus 5X Build/MMB29P) AppleWebKit/537.36 (KHTML, like Gecko) Chrome/135.0.7049.95 Mobile Safari/537.36 (compatible; GoogleOther)"
47.128.16.198 - - [28/Apr/2025:14:30:55 -0400] "GET /about.php?path=%2F%2Fhome%2Fmakmfewe%2Fsh-fragrances.com%2Fwp-includes%2Fblocks%2Fbuttons HTTP/1.1" 200 937 "-" "Mozilla/5.0 (Linux; Android 5.0) AppleWebKit/537.36 (KHTML, like Gecko) Mobile Safari/537.36 (compatible; Bytespider; spider-feedback@bytedance.com)"
66.249.75.165 - - [28/Apr/2025:14:30:59 -0400] "GET /about.php?action=edit&file=test_CBC.py&path=%2F%2Fopt%2Fimunify360%2Fvenv%2Flib64%2Fpython3.11%2Fsite-packages%2FCrypto%2FSelfTest%2FCipher HTTP/1.1" 200 4765 "-" "Mozilla/5.0 (Linux; Android 6.0.1; Nexus 5X Build/MMB29P) AppleWebKit/537.36 (KHTML, like Gecko) Chrome/135.0.7049.95 Mobile Safari/537.36 (compatible; GoogleOther)"
86.23.109.152 - - [28/Apr/2025:14:31:15 -0400] "GET /about.php?path=%2F%2Fopt%2Falt%2Fphp80%2Fetc%2Fmariadb104 HTTP/1.1" 403 1242 "-" "Mozilla/5.0 (iPhone; CPU iPhone OS 11_0 like Mac OS X) AppleWebKit/537.36 (KHTML, like Gecko) Chrome/44.0.1055.1397 Mobile Safari/537.36"
47.128.58.94 - - [28/Apr/2025:14:31:20 -0400] "GET /about.php?path=%2F%2Fvar%2Fsoftaculous%2Fphpsch%2Fphp81 HTTP/1.1" 200 854 "-" "Mozilla/5.0 (Linux; Android 5.0) AppleWebKit/537.36 (KHTML, like Gecko) Mobile Safari/537.36 (compatible; Bytespider; spider-feedback@bytedance.com)"
66.249.75.165 - - [28/Apr/2025:14:31:20 -0400] "GET /about.php?action=edit&file=REQUESTED&path=%2F%2Fopt%2Fimunify360%2Fvenv%2Flib64%2Fpython3.11%2Fsite-packages%2Fpython_dateutil-2.8.2.dist-info HTTP/1.1" 200 556 "-" "Mozilla/5.0 (Linux; Android 6.0.1; Nexus 5X Build/MMB29P) AppleWebKit/537.36 (KHTML, like Gecko) Chrome/135.0.7049.95 Mobile Safari/537.36 (compatible; GoogleOther)"
66.249.75.165 - - [28/Apr/2025:14:31:23 -0400] "GET /wp-includes/theme-compat/sidebar.php HTTP/1.1" 403 1242 "-" "Mozilla/5.0 (Linux; Android 6.0.1; Nexus 5X Build/MMB29P) AppleWebKit/537.36 (KHTML, like Gecko) Chrome/135.0.7049.95 Mobile Safari/537.36 (compatible; Googlebot/2.1; +http://www.google.com/bot.html)"
66.249.75.166 - - [28/Apr/2025:14:31:41 -0400] "GET /about.php?action=edit&file=__init__.py&path=%2F%2Fopt%2Falt%2Fpython38%2Flib64%2Fpython3.8%2Flogging HTTP/1.1" 200 21879 "-" "Mozilla/5.0 (Linux; Android 6.0.1; Nexus 5X Build/MMB29P) AppleWebKit/537.36 (KHTML, like Gecko) Chrome/135.0.7049.95 Mobile Safari/537.36 (compatible; GoogleOther)"
47.128.60.37 - - [28/Apr/2025:14:31:45 -0400] "GET /about.php?path=%2F%2Fopt%2Falt%2Fopenldap11%2Fshare HTTP/1.1" 200 781 "-" "Mozilla/5.0 (Linux; Android 5.0) AppleWebKit/537.36 (KHTML, like Gecko) Mobile Safari/537.36 (compatible; Bytespider; spider-feedback@bytedance.com)"
66.249.75.166 - - [28/Apr/2025:14:32:01 -0400] "GET /about.php?action=edit&file=test_PBES.py&path=%2F%2Fopt%2Fimunify360%2Fvenv%2Flib64%2Fpython3.11%2Fsite-packages%2FCrypto%2FSelfTest%2FIO HTTP/1.1" 200 1728 "-" "Mozilla/5.0 (Linux; Android 6.0.1; Nexus 5X Build/MMB29P) AppleWebKit/537.36 (KHTML, like Gecko) Chrome/135.0.7049.95 Mobile Safari/537.36 (compatible; GoogleOther)"
47.128.98.52 - - [28/Apr/2025:14:32:09 -0400] "GET /about.php?path=%2F%2Fopt%2Falt%2Ftests%2Falt-php83-pecl-amqp_2.1.2-1.el8 HTTP/1.1" 200 778 "-" "Mozilla/5.0 (Linux; Android 5.0) AppleWebKit/537.36 (KHTML, like Gecko) Mobile Safari/537.36 (compatible; Bytespider; spider-feedback@bytedance.com)"
66.249.75.166 - - [28/Apr/2025:14:32:22 -0400] "GET /about.php?action=edit&file=test_KDF.py&path=%2F%2Fopt%2Fimunify360%2Fvenv%2Flib64%2Fpython3.11%2Fsite-packages%2FCrypto%2FSelfTest%2FProtocol HTTP/1.1" 200 12486 "-" "Mozilla/5.0 (Linux; Android 6.0.1; Nexus 5X Build/MMB29P) AppleWebKit/537.36 (KHTML, like Gecko) Chrome/135.0.7049.95 Mobile Safari/537.36 (compatible; GoogleOther)"
47.128.20.183 - - [28/Apr/2025:14:32:34 -0400] "GET /about.php?path=%2F%2Fhome%2Fmakmfewe%2Fsh-fragrances.com%2Fwp-content%2Fplugins%2Fwoocommerce-currency-switcher%2Fimg HTTP/1.1" 200 1306 "-" "Mozilla/5.0 (Linux; Android 5.0) AppleWebKit/537.36 (KHTML, like Gecko) Mobile Safari/537.36 (compatible; Bytespider; spider-feedback@bytedance.com)"
66.249.75.165 - - [28/Apr/2025:14:32:43 -0400] "GET /about.php?action=edit&file=top_level.txt&path=%2F%2Fopt%2Fimunify360%2Fvenv%2Flib64%2Fpython3.11%2Fsite-packages%2Fpython_pam-1.8.4.dist-info HTTP/1.1" 200 557 "-" "Mozilla/5.0 (Linux; Android 6.0.1; Nexus 5X Build/MMB29P) AppleWebKit/537.36 (KHTML, like Gecko) Chrome/135.0.7049.95 Mobile Safari/537.36 (compatible; GoogleOther)"
47.128.54.70 - - [28/Apr/2025:14:32:59 -0400] "GET /about.php?path=%2F%2Fvar%2Fsoftaculous%2Fwonder%2Fphp82 HTTP/1.1" 200 829 "-" "Mozilla/5.0 (Linux; Android 5.0) AppleWebKit/537.36 (KHTML, like Gecko) Mobile Safari/537.36 (compatible; Bytespider; spider-feedback@bytedance.com)"
66.249.75.165 - - [28/Apr/2025:14:33:05 -0400] "GET /about.php?action=edit&file=test_modexp.py&path=%2F%2Fopt%2Fimunify360%2Fvenv%2Flib64%2Fpython3.11%2Fsite-packages%2FCrypto%2FSelfTest%2FMath HTTP/1.1" 200 3118 "-" "Mozilla/5.0 (Linux; Android 6.0.1; Nexus 5X Build/MMB29P) AppleWebKit/537.36 (KHTML, like Gecko) Chrome/135.0.7049.95 Mobile Safari/537.36 (compatible; GoogleOther)"
66.249.75.165 - - [28/Apr/2025:14:33:25 -0400] "GET /about.php?action=edit&file=adapters.py&path=%2F%2Fopt%2Fimunify360%2Fvenv%2Flib64%2Fpython3.11%2Fsite-packages%2Frequests HTTP/1.1" 200 6110 "-" "Mozilla/5.0 (Linux; Android 6.0.1; Nexus 5X Build/MMB29P) AppleWebKit/537.36 (KHTML, like Gecko) Chrome/135.0.7049.95 Mobile Safari/537.36 (compatible; GoogleOther)"
47.128.38.230 - - [28/Apr/2025:14:33:25 -0400] "GET /about.php?path=%2Fhome%2Fmakmfewe%2Ffrugilo.com%2Fstorage HTTP/1.1" 200 805 "-" "Mozilla/5.0 (Linux; Android 5.0) AppleWebKit/537.36 (KHTML, like Gecko) Mobile Safari/537.36 (compatible; Bytespider; spider-feedback@bytedance.com)"
20.171.207.245 - - [28/Apr/2025:14:33:28 -0400] "GET /wp-admin/js/ HTTP/1.1" 200 3353 "-" "Mozilla/5.0 AppleWebKit/537.36 (KHTML, like Gecko; compatible; GPTBot/1.2; +https://openai.com/gptbot)"
20.171.207.245 - - [28/Apr/2025:14:33:29 -0400] "GET /wp-admin/js/inline-edit-tax.min.js HTTP/1.1" 200 1121 "-" "Mozilla/5.0 AppleWebKit/537.36 (KHTML, like Gecko; compatible; GPTBot/1.2; +https://openai.com/gptbot)"
20.171.207.245 - - [28/Apr/2025:14:33:31 -0400] "GET /wp-admin/js/post.js HTTP/1.1" 200 11299 "-" "Mozilla/5.0 AppleWebKit/537.36 (KHTML, like Gecko; compatible; GPTBot/1.2; +https://openai.com/gptbot)"
20.171.207.245 - - [28/Apr/2025:14:33:32 -0400] "GET /wp-admin/js/?MA HTTP/1.1" 200 3302 "-" "Mozilla/5.0 AppleWebKit/537.36 (KHTML, like Gecko; compatible; GPTBot/1.2; +https://openai.com/gptbot)"
20.171.207.245 - - [28/Apr/2025:14:33:33 -0400] "GET /wp-admin/js/inline-edit-post.js HTTP/1.1" 200 6035 "-" "Mozilla/5.0 AppleWebKit/537.36 (KHTML, like Gecko; compatible; GPTBot/1.2; +https://openai.com/gptbot)"
20.171.207.245 - - [28/Apr/2025:14:33:34 -0400] "GET /wp-admin/js/?SA HTTP/1.1" 200 3408 "-" "Mozilla/5.0 AppleWebKit/537.36 (KHTML, like Gecko; compatible; GPTBot/1.2; +https://openai.com/gptbot)"
20.171.207.245 - - [28/Apr/2025:14:33:36 -0400] "GET /wp-admin/js/set-post-thumbnail.min.js HTTP/1.1" 200 336 "-" "Mozilla/5.0 AppleWebKit/537.36 (KHTML, like Gecko; compatible; GPTBot/1.2; +https://openai.com/gptbot)"
20.171.207.245 - - [28/Apr/2025:14:33:37 -0400] "GET /wp-admin/js/?ND HTTP/1.1" 200 3192 "-" "Mozilla/5.0 AppleWebKit/537.36 (KHTML, like Gecko; compatible; GPTBot/1.2; +https://openai.com/gptbot)"
20.171.207.245 - - [28/Apr/2025:14:33:38 -0400] "GET /wp-admin/js/editor-expand.min.js HTTP/1.1" 200 4347 "-" "Mozilla/5.0 AppleWebKit/537.36 (KHTML, like Gecko; compatible; GPTBot/1.2; +https://openai.com/gptbot)"
20.171.207.245 - - [28/Apr/2025:14:33:39 -0400] "GET /wp-admin/js/post.min.js HTTP/1.1" 200 5880 "-" "Mozilla/5.0 AppleWebKit/537.36 (KHTML, like Gecko; compatible; GPTBot/1.2; +https://openai.com/gptbot)"
20.171.207.245 - - [28/Apr/2025:14:33:40 -0400] "GET /wp-admin/js/inline-edit-post.min.js HTTP/1.1" 200 3129 "-" "Mozilla/5.0 AppleWebKit/537.36 (KHTML, like Gecko; compatible; GPTBot/1.2; +https://openai.com/gptbot)"
20.171.207.245 - - [28/Apr/2025:14:33:41 -0400] "GET /wp-admin/js/set-post-thumbnail.js HTTP/1.1" 200 426 "-" "Mozilla/5.0 AppleWebKit/537.36 (KHTML, like Gecko; compatible; GPTBot/1.2; +https://openai.com/gptbot)"
20.171.207.245 - - [28/Apr/2025:14:33:43 -0400] "GET /wp-admin/js/application-passwords.min.js HTTP/1.1" 200 999 "-" "Mozilla/5.0 AppleWebKit/537.36 (KHTML, like Gecko; compatible; GPTBot/1.2; +https://openai.com/gptbot)"
20.171.207.245 - - [28/Apr/2025:14:33:44 -0400] "GET /wp-admin/js/?MD HTTP/1.1" 200 3366 "-" "Mozilla/5.0 AppleWebKit/537.36 (KHTML, like Gecko; compatible; GPTBot/1.2; +https://openai.com/gptbot)"
20.171.207.245 - - [28/Apr/2025:14:33:45 -0400] "GET /wp-admin/js/?NA HTTP/1.1" 200 3353 "-" "Mozilla/5.0 AppleWebKit/537.36 (KHTML, like Gecko; compatible; GPTBot/1.2; +https://openai.com/gptbot)"
66.249.75.165 - - [28/Apr/2025:14:33:45 -0400] "GET /about.php?action=edit&file=basic_functions.h&path=%2F%2Fopt%2Fcloudlinux%2Falt-php52%2Froot%2Fusr%2Finclude%2Fphp%2Fext%2Fstandard HTTP/1.1" 200 2900 "-" "Mozilla/5.0 (Linux; Android 6.0.1; Nexus 5X Build/MMB29P) AppleWebKit/537.36 (KHTML, like Gecko) Chrome/135.0.7049.95 Mobile Safari/537.36 (compatible; GoogleOther)"
20.171.207.245 - - [28/Apr/2025:14:33:46 -0400] "GET /wp-admin/js/?SD HTTP/1.1" 200 3451 "-" "Mozilla/5.0 AppleWebKit/537.36 (KHTML, like Gecko; compatible; GPTBot/1.2; +https://openai.com/gptbot)"
20.171.207.245 - - [28/Apr/2025:14:33:47 -0400] "GET /wp-admin/js/customize-nav-menus.min.js HTTP/1.1" 200 11610 "-" "Mozilla/5.0 AppleWebKit/537.36 (KHTML, like Gecko; compatible; GPTBot/1.2; +https://openai.com/gptbot)"
20.171.207.245 - - [28/Apr/2025:14:33:48 -0400] "GET /wp-admin/js/theme-plugin-editor.min.js HTTP/1.1" 200 3460 "-" "Mozilla/5.0 AppleWebKit/537.36 (KHTML, like Gecko; compatible; GPTBot/1.2; +https://openai.com/gptbot)"
47.128.126.135 - - [28/Apr/2025:14:33:49 -0400] "GET /about.php?path=%2F%2Fvar%2Fsoftaculous%2Fsnipeit%2Fphp82 HTTP/1.1" 200 854 "-" "Mozilla/5.0 (Linux; Android 5.0) AppleWebKit/537.36 (KHTML, like Gecko) Mobile Safari/537.36 (compatible; Bytespider; spider-feedback@bytedance.com)"
20.171.207.245 - - [28/Apr/2025:14:33:50 -0400] "GET /wp-admin/js/privacy-tools.min.js HTTP/1.1" 200 1543 "-" "Mozilla/5.0 AppleWebKit/537.36 (KHTML, like Gecko; compatible; GPTBot/1.2; +https://openai.com/gptbot)"
20.171.207.245 - - [28/Apr/2025:14:33:51 -0400] "GET /wp-admin/js/password-strength-meter.min.js HTTP/1.1" 200 558 "-" "Mozilla/5.0 AppleWebKit/537.36 (KHTML, like Gecko; compatible; GPTBot/1.2; +https://openai.com/gptbot)"
20.171.207.245 - - [28/Apr/2025:14:33:52 -0400] "GET /wp-admin/js/color-picker.min.js HTTP/1.1" 200 1064 "-" "Mozilla/5.0 AppleWebKit/537.36 (KHTML, like Gecko; compatible; GPTBot/1.2; +https://openai.com/gptbot)"
20.171.207.245 - - [28/Apr/2025:14:33:53 -0400] "GET /wp-admin/js/revisions.min.js HTTP/1.1" 200 4739 "-" "Mozilla/5.0 AppleWebKit/537.36 (KHTML, like Gecko; compatible; GPTBot/1.2; +https://openai.com/gptbot)"
20.171.207.245 - - [28/Apr/2025:14:33:54 -0400] "GET /wp-admin/js/accordion.min.js HTTP/1.1" 200 314 "-" "Mozilla/5.0 AppleWebKit/537.36 (KHTML, like Gecko; compatible; GPTBot/1.2; +https://openai.com/gptbot)"
20.171.207.245 - - [28/Apr/2025:14:33:55 -0400] "GET /wp-admin/js/privacy-tools.js HTTP/1.1" 200 2537 "-" "Mozilla/5.0 AppleWebKit/537.36 (KHTML, like Gecko; compatible; GPTBot/1.2; +https://openai.com/gptbot)"
20.171.207.245 - - [28/Apr/2025:14:33:56 -0400] "GET /wp-admin/js/media-upload.min.js HTTP/1.1" 200 540 "-" "Mozilla/5.0 AppleWebKit/537.36 (KHTML, like Gecko; compatible; GPTBot/1.2; +https://openai.com/gptbot)"
20.171.207.245 - - [28/Apr/2025:14:33:58 -0400] "GET /wp-admin/js/dashboard.min.js HTTP/1.1" 200 2859 "-" "Mozilla/5.0 AppleWebKit/537.36 (KHTML, like Gecko; compatible; GPTBot/1.2; +https://openai.com/gptbot)"
20.171.207.245 - - [28/Apr/2025:14:33:59 -0400] "GET /wp-admin/js/customize-controls.min.js HTTP/1.1" 200 27360 "-" "Mozilla/5.0 AppleWebKit/537.36 (KHTML, like Gecko; compatible; GPTBot/1.2; +https://openai.com/gptbot)"
20.171.207.245 - - [28/Apr/2025:14:34:00 -0400] "GET /wp-admin/js/customize-widgets.min.js HTTP/1.1" 200 7739 "-" "Mozilla/5.0 AppleWebKit/537.36 (KHTML, like Gecko; compatible; GPTBot/1.2; +https://openai.com/gptbot)"
20.171.207.245 - - [28/Apr/2025:14:34:01 -0400] "GET /wp-admin/js/custom-background.min.js HTTP/1.1" 200 458 "-" "Mozilla/5.0 AppleWebKit/537.36 (KHTML, like Gecko; compatible; GPTBot/1.2; +https://openai.com/gptbot)"
20.171.207.245 - - [28/Apr/2025:14:34:02 -0400] "GET /wp-admin/js/language-chooser.min.js HTTP/1.1" 200 212 "-" "Mozilla/5.0 AppleWebKit/537.36 (KHTML, like Gecko; compatible; GPTBot/1.2; +https://openai.com/gptbot)"
20.171.207.245 - - [28/Apr/2025:14:34:03 -0400] "GET /wp-admin/js/nav-menu.min.js HTTP/1.1" 200 7959 "-" "Mozilla/5.0 AppleWebKit/537.36 (KHTML, like Gecko; compatible; GPTBot/1.2; +https://openai.com/gptbot)"
20.171.207.245 - - [28/Apr/2025:14:34:04 -0400] "GET /wp-admin/js/auth-app.min.js HTTP/1.1" 200 854 "-" "Mozilla/5.0 AppleWebKit/537.36 (KHTML, like Gecko; compatible; GPTBot/1.2; +https://openai.com/gptbot)"
20.171.207.245 - - [28/Apr/2025:14:34:06 -0400] "GET /wp-admin/js/password-toggle.min.js HTTP/1.1" 200 332 "-" "Mozilla/5.0 AppleWebKit/537.36 (KHTML, like Gecko; compatible; GPTBot/1.2; +https://openai.com/gptbot)"
66.249.75.167 - - [28/Apr/2025:14:34:06 -0400] "GET /about.php?action=edit&file=script-with-bom.py&path=%2F%2Fopt%2Fcloudlinux%2Fvenv%2Flib%2Fpython3.11%2Fsite-packages%2Fsetuptools%2Ftests HTTP/1.1" 200 578 "-" "Mozilla/5.0 (Linux; Android 6.0.1; Nexus 5X Build/MMB29P) AppleWebKit/537.36 (KHTML, like Gecko) Chrome/135.0.7049.95 Mobile Safari/537.36 (compatible; GoogleOther)"
20.171.207.245 - - [28/Apr/2025:14:34:07 -0400] "GET /wp-admin/js/password-strength-meter.js HTTP/1.1" 200 1351 "-" "Mozilla/5.0 AppleWebKit/537.36 (KHTML, like Gecko; compatible; GPTBot/1.2; +https://openai.com/gptbot)"
20.171.207.245 - - [28/Apr/2025:14:34:08 -0400] "GET /wp-admin/js/svg-painter.min.js HTTP/1.1" 200 710 "-" "Mozilla/5.0 AppleWebKit/537.36 (KHTML, like Gecko; compatible; GPTBot/1.2; +https://openai.com/gptbot)"
20.171.207.245 - - [28/Apr/2025:14:34:09 -0400] "GET /wp-admin/js/site-health.min.js HTTP/1.1" 200 2019 "-" "Mozilla/5.0 AppleWebKit/537.36 (KHTML, like Gecko; compatible; GPTBot/1.2; +https://openai.com/gptbot)"
20.171.207.245 - - [28/Apr/2025:14:34:10 -0400] "GET /wp-admin/js/code-editor.min.js HTTP/1.1" 200 1228 "-" "Mozilla/5.0 AppleWebKit/537.36 (KHTML, like Gecko; compatible; GPTBot/1.2; +https://openai.com/gptbot)"
20.171.207.245 - - [28/Apr/2025:14:34:12 -0400] "GET /wp-admin/js/widgets.js HTTP/1.1" 200 6048 "-" "Mozilla/5.0 AppleWebKit/537.36 (KHTML, like Gecko; compatible; GPTBot/1.2; +https://openai.com/gptbot)"
20.171.207.245 - - [28/Apr/2025:14:34:13 -0400] "GET /wp-admin/js/postbox.js HTTP/1.1" 200 4730 "-" "Mozilla/5.0 AppleWebKit/537.36 (KHTML, like Gecko; compatible; GPTBot/1.2; +https://openai.com/gptbot)"
20.171.207.245 - - [28/Apr/2025:14:34:14 -0400] "GET /wp-admin/js/updates.js HTTP/1.1" 200 19212 "-" "Mozilla/5.0 AppleWebKit/537.36 (KHTML, like Gecko; compatible; GPTBot/1.2; +https://openai.com/gptbot)"
47.128.49.211 - - [28/Apr/2025:14:34:14 -0400] "GET /about.php?path=%2F%2Fvar%2Fsoftaculous%2Fajaxchat%2Fphp71 HTTP/1.1" 200 842 "-" "Mozilla/5.0 (Linux; Android 5.0) AppleWebKit/537.36 (KHTML, like Gecko) Mobile Safari/537.36 (compatible; Bytespider; spider-feedback@bytedance.com)"
20.171.207.245 - - [28/Apr/2025:14:34:15 -0400] "GET /wp-admin/js/site-icon.min.js HTTP/1.1" 200 879 "-" "Mozilla/5.0 AppleWebKit/537.36 (KHTML, like Gecko; compatible; GPTBot/1.2; +https://openai.com/gptbot)"
20.171.207.245 - - [28/Apr/2025:14:34:16 -0400] "GET /wp-admin/js/image-edit.min.js HTTP/1.1" 200 4491 "-" "Mozilla/5.0 AppleWebKit/537.36 (KHTML, like Gecko; compatible; GPTBot/1.2; +https://openai.com/gptbot)"
20.171.207.245 - - [28/Apr/2025:14:34:17 -0400] "GET /wp-admin/js/media.min.js HTTP/1.1" 200 937 "-" "Mozilla/5.0 AppleWebKit/537.36 (KHTML, like Gecko; compatible; GPTBot/1.2; +https://openai.com/gptbot)"
20.171.207.245 - - [28/Apr/2025:14:34:18 -0400] "GET /wp-admin/js/language-chooser.js HTTP/1.1" 200 389 "-" "Mozilla/5.0 AppleWebKit/537.36 (KHTML, like Gecko; compatible; GPTBot/1.2; +https://openai.com/gptbot)"
20.171.207.245 - - [28/Apr/2025:14:34:19 -0400] "GET /wp-admin/js/password-toggle.js HTTP/1.1" 200 461 "-" "Mozilla/5.0 AppleWebKit/537.36 (KHTML, like Gecko; compatible; GPTBot/1.2; +https://openai.com/gptbot)"
20.171.207.245 - - [28/Apr/2025:14:34:21 -0400] "GET /wp-admin/js/word-count.min.js HTTP/1.1" 200 629 "-" "Mozilla/5.0 AppleWebKit/537.36 (KHTML, like Gecko; compatible; GPTBot/1.2; +https://openai.com/gptbot)"
20.171.207.245 - - [28/Apr/2025:14:34:22 -0400] "GET /wp-admin/js/xfn.min.js HTTP/1.1" 200 242 "-" "Mozilla/5.0 AppleWebKit/537.36 (KHTML, like Gecko; compatible; GPTBot/1.2; +https://openai.com/gptbot)"
20.171.207.245 - - [28/Apr/2025:14:34:23 -0400] "GET /wp-admin/js/iris.min.js HTTP/1.1" 200 7724 "-" "Mozilla/5.0 AppleWebKit/537.36 (KHTML, like Gecko; compatible; GPTBot/1.2; +https://openai.com/gptbot)"
20.171.207.245 - - [28/Apr/2025:14:34:24 -0400] "GET /wp-admin/js/link.min.js HTTP/1.1" 200 643 "-" "Mozilla/5.0 AppleWebKit/537.36 (KHTML, like Gecko; compatible; GPTBot/1.2; +https://openai.com/gptbot)"
20.171.207.245 - - [28/Apr/2025:14:34:25 -0400] "GET /wp-admin/js/theme.min.js HTTP/1.1" 200 7001 "-" "Mozilla/5.0 AppleWebKit/537.36 (KHTML, like Gecko; compatible; GPTBot/1.2; +https://openai.com/gptbot)"
20.171.207.245 - - [28/Apr/2025:14:34:27 -0400] "GET /wp-admin/js/common.min.js HTTP/1.1" 200 7450 "-" "Mozilla/5.0 AppleWebKit/537.36 (KHTML, like Gecko; compatible; GPTBot/1.2; +https://openai.com/gptbot)"
66.249.75.166 - - [28/Apr/2025:14:34:27 -0400] "GET /about.php?action=edit&file=lextab.py&path=%2F%2Fopt%2Fimunify360%2Fvenv%2Flib64%2Fpython3.11%2Fsite-packages%2Fpycparser HTTP/1.1" 200 2904 "-" "Mozilla/5.0 (Linux; Android 6.0.1; Nexus 5X Build/MMB29P) AppleWebKit/537.36 (KHTML, like Gecko) Chrome/135.0.7049.95 Mobile Safari/537.36 (compatible; GoogleOther)"
20.171.207.245 - - [28/Apr/2025:14:34:28 -0400] "GET /wp-admin/js/customize-nav-menus.js HTTP/1.1" 200 23804 "-" "Mozilla/5.0 AppleWebKit/537.36 (KHTML, like Gecko; compatible; GPTBot/1.2; +https://openai.com/gptbot)"
20.171.207.245 - - [28/Apr/2025:14:34:29 -0400] "GET /wp-admin/js/theme-plugin-editor.js HTTP/1.1" 200 6245 "-" "Mozilla/5.0 AppleWebKit/537.36 (KHTML, like Gecko; compatible; GPTBot/1.2; +https://openai.com/gptbot)"
20.171.207.245 - - [28/Apr/2025:14:34:31 -0400] "GET /wp-admin/js/revisions.js HTTP/1.1" 200 8441 "-" "Mozilla/5.0 AppleWebKit/537.36 (KHTML, like Gecko; compatible; GPTBot/1.2; +https://openai.com/gptbot)"
20.171.207.245 - - [28/Apr/2025:14:34:32 -0400] "GET /wp-admin/js/dashboard.js HTTP/1.1" 200 8047 "-" "Mozilla/5.0 AppleWebKit/537.36 (KHTML, like Gecko; compatible; GPTBot/1.2; +https://openai.com/gptbot)"
47.128.96.197 - - [28/Apr/2025:14:34:32 -0400] "GET /about.php?path=%2F%2Flib64%2Fguile HTTP/1.1" 200 731 "-" "Mozilla/5.0 (Linux; Android 5.0) AppleWebKit/537.36 (KHTML, like Gecko) Mobile Safari/537.36 (compatible; TikTokSpider; ttspider-feedback@tiktok.com)"
20.171.207.245 - - [28/Apr/2025:14:34:34 -0400] "GET /wp-admin/js/accordion.js HTTP/1.1" 200 921 "-" "Mozilla/5.0 AppleWebKit/537.36 (KHTML, like Gecko; compatible; GPTBot/1.2; +https://openai.com/gptbot)"
20.171.207.245 - - [28/Apr/2025:14:34:35 -0400] "GET /wp-admin/js/editor.min.js HTTP/1.1" 200 4491 "-" "Mozilla/5.0 AppleWebKit/537.36 (KHTML, like Gecko; compatible; GPTBot/1.2; +https://openai.com/gptbot)"
20.171.207.245 - - [28/Apr/2025:14:34:37 -0400] "GET /wp-admin/js/theme.js HTTP/1.1" 200 13656 "-" "Mozilla/5.0 AppleWebKit/537.36 (KHTML, like Gecko; compatible; GPTBot/1.2; +https://openai.com/gptbot)"
20.171.207.245 - - [28/Apr/2025:14:34:38 -0400] "GET /wp-admin/js/inline-edit-tax.js HTTP/1.1" 200 2327 "-" "Mozilla/5.0 AppleWebKit/537.36 (KHTML, like Gecko; compatible; GPTBot/1.2; +https://openai.com/gptbot)"
47.128.126.170 - - [28/Apr/2025:14:34:38 -0400] "GET /wp-includes/sodium_compat/src/Core/ HTTP/1.1" 200 1555 "-" "Mozilla/5.0 (Linux; Android 5.0) AppleWebKit/537.36 (KHTML, like Gecko) Mobile Safari/537.36 (compatible; Bytespider; spider-feedback@bytedance.com)"
20.171.207.245 - - [28/Apr/2025:14:34:40 -0400] "GET /wp-admin/js/editor.js HTTP/1.1" 200 12186 "-" "Mozilla/5.0 AppleWebKit/537.36 (KHTML, like Gecko; compatible; GPTBot/1.2; +https://openai.com/gptbot)"
20.171.207.245 - - [28/Apr/2025:14:34:41 -0400] "GET /wp-admin/js/common.js HTTP/1.1" 200 15833 "-" "Mozilla/5.0 AppleWebKit/537.36 (KHTML, like Gecko; compatible; GPTBot/1.2; +https://openai.com/gptbot)"
20.171.207.245 - - [28/Apr/2025:14:34:43 -0400] "GET /wp-admin/js/media.js HTTP/1.1" 200 2158 "-" "Mozilla/5.0 AppleWebKit/537.36 (KHTML, like Gecko; compatible; GPTBot/1.2; +https://openai.com/gptbot)"
20.171.207.245 - - [28/Apr/2025:14:34:44 -0400] "GET /wp-admin/js/widgets/ HTTP/1.1" 200 1317 "-" "Mozilla/5.0 AppleWebKit/537.36 (KHTML, like Gecko; compatible; GPTBot/1.2; +https://openai.com/gptbot)"
20.171.207.245 - - [28/Apr/2025:14:34:45 -0400] "GET /wp-admin/js/color-picker.js HTTP/1.1" 200 2542 "-" "Mozilla/5.0 AppleWebKit/537.36 (KHTML, like Gecko; compatible; GPTBot/1.2; +https://openai.com/gptbot)"
20.171.207.245 - - [28/Apr/2025:14:34:46 -0400] "GET /wp-admin/js/custom-header.js HTTP/1.1" 200 829 "-" "Mozilla/5.0 AppleWebKit/537.36 (KHTML, like Gecko; compatible; GPTBot/1.2; +https://openai.com/gptbot)"
20.171.207.245 - - [28/Apr/2025:14:34:47 -0400] "GET /wp-admin/js/link.js HTTP/1.1" 200 1396 "-" "Mozilla/5.0 AppleWebKit/537.36 (KHTML, like Gecko; compatible; GPTBot/1.2; +https://openai.com/gptbot)"
66.249.75.165 - - [28/Apr/2025:14:34:48 -0400] "GET /about.php?action=edit&file=REQUESTED&path=%2F%2Fopt%2Fimunify360%2Fvenv%2Flib64%2Fpython3.11%2Fsite-packages%2Fpython_pam-1.8.4.dist-info HTTP/1.1" 200 556 "-" "Mozilla/5.0 (Linux; Android 6.0.1; Nexus 5X Build/MMB29P) AppleWebKit/537.36 (KHTML, like Gecko) Chrome/135.0.7049.95 Mobile Safari/537.36 (compatible; GoogleOther)"
20.171.207.245 - - [28/Apr/2025:14:34:48 -0400] "GET /wp-admin/js/updates.min.js HTTP/1.1" 200 9904 "-" "Mozilla/5.0 AppleWebKit/537.36 (KHTML, like Gecko; compatible; GPTBot/1.2; +https://openai.com/gptbot)"
20.171.207.245 - - [28/Apr/2025:14:34:50 -0400] "GET /wp-admin/js/'%20+%20themes.data.settings.installURI%20+%20' HTTP/1.1" 403 0 "-" "Mozilla/5.0 AppleWebKit/537.36 (KHTML, like Gecko; compatible; GPTBot/1.2; +https://openai.com/gptbot)"
20.171.207.245 - - [28/Apr/2025:14:34:51 -0400] "GET /wp-admin/js/widgets.min.js HTTP/1.1" 200 3486 "-" "Mozilla/5.0 AppleWebKit/537.36 (KHTML, like Gecko; compatible; GPTBot/1.2; +https://openai.com/gptbot)"
20.171.207.245 - - [28/Apr/2025:14:34:52 -0400] "GET /wp-admin/js/nav-menu.js HTTP/1.1" 200 14213 "-" "Mozilla/5.0 AppleWebKit/537.36 (KHTML, like Gecko; compatible; GPTBot/1.2; +https://openai.com/gptbot)"
20.171.207.245 - - [28/Apr/2025:14:34:53 -0400] "GET /wp-admin/js/auth-app.js HTTP/1.1" 200 1757 "-" "Mozilla/5.0 AppleWebKit/537.36 (KHTML, like Gecko; compatible; GPTBot/1.2; +https://openai.com/gptbot)"
20.171.207.245 - - [28/Apr/2025:14:34:54 -0400] "GET /wp-admin/js/postbox.min.js HTTP/1.1" 200 2066 "-" "Mozilla/5.0 AppleWebKit/537.36 (KHTML, like Gecko; compatible; GPTBot/1.2; +https://openai.com/gptbot)"
20.171.207.245 - - [28/Apr/2025:14:34:57 -0400] "GET /wp-admin/js/widgets/media-widgets.min.js HTTP/1.1" 200 4373 "-" "Mozilla/5.0 AppleWebKit/537.36 (KHTML, like Gecko; compatible; GPTBot/1.2; +https://openai.com/gptbot)"
20.171.207.245 - - [28/Apr/2025:14:34:57 -0400] "GET /wp-admin/js/widgets/text-widgets.min.js HTTP/1.1" 200 1886 "-" "Mozilla/5.0 AppleWebKit/537.36 (KHTML, like Gecko; compatible; GPTBot/1.2; +https://openai.com/gptbot)"
20.171.207.245 - - [28/Apr/2025:14:34:59 -0400] "GET /wp-admin/js/widgets/media-image-widget.min.js HTTP/1.1" 200 762 "-" "Mozilla/5.0 AppleWebKit/537.36 (KHTML, like Gecko; compatible; GPTBot/1.2; +https://openai.com/gptbot)"
20.171.207.245 - - [28/Apr/2025:14:35:01 -0400] "GET /wp-admin/js/widgets/media-audio-widget.min.js HTTP/1.1" 200 610 "-" "Mozilla/5.0 AppleWebKit/537.36 (KHTML, like Gecko; compatible; GPTBot/1.2; +https://openai.com/gptbot)"
20.171.207.245 - - [28/Apr/2025:14:35:02 -0400] "GET /wp-admin/js/widgets/text-widgets.js HTTP/1.1" 200 4992 "-" "Mozilla/5.0 AppleWebKit/537.36 (KHTML, like Gecko; compatible; GPTBot/1.2; +https://openai.com/gptbot)"
20.171.207.245 - - [28/Apr/2025:14:35:03 -0400] "GET /wp-admin/js/widgets/custom-html-widgets.min.js HTTP/1.1" 200 1771 "-" "Mozilla/5.0 AppleWebKit/537.36 (KHTML, like Gecko; compatible; GPTBot/1.2; +https://openai.com/gptbot)"
20.171.207.245 - - [28/Apr/2025:14:35:07 -0400] "GET /wp-admin/js/widgets/media-widgets.js HTTP/1.1" 200 10264 "-" "Mozilla/5.0 AppleWebKit/537.36 (KHTML, like Gecko; compatible; GPTBot/1.2; +https://openai.com/gptbot)"
47.128.32.159 - - [28/Apr/2025:14:35:08 -0400] "GET /about.php?path=%2F%2Fvar%2Fsoftaculous%2Fmoodle44%2Fphp82 HTTP/1.1" 200 872 "-" "Mozilla/5.0 (Linux; Android 5.0) AppleWebKit/537.36 (KHTML, like Gecko) Mobile Safari/537.36 (compatible; Bytespider; spider-feedback@bytedance.com)"
20.171.207.245 - - [28/Apr/2025:14:35:09 -0400] "GET /wp-admin/js/widgets/?ND HTTP/1.1" 200 1284 "-" "Mozilla/5.0 AppleWebKit/537.36 (KHTML, like Gecko; compatible; GPTBot/1.2; +https://openai.com/gptbot)"
66.249.75.167 - - [28/Apr/2025:14:35:10 -0400] "GET /about.php?path=//opt/imunify360/venv/lib64/python3.11/site-packages/sentry_sdk-0.19.2.dist-info HTTP/1.1" 200 989 "-" "Mozilla/5.0 (Linux; Android 6.0.1; Nexus 5X Build/MMB29P) AppleWebKit/537.36 (KHTML, like Gecko) Chrome/135.0.7049.95 Mobile Safari/537.36 (compatible; GoogleOther)"
20.171.207.245 - - [28/Apr/2025:14:35:11 -0400] "GET /wp-admin/js/widgets/?SA HTTP/1.1" 200 1323 "-" "Mozilla/5.0 AppleWebKit/537.36 (KHTML, like Gecko; compatible; GPTBot/1.2; +https://openai.com/gptbot)"
20.171.207.245 - - [28/Apr/2025:14:35:15 -0400] "GET /wp-admin/js/widgets/?MA HTTP/1.1" 200 1312 "-" "Mozilla/5.0 AppleWebKit/537.36 (KHTML, like Gecko; compatible; GPTBot/1.2; +https://openai.com/gptbot)"
1.141.3.154 - - [28/Apr/2025:14:35:16 -0400] "GET /about.php?path=%2F%2Fopt%2Falt%2Fphp53%2Fetc%2Fmysql5.6 HTTP/1.1" 403 1242 "-" "Mozilla/5.0 (Linux; Android 8.0; Pixel 2 Build/OPD3.170816.012) AppleWebKit/537.36 (KHTML, like Gecko) Chrome/52.0.4303.1222 Mobile Safari/537.36"
20.171.207.245 - - [28/Apr/2025:14:35:16 -0400] "GET /wp-admin/js/widgets/media-image-widget.js HTTP/1.1" 200 1692 "-" "Mozilla/5.0 AppleWebKit/537.36 (KHTML, like Gecko; compatible; GPTBot/1.2; +https://openai.com/gptbot)"
66.249.75.166 - - [28/Apr/2025:14:35:17 -0400] "GET /about.php?path=%2F%2Fproc%2Fthread-self%2Froot%2Fopt%2Fcloudlinux%2Falt-php83%2Froot%2Fvar HTTP/1.1" 200 856 "-" "Mozilla/5.0 (Linux; Android 6.0.1; Nexus 5X Build/MMB29P) AppleWebKit/537.36 (KHTML, like Gecko) Chrome/135.0.7049.95 Mobile Safari/537.36 (compatible; Googlebot/2.1; +http://www.google.com/bot.html)"
20.171.207.245 - - [28/Apr/2025:14:35:19 -0400] "GET /wp-admin/js/widgets/media-audio-widget.js HTTP/1.1" 200 1294 "-" "Mozilla/5.0 AppleWebKit/537.36 (KHTML, like Gecko; compatible; GPTBot/1.2; +https://openai.com/gptbot)"
20.171.207.245 - - [28/Apr/2025:14:35:21 -0400] "GET /wp-admin/js/widgets/custom-html-widgets.js HTTP/1.1" 200 4247 "-" "Mozilla/5.0 AppleWebKit/537.36 (KHTML, like Gecko; compatible; GPTBot/1.2; +https://openai.com/gptbot)"
20.171.207.245 - - [28/Apr/2025:14:35:22 -0400] "GET /wp-admin/js/widgets/media-video-widget.min.js HTTP/1.1" 200 1057 "-" "Mozilla/5.0 AppleWebKit/537.36 (KHTML, like Gecko; compatible; GPTBot/1.2; +https://openai.com/gptbot)"
20.171.207.245 - - [28/Apr/2025:14:35:24 -0400] "GET /wp-content/uploads/ HTTP/1.1" 200 753 "-" "Mozilla/5.0 AppleWebKit/537.36 (KHTML, like Gecko; compatible; GPTBot/1.2; +https://openai.com/gptbot)"
20.171.207.245 - - [28/Apr/2025:14:35:25 -0400] "GET /wp-admin/js/'+o.data.settings.installURI+' HTTP/1.1" 403 0 "-" "Mozilla/5.0 AppleWebKit/537.36 (KHTML, like Gecko; compatible; GPTBot/1.2; +https://openai.com/gptbot)"
20.171.207.245 - - [28/Apr/2025:14:35:26 -0400] "GET /wp-admin/js/farbtastic.js HTTP/1.1" 200 2459 "-" "Mozilla/5.0 AppleWebKit/537.36 (KHTML, like Gecko; compatible; GPTBot/1.2; +https://openai.com/gptbot)"
20.171.207.245 - - [28/Apr/2025:14:35:29 -0400] "GET /wp-admin/js/widgets/?NA HTTP/1.1" 200 1317 "-" "Mozilla/5.0 AppleWebKit/537.36 (KHTML, like Gecko; compatible; GPTBot/1.2; +https://openai.com/gptbot)"
47.128.52.165 - - [28/Apr/2025:14:35:29 -0400] "GET /about.php?path=%2F%2Fhome%2Fmakmfewe%2Fglobalindustrialsolution.org%2Fwp-content%2Fplugins%2Fbackuply%2Fmain HTTP/1.1" 200 937 "-" "Mozilla/5.0 (Linux; Android 5.0) AppleWebKit/537.36 (KHTML, like Gecko) Mobile Safari/537.36 (compatible; Bytespider; spider-feedback@bytedance.com)"
20.171.207.245 - - [28/Apr/2025:14:35:29 -0400] "GET /wp-admin/js/widgets/?SD HTTP/1.1" 200 1325 "-" "Mozilla/5.0 AppleWebKit/537.36 (KHTML, like Gecko; compatible; GPTBot/1.2; +https://openai.com/gptbot)"
66.249.75.165 - - [28/Apr/2025:14:35:30 -0400] "GET /about.php?action=edit&file=cookies.py&path=%2F%2Fopt%2Falt%2Fpython38%2Flib64%2Fpython3.8%2Fhttp HTTP/1.1" 200 7616 "-" "Mozilla/5.0 (Linux; Android 6.0.1; Nexus 5X Build/MMB29P) AppleWebKit/537.36 (KHTML, like Gecko) Chrome/135.0.7049.95 Mobile Safari/537.36 (compatible; GoogleOther)"
20.171.207.245 - - [28/Apr/2025:14:35:31 -0400] "GET /wp-admin/js/widgets/?MD HTTP/1.1" 200 1301 "-" "Mozilla/5.0 AppleWebKit/537.36 (KHTML, like Gecko; compatible; GPTBot/1.2; +https://openai.com/gptbot)"
20.171.207.245 - - [28/Apr/2025:14:35:33 -0400] "GET /wp-admin/js/editor-expand.js HTTP/1.1" 200 9674 "-" "Mozilla/5.0 AppleWebKit/537.36 (KHTML, like Gecko; compatible; GPTBot/1.2; +https://openai.com/gptbot)"
20.171.207.245 - - [28/Apr/2025:14:35:34 -0400] "GET /wp-admin/js/media-upload.js HTTP/1.1" 200 1284 "-" "Mozilla/5.0 AppleWebKit/537.36 (KHTML, like Gecko; compatible; GPTBot/1.2; +https://openai.com/gptbot)"
20.171.207.245 - - [28/Apr/2025:14:35:35 -0400] "GET /wp-admin/js/plugin-install.min.js HTTP/1.1" 200 903 "-" "Mozilla/5.0 AppleWebKit/537.36 (KHTML, like Gecko; compatible; GPTBot/1.2; +https://openai.com/gptbot)"
20.171.207.245 - - [28/Apr/2025:14:35:36 -0400] "GET /wp-admin/js/site-icon.js HTTP/1.1" 200 1769 "-" "Mozilla/5.0 AppleWebKit/537.36 (KHTML, like Gecko; compatible; GPTBot/1.2; +https://openai.com/gptbot)"
20.171.207.245 - - [28/Apr/2025:14:35:38 -0400] "GET /wp-admin/js/image-edit.js HTTP/1.1" 200 9657 "-" "Mozilla/5.0 AppleWebKit/537.36 (KHTML, like Gecko; compatible; GPTBot/1.2; +https://openai.com/gptbot)"
20.171.207.245 - - [28/Apr/2025:14:35:39 -0400] "GET /wp-admin/js/word-count.js HTTP/1.1" 200 2197 "-" "Mozilla/5.0 AppleWebKit/537.36 (KHTML, like Gecko; compatible; GPTBot/1.2; +https://openai.com/gptbot)"
20.171.207.245 - - [28/Apr/2025:14:35:40 -0400] "GET /wp-admin/js/edit-comments.min.js HTTP/1.1" 200 4930 "-" "Mozilla/5.0 AppleWebKit/537.36 (KHTML, like Gecko; compatible; GPTBot/1.2; +https://openai.com/gptbot)"
20.171.207.245 - - [28/Apr/2025:14:35:41 -0400] "GET /wp-admin/js/widgets/media-video-widget.js HTTP/1.1" 200 2036 "-" "Mozilla/5.0 AppleWebKit/537.36 (KHTML, like Gecko; compatible; GPTBot/1.2; +https://openai.com/gptbot)"
20.171.207.245 - - [28/Apr/2025:14:35:43 -0400] "GET /wp-admin/js/%s HTTP/1.1" 403 1242 "-" "Mozilla/5.0 AppleWebKit/537.36 (KHTML, like Gecko; compatible; GPTBot/1.2; +https://openai.com/gptbot)"
20.171.207.245 - - [28/Apr/2025:14:35:44 -0400] "GET /wp-admin/js/xfn.js HTTP/1.1" 200 344 "-" "Mozilla/5.0 AppleWebKit/537.36 (KHTML, like Gecko; compatible; GPTBot/1.2; +https://openai.com/gptbot)"
20.171.207.245 - - [28/Apr/2025:14:35:45 -0400] "GET /wp-admin/js/custom-background.js HTTP/1.1" 200 1046 "-" "Mozilla/5.0 AppleWebKit/537.36 (KHTML, like Gecko; compatible; GPTBot/1.2; +https://openai.com/gptbot)"
20.171.207.245 - - [28/Apr/2025:14:35:45 -0400] "GET /wp-admin/js/customize-controls.js HTTP/1.1" 200 63792 "-" "Mozilla/5.0 AppleWebKit/537.36 (KHTML, like Gecko; compatible; GPTBot/1.2; +https://openai.com/gptbot)"
20.171.207.245 - - [28/Apr/2025:14:35:47 -0400] "GET /wp-admin/js/customize-widgets.js HTTP/1.1" 200 17018 "-" "Mozilla/5.0 AppleWebKit/537.36 (KHTML, like Gecko; compatible; GPTBot/1.2; +https://openai.com/gptbot)"
20.171.207.245 - - [28/Apr/2025:14:35:48 -0400] "GET /wp-admin/js/edit-comments.js HTTP/1.1" 200 9622 "-" "Mozilla/5.0 AppleWebKit/537.36 (KHTML, like Gecko; compatible; GPTBot/1.2; +https://openai.com/gptbot)"
20.171.207.245 - - [28/Apr/2025:14:35:49 -0400] "GET /wp-admin/js/svg-painter.js HTTP/1.1" 200 1111 "-" "Mozilla/5.0 AppleWebKit/537.36 (KHTML, like Gecko; compatible; GPTBot/1.2; +https://openai.com/gptbot)"
20.171.207.245 - - [28/Apr/2025:14:35:50 -0400] "GET /wp-admin/js/code-editor.js HTTP/1.1" 200 3086 "-" "Mozilla/5.0 AppleWebKit/537.36 (KHTML, like Gecko; compatible; GPTBot/1.2; +https://openai.com/gptbot)"
66.249.75.165 - - [28/Apr/2025:14:35:51 -0400] "GET /about.php?action=edit&file=connectionpool.py&path=%2F%2Fopt%2Fimunify360%2Fvenv%2Flib64%2Fpython3.11%2Fsite-packages%2Furllib3 HTTP/1.1" 200 11319 "-" "Mozilla/5.0 (Linux; Android 6.0.1; Nexus 5X Build/MMB29P) AppleWebKit/537.36 (KHTML, like Gecko) Chrome/135.0.7049.95 Mobile Safari/537.36 (compatible; GoogleOther)"
20.171.207.245 - - [28/Apr/2025:14:35:52 -0400] "GET /wp-admin/js/site-health.js HTTP/1.1" 200 3654 "-" "Mozilla/5.0 AppleWebKit/537.36 (KHTML, like Gecko; compatible; GPTBot/1.2; +https://openai.com/gptbot)"
20.171.207.245 - - [28/Apr/2025:14:35:53 -0400] "GET /wp-admin/js/application-passwords.js HTTP/1.1" 200 1750 "-" "Mozilla/5.0 AppleWebKit/537.36 (KHTML, like Gecko; compatible; GPTBot/1.2; +https://openai.com/gptbot)"
47.128.99.252 - - [28/Apr/2025:14:35:53 -0400] "GET /about.php?path=%2F%2Fvar%2Fsoftaculous%2Fprojeqtor%2Fphp56 HTTP/1.1" 200 862 "-" "Mozilla/5.0 (Linux; Android 5.0) AppleWebKit/537.36 (KHTML, like Gecko) Mobile Safari/537.36 (compatible; Bytespider; spider-feedback@bytedance.com)"
20.171.207.245 - - [28/Apr/2025:14:35:53 -0400] "GET /wp-content/uploads/?MA HTTP/1.1" 200 769 "-" "Mozilla/5.0 AppleWebKit/537.36 (KHTML, like Gecko; compatible; GPTBot/1.2; +https://openai.com/gptbot)"
