66.249.75.165 - - [28/Apr/2025:05:27:22 -0400] "GET /about.php?path=%2F%2Fopt%2Falt%2Fruby24%2Flib64%2Fruby%2F2.4.0%2Frdoc%2Fmarkup HTTP/1.1" 200 1418 "-" "Mozilla/5.0 (Linux; Android 6.0.1; Nexus 5X Build/MMB29P) AppleWebKit/537.36 (KHTML, like Gecko) Chrome/135.0.7049.95 Mobile Safari/537.36 (compatible; GoogleOther)"
185.191.171.16 - - [28/Apr/2025:05:27:23 -0400] "GET /wp-includes/class-wp-block-bindings-registry.php HTTP/1.1" 403 1242 "-" "Mozilla/5.0 (compatible; SemrushBot/7~bl; +http://www.semrush.com/bot.html)"
47.128.113.168 - - [28/Apr/2025:05:27:32 -0400] "GET /about.php?path=%2F%2Fhome%2Fmakmfewe%2Fmail%2Fpwmsolution.com%2Fshahzad%2F.Sent%2Ftmp HTTP/1.1" 200 756 "-" "Mozilla/5.0 (Linux; Android 5.0) AppleWebKit/537.36 (KHTML, like Gecko) Mobile Safari/537.36 (compatible; Bytespider; spider-feedback@bytedance.com)"
66.249.75.165 - - [28/Apr/2025:05:27:33 -0400] "GET /about.php?path=%2F%2Fopt%2Fimunify360%2Fvenv%2Flib64%2Fpython3.11%2Fsite-packages%2Faiosignal-1.3.1.dist-info HTTP/1.1" 200 992 "-" "Mozilla/5.0 (Linux; Android 6.0.1; Nexus 5X Build/MMB29P) AppleWebKit/537.36 (KHTML, like Gecko) Chrome/135.0.7049.95 Mobile Safari/537.36 (compatible; GoogleOther)"
66.249.75.165 - - [28/Apr/2025:05:27:44 -0400] "GET /about.php?action=edit&file=_pssunos.py&path=%2F%2Fopt%2Fcloudlinux%2Fvenv%2Flib%2Fpython3.11%2Fsite-packages%2Fpsutil HTTP/1.1" 200 7739 "-" "Mozilla/5.0 (Linux; Android 6.0.1; Nexus 5X Build/MMB29P) AppleWebKit/537.36 (KHTML, like Gecko) Chrome/135.0.7049.95 Mobile Safari/537.36 (compatible; GoogleOther)"
66.249.75.165 - - [28/Apr/2025:05:27:55 -0400] "GET /about.php?action=edit&file=annotated_types.py&path=%2F%2Fopt%2Fcloudlinux%2Fvenv%2Flib%2Fpython3.11%2Fsite-packages%2Fpydantic%2Fv1 HTTP/1.1" 200 1695 "-" "Mozilla/5.0 (Linux; Android 6.0.1; Nexus 5X Build/MMB29P) AppleWebKit/537.36 (KHTML, like Gecko) Chrome/135.0.7049.95 Mobile Safari/537.36 (compatible; GoogleOther)"
47.128.45.6 - - [28/Apr/2025:05:27:58 -0400] "GET /about.php?path=%2F%2Fhome%2Fmakmfewe%2Fglobalindustrialsolution.org%2Fwp-includes%2Fblock-patterns HTTP/1.1" 200 958 "-" "Mozilla/5.0 (Linux; Android 5.0) AppleWebKit/537.36 (KHTML, like Gecko) Mobile Safari/537.36 (compatible; Bytespider; spider-feedback@bytedance.com)"
66.249.75.167 - - [28/Apr/2025:05:28:06 -0400] "GET /about.php?path=%2F%2Fopt%2Fcloudlinux%2Fvenv%2Flib%2Fpython3.11%2Fsite-packages%2Fprettytable-3.8.0.dist-info HTTP/1.1" 200 983 "-" "Mozilla/5.0 (Linux; Android 6.0.1; Nexus 5X Build/MMB29P) AppleWebKit/537.36 (KHTML, like Gecko) Chrome/135.0.7049.95 Mobile Safari/537.36 (compatible; GoogleOther)"
66.249.75.166 - - [28/Apr/2025:05:28:17 -0400] "GET /about.php?path=%2F%2Fopt%2Fcloudlinux%2Fvenv%2Flib%2Fpython3.11%2Fsite-packages%2Fpyparsing%2F__pycache__ HTTP/1.1" 200 1034 "-" "Mozilla/5.0 (Linux; Android 6.0.1; Nexus 5X Build/MMB29P) AppleWebKit/537.36 (KHTML, like Gecko) Chrome/135.0.7049.95 Mobile Safari/537.36 (compatible; GoogleOther)"
66.249.75.165 - - [28/Apr/2025:05:28:21 -0400] "GET /about.php?path=%2F%2Fopt%2Fcloudlinux%2Falt-php81%2Froot%2Fusr%2Finclude HTTP/1.1" 200 802 "-" "Mozilla/5.0 (Linux; Android 6.0.1; Nexus 5X Build/MMB29P) AppleWebKit/537.36 (KHTML, like Gecko) Chrome/135.0.7049.95 Mobile Safari/537.36 (compatible; GoogleOther)"
47.128.118.243 - - [28/Apr/2025:05:28:24 -0400] "GET /about.php?path=%2F%2Fhome%2Fmakmfewe%2Fmail%2F.Sent%2Fcur HTTP/1.1" 200 723 "-" "Mozilla/5.0 (Linux; Android 5.0) AppleWebKit/537.36 (KHTML, like Gecko) Mobile Safari/537.36 (compatible; Bytespider; spider-feedback@bytedance.com)"
66.249.75.165 - - [28/Apr/2025:05:28:28 -0400] "GET /about.php?action=edit&file=_wsgi_common.py&path=%2F%2Fopt%2Falt%2Fpython38%2Flib%2Fpython3.8%2Fsite-packages%2Fsentry_sdk%2Fintegrations HTTP/1.1" 200 1724 "-" "Mozilla/5.0 (Linux; Android 6.0.1; Nexus 5X Build/MMB29P) AppleWebKit/537.36 (KHTML, like Gecko) Chrome/135.0.7049.95 Mobile Safari/537.36 (compatible; GoogleOther)"
185.191.171.17 - - [28/Apr/2025:05:28:33 -0400] "GET /wp-includes/embed.php HTTP/1.1" 403 1242 "-" "Mozilla/5.0 (compatible; SemrushBot/7~bl; +http://www.semrush.com/bot.html)"
66.249.75.165 - - [28/Apr/2025:05:28:39 -0400] "GET /about.php?action=edit&file=WHEEL&path=%2F%2Fopt%2Fimunify360%2Fvenv%2Flib%2Fpython3.11%2Fsite-packages%2Fsdnotify-0.3.2.dist-info HTTP/1.1" 200 617 "-" "Mozilla/5.0 (Linux; Android 6.0.1; Nexus 5X Build/MMB29P) AppleWebKit/537.36 (KHTML, like Gecko) Chrome/135.0.7049.95 Mobile Safari/537.36 (compatible; GoogleOther)"
66.249.75.165 - - [28/Apr/2025:05:28:50 -0400] "GET /about.php?action=edit&file=REQUESTED&path=%2F%2Fopt%2Fcloudlinux%2Fvenv%2Flib64%2Fpython3.11%2Fsite-packages%2FMako-1.2.4.dist-info HTTP/1.1" 200 556 "-" "Mozilla/5.0 (Linux; Android 6.0.1; Nexus 5X Build/MMB29P) AppleWebKit/537.36 (KHTML, like Gecko) Chrome/135.0.7049.95 Mobile Safari/537.36 (compatible; GoogleOther)"
47.128.33.138 - - [28/Apr/2025:05:28:51 -0400] "GET /about.php?path=%2F%2Fvar%2Fsoftaculous%2Fwp59%2Fphp71 HTTP/1.1" 200 894 "-" "Mozilla/5.0 (Linux; Android 5.0) AppleWebKit/537.36 (KHTML, like Gecko) Mobile Safari/537.36 (compatible; Bytespider; spider-feedback@bytedance.com)"
66.249.75.166 - - [28/Apr/2025:05:29:00 -0400] "GET /about.php?action=edit&file=statemachine.py&path=%2F%2Fopt%2Fimunify360%2Fvenv%2Flib64%2Fpython3.11%2Fsite-packages%2Fdocutils HTTP/1.1" 200 14204 "-" "Mozilla/5.0 (Linux; Android 6.0.1; Nexus 5X Build/MMB29P) AppleWebKit/537.36 (KHTML, like Gecko) Chrome/135.0.7049.95 Mobile Safari/537.36 (compatible; GoogleOther)"
66.249.75.166 - - [28/Apr/2025:05:29:11 -0400] "GET /about.php?action=edit&file=test_dataclasses.py&path=%2F%2Fopt%2Fcloudlinux%2Fvenv%2Flib64%2Fpython3.11%2Fsite-packages%2Fdill%2Ftests HTTP/1.1" 200 1001 "-" "Mozilla/5.0 (Linux; Android 6.0.1; Nexus 5X Build/MMB29P) AppleWebKit/537.36 (KHTML, like Gecko) Chrome/135.0.7049.95 Mobile Safari/537.36 (compatible; GoogleOther)"
47.128.98.225 - - [28/Apr/2025:05:29:17 -0400] "GET /about.php?path=%2F%2Fvar%2Fsoftaculous%2Fopensis%2Fphp56 HTTP/1.1" 200 822 "-" "Mozilla/5.0 (Linux; Android 5.0) AppleWebKit/537.36 (KHTML, like Gecko) Mobile Safari/537.36 (compatible; Bytespider; spider-feedback@bytedance.com)"
66.249.75.165 - - [28/Apr/2025:05:29:22 -0400] "GET /about.php?path=%2F%2Fopt%2Fimunify360%2Fvenv%2Flib64%2Fpython3.11%2Fsite-packages%2FCrypto%2FSelfTest HTTP/1.1" 200 1065 "-" "Mozilla/5.0 (Linux; Android 6.0.1; Nexus 5X Build/MMB29P) AppleWebKit/537.36 (KHTML, like Gecko) Chrome/135.0.7049.95 Mobile Safari/537.36 (compatible; GoogleOther)"
66.249.75.165 - - [28/Apr/2025:05:29:33 -0400] "GET /about.php?action=edit&file=fix_ne.py&path=%2F%2Fopt%2Falt%2Fpython38%2Flib64%2Fpython3.8%2Flib2to3%2Ffixes HTTP/1.1" 200 888 "-" "Mozilla/5.0 (Linux; Android 6.0.1; Nexus 5X Build/MMB29P) AppleWebKit/537.36 (KHTML, like Gecko) Chrome/135.0.7049.95 Mobile Safari/537.36 (compatible; GoogleOther)"
47.128.111.50 - - [28/Apr/2025:05:29:43 -0400] "GET /about.php?path=%2F%2Fhome%2Fmakmfewe%2Flearningladder.academy%2Fwp-includes%2FPHPMailer HTTP/1.1" 200 868 "-" "Mozilla/5.0 (Linux; Android 5.0) AppleWebKit/537.36 (KHTML, like Gecko) Mobile Safari/537.36 (compatible; Bytespider; spider-feedback@bytedance.com)"
66.249.75.165 - - [28/Apr/2025:05:29:44 -0400] "GET /about.php?path=//opt/alt/python39/lib64/python3.9/lib2to3/pgen2/__pycache__ HTTP/1.1" 200 1160 "-" "Mozilla/5.0 (Linux; Android 6.0.1; Nexus 5X Build/MMB29P) AppleWebKit/537.36 (KHTML, like Gecko) Chrome/135.0.7049.95 Mobile Safari/537.36 (compatible; GoogleOther)"
66.249.75.165 - - [28/Apr/2025:05:29:55 -0400] "GET /about.php?action=edit&file=arguments.py&path=%2F%2Fopt%2Fcloudlinux%2Fvenv%2Flib%2Fpython3.11%2Fsite-packages%2Fwrapt HTTP/1.1" 200 1148 "-" "Mozilla/5.0 (Linux; Android 6.0.1; Nexus 5X Build/MMB29P) AppleWebKit/537.36 (KHTML, like Gecko) Chrome/135.0.7049.95 Mobile Safari/537.36 (compatible; GoogleOther)"
47.128.122.122 - - [28/Apr/2025:05:29:56 -0400] "GET /wp-includes/js/tinymce/plugins/wpview/ HTTP/1.1" 200 676 "-" "Mozilla/5.0 (Linux; Android 5.0) AppleWebKit/537.36 (KHTML, like Gecko) Mobile Safari/537.36 (compatible; TikTokSpider; ttspider-feedback@tiktok.com)"
66.249.75.166 - - [28/Apr/2025:05:30:07 -0400] "GET /about.php?path=%2F%2Fopt%2Fcloudlinux%2Fvenv%2Flib64%2Fpython3.11%2Fsite-packages%2Fsemver HTTP/1.1" 200 1001 "-" "Mozilla/5.0 (Linux; Android 6.0.1; Nexus 5X Build/MMB29P) AppleWebKit/537.36 (KHTML, like Gecko) Chrome/135.0.7049.95 Mobile Safari/537.36 (compatible; GoogleOther)"
47.128.48.76 - - [28/Apr/2025:05:30:10 -0400] "GET /about.php?path=%2F%2Fhome%2Fmakmfewe%2Fmail%2F.bdm%40arsn_media%2F.spam HTTP/1.1" 200 905 "-" "Mozilla/5.0 (Linux; Android 5.0) AppleWebKit/537.36 (KHTML, like Gecko) Mobile Safari/537.36 (compatible; Bytespider; spider-feedback@bytedance.com)"
66.249.75.165 - - [28/Apr/2025:05:30:10 -0400] "GET /about.php?path=%2F%2Fopt%2Fcloudlinux%2Falt-php70%2Froot%2Fetc%2Fmariadb1011 HTTP/1.1" 403 1242 "-" "Mozilla/5.0 (Linux; Android 6.0.1; Nexus 5X Build/MMB29P) AppleWebKit/537.36 (KHTML, like Gecko) Chrome/135.0.7049.95 Mobile Safari/537.36 (compatible; GoogleOther)"
66.249.75.165 - - [28/Apr/2025:05:30:17 -0400] "GET /about.php?action=edit&file=REQUESTED&path=%2F%2Fopt%2Fcloudlinux%2Fvenv%2Flib64%2Fpython3.11%2Fsite-packages%2Fidna-3.4.dist-info HTTP/1.1" 200 556 "-" "Mozilla/5.0 (Linux; Android 6.0.1; Nexus 5X Build/MMB29P) AppleWebKit/537.36 (KHTML, like Gecko) Chrome/135.0.7049.95 Mobile Safari/537.36 (compatible; GoogleOther)"
121.98.82.93 - - [28/Apr/2025:05:30:19 -0400] "GET /about.php?path=%2F%2Fopt%2Falt%2Fphp53%2Fetc%2Fmariadb106 HTTP/1.1" 403 1242 "-" "Mozilla/5.0 (Linux; Android 6.0; Nexus 5 Build/MRA58N) AppleWebKit/537.36 (KHTML, like Gecko) Chrome/42.0.9402.1446 Mobile Safari/537.36"
66.249.75.165 - - [28/Apr/2025:05:30:28 -0400] "GET /about.php?action=edit&file=Makefile.global&path=%2F%2Fopt%2Fcloudlinux%2Falt-php56%2Froot%2Fusr%2Flib64%2Fphp%2Fbuild HTTP/1.1" 200 2877 "-" "Mozilla/5.0 (Linux; Android 6.0.1; Nexus 5X Build/MMB29P) AppleWebKit/537.36 (KHTML, like Gecko) Chrome/135.0.7049.95 Mobile Safari/537.36 (compatible; GoogleOther)"
47.128.34.25 - - [28/Apr/2025:05:30:35 -0400] "GET /about.php?path=%2F%2Fvar%2Fsoftaculous%2Fwp52%2Fphp82 HTTP/1.1" 200 894 "-" "Mozilla/5.0 (Linux; Android 5.0) AppleWebKit/537.36 (KHTML, like Gecko) Mobile Safari/537.36 (compatible; Bytespider; spider-feedback@bytedance.com)"
66.249.75.165 - - [28/Apr/2025:05:30:39 -0400] "GET /about.php?action=edit&file=plyparser.py&path=%2F%2Fopt%2Fcloudlinux%2Fvenv%2Flib%2Fpython3.11%2Fsite-packages%2Fpycparser HTTP/1.1" 200 2391 "-" "Mozilla/5.0 (Linux; Android 6.0.1; Nexus 5X Build/MMB29P) AppleWebKit/537.36 (KHTML, like Gecko) Chrome/135.0.7049.95 Mobile Safari/537.36 (compatible; GoogleOther)"
66.249.75.165 - - [28/Apr/2025:05:30:50 -0400] "GET /about.php?path=%2F%2Fopt%2Fcloudlinux%2Fvenv%2Flib64%2Fpython3.11%2Fsite-packages%2Fpylint_celery-0.3.dist-info HTTP/1.1" 200 966 "-" "Mozilla/5.0 (Linux; Android 6.0.1; Nexus 5X Build/MMB29P) AppleWebKit/537.36 (KHTML, like Gecko) Chrome/135.0.7049.95 Mobile Safari/537.36 (compatible; GoogleOther)"
66.249.75.167 - - [28/Apr/2025:05:31:00 -0400] "GET /about.php?action=edit&file=networks.py&path=%2F%2Fopt%2Fcloudlinux%2Fvenv%2Flib%2Fpython3.11%2Fsite-packages%2Fpydantic HTTP/1.1" 200 6160 "-" "Mozilla/5.0 (Linux; Android 6.0.1; Nexus 5X Build/MMB29P) AppleWebKit/537.36 (KHTML, like Gecko) Chrome/135.0.7049.95 Mobile Safari/537.36 (compatible; GoogleOther)"
47.128.47.118 - - [28/Apr/2025:05:31:01 -0400] "GET /about.php?path=%2F%2Fvar%2Fsoftaculous%2Fflarum%2Fphp56 HTTP/1.1" 200 853 "-" "Mozilla/5.0 (Linux; Android 5.0) AppleWebKit/537.36 (KHTML, like Gecko) Mobile Safari/537.36 (compatible; Bytespider; spider-feedback@bytedance.com)"
66.249.75.165 - - [28/Apr/2025:05:31:11 -0400] "GET /about.php?action=edit&file=fix_execfile.py&path=%2F%2Fopt%2Falt%2Fpython39%2Flib64%2Fpython3.9%2Flib2to3%2Ffixes HTTP/1.1" 200 1440 "-" "Mozilla/5.0 (Linux; Android 6.0.1; Nexus 5X Build/MMB29P) AppleWebKit/537.36 (KHTML, like Gecko) Chrome/135.0.7049.95 Mobile Safari/537.36 (compatible; GoogleOther)"
66.249.75.165 - - [28/Apr/2025:05:31:22 -0400] "GET /about.php?action=edit&file=WHEEL&path=%2F%2Fopt%2Fimunify360%2Fvenv%2Flib%2Fpython3.11%2Fsite-packages%2Ftyping_extensions-4.12.2.dist-info HTTP/1.1" 200 608 "-" "Mozilla/5.0 (Linux; Android 6.0.1; Nexus 5X Build/MMB29P) AppleWebKit/537.36 (KHTML, like Gecko) Chrome/135.0.7049.95 Mobile Safari/537.36 (compatible; GoogleOther)"
47.128.120.125 - - [28/Apr/2025:05:31:27 -0400] "GET /about.php?path=%2F%2Fhome%2Fmakmfewe%2Fkamrancomputer.com%2Fwp-includes%2Fphp-compat HTTP/1.1" 200 825 "-" "Mozilla/5.0 (Linux; Android 5.0) AppleWebKit/537.36 (KHTML, like Gecko) Mobile Safari/537.36 (compatible; Bytespider; spider-feedback@bytedance.com)"
66.249.75.165 - - [28/Apr/2025:05:31:33 -0400] "GET /about.php?action=edit&file=__init__.cpython-311.pyc&path=%2F%2Fopt%2Fcloudlinux%2Fvenv%2Flib64%2Fpython3.11%2Fsite-packages%2Falembic%2Ftesting%2F__pycache__ HTTP/1.1" 200 1412 "-" "Mozilla/5.0 (Linux; Android 6.0.1; Nexus 5X Build/MMB29P) AppleWebKit/537.36 (KHTML, like Gecko) Chrome/135.0.7049.95 Mobile Safari/537.36 (compatible; GoogleOther)"
185.191.171.5 - - [28/Apr/2025:05:31:37 -0400] "GET /wp-includes/rss-functions.php HTTP/1.1" 403 1242 "-" "Mozilla/5.0 (compatible; SemrushBot/7~bl; +http://www.semrush.com/bot.html)"
66.249.75.165 - - [28/Apr/2025:05:31:44 -0400] "GET /about.php?action=edit&file=WHEEL&path=%2F%2Fopt%2Fcloudlinux%2Fvenv%2Flib%2Fpython3.11%2Fsite-packages%2Fannotated_types-0.6.0.dist-info HTTP/1.1" 200 611 "-" "Mozilla/5.0 (Linux; Android 6.0.1; Nexus 5X Build/MMB29P) AppleWebKit/537.36 (KHTML, like Gecko) Chrome/135.0.7049.95 Mobile Safari/537.36 (compatible; GoogleOther)"
47.128.18.140 - - [28/Apr/2025:05:31:53 -0400] "GET /about.php?path=%2F%2Fvar%2Fsoftaculous%2Fhandesk%2Fimages HTTP/1.1" 200 808 "-" "Mozilla/5.0 (Linux; Android 5.0) AppleWebKit/537.36 (KHTML, like Gecko) Mobile Safari/537.36 (compatible; Bytespider; spider-feedback@bytedance.com)"
66.249.75.165 - - [28/Apr/2025:05:31:55 -0400] "GET /about.php?action=edit&file=bbcode.py&path=%2F%2Fopt%2Falt%2Fpython38%2Flib%2Fpython3.8%2Fsite-packages%2Fpip%2F_vendor%2Fpygments%2Fformatters HTTP/1.1" 200 1707 "-" "Mozilla/5.0 (Linux; Android 6.0.1; Nexus 5X Build/MMB29P) AppleWebKit/537.36 (KHTML, like Gecko) Chrome/135.0.7049.95 Mobile Safari/537.36 (compatible; GoogleOther)"
66.249.75.167 - - [28/Apr/2025:05:32:08 -0400] "GET /about.php?path=%2F%2Fopt%2Fimunify360%2Fvenv%2Flib%2Fpython3.11%2Fsite-packages%2Furllib3 HTTP/1.1" 200 1082 "-" "Mozilla/5.0 (Linux; Android 6.0.1; Nexus 5X Build/MMB29P) AppleWebKit/537.36 (KHTML, like Gecko) Chrome/135.0.7049.95 Mobile Safari/537.36 (compatible; GoogleOther)"
66.249.75.165 - - [28/Apr/2025:05:32:11 -0400] "GET /about.php?path=%2F%2Fopt%2Fcloudlinux%2Falt-php82%2Froot%2Fusr%2Finclude%2Fphp%2FTSRM HTTP/1.1" 200 863 "-" "Mozilla/5.0 (Linux; Android 6.0.1; Nexus 5X Build/MMB29P) AppleWebKit/537.36 (KHTML, like Gecko) Chrome/135.0.7049.95 Mobile Safari/537.36 (compatible; GoogleOther)"
66.249.75.166 - - [28/Apr/2025:05:32:17 -0400] "GET /about.php?path=%2F%2Fopt%2Falt%2Fpython310%2Fshare%2Fman HTTP/1.1" 200 777 "-" "Mozilla/5.0 (Linux; Android 6.0.1; Nexus 5X Build/MMB29P) AppleWebKit/537.36 (KHTML, like Gecko) Chrome/135.0.7049.95 Mobile Safari/537.36 (compatible; GoogleOther)"
66.249.75.165 - - [28/Apr/2025:05:32:28 -0400] "GET /about.php?action=edit&file=eula.py&path=%2F%2Fopt%2Fimunify360%2Fvenv%2Flib%2Fpython3.11%2Fsite-packages%2Fdefence360agent%2Fcontracts HTTP/1.1" 200 1162 "-" "Mozilla/5.0 (Linux; Android 6.0.1; Nexus 5X Build/MMB29P) AppleWebKit/537.36 (KHTML, like Gecko) Chrome/135.0.7049.95 Mobile Safari/537.36 (compatible; GoogleOther)"
47.128.16.212 - - [28/Apr/2025:05:32:30 -0400] "GET /about.php?path=%2F%2Fvar%2Fsoftaculous%2Fmyfaq HTTP/1.1" 200 1066 "-" "Mozilla/5.0 (Linux; Android 5.0) AppleWebKit/537.36 (KHTML, like Gecko) Mobile Safari/537.36 (compatible; Bytespider; spider-feedback@bytedance.com)"
20.171.207.245 - - [28/Apr/2025:05:32:32 -0400] "GET /wp-includes/blocks/more/ HTTP/1.1" 200 726 "-" "Mozilla/5.0 AppleWebKit/537.36 (KHTML, like Gecko; compatible; GPTBot/1.2; +https://openai.com/gptbot)"
20.171.207.245 - - [28/Apr/2025:05:32:35 -0400] "GET /wp-includes/blocks/more/?ND HTTP/1.1" 200 726 "-" "Mozilla/5.0 AppleWebKit/537.36 (KHTML, like Gecko; compatible; GPTBot/1.2; +https://openai.com/gptbot)"
20.171.207.245 - - [28/Apr/2025:05:32:38 -0400] "GET /wp-includes/blocks/more/editor.min.css HTTP/1.1" 200 333 "-" "Mozilla/5.0 AppleWebKit/537.36 (KHTML, like Gecko; compatible; GPTBot/1.2; +https://openai.com/gptbot)"
66.249.75.165 - - [28/Apr/2025:05:32:39 -0400] "GET /about.php?action=edit&file=pack.py&path=%2F%2Fopt%2Fcloudlinux%2Fvenv%2Flib%2Fpython3.11%2Fsite-packages%2Fgitdb HTTP/1.1" 200 12059 "-" "Mozilla/5.0 (Linux; Android 6.0.1; Nexus 5X Build/MMB29P) AppleWebKit/537.36 (KHTML, like Gecko) Chrome/135.0.7049.95 Mobile Safari/537.36 (compatible; GoogleOther)"
20.171.207.245 - - [28/Apr/2025:05:32:40 -0400] "GET /wp-includes/blocks/more/block.json HTTP/1.1" 200 636 "-" "Mozilla/5.0 AppleWebKit/537.36 (KHTML, like Gecko; compatible; GPTBot/1.2; +https://openai.com/gptbot)"
20.171.207.245 - - [28/Apr/2025:05:32:43 -0400] "GET /wp-includes/blocks/more/editor-rtl.css HTTP/1.1" 200 360 "-" "Mozilla/5.0 AppleWebKit/537.36 (KHTML, like Gecko; compatible; GPTBot/1.2; +https://openai.com/gptbot)"
20.171.207.245 - - [28/Apr/2025:05:32:45 -0400] "GET /wp-includes/blocks/more/editor-rtl.min.css HTTP/1.1" 200 333 "-" "Mozilla/5.0 AppleWebKit/537.36 (KHTML, like Gecko; compatible; GPTBot/1.2; +https://openai.com/gptbot)"
47.128.127.140 - - [28/Apr/2025:05:32:45 -0400] "GET /about.php?path=%2F%2Fvar%2Fsoftaculous%2Fakaunting HTTP/1.1" 200 1096 "-" "Mozilla/5.0 (Linux; Android 5.0) AppleWebKit/537.36 (KHTML, like Gecko) Mobile Safari/537.36 (compatible; Bytespider; spider-feedback@bytedance.com)"
20.171.207.245 - - [28/Apr/2025:05:32:46 -0400] "GET /wp-includes/blocks/more/?MA HTTP/1.1" 200 728 "-" "Mozilla/5.0 AppleWebKit/537.36 (KHTML, like Gecko; compatible; GPTBot/1.2; +https://openai.com/gptbot)"
20.171.207.245 - - [28/Apr/2025:05:32:48 -0400] "GET /wp-includes/blocks/more/editor.css HTTP/1.1" 200 360 "-" "Mozilla/5.0 AppleWebKit/537.36 (KHTML, like Gecko; compatible; GPTBot/1.2; +https://openai.com/gptbot)"
20.171.207.245 - - [28/Apr/2025:05:32:50 -0400] "GET /wp-includes/blocks/more/?SA HTTP/1.1" 200 729 "-" "Mozilla/5.0 AppleWebKit/537.36 (KHTML, like Gecko; compatible; GPTBot/1.2; +https://openai.com/gptbot)"
66.249.75.165 - - [28/Apr/2025:05:32:50 -0400] "GET /about.php?action=edit&file=htscanner.so&path=%2F%2Fproc%2Fthread-self%2Froot%2Fopt%2Falt%2Fphp81%2Fusr%2Flib64%2Fphp%2Fmodules HTTP/1.1" 200 6712 "-" "Mozilla/5.0 (Linux; Android 6.0.1; Nexus 5X Build/MMB29P) AppleWebKit/537.36 (KHTML, like Gecko) Chrome/135.0.7049.95 Mobile Safari/537.36 (compatible; GoogleOther)"
20.171.207.245 - - [28/Apr/2025:05:32:51 -0400] "GET /wp-includes/blocks/more/?NA HTTP/1.1" 200 726 "-" "Mozilla/5.0 AppleWebKit/537.36 (KHTML, like Gecko; compatible; GPTBot/1.2; +https://openai.com/gptbot)"
20.171.207.245 - - [28/Apr/2025:05:32:52 -0400] "GET /wp-includes/blocks/more/?MD HTTP/1.1" 200 729 "-" "Mozilla/5.0 AppleWebKit/537.36 (KHTML, like Gecko; compatible; GPTBot/1.2; +https://openai.com/gptbot)"
20.171.207.245 - - [28/Apr/2025:05:32:53 -0400] "GET /wp-includes/blocks/more/?SD HTTP/1.1" 200 735 "-" "Mozilla/5.0 AppleWebKit/537.36 (KHTML, like Gecko; compatible; GPTBot/1.2; +https://openai.com/gptbot)"
66.249.75.165 - - [28/Apr/2025:05:33:01 -0400] "GET /about.php?path=//opt/alt/ruby31/lib64 HTTP/1.1" 200 864 "-" "Mozilla/5.0 (Linux; Android 6.0.1; Nexus 5X Build/MMB29P) AppleWebKit/537.36 (KHTML, like Gecko) Chrome/135.0.7049.95 Mobile Safari/537.36 (compatible; GoogleOther)"
47.128.45.38 - - [28/Apr/2025:05:33:11 -0400] "GET /about.php?path=%2F%2Fhome%2Fmakmfewe%2Fglobalindustrialsolution.org%2Fwp-includes%2Fblocks%2Fquery-pagination-previous HTTP/1.1" 200 859 "-" "Mozilla/5.0 (Linux; Android 5.0) AppleWebKit/537.36 (KHTML, like Gecko) Mobile Safari/537.36 (compatible; Bytespider; spider-feedback@bytedance.com)"
66.249.75.165 - - [28/Apr/2025:05:33:11 -0400] "GET /about.php?action=edit&file=tracing_utils.cpython-311.pyc&path=%2F%2Fopt%2Fcloudlinux%2Fvenv%2Flib%2Fpython3.11%2Fsite-packages%2Fsentry_sdk%2F__pycache__ HTTP/1.1" 200 7987 "-" "Mozilla/5.0 (Linux; Android 6.0.1; Nexus 5X Build/MMB29P) AppleWebKit/537.36 (KHTML, like Gecko) Chrome/135.0.7049.95 Mobile Safari/537.36 (compatible; GoogleOther)"
66.249.75.165 - - [28/Apr/2025:05:33:22 -0400] "GET /about.php?action=edit&file=sbcsgroupprober.py&path=%2F%2Fopt%2Falt%2Fpython38%2Flib%2Fpython3.8%2Fsite-packages%2Fpip%2F_vendor%2Fchardet HTTP/1.1" 200 1922 "-" "Mozilla/5.0 (Linux; Android 6.0.1; Nexus 5X Build/MMB29P) AppleWebKit/537.36 (KHTML, like Gecko) Chrome/135.0.7049.95 Mobile Safari/537.36 (compatible; GoogleOther)"
66.249.75.165 - - [28/Apr/2025:05:33:33 -0400] "GET /about.php?path=%2F%2Fopt%2Fcloudlinux%2Fvenv%2Flib64%2Fpython3.11%2Fsite-packages%2Fpylint-2.17.4.dist-info HTTP/1.1" 200 1040 "-" "Mozilla/5.0 (Linux; Android 6.0.1; Nexus 5X Build/MMB29P) AppleWebKit/537.36 (KHTML, like Gecko) Chrome/135.0.7049.95 Mobile Safari/537.36 (compatible; GoogleOther)"
47.128.110.135 - - [28/Apr/2025:05:33:37 -0400] "GET /about.php?path=%2F%2Fusr%2Flib%2Fmodprobe.d HTTP/1.1" 200 813 "-" "Mozilla/5.0 (Linux; Android 5.0) AppleWebKit/537.36 (KHTML, like Gecko) Mobile Safari/537.36 (compatible; Bytespider; spider-feedback@bytedance.com)"
66.249.75.165 - - [28/Apr/2025:05:33:44 -0400] "GET /about.php?path=%2F%2Fopt%2Falt%2Fpython38%2Flib%2Fpython3.8%2Fsite-packages%2Fpip%2F_vendor%2Fcachecontrol%2F__pycache__ HTTP/1.1" 200 1066 "-" "Mozilla/5.0 (Linux; Android 6.0.1; Nexus 5X Build/MMB29P) AppleWebKit/537.36 (KHTML, like Gecko) Chrome/135.0.7049.95 Mobile Safari/537.36 (compatible; GoogleOther)"
47.128.122.13 - - [28/Apr/2025:05:33:54 -0400] "GET /about.php?path=%2F%2Fhome%2Fmakmfewe%2Fdrshahidchudhary.com%2Fwp-includes%2FSimplePie%2Flibrary HTTP/1.1" 200 892 "-" "Mozilla/5.0 (Linux; Android 5.0) AppleWebKit/537.36 (KHTML, like Gecko) Mobile Safari/537.36 (compatible; TikTokSpider; ttspider-feedback@tiktok.com)"
66.249.75.165 - - [28/Apr/2025:05:33:55 -0400] "GET /about.php?path=%2F%2Fopt%2Fcloudlinux%2Fvenv%2Flib%2Fpython3.11%2Fsite-packages%2Fclsummary HTTP/1.1" 200 993 "-" "Mozilla/5.0 (Linux; Android 6.0.1; Nexus 5X Build/MMB29P) AppleWebKit/537.36 (KHTML, like Gecko) Chrome/135.0.7049.95 Mobile Safari/537.36 (compatible; GoogleOther)"
66.249.75.165 - - [28/Apr/2025:05:34:06 -0400] "GET /about.php?path=%2F%2Fopt%2Fcloudlinux%2Fvenv%2Flib64%2Fpython3.11%2Fsite-packages%2Fprospector-1.10.2.dist-info HTTP/1.1" 200 990 "-" "Mozilla/5.0 (Linux; Android 6.0.1; Nexus 5X Build/MMB29P) AppleWebKit/537.36 (KHTML, like Gecko) Chrome/135.0.7049.95 Mobile Safari/537.36 (compatible; GoogleOther)"
66.249.75.166 - - [28/Apr/2025:05:34:19 -0400] "GET /about.php?action=edit&file=distutils-precedence.pth&path=%2F%2Fopt%2Fcloudlinux%2Fvenv%2Flib%2Fpython3.11%2Fsite-packages HTTP/1.1" 200 676 "-" "Mozilla/5.0 (Linux; Android 6.0.1; Nexus 5X Build/MMB29P) AppleWebKit/537.36 (KHTML, like Gecko) Chrome/135.0.7049.95 Mobile Safari/537.36 (compatible; GoogleOther)"
131.106.242.17 - - [28/Apr/2025:05:34:19 -0400] "GET /about.php?path=%2F%2Fhome%2Fmakmfewe%2Fetc%2Fkamrancomputer.com HTTP/1.1" 403 1242 "-" "Mozilla/5.0 (Linux; Android 8.0; Pixel 2 Build/OPD3.170816.012) AppleWebKit/537.36 (KHTML, like Gecko) Chrome/54.0.6651.1741 Mobile Safari/537.36"
66.249.75.165 - - [28/Apr/2025:05:34:28 -0400] "GET /about.php?action=edit&file=RECORD&path=%2F%2Fopt%2Fcloudlinux%2Fvenv%2Flib%2Fpython3.11%2Fsite-packages%2Fchardet-5.2.0.dist-info HTTP/1.1" 200 3397 "-" "Mozilla/5.0 (Linux; Android 6.0.1; Nexus 5X Build/MMB29P) AppleWebKit/537.36 (KHTML, like Gecko) Chrome/135.0.7049.95 Mobile Safari/537.36 (compatible; GoogleOther)"
66.249.75.165 - - [28/Apr/2025:05:34:39 -0400] "GET /about.php?action=edit&file=__init__.py&path=%2F%2Fopt%2Fcloudlinux%2Fvenv%2Flib64%2Fpython3.11%2Fsite-packages%2Fwcwidth HTTP/1.1" 200 1043 "-" "Mozilla/5.0 (Linux; Android 6.0.1; Nexus 5X Build/MMB29P) AppleWebKit/537.36 (KHTML, like Gecko) Chrome/135.0.7049.95 Mobile Safari/537.36 (compatible; GoogleOther)"
66.249.75.165 - - [28/Apr/2025:05:34:50 -0400] "GET /about.php?action=edit&file=genobject.h&path=%2F%2Fopt%2Falt%2Fpython310%2Finclude%2Fpython3.10 HTTP/1.1" 200 1559 "-" "Mozilla/5.0 (Linux; Android 6.0.1; Nexus 5X Build/MMB29P) AppleWebKit/537.36 (KHTML, like Gecko) Chrome/135.0.7049.95 Mobile Safari/537.36 (compatible; GoogleOther)"
66.249.75.167 - - [28/Apr/2025:05:35:01 -0400] "GET /about.php?path=//opt/alt/python38/lib/python3.8/site-packages/pkg_resources/tests/data HTTP/1.1" 200 867 "-" "Mozilla/5.0 (Linux; Android 6.0.1; Nexus 5X Build/MMB29P) AppleWebKit/537.36 (KHTML, like Gecko) Chrome/135.0.7049.95 Mobile Safari/537.36 (compatible; GoogleOther)"
66.249.75.165 - - [28/Apr/2025:05:35:11 -0400] "GET /about.php?action=edit&file=METADATA&path=%2F%2Fopt%2Fimunify360%2Fvenv%2Flib%2Fpython3.11%2Fsite-packages%2Fsix-1.16.0.dist-info HTTP/1.1" 200 1327 "-" "Mozilla/5.0 (Linux; Android 6.0.1; Nexus 5X Build/MMB29P) AppleWebKit/537.36 (KHTML, like Gecko) Chrome/135.0.7049.95 Mobile Safari/537.36 (compatible; GoogleOther)"
66.249.75.165 - - [28/Apr/2025:05:35:22 -0400] "GET /about.php?action=edit&file=marc_field_21246.phpt&path=%2F%2Fproc%2Fthread-self%2Froot%2Fopt%2Falt%2Fphp81%2Fusr%2Fshare%2Fpear%2Ftest%2FFile_MARC%2Ftests HTTP/1.1" 200 926 "-" "Mozilla/5.0 (Linux; Android 6.0.1; Nexus 5X Build/MMB29P) AppleWebKit/537.36 (KHTML, like Gecko) Chrome/135.0.7049.95 Mobile Safari/537.36 (compatible; GoogleOther)"
66.249.75.165 - - [28/Apr/2025:05:35:33 -0400] "GET /about.php?action=edit&file=fix_basestring.cpython-38.opt-2.pyc&path=%2F%2Fopt%2Falt%2Fpython38%2Flib64%2Fpython3.8%2Flib2to3%2Ffixes%2F__pycache__ HTTP/1.1" 200 989 "-" "Mozilla/5.0 (Linux; Android 6.0.1; Nexus 5X Build/MMB29P) AppleWebKit/537.36 (KHTML, like Gecko) Chrome/135.0.7049.95 Mobile Safari/537.36 (compatible; GoogleOther)"
66.249.75.165 - - [28/Apr/2025:05:35:44 -0400] "GET /about.php?action=edit&file=function.rb&path=%2F%2Fopt%2Falt%2Fruby24%2Flib64%2Fruby%2F2.4.0%2Ffiddle HTTP/1.1" 200 681 "-" "Mozilla/5.0 (Linux; Android 6.0.1; Nexus 5X Build/MMB29P) AppleWebKit/537.36 (KHTML, like Gecko) Chrome/135.0.7049.95 Mobile Safari/537.36 (compatible; GoogleOther)"
66.249.75.165 - - [28/Apr/2025:05:35:55 -0400] "GET /about.php?action=edit&file=fix_paren.py&path=%2F%2Fopt%2Falt%2Fpython38%2Flib64%2Fpython3.8%2Flib2to3%2Ffixes HTTP/1.1" 200 1051 "-" "Mozilla/5.0 (Linux; Android 6.0.1; Nexus 5X Build/MMB29P) AppleWebKit/537.36 (KHTML, like Gecko) Chrome/135.0.7049.95 Mobile Safari/537.36 (compatible; GoogleOther)"
66.249.75.165 - - [28/Apr/2025:05:35:59 -0400] "GET /about.php?path=%2F%2Fopt%2Fcloudlinux%2Falt-php74%2Froot%2Fusr%2Finclude%2Fphp%2FTSRM HTTP/1.1" 200 886 "-" "Mozilla/5.0 (Linux; Android 6.0.1; Nexus 5X Build/MMB29P) AppleWebKit/537.36 (KHTML, like Gecko) Chrome/135.0.7049.95 Mobile Safari/537.36 (compatible; GoogleOther)"
185.191.171.7 - - [28/Apr/2025:05:36:06 -0400] "GET /wp-includes/class-wp-post-type.php HTTP/1.1" 403 1242 "-" "Mozilla/5.0 (compatible; SemrushBot/7~bl; +http://www.semrush.com/bot.html)"
66.249.75.165 - - [28/Apr/2025:05:36:06 -0400] "GET /about.php?action=edit&file=LICENSE&path=%2F%2Fopt%2Fimunify360%2Fvenv%2Flib64%2Fpython3.11%2Fsite-packages%2Fasync_lru-2.0.3.dist-info HTTP/1.1" 200 1254 "-" "Mozilla/5.0 (Linux; Android 6.0.1; Nexus 5X Build/MMB29P) AppleWebKit/537.36 (KHTML, like Gecko) Chrome/135.0.7049.95 Mobile Safari/537.36 (compatible; GoogleOther)"
66.249.75.165 - - [28/Apr/2025:05:36:17 -0400] "GET /about.php?action=edit&file=initialise.py&path=%2F%2Fopt%2Falt%2Fpython38%2Flib%2Fpython3.8%2Fsite-packages%2Fpip%2F_vendor%2Fcolorama HTTP/1.1" 200 1177 "-" "Mozilla/5.0 (Linux; Android 6.0.1; Nexus 5X Build/MMB29P) AppleWebKit/537.36 (KHTML, like Gecko) Chrome/135.0.7049.95 Mobile Safari/537.36 (compatible; GoogleOther)"
66.249.75.165 - - [28/Apr/2025:05:36:28 -0400] "GET /about.php?action=edit&file=REQUESTED&path=%2F%2Fopt%2Fcloudlinux%2Fvenv%2Flib64%2Fpython3.11%2Fsite-packages%2Fprospector-1.10.2.dist-info HTTP/1.1" 200 556 "-" "Mozilla/5.0 (Linux; Android 6.0.1; Nexus 5X Build/MMB29P) AppleWebKit/537.36 (KHTML, like Gecko) Chrome/135.0.7049.95 Mobile Safari/537.36 (compatible; GoogleOther)"
66.249.75.165 - - [28/Apr/2025:05:36:39 -0400] "GET /about.php?path=//opt/alt/python38/lib/python3.8/site-packages/pip/_vendor/cachecontrol/__pycache__ HTTP/1.1" 200 1066 "-" "Mozilla/5.0 (Linux; Android 6.0.1; Nexus 5X Build/MMB29P) AppleWebKit/537.36 (KHTML, like Gecko) Chrome/135.0.7049.95 Mobile Safari/537.36 (compatible; GoogleOther)"
66.249.75.165 - - [28/Apr/2025:05:36:50 -0400] "GET /about.php?action=edit&file=RECORD&path=%2F%2Fopt%2Fcloudlinux%2Fvenv%2Flib%2Fpython3.11%2Fsite-packages%2Fprettytable-3.8.0.dist-info HTTP/1.1" 200 1032 "-" "Mozilla/5.0 (Linux; Android 6.0.1; Nexus 5X Build/MMB29P) AppleWebKit/537.36 (KHTML, like Gecko) Chrome/135.0.7049.95 Mobile Safari/537.36 (compatible; GoogleOther)"
66.249.75.165 - - [28/Apr/2025:05:37:00 -0400] "GET /about.php?action=edit&file=filewrapper.cpython-38.pyc&path=%2F%2Fopt%2Falt%2Fpython38%2Flib%2Fpython3.8%2Fsite-packages%2Fpip%2F_vendor%2Fcachecontrol%2F__pycache__ HTTP/1.1" 200 2130 "-" "Mozilla/5.0 (Linux; Android 6.0.1; Nexus 5X Build/MMB29P) AppleWebKit/537.36 (KHTML, like Gecko) Chrome/135.0.7049.95 Mobile Safari/537.36 (compatible; GoogleOther)"
66.249.75.167 - - [28/Apr/2025:05:37:03 -0400] "GET /about.php?path=%2F%2Fproc%2Fthread-self%2Froot%2Fopt%2Falt%2Fphp82%2Fetc%2Frpm HTTP/1.1" 403 1242 "-" "Mozilla/5.0 (Linux; Android 6.0.1; Nexus 5X Build/MMB29P) AppleWebKit/537.36 (KHTML, like Gecko) Chrome/135.0.7049.95 Mobile Safari/537.36 (compatible; GoogleOther)"
66.249.75.165 - - [28/Apr/2025:05:37:11 -0400] "GET /about.php?path=%2F%2Fopt%2Fimunify360%2Fvenv%2Flib64%2Fpython3.11%2Fsite-packages%2FCrypto%2FSelfTest%2FRandom HTTP/1.1" 200 945 "-" "Mozilla/5.0 (Linux; Android 6.0.1; Nexus 5X Build/MMB29P) AppleWebKit/537.36 (KHTML, like Gecko) Chrome/135.0.7049.95 Mobile Safari/537.36 (compatible; GoogleOther)"
66.249.75.165 - - [28/Apr/2025:05:37:22 -0400] "GET /about.php?action=edit&file=testing.cpython-311.pyc&path=%2F%2Fopt%2Fcloudlinux%2Fvenv%2Flib%2Fpython3.11%2Fsite-packages%2Fpyparsing%2F__pycache__ HTTP/1.1" 200 8245 "-" "Mozilla/5.0 (Linux; Android 6.0.1; Nexus 5X Build/MMB29P) AppleWebKit/537.36 (KHTML, like Gecko) Chrome/135.0.7049.95 Mobile Safari/537.36 (compatible; GoogleOther)"
47.128.116.237 - - [28/Apr/2025:05:37:27 -0400] "GET /about.php?path=%2F%2Fhome%2Fmakmfewe%2Fpublic_html%2Fnc_assets%2Ffonts HTTP/1.1" 200 1134 "-" "Mozilla/5.0 (Linux; Android 5.0) AppleWebKit/537.36 (KHTML, like Gecko) Mobile Safari/537.36 (compatible; Bytespider; spider-feedback@bytedance.com)"
66.249.75.165 - - [28/Apr/2025:05:37:33 -0400] "GET /about.php?action=edit&file=RECORD&path=%2F%2Fopt%2Fimunify360%2Fvenv%2Flib64%2Fpython3.11%2Fsite-packages%2Faiosignal-1.3.1.dist-info HTTP/1.1" 200 1016 "-" "Mozilla/5.0 (Linux; Android 6.0.1; Nexus 5X Build/MMB29P) AppleWebKit/537.36 (KHTML, like Gecko) Chrome/135.0.7049.95 Mobile Safari/537.36 (compatible; GoogleOther)"
66.249.75.165 - - [28/Apr/2025:05:37:44 -0400] "GET /about.php?path=//opt/imunify360/venv/lib64/python3.11/site-packages/aiosignal-1.3.1.dist-info HTTP/1.1" 200 992 "-" "Mozilla/5.0 (Linux; Android 6.0.1; Nexus 5X Build/MMB29P) AppleWebKit/537.36 (KHTML, like Gecko) Chrome/135.0.7049.95 Mobile Safari/537.36 (compatible; GoogleOther)"
47.128.37.157 - - [28/Apr/2025:05:37:52 -0400] "GET /about.php?path=%2F%2Fusr%2Flib%2Fpolkit-1 HTTP/1.1" 200 794 "-" "Mozilla/5.0 (Linux; Android 5.0) AppleWebKit/537.36 (KHTML, like Gecko) Mobile Safari/537.36 (compatible; Bytespider; spider-feedback@bytedance.com)"
47.128.121.85 - - [28/Apr/2025:05:37:54 -0400] "GET /about.php?path=%2F%2Fhome%2Fmakmfewe%2Fpublic_html%2Fgillindustry%2Fwp-includes%2Fcertificates HTTP/1.1" 200 847 "-" "Mozilla/5.0 (Linux; Android 5.0) AppleWebKit/537.36 (KHTML, like Gecko) Mobile Safari/537.36 (compatible; TikTokSpider; ttspider-feedback@tiktok.com)"
66.249.75.165 - - [28/Apr/2025:05:37:55 -0400] "GET /about.php?action=edit&file=heuristics.cpython-38.pyc&path=%2F%2Fopt%2Falt%2Fpython38%2Flib%2Fpython3.8%2Fsite-packages%2Fpip%2F_vendor%2Fcachecontrol%2F__pycache__ HTTP/1.1" 200 3069 "-" "Mozilla/5.0 (Linux; Android 6.0.1; Nexus 5X Build/MMB29P) AppleWebKit/537.36 (KHTML, like Gecko) Chrome/135.0.7049.95 Mobile Safari/537.36 (compatible; GoogleOther)"
66.249.75.166 - - [28/Apr/2025:05:38:06 -0400] "GET /about.php?action=edit&file=arg_parse.py&path=%2F%2Fopt%2Fcloudlinux%2Fvenv%2Flib%2Fpython3.11%2Fsite-packages%2Fclsummary HTTP/1.1" 200 1429 "-" "Mozilla/5.0 (Linux; Android 6.0.1; Nexus 5X Build/MMB29P) AppleWebKit/537.36 (KHTML, like Gecko) Chrome/135.0.7049.95 Mobile Safari/537.36 (compatible; GoogleOther)"
66.249.75.166 - - [28/Apr/2025:05:38:17 -0400] "GET /about.php?action=edit&file=compat.cpython-38.pyc&path=%2F%2Fopt%2Falt%2Fpython38%2Flib%2Fpython3.8%2Fsite-packages%2Fpip%2F_vendor%2Fcachecontrol%2F__pycache__ HTTP/1.1" 200 1050 "-" "Mozilla/5.0 (Linux; Android 6.0.1; Nexus 5X Build/MMB29P) AppleWebKit/537.36 (KHTML, like Gecko) Chrome/135.0.7049.95 Mobile Safari/537.36 (compatible; GoogleOther)"
47.128.16.196 - - [28/Apr/2025:05:38:19 -0400] "GET /about.php?path=%2F%2Fopt%2Fimunify360%2Fvenv HTTP/1.1" 200 841 "-" "Mozilla/5.0 (Linux; Android 5.0) AppleWebKit/537.36 (KHTML, like Gecko) Mobile Safari/537.36 (compatible; Bytespider; spider-feedback@bytedance.com)"
101.98.157.88 - - [28/Apr/2025:05:38:19 -0400] "GET /about.php?path=%2F%2Fopt%2Falt%2Fphp71%2Fetc%2Fsysconfig HTTP/1.1" 403 1242 "-" "Mozilla/5.0 (Linux; Android 6.0; Nexus 5 Build/MRA58N) AppleWebKit/537.36 (KHTML, like Gecko) Chrome/48.0.2280.1419 Mobile Safari/537.36"
66.249.75.165 - - [28/Apr/2025:05:38:28 -0400] "GET /about.php?action=edit&file=REQUESTED&path=%2F%2Fopt%2Fimunify360%2Fvenv%2Flib64%2Fpython3.11%2Fsite-packages%2Faiosignal-1.3.1.dist-info HTTP/1.1" 200 556 "-" "Mozilla/5.0 (Linux; Android 6.0.1; Nexus 5X Build/MMB29P) AppleWebKit/537.36 (KHTML, like Gecko) Chrome/135.0.7049.95 Mobile Safari/537.36 (compatible; GoogleOther)"
66.249.75.165 - - [28/Apr/2025:05:38:39 -0400] "GET /about.php?path=%2F%2Fopt%2Fcloudlinux%2Fvenv%2Flib%2Fpython3.11%2Fsite-packages%2Fprettytable-3.8.0.dist-info%2Flicenses HTTP/1.1" 200 891 "-" "Mozilla/5.0 (Linux; Android 6.0.1; Nexus 5X Build/MMB29P) AppleWebKit/537.36 (KHTML, like Gecko) Chrome/135.0.7049.95 Mobile Safari/537.36 (compatible; GoogleOther)"
47.128.32.82 - - [28/Apr/2025:05:38:44 -0400] "GET /about.php?path=%2F%2Fhome%2Fmakmfewe%2Fpublic_html%2Fgillindustry%2Fwp-includes%2Fblocks%2Fcomments-pagination-numbers HTTP/1.1" 200 933 "-" "Mozilla/5.0 (Linux; Android 5.0) AppleWebKit/537.36 (KHTML, like Gecko) Mobile Safari/537.36 (compatible; Bytespider; spider-feedback@bytedance.com)"
66.249.75.165 - - [28/Apr/2025:05:38:50 -0400] "GET /about.php?action=edit&file=__init__.cpython-38.pyc&path=%2F%2Fopt%2Falt%2Fpython38%2Flib%2Fpython3.8%2Fsite-packages%2Fpip%2F_vendor%2Fcachecontrol%2F__pycache__ HTTP/1.1" 200 1045 "-" "Mozilla/5.0 (Linux; Android 6.0.1; Nexus 5X Build/MMB29P) AppleWebKit/537.36 (KHTML, like Gecko) Chrome/135.0.7049.95 Mobile Safari/537.36 (compatible; GoogleOther)"
66.249.75.165 - - [28/Apr/2025:05:39:00 -0400] "GET /about.php?action=edit&file=to_tt_only.rb&path=%2F%2Fopt%2Falt%2Fruby24%2Flib64%2Fruby%2F2.4.0%2Frdoc%2Fmarkup HTTP/1.1" 200 1435 "-" "Mozilla/5.0 (Linux; Android 6.0.1; Nexus 5X Build/MMB29P) AppleWebKit/537.36 (KHTML, like Gecko) Chrome/135.0.7049.95 Mobile Safari/537.36 (compatible; GoogleOther)"
66.249.75.166 - - [28/Apr/2025:05:39:11 -0400] "GET /about.php?action=edit&file=hardware_statistics.py&path=%2F%2Fopt%2Fcloudlinux%2Fvenv%2Flib%2Fpython3.11%2Fsite-packages%2Fclsummary HTTP/1.1" 200 2119 "-" "Mozilla/5.0 (Linux; Android 6.0.1; Nexus 5X Build/MMB29P) AppleWebKit/537.36 (KHTML, like Gecko) Chrome/135.0.7049.95 Mobile Safari/537.36 (compatible; GoogleOther)"
66.249.75.165 - - [28/Apr/2025:05:39:22 -0400] "GET /about.php?action=edit&file=LICENSE&path=%2F%2Fopt%2Fcloudlinux%2Fvenv%2Flib64%2Fpython3.11%2Fsite-packages%2Fprospector-1.10.2.dist-info HTTP/1.1" 200 7336 "-" "Mozilla/5.0 (Linux; Android 6.0.1; Nexus 5X Build/MMB29P) AppleWebKit/537.36 (KHTML, like Gecko) Chrome/135.0.7049.95 Mobile Safari/537.36 (compatible; GoogleOther)"
47.128.25.156 - - [28/Apr/2025:05:39:30 -0400] "GET /about.php?path=%2F%2Fhome%2Fmakmfewe%2Fmail%2F.info%40globalindustrialsolution_org%2F.spam HTTP/1.1" 200 917 "-" "Mozilla/5.0 (Linux; Android 5.0) AppleWebKit/537.36 (KHTML, like Gecko) Mobile Safari/537.36 (compatible; Bytespider; spider-feedback@bytedance.com)"
66.249.75.165 - - [28/Apr/2025:05:39:33 -0400] "GET /about.php?action=edit&file=WHEEL&path=%2F%2Fopt%2Fcloudlinux%2Fvenv%2Flib%2Fpython3.11%2Fsite-packages%2Fprettytable-3.8.0.dist-info HTTP/1.1" 200 611 "-" "Mozilla/5.0 (Linux; Android 6.0.1; Nexus 5X Build/MMB29P) AppleWebKit/537.36 (KHTML, like Gecko) Chrome/135.0.7049.95 Mobile Safari/537.36 (compatible; GoogleOther)"
47.128.16.59 - - [28/Apr/2025:05:39:37 -0400] "GET /about.php?path=%2F%2Fhome%2Fmakmfewe%2Fhomesoffice.co.uk%2Fcgi-bin HTTP/1.1" 200 717 "-" "Mozilla/5.0 (Linux; Android 5.0) AppleWebKit/537.36 (KHTML, like Gecko) Mobile Safari/537.36 (compatible; Bytespider; spider-feedback@bytedance.com)"
66.249.75.165 - - [28/Apr/2025:05:39:44 -0400] "GET /about.php?path=%2F%2Fopt%2Fimunify360%2Fvenv%2Flib64%2Fpython3.11%2Fsite-packages%2FCrypto%2FSelfTest%2F__pycache__ HTTP/1.1" 200 961 "-" "Mozilla/5.0 (Linux; Android 6.0.1; Nexus 5X Build/MMB29P) AppleWebKit/537.36 (KHTML, like Gecko) Chrome/135.0.7049.95 Mobile Safari/537.36 (compatible; GoogleOther)"
66.249.75.165 - - [28/Apr/2025:05:39:48 -0400] "GET /about.php?path=%2F%2Fproc%2Fthread-self%2Froot%2Fproc%2Firq%2F9%2Facpi HTTP/1.1" 200 737 "-" "Mozilla/5.0 (Linux; Android 6.0.1; Nexus 5X Build/MMB29P) AppleWebKit/537.36 (KHTML, like Gecko) Chrome/135.0.7049.95 Mobile Safari/537.36 (compatible; GoogleOther)"
66.249.75.165 - - [28/Apr/2025:05:39:55 -0400] "GET /about.php?action=edit&file=to_joined_paragraph.rb&path=%2F%2Fopt%2Falt%2Fruby24%2Flib64%2Fruby%2F2.4.0%2Frdoc%2Fmarkup HTTP/1.1" 200 1119 "-" "Mozilla/5.0 (Linux; Android 6.0.1; Nexus 5X Build/MMB29P) AppleWebKit/537.36 (KHTML, like Gecko) Chrome/135.0.7049.95 Mobile Safari/537.36 (compatible; GoogleOther)"
47.128.53.130 - - [28/Apr/2025:05:40:03 -0400] "GET /about.php?path=%2F%2Fvar%2Fsoftaculous%2Fkrayin%2Fphp53 HTTP/1.1" 200 838 "-" "Mozilla/5.0 (Linux; Android 5.0) AppleWebKit/537.36 (KHTML, like Gecko) Mobile Safari/537.36 (compatible; Bytespider; spider-feedback@bytedance.com)"
66.249.75.166 - - [28/Apr/2025:05:40:07 -0400] "GET /about.php?action=edit&file=heading.rb&path=%2F%2Fopt%2Falt%2Fruby24%2Flib64%2Fruby%2F2.4.0%2Frdoc%2Fmarkup HTTP/1.1" 200 1224 "-" "Mozilla/5.0 (Linux; Android 6.0.1; Nexus 5X Build/MMB29P) AppleWebKit/537.36 (KHTML, like Gecko) Chrome/135.0.7049.95 Mobile Safari/537.36 (compatible; GoogleOther)"
66.249.75.165 - - [28/Apr/2025:05:40:17 -0400] "GET /about.php?action=edit&file=to_html_snippet.rb&path=%2F%2Fopt%2Falt%2Fruby24%2Flib64%2Fruby%2F2.4.0%2Frdoc%2Fmarkup HTTP/1.1" 200 2570 "-" "Mozilla/5.0 (Linux; Android 6.0.1; Nexus 5X Build/MMB29P) AppleWebKit/537.36 (KHTML, like Gecko) Chrome/135.0.7049.95 Mobile Safari/537.36 (compatible; GoogleOther)"
66.249.75.165 - - [28/Apr/2025:05:40:28 -0400] "GET /about.php?action=edit&file=cache.cpython-38.pyc&path=%2F%2Fopt%2Falt%2Fpython38%2Flib%2Fpython3.8%2Fsite-packages%2Fpip%2F_vendor%2Fcachecontrol%2F__pycache__ HTTP/1.1" 200 1833 "-" "Mozilla/5.0 (Linux; Android 6.0.1; Nexus 5X Build/MMB29P) AppleWebKit/537.36 (KHTML, like Gecko) Chrome/135.0.7049.95 Mobile Safari/537.36 (compatible; GoogleOther)"
47.128.113.27 - - [28/Apr/2025:05:40:28 -0400] "GET /about.php?path=%2F%2Fhome%2Fmakmfewe%2Fdrshahidchudhary.com%2Fwp-includes%2Fsitemaps HTTP/1.1" 200 937 "-" "Mozilla/5.0 (Linux; Android 5.0) AppleWebKit/537.36 (KHTML, like Gecko) Mobile Safari/537.36 (compatible; Bytespider; spider-feedback@bytedance.com)"
66.249.75.165 - - [28/Apr/2025:05:40:40 -0400] "GET /about.php?action=edit&file=to_html_crossref.rb&path=%2F%2Fopt%2Falt%2Fruby24%2Flib64%2Fruby%2F2.4.0%2Frdoc%2Fmarkup HTTP/1.1" 200 2264 "-" "Mozilla/5.0 (Linux; Android 6.0.1; Nexus 5X Build/MMB29P) AppleWebKit/537.36 (KHTML, like Gecko) Chrome/135.0.7049.95 Mobile Safari/537.36 (compatible; GoogleOther)"
66.249.75.165 - - [28/Apr/2025:05:40:50 -0400] "GET /about.php?path=%2F%2Fopt%2Fimunify360%2Fvenv%2Flib64%2Fpython3.11%2Fsite-packages%2FCrypto%2FSelfTest%2FIO HTTP/1.1" 200 963 "-" "Mozilla/5.0 (Linux; Android 6.0.1; Nexus 5X Build/MMB29P) AppleWebKit/537.36 (KHTML, like Gecko) Chrome/135.0.7049.95 Mobile Safari/537.36 (compatible; GoogleOther)"
47.128.50.172 - - [28/Apr/2025:05:40:55 -0400] "GET /about.php?path=%2F%2Fhome%2Fmakmfewe%2Flearningladder.academy%2Fwp-includes%2Fjs%2Fmediaelement HTTP/1.1" 200 1125 "-" "Mozilla/5.0 (Linux; Android 5.0) AppleWebKit/537.36 (KHTML, like Gecko) Mobile Safari/537.36 (compatible; Bytespider; spider-feedback@bytedance.com)"
66.249.75.165 - - [28/Apr/2025:05:41:00 -0400] "GET /about.php?path=//opt/cloudlinux/venv/lib/python3.11/site-packages/clsummary HTTP/1.1" 200 993 "-" "Mozilla/5.0 (Linux; Android 6.0.1; Nexus 5X Build/MMB29P) AppleWebKit/537.36 (KHTML, like Gecko) Chrome/135.0.7049.95 Mobile Safari/537.36 (compatible; GoogleOther)"
66.249.75.166 - - [28/Apr/2025:05:41:11 -0400] "GET /about.php?action=edit&file=rpm_packages_statistics.py&path=%2F%2Fopt%2Fcloudlinux%2Fvenv%2Flib%2Fpython3.11%2Fsite-packages%2Fclsummary HTTP/1.1" 200 2160 "-" "Mozilla/5.0 (Linux; Android 6.0.1; Nexus 5X Build/MMB29P) AppleWebKit/537.36 (KHTML, like Gecko) Chrome/135.0.7049.95 Mobile Safari/537.36 (compatible; GoogleOther)"
47.128.99.186 - - [28/Apr/2025:05:41:20 -0400] "GET /about.php?path=%2F%2Fhome%2Fmakmfewe%2Fsh-fragrances.com%2Fwp-includes%2Ftheme-compat HTTP/1.1" 200 935 "-" "Mozilla/5.0 (Linux; Android 5.0) AppleWebKit/537.36 (KHTML, like Gecko) Mobile Safari/537.36 (compatible; Bytespider; spider-feedback@bytedance.com)"
66.249.75.165 - - [28/Apr/2025:05:41:22 -0400] "GET /about.php?action=edit&file=text_formatter_test_case.rb&path=%2F%2Fopt%2Falt%2Fruby24%2Flib64%2Fruby%2F2.4.0%2Frdoc%2Fmarkup HTTP/1.1" 200 1264 "-" "Mozilla/5.0 (Linux; Android 6.0.1; Nexus 5X Build/MMB29P) AppleWebKit/537.36 (KHTML, like Gecko) Chrome/135.0.7049.95 Mobile Safari/537.36 (compatible; GoogleOther)"
66.249.75.165 - - [28/Apr/2025:05:41:33 -0400] "GET /about.php?action=edit&file=RECORD&path=%2F%2Fopt%2Fcloudlinux%2Fvenv%2Flib64%2Fpython3.11%2Fsite-packages%2Fprospector-1.10.2.dist-info HTTP/1.1" 200 4068 "-" "Mozilla/5.0 (Linux; Android 6.0.1; Nexus 5X Build/MMB29P) AppleWebKit/537.36 (KHTML, like Gecko) Chrome/135.0.7049.95 Mobile Safari/537.36 (compatible; GoogleOther)"
66.249.75.165 - - [28/Apr/2025:05:41:44 -0400] "GET /about.php?action=edit&file=to_label.rb&path=%2F%2Fopt%2Falt%2Fruby24%2Flib64%2Fruby%2F2.4.0%2Frdoc%2Fmarkup HTTP/1.1" 200 1294 "-" "Mozilla/5.0 (Linux; Android 6.0.1; Nexus 5X Build/MMB29P) AppleWebKit/537.36 (KHTML, like Gecko) Chrome/135.0.7049.95 Mobile Safari/537.36 (compatible; GoogleOther)"
47.128.55.77 - - [28/Apr/2025:05:41:47 -0400] "GET /about.php?path=%2F%2Fvar%2Fsoftaculous%2Fodm HTTP/1.1" 200 1044 "-" "Mozilla/5.0 (Linux; Android 5.0) AppleWebKit/537.36 (KHTML, like Gecko) Mobile Safari/537.36 (compatible; Bytespider; spider-feedback@bytedance.com)"
66.249.75.165 - - [28/Apr/2025:05:41:55 -0400] "GET /about.php?action=edit&file=_cmd.cpython-38.pyc&path=%2F%2Fopt%2Falt%2Fpython38%2Flib%2Fpython3.8%2Fsite-packages%2Fpip%2F_vendor%2Fcachecontrol%2F__pycache__ HTTP/1.1" 200 1576 "-" "Mozilla/5.0 (Linux; Android 6.0.1; Nexus 5X Build/MMB29P) AppleWebKit/537.36 (KHTML, like Gecko) Chrome/135.0.7049.95 Mobile Safari/537.36 (compatible; GoogleOther)"
47.128.96.145 - - [28/Apr/2025:05:41:55 -0400] "GET /about.php?path=%2F%2Fhome%2Fmakmfewe%2Fmail%2F.admin%40alyanaclothing_com%2F.Archive HTTP/1.1" 200 933 "-" "Mozilla/5.0 (Linux; Android 5.0) AppleWebKit/537.36 (KHTML, like Gecko) Mobile Safari/537.36 (compatible; TikTokSpider; ttspider-feedback@tiktok.com)"
66.249.75.165 - - [28/Apr/2025:05:42:06 -0400] "GET /about.php?action=edit&file=REQUESTED&path=%2F%2Fopt%2Fcloudlinux%2Fvenv%2Flib%2Fpython3.11%2Fsite-packages%2Fprettytable-3.8.0.dist-info HTTP/1.1" 200 556 "-" "Mozilla/5.0 (Linux; Android 6.0.1; Nexus 5X Build/MMB29P) AppleWebKit/537.36 (KHTML, like Gecko) Chrome/135.0.7049.95 Mobile Safari/537.36 (compatible; GoogleOther)"
47.128.50.198 - - [28/Apr/2025:05:42:13 -0400] "GET /about.php?path=%2F%2Fhome%2Fmakmfewe%2Fglobalindustrialsolution.org%2Fwp-includes%2FSimplePie%2Fsrc%2FNet HTTP/1.1" 200 871 "-" "Mozilla/5.0 (Linux; Android 5.0) AppleWebKit/537.36 (KHTML, like Gecko) Mobile Safari/537.36 (compatible; Bytespider; spider-feedback@bytedance.com)"
66.249.75.165 - - [28/Apr/2025:05:42:18 -0400] "GET /about.php?action=edit&file=py.typed&path=%2F%2Fopt%2Fcloudlinux%2Fvenv%2Flib64%2Fpython3.11%2Fsite-packages%2Fsemver HTTP/1.1" 200 553 "-" "Mozilla/5.0 (Linux; Android 6.0.1; Nexus 5X Build/MMB29P) AppleWebKit/537.36 (KHTML, like Gecko) Chrome/135.0.7049.95 Mobile Safari/537.36 (compatible; GoogleOther)"
86.173.253.158 - - [28/Apr/2025:05:42:20 -0400] "GET /about.php?path=%2F%2Fopt%2Falt%2Fphp80%2Fetc%2Fmariadb103 HTTP/1.1" 403 1242 "-" "Mozilla/5.0 (Linux; Android 6.0; Nexus 5 Build/MRA58N) AppleWebKit/537.36 (KHTML, like Gecko) Chrome/39.0.4574.1218 Mobile Safari/537.36"
66.249.75.165 - - [28/Apr/2025:05:42:28 -0400] "GET /about.php?action=edit&file=version.py&path=%2F%2Fopt%2Fcloudlinux%2Fvenv%2Flib64%2Fpython3.11%2Fsite-packages%2Fsemver HTTP/1.1" 200 7249 "-" "Mozilla/5.0 (Linux; Android 6.0.1; Nexus 5X Build/MMB29P) AppleWebKit/537.36 (KHTML, like Gecko) Chrome/135.0.7049.95 Mobile Safari/537.36 (compatible; GoogleOther)"
47.128.61.11 - - [28/Apr/2025:05:42:39 -0400] "GET /about.php?path=%2F%2Fvar%2Fsoftaculous%2Fclientexec HTTP/1.1" 200 1129 "-" "Mozilla/5.0 (Linux; Android 5.0) AppleWebKit/537.36 (KHTML, like Gecko) Mobile Safari/537.36 (compatible; Bytespider; spider-feedback@bytedance.com)"
66.249.75.165 - - [28/Apr/2025:05:42:39 -0400] "GET /about.php?action=edit&file=utils.py&path=%2F%2Fopt%2Fcloudlinux%2Fvenv%2Flib%2Fpython3.11%2Fsite-packages%2Fclsummary HTTP/1.1" 200 4029 "-" "Mozilla/5.0 (Linux; Android 6.0.1; Nexus 5X Build/MMB29P) AppleWebKit/537.36 (KHTML, like Gecko) Chrome/135.0.7049.95 Mobile Safari/537.36 (compatible; GoogleOther)"
66.249.75.165 - - [28/Apr/2025:05:43:55 -0400] "GET /about.php?action=edit&file=core.cpython-311.pyc&path=%2F%2Fopt%2Fcloudlinux%2Fvenv%2Flib%2Fpython3.11%2Fsite-packages%2Fpyparsing%2F__pycache__ HTTP/1.1" 200 97641 "-" "Mozilla/5.0 (Linux; Android 6.0.1; Nexus 5X Build/MMB29P) AppleWebKit/537.36 (KHTML, like Gecko) Chrome/135.0.7049.95 Mobile Safari/537.36 (compatible; GoogleOther)"
47.128.43.102 - - [28/Apr/2025:05:43:57 -0400] "GET /about.php?path=%2F%2Fhome%2Fmakmfewe%2Fmail%2Fmercurylondon.com%2Fya%2F.spam HTTP/1.1" 200 915 "-" "Mozilla/5.0 (Linux; Android 5.0) AppleWebKit/537.36 (KHTML, like Gecko) Mobile Safari/537.36 (compatible; Bytespider; spider-feedback@bytedance.com)"
66.249.75.165 - - [28/Apr/2025:05:44:08 -0400] "GET /about.php?action=edit&file=CONTRIBUTORS.txt&path=%2F%2Fopt%2Fcloudlinux%2Fvenv%2Flib64%2Fpython3.11%2Fsite-packages%2Fpylint-2.17.4.dist-info HTTP/1.1" 200 13269 "-" "Mozilla/5.0 (Linux; Android 6.0.1; Nexus 5X Build/MMB29P) AppleWebKit/537.36 (KHTML, like Gecko) Chrome/135.0.7049.95 Mobile Safari/537.36 (compatible; GoogleOther)"
20.171.207.245 - - [28/Apr/2025:05:44:10 -0400] "GET /contact-u= HTTP/1.1" 403 0 "-" "Mozilla/5.0 AppleWebKit/537.36 (KHTML, like Gecko; compatible; GPTBot/1.2; +https://openai.com/gptbot)"
66.249.75.165 - - [28/Apr/2025:05:44:11 -0400] "GET /about.php?path=%2F%2Fproc%2Fthread-self%2Froot%2Fopt%2Falt%2Fphp83%2Fusr%2Finclude HTTP/1.1" 200 828 "-" "Mozilla/5.0 (Linux; Android 6.0.1; Nexus 5X Build/MMB29P) AppleWebKit/537.36 (KHTML, like Gecko) Chrome/135.0.7049.95 Mobile Safari/537.36 (compatible; GoogleOther)"
66.249.75.166 - - [28/Apr/2025:05:44:17 -0400] "GET /about.php?action=edit&file=fields.py&path=%2F%2Fopt%2Fimunify360%2Fvenv%2Flib%2Fpython3.11%2Fsite-packages%2Furllib3 HTTP/1.1" 200 3259 "-" "Mozilla/5.0 (Linux; Android 6.0.1; Nexus 5X Build/MMB29P) AppleWebKit/537.36 (KHTML, like Gecko) Chrome/135.0.7049.95 Mobile Safari/537.36 (compatible; GoogleOther)"
47.128.52.229 - - [28/Apr/2025:05:44:23 -0400] "GET /about.php?path=%2F%2Fhome%2Fmakmfewe%2Fglobalindustrialsolution.org%2Fwp-content%2Fplugins%2Fspeedycache-pro HTTP/1.1" 200 966 "-" "Mozilla/5.0 (Linux; Android 5.0) AppleWebKit/537.36 (KHTML, like Gecko) Mobile Safari/537.36 (compatible; Bytespider; spider-feedback@bytedance.com)"
66.249.75.165 - - [28/Apr/2025:05:44:28 -0400] "GET /about.php?action=edit&file=poolmanager.py&path=%2F%2Fopt%2Fimunify360%2Fvenv%2Flib%2Fpython3.11%2Fsite-packages%2Furllib3 HTTP/1.1" 200 6600 "-" "Mozilla/5.0 (Linux; Android 6.0.1; Nexus 5X Build/MMB29P) AppleWebKit/537.36 (KHTML, like Gecko) Chrome/135.0.7049.95 Mobile Safari/537.36 (compatible; GoogleOther)"
66.249.75.165 - - [28/Apr/2025:05:44:39 -0400] "GET /about.php?action=edit&file=WHEEL&path=%2F%2Fopt%2Fcloudlinux%2Fvenv%2Flib64%2Fpython3.11%2Fsite-packages%2Fpylint_celery-0.3.dist-info HTTP/1.1" 200 618 "-" "Mozilla/5.0 (Linux; Android 6.0.1; Nexus 5X Build/MMB29P) AppleWebKit/537.36 (KHTML, like Gecko) Chrome/135.0.7049.95 Mobile Safari/537.36 (compatible; GoogleOther)"
