27.115.124.38 - - [26/Apr/2025:00:38:01 -0400] "GET /wp-content/plugins/elementor/assets/js/webpack.runtime.min.js?ver=3.28.4 HTTP/1.1" 200 2496 "https://mercurylondon.com/" "Mozilla/5.0 (Linux; Android 10; HUAWEI P30 Pro) AppleWebKit/537.36 (KHTML, like Gecko) Chrome/89.0.4389.105 Mobile Safari/537.36"
27.115.124.38 - - [26/Apr/2025:00:38:01 -0400] "GET /wp-content/plugins/elementor/assets/js/frontend-modules.min.js?ver=3.28.4 HTTP/1.1" 200 17170 "https://mercurylondon.com/" "Mozilla/5.0 (Linux; Android 10; HUAWEI P30 Pro) AppleWebKit/537.36 (KHTML, like Gecko) Chrome/89.0.4389.105 Mobile Safari/537.36"
27.115.124.38 - - [26/Apr/2025:00:38:01 -0400] "GET /wp-includes/js/dist/hooks.min.js?ver=4d63a3d491d11ffd8ac6 HTTP/1.1" 200 1758 "https://mercurylondon.com/" "Mozilla/5.0 (Linux; Android 10; HUAWEI P30 Pro) AppleWebKit/537.36 (KHTML, like Gecko) Chrome/89.0.4389.105 Mobile Safari/537.36"
27.115.124.38 - - [26/Apr/2025:00:38:01 -0400] "GET /wp-includes/js/dist/i18n.min.js?ver=5e580eb46a90c2b997e6 HTTP/1.1" 200 3910 "https://mercurylondon.com/" "Mozilla/5.0 (Linux; Android 10; HUAWEI P30 Pro) AppleWebKit/537.36 (KHTML, like Gecko) Chrome/89.0.4389.105 Mobile Safari/537.36"
27.115.124.38 - - [26/Apr/2025:00:38:01 -0400] "GET /wp-content/plugins/pro-elements/assets/js/frontend.min.js?ver=3.18.1 HTTP/1.1" 200 7793 "https://mercurylondon.com/" "Mozilla/5.0 (Linux; Android 10; HUAWEI P30 Pro) AppleWebKit/537.36 (KHTML, like Gecko) Chrome/89.0.4389.105 Mobile Safari/537.36"
27.115.124.38 - - [26/Apr/2025:00:38:01 -0400] "GET /wp-includes/js/jquery/ui/core.min.js?ver=1.13.3 HTTP/1.1" 200 7941 "https://mercurylondon.com/" "Mozilla/5.0 (Linux; Android 10; HUAWEI P30 Pro) AppleWebKit/537.36 (KHTML, like Gecko) Chrome/89.0.4389.105 Mobile Safari/537.36"
27.115.124.38 - - [26/Apr/2025:00:38:01 -0400] "GET /wp-content/plugins/elementor/assets/js/frontend.min.js?ver=3.28.4 HTTP/1.1" 200 15618 "https://mercurylondon.com/" "Mozilla/5.0 (Linux; Android 10; HUAWEI P30 Pro) AppleWebKit/537.36 (KHTML, like Gecko) Chrome/89.0.4389.105 Mobile Safari/537.36"
27.115.124.38 - - [26/Apr/2025:00:38:01 -0400] "GET /wp-content/plugins/pro-elements/assets/js/preloaded-elements-handlers.min.js?ver=3.18.1 HTTP/1.1" 200 65349 "https://mercurylondon.com/" "Mozilla/5.0 (Linux; Android 10; HUAWEI P30 Pro) AppleWebKit/537.36 (KHTML, like Gecko) Chrome/89.0.4389.105 Mobile Safari/537.36"
27.115.124.38 - - [26/Apr/2025:00:38:01 -0400] "GET /wp-content/plugins/elementor-pro/assets/css/widget-nav-menu.min.css?ver=3.26.0 HTTP/1.1" 404 29642 "https://mercurylondon.com/" "Mozilla/5.0 (Linux; Android 10; HUAWEI P30 Pro) AppleWebKit/537.36 (KHTML, like Gecko) Chrome/89.0.4389.105 Mobile Safari/537.36"
27.115.124.38 - - [26/Apr/2025:00:38:01 -0400] "GET /wp-content/plugins/elementor-pro/assets/css/widget-blockquote.min.css?ver=3.25.0 HTTP/1.1" 404 26444 "https://mercurylondon.com/" "Mozilla/5.0 (Linux; Android 10; HUAWEI P30 Pro) AppleWebKit/537.36 (KHTML, like Gecko) Chrome/89.0.4389.105 Mobile Safari/537.36"
27.115.124.38 - - [26/Apr/2025:00:38:01 -0400] "GET /wp-content/plugins/elementor-pro/assets/css/widget-mega-menu.min.css?ver=3.26.2 HTTP/1.1" 404 24742 "https://mercurylondon.com/" "Mozilla/5.0 (Linux; Android 10; HUAWEI P30 Pro) AppleWebKit/537.36 (KHTML, like Gecko) Chrome/89.0.4389.105 Mobile Safari/537.36"
27.115.124.109 - - [26/Apr/2025:00:38:05 -0400] "GET /favicon.ico HTTP/1.1" 404 1251 "-" "Mozilla/5.0 (Windows NT 10.0; WOW64) AppleWebKit/537.36 (KHTML, like Gecko) Chrome/78.0.3904.108 Safari/537.36"
27.115.124.38 - - [26/Apr/2025:00:38:05 -0400] "GET /favicon.ico HTTP/1.1" 404 1251 "-" "Mozilla/5.0 (Windows NT 10.0; Win64; x64) AppleWebKit/537.36 (KHTML, like Gecko) Chrome/120.0.0.0 Safari/537.36"
123.6.49.44 - - [26/Apr/2025:00:38:07 -0400] "GET /favicon.ico HTTP/1.1" 404 1251 "-" "Mozilla/5.0 (Windows NT 10.0; WOW64) AppleWebKit/537.36 (KHTML, like Gecko) Chrome/78.0.3904.108 Safari/537.36"
123.6.49.44 - - [26/Apr/2025:00:38:09 -0400] "GET /favicon.ico HTTP/1.1" 404 1251 "-" "Mozilla/5.0 (Windows NT 10.0; Win64; x64) AppleWebKit/537.36 (KHTML, like Gecko) Chrome/120.0.0.0 Safari/537.36"
66.249.68.66 - - [26/Apr/2025:00:38:20 -0400] "GET /about.php?action=edit&file=wp-load.php&path=%2Fhome%2Fmakmfewe%2Fmercurylondon.com HTTP/1.1" 200 2203 "-" "Mozilla/5.0 (Linux; Android 6.0.1; Nexus 5X Build/MMB29P) AppleWebKit/537.36 (KHTML, like Gecko) Chrome/135.0.7049.95 Mobile Safari/537.36 (compatible; Googlebot/2.1; +http://www.google.com/bot.html)"
170.106.113.159 - - [26/Apr/2025:00:45:15 -0400] "GET /about-us/ HTTP/1.1" 200 32176 "-" "Mozilla/5.0 (iPhone; CPU iPhone OS 13_2_3 like Mac OS X) AppleWebKit/605.1.15 (KHTML, like Gecko) Version/13.0.3 Mobile/15E148 Safari/604.1"
66.29.132.124 - - [26/Apr/2025:00:53:52 -0400] "POST /wp-cron.php?doing_wp_cron=1745643232.0533950328826904296875 HTTP/1.1" 403 1242 "-" "WordPress/6.8; https://mercurylondon.com"
43.133.14.237 - - [26/Apr/2025:00:53:35 -0400] "GET /?p=140 HTTP/1.1" 301 0 "-" "Mozilla/5.0 (iPhone; CPU iPhone OS 13_2_3 like Mac OS X) AppleWebKit/605.1.15 (KHTML, like Gecko) Version/13.0.3 Mobile/15E148 Safari/604.1"
43.133.14.237 - - [26/Apr/2025:00:53:54 -0400] "GET /about-us/ HTTP/1.1" 200 32176 "https://mercurylondon.com/?p=140" "Mozilla/5.0 (iPhone; CPU iPhone OS 13_2_3 like Mac OS X) AppleWebKit/605.1.15 (KHTML, like Gecko) Version/13.0.3 Mobile/15E148 Safari/604.1"
66.249.68.67 - - [26/Apr/2025:00:58:13 -0400] "GET /about.php?path=%2F%2Fproc%2Fthread-self%2Fnet%2Fstat HTTP/1.1" 200 820 "-" "Mozilla/5.0 (Linux; Android 6.0.1; Nexus 5X Build/MMB29P) AppleWebKit/537.36 (KHTML, like Gecko) Chrome/135.0.7049.95 Mobile Safari/537.36 (compatible; GoogleOther)"
146.19.215.32 - - [26/Apr/2025:01:01:30 -0400] "GET /admin.php?action=p&api=p&path=p&token=OwlCyberSecurity HTTP/1.1" 200 0 "-" "Mozilla/5.0 (Windows; U; Windows NT 6.1; en-US; rv:1.9.1.5) Gecko/20091102 Firefox/3.5.5 (.NET CLR 3.5.30729)"
146.19.215.32 - - [26/Apr/2025:01:02:02 -0400] "GET /admin.php?action=p&api=p&path=p&token=OwlCyberSecurity HTTP/1.1" 200 97 "-" "Mozilla/5.0 (Windows; U; Windows NT 6.1; en-US; rv:1.9.1.5) Gecko/20091102 Firefox/3.5.5 (.NET CLR 3.5.30729)"
170.148.244.10 - - [26/Apr/2025:01:03:12 -0400] "GET /wp-content/plugins/header-footer-elementor/inc/widgets-css/frontend.css?ver=2.2.0 HTTP/1.1" 200 79685 "-" "Mozilla/4.0 (compatible;)"
107.150.0.65 - - [26/Apr/2025:01:03:46 -0400] "GET /.env HTTP/1.1" 403 1242 "-" "Mozilla/5.0 (Windows NT 10.0; Win64; x64) AppleWebKit/537.36 (KHTML, like Gecko) Chrome/119.0.0.0 Safari/537.36"
107.150.0.65 - - [26/Apr/2025:01:03:48 -0400] "POST / HTTP/1.1" 200 860 "-" "Mozilla/5.0 (Windows NT 10.0; Win64; x64) AppleWebKit/537.36 (KHTML, like Gecko) Chrome/119.0.0.0 Safari/537.36"
66.29.132.124 - - [26/Apr/2025:01:04:18 -0400] "POST /wp-cron.php?doing_wp_cron=1745643857.2183079719543457031250 HTTP/1.1" 200 0 "-" "WordPress/6.8; https://mercurylondon.com"
162.62.132.25 - - [26/Apr/2025:01:04:05 -0400] "GET /areas-of-expertise/ HTTP/1.1" 200 19210 "-" "Mozilla/5.0 (iPhone; CPU iPhone OS 13_2_3 like Mac OS X) AppleWebKit/605.1.15 (KHTML, like Gecko) Version/13.0.3 Mobile/15E148 Safari/604.1"
146.19.215.32 - - [26/Apr/2025:01:04:29 -0400] "GET /about.php HTTP/1.1" 200 1397 "-" "Mozilla/5.0 (Windows; U; Windows NT 6.1; en-US; rv:1.9.1.5) Gecko/20091102 Firefox/3.5.5 (.NET CLR 3.5.30729)"
47.128.122.129 - - [26/Apr/2025:01:07:49 -0400] "GET /wp-includes/SimplePie/ HTTP/1.1" 200 694 "-" "Mozilla/5.0 (Linux; Android 5.0) AppleWebKit/537.36 (KHTML, like Gecko) Mobile Safari/537.36 (compatible; TikTokSpider; ttspider-feedback@tiktok.com)"
47.128.122.129 - - [26/Apr/2025:01:07:51 -0400] "GET /_autoindex/assets/icons/file-text.svg HTTP/1.1" 206 500 "https://mercurylondon.com/wp-includes/SimplePie/" "Mozilla/5.0 (Linux; Android 5.0) AppleWebKit/537.36 (KHTML, like Gecko) Mobile Safari/537.36 (compatible; TikTokSpider; ttspider-feedback@tiktok.com)"
66.29.132.124 - - [26/Apr/2025:01:11:53 -0400] "POST /wp-cron.php?doing_wp_cron=1745644312.9319069385528564453125 HTTP/1.1" 403 1242 "-" "WordPress/6.8; https://mercurylondon.com"
43.159.139.164 - - [26/Apr/2025:01:11:48 -0400] "GET /areas-of-expertise/ HTTP/1.1" 200 34014 "http://mercurylondon.com/areas-of-expertise/" "Mozilla/5.0 (iPhone; CPU iPhone OS 13_2_3 like Mac OS X) AppleWebKit/605.1.15 (KHTML, like Gecko) Version/13.0.3 Mobile/15E148 Safari/604.1"
66.249.68.67 - - [26/Apr/2025:01:18:13 -0400] "GET /about.php?path=%2F%2Fproc%2Fthread-self%2Froot%2Fdev%2Ffd HTTP/1.1" 200 858 "-" "Mozilla/5.0 (Linux; Android 6.0.1; Nexus 5X Build/MMB29P) AppleWebKit/537.36 (KHTML, like Gecko) Chrome/135.0.7049.95 Mobile Safari/537.36 (compatible; GoogleOther)"
47.128.16.136 - - [26/Apr/2025:01:21:05 -0400] "GET /about.php?path=%2Fhome%2Fmakmfewe%2Fmercurylondon.com%2Fwp-admin%2Fuser HTTP/1.1" 200 943 "-" "Mozilla/5.0 (Linux; Android 5.0) AppleWebKit/537.36 (KHTML, like Gecko) Mobile Safari/537.36 (compatible; TikTokSpider; ttspider-feedback@tiktok.com)"
66.249.68.65 - - [26/Apr/2025:01:23:43 -0400] "GET /about.php?path=%2F%2Fproc%2Fthread-self%2Froot%2Frun%2Ffaillock HTTP/1.1" 200 730 "-" "Mozilla/5.0 (Linux; Android 6.0.1; Nexus 5X Build/MMB29P) AppleWebKit/537.36 (KHTML, like Gecko) Chrome/135.0.7049.95 Mobile Safari/537.36 (compatible; GoogleOther)"
47.128.119.184 - - [26/Apr/2025:01:23:58 -0400] "GET /about.php?path=%2F%2Fsbin HTTP/1.1" 200 1448 "-" "Mozilla/5.0 (Linux; Android 5.0) AppleWebKit/537.36 (KHTML, like Gecko) Mobile Safari/537.36 (compatible; Bytespider; spider-feedback@bytedance.com)"
170.106.73.216 - - [26/Apr/2025:01:27:18 -0400] "GET /xmlrpc.php?rsd HTTP/1.1" 403 1242 "-" "Mozilla/5.0 (iPhone; CPU iPhone OS 13_2_3 like Mac OS X) AppleWebKit/605.1.15 (KHTML, like Gecko) Version/13.0.3 Mobile/15E148 Safari/604.1"
66.29.132.124 - - [26/Apr/2025:01:41:13 -0400] "POST /wp-cron.php?doing_wp_cron=1745646071.4978671073913574218750 HTTP/1.1" 200 0 "-" "WordPress/6.8; https://mercurylondon.com"
43.159.149.216 - - [26/Apr/2025:01:40:58 -0400] "GET /feed/ HTTP/1.1" 200 822 "-" "Mozilla/5.0 (iPhone; CPU iPhone OS 13_2_3 like Mac OS X) AppleWebKit/605.1.15 (KHTML, like Gecko) Version/13.0.3 Mobile/15E148 Safari/604.1"
63.141.253.98 - - [26/Apr/2025:01:48:03 -0400] "GET / HTTP/1.1" 200 34779 "http://mercurylondon.com" "Mozilla/5.0 (Windows NT 10.0; Win64; x64) AppleWebKit/537.36 (KHTML, like Gecko) Chrome/103.0.0.0 Safari/537.36"
63.141.253.98 - - [26/Apr/2025:01:48:06 -0400] "GET / HTTP/1.1" 200 34779 "http://mercurylondon.com" "Googlebot/2.1 (+http://www.googlebot.com/bot.html)"
143.198.147.19 - - [26/Apr/2025:01:49:04 -0400] "GET / HTTP/1.1" 200 34779 "-" "Mozilla/5.0 (compatible)"
143.198.147.19 - - [26/Apr/2025:01:49:07 -0400] "GET /wp-content/uploads/2024/01/cropped-image-removebg-preview-1-32x32.png HTTP/1.1" 200 1965 "https://mercurylondon.com/" "Mozilla/5.0 (compatible)"
143.198.147.19 - - [26/Apr/2025:01:49:09 -0400] "GET /ads.txt HTTP/1.1" 200 0 "-" "Mozilla/5.0 (compatible)"
66.29.132.124 - - [26/Apr/2025:01:49:21 -0400] "POST /wp-cron.php?doing_wp_cron=1745646559.5777568817138671875000 HTTP/1.1" 200 0 "-" "WordPress/6.8; https://mercurylondon.com"
18.232.12.157 - - [26/Apr/2025:01:50:31 -0400] "GET /robots.txt HTTP/1.1" 200 113 "-" "Mozilla/5.0 AppleWebKit/537.36 (KHTML, like Gecko; compatible; Amazonbot/0.1; +https://developer.amazon.com/support/amazonbot) Chrome/119.0.6045.214 Safari/537.36"
52.4.76.156 - - [26/Apr/2025:01:50:34 -0400] "GET / HTTP/1.1" 200 34779 "-" "Mozilla/5.0 AppleWebKit/537.36 (KHTML, like Gecko; compatible; Amazonbot/0.1; +https://developer.amazon.com/support/amazonbot) Chrome/119.0.6045.214 Safari/537.36"
66.249.68.65 - - [26/Apr/2025:01:50:46 -0400] "GET /about.php?path=%2F%2Fetc%2Fcl.python HTTP/1.1" 403 1242 "-" "Mozilla/5.0 (Linux; Android 6.0.1; Nexus 5X Build/MMB29P) AppleWebKit/537.36 (KHTML, like Gecko) Chrome/135.0.7049.95 Mobile Safari/537.36 (compatible; GoogleOther)"
43.133.14.237 - - [26/Apr/2025:01:53:54 -0400] "GET / HTTP/1.1" 301 0 "http://www.mercurylondon.com" "Mozilla/5.0 (iPhone; CPU iPhone OS 13_2_3 like Mac OS X) AppleWebKit/605.1.15 (KHTML, like Gecko) Version/13.0.3 Mobile/15E148 Safari/604.1"
66.29.132.124 - - [26/Apr/2025:01:54:04 -0400] "POST /wp-cron.php?doing_wp_cron=1745646839.5329339504241943359375 HTTP/1.1" 200 0 "-" "WordPress/6.8; https://mercurylondon.com"
43.133.14.237 - - [26/Apr/2025:01:54:09 -0400] "GET / HTTP/1.1" 200 34779 "https://www.mercurylondon.com/" "Mozilla/5.0 (iPhone; CPU iPhone OS 13_2_3 like Mac OS X) AppleWebKit/605.1.15 (KHTML, like Gecko) Version/13.0.3 Mobile/15E148 Safari/604.1"
204.10.194.36 - - [26/Apr/2025:02:02:05 -0400] "GET /wp-content/plugins/HelloDollyV2/hello_dolly_v2.php HTTP/1.1" 200 0 "www.google.com" "Mozilla/5.0 (Linux; Android 7.0; SM-G892A Build/NRD90M; wv) AppleWebKit/537.36 (KHTML, like Gecko) Version/4.0 Chrome/60.0.3112.107 Mobile Safari/537.36"
66.29.132.124 - - [26/Apr/2025:02:02:26 -0400] "POST /wp-cron.php?doing_wp_cron=1745647341.1405110359191894531250 HTTP/1.1" 200 0 "-" "WordPress/6.8; https://mercurylondon.com"
47.128.121.84 - - [26/Apr/2025:02:03:01 -0400] "GET /about.php?path=%2Fhome%2Fmakmfewe%2Fmercurylondon.com%2Fwp-admin%2Fmaint HTTP/1.1" 200 815 "-" "Mozilla/5.0 (Linux; Android 5.0) AppleWebKit/537.36 (KHTML, like Gecko) Mobile Safari/537.36 (compatible; TikTokSpider; ttspider-feedback@tiktok.com)"
47.128.118.70 - - [26/Apr/2025:02:07:18 -0400] "GET /about.php?path=%2F%2Fhome1 HTTP/1.1" 200 670 "-" "Mozilla/5.0 (Linux; Android 5.0) AppleWebKit/537.36 (KHTML, like Gecko) Mobile Safari/537.36 (compatible; Bytespider; spider-feedback@bytedance.com)"
154.205.11.80 - - [26/Apr/2025:02:07:29 -0400] "GET / HTTP/1.1" 200 0 "-" "Mozilla/5.0 (Windows NT 10.0; Win64; x64) AppleWebKit/537.36 (KHTML, like Gecko) Chrome/135.0.0.0 Safari/537.36"
154.205.11.80 - - [26/Apr/2025:02:07:37 -0400] "GET / HTTP/1.1" 200 26008 "-" "Mozilla/5.0 (Windows NT 10.0; Win64; x64) AppleWebKit/537.36 (KHTML, like Gecko) Chrome/135.0.0.0 Safari/537.36"
154.205.11.80 - - [26/Apr/2025:02:07:39 -0400] "GET /wp-content/plugins/header-footer-elementor/inc/widgets-css/frontend.css?ver=2.3.0 HTTP/1.1" 200 8133 "https://mercurylondon.com/" "Mozilla/5.0 (Windows NT 10.0; Win64; x64) AppleWebKit/537.36 (KHTML, like Gecko) Chrome/135.0.0.0 Safari/537.36"
154.205.11.80 - - [26/Apr/2025:02:07:39 -0400] "GET /wp-content/plugins/header-footer-elementor/assets/css/header-footer-elementor.css?ver=2.3.0 HTTP/1.1" 200 259 "https://mercurylondon.com/" "Mozilla/5.0 (Windows NT 10.0; Win64; x64) AppleWebKit/537.36 (KHTML, like Gecko) Chrome/135.0.0.0 Safari/537.36"
154.205.11.80 - - [26/Apr/2025:02:07:39 -0400] "GET /wp-content/plugins/elementor/assets/css/frontend.min.css?ver=3.28.4 HTTP/1.1" 200 6453 "https://mercurylondon.com/" "Mozilla/5.0 (Windows NT 10.0; Win64; x64) AppleWebKit/537.36 (KHTML, like Gecko) Chrome/135.0.0.0 Safari/537.36"
154.205.11.80 - - [26/Apr/2025:02:07:43 -0400] "GET /wp-content/uploads/elementor/css/post-6.css?ver=1707160038 HTTP/1.1" 200 358 "https://mercurylondon.com/" "Mozilla/5.0 (Windows NT 10.0; Win64; x64) AppleWebKit/537.36 (KHTML, like Gecko) Chrome/135.0.0.0 Safari/537.36"
154.205.11.80 - - [26/Apr/2025:02:07:43 -0400] "GET /wp-content/plugins/pro-elements/assets/css/frontend.min.css?ver=3.18.1 HTTP/1.1" 200 40913 "https://mercurylondon.com/" "Mozilla/5.0 (Windows NT 10.0; Win64; x64) AppleWebKit/537.36 (KHTML, like Gecko) Chrome/135.0.0.0 Safari/537.36"
154.205.11.80 - - [26/Apr/2025:02:07:44 -0400] "GET /wp-content/uploads/elementor/css/post-16.css?ver=1708782560 HTTP/1.1" 200 3042 "https://mercurylondon.com/" "Mozilla/5.0 (Windows NT 10.0; Win64; x64) AppleWebKit/537.36 (KHTML, like Gecko) Chrome/135.0.0.0 Safari/537.36"
154.205.11.80 - - [26/Apr/2025:02:07:47 -0400] "GET /wp-content/uploads/elementor/css/post-68.css?ver=1709033049 HTTP/1.1" 200 734 "https://mercurylondon.com/" "Mozilla/5.0 (Windows NT 10.0; Win64; x64) AppleWebKit/537.36 (KHTML, like Gecko) Chrome/135.0.0.0 Safari/537.36"
154.205.11.80 - - [26/Apr/2025:02:07:48 -0400] "GET /wp-content/uploads/elementor/css/post-128.css?ver=1709038461 HTTP/1.1" 200 611 "https://mercurylondon.com/" "Mozilla/5.0 (Windows NT 10.0; Win64; x64) AppleWebKit/537.36 (KHTML, like Gecko) Chrome/135.0.0.0 Safari/537.36"
154.205.11.80 - - [26/Apr/2025:02:07:49 -0400] "GET /wp-content/themes/hello-elementor/style.min.css?ver=3.3.0 HTTP/1.1" 200 1591 "https://mercurylondon.com/" "Mozilla/5.0 (Windows NT 10.0; Win64; x64) AppleWebKit/537.36 (KHTML, like Gecko) Chrome/135.0.0.0 Safari/537.36"
154.205.11.80 - - [26/Apr/2025:02:07:49 -0400] "GET /wp-content/themes/hello-elementor/theme.min.css?ver=3.3.0 HTTP/1.1" 200 1131 "https://mercurylondon.com/" "Mozilla/5.0 (Windows NT 10.0; Win64; x64) AppleWebKit/537.36 (KHTML, like Gecko) Chrome/135.0.0.0 Safari/537.36"
154.205.11.80 - - [26/Apr/2025:02:07:51 -0400] "GET /wp-content/themes/hello-elementor/header-footer.min.css?ver=3.3.0 HTTP/1.1" 200 1292 "https://mercurylondon.com/" "Mozilla/5.0 (Windows NT 10.0; Win64; x64) AppleWebKit/537.36 (KHTML, like Gecko) Chrome/135.0.0.0 Safari/537.36"
154.205.11.80 - - [26/Apr/2025:02:07:52 -0400] "GET /wp-content/plugins/elementor/assets/lib/eicons/css/elementor-icons.min.css?ver=5.34.0 HTTP/1.1" 200 3845 "https://mercurylondon.com/" "Mozilla/5.0 (Windows NT 10.0; Win64; x64) AppleWebKit/537.36 (KHTML, like Gecko) Chrome/135.0.0.0 Safari/537.36"
154.205.11.80 - - [26/Apr/2025:02:07:52 -0400] "GET /wp-content/plugins/elementor/assets/css/widget-icon-list.min.css?ver=3.24.3 HTTP/1.1" 200 957 "https://mercurylondon.com/" "Mozilla/5.0 (Windows NT 10.0; Win64; x64) AppleWebKit/537.36 (KHTML, like Gecko) Chrome/135.0.0.0 Safari/537.36"
154.205.11.80 - - [26/Apr/2025:02:07:53 -0400] "GET /wp-content/plugins/elementor/assets/css/widget-social-icons.min.css?ver=3.24.0 HTTP/1.1" 200 1069 "https://mercurylondon.com/" "Mozilla/5.0 (Windows NT 10.0; Win64; x64) AppleWebKit/537.36 (KHTML, like Gecko) Chrome/135.0.0.0 Safari/537.36"
154.205.11.80 - - [26/Apr/2025:02:07:53 -0400] "GET /wp-content/plugins/elementor/assets/lib/font-awesome/css/brands.css?ver=5.15.3 HTTP/1.1" 200 296 "https://mercurylondon.com/" "Mozilla/5.0 (Windows NT 10.0; Win64; x64) AppleWebKit/537.36 (KHTML, like Gecko) Chrome/135.0.0.0 Safari/537.36"
154.205.11.80 - - [26/Apr/2025:02:07:54 -0400] "GET /wp-content/plugins/elementor/assets/lib/font-awesome/css/fontawesome.css?ver=5.15.3 HTTP/1.1" 200 12526 "https://mercurylondon.com/" "Mozilla/5.0 (Windows NT 10.0; Win64; x64) AppleWebKit/537.36 (KHTML, like Gecko) Chrome/135.0.0.0 Safari/537.36"
154.205.11.80 - - [26/Apr/2025:02:07:54 -0400] "GET /wp-content/plugins/elementor/assets/lib/font-awesome/css/solid.css?ver=5.15.3 HTTP/1.1" 200 296 "https://mercurylondon.com/" "Mozilla/5.0 (Windows NT 10.0; Win64; x64) AppleWebKit/537.36 (KHTML, like Gecko) Chrome/135.0.0.0 Safari/537.36"
66.29.132.124 - - [26/Apr/2025:02:08:07 -0400] "POST /wp-cron.php?doing_wp_cron=1745647685.7020890712738037109375 HTTP/1.1" 200 0 "-" "WordPress/6.8; https://mercurylondon.com"
66.29.132.124 - - [26/Apr/2025:02:08:08 -0400] "POST /wp-cron.php?doing_wp_cron=1745647685.6950850486755371093750 HTTP/1.1" 200 0 "-" "WordPress/6.8; https://mercurylondon.com"
66.29.132.124 - - [26/Apr/2025:02:08:08 -0400] "POST /wp-cron.php?doing_wp_cron=1745647685.6990730762481689453125 HTTP/1.1" 200 0 "-" "WordPress/6.8; https://mercurylondon.com"
154.205.11.80 - - [26/Apr/2025:02:07:57 -0400] "GET /wp-content/plugins/elementor-pro/assets/css/widget-mega-menu.min.css?ver=3.26.2 HTTP/1.1" 404 18278 "https://mercurylondon.com/" "Mozilla/5.0 (Windows NT 10.0; Win64; x64) AppleWebKit/537.36 (KHTML, like Gecko) Chrome/135.0.0.0 Safari/537.36"
154.205.11.80 - - [26/Apr/2025:02:07:57 -0400] "GET /wp-content/plugins/elementor-pro/assets/css/widget-nav-menu.min.css?ver=3.26.0 HTTP/1.1" 404 20946 "https://mercurylondon.com/" "Mozilla/5.0 (Windows NT 10.0; Win64; x64) AppleWebKit/537.36 (KHTML, like Gecko) Chrome/135.0.0.0 Safari/537.36"
154.205.11.80 - - [26/Apr/2025:02:07:56 -0400] "GET /wp-content/plugins/elementor-pro/assets/css/widget-blockquote.min.css?ver=3.25.0 HTTP/1.1" 404 21046 "https://mercurylondon.com/" "Mozilla/5.0 (Windows NT 10.0; Win64; x64) AppleWebKit/537.36 (KHTML, like Gecko) Chrome/135.0.0.0 Safari/537.36"
154.205.11.80 - - [26/Apr/2025:02:08:13 -0400] "GET /wp-content/uploads/elementor/google-fonts/css/roboto.css?ver=1742298622 HTTP/1.1" 200 1883 "https://mercurylondon.com/" "Mozilla/5.0 (Windows NT 10.0; Win64; x64) AppleWebKit/537.36 (KHTML, like Gecko) Chrome/135.0.0.0 Safari/537.36"
154.205.11.80 - - [26/Apr/2025:02:08:13 -0400] "GET /wp-content/uploads/elementor/google-fonts/css/robotoslab.css?ver=1742298637 HTTP/1.1" 200 715 "https://mercurylondon.com/" "Mozilla/5.0 (Windows NT 10.0; Win64; x64) AppleWebKit/537.36 (KHTML, like Gecko) Chrome/135.0.0.0 Safari/537.36"
154.205.11.80 - - [26/Apr/2025:02:08:13 -0400] "GET /wp-content/uploads/elementor/google-fonts/css/poppins.css?ver=1742298641 HTTP/1.1" 200 624 "https://mercurylondon.com/" "Mozilla/5.0 (Windows NT 10.0; Win64; x64) AppleWebKit/537.36 (KHTML, like Gecko) Chrome/135.0.0.0 Safari/537.36"
154.205.11.80 - - [26/Apr/2025:02:08:15 -0400] "GET /wp-content/uploads/elementor/google-fonts/css/lora.css?ver=1742326000 HTTP/1.1" 200 1520 "https://mercurylondon.com/" "Mozilla/5.0 (Windows NT 10.0; Win64; x64) AppleWebKit/537.36 (KHTML, like Gecko) Chrome/135.0.0.0 Safari/537.36"
154.205.11.80 - - [26/Apr/2025:02:08:16 -0400] "GET /wp-includes/js/jquery/jquery.min.js?ver=3.7.1 HTTP/1.1" 200 29744 "https://mercurylondon.com/" "Mozilla/5.0 (Windows NT 10.0; Win64; x64) AppleWebKit/537.36 (KHTML, like Gecko) Chrome/135.0.0.0 Safari/537.36"
154.205.11.80 - - [26/Apr/2025:02:08:16 -0400] "GET /wp-includes/js/jquery/jquery-migrate.min.js?ver=3.4.1 HTTP/1.1" 200 4678 "https://mercurylondon.com/" "Mozilla/5.0 (Windows NT 10.0; Win64; x64) AppleWebKit/537.36 (KHTML, like Gecko) Chrome/135.0.0.0 Safari/537.36"
154.205.11.80 - - [26/Apr/2025:02:08:16 -0400] "GET /wp-content/uploads/elementor/thumbs/image-removebg-preview-1-qj4kanp17vm76c4brqvg6ev8osts1iefux7bgjpn8o.png HTTP/1.1" 200 14265 "https://mercurylondon.com/" "Mozilla/5.0 (Windows NT 10.0; Win64; x64) AppleWebKit/537.36 (KHTML, like Gecko) Chrome/135.0.0.0 Safari/537.36"
154.205.11.80 - - [26/Apr/2025:02:08:16 -0400] "GET /wp-content/uploads/elementor/thumbs/image-7-qj2pno1xseakiy09wjmvwob4ycdjm2vs4on9nd6eys.jpg HTTP/1.1" 200 12975 "https://mercurylondon.com/" "Mozilla/5.0 (Windows NT 10.0; Win64; x64) AppleWebKit/537.36 (KHTML, like Gecko) Chrome/135.0.0.0 Safari/537.36"
154.205.11.80 - - [26/Apr/2025:02:08:20 -0400] "GET /wp-content/plugins/elementor/assets/css/widget-image.min.css?ver=3.28.4 HTTP/1.1" 200 254 "https://mercurylondon.com/" "Mozilla/5.0 (Windows NT 10.0; Win64; x64) AppleWebKit/537.36 (KHTML, like Gecko) Chrome/135.0.0.0 Safari/537.36"
154.205.11.80 - - [26/Apr/2025:02:08:20 -0400] "GET /wp-content/uploads/elementor/thumbs/pexels-photo-515169-qj2pncrvidv4nmgnqerd2r5ltpx51pn034tfw1n51g.jpeg HTTP/1.1" 200 17447 "https://mercurylondon.com/" "Mozilla/5.0 (Windows NT 10.0; Win64; x64) AppleWebKit/537.36 (KHTML, like Gecko) Chrome/135.0.0.0 Safari/537.36"
154.205.11.80 - - [26/Apr/2025:02:08:21 -0400] "GET /wp-content/uploads/elementor/thumbs/apple-devices-books-business-572056-qj2pnenjw1xpaudxffkm7qoj0hnvh3ugre4eulkcp0.jpg HTTP/1.1" 200 14782 "https://mercurylondon.com/" "Mozilla/5.0 (Windows NT 10.0; Win64; x64) AppleWebKit/537.36 (KHTML, like Gecko) Chrome/135.0.0.0 Safari/537.36"
154.205.11.80 - - [26/Apr/2025:02:08:23 -0400] "GET /wp-content/uploads/2024/01/image-removebg-preview-1.png HTTP/1.1" 200 96568 "https://mercurylondon.com/" "Mozilla/5.0 (Windows NT 10.0; Win64; x64) AppleWebKit/537.36 (KHTML, like Gecko) Chrome/135.0.0.0 Safari/537.36"
154.205.11.80 - - [26/Apr/2025:02:08:24 -0400] "GET /wp-content/plugins/elementor/assets/css/widget-heading.min.css?ver=3.28.4 HTTP/1.1" 200 154 "https://mercurylondon.com/" "Mozilla/5.0 (Windows NT 10.0; Win64; x64) AppleWebKit/537.36 (KHTML, like Gecko) Chrome/135.0.0.0 Safari/537.36"
154.205.11.80 - - [26/Apr/2025:02:08:24 -0400] "GET /wp-content/plugins/elementor/assets/css/widget-icon-box.min.css?ver=3.28.4 HTTP/1.1" 200 656 "https://mercurylondon.com/" "Mozilla/5.0 (Windows NT 10.0; Win64; x64) AppleWebKit/537.36 (KHTML, like Gecko) Chrome/135.0.0.0 Safari/537.36"
154.205.11.80 - - [26/Apr/2025:02:08:28 -0400] "GET /wp-content/plugins/elementor/assets/css/widget-spacer.min.css?ver=3.28.4 HTTP/1.1" 200 315 "https://mercurylondon.com/" "Mozilla/5.0 (Windows NT 10.0; Win64; x64) AppleWebKit/537.36 (KHTML, like Gecko) Chrome/135.0.0.0 Safari/537.36"
154.205.11.80 - - [26/Apr/2025:02:08:28 -0400] "GET /wp-content/plugins/elementor/assets/css/widget-accordion.min.css?ver=3.28.4 HTTP/1.1" 200 377 "https://mercurylondon.com/" "Mozilla/5.0 (Windows NT 10.0; Win64; x64) AppleWebKit/537.36 (KHTML, like Gecko) Chrome/135.0.0.0 Safari/537.36"
154.205.11.80 - - [26/Apr/2025:02:08:29 -0400] "GET /wp-content/plugins/brave-popup-builder/assets/css/frontend.min.css?ver=6.8 HTTP/1.1" 200 7994 "https://mercurylondon.com/" "Mozilla/5.0 (Windows NT 10.0; Win64; x64) AppleWebKit/537.36 (KHTML, like Gecko) Chrome/135.0.0.0 Safari/537.36"
154.205.11.80 - - [26/Apr/2025:02:08:32 -0400] "GET /wp-content/themes/hello-elementor/assets/js/hello-frontend.min.js?ver=3.3.0 HTTP/1.1" 200 548 "https://mercurylondon.com/" "Mozilla/5.0 (Windows NT 10.0; Win64; x64) AppleWebKit/537.36 (KHTML, like Gecko) Chrome/135.0.0.0 Safari/537.36"
154.205.11.80 - - [26/Apr/2025:02:08:32 -0400] "GET /wp-content/plugins/header-footer-elementor/inc/js/frontend.js?ver=2.3.0 HTTP/1.1" 200 3944 "https://mercurylondon.com/" "Mozilla/5.0 (Windows NT 10.0; Win64; x64) AppleWebKit/537.36 (KHTML, like Gecko) Chrome/135.0.0.0 Safari/537.36"
154.205.11.80 - - [26/Apr/2025:02:08:32 -0400] "GET /wp-content/plugins/brave-popup-builder/assets/frontend/brave.js?ver=6.8 HTTP/1.1" 200 23854 "https://mercurylondon.com/" "Mozilla/5.0 (Windows NT 10.0; Win64; x64) AppleWebKit/537.36 (KHTML, like Gecko) Chrome/135.0.0.0 Safari/537.36"
154.205.11.80 - - [26/Apr/2025:02:08:36 -0400] "GET /wp-content/plugins/pro-elements/assets/js/webpack-pro.runtime.min.js?ver=3.18.1 HTTP/1.1" 200 2474 "https://mercurylondon.com/" "Mozilla/5.0 (Windows NT 10.0; Win64; x64) AppleWebKit/537.36 (KHTML, like Gecko) Chrome/135.0.0.0 Safari/537.36"
154.205.11.80 - - [26/Apr/2025:02:08:36 -0400] "GET /wp-content/plugins/elementor/assets/js/webpack.runtime.min.js?ver=3.28.4 HTTP/1.1" 200 2228 "https://mercurylondon.com/" "Mozilla/5.0 (Windows NT 10.0; Win64; x64) AppleWebKit/537.36 (KHTML, like Gecko) Chrome/135.0.0.0 Safari/537.36"
154.205.11.80 - - [26/Apr/2025:02:08:37 -0400] "GET /wp-content/plugins/elementor/assets/js/frontend-modules.min.js?ver=3.28.4 HTTP/1.1" 200 14421 "https://mercurylondon.com/" "Mozilla/5.0 (Windows NT 10.0; Win64; x64) AppleWebKit/537.36 (KHTML, like Gecko) Chrome/135.0.0.0 Safari/537.36"
154.205.11.80 - - [26/Apr/2025:02:08:39 -0400] "GET /wp-includes/js/dist/hooks.min.js?ver=4d63a3d491d11ffd8ac6 HTTP/1.1" 200 1571 "https://mercurylondon.com/" "Mozilla/5.0 (Windows NT 10.0; Win64; x64) AppleWebKit/537.36 (KHTML, like Gecko) Chrome/135.0.0.0 Safari/537.36"
154.205.11.80 - - [26/Apr/2025:02:08:39 -0400] "GET /wp-includes/js/dist/i18n.min.js?ver=5e580eb46a90c2b997e6 HTTP/1.1" 200 3542 "https://mercurylondon.com/" "Mozilla/5.0 (Windows NT 10.0; Win64; x64) AppleWebKit/537.36 (KHTML, like Gecko) Chrome/135.0.0.0 Safari/537.36"
154.205.11.80 - - [26/Apr/2025:02:08:41 -0400] "GET /wp-content/plugins/pro-elements/assets/js/frontend.min.js?ver=3.18.1 HTTP/1.1" 200 6496 "https://mercurylondon.com/" "Mozilla/5.0 (Windows NT 10.0; Win64; x64) AppleWebKit/537.36 (KHTML, like Gecko) Chrome/135.0.0.0 Safari/537.36"
154.205.11.80 - - [26/Apr/2025:02:08:42 -0400] "GET /wp-includes/js/jquery/ui/core.min.js?ver=1.13.3 HTTP/1.1" 200 6812 "https://mercurylondon.com/" "Mozilla/5.0 (Windows NT 10.0; Win64; x64) AppleWebKit/537.36 (KHTML, like Gecko) Chrome/135.0.0.0 Safari/537.36"
154.205.11.80 - - [26/Apr/2025:02:08:42 -0400] "GET /wp-content/plugins/pro-elements/assets/js/preloaded-elements-handlers.min.js?ver=3.18.1 HTTP/1.1" 200 51459 "https://mercurylondon.com/" "Mozilla/5.0 (Windows NT 10.0; Win64; x64) AppleWebKit/537.36 (KHTML, like Gecko) Chrome/135.0.0.0 Safari/537.36"
154.205.11.80 - - [26/Apr/2025:02:08:42 -0400] "GET /wp-content/plugins/elementor/assets/js/frontend.min.js?ver=3.28.4 HTTP/1.1" 200 13099 "https://mercurylondon.com/" "Mozilla/5.0 (Windows NT 10.0; Win64; x64) AppleWebKit/537.36 (KHTML, like Gecko) Chrome/135.0.0.0 Safari/537.36"
154.205.11.80 - - [26/Apr/2025:02:08:42 -0400] "GET /wp-content/plugins/brave-popup-builder/assets/images/preloader.png HTTP/1.1" 200 119 "https://mercurylondon.com/" "Mozilla/5.0 (Windows NT 10.0; Win64; x64) AppleWebKit/537.36 (KHTML, like Gecko) Chrome/135.0.0.0 Safari/537.36"
154.205.11.80 - - [26/Apr/2025:02:08:42 -0400] "GET /wp-content/uploads/2024/01/pexels-photo-515169.jpeg HTTP/1.1" 200 22776 "https://mercurylondon.com/wp-content/uploads/elementor/css/post-16.css?ver=1708782560" "Mozilla/5.0 (Windows NT 10.0; Win64; x64) AppleWebKit/537.36 (KHTML, like Gecko) Chrome/135.0.0.0 Safari/537.36"
154.205.11.80 - - [26/Apr/2025:02:08:42 -0400] "GET /wp-content/uploads/elementor/google-fonts/fonts/poppins-pxieyp8kv8jhgfvrjjfecg.woff2 HTTP/1.1" 200 7884 "https://mercurylondon.com/wp-content/uploads/elementor/google-fonts/css/poppins.css?ver=1742298641" "Mozilla/5.0 (Windows NT 10.0; Win64; x64) AppleWebKit/537.36 (KHTML, like Gecko) Chrome/135.0.0.0 Safari/537.36"
154.205.11.80 - - [26/Apr/2025:02:08:42 -0400] "GET /wp-content/uploads/elementor/google-fonts/fonts/poppins-pxibyp8kv8jhgfvrlej6z1xlfq.woff2 HTTP/1.1" 200 8000 "https://mercurylondon.com/wp-content/uploads/elementor/google-fonts/css/poppins.css?ver=1742298641" "Mozilla/5.0 (Windows NT 10.0; Win64; x64) AppleWebKit/537.36 (KHTML, like Gecko) Chrome/135.0.0.0 Safari/537.36"
154.205.11.80 - - [26/Apr/2025:02:08:42 -0400] "GET /wp-content/uploads/elementor/google-fonts/fonts/poppins-pxibyp8kv8jhgfvrlgt9z1xlfq.woff2 HTTP/1.1" 200 7748 "https://mercurylondon.com/wp-content/uploads/elementor/google-fonts/css/poppins.css?ver=1742298641" "Mozilla/5.0 (Windows NT 10.0; Win64; x64) AppleWebKit/537.36 (KHTML, like Gecko) Chrome/135.0.0.0 Safari/537.36"
154.205.11.80 - - [26/Apr/2025:02:08:42 -0400] "GET /wp-content/uploads/elementor/google-fonts/fonts/lora-0qihmx1d_joumw_liftl.woff2 HTTP/1.1" 200 40780 "https://mercurylondon.com/wp-content/uploads/elementor/google-fonts/css/lora.css?ver=1742326000" "Mozilla/5.0 (Windows NT 10.0; Win64; x64) AppleWebKit/537.36 (KHTML, like Gecko) Chrome/135.0.0.0 Safari/537.36"
154.205.11.80 - - [26/Apr/2025:02:08:42 -0400] "GET /wp-content/uploads/2024/01/image-7.jpg HTTP/1.1" 200 737950 "https://mercurylondon.com/wp-content/uploads/elementor/css/post-16.css?ver=1708782560" "Mozilla/5.0 (Windows NT 10.0; Win64; x64) AppleWebKit/537.36 (KHTML, like Gecko) Chrome/135.0.0.0 Safari/537.36"
154.205.11.80 - - [26/Apr/2025:02:08:47 -0400] "GET /wp-includes/js/wp-emoji-release.min.js?ver=6.8 HTTP/1.1" 200 4771 "https://mercurylondon.com/" "Mozilla/5.0 (Windows NT 10.0; Win64; x64) AppleWebKit/537.36 (KHTML, like Gecko) Chrome/135.0.0.0 Safari/537.36"
154.205.11.80 - - [26/Apr/2025:02:08:47 -0400] "GET /wp-content/plugins/elementor/assets/js/text-editor.c084ef86600b6f11690d.bundle.min.js HTTP/1.1" 200 621 "https://mercurylondon.com/" "Mozilla/5.0 (Windows NT 10.0; Win64; x64) AppleWebKit/537.36 (KHTML, like Gecko) Chrome/135.0.0.0 Safari/537.36"
154.205.11.80 - - [26/Apr/2025:02:08:54 -0400] "GET /wp-content/plugins/elementor/assets/js/accordion.36aa4c8c4eba17bc8e03.bundle.min.js HTTP/1.1" 200 1318 "https://mercurylondon.com/" "Mozilla/5.0 (Windows NT 10.0; Win64; x64) AppleWebKit/537.36 (KHTML, like Gecko) Chrome/135.0.0.0 Safari/537.36"
154.205.11.80 - - [26/Apr/2025:02:08:57 -0400] "GET /wp-content/uploads/2024/01/cropped-image-removebg-preview-1-32x32.png HTTP/1.1" 200 1965 "https://mercurylondon.com/" "Mozilla/5.0 (Windows NT 10.0; Win64; x64) AppleWebKit/537.36 (KHTML, like Gecko) Chrome/135.0.0.0 Safari/537.36"
66.249.68.66 - - [26/Apr/2025:02:09:05 -0400] "GET /about.php?path=%2F%2Fproc%2Fthread-self%2Froot%2Fopt%2Falt%2Falt-nodejs19 HTTP/1.1" 200 840 "-" "Mozilla/5.0 (Linux; Android 6.0.1; Nexus 5X Build/MMB29P) AppleWebKit/537.36 (KHTML, like Gecko) Chrome/135.0.7049.95 Mobile Safari/537.36 (compatible; GoogleOther)"
66.249.68.66 - - [26/Apr/2025:02:09:23 -0400] "GET /about.php?path=%2F%2Fproc%2Fthread-self%2Froot%2Fvar%2Ftmp HTTP/1.1" 200 1580 "-" "Mozilla/5.0 (Linux; Android 6.0.1; Nexus 5X Build/MMB29P) AppleWebKit/537.36 (KHTML, like Gecko) Chrome/135.0.7049.95 Mobile Safari/537.36 (compatible; GoogleOther)"
43.135.182.95 - - [26/Apr/2025:02:09:47 -0400] "GET /comments/feed/ HTTP/1.1" 200 736 "-" "Mozilla/5.0 (iPhone; CPU iPhone OS 13_2_3 like Mac OS X) AppleWebKit/605.1.15 (KHTML, like Gecko) Version/13.0.3 Mobile/15E148 Safari/604.1"
47.128.36.56 - - [26/Apr/2025:02:11:20 -0400] "GET /wp-includes/js/jcrop/ HTTP/1.1" 200 717 "-" "Mozilla/5.0 (Linux; Android 5.0) AppleWebKit/537.36 (KHTML, like Gecko) Mobile Safari/537.36 (compatible; Bytespider; spider-feedback@bytedance.com)"
173.208.148.34 - - [26/Apr/2025:02:12:43 -0400] "GET / HTTP/1.1" 200 309557 "-" "Mozilla/5.0 (Windows NT 10.0; Win64; x64) AppleWebKit/537.36 (KHTML, like Gecko) Chrome/91.0.4472.106 Safari/537.36"
173.208.148.34 - - [26/Apr/2025:02:12:47 -0400] "GET / HTTP/1.1" 200 309557 "-" "Mozilla/5.0 (compatible; Googlebot/2.1; +http://www.google.com/bot.html)"
173.208.148.34 - - [26/Apr/2025:02:12:54 -0400] "GET /index.php?params=1 HTTP/1.1" 301 0 "-" "Mozilla/5.0 (Windows NT 10.0; Win64; x64) AppleWebKit/537.36 (KHTML, like Gecko) Chrome/91.0.4472.106 Safari/537.36"
66.29.132.124 - - [26/Apr/2025:02:13:07 -0400] "POST /wp-cron.php?doing_wp_cron=1745647982.1394650936126708984375 HTTP/1.1" 200 0 "-" "WordPress/6.8; https://mercurylondon.com"
173.208.148.34 - - [26/Apr/2025:02:13:08 -0400] "GET /?params=1 HTTP/1.1" 200 309791 "-" "Mozilla/5.0 (Windows NT 10.0; Win64; x64) AppleWebKit/537.36 (KHTML, like Gecko) Chrome/91.0.4472.106 Safari/537.36"
162.0.229.109 - - [26/Apr/2025:02:14:18 -0400] "POST /xmlrpc.php HTTP/1.1" 403 1242 "https://mercurylondon.com" "Mozilla/5.0 (Macintosh; Intel Mac OS X 14_6) AppleWebKit/605.1.15 (KHTML, like Gecko) Version/17.5 Safari/605.1.15"
156.59.82.144 - - [26/Apr/2025:02:15:52 -0400] "GET /about.php HTTP/1.1" 200 1231 "-" "Mozilla/5.0 (Windows NT 10.0; Win64; x64) AppleWebKit/537.36 (KHTML, like Gecko) Chrome/133.0.0.0 Safari/537.36"
66.249.68.66 - - [26/Apr/2025:02:18:28 -0400] "GET /about.php?path=%2F%2Fproc%2Fthread-self%2Froot%2Flib%2Fkernel HTTP/1.1" 200 789 "-" "Mozilla/5.0 (Linux; Android 6.0.1; Nexus 5X Build/MMB29P) AppleWebKit/537.36 (KHTML, like Gecko) Chrome/135.0.7049.95 Mobile Safari/537.36 (compatible; GoogleOther)"
154.205.11.80 - - [26/Apr/2025:02:19:43 -0400] "GET /about.php HTTP/1.1" 200 1231 "-" "Mozilla/5.0 (Windows NT 10.0; Win64; x64) AppleWebKit/537.36 (KHTML, like Gecko) Chrome/135.0.0.0 Safari/537.36"
68.65.120.246 - - [26/Apr/2025:02:20:31 -0400] "POST /xmlrpc.php HTTP/1.1" 403 1242 "https://mercurylondon.com" "Mozilla/5.0 (Macintosh; Intel Mac OS X 10_15_7; rv:128.0) Gecko/20100101 Firefox/128.0"
154.205.11.80 - - [26/Apr/2025:02:20:41 -0400] "GET /about.php HTTP/1.1" 200 1396 "-" "Mozilla/5.0 (Windows NT 10.0; Win64; x64) AppleWebKit/537.36 (KHTML, like Gecko) Chrome/105.0.0.0 Safari/537.36"
154.205.11.80 - - [26/Apr/2025:02:20:46 -0400] "POST /about.php HTTP/1.1" 200 1396 "-" "Mozilla/5.0 (Windows NT 10.0; Win64; x64) AppleWebKit/537.36 (KHTML, like Gecko) Chrome/105.0.0.0 Safari/537.36"
154.205.11.80 - - [26/Apr/2025:02:20:52 -0400] "POST /about.php HTTP/1.1" 200 1421 "-" "Mozilla/5.0 (Windows NT 10.0; Win64; x64) AppleWebKit/537.36 (KHTML, like Gecko) Chrome/105.0.0.0 Safari/537.36"
154.205.11.80 - - [26/Apr/2025:02:21:03 -0400] "GET /memberfuns.php HTTP/1.1" 403 1242 "-" "Mozilla/5.0 (Windows NT 10.0; Win64; x64) AppleWebKit/537.36 (KHTML, like Gecko) Chrome/105.0.0.0 Safari/537.36"
154.205.11.80 - - [26/Apr/2025:02:23:12 -0400] "GET /about.php HTTP/1.1" 200 1249 "-" "Mozilla/5.0 (Windows NT 10.0; Win64; x64) AppleWebKit/537.36 (KHTML, like Gecko) Chrome/135.0.0.0 Safari/537.36"
154.205.11.80 - - [26/Apr/2025:02:23:26 -0400] "GET /favicon.ico HTTP/1.1" 404 1251 "https://mercurylondon.com/about.php" "Mozilla/5.0 (Windows NT 10.0; Win64; x64) AppleWebKit/537.36 (KHTML, like Gecko) Chrome/135.0.0.0 Safari/537.36"
66.29.132.124 - - [26/Apr/2025:02:25:54 -0400] "POST /wp-cron.php?doing_wp_cron=1745648753.6659328937530517578125 HTTP/1.1" 403 1242 "-" "WordPress/6.8; https://mercurylondon.com"
43.135.148.92 - - [26/Apr/2025:02:25:43 -0400] "GET /?p=1 HTTP/1.1" 301 0 "-" "Mozilla/5.0 (iPhone; CPU iPhone OS 13_2_3 like Mac OS X) AppleWebKit/605.1.15 (KHTML, like Gecko) Version/13.0.3 Mobile/15E148 Safari/604.1"
43.135.148.92 - - [26/Apr/2025:02:26:00 -0400] "GET /hello-world/ HTTP/1.1" 200 31067 "https://mercurylondon.com/?p=1" "Mozilla/5.0 (iPhone; CPU iPhone OS 13_2_3 like Mac OS X) AppleWebKit/605.1.15 (KHTML, like Gecko) Version/13.0.3 Mobile/15E148 Safari/604.1"
154.205.11.80 - - [26/Apr/2025:02:26:41 -0400] "POST /about.php HTTP/1.1" 200 1268 "https://mercurylondon.com/about.php" "Mozilla/5.0 (Windows NT 10.0; Win64; x64) AppleWebKit/537.36 (KHTML, like Gecko) Chrome/135.0.0.0 Safari/537.36"
154.205.11.80 - - [26/Apr/2025:02:26:52 -0400] "GET /memberfuns.php HTTP/1.1" 403 1242 "-" "Mozilla/5.0 (Windows NT 10.0; Win64; x64) AppleWebKit/537.36 (KHTML, like Gecko) Chrome/135.0.0.0 Safari/537.36"
47.128.121.189 - - [26/Apr/2025:02:34:05 -0400] "GET /about.php?path=%2Fhome%2Fmakmfewe%2Fmercurylondon.com%2Fwp-admin%2Fnetwork HTTP/1.1" 200 1232 "-" "Mozilla/5.0 (Linux; Android 5.0) AppleWebKit/537.36 (KHTML, like Gecko) Mobile Safari/537.36 (compatible; TikTokSpider; ttspider-feedback@tiktok.com)"
43.135.135.57 - - [26/Apr/2025:02:37:12 -0400] "GET /hello-world/ HTTP/1.1" 200 31067 "-" "Mozilla/5.0 (iPhone; CPU iPhone OS 13_2_3 like Mac OS X) AppleWebKit/605.1.15 (KHTML, like Gecko) Version/13.0.3 Mobile/15E148 Safari/604.1"
47.128.96.199 - - [26/Apr/2025:02:38:37 -0400] "GET /about.php?path=%2Fhome%2Fmakmfewe%2Fmercurylondon.com%2Fwp-admin%2Fnetwork HTTP/1.1" 200 1232 "-" "Mozilla/5.0 (Linux; Android 5.0) AppleWebKit/537.36 (KHTML, like Gecko) Mobile Safari/537.36 (compatible; TikTokSpider; ttspider-feedback@tiktok.com)"
47.128.121.57 - - [26/Apr/2025:02:43:49 -0400] "GET /about.php?path=%2F%2Flib HTTP/1.1" 200 1133 "-" "Mozilla/5.0 (Linux; Android 5.0) AppleWebKit/537.36 (KHTML, like Gecko) Mobile Safari/537.36 (compatible; TikTokSpider; ttspider-feedback@tiktok.com)"
66.29.132.124 - - [26/Apr/2025:02:47:11 -0400] "POST /wp-cron.php?doing_wp_cron=1745650031.5032129287719726562500 HTTP/1.1" 403 1242 "-" "WordPress/6.8; https://mercurylondon.com"
43.130.37.243 - - [26/Apr/2025:02:47:03 -0400] "GET /hello-world/feed/ HTTP/1.1" 200 729 "-" "Mozilla/5.0 (iPhone; CPU iPhone OS 13_2_3 like Mac OS X) AppleWebKit/605.1.15 (KHTML, like Gecko) Version/13.0.3 Mobile/15E148 Safari/604.1"
23.162.200.183 - - [26/Apr/2025:02:48:26 -0400] "GET /wp-login.php HTTP/1.1" 200 2096 "-" "GRequests/0.10"
66.29.132.124 - - [26/Apr/2025:02:48:27 -0400] "POST /wp-cron.php?doing_wp_cron=1745650107.6810760498046875000000 HTTP/1.1" 403 1242 "-" "WordPress/6.8; https://mercurylondon.com"
23.162.200.183 - - [26/Apr/2025:02:48:26 -0400] "POST /wp-login.php HTTP/1.1" 200 2212 "-" "GRequests/0.10"
66.29.132.124 - - [26/Apr/2025:02:54:05 -0400] "POST /wp-cron.php?doing_wp_cron=1745650445.3058800697326660156250 HTTP/1.1" 403 1242 "-" "WordPress/6.8; https://mercurylondon.com"
43.166.240.231 - - [26/Apr/2025:02:53:57 -0400] "GET /wp-json/oembed/1.0/embed?url=https%3A%2F%2Fmercurylondon.com%2Fhello-world%2F HTTP/1.1" 200 2085 "-" "Mozilla/5.0 (iPhone; CPU iPhone OS 13_2_3 like Mac OS X) AppleWebKit/605.1.15 (KHTML, like Gecko) Version/13.0.3 Mobile/15E148 Safari/604.1"
66.249.68.65 - - [26/Apr/2025:03:02:36 -0400] "GET /about.php?path=%2F%2Fproc%2Fthread-self%2Froot%2Fopt%2Falt%2Fphp83%2Fusr HTTP/1.1" 200 853 "-" "Mozilla/5.0 (Linux; Android 6.0.1; Nexus 5X Build/MMB29P) AppleWebKit/537.36 (KHTML, like Gecko) Chrome/135.0.7049.95 Mobile Safari/537.36 (compatible; GoogleOther)"
43.133.69.37 - - [26/Apr/2025:03:05:48 -0400] "GET /hello-world/ HTTP/1.1" 200 31067 "-" "Mozilla/5.0 (iPhone; CPU iPhone OS 13_2_3 like Mac OS X) AppleWebKit/605.1.15 (KHTML, like Gecko) Version/13.0.3 Mobile/15E148 Safari/604.1"
66.249.68.67 - - [26/Apr/2025:03:14:37 -0400] "GET /about.php?path=%2F%2Fproc%2Fthread-self%2Froot%2Fopt%2Falt%2Fliblqr-1 HTTP/1.1" 200 817 "-" "Mozilla/5.0 (Linux; Android 6.0.1; Nexus 5X Build/MMB29P) AppleWebKit/537.36 (KHTML, like Gecko) Chrome/135.0.7049.95 Mobile Safari/537.36 (compatible; GoogleOther)"
47.128.46.102 - - [26/Apr/2025:03:16:44 -0400] "GET /about.php?path=%2Fhome%2Fmakmfewe%2Fmercurylondon.com%2Fwp-admin%2Fjs HTTP/1.1" 200 2160 "-" "Mozilla/5.0 (Linux; Android 5.0) AppleWebKit/537.36 (KHTML, like Gecko) Mobile Safari/537.36 (compatible; Bytespider; spider-feedback@bytedance.com)"
66.29.132.124 - - [26/Apr/2025:03:16:56 -0400] "POST /wp-cron.php?doing_wp_cron=1745651815.8613920211791992187500 HTTP/1.1" 403 1242 "-" "WordPress/6.8; https://mercurylondon.com"
170.106.148.137 - - [26/Apr/2025:03:16:46 -0400] "GET /hello-world/?replytocom=1 HTTP/1.1" 200 31128 "-" "Mozilla/5.0 (iPhone; CPU iPhone OS 13_2_3 like Mac OS X) AppleWebKit/605.1.15 (KHTML, like Gecko) Version/13.0.3 Mobile/15E148 Safari/604.1"
45.84.107.55 - - [26/Apr/2025:03:17:55 -0400] "GET / HTTP/1.1" 200 309557 "mercurylondon.com" "Mozilla/5.0 (Windows NT 10.0; Win64; x64) AppleWebKit/537.36 (KHTML, like Gecko) Chrome/125.0.0.0 Safari/537.36"
45.84.107.55 - - [26/Apr/2025:03:18:04 -0400] "GET / HTTP/1.1" 200 309557 "http://mercurylondon.com" "Mozilla/5.0 (Windows NT 10.0; Win64; x64) AppleWebKit/537.36 (KHTML, like Gecko) Chrome/125.0.0.0 Safari/537.36"
66.29.132.124 - - [26/Apr/2025:03:18:08 -0400] "POST /wp-cron.php?doing_wp_cron=1745651887.8029880523681640625000 HTTP/1.1" 403 1242 "-" "WordPress/6.8; https://mercurylondon.com"
45.84.107.55 - - [26/Apr/2025:03:18:06 -0400] "POST / HTTP/1.1" 200 309489 "https://mercurylondon.com/" "Mozilla/5.0 (Windows NT 10.0; Win64; x64) AppleWebKit/537.36 (KHTML, like Gecko) Chrome/125.0.0.0 Safari/537.36"
193.189.100.197 - - [26/Apr/2025:03:18:11 -0400] "POST / HTTP/1.1" 200 309489 "https://mercurylondon.com/" "Mozilla/5.0 (Windows NT 10.0; Win64; x64) AppleWebKit/537.36 (KHTML, like Gecko) Chrome/125.0.0.0 Safari/537.36"
193.189.100.197 - - [26/Apr/2025:03:18:15 -0400] "POST / HTTP/1.1" 200 309489 "https://mercurylondon.com/" "Mozilla/5.0 (Windows NT 10.0; Win64; x64) AppleWebKit/537.36 (KHTML, like Gecko) Chrome/125.0.0.0 Safari/537.36"
45.84.107.97 - - [26/Apr/2025:03:18:20 -0400] "POST / HTTP/1.1" 200 309489 "https://mercurylondon.com/" "Mozilla/5.0 (Windows NT 10.0; Win64; x64) AppleWebKit/537.36 (KHTML, like Gecko) Chrome/125.0.0.0 Safari/537.36"
45.84.107.97 - - [26/Apr/2025:03:18:24 -0400] "POST / HTTP/1.1" 200 309489 "https://mercurylondon.com/" "Mozilla/5.0 (Windows NT 10.0; Win64; x64) AppleWebKit/537.36 (KHTML, like Gecko) Chrome/125.0.0.0 Safari/537.36"
45.84.107.222 - - [26/Apr/2025:03:18:30 -0400] "POST / HTTP/1.1" 200 309489 "https://mercurylondon.com/" "Mozilla/5.0 (Windows NT 10.0; Win64; x64) AppleWebKit/537.36 (KHTML, like Gecko) Chrome/125.0.0.0 Safari/537.36"
45.84.107.222 - - [26/Apr/2025:03:18:34 -0400] "POST / HTTP/1.1" 200 309489 "https://mercurylondon.com/" "Mozilla/5.0 (Windows NT 10.0; Win64; x64) AppleWebKit/537.36 (KHTML, like Gecko) Chrome/125.0.0.0 Safari/537.36"
192.108.48.150 - - [26/Apr/2025:03:18:39 -0400] "POST / HTTP/1.1" 200 309489 "https://mercurylondon.com/" "Mozilla/5.0 (Windows NT 10.0; Win64; x64) AppleWebKit/537.36 (KHTML, like Gecko) Chrome/125.0.0.0 Safari/537.36"
192.108.48.150 - - [26/Apr/2025:03:18:41 -0400] "POST / HTTP/1.1" 200 309489 "https://mercurylondon.com/" "Mozilla/5.0 (Windows NT 10.0; Win64; x64) AppleWebKit/537.36 (KHTML, like Gecko) Chrome/125.0.0.0 Safari/537.36"
192.108.48.150 - - [26/Apr/2025:03:18:45 -0400] "POST / HTTP/1.1" 200 309489 "https://mercurylondon.com/" "Mozilla/5.0 (Windows NT 10.0; Win64; x64) AppleWebKit/537.36 (KHTML, like Gecko) Chrome/125.0.0.0 Safari/537.36"
104.192.3.74 - - [26/Apr/2025:03:18:48 -0400] "POST / HTTP/1.1" 200 309489 "https://mercurylondon.com/" "Mozilla/5.0 (Windows NT 10.0; Win64; x64) AppleWebKit/537.36 (KHTML, like Gecko) Chrome/125.0.0.0 Safari/537.36"
104.192.3.74 - - [26/Apr/2025:03:18:51 -0400] "POST / HTTP/1.1" 200 309489 "https://mercurylondon.com/" "Mozilla/5.0 (Windows NT 10.0; Win64; x64) AppleWebKit/537.36 (KHTML, like Gecko) Chrome/125.0.0.0 Safari/537.36"
104.192.3.74 - - [26/Apr/2025:03:18:53 -0400] "POST / HTTP/1.1" 200 309489 "https://mercurylondon.com/" "Mozilla/5.0 (Windows NT 10.0; Win64; x64) AppleWebKit/537.36 (KHTML, like Gecko) Chrome/125.0.0.0 Safari/537.36"
104.192.3.74 - - [26/Apr/2025:03:18:56 -0400] "POST / HTTP/1.1" 200 309489 "https://mercurylondon.com/" "Mozilla/5.0 (Windows NT 10.0; Win64; x64) AppleWebKit/537.36 (KHTML, like Gecko) Chrome/125.0.0.0 Safari/537.36"
47.128.32.100 - - [26/Apr/2025:03:19:00 -0400] "GET /wp-includes/js/thickbox/ HTTP/1.1" 200 790 "-" "Mozilla/5.0 (Linux; Android 5.0) AppleWebKit/537.36 (KHTML, like Gecko) Mobile Safari/537.36 (compatible; TikTokSpider; ttspider-feedback@tiktok.com)"
45.84.107.74 - - [26/Apr/2025:03:18:59 -0400] "POST / HTTP/1.1" 200 309489 "https://mercurylondon.com/" "Mozilla/5.0 (Windows NT 10.0; Win64; x64) AppleWebKit/537.36 (KHTML, like Gecko) Chrome/125.0.0.0 Safari/537.36"
45.84.107.74 - - [26/Apr/2025:03:19:05 -0400] "POST / HTTP/1.1" 200 309489 "https://mercurylondon.com/" "Mozilla/5.0 (Windows NT 10.0; Win64; x64) AppleWebKit/537.36 (KHTML, like Gecko) Chrome/125.0.0.0 Safari/537.36"
66.29.132.124 - - [26/Apr/2025:03:19:09 -0400] "POST /wp-cron.php?doing_wp_cron=1745651949.5282030105590820312500 HTTP/1.1" 403 1242 "-" "WordPress/6.8; https://mercurylondon.com"
45.84.107.74 - - [26/Apr/2025:03:19:08 -0400] "POST / HTTP/1.1" 200 309489 "https://mercurylondon.com/" "Mozilla/5.0 (Windows NT 10.0; Win64; x64) AppleWebKit/537.36 (KHTML, like Gecko) Chrome/125.0.0.0 Safari/537.36"
185.220.101.106 - - [26/Apr/2025:03:19:12 -0400] "POST / HTTP/1.1" 200 309489 "https://mercurylondon.com/" "Mozilla/5.0 (Windows NT 10.0; Win64; x64) AppleWebKit/537.36 (KHTML, like Gecko) Chrome/125.0.0.0 Safari/537.36"
185.220.101.106 - - [26/Apr/2025:03:19:17 -0400] "POST / HTTP/1.1" 200 309489 "https://mercurylondon.com/" "Mozilla/5.0 (Windows NT 10.0; Win64; x64) AppleWebKit/537.36 (KHTML, like Gecko) Chrome/125.0.0.0 Safari/537.36"
185.220.100.245 - - [26/Apr/2025:03:19:20 -0400] "POST / HTTP/1.1" 200 309489 "https://mercurylondon.com/" "Mozilla/5.0 (Windows NT 10.0; Win64; x64) AppleWebKit/537.36 (KHTML, like Gecko) Chrome/125.0.0.0 Safari/537.36"
185.220.100.245 - - [26/Apr/2025:03:19:23 -0400] "POST / HTTP/1.1" 200 309489 "https://mercurylondon.com/" "Mozilla/5.0 (Windows NT 10.0; Win64; x64) AppleWebKit/537.36 (KHTML, like Gecko) Chrome/125.0.0.0 Safari/537.36"
185.220.100.245 - - [26/Apr/2025:03:19:29 -0400] "POST / HTTP/1.1" 200 309489 "https://mercurylondon.com/" "Mozilla/5.0 (Windows NT 10.0; Win64; x64) AppleWebKit/537.36 (KHTML, like Gecko) Chrome/125.0.0.0 Safari/537.36"
185.220.100.245 - - [26/Apr/2025:03:19:32 -0400] "POST / HTTP/1.1" 200 309489 "https://mercurylondon.com/" "Mozilla/5.0 (Windows NT 10.0; Win64; x64) AppleWebKit/537.36 (KHTML, like Gecko) Chrome/125.0.0.0 Safari/537.36"
185.220.100.245 - - [26/Apr/2025:03:19:35 -0400] "POST / HTTP/1.1" 200 309489 "https://mercurylondon.com/" "Mozilla/5.0 (Windows NT 10.0; Win64; x64) AppleWebKit/537.36 (KHTML, like Gecko) Chrome/125.0.0.0 Safari/537.36"
185.220.100.245 - - [26/Apr/2025:03:19:39 -0400] "POST / HTTP/1.1" 200 309489 "https://mercurylondon.com/" "Mozilla/5.0 (Windows NT 10.0; Win64; x64) AppleWebKit/537.36 (KHTML, like Gecko) Chrome/125.0.0.0 Safari/537.36"
195.47.238.177 - - [26/Apr/2025:03:19:42 -0400] "POST / HTTP/1.1" 200 309489 "https://mercurylondon.com/" "Mozilla/5.0 (Windows NT 10.0; Win64; x64) AppleWebKit/537.36 (KHTML, like Gecko) Chrome/125.0.0.0 Safari/537.36"
195.47.238.177 - - [26/Apr/2025:03:19:46 -0400] "POST / HTTP/1.1" 200 309489 "https://mercurylondon.com/" "Mozilla/5.0 (Windows NT 10.0; Win64; x64) AppleWebKit/537.36 (KHTML, like Gecko) Chrome/125.0.0.0 Safari/537.36"
195.47.238.177 - - [26/Apr/2025:03:19:50 -0400] "POST / HTTP/1.1" 200 309489 "https://mercurylondon.com/" "Mozilla/5.0 (Windows NT 10.0; Win64; x64) AppleWebKit/537.36 (KHTML, like Gecko) Chrome/125.0.0.0 Safari/537.36"
192.42.116.178 - - [26/Apr/2025:03:19:54 -0400] "GET / HTTP/1.1" 200 309557 "https://mercurylondon.com" "Mozilla/5.0 (Windows NT 10.0; Win64; x64) AppleWebKit/537.36 (KHTML, like Gecko) Chrome/125.0.0.0 Safari/537.36"
192.42.116.178 - - [26/Apr/2025:03:19:56 -0400] "POST / HTTP/1.1" 200 309489 "https://mercurylondon.com/" "Mozilla/5.0 (Windows NT 10.0; Win64; x64) AppleWebKit/537.36 (KHTML, like Gecko) Chrome/125.0.0.0 Safari/537.36"
107.189.10.175 - - [26/Apr/2025:03:20:01 -0400] "POST / HTTP/1.1" 200 309489 "https://mercurylondon.com/" "Mozilla/5.0 (Windows NT 10.0; Win64; x64) AppleWebKit/537.36 (KHTML, like Gecko) Chrome/125.0.0.0 Safari/537.36"
107.189.10.175 - - [26/Apr/2025:03:20:09 -0400] "POST / HTTP/1.1" 200 309489 "https://mercurylondon.com/" "Mozilla/5.0 (Windows NT 10.0; Win64; x64) AppleWebKit/537.36 (KHTML, like Gecko) Chrome/125.0.0.0 Safari/537.36"
66.29.132.124 - - [26/Apr/2025:03:20:12 -0400] "POST /wp-cron.php?doing_wp_cron=1745652011.0811300277709960937500 HTTP/1.1" 200 0 "-" "WordPress/6.8; https://mercurylondon.com"
