66.249.68.67 - - [26/Apr/2025:04:39:06 -0400] "GET /about.php?path=%2F%2Fproc%2Fthread-self%2Froot%2Fopt%2Falt%2Falt-nodejs11 HTTP/1.1" 200 839 "-" "Mozilla/5.0 (Linux; Android 6.0.1; Nexus 5X Build/MMB29P) AppleWebKit/537.36 (KHTML, like Gecko) Chrome/135.0.7049.95 Mobile Safari/537.36 (compatible; GoogleOther)"
47.128.45.216 - - [26/Apr/2025:04:39:08 -0400] "GET /wp-includes/js/tinymce/license.txt HTTP/1.1" 200 8889 "-" "Mozilla/5.0 (Linux; Android 5.0) AppleWebKit/537.36 (KHTML, like Gecko) Mobile Safari/537.36 (compatible; Bytespider; spider-feedback@bytedance.com)"
47.242.43.213 - - [26/Apr/2025:04:40:06 -0400] "GET / HTTP/1.1" 200 26008 "-" "Mozilla/5.0 (Windows NT 10.0; Win64; x64) AppleWebKit/537.36 (KHTML, like Gecko) Chrome/135.0.0.0 Safari/537.36"
47.242.43.213 - - [26/Apr/2025:04:40:07 -0400] "GET /wp-content/plugins/header-footer-elementor/assets/css/header-footer-elementor.css?ver=2.3.0 HTTP/1.1" 200 259 "https://mercurylondon.com/" "Mozilla/5.0 (Windows NT 10.0; Win64; x64) AppleWebKit/537.36 (KHTML, like Gecko) Chrome/135.0.0.0 Safari/537.36"
47.242.43.213 - - [26/Apr/2025:04:40:07 -0400] "GET /wp-content/plugins/header-footer-elementor/inc/widgets-css/frontend.css?ver=2.3.0 HTTP/1.1" 200 8133 "https://mercurylondon.com/" "Mozilla/5.0 (Windows NT 10.0; Win64; x64) AppleWebKit/537.36 (KHTML, like Gecko) Chrome/135.0.0.0 Safari/537.36"
47.242.43.213 - - [26/Apr/2025:04:40:07 -0400] "GET /wp-content/plugins/elementor/assets/css/frontend.min.css?ver=3.28.4 HTTP/1.1" 200 6453 "https://mercurylondon.com/" "Mozilla/5.0 (Windows NT 10.0; Win64; x64) AppleWebKit/537.36 (KHTML, like Gecko) Chrome/135.0.0.0 Safari/537.36"
47.242.43.213 - - [26/Apr/2025:04:40:08 -0400] "GET /wp-content/uploads/elementor/css/post-6.css?ver=1707160038 HTTP/1.1" 200 358 "https://mercurylondon.com/" "Mozilla/5.0 (Windows NT 10.0; Win64; x64) AppleWebKit/537.36 (KHTML, like Gecko) Chrome/135.0.0.0 Safari/537.36"
47.242.43.213 - - [26/Apr/2025:04:40:08 -0400] "GET /wp-content/plugins/pro-elements/assets/css/frontend.min.css?ver=3.18.1 HTTP/1.1" 200 40913 "https://mercurylondon.com/" "Mozilla/5.0 (Windows NT 10.0; Win64; x64) AppleWebKit/537.36 (KHTML, like Gecko) Chrome/135.0.0.0 Safari/537.36"
47.242.43.213 - - [26/Apr/2025:04:40:08 -0400] "GET /wp-content/uploads/elementor/css/post-16.css?ver=1708782560 HTTP/1.1" 200 3042 "https://mercurylondon.com/" "Mozilla/5.0 (Windows NT 10.0; Win64; x64) AppleWebKit/537.36 (KHTML, like Gecko) Chrome/135.0.0.0 Safari/537.36"
47.242.43.213 - - [26/Apr/2025:04:40:08 -0400] "GET /wp-content/uploads/elementor/css/post-68.css?ver=1709033049 HTTP/1.1" 200 734 "https://mercurylondon.com/" "Mozilla/5.0 (Windows NT 10.0; Win64; x64) AppleWebKit/537.36 (KHTML, like Gecko) Chrome/135.0.0.0 Safari/537.36"
47.242.43.213 - - [26/Apr/2025:04:40:08 -0400] "GET /wp-content/uploads/elementor/css/post-128.css?ver=1709038461 HTTP/1.1" 200 611 "https://mercurylondon.com/" "Mozilla/5.0 (Windows NT 10.0; Win64; x64) AppleWebKit/537.36 (KHTML, like Gecko) Chrome/135.0.0.0 Safari/537.36"
47.242.43.213 - - [26/Apr/2025:04:40:09 -0400] "GET /wp-content/themes/hello-elementor/style.min.css?ver=3.3.0 HTTP/1.1" 200 1591 "https://mercurylondon.com/" "Mozilla/5.0 (Windows NT 10.0; Win64; x64) AppleWebKit/537.36 (KHTML, like Gecko) Chrome/135.0.0.0 Safari/537.36"
47.242.43.213 - - [26/Apr/2025:04:40:09 -0400] "GET /wp-content/themes/hello-elementor/theme.min.css?ver=3.3.0 HTTP/1.1" 200 1131 "https://mercurylondon.com/" "Mozilla/5.0 (Windows NT 10.0; Win64; x64) AppleWebKit/537.36 (KHTML, like Gecko) Chrome/135.0.0.0 Safari/537.36"
47.242.43.213 - - [26/Apr/2025:04:40:09 -0400] "GET /wp-content/themes/hello-elementor/header-footer.min.css?ver=3.3.0 HTTP/1.1" 200 1292 "https://mercurylondon.com/" "Mozilla/5.0 (Windows NT 10.0; Win64; x64) AppleWebKit/537.36 (KHTML, like Gecko) Chrome/135.0.0.0 Safari/537.36"
47.242.43.213 - - [26/Apr/2025:04:40:09 -0400] "GET /wp-content/plugins/elementor/assets/lib/eicons/css/elementor-icons.min.css?ver=5.34.0 HTTP/1.1" 200 3845 "https://mercurylondon.com/" "Mozilla/5.0 (Windows NT 10.0; Win64; x64) AppleWebKit/537.36 (KHTML, like Gecko) Chrome/135.0.0.0 Safari/537.36"
168.138.193.253 - - [26/Apr/2025:04:40:11 -0400] "GET /wp-content/plugins/elementor/assets/css/widget-icon-list.min.css?ver=3.24.3 HTTP/1.1" 200 957 "https://mercurylondon.com/" "Mozilla/5.0 (Windows NT 10.0; Win64; x64) AppleWebKit/537.36 (KHTML, like Gecko) Chrome/135.0.0.0 Safari/537.36"
168.138.193.253 - - [26/Apr/2025:04:40:11 -0400] "GET /wp-content/plugins/elementor/assets/css/widget-social-icons.min.css?ver=3.24.0 HTTP/1.1" 200 1069 "https://mercurylondon.com/" "Mozilla/5.0 (Windows NT 10.0; Win64; x64) AppleWebKit/537.36 (KHTML, like Gecko) Chrome/135.0.0.0 Safari/537.36"
168.138.193.253 - - [26/Apr/2025:04:40:11 -0400] "GET /wp-content/plugins/elementor/assets/lib/font-awesome/css/brands.css?ver=5.15.3 HTTP/1.1" 200 296 "https://mercurylondon.com/" "Mozilla/5.0 (Windows NT 10.0; Win64; x64) AppleWebKit/537.36 (KHTML, like Gecko) Chrome/135.0.0.0 Safari/537.36"
168.138.193.253 - - [26/Apr/2025:04:40:11 -0400] "GET /wp-content/plugins/elementor/assets/lib/font-awesome/css/fontawesome.css?ver=5.15.3 HTTP/1.1" 200 12526 "https://mercurylondon.com/" "Mozilla/5.0 (Windows NT 10.0; Win64; x64) AppleWebKit/537.36 (KHTML, like Gecko) Chrome/135.0.0.0 Safari/537.36"
168.138.193.253 - - [26/Apr/2025:04:40:11 -0400] "GET /wp-content/plugins/elementor/assets/lib/font-awesome/css/solid.css?ver=5.15.3 HTTP/1.1" 200 296 "https://mercurylondon.com/" "Mozilla/5.0 (Windows NT 10.0; Win64; x64) AppleWebKit/537.36 (KHTML, like Gecko) Chrome/135.0.0.0 Safari/537.36"
66.29.132.124 - - [26/Apr/2025:04:40:19 -0400] "POST /wp-cron.php?doing_wp_cron=1745656819.4073998928070068359375 HTTP/1.1" 403 1242 "-" "WordPress/6.8; https://mercurylondon.com"
66.29.132.124 - - [26/Apr/2025:04:40:19 -0400] "POST /wp-cron.php?doing_wp_cron=1745656819.4171969890594482421875 HTTP/1.1" 403 1242 "-" "WordPress/6.8; https://mercurylondon.com"
66.29.132.124 - - [26/Apr/2025:04:40:19 -0400] "POST /wp-cron.php?doing_wp_cron=1745656819.4076609611511230468750 HTTP/1.1" 403 1242 "-" "WordPress/6.8; https://mercurylondon.com"
168.138.193.253 - - [26/Apr/2025:04:40:11 -0400] "GET /wp-content/plugins/elementor-pro/assets/css/widget-blockquote.min.css?ver=3.25.0 HTTP/1.1" 404 21046 "https://mercurylondon.com/" "Mozilla/5.0 (Windows NT 10.0; Win64; x64) AppleWebKit/537.36 (KHTML, like Gecko) Chrome/135.0.0.0 Safari/537.36"
168.138.193.253 - - [26/Apr/2025:04:40:12 -0400] "GET /wp-content/plugins/elementor-pro/assets/css/widget-mega-menu.min.css?ver=3.26.2 HTTP/1.1" 404 21098 "https://mercurylondon.com/" "Mozilla/5.0 (Windows NT 10.0; Win64; x64) AppleWebKit/537.36 (KHTML, like Gecko) Chrome/135.0.0.0 Safari/537.36"
168.138.193.253 - - [26/Apr/2025:04:40:12 -0400] "GET /wp-content/plugins/elementor-pro/assets/css/widget-nav-menu.min.css?ver=3.26.0 HTTP/1.1" 404 20945 "https://mercurylondon.com/" "Mozilla/5.0 (Windows NT 10.0; Win64; x64) AppleWebKit/537.36 (KHTML, like Gecko) Chrome/135.0.0.0 Safari/537.36"
168.138.193.253 - - [26/Apr/2025:04:40:22 -0400] "GET /wp-content/uploads/elementor/google-fonts/css/roboto.css?ver=1742298622 HTTP/1.1" 200 1883 "https://mercurylondon.com/" "Mozilla/5.0 (Windows NT 10.0; Win64; x64) AppleWebKit/537.36 (KHTML, like Gecko) Chrome/135.0.0.0 Safari/537.36"
168.138.193.253 - - [26/Apr/2025:04:40:22 -0400] "GET /wp-content/uploads/elementor/google-fonts/css/robotoslab.css?ver=1742298637 HTTP/1.1" 200 715 "https://mercurylondon.com/" "Mozilla/5.0 (Windows NT 10.0; Win64; x64) AppleWebKit/537.36 (KHTML, like Gecko) Chrome/135.0.0.0 Safari/537.36"
168.138.193.253 - - [26/Apr/2025:04:40:22 -0400] "GET /wp-content/uploads/elementor/google-fonts/css/poppins.css?ver=1742298641 HTTP/1.1" 200 624 "https://mercurylondon.com/" "Mozilla/5.0 (Windows NT 10.0; Win64; x64) AppleWebKit/537.36 (KHTML, like Gecko) Chrome/135.0.0.0 Safari/537.36"
168.138.193.253 - - [26/Apr/2025:04:40:23 -0400] "GET /wp-content/uploads/elementor/google-fonts/css/lora.css?ver=1742326000 HTTP/1.1" 200 1520 "https://mercurylondon.com/" "Mozilla/5.0 (Windows NT 10.0; Win64; x64) AppleWebKit/537.36 (KHTML, like Gecko) Chrome/135.0.0.0 Safari/537.36"
168.138.193.253 - - [26/Apr/2025:04:40:23 -0400] "GET /wp-includes/js/jquery/jquery.min.js?ver=3.7.1 HTTP/1.1" 200 29744 "https://mercurylondon.com/" "Mozilla/5.0 (Windows NT 10.0; Win64; x64) AppleWebKit/537.36 (KHTML, like Gecko) Chrome/135.0.0.0 Safari/537.36"
168.138.193.253 - - [26/Apr/2025:04:40:23 -0400] "GET /wp-content/uploads/elementor/thumbs/image-removebg-preview-1-qj4kanp17vm76c4brqvg6ev8osts1iefux7bgjpn8o.png HTTP/1.1" 200 14265 "https://mercurylondon.com/" "Mozilla/5.0 (Windows NT 10.0; Win64; x64) AppleWebKit/537.36 (KHTML, like Gecko) Chrome/135.0.0.0 Safari/537.36"
168.138.193.253 - - [26/Apr/2025:04:40:23 -0400] "GET /wp-includes/js/jquery/jquery-migrate.min.js?ver=3.4.1 HTTP/1.1" 200 4678 "https://mercurylondon.com/" "Mozilla/5.0 (Windows NT 10.0; Win64; x64) AppleWebKit/537.36 (KHTML, like Gecko) Chrome/135.0.0.0 Safari/537.36"
168.138.193.253 - - [26/Apr/2025:04:40:23 -0400] "GET /wp-content/uploads/elementor/thumbs/image-7-qj2pno1xseakiy09wjmvwob4ycdjm2vs4on9nd6eys.jpg HTTP/1.1" 200 12975 "https://mercurylondon.com/" "Mozilla/5.0 (Windows NT 10.0; Win64; x64) AppleWebKit/537.36 (KHTML, like Gecko) Chrome/135.0.0.0 Safari/537.36"
168.138.193.253 - - [26/Apr/2025:04:40:23 -0400] "GET /wp-content/uploads/elementor/thumbs/pexels-photo-515169-qj2pncrvidv4nmgnqerd2r5ltpx51pn034tfw1n51g.jpeg HTTP/1.1" 200 17447 "https://mercurylondon.com/" "Mozilla/5.0 (Windows NT 10.0; Win64; x64) AppleWebKit/537.36 (KHTML, like Gecko) Chrome/135.0.0.0 Safari/537.36"
168.138.193.253 - - [26/Apr/2025:04:40:23 -0400] "GET /wp-content/uploads/elementor/thumbs/apple-devices-books-business-572056-qj2pnenjw1xpaudxffkm7qoj0hnvh3ugre4eulkcp0.jpg HTTP/1.1" 200 14782 "https://mercurylondon.com/" "Mozilla/5.0 (Windows NT 10.0; Win64; x64) AppleWebKit/537.36 (KHTML, like Gecko) Chrome/135.0.0.0 Safari/537.36"
168.138.193.253 - - [26/Apr/2025:04:40:23 -0400] "GET /wp-content/uploads/2024/01/image-removebg-preview-1.png HTTP/1.1" 200 96568 "https://mercurylondon.com/" "Mozilla/5.0 (Windows NT 10.0; Win64; x64) AppleWebKit/537.36 (KHTML, like Gecko) Chrome/135.0.0.0 Safari/537.36"
168.138.193.253 - - [26/Apr/2025:04:40:24 -0400] "GET /wp-content/plugins/elementor/assets/css/widget-image.min.css?ver=3.28.4 HTTP/1.1" 200 254 "https://mercurylondon.com/" "Mozilla/5.0 (Windows NT 10.0; Win64; x64) AppleWebKit/537.36 (KHTML, like Gecko) Chrome/135.0.0.0 Safari/537.36"
168.138.193.253 - - [26/Apr/2025:04:40:24 -0400] "GET /wp-content/plugins/elementor/assets/css/widget-heading.min.css?ver=3.28.4 HTTP/1.1" 200 154 "https://mercurylondon.com/" "Mozilla/5.0 (Windows NT 10.0; Win64; x64) AppleWebKit/537.36 (KHTML, like Gecko) Chrome/135.0.0.0 Safari/537.36"
168.138.193.253 - - [26/Apr/2025:04:40:24 -0400] "GET /wp-content/plugins/elementor/assets/css/widget-icon-box.min.css?ver=3.28.4 HTTP/1.1" 200 656 "https://mercurylondon.com/" "Mozilla/5.0 (Windows NT 10.0; Win64; x64) AppleWebKit/537.36 (KHTML, like Gecko) Chrome/135.0.0.0 Safari/537.36"
168.138.193.253 - - [26/Apr/2025:04:40:25 -0400] "GET /wp-content/plugins/elementor/assets/css/widget-spacer.min.css?ver=3.28.4 HTTP/1.1" 200 315 "https://mercurylondon.com/" "Mozilla/5.0 (Windows NT 10.0; Win64; x64) AppleWebKit/537.36 (KHTML, like Gecko) Chrome/135.0.0.0 Safari/537.36"
168.138.193.253 - - [26/Apr/2025:04:40:25 -0400] "GET /wp-content/plugins/elementor/assets/css/widget-accordion.min.css?ver=3.28.4 HTTP/1.1" 200 377 "https://mercurylondon.com/" "Mozilla/5.0 (Windows NT 10.0; Win64; x64) AppleWebKit/537.36 (KHTML, like Gecko) Chrome/135.0.0.0 Safari/537.36"
168.138.193.253 - - [26/Apr/2025:04:40:25 -0400] "GET /wp-content/plugins/brave-popup-builder/assets/css/frontend.min.css?ver=6.8 HTTP/1.1" 200 7994 "https://mercurylondon.com/" "Mozilla/5.0 (Windows NT 10.0; Win64; x64) AppleWebKit/537.36 (KHTML, like Gecko) Chrome/135.0.0.0 Safari/537.36"
168.138.193.253 - - [26/Apr/2025:04:40:25 -0400] "GET /wp-content/themes/hello-elementor/assets/js/hello-frontend.min.js?ver=3.3.0 HTTP/1.1" 200 548 "https://mercurylondon.com/" "Mozilla/5.0 (Windows NT 10.0; Win64; x64) AppleWebKit/537.36 (KHTML, like Gecko) Chrome/135.0.0.0 Safari/537.36"
168.138.193.253 - - [26/Apr/2025:04:40:25 -0400] "GET /wp-content/plugins/header-footer-elementor/inc/js/frontend.js?ver=2.3.0 HTTP/1.1" 200 3944 "https://mercurylondon.com/" "Mozilla/5.0 (Windows NT 10.0; Win64; x64) AppleWebKit/537.36 (KHTML, like Gecko) Chrome/135.0.0.0 Safari/537.36"
168.138.193.253 - - [26/Apr/2025:04:40:26 -0400] "GET /wp-content/plugins/pro-elements/assets/js/webpack-pro.runtime.min.js?ver=3.18.1 HTTP/1.1" 200 2474 "https://mercurylondon.com/" "Mozilla/5.0 (Windows NT 10.0; Win64; x64) AppleWebKit/537.36 (KHTML, like Gecko) Chrome/135.0.0.0 Safari/537.36"
168.138.193.253 - - [26/Apr/2025:04:40:25 -0400] "GET /wp-content/plugins/brave-popup-builder/assets/frontend/brave.js?ver=6.8 HTTP/1.1" 200 23854 "https://mercurylondon.com/" "Mozilla/5.0 (Windows NT 10.0; Win64; x64) AppleWebKit/537.36 (KHTML, like Gecko) Chrome/135.0.0.0 Safari/537.36"
168.138.193.253 - - [26/Apr/2025:04:40:26 -0400] "GET /wp-content/plugins/elementor/assets/js/webpack.runtime.min.js?ver=3.28.4 HTTP/1.1" 200 2228 "https://mercurylondon.com/" "Mozilla/5.0 (Windows NT 10.0; Win64; x64) AppleWebKit/537.36 (KHTML, like Gecko) Chrome/135.0.0.0 Safari/537.36"
168.138.193.253 - - [26/Apr/2025:04:40:26 -0400] "GET /wp-content/plugins/elementor/assets/js/frontend-modules.min.js?ver=3.28.4 HTTP/1.1" 200 14421 "https://mercurylondon.com/" "Mozilla/5.0 (Windows NT 10.0; Win64; x64) AppleWebKit/537.36 (KHTML, like Gecko) Chrome/135.0.0.0 Safari/537.36"
168.138.193.253 - - [26/Apr/2025:04:40:26 -0400] "GET /wp-includes/js/dist/hooks.min.js?ver=4d63a3d491d11ffd8ac6 HTTP/1.1" 200 1571 "https://mercurylondon.com/" "Mozilla/5.0 (Windows NT 10.0; Win64; x64) AppleWebKit/537.36 (KHTML, like Gecko) Chrome/135.0.0.0 Safari/537.36"
168.138.193.253 - - [26/Apr/2025:04:40:26 -0400] "GET /wp-includes/js/dist/i18n.min.js?ver=5e580eb46a90c2b997e6 HTTP/1.1" 200 3542 "https://mercurylondon.com/" "Mozilla/5.0 (Windows NT 10.0; Win64; x64) AppleWebKit/537.36 (KHTML, like Gecko) Chrome/135.0.0.0 Safari/537.36"
168.138.193.253 - - [26/Apr/2025:04:40:26 -0400] "GET /wp-content/plugins/pro-elements/assets/js/frontend.min.js?ver=3.18.1 HTTP/1.1" 200 6496 "https://mercurylondon.com/" "Mozilla/5.0 (Windows NT 10.0; Win64; x64) AppleWebKit/537.36 (KHTML, like Gecko) Chrome/135.0.0.0 Safari/537.36"
168.138.193.253 - - [26/Apr/2025:04:40:26 -0400] "GET /wp-includes/js/jquery/ui/core.min.js?ver=1.13.3 HTTP/1.1" 200 6812 "https://mercurylondon.com/" "Mozilla/5.0 (Windows NT 10.0; Win64; x64) AppleWebKit/537.36 (KHTML, like Gecko) Chrome/135.0.0.0 Safari/537.36"
168.138.193.253 - - [26/Apr/2025:04:40:26 -0400] "GET /wp-content/plugins/elementor/assets/js/frontend.min.js?ver=3.28.4 HTTP/1.1" 200 13099 "https://mercurylondon.com/" "Mozilla/5.0 (Windows NT 10.0; Win64; x64) AppleWebKit/537.36 (KHTML, like Gecko) Chrome/135.0.0.0 Safari/537.36"
168.138.193.253 - - [26/Apr/2025:04:40:27 -0400] "GET /wp-content/plugins/pro-elements/assets/js/preloaded-elements-handlers.min.js?ver=3.18.1 HTTP/1.1" 200 51459 "https://mercurylondon.com/" "Mozilla/5.0 (Windows NT 10.0; Win64; x64) AppleWebKit/537.36 (KHTML, like Gecko) Chrome/135.0.0.0 Safari/537.36"
168.138.193.253 - - [26/Apr/2025:04:40:27 -0400] "GET /wp-content/plugins/brave-popup-builder/assets/images/preloader.png HTTP/1.1" 200 119 "https://mercurylondon.com/" "Mozilla/5.0 (Windows NT 10.0; Win64; x64) AppleWebKit/537.36 (KHTML, like Gecko) Chrome/135.0.0.0 Safari/537.36"
168.138.193.253 - - [26/Apr/2025:04:40:27 -0400] "GET /wp-includes/js/wp-emoji-release.min.js?ver=6.8 HTTP/1.1" 200 4771 "https://mercurylondon.com/" "Mozilla/5.0 (Windows NT 10.0; Win64; x64) AppleWebKit/537.36 (KHTML, like Gecko) Chrome/135.0.0.0 Safari/537.36"
168.138.193.253 - - [26/Apr/2025:04:40:27 -0400] "GET /wp-content/uploads/2024/01/pexels-photo-515169.jpeg HTTP/1.1" 200 22776 "https://mercurylondon.com/wp-content/uploads/elementor/css/post-16.css?ver=1708782560" "Mozilla/5.0 (Windows NT 10.0; Win64; x64) AppleWebKit/537.36 (KHTML, like Gecko) Chrome/135.0.0.0 Safari/537.36"
168.138.193.253 - - [26/Apr/2025:04:40:27 -0400] "GET /wp-content/uploads/elementor/google-fonts/fonts/poppins-pxibyp8kv8jhgfvrlej6z1xlfq.woff2 HTTP/1.1" 200 8000 "https://mercurylondon.com/wp-content/uploads/elementor/google-fonts/css/poppins.css?ver=1742298641" "Mozilla/5.0 (Windows NT 10.0; Win64; x64) AppleWebKit/537.36 (KHTML, like Gecko) Chrome/135.0.0.0 Safari/537.36"
168.138.193.253 - - [26/Apr/2025:04:40:27 -0400] "GET /wp-content/uploads/elementor/google-fonts/fonts/poppins-pxieyp8kv8jhgfvrjjfecg.woff2 HTTP/1.1" 200 7884 "https://mercurylondon.com/wp-content/uploads/elementor/google-fonts/css/poppins.css?ver=1742298641" "Mozilla/5.0 (Windows NT 10.0; Win64; x64) AppleWebKit/537.36 (KHTML, like Gecko) Chrome/135.0.0.0 Safari/537.36"
168.138.193.253 - - [26/Apr/2025:04:40:28 -0400] "GET /wp-content/uploads/elementor/google-fonts/fonts/poppins-pxibyp8kv8jhgfvrlgt9z1xlfq.woff2 HTTP/1.1" 200 7748 "https://mercurylondon.com/wp-content/uploads/elementor/google-fonts/css/poppins.css?ver=1742298641" "Mozilla/5.0 (Windows NT 10.0; Win64; x64) AppleWebKit/537.36 (KHTML, like Gecko) Chrome/135.0.0.0 Safari/537.36"
168.138.193.253 - - [26/Apr/2025:04:40:28 -0400] "GET /wp-content/uploads/elementor/google-fonts/fonts/lora-0qihmx1d_joumw_liftl.woff2 HTTP/1.1" 200 40780 "https://mercurylondon.com/wp-content/uploads/elementor/google-fonts/css/lora.css?ver=1742326000" "Mozilla/5.0 (Windows NT 10.0; Win64; x64) AppleWebKit/537.36 (KHTML, like Gecko) Chrome/135.0.0.0 Safari/537.36"
168.138.193.253 - - [26/Apr/2025:04:40:28 -0400] "GET /wp-content/uploads/2024/01/image-7.jpg HTTP/1.1" 200 737950 "https://mercurylondon.com/wp-content/uploads/elementor/css/post-16.css?ver=1708782560" "Mozilla/5.0 (Windows NT 10.0; Win64; x64) AppleWebKit/537.36 (KHTML, like Gecko) Chrome/135.0.0.0 Safari/537.36"
168.138.193.253 - - [26/Apr/2025:04:40:28 -0400] "GET /wp-content/plugins/elementor/assets/js/text-editor.c084ef86600b6f11690d.bundle.min.js HTTP/1.1" 200 621 "https://mercurylondon.com/" "Mozilla/5.0 (Windows NT 10.0; Win64; x64) AppleWebKit/537.36 (KHTML, like Gecko) Chrome/135.0.0.0 Safari/537.36"
168.138.193.253 - - [26/Apr/2025:04:40:29 -0400] "GET /wp-content/plugins/elementor/assets/js/accordion.36aa4c8c4eba17bc8e03.bundle.min.js HTTP/1.1" 200 1318 "https://mercurylondon.com/" "Mozilla/5.0 (Windows NT 10.0; Win64; x64) AppleWebKit/537.36 (KHTML, like Gecko) Chrome/135.0.0.0 Safari/537.36"
168.138.193.253 - - [26/Apr/2025:04:40:29 -0400] "GET /wp-content/uploads/2024/01/cropped-image-removebg-preview-1-32x32.png HTTP/1.1" 200 1965 "https://mercurylondon.com/" "Mozilla/5.0 (Windows NT 10.0; Win64; x64) AppleWebKit/537.36 (KHTML, like Gecko) Chrome/135.0.0.0 Safari/537.36"
47.128.125.162 - - [26/Apr/2025:04:43:09 -0400] "GET /wp-includes/js/tinymce/themes/ HTTP/1.1" 200 635 "-" "Mozilla/5.0 (Linux; Android 5.0) AppleWebKit/537.36 (KHTML, like Gecko) Mobile Safari/537.36 (compatible; Bytespider; spider-feedback@bytedance.com)"
66.249.68.67 - - [26/Apr/2025:04:44:07 -0400] "GET /about.php?path=%2F%2Fproc%2Fthread-self%2Froot%2Fopt%2Falt%2Fpcre HTTP/1.1" 200 797 "-" "Mozilla/5.0 (Linux; Android 6.0.1; Nexus 5X Build/MMB29P) AppleWebKit/537.36 (KHTML, like Gecko) Chrome/135.0.7049.95 Mobile Safari/537.36 (compatible; GoogleOther)"
47.128.110.9 - - [26/Apr/2025:04:44:08 -0400] "GET /wp-includes/js/crop/ HTTP/1.1" 200 758 "-" "Mozilla/5.0 (Linux; Android 5.0) AppleWebKit/537.36 (KHTML, like Gecko) Mobile Safari/537.36 (compatible; TikTokSpider; ttspider-feedback@tiktok.com)"
47.128.55.56 - - [26/Apr/2025:04:47:09 -0400] "GET /wp-includes/js/tinymce/skins/ HTTP/1.1" 200 644 "-" "Mozilla/5.0 (Linux; Android 5.0) AppleWebKit/537.36 (KHTML, like Gecko) Mobile Safari/537.36 (compatible; Bytespider; spider-feedback@bytedance.com)"
66.249.68.66 - - [26/Apr/2025:04:49:24 -0400] "GET /about.php?path=%2F%2Fproc%2Fthread-self%2Froot%2Fopt%2Fcloudlinux%2Falt-php80 HTTP/1.1" 200 848 "-" "Mozilla/5.0 (Linux; Android 6.0.1; Nexus 5X Build/MMB29P) AppleWebKit/537.36 (KHTML, like Gecko) Chrome/135.0.7049.95 Mobile Safari/537.36 (compatible; GoogleOther)"
66.249.68.65 - - [26/Apr/2025:04:50:24 -0400] "GET /about.php?path=%2F%2Fproc%2Fthread-self%2Froot%2Fopt%2Falt%2Falt-ImageMagick HTTP/1.1" 200 819 "-" "Mozilla/5.0 (Linux; Android 6.0.1; Nexus 5X Build/MMB29P) AppleWebKit/537.36 (KHTML, like Gecko) Chrome/135.0.7049.95 Mobile Safari/537.36 (compatible; GoogleOther)"
66.249.68.65 - - [26/Apr/2025:04:50:27 -0400] "GET /about.php?path=%2F%2Fproc%2Fthread-self%2Froot%2Fproc%2Firq HTTP/1.1" 200 975 "-" "Mozilla/5.0 (Linux; Android 6.0.1; Nexus 5X Build/MMB29P) AppleWebKit/537.36 (KHTML, like Gecko) Chrome/135.0.7049.95 Mobile Safari/537.36 (compatible; GoogleOther)"
66.249.68.65 - - [26/Apr/2025:04:50:29 -0400] "GET /about.php?path=%2F%2Fproc%2Fthread-self%2Froot%2Fopt%2Falt%2Falt-nodejs8 HTTP/1.1" 200 840 "-" "Mozilla/5.0 (Linux; Android 6.0.1; Nexus 5X Build/MMB29P) AppleWebKit/537.36 (KHTML, like Gecko) Chrome/135.0.7049.95 Mobile Safari/537.36 (compatible; GoogleOther)"
47.128.61.246 - - [26/Apr/2025:04:51:10 -0400] "GET /wp-includes/js/tinymce/plugins/ HTTP/1.1" 200 1236 "-" "Mozilla/5.0 (Linux; Android 5.0) AppleWebKit/537.36 (KHTML, like Gecko) Mobile Safari/537.36 (compatible; Bytespider; spider-feedback@bytedance.com)"
66.249.68.65 - - [26/Apr/2025:04:54:29 -0400] "GET /about.php?path=%2F%2Fproc%2Fthread-self%2Froot%2Fopt%2Falt%2Falt-nodejs9 HTTP/1.1" 200 840 "-" "Mozilla/5.0 (Linux; Android 6.0.1; Nexus 5X Build/MMB29P) AppleWebKit/537.36 (KHTML, like Gecko) Chrome/135.0.7049.95 Mobile Safari/537.36 (compatible; GoogleOther)"
66.249.68.67 - - [26/Apr/2025:04:54:32 -0400] "GET /about.php?path=%2F%2Fproc%2Fthread-self%2Froot%2Fopt%2Falt%2Ffreetds11 HTTP/1.1" 200 816 "-" "Mozilla/5.0 (Linux; Android 6.0.1; Nexus 5X Build/MMB29P) AppleWebKit/537.36 (KHTML, like Gecko) Chrome/135.0.7049.95 Mobile Safari/537.36 (compatible; GoogleOther)"
47.128.54.33 - - [26/Apr/2025:04:55:10 -0400] "GET /wp-includes/js/tinymce/wp-tinymce.php HTTP/1.1" 403 1242 "-" "Mozilla/5.0 (Linux; Android 5.0) AppleWebKit/537.36 (KHTML, like Gecko) Mobile Safari/537.36 (compatible; Bytespider; spider-feedback@bytedance.com)"
47.128.48.45 - - [26/Apr/2025:04:59:12 -0400] "GET /wp-includes/js/tinymce/skins/lightgray/ HTTP/1.1" 200 766 "-" "Mozilla/5.0 (Linux; Android 5.0) AppleWebKit/537.36 (KHTML, like Gecko) Mobile Safari/537.36 (compatible; Bytespider; spider-feedback@bytedance.com)"
66.249.68.66 - - [26/Apr/2025:05:00:33 -0400] "GET /about.php?path=%2F%2Fproc%2Fthread-self%2Froot%2Fopt%2Falt%2Ftests HTTP/1.1" 200 2317 "-" "Mozilla/5.0 (Linux; Android 6.0.1; Nexus 5X Build/MMB29P) AppleWebKit/537.36 (KHTML, like Gecko) Chrome/135.0.7049.95 Mobile Safari/537.36 (compatible; GoogleOther)"
47.128.40.22 - - [26/Apr/2025:05:03:11 -0400] "GET /wp-includes/js/tinymce/plugins/charmap/ HTTP/1.1" 200 677 "-" "Mozilla/5.0 (Linux; Android 5.0) AppleWebKit/537.36 (KHTML, like Gecko) Mobile Safari/537.36 (compatible; Bytespider; spider-feedback@bytedance.com)"
66.29.132.124 - - [26/Apr/2025:05:03:12 -0400] "POST /wp-cron.php?doing_wp_cron=1745658192.7188119888305664062500 HTTP/1.1" 403 1242 "-" "WordPress/6.8; https://mercurylondon.com"
57.141.4.2 - - [26/Apr/2025:05:03:05 -0400] "GET /index.html HTTP/1.1" 404 276357 "-" "meta-externalagent/1.1 (+https://developers.facebook.com/docs/sharing/webmasters/crawler)"
47.128.16.164 - - [26/Apr/2025:05:03:57 -0400] "GET /wp-includes/js/tinymce/skins/lightgray/ HTTP/1.1" 200 766 "-" "Mozilla/5.0 (Linux; Android 5.0) AppleWebKit/537.36 (KHTML, like Gecko) Mobile Safari/537.36 (compatible; TikTokSpider; ttspider-feedback@tiktok.com)"
47.128.16.164 - - [26/Apr/2025:05:03:57 -0400] "GET /_autoindex/assets/icons/folder-fill.svg HTTP/1.1" 206 500 "https://mercurylondon.com/wp-includes/js/tinymce/skins/lightgray/" "Mozilla/5.0 (Linux; Android 5.0) AppleWebKit/537.36 (KHTML, like Gecko) Mobile Safari/537.36 (compatible; TikTokSpider; ttspider-feedback@tiktok.com)"
66.249.68.65 - - [26/Apr/2025:05:05:35 -0400] "GET /about.php?path=%2F%2Fproc%2Fthread-self%2Froot%2Fopt%2Falt%2Fphp51 HTTP/1.1" 200 831 "-" "Mozilla/5.0 (Linux; Android 6.0.1; Nexus 5X Build/MMB29P) AppleWebKit/537.36 (KHTML, like Gecko) Chrome/135.0.7049.95 Mobile Safari/537.36 (compatible; GoogleOther)"
66.249.68.66 - - [26/Apr/2025:05:06:00 -0400] "GET /about.php?path=%2F%2Fproc%2Fthread-self%2Froot%2Fproc%2Ftty HTTP/1.1" 200 836 "-" "Mozilla/5.0 (Linux; Android 6.0.1; Nexus 5X Build/MMB29P) AppleWebKit/537.36 (KHTML, like Gecko) Chrome/135.0.7049.95 Mobile Safari/537.36 (compatible; GoogleOther)"
47.128.123.164 - - [26/Apr/2025:05:07:11 -0400] "GET /wp-includes/js/tinymce/plugins/wptextpattern/ HTTP/1.1" 200 682 "-" "Mozilla/5.0 (Linux; Android 5.0) AppleWebKit/537.36 (KHTML, like Gecko) Mobile Safari/537.36 (compatible; Bytespider; spider-feedback@bytedance.com)"
47.128.96.128 - - [26/Apr/2025:05:07:57 -0400] "GET /wp-includes/js/tinymce/license.txt HTTP/1.1" 200 8889 "-" "Mozilla/5.0 (Linux; Android 5.0) AppleWebKit/537.36 (KHTML, like Gecko) Mobile Safari/537.36 (compatible; TikTokSpider; ttspider-feedback@tiktok.com)"
66.29.132.124 - - [26/Apr/2025:05:08:23 -0400] "POST /wp-cron.php?doing_wp_cron=1745658503.5102059841156005859375 HTTP/1.1" 403 1242 "-" "WordPress/6.8; https://mercurylondon.com"
45.87.212.180 - - [26/Apr/2025:05:08:21 -0400] "GET / HTTP/1.0" 200 309557 "https://mercurylondon.com/" "Mozilla/5.0 (Windows NT 10.0; Win64; x64) AppleWebKit/537.36 (KHTML, like Gecko) Chrome/130.0.0.0 Safari/537.36"
45.87.212.180 - - [26/Apr/2025:05:08:26 -0400] "GET /contact-us/ HTTP/1.0" 200 295366 "https://mercurylondon.com/contact-us/" "Mozilla/5.0 (Windows NT 10.0; Win64; x64) AppleWebKit/537.36 (KHTML, like Gecko) Chrome/130.0.0.0 Safari/537.36"
45.87.212.180 - - [26/Apr/2025:05:08:28 -0400] "POST /wp-admin/admin-ajax.php HTTP/1.0" 403 1242 "https://mercurylondon.com/contact-us/" "Mozilla/5.0 (Windows NT 10.0; Win64; x64) AppleWebKit/537.36 (KHTML, like Gecko) Chrome/130.0.0.0 Safari/537.36"
66.29.132.124 - - [26/Apr/2025:05:09:56 -0400] "POST /wp-cron.php?doing_wp_cron=1745658596.8152470588684082031250 HTTP/1.1" 403 1242 "-" "WordPress/6.8; https://mercurylondon.com"
35.187.191.158 - - [26/Apr/2025:05:09:54 -0400] "GET / HTTP/1.1" 301 0 "-" "Mozilla/5.0 (iPhone; CPU iPhone OS 17_3 like Mac OS X) AppleWebKit/605.1.15 (KHTML, like Gecko) AvastSecureBrowser/5.3.1 Mobile/15E148 Version/17.0 Safari/605.1.15"
47.128.45.13 - - [26/Apr/2025:05:11:12 -0400] "GET /wp-includes/js/tinymce/plugins/wplink/ HTTP/1.1" 200 659 "-" "Mozilla/5.0 (Linux; Android 5.0) AppleWebKit/537.36 (KHTML, like Gecko) Mobile Safari/537.36 (compatible; Bytespider; spider-feedback@bytedance.com)"
47.128.16.123 - - [26/Apr/2025:05:11:57 -0400] "GET /about.php?path=%2F%2Fproc HTTP/1.1" 200 1431 "-" "Mozilla/5.0 (Linux; Android 5.0) AppleWebKit/537.36 (KHTML, like Gecko) Mobile Safari/537.36 (compatible; TikTokSpider; ttspider-feedback@tiktok.com)"
47.128.35.66 - - [26/Apr/2025:05:15:12 -0400] "GET /wp-includes/js/tinymce/themes/inlite/ HTTP/1.1" 200 663 "-" "Mozilla/5.0 (Linux; Android 5.0) AppleWebKit/537.36 (KHTML, like Gecko) Mobile Safari/537.36 (compatible; Bytespider; spider-feedback@bytedance.com)"
47.128.121.184 - - [26/Apr/2025:05:15:57 -0400] "GET /wp-includes/js/tinymce/plugins/ HTTP/1.1" 200 1236 "-" "Mozilla/5.0 (Linux; Android 5.0) AppleWebKit/537.36 (KHTML, like Gecko) Mobile Safari/537.36 (compatible; TikTokSpider; ttspider-feedback@tiktok.com)"
66.249.68.67 - - [26/Apr/2025:05:16:02 -0400] "GET /about.php?path=%2F%2Fproc%2Fthread-self%2Froot%2Fopt%2Falt%2Fruby34 HTTP/1.1" 200 849 "-" "Mozilla/5.0 (Linux; Android 6.0.1; Nexus 5X Build/MMB29P) AppleWebKit/537.36 (KHTML, like Gecko) Chrome/135.0.7049.95 Mobile Safari/537.36 (compatible; GoogleOther)"
114.10.151.101 - - [26/Apr/2025:05:18:14 -0400] "GET /about.php HTTP/1.1" 200 1268 "https://www.google.com/" "Mozilla/5.0 (Linux; Android 10; K) AppleWebKit/537.36 (KHTML, like Gecko) Chrome/137.0.0.0 Mobile Safari/537.36"
114.10.151.101 - - [26/Apr/2025:05:18:15 -0400] "GET /favicon.ico HTTP/1.1" 404 1251 "https://mercurylondon.com/about.php" "Mozilla/5.0 (Linux; Android 10; K) AppleWebKit/537.36 (KHTML, like Gecko) Chrome/137.0.0.0 Mobile Safari/537.36"
114.10.151.101 - - [26/Apr/2025:05:18:20 -0400] "GET /about.php?action=edit&file=bbk.txt&path=%2Fhome%2Fmakmfewe%2Fmercurylondon.com HTTP/1.1" 200 551 "https://mercurylondon.com/about.php" "Mozilla/5.0 (Linux; Android 10; K) AppleWebKit/537.36 (KHTML, like Gecko) Chrome/137.0.0.0 Mobile Safari/537.36"
114.10.151.101 - - [26/Apr/2025:05:18:33 -0400] "GET /about.php?action=edit&file=about.php&path=%2Fhome%2Fmakmfewe%2Fmercurylondon.com HTTP/1.1" 200 2584 "https://mercurylondon.com/about.php" "Mozilla/5.0 (Linux; Android 10; K) AppleWebKit/537.36 (KHTML, like Gecko) Chrome/137.0.0.0 Mobile Safari/537.36"
47.128.54.49 - - [26/Apr/2025:05:19:12 -0400] "GET /wp-includes/js/tinymce/plugins/paste/ HTTP/1.1" 200 664 "-" "Mozilla/5.0 (Linux; Android 5.0) AppleWebKit/537.36 (KHTML, like Gecko) Mobile Safari/537.36 (compatible; Bytespider; spider-feedback@bytedance.com)"
47.128.96.125 - - [26/Apr/2025:05:19:57 -0400] "GET /wp-includes/js/tinymce/skins/ HTTP/1.1" 200 644 "-" "Mozilla/5.0 (Linux; Android 5.0) AppleWebKit/537.36 (KHTML, like Gecko) Mobile Safari/537.36 (compatible; TikTokSpider; ttspider-feedback@tiktok.com)"
57.141.4.19 - - [26/Apr/2025:05:20:47 -0400] "GET /wp-includes/default-filters.php HTTP/1.1" 403 1242 "-" "meta-externalagent/1.1 (+https://developers.facebook.com/docs/sharing/webmasters/crawler)"
66.249.68.67 - - [26/Apr/2025:05:22:02 -0400] "GET /about.php?path=%2F%2Fproc%2Fthread-self%2Froot%2Fopt%2Falt%2Fpcre%2Fusr HTTP/1.1" 200 839 "-" "Mozilla/5.0 (Linux; Android 6.0.1; Nexus 5X Build/MMB29P) AppleWebKit/537.36 (KHTML, like Gecko) Chrome/135.0.7049.95 Mobile Safari/537.36 (compatible; GoogleOther)"
66.249.68.65 - - [26/Apr/2025:05:22:05 -0400] "GET /about.php?path=%2F%2Fproc%2Fthread-self%2Froot%2Fopt%2Falt%2Fpython27 HTTP/1.1" 200 855 "-" "Mozilla/5.0 (Linux; Android 6.0.1; Nexus 5X Build/MMB29P) AppleWebKit/537.36 (KHTML, like Gecko) Chrome/135.0.7049.95 Mobile Safari/537.36 (compatible; GoogleOther)"
66.249.68.65 - - [26/Apr/2025:05:23:05 -0400] "GET /about.php?path=%2F%2Fproc%2Fthread-self%2Froot%2Fopt%2Falt%2Falt-nodejs6 HTTP/1.1" 200 840 "-" "Mozilla/5.0 (Linux; Android 6.0.1; Nexus 5X Build/MMB29P) AppleWebKit/537.36 (KHTML, like Gecko) Chrome/135.0.7049.95 Mobile Safari/537.36 (compatible; GoogleOther)"
47.128.43.222 - - [26/Apr/2025:05:23:13 -0400] "GET /wp-includes/js/tinymce/themes/modern/ HTTP/1.1" 200 663 "-" "Mozilla/5.0 (Linux; Android 5.0) AppleWebKit/537.36 (KHTML, like Gecko) Mobile Safari/537.36 (compatible; Bytespider; spider-feedback@bytedance.com)"
47.128.110.79 - - [26/Apr/2025:05:25:30 -0400] "GET /wp-includes/js/tinymce/themes/inlite/ HTTP/1.1" 200 663 "-" "Mozilla/5.0 (Linux; Android 5.0) AppleWebKit/537.36 (KHTML, like Gecko) Mobile Safari/537.36 (compatible; TikTokSpider; ttspider-feedback@tiktok.com)"
47.128.25.24 - - [26/Apr/2025:05:27:13 -0400] "GET /wp-includes/js/tinymce/plugins/lists/ HTTP/1.1" 200 664 "-" "Mozilla/5.0 (Linux; Android 5.0) AppleWebKit/537.36 (KHTML, like Gecko) Mobile Safari/537.36 (compatible; Bytespider; spider-feedback@bytedance.com)"
66.249.68.65 - - [26/Apr/2025:05:28:06 -0400] "GET /about.php?path=%2F%2Fproc%2Fthread-self%2Froot%2Fopt%2Falt%2Fdefault_php_ini HTTP/1.1" 200 943 "-" "Mozilla/5.0 (Linux; Android 6.0.1; Nexus 5X Build/MMB29P) AppleWebKit/537.36 (KHTML, like Gecko) Chrome/135.0.7049.95 Mobile Safari/537.36 (compatible; GoogleOther)"
118.160.43.4 - - [26/Apr/2025:05:28:07 -0400] "GET /about.php HTTP/1.1" 200 1268 "-" "Mozilla/5.0 (Windows NT 10.0; Win64; x64) AppleWebKit/537.36 (KHTML, like Gecko) Chrome/135.0.0.0 Safari/537.36"
118.160.43.4 - - [26/Apr/2025:05:28:10 -0400] "GET /about.php?path=%2Fhome%2Fmakmfewe%2Fmercurylondon.com%2Fwp-content HTTP/1.1" 200 856 "https://mercurylondon.com/about.php" "Mozilla/5.0 (Windows NT 10.0; Win64; x64) AppleWebKit/537.36 (KHTML, like Gecko) Chrome/135.0.0.0 Safari/537.36"
118.160.43.4 - - [26/Apr/2025:05:28:21 -0400] "POST /about.php?path=%2Fhome%2Fmakmfewe%2Fmercurylondon.com%2Fwp-content HTTP/1.1" 200 877 "https://mercurylondon.com/about.php?path=%2Fhome%2Fmakmfewe%2Fmercurylondon.com%2Fwp-content" "Mozilla/5.0 (Windows NT 10.0; Win64; x64) AppleWebKit/537.36 (KHTML, like Gecko) Chrome/135.0.0.0 Safari/537.36"
47.128.122.119 - - [26/Apr/2025:05:29:31 -0400] "GET /wp-includes/js/tinymce/plugins/lists/ HTTP/1.1" 200 664 "-" "Mozilla/5.0 (Linux; Android 5.0) AppleWebKit/537.36 (KHTML, like Gecko) Mobile Safari/537.36 (compatible; TikTokSpider; ttspider-feedback@tiktok.com)"
172.245.109.202 - - [26/Apr/2025:05:29:35 -0400] "POST /wp-content/ss.php HTTP/1.1" 403 1242 "https://mercurylondon.com" "Mozilla/5.0 (Windows NT 10.0; WOW64) AppleWebKit/537.36 (KHTML, like Gecko) Chrome/86.0.4240.198 Safari/537.36"
172.245.109.202 - - [26/Apr/2025:05:29:35 -0400] "POST /wp-content/ss.php HTTP/1.1" 403 1242 "https://mercurylondon.com" "Mozilla/5.0 (Windows NT 10.0; WOW64) AppleWebKit/537.36 (KHTML, like Gecko) Chrome/86.0.4240.198 Safari/537.36"
172.245.109.202 - - [26/Apr/2025:05:29:35 -0400] "POST /wp-content/ss.php HTTP/1.1" 403 1242 "https://mercurylondon.com" "Mozilla/5.0 (Windows NT 10.0; WOW64) AppleWebKit/537.36 (KHTML, like Gecko) Chrome/86.0.4240.198 Safari/537.36"
172.245.109.202 - - [26/Apr/2025:05:29:36 -0400] "GET /wp-content/ss.php?u_p=xTgwAqaHR0cDovL3RpZ2h0d2ViLnRvcC90ZW1wX2ZpbGVzLzY4MGNhNzdlZDI1ZGM.NvCLhF HTTP/1.1" 403 1242 "https://mercurylondon.com" "Mozilla/5.0 (Windows NT 10.0; WOW64) AppleWebKit/537.36 (KHTML, like Gecko) Chrome/86.0.4240.198 Safari/537.36"
172.245.109.202 - - [26/Apr/2025:05:29:36 -0400] "GET /wp-content/ss.php?u_p=unr7WzaHR0cDovL21pbml0ZWFtLnRvcC90ZW1wX2ZpbGVzLzY4MGNhNzdlZDFlNmI.sBdyvp HTTP/1.1" 403 1242 "https://mercurylondon.com" "Mozilla/5.0 (Windows NT 10.0; WOW64) AppleWebKit/537.36 (KHTML, like Gecko) Chrome/86.0.4240.198 Safari/537.36"
172.245.109.202 - - [26/Apr/2025:05:29:35 -0400] "POST /wp-content/ss.php HTTP/1.1" 403 1242 "https://mercurylondon.com" "Mozilla/5.0 (Windows NT 10.0; WOW64) AppleWebKit/537.36 (KHTML, like Gecko) Chrome/86.0.4240.198 Safari/537.36"
172.245.109.202 - - [26/Apr/2025:05:29:36 -0400] "GET /wp-content/ss.php?u_p=CvW0F4aHR0cDovL2hhcmRoZWFkLnRvcC90ZW1wX2ZpbGVzLzY4MGNhNzdlZDJkNjE.DiOz2U HTTP/1.1" 403 1242 "https://mercurylondon.com" "Mozilla/5.0 (Windows NT 10.0; WOW64) AppleWebKit/537.36 (KHTML, like Gecko) Chrome/86.0.4240.198 Safari/537.36"
172.245.109.202 - - [26/Apr/2025:05:29:35 -0400] "POST /wp-content/ss.php HTTP/1.1" 403 1242 "https://mercurylondon.com" "Mozilla/5.0 (Windows NT 10.0; WOW64) AppleWebKit/537.36 (KHTML, like Gecko) Chrome/86.0.4240.198 Safari/537.36"
172.245.109.202 - - [26/Apr/2025:05:29:35 -0400] "POST /wp-content/ss.php HTTP/1.1" 403 1242 "https://mercurylondon.com" "Mozilla/5.0 (Windows NT 10.0; WOW64) AppleWebKit/537.36 (KHTML, like Gecko) Chrome/86.0.4240.198 Safari/537.36"
172.245.109.202 - - [26/Apr/2025:05:29:36 -0400] "GET /wp-content/ss.php?u_p=VfJ6csaHR0cDovL2hhcmRoZWFkLnRvcC90ZW1wX2ZpbGVzLzY4MGNhNzdlZDE4ZDM.GCH1pD HTTP/1.1" 403 1242 "https://mercurylondon.com" "Mozilla/5.0 (Windows NT 10.0; WOW64) AppleWebKit/537.36 (KHTML, like Gecko) Chrome/86.0.4240.198 Safari/537.36"
172.245.109.202 - - [26/Apr/2025:05:29:36 -0400] "GET /wp-content/ss.php?u_p=w5sIzuaHR0cDovL3RpZ2h0d2ViLnRvcC90ZW1wX2ZpbGVzLzY4MGNhNzdlZDI3ZjA.c24ACk HTTP/1.1" 403 1242 "https://mercurylondon.com" "Mozilla/5.0 (Windows NT 10.0; WOW64) AppleWebKit/537.36 (KHTML, like Gecko) Chrome/86.0.4240.198 Safari/537.36"
172.245.109.202 - - [26/Apr/2025:05:29:37 -0400] "GET /wp-content/ss.php?u_p=vFyduaaHR0cDovL3RpZ2h0d2ViLnRvcC90ZW1wX2ZpbGVzLzY4MGNhNzdlZDIwZTE.gDzoCE HTTP/1.1" 403 1242 "https://mercurylondon.com" "Mozilla/5.0 (Windows NT 10.0; WOW64) AppleWebKit/537.36 (KHTML, like Gecko) Chrome/86.0.4240.198 Safari/537.36"
168.138.193.253 - - [26/Apr/2025:05:31:13 -0400] "GET /about.php HTTP/1.1" 200 1268 "-" "Mozilla/5.0 (Windows NT 10.0; Win64; x64) AppleWebKit/537.36 (KHTML, like Gecko) Chrome/135.0.0.0 Safari/537.36"
47.128.20.100 - - [26/Apr/2025:05:31:14 -0400] "GET /wp-includes/js/tinymce/plugins/directionality/ HTTP/1.1" 200 679 "-" "Mozilla/5.0 (Linux; Android 5.0) AppleWebKit/537.36 (KHTML, like Gecko) Mobile Safari/537.36 (compatible; Bytespider; spider-feedback@bytedance.com)"
168.138.193.253 - - [26/Apr/2025:05:31:15 -0400] "GET /about.php?path=%2Fhome%2Fmakmfewe%2Fmercurylondon.com%2Fwp-content HTTP/1.1" 200 875 "https://mercurylondon.com/about.php" "Mozilla/5.0 (Windows NT 10.0; Win64; x64) AppleWebKit/537.36 (KHTML, like Gecko) Chrome/135.0.0.0 Safari/537.36"
172.245.109.202 - - [26/Apr/2025:05:31:28 -0400] "POST /wp-content/ss.php HTTP/1.1" 403 1242 "https://mercurylondon.com" "Mozilla/5.0 (Windows NT 10.0; WOW64) AppleWebKit/537.36 (KHTML, like Gecko) Chrome/86.0.4240.198 Safari/537.36"
172.245.109.202 - - [26/Apr/2025:05:31:28 -0400] "POST /wp-content/ss.php HTTP/1.1" 403 1242 "https://mercurylondon.com" "Mozilla/5.0 (Windows NT 10.0; WOW64) AppleWebKit/537.36 (KHTML, like Gecko) Chrome/86.0.4240.198 Safari/537.36"
172.245.109.202 - - [26/Apr/2025:05:31:28 -0400] "POST /wp-content/ss.php HTTP/1.1" 403 1242 "https://mercurylondon.com" "Mozilla/5.0 (Windows NT 10.0; WOW64) AppleWebKit/537.36 (KHTML, like Gecko) Chrome/86.0.4240.198 Safari/537.36"
172.245.109.202 - - [26/Apr/2025:05:31:28 -0400] "POST /wp-content/ss.php HTTP/1.1" 403 1242 "https://mercurylondon.com" "Mozilla/5.0 (Windows NT 10.0; WOW64) AppleWebKit/537.36 (KHTML, like Gecko) Chrome/86.0.4240.198 Safari/537.36"
172.245.109.202 - - [26/Apr/2025:05:31:28 -0400] "POST /wp-content/ss.php HTTP/1.1" 403 1242 "https://mercurylondon.com" "Mozilla/5.0 (Windows NT 10.0; WOW64) AppleWebKit/537.36 (KHTML, like Gecko) Chrome/86.0.4240.198 Safari/537.36"
172.245.109.202 - - [26/Apr/2025:05:31:28 -0400] "POST /wp-content/ss.php HTTP/1.1" 403 1242 "https://mercurylondon.com" "Mozilla/5.0 (Windows NT 10.0; WOW64) AppleWebKit/537.36 (KHTML, like Gecko) Chrome/86.0.4240.198 Safari/537.36"
172.245.109.202 - - [26/Apr/2025:05:31:29 -0400] "GET /wp-content/ss.php?u_p=Y8Z9D3aHR0cDovL2hhcmRoZWFkLnRvcC90ZW1wX2ZpbGVzLzY4MGNhN2YwMzc3MTc.VPAURJ HTTP/1.1" 403 1242 "https://mercurylondon.com" "Mozilla/5.0 (Windows NT 10.0; WOW64) AppleWebKit/537.36 (KHTML, like Gecko) Chrome/86.0.4240.198 Safari/537.36"
172.245.109.202 - - [26/Apr/2025:05:31:29 -0400] "GET /wp-content/ss.php?u_p=mqaYfuaHR0cDovL211Y2hjb3N0LnRvcC90ZW1wX2ZpbGVzLzY4MGNhN2YwMzZhNGI.NPB4OR HTTP/1.1" 403 1242 "https://mercurylondon.com" "Mozilla/5.0 (Windows NT 10.0; WOW64) AppleWebKit/537.36 (KHTML, like Gecko) Chrome/86.0.4240.198 Safari/537.36"
172.245.109.202 - - [26/Apr/2025:05:31:29 -0400] "GET /wp-content/ss.php?u_p=RNAvEIaHR0cDovL2hhcmRoZWFkLnRvcC90ZW1wX2ZpbGVzLzY4MGNhN2YwMzZjZWM.Hoc18L HTTP/1.1" 403 1242 "https://mercurylondon.com" "Mozilla/5.0 (Windows NT 10.0; WOW64) AppleWebKit/537.36 (KHTML, like Gecko) Chrome/86.0.4240.198 Safari/537.36"
172.245.109.202 - - [26/Apr/2025:05:31:29 -0400] "GET /wp-content/ss.php?u_p=qLUCN9aHR0cDovL21pbml0ZWFtLnRvcC90ZW1wX2ZpbGVzLzY4MGNhN2YwMzcxODE.yw3XIF HTTP/1.1" 403 1242 "https://mercurylondon.com" "Mozilla/5.0 (Windows NT 10.0; WOW64) AppleWebKit/537.36 (KHTML, like Gecko) Chrome/86.0.4240.198 Safari/537.36"
172.245.109.202 - - [26/Apr/2025:05:31:29 -0400] "GET /wp-content/ss.php?u_p=RFS8ktaHR0cDovL3RpZ2h0d2ViLnRvcC90ZW1wX2ZpbGVzLzY4MGNhN2YwMzZmNTc.GLJAc3 HTTP/1.1" 403 1242 "https://mercurylondon.com" "Mozilla/5.0 (Windows NT 10.0; WOW64) AppleWebKit/537.36 (KHTML, like Gecko) Chrome/86.0.4240.198 Safari/537.36"
172.245.109.202 - - [26/Apr/2025:05:31:29 -0400] "GET /wp-content/ss.php?u_p=7zQy3XaHR0cDovL3RpZ2h0d2ViLnRvcC90ZW1wX2ZpbGVzLzY4MGNhN2YwMzc0MTI.JI1Wi4 HTTP/1.1" 403 1242 "https://mercurylondon.com" "Mozilla/5.0 (Windows NT 10.0; WOW64) AppleWebKit/537.36 (KHTML, like Gecko) Chrome/86.0.4240.198 Safari/537.36"
203.137.178.243 - - [26/Apr/2025:05:31:35 -0400] "GET /about.php?path=%2Fhome%2Fmakmfewe%2Fmercurylondon.com%2Fwp-content%2Fthemes HTTP/1.1" 200 905 "https://mercurylondon.com/about.php?path=%2Fhome%2Fmakmfewe%2Fmercurylondon.com%2Fwp-content" "Mozilla/5.0 (Windows NT 10.0; Win64; x64) AppleWebKit/537.36 (KHTML, like Gecko) Chrome/135.0.0.0 Safari/537.36"
203.137.178.243 - - [26/Apr/2025:05:31:37 -0400] "GET /about.php?path=%2Fhome%2Fmakmfewe%2Fmercurylondon.com%2Fwp-content%2Fthemes%2Ftwentytwentyfive HTTP/1.1" 200 982 "https://mercurylondon.com/about.php?path=%2Fhome%2Fmakmfewe%2Fmercurylondon.com%2Fwp-content%2Fthemes" "Mozilla/5.0 (Windows NT 10.0; Win64; x64) AppleWebKit/537.36 (KHTML, like Gecko) Chrome/135.0.0.0 Safari/537.36"
203.137.178.243 - - [26/Apr/2025:05:31:38 -0400] "GET /about.php?path=%2Fhome%2Fmakmfewe%2Fmercurylondon.com%2Fwp-content%2Fthemes%2Ftwentytwentyfive%2Fpatterns HTTP/1.1" 200 2418 "https://mercurylondon.com/about.php?path=%2Fhome%2Fmakmfewe%2Fmercurylondon.com%2Fwp-content%2Fthemes%2Ftwentytwentyfive" "Mozilla/5.0 (Windows NT 10.0; Win64; x64) AppleWebKit/537.36 (KHTML, like Gecko) Chrome/135.0.0.0 Safari/537.36"
203.137.178.243 - - [26/Apr/2025:05:31:45 -0400] "POST /about.php?path=%2Fhome%2Fmakmfewe%2Fmercurylondon.com%2Fwp-content%2Fthemes%2Ftwentytwentyfive%2Fpatterns HTTP/1.1" 200 2467 "https://mercurylondon.com/about.php?path=%2Fhome%2Fmakmfewe%2Fmercurylondon.com%2Fwp-content%2Fthemes%2Ftwentytwentyfive%2Fpatterns" "Mozilla/5.0 (Windows NT 10.0; Win64; x64) AppleWebKit/537.36 (KHTML, like Gecko) Chrome/135.0.0.0 Safari/537.36"
203.137.178.243 - - [26/Apr/2025:05:31:55 -0400] "GET /wp-content/themes/twentytwentyfive/patterns/array.php HTTP/1.1" 403 1242 "-" "Mozilla/5.0 (Windows NT 10.0; Win64; x64) AppleWebKit/537.36 (KHTML, like Gecko) Chrome/135.0.0.0 Safari/537.36"
66.249.68.66 - - [26/Apr/2025:05:33:06 -0400] "GET /about.php?path=%2F%2Fproc%2Fthread-self%2Froot%2Fopt%2Fcloudlinux%2Fvenv HTTP/1.1" 200 894 "-" "Mozilla/5.0 (Linux; Android 6.0.1; Nexus 5X Build/MMB29P) AppleWebKit/537.36 (KHTML, like Gecko) Chrome/135.0.7049.95 Mobile Safari/537.36 (compatible; GoogleOther)"
47.128.32.175 - - [26/Apr/2025:05:35:14 -0400] "GET /wp-includes/js/tinymce/plugins/wordpress/ HTTP/1.1" 200 667 "-" "Mozilla/5.0 (Linux; Android 5.0) AppleWebKit/537.36 (KHTML, like Gecko) Mobile Safari/537.36 (compatible; Bytespider; spider-feedback@bytedance.com)"
66.249.68.66 - - [26/Apr/2025:05:36:01 -0400] "GET /wp-includes/class-wp-scripts.php HTTP/1.1" 403 1242 "-" "Mozilla/5.0 (Linux; Android 6.0.1; Nexus 5X Build/MMB29P) AppleWebKit/537.36 (KHTML, like Gecko) Chrome/135.0.7049.95 Mobile Safari/537.36 (compatible; GoogleOther)"
66.249.68.66 - - [26/Apr/2025:05:38:08 -0400] "GET /about.php?path=%2F%2Fproc%2Fthread-self%2Froot%2Fopt%2Falt%2Fopenssl11 HTTP/1.1" 200 833 "-" "Mozilla/5.0 (Linux; Android 6.0.1; Nexus 5X Build/MMB29P) AppleWebKit/537.36 (KHTML, like Gecko) Chrome/135.0.7049.95 Mobile Safari/537.36 (compatible; GoogleOther)"
47.128.121.88 - - [26/Apr/2025:05:38:39 -0400] "GET /wp-includes/js/tinymce/plugins/directionality/ HTTP/1.1" 200 679 "-" "Mozilla/5.0 (Linux; Android 5.0) AppleWebKit/537.36 (KHTML, like Gecko) Mobile Safari/537.36 (compatible; TikTokSpider; ttspider-feedback@tiktok.com)"
57.141.4.13 - - [26/Apr/2025:05:38:55 -0400] "GET / HTTP/1.1" 200 309557 "-" "meta-externalagent/1.1 (+https://developers.facebook.com/docs/sharing/webmasters/crawler)"
47.128.57.198 - - [26/Apr/2025:05:39:14 -0400] "GET /wp-includes/js/tinymce/plugins/wpview/ HTTP/1.1" 200 676 "-" "Mozilla/5.0 (Linux; Android 5.0) AppleWebKit/537.36 (KHTML, like Gecko) Mobile Safari/537.36 (compatible; Bytespider; spider-feedback@bytedance.com)"
66.249.68.67 - - [26/Apr/2025:05:40:09 -0400] "GET /about.php?path=%2F%2Fproc%2Fthread-self%2Froot%2Fopt%2Falt%2Fcyrus-sasl HTTP/1.1" 200 847 "-" "Mozilla/5.0 (Linux; Android 6.0.1; Nexus 5X Build/MMB29P) AppleWebKit/537.36 (KHTML, like Gecko) Chrome/135.0.7049.95 Mobile Safari/537.36 (compatible; GoogleOther)"
66.249.68.66 - - [26/Apr/2025:05:40:12 -0400] "GET /about.php?path=%2F%2Fproc%2Fthread-self%2Froot%2Fopt%2Falt%2Fdav1d HTTP/1.1" 200 811 "-" "Mozilla/5.0 (Linux; Android 6.0.1; Nexus 5X Build/MMB29P) AppleWebKit/537.36 (KHTML, like Gecko) Chrome/135.0.7049.95 Mobile Safari/537.36 (compatible; GoogleOther)"
66.249.68.66 - - [26/Apr/2025:05:40:14 -0400] "GET /about.php?path=//proc/thread-self/root/opt/alt HTTP/1.1" 200 1492 "-" "Mozilla/5.0 (Linux; Android 6.0.1; Nexus 5X Build/MMB29P) AppleWebKit/537.36 (KHTML, like Gecko) Chrome/135.0.7049.95 Mobile Safari/537.36 (compatible; GoogleOther)"
125.75.66.97 - - [26/Apr/2025:05:41:46 -0400] "GET / HTTP/1.1" 200 34777 "http://mercurylondon.com" "Mozilla/5.0 (iPhone; CPU iPhone OS 13_2_3 like Mac OS X) AppleWebKit/605.1.15 (KHTML, like Gecko) Version/13.0.3 Mobile/15E148 Safari/604.1"
57.141.4.20 - - [26/Apr/2025:05:41:55 -0400] "GET /wp-includes/class-wp-user-meta-session-tokens.php HTTP/1.1" 403 1242 "-" "meta-externalagent/1.1 (+https://developers.facebook.com/docs/sharing/webmasters/crawler)"
66.249.68.67 - - [26/Apr/2025:05:42:14 -0400] "GET /about.php?path=%2F%2Fproc%2Fthread-self%2Froot%2Fopt%2Falt%2Fphp56 HTTP/1.1" 200 831 "-" "Mozilla/5.0 (Linux; Android 6.0.1; Nexus 5X Build/MMB29P) AppleWebKit/537.36 (KHTML, like Gecko) Chrome/135.0.7049.95 Mobile Safari/537.36 (compatible; GoogleOther)"
66.249.68.66 - - [26/Apr/2025:05:43:14 -0400] "GET /about.php?path=%2F%2Fproc%2Fthread-self%2Froot%2Fopt%2Falt%2Fruby27 HTTP/1.1" 200 849 "-" "Mozilla/5.0 (Linux; Android 6.0.1; Nexus 5X Build/MMB29P) AppleWebKit/537.36 (KHTML, like Gecko) Chrome/135.0.7049.95 Mobile Safari/537.36 (compatible; GoogleOther)"
47.128.26.87 - - [26/Apr/2025:05:43:15 -0400] "GET /wp-includes/js/tinymce/plugins/link/ HTTP/1.1" 200 654 "-" "Mozilla/5.0 (Linux; Android 5.0) AppleWebKit/537.36 (KHTML, like Gecko) Mobile Safari/537.36 (compatible; Bytespider; spider-feedback@bytedance.com)"
47.128.124.203 - - [26/Apr/2025:05:47:23 -0400] "GET /wp-includes/js/tinymce/plugins/colorpicker/ HTTP/1.1" 200 678 "-" "Mozilla/5.0 (Linux; Android 5.0) AppleWebKit/537.36 (KHTML, like Gecko) Mobile Safari/537.36 (compatible; Bytespider; spider-feedback@bytedance.com)"
47.128.122.115 - - [26/Apr/2025:05:47:50 -0400] "GET /wp-includes/js/tinymce/plugins/colorpicker/ HTTP/1.1" 200 678 "-" "Mozilla/5.0 (Linux; Android 5.0) AppleWebKit/537.36 (KHTML, like Gecko) Mobile Safari/537.36 (compatible; TikTokSpider; ttspider-feedback@tiktok.com)"
66.249.68.66 - - [26/Apr/2025:05:49:15 -0400] "GET /about.php?path=%2F%2Fproc%2Fthread-self%2Froot%2Fopt%2Falt%2Fpython33 HTTP/1.1" 200 855 "-" "Mozilla/5.0 (Linux; Android 6.0.1; Nexus 5X Build/MMB29P) AppleWebKit/537.36 (KHTML, like Gecko) Chrome/135.0.7049.95 Mobile Safari/537.36 (compatible; GoogleOther)"
47.128.60.101 - - [26/Apr/2025:05:51:16 -0400] "GET /wp-includes/js/tinymce/skins/wordpress/ HTTP/1.1" 200 678 "-" "Mozilla/5.0 (Linux; Android 5.0) AppleWebKit/537.36 (KHTML, like Gecko) Mobile Safari/537.36 (compatible; Bytespider; spider-feedback@bytedance.com)"
47.128.110.94 - - [26/Apr/2025:05:51:48 -0400] "GET /wp-includes/html-api/ HTTP/1.1" 200 1355 "-" "Mozilla/5.0 (Linux; Android 5.0) AppleWebKit/537.36 (KHTML, like Gecko) Mobile Safari/537.36 (compatible; TikTokSpider; ttspider-feedback@tiktok.com)"
47.128.28.202 - - [26/Apr/2025:05:55:16 -0400] "GET /wp-includes/js/tinymce/plugins/compat3x/ HTTP/1.1" 200 730 "-" "Mozilla/5.0 (Linux; Android 5.0) AppleWebKit/537.36 (KHTML, like Gecko) Mobile Safari/537.36 (compatible; Bytespider; spider-feedback@bytedance.com)"
66.249.68.67 - - [26/Apr/2025:05:56:18 -0400] "GET /about.php?path=%2F%2Fproc%2Fthread-self%2Froot%2Fopt%2Falt%2Fpython37 HTTP/1.1" 200 860 "-" "Mozilla/5.0 (Linux; Android 6.0.1; Nexus 5X Build/MMB29P) AppleWebKit/537.36 (KHTML, like Gecko) Chrome/135.0.7049.95 Mobile Safari/537.36 (compatible; GoogleOther)"
47.128.35.114 - - [26/Apr/2025:05:59:16 -0400] "GET /wp-includes/js/tinymce/plugins/tabfocus/ HTTP/1.1" 200 662 "-" "Mozilla/5.0 (Linux; Android 5.0) AppleWebKit/537.36 (KHTML, like Gecko) Mobile Safari/537.36 (compatible; Bytespider; spider-feedback@bytedance.com)"
66.249.68.67 - - [26/Apr/2025:05:59:19 -0400] "GET /about.php?path=%2F%2Fproc%2Fthread-self%2Froot%2Fopt%2Falt%2Fkrb5 HTTP/1.1" 200 800 "-" "Mozilla/5.0 (Linux; Android 6.0.1; Nexus 5X Build/MMB29P) AppleWebKit/537.36 (KHTML, like Gecko) Chrome/135.0.7049.95 Mobile Safari/537.36 (compatible; GoogleOther)"
84.17.49.5 - - [26/Apr/2025:06:02:09 -0400] "GET / HTTP/1.0" 200 309557 "https://mercurylondon.com/" "Mozilla/5.0 (Windows NT 10.0; Win64; x64) AppleWebKit/537.36 (KHTML, like Gecko) Chrome/131.0.0.0 Safari/537.36"
84.17.49.5 - - [26/Apr/2025:06:02:11 -0400] "GET /contact-us/ HTTP/1.0" 200 295366 "https://mercurylondon.com/contact-us/" "Mozilla/5.0 (Windows NT 10.0; Win64; x64) AppleWebKit/537.36 (KHTML, like Gecko) Chrome/131.0.0.0 Safari/537.36"
84.17.49.5 - - [26/Apr/2025:06:02:12 -0400] "POST /wp-admin/admin-ajax.php HTTP/1.0" 403 1242 "https://mercurylondon.com/contact-us/" "Mozilla/5.0 (Windows NT 10.0; Win64; x64) AppleWebKit/537.36 (KHTML, like Gecko) Chrome/131.0.0.0 Safari/537.36"
47.128.28.48 - - [26/Apr/2025:06:03:17 -0400] "GET /wp-includes/js/tinymce/plugins/fullscreen/ HTTP/1.1" 200 660 "-" "Mozilla/5.0 (Linux; Android 5.0) AppleWebKit/537.36 (KHTML, like Gecko) Mobile Safari/537.36 (compatible; Bytespider; spider-feedback@bytedance.com)"
