OwlCyberSecurity - MANAGER
Edit File: mercurylondoncom.arsn.media-ssl_log
47.128.49.11 - - [25/Apr/2025:21:34:22 -0400] "GET /about.php?path=%2Fhome%2Fmakmfewe%2Fmercurylondon.com%2Fwp-admin%2Fmaint HTTP/1.1" 200 815 "-" "Mozilla/5.0 (Linux; Android 5.0) AppleWebKit/537.36 (KHTML, like Gecko) Mobile Safari/537.36 (compatible; Bytespider; spider-feedback@bytedance.com)"
66.249.68.66 - - [25/Apr/2025:21:35:43 -0400] "GET /about.php?path=%2F%2Fproc%2Fthread-self%2Froot%2Fproc HTTP/1.1" 200 1521 "-" "Mozilla/5.0 (Linux; Android 6.0.1; Nexus 5X Build/MMB29P) AppleWebKit/537.36 (KHTML, like Gecko) Chrome/135.0.7049.95 Mobile Safari/537.36 (compatible; GoogleOther)"
66.249.68.65 - - [25/Apr/2025:21:36:05 -0400] "GET /about.php?path=%2F%2Fproc%2Fthread-self%2Froot%2Frun%2Fnscd HTTP/1.1" 200 821 "-" "Mozilla/5.0 (Linux; Android 6.0.1; Nexus 5X Build/MMB29P) AppleWebKit/537.36 (KHTML, like Gecko) Chrome/135.0.7049.95 Mobile Safari/537.36 (compatible; GoogleOther)"
66.249.68.66 - - [25/Apr/2025:21:36:08 -0400] "GET /about.php?path=%2F%2Fproc%2Fthread-self%2Froot%2Fopt%2Fpuppetlabs HTTP/1.1" 200 730 "-" "Mozilla/5.0 (Linux; Android 6.0.1; Nexus 5X Build/MMB29P) AppleWebKit/537.36 (KHTML, like Gecko) Chrome/135.0.7049.95 Mobile Safari/537.36 (compatible; GoogleOther)"
162.213.253.31 - - [25/Apr/2025:21:37:27 -0400] "POST /xmlrpc.php HTTP/1.1" 403 1242 "https://mercurylondon.com" "Mozilla/5.0 (Macintosh; Intel Mac OS X 10_15_7) AppleWebKit/537.36 (KHTML, like Gecko) Chrome/126.0.0.0 Safari/537.36"
47.128.117.94 - - [25/Apr/2025:21:38:22 -0400] "GET /about.php?path=%2Fhome%2Fmakmfewe%2Fmercurylondon.com%2Fwp-admin%2Fimages HTTP/1.1" 200 1849 "-" "Mozilla/5.0 (Linux; Android 5.0) AppleWebKit/537.36 (KHTML, like Gecko) Mobile Safari/537.36 (compatible; Bytespider; spider-feedback@bytedance.com)"
66.249.68.65 - - [25/Apr/2025:21:52:08 -0400] "GET /about.php?path=%2F%2Fproc%2Fthread-self%2Froot%2Fbin HTTP/1.1" 200 7001 "-" "Mozilla/5.0 (Linux; Android 6.0.1; Nexus 5X Build/MMB29P) AppleWebKit/537.36 (KHTML, like Gecko) Chrome/135.0.7049.95 Mobile Safari/537.36 (compatible; GoogleOther)"
162.0.232.89 - - [25/Apr/2025:21:55:10 -0400] "POST /xmlrpc.php HTTP/1.1" 403 1242 "https://mercurylondon.com" "Mozilla/5.0 (Windows NT 10.0; Win64; x64) AppleWebKit/537.36 (KHTML, like Gecko) Chrome/112.0.5615.138 Safari/537.36"
199.188.200.145 - - [25/Apr/2025:22:01:07 -0400] "POST /xmlrpc.php HTTP/1.1" 403 1242 "https://mercurylondon.com" "Mozilla/5.0 (Macintosh; Intel Mac OS X 10_15_7; rv:126.0) Gecko/20100101 Firefox/126.0"
52.167.144.173 - - [25/Apr/2025:22:02:45 -0400] "GET /contact-us/ HTTP/1.1" 200 23996 "-" "Mozilla/5.0 AppleWebKit/537.36 (KHTML, like Gecko; compatible; bingbot/2.0; +http://www.bing.com/bingbot.htm) Chrome/116.0.1938.76 Safari/537.36"
40.77.167.54 - - [25/Apr/2025:22:03:01 -0400] "GET /wp-content/plugins/elementor/assets/lib/font-awesome/css/solid.css?ver=5.15.3 HTTP/1.1" 200 296 "-" "Mozilla/5.0 AppleWebKit/537.36 (KHTML, like Gecko; compatible; bingbot/2.0; +http://www.bing.com/bingbot.htm) Chrome/116.0.1938.76 Safari/537.36"
40.77.167.54 - - [25/Apr/2025:22:03:01 -0400] "GET /wp-content/uploads/elementor/css/post-128.css?ver=1709038461 HTTP/1.1" 200 611 "-" "Mozilla/5.0 AppleWebKit/537.36 (KHTML, like Gecko; compatible; bingbot/2.0; +http://www.bing.com/bingbot.htm) Chrome/116.0.1938.76 Safari/537.36"
40.77.167.54 - - [25/Apr/2025:22:03:02 -0400] "GET /wp-includes/js/dist/hooks.min.js?ver=4d63a3d491d11ffd8ac6 HTTP/1.1" 200 1571 "-" "Mozilla/5.0 AppleWebKit/537.36 (KHTML, like Gecko; compatible; bingbot/2.0; +http://www.bing.com/bingbot.htm) Chrome/116.0.1938.76 Safari/537.36"
40.77.167.54 - - [25/Apr/2025:22:03:02 -0400] "GET /wp-includes/js/jquery/jquery-migrate.min.js?ver=3.4.1 HTTP/1.1" 200 4678 "-" "Mozilla/5.0 AppleWebKit/537.36 (KHTML, like Gecko; compatible; bingbot/2.0; +http://www.bing.com/bingbot.htm) Chrome/116.0.1938.76 Safari/537.36"
207.46.13.127 - - [25/Apr/2025:22:03:06 -0400] "GET /wp-content/uploads/elementor/css/post-182.css?ver=1711186876 HTTP/1.1" 200 2392 "-" "Mozilla/5.0 AppleWebKit/537.36 (KHTML, like Gecko; compatible; bingbot/2.0; +http://www.bing.com/bingbot.htm) Chrome/116.0.1938.76 Safari/537.36"
66.249.68.66 - - [25/Apr/2025:22:05:43 -0400] "GET /about.php?path=%2F%2Fproc%2Fthread-self%2Froot%2Fopt%2Fcloudlinux HTTP/1.1" 200 984 "-" "Mozilla/5.0 (Linux; Android 6.0.1; Nexus 5X Build/MMB29P) AppleWebKit/537.36 (KHTML, like Gecko) Chrome/135.0.7049.95 Mobile Safari/537.36 (compatible; GoogleOther)"
66.249.68.67 - - [25/Apr/2025:22:05:46 -0400] "GET /about.php?path=%2F%2Fproc%2Fthread-self%2Froot%2Frun%2Fconsole HTTP/1.1" 200 727 "-" "Mozilla/5.0 (Linux; Android 6.0.1; Nexus 5X Build/MMB29P) AppleWebKit/537.36 (KHTML, like Gecko) Chrome/135.0.7049.95 Mobile Safari/537.36 (compatible; GoogleOther)"
213.180.203.82 - - [25/Apr/2025:22:06:36 -0400] "GET /robots.txt HTTP/1.1" 200 118 "-" "Mozilla/5.0 (compatible; YandexBot/3.0; +http://yandex.com/bots)"
95.108.213.127 - - [25/Apr/2025:22:06:36 -0400] "GET /wp-content/uploads/2024/01/cropped-image-removebg-preview-1-180x180.png HTTP/1.1" 200 40368 "-" "Mozilla/5.0 (compatible; YandexFavicons/1.0; +http://yandex.com/bots)"
120.29.98.85 - - [25/Apr/2025:22:14:34 -0400] "POST /xmlrpc.php HTTP/1.1" 403 1242 "-" "Mozilla/5.0 (Windows NT 10.0; Win64; x64) AppleWebKit/537.36 (KHTML, like Gecko) Chrome/91.0.4472.124 Safari/537.36"
178.128.237.69 - - [25/Apr/2025:22:16:25 -0400] "GET / HTTP/1.1" 200 34779 "-" "Mozilla/5.0 (compatible)"
178.128.237.69 - - [25/Apr/2025:22:16:27 -0400] "GET /wp-content/uploads/2024/01/cropped-image-removebg-preview-1-32x32.png HTTP/1.1" 200 1965 "https://mercurylondon.com/" "Mozilla/5.0 (compatible)"
40.77.188.221 - - [25/Apr/2025:22:18:56 -0400] "GET /wp-content/uploads/elementor/google-fonts/fonts/poppins-pxibyp8kv8jhgfvrlej6z1xlfq.woff2 HTTP/1.1" 200 8000 "https://mercurylondon.com/wp-content/uploads/elementor/google-fonts/css/poppins.css?ver=1742298641" "Mozilla/5.0 AppleWebKit/537.36 (KHTML, like Gecko; compatible; bingbot/2.0; +http://www.bing.com/bingbot.htm) Chrome/112.0.0.0 Safari/537.36"
40.77.188.221 - - [25/Apr/2025:22:18:56 -0400] "GET /wp-content/uploads/elementor/google-fonts/fonts/poppins-pxibyp8kv8jhgfvrlgt9z1xlfq.woff2 HTTP/1.1" 200 7748 "https://mercurylondon.com/wp-content/uploads/elementor/google-fonts/css/poppins.css?ver=1742298641" "Mozilla/5.0 AppleWebKit/537.36 (KHTML, like Gecko; compatible; bingbot/2.0; +http://www.bing.com/bingbot.htm) Chrome/112.0.0.0 Safari/537.36"
40.77.188.221 - - [25/Apr/2025:22:18:56 -0400] "GET /wp-content/uploads/elementor/google-fonts/fonts/poppins-pxieyp8kv8jhgfvrjjfecg.woff2 HTTP/1.1" 200 7884 "https://mercurylondon.com/wp-content/uploads/elementor/google-fonts/css/poppins.css?ver=1742298641" "Mozilla/5.0 AppleWebKit/537.36 (KHTML, like Gecko; compatible; bingbot/2.0; +http://www.bing.com/bingbot.htm) Chrome/112.0.0.0 Safari/537.36"
40.77.188.221 - - [25/Apr/2025:22:18:56 -0400] "GET /wp-content/plugins/elementor/assets/js/text-editor.c084ef86600b6f11690d.bundle.min.js HTTP/1.1" 200 621 "https://mercurylondon.com/contact-us/" "Mozilla/5.0 AppleWebKit/537.36 (KHTML, like Gecko; compatible; bingbot/2.0; +http://www.bing.com/bingbot.htm) Chrome/112.0.0.0 Safari/537.36"
57.141.4.29 - - [25/Apr/2025:22:27:55 -0400] "GET /about.php?path=%2Fhome%2Fmakmfewe%2Fmercurylondon.com%2Fwp-content HTTP/1.1" 200 2799 "-" "meta-externalagent/1.1 (+https://developers.facebook.com/docs/sharing/webmasters/crawler)"
47.128.49.206 - - [25/Apr/2025:22:28:14 -0400] "GET /about.php?path=%2Fhome%2Fmakmfewe%2Fmercurylondon.com%2Fwp-admin%2Fnetwork HTTP/1.1" 200 1232 "-" "Mozilla/5.0 (Linux; Android 5.0) AppleWebKit/537.36 (KHTML, like Gecko) Mobile Safari/537.36 (compatible; Bytespider; spider-feedback@bytedance.com)"
146.19.215.32 - - [25/Apr/2025:22:28:17 -0400] "GET /admin.php?520 HTTP/1.1" 200 114 "-" "Mozilla/5.0 (Windows; U; Windows NT 6.1; en-US; rv:1.9.1.5) Gecko/20091102 Firefox/3.5.5 (.NET CLR 3.5.30729)"
162.0.232.248 - - [25/Apr/2025:22:36:53 -0400] "POST /xmlrpc.php HTTP/1.1" 403 1242 "https://mercurylondon.com" "Mozilla/5.0 (Macintosh; Intel Mac OS X 10.15; rv:126.0) Gecko/20100101 Firefox/126.0"
66.249.68.65 - - [25/Apr/2025:22:38:08 -0400] "GET /about.php?path=%2F%2Fproc%2Fthread-self%2Froot%2Ftmp HTTP/1.1" 200 1559 "-" "Mozilla/5.0 (Linux; Android 6.0.1; Nexus 5X Build/MMB29P) AppleWebKit/537.36 (KHTML, like Gecko) Chrome/135.0.7049.95 Mobile Safari/537.36 (compatible; GoogleOther)"
47.128.122.135 - - [25/Apr/2025:22:44:47 -0400] "GET /about.php?path=%2F%2Frun HTTP/1.1" 200 865 "-" "Mozilla/5.0 (Linux; Android 5.0) AppleWebKit/537.36 (KHTML, like Gecko) Mobile Safari/537.36 (compatible; TikTokSpider; ttspider-feedback@tiktok.com)"
170.106.35.187 - - [25/Apr/2025:22:48:50 -0400] "GET / HTTP/1.1" 200 34779 "http://mercurylondon.com" "Mozilla/5.0 (iPhone; CPU iPhone OS 13_2_3 like Mac OS X) AppleWebKit/605.1.15 (KHTML, like Gecko) Version/13.0.3 Mobile/15E148 Safari/604.1"
47.128.121.79 - - [25/Apr/2025:22:49:01 -0400] "GET /about.php?path=%2F%2Fbin HTTP/1.1" 200 6742 "-" "Mozilla/5.0 (Linux; Android 5.0) AppleWebKit/537.36 (KHTML, like Gecko) Mobile Safari/537.36 (compatible; TikTokSpider; ttspider-feedback@tiktok.com)"
57.141.4.30 - - [25/Apr/2025:22:49:20 -0400] "GET /wp-includes/class.wp-dependencies.php HTTP/1.1" 403 1242 "-" "meta-externalagent/1.1 (+https://developers.facebook.com/docs/sharing/webmasters/crawler)"
66.249.68.67 - - [25/Apr/2025:22:50:43 -0400] "GET /about.php?path=%2F%2Fproc%2Fthread-self%2Froot%2Fopt%2Falt HTTP/1.1" 200 1492 "-" "Mozilla/5.0 (Linux; Android 6.0.1; Nexus 5X Build/MMB29P) AppleWebKit/537.36 (KHTML, like Gecko) Chrome/135.0.7049.95 Mobile Safari/537.36 (compatible; GoogleOther)"
57.141.4.7 - - [25/Apr/2025:22:53:40 -0400] "GET /wp-includes/class-wp-site-query.php HTTP/1.1" 403 1242 "-" "meta-externalagent/1.1 (+https://developers.facebook.com/docs/sharing/webmasters/crawler)"
66.29.141.59 - - [25/Apr/2025:22:54:44 -0400] "POST /xmlrpc.php HTTP/1.1" 403 1242 "https://mercurylondon.com" "Mozilla/5.0 (Windows NT 10.0; Win64; x64; rv:127.0) Gecko/20100101 Firefox/127.0"
66.29.132.124 - - [25/Apr/2025:23:03:13 -0400] "POST /wp-cron.php?doing_wp_cron=1745636593.2807209491729736328125 HTTP/1.1" 403 1242 "-" "WordPress/6.8; https://mercurylondon.com"
43.128.67.187 - - [25/Apr/2025:23:03:08 -0400] "GET /contact-us/ HTTP/1.1" 200 32951 "http://mercurylondon.com/contact-us/" "Mozilla/5.0 (iPhone; CPU iPhone OS 13_2_3 like Mac OS X) AppleWebKit/605.1.15 (KHTML, like Gecko) Version/13.0.3 Mobile/15E148 Safari/604.1"
47.128.16.134 - - [25/Apr/2025:23:06:02 -0400] "GET /wp-includes/images/ HTTP/1.1" 200 1652 "-" "Mozilla/5.0 (Linux; Android 5.0) AppleWebKit/537.36 (KHTML, like Gecko) Mobile Safari/537.36 (compatible; TikTokSpider; ttspider-feedback@tiktok.com)"
47.128.49.104 - - [25/Apr/2025:23:06:06 -0400] "GET /wp-includes/js/thickbox/ HTTP/1.1" 200 790 "-" "Mozilla/5.0 (Linux; Android 5.0) AppleWebKit/537.36 (KHTML, like Gecko) Mobile Safari/537.36 (compatible; Bytespider; spider-feedback@bytedance.com)"
47.128.16.134 - - [25/Apr/2025:23:06:07 -0400] "GET /_autoindex/assets/css/autoindex.css HTTP/1.1" 200 1170 "https://mercurylondon.com/wp-includes/images/" "Mozilla/5.0 (Linux; Android 5.0) AppleWebKit/537.36 (KHTML, like Gecko) Mobile Safari/537.36 (compatible; TikTokSpider; ttspider-feedback@tiktok.com)"
80.85.247.161 - - [25/Apr/2025:23:06:29 -0400] "GET / HTTP/1.1" 200 0 "-" "Mozilla/5.0 (Macintosh; Intel Mac OS X 10_15_7) AppleWebKit/537.36 (KHTML, like Gecko) Chrome/133.0.0.0 Safari/537.36"
47.128.126.203 - - [25/Apr/2025:23:09:59 -0400] "GET /about.php?path=%2F%2Flib HTTP/1.1" 200 1133 "-" "Mozilla/5.0 (Linux; Android 5.0) AppleWebKit/537.36 (KHTML, like Gecko) Mobile Safari/537.36 (compatible; Bytespider; spider-feedback@bytedance.com)"
66.249.68.66 - - [25/Apr/2025:23:14:01 -0400] "GET /about.php?path=%2F%2Fproc%2Fthread-self%2Froot%2Fopt%2Fplesk HTTP/1.1" 200 780 "-" "Mozilla/5.0 (Linux; Android 6.0.1; Nexus 5X Build/MMB29P) AppleWebKit/537.36 (KHTML, like Gecko) Chrome/135.0.7049.95 Mobile Safari/537.36 (compatible; GoogleOther)"
43.135.138.128 - - [25/Apr/2025:23:15:25 -0400] "GET / HTTP/1.1" 200 34779 "-" "Mozilla/5.0 (iPhone; CPU iPhone OS 13_2_3 like Mac OS X) AppleWebKit/605.1.15 (KHTML, like Gecko) Version/13.0.3 Mobile/15E148 Safari/604.1"
66.249.68.65 - - [25/Apr/2025:23:18:02 -0400] "GET /about.php?path=%2F%2Fproc%2Fthread-self%2Froot%2Frun%2Fdbus HTTP/1.1" 200 808 "-" "Mozilla/5.0 (Linux; Android 6.0.1; Nexus 5X Build/MMB29P) AppleWebKit/537.36 (KHTML, like Gecko) Chrome/135.0.7049.95 Mobile Safari/537.36 (compatible; GoogleOther)"
66.29.132.124 - - [25/Apr/2025:23:26:33 -0400] "POST /wp-cron.php?doing_wp_cron=1745637993.3242549896240234375000 HTTP/1.1" 403 1242 "-" "WordPress/6.8; https://mercurylondon.com"
43.130.78.203 - - [25/Apr/2025:23:26:24 -0400] "GET /privacy-policy// HTTP/1.1" 301 0 "-" "Mozilla/5.0 (iPhone; CPU iPhone OS 13_2_3 like Mac OS X) AppleWebKit/605.1.15 (KHTML, like Gecko) Version/13.0.3 Mobile/15E148 Safari/604.1"
43.130.78.203 - - [25/Apr/2025:23:26:34 -0400] "GET /privacy-policy/ HTTP/1.1" 200 33575 "https://mercurylondon.com/privacy-policy//" "Mozilla/5.0 (iPhone; CPU iPhone OS 13_2_3 like Mac OS X) AppleWebKit/605.1.15 (KHTML, like Gecko) Version/13.0.3 Mobile/15E148 Safari/604.1"
43.167.245.18 - - [25/Apr/2025:23:33:11 -0400] "GET /xmlrpc.php HTTP/1.1" 403 1242 "-" "Mozilla/5.0 (iPhone; CPU iPhone OS 13_2_3 like Mac OS X) AppleWebKit/605.1.15 (KHTML, like Gecko) Version/13.0.3 Mobile/15E148 Safari/604.1"
66.249.68.66 - - [25/Apr/2025:23:35:59 -0400] "GET /about.php?path=%2F%2Fproc%2Fthread-self%2Froot%2Fopt%2Falt%2Fphp83 HTTP/1.1" 200 831 "-" "Mozilla/5.0 (Linux; Android 6.0.1; Nexus 5X Build/MMB29P) AppleWebKit/537.36 (KHTML, like Gecko) Chrome/135.0.7049.95 Mobile Safari/537.36 (compatible; GoogleOther)"
66.249.68.67 - - [25/Apr/2025:23:36:03 -0400] "GET /about.php?path=%2F%2Fproc%2Fthread-self%2Froot%2Fopt%2Fliblve HTTP/1.1" 200 866 "-" "Mozilla/5.0 (Linux; Android 6.0.1; Nexus 5X Build/MMB29P) AppleWebKit/537.36 (KHTML, like Gecko) Chrome/135.0.7049.95 Mobile Safari/537.36 (compatible; GoogleOther)"
66.29.132.42 - - [25/Apr/2025:23:48:47 -0400] "POST /xmlrpc.php HTTP/1.1" 403 1242 "https://mercurylondon.com" "Mozilla/5.0 (Windows NT 10.0; Win64; x64; rv:129.0) Gecko/20100101 Firefox/129.0"
66.29.132.124 - - [25/Apr/2025:23:49:04 -0400] "POST /wp-cron.php?doing_wp_cron=1745639343.8760139942169189453125 HTTP/1.1" 403 1242 "-" "WordPress/6.8; https://mercurylondon.com"
170.106.165.186 - - [25/Apr/2025:23:48:52 -0400] "GET /wp-json/oembed/1.0/embed?url=https%3A%2F%2Fmercurylondon.com%2F&format=xml HTTP/1.1" 200 1089 "-" "Mozilla/5.0 (iPhone; CPU iPhone OS 13_2_3 like Mac OS X) AppleWebKit/605.1.15 (KHTML, like Gecko) Version/13.0.3 Mobile/15E148 Safari/604.1"
66.249.68.67 - - [25/Apr/2025:23:53:43 -0400] "GET /about.php?path=%2F%2Fproc%2Fthread-self%2Froot%2Flib HTTP/1.1" 200 1203 "-" "Mozilla/5.0 (Linux; Android 6.0.1; Nexus 5X Build/MMB29P) AppleWebKit/537.36 (KHTML, like Gecko) Chrome/135.0.7049.95 Mobile Safari/537.36 (compatible; GoogleOther)"
27.153.180.248 - - [25/Apr/2025:23:54:01 -0400] "GET / HTTP/1.1" 200 26008 "http://mercurylondon.com" "Mozilla/5.0 (Windows NT 10.0; Win64; x64) AppleWebKit/537.36 (KHTML, like Gecko) Chrome/90.0.4430.212 Safari/537.36"
27.153.180.248 - - [25/Apr/2025:23:54:02 -0400] "GET / HTTP/1.1" 200 26008 "http://mercurylondon.com" "Mozilla/5.0+(compatible;+Googlebot/2.1;++http://www.google.com/bot.html)"
57.141.4.12 - - [25/Apr/2025:23:54:28 -0400] "GET /wp-includes/class-walker-category.php HTTP/1.1" 403 1242 "-" "meta-externalagent/1.1 (+https://developers.facebook.com/docs/sharing/webmasters/crawler)"
66.29.132.124 - - [25/Apr/2025:23:54:52 -0400] "POST /wp-cron.php?doing_wp_cron=1745639692.2108070850372314453125 HTTP/1.1" 403 1242 "-" "WordPress/6.8; https://mercurylondon.com"
43.157.170.13 - - [25/Apr/2025:23:54:42 -0400] "GET /wp-json/oembed/1.0/embed?url=https%3A%2F%2Fmercurylondon.com%2F HTTP/1.1" 200 2050 "-" "Mozilla/5.0 (iPhone; CPU iPhone OS 13_2_3 like Mac OS X) AppleWebKit/605.1.15 (KHTML, like Gecko) Version/13.0.3 Mobile/15E148 Safari/604.1"
66.29.132.124 - - [26/Apr/2025:00:05:15 -0400] "POST /wp-cron.php?doing_wp_cron=1745640315.4108989238739013671875 HTTP/1.1" 403 1242 "-" "WordPress/6.8; https://mercurylondon.com"
43.153.47.201 - - [26/Apr/2025:00:04:55 -0400] "GET /about-us/ HTTP/1.1" 200 32176 "http://mercurylondon.com/about-us/" "Mozilla/5.0 (iPhone; CPU iPhone OS 13_2_3 like Mac OS X) AppleWebKit/605.1.15 (KHTML, like Gecko) Version/13.0.3 Mobile/15E148 Safari/604.1"
66.29.141.222 - - [26/Apr/2025:00:06:55 -0400] "POST /xmlrpc.php HTTP/1.1" 403 1242 "https://mercurylondon.com" "Mozilla/5.0 (Macintosh; Intel Mac OS X 13.3; rv:126.0) Gecko/20100101 Firefox/126.0"
173.244.56.46 - - [26/Apr/2025:00:09:21 -0400] "GET /.env HTTP/1.1" 200 0 "-" "Mozilla/5.0 (Macintosh; Intel Mac OS X 10.15; rv:77.0) Gecko/20100101 Firefox/77.0"
66.29.132.124 - - [26/Apr/2025:00:09:36 -0400] "POST /wp-cron.php?doing_wp_cron=1745640575.0760099887847900390625 HTTP/1.1" 200 0 "-" "WordPress/6.8; https://mercurylondon.com"
198.54.120.87 - - [26/Apr/2025:00:12:59 -0400] "POST /xmlrpc.php HTTP/1.1" 403 1242 "https://mercurylondon.com" "Mozilla/5.0 (Windows NT 11.0; Win64; x64; rv:126.0) Gecko/20100101 Firefox/126.0"
43.157.156.190 - - [26/Apr/2025:00:13:33 -0400] "GET / HTTP/1.1" 200 34779 "-" "Mozilla/5.0 (iPhone; CPU iPhone OS 13_2_3 like Mac OS X) AppleWebKit/605.1.15 (KHTML, like Gecko) Version/13.0.3 Mobile/15E148 Safari/604.1"
47.128.58.28 - - [26/Apr/2025:00:19:31 -0400] "GET /about.php?path=%2F%2Fproc HTTP/1.1" 200 1427 "-" "Mozilla/5.0 (Linux; Android 5.0) AppleWebKit/537.36 (KHTML, like Gecko) Mobile Safari/537.36 (compatible; Bytespider; spider-feedback@bytedance.com)"
66.249.68.65 - - [26/Apr/2025:00:20:47 -0400] "GET /about.php?path=%2F%2Fproc%2Fthread-self%2Froot%2Fopt%2Fai-bolit HTTP/1.1" 200 1162 "-" "Mozilla/5.0 (Linux; Android 6.0.1; Nexus 5X Build/MMB29P) AppleWebKit/537.36 (KHTML, like Gecko) Chrome/135.0.7049.95 Mobile Safari/537.36 (compatible; GoogleOther)"
72.14.201.106 - - [26/Apr/2025:00:21:00 -0400] "GET / HTTP/1.1" 200 26008 "https://www.google.com/" "Mozilla/5.0 (Windows NT 10.0; Win64; x64) AppleWebKit/537.36 (KHTML, like Gecko) Chrome/128.0.0.0 Safari/537.36"
66.249.93.100 - - [26/Apr/2025:00:20:59 -0400] "GET /.well-known/traffic-advice HTTP/1.1" 200 0 "-" "Chrome Privacy Preserving Prefetch Proxy"
66.29.132.124 - - [26/Apr/2025:00:21:15 -0400] "POST /wp-cron.php?doing_wp_cron=1745641274.6250269412994384765625 HTTP/1.1" 403 0 "-" "WordPress/6.8; https://mercurylondon.com"
66.29.132.124 - - [26/Apr/2025:00:26:47 -0400] "POST /wp-cron.php?doing_wp_cron=1745641605.3939449787139892578125 HTTP/1.1" 200 0 "-" "WordPress/6.8; https://mercurylondon.com"
49.51.252.146 - - [26/Apr/2025:00:26:32 -0400] "GET /wp-json/wp/v2/pages/571 HTTP/1.1" 200 14025 "-" "Mozilla/5.0 (iPhone; CPU iPhone OS 13_2_3 like Mac OS X) AppleWebKit/605.1.15 (KHTML, like Gecko) Version/13.0.3 Mobile/15E148 Safari/604.1"
66.249.68.66 - - [26/Apr/2025:00:30:05 -0400] "GET /about.php?path=%2F%2Fproc%2Fthread-self%2Froot%2Fvar%2Fspool HTTP/1.1" 200 798 "-" "Mozilla/5.0 (Linux; Android 6.0.1; Nexus 5X Build/MMB29P) AppleWebKit/537.36 (KHTML, like Gecko) Chrome/135.0.7049.95 Mobile Safari/537.36 (compatible; GoogleOther)"
66.29.132.124 - - [26/Apr/2025:00:34:01 -0400] "POST /wp-cron.php?doing_wp_cron=1745642039.8391129970550537109375 HTTP/1.1" 200 0 "-" "WordPress/6.8; https://mercurylondon.com"
43.153.102.138 - - [26/Apr/2025:00:33:43 -0400] "GET /embed/ HTTP/1.1" 301 0 "-" "Mozilla/5.0 (iPhone; CPU iPhone OS 13_2_3 like Mac OS X) AppleWebKit/605.1.15 (KHTML, like Gecko) Version/13.0.3 Mobile/15E148 Safari/604.1"
43.153.102.138 - - [26/Apr/2025:00:34:08 -0400] "GET / HTTP/1.1" 200 34779 "https://mercurylondon.com/embed/" "Mozilla/5.0 (iPhone; CPU iPhone OS 13_2_3 like Mac OS X) AppleWebKit/605.1.15 (KHTML, like Gecko) Version/13.0.3 Mobile/15E148 Safari/604.1"
199.188.200.145 - - [26/Apr/2025:00:37:13 -0400] "POST /xmlrpc.php HTTP/1.1" 403 1242 "https://mercurylondon.com" "Mozilla/5.0 (Windows NT 10.0; Win64; x64; rv:125.0.1) Gecko/20100101 Firefox/125.0.1"
185.216.118.131 - - [26/Apr/2025:00:37:40 -0400] "GET /about.php HTTP/1.1" 200 1232 "-" "Mozilla/5.0 (Windows NT 10.0; Win64; x64) AppleWebKit/537.36 (KHTML, like Gecko) Chrome/133.0.0.0 Safari/537.36"
185.216.118.131 - - [26/Apr/2025:00:37:43 -0400] "GET /about.php HTTP/1.1" 200 1232 "-" "Mozilla/5.0 (Windows NT 10.0; Win64; x64) AppleWebKit/537.36 (KHTML, like Gecko) Chrome/133.0.0.0 Safari/537.36"
27.115.124.70 - - [26/Apr/2025:00:37:44 -0400] "GET /about.php HTTP/1.1" 200 1397 "-" "Mozilla/5.0 (Linux; Android 10; HUAWEI P30 Pro) AppleWebKit/537.36 (KHTML, like Gecko) Chrome/89.0.4389.105 Mobile Safari/537.36"
185.216.118.131 - - [26/Apr/2025:00:37:46 -0400] "GET /favicon.ico HTTP/1.1" 404 1251 "https://mercurylondon.com/about.php" "Mozilla/5.0 (Windows NT 10.0; Win64; x64) AppleWebKit/537.36 (KHTML, like Gecko) Chrome/133.0.0.0 Safari/537.36"
27.115.124.109 - - [26/Apr/2025:00:37:46 -0400] "GET / HTTP/1.1" 200 34779 "-" "Mozilla/5.0 (Linux; Android 11; CPH2185) AppleWebKit/537.36 (KHTML, like Gecko) Chrome/91.0.4472.101 Mobile Safari/537.36"
27.115.124.109 - - [26/Apr/2025:00:37:47 -0400] "GET /wp-content/uploads/elementor/css/post-6.css?ver=1707160038 HTTP/1.1" 200 436 "https://mercurylondon.com/" "Mozilla/5.0 (Linux; Android 11; CPH2185) AppleWebKit/537.36 (KHTML, like Gecko) Chrome/91.0.4472.101 Mobile Safari/537.36"
27.115.124.109 - - [26/Apr/2025:00:37:47 -0400] "GET /wp-content/plugins/header-footer-elementor/assets/css/header-footer-elementor.css?ver=2.3.0 HTTP/1.1" 200 341 "https://mercurylondon.com/" "Mozilla/5.0 (Linux; Android 11; CPH2185) AppleWebKit/537.36 (KHTML, like Gecko) Chrome/91.0.4472.101 Mobile Safari/537.36"
27.115.124.109 - - [26/Apr/2025:00:37:47 -0400] "GET /wp-content/plugins/header-footer-elementor/inc/widgets-css/frontend.css?ver=2.3.0 HTTP/1.1" 200 11437 "https://mercurylondon.com/" "Mozilla/5.0 (Linux; Android 11; CPH2185) AppleWebKit/537.36 (KHTML, like Gecko) Chrome/91.0.4472.101 Mobile Safari/537.36"
27.115.124.109 - - [26/Apr/2025:00:37:47 -0400] "GET /wp-content/uploads/elementor/css/post-68.css?ver=1709033049 HTTP/1.1" 200 930 "https://mercurylondon.com/" "Mozilla/5.0 (Linux; Android 11; CPH2185) AppleWebKit/537.36 (KHTML, like Gecko) Chrome/91.0.4472.101 Mobile Safari/537.36"
27.115.124.109 - - [26/Apr/2025:00:37:47 -0400] "GET /wp-content/uploads/elementor/css/post-128.css?ver=1709038461 HTTP/1.1" 200 750 "https://mercurylondon.com/" "Mozilla/5.0 (Linux; Android 11; CPH2185) AppleWebKit/537.36 (KHTML, like Gecko) Chrome/91.0.4472.101 Mobile Safari/537.36"
27.115.124.109 - - [26/Apr/2025:00:37:47 -0400] "GET /wp-content/plugins/elementor/assets/css/frontend.min.css?ver=3.28.4 HTTP/1.1" 200 8879 "https://mercurylondon.com/" "Mozilla/5.0 (Linux; Android 11; CPH2185) AppleWebKit/537.36 (KHTML, like Gecko) Chrome/91.0.4472.101 Mobile Safari/537.36"
27.115.124.109 - - [26/Apr/2025:00:37:47 -0400] "GET /wp-content/plugins/pro-elements/assets/css/frontend.min.css?ver=3.18.1 HTTP/1.1" 200 58041 "https://mercurylondon.com/" "Mozilla/5.0 (Linux; Android 11; CPH2185) AppleWebKit/537.36 (KHTML, like Gecko) Chrome/91.0.4472.101 Mobile Safari/537.36"
27.115.124.109 - - [26/Apr/2025:00:37:47 -0400] "GET /wp-content/themes/hello-elementor/style.min.css?ver=3.3.0 HTTP/1.1" 200 1963 "https://mercurylondon.com/" "Mozilla/5.0 (Linux; Android 11; CPH2185) AppleWebKit/537.36 (KHTML, like Gecko) Chrome/91.0.4472.101 Mobile Safari/537.36"
27.115.124.109 - - [26/Apr/2025:00:37:47 -0400] "GET /wp-content/themes/hello-elementor/theme.min.css?ver=3.3.0 HTTP/1.1" 200 1424 "https://mercurylondon.com/" "Mozilla/5.0 (Linux; Android 11; CPH2185) AppleWebKit/537.36 (KHTML, like Gecko) Chrome/91.0.4472.101 Mobile Safari/537.36"
27.115.124.109 - - [26/Apr/2025:00:37:47 -0400] "GET /wp-content/uploads/elementor/css/post-16.css?ver=1708782560 HTTP/1.1" 200 4206 "https://mercurylondon.com/" "Mozilla/5.0 (Linux; Android 11; CPH2185) AppleWebKit/537.36 (KHTML, like Gecko) Chrome/91.0.4472.101 Mobile Safari/537.36"
27.115.124.109 - - [26/Apr/2025:00:37:47 -0400] "GET /wp-content/themes/hello-elementor/header-footer.min.css?ver=3.3.0 HTTP/1.1" 200 1705 "https://mercurylondon.com/" "Mozilla/5.0 (Linux; Android 11; CPH2185) AppleWebKit/537.36 (KHTML, like Gecko) Chrome/91.0.4472.101 Mobile Safari/537.36"
27.115.124.109 - - [26/Apr/2025:00:37:47 -0400] "GET /wp-content/plugins/elementor/assets/lib/eicons/css/elementor-icons.min.css?ver=5.34.0 HTTP/1.1" 200 4570 "https://mercurylondon.com/" "Mozilla/5.0 (Linux; Android 11; CPH2185) AppleWebKit/537.36 (KHTML, like Gecko) Chrome/91.0.4472.101 Mobile Safari/537.36"
27.115.124.109 - - [26/Apr/2025:00:37:47 -0400] "GET /wp-content/plugins/elementor/assets/css/widget-social-icons.min.css?ver=3.24.0 HTTP/1.1" 200 1236 "https://mercurylondon.com/" "Mozilla/5.0 (Linux; Android 11; CPH2185) AppleWebKit/537.36 (KHTML, like Gecko) Chrome/91.0.4472.101 Mobile Safari/537.36"
27.115.124.109 - - [26/Apr/2025:00:37:47 -0400] "GET /wp-content/plugins/elementor/assets/lib/font-awesome/css/brands.css?ver=5.15.3 HTTP/1.1" 200 327 "https://mercurylondon.com/" "Mozilla/5.0 (Linux; Android 11; CPH2185) AppleWebKit/537.36 (KHTML, like Gecko) Chrome/91.0.4472.101 Mobile Safari/537.36"
27.115.124.109 - - [26/Apr/2025:00:37:47 -0400] "GET /wp-content/plugins/elementor/assets/lib/font-awesome/css/fontawesome.css?ver=5.15.3 HTTP/1.1" 200 15083 "https://mercurylondon.com/" "Mozilla/5.0 (Linux; Android 11; CPH2185) AppleWebKit/537.36 (KHTML, like Gecko) Chrome/91.0.4472.101 Mobile Safari/537.36"
27.115.124.109 - - [26/Apr/2025:00:37:47 -0400] "GET /wp-content/plugins/elementor/assets/lib/font-awesome/css/solid.css?ver=5.15.3 HTTP/1.1" 200 329 "https://mercurylondon.com/" "Mozilla/5.0 (Linux; Android 11; CPH2185) AppleWebKit/537.36 (KHTML, like Gecko) Chrome/91.0.4472.101 Mobile Safari/537.36"
27.115.124.109 - - [26/Apr/2025:00:37:47 -0400] "GET /wp-content/plugins/elementor/assets/css/widget-icon-list.min.css?ver=3.24.3 HTTP/1.1" 200 1333 "https://mercurylondon.com/" "Mozilla/5.0 (Linux; Android 11; CPH2185) AppleWebKit/537.36 (KHTML, like Gecko) Chrome/91.0.4472.101 Mobile Safari/537.36"
27.115.124.109 - - [26/Apr/2025:00:37:47 -0400] "GET /wp-content/uploads/elementor/google-fonts/css/robotoslab.css?ver=1742298637 HTTP/1.1" 200 1044 "https://mercurylondon.com/" "Mozilla/5.0 (Linux; Android 11; CPH2185) AppleWebKit/537.36 (KHTML, like Gecko) Chrome/91.0.4472.101 Mobile Safari/537.36"
27.115.124.109 - - [26/Apr/2025:00:37:47 -0400] "GET /wp-content/uploads/elementor/google-fonts/css/lora.css?ver=1742326000 HTTP/1.1" 200 2291 "https://mercurylondon.com/" "Mozilla/5.0 (Linux; Android 11; CPH2185) AppleWebKit/537.36 (KHTML, like Gecko) Chrome/91.0.4472.101 Mobile Safari/537.36"
27.115.124.109 - - [26/Apr/2025:00:37:47 -0400] "GET /wp-includes/js/jquery/jquery-migrate.min.js?ver=3.4.1 HTTP/1.1" 200 5342 "https://mercurylondon.com/" "Mozilla/5.0 (Linux; Android 11; CPH2185) AppleWebKit/537.36 (KHTML, like Gecko) Chrome/91.0.4472.101 Mobile Safari/537.36"
27.115.124.109 - - [26/Apr/2025:00:37:47 -0400] "GET /wp-includes/js/jquery/jquery.min.js?ver=3.7.1 HTTP/1.1" 200 35438 "https://mercurylondon.com/" "Mozilla/5.0 (Linux; Android 11; CPH2185) AppleWebKit/537.36 (KHTML, like Gecko) Chrome/91.0.4472.101 Mobile Safari/537.36"
27.115.124.109 - - [26/Apr/2025:00:37:47 -0400] "GET /wp-content/uploads/elementor/google-fonts/css/roboto.css?ver=1742298622 HTTP/1.1" 200 4619 "https://mercurylondon.com/" "Mozilla/5.0 (Linux; Android 11; CPH2185) AppleWebKit/537.36 (KHTML, like Gecko) Chrome/91.0.4472.101 Mobile Safari/537.36"
27.115.124.109 - - [26/Apr/2025:00:37:47 -0400] "GET /wp-content/uploads/elementor/google-fonts/css/poppins.css?ver=1742298641 HTTP/1.1" 200 836 "https://mercurylondon.com/" "Mozilla/5.0 (Linux; Android 11; CPH2185) AppleWebKit/537.36 (KHTML, like Gecko) Chrome/91.0.4472.101 Mobile Safari/537.36"
27.115.124.109 - - [26/Apr/2025:00:37:47 -0400] "GET /wp-content/uploads/elementor/thumbs/image-removebg-preview-1-qj4kanp17vm76c4brqvg6ev8osts1iefux7bgjpn8o.png HTTP/1.1" 200 14265 "https://mercurylondon.com/" "Mozilla/5.0 (Linux; Android 11; CPH2185) AppleWebKit/537.36 (KHTML, like Gecko) Chrome/91.0.4472.101 Mobile Safari/537.36"
27.115.124.109 - - [26/Apr/2025:00:37:47 -0400] "GET /wp-content/plugins/brave-popup-builder/assets/images/preloader.png HTTP/1.1" 200 119 "https://mercurylondon.com/" "Mozilla/5.0 (Linux; Android 11; CPH2185) AppleWebKit/537.36 (KHTML, like Gecko) Chrome/91.0.4472.101 Mobile Safari/537.36"
27.115.124.109 - - [26/Apr/2025:00:37:47 -0400] "GET /wp-content/plugins/elementor/assets/css/widget-image.min.css?ver=3.28.4 HTTP/1.1" 200 254 "https://mercurylondon.com/" "Mozilla/5.0 (Linux; Android 11; CPH2185) AppleWebKit/537.36 (KHTML, like Gecko) Chrome/91.0.4472.101 Mobile Safari/537.36"
27.115.124.109 - - [26/Apr/2025:00:37:47 -0400] "GET /wp-content/plugins/elementor/assets/css/widget-heading.min.css?ver=3.28.4 HTTP/1.1" 200 192 "https://mercurylondon.com/" "Mozilla/5.0 (Linux; Android 11; CPH2185) AppleWebKit/537.36 (KHTML, like Gecko) Chrome/91.0.4472.101 Mobile Safari/537.36"
27.115.124.109 - - [26/Apr/2025:00:37:47 -0400] "GET /wp-content/plugins/elementor/assets/css/widget-icon-box.min.css?ver=3.28.4 HTTP/1.1" 200 1048 "https://mercurylondon.com/" "Mozilla/5.0 (Linux; Android 11; CPH2185) AppleWebKit/537.36 (KHTML, like Gecko) Chrome/91.0.4472.101 Mobile Safari/537.36"
27.115.124.109 - - [26/Apr/2025:00:37:47 -0400] "GET /wp-content/plugins/elementor/assets/css/widget-spacer.min.css?ver=3.28.4 HTTP/1.1" 200 404 "https://mercurylondon.com/" "Mozilla/5.0 (Linux; Android 11; CPH2185) AppleWebKit/537.36 (KHTML, like Gecko) Chrome/91.0.4472.101 Mobile Safari/537.36"
27.115.124.109 - - [26/Apr/2025:00:37:47 -0400] "GET /wp-content/plugins/elementor/assets/css/widget-accordion.min.css?ver=3.28.4 HTTP/1.1" 200 485 "https://mercurylondon.com/" "Mozilla/5.0 (Linux; Android 11; CPH2185) AppleWebKit/537.36 (KHTML, like Gecko) Chrome/91.0.4472.101 Mobile Safari/537.36"
27.115.124.109 - - [26/Apr/2025:00:37:47 -0400] "GET /wp-content/uploads/elementor/thumbs/image-7-qj2pno1xseakiy09wjmvwob4ycdjm2vs4on9nd6eys.jpg HTTP/1.1" 200 12975 "https://mercurylondon.com/" "Mozilla/5.0 (Linux; Android 11; CPH2185) AppleWebKit/537.36 (KHTML, like Gecko) Chrome/91.0.4472.101 Mobile Safari/537.36"
27.115.124.109 - - [26/Apr/2025:00:37:47 -0400] "GET /wp-content/uploads/elementor/thumbs/apple-devices-books-business-572056-qj2pnenjw1xpaudxffkm7qoj0hnvh3ugre4eulkcp0.jpg HTTP/1.1" 200 14782 "https://mercurylondon.com/" "Mozilla/5.0 (Linux; Android 11; CPH2185) AppleWebKit/537.36 (KHTML, like Gecko) Chrome/91.0.4472.101 Mobile Safari/537.36"
27.115.124.109 - - [26/Apr/2025:00:37:47 -0400] "GET /wp-content/uploads/2024/01/image-removebg-preview-1.png HTTP/1.1" 200 96568 "https://mercurylondon.com/" "Mozilla/5.0 (Linux; Android 11; CPH2185) AppleWebKit/537.36 (KHTML, like Gecko) Chrome/91.0.4472.101 Mobile Safari/537.36"
27.115.124.109 - - [26/Apr/2025:00:37:47 -0400] "GET /wp-content/uploads/elementor/thumbs/pexels-photo-515169-qj2pncrvidv4nmgnqerd2r5ltpx51pn034tfw1n51g.jpeg HTTP/1.1" 200 17447 "https://mercurylondon.com/" "Mozilla/5.0 (Linux; Android 11; CPH2185) AppleWebKit/537.36 (KHTML, like Gecko) Chrome/91.0.4472.101 Mobile Safari/537.36"
27.115.124.109 - - [26/Apr/2025:00:37:48 -0400] "GET /wp-content/plugins/brave-popup-builder/assets/css/frontend.min.css?ver=6.8 HTTP/1.1" 200 10820 "https://mercurylondon.com/" "Mozilla/5.0 (Linux; Android 11; CPH2185) AppleWebKit/537.36 (KHTML, like Gecko) Chrome/91.0.4472.101 Mobile Safari/537.36"
27.115.124.109 - - [26/Apr/2025:00:37:48 -0400] "GET /wp-content/themes/hello-elementor/assets/js/hello-frontend.min.js?ver=3.3.0 HTTP/1.1" 200 655 "https://mercurylondon.com/" "Mozilla/5.0 (Linux; Android 11; CPH2185) AppleWebKit/537.36 (KHTML, like Gecko) Chrome/91.0.4472.101 Mobile Safari/537.36"
27.115.124.109 - - [26/Apr/2025:00:37:48 -0400] "GET /wp-content/plugins/header-footer-elementor/inc/js/frontend.js?ver=2.3.0 HTTP/1.1" 200 5412 "https://mercurylondon.com/" "Mozilla/5.0 (Linux; Android 11; CPH2185) AppleWebKit/537.36 (KHTML, like Gecko) Chrome/91.0.4472.101 Mobile Safari/537.36"
27.115.124.109 - - [26/Apr/2025:00:37:48 -0400] "GET /wp-content/plugins/brave-popup-builder/assets/frontend/brave.js?ver=6.8 HTTP/1.1" 200 32047 "https://mercurylondon.com/" "Mozilla/5.0 (Linux; Android 11; CPH2185) AppleWebKit/537.36 (KHTML, like Gecko) Chrome/91.0.4472.101 Mobile Safari/537.36"
27.115.124.109 - - [26/Apr/2025:00:37:48 -0400] "GET /wp-content/plugins/elementor/assets/js/webpack.runtime.min.js?ver=3.28.4 HTTP/1.1" 200 2496 "https://mercurylondon.com/" "Mozilla/5.0 (Linux; Android 11; CPH2185) AppleWebKit/537.36 (KHTML, like Gecko) Chrome/91.0.4472.101 Mobile Safari/537.36"
27.115.124.109 - - [26/Apr/2025:00:37:48 -0400] "GET /wp-content/plugins/pro-elements/assets/js/webpack-pro.runtime.min.js?ver=3.18.1 HTTP/1.1" 200 2744 "https://mercurylondon.com/" "Mozilla/5.0 (Linux; Android 11; CPH2185) AppleWebKit/537.36 (KHTML, like Gecko) Chrome/91.0.4472.101 Mobile Safari/537.36"
27.115.124.109 - - [26/Apr/2025:00:37:48 -0400] "GET /wp-content/plugins/elementor/assets/js/frontend-modules.min.js?ver=3.28.4 HTTP/1.1" 200 17170 "https://mercurylondon.com/" "Mozilla/5.0 (Linux; Android 11; CPH2185) AppleWebKit/537.36 (KHTML, like Gecko) Chrome/91.0.4472.101 Mobile Safari/537.36"
27.115.124.109 - - [26/Apr/2025:00:37:48 -0400] "GET /wp-includes/js/dist/i18n.min.js?ver=5e580eb46a90c2b997e6 HTTP/1.1" 200 3910 "https://mercurylondon.com/" "Mozilla/5.0 (Linux; Android 11; CPH2185) AppleWebKit/537.36 (KHTML, like Gecko) Chrome/91.0.4472.101 Mobile Safari/537.36"
27.115.124.109 - - [26/Apr/2025:00:37:48 -0400] "GET /wp-content/plugins/pro-elements/assets/js/frontend.min.js?ver=3.18.1 HTTP/1.1" 200 7793 "https://mercurylondon.com/" "Mozilla/5.0 (Linux; Android 11; CPH2185) AppleWebKit/537.36 (KHTML, like Gecko) Chrome/91.0.4472.101 Mobile Safari/537.36"
27.115.124.109 - - [26/Apr/2025:00:37:48 -0400] "GET /wp-includes/js/dist/hooks.min.js?ver=4d63a3d491d11ffd8ac6 HTTP/1.1" 200 1758 "https://mercurylondon.com/" "Mozilla/5.0 (Linux; Android 11; CPH2185) AppleWebKit/537.36 (KHTML, like Gecko) Chrome/91.0.4472.101 Mobile Safari/537.36"
27.115.124.109 - - [26/Apr/2025:00:37:49 -0400] "GET /wp-content/plugins/elementor/assets/js/frontend.min.js?ver=3.28.4 HTTP/1.1" 200 15618 "https://mercurylondon.com/" "Mozilla/5.0 (Linux; Android 11; CPH2185) AppleWebKit/537.36 (KHTML, like Gecko) Chrome/91.0.4472.101 Mobile Safari/537.36"
27.115.124.109 - - [26/Apr/2025:00:37:49 -0400] "GET /wp-content/plugins/pro-elements/assets/js/preloaded-elements-handlers.min.js?ver=3.18.1 HTTP/1.1" 200 65349 "https://mercurylondon.com/" "Mozilla/5.0 (Linux; Android 11; CPH2185) AppleWebKit/537.36 (KHTML, like Gecko) Chrome/91.0.4472.101 Mobile Safari/537.36"
27.115.124.109 - - [26/Apr/2025:00:37:49 -0400] "GET /wp-includes/js/jquery/ui/core.min.js?ver=1.13.3 HTTP/1.1" 200 7941 "https://mercurylondon.com/" "Mozilla/5.0 (Linux; Android 11; CPH2185) AppleWebKit/537.36 (KHTML, like Gecko) Chrome/91.0.4472.101 Mobile Safari/537.36"
27.115.124.6 - - [26/Apr/2025:00:37:52 -0400] "GET /favicon.ico HTTP/1.1" 404 1251 "-" "Mozilla/5.0 (Windows NT 10.0; WOW64) AppleWebKit/537.36 (KHTML, like Gecko) Chrome/78.0.3904.108 Safari/537.36"
27.115.124.109 - - [26/Apr/2025:00:37:47 -0400] "GET /wp-content/plugins/elementor-pro/assets/css/widget-blockquote.min.css?ver=3.25.0 HTTP/1.1" 200 0 "https://mercurylondon.com/" "Mozilla/5.0 (Linux; Android 11; CPH2185) AppleWebKit/537.36 (KHTML, like Gecko) Chrome/91.0.4472.101 Mobile Safari/537.36"
27.115.124.109 - - [26/Apr/2025:00:37:47 -0400] "GET /wp-content/plugins/elementor-pro/assets/css/widget-mega-menu.min.css?ver=3.26.2 HTTP/1.1" 200 0 "https://mercurylondon.com/" "Mozilla/5.0 (Linux; Android 11; CPH2185) AppleWebKit/537.36 (KHTML, like Gecko) Chrome/91.0.4472.101 Mobile Safari/537.36"
27.115.124.109 - - [26/Apr/2025:00:37:47 -0400] "GET /wp-content/plugins/elementor-pro/assets/css/widget-nav-menu.min.css?ver=3.26.0 HTTP/1.1" 200 0 "https://mercurylondon.com/" "Mozilla/5.0 (Linux; Android 11; CPH2185) AppleWebKit/537.36 (KHTML, like Gecko) Chrome/91.0.4472.101 Mobile Safari/537.36"
27.115.124.109 - - [26/Apr/2025:00:37:55 -0400] "GET /favicon.ico HTTP/1.1" 404 1251 "-" "Mozilla/5.0 (Windows NT 10.0; Win64; x64) AppleWebKit/537.36 (KHTML, like Gecko) Chrome/120.0.0.0 Safari/537.36"
66.29.132.124 - - [26/Apr/2025:00:37:58 -0400] "POST /wp-cron.php?doing_wp_cron=1745642277.6293649673461914062500 HTTP/1.1" 403 1242 "-" "WordPress/6.8; https://mercurylondon.com"
66.29.132.124 - - [26/Apr/2025:00:37:58 -0400] "POST /wp-cron.php?doing_wp_cron=1745642277.6523010730743408203125 HTTP/1.1" 403 1242 "-" "WordPress/6.8; https://mercurylondon.com"
66.29.132.124 - - [26/Apr/2025:00:37:58 -0400] "POST /wp-cron.php?doing_wp_cron=1745642277.6533489227294921875000 HTTP/1.1" 403 1242 "-" "WordPress/6.8; https://mercurylondon.com"
27.115.124.38 - - [26/Apr/2025:00:38:00 -0400] "GET / HTTP/1.1" 200 34779 "-" "Mozilla/5.0 (Linux; Android 10; HUAWEI P30 Pro) AppleWebKit/537.36 (KHTML, like Gecko) Chrome/89.0.4389.105 Mobile Safari/537.36"
27.115.124.53 - - [26/Apr/2025:00:38:00 -0400] "GET /about.php?path=/ HTTP/1.1" 200 924 "-" "Mozilla/5.0 (Linux; Android 10; HUAWEI P30 Pro) AppleWebKit/537.36 (KHTML, like Gecko) Chrome/89.0.4389.105 Mobile Safari/537.36"
27.115.124.38 - - [26/Apr/2025:00:38:01 -0400] "GET /wp-content/plugins/header-footer-elementor/inc/widgets-css/frontend.css?ver=2.3.0 HTTP/1.1" 200 11437 "https://mercurylondon.com/" "Mozilla/5.0 (Linux; Android 10; HUAWEI P30 Pro) AppleWebKit/537.36 (KHTML, like Gecko) Chrome/89.0.4389.105 Mobile Safari/537.36"
27.115.124.38 - - [26/Apr/2025:00:38:01 -0400] "GET /wp-content/plugins/header-footer-elementor/assets/css/header-footer-elementor.css?ver=2.3.0 HTTP/1.1" 200 341 "https://mercurylondon.com/" "Mozilla/5.0 (Linux; Android 10; HUAWEI P30 Pro) AppleWebKit/537.36 (KHTML, like Gecko) Chrome/89.0.4389.105 Mobile Safari/537.36"
27.115.124.38 - - [26/Apr/2025:00:38:01 -0400] "GET /wp-content/plugins/elementor/assets/css/frontend.min.css?ver=3.28.4 HTTP/1.1" 200 8879 "https://mercurylondon.com/" "Mozilla/5.0 (Linux; Android 10; HUAWEI P30 Pro) AppleWebKit/537.36 (KHTML, like Gecko) Chrome/89.0.4389.105 Mobile Safari/537.36"
27.115.124.38 - - [26/Apr/2025:00:38:01 -0400] "GET /wp-content/uploads/elementor/css/post-6.css?ver=1707160038 HTTP/1.1" 200 436 "https://mercurylondon.com/" "Mozilla/5.0 (Linux; Android 10; HUAWEI P30 Pro) AppleWebKit/537.36 (KHTML, like Gecko) Chrome/89.0.4389.105 Mobile Safari/537.36"
27.115.124.38 - - [26/Apr/2025:00:38:01 -0400] "GET /wp-content/plugins/pro-elements/assets/css/frontend.min.css?ver=3.18.1 HTTP/1.1" 200 58041 "https://mercurylondon.com/" "Mozilla/5.0 (Linux; Android 10; HUAWEI P30 Pro) AppleWebKit/537.36 (KHTML, like Gecko) Chrome/89.0.4389.105 Mobile Safari/537.36"
27.115.124.38 - - [26/Apr/2025:00:38:01 -0400] "GET /wp-content/uploads/elementor/css/post-16.css?ver=1708782560 HTTP/1.1" 200 4206 "https://mercurylondon.com/" "Mozilla/5.0 (Linux; Android 10; HUAWEI P30 Pro) AppleWebKit/537.36 (KHTML, like Gecko) Chrome/89.0.4389.105 Mobile Safari/537.36"
27.115.124.38 - - [26/Apr/2025:00:38:01 -0400] "GET /wp-content/uploads/elementor/css/post-68.css?ver=1709033049 HTTP/1.1" 200 930 "https://mercurylondon.com/" "Mozilla/5.0 (Linux; Android 10; HUAWEI P30 Pro) AppleWebKit/537.36 (KHTML, like Gecko) Chrome/89.0.4389.105 Mobile Safari/537.36"
27.115.124.38 - - [26/Apr/2025:00:38:01 -0400] "GET /wp-content/uploads/elementor/css/post-128.css?ver=1709038461 HTTP/1.1" 200 750 "https://mercurylondon.com/" "Mozilla/5.0 (Linux; Android 10; HUAWEI P30 Pro) AppleWebKit/537.36 (KHTML, like Gecko) Chrome/89.0.4389.105 Mobile Safari/537.36"
27.115.124.38 - - [26/Apr/2025:00:38:01 -0400] "GET /wp-content/themes/hello-elementor/style.min.css?ver=3.3.0 HTTP/1.1" 200 1963 "https://mercurylondon.com/" "Mozilla/5.0 (Linux; Android 10; HUAWEI P30 Pro) AppleWebKit/537.36 (KHTML, like Gecko) Chrome/89.0.4389.105 Mobile Safari/537.36"
27.115.124.38 - - [26/Apr/2025:00:38:01 -0400] "GET /wp-content/themes/hello-elementor/theme.min.css?ver=3.3.0 HTTP/1.1" 200 1424 "https://mercurylondon.com/" "Mozilla/5.0 (Linux; Android 10; HUAWEI P30 Pro) AppleWebKit/537.36 (KHTML, like Gecko) Chrome/89.0.4389.105 Mobile Safari/537.36"
27.115.124.38 - - [26/Apr/2025:00:38:01 -0400] "GET /wp-content/themes/hello-elementor/header-footer.min.css?ver=3.3.0 HTTP/1.1" 200 1705 "https://mercurylondon.com/" "Mozilla/5.0 (Linux; Android 10; HUAWEI P30 Pro) AppleWebKit/537.36 (KHTML, like Gecko) Chrome/89.0.4389.105 Mobile Safari/537.36"
27.115.124.38 - - [26/Apr/2025:00:38:01 -0400] "GET /wp-content/plugins/elementor/assets/lib/eicons/css/elementor-icons.min.css?ver=5.34.0 HTTP/1.1" 200 4570 "https://mercurylondon.com/" "Mozilla/5.0 (Linux; Android 10; HUAWEI P30 Pro) AppleWebKit/537.36 (KHTML, like Gecko) Chrome/89.0.4389.105 Mobile Safari/537.36"
27.115.124.38 - - [26/Apr/2025:00:38:01 -0400] "GET /wp-content/plugins/elementor/assets/css/widget-icon-list.min.css?ver=3.24.3 HTTP/1.1" 200 1333 "https://mercurylondon.com/" "Mozilla/5.0 (Linux; Android 10; HUAWEI P30 Pro) AppleWebKit/537.36 (KHTML, like Gecko) Chrome/89.0.4389.105 Mobile Safari/537.36"
27.115.124.38 - - [26/Apr/2025:00:38:01 -0400] "GET /wp-content/plugins/elementor/assets/css/widget-social-icons.min.css?ver=3.24.0 HTTP/1.1" 200 1236 "https://mercurylondon.com/" "Mozilla/5.0 (Linux; Android 10; HUAWEI P30 Pro) AppleWebKit/537.36 (KHTML, like Gecko) Chrome/89.0.4389.105 Mobile Safari/537.36"
27.115.124.38 - - [26/Apr/2025:00:38:01 -0400] "GET /wp-content/plugins/elementor/assets/lib/font-awesome/css/brands.css?ver=5.15.3 HTTP/1.1" 200 327 "https://mercurylondon.com/" "Mozilla/5.0 (Linux; Android 10; HUAWEI P30 Pro) AppleWebKit/537.36 (KHTML, like Gecko) Chrome/89.0.4389.105 Mobile Safari/537.36"
27.115.124.38 - - [26/Apr/2025:00:38:01 -0400] "GET /wp-content/plugins/elementor/assets/lib/font-awesome/css/fontawesome.css?ver=5.15.3 HTTP/1.1" 200 15083 "https://mercurylondon.com/" "Mozilla/5.0 (Linux; Android 10; HUAWEI P30 Pro) AppleWebKit/537.36 (KHTML, like Gecko) Chrome/89.0.4389.105 Mobile Safari/537.36"
27.115.124.38 - - [26/Apr/2025:00:38:01 -0400] "GET /wp-content/plugins/elementor/assets/lib/font-awesome/css/solid.css?ver=5.15.3 HTTP/1.1" 200 329 "https://mercurylondon.com/" "Mozilla/5.0 (Linux; Android 10; HUAWEI P30 Pro) AppleWebKit/537.36 (KHTML, like Gecko) Chrome/89.0.4389.105 Mobile Safari/537.36"
27.115.124.38 - - [26/Apr/2025:00:38:01 -0400] "GET /wp-content/uploads/elementor/google-fonts/css/roboto.css?ver=1742298622 HTTP/1.1" 200 4619 "https://mercurylondon.com/" "Mozilla/5.0 (Linux; Android 10; HUAWEI P30 Pro) AppleWebKit/537.36 (KHTML, like Gecko) Chrome/89.0.4389.105 Mobile Safari/537.36"
27.115.124.38 - - [26/Apr/2025:00:38:01 -0400] "GET /wp-content/uploads/elementor/google-fonts/css/robotoslab.css?ver=1742298637 HTTP/1.1" 200 1044 "https://mercurylondon.com/" "Mozilla/5.0 (Linux; Android 10; HUAWEI P30 Pro) AppleWebKit/537.36 (KHTML, like Gecko) Chrome/89.0.4389.105 Mobile Safari/537.36"
27.115.124.38 - - [26/Apr/2025:00:38:01 -0400] "GET /wp-content/uploads/elementor/google-fonts/css/poppins.css?ver=1742298641 HTTP/1.1" 200 836 "https://mercurylondon.com/" "Mozilla/5.0 (Linux; Android 10; HUAWEI P30 Pro) AppleWebKit/537.36 (KHTML, like Gecko) Chrome/89.0.4389.105 Mobile Safari/537.36"
27.115.124.38 - - [26/Apr/2025:00:38:01 -0400] "GET /wp-content/uploads/elementor/google-fonts/css/lora.css?ver=1742326000 HTTP/1.1" 200 2291 "https://mercurylondon.com/" "Mozilla/5.0 (Linux; Android 10; HUAWEI P30 Pro) AppleWebKit/537.36 (KHTML, like Gecko) Chrome/89.0.4389.105 Mobile Safari/537.36"
27.115.124.38 - - [26/Apr/2025:00:38:01 -0400] "GET /wp-includes/js/jquery/jquery.min.js?ver=3.7.1 HTTP/1.1" 200 35438 "https://mercurylondon.com/" "Mozilla/5.0 (Linux; Android 10; HUAWEI P30 Pro) AppleWebKit/537.36 (KHTML, like Gecko) Chrome/89.0.4389.105 Mobile Safari/537.36"
27.115.124.38 - - [26/Apr/2025:00:38:01 -0400] "GET /wp-includes/js/jquery/jquery-migrate.min.js?ver=3.4.1 HTTP/1.1" 200 5342 "https://mercurylondon.com/" "Mozilla/5.0 (Linux; Android 10; HUAWEI P30 Pro) AppleWebKit/537.36 (KHTML, like Gecko) Chrome/89.0.4389.105 Mobile Safari/537.36"
27.115.124.38 - - [26/Apr/2025:00:38:01 -0400] "GET /wp-content/uploads/elementor/thumbs/image-removebg-preview-1-qj4kanp17vm76c4brqvg6ev8osts1iefux7bgjpn8o.png HTTP/1.1" 200 14265 "https://mercurylondon.com/" "Mozilla/5.0 (Linux; Android 10; HUAWEI P30 Pro) AppleWebKit/537.36 (KHTML, like Gecko) Chrome/89.0.4389.105 Mobile Safari/537.36"
27.115.124.38 - - [26/Apr/2025:00:38:01 -0400] "GET /wp-content/uploads/elementor/thumbs/image-7-qj2pno1xseakiy09wjmvwob4ycdjm2vs4on9nd6eys.jpg HTTP/1.1" 200 12975 "https://mercurylondon.com/" "Mozilla/5.0 (Linux; Android 10; HUAWEI P30 Pro) AppleWebKit/537.36 (KHTML, like Gecko) Chrome/89.0.4389.105 Mobile Safari/537.36"
27.115.124.38 - - [26/Apr/2025:00:38:01 -0400] "GET /wp-content/uploads/elementor/thumbs/pexels-photo-515169-qj2pncrvidv4nmgnqerd2r5ltpx51pn034tfw1n51g.jpeg HTTP/1.1" 200 17447 "https://mercurylondon.com/" "Mozilla/5.0 (Linux; Android 10; HUAWEI P30 Pro) AppleWebKit/537.36 (KHTML, like Gecko) Chrome/89.0.4389.105 Mobile Safari/537.36"
27.115.124.38 - - [26/Apr/2025:00:38:01 -0400] "GET /wp-content/uploads/elementor/thumbs/apple-devices-books-business-572056-qj2pnenjw1xpaudxffkm7qoj0hnvh3ugre4eulkcp0.jpg HTTP/1.1" 200 14782 "https://mercurylondon.com/" "Mozilla/5.0 (Linux; Android 10; HUAWEI P30 Pro) AppleWebKit/537.36 (KHTML, like Gecko) Chrome/89.0.4389.105 Mobile Safari/537.36"
27.115.124.38 - - [26/Apr/2025:00:38:01 -0400] "GET /wp-content/uploads/2024/01/image-removebg-preview-1.png HTTP/1.1" 200 96568 "https://mercurylondon.com/" "Mozilla/5.0 (Linux; Android 10; HUAWEI P30 Pro) AppleWebKit/537.36 (KHTML, like Gecko) Chrome/89.0.4389.105 Mobile Safari/537.36"
27.115.124.38 - - [26/Apr/2025:00:38:01 -0400] "GET /wp-content/plugins/brave-popup-builder/assets/images/preloader.png HTTP/1.1" 200 119 "https://mercurylondon.com/" "Mozilla/5.0 (Linux; Android 10; HUAWEI P30 Pro) AppleWebKit/537.36 (KHTML, like Gecko) Chrome/89.0.4389.105 Mobile Safari/537.36"
123.6.49.47 - - [26/Apr/2025:00:38:01 -0400] "GET /about.php HTTP/1.1" 200 1397 "-" "Mozilla/5.0 (Linux; Android 11; CPH2185) AppleWebKit/537.36 (KHTML, like Gecko) Chrome/91.0.4472.101 Mobile Safari/537.36"
27.115.124.38 - - [26/Apr/2025:00:38:01 -0400] "GET /wp-content/plugins/elementor/assets/css/widget-image.min.css?ver=3.28.4 HTTP/1.1" 200 254 "https://mercurylondon.com/" "Mozilla/5.0 (Linux; Android 10; HUAWEI P30 Pro) AppleWebKit/537.36 (KHTML, like Gecko) Chrome/89.0.4389.105 Mobile Safari/537.36"
27.115.124.38 - - [26/Apr/2025:00:38:01 -0400] "GET /wp-content/plugins/elementor/assets/css/widget-heading.min.css?ver=3.28.4 HTTP/1.1" 200 192 "https://mercurylondon.com/" "Mozilla/5.0 (Linux; Android 10; HUAWEI P30 Pro) AppleWebKit/537.36 (KHTML, like Gecko) Chrome/89.0.4389.105 Mobile Safari/537.36"
27.115.124.38 - - [26/Apr/2025:00:38:01 -0400] "GET /wp-content/plugins/elementor/assets/css/widget-icon-box.min.css?ver=3.28.4 HTTP/1.1" 200 1048 "https://mercurylondon.com/" "Mozilla/5.0 (Linux; Android 10; HUAWEI P30 Pro) AppleWebKit/537.36 (KHTML, like Gecko) Chrome/89.0.4389.105 Mobile Safari/537.36"
27.115.124.38 - - [26/Apr/2025:00:38:01 -0400] "GET /wp-content/plugins/elementor/assets/css/widget-spacer.min.css?ver=3.28.4 HTTP/1.1" 200 404 "https://mercurylondon.com/" "Mozilla/5.0 (Linux; Android 10; HUAWEI P30 Pro) AppleWebKit/537.36 (KHTML, like Gecko) Chrome/89.0.4389.105 Mobile Safari/537.36"
27.115.124.38 - - [26/Apr/2025:00:38:01 -0400] "GET /wp-content/plugins/elementor/assets/css/widget-accordion.min.css?ver=3.28.4 HTTP/1.1" 200 485 "https://mercurylondon.com/" "Mozilla/5.0 (Linux; Android 10; HUAWEI P30 Pro) AppleWebKit/537.36 (KHTML, like Gecko) Chrome/89.0.4389.105 Mobile Safari/537.36"
27.115.124.38 - - [26/Apr/2025:00:38:01 -0400] "GET /wp-content/plugins/brave-popup-builder/assets/css/frontend.min.css?ver=6.8 HTTP/1.1" 200 10820 "https://mercurylondon.com/" "Mozilla/5.0 (Linux; Android 10; HUAWEI P30 Pro) AppleWebKit/537.36 (KHTML, like Gecko) Chrome/89.0.4389.105 Mobile Safari/537.36"
27.115.124.38 - - [26/Apr/2025:00:38:01 -0400] "GET /wp-content/themes/hello-elementor/assets/js/hello-frontend.min.js?ver=3.3.0 HTTP/1.1" 200 655 "https://mercurylondon.com/" "Mozilla/5.0 (Linux; Android 10; HUAWEI P30 Pro) AppleWebKit/537.36 (KHTML, like Gecko) Chrome/89.0.4389.105 Mobile Safari/537.36"
27.115.124.38 - - [26/Apr/2025:00:38:01 -0400] "GET /wp-content/plugins/header-footer-elementor/inc/js/frontend.js?ver=2.3.0 HTTP/1.1" 200 5412 "https://mercurylondon.com/" "Mozilla/5.0 (Linux; Android 10; HUAWEI P30 Pro) AppleWebKit/537.36 (KHTML, like Gecko) Chrome/89.0.4389.105 Mobile Safari/537.36"
27.115.124.38 - - [26/Apr/2025:00:38:01 -0400] "GET /wp-content/plugins/brave-popup-builder/assets/frontend/brave.js?ver=6.8 HTTP/1.1" 200 32047 "https://mercurylondon.com/" "Mozilla/5.0 (Linux; Android 10; HUAWEI P30 Pro) AppleWebKit/537.36 (KHTML, like Gecko) Chrome/89.0.4389.105 Mobile Safari/537.36"
27.115.124.38 - - [26/Apr/2025:00:38:01 -0400] "GET /wp-content/plugins/pro-elements/assets/js/webpack-pro.runtime.min.js?ver=3.18.1 HTTP/1.1" 200 2744 "https://mercurylondon.com/" "Mozilla/5.0 (Linux; Android 10; HUAWEI P30 Pro) AppleWebKit/537.36 (KHTML, like Gecko) Chrome/89.0.4389.105 Mobile Safari/537.36"
