66.249.74.13 - - [28/Apr/2025:09:58:31 -0400] "GET /24817314708.shtml HTTP/1.1" 200 0 "-" "Mozilla/5.0 (Linux; Android 6.0.1; Nexus 5X Build/MMB29P) AppleWebKit/537.36 (KHTML, like Gecko) Chrome/135.0.7049.95 Mobile Safari/537.36 (compatible; GoogleOther)"
40.77.167.47 - - [28/Apr/2025:09:58:33 -0400] "GET /?i=8617271639500&channel=0a0425&from=goods.php%3Fid%3D716395-845%26name%3D%E3%83%A1%E3%83%AB%E3%82%BB%E3%83%87%E3%82%B9%E3%83%99%E3%83%B3%E3%83%84GLC200%E3%82%B9%E3%83%9D%E3%83%BC%E3%83%84%E3%80%80%E8%B5%B0%E8%A1%8C31000%E3%82%AD%E3%83%AD HTTP/1.1" 200 0 "-" "Mozilla/5.0 AppleWebKit/537.36 (KHTML, like Gecko; compatible; bingbot/2.0; +http://www.bing.com/bingbot.htm) Chrome/116.0.1938.76 Safari/537.36"
40.77.167.7 - - [28/Apr/2025:09:58:47 -0400] "GET /?i=40925160573701&channel=8867b7&from=goods.php%3Fid%3D1605737-26712%26name%3D%E3%83%96%E3%83%AB%E3%83%BC%E3%83%95%E3%83%AC%E3%83%BC%E3%83%A0%E9%98%B2%E9%A2%A8%E7%9B%B4%E5%99%B4%E3%83%A9%E3%82%A4%E3%82%BF%E3%83%BC%E3%80%81%E3%83%AC%E3%83%88%E3%83%AD%E3%83%AC%E3%83%AA%E3%83%BC%E3%83%95%E3%80%81%E3%83%AF%E3%83%B3%E3%82%BF%E3%83%83%E3%83%81%E3%83%95%E3%82%A1%E3%82%A4%E3%82%A2%E3%83%AD%E3%83%83%E3%82%AF%E3%80%81%E5%AE%89%E5%85%A8%E3%81%A7%E8%AA%A4%E6%93%8D%E4%BD%9C%E9%98%B2%E6%AD%A2%E3%80%81%E7%82%8E%E8%AA%BF%E7%AF%80%E5%8F%AF%E8%83%BD%E3%80%81%E4%BA%8C%E9%87%8D%E6%96%AD%E7%86%B1%E3%83%A9%E3%82%A4%E3%82%BF%E3%83%BC%EF%BC%88%E7%87%83%E6%96%99%E3%81%AF%E4%BB%98%E5%B1%9E HTTP/1.1" 200 0 "-" "Mozilla/5.0 AppleWebKit/537.36 (KHTML, like Gecko; compatible; bingbot/2.0; +http://www.bing.com/bingbot.htm) Chrome/116.0.1938.76 Safari/537.36"
66.249.73.101 - - [28/Apr/2025:09:58:56 -0400] "GET /?i=9107357767904&channel=398e05&from=article.php%3Fid%3D577679-6533%26name%3DSEMI-MB+%E3%82%A4%E3%82%BF%E3%83%AA%E3%82%A2%E8%A3%BD+%E3%83%9E%E3%83%AB%E3%83%81%E3%82%AB%E3%83%90%E3%83%BC+200%C3%97200cm+%E6%AD%A3%E6%96%B9%E5%BD%A2+%E8%8A%B1%E6%9F%84+%E3%82%AA%E3%83%AC%E3%83%B3%E3%82%B8 HTTP/1.1" 200 53219 "-" "Mozilla/5.0 (Linux; Android 6.0.1; Nexus 5X Build/MMB29P) AppleWebKit/537.36 (KHTML, like Gecko) Chrome/135.0.7049.95 Mobile Safari/537.36 (compatible; Googlebot/2.1; +http://www.google.com/bot.html)"
40.77.167.25 - - [28/Apr/2025:09:59:19 -0400] "GET /?i=7034788353500&channel=293711&from=product.php%3Fid%3D883535-272%26name%3D-%E6%96%B0%E5%93%81-+SONY+%E3%83%AF%E3%82%A4%E3%83%A4%E3%83%AC%E3%82%B9%E3%83%9D%E3%83%BC%E3%82%BF%E3%83%96%E3%83%AB%E3%82%B9%E3%83%94%E3%83%BC%E3%82%AB%E3%83%BC+SRS-XG300-BC%28%E3%83%96%E3%83%A9%E3%83%83%E3%82%AF%29 HTTP/1.1" 200 0 "-" "Mozilla/5.0 AppleWebKit/537.36 (KHTML, like Gecko; compatible; bingbot/2.0; +http://www.bing.com/bingbot.htm) Chrome/116.0.1938.76 Safari/537.36"
40.77.167.7 - - [28/Apr/2025:09:59:41 -0400] "GET /696871477166.shtml HTTP/1.1" 200 0 "-" "Mozilla/5.0 AppleWebKit/537.36 (KHTML, like Gecko; compatible; bingbot/2.0; +http://www.bing.com/bingbot.htm) Chrome/116.0.1938.76 Safari/537.36"
4.227.36.83 - - [28/Apr/2025:10:00:04 -0400] "GET /robots.txt HTTP/1.1" 200 70 "-" "Mozilla/5.0 AppleWebKit/537.36 (KHTML, like Gecko; compatible; GPTBot/1.2; +https://openai.com/gptbot)"
20.171.207.24 - - [28/Apr/2025:10:00:05 -0400] "GET /wp-admin/about.php HTTP/1.1" 500 1034 "-" "Mozilla/5.0 AppleWebKit/537.36 (KHTML, like Gecko; compatible; GPTBot/1.2; +https://openai.com/gptbot)"
40.77.167.47 - - [28/Apr/2025:10:00:44 -0400] "GET /?i=179124165501&channel=0503e5&from=goods.php%3Fid%3D41655-5174%26name%3D%E3%80%90%E6%96%B0%E5%93%81%E3%83%BB7%E5%96%B6%E6%A5%AD%E6%97%A5%E4%BB%A5%E5%86%85%E7%99%BA%E9%80%81%E3%80%91TASCO+%E3%82%BF%E3%82%B9%E3%82%B3+TA410VB-2+%E9%AB%98%E7%B2%BE%E5%BA%A6%E6%94%BE%E5%B0%84%E6%B8%A9%E5%BA%A6%E8%A8%88+%E6%B1%8E%E7%94%A8%E3%82%BF%E3%82%A4%E3%83%97+TA410VB2%E3%80%90%E6%B2%96%E7%B8%84%E9%9B%A2%E5%B3%B6%E8%B2%A9%E5%A3%B2%E4%B8%8D%E5%8F%AF%E3%80%91 HTTP/1.1" 200 0 "-" "Mozilla/5.0 AppleWebKit/537.36 (KHTML, like Gecko; compatible; bingbot/2.0; +http://www.bing.com/bingbot.htm) Chrome/116.0.1938.76 Safari/537.36"
66.249.73.101 - - [28/Apr/2025:10:00:57 -0400] "GET /?i=21588106661300&channel=81325b&from=article.php%3Fid%3D1066613-17821%26name%3D%E5%AE%8B%E4%BB%A3+%E6%B1%9D%E7%AA%AF+%E9%99%B6%E7%A3%81%E5%99%A8+%E5%A4%A9%E9%9D%92%E9%87%89%E9%87%91%E5%8F%A3%E6%B0%B4%E4%BB%99%E7%9B%86%E3%80%90%E4%BB%81%E3%80%91%E6%9F%93%E4%BB%98+%E7%BD%AE%E7%89%A9%E6%93%BA%E4%BB%B6+%E5%8F%A4%E8%B3%9E%E7%89%A9+%E5%8F%A4%E7%BE%8E%E8%A1%93+%E8%94%B5%E5%87%BA+%E9%99%B6%E8%8A%B8%E9%AA%A8%E8%91%A3 HTTP/1.1" 200 54649 "-" "Mozilla/5.0 (Linux; Android 6.0.1; Nexus 5X Build/MMB29P) AppleWebKit/537.36 (KHTML, like Gecko) Chrome/135.0.7049.95 Mobile Safari/537.36 (compatible; Googlebot/2.1; +http://www.google.com/bot.html)"
66.249.73.103 - - [28/Apr/2025:10:01:06 -0400] "GET /?i=7024387948602&channel=4b5e82&from=brands.php%3Fid%3D879486-14963%26name%3DCANON+New+FD+50mm+F1.4+%E3%82%AD%E3%83%A4%E3%83%8E%E3%83%B3+%E5%8D%98%E7%84%A6%E7%82%B9%E3%83%AC%E3%83%B3%E3%82%BA HTTP/1.1" 200 53295 "-" "Mozilla/5.0 (Linux; Android 6.0.1; Nexus 5X Build/MMB29P) AppleWebKit/537.36 (KHTML, like Gecko) Chrome/135.0.7049.95 Mobile Safari/537.36 (compatible; Googlebot/2.1; +http://www.google.com/bot.html)"
52.167.144.203 - - [28/Apr/2025:10:01:37 -0400] "GET /?i=2517269928902&channel=e76bec&from=jp.php%3Fid%3D699289-3462%26name%3D%E6%96%B0%E5%93%81%E3%80%80%E3%83%AC%E3%83%87%E3%82%A3%E3%83%BC%E3%82%B9%E7%A4%BE%E4%BA%A4%E3%83%80%E3%83%B3%E3%82%B9%E7%AB%B6%E6%8A%80%E3%83%89%E3%83%AC%E3%82%B9%E3%80%80%E3%83%A9%E3%83%86%E3%83%B3%E3%83%89%E3%83%AC%E3%82%B9%E3%80%80%E7%99%BA%E8%A1%A8%E4%BC%9A%E7%9D%80%E7%94%A8%E3%81%8A%E6%B4%92%E8%90%BD%E6%96%B0%E4%BD%9C%E3%80%80%E3%83%95%E3%82%A1%E3%83%BC%E9%A3%BE%E3%82%8A%E3%80%80%E3%82%B5%E3%82%A4%E3%82%BA%E8%AA%BF%E6%95%B4%E5%8F%AF%E3%80%80%E8%B5%A4%E8%89%B2%E3%80%80S%EF%BD%9EXXL HTTP/1.1" 200 0 "-" "Mozilla/5.0 AppleWebKit/537.36 (KHTML, like Gecko; compatible; bingbot/2.0; +http://www.bing.com/bingbot.htm) Chrome/116.0.1938.76 Safari/537.36"
182.44.10.67 - - [28/Apr/2025:10:02:00 -0400] "GET / HTTP/1.1" 200 0 "http://mianoorproperties.com" "Mozilla/5.0 (iPhone; CPU iPhone OS 13_2_3 like Mac OS X) AppleWebKit/605.1.15 (KHTML, like Gecko) Version/13.0.3 Mobile/15E148 Safari/604.1"
40.77.167.54 - - [28/Apr/2025:10:04:07 -0400] "GET /?i=16103190660600&channel=dc5546&from=form.php%3Fid%3D1906606-30969%26name%3D40cmYKK%E4%B8%A1%E9%96%8B%E3%81%8DAG%E7%8E%89%E4%BB%98%E3%81%8D%E3%82%B3%E3%82%A4%E3%83%AB%E3%83%95%E3%82%A1%E3%82%B9%E3%83%8A%E3%83%BC8%E6%9C%AC%E3%82%BB%E3%83%83%E3%83%88 HTTP/1.1" 200 0 "-" "Mozilla/5.0 AppleWebKit/537.36 (KHTML, like Gecko; compatible; bingbot/2.0; +http://www.bing.com/bingbot.htm) Chrome/116.0.1938.76 Safari/537.36"
52.167.144.149 - - [28/Apr/2025:10:04:11 -0400] "GET /?i=81872173136400&channel=9fda79&from=category-info.php%3Fid%3D1731364-826%26name%3DSD23-JP023%5BN%5D%EF%BC%9A%E4%BC%9D%E8%AA%AC%E3%81%AE%E9%83%BD%E3%82%A2%E3%83%88%E3%83%A9%E3%83%B3%E3%83%86%E3%82%A3%E3%82%B9%E3%80%8010%E6%9E%9A%E3%80%80%E3%83%97%E3%83%AC%E3%82%A4%E7%94%A8 HTTP/1.1" 200 0 "-" "Mozilla/5.0 AppleWebKit/537.36 (KHTML, like Gecko; compatible; bingbot/2.0; +http://www.bing.com/bingbot.htm) Chrome/116.0.1938.76 Safari/537.36"
66.249.74.12 - - [28/Apr/2025:10:04:14 -0400] "GET /97199355773.shtml HTTP/1.1" 200 0 "-" "Mozilla/5.0 (Linux; Android 6.0.1; Nexus 5X Build/MMB29P) AppleWebKit/537.36 (KHTML, like Gecko) Chrome/135.0.7049.95 Mobile Safari/537.36 (compatible; GoogleOther)"
20.171.207.24 - - [28/Apr/2025:10:06:15 -0400] "GET /wp-admin/comment.php?action=spam&c=28 HTTP/1.1" 403 1242 "-" "Mozilla/5.0 AppleWebKit/537.36 (KHTML, like Gecko; compatible; GPTBot/1.2; +https://openai.com/gptbot)"
20.171.207.24 - - [28/Apr/2025:10:06:24 -0400] "GET /wp-admin/comment.php?action=trash&c=28 HTTP/1.1" 403 1242 "-" "Mozilla/5.0 AppleWebKit/537.36 (KHTML, like Gecko; compatible; GPTBot/1.2; +https://openai.com/gptbot)"
20.171.207.24 - - [28/Apr/2025:10:06:35 -0400] "GET /wp-admin/comment.php?action=approve&c=28 HTTP/1.1" 403 1242 "-" "Mozilla/5.0 AppleWebKit/537.36 (KHTML, like Gecko; compatible; GPTBot/1.2; +https://openai.com/gptbot)"
20.171.207.24 - - [28/Apr/2025:10:06:45 -0400] "GET /wp-admin/edit-comments.php?comment_status=moderated HTTP/1.1" 403 1242 "-" "Mozilla/5.0 AppleWebKit/537.36 (KHTML, like Gecko; compatible; GPTBot/1.2; +https://openai.com/gptbot)"
40.77.167.54 - - [28/Apr/2025:10:06:49 -0400] "GET /?i=88240184941708&channel=7e1e7d&from=shop.php%3Fid%3D1849417-27865%26name%3D%E3%82%A2%E3%83%B3%E3%82%B0%E3%83%AB%E3%82%B0%E3%83%A9%E3%82%A4%E3%83%B3%E3%83%80%E3%83%BC%E3%82%B5%E3%83%B3%E3%83%87%E3%82%A3%E3%83%B3%E3%82%B0%E3%83%87%E3%82%A3%E3%82%B9%E3%82%AF%E3%80%81%E7%B2%89%E7%A0%95%E3%83%9B%E3%82%A4%E3%83%BC%E3%83%AB+%7C+%E5%88%87%E6%96%AD%E3%81%AE%E3%81%9F%E3%82%81%E3%81%AE%E3%82%A2%E3%83%B3%E3%82%B0%E3%83%AB%E3%82%B0%E3%83%A9%E3%82%A4%E3%83%B3%E3%83%80%E3%83%BC%E3%81%AE%E7%A0%B4%E5%A3%8A%E4%B8%8D%E5%8F%AF%E8%83%BD%E3%81%AA%E3%83%87%E3%82%A3%E3%82%B9%E3%82%AF+-+%E7%A0%B4%E5%A3%8A%E4%B8%8D%E8%83%BD%E3%81%AA%E5%A4%9A HTTP/1.1" 200 0 "-" "Mozilla/5.0 AppleWebKit/537.36 (KHTML, like Gecko; compatible; bingbot/2.0; +http://www.bing.com/bingbot.htm) Chrome/116.0.1938.76 Safari/537.36"
40.77.167.25 - - [28/Apr/2025:10:07:20 -0400] "GET /?i=12580117694705&channel=1b78e2&from=news.php%3Fid%3D1176947-12289%26name%3DCITIZEN%28%E3%82%B7%E3%83%81%E3%82%BA%E3%83%B3%29+nb1050+%E3%82%AA%E3%83%BC%E3%83%88%E3%83%9E%E3%83%86%E3%82%A3%E3%83%83%E3%82%AF HTTP/1.1" 200 0 "-" "Mozilla/5.0 AppleWebKit/537.36 (KHTML, like Gecko; compatible; bingbot/2.0; +http://www.bing.com/bingbot.htm) Chrome/116.0.1938.76 Safari/537.36"
40.77.167.25 - - [28/Apr/2025:10:07:21 -0400] "GET /?i=39814167029901&channel=b01356&from=jp.php%3Fid%3D1670299-4559%26name%3DFwefydwe+20%E3%83%9F%E3%83%8B%E6%AD%AF%E3%81%AE%E3%81%AA%E3%81%84%E3%83%AF%E3%83%8B%E5%8F%A3%E3%83%86%E3%82%B9%E3%83%88%E3%82%AF%E3%83%AA%E3%83%83%E3%83%97%E3%80%81%E9%9B%BB%E6%B0%97%E3%81%AE%E5%9B%BA%E4%BD%93%E9%8A%85%E3%82%AF%E3%83%AA%E3%83%83%E3%83%97%E3%80%815Amp%E3%81%AF%E3%82%93%E3%81%A0%E7%94%A8%E4%BF%9D%E8%AD%B7%E7%B5%B6%E7%B8%81%E3%82%AB%E3%83%90%E3%83%BC%E4%BB%98%E3%81%8D HTTP/1.1" 200 0 "-" "Mozilla/5.0 AppleWebKit/537.36 (KHTML, like Gecko; compatible; bingbot/2.0; +http://www.bing.com/bingbot.htm) Chrome/116.0.1938.76 Safari/537.36"
52.167.144.149 - - [28/Apr/2025:10:07:29 -0400] "GET /?i=8679744781100&channel=bbc25d&from=form.php%3Fid%3D447811-10559%26name%3DM%E2%98%86%E6%A7%98%E5%B0%82%E7%94%A8%EF%BC%81%E4%BA%8C%E9%9A%8E%E5%A0%82%E3%82%80%E3%81%8E%E7%84%BC%E9%85%8E%E5%90%89%E5%9B%9B%E5%85%AD+%E5%A3%BA720ml%C3%974%E6%9C%AC%E3%80%81%E3%81%8A%E3%81%BE%E3%81%91%E3%81%84%E3%81%84%E3%81%A1%E3%81%93%E6%B7%B1%E7%86%8F HTTP/1.1" 200 0 "-" "Mozilla/5.0 AppleWebKit/537.36 (KHTML, like Gecko; compatible; bingbot/2.0; +http://www.bing.com/bingbot.htm) Chrome/116.0.1938.76 Safari/537.36"
40.77.167.54 - - [28/Apr/2025:10:07:37 -0400] "GET /wp-sitemap.xml HTTP/1.1" 200 96108 "-" "Mozilla/5.0 AppleWebKit/537.36 (KHTML, like Gecko; compatible; bingbot/2.0; +http://www.bing.com/bingbot.htm) Chrome/116.0.1938.76 Safari/537.36"
40.77.167.54 - - [28/Apr/2025:10:08:57 -0400] "GET /?i=2338076421507&channel=697062&from=goods.php%3Fid%3D764215-9084%26name%3D2024NEW+%E3%83%9F%E3%83%8B%E9%9B%BB%E6%B0%97%E7%82%8A%E9%A3%AF%E5%99%A8%E3%80%81%E3%83%8E%E3%83%B3%E3%82%B9%E3%83%86%E3%82%A3%E3%83%83%E3%82%AF%E3%83%9D%E3%83%83%E3%83%88%E4%BB%98%E3%81%8D%E3%80%81201+%E3%82%B9%E3%83%86%E3%83%B3%E3%83%AC%E3%82%B9%E3%82%B9%E3%83%81%E3%83%BC%E3%83%AB%E3%83%8E%E3%83%B3%E3%82%B9%E3%83%86%E3%82%A3%E3%83%83%E3%82%AF%E3%82%A4%E3%83%B3%E3%83%8A%E3%83%BC%E3%83%9D%E3%83%83%E3%83%88%E3%80%81%E8%AA%BF%E7%90%86%2F%E4%BF%9D%E6%B8%A9%E6%A9%9F%E8%83%BD%E4%BB%98%E3%81%8D HTTP/1.1" 200 0 "-" "Mozilla/5.0 AppleWebKit/537.36 (KHTML, like Gecko; compatible; bingbot/2.0; +http://www.bing.com/bingbot.htm) Chrome/116.0.1938.76 Safari/537.36"
52.167.144.140 - - [28/Apr/2025:10:09:09 -0400] "GET /?i=86831191778800&channel=f4f889&from=article.php%3Fid%3D1917788-3355%26name%3DKAITEBO+%E5%AE%A4%E5%86%85%E7%89%A9%E5%B9%B2%E3%81%97%E3%80%90%E7%B5%84%E3%81%BF%E7%AB%8B%E3%81%A6%E4%B8%8D%E8%A6%81+%E3%80%91%E7%89%A9%E5%B9%B2%E3%81%97%E3%82%B9%E3%82%BF%E3%83%B3%E3%83%89+%E6%B4%97%E6%BF%AF%E7%89%A9%E5%B9%B2%E3%81%97+%E3%82%B9%E3%83%86%E3%83%B3%E3%83%AC%E3%82%B9%E9%8B%BC+38.5cm%E8%B6%85%E3%82%B3%E3%83%B3%E3%83%91%E3%82%AF%E3%83%88+%E6%8A%98%E3%82%8A%E3%81%9F%E3%81%9F%E3%81%BF%E5%BC%8F+%E4%BC%B8%E7%B8%AE%E3%82%BF%E3%82%A4%E3%83%97+%E3%82%BF%E3%82%AA%E3%83%AB%E3%83%8F%E3%83%B3%E3%82%AC%E3%83%BC+%E8%A8%AD%E7%BD%AE%E3%83%BB%E5%B7%A5%E5%85%B7%E4%B8%8D%E8%A6%81+%E5%B8%83%E5%9B%A3%E5%B9%B2%E3%81%97+%E9%AB%98%E8%80%90%E8%8D%B7%E9%87%8D+%E8%B6%85%E8%BB%BD%E9%87%8F+%E5%AE%A4%E5%86%85+%E5%B1%8B%E5%A4%96+%E3%83%99%E3%83%A9%E3%83%B3%E3%83%80%E7%94%A8 HTTP/1.1" 200 0 "-" "Mozilla/5.0 AppleWebKit/537.36 (KHTML, like Gecko; compatible; bingbot/2.0; +http://www.bing.com/bingbot.htm) Chrome/116.0.1938.76 Safari/537.36"
52.167.144.140 - - [28/Apr/2025:10:09:10 -0400] "GET /?i=01184193040006&channel=ca1408&from=news.php%3Fid%3D1930400-25137%26name%3D%E3%82%BD%E3%83%BC%E3%83%A9%E3%83%BC%E3%82%A8%E3%83%8D%E3%83%AB%E3%82%AE%E3%83%BC%E3%83%8F%E3%83%B3%E3%83%89%E3%83%A9%E3%83%BC+-+%E5%86%8D%E7%94%9F%E5%8F%AF%E8%83%BD%E3%82%A8%E3%83%8D%E3%83%AB%E3%82%AE%E3%83%BC%E3%83%8F%E3%83%B3%E3%83%89%E3%83%A9%E3%83%BC%E3%83%84%E3%83%BC%E3%83%AB%E3%80%81%E3%82%B9%E3%83%9E%E3%83%BC%E3%83%88%E3%82%BD%E3%83%BC%E3%83%A9%E3%83%BC%E3%83%91%E3%83%8D%E3%83%AB%E3%83%AC%E3%82%AE%E3%83%A5%E3%83%AC%E3%83%BC%E3%82%BF%E3%83%BC%E3%82%B7%E3%82%B9%E3%83%86%E3%83%A0%7C%E9%AB%98%E5%8A%B9%E7%8E%87%E5%85%85%E9%9B%BB%E3%83%91%E3%83%8D%E3%83%AB HTTP/1.1" 200 0 "-" "Mozilla/5.0 AppleWebKit/537.36 (KHTML, like Gecko; compatible; bingbot/2.0; +http://www.bing.com/bingbot.htm) Chrome/116.0.1938.76 Safari/537.36"
52.167.144.140 - - [28/Apr/2025:10:09:12 -0400] "GET /?i=018186991103&channel=1479ad&from=form.php%3Fid%3D69911-736%26name%3D%E3%83%86%E3%83%AC%E3%83%93%E3%83%9E%E3%82%A6%E3%83%B3%E3%83%88%E3%83%96%E3%83%A9%E3%82%B1%E3%83%83%E3%83%88%E5%A4%A9%E4%BA%95+-+4%E9%9D%A2%E5%A4%A9%E4%BA%95%E3%83%96%E3%83%A9%E3%82%B1%E3%83%83%E3%83%88%E3%80%8132%E3%80%9C50%E3%82%A4%E3%83%B3%E3%83%81%E3%83%95%E3%83%AB%E3%83%A2%E3%83%BC%E3%82%B7%E3%83%A7%E3%83%B3%E3%80%814%E3%83%A0%E3%83%BC%E3%83%96%E3%83%A1%E3%83%B3%E3%83%88%E3%83%95%E3%83%A9%E3%83%83%E3%83%88%2F%E3%82%AB%E3%83%BC%E3%83%96%E3%82%B9%E3%82%AF%E3%83%AA%E3%83%BC%E3%83%B3%E3%83%96%E3%83%A9%E3%82%B1 HTTP/1.1" 200 0 "-" "Mozilla/5.0 AppleWebKit/537.36 (KHTML, like Gecko; compatible; bingbot/2.0; +http://www.bing.com/bingbot.htm) Chrome/116.0.1938.76 Safari/537.36"
52.167.144.163 - - [28/Apr/2025:10:09:13 -0400] "GET /?i=8711725900602&channel=750edc&from=shared.php%3Fid%3D259006-8300%26name%3D%E3%82%B9%E3%82%BF%E3%83%BC%E7%B2%BE%E5%AF%86%E3%83%AC%E3%82%B8%E3%82%B9%E3%82%BF%E3%83%BC%E3%80%80mpop10%E3%80%80%E3%82%A8%E3%82%A2%E3%83%AC%E3%82%B8%E3%83%AC%E3%82%B8%E3%82%B9%E3%82%BF%E3%83%BC%E3%80%80n601894 HTTP/1.1" 200 0 "-" "Mozilla/5.0 AppleWebKit/537.36 (KHTML, like Gecko; compatible; bingbot/2.0; +http://www.bing.com/bingbot.htm) Chrome/116.0.1938.76 Safari/537.36"
52.167.144.203 - - [28/Apr/2025:10:09:31 -0400] "GET /?i=08877170723203&channel=f7f283&from=news.php%3Fid%3D1707232-26861%26name%3D%E5%85%AB%E9%87%8D%E5%92%B2%E3%81%8D%E3%82%B5%E3%83%B3%E3%82%AE%E3%83%8A%E3%83%AA%E3%82%A2%E3%83%BB%E3%82%AB%E3%83%8A%E3%83%87%E3%83%B3%E3%82%B7%E3%82%B9 HTTP/1.1" 200 0 "-" "Mozilla/5.0 AppleWebKit/537.36 (KHTML, like Gecko; compatible; bingbot/2.0; +http://www.bing.com/bingbot.htm) Chrome/116.0.1938.76 Safari/537.36"
66.249.74.12 - - [28/Apr/2025:10:10:53 -0400] "GET /28387797970.shtml HTTP/1.1" 200 0 "-" "Mozilla/5.0 (Linux; Android 6.0.1; Nexus 5X Build/MMB29P) AppleWebKit/537.36 (KHTML, like Gecko) Chrome/135.0.7049.95 Mobile Safari/537.36 (compatible; GoogleOther)"
52.167.144.163 - - [28/Apr/2025:10:11:54 -0400] "GET /?i=6202184115200&channel=d89ed9&from=form.php%3Fid%3D841152-19673%26name%3D%E3%80%90%E6%96%B0%E5%93%81%E3%83%BB7%E5%96%B6%E6%A5%AD%E6%97%A5%E4%BB%A5%E5%86%85%E7%99%BA%E9%80%81%E3%80%91%E3%83%A4%E3%83%9E%E3%83%88%E3%82%A8%E3%83%B3%E3%82%B8%E3%83%8B%E3%82%A2%E3%83%AA%E3%83%B3%E3%82%B0+TA12.5X8.5-100+PVC%E3%82%A8%E3%82%A2%E3%83%BC%E3%83%9B%E3%83%BC%E3%82%B9%E3%80%90100M%E3%80%91TA12.5X8.5100%E3%80%90%E6%B2%96%E7%B8%84%E9%9B%A2%E5%B3%B6%E8%B2%A9%E5%A3%B2%E4%B8%8D%E5%8F%AF%E3%80%91 HTTP/1.1" 200 0 "-" "Mozilla/5.0 AppleWebKit/537.36 (KHTML, like Gecko; compatible; bingbot/2.0; +http://www.bing.com/bingbot.htm) Chrome/116.0.1938.76 Safari/537.36"
52.167.144.184 - - [28/Apr/2025:10:11:58 -0400] "GET /?i=1017723618402&channel=1a31fd&from=article.php%3Fid%3D236184-10953%26name%3D500W+UV%E7%B4%AB%E5%A4%96%E7%B7%9A%E7%A1%AC%E5%8C%96%E3%83%A9%E3%83%B3%E3%83%97+365nm+395nm+405nm+UV%E6%A8%B9%E8%84%82%E7%A1%AC%E5%8C%96%E3%83%A9%E3%82%A4%E3%83%88+%E6%A8%B9%E8%84%82%E5%8D%B0%E5%88%B7%E7%94%A8+%E5%BD%B1%E3%81%AA%E3%81%97%E6%8E%A5%E7%9D%80%E5%89%A4%E3%82%A4%E3%83%B3%E3%82%AF+%E3%82%B0%E3%83%AA%E3%83%BC%E3%83%B3%E3%82%AA%E3%82%A4 HTTP/1.1" 200 0 "-" "Mozilla/5.0 AppleWebKit/537.36 (KHTML, like Gecko; compatible; bingbot/2.0; +http://www.bing.com/bingbot.htm) Chrome/116.0.1938.76 Safari/537.36"
40.77.167.116 - - [28/Apr/2025:10:12:04 -0400] "GET /?i=00010115551100&channel=cd0c12&from=shop.php%3Fid%3D1155511-3318%26name%3D%E6%B5%B7%E5%A4%96+%E9%AB%98%E5%93%81%E8%B3%AA%E3%80%80%E9%80%81%E6%96%99%E8%BE%BC%E3%81%BF%E3%80%80%E3%83%9F%E3%83%8F%E3%82%A8%E3%83%AB%E3%83%BB%E3%82%B7%E3%83%A5%E3%83%BC%E3%83%9E%E3%83%83%E3%83%8F+2005+F1+%E3%83%AC%E3%83%BC%E3%82%B7%E3%83%B3%E3%82%B0%E3%82%B9%E3%83%BC%E3%83%84%E3%80%80%E3%82%B5%E3%82%A4%E3%82%BA%E5%90%84%E7%A8%AE+%E3%83%AC%E3%83%97%E3%83%AA%E3%82%AB+%E3%82%AB%E3%82%B9%E3%82%BF%E3%83%A0%E5%AF%BE%E5%BF%9C HTTP/1.1" 200 0 "-" "Mozilla/5.0 AppleWebKit/537.36 (KHTML, like Gecko; compatible; bingbot/2.0; +http://www.bing.com/bingbot.htm) Chrome/116.0.1938.76 Safari/537.36"
52.167.144.140 - - [28/Apr/2025:10:12:10 -0400] "GET /?i=9175681518302&channel=78d66d&from=pin.php%3Fid%3D815183-718%26name%3D%E3%82%B9%E3%82%BA%E3%83%A9%E3%83%B3%E3%81%A8%E3%83%AD%E3%83%BC%E3%82%BA%E3%81%AE%E3%83%AA%E3%83%BC%E3%82%B9%E3%80%80%E3%83%8F%E3%83%B3%E3%83%89%E3%83%A1%E3%82%A4%E3%83%89 HTTP/1.1" 200 0 "-" "Mozilla/5.0 AppleWebKit/537.36 (KHTML, like Gecko; compatible; bingbot/2.0; +http://www.bing.com/bingbot.htm) Chrome/116.0.1938.76 Safari/537.36"
66.249.74.12 - - [28/Apr/2025:10:12:10 -0400] "GET /?i=99578107804303&channel=6b10c7&from=jp.php%3Fid%3D1078043-17380%26name%3D%E6%B2%B9%E5%BD%A9%E7%94%BB+%E6%B4%8B%E7%94%BB+%28%E6%B2%B9%E7%B5%B5%E9%A1%8D%E7%B8%81%E4%BB%98%E3%81%8D%E3%81%A7%E7%B4%8D%E5%93%81%E5%AF%BE%E5%BF%9C%E5%8F%AF%29+SM+%E3%80%8C%E5%AD%90%E7%8C%AB%EF%BC%91%E3%80%8D+%E6%98%9F%E9%87%8E+%E6%AD%A9 HTTP/1.1" 200 55309 "-" "Mozilla/5.0 (Linux; Android 6.0.1; Nexus 5X Build/MMB29P) AppleWebKit/537.36 (KHTML, like Gecko) Chrome/135.0.7049.95 Mobile Safari/537.36 (compatible; Googlebot/2.1; +http://www.google.com/bot.html)"
66.249.74.12 - - [28/Apr/2025:10:12:22 -0400] "GET /71077125173.shtml HTTP/1.1" 200 0 "-" "Mozilla/5.0 (Linux; Android 6.0.1; Nexus 5X Build/MMB29P) AppleWebKit/537.36 (KHTML, like Gecko) Chrome/135.0.7049.95 Mobile Safari/537.36 (compatible; GoogleOther)"
20.15.133.191 - - [28/Apr/2025:10:12:25 -0400] "GET /?i=67298190874000&channel=ac60b7&from=article.php%3Fid%3D1908740-12555%26name%3D%E6%AD%A3%E8%A6%8F%E4%BB%A3%E7%90%86%E5%BA%97+%E6%97%A5%E9%80%B2%E5%8C%BB%E7%99%82%E5%99%A8+%E3%83%A6%E3%83%8B%E3%82%B3%28UNICO%29+%E3%83%A6%E3%83%8B%E3%82%B3ST%E9%8D%BC+70%E6%9C%AC%E5%85%A5+%E3%80%8C%E3%83%8D%E3%82%B3%E3%83%9D%E3%82%B9%E9%80%81%E6%96%99%E7%84%A1%E6%96%99%E3%80%8D HTTP/1.1" 200 0 "-" "Mozilla/5.0 AppleWebKit/537.36 (KHTML, like Gecko; compatible; bingbot/2.0; +http://www.bing.com/bingbot.htm) Chrome/116.0.1938.76 Safari/537.36"
52.167.144.163 - - [28/Apr/2025:10:13:04 -0400] "GET /?i=3269158906804&channel=cddd00&from=product.php%3Fid%3D589068-2941%26name%3D%E3%83%91%E3%83%8A%E3%82%BD%E3%83%8B%E3%83%83%E3%82%AF%28Panasonic%29+%E3%83%9F%E3%83%A9%E3%83%BC%E3%83%AC%E3%82%B9%E4%B8%80%E7%9C%BC%E3%82%AB%E3%83%A1%E3%83%A9+%E3%83%AB%E3%83%9F%E3%83%83%E3%82%AF%E3%82%B9+%E5%83%8F%E9%9D%A2%E4%BD%8D%E7%9B%B8%E5%B7%AEAF%E6%90%AD%E8%BC%89+%E9%AB%98%E9%80%9F%E9%80%A3%E5%86%99%E6%80%A7%E8%83%BD+%E6%89%8B%E3%83%96%E3%83%AC%E8%A3%9C%E6%AD%A3%E5%BC%B7%E5%8C%96+%E6%A8%99%E6%BA%96%E3%82%BA%E3%83%BC%E3%83%A0%E3%83%AC%E3%83%B3%E3%82%BA%E3%82%AD%E3%83%83%E3%83%88+%E3%83%96%E3%83%A9%E3%83%83%E3%82%AF+DC-G9M2L HTTP/1.1" 200 0 "-" "Mozilla/5.0 AppleWebKit/537.36 (KHTML, like Gecko; compatible; bingbot/2.0; +http://www.bing.com/bingbot.htm) Chrome/116.0.1938.76 Safari/537.36"
40.77.167.116 - - [28/Apr/2025:10:13:14 -0400] "GET /?i=1943868307002&channel=722825&from=form.php%3Fid%3D683070-4673%26name%3D%E3%82%AA%E3%83%96%E3%83%AA+22TSND23+%EF%BE%8B%EF%BE%9F%EF%BE%9D%EF%BD%B8+%EF%BE%81%EF%BD%AA%EF%BD%AF%EF%BD%B8%EF%BD%BC%EF%BE%8C%EF%BD%AB%EF%BE%9D%EF%BE%9C%EF%BE%9D%EF%BE%8B%EF%BE%9F%EF%BD%B0%EF%BD%BD+O HTTP/1.1" 200 0 "-" "Mozilla/5.0 AppleWebKit/537.36 (KHTML, like Gecko; compatible; bingbot/2.0; +http://www.bing.com/bingbot.htm) Chrome/116.0.1938.76 Safari/537.36"
20.15.133.191 - - [28/Apr/2025:10:13:55 -0400] "GET /?i=5752184256500&channel=099c46&from=shared.php%3Fid%3D842565-4653%26name%3D%E3%80%90%E4%B8%AD%E5%8F%A4%E3%80%91CASIO+%7C+%E3%82%AB%E3%82%B7%E3%82%AA+DW-5000R-1AJF+G-SHOCK+DIGITAL+5000+SERIES+%22%E5%88%9D%E4%BB%A3G-SHOCK+%E5%BE%A9%E5%88%BB%E3%83%A2%E3%83%87%E3%83%AB%22+%E8%85%95%E6%99%82%E8%A8%88+%E3%83%87%E3%82%B8%E3%82%BF%E3%83%AB%E8%A1%A8%E7%A4%BA+%E3%82%AF%E3%82%AA%E3%83%BC%E3%83%84+%E3%83%96%E3%83%A9%E3%83%83%E3%82%AF%E3%80%90%E4%B8%89%E9%87%8D%E6%9C%AC%E5%BA%97%E3%80%91 HTTP/1.1" 200 0 "-" "Mozilla/5.0 AppleWebKit/537.36 (KHTML, like Gecko; compatible; bingbot/2.0; +http://www.bing.com/bingbot.htm) Chrome/116.0.1938.76 Safari/537.36"
66.249.74.11 - - [28/Apr/2025:10:13:56 -0400] "GET /?i=4076115895610&channel=e86343&from=article.php%3Fid%3D158956-46%26name%3DTIME+SKYLON+AKTIV%E3%83%95%E3%82%A9%E3%83%BC%E3%82%AF%E3%80%80%E3%83%AD%E3%83%BC%E3%83%89%E3%83%90%E3%82%A4%E3%82%AF+lightweight HTTP/1.1" 200 0 "-" "Mozilla/5.0 (Linux; Android 6.0.1; Nexus 5X Build/MMB29P) AppleWebKit/537.36 (KHTML, like Gecko) Chrome/135.0.7049.95 Mobile Safari/537.36 (compatible; GoogleOther)"
20.15.133.174 - - [28/Apr/2025:10:14:09 -0400] "GET /?i=8597295735001&channel=ae4671&from=info.php%3Fid%3D957350-6188%26name%3D%E3%83%AD%E3%83%83%E3%83%89%E3%82%AD%E3%83%BC%E3%83%91%E3%83%BC+%E3%83%AD%E3%83%83%E3%83%89%E3%83%9B%E3%83%AB%E3%83%80%E3%83%BC%E3%81%BE%E3%81%A8%E3%82%81%E3%81%A6+FRV25+snow+peak+6%E5%80%8B%E3%81%BE%E3%81%A8%E3%82%81%E3%81%A6 HTTP/1.1" 200 0 "-" "Mozilla/5.0 AppleWebKit/537.36 (KHTML, like Gecko; compatible; bingbot/2.0; +http://www.bing.com/bingbot.htm) Chrome/116.0.1938.76 Safari/537.36"
66.249.73.101 - - [28/Apr/2025:10:14:11 -0400] "GET /?i=7110893856202&channel=4e9c42&from=product.php%3Fid%3D938562-14010%26name%3D%E4%B8%AD%E5%8F%A4+%E3%83%86%E3%83%8B%E3%82%B9%E3%83%A9%E3%82%B1%E3%83%83%E3%83%88+%E3%83%80%E3%83%B3%E3%83%AD%E3%83%83%E3%83%97+%E3%82%A8%E3%83%95%E3%82%A8%E3%83%83%E3%82%AF%E3%82%B9+500+2020%E5%B9%B4%E3%83%A2%E3%83%87%E3%83%AB+%28G2%29DUNLOP+FX+500+2020 HTTP/1.1" 200 53725 "-" "Mozilla/5.0 (Linux; Android 6.0.1; Nexus 5X Build/MMB29P) AppleWebKit/537.36 (KHTML, like Gecko) Chrome/135.0.7049.95 Mobile Safari/537.36 (compatible; Googlebot/2.1; +http://www.google.com/bot.html)"
20.15.133.174 - - [28/Apr/2025:10:14:12 -0400] "GET /?i=4082067757206&channel=0ba73d&from=info.php%3Fid%3D677572-1739%26name%3D%E2%96%BD%E9%B4%BB%E2%96%BD+%E6%B8%85%E6%9C%9D%E6%99%82%E4%BB%A3+%E5%92%8C%E7%94%B0%E7%8E%89%E5%BD%AB+%E5%AE%B6%E5%A4%A7%E6%A5%AD%E5%A4%A7%E6%8A%8A%E4%BB%B6+%E6%99%82%E4%BB%A3%E7%89%A9+%E4%B8%AD%E5%9B%BD%E5%8F%A4%E7%BE%8E%E8%A1%93+%E9%AA%A8%E8%91%A3%E5%93%81 HTTP/1.1" 200 0 "-" "Mozilla/5.0 AppleWebKit/537.36 (KHTML, like Gecko; compatible; bingbot/2.0; +http://www.bing.com/bingbot.htm) Chrome/116.0.1938.76 Safari/537.36"
20.15.133.174 - - [28/Apr/2025:10:14:19 -0400] "GET /?i=00627138369700&channel=7f4639&from=product.php%3Fid%3D1383697-607%26name%3D%E3%82%B9%E3%82%A4%E3%83%95%E3%83%88%E3%82%B9%E3%83%9D%E3%83%BC%E3%83%84+ZC33S+%E7%B4%94%E6%AD%A317%E3%82%A4%E3%83%B3%E3%83%81%E3%82%A2%E3%83%AB%E3%83%9F%E3%83%9B%E3%82%A4%E3%83%BC%E3%83%AB+4%E6%9C%AC%E3%82%BB%E3%83%83%E3%83%88+%E6%96%B0%E5%93%81%E5%90%8C%E6%A7%98+%E6%89%8B%E6%B8%A1%E3%81%97%E3%81%AE%E3%81%BF HTTP/1.1" 200 0 "-" "Mozilla/5.0 AppleWebKit/537.36 (KHTML, like Gecko; compatible; bingbot/2.0; +http://www.bing.com/bingbot.htm) Chrome/116.0.1938.76 Safari/537.36"
20.15.133.174 - - [28/Apr/2025:10:14:21 -0400] "GET /?i=0138687113800&channel=d3249d&from=jp.php%3Fid%3D871138-1987%26name%3D%E3%83%9E%E3%83%AB%E3%82%B7%E3%83%B3%E5%B7%A5%E6%A5%AD+++%E3%82%B3%E3%83%AB%E3%83%88%E3%83%94%E3%83%BC%E3%82%B9%E3%83%A1%E3%83%BC%E3%82%AB%E3%83%BC+++%E3%82%AC%E3%82%B9%E3%82%AC%E3%83%B3 HTTP/1.1" 200 0 "-" "Mozilla/5.0 AppleWebKit/537.36 (KHTML, like Gecko; compatible; bingbot/2.0; +http://www.bing.com/bingbot.htm) Chrome/116.0.1938.76 Safari/537.36"
52.167.144.163 - - [28/Apr/2025:10:14:44 -0400] "GET /?i=8728931086800&channel=99f909&from=brands.php%3Fid%3D310868-2571%26name%3DKYOCERA+%E4%BA%AC%E3%82%BB%E3%83%A9%28%E6%97%A7%E3%83%AA%E3%83%A7%E3%83%BC%E3%83%93%29+%E3%80%80%E3%83%97%E3%83%AD%E7%94%A8%E3%80%80%E3%83%AA%E3%83%A2%E3%82%B3%E3%83%B3%E3%82%A6%E3%82%A4%E3%83%B3%E3%83%81%E3%80%80%E6%9C%80%E5%A4%A7%E5%90%8A%E6%8F%9A%E8%8D%B7%E9%87%8D+60kg%3Cbr%3EAWI62RC%E3%80%90%E3%83%AA%E3%83%A2%E3%82%B3%E3%83%B31%E5%80%8B%E3%83%BB%E3%82%B9%E3%82%A4%E3%83%99%E3%83%AB%E3%83%95%E3%83%83%E3%82%AF%28%E6%9C%AC%E4%BD%93%E5%8F%96%E4%BB%98%29%E3%83%BB%E5%8D%984%E5%BD%A2%E3%82%A2%E3%83%AB%E3%82%AB%E3%83%AA%E4%B9%BE%E9%9B%BB%E6%B1%A02%E5%80%8B%E3%83%BB%E3%82%B9%E3%83%88%E3%83%A9%E3%83%83%E3%83%97%28%E3%83%AA%E3%83%A2%E3%82%B3%E3%83%B3%E5%8F%96%E4%BB%98%29%E3%80%91 HTTP/1.1" 200 0 "-" "Mozilla/5.0 AppleWebKit/537.36 (KHTML, like Gecko; compatible; bingbot/2.0; +http://www.bing.com/bingbot.htm) Chrome/116.0.1938.76 Safari/537.36"
66.249.74.11 - - [28/Apr/2025:10:14:45 -0400] "GET /47072469070.shtml HTTP/1.1" 200 53165 "-" "Mozilla/5.0 (Linux; Android 6.0.1; Nexus 5X Build/MMB29P) AppleWebKit/537.36 (KHTML, like Gecko) Chrome/135.0.7049.95 Mobile Safari/537.36 (compatible; Googlebot/2.1; +http://www.google.com/bot.html)"
20.15.133.174 - - [28/Apr/2025:10:15:00 -0400] "GET /?i=60928169886601&channel=13b431&from=blog.php%3Fid%3D1698866-13999%26name%3D%E6%96%B0%E5%93%81+%E3%83%97%E3%83%AA%E3%83%BC%E3%83%84+%E3%82%B9%E3%82%AB%E3%83%BC%E3%83%88+M+%E3%83%AC%E3%83%87%E3%82%A3%E3%83%BC%E3%82%B9+%E3%83%96%E3%83%A9%E3%83%83%E3%82%AF+%E5%A5%B3%E5%AD%90%E9%AB%98%E7%94%9F%E9%A2%A8+%E3%83%80%E3%83%B3%E3%82%B9 HTTP/1.1" 200 0 "-" "Mozilla/5.0 AppleWebKit/537.36 (KHTML, like Gecko; compatible; bingbot/2.0; +http://www.bing.com/bingbot.htm) Chrome/116.0.1938.76 Safari/537.36"
20.15.133.174 - - [28/Apr/2025:10:15:02 -0400] "GET /?i=8105142629205&channel=c9d754&from=blog.php%3Fid%3D426292-2145%26name%3D0%E2%98%85%E2%98%85%E2%98%85%E2%98%85%E5%8D%B3%E6%B1%BA%EF%BC%81SALOMON%2F%E3%82%B5%E3%83%AD%E3%83%A2%E3%83%B3+%E3%82%B9%E3%82%AD%E3%83%BC%E3%83%96%E3%83%BC%E3%83%84+X-PRO90+%E9%BB%92%2F%E7%99%BD+26.0cm%2F26.5cm+306mm HTTP/1.1" 200 0 "-" "Mozilla/5.0 AppleWebKit/537.36 (KHTML, like Gecko; compatible; bingbot/2.0; +http://www.bing.com/bingbot.htm) Chrome/116.0.1938.76 Safari/537.36"
66.249.73.101 - - [28/Apr/2025:10:15:38 -0400] "GET /?i=02817130504302&channel=d85b95&from=blog.php%3Fid%3D1305043-4867%26name%3D%E3%81%BF%E3%81%A9%E3%82%8A%E3%82%93%E3%81%95%E3%81%BE%E3%81%94%E4%BA%88%E7%B4%84%E6%B8%88%E3%81%BF%E2%99%A1%E7%BE%8E%E5%93%81%E3%83%95%E3%82%A9%E3%82%AF%E3%82%B7%E3%83%BC%E3%83%AF%E3%83%B3%E3%83%94%E3%83%BC%E3%82%B9 HTTP/1.1" 200 52835 "-" "Mozilla/5.0 (Linux; Android 6.0.1; Nexus 5X Build/MMB29P) AppleWebKit/537.36 (KHTML, like Gecko) Chrome/135.0.7049.95 Mobile Safari/537.36 (compatible; Googlebot/2.1; +http://www.google.com/bot.html)"
20.15.133.174 - - [28/Apr/2025:10:15:40 -0400] "GET /?i=799429827701&channel=e5a1fe&from=category-info.php%3Fid%3D98277-7965%26name%3D%E3%82%B7%E3%82%A2%E3%82%BF%E3%83%BC%E3%83%97%E3%83%AD%E3%83%80%E3%82%AF%E3%83%84%E3%80%80%E3%83%90%E3%83%AC%E3%83%83%E3%82%BF++%E3%83%98%E3%82%A2%E3%82%B4%E3%83%A0%E3%80%80%E3%83%8D%E3%82%B3%E3%80%80%E3%82%AD%E3%83%A3%E3%83%B3%E3%83%87%E3%82%A3%E3%83%BC HTTP/1.1" 200 0 "-" "Mozilla/5.0 AppleWebKit/537.36 (KHTML, like Gecko; compatible; bingbot/2.0; +http://www.bing.com/bingbot.htm) Chrome/116.0.1938.76 Safari/537.36"
20.15.133.191 - - [28/Apr/2025:10:15:45 -0400] "GET /?i=90332171819100&channel=1543a2&from=pin.php%3Fid%3D1718191-22896%26name%3D%E3%82%B8%E3%83%A7%E3%83%AB%E3%83%86%E3%82%A3%E3%83%9F%E3%83%8B%E7%94%A8%E3%83%AF%E3%83%BC%E3%83%A03%E5%80%8B HTTP/1.1" 200 0 "-" "Mozilla/5.0 AppleWebKit/537.36 (KHTML, like Gecko; compatible; bingbot/2.0; +http://www.bing.com/bingbot.htm) Chrome/116.0.1938.76 Safari/537.36"
20.15.133.191 - - [28/Apr/2025:10:15:56 -0400] "GET /?i=0341886555539&channel=705ccf&from=article.php%3Fid%3D865555-3110%26name%3D%E3%82%B9%E3%83%9D%E3%83%B3%E3%83%87%E3%82%A3%E3%83%83%E3%82%B7%E3%83%A5+%E3%83%88%E3%83%BC%E3%83%88 HTTP/1.1" 200 0 "-" "Mozilla/5.0 AppleWebKit/537.36 (KHTML, like Gecko; compatible; bingbot/2.0; +http://www.bing.com/bingbot.htm) Chrome/116.0.1938.76 Safari/537.36"
20.15.133.191 - - [28/Apr/2025:10:16:46 -0400] "GET /?i=58665175187000&channel=1ff5df&from=product.php%3Fid%3D1751870-14126%26name%3D%E3%83%91%E3%83%B3%E3%83%89%E3%82%A6%E3%82%A4%E3%83%83%E3%83%88%E3%82%B3%E3%83%BC%E3%83%9D%E3%83%AC%E3%83%BC%E3%82%B7%E3%83%A7%E3%83%B3+LAN%E3%82%B1%E3%83%BC%E3%83%96%E3%83%AB+Cat6+%E6%A5%B5%E7%B4%B0+%E3%83%97%E3%83%AD%E4%BB%95%E6%A7%98+10m+%E7%B7%91+UTP28SP10MGR HTTP/1.1" 200 0 "-" "Mozilla/5.0 AppleWebKit/537.36 (KHTML, like Gecko; compatible; bingbot/2.0; +http://www.bing.com/bingbot.htm) Chrome/116.0.1938.76 Safari/537.36"
66.249.74.11 - - [28/Apr/2025:10:17:09 -0400] "GET /9015347803.shtml HTTP/1.1" 200 0 "-" "Mozilla/5.0 (Linux; Android 6.0.1; Nexus 5X Build/MMB29P) AppleWebKit/537.36 (KHTML, like Gecko) Chrome/135.0.7049.95 Mobile Safari/537.36 (compatible; GoogleOther)"
66.249.73.102 - - [28/Apr/2025:10:17:25 -0400] "GET /?i=62115129867412&channel=66c6ed&from=brands.php%3Fid%3D1298674-16%26name%3D%E5%8E%9A%E5%BA%95%E3%83%91%E3%83%B3%E3%83%97%E3%82%B9%28%E3%82%B9%E3%82%AF%E3%82%A8%E3%82%A2%E3%83%88%E3%82%A5%29%5C%E5%8F%96%E3%82%8A%E5%A4%96%E3%81%97%E3%81%A7%E3%81%8D%E3%82%8B%E3%83%80%E3%83%96%E3%83%AB%E3%82%B9%E3%83%88%E3%83%A9%E3%83%83%E3%83%97%2F%E3%82%B3%E3%83%BC%E3%83%87%E8%A6%8B%E3%81%A6%E3%81%8F%E3%81%A0%E3%81%95%E3%81%84.+%E7%97%9B%E3%81%8F%E3%81%AA%E3%81%84+%E7%96%B2%E3%82%8C%E3%81%AA%E3%81%84+%E6%AD%A9%E3%81%8D%E3%82%84%E3%81%99%E3%81%84 HTTP/1.1" 200 54052 "-" "Mozilla/5.0 (Linux; Android 6.0.1; Nexus 5X Build/MMB29P) AppleWebKit/537.36 (KHTML, like Gecko) Chrome/135.0.7049.95 Mobile Safari/537.36 (compatible; Googlebot/2.1; +http://www.google.com/bot.html)"
20.15.133.191 - - [28/Apr/2025:10:17:36 -0400] "GET /?i=9297284652503&channel=8d3c07&from=pin.php%3Fid%3D846525-759%26name%3D%E9%9B%BB%E5%8B%95%E3%82%A2%E3%82%B7%E3%82%B9%E3%83%88%E8%87%AA%E8%BB%A2%E8%BB%8A%E3%80%8026%E3%82%A4%E3%83%B3%E3%83%81%E3%80%80%E3%82%AF%E3%83%AD%E3%82%B9%E3%83%90%E3%82%A4%E3%82%AF%E3%80%806%E6%AE%B5%E5%A4%89%E9%80%9F HTTP/1.1" 200 0 "-" "Mozilla/5.0 AppleWebKit/537.36 (KHTML, like Gecko; compatible; bingbot/2.0; +http://www.bing.com/bingbot.htm) Chrome/116.0.1938.76 Safari/537.36"
52.167.144.163 - - [28/Apr/2025:10:17:44 -0400] "GET /?i=0519992767200&channel=02c472&from=info.php%3Fid%3D927672-20131%26name%3D%E3%80%8C%E8%AA%AD%E6%9B%B8%E7%81%AF%E3%81%8B%E3%82%89%E9%96%93%E6%8E%A5%E7%85%A7%E6%98%8E%E3%81%BE%E3%81%A7%E3%80%81%E8%87%AA%E7%94%B1%E3%81%AB%E4%BD%BF%E3%81%88%E3%82%8B%E3%82%B3%E3%83%B3%E3%83%91%E3%82%AF%E3%83%88%E3%82%B9%E3%82%BF%E3%83%B3%E3%83%89%E3%80%8DSALIOT+pico+%28STAND-%E2%85%AC+1%E7%81%AF%2C+%E6%9C%AC%E4%BD%93%E9%BB%92%29 HTTP/1.1" 200 0 "-" "Mozilla/5.0 AppleWebKit/537.36 (KHTML, like Gecko; compatible; bingbot/2.0; +http://www.bing.com/bingbot.htm) Chrome/116.0.1938.76 Safari/537.36"
52.167.144.184 - - [28/Apr/2025:10:18:18 -0400] "GET /?i=8222287918601&channel=5de40f&from=news.php%3Fid%3D879186-19947%26name%3D3.5%E3%83%81%E3%83%A3%E3%83%B3%E3%83%8D%E3%83%ABRC%E5%90%88%E9%87%91%E3%83%98%E3%83%AA%E3%82%B3%E3%83%97%E3%82%BF%E3%83%BC%E8%88%AA%E7%A9%BA%E6%A9%9F%E3%80%81%E9%AB%98%E5%BA%A6%E4%BF%9D%E6%8C%81%E3%83%AF%E3%83%B3%E3%82%AD%E3%83%BC%E3%83%AA%E3%83%95%E3%83%88%E5%86%85%E8%94%B5%E3%82%B8%E3%83%A3%E3%82%A4%E3%83%AD%E3%82%B9%E3%82%B3%E3%83%BC%E3%83%97%E3%83%AA%E3%83%A2%E3%83%BC%E3%83%88%E3%82%B3%E3%83%B3%E3%83%88%E3%83%AD%E3%83%BC%E3%83%AB%E9%A3%9B%E8%A1%8C%E6%A9%9F%E3%80%81%E5%88%9D%E5%BF%83%E8%80%85%E3%81%8C%E5%B1%8B%E5%86%85%2F%E5%B1%8B%E5%A4%96 HTTP/1.1" 200 0 "-" "Mozilla/5.0 AppleWebKit/537.36 (KHTML, like Gecko; compatible; bingbot/2.0; +http://www.bing.com/bingbot.htm) Chrome/116.0.1938.76 Safari/537.36"
52.167.144.184 - - [28/Apr/2025:10:18:38 -0400] "GET /?i=10807117041401&channel=af0fee&from=brands.php%3Fid%3D1170414-10525%26name%3DSpick+and+Span%E3%83%AA%E3%83%83%E3%83%97%E3%82%B9%E3%83%88%E3%83%83%E3%83%97%E3%82%AA%E3%83%BC%E3%83%90%E3%83%BC%E3%82%AA%E3%83%BC%E3%83%AB HTTP/1.1" 200 0 "-" "Mozilla/5.0 AppleWebKit/537.36 (KHTML, like Gecko; compatible; bingbot/2.0; +http://www.bing.com/bingbot.htm) Chrome/116.0.1938.76 Safari/537.36"
52.167.144.184 - - [28/Apr/2025:10:18:40 -0400] "GET /?i=2261631964602&channel=0edbb6&from=goods.php%3Fid%3D319646-645%26name%3D%E3%83%9E%E3%82%B8%E3%82%A7%E3%82%B9%E3%83%86%E3%82%A3125FI%E3%80%90043%E3%80%91 HTTP/1.1" 200 0 "-" "Mozilla/5.0 AppleWebKit/537.36 (KHTML, like Gecko; compatible; bingbot/2.0; +http://www.bing.com/bingbot.htm) Chrome/116.0.1938.76 Safari/537.36"
52.167.144.140 - - [28/Apr/2025:10:18:43 -0400] "GET /?i=84016136631200&channel=5f8bb1&from=brands.php%3Fid%3D1366312-4284%26name%3DApple+Watch+SE+%E7%AC%AC2%E4%B8%96%E4%BB%A3+GPS%E3%83%A2%E3%83%87%E3%83%AB+44mm+MNJX3J%2FA+%5B%E3%82%B9%E3%82%BF%E3%83%BC%E3%83%A9%E3%82%A4%E3%83%88%E3%82%B9%E3%83%9D%E3%83%BC%E3%83%84%E3%83%90%E3%83%B3%E3%83%89%5D+%E3%82%A2%E3%83%83%E3%83%97%E3%83%AB%E3%82%A6%E3%82%A9%E3%83%83%E3%83%81 HTTP/1.1" 200 0 "-" "Mozilla/5.0 AppleWebKit/537.36 (KHTML, like Gecko; compatible; bingbot/2.0; +http://www.bing.com/bingbot.htm) Chrome/116.0.1938.76 Safari/537.36"
52.167.144.163 - - [28/Apr/2025:10:19:25 -0400] "GET /?i=9498349143001&channel=1987eb&from=info.php%3Fid%3D491430-478%26name%3D%E3%80%90LUZ+%E3%83%AB%E3%82%B9++%E3%83%81%E3%82%A7%E3%82%A2%E3%80%91%E6%A4%85%E5%AD%90%2F%E3%82%A4%E3%82%B9%2F%E3%83%80%E3%82%A4%E3%83%8B%E3%83%B3%E3%82%B0%E3%83%81%E3%82%A7%E3%82%A2%2F1%E4%BA%BA%E6%8E%9B%E3%81%91%2F%E3%83%AA%E3%83%93%E3%83%B3%E3%82%B0%E3%83%81%E3%82%A7%E3%82%A2%2F%E6%9C%A8%E8%84%9A%2F%E7%84%A1%E5%9E%A2%E6%9D%90%2F%E3%82%AB%E3%83%95%E3%82%A7%2F%E3%82%B7%E3%83%B3%E3%83%97%E3%83%AB%2F%E3%83%A2%E3%83%80%E3%83%B3%2F%E5%9B%BD%E7%94%A3 HTTP/1.1" 200 0 "-" "Mozilla/5.0 AppleWebKit/537.36 (KHTML, like Gecko; compatible; bingbot/2.0; +http://www.bing.com/bingbot.htm) Chrome/116.0.1938.76 Safari/537.36"
52.167.144.203 - - [28/Apr/2025:10:19:50 -0400] "GET /?i=8099714114404&channel=6d99fa&from=pin.php%3Fid%3D141144-6198%26name%3D%E3%82%B9%E3%83%A9%E3%82%A4%E3%83%89%E5%BC%8F%E9%96%93%E4%BB%95%E5%88%87%E3%82%8A%E3%82%AB%E3%83%BC%E3%83%86%E3%83%B3+%E3%83%89%E3%83%AA%E3%83%AB%E4%B8%8D%E8%A6%81+%E5%BC%95%E3%81%8D%E8%BE%BC%E3%81%BF%E5%BC%8F%E3%83%AD%E3%83%83%E3%83%89%E4%BB%98%E3%81%8D+%E5%A3%81%E5%8F%96%E3%82%8A%E4%BB%98%E3%81%91%E3%83%97%E3%83%A9%E3%82%A4%E3%83%90%E3%82%B7%E3%83%BC%E3%83%91%E3%83%8D%E3%83%AB+%E3%82%AA%E3%83%95%E3%82%A3%E3%82%B9%E3%81%AE%E3%83%97%E3%83%A9%E3%82%A4%E3%83%90%E3%82%B7%E3%83%BC%E3%81%A8%E3%83%8E%E3%82%A4%E3%82%BA%E3%82%AD%E3%83%A3%E3%83%B3%E3%82%BB%E3%83%AA HTTP/1.1" 200 0 "-" "Mozilla/5.0 AppleWebKit/537.36 (KHTML, like Gecko; compatible; bingbot/2.0; +http://www.bing.com/bingbot.htm) Chrome/116.0.1938.76 Safari/537.36"
40.77.167.25 - - [28/Apr/2025:10:19:54 -0400] "GET /?i=087203910600&channel=db6ffb&from=article.php%3Fid%3D39106-737%26name%3D%E3%83%80%E3%83%B3%E3%83%91%E3%83%BC+%E3%82%B9%E3%83%86%E3%82%A2%E3%83%AA%E3%83%B3%E3%82%B0+%E3%82%B9%E3%82%BF%E3%83%93%E3%83%A9%E3%82%A4%E3%82%B6%E3%83%BC+%E3%83%A6%E3%83%8B%E3%83%90%E3%83%BC%E3%82%B5%E3%83%AB%E3%83%90%E3%82%A4%E3%82%AF%E3%82%B9%E3%82%BF%E3%83%93%E3%83%A9%E3%82%A4%E3%82%B6%E3%83%BC+%E3%82%A2%E3%83%AB%E3%83%9F%E3%83%8B%E3%82%A6%E3%83%A0+%E8%80%90%E4%B9%85%E6%80%A7%E3%81%AE%E3%81%82%E3%82%8B%E6%96%B9%E5%90%91%E3%83%80%E3%83%B3%E3%83%91%E3%83%BC+%E3%82%B9%E3%83%86%E3%82%A2%E3%83%AA%E3%83%B3%E3%82%B0%E3%83%80%E3%83%B3%E3%83%91 HTTP/1.1" 200 0 "-" "Mozilla/5.0 AppleWebKit/537.36 (KHTML, like Gecko; compatible; bingbot/2.0; +http://www.bing.com/bingbot.htm) Chrome/116.0.1938.76 Safari/537.36"
40.77.167.25 - - [28/Apr/2025:10:19:55 -0400] "GET /?i=78273189292108&channel=f30510&from=brands.php%3Fid%3D1892921-484%26name%3D%E3%83%AB%E3%83%BC%E3%83%A0%E3%83%9F%E3%83%A9%E3%83%BC%E5%9E%8B+%E3%83%89%E3%83%A9%E3%82%A4%E3%83%96%E3%83%AC%E3%82%B3%E3%83%BC%E3%83%80%E3%83%BC+%E3%83%89%E3%83%A9%E3%83%AC%E3%82%B3+%E7%9B%A3%E8%A6%96+4.3%E3%82%A4%E3%83%B3%E3%83%81+%E3%83%90%E3%83%83%E3%82%AF%E3%82%AB%E3%83%A1%E3%83%A9%E4%BB%98%E3%81%8D+%E3%83%A2%E3%83%8B%E3%82%BF%E3%83%BC+%E9%98%B2%E7%8A%AF+%E8%87%AA%E5%8B%95%E8%BB%8A+%E9%8C%B2%E7%94%BB+%E5%89%8D%E5%BE%8C+%E5%BA%83%E8%A7%92+%E3%83%9F%E3%83%A9%E3%83%BC+%E5%89%8D%E5%BE%8C%E3%82%AB%E3%83%A1%E3%83%A9+%E3%83%9F%E3%83%A9%E3%83%BC%E5%9E%8B+%E3%83%90%E3%83%83%E3%82%AF%E3%82%AB%E3%83%A1%E3%83%A9+%E3%83%AA%E3%82%A2%E3%82%AB%E3%83%A1%E3%83%A9%E6%90%AD%E8%BC%89+12V+24V HTTP/1.1" 200 0 "-" "Mozilla/5.0 AppleWebKit/537.36 (KHTML, like Gecko; compatible; bingbot/2.0; +http://www.bing.com/bingbot.htm) Chrome/116.0.1938.76 Safari/537.36"
20.15.133.191 - - [28/Apr/2025:10:19:57 -0400] "GET /?i=8340018768301&channel=d8a0db&from=product.php%3Fid%3D187683-10756%26name%3D%E3%80%90%EF%BC%91%EF%BC%90%E6%9E%9A%E3%82%BB%E3%83%83%E3%83%88%E3%80%91%E9%98%B2%E7%81%BD%E9%A0%AD%E5%B7%BE+%E4%B9%B3%E5%B9%BC%E5%85%90%E7%94%A8+%E5%B0%82%E7%94%A8%E8%A2%8B%E4%BB%98%E3%81%8D+90038+0%E6%89%8D%E3%80%9C%EF%BC%93%E6%89%8D+%E6%97%A5%E6%9C%AC%E9%98%B2%E7%82%8E%E5%8D%94%E4%BC%9A%E8%AA%8D%E5%AE%9A%E5%93%81+%E3%80%90+%E9%80%81%E6%96%99%E7%84%A1%E6%96%99+%EF%BC%88%E9%9B%A2%E5%B3%B6%E3%83%BB%E6%B2%96%E7%B8%84%E4%B8%8D%E5%8F%AF%EF%BC%89%E3%80%91+%E3%82%A4%E3%82%A8%E3%83%AD%E3%83%BC+%E4%BF%9D%E8%82%B2%E5%9C%92+%E8%A8%97%E5%85%90%E6%89%80+%E5%85%A5%E5%9C%92%E6%BA%96%E5%82%99%E7%94%A8%E5%93%81+%E4%B9%B3%E5%B9%BC%E5%85%90+%E5%9C%92%E5%85%90+%E4%B9%B3%E5%85%90+%E5%B9%BC%E5%85%90+%E8%B5%A4%E3%81%A1%E3%82%83%E3%82%93+%E3%82%AD%E3%83%83%E3%82%BA+%E9%98%B2%E7%81%BD%E3%81%9A%E3%81%8D%E3%82%93+%E9%98%B2%E7%81%BD%E3%82%B0%E3%83%83%E3%82%BA+%E9%81%BF%E9%9B%A3+%E5%B8%BD%E5%AD%90+%E7%AB%8B%E4%BD%93%E6%A7%8B%E9%80%A0+%E4%B8%88%E5%A4%AB+%E9%98%B2%E5%AF%92+%E9%BB%84%E8%89%B2+%E3%81%BE%E3%81%A8%E3%82%81%E8%B2%B7%E3%81%84 HTTP/1.1" 200 0 "-" "Mozilla/5.0 AppleWebKit/537.36 (KHTML, like Gecko; compatible; bingbot/2.0; +http://www.bing.com/bingbot.htm) Chrome/116.0.1938.76 Safari/537.36"
52.167.144.184 - - [28/Apr/2025:10:20:49 -0400] "GET /?i=0809877991100&channel=5338a2&from=article.php%3Fid%3D779911-19133%26name%3D1+%E5%80%8B+HD13BX-630%2F31+%E3%83%8A%E3%82%A4%E3%83%95%E3%82%B9%E3%82%A4%E3%83%83%E3%83%81+41+%E4%B8%89%E7%9B%B8%E5%8D%98%E6%8A%95%E7%B5%B6%E7%B8%81%E3%83%8A%E3%82%A4%E3%83%95%E3%82%B9%E3%82%A4%E3%83%83%E3%83%81+600A+%E3%82%B9%E3%82%A4%E3%83%83%E3%83%81%E3%83%8A%E3%82%A4%E3%83%95+380V+%E4%B8%89%E7%9B%B8%28HD HTTP/1.1" 200 0 "-" "Mozilla/5.0 AppleWebKit/537.36 (KHTML, like Gecko; compatible; bingbot/2.0; +http://www.bing.com/bingbot.htm) Chrome/116.0.1938.76 Safari/537.36"
40.77.167.25 - - [28/Apr/2025:10:21:04 -0400] "GET /?i=0801481517004&channel=ab2552&from=shared.php%3Fid%3D815170-19351%26name%3D%E5%AE%89%E5%85%A8%E4%BA%8C%E6%AE%B5%E3%81%AF%E3%81%97%E3%81%94+RV+%E3%83%99%E3%83%83%E3%83%89%E3%80%81%E3%83%9B%E3%83%BC%E3%83%A0%E5%AF%AE%E3%83%84%E3%82%A4%E3%83%B3%E3%83%99%E3%83%83%E3%83%89%E3%81%AF%E3%81%97%E3%81%94%2F%E8%AA%BF%E7%AF%80%E5%8F%AF%E8%83%BD%E3%81%AA%E3%82%B9%E3%83%86%E3%83%83%E3%83%97%E3%81%AF%E3%81%97%E3%81%94%E3%80%81%E3%83%95%E3%83%83%E3%82%AF%E3%81%A8%E3%83%9A%E3%83%80%E3%83%AB%E3%83%91%E3%83%83%E3%83%89%E4%BB%98%E3%81%8D%E3%80%81%E3%83%96%E3%83%A9%E3%83%83%E3%82%AF%E3%83%A1%E3%82%BF%E3%83%AB%E6%90%AD%E4%B9%97%E3%81%AF%E3%81%97 HTTP/1.1" 200 0 "-" "Mozilla/5.0 AppleWebKit/537.36 (KHTML, like Gecko; compatible; bingbot/2.0; +http://www.bing.com/bingbot.htm) Chrome/116.0.1938.76 Safari/537.36"
40.77.167.25 - - [28/Apr/2025:10:21:06 -0400] "GET /?i=00289110298600&channel=32f84c&from=blog.php%3Fid%3D1102986-15362%26name%3D%E2%9A%AB%EF%B8%8E%E2%9A%AB%EF%B8%8E%E2%9A%AB%EF%B8%8E%E3%82%AA%E3%83%BC%E3%83%80%E3%83%BC%E8%B3%AA%E5%95%8F%E3%80%81%E5%8F%97%E4%BB%98%E3%80%81etc...%E3%83%9A%E3%83%BC%E3%82%B8%E2%9A%AB%EF%B8%8E%E2%9A%AB%EF%B8%8E%E2%9A%AB%EF%B8%8E HTTP/1.1" 200 0 "-" "Mozilla/5.0 AppleWebKit/537.36 (KHTML, like Gecko; compatible; bingbot/2.0; +http://www.bing.com/bingbot.htm) Chrome/116.0.1938.76 Safari/537.36"
66.249.74.11 - - [28/Apr/2025:10:21:14 -0400] "GET /?i=4968550543101&channel=fd4f1a&from=info.php%3Fid%3D505431-11486%26name%3D%E3%81%8A%E5%AE%A2%E6%A7%98%E7%B5%84%E7%AB%8B+%E3%82%B7%E3%83%B3%E3%83%97%E3%83%AB%E5%A4%A7%E5%AE%B9%E9%87%8F%E5%8F%8E%E7%B4%8D%E5%BA%AB%E4%BB%98%E3%81%8D%E3%81%99%E3%81%AE%E3%81%93%E3%83%99%E3%83%83%E3%83%89+Open+Storage+%E3%82%AA%E3%83%BC%E3%83%97%E3%83%B3%E3%82%B9%E3%83%88%E3%83%AC%E3%83%BC%E3%82%B8+%E3%83%9E%E3%83%AB%E3%83%81%E3%83%A9%E3%82%B9%E3%82%B9%E3%83%BC%E3%83%91%E3%83%BC%E3%82%B9%E3%83%97%E3%83%AA%E3%83%B3%E3%82%B0%E3%83%9E%E3%83%83%E3%83%88%E3%83%AC HTTP/1.1" 200 0 "-" "Mozilla/5.0 (Linux; Android 6.0.1; Nexus 5X Build/MMB29P) AppleWebKit/537.36 (KHTML, like Gecko) Chrome/135.0.7049.95 Mobile Safari/537.36 (compatible; GoogleOther)"
20.15.133.191 - - [28/Apr/2025:10:22:17 -0400] "GET /?i=10692114934404&channel=925a16&from=info.php%3Fid%3D1149344-2097%26name%3D%E3%83%8F%E3%82%A4%E3%83%AD%E3%83%BC%E3%83%81%E3%82%A7%E3%82%A2%EF%BC%88%E3%82%B3%E3%83%B3%E3%83%93%EF%BC%89 HTTP/1.1" 200 0 "-" "Mozilla/5.0 AppleWebKit/537.36 (KHTML, like Gecko; compatible; bingbot/2.0; +http://www.bing.com/bingbot.htm) Chrome/116.0.1938.76 Safari/537.36"
66.249.74.11 - - [28/Apr/2025:10:22:18 -0400] "GET /2679585227.shtml HTTP/1.1" 200 0 "-" "Mozilla/5.0 (Linux; Android 6.0.1; Nexus 5X Build/MMB29P) AppleWebKit/537.36 (KHTML, like Gecko) Chrome/135.0.7049.95 Mobile Safari/537.36 (compatible; GoogleOther)"
20.15.133.175 - - [28/Apr/2025:10:23:15 -0400] "GET /?i=99539125077801&channel=920f91&from=news.php%3Fid%3D1250778-1275%26name%3D%E3%83%9F%E3%82%BA%E3%83%8E+%E3%82%B0%E3%83%AD%E3%83%BC%E3%83%90%E3%83%AB%E3%82%A8%E3%83%AA%E3%83%BC%E3%83%88+%E5%8F%B3%E6%8A%95%E3%81%92+%E5%86%85%E9%87%8E%E6%89%8B%EF%BC%88%E7%A1%AC%E5%BC%8F%EF%BC%89%E7%94%A8 HTTP/1.1" 200 0 "-" "Mozilla/5.0 AppleWebKit/537.36 (KHTML, like Gecko; compatible; bingbot/2.0; +http://www.bing.com/bingbot.htm) Chrome/116.0.1938.76 Safari/537.36"
20.15.133.175 - - [28/Apr/2025:10:23:16 -0400] "GET /?i=41112174233203&channel=fe41e0&from=news.php%3Fid%3D1742332-29225%26name%3D%E3%83%81%E3%83%A3%E3%83%B3%E3%83%94%E3%82%AA%E3%83%B3%E3%80%80%E3%83%9B%E3%83%83%E3%82%B1%E3%83%BC%E3%82%B7%E3%83%A3%E3%83%84+%E3%82%B5%E3%82%A4%E3%82%BAS HTTP/1.1" 200 0 "-" "Mozilla/5.0 AppleWebKit/537.36 (KHTML, like Gecko; compatible; bingbot/2.0; +http://www.bing.com/bingbot.htm) Chrome/116.0.1938.76 Safari/537.36"
66.249.73.103 - - [28/Apr/2025:10:23:27 -0400] "GET /?i=007218066504&channel=614d76&from=goods.php%3Fid%3D80665-1475%26name%3D%E3%83%91%E3%82%A4%E3%82%BD%E3%83%B3+Python+%E3%83%9E%E3%83%95%E3%83%A9%E3%83%BC+%E3%82%BD%E3%83%95%E3%83%86%E3%82%A3%E3%83%AB%E3%82%A8%E3%83%9CEVO%E3%83%86%E3%83%BC%E3%83%91%E3%83%BC%E3%83%89 HTTP/1.1" 200 0 "-" "Mozilla/5.0 (Linux; Android 6.0.1; Nexus 5X Build/MMB29P) AppleWebKit/537.36 (KHTML, like Gecko) Chrome/135.0.7049.95 Mobile Safari/537.36 (compatible; GoogleOther)"
52.167.144.209 - - [28/Apr/2025:10:23:39 -0400] "GET /?i=3970429539903&channel=daa039&from=product.php%3Fid%3D295399-3064%26name%3D%E3%80%90%E3%82%AA%E3%83%AA%E3%82%B8%E3%83%8A%E3%83%AB%E3%80%91%E3%80%90%E9%80%81%E6%96%99%E7%84%A1%E6%96%99%EF%BC%81%E3%80%91%E3%80%90%E6%97%A5%E6%9C%AC%E8%A3%BD%EF%BC%81%E3%80%91%E3%83%9D%E3%83%BC%E3%82%BF%E3%83%96%E3%83%AB%E3%83%88%E3%82%A4%E3%83%AC%E7%94%A8%E4%BD%BF%E3%81%84%E6%8D%A8%E3%81%A6%E7%B4%99%E3%83%90%E3%83%83%E3%82%B0+%E3%83%9D%E3%82%A4%E3%83%AC%E3%83%83%E3%83%88%E3%80%80120%E6%9E%9A%E3%82%BB%E3%83%83%E3%83%88%2830%E6%9E%9A%E5%85%A5%E3%82%8A%C3%974%E3%83%91%E3%83%83%E3%82%AF%3A%E3%83%A1%E3%83%BC%E3%82%AB%E3%83%BC%E3%82%88%E3%82%8A%E7%9B%B4%E9%80%81%29+%E4%BB%8B%E8%AD%B7%E3%81%AE%E8%B2%A0%E6%8B%85%E8%BB%BD%E6%B8%9B%EF%BC%81%E3%83%9D%E3%83%BC%E3%82%BF%E3%83%96%E3%83%AB%E3%83%88%E3%82%A4%E3%83%AC+%E3%83%9D%E3%82%A4%E3%83%AC%E3%83%83%E3%83%88+%28%E9%98%B2%E7%81%BD%E3%82%B0%E3%83%83%E3%82%BA%29%28%E6%B2%96%E7%B8%84%E3%83%BB%E5%8C%97%E6%B5%B7%E9%81%93%E3%81%8A%E5%B1%8A%E3%81%91%E3%81%AF%E5%88%A5%E9%80%94%E9%80%81%E6%96%99%E3%81%8C%E3%81%8B%E3%81%8B%E3%82%8A%E3%81%BE%E3%81%99+%E2%80%BB%E4%BB%A3%E5%BC%95%E3%81%8D%E3%83%BB%E5%BE%8C%E6%89%95%E3%81%84%E4%B8%8D%E5%8F%AF HTTP/1.1" 200 0 "-" "Mozilla/5.0 AppleWebKit/537.36 (KHTML, like Gecko; compatible; bingbot/2.0; +http://www.bing.com/bingbot.htm) Chrome/116.0.1938.76 Safari/537.36"
40.77.167.35 - - [28/Apr/2025:10:24:11 -0400] "GET /?i=2502290693000&channel=f79db1&from=category-info.php%3Fid%3D906930-7481%26name%3D%E5%AE%89%E7%AB%8B%E8%A8%88%E5%99%A8+%E3%83%86%E3%83%BC%E3%83%97%E5%BD%A2%E5%A4%9A%E7%9B%AE%E7%9A%84%E6%B8%A9%E5%BA%A6%E3%82%BB%E3%83%B3%E3%82%B5+%E4%BA%A4%E6%8F%9B%E3%82%BF%E3%82%A4%E3%83%97+STN%E3%82%B7%E3%83%AA%E3%83%BC%E3%82%BA+5%E6%9C%AC%2F1%E7%B5%84+-50%EF%BD%9E210%E2%84%83+%E5%B9%85%E7%8B%AD%E3%82%BF%E3%82%A4%E3%83%97+%E5%B0%96%E3%82%8A+100mm+K%E3%82%BF%E3%82%A4%E3%83%97 HTTP/1.1" 200 0 "-" "Mozilla/5.0 AppleWebKit/537.36 (KHTML, like Gecko; compatible; bingbot/2.0; +http://www.bing.com/bingbot.htm) Chrome/116.0.1938.76 Safari/537.36"
40.77.167.78 - - [28/Apr/2025:10:24:21 -0400] "GET /?i=01006127509000&channel=0ddd93&from=category-info.php%3Fid%3D1275090-5925%26name%3D%E5%B9%B3%E5%B1%B1%E3%80%80%E9%83%81%E5%A4%AB%E3%80%81%E6%8B%89%E8%96%A9%E9%83%8A%E5%A4%96%E3%80%81%E5%B8%8C%E5%B0%91%E3%81%AA%E9%A1%8D%E8%A3%85%E7%94%A8%E7%94%BB%E9%9B%86%E3%82%88%E3%82%8A%E3%80%81%E6%96%B0%E5%93%81%E9%AB%98%E7%B4%9A%E9%A1%8D%E8%A3%85%E4%BB%98%E3%80%81%E7%8A%B6%E6%85%8B%E8%89%AF%E5%A5%BD%E3%80%81%E9%80%81%E6%96%99%E7%84%A1%E6%96%99%E3%80%81y321 HTTP/1.1" 200 0 "-" "Mozilla/5.0 AppleWebKit/537.36 (KHTML, like Gecko; compatible; bingbot/2.0; +http://www.bing.com/bingbot.htm) Chrome/116.0.1938.76 Safari/537.36"
20.15.133.191 - - [28/Apr/2025:10:24:26 -0400] "GET /?i=14277126842100&channel=705ccf&from=category-info.php%3Fid%3D1268421-3110%26name%3D%E3%80%90%E3%82%AF%E3%83%BC%E3%83%9D%E3%83%B3%E3%81%A712699%E5%86%86%E3%80%9C%E3%80%91%E3%82%B9%E3%83%BC%E3%83%84%E3%82%B1%E3%83%BC%E3%82%B9+S%E3%82%B5%E3%82%A4%E3%82%BA+%E6%A9%9F%E5%86%85%E6%8C%81%E3%81%A1%E8%BE%BC%E3%81%BF+%E3%82%AD%E3%83%A3%E3%83%AA%E3%83%BC%E3%83%90%E3%83%83%E3%82%B0+%E3%82%AD%E3%83%A3%E3%83%AA%E3%83%BC%E3%82%B1%E3%83%BC%E3%82%B9+%E3%82%A2%E3%83%AB%E3%83%9F+%E3%82%B9%E3%83%BC%E3%83%84%E3%82%B1%E3%83%BC%E3%82%B9+%E3%82%A2%E3%83%AB%E3%83%9F%E5%90%88%E9%87%91%E3%83%9C%E3%83%87%E3%82%A3+%E3%83%95%E3%83%AC%E3%83%BC%E3%83%A0+%E3%82%AD%E3%83%A3%E3%83%AA%E3%83%BC+TSA%E3%83%AD%E3%83%83%E3%82%AF%E6%90%AD%E8%BC%89+%E6%97%85%E8%A1%8C%E9%9E%84++%E5%87%BA%E5%BC%B5+%E3%83%88%E3%83%A9%E3%83%B3%E3%82%AF+%E6%97%85%E8%A1%8C%E3%82%AB%E3%83%90%E3%83%B3+%E3%83%93%E3%82%B8%E3%83%8D%E3%82%B9+%E5%A4%A7%E5%9E%8B+%E5%A4%A7%E5%AE%B9%E9%87%8F+42L+XL%E3%82%B5%E3%82%A4%E3%82%BA+96L+M%E3%82%B5%E3%82%A4%E3%82%BA+83L HTTP/1.1" 200 0 "-" "Mozilla/5.0 AppleWebKit/537.36 (KHTML, like Gecko; compatible; bingbot/2.0; +http://www.bing.com/bingbot.htm) Chrome/116.0.1938.76 Safari/537.36"
40.77.167.78 - - [28/Apr/2025:10:24:31 -0400] "GET /?i=5171241546616&channel=798f24&from=article.php%3Fid%3D415466-1463%26name%3DDRAW+A+LINE+%E3%83%89%E3%83%AD%E3%83%BC%E3%82%A2%E3%83%A9%E3%82%A4%E3%83%B3+%E3%81%A4%E3%81%A3%E3%81%B1%E3%82%8A%E6%A3%92+%E3%83%86%E3%83%BC%E3%83%96%E3%83%AB+%E3%83%96%E3%83%83%E3%82%AF%E3%83%A9%E3%83%83%E3%82%AF+3%E7%82%B9%E3%82%BB%E3%83%83%E3%83%88+%E7%AA%81%E3%81%A3%E5%BC%B5%E3%82%8A%E6%A3%92+%E4%BC%B8%E7%B8%AE%E6%A3%92+%E3%82%82%E3%81%AE%E3%81%BB%E3%81%97%E7%AB%BF+%E6%B4%97%E6%BF%AF%E7%89%A9%E5%B9%B2%E3%81%97+%E5%8F%8E%E7%B4%8D%E6%A3%9A+%E6%9B%B8%E8%A6%8B%E5%8F%B0+%E6%9C%AC%E7%AB%8B%E3%81%A6 HTTP/1.1" 200 0 "-" "Mozilla/5.0 AppleWebKit/537.36 (KHTML, like Gecko; compatible; bingbot/2.0; +http://www.bing.com/bingbot.htm) Chrome/116.0.1938.76 Safari/537.36"
20.15.133.175 - - [28/Apr/2025:10:24:46 -0400] "GET /?i=70078161671400&channel=e60e57&from=jp.php%3Fid%3D1616714-18571%26name%3D%E2%98%86%E6%96%B0%E5%93%81%E6%9C%AA%E9%96%8B%E5%B0%81%E2%98%86%E3%82%AD%E3%83%A3%E3%83%B3%E3%83%9A%E3%83%BC%E3%83%B3%E3%81%8A%E8%B2%B7%E3%81%84%E5%BE%97%E4%BE%A1%E6%A0%BC%E2%98%86+GC%E3%83%AB%E3%82%B7%E3%82%A7%E3%83%AD%E3%83%9B%E3%83%AF%E3%82%A4%E3%83%88PTC%E3%83%9A%E3%83%BC%E3%82%B9%E3%83%883%E6%9C%AC HTTP/1.1" 200 0 "-" "Mozilla/5.0 AppleWebKit/537.36 (KHTML, like Gecko; compatible; bingbot/2.0; +http://www.bing.com/bingbot.htm) Chrome/116.0.1938.76 Safari/537.36"
40.77.167.25 - - [28/Apr/2025:10:24:54 -0400] "GET /?i=181014129500&channel=e2adc8&from=pin.php%3Fid%3D41295-3415%26name%3DCKD+%E3%82%B9%E3%83%BC%E3%83%91%E3%83%BC%E3%82%B3%E3%83%B3%E3%83%91%E3%82%AF%E3%83%88%E3%82%B7%E3%83%AA%E3%83%B3%E3%83%80+SSD2-L-40-15-T2H-D%E3%80%80%E5%8F%97%E6%B3%A8%E8%A3%BD%E4%BD%9C%E5%93%81 HTTP/1.1" 200 0 "-" "Mozilla/5.0 AppleWebKit/537.36 (KHTML, like Gecko; compatible; bingbot/2.0; +http://www.bing.com/bingbot.htm) Chrome/116.0.1938.76 Safari/537.36"
