66.249.73.103 - - [28/Apr/2025:12:41:23 -0400] "GET /?i=7812831515000&channel=37e7dc&from=goods.php%3Fid%3D315150-756%26name%3D%E3%80%90juri%E6%A7%98%E5%B0%82%E7%94%A8%E3%80%91%E5%86%8D%E5%80%A4%E4%B8%8B%E3%81%92%E3%80%80%E6%96%B0%E5%93%81%E3%80%80%E3%82%A2%E3%83%B3%E3%82%AF%E3%83%AC%E3%82%A4%E3%83%B4%E3%80%80%E3%83%A1%E3%83%AA%E3%83%8E%E3%82%A6%E3%83%BC%E3%83%AB+%E3%83%8B%E3%83%83%E3%83%88%E3%82%AB%E3%83%BC%E3%83%87%E3%82%A3%E3%82%AC%E3%83%B3 HTTP/1.1" 200 53216 "-" "Mozilla/5.0 (Linux; Android 6.0.1; Nexus 5X Build/MMB29P) AppleWebKit/537.36 (KHTML, like Gecko) Chrome/135.0.7049.95 Mobile Safari/537.36 (compatible; Googlebot/2.1; +http://www.google.com/bot.html)"
66.249.73.102 - - [28/Apr/2025:12:42:10 -0400] "GET /?i=1655265321500&channel=7f4cf6&from=goods.php%3Fid%3D653215-9607%26name%3D%E5%A4%A7%E3%81%8D%E3%81%84%E3%82%B5%E3%82%A4%E3%82%BA+%E3%83%AD%E3%83%BC%E3%82%BA%E3%83%86%E3%82%A3%E3%82%A2%E3%83%A9+Rose+Tiara+%E3%82%A6%E3%83%BC%E3%83%AB%E3%83%8E%E3%83%BC%E3%82%AB%E3%83%A9%E3%83%BC%E3%82%B3%E3%83%BC%E3%83%88+42%2F%E3%83%A9%E3%82%A4%E3%83%88%E3%83%91%E3%83%BC%E3%83%97%E3%83%AB%E7%B3%BB+%E3%83%AD%E3%83%B3%E3%82%B0+%E3%82%A2%E3%82%A6%E3%82%BF%E3%83%BC%E3%80%902400013774314%E3%80%91 HTTP/1.1" 200 52393 "-" "Mozilla/5.0 (Linux; Android 6.0.1; Nexus 5X Build/MMB29P) AppleWebKit/537.36 (KHTML, like Gecko) Chrome/135.0.7049.95 Mobile Safari/537.36 (compatible; Googlebot/2.1; +http://www.google.com/bot.html)"
66.249.74.11 - - [28/Apr/2025:12:42:18 -0400] "GET /?i=3182750707003&channel=c0956b&from=jp.php%3Fid%3D507070-9076%26name%3D%E3%83%AA%E3%82%AF%E3%83%A9%E3%82%A4%E3%83%8B%E3%83%B3%E3%82%B0%E3%83%81%E3%82%A7%E3%82%A2+%E3%83%AA%E3%82%AF%E3%83%A9%E3%82%A4%E3%83%8B%E3%83%B3%E3%82%B0%E3%82%BD%E3%83%95%E3%82%A1+1%E4%BA%BA%E6%8E%9B%E3%81%91+%E9%9B%BB%E5%8B%95+%E3%83%AA%E3%82%AF%E3%83%A9%E3%82%A4%E3%83%8B%E3%83%B3%E3%82%B0+%E3%82%AA%E3%83%83%E3%83%88%E3%83%9E%E3%83%B3%E4%B8%80%E4%BD%93%E5%9E%8B+%E3%83%91%E3%83%BC%E3%82%BD%E3%83%8A%E3%83%AB%E3%83%81%E3%82%A7%E3%82%A2%E3%83%BC+%E9%9B%BB%E5%8B%95%E3%82%BD%E3%83%95%E3%82%A1+%E8%80%90%E5%9C%A7%E5%88%86 HTTP/1.1" 200 54074 "-" "Mozilla/5.0 (Linux; Android 6.0.1; Nexus 5X Build/MMB29P) AppleWebKit/537.36 (KHTML, like Gecko) Chrome/135.0.7049.95 Mobile Safari/537.36 (compatible; Googlebot/2.1; +http://www.google.com/bot.html)"
66.249.74.12 - - [28/Apr/2025:12:42:26 -0400] "GET /57222931834.shtml HTTP/1.1" 200 0 "-" "Mozilla/5.0 (Linux; Android 6.0.1; Nexus 5X Build/MMB29P) AppleWebKit/537.36 (KHTML, like Gecko) Chrome/135.0.7049.95 Mobile Safari/537.36 (compatible; GoogleOther)"
66.249.73.101 - - [28/Apr/2025:12:42:51 -0400] "GET /?i=9688869349000&channel=cc235f&from=info.php%3Fid%3D693490-54%26name%3D%E4%B8%AD%E5%8F%A4%E3%83%91%E3%82%BD%E3%82%B3%E3%83%B3+Lenovo+ThinkCentre+M720s+Small+Windows11+%E3%83%87%E3%82%B9%E3%82%AF%E3%83%88%E3%83%83%E3%83%97+%E4%B8%80%E5%B9%B4%E4%BF%9D%E8%A8%BC+%E7%AC%AC8%E4%B8%96%E4%BB%A3+Core+i3+8100+3.6GHz+MEM%3A8GB+SSD%3A256GB%28%E6%96%B0%E5%93%81%29+DVD%E3%83%9E%E3%83%AB%E3%83%81+Win11Pro64bit++%E4%B8%AD%E5%8F%A4+%E3%83%91%E3%82%BD%E3%82%B3%E3%83%B3+%E4%B8%AD%E5%8F%A4%E3%83%87%E3%82%B9%E3%82%AF%E3%83%88%E3%83%83%E3%83%97%E3%83%91%E3%82%BD%E3%82%B3%E3%83%B3+%E4%B8%AD%E5%8F%A4%E5%93%81+Windows11Pro HTTP/1.1" 200 54838 "-" "Mozilla/5.0 (Linux; Android 6.0.1; Nexus 5X Build/MMB29P) AppleWebKit/537.36 (KHTML, like Gecko) Chrome/135.0.7049.95 Mobile Safari/537.36 (compatible; Googlebot/2.1; +http://www.google.com/bot.html)"
66.249.73.103 - - [28/Apr/2025:12:43:23 -0400] "GET /?i=6211790994304&channel=4e8dd0&from=brands.php%3Fid%3D909943-504%26name%3DLOUIS+VUITTON+M51366+%E3%83%91%E3%83%94%E3%83%A8%E3%83%B326+%E6%97%A7+%E3%83%A2%E3%83%8E%E3%82%B0%E3%83%A9%E3%83%A0+%E3%83%8F%E3%83%B3%E3%83%89%E3%83%90%E3%83%83%E3%82%B0+%E3%83%A2%E3%83%8E%E3%82%B0%E3%83%A9%E3%83%A0%E3%82%AD%E3%83%A3%E3%83%B3%E3%83%90%E3%82%B9+%E3%83%AC%E3%83%87%E3%82%A3%E3%83%BC%E3%82%B9 HTTP/1.1" 200 51724 "-" "Mozilla/5.0 (Linux; Android 6.0.1; Nexus 5X Build/MMB29P) AppleWebKit/537.36 (KHTML, like Gecko) Chrome/135.0.7049.95 Mobile Safari/537.36 (compatible; Googlebot/2.1; +http://www.google.com/bot.html)"
172.245.168.36 - - [28/Apr/2025:12:44:00 -0400] "POST /index.php/wp-json/litespeed/v1/cdn_status HTTP/1.1" 200 0 "https://mianoorproperties.com/wp-admin/update.php?action=upload-plugin" "Mozilla/5.0 (Windows NT 10.0; Win64; x64; rv:128.0) Gecko/20100101 Firefox/128.0"
66.249.73.103 - - [28/Apr/2025:12:44:10 -0400] "GET /?i=99832140390902&channel=d06b21&from=article.php%3Fid%3D1403909-8607%26name%3D%E4%BD%9C%E5%AE%B6%E5%B0%8F%E9%89%A24%E9%89%A2%E3%82%BB%E3%83%83%E3%83%88 HTTP/1.1" 200 51811 "-" "Mozilla/5.0 (Linux; Android 6.0.1; Nexus 5X Build/MMB29P) AppleWebKit/537.36 (KHTML, like Gecko) Chrome/135.0.7049.95 Mobile Safari/537.36 (compatible; Googlebot/2.1; +http://www.google.com/bot.html)"
40.77.167.4 - - [28/Apr/2025:12:44:14 -0400] "GET /?i=852934878605&channel=2f465c&from=article.php%3Fid%3D48786-574%26name%3D%E6%97%A5%E9%87%8E17%E3%83%97%E3%83%AD%E3%83%95%E3%82%A3%E3%82%A2%E7%94%A8%E3%80%81%E3%83%80%E3%83%83%E3%82%B7%E3%83%A5%E3%83%9E%E3%83%83%E3%83%88%E3%81%9D%E3%81%AE%E4%BB%964%E7%82%B9%E3%82%BB%E3%83%83%E3%83%88%EF%BC%86%E4%BB%AE%E7%9C%A0%E3%82%AB%E3%83%BC%E3%83%86%E3%83%B3%EF%BC%86%E5%BA%A7%E5%B8%83%E5%9B%A3%E3%82%BB%E3%83%83%E3%83%88 HTTP/1.1" 200 0 "-" "Mozilla/5.0 AppleWebKit/537.36 (KHTML, like Gecko; compatible; bingbot/2.0; +http://www.bing.com/bingbot.htm) Chrome/116.0.1938.76 Safari/537.36"
40.77.167.4 - - [28/Apr/2025:12:44:17 -0400] "GET /?i=2010283081500&channel=2f4b6b&from=category-info.php%3Fid%3D830815-19596%26name%3D1.5%26%2334%3B2%26%2334%3B+%E3%83%88%E3%83%A9%E3%82%A4%E3%82%AF%E3%83%A9%E3%83%B3%E3%83%97%E3%82%BF%E3%82%A4%E3%83%97+%E3%83%95%E3%83%AD%E3%83%BC%E3%82%B5%E3%82%A4%E3%83%88%E3%82%B0%E3%83%A9%E3%82%B9+%E8%A6%96%E5%BA%A6%E8%A8%88+%E6%97%A5%E8%A8%98%E8%A3%BD%E5%93%81%E7%94%A8+%E3%82%B9%E3%83%86%E3%83%B3%E3%83%AC%E3%82%B9%E3%82%B9%E3%83%81%E3%83%BC%E3%83%AB+SS304+%E3%83%95%E3%82%A7%E3%83%AB%E3%83%BC HTTP/1.1" 200 0 "-" "Mozilla/5.0 AppleWebKit/537.36 (KHTML, like Gecko; compatible; bingbot/2.0; +http://www.bing.com/bingbot.htm) Chrome/116.0.1938.76 Safari/537.36"
66.249.74.11 - - [28/Apr/2025:12:44:18 -0400] "GET /?i=87192179876200&channel=f1fe3a&from=goods.php%3Fid%3D1798762-3374%26name%3DVB+%E4%B8%B8%E3%83%8B%E3%83%83%E3%83%97%E3%83%AB+100A HTTP/1.1" 200 0 "-" "Mozilla/5.0 (Linux; Android 6.0.1; Nexus 5X Build/MMB29P) AppleWebKit/537.36 (KHTML, like Gecko) Chrome/135.0.7049.95 Mobile Safari/537.36 (compatible; GoogleOther)"
40.77.167.10 - - [28/Apr/2025:12:44:22 -0400] "GET /?i=65978165180904&channel=a3bdcd&from=pin.php%3Fid%3D1651809-15579%26name%3D6%E3%82%B9%E3%83%86%E3%83%83%E3%83%97%E3%81%AF%E3%81%97%E3%81%94%E3%80%81%E3%83%9D%E3%83%BC%E3%82%BF%E3%83%96%E3%83%AB%E3%82%B9%E3%83%86%E3%83%83%E3%83%97%E3%83%A9%E3%83%80%E3%83%BC%E6%8A%98%E3%82%8A%E3%81%9F%E3%81%9F%E3%81%BF%E3%80%81%E8%BB%BD%E9%87%8F%E3%82%B9%E3%83%86%E3%83%83%E3%83%97%E3%83%A9%E3%83%80%E3%83%BC+%E6%BB%91%E3%82%8A%E6%AD%A2%E3%82%81%E3%83%9A%E3%83%80%E3%83%AB%E4%BB%98%E3%81%8D+330%E3%83%9D%E3%83%B3%E3%83%89+-+%E3%82%B7%E3%83%A3%E3%83%B3%E3%83%91%E3%83%B3%E3%82%B4%E3%83%BC%E3%83%AB%E3%83%89 HTTP/1.1" 200 0 "-" "Mozilla/5.0 AppleWebKit/537.36 (KHTML, like Gecko; compatible; bingbot/2.0; +http://www.bing.com/bingbot.htm) Chrome/116.0.1938.76 Safari/537.36"
66.249.73.101 - - [28/Apr/2025:12:45:06 -0400] "GET /?i=8972275280205&channel=c38d4a&from=product.php%3Fid%3D752802-2034%26name%3DOakley+%E3%83%A1%E3%83%B3%E3%82%BA+Oo9101+Batwolf+%E9%95%B7%E6%96%B9%E5%BD%A2%E3%82%B5%E3%83%B3%E3%82%B0%E3%83%A9%E3%82%B9 HTTP/1.1" 200 53367 "-" "Mozilla/5.0 (Linux; Android 6.0.1; Nexus 5X Build/MMB29P) AppleWebKit/537.36 (KHTML, like Gecko) Chrome/135.0.7049.95 Mobile Safari/537.36 (compatible; Googlebot/2.1; +http://www.google.com/bot.html)"
66.249.73.101 - - [28/Apr/2025:12:46:20 -0400] "GET /?i=9700143876503&channel=77783d&from=info.php%3Fid%3D438765-2765%26name%3DPEARLY+GATES+%E7%9B%AE%E3%81%96%E3%82%81+%E3%83%91%E3%83%BC%E3%83%AA%E3%83%BC%E3%82%B2%E3%82%A4%E3%83%84+%E3%83%A1%E3%83%83%E3%82%B7%E3%83%A5+%E3%82%B8%E3%83%83%E3%83%97%E3%83%91%E3%83%BC%E3%82%AB%E3%83%BC+%E3%83%8D%E3%82%A4%E3%83%93%E3%83%BC%E7%B3%BB+0+%E3%80%90%E4%B8%AD%E5%8F%A4%E3%80%91%E3%82%B4%E3%83%AB%E3%83%95%E3%82%A6%E3%82%A7%E3%82%A2+%E3%83%AC%E3%83%87%E3%82%A3%E3%83%BC%E3%82%B9 HTTP/1.1" 200 56152 "-" "Mozilla/5.0 (Linux; Android 6.0.1; Nexus 5X Build/MMB29P) AppleWebKit/537.36 (KHTML, like Gecko) Chrome/135.0.7049.95 Mobile Safari/537.36 (compatible; Googlebot/2.1; +http://www.google.com/bot.html)"
66.249.73.102 - - [28/Apr/2025:12:46:29 -0400] "GET /?i=68612181188101&channel=5c291b&from=pin.php%3Fid%3D1811881-1629%26name%3D%E6%89%87%E9%A2%A8%E6%A9%9F+%E5%8D%93%E4%B8%8A+%E5%8D%93%E4%B8%8A%E6%89%87%E9%A2%A8%E6%A9%9F+USB+%E9%A2%A8%E9%87%8F%E8%AA%BF%E6%95%B4+%E5%8D%93%E4%B8%8A%E3%83%95%E3%82%A1%E3%83%B3+%E3%83%9F%E3%83%8B%E6%89%87%E9%A2%A8%E6%A9%9F+%E3%83%87%E3%82%B9%E3%82%AF%E3%83%95%E3%82%A1%E3%83%B3+%E3%82%B3%E3%83%B3%E3%83%91%E3%82%AF%E3%83%88+%E9%80%81%E9%A2%A8+LED HTTP/1.1" 200 55344 "-" "Mozilla/5.0 (Linux; Android 6.0.1; Nexus 5X Build/MMB29P) AppleWebKit/537.36 (KHTML, like Gecko) Chrome/135.0.7049.95 Mobile Safari/537.36 (compatible; Googlebot/2.1; +http://www.google.com/bot.html)"
66.249.73.101 - - [28/Apr/2025:12:46:57 -0400] "GET /?i=7842839653300&channel=7f4639&from=pin.php%3Fid%3D396533-607%26name%3D%E3%83%90%E3%83%AA%E5%B1%B1+%E3%82%B8%E3%83%A0%E3%83%8B%E3%83%BC%E3%82%B7%E3%82%A8%E3%83%A9+JC+%E7%B4%94%E6%AD%A3%E3%83%9B%E3%82%A4%E3%83%BC%E3%83%AB+%E3%83%8E%E3%83%BC%E3%83%9E%E3%83%AB%E3%82%BF%E3%82%A4%E3%83%A4+4%E6%9C%AC%E3%82%BB%E3%83%83%E3%83%88 HTTP/1.1" 200 53472 "-" "Mozilla/5.0 (Linux; Android 6.0.1; Nexus 5X Build/MMB29P) AppleWebKit/537.36 (KHTML, like Gecko) Chrome/135.0.7049.95 Mobile Safari/537.36 (compatible; Googlebot/2.1; +http://www.google.com/bot.html)"
66.249.74.12 - - [28/Apr/2025:12:47:32 -0400] "GET /63091518850.shtml HTTP/1.1" 200 0 "-" "Mozilla/5.0 (Linux; Android 6.0.1; Nexus 5X Build/MMB29P) AppleWebKit/537.36 (KHTML, like Gecko) Chrome/135.0.7049.95 Mobile Safari/537.36 (compatible; GoogleOther)"
40.77.167.75 - - [28/Apr/2025:12:47:44 -0400] "GET /?i=8770321001&channel=f28c67&from=product.php%3Fid%3D210-20%26name%3DJB+POWER%28BITO+R%26D%29+JB%E3%83%91%E3%83%AF%E3%83%BC%28%E3%83%93%E3%83%88%E3%83%BCR%26D%29+CR%E3%82%AD%E3%83%A3%E3%83%96%E3%83%AC%E3%82%BF%E3%83%BC%28CR-SPECIAL%E3%82%AD%E3%83%A3%E3%83%96%E3%83%AC%E3%82%BF%E3%83%BC%29+SR500+YAMAHA+%E3%83%A4%E3%83%9E%E3%83%8F+%E3%82%AD%E3%83%A3%E3%83%96%E3%83%AC%E3%82%BF%E3%83%BC+%E3%82%A8%E3%83%B3%E3%82%B8%E3%83%B3 HTTP/1.1" 200 0 "-" "Mozilla/5.0 AppleWebKit/537.36 (KHTML, like Gecko; compatible; bingbot/2.0; +http://www.bing.com/bingbot.htm) Chrome/116.0.1938.76 Safari/537.36"
66.249.73.103 - - [28/Apr/2025:12:47:51 -0400] "GET /?i=43955187843102&channel=df5e83&from=category-info.php%3Fid%3D1878431-30770%26name%3D%E5%AD%90%E4%BE%9B+%E7%94%B7%E5%85%90+v%E9%A6%96+%E3%82%B9%E3%83%AA%E3%83%BC%E3%83%96%E3%83%AC%E3%82%B9+%E3%82%AD%E3%83%83%E3%82%BA+%E7%94%B7%E3%81%AE%E5%AD%90+2%E6%9E%9A%E7%B5%84+130+140+150+160+cm+v%E3%83%8D%E3%83%83%E3%82%AF+%E3%83%A9%E3%83%B3%E3%83%8B%E3%83%B3%E3%82%B0+%E3%82%BF%E3%83%B3%E3%82%AF%E3%83%88%E3%83%83%E3%83%97+%E3%83%9C%E3%83%BC%E3%82%A4%E3%82%BA+%E3%82%B8%E3%83%A5%E3%83%8B%E3%82%A2+%E4%B8%8B%E7%9D%80+%E8%82%8C%E7%9D%80+%E3%82%A4%E3%83%B3%E3%83%8A%E3%83%BC+%E7%81%B0+%E3%82%B0%E3%83%AC%E3%83%BC+%E7%84%A1%E5%9C%B0+%E5%A4%8F+%E6%B1%97%E5%AF%BE%E7%AD%96+%E5%90%B8%E6%B0%B4%E9%80%9F%E4%B9%BE+%E3%81%95%E3%82%89%E3%81%95%E3%82%89+%E3%82%B5%E3%83%A9%E3%82%B5%E3%83%A9+%E3%82%BB%E3%83%83%E3%83%88 HTTP/1.1" 200 52430 "-" "Mozilla/5.0 (Linux; Android 6.0.1; Nexus 5X Build/MMB29P) AppleWebKit/537.36 (KHTML, like Gecko) Chrome/135.0.7049.95 Mobile Safari/537.36 (compatible; Googlebot/2.1; +http://www.google.com/bot.html)"
66.249.73.102 - - [28/Apr/2025:12:48:00 -0400] "GET /?i=21220113038303&channel=b28d35&from=news.php%3Fid%3D1130383-6178%26name%3DCLARINS+%E3%82%A2%E3%83%89%E3%83%99%E3%83%B3%E3%83%88%E3%82%AB%E3%83%AC%E3%83%B3%E3%83%80%E3%83%BC HTTP/1.1" 200 53513 "-" "Mozilla/5.0 (Linux; Android 6.0.1; Nexus 5X Build/MMB29P) AppleWebKit/537.36 (KHTML, like Gecko) Chrome/135.0.7049.95 Mobile Safari/537.36 (compatible; Googlebot/2.1; +http://www.google.com/bot.html)"
52.167.144.146 - - [28/Apr/2025:12:48:40 -0400] "GET /?i=17187120442301&channel=f28c67&from=form.php%3Fid%3D1204423-20%26name%3DACTIVE+%E3%82%A2%E3%82%AF%E3%83%86%E3%82%A3%E3%83%96+%E3%82%AA%E3%82%A4%E3%83%AB%E3%82%AF%E3%83%BC%E3%83%A9%E3%83%BC%E3%82%AD%E3%83%83%E3%83%88+%E3%83%A9%E3%82%A6%E3%83%B3%E3%83%89+GSX1100S+SUZUKI+%E3%82%B9%E3%82%BA%E3%82%AD+%E3%82%AA%E3%82%A4%E3%83%AB%E3%82%AF%E3%83%BC%E3%83%A9%E3%83%BC+%E5%86%B7%E5%8D%B4%E9%96%A2%E9%80%A3+%E3%82%A8%E3%83%B3%E3%82%B8%E3%83%B3 HTTP/1.1" 200 0 "-" "Mozilla/5.0 AppleWebKit/537.36 (KHTML, like Gecko; compatible; bingbot/2.0; +http://www.bing.com/bingbot.htm) Chrome/116.0.1938.76 Safari/537.36"
66.249.73.101 - - [28/Apr/2025:12:49:51 -0400] "GET /?i=2649917085900&channel=17e6e4&from=form.php%3Fid%3D170859-6421%26name%3DALEFJ%C3%84LL+%E3%82%A2%E3%83%AC%E3%83%95%E3%82%A3%E3%82%A7%E3%83%AB+%E3%82%AA%E3%83%95%E3%82%A3%E3%82%B9%E3%83%81%E3%82%A7%E3%82%A2 HTTP/1.1" 200 52527 "-" "Mozilla/5.0 (Linux; Android 6.0.1; Nexus 5X Build/MMB29P) AppleWebKit/537.36 (KHTML, like Gecko) Chrome/135.0.7049.95 Mobile Safari/537.36 (compatible; Googlebot/2.1; +http://www.google.com/bot.html)"
40.77.167.72 - - [28/Apr/2025:12:50:05 -0400] "GET /?i=97780145146907&channel=3a43ae&from=form.php%3Fid%3D1451469-24133%26name%3D%E3%83%88%E3%83%AC%E3%83%BC%E3%83%8B%E3%83%B3%E3%82%B0%E7%94%A8%E3%81%AE%E3%82%A2%E3%82%AF%E3%82%A2%E3%83%90%E3%83%83%E3%82%B0%E3%80%81%E3%83%98%E3%83%93%E3%83%BC%E3%83%90%E3%83%83%E3%82%B0%E3%82%A2%E3%82%AF%E3%82%A2%E3%83%9C%E3%83%BC%E3%83%AB%2C%E5%8A%A0%E9%87%8D%E3%82%B9%E3%83%9D%E3%83%BC%E3%83%84%E3%82%A6%E3%82%A9%E3%83%BC%E3%82%BF%E3%83%BC%E3%83%9C%E3%83%BC%E3%83%AB%E3%82%B1%E3%83%88%E3%83%AB%E3%83%99%E3%83%AB+%7C+%E5%AE%B6%E3%80%81%E6%97%85%E8%A1%8C%E3%80%81%E4%BD%9C%E6%A5%AD%E3%82%A8%E3%83%AA%E3%82%A2%E3%80%81%E3%82%B3%E3%82%A2%E3%83%88%E3%83%AC%E3%83%BC HTTP/1.1" 200 0 "-" "Mozilla/5.0 AppleWebKit/537.36 (KHTML, like Gecko; compatible; bingbot/2.0; +http://www.bing.com/bingbot.htm) Chrome/116.0.1938.76 Safari/537.36"
66.249.74.12 - - [28/Apr/2025:12:50:12 -0400] "GET /?i=03920170760400&channel=55f5f0&from=article.php%3Fid%3D1707604-17129%26name%3DTEAra%EF%BC%88%E3%83%86%E3%82%A3%E3%82%A2%E3%83%A9%EF%BC%89%E3%80%80%E3%82%B8%E3%83%A3%E3%82%B9%E3%83%9F%E3%83%B3%E8%8C%B6%E3%83%AA%E3%82%AD%E3%83%A5%E3%83%BC%E3%83%AB+720ml HTTP/1.1" 200 0 "-" "Mozilla/5.0 (Linux; Android 6.0.1; Nexus 5X Build/MMB29P) AppleWebKit/537.36 (KHTML, like Gecko) Chrome/135.0.7049.95 Mobile Safari/537.36 (compatible; GoogleOther)"
40.77.167.72 - - [28/Apr/2025:12:50:35 -0400] "GET /?i=29311194267000&channel=42e6a8&from=article.php%3Fid%3D1942670-4273%26name%3D%E3%83%8B%E3%83%A5%E3%83%BC%E3%82%AE%E3%83%8B%E3%82%A2%E3%83%AC%E3%82%A4%E3%83%B3%E3%83%9C%E3%83%BC%EF%BC%88%E3%82%AA%E3%82%B9%EF%BC%89+++4%E6%9C%88%E6%96%B0%E5%85%A5%E8%8D%B7%E5%95%86%E5%93%81%E3%80%80202504+%E3%82%A4%E3%83%B3%E3%83%89%E3%83%8D%E3%82%B7%E3%82%A2%E4%BE%BF+%E6%8E%98%E3%82%8A%E5%87%BA%E3%81%97%E7%89%A9+%E3%80%90%E6%B7%A1%E6%B0%B4%E9%AD%9A%E3%80%91%E3%80%90%E7%86%B1%E5%B8%AF%E9%AD%9A%E3%80%91%E3%80%90%E8%A6%B3%E8%B3%9E%E9%AD%9A%E3%80%91 HTTP/1.1" 200 0 "-" "Mozilla/5.0 AppleWebKit/537.36 (KHTML, like Gecko; compatible; bingbot/2.0; +http://www.bing.com/bingbot.htm) Chrome/116.0.1938.76 Safari/537.36"
66.249.73.103 - - [28/Apr/2025:12:50:57 -0400] "GET /?i=2105756426901&channel=7f22af&from=info.php%3Fid%3D564269-17234%26name%3DPLOTTER+5001%E3%83%97%E3%82%A8%E3%83%96%E3%83%AD+%E3%83%9F%E3%83%8B5+%E3%82%B9%E3%82%AF%E3%82%A8%E3%82%A2%E3%82%B5%E3%82%A4%E3%82%BA+%E3%82%B0%E3%83%AA%E3%83%BC%E3%83%B3%28%E9%9D%92%E7%B7%91%29%E8%89%B2 HTTP/1.1" 200 53768 "-" "Mozilla/5.0 (Linux; Android 6.0.1; Nexus 5X Build/MMB29P) AppleWebKit/537.36 (KHTML, like Gecko) Chrome/135.0.7049.95 Mobile Safari/537.36 (compatible; Googlebot/2.1; +http://www.google.com/bot.html)"
52.167.144.162 - - [28/Apr/2025:12:51:09 -0400] "GET /?i=22710165563102&channel=4e7375&from=info.php%3Fid%3D1655631-27572%26name%3D%E3%82%AC%E3%83%BC%E3%83%87%E3%83%B3%E3%83%AA%E3%83%BC%E3%83%95%E3%83%90%E3%83%83%E3%82%B0%E3%80%81%E5%A4%A7%E5%AE%B9%E9%87%8F%E3%82%AD%E3%83%A3%E3%83%B3%E3%83%90%E3%82%B9%E3%82%B4%E3%83%9F%E8%B2%AF%E8%94%B5%E3%80%81%E5%86%8D%E5%88%A9%E7%94%A8%E5%8F%AF%E8%83%BD%E3%81%A7%E7%92%B0%E5%A2%83%E3%81%AB%E3%82%84%E3%81%95%E3%81%97%E3%81%84%E7%B4%A0%E6%9D%90%E3%80%81%E4%B8%88%E5%A4%AB%E3%81%A7%E8%80%90%E6%B6%99%E6%80%A7%E3%81%AE%E3%83%87%E3%82%B6%E3%82%A4%E3%83%B3%E3%80%81%E3%82%B5%E3%83%9D%E3%83%BC%E3%83%88%E3%83%99%E3%83%AB%E3%83%88%E4%BB%98%E3%81%8D HTTP/1.1" 200 0 "-" "Mozilla/5.0 AppleWebKit/537.36 (KHTML, like Gecko; compatible; bingbot/2.0; +http://www.bing.com/bingbot.htm) Chrome/116.0.1938.76 Safari/537.36"
66.249.73.103 - - [28/Apr/2025:12:51:22 -0400] "GET /?i=95982143213005&channel=b89082&from=product.php%3Fid%3D1432130-1496%26name%3DA+BATHING+APE%28%E3%82%A2%E3%83%99%E3%82%A4%E3%82%B7%E3%83%B3%E3%82%B0%E3%82%A8%E3%82%A4%E3%83%97%29+%E3%82%B5%E3%82%A4%E3%82%BA%3AM+BABY+MILO+ARMY+HOODIE+%E3%83%99%E3%83%93%E3%83%BC%E3%83%9E%E3%82%A4%E3%83%AD%E3%83%97%E3%83%AA%E3%83%B3%E3%83%88%E3%82%B9%E3%82%A6%E3%82%A7%E3%83%83%E3%83%88%E3%83%97%E3%83%AB%E3%82%AA%E3%83%BC%E3%83%90%E3%83%BC%E3%83%91%E3%83%BC%E3%82%AB%E3%83%BC+%E3%82%B0%E3%83%AC%E3%83%BC%E3%80%90%E4%B8%AD%E5%8F%A4%E3%80%91%E3%80%90%E7%A8%8B%E5%BA%A6B%E3%80%91%E3%80%90%E3%82%AB%E3%83%A9%E3%83%BC%E3%82%B0%E3%83%AC%E3%83%BC%E3%80%91%E3%80%90%E5%8F%96%E6%89%B1%E5%BA%97%E8%88%97BRING+KICKS%E3%80%91 HTTP/1.1" 200 56229 "-" "Mozilla/5.0 (Linux; Android 6.0.1; Nexus 5X Build/MMB29P) AppleWebKit/537.36 (KHTML, like Gecko) Chrome/135.0.7049.95 Mobile Safari/537.36 (compatible; Googlebot/2.1; +http://www.google.com/bot.html)"
52.167.144.146 - - [28/Apr/2025:12:51:49 -0400] "GET /?i=4919297471802&channel=787a41&from=shop.php%3Fid%3D974718-2561%26name%3D%E3%82%A2%E3%83%BC%E3%82%AF%E3%83%86%E3%83%AA%E3%82%AF%E3%82%B9++X000009560%E3%83%BB%E3%82%A2%E3%83%88%E3%83%A0+SL+%E3%83%95%E3%83%BC%E3%83%87%E3%82%A3+%E3%83%A1%E3%83%B3%E3%82%BA%2F+Atom+SL+Hoody+M%E3%80%90%E8%BB%A2%E9%80%81%E4%B8%8D%E5%8F%AF%E5%95%86%E5%93%81%E3%80%91%E3%80%90%E5%8C%96%E7%B9%8A%E7%B6%BF%E3%80%91%E3%80%90%E7%99%BB%E5%B1%B1%E3%80%91%E3%80%90%E3%83%88%E3%83%AC%E3%83%83%E3%82%AD%E3%83%B3%E3%82%B0%E3%80%91%E3%80%90%E3%82%AD%E3%83%A3%E3%83%B3%E3%83%97%E3%80%91%E3%80%90%E6%97%85%E8%A1%8C%E3%80%91%E3%80%90%E3%83%88%E3%83%A9%E3%83%99%E3%83%AB%E3%80%91%E3%80%90%E3%82%A2%E3%82%A6%E3%83%88%E3%83%89%E3%82%A2%E3%80%91%E3%80%90%E5%8D%B3%E7%B4%8D%E3%80%91%E3%80%90%E8%87%AA%E7%A4%BE%E5%80%89%E5%BA%AB%E4%BF%9D%E7%AE%A1%E5%93%81%E3%80%91 HTTP/1.1" 200 0 "-" "Mozilla/5.0 AppleWebKit/537.36 (KHTML, like Gecko; compatible; bingbot/2.0; +http://www.bing.com/bingbot.htm) Chrome/116.0.1938.76 Safari/537.36"
66.249.74.13 - - [28/Apr/2025:12:51:57 -0400] "GET /?i=80191118173200&channel=8216bc&from=shop.php%3Fid%3D1181732-645%26name%3D%E5%8B%95%E7%94%BB%E6%9C%89%E3%82%8A+%E3%81%94%E8%87%AA%E5%AE%85%E3%81%BE%E3%81%A7%E7%84%A1%E6%96%99%E9%85%8D%E9%81%94%E3%81%97%E3%81%BE%E3%81%99%E2%9D%97+%E3%83%A4%E3%83%9E%E3%83%8F+VINO+SA54J+4%E3%82%B9%E3%83%88+FI+%E3%83%93%E3%83%BC%E3%83%8E+%E5%8B%95%E7%94%BB%E6%9C%89+%E6%BD%A4%E3%81%99+%E8%BF%91%E7%9C%8C%E7%84%A1%E6%96%99%E9%85%8D%E9%81%94%E6%9C%89%E3%82%8A+YAMAHA+22204km HTTP/1.1" 200 0 "-" "Mozilla/5.0 (Linux; Android 6.0.1; Nexus 5X Build/MMB29P) AppleWebKit/537.36 (KHTML, like Gecko) Chrome/135.0.7049.95 Mobile Safari/537.36 (compatible; GoogleOther)"
66.249.73.102 - - [28/Apr/2025:12:52:28 -0400] "GET /?i=08989103150307&channel=4e8dd0&from=brands.php%3Fid%3D1031503-504%26name%3D%E3%83%90%E3%83%BC%E3%83%90%E3%83%AA%E3%83%BC+%E3%83%AC%E3%82%B6%E3%83%BC+2WAY+%E3%83%8F%E3%83%B3%E3%83%89%E3%83%90%E3%83%83%E3%82%B0+%E3%82%B7%E3%83%A7%E3%83%AB%E3%83%80%E3%83%BC%E3%83%90%E3%83%83%E3%82%B0+%E3%83%96%E3%83%A9%E3%83%83%E3%82%AF+%E5%A4%A7%E5%AE%B9%E9%87%8F HTTP/1.1" 200 53690 "-" "Mozilla/5.0 (Linux; Android 6.0.1; Nexus 5X Build/MMB29P) AppleWebKit/537.36 (KHTML, like Gecko) Chrome/135.0.7049.95 Mobile Safari/537.36 (compatible; Googlebot/2.1; +http://www.google.com/bot.html)"
40.77.167.75 - - [28/Apr/2025:12:52:54 -0400] "GET /?i=7072176072114&channel=71f745&from=blog.php%3Fid%3D760721-480%26name%3D%5B%E3%82%AF%E3%83%BC%E3%83%9D%E3%83%B3%E3%81%A7%E6%9C%80%E5%A4%A710%25OFF%E2%98%85%5D+%E6%9C%AC%E6%A3%9A+%E3%82%AA%E3%83%BC%E3%83%80%E3%83%BC+%E5%8F%8E%E7%B4%8D%E6%A3%9A+%E3%82%AA%E3%83%BC%E3%83%97%E3%83%B3%E3%83%A9%E3%83%83%E3%82%AF+%E6%9C%A8%E8%A3%BD+%28%E6%A3%9A%E6%9D%BF+%E3%82%BF%E3%83%95%E3%82%BF%E3%82%A4%E3%83%97%EF%BC%8F%E5%A5%A5%E8%A1%8C31cm+%E3%83%AC%E3%82%AE%E3%83%A5%E3%83%A9%E3%83%BC%E3%82%BF%E3%82%A4%E3%83%97%EF%BC%8F%E5%B9%8571%E3%80%9C80cm%E3%82%AA%E3%83%BC%E3%83%80%E3%83%BC%EF%BC%8F%E9%AB%98%E3%81%95178cm%29%3CBR%3E%E3%82%AA%E3%83%BC%E3%83%80%E3%83%BC+%E3%83%A9%E3%83%83%E3%82%AF+%E6%BC%AB%E7%94%BB+%E3%82%B3%E3%83%9F%E3%83%83%E3%82%AF%E5%8F%8E%E7%B4%8D+%E6%9B%B8%E6%A3%9A+%E3%82%AA%E3%83%BC%E3%83%97%E3%83%B3%E3%83%A9%E3%83%83%E3%82%AF+%E3%83%95%E3%83%AA%E3%83%BC%E3%83%A9%E3%83%83%E3%82%AF+%E3%82%B3%E3%83%9F%E3%83%83%E3%82%AF+%E5%8F%8E%E7%B4%8D+%E6%9C%A8%E8%A3%BD+%E3%83%AF%E3%82%A4%E3%83%89+%E5%A4%A7%E6%B4%8B+ordy HTTP/1.1" 200 0 "-" "Mozilla/5.0 AppleWebKit/537.36 (KHTML, like Gecko; compatible; bingbot/2.0; +http://www.bing.com/bingbot.htm) Chrome/116.0.1938.76 Safari/537.36"
66.249.73.102 - - [28/Apr/2025:12:52:54 -0400] "GET /?i=8110086023206&channel=a20f16&from=article.php%3Fid%3D860232-6634%26name%3D%E3%83%AB%E3%82%A4%E3%83%BB%E3%83%B4%E3%82%A3%E3%83%88%E3%83%B3+%E3%83%8D%E3%83%B4%E3%82%A1%E3%83%BC%E3%83%95%E3%83%AB+MM+%E6%BC%82%E3%82%8F+%E3%83%AC%E3%83%87%E3%82%A3%E3%83%BC%E3%82%B9+%E3%80%90%E4%B8%AD%E5%8F%A4%E3%80%91 HTTP/1.1" 200 53704 "-" "Mozilla/5.0 (Linux; Android 6.0.1; Nexus 5X Build/MMB29P) AppleWebKit/537.36 (KHTML, like Gecko) Chrome/135.0.7049.95 Mobile Safari/537.36 (compatible; Googlebot/2.1; +http://www.google.com/bot.html)"
52.167.144.162 - - [28/Apr/2025:12:52:59 -0400] "GET /?i=99820134228400&channel=65139f&from=jp.php%3Fid%3D1342284-15333%26name%3D%5B%E6%9C%AA%E9%96%8B%E5%B0%81%5D+%E3%82%A8%E3%83%8A%E3%82%B8%E3%83%BC%E3%83%AA%E3%83%9A%E3%82%A2%E3%82%AF%E3%83%AA%E3%83%BC%E3%83%A02%E3%82%B3%E3%82%BB%E3%83%83%E3%83%88 HTTP/1.1" 200 0 "-" "Mozilla/5.0 AppleWebKit/537.36 (KHTML, like Gecko; compatible; bingbot/2.0; +http://www.bing.com/bingbot.htm) Chrome/116.0.1938.76 Safari/537.36"
66.249.73.103 - - [28/Apr/2025:12:53:16 -0400] "GET /?i=20988175915401&channel=cef3d1&from=jp.php%3Fid%3D1759154-27936%26name%3D%E3%82%AC%E3%83%B3%E3%83%90%E3%83%A9%E3%82%A4%E3%82%B8%E3%83%B3%E3%82%B0%E3%80%90%E3%83%A1%E3%83%86%E3%82%AA%E3%82%B9%E3%83%88%E3%83%BC%E3%83%A0%EF%BC%86%E3%83%A1%E3%83%86%E3%82%AA%E3%83%BBR%EF%BC%86SR%EF%BC%86VR%E3%80%91 HTTP/1.1" 200 52641 "-" "Mozilla/5.0 (Linux; Android 6.0.1; Nexus 5X Build/MMB29P) AppleWebKit/537.36 (KHTML, like Gecko) Chrome/135.0.7049.95 Mobile Safari/537.36 (compatible; Googlebot/2.1; +http://www.google.com/bot.html)"
66.249.73.102 - - [28/Apr/2025:12:53:38 -0400] "GET /?i=2105098808808&channel=8634c0&from=info.php%3Fid%3D988088-7186%26name%3DReBody+%E3%83%A1%E3%83%B3%E3%82%BA+%E5%85%A8%E8%BA%AB%E5%8F%AF%E5%8B%95%E3%83%88%E3%83%AB%E3%82%BD%E3%83%BC+%E3%83%9E%E3%83%8D%E3%82%AD%E3%83%B3+%E3%83%90%E3%83%83%E3%82%AF%E3%82%B9%E3%82%BF%E3%83%B3%E3%83%89%E4%BB%98 HTTP/1.1" 200 52244 "-" "Mozilla/5.0 (Linux; Android 6.0.1; Nexus 5X Build/MMB29P) AppleWebKit/537.36 (KHTML, like Gecko) Chrome/135.0.7049.95 Mobile Safari/537.36 (compatible; Googlebot/2.1; +http://www.google.com/bot.html)"
66.249.73.101 - - [28/Apr/2025:12:54:08 -0400] "GET /?i=58972170397715&channel=93be18&from=goods.php%3Fid%3D1703977-5595%26name%3D%E3%80%90%E6%9C%80%E5%A4%A72000%E5%86%86OFF%E3%82%AF%E3%83%BC%E3%83%9D%E3%83%B3%E9%85%8D%E5%B8%83%E4%B8%AD%E3%80%91%E3%83%88%E3%83%83%E3%83%97%E3%82%B9+%E3%82%AB%E3%83%83%E3%83%88%E3%82%BD%E3%83%BC+%E5%88%BA%E7%B9%8D%E4%BD%BF%E3%81%84%E3%83%88%E3%83%83%E3%83%97%E3%82%B9+%E5%88%BA%E7%B9%8D%E3%83%AC%E3%83%BC%E3%82%B9+%E3%82%AD%E3%83%A3%E3%83%B3%E3%83%87%E3%82%A3%E3%83%BC%E3%82%B9%E3%83%AA%E3%83%BC%E3%83%96+%E7%B6%BF%E6%B7%B7+%E7%84%A1%E5%9C%B0+%E3%82%B7%E3%83%95%E3%82%A9%E3%83%B3+%E3%83%95%E3%82%A7%E3%83%9F%E3%83%8B%E3%83%B3+%E3%83%AC%E3%83%87%E3%82%A3%E3%83%BC%E3%82%B9+Honeys+%E3%83%8F%E3%83%8B%E3%83%BC%E3%82%BA+%EF%BC%96%E5%88%86%E8%A2%96%E5%88%BA%E7%B9%8D%E4%BD%BF%E3%81%84%E3%83%88%E3%83%83%E3%83%97%E3%82%B9 HTTP/1.1" 200 52154 "-" "Mozilla/5.0 (Linux; Android 6.0.1; Nexus 5X Build/MMB29P) AppleWebKit/537.36 (KHTML, like Gecko) Chrome/135.0.7049.95 Mobile Safari/537.36 (compatible; Googlebot/2.1; +http://www.google.com/bot.html)"
40.77.167.64 - - [28/Apr/2025:12:54:15 -0400] "GET /?i=90211195735904&channel=0ac245&from=info.php%3Fid%3D1957359-6698%26name%3D%E3%82%A2%E3%83%AB%E3%83%86%E3%82%A3%E3%83%A1%E3%82%A4%E3%83%88+8%E3%82%A4%E3%83%B3%E3%83%81+%E9%BE%8D%E3%81%8C%E5%A6%82%E3%81%8F+%E7%9C%9F%E5%B3%B6%E5%90%BE%E6%9C%97+%E3%82%B3%E3%83%AC%E3%82%AF%E3%83%86%E3%82%A3%E3%83%96%E3%83%AB%E3%82%A2%E3%82%AF%E3%82%B7%E3%83%A7%E3%83%B3%E3%83%95%E3%82%A3%E3%82%AE%E3%83%A5%E3%82%A2 HTTP/1.1" 200 0 "-" "Mozilla/5.0 AppleWebKit/537.36 (KHTML, like Gecko; compatible; bingbot/2.0; +http://www.bing.com/bingbot.htm) Chrome/116.0.1938.76 Safari/537.36"
66.249.73.101 - - [28/Apr/2025:12:54:53 -0400] "GET /?i=2104045707600&channel=84cd8c&from=shared.php%3Fid%3D457076-7231%26name%3DEmiriaWiz++3%E6%AE%B5%E3%83%95%E3%83%AA%E3%83%AB+%E3%83%AF%E3%83%B3%E3%83%94 HTTP/1.1" 200 52698 "-" "Mozilla/5.0 (Linux; Android 6.0.1; Nexus 5X Build/MMB29P) AppleWebKit/537.36 (KHTML, like Gecko) Chrome/135.0.7049.95 Mobile Safari/537.36 (compatible; Googlebot/2.1; +http://www.google.com/bot.html)"
40.77.167.64 - - [28/Apr/2025:12:54:55 -0400] "GET /?i=91060155237204&channel=19f7b7&from=pin.php%3Fid%3D1552372-4660%26name%3D%E3%80%90%E3%83%8D%E3%82%B3%E3%83%9D%E3%82%B9%E5%8F%AF%3A2%E7%82%B9%E3%81%BE%E3%81%A7%E3%80%91%E3%82%A8%E3%83%B3%E3%83%9D%E3%83%AA%E3%82%AA%E3%82%A2%E3%83%AB%E3%83%9E%E3%83%BC%E3%83%8B%EF%BC%9AALL+OVER+EAGLE+MICROFIBER+%E3%83%9C%E3%82%AF%E3%82%B5%E3%83%BC%E3%83%91%E3%83%B3%E3%83%84+%28%E3%83%AC%E3%83%83%E3%83%89%E3%83%BB%E3%82%A4%E3%83%BC%E3%82%B0%E3%83%AB%E3%82%B9%29%5B%E3%83%9C%E3%82%AF%E3%82%B5%E3%83%BC%E3%83%91%E3%83%B3%E3%83%84%2F+%E7%94%B7%E6%80%A7%E4%B8%8B%E7%9D%80%2F+%E3%83%A1%E3%83%B3%E3%82%BA%E3%82%A4%E3%83%B3%E3%83%8A%E3%83%BC%2F%E4%BA%BA%E6%B0%97%E3%83%96%E3%83%A9%E3%83%B3%E3%83%89%2F%E3%81%8A%E3%81%99%E3%81%99%E3%82%81%E3%82%AE%E3%83%95%E3%83%88%2F%E8%AA%95%E7%94%9F%E6%97%A5%E3%83%97%E3%83%AC%E3%82%BC%E3%83%B3%E3%83%88%2F%E3%83%A1%E3%83%B3%E3%82%BA%E3%83%95%E3%82%A1%E3%83%83%E3%82%B7%E3%83%A7%E3%83%B3%5D HTTP/1.1" 200 0 "-" "Mozilla/5.0 AppleWebKit/537.36 (KHTML, like Gecko; compatible; bingbot/2.0; +http://www.bing.com/bingbot.htm) Chrome/116.0.1938.76 Safari/537.36"
66.249.73.101 - - [28/Apr/2025:12:55:00 -0400] "GET /?i=1819120402300&channel=6e6dcf&from=blog.php%3Fid%3D204023-5950%26name%3D%E6%9C%88%E6%9C%AB%E9%99%90%E5%AE%9A%E5%A4%A7%E7%89%B9%E4%BE%A1%E2%9D%A3%EF%B8%8F+%E9%9B%BB%E5%AD%90%E3%83%94%E3%82%A2%E3%83%8E+88%E9%8D%B5%E7%9B%A4+%E3%82%B3%E3%83%B3%E3%83%91%E3%82%AF%E3%83%88+%E8%BB%BD%E9%87%8F+%E3%83%87%E3%83%A5%E3%82%A2%E3%83%AB%E3%82%B9%E3%83%94%E3%83%BC%E3%82%AB%E3%83%BC HTTP/1.1" 200 53359 "-" "Mozilla/5.0 (Linux; Android 6.0.1; Nexus 5X Build/MMB29P) AppleWebKit/537.36 (KHTML, like Gecko) Chrome/135.0.7049.95 Mobile Safari/537.36 (compatible; Googlebot/2.1; +http://www.google.com/bot.html)"
66.249.74.12 - - [28/Apr/2025:12:55:07 -0400] "GET /?i=002881719903&channel=522745&from=product.php%3Fid%3D17199-3110%26name%3DREED+%E3%83%99%E3%83%AB%E3%83%86%E3%83%83%E3%83%89+%E3%83%90%E3%82%B1%E3%83%83%E3%83%88+%E3%82%B7%E3%83%A7%E3%83%AB%E3%83%80%E3%83%BC+%E3%83%9F%E3%83%87%E3%82%A3%E3%82%A2%E3%83%A0+%E3%83%9E%E3%82%A4%E3%82%B1%E3%83%AB%E3%82%B3%E3%83%BC%E3%82%B9 HTTP/1.1" 200 0 "-" "Mozilla/5.0 (Linux; Android 6.0.1; Nexus 5X Build/MMB29P) AppleWebKit/537.36 (KHTML, like Gecko) Chrome/135.0.7049.95 Mobile Safari/537.36 (compatible; GoogleOther)"
40.77.167.75 - - [28/Apr/2025:12:55:14 -0400] "GET /?i=2589129123004&channel=6ea118&from=jp.php%3Fid%3D291230-4891%26name%3DMaihail+%E3%83%87%E3%82%B9%E3%82%AF+%E6%9C%BA+pc%E3%83%87%E3%82%B9%E3%82%AF+%E3%83%91%E3%82%BD%E3%82%B3%E3%83%B3%E3%83%87%E3%82%B9%E3%82%AF+l%E5%AD%97%E3%83%87%E3%82%B9%E3%82%AF+%E5%8F%B3%E6%A3%9A%E5%B7%A6%E6%A3%9A+%E5%B9%8599cm+desk+%E3%82%B3%E3%83%BC%E3%83%8A%E3%83%BC%E3%83%87%E3%82%B9%E3%82%AF+%E3%81%A4%E3%81%8F%E3%81%88+%E6%A3%9A%E6%9D%BF%E9%AB%98%E3%81%95%E8%AA%BF%E7%AF%80%E5%8F%AF%E8%83%BD+%E4%BD%9C%E6%A5%AD%E6%9C%BA+L%E5%AD%97%E5%9E%8B+%E5%8B%89%E5%BC%B7%E6%9C%BA+%E5%9C%A8%E5%AE%85%E3%83%AF%E3%83%BC%E3%82%AF%E3%83%87%E3%82%B9%E3%82%AF+%E3%83%AA%E3%83%A2%E3%83%BC%E3%83%88%E3%83%AF%E3%83%BC%E3%82%AF+%E3%82%B2%E3%83%BC%E3%83%A0%E3%83%87%E3%82%B9%E3%82%AF+%E3%83%A9%E3%83%83%E3%82%AF%E4%BB%98%E3%81%8D+%E9%BB%92%E3%81%84+1 HTTP/1.1" 200 0 "-" "Mozilla/5.0 AppleWebKit/537.36 (KHTML, like Gecko; compatible; bingbot/2.0; +http://www.bing.com/bingbot.htm) Chrome/116.0.1938.76 Safari/537.36"
40.77.167.75 - - [28/Apr/2025:12:55:17 -0400] "GET /?i=41994147000600&channel=62c595&from=info.php%3Fid%3D1470006-19225%26name%3D%E3%81%B2%E3%81%A7%E3%81%B6%E6%A7%98%E5%B0%82%E7%94%A8%E3%83%8E%E3%83%83%E3%82%BD%E3%82%BB%E3%83%8B%E3%83%A7%E3%83%BC%E3%83%AB%E3%83%89%E3%83%91%E3%83%A9%E3%82%A4%E3%83%BC%E3%82%BE%E3%80%80+%E3%83%97%E3%83%A9%E3%82%AF%E3%83%86%E3%82%A3%E3%82%B9%E3%83%91%E3%83%B3%E3%83%84%E4%B8%8A%E4%B8%8B%E3%82%BB%E3%83%83%E3%83%88%EF%BC%AC%E3%82%B5%E3%82%A4%E3%82%BA HTTP/1.1" 200 0 "-" "Mozilla/5.0 AppleWebKit/537.36 (KHTML, like Gecko; compatible; bingbot/2.0; +http://www.bing.com/bingbot.htm) Chrome/116.0.1938.76 Safari/537.36"
40.77.167.75 - - [28/Apr/2025:12:55:44 -0400] "GET /?i=08527104590202&channel=55e243&from=article.php%3Fid%3D1045902-2388%26name%3D%E3%82%BB%E3%83%83%E3%83%88%E3%81%A7%E3%81%8A%E5%BE%97%E2%80%BC%EF%B8%8F%E3%82%B8%E3%82%A7%E3%83%AB%E3%83%8D%E3%82%A4%E3%83%ABVetro%E2%80%BC%EF%B8%8F%E3%80%90%E3%81%8A%E3%81%BE%E3%81%91%E3%82%82%E4%BB%98%E3%81%91%E3%81%BE%E3%81%99%E3%80%91 HTTP/1.1" 200 0 "-" "Mozilla/5.0 AppleWebKit/537.36 (KHTML, like Gecko; compatible; bingbot/2.0; +http://www.bing.com/bingbot.htm) Chrome/116.0.1938.76 Safari/537.36"
40.77.167.75 - - [28/Apr/2025:12:55:47 -0400] "GET /?i=9040027429001&channel=7e5c59&from=goods.php%3Fid%3D274290-2946%26name%3D%E3%82%B3%E3%83%B3%E3%83%91%E3%82%B9%E3%83%9C%E3%83%83%E3%82%AF%E3%82%B9+%E3%82%AA%E3%83%BC%E3%83%81%E3%83%A3%E3%83%BC%E3%83%89%E3%83%8F%E3%82%A6%E3%82%B9+%E3%82%AD%E3%83%A5%E3%83%AC%E3%82%A4%E3%83%86%E3%83%83%E3%83%89%E3%82%AB%E3%82%B9%E3%82%AF+for+JAPAN+46%EF%BC%85+700ml+%E3%82%A6%E3%82%A4%E3%82%B9%E3%82%AD%E3%83%BC+%E3%83%96%E3%83%AC%E3%83%B3%E3%83%87%E3%83%83%E3%83%89%E3%83%A2%E3%83%AB%E3%83%88+%E3%83%9C%E3%83%88%E3%83%A9%E3%83%BC%E3%82%BA%E3%83%96%E3%83%A9%E3%83%B3%E3%83%89 HTTP/1.1" 200 0 "-" "Mozilla/5.0 AppleWebKit/537.36 (KHTML, like Gecko; compatible; bingbot/2.0; +http://www.bing.com/bingbot.htm) Chrome/116.0.1938.76 Safari/537.36"
66.249.73.101 - - [28/Apr/2025:12:55:59 -0400] "GET /?i=20199160887605&channel=da9a80&from=blog.php%3Fid%3D1608876-26632%26name%3D%E3%82%AF%E3%83%83%E3%82%AB%E3%83%BC%E3%82%B9%E3%82%BF%E3%83%B3%E3%83%89+%E3%80%90M%E3%82%B5%E3%82%A4%E3%82%BA+6%E6%AE%B5%E8%AA%BF%E6%95%B4+%E9%A2%A8%E9%98%B2%E4%BB%98%E3%81%8D%E3%80%91+%E3%82%AD%E3%83%A3%E3%83%B3%E3%83%97+%E4%BA%94%E5%BE%B3+%E3%82%B0%E3%83%AA%E3%83%AB%E3%82%B9%E3%82%BF%E3%83%B3%E3%83%89+%E3%82%A2%E3%82%A6%E3%83%88%E3%83%89%E3%82%A2+%E7%84%9A%E3%81%8D%E7%81%AB%E3%83%86%E3%83%BC%E3%83%96%E3%83%AB+%E8%AA%BF%E7%90%86%E7%94%A8%E5%93%81+%E6%8A%98%E3%82%8A%E3%81%9F%E3%81%9F%E3%81%BF%E5%BC%8F+%E9%AB%98%E8%80%90%E4%B9%85 HTTP/1.1" 200 54773 "-" "Mozilla/5.0 (Linux; Android 6.0.1; Nexus 5X Build/MMB29P) AppleWebKit/537.36 (KHTML, like Gecko) Chrome/135.0.7049.95 Mobile Safari/537.36 (compatible; Googlebot/2.1; +http://www.google.com/bot.html)"
52.167.144.146 - - [28/Apr/2025:12:56:44 -0400] "GET /?i=8622666170004&channel=09cb39&from=goods.php%3Fid%3D661700-17143%26name%3DUHMW-PE+FAST+%E5%BC%BE%E9%81%93%E3%83%8F%E3%82%A4%E3%82%AB%E3%83%83%E3%83%88%E3%82%BF%E3%82%AF%E3%83%86%E3%82%A3%E3%82%AB%E3%83%AB%E3%83%98%E3%83%AB%E3%83%A1%E3%83%83%E3%83%88%E3%82%A2%E3%83%BC%E3%83%9E%E3%83%BC+PE+%E3%82%B3%E3%82%A2%E3%83%98%E3%83%AB%E3%83%A1%E3%83%83%E3%83%88%E5%AE%89%E5%85%A8%E3%83%98%E3%83%AB%E3%83%A1%E3%83%83%E3%83%88+NIJ+IIIA+FAS HTTP/1.1" 200 0 "-" "Mozilla/5.0 AppleWebKit/537.36 (KHTML, like Gecko; compatible; bingbot/2.0; +http://www.bing.com/bingbot.htm) Chrome/116.0.1938.76 Safari/537.36"
66.249.73.101 - - [28/Apr/2025:12:56:57 -0400] "GET /?i=87702133586500&channel=9b3fb6&from=category-info.php%3Fid%3D1335865-329%26name%3D%E3%83%8B%E3%82%AE%E3%83%AA%E3%83%90%E3%83%BC+%E3%83%9E%E3%83%83%E3%83%88%E3%83%96%E3%83%A9%E3%83%83%E3%82%AF+%5BR4607MBK-600%5D+%E3%83%AA%E3%83%A9%E3%82%A4%E3%83%B3%E3%82%B9+RELIANCE+le+bain HTTP/1.1" 200 54339 "-" "Mozilla/5.0 (Linux; Android 6.0.1; Nexus 5X Build/MMB29P) AppleWebKit/537.36 (KHTML, like Gecko) Chrome/135.0.7049.95 Mobile Safari/537.36 (compatible; Googlebot/2.1; +http://www.google.com/bot.html)"
52.167.144.146 - - [28/Apr/2025:12:57:23 -0400] "GET /?i=61086138786302&channel=f28c67&from=category-info.php%3Fid%3D1387863-20%26name%3D%E3%82%AD%E3%83%83%E3%82%BA%E7%94%A8+%E3%83%98%E3%83%AB%E3%83%A1%E3%83%83%E3%83%88+LEATT+22+MOTO+3.5+SG++%E3%83%96%E3%83%A9%E3%83%83%E3%82%AF%E3%80%80%E5%AD%90%E4%BE%9B%E7%94%A8%EF%BC%BBSG%2FPSC%E8%A6%8F%E6%A0%BC%EF%BC%BD%5BMFJ%E5%85%AC%E8%AA%8D%5D+%E6%97%A5%E6%9C%AC%E5%B0%82%E7%94%A8%E8%A8%AD%E8%A8%88+%E3%82%AA%E3%83%95%E3%83%AD%E3%83%BC%E3%83%89+%E6%AD%A3%E8%A6%8F%E8%BC%B8%E5%85%A5%E5%93%81+WESTWOODMX HTTP/1.1" 200 0 "-" "Mozilla/5.0 AppleWebKit/537.36 (KHTML, like Gecko; compatible; bingbot/2.0; +http://www.bing.com/bingbot.htm) Chrome/116.0.1938.76 Safari/537.36"
52.167.144.203 - - [28/Apr/2025:12:57:24 -0400] "GET /?i=0171974955603&channel=7402b8&from=info.php%3Fid%3D749556-17821%26name%3D%E3%80%90%E5%8F%A4%E5%AF%B6%E5%A5%87%E8%94%B5%E3%80%91%E5%AE%8B%E3%83%BB%E5%8F%A4%E9%99%B6%E7%93%B7%E5%93%81%E3%83%BB%E6%B1%9D%E7%AA%AF%E3%83%BB%E5%86%B0%E8%A3%82%E7%B4%8B%E3%83%BB%E5%9B%9B%E6%96%B9%E6%B4%97%E3%83%BB%E7%BD%AE%E7%89%A9%E3%83%BB%E8%B3%9E%E7%89%A9%E3%83%BB%E4%B8%AD%E5%9B%BD%E6%99%82%E4%BB%A3%E7%BE%8E%E8%A1%93 HTTP/1.1" 200 0 "-" "Mozilla/5.0 AppleWebKit/537.36 (KHTML, like Gecko; compatible; bingbot/2.0; +http://www.bing.com/bingbot.htm) Chrome/116.0.1938.76 Safari/537.36"
52.167.144.203 - - [28/Apr/2025:12:57:26 -0400] "GET /?i=1664681170604&channel=ef6ab9&from=product.php%3Fid%3D811706-5949%26name%3DSIEM-2+%E3%83%AF%E3%82%A4%E3%83%A4%E3%83%AC%E3%82%B9%E3%82%A4%E3%83%B3%E3%82%A4%E3%83%A4%E3%83%BC%E3%83%A2%E3%83%8B%E3%82%BF%E3%83%BC%E3%82%B7%E3%82%B9%E3%83%86%E3%83%A0 HTTP/1.1" 200 0 "-" "Mozilla/5.0 AppleWebKit/537.36 (KHTML, like Gecko; compatible; bingbot/2.0; +http://www.bing.com/bingbot.htm) Chrome/116.0.1938.76 Safari/537.36"
66.249.74.12 - - [28/Apr/2025:12:57:51 -0400] "GET /?i=20310128558900&channel=71934b&from=shop.php%3Fid%3D1285589-2751%26name%3D%E3%80%90%E4%B8%AD%E5%8F%A4%E3%80%91+%E3%83%86%E3%83%BC%E3%83%A9%E3%83%BC%E3%83%A1%E3%82%A4%E3%83%89+M4+U5+%E3%83%A6%E3%83%BC%E3%83%86%E3%82%A3%E3%83%AA%E3%83%86%E3%82%A3+UT+RE-AX+90+STEEL+JAPAN%E3%83%BBSPEC%28%E3%83%A6%E3%83%BC%E3%83%86%E3%82%A3%E3%83%AA%E3%83%86%E3%82%A3%29+%28%E3%83%95%E3%83%AC%E3%83%83%E3%82%AF%E3%82%B9S%29+%E3%83%A1%E3%83%B3%E3%82%BA+%E7%94%B7%E6%80%A7%E7%94%A8+%E5%8F%B3%E5%88%A9%E3%81%8D+%E5%8F%B3%E7%94%A8+C%E3%83%A9%E3%83%B3%E3%82%AF+%E3%82%B4%E3%83%AB%E3%83%95%E3%82%AF%E3%83%A9%E3%83%96 HTTP/1.1" 200 0 "-" "Mozilla/5.0 (Linux; Android 6.0.1; Nexus 5X Build/MMB29P) AppleWebKit/537.36 (KHTML, like Gecko) Chrome/135.0.7049.95 Mobile Safari/537.36 (compatible; GoogleOther)"
66.249.73.102 - - [28/Apr/2025:12:57:59 -0400] "GET /?i=12104112874200&channel=d561cb&from=goods.php%3Fid%3D1128742-7648%26name%3D%E2%97%8F%E3%81%8A%E8%B2%B7%E3%81%84%E5%BE%97%EF%BC%81%E3%82%B3%E3%83%AD%E3%83%B3%E3%83%93%E3%82%A2%E3%80%80%E3%82%A2%E3%82%A6%E3%83%88%E3%83%89%E3%82%A2%E3%82%B7%E3%83%A5%E3%83%BC%E3%82%BA%E3%80%80BM3530%E3%80%80327%EF%BC%88%E3%82%AA%E3%83%AA%E3%83%BC%E3%83%96%E7%B3%BB%EF%BC%8925.5cm%E3%80%80%E6%B5%B8%E6%B0%B4%E3%82%BC%E3%83%AD%E5%84%AA%E3%82%8C%E3%81%9F%E9%80%8F%E6%B9%BF%E6%80%A7%E3%80%80%E3%81%8A%E3%81%97%E3%82%83%E3%82%8C%E3%81%AA%E3%82%AB%E3%83%A9%E3%83%BC%E3%81%A7%E8%B6%B3%E5%85%83%E3%82%92%E6%BC%94%E5%87%BA%EF%BC%81 HTTP/1.1" 200 55897 "-" "Mozilla/5.0 (Linux; Android 6.0.1; Nexus 5X Build/MMB29P) AppleWebKit/537.36 (KHTML, like Gecko) Chrome/135.0.7049.95 Mobile Safari/537.36 (compatible; Googlebot/2.1; +http://www.google.com/bot.html)"
52.167.144.147 - - [28/Apr/2025:12:58:00 -0400] "GET /?i=2070779755904&channel=a7fdcd&from=form.php%3Fid%3D797559-5925%26name%3D%E9%88%B4%E6%9C%A8+%E4%BF%A1%E5%A4%AA%E9%83%8E%E3%80%80%E3%80%90%E5%B1%B1%E3%81%82%E3%81%84%E3%81%AE%E5%AE%B6%E3%80%91%E3%80%81%E4%BA%BA%E6%B0%97%E4%BD%9C%E5%93%81%E3%80%81%E5%B8%8C%E5%B0%91%E7%94%BB%E9%9B%86%E3%83%BB%E9%A1%8D%E8%A3%85%E7%94%BB%E3%80%81%E6%97%A5%E6%9C%AC%E8%A3%BD%E6%96%B0%E5%93%81%E9%A1%8D%E3%81%AB%E3%81%A6%E9%A1%8D%E8%A3%85%E4%BB%98%E3%80%81%E7%8A%B6%E6%85%8B%E8%89%AF%E5%A5%BD%E3%80%81%E9%80%81%E6%96%99%E7%84%A1%E6%96%99 HTTP/1.1" 200 0 "-" "Mozilla/5.0 AppleWebKit/537.36 (KHTML, like Gecko; compatible; bingbot/2.0; +http://www.bing.com/bingbot.htm) Chrome/116.0.1938.76 Safari/537.36"
52.167.144.146 - - [28/Apr/2025:12:58:44 -0400] "GET /?i=0112417678400&channel=f0688d&from=news.php%3Fid%3D176784-8271%26name%3D%5B%E4%B8%89%E4%BA%AC%E5%95%86%E4%BC%9A%5D+%E3%82%BB%E3%82%AB%E3%83%B3%E3%83%89%E3%83%90%E3%83%83%E3%82%B0+%E3%83%80%E3%83%96%E3%83%AB%E3%83%95%E3%82%A1%E3%82%B9%E3%83%8A%E3%83%BC+%E3%82%AA%E3%83%BC%E3%82%B9%E3%83%88%E3%83%AA%E3%83%83%E3%83%81%E3%80%80%E3%83%96%E3%83%A9%E3%83%83%E3%82%AF HTTP/1.1" 200 0 "-" "Mozilla/5.0 AppleWebKit/537.36 (KHTML, like Gecko; compatible; bingbot/2.0; +http://www.bing.com/bingbot.htm) Chrome/116.0.1938.76 Safari/537.36"
66.249.73.101 - - [28/Apr/2025:12:59:06 -0400] "GET /?i=2511643377703&channel=8c58aa&from=shared.php%3Fid%3D433777-3372%26name%3D%E5%80%A4%E4%B8%8B%E3%81%92%EF%BC%812way%E3%83%90%E3%83%BC%E3%83%90%E3%83%AA%E3%83%BC%E3%83%97%E3%83%AA%E3%83%BC%E3%83%84%E3%82%B9%E3%82%AB%E3%83%BC%E3%83%88%E3%82%B3%E3%83%BC%E3%83%88%E2%99%A1 HTTP/1.1" 200 54875 "-" "Mozilla/5.0 (Linux; Android 6.0.1; Nexus 5X Build/MMB29P) AppleWebKit/537.36 (KHTML, like Gecko) Chrome/135.0.7049.95 Mobile Safari/537.36 (compatible; Googlebot/2.1; +http://www.google.com/bot.html)"
52.167.144.146 - - [28/Apr/2025:12:59:16 -0400] "GET /?i=9749132426702&channel=a99396&from=news.php%3Fid%3D324267-12371%26name%3D%E3%83%89%E3%82%A5%E3%83%A9%E3%83%A1%E3%83%BC%E3%83%AB+%E3%82%B6%E3%83%BB%E3%82%BD%E3%83%95%E3%83%88%E3%82%AF%E3%83%AC%E3%83%B3%E3%82%B8%E3%83%B3%E3%82%B0%E3%83%AD%E3%83%BC%E3%82%B7%E3%83%A7%E3%83%B3+200ml+%E3%83%89%E3%82%A5%E3%83%A9%E3%83%A1%E3%83%BC%E3%83%AB HTTP/1.1" 200 0 "-" "Mozilla/5.0 AppleWebKit/537.36 (KHTML, like Gecko; compatible; bingbot/2.0; +http://www.bing.com/bingbot.htm) Chrome/116.0.1938.76 Safari/537.36"
52.167.144.146 - - [28/Apr/2025:12:59:53 -0400] "GET /?i=71708114636300&channel=99f909&from=news.php%3Fid%3D1146363-2571%26name%3D%E3%83%91%E3%83%8A%E3%82%BD%E3%83%8B%E3%83%83%E3%82%AF+%E5%85%85%E9%9B%BB%E3%83%AC%E3%82%B7%E3%83%97%E3%83%AD%E3%82%BD%E3%83%BC+%E6%9C%AC%E4%BD%93%E3%81%AE%E3%81%BF+%28%E9%9B%BB%E6%B1%A0%E3%83%91%E3%83%83%E3%82%AF%2F%E5%85%85%E9%9B%BB%E5%99%A8%2F%E3%82%B1%E3%83%BC%E3%82%B9%E5%88%A5%E5%A3%B2%29+%E3%83%87%E3%83%A5%E3%82%A2%E3%83%AB+%2814.4V%2F18V%E5%AF%BE%E5%BF%9C%29+4%E6%AE%B5%E9%9A%8E%E3%83%95%E3%83%AC%E3%82%AD%E3%82%B7%E3%83%96%E3%83%AB%E5%8F%AF+%E9%80%81%E6%96%99%E7%84%A1%E6%96%99 HTTP/1.1" 200 0 "-" "Mozilla/5.0 AppleWebKit/537.36 (KHTML, like Gecko; compatible; bingbot/2.0; +http://www.bing.com/bingbot.htm) Chrome/116.0.1938.76 Safari/537.36"
52.167.144.146 - - [28/Apr/2025:12:59:54 -0400] "GET /?i=18534113840000&channel=99f909&from=product.php%3Fid%3D1138400-2571%26name%3D%E5%B9%B3%E6%88%90+%E8%A7%92%E5%9E%8B%E3%83%95%E3%83%AC%E3%82%B3%E3%83%B3%E3%83%90%E3%83%83%E3%82%AF+%EF%BC%88%E9%95%B7%E5%B0%BA%2F%E4%BA%8C%E9%87%8D%2F%E5%A4%A7%EF%BC%89HS-004S-W-W+180621+%E3%82%B3%E3%83%B3%E3%83%86%E3%83%8A%E3%83%90%E3%83%83%E3%82%AF+5%E8%A2%8B HTTP/1.1" 200 0 "-" "Mozilla/5.0 AppleWebKit/537.36 (KHTML, like Gecko; compatible; bingbot/2.0; +http://www.bing.com/bingbot.htm) Chrome/116.0.1938.76 Safari/537.36"
66.249.74.12 - - [28/Apr/2025:12:59:57 -0400] "GET /8817844898.shtml HTTP/1.1" 200 0 "-" "Mozilla/5.0 (Linux; Android 6.0.1; Nexus 5X Build/MMB29P) AppleWebKit/537.36 (KHTML, like Gecko) Chrome/135.0.7049.95 Mobile Safari/537.36 (compatible; GoogleOther)"
40.123.25.223 - - [28/Apr/2025:13:00:15 -0400] "GET /autoload_classmap.php HTTP/1.1" 200 0 "-" "-"
40.123.25.223 - - [28/Apr/2025:13:00:18 -0400] "GET /post.php HTTP/1.1" 200 0 "-" "-"
40.123.25.223 - - [28/Apr/2025:13:00:22 -0400] "GET /1.php HTTP/1.1" 200 0 "-" "-"
40.123.25.223 - - [28/Apr/2025:13:00:25 -0400] "GET /flower.php HTTP/1.1" 200 0 "-" "-"
40.77.167.64 - - [28/Apr/2025:13:00:27 -0400] "GET /?i=2125025030601&channel=892629&from=info.php%3Fid%3D250306-113%26name%3D%E3%82%AD%E3%83%A3%E3%83%8E%E3%83%B3%E3%83%97%E3%83%AD%E3%82%B8%E3%82%A7%E3%82%AF%E3%82%BF%E3%83%BC%E3%80%81%E9%BB%92%E8%89%B2%E3%82%B7%E3%83%A7%E3%83%AB%E3%83%80%E3%83%BC%E3%83%90%E3%83%83%E3%82%B0%E4%BB%98%E3%81%8D%E3%81%A7%E3%81%99%E3%80%82%E6%95%B0%E5%9B%9E%E3%81%97%E3%81%8B%E4%BD%BF%E7%94%A8%E3%81%97%E3%81%A6%E3%81%84%E3%81%BE%E3%81%9B%E3%82%93%E3%80%82 HTTP/1.1" 200 0 "-" "Mozilla/5.0 AppleWebKit/537.36 (KHTML, like Gecko; compatible; bingbot/2.0; +http://www.bing.com/bingbot.htm) Chrome/116.0.1938.76 Safari/537.36"
40.123.25.223 - - [28/Apr/2025:13:00:28 -0400] "GET /admin.php HTTP/1.1" 200 0 "-" "-"
40.123.25.223 - - [28/Apr/2025:13:00:31 -0400] "GET /file.php HTTP/1.1" 200 0 "-" "-"
40.123.25.223 - - [28/Apr/2025:13:00:33 -0400] "GET /meta.php HTTP/1.1" 200 0 "-" "-"
40.123.25.223 - - [28/Apr/2025:13:00:35 -0400] "GET /index.php HTTP/1.1" 200 0 "-" "-"
40.123.25.223 - - [28/Apr/2025:13:00:37 -0400] "GET /about.php HTTP/1.1" 200 0 "-" "-"
40.123.25.223 - - [28/Apr/2025:13:00:38 -0400] "GET /randkeyword.php HTTP/1.1" 200 0 "-" "-"
40.123.25.223 - - [28/Apr/2025:13:00:40 -0400] "GET /goods.php HTTP/1.1" 200 0 "-" "-"
40.123.25.223 - - [28/Apr/2025:13:00:41 -0400] "GET /hehe.php HTTP/1.1" 200 0 "-" "-"
40.123.25.223 - - [28/Apr/2025:13:00:43 -0400] "GET /yindu.php HTTP/1.1" 200 0 "-" "-"
40.123.25.223 - - [28/Apr/2025:13:00:45 -0400] "GET /wp-admin/class-db.php HTTP/1.1" 200 0 "-" "-"
40.123.25.223 - - [28/Apr/2025:13:00:47 -0400] "GET /baxa1.phP8 HTTP/1.1" 200 0 "-" "-"
40.123.25.223 - - [28/Apr/2025:13:00:49 -0400] "GET /baxa1.php HTTP/1.1" 200 0 "-" "-"
40.123.25.223 - - [28/Apr/2025:13:00:52 -0400] "GET /.well-known/index.php HTTP/1.1" 404 1251 "-" "-"
40.123.25.223 - - [28/Apr/2025:13:00:52 -0400] "GET /libraries/phpmailer/index.php HTTP/1.1" 200 0 "-" "-"
40.123.25.223 - - [28/Apr/2025:13:00:55 -0400] "GET /wp-admin/autoload_classmap.php HTTP/1.1" 200 0 "-" "-"
40.123.25.223 - - [28/Apr/2025:13:00:57 -0400] "GET /wp-admin/css/colors/blue/1.php HTTP/1.1" 200 0 "-" "-"
40.123.25.223 - - [28/Apr/2025:13:00:59 -0400] "GET /wp-content/plugins/about.php HTTP/1.1" 200 0 "-" "-"
40.123.25.223 - - [28/Apr/2025:13:01:02 -0400] "GET /wp-content/plugins/index.php HTTP/1.1" 200 0 "-" "-"
40.123.25.223 - - [28/Apr/2025:13:01:03 -0400] "GET /wp-content/plugins/about.php HTTP/1.1" 200 0 "-" "-"
40.123.25.223 - - [28/Apr/2025:13:01:06 -0400] "GET /wp-content/uploads/BbUMY/flower.php HTTP/1.1" 200 0 "-" "-"
40.123.25.223 - - [28/Apr/2025:13:01:09 -0400] "GET /wp-includes/ID3/file.php HTTP/1.1" 200 0 "-" "-"
40.123.25.223 - - [28/Apr/2025:13:01:12 -0400] "GET /wp-includes/Text/Diff/Engine/about.php HTTP/1.1" 200 0 "-" "-"
40.123.25.223 - - [28/Apr/2025:13:01:14 -0400] "GET /wp-includes/Text/Diff/Engine/index.php HTTP/1.1" 404 1251 "-" "-"
40.123.25.223 - - [28/Apr/2025:13:01:15 -0400] "GET /wp-includes/css/index.php HTTP/1.1" 404 1251 "-" "-"
40.77.167.68 - - [28/Apr/2025:13:01:16 -0400] "GET /?i=68795136812502&channel=33855a&from=pin.php%3Fid%3D1368125-607%26name%3D15%E3%82%A4%E3%83%B3%E3%83%81%E3%83%9B%E3%82%A4%E3%83%BC%E3%83%AB HTTP/1.1" 200 0 "-" "Mozilla/5.0 AppleWebKit/537.36 (KHTML, like Gecko; compatible; bingbot/2.0; +http://www.bing.com/bingbot.htm) Chrome/116.0.1938.76 Safari/537.36"
40.123.25.223 - - [28/Apr/2025:13:01:17 -0400] "GET /wp-includes/css/xc.php HTTP/1.1" 200 0 "-" "-"
40.77.167.68 - - [28/Apr/2025:13:01:19 -0400] "GET /?i=4888997629401&channel=66c928&from=jp.php%3Fid%3D976294-8604%26name%3Dfumika+uchida++%E3%82%BF%E3%83%B3%E3%82%AF%E3%83%88%E3%83%83%E3%83%97 HTTP/1.1" 200 0 "-" "Mozilla/5.0 AppleWebKit/537.36 (KHTML, like Gecko; compatible; bingbot/2.0; +http://www.bing.com/bingbot.htm) Chrome/116.0.1938.76 Safari/537.36"
40.123.25.223 - - [28/Apr/2025:13:01:20 -0400] "GET /wp-includes/images/about.php HTTP/1.1" 200 0 "-" "-"
40.123.25.223 - - [28/Apr/2025:13:01:23 -0400] "GET /wp-includes/images/crystal/index.php HTTP/1.1" 404 1251 "-" "-"
40.123.25.223 - - [28/Apr/2025:13:01:24 -0400] "GET /wp/index.php HTTP/1.1" 200 0 "-" "-"
40.123.25.223 - - [28/Apr/2025:13:01:27 -0400] "GET /user.php HTTP/1.1" 200 0 "-" "-"
40.123.25.223 - - [28/Apr/2025:13:01:28 -0400] "GET /wp-2019.php HTTP/1.1" 200 0 "-" "-"
40.123.25.223 - - [28/Apr/2025:13:01:30 -0400] "GET /chosen.php HTTP/1.1" 200 0 "-" "-"
40.123.25.223 - - [28/Apr/2025:13:01:31 -0400] "GET /functions.php HTTP/1.1" 200 0 "-" "-"
40.123.25.223 - - [28/Apr/2025:13:01:34 -0400] "GET /cron.php HTTP/1.1" 200 0 "-" "-"
40.123.25.223 - - [28/Apr/2025:13:01:36 -0400] "GET /edit.php HTTP/1.1" 200 0 "-" "-"
40.123.25.223 - - [28/Apr/2025:13:01:39 -0400] "GET /gecko-new.php HTTP/1.1" 200 0 "-" "-"
40.123.25.223 - - [28/Apr/2025:13:01:41 -0400] "GET /cookie.php HTTP/1.1" 200 0 "-" "-"
40.123.25.223 - - [28/Apr/2025:13:01:43 -0400] "GET /xleet.php HTTP/1.1" 200 0 "-" "-"
40.123.25.223 - - [28/Apr/2025:13:01:45 -0400] "GET /spip.php HTTP/1.1" 200 0 "-" "-"
40.123.25.223 - - [28/Apr/2025:13:01:47 -0400] "GET /22.php HTTP/1.1" 200 0 "-" "-"
40.123.25.223 - - [28/Apr/2025:13:01:50 -0400] "GET /room.php HTTP/1.1" 200 0 "-" "-"
40.123.25.223 - - [28/Apr/2025:13:01:53 -0400] "GET /disagreed.php HTTP/1.1" 200 0 "-" "-"
40.123.25.223 - - [28/Apr/2025:13:01:56 -0400] "GET /text.php HTTP/1.1" 200 0 "-" "-"
40.123.25.223 - - [28/Apr/2025:13:01:59 -0400] "GET /alfa-rex.php HTTP/1.1" 200 0 "-" "-"
40.123.25.223 - - [28/Apr/2025:13:02:01 -0400] "GET /alfa-rex.php7 HTTP/1.1" 200 0 "-" "-"
40.123.25.223 - - [28/Apr/2025:13:02:03 -0400] "GET /feeds.php HTTP/1.1" 200 0 "-" "-"
40.123.25.223 - - [28/Apr/2025:13:02:05 -0400] "GET /radio.php HTTP/1.1" 200 0 "-" "-"
40.123.25.223 - - [28/Apr/2025:13:02:06 -0400] "GET /dropdown.php HTTP/1.1" 200 0 "-" "-"
40.123.25.223 - - [28/Apr/2025:13:02:06 -0400] "GET /defaults.php HTTP/1.1" 200 0 "-" "-"
40.123.25.223 - - [28/Apr/2025:13:02:07 -0400] "GET /system.php HTTP/1.1" 200 0 "-" "-"
40.123.25.223 - - [28/Apr/2025:13:02:10 -0400] "GET /xmlrpc.php HTTP/1.1" 403 1242 "-" "-"
40.123.25.223 - - [28/Apr/2025:13:02:11 -0400] "GET /xmlrpc.php0 HTTP/1.1" 200 0 "-" "-"
40.123.25.223 - - [28/Apr/2025:13:02:12 -0400] "GET /colors.php HTTP/1.1" 200 0 "-" "-"
40.123.25.223 - - [28/Apr/2025:13:02:13 -0400] "GET /updates.php HTTP/1.1" 200 0 "-" "-"
40.123.25.223 - - [28/Apr/2025:13:02:14 -0400] "GET /alfa-rex1.php HTTP/1.1" 200 0 "-" "-"
40.123.25.223 - - [28/Apr/2025:13:02:15 -0400] "GET /wp-index.php HTTP/1.1" 200 0 "-" "-"
40.123.25.223 - - [28/Apr/2025:13:02:16 -0400] "GET /wp-admin.php HTTP/1.1" 200 0 "-" "-"
40.123.25.223 - - [28/Apr/2025:13:02:18 -0400] "GET /alfa.php HTTP/1.1" 200 0 "-" "-"
40.123.25.223 - - [28/Apr/2025:13:02:19 -0400] "GET /alfanew.php7 HTTP/1.1" 200 0 "-" "-"
40.123.25.223 - - [28/Apr/2025:13:02:20 -0400] "GET /locale.php HTTP/1.1" 200 0 "-" "-"
40.123.25.223 - - [28/Apr/2025:13:02:21 -0400] "GET /wxo.php HTTP/1.1" 200 0 "-" "-"
40.123.25.223 - - [28/Apr/2025:13:02:22 -0400] "GET /colour.php HTTP/1.1" 200 0 "-" "-"
40.123.25.223 - - [28/Apr/2025:13:02:25 -0400] "GET /files.php HTTP/1.1" 200 0 "-" "-"
40.123.25.223 - - [28/Apr/2025:13:02:26 -0400] "GET /install.php HTTP/1.1" 200 0 "-" "-"
40.123.25.223 - - [28/Apr/2025:13:02:27 -0400] "GET /wp-contentt.php HTTP/1.1" 200 0 "-" "-"
40.123.25.223 - - [28/Apr/2025:13:02:29 -0400] "GET /config.php7 HTTP/1.1" 200 0 "-" "-"
40.123.25.223 - - [28/Apr/2025:13:02:30 -0400] "GET /config.php HTTP/1.1" 200 0 "-" "-"
40.123.25.223 - - [28/Apr/2025:13:02:32 -0400] "GET /theme.php HTTP/1.1" 200 0 "-" "-"
40.123.25.223 - - [28/Apr/2025:13:02:33 -0400] "GET /block-bindings.php HTTP/1.1" 200 0 "-" "-"
40.123.25.223 - - [28/Apr/2025:13:02:35 -0400] "GET /class_api.php HTTP/1.1" 200 0 "-" "-"
40.123.25.223 - - [28/Apr/2025:13:02:36 -0400] "GET /inputs.php HTTP/1.1" 200 0 "-" "-"
40.123.25.223 - - [28/Apr/2025:13:02:37 -0400] "GET /root.php HTTP/1.1" 200 0 "-" "-"
40.123.25.223 - - [28/Apr/2025:13:02:38 -0400] "GET /menu.php HTTP/1.1" 200 0 "-" "-"
40.123.25.223 - - [28/Apr/2025:13:02:39 -0400] "GET /plugin.php HTTP/1.1" 200 0 "-" "-"
40.123.25.223 - - [28/Apr/2025:13:02:41 -0400] "GET /cloud.php HTTP/1.1" 200 0 "-" "-"
40.123.25.223 - - [28/Apr/2025:13:02:43 -0400] "GET /configs.php HTTP/1.1" 200 0 "-" "-"
40.123.25.223 - - [28/Apr/2025:13:02:46 -0400] "GET /wp-configs.php HTTP/1.1" 200 0 "-" "-"
40.123.25.223 - - [28/Apr/2025:13:02:48 -0400] "GET /update.php HTTP/1.1" 200 0 "-" "-"
40.123.25.223 - - [28/Apr/2025:13:02:51 -0400] "GET /2.php HTTP/1.1" 200 0 "-" "-"
66.249.74.13 - - [28/Apr/2025:13:02:52 -0400] "GET /993621493786.shtml HTTP/1.1" 200 0 "-" "Mozilla/5.0 (Linux; Android 6.0.1; Nexus 5X Build/MMB29P) AppleWebKit/537.36 (KHTML, like Gecko) Chrome/135.0.7049.95 Mobile Safari/537.36 (compatible; GoogleOther)"
