40.77.167.255 - - [28/Apr/2025:12:19:20 -0400] "GET /?i=99226135094003&channel=f30510&from=shared.php%3Fid%3D1350940-484%26name%3D%E3%83%B4%E3%82%A7%E3%83%AB%E3%83%95%E3%82%A1%E3%82%A4%E3%82%A2+%E3%82%AB%E3%83%BC%E3%83%9C%E3%83%B3%E8%AA%BF%E3%83%A9%E3%83%90%E3%83%BC+%E3%83%A9%E3%82%B2%E3%83%83%E3%82%B8%E3%83%9E%E3%83%83%E3%83%88+%E3%83%AD%E3%83%B3%E3%82%B0%E3%82%B9%E3%83%A9%E3%82%A4%E3%83%89%E4%BB%95%E6%A7%98%EF%BC%88%E3%82%AB%E3%83%BC%E3%82%B4%E3%83%9E%E3%83%83%E3%83%88%EF%BC%89%3Cbr%3E%E3%80%8030%E7%B3%BB%E3%83%B4%E3%82%A7%E3%83%AB%E3%83%95%E3%82%A1%E3%82%A4%E3%82%A2%E3%80%8030%E7%B3%BB%E3%83%B4%E3%82%A7%E3%83%AB%E3%83%95%E3%82%A1%E3%82%A4%E3%82%A2%E3%83%8F%E3%82%A4%E3%83%96%E3%83%AA%E3%83%83%E3%83%89%E3%80%80%E5%85%A8%E3%82%B0%E3%83%AC%E3%83%BC%E3%83%89%E5%AF%BE%E5%BF%9C%E3%80%80YMT%E3%82%B7%E3%83%AA%E3%83%BC%E3%82%BA HTTP/1.1" 200 0 "-" "Mozilla/5.0 AppleWebKit/537.36 (KHTML, like Gecko; compatible; bingbot/2.0; +http://www.bing.com/bingbot.htm) Chrome/116.0.1938.76 Safari/537.36"
66.249.73.103 - - [28/Apr/2025:12:19:22 -0400] "GET /?i=3329786145103&channel=211ee3&from=shared.php%3Fid%3D861451-13106%26name%3D%E3%82%AB%E3%83%AF%E3%82%B5%E3%82%AD+STX15f HTTP/1.1" 200 52199 "-" "Mozilla/5.0 (Linux; Android 6.0.1; Nexus 5X Build/MMB29P) AppleWebKit/537.36 (KHTML, like Gecko) Chrome/135.0.7049.95 Mobile Safari/537.36 (compatible; Googlebot/2.1; +http://www.google.com/bot.html)"
66.249.73.102 - - [28/Apr/2025:12:19:34 -0400] "GET /?i=1530098496100&channel=960248&from=product.php%3Fid%3D984961-183%26name%3D%E4%B8%89%E5%8C%96%E5%B7%A5%E6%A5%AD%E6%A0%AA%E5%BC%8F%E4%BC%9A%E7%A4%BE+SIH-BC224B+%E3%83%96%E3%83%A9%E3%83%83%E3%82%AF+%5B%E3%82%AF%E3%83%83%E3%82%AD%E3%83%B3%E3%82%B0%E3%83%92%E3%83%BC%E3%82%BF%E3%83%BC+%28IH%C3%97RH%E3%82%B3%E3%83%B3%E3%83%93%E3%83%8D%E3%83%BC%E3%82%B7%E3%83%A7%E3%83%B3%29%5D HTTP/1.1" 200 0 "-" "Mozilla/5.0 (Linux; Android 6.0.1; Nexus 5X Build/MMB29P) AppleWebKit/537.36 (KHTML, like Gecko) Chrome/135.0.7049.95 Mobile Safari/537.36 (compatible; GoogleOther)"
66.249.73.101 - - [28/Apr/2025:12:20:10 -0400] "GET /?i=7924966630403&channel=6f01ae&from=info.php%3Fid%3D666304-479%26name%3D%E7%85%A7%E6%98%8E+%E3%81%8A%E3%81%97%E3%82%83%E3%82%8C+%E5%A4%A9%E4%BA%95+%E5%90%8A%E4%B8%8B%E3%81%92%E7%85%A7%E6%98%8E+%E3%83%9A%E3%83%B3%E3%83%80%E3%83%B3%E3%83%88%E3%83%A9%E3%82%A4%E3%83%88+%E7%85%A7%E6%98%8E%E5%99%A8%E5%85%B7+%E5%92%8C%E3%83%A2%E3%83%80%E3%83%B3+%E5%92%8C%E9%A2%A8+%E5%92%8C%E7%B4%99%E3%81%AE%E7%81%AF%E3%82%8A+PL-34%E6%98%A5%E9%9B%A8%E7%B4%99 HTTP/1.1" 200 55292 "-" "Mozilla/5.0 (Linux; Android 6.0.1; Nexus 5X Build/MMB29P) AppleWebKit/537.36 (KHTML, like Gecko) Chrome/135.0.7049.95 Mobile Safari/537.36 (compatible; Googlebot/2.1; +http://www.google.com/bot.html)"
66.249.74.13 - - [28/Apr/2025:12:20:49 -0400] "GET /?i=67797703405&channel=0b442b&from=shop.php%3Fid%3D7034-1496%26name%3DCOUPON%E9%85%8D%E5%B8%83%E4%B8%AD+ARMY+TWILL+%2F+LIGHT+DENIM+SHIRT+BLUE+%E3%82%A2%E3%83%BC%E3%83%9F%E3%83%BC%E3%83%84%E3%82%A4%E3%83%AB+%E3%83%87%E3%83%8B%E3%83%A0%E3%82%B7%E3%83%A3%E3%83%84+%E3%83%9F%E3%83%AA%E3%82%BF%E3%83%AA%E3%83%BC HTTP/1.1" 200 53205 "-" "Mozilla/5.0 (Linux; Android 6.0.1; Nexus 5X Build/MMB29P) AppleWebKit/537.36 (KHTML, like Gecko) Chrome/135.0.7049.95 Mobile Safari/537.36 (compatible; Googlebot/2.1; +http://www.google.com/bot.html)"
52.167.144.183 - - [28/Apr/2025:12:21:32 -0400] "GET /?i=20820189349605&channel=6ff34c&from=brands.php%3Fid%3D1893496-26062%26name%3D%E3%82%AB%E3%82%A8%E3%83%AB%E3%81%AE%E5%83%8F+%7C+%E3%81%8B%E3%82%8F%E3%81%84%E3%81%84%E3%83%9F%E3%83%8B%E3%83%81%E3%83%A5%E3%82%A2%E3%82%AC%E3%83%BC%E3%83%87%E3%83%B3%E3%82%AB%E3%82%A8%E3%83%AB%E3%81%AE%E6%A8%B9%E8%84%82%E3%80%81%E6%A5%BD%E5%99%A8%E3%82%92%E6%BC%94%E5%A5%8F%E3%81%99%E3%82%8B%E5%8B%95%E7%89%A9%E3%81%AE%E5%BD%AB%E5%88%BB%E3%80%81%E8%8A%9D%E7%94%9F%E3%83%91%E3%83%86%E3%82%A3%E3%82%AA%E3%80%81%E5%BA%AD%E3%81%AE%E4%B8%AD%E5%BA%AD%E7%94%A8%E3%81%AE%E3%83%A6%E3%83%8B%E3%83%BC%E3%82%AF%E3%81%AA%E3%83%A4%E3%83%BC%E3%83%89%E3%82%A2%E3%83%BC%E3%83%88 HTTP/1.1" 200 0 "-" "Mozilla/5.0 AppleWebKit/537.36 (KHTML, like Gecko; compatible; bingbot/2.0; +http://www.bing.com/bingbot.htm) Chrome/116.0.1938.76 Safari/537.36"
66.249.73.101 - - [28/Apr/2025:12:22:02 -0400] "GET /?i=6214659452104&channel=58871e&from=shared.php%3Fid%3D594521-17491%26name%3D%E3%82%AA%E3%83%BC%E3%83%87%E3%82%A3%E3%82%AA%E3%83%A1%E3%83%87%E3%82%A3%E3%82%A2%E3%83%A9%E3%83%83%E3%82%AF%E3%80%81%E5%8F%AF%E5%8B%955%E6%AE%B5AV%E3%83%A1%E3%83%87%E3%82%A3%E3%82%A2%E3%82%B9%E3%83%88%E3%83%AC%E3%83%BC%E3%82%B8%E6%A3%9A%E3%80%81%E8%AA%BF%E6%95%B4%E5%8F%AF%E8%83%BD%E3%81%AA%E5%B1%A4%E9%AB%98%E3%81%95DVD%E3%83%97%E3%83%AC%E3%83%BC%E3%83%A4%E3%83%BC%E3%82%B9%E3%82%BF%E3%83%B3%E3%83%89%E3%80%81%E3%82%B2%E3%83%BC%E3%83%A0%E3%82%B3%E3%83%B3%E3%82%BD%E3%83%BC%E3%83%AB%E3%82%BF%E3%83%BC%E3%83%B3%E3%83%86%E3%83%BC%E3%83%96%E3%83%AB HTTP/1.1" 200 55119 "-" "Mozilla/5.0 (Linux; Android 6.0.1; Nexus 5X Build/MMB29P) AppleWebKit/537.36 (KHTML, like Gecko) Chrome/135.0.7049.95 Mobile Safari/537.36 (compatible; Googlebot/2.1; +http://www.google.com/bot.html)"
40.77.167.255 - - [28/Apr/2025:12:22:21 -0400] "GET /?i=70075120572602&channel=0a8dd3&from=goods.php%3Fid%3D1205726-2490%26name%3D%E3%80%90P6%E5%80%8D%EF%BC%86105%E5%86%86OFF%E3%80%91%E3%80%90%E6%96%B0%E5%93%811%E5%B9%B4%E4%BF%9D%E8%A8%BC%E3%80%91Fujitsu+FPB0349S+%E4%BA%92%E6%8F%9B%E3%83%90%E3%83%83%E3%83%86%E3%83%AA%E3%83%BC%E3%80%903420mAh+11.1V%E3%80%91%E5%AF%BE%E5%BF%9C%E7%94%A8+1%E5%B9%B4%E4%BF%9D%E8%A8%BC+%E9%AB%98%E6%80%A7%E8%83%BD+PSE%E8%AA%8D%E8%A8%BC+%E4%BA%92%E6%8F%9B%E3%83%90%E3%83%83%E3%83%86%E3%83%AA%E3%83%91%E3%83%83%E3%82%AF+YBL+27+2025BL-XIJP HTTP/1.1" 200 0 "-" "Mozilla/5.0 AppleWebKit/537.36 (KHTML, like Gecko; compatible; bingbot/2.0; +http://www.bing.com/bingbot.htm) Chrome/116.0.1938.76 Safari/537.36"
52.167.144.228 - - [28/Apr/2025:12:22:47 -0400] "GET /?i=1996590953100&channel=919ac4&from=brands.php%3Fid%3D909531-4110%26name%3DRockwood+6%E3%82%A4%E3%83%B3%E3%83%81+%E3%82%A8%E3%82%A2%E3%83%A9%E3%83%B3%E3%83%80%E3%83%A0%E3%82%AA%E3%83%BC%E3%83%93%E3%82%BF%E3%83%AB%E3%83%91%E3%83%BC%E3%83%A0%E3%82%B5%E3%83%B3%E3%83%80%E3%83%BC+%E3%83%87%E3%83%A5%E3%82%A2%E3%83%AB%E3%82%A2%E3%82%AF%E3%82%B7%E3%83%A7%E3%83%B3+%E7%A9%BA%E6%B0%97%E5%9C%A7%E3%83%8F%E3%83%B3%E3%83%89%E3%82%B5%E3%83%B3%E3%83%87%E3%82%A3%E3%83%B3%E3%82%B0+%E3%83%A9%E3%82%A6%E3%83%B3%E3%83%89 HTTP/1.1" 200 0 "-" "Mozilla/5.0 AppleWebKit/537.36 (KHTML, like Gecko; compatible; bingbot/2.0; +http://www.bing.com/bingbot.htm) Chrome/116.0.1938.76 Safari/537.36"
20.15.133.174 - - [28/Apr/2025:12:22:49 -0400] "GET /?i=8182877626704&channel=f08765&from=article.php%3Fid%3D776267-9766%26name%3D%E3%83%AB%E3%82%A4%E3%83%BB%E3%82%A4%E3%82%AB%E3%83%BC%E3%83%AB%E3%80%81%E8%9D%B6%E3%81%A8%E3%81%9F%E3%82%8F%E3%82%80%E3%82%8C%E3%82%8B%E5%A5%B3%E3%80%81%E8%B1%AA%E8%8F%AF%E9%99%90%E5%AE%9A%E7%89%88%E3%83%BB%E5%AE%9A%E4%BE%A1%EF%BC%91%EF%BC%90%E4%B8%87%EF%BC%93%E5%8D%83%E5%86%86%E3%80%81%E6%96%B0%E5%93%81%E9%A1%8D%E4%BB%98%E3%80%81%E9%80%81%E6%96%99%E7%84%A1%E6%96%99%E3%80%81ara HTTP/1.1" 200 0 "-" "Mozilla/5.0 AppleWebKit/537.36 (KHTML, like Gecko; compatible; bingbot/2.0; +http://www.bing.com/bingbot.htm) Chrome/116.0.1938.76 Safari/537.36"
52.167.144.184 - - [28/Apr/2025:12:22:52 -0400] "GET /?i=25751109799107&channel=0b442b&from=info.php%3Fid%3D1097991-1496%26name%3D%E3%80%9040%25OFF%E3%80%91Stile+Latino+%2F+%E3%82%B9%E3%83%86%E3%82%A3%E3%83%AC%E3%83%A9%E3%83%86%E3%82%A3%E3%83%BC%E3%83%8E%EF%BD%9C%E3%82%AC%E3%83%BC%E3%83%A1%E3%83%B3%E3%83%88%E3%83%80%E3%82%A4%E3%83%AA%E3%83%8D%E3%83%B3%E3%83%9D%E3%83%97%E3%83%AA%E3%83%B33B%E3%82%B8%E3%83%A3%E3%82%B1%E3%83%83%E3%83%88%28VINCENZO%29%EF%BD%9C%EF%BC%88%E3%83%A9%E3%83%99%E3%83%B3%E3%83%80%E3%83%BC%EF%BC%89%EF%BD%9C+%E6%98%A5%E5%A4%8F+%E3%83%B4%E3%82%A3%E3%83%B3%E3%83%81%E3%82%A7%E3%83%B3%E3%83%84%E3%82%A9+%E3%82%A2%E3%83%83%E3%83%88%E3%83%AA%E3%83%BC%E3%83%8B+%E3%83%86%E3%83%BC%E3%83%A9%E3%83%BC%E3%83%89%E3%82%B8%E3%83%A3%E3%82%B1%E3%83%83%E3%83%88+%E3%83%96%E3%83%AC%E3%82%B6%E3%83%BC+%E8%A3%BD%E5%93%81%E6%9F%93%E3%82%81+%E9%BA%BB+%E3%83%A1%E3%83%B3%E3%82%BA+%E3%82%A4%E3%82%BF%E3%83%AA%E3%82%A2+%E3%82%A2%E3%82%A6%E3%83%88%E3%83%AC%E3%83%83%E3%83%88 HTTP/1.1" 200 0 "-" "Mozilla/5.0 AppleWebKit/537.36 (KHTML, like Gecko; compatible; bingbot/2.0; +http://www.bing.com/bingbot.htm) Chrome/116.0.1938.76 Safari/537.36"
52.167.144.184 - - [28/Apr/2025:12:22:54 -0400] "GET /?i=007271291400&channel=9e42c1&from=info.php%3Fid%3D12914-2319%26name%3Dthinkpad+x13+%E3%83%8E%E3%83%BC%E3%83%88%E3%83%91%E3%82%BD%E3%82%B3%E3%83%B3 HTTP/1.1" 200 0 "-" "Mozilla/5.0 AppleWebKit/537.36 (KHTML, like Gecko; compatible; bingbot/2.0; +http://www.bing.com/bingbot.htm) Chrome/116.0.1938.76 Safari/537.36"
40.77.167.35 - - [28/Apr/2025:12:22:56 -0400] "GET /?i=8851082503100&channel=64c5ae&from=brands.php%3Fid%3D825031-484%26name%3D%E3%80%8E%E3%83%95%E3%83%AA%E3%83%BC%E3%83%89%E3%80%8F+%E7%B4%94%E6%AD%A3+GB7+GB8+GB5+GB6+%E3%83%86%E3%83%BC%E3%83%AB%E3%82%B2%E3%83%BC%E3%83%88%E3%82%B9%E3%83%9D%E3%82%A4%E3%83%A9%E3%83%BC+%E3%83%91%E3%83%BC%E3%83%84+%E3%83%9B%E3%83%B3%E3%83%80%E7%B4%94%E6%AD%A3%E9%83%A8%E5%93%81+%E3%82%AA%E3%83%97%E3%82%B7%E3%83%A7%E3%83%B3+%E3%82%A2%E3%82%AF%E3%82%BB%E3%82%B5%E3%83%AA%E3%83%BC+%E7%94%A8%E5%93%81 HTTP/1.1" 200 0 "-" "Mozilla/5.0 AppleWebKit/537.36 (KHTML, like Gecko; compatible; bingbot/2.0; +http://www.bing.com/bingbot.htm) Chrome/116.0.1938.76 Safari/537.36"
52.167.144.183 - - [28/Apr/2025:12:23:12 -0400] "GET /?i=97300144945501&channel=dc172b&from=jp.php%3Fid%3D1449455-8372%26name%3DHEIKO+%E7%B7%A9%E8%A1%9D%E6%9D%90+%E7%B4%99%E3%83%91%E3%83%83%E3%82%AD%E3%83%B3+300g%E5%85%A5+%E6%A1%9C+%3Cbr%3E%E3%83%9A%E3%83%BC%E3%83%91%E3%83%BC%E3%82%AF%E3%83%83%E3%82%B7%E3%83%A7%E3%83%B3 HTTP/1.1" 200 0 "-" "Mozilla/5.0 AppleWebKit/537.36 (KHTML, like Gecko; compatible; bingbot/2.0; +http://www.bing.com/bingbot.htm) Chrome/116.0.1938.76 Safari/537.36"
66.249.73.101 - - [28/Apr/2025:12:23:23 -0400] "GET /?i=8108712704207&channel=2d7cbd&from=form.php%3Fid%3D127042-6388%26name%3D%E5%B1%B1%E5%B4%8E25%E5%B9%B4%E3%80%80%E6%96%B0%E5%93%81%E6%9C%AA%E9%96%8B%E5%B0%81 HTTP/1.1" 200 50920 "-" "Mozilla/5.0 (Linux; Android 6.0.1; Nexus 5X Build/MMB29P) AppleWebKit/537.36 (KHTML, like Gecko) Chrome/135.0.7049.95 Mobile Safari/537.36 (compatible; Googlebot/2.1; +http://www.google.com/bot.html)"
66.249.73.101 - - [28/Apr/2025:12:24:22 -0400] "GET /?i=19068188488206&channel=673f80&from=info.php%3Fid%3D1884882-7048%26name%3DGevrkjenp+%E6%95%B4%E7%90%86%E7%94%A8%E3%81%AE%E5%86%B7%E8%94%B5%E5%BA%AB%E3%82%B3%E3%83%B3%E3%83%86%E3%83%8A%E3%80%81%E5%86%B7%E8%94%B5%E5%BA%AB%E3%81%AE%E9%A3%9F%E6%96%99%E8%B2%AF%E8%94%B5%E5%AE%B9%E5%99%A8+%7C+%E5%AF%86%E9%96%89%E3%81%95%E3%82%8C%E3%81%9F%E5%86%B7%E8%94%B5%E5%BA%AB%E3%82%B3%E3%83%B3%E3%83%86%E3%83%8A%E9%80%8F%E6%98%8E%E3%81%AA%E5%86%B7%E8%94%B5%E5%BA%AB%E3%82%AA%E3%83%BC%E3%82%AC%E3%83%8A%E3%82%A4%E3%82%B6%E3%83%BC+%7C+%E3%82%AD%E3%83%A3%E3%83%93 HTTP/1.1" 200 53340 "-" "Mozilla/5.0 (Linux; Android 6.0.1; Nexus 5X Build/MMB29P) AppleWebKit/537.36 (KHTML, like Gecko) Chrome/135.0.7049.95 Mobile Safari/537.36 (compatible; Googlebot/2.1; +http://www.google.com/bot.html)"
52.167.144.235 - - [28/Apr/2025:12:24:51 -0400] "GET /?i=80714121290300&channel=a72ee9&from=product.php%3Fid%3D1212903-2669%26name%3D%E3%80%90%E3%80%91%E2%97%8E%E6%97%A5%E7%AB%8B%E3%80%8ARAS-V22R-W%E3%80%8B%28RAS-V22RW%2BRAC-V22R%2B%E3%83%AA%E3%83%A2%E3%82%B3%E3%83%B3%29%E5%87%8D%E7%B5%90%E6%B4%97%E6%B5%84%E3%83%BB%E9%99%A4%E8%8F%8C%E3%83%92%E3%83%BC%E3%83%88%E3%83%97%E3%83%A9%E3%82%B9%E3%83%BB%E3%83%95%E3%82%A1%E3%83%B3%E3%81%8A%E6%8E%83%E9%99%A4%E3%83%AD%E3%83%9C%E3%83%BB%E3%82%AB%E3%83%93%E3%83%90%E3%82%B9%E3%82%BF%E3%83%BC%E3%83%BB100V15A%E3%83%BB6%E7%95%B3%3A%E3%83%AB%E3%83%BC%E3%83%A0%E3%82%A8%E3%82%A2%E3%82%B3%E3%83%B3+V%E3%82%B7%E3%83%AA%E3%83%BC%E3%82%BA HTTP/1.1" 200 0 "-" "Mozilla/5.0 AppleWebKit/537.36 (KHTML, like Gecko; compatible; bingbot/2.0; +http://www.bing.com/bingbot.htm) Chrome/116.0.1938.76 Safari/537.36"
66.249.74.13 - - [28/Apr/2025:12:25:00 -0400] "GET /?i=3283543269409&channel=672199&from=category-info.php%3Fid%3D432694-15484%26name%3D%E6%89%8B%E6%9B%B8%E3%81%8D%E6%B2%B9%E7%B5%B5+%E3%82%AF%E3%83%AD%E3%83%BC%E3%83%89%E3%83%BB%E3%83%A2%E3%83%8D+%E7%9D%A1%E8%93%AE%E3%81%AE%E6%B1%A0+%E9%A1%8D%E4%BB%98%E3%81%8D++%E7%B5%B5%E7%94%BB+%E3%82%A4%E3%83%B3%E3%83%86%E3%83%AA%E3%82%A2+%E6%B2%B9%E5%BD%A9%E7%94%BB HTTP/1.1" 200 0 "-" "Mozilla/5.0 (Linux; Android 6.0.1; Nexus 5X Build/MMB29P) AppleWebKit/537.36 (KHTML, like Gecko) Chrome/135.0.7049.95 Mobile Safari/537.36 (compatible; GoogleOther)"
66.249.73.103 - - [28/Apr/2025:12:25:11 -0400] "GET /?i=1503933507000&channel=d8c002&from=jp.php%3Fid%3D335070-4877%26name%3D%E3%82%AF%E3%83%A9%E3%82%B7%E3%82%AB%E3%83%AB%E3%82%A2%E3%82%B7%E3%83%B3%E3%83%A1%E3%83%88%E3%83%AA%E3%83%BC%E3%82%A6%E3%83%BC%E3%83%AB%E3%82%B9%E3%83%BC%E3%83%84+%E3%83%91%E3%83%BC%E3%83%97%E3%83%AB%E7%B4%AB+%E3%82%A6%E3%83%BC%E3%83%AB+%E7%BE%8A%E6%AF%9B+%E3%82%BF%E3%82%A4%E3%83%88%E3%82%B9%E3%82%AB%E3%83%BC%E3%83%88+%E8%86%9D%E4%B8%8B%E4%B8%88+V%E3%83%8D%E3%83%83%E3%82%AF+%E3%82%A8%E3%83%AC%E3%82%AC%E3%83%B3%E3%83%88+%E4%B8%8A%E5%93%81+%E3%82%B9%E3%83%BC%E3%83%84+%E4%BB%95%E4%BA%8B%E7%9D%80+%E9%AB%98%E7%B4%9A%E6%84%9F+%E4%B8%8A%E5%93%81+%E5%A4%A7%E4%BA%BA+%E5%BC%8F%E5%85%B8+%E3%82%A4%E3%83%99%E3%83%B3%E3%83%88+%E3%83%95%E3%82%A9%E3%83%BC%E3%83%9E%E3%83%AB+%E3%83%9E%E3%83%9E%E3%82%B9%E3%83%BC%E3%83%84+%E5%8D%92%E6%A5%AD%E5%BC%8F+%E5%8D%92%E5%9C%92%E5%BC%8F+%E3%83%9A%E3%83%97%E3%83%A9%E3%83%A0+%E6%98%A5%E7%A7%8B%E5%86%AC HTTP/1.1" 200 55435 "-" "Mozilla/5.0 (Linux; Android 6.0.1; Nexus 5X Build/MMB29P) AppleWebKit/537.36 (KHTML, like Gecko) Chrome/135.0.7049.95 Mobile Safari/537.36 (compatible; Googlebot/2.1; +http://www.google.com/bot.html)"
66.249.73.102 - - [28/Apr/2025:12:25:45 -0400] "GET /?i=59775136701906&channel=35f95d&from=news.php%3Fid%3D1367019-12656%26name%3DGT%E3%83%AD%E3%83%83%E3%83%89 HTTP/1.1" 200 51828 "-" "Mozilla/5.0 (Linux; Android 6.0.1; Nexus 5X Build/MMB29P) AppleWebKit/537.36 (KHTML, like Gecko) Chrome/135.0.7049.95 Mobile Safari/537.36 (compatible; Googlebot/2.1; +http://www.google.com/bot.html)"
66.249.74.13 - - [28/Apr/2025:12:26:04 -0400] "GET /?i=72710190325300&channel=70c6c2&from=blog.php%3Fid%3D1903253-11009%26name%3D%E3%81%8A%E8%B2%B7%E3%81%84%E5%BE%97%E2%AD%90%EF%B8%8F%E3%82%B0%E3%83%A9%E3%83%9E%E3%82%B8%E3%82%A7%E3%83%B3%E3%83%8C%E2%AD%90%EF%B8%8F%E3%80%8A%E3%82%B8%E3%82%A7%E3%83%AB%E7%8A%B6%E3%82%AF%E3%83%AA%E3%83%BC%E3%83%A0%E3%80%8B%E2%AD%90%EF%B8%8F80g%E2%9D%8C2%E6%9C%AC%E3%80%80%E2%91%A8 HTTP/1.1" 200 0 "-" "Mozilla/5.0 (Linux; Android 6.0.1; Nexus 5X Build/MMB29P) AppleWebKit/537.36 (KHTML, like Gecko) Chrome/135.0.7049.95 Mobile Safari/537.36 (compatible; GoogleOther)"
66.249.73.101 - - [28/Apr/2025:12:26:29 -0400] "GET /?i=2850111975900&channel=402d74&from=product.php%3Fid%3D119759-5175%26name%3D%E5%B8%8C%E5%B0%91%E3%80%80%E3%83%99%E3%83%86%E3%82%A3%E3%80%80%E3%83%AA%E3%83%90%E3%83%BC%E3%82%B7%E3%83%96%E3%83%AB%E3%80%80%E3%83%A9%E3%82%A4%E3%83%80%E3%83%BC%E3%82%B9%E3%82%B8%E3%83%A3%E3%82%B1%E3%83%83%E3%83%88%E3%80%80%E3%82%A2%E3%82%A6%E3%82%BF%E3%83%BC%E3%80%80%EF%BC%B8%EF%BC%B8%EF%BC%AC HTTP/1.1" 200 52779 "-" "Mozilla/5.0 (Linux; Android 6.0.1; Nexus 5X Build/MMB29P) AppleWebKit/537.36 (KHTML, like Gecko) Chrome/135.0.7049.95 Mobile Safari/537.36 (compatible; Googlebot/2.1; +http://www.google.com/bot.html)"
66.249.73.101 - - [28/Apr/2025:12:26:44 -0400] "GET /?i=27000195858705&channel=3b94fd&from=brands.php%3Fid%3D1958587-8646%26name%3D90s+Levi%27s+517+%E3%83%B4%E3%82%A3%E3%83%B3%E3%83%86%E3%83%BC%E3%82%B8+%E3%83%96%E3%83%BC%E3%83%84+%E3%82%AB%E3%83%83%E3%83%88+%E3%83%87%E3%83%8B%E3%83%A0+%E3%83%91%E3%83%B3%E3%83%84+30 HTTP/1.1" 200 50545 "-" "Mozilla/5.0 (Linux; Android 6.0.1; Nexus 5X Build/MMB29P) AppleWebKit/537.36 (KHTML, like Gecko) Chrome/135.0.7049.95 Mobile Safari/537.36 (compatible; Googlebot/2.1; +http://www.google.com/bot.html)"
66.249.73.103 - - [28/Apr/2025:12:27:09 -0400] "GET /?i=3477017520008&channel=4e8dd0&from=pin.php%3Fid%3D175200-504%26name%3D%E3%82%A8%E3%83%AB%E3%83%A1%E3%82%B9+HERMES+B%E5%88%BB%E5%8D%B0+%E3%82%A4%E3%83%B3%E3%82%B6%E3%83%AB%E3%83%BC%E3%83%97+%E3%83%8F%E3%83%B3%E3%83%89%E3%83%90%E3%83%83%E3%82%B0 HTTP/1.1" 200 53811 "-" "Mozilla/5.0 (Linux; Android 6.0.1; Nexus 5X Build/MMB29P) AppleWebKit/537.36 (KHTML, like Gecko) Chrome/135.0.7049.95 Mobile Safari/537.36 (compatible; Googlebot/2.1; +http://www.google.com/bot.html)"
66.249.73.101 - - [28/Apr/2025:12:27:17 -0400] "GET /705171123601.shtml HTTP/1.1" 200 54250 "-" "Mozilla/5.0 (Linux; Android 6.0.1; Nexus 5X Build/MMB29P) AppleWebKit/537.36 (KHTML, like Gecko) Chrome/135.0.7049.95 Mobile Safari/537.36 (compatible; Googlebot/2.1; +http://www.google.com/bot.html)"
52.167.144.183 - - [28/Apr/2025:12:27:33 -0400] "GET /?i=00799111784504&channel=787a41&from=info.php%3Fid%3D1117845-2561%26name%3D%E3%82%A2%E3%82%A6%E3%83%88%E3%83%89%E3%82%A2+%E3%82%A4%E3%83%99%E3%83%B3%E3%83%88%E7%94%A8%E3%83%86%E3%83%B3%E3%83%88+%E3%82%B9%E3%83%9D%E3%83%BC%E3%83%84%E7%94%A8%E3%83%86%E3%83%B3%E3%83%88%E3%80%80%E5%BE%85%E6%A9%9F%E7%94%A8%E3%83%86%E3%83%B3%E3%83%88+%E3%83%96%E3%83%AB%E3%83%89%E3%83%83%E3%82%AF%E3%82%B7%E3%83%AA%E3%83%BC%E3%82%BA%E5%81%B4%E5%B9%95+%E3%83%96%E3%83%AB%E3%83%89%E3%83%83%E3%82%AF%E3%82%A8%E3%82%B3%E3%83%8E%E3%83%9F%E3%83%BC+%E3%83%96%E3%83%AB%E3%83%89%E3%83%83%E3%82%AF%E3%82%BB%E3%83%BC%E3%83%95%E3%83%86%E3%82%A3%E3%83%BC+%E3%83%96%E3%83%AB%E3%83%89%E3%83%83%E3%82%AF%E3%82%B9%E3%83%AD%E3%83%BC%E3%83%97+%E4%B8%89%E6%96%B9%E5%B9%95+%E4%B8%80%E6%96%B9%E5%B9%95 HTTP/1.1" 200 0 "-" "Mozilla/5.0 AppleWebKit/537.36 (KHTML, like Gecko; compatible; bingbot/2.0; +http://www.bing.com/bingbot.htm) Chrome/116.0.1938.76 Safari/537.36"
66.249.73.102 - - [28/Apr/2025:12:28:12 -0400] "GET /?i=4574645458100&channel=335c31&from=news.php%3Fid%3D454581-921%26name%3D%E4%B8%89%E8%8F%B1%E3%80%80%E9%9C%A7%E3%83%B6%E5%B3%B0 HTTP/1.1" 200 53394 "-" "Mozilla/5.0 (Linux; Android 6.0.1; Nexus 5X Build/MMB29P) AppleWebKit/537.36 (KHTML, like Gecko) Chrome/135.0.7049.95 Mobile Safari/537.36 (compatible; Googlebot/2.1; +http://www.google.com/bot.html)"
66.249.73.102 - - [28/Apr/2025:12:29:14 -0400] "GET /?i=16751134721409&channel=b36f66&from=pin.php%3Fid%3D1347214-482%26name%3D%E3%83%A9%E3%82%B0+%E3%83%A9%E3%82%B0%E3%83%9E%E3%83%83%E3%83%88+%E3%82%AB%E3%83%BC%E3%83%9A%E3%83%83%E3%83%88+%E5%B9%BE%E4%BD%95%E5%AD%A6%E6%A8%A1%E6%A7%98+%E6%98%A5%E5%A4%8F+%E9%80%81%E6%96%99%E7%84%A1%E6%96%99+%E3%83%99%E3%83%AB%E3%82%AE%E3%83%BC%E7%94%A3+%E3%82%A6%E3%82%A3%E3%83%AB%E3%83%88%E3%83%B3%E7%B9%94%E3%82%8A%E3%83%A9%E3%82%B0+133%C3%97190+160%C3%97230+200%C3%97250+200%C3%97250+240%C3%97240+240%C3%97340+%E7%B5%A8%E6%AF%AF+%E3%81%98%E3%82%85%E3%81%86%E3%81%9F%E3%82%93 HTTP/1.1" 200 54921 "-" "Mozilla/5.0 (Linux; Android 6.0.1; Nexus 5X Build/MMB29P) AppleWebKit/537.36 (KHTML, like Gecko) Chrome/135.0.7049.95 Mobile Safari/537.36 (compatible; Googlebot/2.1; +http://www.google.com/bot.html)"
66.249.73.101 - - [28/Apr/2025:12:29:53 -0400] "GET /?i=0905729708604&channel=a8ecc9&from=blog.php%3Fid%3D297086-1347%26name%3DACE+%E3%82%B9%E3%83%BC%E3%83%84%E3%82%B1%E3%83%BC%E3%82%B9%E3%80%80%E6%9C%AA%E4%BD%BF%E7%94%A8%E5%93%81 HTTP/1.1" 200 51506 "-" "Mozilla/5.0 (Linux; Android 6.0.1; Nexus 5X Build/MMB29P) AppleWebKit/537.36 (KHTML, like Gecko) Chrome/135.0.7049.95 Mobile Safari/537.36 (compatible; Googlebot/2.1; +http://www.google.com/bot.html)"
52.167.144.183 - - [28/Apr/2025:12:29:53 -0400] "GET /?i=14820183715302&channel=fbab5c&from=jp.php%3Fid%3D1837153-732%26name%3DA2540%E3%80%90%E7%BE%8E%E5%93%81%E3%80%91%E3%83%A1%E3%82%BF%E3%83%AB%E3%83%89%E3%83%A9%E3%82%B4%E3%83%B3 HTTP/1.1" 200 0 "-" "Mozilla/5.0 AppleWebKit/537.36 (KHTML, like Gecko; compatible; bingbot/2.0; +http://www.bing.com/bingbot.htm) Chrome/116.0.1938.76 Safari/537.36"
52.167.144.183 - - [28/Apr/2025:12:29:56 -0400] "GET /?i=9830915327709&channel=f30510&from=product.php%3Fid%3D153277-484%26name%3D%E3%80%90SCS%28%E3%82%B9%E3%83%86%E3%83%AB%E3%82%B9%E3%82%AB%E3%82%B9%E3%82%BF%E3%83%A0%E3%82%B7%E3%83%AA%E3%83%BC%E3%82%BA%29%E6%AD%A3%E8%A6%8F%E5%93%81%E3%80%91%3CBR%3E17%E3%82%A4%E3%83%B3%E3%83%81%E3%82%A2%E3%83%AB%E3%83%9F%E3%83%9B%E3%82%A4%E3%83%BC%E3%83%AB+5%E6%9C%AC%E3%82%BB%E3%83%83%E3%83%88%3CBR%3EBR6+17%C3%978.5J+6H139.7+-10+CB106.1%3CBR%3E%E6%B1%8E%E7%94%A8 HTTP/1.1" 200 0 "-" "Mozilla/5.0 AppleWebKit/537.36 (KHTML, like Gecko; compatible; bingbot/2.0; +http://www.bing.com/bingbot.htm) Chrome/116.0.1938.76 Safari/537.36"
52.167.144.235 - - [28/Apr/2025:12:30:12 -0400] "GET /?i=5849575130803&channel=d3c9f3&from=article.php%3Fid%3D751308-2380%26name%3D%E7%9B%B4%E7%AD%86%E3%80%80%E4%B8%96%E7%95%8C%E3%83%81%E3%83%A3%E3%83%B3%E3%83%94%E3%82%AA%E3%83%B3%E3%80%80%E3%82%A6%E3%82%A3%E3%83%AB%E3%83%95%E3%83%AC%E3%83%89%E3%83%BB%E3%83%99%E3%83%8B%E3%83%86%E3%82%B9%E3%80%80%E3%82%B5%E3%82%A4%E3%83%B3%E3%80%80%E3%82%B5%E3%82%A4%E3%83%B3%E6%99%82%E3%81%AE%E5%86%99%E7%9C%9F%26%E6%97%A5%E4%BB%98%26%E6%88%A6%E7%B8%BE%E4%BB%98%E3%80%80%E5%85%A5%E6%89%8B%E8%80%85%E7%BD%B2%E5%90%8D%E5%85%A5%E3%82%8A%E7%9C%9F%E7%AD%86%E8%A8%BC%E6%98%8E%E4%BB%98%E3%80%80%E7%B4%84250x200%E3%83%9F%E3%83%AA HTTP/1.1" 200 0 "-" "Mozilla/5.0 AppleWebKit/537.36 (KHTML, like Gecko; compatible; bingbot/2.0; +http://www.bing.com/bingbot.htm) Chrome/116.0.1938.76 Safari/537.36"
66.249.74.12 - - [28/Apr/2025:12:30:25 -0400] "GET /28072299040.shtml HTTP/1.1" 200 0 "-" "Mozilla/5.0 (Linux; Android 6.0.1; Nexus 5X Build/MMB29P) AppleWebKit/537.36 (KHTML, like Gecko) Chrome/135.0.7049.95 Mobile Safari/537.36 (compatible; GoogleOther)"
52.167.144.203 - - [28/Apr/2025:12:30:41 -0400] "GET /?i=2200851473300&channel=245a35&from=category-info.php%3Fid%3D514733-13407%26name%3D%E3%82%A2%E3%83%B3%E3%83%91%E3%83%B3%E3%83%9E%E3%83%B3%E3%81%AC%E3%82%8A%E3%81%88%E3%82%B3%E3%83%83%E3%83%97%E9%9D%9E%E5%A3%B2%E5%93%81 HTTP/1.1" 200 0 "-" "Mozilla/5.0 AppleWebKit/537.36 (KHTML, like Gecko; compatible; bingbot/2.0; +http://www.bing.com/bingbot.htm) Chrome/116.0.1938.76 Safari/537.36"
66.249.74.11 - - [28/Apr/2025:12:30:44 -0400] "GET /?i=3838734250&channel=9c5f5c&from=shop.php%3Fid%3D3425-794%26name%3D%E9%8A%80%E9%AD%82%E3%80%801-77%E5%B7%BB%E3%80%80%E5%85%A8%E5%B7%BB%E3%82%BB%E3%83%83%E3%83%88%E3%80%80%E3%82%B3%E3%83%9F%E3%83%83%E3%82%AF%E3%82%BB%E3%83%83%E3%83%88%E3%80%80%E5%B0%91%E5%B9%B4%E6%BC%AB%E7%94%BB%E3%80%80%E3%81%BE%E3%81%A8%E3%82%81%E5%A3%B2%E3%82%8A%E3%80%80%E5%AE%8C%E7%B5%90+%E5%85%8D%E3%82%8C%E3%82%8B HTTP/1.1" 200 0 "-" "Mozilla/5.0 (Linux; Android 6.0.1; Nexus 5X Build/MMB29P) AppleWebKit/537.36 (KHTML, like Gecko) Chrome/135.0.7049.95 Mobile Safari/537.36 (compatible; Googlebot/2.1; +http://www.google.com/bot.html)"
66.249.74.11 - - [28/Apr/2025:12:30:54 -0400] "GET /?i=6073614494102&channel=409bb4&from=shop.php%3Fid%3D144941-757%26name%3D%E2%98%85%E3%82%B8%E3%83%A2%E3%83%86%E3%82%A3%E3%83%BC%E5%89%B2%E5%BC%95%E6%9C%89%E2%98%85+%E3%83%91%E3%83%8A%E3%82%BD%E3%83%8B%E3%83%83%E3%82%AF+5.0kg%E5%85%A8%E8%87%AA%E5%8B%95%E6%B4%97%E6%BF%AF%E6%A9%9F+NA-F5BE2+2023%E5%B9%B4%E8%A3%BD+%E4%B8%AD%E5%8F%A4%E5%93%81 HTTP/1.1" 200 54981 "-" "Mozilla/5.0 (Linux; Android 6.0.1; Nexus 5X Build/MMB29P) AppleWebKit/537.36 (KHTML, like Gecko) Chrome/135.0.7049.95 Mobile Safari/537.36 (compatible; Googlebot/2.1; +http://www.google.com/bot.html)"
52.167.144.235 - - [28/Apr/2025:12:31:02 -0400] "GET /?i=79081161967400&channel=2b6869&from=goods.php%3Fid%3D1619674-26972%26name%3D%E3%83%9E%E3%82%B0%E3%83%8D%E3%83%83%E3%83%88%E3%83%95%E3%83%83%E3%82%AF%E3%80%80Disney%E3%83%9F%E3%83%83%E3%82%AD%E3%83%BC HTTP/1.1" 200 0 "-" "Mozilla/5.0 AppleWebKit/537.36 (KHTML, like Gecko; compatible; bingbot/2.0; +http://www.bing.com/bingbot.htm) Chrome/116.0.1938.76 Safari/537.36"
66.249.74.13 - - [28/Apr/2025:12:31:05 -0400] "GET /?i=77265191898600&channel=5387c5&from=goods.php%3Fid%3D1918986-25277%26name%3D%E3%83%8D%E3%82%AA%E3%83%95%E3%82%A1%E3%82%AF%E3%83%88%E3%83%AA%E3%83%BC+FX+%E3%83%AC%E3%83%97%E3%83%AA%E3%82%AB%E3%83%96%E3%83%AC%E3%83%BC%E3%82%AD%E3%83%9B%E3%83%BC%E3%82%B9+79-83y+FX+%E3%83%AA%E3%82%A2%EF%BC%88%E3%83%96%E3%83%A9%E3%83%83%E3%82%AF%EF%BC%89+Neofactory+%E3%83%90%E3%82%A4%E3%82%AF HTTP/1.1" 200 53556 "-" "Mozilla/5.0 (Linux; Android 6.0.1; Nexus 5X Build/MMB29P) AppleWebKit/537.36 (KHTML, like Gecko) Chrome/135.0.7049.95 Mobile Safari/537.36 (compatible; Googlebot/2.1; +http://www.google.com/bot.html)"
52.167.144.228 - - [28/Apr/2025:12:31:16 -0400] "GET /?i=29562197358200&channel=d9b6ae&from=form.php%3Fid%3D1973582-23251%26name%3D%E3%80%901%EF%BD%9E3%E6%97%A5%E4%BB%A5%E5%86%85%E3%81%AB%E7%99%BA%E9%80%81%EF%BC%81%E3%80%91%E3%82%B3%E3%82%B9%E3%83%97%E3%83%AC%E3%82%A2%E3%82%A4%E3%83%86%E3%83%A0+%E6%92%AE%E5%BD%B1%E7%94%A8%E3%82%A2%E3%82%A4%E3%83%86%E3%83%A0+%E5%92%8C%E7%B6%B4%E3%81%98+B5%E3%82%B5%E3%82%A4%E3%82%BA+%E8%B5%A4%E8%89%B2+%E3%83%8E%E3%83%BC%E3%83%88+%E6%9C%AC+%E2%98%85%E5%86%99%E7%9C%9F%E6%98%A0%E3%81%88%E3%83%90%E3%83%83%E3%83%81%E3%83%AA%E3%81%AA%E4%B8%81%E5%BA%A6%E8%89%AF%E3%81%84B5%E3%82%B5%E3%82%A4%E3%82%BA%EF%BC%81%E5%BF%8D%E3%81%9F%E3%81%BE%E3%80%81%E9%8A%80%E9%AD%82%E3%80%81%E3%81%A8%E3%81%86%E3%82%89%E3%81%B6%E7%AD%89%E3%81%AE%E5%92%8C%E8%A3%85%E3%82%B3%E3%82%B9%E3%83%97%E3%83%AC%E7%AD%89%E3%80%81%E6%92%AE%E5%BD%B1%E7%94%A8%E3%81%AB%EF%BC%81%E3%83%8E%E3%83%BC%E3%83%88%E3%81%A8%E3%81%97%E3%81%A6%E5%AE%9F%E7%94%A8%E3%82%82%E3%81%A7%E3%81%8D%E3%81%BE%E3%81%99%EF%BC%81 HTTP/1.1" 200 0 "-" "Mozilla/5.0 AppleWebKit/537.36 (KHTML, like Gecko; compatible; bingbot/2.0; +http://www.bing.com/bingbot.htm) Chrome/116.0.1938.76 Safari/537.36"
66.249.73.103 - - [28/Apr/2025:12:31:31 -0400] "GET /?i=4695584491100&channel=38dcdc&from=article.php%3Fid%3D844911-12045%26name%3D%E3%80%90%E6%96%B0%E5%93%81%E3%83%BB7%E5%96%B6%E6%A5%AD%E6%97%A5%E4%BB%A5%E5%86%85%E7%99%BA%E9%80%81%E3%80%91KVK+KM5041TTU+%E6%B5%81%E3%81%97%E5%8F%B0%E6%B7%B7%E5%90%88%E6%A0%93+%E6%AD%A2%E6%B0%B4%E6%A0%93%E4%BB%98+%E6%B5%81%E3%81%97%E5%8F%B0%E7%94%A8%E3%82%B7%E3%83%B3%E3%82%B0%E3%83%AB%E3%83%AC%E3%83%90%E3%83%BC%E5%BC%8F%E6%B7%B7%E5%90%88%E6%A0%93+%E6%9E%9C%E3%81%9F%E3%81%9B%E3%82%8B+%E3%82%B7%E3%83%B3%E3%82%B0%E3%83%AB%E3%83%AC%E3%83%90%E3%83%BC%E6%B7%B7%E5%90%88%E6%A0%93+series+%E6%B5%81%E3%81%97%E5%8F%B0%E7%94%A8%E3%82%B7%E3%83%B3%E3%82%B0%E3%83%AB%E3%83%AC%E3%83%90%E3%83%BC%E6%B7%B7%E5%90%88%E6%A0%93%E3%80%90%E3%82%AD%E3%83%A3%E3%83%B3%E3%82%BB%E3%83%AB%E4%B8%8D%E5%8F%AF%E3%80%91%E3%80%90%E6%B2%96%E7%B8%84%E9%9B%A2%E5%B3%B6%E8%B2%A9%E5%A3%B2%E4%B8%8D%E5%8F%AF%E3%80%91 HTTP/1.1" 200 55321 "-" "Mozilla/5.0 (Linux; Android 6.0.1; Nexus 5X Build/MMB29P) AppleWebKit/537.36 (KHTML, like Gecko) Chrome/135.0.7049.95 Mobile Safari/537.36 (compatible; Googlebot/2.1; +http://www.google.com/bot.html)"
66.249.73.101 - - [28/Apr/2025:12:31:47 -0400] "GET /?i=0379257975206&channel=6f541a&from=news.php%3Fid%3D579752-14895%26name%3Daqua%E3%81%95%E3%81%BE%E5%B0%82%E7%94%A8%E3%80%80%E6%A8%AA%E5%B1%B1%E5%A4%A7%E8%A6%B3%E3%80%80%E3%80%8C%E4%B8%89%E4%BF%9D%E3%81%AE%E5%AF%8C%E5%A3%AB%E3%80%8D%E3%80%80%E3%83%AA%E3%83%88%E3%82%B0%E3%83%A9%E3%83%95%E3%80%80%E8%90%BD%E6%AC%BE%E3%83%BB%E4%BD%9C%E5%93%81%E8%A8%BC%E6%98%8E%E3%82%B7%E3%83%BC%E3%83%AB%E6%9C%89%E3%82%8A HTTP/1.1" 200 51472 "-" "Mozilla/5.0 (Linux; Android 6.0.1; Nexus 5X Build/MMB29P) AppleWebKit/537.36 (KHTML, like Gecko) Chrome/135.0.7049.95 Mobile Safari/537.36 (compatible; Googlebot/2.1; +http://www.google.com/bot.html)"
66.249.73.101 - - [28/Apr/2025:12:31:55 -0400] "GET /?i=5133753175901&channel=68ab08&from=jp.php%3Fid%3D531759-4724%26name%3D%E6%96%B0%E5%93%81%E3%80%80%E3%82%BB%E3%82%AB%E3%83%B3%E3%83%89%E3%83%A9%E3%83%9C%E3%80%80%E3%83%A9%E3%82%B0%E3%80%80%E3%82%B9%E3%83%9E%E3%82%A4%E3%83%AB%E3%80%80%E5%A4%A7%E5%88%A4%E3%80%80%E3%83%AD%E3%83%B3%E3%83%8F%E3%83%BC%E3%83%9E%E3%83%B3%E3%80%80%E3%82%A4%E3%82%A8%E3%83%AD%E3%83%BC%E3%80%80%E3%83%8B%E3%82%B3%E3%81%A1%E3%82%83%E3%82%93+%E5%8F%B6%E3%81%86 HTTP/1.1" 200 52432 "-" "Mozilla/5.0 (Linux; Android 6.0.1; Nexus 5X Build/MMB29P) AppleWebKit/537.36 (KHTML, like Gecko) Chrome/135.0.7049.95 Mobile Safari/537.36 (compatible; Googlebot/2.1; +http://www.google.com/bot.html)"
66.249.74.11 - - [28/Apr/2025:12:32:03 -0400] "GET /92466472542.shtml HTTP/1.1" 200 0 "-" "Mozilla/5.0 (Linux; Android 6.0.1; Nexus 5X Build/MMB29P) AppleWebKit/537.36 (KHTML, like Gecko) Chrome/135.0.7049.95 Mobile Safari/537.36 (compatible; GoogleOther)"
52.167.144.176 - - [28/Apr/2025:12:32:03 -0400] "GET /?i=70236151774703&channel=1c07b0&from=form.php%3Fid%3D1517747-14797%26name%3D%E7%A1%AC%E3%81%84%E5%8D%B5%E3%80%81%E5%8D%B5%E8%AA%BF%E7%90%86%E5%99%A8%E3%80%81220V%E3%81%8A%E3%82%88%E3%81%B3120W%E3%81%AE%E5%8D%B5%E7%94%A8%E3%81%AE%E3%83%9F%E3%83%8B%E9%9B%BB%E5%8B%95%E6%B1%BD%E8%88%B9%E3%80%81%E5%A4%9A%E6%A9%9F%E8%83%BD%E3%82%AD%E3%83%83%E3%83%81%E3%83%B3%E3%82%A2%E3%82%AF%E3%82%BB%E3%82%B5%E3%83%AA%E3%83%BC%E3%80%81%E3%83%9D%E3%83%BC%E3%82%BF%E3%83%96%E3%83%AB%E5%9B%BD%E5%86%85%E5%8D%B5%E3%82%B1%E3%83%88%E3%83%AB%E7%94%A8%E3%81%AE%E5%8D%B5%E8%AA%BF%E7%90%86+%E8%87%AA%E5%8B%95%E5%8D%B5%E3%82%AD HTTP/1.1" 200 0 "-" "Mozilla/5.0 AppleWebKit/537.36 (KHTML, like Gecko; compatible; bingbot/2.0; +http://www.bing.com/bingbot.htm) Chrome/116.0.1938.76 Safari/537.36"
52.167.144.235 - - [28/Apr/2025:12:32:07 -0400] "GET /?i=48862126675000&channel=784d1b&from=goods.php%3Fid%3D1266750-456%26name%3D%3F%E6%9C%AA%E4%BD%BF%E7%94%A8%E5%93%81%EF%BC%81%E3%82%B3%E3%83%B3%E3%83%91%E3%82%AF%E3%83%88%EF%BC%812P%E3%82%BD%E3%83%95%E3%82%A1%E3%83%BC%3F2300 HTTP/1.1" 200 0 "-" "Mozilla/5.0 AppleWebKit/537.36 (KHTML, like Gecko; compatible; bingbot/2.0; +http://www.bing.com/bingbot.htm) Chrome/116.0.1938.76 Safari/537.36"
66.249.73.102 - - [28/Apr/2025:12:32:30 -0400] "GET /?i=00291168101201&channel=8e3c96&from=shared.php%3Fid%3D1681012-1248%26name%3D%5BDyeulget%5D+%E6%90%BA%E5%B8%AF%E9%9B%BB%E8%A9%B1%E3%83%AA%E3%82%B9%E3%83%88%E3%82%B9%E3%83%88%E3%83%A9%E3%83%83%E3%83%97%E3%80%81%E3%82%AF%E3%83%AD%E3%82%B9%E3%83%9C%E3%83%87%E3%82%A3%E6%90%BA%E5%B8%AF%E9%9B%BB%E8%A9%B1%E3%82%B9%E3%83%88%E3%83%A9%E3%83%83%E3%83%97+-+%E5%A4%9A%E7%94%A8%E9%80%94%E3%81%AE%E9%9B%BB%E8%A9%B1%E3%83%8D%E3%83%83%E3%82%AF%E3%82%B9%E3%83%88%E3%83%A9%E3%83%83%E3%83%97%E6%90%BA%E5%B8%AF%E9%9B%BB%E8%A9%B1%E3%82%B9%E3%83%88%E3%83%A9%E3%83%83%E3%83%97 HTTP/1.1" 200 53609 "-" "Mozilla/5.0 (Linux; Android 6.0.1; Nexus 5X Build/MMB29P) AppleWebKit/537.36 (KHTML, like Gecko) Chrome/135.0.7049.95 Mobile Safari/537.36 (compatible; Googlebot/2.1; +http://www.google.com/bot.html)"
66.249.73.101 - - [28/Apr/2025:12:33:03 -0400] "GET /?i=31701153364513&channel=14fadd&from=shared.php%3Fid%3D1533645-17420%26name%3D%E3%83%A9%E3%83%83%E3%82%B7%E3%83%A5%E3%82%AC%E3%83%BC%E3%83%89+%E3%80%8CReebok%2F%E3%83%AA%E3%83%BC%E3%83%9C%E3%83%83%E3%82%AF%E3%80%8D%E3%83%AC%E3%83%87%E3%82%A3%E3%83%BC%E3%82%B9%E3%82%B9%E3%82%BF%E3%83%B3%E3%83%89UV%E3%82%B8%E3%83%A3%E3%82%B1%E3%83%83%E3%83%88%E3%80%80%E3%83%A9%E3%83%83%E3%82%B7%E3%83%A5%E3%82%AC%E3%83%BC%E3%83%89+%E3%83%AC%E3%83%87%E3%82%A3%E3%83%BC%E3%82%B9 HTTP/1.1" 200 51433 "-" "Mozilla/5.0 (Linux; Android 6.0.1; Nexus 5X Build/MMB29P) AppleWebKit/537.36 (KHTML, like Gecko) Chrome/135.0.7049.95 Mobile Safari/537.36 (compatible; Googlebot/2.1; +http://www.google.com/bot.html)"
66.249.73.102 - - [28/Apr/2025:12:33:10 -0400] "GET /?i=38693171581400&channel=e07b98&from=shared.php%3Fid%3D1715814-6776%26name%3D%E3%82%A4%E3%83%83%E3%82%AB+%E3%83%91%E3%83%BC%E3%82%AB%E3%83%BC+%E3%82%A2%E3%82%A6%E3%82%BF%E3%83%BC+%E3%83%96%E3%83%AB%E3%82%BE%E3%83%B3+%E3%82%B9%E3%83%88%E3%83%A9%E3%82%A4%E3%83%97+%E6%98%A5+%E3%83%95%E3%83%BC%E3%83%89%E5%8F%96%E3%82%8A%E5%A4%96%E3%81%97%E5%8F%AF+XL+%E9%9D%92 HTTP/1.1" 200 52654 "-" "Mozilla/5.0 (Linux; Android 6.0.1; Nexus 5X Build/MMB29P) AppleWebKit/537.36 (KHTML, like Gecko) Chrome/135.0.7049.95 Mobile Safari/537.36 (compatible; Googlebot/2.1; +http://www.google.com/bot.html)"
52.167.144.235 - - [28/Apr/2025:12:33:19 -0400] "GET /?i=09783115273101&channel=03688b&from=shared.php%3Fid%3D1152731-8658%26name%3D%E5%A4%A7%E8%B0%B7%E7%BF%94%E5%B9%B3%E3%80%80%E3%83%9C%E3%83%96%E3%83%AB%E3%83%98%E3%83%83%E3%83%89%28%E4%B8%96%E7%B4%80%E3%81%AE%E5%A5%91%E7%B4%84%29 HTTP/1.1" 200 0 "-" "Mozilla/5.0 AppleWebKit/537.36 (KHTML, like Gecko; compatible; bingbot/2.0; +http://www.bing.com/bingbot.htm) Chrome/116.0.1938.76 Safari/537.36"
52.167.144.176 - - [28/Apr/2025:12:33:24 -0400] "GET /?i=04372155623301&channel=06db75&from=goods.php%3Fid%3D1556233-663%26name%3D%E3%83%91%E3%82%B9%E3%82%B1%E3%83%BC%E3%82%B9+%E3%81%8A%E3%81%95%E3%82%8B%E3%81%AE%E3%82%B8%E3%83%A7%E3%83%BC%E3%82%B8+%E3%82%B7%E3%83%B3%E3%82%B0%E3%83%AB+%E3%83%91%E3%82%B9%E3%82%B1%E3%83%BC%E3%82%B9+LUCKY%E3%80%904%E7%82%B9%E3%81%BE%E3%81%A7%E3%83%A1%E3%83%BC%E3%83%AB%E4%BE%BF%E5%AF%BE%E5%BF%9C%E3%80%91+%E3%83%AC%E3%83%87%E3%82%A3%E3%83%BC%E3%82%B9+%E3%83%A1%E3%83%B3%E3%82%BA+%E5%AD%90%E4%BE%9B+%E7%94%B7%E3%81%AE%E5%AD%90+%E5%A5%B3%E3%81%AE%E5%AD%90+%E5%B0%8F%E5%AD%A6%E6%A0%A1+%E4%B8%AD%E5%AD%A6%E7%94%9F+%E9%AB%98%E6%A0%A1%E7%94%9F+%E9%80%9A%E5%AD%A6+%E9%80%9A%E5%8B%A4+%E6%97%85%E8%A1%8C+%E5%AD%A6%E6%A0%A1%E7%94%A8%E5%93%81+%E3%82%B7%E3%83%B3%E3%83%97%E3%83%AB+%E3%82%AD%E3%83%A3%E3%83%A9%E3%82%AF%E3%82%BF%E3%83%BC+%E9%9B%91%E8%B2%A8+%E3%81%8B%E3%82%8F%E3%81%84%E3%81%84+%E5%8F%AF%E6%84%9B%E3%81%84+%E3%81%8A%E3%81%97%E3%82%83%E3%82%8C HTTP/1.1" 200 0 "-" "Mozilla/5.0 AppleWebKit/537.36 (KHTML, like Gecko; compatible; bingbot/2.0; +http://www.bing.com/bingbot.htm) Chrome/116.0.1938.76 Safari/537.36"
66.249.74.13 - - [28/Apr/2025:12:33:57 -0400] "GET /?i=81001138731203&channel=64c5ae&from=pin.php%3Fid%3D1387312-484%26name%3D%E3%82%B1%E3%83%B3%E3%82%A6%E3%83%83%E3%83%89%28KENWOOD%29+%E3%83%89%E3%83%A9%E3%82%A4%E3%83%96%E3%83%AC%E3%82%B3%E3%83%BC%E3%83%80%E3%83%BC+WideQuad-HD+Wifi%E6%A9%9F%E8%83%BD%E4%BB%98+DRV-W630 HTTP/1.1" 200 54775 "-" "Mozilla/5.0 (Linux; Android 6.0.1; Nexus 5X Build/MMB29P) AppleWebKit/537.36 (KHTML, like Gecko) Chrome/135.0.7049.95 Mobile Safari/537.36 (compatible; Googlebot/2.1; +http://www.google.com/bot.html)"
66.249.73.103 - - [28/Apr/2025:12:34:10 -0400] "GET /?i=28762122997803&channel=d85b95&from=brands.php%3Fid%3D1229978-4867%26name%3DHer+lip+to%2FEmbroidered+Velour+Midi+Dress HTTP/1.1" 200 53709 "-" "Mozilla/5.0 (Linux; Android 6.0.1; Nexus 5X Build/MMB29P) AppleWebKit/537.36 (KHTML, like Gecko) Chrome/135.0.7049.95 Mobile Safari/537.36 (compatible; Googlebot/2.1; +http://www.google.com/bot.html)"
43.130.34.74 - - [28/Apr/2025:12:35:13 -0400] "GET / HTTP/1.1" 200 0 "http://www.mianoorproperties.com" "Mozilla/5.0 (iPhone; CPU iPhone OS 13_2_3 like Mac OS X) AppleWebKit/605.1.15 (KHTML, like Gecko) Version/13.0.3 Mobile/15E148 Safari/604.1"
66.249.73.103 - - [28/Apr/2025:12:35:16 -0400] "GET /?i=474305007211&channel=605df4&from=pin.php%3Fid%3D50072-5661%26name%3D200w%E8%87%AA%E5%8B%95%E8%86%A8%E5%BC%B5%E3%83%90%E3%83%AB%E3%83%BC%E3%83%B3%E3%83%A9%E3%82%A4%E3%83%88+SIRUI+A200B+Bi-Color HTTP/1.1" 200 52844 "-" "Mozilla/5.0 (Linux; Android 6.0.1; Nexus 5X Build/MMB29P) AppleWebKit/537.36 (KHTML, like Gecko) Chrome/135.0.7049.95 Mobile Safari/537.36 (compatible; Googlebot/2.1; +http://www.google.com/bot.html)"
66.249.73.101 - - [28/Apr/2025:12:35:23 -0400] "GET /?i=94246166179702&channel=a8f39b&from=shared.php%3Fid%3D1661797-668%26name%3D%E3%82%A6%E3%82%A8%E3%83%A9+%E3%82%A4%E3%83%AB%E3%83%9F%E3%83%8A%E3%82%AB%E3%83%A9%E3%83%BC+%E3%82%AA%E3%83%BC%E3%82%B7%E3%83%A3%E3%83%B3+10+80g+%E3%80%90%E5%8C%BB%E8%96%AC%E9%83%A8%E5%A4%96%E5%93%81%E3%80%91 HTTP/1.1" 200 54934 "-" "Mozilla/5.0 (Linux; Android 6.0.1; Nexus 5X Build/MMB29P) AppleWebKit/537.36 (KHTML, like Gecko) Chrome/135.0.7049.95 Mobile Safari/537.36 (compatible; Googlebot/2.1; +http://www.google.com/bot.html)"
66.249.74.12 - - [28/Apr/2025:12:35:47 -0400] "GET /593021190282.shtml HTTP/1.1" 200 0 "-" "Mozilla/5.0 (Linux; Android 6.0.1; Nexus 5X Build/MMB29P) AppleWebKit/537.36 (KHTML, like Gecko) Chrome/135.0.7049.95 Mobile Safari/537.36 (compatible; GoogleOther)"
66.249.73.103 - - [28/Apr/2025:12:36:02 -0400] "GET /?i=29224180681204&channel=38c502&from=category-info.php%3Fid%3D1806812-2940%26name%3D%E3%83%99%E3%83%83%E3%83%89%E3%82%B5%E3%82%A4%E3%83%89%E3%82%AF%E3%83%83%E3%82%B7%E3%83%A7%E3%83%B3+%E8%B5%A4%E3%81%A1%E3%82%83%E3%82%93+%E8%BB%A2%E8%90%BD%E9%98%B2%E6%AD%A2+%E9%95%B7%E6%96%B9%E5%BD%A2+%E8%83%8C%E5%BD%93%E3%81%A6+%E3%83%8F%E3%82%A4%E3%82%BF%E3%82%A4%E3%83%97+%E3%83%9E%E3%82%BF%E3%83%8B%E3%83%86%E3%82%A3%E6%9E%95++%E8%90%BD%E4%B8%8B%E9%98%B2%E6%AD%A2 HTTP/1.1" 200 54840 "-" "Mozilla/5.0 (Linux; Android 6.0.1; Nexus 5X Build/MMB29P) AppleWebKit/537.36 (KHTML, like Gecko) Chrome/135.0.7049.95 Mobile Safari/537.36 (compatible; Googlebot/2.1; +http://www.google.com/bot.html)"
52.167.144.176 - - [28/Apr/2025:12:36:03 -0400] "GET /?i=20656188371701&channel=f28c67&from=info.php%3Fid%3D1883717-20%26name%3D%E3%80%90%E8%A6%81%E3%82%A8%E3%83%B3%E3%83%88%E3%83%AA%E3%83%BC%E3%80%91%E3%81%8A%E8%B2%B7%E3%81%84%E7%89%A9%E3%83%9E%E3%83%A9%E3%82%BD%E3%83%B3%E9%99%90%E5%AE%9A%E2%98%85%E5%85%A8%E5%93%81P7%E5%80%8D%EF%BC%81%3Cbr%3EDAYTONA+%E3%83%87%E3%82%A4%E3%83%88%E3%83%8A%3Cbr%3E%E5%A1%97%E6%96%99+MC%E3%83%9A%E3%82%A4%E3%83%B3%E3%82%BF%E3%83%BC+K43+%E3%83%A1%E3%82%BF%E3%83%AA%E3%83%83%E3%82%AF%E3%82%B9%E3%83%91%E3%83%BC%E3%82%AF%E3%83%96%E3%83%A9%E3%83%83%E3%82%AF+D68610%3Cbr%3E%282319099%29%3Cbr%3E%E4%BB%A3%E5%BC%95%E4%B8%8D%E5%8F%AF HTTP/1.1" 200 0 "-" "Mozilla/5.0 AppleWebKit/537.36 (KHTML, like Gecko; compatible; bingbot/2.0; +http://www.bing.com/bingbot.htm) Chrome/116.0.1938.76 Safari/537.36"
66.249.74.12 - - [28/Apr/2025:12:36:46 -0400] "GET /?i=8390913686504&channel=cafead&from=info.php%3Fid%3D136865-8596%26name%3D%E5%A4%9A%E6%A9%9F%E8%83%BD%E3%82%B3%E5%AD%97%E5%9E%8B%E3%82%B5%E3%82%A4%E3%83%89%E3%83%86%E3%83%BC%E3%83%96%E3%83%AB+-+%E6%9C%A8%E7%9B%AE%E8%AA%BF%EF%BC%86%E3%82%A2%E3%82%A4%E3%82%A2%E3%83%B3%E3%83%87%E3%82%B6%E3%82%A4%E3%83%B3 HTTP/1.1" 200 52457 "-" "Mozilla/5.0 (Linux; Android 6.0.1; Nexus 5X Build/MMB29P) AppleWebKit/537.36 (KHTML, like Gecko) Chrome/135.0.7049.95 Mobile Safari/537.36 (compatible; Googlebot/2.1; +http://www.google.com/bot.html)"
66.249.73.101 - - [28/Apr/2025:12:36:53 -0400] "GET /?i=90821135189805&channel=411a88&from=pin.php%3Fid%3D1351898-3312%26name%3DTASK+GOLF+3D+Swing+Mentor+%E3%82%B9%E3%82%A4%E3%83%B3%E3%82%B0%E3%83%A1%E3%83%B3%E3%82%BF%E3%83%BC HTTP/1.1" 200 55707 "-" "Mozilla/5.0 (Linux; Android 6.0.1; Nexus 5X Build/MMB29P) AppleWebKit/537.36 (KHTML, like Gecko) Chrome/135.0.7049.95 Mobile Safari/537.36 (compatible; Googlebot/2.1; +http://www.google.com/bot.html)"
66.249.74.11 - - [28/Apr/2025:12:37:06 -0400] "GET /?i=13797190360806&channel=3c59c1&from=category-info.php%3Fid%3D1903608-22079%26name%3D%E5%85%A5%E6%B5%B4%E5%89%A4%E3%82%BB%E3%83%83%E3%83%88%E2%98%86 HTTP/1.1" 200 0 "-" "Mozilla/5.0 (Linux; Android 6.0.1; Nexus 5X Build/MMB29P) AppleWebKit/537.36 (KHTML, like Gecko) Chrome/135.0.7049.95 Mobile Safari/537.36 (compatible; GoogleOther)"
52.167.144.184 - - [28/Apr/2025:12:37:22 -0400] "GET /?i=54975154072400&channel=ba7868&from=product.php%3Fid%3D1540724-21628%26name%3D%E2%98%85%E3%83%88%E3%83%AC%E3%82%AB%E2%98%85BBM96%E3%83%97%E3%83%AD%E3%83%AC%E3%82%B9%E3%80%90%E6%A0%BC%E9%97%98%E6%8E%A2%E5%81%B5%E5%9B%A3%E3%83%90%E3%83%88%E3%83%A9%E3%83%BC%E3%83%84%E3%80%80%E3%82%B3%E3%83%B3%E3%83%97%E3%83%AA%E3%83%BC%E3%83%88%E3%82%BB%E3%83%83%E3%83%88%E5%85%A811%E6%9E%9A%E3%80%91 HTTP/1.1" 200 0 "-" "Mozilla/5.0 AppleWebKit/537.36 (KHTML, like Gecko; compatible; bingbot/2.0; +http://www.bing.com/bingbot.htm) Chrome/116.0.1938.76 Safari/537.36"
40.77.167.76 - - [28/Apr/2025:12:37:23 -0400] "GET /?i=491559467600&channel=e830f8&from=news.php%3Fid%3D94676-3005%26name%3DARNOLD+PALMER%2F%E3%82%A2%E3%83%BC%E3%83%8E%E3%83%AB%E3%83%89%E3%83%BB%E3%83%91%E3%83%BC%E3%83%9E%E3%83%BC+%E8%BB%BD%E9%87%8F%E3%82%AD%E3%83%A3%E3%83%87%E3%82%A3%E3%83%90%E3%83%83%E3%82%B0+%E3%82%AB%E3%83%BC%E3%82%AD HTTP/1.1" 200 0 "-" "Mozilla/5.0 AppleWebKit/537.36 (KHTML, like Gecko; compatible; bingbot/2.0; +http://www.bing.com/bingbot.htm) Chrome/116.0.1938.76 Safari/537.36"
52.167.144.184 - - [28/Apr/2025:12:37:24 -0400] "GET /?i=81230167842900&channel=afc00c&from=brands.php%3Fid%3D1678429-22135%26name%3D2%E6%9E%9A%E3%82%BB%E3%83%83%E3%83%88%E2%98%86%E3%83%A9%E3%83%B3%E3%83%80%E3%83%A0%E6%98%9F%E6%9F%84%26%E3%82%B9%E3%83%88%E3%83%A9%E3%82%A4%E3%83%97%E2%98%86%E7%94%9F%E6%88%90%E3%82%8A%C3%97%E3%83%8D%E3%82%A4%E3%83%93%E3%83%BC%E6%98%9F%E2%98%86%E3%82%B3%E3%83%83%E3%83%88%E3%83%B3%E3%83%84%E3%82%A4%E3%83%AB HTTP/1.1" 200 0 "-" "Mozilla/5.0 AppleWebKit/537.36 (KHTML, like Gecko; compatible; bingbot/2.0; +http://www.bing.com/bingbot.htm) Chrome/116.0.1938.76 Safari/537.36"
52.167.144.176 - - [28/Apr/2025:12:37:33 -0400] "GET /?i=6257558167900&channel=55af38&from=pin.php%3Fid%3D581679-7000%26name%3D6%2F9%E8%BF%84%EF%BC%81+%E5%B7%9D%E5%B4%8E%E5%B8%82%2F%E5%BC%95%E5%8F%96%E3%81%AE%E3%81%BF+%E3%83%8B%E3%83%88%E3%83%AA+%E3%82%AB%E3%82%A6%E3%83%81%E3%82%BD%E3%83%95%E3%82%A1 HTTP/1.1" 200 0 "-" "Mozilla/5.0 AppleWebKit/537.36 (KHTML, like Gecko; compatible; bingbot/2.0; +http://www.bing.com/bingbot.htm) Chrome/116.0.1938.76 Safari/537.36"
66.249.73.103 - - [28/Apr/2025:12:37:43 -0400] "GET /?i=8999174982306&channel=f704bd&from=article.php%3Fid%3D749823-13250%26name%3D%E3%80%90%E8%B6%A3%E6%A5%BD%E3%80%91+%E5%B8%8C%E5%B0%91%E7%A7%80%E9%80%B8%E3%80%80%E6%B1%9F%E6%88%B8%E6%99%82%E4%BB%A3%E3%80%80%E3%80%90%E8%91%B5%E6%96%87%E3%80%80%E9%A6%99%E9%81%93%E5%85%B7%E3%80%91%E3%80%80%E7%9B%86%E5%B9%85%EF%BC%92%EF%BC%96%EF%BC%8C%EF%BC%94%EF%BD%83%EF%BD%8D%E3%80%80%E6%9C%AC%E7%89%A9%E4%BF%9D%E8%A8%BC%E3%80%80%EF%BC%A6%EF%BC%92%EF%BC%90%EF%BC%99%EF%BC%91 HTTP/1.1" 200 54337 "-" "Mozilla/5.0 (Linux; Android 6.0.1; Nexus 5X Build/MMB29P) AppleWebKit/537.36 (KHTML, like Gecko) Chrome/135.0.7049.95 Mobile Safari/537.36 (compatible; Googlebot/2.1; +http://www.google.com/bot.html)"
146.70.117.44 - - [28/Apr/2025:12:37:47 -0400] "GET /.env HTTP/1.1" 200 0 "-" "-"
66.249.73.103 - - [28/Apr/2025:12:38:19 -0400] "GET /?i=85748164573600&channel=acc02c&from=blog.php%3Fid%3D1645736-18626%26name%3D%E3%83%84%E3%82%A4%E3%83%B3%E3%83%90%E3%83%BC%E3%83%89+%E8%B6%85%E9%9F%B3%E6%B3%A2%E6%B4%97%E6%B5%84%E5%99%A8 HTTP/1.1" 200 51811 "-" "Mozilla/5.0 (Linux; Android 6.0.1; Nexus 5X Build/MMB29P) AppleWebKit/537.36 (KHTML, like Gecko) Chrome/135.0.7049.95 Mobile Safari/537.36 (compatible; Googlebot/2.1; +http://www.google.com/bot.html)"
66.249.74.11 - - [28/Apr/2025:12:38:25 -0400] "GET /?i=8252451874300&channel=dc4626&from=goods.php%3Fid%3D518743-10210%26name%3D%E5%92%8C%E7%B4%99%E3%81%AE%E7%B5%B5%E5%86%99%E7%9C%9F+%E3%80%8C%E5%BD%A9%E3%82%8A%E3%81%AE%E7%95%91%E3%81%AE%E3%83%A9%E3%83%99%E3%83%B3%E3%83%80%E3%83%BC%E3%80%8D+%E7%AB%8B%E4%BD%93%E9%A1%8D%E7%B8%81%E4%BB%98%E3%81%8D+44x31cm+%E7%B5%B5%E7%94%BB+%E3%82%A4%E3%83%B3%E3%83%86%E3%83%AA%E3%82%A2+%E7%8E%84%E9%96%A2+%E9%A2%A8%E6%B0%B4+%E9%A2%A8%E6%99%AF%E7%94%BB+%E3%82%A2%E3%83%BC%E3%83%88+%E3%83%91%E3%83%8D%E3%83%AB+%E3%83%9D%E3%82%B9%E3%82%BF%E3%83%BC+%E3%81%8A%E3%81%97%E3%82%83%E3%82%8C+%E6%96%B0%E7%AF%89%E7%A5%9D%E3%81%84+%E7%B5%B5+%E5%A3%81%E6%8E%9B%E3%81%91+%E5%92%8C%E3%83%A2%E3%83%80%E3%83%B3+%E5%92%8C%E9%A2%A8+%E3%82%B8%E3%83%A3%E3%83%91%E3%83%B3%E3%83%87%E3%82%A3%E5%A4%8F+%E7%B4%AB+%E4%B8%98+%E8%8A%B1%E3%81%AE%E7%B5%B5 HTTP/1.1" 200 0 "-" "Mozilla/5.0 (Linux; Android 6.0.1; Nexus 5X Build/MMB29P) AppleWebKit/537.36 (KHTML, like Gecko) Chrome/135.0.7049.95 Mobile Safari/537.36 (compatible; GoogleOther)"
66.249.73.101 - - [28/Apr/2025:12:38:56 -0400] "GET /?i=8032144830602&channel=8e783b&from=product.php%3Fid%3D448306-9155%26name%3D%E3%83%8E%E3%83%BC%E3%82%B9%E3%83%95%E3%82%A7%E3%82%A4%E3%82%B9%E3%80%80G%E3%82%B8%E3%83%A3%E3%83%B3%EF%BC%8F%E3%83%87%E3%83%8B%E3%83%A0%E3%82%B8%E3%83%A3%E3%82%B1%E3%83%83%E3%83%88%E3%80%80%E3%82%B4%E3%82%A2%E3%83%86%E3%83%83%E3%82%AF%E3%82%B9+++%E5%B8%8C%E5%B0%91%E3%83%AC%E3%82%A2%E3%80%80L HTTP/1.1" 200 52875 "-" "Mozilla/5.0 (Linux; Android 6.0.1; Nexus 5X Build/MMB29P) AppleWebKit/537.36 (KHTML, like Gecko) Chrome/135.0.7049.95 Mobile Safari/537.36 (compatible; Googlebot/2.1; +http://www.google.com/bot.html)"
52.167.144.176 - - [28/Apr/2025:12:39:24 -0400] "GET /?i=99713157070703&channel=a3cb3c&from=category-info.php%3Fid%3D1570707-8378%26name%3D%E6%9C%AA%E7%B5%84%E7%AB%8B%E3%80%80%E4%B8%8B%E8%83%B4%E4%BD%93%E3%80%80%E3%83%9E%E3%82%B8%E3%82%AB%E3%83%AB%E3%83%90%E3%83%BC%E3%82%BC%E3%83%A9%E3%83%AB%E3%83%89%E3%80%80%E3%83%A1%E3%82%AC%E3%83%9F%E3%83%87%E3%83%90%E3%82%A4%E3%82%B9+5 HTTP/1.1" 200 0 "-" "Mozilla/5.0 AppleWebKit/537.36 (KHTML, like Gecko; compatible; bingbot/2.0; +http://www.bing.com/bingbot.htm) Chrome/116.0.1938.76 Safari/537.36"
52.167.144.235 - - [28/Apr/2025:12:39:48 -0400] "GET /?i=6827190932900&channel=66c6ed&from=info.php%3Fid%3D909329-16%26name%3D%E3%80%90%E5%B9%85%E5%BA%834.5E%E3%82%BF%E3%82%A4%E3%83%97%E3%80%91%E3%80%90YONEX%E3%80%91%E3%83%A8%E3%83%8D%E3%83%83%E3%82%AF%E3%82%B9%E3%80%80+%E5%B9%85%E5%BA%83%E3%82%A6%E3%82%A9%E3%83%BC%E3%82%AD%E3%83%B3%E3%82%B0%E3%82%B7%E3%83%A5%E3%83%BC%E3%82%BALC30W%E3%80%90%E3%83%80%E3%83%BC%E3%82%AF%E3%83%AC%E3%83%83%E3%83%89%E3%83%BB%E3%83%96%E3%83%AD%E3%83%B3%E3%82%BA%E3%80%91%E3%80%90%E5%B9%85%E5%BA%83%E3%83%AF%E3%82%A4%E3%83%89%E8%A8%AD%E8%A8%88+%E3%83%AF%E3%82%A4%E3%82%BA%EF%BC%94E%E4%BB%A5%E4%B8%8A%E3%80%80%E3%82%B9%E3%83%8B%E3%83%BC%E3%82%AB%E3%83%BC%E3%80%80%E3%82%A6%E3%82%A9%E3%83%BC%E3%82%AD%E3%83%B3%E3%82%B0%E3%82%B7%E3%83%A5%E3%83%BC%E3%82%BA%E3%80%80%E7%B4%90%E3%82%BF%E3%82%A4%E3%83%97%E3%80%80%E3%83%95%E3%82%A1%E3%82%B9%E3%83%8A%E3%83%BC%E3%81%82%E3%82%8A%E3%80%91 HTTP/1.1" 200 0 "-" "Mozilla/5.0 AppleWebKit/537.36 (KHTML, like Gecko; compatible; bingbot/2.0; +http://www.bing.com/bingbot.htm) Chrome/116.0.1938.76 Safari/537.36"
52.167.144.235 - - [28/Apr/2025:12:39:49 -0400] "GET /?i=29104150836700&channel=39f683&from=product.php%3Fid%3D1508367-10693%26name%3D%E5%8A%B9%E7%8E%87%E7%9A%84%E3%81%AA%E3%83%90%E3%83%83%E3%83%86%E3%83%AA%E3%83%BC%E3%82%B7%E3%83%A3%E3%83%83%E3%83%88%E3%82%AA%E3%83%95%E3%82%B9%E3%82%A4%E3%83%83%E3%83%81Easy%E3%82%A4%E3%83%B3%E3%82%B9%E3%83%88%E3%83%BC%E3%83%AB%E3%83%90%E3%83%83%E3%83%86%E3%83%AA%E3%83%BC%E3%81%AF%E3%80%81%E5%AE%89%E5%AE%9A%E3%81%97%E3%81%9F%E9%9B%BB%E5%8A%9B%E5%88%B6%E5%BE%A1%E3%81%8C%E5%BF%85%E8%A6%81%E3%81%AA%E8%BB%8A%E3%81%AE%E6%89%80%E6%9C%89%E8%80%85%E3%81%AE%E3%81%9F%E3%82%81%E3%81%AE%E3%83%90%E3%83%83%E3%83%86%E3%83%AA%E3%83%BC%E5%88%87%E6%96%AD%E3%82%B9%E3%82%A4 HTTP/1.1" 200 0 "-" "Mozilla/5.0 AppleWebKit/537.36 (KHTML, like Gecko; compatible; bingbot/2.0; +http://www.bing.com/bingbot.htm) Chrome/116.0.1938.76 Safari/537.36"
66.249.74.13 - - [28/Apr/2025:12:40:07 -0400] "GET /?i=9112763003505&channel=8ab544&from=jp.php%3Fid%3D630035-2946%26name%3D%E3%80%90%E6%9C%AA%E9%96%8B%E6%A0%93%E3%80%91%E3%80%90%E6%9D%B1%E4%BA%AC%E9%83%BD%E9%99%90%E5%AE%9A%E3%80%91%E3%83%99%E3%83%B3%E3%83%81%E3%83%A3%E3%83%BC%E3%82%A6%E3%82%A4%E3%82%B9%E3%82%AD%E3%83%BC+%E3%82%A4%E3%83%81%E3%83%AD%E3%83%BC%E3%82%BA%E3%83%A2%E3%83%AB%E3%83%88+%E3%82%B6+%E3%82%A6%E3%82%A4%E3%82%B9%E3%82%AD%E3%83%BC+%E3%83%97%E3%83%A9%E3%82%B9+10%E5%91%A8%E5%B9%B4%E8%A8%98%E5%BF%B5%E3%83%9C%E3%83%88%E3%83%AB+2014-2024+700ml+60%EF%BC%85+Ichiro%27s+Malt+++%E3%82%A6%E3%82%A3%E3%82%B9%E3%82%AD%E3%83%BC%E3%80%90A2%E3%80%91%E3%80%90%E4%B8%AD%E5%8F%A4%E3%80%91 HTTP/1.1" 200 53446 "-" "Mozilla/5.0 (Linux; Android 6.0.1; Nexus 5X Build/MMB29P) AppleWebKit/537.36 (KHTML, like Gecko) Chrome/135.0.7049.95 Mobile Safari/537.36 (compatible; Googlebot/2.1; +http://www.google.com/bot.html)"
52.167.144.235 - - [28/Apr/2025:12:40:21 -0400] "GET /?i=81396169087500&channel=1463da&from=goods.php%3Fid%3D1690875-8398%26name%3D%E3%83%AC%E3%83%9C%E3%83%AA%E3%83%A5%E3%83%BC%E3%82%B7%E3%83%A7%E3%83%B3%E3%83%95%E3%82%A1%E3%82%AF%E3%83%88%E3%83%AA%E3%83%BC+C57%E3%83%8A%E3%83%B3%E3%83%90%E3%83%BC+%E5%8C%97%E6%B5%B7%E9%81%93+KATO%E3%82%B5%E3%82%A4%E3%82%BA+%E3%82%B8%E3%83%A3%E3%83%B3%E3%82%AF%E5%93%81 HTTP/1.1" 200 0 "-" "Mozilla/5.0 AppleWebKit/537.36 (KHTML, like Gecko; compatible; bingbot/2.0; +http://www.bing.com/bingbot.htm) Chrome/116.0.1938.76 Safari/537.36"
66.249.73.101 - - [28/Apr/2025:12:40:48 -0400] "GET /?i=1449810989602&channel=1a6a64&from=shared.php%3Fid%3D109896-8428%26name%3D%E3%83%90%E3%83%AB%E3%83%96+1%2F2+%26%2334%3B3%2F4%26%2334%3B+1%26%2334%3B+2%26%2334%3B+%E3%82%B9%E3%83%86%E3%83%B3%E3%83%AC%E3%82%B9%E9%8B%BC%E9%9B%BB%E5%8B%95%E3%83%90%E3%83%AB%E3%83%96+220V+12V+24V+3+%E7%B7%9A%E5%BC%8F HTTP/1.1" 200 56166 "-" "Mozilla/5.0 (Linux; Android 6.0.1; Nexus 5X Build/MMB29P) AppleWebKit/537.36 (KHTML, like Gecko) Chrome/135.0.7049.95 Mobile Safari/537.36 (compatible; Googlebot/2.1; +http://www.google.com/bot.html)"
52.167.144.184 - - [28/Apr/2025:12:41:04 -0400] "GET /?i=90578190618706&channel=e3f8a6&from=product.php%3Fid%3D1906187-30966%26name%3D%E3%80%90%E5%88%9D%E7%89%88%E3%80%91%E3%82%B6%E3%83%BB%E3%82%AD%E3%83%B3%E3%82%B0%E3%83%BB%E3%82%AA%E3%83%96%E3%83%BB%E3%83%95%E3%82%A1%E3%82%A4%E3%82%BF%E3%83%BC%E3%82%BA%2797%E3%80%8198%E3%80%81%E5%AE%8C%E5%85%A8%E6%94%BB%E7%95%A5%E3%80%80KOF97+98 HTTP/1.1" 200 0 "-" "Mozilla/5.0 AppleWebKit/537.36 (KHTML, like Gecko; compatible; bingbot/2.0; +http://www.bing.com/bingbot.htm) Chrome/116.0.1938.76 Safari/537.36"
52.167.144.176 - - [28/Apr/2025:12:41:13 -0400] "GET /?i=87872120088000&channel=a20981&from=info.php%3Fid%3D1200880-15333%26name%3D%E3%83%81%E3%82%A7%E3%83%B3%E3%82%B8%E3%82%AB%E3%82%AA%E3%83%AA%E3%83%9B%E3%83%AF%E3%82%A4%E3%83%88%E3%80%80%E3%83%AA%E3%83%B3%E3%82%AF%E3%83%AB%E3%83%A2%E3%82%A4%E3%82%B9%E3%83%81%E3%83%A3%E3%83%BC%E3%82%B8%E3%83%A5%E3%82%A8%E3%83%AA%E3%83%BCW+%E5%A2%97%E9%87%8F100g%C3%972%E5%80%8B HTTP/1.1" 200 0 "-" "Mozilla/5.0 AppleWebKit/537.36 (KHTML, like Gecko; compatible; bingbot/2.0; +http://www.bing.com/bingbot.htm) Chrome/116.0.1938.76 Safari/537.36"
