40.77.167.56 - - [28/Apr/2025:10:25:20 -0400] "GET /?i=82992101779802&channel=d77ddc&from=goods.php%3Fid%3D1017798-20939%26name%3D%E3%82%AD%E3%83%A3%E3%83%97%E3%83%86%E3%83%B3%E3%82%B9%E3%82%BF%E3%83%83%E3%82%B0+%E3%82%A6%E3%82%A4%E3%83%B3%E3%83%89%E3%83%96%E3%83%AC%E3%82%A4%E3%82%AF+%E3%82%AB%E3%82%BB%E3%83%83%E3%83%88%E3%82%B3%E3%83%B3%E3%83%AD%28%E3%82%B8%E3%83%A5%E3%83%8B%E3%82%A2%29%EF%BC%86%E3%83%A9%E3%82%A6%E3%83%B3%E3%83%89+%E3%82%B0%E3%83%AA%E3%83%AB%E3%83%97%E3%83%AC%E3%83%BC%E3%83%88%EF%BC%86%E3%82%AC%E3%82%B9%E3%82%AB%E3%82%BB%E3%83%83%E3%83%88%E3%83%9C%E3%83%B3%E3%83%99%283%E6%9C%AC%E3%83%91%E3%83%83%E3%82%AF%29%E4%BB%98%E3%81%8D+3 HTTP/1.1" 200 0 "-" "Mozilla/5.0 AppleWebKit/537.36 (KHTML, like Gecko; compatible; bingbot/2.0; +http://www.bing.com/bingbot.htm) Chrome/116.0.1938.76 Safari/537.36"
66.249.73.103 - - [28/Apr/2025:10:25:32 -0400] "GET /?i=424874966300&channel=db4598&from=product.php%3Fid%3D49663-5654%26name%3D%E6%9C%AA+sparky+911+RSR+%2393+Team+-+3rd+LMGTE+Pro+class+24H+Le+Mans+2019 HTTP/1.1" 200 54179 "-" "Mozilla/5.0 (Linux; Android 6.0.1; Nexus 5X Build/MMB29P) AppleWebKit/537.36 (KHTML, like Gecko) Chrome/135.0.7049.95 Mobile Safari/537.36 (compatible; Googlebot/2.1; +http://www.google.com/bot.html)"
40.77.167.25 - - [28/Apr/2025:10:25:46 -0400] "GET /?i=96212131466805&channel=3b233f&from=shared.php%3Fid%3D1314668-13141%26name%3D%E3%81%8A%E5%AE%AE%E5%8F%82%E3%82%8A%E3%80%80%E5%A5%B3%E3%81%AE%E5%AD%90%E3%80%80%E4%B8%80%E3%81%A4%E8%BA%AB%E7%9D%80%E7%89%A9%E3%80%81%E9%95%B7%E8%A5%A6%E8%A2%A2%E3%80%81%E5%B0%8F%E7%89%A9%E3%82%BB%E3%83%83%E3%83%88 HTTP/1.1" 200 0 "-" "Mozilla/5.0 AppleWebKit/537.36 (KHTML, like Gecko; compatible; bingbot/2.0; +http://www.bing.com/bingbot.htm) Chrome/116.0.1938.76 Safari/537.36"
40.77.167.56 - - [28/Apr/2025:10:25:50 -0400] "GET /?i=55989138137206&channel=88cc25&from=category-info.php%3Fid%3D1381372-5727%26name%3D%E3%80%90%E4%B8%AD%E5%8F%A4%E3%80%91%E3%80%90%E3%83%95%E3%82%A3%E3%83%83%E3%82%B7%E3%83%B3%E3%82%B0%2F%E9%87%A3%E3%82%8A%2F%E9%87%A3%E5%85%B7%2F%E3%83%AB%E3%82%A2%E3%83%BC%E3%80%91DRT+%7C+%E3%83%87%E3%82%A3%E3%83%93%E3%82%B8%E3%83%A7%E3%83%B3%E3%83%AC%E3%83%BC%E3%83%99%E3%83%AB%E3%82%BF%E3%83%83%E3%82%AF%E3%83%AB%E3%82%BA+%E3%82%BF%E3%82%A4%E3%83%8B%E3%83%BC%E3%82%AF%E3%83%A9%E3%83%83%E3%82%B7%E3%83%A5LOW%E3%80%80%E9%8E%A7%E3%80%90%E5%B0%BE%E5%BC%B5%E5%B0%8F%E7%89%A7%E5%BA%97%E3%80%91 HTTP/1.1" 200 0 "-" "Mozilla/5.0 AppleWebKit/537.36 (KHTML, like Gecko; compatible; bingbot/2.0; +http://www.bing.com/bingbot.htm) Chrome/116.0.1938.76 Safari/537.36"
52.167.144.203 - - [28/Apr/2025:10:26:35 -0400] "GET /?i=0226298346500&channel=f86ad8&from=article.php%3Fid%3D983465-1220%26name%3DN-BOX+%E7%B4%94%E6%AD%A3%E3%80%80%E3%82%A2%E3%83%AB%E3%83%9F%E3%80%8014%E3%82%A4%E3%83%B3%E3%83%81 HTTP/1.1" 200 0 "-" "Mozilla/5.0 AppleWebKit/537.36 (KHTML, like Gecko; compatible; bingbot/2.0; +http://www.bing.com/bingbot.htm) Chrome/116.0.1938.76 Safari/537.36"
40.77.167.35 - - [28/Apr/2025:10:27:02 -0400] "GET /?i=7757492121700&channel=10e759&from=category-info.php%3Fid%3D921217-4743%26name%3D%E3%83%AA%E3%82%A2%E3%82%AF%E3%82%B7%E3%83%A7%E3%83%B3%E3%83%88%E3%83%AC%E3%83%BC%E3%83%8B%E3%83%B3%E3%82%B0%E3%83%A9%E3%82%A4%E3%83%88%E3%82%B7%E3%82%B9%E3%83%86%E3%83%A0%E3%80%81%E3%82%B9%E3%83%94%E3%83%BC%E3%83%89%E3%82%A2%E3%82%B8%E3%83%AA%E3%83%86%E3%82%A3%E3%83%88%E3%83%AC%E3%83%BC%E3%83%8B%E3%83%B3%E3%82%B0%E7%94%A8%E3%83%AA%E3%82%A2%E3%82%AF%E3%82%B7%E3%83%A7%E3%83%B3%E3%83%A9%E3%82%A4%E3%83%88%E3%83%88%E3%83%AC%E3%83%BC%E3%83%8B%E3%83%B3%E3%82%B0%E3%80%81+4Pieces HTTP/1.1" 200 0 "-" "Mozilla/5.0 AppleWebKit/537.36 (KHTML, like Gecko; compatible; bingbot/2.0; +http://www.bing.com/bingbot.htm) Chrome/116.0.1938.76 Safari/537.36"
20.15.133.175 - - [28/Apr/2025:10:27:37 -0400] "GET /?i=07772130540100&channel=7d350d&from=shop.php%3Fid%3D1305401-10503%26name%3DATH-M50xBT2+%E3%82%AA%E3%83%BC%E3%83%87%E3%82%A3%E3%82%AA%E3%83%86%E3%82%AF%E3%83%8B%E3%82%AB%E3%83%98%E3%83%83%E3%83%89%E3%83%95%E3%82%A9%E3%83%B3 HTTP/1.1" 200 0 "-" "Mozilla/5.0 AppleWebKit/537.36 (KHTML, like Gecko; compatible; bingbot/2.0; +http://www.bing.com/bingbot.htm) Chrome/116.0.1938.76 Safari/537.36"
66.249.74.11 - - [28/Apr/2025:10:27:40 -0400] "GET /91212233020.shtml HTTP/1.1" 200 0 "-" "Mozilla/5.0 (Linux; Android 6.0.1; Nexus 5X Build/MMB29P) AppleWebKit/537.36 (KHTML, like Gecko) Chrome/135.0.7049.95 Mobile Safari/537.36 (compatible; GoogleOther)"
66.249.74.11 - - [28/Apr/2025:10:29:01 -0400] "GET /?i=7296284019604&channel=89c36b&from=news.php%3Fid%3D840196-2512%26name%3D%E3%82%B7%E3%82%AF%E3%83%AD%E3%82%AF%E3%83%AD%E3%82%B9%E3%80%80%E5%AE%8C%E6%88%90%E8%BB%8A%E3%80%80di2+%E3%82%B7%E3%83%9E%E3%83%8E%E3%80%80%E3%82%A2%E3%83%AB%E3%83%86%E3%82%B0%E3%83%A9%E3%80%80DISC%E3%83%96%E3%83%AC%E3%83%BC%E3%82%AD%E3%80%80%E9%96%A2%E8%A5%BF%E3%82%B7%E3%82%AF%E3%83%AD%E3%80%80paxproject+MTB+%E3%80%80%E5%BC%95%E3%81%8D%E5%8F%96%E3%82%8A%E9%99%90%E5%AE%9A%E3%80%80%E5%A4%A7%E9%98%AA%E3%82%88%E3%82%8A%E3%80%80%E3%83%AD%E3%83%BC%E3%83%89%E3%83%90%E3%82%A4%E3%82%AF HTTP/1.1" 200 54391 "-" "Mozilla/5.0 (Linux; Android 6.0.1; Nexus 5X Build/MMB29P) AppleWebKit/537.36 (KHTML, like Gecko) Chrome/135.0.7049.95 Mobile Safari/537.36 (compatible; Googlebot/2.1; +http://www.google.com/bot.html)"
66.249.74.12 - - [28/Apr/2025:10:29:21 -0400] "GET /?i=0811964386001&channel=dcab1a&from=news.php%3Fid%3D643860-4693%26name%3D%E4%B8%AD%E5%8F%A4+%E3%83%95%E3%82%B8%E3%82%AF%E3%83%A9+VENTUS+TR+RD+6%EF%BC%88S%EF%BC%89+%E3%83%86%E3%83%BC%E3%83%A9%E3%83%BC%E3%83%A1%E3%82%A4%E3%83%89%E7%94%A8%E3%82%B9%E3%83%AA%E3%83%BC%E3%83%96+44%E3%82%A4%E3%83%B3%E3%83%81%2FS%2F0%5B7319%5D%E2%96%A0%E5%8D%9A%E5%A4%9A HTTP/1.1" 200 54839 "-" "Mozilla/5.0 (Linux; Android 6.0.1; Nexus 5X Build/MMB29P) AppleWebKit/537.36 (KHTML, like Gecko) Chrome/135.0.7049.95 Mobile Safari/537.36 (compatible; Googlebot/2.1; +http://www.google.com/bot.html)"
40.77.167.25 - - [28/Apr/2025:10:29:26 -0400] "GET /?i=9299036323601&channel=2bd349&from=goods.php%3Fid%3D363236-14435%26name%3D%E9%9B%BB%E6%B0%97%E3%83%92%E3%83%BC%E3%82%BF%E3%83%BC%E3%80%81%E5%AE%B6%E5%BA%AD%E7%94%A8%E5%9E%82%E7%9B%B4120%E5%BA%A6%E9%A6%96%E6%8C%AF%E3%82%8A%E6%B8%A9%E9%A2%A8%E9%80%81%E9%A2%A8%E6%A9%9F%E3%80%81%E3%83%87%E3%82%B8%E3%82%BF%E3%83%AB%E8%A1%A8%E7%A4%BA%E7%94%BB%E9%9D%A2%E3%81%A8%E3%83%AF%E3%83%B3%E3%82%BF%E3%83%83%E3%83%81%E6%A9%9F%E8%83%BD%E3%80%813%E6%AE%B5%E9%9A%8E%E3%81%AE%E6%B8%A9%E5%BA%A6%E5%88%B6%E5%BE%A1%E3%81%AF10-20%E3%8E%A1%E3%81%AE%E9%83%A8%E5%B1%8B%E3%82%92%E7%B4%A0%E6%97%A9%E3%81%8F%E6%9A%96%E3%82%81 HTTP/1.1" 200 0 "-" "Mozilla/5.0 AppleWebKit/537.36 (KHTML, like Gecko; compatible; bingbot/2.0; +http://www.bing.com/bingbot.htm) Chrome/116.0.1938.76 Safari/537.36"
40.77.167.25 - - [28/Apr/2025:10:29:45 -0400] "GET /?i=1917287518400&channel=e31c95&from=category-info.php%3Fid%3D875184-769%26name%3DBluetooth+5.1+SHOKZ+OpenMove+%E9%AA%A8%E4%BC%9D%E5%B0%8E%E3%82%A4%E3%83%A4%E3%83%9B%E3%83%B3+%E5%85%AC%E5%BC%8F%E3%82%B9%E3%83%88%E3%82%A2%E6%AD%A3%E8%A6%8F%E5%93%81+%E3%83%AF%E3%82%A4%E3%83%A4%E3%83%AC%E3%82%B9%E3%82%A4%E3%83%A4%E3%83%9B%E3%83%B3+Zoom%E3%81%AA%E3%81%A9%E3%83%AA%E3%83%A2%E3%83%BC%E3%83%88%E4%BC%9A%E8%AD%B0+%E3%83%86%E3%83%AC%E3%83%AF%E3%83%BC%E3%82%AF+%E5%9C%A8%E5%AE%85%E5%8B%A4%E5%8B%99+6%E6%99%82%E9%96%93%E4%BD%BF%E7%94%A8%E5%8F%AF%E8%83%BD+%E7%92%B0%E5%A2%83%E9%9F%B3%E8%81%9E%E3%81%8D%E5%8F%96%E3%82%8A+2%E5%B9%B4%E4%BF%9D%E8%A8%BC+%E3%82%B0%E3%83%AC%E3%83%BC HTTP/1.1" 200 0 "-" "Mozilla/5.0 AppleWebKit/537.36 (KHTML, like Gecko; compatible; bingbot/2.0; +http://www.bing.com/bingbot.htm) Chrome/116.0.1938.76 Safari/537.36"
66.249.74.11 - - [28/Apr/2025:10:29:49 -0400] "GET /?i=29599110073601&channel=8e085d&from=blog.php%3Fid%3D1100736-721%26name%3DB099%3F%E3%80%904K%E3%83%91%E3%83%8D%E3%83%AB%2C%E5%8B%95%E7%94%BB%E3%82%A2%E3%83%97%E3%83%AA%E3%80%9143%E3%82%A4%E3%83%B3%E3%83%81%E6%B6%B2%E6%99%B6%E3%83%86%E3%83%AC%E3%83%93+LG+43UJ6100 HTTP/1.1" 200 53780 "-" "Mozilla/5.0 (Linux; Android 6.0.1; Nexus 5X Build/MMB29P) AppleWebKit/537.36 (KHTML, like Gecko) Chrome/135.0.7049.95 Mobile Safari/537.36 (compatible; Googlebot/2.1; +http://www.google.com/bot.html)"
40.77.167.78 - - [28/Apr/2025:10:29:51 -0400] "GET /?i=8200869436204&channel=2cc062&from=news.php%3Fid%3D694362-12601%26name%3D701N%5BTS%5D%E6%A5%B5%E4%B8%8A%E2%99%AA+MEISSEN+%E3%83%9E%E3%82%A4%E3%82%BB%E3%83%B3+%E3%80%8E%E7%8C%BF%E3%81%AE%E6%A5%BD%E9%9A%8A%E3%80%8F+%E7%BD%AE%E7%89%A9+%E3%83%95%E3%82%A3%E3%82%AE%E3%83%A5%E3%83%AA%E3%83%B3+%E3%82%B1%E3%83%B3%E3%83%89%E3%83%A9%E3%83%BC%E5%8E%9F%E5%9E%8B%E4%BA%BA%E5%BD%A2%2F%E6%89%8B%E5%9B%9E%E3%81%97%E3%82%AA%E3%83%AB%E3%82%AC%E3%83%B3 HTTP/1.1" 200 0 "-" "Mozilla/5.0 AppleWebKit/537.36 (KHTML, like Gecko; compatible; bingbot/2.0; +http://www.bing.com/bingbot.htm) Chrome/116.0.1938.76 Safari/537.36"
66.249.73.103 - - [28/Apr/2025:10:30:04 -0400] "GET /?i=6186937938303&channel=607a94&from=pin.php%3Fid%3D379383-51%26name%3D%E3%82%AB%E3%83%AC%E3%83%B3%E6%97%8F%E3%80%80%E3%82%AB%E3%83%AC%E3%83%B3%E3%82%B7%E3%83%AB%E3%83%90%E3%83%BC%E3%80%80%E3%83%90%E3%83%B3%E3%82%B0%E3%83%AB+%E5%9F%8B%E3%82%81%E8%BE%BC%E3%81%BF HTTP/1.1" 200 52576 "-" "Mozilla/5.0 (Linux; Android 6.0.1; Nexus 5X Build/MMB29P) AppleWebKit/537.36 (KHTML, like Gecko) Chrome/135.0.7049.95 Mobile Safari/537.36 (compatible; Googlebot/2.1; +http://www.google.com/bot.html)"
52.167.144.203 - - [28/Apr/2025:10:30:08 -0400] "GET /?i=5031292695404&channel=410cdf&from=shop.php%3Fid%3D926954-5926%26name%3D%E5%B2%A1%E6%9C%AC%E5%A4%AA%E9%83%8E%E3%80%81%E3%80%90%E7%94%9F%E6%88%90%E3%80%91%E3%80%81%E5%B8%8C%E5%B0%91%E7%94%BB%E9%9B%86%E7%94%BB%E3%80%81%E9%AB%98%E7%B4%9A%E6%96%B0%E5%93%81%E9%A1%8D%E3%83%BB%E9%A1%8D%E8%A3%85%E4%BB%98%E3%80%81%E7%8A%B6%E6%85%8B%E8%89%AF%E5%A5%BD%E3%80%81%E9%80%81%E6%96%99%E7%84%A1%E6%96%99%E3%80%81%E3%82%A4%E3%83%B3%E3%83%86%E3%83%AA%E3%82%A2 HTTP/1.1" 200 0 "-" "Mozilla/5.0 AppleWebKit/537.36 (KHTML, like Gecko; compatible; bingbot/2.0; +http://www.bing.com/bingbot.htm) Chrome/116.0.1938.76 Safari/537.36"
20.15.133.191 - - [28/Apr/2025:10:30:09 -0400] "GET /?i=37267122520700&channel=f955a3&from=shared.php%3Fid%3D1225207-8943%26name%3D%E3%83%A6%E3%83%8B%E3%82%AA%E3%83%B3%E3%82%A2%E3%83%AA%E3%83%BC%E3%83%8A%E3%80%80%E5%B9%BD%E9%81%8A%E7%99%BD%E6%9B%B8%E3%80%80%E3%82%A2%E3%82%AF%E3%82%B7%E3%83%A7%E3%83%B3%E3%83%9D%E3%82%A4%E3%83%B3%E3%83%88%E3%80%80%E6%88%B8%E6%84%9A%E5%91%82%E5%BC%9F%E3%80%80AP HTTP/1.1" 200 0 "-" "Mozilla/5.0 AppleWebKit/537.36 (KHTML, like Gecko; compatible; bingbot/2.0; +http://www.bing.com/bingbot.htm) Chrome/116.0.1938.76 Safari/537.36"
66.249.74.11 - - [28/Apr/2025:10:30:32 -0400] "GET /?i=1873495649101&channel=8750a7&from=goods.php%3Fid%3D956491-3372%26name%3D%E5%A4%A7%E3%81%8D%E3%81%84%E3%82%B5%E3%82%A4%E3%82%BA46+%E3%83%88%E3%83%A9%E3%83%B3%E3%82%B9%E3%83%AF%E3%83%BC%E3%82%AF+%E3%82%B3%E3%83%BC%E3%83%88%E2%99%AB%E6%9C%80%E9%AB%98%E7%B4%9A+%E3%82%AB%E3%82%B7%E3%83%9F%E3%83%A4%E6%B7%B7%E7%BE%8A%E6%AF%9B%E7%B4%A0%E6%9D%90+%E3%83%96%E3%83%A9%E3%83%83%E3%82%AF HTTP/1.1" 200 53176 "-" "Mozilla/5.0 (Linux; Android 6.0.1; Nexus 5X Build/MMB29P) AppleWebKit/537.36 (KHTML, like Gecko) Chrome/135.0.7049.95 Mobile Safari/537.36 (compatible; Googlebot/2.1; +http://www.google.com/bot.html)"
20.15.133.174 - - [28/Apr/2025:10:31:07 -0400] "GET /?i=9503510752804&channel=c1bad3&from=shared.php%3Fid%3D107528-3680%26name%3DC75+%E3%82%A2%E3%82%AF%E3%82%BB%E3%82%B5%E3%83%AA%E3%83%BC%E3%82%BB%E3%83%83%E3%83%88%E3%80%80%E6%9C%9D%E5%80%89%E7%94%B1%E5%A4%A2%E3%80%80%E3%82%A8%E3%83%AA%E3%82%AB%E3%83%BB%E3%83%A0%E3%83%A9%E3%82%B5%E3%82%AD%E3%80%80%E3%83%80%E3%83%BB%E3%82%AB%E3%83%BC%E3%83%9D2 HTTP/1.1" 200 0 "-" "Mozilla/5.0 AppleWebKit/537.36 (KHTML, like Gecko; compatible; bingbot/2.0; +http://www.bing.com/bingbot.htm) Chrome/116.0.1938.76 Safari/537.36"
20.15.133.191 - - [28/Apr/2025:10:31:12 -0400] "GET /?i=0221841843401&channel=dc08ad&from=goods.php%3Fid%3D418434-7052%26name%3D%E3%83%95%E3%83%BC%E3%83%89%E4%BB%98%E3%81%8D%E3%82%B3%E3%82%AF%E3%83%BC%E3%83%B3%E3%83%80%E3%82%A6%E3%83%B3%E3%82%B8%E3%83%A3%E3%82%B1%E3%83%83%E3%83%88+2021%E6%96%B0%E4%BD%9C+%E3%83%99%E3%83%BC%E3%82%B8%E3%83%A5+L%E3%82%B5%E3%82%A4%E3%82%BA HTTP/1.1" 200 0 "-" "Mozilla/5.0 AppleWebKit/537.36 (KHTML, like Gecko; compatible; bingbot/2.0; +http://www.bing.com/bingbot.htm) Chrome/116.0.1938.76 Safari/537.36"
52.167.144.203 - - [28/Apr/2025:10:31:16 -0400] "GET /?i=9998443136700&channel=6e0113&from=blog.php%3Fid%3D431367-15289%26name%3DREDEN+%E3%83%AA%E3%83%87%E3%83%B3%E3%82%B9%E3%82%AB%E3%83%AB%E3%83%97%E3%83%AD%E3%83%BC%E3%82%B7%E3%83%A7%E3%83%B3+90ml%C3%974%E6%9C%AC HTTP/1.1" 200 0 "-" "Mozilla/5.0 AppleWebKit/537.36 (KHTML, like Gecko; compatible; bingbot/2.0; +http://www.bing.com/bingbot.htm) Chrome/116.0.1938.76 Safari/537.36"
52.167.144.181 - - [28/Apr/2025:10:32:47 -0400] "GET /?i=2440315413905&channel=44e34b&from=product.php%3Fid%3D154139-673%26name%3DCNC%E6%8A%98%E3%82%8A%E7%95%B3%E3%81%BF%E5%BC%8F%E8%AA%BF%E6%95%B4%E5%8F%AF%E8%83%BD%E3%81%AA%E3%83%96%E3%83%AC%E3%83%BC%E3%82%AD%E3%82%AF%E3%83%A9%E3%83%83%E3%83%81%E3%83%AC%E3%83%90%E3%83%BCTriumph%E7%94%A8+Daytona%E7%94%A8+Trident%E7%94%A8+Tiger+Explorer HTTP/1.1" 200 0 "-" "Mozilla/5.0 AppleWebKit/537.36 (KHTML, like Gecko; compatible; bingbot/2.0; +http://www.bing.com/bingbot.htm) Chrome/116.0.1938.76 Safari/537.36"
52.167.144.203 - - [28/Apr/2025:10:33:16 -0400] "GET /?i=841138555100&channel=76ede7&from=category-info.php%3Fid%3D85551-5004%26name%3DMIMMIC+%E5%B1%8B%E5%A4%96%E3%81%AE%E9%98%B2%E6%B0%B4%E3%81%95%E3%81%B3+%E5%B0%8E%E3%81%84%E3%81%9F%E3%82%A6%E3%82%A9%E3%83%BC%E3%83%AB%E3%83%A9%E3%83%B3%E3%83%97%E3%82%A2%E3%83%A1%E3%83%AA%E3%82%AB%E3%83%B3%E3%82%B7%E3%83%B3%E3%83%97%E3%83%AB%E3%81%AA%E9%98%B2%E6%B0%B4%E5%BA%AD%E3%83%A9%E3%82%A4%E3%83%88%E5%B1%8B%E5%A4%96%E9%80%9A%E8%B7%AF%E3%83%90%E3%83%AB%E3%82%B3%E3%83%8B%E3%83%BC%E3%83%A9%E3%83%B3%E3%83%97%E3%83%86%E3%83%A9%E3%82%B9%E3%83%A9%E3%83%B3%E3%83%97%E5%A4%96%E5%A3%81%E6%97%A5%E5%85%89%E3%83%AB%E3%83%BC%E3%83%A0 HTTP/1.1" 200 0 "-" "Mozilla/5.0 AppleWebKit/537.36 (KHTML, like Gecko; compatible; bingbot/2.0; +http://www.bing.com/bingbot.htm) Chrome/116.0.1938.76 Safari/537.36"
52.167.144.203 - - [28/Apr/2025:10:33:36 -0400] "GET /?i=15008119457005&channel=bbec9d&from=info.php%3Fid%3D1194570-4392%26name%3DGibson+USA+%2F+70s+Explorer+Classic+White+%5BB%E7%B4%9A%E3%82%A2%E3%82%A6%E3%83%88%E3%83%AC%E3%83%83%E3%83%88%5D%5B%E9%87%8D%E9%87%8F%3A3.5kg%5D%E3%80%90S%2FN%3A230540160%E3%80%91%E3%80%90%E6%B1%A0%E8%A2%8B%E5%BA%97%E3%80%91%E3%80%90YRK%E3%80%91 HTTP/1.1" 200 0 "-" "Mozilla/5.0 AppleWebKit/537.36 (KHTML, like Gecko; compatible; bingbot/2.0; +http://www.bing.com/bingbot.htm) Chrome/116.0.1938.76 Safari/537.36"
52.167.144.181 - - [28/Apr/2025:10:34:07 -0400] "GET /?i=1878932011700&channel=03f838&from=info.php%3Fid%3D320117-2596%26name%3D%E3%80%8A%E6%BA%90%E3%80%8B%E3%80%90%E5%8D%B3%E6%B1%BA%E3%83%BB%E9%80%81%E6%96%99%E7%84%A1%E6%96%99%E3%80%91%E5%87%BA%E9%9B%B2+%E6%A5%BD%E5%B1%B1%E7%84%BC+%E4%BC%9D%E3%83%BB11%E4%BB%A3+%E9%95%B7%E5%B2%A1%E4%BD%8F%E5%8F%B3%E8%A1%9B%E9%96%80%EF%BC%88%E7%A9%BA%E6%A8%A9%EF%BC%89%E4%BD%9C+%E6%99%82%E4%BB%A3%E7%89%A9+%E5%B9%B3%E8%8C%B6%E7%A2%97%2F%E5%85%B1%E7%AE%B1 HTTP/1.1" 200 0 "-" "Mozilla/5.0 AppleWebKit/537.36 (KHTML, like Gecko; compatible; bingbot/2.0; +http://www.bing.com/bingbot.htm) Chrome/116.0.1938.76 Safari/537.36"
52.167.144.193 - - [28/Apr/2025:10:34:21 -0400] "GET /?i=5021643838303&channel=3ea4bb&from=form.php%3Fid%3D438383-4667%26name%3DApm+monaco+%E3%83%AA%E3%83%B3%E3%82%B0 HTTP/1.1" 200 0 "-" "Mozilla/5.0 AppleWebKit/537.36 (KHTML, like Gecko; compatible; bingbot/2.0; +http://www.bing.com/bingbot.htm) Chrome/116.0.1938.76 Safari/537.36"
52.167.144.159 - - [28/Apr/2025:10:34:22 -0400] "GET /?i=87189126185200&channel=2f68d8&from=pin.php%3Fid%3D1261852-6924%26name%3D%E8%A1%A3%E9%A1%9E%E3%83%A9%E3%83%83%E3%82%AF%E3%80%81%E3%82%B3%E3%83%BC%E3%83%88%E3%83%A9%E3%83%83%E3%82%AF+%E9%87%91%E5%B1%9E%E8%A3%BD%E8%A1%A3%E9%A1%9E%E3%83%87%E3%82%A3%E3%82%B9%E3%83%97%E3%83%AC%E3%82%A4%E3%82%B9%E3%82%BF%E3%83%B3%E3%83%89+%E6%B4%8B%E6%9C%8D%E6%8E%9B%E3%81%91+%E3%83%AA%E3%83%93%E3%83%B3%E3%82%B0%E3%83%AB%E3%83%BC%E3%83%A0%2F%E5%AF%9D%E5%AE%A4%2F%E3%82%B7%E3%83%A7%E3%83%83%E3%83%97%E7%94%A8%2F%E3%82%B4%E3%83%BC%E3%83%AB%E3%83%89%2F100X40X160 HTTP/1.1" 200 0 "-" "Mozilla/5.0 AppleWebKit/537.36 (KHTML, like Gecko; compatible; bingbot/2.0; +http://www.bing.com/bingbot.htm) Chrome/116.0.1938.76 Safari/537.36"
20.15.133.174 - - [28/Apr/2025:10:34:49 -0400] "GET /?i=5942051068802&channel=a800f9&from=category-info.php%3Fid%3D510688-1763%26name%3D%E3%80%90%E4%B8%AD%E5%8F%A4%E3%80%91%5BFIG%5D+%E7%8B%9B%E4%BA%95%E8%93%AE%E5%AD%A3%28%E3%81%93%E3%81%BE%E3%81%84%E3%81%AF%E3%81%99%E3%81%8D%29+%E3%83%90%E3%83%8B%E3%83%BCVer.+%E5%AF%84%E5%AE%BF%E5%AD%A6%E6%A0%A1%E3%81%AE%E3%82%B8%E3%83%A5%E3%83%AA%E3%82%A8%E3%83%83%E3%83%88+1%2F4+%E5%AE%8C%E6%88%90%E5%93%81+%E3%83%95%E3%82%A3%E3%82%AE%E3%83%A5%E3%82%A2+FREEing%28%E3%83%95%E3%83%AA%E3%83%BC%E3%82%A4%E3%83%B3%E3%82%B0%29%2861126870%29 HTTP/1.1" 200 0 "-" "Mozilla/5.0 AppleWebKit/537.36 (KHTML, like Gecko; compatible; bingbot/2.0; +http://www.bing.com/bingbot.htm) Chrome/116.0.1938.76 Safari/537.36"
20.15.133.174 - - [28/Apr/2025:10:34:51 -0400] "GET /?i=8905360841803&channel=37e7dc&from=jp.php%3Fid%3D608418-756%26name%3DTheory+19ss+%E3%83%AD%E3%83%B3%E3%82%B0%E3%82%AB%E3%83%BC%E3%83%87%E3%82%A3%E3%82%AC%E3%83%B3 HTTP/1.1" 200 0 "-" "Mozilla/5.0 AppleWebKit/537.36 (KHTML, like Gecko; compatible; bingbot/2.0; +http://www.bing.com/bingbot.htm) Chrome/116.0.1938.76 Safari/537.36"
20.15.133.174 - - [28/Apr/2025:10:34:53 -0400] "GET /?i=79235181296800&channel=62136a&from=blog.php%3Fid%3D1812968-12996%26name%3D%EF%BC%93%E8%89%B2%E3%82%B1%E3%83%BC%E3%83%96%E3%83%AB HTTP/1.1" 200 0 "-" "Mozilla/5.0 AppleWebKit/537.36 (KHTML, like Gecko; compatible; bingbot/2.0; +http://www.bing.com/bingbot.htm) Chrome/116.0.1938.76 Safari/537.36"
40.77.167.126 - - [28/Apr/2025:10:36:31 -0400] "GET /?i=7590434909701&channel=5f621c&from=shared.php%3Fid%3D349097-14206%26name%3DPurathick+%E5%A4%A9%E7%84%B6%E5%A2%97%E7%B2%98%E5%89%A4%E3%83%9C%E3%83%83%E3%82%AF%E3%82%B9+%E5%80%8B%E5%88%A5%E3%82%B5%E3%83%BC%E3%83%93%E3%83%B3%E3%82%B0%E3%82%B9%E3%83%86%E3%82%A3%E3%83%83%E3%82%AF30%E6%9C%AC%E5%85%A5%E3%82%8A%E3%80%81%E5%9A%A5%E4%B8%8B%E9%9A%9C%E5%AE%B3%E3%81%AE%E3%81%82%E3%82%8B%E4%BA%BA%E3%81%AE%E3%81%9F%E3%82%81%E3%81%AE%E6%B8%A9%E3%81%8B%E3%81%84%E6%B6%B2%E4%BD%93%E3%81%A8%E5%86%B7%E3%81%9F%E3%81%84%E6%B6%B2%E4%BD%93%E3%82%92%E6%BF%83%E3%81%8F%E3%81%97%E3%81%BE HTTP/1.1" 200 0 "-" "Mozilla/5.0 AppleWebKit/537.36 (KHTML, like Gecko; compatible; bingbot/2.0; +http://www.bing.com/bingbot.htm) Chrome/116.0.1938.76 Safari/537.36"
52.167.144.199 - - [28/Apr/2025:10:36:33 -0400] "GET /?i=91842118837001&channel=222a9c&from=article.php%3Fid%3D1188370-661%26name%3D%E3%80%9015%25OFF%E3%82%AF%E3%83%BC%E3%83%9D%E3%83%B3%E5%AF%BE%E8%B1%A1%E5%93%81%E3%80%91%E3%82%AA%E3%83%BC%E3%83%AB%E3%83%89%E3%82%AD%E3%83%AA%E3%83%A0%E3%82%AF%E3%83%83%E3%82%B7%E3%83%A7%E3%83%B3%E3%82%AB%E3%83%90%E3%83%BC40cm%2F%E3%82%A2%E3%83%B3%E3%83%86%E3%82%A3%E3%83%BC%E3%82%AF%E3%82%AD%E3%83%AA%E3%83%A0%3Cbr%3E%E3%82%A2%E3%83%B3%E3%82%BF%E3%83%AB%E3%83%A4%E3%83%BB%E3%82%B5%E3%83%81%E3%82%AB%E3%83%A9 HTTP/1.1" 200 0 "-" "Mozilla/5.0 AppleWebKit/537.36 (KHTML, like Gecko; compatible; bingbot/2.0; +http://www.bing.com/bingbot.htm) Chrome/116.0.1938.76 Safari/537.36"
52.167.144.181 - - [28/Apr/2025:10:37:26 -0400] "GET /?i=89233122935900&channel=80e757&from=blog.php%3Fid%3D1229359-917%26name%3DOGASAKA+CT154%E6%96%B0%E5%93%812024%E3%83%A2%E3%83%87%E3%83%AB HTTP/1.1" 200 0 "-" "Mozilla/5.0 AppleWebKit/537.36 (KHTML, like Gecko; compatible; bingbot/2.0; +http://www.bing.com/bingbot.htm) Chrome/116.0.1938.76 Safari/537.36"
20.15.133.174 - - [28/Apr/2025:10:37:38 -0400] "GET /?i=8818168347100&channel=c5701b&from=shared.php%3Fid%3D683471-2207%26name%3D%E8%A1%A8%E7%A4%BA%E4%BE%A1%E6%A0%BC%E3%82%88%E3%82%8A%E5%8D%8A%E9%A1%8D%E3%82%BB%E3%83%BC%E3%83%AB%E4%B8%AD%E3%80%80%3F%E6%9C%A8%E5%BD%AB%E3%82%8A%3F%E3%82%AA%E3%83%AA%E3%82%A8%E3%83%B3%E3%82%BF%E3%83%AB%E3%83%80%E3%82%A4%E3%83%8B%E3%83%B3%E3%82%B0%E3%83%86%E3%83%BC%E3%83%96%E3%83%AB+5%E7%82%B9%E3%82%BB%E3%83%83%E3%83%88 HTTP/1.1" 200 0 "-" "Mozilla/5.0 AppleWebKit/537.36 (KHTML, like Gecko; compatible; bingbot/2.0; +http://www.bing.com/bingbot.htm) Chrome/116.0.1938.76 Safari/537.36"
20.15.133.174 - - [28/Apr/2025:10:37:40 -0400] "GET /?i=7817135299301&channel=59a858&from=info.php%3Fid%3D352993-665%26name%3D%E3%83%88%E3%83%A9%E3%82%AF%E3%82%BF%E3%83%BC%E3%82%BF%E3%82%A4%E3%83%A4+9.5-24+6PR+%E3%83%81%E3%83%A5%E3%83%BC%E3%83%96%E3%82%BF%E3%82%A4%E3%83%97+2%E6%9C%AC%E3%82%BB%E3%83%83%E3%83%88+F-37%28%E3%83%8F%E3%82%A4%E3%83%A9%E3%82%B0%E3%83%BB%E5%BE%8C%E8%BC%AA%E7%94%A8%29+OTANI+%E3%82%AA%E3%83%BC%E3%82%BF%E3%83%8B HTTP/1.1" 200 0 "-" "Mozilla/5.0 AppleWebKit/537.36 (KHTML, like Gecko; compatible; bingbot/2.0; +http://www.bing.com/bingbot.htm) Chrome/116.0.1938.76 Safari/537.36"
52.167.144.181 - - [28/Apr/2025:10:38:16 -0400] "GET /?i=92225162819108&channel=3e8637&from=blog.php%3Fid%3D1628191-1386%26name%3DGOHEMP%EF%BC%88%E3%82%B4%E3%83%BC%E3%83%98%E3%83%B3%E3%83%97%EF%BC%89+%E3%83%98%E3%83%B3%E3%83%97%E3%83%99%E3%83%BC%E3%82%B7%E3%83%83%E3%82%AF+%E3%82%AB%E3%83%BC%E3%83%87%E3%82%A3%E3%83%BC+%2F+%E3%83%A1%E3%83%B3%E3%82%BA+%E3%82%AB%E3%83%BC%E3%83%87%E3%82%A3%E3%82%AC%E3%83%B3+%E3%82%B3%E3%83%83%E3%83%88%E3%83%B3+%E5%90%B8%E6%B0%B4+%E9%80%9F%E4%B9%BE+%E7%BE%BD%E7%B9%94+%E3%83%A9%E3%82%A4%E3%83%88%E3%82%A2%E3%82%A6%E3%82%BF%E3%83%BC HTTP/1.1" 200 0 "-" "Mozilla/5.0 AppleWebKit/537.36 (KHTML, like Gecko; compatible; bingbot/2.0; +http://www.bing.com/bingbot.htm) Chrome/116.0.1938.76 Safari/537.36"
52.167.144.181 - - [28/Apr/2025:10:38:18 -0400] "GET /?i=8872071293002&channel=8de07d&from=brands.php%3Fid%3D712930-9069%26name%3DWOODPRO+%E3%82%B3%E3%81%AE%E5%AD%97+%E3%82%B7%E3%82%A7%E3%83%AB%E3%83%95+%E5%B9%8542cm+%E9%AB%98%E3%81%9574cm+%E5%A5%A5%E8%A1%8C30cm+%E7%84%A1%E5%A1%97%E8%A3%85+%E5%9B%BD%E7%94%A3%E6%9D%89+%E6%9D%BF%E5%8E%9A2.8cm+%E3%82%AB%E3%82%A6%E3%83%B3%E3%82%BF%E3%83%BC%E3%83%86%E3%83%BC%E3%83%96%E3%83%AB+%E3%83%8F%E3%82%A4%E3%83%87 HTTP/1.1" 200 0 "-" "Mozilla/5.0 AppleWebKit/537.36 (KHTML, like Gecko; compatible; bingbot/2.0; +http://www.bing.com/bingbot.htm) Chrome/116.0.1938.76 Safari/537.36"
66.249.74.13 - - [28/Apr/2025:10:38:35 -0400] "GET /?i=88268101421404&channel=76c9ca&from=news.php%3Fid%3D1014214-2473%26name%3D%E3%80%90%E3%83%95%E3%82%A1%E3%83%BC%E3%82%B9%E3%83%88%E3%82%AF%E3%83%A9%E3%82%B9%E3%80%91%E3%82%A4%E3%82%BF%E3%83%AA%E3%82%A2%E7%94%A3%E3%83%95%E3%83%AC%E3%83%83%E3%82%B7%E3%83%A5%E5%86%AC%E9%BB%92%E3%83%88%E3%83%AA%E3%83%A5%E3%83%95+50g+332%E5%86%86%2Fg+%E7%9B%B4%E8%BC%B8%E5%85%A5+%E9%AB%98%E7%B4%9A%E9%A3%9F%E6%9D%90+%E4%B8%89%E5%A4%A7%E7%8F%8D%E5%91%B3+%E5%B8%8C%E5%B0%91+%E9%AB%98%E5%93%81%E8%B3%AA+%E3%83%A1%E3%83%A9%E3%83%8E%E3%82%B9%E3%83%9D%E3%83%AB%E3%83%A0+%E3%83%95%E3%83%AC%E3%83%83%E3%82%B7%E3%83%A5%E3%83%88%E3%83%AA%E3%83%A5%E3%83%95+%E3%82%AE%E3%83%95%E3%83%88+%E3%83%88%E3%83%AA%E3%83%A5%E3%83%95+%E7%94%9F%E3%83%88%E3%83%AA%E3%83%A5%E3%83%95+%7C+%E5%86%B7%E8%94%B5+%E9%80%81%E6%96%99%E7%84%A1%E6%96%99+%E4%BD%8E%E4%BE%A1%E6%A0%BC+%E9%BB%92%E3%83%88%E3%83%AA%E3%83%A5%E3%83%95+%E5%86%AC%E3%83%88%E3%83%AA%E3%83%A5%E3%83%95+%E5%86%AC%E9%BB%92%E3%83%88%E3%83%AA%E3%83%A5%E3%83%95 HTTP/1.1" 200 55908 "-" "Mozilla/5.0 (Linux; Android 6.0.1; Nexus 5X Build/MMB29P) AppleWebKit/537.36 (KHTML, like Gecko) Chrome/135.0.7049.95 Mobile Safari/537.36 (compatible; Googlebot/2.1; +http://www.google.com/bot.html)"
52.167.144.190 - - [28/Apr/2025:10:39:28 -0400] "GET /?i=8715771297601&channel=a344a8&from=info.php%3Fid%3D712976-7029%26name%3D%E3%83%AF%E3%82%A4%E3%83%B3%E3%82%AD%E3%83%A3%E3%83%93%E3%83%8D%E3%83%83%E3%83%88+%E3%82%B7%E3%83%B3%E3%83%97%E3%83%AB%E3%81%AA%E5%AE%B6%E5%BA%AD%E7%94%A8%E3%83%AC%E3%82%B9%E3%83%88%E3%83%A9%E3%83%B3%E3%83%AF%E3%82%A4%E3%83%B3%E3%83%A9%E3%83%83%E3%82%AF+%E5%A3%81%E6%8E%9B%E3%81%91%E3%83%AF%E3%82%A4%E3%83%B3%E3%82%AD%E3%83%A3%E3%83%93%E3%83%8D%E3%83%83%E3%83%88+%E3%83%9B%E3%83%86%E3%83%AB%E3%83%90%E3%83%BC+%E5%A3%81%E6%8E%9B%E3%81%91%E5%AE%B6%E5%BA%AD%E7%94%A8%E3%83%AF%E3%82%A4%E3%83%B3%E3%82%AD%E3%83%A3%E3%83%93%E3%83%8D%E3%83%83%E3%83%88 HTTP/1.1" 200 0 "-" "Mozilla/5.0 AppleWebKit/537.36 (KHTML, like Gecko; compatible; bingbot/2.0; +http://www.bing.com/bingbot.htm) Chrome/116.0.1938.76 Safari/537.36"
66.249.74.13 - - [28/Apr/2025:10:39:31 -0400] "GET /94917959496.shtml HTTP/1.1" 200 0 "-" "Mozilla/5.0 (Linux; Android 6.0.1; Nexus 5X Build/MMB29P) AppleWebKit/537.36 (KHTML, like Gecko) Chrome/135.0.7049.95 Mobile Safari/537.36 (compatible; GoogleOther)"
52.167.144.199 - - [28/Apr/2025:10:39:33 -0400] "GET /?i=8186485747303&channel=ca626b&from=shared.php%3Fid%3D857473-19767%26name%3D%E3%83%A2%E3%83%83%E3%83%97+%E3%83%9E%E3%82%A4%E3%82%AF%E3%83%AD%E3%83%95%E3%82%A1%E3%82%A4%E3%83%90%E3%83%BC+%E3%83%95%E3%83%AD%E3%82%A2%E3%83%A2%E3%83%83%E3%83%97+%E3%83%8F%E3%83%BC%E3%83%89%E3%82%A6%E3%83%83%E3%83%89%E3%82%AF%E3%83%AA%E3%83%BC%E3%83%8B%E3%83%B3%E3%82%B0%E7%94%A8+360%E5%BA%A6%E5%9B%9E%E8%BB%A2+%E3%83%80%E3%82%B9%E3%83%88%E3%82%A6%E3%82%A7%E3%83%83%E3%83%88%E3%83%A2%E3%83%83%E3%83%97+%E3%82%A2%E3%83%AB%E3%83%9F%E5%BB%B6%E9%95%B7%E3%83%8F%E3%83%B3%E3%83%89%E3%83%AB%E4%BB%98%E3%81%8D+%E5%86%8D HTTP/1.1" 200 0 "-" "Mozilla/5.0 AppleWebKit/537.36 (KHTML, like Gecko; compatible; bingbot/2.0; +http://www.bing.com/bingbot.htm) Chrome/116.0.1938.76 Safari/537.36"
66.249.74.11 - - [28/Apr/2025:10:40:05 -0400] "GET /?i=72903177418602&channel=7459d1&from=form.php%3Fid%3D1774186-1336%26name%3D%E6%AD%AF%E3%83%96%E3%83%A9%E3%82%B7+%E3%82%B2%E3%83%BC%E3%83%A0%E3%82%A6%E3%82%A7%E3%82%A2+%E5%A4%A7%E3%81%8D%E3%81%84%E3%82%B5%E3%82%A4%E3%82%BA+%E3%83%88%E3%83%AC%E3%83%BC%E3%83%8B%E3%83%B3%E3%82%B0%E3%82%A6%E3%82%A7%E3%82%A2+%E3%83%A1%E3%83%B3%E3%82%BA+%E7%A7%8B+%E3%83%91%E3%83%B3%E3%83%84+led+%E6%9C%8D+%E3%81%A4%E3%82%84%E6%B6%88%E3%81%97%E3%83%96%E3%83%A9%E3%83%83%E3%82%AF+%E3%82%B3%E3%83%B3%E3%83%97%E3%83%AC%E3%83%83%E3%82%B7%E3%83%A7%E3%83%B3+%E3%82%A6%E3%82%A7%E3%82%A2 HTTP/1.1" 200 55197 "-" "Mozilla/5.0 (Linux; Android 6.0.1; Nexus 5X Build/MMB29P) AppleWebKit/537.36 (KHTML, like Gecko) Chrome/135.0.7049.95 Mobile Safari/537.36 (compatible; Googlebot/2.1; +http://www.google.com/bot.html)"
52.167.144.181 - - [28/Apr/2025:10:40:09 -0400] "GET /?i=090975154600&channel=36fc53&from=blog.php%3Fid%3D51546-5720%26name%3D%E3%83%98%E3%83%83%E3%82%AF%E3%82%B9%E3%82%A2%E3%83%BC%E3%83%9E%E3%83%BC+%E8%80%90%E5%88%87%E5%89%B5%E6%80%A7%E3%83%A1%E3%82%AB%E3%83%8B%E3%83%83%E3%82%AF%E3%82%B0%E3%83%AD%E3%83%BC%E3%83%96 HTTP/1.1" 200 0 "-" "Mozilla/5.0 AppleWebKit/537.36 (KHTML, like Gecko; compatible; bingbot/2.0; +http://www.bing.com/bingbot.htm) Chrome/116.0.1938.76 Safari/537.36"
66.249.74.12 - - [28/Apr/2025:10:40:52 -0400] "GET /98695936065.shtml HTTP/1.1" 200 0 "-" "Mozilla/5.0 (Linux; Android 6.0.1; Nexus 5X Build/MMB29P) AppleWebKit/537.36 (KHTML, like Gecko) Chrome/135.0.7049.95 Mobile Safari/537.36 (compatible; GoogleOther)"
52.167.144.199 - - [28/Apr/2025:10:40:53 -0400] "GET /?i=18012147447500&channel=4b18a3&from=article.php%3Fid%3D1474475-6409%26name%3D%E3%83%AC%E3%82%A2%EF%BC%81%E5%87%84%E3%81%8F%E5%B0%8F%E3%81%95%E3%81%84%E3%83%9E%E3%83%83%E3%83%81 HTTP/1.1" 200 0 "-" "Mozilla/5.0 AppleWebKit/537.36 (KHTML, like Gecko; compatible; bingbot/2.0; +http://www.bing.com/bingbot.htm) Chrome/116.0.1938.76 Safari/537.36"
52.167.144.232 - - [28/Apr/2025:10:41:57 -0400] "GET /?i=006917912400&channel=c4eded&from=shop.php%3Fid%3D79124-778%26name%3DHERMES%28%E3%82%A8%E3%83%AB%E3%83%A1%E3%82%B9%29+%E3%82%B5%E3%82%A4%E3%82%BA%3A42+H%E5%88%BA%E7%B9%8D+%E3%83%AD%E3%83%BC%E3%82%AB%E3%83%83%E3%83%88%E3%82%B9%E3%83%8B%E3%83%BC%E3%82%AB%E3%83%BC+%E3%82%AA%E3%83%AC%E3%83%B3%E3%82%B8%2F%E3%83%9B%E3%83%AF%E3%82%A4%E3%83%88%E3%80%90%E4%B8%AD%E5%8F%A4%E3%80%91%E3%80%90%E7%A8%8B%E5%BA%A6B%E3%80%91%E3%80%90%E3%82%AB%E3%83%A9%E3%83%BC%E3%82%AA%E3%83%AC%E3%83%B3%E3%82%B8%E3%80%91%E3%80%90%E5%8F%96%E6%89%B1%E5%BA%97%E8%88%97BRING%E5%BF%83%E6%96%8E%E6%A9%8B%E5%BA%97%E3%80%91 HTTP/1.1" 200 0 "-" "Mozilla/5.0 AppleWebKit/537.36 (KHTML, like Gecko; compatible; bingbot/2.0; +http://www.bing.com/bingbot.htm) Chrome/116.0.1938.76 Safari/537.36"
20.15.133.174 - - [28/Apr/2025:10:41:58 -0400] "GET /?i=58971135111100&channel=f30510&from=jp.php%3Fid%3D1351111-484%26name%3D%E5%92%8C%E5%85%89+%E3%83%AF%E3%82%B3%E3%83%BC%E3%82%BA+WAKO%27S+GC+%E3%82%B0%E3%83%AD%E3%82%B9%E3%82%B3%E3%83%BC%E3%83%88+V208+%7C+%E8%BB%8A+%E8%BB%8A%E7%94%A8%E5%93%81+%E3%82%AB%E3%83%BC%E7%94%A8%E5%93%81+%E3%83%90%E3%82%A4%E3%82%AF+%E3%83%90%E3%82%A4%E3%82%AF%E7%94%A8%E5%93%81+%E3%82%B1%E3%83%9F%E3%82%AB%E3%83%AB+%E3%83%A1%E3%83%B3%E3%83%86%E3%83%8A%E3%83%B3%E3%82%B9+%E8%89%B6%E5%87%BA%E3%81%97+%E8%89%B6%E5%87%BA%E3%81%97%E5%89%A4+%E4%BF%9D%E8%AD%B7+%E8%89%B6+%E3%82%A8%E3%83%B3%E3%82%B8%E3%83%B3%E3%83%AB%E3%83%BC%E3%83%A0+%E3%82%BF%E3%82%A4%E3%83%A4+%E3%82%AB%E3%83%BC%E3%82%B7%E3%83%A3%E3%83%B3%E3%83%97%E3%83%BC HTTP/1.1" 200 0 "-" "Mozilla/5.0 AppleWebKit/537.36 (KHTML, like Gecko; compatible; bingbot/2.0; +http://www.bing.com/bingbot.htm) Chrome/116.0.1938.76 Safari/537.36"
20.15.133.174 - - [28/Apr/2025:10:41:59 -0400] "GET /?i=83175173792902&channel=7fb0c8&from=form.php%3Fid%3D1737929-22296%26name%3D%E3%83%80%E3%82%A4%E3%83%A4%E3%83%A2%E3%83%B3%E3%83%89%E3%82%A2%E3%83%BC%E3%83%88%E3%82%AF%E3%83%A9%E3%83%96%E3%83%9E%E3%83%AB%E3%83%81%E3%83%97%E3%83%AC%E3%83%BC%E3%82%B5%E3%83%BC6TIP HTTP/1.1" 200 0 "-" "Mozilla/5.0 AppleWebKit/537.36 (KHTML, like Gecko; compatible; bingbot/2.0; +http://www.bing.com/bingbot.htm) Chrome/116.0.1938.76 Safari/537.36"
66.249.74.12 - - [28/Apr/2025:10:42:18 -0400] "GET /86920595544.shtml HTTP/1.1" 200 0 "-" "Mozilla/5.0 (Linux; Android 6.0.1; Nexus 5X Build/MMB29P) AppleWebKit/537.36 (KHTML, like Gecko) Chrome/135.0.7049.95 Mobile Safari/537.36 (compatible; GoogleOther)"
52.167.144.161 - - [28/Apr/2025:10:42:22 -0400] "GET /?i=38864177136200&channel=39a843&from=jp.php%3Fid%3D1771362-2546%26name%3D%E4%B8%AD%E5%8F%A4%E2%96%A0%E5%A4%A2%E8%92%BC%E3%81%AE%E5%89%9B%E5%89%A3%E3%83%96%E3%83%AC%E3%82%A4%E3%83%96%E3%83%88%E3%83%AB%E3%83%BC%E3%83%91%E3%83%BCw01%E3%83%93%E3%83%BC%E3%82%B9%E3%83%88%E3%83%95%E3%82%A9%E3%83%BC%E3%82%AF3000%E8%87%AA%E7%84%B6%E6%96%87%E6%98%8E%E3%82%AF%E3%83%AA%E3%83%BC%E3%83%81%E3%83%A3%E3%83%BC%E7%B7%91%E8%89%B2%E3%83%87%E3%83%A5%E3%82%A8%E3%83%AB%E3%83%9E%E3%82%B9%E3%82%BF%E3%83%BC%E3%82%BA%E3%82%AB%E3%83%BC%E3%83%89%E5%87%A6%E5%88%86%E2%96%A0i%E8%89%AF%E5%93%81%E7%94%9F%E6%B4%BB%E3%81%8A%E3%81%B2%E3%81%95%E3%81%BE%E5%A0%82 HTTP/1.1" 200 0 "-" "Mozilla/5.0 AppleWebKit/537.36 (KHTML, like Gecko; compatible; bingbot/2.0; +http://www.bing.com/bingbot.htm) Chrome/116.0.1938.76 Safari/537.36"
52.167.144.193 - - [28/Apr/2025:10:42:41 -0400] "GET /?i=9849894324501&channel=2c2529&from=info.php%3Fid%3D943245-3034%26name%3D%EF%BC%BC%E3%83%9A%E3%83%BC%E3%82%B8%E9%99%90%E5%AE%9A%E3%83%BB%E3%83%86%E3%82%A3%E3%83%BC%E3%82%B9%E3%83%97%E3%83%BC%E3%83%B3%E4%BB%98%EF%BC%8F%E3%80%80%E3%82%B9%E3%83%86%E3%83%B3%E3%83%AC%E3%82%B9%E8%A3%BD%E6%B0%B4%E5%88%87%E3%82%8A%E3%83%A9%E3%83%83%E3%82%AF+%E3%80%903%E6%AE%B5%E6%B0%B4%E5%88%87%E3%82%8A%E3%83%90%E3%82%B9%E3%82%B1%E3%83%83%E3%83%88%E3%82%B9%E3%83%AA%E3%83%A0%E3%80%91+%E3%80%90%E9%80%81%E6%96%99%E7%84%A1%E6%96%99%E3%80%91+%5B%E5%B7%A5%E5%85%B7%E4%B8%8D%E8%A6%81%E3%81%A7%E7%B5%84%E3%81%BF%E7%AB%8B%E3%81%A6%E3%81%A7%E3%81%8D%E3%82%8B%E6%B0%B4%E5%88%87%E3%82%8A%E3%83%A9%E3%83%83%E3%82%AF%5D HTTP/1.1" 200 0 "-" "Mozilla/5.0 AppleWebKit/537.36 (KHTML, like Gecko; compatible; bingbot/2.0; +http://www.bing.com/bingbot.htm) Chrome/116.0.1938.76 Safari/537.36"
66.249.73.102 - - [28/Apr/2025:10:43:03 -0400] "GET /?i=20012148887409&channel=793a08&from=shop.php%3Fid%3D1488874-13157%26name%3D%E5%92%8C%E9%A3%9F%E5%99%A8%E3%80%8034%E7%82%B9%E3%81%BE%E3%81%A8%E3%82%81%E5%A3%B2%E3%82%8A+%E6%8C%AF%E3%82%8A%E5%9B%9E%E3%81%95 HTTP/1.1" 200 51910 "-" "Mozilla/5.0 (Linux; Android 6.0.1; Nexus 5X Build/MMB29P) AppleWebKit/537.36 (KHTML, like Gecko) Chrome/135.0.7049.95 Mobile Safari/537.36 (compatible; Googlebot/2.1; +http://www.google.com/bot.html)"
66.249.73.101 - - [28/Apr/2025:10:43:08 -0400] "GET /978471622652.shtml HTTP/1.1" 200 53860 "-" "Mozilla/5.0 (Linux; Android 6.0.1; Nexus 5X Build/MMB29P) AppleWebKit/537.36 (KHTML, like Gecko) Chrome/135.0.7049.95 Mobile Safari/537.36 (compatible; Googlebot/2.1; +http://www.google.com/bot.html)"
66.249.74.11 - - [28/Apr/2025:10:43:13 -0400] "GET /10382259091.shtml HTTP/1.1" 200 53473 "-" "Mozilla/5.0 (Linux; Android 6.0.1; Nexus 5X Build/MMB29P) AppleWebKit/537.36 (KHTML, like Gecko) Chrome/135.0.7049.95 Mobile Safari/537.36 (compatible; Googlebot/2.1; +http://www.google.com/bot.html)"
66.249.73.101 - - [28/Apr/2025:10:43:22 -0400] "GET /?i=82793131713804&channel=5485fe&from=jp.php%3Fid%3D1317138-7658%26name%3DZVW30+%E8%A6%8B%E7%B9%95%E3%81%86+%E3%83%97%E3%83%AA%E3%82%A6%E3%82%B9+G%27s+%E3%82%A2%E3%83%AB%E3%83%9F%E3%83%9B%E3%82%A4%E3%83%BC%E3%83%AB+7.5J+100+%E3%83%88%E3%83%A8%E3%82%BF%E3%80%8030 HTTP/1.1" 200 51429 "-" "Mozilla/5.0 (Linux; Android 6.0.1; Nexus 5X Build/MMB29P) AppleWebKit/537.36 (KHTML, like Gecko) Chrome/135.0.7049.95 Mobile Safari/537.36 (compatible; Googlebot/2.1; +http://www.google.com/bot.html)"
66.249.74.11 - - [28/Apr/2025:10:43:27 -0400] "GET /?i=2176218166400&channel=f51023&from=article.php%3Fid%3D181664-1734%26name%3Deimy+%E3%82%B2%E3%82%AD%E5%8F%AF%E6%84%9B%E3%81%84%E3%83%AF%E3%83%B3%E3%83%94+%E8%A8%8E%E3%81%A1 HTTP/1.1" 200 52730 "-" "Mozilla/5.0 (Linux; Android 6.0.1; Nexus 5X Build/MMB29P) AppleWebKit/537.36 (KHTML, like Gecko) Chrome/135.0.7049.95 Mobile Safari/537.36 (compatible; Googlebot/2.1; +http://www.google.com/bot.html)"
52.167.144.232 - - [28/Apr/2025:10:43:47 -0400] "GET /?i=1175768104700&channel=87c8a0&from=product.php%3Fid%3D681047-11305%26name%3DPBM+healing%E6%8B%A1%E5%BC%B5%E5%9E%8B HTTP/1.1" 200 0 "-" "Mozilla/5.0 AppleWebKit/537.36 (KHTML, like Gecko; compatible; bingbot/2.0; +http://www.bing.com/bingbot.htm) Chrome/116.0.1938.76 Safari/537.36"
66.249.74.13 - - [28/Apr/2025:10:44:03 -0400] "GET /?i=1658543289200&channel=310dc9&from=info.php%3Fid%3D432892-15483%26name%3D%E3%83%AA%E3%82%AFmama%E3%81%95%E3%81%BE%E5%B0%82%E7%94%A8%EF%BC%88%E5%8E%9F%E7%94%BB%EF%BC%89%E8%BC%9D%E3%81%8F%E5%A4%9C%E7%A9%BA%E3%81%AE%E3%81%B2%E3%81%A8%E3%82%8A%E3%81%94%E3%81%A8%E3%80%90SM%E3%82%B5%E3%82%A4%E3%82%BA%EF%BC%8F%E6%B0%B4%E5%BD%A9%E7%94%BB%E3%80%91%E7%B5%B5%E7%94%BB HTTP/1.1" 200 0 "-" "Mozilla/5.0 (Linux; Android 6.0.1; Nexus 5X Build/MMB29P) AppleWebKit/537.36 (KHTML, like Gecko) Chrome/135.0.7049.95 Mobile Safari/537.36 (compatible; GoogleOther)"
66.249.74.12 - - [28/Apr/2025:10:44:27 -0400] "GET /?i=8917061073000&channel=5a8221&from=product.php%3Fid%3D610730-3462%26name%3D%E6%96%B0%E4%BD%9C%E3%80%80%E7%A4%BE%E4%BA%A4%E3%83%80%E3%83%B3%E3%82%B9%E3%83%89%E3%83%AC%E3%82%B9%E3%80%80%E3%82%BB%E3%83%9F%E3%82%AA%E3%83%BC%E3%83%80%E3%83%BC%2F+%E3%83%A9%E3%83%86%E3%83%B3%E3%83%89%E3%83%AC%E3%82%B9%2F%E7%AB%B6%E6%8A%80%2Flk222 HTTP/1.1" 200 55092 "-" "Mozilla/5.0 (Linux; Android 6.0.1; Nexus 5X Build/MMB29P) AppleWebKit/537.36 (KHTML, like Gecko) Chrome/135.0.7049.95 Mobile Safari/537.36 (compatible; Googlebot/2.1; +http://www.google.com/bot.html)"
52.167.144.161 - - [28/Apr/2025:10:44:43 -0400] "GET /?i=271846977405&channel=1479ad&from=jp.php%3Fid%3D69774-736%26name%3D%E3%83%86%E3%83%AC%E3%83%93%E3%82%B9%E3%82%BF%E3%83%B3%E3%83%89+%E5%A4%A9%E4%BA%95%E3%83%86%E3%83%AC%E3%83%93%E3%83%9E%E3%82%A6%E3%83%B3%E3%83%88%E3%83%96%E3%83%A9%E3%82%B1%E3%83%83%E3%83%88+%E8%AA%BF%E6%95%B4%E5%8F%AF%E8%83%BD%E3%81%AA%E5%82%BE%E6%96%9C%E3%83%86%E3%83%AC%E3%83%93%E5%A4%A9%E4%BA%95%E3%83%9E%E3%82%A6%E3%83%B3%E3%83%88+60%EF%BD%9E100%E3%82%A4%E3%83%B3%E3%83%81+CD%E3%83%95%E3%83%A9%E3%83%83%E3%83%88%E3%82%B9%E3%82%AF%E3%83%AA%E3%83%BC%E3%83%B3%E3%81%8A%E3%82%88%E3%81%B3%E6%9B%B2%E9%9D%A2 HTTP/1.1" 200 0 "-" "Mozilla/5.0 AppleWebKit/537.36 (KHTML, like Gecko; compatible; bingbot/2.0; +http://www.bing.com/bingbot.htm) Chrome/116.0.1938.76 Safari/537.36"
52.167.144.232 - - [28/Apr/2025:10:44:47 -0400] "GET /?i=80761128574900&channel=5108a6&from=news.php%3Fid%3D1285749-701%26name%3D%E3%82%BC%E3%82%A8%E3%82%A8+Zeee+3S+%E3%83%AA%E3%83%9D%E3%83%90%E3%83%83%E3%83%86%E3%83%AA%E3%83%BC+11.1V+50C+5200mAh+T%E3%83%97%E3%83%A9%E3%82%B0%E4%BB%98%E3%81%8D+%E3%83%A9%E3%82%B8%E3%82%B3%E3%83%B3%E8%A3%BD%E5%93%81%E3%83%90%E3%83%83%E3%83%86%E3%83%AA%E3%83%BC+%E5%A4%A7%E5%AE%B9%E9%87%8F%E3%83%90%E3%83%83%E3%83%86%E3%83%AA%E3%83%BC+%E7%84%A1%E4%BA%BA%E6%A9%9F%E7%94%A8+RC%E3%82%AB%E3%83%BC%E7%94%A8+RC%E3%83%88%E3%83%A9%E3%83%83%E3%82%AF%E7%94%A8+RC%E3%83%98%E3%83%AA%E3%82%B3%E3%83%97%E3%82%BF%E3%83%BC%E7%94%A8+FPV%E7%94%A8+%E3%83%89%E3%83%AD%E3%83%BC%E3%83%B3%E7%94%A8%E3%81%AA%E3%81%A9%EF%BC%882%E3%83%91%E3%83%83%E3%82%AF%EF%BC%89 HTTP/1.1" 200 0 "-" "Mozilla/5.0 AppleWebKit/537.36 (KHTML, like Gecko; compatible; bingbot/2.0; +http://www.bing.com/bingbot.htm) Chrome/116.0.1938.76 Safari/537.36"
66.249.73.103 - - [28/Apr/2025:10:44:50 -0400] "GET /?i=8106262908802&channel=3f5821&from=pin.php%3Fid%3D629088-4888%26name%3D%E6%96%B0%E5%93%81%E7%BE%BD%E6%AF%9B%E3%81%B5%E3%81%A8%E3%82%93 HTTP/1.1" 200 54214 "-" "Mozilla/5.0 (Linux; Android 6.0.1; Nexus 5X Build/MMB29P) AppleWebKit/537.36 (KHTML, like Gecko) Chrome/135.0.7049.95 Mobile Safari/537.36 (compatible; Googlebot/2.1; +http://www.google.com/bot.html)"
52.167.144.161 - - [28/Apr/2025:10:44:52 -0400] "GET /?i=9021482843800&channel=2cae0f&from=form.php%3Fid%3D828438-5231%26name%3D%5B%E3%81%82%E3%81%97%E3%81%AA%E3%81%8C%E3%81%8A%E3%81%98%E3%81%95%E3%82%93%5D+%E3%82%B9%E3%83%88%E3%83%A9%E3%83%83%E3%83%97%E3%82%B7%E3%83%A5%E3%83%BC%E3%82%BA%EF%BC%88AS_1310187%EF%BC%89%2F%E3%81%82%E3%81%97%E3%81%AA%E3%81%8C%E3%81%8A%E3%81%98%E3%81%95%E3%82%93%2F%E3%82%A2%E3%82%B7%E3%83%8A%E3%82%AC%E3%82%AA%E3%82%B8%E3%82%B5%E3%83%B3 HTTP/1.1" 200 0 "-" "Mozilla/5.0 AppleWebKit/537.36 (KHTML, like Gecko; compatible; bingbot/2.0; +http://www.bing.com/bingbot.htm) Chrome/116.0.1938.76 Safari/537.36"
52.167.144.161 - - [28/Apr/2025:10:44:52 -0400] "GET /?i=98087148065701&channel=9cb139&from=news.php%3Fid%3D1480657-3699%26name%3DVENNERLI+%E3%83%8F%E3%83%BC%E3%83%95%E3%82%AC%E3%83%AD%E3%83%B3%E3%82%A6%E3%82%A9%E3%83%BC%E3%82%BF%E3%83%BC%E3%83%9C%E3%83%88%E3%83%AB+2.2L+L%E3%82%B5%E3%82%A4%E3%82%BA+%E3%82%B9%E3%83%9D%E3%83%BC%E3%83%84%E3%82%A6%E3%82%A9%E3%83%BC%E3%82%BF%E3%83%BC%E3%83%9C%E3%83%88%E3%83%AB+%E3%83%8F%E3%83%B3%E3%83%89%E3%83%AB%E4%BB%98%E3%81%8D+72%E3%82%AA%E3%83%B3%E3%82%B9+BPA%E3%83%95%E3%83%AA%E3%83%BC+%E5%86%8D%E5%88%A9%E7%94%A8%E5%8F%AF%E8%83%BD+%E3%83%97%E3%83%A9%E3%82%B9%E3%83%81%E3%83%83%E3%82%AF%E3%82%A6%E3%82%A9%E3%83%BC%E3%82%BF%E3%83%BC%E3%82%B8%E3%83%A3%E3%82%B0+%E6%BC%8F%E3%82%8C%E9%98%B2%E6%AD%A2+%E3%83%8F%E3%82%A4%E3%83%89%E3%83%AD%E3%83%9C%E3%83%88%E3%83%AB+%E3%82%B8%E3%83%A0+%E3%83%A8%E3%82%AC+%E6%97%85%E8%A1%8C+%E3%82%AD%E3%83%A3%E3%83%B3%E3%83%97+%E3%82%B5%E3%82%A4%E3%82%AF%E3%83%AA%E3%83%B3%E3%82%B0+%E3%82%A2%E3%82%A6%E3%83%88%E3%83%89%E3%82%A2%E3%82%B9%E3%83%9D%E3%83%BC%E3%83%84%E7%94%A8 HTTP/1.1" 200 0 "-" "Mozilla/5.0 AppleWebKit/537.36 (KHTML, like Gecko; compatible; bingbot/2.0; +http://www.bing.com/bingbot.htm) Chrome/116.0.1938.76 Safari/537.36"
66.249.73.102 - - [28/Apr/2025:10:44:56 -0400] "GET /?i=82259169817405&channel=1a1296&from=article.php%3Fid%3D1698174-14204%26name%3D%E3%82%A2%E3%83%BC%E3%83%A0%E3%83%AC%E3%82%B9%E3%83%88+%E3%82%B3%E3%83%B3%E3%82%BD%E3%83%BC%E3%83%AB+%E3%83%9C%E3%83%83%E3%82%AF%E3%83%83%E3%82%B9+%E7%94%A8%E3%83%A1%E3%83%AB%E3%82%BB%E3%83%87%E3%82%B9%E7%94%A8+A+%E7%94%A8+B+%E3%82%AF%E3%83%A9%E3%82%B9%E3%81%AE%E8%BB%8A%E3%81%AE%E3%82%A4%E3%83%B3%E3%83%86%E3%83%AA%E3%82%A2%E3%82%A2%E3%82%AF%E3%82%BB%E3%82%B5%E3%83%AA%E3%83%BC%E4%B8%AD%E5%A4%AE%E6%89%8B%E3%81%99%E3%82%8A%E5%8F%8E%E7%B4%8D%E3%83%9C%E3%83%83%E3%82%AF%E3%82%B9%E5%8F%8E%E7%B4%8D%E3%83%9C%E3%83%83%E3%82%AF HTTP/1.1" 200 54690 "-" "Mozilla/5.0 (Linux; Android 6.0.1; Nexus 5X Build/MMB29P) AppleWebKit/537.36 (KHTML, like Gecko) Chrome/135.0.7049.95 Mobile Safari/537.36 (compatible; Googlebot/2.1; +http://www.google.com/bot.html)"
66.249.73.103 - - [28/Apr/2025:10:45:03 -0400] "GET /?i=26268121402502&channel=a3c54a&from=shared.php%3Fid%3D1214025-685%26name%3D%E3%83%9E%E3%83%84%E3%83%80scrum%E8%BB%BD%E3%83%88%E3%83%A9A%2FC%E3%83%91%E3%83%AF%E3%83%BC%E3%82%B9%E3%83%86%E4%BB%98%E3%81%8D%E8%BB%8A%E6%A4%9C%E3%81%AF%E3%81%82%E3%82%8A+%E3%81%AC%E3%82%8A HTTP/1.1" 200 0 "-" "Mozilla/5.0 (Linux; Android 6.0.1; Nexus 5X Build/MMB29P) AppleWebKit/537.36 (KHTML, like Gecko) Chrome/135.0.7049.95 Mobile Safari/537.36 (compatible; GoogleOther)"
66.249.74.11 - - [28/Apr/2025:10:45:15 -0400] "GET /?i=20239133215905&channel=4c6343&from=article.php%3Fid%3D1332159-6634%26name%3D%E3%82%A8%E3%83%AB%E3%83%A1%E3%82%B9%E3%80%80%E6%AD%A3%E8%A6%8F%E5%93%81%E3%80%80%E3%82%AC%E3%83%BC%E3%83%87%E3%83%B3%E3%83%84%E3%82%A4%E3%83%AA%E3%83%BC%E3%80%80%E3%83%96%E3%83%A9%E3%82%A6%E3%83%B3%E3%80%80%E2%96%A1%EF%BC%A9%E3%80%80%E3%82%AC%E3%83%BC%E3%83%87%E3%83%B3%E3%83%91%E3%83%BC%E3%83%86%E3%82%A3 HTTP/1.1" 200 53407 "-" "Mozilla/5.0 (Linux; Android 6.0.1; Nexus 5X Build/MMB29P) AppleWebKit/537.36 (KHTML, like Gecko) Chrome/135.0.7049.95 Mobile Safari/537.36 (compatible; Googlebot/2.1; +http://www.google.com/bot.html)"
20.15.133.174 - - [28/Apr/2025:10:46:22 -0400] "GET /?i=71178114176203&channel=213a08&from=blog.php%3Fid%3D1141762-2319%26name%3D%E8%B5%A4%E5%AD%97%E8%A6%9A%E6%82%9F+%E9%AB%98%E9%80%9FSSD+%E3%82%BF%E3%83%83%E3%83%81%E5%8F%AF+%E3%83%95%E3%83%ABHD+12.5%E5%9E%8B%E3%83%AF%E3%82%A4%E3%83%89+%E3%83%8E%E3%83%BC%E3%83%88%E3%83%91%E3%82%BD%E3%82%B3%E3%83%B3+%E6%9D%B1%E8%8A%9D+VC72%2FM+%E4%B8%AD%E5%8F%A4%E7%BE%8E%E5%93%81+%E7%AC%AC8%E4%B8%96%E4%BB%A3i5+8GB+%E7%84%A1%E7%B7%9A+Wi-Fi+%E3%82%AB%E3%83%A1%E3%83%A9+Windows11+Office HTTP/1.1" 200 0 "-" "Mozilla/5.0 AppleWebKit/537.36 (KHTML, like Gecko; compatible; bingbot/2.0; +http://www.bing.com/bingbot.htm) Chrome/116.0.1938.76 Safari/537.36"
66.249.74.12 - - [28/Apr/2025:10:46:22 -0400] "GET /51471771009.shtml HTTP/1.1" 200 0 "-" "Mozilla/5.0 (Linux; Android 6.0.1; Nexus 5X Build/MMB29P) AppleWebKit/537.36 (KHTML, like Gecko) Chrome/135.0.7049.95 Mobile Safari/537.36 (compatible; GoogleOther)"
20.15.133.174 - - [28/Apr/2025:10:46:24 -0400] "GET /068881087645.shtml HTTP/1.1" 200 0 "-" "Mozilla/5.0 AppleWebKit/537.36 (KHTML, like Gecko; compatible; bingbot/2.0; +http://www.bing.com/bingbot.htm) Chrome/116.0.1938.76 Safari/537.36"
52.167.144.232 - - [28/Apr/2025:10:46:37 -0400] "GET /?i=2012889014507&channel=333390&from=product.php%3Fid%3D890145-55%26name%3DXIANGSHANG+%28%E5%A2%97%E5%9C%A7%E5%93%8110kg%29+NV350%E3%82%AD%E3%83%A3%E3%83%A9%E3%83%90%E3%83%B3+E26%E5%9E%8B+%E6%A8%99%E6%BA%96%E3%83%AB%E3%83%BC%E3%83%95+%E5%BC%B7%E5%8C%96%E3%83%80%E3%83%B3%E3%83%91%E3%83%BC+%E3%83%AA%E3%82%A2%E3%82%B2%E3%83%BC%E3%83%88%E3%83%80%E3%83%B3%E3%83%91%E3%83%BC+%E3%83%90%E3%83%83%E3%82%AF%E3%83%89%E3%82%A2%E3%83%80%E3%83%B3%E3%83%91%E3%83%BC+%E3%83%AA%E3%82%A2%E3%83%8F%E3%83%83%E3%83%81%E3%83%80%E3%83%B3%E3%83%91%E3%83%BC+%E3%83%88%E3%83%A9%E3%83%B3%E3%82%AF%E3%83%80%E3%83%B3%E3%83%91%E3%83%BC+%E8%BB%8A%E6%A4%9C%E5%AF%BE%E5%BF%9C+%E4%BA%A4%E6%8F%9B%E7%94%A8%E5%93%81+2%E6%9C%AC%E7%B5%84+%5B%E4%B8%A6%E8%A1%8C%E8%BC%B8%E5%85%A5%E5%93%81%5D HTTP/1.1" 200 0 "-" "Mozilla/5.0 AppleWebKit/537.36 (KHTML, like Gecko; compatible; bingbot/2.0; +http://www.bing.com/bingbot.htm) Chrome/116.0.1938.76 Safari/537.36"
52.167.144.232 - - [28/Apr/2025:10:47:07 -0400] "GET /?i=1014829620705&channel=65960c&from=pin.php%3Fid%3D296207-13237%26name%3D%E3%82%AB%E3%82%A4%E3%82%B3%E3%81%AE%E7%B9%81%E6%AE%96%E7%AE%B1%E3%80%81%E3%82%AB%E3%82%A4%E3%82%B3%E3%83%9C%E3%83%83%E3%82%AF%E3%82%B9%2C%E9%80%8F%E6%98%8E%E3%81%AA%E8%84%B1%E5%87%BA%E9%98%B2%E6%AD%A2%E6%8F%9B%E6%B0%97%E5%AE%89%E5%85%A8%E3%81%AA%E3%82%B7%E3%83%AB%E3%82%AF%E3%82%A6%E3%82%A9%E3%83%BC%E3%83%A0%E3%82%AD%E3%83%BC%E3%83%91%E3%83%BC+%7C+%E8%A3%8F%E5%BA%AD%E7%8B%A9%E3%82%8A%E3%81%AE%E3%81%9F%E3%82%81%E3%81%AE%E6%95%99%E8%82%B2%E7%88%AC%E8%99%AB%E9%A1%9E%E3%81%AE%E3%82%B3%E3%83%B3%E3%83%86%E3%83%8A%E3%80%81%E6%95%99%E5%AE%A4%E7%A7%91%E5%AD%A6%E3%83%97 HTTP/1.1" 200 0 "-" "Mozilla/5.0 AppleWebKit/537.36 (KHTML, like Gecko; compatible; bingbot/2.0; +http://www.bing.com/bingbot.htm) Chrome/116.0.1938.76 Safari/537.36"
52.167.144.232 - - [28/Apr/2025:10:47:10 -0400] "GET /?i=5590034276400&channel=a38b3f&from=shop.php%3Fid%3D342764-59%26name%3DHD%E3%83%8A%E3%82%A4%E3%83%88%E3%83%93%E3%82%B8%E3%83%A7%E3%83%B3%E3%82%B4%E3%83%BC%E3%82%B0%E3%83%AB+BNV21+%E3%83%8A%E3%82%A4%E3%83%88%E3%83%93%E3%82%B8%E3%83%A7%E3%83%B3%E5%8F%8C%E7%9C%BC%E9%8F%A1%E3%82%B4%E3%83%BC%E3%82%B0%E3%83%AB%E3%82%AB%E3%83%A1%E3%83%A9%E3%83%A1%E3%82%AC%E3%83%8D%E8%B5%A4%E5%A4%96%E7%B7%9A%E3%83%87%E3%83%A5%E3%82%A2%E3%83%AB+IR+%E7%AF%84%E5%9B%B2+500+%E3%83%A4%E3%83%BC%E3%83%89%E5%85%85%E9%9B%BB%E5%BC%8F+3 HTTP/1.1" 200 0 "-" "Mozilla/5.0 AppleWebKit/537.36 (KHTML, like Gecko; compatible; bingbot/2.0; +http://www.bing.com/bingbot.htm) Chrome/116.0.1938.76 Safari/537.36"
66.249.74.13 - - [28/Apr/2025:10:47:12 -0400] "GET /18399644023.shtml HTTP/1.1" 200 0 "-" "Mozilla/5.0 (Linux; Android 6.0.1; Nexus 5X Build/MMB29P) AppleWebKit/537.36 (KHTML, like Gecko) Chrome/135.0.7049.95 Mobile Safari/537.36 (compatible; GoogleOther)"
52.167.144.161 - - [28/Apr/2025:10:47:24 -0400] "GET /?i=33977118723205&channel=eafdc1&from=brands.php%3Fid%3D1187232-15662%26name%3D%E3%82%B3%E3%83%BC%E3%83%92%E3%83%BC%E3%82%B0%E3%83%A9%E3%82%A4%E3%83%B3%E3%83%80%E3%83%BC+JPPRO+%E3%80%90%E5%9B%BD%E5%86%85%E6%AD%A3%E8%A6%8F%E5%93%81%E3%80%91%5B%E6%89%8B%E6%8C%BD%E3%81%8D+%E8%87%BC%E5%BC%8F+%E3%82%B3%E3%83%BC%E3%83%92%E3%83%BC%E3%83%9F%E3%83%AB+%E6%97%A5%E6%9C%AC%E9%99%90%E5%AE%9A%E3%83%87%E3%82%B6%E3%82%A4%E3%83%B3%5D+120%E6%AE%B5%E9%9A%8E%E8%AA%BF%E7%AF%80%E3%83%80%E3%82%A4%E3%83%A4%E3%83%AB+%E3%82%B9%E3%83%86%E3%83%B3%E3%83%AC%E3%82%B9+%E7%8F%88%E7%90%B2+%28%E3%80%90%E6%9C%AC%E4%BD%93%E3%81%AE%E3%81%BF%E3%80%91%29+%28%E3%80%90%E6%9C%AC%E4%BD%93%E3%81%AE%E3%81%BF%E3%80%91%29 HTTP/1.1" 200 0 "-" "Mozilla/5.0 AppleWebKit/537.36 (KHTML, like Gecko; compatible; bingbot/2.0; +http://www.bing.com/bingbot.htm) Chrome/116.0.1938.76 Safari/537.36"
66.249.74.12 - - [28/Apr/2025:10:47:27 -0400] "GET /?i=62092106652406&channel=dfbc2a&from=news.php%3Fid%3D1066524-17823%26name%3D%E4%B8%AD%E5%9B%BD+%E6%98%8E%E4%BB%A3+%E6%98%8E%E6%99%82%E4%BB%A3+%E8%B5%A4%E7%B5%B5+%E8%8C%B6%E5%85%A5+%E9%8C%AB%E5%8F%A3+%E6%99%82%E4%BB%A3%E4%BF%9D%E8%A8%BC+%E5%94%90%E7%89%A9+%E5%85%B1%E7%AE%B1 HTTP/1.1" 200 55398 "-" "Mozilla/5.0 (Linux; Android 6.0.1; Nexus 5X Build/MMB29P) AppleWebKit/537.36 (KHTML, like Gecko) Chrome/135.0.7049.95 Mobile Safari/537.36 (compatible; Googlebot/2.1; +http://www.google.com/bot.html)"
40.77.167.159 - - [28/Apr/2025:10:50:09 -0400] "GET /?i=92701189722600&channel=b5eba6&from=shop.php%3Fid%3D1897226-30922%26name%3D%E3%82%AF%E3%83%AA%E3%83%BC%E3%83%A0%E3%82%BD%E3%83%BC%E3%83%80%E3%81%A8%E3%83%AC%E3%83%A2%E3%83%B3%E3%82%B9%E3%82%AB%E3%83%83%E3%82%B7%E3%83%A5%E9%81%94 HTTP/1.1" 200 0 "-" "Mozilla/5.0 AppleWebKit/537.36 (KHTML, like Gecko; compatible; bingbot/2.0; +http://www.bing.com/bingbot.htm) Chrome/116.0.1938.76 Safari/537.36"
66.249.73.102 - - [28/Apr/2025:10:50:23 -0400] "GET /?i=7427584396911&channel=8450bf&from=pin.php%3Fid%3D843969-5736%26name%3D%E3%80%90%E4%B8%AD%E5%8F%A4%E7%BE%8E%E5%93%81%E3%80%91%E3%80%90%E3%83%A1%E3%83%B3%E3%82%BA%E3%80%91+MONCLER+%E3%83%A2%E3%83%B3%E3%82%AF%E3%83%AC%E3%83%BC%E3%83%AB+AGNEAUX+GILET+F20911A51C00+%E3%83%80%E3%82%A6%E3%83%B3%E3%83%99%E3%82%B9%E3%83%88+%E5%9B%BD%E5%86%85%E6%AD%A3%E8%A6%8F+141-250113-as-22-izu+%E3%82%B5%E3%82%A4%E3%82%BA%EF%BC%9A1+%E3%82%AB%E3%83%A9%E3%83%BC%EF%BC%9A%E3%83%96%E3%83%A9%E3%83%83%E3%82%AF+%E4%B8%87%E4%BB%A3Net%E5%BA%97 HTTP/1.1" 200 0 "-" "Mozilla/5.0 (Linux; Android 6.0.1; Nexus 5X Build/MMB29P) AppleWebKit/537.36 (KHTML, like Gecko) Chrome/135.0.7049.95 Mobile Safari/537.36 (compatible; GoogleOther)"
66.249.74.11 - - [28/Apr/2025:10:50:57 -0400] "GET /479711571811.shtml HTTP/1.1" 200 53804 "-" "Mozilla/5.0 (Linux; Android 6.0.1; Nexus 5X Build/MMB29P) AppleWebKit/537.36 (KHTML, like Gecko) Chrome/135.0.7049.95 Mobile Safari/537.36 (compatible; Googlebot/2.1; +http://www.google.com/bot.html)"
52.167.144.232 - - [28/Apr/2025:10:51:08 -0400] "GET /?i=261111149501&channel=1af7da&from=goods.php%3Fid%3D11495-2456%26name%3D%E3%83%A1%E3%82%A4%E3%82%AF%E3%82%A2%E3%83%83%E3%83%97%E3%83%9C%E3%83%83%E3%82%AF%E3%82%B9%E5%B7%BE%E7%9D%80%E5%8C%96%E7%B2%A7%E5%93%81%E3%83%90%E3%83%83%E3%82%B0%E3%80%81%E6%97%85%E8%A1%8C%E3%82%84%E6%97%A5%E5%B8%B8%E4%BD%BF%E7%94%A8%E3%81%AB%E6%9C%80%E9%81%A9%E3%80%81%E5%A5%B3%E6%80%A7%E3%81%AE%E3%83%9D%E3%83%BC%E3%82%BF%E3%83%96%E3%83%AB%E5%8C%96%E7%B2%A7%E5%93%81%E3%83%90%E3%83%83%E3%82%B0%E3%80%81%E3%82%AF%E3%83%AA%E3%82%B9%E3%83%9E%E3%82%B9%2F%E6%96%B0%E5%B9%B4%E3%81%AE%E3%82%AE%E3%83%95%E3%83%88%E3%83%90%E3%83%83%E3%82%B0+%28Colo HTTP/1.1" 200 0 "-" "Mozilla/5.0 AppleWebKit/537.36 (KHTML, like Gecko; compatible; bingbot/2.0; +http://www.bing.com/bingbot.htm) Chrome/116.0.1938.76 Safari/537.36"
66.249.74.11 - - [28/Apr/2025:10:51:59 -0400] "GET /122763874.shtml HTTP/1.1" 200 0 "-" "Mozilla/5.0 (Linux; Android 6.0.1; Nexus 5X Build/MMB29P) AppleWebKit/537.36 (KHTML, like Gecko) Chrome/135.0.7049.95 Mobile Safari/537.36 (compatible; GoogleOther)"
