52.167.144.232 - - [28/Apr/2025:10:52:27 -0400] "GET /?i=27603180947700&channel=9e4604&from=pin.php%3Fid%3D1809477-4854%26name%3D%E3%80%90%E9%80%81%E6%96%99%E7%84%A1%E6%96%99%E3%80%91%3Cbr%3E%E3%82%B7%E3%83%A1%E3%82%A4+%E3%83%96%E3%83%AB%E3%83%BC+%E3%82%B0%E3%83%A9%E3%83%B3%E3%83%89%E3%83%AC%E3%82%BC%E3%83%AB%E3%83%B4+1500ml%E3%80%90%E3%82%AB%E3%82%BF%E3%83%AD%E3%82%B0%E6%8E%B2%E8%BC%89%E5%93%81%E3%80%91%3Cbr%3E%E3%80%90%E4%BB%96%E5%95%86%E5%93%81%E5%90%8C%E6%99%82%E8%B3%BC%E5%85%A5%E4%B8%8D%E5%8F%AF%E3%80%91%3Cbr%3E%3Cbr%3E HTTP/1.1" 200 0 "-" "Mozilla/5.0 AppleWebKit/537.36 (KHTML, like Gecko; compatible; bingbot/2.0; +http://www.bing.com/bingbot.htm) Chrome/116.0.1938.76 Safari/537.36"
66.249.73.102 - - [28/Apr/2025:10:52:32 -0400] "GET /?i=23185126094405&channel=77aa1d&from=blog.php%3Fid%3D1260944-1766%26name%3D%E9%80%814000%E5%86%86%EF%BD%9E+%E3%83%91%E3%83%81%E3%82%B9%E3%83%AD+%E3%83%95%E3%82%A7%E3%82%A2%E3%83%AA%E3%83%BC%E3%83%86%E3%82%A4%E3%83%AB+FSA+2018%E5%B9%B4%E3%83%A2%E3%83%87%E3%83%AB+%5B%E3%82%B3%E3%82%A4%E3%83%B3%E4%BD%9C%E5%8B%95%E6%A9%9F%5D+%E3%82%B9%E3%83%AD%E3%83%83%E3%83%88%E6%9C%AC%E4%BD%93+%E5%AE%9F%E6%A9%9F+%2B+%E3%83%89%E3%82%A2%E3%82%AD%E3%83%BC%E3%80%80%E3%83%AC%E3%83%88%E3%83%AD+FAIRY+TAIL+%E3%82%BF%E3%82%A4%E3%82%A2%E3%83%83%E3%83%97 HTTP/1.1" 200 54894 "-" "Mozilla/5.0 (Linux; Android 6.0.1; Nexus 5X Build/MMB29P) AppleWebKit/537.36 (KHTML, like Gecko) Chrome/135.0.7049.95 Mobile Safari/537.36 (compatible; Googlebot/2.1; +http://www.google.com/bot.html)"
52.167.144.161 - - [28/Apr/2025:10:52:52 -0400] "GET /?i=96018141736904&channel=7648ef&from=shared.php%3Fid%3D1417369-1230%26name%3D%5B%E3%82%B3%E3%83%AD%E3%83%B3%E3%83%93%E3%82%A2%5D+%E3%82%AF%E3%82%A4%E3%83%83%E3%82%AF%E3%83%8F%E3%82%A4%E3%82%AF%E3%83%90%E3%83%83%E3%82%AF%E3%82%B0%E3%83%A9%E3%83%95%E3%82%A3%E3%83%83%E3%82%AF%E3%82%B7%E3%83%A7%E3%83%BC%E3%83%88%E3%82%B9%E3%83%AA%E3%83%BC%E3%83%96T%E3%82%B7%E3%83%A3%E3%83%84+AJ9595%28XL%2C397%EF%BC%9AStone+Green+Hea HTTP/1.1" 200 0 "-" "Mozilla/5.0 AppleWebKit/537.36 (KHTML, like Gecko; compatible; bingbot/2.0; +http://www.bing.com/bingbot.htm) Chrome/116.0.1938.76 Safari/537.36"
52.167.144.161 - - [28/Apr/2025:10:52:53 -0400] "GET /?i=22731193976104&channel=60a945&from=shared.php%3Fid%3D1939761-22093%26name%3D%E3%82%A2%E3%83%B3%E3%83%91%E3%83%B3%E3%83%9E%E3%83%B3%E8%84%B3%E3%82%92%E8%82%B2%E3%82%80%E3%81%A9%E3%81%93%E3%81%A7%E3%82%82%E3%82%8F%E3%81%8F%E3%82%8F%E3%81%8F%E3%82%B8%E3%83%A0%E3%83%A1%E3%83%AA%E3%83%BCBANDAI HTTP/1.1" 200 0 "-" "Mozilla/5.0 AppleWebKit/537.36 (KHTML, like Gecko; compatible; bingbot/2.0; +http://www.bing.com/bingbot.htm) Chrome/116.0.1938.76 Safari/537.36"
66.249.74.13 - - [28/Apr/2025:10:55:50 -0400] "GET /13050712495.shtml HTTP/1.1" 200 0 "-" "Mozilla/5.0 (Linux; Android 6.0.1; Nexus 5X Build/MMB29P) AppleWebKit/537.36 (KHTML, like Gecko) Chrome/135.0.7049.95 Mobile Safari/537.36 (compatible; GoogleOther)"
52.167.144.229 - - [28/Apr/2025:10:56:22 -0400] "GET /?i=16411125692500&channel=be40a6&from=pin.php%3Fid%3D1256925-16586%26name%3DLSPX-S3+SONY+%E3%82%B0%E3%83%A9%E3%82%B9%E3%82%B5%E3%82%A6%E3%83%B3%E3%83%89%E3%82%B9%E3%83%94%E3%83%BC%E3%82%AB%E3%83%BC HTTP/1.1" 200 0 "-" "Mozilla/5.0 AppleWebKit/537.36 (KHTML, like Gecko; compatible; bingbot/2.0; +http://www.bing.com/bingbot.htm) Chrome/116.0.1938.76 Safari/537.36"
52.167.144.221 - - [28/Apr/2025:10:57:10 -0400] "GET /?i=7232065623901&channel=06fb25&from=form.php%3Fid%3D656239-7912%26name%3DDYSDXNN%28%E5%B0%8F%E3%81%95%E3%81%AA%E5%BA%97%29+%E3%82%B7%E3%83%B3%E3%83%97%E3%83%AB%E3%81%A7%E8%BB%BD%E9%87%8F%E3%81%AA%E9%AB%98%E7%B4%9A%E3%82%AC%E3%83%A9%E3%82%B9%E5%A4%A7%E7%90%86%E7%9F%B3%E3%83%9A%E3%83%B3%E3%83%80%E3%83%B3%E3%83%88%E3%83%A9%E3%82%A4%E3%83%88%E3%80%81%E3%82%AF%E3%83%AA%E3%82%A8%E3%82%A4%E3%83%86%E3%82%A3%E3%83%96%E3%81%AA%E5%AF%9D%E5%AE%A4%E3%81%AE%E3%83%99%E3%83%83%E3%83%89%E3%82%B5%E3%82%A4%E3%83%89%E3%82%B7%E3%83%A3%E3%83%B3%E3%83%87%E3%83%AA%E3%82%A2%E3%80%81G9%E5%85%89 HTTP/1.1" 200 0 "-" "Mozilla/5.0 AppleWebKit/537.36 (KHTML, like Gecko; compatible; bingbot/2.0; +http://www.bing.com/bingbot.htm) Chrome/116.0.1938.76 Safari/537.36"
52.167.144.221 - - [28/Apr/2025:10:57:38 -0400] "GET /?i=12922154282200&channel=e37883&from=jp.php%3Fid%3D1542822-19061%26name%3D%E3%83%80%E3%82%A4%E3%83%8F%E3%83%84%E7%B4%94%E6%AD%A3CVT%E3%83%95%E3%83%AB%E3%83%BC%E3%83%89DFE+4%E3%83%AA%E3%83%83%E3%82%BF%E3%83%BC%E3%80%80%E6%9C%AA%E4%BD%BF%E7%94%A8%E5%93%81 HTTP/1.1" 200 0 "-" "Mozilla/5.0 AppleWebKit/537.36 (KHTML, like Gecko; compatible; bingbot/2.0; +http://www.bing.com/bingbot.htm) Chrome/116.0.1938.76 Safari/537.36"
66.249.74.13 - - [28/Apr/2025:10:59:27 -0400] "GET /?i=7108710401003&channel=4c6343&from=form.php%3Fid%3D104010-6634%26name%3D%E3%80%90%E6%A5%B5%E7%BE%8E%E5%93%81%E3%80%91MICHAEL+KORS+%E8%A8%B1%E3%81%9B+%E3%83%88%E3%83%BC%E3%83%88%E3%83%90%E3%83%83%E3%82%B0%E3%80%80%E3%82%B7%E3%83%A7%E3%83%AB%E3%83%80%E3%83%BC%E3%80%80%E3%82%B7%E3%83%9C%E9%9D%A9%E3%80%80%E3%83%93%E3%82%B8%E3%83%8D%E3%82%B9 HTTP/1.1" 200 52044 "-" "Mozilla/5.0 (Linux; Android 6.0.1; Nexus 5X Build/MMB29P) AppleWebKit/537.36 (KHTML, like Gecko) Chrome/135.0.7049.95 Mobile Safari/537.36 (compatible; Googlebot/2.1; +http://www.google.com/bot.html)"
66.249.74.11 - - [28/Apr/2025:10:59:48 -0400] "GET /?i=1717624024000&channel=52404f&from=form.php%3Fid%3D240240-3440%26name%3Dss5116%E3%80%80%E3%82%AD%E3%83%84%E3%83%84%E3%82%AD%E3%83%9E%E3%83%BC%E3%82%AF%E3%80%80%E3%83%80%E3%82%A4%E3%83%8B%E3%83%B3%E3%82%B0%E3%83%81%E3%82%A7%E3%82%A2%E3%80%80%E3%83%80%E3%83%BC%E3%82%AF%E3%83%96%E3%83%A9%E3%82%A6%E3%83%B3%E3%80%80%E5%A4%A9%E7%84%B6%E6%9C%A8%E3%80%80%E9%A3%9B%E9%A8%A8%E7%94%A3%E6%A5%AD%E3%80%80%E6%9C%A8%E8%A3%BD%E3%80%80%E9%A3%9F%E5%8D%93%E3%82%A4%E3%82%B9%E3%80%80%E3%82%A2%E3%83%BC%E3%83%A0%E3%83%AC%E3%82%B9%E3%80%80%E3%81%93%E3%81%92%E8%8C%B6%E3%80%80%E3%82%A2%E3%83%B3%E3%83%86%E3%82%A3%E3%83%BC%E3%82%AF%E3%80%80%E9%A3%9F%E5%8D%93%E7%94%A8%E3%80%80%E4%B8%80%E4%BA%BA%E6%8E%9B%E3%81%91%E3%80%80%E6%A4%85%E5%AD%90%E3%80%80%E3%81%84%E3%81%99%E3%80%80%E3%82%A4%E3%82%B9%E3%80%80%E3%83%93%E3%83%B3%E3%83%86%E3%83%BC%E3%82%B8%E3%83%81%E3%82%A7%E3%82%A2 HTTP/1.1" 200 55254 "-" "Mozilla/5.0 (Linux; Android 6.0.1; Nexus 5X Build/MMB29P) AppleWebKit/537.36 (KHTML, like Gecko) Chrome/135.0.7049.95 Mobile Safari/537.36 (compatible; Googlebot/2.1; +http://www.google.com/bot.html)"
66.249.74.11 - - [28/Apr/2025:10:59:56 -0400] "GET /?i=0092121164005&channel=cb96d1&from=info.php%3Fid%3D211640-7472%26name%3DAirPods+Pro+%E6%9C%AC%E4%BD%93+%E5%85%85%E9%9B%BB%E3%82%B1%E3%83%BC%E3%82%B9%E4%BB%98%E3%81%8D HTTP/1.1" 200 52226 "-" "Mozilla/5.0 (Linux; Android 6.0.1; Nexus 5X Build/MMB29P) AppleWebKit/537.36 (KHTML, like Gecko) Chrome/135.0.7049.95 Mobile Safari/537.36 (compatible; Googlebot/2.1; +http://www.google.com/bot.html)"
66.249.74.11 - - [28/Apr/2025:11:00:06 -0400] "GET /82620505545.shtml HTTP/1.1" 200 0 "-" "Mozilla/5.0 (Linux; Android 6.0.1; Nexus 5X Build/MMB29P) AppleWebKit/537.36 (KHTML, like Gecko) Chrome/135.0.7049.95 Mobile Safari/537.36 (compatible; GoogleOther)"
66.249.73.101 - - [28/Apr/2025:11:00:12 -0400] "GET /?i=47297122840206&channel=796fb1&from=brands.php%3Fid%3D1228402-3496%26name%3DZETT+%E3%83%97%E3%83%AD%E3%82%B9%E3%83%86%E3%82%A4%E3%82%BF%E3%82%B9+%E8%BB%9F%E5%BC%8F%E3%82%B0%E3%83%AD%E3%83%BC%E3%83%96+%E6%BA%90%E7%94%B0%E3%83%A2%E3%83%87%E3%83%AB HTTP/1.1" 200 52585 "-" "Mozilla/5.0 (Linux; Android 6.0.1; Nexus 5X Build/MMB29P) AppleWebKit/537.36 (KHTML, like Gecko) Chrome/135.0.7049.95 Mobile Safari/537.36 (compatible; Googlebot/2.1; +http://www.google.com/bot.html)"
92.205.172.3 - - [28/Apr/2025:11:00:12 -0400] "GET /wp-json/wp/v2/users HTTP/1.1" 200 0 "-" "Mozilla/5.0 (Windows NT 10.0; Win64; x64) AppleWebKit/537.36 (KHTML, like Gecko) Chrome/74.0.3729.169 Safari/537.36"
66.249.73.102 - - [28/Apr/2025:11:00:43 -0400] "GET /?i=03014171960703&channel=4cd3c7&from=shared.php%3Fid%3D1719607-15036%26name%3D%E2%9C%A8%E6%96%B0%E5%93%81%E6%9C%AA%E4%BD%BF%E7%94%A8%E2%9C%A8%E6%A5%BD%E5%A4%A9%E8%B3%BC%E5%85%A5%E3%80%80%E6%9C%AC%E9%9D%A9%E3%83%9F%E3%83%8B%E8%B2%A1%E5%B8%83%E3%80%80%E5%AE%9A%E4%BE%A12680+%E7%84%A1%E7%A7%A9%E5%BA%8F HTTP/1.1" 200 52574 "-" "Mozilla/5.0 (Linux; Android 6.0.1; Nexus 5X Build/MMB29P) AppleWebKit/537.36 (KHTML, like Gecko) Chrome/135.0.7049.95 Mobile Safari/537.36 (compatible; Googlebot/2.1; +http://www.google.com/bot.html)"
66.249.74.12 - - [28/Apr/2025:11:00:49 -0400] "GET /?i=7127765208003&channel=0b442b&from=product.php%3Fid%3D652080-1496%26name%3D%E2%98%85%E3%82%B7%E3%83%8A%E3%82%B3%E3%83%90%E3%80%90%2A001%2A%E3%80%91%EF%BC%9C%EF%BC%94%EF%BC%90%EF%BC%85OFF%EF%BC%9E%E7%A7%8B%E5%86%AC%E9%95%B7%E8%A2%96%E3%82%B3%E3%83%BC%E3%83%87%E3%83%A5%E3%83%AD%E3%82%A4%E3%83%9C%E3%82%BF%E3%83%B3%E3%83%80%E3%82%A6%E3%83%B3%E3%82%B7%E3%83%A3%E3%83%84%EF%BC%9CM%E3%82%B5%E3%82%A4%E3%82%BA%EF%BC%9E-eb174 HTTP/1.1" 200 54385 "-" "Mozilla/5.0 (Linux; Android 6.0.1; Nexus 5X Build/MMB29P) AppleWebKit/537.36 (KHTML, like Gecko) Chrome/135.0.7049.95 Mobile Safari/537.36 (compatible; Googlebot/2.1; +http://www.google.com/bot.html)"
66.249.74.11 - - [28/Apr/2025:11:00:54 -0400] "GET /704891289675.shtml HTTP/1.1" 200 0 "-" "Mozilla/5.0 (Linux; Android 6.0.1; Nexus 5X Build/MMB29P) AppleWebKit/537.36 (KHTML, like Gecko) Chrome/135.0.7049.95 Mobile Safari/537.36 (compatible; GoogleOther)"
40.77.167.52 - - [28/Apr/2025:11:01:20 -0400] "GET /?i=01739110812901&channel=6d059f&from=news.php%3Fid%3D1108129-2465%26name%3D%E3%80%90%E3%81%8A%E5%BE%97%E3%81%AA%E3%82%AF%E3%83%BC%E3%83%9D%E3%83%B3%E9%85%8D%E5%B8%83%E4%B8%AD%E3%80%91%E8%B3%83%E8%B2%B8%E4%BD%8F%E5%AE%85%E7%AE%A1%E7%90%86%E6%A5%AD%E8%80%85%E7%99%BB%E9%8C%B2%E7%A5%A8+W52%C3%97%EF%BC%A837cm+%E3%82%B9%E3%83%86%E3%83%B3%E3%83%AC%E3%82%B9%E7%9C%8B%E6%9D%BF+%E3%80%90%E5%86%85%E5%AE%B9%E5%8D%B0%E5%88%B7%E8%BE%BC%E3%80%91%E8%A1%A8%E7%A4%BA%E6%9D%BF+%E7%99%BB%E9%8C%B2%E7%A5%A8+%E3%83%97%E3%83%AC%E3%83%BC%E3%83%88+%E4%B8%8D%E5%8B%95%E7%94%A3+%E6%A8%99%E8%AD%98+qd-18 HTTP/1.1" 200 0 "-" "Mozilla/5.0 AppleWebKit/537.36 (KHTML, like Gecko; compatible; bingbot/2.0; +http://www.bing.com/bingbot.htm) Chrome/116.0.1938.76 Safari/537.36"
66.249.73.101 - - [28/Apr/2025:11:01:26 -0400] "GET /?i=27003803404&channel=0e9515&from=goods.php%3Fid%3D8034-523%26name%3D%E7%B5%B5%E7%94%BB+%E4%B8%96%E7%95%8C%E3%81%AE%E5%90%8D%E7%94%BB%E3%82%B7%E3%83%AA%E3%83%BC%E3%82%BA+%E9%A1%8D%E7%B8%81%E4%BB%98%28MJ108N%29+%E3%83%95%E3%83%A9%E3%83%B3%E3%82%BD%E3%83%AF%E3%83%BB%E3%82%B8%E3%82%A7%E3%83%A9%E3%83%BC%E3%83%AB+%E3%80%8C%E3%83%9E%E3%83%80%E3%83%A0%E3%83%BB%E3%83%AC%E3%82%AB%E3%83%9F%E3%82%A8%E3%80%8D+%E3%81%BE%E3%81%A8%E3%82%81%E3%82%88+%E3%81%8A%E8%B2%B7%E3%81%84%E5%BE%97%E3%82%B5%E3%82%A4%E3%82%BA%EF%BC%9A+P10%E5%8F%B7+%E3%83%97%E3%83%AA%E3%83%8F%E3%83%BC%E3%83%89 HTTP/1.1" 200 53360 "-" "Mozilla/5.0 (Linux; Android 6.0.1; Nexus 5X Build/MMB29P) AppleWebKit/537.36 (KHTML, like Gecko) Chrome/135.0.7049.95 Mobile Safari/537.36 (compatible; Googlebot/2.1; +http://www.google.com/bot.html)"
66.249.74.12 - - [28/Apr/2025:11:01:33 -0400] "GET /?i=80191118173203&channel=8216bc&from=shared.php%3Fid%3D1181732-645%26name%3D%E5%8B%95%E7%94%BB%E6%9C%89%E3%82%8A+%E3%81%94%E8%87%AA%E5%AE%85%E3%81%BE%E3%81%A7%E7%84%A1%E6%96%99%E9%85%8D%E9%81%94%E3%81%97%E3%81%BE%E3%81%99%E2%9D%97+%E3%83%A4%E3%83%9E%E3%83%8F+VINO+SA54J+4%E3%82%B9%E3%83%88+FI+%E3%83%93%E3%83%BC%E3%83%8E+%E5%8B%95%E7%94%BB%E6%9C%89+%E8%BF%91%E7%9C%8C%E7%84%A1%E6%96%99%E9%85%8D%E9%81%94%E6%9C%89%E3%82%8A++YAMAHA++22204km HTTP/1.1" 200 55223 "-" "Mozilla/5.0 (Linux; Android 6.0.1; Nexus 5X Build/MMB29P) AppleWebKit/537.36 (KHTML, like Gecko) Chrome/135.0.7049.95 Mobile Safari/537.36 (compatible; Googlebot/2.1; +http://www.google.com/bot.html)"
49.0.237.195 - - [28/Apr/2025:11:01:36 -0400] "HEAD / HTTP/1.1" 200 0 "-" "Java/1.8.0_322"
150.40.242.182 - - [28/Apr/2025:11:01:40 -0400] "GET / HTTP/1.1" 200 0 "-" "Mozilla/5.0 (X11; Linux x86_64; Android) AppleWebKit/537.36 (KHTML, like Gecko) Chrome/82.0.4683.4 Safari/537.36 HuaweiCrawler"
66.249.74.12 - - [28/Apr/2025:11:01:43 -0400] "GET /?i=1095939909803&channel=d20817&from=blog.php%3Fid%3D399098-2382%26name%3DMAMMUT+%E3%82%AF%E3%83%A9%E3%83%83%E3%82%B0+%E3%82%A4%E3%83%B3%E3%82%B5%E3%83%AC%E3%83%BC%E3%82%B7%E3%83%A7%E3%83%B3+%E3%82%B8%E3%83%A3%E3%82%B1%E3%83%83%E3%83%88+M%E3%82%B5%E3%82%A4%E3%82%BA+%E3%82%A2%E3%82%A6%E3%83%88%E3%83%89%E3%82%A2%E3%82%A6%E3%82%A7%E3%82%A2+036961004 HTTP/1.1" 200 53710 "-" "Mozilla/5.0 (Linux; Android 6.0.1; Nexus 5X Build/MMB29P) AppleWebKit/537.36 (KHTML, like Gecko) Chrome/135.0.7049.95 Mobile Safari/537.36 (compatible; Googlebot/2.1; +http://www.google.com/bot.html)"
66.249.73.102 - - [28/Apr/2025:11:02:06 -0400] "GET /?i=133709703604&channel=8230d3&from=jp.php%3Fid%3D97036-67%26name%3D%E3%83%90%E3%83%83%E3%82%AF%E3%82%AB%E3%83%A1%E3%83%A9%E3%80%81%E3%81%AB%E9%81%A9%E5%90%88%E3%81%99%E3%82%8B+Kia+Rio+%E3%83%8F%E3%83%83%E3%83%81%E3%83%90%E3%83%83%E3%82%AF+2011-2015+%E8%BB%8A%E7%94%A8%E3%83%AA%E3%82%A2%E3%83%91%E3%83%BC%E3%82%AD%E3%83%B3%E3%82%B0%E3%82%A2%E3%82%B7%E3%82%B9%E3%83%88+%E3%81%AE%E3%81%BC%E3%82%8B+%E3%83%90%E3%83%83%E3%82%AF%E3%82%A2%E3%83%83%E3%83%97%E3%82%AB%E3%83%A1%E3%83%A9%E3%82%A2%E3%82%AF%E3%82%BB%E3%82%B5%E3%83%AA HTTP/1.1" 200 55038 "-" "Mozilla/5.0 (Linux; Android 6.0.1; Nexus 5X Build/MMB29P) AppleWebKit/537.36 (KHTML, like Gecko) Chrome/135.0.7049.95 Mobile Safari/537.36 (compatible; Googlebot/2.1; +http://www.google.com/bot.html)"
66.249.73.102 - - [28/Apr/2025:11:03:02 -0400] "GET /?i=2432421198701&channel=5a4158&from=news.php%3Fid%3D211987-3947%26name%3DYMGSCC%28%E5%90%9B%E3%82%92%E6%84%9B%E3%81%97%E3%81%A6%E3%82%8B%29+DIY%E3%82%AF%E3%82%A9%E3%83%BC%E3%83%84%E3%82%AF%E3%83%AD%E3%83%83%E3%82%AF%E3%81%AE%E5%8B%95%E3%81%8D%E3%83%A1%E3%82%AB%E3%83%8B%E3%82%BA%E3%83%A0%E3%83%8F%E3%83%B3%E3%83%89%E3%82%A6%E3%82%A9%E3%83%BC%E3%83%AB%E4%BF%AE%E7%90%86%E3%83%84%E3%83%BC%E3%83%AB%E3%83%91%E3%83%BC%E3%83%84%E3%82%B5%E3%82%A4%E3%83%AC%E3%83%B3%E3%83%88%E3%82%AD%E3%83%83%E3%83%88%E3%82%BB%E3%83%83%E3%83%88%E3%82%B9%E3%82%BF%E3%82%A4%E3%83%AB54 HTTP/1.1" 200 53119 "-" "Mozilla/5.0 (Linux; Android 6.0.1; Nexus 5X Build/MMB29P) AppleWebKit/537.36 (KHTML, like Gecko) Chrome/135.0.7049.95 Mobile Safari/537.36 (compatible; Googlebot/2.1; +http://www.google.com/bot.html)"
66.249.74.12 - - [28/Apr/2025:11:03:11 -0400] "GET /?i=0749990376001&channel=96ec45&from=blog.php%3Fid%3D903760-20121%26name%3DReFa+FINE+BUBBLE+++%E3%83%AA%E3%83%95%E3%82%A1%E3%83%95%E3%82%A1%E3%82%A4%E3%83%B3%E3%83%90%E3%83%96%E3%83%AB%E3%83%94%E3%83%A5%E3%82%A2 HTTP/1.1" 200 0 "-" "Mozilla/5.0 (Linux; Android 6.0.1; Nexus 5X Build/MMB29P) AppleWebKit/537.36 (KHTML, like Gecko) Chrome/135.0.7049.95 Mobile Safari/537.36 (compatible; GoogleOther)"
66.249.74.11 - - [28/Apr/2025:11:03:32 -0400] "GET /78428233060.shtml HTTP/1.1" 200 0 "-" "Mozilla/5.0 (Linux; Android 6.0.1; Nexus 5X Build/MMB29P) AppleWebKit/537.36 (KHTML, like Gecko) Chrome/135.0.7049.95 Mobile Safari/537.36 (compatible; GoogleOther)"
66.249.73.101 - - [28/Apr/2025:11:03:38 -0400] "GET /?i=8168866156906&channel=09cb39&from=info.php%3Fid%3D661569-17143%26name%3D%E6%88%A6%E8%A1%93%E7%9A%84%E3%81%AA%E3%82%A8%E3%82%A2%E3%82%BD%E3%83%95%E3%83%88%E3%81%AE%E9%80%9F%E3%81%84%E3%83%98%E3%83%AB%E3%83%A1%E3%83%83%E3%83%88%E3%80%81%E3%82%A8%E3%82%A2%E3%82%BD%E3%83%95%E3%83%88%E3%81%AE%E8%BB%8D%E3%81%AE%E9%80%9F%E3%81%84%E3%83%98%E3%83%AB%E3%83%A1%E3%83%83%E3%83%88%E3%80%81%E8%B6%85%E6%98%8E%E3%82%8B%E3%81%84+LED+%E3%81%AE%E6%87%90%E4%B8%AD%E9%9B%BB%E7%87%88%E3%80%81%E7%94%9F%E5%AD%98%E3%81%AE%E4%BF%A1%E5%8F%B7%E3%83%A9%E3%82%A4%E3%83%88%E3%80%81%E5%A4%9C%E9%96%93%E8%A6%96%E7%95%8C%E3%81%AE%E6%88%A6%E8%A1%93%E7%9A%84 HTTP/1.1" 200 54136 "-" "Mozilla/5.0 (Linux; Android 6.0.1; Nexus 5X Build/MMB29P) AppleWebKit/537.36 (KHTML, like Gecko) Chrome/135.0.7049.95 Mobile Safari/537.36 (compatible; Googlebot/2.1; +http://www.google.com/bot.html)"
52.167.144.235 - - [28/Apr/2025:11:04:15 -0400] "GET /?i=26397107212600&channel=f39431&from=product.php%3Fid%3D1072126-2890%26name%3D%E9%AB%9843cm+%E4%BB%8F%E6%95%99%E5%B7%A5%E8%8A%B8%E5%93%81%E3%80%80%E6%9C%A8%E5%BD%AB%E4%BB%8F%E6%95%99%E3%80%80%E7%B2%BE%E5%AF%86%E5%BD%AB%E5%88%BB%E3%80%80%E4%BB%8F%E5%B8%AB%E3%81%A7%E4%BB%95%E4%B8%8A%E3%81%92%E5%93%81%E3%80%80%E5%8B%A2%E8%87%B3%E8%8F%A9%E8%96%A9+%E9%96%8B%E9%81%8B%E9%A2%A8%E6%B0%B4+%E6%9C%A8%E9%80%A0%E4%BB%8F%E5%83%8F%E3%80%80%E7%81%BD%E9%9B%A3%E9%99%A4%E5%8E%BB HTTP/1.1" 200 0 "-" "Mozilla/5.0 AppleWebKit/537.36 (KHTML, like Gecko; compatible; bingbot/2.0; +http://www.bing.com/bingbot.htm) Chrome/116.0.1938.76 Safari/537.36"
66.249.73.101 - - [28/Apr/2025:11:04:18 -0400] "GET /03982594042.shtml HTTP/1.1" 200 53537 "-" "Mozilla/5.0 (Linux; Android 6.0.1; Nexus 5X Build/MMB29P) AppleWebKit/537.36 (KHTML, like Gecko) Chrome/135.0.7049.95 Mobile Safari/537.36 (compatible; Googlebot/2.1; +http://www.google.com/bot.html)"
66.249.73.101 - - [28/Apr/2025:11:04:37 -0400] "GET /?i=21372189866602&channel=015057&from=info.php%3Fid%3D1898666-16145%26name%3DTapo+%E3%82%B9%E3%83%9E%E3%83%BC%E3%83%88+LED+%E3%83%A9%E3%83%B3%E3%83%97+E26+800lm+Echo+%E3%82%B7%E3%83%AA%E3%83%BC%E3%82%BA HTTP/1.1" 200 52835 "-" "Mozilla/5.0 (Linux; Android 6.0.1; Nexus 5X Build/MMB29P) AppleWebKit/537.36 (KHTML, like Gecko) Chrome/135.0.7049.95 Mobile Safari/537.36 (compatible; Googlebot/2.1; +http://www.google.com/bot.html)"
66.249.73.101 - - [28/Apr/2025:11:04:44 -0400] "GET /?i=0722897809301&channel=fa6891&from=form.php%3Fid%3D978093-2772%26name%3DPt900%3Cbr%3E%E3%83%80%E3%82%A4%E3%83%A4%E3%83%A2%E3%83%B3%E3%83%89+%E3%83%AA%E3%83%B3%E3%82%B0%3Cbr%3ED%3D0.10ct+%3Cbr%3E%EF%BC%83+11%3Cbr%3E%E3%80%90%E4%B8%AD%E5%8F%A4%E3%80%91%E5%80%A4%E4%B8%8B%E3%81%92+%E5%8C%85%E3%81%BF%E8%BE%BC%E3%82%93 HTTP/1.1" 200 55886 "-" "Mozilla/5.0 (Linux; Android 6.0.1; Nexus 5X Build/MMB29P) AppleWebKit/537.36 (KHTML, like Gecko) Chrome/135.0.7049.95 Mobile Safari/537.36 (compatible; Googlebot/2.1; +http://www.google.com/bot.html)"
66.249.74.11 - - [28/Apr/2025:11:04:52 -0400] "GET /838091594251.shtml HTTP/1.1" 200 0 "-" "Mozilla/5.0 (Linux; Android 6.0.1; Nexus 5X Build/MMB29P) AppleWebKit/537.36 (KHTML, like Gecko) Chrome/135.0.7049.95 Mobile Safari/537.36 (compatible; GoogleOther)"
66.249.74.13 - - [28/Apr/2025:11:05:06 -0400] "GET /?i=2825658999204&channel=4bb0e9&from=goods.php%3Fid%3D589992-1479%26name%3D%E3%83%8E%E3%83%BC%E3%82%B9%E3%83%95%E3%82%A7%E3%82%A4%E3%82%B9%E3%80%80%E3%83%96%E3%83%AB%E3%82%BE%E3%83%B3%E3%80%80%E3%82%B0%E3%83%AC%E3%83%BC HTTP/1.1" 200 52364 "-" "Mozilla/5.0 (Linux; Android 6.0.1; Nexus 5X Build/MMB29P) AppleWebKit/537.36 (KHTML, like Gecko) Chrome/135.0.7049.95 Mobile Safari/537.36 (compatible; Googlebot/2.1; +http://www.google.com/bot.html)"
52.167.144.140 - - [28/Apr/2025:11:05:13 -0400] "GET /?i=02103172284104&channel=2870d0&from=pin.php%3Fid%3D1722841-26532%26name%3D2PCS%E8%86%9D%E8%93%8B%E9%AA%A8%E8%86%9D%E3%82%B9%E3%83%88%E3%83%A9%E3%83%83%E3%83%97%E3%83%90%E3%82%B9%E3%82%B1%E3%83%83%E3%83%88%E3%83%9C%E3%83%BC%E3%83%AB%E3%82%B5%E3%82%A4%E3%82%AF%E3%83%AA%E3%83%B3%E3%82%B0%E7%94%A8%E3%82%B7%E3%83%AA%E3%82%B3%E3%83%B3%E3%83%A9%E3%83%83%E3%83%97%E3%83%8F%E3%82%A4%E3%82%AD%E3%83%B3%E3%82%B0%E5%BF%AB%E9%81%A9%E3%81%AA%E8%86%9D%E8%93%8B%E9%AA%A8%E8%85%B1%E8%86%9D%E3%83%A9%E3%83%83%E3%83%97 HTTP/1.1" 200 0 "-" "Mozilla/5.0 AppleWebKit/537.36 (KHTML, like Gecko; compatible; bingbot/2.0; +http://www.bing.com/bingbot.htm) Chrome/116.0.1938.76 Safari/537.36"
66.249.74.12 - - [28/Apr/2025:11:05:35 -0400] "GET /?i=44516144144001&channel=6e1224&from=blog.php%3Fid%3D1441440-20093%26name%3DiPhone+14+Pro%2FPro+Max%E7%94%A8+%E3%82%AB%E3%83%A1%E3%83%A9%E3%83%95%E3%82%A3%E3%83%AB%E3%83%A0+2%E6%9E%9A%E3%82%BB%E3%83%83%E3%83%88 HTTP/1.1" 200 0 "-" "Mozilla/5.0 (Linux; Android 6.0.1; Nexus 5X Build/MMB29P) AppleWebKit/537.36 (KHTML, like Gecko) Chrome/135.0.7049.95 Mobile Safari/537.36 (compatible; GoogleOther)"
66.249.74.11 - - [28/Apr/2025:11:05:45 -0400] "GET /?i=579747390200&channel=64c5ae&from=news.php%3Fid%3D73902-484%26name%3D%E3%82%AC%E3%83%AC%E3%83%BC%E3%82%B8%E3%83%99%E3%83%AA%E3%83%BC+%E3%83%95%E3%83%AD%E3%83%B3%E3%83%88%E3%83%AA%E3%83%83%E3%83%97+NB%E3%83%AD%E3%83%BC%E3%83%89%E3%82%B9%E3%82%BF%E3%83%BC+%5B%E5%89%8D%E6%9C%9F%5D4055+GARAGE+VARY+%E5%A4%96%E8%A3%85+%E3%82%A8%E3%82%A2%E3%83%AD HTTP/1.1" 200 55644 "-" "Mozilla/5.0 (Linux; Android 6.0.1; Nexus 5X Build/MMB29P) AppleWebKit/537.36 (KHTML, like Gecko) Chrome/135.0.7049.95 Mobile Safari/537.36 (compatible; Googlebot/2.1; +http://www.google.com/bot.html)"
52.167.144.187 - - [28/Apr/2025:11:05:58 -0400] "GET /?i=73185114754702&channel=06464d&from=form.php%3Fid%3D1147547-481%26name%3D%E3%80%90%E6%9C%80%E5%A4%A71%E4%B8%87%E5%86%86%EF%BD%B8%EF%BD%B0%EF%BE%8E%EF%BE%9F%EF%BE%9D3%2F21-26%E3%80%91+%E3%80%90%E6%B3%95%E4%BA%BA%E9%99%90%E5%AE%9A%E3%80%91+%E3%83%95%E3%82%A7%E3%83%AB%E3%83%88+%E3%83%87%E3%82%B9%E3%82%AF%E3%83%88%E3%83%83%E3%83%97%E3%83%91%E3%83%8D%E3%83%AB+%E3%83%87%E3%82%B9%E3%82%AF%E3%83%91%E3%83%8D%E3%83%AB+%E5%B9%85980mm+%E7%BD%AE%E3%81%8D%E5%9E%8B+%E3%82%AB%E3%83%A9%E3%83%95%E3%83%AB+%E7%9B%AE%E9%9A%A0%E3%81%97+%E5%8D%93%E4%B8%8A%E3%83%91%E3%83%8D%E3%83%AB+%E4%BB%95%E5%88%87%E3%82%8A+%E8%A1%9D%E7%AB%8B+%E3%83%87%E3%82%B9%E3%82%AF%E3%83%91%E3%83%BC%E3%83%86%E3%82%A3%E3%82%B7%E3%83%A7%E3%83%B3+%E3%82%AA%E3%83%95%E3%82%A3%E3%82%B9+FDP-1000 HTTP/1.1" 200 0 "-" "Mozilla/5.0 AppleWebKit/537.36 (KHTML, like Gecko; compatible; bingbot/2.0; +http://www.bing.com/bingbot.htm) Chrome/116.0.1938.76 Safari/537.36"
52.167.144.187 - - [28/Apr/2025:11:06:09 -0400] "GET /?i=52974101306801&channel=b559ce&from=info.php%3Fid%3D1013068-362%26name%3DKM6061ECHS%E3%80%80KVK%E3%80%80%E3%82%B7%E3%83%B3%E3%82%B0%E3%83%AB%E3%82%B7%E3%83%A3%E3%83%AF%E3%83%BC%E4%BB%98%E6%B7%B7%E5%90%88%E6%A0%93%E3%80%80%E6%92%A5%E6%B0%B4 HTTP/1.1" 200 0 "-" "Mozilla/5.0 AppleWebKit/537.36 (KHTML, like Gecko; compatible; bingbot/2.0; +http://www.bing.com/bingbot.htm) Chrome/116.0.1938.76 Safari/537.36"
66.249.74.11 - - [28/Apr/2025:11:06:23 -0400] "GET /901411622103.shtml HTTP/1.1" 200 0 "-" "Mozilla/5.0 (Linux; Android 6.0.1; Nexus 5X Build/MMB29P) AppleWebKit/537.36 (KHTML, like Gecko) Chrome/135.0.7049.95 Mobile Safari/537.36 (compatible; GoogleOther)"
40.77.167.159 - - [28/Apr/2025:11:07:41 -0400] "GET /?i=00025170252100&channel=deb53a&from=article.php%3Fid%3D1702521-14696%26name%3D%E3%83%87%E3%82%A3%E3%82%BA%E3%83%8B%E3%83%BC%E3%81%AE%E8%8B%B1%E8%AA%9E%E3%82%B7%E3%82%B9%E3%83%86%E3%83%A0%E3%80%80DWE+%E3%82%B7%E3%83%B3%E3%82%B0%E3%82%A2%E3%83%AD%E3%83%B3%E3%82%B0DVD+7%E3%83%96%E3%83%AB%E3%83%BC%E3%83%AC%E3%82%A4%E6%9C%80%E6%96%B0%E7%89%88 HTTP/1.1" 200 0 "-" "Mozilla/5.0 AppleWebKit/537.36 (KHTML, like Gecko; compatible; bingbot/2.0; +http://www.bing.com/bingbot.htm) Chrome/116.0.1938.76 Safari/537.36"
52.167.144.187 - - [28/Apr/2025:11:08:01 -0400] "GET /?i=50172139842301&channel=609d57&from=blog.php%3Fid%3D1398423-10028%26name%3D%E3%82%A6%E3%82%A7%E3%82%B6%E3%83%BC%E3%82%B9%E3%83%88%E3%83%AA%E3%83%83%E3%83%97+4+%E5%80%8B%E8%BB%8A%E3%81%AE%E7%AA%93%E5%A4%96%E5%81%B4%E3%82%A6%E3%82%A7%E3%82%B6%E3%83%BC%E3%82%B9%E3%83%88%E3%83%AA%E3%83%83%E3%83%97%E3%82%B5%E3%82%A4%E3%83%89%E3%83%89%E3%82%A2%E3%83%A2%E3%83%BC%E3%83%AB%E3%83%87%E3%82%A3%E3%83%B3%E3%82%B0%E3%83%88%E3%83%AA%E3%83%A0%E9%98%B2%E6%B0%B4%E3%82%B7%E3%83%BC%E3%83%AB%E3%82%A2%E3%82%A6%E3%83%88%E3%83%A9%E3%83%B3%E3%83%80%E3%83%BC+2007-2011+2 HTTP/1.1" 200 0 "-" "Mozilla/5.0 AppleWebKit/537.36 (KHTML, like Gecko; compatible; bingbot/2.0; +http://www.bing.com/bingbot.htm) Chrome/116.0.1938.76 Safari/537.36"
66.249.74.12 - - [28/Apr/2025:11:08:01 -0400] "GET /78030972365.shtml HTTP/1.1" 200 0 "-" "Mozilla/5.0 (Linux; Android 6.0.1; Nexus 5X Build/MMB29P) AppleWebKit/537.36 (KHTML, like Gecko) Chrome/135.0.7049.95 Mobile Safari/537.36 (compatible; GoogleOther)"
66.249.74.11 - - [28/Apr/2025:11:08:11 -0400] "GET /?i=455924543201&channel=6f4011&from=category-info.php%3Fid%3D45432-3652%26name%3D%E6%90%BA%E5%B8%AF%E9%9B%BB%E8%A9%B1%E3%81%AELCD%E3%83%87%E3%82%A3%E3%82%B9%E3%83%97%E3%83%AC%E3%82%A4+for+Huawei+P30+Pro+Digitizer%E3%83%95%E3%83%AB%E3%82%A2%E3%82%BB%E3%83%B3%E3%83%96%E3%83%AA%E3%81%AE%E3%82%AA%E3%83%AA%E3%82%B8%E3%83%8A%E3%83%ABOLED+LCD%E3%82%B9%E3%82%AF HTTP/1.1" 200 52657 "-" "Mozilla/5.0 (Linux; Android 6.0.1; Nexus 5X Build/MMB29P) AppleWebKit/537.36 (KHTML, like Gecko) Chrome/135.0.7049.95 Mobile Safari/537.36 (compatible; Googlebot/2.1; +http://www.google.com/bot.html)"
66.249.74.11 - - [28/Apr/2025:11:08:55 -0400] "GET /?i=79099191007501&channel=4c1c53&from=brands.php%3Fid%3D1910075-22494%26name%3D%E3%82%B9%E3%83%86%E3%82%A2%E3%83%AA%E3%83%B3%E3%82%B0%E3%82%B3%E3%83%A9%E3%83%A0%E3%82%B9%E3%82%A4%E3%83%83%E3%83%81+Compatible+With+Clio+Ii+1998-2010+%E3%82%BF%E3%83%BC%E3%83%B3%E3%82%B7%E3%82%B0%E3%83%8A%E3%83%AB%E3%82%B9%E3%82%A4%E3%83%83%E3%83%81%E3%83%98%E3%83%83%E3%83%89%E3%83%A9%E3%82%A4%E3%83%88%E8%BB%8A HTTP/1.1" 200 53115 "-" "Mozilla/5.0 (Linux; Android 6.0.1; Nexus 5X Build/MMB29P) AppleWebKit/537.36 (KHTML, like Gecko) Chrome/135.0.7049.95 Mobile Safari/537.36 (compatible; Googlebot/2.1; +http://www.google.com/bot.html)"
40.77.167.132 - - [28/Apr/2025:11:09:23 -0400] "GET /?i=0579347787003&channel=3d63ea&from=shop.php%3Fid%3D477870-16120%26name%3D%E6%B8%85%E6%B0%B4%E6%A5%BD%E5%B1%B1%E3%80%80%E7%B2%89%E5%BC%95%E8%8C%B6%E7%A2%97%E3%80%80%E9%AB%98%E9%BA%97%E3%80%80%E6%9D%8E%E6%9C%9D HTTP/1.1" 200 0 "-" "Mozilla/5.0 AppleWebKit/537.36 (KHTML, like Gecko; compatible; bingbot/2.0; +http://www.bing.com/bingbot.htm) Chrome/116.0.1938.76 Safari/537.36"
52.167.144.187 - - [28/Apr/2025:11:10:29 -0400] "GET /?i=03564196442403&channel=d5cb05&from=news.php%3Fid%3D1964424-7008%26name%3D%E5%A3%81%E6%8E%9B%E3%81%91%E6%89%87%E9%A2%A8%E6%A9%9F%2F%E5%B7%A6%E5%8F%B3%E9%A6%96%E6%8C%AF%E3%82%8A%2F%E5%BC%95%E3%81%8D%E3%81%B2%E3%82%82%E3%82%B9%E3%82%A4%E3%83%83%E3%83%81%2F30cm%E7%BE%BD%E6%A0%B9%2F%E9%A2%A8%E9%87%8F3%E6%AE%B5%E9%9A%8E%2F%E3%82%BF%E3%82%A4%E3%83%9E%E3%83%BC%2F+%E9%A6%96%E6%8C%AF%E3%82%8A%E6%A9%9F%E8%83%BD+%E5%88%87%E3%82%BF%E3%82%A4%E3%83%9E%E3%83%BC%E4%BB%98%E3%81%8D%E5%A3%81%E6%8E%9B%E3%81%91%E6%89%87%E9%A2%A8%E6%A9%9F+30cm%E9%AB%98+%E9%A6%96%E6%8C%AF%E3%82%8A%E6%A9%9F%E8%83%BD+%E5%88%87%E3%82%BF%E3%82%A4%E3%83%9E%E3%83%BC%E4%BB%98%E3%81%8D%E5%A3%81%E6%8E%9B%E3%81%91%E6%89%87%E9%A2%A8%E6%A9%9F+%E3%81%8A%E3%81%99%E3%81%99%E3%82%81+%E3%81%8A%E3%81%97%E3%82%83%E3%82%8C%E3%80%80%E3%81%8B%E3%82%8F%E3%81%84%E3%81%84%E3%80%80%E4%BA%BA%E6%B0%97+20230707wallfan HTTP/1.1" 200 0 "-" "Mozilla/5.0 AppleWebKit/537.36 (KHTML, like Gecko; compatible; bingbot/2.0; +http://www.bing.com/bingbot.htm) Chrome/116.0.1938.76 Safari/537.36"
52.167.144.235 - - [28/Apr/2025:11:11:45 -0400] "GET /?i=90921174689403&channel=f51096&from=shared.php%3Fid%3D1746894-1022%26name%3D%E3%82%AF%E3%83%9C%E3%82%BFRK50+RK60+RK70%E3%83%87%E3%82%A3%E3%83%BC%E3%82%BC%E3%83%ABVikyno+RV60+RV70%E3%82%B9%E3%83%99%E3%82%A2%E3%83%A0%E3%83%95%E3%82%A9%E3%83%BC%E3%82%AF%E3%83%AA%E3%83%95%E3%83%88%E3%83%88%E3%83%A9%E3%82%AF%E3%82%BF%E3%83%BC%E3%82%A8%E3%83%B3%E3%82%B8%E3%83%B3%E3%81%AE%E3%81%9F%E3%82%81%E3%81%AE%E3%83%86%E3%83%B3%E3%82%B7%E3%83%A7 HTTP/1.1" 200 0 "-" "Mozilla/5.0 AppleWebKit/537.36 (KHTML, like Gecko; compatible; bingbot/2.0; +http://www.bing.com/bingbot.htm) Chrome/116.0.1938.76 Safari/537.36"
66.249.74.11 - - [28/Apr/2025:11:11:48 -0400] "GET /687221150719.shtml HTTP/1.1" 200 0 "-" "Mozilla/5.0 (Linux; Android 6.0.1; Nexus 5X Build/MMB29P) AppleWebKit/537.36 (KHTML, like Gecko) Chrome/135.0.7049.95 Mobile Safari/537.36 (compatible; GoogleOther)"
20.15.133.174 - - [28/Apr/2025:11:14:24 -0400] "GET /?i=89531198051602&channel=c76e50&from=pin.php%3Fid%3D1980516-10955%26name%3D%E8%93%8B%E3%81%A8%E5%8F%8E%E7%B4%8D%E3%83%9D%E3%82%B1%E3%83%83%E3%83%88%E4%BB%98%E3%81%8D%E9%98%B2%E6%B0%B4%E8%BB%8A%E7%94%A8%E3%82%B4%E3%83%9F%E7%AE%B1%E3%80%81%E6%8A%98%E3%82%8A%E3%81%9F%E3%81%9F%E3%81%BF%E5%BC%8F%E3%81%A7%E3%83%9D%E3%83%BC%E3%82%BF%E3%83%96%E3%83%AB%E3%81%AA%E9%98%B2%E6%B0%B4%E8%BB%8A%E7%94%A8%E3%82%B4%E3%83%9F%E7%AE%B1%E3%80%81%E3%83%9B%E3%83%BC%E3%83%A0+%E3%83%94%E3%83%B3%E3%82%AF+%E3%83%AD%E3%83%BC%E3%82%BA+%E3%83%95%E3%83%AD%E3%83%BC%E3%83%A9%E3%83%AB HTTP/1.1" 200 0 "-" "Mozilla/5.0 AppleWebKit/537.36 (KHTML, like Gecko; compatible; bingbot/2.0; +http://www.bing.com/bingbot.htm) Chrome/116.0.1938.76 Safari/537.36"
40.77.167.132 - - [28/Apr/2025:11:14:24 -0400] "GET /?i=7971744539304&channel=1d1e44&from=goods.php%3Fid%3D445393-476%26name%3D%E7%99%BD%E4%BA%95%E7%94%A3%E6%A5%AD+%E3%83%A9%E3%83%B3%E3%83%89%E3%82%AD%E3%83%83%E3%82%BA+%E3%83%A9%E3%83%B3%E3%83%89%E3%82%BB%E3%83%AB%E3%83%A9%E3%83%83%E3%82%AF+%E6%B5%85%E5%9E%8B+%E3%83%A9%E3%83%B3%E3%83%89%E3%82%BB%E3%83%AB%E5%8F%8E%E7%B4%8D+%E3%82%AD%E3%83%83%E3%82%BA+%E5%8D%92%E5%9C%92+%E5%85%A5%E5%AD%A6+%E3%83%A9%E3%83%83%E3%82%AF+%E5%8F%8E%E7%B4%8D%E3%83%A9%E3%83%83%E3%82%AF+%E3%82%B7%E3%83%B3%E3%83%97%E3%83%AB+%E3%81%8B%E3%82%8F%E3%81%84%E3%81%84+%E5%8F%8E%E7%B4%8D+%E5%B0%8F%E5%AD%A6%E7%94%9F+%E3%82%AA%E3%83%BC%E3%83%97%E3%83%B3%E3%83%A9%E3%83%83%E3%82%AF+1%E6%A2%B1%E5%8C%85%28%E4%BB%A3%E5%BC%95%E4%B8%8D%E5%8F%AF%29%E3%80%90%E9%80%81%E6%96%99%E7%84%A1%E6%96%99%E3%80%91 HTTP/1.1" 200 0 "-" "Mozilla/5.0 AppleWebKit/537.36 (KHTML, like Gecko; compatible; bingbot/2.0; +http://www.bing.com/bingbot.htm) Chrome/116.0.1938.76 Safari/537.36"
20.15.133.174 - - [28/Apr/2025:11:14:26 -0400] "GET /?i=69932170904003&channel=ca790b&from=category-info.php%3Fid%3D1709040-5775%26name%3D%E3%83%92%E3%83%97%E3%83%8E%E3%82%B7%E3%82%B9%E3%83%9E%E3%82%A4%E3%82%AF+%E3%83%87%E3%82%A3%E3%83%93%E3%82%B8%E3%83%A7%E3%83%B3%E3%83%A1%E3%82%AC%E3%83%8D+%E7%90%86%E9%B6%AF+%E7%9C%BC%E9%8F%A1%E5%B8%82%E5%A0%B4 HTTP/1.1" 200 0 "-" "Mozilla/5.0 AppleWebKit/537.36 (KHTML, like Gecko; compatible; bingbot/2.0; +http://www.bing.com/bingbot.htm) Chrome/116.0.1938.76 Safari/537.36"
40.77.167.20 - - [28/Apr/2025:11:14:34 -0400] "GET /?i=8709188238004&channel=3bc46f&from=shared.php%3Fid%3D882380-7835%26name%3D%28%E5%95%86%E8%AB%87%E4%B8%AD%29%E5%A4%A9%E7%AB%A5%E6%9C%A8%E5%B7%A5%E3%80%80%E5%86%86%E5%BD%A2%E8%84%9A%E3%83%AD%E3%83%83%E3%82%AD%E3%83%B3%E3%82%B0%E3%83%81%E3%82%A7%E3%82%A2%EF%BC%81 HTTP/1.1" 200 0 "-" "Mozilla/5.0 AppleWebKit/537.36 (KHTML, like Gecko; compatible; bingbot/2.0; +http://www.bing.com/bingbot.htm) Chrome/116.0.1938.76 Safari/537.36"
40.77.167.132 - - [28/Apr/2025:11:14:44 -0400] "GET /?i=8737022812300&channel=d48920&from=brands.php%3Fid%3D228123-10731%26name%3D%E3%80%90180%E6%97%A5%E5%AE%89%E5%BF%83%E4%BF%9D%E8%A8%BC%E3%80%91I-O+DATA+%E5%BA%83%E8%A6%96%E9%87%8E%E8%A7%92ADS%E3%83%91%E3%83%8D%E3%83%AB%E6%8E%A1%E7%94%A8+21.5%E5%9E%8B%E3%83%AF%E3%82%A4%E3%83%89%E6%B6%B2%E6%99%B6%E3%83%87%E3%82%A3%E3%82%B9%E3%83%97%E3%83%AC%E3%82%A4+FHD+%E3%83%96%E3%83%A9%E3%83%83%E3%82%AF+LCD-MF224EDB+%E3%82%B9%E3%83%94%E3%83%BC%E3%82%AB%E3%83%BC%E5%86%85%E8%94%B5+%E3%83%A2%E3%83%8B%E3%82%BF%E3%83%BC%E3%80%80HDMI%E6%90%AD%E8%BC%89%E3%83%A2%E3%83%8B%E3%82%BF%E3%83%BC%5BHDMI.VGA.DVI-D%5D+Switch+PS+%E5%AF%BE%E5%BF%9C%EF%BC%88%E5%86%8D%E7%94%9F%E4%B8%AD%E5%8F%A4%E5%93%81%EF%BC%89 HTTP/1.1" 200 0 "-" "Mozilla/5.0 AppleWebKit/537.36 (KHTML, like Gecko; compatible; bingbot/2.0; +http://www.bing.com/bingbot.htm) Chrome/116.0.1938.76 Safari/537.36"
52.167.144.223 - - [28/Apr/2025:11:14:57 -0400] "GET /?i=41687120995805&channel=a1898a&from=blog.php%3Fid%3D1209958-649%26name%3D%E3%80%90%E8%8C%B6%E5%99%A8%2F%E8%8C%B6%E9%81%93%E5%85%B7%E3%82%BB%E3%83%83%E3%83%88%E3%80%80%E8%8C%B6%E9%81%93%E5%88%9D%E5%BF%83%E8%80%85%E7%94%A8%E3%80%91%E3%80%806%E7%82%B9%E8%A3%8F%E5%8D%83%E5%AE%B6%E5%85%A5%E9%96%80%E8%80%85%E3%82%BB%E3%83%83%E3%83%88%E3%80%80%E5%90%8C%E6%9F%84%E3%82%BB%E3%83%83%E3%83%88%E3%80%80%E7%91%9E%E8%8A%B1%E5%94%90%E8%8D%89%E6%96%87%E9%8C%A6%E3%80%80%E9%BE%8D%E6%9D%91%E7%BE%8E%E8%A1%93%E7%B9%94%E7%89%A9%E8%A3%82%E4%BD%BF%E7%94%A8%E3%80%80%EF%BC%88%E5%85%A8%E6%AD%A3%E7%B5%B9%E3%80%80%E6%89%87%E5%AD%90%E3%80%805%E5%AF%B8%E3%80%80%E5%88%A9%E4%BC%91%E7%99%BE%E9%A6%96%E3%80%802%E7%A8%AE%E9%A1%9E%E3%82%88%E3%82%8A%E9%81%B8%E6%8A%9E HTTP/1.1" 200 0 "-" "Mozilla/5.0 AppleWebKit/537.36 (KHTML, like Gecko; compatible; bingbot/2.0; +http://www.bing.com/bingbot.htm) Chrome/116.0.1938.76 Safari/537.36"
52.167.144.157 - - [28/Apr/2025:11:15:26 -0400] "GET /?i=1980914844802&channel=0a0425&from=product.php%3Fid%3D148448-845%26name%3D%E3%80%90%E6%96%B0%E8%BB%8A%E5%A4%96%E3%81%97%E3%80%91+200%E7%B3%BB+%E3%83%8F%E3%82%A4%E3%82%A8%E3%83%BC%E3%82%B9+%E3%83%AC%E3%82%B8%E3%82%A2%E3%82%B9%E3%82%A8%E3%83%BC%E3%82%B9+%E5%BE%8C%E6%9C%9F+4%E5%9E%8B+5%E5%9E%8B+6%E5%9E%8B+7%E5%9E%8B+%E3%83%86%E3%83%BC%E3%83%AB%E3%83%A9%E3%82%A4%E3%83%88+%E3%83%86%E3%83%BC%E3%83%AB%E3%83%A9%E3%83%B3%E3%83%97+KOITO+26-140+%E3%83%88%E3%83%A8%E3%82%BF%E7%B4%94%E6%AD%A3+%E3%82%BB%E3%83%83%E3%83%88 HTTP/1.1" 200 0 "-" "Mozilla/5.0 AppleWebKit/537.36 (KHTML, like Gecko; compatible; bingbot/2.0; +http://www.bing.com/bingbot.htm) Chrome/116.0.1938.76 Safari/537.36"
52.167.144.157 - - [28/Apr/2025:11:15:30 -0400] "GET /?i=2788745183302&channel=07a3e7&from=pin.php%3Fid%3D451833-6539%26name%3D%E3%83%96%E3%83%A9%E3%82%A4%E3%83%B3%E3%83%89%E3%80%81%E3%83%AA%E3%83%BC%E3%83%89%E3%82%AB%E3%83%BC%E3%83%86%E3%83%B3%E3%80%81%E5%A4%A9%E7%84%B6%E7%AB%B9%E3%83%AD%E3%83%BC%E3%83%A9%E3%83%BC%E3%83%96%E3%83%A9%E3%82%A4%E3%83%B3%E3%83%89%E3%80%81%E8%A3%85%E9%A3%BE%E3%82%B7%E3%82%A7%E3%83%BC%E3%83%87%E3%82%A3%E3%83%B3%E3%82%B0%E3%83%91%E3%83%BC%E3%83%86%E3%82%A3%E3%82%B7%E3%83%A7%E3%83%B3%E3%83%93%E3%83%B3%E3%83%86%E3%83%BC%E3%82%B8%E3%82%B9%E3%83%88%E3%83%AD%E3%83%BC%E3%83%A9%E3%82%A4%E3%83%95%E3%82%BF%E3%83%BC%E5%B1%8B%E5%A4%96%E8%89%B2%E5%90%88%E3%81%8424%26%23 HTTP/1.1" 200 0 "-" "Mozilla/5.0 AppleWebKit/537.36 (KHTML, like Gecko; compatible; bingbot/2.0; +http://www.bing.com/bingbot.htm) Chrome/116.0.1938.76 Safari/537.36"
40.77.167.159 - - [28/Apr/2025:11:16:10 -0400] "GET /?i=81597190812003&channel=2a6fa9&from=shared.php%3Fid%3D1908120-5382%26name%3Dmakita+%E3%83%9E%E3%82%AD%E3%82%BF++10.8V+%E5%85%85%E9%9B%BB%E5%BC%8F%E3%83%95%E3%83%A9%E3%83%83%E3%82%B7%E3%83%A5%E3%83%A9%E3%82%A4%E3%83%88++ML105++%E6%9C%AC%E4%BD%93%E3%81%AE%E3%81%BF%EF%BC%88%E3%83%90%E3%83%83%E3%83%86%E3%83%AA%E3%83%BB%E5%85%85%E9%9B%BB%E5%99%A8%E5%88%A5%E5%A3%B2%EF%BC%89 HTTP/1.1" 200 0 "-" "Mozilla/5.0 AppleWebKit/537.36 (KHTML, like Gecko; compatible; bingbot/2.0; +http://www.bing.com/bingbot.htm) Chrome/116.0.1938.76 Safari/537.36"
66.249.73.101 - - [28/Apr/2025:11:16:15 -0400] "GET /?i=449251126103&channel=a9b02d&from=shop.php%3Fid%3D11261-640%26name%3D%E2%89%AA%E3%83%9D%E3%82%A4%E3%83%B3%E3%83%885%E5%80%8D%E2%98%8511%E6%97%A510%E6%99%82%E3%81%BE%E3%81%A7%E2%89%AB%EF%BC%BC%E4%B8%80%E6%B0%97%E3%81%AB%E3%83%87%E3%83%BC%E3%82%BF%E5%8C%96%EF%BC%81%EF%BC%8F%E3%82%B9%E3%82%AD%E3%83%A3%E3%83%8A%E3%83%BC+A3+A4+Wi-Fi%E5%AF%BE%E5%BF%9C+%E3%82%A4%E3%83%B3%E3%82%BF%E3%83%BC%E3%83%8D%E3%83%83%E3%83%88+ScanSnap+iX1600+FI-IX1600A+%E3%82%B9%E3%82%AD%E3%83%A3%E3%83%8A+%E3%82%BF%E3%83%83%E3%83%81%E3%83%91%E3%83%8D%E3%83%AB%E6%93%8D%E4%BD%9C+%E3%82%B9%E3%82%AD%E3%83%A3%E3%83%B3%E3%82%B9%E3%83%8A%E3%83%83%E3%83%97+%E3%83%86%E3%83%AC%E3%83%AF%E3%83%BC%E3%82%AF+%E7%A2%BA%E5%AE%9A%E7%94%B3%E5%91%8A+%E3%82%AF%E3%83%A9%E3%82%A6%E3%83%89%E3%82%B5%E3%83%BC%E3%83%93%E3%82%B9%E9%80%A3%E6%90%BA+%E5%86%99%E7%9C%9F+%E5%90%8D%E5%88%BA+pdf+jpg+%E9%80%B2%E5%AD%A6+%E6%96%B0%E7%94%9F%E6%B4%BB+%E4%BA%8B%E5%8B%99 HTTP/1.1" 200 0 "-" "Mozilla/5.0 (Linux; Android 6.0.1; Nexus 5X Build/MMB29P) AppleWebKit/537.36 (KHTML, like Gecko) Chrome/135.0.7049.95 Mobile Safari/537.36 (compatible; GoogleOther)"
40.77.167.20 - - [28/Apr/2025:11:16:24 -0400] "GET /?i=3987545397800&channel=396acc&from=info.php%3Fid%3D453978-95%26name%3D%E3%80%90Vivienne+Westwood%E3%80%91%E3%83%B4%E3%82%A3%E3%83%B4%E3%82%A3%E3%82%A2%E3%83%B3%E3%83%BB%E3%82%A6%E3%82%A8%E3%82%B9%E3%83%88%E3%82%A6%E3%83%83%E3%83%89%EF%BC%8FT%E3%82%B7%E3%83%A3%E3%83%84 HTTP/1.1" 200 0 "-" "Mozilla/5.0 AppleWebKit/537.36 (KHTML, like Gecko; compatible; bingbot/2.0; +http://www.bing.com/bingbot.htm) Chrome/116.0.1938.76 Safari/537.36"
40.77.167.64 - - [28/Apr/2025:11:18:15 -0400] "GET /?i=595298913002&channel=6e0782&from=goods.php%3Fid%3D89130-1727%26name%3D%E5%A5%B3%E6%80%A7%E3%81%AE%E6%9C%AC%E9%9D%A9%E3%83%8F%E3%83%B3%E3%83%89%E3%83%90%E3%83%83%E3%82%B0%E3%81%AE%E4%B8%8A%E3%81%AE%E3%83%8F%E3%83%B3%E3%83%89%E3%83%AB%E3%81%8C%E4%BB%98%E3%81%84%E3%81%A6%E3%81%84%E3%82%8B%E3%83%93%E3%83%B3%E3%83%86%E3%83%BC%E3%82%B8%E3%83%A1%E3%83%83%E3%82%BB%E3%83%B3%E3%82%B8%E3%83%A3%E3%83%BC%E3%83%90%E3%83%83%E3%82%B0%E3%82%92%E3%82%A8%E3%83%B3%E3%83%9C%E3%82%B9%E5%8A%A0%E5%B7%A5+%28Color+%3A+Green%2C+Siz HTTP/1.1" 200 0 "-" "Mozilla/5.0 AppleWebKit/537.36 (KHTML, like Gecko; compatible; bingbot/2.0; +http://www.bing.com/bingbot.htm) Chrome/116.0.1938.76 Safari/537.36"
40.77.167.64 - - [28/Apr/2025:11:18:17 -0400] "GET /?i=9881817215504&channel=d5183b&from=form.php%3Fid%3D172155-10394%26name%3D2%E3%83%91%E3%83%83%E3%82%AF+%E2%80%94+%E6%8B%A1%E6%95%A3%E5%90%B8%E9%9F%B3%E3%82%A2%E3%82%B3%E3%83%BC%E3%82%B9%E3%83%86%E3%82%A3%E3%83%83%E3%82%AF%E3%83%91%E3%83%8D%E3%83%AB+%E3%83%99%E3%83%AB%E3%83%99%E3%83%83%E3%83%88%E7%94%9F%E5%9C%B0%26amp%3B%E5%8F%96%E3%82%8A%E4%BB%98%E3%81%91%E3%82%AD%E3%83%83%E3%83%88%E4%BB%98%E3%81%8D+%7C+50x50x5cm+%7C+%E5%8F%8D%E5%B0%84+-+%E9%98%B2%E9%9F%B3 HTTP/1.1" 200 0 "-" "Mozilla/5.0 AppleWebKit/537.36 (KHTML, like Gecko; compatible; bingbot/2.0; +http://www.bing.com/bingbot.htm) Chrome/116.0.1938.76 Safari/537.36"
20.15.133.174 - - [28/Apr/2025:11:19:11 -0400] "GET /wp-includes/https-migration.php HTTP/1.1" 403 1242 "-" "Mozilla/5.0 AppleWebKit/537.36 (KHTML, like Gecko; compatible; bingbot/2.0; +http://www.bing.com/bingbot.htm) Chrome/116.0.1938.76 Safari/537.36"
66.249.74.11 - - [28/Apr/2025:11:19:25 -0400] "GET /89147103143.shtml HTTP/1.1" 200 0 "-" "Mozilla/5.0 (Linux; Android 6.0.1; Nexus 5X Build/MMB29P) AppleWebKit/537.36 (KHTML, like Gecko) Chrome/135.0.7049.95 Mobile Safari/537.36 (compatible; GoogleOther)"
52.167.144.157 - - [28/Apr/2025:11:20:19 -0400] "GET /?i=257079338701&channel=20dbde&from=shared.php%3Fid%3D93387-7107%26name%3DSpecialized+MIMIC%E3%82%B5%E3%83%89%E3%83%AB+143mm%EF%BC%88%E3%83%81%E3%82%BF%E3%83%B3%E3%83%AC%E3%83%BC%E3%83%AB%EF%BC%89 HTTP/1.1" 200 0 "-" "Mozilla/5.0 AppleWebKit/537.36 (KHTML, like Gecko; compatible; bingbot/2.0; +http://www.bing.com/bingbot.htm) Chrome/116.0.1938.76 Safari/537.36"
40.77.167.152 - - [28/Apr/2025:11:20:23 -0400] "GET /?i=01330162274904&channel=800189&from=article.php%3Fid%3D1622749-27007%26name%3DLesunty+LED%E9%87%A3%E3%82%8A%E3%81%AE%E3%83%AB%E3%82%A2%E3%83%BC%E3%80%81%E6%B7%A1%E6%B0%B4%E9%87%A3%E3%82%8A%E9%A4%8C+-+%E3%83%AA%E3%82%A2%E3%83%AB%E3%81%AALED%E3%82%A4%E3%82%AB%E5%9E%8B%E3%81%AE%E3%83%AB%E3%82%A2%E3%83%BC+%7C+%E8%BC%9D%E3%81%8F%E3%83%95%E3%83%A9%E3%83%83%E3%82%B7%E3%83%A3%E3%83%BC%E3%81%AE%E9%A4%8C%E3%80%81%E5%B1%8B%E5%A4%96%E3%81%AE%E5%A1%A9%E6%B0%B4%E4%BD%BF%E7%94%A8%E3%81%AE%E3%81%9F%E3%82%81%E3%81%AE%E5%86%8D HTTP/1.1" 200 0 "-" "Mozilla/5.0 AppleWebKit/537.36 (KHTML, like Gecko; compatible; bingbot/2.0; +http://www.bing.com/bingbot.htm) Chrome/116.0.1938.76 Safari/537.36"
40.77.167.152 - - [28/Apr/2025:11:20:28 -0400] "GET /?i=1192420178600&channel=592081&from=form.php%3Fid%3D201786-8025%26name%3DRGONGXM+%E3%82%B0%E3%83%AD%E3%82%B9%E3%83%96%E3%83%A9%E3%83%83%E3%82%AF+%E3%82%AB%E3%83%BC%E3%83%95%E3%83%AD%E3%83%B3%E3%83%88%E3%83%AD%E3%82%A2%E3%83%90%E3%83%B3%E3%83%91%E3%83%BC%E3%83%AA%E3%83%83%E3%83%97%E3%82%B9%E3%83%97%E3%83%AA%E3%83%83%E3%82%BF%E3%83%BC%E3%82%B9%E3%83%9D%E3%82%A4%E3%83%A9%E3%83%BC%E3%83%87%E3%82%A3%E3%83%95%E2%80%8B%E2%80%8B%E3%83%A5%E3%83%BC%E3%82%B6%E3%83%BC+%E3%82%B9%E3%83%90%E3%83%AB+WRX+STI+20 HTTP/1.1" 200 0 "-" "Mozilla/5.0 AppleWebKit/537.36 (KHTML, like Gecko; compatible; bingbot/2.0; +http://www.bing.com/bingbot.htm) Chrome/116.0.1938.76 Safari/537.36"
40.77.167.64 - - [28/Apr/2025:11:20:46 -0400] "GET /?i=24409149535701&channel=a1b03f&from=pin.php%3Fid%3D1495357-7847%26name%3D%E3%83%A1%E3%83%AA%E3%83%BC%E3%81%AF%E3%81%98%E3%81%91%E3%82%8B%E3%82%AD%E3%83%A3%E3%83%B3%E3%83%87%E3%82%A3%E3%83%81%E3%83%A7%E3%82%B3%E3%83%AC%E3%83%BC%E3%83%88+%E3%80%80%E7%BC%B6%E3%81%AE%E3%81%BF%E3%80%80%E3%83%A1%E3%83%AD%E3%83%B3%E3%82%BD%E3%83%BC%E3%83%80%E3%80%80%E3%82%AF%E3%83%AA%E3%83%BC%E3%83%A0%E3%82%BD%E3%83%BC%E3%83%80 HTTP/1.1" 200 0 "-" "Mozilla/5.0 AppleWebKit/537.36 (KHTML, like Gecko; compatible; bingbot/2.0; +http://www.bing.com/bingbot.htm) Chrome/116.0.1938.76 Safari/537.36"
66.249.74.13 - - [28/Apr/2025:11:22:03 -0400] "GET /?i=07649108237002&channel=e62ccc&from=info.php%3Fid%3D1082370-5475%26name%3Drarebookkyoto%E3%80%80YU-94%E3%80%80%E6%9D%8E%E6%9C%9D%E7%B5%B5%E7%94%BB%E3%80%80%E6%9C%B4%E5%9C%93%E5%BA%B7%E3%83%BB%E6%9D%BE%E9%9A%A0%E3%83%BB%E9%87%91%E5%89%9B%E5%B1%B1%E4%BA%BA%E3%80%80%E3%80%80%E7%BE%85%E6%B5%AE%E9%A6%99%E5%BD%B1%E6%A2%85%E5%9B%B3%E3%83%BB%E7%B4%99%E6%9C%AC%E6%B0%B4%E5%A2%A8%E3%80%801900%E5%B9%B4%E9%A0%83%E4%BD%9C%E3%80%80%E4%BA%AC%E9%83%BD%E5%8F%A4%E7%89%A9 HTTP/1.1" 200 0 "-" "Mozilla/5.0 (Linux; Android 6.0.1; Nexus 5X Build/MMB29P) AppleWebKit/537.36 (KHTML, like Gecko) Chrome/135.0.7049.95 Mobile Safari/537.36 (compatible; GoogleOther)"
52.167.144.197 - - [28/Apr/2025:11:22:30 -0400] "GET /?i=11182161906600&channel=d8a286&from=pin.php%3Fid%3D1619066-19162%26name%3D%E2%96%A0%E3%82%B3%E3%83%B3%E3%83%89%E3%83%AB+%E9%87%91%E5%B1%9E%E3%81%9F%E3%82%8F%E3%81%97+%E3%82%B9%E3%83%AA%E3%83%BC%E3%82%A8%E3%83%BC%E3%82%B9+%E3%83%AD%E3%83%B3%E3%82%B0%E3%82%BF%E3%82%A4%E3%83%97+No.0%E3%80%905040477%3A0%E3%80%91%5B%E5%BA%97%E9%A0%AD%E5%8F%97%E5%8F%96%E4%B8%8D%E5%8F%AF%5D HTTP/1.1" 200 0 "-" "Mozilla/5.0 AppleWebKit/537.36 (KHTML, like Gecko; compatible; bingbot/2.0; +http://www.bing.com/bingbot.htm) Chrome/116.0.1938.76 Safari/537.36"
52.167.144.157 - - [28/Apr/2025:11:22:57 -0400] "GET /?i=3147315749800&channel=5c9aef&from=product.php%3Fid%3D157498-10029%26name%3DDefi+%E3%83%87%E3%83%95%E3%82%A3+DF20301+%E3%83%87%E3%83%95%E3%82%A3%E3%83%AA%E3%83%B3%E3%82%AF%E3%83%A1%E3%83%BC%E3%82%BF%E3%83%BC%E3%82%A2%E3%83%89%E3%83%90%E3%83%B3%E3%82%B9+A1+%E3%82%B3%E3%83%B3%E3%83%88%E3%83%AD%E3%83%BC%E3%83%AB%E3%83%A6%E3%83%8B%E3%83%83%E3%83%88%E3%82%BB%E3%83%83%E3%83%88+%E3%82%BF%E3%82%B3%E3%83%A1%E3%83%BC%E3%82%BF%E3%83%BC+%E3%83%9B%E3%83%AF%E3%82%A4%E3%83%88+%E3%82%B5%E3%82%A4%E3%82%BA%EF%BC%9A HTTP/1.1" 200 0 "-" "Mozilla/5.0 AppleWebKit/537.36 (KHTML, like Gecko; compatible; bingbot/2.0; +http://www.bing.com/bingbot.htm) Chrome/116.0.1938.76 Safari/537.36"
66.249.73.102 - - [28/Apr/2025:11:23:09 -0400] "GET /?i=26268121402501&channel=a3c54a&from=jp.php%3Fid%3D1214025-685%26name%3D%E3%83%9E%E3%83%84%E3%83%80scrum%E8%BB%BD%E3%83%88%E3%83%A9A%2FC%E3%83%91%E3%83%AF%E3%83%BC%E3%82%B9%E3%83%86%E4%BB%98%E3%81%8D%E8%BB%8A%E6%A4%9C%E3%81%AF%E3%81%82%E3%82%8A HTTP/1.1" 200 0 "-" "Mozilla/5.0 (Linux; Android 6.0.1; Nexus 5X Build/MMB29P) AppleWebKit/537.36 (KHTML, like Gecko) Chrome/135.0.7049.95 Mobile Safari/537.36 (compatible; GoogleOther)"
52.167.144.171 - - [28/Apr/2025:11:23:25 -0400] "GET /?i=8528675372503&channel=392da1&from=blog.php%3Fid%3D753725-6%26name%3D%E3%80%90%E3%83%AC%E3%83%B3%E3%82%BF%E3%83%AB%E3%80%91%E3%80%90%E8%A8%AA%E5%95%8F%E7%9D%80%E3%83%BB%E8%96%84%E7%B7%91%E7%B3%BB+%E5%8F%A4%E5%85%B8%E5%9B%9B%E5%AD%A3%E8%8A%B1%E3%80%91%E6%AD%A3%E7%B5%B9%E8%A8%AA%E5%95%8F%E7%9D%80%E3%83%AC%E3%83%B3%E3%82%BF%E3%83%AB+%E8%A8%AA%E5%95%8F%E7%9D%80%E3%82%BB%E3%83%83%E3%83%88+%E3%83%AC%E3%83%B3%E3%82%BF%E3%83%AB%E8%A8%AA%E5%95%8F%E7%9D%80+%E7%9D%80%E7%89%A9%E3%83%AC%E3%83%B3%E3%82%BF%E3%83%AB+%E8%B2%B8%E8%A1%A3%E8%A3%85+%E7%B5%90%E5%A9%9A%E5%BC%8F+%E5%85%A5%E5%AD%A6%E5%BC%8F+%E5%8D%92%E6%A5%AD%E5%BC%8F+%E3%81%8A%E5%AE%AE%E5%8F%82%E3%82%8A+%E4%B8%83%E4%BA%94%E4%B8%89+%E3%81%8A%E6%AF%8D%E3%81%95%E3%82%93+%E3%83%9E%E3%83%9E+%E6%AF%8D%E8%A6%AA+%E3%83%91%E3%83%BC%E3%83%86%E3%82%A3%E3%83%BC+%E7%B5%90%E7%B4%8D+%E3%81%8A%E8%8C%B6%E4%BC%9A+%E7%B5%B5%E7%BE%BD%E6%A8%A1%E6%A7%98+%E5%BE%80%E5%BE%A9%E9%80%81%E6%96%99%E7%84%A1%E6%96%99+h438 HTTP/1.1" 200 0 "-" "Mozilla/5.0 AppleWebKit/537.36 (KHTML, like Gecko; compatible; bingbot/2.0; +http://www.bing.com/bingbot.htm) Chrome/116.0.1938.76 Safari/537.36"
66.249.73.101 - - [28/Apr/2025:11:23:31 -0400] "GET /85132399842.shtml HTTP/1.1" 200 54868 "-" "Mozilla/5.0 (Linux; Android 6.0.1; Nexus 5X Build/MMB29P) AppleWebKit/537.36 (KHTML, like Gecko) Chrome/135.0.7049.95 Mobile Safari/537.36 (compatible; Googlebot/2.1; +http://www.google.com/bot.html)"
66.249.74.12 - - [28/Apr/2025:11:24:25 -0400] "GET /99581257542.shtml HTTP/1.1" 200 0 "-" "Mozilla/5.0 (Linux; Android 6.0.1; Nexus 5X Build/MMB29P) AppleWebKit/537.36 (KHTML, like Gecko) Chrome/135.0.7049.95 Mobile Safari/537.36 (compatible; GoogleOther)"
40.77.167.152 - - [28/Apr/2025:11:24:35 -0400] "GET /243091576163.shtml HTTP/1.1" 200 0 "-" "Mozilla/5.0 AppleWebKit/537.36 (KHTML, like Gecko; compatible; bingbot/2.0; +http://www.bing.com/bingbot.htm) Chrome/116.0.1938.76 Safari/537.36"
20.15.133.174 - - [28/Apr/2025:11:25:19 -0400] "GET /?i=19027136472508&channel=05171c&from=shop.php%3Fid%3D1364725-20007%26name%3D%E6%97%A7%E8%94%B5+%E5%94%90+%E5%94%90%E4%B8%89%E5%BD%A9+%E6%96%97%E7%AC%A0%E7%A2%97+%E5%8F%A4%E9%99%B6%E7%93%B7%E5%93%81+%E9%99%B6%E8%8A%B8+%E7%A3%81%E5%99%A8+%E6%A5%B5%E7%B4%B0%E5%B7%A5+%E7%A8%80%E5%B0%91%E7%8F%8D%E5%93%81+%E4%B8%AD%E5%9B%BD%E5%8F%A4%E7%BE%8E%E8%A1%93+%E5%8F%A4%E7%BE%8E%E5%91%B3+L0910 HTTP/1.1" 200 0 "-" "Mozilla/5.0 AppleWebKit/537.36 (KHTML, like Gecko; compatible; bingbot/2.0; +http://www.bing.com/bingbot.htm) Chrome/116.0.1938.76 Safari/537.36"
52.167.144.197 - - [28/Apr/2025:11:25:31 -0400] "GET /?i=3810964559303&channel=c9b42f&from=product.php%3Fid%3D645593-4502%26name%3DLINEN+%26amp%3B+BASIC+%E3%82%B3%E3%83%B3%E3%83%95%E3%82%A9%E3%83%BC%E3%82%BF%E3%83%BC%E3%82%B1%E3%83%BC%E3%82%B9+%E3%82%B7%E3%83%B3%E3%82%B0%E3%83%AB+%28%E6%8E%9B%E3%81%91%E5%B8%83%E5%9B%A3%E3%82%AB%E3%83%90%E3%83%BC%2F%E3%83%AA%E3%83%8D%E3%83%B3%2F%E3%82%A2%E3%83%83%E3%82%B7%E3%83%A5%E3%82%B0%E3%83%AA%E3%83%BC%E3%83%B3%29+%E3%81%95%E3%82%89%E3%81%95%E3%82%89+%E8%92%B8%E3%82%8C%E3%81%AA%E3%81%84 HTTP/1.1" 200 0 "-" "Mozilla/5.0 AppleWebKit/537.36 (KHTML, like Gecko; compatible; bingbot/2.0; +http://www.bing.com/bingbot.htm) Chrome/116.0.1938.76 Safari/537.36"
40.77.167.152 - - [28/Apr/2025:11:25:33 -0400] "GET /?i=29027138470601&channel=61db41&from=brands.php%3Fid%3D1384706-20539%26name%3D%E3%82%AF%E3%83%AC%E3%83%BB%E3%83%89%E3%83%BB%E3%83%9D%E3%83%BC%E3%83%9C%E3%83%BC%E3%83%86%E3%80%80%E3%82%BF%E3%83%B3%E3%82%AF%E3%83%AC%E3%83%BC%E3%83%A0%E3%82%A8%E3%82%AF%E3%83%A9%EF%BD%8E%E3%80%80%E3%82%AA%E3%83%BC%E3%82%AF%E3%83%AB%EF%BC%91%EF%BC%90%E3%80%80%E3%82%AF%E3%83%AA%E3%83%BC%E3%83%A0%E3%82%BF%E3%82%A4%E3%83%97 HTTP/1.1" 200 0 "-" "Mozilla/5.0 AppleWebKit/537.36 (KHTML, like Gecko; compatible; bingbot/2.0; +http://www.bing.com/bingbot.htm) Chrome/116.0.1938.76 Safari/537.36"
52.167.144.171 - - [28/Apr/2025:11:25:35 -0400] "GET /?i=99022141979504&channel=9a66ad&from=goods.php%3Fid%3D1419795-2490%26name%3D%E3%82%A8%E3%82%B9%E3%82%A8%E3%82%B9%E3%82%A8%E3%83%BC%E3%82%B5%E3%83%BC%E3%83%93%E3%82%B9+microUSB%E5%A4%89%E6%8F%9B%E3%82%B3%E3%83%8D%E3%82%AF%E3%82%BF+%28A%E3%82%AA%E3%82%B9%2Fmicro%E3%82%AA%E3%82%B9%29 HTTP/1.1" 200 0 "-" "Mozilla/5.0 AppleWebKit/537.36 (KHTML, like Gecko; compatible; bingbot/2.0; +http://www.bing.com/bingbot.htm) Chrome/116.0.1938.76 Safari/537.36"
66.249.73.103 - - [28/Apr/2025:11:26:00 -0400] "GET /61453527884.shtml HTTP/1.1" 200 53620 "-" "Mozilla/5.0 (Linux; Android 6.0.1; Nexus 5X Build/MMB29P) AppleWebKit/537.36 (KHTML, like Gecko) Chrome/135.0.7049.95 Mobile Safari/537.36 (compatible; Googlebot/2.1; +http://www.google.com/bot.html)"
40.77.167.23 - - [28/Apr/2025:11:26:46 -0400] "GET /?i=22719140876200&channel=61db41&from=goods.php%3Fid%3D1408762-20539%26name%3D%E3%82%B8%E3%83%A5%E3%82%A8%E3%83%AA%E3%83%BC%E3%83%91%E3%82%AF%E3%83%88U2%E3%83%AC%E3%83%95%E3%82%A3%E3%83%AB2%E3%81%A4 HTTP/1.1" 200 0 "-" "Mozilla/5.0 AppleWebKit/537.36 (KHTML, like Gecko; compatible; bingbot/2.0; +http://www.bing.com/bingbot.htm) Chrome/116.0.1938.76 Safari/537.36"
66.249.74.11 - - [28/Apr/2025:11:27:09 -0400] "GET /?i=41522105432005&channel=f518d1&from=brands.php%3Fid%3D1054320-11792%26name%3DTOP+GUN+%E3%83%88%E3%83%83%E3%83%97%E3%82%AC%E3%83%B3%E3%80%90%E9%99%90%E5%AE%9A%E7%94%9F%E7%94%A3%E3%80%91G-1+AVIREX%EF%BC%88%E3%83%96%E3%83%A9%E3%83%B3%E3%83%89%EF%BC%89 HTTP/1.1" 200 0 "-" "Mozilla/5.0 (Linux; Android 6.0.1; Nexus 5X Build/MMB29P) AppleWebKit/537.36 (KHTML, like Gecko) Chrome/135.0.7049.95 Mobile Safari/537.36 (compatible; GoogleOther)"
52.167.144.161 - - [28/Apr/2025:11:27:51 -0400] "GET /?i=07292198146102&channel=c7ebd7&from=product.php%3Fid%3D1981461-3851%26name%3D%E3%82%AD%E3%83%A3%E3%83%B3%E3%83%97%E3%83%8F%E3%82%A4%E3%82%AD%E3%83%B3%E3%82%B0%E7%99%BB%E5%B1%B1%E3%81%AE%E6%97%85T%E5%9E%8B%E3%83%88%E3%83%AC%E3%83%83%E3%82%AD%E3%83%B3%E3%82%B0%E3%83%9D%E3%83%BC%E3%83%AB%E6%8A%98%E3%82%8A%E3%81%9F%E3%81%9F%E3%81%BF%E3%82%84%E4%BC%B8%E7%B8%AE%E3%82%A6%E3%82%A9%E3%83%BC%E3%82%AD%E3%83%B3%E3%82%B0%E3%83%9D%E3%83%BC%E3%83%AB+%E7%99%BB%E5%B1%B1+%E9%81%A0%E8%B6%B3+%E3%83%8F%E3%82%A4%E3%82%AD%E3%83%B3%E3%82%B0+%E3%82%A6%E3%82%AA%E3%83%BC%E3%82%AD%E3%83%B3%E3%82%B0+%E6%97%85%E8%A1%8C+%E3%82%A2%E3%82%A6 HTTP/1.1" 200 0 "-" "Mozilla/5.0 AppleWebKit/537.36 (KHTML, like Gecko; compatible; bingbot/2.0; +http://www.bing.com/bingbot.htm) Chrome/116.0.1938.76 Safari/537.36"
