40.77.167.25 - - [28/Apr/2025:12:01:10 -0400] "GET /?i=9222824282002&channel=911e23&from=jp.php%3Fid%3D242820-9417%26name%3D%E3%82%AD%E3%83%83%E3%83%81%E3%83%B3%E3%82%B9%E3%82%B1%E3%83%BC%E3%83%AB+%E9%AB%98%E7%B2%BE%E5%BA%A6%E9%9B%BB%E5%AD%90%E3%82%B9%E3%82%B1%E3%83%BC%E3%83%AB+%E3%82%B9%E3%83%86%E3%83%B3%E3%83%AC%E3%82%B9%E3%82%B9%E3%83%81%E3%83%BC%E3%83%AB+%E9%9B%BB%E5%AD%90%E4%BE%A1%E6%A0%BC%E8%A8%88%E7%AE%97%E3%82%B9%E3%82%B1%E3%83%BC%E3%83%AB+%E8%A8%88%E9%87%8F%E3%82%B9%E3%82%B1%E3%83%BC%E3%83%AB+LCD+%E3%83%87%E3%82%A3%E3%82%B9%E3%83%97%E3%83%AC%E3%82%A4%E4%BB%98%E3%81%8D+%E5%B0%8F%E5%A3%B2%E5%BA%97%E7%94%A8+%E5%BA%97 HTTP/1.1" 200 0 "-" "Mozilla/5.0 AppleWebKit/537.36 (KHTML, like Gecko; compatible; bingbot/2.0; +http://www.bing.com/bingbot.htm) Chrome/116.0.1938.76 Safari/537.36"
66.249.73.101 - - [28/Apr/2025:12:01:30 -0400] "GET /?i=98057177051506&channel=3c6ab0&from=brands.php%3Fid%3D1770515-13965%26name%3DGU%E3%83%A1%E3%83%B3%E3%82%BA%E3%83%9B%E3%83%AF%E3%82%A4%E3%83%88+%E9%95%B7%E8%A2%96%E3%82%B7%E3%83%A3%E3%83%84+%E7%B7%A0%E4%BB%98%E3%81%91+%E5%B7%A6%E8%83%B8%E3%83%9D%E3%82%B1%E3%83%83%E3%83%88%E4%BB%98%E3%81%8D HTTP/1.1" 200 51801 "-" "Mozilla/5.0 (Linux; Android 6.0.1; Nexus 5X Build/MMB29P) AppleWebKit/537.36 (KHTML, like Gecko) Chrome/135.0.7049.95 Mobile Safari/537.36 (compatible; Googlebot/2.1; +http://www.google.com/bot.html)"
66.249.73.101 - - [28/Apr/2025:12:01:42 -0400] "GET /?i=0160948005900&channel=4347e3&from=jp.php%3Fid%3D480059-16189%26name%3Dstussy+%E3%82%B9%E3%82%BF%E3%82%B8%E3%83%A3%E3%83%B3+BIG4 HTTP/1.1" 200 52492 "-" "Mozilla/5.0 (Linux; Android 6.0.1; Nexus 5X Build/MMB29P) AppleWebKit/537.36 (KHTML, like Gecko) Chrome/135.0.7049.95 Mobile Safari/537.36 (compatible; Googlebot/2.1; +http://www.google.com/bot.html)"
66.249.74.12 - - [28/Apr/2025:12:02:13 -0400] "GET /?i=80191118173204&channel=8216bc&from=news.php%3Fid%3D1181732-645%26name%3D%E5%8B%95%E7%94%BB%E6%9C%89%E3%82%8A+%E3%81%94%E8%87%AA%E5%AE%85%E3%81%BE%E3%81%A7%E7%84%A1%E6%96%99%E9%85%8D%E9%81%94%E3%81%97%E3%81%BE%E3%81%99%E2%9D%97+%E3%83%A4%E3%83%9E%E3%83%8F+VINO+SA54J+4%E3%82%B9%E3%83%88+FI+%E6%9B%B8%E3%81%8D%E6%8F%9B%E3%81%88+%E3%83%93%E3%83%BC%E3%83%8E+%E5%8B%95%E7%94%BB%E6%9C%89+%E8%BF%91%E7%9C%8C%E7%84%A1%E6%96%99%E9%85%8D%E9%81%94%E6%9C%89%E3%82%8A+YAMAHA+22204km HTTP/1.1" 200 0 "-" "Mozilla/5.0 (Linux; Android 6.0.1; Nexus 5X Build/MMB29P) AppleWebKit/537.36 (KHTML, like Gecko) Chrome/135.0.7049.95 Mobile Safari/537.36 (compatible; GoogleOther)"
66.249.73.103 - - [28/Apr/2025:12:02:22 -0400] "GET /?i=14308187133705&channel=7a8f19&from=info.php%3Fid%3D1871337-28710%26name%3D%E9%98%B2%E6%B0%B4%E3%82%B9%E3%83%97%E3%83%AC%E3%83%BC+%E6%92%A5%E6%B0%B4%E3%82%B9%E3%83%97%E3%83%AC%E3%83%BC+%E9%9D%B4+%E3%82%A8%E3%82%A2%E3%82%BE%E3%83%BC%E3%83%AB%E3%82%B9%E3%83%97%E3%83%AC%E3%83%BC+%E8%B6%85%E6%92%A5%E6%B0%B4+%E3%82%B7%E3%83%A3%E3%82%A4%E3%83%8B%E3%83%BC%E3%82%AD%E3%83%83%E3%82%AF%E3%82%B9+%E6%92%A5%E6%B0%B4%E3%83%BB%E9%98%B2%E6%B1%9A%E3%82%B9%E3%83%97%E3%83%AC%E3%83%BC+420ml+2%E6%9C%AC%E3%82%BB%E3%83%83%E3%83%88+%28%E9%98%B2%E6%B0%B4%E3%82%B9%E3%83%97%E3%83%AC%E3%83%BC2%E6%9C%AC%E3%82%BB%E3%83%83%E3%83%88%29+%E5%82%98+%E9%98%B2%E6%B0%B4+%E6%A2%85%E9%9B%A8%E5%AF%BE%E7%AD%96 HTTP/1.1" 200 53738 "-" "Mozilla/5.0 (Linux; Android 6.0.1; Nexus 5X Build/MMB29P) AppleWebKit/537.36 (KHTML, like Gecko) Chrome/135.0.7049.95 Mobile Safari/537.36 (compatible; Googlebot/2.1; +http://www.google.com/bot.html)"
66.249.74.12 - - [28/Apr/2025:12:02:31 -0400] "GET /?i=0749990376001&channel=96ec45&from=blog.php%3Fid%3D903760-20121%26name%3DReFa+FINE+BUBBLE+++%E3%83%AA%E3%83%95%E3%82%A1%E3%83%95%E3%82%A1%E3%82%A4%E3%83%B3%E3%83%90%E3%83%96%E3%83%AB%E3%83%94%E3%83%A5%E3%82%A2 HTTP/1.1" 200 53330 "-" "Mozilla/5.0 (Linux; Android 6.0.1; Nexus 5X Build/MMB29P) AppleWebKit/537.36 (KHTML, like Gecko) Chrome/135.0.7049.95 Mobile Safari/537.36 (compatible; Googlebot/2.1; +http://www.google.com/bot.html)"
66.249.73.102 - - [28/Apr/2025:12:03:06 -0400] "GET /?i=2588225765608&channel=bcc148&from=goods.php%3Fid%3D257656-2768%26name%3DMedclimber+%E9%AB%98%E5%93%81%E8%B3%AA%E8%85%B9%E8%85%94%E9%8F%A1%E6%89%8B%E8%A1%93%E3%83%88%E3%83%AC%E3%83%BC%E3%83%8B%E3%83%B3%E3%82%B0%E5%99%A8%E6%A9%9F+%E5%89%A5%E9%9B%A2%E9%89%97%E5%AD%90+%E6%8A%8A%E6%8C%81%E9%89%97%E5%AD%90+%E3%82%AB%E3%83%BC%E3%83%96%E5%89%AA%E5%88%80+%E8%83%B8%E8%85%94%E9%8F%A1+%E5%86%85%E8%A6%96%E9%8F%A1%E6%89%8B%E8%A1%93+%E8%85%B9%E8%85%94%E9%8F%A1%E8%A8%93%E7%B7%B4%E7%94%A8%E9%89%97%E5%AD%90+%E7%B8%AB%E5%90%88%E7%B7%B4%E7%BF%92+%E5%AD%A6%E7%94%9F%E6%94%AF%E6%8F%B4+%E5%AE%9F%E8%B7%B5%E8%A3%9C%E5%8A%A9%E6%95%99%E6%9D%90+%28%E5%89%A5%E9%9B%A2%E9%89%97%E5%AD%90%29 HTTP/1.1" 200 53711 "-" "Mozilla/5.0 (Linux; Android 6.0.1; Nexus 5X Build/MMB29P) AppleWebKit/537.36 (KHTML, like Gecko) Chrome/135.0.7049.95 Mobile Safari/537.36 (compatible; Googlebot/2.1; +http://www.google.com/bot.html)"
40.77.167.54 - - [28/Apr/2025:12:03:15 -0400] "GET /?i=03529146099500&channel=79a8e2&from=product.php%3Fid%3D1460995-11882%26name%3Dx-girlstages+%E3%82%B9%E3%82%AD%E3%83%8B%E3%83%BC%E3%83%91%E3%83%B3%E3%83%84+2T+90cm HTTP/1.1" 200 0 "-" "Mozilla/5.0 AppleWebKit/537.36 (KHTML, like Gecko; compatible; bingbot/2.0; +http://www.bing.com/bingbot.htm) Chrome/116.0.1938.76 Safari/537.36"
66.249.74.11 - - [28/Apr/2025:12:03:22 -0400] "GET /02868484849.shtml HTTP/1.1" 200 0 "-" "Mozilla/5.0 (Linux; Android 6.0.1; Nexus 5X Build/MMB29P) AppleWebKit/537.36 (KHTML, like Gecko) Chrome/135.0.7049.95 Mobile Safari/537.36 (compatible; GoogleOther)"
66.249.73.101 - - [28/Apr/2025:12:03:37 -0400] "GET /?i=83869101968103&channel=af18b5&from=product.php%3Fid%3D1019681-6292%26name%3D%E3%82%AA%E3%83%87%E3%83%83%E3%82%BB%E3%82%A4+ODYSSEY+TRI-BEAM+%237+CS+%E3%83%91%E3%82%BF%E3%83%BC+%E3%82%AB%E3%83%BC%E3%83%9C%E3%83%B3%E3%82%B9%E3%83%81%E3%83%BC%E3%83%AB%E8%A4%87%E5%90%88%E3%82%B7%E3%83%A3%E3%83%95%E3%83%88+%E3%80%9033%E3%80%91+%E3%82%B7%E3%83%A3%E3%83%95%E3%83%88%EF%BC%9A%E3%82%AB%E3%83%BC%E3%83%9C%E3%83%B3%E3%82%B9%E3%83%81%E3%83%BC%E3%83%AB%E8%A4%87%E5%90%88%E3%82%B7%E3%83%A3%E3%83%95%E3%83%88 HTTP/1.1" 200 56179 "-" "Mozilla/5.0 (Linux; Android 6.0.1; Nexus 5X Build/MMB29P) AppleWebKit/537.36 (KHTML, like Gecko) Chrome/135.0.7049.95 Mobile Safari/537.36 (compatible; Googlebot/2.1; +http://www.google.com/bot.html)"
66.249.74.12 - - [28/Apr/2025:12:03:46 -0400] "GET /?i=19279186674000&channel=17fe09&from=info.php%3Fid%3D1866740-5143%26name%3D%E3%83%93%E3%82%AD%E3%83%8B%E3%82%AD%E3%83%A3%E3%83%A9%E3%82%AF%E3%82%BF%E3%83%BC%E3%82%A4%E3%83%A9%E3%82%B9%E3%83%88 HTTP/1.1" 200 53914 "-" "Mozilla/5.0 (Linux; Android 6.0.1; Nexus 5X Build/MMB29P) AppleWebKit/537.36 (KHTML, like Gecko) Chrome/135.0.7049.95 Mobile Safari/537.36 (compatible; Googlebot/2.1; +http://www.google.com/bot.html)"
66.249.73.102 - - [28/Apr/2025:12:04:30 -0400] "GET /?i=5708019145903&channel=6577f9&from=category-info.php%3Fid%3D191459-6013%26name%3D%5B%E4%B8%AD%E5%8F%A4%5D+%E3%82%AC%E3%83%BC%E3%83%9F%E3%83%B3+GARMIN+Instinct+2+Dual+Power%E3%80%80instinct2-dual-power-g++%5B%E8%89%AF%E3%81%84%28B%29%5D HTTP/1.1" 200 54533 "-" "Mozilla/5.0 (Linux; Android 6.0.1; Nexus 5X Build/MMB29P) AppleWebKit/537.36 (KHTML, like Gecko) Chrome/135.0.7049.95 Mobile Safari/537.36 (compatible; Googlebot/2.1; +http://www.google.com/bot.html)"
40.77.167.54 - - [28/Apr/2025:12:04:35 -0400] "GET /?i=0798982744500&channel=427616&from=jp.php%3Fid%3D827445-9766%26name%3D%5BArtworks%5D%E3%83%95%E3%82%A1%E3%83%B3%E3%83%BB%E3%82%B4%E3%83%83%E3%83%9B%7C%E5%98%86%E3%81%8F%E8%80%81%E4%BA%BA%7C1890%E5%B9%B4%7C%E8%82%89%E7%AD%86%7C%E6%B2%B9%E5%BD%A9%7C%E5%8E%9F%E7%94%BB%7C%E3%83%9C%E3%82%B9%E3%83%88%E3%83%B3%E8%80%81%E8%88%97%E7%BE%8E%E8%A1%93%E9%A4%A8%E8%AA%8D%E8%A8%BC%7C%E7%9C%9F%E4%BD%9C%E4%BF%9D%E8%A8%BC HTTP/1.1" 200 0 "-" "Mozilla/5.0 AppleWebKit/537.36 (KHTML, like Gecko; compatible; bingbot/2.0; +http://www.bing.com/bingbot.htm) Chrome/116.0.1938.76 Safari/537.36"
40.77.167.54 - - [28/Apr/2025:12:04:38 -0400] "GET /387801598253.shtml HTTP/1.1" 200 0 "-" "Mozilla/5.0 AppleWebKit/537.36 (KHTML, like Gecko; compatible; bingbot/2.0; +http://www.bing.com/bingbot.htm) Chrome/116.0.1938.76 Safari/537.36"
52.167.144.197 - - [28/Apr/2025:12:04:54 -0400] "GET /?i=2906774082800&channel=c7c95f&from=news.php%3Fid%3D740828-12459%26name%3D%E3%82%AA%E3%83%BC%E3%82%A8%E3%82%B9%E3%82%B8%E3%82%A7%E3%82%A4%28OSJ%29+OSJ%E3%80%90%E9%A3%9F%E5%93%81%E8%A1%9B%E7%94%9F%E6%B3%95%E8%A6%8F%E6%A0%BC%E8%A9%A6%E9%A8%93%E5%90%88%E6%A0%BC%E3%80%91%E3%81%8A%E3%81%BE%E3%81%BE%E3%81%94%E3%81%A8+%E3%82%AD%E3%83%83%E3%83%81%E3%83%B3+%E6%9C%A8%E8%A3%BD+%E7%9F%A5%E8%82%B2%E7%8E%A9%E5%85%B7+%E5%8F%B0%E6%89%80+%E3%81%8A%E3%82%82%E3%81%A1%E3%82%83+%E3%83%A9%E3%82%A4%E3%83%88%E4%BB%98%E3%81%8D+%E9%9F%B3%E3%81%8C%E9%B3%B4%E3%82%8B HTTP/1.1" 200 0 "-" "Mozilla/5.0 AppleWebKit/537.36 (KHTML, like Gecko; compatible; bingbot/2.0; +http://www.bing.com/bingbot.htm) Chrome/116.0.1938.76 Safari/537.36"
66.249.74.11 - - [28/Apr/2025:12:05:09 -0400] "GET /?i=8165494067503&channel=890d5f&from=category-info.php%3Fid%3D940675-5609%26name%3DSHANANA+MIL+%E6%BF%80%E3%83%AC%E3%82%A2%E3%80%80%E3%82%AB%E3%83%BC%E3%82%B4%E3%83%91%E3%83%B3%E3%83%84%E3%80%80%E8%B6%85%E7%BE%8E%E5%93%81 HTTP/1.1" 200 50803 "-" "Mozilla/5.0 (Linux; Android 6.0.1; Nexus 5X Build/MMB29P) AppleWebKit/537.36 (KHTML, like Gecko) Chrome/135.0.7049.95 Mobile Safari/537.36 (compatible; Googlebot/2.1; +http://www.google.com/bot.html)"
66.249.74.12 - - [28/Apr/2025:12:05:17 -0400] "GET /061391339227.shtml HTTP/1.1" 200 0 "-" "Mozilla/5.0 (Linux; Android 6.0.1; Nexus 5X Build/MMB29P) AppleWebKit/537.36 (KHTML, like Gecko) Chrome/135.0.7049.95 Mobile Safari/537.36 (compatible; GoogleOther)"
66.249.74.11 - - [28/Apr/2025:12:05:31 -0400] "GET /?i=6057262647805&channel=7a1c43&from=form.php%3Fid%3D626478-11624%26name%3D%E3%80%90%E9%AB%98%E7%94%B0%E3%83%99%E3%83%83%E3%83%89+%E3%83%9E%E3%83%83%E3%82%B5%E3%83%BC%E3%82%B8%E3%83%99%E3%83%83%E3%83%89%E3%80%91+%E3%82%B3%E3%82%B9%E3%83%86%E3%83%AD+%E5%B9%8570+%E9%95%B7180+%E9%AB%9840+%E3%82%AA%E3%83%AC%E3%83%B3%E3%82%B8+A001-0023%2FTB-416+%E3%80%90%E6%B3%95%E4%BA%BA%E6%A7%98%E9%99%90%E5%AE%9A+%E8%BB%92%E5%85%88 HTTP/1.1" 200 54128 "-" "Mozilla/5.0 (Linux; Android 6.0.1; Nexus 5X Build/MMB29P) AppleWebKit/537.36 (KHTML, like Gecko) Chrome/135.0.7049.95 Mobile Safari/537.36 (compatible; Googlebot/2.1; +http://www.google.com/bot.html)"
66.249.73.103 - - [28/Apr/2025:12:06:23 -0400] "GET /?i=2210153679005&channel=d85b95&from=brands.php%3Fid%3D536790-4867%26name%3D%E3%82%A2%E3%82%AD%E3%83%A9%E3%83%8A%E3%82%AB+AKIRA+NAKA+%E3%83%AF%E3%83%B3%E3%83%94%E3%83%BC%E3%82%B9 HTTP/1.1" 200 54371 "-" "Mozilla/5.0 (Linux; Android 6.0.1; Nexus 5X Build/MMB29P) AppleWebKit/537.36 (KHTML, like Gecko) Chrome/135.0.7049.95 Mobile Safari/537.36 (compatible; Googlebot/2.1; +http://www.google.com/bot.html)"
40.77.167.54 - - [28/Apr/2025:12:06:34 -0400] "GET /?i=7223097248303&channel=ba4eb2&from=jp.php%3Fid%3D972483-7192%26name%3D%E3%83%96%E3%83%83%E3%82%B7%E3%83%A5%E3%83%8D%E3%83%AB+Bushnell+%E3%83%94%E3%83%B3%E3%82%B7%E3%83%BC%E3%82%AB%E3%83%BCA1%E3%82%B9%E3%83%AD%E3%83%BC%E3%83%97%E3%82%B8%E3%83%A7%E3%83%AB%E3%83%88+%E3%83%9E%E3%83%AD%E3%83%B3+%E6%95%B0%E9%87%8F%E9%99%90%E5%AE%9A%E3%82%AB%E3%83%A9%E3%83%BC+%E3%82%B4%E3%83%AB%E3%83%95%E7%94%A8%E3%83%AC%E3%83%BC%E3%82%B6%E3%83%BC%E8%B7%9D%E9%9B%A2%E8%A8%88+%E6%97%A5%E6%9C%AC%E6%AD%A3%E8%A6%8F%E5%93%81 HTTP/1.1" 200 0 "-" "Mozilla/5.0 AppleWebKit/537.36 (KHTML, like Gecko; compatible; bingbot/2.0; +http://www.bing.com/bingbot.htm) Chrome/116.0.1938.76 Safari/537.36"
66.249.73.102 - - [28/Apr/2025:12:06:37 -0400] "GET /?i=5992033870401&channel=25e7be&from=product.php%3Fid%3D338704-1734%26name%3D%E3%83%93%E3%82%A2%E3%82%BA%E3%83%AA%E3%83%BC%E3%80%80%E3%83%AA%E3%83%8D%E3%83%B3%E3%83%AF%E3%83%B3%E3%83%94%E3%83%BC%E3%82%B9%E3%80%80size0 HTTP/1.1" 200 53001 "-" "Mozilla/5.0 (Linux; Android 6.0.1; Nexus 5X Build/MMB29P) AppleWebKit/537.36 (KHTML, like Gecko) Chrome/135.0.7049.95 Mobile Safari/537.36 (compatible; Googlebot/2.1; +http://www.google.com/bot.html)"
66.249.73.103 - - [28/Apr/2025:12:07:20 -0400] "GET /?i=3765850061900&channel=4e8dd0&from=article.php%3Fid%3D500619-504%26name%3D%E3%82%A8%E3%83%AB%E3%83%A1%E3%82%B9+%E3%82%AC%E3%83%BC%E3%83%87%E3%83%B3%E3%83%91%E3%83%BC%E3%83%86%E3%82%A3%E3%83%BC+%E3%83%90%E3%83%83%E3%82%B0+MM+%E3%83%88%E3%83%BC%E3%83%88+%E3%82%B0%E3%83%AC%E3%83%BC HTTP/1.1" 200 53195 "-" "Mozilla/5.0 (Linux; Android 6.0.1; Nexus 5X Build/MMB29P) AppleWebKit/537.36 (KHTML, like Gecko) Chrome/135.0.7049.95 Mobile Safari/537.36 (compatible; Googlebot/2.1; +http://www.google.com/bot.html)"
66.249.73.101 - - [28/Apr/2025:12:07:27 -0400] "GET /?i=34482191313002&channel=1995bc&from=form.php%3Fid%3D1913130-31209%26name%3D%E3%80%90LAKOLE%2F%E3%83%A9%E3%82%B3%E3%83%AC%E3%80%91+%E3%82%B8%E3%82%A7%E3%83%AB%E3%83%8D%E3%82%A4%E3%83%AB%E3%82%B7%E3%83%BC%E3%83%AB-025+%E3%82%B0%E3%83%AC%E3%83%BC HTTP/1.1" 200 53068 "-" "Mozilla/5.0 (Linux; Android 6.0.1; Nexus 5X Build/MMB29P) AppleWebKit/537.36 (KHTML, like Gecko) Chrome/135.0.7049.95 Mobile Safari/537.36 (compatible; Googlebot/2.1; +http://www.google.com/bot.html)"
66.249.74.12 - - [28/Apr/2025:12:07:34 -0400] "GET /?i=6057262647805&channel=7a1c43&from=form.php%3Fid%3D626478-11624%26name%3D%E3%80%90%E9%AB%98%E7%94%B0%E3%83%99%E3%83%83%E3%83%89+%E3%83%9E%E3%83%83%E3%82%B5%E3%83%BC%E3%82%B8%E3%83%99%E3%83%83%E3%83%89%E3%80%91+%E3%82%B3%E3%82%B9%E3%83%86%E3%83%AD+%E5%B9%8570+%E9%95%B7180+%E9%AB%9840+%E3%82%AA%E3%83%AC%E3%83%B3%E3%82%B8+A001-0023%2FTB-416+%E3%80%90%E6%B3%95%E4%BA%BA%E6%A7%98%E9%99%90%E5%AE%9A+%E8%BB%92%E5%85%88 HTTP/1.1" 200 0 "-" "Mozilla/5.0 (Linux; Android 6.0.1; Nexus 5X Build/MMB29P) AppleWebKit/537.36 (KHTML, like Gecko) Chrome/135.0.7049.95 Mobile Safari/537.36 (compatible; GoogleOther)"
52.167.144.197 - - [28/Apr/2025:12:07:45 -0400] "GET /?i=79879108296602&channel=263178&from=product.php%3Fid%3D1082966-2369%26name%3D%E3%80%90%E5%A4%A7%E5%9E%8B%E3%80%91%E3%82%BF%E3%83%B3%E3%82%B9%E6%A3%9A%E3%80%81%E6%9C%AC%E6%A3%9A%E3%80%81%E9%A3%9F%E5%99%A8%E6%A3%9A%E3%80%81%E6%B0%B4%E5%B1%8B HTTP/1.1" 200 0 "-" "Mozilla/5.0 AppleWebKit/537.36 (KHTML, like Gecko; compatible; bingbot/2.0; +http://www.bing.com/bingbot.htm) Chrome/116.0.1938.76 Safari/537.36"
52.167.144.197 - - [28/Apr/2025:12:08:06 -0400] "GET /?i=60470143477500&channel=95f1e5&from=goods.php%3Fid%3D1434775-7399%26name%3Dmofusand%E3%83%AA%E3%83%B3%E3%82%B0%E3%83%A1%E3%83%A2%E5%B8%B3%EF%BC%88%E6%A8%AA%E5%9E%8B%EF%BC%89%E3%83%96%E3%83%AB%E3%83%BC+%E6%B0%B4%E8%89%B2 HTTP/1.1" 200 0 "-" "Mozilla/5.0 AppleWebKit/537.36 (KHTML, like Gecko; compatible; bingbot/2.0; +http://www.bing.com/bingbot.htm) Chrome/116.0.1938.76 Safari/537.36"
66.249.73.102 - - [28/Apr/2025:12:08:25 -0400] "GET /?i=2407950413208&channel=66a447&from=form.php%3Fid%3D504132-2280%26name%3DCAZAL+%E3%82%AB%E3%82%B6%E3%83%BC%E3%83%AB+%E3%83%B4%E3%82%A3%E3%83%B3%E3%83%86%E3%83%BC%E3%82%B8%E3%82%B5%E3%83%B3%E3%82%B0%E3%83%A9%E3%82%B9+%E6%9C%AA%E4%BD%BF%E7%94%A8 HTTP/1.1" 200 52873 "-" "Mozilla/5.0 (Linux; Android 6.0.1; Nexus 5X Build/MMB29P) AppleWebKit/537.36 (KHTML, like Gecko) Chrome/135.0.7049.95 Mobile Safari/537.36 (compatible; Googlebot/2.1; +http://www.google.com/bot.html)"
52.167.144.203 - - [28/Apr/2025:12:08:41 -0400] "GET /?i=33492185416100&channel=99f909&from=news.php%3Fid%3D1854161-2571%26name%3DWAKAI+%E3%82%B9%E3%83%86%E3%83%B3%E3%83%AC%E3%82%B9%E9%87%98+%E3%83%AA%E3%83%B3%E3%82%B0%E5%B8%83%E7%9B%AE%E9%A0%AD+%E4%B8%8D%E7%87%83%E3%82%B5%E3%82%A4%E3%83%87%E3%82%A3%E3%83%B3%E3%82%B0%E7%94%A8+2.3X50+%28+185350R+%29+%E8%8B%A5%E4%BA%95%E7%94%A3%E6%A5%AD%28%E6%A0%AA%29+%E3%80%90%E3%83%A1%E3%83%BC%E3%82%AB%E3%83%BC%E5%8F%96%E5%AF%84%E3%80%91 HTTP/1.1" 200 0 "-" "Mozilla/5.0 AppleWebKit/537.36 (KHTML, like Gecko; compatible; bingbot/2.0; +http://www.bing.com/bingbot.htm) Chrome/116.0.1938.76 Safari/537.36"
66.249.74.11 - - [28/Apr/2025:12:08:59 -0400] "GET /22126502169.shtml HTTP/1.1" 200 0 "-" "Mozilla/5.0 (Linux; Android 6.0.1; Nexus 5X Build/MMB29P) AppleWebKit/537.36 (KHTML, like Gecko) Chrome/135.0.7049.95 Mobile Safari/537.36 (compatible; GoogleOther)"
52.167.144.197 - - [28/Apr/2025:12:09:16 -0400] "GET /?i=79848114075307&channel=06db75&from=news.php%3Fid%3D1140753-663%26name%3D%E3%82%AA%E3%82%B9%E3%83%97%E3%83%AC%E3%83%BC+%E3%83%88%E3%83%A9%E3%83%B3%E3%82%B9%E3%83%9D%E3%83%BC%E3%82%BF%E3%83%BC%E3%82%A6%E3%82%A3%E3%83%BC%E3%83%AB%E3%83%89%E3%82%AD%E3%83%A3%E3%83%AA%E3%83%BC%E3%82%AA%E3%83%B3+OSPREY+%E3%83%A1%E3%83%B3%E3%82%BA+%E3%83%AC%E3%83%87%E3%82%A3%E3%83%BC%E3%82%B9+%E3%83%A6%E3%83%8B%E3%82%BB%E3%83%83%E3%82%AF%E3%82%B9+OS54959+%E3%82%AD%E3%83%A3%E3%83%AA%E3%83%BC%E3%83%90%E3%83%83%E3%82%B0+%E3%83%88%E3%83%A9%E3%83%99%E3%83%AB%E3%83%90%E3%83%83%E3%82%B0+%E3%83%86%E3%82%AF%E3%83%8B%E3%82%AB%E3%83%AB+%E6%97%85%E8%A1%8C+%E3%83%93%E3%82%B8%E3%83%8D%E3%82%B9+%E3%81%8A%E3%81%97%E3%82%83%E3%82%8C+%E3%82%AD%E3%83%A3%E3%83%B3%E3%83%97+%E3%82%A2%E3%82%A6%E3%83%88%E3%83%89%E3%82%A2 HTTP/1.1" 200 0 "-" "Mozilla/5.0 AppleWebKit/537.36 (KHTML, like Gecko; compatible; bingbot/2.0; +http://www.bing.com/bingbot.htm) Chrome/116.0.1938.76 Safari/537.36"
52.167.144.197 - - [28/Apr/2025:12:09:18 -0400] "GET /?i=47709183157201&channel=c36a90&from=product.php%3Fid%3D1831572-42%26name%3D%E3%80%90%E9%99%90%E5%AE%9A%E5%93%81%E3%80%91%E3%82%A8%E3%83%8C%E3%83%9C%E3%83%83%E3%82%AF%E3%82%B9%E3%80%80%E6%9C%A8%E7%9B%AE%E8%AA%BF%E3%83%AD%E3%82%B4%E3%82%B9%E3%83%86%E3%83%83%E3%82%AB%E3%83%BC HTTP/1.1" 200 0 "-" "Mozilla/5.0 AppleWebKit/537.36 (KHTML, like Gecko; compatible; bingbot/2.0; +http://www.bing.com/bingbot.htm) Chrome/116.0.1938.76 Safari/537.36"
66.249.74.12 - - [28/Apr/2025:12:09:18 -0400] "GET /?i=92197175084000&channel=4c16c0&from=form.php%3Fid%3D1750840-8456%26name%3Dadidas+%E3%83%9C%E3%83%87%E3%82%A3%E3%82%BD%E3%83%BC%E3%83%97%E3%80%80%E3%82%B7%E3%83%A3%E3%83%AF%E3%83%BC%E3%82%B8%E3%82%A7%E3%83%AB+3%E6%9C%AC%E3%82%BB%E3%83%83%E3%83%88 HTTP/1.1" 200 53523 "-" "Mozilla/5.0 (Linux; Android 6.0.1; Nexus 5X Build/MMB29P) AppleWebKit/537.36 (KHTML, like Gecko) Chrome/135.0.7049.95 Mobile Safari/537.36 (compatible; Googlebot/2.1; +http://www.google.com/bot.html)"
40.77.167.54 - - [28/Apr/2025:12:09:26 -0400] "GET /?i=4757832778103&channel=832d19&from=article.php%3Fid%3D327781-2197%26name%3D%E3%82%B8%E3%83%A2%E3%83%86%E3%82%A3%E3%83%BC%E8%A6%8B%E3%81%9F%EF%BC%81%E3%81%A75%25OFF%E3%80%90%E3%83%80%E3%82%A4%E3%83%8B%E3%83%B3%E3%82%B0%E3%83%9C%E3%83%BC%E3%83%89%E3%80%91%E3%83%80%E3%82%A4%E3%83%8B%E3%83%B3%E3%82%B0%E3%83%9C%E3%83%BC%E3%83%89 HTTP/1.1" 200 0 "-" "Mozilla/5.0 AppleWebKit/537.36 (KHTML, like Gecko; compatible; bingbot/2.0; +http://www.bing.com/bingbot.htm) Chrome/116.0.1938.76 Safari/537.36"
52.167.144.235 - - [28/Apr/2025:12:09:29 -0400] "GET /?i=01131127517806&channel=a7fdcd&from=blog.php%3Fid%3D1275178-5925%26name%3D%E6%96%8E%E8%97%A4+%E6%B8%85%E3%80%81%E3%80%8C%E9%9A%9C%E5%AD%90%EF%BC%88D%EF%BC%89%E3%80%8D%E3%80%81%E5%B8%8C%E5%B0%91%E7%94%BB%E9%9B%86%E3%83%BB%E9%A1%8D%E8%A3%85%E7%94%BB%E3%80%81%E4%BA%BA%E6%B0%97%E4%BD%9C%E5%93%81%E3%80%81%E6%97%A5%E6%9C%AC%E3%81%AE%E9%A2%A8%E6%99%AF%E3%80%81%E6%96%B0%E5%93%81%E9%A1%8D%E7%B8%81%E3%80%81%E7%8A%B6%E6%85%8B%E8%89%AF%E5%A5%BD%E3%80%81%E9%80%81%E6%96%99%E7%84%A1%E6%96%99 HTTP/1.1" 200 0 "-" "Mozilla/5.0 AppleWebKit/537.36 (KHTML, like Gecko; compatible; bingbot/2.0; +http://www.bing.com/bingbot.htm) Chrome/116.0.1938.76 Safari/537.36"
66.249.73.103 - - [28/Apr/2025:12:09:38 -0400] "GET /?i=1500719422604&channel=b7a0db&from=news.php%3Fid%3D194226-10973%26name%3DORTUR+%E3%83%AC%E3%83%BC%E3%82%B6%E3%83%BC%E5%BD%AB%E5%88%BB%E6%A9%9F+LU3-20A+20W%E3%83%AC%E3%83%BC%E3%82%B6%E3%83%BC%E9%AB%98%E5%87%BA%E5%8A%9B+%E3%83%AC%E3%83%BC%E3%82%B6%E3%83%BC%E5%8A%A0%E5%B7%A5%E6%A9%9F+%E3%83%AC%E3%83%BC%E3%82%B6%E3%83%BC%E5%88%BB%E5%8D%B0%E6%A9%9F+%E3%83%AC%E3%83%BC%E3%82%B6%E3%83%BC%E3%82%AB%E3%83%83%E3%82%BF%E3%83%BC+%E3%83%AC%E3%83%BC%E3%82%B6%E3%83%BC%E5%88%87%E6%96%AD%E6%A9%9F HTTP/1.1" 200 52386 "-" "Mozilla/5.0 (Linux; Android 6.0.1; Nexus 5X Build/MMB29P) AppleWebKit/537.36 (KHTML, like Gecko) Chrome/135.0.7049.95 Mobile Safari/537.36 (compatible; Googlebot/2.1; +http://www.google.com/bot.html)"
66.249.73.101 - - [28/Apr/2025:12:09:54 -0400] "GET /12170334289.shtml HTTP/1.1" 200 54611 "-" "Mozilla/5.0 (Linux; Android 6.0.1; Nexus 5X Build/MMB29P) AppleWebKit/537.36 (KHTML, like Gecko) Chrome/135.0.7049.95 Mobile Safari/537.36 (compatible; Googlebot/2.1; +http://www.google.com/bot.html)"
52.167.144.235 - - [28/Apr/2025:12:10:20 -0400] "GET /?i=12770124441004&channel=439032&from=article.php%3Fid%3D1244410-5475%26name%3DRarebookkyoto%E3%80%802F-A142%E3%80%80%E6%BA%80%E5%B7%9E%E8%88%AA%E7%A9%BA%E3%80%80%E6%BA%80%E6%B4%B2%E8%88%AA%E7%A9%BA%E6%A0%AA%E5%BC%8F%E4%BC%9A%E7%A4%BE%E3%80%80%E5%81%A5%E5%BA%B7%E4%BF%9D%E9%99%BA%E7%B5%84%E5%90%88%E3%80%80%E5%81%A5%E5%BA%B7%E7%B6%AD%E6%8C%81%E6%B3%95%E3%81%AB%E3%81%A4%E3%81%84%E3%81%A6%E3%80%80193%E3%80%80%E5%B9%B4%E9%A0%83%E3%80%80%E5%90%8D%E4%BA%BA%E3%80%80%E5%90%8D%E4%BD%9C%E3%80%80%E5%90%8D%E5%93%81 HTTP/1.1" 200 0 "-" "Mozilla/5.0 AppleWebKit/537.36 (KHTML, like Gecko; compatible; bingbot/2.0; +http://www.bing.com/bingbot.htm) Chrome/116.0.1938.76 Safari/537.36"
52.167.144.207 - - [28/Apr/2025:12:10:24 -0400] "GET /?i=83777107797800&channel=f8be1f&from=info.php%3Fid%3D1077978-826%26name%3DCA-11%5BN%5D%EF%BC%9A%E7%A0%82%E5%A1%B5%E3%81%AE%E5%A4%A7%E7%AB%9C%E5%B7%BB%E3%80%803%E6%9E%9A%E3%80%80%E3%83%97%E3%83%AC%E3%82%A4%E7%94%A8 HTTP/1.1" 200 0 "-" "Mozilla/5.0 AppleWebKit/537.36 (KHTML, like Gecko; compatible; bingbot/2.0; +http://www.bing.com/bingbot.htm) Chrome/116.0.1938.76 Safari/537.36"
150.109.230.210 - - [28/Apr/2025:12:10:44 -0400] "GET / HTTP/1.1" 200 0 "http://mianoorproperties.com" "Mozilla/5.0 (iPhone; CPU iPhone OS 13_2_3 like Mac OS X) AppleWebKit/605.1.15 (KHTML, like Gecko) Version/13.0.3 Mobile/15E148 Safari/604.1"
66.249.73.103 - - [28/Apr/2025:12:11:12 -0400] "GET /?i=967779179403&channel=c788a2&from=goods.php%3Fid%3D91794-6984%26name%3D%E3%83%87%E3%82%A3%E3%82%B9%E3%83%88%E3%83%AA%E3%83%93%E3%83%A5%E3%83%BC%E3%82%BF%E3%83%BC+ASSY+%E3%82%A4%E3%82%B0%E3%83%8B%E3%83%83%E3%82%B7%E3%83%A7%E3%83%B3+19050-16030+7AFE+5AFE+%E3%83%88%E3%83%A8%E3%82%BF+Vios+Soluna+%E3%82%AB%E3%83%AD%E3%83%BC%E3%83%A9 HTTP/1.1" 200 55759 "-" "Mozilla/5.0 (Linux; Android 6.0.1; Nexus 5X Build/MMB29P) AppleWebKit/537.36 (KHTML, like Gecko) Chrome/135.0.7049.95 Mobile Safari/537.36 (compatible; Googlebot/2.1; +http://www.google.com/bot.html)"
20.15.133.174 - - [28/Apr/2025:12:11:30 -0400] "GET /?i=17344170988311&channel=55b944&from=goods.php%3Fid%3D1709883-18993%26name%3D%E3%82%B5%E3%83%86%E3%83%B3+%E3%82%AB%E3%82%B7%E3%83%A5%E3%82%AF%E3%83%BC%E3%83%AB%E3%83%AC%E3%83%BC%E3%82%B9%E8%84%87%E9%AB%98%E3%83%96%E3%83%A9%28R%29+%E3%83%96%E3%83%A9%E3%82%B8%E3%83%A3%E3%83%BC+%E3%82%B7%E3%83%A7%E3%83%BC%E3%83%84+G75+L HTTP/1.1" 200 0 "-" "Mozilla/5.0 AppleWebKit/537.36 (KHTML, like Gecko; compatible; bingbot/2.0; +http://www.bing.com/bingbot.htm) Chrome/116.0.1938.76 Safari/537.36"
52.167.144.207 - - [28/Apr/2025:12:11:31 -0400] "GET /?i=7975861776103&channel=1b126b&from=goods.php%3Fid%3D617761-797%26name%3D%E3%83%91%E3%83%AF%E3%83%BC%E3%83%A9%E3%83%83%E3%82%AF%E3%81%A8%E3%83%99%E3%83%B3%E3%83%812%E5%80%8B%E3%81%A8%E3%83%9E%E3%83%83%E3%83%88%E3%81%A8%E6%9C%A8%E3%81%AE%E6%9D%BF HTTP/1.1" 200 0 "-" "Mozilla/5.0 AppleWebKit/537.36 (KHTML, like Gecko; compatible; bingbot/2.0; +http://www.bing.com/bingbot.htm) Chrome/116.0.1938.76 Safari/537.36"
52.167.144.207 - - [28/Apr/2025:12:11:34 -0400] "GET /?i=8691723354303&channel=06fb25&from=blog.php%3Fid%3D233543-7912%26name%3D%E3%82%B7%E3%83%A3%E3%83%B3%E3%83%87%E3%83%AA%E3%82%A2%2C+%E3%83%A2%E3%83%80%E3%83%B3%E3%81%A7%E8%B1%AA%E8%8F%AF%E3%81%AAK9%E3%82%AF%E3%83%AA%E3%82%B9%E3%82%BF%E3%83%AB%E3%82%B7%E3%83%A3%E3%83%B3%E3%83%87%E3%83%AA%E3%82%A2%E3%83%A9%E3%82%A6%E3%83%B3%E3%83%89%E3%82%AF%E3%83%AA%E3%82%A2%E3%82%AF%E3%83%AA%E3%82%B9%E3%82%BF%E3%83%AB%E3%83%89%E3%83%A9%E3%83%A0%E3%82%B7%E3%82%A7%E3%83%BC%E3%83%89%E3%83%9A%E3%83%B3%E3%83%80%E3%83%B3%E3%83%88%E3%83%A9%E3%82%A4%E3%83%88%E5%99%A8%E5%85%B7%E3%80%81%E3%83%80%E3%82%A4%E3%83%8B%E3%83%B3%E3%82%B0%E3%83%AB%E3%83%BC%E3%83%A0 HTTP/1.1" 200 0 "-" "Mozilla/5.0 AppleWebKit/537.36 (KHTML, like Gecko; compatible; bingbot/2.0; +http://www.bing.com/bingbot.htm) Chrome/116.0.1938.76 Safari/537.36"
52.167.144.19 - - [28/Apr/2025:12:11:36 -0400] "GET /?i=12550148748103&channel=733263&from=category-info.php%3Fid%3D1487481-11588%26name%3D%E3%80%90%E3%82%86%E3%81%A3%E3%81%9F%E3%82%8A%E3%82%AD%E3%83%8A%E3%83%AA%E3%80%91%E3%83%87%E3%82%B0%E3%83%BC%E5%AF%9D%E8%A2%8B%E3%80%80%E3%83%87%E3%82%B0%E3%83%BC%E5%B8%83%E5%9B%A3%E3%80%80%E3%83%8F%E3%83%AA%E3%83%8D%E3%82%BA%E3%83%9F%E5%AF%9D%E8%A2%8B%E3%80%80%E3%83%8F%E3%83%AA%E3%83%8D%E3%82%BA%E3%83%9F%E5%B8%83%E5%9B%A3%E3%80%80527 HTTP/1.1" 200 0 "-" "Mozilla/5.0 AppleWebKit/537.36 (KHTML, like Gecko; compatible; bingbot/2.0; +http://www.bing.com/bingbot.htm) Chrome/116.0.1938.76 Safari/537.36"
66.249.74.12 - - [28/Apr/2025:12:11:39 -0400] "GET /?i=8821834530&channel=9c5f5c&from=jp.php%3Fid%3D3453-794%26name%3D%E7%BE%8E%E5%93%81%E3%80%80%E3%83%89%E3%83%A9%E3%82%B4%E3%83%B3%E3%83%9C%E3%83%BC%E3%83%AB%E3%80%80%E6%96%B0%E8%A3%85%E7%89%88%E3%80%801%E3%80%9C42%E5%B7%BB%E3%80%80%E5%85%A8%E5%B7%BB%E3%82%BB%E3%83%83%E3%83%88+%E8%90%BD%E3%81%A1%E7%9D%80%E3%81%8D HTTP/1.1" 200 0 "-" "Mozilla/5.0 (Linux; Android 6.0.1; Nexus 5X Build/MMB29P) AppleWebKit/537.36 (KHTML, like Gecko) Chrome/135.0.7049.95 Mobile Safari/537.36 (compatible; Googlebot/2.1; +http://www.google.com/bot.html)"
66.249.73.101 - - [28/Apr/2025:12:11:49 -0400] "GET /?i=41051103689805&channel=412a5b&from=news.php%3Fid%3D1036898-97%26name%3D%E5%AE%B6%E5%85%B7%E5%BD%AB%E5%88%BB%E8%8A%B1%E3%83%B4%E3%82%A3%E3%83%B3%E3%83%86%E3%83%BC%E3%82%B8%E6%9C%AA%E5%A1%97%E8%A3%85%E6%9C%A8%E5%BD%AB%E3%82%8A%E3%83%87%E3%82%AB%E3%83%BC%E3%83%AB%E3%82%B3%E3%83%BC%E3%83%8A%E3%83%BC%E3%82%A2%E3%83%B3%E3%83%AC%E3%83%BC%E3%82%A2%E3%83%83%E3%83%97%E3%83%AA%E3%82%B1%E3%83%95%E3%83%AC%E3%83%BC%E3%83%A0%E3%83%9B%E3%83%BC%E3%83%A0%E3%83%87%E3%82%B3%E3%83%AC%E3%83%BC%E3%82%B7%E3%83%A7%E3%83%B3%E3%82%A2%E3%82%AF%E3%82%BB%E3%82%B5%E3%83%AA%E3%83%BC%E5%AE%B6%E5%85%B7%E5%A3%81%E8%A3%85%E9%A3%BE%E5%B7%A5%E8%8A%B8%E5%93%81+%28Co HTTP/1.1" 200 56222 "-" "Mozilla/5.0 (Linux; Android 6.0.1; Nexus 5X Build/MMB29P) AppleWebKit/537.36 (KHTML, like Gecko) Chrome/135.0.7049.95 Mobile Safari/537.36 (compatible; Googlebot/2.1; +http://www.google.com/bot.html)"
66.249.74.11 - - [28/Apr/2025:12:11:58 -0400] "GET /?i=1702774515601&channel=396acc&from=news.php%3Fid%3D745156-95%26name%3D%E6%9C%AA%E4%BD%BF%E7%94%A8%E6%96%B0%E5%93%812021SS%E2%98%85Jil+Sander+%E3%82%B8%E3%83%AB%E3%82%B5%E3%83%B3%E3%83%80%E3%83%BCLogo+T%E3%82%B7%E3%83%A3%E3%83%84 HTTP/1.1" 200 0 "-" "Mozilla/5.0 (Linux; Android 6.0.1; Nexus 5X Build/MMB29P) AppleWebKit/537.36 (KHTML, like Gecko) Chrome/135.0.7049.95 Mobile Safari/537.36 (compatible; GoogleOther)"
52.167.144.220 - - [28/Apr/2025:12:12:15 -0400] "GET /?i=95167119480900&channel=207e4b&from=info.php%3Fid%3D1194809-10482%26name%3DR%E6%A7%98%E7%A2%BA%E8%AA%8D%E7%94%A8%E3%83%9A%E3%83%BC%E3%82%B8+%E3%81%AC%E3%81%84%E6%9C%8D+%E7%9D%80%E3%81%90%E3%82%8B%E3%81%BF+%E3%83%AA%E3%83%9C%E3%83%B3+%E3%82%AA%E3%83%BC%E3%83%80%E3%83%BC HTTP/1.1" 200 0 "-" "Mozilla/5.0 AppleWebKit/537.36 (KHTML, like Gecko; compatible; bingbot/2.0; +http://www.bing.com/bingbot.htm) Chrome/116.0.1938.76 Safari/537.36"
52.167.144.19 - - [28/Apr/2025:12:12:16 -0400] "GET /?i=73416142771500&channel=0fba82&from=product.php%3Fid%3D1427715-10570%26name%3D20%E6%9E%9A%E3%80%80%E6%97%A5%E6%9C%AC%E9%A7%90%E8%BB%8A%E5%A0%B4%E9%96%8B%E7%99%BA%E3%80%80%E6%A0%AA%E4%B8%BB%E5%84%AA%E5%BE%85%E5%88%B8%E3%80%80%E9%A7%90%E8%BB%8A%E5%A0%B4%E5%89%B2%E5%BC%95%E5%88%B8 HTTP/1.1" 200 0 "-" "Mozilla/5.0 AppleWebKit/537.36 (KHTML, like Gecko; compatible; bingbot/2.0; +http://www.bing.com/bingbot.htm) Chrome/116.0.1938.76 Safari/537.36"
40.77.167.55 - - [28/Apr/2025:12:12:22 -0400] "GET /?i=8549255748202&channel=179830&from=info.php%3Fid%3D557482-5228%26name%3D%E3%83%94%E3%83%B3%E7%95%99%E3%82%81%E5%8F%AF%E8%83%BD%E3%81%AA%E7%B8%AB%E8%A3%BD%E5%A5%B3%E6%80%A7%E3%83%9E%E3%83%8D%E3%82%AD%E3%83%B3%E3%83%88%E3%83%AB%E3%82%BD%E3%83%BC+%E4%B8%89%E8%84%9A%E3%82%B9%E3%82%BF%E3%83%B3%E3%83%89%E4%BB%98%E3%81%8D+%E3%83%89%E3%83%AC%E3%82%B9%E3%83%95%E3%82%A9%E3%83%BC%E3%83%A0%E8%AA%BF%E6%95%B4%E5%8F%AF%E8%83%BD%E3%81%AA%E3%83%87%E3%82%A3%E3%82%B9%E3%83%97%E3%83%AC%E3%82%A4%E3%80%81%E5%A4%A7%E4%BA%BA%E3%81%AE%E5%A5%B3%E6%80%A7%E3%81%AE%E7%99%BA%E6%B3%A1%E3%82%B9%E3%83%81%E3%83%AD%E3%83%BC%E3%83%AB%E4%B8%8A%E9%83%A8%E8%83%B4%E4%BD%93%E3%83%89 HTTP/1.1" 200 0 "-" "Mozilla/5.0 AppleWebKit/537.36 (KHTML, like Gecko; compatible; bingbot/2.0; +http://www.bing.com/bingbot.htm) Chrome/116.0.1938.76 Safari/537.36"
66.249.73.101 - - [28/Apr/2025:12:12:26 -0400] "GET /?i=9612267754303&channel=f39431&from=brands.php%3Fid%3D677543-2890%26name%3D197182%E4%B8%AD%E5%9B%BD%E9%AA%A8%E8%91%A3+%E4%BB%8F%E5%83%8F+%E4%BB%8F%E6%95%99%E7%BE%8E%E8%A1%93+%E3%80%90%E9%BB%84%E8%89%B2%E3%81%84%E6%AD%AF%E3%80%81%E5%8F%A4%E3%81%84%E7%91%AA%E7%91%99+Dalo+Dzi+%E3%83%93%E3%83%BC%E3%82%BA+%E3%83%9E%E3%83%AB%E3%83%81%E3%83%88%E3%83%AC%E3%82%B8%E3%83%A3%E3%83%BC+%E3%83%8D%E3%83%83%E3%82%AF%E3%83%AC%E3%82%B9%E3%80%81%E6%89%8B%E6%8C%81%E3%81%A1%E3%80%91%E5%B7%A5%E8%8A%B8%E5%93%81+%E6%9C%AC%E7%89%A9+%E6%97%A7%E8%94%B5+%E7%8F%8D%E5%93%81 HTTP/1.1" 200 55246 "-" "Mozilla/5.0 (Linux; Android 6.0.1; Nexus 5X Build/MMB29P) AppleWebKit/537.36 (KHTML, like Gecko) Chrome/135.0.7049.95 Mobile Safari/537.36 (compatible; Googlebot/2.1; +http://www.google.com/bot.html)"
52.167.144.207 - - [28/Apr/2025:12:12:51 -0400] "GET /?i=7489233989501&channel=362506&from=category-info.php%3Fid%3D339895-6549%26name%3D%E8%83%8C%E3%82%82%E3%81%9F%E3%82%8C%E3%81%AE%E9%AB%98%E3%81%84%E6%A4%85%E5%AD%90%E3%81%AE%E3%82%AF%E3%83%83%E3%82%B7%E3%83%A7%E3%83%B3%E3%80%81+%E3%82%AA%E3%83%95%E3%82%A3%E3%82%B9%E3%83%81%E3%82%A7%E3%82%A2%E7%94%A8%E4%BA%BA%E9%96%93%E5%B7%A5%E5%AD%A6%E3%82%B7%E3%83%BC%E3%83%88%E3%82%AF%E3%83%83%E3%82%B7%E3%83%A7%E3%83%B3+%E8%85%B0%E9%83%A8%E3%82%B5%E3%83%9D%E3%83%BC%E3%83%88%E6%9E%95+%E5%9D%90%E9%AA%A8%E7%A5%9E%E7%B5%8C%E7%97%9B%E3%81%AE%E7%97%9B%E3%81%BF%E3%82%92%E5%92%8C%E3%82%89%E3%81%92%E3%82%8B+%E4%BD%8E%E5%8F%8D%E7%99%BA%E7%B4%A0%E6%9D%90 HTTP/1.1" 200 0 "-" "Mozilla/5.0 AppleWebKit/537.36 (KHTML, like Gecko; compatible; bingbot/2.0; +http://www.bing.com/bingbot.htm) Chrome/116.0.1938.76 Safari/537.36"
66.249.73.101 - - [28/Apr/2025:12:13:19 -0400] "GET /?i=16584193696102&channel=d373ce&from=article.php%3Fid%3D1936961-31764%26name%3D%E5%86%8D%E8%B2%A9%E3%80%80%E3%83%89%E3%83%A9%E3%82%A4%E3%83%95%E3%83%A9%E3%83%AF%E3%83%BC%E3%80%80%E3%83%98%E3%83%83%E3%83%89%E3%83%89%E3%83%AC%E3%82%B9+%E9%AB%AA%E9%A3%BE%E3%82%8A%E3%80%80%E3%83%AA%E3%83%9C%E3%83%B3%E3%80%80%E7%B5%90%E5%A9%9A%E5%BC%8F%E3%80%80%E6%88%90%E4%BA%BA%E5%BC%8F%E3%80%80%E5%8D%92%E6%A5%AD%E5%BC%8F%E3%80%80%E7%99%BD%E9%87%91 HTTP/1.1" 200 54569 "-" "Mozilla/5.0 (Linux; Android 6.0.1; Nexus 5X Build/MMB29P) AppleWebKit/537.36 (KHTML, like Gecko) Chrome/135.0.7049.95 Mobile Safari/537.36 (compatible; Googlebot/2.1; +http://www.google.com/bot.html)"
52.167.144.182 - - [28/Apr/2025:12:13:19 -0400] "GET /?i=97870169780300&channel=95fc1b&from=product.php%3Fid%3D1697803-6012%26name%3D%E3%83%9A%E3%83%86%E3%82%A3%E3%82%AA%E3%80%80%E3%83%97%E3%83%A9%E3%82%AF%E3%83%88%E3%80%80%E3%81%AD%E3%81%93%E3%81%A1%E3%82%83%E3%82%93%E3%81%AE%E3%80%80%E6%AD%AF%E3%81%BF%E3%81%8C%E3%81%8D%E3%83%87%E3%83%B3%E3%82%BF%E3%83%AB%E3%82%B5%E3%82%B5%E3%83%9F%E7%B4%B0%E5%88%87%E3%82%8A%E3%80%80%E3%82%B5%E3%82%B5%E3%83%9F%E5%91%B3%E3%80%80%EF%BC%92%EF%BC%90%EF%BD%87%E3%80%90HLS_DU%E3%80%91%E3%80%80%E9%96%A2%E6%9D%B1%E5%BD%93%E6%97%A5%E4%BE%BF HTTP/1.1" 200 0 "-" "Mozilla/5.0 AppleWebKit/537.36 (KHTML, like Gecko; compatible; bingbot/2.0; +http://www.bing.com/bingbot.htm) Chrome/116.0.1938.76 Safari/537.36"
52.167.144.207 - - [28/Apr/2025:12:13:21 -0400] "GET /?i=26701195456300&channel=14b506&from=form.php%3Fid%3D1954563-2573%26name%3DEmdou%E6%8E%83%E9%99%A4%E6%A9%9F%E3%83%95%E3%82%A3%E3%83%AB%E3%82%BF%E3%83%BCHEPA%E3%82%8D%E9%81%8E%E3%82%B9%E3%83%9D%E3%83%B3%E3%82%B8%E4%BA%A4%E6%8F%9B%E5%93%81%E9%81%A9%E7%94%A8Shark+%E3%82%B7%E3%83%A3%E3%83%BC%E3%82%AFEVOPOWER+DX%2F+WV515JGY%2FWV515JOR%2FWV516JBK%2FWV517JST%E5%85%85%E9%9B%BB%E5%BC%8F%E6%8E%83%E9%99%A4%E6%A9%9F%E7%94%A8%E3%83%95%E3%82%A3%E3%83%AB%E3%82%BF%E3%83%BC+%E4%BA%A4%E6%8F%9B%E7%94%A8+%E3%83%91%E3%83%BC%E3%83%84+%E3%82%A2%E3%82%AF%E3%82%BB%E3%82%B5%E3%83%AA+%28EMDXWV501%29 HTTP/1.1" 200 0 "-" "Mozilla/5.0 AppleWebKit/537.36 (KHTML, like Gecko; compatible; bingbot/2.0; +http://www.bing.com/bingbot.htm) Chrome/116.0.1938.76 Safari/537.36"
66.249.73.101 - - [28/Apr/2025:12:13:51 -0400] "GET /?i=91196137127113&channel=3732ab&from=info.php%3Fid%3D1371271-929%26name%3D90%E5%B9%B4%E4%BB%A3%E3%80%80+CONVERSE+ALL+STAR++USA%E8%A3%BD HTTP/1.1" 200 51591 "-" "Mozilla/5.0 (Linux; Android 6.0.1; Nexus 5X Build/MMB29P) AppleWebKit/537.36 (KHTML, like Gecko) Chrome/135.0.7049.95 Mobile Safari/537.36 (compatible; Googlebot/2.1; +http://www.google.com/bot.html)"
66.249.74.12 - - [28/Apr/2025:12:13:58 -0400] "GET /?i=0194747419700&channel=f14d9b&from=shared.php%3Fid%3D474197-6571%26name%3DTONY+%E3%83%8F%E3%82%A4%E3%83%93%E3%82%B9%E3%82%AB%E3%82%B9+%E7%89%88%E7%94%BB HTTP/1.1" 200 0 "-" "Mozilla/5.0 (Linux; Android 6.0.1; Nexus 5X Build/MMB29P) AppleWebKit/537.36 (KHTML, like Gecko) Chrome/135.0.7049.95 Mobile Safari/537.36 (compatible; GoogleOther)"
66.249.73.102 - - [28/Apr/2025:12:14:27 -0400] "GET /?i=8491918387201&channel=93be18&from=blog.php%3Fid%3D183872-5595%26name%3D%E3%80%90LABORATORY%E3%80%91%E3%82%B5%E3%83%AB%E3%83%99%E3%83%BC%E3%82%B8%E3%82%B8%E3%83%A3%E3%82%B1%E3%83%83%E3%83%88+%2F+LA356 HTTP/1.1" 200 52904 "-" "Mozilla/5.0 (Linux; Android 6.0.1; Nexus 5X Build/MMB29P) AppleWebKit/537.36 (KHTML, like Gecko) Chrome/135.0.7049.95 Mobile Safari/537.36 (compatible; Googlebot/2.1; +http://www.google.com/bot.html)"
52.167.144.19 - - [28/Apr/2025:12:14:46 -0400] "GET /?i=29368185944700&channel=d0df52&from=info.php%3Fid%3D1859447-5007%26name%3D%E3%82%A2%E3%83%A1%E3%83%BC%E3%83%90%E7%B5%8C%E5%96%B6%E3%81%8C%E7%B5%84%E7%B9%94%E3%81%AE%E7%B5%90%E6%9D%9F%E5%8A%9B%E3%82%92%E9%AB%98%E3%82%81%E3%82%8B+%E3%82%B1%E3%83%BC%E3%82%B9%E3%81%8B%E3%82%89%E3%82%8F%E3%81%8B%E3%82%8B%E7%B5%84%E7%B9%94%E5%A4%89%E9%9D%A9%E6%88%90%E5%8A%9F%E3%81%AE%E3%82%AB%E3%82%AE HTTP/1.1" 200 0 "-" "Mozilla/5.0 AppleWebKit/537.36 (KHTML, like Gecko; compatible; bingbot/2.0; +http://www.bing.com/bingbot.htm) Chrome/116.0.1938.76 Safari/537.36"
66.249.73.102 - - [28/Apr/2025:12:14:49 -0400] "GET /?i=26268121402501&channel=a3c54a&from=jp.php%3Fid%3D1214025-685%26name%3D%E3%83%9E%E3%83%84%E3%83%80scrum%E8%BB%BD%E3%83%88%E3%83%A9A%2FC%E3%83%91%E3%83%AF%E3%83%BC%E3%82%B9%E3%83%86%E4%BB%98%E3%81%8D%E8%BB%8A%E6%A4%9C%E3%81%AF%E3%81%82%E3%82%8A+%E3%81%AC%E3%82%8A HTTP/1.1" 200 52478 "-" "Mozilla/5.0 (Linux; Android 6.0.1; Nexus 5X Build/MMB29P) AppleWebKit/537.36 (KHTML, like Gecko) Chrome/135.0.7049.95 Mobile Safari/537.36 (compatible; Googlebot/2.1; +http://www.google.com/bot.html)"
40.77.167.255 - - [28/Apr/2025:12:14:51 -0400] "GET /?i=1109575270000&channel=e18275&from=form.php%3Fid%3D752700-18850%26name%3D%E2%9C%A8%E5%88%87%E3%82%8C%E5%91%B3%E6%8A%9C%E7%BE%A4%E3%83%8F%E3%82%A4%E3%82%B3%E3%83%90%E3%83%AB%E3%83%88%E2%9C%A8%E3%82%B9%E3%83%91%E3%83%83%E3%81%A8%E5%BF%AB%E9%81%A9%E3%81%AB%E5%88%87%E3%82%8C%E3%82%8B%E3%82%AB%E3%83%BC%E3%83%96%E3%82%B7%E3%82%B6%E3%83%BC%E2%9C%A8%E3%83%88%E3%83%AA%E3%83%9F%E3%83%B3%E3%82%B0%E7%8A%AC%E3%83%88%E3%83%AA%E3%83%9E%E3%83%BC HTTP/1.1" 200 0 "-" "Mozilla/5.0 AppleWebKit/537.36 (KHTML, like Gecko; compatible; bingbot/2.0; +http://www.bing.com/bingbot.htm) Chrome/116.0.1938.76 Safari/537.36"
66.249.73.101 - - [28/Apr/2025:12:14:56 -0400] "GET /?i=27618149411402&channel=79148a&from=form.php%3Fid%3D1494114-4657%26name%3D%E3%82%B9%E3%83%BC%E3%83%84+%E3%82%B7%E3%83%AA%E3%83%BC%E3%82%BA+%E5%85%A5%E5%9C%92%E5%BC%8F+%E5%8F%AF%E6%84%9B%E3%81%84+%E3%81%95%E3%81%8B%E3%81%AA+%E8%B6%A3%E5%91%B3+%E9%81%8A%E3%81%B3+%E3%82%B7%E3%83%AB%E3%83%90%E3%83%BC+%E6%AD%A6%E5%99%A8+%E3%81%8A%E4%BB%95%E4%BA%8B+%E3%83%8D%E3%82%AF%E3%82%BF%E3%82%A4%E3%83%94%E3%83%B3+%E6%96%87%E5%85%B7+%E5%B7%A5%E5%85%B7+%E7%BE%BD%E3%83%9A%E3%83%B3+%E3%82%BF%E3%82%A4%E7%95%99%E3%82%81+%E3%82%A2%E3%83%B3%E3%83%86%E3%82%A3%E3%83%BC%E3%82%AF+%E3%82%BF%E3%82%A4%E3%83%94%E3%83%B3+%E3%81%8A%E3%82%82%E3%81%97%E3%82%8D+%E3%82%B5%E3%82%AD%E3%82%BD%E3%83%95%E3%82%A9%E3%83%B3+%E3%82%A2%E3%82%AF%E3%82%BB%E3%82%B5%E3%83%AA%E3%83%BC+%E9%8D%B5+%E7%B4%B3%E5%A3%AB%E7%94%A8+%E3%82%B7%E3%83%B3%E3%83%97%E3%83%AB+%E6%96%B0%E7%94%9F%E6%B4%BB+%E5%85%A5%E7%A4%BE%E5%BC%8F+%E3%83%8D%E3%82%AF%E3%82%BF%E3%82%A4%E3%83%94%E3%83%B3+%E5%85%A5%E5%AD%A6%E5%BC%8F+%E5%8D%92%E5%9C%92%E5%BC%8F+%E5%8D%92%E6%A5%AD%E5%BC%8F HTTP/1.1" 200 55368 "-" "Mozilla/5.0 (Linux; Android 6.0.1; Nexus 5X Build/MMB29P) AppleWebKit/537.36 (KHTML, like Gecko) Chrome/135.0.7049.95 Mobile Safari/537.36 (compatible; Googlebot/2.1; +http://www.google.com/bot.html)"
40.77.167.255 - - [28/Apr/2025:12:15:12 -0400] "GET /?i=2302796629602&channel=a1357e&from=jp.php%3Fid%3D966296-9758%26name%3D%E3%83%9E%E3%83%8B%E3%83%BC%E3%83%AD%E3%83%BC%E3%82%BA%E3%82%BF%E3%82%A4%E3%83%AB%E3%81%AE%E3%83%86%E3%83%BC%E3%83%96%E3%83%AB%E3%83%AF%E3%82%B4%E3%83%B3%E3%80%80%E3%82%B3%E3%83%B3%E3%83%91%E3%82%AF%E3%83%88%E3%81%A7%E5%8F%AF%E6%84%9B%E3%81%84%E3%83%AF%E3%82%B4%E3%83%B3 HTTP/1.1" 200 0 "-" "Mozilla/5.0 AppleWebKit/537.36 (KHTML, like Gecko; compatible; bingbot/2.0; +http://www.bing.com/bingbot.htm) Chrome/116.0.1938.76 Safari/537.36"
40.77.167.55 - - [28/Apr/2025:12:15:13 -0400] "GET /?i=2981069066100&channel=d2fa1d&from=news.php%3Fid%3D690661-7679%26name%3DSM-RT900+DISC+ROTOR+%E3%82%BB%E3%83%B3%E3%82%BF%E3%83%BC%E3%83%AD%E3%83%83%E3%82%AF+%E3%83%AD%E3%83%BC%E3%83%89%E7%94%A8+140mm+DURA-ACE+%E3%83%87%E3%83%A5%E3%83%A9%E3%82%A8%E3%83%BC%E3%82%B9+SHIMANO+%E3%82%B7%E3%83%9E%E3%83%8E HTTP/1.1" 200 0 "-" "Mozilla/5.0 AppleWebKit/537.36 (KHTML, like Gecko; compatible; bingbot/2.0; +http://www.bing.com/bingbot.htm) Chrome/116.0.1938.76 Safari/537.36"
66.249.74.12 - - [28/Apr/2025:12:15:19 -0400] "GET /?i=97104130035805&channel=168e5f&from=brands.php%3Fid%3D1300358-1462%26name%3D%E3%82%B9%E3%83%91%E3%83%B3%E3%82%B3%E3%83%BC%E3%83%AB+%E3%82%AD%E3%83%A9%E3%82%AD%E3%83%A9+%E3%82%AD%E3%83%A9%E3%82%AD%E3%83%A9+%E7%94%9F%E5%9C%B0+%E3%82%AD%E3%83%A9%E3%82%AD%E3%83%A9+%E5%88%BA%E7%B9%8D+%E3%83%A1%E3%83%83%E3%82%B7%E3%83%A5+%E3%83%95%E3%83%AB+%E3%83%9D%E3%83%AA%E3%82%A8%E3%82%B9%E3%83%86%E3%83%AB+%E3%82%B9%E3%82%AF%E3%82%A8%E3%82%A2+%E3%83%93%E3%83%BC%E3%82%BA+%E3%83%81%E3%83%A5%E3%83%BC%E3%83%96+%E5%88%BA%E7%B9%8D+%E3%83%AC%E3%83%87%E3%82%A3%E3%83%BC%E3%82%B9+%E3%83%89%E3%83%AC%E3%82%B9+%E3%82%A6%E3%82%A7%E3%83%87%E3%82%A3%E3%83%B3%E3%82%B0%E3%83%89%E3%83%AC%E3%82%B9 HTTP/1.1" 200 0 "-" "Mozilla/5.0 (Linux; Android 6.0.1; Nexus 5X Build/MMB29P) AppleWebKit/537.36 (KHTML, like Gecko) Chrome/135.0.7049.95 Mobile Safari/537.36 (compatible; GoogleOther)"
66.249.73.102 - - [28/Apr/2025:12:15:27 -0400] "GET /?i=17919105172209&channel=71b1f9&from=info.php%3Fid%3D1051722-5762%26name%3D10.6+DVD+%E3%83%A2%E3%83%8B%E3%82%BF%E3%83%BC+%E8%BB%8A%E8%BC%89%E7%94%A8+%E5%BE%8C%E9%83%A8%E5%BA%A7%E5%B8%AD++IPS%E6%B6%B2%E6%99%B6+%E9%AB%98%E7%94%BB%E8%B3%AA+2%E5%8F%B0 HTTP/1.1" 200 51357 "-" "Mozilla/5.0 (Linux; Android 6.0.1; Nexus 5X Build/MMB29P) AppleWebKit/537.36 (KHTML, like Gecko) Chrome/135.0.7049.95 Mobile Safari/537.36 (compatible; Googlebot/2.1; +http://www.google.com/bot.html)"
66.249.73.102 - - [28/Apr/2025:12:15:51 -0400] "GET /70177130471.shtml HTTP/1.1" 200 52920 "-" "Mozilla/5.0 (Linux; Android 6.0.1; Nexus 5X Build/MMB29P) AppleWebKit/537.36 (KHTML, like Gecko) Chrome/135.0.7049.95 Mobile Safari/537.36 (compatible; Googlebot/2.1; +http://www.google.com/bot.html)"
66.249.73.101 - - [28/Apr/2025:12:15:59 -0400] "GET /?i=77259196623001&channel=969bf7&from=pin.php%3Fid%3D1966230-31923%26name%3D%E5%9B%9B%E5%AD%A3%E8%92%94+%E3%83%A9%E3%83%A0%E3%82%BA%E3%82%A4%E3%83%A4%E3%83%BC+%E7%A8%AE+%E7%B4%8420%E7%B2%92+%E3%81%8A%E3%81%BE%E3%81%91%E4%BB%98+lot.2025040201 HTTP/1.1" 200 53839 "-" "Mozilla/5.0 (Linux; Android 6.0.1; Nexus 5X Build/MMB29P) AppleWebKit/537.36 (KHTML, like Gecko) Chrome/135.0.7049.95 Mobile Safari/537.36 (compatible; Googlebot/2.1; +http://www.google.com/bot.html)"
66.249.74.12 - - [28/Apr/2025:12:16:05 -0400] "GET /?i=7277029445305&channel=475f7b&from=jp.php%3Fid%3D294453-504%26name%3D%E3%83%97%E3%83%A9%E3%83%80+%E3%83%AD%E3%82%B4+%E3%83%8F%E3%83%B3%E3%83%89%E3%83%90%E3%83%83%E3%82%B0+%E3%83%AC%E3%83%87%E3%82%A3%E3%83%BC%E3%82%B9+%E3%80%90%E4%B8%AD%E5%8F%A4%E3%80%91 HTTP/1.1" 200 53054 "-" "Mozilla/5.0 (Linux; Android 6.0.1; Nexus 5X Build/MMB29P) AppleWebKit/537.36 (KHTML, like Gecko) Chrome/135.0.7049.95 Mobile Safari/537.36 (compatible; Googlebot/2.1; +http://www.google.com/bot.html)"
66.249.74.11 - - [28/Apr/2025:12:16:18 -0400] "GET /?i=2893039260404&channel=88cd41&from=jp.php%3Fid%3D392604-3678%26name%3D%E3%83%AA%E3%83%BC%E3%83%A1%E3%83%B3%E3%83%88%E6%96%AD%E6%8D%A8%E9%9B%A2%E3%80%80%E3%83%8F%E3%83%AD%E3%83%BC%E3%82%AD%E3%83%86%E3%82%A3%E3%80%80%E5%95%86%E5%BA%97%E8%A1%97%E3%80%80%EF%BC%88%EF%BC%BE%EF%BC%BF%EF%BC%BE%EF%BC%89%E2%98%86 HTTP/1.1" 200 0 "-" "Mozilla/5.0 (Linux; Android 6.0.1; Nexus 5X Build/MMB29P) AppleWebKit/537.36 (KHTML, like Gecko) Chrome/135.0.7049.95 Mobile Safari/537.36 (compatible; GoogleOther)"
40.77.167.55 - - [28/Apr/2025:12:16:22 -0400] "GET /?i=2919066429904&channel=f11ff0&from=product.php%3Fid%3D664299-7936%26name%3DAnkwos+Rayon%E7%AB%B9%E5%86%B7%E5%8D%B4%E3%82%B7%E3%83%BC%E3%83%88%E7%94%B1%E6%9D%A5%E3%80%8140.64cm%E3%82%A8%E3%82%AF%E3%82%B9%E3%83%88%E3%83%A9%E3%83%87%E3%82%A3%E3%83%BC%E3%83%97%E3%83%9D%E3%82%B1%E3%83%83%E3%83%88%E3%80%81%E3%82%B7%E3%83%AB%E3%82%AD%E3%83%BC%E3%82%B9%E3%83%A0%E3%83%BC%E3%82%B9%E4%BB%95%E4%B8%8A%E3%81%92%E3%80%81%E3%82%AD%E3%83%B3%E3%82%B0%E3%82%B5%E3%82%A4%E3%82%BA%E3%82%BD%E3%83%95%E3%83%88%E3%83%99%E3%83%83%E3%83%89 HTTP/1.1" 200 0 "-" "Mozilla/5.0 AppleWebKit/537.36 (KHTML, like Gecko; compatible; bingbot/2.0; +http://www.bing.com/bingbot.htm) Chrome/116.0.1938.76 Safari/537.36"
66.249.73.101 - - [28/Apr/2025:12:16:39 -0400] "GET /?i=9292069518802&channel=c5dd9c&from=article.php%3Fid%3D695188-5468%26name%3DA.P.C+%E3%83%AA%E3%83%A5%E3%83%83%E3%82%AF+Sv HTTP/1.1" 200 53849 "-" "Mozilla/5.0 (Linux; Android 6.0.1; Nexus 5X Build/MMB29P) AppleWebKit/537.36 (KHTML, like Gecko) Chrome/135.0.7049.95 Mobile Safari/537.36 (compatible; Googlebot/2.1; +http://www.google.com/bot.html)"
66.249.73.101 - - [28/Apr/2025:12:17:07 -0400] "GET /?i=6168348469202&channel=35e029&from=article.php%3Fid%3D484692-10118%26name%3DPanasonic+%E9%98%B2%E6%BB%B4%E7%84%A1%E7%B7%9A%E6%A9%9F%E3%80%90RJ411%E3%80%91+8ch%EF%BC%88%E5%B0%82%E7%94%A8%E3%82%AB%E3%83%90%E3%83%BC%E4%BB%98%EF%BC%89 HTTP/1.1" 200 52528 "-" "Mozilla/5.0 (Linux; Android 6.0.1; Nexus 5X Build/MMB29P) AppleWebKit/537.36 (KHTML, like Gecko) Chrome/135.0.7049.95 Mobile Safari/537.36 (compatible; Googlebot/2.1; +http://www.google.com/bot.html)"
66.249.74.13 - - [28/Apr/2025:12:17:40 -0400] "GET /641271084320.shtml HTTP/1.1" 200 0 "-" "Mozilla/5.0 (Linux; Android 6.0.1; Nexus 5X Build/MMB29P) AppleWebKit/537.36 (KHTML, like Gecko) Chrome/135.0.7049.95 Mobile Safari/537.36 (compatible; GoogleOther)"
66.249.73.101 - - [28/Apr/2025:12:17:48 -0400] "GET /?i=2703138645500&channel=99b96c&from=goods.php%3Fid%3D386455-6683%26name%3D%E5%8D%B3%E6%B1%BA+%E3%81%8A%E8%B2%B7%E3%81%84%E5%BE%97%E5%93%81%EF%BC%81%E4%B8%AD%E5%8F%A4+RMX%28%E3%83%AA%E3%83%9F%E3%83%83%E3%82%AF%E3%82%B9%29+VD59+%E3%83%89%E3%83%A9%E3%82%A4%E3%83%90%E3%83%BC+2022+1W+%E3%83%87%E3%82%A3%E3%82%A2%E3%83%9E%E3%83%8A+PD50+10.5+S HTTP/1.1" 200 55692 "-" "Mozilla/5.0 (Linux; Android 6.0.1; Nexus 5X Build/MMB29P) AppleWebKit/537.36 (KHTML, like Gecko) Chrome/135.0.7049.95 Mobile Safari/537.36 (compatible; Googlebot/2.1; +http://www.google.com/bot.html)"
40.77.167.55 - - [28/Apr/2025:12:18:22 -0400] "GET /?i=3081339816800&channel=dd30cb&from=goods.php%3Fid%3D398168-5233%26name%3D%E3%82%B5%E3%83%9E%E3%83%BC%E3%82%B5%E3%83%B3%E3%83%80%E3%83%AB%E3%82%A6%E3%82%A7%E3%83%83%E3%82%B8%E3%83%97%E3%83%A9%E3%82%B9%E3%82%B5%E3%82%A4%E3%82%BA%E3%81%AE%E9%9D%B4%E5%A5%B3%E6%80%A7%E7%94%A8%E3%83%8F%E3%82%A4%E3%83%92%E3%83%BC%E3%83%AB%E3%82%B5%E3%83%B3%E3%83%80%E3%83%AB%E5%A4%8F%E3%81%AE%E9%9D%B4%E3%83%95%E3%83%AA%E3%83%83%E3%83%97%E3%83%95%E3%83%AD%E3%83%83%E3%83%97%E3%83%95%E3%82%A1%E3%83%A0%E3%83%97%E3%83%A9%E3%83%83%E3%83%88%E3%83%95%E3%82%A9%E3%83%BC%E3%83%A0%E3%82%B5%E3%83%B3%E3%83%80%E3%83%AB-%E3%82%A4%E3%82%A8%E3%83%AD%E3%83%BC%E3%80%8136 HTTP/1.1" 200 0 "-" "Mozilla/5.0 AppleWebKit/537.36 (KHTML, like Gecko; compatible; bingbot/2.0; +http://www.bing.com/bingbot.htm) Chrome/116.0.1938.76 Safari/537.36"
40.77.167.55 - - [28/Apr/2025:12:18:25 -0400] "GET /?i=3939844628805&channel=a77ca5&from=product.php%3Fid%3D446288-4762%26name%3D%E6%A5%BD%E5%A4%A9%E3%82%A4%E3%83%BC%E3%82%B0%E3%83%AB%E3%82%B9%E3%80%80%E6%BF%B1%E7%9F%A2%E5%BB%A3%E5%A4%A7%E9%81%B8%E6%89%8B%E3%81%AE%E8%87%AA%E7%AD%86%E3%82%B5%E3%82%A4%E3%83%B3%E5%85%A5%E3%82%8A%E5%AE%9F%E4%BD%BF%E7%94%A8%E3%83%A6%E3%83%8B%E3%83%95%E3%82%A9%E3%83%BC%E3%83%A0%E3%80%80%E3%83%93%E3%82%B8%E3%82%BF%E3%83%BC%E3%80%80DeNA HTTP/1.1" 200 0 "-" "Mozilla/5.0 AppleWebKit/537.36 (KHTML, like Gecko; compatible; bingbot/2.0; +http://www.bing.com/bingbot.htm) Chrome/116.0.1938.76 Safari/537.36"
66.249.73.103 - - [28/Apr/2025:12:18:35 -0400] "GET /?i=97873163974508&channel=95f1e5&from=category-info.php%3Fid%3D1639745-7399%26name%3D%E6%98%AD%E5%92%8C%E3%83%AC%E3%83%88%E3%83%AD%E3%80%80%E3%82%B5%E3%83%B3%E3%82%B9%E3%82%BF%E3%83%BC%E3%81%AA%E3%81%84%E3%81%97%E3%82%87%E3%83%A1%E3%83%A2%E3%80%80rib+on+%E3%83%9F%E3%83%8B%E6%89%8B%E5%B8%B3%E3%80%80%E6%97%A5%E6%9C%AC%E5%9C%B0%E7%90%86%E3%83%9F%E3%83%8B%E7%99%BE%E7%A7%91 HTTP/1.1" 200 51854 "-" "Mozilla/5.0 (Linux; Android 6.0.1; Nexus 5X Build/MMB29P) AppleWebKit/537.36 (KHTML, like Gecko) Chrome/135.0.7049.95 Mobile Safari/537.36 (compatible; Googlebot/2.1; +http://www.google.com/bot.html)"
52.167.144.19 - - [28/Apr/2025:12:18:46 -0400] "GET /?i=6417844619403&channel=8612fd&from=category-info.php%3Fid%3D446194-4740%26name%3D%E3%83%8F%E3%82%BF%E3%82%B1%E3%83%A4%E3%83%9E+%E7%A1%AC%E5%BC%8F%E3%82%AD%E3%83%A3%E3%83%83%E3%83%81%E3%83%A3%E3%83%BC%E3%83%9F%E3%83%83%E3%83%88+PBW-M19eb+%E7%94%B2%E6%96%90%E6%8B%93%E4%B9%9F%E5%9E%8B+PBW%E3%82%B7%E3%83%AA%E3%83%BC%E3%82%BA+%E5%92%8C%E7%89%9B%E9%9D%A9+%E3%82%AA%E3%83%B3%E3%83%8D%E3%83%BC%E3%83%A0%E5%88%BA%E7%B9%8D%EF%BC%86%E5%9E%8B%E4%BB%98%E3%81%91%E3%82%AA%E3%83%97%E3%82%B7%E3%83%A7%E3%83%B3+%E6%97%A5%E6%9C%AC%E8%A3%BD HTTP/1.1" 200 0 "-" "Mozilla/5.0 AppleWebKit/537.36 (KHTML, like Gecko; compatible; bingbot/2.0; +http://www.bing.com/bingbot.htm) Chrome/116.0.1938.76 Safari/537.36"
66.249.74.13 - - [28/Apr/2025:12:18:55 -0400] "GET /?i=401153865300&channel=1d112d&from=goods.php%3Fid%3D38653-4912%26name%3Dcygne+%E3%82%B7%E3%83%BC%E3%83%8B%E3%83%A5%E3%80%80%E3%83%90%E3%83%AB%E3%83%BC%E3%83%B3%E3%82%AE%E3%83%A3%E3%82%B6%E3%83%BC%E3%83%96%E3%83%A9%E3%82%A6%E3%82%B9%E3%80%80sarah+0 HTTP/1.1" 200 0 "-" "Mozilla/5.0 (Linux; Android 6.0.1; Nexus 5X Build/MMB29P) AppleWebKit/537.36 (KHTML, like Gecko) Chrome/135.0.7049.95 Mobile Safari/537.36 (compatible; GoogleOther)"
52.167.144.19 - - [28/Apr/2025:12:18:56 -0400] "GET /?i=0530024704805&channel=a55c0a&from=blog.php%3Fid%3D247048-643%26name%3D%E9%80%8F%E6%98%8E%EF%BC%81%E8%99%B9%E5%85%A5%E3%82%8A%E3%80%90%E3%83%AC%E3%83%A0%E3%83%AA%E3%82%A2%E3%83%B3%E6%B0%B4%E6%99%B6%E3%82%AF%E3%83%AC%E3%82%BB%E3%83%B3%E3%83%88%E3%83%A0%E3%83%BC%E3%83%B3%E3%82%AA%E3%83%96%E3%82%B8%E3%82%A7+%E3%82%AE%E3%83%A3%E3%83%A9%E3%83%B3%E3%83%86%E3%82%A3%E3%83%BC%E3%82%AB%E3%83%BC%E3%83%89%E4%BB%98%E3%81%8D%E3%80%91%E5%B9%85%E7%B4%84114mm%C3%9772mm+%E9%87%8D%E3%81%95290g+%E3%83%AD%E3%83%9E%E3%83%B3%E3%83%81%E3%83%83%E3%82%AF%E3%81%AA%E4%B8%89%E6%97%A5%E6%9C%88%E3%83%87%E3%82%B6%E3%82%A4%E3%83%B3+%E3%82%A4%E3%83%B3%E3%83%86%E3%83%AA%E3%82%A2%E3%82%84%E8%B4%88%E3%82%8A%E7%89%A9%E3%81%AB+%E3%80%8E%E5%8B%9D%E5%88%A9%E3%83%BB%E6%88%90%E5%8A%9F%E3%80%8F%E3%80%8E%E7%94%9F%E5%91%BD%E5%8A%9B%E3%80%8F%E3%80%8E%E9%AD%94%E9%99%A4%E3%81%91%E3%80%8F%E3%81%AE%E8%B1%A1%E5%BE%B4%E3%80%90%E3%83%96%E3%83%A9%E3%82%B8%E3%83%AB%E7%94%A3%E3%80%91 HTTP/1.1" 200 0 "-" "Mozilla/5.0 AppleWebKit/537.36 (KHTML, like Gecko; compatible; bingbot/2.0; +http://www.bing.com/bingbot.htm) Chrome/116.0.1938.76 Safari/537.36"
52.167.144.19 - - [28/Apr/2025:12:18:57 -0400] "GET /?i=2108962018700&channel=8450bf&from=shared.php%3Fid%3D620187-5736%26name%3D%E3%80%90%E3%82%B9%E3%83%BC%E3%83%91%E3%83%BCSALE50%25OFF%2B20%25OFF%E3%82%AF%E3%83%BC%E3%83%9D%E3%83%B3%E3%80%91%E3%83%96%E3%83%A9%E3%82%A6%E3%83%B3+%E3%82%B3%E3%83%BC%E3%83%87%E3%83%A5%E3%83%AD%E3%82%A4+%E3%82%B8%E3%83%A3%E3%82%B1%E3%83%83%E3%83%88+%E3%83%96%E3%83%AC%E3%82%B6%E3%83%BC+%E4%B8%89%E3%81%A4%E3%83%9C%E3%82%BF%E3%83%B3%E3%82%B8%E3%83%A3%E3%82%B1%E3%83%83%E3%83%88+%E3%83%86%E3%83%BC%E3%83%A9%E3%83%BC%E3%83%89%E3%82%B8%E3%83%A3%E3%82%B1%E3%83%83%E3%83%88+%E3%83%88%E3%83%A9%E3%83%83%E3%83%89%E3%82%B3%E3%83%BC%E3%83%87+%E3%82%A2%E3%83%A1%E3%83%88%E3%83%A9%E3%82%B3%E3%83%BC%E3%83%87+1%E5%9E%8B+%E4%B8%89%E3%81%A4%E3%83%9C%E3%82%BF%E3%83%B3%E4%B8%AD%E6%8E%9B%E3%81%91+%E6%AE%B5%E8%BF%94%E3%82%8A+%E3%83%91%E3%83%83%E3%83%81%E3%83%9D%E3%82%B1%E3%83%83%E3%83%88+%E3%83%95%E3%83%83%E3%82%AF%E3%83%99%E3%83%B3%E3%83%88+%E6%AF%9B%E8%8A%AF++%E7%A7%8B%E7%89%A9+%E5%86%AC%E7%89%A9 HTTP/1.1" 200 0 "-" "Mozilla/5.0 AppleWebKit/537.36 (KHTML, like Gecko; compatible; bingbot/2.0; +http://www.bing.com/bingbot.htm) Chrome/116.0.1938.76 Safari/537.36"
