66.249.73.101 - - [26/Apr/2025:07:54:36 -0400] "GET /?i=25292194292212&channel=62dfe7&from=shop.php%3Fid%3D1942922-17563%26name%3D%E3%83%A1%E3%83%83%E3%82%B7%E3%83%A5+%E5%B7%BE%E7%9D%80%E8%A2%8B+%E3%82%B9%E3%82%BF%E3%83%83%E3%83%95%E3%83%90%E3%83%83%E3%82%B0+3%E5%80%8B+%28+2%E5%80%8B+%2B+1+%29+SET+%E8%A2%8B+42x54+420mm+540mm+42cm+54cm+%E5%8F%8E%E7%B4%8D+%E3%83%90%E3%83%83%E3%82%B0+%E3%83%9D%E3%83%BC%E3%83%81+%E3%82%B8%E3%83%A0+%E5%B7%BE%E7%9D%80+%E3%82%B5%E3%83%83%E3%82%AF+%E6%97%85%E8%A1%8C+%E7%A0%82%E5%A0%B4+%E9%8A%AD%E6%B9%AF+%E3%82%AD%E3%83%A3%E3%83%B3%E3%83%97%E7%94%A8+%E5%A4%A7 HTTP/1.1" 200 50825 "-" "Mozilla/5.0 (Linux; Android 6.0.1; Nexus 5X Build/MMB29P) AppleWebKit/537.36 (KHTML, like Gecko) Chrome/135.0.7049.95 Mobile Safari/537.36 (compatible; Googlebot/2.1; +http://www.google.com/bot.html)"
52.167.144.142 - - [26/Apr/2025:07:55:20 -0400] "GET /?i=9807757035509&channel=5c805e&from=article.php%3Fid%3D570355-13263%26name%3D%E3%80%90%E9%90%94%E5%B1%8B%E3%80%91%E3%80%80%E5%8F%A4%E9%90%94%2F%E7%94%B2%E5%86%91%E5%B8%AB%EF%BC%88%E6%98%8E%E7%8F%8D%EF%BC%89%2F%E5%85%AB%E8%A7%92%E9%90%94%2F%E5%AE%A4%E7%94%BA%E5%BE%8C%E6%9C%9F%EF%BD%9E%E6%B1%9F%E6%88%B8%E5%88%9D%E6%9C%9F%E3%80%80%E3%80%80%E3%80%80%E6%A4%9C%E5%AF%9F%EF%BC%9A%EF%BC%88%E9%8D%94%E5%B1%8B%2Ftsuba%2Fsword+guard%2F%E5%88%80%E5%8C%A0%EF%BC%89 HTTP/1.1" 200 0 "-" "Mozilla/5.0 AppleWebKit/537.36 (KHTML, like Gecko; compatible; bingbot/2.0; +http://www.bing.com/bingbot.htm) Chrome/116.0.1938.76 Safari/537.36"
66.249.73.101 - - [26/Apr/2025:07:55:24 -0400] "GET /?i=9927769984401&channel=cc5168&from=product.php%3Fid%3D699844-3691%26name%3DTHP%E3%82%B5%E3%83%97%E3%83%AA%E3%82%BB%E3%83%83%E3%83%88 HTTP/1.1" 200 53141 "-" "Mozilla/5.0 (Linux; Android 6.0.1; Nexus 5X Build/MMB29P) AppleWebKit/537.36 (KHTML, like Gecko) Chrome/135.0.7049.95 Mobile Safari/537.36 (compatible; Googlebot/2.1; +http://www.google.com/bot.html)"
66.249.73.102 - - [26/Apr/2025:07:55:39 -0400] "GET /042401314545.shtml HTTP/1.1" 200 0 "-" "Mozilla/5.0 (Linux; Android 6.0.1; Nexus 5X Build/MMB29P) AppleWebKit/537.36 (KHTML, like Gecko) Chrome/135.0.7049.95 Mobile Safari/537.36 (compatible; GoogleOther)"
66.249.73.103 - - [26/Apr/2025:07:56:04 -0400] "GET /?i=50075173537500&channel=c5cdbc&from=info.php%3Fid%3D1735375-17941%26name%3D%E8%AA%98%E5%B0%8E%E7%81%AF%E3%83%9B%E3%83%AB%E3%83%80%E3%83%BC HTTP/1.1" 200 53849 "-" "Mozilla/5.0 (Linux; Android 6.0.1; Nexus 5X Build/MMB29P) AppleWebKit/537.36 (KHTML, like Gecko) Chrome/135.0.7049.95 Mobile Safari/537.36 (compatible; Googlebot/2.1; +http://www.google.com/bot.html)"
52.167.144.162 - - [26/Apr/2025:07:56:06 -0400] "GET /?i=8521294553002&channel=b26ba9&from=product.php%3Fid%3D945530-5714%26name%3D%E5%AE%89%E5%BF%83%E3%81%AE%E3%82%BB%E3%82%A4%E3%82%B3%E3%83%BC%E8%A3%BD+%E3%83%87%E3%82%A3%E3%82%BA%E3%83%8B%E3%83%BC%E6%99%82%E8%A8%88+%E6%8E%9B%E3%81%91%E6%99%82%E8%A8%88+%E6%8E%9B%E3%81%91%E6%99%82%E8%A8%88+%E6%8E%9B%E6%99%82%E8%A8%88+%E5%A3%81%E6%8E%9B%E6%99%82%E8%A8%88+%E5%A3%81%E6%8E%9B%E3%81%91%E6%99%82%E8%A8%88+%E3%82%B7%E3%83%B3%E3%83%97%E3%83%AB+SEIKO+%E3%82%BB%E3%82%A4%E3%82%B3%E3%83%BC+seiko+%E3%81%8A%E3%81%97%E3%82%83%E3%82%8C+%E3%82%A2%E3%83%A9%E3%83%93%E3%83%A9%E6%95%B0%E5%AD%97+%E8%A6%8B%E3%82%84%E3%81%99%E3%81%84+%E3%82%B7%E3%83%B3%E3%83%97%E3%83%AB+%E3%82%AE%E3%83%95%E3%83%88+%E5%BC%95%E3%81%A3%E8%B6%8A%E3%81%97%E7%A5%9D%E3%81%84+%E5%BC%95%E8%B6%8A%E3%81%97%E7%A5%9D%E3%81%84+%E6%96%B0%E7%AF%89%E7%A5%9D%E3%81%84+%E8%B4%88%E3%82%8A%E7%89%A9+%E3%83%97%E3%83%AC%E3%82%BC%E3%83%B3%E3%83%88+%E3%83%87%E3%82%A3%E3%82%BA%E3%83%8B%E3%83%BC+%E3%82%AD%E3%83%A3%E3%83%A9%E3%82%AF%E3%82%BF%E3%83%BC%E6%99%82%E8%A8%88 HTTP/1.1" 200 0 "-" "Mozilla/5.0 AppleWebKit/537.36 (KHTML, like Gecko; compatible; bingbot/2.0; +http://www.bing.com/bingbot.htm) Chrome/116.0.1938.76 Safari/537.36"
66.249.73.102 - - [26/Apr/2025:07:56:26 -0400] "GET /24792960092.shtml HTTP/1.1" 200 0 "-" "Mozilla/5.0 (Linux; Android 6.0.1; Nexus 5X Build/MMB29P) AppleWebKit/537.36 (KHTML, like Gecko) Chrome/135.0.7049.95 Mobile Safari/537.36 (compatible; GoogleOther)"
66.249.73.101 - - [26/Apr/2025:07:56:29 -0400] "GET /?i=05789156274900&channel=242e7b&from=shop.php%3Fid%3D1562749-8814%26name%3D%E3%80%90%E6%8A%98%E3%82%8A%E3%81%9F%E3%81%9F%E3%81%BF%E6%9D%96%E3%80%91%E8%BB%BD%E9%87%8F%E3%80%80%E8%8A%B1%E6%9F%84%E3%80%80%E3%83%91%E3%83%BC%E3%83%97%E3%83%AB%E3%80%80%E4%BB%8B%E8%AD%B7%E3%80%80%E3%82%A2%E3%83%AB%E3%83%9F%E3%82%B9%E3%83%86%E3%83%83%E3%82%AD%E3%80%80%E4%BB%8B%E8%AD%B7%E6%9D%96%E3%80%80%E7%99%BB%E5%B1%B1 HTTP/1.1" 200 55942 "-" "Mozilla/5.0 (Linux; Android 6.0.1; Nexus 5X Build/MMB29P) AppleWebKit/537.36 (KHTML, like Gecko) Chrome/135.0.7049.95 Mobile Safari/537.36 (compatible; Googlebot/2.1; +http://www.google.com/bot.html)"
66.249.73.101 - - [26/Apr/2025:07:56:35 -0400] "GET /?i=9133736804500&channel=b89082&from=article.php%3Fid%3D368045-1496%26name%3D%E3%80%90%E3%82%AF%E3%83%BC%E3%83%9D%E3%83%B3%E5%AF%BE%E8%B1%A1%E3%80%91%E3%80%90%E3%83%9D%E3%82%A4%E3%83%B3%E3%83%885%E5%80%8D%E3%80%91%E3%80%9050%EF%BC%85OFF%E3%80%91BAFY+%E3%83%90%E3%83%95%E3%82%A3%E3%83%BC+%E3%83%8B%E3%83%83%E3%83%88+%E3%82%B7%E3%83%A3%E3%83%84+%E3%83%A1%E3%83%B3%E3%82%BA+%E3%83%9E%E3%82%A4%E3%82%AF%E3%83%AD+%E3%83%91%E3%82%A4%E3%83%AB+%E3%83%8B%E3%83%83%E3%83%88+%E3%82%AA%E3%83%BC%E3%83%97%E3%83%B3%E3%82%AB%E3%83%A9%E3%83%BC+%E3%82%B7%E3%83%A3%E3%83%84+%E5%8D%8A%E8%A2%96+%E9%96%8B%E8%A5%9F+%E3%82%B0%E3%83%AC%E3%83%BC+%E7%84%A1%E5%9C%B0+%E3%83%91%E3%82%A4%E3%83%AB%E5%9C%B0+%E3%82%A4%E3%82%BF%E3%83%AA%E3%82%A2+%E3%83%96%E3%83%A9%E3%83%B3%E3%83%89+%E6%98%A5%E5%A4%8F%E3%83%A2%E3%83%87%E3%83%AB+%E5%9B%BD%E5%86%85%E6%AD%A3%E8%A6%8F%E5%93%81+23100+%E3%80%90%E9%80%81%E6%96%99%E7%84%A1%E6%96%99%E3%80%91 HTTP/1.1" 200 56952 "-" "Mozilla/5.0 (Linux; Android 6.0.1; Nexus 5X Build/MMB29P) AppleWebKit/537.36 (KHTML, like Gecko) Chrome/135.0.7049.95 Mobile Safari/537.36 (compatible; Googlebot/2.1; +http://www.google.com/bot.html)"
66.249.73.101 - - [26/Apr/2025:07:56:52 -0400] "GET /?i=2279748191900&channel=13bd5b&from=shared.php%3Fid%3D481919-184%26name%3D%E2%97%BB%EF%B8%8F%E4%B8%89%E8%8F%B1%E3%83%8E%E3%83%B3%E3%83%95%E3%83%AD%E3%83%B3%E5%86%B7%E5%87%8D%E5%86%B7%E8%94%B5%E5%BA%AB+%E2%97%BB%EF%B8%8FMR-C34A-W HTTP/1.1" 200 60216 "-" "Mozilla/5.0 (Linux; Android 6.0.1; Nexus 5X Build/MMB29P) AppleWebKit/537.36 (KHTML, like Gecko) Chrome/135.0.7049.95 Mobile Safari/537.36 (compatible; Googlebot/2.1; +http://www.google.com/bot.html)"
66.249.73.103 - - [26/Apr/2025:07:57:09 -0400] "GET /?i=0507849734108&channel=9d0a22&from=jp.php%3Fid%3D497341-3401%26name%3D%E6%9C%80%E5%BC%B7+%E3%83%81%E3%82%A7%E3%83%BC%E3%83%B3%E3%83%AD%E3%83%83%E3%82%AF+%E3%83%90%E3%82%A4%E3%82%AF%E3%82%AB%E3%83%90%E3%83%BC+XL+%E7%9B%97%E9%9B%A3%E9%98%B2%E6%AD%A2+%E9%98%B2%E7%8A%AF+%E8%B6%85%E6%A5%B5%E5%A4%AA+%E3%82%A2%E3%83%A9%E3%83%BC%E3%83%A0%E5%86%85%E8%94%B5+%E5%A4%A7%E9%9F%B3%E9%87%8F+%E8%AD%A6%E5%91%8A+%E3%83%87%E3%82%B6%E3%82%A4%E3%83%B3+%E3%83%90%E3%82%A4%E3%82%AF%E7%94%A8%E5%93%81+%E8%BB%8A%E4%BD%93%E3%82%AB%E3%83%90%E3%83%BC+%E3%82%A8%E3%82%A4%E3%83%9750 HTTP/1.1" 200 53567 "-" "Mozilla/5.0 (Linux; Android 6.0.1; Nexus 5X Build/MMB29P) AppleWebKit/537.36 (KHTML, like Gecko) Chrome/135.0.7049.95 Mobile Safari/537.36 (compatible; Googlebot/2.1; +http://www.google.com/bot.html)"
66.249.73.101 - - [26/Apr/2025:07:57:18 -0400] "GET /?i=1411796560001&channel=0e3df7&from=form.php%3Fid%3D965600-3032%26name%3D%E3%83%A4%E3%83%8A%E3%82%BB+YHM-020+%E7%A1%AC%E5%BC%8F%E6%9C%A8%E8%A3%BD%E3%83%90%E3%83%83%E3%83%88 HTTP/1.1" 200 0 "-" "Mozilla/5.0 (Linux; Android 6.0.1; Nexus 5X Build/MMB29P) AppleWebKit/537.36 (KHTML, like Gecko) Chrome/135.0.7049.95 Mobile Safari/537.36 (compatible; GoogleOther)"
66.249.73.101 - - [26/Apr/2025:07:57:32 -0400] "GET /?i=4112563897005&channel=567f08&from=brands.php%3Fid%3D638970-13605%26name%3D%E8%B6%85%E8%B6%85%E8%B6%85%E6%A5%B5%E4%B8%8A%E5%93%81%2FAqourscutum%2F%E3%82%AB%E3%82%B7%E3%83%9F%E3%82%A2100%25%2F%E8%8B%B1%E5%9B%BD%E8%A3%BD%2F%E5%80%A4%E4%B8%8B%E3%81%92%E4%B8%AD%EF%BC%81 HTTP/1.1" 200 52486 "-" "Mozilla/5.0 (Linux; Android 6.0.1; Nexus 5X Build/MMB29P) AppleWebKit/537.36 (KHTML, like Gecko) Chrome/135.0.7049.95 Mobile Safari/537.36 (compatible; Googlebot/2.1; +http://www.google.com/bot.html)"
20.15.133.191 - - [26/Apr/2025:07:57:50 -0400] "GET /?i=09098106845403&channel=2bae9b&from=form.php%3Fid%3D1068454-564%26name%3D%E3%82%BFM0110%E2%97%86%E3%80%90H127%2C5cm%C3%97W88%2C5cm%E3%80%91%C3%972%E6%9E%9A%E2%97%86%E3%82%A2%E3%83%B3%E3%83%86%E3%82%A3%E3%83%BC%E3%82%AF%E2%97%86%E3%83%80%E3%82%A4%E3%83%A4%E3%82%AC%E3%83%A9%E3%82%B9%E5%85%A5%E3%82%8A%E3%81%AE%E5%8F%A4%E3%81%84%E6%9C%A8%E6%9E%A0%E5%BC%95%E3%81%8D%E6%88%B8%E2%97%86%E6%B4%8B%E9%A4%A8+%E5%8F%A4%E5%BB%BA%E5%85%B7+%E3%82%AC%E3%83%A9%E3%82%B9%E6%88%B8+%E3%82%B5%E3%83%83%E3%82%B7+%E7%AA%93%E3%82%AC%E3%83%A9%E3%82%B9K%E4%B8%8B HTTP/1.1" 200 0 "-" "Mozilla/5.0 AppleWebKit/537.36 (KHTML, like Gecko; compatible; bingbot/2.0; +http://www.bing.com/bingbot.htm) Chrome/116.0.1938.76 Safari/537.36"
66.249.73.101 - - [26/Apr/2025:07:57:51 -0400] "GET /?i=23577172100704&channel=7d2d08&from=shop.php%3Fid%3D1721007-28817%26name%3D%E3%83%90%E3%83%89%E3%83%9F%E3%83%B3%E3%83%88%E3%83%B3%E3%83%88%E3%83%AC%E3%83%BC%E3%83%8B%E3%83%B3%E3%82%B0%E3%83%9C%E3%83%BC%E3%83%AB%E3%80%81%E3%83%8A%E3%82%A4%E3%83%AD%E3%83%B3%E3%83%90%E3%83%89%E3%83%9F%E3%83%B3%E3%83%88%E3%83%B3%E3%82%B7%E3%83%A3%E3%83%88%E3%83%AB%E3%82%B3%E3%83%83%E3%82%AF%2C+%E3%83%9D%E3%83%BC%E3%82%BF%E3%83%96%E3%83%AB%E3%82%B9%E3%83%9D%E3%83%BC%E3%83%84%E3%82%A2%E3%82%AF%E3%82%BB%E3%82%B5%E3%83%AA%E3%83%BC%2C+%E5%B1%8B%E5%86%85%E5%B1%8B%E5%A4%96%E3%82%B9%E3%83%9D%E3%83%BC%E3%83%84%E3%83%8F%E3%82%A4%E3%83%88%E3%82%B9%E3%83%94%E3%83%BC HTTP/1.1" 200 53082 "-" "Mozilla/5.0 (Linux; Android 6.0.1; Nexus 5X Build/MMB29P) AppleWebKit/537.36 (KHTML, like Gecko) Chrome/135.0.7049.95 Mobile Safari/537.36 (compatible; Googlebot/2.1; +http://www.google.com/bot.html)"
66.249.73.101 - - [26/Apr/2025:07:57:55 -0400] "GET /?i=17618164076501&channel=715ad4&from=news.php%3Fid%3D1640765-27357%26name%3DMenicon+%E3%83%A1%E3%83%8B%E3%82%B3%E3%83%B3%E3%83%95%E3%82%A3%E3%83%83%E3%83%88+%E3%82%B3%E3%83%B3%E3%82%BF%E3%82%AF%E3%83%88%E3%83%AC%E3%83%B3%E3%82%BA+%E8%A3%85%E7%9D%80%E8%96%AC+15mL%C3%973%E5%80%8B HTTP/1.1" 200 0 "-" "Mozilla/5.0 (Linux; Android 6.0.1; Nexus 5X Build/MMB29P) AppleWebKit/537.36 (KHTML, like Gecko) Chrome/135.0.7049.95 Mobile Safari/537.36 (compatible; GoogleOther)"
66.249.73.102 - - [26/Apr/2025:07:58:26 -0400] "GET /?i=8855981485900&channel=0f016a&from=shop.php%3Fid%3D814859-14224%26name%3D%E3%83%91%E3%82%BF%E3%82%B4%E3%83%8B%E3%82%A2%E3%80%8000s+pack+vest HTTP/1.1" 200 0 "-" "Mozilla/5.0 (Linux; Android 6.0.1; Nexus 5X Build/MMB29P) AppleWebKit/537.36 (KHTML, like Gecko) Chrome/135.0.7049.95 Mobile Safari/537.36 (compatible; GoogleOther)"
66.249.73.102 - - [26/Apr/2025:07:58:38 -0400] "GET /?i=7626018183801&channel=93be18&from=jp.php%3Fid%3D181838-5595%26name%3DACUTA+%E3%83%9D%E3%83%AA%E3%83%A2%E3%83%80%E3%83%BC%E3%83%AB%E3%83%94%E3%83%B3%E3%82%BF%E3%83%83%E3%82%AF%E3%83%87%E3%82%B6%E3%82%A4%E3%83%B3%E3%83%96%E3%83%A9%E3%82%A6%E3%82%B9 HTTP/1.1" 200 52222 "-" "Mozilla/5.0 (Linux; Android 6.0.1; Nexus 5X Build/MMB29P) AppleWebKit/537.36 (KHTML, like Gecko) Chrome/135.0.7049.95 Mobile Safari/537.36 (compatible; Googlebot/2.1; +http://www.google.com/bot.html)"
66.249.73.101 - - [26/Apr/2025:07:58:47 -0400] "GET /?i=0129735917602&channel=6e13a1&from=blog.php%3Fid%3D359176-1685%26name%3D%E5%A4%A9%E7%84%B6%E6%9D%BE%E3%81%AE%E3%82%A6%E3%83%83%E3%83%89%E3%83%99%E3%83%B3%E3%83%81%2F%E6%A4%85%E5%AD%90%2F%E3%82%B3%E3%83%BC%E3%83%92%E3%83%BC%E3%83%86%E3%83%BC%E3%83%96%E3%83%AB%2F%E5%8F%B0%28%E3%81%8A%E5%80%A4%E4%B8%8B%E4%B8%AD%29 HTTP/1.1" 200 54583 "-" "Mozilla/5.0 (Linux; Android 6.0.1; Nexus 5X Build/MMB29P) AppleWebKit/537.36 (KHTML, like Gecko) Chrome/135.0.7049.95 Mobile Safari/537.36 (compatible; Googlebot/2.1; +http://www.google.com/bot.html)"
40.77.167.55 - - [26/Apr/2025:07:58:57 -0400] "GET /?i=65209150068200&channel=19aee9&from=blog.php%3Fid%3D1500682-24399%26name%3DUTHCLO+8%E5%80%8B+%E3%83%8A%E3%83%97%E3%82%AD%E3%83%B3%E3%83%9C%E3%82%BF%E3%83%B3+%E3%83%8A%E3%83%97%E3%82%AD%E3%83%B3%E3%83%8D%E3%82%AF%E3%82%BF%E3%82%A4+%E3%82%B4%E3%83%BC%E3%83%AB%E3%83%89%E3%83%8A%E3%83%97%E3%82%AD%E3%83%B3%E3%83%AA%E3%83%B3%E3%82%B0+%E3%82%B4%E3%83%BC%E3%83%AB%E3%83%89%E3%81%AE%E5%8F%AF%E6%86%90%E3%81%AA%E3%83%AA%E3%83%B3%E3%82%B0+%E7%B5%90%E5%A9%9A+%E8%BC%AA%E3%81%AE%E3%83%8A%E3%83%97%E3%82%AD%E3%83%B3%E3%83%AA%E3%83%B3%E3%82%B0+%E3%83%AA%E3%83%BC HTTP/1.1" 200 0 "-" "Mozilla/5.0 AppleWebKit/537.36 (KHTML, like Gecko; compatible; bingbot/2.0; +http://www.bing.com/bingbot.htm) Chrome/116.0.1938.76 Safari/537.36"
66.249.73.101 - - [26/Apr/2025:07:59:19 -0400] "GET /?i=59629154296903&channel=872326&from=article.php%3Fid%3D1542969-20740%26name%3D15.0+New+Balance+%E3%83%8B%E3%83%A5%E3%83%BC%E3%83%90%E3%83%A9%E3%83%B3%E3%82%B9%E3%80%80%E3%83%94%E3%83%B3%E3%82%AF+%E3%82%B9%E3%83%8B%E3%83%BC%E3%82%AB%E3%83%BC+%E3%83%99%E3%83%AB%E3%82%AF%E3%83%AD HTTP/1.1" 200 0 "-" "Mozilla/5.0 (Linux; Android 6.0.1; Nexus 5X Build/MMB29P) AppleWebKit/537.36 (KHTML, like Gecko) Chrome/135.0.7049.95 Mobile Safari/537.36 (compatible; GoogleOther)"
66.249.73.102 - - [26/Apr/2025:07:59:21 -0400] "GET /?i=30791190261105&channel=3b94fd&from=blog.php%3Fid%3D1902611-8646%26name%3DY2K+grunge+%E3%81%8A%E5%85%84%E7%B3%BB+%E5%B9%B3%E6%88%90%E5%88%9D%E6%9C%9F+%E3%83%8D%E3%82%AA%E3%82%AE%E3%83%A3%E3%83%AB%E7%94%B7%E3%80%80%E3%83%8D%E3%82%AA%E3%82%B0%E3%83%A9%E3%83%B3%E3%82%B8+%E3%82%AE%E3%83%9F%E3%83%83%E3%82%AF HTTP/1.1" 200 52593 "-" "Mozilla/5.0 (Linux; Android 6.0.1; Nexus 5X Build/MMB29P) AppleWebKit/537.36 (KHTML, like Gecko) Chrome/135.0.7049.95 Mobile Safari/537.36 (compatible; Googlebot/2.1; +http://www.google.com/bot.html)"
66.249.73.101 - - [26/Apr/2025:07:59:38 -0400] "GET /?i=7797751212005&channel=0c1327&from=product.php%3Fid%3D512120-16585%26name%3D%E7%BE%8E%E7%A9%BA%E3%81%B2%E3%81%B0%E3%82%8A+%E6%B0%B8%E9%81%A0 HTTP/1.1" 200 53067 "-" "Mozilla/5.0 (Linux; Android 6.0.1; Nexus 5X Build/MMB29P) AppleWebKit/537.36 (KHTML, like Gecko) Chrome/135.0.7049.95 Mobile Safari/537.36 (compatible; Googlebot/2.1; +http://www.google.com/bot.html)"
66.249.73.101 - - [26/Apr/2025:07:59:50 -0400] "GET /?i=84020105264505&channel=8b800c&from=blog.php%3Fid%3D1052645-17360%26name%3D%E3%82%AC%E3%83%BC%E3%83%87%E3%83%B3%E3%82%AB%E3%83%BC%E3%83%88+%E3%82%AB%E3%82%B4%E5%8F%B0%E8%BB%8A+%E9%81%8B%E6%90%AC%E8%BB%8A+%E5%9C%92%E8%8A%B8%E3%82%AB%E3%83%BC%E3%83%88++%E5%8F%8E%E7%A9%AB%E7%89%BD%E5%BC%95%E5%8F%B0%E8%BB%8A+%E8%80%90%E8%8D%B7%E9%87%8D650KG HTTP/1.1" 200 51360 "-" "Mozilla/5.0 (Linux; Android 6.0.1; Nexus 5X Build/MMB29P) AppleWebKit/537.36 (KHTML, like Gecko) Chrome/135.0.7049.95 Mobile Safari/537.36 (compatible; Googlebot/2.1; +http://www.google.com/bot.html)"
66.249.73.102 - - [26/Apr/2025:08:00:01 -0400] "GET /?i=0948740896000&channel=7f4639&from=shop.php%3Fid%3D408960-607%26name%3D195%2F65%2F15+%E3%82%B9%E3%82%BF%E3%83%83%E3%83%89%E3%83%AC%E3%82%B9%E3%82%BF%E3%82%A4%E3%83%A4%E3%80%80%E3%83%9B%E3%82%A4%E3%83%BC%E3%83%AB HTTP/1.1" 200 53636 "-" "Mozilla/5.0 (Linux; Android 6.0.1; Nexus 5X Build/MMB29P) AppleWebKit/537.36 (KHTML, like Gecko) Chrome/135.0.7049.95 Mobile Safari/537.36 (compatible; Googlebot/2.1; +http://www.google.com/bot.html)"
66.249.73.102 - - [26/Apr/2025:08:00:23 -0400] "GET /38747354586.shtml HTTP/1.1" 200 0 "-" "Mozilla/5.0 (Linux; Android 6.0.1; Nexus 5X Build/MMB29P) AppleWebKit/537.36 (KHTML, like Gecko) Chrome/135.0.7049.95 Mobile Safari/537.36 (compatible; GoogleOther)"
66.249.73.102 - - [26/Apr/2025:08:00:26 -0400] "GET /?i=77608158041703&channel=be804c&from=news.php%3Fid%3D1580417-5601%26name%3D%E3%83%90%E3%83%BC%E3%83%90%E3%83%BC%E3%83%AA%E3%83%BC%E3%83%96%E3%83%AB%E3%83%BC%E3%83%AC%E3%83%BC%E3%83%99%E3%83%AB%E3%80%80%E8%86%9D%E4%B8%88%E3%83%8B%E3%83%83%E3%83%88%E3%83%AF%E3%83%B3%E3%83%94%E3%83%BC%E3%82%B9 HTTP/1.1" 200 54223 "-" "Mozilla/5.0 (Linux; Android 6.0.1; Nexus 5X Build/MMB29P) AppleWebKit/537.36 (KHTML, like Gecko) Chrome/135.0.7049.95 Mobile Safari/537.36 (compatible; Googlebot/2.1; +http://www.google.com/bot.html)"
66.249.73.101 - - [26/Apr/2025:08:00:41 -0400] "GET /?i=7851594327800&channel=587d21&from=category-info.php%3Fid%3D943278-683%26name%3D%E3%82%B3%E3%83%BC%E3%83%92%E3%83%BC%E7%94%A8%E5%93%81%E3%82%BB%E3%83%83%E3%83%88+6%E7%82%B9%E3%82%BB%E3%83%83%E3%83%88+%E6%89%8B%E6%8C%BD%E3%81%8D%E3%82%B3%E3%83%BC%E3%83%92%E3%83%BC%E3%83%9F%E3%83%AB+%E3%82%B3%E3%83%BC%E3%83%92%E3%83%BC%E3%83%89%E3%83%AA%E3%83%83%E3%83%97%E3%82%BB%E3%83%83%E3%83%88+%E3%82%B3%E3%83%BC%E3%83%92%E3%83%BC%E3%83%89%E3%83%AA%E3%83%83%E3%83%91%E3%83%BC++%E3%82%B3%E3%83%BC%E3%83%92%E3%83%BC%E3%83%9F%E3%83%AB++%E3%82%B3%E3%83%BC%E3%83%92%E3%83%BC%E3%83%89%E3%83%AA%E3%83%83%E3%83%97+++%E7%B2%89%E7%B2%97%E3%81%95%E8%AA%BF%E7%AF%80%E5%8F%AF+%E7%B4%B0%E5%8F%A3+%E5%AE%B6%E5%BA%AD%E7%94%A8+%E6%A5%AD%E5%8B%99%E7%94%A8+%E3%83%9B%E3%83%BC%E3%83%A0+%E3%82%AA%E3%83%95%E3%82%A3%E3%82%B9+%E6%97%85%E8%A1%8C%E7%94%A8+%E3%83%97%E3%83%AC%E3%82%BC%E3%83%B3%E3%83%88 HTTP/1.1" 200 55590 "-" "Mozilla/5.0 (Linux; Android 6.0.1; Nexus 5X Build/MMB29P) AppleWebKit/537.36 (KHTML, like Gecko) Chrome/135.0.7049.95 Mobile Safari/537.36 (compatible; Googlebot/2.1; +http://www.google.com/bot.html)"
66.249.73.101 - - [26/Apr/2025:08:00:59 -0400] "GET /?i=1282421785605&channel=eec26e&from=pin.php%3Fid%3D217856-8344%26name%3D%E6%A5%B5%E4%B8%8A%E5%93%81+%E3%82%B5%E3%83%9F%E3%83%BC+%E3%82%A2%E3%83%A9%E3%82%B8%E3%83%B32%E3%82%A8%E3%83%9C%E3%83%AA%E3%83%A5%E3%83%BC%E3%82%B7%E3%83%A7%E3%83%B3+4%E5%8F%B7%E6%A9%9F+%E5%AE%9F%E6%A9%9F+%E4%BB%98%E5%B1%9E%E5%93%81%E5%A4%9A%E6%95%B0 HTTP/1.1" 200 51852 "-" "Mozilla/5.0 (Linux; Android 6.0.1; Nexus 5X Build/MMB29P) AppleWebKit/537.36 (KHTML, like Gecko) Chrome/135.0.7049.95 Mobile Safari/537.36 (compatible; Googlebot/2.1; +http://www.google.com/bot.html)"
66.249.73.103 - - [26/Apr/2025:08:01:10 -0400] "GET /?i=58117123876501&channel=8c58aa&from=shared.php%3Fid%3D1238765-3372%26name%3D70s-80s%2F%E8%A5%BF%E3%83%89%E3%82%A4%E3%83%84%E8%A3%BD%E3%83%93%E3%83%B3%E3%83%86%E3%83%BC%E3%82%B8%E2%98%85%E3%83%9E%E3%82%A4%E3%83%B3%E3%83%89%E3%83%ABMEINDL%E2%98%85%E3%83%88%E3%83%AC%E3%83%83%E3%82%AD%E3%83%B3%E3%82%B0%E3%82%B7%E3%83%A5%E3%83%BC%E3%82%BA23.5-24.5%E8%8C%B6%2F%E3%82%AA%E3%83%BC%E3%83%AB%E3%83%AC%E3%82%B6%E3%83%BC%2F%E9%87%8D%E7%99%BB%E5%B1%B1%E2%97%86%E2%80%BBH+%23BUZZBERG HTTP/1.1" 200 0 "-" "Mozilla/5.0 (Linux; Android 6.0.1; Nexus 5X Build/MMB29P) AppleWebKit/537.36 (KHTML, like Gecko) Chrome/135.0.7049.95 Mobile Safari/537.36 (compatible; GoogleOther)"
66.249.73.101 - - [26/Apr/2025:08:01:22 -0400] "GET /?i=82920161701000&channel=f795e0&from=info.php%3Fid%3D1617010-2092%26name%3D%E8%B6%85%E5%90%8D%E5%99%A8%E3%80%80mares+%E3%83%9E%E3%83%AC%E3%82%B9%E3%80%80MR22%2F%E3%82%A2%E3%83%93%E3%82%B9%E3%80%80%E6%9C%80%E7%B5%82%E3%83%90%E3%83%BC%E3%82%B8%E3%83%A7%E3%83%B3%EF%BC%88%E5%87%BA%E5%93%81%E3%81%AB%E9%9A%9B%E3%81%97%E5%BD%93%E5%BA%97%E3%81%A7%E3%82%AA%E3%83%BC%E3%83%90%E3%83%BC%E3%83%9B%E3%83%BC%E3%83%AB%E6%B8%88%E3%81%BF HTTP/1.1" 200 54728 "-" "Mozilla/5.0 (Linux; Android 6.0.1; Nexus 5X Build/MMB29P) AppleWebKit/537.36 (KHTML, like Gecko) Chrome/135.0.7049.95 Mobile Safari/537.36 (compatible; Googlebot/2.1; +http://www.google.com/bot.html)"
66.249.73.101 - - [26/Apr/2025:08:01:42 -0400] "GET /?i=9717270231705&channel=e44145&from=news.php%3Fid%3D702317-1893%26name%3D%E3%83%89%E3%83%AB%E3%82%AC%E3%83%90+%E3%82%AB%E3%83%BC%E3%83%89%E3%82%B1%E3%83%BC%E3%82%B9+%E3%83%A1%E3%83%B3%E3%82%BA HTTP/1.1" 200 53702 "-" "Mozilla/5.0 (Linux; Android 6.0.1; Nexus 5X Build/MMB29P) AppleWebKit/537.36 (KHTML, like Gecko) Chrome/135.0.7049.95 Mobile Safari/537.36 (compatible; Googlebot/2.1; +http://www.google.com/bot.html)"
66.249.73.101 - - [26/Apr/2025:08:01:50 -0400] "GET /?i=98917176714700&channel=390930&from=info.php%3Fid%3D1767147-9923%26name%3D%E6%B0%B4%E6%99%B6%E3%81%A8%E3%82%BF%E3%82%A4%E3%82%AC%E3%83%BC%E3%82%A2%E3%82%A4%E3%81%AE%E3%83%96%E3%83%AC%E3%82%B9%E3%83%AC%E3%83%83%E3%83%88 HTTP/1.1" 200 52948 "-" "Mozilla/5.0 (Linux; Android 6.0.1; Nexus 5X Build/MMB29P) AppleWebKit/537.36 (KHTML, like Gecko) Chrome/135.0.7049.95 Mobile Safari/537.36 (compatible; Googlebot/2.1; +http://www.google.com/bot.html)"
52.167.144.162 - - [26/Apr/2025:08:01:56 -0400] "GET /?i=39372129104506&channel=be8cba&from=jp.php%3Fid%3D1291045-22984%26name%3D%E4%BD%93%E9%87%8D%E3%81%AE%E3%81%9F%E3%82%81%E3%81%AE%E5%8C%BB%E5%AD%A6%E3%81%AE%E3%82%B9%E3%82%B1%E3%83%BC%E3%83%AB%E3%80%81%E4%BD%93%E8%82%B2%E9%A4%A8%E3%81%AE%E3%81%9F%E3%82%81%E3%81%AE%E5%B0%82%E9%96%80%E3%81%AE%E9%AB%98%E3%81%95%E3%81%8A%E3%82%88%E3%81%B3%E4%BD%93%E9%87%8D%E3%81%AE%E5%8C%BB%E8%80%85%E3%81%AE%E3%82%B9%E3%82%B1%E3%83%BC%E3%83%AB%E3%80%81%E9%AB%98%E3%81%95%E3%81%AE%E4%BD%93%E8%84%82%E8%82%AA%E3%81%AE%E6%A4%9C%E5%85%89%E5%AD%90%E3%80%81%E7%97%85%E9%99%A2 HTTP/1.1" 200 0 "-" "Mozilla/5.0 AppleWebKit/537.36 (KHTML, like Gecko; compatible; bingbot/2.0; +http://www.bing.com/bingbot.htm) Chrome/116.0.1938.76 Safari/537.36"
52.167.144.162 - - [26/Apr/2025:08:01:57 -0400] "GET /?i=2217764652900&channel=a66756&from=form.php%3Fid%3D646529-17935%26name%3D%E3%80%90%E6%A5%AD%E5%8B%99%E7%94%A8%E3%80%91%E3%82%A8%E3%82%B9%E3%83%86%E3%83%80%E3%83%A0+%E3%82%BB%E3%83%B3%E3%82%B7%E3%82%AF%E3%83%AC%E3%83%B3%E3%82%B8%E3%83%B3%E3%82%B0%E3%83%9F%E3%83%AB%E3%82%AF+500ml HTTP/1.1" 200 0 "-" "Mozilla/5.0 AppleWebKit/537.36 (KHTML, like Gecko; compatible; bingbot/2.0; +http://www.bing.com/bingbot.htm) Chrome/116.0.1938.76 Safari/537.36"
52.167.144.142 - - [26/Apr/2025:08:02:02 -0400] "GET /?i=85791135194703&channel=222f54&from=article.php%3Fid%3D1351947-6240%26name%3DAI%E3%82%B9%E3%83%A2%E3%83%BC%E3%82%AFHL+%E3%83%A6%E3%83%BC%E3%83%86%E3%82%A3%E3%83%AA%E3%83%86%E3%82%A3%E3%80%80%E3%82%AD%E3%83%A3%E3%83%AD%E3%82%A6%E3%82%A7%E3%82%A4%E3%80%804U+%E3%83%98%E3%83%83%E3%83%89%E3%81%AE%E3%81%BF%E3%80%8021%C2%B0 HTTP/1.1" 200 0 "-" "Mozilla/5.0 AppleWebKit/537.36 (KHTML, like Gecko; compatible; bingbot/2.0; +http://www.bing.com/bingbot.htm) Chrome/116.0.1938.76 Safari/537.36"
52.167.144.142 - - [26/Apr/2025:08:02:02 -0400] "GET /?i=27390171513602&channel=cc2648&from=shared.php%3Fid%3D1715136-19086%26name%3D%E3%83%90%E3%82%A4%E3%82%AF+%E9%9B%BB%E6%BA%90+USB%E3%82%B9%E3%83%86%E3%83%BC%E3%82%B7%E3%83%A7%E3%83%B33+NS-004s+USB%E3%82%B8%E3%83%A3%E3%83%83%E3%82%AF+1%E5%8F%A3%E3%82%BF%E3%82%A4%E3%83%97+%E3%83%84%E3%83%BC%E3%83%AA%E3%83%B3%E3%82%B0++12V%E5%B0%82%E7%94%A8%E3%80%80%E3%80%90%E6%9C%9F%E9%96%93%E9%99%90%E5%AE%9A%E3%80%91%EF%BC%B5%EF%BC%B3%EF%BC%A2%E3%82%AB%E3%83%90%E3%83%BC%28%EF%BC%AE%EF%BC%B3-905%29%E3%82%92%E2%80%99%E2%80%99%E3%81%95%E3%82%89%E3%81%AB%E2%80%99%E2%80%99%EF%BC%91%E5%80%8B%E3%83%97%E3%83%AC%E3%82%BC%E3%83%B3%E3%83%88%E4%B8%AD%EF%BC%81 HTTP/1.1" 200 0 "-" "Mozilla/5.0 AppleWebKit/537.36 (KHTML, like Gecko; compatible; bingbot/2.0; +http://www.bing.com/bingbot.htm) Chrome/116.0.1938.76 Safari/537.36"
40.77.167.55 - - [26/Apr/2025:08:02:07 -0400] "GET /?i=0388723239601&channel=06db75&from=shared.php%3Fid%3D232396-663%26name%3DJET+SET+TRAVEL+%E3%83%A1%E3%82%BF%E3%83%AA%E3%83%83%E3%82%AF+%E3%82%B3%E3%83%B3%E3%83%81%E3%83%8D%E3%83%B3%E3%82%BF%E3%83%AB+%E3%82%A6%E3%82%A9%E3%83%AC%E3%83%83%E3%83%88+%E3%83%A9%E3%83%BC%E3%82%B8+-+MK%E3%82%B7%E3%82%B0%E3%83%8D%E3%83%81%E3%83%A3%E3%83%BC+%E3%83%9E%E3%82%A4%E3%82%B1%E3%83%AB%E3%82%B3%E3%83%BC%E3%82%B9 HTTP/1.1" 200 0 "-" "Mozilla/5.0 AppleWebKit/537.36 (KHTML, like Gecko; compatible; bingbot/2.0; +http://www.bing.com/bingbot.htm) Chrome/116.0.1938.76 Safari/537.36"
66.249.73.102 - - [26/Apr/2025:08:02:34 -0400] "GET /?i=71219186875305&channel=b81a06&from=jp.php%3Fid%3D1868753-29610%26name%3D%E7%9C%89%E6%AF%9B%E3%81%AE%E3%81%9F%E3%82%81%E3%81%AE%E3%83%9E%E3%82%A4%E3%82%AF%E3%83%AD%E3%83%96%E3%83%AC%E3%83%BC%E3%83%89%E9%89%9B%E7%AD%86%E3%80%81%E3%83%9E%E3%82%A4%E3%82%AF%E3%83%AD%E3%83%96%E3%83%AC%E3%83%BC%E3%83%89%E7%9C%89%E6%AF%9B%E3%81%AE%E9%89%9B%E7%AD%86+-+%E3%82%A2%E3%83%83%E3%83%97%E3%82%B0%E3%83%AC%E3%83%BC%E3%83%89%E3%81%95%E3%82%8C%E3%81%9F%E6%B6%B2%E4%BD%93%E3%83%9E%E3%82%A4%E3%82%AF%E3%83%AD%E3%83%96%E3%83%AC%E3%83%BC%E3%83%89%E7%9C%89%E3%83%9A%E3%83%B3+-+%E9%AB%AA%E3%81%AE%E3%82%88%E3%81%86%E3%81%AA%E3%82%B9%E3%83%88 HTTP/1.1" 200 0 "-" "Mozilla/5.0 (Linux; Android 6.0.1; Nexus 5X Build/MMB29P) AppleWebKit/537.36 (KHTML, like Gecko) Chrome/135.0.7049.95 Mobile Safari/537.36 (compatible; GoogleOther)"
66.249.74.11 - - [26/Apr/2025:08:03:36 -0400] "GET /10292622690.shtml HTTP/1.1" 200 0 "-" "Mozilla/5.0 (Linux; Android 6.0.1; Nexus 5X Build/MMB29P) AppleWebKit/537.36 (KHTML, like Gecko) Chrome/135.0.7049.95 Mobile Safari/537.36 (compatible; GoogleOther)"
52.167.144.162 - - [26/Apr/2025:08:03:46 -0400] "GET /?i=2651811991305&channel=402d74&from=shop.php%3Fid%3D119913-5175%26name%3DMoMoMo%E6%A7%98%E5%B0%82%E7%94%A8%E2%AD%90%E3%83%AF%E3%82%B3%E3%83%9E%E3%83%AA%E3%82%A2+%E3%83%AC%E3%82%B6%E3%83%BC%E3%82%B8%E3%83%A3%E3%82%B1%E3%83%83%E3%83%88+%E3%82%B7%E3%83%B3%E3%82%B0%E3%83%AB+WACKOMARIA HTTP/1.1" 200 0 "-" "Mozilla/5.0 AppleWebKit/537.36 (KHTML, like Gecko; compatible; bingbot/2.0; +http://www.bing.com/bingbot.htm) Chrome/116.0.1938.76 Safari/537.36"
66.249.73.102 - - [26/Apr/2025:08:03:57 -0400] "GET /?i=74992109603802&channel=0e3df7&from=news.php%3Fid%3D1096038-3032%26name%3D%E3%80%90%E4%BA%A4%E6%8F%9B%E5%BE%80%E5%BE%A9%E9%80%81%E6%96%99%E7%84%A1%E6%96%99%E3%80%91+%E9%87%8E%E7%90%83+%E3%82%B0%E3%83%AD%E3%83%BC%E3%83%96+%E8%BB%9F%E5%BC%8F+%E4%B8%AD%E5%AD%A6+%E5%A5%B3%E5%AD%90+%E5%8F%B3%E6%8A%95%E3%81%92+%E3%83%AD%E3%83%BC%E3%83%AA%E3%83%B3%E3%82%B0%E3%82%B9+Rawlings+HOH+PRO+EXCEL+ELITE+%E3%82%AA%E3%83%BC%E3%83%AB%E3%83%A9%E3%82%A6%E3%83%B3%E3%83%89+%E3%82%B5%E3%82%A4%E3%82%BA%EF%BC%9A11.75+%E3%83%96%E3%83%A9%E3%83%83%E3%82%AF+GR5HEEN650-B+%E5%9E%8B%E4%BB%98%E3%81%91%E5%8F%AF%E8%83%BD%28G%29+2025%E5%B9%B4NEW%E3%83%A2%E3%83%87%E3%83%AB HTTP/1.1" 200 0 "-" "Mozilla/5.0 (Linux; Android 6.0.1; Nexus 5X Build/MMB29P) AppleWebKit/537.36 (KHTML, like Gecko) Chrome/135.0.7049.95 Mobile Safari/537.36 (compatible; GoogleOther)"
66.249.73.102 - - [26/Apr/2025:08:04:12 -0400] "GET /?i=5375098499503&channel=627e4d&from=blog.php%3Fid%3D984995-18104%26name%3D%E5%9F%BC%E7%8E%89%E7%9C%8C%E5%8C%97%E9%83%A8%E7%99%BA%E3%80%80ARB+%E3%82%AA%E3%83%BC%E3%83%8B%E3%83%B3%E3%82%B0%E3%80%802500mm HTTP/1.1" 200 54111 "-" "Mozilla/5.0 (Linux; Android 6.0.1; Nexus 5X Build/MMB29P) AppleWebKit/537.36 (KHTML, like Gecko) Chrome/135.0.7049.95 Mobile Safari/537.36 (compatible; Googlebot/2.1; +http://www.google.com/bot.html)"
66.249.74.11 - - [26/Apr/2025:08:04:17 -0400] "GET /842581548259.shtml HTTP/1.1" 200 0 "-" "Mozilla/5.0 (Linux; Android 6.0.1; Nexus 5X Build/MMB29P) AppleWebKit/537.36 (KHTML, like Gecko) Chrome/135.0.7049.95 Mobile Safari/537.36 (compatible; GoogleOther)"
66.249.73.101 - - [26/Apr/2025:08:04:32 -0400] "GET /?i=1889174386400&channel=93d3ae&from=goods.php%3Fid%3D743864-2086%26name%3D%E3%83%A1%E3%82%BE%E3%83%B3%E3%82%B9%E3%83%9A%E3%82%B7%E3%83%A3%E3%83%AB%E2%99%A1%E3%83%AC%E3%82%A4%E3%83%A4%E3%83%BC%E3%83%89%E3%83%81%E3%83%A5%E3%83%BC%E3%83%AB%E3%83%88%E3%83%83%E3%83%97%E3%82%B9 HTTP/1.1" 200 0 "-" "Mozilla/5.0 (Linux; Android 6.0.1; Nexus 5X Build/MMB29P) AppleWebKit/537.36 (KHTML, like Gecko) Chrome/135.0.7049.95 Mobile Safari/537.36 (compatible; GoogleOther)"
66.249.73.101 - - [26/Apr/2025:08:04:45 -0400] "GET /?i=28778128896802&channel=1087d2&from=pin.php%3Fid%3D1288968-9455%26name%3DMarc+Jacobs+%2F+%E3%83%80%E3%83%96%E3%83%AB%E3%83%87%E3%83%8B%E3%83%A0%E3%82%B8%E3%83%A3%E3%82%B1%E3%83%83%E3%83%88+%2F+%E3%83%87%E3%82%AB%E3%83%9C%E3%82%BF%E3%83%B3 HTTP/1.1" 200 52469 "-" "Mozilla/5.0 (Linux; Android 6.0.1; Nexus 5X Build/MMB29P) AppleWebKit/537.36 (KHTML, like Gecko) Chrome/135.0.7049.95 Mobile Safari/537.36 (compatible; Googlebot/2.1; +http://www.google.com/bot.html)"
66.249.73.101 - - [26/Apr/2025:08:05:07 -0400] "GET /51722914685.shtml HTTP/1.1" 200 0 "-" "Mozilla/5.0 (Linux; Android 6.0.1; Nexus 5X Build/MMB29P) AppleWebKit/537.36 (KHTML, like Gecko) Chrome/135.0.7049.95 Mobile Safari/537.36 (compatible; GoogleOther)"
40.77.167.55 - - [26/Apr/2025:08:05:18 -0400] "GET /?i=0310279809407&channel=beb226&from=info.php%3Fid%3D798094-6237%26name%3D%E7%BF%8C%E6%97%A5%E7%99%BA%E9%80%81+35%E3%82%A4%E3%83%B3%E3%83%81+%E3%82%B9%E3%82%B3%E3%83%83%E3%83%86%E3%82%A3+%E3%82%AD%E3%83%A3%E3%83%A1%E3%83%AD%E3%83%B3%E3%80%80%E3%82%BF%E3%82%A4%E3%83%88%E3%83%AA%E3%82%B9%E3%83%88+%E3%82%B4%E3%83%AB%E3%83%95%E3%83%91%E3%82%BF%E3%83%BC%E3%80%80%E3%82%B9%E3%83%9A%E3%82%B7%E3%83%A3%E3%83%AB+%E3%82%BB%E3%83%AC%E3%82%AF%E3%83%88+%E3%83%95%E3%83%AD%E3%83%BC%E3%83%90%E3%83%83%E3%82%AF5+%E3%82%AF%E3%83%A9%E3%83%96+%E3%83%98%E3%83%83%E3%83%89%E3%82%AB%E3%83%90%E3%83%BC%E4%BB%98 HTTP/1.1" 200 0 "-" "Mozilla/5.0 AppleWebKit/537.36 (KHTML, like Gecko; compatible; bingbot/2.0; +http://www.bing.com/bingbot.htm) Chrome/116.0.1938.76 Safari/537.36"
40.77.167.47 - - [26/Apr/2025:08:05:47 -0400] "GET /?i=87406117123100&channel=81ef5c&from=shared.php%3Fid%3D1171231-1731%26name%3D%E3%83%9E%E3%83%A9%E3%83%B3%E3%83%84%E3%82%B9%E3%83%94%E3%83%BC%E3%82%AB%E3%83%BC%E5%86%85%E8%94%B5+TV%E3%83%9C%E3%83%BC%E3%83%89 HTTP/1.1" 200 0 "-" "Mozilla/5.0 AppleWebKit/537.36 (KHTML, like Gecko; compatible; bingbot/2.0; +http://www.bing.com/bingbot.htm) Chrome/116.0.1938.76 Safari/537.36"
66.249.73.101 - - [26/Apr/2025:08:05:48 -0400] "GET /?i=2907412422200&channel=fa614a&from=pin.php%3Fid%3D124222-8204%26name%3DA2-5%2FO3.25-7%E3%80%80%E3%82%A2%E3%83%A1%E3%83%AA%E3%82%AB%E8%BB%8D%E3%80%80%E7%A9%BA%E8%BB%8D%E3%80%80%E7%AC%AC101%E7%A9%BA%E6%8C%BA%E5%B8%AB%E5%9B%A3%E3%80%80Screaming+Eagles%E3%80%80%E3%83%A9%E3%82%B0%E3%80%80%E3%83%9E%E3%83%83%E3%83%88%E3%80%80%E3%82%AB%E3%83%BC%E3%83%9A%E3%83%83%E3%83%88%E3%80%80%E3%83%96%E3%83%A9%E3%83%B3%E3%82%B1%E3%83%83%E3%83%88%E3%80%80%E3%83%9E%E3%83%AB%E3%83%81%E3%82%AB%E3%83%90%E3%83%BC%E3%80%80%E3%82%BF%E3%83%9A%E3%82%B9%E3%83%88%E3%83%AA%E3%83%BC%E3%80%80%E3%82%A4%E3%83%B3%E3%83%86%E3%83%AA%E3%82%A2%E9%9B%91%E8%B2%A8%E3%80%80%E7%B5%A8%E6%AF%AF HTTP/1.1" 200 0 "-" "Mozilla/5.0 (Linux; Android 6.0.1; Nexus 5X Build/MMB29P) AppleWebKit/537.36 (KHTML, like Gecko) Chrome/135.0.7049.95 Mobile Safari/537.36 (compatible; GoogleOther)"
66.249.73.103 - - [26/Apr/2025:08:06:09 -0400] "GET /?i=8709251258208&channel=4f9091&from=form.php%3Fid%3D512582-9200%26name%3DBluetooth%E5%86%85%E8%94%B5%E3%80%80LED%E4%BB%98%E3%81%8D%E9%9B%BB%E6%B0%97%E6%9A%96%E7%82%89+%2B%E9%80%81%E9%A2%A8%E6%A9%9F%E8%83%BD%E4%BB%98%E3%81%8D%E3%80%80%E5%A3%81%E6%8E%9B%E3%81%91+%E3%82%A2%E3%83%AB%E3%83%86%E3%82%B8%E3%82%A2 HTTP/1.1" 200 52145 "-" "Mozilla/5.0 (Linux; Android 6.0.1; Nexus 5X Build/MMB29P) AppleWebKit/537.36 (KHTML, like Gecko) Chrome/135.0.7049.95 Mobile Safari/537.36 (compatible; Googlebot/2.1; +http://www.google.com/bot.html)"
40.77.167.22 - - [26/Apr/2025:08:06:22 -0400] "GET /?i=2507967068001&channel=359d1a&from=category-info.php%3Fid%3D670680-3374%26name%3D%E3%80%90%E5%85%A8%E5%93%81200%E5%86%86OFF%E3%82%AF%E3%83%BC%E3%83%9D%E3%83%B3%E3%80%91%E7%AA%93%E6%9E%A0%EF%BC%BBI%E5%9E%8B%EF%BC%BD%E5%9B%BA%E5%AE%9A%E5%BC%8F%EF%BC%88%E3%82%A2%E3%83%B3%E3%82%B0%E3%83%AB%E3%81%97%E3%82%83%E3%81%8F%E3%82%8A%E3%81%AA%E3%81%97%EF%BC%89%EF%BC%88MDF%E5%9F%BA%E6%9D%90%EF%BC%8B%E5%90%88%E6%9D%BF%EF%BC%8921%C3%9775%C3%973900mm%E3%80%812%E6%9C%AC%E5%85%A5%E3%80%81MT7220-69+%3CBR%3EDAIKEN+%E3%83%80%E3%82%A4%E3%82%B1%E3%83%B3+%E5%A4%A7%E5%BB%BA%E5%B7%A5%E6%A5%AD+%E3%81%98%E3%82%85%E3%81%86%E3%81%9F%E3%81%99+%E4%BD%8F%EF%BC%8B%E2%98%85%E5%A4%A7%E5%9E%8B%E4%BE%BF%E9%95%B7%E7%89%A9%E2%98%85+%E2%97%86Y HTTP/1.1" 200 0 "-" "Mozilla/5.0 AppleWebKit/537.36 (KHTML, like Gecko; compatible; bingbot/2.0; +http://www.bing.com/bingbot.htm) Chrome/116.0.1938.76 Safari/537.36"
66.249.73.102 - - [26/Apr/2025:08:06:23 -0400] "GET /?i=69091114146509&channel=37e7dc&from=shared.php%3Fid%3D1141465-756%26name%3DCELINE%28%E3%82%BB%E3%83%AA%E3%83%BC%E3%83%8C%29+%E3%82%AB%E3%83%BC%E3%83%87%E3%82%A3%E3%82%AC%E3%83%B3+%E3%82%B5%E3%82%A4%E3%82%BA40+M+%E3%83%AC%E3%83%87%E3%82%A3%E3%83%BC%E3%82%B9%E7%BE%8E%E5%93%81++%E3%82%AA%E3%83%AC%E3%83%B3%E3%82%B8%C3%97%E3%83%AC%E3%83%83%E3%83%89%C3%97%E3%83%9E%E3%83%AB%E3%83%81+%E3%83%AD%E3%83%B3%E3%82%B0%2F%E8%8A%B1%E6%9F%84%2F%E3%82%B7%E3%83%BC%E3%82%B9%E3%83%AB%E3%83%BC+%E3%82%B7%E3%83%AB%E3%82%AF HTTP/1.1" 200 53506 "-" "Mozilla/5.0 (Linux; Android 6.0.1; Nexus 5X Build/MMB29P) AppleWebKit/537.36 (KHTML, like Gecko) Chrome/135.0.7049.95 Mobile Safari/537.36 (compatible; Googlebot/2.1; +http://www.google.com/bot.html)"
66.249.73.101 - - [26/Apr/2025:08:06:37 -0400] "GET /?i=39790183449909&channel=39044e&from=form.php%3Fid%3D1834499-17304%26name%3D%E3%83%A9%E3%83%B3%E3%83%81%E3%83%90%E3%83%83%E3%82%B0%E3%80%80%E7%8C%AB%E3%82%B0%E3%83%83%E3%82%BA+%E9%9B%91%E8%B2%A8+%E7%8C%AB%E6%9F%84+%E3%81%8B%E3%82%8F%E3%81%84%E3%81%84+%E3%83%95%E3%82%A1%E3%82%B9%E3%83%8A%E3%83%BC%E4%BB%98%E3%81%8D+%E3%83%AC%E3%82%B8%E3%83%A3%E3%83%BC%E3%83%90%E3%83%83%E3%82%B0+%E4%BF%9D%E6%B8%A9%E3%83%90%E3%83%83%E3%82%B0+%E4%BF%9D%E5%86%B7%E3%83%90%E3%83%83%E3%82%B0+%E7%8C%AB+%E7%8C%AB%E5%B0%8F%E7%89%A9+%E3%82%AD%E3%83%83%E3%83%81%E3%83%B3%E9%9B%91%E8%B2%A8+%E7%8C%AB%E9%9B%91%E8%B2%A8+%E3%83%90%E3%83%83%E3%82%B0 HTTP/1.1" 200 51789 "-" "Mozilla/5.0 (Linux; Android 6.0.1; Nexus 5X Build/MMB29P) AppleWebKit/537.36 (KHTML, like Gecko) Chrome/135.0.7049.95 Mobile Safari/537.36 (compatible; Googlebot/2.1; +http://www.google.com/bot.html)"
40.77.167.22 - - [26/Apr/2025:08:06:42 -0400] "GET /?i=80922102504805&channel=7f4cf6&from=product.php%3Fid%3D1025048-9607%26name%3D%E3%82%AF%E3%83%A9%E3%83%8D%E3%80%80%E3%83%9C%E3%83%AA%E3%83%A5%E3%83%BC%E3%83%A0%E3%83%95%E3%83%AC%E3%82%A2%E3%83%9C%E3%82%A2%E3%82%B3%E3%83%BC%E3%83%88 HTTP/1.1" 200 0 "-" "Mozilla/5.0 AppleWebKit/537.36 (KHTML, like Gecko; compatible; bingbot/2.0; +http://www.bing.com/bingbot.htm) Chrome/116.0.1938.76 Safari/537.36"
66.249.73.101 - - [26/Apr/2025:08:06:48 -0400] "GET /?i=27781160051003&channel=8d3e2f&from=info.php%3Fid%3D1600510-7508%26name%3D%E7%AB%B6%E6%B3%B3%E6%B0%B4%E7%9D%80+%E7%B7%B4%E7%BF%92%E6%B0%B4%E7%9D%80+%E3%83%AC%E3%83%87%E3%82%A3%E3%83%BC%E3%82%B9 HTTP/1.1" 200 0 "-" "Mozilla/5.0 (Linux; Android 6.0.1; Nexus 5X Build/MMB29P) AppleWebKit/537.36 (KHTML, like Gecko) Chrome/135.0.7049.95 Mobile Safari/537.36 (compatible; GoogleOther)"
40.77.167.64 - - [26/Apr/2025:08:06:48 -0400] "GET /?i=16811143275003&channel=de40e3&from=news.php%3Fid%3D1432750-15235%26name%3D%E3%83%AC%E3%83%88%E3%83%AD%E2%8B%86%E2%9C%A6%E5%A4%A7%E9%98%AA%E4%B8%87%E5%8D%9A%E2%99%A1%E5%9B%BD%E6%97%97%E6%B6%88%E3%81%97%E3%82%B4%E3%83%A0%E3%82%BB%E3%83%83%E3%83%88+8%E5%80%8B%E5%85%A5%E3%82%8A%E2%99%A1 HTTP/1.1" 200 0 "-" "Mozilla/5.0 AppleWebKit/537.36 (KHTML, like Gecko; compatible; bingbot/2.0; +http://www.bing.com/bingbot.htm) Chrome/116.0.1938.76 Safari/537.36"
66.249.73.101 - - [26/Apr/2025:08:06:59 -0400] "GET /?i=6707121226901&channel=0ef665&from=shop.php%3Fid%3D212269-5010%26name%3D%E3%82%B3%E3%83%BC%E3%83%89%E3%83%AA%E3%83%BC%E3%83%AB%E3%80%81+5M+%E8%87%AA%E5%8B%95%E5%B7%BB%E3%81%8D%E5%8F%96%E3%82%8A%E5%BC%8F%E9%9B%BB%E6%BA%90%E3%82%B1%E3%83%BC%E3%83%96%E3%83%AB%E3%83%AA%E3%83%BC%E3%83%AB+%E3%83%AF%E3%82%A4%E3%83%A4%E3%83%BC%E5%B7%BB%E3%81%8D%E5%8F%96%E3%82%8A%E5%BC%8F%E3%82%B1%E3%83%BC%E3%83%96%E3%83%AB%E3%83%90%E3%83%AC%E3%83%AB+%E9%9B%BB%E6%B0%97%E3%82%B1%E3%83%BC%E3%83%96%E3%83%AB%E3%83%AA%E3%83%BC%E3%83%AB+%E3%83%91%E3%83%AF%E3%83%BC%E3%83%9B%E3%83%BC%E3%82%B9%E3%83%AA%E3%83%BC%E3%83%AB+3 HTTP/1.1" 200 53727 "-" "Mozilla/5.0 (Linux; Android 6.0.1; Nexus 5X Build/MMB29P) AppleWebKit/537.36 (KHTML, like Gecko) Chrome/135.0.7049.95 Mobile Safari/537.36 (compatible; Googlebot/2.1; +http://www.google.com/bot.html)"
66.249.73.101 - - [26/Apr/2025:08:07:34 -0400] "GET /?i=18810122011101&channel=5d7798&from=news.php%3Fid%3D1220111-8778%26name%3D%E3%80%90%E6%96%B0%E5%93%81%2F%E5%8C%BF%E5%90%8D%E9%85%8D%E9%80%81%E3%80%91%E3%83%88%E3%83%A0%E3%83%95%E3%82%A9%E3%83%BC%E3%83%89+%E3%83%A1%E3%82%AC%E3%83%8D+%E6%97%A5%E6%9C%AC%E8%A3%BD%E3%83%81%E3%82%BF%E3%83%B3%E3%83%95%E3%83%AC%E3%83%BC%E3%83%A0+%E3%83%96%E3%83%AB%E3%83%BC%E3%83%A9%E3%82%A4%E3%83%88%E3%82%AB%E3%83%83%E3%83%88 HTTP/1.1" 200 53692 "-" "Mozilla/5.0 (Linux; Android 6.0.1; Nexus 5X Build/MMB29P) AppleWebKit/537.36 (KHTML, like Gecko) Chrome/135.0.7049.95 Mobile Safari/537.36 (compatible; Googlebot/2.1; +http://www.google.com/bot.html)"
40.77.167.64 - - [26/Apr/2025:08:07:38 -0400] "GET /?i=5005986718904&channel=285775&from=article.php%3Fid%3D867189-3692%26name%3DEarth+Pharmaceutical+%E3%83%9E%E3%83%A2%E3%83%AB%E3%83%BC%E3%83%A0+%E3%82%A8%E3%83%83%E3%82%BB%E3%83%B3%E3%82%B9+%E8%99%AB%E3%82%88%E3%81%91%E3%83%91%E3%83%BC%E3%83%AB+%28180%E6%97%A5%E7%94%A8%29+%E3%80%8C%E6%BE%84%E3%82%93%E3%81%A0%E3%83%AC%E3%83%A2%E3%83%B3%E3%80%8D+%E7%BD%AE%E3%81%8F%E3%81%A0%E3%81%91+%E8%99%AB%E3%82%88%E3%81%91%E6%B6%88%E8%87%AD%E8%8A%B3%E9%A6%99%E5%89%A4+%E3%82%B8%E3%82%A7%E3%83%AB+%E3%83%AA%E3%83%93%E3%83%B3%E3%82%B0%E3%83%BB%E7%8E%84%E9%96%A2%E3%83%BB%E5%AD%90%E4%BE%9B%E9%83%A8%E5%B1%8B%E3%81%AA%E3%81%A9+%28%E3%82%A2%E3%83%BC%E3%82%B9%E8%A3%BD%E8%96%AC%29 HTTP/1.1" 200 0 "-" "Mozilla/5.0 AppleWebKit/537.36 (KHTML, like Gecko; compatible; bingbot/2.0; +http://www.bing.com/bingbot.htm) Chrome/116.0.1938.76 Safari/537.36"
66.249.73.101 - - [26/Apr/2025:08:07:40 -0400] "GET /?i=21161161431601&channel=057003&from=product.php%3Fid%3D1614316-2468%26name%3D%E3%82%A2%E3%83%AB%E3%82%AB%E3%83%AA%E4%B9%BE%E9%9B%BB%E6%B1%A0%EF%BC%A5%EF%BC%B6%EF%BC%AF%EF%BC%AC%EF%BC%B4%EF%BC%A1%E3%80%80%E5%8D%98%EF%BC%93%E5%BD%A2%E3%80%80%EF%BC%92%EF%BC%90%E6%9C%AC%E5%85%A5%3Cbr%3ELR6EJ%2F20SW%3Cbr%3E%E3%80%90%EF%BC%B0%EF%BD%81%EF%BD%8E%EF%BD%81%EF%BD%93%EF%BD%8F%EF%BD%8E%EF%BD%89%EF%BD%83%E3%80%91 HTTP/1.1" 200 54235 "-" "Mozilla/5.0 (Linux; Android 6.0.1; Nexus 5X Build/MMB29P) AppleWebKit/537.36 (KHTML, like Gecko) Chrome/135.0.7049.95 Mobile Safari/537.36 (compatible; Googlebot/2.1; +http://www.google.com/bot.html)"
66.249.73.101 - - [26/Apr/2025:08:07:47 -0400] "GET /?i=644784462902&channel=89a09b&from=article.php%3Fid%3D44629-5455%26name%3D%E3%83%A1%E3%82%BE%E3%83%B3%E3%82%A8%E3%82%A6%E3%83%AC%E3%82%AB+++%E3%83%B4%E3%82%A3%E3%83%B3%E3%83%86%E3%83%BC%E3%82%B8%E3%83%AA%E3%83%AF%E3%83%BC%E3%82%AF%E3%83%81%E3%83%8E%E3%83%AF%E3%82%A4%E3%83%89%E3%83%91%E3%83%B3%E3%83%84++%E3%83%99%E3%83%BC%E3%82%B8%E3%83%A5 HTTP/1.1" 200 53841 "-" "Mozilla/5.0 (Linux; Android 6.0.1; Nexus 5X Build/MMB29P) AppleWebKit/537.36 (KHTML, like Gecko) Chrome/135.0.7049.95 Mobile Safari/537.36 (compatible; Googlebot/2.1; +http://www.google.com/bot.html)"
66.249.73.101 - - [26/Apr/2025:08:07:49 -0400] "GET /?i=4229425078204&channel=bbf3f2&from=product.php%3Fid%3D250782-9031%26name%3D%E3%82%BD%E3%83%8B%E3%83%BC%E3%80%80%E3%83%96%E3%83%A9%E3%83%93%E3%82%A2%E3%80%8055%E5%9E%8B4K%E3%83%86%E3%83%AC%E3%83%93%E3%80%80SONY+XRJ-55X90J+BLACK HTTP/1.1" 200 0 "-" "Mozilla/5.0 (Linux; Android 6.0.1; Nexus 5X Build/MMB29P) AppleWebKit/537.36 (KHTML, like Gecko) Chrome/135.0.7049.95 Mobile Safari/537.36 (compatible; GoogleOther)"
66.249.73.103 - - [26/Apr/2025:08:08:01 -0400] "GET /?i=1903667919401&channel=0d9aed&from=news.php%3Fid%3D679194-1770%26name%3D%2ATUSA%2A+%E6%B0%B4%E3%81%8C%E5%85%A5%E3%82%89%E3%81%AA%E3%81%84%E3%82%B7%E3%83%A5%E3%83%8E%E3%83%BC%E3%82%B1%E3%83%AB%E3%80%80%3CBR%3E%E3%83%80%E3%82%A4%E3%83%93%E3%83%B3%E3%82%B0+%E8%BB%BD%E5%99%A8%E6%9D%90+4%E7%82%B9%E3%82%BB%E3%83%83%E3%83%88%E3%80%80%3CBR%3E%E3%83%9E%E3%82%B9%E3%82%AF++M-20+M20++%3CBR%3EUSP250+USP260+%E3%82%B9%E3%83%8E%E3%83%BC%E3%82%B1%E3%83%AB%E3%80%80%3CBR%3EDB0104+%E3%83%96%E3%83%BC%E3%83%84+%3CBR%3ESF0113%E3%83%95%E3%82%A3%E3%83%B3+%3CBR%3E%E3%82%B7%E3%83%A5%E3%83%8E%E3%83%BC%E3%82%B1%E3%83%AA%E3%83%B3%E3%82%B0%E3%80%80%E8%BB%BD%E5%99%A8%E6%9D%90%E3%80%80%E3%82%BB%E3%83%83%E3%83%88%3CBR%3E%E9%80%81%E6%96%99%E7%84%A1%E6%96%99 HTTP/1.1" 200 55586 "-" "Mozilla/5.0 (Linux; Android 6.0.1; Nexus 5X Build/MMB29P) AppleWebKit/537.36 (KHTML, like Gecko) Chrome/135.0.7049.95 Mobile Safari/537.36 (compatible; Googlebot/2.1; +http://www.google.com/bot.html)"
66.249.73.102 - - [26/Apr/2025:08:08:08 -0400] "GET /?i=1040214894303&channel=c48a14&from=info.php%3Fid%3D148943-4697%26name%3D%E2%96%A0%E6%96%B0%E5%93%81%EF%BC%812024+%E3%83%95%E3%83%83%E3%83%88%E3%82%B8%E3%83%A7%E3%82%A4+FJ+PRO+SLX+BOA+%E3%83%97%E3%83%AD%E3%82%A8%E3%82%B9%E3%82%A8%E3%83%AB%E3%82%A8%E3%83%83%E3%82%AF%E3%82%B9+%E3%83%9C%E3%82%A2+27.0+%E3%83%9B%E3%83%AF%E3%82%A4%E3%83%88+%2F+%E3%83%8D%E3%82%A4%E3%83%93%E3%83%BC%2F+%E3%83%96%E3%83%AB%E3%83%BC+%2356933+W+%E3%83%AF%E3%82%A4%E3%83%89+%E6%97%A5%E6%9C%AC%E6%AD%A3%E8%A6%8F%E5%93%81 HTTP/1.1" 200 54723 "-" "Mozilla/5.0 (Linux; Android 6.0.1; Nexus 5X Build/MMB29P) AppleWebKit/537.36 (KHTML, like Gecko) Chrome/135.0.7049.95 Mobile Safari/537.36 (compatible; Googlebot/2.1; +http://www.google.com/bot.html)"
66.249.73.101 - - [26/Apr/2025:08:08:21 -0400] "GET /?i=9271038536904&channel=05a783&from=blog.php%3Fid%3D385369-3029%26name%3DORIENT+%E8%87%AA%E5%8B%95%E5%B7%BB%E3%81%8D%E8%85%95%E6%99%82%E8%A8%88+%E3%82%B7%E3%83%AB%E3%83%90%E3%83%BC+%E3%82%B9%E3%83%86%E3%83%B3%E3%83%AC%E3%82%B9%E3%82%B9%E3%83%81%E3%83%BC%E3%83%AB%E8%A3%BD HTTP/1.1" 200 52255 "-" "Mozilla/5.0 (Linux; Android 6.0.1; Nexus 5X Build/MMB29P) AppleWebKit/537.36 (KHTML, like Gecko) Chrome/135.0.7049.95 Mobile Safari/537.36 (compatible; Googlebot/2.1; +http://www.google.com/bot.html)"
66.249.73.101 - - [26/Apr/2025:08:08:34 -0400] "GET /?i=7129466431903&channel=eb4155&from=shared.php%3Fid%3D664319-7936%26name%3D%E3%83%80%E3%83%BC%E3%82%AF%E3%82%B0%E3%83%AC%E3%83%BC+%E3%82%BD%E3%83%95%E3%83%88%E3%82%B7%E3%83%BC%E3%83%84+%E3%82%B9%E3%83%AA%E3%83%BC%E3%83%94%E3%83%BC%E3%82%B9+%E3%82%B9%E3%83%BC%E3%83%84+%E3%82%B3%E3%83%83%E3%83%88%E3%83%B3+%E3%83%99%E3%83%83%E3%83%89%E3%82%B7%E3%83%BC%E3%83%84+%E3%82%BD%E3%83%95%E3%83%88+%E3%82%AB%E3%83%B3%E3%83%88+%E3%82%A2%E3%83%95%E3%82%A9%E3%83%BC%E3%82%B6%E3%83%9C%E3%83%BC%E3%83%AB+%28%E3%82%B5%E3%82%A4%E3%82%BA%3A180x200 HTTP/1.1" 200 55726 "-" "Mozilla/5.0 (Linux; Android 6.0.1; Nexus 5X Build/MMB29P) AppleWebKit/537.36 (KHTML, like Gecko) Chrome/135.0.7049.95 Mobile Safari/537.36 (compatible; Googlebot/2.1; +http://www.google.com/bot.html)"
66.249.73.101 - - [26/Apr/2025:08:08:56 -0400] "GET /?i=7162750079401&channel=13bd5b&from=shared.php%3Fid%3D500794-184%26name%3DHisense%E3%80%802023%E2%80%BC%EF%B8%8F%E3%80%80175L+%E6%8A%BC%E3%81%97%E5%87%BA%E3%81%9D HTTP/1.1" 200 0 "-" "Mozilla/5.0 (Linux; Android 6.0.1; Nexus 5X Build/MMB29P) AppleWebKit/537.36 (KHTML, like Gecko) Chrome/135.0.7049.95 Mobile Safari/537.36 (compatible; GoogleOther)"
40.77.167.64 - - [26/Apr/2025:08:08:58 -0400] "GET /?i=77232120865304&channel=fa5719&from=jp.php%3Fid%3D1208653-2346%26name%3D%E8%B6%85%E4%BA%BA%E6%B0%97+16%E3%82%A4%E3%83%B3%E3%83%813%E8%BC%AA%E8%BB%8A+%E5%A4%A7%E4%BA%BA%E7%94%A8%E4%B8%89%E8%BC%AA%E8%BB%8A+%E3%80%81%E9%AB%98%E9%BD%A2%E8%80%85%E5%A5%B3%E6%80%A7%E7%94%B7%E6%80%A7R%E3%83%88%E3%83%A9%E3%82%A4%E3%82%AF%E4%B8%89%E8%BC%AA%E8%BB%8A%E3%80%81%E3%83%AA%E3%82%A2%E3%83%96%E3%83%AC%E3%83%BC%E3%82%AD%E5%A4%A7%E4%BA%BA%E7%94%A8%E4%B8%89%E8%BC%AA%E8%BB%8A%E3%80%81%E8%B2%B7%E3%81%84%E7%89%A9%E3%81%8B%E3%81%94%E4%BB%98%E3%81%8D+F779 HTTP/1.1" 200 0 "-" "Mozilla/5.0 AppleWebKit/537.36 (KHTML, like Gecko; compatible; bingbot/2.0; +http://www.bing.com/bingbot.htm) Chrome/116.0.1938.76 Safari/537.36"
66.249.73.101 - - [26/Apr/2025:08:08:59 -0400] "GET /?i=1155855236003&channel=e20b82&from=shop.php%3Fid%3D552360-5926%26name%3D%E3%80%906%E7%82%B9%E3%81%BE%E3%81%A8%E3%82%81%E3%80%91%E6%8A%BD%E8%B1%A1%E7%94%BB+%E3%82%A2%E3%82%AF%E3%83%AA%E3%83%AB+%E3%83%86%E3%82%AF%E3%82%B9%E3%83%81%E3%83%A3%E3%83%BC%E3%82%A2%E3%83%BC%E3%83%88+%E3%82%AD%E3%83%A3%E3%83%B3%E3%83%90%E3%82%B9+%E3%82%A4%E3%83%B3%E3%83%86%E3%83%AA%E3%82%A2+%E5%BA%97%E8%88%97+%E7%B5%B5+%E7%B5%B5%E7%94%BB+%E3%82%A2%E3%83%BC%E3%83%88 HTTP/1.1" 200 55584 "-" "Mozilla/5.0 (Linux; Android 6.0.1; Nexus 5X Build/MMB29P) AppleWebKit/537.36 (KHTML, like Gecko) Chrome/135.0.7049.95 Mobile Safari/537.36 (compatible; Googlebot/2.1; +http://www.google.com/bot.html)"
40.77.167.47 - - [26/Apr/2025:08:09:07 -0400] "GET /?i=0938995627402&channel=8c58aa&from=shared.php%3Fid%3D956274-3372%26name%3Dsnidel+%E3%82%B9%E3%83%86%E3%83%B3%E3%82%AB%E3%83%A9%E3%83%BC%E3%83%AA%E3%83%90%E3%83%BC%E3%82%B3%E3%83%BC%E3%83%88 HTTP/1.1" 200 0 "-" "Mozilla/5.0 AppleWebKit/537.36 (KHTML, like Gecko; compatible; bingbot/2.0; +http://www.bing.com/bingbot.htm) Chrome/116.0.1938.76 Safari/537.36"
66.249.73.103 - - [26/Apr/2025:08:09:13 -0400] "GET /?i=7953223744800&channel=424462&from=product.php%3Fid%3D237448-474%26name%3D%E3%82%A8%E3%82%B9%E3%82%B3%E3%83%B3%E3%80%80AP_FN140%E3%80%80%E9%80%8F%E6%98%8E%E8%93%8B%E3%80%80800%E6%9E%9A%E5%85%A5%E3%80%802N14231%E3%80%80%E3%82%B1%E3%83%BC%E3%82%B9%E8%B2%A9%E5%A3%B2%E3%80%80%E5%A4%A7%E5%9E%8B%E5%95%86%E5%93%81%E3%80%80%E5%8F%96%E3%82%8A%E5%AF%84%E3%81%9B%E5%93%81%E3%80%80%E3%82%B9%E3%83%9F HTTP/1.1" 200 55332 "-" "Mozilla/5.0 (Linux; Android 6.0.1; Nexus 5X Build/MMB29P) AppleWebKit/537.36 (KHTML, like Gecko) Chrome/135.0.7049.95 Mobile Safari/537.36 (compatible; Googlebot/2.1; +http://www.google.com/bot.html)"
40.77.167.47 - - [26/Apr/2025:08:09:17 -0400] "GET /?i=89107194251700&channel=40afa0&from=info.php%3Fid%3D1942517-25501%26name%3D%E3%83%97%E3%83%BC%E3%83%9E%E3%80%80%E6%B6%88%E3%81%97%E3%82%B4%E3%83%A0%E3%80%80%E7%A3%81%E3%82%B1%E3%82%B7%E3%80%805%E6%9F%84%E3%81%AE%E3%81%86%E3%81%A1%E3%81%A9%E3%82%8C%E3%81%8C%E5%B1%8A%E3%81%8F%E3%81%8B%E3%81%8A%E6%A5%BD%E3%81%97%E3%81%BF%E3%80%80PM472%E3%80%80%E6%96%B0%E5%85%A5%E5%AD%A6%E6%96%87%E5%85%B7%E3%80%80%5BM%E4%BE%BF+1%2F21%5D HTTP/1.1" 200 0 "-" "Mozilla/5.0 AppleWebKit/537.36 (KHTML, like Gecko; compatible; bingbot/2.0; +http://www.bing.com/bingbot.htm) Chrome/116.0.1938.76 Safari/537.36"
66.249.73.101 - - [26/Apr/2025:08:09:34 -0400] "GET /?i=5667172306303&channel=f28c67&from=shop.php%3Fid%3D723063-20%26name%3DSP%E6%AD%A6%E5%B7%9D+SP%E3%82%BF%E3%82%B1%E3%82%AC%E3%83%AF+LED%E3%83%95%E3%82%A9%E3%82%B0%E3%83%A9%E3%83%B3%E3%83%97%E3%82%AD%E3%83%83%E3%83%88%28%E3%82%AB%E3%83%83%E3%83%88%E3%83%A9%E3%82%A4%E3%83%B3%2F10W%2F2%E7%81%AF%29+%E3%82%B9%E3%83%BC%E3%83%91%E3%83%BC%E3%82%AB%E3%83%9650+%E3%82%B9%E3%83%BC%E3%83%91%E3%83%BC%E3%82%AB%E3%83%96110+HONDA+%E3%83%9B%E3%83%B3%E3%83%80+%E3%83%95%E3%82%A9%E3%82%B0%E3%83%A9%E3%83%B3%E3%83%97+%E7%81%AF%E7%81%AB%E9%A1%9E+%E9%9B%BB%E8%A3%85%E7%B3%BB HTTP/1.1" 200 53726 "-" "Mozilla/5.0 (Linux; Android 6.0.1; Nexus 5X Build/MMB29P) AppleWebKit/537.36 (KHTML, like Gecko) Chrome/135.0.7049.95 Mobile Safari/537.36 (compatible; Googlebot/2.1; +http://www.google.com/bot.html)"
40.77.167.47 - - [26/Apr/2025:08:09:36 -0400] "GET /?i=52014143400205&channel=4d9e7e&from=product.php%3Fid%3D1434002-9023%26name%3DiPad+mini+6+%E3%82%B1%E3%83%BC%E3%82%B9+%E7%AC%AC6%E4%B8%96%E4%BB%A3+%E3%82%BD%E3%83%95%E3%83%88%E3%83%AC%E3%82%B6%E3%83%BC%E3%82%AB%E3%83%90%E3%83%BC+%E9%BB%92+%E3%82%A8%E3%83%AC%E3%82%B3%E3%83%A0 HTTP/1.1" 200 0 "-" "Mozilla/5.0 AppleWebKit/537.36 (KHTML, like Gecko; compatible; bingbot/2.0; +http://www.bing.com/bingbot.htm) Chrome/116.0.1938.76 Safari/537.36"
40.77.167.22 - - [26/Apr/2025:08:09:42 -0400] "GET /?i=82067140907202&channel=359d1a&from=goods.php%3Fid%3D1409072-3374%26name%3D%E9%98%B2%E6%B9%BF%E6%B0%97%E5%AF%86%E3%82%B7%E3%83%BC%E3%83%88+%E3%83%8F%E3%82%A6%E3%82%B9%E3%83%90%E3%83%AA%E3%82%A2%E3%82%B7%E3%83%BC%E3%83%88%3Cbr%3EA%E7%A8%AE%E7%9B%AE+%E5%8E%9A%E3%81%95100%CE%BCm+%E3%83%80%E3%83%96%E3%83%AB%E3%82%BF%E3%82%A4%E3%83%97%3Cbr%3E1350%2F2700mm%E5%B9%85%C3%9750m%E5%B7%BB%3Cbr%3E%3Cbr%3E%E9%98%B2%E6%B9%BF%E3%82%B7%E3%83%BC%E3%83%88+%E3%83%9D%E3%83%AA%E3%82%A8%E3%83%81%E3%83%AC%E3%83%B3%E3%82%B7%E3%83%BC%E3%83%88+%E6%B0%97%E5%AF%86%E3%82%B7%E3%83%BC%E3%83%88 HTTP/1.1" 200 0 "-" "Mozilla/5.0 AppleWebKit/537.36 (KHTML, like Gecko; compatible; bingbot/2.0; +http://www.bing.com/bingbot.htm) Chrome/116.0.1938.76 Safari/537.36"
66.249.73.101 - - [26/Apr/2025:08:09:43 -0400] "GET /?i=87280143025202&channel=4fe9a8&from=pin.php%3Fid%3D1430252-23745%26name%3D%5BBIATUWFEI%5D+t%E3%83%90%E3%83%83%E3%82%AF+%E3%83%A1%E3%83%B3%E3%82%BA+%E9%BB%92+%E7%94%B7%E6%80%A7t%E3%83%90%E3%83%83%E3%82%AF+%E3%82%BB%E3%82%AF%E3%82%B7%E3%83%BC+%E4%B8%8B%E7%9D%80+%E3%82%B9%E3%83%88%E3%83%AC%E3%83%83%E3%83%81+%E3%82%BB%E3%83%83%E3%83%88+%E9%80%9A%E6%B0%97%E6%80%A7+%E3%83%AD%E3%83%BC%E3%83%A9%E3%82%A4%E3%82%BA+%E3%82%B9%E3%83%91%E3%83%B3%E3%83%87%E3%83%83%E3%82%AF%E3%82%B9 HTTP/1.1" 200 53847 "-" "Mozilla/5.0 (Linux; Android 6.0.1; Nexus 5X Build/MMB29P) AppleWebKit/537.36 (KHTML, like Gecko) Chrome/135.0.7049.95 Mobile Safari/537.36 (compatible; Googlebot/2.1; +http://www.google.com/bot.html)"
66.249.73.101 - - [26/Apr/2025:08:09:48 -0400] "GET /?i=2960130601503&channel=85cb2c&from=category-info.php%3Fid%3D306015-6395%26name%3D%E3%83%96%E3%83%A9%E3%83%83%E3%82%AF%E3%83%87%E3%82%B6%E3%82%A4%E3%83%B3%E3%80%80%E6%97%A5%E5%92%8C%E3%83%86%E3%83%BC%E3%83%96%E3%83%AB%E3%80%80%E3%82%A2%E3%82%A4%E3%82%A2%E3%83%B3%E3%83%97%E3%83%AC%E3%83%BC%E3%83%88+2%E6%9E%9ASET HTTP/1.1" 200 53696 "-" "Mozilla/5.0 (Linux; Android 6.0.1; Nexus 5X Build/MMB29P) AppleWebKit/537.36 (KHTML, like Gecko) Chrome/135.0.7049.95 Mobile Safari/537.36 (compatible; Googlebot/2.1; +http://www.google.com/bot.html)"
66.249.73.101 - - [26/Apr/2025:08:09:53 -0400] "GET /?i=48520188204003&channel=15012f&from=pin.php%3Fid%3D1882040-7004%26name%3DIDEE+AO+SOFA+%E3%83%81%E3%83%A3%E3%82%B3%E3%83%BC%E3%83%AB+1%E4%BA%BA%E6%8E%9B%E3%81%91%E3%82%BD%E3%83%95%E3%82%A1 HTTP/1.1" 200 52669 "-" "Mozilla/5.0 (Linux; Android 6.0.1; Nexus 5X Build/MMB29P) AppleWebKit/537.36 (KHTML, like Gecko) Chrome/135.0.7049.95 Mobile Safari/537.36 (compatible; Googlebot/2.1; +http://www.google.com/bot.html)"
