52.167.144.207 - - [26/Apr/2025:08:54:23 -0400] "GET /?i=2907760710400&channel=9c2102&from=goods.php%3Fid%3D607104-17583%26name%3D%E3%83%8F%E3%83%BC%E3%83%96%3A%E3%82%AD%E3%83%B3%E3%83%9F%E3%82%BA%E3%83%92%E3%82%AD%E3%81%AE%E8%8B%97%EF%BC%92%E3%81%A4 HTTP/1.1" 200 0 "-" "Mozilla/5.0 AppleWebKit/537.36 (KHTML, like Gecko; compatible; bingbot/2.0; +http://www.bing.com/bingbot.htm) Chrome/116.0.1938.76 Safari/537.36"
52.167.144.20 - - [26/Apr/2025:08:54:46 -0400] "GET /?i=99248192721002&channel=b1e56b&from=blog.php%3Fid%3D1927210-5466%26name%3D%E3%80%90+%E7%90%86%E7%A7%91+%E3%80%91%E3%80%90+B5%E5%88%A4+%E3%80%91%E3%80%90+5mm%E6%96%B9%E7%9C%BC%E7%BD%AB+%E4%B8%AD%E5%BF%83%E3%83%AA%E3%83%BC%E3%83%80%E3%83%BC%E5%85%A5+%E3%80%91%E3%83%91%E3%83%AA%E3%82%AA%E3%83%8E%E3%83%BC%E3%83%88+%E7%A7%91%E7%9B%AE%E5%85%A5%E3%82%8A%E3%82%A4%E3%83%A9%E3%82%B9%E3%83%88%E8%A1%A8%E7%B4%99+GD19+%E7%A7%91%E7%9B%AE%E5%90%8D%E5%85%A5%E3%82%8A%E6%96%B9%E7%9C%BC%E3%83%8E%E3%83%BC%E3%83%88+5mm%E6%96%B9%E7%9C%BC%E7%BD%AB+%E4%B8%AD%E5%BF%83%E3%83%AA%E3%83%BC%E3%83%80%E3%83%BC%E5%85%A5+%E3%82%AF%E3%82%B8%E3%83%A9 HTTP/1.1" 200 0 "-" "Mozilla/5.0 AppleWebKit/537.36 (KHTML, like Gecko; compatible; bingbot/2.0; +http://www.bing.com/bingbot.htm) Chrome/116.0.1938.76 Safari/537.36"
66.249.73.101 - - [26/Apr/2025:08:54:49 -0400] "GET /?i=9203556168503&channel=1048b7&from=news.php%3Fid%3D561685-2115%26name%3D%E2%98%86%E7%BE%8E%E5%93%81%E2%98%86%E4%BB%BB%E5%A4%A9%E5%A0%82Switch+lite+%E3%82%A4%E3%82%A8%E3%83%AD%E3%83%BC+%E7%AE%B1%E6%9C%89%E3%82%8A HTTP/1.1" 200 53297 "-" "Mozilla/5.0 (Linux; Android 6.0.1; Nexus 5X Build/MMB29P) AppleWebKit/537.36 (KHTML, like Gecko) Chrome/135.0.7049.95 Mobile Safari/537.36 (compatible; Googlebot/2.1; +http://www.google.com/bot.html)"
52.167.144.20 - - [26/Apr/2025:08:55:46 -0400] "GET /?i=2780733031200&channel=3125f9&from=jp.php%3Fid%3D330312-662%26name%3D%E4%B8%89%E8%8F%B1%E9%9B%BB%E6%A9%9F%E7%A9%BA%E8%AA%BF%E7%AE%A1%E7%90%86%E3%82%B7%E3%82%B9%E3%83%86%E3%83%A0+MA%E3%83%AA%E3%83%A2%E3%82%B3%E3%83%B3+PAR-40MA HTTP/1.1" 200 0 "-" "Mozilla/5.0 AppleWebKit/537.36 (KHTML, like Gecko; compatible; bingbot/2.0; +http://www.bing.com/bingbot.htm) Chrome/116.0.1938.76 Safari/537.36"
66.249.73.101 - - [26/Apr/2025:08:55:47 -0400] "GET /?i=7891261564301&channel=8cd57f&from=product.php%3Fid%3D615643-2150%26name%3D%E5%87%A6%E5%88%86%E3%80%80%E6%9C%80%E4%B8%8A%E4%BD%8D%E3%83%A2%E3%83%87%E3%83%AB%E3%80%80%E3%83%9C%E3%83%AB%E3%82%B3%E3%83%A0%E3%80%80VOLCOM%E3%80%80%E3%82%AA%E3%83%87%E3%83%83%E3%82%BB%E3%82%A4+ODYSSEY+%E3%82%B9%E3%83%8E%E3%83%BC%E3%82%B4%E3%83%BC%E3%82%B0%E3%83%AB+%E8%8C%B6%E3%80%80%E4%BA%A4%E6%8F%9B%E3%83%AC%E3%83%B3%E3%82%BA%E4%BB%98%E3%81%8D%E3%80%80%E3%83%9E%E3%82%B0%E3%83%8D%E3%83%83%E3%83%88%E3%80%80%E3%82%B9%E3%83%8E%E3%83%BC%E3%83%9C%E3%83%BC%E3%83%89 HTTP/1.1" 200 54757 "-" "Mozilla/5.0 (Linux; Android 6.0.1; Nexus 5X Build/MMB29P) AppleWebKit/537.36 (KHTML, like Gecko) Chrome/135.0.7049.95 Mobile Safari/537.36 (compatible; Googlebot/2.1; +http://www.google.com/bot.html)"
66.249.73.102 - - [26/Apr/2025:08:56:33 -0400] "GET /?i=31597152002801&channel=8ed671&from=goods.php%3Fid%3D1520028-11865%26name%3D%E3%82%B5%E3%82%A4%E3%82%AF%E3%83%AB%E3%82%B8%E3%83%A3%E3%83%BC%E3%82%B8+%E4%B8%8A%E4%B8%8B%E3%82%BB%E3%83%83%E3%83%88+%E9%95%B7%E8%A2%96+%E8%87%AA%E8%BB%A2%E8%BB%8A%E3%82%A6%E3%82%A7%E3%82%A2+%E3%83%A1%E3%83%B3%E3%82%BA+%E6%98%A5%E5%A4%8F%E7%A7%8B+%E3%82%B5%E3%82%A4%E3%82%AF%E3%83%AB%E3%82%A6%E3%82%A8%E3%82%A2+%E8%87%AA%E8%BB%A2%E8%BB%8A+%E3%82%B5%E3%82%A4%E3%82%AF%E3%83%AA%E3%83%B3%E3%82%B0+%E3%82%B8%E3%83%A3%E3%83%BC%E3%82%B8+%E3%82%B5%E3%82%A4%E3%82%AF%E3%83%AA%E3%83%B3%E3%82%B0%E7%94%A8+%E3%83%AD%E3%83%BC%E3%83%89%E3%83%90%E3%82%A4%E3%82%AF+%E3%82%A6%E3%82%A7%E3%82%A2++%E5%90%B8%E6%B1%97%E9%80%9F%E4%B9%BE HTTP/1.1" 200 54876 "-" "Mozilla/5.0 (Linux; Android 6.0.1; Nexus 5X Build/MMB29P) AppleWebKit/537.36 (KHTML, like Gecko) Chrome/135.0.7049.95 Mobile Safari/537.36 (compatible; Googlebot/2.1; +http://www.google.com/bot.html)"
66.249.73.102 - - [26/Apr/2025:08:56:36 -0400] "GET /?i=2935990779200&channel=e2ee25&from=article.php%3Fid%3D907792-13162%26name%3DKB%E5%9E%8B+%E8%80%90%E6%B9%BF%E3%82%BF%E3%82%A4%E3%83%97+TGD-05KB+%CE%A6125+3%EF%BD%8D HTTP/1.1" 200 52370 "-" "Mozilla/5.0 (Linux; Android 6.0.1; Nexus 5X Build/MMB29P) AppleWebKit/537.36 (KHTML, like Gecko) Chrome/135.0.7049.95 Mobile Safari/537.36 (compatible; Googlebot/2.1; +http://www.google.com/bot.html)"
66.249.73.101 - - [26/Apr/2025:08:56:40 -0400] "GET /?i=9287643499505&channel=22f94a&from=pin.php%3Fid%3D434995-6862%26name%3D%E3%82%B8%E3%83%BC%E3%83%97%E3%82%B0%E3%83%A9%E3%83%B3%E3%83%89%E3%83%81%E3%82%A7%E3%83%AD%E3%82%AD%E3%83%BC+SRT%2FSRT8%2FWk2+2012-2021+%E8%BB%8A%E3%81%AE%E3%82%B5%E3%82%A4%E3%83%89%E3%82%B9%E3%82%AB%E3%83%BC%E3%83%88%E5%BB%B6%E9%95%B7%E3%82%B9%E3%83%97%E3%83%AA%E3%83%83%E3%82%BF%E3%83%BC%E3%83%AA%E3%83%83%E3%83%97%E3%82%B9%E3%83%9D%E3%82%A4%E3%83%A9%E3%83%BC%E3%83%87%E3%82%A3%E3%83%95%E2%80%8B%E2%80%8B HTTP/1.1" 200 53792 "-" "Mozilla/5.0 (Linux; Android 6.0.1; Nexus 5X Build/MMB29P) AppleWebKit/537.36 (KHTML, like Gecko) Chrome/135.0.7049.95 Mobile Safari/537.36 (compatible; Googlebot/2.1; +http://www.google.com/bot.html)"
66.249.73.101 - - [26/Apr/2025:08:56:50 -0400] "GET /?i=0883110352807&channel=e3b392&from=product.php%3Fid%3D103528-8302%26name%3D%E3%83%A9%E3%82%BF%E3%83%B3%E8%A3%BD%E4%B8%B8%E5%9E%8B%E3%82%BB%E3%83%B3%E3%82%BF%E3%83%BC%E3%83%86%E3%83%BC%E3%83%96%E3%83%AB%E3%80%80%E3%82%AC%E3%83%A9%E3%82%B9%E3%83%86%E3%83%BC%E3%83%96%E3%83%AB%E3%80%80%E3%83%AD%E3%83%BC%E3%83%86%E3%83%BC%E3%83%96%E3%83%AB%E3%80%80%E3%82%AD%E3%83%A3%E3%82%B9%E3%82%BF%E3%83%BC%E4%BB%98 HTTP/1.1" 200 52795 "-" "Mozilla/5.0 (Linux; Android 6.0.1; Nexus 5X Build/MMB29P) AppleWebKit/537.36 (KHTML, like Gecko) Chrome/135.0.7049.95 Mobile Safari/537.36 (compatible; Googlebot/2.1; +http://www.google.com/bot.html)"
66.249.73.103 - - [26/Apr/2025:08:57:01 -0400] "GET /?i=88329140745002&channel=3e309f&from=pin.php%3Fid%3D1407450-23576%26name%3Da%CE%B128y1-6B36%E3%80%80%E3%83%9C%E3%83%84%E3%83%AF%E3%83%8A1974-2006%E5%B9%B4%E3%80%80%E3%82%AF%E3%83%AA%E3%82%B9%E3%83%9E%E3%82%B9%E5%88%87%E6%89%8B%E3%83%BB%E6%A4%8D%E7%89%A9%E5%9B%B3%E6%A1%88%E3%83%BB94%E6%9E%9A%E5%AE%8C%E3%82%BB%E3%83%83%E3%83%88 HTTP/1.1" 200 55037 "-" "Mozilla/5.0 (Linux; Android 6.0.1; Nexus 5X Build/MMB29P) AppleWebKit/537.36 (KHTML, like Gecko) Chrome/135.0.7049.95 Mobile Safari/537.36 (compatible; Googlebot/2.1; +http://www.google.com/bot.html)"
66.249.73.102 - - [26/Apr/2025:08:57:19 -0400] "GET /?i=4113037494521&channel=93be18&from=pin.php%3Fid%3D374945-5595%26name%3D%E3%82%AB%E3%82%B7%E3%83%9F%E3%83%A4%E3%83%AD%E3%83%BC%E3%83%96%E3%82%AB%E3%83%BC%E3%83%87%E3%82%A3%E3%82%AC%E3%83%B3 HTTP/1.1" 200 54061 "-" "Mozilla/5.0 (Linux; Android 6.0.1; Nexus 5X Build/MMB29P) AppleWebKit/537.36 (KHTML, like Gecko) Chrome/135.0.7049.95 Mobile Safari/537.36 (compatible; Googlebot/2.1; +http://www.google.com/bot.html)"
66.249.73.101 - - [26/Apr/2025:08:57:29 -0400] "GET /?i=98904160630805&channel=9239b7&from=pin.php%3Fid%3D1606308-5811%26name%3D%E3%82%BF%E3%83%B3%E3%82%AF%E3%83%88%E3%83%83%E3%83%97+%E3%83%A1%E3%83%B3%E3%82%BA+%E3%82%A4%E3%83%B3%E3%83%8A%E3%83%BC%E3%82%B7%E3%83%A3%E3%83%84+%E5%92%8C%E9%A2%A8+%E5%B9%BE%E4%BD%95%E6%9F%84+%E5%A4%8F+%E8%A2%96%E3%81%AA%E3%81%97+%E3%83%8E%E3%83%BC%E3%82%B9%E3%83%AA%E3%83%BC%E3%83%96%E3%82%B7%E3%83%A3%E3%83%84+%E3%83%88%E3%83%AC%E3%83%BC%E3%83%8B%E3%83%B3%E3%82%B0%E3%82%A6%E3%82%A7%E3%82%A2+%E6%89%93%E5%BA%95%E8%A1%A3+%E3%82%AB%E3%83%83%E3%83%88%E3%82%BD%E3%83%BC+%E3%83%95%E3%82%A3%E3%83%83%E3%83%88 HTTP/1.1" 200 53144 "-" "Mozilla/5.0 (Linux; Android 6.0.1; Nexus 5X Build/MMB29P) AppleWebKit/537.36 (KHTML, like Gecko) Chrome/135.0.7049.95 Mobile Safari/537.36 (compatible; Googlebot/2.1; +http://www.google.com/bot.html)"
66.249.73.101 - - [26/Apr/2025:08:57:34 -0400] "GET /?i=2396096928902&channel=402d74&from=category-info.php%3Fid%3D969289-5175%26name%3Dgoa+%E3%83%A2%E3%83%83%E3%82%BA%E3%82%B3%E3%83%BC%E3%83%88%E3%80%80MENS++%E6%9C%AA%E4%BD%BF%E7%94%A8%E3%80%80%E3%82%B9%E3%83%97%E3%83%AA%E3%83%B3%E3%82%B0 HTTP/1.1" 200 51258 "-" "Mozilla/5.0 (Linux; Android 6.0.1; Nexus 5X Build/MMB29P) AppleWebKit/537.36 (KHTML, like Gecko) Chrome/135.0.7049.95 Mobile Safari/537.36 (compatible; Googlebot/2.1; +http://www.google.com/bot.html)"
66.249.73.101 - - [26/Apr/2025:08:57:37 -0400] "GET /?i=6891996044905&channel=dc99ce&from=blog.php%3Fid%3D960449-3095%26name%3D%E6%87%B8%E5%9E%82+%E6%87%B8%E5%9E%82%E3%83%9E%E3%82%B7%E3%83%B3+%E6%87%B8%E5%9E%82%E5%99%A8%E5%85%B7+%E3%83%88%E3%83%AC%E3%83%BC%E3%83%8B%E3%83%B3%E3%82%B0+%E8%87%AA%E5%AE%85+%E7%AD%8B%E8%82%89%E3%83%88%E3%83%AC%E3%83%BC%E3%83%8B%E3%83%B3%E3%82%B0+%E8%83%8C%E7%AD%8B+%E8%85%B9%E7%AD%8B+%E5%A4%A7%E8%83%B8%E7%AD%8B+%E6%87%B8%E5%9E%82%E3%83%90%E3%83%BC+%E3%83%81%E3%83%B3%E3%83%8B%E3%83%B3%E3%82%B0%E3%82%B9%E3%82%BF%E3%83%B3%E3%83%89+%E3%83%BC+%E3%81%B6%E3%82%89%E3%81%95%E3%81%8C%E3%82%8A+%E6%87%B8%E5%9E%82%E5%8F%B0 HTTP/1.1" 200 56086 "-" "Mozilla/5.0 (Linux; Android 6.0.1; Nexus 5X Build/MMB29P) AppleWebKit/537.36 (KHTML, like Gecko) Chrome/135.0.7049.95 Mobile Safari/537.36 (compatible; Googlebot/2.1; +http://www.google.com/bot.html)"
66.249.73.102 - - [26/Apr/2025:08:58:03 -0400] "GET /?i=1181997633200&channel=5bff66&from=shop.php%3Fid%3D976332-4787%26name%3D%E6%9C%AA%E4%BD%BF%E7%94%A8%E5%93%81%E7%AE%B1%E3%81%82%E3%82%8A%E3%80%80%E3%82%A2%E3%83%AA%E3%83%BC%E3%83%8A%E7%AB%B6%E6%B3%B3%E6%B0%B4%E7%9D%80%E3%80%80%E3%82%B5%E3%82%A4%E3%82%BAM%E3%80%80%E3%82%AA%E3%83%AC%E3%83%B3%E3%82%B8%C3%97%E9%BB%92%E3%80%80X-PYTHON2 HTTP/1.1" 200 55463 "-" "Mozilla/5.0 (Linux; Android 6.0.1; Nexus 5X Build/MMB29P) AppleWebKit/537.36 (KHTML, like Gecko) Chrome/135.0.7049.95 Mobile Safari/537.36 (compatible; Googlebot/2.1; +http://www.google.com/bot.html)"
66.249.73.102 - - [26/Apr/2025:08:58:07 -0400] "GET /?i=17270165077103&channel=21b35d&from=jp.php%3Fid%3D1650771-9759%26name%3DHeather+%E3%83%9F%E3%83%AA%E3%82%BF%E3%83%AA%E3%83%BC%E3%82%B8%E3%83%A3%E3%82%B1%E3%83%83%E3%83%88 HTTP/1.1" 200 53174 "-" "Mozilla/5.0 (Linux; Android 6.0.1; Nexus 5X Build/MMB29P) AppleWebKit/537.36 (KHTML, like Gecko) Chrome/135.0.7049.95 Mobile Safari/537.36 (compatible; Googlebot/2.1; +http://www.google.com/bot.html)"
66.249.73.101 - - [26/Apr/2025:08:58:19 -0400] "GET /?i=4012194195803&channel=40e0dd&from=pin.php%3Fid%3D941958-11486%26name%3D%E3%83%93%E3%83%BC%E3%82%BF%28Vita%29+%E3%83%95%E3%83%AC%E3%83%BC%E3%83%A0%E3%83%BB%E3%83%9E%E3%83%83%E3%83%88%E3%83%AC%E3%82%B9%E3%82%BB%E3%83%83%E3%83%88+%E3%83%AF%E3%82%A4%E3%83%B3%E3%83%AC%E3%83%83%E3%83%89+%E2%80%8E201+x+42+x+42+cm+%E3%82%B7%E3%83%B3%E3%82%B0%E3%83%AB+%E3%83%A1%E3%83%83%E3%82%B7%E3%83%A5%E7%94%9F%E5%9C%B0+%E9%AB%98%E5%8F%8D%E7%99%BA%E3%82%A6%E3%83%AC HTTP/1.1" 200 53556 "-" "Mozilla/5.0 (Linux; Android 6.0.1; Nexus 5X Build/MMB29P) AppleWebKit/537.36 (KHTML, like Gecko) Chrome/135.0.7049.95 Mobile Safari/537.36 (compatible; Googlebot/2.1; +http://www.google.com/bot.html)"
66.249.74.12 - - [26/Apr/2025:08:58:26 -0400] "GET /90835387332.shtml HTTP/1.1" 200 0 "-" "Mozilla/5.0 (Linux; Android 6.0.1; Nexus 5X Build/MMB29P) AppleWebKit/537.36 (KHTML, like Gecko) Chrome/135.0.7049.95 Mobile Safari/537.36 (compatible; GoogleOther)"
66.249.73.101 - - [26/Apr/2025:08:58:29 -0400] "GET /?i=18783111297200&channel=032320&from=product.php%3Fid%3D1112972-7937%26name%3D12648906+12643248+E39+%E8%BB%8A%E3%81%AE%E3%82%A8%E3%83%B3%E3%82%B8%E3%83%B3%E3%82%B3%E3%83%B3%E3%83%94%E3%83%A5%E3%83%BC%E3%82%BF+ECU+%E3%82%B3%E3%83%B3%E3%83%88%E3%83%AD%E3%83%BC%E3%83%A9%E3%83%A2%E3%82%B8%E3%83%A5%E3%83%BC%E3%83%AB%E3%80%82%E3%81%A8%E4%BA%92%E6%8F%9B%E6%80%A7%E3%81%8C%E3%81%82%E3%82%8A%E3%81%BE%E3%81%99+%E3%82%AD%E3%83%A3%E3%83%87%E3%83%A9%E3%83%83 HTTP/1.1" 200 53193 "-" "Mozilla/5.0 (Linux; Android 6.0.1; Nexus 5X Build/MMB29P) AppleWebKit/537.36 (KHTML, like Gecko) Chrome/135.0.7049.95 Mobile Safari/537.36 (compatible; Googlebot/2.1; +http://www.google.com/bot.html)"
66.249.73.101 - - [26/Apr/2025:08:58:44 -0400] "GET /?i=3591128043603&channel=35c1d2&from=product.php%3Fid%3D280436-7054%26name%3DKAWASAKI+KZ750E+%E3%83%86%E3%83%BC%E3%83%AB%E3%82%AB%E3%82%A6%E3%83%AB+%E3%82%AB%E3%83%AF%E3%82%B5%E3%82%AD HTTP/1.1" 200 54711 "-" "Mozilla/5.0 (Linux; Android 6.0.1; Nexus 5X Build/MMB29P) AppleWebKit/537.36 (KHTML, like Gecko) Chrome/135.0.7049.95 Mobile Safari/537.36 (compatible; Googlebot/2.1; +http://www.google.com/bot.html)"
66.249.73.101 - - [26/Apr/2025:08:58:47 -0400] "GET /?i=8917520985900&channel=53d6ce&from=form.php%3Fid%3D209859-2201%26name%3D%E8%87%B3%E6%80%A5%E3%81%8A%E9%A1%98%E3%81%84%E3%81%97%E3%81%BE%E3%81%99%E2%80%BC%EF%B8%8F%E3%83%91%E3%83%8A%E3%82%BD%E3%83%8B%E3%83%83%E3%82%AF%E6%AC%A1%E4%BA%9C%E5%A1%A9%E7%B4%A0%E9%85%B8%E7%A9%BA%E6%B0%97%E6%B8%85%E6%B5%84%E6%A9%9F HTTP/1.1" 200 53906 "-" "Mozilla/5.0 (Linux; Android 6.0.1; Nexus 5X Build/MMB29P) AppleWebKit/537.36 (KHTML, like Gecko) Chrome/135.0.7049.95 Mobile Safari/537.36 (compatible; Googlebot/2.1; +http://www.google.com/bot.html)"
52.167.144.20 - - [26/Apr/2025:08:59:06 -0400] "GET /?i=5308218211201&channel=75725b&from=shared.php%3Fid%3D182112-7051%26name%3D%E8%A5%9F%E5%85%83%E3%81%AF%E3%83%AA%E3%82%A2%E3%83%AB%E3%83%95%E3%82%A9%E3%83%83%E3%82%AF%E3%82%B9%E3%83%95%E3%82%A1%E3%83%BC%2FM%E3%82%B5%E3%82%A4%E3%82%BA%E6%9C%AC%E7%BE%8A%E9%9D%A9%E6%9F%94%E3%82%89%E3%81%8B%E3%83%A9%E3%83%A0%E9%9D%A9%E3%83%80%E3%82%A6%E3%83%B3%E3%83%8F%E3%83%BC%E3%83%95%E3%82%B3%E3%83%BC%E3%83%88 HTTP/1.1" 200 0 "-" "Mozilla/5.0 AppleWebKit/537.36 (KHTML, like Gecko; compatible; bingbot/2.0; +http://www.bing.com/bingbot.htm) Chrome/116.0.1938.76 Safari/537.36"
66.249.73.103 - - [26/Apr/2025:08:59:17 -0400] "GET /?i=18913103226803&channel=f30510&from=shop.php%3Fid%3D1032268-484%26name%3D%E3%82%B7%E3%83%BC%E3%83%88%E3%82%AB%E3%83%90%E3%83%BC+%E8%BB%8A+%E3%83%A0%E3%83%BC%E3%83%B4%E3%82%AD%E3%83%A3%E3%83%B3%E3%83%90%E3%82%B9+%E3%82%A2%E3%82%A4%E3%83%9C%E3%83%AA%E3%83%BC%E3%82%AF%E3%83%AA%E3%83%BC%E3%83%A0+%E7%99%BD%E8%89%B2+LA800S++LA810S+%E3%82%B9%E3%82%BF%E3%83%B3%E3%83%80%E3%83%BC%E3%83%89+8130+artina+%E4%B8%80%E5%8F%B0%E5%88%86+%E3%82%A2%E3%83%AB%E3%83%86%E3%82%A3%E3%83%8A+%E6%BF%80%E5%AE%89%E9%AD%94%E7%8E%8B HTTP/1.1" 200 55235 "-" "Mozilla/5.0 (Linux; Android 6.0.1; Nexus 5X Build/MMB29P) AppleWebKit/537.36 (KHTML, like Gecko) Chrome/135.0.7049.95 Mobile Safari/537.36 (compatible; Googlebot/2.1; +http://www.google.com/bot.html)"
66.249.73.103 - - [26/Apr/2025:08:59:21 -0400] "GET /?i=99140105602803&channel=c08871&from=article.php%3Fid%3D1056028-17639%26name%3DMaison+Margiela+%E3%83%A1%E3%82%BE%E3%83%B3%E3%83%9E%E3%83%AB%E3%82%B8%E3%82%A7%E3%83%A9+%E3%83%AF%E3%82%A4%E3%83%89%E3%83%87%E3%83%8B%E3%83%A0%E3%83%91%E3%83%B3%E3%83%84 HTTP/1.1" 200 0 "-" "Mozilla/5.0 (Linux; Android 6.0.1; Nexus 5X Build/MMB29P) AppleWebKit/537.36 (KHTML, like Gecko) Chrome/135.0.7049.95 Mobile Safari/537.36 (compatible; GoogleOther)"
66.249.73.102 - - [26/Apr/2025:08:59:25 -0400] "GET /?i=97648152091302&channel=7ffdeb&from=shop.php%3Fid%3D1520913-24631%26name%3D%E9%8A%AD%E5%A4%A9%E5%A0%82%E3%82%B7%E3%83%AA%E3%83%BC%E3%82%BA+11-14.16%E5%B7%BB%2B+%E3%82%AC%E3%82%A4%E3%83%89%E3%83%96%E3%83%83%E3%82%AF HTTP/1.1" 200 54592 "-" "Mozilla/5.0 (Linux; Android 6.0.1; Nexus 5X Build/MMB29P) AppleWebKit/537.36 (KHTML, like Gecko) Chrome/135.0.7049.95 Mobile Safari/537.36 (compatible; Googlebot/2.1; +http://www.google.com/bot.html)"
66.249.73.101 - - [26/Apr/2025:08:59:44 -0400] "GET /?i=8037175450500&channel=11c456&from=category-info.php%3Fid%3D754505-4762%26name%3D%E3%83%AC%E3%82%A2%E3%80%80%E5%B8%8C%E5%B0%91%E3%80%80%E5%BA%83%E5%B3%B6%E6%9D%B1%E6%B4%8B%E3%82%AB%E3%83%BC%E3%83%97%E3%80%80%E8%A1%A3%E7%AC%A0+%E7%A5%A5%E9%9B%84%E3%80%80%E6%B0%8F%E3%80%80%E7%9B%B4%E7%AD%86%E3%82%B5%E3%82%A4%E3%83%B3%E4%BB%98%E3%81%8D%E3%80%8084%E3%80%80%EF%BC%AD%EF%BC%B6%EF%BC%B0%E4%BB%98%E3%81%8D%E3%80%80%E5%AE%9F%E4%BD%BF%E7%94%A8%E3%80%80%E3%83%90%E3%83%83%E3%83%88%E3%80%80%E3%83%9F%E3%82%BA%E3%83%8E%E3%80%80%E3%83%97%E3%83%AD%E3%83%95%E3%82%A7%E3%83%83%E3%82%B7%E3%83%A7%E3%83%8A%E3%83%AB HTTP/1.1" 200 55491 "-" "Mozilla/5.0 (Linux; Android 6.0.1; Nexus 5X Build/MMB29P) AppleWebKit/537.36 (KHTML, like Gecko) Chrome/135.0.7049.95 Mobile Safari/537.36 (compatible; Googlebot/2.1; +http://www.google.com/bot.html)"
66.249.73.101 - - [26/Apr/2025:08:59:57 -0400] "GET /?i=70277121616901&channel=894d3e&from=pin.php%3Fid%3D1216169-14215%26name%3D%E2%98%85%E2%98%85%E2%98%85%E3%80%80%E6%96%87%E4%B9%85%E4%B8%89%E5%B9%B4%E3%80%80%E8%B1%8A%E5%9B%BD%E4%BD%9C%E3%80%80%E6%B1%9F%E6%88%B8%E4%B9%83%E8%8A%B1%E5%90%8D%E5%8B%9D%E4%BC%9A%E3%80%80%E5%BA%83%E9%87%8D%E4%BD%9C%E3%80%80%E4%B8%A1%E5%9B%BD%E8%8A%B1%E7%81%AB%E3%80%80%E7%89%88%E7%94%BB%E3%80%80%E9%A1%8D%E3%80%80%E2%98%85%E2%98%85%E2%98%85%E3%80%80113 HTTP/1.1" 200 55060 "-" "Mozilla/5.0 (Linux; Android 6.0.1; Nexus 5X Build/MMB29P) AppleWebKit/537.36 (KHTML, like Gecko) Chrome/135.0.7049.95 Mobile Safari/537.36 (compatible; Googlebot/2.1; +http://www.google.com/bot.html)"
52.167.144.161 - - [26/Apr/2025:09:00:11 -0400] "GET /?i=1998268012304&channel=06fb25&from=shop.php%3Fid%3D680123-7912%26name%3D%E7%8F%BE%E4%BB%A3%E7%9A%84%E3%81%AA%E3%82%AB%E3%83%B3%E3%83%88%E3%83%AA%E3%83%BC%E3%83%8F%E3%83%B3%E3%82%AE%E3%83%B3%E3%82%B0%E3%83%A9%E3%82%A4%E3%83%88%E5%85%A8%E9%8A%85%E9%AB%98%E3%81%95%E8%AA%BF%E7%AF%80%E5%8F%AF%E8%83%BD%E3%81%AA%E3%83%9A%E3%83%B3%E3%83%80%E3%83%B3%E3%83%88%E7%85%A7%E6%98%8EE27%E3%83%99%E3%83%BC%E3%82%B9%E3%82%B7%E3%83%A3%E3%83%B3%E3%83%87%E3%83%AA%E3%82%A2V-intage%E3%83%95%E3%82%A1%E3%83%BC%E3%83%A0%E3%83%8F%E3%82%A6%E3%82%B9%E3%83%AA%E3%83%93%E3%83%B3%E3%82%B0%E3%83%AB%E3%83%BC HTTP/1.1" 200 0 "-" "Mozilla/5.0 AppleWebKit/537.36 (KHTML, like Gecko; compatible; bingbot/2.0; +http://www.bing.com/bingbot.htm) Chrome/116.0.1938.76 Safari/537.36"
66.249.73.102 - - [26/Apr/2025:09:00:22 -0400] "GET /983871310959.shtml HTTP/1.1" 200 0 "-" "Mozilla/5.0 (Linux; Android 6.0.1; Nexus 5X Build/MMB29P) AppleWebKit/537.36 (KHTML, like Gecko) Chrome/135.0.7049.95 Mobile Safari/537.36 (compatible; GoogleOther)"
66.249.73.101 - - [26/Apr/2025:09:00:26 -0400] "GET /?i=57160150461400&channel=0a81eb&from=pin.php%3Fid%3D1504614-9184%26name%3DDOVE+%E6%B4%97%E9%A1%94%E6%96%99%E3%80%802%E8%A2%8B%E3%82%BB%E3%83%83%E3%83%88%E3%80%80%E6%96%B0%E5%93%81%E6%9C%AA%E9%96%8B%E5%B0%81 HTTP/1.1" 200 52779 "-" "Mozilla/5.0 (Linux; Android 6.0.1; Nexus 5X Build/MMB29P) AppleWebKit/537.36 (KHTML, like Gecko) Chrome/135.0.7049.95 Mobile Safari/537.36 (compatible; Googlebot/2.1; +http://www.google.com/bot.html)"
66.249.73.101 - - [26/Apr/2025:09:00:31 -0400] "GET /?i=00789153607002&channel=399d46&from=info.php%3Fid%3D1536070-25557%26name%3D%E3%81%8D%E3%81%9F%E3%81%AA%E3%81%84%E5%90%9B%E3%81%8C%E3%81%84%E3%81%A1%E3%81%B0%E3%82%93%E3%81%8B%E3%82%8F%E3%81%84%E3%81%84+%E5%85%A8%E5%B7%BB%E3%82%BB%E3%83%83%E3%83%88 HTTP/1.1" 200 52693 "-" "Mozilla/5.0 (Linux; Android 6.0.1; Nexus 5X Build/MMB29P) AppleWebKit/537.36 (KHTML, like Gecko) Chrome/135.0.7049.95 Mobile Safari/537.36 (compatible; Googlebot/2.1; +http://www.google.com/bot.html)"
66.249.73.101 - - [26/Apr/2025:09:00:35 -0400] "GET /?i=8942656888707&channel=2efa5c&from=blog.php%3Fid%3D568887-2751%26name%3D%E3%80%90%E4%B8%AD%E5%8F%A4%E3%80%91%E3%83%A4%E3%83%9E%E3%83%8F+RMX+VD%2FM+%E3%82%A2%E3%82%A4%E3%82%A2%E3%83%B3%E3%82%BB%E3%83%83%E3%83%88+S%E3%83%95%E3%83%AC%E3%83%83%E3%82%AF%E3%82%B9+38.0%E3%82%A4%E3%83%B3%E3%83%81+NS%E3%83%97%E3%83%AD950GH+neo+C%E3%83%A9%E3%83%B3%E3%82%AF+%E5%8F%B3%E5%88%A9%E3%81%8D%E7%94%A8+YAMAHA+%E3%82%B4%E3%83%AB%E3%83%95%E3%82%AF%E3%83%A9%E3%83%96+%E3%82%B4%E3%83%AB%E3%83%95%E3%83%89%E3%82%A5+%E3%82%B4%E3%83%AB%E3%83%95%E7%94%A8%E5%93%81+GOLF+DO+%E4%B8%AD%E5%8F%A4%E3%82%B4%E3%83%AB%E3%83%95%E3%82%AF%E3%83%A9%E3%83%96 HTTP/1.1" 200 54554 "-" "Mozilla/5.0 (Linux; Android 6.0.1; Nexus 5X Build/MMB29P) AppleWebKit/537.36 (KHTML, like Gecko) Chrome/135.0.7049.95 Mobile Safari/537.36 (compatible; Googlebot/2.1; +http://www.google.com/bot.html)"
66.249.73.101 - - [26/Apr/2025:09:00:43 -0400] "GET /?i=91570177413101&channel=784e7d&from=shared.php%3Fid%3D1774131-1336%26name%3D%E3%83%86%E3%83%BC%E3%83%A9%E3%83%BC%E3%83%89+%E3%82%B8%E3%83%A3%E3%82%B1%E3%83%83%E3%83%88+%E3%83%AC%E3%83%87%E3%82%A3%E3%83%BC%E3%82%B9+%E5%AE%89%E3%81%84+%E3%83%9A%E3%83%B3%E3%82%AE%E3%83%B3+t%E3%82%B7%E3%83%A3%E3%83%84+%E3%83%A1%E3%83%B3%E3%82%BA%E3%82%B8%E3%83%A3%E3%83%BC%E3%82%B8%E3%83%88%E3%83%83%E3%83%97+%E5%9D%82%E6%9C%AC%E5%8B%87%E4%BA%BA+%E3%83%AC%E3%83%87%E3%82%A3%E3%83%BC%E3%82%B9+%E3%83%89+%E3%82%84%E3%81%99%E3%81%84+%E3%81%84%E3%81%AD+%E3%82%B5%E3%83%B3%E3%83%80%E3%83%AB HTTP/1.1" 200 54893 "-" "Mozilla/5.0 (Linux; Android 6.0.1; Nexus 5X Build/MMB29P) AppleWebKit/537.36 (KHTML, like Gecko) Chrome/135.0.7049.95 Mobile Safari/537.36 (compatible; Googlebot/2.1; +http://www.google.com/bot.html)"
66.249.73.101 - - [26/Apr/2025:09:01:01 -0400] "GET /?i=4398933845902&channel=4cf12d&from=shop.php%3Fid%3D338459-14028%26name%3D%E7%BE%8E%E5%93%81%E3%80%80%E3%81%8A%E3%81%B2%E3%81%AA%E3%81%95%E3%81%BE%E3%80%80%E9%A3%BE%E3%82%8A HTTP/1.1" 200 52608 "-" "Mozilla/5.0 (Linux; Android 6.0.1; Nexus 5X Build/MMB29P) AppleWebKit/537.36 (KHTML, like Gecko) Chrome/135.0.7049.95 Mobile Safari/537.36 (compatible; Googlebot/2.1; +http://www.google.com/bot.html)"
66.249.73.101 - - [26/Apr/2025:09:01:04 -0400] "GET /?i=7827781377204&channel=cddd00&from=article.php%3Fid%3D813772-2941%26name%3D%E3%80%90%E4%B8%AD%E5%8F%A4%E3%80%91+%E3%80%8A%E7%BE%8E%E5%93%81%E3%80%8B+Nikon+NIKKOR+Z+28mm+F2.8++%3Cbr%3E%5B+Lens+%7C+%E4%BA%A4%E6%8F%9B%E3%83%AC%E3%83%B3%E3%82%BA+%5D HTTP/1.1" 200 53678 "-" "Mozilla/5.0 (Linux; Android 6.0.1; Nexus 5X Build/MMB29P) AppleWebKit/537.36 (KHTML, like Gecko) Chrome/135.0.7049.95 Mobile Safari/537.36 (compatible; Googlebot/2.1; +http://www.google.com/bot.html)"
66.249.73.102 - - [26/Apr/2025:09:01:18 -0400] "GET /?i=3128675704409&channel=a7cc8e&from=category-info.php%3Fid%3D757044-2565%26name%3DBONOFFICE+%E3%83%9C%E3%83%B3%E3%83%9E%E3%83%83%E3%82%AF%E3%82%B9+A%E3%83%A9%E3%82%A4%E3%83%B3%E3%82%B9%E3%82%AB%E3%83%BC%E3%83%88+AS2328+2021%E5%B9%B4+%E7%A7%8B%E5%86%AC+%E6%96%B0%E4%BD%9C+%E3%82%A6%E3%82%A7%E3%82%B9%E3%83%88%E3%82%92%E7%B7%A0%E3%82%81%E4%BB%98%E3%81%91%E3%81%AA%E3%81%84%E3%82%B4%E3%83%A0%E4%BB%95%E6%A7%98+%E3%82%AA%E3%83%BC%E3%83%AB%E3%82%B7%E3%83%BC%E3%82%BA%E5%AF%BE%E5%BF%9C+%E3%82%B9%E3%83%88%E3%83%AC%E3%83%83%E3%83%81+%E5%AE%B6%E5%BA%AD%E6%B4%97%E6%BF%AFOK+%E6%8A%97%E8%8F%8C%E9%98%B2%E8%87%AD%E8%A3%8F%E5%9C%B0 HTTP/1.1" 200 54649 "-" "Mozilla/5.0 (Linux; Android 6.0.1; Nexus 5X Build/MMB29P) AppleWebKit/537.36 (KHTML, like Gecko) Chrome/135.0.7049.95 Mobile Safari/537.36 (compatible; Googlebot/2.1; +http://www.google.com/bot.html)"
66.249.73.101 - - [26/Apr/2025:09:01:27 -0400] "GET /?i=01640141479405&channel=1987eb&from=shared.php%3Fid%3D1414794-478%26name%3D%E3%83%86%E3%83%BC%E3%83%96%E3%83%AB%E3%82%AF%E3%83%83%E3%82%B7%E3%83%A7%E3%83%B3+%E3%82%AF%E3%83%AA%E3%83%BC%E3%83%88+%E3%80%8ACLEAT%E3%80%8B+%28%E3%83%A4%E3%83%9E%E3%82%B6%E3%82%AD%29%3Cbr%3E%3Cbr%3E%E3%80%90+%E3%82%AF%E3%83%83%E3%82%B7%E3%83%A7%E3%83%B3+%E3%83%86%E3%83%BC%E3%83%96%E3%83%AB+%E3%82%A6%E3%83%AC%E3%82%BF%E3%83%B3++%E3%82%AB%E3%83%90%E3%83%BC+%E6%B4%97%E3%81%88%E3%82%8B+%E5%A7%BF%E5%8B%A2+%E3%82%B3%E3%83%B3%E3%83%91%E3%82%AF%E3%83%88+%E5%9C%A8%E5%AE%85%E5%8B%A4%E5%8B%99+%E3%80%91 HTTP/1.1" 200 54869 "-" "Mozilla/5.0 (Linux; Android 6.0.1; Nexus 5X Build/MMB29P) AppleWebKit/537.36 (KHTML, like Gecko) Chrome/135.0.7049.95 Mobile Safari/537.36 (compatible; Googlebot/2.1; +http://www.google.com/bot.html)"
66.249.73.101 - - [26/Apr/2025:09:01:30 -0400] "GET /?i=5440991153103&channel=b47e13&from=form.php%3Fid%3D911531-9165%26name%3D%E6%9C%9D%E9%A3%9F%E7%94%A8%E3%83%90%E3%83%BC%E3%82%B9%E3%83%84%E3%83%BC%E3%83%AB+%E3%82%AF%E3%83%83%E3%82%B7%E3%83%A7%E3%83%B3%E5%85%A5%E3%82%8A%E3%83%91%E3%83%83%E3%83%89%E5%85%A5%E3%82%8A%E6%8A%98%E3%82%8A%E3%81%9F%E3%81%9F%E3%81%BF%E3%82%B9%E3%83%84%E3%83%BC%E3%83%AB+26%E3%82%A4%E3%83%B3%E3%83%81+%E9%AB%98%E3%81%9530%E3%82%A4%E3%83%B3%E3%83%81+%E6%8A%98%E3%82%8A%E3%81%9F%E3%81%9F%E3%81%BF%E3%82%B9%E3%83%84%E3%83%BC%E3%83%AB%E3%83%81%E3%82%A7%E3%82%A2+%E8%83%8C%E3%82%82%E3%81%9F%E3%82%8C%E4%BB%98%E3%81%8D HTTP/1.1" 200 0 "-" "Mozilla/5.0 (Linux; Android 6.0.1; Nexus 5X Build/MMB29P) AppleWebKit/537.36 (KHTML, like Gecko) Chrome/135.0.7049.95 Mobile Safari/537.36 (compatible; GoogleOther)"
66.249.73.101 - - [26/Apr/2025:09:01:45 -0400] "GET /?i=2583055279108&channel=08f694&from=form.php%3Fid%3D552791-6293%26name%3D%E9%A4%8A%E8%80%81+MIZUNO+%E3%83%9F%E3%82%BA%E3%83%8E+JPX+EIII+FORGED+%E3%82%B8%E3%82%A7%E3%82%A4%E3%83%94%E3%83%BC%E3%82%A8%E3%83%83%E3%82%AF%E3%82%B9+E3+%E3%82%A2%E3%82%A4%E3%82%A2%E3%83%B38%E6%9C%AC%E3%82%BB%E3%83%83%E3%83%88+%E3%83%A1%E3%83%B3%E3%82%BA+%E7%94%B7%E6%80%A7+%E5%8F%B3+R+%E5%88%9D%E5%BF%83%E8%80%85+%E3%81%8A%E3%81%99%E3%81%99%E3%82%81+%E4%BA%BA%E6%B0%97+%E3%82%B4%E3%83%AB%E3%83%95%E3%82%AF%E3%83%A9%E3%83%96+%E7%8E%8B%E9%81%93 HTTP/1.1" 200 54869 "-" "Mozilla/5.0 (Linux; Android 6.0.1; Nexus 5X Build/MMB29P) AppleWebKit/537.36 (KHTML, like Gecko) Chrome/135.0.7049.95 Mobile Safari/537.36 (compatible; Googlebot/2.1; +http://www.google.com/bot.html)"
66.249.73.101 - - [26/Apr/2025:09:01:59 -0400] "GET /?i=06772195285801&channel=5644ab&from=brands.php%3Fid%3D1952858-12109%26name%3D%E3%80%90%E3%83%90%E3%83%83%E3%82%AF%E3%80%91%E3%83%9E%E3%82%B6%E3%83%BC%E3%82%BA%E3%83%90%E3%83%83%E3%82%AF%E3%80%81%E5%A4%A7%E3%81%8D%E3%82%81%E3%80%80%E3%83%90%E3%83%83%E3%82%AF%E3%80%81%E8%82%A9%E7%B4%90%E4%BB%98%E3%81%8D HTTP/1.1" 200 54339 "-" "Mozilla/5.0 (Linux; Android 6.0.1; Nexus 5X Build/MMB29P) AppleWebKit/537.36 (KHTML, like Gecko) Chrome/135.0.7049.95 Mobile Safari/537.36 (compatible; Googlebot/2.1; +http://www.google.com/bot.html)"
40.77.167.41 - - [26/Apr/2025:09:02:07 -0400] "GET /?i=9981057202901&channel=439032&from=goods.php%3Fid%3D572029-5475%26name%3DRarebookkyoto%E3%80%80F3B-86%E3%80%80%E6%A2%81%E9%BB%84%E8%83%83%E7%94%BB%E9%81%B8%E3%80%80%E5%B1%95%E8%A6%A7%E4%BC%9A%E7%9B%AE%E9%8C%B2%E3%80%80%E6%96%B0%E5%98%89%E5%9D%A1%E3%80%80%E3%80%801990%E5%B9%B4%E9%A0%83%E3%80%80%E5%90%8D%E4%BA%BA%E3%80%80%E5%90%8D%E4%BD%9C%E3%80%80%E5%90%8D%E5%93%81 HTTP/1.1" 200 0 "-" "Mozilla/5.0 AppleWebKit/537.36 (KHTML, like Gecko; compatible; bingbot/2.0; +http://www.bing.com/bingbot.htm) Chrome/116.0.1938.76 Safari/537.36"
66.249.73.103 - - [26/Apr/2025:09:02:23 -0400] "GET /?i=9772976481907&channel=93d3ae&from=news.php%3Fid%3D764819-2086%26name%3DPheeta+%E3%83%95%E3%82%A3%E3%83%BC%E3%82%BF+%E3%83%96%E3%83%A9%E3%82%A6%E3%82%B9+1%28S%E4%BD%8D%29+%E7%99%BD+%E3%80%90%E5%8F%A4%E7%9D%80%E3%80%91%E3%80%90%E4%B8%AD%E5%8F%A4%E3%80%91 HTTP/1.1" 200 0 "-" "Mozilla/5.0 (Linux; Android 6.0.1; Nexus 5X Build/MMB29P) AppleWebKit/537.36 (KHTML, like Gecko) Chrome/135.0.7049.95 Mobile Safari/537.36 (compatible; GoogleOther)"
66.249.73.102 - - [26/Apr/2025:09:02:27 -0400] "GET /?i=8671578568700&channel=c5701b&from=shop.php%3Fid%3D785687-2207%26name%3D%E5%A4%A7%E5%AE%B6%E6%97%8F%E7%94%A8%E3%83%86%E3%83%BC%E3%83%96%E3%83%AB HTTP/1.1" 200 52697 "-" "Mozilla/5.0 (Linux; Android 6.0.1; Nexus 5X Build/MMB29P) AppleWebKit/537.36 (KHTML, like Gecko) Chrome/135.0.7049.95 Mobile Safari/537.36 (compatible; Googlebot/2.1; +http://www.google.com/bot.html)"
66.249.73.101 - - [26/Apr/2025:09:02:30 -0400] "GET /?i=98151175322201&channel=b8ecb6&from=goods.php%3Fid%3D1753222-9189%26name%3DMINIMAL+WORKS+ROLLY+BASKET+U HTTP/1.1" 200 53120 "-" "Mozilla/5.0 (Linux; Android 6.0.1; Nexus 5X Build/MMB29P) AppleWebKit/537.36 (KHTML, like Gecko) Chrome/135.0.7049.95 Mobile Safari/537.36 (compatible; Googlebot/2.1; +http://www.google.com/bot.html)"
66.249.73.101 - - [26/Apr/2025:09:02:45 -0400] "GET /?i=8714995835905&channel=923650&from=goods.php%3Fid%3D958359-6278%26name%3D%E3%83%A0%E3%82%B8%E3%83%BC%E3%82%AF+Muziik+On+The+Screw+DU+%E3%83%A6%E3%83%BC%E3%83%86%E3%82%A3%E3%83%AA%E3%83%86%E3%82%A3+N.S.PRO+MODUS3+HYBRID+%E3%80%90U3%E3%80%91+%E3%82%B7%E3%83%A3%E3%83%95%E3%83%88%EF%BC%9AN.S.PRO+MODUS3+HYBRID HTTP/1.1" 200 53147 "-" "Mozilla/5.0 (Linux; Android 6.0.1; Nexus 5X Build/MMB29P) AppleWebKit/537.36 (KHTML, like Gecko) Chrome/135.0.7049.95 Mobile Safari/537.36 (compatible; Googlebot/2.1; +http://www.google.com/bot.html)"
66.249.73.101 - - [26/Apr/2025:09:02:56 -0400] "GET /?i=89808214308&channel=4e8dd0&from=shop.php%3Fid%3D2143-504%26name%3D%E3%82%B8%E3%83%A3%E3%83%83%E3%82%AF%E3%83%AB%E3%82%B3%E3%83%BC+JACQUES+LE+CORRE+H.P.FRANCE+%E3%83%AA%E3%82%B9%E3%83%9C%E3%83%B3+%E3%83%8F%E3%83%B3%E3%83%89%E3%83%90%E3%83%83%E3%82%B0+%E3%82%B9%E3%83%88%E3%83%A9%E3%82%A4%E3%83%97+%E3%83%AC%E3%82%B6%E3%83%BC+%E3%82%B0%E3%83%AC%E3%83%BC+%E3%83%AC%E3%83%87%E3%82%A3%E3%83%BC%E3%82%B9+e_u+F-B6612 HTTP/1.1" 200 52619 "-" "Mozilla/5.0 (Linux; Android 6.0.1; Nexus 5X Build/MMB29P) AppleWebKit/537.36 (KHTML, like Gecko) Chrome/135.0.7049.95 Mobile Safari/537.36 (compatible; Googlebot/2.1; +http://www.google.com/bot.html)"
40.77.167.41 - - [26/Apr/2025:09:02:57 -0400] "GET /?i=77367194478602&channel=72c411&from=blog.php%3Fid%3D1944786-8408%26name%3D%EF%BC%88%E3%83%8F%E3%82%BB%E3%82%AC%E3%83%AF%EF%BC%89%E6%97%A5%E6%9C%AC%E9%87%8D%E5%B7%A1%E6%B4%8B%E8%89%A6%E3%80%80%E5%8F%A4%E9%B7%B9 HTTP/1.1" 200 0 "-" "Mozilla/5.0 AppleWebKit/537.36 (KHTML, like Gecko; compatible; bingbot/2.0; +http://www.bing.com/bingbot.htm) Chrome/116.0.1938.76 Safari/537.36"
52.167.144.161 - - [26/Apr/2025:09:03:02 -0400] "GET /?i=75102188835801&channel=0a87f7&from=info.php%3Fid%3D1888358-8601%26name%3D%E4%BA%80%E6%A2%A8%E5%92%8C%E4%B9%9F%2FKAT-TUN+%E6%96%B0%E6%98%A5%E5%8B%9D%E9%81%8B+%E3%82%AF%E3%83%AA%E3%82%A2%E3%83%95%E3%82%A1%E3%82%A4%E3%83%AB HTTP/1.1" 200 0 "-" "Mozilla/5.0 AppleWebKit/537.36 (KHTML, like Gecko; compatible; bingbot/2.0; +http://www.bing.com/bingbot.htm) Chrome/116.0.1938.76 Safari/537.36"
66.249.73.103 - - [26/Apr/2025:09:03:10 -0400] "GET /79911146965.shtml HTTP/1.1" 200 0 "-" "Mozilla/5.0 (Linux; Android 6.0.1; Nexus 5X Build/MMB29P) AppleWebKit/537.36 (KHTML, like Gecko) Chrome/135.0.7049.95 Mobile Safari/537.36 (compatible; GoogleOther)"
66.249.73.101 - - [26/Apr/2025:09:03:16 -0400] "GET /?i=03222107381600&channel=f8be1f&from=product.php%3Fid%3D1073816-826%26name%3D%E6%95%B0%E9%87%8F1%E3%80%80%E9%81%8A%E6%88%AF%E7%8E%8B%E3%80%80I%EF%BC%9AP%E3%83%9E%E3%82%B9%E3%82%AB%E3%83%AC%E3%83%BC%E3%83%8A%E3%80%80%E3%82%B9%E3%83%BC%E3%83%91%E3%83%BC%E3%80%80QCCU HTTP/1.1" 200 53952 "-" "Mozilla/5.0 (Linux; Android 6.0.1; Nexus 5X Build/MMB29P) AppleWebKit/537.36 (KHTML, like Gecko) Chrome/135.0.7049.95 Mobile Safari/537.36 (compatible; Googlebot/2.1; +http://www.google.com/bot.html)"
66.249.73.101 - - [26/Apr/2025:09:03:27 -0400] "GET /?i=9108724038801&channel=17cbce&from=shop.php%3Fid%3D240388-9654%26name%3D%E5%AE%B6%E5%85%B7%E4%BB%98%E3%81%8D%E3%83%9F%E3%83%8B%E3%83%81%E3%83%A5%E3%82%A2%E3%83%89%E3%83%BC%E3%83%AB%E3%83%8F%E3%82%A6%E3%82%B9%E3%80%81DIY%E3%83%89%E3%83%BC%E3%83%AB%E3%83%8F%E3%82%A6%E3%82%B9%E3%82%AD%E3%83%83%E3%83%88%E3%80%81%E9%98%B2%E5%A1%B5%E6%A9%9F%E8%83%BD%E3%80%81%E9%9F%B3%E6%A5%BD%E3%83%A0%E3%83%BC%E3%83%96%E3%83%A1%E3%83%B3%E3%83%88%E4%BB%98%E3%81%8D%E3%80%81%E3%83%90%E3%83%AC%E3%83%B3%E3%82%BF%E3%82%A4%E3%83%B3%E3%83%87%E3%83%BC%E3%81%AE%E3%82%AE%E3%83%95%E3%83%88%E3%81%AB%E6%9C%80%E9%81%A9%E3%81%AA%E3%82%B9%E3%82%B1%E3%83%BC%E3%83%AB%E3%82%AF HTTP/1.1" 200 54101 "-" "Mozilla/5.0 (Linux; Android 6.0.1; Nexus 5X Build/MMB29P) AppleWebKit/537.36 (KHTML, like Gecko) Chrome/135.0.7049.95 Mobile Safari/537.36 (compatible; Googlebot/2.1; +http://www.google.com/bot.html)"
66.249.73.101 - - [26/Apr/2025:09:03:32 -0400] "GET /?i=0709167284401&channel=2c62d4&from=goods.php%3Fid%3D672844-5599%26name%3D%E3%80%90%E3%83%92%E3%83%AD%E3%82%B3%E3%83%93%E3%82%B9%E3%80%91%E3%83%AD%E3%83%B3%E3%82%B0%E3%83%AF%E3%83%B3%E3%83%94%E3%83%BC%E3%82%B9%C2%A546000%EF%BC%8B%E7%A8%8E HTTP/1.1" 200 51449 "-" "Mozilla/5.0 (Linux; Android 6.0.1; Nexus 5X Build/MMB29P) AppleWebKit/537.36 (KHTML, like Gecko) Chrome/135.0.7049.95 Mobile Safari/537.36 (compatible; Googlebot/2.1; +http://www.google.com/bot.html)"
40.77.167.41 - - [26/Apr/2025:09:03:38 -0400] "GET /?i=68522188336001&channel=f28c67&from=brands.php%3Fid%3D1883360-20%26name%3D%E3%80%90%E3%81%8A%E8%B2%B7%E7%89%A9%E3%83%9E%E3%83%A9%E3%82%BD%E3%83%B3%E4%B8%AD%E3%81%AF%E6%9C%80%E5%A4%A7P10%E5%80%8D%E3%80%91GEAR+%E3%82%AE%E3%82%A2+10B+%E3%83%8F%E3%82%A4%E3%82%B9%E3%83%94%E3%83%BC%E3%83%89%E3%83%97%E3%83%BC%E3%83%AA%E3%83%BC+%E6%97%A5%E6%9C%AC%E8%A3%BD%E3%83%89%E3%83%A9%E3%82%A4%E3%83%96%E3%83%99%E3%83%AB%E3%83%88+CVT%E3%82%AD%E3%83%83%E3%83%88+BPK-CVT-022+%E3%82%B0%E3%83%AD%E3%83%B3%E3%83%89%E3%83%9E%E3%83%B3+%E5%90%8C%E7%AD%89%E5%93%81 HTTP/1.1" 200 0 "-" "Mozilla/5.0 AppleWebKit/537.36 (KHTML, like Gecko; compatible; bingbot/2.0; +http://www.bing.com/bingbot.htm) Chrome/116.0.1938.76 Safari/537.36"
40.77.167.41 - - [26/Apr/2025:09:03:39 -0400] "GET /?i=3785954439600&channel=36f156&from=jp.php%3Fid%3D544396-3037%26name%3D%E3%82%A2%E3%83%87%E3%82%A3%E3%83%80%E3%82%B9%E3%80%80%E6%97%A5%E6%9C%AC%E3%83%A6%E3%83%8B%E3%83%95%E3%82%A9%E3%83%BC%E3%83%A01999%E5%B9%B4%E3%83%A2%E3%83%87%E3%83%AB%E6%9C%AA%E4%BD%BF%E7%94%A8%E3%80%80%E3%82%B5%E3%82%A4%E3%82%BAO HTTP/1.1" 200 0 "-" "Mozilla/5.0 AppleWebKit/537.36 (KHTML, like Gecko; compatible; bingbot/2.0; +http://www.bing.com/bingbot.htm) Chrome/116.0.1938.76 Safari/537.36"
66.249.73.101 - - [26/Apr/2025:09:03:42 -0400] "GET /?i=8177031118200&channel=89eca8&from=blog.php%3Fid%3D311182-728%26name%3D%E2%98%85A-TECH+GSX-1300R+%2799-%2707+%E3%83%AA%E3%82%A2%E3%82%A2%E3%83%B3%E3%83%80%E3%83%BC%E3%82%AB%E3%82%A6%E3%83%AB HTTP/1.1" 200 53406 "-" "Mozilla/5.0 (Linux; Android 6.0.1; Nexus 5X Build/MMB29P) AppleWebKit/537.36 (KHTML, like Gecko) Chrome/135.0.7049.95 Mobile Safari/537.36 (compatible; Googlebot/2.1; +http://www.google.com/bot.html)"
66.249.73.101 - - [26/Apr/2025:09:03:46 -0400] "GET /?i=08174129938804&channel=335c31&from=product.php%3Fid%3D1299388-921%26name%3D%E3%82%A8%E3%82%A2%E3%82%B3%E3%83%B3%E3%80%80%E3%83%80%E3%82%A4%E3%82%AD%E3%83%B3%E3%80%80AN223AFSK-W%E3%80%802023%E5%B9%B4 HTTP/1.1" 200 0 "-" "Mozilla/5.0 (Linux; Android 6.0.1; Nexus 5X Build/MMB29P) AppleWebKit/537.36 (KHTML, like Gecko) Chrome/135.0.7049.95 Mobile Safari/537.36 (compatible; GoogleOther)"
66.249.73.101 - - [26/Apr/2025:09:03:59 -0400] "GET /?i=52019178407103&channel=8ed015&from=shop.php%3Fid%3D1784071-27362%26name%3DSnow+Man+Mania%28Blu-ray3%E6%9E%9A%E7%B5%84%29%28%E5%88%9D%E5%9B%9E%E7%9B%A4%29 HTTP/1.1" 200 52712 "-" "Mozilla/5.0 (Linux; Android 6.0.1; Nexus 5X Build/MMB29P) AppleWebKit/537.36 (KHTML, like Gecko) Chrome/135.0.7049.95 Mobile Safari/537.36 (compatible; Googlebot/2.1; +http://www.google.com/bot.html)"
66.249.73.101 - - [26/Apr/2025:09:04:08 -0400] "GET /?i=50524102392401&channel=9d46cd&from=shop.php%3Fid%3D1023924-9353%26name%3D%E4%BA%94%E6%9C%88%E4%BA%BA%E5%BD%A2+%E3%82%B3%E3%83%B3%E3%83%91%E3%82%AF%E3%83%88+%E5%85%9C%E5%8F%8E%E7%B4%8D%E9%A3%BE%E3%82%8A+%E7%9D%80%E7%94%A8+%E7%89%B9%E4%B8%8A%E7%9D%80%E7%94%A8%E9%A3%BE%E3%82%8A%E3%80%902019%E5%B9%B4%E5%BA%A6+%28%E7%9D%80%E7%94%A8%E7%AB%8B%E4%BD%93%E5%A4%A7%E9%8D%AC%E5%BD%A2%29 HTTP/1.1" 200 53925 "-" "Mozilla/5.0 (Linux; Android 6.0.1; Nexus 5X Build/MMB29P) AppleWebKit/537.36 (KHTML, like Gecko) Chrome/135.0.7049.95 Mobile Safari/537.36 (compatible; Googlebot/2.1; +http://www.google.com/bot.html)"
66.249.73.101 - - [26/Apr/2025:09:04:13 -0400] "GET /?i=70277138123000&channel=c8a2d5&from=shop.php%3Fid%3D1381230-3816%26name%3D%E3%82%AD%E3%83%A3%E3%82%B9+%E3%82%A6%E3%82%A9%E3%83%83%E3%83%81%E3%83%BB28MM HTTP/1.1" 200 55510 "-" "Mozilla/5.0 (Linux; Android 6.0.1; Nexus 5X Build/MMB29P) AppleWebKit/537.36 (KHTML, like Gecko) Chrome/135.0.7049.95 Mobile Safari/537.36 (compatible; Googlebot/2.1; +http://www.google.com/bot.html)"
66.249.73.101 - - [26/Apr/2025:09:04:22 -0400] "GET /?i=47288120450301&channel=f28c67&from=article.php%3Fid%3D1204503-20%26name%3DBP-T91WE-C+%3Cbr%3EGLC%E3%82%AF%E3%83%A9%E3%82%B9%EF%BC%88X253%EF%BC%89%2FC%E3%82%AF%E3%83%A9%E3%82%B9%EF%BC%88W205%EF%BC%89%2FE%E3%82%AF%E3%83%A9%E3%82%B9%EF%BC%88W213%EF%BC%89%3Cbr%3E%E5%B0%82%E7%94%A8%E3%83%87%E3%82%B8%E3%82%BF%E3%83%AB%E3%82%A4%E3%83%B3%E3%83%8A%E3%83%BC%E3%83%9F%E3%83%A9%E3%83%BC%3Cbr%3E%E3%83%89%E3%83%A9%E3%82%A4%E3%83%96%E3%83%AC%E3%82%B3%E3%83%BC%E3%83%80%E3%83%BC%E5%86%85%E8%94%B5%E3%83%BB%E5%89%8D%E5%BE%8C%E5%86%85%E5%81%B4%E5%88%A5%E4%BD%93%E3%82%AB%E3%83%A1%E3%83%A9%3Cbr%3E%E5%B0%82%E7%94%A8%E5%8F%96%E4%BB%98%E3%83%96%E3%83%A9%E3%82%B1%E3%83%83%E3%83%88%E4%BB%98 HTTP/1.1" 200 0 "-" "Mozilla/5.0 (Linux; Android 6.0.1; Nexus 5X Build/MMB29P) AppleWebKit/537.36 (KHTML, like Gecko) Chrome/135.0.7049.95 Mobile Safari/537.36 (compatible; GoogleOther)"
66.249.73.101 - - [26/Apr/2025:09:04:25 -0400] "GET /?i=8173913872416&channel=534a6b&from=goods.php%3Fid%3D138724-4581%26name%3D%E3%83%92%E3%83%A5%E3%83%B3%E3%83%A1%E3%83%AB+%E3%82%B8%E3%83%A3%E3%83%BC%E3%82%B8+%E4%B8%8A%E4%B8%8B+%E3%83%A1%E3%83%B3%E3%82%BA+%E3%82%BB%E3%83%83%E3%83%88%E3%82%A2%E3%83%83%E3%83%97+%E5%86%AC+hummel+%E3%83%95%E3%83%AB%E3%82%B8%E3%83%83%E3%83%97+%E3%83%88%E3%83%A9%E3%83%83%E3%82%AF%E3%82%B9%E3%83%BC%E3%83%84+%E3%83%AF%E3%83%B3%E3%83%9D%E3%82%A4%E3%83%B3%E3%83%88+%E5%90%B8%E6%B1%97+%E9%80%9F%E4%B9%BE+%E3%83%89%E3%83%A9%E3%82%A4+%E3%83%81%E3%83%BC%E3%83%A0+HAT2135+%E6%96%B0%E4%BD%9C%7C+%E4%B8%8A%E4%B8%8B%E3%82%BB%E3%83%83%E3%83%88+%E5%A4%A7%E3%81%8D%E3%81%84%E3%82%B5%E3%82%A4%E3%82%BA+%E6%9C%89+%E3%82%B9%E3%83%9D%E3%83%BC%E3%83%84%E3%82%A6%E3%82%A7%E3%82%A2+%E3%83%88%E3%83%AC%E3%83%BC%E3%83%8B%E3%83%B3%E3%82%B0%E3%82%A6%E3%82%A7%E3%82%A2 HTTP/1.1" 200 52945 "-" "Mozilla/5.0 (Linux; Android 6.0.1; Nexus 5X Build/MMB29P) AppleWebKit/537.36 (KHTML, like Gecko) Chrome/135.0.7049.95 Mobile Safari/537.36 (compatible; Googlebot/2.1; +http://www.google.com/bot.html)"
66.249.73.101 - - [26/Apr/2025:09:04:37 -0400] "GET /?i=9989678106903&channel=6c4718&from=shop.php%3Fid%3D781069-2525%26name%3D%E3%80%90%E3%83%88%E3%83%AC%E3%83%95%E3%82%A1%E3%82%AF%E6%91%82%E6%B4%A5%E5%BA%97%E3%80%91CYBER+GROUND%E3%82%B2%E3%83%BC%E3%83%9F%E3%83%B3%E3%82%B0%E3%83%81%E3%82%A7%E3%82%A2%E5%85%A5%E8%8D%B7%E8%87%B4%E3%81%97%E3%81%BE%E3%81%97%E3%81%9F%EF%BC%81 HTTP/1.1" 200 53067 "-" "Mozilla/5.0 (Linux; Android 6.0.1; Nexus 5X Build/MMB29P) AppleWebKit/537.36 (KHTML, like Gecko) Chrome/135.0.7049.95 Mobile Safari/537.36 (compatible; Googlebot/2.1; +http://www.google.com/bot.html)"
66.249.73.101 - - [26/Apr/2025:09:04:40 -0400] "GET /?i=04833102452803&channel=d51c10&from=blog.php%3Fid%3D1024528-14317%26name%3DCGM5123+%E7%B4%AB%E7%A0%82%E5%A3%BA+%E8%8C%B6%E5%A3%BA+%E6%80%A5%E9%A0%88%E3%80%90%E6%98%8E%E6%88%90%E5%8C%96%E5%B9%B4%E5%88%B6%E6%B5%B7%E8%97%BB%E9%AD%9A%E7%B4%8B%E7%B4%85%E9%87%89%E9%87%91%E9%AB%98%E8%84%9A%E7%A2%97%E3%80%91+%E7%85%8E%E8%8C%B6%E9%81%93%E5%85%B7+%E7%B4%AB%E7%A0%82+%E5%B7%A5%E8%8A%B8%E5%93%81+%E9%99%B6%E8%8A%B8+%E7%A3%81%E5%99%A8+%E7%BD%AE%E7%89%A9+%E6%94%B6%E8%97%8F%E5%93%81+%E4%B8%AD%E5%9B%BD%E7%BE%8E%E8%A1%93 HTTP/1.1" 200 55837 "-" "Mozilla/5.0 (Linux; Android 6.0.1; Nexus 5X Build/MMB29P) AppleWebKit/537.36 (KHTML, like Gecko) Chrome/135.0.7049.95 Mobile Safari/537.36 (compatible; Googlebot/2.1; +http://www.google.com/bot.html)"
66.249.73.102 - - [26/Apr/2025:09:05:04 -0400] "GET /?i=0092783620601&channel=77783d&from=jp.php%3Fid%3D836206-2765%26name%3D%E3%83%86%E3%82%A3%E3%82%B4%E3%83%A9+%E3%82%B4%E3%83%AB%E3%83%95%E3%82%A6%E3%82%A7%E3%82%A2+%E5%8D%8A%E8%A2%96%E3%82%B7%E3%83%A3%E3%83%84+%E6%98%A5+%E5%A4%8F+T.%E8%B6%85%E9%95%B7%E7%B6%BF%E3%82%B3%E3%83%83%E3%83%88%E3%83%B3%E5%8D%8A%E8%A2%96%E3%83%A2%E3%83%83%E3%82%AF%E3%82%B7%E3%83%A3%E3%83%84+%E6%97%A5%E6%9C%AC%E8%A3%BD%E7%94%9F%E5%9C%B0+%28TR-1H1215H%29+%E3%83%A1%E3%83%B3%E3%82%BA+TIGORA HTTP/1.1" 200 54988 "-" "Mozilla/5.0 (Linux; Android 6.0.1; Nexus 5X Build/MMB29P) AppleWebKit/537.36 (KHTML, like Gecko) Chrome/135.0.7049.95 Mobile Safari/537.36 (compatible; Googlebot/2.1; +http://www.google.com/bot.html)"
52.167.144.161 - - [26/Apr/2025:09:05:22 -0400] "GET /?i=1858226202200&channel=59e4c1&from=pin.php%3Fid%3D262022-12482%26name%3D%E5%8B%BE%E9%85%8D%E9%B3%A5%E9%A1%9E%E3%83%AD%E3%83%BC%E3%83%97%E3%83%91%E3%83%BC%E3%83%81%E3%82%B9%E3%82%BF%E3%83%B3%E3%83%89%E6%9B%B2%E3%81%92%E5%8F%AF%E8%83%BD%E3%81%AA%E8%AA%BF%E6%95%B4%E5%8F%AF%E8%83%BD%E3%81%AA%E3%82%AF%E3%83%A9%E3%82%A4%E3%83%9F%E3%83%B3%E3%82%B0%E3%83%AD%E3%83%BC%E3%83%97%E3%81%8A%E3%82%82%E3%81%A1%E3%82%83%E3%81%AE%E3%82%AA%E3%82%A6%E3%83%A0%E7%94%A8%E3%81%AE%E3%83%96%E3%83%83%E3%82%B8%E3%83%BC%E3%82%BA%E3%83%A9%E3%83%96%E3%83%90%E3%83%BC%E3%83%89%E3%81%A8%E3%82%B3%E3%82%AB%E3%83%81%E3%82%A8%E3%83%AB HTTP/1.1" 200 0 "-" "Mozilla/5.0 AppleWebKit/537.36 (KHTML, like Gecko; compatible; bingbot/2.0; +http://www.bing.com/bingbot.htm) Chrome/116.0.1938.76 Safari/537.36"
66.249.73.101 - - [26/Apr/2025:09:05:24 -0400] "GET /?i=70787134448304&channel=dbab0a&from=blog.php%3Fid%3D1344483-2968%26name%3D%E3%80%90%E3%82%B9%E3%83%BC%E3%83%91%E3%83%BC%E3%82%BB%E3%83%BC%E3%83%AB%21%21%E6%9C%80%E5%A4%A71000%E5%86%86%E3%82%AF%E3%83%BC%E3%83%9D%E3%83%B3%E3%80%91Dayton+Audio+TT25-8%E3%83%91%E3%83%83%E3%82%AF+%E3%82%BF%E3%82%AF%E3%82%BF%E3%82%A4%E3%83%AB%E3%83%88%E3%83%A9%E3%83%B3%E3%82%B9%E3%83%87%E3%83%A5%E3%83%BC%E3%82%B5%E3%83%BC+%E3%83%9F%E3%83%8B%E3%83%90%E3%82%B9%E3%82%B7%E3%82%A7%E3%83%BC%E3%82%AB%E3%83%BC+8%E3%82%AA%E3%83%BC%E3%83%A0+4%E5%80%8B%E3%83%91%E3%83%83%E3%82%AF HTTP/1.1" 200 0 "-" "Mozilla/5.0 (Linux; Android 6.0.1; Nexus 5X Build/MMB29P) AppleWebKit/537.36 (KHTML, like Gecko) Chrome/135.0.7049.95 Mobile Safari/537.36 (compatible; GoogleOther)"
66.249.73.101 - - [26/Apr/2025:09:05:30 -0400] "GET /?i=91808129357501&channel=88f2b4&from=category-info.php%3Fid%3D1293575-18600%26name%3D%E8%8A%B1%E6%9D%91%E6%83%B3%E5%A4%AA%E3%80%80NOsWEA+%E3%82%B5%E3%83%B3%E3%82%B0%E3%83%A9%E3%82%B9 HTTP/1.1" 200 52766 "-" "Mozilla/5.0 (Linux; Android 6.0.1; Nexus 5X Build/MMB29P) AppleWebKit/537.36 (KHTML, like Gecko) Chrome/135.0.7049.95 Mobile Safari/537.36 (compatible; Googlebot/2.1; +http://www.google.com/bot.html)"
66.249.73.101 - - [26/Apr/2025:09:05:43 -0400] "GET /?i=88207182591001&channel=737ea4&from=shared.php%3Fid%3D1825910-25094%26name%3D%E3%82%B5%E3%83%9C%E3%83%86%E3%83%B3%E3%80%80%E3%83%AC%E3%82%A6%E3%82%AF%E3%83%86%E3%83%B3%E3%83%99%E3%83%AB%E3%82%AE%E3%82%A2%E3%80%80%E6%99%83%E5%B1%B1%E3%80%80%E7%A8%AE%E5%AD%90 HTTP/1.1" 200 54488 "-" "Mozilla/5.0 (Linux; Android 6.0.1; Nexus 5X Build/MMB29P) AppleWebKit/537.36 (KHTML, like Gecko) Chrome/135.0.7049.95 Mobile Safari/537.36 (compatible; Googlebot/2.1; +http://www.google.com/bot.html)"
66.249.73.101 - - [26/Apr/2025:09:05:51 -0400] "GET /?i=5819132505804&channel=7c8369&from=news.php%3Fid%3D325058-9005%26name%3D50-70sUSA%E3%83%93%E3%83%B3%E3%83%86%E3%83%BC%E3%82%B8%E3%83%9A%E3%83%8A%E3%83%B3%E3%83%88INDIAN%E3%82%A4%E3%83%B3%E3%83%87%E3%82%A3%E3%82%A2%E3%83%B3%E3%83%81%E3%83%BC%E3%83%95%E3%83%9F%E3%82%B7%E3%82%AC%E3%83%B3%E5%B7%9E%E3%82%A2%E3%83%A1%E3%83%AA%E3%82%AB%E3%83%B3%E3%83%88%E3%83%AA%E3%83%BC%E3%82%AD%E3%83%A3%E3%83%B3%E3%83%97%E8%A5%BF%E6%B5%B7%E5%B2%B8%E3%82%B5%E3%83%BC%E3%83%95%E3%83%AD%E3%83%83%E3%82%AF%E3%82%A2%E3%83%A1%E8%BB%8A%E3%83%90%E3%82%A4%E3%82%AF%E4%B8%96%E7%94%B0%E8%B0%B7%E3%83%99%E3%83%BC%E3%82%B9 HTTP/1.1" 200 56065 "-" "Mozilla/5.0 (Linux; Android 6.0.1; Nexus 5X Build/MMB29P) AppleWebKit/537.36 (KHTML, like Gecko) Chrome/135.0.7049.95 Mobile Safari/537.36 (compatible; Googlebot/2.1; +http://www.google.com/bot.html)"
66.249.73.101 - - [26/Apr/2025:09:06:11 -0400] "GET /?i=75827114617204&channel=7f8fd3&from=info.php%3Fid%3D1146172-9212%26name%3D2V025-08+%E3%83%8E%E3%83%BC%E3%83%9E%E3%83%AB%E3%82%AF%E3%83%AD%E3%83%BC%E3%82%BA%E3%83%AF%E3%82%A4%E3%83%A4%E3%83%BC%E3%83%AA%E3%83%BC%E3%83%89%E3%82%BF%E3%82%A4%E3%83%97%E7%A9%BA%E6%B0%97%E5%9C%A7%E5%88%B6%E5%BE%A1%E3%83%90%E3%83%AB%E3%83%96+12V+24V+220V+1%2F4+%26%2334%3BBSP+2+%E3%82%A6%E3%82%A7 HTTP/1.1" 200 54917 "-" "Mozilla/5.0 (Linux; Android 6.0.1; Nexus 5X Build/MMB29P) AppleWebKit/537.36 (KHTML, like Gecko) Chrome/135.0.7049.95 Mobile Safari/537.36 (compatible; Googlebot/2.1; +http://www.google.com/bot.html)"
66.249.73.101 - - [26/Apr/2025:09:06:16 -0400] "GET /?i=7229445022403&channel=2c13c0&from=category-info.php%3Fid%3D450224-95%26name%3D%E3%80%90GOOD+GRIEF%2F%E3%82%B0%E3%83%83%E3%83%89%E3%82%B0%E3%83%AA%E3%83%BC%E3%83%95%E3%80%91Relaxed+Tee HTTP/1.1" 200 53250 "-" "Mozilla/5.0 (Linux; Android 6.0.1; Nexus 5X Build/MMB29P) AppleWebKit/537.36 (KHTML, like Gecko) Chrome/135.0.7049.95 Mobile Safari/537.36 (compatible; Googlebot/2.1; +http://www.google.com/bot.html)"
66.249.73.101 - - [26/Apr/2025:09:06:26 -0400] "GET /?i=88814130124606&channel=1e6070&from=goods.php%3Fid%3D1301246-10882%26name%3D%E2%96%A0%E8%A8%B3%E3%81%82%E3%82%8A%EF%BC%81%E3%82%B0%E3%83%AD%E3%83%BC%E3%83%96%E3%83%A9%E3%82%A4%E3%83%89%E3%80%80ONOFF+AKA+RD5900%E3%80%80%E3%83%AD%E3%83%95%E3%83%88+10.5%E5%BA%A6+%E3%80%80HIGH+REPULSION+KICK+RD5900%E3%80%80%E3%83%95%E3%83%AC%E3%83%83%E3%82%AF%E3%82%B9+SR%E3%80%80+%E4%B8%AD%E5%8F%A4%E3%83%89%E3%83%A9%E3%82%A4%E3%83%90%E3%83%BC+%E2%96%A0 HTTP/1.1" 200 0 "-" "Mozilla/5.0 (Linux; Android 6.0.1; Nexus 5X Build/MMB29P) AppleWebKit/537.36 (KHTML, like Gecko) Chrome/135.0.7049.95 Mobile Safari/537.36 (compatible; GoogleOther)"
66.249.73.101 - - [26/Apr/2025:09:06:35 -0400] "GET /?i=20326129397607&channel=2f5c0a&from=article.php%3Fid%3D1293976-15249%26name%3DL%27Appartement%E3%80%90GERRY%2F%E3%82%B8%E3%82%A7%E3%83%AA%E3%83%BC%E3%80%91DOWN+VEST HTTP/1.1" 200 53089 "-" "Mozilla/5.0 (Linux; Android 6.0.1; Nexus 5X Build/MMB29P) AppleWebKit/537.36 (KHTML, like Gecko) Chrome/135.0.7049.95 Mobile Safari/537.36 (compatible; Googlebot/2.1; +http://www.google.com/bot.html)"
66.249.73.101 - - [26/Apr/2025:09:06:48 -0400] "GET /?i=9805190321302&channel=c5df37&from=blog.php%3Fid%3D903213-10557%26name%3D%E9%89%84%E7%93%B6+%E5%8D%97%E9%83%A8%E9%89%84%E5%99%A8+%E6%80%A5%E9%A0%88+%E8%8C%B6%E9%81%93%E9%81%93%E5%85%B7+IH%E5%AF%BE%E5%BF%9C+%E3%82%84%E3%81%8B%E3%82%93+40.5%E3%82%AA%E3%83%B3%E3%82%B9%2F1.2L%E3%83%86%E3%82%A3%E3%83%BC%E3%83%9D%E3%83%83%E3%83%88%E9%8B%B3%E9%89%84%E3%83%86%E3%82%A3%E3%83%BC%E3%83%9D%E3%83%83%E3%83%88%E3%82%84%E3%81%8B%E3%82%93%E5%92%8C%E9%A2%A8%E3%83%A9%E3%82%A6%E3%83%B3%E3%83%89%E3%82%B1%E3%83%88%E3%83%AB%E5%AE%B6%E5%BA%AD%E7%94%A8 HTTP/1.1" 200 54504 "-" "Mozilla/5.0 (Linux; Android 6.0.1; Nexus 5X Build/MMB29P) AppleWebKit/537.36 (KHTML, like Gecko) Chrome/135.0.7049.95 Mobile Safari/537.36 (compatible; Googlebot/2.1; +http://www.google.com/bot.html)"
66.249.73.101 - - [26/Apr/2025:09:06:58 -0400] "GET /?i=049178173205&channel=d32da1&from=shop.php%3Fid%3D81732-7081%26name%3D%E3%83%AA%E3%82%A2%E3%83%90%E3%83%B3%E3%83%91%E3%83%BC%E3%83%AA%E3%83%95%E3%83%AC%E3%82%AF%E3%82%BF+%E3%81%AB%E9%81%A9%E5%90%88%E3%81%99%E3%82%8B%E3%83%9C%E3%83%AB%E3%83%9C+Xc60+2014-2017+31353286+31353285+%E3%83%AA%E3%82%A2%E3%83%90%E3%83%B3%E3%83%91%E3%83%BC%E3%83%AA%E3%83%95%E3%83%AC%E3%82%AF%E3%82%BF%E3%83%BC HTTP/1.1" 200 52461 "-" "Mozilla/5.0 (Linux; Android 6.0.1; Nexus 5X Build/MMB29P) AppleWebKit/537.36 (KHTML, like Gecko) Chrome/135.0.7049.95 Mobile Safari/537.36 (compatible; Googlebot/2.1; +http://www.google.com/bot.html)"
66.249.73.103 - - [26/Apr/2025:09:07:13 -0400] "GET /?i=10985127320403&channel=6dda15&from=form.php%3Fid%3D1273204-471%26name%3D%E9%80%81%E6%96%99%E7%84%A1%E6%96%99%E3%80%80%E3%82%BD%E3%83%95%E3%82%A1%E3%83%BC%E3%83%99%E3%83%83%E3%83%89%E3%80%80%E3%82%B7%E3%83%B3%E3%83%97%E3%83%AB%E3%83%87%E3%82%B6%E3%82%A4%E3%83%B3%E3%80%803%E8%89%B2%E5%AF%BE%E5%BF%9C%E3%80%80%E3%83%A2%E3%83%80%E3%83%B3%E3%82%B9%E3%82%BF%E3%82%A4%E3%83%AB%E3%80%80%E3%83%95%E3%82%A1%E3%83%96%E3%83%AA%E3%83%83%E3%82%AF%E3%80%80%E3%81%8B%E3%82%8F%E3%81%84%E3%81%84%E3%80%80%E7%B0%A1%E6%98%93%E3%83%99%E3%83%83%E3%83%89+%E3%81%A8%E3%81%BF HTTP/1.1" 200 55530 "-" "Mozilla/5.0 (Linux; Android 6.0.1; Nexus 5X Build/MMB29P) AppleWebKit/537.36 (KHTML, like Gecko) Chrome/135.0.7049.95 Mobile Safari/537.36 (compatible; Googlebot/2.1; +http://www.google.com/bot.html)"
66.249.73.102 - - [26/Apr/2025:09:07:29 -0400] "GET /?i=3820869323100&channel=ed7719&from=shop.php%3Fid%3D693231-18367%26name%3D%E5%A0%BA%E5%AD%9D%E8%A1%8C+%E9%BB%92%E5%BD%B1+VG10%E6%A7%8C%E7%9B%AE%E3%83%95%E3%83%83%E7%B4%A0%E5%8A%A0%E5%B7%A5%E5%92%8C%E5%BC%8F%E5%8C%85%E4%B8%81+%28%E5%92%8C%E5%89%A3%E5%9E%8B%E4%B8%89%E5%BE%B3+160mm%29 HTTP/1.1" 200 0 "-" "Mozilla/5.0 (Linux; Android 6.0.1; Nexus 5X Build/MMB29P) AppleWebKit/537.36 (KHTML, like Gecko) Chrome/135.0.7049.95 Mobile Safari/537.36 (compatible; GoogleOther)"
66.249.73.101 - - [26/Apr/2025:09:07:32 -0400] "GET /?i=22249151978303&channel=cdc8c6&from=jp.php%3Fid%3D1519783-25248%26name%3D%E7%84%A1%E5%8D%B0%E8%89%AF%E5%93%81+%E3%81%A4%E3%81%B6%E3%82%B0%E3%83%9F+%EF%BC%94%EF%BC%95%EF%BD%87+1%E3%82%BB%E3%83%83%E3%83%88%EF%BC%881%E8%A2%8B%C3%975%EF%BC%89+%E9%BD%A7%E3%82%8B+%E8%89%AF%E5%93%81%E8%A8%88%E7%94%BB HTTP/1.1" 200 51387 "-" "Mozilla/5.0 (Linux; Android 6.0.1; Nexus 5X Build/MMB29P) AppleWebKit/537.36 (KHTML, like Gecko) Chrome/135.0.7049.95 Mobile Safari/537.36 (compatible; Googlebot/2.1; +http://www.google.com/bot.html)"
66.249.73.101 - - [26/Apr/2025:09:07:48 -0400] "GET /?i=1891011976504&channel=402d74&from=form.php%3Fid%3D119765-5175%26name%3D%E3%83%A9%E3%82%A4%E3%83%80%E3%83%BC%E3%82%B9%E3%82%B8%E3%83%A3%E3%82%B1%E3%83%83%E3%83%88+%E6%9C%AC%E9%9D%A9+%E3%83%80%E3%83%96%E3%83%AB+%E3%83%A1%E3%83%B3%E3%82%BA+%E3%83%AC%E3%82%B6%E3%83%BC%E3%82%B8%E3%83%A3%E3%82%B1%E3%83%83%E3%83%88+%E3%83%90%E3%82%A4%E3%82%AF+X6434 HTTP/1.1" 200 53725 "-" "Mozilla/5.0 (Linux; Android 6.0.1; Nexus 5X Build/MMB29P) AppleWebKit/537.36 (KHTML, like Gecko) Chrome/135.0.7049.95 Mobile Safari/537.36 (compatible; Googlebot/2.1; +http://www.google.com/bot.html)"
