OwlCyberSecurity - MANAGER
Edit File: mianoorpropertiescom.arsn.media-ssl_log
66.249.74.12 - - [25/Apr/2025:21:31:50 -0400] "GET /771517309.shtml HTTP/1.1" 200 0 "-" "Mozilla/5.0 (Linux; Android 6.0.1; Nexus 5X Build/MMB29P) AppleWebKit/537.36 (KHTML, like Gecko) Chrome/135.0.7049.95 Mobile Safari/537.36 (compatible; GoogleOther)"
66.249.73.101 - - [25/Apr/2025:21:31:51 -0400] "GET /?i=7170280378501&channel=117e3b&from=shared.php%3Fid%3D803785-5731%26name%3Danana+%E3%82%A2%E3%83%8A%E3%83%8A+%E3%83%96%E3%83%A9%E3%82%A6%E3%82%B9+a51-030+%E3%83%AC%E3%83%87%E3%82%A3%E3%83%BC%E3%82%B9+%E3%82%B7%E3%82%A2%E3%83%BC+%E3%83%AA%E3%83%9C%E3%83%B3+%E9%95%B7%E8%A2%96+%E3%83%9C%E3%83%AA%E3%83%A5%E3%83%BC%E3%83%A0%E3%82%B9%E3%83%AA%E3%83%BC%E3%83%96+%E3%83%8F%E3%82%A4%E3%83%8D%E3%83%83%E3%82%AF+%E3%82%AB%E3%83%A9%E3%83%BC3%E8%89%B2 HTTP/1.1" 200 52978 "-" "Mozilla/5.0 (Linux; Android 6.0.1; Nexus 5X Build/MMB29P) AppleWebKit/537.36 (KHTML, like Gecko) Chrome/135.0.7049.95 Mobile Safari/537.36 (compatible; Googlebot/2.1; +http://www.google.com/bot.html)"
52.167.144.16 - - [25/Apr/2025:21:31:58 -0400] "GET /?i=57931171627709&channel=223253&from=form.php%3Fid%3D1716277-27604%26name%3D%E9%A4%8C%E5%85%A5%E3%82%8C%E3%80%80%EF%BC%92%E8%89%B2%E3%82%BB%E3%83%83%E3%83%88%E3%80%80%E9%9D%92%E3%80%80%E3%82%AA%E3%83%AC%E3%83%B3%E3%82%B8%E3%80%80%E3%83%8D%E3%82%B8%E5%9B%BA%E5%AE%9A%E5%BC%8F%E3%80%80%E3%83%95%E3%83%BC%E3%83%89%E3%83%9C%E3%82%A6%E3%83%AB%E3%80%80%E3%83%9A%E3%83%83%E3%83%88%E9%A3%9F%E5%99%A8%E3%80%80%E7%8A%AC%E3%80%80%E3%83%8D%E3%82%B3 HTTP/1.1" 200 0 "-" "Mozilla/5.0 AppleWebKit/537.36 (KHTML, like Gecko; compatible; bingbot/2.0; +http://www.bing.com/bingbot.htm) Chrome/116.0.1938.76 Safari/537.36"
52.167.144.172 - - [25/Apr/2025:21:32:16 -0400] "GET /?i=0646248926208&channel=cc235f&from=article.php%3Fid%3D489262-54%26name%3D%E3%80%90%E6%9C%AC%E6%97%A5%E8%B6%85%E5%BE%97%E3%80%91+%E3%83%9E%E3%82%A4%E3%82%AF%E3%83%AD%E3%82%BD%E3%83%95%E3%83%88%E3%82%AA%E3%83%95%E3%82%A3%E3%82%B9%E4%BB%98+%E3%83%8E%E3%83%BC%E3%83%88%E3%83%91%E3%82%BD%E3%82%B3%E3%83%B3+%E4%B8%AD%E5%8F%A4+Office%E4%BB%98%E3%81%8D+2021%E5%B9%B4%E7%99%BA%E5%A3%B2+10%E4%B8%96%E4%BB%A3+%E3%83%86%E3%83%B3%E3%82%AD%E3%83%BC+Windows11+Pro+%E6%9D%B1%E8%8A%9D+dynabook+BJ65%2FFS+Corei5+16GB%E3%83%A1%E3%83%A2%E3%83%AA+15.6%E5%9E%8B+%E4%B8%AD%E5%8F%A4%E3%83%91%E3%82%BD%E3%82%B3%E3%83%B3+%E4%B8%AD%E5%8F%A4%E3%83%8E%E3%83%BC%E3%83%88%E3%83%91%E3%82%BD%E3%82%B3%E3%83%B3 HTTP/1.1" 200 0 "-" "Mozilla/5.0 AppleWebKit/537.36 (KHTML, like Gecko; compatible; bingbot/2.0; +http://www.bing.com/bingbot.htm) Chrome/116.0.1938.76 Safari/537.36"
66.249.73.101 - - [25/Apr/2025:21:32:19 -0400] "GET /?i=97010102053704&channel=5debca&from=article.php%3Fid%3D1020537-5526%26name%3D%E3%80%90%E4%B8%AD%E5%8F%A4%E3%80%91Apple+AirPods+4+%E7%A9%BF%E3%81%8F+%E3%82%A2%E3%82%AF%E3%83%86%E3%82%A3%E3%83%96%E3%83%8E%E3%82%A4%E3%82%BA%E3%82%AD%E3%83%A3%E3%83%B3%E3%82%BB%E3%83%AA%E3%83%B3%E3%82%B0%E6%90%AD%E8%BC%89%E3%83%A2%E3%83%87%E3%83%AB+MXP93J%2FA%E3%80%90EC%E3%82%BB%E3%83%B3%E3%82%BF%E3%83%BC%E3%80%91%E4%BF%9D%E8%A8%BC%E6%9C%9F%E9%96%93%EF%BC%91%E9%80%B1%E9%96%93%E3%80%90%E3%83%A9%E3%83%B3%E3%82%AFA%E3%80%91 HTTP/1.1" 200 0 "-" "Mozilla/5.0 (Linux; Android 6.0.1; Nexus 5X Build/MMB29P) AppleWebKit/537.36 (KHTML, like Gecko) Chrome/135.0.7049.95 Mobile Safari/537.36 (compatible; GoogleOther)"
66.249.73.101 - - [25/Apr/2025:21:32:38 -0400] "GET /84337674470.shtml HTTP/1.1" 200 0 "-" "Mozilla/5.0 (Linux; Android 6.0.1; Nexus 5X Build/MMB29P) AppleWebKit/537.36 (KHTML, like Gecko) Chrome/135.0.7049.95 Mobile Safari/537.36 (compatible; GoogleOther)"
66.249.73.103 - - [25/Apr/2025:21:33:17 -0400] "GET /49142910000.shtml HTTP/1.1" 200 0 "-" "Mozilla/5.0 (Linux; Android 6.0.1; Nexus 5X Build/MMB29P) AppleWebKit/537.36 (KHTML, like Gecko) Chrome/135.0.7049.95 Mobile Safari/537.36 (compatible; GoogleOther)"
52.167.144.25 - - [25/Apr/2025:21:33:22 -0400] "GET /?i=25830142980705&channel=754172&from=pin.php%3Fid%3D1429807-3182%26name%3D%E7%9C%BC%E9%8F%A1%E3%82%B1%E3%83%BC%E3%82%B9%E3%82%AD%E3%83%9F%E3%81%A8%E3%82%A2%E3%82%A4%E3%83%89%E3%83%AB%E3%83%97%E3%83%AA%E3%82%AD%E3%83%A5%E3%82%A2%E2%99%AA%E3%83%A1%E3%82%AC%E3%83%8D%E3%82%B1%E3%83%BC%E3%82%B9+%E3%82%B3%E3%83%B3%E3%83%91%E3%82%AF%E3%83%88%E3%83%A1%E3%82%AC%E3%83%8D%E3%82%B1%E3%83%BC%E3%82%B9+%E9%AB%98%E7%B4%9A%E3%83%AC%E3%82%B6%E3%83%BC%E8%A3%BD+%E8%BB%BD%E9%87%8F+%E7%9C%BC%E9%8F%A1%E5%8F%8E%E7%B4%8D+%E7%94%B7%E5%A5%B3%E5%85%BC%E7%94%A8+%E3%83%97%E3%83%AC%E3%82%BC%E3%83%B3%E3%83%88%E5%AF%BE%E5%BF%9C+1 HTTP/1.1" 200 0 "-" "Mozilla/5.0 AppleWebKit/537.36 (KHTML, like Gecko; compatible; bingbot/2.0; +http://www.bing.com/bingbot.htm) Chrome/116.0.1938.76 Safari/537.36"
66.249.73.103 - - [25/Apr/2025:21:34:13 -0400] "GET /?i=03470164964003&channel=3ab995&from=jp.php%3Fid%3D1649640-26640%26name%3D%E3%83%96%E3%83%AB%E3%83%BC%E3%81%AE%E3%83%9D%E3%83%83%E3%83%88%E3%83%9E%E3%83%83%E3%83%88%E3%80%80A-2 HTTP/1.1" 200 56307 "-" "Mozilla/5.0 (Linux; Android 6.0.1; Nexus 5X Build/MMB29P) AppleWebKit/537.36 (KHTML, like Gecko) Chrome/135.0.7049.95 Mobile Safari/537.36 (compatible; Googlebot/2.1; +http://www.google.com/bot.html)"
66.249.73.101 - - [25/Apr/2025:21:34:14 -0400] "GET /?i=4722817422103&channel=b89082&from=category-info.php%3Fid%3D174221-1496%26name%3D%E5%92%8C%E6%9F%84%E4%B8%8A%E4%B8%8B%E3%82%BB%E3%83%83%E3%83%88%3Cbr%3E%E3%80%90%EF%BC%93%EF%BC%AC%E3%80%9C%EF%BC%95%EF%BC%AC%E3%80%91%3Cbr%3E%E3%83%88%E3%83%AC%E3%83%BC%E3%83%8A%E3%83%BC%E3%80%8C%E9%BE%8D%E6%96%87%E5%AD%97%E3%80%8D%3Cbr%3E%E6%A2%B5%E5%AD%97+%E6%BC%A2%E5%AD%97+%E7%AB%9C+%E6%9B%BC%E8%8D%BC%E7%BE%85+%E5%AE%B6%E7%B4%8B+%E3%83%91%E3%82%B8%E3%83%A3%E3%83%9E+%E3%82%B9%E3%82%A6%E3%82%A7%E3%83%83%E3%83%88+%E3%83%91%E3%82%A4%E3%83%AB+%E4%BA%AC%E9%83%BD+%E3%83%A1%E3%83%B3%E3%82%BA+%E3%83%AC%E3%83%87%E3%82%A3%E3%83%BC%E3%82%B9+%E5%A4%A7%E3%81%8D%E3%81%84%E3%82%B5%E3%82%A4%E3%82%BA+%E6%89%8B%E6%9F%93+%E4%BA%AC%E5%8F%8B%E7%A6%85 HTTP/1.1" 200 0 "-" "Mozilla/5.0 (Linux; Android 6.0.1; Nexus 5X Build/MMB29P) AppleWebKit/537.36 (KHTML, like Gecko) Chrome/135.0.7049.95 Mobile Safari/537.36 (compatible; GoogleOther)"
66.249.73.101 - - [25/Apr/2025:21:34:59 -0400] "GET /97551902596.shtml HTTP/1.1" 200 0 "-" "Mozilla/5.0 (Linux; Android 6.0.1; Nexus 5X Build/MMB29P) AppleWebKit/537.36 (KHTML, like Gecko) Chrome/135.0.7049.95 Mobile Safari/537.36 (compatible; GoogleOther)"
66.249.73.101 - - [25/Apr/2025:21:35:20 -0400] "GET /92695133039.shtml HTTP/1.1" 200 0 "-" "Mozilla/5.0 (Linux; Android 6.0.1; Nexus 5X Build/MMB29P) AppleWebKit/537.36 (KHTML, like Gecko) Chrome/135.0.7049.95 Mobile Safari/537.36 (compatible; GoogleOther)"
52.167.144.172 - - [25/Apr/2025:21:35:26 -0400] "GET /?i=12501184356701&channel=731d6d&from=brands.php%3Fid%3D1843567-29581%26name%3D100%E6%9C%AC+%E3%83%94%E3%83%B3%E3%82%AF%E3%83%8F%E3%83%BC%E3%83%88+%E4%BD%BF%E3%81%84%E6%8D%A8%E3%81%A6%E3%82%B9%E3%83%88%E3%83%AD%E3%83%BC+%E3%83%96%E3%83%A9%E3%82%A4%E3%83%80%E3%83%AB%E3%82%B7%E3%83%A3%E3%83%AF%E3%83%BC+%E7%B5%90%E5%A9%9A%E5%BC%8F+%E8%AA%95%E7%94%9F%E6%97%A5%E7%94%A8%E5%93%81+%E3%83%90%E3%83%AC%E3%83%B3%E3%82%BF%E3%82%A4%E3%83%B3%E3%83%87%E3%83%BC%E3%82%AE%E3%83%95%E3%83%88+%E7%8B%AC%E8%BA%AB%E3%83%91%E3%83%BC%E3%83%86%E3%82%A3%E3%83%BC HTTP/1.1" 200 0 "-" "Mozilla/5.0 AppleWebKit/537.36 (KHTML, like Gecko; compatible; bingbot/2.0; +http://www.bing.com/bingbot.htm) Chrome/116.0.1938.76 Safari/537.36"
52.167.144.16 - - [25/Apr/2025:21:35:38 -0400] "GET /?i=144125938602&channel=be804c&from=goods.php%3Fid%3D59386-5601%26name%3D%E6%96%B0%E5%93%81%E2%9C%A8%E3%83%9E%E3%82%A4%E3%82%B9%E3%83%88%E3%83%A9%E3%83%BC%E3%83%80%E2%9C%A8%E6%B4%97%E3%81%88%E3%82%8B%E3%82%BF%E3%83%83%E3%82%AF%E3%82%AB%E3%83%A9%E3%83%BC%E3%83%9C%E3%82%A4%E3%83%AB%E3%83%AF%E3%83%B3%E3%83%94%E3%83%BC%E3%82%B9%E2%9C%A8%E3%81%93%E3%82%8C%E3%81%8B%E3%82%89%E4%BE%BF%E5%88%A9%E3%81%AA%E4%B8%80%E6%9E%9A HTTP/1.1" 200 0 "-" "Mozilla/5.0 AppleWebKit/537.36 (KHTML, like Gecko; compatible; bingbot/2.0; +http://www.bing.com/bingbot.htm) Chrome/116.0.1938.76 Safari/537.36"
66.249.73.101 - - [25/Apr/2025:21:35:40 -0400] "GET /?i=1172782058902&channel=c9f1c8&from=info.php%3Fid%3D820589-12320%26name%3D%E3%83%A4%E3%83%9E%E3%83%8F+%E3%83%B4%E3%82%A3%E3%82%AA%E3%83%AA%E3%83%A9%E3%80%80SH-30NW+%E5%87%BA%E5%8A%9B%E7%A2%BA%E8%AA%8D%E6%B8%88%E3%81%BF HTTP/1.1" 200 51793 "-" "Mozilla/5.0 (Linux; Android 6.0.1; Nexus 5X Build/MMB29P) AppleWebKit/537.36 (KHTML, like Gecko) Chrome/135.0.7049.95 Mobile Safari/537.36 (compatible; Googlebot/2.1; +http://www.google.com/bot.html)"
66.249.74.12 - - [25/Apr/2025:21:35:45 -0400] "GET /929401252469.shtml HTTP/1.1" 200 0 "-" "Mozilla/5.0 (Linux; Android 6.0.1; Nexus 5X Build/MMB29P) AppleWebKit/537.36 (KHTML, like Gecko) Chrome/135.0.7049.95 Mobile Safari/537.36 (compatible; GoogleOther)"
66.249.73.101 - - [25/Apr/2025:21:35:53 -0400] "GET /01437368215.shtml HTTP/1.1" 200 0 "-" "Mozilla/5.0 (Linux; Android 6.0.1; Nexus 5X Build/MMB29P) AppleWebKit/537.36 (KHTML, like Gecko) Chrome/135.0.7049.95 Mobile Safari/537.36 (compatible; GoogleOther)"
66.249.74.12 - - [25/Apr/2025:21:35:59 -0400] "GET /327771514494.shtml HTTP/1.1" 200 0 "-" "Mozilla/5.0 (Linux; Android 6.0.1; Nexus 5X Build/MMB29P) AppleWebKit/537.36 (KHTML, like Gecko) Chrome/135.0.7049.95 Mobile Safari/537.36 (compatible; GoogleOther)"
66.249.73.102 - - [25/Apr/2025:21:36:30 -0400] "GET /10993514105.shtml HTTP/1.1" 200 0 "-" "Mozilla/5.0 (Linux; Android 6.0.1; Nexus 5X Build/MMB29P) AppleWebKit/537.36 (KHTML, like Gecko) Chrome/135.0.7049.95 Mobile Safari/537.36 (compatible; GoogleOther)"
66.249.73.102 - - [25/Apr/2025:21:36:35 -0400] "GET /?i=2402863806805&channel=14ad79&from=pin.php%3Fid%3D638068-17852%26name%3D%E6%B0%B4%E9%81%93%E7%AE%A1%E9%85%8D%E7%AE%A1%E7%B6%99%E6%89%8B%E3%80%81+2+%E5%80%8B+90+%E5%BA%A6%E3%83%9B%E3%83%BC%E3%82%B9%E3%82%A8%E3%83%AB%E3%83%9C%E3%83%A1%E3%82%B9%E3%83%91%E3%82%A4%E3%83%97%E7%B6%99%E6%89%8B%E3%83%9B%E3%83%BC%E3%82%B9%E7%B6%99%E6%89%8B%E3%82%AC%E3%82%B9%E3%83%91%E3%82%A4%E3%83%97%E7%B6%99%E6%89%8B%E3%82%A8%E3%83%AB%E3%83%9C%E3%82%B3%E3%83%8D%E3%82%AF%E3%82%BF%E3%83%91%E3%82%A4%E3%83%97%E7%B6%99%E6%89%8B HTTP/1.1" 200 54606 "-" "Mozilla/5.0 (Linux; Android 6.0.1; Nexus 5X Build/MMB29P) AppleWebKit/537.36 (KHTML, like Gecko) Chrome/135.0.7049.95 Mobile Safari/537.36 (compatible; Googlebot/2.1; +http://www.google.com/bot.html)"
66.249.73.101 - - [25/Apr/2025:21:36:41 -0400] "GET /?i=6901191875801&channel=c29f44&from=news.php%3Fid%3D918758-87%26name%3D%E4%BB%A4%E5%92%8C6%E5%B9%B4%E5%BA%A6%E3%80%80%E4%B8%89%E9%87%8D%E7%9C%8C%E7%94%A3%E3%82%B3%E3%82%B7%E3%83%92%E3%82%AB%E3%83%AA%E3%80%8030%E3%82%AD%E3%83%AD%E7%8E%84%E7%B1%B3 HTTP/1.1" 200 54026 "-" "Mozilla/5.0 (Linux; Android 6.0.1; Nexus 5X Build/MMB29P) AppleWebKit/537.36 (KHTML, like Gecko) Chrome/135.0.7049.95 Mobile Safari/537.36 (compatible; Googlebot/2.1; +http://www.google.com/bot.html)"
66.249.73.101 - - [25/Apr/2025:21:36:43 -0400] "GET /?i=8575612958702&channel=82f334&from=info.php%3Fid%3D129587-3071%26name%3DOG+I+O++%E3%82%AD%E3%83%A3%E3%83%87%E3%82%A3%E3%83%BC%E3%83%90%E3%83%83%E3%82%AF HTTP/1.1" 200 53037 "-" "Mozilla/5.0 (Linux; Android 6.0.1; Nexus 5X Build/MMB29P) AppleWebKit/537.36 (KHTML, like Gecko) Chrome/135.0.7049.95 Mobile Safari/537.36 (compatible; Googlebot/2.1; +http://www.google.com/bot.html)"
66.249.73.101 - - [25/Apr/2025:21:36:45 -0400] "GET /?i=8067469921202&channel=8c58aa&from=shared.php%3Fid%3D699212-3372%26name%3D%E4%BC%91%E6%97%A5%E3%81%A8%E8%A9%A9%E3%80%80%E3%82%B9%E3%83%86%E3%83%A9%E3%82%B3%E3%83%BC%E3%83%88%E3%80%80%E3%82%B3%E3%83%BC%E3%83%87%E3%83%A5%E3%83%AD%E3%82%A4+%E6%8C%AF%E3%82%8B%E8%88%9E%E3%81%86 HTTP/1.1" 200 0 "-" "Mozilla/5.0 (Linux; Android 6.0.1; Nexus 5X Build/MMB29P) AppleWebKit/537.36 (KHTML, like Gecko) Chrome/135.0.7049.95 Mobile Safari/537.36 (compatible; GoogleOther)"
66.249.74.11 - - [25/Apr/2025:21:36:54 -0400] "GET /73737739333.shtml HTTP/1.1" 200 0 "-" "Mozilla/5.0 (Linux; Android 6.0.1; Nexus 5X Build/MMB29P) AppleWebKit/537.36 (KHTML, like Gecko) Chrome/135.0.7049.95 Mobile Safari/537.36 (compatible; GoogleOther)"
66.249.73.103 - - [25/Apr/2025:21:37:01 -0400] "GET /?i=025871773201&channel=b57d09&from=blog.php%3Fid%3D17732-3160%26name%3D%E3%83%9E%E3%83%AA%E3%83%BC%E3%83%B3%E3%83%8A%E3%83%8E+FLUVAL+SEA+NANO+%E6%96%B0%E5%93%81 HTTP/1.1" 200 0 "-" "Mozilla/5.0 (Linux; Android 6.0.1; Nexus 5X Build/MMB29P) AppleWebKit/537.36 (KHTML, like Gecko) Chrome/135.0.7049.95 Mobile Safari/537.36 (compatible; GoogleOther)"
66.249.73.102 - - [25/Apr/2025:21:37:19 -0400] "GET /24299219531.shtml HTTP/1.1" 200 0 "-" "Mozilla/5.0 (Linux; Android 6.0.1; Nexus 5X Build/MMB29P) AppleWebKit/537.36 (KHTML, like Gecko) Chrome/135.0.7049.95 Mobile Safari/537.36 (compatible; GoogleOther)"
66.249.74.12 - - [25/Apr/2025:21:37:29 -0400] "GET /302981314369.shtml HTTP/1.1" 200 0 "-" "Mozilla/5.0 (Linux; Android 6.0.1; Nexus 5X Build/MMB29P) AppleWebKit/537.36 (KHTML, like Gecko) Chrome/135.0.7049.95 Mobile Safari/537.36 (compatible; GoogleOther)"
52.167.144.16 - - [25/Apr/2025:21:37:29 -0400] "GET /?i=21269158052302&channel=682c67&from=category-info.php%3Fid%3D1580523-23704%26name%3D%E3%82%AF%E3%83%A9%E3%83%95%E3%83%88%E3%83%9C%E3%83%BC%E3%83%AB%E3%83%9D%E3%83%B3%E3%82%BA%E3%80%81%E3%82%AF%E3%83%A9%E3%83%95%E3%83%88%E7%94%A8%E3%81%AE%E3%83%91%E3%83%95%E3%83%9C%E3%83%BC%E3%83%AB%2C%E3%81%8D%E3%82%89%E3%82%81%E3%81%8F%E3%82%AB%E3%83%A9%E3%83%95%E3%83%AB%E3%81%AA%E3%83%9D%E3%83%B3%E3%82%BA%E7%8C%AB%E3%81%AE%E3%81%8A%E3%82%82%E3%81%A1%E3%82%83+%7C+100%E5%80%8D%E3%81%AE%E3%83%91%E3%83%95%E3%83%9C%E3%83%BC%E3%83%AB%E3%82%A4%E3%83%B3%E3%82%BF%E3%83%A9%E3%82%AF%E3%83%86%E3%82%A3%E3%83%96%E3%81%AA%E3%81%8A%E3%82%82%E3%81%A1 HTTP/1.1" 200 0 "-" "Mozilla/5.0 AppleWebKit/537.36 (KHTML, like Gecko; compatible; bingbot/2.0; +http://www.bing.com/bingbot.htm) Chrome/116.0.1938.76 Safari/537.36"
66.249.74.12 - - [25/Apr/2025:21:37:51 -0400] "GET /02712287872.shtml HTTP/1.1" 200 0 "-" "Mozilla/5.0 (Linux; Android 6.0.1; Nexus 5X Build/MMB29P) AppleWebKit/537.36 (KHTML, like Gecko) Chrome/135.0.7049.95 Mobile Safari/537.36 (compatible; GoogleOther)"
66.249.73.101 - - [25/Apr/2025:21:38:04 -0400] "GET /?i=04514143879607&channel=e975cb&from=article.php%3Fid%3D1438796-8914%26name%3D%E3%82%B3%E3%83%BC%E3%83%88%E7%94%A8%E3%81%AE%E6%A3%9A%E4%BB%98%E3%81%8D%E3%81%AE%E5%A3%81%E3%83%95%E3%83%83%E3%82%AF%E3%80%81%E3%83%95%E3%83%83%E3%82%AF%E5%85%A5%E3%82%8A%E3%81%AE%E5%A3%81%E3%82%AA%E3%83%BC%E3%82%AC%E3%83%8A%E3%82%A4%E3%82%B6%E3%83%BC+-+%E3%82%AC%E3%83%AC%E3%83%BC%E3%82%B8%E3%82%B9%E3%83%88%E3%83%AC%E3%83%BC%E3%82%B8+%E3%82%A6%E3%82%A9%E3%83%BC%E3%83%AB%E3%83%9E%E3%82%A6%E3%83%B3%E3%83%88+-+%E3%83%9B%E3%83%BC%E3%83%A0%E6%94%B9%E5%96%84%E3%81%AE%E3%81%9F%E3%82%81%E3%81%AB%E3%83%89%E3%82%A2%E3%82%AD%E3%83%BC%E3%82%BA HTTP/1.1" 200 0 "-" "Mozilla/5.0 (Linux; Android 6.0.1; Nexus 5X Build/MMB29P) AppleWebKit/537.36 (KHTML, like Gecko) Chrome/135.0.7049.95 Mobile Safari/537.36 (compatible; GoogleOther)"
52.167.144.191 - - [25/Apr/2025:21:38:07 -0400] "GET /?i=60298169711605&channel=ab35b1&from=news.php%3Fid%3D1697116-28199%26name%3DOUNONA+1%E5%80%8B+%E6%A5%A0%E7%AB%B9%E3%83%90%E3%83%8A%E3%83%8A%E3%83%8F%E3%83%B3%E3%82%AC%E3%83%BC+%E5%8F%8E%E7%B4%8D%E3%83%A9%E3%83%83%E3%82%AF+%E3%83%AF%E3%82%A4%E3%83%A4%E3%83%BC+%E3%83%90%E3%83%8A%E3%83%8A%E3%83%90%E3%82%B9%E3%82%B1%E3%83%83%E3%83%88+%E3%83%99%E3%83%AB%E3%83%88+%E3%81%8A%E3%82%82%E3%81%A1%E3%82%83+%E3%83%95%E3%83%AB%E3%83%BC%E3%83%84%E3%83%9C%E3%82%A6%E3%83%AB+%E3%83%95%E3%83%AB%E3%83%BC%E3%83%84%E7%94%A8%E3%83%95%E3%83%83%E3%82%AF%E3%83%A9 HTTP/1.1" 200 0 "-" "Mozilla/5.0 AppleWebKit/537.36 (KHTML, like Gecko; compatible; bingbot/2.0; +http://www.bing.com/bingbot.htm) Chrome/116.0.1938.76 Safari/537.36"
52.167.144.191 - - [25/Apr/2025:21:38:08 -0400] "GET /?i=26701179571300&channel=3fc8a9&from=news.php%3Fid%3D1795713-2574%26name%3D%E3%82%B9%E3%83%86%E3%83%B3%E3%83%AC%E3%82%B9%E3%83%AF%E3%82%A4%E3%83%A4%E3%83%BC+2mm+%E5%8F%B0%E9%A2%A8%E5%AF%BE%E7%AD%96+%E5%9B%BA%E5%AE%9A+%E3%82%B9%E3%83%86%E3%83%B3%E3%83%AC%E3%82%B9+%E3%83%AF%E3%82%A4%E3%83%A4%E3%83%BC%E3%83%AD%E3%83%BC%E3%83%97+%E6%9F%94%E3%82%89%E3%81%8B%E3%81%84%E3%83%AF%E3%82%A4%E3%83%A4%E3%83%BC+%E3%82%B9%E3%83%86%E3%83%B3%E3%83%AC%E3%82%B9%E3%83%AD%E3%83%BC%E3%83%97+wire+rope+%E3%82%A2%E3%83%B3%E3%83%86%E3%83%8A%E5%9B%BA%E5%AE%9A%E3%83%AF%E3%82%A4%E3%83%A4%E3%83%BC+%E7%89%A9%E5%B9%B2%E3%81%97%E3%83%AD%E3%83%BC%E3%83%97+7%C3%977%E6%A7%8B%E9%80%A0%EF%BC%88SUS304%EF%BC%89%E5%88%87%E6%96%AD%E8%8D%B7%E9%87%8D290kg+%E5%9C%B0%E9%9C%87%E5%AF%BE%E7%AD%96+%E7%89%BD%E5%BC%95+%E9%98%B2%E9%8C%86%E6%80%A7+%E8%90%BD%E4%B8%8B%E9%98%B2%E6%AD%A2+%E6%9E%97%E6%A5%AD HTTP/1.1" 200 0 "-" "Mozilla/5.0 AppleWebKit/537.36 (KHTML, like Gecko; compatible; bingbot/2.0; +http://www.bing.com/bingbot.htm) Chrome/116.0.1938.76 Safari/537.36"
66.249.74.11 - - [25/Apr/2025:21:38:28 -0400] "GET /557151047328.shtml HTTP/1.1" 200 0 "-" "Mozilla/5.0 (Linux; Android 6.0.1; Nexus 5X Build/MMB29P) AppleWebKit/537.36 (KHTML, like Gecko) Chrome/135.0.7049.95 Mobile Safari/537.36 (compatible; GoogleOther)"
52.167.144.191 - - [25/Apr/2025:21:38:37 -0400] "GET /?i=9501029394000&channel=35bb1b&from=news.php%3Fid%3D293940-12197%26name%3D%E3%83%91%E3%83%8A%E3%82%BD%E3%83%8B%E3%83%83%E3%82%AF+TK-HS92C1+%E9%82%84%E5%85%83%E6%B0%B4%E7%B4%A0%E6%B0%B4%E7%94%9F%E6%88%90%E5%99%A8%E7%94%A8%E3%82%AB%E3%83%BC%E3%83%88%E3%83%AA%E3%83%83%E3%82%B8 HTTP/1.1" 200 0 "-" "Mozilla/5.0 AppleWebKit/537.36 (KHTML, like Gecko; compatible; bingbot/2.0; +http://www.bing.com/bingbot.htm) Chrome/116.0.1938.76 Safari/537.36"
52.167.144.16 - - [25/Apr/2025:21:38:42 -0400] "GET /?i=49219133447501&channel=f1bded&from=form.php%3Fid%3D1334475-12335%26name%3D%E5%B7%A5%E6%A5%AD%E7%94%A8%E6%AF%9B%E7%B3%B8%E3%83%A9%E3%83%99%E3%83%B3%E3%83%80%E3%83%BC%E8%96%84%E7%B4%AB+%E3%82%B7%E3%83%AB%E3%82%AF%E3%82%A6%E3%83%BC%E3%83%AB+505g HTTP/1.1" 200 0 "-" "Mozilla/5.0 AppleWebKit/537.36 (KHTML, like Gecko; compatible; bingbot/2.0; +http://www.bing.com/bingbot.htm) Chrome/116.0.1938.76 Safari/537.36"
66.249.74.11 - - [25/Apr/2025:21:38:45 -0400] "GET /407871149475.shtml HTTP/1.1" 200 0 "-" "Mozilla/5.0 (Linux; Android 6.0.1; Nexus 5X Build/MMB29P) AppleWebKit/537.36 (KHTML, like Gecko) Chrome/135.0.7049.95 Mobile Safari/537.36 (compatible; GoogleOther)"
52.167.144.216 - - [25/Apr/2025:21:39:23 -0400] "GET /?i=11720136243506&channel=c73cb3&from=article.php%3Fid%3D1362435-626%26name%3D%E3%80%90%E6%96%B0%E5%93%81+%E4%BA%88%E7%B4%84%E5%8F%97%E4%BB%98%E4%B8%AD+%E7%89%B9%E5%85%B8%E3%81%82%E3%82%8A+2025%2F04%E4%B8%AD%E6%97%AC%E5%85%A5%E8%8D%B7%E4%BA%88%E5%AE%9A%E3%80%91%5B%E3%82%BF%E3%83%8A%E3%82%AB%E3%83%AF%E3%83%BC%E3%82%AF%E3%82%B9%5D+%E3%82%B3%E3%83%AB%E3%83%88%E3%83%91%E3%82%A4%E3%82%BD%E3%83%B3+357%E3%83%9E%E3%82%B0%E3%83%8A%E3%83%A0+6%E3%82%A4%E3%83%B3%E3%83%81+R%E3%83%A2%E3%83%87%E3%83%AB+%E3%82%B9%E3%83%86%E3%83%B3%E3%83%AC%E3%82%B9%E3%83%95%E3%82%A3%E3%83%8B%E3%83%83%E3%82%B7%E3%83%A5+%E3%82%AC%E3%82%B9%E3%82%AC%E3%83%B3+25_04%E4%BB%A5%E9%99%8D%E3%83%AD%E3%83%83%E3%83%88 HTTP/1.1" 200 0 "-" "Mozilla/5.0 AppleWebKit/537.36 (KHTML, like Gecko; compatible; bingbot/2.0; +http://www.bing.com/bingbot.htm) Chrome/116.0.1938.76 Safari/537.36"
66.249.74.11 - - [25/Apr/2025:21:39:28 -0400] "GET /997261480975.shtml HTTP/1.1" 200 0 "-" "Mozilla/5.0 (Linux; Android 6.0.1; Nexus 5X Build/MMB29P) AppleWebKit/537.36 (KHTML, like Gecko) Chrome/135.0.7049.95 Mobile Safari/537.36 (compatible; GoogleOther)"
40.77.167.123 - - [25/Apr/2025:21:39:29 -0400] "GET /?i=0299134433102&channel=a38b3f&from=article.php%3Fid%3D344331-59%26name%3D%E6%98%BC%E5%A4%9C%E5%85%BC%E7%94%A8%E3%83%87%E3%82%B8%E3%82%BF%E3%83%AB%E3%83%8A%E3%82%A4%E3%83%88%E3%83%9F%E3%83%A9%E3%83%BC+%E3%83%9D%E3%83%BC%E3%82%BF%E3%83%96%E3%83%AB%E5%8D%98%E7%9C%BC%E6%9C%9B%E9%81%A0%E9%8F%A1+1080P+%E3%83%8A%E3%82%A4%E3%83%88%E3%83%93%E3%82%B8%E3%83%A7%E3%83%B3%E7%8B%A9%E7%8C%9F%E7%94%A8%E3%83%87%E3%82%B8%E3%82%BF%E3%83%AB%E8%B5%A4%E5%A4%96%E7%B7%9A%E5%85%89%E5%AD%A6+8X+%E3%83%8A%E3%82%A4%E3%83%88%E3%83%93%E3%82%B8%E3%83%A7%E3%83%B3%E5%8D%98%E7%9C%BC+0 HTTP/1.1" 200 0 "-" "Mozilla/5.0 AppleWebKit/537.36 (KHTML, like Gecko; compatible; bingbot/2.0; +http://www.bing.com/bingbot.htm) Chrome/116.0.1938.76 Safari/537.36"
52.167.144.216 - - [25/Apr/2025:21:40:03 -0400] "GET /?i=72705134575902&channel=f1bded&from=blog.php%3Fid%3D1345759-12335%26name%3D%E3%83%A6%E3%83%8B%E3%83%81%E3%82%AB%E3%82%AB%E3%82%B7%E3%83%9F%E3%83%A4%E6%AF%9B%E7%B3%B8+%E3%82%B0%E3%83%AA%E3%83%BC%E3%83%B3%E7%B3%BB%E3%80%80300%E3%82%B0%E3%83%A9%E3%83%A0 HTTP/1.1" 200 0 "-" "Mozilla/5.0 AppleWebKit/537.36 (KHTML, like Gecko; compatible; bingbot/2.0; +http://www.bing.com/bingbot.htm) Chrome/116.0.1938.76 Safari/537.36"
66.249.74.13 - - [25/Apr/2025:21:40:37 -0400] "GET /02199993507.shtml HTTP/1.1" 200 0 "-" "Mozilla/5.0 (Linux; Android 6.0.1; Nexus 5X Build/MMB29P) AppleWebKit/537.36 (KHTML, like Gecko) Chrome/135.0.7049.95 Mobile Safari/537.36 (compatible; GoogleOther)"
66.249.74.11 - - [25/Apr/2025:21:41:18 -0400] "GET /92038642681.shtml HTTP/1.1" 200 0 "-" "Mozilla/5.0 (Linux; Android 6.0.1; Nexus 5X Build/MMB29P) AppleWebKit/537.36 (KHTML, like Gecko) Chrome/135.0.7049.95 Mobile Safari/537.36 (compatible; GoogleOther)"
52.167.144.191 - - [25/Apr/2025:21:41:37 -0400] "GET /?i=6171066338600&channel=2f465c&from=shared.php%3Fid%3D663386-574%26name%3D100D23L%2F%E3%83%90%E3%83%83%E3%83%86%E3%83%AA%E3%83%BC90D23L%2F75D23L%2F80D23L%2F85D23L HTTP/1.1" 200 0 "-" "Mozilla/5.0 AppleWebKit/537.36 (KHTML, like Gecko; compatible; bingbot/2.0; +http://www.bing.com/bingbot.htm) Chrome/116.0.1938.76 Safari/537.36"
176.97.123.28 - - [25/Apr/2025:21:41:38 -0400] "GET /index.php?params=1 HTTP/1.1" 200 354 "-" "Mozilla/5.0 (Windows NT 10.0; Win64; x64) AppleWebKit/537.36 (KHTML, like Gecko) Chrome/131.0.0.0 Safari/537.36"
57.141.4.22 - - [25/Apr/2025:21:41:47 -0400] "GET /sitemap.xml HTTP/1.1" 200 514301 "-" "meta-externalagent/1.1 (+https://developers.facebook.com/docs/sharing/webmasters/crawler)"
66.249.73.101 - - [25/Apr/2025:21:41:58 -0400] "GET /?i=9897546430702&channel=07a3e7&from=blog.php%3Fid%3D464307-6539%26name%3D%E3%82%B3%E3%83%BC%E3%83%89%E3%83%AC%E3%82%B9%E3%82%AB%E3%82%B9%E3%82%BF%E3%83%A0%E3%82%BC%E3%83%96%E3%83%A9%E3%83%AD%E3%83%BC%E3%83%A9%E3%83%BC%E3%82%B7%E3%82%A7%E3%83%BC%E3%83%89%E3%81%A8%E3%83%96%E3%83%A9%E3%82%A4%E3%83%B3%E3%83%89+%5BFBA%E3%83%99%E3%83%BC%E3%82%B7%E3%83%83%E3%82%AF%E3%80%81%E3%83%9B%E3%83%AF%E3%82%A4%E3%83%88%E3%80%81%E5%B9%8544+x+%E9%AB%98%E3%81%9572%E3%82%A4%E3%83%B3%E3%83%81%5D+%E4%BA%8C%E5%B1%A4%E3%82%B7%E3%82%A2%E3%83%BC%E3%81%BE%E3%81%9F%E3%81%AF%E3%83%97 HTTP/1.1" 200 0 "-" "Mozilla/5.0 (Linux; Android 6.0.1; Nexus 5X Build/MMB29P) AppleWebKit/537.36 (KHTML, like Gecko) Chrome/135.0.7049.95 Mobile Safari/537.36 (compatible; GoogleOther)"
52.167.144.216 - - [25/Apr/2025:21:42:13 -0400] "GET /?i=6720476435800&channel=aea4b2&from=news.php%3Fid%3D764358-2952%26name%3D%E3%83%97%E3%83%A9%E3%82%BA%E3%83%9E%E3%83%AD%E3%83%BC%E3%82%B2%E3%83%B3+BOOCS+%E3%82%B9%E3%83%9A%E3%82%B7%E3%83%A3%E3%83%AB+%E7%B2%89%E6%9C%AB%E3%82%AB%E3%83%97%E3%82%BB%E3%83%AB+%2860%E7%B2%92%E5%85%A5%E3%82%8A%EF%BC%8F%E7%B4%841%E3%83%B6%E6%9C%88%E5%88%86%29+3%E7%82%B9%E3%82%BB%E3%83%83%E3%83%88+%E3%82%B5%E3%83%97%E3%83%AA%E3%83%A1%E3%83%B3%E3%83%88+%E5%9B%BD%E7%94%A3+%E8%AA%8D%E7%9F%A5%E6%A9%9F%E8%83%BD+%E8%A8%98%E6%86%B6%E5%8A%9B%E3%80%90%E6%A9%9F%E8%83%BD%E6%80%A7%E8%A1%A8%E7%A4%BA%E9%A3%9F%E5%93%81%E3%80%91 HTTP/1.1" 200 0 "-" "Mozilla/5.0 AppleWebKit/537.36 (KHTML, like Gecko; compatible; bingbot/2.0; +http://www.bing.com/bingbot.htm) Chrome/116.0.1938.76 Safari/537.36"
52.167.144.216 - - [25/Apr/2025:21:42:34 -0400] "GET /?i=77859133446806&channel=f1bded&from=category-info.php%3Fid%3D1334468-12335%26name%3DMiknits+%E3%82%A2%E3%83%A9%E3%83%B3%E3%81%AE%E6%AF%9B%E7%B3%B8 HTTP/1.1" 200 0 "-" "Mozilla/5.0 AppleWebKit/537.36 (KHTML, like Gecko; compatible; bingbot/2.0; +http://www.bing.com/bingbot.htm) Chrome/116.0.1938.76 Safari/537.36"
66.249.73.102 - - [25/Apr/2025:21:42:39 -0400] "GET /?i=11247146526803&channel=9d67ce&from=article.php%3Fid%3D1465268-1090%26name%3D%E3%82%AE%E3%82%BF%E3%83%BC%E3%82%B1%E3%83%BC%E3%83%96%E3%83%AB%E3%82%B9%E3%83%86%E3%83%83%E3%82%AB%E3%83%BC%E3%82%AE%E3%82%BF%E3%83%BC%E3%82%A6%E3%82%AF%E3%83%AC%E3%83%AC%E6%A5%BD%E5%99%A8%E3%82%A2%E3%82%AF%E3%82%BB%E3%82%B5%E3%83%AA%E3%83%BC%E3%83%94%E3%82%A8%E3%82%BE%E3%83%9E%E3%82%A4%E3%82%AF%E3%83%94%E3%83%83%E3%82%AF%E3%82%A2%E3%83%83%E3%83%97%E3%83%88%E3%83%A9%E3%83%B3%E3%82%B9%E3%83%87%E3%83%A5%E3%83%BC%E3%82%B5%E3%83%BC6.35mm%E3%83%9B%E3%83%BC%E3%83%AB%E4%BB%98%E3%81%8D%E3%83%88%E3%83%A9%E3%83%B3%E3%82%B9%E3%83%87%E3%83%A5%E3%83%BC HTTP/1.1" 200 0 "-" "Mozilla/5.0 (Linux; Android 6.0.1; Nexus 5X Build/MMB29P) AppleWebKit/537.36 (KHTML, like Gecko) Chrome/135.0.7049.95 Mobile Safari/537.36 (compatible; GoogleOther)"
66.249.73.101 - - [25/Apr/2025:21:42:46 -0400] "GET /?i=26388108603001&channel=b89082&from=category-info.php%3Fid%3D1086030-1496%26name%3D%28M%29%2Bphenix%2FPOO-24025+INNER+DOWN+SHIRTS HTTP/1.1" 200 0 "-" "Mozilla/5.0 (Linux; Android 6.0.1; Nexus 5X Build/MMB29P) AppleWebKit/537.36 (KHTML, like Gecko) Chrome/135.0.7049.95 Mobile Safari/537.36 (compatible; GoogleOther)"
66.249.73.102 - - [25/Apr/2025:21:43:00 -0400] "GET /?i=3102564066503&channel=b1a108&from=article.php%3Fid%3D640665-6354%26name%3D%E3%82%A8%E3%82%A4%E3%83%97%E3%80%80%E3%82%B3%E3%82%A4%E3%83%B3%E3%82%B1%E3%83%BC%E3%82%B9+%E5%BC%95%E3%81%A3%E5%BC%B5 HTTP/1.1" 200 0 "-" "Mozilla/5.0 (Linux; Android 6.0.1; Nexus 5X Build/MMB29P) AppleWebKit/537.36 (KHTML, like Gecko) Chrome/135.0.7049.95 Mobile Safari/537.36 (compatible; GoogleOther)"
66.249.73.101 - - [25/Apr/2025:21:43:13 -0400] "GET /792811353669.shtml HTTP/1.1" 200 0 "-" "Mozilla/5.0 (Linux; Android 6.0.1; Nexus 5X Build/MMB29P) AppleWebKit/537.36 (KHTML, like Gecko) Chrome/135.0.7049.95 Mobile Safari/537.36 (compatible; GoogleOther)"
66.249.73.101 - - [25/Apr/2025:21:43:18 -0400] "GET /?i=95904111851309&channel=8c30a9&from=article.php%3Fid%3D1118513-3463%26name%3D%E6%96%B0%E5%93%81%E6%9C%AA%E4%BD%BF%E7%94%A8+NIKE+24.5cm+%E3%83%8A%E3%82%A4%E3%82%AD+ALPHAFLY+NEXT%25+3+PROTO+%E3%82%A2%E3%83%AB%E3%83%95%E3%82%A1%E3%83%95%E3%83%A9%E3%82%A4+%E3%83%97%E3%83%AD%E3%83%88+%E3%83%AC%E3%83%BC%E3%82%B9+%E3%83%A9%E3%83%B3%E3%83%8B%E3%83%B3%E3%82%B0+%E3%83%9E%E3%83%A9%E3%82%BD%E3%83%B3+%E8%BB%BD%E9%87%8F+%E5%8E%9A%E5%BA%95+%E7%AE%B1%E7%84%A1%E3%81%97+%E6%AD%A3%E8%A6%8F%E5%93%81 HTTP/1.1" 200 0 "-" "Mozilla/5.0 (Linux; Android 6.0.1; Nexus 5X Build/MMB29P) AppleWebKit/537.36 (KHTML, like Gecko) Chrome/135.0.7049.95 Mobile Safari/537.36 (compatible; GoogleOther)"
66.249.73.101 - - [25/Apr/2025:21:43:23 -0400] "GET /?i=69743124057702&channel=db5748&from=article.php%3Fid%3D1240577-7835%26name%3D%E9%A3%9B%E9%A8%A8%E3%81%AE%E5%AE%B6%E5%85%B7%E3%83%A1%E3%83%BC%E3%82%AB%E3%83%BC%22%E6%9F%8F%E6%9C%A8%E5%B7%A5%28KASHIWA%29%22%E3%81%AE%E3%83%90%E3%83%BC%E3%83%81%E6%9D%90%E3%82%92%E4%BD%BF%E7%94%A8%E3%81%97%E3%81%9F%E3%83%AD%E3%83%83%E3%82%AD%E3%83%B3%E3%82%B0%E3%83%81%E3%82%A7%E3%82%A2%E3%83%BC%E3%81%A7%E3%81%99%E3%80%82%E3%82%A2%E3%83%B3%E3%83%86%E3%82%A3%E3%83%BC%E3%82%AF%E8%AA%BF%E3%81%AE%E3%82%AF%E3%83%A9%E3%82%B7%E3%83%83%E3%82%AF%E3%81%AA%E3%83%87%E3%82%B6%E3%82%A4%E3%83%B3%E3%81%AE%E6%8F%BA%E3%82%8A%E6%A4%85%E5%AD%90%E3%80%82%E6%B4%97%E7%B7%B4%E3%81%95%E3%82%8C%E3%81%9F%E3%83%9C%E3%82%A6%E3%83%90%E3%83%83%E3%82%AF%E3%81%8C%E9%AD%85%E5%8A%9B%E3%81%A7%E3%81%99%E2%99%AACC229 HTTP/1.1" 200 0 "-" "Mozilla/5.0 (Linux; Android 6.0.1; Nexus 5X Build/MMB29P) AppleWebKit/537.36 (KHTML, like Gecko) Chrome/135.0.7049.95 Mobile Safari/537.36 (compatible; GoogleOther)"
66.249.73.101 - - [25/Apr/2025:21:43:28 -0400] "GET /?i=989988418907&channel=dc08ad&from=jp.php%3Fid%3D84189-7052%26name%3D%E5%8F%A4%E7%9D%80+%E3%82%A2%E3%83%BC%E3%82%AF%E3%83%86%E3%83%AA%E3%82%AF%E3%82%B9+ARC%27TERYX+%E4%B8%AD%E7%B6%BF%E3%83%91%E3%83%BC%E3%82%AB%E3%83%BC+%E3%83%91%E3%83%95%E3%82%A1%E3%83%BC%E3%82%B8%E3%83%A3%E3%82%B1%E3%83%83%E3%83%88+%E3%83%AC%E3%83%87%E3%82%A3%E3%83%BC%E3%82%B9L+%2Feaa383360 HTTP/1.1" 200 0 "-" "Mozilla/5.0 (Linux; Android 6.0.1; Nexus 5X Build/MMB29P) AppleWebKit/537.36 (KHTML, like Gecko) Chrome/135.0.7049.95 Mobile Safari/537.36 (compatible; GoogleOther)"
66.249.73.101 - - [25/Apr/2025:21:43:46 -0400] "GET /93280692077.shtml HTTP/1.1" 200 0 "-" "Mozilla/5.0 (Linux; Android 6.0.1; Nexus 5X Build/MMB29P) AppleWebKit/537.36 (KHTML, like Gecko) Chrome/135.0.7049.95 Mobile Safari/537.36 (compatible; GoogleOther)"
66.249.73.101 - - [25/Apr/2025:21:43:50 -0400] "GET /?i=20582159055201&channel=5fd3c4&from=product.php%3Fid%3D1590552-10485%26name%3D%E3%82%B9%E3%83%88%E3%83%AA%E3%83%BC%E3%83%88%E5%B8%BD%E5%AD%90 HTTP/1.1" 200 54150 "-" "Mozilla/5.0 (Linux; Android 6.0.1; Nexus 5X Build/MMB29P) AppleWebKit/537.36 (KHTML, like Gecko) Chrome/135.0.7049.95 Mobile Safari/537.36 (compatible; Googlebot/2.1; +http://www.google.com/bot.html)"
66.249.73.101 - - [25/Apr/2025:21:43:53 -0400] "GET /?i=7709890887002&channel=0a85db&from=product.php%3Fid%3D908870-14754%26name%3D%E3%83%96%E3%83%AC%E3%83%BC%E3%82%AD%E3%82%AF%E3%83%A9%E3%83%83%E3%83%81%E3%83%AC%E3%83%90%E3%83%BC%E3%83%8F%E3%83%B3%E3%83%89%E3%83%AB%E3%81%AB+%E3%82%AA%E3%83%BC%E3%83%88%E3%83%90%E3%82%A4%E3%83%96%E3%83%AC%E3%83%BC%E3%82%AD%E3%82%AF%E3%83%A9%E3%83%83%E3%83%81%E3%83%AC%E3%83%90%E3%83%BC%E3%82%A2%E3%82%AF%E3%82%BB%E3%82%B5%E3%83%AA%E3%83%BC%E3%83%A4%E3%83%9E%E3%83%8F+YZF-R1+YZFR1+YZF+R1+200 HTTP/1.1" 200 53516 "-" "Mozilla/5.0 (Linux; Android 6.0.1; Nexus 5X Build/MMB29P) AppleWebKit/537.36 (KHTML, like Gecko) Chrome/135.0.7049.95 Mobile Safari/537.36 (compatible; Googlebot/2.1; +http://www.google.com/bot.html)"
52.167.144.191 - - [25/Apr/2025:21:44:07 -0400] "GET /?i=11967116896604&channel=6f01ae&from=news.php%3Fid%3D1168966-479%26name%3D40%E5%80%8B%E3%82%BB%E3%83%83%E3%83%88+FML36EX-L+FML36EX-W+FML36EX-N+FML36EX-D+LED%E9%9B%BB%E7%90%83+%E3%82%B3%E3%83%B3%E3%83%91%E3%82%AF%E3%83%88%E8%9B%8D%E5%85%89%E7%81%AF+%E3%83%84%E3%82%A4%E3%83%B32%E3%83%91%E3%83%A9%E3%83%AC%E3%83%AB+%E3%83%84%E3%82%A4%E3%83%B3%E8%9B%8D%E5%85%89%E7%81%AF+FML36W%E5%9E%8B+36W%E5%BD%A2+20W+%E5%85%A8%E5%85%89%E6%9D%9F3200lm+%E5%8F%A3%E9%87%91GX10q+36W%E5%9E%8B%E7%9B%B8%E5%BD%93+LED%E3%82%B3%E3%83%B3%E3%83%91%E3%82%AF%E3%83%88+%E6%B6%88%E8%B2%BB%E9%9B%BB%E5%8A%9B20W+FML36%E5%BD%A2+FML36%E5%BD%A2%E5%AF%BE%E5%BF%9C+LED%E5%8C%96+%E3%83%84%E3%82%A4%E3%83%B32+%E3%83%91%E3%83%A9%E3%83%AC%E3%83%AB+%E8%89%B2%E9%81%B8%E6%8A%9E+%E4%BA%8C%E5%B9%B4%E4%BF%9D%E8%A8%BC HTTP/1.1" 200 0 "-" "Mozilla/5.0 AppleWebKit/537.36 (KHTML, like Gecko; compatible; bingbot/2.0; +http://www.bing.com/bingbot.htm) Chrome/116.0.1938.76 Safari/537.36"
66.249.73.103 - - [25/Apr/2025:21:44:24 -0400] "GET /43770312496.shtml HTTP/1.1" 200 0 "-" "Mozilla/5.0 (Linux; Android 6.0.1; Nexus 5X Build/MMB29P) AppleWebKit/537.36 (KHTML, like Gecko) Chrome/135.0.7049.95 Mobile Safari/537.36 (compatible; GoogleOther)"
66.249.73.101 - - [25/Apr/2025:21:44:32 -0400] "GET /?i=588422983800&channel=e1f827&from=product.php%3Fid%3D29838-3107%26name%3D%E3%83%B4%E3%82%A1%E3%83%B3%E3%82%AC%E3%83%BC%E3%83%89+%E9%9D%92%E3%81%8D%E7%82%8E+%E3%83%97%E3%83%AC%E3%82%A4%E3%83%9E%E3%83%83%E3%83%88+%E5%90%8C%E4%BA%BA HTTP/1.1" 200 52451 "-" "Mozilla/5.0 (Linux; Android 6.0.1; Nexus 5X Build/MMB29P) AppleWebKit/537.36 (KHTML, like Gecko) Chrome/135.0.7049.95 Mobile Safari/537.36 (compatible; Googlebot/2.1; +http://www.google.com/bot.html)"
66.249.73.101 - - [25/Apr/2025:21:44:33 -0400] "GET /?i=6090713074901&channel=60f5f4&from=shared.php%3Fid%3D130749-7941%26name%3D%E3%83%A2%E3%83%80%E3%83%B3%E3%81%AA%E3%83%8A%E3%82%A4%E3%83%88%E3%82%B9%E3%82%BF%E3%83%B3%E3%83%89%E3%80%81%E3%83%A2%E3%83%80%E3%83%B3%E3%81%AA%E3%82%A8%E3%83%B3%E3%83%89%E3%83%86%E3%83%BC%E3%83%96%E3%83%AB%E3%80%81%E5%8F%8E%E7%B4%8D%E4%BB%98%E3%81%8D%E3%82%B5%E3%82%A4%E3%83%89%E3%83%86%E3%83%BC%E3%83%96%E3%83%AB%E3%80%81%E3%83%9F%E3%83%8B%E3%83%9E%E3%83%AA%E3%82%B9%E3%83%88%E3%81%A7%E5%AE%9F%E7%94%A8%E7%9A%84%E3%81%AA%E3%82%A8%E3%83%B3%E3%83%89%E3%82%B5%E3%82%A4%E3%83%89%E3%83%86%E3%83%BC%E3%83%96%E3%83%AB%E3%80%81%E7%84%A1%E5%9E%A2%E6%9D%90%E3%81%AE%E8%84%9A%E4%BB%98%E3%81%8D HTTP/1.1" 200 0 "-" "Mozilla/5.0 (Linux; Android 6.0.1; Nexus 5X Build/MMB29P) AppleWebKit/537.36 (KHTML, like Gecko) Chrome/135.0.7049.95 Mobile Safari/537.36 (compatible; GoogleOther)"
66.249.73.102 - - [25/Apr/2025:21:44:34 -0400] "GET /?i=3698848939901&channel=1d4a8b&from=article.php%3Fid%3D489399-9118%26name%3D%E3%82%B7%E3%83%BC%E3%83%88%E3%82%AF%E3%83%83%E3%82%B7%E3%83%A7%E3%83%B3+%E6%A4%85%E5%AD%90%E3%81%AE%E3%82%B7%E3%83%BC%E3%83%88+%E6%8E%A1+%E3%83%91%E3%83%83%E3%83%89%E3%80%81%E6%A4%85%E5%AD%90%E3%81%AE%E3%82%AF%E3%83%83%E3%82%B7%E3%83%A7%E3%83%B3%E3%80%81%E3%83%80%E3%82%A4%E3%83%8B%E3%83%B3%E3%82%B0+%E3%83%81%E3%82%A7%E3%82%A2+%E3%82%AF%E3%83%83%E3%82%B7%E3%83%A7%E3%83%B3%E6%B4%97%E3%81%88%E3%82%8B%E3%80%81%E3%83%80%E3%82%A4%E3%83%8B%E3%83%B3%E3%82%B0+%E3%83%AB%E3%83%BC%E3%83%A0%E3%81%AE%E6%A4%85%E5%AD%90%E3%83%A9%E3%82%A6%E3%83%B3%E3%83%89%E3%81%AE%E3%82%B7 HTTP/1.1" 200 53770 "-" "Mozilla/5.0 (Linux; Android 6.0.1; Nexus 5X Build/MMB29P) AppleWebKit/537.36 (KHTML, like Gecko) Chrome/135.0.7049.95 Mobile Safari/537.36 (compatible; Googlebot/2.1; +http://www.google.com/bot.html)"
66.249.73.101 - - [25/Apr/2025:21:44:41 -0400] "GET /?i=58745114455718&channel=0e8ded&from=product.php%3Fid%3D1144557-5619%26name%3D%E3%83%94%E3%83%BC%E3%82%B3%E3%83%BC%E3%83%88 HTTP/1.1" 200 0 "-" "Mozilla/5.0 (Linux; Android 6.0.1; Nexus 5X Build/MMB29P) AppleWebKit/537.36 (KHTML, like Gecko) Chrome/135.0.7049.95 Mobile Safari/537.36 (compatible; GoogleOther)"
66.249.73.103 - - [25/Apr/2025:21:45:20 -0400] "GET /?i=67167152232404&channel=18d577&from=article.php%3Fid%3D1522324-20719%26name%3D%E5%BA%A7%E5%B8%83%E5%9B%A3%E3%82%AB%E3%83%90%E3%83%BC%E9%9B%A3%E8%8B%A5%E5%B9%B2%E3%81%82%E3%82%8A HTTP/1.1" 200 53517 "-" "Mozilla/5.0 (Linux; Android 6.0.1; Nexus 5X Build/MMB29P) AppleWebKit/537.36 (KHTML, like Gecko) Chrome/135.0.7049.95 Mobile Safari/537.36 (compatible; Googlebot/2.1; +http://www.google.com/bot.html)"
66.249.73.102 - - [25/Apr/2025:21:45:26 -0400] "GET /?i=98934120387213&channel=93be18&from=pin.php%3Fid%3D1203872-5595%26name%3D%E3%80%90WEB%E3%83%BB%E4%B8%80%E9%83%A8%E5%BA%97%E8%88%97%E9%99%90%E5%AE%9A%E3%80%91%E3%82%B3%E3%83%83%E3%83%88%E3%83%B3%E3%83%8A%E3%82%A4%E3%83%AD%E3%83%B3%E3%82%B9%E3%83%88%E3%83%AC%E3%83%83%E3%83%81%E3%83%8E%E3%83%BC%E3%82%AB%E3%83%A9%E3%83%BC%E3%83%96%E3%83%A9%E3%82%A6%E3%82%B9 HTTP/1.1" 200 52112 "-" "Mozilla/5.0 (Linux; Android 6.0.1; Nexus 5X Build/MMB29P) AppleWebKit/537.36 (KHTML, like Gecko) Chrome/135.0.7049.95 Mobile Safari/537.36 (compatible; Googlebot/2.1; +http://www.google.com/bot.html)"
66.249.73.101 - - [25/Apr/2025:21:45:27 -0400] "GET /259161239540.shtml HTTP/1.1" 200 0 "-" "Mozilla/5.0 (Linux; Android 6.0.1; Nexus 5X Build/MMB29P) AppleWebKit/537.36 (KHTML, like Gecko) Chrome/135.0.7049.95 Mobile Safari/537.36 (compatible; GoogleOther)"
66.249.73.101 - - [25/Apr/2025:21:45:35 -0400] "GET /?i=75101152681402&channel=395998&from=info.php%3Fid%3D1526814-12374%26name%3D%E3%82%B3%E3%83%83%E3%83%88%E3%83%B3%E3%80%81%E3%83%8F%E3%83%B3%E3%83%89%E3%82%A6%E3%82%A9%E3%83%83%E3%82%B7%E3%83%A5%E3%82%BB%E3%83%83%E3%83%88+%E3%81%AF%E3%82%84%E3%82%81 HTTP/1.1" 200 53147 "-" "Mozilla/5.0 (Linux; Android 6.0.1; Nexus 5X Build/MMB29P) AppleWebKit/537.36 (KHTML, like Gecko) Chrome/135.0.7049.95 Mobile Safari/537.36 (compatible; Googlebot/2.1; +http://www.google.com/bot.html)"
66.249.73.101 - - [25/Apr/2025:21:45:37 -0400] "GET /?i=6759760518204&channel=260661&from=news.php%3Fid%3D605182-6285%26name%3D%E3%83%80%E3%83%B3%E3%83%AD%E3%83%83%E3%83%97+XXIO+%E3%82%BC%E3%82%AF%E3%82%B7%E3%82%AA+13%282024%29+%E3%83%A6%E3%83%BC%E3%83%86%E3%82%A3%E3%83%AA%E3%83%86%E3%82%A3+MP1300%E3%82%AB%E3%83%BC%E3%83%9C%E3%83%B3+%E3%80%90U6%E3%80%91+%E3%82%B7%E3%83%A3%E3%83%95%E3%83%88%EF%BC%9AMP1300%E3%82%AB%E3%83%BC%E3%83%9C%E3%83%B3 HTTP/1.1" 200 0 "-" "Mozilla/5.0 (Linux; Android 6.0.1; Nexus 5X Build/MMB29P) AppleWebKit/537.36 (KHTML, like Gecko) Chrome/135.0.7049.95 Mobile Safari/537.36 (compatible; GoogleOther)"
66.249.73.101 - - [25/Apr/2025:21:45:39 -0400] "GET /?i=25179189651050&channel=93be18&from=product.php%3Fid%3D1896510-5595%26name%3D%E3%80%8A%E4%BA%88%E7%B4%84%E3%80%8Bquaranciel%3A+%3C%E6%8E%A5%E8%A7%A6%E5%86%B7%E6%84%9F%3E%E3%82%AF%E3%83%AB%E3%83%BC%E3%83%8D%E3%83%83%E3%82%AF+%E3%83%8E%E3%83%BC%E3%82%B9%E3%83%AA%E3%83%BC%E3%83%96+%E3%83%8B%E3%83%83%E3%83%88 HTTP/1.1" 200 53146 "-" "Mozilla/5.0 (Linux; Android 6.0.1; Nexus 5X Build/MMB29P) AppleWebKit/537.36 (KHTML, like Gecko) Chrome/135.0.7049.95 Mobile Safari/537.36 (compatible; Googlebot/2.1; +http://www.google.com/bot.html)"
66.249.73.101 - - [25/Apr/2025:21:45:44 -0400] "GET /?i=6015642763807&channel=06fb25&from=news.php%3Fid%3D427638-7912%26name%3D%E3%82%B7%E3%83%A3%E3%83%B3%E3%83%87%E3%83%AA%E3%82%A2%E3%80%81%E3%83%A2%E3%83%80%E3%83%B3%E3%81%AA%E5%B7%A5%E6%A5%AD%E7%94%A8%E3%82%B7%E3%83%A3%E3%83%B3%E3%83%87%E3%83%AA%E3%82%A2+%E3%83%9E%E3%82%AB%E3%83%AD%E3%83%B3%E3%82%AB%E3%83%A9%E3%83%BC+%E3%83%A9%E3%83%B3%E3%83%97%E3%82%B7%E3%82%A7%E3%83%BC%E3%83%89+%E3%83%9A%E3%83%B3%E3%83%80%E3%83%B3%E3%83%88%E7%85%A7%E6%98%8E%E5%99%A8%E5%85%B7+%E3%83%AC%E3%82%B9%E3%83%88%E3%83%A9%E3%83%B3+%E5%A4%A9%E4%BA%95%E5%90%8A%E3%82%8A%E4%B8%8B%E3%81%92%E7%85%A7%E6%98%8E+E26 HTTP/1.1" 200 0 "-" "Mozilla/5.0 (Linux; Android 6.0.1; Nexus 5X Build/MMB29P) AppleWebKit/537.36 (KHTML, like Gecko) Chrome/135.0.7049.95 Mobile Safari/537.36 (compatible; GoogleOther)"
66.249.74.12 - - [25/Apr/2025:21:45:50 -0400] "GET /832611337656.shtml HTTP/1.1" 200 0 "-" "Mozilla/5.0 (Linux; Android 6.0.1; Nexus 5X Build/MMB29P) AppleWebKit/537.36 (KHTML, like Gecko) Chrome/135.0.7049.95 Mobile Safari/537.36 (compatible; GoogleOther)"
52.167.144.216 - - [25/Apr/2025:21:45:54 -0400] "GET /?i=6128246537902&channel=ab31c9&from=pin.php%3Fid%3D465379-15921%26name%3D%E7%8C%AB%E3%81%A8%E7%8A%AC%E3%81%AE%E3%83%90%E3%83%83%E3%82%B0+%E3%83%9A%E3%83%83%E3%83%88%E7%8C%AB%E3%83%90%E3%83%83%E3%82%B0%E3%80%81%E7%8C%AB%E3%83%90%E3%83%83%E3%82%AF%E3%83%91%E3%83%83%E3%82%AF%E3%80%81%E7%8C%AB%E5%A4%96%E5%87%BA%E3%83%9D%E3%83%BC%E3%82%BF%E3%83%96%E3%83%AB%E3%83%90%E3%83%83%E3%82%B0%E3%80%81%E7%8C%AB%E3%82%B1%E3%83%BC%E3%82%B8%E3%80%81%E7%8A%AC%E3%82%AF%E3%83%AD%E3%82%B9%E3%83%9C%E3%83%87%E3%82%A3%E3%83%90%E3%83%83%E3%82%B0%E3%80%81%E3%83%9D%E3%83%BC%E3%82%BF%E3%83%96%E3%83%AB%E3%82%B9%E3%83%9A%E3%83%BC%E3%82%B9%E3%83%90%E3%83%83%E3%82%B0+%E3%83%9A HTTP/1.1" 200 0 "-" "Mozilla/5.0 AppleWebKit/537.36 (KHTML, like Gecko; compatible; bingbot/2.0; +http://www.bing.com/bingbot.htm) Chrome/116.0.1938.76 Safari/537.36"
66.249.73.101 - - [25/Apr/2025:21:45:57 -0400] "GET /?i=3226797290006&channel=2f465c&from=brands.php%3Fid%3D972900-574%26name%3D%E3%80%90tak178%E6%A7%98%E5%B0%82%E7%94%A8%E3%80%91%E3%82%B9%E3%83%AB%E3%82%AC%E3%82%B9%E3%83%94%E3%83%BC%E3%83%89+%E3%83%9E%E3%83%95%E3%83%A9%E3%83%BC+%E5%BB%83%E7%9B%A4+GRB+%E3%82%A4%E3%83%B3%E3%83%97%E3%83%AC%E3%83%83%E3%82%B5 HTTP/1.1" 200 0 "-" "Mozilla/5.0 (Linux; Android 6.0.1; Nexus 5X Build/MMB29P) AppleWebKit/537.36 (KHTML, like Gecko) Chrome/135.0.7049.95 Mobile Safari/537.36 (compatible; GoogleOther)"
66.249.74.11 - - [25/Apr/2025:21:46:25 -0400] "GET /21777655391.shtml HTTP/1.1" 200 0 "-" "Mozilla/5.0 (Linux; Android 6.0.1; Nexus 5X Build/MMB29P) AppleWebKit/537.36 (KHTML, like Gecko) Chrome/135.0.7049.95 Mobile Safari/537.36 (compatible; GoogleOther)"
66.249.73.102 - - [25/Apr/2025:21:46:37 -0400] "GET /?i=8681990425402&channel=486840&from=article.php%3Fid%3D904254-4478%26name%3D%E3%82%B7%E3%83%9E%E3%83%8E%E3%83%99%E3%82%A4%E3%83%88%E3%83%AA%E3%83%BC%E3%83%AB%E3%80%80%E3%82%AB%E3%83%AB%E3%82%AB%E3%83%83%E3%82%BF%E5%B0%8F%E8%88%B9400 HTTP/1.1" 200 53008 "-" "Mozilla/5.0 (Linux; Android 6.0.1; Nexus 5X Build/MMB29P) AppleWebKit/537.36 (KHTML, like Gecko) Chrome/135.0.7049.95 Mobile Safari/537.36 (compatible; Googlebot/2.1; +http://www.google.com/bot.html)"
66.249.73.103 - - [25/Apr/2025:21:46:40 -0400] "GET /28117765290.shtml HTTP/1.1" 200 0 "-" "Mozilla/5.0 (Linux; Android 6.0.1; Nexus 5X Build/MMB29P) AppleWebKit/537.36 (KHTML, like Gecko) Chrome/135.0.7049.95 Mobile Safari/537.36 (compatible; GoogleOther)"
66.249.73.102 - - [25/Apr/2025:21:46:42 -0400] "GET /?i=52810177710202&channel=c099d8&from=goods.php%3Fid%3D1777102-28448%26name%3D%5BOSNIYAW%5D+%E5%A5%B3%E6%80%A7%E3%81%AE%E5%8F%96%E3%82%8A%E5%A4%96%E3%81%97%E5%8F%AF%E8%83%BD%E3%81%AA%E3%83%95%E3%82%A7%E3%82%A4%E3%82%AF%E3%82%AB%E3%83%A9%E3%83%BC%E3%83%A9%E3%82%A4%E3%83%B3%E3%82%B9%E3%83%88%E3%83%BC%E3%83%B3%E3%83%95%E3%82%A7%E3%82%B6%E3%83%BC%E3%83%89%E3%83%96%E3%83%A9%E3%82%A6%E3%82%B9%E3%83%8F%E3%83%BC%E3%83%95%E3%82%B7%E3%83%A3%E3%83%84%E3%83%A9%E3%83%9A%E3%83%AB%E5%81%BD%E3%82%AB%E3%83%A9%E3%83%BC%E3%82%AF%E3%83%AD%E3%83%83%E3%83%97%E3%83%88%E3%83%83%E3%83%97%E3%82%AB%E3%83%83%E3%83%86 HTTP/1.1" 200 53994 "-" "Mozilla/5.0 (Linux; Android 6.0.1; Nexus 5X Build/MMB29P) AppleWebKit/537.36 (KHTML, like Gecko) Chrome/135.0.7049.95 Mobile Safari/537.36 (compatible; Googlebot/2.1; +http://www.google.com/bot.html)"
66.249.73.101 - - [25/Apr/2025:21:46:57 -0400] "GET /?i=15946118478503&channel=ef1569&from=pin.php%3Fid%3D1184785-5620%26name%3DMIUMIU+%E3%83%9F%E3%83%A5%E3%82%A6%E3%83%9F%E3%83%A5%E3%82%A6+%E3%80%90%E7%BE%8E%E5%93%81%E3%80%91%E3%82%AD%E3%83%A3%E3%83%A1%E3%83%AB%E3%82%A6%E3%83%BC%E3%83%AB+%E3%83%80%E3%83%96%E3%83%AB+%E3%83%81%E3%82%A7%E3%82%B9%E3%82%BF%E3%83%BC+38 HTTP/1.1" 200 52229 "-" "Mozilla/5.0 (Linux; Android 6.0.1; Nexus 5X Build/MMB29P) AppleWebKit/537.36 (KHTML, like Gecko) Chrome/135.0.7049.95 Mobile Safari/537.36 (compatible; Googlebot/2.1; +http://www.google.com/bot.html)"
52.167.144.216 - - [25/Apr/2025:21:47:04 -0400] "GET /?i=90895122758402&channel=fa75eb&from=shared.php%3Fid%3D1227584-22640%26name%3D%E5%B0%82%E7%94%A8%E3%83%9A%E3%83%BC%E3%82%B8%E3%81%A7%E3%81%99 HTTP/1.1" 200 0 "-" "Mozilla/5.0 AppleWebKit/537.36 (KHTML, like Gecko; compatible; bingbot/2.0; +http://www.bing.com/bingbot.htm) Chrome/116.0.1938.76 Safari/537.36"
66.249.74.12 - - [25/Apr/2025:21:47:09 -0400] "GET /31980211522.shtml HTTP/1.1" 200 0 "-" "Mozilla/5.0 (Linux; Android 6.0.1; Nexus 5X Build/MMB29P) AppleWebKit/537.36 (KHTML, like Gecko) Chrome/135.0.7049.95 Mobile Safari/537.36 (compatible; GoogleOther)"
66.249.73.103 - - [25/Apr/2025:21:47:38 -0400] "GET /?i=2488837473112&channel=117e3b&from=info.php%3Fid%3D374731-5731%26name%3DINDIA+INDUSTRY+%7C+%E3%82%B3%E3%83%83%E3%83%88%E3%83%B3%E3%82%AA%E3%83%BC%E3%82%AC%E3%83%B3%E3%82%B8%E3%83%BC+%E5%88%BA%E7%B9%8D%E3%82%AE%E3%83%A3%E3%82%B6%E3%83%BC%E3%82%B9%E3%82%AB%E3%83%BC%E3%83%88+WOMEN HTTP/1.1" 200 0 "-" "Mozilla/5.0 (Linux; Android 6.0.1; Nexus 5X Build/MMB29P) AppleWebKit/537.36 (KHTML, like Gecko) Chrome/135.0.7049.95 Mobile Safari/537.36 (compatible; GoogleOther)"
40.77.167.123 - - [25/Apr/2025:21:47:39 -0400] "GET /?i=73828140751701&channel=d85b95&from=jp.php%3Fid%3D1407517-4867%26name%3D%E3%82%8A%E3%82%93%E3%81%AE%E3%82%93%E3%82%86%E3%81%86%E6%A7%98+%E5%B0%82%E7%94%A8%E3%83%9A%E3%83%BC%E3%82%B8 HTTP/1.1" 200 0 "-" "Mozilla/5.0 AppleWebKit/537.36 (KHTML, like Gecko; compatible; bingbot/2.0; +http://www.bing.com/bingbot.htm) Chrome/116.0.1938.76 Safari/537.36"
52.167.144.191 - - [25/Apr/2025:21:47:48 -0400] "GET /?i=1781799563903&channel=0f37b8&from=category-info.php%3Fid%3D995639-472%26name%3DINOAC%EF%BD%9C%E3%82%A4%E3%83%8E%E3%82%A2%E3%83%83%E3%82%AF+FACET%28R%29+%E3%83%95%E3%82%A1%E3%82%BB%E3%83%83%E3%83%88+%E3%83%9E%E3%83%83%E3%83%88%E3%83%AC%E3%82%B9+%E3%83%8F%E3%83%BC%E3%83%89+%28%E3%82%B7%E3%83%B3%E3%82%B0%E3%83%AB%E3%82%B5%E3%82%A4%E3%82%BA%29 HTTP/1.1" 200 0 "-" "Mozilla/5.0 AppleWebKit/537.36 (KHTML, like Gecko; compatible; bingbot/2.0; +http://www.bing.com/bingbot.htm) Chrome/116.0.1938.76 Safari/537.36"
66.249.73.101 - - [25/Apr/2025:21:47:56 -0400] "GET /?i=4977093132906&channel=99c4aa&from=article.php%3Fid%3D931329-17294%26name%3D%E6%AD%AF%E7%A7%91%E3%80%80%E7%9F%AF%E6%AD%A3%E3%80%80%E3%83%97%E3%83%A9%E3%82%A4%E3%83%A4%E3%83%BC+%E3%82%8F%E3%81%8B%E3%82%89 HTTP/1.1" 200 0 "-" "Mozilla/5.0 (Linux; Android 6.0.1; Nexus 5X Build/MMB29P) AppleWebKit/537.36 (KHTML, like Gecko) Chrome/135.0.7049.95 Mobile Safari/537.36 (compatible; GoogleOther)"
66.249.73.103 - - [25/Apr/2025:21:48:18 -0400] "GET /08094613485.shtml HTTP/1.1" 200 0 "-" "Mozilla/5.0 (Linux; Android 6.0.1; Nexus 5X Build/MMB29P) AppleWebKit/537.36 (KHTML, like Gecko) Chrome/135.0.7049.95 Mobile Safari/537.36 (compatible; GoogleOther)"
66.249.73.101 - - [25/Apr/2025:21:48:25 -0400] "GET /028711285971.shtml HTTP/1.1" 200 0 "-" "Mozilla/5.0 (Linux; Android 6.0.1; Nexus 5X Build/MMB29P) AppleWebKit/537.36 (KHTML, like Gecko) Chrome/135.0.7049.95 Mobile Safari/537.36 (compatible; GoogleOther)"
66.249.73.101 - - [25/Apr/2025:21:48:46 -0400] "GET /?i=7228383365400&channel=504b47&from=product.php%3Fid%3D833654-6967%26name%3DZxfdsfdbnm+%E7%B5%A6%E6%B9%AF%E5%99%A8%E5%9B%9E%E8%B7%AF%E6%B8%A9%E5%BA%A6%E5%88%B6%E5%BE%A1%E3%83%9C%E3%83%BC%E3%83%89%E3%83%91%E3%83%8D%E3%83%AB%E3%83%A2%E3%82%B8%E3%83%A5%E3%83%BC%E3%83%AB+91504+91420+91606+93307%E8%BB%8A%E4%B8%A1%E3%81%AB%E5%AF%BE%E5%BF%9C HTTP/1.1" 200 54153 "-" "Mozilla/5.0 (Linux; Android 6.0.1; Nexus 5X Build/MMB29P) AppleWebKit/537.36 (KHTML, like Gecko) Chrome/135.0.7049.95 Mobile Safari/537.36 (compatible; Googlebot/2.1; +http://www.google.com/bot.html)"
66.249.74.12 - - [25/Apr/2025:21:48:47 -0400] "GET /04019132217.shtml HTTP/1.1" 200 0 "-" "Mozilla/5.0 (Linux; Android 6.0.1; Nexus 5X Build/MMB29P) AppleWebKit/537.36 (KHTML, like Gecko) Chrome/135.0.7049.95 Mobile Safari/537.36 (compatible; GoogleOther)"
66.249.73.102 - - [25/Apr/2025:21:49:16 -0400] "GET /68187631217.shtml HTTP/1.1" 200 0 "-" "Mozilla/5.0 (Linux; Android 6.0.1; Nexus 5X Build/MMB29P) AppleWebKit/537.36 (KHTML, like Gecko) Chrome/135.0.7049.95 Mobile Safari/537.36 (compatible; GoogleOther)"
52.167.144.168 - - [25/Apr/2025:21:49:18 -0400] "GET /?i=5183835274500&channel=7b9594&from=product.php%3Fid%3D352745-2492%26name%3D%3Cbr%3E%E3%80%90%E6%B3%95%E4%BA%BA%E5%90%91%E3%81%91%E3%80%91%E2%98%86%E9%9D%99%E5%B2%A1%E8%A3%BD%E6%A9%9F%E3%80%8050813-201018%E3%80%80%E5%86%B7%E5%8D%B4%E3%82%A8%E3%83%AC%E3%83%A1%E3%83%B3%E3%83%88%E3%80%80%E6%B0%97%E5%8C%96%E5%BC%8F%E5%86%B7%E9%A2%A8%E6%A9%9F%E3%80%80RKF505%E7%94%A8%E3%80%80%E4%BA%A4%E6%8F%9B%E3%83%91%E3%83%BC%E3%83%84%E3%80%80%E3%80%90%E4%BB%A3%E5%BC%95%E3%81%8D%E4%B8%8D%E5%8F%AF%E3%80%91%E3%80%90%E8%BF%94%E5%93%81%E4%B8%8D%E5%8F%AF%E3%80%91 HTTP/1.1" 200 0 "-" "Mozilla/5.0 AppleWebKit/537.36 (KHTML, like Gecko; compatible; bingbot/2.0; +http://www.bing.com/bingbot.htm) Chrome/116.0.1938.76 Safari/537.36"
66.249.74.12 - - [25/Apr/2025:21:49:21 -0400] "GET /3212778090.shtml HTTP/1.1" 200 0 "-" "Mozilla/5.0 (Linux; Android 6.0.1; Nexus 5X Build/MMB29P) AppleWebKit/537.36 (KHTML, like Gecko) Chrome/135.0.7049.95 Mobile Safari/537.36 (compatible; GoogleOther)"
66.249.73.102 - - [25/Apr/2025:21:49:27 -0400] "GET /?i=9771793518501&channel=a7c4e2&from=info.php%3Fid%3D935185-10489%26name%3D%E6%96%B0%E5%93%81%E6%9C%AA%E4%BD%BF%E7%94%A8+%E6%AD%A3%E8%A6%8F%E5%93%81+%E3%83%88%E3%83%AA%E3%82%AA%E3%83%B3%E3%83%95+%E4%BB%98%E3%81%91%E8%B6%B3%E3%81%9B+%E3%82%B9%E3%83%A2%E3%83%BC%E3%83%AB+%E3%82%B0%E3%83%AB%E3%83%A1%E3%83%83%E3%83%88+%E3%83%8D%E3%83%83%E3%82%AF%E3%83%AC%E3%82%B9+%E3%82%B7%E3%83%AB%E3%83%90%E3%83%BC HTTP/1.1" 200 53223 "-" "Mozilla/5.0 (Linux; Android 6.0.1; Nexus 5X Build/MMB29P) AppleWebKit/537.36 (KHTML, like Gecko) Chrome/135.0.7049.95 Mobile Safari/537.36 (compatible; Googlebot/2.1; +http://www.google.com/bot.html)"
66.249.74.12 - - [25/Apr/2025:21:50:12 -0400] "GET /67161629291.shtml HTTP/1.1" 200 0 "-" "Mozilla/5.0 (Linux; Android 6.0.1; Nexus 5X Build/MMB29P) AppleWebKit/537.36 (KHTML, like Gecko) Chrome/135.0.7049.95 Mobile Safari/537.36 (compatible; GoogleOther)"
66.249.73.102 - - [25/Apr/2025:21:50:17 -0400] "GET /?i=7598922307600&channel=a66b8e&from=shared.php%3Fid%3D223076-11720%26name%3D1+%E5%80%8B%E3%83%A9%E3%82%A4%E3%83%96%E3%82%BB%E3%83%B3%E3%82%BF%E3%83%BC+MT1+MT2+MT3+%E5%B7%A5%E4%BD%9C%E6%A9%9F%E6%A2%B0%E3%82%B7%E3%83%B3%E3%83%96%E3%83%AB%E3%83%AD%E3%83%BC%E3%82%BF%E3%83%AA%E3%83%BC%E3%82%BB%E3%83%B3%E3%82%BF%E3%83%BC%E3%83%81%E3%83%83%E3%83%97%E6%97%8B%E7%9B%A4%E5%8F%AF%E5%8B%95%E3%82%BB%E3%83%B3%E3%82%BF%E3%83%BC%E3%82%B3%E3%83%BC%E3%83%B3%E3%83%AD%E3%83%BC%E3%82%BF%E3%83%AA%E3%83%BC%E3%83%95%E3%83%A9%E3%82%A4%E3%82%B9%E5%B7%A5%E4%BD%9C%E6%A9%9F HTTP/1.1" 200 53367 "-" "Mozilla/5.0 (Linux; Android 6.0.1; Nexus 5X Build/MMB29P) AppleWebKit/537.36 (KHTML, like Gecko) Chrome/135.0.7049.95 Mobile Safari/537.36 (compatible; Googlebot/2.1; +http://www.google.com/bot.html)"
66.249.73.103 - - [25/Apr/2025:21:50:19 -0400] "GET /?i=2248699461701&channel=43d4f3&from=blog.php%3Fid%3D994617-2488%26name%3D%E3%81%BB%E3%81%BC%E6%96%B0%E5%93%81%EF%BC%81iphone16+256GB HTTP/1.1" 200 0 "-" "Mozilla/5.0 (Linux; Android 6.0.1; Nexus 5X Build/MMB29P) AppleWebKit/537.36 (KHTML, like Gecko) Chrome/135.0.7049.95 Mobile Safari/537.36 (compatible; GoogleOther)"
