66.249.73.103 - - [25/Apr/2025:23:27:21 -0400] "GET /?i=3224771545701&channel=ecad8c&from=product.php%3Fid%3D715457-18568%26name%3D%E9%81%8A%E6%98%9F%E6%AD%AF%E8%BB%8A%E3%83%A2%E3%83%BC%E3%82%BF+36mm+36GP-36ZY+%E5%85%A5%E3%82%8C%E3%82%8B+%E3%83%80%E3%83%96%E3%83%AB%E3%82%B7%E3%83%A3%E3%83%95%E3%83%88+%E3%83%97%E3%83%A9%E3%83%8D%E3%82%BF%E3%83%AA%E3%83%BC%E3%82%AE%E3%82%A2+DC+%E3%83%A2%E3%83%BC%E3%82%BF%E3%83%BC+12V+24V+%E3%82%B7%E3%83%A3%E3%83%95%E3%83%88%E7%9B%B4%E5%BE%84+8mm HTTP/1.1" 200 0 "-" "Mozilla/5.0 (Linux; Android 6.0.1; Nexus 5X Build/MMB29P) AppleWebKit/537.36 (KHTML, like Gecko) Chrome/135.0.7049.95 Mobile Safari/537.36 (compatible; GoogleOther)"
66.249.74.13 - - [25/Apr/2025:23:27:48 -0400] "GET /21198634458.shtml HTTP/1.1" 200 0 "-" "Mozilla/5.0 (Linux; Android 6.0.1; Nexus 5X Build/MMB29P) AppleWebKit/537.36 (KHTML, like Gecko) Chrome/135.0.7049.95 Mobile Safari/537.36 (compatible; GoogleOther)"
66.249.73.102 - - [25/Apr/2025:23:28:18 -0400] "GET /?i=63982185111905&channel=68ea09&from=article.php%3Fid%3D1851119-30439%26name%3D%E8%87%AA%E8%BB%A2%E8%BB%8A%E3%82%AB%E3%83%90%E3%83%BC+%E9%80%8F%E6%98%8E+%E3%82%B4%E3%83%A0%E8%A3%BE+%E5%8F%8E%E7%B4%8D%E8%A2%8B%E4%BB%98%E3%81%8D+%E3%83%9E%E3%83%9E%E3%83%81%E3%83%A3%E3%83%AA+%E5%AD%90%E4%BE%9B%E4%B9%97%E3%81%9B+%E8%87%AA%E8%BB%A2%E8%BB%8A%E3%82%AB%E3%83%90%E3%83%BC+%E3%83%AD%E3%83%BC%E3%83%89%E3%83%90%E3%82%A4%E3%82%AF+%E8%87%AA%E8%BB%A2%E8%BB%8A%E3%82%AB%E3%83%90%E3%83%BC+%E5%8E%9A%E6%89%8B+%E9%98%B2%E6%B0%B4+%E9%98%B2%E5%A1%B5+%E8%80%90UV+%E7%B4%AB%E5%A4%96%E7%B7%9A+%E4%B8%88%E5%A4%AB+%E3%82%B9%E3%83%88%E3%83%AC%E3%83%83%E3%83%81+%E3%83%89%E3%83%AD%E3%83%83%E3%83%97%E3%83%8F%E3%83%B3%E3%83%89%E3%83%AB+%E3%83%95%E3%83%A9%E3%83%83%E3%83%88%E3%83%8F%E3%83%B3%E3%83%89%E3%83%AB+%E8%87%AA%E8%BB%A2%E8%BB%8A%E3%82%AB+78KD324 HTTP/1.1" 200 0 "-" "Mozilla/5.0 (Linux; Android 6.0.1; Nexus 5X Build/MMB29P) AppleWebKit/537.36 (KHTML, like Gecko) Chrome/135.0.7049.95 Mobile Safari/537.36 (compatible; GoogleOther)"
66.249.73.102 - - [25/Apr/2025:23:28:23 -0400] "GET /?i=1012922038503&channel=a02bcf&from=brands.php%3Fid%3D220385-5755%26name%3DEWS+Stormy+Bass+Drive+%E3%83%99%E3%83%BC%E3%82%B9%E7%94%A8%E3%82%AA%E3%83%BC%E3%83%90%E3%83%BC%E3%83%89%E3%83%A9%E3%82%A4%E3%83%96 HTTP/1.1" 200 52962 "-" "Mozilla/5.0 (Linux; Android 6.0.1; Nexus 5X Build/MMB29P) AppleWebKit/537.36 (KHTML, like Gecko) Chrome/135.0.7049.95 Mobile Safari/537.36 (compatible; Googlebot/2.1; +http://www.google.com/bot.html)"
66.249.73.101 - - [25/Apr/2025:23:28:28 -0400] "GET /?i=3812077367904&channel=99f909&from=blog.php%3Fid%3D773679-2571%26name%3DHiKOKI+%E3%82%B3%E3%83%BC%E3%83%89%E3%83%AC%E3%82%B9%E3%82%A4%E3%83%B3%E3%83%91%E3%82%AF%E3%83%88%E3%83%89%E3%83%A9%E3%82%A4%E3%83%90+WH18DC%28NNR%29+%E3%83%95%E3%83%AC%E3%82%A2%E3%83%AC%E3%83%83%E3%83%89+%E6%9C%AC%E4%BD%93%E3%81%AE%E3%81%BF+18V%E5%AF%BE%E5%BF%9C+%E3%83%8F%E3%82%A4%E3%82%B3%E3%83%BC%E3%82%AD+%E6%97%A5%E7%AB%8B HTTP/1.1" 200 54481 "-" "Mozilla/5.0 (Linux; Android 6.0.1; Nexus 5X Build/MMB29P) AppleWebKit/537.36 (KHTML, like Gecko) Chrome/135.0.7049.95 Mobile Safari/537.36 (compatible; Googlebot/2.1; +http://www.google.com/bot.html)"
66.249.73.101 - - [25/Apr/2025:23:28:43 -0400] "GET /00596735343.shtml HTTP/1.1" 200 0 "-" "Mozilla/5.0 (Linux; Android 6.0.1; Nexus 5X Build/MMB29P) AppleWebKit/537.36 (KHTML, like Gecko) Chrome/135.0.7049.95 Mobile Safari/537.36 (compatible; GoogleOther)"
66.249.74.13 - - [25/Apr/2025:23:29:05 -0400] "GET /9621056944.shtml HTTP/1.1" 200 0 "-" "Mozilla/5.0 (Linux; Android 6.0.1; Nexus 5X Build/MMB29P) AppleWebKit/537.36 (KHTML, like Gecko) Chrome/135.0.7049.95 Mobile Safari/537.36 (compatible; GoogleOther)"
66.249.74.12 - - [25/Apr/2025:23:29:12 -0400] "GET /79601786500.shtml HTTP/1.1" 200 0 "-" "Mozilla/5.0 (Linux; Android 6.0.1; Nexus 5X Build/MMB29P) AppleWebKit/537.36 (KHTML, like Gecko) Chrome/135.0.7049.95 Mobile Safari/537.36 (compatible; GoogleOther)"
66.249.74.11 - - [25/Apr/2025:23:29:36 -0400] "GET /661051524275.shtml HTTP/1.1" 200 0 "-" "Mozilla/5.0 (Linux; Android 6.0.1; Nexus 5X Build/MMB29P) AppleWebKit/537.36 (KHTML, like Gecko) Chrome/135.0.7049.95 Mobile Safari/537.36 (compatible; GoogleOther)"
66.249.73.103 - - [25/Apr/2025:23:29:58 -0400] "GET /934031256428.shtml HTTP/1.1" 200 0 "-" "Mozilla/5.0 (Linux; Android 6.0.1; Nexus 5X Build/MMB29P) AppleWebKit/537.36 (KHTML, like Gecko) Chrome/135.0.7049.95 Mobile Safari/537.36 (compatible; GoogleOther)"
66.249.73.101 - - [25/Apr/2025:23:30:20 -0400] "GET /?i=72710164552300&channel=526ac5&from=shared.php%3Fid%3D1645523-11882%26name%3D%E3%83%9F%E3%83%83%E3%82%AD%E3%83%BC%E3%80%80%E3%83%91%E3%83%B3%E3%83%84 HTTP/1.1" 200 0 "-" "Mozilla/5.0 (Linux; Android 6.0.1; Nexus 5X Build/MMB29P) AppleWebKit/537.36 (KHTML, like Gecko) Chrome/135.0.7049.95 Mobile Safari/537.36 (compatible; GoogleOther)"
40.77.167.20 - - [25/Apr/2025:23:30:28 -0400] "GET /?i=6039697204500&channel=2cbfe6&from=shared.php%3Fid%3D972045-1220%26name%3D18%E3%82%AF%E3%83%A9%E3%82%A6%E3%83%B3+%E6%9C%A8%E7%9B%AE%E3%82%B3%E3%83%B3%E3%83%93%E3%83%8F%E3%83%B3%E3%83%89%E3%83%AB HTTP/1.1" 200 0 "-" "Mozilla/5.0 AppleWebKit/537.36 (KHTML, like Gecko; compatible; bingbot/2.0; +http://www.bing.com/bingbot.htm) Chrome/116.0.1938.76 Safari/537.36"
66.249.73.101 - - [25/Apr/2025:23:30:51 -0400] "GET /?i=6160911116507&channel=68ab08&from=shared.php%3Fid%3D111165-4724%26name%3D%E8%B2%B4%E9%87%8D%E3%81%AA6%E5%B9%B3%E7%B1%B3+%E3%83%9A%E3%83%AB%E3%82%B7%E3%83%A3%E3%82%AD%E3%83%AA%E3%83%A0+%E3%82%B9%E3%83%9E%E3%83%83%E3%82%AF%E7%B9%94%E3%82%8A+No.29123 HTTP/1.1" 200 52430 "-" "Mozilla/5.0 (Linux; Android 6.0.1; Nexus 5X Build/MMB29P) AppleWebKit/537.36 (KHTML, like Gecko) Chrome/135.0.7049.95 Mobile Safari/537.36 (compatible; Googlebot/2.1; +http://www.google.com/bot.html)"
66.249.74.13 - - [25/Apr/2025:23:31:04 -0400] "GET /98707782148.shtml HTTP/1.1" 200 0 "-" "Mozilla/5.0 (Linux; Android 6.0.1; Nexus 5X Build/MMB29P) AppleWebKit/537.36 (KHTML, like Gecko) Chrome/135.0.7049.95 Mobile Safari/537.36 (compatible; GoogleOther)"
40.77.167.20 - - [25/Apr/2025:23:31:17 -0400] "GET /?i=62891183550200&channel=9ad40f&from=shop.php%3Fid%3D1835502-20151%26name%3DTesla+Model+3+Y+%E3%82%B0%E3%83%AD%E3%83%BC%E3%83%96%E3%83%9C%E3%83%83%E3%82%AF%E3%82%B9%E3%83%95%E3%83%83%E3%82%AF+%5B%E3%82%AF%E3%83%BC%E3%83%AB%E3%81%AA%E3%82%AB%E3%83%BC%E3%82%B7%E3%82%A7%E3%82%A4%E3%83%97%E3%80%81%E6%8A%98%E3%82%8A%E3%81%9F%E3%81%9F%E3%81%BF%E5%BC%8F%5D+%E3%82%B0%E3%83%AD%E3%83%BC%E3%83%96%E3%83%9C%E3%83%83%E3%82%AF%E3%82%B9%E3%82%AA%E3%83%BC%E3%82%AC%E3%83%8A%E3%82%A4%E3%82%B6%E3%83%BC%E3%83%90%E3%83%83%E3%82%B0 HTTP/1.1" 200 0 "-" "Mozilla/5.0 AppleWebKit/537.36 (KHTML, like Gecko; compatible; bingbot/2.0; +http://www.bing.com/bingbot.htm) Chrome/116.0.1938.76 Safari/537.36"
66.249.73.101 - - [25/Apr/2025:23:31:26 -0400] "GET /42531379297.shtml HTTP/1.1" 200 0 "-" "Mozilla/5.0 (Linux; Android 6.0.1; Nexus 5X Build/MMB29P) AppleWebKit/537.36 (KHTML, like Gecko) Chrome/135.0.7049.95 Mobile Safari/537.36 (compatible; GoogleOther)"
66.249.73.101 - - [25/Apr/2025:23:31:33 -0400] "GET /?i=1052874202900&channel=486c5d&from=article.php%3Fid%3D742029-2971%26name%3D%E3%80%90%E3%82%B9%E3%83%BC%E3%83%91%E3%83%BCSALE+%E5%8D%8A%E9%A1%8D50%25OFF%E3%80%91%E9%9F%B3%E6%A5%BD%E3%83%9C%E3%82%AF%E3%82%B7%E3%83%B3%E3%82%B0%E3%83%9E%E3%82%B7%E3%83%B3+%E3%82%B9%E3%83%9E%E3%83%BC%E3%83%88+%E3%83%87%E3%82%A3%E3%82%B9%E3%83%97%E3%83%AC%E3%82%A4%E4%BB%98%E3%81%8D+%E5%88%A9%E3%81%84+%E5%AD%90%E4%BE%9B+%E5%A4%A7%E4%BA%BA+%E9%9F%B3%E6%A5%BD%E3%83%9C%E3%82%AF%E3%82%B7%E3%83%B3%E3%82%B0%E3%83%9E%E3%82%B7%E3%83%B3+%E5%A3%81%E3%83%91%E3%83%B3%E3%83%81%E3%83%B3%E3%82%B0%E3%83%90%E3%83%83%E3%82%B0+%E3%83%9C%E3%82%AF%E3%82%B7%E3%83%B3%E3%82%B0%E3%83%88%E3%83%AC%E3%83%BC%E3%83%8B%E3%83%B3%E3%82%B0%E3%83%91%E3%83%B3%E3%83%81%E3%83%B3%E3%82%B0%E6%A9%9F%E5%99%A8+%E3%82%B9%E3%83%9E%E3%83%BC%E3%83%88+%E9%9F%B3%E6%A5%BD%E3%83%9C%E3%82%AF%E3%82%B5%E3%83%BC%E3%83%9C%E3%82%AF%E3%82%B7%E3%83%B3%E3%82%B0%E3%83%9E%E3%82%B7%E3%83%B3+%E5%AE%B6%E5%BA%AD%E3%81%A7%E3%81%AE%E9%81%8B%E5%8B%95+%E9%80%81%E6%96%99%E7%84%A1%E6%96%99 HTTP/1.1" 200 0 "-" "Mozilla/5.0 (Linux; Android 6.0.1; Nexus 5X Build/MMB29P) AppleWebKit/537.36 (KHTML, like Gecko) Chrome/135.0.7049.95 Mobile Safari/537.36 (compatible; GoogleOther)"
40.77.167.116 - - [25/Apr/2025:23:31:44 -0400] "GET /?i=722406711309&channel=9e9519&from=product.php%3Fid%3D67113-1355%26name%3D%EF%BC%B3%EF%BC%98%EF%BC%90%EF%BC%99%E3%80%80%E8%8F%93%E5%AD%90%E5%99%A8%E3%80%80%E3%80%8E%E9%AB%98%E5%8F%96%E7%84%BC%E3%80%8F%E3%80%8E%E9%AB%98%E5%8F%96%E5%85%AB%E4%BB%99%E7%AA%AF%E3%80%8F%E3%80%80%E5%85%B1%E7%AE%B1%E3%80%80%E8%8C%B6%E9%81%93%E5%85%B7 HTTP/1.1" 200 0 "-" "Mozilla/5.0 AppleWebKit/537.36 (KHTML, like Gecko; compatible; bingbot/2.0; +http://www.bing.com/bingbot.htm) Chrome/116.0.1938.76 Safari/537.36"
66.249.73.101 - - [25/Apr/2025:23:31:49 -0400] "GET /?i=71479110002804&channel=93be18&from=category-info.php%3Fid%3D1100028-5595%26name%3D%E3%83%AA%E3%83%8D%E3%83%B3%E3%83%84%E3%82%A4%E3%83%AB%E3%82%B7%E3%83%A3%E3%83%84%E3%82%B8%E3%83%A3%E3%82%B1%E3%83%83%E3%83%88 HTTP/1.1" 200 0 "-" "Mozilla/5.0 (Linux; Android 6.0.1; Nexus 5X Build/MMB29P) AppleWebKit/537.36 (KHTML, like Gecko) Chrome/135.0.7049.95 Mobile Safari/537.36 (compatible; GoogleOther)"
66.249.73.101 - - [25/Apr/2025:23:32:01 -0400] "GET /?i=2398579622501&channel=286faf&from=article.php%3Fid%3D796225-4895%26name%3D%E3%83%B4%E3%82%A1%E3%82%A4%E3%82%B9%E3%80%80%E3%83%8D%E3%83%83%E3%83%8840%E5%B7%A6 HTTP/1.1" 200 0 "-" "Mozilla/5.0 (Linux; Android 6.0.1; Nexus 5X Build/MMB29P) AppleWebKit/537.36 (KHTML, like Gecko) Chrome/135.0.7049.95 Mobile Safari/537.36 (compatible; GoogleOther)"
66.249.73.101 - - [25/Apr/2025:23:32:19 -0400] "GET /07179430393.shtml HTTP/1.1" 200 0 "-" "Mozilla/5.0 (Linux; Android 6.0.1; Nexus 5X Build/MMB29P) AppleWebKit/537.36 (KHTML, like Gecko) Chrome/135.0.7049.95 Mobile Safari/537.36 (compatible; GoogleOther)"
66.249.73.101 - - [25/Apr/2025:23:32:46 -0400] "GET /?i=18190141570006&channel=2978d9&from=shop.php%3Fid%3D1415700-23629%26name%3D5m+%E7%86%B1%E5%8F%8E%E7%B8%AE%E3%83%81%E3%83%A5%E3%83%BC%E3%83%96+%E3%82%AD%E3%83%83%E3%83%88+%E7%9B%B4%E5%BE%84%E3%82%B5%E3%82%A4%E3%82%BA+10mm+2mm+%EF%BC%9A+6mm+4mm+8mm HTTP/1.1" 200 0 "-" "Mozilla/5.0 (Linux; Android 6.0.1; Nexus 5X Build/MMB29P) AppleWebKit/537.36 (KHTML, like Gecko) Chrome/135.0.7049.95 Mobile Safari/537.36 (compatible; GoogleOther)"
66.249.73.101 - - [25/Apr/2025:23:32:50 -0400] "GET /?i=22117151082800&channel=a56a09&from=pin.php%3Fid%3D1510828-1418%26name%3Dt%E3%82%B7%E3%83%A3%E3%83%84+HOMEGAME-%E6%98%A0%E7%94%BB%E3%83%89%E3%83%A9%E3%81%88%E3%82%82%E3%82%93+1989+%E3%81%AE%E3%81%B3%E5%A4%AA%E3%81%AE%E6%97%A5%E6%9C%AC%E8%AA%95%E7%94%9FTEE%E3%80%8CHG250110%E3%80%8D+%E3%83%A1%E3%83%B3%E3%82%BA+%E3%83%AC%E3%83%87%E3%82%A3%E3%83%BC%E3%82%B9 HTTP/1.1" 200 53851 "-" "Mozilla/5.0 (Linux; Android 6.0.1; Nexus 5X Build/MMB29P) AppleWebKit/537.36 (KHTML, like Gecko) Chrome/135.0.7049.95 Mobile Safari/537.36 (compatible; Googlebot/2.1; +http://www.google.com/bot.html)"
66.249.73.101 - - [25/Apr/2025:23:33:10 -0400] "GET /?i=22214142922603&channel=4a01cd&from=shared.php%3Fid%3D1429226-23736%26name%3D%E3%82%B8%E3%83%83%E3%83%91%E3%83%BC%E3%83%9D%E3%83%BC%E3%83%81+%E3%83%AC%E3%83%A0+%E3%83%89%E3%82%AD%E3%83%A5%E3%83%A1%E3%83%B3%E3%83%88%E3%83%90%E3%83%83%E3%82%B0+%E3%83%8F%E3%83%B3%E3%83%89%E3%83%AB%E4%BB%98%E3%81%8D+%E6%97%85%E8%A1%8C%E5%8F%8E%E7%B4%8D%E3%83%90%E3%83%83%E3%82%B0+%E3%83%9D%E3%83%BC%E3%82%BF%E3%83%96%E3%83%AB%E3%83%89%E3%82%AD%E3%83%A5%E3%83%A1%E3%83%B3%E3%83%88%E3%83%90%E3%83%83%E3%82%B0+%E5%A4%9A%E6%A9%9F%E8%83%BD%E3%83%95%E3%82%A1%E3%82%A4%E3%83%AB%E3%83%90%E3%83%83%E3%82%B0+2%E3%83%9D%E3%82%B1%E3%83%83 HTTP/1.1" 200 0 "-" "Mozilla/5.0 (Linux; Android 6.0.1; Nexus 5X Build/MMB29P) AppleWebKit/537.36 (KHTML, like Gecko) Chrome/135.0.7049.95 Mobile Safari/537.36 (compatible; GoogleOther)"
66.249.74.13 - - [25/Apr/2025:23:33:20 -0400] "GET /48299608105.shtml HTTP/1.1" 200 0 "-" "Mozilla/5.0 (Linux; Android 6.0.1; Nexus 5X Build/MMB29P) AppleWebKit/537.36 (KHTML, like Gecko) Chrome/135.0.7049.95 Mobile Safari/537.36 (compatible; GoogleOther)"
66.249.74.11 - - [25/Apr/2025:23:33:31 -0400] "GET /543921350827.shtml HTTP/1.1" 200 0 "-" "Mozilla/5.0 (Linux; Android 6.0.1; Nexus 5X Build/MMB29P) AppleWebKit/537.36 (KHTML, like Gecko) Chrome/135.0.7049.95 Mobile Safari/537.36 (compatible; GoogleOther)"
40.77.167.47 - - [25/Apr/2025:23:33:39 -0400] "GET /?i=0067963978305&channel=bb94ff&from=shop.php%3Fid%3D639783-5017%26name%3D%E3%81%8A%E5%AE%A2%E6%A7%98%E7%B5%84%E7%AB%8B+%E6%97%A5%E6%9C%AC%E8%A3%BD%E3%83%BB%E5%B8%83%E5%9B%A3%E3%81%8C%E5%8F%8E%E7%B4%8D%E3%81%A7%E3%81%8D%E3%82%8B%E5%A4%A7%E5%AE%B9%E9%87%8F%E5%8F%8E%E7%B4%8D%E7%95%B3%E9%80%A3%E7%B5%90%E3%83%99%E3%83%83%E3%83%89+%E9%99%BD%E8%91%B5+%E3%81%B2%E3%81%BE%E3%82%8A+%E3%83%99%E3%83%83%E3%83%89%E3%83%95%E3%83%AC%E3%83%BC%E3%83%A0%E3%81%AE%E3%81%BF+%E3%81%84%E8%8D%89%E7%95%B3+%E3%83%80%E3%83%96%E3%83%AB+%E9%AB%98%E3%81%9529cm+%E3%83%80%E3%83%BC%E3%82%AF%E3%83%96 HTTP/1.1" 200 0 "-" "Mozilla/5.0 AppleWebKit/537.36 (KHTML, like Gecko; compatible; bingbot/2.0; +http://www.bing.com/bingbot.htm) Chrome/116.0.1938.76 Safari/537.36"
66.249.73.101 - - [25/Apr/2025:23:33:42 -0400] "GET /?i=8627892302804&channel=b89082&from=shop.php%3Fid%3D923028-1496%26name%3DENDS+and+MEANS+Pocket+T-shirts%28Striped%29 HTTP/1.1" 200 0 "-" "Mozilla/5.0 (Linux; Android 6.0.1; Nexus 5X Build/MMB29P) AppleWebKit/537.36 (KHTML, like Gecko) Chrome/135.0.7049.95 Mobile Safari/537.36 (compatible; GoogleOther)"
40.77.167.20 - - [25/Apr/2025:23:33:48 -0400] "GET /?i=83720119814503&channel=94cd82&from=product.php%3Fid%3D1198145-19008%26name%3D%E3%83%9D%E3%82%B8%E3%82%B7%E3%83%A7%E3%83%B3%E5%AE%9A%E8%A6%8F+%E3%82%BB%E3%83%B3%E3%82%B5%E3%83%BC+KTF600-1250mm+%E3%82%B9%E3%83%A9%E3%82%A4%E3%83%89%E4%BD%8D%E7%BD%AE%E3%82%BB%E3%83%B3%E3%82%B5%E3%83%BC%E5%A4%89%E4%BD%8D%E3%83%88%E3%83%A9%E3%83%B3%E3%82%B9%E3%83%87%E3%83%A5%E3%83%BC%E3%82%B5%E3%83%BC%E3%83%AA%E3%83%8B%E3%82%A2%E3%83%9D%E3%83%86%E3%83%B3%E3%82%B7%E3%83%A7%E3%83%A1%E3%83%BC%E3%82%BF%E3%83%BC%E5%B0%84%E5%87%BA%E6%88%90%E5%BD%A2%E6%A9%9F%E7%94%A8 HTTP/1.1" 200 0 "-" "Mozilla/5.0 AppleWebKit/537.36 (KHTML, like Gecko; compatible; bingbot/2.0; +http://www.bing.com/bingbot.htm) Chrome/116.0.1938.76 Safari/537.36"
66.249.73.101 - - [25/Apr/2025:23:33:56 -0400] "GET /79716311696.shtml HTTP/1.1" 200 0 "-" "Mozilla/5.0 (Linux; Android 6.0.1; Nexus 5X Build/MMB29P) AppleWebKit/537.36 (KHTML, like Gecko) Chrome/135.0.7049.95 Mobile Safari/537.36 (compatible; GoogleOther)"
66.249.73.102 - - [25/Apr/2025:23:34:05 -0400] "GET /19171580524.shtml HTTP/1.1" 200 0 "-" "Mozilla/5.0 (Linux; Android 6.0.1; Nexus 5X Build/MMB29P) AppleWebKit/537.36 (KHTML, like Gecko) Chrome/135.0.7049.95 Mobile Safari/537.36 (compatible; GoogleOther)"
66.249.73.102 - - [25/Apr/2025:23:34:14 -0400] "GET /?i=7039056208803&channel=02de2f&from=news.php%3Fid%3D562088-7672%26name%3D%E3%83%A2%E3%83%B3%E3%82%AF%E3%83%AC%E3%83%BC%E3%83%AB%E3%80%80%E3%82%A8%E3%83%AB%E3%83%9F%E3%83%B3%E3%83%8C%E3%80%800 HTTP/1.1" 200 0 "-" "Mozilla/5.0 (Linux; Android 6.0.1; Nexus 5X Build/MMB29P) AppleWebKit/537.36 (KHTML, like Gecko) Chrome/135.0.7049.95 Mobile Safari/537.36 (compatible; GoogleOther)"
66.249.74.12 - - [25/Apr/2025:23:34:22 -0400] "GET /09098877985.shtml HTTP/1.1" 200 0 "-" "Mozilla/5.0 (Linux; Android 6.0.1; Nexus 5X Build/MMB29P) AppleWebKit/537.36 (KHTML, like Gecko) Chrome/135.0.7049.95 Mobile Safari/537.36 (compatible; GoogleOther)"
40.77.167.116 - - [25/Apr/2025:23:34:34 -0400] "GET /?i=58084183278507&channel=34b29d&from=form.php%3Fid%3D1832785-9557%26name%3D%E3%81%8A%E5%BE%97%E2%9D%A4%EF%B8%8F%E3%83%AA%E3%83%94%E3%83%BC%E3%82%BF%E3%83%BC%E3%81%95%E3%81%BE%E7%BE%8E%E5%91%B3%E3%80%80%E9%A3%B2%E3%82%93%E3%81%A7%E3%83%80%E3%82%A4%E3%82%A8%E3%83%83%E3%83%88%E2%9D%A4%EF%B8%8F%E8%AB%A6%E3%82%81%E3%81%9F%E3%82%89%E3%83%9F%E3%83%A9%E3%82%AF%E3%83%AB%E3%82%B9%E3%83%AA%E3%83%A0%E3%83%86%E3%82%A3%E3%83%BC HTTP/1.1" 200 0 "-" "Mozilla/5.0 AppleWebKit/537.36 (KHTML, like Gecko; compatible; bingbot/2.0; +http://www.bing.com/bingbot.htm) Chrome/116.0.1938.76 Safari/537.36"
66.249.73.101 - - [25/Apr/2025:23:34:40 -0400] "GET /?i=0675261551703&channel=88cc25&from=shared.php%3Fid%3D615517-5727%26name%3D%E3%82%B7%E3%83%9E%E3%83%8E%28SHIMANO%29+%E3%81%A8%E3%81%BF+SH-107Y+%E3%83%AA%E3%83%9F%E3%83%86%E3%83%83%E3%83%89%E3%83%97%E3%83%AD+%E3%83%95%E3%83%AB%E3%82%B8%E3%83%83%E3%83%97%E3%82%B7%E3%83%A3%E3%83%84+%E5%85%A86%E3%82%B5%E3%82%A4%E3%82%BA HTTP/1.1" 200 0 "-" "Mozilla/5.0 (Linux; Android 6.0.1; Nexus 5X Build/MMB29P) AppleWebKit/537.36 (KHTML, like Gecko) Chrome/135.0.7049.95 Mobile Safari/537.36 (compatible; GoogleOther)"
54.162.139.241 - - [25/Apr/2025:23:34:53 -0400] "GET /wp-content/plugins/litespeed-cache/readme.txt HTTP/1.1" 200 12489 "-" "Mozlila/5.0 (Linux; Android 7.0; SM-G892A Bulid/NRD90M; wv) AppleWebKit/537.36 (KHTML, like Gecko) Version/4.0 Chrome/60.0.3112.107 Moblie Safari/537.36"
40.77.167.47 - - [25/Apr/2025:23:35:00 -0400] "GET /?i=4747355991502&channel=42b019&from=pin.php%3Fid%3D559915-4882%26name%3D%E3%80%90%E3%83%A9%E3%82%A4%E3%83%96%E3%82%A8%E3%83%B3%E3%83%88%E3%83%AA%E3%83%BC%E3%81%A7%E3%83%9D%E3%82%A4%E3%83%B3%E3%83%88%E6%9C%80%E5%A4%A710%E5%80%8D%E3%80%91%E3%83%8A%E3%82%A4%E3%82%AD%EF%BC%88NIKE%EF%BC%89%EF%BC%88%E3%83%A1%E3%83%B3%E3%82%BA%EF%BC%89%E3%82%B5%E3%83%83%E3%82%AB%E3%83%BC%E3%83%88%E3%83%AC%E3%83%BC%E3%83%8B%E3%83%B3%E3%82%B0%E3%82%B7%E3%83%A5%E3%83%BC%E3%82%BA+%E3%82%BA%E3%83%BC%E3%83%A0+%E3%83%9E%E3%83%BC%E3%82%AD%E3%83%A5%E3%83%AA%E3%82%A2%E3%83%AB+%E3%83%B4%E3%82%A7%E3%82%A4%E3%83%91%E3%83%BC+16+%E3%83%97%E3%83%AD+TF+FQ8687-800 HTTP/1.1" 200 0 "-" "Mozilla/5.0 AppleWebKit/537.36 (KHTML, like Gecko; compatible; bingbot/2.0; +http://www.bing.com/bingbot.htm) Chrome/116.0.1938.76 Safari/537.36"
40.77.167.47 - - [25/Apr/2025:23:35:01 -0400] "GET /?i=8761175353504&channel=36cae9&from=pin.php%3Fid%3D753535-12196%26name%3D%E3%82%A2%E3%83%A0%E3%82%A6%E3%82%A7%E3%82%A4%E6%B5%84%E6%B0%B4%E5%99%A8%E2%85%A1%EF%BC%88%E4%BB%98%E5%B1%9E%E6%96%B0%E5%93%81%E5%85%A8%E3%81%A6%E3%81%82%E3%82%8A%E3%81%BE%E3%81%99%EF%BC%89 HTTP/1.1" 200 0 "-" "Mozilla/5.0 AppleWebKit/537.36 (KHTML, like Gecko; compatible; bingbot/2.0; +http://www.bing.com/bingbot.htm) Chrome/116.0.1938.76 Safari/537.36"
40.77.167.47 - - [25/Apr/2025:23:35:02 -0400] "GET /?i=1868236983002&channel=82f334&from=jp.php%3Fid%3D369830-3071%26name%3D%E3%80%90%E6%AD%A3%E8%A6%8F%E5%BA%97%E8%B3%BC%E5%85%A5%E3%80%91PARLY+GATES+%E3%82%AB%E3%83%A2%E3%83%95%E3%83%A9%E3%82%AD%E3%83%A3%E3%83%87%E3%82%A3%E3%83%90%E3%83%83%E3%82%AF HTTP/1.1" 200 0 "-" "Mozilla/5.0 AppleWebKit/537.36 (KHTML, like Gecko; compatible; bingbot/2.0; +http://www.bing.com/bingbot.htm) Chrome/116.0.1938.76 Safari/537.36"
66.249.73.101 - - [25/Apr/2025:23:35:03 -0400] "GET /?i=8103048406204&channel=23faa3&from=category-info.php%3Fid%3D484062-6532%26name%3D%E3%80%90%E6%96%B0%E5%93%81%E3%80%91NEAT+%E3%82%B3%E3%83%BC%E3%83%B3%E3%83%9F%E3%83%AB%E3%82%BA%E3%80%80%E3%83%87%E3%83%8B%E3%83%A0%E3%80%80%E3%82%B9%E3%83%BC%E3%83%91%E3%83%BC%E3%83%96%E3%83%A9%E3%83%83%E3%82%AF%E3%80%80L HTTP/1.1" 200 0 "-" "Mozilla/5.0 (Linux; Android 6.0.1; Nexus 5X Build/MMB29P) AppleWebKit/537.36 (KHTML, like Gecko) Chrome/135.0.7049.95 Mobile Safari/537.36 (compatible; GoogleOther)"
109.199.118.129 - - [25/Apr/2025:23:35:06 -0400] "GET / HTTP/1.1" 200 0 "-" "Mozilla/5.0 (Windows NT 10.0; Win64; x64) AppleWebKit/537.36 (KHTML, like Gecko) Chrome/91.0.4472.114 Safari/537.36 Edg/91.0.864.54"
66.249.73.101 - - [25/Apr/2025:23:35:53 -0400] "GET /?i=0510063040505&channel=614d76&from=blog.php%3Fid%3D630405-1475%26name%3D%E3%82%AB%E3%83%AF%E3%82%B5%E3%82%AD+ZRX1200DAEG+%E7%B4%94%E6%AD%A3%E3%83%9E%E3%83%95%E3%83%A9%E3%83%BC HTTP/1.1" 200 0 "-" "Mozilla/5.0 (Linux; Android 6.0.1; Nexus 5X Build/MMB29P) AppleWebKit/537.36 (KHTML, like Gecko) Chrome/135.0.7049.95 Mobile Safari/537.36 (compatible; GoogleOther)"
40.77.167.47 - - [25/Apr/2025:23:35:59 -0400] "GET /?i=75507197979000&channel=7e0cb3&from=pin.php%3Fid%3D1979790-15246%26name%3D%E5%AE%B6%E5%85%B7%E3%81%AE%E8%84%9A4%E6%9C%AC%E3%80%81DIY%E5%AE%B6%E5%85%B7%E7%94%A8%E3%81%AE%E9%BB%92%E3%81%84%E9%89%84%E3%81%AE%E8%84%9A%E3%80%81%E5%86%86%E7%AD%92%E5%BD%A2%E3%81%AE%E9%87%91%E3%81%AE%E3%82%B5%E3%83%9D%E3%83%BC%E3%83%88%E8%84%9A%E3%80%81%E3%83%86%E3%83%BC%E3%83%96%E3%83%AB%E3%81%AE%E8%84%9A%E3%80%81%E3%83%86%E3%83%BC%E3%83%96%E3%83%AB%E3%80%81%E6%A4%85%E5%AD%90%E3%80%81%E3%83%86%E3%83%AC%E3%83%93%E3%82%B9%E3%82%BF%E3%83%B3%E3%83%89%E3%80%81%E3%82%AB%E3%82%A6%E3%83%81%E3%80%81%E3%83%87%E3%82%B9%E3%82%AF%E3%80%81%E3%83%AF%E3%83%BC%E3%82%AF HTTP/1.1" 200 0 "-" "Mozilla/5.0 AppleWebKit/537.36 (KHTML, like Gecko; compatible; bingbot/2.0; +http://www.bing.com/bingbot.htm) Chrome/116.0.1938.76 Safari/537.36"
66.249.73.102 - - [25/Apr/2025:23:36:00 -0400] "GET /792401522068.shtml HTTP/1.1" 200 0 "-" "Mozilla/5.0 (Linux; Android 6.0.1; Nexus 5X Build/MMB29P) AppleWebKit/537.36 (KHTML, like Gecko) Chrome/135.0.7049.95 Mobile Safari/537.36 (compatible; GoogleOther)"
40.77.167.116 - - [25/Apr/2025:23:36:24 -0400] "GET /?i=2184244122305&channel=6d7fcb&from=jp.php%3Fid%3D441223-15574%26name%3DSTARTIST+%E3%83%86%E3%83%BC%E3%83%96%E3%83%AB%E7%94%A8%E3%82%AD%E3%83%83%E3%82%BA%E3%83%81%E3%82%A7%E3%82%A2+%E8%AA%AD%E6%9B%B8%E7%94%A8%E3%83%81%E3%82%A7%E3%82%A2+%E9%AB%98%E3%81%95%E8%AA%BF%E7%AF%80%E5%8F%AF%E8%83%BD+%E3%82%B3%E3%83%B3%E3%83%94%E3%83%A5%E3%83%BC%E3%82%BF%E3%83%BC%E3%83%81%E3%82%A7%E3%82%A2+%E5%AD%A6%E7%BF%92%E7%94%A8%E3%83%81%E3%82%A7%E3%82%A2+%E5%B9%BC%E5%85%90%E7%94%A8%E3%83%81%E3%82%A7%E3%82%A2+%E3%83%95%E3%82%A1%E3%83%9F%E3%83%AA%E3%83%BC HTTP/1.1" 200 0 "-" "Mozilla/5.0 AppleWebKit/537.36 (KHTML, like Gecko; compatible; bingbot/2.0; +http://www.bing.com/bingbot.htm) Chrome/116.0.1938.76 Safari/537.36"
66.249.74.13 - - [25/Apr/2025:23:36:32 -0400] "GET /90310973641.shtml HTTP/1.1" 200 0 "-" "Mozilla/5.0 (Linux; Android 6.0.1; Nexus 5X Build/MMB29P) AppleWebKit/537.36 (KHTML, like Gecko) Chrome/135.0.7049.95 Mobile Safari/537.36 (compatible; GoogleOther)"
40.77.167.116 - - [25/Apr/2025:23:36:44 -0400] "GET /?i=730751279500&channel=ec7334&from=product.php%3Fid%3D12795-2583%26name%3D%E3%83%8E%E3%83%BC%E3%82%B9%E3%83%95%E3%82%A7%E3%82%A4%E3%82%B9+%E3%82%B8%E3%83%A3%E3%82%B1%E3%83%83%E3%83%88+%E3%82%B4%E3%82%A2%E3%83%86%E3%83%83%E3%82%AF%E3%82%B9 HTTP/1.1" 200 0 "-" "Mozilla/5.0 AppleWebKit/537.36 (KHTML, like Gecko; compatible; bingbot/2.0; +http://www.bing.com/bingbot.htm) Chrome/116.0.1938.76 Safari/537.36"
66.249.73.102 - - [25/Apr/2025:23:36:50 -0400] "GET /?i=2707052305102&channel=b89082&from=category-info.php%3Fid%3D523051-1496%26name%3DSUPREME%28%E3%82%B7%E3%83%A5%E3%83%97%E3%83%AA%E3%83%BC%E3%83%A0%29+%E3%82%B5%E3%82%A4%E3%82%BA%3AS+15AW%C3%97COMME+des+GARCONS+Hooded+Sweatshirt+%E3%82%B3%E3%83%A0%E3%83%87%E3%82%AE%E3%83%A3%E3%83%AB%E3%82%BD%E3%83%B3+%E3%83%81%E3%82%A7%E3%83%83%E3%82%AF+%E3%83%95%E3%83%BC%E3%83%87%E3%83%83%E3%83%89%E9%95%B7%E8%A2%96%E3%82%B7%E3%83%A3%E3%83%84+%E3%82%AB%E3%83%BC%E3%82%AD%E3%80%90%E4%B8%AD%E5%8F%A4%E3%80%91%E3%80%90%E7%A8%8B%E5%BA%A6B%E3%80%91%E3%80%90%E3%82%AB%E3%83%A9%E3%83%BC%E3%82%B0%E3%83%AA%E3%83%BC%E3%83%B3%E3%80%91%E3%80%90%E3%82%AA%E3%83%B3%E3%83%A9%E3%82%A4%E3%83%B3%E9%99%90%E5%AE%9A%E5%95%86%E5%93%81%E3%80%91 HTTP/1.1" 200 0 "-" "Mozilla/5.0 (Linux; Android 6.0.1; Nexus 5X Build/MMB29P) AppleWebKit/537.36 (KHTML, like Gecko) Chrome/135.0.7049.95 Mobile Safari/537.36 (compatible; GoogleOther)"
66.249.73.103 - - [25/Apr/2025:23:37:07 -0400] "GET /?i=72093134479406&channel=622be9&from=article.php%3Fid%3D1344794-22355%26name%3D%E5%A4%A7%E3%81%8D%E3%81%84%E3%82%B5%E3%82%A4%E3%82%BA%E3%81%AE%E5%A5%B3%E6%80%A7%E6%9C%8D%E3%83%A2%E3%83%87%E3%83%AB%E3%83%89%E3%83%AC%E3%82%B9%E3%83%95%E3%82%A9%E3%83%BC%E3%83%A0%E3%83%9E%E3%83%8D%E3%82%AD%E3%83%B3%E3%83%9C%E3%83%87%E3%82%A3%E9%AB%98%E3%81%95%E8%AA%BF%E7%AF%80%E5%8F%AF%E8%83%BD%E3%82%B9%E3%82%AF%E3%82%A8%E3%82%A2%E3%83%A1%E3%82%BF%E3%83%AB%E3%83%99%E3%83%BC%E3%82%B9%E7%B8%AB%E8%A3%BD%E3%83%9E%E3%83%8D%E3%82%AD%E3%83%B3%E3%80%81%E5%B0%8F%E3%80%81%E3%83%AF%E3%83%B3%E3%82%B5%E3%82%A4%E3%82%BA HTTP/1.1" 200 55317 "-" "Mozilla/5.0 (Linux; Android 6.0.1; Nexus 5X Build/MMB29P) AppleWebKit/537.36 (KHTML, like Gecko) Chrome/135.0.7049.95 Mobile Safari/537.36 (compatible; Googlebot/2.1; +http://www.google.com/bot.html)"
66.249.73.101 - - [25/Apr/2025:23:37:13 -0400] "GET /?i=387105697608&channel=dbab0a&from=info.php%3Fid%3D56976-2968%26name%3D%E3%80%90%E3%83%9D%E3%82%A4%E3%83%B3%E3%83%8810%E5%80%8D%E3%80%91Fotopro%EF%BC%BB%E3%83%95%E3%82%A9%E3%83%88%E3%83%97%E3%83%AD%EF%BC%BDFB-4+PRO+%E3%82%AB%E3%83%A1%E3%83%A9%E3%83%90%E3%83%83%E3%82%B0+%3Cbr%3E%3Cbr%3E HTTP/1.1" 200 0 "-" "Mozilla/5.0 (Linux; Android 6.0.1; Nexus 5X Build/MMB29P) AppleWebKit/537.36 (KHTML, like Gecko) Chrome/135.0.7049.95 Mobile Safari/537.36 (compatible; GoogleOther)"
66.249.74.11 - - [25/Apr/2025:23:37:40 -0400] "GET /75412930454.shtml HTTP/1.1" 200 0 "-" "Mozilla/5.0 (Linux; Android 6.0.1; Nexus 5X Build/MMB29P) AppleWebKit/537.36 (KHTML, like Gecko) Chrome/135.0.7049.95 Mobile Safari/537.36 (compatible; GoogleOther)"
66.249.73.102 - - [25/Apr/2025:23:38:05 -0400] "GET /?i=0854249046101&channel=7f4639&from=category-info.php%3Fid%3D490461-607%26name%3D%E3%83%96%E3%83%AA%E3%82%B8%E3%82%B9%E3%83%88%E3%83%B3+%E3%83%96%E3%83%AA%E3%82%B6%E3%83%83%E3%82%AF+VRX+165+55+R14 HTTP/1.1" 200 53786 "-" "Mozilla/5.0 (Linux; Android 6.0.1; Nexus 5X Build/MMB29P) AppleWebKit/537.36 (KHTML, like Gecko) Chrome/135.0.7049.95 Mobile Safari/537.36 (compatible; Googlebot/2.1; +http://www.google.com/bot.html)"
66.249.73.103 - - [25/Apr/2025:23:38:06 -0400] "GET /?i=18149121683203&channel=bae2a9&from=shared.php%3Fid%3D1216832-605%26name%3D%E3%83%9B%E3%83%B3%E3%83%80+DIO+%E3%83%A9%E3%82%A4%E3%83%96%E3%83%87%E3%82%A3%E3%82%AAZX+AF35%E3%80%80%E6%95%B4%E5%82%99%E6%B8%88%E8%87%AA%E8%B3%A0%E8%B2%AC%E4%BB%A4%E5%92%8C9%E5%B9%B48%E6%9C%88 HTTP/1.1" 200 0 "-" "Mozilla/5.0 (Linux; Android 6.0.1; Nexus 5X Build/MMB29P) AppleWebKit/537.36 (KHTML, like Gecko) Chrome/135.0.7049.95 Mobile Safari/537.36 (compatible; GoogleOther)"
66.249.74.11 - - [25/Apr/2025:23:38:30 -0400] "GET /822991524188.shtml HTTP/1.1" 200 0 "-" "Mozilla/5.0 (Linux; Android 6.0.1; Nexus 5X Build/MMB29P) AppleWebKit/537.36 (KHTML, like Gecko) Chrome/135.0.7049.95 Mobile Safari/537.36 (compatible; GoogleOther)"
66.249.73.101 - - [25/Apr/2025:23:38:44 -0400] "GET /?i=94732120524904&channel=f35564&from=news.php%3Fid%3D1205249-1326%26name%3D%E5%80%A4%E4%B8%8B%E3%81%92%E4%B8%8D%E5%8F%AF%E2%98%85BISARA%E2%98%85%E6%96%B0%E5%93%81%E2%98%85%E3%83%93%E3%82%B5%E3%83%A9%E3%82%B9%E3%83%86%E3%82%A3%E3%83%83%E3%82%AF%E3%83%98%E3%82%A2%E3%83%89%E3%83%A9%E3%82%A4%E3%83%A4%E3%83%BC%E2%98%85BSR004 HTTP/1.1" 200 52451 "-" "Mozilla/5.0 (Linux; Android 6.0.1; Nexus 5X Build/MMB29P) AppleWebKit/537.36 (KHTML, like Gecko) Chrome/135.0.7049.95 Mobile Safari/537.36 (compatible; Googlebot/2.1; +http://www.google.com/bot.html)"
66.249.73.101 - - [25/Apr/2025:23:39:21 -0400] "GET /?i=7069095631402&channel=8c58aa&from=news.php%3Fid%3D956314-3372%26name%3D%E2%98%85%E6%96%B0%E5%93%81%E5%90%8C%E6%A7%98%E2%98%85Max+Mara%E2%98%85%E3%83%9E%E3%83%83%E3%82%AF%E3%82%B9%E3%83%9E%E3%83%BC%E3%83%A9%E2%98%85%E3%83%99%E3%83%AB%E3%83%86%E3%83%83%E3%83%89%E3%82%B3%E3%83%BC%E3%83%88 HTTP/1.1" 200 0 "-" "Mozilla/5.0 (Linux; Android 6.0.1; Nexus 5X Build/MMB29P) AppleWebKit/537.36 (KHTML, like Gecko) Chrome/135.0.7049.95 Mobile Safari/537.36 (compatible; GoogleOther)"
66.249.73.101 - - [25/Apr/2025:23:39:46 -0400] "GET /?i=7131949454702&channel=79b785&from=product.php%3Fid%3D494547-6685%26name%3D%E3%80%90%E6%96%B0%E5%93%81%E3%80%91%E3%83%96%E3%83%AA%E3%83%82%E3%82%B9%E3%83%88%E3%83%B3+B2HT+%E3%83%A6%E3%83%BC%E3%83%86%E3%82%A3%E3%83%AA%E3%83%86%E3%82%A3+4U+22%E5%BA%A6+VANQUISH+BS50h+%E3%82%AB%E3%83%BC%E3%83%9C%E3%83%B3%E3%82%B7%E3%83%A3%E3%83%95%E3%83%88+%E3%83%95%E3%83%AC%E3%83%83%E3%82%AF%E3%82%B9SR HTTP/1.1" 200 53796 "-" "Mozilla/5.0 (Linux; Android 6.0.1; Nexus 5X Build/MMB29P) AppleWebKit/537.36 (KHTML, like Gecko) Chrome/135.0.7049.95 Mobile Safari/537.36 (compatible; Googlebot/2.1; +http://www.google.com/bot.html)"
66.249.73.101 - - [25/Apr/2025:23:39:47 -0400] "GET /?i=78812179464401&channel=c07940&from=jp.php%3Fid%3D1794644-5831%26name%3DAZUL+BY+MOUSSY+%E3%83%9E%E3%82%A6%E3%82%B8%E3%83%BC%E3%80%80%E3%83%8E%E3%83%BC%E3%82%B9%E3%83%AA%E3%83%BC%E3%83%96%E3%80%80%E3%82%AB%E3%83%83%E3%83%88%E3%82%BD%E3%83%BC%E3%80%80%E6%96%B0%E5%93%81%E6%9C%AA%E4%BD%BF%E7%94%A8 HTTP/1.1" 200 0 "-" "Mozilla/5.0 (Linux; Android 6.0.1; Nexus 5X Build/MMB29P) AppleWebKit/537.36 (KHTML, like Gecko) Chrome/135.0.7049.95 Mobile Safari/537.36 (compatible; GoogleOther)"
66.249.73.101 - - [25/Apr/2025:23:39:56 -0400] "GET /28998482288.shtml HTTP/1.1" 200 0 "-" "Mozilla/5.0 (Linux; Android 6.0.1; Nexus 5X Build/MMB29P) AppleWebKit/537.36 (KHTML, like Gecko) Chrome/135.0.7049.95 Mobile Safari/537.36 (compatible; GoogleOther)"
66.249.73.102 - - [25/Apr/2025:23:40:06 -0400] "GET /420761595647.shtml HTTP/1.1" 200 0 "-" "Mozilla/5.0 (Linux; Android 6.0.1; Nexus 5X Build/MMB29P) AppleWebKit/537.36 (KHTML, like Gecko) Chrome/135.0.7049.95 Mobile Safari/537.36 (compatible; GoogleOther)"
52.167.144.18 - - [25/Apr/2025:23:40:35 -0400] "GET /?i=08039114892601&channel=67a8af&from=form.php%3Fid%3D1148926-22107%26name%3DCarolart%28%E3%82%AD%E3%83%A3%E3%83%AD%E3%83%A9%E3%83%BC%E3%83%88%29+3%E5%80%8B%E3%83%91%E3%83%83%E3%82%AF+%E7%A9%BA%E3%81%AE%E6%84%9F%E8%A6%9A%E5%AE%B9%E5%99%A8+13.5%E3%82%A4%E3%83%B3%E3%83%81%E3%81%AE%E3%82%B9%E3%83%88%E3%83%AC%E3%83%BC%E3%82%B8%E3%82%B3%E3%83%B3%E3%83%86%E3%83%8A+%E3%83%9D%E3%83%BC%E3%82%BF%E3%83%96%E3%83%AB%E3%83%97%E3%83%A9%E3%82%B9%E3%83%81%E3%83%83%E3%82%AF%E5%8F%8E%E7%B4%8D%E3%83%9C%E3%83%83%E3%82%AF%E3%82%B9 HTTP/1.1" 200 0 "-" "Mozilla/5.0 AppleWebKit/537.36 (KHTML, like Gecko; compatible; bingbot/2.0; +http://www.bing.com/bingbot.htm) Chrome/116.0.1938.76 Safari/537.36"
66.249.73.102 - - [25/Apr/2025:23:41:20 -0400] "GET /200801106604.shtml HTTP/1.1" 200 0 "-" "Mozilla/5.0 (Linux; Android 6.0.1; Nexus 5X Build/MMB29P) AppleWebKit/537.36 (KHTML, like Gecko) Chrome/135.0.7049.95 Mobile Safari/537.36 (compatible; GoogleOther)"
66.249.74.12 - - [25/Apr/2025:23:41:40 -0400] "GET /39008164126.shtml HTTP/1.1" 200 0 "-" "Mozilla/5.0 (Linux; Android 6.0.1; Nexus 5X Build/MMB29P) AppleWebKit/537.36 (KHTML, like Gecko) Chrome/135.0.7049.95 Mobile Safari/537.36 (compatible; GoogleOther)"
66.249.73.101 - - [25/Apr/2025:23:41:58 -0400] "GET /?i=7773579323243&channel=93be18&from=article.php%3Fid%3D793232-5595%26name%3D%E3%83%AC%E3%83%BC%E3%82%B9%E3%82%AB%E3%83%A9%E3%83%BC%E3%83%8B%E3%83%83%E3%83%88 HTTP/1.1" 200 0 "-" "Mozilla/5.0 (Linux; Android 6.0.1; Nexus 5X Build/MMB29P) AppleWebKit/537.36 (KHTML, like Gecko) Chrome/135.0.7049.95 Mobile Safari/537.36 (compatible; GoogleOther)"
66.249.73.103 - - [25/Apr/2025:23:42:11 -0400] "GET /?i=7973234671802&channel=b36f66&from=news.php%3Fid%3D346718-482%26name%3D%E3%83%A9%E3%82%B0+%E3%83%A9%E3%82%B0%E3%83%9E%E3%83%83%E3%83%88+%E7%9C%81%E3%82%A8%E3%83%8D%E3%83%A9%E3%82%B0+%E3%82%B8%E3%82%AA%E3%83%BC%E3%83%8B+130%C3%97190cm+%E3%83%97%E3%83%AC%E3%83%BC%E3%83%99%E3%83%AB+%E3%82%AB%E3%83%BC%E3%83%9A%E3%83%83%E3%83%88+%E3%83%97%E3%83%AC%E3%83%BC%E3%83%99%E3%83%AB+JADE+Prevell+TS HTTP/1.1" 200 0 "-" "Mozilla/5.0 (Linux; Android 6.0.1; Nexus 5X Build/MMB29P) AppleWebKit/537.36 (KHTML, like Gecko) Chrome/135.0.7049.95 Mobile Safari/537.36 (compatible; GoogleOther)"
66.249.74.11 - - [25/Apr/2025:23:42:45 -0400] "GET /153781465451.shtml HTTP/1.1" 200 0 "-" "Mozilla/5.0 (Linux; Android 6.0.1; Nexus 5X Build/MMB29P) AppleWebKit/537.36 (KHTML, like Gecko) Chrome/135.0.7049.95 Mobile Safari/537.36 (compatible; GoogleOther)"
66.249.73.101 - - [25/Apr/2025:23:42:59 -0400] "GET /?i=9876129413400&channel=4e8dd0&from=shared.php%3Fid%3D294134-504%26name%3D%E6%9C%AA%E4%BD%BF%E7%94%A8+%E3%83%B4%E3%82%A1%E3%83%AC%E3%82%AF%E3%82%B9%E3%83%88%E3%83%A9+%E3%82%A4%E3%82%B8%E3%82%A3%E3%83%87+%E3%83%AC%E3%82%B6%E3%83%BC+2WAY+%E3%83%8F%E3%83%B3%E3%83%89%E3%83%90%E3%83%83%E3%82%B0+%E6%96%9C%E3%82%81%E6%8E%9B%E3%81%91+%E3%82%B7%E3%83%A7%E3%83%AB%E3%83%80%E3%83%BC+%E3%83%88%E3%83%BC%E3%83%88+%E3%83%88%E3%83%83%E3%83%97%E3%83%8F%E3%83%B3%E3%83%89%E3%83%AB+%E3%83%AC%E3%83%87%E3%82%A3%E3%83%BC%E3%82%B9+MMM+%E3%81%8B%E3%81%99%E3%81%A3+K32-7 HTTP/1.1" 200 0 "-" "Mozilla/5.0 (Linux; Android 6.0.1; Nexus 5X Build/MMB29P) AppleWebKit/537.36 (KHTML, like Gecko) Chrome/135.0.7049.95 Mobile Safari/537.36 (compatible; GoogleOther)"
52.167.144.140 - - [25/Apr/2025:23:43:00 -0400] "GET /?i=09219198113404&channel=3bc802&from=product.php%3Fid%3D1981134-7862%26name%3D%5BSeino%5D+%E5%A5%B3%E6%80%A7%E3%81%AE%E3%82%AB%E3%82%B8%E3%83%A5%E3%82%A2%E3%83%AB%E3%83%AB%E3%83%BC%E3%82%B9%E3%83%89%E3%83%AC%E3%82%B9%E3%82%BD%E3%83%AA%E3%83%83%E3%83%89%E3%82%AB%E3%83%A9%E3%83%BC%E5%8D%8A%E8%A2%96%E8%87%AA%E7%94%B1%E5%A5%94%E6%94%BE%E3%81%AB%E7%94%9F%E3%81%8D%E3%82%8B%E3%82%B5%E3%83%9E%E3%83%BC%E3%83%AD%E3%83%B3%E3%82%B0%E3%83%9E%E3%82%AD%E3%82%B7%E3%83%89%E3%83%AC%E3%82%B9+%E3%83%AC%E3%83%87%E3%82%A3%E3%83%BC%E3%82%B9+%28Color+%3A HTTP/1.1" 200 0 "-" "Mozilla/5.0 AppleWebKit/537.36 (KHTML, like Gecko; compatible; bingbot/2.0; +http://www.bing.com/bingbot.htm) Chrome/116.0.1938.76 Safari/537.36"
52.167.144.159 - - [25/Apr/2025:23:43:04 -0400] "GET /?i=67030168709502&channel=c66eba&from=shared.php%3Fid%3D1687095-7853%26name%3DHYJJ-%E7%A7%8B%E3%81%AE%E3%83%89%E3%83%AC%E3%83%BC%E3%83%97%E3%81%AE%E3%82%BA%E3%83%9C%E3%83%B3%E6%97%A5%E6%9C%AC%E3%81%AE%E7%84%A1%E5%9C%B0%E3%82%AB%E3%82%B8%E3%83%A5%E3%82%A2%E3%83%AB%E3%81%AA%E3%82%BA%E3%83%9C%E3%83%B3%E7%B7%A9%E3%81%84%E3%82%BA%E3%83%9C%E3%83%B3%E3%83%AF%E3%82%A4%E3%83%89%E8%84%9A%E3%81%AE%E3%82%BA%E3%83%9C%E3%83%B3%E3%81%AE%E5%A5%B3%E6%80%A7%28%E3%82%AB%E3%83%BC%E3%82%AD%2CM%29 HTTP/1.1" 200 0 "-" "Mozilla/5.0 AppleWebKit/537.36 (KHTML, like Gecko; compatible; bingbot/2.0; +http://www.bing.com/bingbot.htm) Chrome/116.0.1938.76 Safari/537.36"
52.167.144.159 - - [25/Apr/2025:23:43:21 -0400] "GET /?i=3829626484801&channel=d172b7&from=form.php%3Fid%3D264848-5216%26name%3D%E3%83%93%E3%83%AA%E3%83%A4%E3%83%BC%E3%83%89+%E3%82%AD%E3%83%A5%E3%83%BC+1%2F2+%E3%82%B9%E3%83%97%E3%83%AA%E3%83%83%E3%83%88+%E5%8F%96%E3%82%8A%E5%A4%96%E3%81%97%E5%8F%AF%E8%83%BD+57+%E3%82%A4%E3%83%B3%E3%83%81+19+%E3%82%AA%E3%83%B3%E3%82%B9+%E3%83%97%E3%83%BC%E3%83%AB+%E3%82%AD%E3%83%A5%E3%83%BC+%E3%82%BD%E3%83%AA%E3%83%83%E3%83%89+%E3%83%96%E3%83%A9%E3%82%B9+%E3%82%B8%E3%83%A7%E3%82%A4%E3%83%B3%E3%83%88+%E3%83%94%E3%83%B3 HTTP/1.1" 200 0 "-" "Mozilla/5.0 AppleWebKit/537.36 (KHTML, like Gecko; compatible; bingbot/2.0; +http://www.bing.com/bingbot.htm) Chrome/116.0.1938.76 Safari/537.36"
66.249.73.102 - - [25/Apr/2025:23:43:38 -0400] "GET /?i=73989138006900&channel=89eca8&from=article.php%3Fid%3D1380069-728%26name%3DSR400+%E3%83%93%E3%83%83%E3%82%B0%E3%83%95%E3%82%A3%E3%83%B3+%E5%8F%96%E8%AA%AC%E3%81%82%E3%82%8A HTTP/1.1" 200 0 "-" "Mozilla/5.0 (Linux; Android 6.0.1; Nexus 5X Build/MMB29P) AppleWebKit/537.36 (KHTML, like Gecko) Chrome/135.0.7049.95 Mobile Safari/537.36 (compatible; GoogleOther)"
66.249.73.101 - - [25/Apr/2025:23:43:55 -0400] "GET /?i=10988132100&channel=91cac2&from=jp.php%3Fid%3D1321-379%26name%3DKF14ER3%E3%80%80KVK%E3%80%80%E3%83%87%E3%83%83%E3%82%AD%E5%BD%A22%E3%83%8F%E3%83%B3%E3%83%89%E3%83%AB%E3%82%B7%E3%83%A3%E3%83%AF%E3%83%BC%28300mm%E3%83%91%E3%82%A4%E3%83%97%E4%BB%98%29 HTTP/1.1" 200 0 "-" "Mozilla/5.0 (Linux; Android 6.0.1; Nexus 5X Build/MMB29P) AppleWebKit/537.36 (KHTML, like Gecko) Chrome/135.0.7049.95 Mobile Safari/537.36 (compatible; GoogleOther)"
66.249.73.101 - - [25/Apr/2025:23:44:18 -0400] "GET /?i=9496936925704&channel=06db75&from=shared.php%3Fid%3D369257-663%26name%3D%E3%82%A8%E3%83%B3%E3%83%80%E3%83%BC%E3%82%B9%E3%82%AD%E3%83%BC%E3%83%9E+Hender+Scheme+%E3%83%8E%E3%83%83%E3%83%88%E3%82%A2%E3%83%BC%E3%83%9F%E3%83%BC%E3%82%AD%E3%83%BC%E3%83%95%E3%83%AD%E3%83%83%E3%82%B0+not+army+key+flog+qn-rc-nak HTTP/1.1" 200 0 "-" "Mozilla/5.0 (Linux; Android 6.0.1; Nexus 5X Build/MMB29P) AppleWebKit/537.36 (KHTML, like Gecko) Chrome/135.0.7049.95 Mobile Safari/537.36 (compatible; GoogleOther)"
66.249.73.101 - - [25/Apr/2025:23:44:44 -0400] "GET /?i=80992127823106&channel=c87eca&from=brands.php%3Fid%3D1278231-22911%26name%3D%E9%B6%8F%E3%81%AE%E9%B6%8F%E3%81%AE%E6%9C%A8%E3%81%AE%E3%82%B9%E3%82%A4%E3%83%B3%E3%82%B0%E3%83%A9%E3%83%80%E3%83%BC%E9%B6%8F%E3%81%AE%E9%B3%A5%E3%81%AE%E5%A4%A7%E3%81%8D%E3%81%AA%E6%AD%A2%E3%81%BE%E3%82%8A%E6%9C%A8%E3%81%AE%E7%B7%8F%E9%95%B7%E3%81%9544+%26%2334%3B HTTP/1.1" 200 0 "-" "Mozilla/5.0 (Linux; Android 6.0.1; Nexus 5X Build/MMB29P) AppleWebKit/537.36 (KHTML, like Gecko) Chrome/135.0.7049.95 Mobile Safari/537.36 (compatible; GoogleOther)"
52.167.144.18 - - [25/Apr/2025:23:45:36 -0400] "GET /?i=2269142074602&channel=35b6f9&from=product.php%3Fid%3D420746-6438%26name%3D%E3%83%A8%E3%82%AE%E3%83%9C%E3%83%BC%E3%80%80%E3%83%9E%E3%83%83%E3%82%AF%E3%82%B9%E3%80%80%E3%82%AB%E3%83%90%E3%83%BC%E3%80%80%E3%83%A9%E3%82%A4%E3%83%88%E3%82%B0%E3%83%AC%E3%83%BC HTTP/1.1" 200 0 "-" "Mozilla/5.0 AppleWebKit/537.36 (KHTML, like Gecko; compatible; bingbot/2.0; +http://www.bing.com/bingbot.htm) Chrome/116.0.1938.76 Safari/537.36"
66.249.73.103 - - [25/Apr/2025:23:45:58 -0400] "GET /?i=76020149845604&channel=e22393&from=article.php%3Fid%3D1498456-6021%26name%3D%E3%83%94%E3%83%B3+SIGMA+2+SIGMA2+TYNE+4+%E3%83%97%E3%83%A9%E3%83%81%E3%83%8A%E3%83%A0%E4%BB%95%E4%B8%8A%E3%81%92+%E3%83%91%E3%82%BF%E3%83%BC+%E3%82%B9%E3%83%81%E3%83%BC%E3%83%AB%E3%82%B7%E3%83%A3%E3%83%95%E3%83%88+%E3%80%9033%E3%80%91+%E3%82%B7%E3%83%A3%E3%83%95%E3%83%88%EF%BC%9A%E3%82%B9%E3%83%81%E3%83%BC%E3%83%AB%E3%82%B7%E3%83%A3%E3%83%95%E3%83%88 HTTP/1.1" 200 52614 "-" "Mozilla/5.0 (Linux; Android 6.0.1; Nexus 5X Build/MMB29P) AppleWebKit/537.36 (KHTML, like Gecko) Chrome/135.0.7049.95 Mobile Safari/537.36 (compatible; Googlebot/2.1; +http://www.google.com/bot.html)"
66.249.73.102 - - [25/Apr/2025:23:46:10 -0400] "GET /?i=9321693498700&channel=d3628a&from=blog.php%3Fid%3D934987-18521%26name%3D%E3%80%906%E7%90%83%EF%BC%8B%E3%83%9C%E3%83%BC%E3%83%AB%E3%83%90%E3%83%83%E3%82%AF%E3%80%91%E3%83%A2%E3%83%AB%E3%83%86%E3%83%B3%E3%83%90%E3%83%AC%E3%83%BC%E3%83%9C%E3%83%BC%E3%83%AB%E3%80%805%E5%8F%B7%E7%90%83V5M5000+%E3%83%9C%E3%83%BC%E3%83%AB%E3%83%90%E3%83%83%E3%82%AF%E4%BB%98 HTTP/1.1" 200 0 "-" "Mozilla/5.0 (Linux; Android 6.0.1; Nexus 5X Build/MMB29P) AppleWebKit/537.36 (KHTML, like Gecko) Chrome/135.0.7049.95 Mobile Safari/537.36 (compatible; GoogleOther)"
66.249.74.13 - - [25/Apr/2025:23:46:33 -0400] "GET /789021566540.shtml HTTP/1.1" 200 0 "-" "Mozilla/5.0 (Linux; Android 6.0.1; Nexus 5X Build/MMB29P) AppleWebKit/537.36 (KHTML, like Gecko) Chrome/135.0.7049.95 Mobile Safari/537.36 (compatible; GoogleOther)"
52.167.144.159 - - [25/Apr/2025:23:47:01 -0400] "GET /?i=760184827508&channel=1b823a&from=blog.php%3Fid%3D48275-91%26name%3Df-stop+%E2%80%93+Guru+UL+25L%E3%83%90%E3%83%B3%E3%83%89%E3%83%AB+%E2%80%93+%E8%B6%85%E8%BB%BD%E9%87%8F%E3%82%A2%E3%83%89%E3%83%99%E3%83%B3%E3%83%81%E3%83%A3%E3%83%BC%E3%82%AB%E3%83%A1%E3%83%A9%E3%83%90%E3%83%83%E3%82%AF%E3%83%91%E3%83%83%E3%82%AF+DSLR%E3%80%81%E3%82%A2%E3%82%A6%E3%83%88%E3%83%89%E3%82%A2%E3%80%81%E6%97%85%E8%A1%8C%E3%80%81%E5%86%99%E7%9C%9F%E3%82%AE%E3%82%A2%E4%BF%9D HTTP/1.1" 200 0 "-" "Mozilla/5.0 AppleWebKit/537.36 (KHTML, like Gecko; compatible; bingbot/2.0; +http://www.bing.com/bingbot.htm) Chrome/116.0.1938.76 Safari/537.36"
66.249.73.103 - - [25/Apr/2025:23:47:03 -0400] "GET /?i=99180155645310&channel=736cd9&from=brands.php%3Fid%3D1556453-642%26name%3D%E3%82%B3%E3%83%9F%E3%83%83%E3%82%AF%E3%83%95%E3%83%A9%E3%83%AF%E3%83%BC%E3%82%B9%E3%82%AB%E3%83%BC%E3%83%95 HTTP/1.1" 200 0 "-" "Mozilla/5.0 (Linux; Android 6.0.1; Nexus 5X Build/MMB29P) AppleWebKit/537.36 (KHTML, like Gecko) Chrome/135.0.7049.95 Mobile Safari/537.36 (compatible; GoogleOther)"
66.249.73.101 - - [25/Apr/2025:23:47:25 -0400] "GET /?i=01081193694900&channel=d373ce&from=blog.php%3Fid%3D1936949-31764%26name%3DANNAN+WEDDING+%E3%83%98%E3%83%83%E3%83%89%E3%83%89%E3%83%AC%E3%82%B9%E3%82%BB%E3%83%83%E3%83%88 HTTP/1.1" 200 0 "-" "Mozilla/5.0 (Linux; Android 6.0.1; Nexus 5X Build/MMB29P) AppleWebKit/537.36 (KHTML, like Gecko) Chrome/135.0.7049.95 Mobile Safari/537.36 (compatible; GoogleOther)"
52.167.144.159 - - [25/Apr/2025:23:47:42 -0400] "GET /?i=2704986972502&channel=4652d8&from=blog.php%3Fid%3D869725-2526%26name%3D%E3%80%90%E3%83%88%E3%83%AC%E3%83%95%E3%82%A1%E3%82%AF%E7%A5%9E%E6%88%B8%E6%96%B0%E9%95%B7%E7%94%B0%E3%80%91%E3%83%8B%E3%83%88%E3%83%AA%E3%81%AE%E3%82%AB%E3%82%A6%E3%83%81%E3%82%BD%E3%83%95%E3%82%A1%E3%83%BC%E5%85%A5%E8%8D%B7%E3%81%97%E3%81%BE%E3%81%97%E3%81%9F%EF%BC%81%21%E3%80%90%E5%8F%96%E3%82%8A%E3%81%AB%E6%9D%A5%E3%82%8C%E3%82%8B%E6%96%B9%E9%99%90%E5%AE%9A%E3%80%91 HTTP/1.1" 200 0 "-" "Mozilla/5.0 AppleWebKit/537.36 (KHTML, like Gecko; compatible; bingbot/2.0; +http://www.bing.com/bingbot.htm) Chrome/116.0.1938.76 Safari/537.36"
66.249.73.101 - - [25/Apr/2025:23:47:44 -0400] "GET /?i=8752774229601&channel=5dd29e&from=news.php%3Fid%3D742296-2441%26name%3D%E3%80%90%E5%9B%BD%E5%AE%9D%E7%B4%9A%E3%80%91%E6%A0%84%E5%85%89%E3%81%AE%E8%83%8C%E7%95%AA%E5%8F%B73+%E9%95%B7%E5%B6%8B%E8%8C%82%E9%9B%84%EF%BD%9E%E6%97%A5%E6%9C%AC%E3%83%97%E3%83%AD%E9%87%8E%E7%90%83%E3%83%87%E3%83%93%E3%83%A5%E3%83%BC60%E5%91%A8%E5%B9%B4%E8%A8%98%E5%BF%B5%EF%BD%9E%E7%9B%B4%E7%AD%86%E3%82%B5%E3%82%A4%E3%83%B3%E5%85%A5%E3%82%8A%E3%83%95%E3%82%A9%E3%83%88%E3%83%95%E3%83%AC%E3%83%BC%E3%83%A033%E6%9E%9A%E9%99%90%E5%AE%9A HTTP/1.1" 200 55008 "-" "Mozilla/5.0 (Linux; Android 6.0.1; Nexus 5X Build/MMB29P) AppleWebKit/537.36 (KHTML, like Gecko) Chrome/135.0.7049.95 Mobile Safari/537.36 (compatible; Googlebot/2.1; +http://www.google.com/bot.html)"
52.167.144.140 - - [25/Apr/2025:23:48:00 -0400] "GET /?i=05792178134900&channel=6ee507&from=category-info.php%3Fid%3D1781349-15970%26name%3DCONDOR+%E3%83%95%E3%83%AD%E3%83%BC%E3%83%AA%E3%83%B3%E3%82%B0%E7%94%A8%E3%80%80%E3%81%8B%E3%81%8D%E9%9B%86%E3%82%81%E3%83%AF%E3%82%A4%E3%83%91%E3%83%BC%E3%80%80%E3%82%B9%E3%83%9A%E3%82%A2 HTTP/1.1" 200 0 "-" "Mozilla/5.0 AppleWebKit/537.36 (KHTML, like Gecko; compatible; bingbot/2.0; +http://www.bing.com/bingbot.htm) Chrome/116.0.1938.76 Safari/537.36"
52.167.144.18 - - [25/Apr/2025:23:48:06 -0400] "GET /?i=11394134992203&channel=9cbf18&from=info.php%3Fid%3D1349922-7026%26name%3D%E9%9B%BB%E5%8B%95%E3%82%B3%E3%83%BC%E3%83%92%E3%83%BC%E3%83%9F%E3%83%AB+%E3%83%87%E3%82%B8%E3%82%BF%E3%83%AB%E5%88%B6%E5%BE%A1+%E6%A5%AD%E5%8B%99%E7%94%A8%E3%82%B3%E3%83%BC%E3%83%92%E3%83%BC%E3%83%9F%E3%83%AB+%E7%B2%97%E3%81%9519%E6%AE%B5%E8%AA%BF%E7%AF%80+%E6%A5%B5%E7%B4%B0%E6%8C%BD%E3%81%8D+%E7%BE%8E%E5%91%B3%E3%81%97%E3%81%84%E7%8F%88%E7%90%B2%E3%82%92%E7%B0%A1%E5%8D%98%E3%81%AB+%E3%82%B3%E3%83%BC%E3%83%92%E3%83%BC%E3%82%B0%E3%83%A9%E3%82%A4%E3%83%B3%E3%83%80%E3%83%BC+110V%2F HTTP/1.1" 200 0 "-" "Mozilla/5.0 AppleWebKit/537.36 (KHTML, like Gecko; compatible; bingbot/2.0; +http://www.bing.com/bingbot.htm) Chrome/116.0.1938.76 Safari/537.36"
66.249.73.101 - - [25/Apr/2025:23:48:20 -0400] "GET /?i=48978189945301&channel=18d02a&from=category-info.php%3Fid%3D1899453-20606%26name%3Dmanfrotto+%E3%83%A9%E3%82%A4%E3%83%88%E3%82%B9%E3%82%BF%E3%83%B3%E3%83%89%2BSLIK+%E3%83%A9%E3%82%A4%E3%83%88%E3%82%B9%E3%82%BF%E3%83%B3%E3%83%89 HTTP/1.1" 200 53029 "-" "Mozilla/5.0 (Linux; Android 6.0.1; Nexus 5X Build/MMB29P) AppleWebKit/537.36 (KHTML, like Gecko) Chrome/135.0.7049.95 Mobile Safari/537.36 (compatible; Googlebot/2.1; +http://www.google.com/bot.html)"
66.249.73.101 - - [25/Apr/2025:23:48:23 -0400] "GET /1688130300.shtml HTTP/1.1" 200 0 "-" "Mozilla/5.0 (Linux; Android 6.0.1; Nexus 5X Build/MMB29P) AppleWebKit/537.36 (KHTML, like Gecko) Chrome/135.0.7049.95 Mobile Safari/537.36 (compatible; GoogleOther)"
66.249.73.103 - - [25/Apr/2025:23:49:02 -0400] "GET /?i=17438121194800&channel=11bffa&from=news.php%3Fid%3D1211948-22549%26name%3Dumbro%E3%80%80%E3%82%A2%E3%83%B3%E3%83%96%E3%83%AD%E3%80%80%E5%86%B7Grab%E3%80%80%E3%82%B8%E3%83%A5%E3%83%8B%E3%82%A2%E7%94%A8%E3%80%80%E3%83%8D%E3%83%83%E3%82%AF%E3%82%AF%E3%83%BC%E3%83%A9%E3%83%BC HTTP/1.1" 200 0 "-" "Mozilla/5.0 (Linux; Android 6.0.1; Nexus 5X Build/MMB29P) AppleWebKit/537.36 (KHTML, like Gecko) Chrome/135.0.7049.95 Mobile Safari/537.36 (compatible; GoogleOther)"
66.249.73.102 - - [25/Apr/2025:23:49:26 -0400] "GET /?i=65520166103801&channel=5761ae&from=product.php%3Fid%3D1661038-9500%26name%3DYONEX+70081+%E3%82%A4%E3%82%A8%E3%83%AD%E3%83%BC+O%E3%82%B5%E3%82%A4%E3%82%BA HTTP/1.1" 200 0 "-" "Mozilla/5.0 (Linux; Android 6.0.1; Nexus 5X Build/MMB29P) AppleWebKit/537.36 (KHTML, like Gecko) Chrome/135.0.7049.95 Mobile Safari/537.36 (compatible; GoogleOther)"
66.249.73.101 - - [25/Apr/2025:23:49:59 -0400] "GET /79908175740.shtml HTTP/1.1" 200 0 "-" "Mozilla/5.0 (Linux; Android 6.0.1; Nexus 5X Build/MMB29P) AppleWebKit/537.36 (KHTML, like Gecko) Chrome/135.0.7049.95 Mobile Safari/537.36 (compatible; GoogleOther)"
52.167.144.222 - - [25/Apr/2025:23:50:16 -0400] "GET /?i=78885144799700&channel=37d2a0&from=info.php%3Fid%3D1447997-777%26name%3D%E4%B8%AD%E5%8F%A4%E3%82%AD%E3%83%A3%E3%83%A9%E3%82%AB%E3%83%BC%E3%83%89+%5B%E5%8D%98%E5%93%81%5D+%E9%BB%92%E6%9B%9C+%E3%83%81%E3%82%A7%E3%82%AD%E9%A2%A8 HTTP/1.1" 200 0 "-" "Mozilla/5.0 AppleWebKit/537.36 (KHTML, like Gecko; compatible; bingbot/2.0; +http://www.bing.com/bingbot.htm) Chrome/116.0.1938.76 Safari/537.36"
66.249.73.101 - - [25/Apr/2025:23:50:21 -0400] "GET /?i=13911120551205&channel=cf394f&from=blog.php%3Fid%3D1205512-8379%26name%3D%E3%83%A9%E3%82%B8%E3%82%B3%E3%83%B3%E9%A3%9B%E8%A1%8C%E6%A9%9F%EF%BC%88%E9%9B%BB%E5%8B%95%E6%A9%9F%EF%BC%89 HTTP/1.1" 200 0 "-" "Mozilla/5.0 (Linux; Android 6.0.1; Nexus 5X Build/MMB29P) AppleWebKit/537.36 (KHTML, like Gecko) Chrome/135.0.7049.95 Mobile Safari/537.36 (compatible; GoogleOther)"
66.249.73.101 - - [25/Apr/2025:23:50:57 -0400] "GET /?i=96141139890203&channel=607a94&from=blog.php%3Fid%3D1398902-51%26name%3DFANTASTICMAN+%E3%83%95%E3%82%A1%E3%83%B3%E3%82%BF%E3%82%B9%E3%83%86%E3%82%A3%E3%83%83%E3%82%AF%E3%83%9E%E3%83%B3%E3%80%80%E3%83%90%E3%83%B3%E3%82%B0%E3%83%AB HTTP/1.1" 200 0 "-" "Mozilla/5.0 (Linux; Android 6.0.1; Nexus 5X Build/MMB29P) AppleWebKit/537.36 (KHTML, like Gecko) Chrome/135.0.7049.95 Mobile Safari/537.36 (compatible; GoogleOther)"
66.249.73.103 - - [25/Apr/2025:23:51:13 -0400] "GET /?i=20980159552300&channel=90bd69&from=pin.php%3Fid%3D1595523-12568%26name%3DREC+%E3%83%89%E3%83%A9%E3%83%AC%E3%82%B3+%E7%85%BD%E3%82%8A%E9%81%8B%E8%BB%A2%E6%8A%91%E5%88%B6+%E9%8C%B2%E7%94%BB%E4%B8%AD+%E3%82%BB%E3%82%AD%E3%83%A5%E3%83%AA%E3%83%86%E3%82%A3+%E6%96%87%E5%AD%97%E3%81%A0%E3%81%91%E3%81%8C%E6%AE%8B%E3%82%8B HTTP/1.1" 200 55301 "-" "Mozilla/5.0 (Linux; Android 6.0.1; Nexus 5X Build/MMB29P) AppleWebKit/537.36 (KHTML, like Gecko) Chrome/135.0.7049.95 Mobile Safari/537.36 (compatible; Googlebot/2.1; +http://www.google.com/bot.html)"
66.249.73.101 - - [25/Apr/2025:23:51:18 -0400] "GET /?i=28176109961906&channel=d79c3e&from=pin.php%3Fid%3D1099619-6019%26name%3D%E2%96%A0%E3%82%B0%E3%83%AD%E3%83%BC%E3%83%96%E3%83%A9%E3%82%A4%E3%83%89%E3%80%80%E3%82%AA%E3%83%8E%E3%83%95%2FONOFF%E3%80%80FROG%E2%80%99S%E3%80%80RUNNING%EF%BC%8842%E5%BA%A6%EF%BC%89NS%E3%83%97%E3%83%AD950GH%E3%80%80neo+%E3%83%95%E3%83%AC%E3%83%83%E3%82%AF%E3%82%B9%E3%80%80WEDGE%E3%80%80%E6%9C%AA%E4%BD%BF%E7%94%A8+%E3%82%A6%E3%82%A7%E3%83%83%E3%82%B8+%E2%96%A0 HTTP/1.1" 200 0 "-" "Mozilla/5.0 (Linux; Android 6.0.1; Nexus 5X Build/MMB29P) AppleWebKit/537.36 (KHTML, like Gecko) Chrome/135.0.7049.95 Mobile Safari/537.36 (compatible; GoogleOther)"
66.249.74.12 - - [25/Apr/2025:23:51:40 -0400] "GET /44457154112.shtml HTTP/1.1" 200 0 "-" "Mozilla/5.0 (Linux; Android 6.0.1; Nexus 5X Build/MMB29P) AppleWebKit/537.36 (KHTML, like Gecko) Chrome/135.0.7049.95 Mobile Safari/537.36 (compatible; GoogleOther)"
40.77.167.54 - - [25/Apr/2025:23:52:20 -0400] "GET /?i=30959182930401&channel=673f80&from=news.php%3Fid%3D1829304-7048%26name%3D%E3%82%B9%E3%83%8A%E3%83%83%E3%82%AF%E3%83%88%E3%83%AC%E3%82%A4%E3%82%AA%E3%83%BC%E3%82%AC%E3%83%8A%E3%82%A4%E3%82%B6%E3%83%BC%E3%80%81%E5%88%86%E5%89%B2%E3%81%95%E3%82%8C%E3%81%9F%E9%A3%9F%E5%93%81%E8%B2%AF%E8%94%B5%E5%AE%B9%E5%99%A8%2C%E3%82%B9%E3%83%8A%E3%83%83%E3%82%AF%E3%83%AB%E3%83%9C%E3%83%83%E3%82%AF%E3%82%B9charcuterie%E3%82%B3%E3%83%B3%E3%83%86%E3%83%8A+-+%E3%83%94%E3%82%AF%E3%83%8B%E3%83%83%E3%82%AF%E3%82%B9%E3%82%AF%E3%83%BC%E3%83%AB%E7%94%A8%E3%81%AE%E3%83%9D HTTP/1.1" 200 0 "-" "Mozilla/5.0 AppleWebKit/537.36 (KHTML, like Gecko; compatible; bingbot/2.0; +http://www.bing.com/bingbot.htm) Chrome/116.0.1938.76 Safari/537.36"
