66.249.73.101 - - [25/Apr/2025:22:44:37 -0400] "GET /?i=09028148273804&channel=b89082&from=blog.php%3Fid%3D1482738-1496%26name%3DColumbia%E3%80%80%E3%83%99%E3%82%B9%E3%83%88%E3%80%80%E3%83%8F%E3%83%B3%E3%83%86%E3%82%A3%E3%83%B3%E3%82%B0%E3%83%99%E3%82%B9%E3%83%88%E3%80%80%E3%83%AC%E3%82%A4%E3%83%A4%E3%83%BC%E3%83%89%E3%80%80%E3%83%8F%E3%82%A4%E3%83%8D%E3%83%83%E3%82%AF%E3%80%80%E3%83%95%E3%83%AB%E3%82%B8%E3%83%83%E3%83%97%E3%80%80%E3%83%A1%E3%83%83%E3%82%B7%E3%83%A5%E3%80%80%E3%83%95%E3%83%AD%E3%83%B3%E3%83%88%E3%83%9D%E3%82%B1%E3%83%83%E3%83%88%E3%80%80%E3%83%AF%E3%83%B3%E3%83%9D%E3%82%A4%E3%83%B3%E3%83%88%E3%80%80%E3%83%96%E3%83%A9%E3%83%B3%E3%83%89%E3%83%AD%E3%82%B4%E3%80%80%E5%88%BA%E3%81%97%E3%82%85%E3%81%86%E3%80%80%E3%82%A2%E3%82%A6%E3%83%88%E3%83%89%E3%82%A2%E3%80%80%E5%8F%A4%E7%9D%80 HTTP/1.1" 200 55302 "-" "Mozilla/5.0 (Linux; Android 6.0.1; Nexus 5X Build/MMB29P) AppleWebKit/537.36 (KHTML, like Gecko) Chrome/135.0.7049.95 Mobile Safari/537.36 (compatible; Googlebot/2.1; +http://www.google.com/bot.html)"
66.249.73.101 - - [25/Apr/2025:22:44:38 -0400] "GET /?i=07033159736604&channel=e87d5a&from=jp.php%3Fid%3D1597366-7169%26name%3D%E3%83%9F%E3%82%BA%E3%83%8E+%E3%82%B9%E3%82%AF%E3%83%A9%E3%83%96+%E7%99%BD%E8%A1%A3+%E5%8C%BB%E7%99%82+%E4%B8%8A%E4%B8%8B+%E3%82%BB%E3%83%83%E3%83%88+%E5%A4%A7%E3%81%8D%E3%81%84%E3%82%B5%E3%82%A4%E3%82%BA+%E3%81%8B%E3%82%8F%E3%81%84%E3%81%84+%E3%83%AC%E3%83%87%E3%82%A3%E3%83%BC%E3%82%B9+%E3%83%8A%E3%83%BC%E3%82%B9+%E3%81%8A%E3%81%97%E3%82%83%E3%82%8C+%E5%88%B6%E8%8F%8C+%E9%80%8F%E9%98%B2%E6%AD%A2+%E5%B7%A5%E6%A5%AD%E6%B4%97%E6%BF%AF+MZ0018+MZ0019+mizuno+%E3%83%8A%E3%83%BC%E3%82%B9 HTTP/1.1" 200 55896 "-" "Mozilla/5.0 (Linux; Android 6.0.1; Nexus 5X Build/MMB29P) AppleWebKit/537.36 (KHTML, like Gecko) Chrome/135.0.7049.95 Mobile Safari/537.36 (compatible; Googlebot/2.1; +http://www.google.com/bot.html)"
66.249.73.101 - - [25/Apr/2025:22:44:39 -0400] "GET /?i=2290549126806&channel=6012fb&from=goods.php%3Fid%3D491268-2062%26name%3D%3Cbr%3E+%E3%82%BB%E3%83%B3%E3%82%BF%E3%83%BC%E3%83%86%E3%83%BC%E3%83%96%E3%83%AB%E3%80%80%E5%B9%85100cm%E3%80%80%E5%BC%95%E3%81%8D%E5%87%BA%E3%81%97%E4%BB%98%E3%81%8D%E3%80%80%E3%83%AD%E3%83%BC%E3%83%86%E3%83%BC%E3%83%96%E3%83%AB%E3%80%80%E3%83%96%E3%83%A9%E3%82%A6%E3%83%B3%E3%80%80%E3%83%8A%E3%83%81%E3%83%A5%E3%83%A9%E3%83%AB%E3%80%80%E3%83%9B%E3%83%AF%E3%82%A4%E3%83%88%E3%82%A6%E3%82%A9%E3%83%83%E3%82%B7%E3%83%A5%E3%80%8E%E4%BB%A3%E5%BC%95%E4%B8%8D%E5%8F%AF%E3%80%8F%E3%80%8E%E5%8C%97%E6%B5%B7%E9%81%93%E3%83%BB%E6%B2%96%E7%B8%84%E3%83%BB%E9%9B%A2%E5%B3%B6%E3%80%80%E9%80%81%E6%96%99%E5%88%A5%E9%80%94%E3%80%8F HTTP/1.1" 200 55000 "-" "Mozilla/5.0 (Linux; Android 6.0.1; Nexus 5X Build/MMB29P) AppleWebKit/537.36 (KHTML, like Gecko) Chrome/135.0.7049.95 Mobile Safari/537.36 (compatible; Googlebot/2.1; +http://www.google.com/bot.html)"
66.249.73.101 - - [25/Apr/2025:22:44:41 -0400] "GET /?i=0144372564603&channel=90bd69&from=article.php%3Fid%3D725646-12568%26name%3DWATEX%C3%97LXMODE+360%C2%B0%E3%83%89%E3%83%A9%E3%82%A4%E3%83%96%E3%83%AC%E3%82%B3%E3%83%BC%E3%83%80%E3%83%BC+DVR-360HGT HTTP/1.1" 200 0 "-" "Mozilla/5.0 (Linux; Android 6.0.1; Nexus 5X Build/MMB29P) AppleWebKit/537.36 (KHTML, like Gecko) Chrome/135.0.7049.95 Mobile Safari/537.36 (compatible; GoogleOther)"
66.249.73.101 - - [25/Apr/2025:22:44:43 -0400] "GET /?i=4111952040100&channel=e35235&from=category-info.php%3Fid%3D520401-2414%26name%3DCAZAL%E2%97%869018%2F%E3%82%B5%E3%83%B3%E3%82%B0%E3%83%A9%E3%82%B9%2F-%2F%E3%83%AC%E3%83%83%E3%83%89%2F%E3%83%A1%E3%83%B3%E3%82%BA%2F HTTP/1.1" 200 54557 "-" "Mozilla/5.0 (Linux; Android 6.0.1; Nexus 5X Build/MMB29P) AppleWebKit/537.36 (KHTML, like Gecko) Chrome/135.0.7049.95 Mobile Safari/537.36 (compatible; Googlebot/2.1; +http://www.google.com/bot.html)"
66.249.73.101 - - [25/Apr/2025:22:44:44 -0400] "GET /?i=7407092757402&channel=89ec14&from=form.php%3Fid%3D927574-20306%26name%3D%E4%B8%89%E7%B7%9A%E6%9C%AC%E4%BD%93+%E8%9B%87%E7%9A%AE HTTP/1.1" 200 53125 "-" "Mozilla/5.0 (Linux; Android 6.0.1; Nexus 5X Build/MMB29P) AppleWebKit/537.36 (KHTML, like Gecko) Chrome/135.0.7049.95 Mobile Safari/537.36 (compatible; Googlebot/2.1; +http://www.google.com/bot.html)"
66.249.73.101 - - [25/Apr/2025:22:44:45 -0400] "GET /?i=9789730893101&channel=93d3ae&from=form.php%3Fid%3D308931-2086%26name%3D%E2%88%9E+%E3%80%90%E2%98%85%E4%BA%BA%E6%B0%97%E5%95%86%E5%93%81%E2%98%85%E3%80%91kurashi%26trips+%E6%B4%97%E3%81%84%E3%81%96%E3%82%89%E3%81%97+2WAY%E3%83%88%E3%83%83%E3%83%97%E3%82%B9 HTTP/1.1" 200 53098 "-" "Mozilla/5.0 (Linux; Android 6.0.1; Nexus 5X Build/MMB29P) AppleWebKit/537.36 (KHTML, like Gecko) Chrome/135.0.7049.95 Mobile Safari/537.36 (compatible; Googlebot/2.1; +http://www.google.com/bot.html)"
66.249.73.101 - - [25/Apr/2025:22:44:46 -0400] "GET /?i=15821164496300&channel=df6080&from=jp.php%3Fid%3D1644963-14366%26name%3D%E3%82%B9%E3%83%AA%E3%83%BC%E3%83%9C%E3%83%B3%E3%83%89+%E3%82%B7%E3%83%AA%E3%82%B3%E3%83%BC%E3%83%B3%E7%B3%BB+%E6%B6%B2%E7%8A%B6%E3%82%AC%E3%82%B9%E3%82%B1%E3%83%83%E3%83%881215+NET250%EF%BD%87 HTTP/1.1" 200 55332 "-" "Mozilla/5.0 (Linux; Android 6.0.1; Nexus 5X Build/MMB29P) AppleWebKit/537.36 (KHTML, like Gecko) Chrome/135.0.7049.95 Mobile Safari/537.36 (compatible; Googlebot/2.1; +http://www.google.com/bot.html)"
40.77.167.116 - - [25/Apr/2025:22:44:49 -0400] "GET /?i=799892281403&channel=6e0782&from=article.php%3Fid%3D22814-1727%26name%3DVDIVA+%E3%82%AB%E3%83%90%E3%83%B3+%E3%83%AC%E3%83%87%E3%82%A3%E3%83%BC%E3%82%B9+%E3%82%BD%E3%83%AA%E3%83%83%E3%83%89%E3%82%AB%E3%83%A9%E3%83%BC+PU%E5%A5%B3%E6%80%A7%E3%81%AE%E3%81%9F%E3%82%81%E3%81%AE%E3%83%AC%E3%82%B6%E3%83%BC%E3%82%B7%E3%83%A7%E3%83%AB%E3%83%80%E3%83%BC%E3%83%90%E3%83%83%E3%82%B0%E3%83%8F%E3%83%B3%E3%83%89%E3%83%90%E3%83%83%E3%82%B0%E5%B0%8F%E3%81%95%E3%81%AA%E6%97%85%E8%A1%8C%E3%83%8F%E3%83%B3%E3%83%89%E3%83%90%E3%83%83%E3%82%B0%E3%81%AE%E5%A5%B3%E6%80%A7%E8%A2%8B+%28 HTTP/1.1" 200 0 "-" "Mozilla/5.0 AppleWebKit/537.36 (KHTML, like Gecko; compatible; bingbot/2.0; +http://www.bing.com/bingbot.htm) Chrome/116.0.1938.76 Safari/537.36"
66.249.73.102 - - [25/Apr/2025:22:44:54 -0400] "GET /50017363807.shtml HTTP/1.1" 200 0 "-" "Mozilla/5.0 (Linux; Android 6.0.1; Nexus 5X Build/MMB29P) AppleWebKit/537.36 (KHTML, like Gecko) Chrome/135.0.7049.95 Mobile Safari/537.36 (compatible; GoogleOther)"
66.249.73.101 - - [25/Apr/2025:22:44:59 -0400] "GET /?i=7763653115300&channel=d09e44&from=brands.php%3Fid%3D531153-9255%26name%3D%E3%80%90%E6%AF%8D%E3%81%AE%E6%97%A5%E3%80%91%E3%80%90%E5%8C%97%E6%B5%B7%E9%81%93+%E5%8D%81%E5%8B%9D%E6%A9%8B%E6%9C%AC%E7%89%A7%E5%A0%B4%E3%82%B9%E3%82%A4%E3%83%BC%E3%83%84%E3%82%BB%E3%83%83%E3%83%88+%C3%972%E3%82%BB%E3%83%83%E3%83%88%E3%80%91+%E3%81%8A%E3%81%93%E3%81%AA%E3%81%84+%28%E3%83%96%E3%83%A9%E3%82%A6%E3%83%B3%E3%82%B9%E3%82%A4%E3%82%B9%E4%B9%B3%E3%83%97%E3%83%AA%E3%83%B380ml%C3%976+%E3%83%96%E3%83%A9%E3%82%A6%E3%83%B3%E3%82%B9%E3%82%A4%E3%82%B9%E4%B9%B3%E3%83%97%E3%83%AC%E3%83%9F%E3%82%A2%E3%83%A0%E3%83%9F%E3%83%AB%E3%82%AF%E3%82%B7%E3%83%A5%E3%83%BC65g%C3%976%29%C3%972+%E6%B4%8B%E3%82%B9%E3%82%A4%E3%83%BC%E3%83%84+%E5%8C%97%E6%B5%B7%E9%81%93+%E3%83%97%E3%83%AC%E3%82%BC%E3%83%B3%E3%83%88+%E3%82%AE%E3%83%95%E3%83%88+%E8%B4%88%E3%82%8A%E7%89%A9+%E8%B4%88%E7%AD%94+%E8%A8%98%E5%BF%B5%E6%97%A5+%E4%BA%BA%E6%B0%97+%E7%86%A8%E6%96%97%E5%AF%BE%E5%BF%9C+%E5%90%8D%E5%85%A5%E3%82%8C+%E9%80%81%E6%96%99%E7%84%A1%E6%96%99+%E7%94%A3%E5%9C%B0%E7%9B%B4%E9%80%81+%E5%86%85%E7%A5%9D%E3%81%84 HTTP/1.1" 200 57008 "-" "Mozilla/5.0 (Linux; Android 6.0.1; Nexus 5X Build/MMB29P) AppleWebKit/537.36 (KHTML, like Gecko) Chrome/135.0.7049.95 Mobile Safari/537.36 (compatible; Googlebot/2.1; +http://www.google.com/bot.html)"
66.249.73.101 - - [25/Apr/2025:22:45:15 -0400] "GET /?i=6300893985500&channel=75d156&from=pin.php%3Fid%3D939855-11706%26name%3D%E3%80%90%E6%96%B0%E5%93%81%E3%83%BB7%E5%96%B6%E6%A5%AD%E6%97%A5%E4%BB%A5%E5%86%85%E7%99%BA%E9%80%81%E3%80%91%E4%BF%A1%E8%B6%8A%E5%8C%96%E5%AD%A6%E5%B7%A5%E6%A5%AD+SHINETSU+KE20+%E4%B8%80%E8%88%AC%E5%9E%8B%E5%8F%96%E3%82%8A%E7%94%A8+%EF%BC%92%E6%B6%B2+%EF%BC%91%EF%BD%8B%EF%BD%87+423-0051%E3%80%90%E6%B2%96%E7%B8%84%E9%9B%A2%E5%B3%B6%E8%B2%A9%E5%A3%B2%E4%B8%8D%E5%8F%AF%E3%80%91 HTTP/1.1" 200 0 "-" "Mozilla/5.0 (Linux; Android 6.0.1; Nexus 5X Build/MMB29P) AppleWebKit/537.36 (KHTML, like Gecko) Chrome/135.0.7049.95 Mobile Safari/537.36 (compatible; GoogleOther)"
66.249.73.101 - - [25/Apr/2025:22:45:35 -0400] "GET /?i=2231816517202&channel=1d4e75&from=shared.php%3Fid%3D165172-9752%26name%3D%E9%9B%BB%E5%8B%95%E9%9A%8E%E6%AE%B5%E3%82%AF%E3%83%A9%E3%82%A4%E3%83%9E%E3%83%BC+%E3%83%88%E3%83%AD%E3%83%AA%E3%83%BC%E3%80%81S+%E5%AD%97%E5%9E%8B%E3%82%A2%E3%83%BC%E3%83%A0+%E3%83%A1%E3%83%B3%E3%83%86%E3%83%8A%E3%83%B3%E3%82%B9%E4%B8%8D%E8%A6%81%E3%81%AE%E3%83%96%E3%83%A9%E3%82%B7%E3%83%AC%E3%82%B9+%E5%9D%90+%E3%83%A2%E3%83%BC%E3%82%BF%E3%83%BC%E3%80%81%E5%8F%96%E3%82%8A%E5%A4%96%E3%81%97%E5%8F%AF%E8%83%BD%E3%81%AA%E3%83%AA%E3%83%81%E3%82%A6%E3%83%A0%E9%9B%BB%E6%B1%A0%E3%80%81%E9%9A%8E%E6%AE%B5%E3%81%AE%E4%B8%8A%E3%82%8A%E4%B8%8B%E3%82%8A%E3%81%8C%E5%8F%AF HTTP/1.1" 200 0 "-" "Mozilla/5.0 (Linux; Android 6.0.1; Nexus 5X Build/MMB29P) AppleWebKit/537.36 (KHTML, like Gecko) Chrome/135.0.7049.95 Mobile Safari/537.36 (compatible; GoogleOther)"
40.77.167.116 - - [25/Apr/2025:22:45:49 -0400] "GET /?i=0797737818001&channel=3b4246&from=category-info.php%3Fid%3D378180-11464%26name%3D%E3%83%87%E3%82%B8%E3%82%BF%E3%83%AB%E8%A8%88%E9%87%8F%E3%82%B3%E3%83%B3%E3%83%88%E3%83%AD%E3%83%BC%E3%83%A9+%E3%82%BB%E3%83%B3%E3%82%B7%E3%83%B3%E3%82%B0%E3%83%87%E3%83%90%E3%82%A4%E3%82%B9+LED%E3%83%87%E3%82%A3%E3%82%B9%E3%83%97%E3%83%AC%E3%82%A4+%E9%87%8D%E9%87%8F%E3%82%B3%E3%83%B3%E3%83%88%E3%83%AD%E3%83%BC%E3%83%A9+1-4+%E3%83%AD%E3%83%BC%E3%83%89%E3%82%BB%E3%83%AB+110%2F+2+%E3%83%AA%E3%83%AC%E3%83%BC%E5%87%BA%E5%8A%9B+4 HTTP/1.1" 200 0 "-" "Mozilla/5.0 AppleWebKit/537.36 (KHTML, like Gecko; compatible; bingbot/2.0; +http://www.bing.com/bingbot.htm) Chrome/116.0.1938.76 Safari/537.36"
66.249.73.101 - - [25/Apr/2025:22:45:50 -0400] "GET /?i=114102773901&channel=25e7be&from=category-info.php%3Fid%3D27739-1734%26name%3DHer+lip+to+%E6%96%B0%E5%93%81%E5%AE%8C%E5%A3%B2%E5%93%81+AiryVolumeSleeveDress HTTP/1.1" 200 0 "-" "Mozilla/5.0 (Linux; Android 6.0.1; Nexus 5X Build/MMB29P) AppleWebKit/537.36 (KHTML, like Gecko) Chrome/135.0.7049.95 Mobile Safari/537.36 (compatible; GoogleOther)"
66.249.74.11 - - [25/Apr/2025:22:46:04 -0400] "GET /81590425368.shtml HTTP/1.1" 200 0 "-" "Mozilla/5.0 (Linux; Android 6.0.1; Nexus 5X Build/MMB29P) AppleWebKit/537.36 (KHTML, like Gecko) Chrome/135.0.7049.95 Mobile Safari/537.36 (compatible; GoogleOther)"
66.249.73.102 - - [25/Apr/2025:22:46:14 -0400] "GET /?i=2111863246303&channel=0e8ded&from=product.php%3Fid%3D632463-5619%26name%3DDRAWER%E3%80%80%E3%83%9F%E3%83%AA%E3%82%BF%E3%83%AA%E3%83%BC%E3%82%B8%E3%83%A3%E3%82%B1%E3%83%83%E3%83%88%E3%80%80M-65%E3%80%80%E3%83%9B%E3%83%AF%E3%82%A4%E3%83%88%E3%80%80%E3%83%89%E3%83%AD%E3%82%B9%E3%83%88%E3%83%87%E3%82%B6%E3%82%A4%E3%83%B3 HTTP/1.1" 200 52308 "-" "Mozilla/5.0 (Linux; Android 6.0.1; Nexus 5X Build/MMB29P) AppleWebKit/537.36 (KHTML, like Gecko) Chrome/135.0.7049.95 Mobile Safari/537.36 (compatible; Googlebot/2.1; +http://www.google.com/bot.html)"
66.249.73.101 - - [25/Apr/2025:22:46:17 -0400] "GET /?i=9920268958500&channel=99f909&from=form.php%3Fid%3D689585-2571%26name%3D%E3%83%9E%E3%82%AD%E3%82%BF%E3%80%8010.8V%E3%80%80%E5%85%85%E9%9B%BB%E5%BC%8F%E3%82%A4%E3%83%B3%E3%83%91%E3%82%AF%E3%83%88%E3%83%89%E3%83%A9%E3%82%A4%E3%83%90%EF%BC%88%E9%9D%92%EF%BC%89TD111DSMX%E3%80%804.0Ah%E3%80%80Li-ion%E5%85%85%E9%9B%BB%E6%B1%A0%28BL1040B%292%E5%80%8B%E3%80%80%E5%85%85%E9%9B%BB%E5%99%A8%28DC10SA%29%E3%80%80%E3%82%B1%E3%83%BC%E3%82%B9%E3%80%90%E2%80%BB%E6%B2%96%E7%B8%84%E7%9C%8C%E3%81%B8%E3%81%AE%E6%B3%A8%E6%96%87%E5%8F%97%E4%BB%98%E3%83%BB%E9%85%8D%E9%80%81%E4%B8%8D%E5%8F%AF%E3%80%91 HTTP/1.1" 200 57089 "-" "Mozilla/5.0 (Linux; Android 6.0.1; Nexus 5X Build/MMB29P) AppleWebKit/537.36 (KHTML, like Gecko) Chrome/135.0.7049.95 Mobile Safari/537.36 (compatible; Googlebot/2.1; +http://www.google.com/bot.html)"
66.249.73.101 - - [25/Apr/2025:22:46:19 -0400] "GET /?i=08039114892602&channel=67a8af&from=blog.php%3Fid%3D1148926-22107%26name%3DCarolart%28%E3%82%AD%E3%83%A3%E3%83%AD%E3%83%A9%E3%83%BC%E3%83%88%29+3%E5%80%8B%E3%83%91%E3%83%83%E3%82%AF+%E7%A9%BA%E3%81%AE%E6%84%9F%E8%A6%9A%E5%AE%B9%E5%99%A8+13.5%E3%82%A4%E3%83%B3%E3%83%81%E3%81%AE%E3%82%B9%E3%83%88%E3%83%AC%E3%83%BC%E3%82%B8%E3%82%B3%E3%83%B3%E3%83%86%E3%83%8A+%E3%83%9D%E3%83%BC%E3%82%BF%E3%83%96%E3%83%AB%E3%83%97%E3%83%A9%E3%82%B9%E3%83%81%E3%83%83%E3%82%AF%E5%8F%8E%E7%B4%8D%E3%83%9C%E3%83%83%E3%82%AF%E3%82%B9 HTTP/1.1" 200 54526 "-" "Mozilla/5.0 (Linux; Android 6.0.1; Nexus 5X Build/MMB29P) AppleWebKit/537.36 (KHTML, like Gecko) Chrome/135.0.7049.95 Mobile Safari/537.36 (compatible; Googlebot/2.1; +http://www.google.com/bot.html)"
66.249.73.101 - - [25/Apr/2025:22:46:25 -0400] "GET /?i=0407711116104&channel=a800f9&from=article.php%3Fid%3D111161-1763%26name%3D%E6%9C%AA%E9%96%8B%E5%B0%81%E3%80%80%E7%8F%BE%E7%8A%B6%E5%93%81%E2%98%86%E3%83%AF%E3%82%A4%E3%83%AB%E3%83%897+%E3%83%95%E3%82%A3%E3%82%AE%E3%83%A5%E3%82%A2+%E2%98%86%E4%B8%96%E7%95%8C%E3%80%80%E5%85%AB%E7%99%BE%E3%80%802%E7%82%B9%E3%81%BE%E3%81%A8%E3%82%81%E3%81%A6+%E2%98%86%E3%83%9F%E3%83%A9%E3%82%AF%E3%83%AB%E3%83%8F%E3%82%A6%E3%82%B9+%E3%83%AC%E3%83%83%E3%82%BA HTTP/1.1" 200 0 "-" "Mozilla/5.0 (Linux; Android 6.0.1; Nexus 5X Build/MMB29P) AppleWebKit/537.36 (KHTML, like Gecko) Chrome/135.0.7049.95 Mobile Safari/537.36 (compatible; GoogleOther)"
40.77.167.116 - - [25/Apr/2025:22:46:40 -0400] "GET /?i=6209075757906&channel=117e3b&from=news.php%3Fid%3D757579-5731%26name%3D%E3%82%AF%E3%83%AC%E3%82%B9%E3%83%88%E3%83%96%E3%83%AA%E3%83%83%E3%82%B8%E3%83%81%E3%82%A7%E3%83%83%E3%82%AF%E3%83%AA%E3%83%90%E3%83%BC%E3%82%B7%E3%83%96%E3%83%AB%E3%83%80%E3%83%B3%E3%83%9C%E3%83%BC%E3%83%AB%E3%83%9F%E3%83%87%E3%82%A3%E4%B8%88%E3%82%B3%E3%83%BC%E3%83%87%E3%82%A3%E3%82%AC%E3%83%B3 HTTP/1.1" 200 0 "-" "Mozilla/5.0 AppleWebKit/537.36 (KHTML, like Gecko; compatible; bingbot/2.0; +http://www.bing.com/bingbot.htm) Chrome/116.0.1938.76 Safari/537.36"
66.249.73.101 - - [25/Apr/2025:22:46:42 -0400] "GET /?i=0871042792303&channel=40e0dd&from=info.php%3Fid%3D427923-11486%26name%3D%E7%B5%84%E7%AB%8B%E8%A8%AD%E7%BD%AE%E4%BB%98%E3%81%8D+%E3%81%9F%E3%82%8C+%E6%A3%9A%E3%83%BB%E3%82%B3%E3%83%B3%E3%82%BB%E3%83%B3%E3%83%88%E4%BB%98%E3%81%8D%E3%83%87%E3%82%B6%E3%82%A4%E3%83%B3%E3%81%99%E3%81%AE%E3%81%93%E3%83%99%E3%83%83%E3%83%89+Alcester+%E3%82%AA%E3%83%AB%E3%82%B9%E3%82%BF%E3%83%BC+%E3%83%80%E3%83%BC%E3%82%AF%E3%82%B0%E3%83%AC%E3%83%BC%E3%83%95%E3%83%AC%E3%83%BC%E3%83%A0+%E3%83%96%E3%83%A9%E3%83%83%E3%82%AF%E3%83%9E%E3%83%83%E3%83%88%E3%83%AC%E3%82%B9+%E3%83%97%E3%83%AC%E3%83%9F HTTP/1.1" 200 52865 "-" "Mozilla/5.0 (Linux; Android 6.0.1; Nexus 5X Build/MMB29P) AppleWebKit/537.36 (KHTML, like Gecko) Chrome/135.0.7049.95 Mobile Safari/537.36 (compatible; Googlebot/2.1; +http://www.google.com/bot.html)"
66.249.73.101 - - [25/Apr/2025:22:46:47 -0400] "GET /?i=50882195701300&channel=6ea101&from=shop.php%3Fid%3D1957013-2197%26name%3D%E3%82%B8%E3%83%A2%E3%83%86%E3%82%A3%E6%9D%A5%E5%BA%97%E7%89%B9%E4%BE%A1%21%21%E3%80%80%E9%A3%9F%E5%99%A8%E6%A3%9A%E3%80%80%E3%83%8B%E3%83%88%E3%83%AA%E3%80%80%E3%83%80%E3%83%BC%E3%82%AF%E3%83%96%E3%83%A9%E3%82%A6%E3%83%B3%E3%80%80%E3%80%80J-1207 HTTP/1.1" 200 54906 "-" "Mozilla/5.0 (Linux; Android 6.0.1; Nexus 5X Build/MMB29P) AppleWebKit/537.36 (KHTML, like Gecko) Chrome/135.0.7049.95 Mobile Safari/537.36 (compatible; Googlebot/2.1; +http://www.google.com/bot.html)"
66.249.73.101 - - [25/Apr/2025:22:46:48 -0400] "GET /31795277658.shtml HTTP/1.1" 200 0 "-" "Mozilla/5.0 (Linux; Android 6.0.1; Nexus 5X Build/MMB29P) AppleWebKit/537.36 (KHTML, like Gecko) Chrome/135.0.7049.95 Mobile Safari/537.36 (compatible; GoogleOther)"
66.249.73.101 - - [25/Apr/2025:22:46:59 -0400] "GET /?i=8200148971100&channel=402d74&from=blog.php%3Fid%3D489711-5175%26name%3D90%E2%80%99s+%E3%83%B4%E3%82%A3%E3%83%B3%E3%83%86%E3%83%BC%E3%82%B8+Jcrew+%E3%82%AA%E3%83%BC%E3%83%90%E3%83%BC%E3%82%B5%E3%82%A4%E3%82%BA+%E3%83%9F%E3%83%AA%E3%82%BF%E3%83%AA%E3%83%BC%E3%82%B3%E3%83%BC%E3%83%8890%E5%B9%B4%E4%BB%A3 HTTP/1.1" 200 0 "-" "Mozilla/5.0 (Linux; Android 6.0.1; Nexus 5X Build/MMB29P) AppleWebKit/537.36 (KHTML, like Gecko) Chrome/135.0.7049.95 Mobile Safari/537.36 (compatible; GoogleOther)"
66.249.73.101 - - [25/Apr/2025:22:47:00 -0400] "GET /?i=1689760942104&channel=db6d32&from=category-info.php%3Fid%3D609421-11727%26name%3Dys7020707%3B+%E5%AE%97sou+%E8%B6%8A%E5%89%8D%E7%84%BC%E3%80%80%E4%BA%94%E5%B3%B6%E5%93%B2%E9%80%A0%E3%80%80%E5%88%B7%E6%AF%9B%E7%9B%AE%E9%BB%84%E7%80%AC%E6%88%B8%E8%8C%B6%E7%A2%97%EF%BC%88%E5%85%B1%E7%AE%B1%EF%BC%89%E3%80%90%E9%81%93%E3%80%91 HTTP/1.1" 200 54591 "-" "Mozilla/5.0 (Linux; Android 6.0.1; Nexus 5X Build/MMB29P) AppleWebKit/537.36 (KHTML, like Gecko) Chrome/135.0.7049.95 Mobile Safari/537.36 (compatible; Googlebot/2.1; +http://www.google.com/bot.html)"
66.249.73.101 - - [25/Apr/2025:22:47:07 -0400] "GET /?i=73006101487502&channel=e35235&from=shop.php%3Fid%3D1014875-2414%26name%3DTOM+FORD+%E3%83%88%E3%83%A0%E3%83%95%E3%82%A9%E3%83%BC%E3%83%89+FT1119-D%2FS+90A+47+TF1119-D+%E3%82%B5%E3%83%B3%E3%82%B0%E3%83%A9%E3%82%B9+%E3%82%A2%E3%82%B8%E3%82%A2%E3%83%B3%E3%83%95%E3%82%A3%E3%83%83%E3%83%88+EYEWEAR+%E3%83%A1%E3%83%B3%E3%82%BA+%E3%83%AC%E3%83%87%E3%82%A3%E3%83%BC%E3%82%B9 HTTP/1.1" 200 53511 "-" "Mozilla/5.0 (Linux; Android 6.0.1; Nexus 5X Build/MMB29P) AppleWebKit/537.36 (KHTML, like Gecko) Chrome/135.0.7049.95 Mobile Safari/537.36 (compatible; Googlebot/2.1; +http://www.google.com/bot.html)"
66.249.73.101 - - [25/Apr/2025:22:47:35 -0400] "GET /?i=7778171053902&channel=08e54d&from=form.php%3Fid%3D710539-9763%26name%3DCanon+EF+50mm+f1.8+%E3%83%AC%E3%82%A2%E3%81%AA%E5%88%9D%E4%BB%A3%E3%80%80%E5%85%89%E5%AD%A6%E7%B3%BB%E3%82%AF%E3%83%AA%E3%82%A2%E3%80%80%E5%AE%8C%E5%8B%95%E5%93%81 HTTP/1.1" 200 52954 "-" "Mozilla/5.0 (Linux; Android 6.0.1; Nexus 5X Build/MMB29P) AppleWebKit/537.36 (KHTML, like Gecko) Chrome/135.0.7049.95 Mobile Safari/537.36 (compatible; Googlebot/2.1; +http://www.google.com/bot.html)"
66.249.73.101 - - [25/Apr/2025:22:47:36 -0400] "GET /?i=8778441691102&channel=5383ec&from=product.php%3Fid%3D416911-15257%26name%3D%E3%81%AA%E3%81%AA%E3%81%B2%E3%82%89%E3%81%B2%E3%82%89%EF%BC%88%E5%B9%B3%E6%9C%A8%E8%8F%9C%E3%80%85%E3%81%A1%E3%82%83%E3%82%93%EF%BC%89%E7%9D%80%E7%94%BB%E3%80%80ZARA%E3%82%B3%E3%83%BC%E3%83%87%E3%82%BB%E3%83%83%E3%83%88 HTTP/1.1" 200 54121 "-" "Mozilla/5.0 (Linux; Android 6.0.1; Nexus 5X Build/MMB29P) AppleWebKit/537.36 (KHTML, like Gecko) Chrome/135.0.7049.95 Mobile Safari/537.36 (compatible; Googlebot/2.1; +http://www.google.com/bot.html)"
66.249.73.101 - - [25/Apr/2025:22:47:40 -0400] "GET /?i=3976576767802&channel=6ab6d8&from=goods.php%3Fid%3D767678-7029%26name%3D%E3%83%AF%E3%82%A4%E3%83%B3%E3%83%A9%E3%83%83%E3%82%AF+%E3%83%AF%E3%82%A4%E3%83%B3%E3%83%9B%E3%83%AB%E3%83%80%E3%83%BC+%E7%B4%94%E6%9C%A8%E3%81%AE%E5%A3%81%E6%8E%9B%E3%81%91%E3%83%AF%E3%82%A4%E3%83%B3%E3%83%A9%E3%83%83%E3%82%AF%E3%83%AF%E3%82%A4%E3%83%B3%E3%82%AD%E3%83%A3%E3%83%93%E3%83%8D%E3%83%83%E3%83%88%E3%83%9B%E3%83%AB%E3%83%80%E3%83%BC%E3%83%9B%E3%83%BC%E3%83%A0%E3%82%A2%E3%82%A4%E3%82%A2%E3%83%B3%E3%82%A2%E3%83%BC%E3%83%88%E3%83%87%E3%82%B3%E3%83%AC%E3%83%BC%E3%82%B7%E3%83%A7%E3%83%B3+%E3%82%B7%E3%83%A3%E3%83%B3%E3%83%91%E3%83%B3%E3%83%9B%E3%83%AB%E3%83%80 HTTP/1.1" 200 52904 "-" "Mozilla/5.0 (Linux; Android 6.0.1; Nexus 5X Build/MMB29P) AppleWebKit/537.36 (KHTML, like Gecko) Chrome/135.0.7049.95 Mobile Safari/537.36 (compatible; Googlebot/2.1; +http://www.google.com/bot.html)"
66.249.73.101 - - [25/Apr/2025:22:47:42 -0400] "GET /708651423993.shtml HTTP/1.1" 200 0 "-" "Mozilla/5.0 (Linux; Android 6.0.1; Nexus 5X Build/MMB29P) AppleWebKit/537.36 (KHTML, like Gecko) Chrome/135.0.7049.95 Mobile Safari/537.36 (compatible; GoogleOther)"
66.249.73.101 - - [25/Apr/2025:22:47:44 -0400] "GET /?i=7865426405803&channel=4e8dd0&from=info.php%3Fid%3D264058-504%26name%3D%E3%80%90%E7%BE%8E%E5%93%81%E3%80%91Tomorrow+land+%E3%83%95%E3%82%A1%E3%83%BC%E3%83%90%E3%83%83%E3%82%AF+%E3%83%94%E3%83%B3%E3%82%AF HTTP/1.1" 200 53475 "-" "Mozilla/5.0 (Linux; Android 6.0.1; Nexus 5X Build/MMB29P) AppleWebKit/537.36 (KHTML, like Gecko) Chrome/135.0.7049.95 Mobile Safari/537.36 (compatible; Googlebot/2.1; +http://www.google.com/bot.html)"
66.249.73.101 - - [25/Apr/2025:22:47:46 -0400] "GET /?i=0146836097102&channel=f39431&from=article.php%3Fid%3D360971-2890%26name%3D%E6%A5%B5%E4%B8%8A%E5%93%81+%E4%B8%A1%E9%A0%AD+%E6%84%9B%E6%9F%93%E6%98%8E%E7%8E%8B+%E4%B8%8D%E5%8B%95%E6%98%8E%E7%8E%8B+%E5%BA%A7%E5%83%8F+%E4%BB%8F%E6%95%99%E5%B7%A5%E8%8A%B8%E5%93%81%E3%80%80%E6%9C%A8%E5%BD%AB%E4%BB%8F%E6%95%99%E3%80%80%E7%B2%BE%E5%AF%86%E5%BD%AB%E5%88%BB%E3%80%80%E4%BB%8F%E5%B8%AB%E3%81%A7%E4%BB%95%E4%B8%8A%E3%81%92%E5%93%81+%E9%AB%9830cm HTTP/1.1" 200 55113 "-" "Mozilla/5.0 (Linux; Android 6.0.1; Nexus 5X Build/MMB29P) AppleWebKit/537.36 (KHTML, like Gecko) Chrome/135.0.7049.95 Mobile Safari/537.36 (compatible; Googlebot/2.1; +http://www.google.com/bot.html)"
66.249.73.101 - - [25/Apr/2025:22:47:50 -0400] "GET /?i=2706767047103&channel=dc08ad&from=brands.php%3Fid%3D670471-7052%26name%3DDeuxieme+Classe+CALUX%2F%E3%82%AD%E3%83%A3%E3%83%A9%E3%82%AF%E3%82%B9%E3%80%80QUILTED%E3%82%B8%E3%83%A3%E3%82%B1%E3%83%83%E3%83%88 HTTP/1.1" 200 52383 "-" "Mozilla/5.0 (Linux; Android 6.0.1; Nexus 5X Build/MMB29P) AppleWebKit/537.36 (KHTML, like Gecko) Chrome/135.0.7049.95 Mobile Safari/537.36 (compatible; Googlebot/2.1; +http://www.google.com/bot.html)"
66.249.73.102 - - [25/Apr/2025:22:47:51 -0400] "GET /?i=8228155561003&channel=25e7be&from=shop.php%3Fid%3D555610-1734%26name%3D%E3%82%A8%E3%83%96%E3%83%BC%E3%83%AB%E3%80%80ebure%E3%80%80%E3%83%99%E3%83%BC%E3%82%B8%E3%83%A5%E3%82%B3%E3%83%83%E3%83%88%E3%83%B3%E3%83%AF%E3%83%B3%E3%83%94%E3%83%BC%E3%82%B9+%E5%88%BA%E3%81%9B%E3%82%8B HTTP/1.1" 200 52013 "-" "Mozilla/5.0 (Linux; Android 6.0.1; Nexus 5X Build/MMB29P) AppleWebKit/537.36 (KHTML, like Gecko) Chrome/135.0.7049.95 Mobile Safari/537.36 (compatible; Googlebot/2.1; +http://www.google.com/bot.html)"
66.249.73.102 - - [25/Apr/2025:22:47:57 -0400] "GET /?i=69988964602&channel=8220df&from=article.php%3Fid%3D9646-1986%26name%3D%E8%A8%80%E8%AA%9E%E7%BF%BB%E8%A8%B3%E6%A9%9F%E3%80%8130%E8%A8%80%E8%AA%9E%E9%96%93%E3%81%AE%E7%BF%BB%E8%A8%B3%E3%80%81CVC%E3%83%8E%E3%82%A4%E3%82%BA%E3%83%AA%E3%83%80%E3%82%AF%E3%82%B7%E3%83%A7%E3%83%B3%E3%83%86%E3%82%AF%E3%83%8E%E3%83%AD%E3%82%B8%E3%83%BC%E3%80%81%E9%9F%B3%E5%A3%B0%E7%BF%BB%E8%A8%B3%E3%82%A4%E3%83%A4%E3%83%9B%E3%83%B3+%E3%81%93%E3%82%93%E3%81%AB%E3%81%A1%E3%81%AF%E3%80%81%E6%86%A7%E3%82%8C%E3%81%BE%E3%81%99+vision HTTP/1.1" 200 0 "-" "Mozilla/5.0 (Linux; Android 6.0.1; Nexus 5X Build/MMB29P) AppleWebKit/537.36 (KHTML, like Gecko) Chrome/135.0.7049.95 Mobile Safari/537.36 (compatible; GoogleOther)"
66.249.73.103 - - [25/Apr/2025:22:48:07 -0400] "GET /?i=9190711195804&channel=93be18&from=shop.php%3Fid%3D111958-5595%26name%3D%E3%82%A2%E3%83%AB%E3%83%99%E3%83%AD%E3%83%99%E3%83%AD%28Alberobello%29%E3%82%AA%E3%83%AC%E3%83%9C%E3%83%AC%E3%83%96%E3%83%A9%3Cbr%3E%E3%81%B6%E3%81%9F%E3%81%95%E3%82%93%E6%9F%84+%E3%83%A1%E3%83%83%E3%82%B7%E3%83%A5%E3%83%8B%E3%83%83%E3%83%88%E3%83%97%E3%83%AB%E3%82%AA%E3%83%BC%E3%83%90%E3%83%BC%EF%BC%88%E3%82%B0%E3%83%AA%E3%83%BC%E3%83%B3%EF%BC%89%3Cbr%3E%E3%80%902025+SPRING+COLLECTION%E3%80%91%3Cbr%3E%E9%80%81%E6%96%99%E7%84%A1%E6%96%99%3Cbr%3E HTTP/1.1" 200 53867 "-" "Mozilla/5.0 (Linux; Android 6.0.1; Nexus 5X Build/MMB29P) AppleWebKit/537.36 (KHTML, like Gecko) Chrome/135.0.7049.95 Mobile Safari/537.36 (compatible; Googlebot/2.1; +http://www.google.com/bot.html)"
66.249.73.101 - - [25/Apr/2025:22:48:12 -0400] "GET /?i=87496138304907&channel=a21b7a&from=brands.php%3Fid%3D1383049-17166%26name%3D%E5%A4%96%E4%BB%98SSD+16TB+%E5%B0%8F%E5%9E%8B+%E8%BB%BD%E9%87%8F+%E3%83%96%E3%83%A9%E3%83%83%E3%82%AF+%E9%AB%98%E9%80%9F%E8%BB%A2%E9%80%81%E8%80%90%E8%A1%9D+USB3.2Gen1 HTTP/1.1" 200 0 "-" "Mozilla/5.0 (Linux; Android 6.0.1; Nexus 5X Build/MMB29P) AppleWebKit/537.36 (KHTML, like Gecko) Chrome/135.0.7049.95 Mobile Safari/537.36 (compatible; GoogleOther)"
66.249.73.101 - - [25/Apr/2025:22:48:17 -0400] "GET /?i=901012522009&channel=2efaee&from=shared.php%3Fid%3D25220-3904%26name%3DSHARP+%E3%82%B7%E3%83%A3%E3%83%BC%E3%83%97+%E3%83%87%E3%82%B8%E3%82%BF%E3%83%AB%E3%82%B3%E3%83%BC%E3%83%89%E3%83%AC%E3%82%B9%E9%9B%BB%E8%A9%B1%E6%A9%9F+%E5%AD%90%E6%A9%9F1%E5%8F%B0+JD-AT91CL+%5B%E3%83%9B%E3%83%AF%E3%82%A4%E3%83%88%E7%B3%BB%5D%5B%E3%83%A9%E3%83%83%E3%83%94%E3%83%B3%E3%82%B0%E5%8F%AF%5D+R-LOGI HTTP/1.1" 200 52644 "-" "Mozilla/5.0 (Linux; Android 6.0.1; Nexus 5X Build/MMB29P) AppleWebKit/537.36 (KHTML, like Gecko) Chrome/135.0.7049.95 Mobile Safari/537.36 (compatible; Googlebot/2.1; +http://www.google.com/bot.html)"
66.249.73.101 - - [25/Apr/2025:22:48:20 -0400] "GET /?i=8985431419701&channel=50d98b&from=blog.php%3Fid%3D314197-7055%26name%3D%E3%82%A4%E3%83%B3%E3%83%91%E3%83%AB%E3%82%B9%E5%BE%8C%E6%9C%9F+%E8%8C%B6%E3%83%84%E3%83%BC%E3%83%88%E3%83%B3+%E3%82%BF%E3%83%83%E3%82%AF%E3%83%AD%E3%83%BC%E3%83%AB%E3%82%B7%E3%83%BC%E3%83%88%2F96%E5%B9%B4%EF%BD%9EGK79A+GK7CA HTTP/1.1" 200 53267 "-" "Mozilla/5.0 (Linux; Android 6.0.1; Nexus 5X Build/MMB29P) AppleWebKit/537.36 (KHTML, like Gecko) Chrome/135.0.7049.95 Mobile Safari/537.36 (compatible; Googlebot/2.1; +http://www.google.com/bot.html)"
66.249.73.101 - - [25/Apr/2025:22:48:27 -0400] "GET /?i=57299133510603&channel=08e54d&from=shared.php%3Fid%3D1335106-9763%26name%3D%E3%80%90%E7%BE%8E%E5%93%81%E3%80%91SoNY+FE+35mm+F1.4+GM HTTP/1.1" 200 52218 "-" "Mozilla/5.0 (Linux; Android 6.0.1; Nexus 5X Build/MMB29P) AppleWebKit/537.36 (KHTML, like Gecko) Chrome/135.0.7049.95 Mobile Safari/537.36 (compatible; Googlebot/2.1; +http://www.google.com/bot.html)"
66.249.73.101 - - [25/Apr/2025:22:48:30 -0400] "GET /48115146948.shtml HTTP/1.1" 200 0 "-" "Mozilla/5.0 (Linux; Android 6.0.1; Nexus 5X Build/MMB29P) AppleWebKit/537.36 (KHTML, like Gecko) Chrome/135.0.7049.95 Mobile Safari/537.36 (compatible; GoogleOther)"
66.249.73.101 - - [25/Apr/2025:22:48:35 -0400] "GET /?i=34092138166507&channel=9cb139&from=shop.php%3Fid%3D1381665-3699%26name%3D%E3%80%90%E4%B8%AD%E5%8F%A4%E3%80%91+COLNAGO+%E8%82%A1%E3%81%8C%E3%82%8A+%E3%80%8C%E3%82%B3%E3%83%AB%E3%83%8A%E3%82%B4%E3%80%8D+EPOCA+2019%E5%B9%B4%E3%83%A2%E3%83%87%E3%83%AB+%E3%82%AF%E3%83%AD%E3%82%B9%E3%83%90%E3%82%A4%E3%82%AF+%2F+%E3%83%90%E3%82%A4%E3%83%81%E3%83%A3%E3%83%AA%E7%A6%8F%E5%B2%A1%E5%BA%97 HTTP/1.1" 200 54041 "-" "Mozilla/5.0 (Linux; Android 6.0.1; Nexus 5X Build/MMB29P) AppleWebKit/537.36 (KHTML, like Gecko) Chrome/135.0.7049.95 Mobile Safari/537.36 (compatible; Googlebot/2.1; +http://www.google.com/bot.html)"
66.249.73.101 - - [25/Apr/2025:22:48:36 -0400] "GET /?i=31016179003300&channel=3fc8a9&from=category-info.php%3Fid%3D1790033-2574%26name%3D%E3%80%90%E6%96%B0%E7%94%9F%E6%B4%BB%E5%BF%9C%E6%8F%B4%E3%82%BF%E3%82%A4%E3%83%A0%E3%82%BB%E3%83%BC%E3%83%AB%E3%80%91%E5%86%8D%E5%85%A5%E8%8D%B7%E5%BE%85%E3%81%A1%E3%83%95%E3%83%A9%E3%83%AF%E3%83%BC%E3%83%95%E3%82%A9%E3%83%BC%E3%83%81%E3%83%A5%E3%83%B3+%E6%96%B0%E9%83%8E%E6%96%B0%E5%A9%A6+%E6%96%B0%E5%A9%A6+%E6%A0%BD%E5%9F%B9%E3%82%BB%E3%83%83%E3%83%88+%E3%83%97%E3%83%81%E3%83%97%E3%83%A9+%E3%82%B0%E3%83%AA%E3%83%BC%E3%83%B3 HTTP/1.1" 200 54927 "-" "Mozilla/5.0 (Linux; Android 6.0.1; Nexus 5X Build/MMB29P) AppleWebKit/537.36 (KHTML, like Gecko) Chrome/135.0.7049.95 Mobile Safari/537.36 (compatible; Googlebot/2.1; +http://www.google.com/bot.html)"
66.249.73.101 - - [25/Apr/2025:22:48:39 -0400] "GET /?i=1416233451102&channel=4a4381&from=news.php%3Fid%3D334511-6332%26name%3D%E3%82%B7%E3%83%A2%E3%83%84%E3%82%B1%28Shimotsuke%29+MJB+%E3%83%A1%E3%82%B8%E3%83%A3%E3%83%BC%E3%83%96%E3%83%A9%E3%83%83%E3%83%89%E3%82%AF%E3%83%BC%E3%83%ABDRY%E3%82%B7%E3%83%A3%E3%83%84+SMS-470MS+L+%E3%83%96%E3%83%A9%E3%83%83%E3%82%AF%C3%97%E3%83%9B%E3%83%AF%E3%82%A4%E3%83%88 HTTP/1.1" 200 55324 "-" "Mozilla/5.0 (Linux; Android 6.0.1; Nexus 5X Build/MMB29P) AppleWebKit/537.36 (KHTML, like Gecko) Chrome/135.0.7049.95 Mobile Safari/537.36 (compatible; Googlebot/2.1; +http://www.google.com/bot.html)"
66.249.73.102 - - [25/Apr/2025:22:48:48 -0400] "GET /?i=90003137092211&channel=7b4f73&from=info.php%3Fid%3D1370922-5781%26name%3D%E3%80%90BOSE%E3%80%91Soundlink+mini+II%E3%80%80%E3%83%9C%E3%83%BC%E3%82%BA%E3%80%80%E3%82%B5%E3%82%A6%E3%83%B3%E3%83%89%E3%83%AA%E3%83%B3%E3%82%AF%E3%80%80%E3%83%9F%E3%83%8B2 HTTP/1.1" 200 52540 "-" "Mozilla/5.0 (Linux; Android 6.0.1; Nexus 5X Build/MMB29P) AppleWebKit/537.36 (KHTML, like Gecko) Chrome/135.0.7049.95 Mobile Safari/537.36 (compatible; Googlebot/2.1; +http://www.google.com/bot.html)"
66.249.73.102 - - [25/Apr/2025:22:48:49 -0400] "GET /?i=0274627867203&channel=534a6b&from=pin.php%3Fid%3D278672-4581%26name%3D%E3%82%BF%E3%82%A4%E3%83%9E%E3%83%BC%E3%80%80TYMER%E3%80%80BLAKE+%E3%82%B5%E3%83%B3%E3%82%B0%E3%83%A9%E3%82%B9+%E8%AA%BF%E5%85%89%E3%83%AC%E3%83%B3%E3%82%BA HTTP/1.1" 200 53980 "-" "Mozilla/5.0 (Linux; Android 6.0.1; Nexus 5X Build/MMB29P) AppleWebKit/537.36 (KHTML, like Gecko) Chrome/135.0.7049.95 Mobile Safari/537.36 (compatible; Googlebot/2.1; +http://www.google.com/bot.html)"
66.249.73.102 - - [25/Apr/2025:22:48:53 -0400] "GET /?i=15736134665301&channel=f1bded&from=news.php%3Fid%3D1346653-12335%26name%3D%E3%83%80%E3%82%A4%E3%82%BD%E3%83%BC%E3%83%AA%E3%82%B5%E3%82%A4%E3%82%AF%E3%83%AB%E3%83%9D%E3%83%AA%E3%82%A8%E3%82%B9%E3%83%86%E3%83%AB%E6%AF%9B%E7%B3%B8+13%E7%8E%89%E3%82%BB%E3%83%83%E3%83%88 HTTP/1.1" 200 53552 "-" "Mozilla/5.0 (Linux; Android 6.0.1; Nexus 5X Build/MMB29P) AppleWebKit/537.36 (KHTML, like Gecko) Chrome/135.0.7049.95 Mobile Safari/537.36 (compatible; Googlebot/2.1; +http://www.google.com/bot.html)"
66.249.73.101 - - [25/Apr/2025:22:48:54 -0400] "GET /?i=3052397100302&channel=0e8ded&from=shared.php%3Fid%3D971003-5619%26name%3D%E3%83%A2%E3%83%B3%E3%82%AF%E3%83%AC%E3%83%BC%E3%83%AB%E3%80%80%E3%83%99%E3%82%B9%E3%83%88%E3%83%80%E3%82%A6%E3%83%B3%EF%BC%88%E3%82%BF%E3%82%B0%E3%80%81%E3%83%8F%E3%83%B3%E3%82%AC%E3%83%BC%E4%BB%98%E3%81%8D%EF%BC%89 HTTP/1.1" 200 0 "-" "Mozilla/5.0 (Linux; Android 6.0.1; Nexus 5X Build/MMB29P) AppleWebKit/537.36 (KHTML, like Gecko) Chrome/135.0.7049.95 Mobile Safari/537.36 (compatible; GoogleOther)"
66.249.73.102 - - [25/Apr/2025:22:49:10 -0400] "GET /?i=9250049056901&channel=0a0425&from=article.php%3Fid%3D490569-845%26name%3D%E3%82%B3%E3%83%B3%E3%83%97%E3%83%AC%E3%83%83%E3%82%B5%E3%83%BC100v HTTP/1.1" 200 0 "-" "Mozilla/5.0 (Linux; Android 6.0.1; Nexus 5X Build/MMB29P) AppleWebKit/537.36 (KHTML, like Gecko) Chrome/135.0.7049.95 Mobile Safari/537.36 (compatible; GoogleOther)"
52.167.144.54 - - [25/Apr/2025:22:49:20 -0400] "GET /robots.txt HTTP/1.1" 200 72 "-" "Mozilla/5.0 AppleWebKit/537.36 (KHTML, like Gecko; compatible; bingbot/2.0; +http://www.bing.com/bingbot.htm) Chrome/116.0.1938.76 Safari/537.36"
40.77.167.116 - - [25/Apr/2025:22:49:24 -0400] "GET /?i=24998129015504&channel=06fb25&from=form.php%3Fid%3D1290155-7912%26name%3D%E5%8C%97%E6%AC%A7%E3%81%AE%E3%82%AF%E3%83%AA%E3%82%A8%E3%82%A4%E3%83%86%E3%82%A3%E3%83%96%E3%82%AB%E3%83%A9%E3%83%BC%E3%82%B5%E3%83%BC%E3%82%AF%E3%83%AB%E3%83%95%E3%83%A9%E3%83%83%E3%82%B7%E3%83%A5%E3%83%9E%E3%82%A6%E3%83%B3%E3%83%88%E5%A4%A9%E4%BA%95%E7%81%AF+%E5%B0%8E%E3%81%84%E3%81%9F+%E6%9C%A8%E8%A3%BD%E3%81%AE%E8%A3%85%E9%A3%BE%E3%81%AE%E5%A4%A9%E4%BA%95%E3%83%A9%E3%83%B3%E3%83%97%E7%99%BD%E3%81%84%E3%83%A9%E3%82%A4%E3%83%886000K%E3%81%AF%E8%AA%BF%E6%95%B4%E5%8F%AF%E8%83%BD%E3%81%AA%E5%A4%A9%E4%BA%95%E7%85%A7%E6%98%8E%E5%BC%8F HTTP/1.1" 200 0 "-" "Mozilla/5.0 AppleWebKit/537.36 (KHTML, like Gecko; compatible; bingbot/2.0; +http://www.bing.com/bingbot.htm) Chrome/116.0.1938.76 Safari/537.36"
66.249.73.101 - - [25/Apr/2025:22:49:26 -0400] "GET /?i=1212024906107&channel=25e7be&from=blog.php%3Fid%3D249061-1734%26name%3D%E7%94%9F%E6%B4%BB%E9%9F%93%E6%9C%8D+2way%E3%83%AF%E3%83%B3%E3%83%94%E3%83%BC%E3%82%B9+S-XXL%E3%82%B5%E3%82%A4%E3%82%BA%E3%81%BE%E3%81%A7+%E3%83%81%E3%83%9E%E3%83%81%E3%83%A7%E3%82%B4%E3%83%AA HTTP/1.1" 200 51760 "-" "Mozilla/5.0 (Linux; Android 6.0.1; Nexus 5X Build/MMB29P) AppleWebKit/537.36 (KHTML, like Gecko) Chrome/135.0.7049.95 Mobile Safari/537.36 (compatible; Googlebot/2.1; +http://www.google.com/bot.html)"
40.77.167.116 - - [25/Apr/2025:22:49:39 -0400] "GET /?i=70977163087602&channel=3197b2&from=article.php%3Fid%3D1630876-6509%26name%3D%E3%83%AA%E3%83%BC%E3%83%95%E3%83%86%E3%82%A3%E3%82%A2%E3%83%A9%E2%98%86%E4%BD%8E%E3%82%81+%E3%83%98%E3%83%83%E3%83%89%E3%83%89%E3%83%AC%E3%82%B9%E3%82%A6%E3%82%A7%E3%83%87%E3%82%A3%E3%83%B3%E3%82%B0%E7%B5%90%E5%A9%9A%E5%BC%8F%E3%83%96%E3%83%A9%E3%82%A4%E3%83%80%E3%83%AB%E3%83%98%E3%82%A2%E3%82%A2%E3%82%AF%E3%82%BB%E3%82%B5%E3%83%AA%E3%83%BC HTTP/1.1" 200 0 "-" "Mozilla/5.0 AppleWebKit/537.36 (KHTML, like Gecko; compatible; bingbot/2.0; +http://www.bing.com/bingbot.htm) Chrome/116.0.1938.76 Safari/537.36"
66.249.73.101 - - [25/Apr/2025:22:49:42 -0400] "GET /?i=71839143355302&channel=a8c585&from=shop.php%3Fid%3D1433553-23875%26name%3D%E3%82%B9%E3%83%86%E3%83%B3%E3%83%AC%E3%82%B9%E9%8B%BC%E3%81%AE%E3%82%B9%E3%82%A4%E3%82%AB%E3%81%AE%E4%BB%95%E5%88%87%E3%82%8A%E3%80%81%E3%83%87%E3%83%A5%E3%83%AA%E3%82%A2%E3%83%B3%E4%BB%95%E5%88%87%E3%82%8A+-+%E3%82%B9%E3%83%86%E3%83%B3%E3%83%AC%E3%82%B9%E9%8B%BC%E3%82%B9%E3%82%A4%E3%82%AB%E3%82%BB%E3%83%91%E3%83%AC%E3%83%BC%E3%82%BF%E3%83%BC+-+%E3%83%95%E3%83%AB%E3%83%BC%E3%83%84%E3%83%96%E3%83%AC%E3%83%BC%E3%82%AB%E3%83%BC%E3%80%81%E5%AE%B6%E5%BA%AD%E7%94%A8%E3%81%AE%E9%AB%98%E9%80%9F%E8%BB%BD%E9%87%8F%E3%82%AD%E3%83%83%E3%83%81%E3%83%B3 HTTP/1.1" 200 55088 "-" "Mozilla/5.0 (Linux; Android 6.0.1; Nexus 5X Build/MMB29P) AppleWebKit/537.36 (KHTML, like Gecko) Chrome/135.0.7049.95 Mobile Safari/537.36 (compatible; Googlebot/2.1; +http://www.google.com/bot.html)"
66.249.73.101 - - [25/Apr/2025:22:49:48 -0400] "GET /?i=03323130478203&channel=d85b95&from=blog.php%3Fid%3D1304782-4867%26name%3Dmame+%E3%83%AF%E3%83%B3%E3%83%94%E3%83%BC%E3%82%B9 HTTP/1.1" 200 51181 "-" "Mozilla/5.0 (Linux; Android 6.0.1; Nexus 5X Build/MMB29P) AppleWebKit/537.36 (KHTML, like Gecko) Chrome/135.0.7049.95 Mobile Safari/537.36 (compatible; Googlebot/2.1; +http://www.google.com/bot.html)"
66.249.73.103 - - [25/Apr/2025:22:50:01 -0400] "GET /?i=31701178115608&channel=1e91a9&from=jp.php%3Fid%3D1781156-20805%26name%3D%E3%81%8D%E3%82%8C%E3%81%84%E3%82%81+%E3%81%82%E3%81%A3%E3%81%9F%E3%81%8B+%E6%99%AE%E6%AE%B5%E7%9D%80+%E3%83%95%E3%83%A9%E3%83%83%E3%83%88+%E6%BB%91%E3%82%89%E3%81%AA%E3%81%84+%E3%82%B9%E3%83%8E%E3%83%BC%E3%83%96%E3%83%BC%E3%83%84+%E3%83%AC%E3%83%87%E3%82%A3%E3%83%BC%E3%82%B9+%E3%82%82%E3%81%93%E3%82%82%E3%81%93+%E3%81%82%E3%81%A3%E3%81%9F%E3%81%8B+%E8%B5%B0%E3%82%8C%E3%82%8B+%E3%83%95%E3%82%A1%E3%83%BC+%E7%84%A1%E5%9C%B0+%E3%81%B5%E3%82%8F%E3%81%B5%E3%82%8F+%E7%A7%8B%E5%86%AC+%E7%97%9B%E3%81%8F%E3%81%AA%E3%81%84+%E9%98%B2%E5%AF%92+%E9%98%B2%E6%BB%91+%E7%BE%8E%E8%84%9A+%E4%BF%9D%E6%B8%A9+%E3%80%90%E9%80%81%E6%96%99%E7%84%A1%E6%96%99%E3%80%91%E3%82%B7%E3%83%A7%E3%83%BC%E3%83%88%E3%83%96%E3%83%BC%E3%83%84+%E9%80%9A%E5%8B%A4+uX9b460 HTTP/1.1" 200 53516 "-" "Mozilla/5.0 (Linux; Android 6.0.1; Nexus 5X Build/MMB29P) AppleWebKit/537.36 (KHTML, like Gecko) Chrome/135.0.7049.95 Mobile Safari/537.36 (compatible; Googlebot/2.1; +http://www.google.com/bot.html)"
66.249.73.101 - - [25/Apr/2025:22:50:28 -0400] "GET /?i=9758075895006&channel=af2a5f&from=product.php%3Fid%3D758950-18980%26name%3DStupell+Industries+%E8%88%AA%E6%B5%B7%E7%94%A8%E6%B5%B4%E6%A7%BD%E3%81%AE%E3%82%AF%E3%82%B8%E3%83%A9+%E3%82%B7%E3%83%BC%E3%83%95%E3%82%A9%E3%83%BC%E3%83%A0+%E3%83%92%E3%83%88%E3%83%87%E3%81%AE%E8%B2%9D%E6%AE%BB+Ziwei+Li+%E3%83%96%E3%83%A9%E3%83%83%E3%82%AF%E3%83%95%E3%83%AC%E3%83%BC%E3%83%A0%E3%82%A6%E3%82%A9%E3%83%BC%E3%83%AB%E3%82%A2%E3%83%BC HTTP/1.1" 200 0 "-" "Mozilla/5.0 (Linux; Android 6.0.1; Nexus 5X Build/MMB29P) AppleWebKit/537.36 (KHTML, like Gecko) Chrome/135.0.7049.95 Mobile Safari/537.36 (compatible; GoogleOther)"
66.249.73.101 - - [25/Apr/2025:22:50:30 -0400] "GET /?i=7001144468202&channel=9b1307&from=shop.php%3Fid%3D444682-3023%26name%3D%E3%81%82%E3%81%99%E6%A5%BD+%E3%82%AB%E3%83%A1%E3%83%A0%E3%82%B7%E9%A7%86%E9%99%A4+%E3%82%AB%E3%83%A1%E3%83%A0%E3%82%B7%E3%82%B3%E3%83%AD%E3%83%91%E3%83%BC+420ml+%C3%976%E6%9C%AC%E3%82%BB%E3%83%83%E3%83%88+%E3%82%AB%E3%83%A1%E3%83%A0%E3%82%B7%E9%A7%86%E9%99%A4+%E4%BE%B5%E5%85%A5%E9%98%B2%E6%AD%A2%E3%81%AB+%E5%8A%B9%E6%9E%9C+%E5%AE%B3%E8%99%AB%E9%A7%86%E9%99%A4+%E6%AE%BA%E8%99%AB%E5%89%A4+%E5%8D%B3%E5%8A%B9%E6%80%A7+%E6%AE%8B%E5%8A%B9%E6%80%A7+%E3%82%B9%E3%83%97%E3%83%AC%E3%83%BC++%E4%BB%98%E7%9D%80%E9%98%B2%E6%AD%A2+%E6%A5%AD%E5%8B%99%E7%94%A8 HTTP/1.1" 200 53925 "-" "Mozilla/5.0 (Linux; Android 6.0.1; Nexus 5X Build/MMB29P) AppleWebKit/537.36 (KHTML, like Gecko) Chrome/135.0.7049.95 Mobile Safari/537.36 (compatible; Googlebot/2.1; +http://www.google.com/bot.html)"
66.249.73.101 - - [25/Apr/2025:22:50:41 -0400] "GET /?i=15710163175300&channel=099386&from=shop.php%3Fid%3D1631753-2503%26name%3D%E3%83%90%E3%82%B9%E3%82%A2%E3%83%B3%E3%83%89%E3%83%9C%E3%83%87%E3%82%A3%E3%83%AF%E3%83%BC%E3%82%AF%E3%82%B9%E3%80%803%E7%82%B9%E3%82%BB%E3%83%83%E3%83%88 HTTP/1.1" 200 52728 "-" "Mozilla/5.0 (Linux; Android 6.0.1; Nexus 5X Build/MMB29P) AppleWebKit/537.36 (KHTML, like Gecko) Chrome/135.0.7049.95 Mobile Safari/537.36 (compatible; Googlebot/2.1; +http://www.google.com/bot.html)"
66.249.73.101 - - [25/Apr/2025:22:50:45 -0400] "GET /?i=39715181105603&channel=99cba7&from=product.php%3Fid%3D1811056-4572%26name%3DTOSHIBA+%E7%9C%9F%E7%A9%BA%E5%9C%A7%E5%8A%9BIH%E7%82%8A%E9%A3%AF%E5%99%A8+RC-10VRN+%E3%83%9B%E3%83%AF%E3%82%A4%E3%83%88 HTTP/1.1" 200 53839 "-" "Mozilla/5.0 (Linux; Android 6.0.1; Nexus 5X Build/MMB29P) AppleWebKit/537.36 (KHTML, like Gecko) Chrome/135.0.7049.95 Mobile Safari/537.36 (compatible; Googlebot/2.1; +http://www.google.com/bot.html)"
66.249.73.101 - - [25/Apr/2025:22:50:48 -0400] "GET /?i=42816188195701&channel=a1a945&from=form.php%3Fid%3D1881957-13826%26name%3D%E3%80%90%E6%96%B0%E5%93%81%E3%83%BB3%E5%96%B6%E6%A5%AD%E6%97%A5%E4%BB%A5%E5%86%85%E7%99%BA%E9%80%81%E3%80%91%E3%82%AB%E3%83%BC%E3%83%AB%E4%BA%8B%E5%8B%99%E5%99%A8+HD-410N+%E5%BC%B7%E5%8A%9B%E3%83%91%E3%83%B3%E3%83%81%E3%80%90%EF%BC%91%E5%8F%B0%E3%80%91+HD410N+CARL+%E6%9C%AC%E4%BD%93+%E7%A9%B4%E3%81%82%E3%81%91%E3%83%91%E3%83%B3%E3%83%81%E3%80%90%E6%B2%96%E7%B8%84%E9%9B%A2%E5%B3%B6%E8%B2%A9%E5%A3%B2%E4%B8%8D%E5%8F%AF%E3%80%91 HTTP/1.1" 200 53315 "-" "Mozilla/5.0 (Linux; Android 6.0.1; Nexus 5X Build/MMB29P) AppleWebKit/537.36 (KHTML, like Gecko) Chrome/135.0.7049.95 Mobile Safari/537.36 (compatible; Googlebot/2.1; +http://www.google.com/bot.html)"
66.249.73.101 - - [25/Apr/2025:22:50:49 -0400] "GET /?i=0022727484700&channel=f30510&from=blog.php%3Fid%3D274847-484%26name%3DKYB+%E3%82%AB%E3%83%A4%E3%83%90+NEW+SR+SPECIAL+%E3%82%B7%E3%83%A7%E3%83%83%E3%82%AF%E3%82%A2%E3%83%96%E3%82%BD%E3%83%BC%E3%83%90+%E5%8D%98%E5%93%81+%E3%83%95%E3%83%AD%E3%83%B3%E3%83%88+1%E6%9C%AC+Kei+HN22S+7%E3%80%9C11%E5%9E%8B+NST5356R HTTP/1.1" 200 0 "-" "Mozilla/5.0 (Linux; Android 6.0.1; Nexus 5X Build/MMB29P) AppleWebKit/537.36 (KHTML, like Gecko) Chrome/135.0.7049.95 Mobile Safari/537.36 (compatible; GoogleOther)"
66.249.73.102 - - [25/Apr/2025:22:51:07 -0400] "GET /?i=02007142681805&channel=2b2b0b&from=jp.php%3Fid%3D1426818-2623%26name%3Dxbiez+%E3%83%99%E3%83%AB%E3%83%99%E3%83%83%E3%83%88+%E3%82%A6%E3%82%A9%E3%83%83%E3%83%81%E3%83%9B%E3%83%AB%E3%83%80%E3%83%BC+%E3%82%B8%E3%83%A5%E3%82%A8%E3%83%AA%E3%83%BC%E5%8F%8E%E7%B4%8D%E3%83%9D%E3%83%BC%E3%83%81+%E6%97%85%E8%A1%8C%E3%82%84%E6%95%B4%E7%90%86%E7%94%A8+%E3%82%BD%E3%83%95%E3%83%88%E3%82%A6%E3%82%A9%E3%83%83%E3%83%81+%E4%BF%9D%E8%AD%B7%E3%82%B1%E3%83%BC%E3%82%B9+%E3%82%AA%E3%83%BC%E3%82%AC%E3%83%8A%E3%82%A4%E3%82%B6%E3%83%BC%E3%83%9D%E3%82%B1%E3%83%83%E3%83%88 HTTP/1.1" 200 53782 "-" "Mozilla/5.0 (Linux; Android 6.0.1; Nexus 5X Build/MMB29P) AppleWebKit/537.36 (KHTML, like Gecko) Chrome/135.0.7049.95 Mobile Safari/537.36 (compatible; Googlebot/2.1; +http://www.google.com/bot.html)"
66.249.73.101 - - [25/Apr/2025:22:51:09 -0400] "GET /?i=1829583882601&channel=815d49&from=article.php%3Fid%3D838826-10195%26name%3D%E2%97%86%E3%80%90%E5%BC%95%E5%8F%96%E6%AD%93%E8%BF%8E%21%21%E9%95%B7%E9%87%8E%E7%9C%8C%E8%AB%8F%E8%A8%AA%E5%B8%82%E3%80%91MOTOBECANE+%E3%83%A2%E3%83%88%E3%83%99%E3%82%AB%E3%83%B3+%E3%83%AD%E3%83%BC%E3%83%89%E3%83%90%E3%82%A4%E3%82%AF+%E3%83%AC%E3%83%88%E3%83%AD%E8%AA%BF+%E4%B8%AD%E5%8F%A4+%E7%8F%BE%E7%8A%B6%E2%97%8614926%E2%98%85 HTTP/1.1" 200 0 "-" "Mozilla/5.0 (Linux; Android 6.0.1; Nexus 5X Build/MMB29P) AppleWebKit/537.36 (KHTML, like Gecko) Chrome/135.0.7049.95 Mobile Safari/537.36 (compatible; GoogleOther)"
66.249.73.101 - - [25/Apr/2025:22:51:28 -0400] "GET /?i=70909166992602&channel=153fa7&from=form.php%3Fid%3D1669926-5554%26name%3D%E3%82%B9%E3%83%9E%E3%82%A4%E3%83%AA%E3%83%B3%E3%82%B0%E3%82%AF%E3%83%AA%E3%83%83%E3%82%BF%E3%83%BC%E3%82%BA+%E3%81%AC%E3%81%84%E3%81%90%E3%82%8B%E3%81%BF+%E3%82%AD%E3%83%A3%E3%83%83%E3%83%88%E3%83%8A%E3%83%83%E3%83%97+%E3%81%AC%E3%81%84%E3%81%90%E3%82%8B%E3%81%BF+Smiling+Critters+%E3%81%AC%E3%81%84%E3%81%90%E3%82%8B%E3%81%BF+%E3%83%8F%E3%82%AE%E3%83%BC%E3%83%AF%E3%82%AE%E3%83%BC+%E7%AC%AC3%E7%AB%A0+%E3%81%8B%E3%82%8F%E3%81%84%E3%81%84DogDay+CatNap+PickyPiggy+Bubba+Bubbaphant+%E6%BC%AB%E7%94%BB%E3%83%A2%E3%83%B3%E3%82%B9%E3%82%BF%E3%83%BC+%E3%82%B2%E3%83%BC%E3%83%A0+%E3%83%95%E3%82%A1%E3%83%B3%E3%81%B8+%E8%B4%88 HTTP/1.1" 200 54224 "-" "Mozilla/5.0 (Linux; Android 6.0.1; Nexus 5X Build/MMB29P) AppleWebKit/537.36 (KHTML, like Gecko) Chrome/135.0.7049.95 Mobile Safari/537.36 (compatible; Googlebot/2.1; +http://www.google.com/bot.html)"
66.249.73.102 - - [25/Apr/2025:22:51:30 -0400] "GET /?i=1960613978803&channel=e5aa80&from=article.php%3Fid%3D139788-9469%26name%3D%E3%80%8A%E3%81%B5%E3%83%BC%E3%81%BF%E3%82%93%E6%A7%98%E5%B0%82%E7%94%A8%E3%81%A7%E3%81%99%E3%80%8B%E2%9D%A4%EF%B8%8F%E6%96%B0%E5%93%81%E3%83%BB%E3%82%BF%E3%82%B0%E4%BB%98%E3%81%8D%E2%9D%A4%EF%B8%8F%E3%80%8EGLADYS%E3%80%8F%E3%82%B9%E3%83%91%E3%83%83%E3%83%84 HTTP/1.1" 200 0 "-" "Mozilla/5.0 (Linux; Android 6.0.1; Nexus 5X Build/MMB29P) AppleWebKit/537.36 (KHTML, like Gecko) Chrome/135.0.7049.95 Mobile Safari/537.36 (compatible; GoogleOther)"
20.15.133.191 - - [25/Apr/2025:22:51:33 -0400] "GET /?i=258144511603&channel=2649d7&from=shared.php%3Fid%3D45116-2945%26name%3D%E3%80%90%E8%A4%87%E8%A3%BD%E3%80%91%2F%2F%E6%96%8E%E7%99%BD%E7%9F%B3%2F%E6%96%89%E7%99%BD%E7%9F%B3%2F%E8%A6%AA%E6%83%85%E5%9B%B3%2F%E9%B6%8F%E8%A6%AA%E5%AD%90%E5%9B%B3%2F%E5%B7%A5%E8%8A%B8%2F%E5%B8%83%E8%A2%8B%E5%B1%8B%E6%8E%9B%E8%BB%B8HH-791 HTTP/1.1" 200 0 "-" "Mozilla/5.0 AppleWebKit/537.36 (KHTML, like Gecko; compatible; bingbot/2.0; +http://www.bing.com/bingbot.htm) Chrome/116.0.1938.76 Safari/537.36"
20.15.133.191 - - [25/Apr/2025:22:51:43 -0400] "GET /?i=0519992767200&channel=02c472&from=info.php%3Fid%3D927672-20131%26name%3D%E3%80%8C%E8%AA%AD%E6%9B%B8%E7%81%AF%E3%81%8B%E3%82%89%E9%96%93%E6%8E%A5%E7%85%A7%E6%98%8E%E3%81%BE%E3%81%A7%E3%80%81%E8%87%AA%E7%94%B1%E3%81%AB%E4%BD%BF%E3%81%88%E3%82%8B%E3%82%B3%E3%83%B3%E3%83%91%E3%82%AF%E3%83%88%E3%82%B9%E3%82%BF%E3%83%B3%E3%83%89%E3%80%8DSALIOT+pico+%28STAND-%E2%85%AC+1%E7%81%AF%2C+%E6%9C%AC%E4%BD%93%E9%BB%92%29 HTTP/1.1" 200 0 "-" "Mozilla/5.0 AppleWebKit/537.36 (KHTML, like Gecko; compatible; bingbot/2.0; +http://www.bing.com/bingbot.htm) Chrome/116.0.1938.76 Safari/537.36"
66.249.73.101 - - [25/Apr/2025:22:51:44 -0400] "GET /?i=1858555027401&channel=f39431&from=category-info.php%3Fid%3D550274-2890%26name%3D%E6%A5%B5%E7%BE%8E%E5%93%81%E2%98%85%E7%9C%9F%E8%A8%80%E5%AE%97+%E6%9C%A8%E5%BD%AB%E4%BB%8F%E5%83%8F+%E4%BB%8F%E6%95%99%E7%BE%8E%E8%A1%93+%E7%B2%BE%E5%AF%86%E7%B4%B0%E5%B7%A5+%E5%BC%98%E6%B3%95%E5%A4%A7%E5%B8%AB%E5%83%8F%E3%80%80%E7%BD%AE%E7%89%A9 HTTP/1.1" 200 55879 "-" "Mozilla/5.0 (Linux; Android 6.0.1; Nexus 5X Build/MMB29P) AppleWebKit/537.36 (KHTML, like Gecko) Chrome/135.0.7049.95 Mobile Safari/537.36 (compatible; Googlebot/2.1; +http://www.google.com/bot.html)"
52.167.144.197 - - [25/Apr/2025:22:51:46 -0400] "GET /?i=10252113873610&channel=960248&from=category-info.php%3Fid%3D1138736-183%26name%3D%E3%80%90%E6%9C%80%E7%9F%AD%E7%BF%8C%E6%97%A5%E3%81%8A%E5%B1%8A%E3%81%91%E3%80%91NC-A58-K+Panasonic+%E3%82%B3%E3%83%BC%E3%83%92%E3%83%BC%E3%83%A1%E3%83%BC%E3%82%AB%E3%83%BC+%E5%85%A8%E8%87%AA%E5%8B%95+%E3%83%9F%E3%83%AB%E6%90%AD%E8%BC%89+%28%E3%83%96%E3%83%A9%E3%83%83%E3%82%AF%29+2025%E5%B9%B44%E6%9C%88%E7%99%BA%E5%A3%B2+%E6%96%B0%E5%93%81+%E5%9C%A8%E5%BA%AB%E3%81%82%E3%82%8A%E3%80%90%E3%83%91%E3%83%8A%E3%82%BD%E3%83%8B%E3%83%83%E3%82%AF%E5%AE%B6%E9%9B%BB%E8%A3%BD%E5%93%81%E6%AD%A3%E8%A6%8F%E5%8F%96%E6%89%B1%E5%BA%97%E3%80%91 HTTP/1.1" 200 0 "-" "Mozilla/5.0 AppleWebKit/537.36 (KHTML, like Gecko; compatible; bingbot/2.0; +http://www.bing.com/bingbot.htm) Chrome/116.0.1938.76 Safari/537.36"
40.77.167.116 - - [25/Apr/2025:22:51:50 -0400] "GET /?i=75790129345200&channel=c9fc4b&from=goods.php%3Fid%3D1293452-3687%26name%3DTWICE+FANCYYOU%E3%82%A2%E3%83%AB%E3%83%90%E3%83%A0+%E3%82%BF%E3%82%A4%E3%83%97ABC%E3%82%BB%E3%83%83%E3%83%88+%E7%89%B9%E5%85%B8%E3%82%AB%E3%83%BC%E3%83%89+%E3%83%9D%E3%82%B9%E3%82%BF%E3%83%BC HTTP/1.1" 200 0 "-" "Mozilla/5.0 AppleWebKit/537.36 (KHTML, like Gecko; compatible; bingbot/2.0; +http://www.bing.com/bingbot.htm) Chrome/116.0.1938.76 Safari/537.36"
66.249.73.101 - - [25/Apr/2025:22:51:50 -0400] "GET /?i=08056132389202&channel=b89082&from=form.php%3Fid%3D1323892-1496%26name%3D%E3%80%90%E4%B8%AD%E5%8F%A4%E3%80%91%E6%9C%AA%E4%BD%BF%E7%94%A8+VANS+%C3%97+DOVER+STREET+MARKET+%E3%83%B4%E3%82%A1%E3%83%B3%E3%82%BA+26cm+OLD+SKOOL+DSM+VN0004OJJ7L+%E3%83%90%E3%83%B3%E3%82%BA+DSM+CHECKERBOARD+%E3%83%89%E3%83%BC%E3%83%90%E3%83%BC%E3%82%B9%E3%83%88%E3%83%AA%E3%83%BC%E3%83%88%E3%83%9E%E3%83%BC%E3%82%B1%E3%83%83%E3%83%88+%E3%82%AA%E3%83%BC%E3%83%AB%E3%83%89%E3%82%B9%E3%82%AF%E3%83%BC%E3%83%AB+%E3%82%B9%E3%82%B1%E3%83%BC%E3%83%88%E3%83%9C%E3%83%BC%E3%83%89+%E3%82%B9%E3%83%8B%E3%83%BC%E3%82%AB%E3%83%BC+18000149 HTTP/1.1" 200 54094 "-" "Mozilla/5.0 (Linux; Android 6.0.1; Nexus 5X Build/MMB29P) AppleWebKit/537.36 (KHTML, like Gecko) Chrome/135.0.7049.95 Mobile Safari/537.36 (compatible; Googlebot/2.1; +http://www.google.com/bot.html)"
66.249.73.101 - - [25/Apr/2025:22:51:58 -0400] "GET /60818153082.shtml HTTP/1.1" 200 0 "-" "Mozilla/5.0 (Linux; Android 6.0.1; Nexus 5X Build/MMB29P) AppleWebKit/537.36 (KHTML, like Gecko) Chrome/135.0.7049.95 Mobile Safari/537.36 (compatible; GoogleOther)"
66.249.73.102 - - [25/Apr/2025:22:52:17 -0400] "GET /918001626156.shtml HTTP/1.1" 200 0 "-" "Mozilla/5.0 (Linux; Android 6.0.1; Nexus 5X Build/MMB29P) AppleWebKit/537.36 (KHTML, like Gecko) Chrome/135.0.7049.95 Mobile Safari/537.36 (compatible; GoogleOther)"
66.249.73.101 - - [25/Apr/2025:22:52:31 -0400] "GET /?i=79900127501403&channel=a7fdcd&from=product.php%3Fid%3D1275014-5925%26name%3D%E6%B2%B9%E5%BD%A9%E7%94%BB+%E6%B4%8B%E7%94%BB+%28%E6%B2%B9%E7%B5%B5%E9%A1%8D%E7%B8%81%E4%BB%98%E3%81%8D%E3%81%A7%E7%B4%8D%E5%93%81%E5%AF%BE%E5%BF%9C%E5%8F%AF%29+WSM+%E3%80%8C%E6%9C%9D%E3%81%AE%E9%A7%85%E8%88%8E%EF%BC%93%E3%80%8D+%E6%9C%9D%E9%9A%88+%E6%95%8F%E5%BD%A6 HTTP/1.1" 200 0 "-" "Mozilla/5.0 (Linux; Android 6.0.1; Nexus 5X Build/MMB29P) AppleWebKit/537.36 (KHTML, like Gecko) Chrome/135.0.7049.95 Mobile Safari/537.36 (compatible; GoogleOther)"
52.167.144.197 - - [25/Apr/2025:22:52:35 -0400] "GET /?i=1797025000801&channel=237419&from=shop.php%3Fid%3D250008-4396%26name%3D%E3%82%BB%E3%83%83%E3%83%88%E3%82%A2%E3%83%83%E3%83%97+%E3%83%A1%E3%83%B3%E3%82%BA+%E4%BA%9C%E9%BA%BB100%EF%BC%85+%E3%82%B9%E3%83%BC%E3%83%84%E3%82%BB%E3%83%83%E3%83%88+%E3%83%AA%E3%83%8D%E3%83%B3+%E3%82%B5%E3%83%9E%E3%83%BC%E3%82%B8%E3%83%A3%E3%82%B1%E3%83%83%E3%83%88+%E4%BA%8C%E3%81%A4%E3%83%9C%E3%82%BF%E3%83%B3+%E3%83%86%E3%83%BC%E3%83%A9%E3%83%BC%E3%83%89+%E3%82%B8%E3%83%A3%E3%82%B1%E3%83%83%E3%83%88+%E3%82%AB%E3%82%B8%E3%83%A5%E3%82%A2%E3%83%AB%E3%83%96%E3%83%AC%E3%82%B6%E3%83%BC+%E3%83%AD%E3%83%B3%E3%82%B0%E3%83%91%E3%83%B3%E3%83%84+%E3%83%9C%E3%83%88%E3%83%A0+%E3%82%B9%E3%83%A9%E3%83%83%E3%82%AF%E3%82%B9+%E3%82%BB%E3%83%83%E3%83%88%E3%82%A2%E3%83%83%E3%83%97%E4%B8%8A%E4%B8%8B+%E3%83%AA%E3%83%8D%E3%83%B3%E3%83%91%E3%83%B3%E3%83%84+%E7%84%A1%E5%9C%B0+%E8%BB%BD%E9%87%8F+%E9%80%9A%E6%B0%97%E6%80%A7+%E6%B6%BC%E6%84%9F+%E9%80%9A%E5%8B%A4+%E3%83%86%E3%83%AC%E3%83%AF%E3%83%BC%E3%82%AF%E4%BA%8C%E6%AC%A1%E4%BC%9A++%E7%B4%B3%E5%A3%AB%E6%9C%8D+%E7%A7%8B%E7%89%A9 HTTP/1.1" 200 0 "-" "Mozilla/5.0 AppleWebKit/537.36 (KHTML, like Gecko; compatible; bingbot/2.0; +http://www.bing.com/bingbot.htm) Chrome/116.0.1938.76 Safari/537.36"
52.167.144.197 - - [25/Apr/2025:22:52:45 -0400] "GET /?i=3372365205504&channel=168e48&from=info.php%3Fid%3D652055-6861%26name%3D%E3%83%9F%E3%83%A9%E3%83%BC%E3%82%AB%E3%83%90%E3%83%BC%E4%BA%92%E6%8F%9B%E3%82%B8%E3%83%A3%E3%82%AC%E3%83%BC+F+%E3%82%BF%E3%82%A4%E3%83%97+F+%E3%82%BF%E3%82%A4%E3%83%97+2013+2014+2015+2016+%E3%83%AA%E3%82%A2%E3%83%AB%E3%82%AB%E3%83%BC%E3%83%9C%E3%83%B3%E3%83%95%E3%82%A1%E3%82%A4%E3%83%90%E3%83%BC%E8%BB%8A%E5%A4%96%E8%A3%85%E3%83%90%E3%83%83%E3%82%AF%E3%83%9F%E3%83%A9%E3%83%BC HTTP/1.1" 200 0 "-" "Mozilla/5.0 AppleWebKit/537.36 (KHTML, like Gecko; compatible; bingbot/2.0; +http://www.bing.com/bingbot.htm) Chrome/116.0.1938.76 Safari/537.36"
20.15.133.191 - - [25/Apr/2025:22:52:53 -0400] "GET /?i=4122412767800&channel=eb07c7&from=info.php%3Fid%3D127678-8945%26name%3DSTEEZ+sv+tw+1016sv-HL+%E3%82%B9%E3%83%86%E3%82%A3%E3%83%BC%E3%82%BA HTTP/1.1" 200 0 "-" "Mozilla/5.0 AppleWebKit/537.36 (KHTML, like Gecko; compatible; bingbot/2.0; +http://www.bing.com/bingbot.htm) Chrome/116.0.1938.76 Safari/537.36"
66.249.73.102 - - [25/Apr/2025:22:53:10 -0400] "GET /057721089329.shtml HTTP/1.1" 200 0 "-" "Mozilla/5.0 (Linux; Android 6.0.1; Nexus 5X Build/MMB29P) AppleWebKit/537.36 (KHTML, like Gecko) Chrome/135.0.7049.95 Mobile Safari/537.36 (compatible; GoogleOther)"
