52.167.144.187 - - [26/Apr/2025:05:12:02 -0400] "GET /?i=28282194784300&channel=6b314e&from=blog.php%3Fid%3D1947843-20475%26name%3D%E5%B0%82%E7%94%A8%EF%BC%81YAMAHA+%E3%82%A2%E3%83%AB%E3%83%88%E3%83%AA%E3%82%B3%E3%83%BC%E3%83%80%E3%83%BC+%E3%82%AF%E3%83%AA%E3%83%BC%E3%83%A0%E8%89%B2+%E3%82%B1%E3%83%BC%E3%82%B9%E4%BB%98%E3%81%8D HTTP/1.1" 200 0 "-" "Mozilla/5.0 AppleWebKit/537.36 (KHTML, like Gecko; compatible; bingbot/2.0; +http://www.bing.com/bingbot.htm) Chrome/116.0.1938.76 Safari/537.36"
40.77.167.78 - - [26/Apr/2025:05:12:06 -0400] "GET /?i=79841119633301&channel=ecc62d&from=shared.php%3Fid%3D1196333-3269%26name%3D%5BJRLLFD%5D+%E5%A5%B3%E6%80%A7%E7%94%A8%E3%83%BB%E7%94%B7%E6%80%A7%E7%94%A8%E3%83%95%E3%82%A9%E3%83%88%E3%82%AF%E3%83%AD%E3%83%9F%E3%83%83%E3%82%AF%E5%81%8F%E5%85%89%E3%82%B5%E3%83%B3%E3%82%B0%E3%83%A9%E3%82%B9+%E3%83%AC%E3%83%88%E3%83%AD%E3%82%A4%E3%83%B3%E3%83%86%E3%83%AA%E3%82%B8%E3%82%A7%E3%83%B3%E3%83%88%E3%83%AC%E3%83%B3%E3%82%BA HTTP/1.1" 200 0 "-" "Mozilla/5.0 AppleWebKit/537.36 (KHTML, like Gecko; compatible; bingbot/2.0; +http://www.bing.com/bingbot.htm) Chrome/116.0.1938.76 Safari/537.36"
66.249.73.103 - - [26/Apr/2025:05:12:06 -0400] "GET /?i=753911121804&channel=325c48&from=product.php%3Fid%3D11218-2333%26name%3DARC%27TERYX+%E3%82%BB%E3%83%AA%E3%82%A6%E3%83%A0+%E3%83%95%E3%83%BC%E3%83%87%E3%82%A3+%E3%82%A2%E3%83%BC%E3%82%AF%E3%83%86%E3%83%AA%E3%82%AF%E3%82%B9+M%E3%82%B5%E3%82%A4%E3%82%BA+%E3%82%A2%E3%82%A6%E3%83%88%E3%83%89%E3%82%A2%E3%82%A6%E3%82%A7%E3%82%A2+036845011 HTTP/1.1" 200 0 "-" "Mozilla/5.0 (Linux; Android 6.0.1; Nexus 5X Build/MMB29P) AppleWebKit/537.36 (KHTML, like Gecko) Chrome/135.0.7049.95 Mobile Safari/537.36 (compatible; GoogleOther)"
52.167.144.187 - - [26/Apr/2025:05:12:51 -0400] "GET /?i=6914147733001&channel=461ee2&from=news.php%3Fid%3D477330-5003%26name%3D%E7%84%A1%E5%9E%A2%E6%9D%90%E3%81%AE%E3%83%99%E3%83%83%E3%83%89%E3%82%B5%E3%82%A4%E3%83%89%E3%83%86%E3%83%BC%E3%83%96%E3%83%AB%E5%B0%8F%E3%81%95%E3%81%AA%E3%83%9B%E3%83%BC%E3%83%A0%E3%83%99%E3%83%83%E3%83%89%E3%83%AB%E3%83%BC%E3%83%A0%E3%82%B7%E3%83%B3%E3%83%97%E3%83%AB%E3%83%A2%E3%83%80%E3%83%B3%E3%81%AA%E6%96%B0%E3%81%97%E3%81%84%E3%83%99%E3%83%83%E3%83%89%E3%82%B5%E3%82%A4%E3%83%89%E3%83%86%E3%83%BC%E3%83%96%E3%83%AB%E3%83%A9%E3%82%A4%E3%83%88%E9%AB%98%E7%B4%9A%E3%83%8F%E3%82%A4%E3%82%A8%E3%83%B3%E3%83%89%E5%8F%8E%E7%B4%8D%E3%82%AD%E3%83%A3%E3%83%93%E3%83%8D%E3%83%83%E3%83%88 HTTP/1.1" 200 0 "-" "Mozilla/5.0 AppleWebKit/537.36 (KHTML, like Gecko; compatible; bingbot/2.0; +http://www.bing.com/bingbot.htm) Chrome/116.0.1938.76 Safari/537.36"
52.167.144.187 - - [26/Apr/2025:05:12:52 -0400] "GET /?i=00288141809003&channel=2d768c&from=blog.php%3Fid%3D1418090-1032%26name%3D%E3%82%AD%E3%83%BC%E3%83%92%E3%83%B3%E3%82%B8%E3%82%BB%E3%83%83%E3%83%88%E3%83%84%E3%83%BC%E3%83%AB%E7%94%A8%E3%81%AE%E3%82%BB%E3%83%B3%E3%82%BF%E3%83%AA%E3%83%B3%E3%82%B0%E3%83%89%E3%83%AA%E3%83%AB%E3%83%93%E3%83%83%E3%83%885%2F64%E3%82%A4%E3%83%B3%E3%83%817%2F64%E3%82%A4%E3%83%B3%E3%83%819%2F64%E3%82%A4%E3%83%B3%E3%83%8111%2F64%E3%82%A4%E3%83%B3%E3%83%81%E6%9C%A8%E5%B7%A5%E7%94%A8 HTTP/1.1" 200 0 "-" "Mozilla/5.0 AppleWebKit/537.36 (KHTML, like Gecko; compatible; bingbot/2.0; +http://www.bing.com/bingbot.htm) Chrome/116.0.1938.76 Safari/537.36"
52.167.144.187 - - [26/Apr/2025:05:12:53 -0400] "GET /?i=636899477002&channel=1b126b&from=article.php%3Fid%3D94770-797%26name%3DMBC%E3%80%80POWER%E3%83%AC%E3%83%83%E3%82%B0%E3%83%AD%E3%83%BC%E3%83%A9%E3%83%BC%E3%82%A2%E3%82%BF%E3%83%83%E3%83%81%E3%83%A1%E3%83%B3%E3%83%88 HTTP/1.1" 200 0 "-" "Mozilla/5.0 AppleWebKit/537.36 (KHTML, like Gecko; compatible; bingbot/2.0; +http://www.bing.com/bingbot.htm) Chrome/116.0.1938.76 Safari/537.36"
66.249.73.102 - - [26/Apr/2025:05:13:13 -0400] "GET /?i=9896679253505&channel=f30569&from=jp.php%3Fid%3D792535-11379%26name%3D%E2%97%8F%E6%96%B0%E5%93%81%E2%97%8FWORKS+GOLF+%E5%B7%A6+%E3%83%9E%E3%82%AD%E3%82%B7%E3%83%9E%E3%83%83%E3%82%AF%E3%82%B9+%E3%83%96%E3%83%A9%E3%83%83%E3%82%AF2+%E9%81%A9%E5%90%88%E9%99%90%E7%95%8C%E9%AB%98%E5%8F%8D%E7%99%BA%E5%8A%A0%E5%B7%A5+%E4%B8%89%E8%8F%B1%E3%82%B1%E3%83%9F%E3%82%AB%E3%83%AB%E8%A3%BD+%E3%83%97%E3%83%AC%E3%83%9F%E3%82%A2%E9%A3%9B%E5%8C%A0+%E3%82%B7%E3%83%A3%E3%83%95%E3%83%88+10+%E4%BB%95%E6%A7%98+R+%2F+SR+%2F+S+%E3%83%AC%E3%83%95%E3%83%86%E3%82%A3 HTTP/1.1" 200 0 "-" "Mozilla/5.0 (Linux; Android 6.0.1; Nexus 5X Build/MMB29P) AppleWebKit/537.36 (KHTML, like Gecko) Chrome/135.0.7049.95 Mobile Safari/537.36 (compatible; GoogleOther)"
52.167.144.187 - - [26/Apr/2025:05:13:41 -0400] "GET /?i=2770270193103&channel=581f38&from=brands.php%3Fid%3D701931-2967%26name%3DOtto+Mobile+otm459+%E3%82%AA%E3%83%83%E3%83%88%E3%83%A2%E3%83%93%E3%83%AB+1%2F18+%E3%83%9F%E3%83%8B%E3%82%AB%E3%83%BC+%E3%83%AC%E3%82%B8%E3%83%B3+%E3%83%97%E3%83%AD%E3%83%9D%E3%83%BC%E3%82%B7%E3%83%A7%E3%83%B3%E3%83%A2%E3%83%87%E3%83%AB+2001%E5%B9%B4%E3%83%A2%E3%83%87%E3%83%AB+%E3%83%A1%E3%83%AB%E3%82%BB%E3%83%87%E3%82%B9%E3%83%99%E3%83%B3%E3%83%84+Mercedes-Benz+E55+AMG+W210+Brilliant+Silver+744+2001+%E3%82%B7%E3%83%AB%E3%83%90%E3%83%BC%E3%83%A1%E3%82%BF%E3%83%AA%E3%83%83%E3%82%AF HTTP/1.1" 200 0 "-" "Mozilla/5.0 AppleWebKit/537.36 (KHTML, like Gecko; compatible; bingbot/2.0; +http://www.bing.com/bingbot.htm) Chrome/116.0.1938.76 Safari/537.36"
66.249.73.102 - - [26/Apr/2025:05:13:49 -0400] "GET /?i=3052914055503&channel=cb5815&from=article.php%3Fid%3D140555-9509%26name%3D%E7%BE%8E%E5%93%81%EF%BC%81SUP+%E3%82%B5%E3%83%83%E3%83%97%E3%80%80%E3%83%95%E3%83%AB%E3%82%AB%E3%83%BC%E3%83%9C%E3%83%B3%E3%83%91%E3%83%89%E3%83%AB%E3%80%80%E3%82%A2%E3%83%89%E3%83%90%E3%83%B3%E3%82%B9%E8%A3%BD HTTP/1.1" 200 0 "-" "Mozilla/5.0 (Linux; Android 6.0.1; Nexus 5X Build/MMB29P) AppleWebKit/537.36 (KHTML, like Gecko) Chrome/135.0.7049.95 Mobile Safari/537.36 (compatible; GoogleOther)"
66.249.73.101 - - [26/Apr/2025:05:13:55 -0400] "GET /?i=53298159068010&channel=0f7549&from=news.php%3Fid%3D1590680-333%26name%3D%E3%83%88%E3%83%AC%E3%83%B3%E3%83%81%E3%82%B3%E3%83%BC%E3%83%88+%E3%83%95%E3%82%A9%E3%83%BC%E3%83%9E%E3%83%AB+%E3%83%93%E3%82%B8%E3%83%8D%E3%82%B9%E3%82%B3%E3%83%BC%E3%83%88+%E7%A7%8B+%E9%80%9A%E5%8B%A4+%E7%84%A1%E5%9C%B0+%E3%82%B9%E3%83%86%E3%83%B3%E3%82%AB%E3%83%A9%E3%83%BC%E3%82%B3%E3%83%BC%E3%83%88+%E5%A4%A7%E4%BA%BA%E5%A5%B3%E6%80%A7+%E3%82%A2%E3%82%A6%E3%82%BF%E3%83%BC+%E3%82%B7%E3%83%B3%E3%82%B0%E3%83%AB+%E3%83%AC%E3%83%87%E3%82%A3%E3%83%BC%E3%82%B9+%E6%98%A5%E3%82%B3%E3%83%BC%E3%83%88+%E3%83%93%E3%82%B8%E3%83%8D%E3%82%B9+%E3%83%A9%E3%82%A4%E3%83%88%E3%82%A2 HTTP/1.1" 200 53603 "-" "Mozilla/5.0 (Linux; Android 6.0.1; Nexus 5X Build/MMB29P) AppleWebKit/537.36 (KHTML, like Gecko) Chrome/135.0.7049.95 Mobile Safari/537.36 (compatible; Googlebot/2.1; +http://www.google.com/bot.html)"
66.249.73.103 - - [26/Apr/2025:05:14:01 -0400] "GET /?i=8479721391001&channel=277d85&from=shared.php%3Fid%3D213910-11573%26name%3D%E3%81%AB%E3%81%93%E6%A7%98%E5%B0%82%E7%94%A8%E2%9C%A8+XPPEN+Artist+Pro+14+gen2+%E6%B6%B2%E3%82%BF%E3%83%96 HTTP/1.1" 200 0 "-" "Mozilla/5.0 (Linux; Android 6.0.1; Nexus 5X Build/MMB29P) AppleWebKit/537.36 (KHTML, like Gecko) Chrome/135.0.7049.95 Mobile Safari/537.36 (compatible; GoogleOther)"
40.77.167.78 - - [26/Apr/2025:05:14:05 -0400] "GET /?i=9891543295101&channel=b65027&from=form.php%3Fid%3D432951-15489%26name%3D%E5%8F%A4%E9%8A%AD%E3%80%81%E7%B4%99%E5%B9%A3%E3%80%81%E6%97%A5%E6%9C%AC%E6%AD%A6%E5%B0%8A%E6%9C%AD%E3%80%81%E6%9C%AC%E7%89%A9%E3%80%81%E3%83%A4%E3%83%9E%E3%83%88%E3%82%BF%E3%82%B1%E3%83%AB%E6%9C%AD HTTP/1.1" 200 0 "-" "Mozilla/5.0 AppleWebKit/537.36 (KHTML, like Gecko; compatible; bingbot/2.0; +http://www.bing.com/bingbot.htm) Chrome/116.0.1938.76 Safari/537.36"
66.249.73.102 - - [26/Apr/2025:05:14:20 -0400] "GET /?i=28254154012406&channel=5eecca&from=pin.php%3Fid%3D1540124-24118%26name%3D%E3%82%B5%E3%83%9C%E3%82%B5%E3%83%B3%E3%83%80%E3%83%AB+%E5%8E%9A%E5%BA%95+%E3%83%A1%E3%83%B3%E3%82%BA+%E9%9D%B4+%E3%82%AA%E3%83%95%E3%82%A3%E3%82%B9%E5%B1%A5%E3%81%8D+%E3%81%8B%E3%81%8B%E3%81%A8%E3%81%AA%E3%81%97+%E3%82%B7%E3%83%A5%E3%83%BC%E3%82%BA+%E6%AD%A9%E3%81%8D%E3%82%84%E3%81%99%E3%81%84+%E3%82%B5%E3%83%B3%E3%83%80%E3%83%AB+%E3%83%93%E3%82%B8%E3%83%8D%E3%82%B9+%E3%82%AB%E3%82%B8%E3%83%A5%E3%82%A2%E3%83%AB+%E3%82%B9%E3%83%AA%E3%83%83%E3%83%9D%E3%83%B3+%E3%82%B9%E3%83%AA%E3%83%83%E3%83%91+%E3%82%B3%E3%83%B3%E3%83%95%E3%82%A9%E3%83%BC%E3%83%88%E3%82%B5%E3%83%B3%E3%83%80%E3%83%AB+%E3%81%8A%E3%81%97%E3%82%83%E3%82%8C+%E9%83%A8%E5%B1%8B%E5%B1%A5%E3%81%8D+%E5%A4%96%E5%B1%A5%E3%81%8D+%E4%BA%8B%E5%8B%99%E6%89%80+%E5%AE%A4%E5%86%85+%E7%88%B6%E3%81%AE%E6%97%A5+%E3%82%AE%E3%83%95%E3%83%88+g9QX484 HTTP/1.1" 200 54593 "-" "Mozilla/5.0 (Linux; Android 6.0.1; Nexus 5X Build/MMB29P) AppleWebKit/537.36 (KHTML, like Gecko) Chrome/135.0.7049.95 Mobile Safari/537.36 (compatible; Googlebot/2.1; +http://www.google.com/bot.html)"
52.167.144.187 - - [26/Apr/2025:05:14:22 -0400] "GET /?i=50391188630900&channel=19091d&from=shared.php%3Fid%3D1886309-30835%26name%3DSALE%E2%98%85%E3%83%80%E3%83%BC%E3%83%9E%E3%82%B7%E3%83%B3%E3%82%B3%E3%83%B3%E3%82%B7%E3%83%BC%E3%83%A9%E3%83%BC%E2%98%8523%E3%82%A4%E3%83%A4%E3%83%BC%E3%82%BA%E3%82%AA%E3%83%BC%E3%83%AB%E3%83%89%E2%98%851%E5%8F%B7%E3%82%B0%E3%83%AD%E3%83%BC%E3%83%99%E3%83%BC%E3%82%B8%E3%83%A5 HTTP/1.1" 200 0 "-" "Mozilla/5.0 AppleWebKit/537.36 (KHTML, like Gecko; compatible; bingbot/2.0; +http://www.bing.com/bingbot.htm) Chrome/116.0.1938.76 Safari/537.36"
66.249.73.101 - - [26/Apr/2025:05:15:00 -0400] "GET /?i=24620182193500&channel=99f909&from=category-info.php%3Fid%3D1821935-2571%26name%3D%E3%80%90%E3%83%9E%E3%82%A4%E3%82%AB%E3%83%BC%E5%89%B2%E3%80%91%E3%82%A8%E3%83%B3%E3%83%88%E3%83%AA%E3%83%BC%E3%81%A7%E3%83%9D%E3%82%A4%E3%83%B3%E3%83%88%E6%9C%80%E5%A4%A75%E5%80%8D%5B4%2F10%28%E6%9C%A8%291%EF%BC%9A59%E3%81%BE%E3%81%A7%5D%3CBR%3E75+%E5%A4%A7%E6%A9%8B%E7%94%A3%E6%A5%AD+BAL+%E3%82%A2%E3%83%AB%E3%83%9F%E3%83%9B%E3%82%A4%E3%83%BC%E3%83%AB%E5%AF%BE%E5%BF%9C%E8%B6%85%E8%96%84%E5%9E%8B%E3%83%87%E3%82%A3%E3%83%BC%E3%83%97%E3%82%BD%E3%82%B1%E3%83%83%E3%83%88+19mm+%E5%B7%AE%E8%BE%BC%E8%A7%9212.7mm HTTP/1.1" 200 0 "-" "Mozilla/5.0 (Linux; Android 6.0.1; Nexus 5X Build/MMB29P) AppleWebKit/537.36 (KHTML, like Gecko) Chrome/135.0.7049.95 Mobile Safari/537.36 (compatible; GoogleOther)"
66.249.73.101 - - [26/Apr/2025:05:15:10 -0400] "GET /?i=6388194256704&channel=220101&from=shop.php%3Fid%3D942567-9955%26name%3D%E3%83%A9%E3%82%B9%E3%83%88%E3%83%AF%E3%83%B3%E8%B3%9E+%E5%AD%AB%E6%82%9F%E9%A3%AF+%E5%B9%BC%E5%B9%B4%E6%9C%9Fver.+DRAGONBALL+SNAP+FIGURE+%E6%9B%96%E6%98%A7+%E4%B8%80%E7%95%AA%E3%81%8F%E3%81%98+%E3%83%89%E3%83%A9%E3%82%B4%E3%83%B3%E3%83%9C%E3%83%BC%E3%83%AB+DRAGONBALL+SNAP+COLLECTION+%E3%83%89%E3%83%A9%E3%82%B4%E3%83%B3%E3%83%9C%E3%83%BC%E3%83%AB HTTP/1.1" 200 54391 "-" "Mozilla/5.0 (Linux; Android 6.0.1; Nexus 5X Build/MMB29P) AppleWebKit/537.36 (KHTML, like Gecko) Chrome/135.0.7049.95 Mobile Safari/537.36 (compatible; Googlebot/2.1; +http://www.google.com/bot.html)"
66.249.73.101 - - [26/Apr/2025:05:15:12 -0400] "GET /?i=5807385199505&channel=75725b&from=shop.php%3Fid%3D851995-7051%26name%3D%E6%A5%B5%E7%BE%8E%E5%93%81%E2%97%86MITSUKOSHI%E3%80%80%E4%B8%89%E8%B6%8A%E3%80%80MINK%E3%80%80%E3%83%9F%E3%83%B3%E3%82%AF%E3%80%80%E6%9C%AC%E6%AF%9B%E7%9A%AE%E3%82%B3%E3%83%BC%E3%83%88%E3%80%80%E3%83%96%E3%83%A9%E3%82%A6%E3%83%B3%E3%80%80%E6%AF%9B%E8%B3%AA%E8%89%B6%E3%82%84%E3%81%8B%E3%83%BB%E6%9F%94%E3%82%89%E3%81%8B%E2%97%8E+%E5%92%8C%E3%81%BE HTTP/1.1" 200 53095 "-" "Mozilla/5.0 (Linux; Android 6.0.1; Nexus 5X Build/MMB29P) AppleWebKit/537.36 (KHTML, like Gecko) Chrome/135.0.7049.95 Mobile Safari/537.36 (compatible; Googlebot/2.1; +http://www.google.com/bot.html)"
66.249.73.101 - - [26/Apr/2025:05:15:16 -0400] "GET /?i=4546316872507&channel=ec7b5e&from=info.php%3Fid%3D168725-10349%26name%3D%E6%B1%8E%E7%94%A8+%E4%B8%B8%E5%9E%8B+5.75+%E3%82%A4%E3%83%B3%E3%83%81+%E3%82%B9%E3%83%A2%E3%83%BC%E3%82%AF+%E3%82%AF%E3%83%AA%E3%82%B9%E3%82%BF%E3%83%AB+%E3%83%98%E3%83%83%E3%83%89%E3%83%A9%E3%82%A4%E3%83%88+4%E5%80%8B+%E3%82%BB%E3%83%83%E3%83%88+%E3%83%90%E3%82%A4%E3%82%AF+%E3%83%9D%E3%82%B8%E3%82%B7%E3%83%A7%E3%83%B3+%E6%9C%89+%E3%83%95%E3%83%AD%E3%83%B3%E3%83%88+%E3%83%A9%E3%83%B3%E3%83%97%E4%B8%B8%E7%81%AF+4%E7%81%AF%E7%94%A8+4%E7%81%AF%E5%BC%8F+%E4%B8%B8+%E4%B8%B8%E7%9B%AE HTTP/1.1" 200 0 "-" "Mozilla/5.0 (Linux; Android 6.0.1; Nexus 5X Build/MMB29P) AppleWebKit/537.36 (KHTML, like Gecko) Chrome/135.0.7049.95 Mobile Safari/537.36 (compatible; GoogleOther)"
40.77.167.17 - - [26/Apr/2025:05:16:51 -0400] "GET /?i=59917152336403&channel=601048&from=blog.php%3Fid%3D1523364-4829%26name%3DFLYIFE+%E3%82%B9%E3%83%86%E3%83%83%E3%83%97%E3%82%B9%E3%83%84%E3%83%BC%E3%83%AB%E4%B8%A1%E7%94%A8%E3%81%AF%E3%81%97%E3%81%94%E3%82%B9%E3%83%84%E3%83%BC%E3%83%AB%E3%80%81%E3%82%B9%E3%83%86%E3%83%B3%E3%83%AC%E3%82%B9%E9%8B%BC%E3%81%AE%E7%89%87%E5%81%B4%E3%81%AF%E3%81%97%E3%81%94%E6%8A%98%E3%82%8A%E3%81%9F%E3%81%9F%E3%81%BF%E5%AE%B6%E6%97%8F%E8%84%9A%E7%AB%8B%E5%B1%8B%E5%A4%96%E5%AE%89%E5%85%A8%E3%81%AF%E3%81%97%E3%81%94%E5%AE%B6%E5%BA%AD%E7%94%A8%E3%81%AF%E3%81%97%E3%81%94%2F45+X+7 HTTP/1.1" 200 0 "-" "Mozilla/5.0 AppleWebKit/537.36 (KHTML, like Gecko; compatible; bingbot/2.0; +http://www.bing.com/bingbot.htm) Chrome/116.0.1938.76 Safari/537.36"
66.249.73.102 - - [26/Apr/2025:05:16:57 -0400] "GET /?i=20608129926405&channel=93be18&from=news.php%3Fid%3D1299264-5595%26name%3D%E3%83%9C%E3%83%AA%E3%83%A5%E3%83%BC%E3%83%A0%E3%82%B9%E3%83%AA%E3%83%BC%E3%83%96%E3%82%AE%E3%83%A3%E3%82%B6%E3%83%BC%E3%83%96%E3%83%A9%E3%82%A6%E3%82%B9 HTTP/1.1" 200 0 "-" "Mozilla/5.0 (Linux; Android 6.0.1; Nexus 5X Build/MMB29P) AppleWebKit/537.36 (KHTML, like Gecko) Chrome/135.0.7049.95 Mobile Safari/537.36 (compatible; GoogleOther)"
66.249.73.102 - - [26/Apr/2025:05:17:29 -0400] "GET /?i=70687165987600&channel=39a843&from=news.php%3Fid%3D1659876-2546%26name%3D%E3%83%87%E3%83%A5%E3%82%A8%E3%83%9E%E3%80%80RP17%E3%80%8010B%E3%80%80SR%E3%80%80%E9%BE%8D%E9%A2%A8%E6%B7%B7%E6%88%90+%E3%82%B6%E3%83%BC%E3%83%87%E3%82%A3%E3%82%AF%E3%83%AA%E3%82%AB%E3%80%80%E2%91%A0 HTTP/1.1" 200 0 "-" "Mozilla/5.0 (Linux; Android 6.0.1; Nexus 5X Build/MMB29P) AppleWebKit/537.36 (KHTML, like Gecko) Chrome/135.0.7049.95 Mobile Safari/537.36 (compatible; GoogleOther)"
52.167.144.187 - - [26/Apr/2025:05:18:02 -0400] "GET /?i=70928113462900&channel=b1b5a0&from=article.php%3Fid%3D1134629-15027%26name%3D%E3%80%90%E8%A9%95%E4%BE%A1%E6%95%B03000%E4%BB%A5%E4%B8%8A%E3%81%AE%E5%AE%9F%E7%B8%BE%E3%80%91Daofile+%E3%83%97%E3%83%AC%E3%83%9F%E3%82%A2%E3%83%A0+365%E6%97%A5%E9%96%93%E3%80%90%E5%AE%89%E5%BF%83%E3%82%B5%E3%83%9D%E3%83%BC%E3%83%88%E3%80%91 HTTP/1.1" 200 0 "-" "Mozilla/5.0 AppleWebKit/537.36 (KHTML, like Gecko; compatible; bingbot/2.0; +http://www.bing.com/bingbot.htm) Chrome/116.0.1938.76 Safari/537.36"
66.249.73.102 - - [26/Apr/2025:05:18:23 -0400] "GET /?i=59401141938702&channel=424462&from=news.php%3Fid%3D1419387-474%26name%3D%E3%82%B3%E3%83%B3%E3%83%93%E3%83%8B%E3%83%9E%E3%82%B0+%E3%82%BF%E3%83%B3%E3%83%96%E3%83%A9%E3%83%BC+BASIC+%E3%82%B3%E3%83%B3%E3%83%93%E3%83%8B%E3%82%B3%E3%83%BC%E3%83%92%E3%83%BC+2%E5%B1%A4+%E4%BF%9D%E6%B8%A9+%E3%82%AB%E3%83%83%E3%83%97+%28%E7%9B%B4%E9%A3%B2%E3%81%BF+%E3%81%B5%E3%81%9F%E4%BB%98%E3%81%8D%29320ml HTTP/1.1" 200 0 "-" "Mozilla/5.0 (Linux; Android 6.0.1; Nexus 5X Build/MMB29P) AppleWebKit/537.36 (KHTML, like Gecko) Chrome/135.0.7049.95 Mobile Safari/537.36 (compatible; GoogleOther)"
40.77.167.17 - - [26/Apr/2025:05:18:50 -0400] "GET /?i=30278134238102&channel=b84819&from=product.php%3Fid%3D1342381-6791%26name%3D%E5%8D%B3%E6%B1%BA+%E3%81%8A%E8%B2%B7%E3%81%84%E5%BE%97%E5%93%81%EF%BC%81%E4%B8%AD%E5%8F%A4+SIM+MAX+%28%E3%82%B7%E3%83%A0+%E3%83%9E%E3%83%83%E3%82%AF%E3%82%B9%29+%E3%83%95%E3%82%A7%E3%82%A2%E3%82%A6%E3%82%A7%E3%82%A4+2020+%28%E6%97%A5%E6%9C%AC%E4%BB%95%E6%A7%98%29+5W+TENSEI+BLUE+TM50+18+SR HTTP/1.1" 200 0 "-" "Mozilla/5.0 AppleWebKit/537.36 (KHTML, like Gecko; compatible; bingbot/2.0; +http://www.bing.com/bingbot.htm) Chrome/116.0.1938.76 Safari/537.36"
66.249.73.103 - - [26/Apr/2025:05:19:19 -0400] "GET /?i=4027089965904&channel=9d4a1c&from=category-info.php%3Fid%3D899659-3802%26name%3DSzwaldaper+VW+%E7%94%A8%E3%80%81%E3%82%B4%E3%83%AB%E3%83%95+6+%E7%94%A8%2F%E3%82%B4%E3%83%AB%E3%83%95+7+%E7%94%A8%E3%80%81%E3%83%95%E3%83%AD%E3%83%B3%E3%83%88%E3%83%95%E3%83%BC%E3%83%89%E3%82%A8%E3%83%B3%E3%82%B8%E3%83%B3%E9%81%AE%E9%9F%B3%E3%83%91%E3%83%83%E3%83%89%E7%B6%BF%E9%98%B2%E9%9F%B3%E3%82%AB%E3%83%90%E3%83%BC%E6%96%AD%E7%86%B1%E6%96%AD%E7%86%B1%E3%83%91%E3%83%83%E3%83%89%E3%83%9E%E3%83%83%E3%83%88+%E3%82%A8 HTTP/1.1" 200 53956 "-" "Mozilla/5.0 (Linux; Android 6.0.1; Nexus 5X Build/MMB29P) AppleWebKit/537.36 (KHTML, like Gecko) Chrome/135.0.7049.95 Mobile Safari/537.36 (compatible; Googlebot/2.1; +http://www.google.com/bot.html)"
52.167.144.187 - - [26/Apr/2025:05:20:02 -0400] "GET /?i=0999724165001&channel=f30510&from=pin.php%3Fid%3D241650-484%26name%3D%E3%82%AD%E3%83%A3%E3%83%AA%E3%83%BCDA16T%3Cbr%3E%E9%BB%92%E8%B1%B9%EF%BC%88%E3%83%96%E3%83%A9%E3%83%83%E3%82%AF%E3%83%91%E3%83%B3%E3%82%B5%E3%83%BC%29%3Cbr%3E%E5%9B%9B%E8%A7%92%E3%82%AD%E3%83%AB%E3%83%88+%E3%82%B7%E3%83%BC%E3%83%88%E3%82%AB%E3%83%90%E3%83%BC%3Cbr%3E%E3%80%90%E9%81%8B%E8%BB%A2%E5%B8%AD%2F%E5%8A%A9%E6%89%8B%E5%B8%AD%E3%82%BB%E3%83%83%E3%83%88%E3%80%91 HTTP/1.1" 200 0 "-" "Mozilla/5.0 AppleWebKit/537.36 (KHTML, like Gecko; compatible; bingbot/2.0; +http://www.bing.com/bingbot.htm) Chrome/116.0.1938.76 Safari/537.36"
66.249.73.103 - - [26/Apr/2025:05:20:21 -0400] "GET /296882488.shtml HTTP/1.1" 200 0 "-" "Mozilla/5.0 (Linux; Android 6.0.1; Nexus 5X Build/MMB29P) AppleWebKit/537.36 (KHTML, like Gecko) Chrome/135.0.7049.95 Mobile Safari/537.36 (compatible; GoogleOther)"
52.167.144.187 - - [26/Apr/2025:05:20:22 -0400] "GET /?i=7322558058302&channel=c857ad&from=info.php%3Fid%3D580583-5084%26name%3D%E3%80%8A%E5%A4%8F%E5%AD%A3%E9%99%90%E5%AE%9A%E3%80%8B%E3%82%A8%E3%83%B3%E3%82%B8%E3%82%A7%E3%83%AB%E3%82%B7%E3%83%A3%E3%83%B3%E3%83%91%E3%83%B3+%E3%83%89%E3%82%A5%E3%83%9F%E3%82%BB%E3%83%83%E3%82%AF+%E3%82%A4%E3%82%A8%E3%83%AD%E3%83%BC HTTP/1.1" 200 0 "-" "Mozilla/5.0 AppleWebKit/537.36 (KHTML, like Gecko; compatible; bingbot/2.0; +http://www.bing.com/bingbot.htm) Chrome/116.0.1938.76 Safari/537.36"
40.77.167.20 - - [26/Apr/2025:05:21:26 -0400] "GET /?i=19740187439002&channel=6d9cca&from=form.php%3Fid%3D1874390-9287%26name%3D%E3%82%B7%E3%83%BC%E3%83%88%E3%83%99%E3%83%AB%E3%83%88%E3%82%AB%E3%83%90%E3%83%BC+%E5%8D%98%E5%93%81+%E3%82%B7%E3%83%BC%E3%83%88%E3%83%99%E3%83%AB%E3%83%88%E3%83%91%E3%83%83%E3%83%88+%E3%82%AB%E3%83%BC%E7%94%A8%E5%93%81+%E5%A4%A7%E5%9E%8B%E8%BB%8A+%E3%83%88%E3%83%A9%E3%83%83%E3%82%AF+%E8%82%A9%E5%BD%93%E3%81%A6+%E3%83%9E%E3%82%B8%E3%83%83%E3%82%AF+%E3%83%86%E3%83%BC%E3%83%97+%E7%B0%A1%E5%8D%98%E8%A3%85%E7%9D%80+%E8%B2%A0%E6%8B%85%E8%BB%BD%E6%B8%9B+%E3%82%B7%E3%83%B3%E3%83%97%E3%83%AB+%E5%8D%98%E8%89%B2+%E3%83%90%E3%82%B9 HTTP/1.1" 200 0 "-" "Mozilla/5.0 AppleWebKit/537.36 (KHTML, like Gecko; compatible; bingbot/2.0; +http://www.bing.com/bingbot.htm) Chrome/116.0.1938.76 Safari/537.36"
66.249.73.101 - - [26/Apr/2025:05:22:21 -0400] "GET /?i=72223142902200&channel=71f745&from=news.php%3Fid%3D1429022-480%26name%3D%E3%82%A6%E3%83%83%E3%83%89%E3%82%B0%E3%83%A9%E3%83%87%E3%83%BC%E3%82%B7%E3%83%A7%E3%83%B3%E3%80%80%E3%83%81%E3%82%A7%E3%82%B9%E3%83%88%E3%80%8096302%E3%80%80%E3%83%A1%E3%83%BC%E3%82%AB%E3%83%BC%E7%9B%B4%E9%80%81++%E2%96%BC%E8%BF%94%E5%93%81%E3%83%BB%E3%82%AD%E3%83%A3%E3%83%B3%E3%82%BB%E3%83%AB%E4%B8%8D%E5%8F%AF%E3%80%90%E4%BB%96%E5%95%86%E5%93%81%E3%81%A8%E3%81%AE%E5%90%8C%E6%99%82%E8%B3%BC%E5%85%A5%E4%B8%8D%E5%8F%AF%E3%80%91 HTTP/1.1" 200 55382 "-" "Mozilla/5.0 (Linux; Android 6.0.1; Nexus 5X Build/MMB29P) AppleWebKit/537.36 (KHTML, like Gecko) Chrome/135.0.7049.95 Mobile Safari/537.36 (compatible; Googlebot/2.1; +http://www.google.com/bot.html)"
20.15.133.174 - - [26/Apr/2025:05:22:39 -0400] "GET /?i=22117154761702&channel=1f482e&from=jp.php%3Fid%3D1547617-19490%26name%3DAstro+HDMI%E5%A4%89%E6%8F%9B%E3%82%A2%E3%83%80%E3%83%97%E3%82%BF%E3%83%BC+for+PS5+PS4 HTTP/1.1" 200 0 "-" "Mozilla/5.0 AppleWebKit/537.36 (KHTML, like Gecko; compatible; bingbot/2.0; +http://www.bing.com/bingbot.htm) Chrome/116.0.1938.76 Safari/537.36"
52.167.144.163 - - [26/Apr/2025:05:22:42 -0400] "GET /?i=3747391065301&channel=521740&from=goods.php%3Fid%3D910653-20178%26name%3D%E7%B4%94%E6%AD%A3%E9%83%A8%E5%93%81+S2000+AP1+AP2+%E3%83%99%E3%83%AB%E3%83%88+%E3%82%AA%E3%83%BC%E3%83%88%E3%83%86%E3%83%B3%E3%82%B7%E3%83%A7%E3%83%8A%E3%83%BC+%E3%83%86%E3%83%B3%E3%82%B7%E3%83%A7%E3%83%8A%E3%83%BC+V%E3%83%99%E3%83%AB%E3%83%88+%E3%83%A1%E3%83%BC%E3%82%AB%E3%83%BC+%E5%9C%A8%E5%BA%AB%E6%AE%8B%E3%82%8A%E5%83%85%E3%81%8B+%E3%83%AC%E3%82%A2 HTTP/1.1" 200 0 "-" "Mozilla/5.0 AppleWebKit/537.36 (KHTML, like Gecko; compatible; bingbot/2.0; +http://www.bing.com/bingbot.htm) Chrome/116.0.1938.76 Safari/537.36"
66.249.73.103 - - [26/Apr/2025:05:23:25 -0400] "GET /?i=9957836774006&channel=7c0f3d&from=article.php%3Fid%3D367740-13133%26name%3D%E3%80%90%E6%96%B0%E5%93%81%E6%9C%AA%E4%BD%BF%E7%94%A8%E3%80%91%E6%AD%A3%E8%A6%8F%E5%93%81%E3%80%80staub+6%E7%82%B9%E3%82%BB%E3%83%83%E3%83%88%E3%80%80%E3%82%AA%E3%83%BC%E3%83%99%E3%83%AB%E3%82%B8%E3%83%B3%E3%80%80%E3%83%AA%E3%83%8D%E3%83%B3%E3%80%80%E5%BB%83%E7%9B%A4%E3%82%AB%E3%83%A9%E3%83%BC HTTP/1.1" 200 0 "-" "Mozilla/5.0 (Linux; Android 6.0.1; Nexus 5X Build/MMB29P) AppleWebKit/537.36 (KHTML, like Gecko) Chrome/135.0.7049.95 Mobile Safari/537.36 (compatible; GoogleOther)"
40.77.167.20 - - [26/Apr/2025:05:23:36 -0400] "GET /?i=1194690801202&channel=5e6b16&from=product.php%3Fid%3D908012-8769%26name%3D%E5%B0%82%E7%94%A8%EF%BC%81%EF%BC%81%EF%BC%88%E3%82%B5%E3%82%AD%E6%A7%98%EF%BC%895%E8%A2%8Bwelina.%E3%83%AC%E3%83%83%E3%83%89%E3%83%93%E3%83%BC%E3%83%84%E3%80%80%E6%A3%AE%E6%8B%93%E9%83%8E HTTP/1.1" 200 0 "-" "Mozilla/5.0 AppleWebKit/537.36 (KHTML, like Gecko; compatible; bingbot/2.0; +http://www.bing.com/bingbot.htm) Chrome/116.0.1938.76 Safari/537.36"
40.77.167.20 - - [26/Apr/2025:05:23:37 -0400] "GET /?i=80381184368203&channel=67839c&from=brands.php%3Fid%3D1843682-18831%26name%3D%E3%83%96%E3%83%AC%E3%83%BC%E3%82%AD%E3%83%95%E3%83%AB%E3%83%BC%E3%83%89%E3%83%86%E3%82%B9%E3%82%BF%E3%83%BC+%E3%83%96%E3%83%AC%E3%83%BC%E3%82%AD%E6%B6%B2%E3%83%86%E3%82%B9%E3%82%BF%E3%83%BC+%E3%83%96%E3%83%AC%E3%83%BC%E3%82%AD%E3%82%AA%E3%82%A4%E3%83%AB%E3%83%86%E3%82%B9%E3%82%BF%E3%83%BC+%E4%BA%92%E6%8F%9B%E6%80%A7%E3%81%82%E3%82%8A%E3%80%81%E3%83%96%E3%83%AC%E3%83%BC%E3%82%AD%E6%B6%B2%E7%94%A8%E3%81%AB%E6%A0%A1%E6%AD%A3%E6%B8%88%E3%81%BF+%E9%AB%98%E7%B2%BE%E5%BA%A6 HTTP/1.1" 200 0 "-" "Mozilla/5.0 AppleWebKit/537.36 (KHTML, like Gecko; compatible; bingbot/2.0; +http://www.bing.com/bingbot.htm) Chrome/116.0.1938.76 Safari/537.36"
66.249.74.13 - - [26/Apr/2025:05:23:39 -0400] "GET /829961377515.shtml HTTP/1.1" 200 0 "-" "Mozilla/5.0 (Linux; Android 6.0.1; Nexus 5X Build/MMB29P) AppleWebKit/537.36 (KHTML, like Gecko) Chrome/135.0.7049.95 Mobile Safari/537.36 (compatible; GoogleOther)"
66.249.73.101 - - [26/Apr/2025:05:23:59 -0400] "GET /?i=98685107456200&channel=d5cc9e&from=jp.php%3Fid%3D1074562-12617%26name%3DZOOMX+DRAGONFLY+2+ELITE+PROTO++26.0cm HTTP/1.1" 200 52676 "-" "Mozilla/5.0 (Linux; Android 6.0.1; Nexus 5X Build/MMB29P) AppleWebKit/537.36 (KHTML, like Gecko) Chrome/135.0.7049.95 Mobile Safari/537.36 (compatible; Googlebot/2.1; +http://www.google.com/bot.html)"
66.249.73.101 - - [26/Apr/2025:05:24:00 -0400] "GET /?i=8632269179606&channel=d1f415&from=pin.php%3Fid%3D691796-13366%26name%3D%E3%80%90%E6%96%B0%E5%93%81%E3%80%91%E3%83%A4%E3%83%9E%E3%83%8F+RMX+VD+%E3%83%A6%E3%83%BC%E3%83%86%E3%82%A3%E3%83%AA%E3%83%86%E3%82%A3+U5%2F25%E5%BA%A6+%E3%83%86%E3%83%B3%E3%82%BB%E3%82%A4+TR+%E7%B4%94%E6%AD%A3%E3%82%AB%E3%83%BC%E3%83%9C%E3%83%B3+%28R%29+%23VDU HTTP/1.1" 200 54885 "-" "Mozilla/5.0 (Linux; Android 6.0.1; Nexus 5X Build/MMB29P) AppleWebKit/537.36 (KHTML, like Gecko) Chrome/135.0.7049.95 Mobile Safari/537.36 (compatible; Googlebot/2.1; +http://www.google.com/bot.html)"
52.167.144.210 - - [26/Apr/2025:05:24:01 -0400] "GET /?i=190729570710&channel=6d4bfd&from=category-info.php%3Fid%3D95707-7831%26name%3DBOSS+GT-1000+%E3%83%9E%E3%83%AB%E3%83%81%E3%82%A8%E3%83%95%E3%82%A7%E3%82%AF%E3%82%BF%E3%83%BC HTTP/1.1" 200 0 "-" "Mozilla/5.0 AppleWebKit/537.36 (KHTML, like Gecko; compatible; bingbot/2.0; +http://www.bing.com/bingbot.htm) Chrome/116.0.1938.76 Safari/537.36"
40.77.167.20 - - [26/Apr/2025:05:25:37 -0400] "GET /?i=7728882502200&channel=f30510&from=product.php%3Fid%3D825022-484%26name%3DSTI+%E3%83%95%E3%83%AC%E3%82%AD%E3%82%B7%E3%83%96%E3%83%AB%E3%82%BF%E3%83%AF%E3%83%BC%E3%83%90%E3%83%BC%28%E3%82%BF%E3%83%BC%E3%83%9C%E8%BB%8A%E7%94%A8%29+SG517SG000+%E3%82%B9%E3%83%90%E3%83%AB+%E3%83%95%E3%82%A9%E3%83%AC%E3%82%B9%E3%82%BF%E3%83%BC HTTP/1.1" 200 0 "-" "Mozilla/5.0 AppleWebKit/537.36 (KHTML, like Gecko; compatible; bingbot/2.0; +http://www.bing.com/bingbot.htm) Chrome/116.0.1938.76 Safari/537.36"
66.249.73.101 - - [26/Apr/2025:05:26:30 -0400] "GET /?i=31768193811500&channel=b393a6&from=news.php%3Fid%3D1938115-4959%26name%3D%E4%B8%AD%E5%8F%A4%E2%96%A0%E3%83%9E%E3%83%83%E3%83%8F%E3%83%89%E3%83%A9%E3%82%A4%E3%83%96w03%E5%91%AA%E6%96%87%E7%81%AB%E6%96%87%E6%98%8E%E8%B5%A4%E8%89%B2%E3%83%87%E3%83%A5%E3%82%A8%E3%83%AB%E3%83%9E%E3%82%B9%E3%82%BF%E3%83%BC%E3%82%BA%E3%82%AB%E3%83%BC%E3%83%89%E5%BC%95%E9%80%80%E5%87%A6%E5%88%86%E3%83%88%E3%83%AC%E3%83%BC%E3%83%87%E3%82%A3%E3%83%B3%E3%82%B0%E3%82%AB%E3%83%BC%E3%83%89%E2%96%A0i%E8%89%AF%E5%93%81%E7%94%9F%E6%B4%BB%E3%81%8A%E3%81%B2%E3%81%95%E3%81%BE%E5%A0%82 HTTP/1.1" 200 55963 "-" "Mozilla/5.0 (Linux; Android 6.0.1; Nexus 5X Build/MMB29P) AppleWebKit/537.36 (KHTML, like Gecko) Chrome/135.0.7049.95 Mobile Safari/537.36 (compatible; Googlebot/2.1; +http://www.google.com/bot.html)"
66.249.74.12 - - [26/Apr/2025:05:26:43 -0400] "GET /?i=6828196645004&channel=329fcb&from=jp.php%3Fid%3D966450-6446%26name%3DNITORI+%E3%83%8B%E3%83%88%E3%83%AA+%E3%83%AB%E3%82%B3%E3%83%A9+%E9%A3%9F%E5%99%A8%E6%A3%9A+%E3%82%AD%E3%83%83%E3%83%81%E3%83%B3%E3%83%9C%E3%83%BC%E3%83%89+%E3%83%8A%E3%83%81%E3%83%A5%E3%83%A9%E3%83%AB HTTP/1.1" 200 0 "-" "Mozilla/5.0 (Linux; Android 6.0.1; Nexus 5X Build/MMB29P) AppleWebKit/537.36 (KHTML, like Gecko) Chrome/135.0.7049.95 Mobile Safari/537.36 (compatible; GoogleOther)"
66.249.73.102 - - [26/Apr/2025:05:26:50 -0400] "GET /?i=7658723208801&channel=8d82ed&from=form.php%3Fid%3D232088-11958%26name%3DMiss+Dior+%E3%83%A9%E3%82%A4%E3%83%95%E3%82%B9%E3%82%BF%E3%82%A4%E3%83%AB%E3%82%B3%E3%83%95%E3%83%AC HTTP/1.1" 200 0 "-" "Mozilla/5.0 (Linux; Android 6.0.1; Nexus 5X Build/MMB29P) AppleWebKit/537.36 (KHTML, like Gecko) Chrome/135.0.7049.95 Mobile Safari/537.36 (compatible; GoogleOther)"
66.249.73.101 - - [26/Apr/2025:05:26:56 -0400] "GET /?i=22897135136508&channel=d48544&from=news.php%3Fid%3D1351365-13819%26name%3DBALMUDA+The+Pot+Starbucks+K07A-SB HTTP/1.1" 200 0 "-" "Mozilla/5.0 (Linux; Android 6.0.1; Nexus 5X Build/MMB29P) AppleWebKit/537.36 (KHTML, like Gecko) Chrome/135.0.7049.95 Mobile Safari/537.36 (compatible; GoogleOther)"
66.249.74.13 - - [26/Apr/2025:05:28:30 -0400] "GET /958031284171.shtml HTTP/1.1" 200 0 "-" "Mozilla/5.0 (Linux; Android 6.0.1; Nexus 5X Build/MMB29P) AppleWebKit/537.36 (KHTML, like Gecko) Chrome/135.0.7049.95 Mobile Safari/537.36 (compatible; GoogleOther)"
40.77.167.20 - - [26/Apr/2025:05:29:07 -0400] "GET /?i=17950167935002&channel=092ef3&from=brands.php%3Fid%3D1679350-2942%26name%3D%E3%82%BB%E3%83%BC%E3%83%AB30%25OFF%EF%BC%81%E3%82%A8%E3%83%96%E3%83%AA%E3%83%87%E3%82%A4%E3%83%80%E3%83%96%E3%83%AB%E3%83%93%E3%83%BC+%E3%82%A6%E3%82%A3%E3%83%B3%E3%83%89%E3%83%96%E3%83%AC%E3%83%BC%E3%82%AB%E3%83%BC%2880-150cm%29%E3%83%9F%E3%82%AD%E3%83%8F%E3%82%A6%E3%82%B9%E6%AD%A3%E8%A6%8F%E8%B2%A9%E5%A3%B2%E5%BA%97%E2%97%8F%E3%83%A1%E3%83%BC%E3%83%AB%E4%BE%BFOK HTTP/1.1" 200 0 "-" "Mozilla/5.0 AppleWebKit/537.36 (KHTML, like Gecko; compatible; bingbot/2.0; +http://www.bing.com/bingbot.htm) Chrome/116.0.1938.76 Safari/537.36"
40.77.167.20 - - [26/Apr/2025:05:29:27 -0400] "GET /?i=17764144562306&channel=5141d1&from=product.php%3Fid%3D1445623-24068%26name%3D%E5%A2%A8%E5%87%BA%E3%81%97%E5%99%A8+%E6%B0%B4%E5%B9%B3%E5%99%A8+%E3%82%B0%E3%83%AA%E3%83%BC%E3%83%B3%E3%83%AC%E3%83%BC%E3%82%B6%E3%83%BC+%E5%A2%A8%E5%87%BA%E3%81%97%E5%99%A8+5%E3%83%A9%E3%82%A4%E3%83%B3+%E5%A4%A7%E7%9F%A9%E7%85%A7%E5%B0%84%E3%83%A2%E3%83%87%E3%83%AB+%E9%AB%98%E7%B2%BE%E5%BA%A6+%E5%85%89%E5%AD%A6%E6%B8%AC%E5%AE%9A%E5%99%A8+%E8%BB%BD%E9%87%8F+%E5%A2%A8%E4%BB%98%E3%81%91+%E5%BB%BA%E7%AF%89+%E5%9F%BA%E7%A4%8E+%E3%83%AC%E3%83%BC%E3%82%B6%E3%83%BC%E5%A2%A8%E5%87%BA%E3%81%97%E5%99%A8+%E3%83%AC%E3%83%BC%E3%82%B6%E3%83%BC%E3%83%AC%E3%83%99%E3%83%AB+%23608 HTTP/1.1" 200 0 "-" "Mozilla/5.0 AppleWebKit/537.36 (KHTML, like Gecko; compatible; bingbot/2.0; +http://www.bing.com/bingbot.htm) Chrome/116.0.1938.76 Safari/537.36"
66.249.73.101 - - [26/Apr/2025:05:29:27 -0400] "GET /68418239679.shtml HTTP/1.1" 200 0 "-" "Mozilla/5.0 (Linux; Android 6.0.1; Nexus 5X Build/MMB29P) AppleWebKit/537.36 (KHTML, like Gecko) Chrome/135.0.7049.95 Mobile Safari/537.36 (compatible; GoogleOther)"
196.251.73.68 - - [26/Apr/2025:05:29:32 -0400] "GET / HTTP/1.1" 200 0 "-" "Mozilla/5.0 (Windows NT 10.0; Win64; x64) AppleWebKit/537.36 (KHTML, like Gecko) Chrome/78.0.3904.108 Safari/537.36"
196.251.73.68 - - [26/Apr/2025:05:29:32 -0400] "GET //wp-includes/wlwmanifest.xml HTTP/1.1" 200 520873 "-" "Mozilla/5.0 (Windows NT 10.0; Win64; x64) AppleWebKit/537.36 (KHTML, like Gecko) Chrome/78.0.3904.108 Safari/537.36"
196.251.73.68 - - [26/Apr/2025:05:29:35 -0400] "GET / HTTP/1.1" 200 0 "-" "Mozilla/5.0 (Windows NT 10.0; Win64; x64) AppleWebKit/537.36 (KHTML, like Gecko) Chrome/78.0.3904.108 Safari/537.36"
196.251.73.68 - - [26/Apr/2025:05:29:35 -0400] "GET //blog/wp-includes/wlwmanifest.xml HTTP/1.1" 200 513949 "-" "Mozilla/5.0 (Windows NT 10.0; Win64; x64) AppleWebKit/537.36 (KHTML, like Gecko) Chrome/78.0.3904.108 Safari/537.36"
196.251.73.68 - - [26/Apr/2025:05:29:36 -0400] "GET //web/wp-includes/wlwmanifest.xml HTTP/1.1" 200 517616 "-" "Mozilla/5.0 (Windows NT 10.0; Win64; x64) AppleWebKit/537.36 (KHTML, like Gecko) Chrome/78.0.3904.108 Safari/537.36"
40.77.167.20 - - [26/Apr/2025:05:29:37 -0400] "GET /?i=1380255233602&channel=2649d7&from=pin.php%3Fid%3D552336-2945%26name%3DB-3725%E3%80%90%E7%9C%9F%E4%BD%9C%E3%80%91%E5%AE%97%E7%B4%AB%E7%9F%B3+%E8%82%89%E7%AD%86%E7%B5%B9%E6%9C%AC%E6%B7%A1%E5%BD%A9+%E8%8A%B1%E9%B3%A5%E5%9B%B3+%E6%8E%9B%E8%BB%B8%2F%E6%97%A5%E6%9C%AC%E7%94%BB%E5%AE%B6+%E6%B1%9F%E6%88%B8+%E9%95%B7%E5%B4%8E+%E5%B8%AB%E3%83%BB%E7%86%8A%E4%BB%A3%E7%86%8A%E6%96%90+%E5%AE%8B%E7%B4%AB%E5%B2%A9+%E5%8D%97%E8%98%8B%E6%B4%BE+%E6%9B%B8%E7%94%BB HTTP/1.1" 200 0 "-" "Mozilla/5.0 AppleWebKit/537.36 (KHTML, like Gecko; compatible; bingbot/2.0; +http://www.bing.com/bingbot.htm) Chrome/116.0.1938.76 Safari/537.36"
196.251.73.68 - - [26/Apr/2025:05:29:37 -0400] "GET //wordpress/wp-includes/wlwmanifest.xml HTTP/1.1" 200 519563 "-" "Mozilla/5.0 (Windows NT 10.0; Win64; x64) AppleWebKit/537.36 (KHTML, like Gecko) Chrome/78.0.3904.108 Safari/537.36"
196.251.73.68 - - [26/Apr/2025:05:29:38 -0400] "GET //website/wp-includes/wlwmanifest.xml HTTP/1.1" 200 509989 "-" "Mozilla/5.0 (Windows NT 10.0; Win64; x64) AppleWebKit/537.36 (KHTML, like Gecko) Chrome/78.0.3904.108 Safari/537.36"
196.251.73.68 - - [26/Apr/2025:05:29:38 -0400] "GET //wp/wp-includes/wlwmanifest.xml HTTP/1.1" 200 516007 "-" "Mozilla/5.0 (Windows NT 10.0; Win64; x64) AppleWebKit/537.36 (KHTML, like Gecko) Chrome/78.0.3904.108 Safari/537.36"
196.251.73.68 - - [26/Apr/2025:05:29:39 -0400] "GET //news/wp-includes/wlwmanifest.xml HTTP/1.1" 200 516186 "-" "Mozilla/5.0 (Windows NT 10.0; Win64; x64) AppleWebKit/537.36 (KHTML, like Gecko) Chrome/78.0.3904.108 Safari/537.36"
196.251.73.68 - - [26/Apr/2025:05:29:40 -0400] "GET //2018/wp-includes/wlwmanifest.xml HTTP/1.1" 200 515091 "-" "Mozilla/5.0 (Windows NT 10.0; Win64; x64) AppleWebKit/537.36 (KHTML, like Gecko) Chrome/78.0.3904.108 Safari/537.36"
196.251.73.68 - - [26/Apr/2025:05:29:41 -0400] "GET //2019/wp-includes/wlwmanifest.xml HTTP/1.1" 200 502697 "-" "Mozilla/5.0 (Windows NT 10.0; Win64; x64) AppleWebKit/537.36 (KHTML, like Gecko) Chrome/78.0.3904.108 Safari/537.36"
196.251.73.68 - - [26/Apr/2025:05:29:42 -0400] "GET //shop/wp-includes/wlwmanifest.xml HTTP/1.1" 200 512604 "-" "Mozilla/5.0 (Windows NT 10.0; Win64; x64) AppleWebKit/537.36 (KHTML, like Gecko) Chrome/78.0.3904.108 Safari/537.36"
66.249.73.102 - - [26/Apr/2025:05:29:42 -0400] "GET /?i=80805100750002&channel=dc08ad&from=article.php%3Fid%3D1007500-7052%26name%3D%E3%83%A2%E3%83%B3%E3%82%AF%E3%83%AC%E3%83%BC%E3%83%AB+%E9%99%A4%E3%81%84+%E3%83%80%E3%82%A6%E3%83%B3 HTTP/1.1" 200 0 "-" "Mozilla/5.0 (Linux; Android 6.0.1; Nexus 5X Build/MMB29P) AppleWebKit/537.36 (KHTML, like Gecko) Chrome/135.0.7049.95 Mobile Safari/537.36 (compatible; GoogleOther)"
196.251.73.68 - - [26/Apr/2025:05:29:42 -0400] "GET //wp1/wp-includes/wlwmanifest.xml HTTP/1.1" 200 510785 "-" "Mozilla/5.0 (Windows NT 10.0; Win64; x64) AppleWebKit/537.36 (KHTML, like Gecko) Chrome/78.0.3904.108 Safari/537.36"
196.251.73.68 - - [26/Apr/2025:05:29:43 -0400] "GET //test/wp-includes/wlwmanifest.xml HTTP/1.1" 200 509504 "-" "Mozilla/5.0 (Windows NT 10.0; Win64; x64) AppleWebKit/537.36 (KHTML, like Gecko) Chrome/78.0.3904.108 Safari/537.36"
196.251.73.68 - - [26/Apr/2025:05:29:44 -0400] "GET //media/wp-includes/wlwmanifest.xml HTTP/1.1" 200 517841 "-" "Mozilla/5.0 (Windows NT 10.0; Win64; x64) AppleWebKit/537.36 (KHTML, like Gecko) Chrome/78.0.3904.108 Safari/537.36"
196.251.73.68 - - [26/Apr/2025:05:29:45 -0400] "GET //wp2/wp-includes/wlwmanifest.xml HTTP/1.1" 200 505636 "-" "Mozilla/5.0 (Windows NT 10.0; Win64; x64) AppleWebKit/537.36 (KHTML, like Gecko) Chrome/78.0.3904.108 Safari/537.36"
196.251.73.68 - - [26/Apr/2025:05:29:45 -0400] "GET //site/wp-includes/wlwmanifest.xml HTTP/1.1" 200 523430 "-" "Mozilla/5.0 (Windows NT 10.0; Win64; x64) AppleWebKit/537.36 (KHTML, like Gecko) Chrome/78.0.3904.108 Safari/537.36"
196.251.73.68 - - [26/Apr/2025:05:29:46 -0400] "GET //cms/wp-includes/wlwmanifest.xml HTTP/1.1" 200 526557 "-" "Mozilla/5.0 (Windows NT 10.0; Win64; x64) AppleWebKit/537.36 (KHTML, like Gecko) Chrome/78.0.3904.108 Safari/537.36"
196.251.73.68 - - [26/Apr/2025:05:29:47 -0400] "GET //sito/wp-includes/wlwmanifest.xml HTTP/1.1" 200 510934 "-" "Mozilla/5.0 (Windows NT 10.0; Win64; x64) AppleWebKit/537.36 (KHTML, like Gecko) Chrome/78.0.3904.108 Safari/537.36"
52.167.144.195 - - [26/Apr/2025:05:30:21 -0400] "GET /?i=05538129121302&channel=2cc407&from=product.php%3Fid%3D1291213-2259%26name%3D%E3%82%BB%E3%83%83%E3%83%88%E5%95%86%E5%93%81%E2%91%A1%E3%80%8014600KF%E3%82%84%E3%83%9E%E3%82%B6%E3%83%9C%E3%81%AA%E3%81%A9 HTTP/1.1" 200 0 "-" "Mozilla/5.0 AppleWebKit/537.36 (KHTML, like Gecko; compatible; bingbot/2.0; +http://www.bing.com/bingbot.htm) Chrome/116.0.1938.76 Safari/537.36"
66.249.73.101 - - [26/Apr/2025:05:30:24 -0400] "GET /?i=05925160569001&channel=0c4887&from=shared.php%3Fid%3D1605690-6616%26name%3DTV%E3%82%AB%E3%83%90%E3%83%BC%E3%80%81%E3%82%B7%E3%83%B3%E3%83%97%E3%83%AB%E3%82%B9%E3%82%BF%E3%82%A4%E3%83%ABTV%2FPC%E3%83%A2%E3%83%8B%E3%82%BF%E3%83%BC%E6%97%A5%E7%84%BC%E3%81%91%E6%AD%A2%E3%82%81%E3%82%AB%E3%83%90%E3%83%BC22%E3%82%A4%E3%83%B3%E3%83%81%EF%BD%9E80%E3%82%A4%E3%83%B3%E3%83%81%E3%80%81%E5%AE%A4%E5%86%85%E3%82%B9%E3%82%AF%E3%83%AA%E3%83%BC%E3%83%B3%E4%BF%9D%E8%AD%B7%E3%82%AB%E3%83%90%E3%83%BC%E3%80%81%E3%83%99%E3%83%83%E3%83%89%E3%83%AB%E3%83%BC%E3%83%A0%E3%83%AA%E3%83%93%E3%83%B3%E3%82%B0 HTTP/1.1" 200 0 "-" "Mozilla/5.0 (Linux; Android 6.0.1; Nexus 5X Build/MMB29P) AppleWebKit/537.36 (KHTML, like Gecko) Chrome/135.0.7049.95 Mobile Safari/537.36 (compatible; GoogleOther)"
66.249.73.102 - - [26/Apr/2025:05:31:24 -0400] "GET /?i=8082380006100&channel=8abd48&from=article.php%3Fid%3D800061-6274%26name%3D%E5%8D%B3%E6%B1%BA+%E4%B8%AD%E5%8F%A4+%E8%B6%85%E7%BE%8E%E5%93%81+STEALTH+GLOIRE+%28%E3%82%B9%E3%83%86%E3%83%AB%E3%82%B9+%E3%82%B0%E3%83%AD%E3%83%BC%E3%83%AC%29+%E3%83%89%E3%83%A9%E3%82%A4%E3%83%90%E3%83%BC+2022+1W+SPEEDER+NX+for+TM+10.5+S HTTP/1.1" 200 56669 "-" "Mozilla/5.0 (Linux; Android 6.0.1; Nexus 5X Build/MMB29P) AppleWebKit/537.36 (KHTML, like Gecko) Chrome/135.0.7049.95 Mobile Safari/537.36 (compatible; Googlebot/2.1; +http://www.google.com/bot.html)"
66.249.73.101 - - [26/Apr/2025:05:31:45 -0400] "GET /?i=21395180029500&channel=cedd94&from=product.php%3Fid%3D1800295-5260%26name%3DSLP%E3%83%AF%E3%83%BC%E3%82%AF%E3%82%B9+I%E3%82%B7%E3%82%A7%E3%82%A4%E3%83%97%E3%82%B6%E3%82%A4%E3%82%AA%E3%83%B3%E3%83%8E%E3%83%96+%E3%82%AF%E3%83%AA%E3%82%A2%E3%83%96%E3%83%A9%E3%83%83%E3%82%AF+%5B90%5D HTTP/1.1" 200 53406 "-" "Mozilla/5.0 (Linux; Android 6.0.1; Nexus 5X Build/MMB29P) AppleWebKit/537.36 (KHTML, like Gecko) Chrome/135.0.7049.95 Mobile Safari/537.36 (compatible; Googlebot/2.1; +http://www.google.com/bot.html)"
20.15.133.175 - - [26/Apr/2025:05:31:50 -0400] "GET /?i=06808184650406&channel=078fe6&from=product.php%3Fid%3D1846504-7098%26name%3D25%E5%B9%B4%E6%96%B0%E4%BD%9C+%E8%B6%85%E3%82%BB%E3%82%AF%E3%82%B7%E3%83%BC+%E6%82%A9%E6%AE%BA+%E3%83%8F%E3%82%A4%E3%83%AC%E3%82%B0+%E7%89%B9%E6%AE%8A%E5%BD%A2%E7%8A%B6+%E3%83%AC%E3%82%AA%E3%82%BF%E3%83%BC%E3%83%89+%E3%82%AA%E3%83%BC%E3%83%97%E3%83%B3%E3%82%AF%E3%83%AD%E3%83%83%E3%83%81%E4%BB%95%E6%A7%98+%E3%83%99%E3%83%93%E3%83%BC%E3%83%89%E3%83%BC%E3%83%AB+%E3%83%8A%E3%82%A4%E3%83%88%E3%82%A6%E3%82%A7%E3%82%A2+%E3%82%A8%E3%83%AD%E4%B8%8B%E7%9D%80+%E3%82%B3%E3%82%B9%E3%83%97%E3%83%AC%E8%A1%A3%E8%A3%85+%E3%82%B0%E3%83%AC%E3%83%BC HTTP/1.1" 200 0 "-" "Mozilla/5.0 AppleWebKit/537.36 (KHTML, like Gecko; compatible; bingbot/2.0; +http://www.bing.com/bingbot.htm) Chrome/116.0.1938.76 Safari/537.36"
66.249.73.101 - - [26/Apr/2025:05:32:05 -0400] "GET /?i=95907159537301&channel=817387&from=blog.php%3Fid%3D1595373-10544%26name%3DGRAMICCI+%E3%82%B0%E3%83%A9%E3%83%9F%E3%83%81+%E3%82%B9%E3%83%88%E3%83%AC%E3%83%83%E3%83%81%E3%83%87%E3%83%8B%E3%83%A0%E3%80%80%E3%83%91%E3%83%B3%E3%83%84 HTTP/1.1" 200 0 "-" "Mozilla/5.0 (Linux; Android 6.0.1; Nexus 5X Build/MMB29P) AppleWebKit/537.36 (KHTML, like Gecko) Chrome/135.0.7049.95 Mobile Safari/537.36 (compatible; GoogleOther)"
52.167.144.195 - - [26/Apr/2025:05:32:32 -0400] "GET /?i=0849385855002&channel=1c7bdb&from=shop.php%3Fid%3D858550-2586%26name%3DO11+Dynamic+EVO+RGB%28%E5%85%A8%E4%B8%96%E7%95%8C6%2C498%E5%8F%B0%E9%99%90%E5%AE%9A%E3%83%A2%E3%83%87%E3%83%AB%29 HTTP/1.1" 200 0 "-" "Mozilla/5.0 AppleWebKit/537.36 (KHTML, like Gecko; compatible; bingbot/2.0; +http://www.bing.com/bingbot.htm) Chrome/116.0.1938.76 Safari/537.36"
52.167.144.235 - - [26/Apr/2025:05:32:36 -0400] "GET /?i=770929888703&channel=0e8ded&from=brands.php%3Fid%3D98887-5619%26name%3DFRAMeWORK%E3%83%95%E3%83%AC%E3%83%BC%E3%83%A0%E3%83%AF%E3%83%BC%E3%82%AF%2F%E3%83%8F%E3%83%9F%E3%83%AB%E3%83%88%E3%83%B3%E3%83%AA%E3%83%90%E3%83%BC%E3%83%86%E3%83%BC%E3%83%A9%E3%83%BC%E3%83%89%E3%82%B3%E3%83%BC%E3%83%8838 HTTP/1.1" 200 0 "-" "Mozilla/5.0 AppleWebKit/537.36 (KHTML, like Gecko; compatible; bingbot/2.0; +http://www.bing.com/bingbot.htm) Chrome/116.0.1938.76 Safari/537.36"
52.167.144.195 - - [26/Apr/2025:05:33:02 -0400] "GET /?i=0051387298602&channel=b89082&from=brands.php%3Fid%3D872986-1496%26name%3DROY+POWLEY+%28%E3%83%AD%E3%82%A4%E3%83%9D%E3%83%BC%E3%83%AA%E3%83%BC%29+%E3%83%A9%E3%82%B0%E3%83%93%E3%83%BC%E3%82%B7%E3%83%A3%E3%83%84+RUGBY+SHIRTS%3Cbr%3E%E3%83%A1%E3%83%B3%E3%82%BA+%E3%83%88%E3%83%83%E3%83%97%E3%82%B9+t%E3%82%B7%E3%83%A3%E3%83%84+%E3%83%A9%E3%82%AC%E3%83%BC%E3%82%B7%E3%83%A3%E3%83%84+%E3%83%9C%E3%83%BC%E3%83%80%E3%83%BC+%E7%84%A1%E5%9C%B0+%E3%82%AB%E3%83%83%E3%83%88%E3%82%BD%E3%83%BC+%E5%A4%A9%E7%AB%BA+%E3%82%A4%E3%82%AE%E3%83%AA%E3%82%B9%E8%A3%BD+%E6%AD%A3%E8%A6%8F%E5%8F%96%E6%89%B1%E5%BA%97 HTTP/1.1" 200 0 "-" "Mozilla/5.0 AppleWebKit/537.36 (KHTML, like Gecko; compatible; bingbot/2.0; +http://www.bing.com/bingbot.htm) Chrome/116.0.1938.76 Safari/537.36"
66.249.74.13 - - [26/Apr/2025:05:33:32 -0400] "GET /952161251637.shtml HTTP/1.1" 200 0 "-" "Mozilla/5.0 (Linux; Android 6.0.1; Nexus 5X Build/MMB29P) AppleWebKit/537.36 (KHTML, like Gecko) Chrome/135.0.7049.95 Mobile Safari/537.36 (compatible; GoogleOther)"
66.249.73.103 - - [26/Apr/2025:05:33:55 -0400] "GET /128331518449.shtml HTTP/1.1" 200 0 "-" "Mozilla/5.0 (Linux; Android 6.0.1; Nexus 5X Build/MMB29P) AppleWebKit/537.36 (KHTML, like Gecko) Chrome/135.0.7049.95 Mobile Safari/537.36 (compatible; GoogleOther)"
52.167.144.226 - - [26/Apr/2025:05:33:58 -0400] "GET /?i=29342191214000&channel=f9d2ac&from=shared.php%3Fid%3D1912140-15619%26name%3D%E3%82%A2%E3%83%AB%E3%82%B6%E3%82%B9+%E3%83%AA%E3%83%BC%E3%82%B9%E3%83%AA%E3%83%B3%E3%82%B0+2021%E5%B9%B4+%E3%83%89%E3%83%A1%E3%83%BC%E3%83%8C+%E3%82%A6%E3%82%A3%E3%83%AA+%E3%82%AE%E3%83%83%E3%82%BB%E3%83%AB%E3%83%96%E3%83%AC%E3%83%83%E3%82%B7%E3%83%A5%E3%83%88%E3%82%A5+750ml++%E3%83%AA%E3%83%A8%E3%83%B3%E5%9B%BD%E9%9A%9B%E3%82%B3%E3%83%B3%E3%82%AF%E3%83%BC%E3%83%AB%E9%87%91%E8%B3%9E%E3%82%B4%E3%83%BC%E3%83%AB%E3%83%89%E3%83%A1%E3%83%80%E3%83%AB%E5%8F%97%E8%B3%9E%E9%85%92%EF%BC%88%E3%83%95%E3%83%A9%E3%83%B3%E3%82%B9+%E3%82%A2%E3%83%AB%E3%82%B6%E3%82%B9+%E7%99%BD%E3%83%AF%E3%82%A4%E3%83%B3%EF%BC%89 HTTP/1.1" 200 0 "-" "Mozilla/5.0 AppleWebKit/537.36 (KHTML, like Gecko; compatible; bingbot/2.0; +http://www.bing.com/bingbot.htm) Chrome/116.0.1938.76 Safari/537.36"
52.167.144.226 - - [26/Apr/2025:05:33:59 -0400] "GET /?i=2217971635204&channel=7f4639&from=goods.php%3Fid%3D716352-607%26name%3D2%E6%9C%888%E6%97%A5%E3%81%BE%E3%81%A7%E3%80%804%E6%9C%AC%E3%82%BB%E3%83%83%E3%83%88%E3%80%80%E3%83%80%E3%82%A4%E3%83%8F%E3%83%84%E7%B4%94%E6%AD%A313%E3%82%A4%E3%83%B3%E3%83%81%E3%80%80145%2F80R13%E3%80%802024%E5%B9%B4%E8%A3%BD%E3%80%80%E3%82%B9%E3%82%BF%E3%83%83%E3%83%89%E3%83%AC%E3%82%B9 HTTP/1.1" 200 0 "-" "Mozilla/5.0 AppleWebKit/537.36 (KHTML, like Gecko; compatible; bingbot/2.0; +http://www.bing.com/bingbot.htm) Chrome/116.0.1938.76 Safari/537.36"
52.167.144.195 - - [26/Apr/2025:05:34:12 -0400] "GET /?i=94487193716702&channel=be804c&from=form.php%3Fid%3D1937167-5601%26name%3DKBF+%E3%83%81%E3%83%A5%E3%83%BC%E3%83%AB%E3%83%AC%E3%82%A4%E3%83%A4%E3%83%BC%E3%83%89%E3%83%AF%E3%83%B3%E3%83%94%E3%83%BC%E3%82%B9%E3%80%80%E3%83%9C%E3%83%AB%E3%83%89%E3%83%BC HTTP/1.1" 200 0 "-" "Mozilla/5.0 AppleWebKit/537.36 (KHTML, like Gecko; compatible; bingbot/2.0; +http://www.bing.com/bingbot.htm) Chrome/116.0.1938.76 Safari/537.36"
66.249.73.102 - - [26/Apr/2025:05:34:29 -0400] "GET /63377637216.shtml HTTP/1.1" 200 0 "-" "Mozilla/5.0 (Linux; Android 6.0.1; Nexus 5X Build/MMB29P) AppleWebKit/537.36 (KHTML, like Gecko) Chrome/135.0.7049.95 Mobile Safari/537.36 (compatible; GoogleOther)"
20.15.133.175 - - [26/Apr/2025:05:35:32 -0400] "GET /?i=87503100617100&channel=aa9809&from=news.php%3Fid%3D1006171-3662%26name%3DS.H.+%E6%96%B01%E5%8F%B7%26amp%3B%E6%96%B0%E3%82%B5%E3%82%A4%E3%82%AF%E3%83%AD%E3%83%B3%E5%8F%B7 HTTP/1.1" 200 0 "-" "Mozilla/5.0 AppleWebKit/537.36 (KHTML, like Gecko; compatible; bingbot/2.0; +http://www.bing.com/bingbot.htm) Chrome/116.0.1938.76 Safari/537.36"
52.167.144.226 - - [26/Apr/2025:05:36:08 -0400] "GET /?i=824077792403&channel=0d4dba&from=info.php%3Fid%3D77924-6916%26name%3D%E8%9B%87%E5%8F%A3+%E3%82%B7%E3%83%A3%E3%83%AF%E3%83%BC+LCD%E3%82%B5%E3%83%BC%E3%83%A2%E3%82%B9%E3%82%BF%E3%83%83%E3%83%88%E3%82%B7%E3%83%A3%E3%83%AF%E3%83%BC%E3%82%BB%E3%83%83%E3%83%88%E3%83%9B%E3%83%AF%E3%82%A4%E3%83%88%E3%81%A8%E3%82%B4%E3%83%BC%E3%83%AB%E3%83%89%E3%81%AE%E3%83%AC%E3%82%A4%E3%83%B3%E3%83%95%E3%82%A9%E3%83%BC%E3%83%AB%E3%83%90%E3%82%B9%E3%83%AB%E3%83%BC%E3%83%A0%E3%81%AE%E8%9B%87%E5%8F%A3%E3%82%B7%E3%83%A3%E3%83%AF%E3%83%BC%E3%82%B7%E3%82%B9%E3%83%86%E3%83%A0%E3%80%81%E3%83%8F%E3%83%B3%E3%83%89%E3%82%B7%E3%83%A3%E3%83%AF%E3%83%BC HTTP/1.1" 200 0 "-" "Mozilla/5.0 AppleWebKit/537.36 (KHTML, like Gecko; compatible; bingbot/2.0; +http://www.bing.com/bingbot.htm) Chrome/116.0.1938.76 Safari/537.36"
52.167.144.195 - - [26/Apr/2025:05:36:13 -0400] "GET /?i=21851157800600&channel=1333d9&from=blog.php%3Fid%3D1578006-16396%26name%3D%E3%83%A9%E3%83%83%E3%82%AD%E3%83%BC%E3%82%A6%E3%82%A3%E3%83%B3%E3%82%AF+%E3%83%9E%E3%83%AB%E3%83%81%E3%83%95%E3%82%A1%E3%83%B3%E3%83%87%E3%83%BC%E3%82%B7%E3%83%A7%E3%83%B3%E3%83%96%E3%83%A9%E3%82%B7 HTTP/1.1" 200 0 "-" "Mozilla/5.0 AppleWebKit/537.36 (KHTML, like Gecko; compatible; bingbot/2.0; +http://www.bing.com/bingbot.htm) Chrome/116.0.1938.76 Safari/537.36"
185.191.171.4 - - [26/Apr/2025:05:36:33 -0400] "GET /lahore/ HTTP/1.1" 200 0 "-" "Mozilla/5.0 (compatible; SemrushBot/7~bl; +http://www.semrush.com/bot.html)"
66.249.73.102 - - [26/Apr/2025:05:36:38 -0400] "GET /?i=9386332920408&channel=c134e8&from=form.php%3Fid%3D329204-3477%26name%3DBIG+JOHN+%E3%83%93%E3%83%83%E3%82%B0%E3%82%B8%E3%83%A7%E3%83%B3+%E3%80%8E+COMPLETE+FREE+%E3%80%8F+%E8%B6%85%E3%82%B9%E3%83%88%E3%83%AC%E3%83%83%E3%83%81+%E3%82%B9%E3%82%AD%E3%83%8B%E3%83%BC%E3%83%87%E3%83%8B%E3%83%A0+BJM305F+%E3%83%96%E3%83%A9%E3%83%83%E3%82%AF+%E3%83%AF%E3%83%B3%E3%82%A6%E3%82%A9%E3%83%83%E3%82%B7%E3%83%A5+%E3%83%B4%E3%82%A3%E3%83%B3%E3%83%86%E3%83%BC%E3%82%B8%E3%82%A6%E3%82%A9%E3%83%83%E3%82%B7%E3%83%A5%2F++%E3%83%A1%E3%83%B3%E3%82%BA+28-36%E3%82%A4%E3%83%B3%E3%83%81+%E3%83%9C%E3%83%88%E3%83%A0%E3%82%B9+%E3%82%B9%E3%82%AD%E3%83%8B%E3%83%BC+%E9%BB%92+%E6%BF%83%E7%B4%BA+%E3%82%B8%E3%83%BC%E3%83%B3%E3%82%BA+%E3%83%87%E3%83%8B%E3%83%A0+%E3%82%B3%E3%83%B3%E3%83%97%E3%83%AA%E3%83%BC%E3%83%88%E3%83%95%E3%83%AA%E3%83%BC+%E3%82%B9%E3%83%88%E3%83%AC%E3%83%83%E3%83%81+%E6%97%A5%E6%9C%AC%E8%A3%BD+%E5%9B%BD%E7%94%A3+%E5%B2%A1%E5%B1%B1+%E5%80%89%E6%95%B7+%E3%83%96%E3%83%A9%E3%83%B3%E3%83%89 HTTP/1.1" 200 54476 "-" "Mozilla/5.0 (Linux; Android 6.0.1; Nexus 5X Build/MMB29P) AppleWebKit/537.36 (KHTML, like Gecko) Chrome/135.0.7049.95 Mobile Safari/537.36 (compatible; Googlebot/2.1; +http://www.google.com/bot.html)"
66.249.73.103 - - [26/Apr/2025:05:36:41 -0400] "GET /?i=72215186544617&channel=a3b337&from=article.php%3Fid%3D1865446-656%26name%3D500%E5%86%86OFF%E3%82%AF%E3%83%BC%E3%83%9D%E3%83%B3+%E7%B4%AB%E5%A4%96%E7%B7%9A%E3%82%AB%E3%83%83%E3%83%88+%E5%B8%BD%E5%AD%90+%E9%81%AE%E5%85%89%E9%81%AE%E7%86%B1%E3%82%B3%E3%83%BC%E3%83%86%E3%82%A3%E3%83%B3%E3%82%B0%E5%8A%A0%E5%B7%A5+%E8%B6%85%E8%BB%BD%E9%87%8F+UV%E3%82%AB%E3%83%83%E3%83%88+%E3%83%AC%E3%83%87%E3%82%A3%E3%83%BC%E3%82%B9+%E3%83%8F%E3%83%83%E3%83%88+%E5%8F%96%E3%82%8A%E5%A4%96%E3%81%99%E3%81%82%E3%81%94%E7%B4%90+%E6%8A%98%E3%82%8A%E3%81%9F%E3%81%9F%E3%81%BF+%E6%8C%81%E3%81%A1%E9%81%8B%E3%81%B3+%E7%B4%AB%E5%A4%96%E7%B7%9A%E5%AF%BE%E7%AD%96+%E3%82%B5%E3%82%A4%E3%82%BA%E8%AA%BF%E7%AF%80%E5%8F%AF+%E6%97%A5%E7%84%BC%E3%81%91%E9%98%B2%E6%AD%A2+%E6%97%A5%E3%82%88%E3%81%91%E5%B8%BD%E5%AD%90+UPF50%2B+%E3%81%A4%E3%81%B0%E5%BA%83+%E9%BB%92%E3%81%84%E3%82%B3%E3%83%BC%E3%83%86%E3%82%A3%E3%83%B3%E3%82%B0+uv%E5%B8%BD+%E3%82%A2%E3%82%A6%E3%83%88%E3%83%89%E3%82%A2+XFDGZ HTTP/1.1" 200 0 "-" "Mozilla/5.0 (Linux; Android 6.0.1; Nexus 5X Build/MMB29P) AppleWebKit/537.36 (KHTML, like Gecko) Chrome/135.0.7049.95 Mobile Safari/537.36 (compatible; GoogleOther)"
66.249.73.101 - - [26/Apr/2025:05:36:47 -0400] "GET /232751449713.shtml HTTP/1.1" 200 0 "-" "Mozilla/5.0 (Linux; Android 6.0.1; Nexus 5X Build/MMB29P) AppleWebKit/537.36 (KHTML, like Gecko) Chrome/135.0.7049.95 Mobile Safari/537.36 (compatible; GoogleOther)"
66.249.73.102 - - [26/Apr/2025:05:37:05 -0400] "GET /?i=19243129325900&channel=439032&from=shop.php%3Fid%3D1293259-5475%26name%3D%E7%9C%9F%E4%BD%9C+%E7%BE%8E%E5%93%81+%E7%94%9F%E9%87%8E%E4%B8%80%E6%A8%B9%E3%80%90%E6%97%A9%E6%98%A5%E3%80%91%E5%8D%B0%E5%9C%A8%E3%82%8A+%E6%98%A5%E9%99%BD%E4%BC%9A+%E7%B5%B5%E7%94%BB+%E9%A2%A8%E6%99%AF%E7%94%BB+%E9%A1%8D%E8%A3%85+%E9%A1%8D%E3%82%B5%E3%82%A4%E3%82%BA%E7%B4%8459.5x50cm+%E5%90%8D%E5%AE%B6%E8%94%B5%E5%87%BA%E5%93%81 HTTP/1.1" 200 0 "-" "Mozilla/5.0 (Linux; Android 6.0.1; Nexus 5X Build/MMB29P) AppleWebKit/537.36 (KHTML, like Gecko) Chrome/135.0.7049.95 Mobile Safari/537.36 (compatible; GoogleOther)"
52.167.144.235 - - [26/Apr/2025:05:37:33 -0400] "GET /?i=717027987603&channel=02ffc5&from=pin.php%3Fid%3D79876-7005%26name%3DGALLARDAGALANTE+%E3%83%AA%E3%83%90%E3%83%BC%E3%82%B7%E3%83%A7%E3%83%BC%E3%83%AB%E3%82%B3%E3%83%BC%E3%83%88 HTTP/1.1" 200 0 "-" "Mozilla/5.0 AppleWebKit/537.36 (KHTML, like Gecko; compatible; bingbot/2.0; +http://www.bing.com/bingbot.htm) Chrome/116.0.1938.76 Safari/537.36"
52.167.144.226 - - [26/Apr/2025:05:37:47 -0400] "GET /?i=18706168445500&channel=be74f5&from=shop.php%3Fid%3D1684455-8456%26name%3DMOLTON+BROWN+%E3%83%87%E3%82%A3%E3%82%B9%E3%82%AB%E3%83%90%E3%83%AA%E3%83%BC%E3%80%80%E3%81%B9%E3%83%BC%E3%82%B8%E3%83%B3%E3%82%B0%E3%80%80%E3%82%B3%E3%83%AC%E3%82%AF%E3%82%B7%E3%83%A7%E3%83%B3 HTTP/1.1" 200 0 "-" "Mozilla/5.0 AppleWebKit/537.36 (KHTML, like Gecko; compatible; bingbot/2.0; +http://www.bing.com/bingbot.htm) Chrome/116.0.1938.76 Safari/537.36"
52.167.144.235 - - [26/Apr/2025:05:38:04 -0400] "GET /?i=48839144340200&channel=16f500&from=brands.php%3Fid%3D1443402-7038%26name%3D%E4%B8%B8%E3%81%84%E3%83%94%E3%82%B6%E3%83%91%E3%83%89%E3%83%AB%E3%80%81%E3%83%94%E3%82%B6%E3%82%AA%E3%83%BC%E3%83%96%E3%83%B3%E3%83%94%E3%83%BC%E3%83%AB+%7C+9%E3%82%A4%E3%83%B3%E3%83%81%E5%90%88%E9%87%91%E7%A9%B4%E3%81%82%E3%81%8D%E3%83%94%E3%82%B6%E3%81%AE%E7%9A%AE+%7C+%E3%83%91%E3%83%B3%E8%BB%A2%E9%80%81%E3%83%98%E3%83%AB%E3%83%91%E3%83%BC%E7%94%A8%E3%81%AE%E8%AA%BF%E6%95%B4%E5%8F%AF%E8%83%BD%E3%81%AA%E4%BC%B8%E7%B8%AE%E5%BC%8F%E3%83%8F%E3%83%B3%E3%83%89%E3%83%AB%E8%BB%BD%E9%87%8F%E5%90%88%E9%87%91 HTTP/1.1" 200 0 "-" "Mozilla/5.0 AppleWebKit/537.36 (KHTML, like Gecko; compatible; bingbot/2.0; +http://www.bing.com/bingbot.htm) Chrome/116.0.1938.76 Safari/537.36"
66.249.74.11 - - [26/Apr/2025:05:38:54 -0400] "GET /877401526759.shtml HTTP/1.1" 200 0 "-" "Mozilla/5.0 (Linux; Android 6.0.1; Nexus 5X Build/MMB29P) AppleWebKit/537.36 (KHTML, like Gecko) Chrome/135.0.7049.95 Mobile Safari/537.36 (compatible; GoogleOther)"
