66.249.73.101 - - [25/Apr/2025:22:13:48 -0400] "GET /?i=68578195094204&channel=77783d&from=news.php%3Fid%3D1950942-2765%26name%3DPEARLY+GATES+%E3%83%91%E3%83%BC%E3%83%AA%E3%83%BC%E3%82%B2%E3%82%A4%E3%83%84+%E3%82%B4%E3%83%AB%E3%83%95+%E6%97%A5%E6%9C%AC%E8%A3%BD+4%E5%8F%A3%E3%82%AB%E3%83%8E%E3%82%B3+%E3%83%AA%E3%83%96%E5%88%87%E6%9B%BF+%E3%82%AE%E3%82%B6%E3%82%AE%E3%82%B6%E3%83%9C%E3%83%BC%E3%83%80%E3%83%BC%E6%9F%84+%E7%B7%8F%E6%9F%84+%E5%8D%8A%E8%A2%96+%E3%83%9D%E3%83%AD%E3%82%B7%E3%83%A3%E3%83%84+%E3%82%B4%E3%83%AB%E3%83%95%E3%82%A6%E3%82%A7%E3%82%A2+053-2160601+%E5%AE%9A%E4%BE%A12%E4%B8%87+%E7%8B%99%E3%82%8F+%E3%83%9B%E3%83%AF%E3%82%A4%E3%83%88+%E3%83%A9%E3%82%A4%E3%83%A0%E3%82%B0%E3%83%AA%E3%83%BC%E3%83%B3+4-01+5-02+6-03+%E2%96%B2023%E2%96%BC50403w14 HTTP/1.1" 200 55298 "-" "Mozilla/5.0 (Linux; Android 6.0.1; Nexus 5X Build/MMB29P) AppleWebKit/537.36 (KHTML, like Gecko) Chrome/135.0.7049.95 Mobile Safari/537.36 (compatible; Googlebot/2.1; +http://www.google.com/bot.html)"
66.249.73.101 - - [25/Apr/2025:22:13:49 -0400] "GET /?i=3168211667500&channel=13201b&from=form.php%3Fid%3D116675-5617%26name%3DL%2A%E3%81%99%E6%A7%98+%E3%82%B7%E3%83%A3%E3%82%A4%E3%83%B3%E3%83%9E%E3%82%B9%E3%82%AB%E3%83%83%E3%83%88%E3%83%9C%E3%83%B3%E3%83%9C%E3%83%B3+13%E8%A2%8B%E3%82%BB%E3%83%83%E3%83%88 HTTP/1.1" 200 54016 "-" "Mozilla/5.0 (Linux; Android 6.0.1; Nexus 5X Build/MMB29P) AppleWebKit/537.36 (KHTML, like Gecko) Chrome/135.0.7049.95 Mobile Safari/537.36 (compatible; Googlebot/2.1; +http://www.google.com/bot.html)"
66.249.74.11 - - [25/Apr/2025:22:13:56 -0400] "GET /896901082782.shtml HTTP/1.1" 200 0 "-" "Mozilla/5.0 (Linux; Android 6.0.1; Nexus 5X Build/MMB29P) AppleWebKit/537.36 (KHTML, like Gecko) Chrome/135.0.7049.95 Mobile Safari/537.36 (compatible; GoogleOther)"
66.249.73.102 - - [25/Apr/2025:22:14:10 -0400] "GET /90280148745.shtml HTTP/1.1" 200 52889 "-" "Mozilla/5.0 (Linux; Android 6.0.1; Nexus 5X Build/MMB29P) AppleWebKit/537.36 (KHTML, like Gecko) Chrome/135.0.7049.95 Mobile Safari/537.36 (compatible; Googlebot/2.1; +http://www.google.com/bot.html)"
66.249.73.101 - - [25/Apr/2025:22:14:15 -0400] "GET /?i=2099768521301&channel=f08765&from=news.php%3Fid%3D685213-9766%26name%3D%E3%83%99%E3%83%AB%E3%83%8A%E3%83%BC%E3%83%AB%E3%83%BB%E3%83%93%E3%83%A5%E3%83%83%E3%83%95%E3%82%A7%E3%80%81%E3%80%8CTravesti%E3%80%8D%E3%80%81%E5%B8%8C%E5%B0%91%E7%94%BB%E9%9B%86%E3%81%AE%E9%A1%8D%E8%A3%85%E7%94%BB%E3%80%81%E4%BA%BA%E6%B0%97%E4%BD%9C%E5%93%81%E3%80%81%E3%82%AA%E3%83%BC%E3%83%80%E3%83%BC%E3%83%9E%E3%83%83%E3%83%88%E4%BB%98%E3%83%BB%E6%97%A5%E6%9C%AC%E8%A3%BD%E6%96%B0%E5%93%81%E9%A1%8D%E5%85%A5%E3%82%8A%E3%80%81Bernard+Buffet HTTP/1.1" 200 54003 "-" "Mozilla/5.0 (Linux; Android 6.0.1; Nexus 5X Build/MMB29P) AppleWebKit/537.36 (KHTML, like Gecko) Chrome/135.0.7049.95 Mobile Safari/537.36 (compatible; Googlebot/2.1; +http://www.google.com/bot.html)"
66.249.73.102 - - [25/Apr/2025:22:14:18 -0400] "GET /?i=90002150332205&channel=c2af2c&from=pin.php%3Fid%3D1503322-10961%26name%3D%E7%94%B7%E6%80%A7%E3%81%A8%E5%A5%B3%E6%80%A7%E3%81%AE%E9%BC%A0%E5%BE%84%E9%83%A8%E3%83%98%E3%83%AB%E3%83%8B%E3%82%A2%E3%82%B9%E3%83%86%E3%83%B3%E3%83%88I%E3%81%AE%E5%B7%A6%E5%81%B4%E3%81%BE%E3%81%9F%E3%81%AF%E5%8F%B3%E5%81%B4%E3%81%AF%E3%80%81%E7%94%B7%E6%80%A7%E3%81%AE%E9%BC%A0%E5%BE%84%E9%83%A8%EF%BD%9C%E8%A1%93%E5%BE%8C%E3%83%98%E3%83%AB%E3%83%8B%E3%82%A2%E3%82%B9%E3%83%86%E3%83%B3%E3%83%88%E3%81%AB%E4%BD%BF%E7%94%A8%E3%81%95%E3%82%8C%E3%80%81%EF%BD%9C%E9%BC%A0%E5%BE%84%E9%83%A8%E3%83%90%E3%83%B3%E3%83%89%E3%82%92%E5%AE%8C%E5%85%A8%E3%81%AB%E8%AA%BF%E6%95%B4%E5%8F%AF%E8%83%BD HTTP/1.1" 200 54317 "-" "Mozilla/5.0 (Linux; Android 6.0.1; Nexus 5X Build/MMB29P) AppleWebKit/537.36 (KHTML, like Gecko) Chrome/135.0.7049.95 Mobile Safari/537.36 (compatible; Googlebot/2.1; +http://www.google.com/bot.html)"
66.249.74.12 - - [25/Apr/2025:22:14:32 -0400] "GET /591041610488.shtml HTTP/1.1" 200 0 "-" "Mozilla/5.0 (Linux; Android 6.0.1; Nexus 5X Build/MMB29P) AppleWebKit/537.36 (KHTML, like Gecko) Chrome/135.0.7049.95 Mobile Safari/537.36 (compatible; GoogleOther)"
40.77.167.35 - - [25/Apr/2025:22:14:36 -0400] "GET /?i=2456426243312&channel=9b0c7f&from=blog.php%3Fid%3D262433-11145%26name%3D%E3%80%8E%E6%B0%B4%E8%96%AB%E3%80%8F%E9%AB%98%E5%93%81%E8%B3%AA%E3%83%A9%E3%83%AA%E3%83%9E%E3%83%BC%E3%81%AE%E3%83%9E%E3%82%AF%E3%83%A9%E3%83%A1%E3%83%9A%E3%83%B3%E3%83%80%E3%83%B3%E3%83%88%E3%83%8D%E3%83%83%E3%82%AF%E3%83%AC%E3%82%B9 HTTP/1.1" 200 0 "-" "Mozilla/5.0 AppleWebKit/537.36 (KHTML, like Gecko; compatible; bingbot/2.0; +http://www.bing.com/bingbot.htm) Chrome/116.0.1938.76 Safari/537.36"
52.167.144.212 - - [25/Apr/2025:22:14:43 -0400] "GET /?i=47812196706500&channel=3214d7&from=shared.php%3Fid%3D1967065-1404%26name%3D%E3%83%88%E3%83%AC%E3%83%BC%E3%83%8A%E3%83%BC+%E3%82%B9%E3%82%A6%E3%82%A7%E3%83%83%E3%83%88+UA%E3%83%A9%E3%82%A4%E3%83%90%E3%83%AB%E3%83%86%E3%83%AA%E3%83%BC+%E3%83%95%E3%83%BC%E3%83%87%E3%82%A3%EF%BC%88%E3%83%88%E3%83%AC%E3%83%BC%E3%83%8B%E3%83%B3%E3%82%B0%2F%E3%83%A1%E3%83%B3%E3%82%BA%EF%BC%89+%E3%83%A1%E3%83%B3%E3%82%BA HTTP/1.1" 200 0 "-" "Mozilla/5.0 AppleWebKit/537.36 (KHTML, like Gecko; compatible; bingbot/2.0; +http://www.bing.com/bingbot.htm) Chrome/116.0.1938.76 Safari/537.36"
66.249.73.101 - - [25/Apr/2025:22:14:43 -0400] "GET /?i=3226797290000&channel=2f465c&from=shop.php%3Fid%3D972900-574%26name%3D%E3%80%90tak178%E6%A7%98%E5%B0%82%E7%94%A8%E3%80%91%E3%82%B9%E3%83%AB%E3%82%AC%E3%82%B9%E3%83%94%E3%83%BC%E3%83%89+%E3%83%9E%E3%83%95%E3%83%A9%E3%83%BC+%E5%BB%83%E7%9B%A4+GRB+%E3%82%A4%E3%83%B3%E3%83%97%E3%83%AC%E3%83%83%E3%82%B5 HTTP/1.1" 200 0 "-" "Mozilla/5.0 (Linux; Android 6.0.1; Nexus 5X Build/MMB29P) AppleWebKit/537.36 (KHTML, like Gecko) Chrome/135.0.7049.95 Mobile Safari/537.36 (compatible; GoogleOther)"
40.77.167.35 - - [25/Apr/2025:22:14:57 -0400] "GET /?i=2757175858401&channel=a30cce&from=shared.php%3Fid%3D758584-9785%26name%3D%E5%B1%B1%E5%96%84%E6%9C%AC%E6%A3%9A%E3%82%AA%E3%83%BC%E3%83%97%E3%83%B3%E3%83%A9%E3%83%83%E3%82%AF+8%E6%AE%B5%E5%B9%8590.5%E2%9C%95%E5%A5%A5%E8%A1%8C29%E2%9C%95%E9%AB%98%E3%81%95184cm+%E8%80%90%E8%8D%B7%E9%87%8D90kg+%E5%8F%AF%E5%8B%95%E6%A3%9A%E3%83%A9%E3%82%A4%E3%83%88%E3%83%96%E3%83%A9%E3%82%A6%E3%83%B3+CPB-1890J%EF%BC%88LBR%EF%BC%89 HTTP/1.1" 200 0 "-" "Mozilla/5.0 AppleWebKit/537.36 (KHTML, like Gecko; compatible; bingbot/2.0; +http://www.bing.com/bingbot.htm) Chrome/116.0.1938.76 Safari/537.36"
40.77.167.35 - - [25/Apr/2025:22:14:59 -0400] "GET /?i=84881196220305&channel=4cab21&from=blog.php%3Fid%3D1962203-31983%26name%3D%E3%82%AB%E3%83%BC%E3%82%AF%E3%83%AA%E3%83%BC%E3%83%8B%E3%83%B3%E3%82%B0%E3%83%9F%E3%83%83%E3%83%88+-+%E6%B4%97%E8%BB%8A%E6%89%8B%E8%A2%8B+%7C+%E6%B4%97%E8%BB%8A%E7%94%A8%E3%82%A6%E3%82%A9%E3%83%83%E3%82%B7%E3%83%A5%E3%83%9F%E3%83%83%E3%83%88+%7C+%E5%82%B7%E3%81%8C%E3%81%A4%E3%81%8B%E3%81%AA%E3%81%84+%E9%AB%98%E5%90%B8%E5%8F%8E%E6%80%A7%E3%81%AE%E3%82%A6%E3%82%A9%E3%83%83%E3%82%B7%E3%83%A5%E3%83%9F%E3%83%83%E3%83%88+%7C+%E4%BA%BA%E9%96%93%E5%B7%A5%E5%AD%A6%E3%81%AB%E5%9F%BA%E3%81%A5%E3%81%84 HTTP/1.1" 200 0 "-" "Mozilla/5.0 AppleWebKit/537.36 (KHTML, like Gecko; compatible; bingbot/2.0; +http://www.bing.com/bingbot.htm) Chrome/116.0.1938.76 Safari/537.36"
66.249.74.11 - - [25/Apr/2025:22:15:04 -0400] "GET /6032182200.shtml HTTP/1.1" 200 0 "-" "Mozilla/5.0 (Linux; Android 6.0.1; Nexus 5X Build/MMB29P) AppleWebKit/537.36 (KHTML, like Gecko) Chrome/135.0.7049.95 Mobile Safari/537.36 (compatible; GoogleOther)"
66.249.73.103 - - [25/Apr/2025:22:15:11 -0400] "GET /74273150117.shtml HTTP/1.1" 200 52904 "-" "Mozilla/5.0 (Linux; Android 6.0.1; Nexus 5X Build/MMB29P) AppleWebKit/537.36 (KHTML, like Gecko) Chrome/135.0.7049.95 Mobile Safari/537.36 (compatible; Googlebot/2.1; +http://www.google.com/bot.html)"
66.249.73.101 - - [25/Apr/2025:22:15:17 -0400] "GET /?i=14871172298500&channel=7d2d08&from=goods.php%3Fid%3D1722985-28817%26name%3DToyvian+12%E5%80%8B+%E3%83%90%E3%83%89%E3%83%9F%E3%83%B3%E3%83%88%E3%83%B3+%E3%82%B7%E3%83%A3%E3%83%88%E3%83%AB%E3%82%B3%E3%83%83%E3%82%AF+%E3%83%94%E3%83%83%E3%82%AB%E3%83%BC+%E3%83%88%E3%83%AC%E3%83%BC%E3%83%8B%E3%83%B3%E3%82%B0+%E3%83%84%E3%83%BC%E3%83%AB+%E3%83%95%E3%82%A9%E3%83%BC%E3%83%A0 HTTP/1.1" 200 54429 "-" "Mozilla/5.0 (Linux; Android 6.0.1; Nexus 5X Build/MMB29P) AppleWebKit/537.36 (KHTML, like Gecko) Chrome/135.0.7049.95 Mobile Safari/537.36 (compatible; Googlebot/2.1; +http://www.google.com/bot.html)"
66.249.73.102 - - [25/Apr/2025:22:15:20 -0400] "GET /?i=2424949051400&channel=402d74&from=category-info.php%3Fid%3D490514-5175%26name%3D40S+U.S.ARMY+M-43+MACKINAW+COAT+38 HTTP/1.1" 200 53076 "-" "Mozilla/5.0 (Linux; Android 6.0.1; Nexus 5X Build/MMB29P) AppleWebKit/537.36 (KHTML, like Gecko) Chrome/135.0.7049.95 Mobile Safari/537.36 (compatible; Googlebot/2.1; +http://www.google.com/bot.html)"
66.249.74.11 - - [25/Apr/2025:22:15:23 -0400] "GET /127521218046.shtml HTTP/1.1" 200 0 "-" "Mozilla/5.0 (Linux; Android 6.0.1; Nexus 5X Build/MMB29P) AppleWebKit/537.36 (KHTML, like Gecko) Chrome/135.0.7049.95 Mobile Safari/537.36 (compatible; GoogleOther)"
66.249.73.101 - - [25/Apr/2025:22:15:38 -0400] "GET /?i=7407092757402&channel=89ec14&from=form.php%3Fid%3D927574-20306%26name%3D%E4%B8%89%E7%B7%9A%E6%9C%AC%E4%BD%93+%E8%9B%87%E7%9A%AE HTTP/1.1" 200 0 "-" "Mozilla/5.0 (Linux; Android 6.0.1; Nexus 5X Build/MMB29P) AppleWebKit/537.36 (KHTML, like Gecko) Chrome/135.0.7049.95 Mobile Safari/537.36 (compatible; GoogleOther)"
40.77.167.35 - - [25/Apr/2025:22:15:47 -0400] "GET /?i=7462748548105&channel=7e368d&from=blog.php%3Fid%3D485481-12997%26name%3DYAMAHA%E4%BB%98%E5%B1%9E%E3%80%80%E3%83%88%E3%83%A0%E3%82%BD%E3%83%B3%E6%A4%85%E5%AD%90%E3%80%80%E5%A1%97%E8%A3%85%E8%A3%9C%E4%BF%AE%E3%80%80%E3%83%94%E3%82%A2%E3%83%8E%E6%A4%85%E5%AD%90%E3%80%80%E3%82%A2%E3%83%83%E3%83%97%E3%83%A9%E3%82%A4%E3%83%88 HTTP/1.1" 200 0 "-" "Mozilla/5.0 AppleWebKit/537.36 (KHTML, like Gecko; compatible; bingbot/2.0; +http://www.bing.com/bingbot.htm) Chrome/116.0.1938.76 Safari/537.36"
52.167.144.212 - - [25/Apr/2025:22:15:52 -0400] "GET /?i=0786121798510&channel=eec26e&from=category-info.php%3Fid%3D217985-8344%26name%3D%E2%AD%90%EF%B8%8F%E3%83%91%E3%83%81%E3%83%B3%E3%82%B3%E5%8F%B0%E5%AE%9F%E6%A9%9F%EF%BC%8A%E3%83%95%E3%83%AB%E3%82%AA%E3%83%BC%E3%83%88%E4%BB%95%E6%A7%98%2B%E5%90%84%E6%89%80%E7%A8%BC%E5%83%8D%E9%83%A8ONOFF%EF%BC%8A%EF%BC%B0%E7%89%99%E7%8B%BC%E6%9C%88%E8%99%B9%E3%83%8E%E6%97%85%E4%BA%BA%E7%B5%86%E9%80%81%E6%96%99%E8%BE%BC HTTP/1.1" 200 0 "-" "Mozilla/5.0 AppleWebKit/537.36 (KHTML, like Gecko; compatible; bingbot/2.0; +http://www.bing.com/bingbot.htm) Chrome/116.0.1938.76 Safari/537.36"
66.249.74.11 - - [25/Apr/2025:22:15:54 -0400] "GET /99728516801.shtml HTTP/1.1" 200 0 "-" "Mozilla/5.0 (Linux; Android 6.0.1; Nexus 5X Build/MMB29P) AppleWebKit/537.36 (KHTML, like Gecko) Chrome/135.0.7049.95 Mobile Safari/537.36 (compatible; GoogleOther)"
66.249.73.101 - - [25/Apr/2025:22:15:58 -0400] "GET /?i=9202195236100&channel=dd4676&from=pin.php%3Fid%3D952361-2426%26name%3D%E3%80%90%E6%84%9B%E5%93%81%E9%A4%A8%E5%85%AB%E5%8D%83%E4%BB%A3%E5%BA%97%E3%80%91%E5%84%AA%E7%BE%8E%E3%81%AA%E6%84%8F%E5%8C%A0%E3%81%AE3%E6%AE%B5%E3%83%81%E3%82%A7%E3%82%B9%E3%83%88 HTTP/1.1" 200 55870 "-" "Mozilla/5.0 (Linux; Android 6.0.1; Nexus 5X Build/MMB29P) AppleWebKit/537.36 (KHTML, like Gecko) Chrome/135.0.7049.95 Mobile Safari/537.36 (compatible; Googlebot/2.1; +http://www.google.com/bot.html)"
66.249.74.13 - - [25/Apr/2025:22:16:27 -0400] "GET /28789881163.shtml HTTP/1.1" 200 0 "-" "Mozilla/5.0 (Linux; Android 6.0.1; Nexus 5X Build/MMB29P) AppleWebKit/537.36 (KHTML, like Gecko) Chrome/135.0.7049.95 Mobile Safari/537.36 (compatible; GoogleOther)"
52.167.144.212 - - [25/Apr/2025:22:16:42 -0400] "GET /?i=98012116551904&channel=787a41&from=jp.php%3Fid%3D1165519-2561%26name%3D%E6%8A%98%E3%82%8A%E7%95%B3%E3%81%BF%E5%BC%8F+%E3%82%AC%E3%83%BC%E3%83%87%E3%83%B3%E3%83%99%E3%83%B3%E3%83%81+%E3%83%99%E3%83%B3%E3%83%81%E3%83%81%E3%82%A7%E3%82%A2%E3%83%BC+%E9%95%B7%E6%A4%85%E5%AD%90+%E6%9C%A8%E8%A3%BD+%E5%BE%85%E5%90%88%E3%82%BD%E3%83%95%E3%82%A1%E3%83%BC+%E3%82%B5%E3%82%A4%E3%83%89%E3%83%86%E3%83%BC%E3%83%96%E3%83%AB%E4%BB%98%E3%81%8D+%E3%82%AB%E3%83%95%E3%82%A7%E3%83%81%E3%82%A7%E3%82%A2+%E6%A8%AA%E4%B8%A6%E3%81%B3+%E6%8A%98%E3%82%8A%E3%81%9F%E3%81%9F%E3%81%BF+%E6%8A%98%E7%95%B3+%E3%83%95%E3%82%A9%E3%83%BC%E3%83%AB%E3%83%87%E3%82%A3%E3%83%B3%E3%82%B0+%E3%83%91%E3%83%BC%E3%82%AF%E3%83%99%E3%83%B3%E3%83%81 HTTP/1.1" 200 0 "-" "Mozilla/5.0 AppleWebKit/537.36 (KHTML, like Gecko; compatible; bingbot/2.0; +http://www.bing.com/bingbot.htm) Chrome/116.0.1938.76 Safari/537.36"
66.249.74.12 - - [25/Apr/2025:22:17:07 -0400] "GET /87896365013.shtml HTTP/1.1" 200 0 "-" "Mozilla/5.0 (Linux; Android 6.0.1; Nexus 5X Build/MMB29P) AppleWebKit/537.36 (KHTML, like Gecko) Chrome/135.0.7049.95 Mobile Safari/537.36 (compatible; GoogleOther)"
66.249.73.101 - - [25/Apr/2025:22:17:26 -0400] "GET /79963349999.shtml HTTP/1.1" 200 54304 "-" "Mozilla/5.0 (Linux; Android 6.0.1; Nexus 5X Build/MMB29P) AppleWebKit/537.36 (KHTML, like Gecko) Chrome/135.0.7049.95 Mobile Safari/537.36 (compatible; Googlebot/2.1; +http://www.google.com/bot.html)"
40.77.167.47 - - [25/Apr/2025:22:17:31 -0400] "GET /?i=41824184984304&channel=3f8000&from=brands.php%3Fid%3D1849843-30418%26name%3D%E3%82%B9%E3%83%86%E3%83%B3%E3%83%AC%E3%82%B9%E9%8B%BC%E3%83%9E%E3%83%AA%E3%83%B3%E7%87%83%E6%96%99%E3%83%AC%E3%83%99%E3%83%AB%E3%82%B2%E3%83%BC%E3%82%B8%E3%82%BB%E3%83%B3%E3%82%B5%E3%83%BC%E3%83%95%E3%82%A3%E3%83%83%E3%83%88%E3%83%9C%E3%83%BC%E3%83%88%E8%BB%8A%E7%87%83%E6%96%99%E3%83%AC%E3%83%99%E3%83%AB%E3%82%B2%E3%83%BC%E3%82%B8%E3%83%A1%E3%83%BC%E3%82%BF%E3%83%BC+0-190+%E3%82%AA%E3%83%BC%E3%83%A0%E8%B5%A4%E3%83%90%E3%83%83%E3%82%AF%E3%83%A9%E3%82%A4%E3%83%88%2C%E5%AE%89%E5%AE%9A%E3%81%97%E3%81%9F%E5%87%BA%E5%8A%9B%E4%BF%A1 HTTP/1.1" 200 0 "-" "Mozilla/5.0 AppleWebKit/537.36 (KHTML, like Gecko; compatible; bingbot/2.0; +http://www.bing.com/bingbot.htm) Chrome/116.0.1938.76 Safari/537.36"
66.249.73.101 - - [25/Apr/2025:22:17:32 -0400] "GET /93027765438.shtml HTTP/1.1" 200 54820 "-" "Mozilla/5.0 (Linux; Android 6.0.1; Nexus 5X Build/MMB29P) AppleWebKit/537.36 (KHTML, like Gecko) Chrome/135.0.7049.95 Mobile Safari/537.36 (compatible; Googlebot/2.1; +http://www.google.com/bot.html)"
66.249.73.101 - - [25/Apr/2025:22:17:36 -0400] "GET /11892677136.shtml HTTP/1.1" 200 53838 "-" "Mozilla/5.0 (Linux; Android 6.0.1; Nexus 5X Build/MMB29P) AppleWebKit/537.36 (KHTML, like Gecko) Chrome/135.0.7049.95 Mobile Safari/537.36 (compatible; Googlebot/2.1; +http://www.google.com/bot.html)"
40.77.167.47 - - [25/Apr/2025:22:17:51 -0400] "GET /?i=6609050836405&channel=d85b95&from=goods.php%3Fid%3D508364-4867%26name%3D%E6%96%B0%E5%93%81%E9%80%81%E6%96%99%E7%84%A1%E6%96%994%E5%8F%B7%E3%82%B1%E3%82%A4%E3%83%88%E3%82%B9%E3%83%9A%E3%83%BC%E3%83%89%E3%83%8B%E3%83%A5%E3%83%BC%E3%83%A8%E3%83%BC%E3%82%AF%E3%82%B9%E3%82%AD%E3%83%A3%E3%82%BF%E3%83%BC%E3%83%89%E3%82%B9%E3%82%BF%E3%83%BC%E3%82%BA+%E3%82%B7%E3%83%A3%E3%83%84%E3%83%89%E3%83%AC%E3%82%B9 HTTP/1.1" 200 0 "-" "Mozilla/5.0 AppleWebKit/537.36 (KHTML, like Gecko; compatible; bingbot/2.0; +http://www.bing.com/bingbot.htm) Chrome/116.0.1938.76 Safari/537.36"
66.249.73.103 - - [25/Apr/2025:22:18:12 -0400] "GET /09021289246.shtml HTTP/1.1" 200 0 "-" "Mozilla/5.0 (Linux; Android 6.0.1; Nexus 5X Build/MMB29P) AppleWebKit/537.36 (KHTML, like Gecko) Chrome/135.0.7049.95 Mobile Safari/537.36 (compatible; GoogleOther)"
66.249.73.102 - - [25/Apr/2025:22:18:46 -0400] "GET /?i=1954763972407&channel=bb94ff&from=blog.php%3Fid%3D639724-5017%26name%3DRASIK+%E3%83%99%E3%83%83%E3%83%89+%E3%82%BB%E3%83%9F%E3%83%80%E3%83%96%E3%83%AB+%E3%81%84%E3%81%AA%E3%81%9D+%E3%83%99%E3%83%83%E3%83%89%E3%83%95%E3%83%AC%E3%83%BC%E3%83%A0%E3%81%AE%E3%81%BF+%E3%82%B0%E3%83%AC%E3%83%BC%E3%82%B8%E3%83%A5+%E3%81%99%E3%81%AE%E3%81%93%E3%83%99%E3%83%83%E3%83%89+%E8%80%90%E8%8D%B7%E9%87%8D650kg+%E9%A0%91%E4%B8%88+%E3%83%99%E3%83%83%E3%83%88+3%E6%AE%B5%E9%9A%8E+%E9%AB%98%E3%81%95%E8%AA%BF%E6%95%B4+%E6%A3%9A HTTP/1.1" 200 54064 "-" "Mozilla/5.0 (Linux; Android 6.0.1; Nexus 5X Build/MMB29P) AppleWebKit/537.36 (KHTML, like Gecko) Chrome/135.0.7049.95 Mobile Safari/537.36 (compatible; Googlebot/2.1; +http://www.google.com/bot.html)"
66.249.73.101 - - [25/Apr/2025:22:18:57 -0400] "GET /520601594033.shtml HTTP/1.1" 200 51699 "-" "Mozilla/5.0 (Linux; Android 6.0.1; Nexus 5X Build/MMB29P) AppleWebKit/537.36 (KHTML, like Gecko) Chrome/135.0.7049.95 Mobile Safari/537.36 (compatible; Googlebot/2.1; +http://www.google.com/bot.html)"
66.249.73.101 - - [25/Apr/2025:22:19:00 -0400] "GET /970421258601.shtml HTTP/1.1" 200 54226 "-" "Mozilla/5.0 (Linux; Android 6.0.1; Nexus 5X Build/MMB29P) AppleWebKit/537.36 (KHTML, like Gecko) Chrome/135.0.7049.95 Mobile Safari/537.36 (compatible; Googlebot/2.1; +http://www.google.com/bot.html)"
20.15.133.174 - - [25/Apr/2025:22:19:15 -0400] "GET /?i=1060485963901&channel=784d1b&from=article.php%3Fid%3D859639-456%26name%3D%E3%80%90%E8%BB%BD%E3%83%88%E3%83%A9%E3%83%83%E3%82%AF%E8%B2%B8%E5%87%BA%E3%82%B5%E3%83%BC%E3%83%93%E3%82%B9%E6%9C%89%E3%80%912%E4%BA%BA%E6%8E%9B%E3%81%91%E3%82%BD%E3%83%95%E3%82%A1%E3%83%BC%E3%80%80%E7%A8%8B%E5%BA%A6C HTTP/1.1" 200 0 "-" "Mozilla/5.0 AppleWebKit/537.36 (KHTML, like Gecko; compatible; bingbot/2.0; +http://www.bing.com/bingbot.htm) Chrome/116.0.1938.76 Safari/537.36"
66.249.73.101 - - [25/Apr/2025:22:19:18 -0400] "GET /82847988757.shtml HTTP/1.1" 200 54067 "-" "Mozilla/5.0 (Linux; Android 6.0.1; Nexus 5X Build/MMB29P) AppleWebKit/537.36 (KHTML, like Gecko) Chrome/135.0.7049.95 Mobile Safari/537.36 (compatible; Googlebot/2.1; +http://www.google.com/bot.html)"
40.77.167.47 - - [25/Apr/2025:22:19:21 -0400] "GET /?i=91035180627801&channel=a6d580&from=pin.php%3Fid%3D1806278-17051%26name%3D%E3%83%88%E3%82%AF%E3%82%BD%E3%83%BC%E6%8A%80%E7%A0%94+%E3%82%A2%E3%83%A2%E3%83%AC%E3%82%B1%E3%82%A2%E3%83%81%E3%83%A5%E3%83%BC%E3%83%969%E6%9C%AC%E3%82%BB%E3%83%83%E3%83%88 HTTP/1.1" 200 0 "-" "Mozilla/5.0 AppleWebKit/537.36 (KHTML, like Gecko; compatible; bingbot/2.0; +http://www.bing.com/bingbot.htm) Chrome/116.0.1938.76 Safari/537.36"
66.249.73.101 - - [25/Apr/2025:22:19:22 -0400] "GET /96165540530.shtml HTTP/1.1" 200 53034 "-" "Mozilla/5.0 (Linux; Android 6.0.1; Nexus 5X Build/MMB29P) AppleWebKit/537.36 (KHTML, like Gecko) Chrome/135.0.7049.95 Mobile Safari/537.36 (compatible; Googlebot/2.1; +http://www.google.com/bot.html)"
66.249.73.101 - - [25/Apr/2025:22:19:27 -0400] "GET /?i=01988176920306&channel=d2046c&from=form.php%3Fid%3D1769203-29526%26name%3D%5BMAKAY%5D+%E4%BD%9C%E3%82%8A%E7%9B%B4%E3%81%9D+%E3%83%90%E3%83%AC%E3%83%BC%E3%83%9C%E3%83%BC%E3%83%AB%E3%82%B7%E3%83%A5%E3%83%BC%E3%82%BA+%E3%83%A1%E3%83%B3%E3%82%BA+%E3%83%AC%E3%83%87%E3%82%A3%E3%83%BC%E3%82%B9+%E3%82%B8%E3%83%A5%E3%83%8B%E3%82%A2+%E4%BD%93%E8%82%B2%E9%A4%A8%E3%82%B7%E3%83%A5%E3%83%BC%E3%82%BA+%E5%A4%A7%E4%BA%BA+%E9%83%A8%E6%B4%BB+%E5%B1%8B%E5%86%85+%E5%B9%85%E5%BA%83+%E8%BB%BD%E9%87%8F+%E3%83%90%E3%83%89%E3%83%9F%E3%83%B3%E3%83%88%E3%83%B3%E3%82%B7%E3%83%A5%E3%83%BC HTTP/1.1" 200 54461 "-" "Mozilla/5.0 (Linux; Android 6.0.1; Nexus 5X Build/MMB29P) AppleWebKit/537.36 (KHTML, like Gecko) Chrome/135.0.7049.95 Mobile Safari/537.36 (compatible; Googlebot/2.1; +http://www.google.com/bot.html)"
66.249.73.101 - - [25/Apr/2025:22:19:35 -0400] "GET /?i=88917197355704&channel=0cd4b9&from=info.php%3Fid%3D1973557-15380%26name%3D%E5%A4%A7%E3%81%8D%E3%82%81%E3%83%AC%E3%83%83%E3%82%B9%E3%83%B3%E3%83%90%E3%83%83%E3%82%B0%E3%80%80%E3%82%AD%E3%83%A9%E3%82%AD%E3%83%A9%E3%82%AC%E3%83%BC%E3%83%AB%E3%82%BA%E3%80%80993+%E7%8B%AD%E9%9A%98 HTTP/1.1" 200 52561 "-" "Mozilla/5.0 (Linux; Android 6.0.1; Nexus 5X Build/MMB29P) AppleWebKit/537.36 (KHTML, like Gecko) Chrome/135.0.7049.95 Mobile Safari/537.36 (compatible; Googlebot/2.1; +http://www.google.com/bot.html)"
66.249.74.13 - - [25/Apr/2025:22:19:58 -0400] "GET /910581334928.shtml HTTP/1.1" 200 0 "-" "Mozilla/5.0 (Linux; Android 6.0.1; Nexus 5X Build/MMB29P) AppleWebKit/537.36 (KHTML, like Gecko) Chrome/135.0.7049.95 Mobile Safari/537.36 (compatible; GoogleOther)"
66.249.73.103 - - [25/Apr/2025:22:20:08 -0400] "GET /?i=15840131877112&channel=117e3b&from=category-info.php%3Fid%3D1318771-5731%26name%3D%E3%80%90%E6%B4%97%E6%BF%AF%E6%A9%9F%E3%81%A7%E6%B4%97%E3%81%88%E3%82%8B%E3%80%91%E3%83%8A%E3%82%A4%E3%83%AD%E3%83%B3%E3%82%B9%E3%83%88%E3%83%AC%E3%83%83%E3%83%81%E3%83%91%E3%83%B3%E3%83%84+%E8%A6%8B%E7%B9%95%E3%81%86 HTTP/1.1" 200 52892 "-" "Mozilla/5.0 (Linux; Android 6.0.1; Nexus 5X Build/MMB29P) AppleWebKit/537.36 (KHTML, like Gecko) Chrome/135.0.7049.95 Mobile Safari/537.36 (compatible; Googlebot/2.1; +http://www.google.com/bot.html)"
40.77.167.47 - - [25/Apr/2025:22:20:11 -0400] "GET /?i=690679004607&channel=f9be8c&from=article.php%3Fid%3D90046-5145%26name%3D%E4%BA%BA%E7%94%9F%E3%82%84%E3%82%8A%E3%81%AA%E3%81%8A%E3%81%97%E6%A7%98%E5%B0%82%E7%94%A8%E3%80%80%E3%82%AB%E3%83%BC%E3%83%88%E3%82%B7%E3%83%AA%E3%83%B3%E3%82%B0%E3%80%80%E3%82%AA%E3%83%BC%E3%82%BB%E3%83%B3%E3%83%86%E3%82%A3%E3%83%83%E3%82%AF%E3%80%80%E3%83%A6%E3%83%8B%E3%83%95%E3%82%A9%E3%83%BC%E3%83%A0 HTTP/1.1" 200 0 "-" "Mozilla/5.0 AppleWebKit/537.36 (KHTML, like Gecko; compatible; bingbot/2.0; +http://www.bing.com/bingbot.htm) Chrome/116.0.1938.76 Safari/537.36"
66.249.74.11 - - [25/Apr/2025:22:20:12 -0400] "GET /0524145987.shtml HTTP/1.1" 200 0 "-" "Mozilla/5.0 (Linux; Android 6.0.1; Nexus 5X Build/MMB29P) AppleWebKit/537.36 (KHTML, like Gecko) Chrome/135.0.7049.95 Mobile Safari/537.36 (compatible; GoogleOther)"
66.249.73.102 - - [25/Apr/2025:22:20:16 -0400] "GET /?i=6206263565903&channel=222f54&from=blog.php%3Fid%3D635659-6240%26name%3D%E3%80%90%233UT%234UT%235UT%236UT%E7%94%A8%E3%80%91%E3%82%AD%E3%83%A3%E3%83%AD%E3%82%A6%E3%82%A7%E3%82%A4%E3%82%B9%E3%83%AA%E3%83%BC%E3%83%96%E2%97%8FRAUNE+HYBRID%28%E3%83%A9%E3%82%A6%E3%83%8D+%E3%83%8F%E3%82%A4%E3%83%96%E3%83%AA%E3%83%83%E3%83%89%29H85X%E2%97%8F%E3%83%91%E3%83%A9%E3%83%80%E3%82%A4%E3%83%A0+APEX+BIG+BERTHA+EPIC+SUPER+HYBRID HTTP/1.1" 200 54109 "-" "Mozilla/5.0 (Linux; Android 6.0.1; Nexus 5X Build/MMB29P) AppleWebKit/537.36 (KHTML, like Gecko) Chrome/135.0.7049.95 Mobile Safari/537.36 (compatible; Googlebot/2.1; +http://www.google.com/bot.html)"
66.249.74.11 - - [25/Apr/2025:22:20:17 -0400] "GET /24551579726.shtml HTTP/1.1" 200 52617 "-" "Mozilla/5.0 (Linux; Android 6.0.1; Nexus 5X Build/MMB29P) AppleWebKit/537.36 (KHTML, like Gecko) Chrome/135.0.7049.95 Mobile Safari/537.36 (compatible; Googlebot/2.1; +http://www.google.com/bot.html)"
66.249.73.101 - - [25/Apr/2025:22:20:24 -0400] "GET /2587779268.shtml HTTP/1.1" 200 0 "-" "Mozilla/5.0 (Linux; Android 6.0.1; Nexus 5X Build/MMB29P) AppleWebKit/537.36 (KHTML, like Gecko) Chrome/135.0.7049.95 Mobile Safari/537.36 (compatible; GoogleOther)"
66.249.73.101 - - [25/Apr/2025:22:20:32 -0400] "GET /?i=6023157561902&channel=8ef07c&from=pin.php%3Fid%3D575619-6356%26name%3D%EF%BC%A3%EF%BC%AC%EF%BC%B5%E6%A7%98%E5%B0%82%E7%94%A8+%E3%82%8D%E3%81%86%E3%81%99%E3%82%8B HTTP/1.1" 200 52813 "-" "Mozilla/5.0 (Linux; Android 6.0.1; Nexus 5X Build/MMB29P) AppleWebKit/537.36 (KHTML, like Gecko) Chrome/135.0.7049.95 Mobile Safari/537.36 (compatible; Googlebot/2.1; +http://www.google.com/bot.html)"
66.249.73.101 - - [25/Apr/2025:22:20:35 -0400] "GET /?i=24399122836600&channel=22dae5&from=shared.php%3Fid%3D1228366-7606%26name%3D1511334-SALMING%2F%E3%82%A4%E3%83%B3%E3%83%89%E3%82%A2+%E3%83%8F%E3%83%B3%E3%83%89%E3%83%9C%E3%83%BC%E3%83%AB%E3%82%B7%E3%83%A5%E3%83%BC%E3%82%BA+%E3%83%AA%E3%82%B3%E3%82%A4%E3%83%AB+%E3%82%B3%E3%83%96%E3%83%A9+%E3%83%AC%E3%83%87%E3%82%A3%E3%83%BC%E3%82%B9+RECOIL+%E3%81%B9%E3%81%A8%E3%81%A4%E3%81%84+KOBR HTTP/1.1" 200 54387 "-" "Mozilla/5.0 (Linux; Android 6.0.1; Nexus 5X Build/MMB29P) AppleWebKit/537.36 (KHTML, like Gecko) Chrome/135.0.7049.95 Mobile Safari/537.36 (compatible; Googlebot/2.1; +http://www.google.com/bot.html)"
66.249.73.101 - - [25/Apr/2025:22:20:36 -0400] "GET /?i=4837152487706&channel=4434d3&from=jp.php%3Fid%3D524877-12083%26name%3D%E3%80%90%E6%96%B0%E5%93%81%E6%9C%AA%E4%BD%BF%E7%94%A8%E3%80%91BALMUDA+The+Light+L01A-BK HTTP/1.1" 200 51836 "-" "Mozilla/5.0 (Linux; Android 6.0.1; Nexus 5X Build/MMB29P) AppleWebKit/537.36 (KHTML, like Gecko) Chrome/135.0.7049.95 Mobile Safari/537.36 (compatible; Googlebot/2.1; +http://www.google.com/bot.html)"
40.77.167.35 - - [25/Apr/2025:22:20:37 -0400] "GET /?i=65918191740507&channel=0f582c&from=product.php%3Fid%3D1917405-1430%26name%3D%E9%80%81%E6%96%99%E7%84%A1%E6%96%99+%E3%83%9B%E3%83%AF%E3%82%A4%E3%83%88%E3%83%9C%E3%83%BC%E3%83%89%E7%94%A8%E3%82%A4%E3%83%AC%E3%83%BC%E3%82%B6%E3%83%BC+5%E5%80%8B%E3%82%BB%E3%83%83%E3%83%88+%E3%83%9B%E3%83%AF%E3%82%A4%E3%83%88%E3%83%9C%E3%83%BC%E3%83%89%E3%82%AF%E3%83%AA%E3%83%BC%E3%83%8A%E3%83%BC+%E3%83%9B%E3%83%AF%E3%82%A4%E3%83%88%E3%83%9C%E3%83%BC%E3%83%89%E6%B6%88%E3%81%97+%E7%99%BD%E6%9D%BF%E6%B6%88%E3%81%97+%E3%83%9F%E3%83%8B+%E5%B0%8F%E3%81%95%E3%82%81+%E6%AD%A3%E6%96%B9%E5%BD%A2+%E3%82%AA%E3%83%95%E3%82%A3%E3%82%B9+%E5%AE%B6%E5%BA%AD%E7%94%A8 HTTP/1.1" 200 0 "-" "Mozilla/5.0 AppleWebKit/537.36 (KHTML, like Gecko; compatible; bingbot/2.0; +http://www.bing.com/bingbot.htm) Chrome/116.0.1938.76 Safari/537.36"
66.249.73.101 - - [25/Apr/2025:22:20:37 -0400] "GET /?i=0159179042405&channel=3125f9&from=product.php%3Fid%3D790424-662%26name%3D%E2%97%86IH%E3%83%95%E3%83%A9%E3%82%A4%E3%83%91%E3%83%B3+24cm+%E7%84%A1%E6%AF%92+%3CCORELLE+%E3%82%B3%E3%83%AC%E3%83%BC%E3%83%AB%3E HTTP/1.1" 200 54504 "-" "Mozilla/5.0 (Linux; Android 6.0.1; Nexus 5X Build/MMB29P) AppleWebKit/537.36 (KHTML, like Gecko) Chrome/135.0.7049.95 Mobile Safari/537.36 (compatible; Googlebot/2.1; +http://www.google.com/bot.html)"
66.249.73.101 - - [25/Apr/2025:22:20:38 -0400] "GET /?i=12628121090705&channel=a8ecc9&from=blog.php%3Fid%3D1210907-1347%26name%3DLOUIS+VUITTON+%E3%83%AB%E3%82%A4+%E3%83%B4%E3%82%A3%E3%83%88%E3%83%B3+%E3%83%88%E3%83%AA%E3%82%AA%E3%83%BB%E3%83%A1%E3%83%83%E3%82%BB%E3%83%B3%E3%82%B8%E3%83%A3%E3%83%BC HTTP/1.1" 200 53190 "-" "Mozilla/5.0 (Linux; Android 6.0.1; Nexus 5X Build/MMB29P) AppleWebKit/537.36 (KHTML, like Gecko) Chrome/135.0.7049.95 Mobile Safari/537.36 (compatible; Googlebot/2.1; +http://www.google.com/bot.html)"
66.249.73.101 - - [25/Apr/2025:22:20:39 -0400] "GET /87675993021.shtml HTTP/1.1" 200 0 "-" "Mozilla/5.0 (Linux; Android 6.0.1; Nexus 5X Build/MMB29P) AppleWebKit/537.36 (KHTML, like Gecko) Chrome/135.0.7049.95 Mobile Safari/537.36 (compatible; GoogleOther)"
66.249.73.101 - - [25/Apr/2025:22:20:40 -0400] "GET /?i=5999023725304&channel=cc235f&from=pin.php%3Fid%3D237253-54%26name%3D%E3%80%90%E6%9C%AA%E4%BD%BF%E7%94%A8%E3%80%91Apple+MacBook+Air+13%E3%82%A4%E3%83%B3%E3%83%81+M3%28CPU%3A8C%2FGPU%3A8C%29+16GB%2F256GB+%E3%82%B9%E3%83%9A%E3%83%BC%E3%82%B9%E3%82%B0%E3%83%AC%E3%82%A4+MC8G4J%2FA+%2813%E3%82%A4%E3%83%B3%E3%83%81%2C+M3%2C+2024%29%E3%80%90%E7%A7%8B%E8%91%894%E5%8F%B7%E3%80%91%E4%BF%9D%E8%A8%BC%E6%9C%9F%E9%96%93%EF%BC%93%E3%83%B6%E6%9C%88 HTTP/1.1" 200 55501 "-" "Mozilla/5.0 (Linux; Android 6.0.1; Nexus 5X Build/MMB29P) AppleWebKit/537.36 (KHTML, like Gecko) Chrome/135.0.7049.95 Mobile Safari/537.36 (compatible; Googlebot/2.1; +http://www.google.com/bot.html)"
40.77.167.47 - - [25/Apr/2025:22:20:41 -0400] "GET /?i=93849119230906&channel=fb2db0&from=pin.php%3Fid%3D1192309-10877%26name%3D%E6%96%B0%E7%99%BB%E5%A0%B4%21+%E4%B8%89%E8%8F%B1%E3%83%97%E3%83%AC%E3%83%9F%E3%82%A2%E9%A3%9B%E5%8C%A0%E4%BB%95%E6%A7%98+%E3%83%AF%E3%83%BC%E3%82%AF%E3%82%B9%E3%82%B4%E3%83%AB%E3%83%95+%E3%83%AF%E3%82%A4%E3%83%AB%E3%83%89D-MAX+%E3%82%B9%E3%83%86%E3%83%AB%E3%82%B9+%E3%83%91%E3%83%A9%E3%83%80%E3%82%A4%E3%83%A0+%E3%83%AD%E3%83%BC%E3%82%B0+%E3%82%BC%E3%82%AF%E3%82%B7%E3%82%AA+g430+%E3%82%88%E3%82%8A%E3%83%89%E3%83%A9%E3%82%B3%E3%83%B3%E6%97%A5%E6%9C%AC%E4%B8%80DNA%E3%81%A7%E9%A3%9B%E3%81%B6%21%21 HTTP/1.1" 200 0 "-" "Mozilla/5.0 AppleWebKit/537.36 (KHTML, like Gecko; compatible; bingbot/2.0; +http://www.bing.com/bingbot.htm) Chrome/116.0.1938.76 Safari/537.36"
66.249.73.101 - - [25/Apr/2025:22:20:47 -0400] "GET /?i=29105168509500&channel=f5f432&from=shared.php%3Fid%3D1685095-27352%26name%3D%E6%A4%8D%E7%89%A9%E6%80%A7%E6%B6%88%E8%87%AD%E6%B6%B2+%E3%83%8B%E3%82%AA%E3%82%A4%E3%83%8E%E3%83%B3%E3%83%8E+6cc%C3%9720%E6%9C%AC HTTP/1.1" 200 0 "-" "Mozilla/5.0 (Linux; Android 6.0.1; Nexus 5X Build/MMB29P) AppleWebKit/537.36 (KHTML, like Gecko) Chrome/135.0.7049.95 Mobile Safari/537.36 (compatible; GoogleOther)"
66.249.73.101 - - [25/Apr/2025:22:20:53 -0400] "GET /?i=2982681425606&channel=18fc4d&from=pin.php%3Fid%3D814256-9524%26name%3DKG7HQRP+%E3%83%A2%E3%83%80%E3%83%B3%E3%82%A2%E3%83%AB%E3%83%9F%E3%83%8B%E3%82%A6%E3%83%A0%E3%82%B9%E3%83%97%E3%83%A9%E3%82%A4%E3%82%B7%E3%83%B3%E3%82%B0%E3%83%95%E3%83%A9%E3%83%83%E3%82%B7%E3%83%A5%E3%83%9E%E3%82%A6%E3%83%B3%E3%83%88%E3%82%B7%E3%83%BC%E3%83%AA%E3%83%B3%E3%82%B0%E3%83%A9%E3%82%A4%E3%83%88%E5%99%A8%E5%85%B7+46W+LED+%E4%BD%8F%E3%81%BF%E6%9B%BF%E3%81%88+%E5%B9%BE%E4%BD%95%E5%AD%A6%E7%9A%84%E8%B6%85%E8%96%84%E5%9E%8B%E3%82%B7%E3%83%BC%E3%83%AA%E3%83%B3%E3%82%B0%E3%83%A9%E3%83%B3 HTTP/1.1" 200 55144 "-" "Mozilla/5.0 (Linux; Android 6.0.1; Nexus 5X Build/MMB29P) AppleWebKit/537.36 (KHTML, like Gecko) Chrome/135.0.7049.95 Mobile Safari/537.36 (compatible; Googlebot/2.1; +http://www.google.com/bot.html)"
66.249.73.102 - - [25/Apr/2025:22:20:56 -0400] "GET /918001626156.shtml HTTP/1.1" 200 54191 "-" "Mozilla/5.0 (Linux; Android 6.0.1; Nexus 5X Build/MMB29P) AppleWebKit/537.36 (KHTML, like Gecko) Chrome/135.0.7049.95 Mobile Safari/537.36 (compatible; Googlebot/2.1; +http://www.google.com/bot.html)"
66.249.73.101 - - [25/Apr/2025:22:21:35 -0400] "GET /?i=7687771149203&channel=a5b276&from=info.php%3Fid%3D711492-10563%26name%3D%E3%83%AF%E3%83%BC%E3%82%AF%E3%80%80VSXV+20%E3%82%A4%E3%83%B3%E3%83%81+%E6%88%B8%E6%83%91%E3%81%A3 HTTP/1.1" 200 54413 "-" "Mozilla/5.0 (Linux; Android 6.0.1; Nexus 5X Build/MMB29P) AppleWebKit/537.36 (KHTML, like Gecko) Chrome/135.0.7049.95 Mobile Safari/537.36 (compatible; Googlebot/2.1; +http://www.google.com/bot.html)"
66.249.73.103 - - [25/Apr/2025:22:21:37 -0400] "GET /?i=01423193379301&channel=e5b33c&from=info.php%3Fid%3D1933793-16722%26name%3D%E5%9C%A8%E5%BA%AB%E6%9C%89+DURO+%E3%83%87%E3%83%A5%E3%83%BC%E3%83%AD+4.60-18+460-18+%E3%81%84%E3%82%8D%E3%81%A9%E3%82%89+%E3%83%81%E3%83%A5%E3%83%BC%E3%83%96%E3%82%BF%E3%82%A4%E3%83%A4+HF335+%E3%83%AA%E3%82%A2%E7%94%A8+%E3%83%80%E3%83%B3%E3%83%AD%E3%83%83%E3%83%97OEM%E5%B7%A5%E5%A0%B4 HTTP/1.1" 200 53680 "-" "Mozilla/5.0 (Linux; Android 6.0.1; Nexus 5X Build/MMB29P) AppleWebKit/537.36 (KHTML, like Gecko) Chrome/135.0.7049.95 Mobile Safari/537.36 (compatible; Googlebot/2.1; +http://www.google.com/bot.html)"
66.249.73.102 - - [25/Apr/2025:22:21:56 -0400] "GET /?i=59813119103101&channel=99f909&from=category-info.php%3Fid%3D1191031-2571%26name%3D%E3%83%AD%E3%83%BC%E3%83%87%E3%83%B3+%E4%BD%8F%E3%81%BF%E6%9B%BF%E3%81%88+%E3%83%89%E3%83%AC%E3%83%BC%E3%83%B3%E3%82%AF%E3%83%AA%E3%83%BC%E3%83%8A%E3%83%BC%E7%94%A8+%E3%83%91%E3%83%B3%E3%83%81%E3%82%AB%E3%83%83%E3%82%BF55+%CF%8610%E3%83%BB16mm%E3%83%AF%E3%82%A4%E3%83%A4%E7%94%A8+%281%E5%80%8B%29+%E5%93%81%E7%95%AA%EF%BC%9AR72178 HTTP/1.1" 200 54589 "-" "Mozilla/5.0 (Linux; Android 6.0.1; Nexus 5X Build/MMB29P) AppleWebKit/537.36 (KHTML, like Gecko) Chrome/135.0.7049.95 Mobile Safari/537.36 (compatible; Googlebot/2.1; +http://www.google.com/bot.html)"
66.249.73.103 - - [25/Apr/2025:22:22:02 -0400] "GET /88385720971.shtml HTTP/1.1" 200 55273 "-" "Mozilla/5.0 (Linux; Android 6.0.1; Nexus 5X Build/MMB29P) AppleWebKit/537.36 (KHTML, like Gecko) Chrome/135.0.7049.95 Mobile Safari/537.36 (compatible; Googlebot/2.1; +http://www.google.com/bot.html)"
66.249.73.102 - - [25/Apr/2025:22:22:05 -0400] "GET /?i=72872170826104&channel=b36f66&from=form.php%3Fid%3D1708261-482%26name%3D%E7%8E%84%E9%96%A2%E3%83%9E%E3%83%83%E3%83%88+%E5%B1%8B%E5%A4%96+%E5%AE%A4%E5%86%85+%E3%83%89%E3%82%A2%E3%83%9E%E3%83%83%E3%83%88+%E6%B3%A5%E8%90%BD%E3%81%A8%E3%81%97+%E5%90%B8%E6%B0%B4+%E9%9B%A8%E3%81%AE%E6%97%A5+%E9%A2%A8%E6%B0%B4+%E5%A4%A7%E5%88%A4+%E3%82%AB%E3%83%83%E3%83%88+%E3%81%A7%E3%81%8D%E3%82%8B+%E3%83%A9%E3%82%B0+%E3%83%A9%E3%82%B0%E3%83%9E%E3%83%83%E3%83%88+%E6%B3%A5%E9%99%A4%E3%81%91+%E7%8E%84%E9%96%A2+%E6%B1%9A%E3%82%8C%E9%98%B2%E6%AD%A2+%E6%B4%97%E3%81%88%E3%82%8B+%E6%BB%91%E3%82%8A%E6%AD%A2%E3%82%81%E4%BB%98%E3%81%8D+%E8%B6%B3%E3%81%B5%E3%81%8D%E3%83%9E%E3%83%83%E3%83%88+%E5%B1%8B%E5%A4%96%E3%83%9E%E3%83%83%E3%83%88+%E3%82%AB%E3%83%BC%E3%83%9A%E3%83%83%E3%83%88+%E3%81%8A%E6%89%8B%E5%85%A5%E3%82%8C%E7%B0%A1%E5%8D%98+%E5%8C%97%E6%AC%A7+%E6%A5%AD%E5%8B%99%E7%94%A8+%E5%AE%B6%E5%BA%AD%E7%94%A8+%E3%82%AA%E3%83%95%E3%82%A3%E3%82%B9+%E3%82%AA%E3%82%B7%E3%83%A3%E3%83%AC HTTP/1.1" 200 55231 "-" "Mozilla/5.0 (Linux; Android 6.0.1; Nexus 5X Build/MMB29P) AppleWebKit/537.36 (KHTML, like Gecko) Chrome/135.0.7049.95 Mobile Safari/537.36 (compatible; Googlebot/2.1; +http://www.google.com/bot.html)"
66.249.73.101 - - [25/Apr/2025:22:22:10 -0400] "GET /11897180393.shtml HTTP/1.1" 200 54008 "-" "Mozilla/5.0 (Linux; Android 6.0.1; Nexus 5X Build/MMB29P) AppleWebKit/537.36 (KHTML, like Gecko) Chrome/135.0.7049.95 Mobile Safari/537.36 (compatible; Googlebot/2.1; +http://www.google.com/bot.html)"
66.249.74.11 - - [25/Apr/2025:22:22:11 -0400] "GET /17200337715.shtml HTTP/1.1" 200 0 "-" "Mozilla/5.0 (Linux; Android 6.0.1; Nexus 5X Build/MMB29P) AppleWebKit/537.36 (KHTML, like Gecko) Chrome/135.0.7049.95 Mobile Safari/537.36 (compatible; GoogleOther)"
66.249.73.102 - - [25/Apr/2025:22:22:14 -0400] "GET /?i=52087122816004&channel=4f09f2&from=article.php%3Fid%3D1228160-16237%26name%3D%E5%B0%82%E7%94%A8++%E3%82%A8%E3%83%94%E3%83%95%E3%82%A9%E3%83%B3+%E3%83%AC%E3%82%B9%E3%83%9D%E3%83%BC%E3%83%AB+%E3%82%B9%E3%82%BF%E3%82%B8%E3%82%AA+lt HTTP/1.1" 200 53344 "-" "Mozilla/5.0 (Linux; Android 6.0.1; Nexus 5X Build/MMB29P) AppleWebKit/537.36 (KHTML, like Gecko) Chrome/135.0.7049.95 Mobile Safari/537.36 (compatible; Googlebot/2.1; +http://www.google.com/bot.html)"
66.249.73.101 - - [25/Apr/2025:22:22:16 -0400] "GET /?i=12901197257207&channel=b73ec9&from=category-info.php%3Fid%3D1972572-3228%26name%3D%5B%E3%82%AF%E3%83%B3%E3%82%AB%E3%82%A4%E3%83%B3%E3%83%89%5D+%E3%81%98%E3%81%BF+%E3%83%9C%E3%82%AF%E3%82%B5%E3%83%BC%E3%83%91%E3%83%B3%E3%83%84+%E3%83%A1%E3%83%B3%E3%82%BA+%E3%82%B7%E3%83%A5%E3%83%AC%E3%83%BC%E3%83%87%E3%82%A3%E3%83%B3%E3%82%AC%E3%83%BC%E3%81%AE%E7%8C%AB+%E3%83%9C%E3%82%AF%E3%82%B5%E3%83%BC%E3%83%96%E3%83%AA%E3%83%BC%E3%83%95+%E3%83%A1%E3%83%B3%E3%82%BA+%E3%83%91%E3%83%B3%E3%83%84+%E4%B8%8B%E7%9D%80+%E5%90%B8%E6%B0%B4%E9%80%9F%E4%B9%BE+%E3%83%AD%E3%83%BC%E3%83%A9%E3%82%A4%E3%82%BA HTTP/1.1" 200 53783 "-" "Mozilla/5.0 (Linux; Android 6.0.1; Nexus 5X Build/MMB29P) AppleWebKit/537.36 (KHTML, like Gecko) Chrome/135.0.7049.95 Mobile Safari/537.36 (compatible; Googlebot/2.1; +http://www.google.com/bot.html)"
66.249.73.101 - - [25/Apr/2025:22:22:19 -0400] "GET /?i=0401796374504&channel=5d5146&from=pin.php%3Fid%3D963745-5180%26name%3D%E3%80%90%E4%B8%AD%E5%8F%A4%E3%80%91+%E3%83%80%E3%83%B3%E3%83%AD%E3%83%83%E3%83%97+XXIO%282014%29+12.5%C2%B0+%E3%83%AC%E3%83%87%E3%82%A3%E3%83%BC%E3%82%B9+%E3%83%89%E3%83%A9%E3%82%A4%E3%83%90%E3%83%BC+DR+XXIO+MP800L%28%E3%83%89%E3%83%A9%E3%82%A4%E3%83%90%E3%83%BC%29+%28%E3%83%95%E3%83%AC%E3%83%83%E3%82%AF%E3%82%B9L%29+%E3%83%AC%E3%83%87%E3%82%A3%E3%83%BC%E3%82%B9+%E5%A5%B3%E6%80%A7%E7%94%A8+%E5%8F%B3%E5%88%A9%E3%81%8D+%E5%8F%B3%E7%94%A8+C%E3%83%A9%E3%83%B3%E3%82%AF+%E5%92%8C%E3%81%BE+%E3%82%B4%E3%83%AB%E3%83%95%E3%82%AF%E3%83%A9%E3%83%96 HTTP/1.1" 200 54473 "-" "Mozilla/5.0 (Linux; Android 6.0.1; Nexus 5X Build/MMB29P) AppleWebKit/537.36 (KHTML, like Gecko) Chrome/135.0.7049.95 Mobile Safari/537.36 (compatible; Googlebot/2.1; +http://www.google.com/bot.html)"
66.249.73.101 - - [25/Apr/2025:22:22:21 -0400] "GET /?i=5192920084506&channel=99b96c&from=blog.php%3Fid%3D200845-6683%26name%3D%E3%80%90%E6%96%B0%E5%93%81%E3%80%91%E3%83%A4%E3%83%9E%E3%83%8F+RMX+VD+%2F+%E5%86%99%E3%81%97%E5%8F%96%E3%82%8B+R+%E3%83%89%E3%83%A9%E3%82%A4%E3%83%90%E3%83%BC+10.5%E5%BA%A6+TENSEI+Pro+Blue+1K+50+%E3%83%95%E3%83%AC%E3%83%83%E3%82%AF%E3%82%B9S HTTP/1.1" 200 52908 "-" "Mozilla/5.0 (Linux; Android 6.0.1; Nexus 5X Build/MMB29P) AppleWebKit/537.36 (KHTML, like Gecko) Chrome/135.0.7049.95 Mobile Safari/537.36 (compatible; Googlebot/2.1; +http://www.google.com/bot.html)"
66.249.73.102 - - [25/Apr/2025:22:22:25 -0400] "GET /?i=9079959888900&channel=6ad7a1&from=info.php%3Fid%3D598889-7634%26name%3D%E3%82%AB%E3%83%BC%E3%83%AB%E3%83%84%E3%82%A1%E3%82%A4%E3%82%B9+Vario-Sonnar28-70+F3.5-4.5++MMJ HTTP/1.1" 200 52381 "-" "Mozilla/5.0 (Linux; Android 6.0.1; Nexus 5X Build/MMB29P) AppleWebKit/537.36 (KHTML, like Gecko) Chrome/135.0.7049.95 Mobile Safari/537.36 (compatible; Googlebot/2.1; +http://www.google.com/bot.html)"
66.249.73.101 - - [25/Apr/2025:22:22:27 -0400] "GET /?i=08240151028700&channel=cfdf98&from=brands.php%3Fid%3D1510287-22802%26name%3DShupatto%E3%82%B3%E3%83%B3%E3%83%91%E3%82%AF%E3%83%88%E3%83%90%E3%83%83%E3%82%B0S%E3%83%BB%E4%BC%8A%E6%9D%B1%E5%B1%8B HTTP/1.1" 200 53180 "-" "Mozilla/5.0 (Linux; Android 6.0.1; Nexus 5X Build/MMB29P) AppleWebKit/537.36 (KHTML, like Gecko) Chrome/135.0.7049.95 Mobile Safari/537.36 (compatible; Googlebot/2.1; +http://www.google.com/bot.html)"
66.249.73.102 - - [25/Apr/2025:22:22:28 -0400] "GET /66921193562.shtml HTTP/1.1" 200 53946 "-" "Mozilla/5.0 (Linux; Android 6.0.1; Nexus 5X Build/MMB29P) AppleWebKit/537.36 (KHTML, like Gecko) Chrome/135.0.7049.95 Mobile Safari/537.36 (compatible; Googlebot/2.1; +http://www.google.com/bot.html)"
66.249.73.102 - - [25/Apr/2025:22:22:34 -0400] "GET /?i=709255478904&channel=12d656&from=category-info.php%3Fid%3D54789-4798%26name%3DMLB%E3%82%A8%E3%83%B3%E3%82%B8%E3%82%A7%E3%83%AB%E3%82%B9%E3%80%80%E5%A4%A7%E8%B0%B7%E7%BF%94%E5%B9%B3%E3%80%80%E3%83%9E%E3%82%A4%E3%82%AF%E3%83%BB%E3%83%88%E3%83%A9%E3%82%A6%E3%83%88%E3%80%80%E3%83%9C%E3%83%96%E3%83%AB%E3%83%98%E3%83%83%E3%83%89%E3%80%80%E3%83%90%E3%83%96%E3%83%AB%E3%83%98%E3%83%83%E3%83%89%E3%80%80%E3%83%95%E3%82%A3%E3%82%AE%E3%83%A5%E3%82%A2%E3%80%80%E7%90%83%E5%A0%B4%E9%85%8D%E5%B8%83%E3%80%80%E3%83%88%E3%83%A9%E3%82%A6%E3%82%BF%E3%83%8B%E3%80%80WBC%E3%80%80%E3%83%89%E3%82%B8%E3%83%A3%E3%83%BC%E3%82%B9%E3%80%80%E6%9C%AA%E4%BD%BF%E7%94%A8+%E8%A6%86%E3%81%99 HTTP/1.1" 200 55439 "-" "Mozilla/5.0 (Linux; Android 6.0.1; Nexus 5X Build/MMB29P) AppleWebKit/537.36 (KHTML, like Gecko) Chrome/135.0.7049.95 Mobile Safari/537.36 (compatible; Googlebot/2.1; +http://www.google.com/bot.html)"
66.249.73.101 - - [25/Apr/2025:22:22:35 -0400] "GET /?i=2005974408105&channel=93d3ae&from=info.php%3Fid%3D744081-2086%26name%3DCADUNE+%E3%82%AB%E3%83%87%E3%83%A5%E3%83%8D+%E3%83%90%E3%83%AB%E3%83%BC%E3%83%B3+%E8%86%A8%E5%A4%A7+%E3%83%AA%E3%83%9C%E3%83%B3+%E3%83%91%E3%83%95%E3%82%B9%E3%83%AA%E3%83%BC%E3%83%96+%E3%83%9C%E3%82%A6%E3%82%BF%E3%82%A4+%E3%83%96%E3%83%A9%E3%82%A6%E3%82%B9 HTTP/1.1" 200 52963 "-" "Mozilla/5.0 (Linux; Android 6.0.1; Nexus 5X Build/MMB29P) AppleWebKit/537.36 (KHTML, like Gecko) Chrome/135.0.7049.95 Mobile Safari/537.36 (compatible; Googlebot/2.1; +http://www.google.com/bot.html)"
66.249.73.102 - - [25/Apr/2025:22:22:37 -0400] "GET /?i=7299576804503&channel=8220df&from=jp.php%3Fid%3D768045-1986%26name%3DJohiear%E3%82%A4%E3%83%A4%E3%83%BC%E3%83%98%E3%83%83%E3%83%89%E3%83%95%E3%82%A9%E3%83%B3%E3%80%82+%E7%BD%AE%E3%81%8B HTTP/1.1" 200 54665 "-" "Mozilla/5.0 (Linux; Android 6.0.1; Nexus 5X Build/MMB29P) AppleWebKit/537.36 (KHTML, like Gecko) Chrome/135.0.7049.95 Mobile Safari/537.36 (compatible; Googlebot/2.1; +http://www.google.com/bot.html)"
66.249.73.103 - - [25/Apr/2025:22:22:40 -0400] "GET /?i=8313211625203&channel=743863&from=shared.php%3Fid%3D116252-7522%26name%3DMENs+M++%E3%83%9E%E3%82%B0%E3%83%95%E3%82%A9%E3%83%BC%E3%82%B9+Magforce+%E3%83%88%E3%83%BC%E3%83%AB+%E3%82%B7%E3%82%A7%E3%83%AB+%E3%82%B8%E3%83%A3%E3%82%B1%E3%83%83%E3%83%88+Thor+Shell+Jacket+%E3%83%8F%E3%83%BC%E3%83%89%E3%82%B7%E3%82%A7%E3%83%AB+%E3%83%95%E3%83%BC%E3%83%87%E3%82%A3+%E3%83%9F%E3%83%AA%E3%82%BF%E3%83%AA%E3%83%BC+%E3%82%BF%E3%82%AF%E3%83%86%E3%82%A3%E3%82%AB%E3%83%AB+C-1111+%E3%83%96%E3%83%A9%E3%83%83%E3%82%AF%E7%B3%BB HTTP/1.1" 200 54175 "-" "Mozilla/5.0 (Linux; Android 6.0.1; Nexus 5X Build/MMB29P) AppleWebKit/537.36 (KHTML, like Gecko) Chrome/135.0.7049.95 Mobile Safari/537.36 (compatible; Googlebot/2.1; +http://www.google.com/bot.html)"
66.249.73.102 - - [25/Apr/2025:22:22:40 -0400] "GET /?i=99712127599302&channel=40fde0&from=shop.php%3Fid%3D1275993-9416%26name%3D%E7%B2%98%E5%BA%A6%E8%A8%88%E3%82%AB%E3%83%83%E3%83%97+6%EF%BC%83+DIN+%E6%B5%B8%E6%BC%AC%E3%82%AB%E3%83%83%E3%83%97+%E3%82%A2%E3%83%AB%E3%83%9F%E5%90%88%E9%87%91%E8%A3%BD%E7%B2%98%E5%BA%A6%E3%82%AB%E3%83%83%E3%83%97+%E3%81%A8%E5%AD%94%E5%BE%84+6mm%C2%B10.02mm+%E6%B8%AC%E5%AE%9A%E7%AF%84%E5%9B%B2+300+%EF%BD%9E1500cSt+%E5%A1%97 HTTP/1.1" 200 53099 "-" "Mozilla/5.0 (Linux; Android 6.0.1; Nexus 5X Build/MMB29P) AppleWebKit/537.36 (KHTML, like Gecko) Chrome/135.0.7049.95 Mobile Safari/537.36 (compatible; Googlebot/2.1; +http://www.google.com/bot.html)"
66.249.73.101 - - [25/Apr/2025:22:22:43 -0400] "GET /?i=38200193618602&channel=265b13&from=pin.php%3Fid%3D1936186-31317%26name%3D%E8%B5%A4%E3%81%A1%E3%82%83%E3%82%93+%E3%81%B8%E3%81%9F%E3%82%89%E3%81%AA%E3%81%84+%E4%B9%B3%E5%85%90+%E5%93%BA%E4%B9%B3%E7%93%B6%E3%83%9B%E3%83%AB%E3%83%80%E3%83%BC+%E6%9E%95+%E3%82%BB%E3%83%AB%E3%83%95%E3%83%9F%E3%83%AB%E3%82%AF%E3%83%83%E3%82%B7%E3%83%A7%E3%83%B3+%E3%82%BB%E3%83%AB%E3%83%95%E3%83%9F%E3%83%AB%E3%82%AF+%E5%AF%9D%E3%81%8B%E3%81%9B+%E8%B5%A4%E3%81%A1%E3%82%83%E3%82%93+%E3%83%94%E3%83%AD%E3%83%BC+%E3%83%9E%E3%82%BF%E3%83%8B%E3%83%86%E3%82%A3+%E3%83%8F%E3%83%B3%E3%82%BA%E3%83%95%E3%83%AA%E3%83%BC+%E6%96%B0%E7%94%9F%E5%85%90+%E6%8E%88%E4%B9%B3 HTTP/1.1" 200 52988 "-" "Mozilla/5.0 (Linux; Android 6.0.1; Nexus 5X Build/MMB29P) AppleWebKit/537.36 (KHTML, like Gecko) Chrome/135.0.7049.95 Mobile Safari/537.36 (compatible; Googlebot/2.1; +http://www.google.com/bot.html)"
66.249.73.101 - - [25/Apr/2025:22:22:45 -0400] "GET /?i=89784191142604&channel=dacf10&from=blog.php%3Fid%3D1911426-31082%26name%3D%E3%80%9012%2F13%E9%99%90%E5%AE%9A%E7%89%B9%E4%BE%A1%E3%80%91%E3%83%95%E3%82%A3%E3%83%83%E3%83%88%E3%83%8D%E3%82%B9%E3%83%90%E3%82%A4%E3%82%AF%E3%80%80%E8%87%AA%E8%BB%A2%E8%BB%8A%E3%83%88%E3%83%AC%E3%83%BC%E3%83%8B%E3%83%B3%E3%82%B0%E3%80%80%E3%83%AA%E3%83%8F%E3%83%93%E3%83%AA%E3%80%80%E7%AD%8B%E5%8A%9B%E5%BC%B7%E5%8C%96+%E6%AD%A3%E6%B0%97 HTTP/1.1" 200 52709 "-" "Mozilla/5.0 (Linux; Android 6.0.1; Nexus 5X Build/MMB29P) AppleWebKit/537.36 (KHTML, like Gecko) Chrome/135.0.7049.95 Mobile Safari/537.36 (compatible; Googlebot/2.1; +http://www.google.com/bot.html)"
66.249.73.103 - - [25/Apr/2025:22:22:46 -0400] "GET /css_03b4b5964b389269c330eff0105e0561/_public_bundle_sp.bundle.min HTTP/1.1" 200 62457 "https://www.mianoorproperties.com/?i=52087122816004&channel=4f09f2&from=article.php%3Fid%3D1228160-16237%26name%3D%E5%B0%82%E7%94%A8++%E3%82%A8%E3%83%94%E3%83%95%E3%82%A9%E3%83%B3+%E3%83%AC%E3%82%B9%E3%83%9D%E3%83%BC%E3%83%AB+%E3%82%B9%E3%82%BF%E3%82%B8%E3%82%AA+lt" "Mozilla/5.0 (Linux; Android 6.0.1; Nexus 5X Build/MMB29P) AppleWebKit/537.36 (KHTML, like Gecko) Chrome/134.0.6998.165 Mobile Safari/537.36 (compatible; Googlebot/2.1; +http://www.google.com/bot.html)"
40.77.167.41 - - [25/Apr/2025:22:22:47 -0400] "GET /?i=80761128574900&channel=5108a6&from=news.php%3Fid%3D1285749-701%26name%3D%E3%82%BC%E3%82%A8%E3%82%A8+Zeee+3S+%E3%83%AA%E3%83%9D%E3%83%90%E3%83%83%E3%83%86%E3%83%AA%E3%83%BC+11.1V+50C+5200mAh+T%E3%83%97%E3%83%A9%E3%82%B0%E4%BB%98%E3%81%8D+%E3%83%A9%E3%82%B8%E3%82%B3%E3%83%B3%E8%A3%BD%E5%93%81%E3%83%90%E3%83%83%E3%83%86%E3%83%AA%E3%83%BC+%E5%A4%A7%E5%AE%B9%E9%87%8F%E3%83%90%E3%83%83%E3%83%86%E3%83%AA%E3%83%BC+%E7%84%A1%E4%BA%BA%E6%A9%9F%E7%94%A8+RC%E3%82%AB%E3%83%BC%E7%94%A8+RC%E3%83%88%E3%83%A9%E3%83%83%E3%82%AF%E7%94%A8+RC%E3%83%98%E3%83%AA%E3%82%B3%E3%83%97%E3%82%BF%E3%83%BC%E7%94%A8+FPV%E7%94%A8+%E3%83%89%E3%83%AD%E3%83%BC%E3%83%B3%E7%94%A8%E3%81%AA%E3%81%A9%EF%BC%882%E3%83%91%E3%83%83%E3%82%AF%EF%BC%89 HTTP/1.1" 200 0 "-" "Mozilla/5.0 AppleWebKit/537.36 (KHTML, like Gecko; compatible; bingbot/2.0; +http://www.bing.com/bingbot.htm) Chrome/116.0.1938.76 Safari/537.36"
66.249.73.103 - - [25/Apr/2025:22:22:47 -0400] "GET /15781353258.shtml HTTP/1.1" 200 52955 "-" "Mozilla/5.0 (Linux; Android 6.0.1; Nexus 5X Build/MMB29P) AppleWebKit/537.36 (KHTML, like Gecko) Chrome/135.0.7049.95 Mobile Safari/537.36 (compatible; Googlebot/2.1; +http://www.google.com/bot.html)"
66.249.73.102 - - [25/Apr/2025:22:22:49 -0400] "GET /?i=9719860475211&channel=26daa7&from=product.php%3Fid%3D604752-46%26name%3D%E3%83%9B%E3%83%B3%E3%83%80HONDA%E3%80%80d-bike%E3%80%8018%E3%82%B5%E3%82%A4%E3%82%BA%E3%80%80%E3%83%88%E3%83%AA%E3%82%B3%E3%83%AD%E3%83%BC%E3%83%AB+%E8%A6%86%E3%81%99 HTTP/1.1" 200 51663 "-" "Mozilla/5.0 (Linux; Android 6.0.1; Nexus 5X Build/MMB29P) AppleWebKit/537.36 (KHTML, like Gecko) Chrome/135.0.7049.95 Mobile Safari/537.36 (compatible; Googlebot/2.1; +http://www.google.com/bot.html)"
66.249.73.101 - - [25/Apr/2025:22:23:03 -0400] "GET /?i=60038143942005&channel=fa3749&from=form.php%3Fid%3D1439420-23992%26name%3DMARVEL+vs.+CAPCOM+%E3%83%95%E3%82%A1%E3%82%A4%E3%83%86%E3%82%A3%E3%83%B3%E3%82%B0%E3%82%B3%E3%83%AC%E3%82%AF%E3%82%B7%E3%83%A7%E3%83%B3+%E3%82%A2%E3%83%BC%E3%82%B1%E3%83%BC%E3%83%89%E3%82%AF%E3%83%A9%E3%82%B7%E3%83%83%E3%82%AF%E3%82%B9+-Switch HTTP/1.1" 200 0 "-" "Mozilla/5.0 (Linux; Android 6.0.1; Nexus 5X Build/MMB29P) AppleWebKit/537.36 (KHTML, like Gecko) Chrome/135.0.7049.95 Mobile Safari/537.36 (compatible; GoogleOther)"
66.249.73.102 - - [25/Apr/2025:22:23:11 -0400] "GET /?i=6172046763206&channel=2611b4&from=article.php%3Fid%3D467632-13400%26name%3D%E5%8C%96%E7%B2%A7%E5%8F%B0%E3%80%81%E3%83%9F%E3%83%A9%E3%83%BC%E3%81%A8%E3%83%A9%E3%82%A4%E3%83%88%E3%82%BB%E3%83%83%E3%83%88%E4%BB%98%E3%81%8D%E5%8C%96%E7%B2%A7%E5%8F%B0+%E7%84%A1%E5%9E%A2%E6%9D%90%E5%8C%96%E7%B2%A7%E5%8F%B0+%E5%BC%95%E3%81%8D%E5%87%BA%E3%81%975%E5%80%8B%E4%BB%98%E3%81%8D+%E5%8C%96%E7%B2%A7%E3%83%86%E3%83%BC%E3%83%96%E3%83%AB+%E5%AF%9D%E5%AE%A4%E7%94%A8%E3%82%B7%E3%83%B3%E3%83%97%E3%83%AB%E3%81%AA%E3%83%89%E3%83%AC%E3%83%83%E3%82%B7%E3%83%B3%E3%82%B0%E3%83%86%E3%83%BC%E3%83%96%E3%83%AB+%28%E3%82%A6%E3%82%A9%E3%83%BC HTTP/1.1" 200 0 "-" "Mozilla/5.0 (Linux; Android 6.0.1; Nexus 5X Build/MMB29P) AppleWebKit/537.36 (KHTML, like Gecko) Chrome/135.0.7049.95 Mobile Safari/537.36 (compatible; GoogleOther)"
66.249.73.101 - - [25/Apr/2025:22:23:18 -0400] "GET /29708695917.shtml HTTP/1.1" 200 0 "-" "Mozilla/5.0 (Linux; Android 6.0.1; Nexus 5X Build/MMB29P) AppleWebKit/537.36 (KHTML, like Gecko) Chrome/135.0.7049.95 Mobile Safari/537.36 (compatible; GoogleOther)"
66.249.73.101 - - [25/Apr/2025:22:23:23 -0400] "GET /?i=0549782500404&channel=f30510&from=article.php%3Fid%3D825004-484%26name%3DN-BOX%2FN-BOX%E3%82%AB%E3%82%B9%E3%82%BF%E3%83%A0+JF3%2F4+Vertical+Arrow+Type+Zs+LED%E3%82%B7%E3%83%BC%E3%82%B1%E3%83%B3%E3%82%B7%E3%83%A3%E3%83%AB+%E3%83%89%E3%82%A2%E3%83%9F%E3%83%A9%E3%83%BC%E3%82%A6%E3%82%A4%E3%83%B3%E3%82%AB%E3%83%BC%E3%83%AC%E3%83%B3%E3%82%BA%EF%BC%86%E3%82%AB%E3%83%90%E3%83%BC+%E3%83%A1%E3%83%BC%E3%82%AB%E3%83%BC%E5%A1%97%E8%A3%85%E6%B8%88+%E3%83%9B%E3%83%AF%E3%82%A4%E3%83%88LED HTTP/1.1" 200 55407 "-" "Mozilla/5.0 (Linux; Android 6.0.1; Nexus 5X Build/MMB29P) AppleWebKit/537.36 (KHTML, like Gecko) Chrome/135.0.7049.95 Mobile Safari/537.36 (compatible; Googlebot/2.1; +http://www.google.com/bot.html)"
66.249.73.101 - - [25/Apr/2025:22:23:27 -0400] "GET /?i=0727074960617&channel=23b051&from=goods.php%3Fid%3D749606-6574%26name%3D%E3%80%90+%E7%A2%81%E7%9B%A4+%2F+%E6%9C%AC%E6%A6%A7+%E3%80%91+%E8%92%94%E7%B5%B5+%E6%9C%AC%E6%A6%A7+%E6%A5%B5%E4%B8%8A+%E6%9C%A8%E8%A3%BD+%E5%9B%B2%E7%A2%81+%E9%AB%98%E7%B4%9A+%E3%81%8B%E3%81%99%E3%81%A3+%E3%83%98%E3%82%BD+%E5%9B%B2%E7%A2%81%E7%9B%A4+6%E5%AF%B8 HTTP/1.1" 200 52845 "-" "Mozilla/5.0 (Linux; Android 6.0.1; Nexus 5X Build/MMB29P) AppleWebKit/537.36 (KHTML, like Gecko) Chrome/135.0.7049.95 Mobile Safari/537.36 (compatible; Googlebot/2.1; +http://www.google.com/bot.html)"
66.249.73.101 - - [25/Apr/2025:22:23:40 -0400] "GET /?i=268747965706&channel=02ffc5&from=brands.php%3Fid%3D79657-7005%26name%3DS+Max+Mara+%E3%82%A8%E3%82%B9%E3%83%9E%E3%83%83%E3%82%AF%E3%82%B9%E3%83%9E%E3%83%BC%E3%83%A9+%E3%82%A6%E3%83%BC%E3%83%AB+%E3%82%B3%E3%83%BC%E3%83%88 HTTP/1.1" 200 52924 "-" "Mozilla/5.0 (Linux; Android 6.0.1; Nexus 5X Build/MMB29P) AppleWebKit/537.36 (KHTML, like Gecko) Chrome/135.0.7049.95 Mobile Safari/537.36 (compatible; Googlebot/2.1; +http://www.google.com/bot.html)"
66.249.74.12 - - [25/Apr/2025:22:23:51 -0400] "GET /01229176471.shtml HTTP/1.1" 200 0 "-" "Mozilla/5.0 (Linux; Android 6.0.1; Nexus 5X Build/MMB29P) AppleWebKit/537.36 (KHTML, like Gecko) Chrome/135.0.7049.95 Mobile Safari/537.36 (compatible; GoogleOther)"
66.249.73.101 - - [25/Apr/2025:22:23:54 -0400] "GET /?i=5615879882102&channel=60dca8&from=brands.php%3Fid%3D798821-7197%26name%3D%E3%83%A9%E3%83%B3%E3%82%B3%E3%83%A0+%E3%82%A2%E3%83%97%E3%82%BD%E3%83%AA%E3%83%A5+%E3%83%91%E3%82%A6%E3%83%80%E3%83%BC+%E3%81%84%E3%82%8D%E3%81%A9%E3%82%89+%2302+%E3%83%8A%E3%83%81%E3%83%A5%E3%83%A9%E3%83%AB%E3%83%99%E3%83%BC%E3%82%B8%E3%83%A5+15g HTTP/1.1" 200 53409 "-" "Mozilla/5.0 (Linux; Android 6.0.1; Nexus 5X Build/MMB29P) AppleWebKit/537.36 (KHTML, like Gecko) Chrome/135.0.7049.95 Mobile Safari/537.36 (compatible; Googlebot/2.1; +http://www.google.com/bot.html)"
