52.167.144.171 - - [26/Apr/2025:06:58:16 -0400] "GET /?i=89712178826101&channel=3551af&from=jp.php%3Fid%3D1788261-29725%26name%3D%E5%85%AB%E9%87%8D%E5%92%B2%E3%82%A2%E3%83%9E%E3%83%AA%E3%83%AA%E3%82%B9%E7%90%83%E6%A0%B9%E3%80%80%E8%95%BE%E4%BB%98%E3%81%8D+%E3%82%B8%E3%83%A3%E3%82%A4%E3%82%A2%E3%83%B3%E3%83%88%E3%82%A2%E3%83%9E%E3%83%87%E3%82%A6%E3%82%B9%E3%80%801%E7%90%83 HTTP/1.1" 200 0 "-" "Mozilla/5.0 AppleWebKit/537.36 (KHTML, like Gecko; compatible; bingbot/2.0; +http://www.bing.com/bingbot.htm) Chrome/116.0.1938.76 Safari/537.36"
52.167.144.171 - - [26/Apr/2025:06:58:17 -0400] "GET /?i=83963111043200&channel=75725b&from=category-info.php%3Fid%3D1110432-7051%26name%3D%E3%80%90%E3%81%AF%E3%81%AA%E6%A7%98%E5%B0%82%E7%94%A8%E3%80%91%E3%82%A2%E3%83%97%E3%83%AF%E3%82%A4%E3%82%B6%E3%83%BC%E3%83%AA%E3%83%83%E3%82%B7%E3%82%A7++%E3%83%95%E3%83%BC%E3%83%89%E3%83%95%E3%82%A1%E3%83%BC%E4%BB%98%E3%81%8D5way%E3%82%B3%E3%83%BC%E3%83%88 HTTP/1.1" 200 0 "-" "Mozilla/5.0 AppleWebKit/537.36 (KHTML, like Gecko; compatible; bingbot/2.0; +http://www.bing.com/bingbot.htm) Chrome/116.0.1938.76 Safari/537.36"
66.249.73.101 - - [26/Apr/2025:06:58:28 -0400] "GET /?i=48972141824305&channel=83a03b&from=form.php%3Fid%3D1418243-23663%26name%3DCAXUSD+%E3%83%91%E3%83%AF%E3%83%BC%E3%83%89%E3%83%AA%E3%83%AB%E3%81%AE%E5%88%86%E5%89%B2%E6%9C%A8%E6%9D%90%E3%83%89%E3%83%AA%E3%83%AB%E3%83%93%E3%83%83%E3%83%88%E3%82%BB%E3%83%83%E3%83%88%E3%81%AB%E9%81%A9%E3%81%97%E3%81%9F%E6%9C%A8%E5%B7%A5%E7%94%A8%E3%82%B3%E3%83%BC%E3%83%B3%E3%83%89%E3%83%AA%E3%83%AB%E3%83%93%E3%83%83%E3%83%88%E9%AB%98%E7%A1%AC%E5%BA%A6%E8%80%90%E6%91%A9%E8%80%97%E6%80%A7%E3%81%A7%E7%B0%A1%E5%8D%98%E3%81%AB%E3%83%89%E3%83%AA%E3%83%AB%E3%81%A7%E3%81%8D%E3%81%BE%E3%81%99 HTTP/1.1" 200 55214 "-" "Mozilla/5.0 (Linux; Android 6.0.1; Nexus 5X Build/MMB29P) AppleWebKit/537.36 (KHTML, like Gecko) Chrome/135.0.7049.95 Mobile Safari/537.36 (compatible; Googlebot/2.1; +http://www.google.com/bot.html)"
66.249.73.101 - - [26/Apr/2025:06:58:42 -0400] "GET /?i=0830917346710&channel=0745b6&from=info.php%3Fid%3D173467-6531%26name%3DJ.M.WESTON+GOLF+9D+RUSSIAN+BLACK HTTP/1.1" 200 50614 "-" "Mozilla/5.0 (Linux; Android 6.0.1; Nexus 5X Build/MMB29P) AppleWebKit/537.36 (KHTML, like Gecko) Chrome/135.0.7049.95 Mobile Safari/537.36 (compatible; Googlebot/2.1; +http://www.google.com/bot.html)"
52.167.144.171 - - [26/Apr/2025:06:58:45 -0400] "GET /?i=1177740581602&channel=e3636e&from=news.php%3Fid%3D405816-13201%26name%3D%E2%96%A0%E4%BA%BA%E6%B0%97%21%E5%B9%B3%E9%80%A0%E3%82%8A%E3%80%8C%E6%92%AD%E7%A3%A8%E5%AE%88%E9%87%91%E9%AB%98%E3%80%8D32.6cm%EF%BC%81%E9%91%91%E8%B3%9E%E5%88%80%EF%BC%81%E7%9A%86%E7%84%BC%E9%A2%A8%EF%BC%81%E5%88%83%E7%B4%8B%EF%BC%81%E5%88%80%E3%82%82%E5%87%BA%E4%BC%9A%E3%81%84%E3%81%93%E3%81%AE%E6%A9%9F%E4%BC%9A%EF%BC%81 HTTP/1.1" 200 0 "-" "Mozilla/5.0 AppleWebKit/537.36 (KHTML, like Gecko; compatible; bingbot/2.0; +http://www.bing.com/bingbot.htm) Chrome/116.0.1938.76 Safari/537.36"
66.249.73.101 - - [26/Apr/2025:06:58:53 -0400] "GET /?i=51080115224504&channel=dc893d&from=pin.php%3Fid%3D1152245-13343%26name%3D%E2%97%8F%E4%BA%AC%E7%84%BC+%E6%9F%93%E4%BB%98+%E4%B8%83%E5%AE%9D%E7%B4%8B+%E8%93%8B%E7%89%A9%E8%8C%B6%E7%A2%97+8%E5%AE%A2+%E9%8A%98%E5%9C%A8+%E6%87%90%E7%9F%B3%E6%96%99%E7%90%86+%E6%96%99%E4%BA%AD+%E6%97%A5%E6%9C%AC%E6%96%99%E7%90%86+%E6%87%90%E7%9F%B3%E9%81%93%E5%85%B7+%E5%92%8C%E9%A3%9F%E5%99%A8+%E5%89%B2%E7%83%B9+%E5%92%8C%E9%A3%9F%E5%99%A8+%E4%BC%9A%E9%A3%9F+%E8%93%8B%E7%89%A9%E2%97%8F HTTP/1.1" 200 53408 "-" "Mozilla/5.0 (Linux; Android 6.0.1; Nexus 5X Build/MMB29P) AppleWebKit/537.36 (KHTML, like Gecko) Chrome/135.0.7049.95 Mobile Safari/537.36 (compatible; Googlebot/2.1; +http://www.google.com/bot.html)"
52.167.144.22 - - [26/Apr/2025:06:59:00 -0400] "GET /?i=6032759398903&channel=bea537&from=shared.php%3Fid%3D593989-877%26name%3D%E2%98%85%E3%80%90SOLID%E3%80%91%E6%9C%AC%E9%9D%A9%E3%82%BD%E3%83%95%E3%82%A1%E3%80%803%E4%BA%BA%E6%8E%9B%E3%81%91%E3%82%BD%E3%83%95%E3%82%A1%E3%80%8040%E4%B8%87%E5%86%86%E4%BD%8D%E3%81%A7%E8%B3%BC%E5%85%A5%E3%80%80%E3%83%8A%E3%82%AC%E3%83%8E%E3%82%A4%E3%83%B3%E3%83%86%E3%83%AA%E3%82%A2%E3%80%80%3F%E8%87%AA%E7%A4%BE%E9%85%8D%E9%80%81%E6%99%82%3F%E4%BB%A3%E5%BC%95%E3%81%8D%E5%8F%AF%3F%E2%80%BB%E7%8F%BE%E9%87%91%E3%80%81%E3%82%AF%E3%83%AC%E3%82%B8%E3%83%83%E3%83%88%E3%80%81%E3%82%B9%E3%83%9E%E3%83%9B%E6%B1%BA%E6%B8%88%E5%AF%BE%E5%BF%9C%E2%80%BB HTTP/1.1" 200 0 "-" "Mozilla/5.0 AppleWebKit/537.36 (KHTML, like Gecko; compatible; bingbot/2.0; +http://www.bing.com/bingbot.htm) Chrome/116.0.1938.76 Safari/537.36"
66.249.73.102 - - [26/Apr/2025:06:59:10 -0400] "GET /?i=711619477403&channel=292dc3&from=pin.php%3Fid%3D94774-7209%26name%3D%E3%80%90%E2%97%87%E8%B6%85%E3%81%8A%E5%80%A4%E6%89%93%E3%81%A1%E4%BB%95%E6%A7%98%E3%80%91%E2%97%86%E7%AC%AC%E4%B8%80%E3%82%B4%E3%83%AB%E3%83%95+%E3%82%B8%E3%83%A5%E3%83%94%E3%82%BF%E3%83%BC%2F%E3%82%A4%E3%83%BC%E3%82%B8%E3%83%BC%E3%82%B7%E3%83%A3%E3%83%AD%E3%83%BCVI+Ti+FW+%233W%E2%97%87%E3%82%A8%E3%82%AF%E3%82%B9%E3%82%AF%E3%83%AD%E3%83%BC%E3%83%A0+DEUX%28VI%29%E3%80%90%E2%97%86%E7%88%86%E9%A3%9B%E3%81%B3%E3%82%B9%E3%83%97%E3%83%BC%E3%83%B3%E3%80%91%2AMP%401%2AS%2A555 HTTP/1.1" 200 54789 "-" "Mozilla/5.0 (Linux; Android 6.0.1; Nexus 5X Build/MMB29P) AppleWebKit/537.36 (KHTML, like Gecko) Chrome/135.0.7049.95 Mobile Safari/537.36 (compatible; Googlebot/2.1; +http://www.google.com/bot.html)"
66.249.74.12 - - [26/Apr/2025:06:59:24 -0400] "GET /00028592307.shtml HTTP/1.1" 200 0 "-" "Mozilla/5.0 (Linux; Android 6.0.1; Nexus 5X Build/MMB29P) AppleWebKit/537.36 (KHTML, like Gecko) Chrome/135.0.7049.95 Mobile Safari/537.36 (compatible; GoogleOther)"
66.249.73.101 - - [26/Apr/2025:06:59:26 -0400] "GET /?i=50385143349710&channel=146921&from=news.php%3Fid%3D1433497-10486%26name%3D%E6%96%B0%E5%93%81+%E3%83%8E%E3%83%BC%E3%82%B9%E3%83%95%E3%82%A7%E3%82%A4%E3%82%B9+%EF%BC%AC+%E3%82%B7%E3%83%A7%E3%83%83%E3%83%91%E3%83%BC+%E3%82%A8%E3%82%B3%E3%83%90%E3%83%83%E3%82%B0+NORTHFACE+%E9%9F%93%E5%9B%BD%E9%99%90%E5%AE%9A HTTP/1.1" 200 52589 "-" "Mozilla/5.0 (Linux; Android 6.0.1; Nexus 5X Build/MMB29P) AppleWebKit/537.36 (KHTML, like Gecko) Chrome/135.0.7049.95 Mobile Safari/537.36 (compatible; Googlebot/2.1; +http://www.google.com/bot.html)"
66.249.73.101 - - [26/Apr/2025:06:59:42 -0400] "GET /?i=0998089090800&channel=829edb&from=info.php%3Fid%3D890908-3002%26name%3D373404-SOREL%2F%E3%82%AB%E3%83%AA%E3%83%96%E3%83%BC+Caribou+%E3%83%AC%E3%83%87%E3%82%A3%E3%83%BC%E3%82%B9+%E3%82%A6%E3%82%A3%E3%83%B3%E3%82%BF%E3%83%BC%E3%83%96%E3%83%BC%E3%83%84+%E3%82%B9%E3%83%8E%E3%83%BC%E3%82%B7%E3%83%A5%E3%83%BC%E3%82%BA+%E4%BF%9D%E6%B8%A9+%E9%98%B2%E6%B0%B4+%E9%98%B2%E5%AF%92%2F26.0 HTTP/1.1" 200 57814 "-" "Mozilla/5.0 (Linux; Android 6.0.1; Nexus 5X Build/MMB29P) AppleWebKit/537.36 (KHTML, like Gecko) Chrome/135.0.7049.95 Mobile Safari/537.36 (compatible; Googlebot/2.1; +http://www.google.com/bot.html)"
66.249.73.101 - - [26/Apr/2025:06:59:45 -0400] "GET /?i=07717171539000&channel=e3e6a8&from=blog.php%3Fid%3D1715390-13441%26name%3D%E3%83%9A%E3%83%83%E3%83%88%E6%9C%8D+%E3%82%A8%E3%83%9F%E3%83%BC%E3%83%A9%E3%83%B3%E3%83%89+EMYLAND+%E3%82%BF%E3%83%B3%E3%82%AF%E3%83%88%E3%83%83%E3%83%97%E3%80%802213+-+OW+-+SS-S HTTP/1.1" 200 0 "-" "Mozilla/5.0 (Linux; Android 6.0.1; Nexus 5X Build/MMB29P) AppleWebKit/537.36 (KHTML, like Gecko) Chrome/135.0.7049.95 Mobile Safari/537.36 (compatible; GoogleOther)"
66.249.73.101 - - [26/Apr/2025:06:59:53 -0400] "GET /?i=58437128372701&channel=7f4639&from=goods.php%3Fid%3D1283727-607%26name%3D155%2F70R13%E3%83%96%E3%83%AA%E3%82%B6%E3%83%83%E3%82%AFVRX2%E3%81%A8%E3%82%A2%E3%83%AB%E3%83%9F%E3%83%9B%E3%82%A4%E3%83%BC%E3%83%AB4%E6%9C%AC%E3%82%BB%E3%83%83%E3%83%882019%E5%B9%B4%E8%A3%BD HTTP/1.1" 200 53293 "-" "Mozilla/5.0 (Linux; Android 6.0.1; Nexus 5X Build/MMB29P) AppleWebKit/537.36 (KHTML, like Gecko) Chrome/135.0.7049.95 Mobile Safari/537.36 (compatible; Googlebot/2.1; +http://www.google.com/bot.html)"
66.249.74.13 - - [26/Apr/2025:07:00:05 -0400] "GET /?i=6771059373600&channel=51732b&from=form.php%3Fid%3D593736-17471%26name%3DREALFORCE+for+MAC+R2TLSA-JP3M-WH HTTP/1.1" 200 0 "-" "Mozilla/5.0 (Linux; Android 6.0.1; Nexus 5X Build/MMB29P) AppleWebKit/537.36 (KHTML, like Gecko) Chrome/135.0.7049.95 Mobile Safari/537.36 (compatible; GoogleOther)"
66.249.73.103 - - [26/Apr/2025:07:00:13 -0400] "GET /?i=8390386228105&channel=71f745&from=shared.php%3Fid%3D862281-480%26name%3D%E5%85%88%E7%9D%80%E3%81%A715%EF%BC%85off+%E3%82%AD%E3%83%83%E3%83%81%E3%83%B3%E3%82%AB%E3%82%A6%E3%83%B3%E3%82%BF%E3%83%BC+%E5%B9%8580+%E6%97%A5%E6%9C%AC%E8%A3%BD+%E5%AE%8C%E6%88%90%E5%93%81+%E3%82%AD%E3%83%83%E3%83%81%E3%83%B3%E5%8F%8E%E7%B4%8D+%E3%83%80%E3%82%B9%E3%83%88%E3%82%AB%E3%82%A6%E3%83%B3%E3%82%BF%E3%83%BC+%E3%82%B4%E3%83%9F%E7%AE%B1%E5%8F%8E%E7%B4%8D+%E5%BC%95%E5%87%BA%E3%81%97+%E3%83%A2%E3%83%80%E3%83%B3+%E5%8C%97%E6%AC%A7+%E3%81%8A%E3%81%97%E3%82%83%E3%82%8C+%E3%82%B3%E3%83%B3%E3%83%91%E3%82%AF%E3%83%88+%E9%AB%98%E3%81%9585cm+%E7%9F%B3%E7%9B%AE%E8%AA%BF+%E3%82%B3%E3%83%B3%E3%82%AF%E3%83%AA%E3%83%BC%E3%83%88%E6%9F%84+%E3%82%BB%E3%83%A9%E3%83%9F%E3%83%83%E3%82%AF%E6%9F%84+%E3%83%9B%E3%83%AF%E3%82%A4%E3%83%88+%E3%83%8A%E3%83%81%E3%83%A5%E3%83%A9%E3%83%AB+%E5%A4%A7%E5%B7%9D%E5%AE%B6%E5%85%B7Matsumoto+%E3%82%A2%E3%82%A6%E3%83%88%E3%83%AC%E3%83%83%E3%83%88%E4%BE%A1%E6%A0%BC%E4%B8%A6 HTTP/1.1" 200 55951 "-" "Mozilla/5.0 (Linux; Android 6.0.1; Nexus 5X Build/MMB29P) AppleWebKit/537.36 (KHTML, like Gecko) Chrome/135.0.7049.95 Mobile Safari/537.36 (compatible; Googlebot/2.1; +http://www.google.com/bot.html)"
66.249.73.102 - - [26/Apr/2025:07:00:28 -0400] "GET /?i=81220127489903&channel=0daa04&from=info.php%3Fid%3D1274899-22875%26name%3D%E4%B9%97%E9%A6%AC%E7%94%A8%E5%93%81 HTTP/1.1" 200 0 "-" "Mozilla/5.0 (Linux; Android 6.0.1; Nexus 5X Build/MMB29P) AppleWebKit/537.36 (KHTML, like Gecko) Chrome/135.0.7049.95 Mobile Safari/537.36 (compatible; GoogleOther)"
66.249.73.101 - - [26/Apr/2025:07:00:30 -0400] "GET /?i=00356167062206&channel=090545&from=category-info.php%3Fid%3D1670622-816%26name%3D%E3%83%81%E3%83%BC%E3%82%BA%E5%A4%A7%E5%A5%BD%E3%81%8D+%E3%82%B7%E3%83%A3%E3%83%AF%E3%83%BC%E3%82%AB%E3%83%BC%E3%83%86%E3%83%B3+%E3%83%95%E3%83%83%E3%82%AF%E4%BB%98%E3%81%8D+%E9%98%B2%E6%B0%B4+%E8%A3%85%E9%A3%BE%E3%83%90%E3%82%B9%E3%82%AB%E3%83%BC%E3%83%86%E3%83%B3+%E3%83%90%E3%82%B9%E3%83%AB%E3%83%BC%E3%83%A0+%E3%82%A2%E3%83%91%E3%83%BC%E3%83%88%E3%83%A1%E3%83%B3%E3%83%88%E7%94%A8 HTTP/1.1" 200 53029 "-" "Mozilla/5.0 (Linux; Android 6.0.1; Nexus 5X Build/MMB29P) AppleWebKit/537.36 (KHTML, like Gecko) Chrome/135.0.7049.95 Mobile Safari/537.36 (compatible; Googlebot/2.1; +http://www.google.com/bot.html)"
66.249.73.101 - - [26/Apr/2025:07:00:46 -0400] "GET /?i=2810649042300&channel=183106&from=category-info.php%3Fid%3D490423-647%26name%3D%E3%82%A2%E3%83%A9%E3%82%A4%E3%83%98%E3%83%AB%E3%83%A1%E3%83%83%E3%83%88 HTTP/1.1" 200 52260 "-" "Mozilla/5.0 (Linux; Android 6.0.1; Nexus 5X Build/MMB29P) AppleWebKit/537.36 (KHTML, like Gecko) Chrome/135.0.7049.95 Mobile Safari/537.36 (compatible; Googlebot/2.1; +http://www.google.com/bot.html)"
66.249.73.102 - - [26/Apr/2025:07:01:16 -0400] "GET /71710327573.shtml HTTP/1.1" 200 0 "-" "Mozilla/5.0 (Linux; Android 6.0.1; Nexus 5X Build/MMB29P) AppleWebKit/537.36 (KHTML, like Gecko) Chrome/135.0.7049.95 Mobile Safari/537.36 (compatible; GoogleOther)"
66.249.73.101 - - [26/Apr/2025:07:01:50 -0400] "GET /?i=8079922706306&channel=1b37d4&from=category-info.php%3Fid%3D227063-11820%26name%3D%E3%82%B4%E3%83%AB%E3%83%95+%E8%B7%9D%E9%9B%A2%E8%A8%88+%E3%82%B4%E3%83%AB%E3%83%95%E3%83%AC%E3%83%BC%E3%82%B6%E3%83%BC%E8%B7%9D%E9%9B%A2%E8%A8%88+%E8%B7%9D%E9%9B%A2%E8%A8%88%E6%B8%AC%E5%99%A8+%E5%B0%8F%E5%9E%8B+3%E7%82%B9%E9%96%93%E8%B7%9D%E9%9B%A2%E6%B8%AC%E5%AE%9A+%E9%AB%98%E4%BD%8E%E5%B7%AE+%E3%83%94%E3%83%B3%E3%82%B7%E3%83%BC%E3%82%AF+%E3%82%B9%E3%83%AD%E3%83%BC%E3%83%97%E3%83%A2%E3%83%BC%E3%83%89+%E3%82%B1%E3%83%BC%E3%82%B9%E4%BB%98 HTTP/1.1" 200 54662 "-" "Mozilla/5.0 (Linux; Android 6.0.1; Nexus 5X Build/MMB29P) AppleWebKit/537.36 (KHTML, like Gecko) Chrome/135.0.7049.95 Mobile Safari/537.36 (compatible; Googlebot/2.1; +http://www.google.com/bot.html)"
66.249.73.103 - - [26/Apr/2025:07:02:12 -0400] "GET /?i=37481136943900&channel=a05de0&from=shop.php%3Fid%3D1369439-8605%26name%3D%E3%82%B8%E3%83%97%E3%82%BD%E3%83%95%E3%82%A3%E3%82%A2%E3%80%80%E3%83%99%E3%82%B9%E3%83%88%E3%80%80Gypsohila%E3%80%80Sucre+Gilet HTTP/1.1" 200 54721 "-" "Mozilla/5.0 (Linux; Android 6.0.1; Nexus 5X Build/MMB29P) AppleWebKit/537.36 (KHTML, like Gecko) Chrome/135.0.7049.95 Mobile Safari/537.36 (compatible; Googlebot/2.1; +http://www.google.com/bot.html)"
66.249.73.101 - - [26/Apr/2025:07:02:21 -0400] "GET /?i=9857632198506&channel=49bb76&from=pin.php%3Fid%3D321985-3018%26name%3D30+%E6%BF%80%E5%AE%89%E5%A4%A7%E6%94%BE%E5%87%BA%EF%BC%81%EF%BC%88%E7%A8%8E%E9%80%81%E6%96%993330%E5%86%86%E8%BE%BC%E3%81%BF%EF%BC%89%E8%B1%AA%E8%8F%AF%E7%B4%94%E6%AD%A3%E3%82%B9%E3%83%A9%E3%82%B9%E3%82%BF%E3%83%BCT%E5%AD%97%E3%83%84%E3%83%BC%E3%83%AB%E6%BF%80%E5%AE%89%E5%90%8C%E9%80%81%EF%BC%81+%E5%89%8D%E5%BE%8C%E3%82%AB%E3%83%BC%E3%83%93%E3%83%B3%E3%82%B0T%E6%90%AD%E8%BC%89+WOODY+%EF%BC%93%EF%BC%90+%E3%82%AB%E3%82%BF%E3%83%AD%E3%82%B0%E5%A4%96%E3%82%AB%E3%82%B9%E3%82%BF%E3%83%A0+%E3%80%80b%EF%BD%93 HTTP/1.1" 200 53884 "-" "Mozilla/5.0 (Linux; Android 6.0.1; Nexus 5X Build/MMB29P) AppleWebKit/537.36 (KHTML, like Gecko) Chrome/135.0.7049.95 Mobile Safari/537.36 (compatible; Googlebot/2.1; +http://www.google.com/bot.html)"
66.249.73.101 - - [26/Apr/2025:07:02:32 -0400] "GET /?i=00993135950905&channel=b1a108&from=form.php%3Fid%3D1359509-6354%26name%3Dbottega+veneta+%E4%BA%8C%E3%81%A4%E6%8A%98%E3%82%8A+%E8%B2%A1%E5%B8%83%E3%81%A7%E3%81%99 HTTP/1.1" 200 53064 "-" "Mozilla/5.0 (Linux; Android 6.0.1; Nexus 5X Build/MMB29P) AppleWebKit/537.36 (KHTML, like Gecko) Chrome/135.0.7049.95 Mobile Safari/537.36 (compatible; Googlebot/2.1; +http://www.google.com/bot.html)"
66.249.73.101 - - [26/Apr/2025:07:02:36 -0400] "GET /?i=7750182688808&channel=050b17&from=info.php%3Fid%3D826888-15376%26name%3D%E3%83%8F%E3%83%AF%E3%82%A4%E3%82%A2%E3%83%B3%E3%82%AD%E3%83%AB%E3%83%88%E3%82%AB%E3%83%BC%E3%83%93%E3%83%B3%E3%82%B0%E3%80%80%E3%83%AD%E3%83%BC%E3%82%BA%E3%82%AB%E3%83%AB%E3%82%BB%E3%83%89%E3%83%8B%E3%83%BC%E3%81%AE%E3%83%94%E3%82%A2%E3%82%B9%E3%80%8014kgf HTTP/1.1" 200 0 "-" "Mozilla/5.0 (Linux; Android 6.0.1; Nexus 5X Build/MMB29P) AppleWebKit/537.36 (KHTML, like Gecko) Chrome/135.0.7049.95 Mobile Safari/537.36 (compatible; GoogleOther)"
66.249.73.101 - - [26/Apr/2025:07:02:44 -0400] "GET /?i=09498122271702&channel=8158a3&from=goods.php%3Fid%3D1222717-1717%26name%3DRAPHA+%E3%83%97%E3%83%AD+%E3%83%81%E3%83%BC%E3%83%A0+%E3%83%AD%E3%83%B3%E3%82%B0+%E3%82%B9%E3%83%AA%E3%83%BC%E3%83%96+%E3%82%B8%E3%83%A3%E3%83%BC%E3%82%B8 HTTP/1.1" 200 53251 "-" "Mozilla/5.0 (Linux; Android 6.0.1; Nexus 5X Build/MMB29P) AppleWebKit/537.36 (KHTML, like Gecko) Chrome/135.0.7049.95 Mobile Safari/537.36 (compatible; Googlebot/2.1; +http://www.google.com/bot.html)"
66.249.73.101 - - [26/Apr/2025:07:02:55 -0400] "GET /?i=90079101178000&channel=93be18&from=product.php%3Fid%3D1011780-5595%26name%3DRL+%E3%82%B9%E3%83%88%E3%83%A9%E3%82%A4%E3%83%97+Polo+%E3%83%99%E3%82%A2+%E3%83%8F%E3%83%BC%E3%83%95+%E3%83%96%E3%83%A9%E3%83%B3%E3%82%B1%E3%83%83%E3%83%88 HTTP/1.1" 200 53475 "-" "Mozilla/5.0 (Linux; Android 6.0.1; Nexus 5X Build/MMB29P) AppleWebKit/537.36 (KHTML, like Gecko) Chrome/135.0.7049.95 Mobile Safari/537.36 (compatible; Googlebot/2.1; +http://www.google.com/bot.html)"
66.249.73.101 - - [26/Apr/2025:07:03:07 -0400] "GET /?i=76266105429206&channel=081197&from=category-info.php%3Fid%3D1054292-6777%26name%3D%E6%9C%AA%E4%BD%BF%E7%94%A8+SEIKO%E3%83%AB%E3%82%AD%E3%82%A2%2F%E7%8F%BE%E8%A1%8C%E5%93%81%E4%BA%BA%E6%B0%97%E3%83%A2%E3%83%87%E3%83%AB++%E3%83%80%E3%82%A4%E3%83%A4%E3%83%A2%E3%83%B3%E3%83%89%E5%85%A5%2F%E9%9B%BB%E6%B3%A2%E3%82%BD%E3%83%BC%E3%83%A9%E3%83%BC%E8%85%95%E6%99%82%E8%A8%88 HTTP/1.1" 200 52080 "-" "Mozilla/5.0 (Linux; Android 6.0.1; Nexus 5X Build/MMB29P) AppleWebKit/537.36 (KHTML, like Gecko) Chrome/135.0.7049.95 Mobile Safari/537.36 (compatible; Googlebot/2.1; +http://www.google.com/bot.html)"
66.249.73.101 - - [26/Apr/2025:07:03:14 -0400] "GET /?i=1922241799605&channel=43038f&from=brands.php%3Fid%3D417996-6872%26name%3D%E3%83%91%E3%83%8A%E3%82%BD%E3%83%8B%E3%83%83%E3%82%AF+%E9%9B%BB%E5%8B%95%E3%83%89%E3%83%AA%E3%83%AB%E3%83%89%E3%83%A9%E3%82%A4%E3%83%90%E3%83%BC+%E6%9C%AC%E4%BD%93%E3%81%AE%E3%81%BF+EXENA+14.4V%2F18V%E5%AF%BE%E5%BF%9C+%E5%85%85%E9%9B%BB%E5%BC%8F+ATTACH8%E5%AF%BE%E5%BF%9C+%2BBRAIN+%E6%AD%A3%E9%80%86%E8%BB%A2%E8%87%AA%E5%8B%95%E5%88%87%E6%9B%BF+%E3%82%B3%E3%83%B3%E3%83%91%E3%82%AF%E3%83%88+%E7%A9%B4%E3%81%82%E3%81%91+%E9%9B%BB%E5%8B%95%E3%83%89%E3%83%AA%E3%83%AB+EZ1DD2X-B+%E3%83%96%E3%83%A9%E3%83%83%E3%82%AF HTTP/1.1" 200 52732 "-" "Mozilla/5.0 (Linux; Android 6.0.1; Nexus 5X Build/MMB29P) AppleWebKit/537.36 (KHTML, like Gecko) Chrome/135.0.7049.95 Mobile Safari/537.36 (compatible; Googlebot/2.1; +http://www.google.com/bot.html)"
66.249.73.101 - - [26/Apr/2025:07:03:26 -0400] "GET /?i=4176875544904&channel=183106&from=news.php%3Fid%3D755449-647%26name%3D%E7%BE%8E%E5%93%81%E3%80%80J+trip+%E3%83%95%E3%83%AD%E3%83%B3%E3%83%88%E3%83%A1%E3%83%B3%E3%83%86%E3%83%8A%E3%83%B3%E3%82%B9%E3%82%B9%E3%82%BF%E3%83%B3%E3%83%89%E3%80%80%E3%83%A2%E3%83%88%E3%83%88%E3%83%A2%E3%80%80%E3%83%AA%E3%82%A2%E3%83%A1%E3%83%B3%E3%83%86%E3%83%8A%E3%83%B3%E3%82%B9%E3%82%B9%E3%82%BF%E3%83%B3%E3%83%89%E3%80%80%E3%82%BB%E3%83%83%E3%83%88 HTTP/1.1" 200 53312 "-" "Mozilla/5.0 (Linux; Android 6.0.1; Nexus 5X Build/MMB29P) AppleWebKit/537.36 (KHTML, like Gecko) Chrome/135.0.7049.95 Mobile Safari/537.36 (compatible; Googlebot/2.1; +http://www.google.com/bot.html)"
52.167.144.228 - - [26/Apr/2025:07:03:32 -0400] "GET /?i=7265973411804&channel=64cd2f&from=brands.php%3Fid%3D734118-6952%26name%3D%E3%83%88%E3%82%A4%E3%83%AC%E3%82%BF%E3%83%AA%E3%83%BC+%E3%83%90%E3%83%83%E3%82%B0+%E3%83%8F%E3%83%B3%E3%82%AE%E3%83%B3%E3%82%B0+%E3%83%89%E3%83%83%E3%83%97+%E3%82%AD%E3%83%83%E3%83%88+%E3%83%A1%E3%83%B3%E3%82%BA+%E9%98%B2%E6%B0%B4+%E3%82%B7%E3%82%A7%E3%83%BC%E3%83%93%E3%83%B3%E3%82%B0+%E3%83%90%E3%83%83%E3%82%B0+%E5%A4%A7%E5%AE%B9%E9%87%8F+%E6%97%85%E8%A1%8C%E7%94%A8%E3%80%81%E3%83%88%E3%83%BC%E3%82%B4%E3%81%AE%E6%97%97%E3%83%91%E3%82%BF%E3%83%BC%E3%83%B3 HTTP/1.1" 200 0 "-" "Mozilla/5.0 AppleWebKit/537.36 (KHTML, like Gecko; compatible; bingbot/2.0; +http://www.bing.com/bingbot.htm) Chrome/116.0.1938.76 Safari/537.36"
52.167.144.228 - - [26/Apr/2025:07:03:33 -0400] "GET /?i=077481902401&channel=c73cb3&from=shop.php%3Fid%3D19024-626%26name%3D%E2%98%86%E3%80%902025%E5%B9%B44%E6%9C%889%E6%97%A5%E9%A0%83%E7%99%BA%E5%A3%B2%E4%BA%88%E5%AE%9A%26%E6%95%B0%E9%87%8F%E9%99%90%E5%AE%9A%E4%BA%88%E7%B4%84%E4%BE%A1%E6%A0%BC%E3%80%91%E3%82%BF%E3%83%8A%E3%82%AB%E3%83%AF%E3%83%BC%E3%82%AF%E3%82%B9+%E7%99%BA%E7%81%AB%E3%83%A2%E3%83%87%E3%83%AB%E3%82%AC%E3%83%B3S%26W+PERFORMANCE+CENTER+M627+5inch+8-shot+Heavy+Weight+Black+Ver.2++18%E6%AD%B3%E4%BB%A5%E4%B8%8A++%28M627+%E3%83%91%E3%83%95%E3%82%A9%E3%83%BC%E3%83%9E%E3%83%B3%E3%82%B9%E3%82%BB%E3%83%B3%E3%82%BF%E3%83%BC+%E3%83%98%E3%83%93%E3%83%BC%E3%82%A6%E3%82%A7%E3%82%A4%E3%83%88%29 HTTP/1.1" 200 0 "-" "Mozilla/5.0 AppleWebKit/537.36 (KHTML, like Gecko; compatible; bingbot/2.0; +http://www.bing.com/bingbot.htm) Chrome/116.0.1938.76 Safari/537.36"
40.77.167.9 - - [26/Apr/2025:07:03:37 -0400] "GET /?i=87728154682800&channel=4757a5&from=news.php%3Fid%3D1546828-15512%26name%3D%E3%83%88%E3%83%9F%E3%82%AB+%E6%97%A5%E6%9C%AC%E8%A3%BD+%E3%83%90%E3%82%B9%E3%82%B3%E3%83%AC%E3%82%AF%E3%82%B7%E3%83%A7%E3%83%B3 HTTP/1.1" 200 0 "-" "Mozilla/5.0 AppleWebKit/537.36 (KHTML, like Gecko; compatible; bingbot/2.0; +http://www.bing.com/bingbot.htm) Chrome/116.0.1938.76 Safari/537.36"
66.249.73.101 - - [26/Apr/2025:07:03:38 -0400] "GET /?i=10819194649704&channel=399f82&from=category-info.php%3Fid%3D1946497-4693%26name%3D%E3%80%90%E7%BE%8E%E5%93%81%E3%80%91VENTUS+%E3%83%99%E3%83%B3%E3%82%BF%E3%82%B9+BLACK+%E3%83%96%E3%83%A9%E3%83%83%E3%82%AF+7X+5W%E7%94%A8+%E3%83%86%E3%83%BC%E3%83%A9%E3%83%BC%E3%83%A1%E3%82%A4%E3%83%89%E7%94%A8+%E6%97%A5%E6%9C%AC%E4%BB%95%E6%A7%98 HTTP/1.1" 200 54038 "-" "Mozilla/5.0 (Linux; Android 6.0.1; Nexus 5X Build/MMB29P) AppleWebKit/537.36 (KHTML, like Gecko) Chrome/135.0.7049.95 Mobile Safari/537.36 (compatible; Googlebot/2.1; +http://www.google.com/bot.html)"
66.249.73.101 - - [26/Apr/2025:07:03:40 -0400] "GET /?i=8050161355209&channel=206c2e&from=form.php%3Fid%3D613552-15733%26name%3D%E3%80%8ALe+Chat%E3%80%8B%E3%83%AB+%E3%82%B7%E3%83%A3%E3%80%80%E3%83%91%E3%82%B8%E3%83%A3%E3%83%9E%E3%80%80FR38%EF%BC%88%E4%BB%96%E3%82%B5%E3%82%A4%E3%82%BA%E6%9C%89%EF%BC%89 HTTP/1.1" 200 52509 "-" "Mozilla/5.0 (Linux; Android 6.0.1; Nexus 5X Build/MMB29P) AppleWebKit/537.36 (KHTML, like Gecko) Chrome/135.0.7049.95 Mobile Safari/537.36 (compatible; Googlebot/2.1; +http://www.google.com/bot.html)"
66.249.73.101 - - [26/Apr/2025:07:03:49 -0400] "GET /?i=00390164846400&channel=ece337&from=brands.php%3Fid%3D1648464-8732%26name%3D%E3%83%99%E3%83%AB%E3%83%88%E3%80%80%E3%83%A1%E3%83%B3%E3%82%BA%E3%80%80%E6%9C%AC%E9%9D%A9%E3%80%80%E7%A9%B4%E3%81%AA%E3%81%97%E3%80%80%E3%83%AC%E3%82%B6%E3%83%BC%E3%80%80%E7%84%A1%E6%AE%B5%E9%9A%8E%E3%80%80%E3%82%AA%E3%83%BC%E3%83%88%E3%83%AD%E3%83%83%E3%82%AF%E3%80%80%E3%82%AB%E3%82%B8%E3%83%A5%E3%82%A2%E3%83%AB%E3%80%80%E3%83%93%E3%82%B8%E3%83%8D%E3%82%B9 HTTP/1.1" 200 54621 "-" "Mozilla/5.0 (Linux; Android 6.0.1; Nexus 5X Build/MMB29P) AppleWebKit/537.36 (KHTML, like Gecko) Chrome/135.0.7049.95 Mobile Safari/537.36 (compatible; Googlebot/2.1; +http://www.google.com/bot.html)"
66.249.73.102 - - [26/Apr/2025:07:04:01 -0400] "GET /?i=9110944063701&channel=f30510&from=product.php%3Fid%3D440637-484%26name%3D%E3%83%B4%E3%82%A9%E3%82%AF%E3%82%B7%E3%83%BC+ZRR80%E3%83%BB85W+%E5%89%8D%E6%9C%9F+ZS%2FZS%E7%85%8C+2014%E5%B9%B42%E6%9C%88%E3%80%9C+%E3%83%95%E3%83%AD%E3%83%B3%E3%83%88%E3%82%BB%E3%83%B3%E3%82%BF%E3%83%BC%E3%83%AA%E3%83%83%E3%83%97%E3%82%B9%E3%83%9D%E3%82%A4%E3%83%A9%E3%83%BC+%E5%A1%97%E8%A3%85%E6%B8%88+%E3%83%87%E3%82%B6%E3%82%A4%E3%82%A2+affection%2F%E3%82%A2%E3%83%95%E3%82%A7%E3%82%AF%E3%82%B7%E3%83%A7%E3%83%B3 HTTP/1.1" 200 55763 "-" "Mozilla/5.0 (Linux; Android 6.0.1; Nexus 5X Build/MMB29P) AppleWebKit/537.36 (KHTML, like Gecko) Chrome/135.0.7049.95 Mobile Safari/537.36 (compatible; Googlebot/2.1; +http://www.google.com/bot.html)"
66.249.73.103 - - [26/Apr/2025:07:04:02 -0400] "GET /?i=3696420097805&channel=08f694&from=product.php%3Fid%3D200978-6293%26name%3D%E3%82%B4%E3%83%AB%E3%83%95%E3%82%AF%E3%83%A9%E3%83%96%E3%80%80%E3%82%A2%E3%82%A4%E3%82%A2%E3%83%B3%E3%82%BB%E3%83%83%E3%83%88MIZUNO+EURUS+G6+flex+UNIFLEX+6%2C7%2C8%2C9%2CP+5%E6%9C%AC%E3%82%BB%E3%83%83%E3%83%88%E3%80%80%E7%94%B7%E6%80%A7%E5%8F%B3%E5%88%A9%E3%81%8D%E7%94%A8 HTTP/1.1" 200 0 "-" "Mozilla/5.0 (Linux; Android 6.0.1; Nexus 5X Build/MMB29P) AppleWebKit/537.36 (KHTML, like Gecko) Chrome/135.0.7049.95 Mobile Safari/537.36 (compatible; GoogleOther)"
66.249.73.102 - - [26/Apr/2025:07:04:10 -0400] "GET /?i=027206503705&channel=b89082&from=product.php%3Fid%3D65037-1496%26name%3D%E3%80%90%E6%9C%80%E5%A4%A73%E4%B8%87%E5%86%86%E3%82%AF%E3%83%BC%E3%83%9D%E3%83%B3+3%2F4+20%3A00%7E%E3%80%91%E3%80%90%E5%90%8D%E5%8F%A4%E5%B1%8B%E3%80%91%E3%80%90LOUIS+VUITTON%E3%80%91%E3%83%AB%E3%82%A4%E3%83%B4%E3%82%A3%E3%83%88%E3%83%B3+%E3%81%A4%E3%81%8D%E5%90%88%E3%81%86+%E3%82%A6%E3%83%BC%E3%83%AB%E3%83%96%E3%83%AC%E3%83%B3%E3%83%89%E3%82%AF%E3%83%AB%E3%83%BC%E3%83%8D%E3%83%83%E3%82%AF+%E3%83%8B%E3%83%83%E3%83%88+%E3%83%99%E3%83%BC%E3%82%B8%E3%83%A5+%E3%82%B0%E3%83%AC%E3%83%BC%E3%82%B8%E3%83%A5+%E3%83%A4%E3%82%AF%E6%B7%B7%E7%B4%A1+S%E3%82%B5%E3%82%A4%E3%82%BA+LV%E3%82%A4%E3%83%8B%E3%82%B7%E3%83%A3%E3%83%AB+%E3%83%88%E3%83%83%E3%83%97%E3%82%B9+%E3%82%A2%E3%83%91%E3%83%AC%E3%83%AB+%E6%9C%8D+%E3%83%A1%E3%83%B3%E3%82%BA%E3%80%90%E4%B8%AD%E5%8F%A4%E3%80%91 HTTP/1.1" 200 0 "-" "Mozilla/5.0 (Linux; Android 6.0.1; Nexus 5X Build/MMB29P) AppleWebKit/537.36 (KHTML, like Gecko) Chrome/135.0.7049.95 Mobile Safari/537.36 (compatible; GoogleOther)"
66.249.73.101 - - [26/Apr/2025:07:04:16 -0400] "GET /?i=19150140143901&channel=331463&from=blog.php%3Fid%3D1401439-4665%26name%3D%E8%89%AF%E5%93%81%E3%80%80MICHAL+KORS+%E3%82%B7%E3%83%A7%E3%83%AB%E3%83%80%E3%83%BC%E3%83%90%E3%83%83%E3%82%B0%E3%80%80%E3%83%9C%E3%83%87%E3%82%A3%E3%83%90%E3%83%83%E3%82%B0%E3%80%80%E3%82%B4%E3%83%BC%E3%83%AB%E3%83%89%E3%83%81%E3%82%A7%E3%83%BC%E3%83%B3+%E8%92%99 HTTP/1.1" 200 51887 "-" "Mozilla/5.0 (Linux; Android 6.0.1; Nexus 5X Build/MMB29P) AppleWebKit/537.36 (KHTML, like Gecko) Chrome/135.0.7049.95 Mobile Safari/537.36 (compatible; Googlebot/2.1; +http://www.google.com/bot.html)"
66.249.73.101 - - [26/Apr/2025:07:04:29 -0400] "GET /?i=5222879603602&channel=25e7be&from=shared.php%3Fid%3D796036-1734%26name%3D%E3%82%B0%E3%83%AC%E3%83%BC%E3%82%B9%E3%82%B3%E3%83%B3%E3%83%81%E3%83%8D%E3%83%B3%E3%82%BF%E3%83%AB%E3%83%AC%E3%83%BC%E3%82%B9%E3%83%9E%E3%82%AD%E3%82%B7%E3%83%AF%E3%83%B3%E3%83%94%E3%83%BC%E3%82%B9 HTTP/1.1" 200 52609 "-" "Mozilla/5.0 (Linux; Android 6.0.1; Nexus 5X Build/MMB29P) AppleWebKit/537.36 (KHTML, like Gecko) Chrome/135.0.7049.95 Mobile Safari/537.36 (compatible; Googlebot/2.1; +http://www.google.com/bot.html)"
40.77.167.9 - - [26/Apr/2025:07:04:35 -0400] "GET /?i=70277165616702&channel=5f4dce&from=jp.php%3Fid%3D1656167-15434%26name%3D%EF%BC%95%EF%BC%90%E6%9E%9A%E2%98%85%E3%82%A4%E3%82%A8%E3%83%AD%E3%83%BC%E3%83%8F%E3%83%83%E3%83%88+%E3%82%A6%E3%82%A9%E3%83%83%E3%82%B7%E3%83%A3%E3%83%BC%E6%B6%B2%E2%91%A5 HTTP/1.1" 200 0 "-" "Mozilla/5.0 AppleWebKit/537.36 (KHTML, like Gecko; compatible; bingbot/2.0; +http://www.bing.com/bingbot.htm) Chrome/116.0.1938.76 Safari/537.36"
66.249.73.101 - - [26/Apr/2025:07:04:45 -0400] "GET /?i=1673570658601&channel=e29222&from=category-info.php%3Fid%3D706586-5143%26name%3D%E3%83%95%E3%82%A3%E3%82%AE%E3%83%A5%E3%82%A2%E3%80%80+%E3%83%97%E3%83%AA%E3%82%BA%E3%83%9E%E2%98%86%E3%82%A4%E3%83%AA%E3%83%A4+%E3%82%BB%E3%82%A4%E3%83%90%E3%83%BC%E3%82%A2%E3%83%AB%E3%83%88%E3%83%AA%E3%82%A2Ver. HTTP/1.1" 200 54264 "-" "Mozilla/5.0 (Linux; Android 6.0.1; Nexus 5X Build/MMB29P) AppleWebKit/537.36 (KHTML, like Gecko) Chrome/135.0.7049.95 Mobile Safari/537.36 (compatible; Googlebot/2.1; +http://www.google.com/bot.html)"
66.249.73.101 - - [26/Apr/2025:07:05:02 -0400] "GET /?i=75913124996501&channel=3bb6a4&from=product.php%3Fid%3D1249965-9841%26name%3DTREK+EMONDA+SL5+21%E5%B9%B4%E5%BC%8F HTTP/1.1" 200 53225 "-" "Mozilla/5.0 (Linux; Android 6.0.1; Nexus 5X Build/MMB29P) AppleWebKit/537.36 (KHTML, like Gecko) Chrome/135.0.7049.95 Mobile Safari/537.36 (compatible; Googlebot/2.1; +http://www.google.com/bot.html)"
66.249.73.102 - - [26/Apr/2025:07:05:27 -0400] "GET /?i=1528438678609&channel=8abd48&from=shop.php%3Fid%3D386786-6274%26name%3D%E3%80%90%E5%8D%B3%E6%B1%BA%E4%BE%A1%E6%A0%BC%E3%80%91%E3%80%901W%E3%80%91%E3%83%86%E3%83%BC%E3%83%A9%E3%83%BC%E3%83%A1%E3%82%A4%E3%83%89%EF%BC%8FM4%EF%BC%8F9.5%E5%BA%A6%EF%BC%8F%E3%83%87%E3%82%A3%E3%82%A2%E3%83%9E%E3%83%8AZF70%EF%BC%8FFLEX+S%EF%BC%8F%E3%82%AB%E3%83%90%E3%83%BC%E7%84%A1%E3%81%97 HTTP/1.1" 200 53523 "-" "Mozilla/5.0 (Linux; Android 6.0.1; Nexus 5X Build/MMB29P) AppleWebKit/537.36 (KHTML, like Gecko) Chrome/135.0.7049.95 Mobile Safari/537.36 (compatible; Googlebot/2.1; +http://www.google.com/bot.html)"
52.167.144.22 - - [26/Apr/2025:07:05:40 -0400] "GET /?i=071516733303&channel=9e9519&from=shared.php%3Fid%3D67333-1355%26name%3D%E2%97%86185%E2%97%86%E8%8C%B6%E9%81%93%E5%85%B7%E3%80%80%E8%99%8E%E6%B8%93%E5%B1%B1%E6%B0%B4%E6%9C%88%E7%AA%AF%E3%80%80%E7%B2%89%E5%90%B9%E9%A2%A8%E5%9B%9B%E6%96%B9%E5%90%91%E4%BB%98%E4%BA%94%E5%AE%A2 HTTP/1.1" 200 0 "-" "Mozilla/5.0 AppleWebKit/537.36 (KHTML, like Gecko; compatible; bingbot/2.0; +http://www.bing.com/bingbot.htm) Chrome/116.0.1938.76 Safari/537.36"
66.249.73.101 - - [26/Apr/2025:07:05:46 -0400] "GET /?i=7807176014400&channel=778bb9&from=jp.php%3Fid%3D760144-6840%26name%3D%E6%96%B0%E5%93%81%E3%82%BF%E3%82%B0%E4%BB%98%E3%80%80%5BSORITEAL%5D+%E3%83%96%E3%83%A9%E3%83%83%E3%82%AF%E3%83%95%E3%82%A9%E3%83%BC%E3%83%9E%E3%83%AB+%E3%82%B8%E3%83%A3%E3%82%B1%E3%83%83%E3%83%88+%E3%82%A2%E3%83%B3%E3%82%B5%E3%83%B3%E3%83%96%E3%83%AB HTTP/1.1" 200 52835 "-" "Mozilla/5.0 (Linux; Android 6.0.1; Nexus 5X Build/MMB29P) AppleWebKit/537.36 (KHTML, like Gecko) Chrome/135.0.7049.95 Mobile Safari/537.36 (compatible; Googlebot/2.1; +http://www.google.com/bot.html)"
66.249.73.101 - - [26/Apr/2025:07:05:56 -0400] "GET /?i=92095103754300&channel=6dc08f&from=form.php%3Fid%3D1037543-4650%26name%3D%E3%83%8E%E3%83%BC%E3%82%B9%E3%83%95%E3%82%A7%E3%82%A4%E3%82%B9+%E3%83%9E%E3%82%A6%E3%83%B3%E3%83%86%E3%83%B3%E3%83%91%E3%83%BC%E3%82%AB%E3%83%BC+%E3%83%A1%E3%83%B3%E3%82%BA+L+%E3%82%AA%E3%83%AC%E3%83%B3%E3%82%B8+%E5%88%BA%E3%83%AD%E3%82%B4 HTTP/1.1" 200 54098 "-" "Mozilla/5.0 (Linux; Android 6.0.1; Nexus 5X Build/MMB29P) AppleWebKit/537.36 (KHTML, like Gecko) Chrome/135.0.7049.95 Mobile Safari/537.36 (compatible; Googlebot/2.1; +http://www.google.com/bot.html)"
66.249.73.103 - - [26/Apr/2025:07:06:03 -0400] "GET /?i=44845134609406&channel=645c38&from=article.php%3Fid%3D1346094-6%26name%3D%E5%92%8C%E8%A3%85%E3%83%90%E3%83%83%E3%82%B0+%E5%84%AA%E5%93%81+%E3%83%93%E3%83%BC%E3%82%BA%E3%83%90%E3%83%83%E3%82%B0+%E3%83%95%E3%82%A9%E3%83%BC%E3%83%9E%E3%83%AB+%E8%8A%B1+%E6%96%9C%E3%82%81%E6%A0%BC%E5%AD%90+%E3%83%94%E3%83%B3%E3%82%AF+%E3%83%93%E3%83%BC%E3%82%BA+%E5%92%8C%E8%A3%85%E5%B0%8F%E7%89%A9++%E3%80%90%E4%B8%AD%E5%8F%A4%E3%80%91 HTTP/1.1" 200 55655 "-" "Mozilla/5.0 (Linux; Android 6.0.1; Nexus 5X Build/MMB29P) AppleWebKit/537.36 (KHTML, like Gecko) Chrome/135.0.7049.95 Mobile Safari/537.36 (compatible; Googlebot/2.1; +http://www.google.com/bot.html)"
66.249.73.102 - - [26/Apr/2025:07:06:11 -0400] "GET /?i=1739390590603&channel=77ceb0&from=goods.php%3Fid%3D905906-13466%26name%3D%E2%96%A0%E8%A6%B3%E5%BF%83%E3%83%BB%E6%99%82%E4%BB%A3%E6%97%A7%E8%94%B5%E2%96%A0C033%E6%B8%85%E6%99%82%E4%BB%A3+%E9%9B%8D%E6%AD%A3%E5%BE%A1%E8%A3%BD+%E8%87%99%E8%84%82%E7%B4%85%E8%8A%B1%E5%8D%89%E7%93%9C%E8%8F%B1%E6%B0%B4%E6%B4%97%E4%B8%80%E5%AF%BE%E3%83%BB%E6%99%82%E4%BB%A3%E7%89%A9%E3%83%BB%E5%8F%A4%E9%99%B6%E7%A3%81%E3%83%BB%E5%8F%A4%E8%B3%9E%E7%89%A9%E3%83%BB%E6%97%A7%E5%AE%B6%E8%B2%B7%E5%87%BA%E5%93%81 HTTP/1.1" 200 54605 "-" "Mozilla/5.0 (Linux; Android 6.0.1; Nexus 5X Build/MMB29P) AppleWebKit/537.36 (KHTML, like Gecko) Chrome/135.0.7049.95 Mobile Safari/537.36 (compatible; Googlebot/2.1; +http://www.google.com/bot.html)"
66.249.73.101 - - [26/Apr/2025:07:06:27 -0400] "GET /?i=7729275098802&channel=e402eb&from=shop.php%3Fid%3D750988-5118%26name%3D%E3%83%90%E3%83%AB%E3%83%9E%E3%83%B3+18AW+%E5%9B%BD%E5%86%85%E6%AD%A3%E8%A6%8F%E5%93%81+%E6%96%B0%E5%93%81+%E3%83%90%E3%82%A4%E3%82%AB%E3%83%BC%E3%82%B8%E3%83%A3%E3%82%B1%E3%83%83%E3%83%88+34 HTTP/1.1" 200 53189 "-" "Mozilla/5.0 (Linux; Android 6.0.1; Nexus 5X Build/MMB29P) AppleWebKit/537.36 (KHTML, like Gecko) Chrome/135.0.7049.95 Mobile Safari/537.36 (compatible; Googlebot/2.1; +http://www.google.com/bot.html)"
66.249.73.101 - - [26/Apr/2025:07:06:41 -0400] "GET /?i=2875477735621&channel=b89082&from=product.php%3Fid%3D777356-1496%26name%3D%E3%80%90MEN%E3%80%91%E3%80%90%E3%82%A6%E3%82%A9%E3%83%83%E3%82%B7%E3%83%A3%E3%83%96%E3%83%AB%E3%80%91%E3%83%AA%E3%83%90%E3%83%BC%E3%82%B7%E3%83%96%E3%83%AB+%E3%83%8B%E3%83%83%E3%83%88%E3%83%99%E3%82%B9%E3%83%88 HTTP/1.1" 200 53635 "-" "Mozilla/5.0 (Linux; Android 6.0.1; Nexus 5X Build/MMB29P) AppleWebKit/537.36 (KHTML, like Gecko) Chrome/135.0.7049.95 Mobile Safari/537.36 (compatible; Googlebot/2.1; +http://www.google.com/bot.html)"
66.249.73.101 - - [26/Apr/2025:07:06:53 -0400] "GET /?i=21948108170102&channel=2ffbd3&from=brands.php%3Fid%3D1081701-3126%26name%3DPELICAN%EF%BC%88%E3%83%9A%E3%83%AA%E3%82%AB%E3%83%B3%EF%BC%89%E3%82%A8%E3%82%A2%E3%82%B1%E3%83%BC%E3%82%B9+1557+%E3%83%95%E3%82%A9%E3%83%BC%E3%83%A0%E3%81%AA%E3%81%97+YELLOW+%5B%E3%82%A4%E3%82%A8%E3%83%AD%E3%83%BC%5D+%5B015570-0011-240%5D HTTP/1.1" 200 52825 "-" "Mozilla/5.0 (Linux; Android 6.0.1; Nexus 5X Build/MMB29P) AppleWebKit/537.36 (KHTML, like Gecko) Chrome/135.0.7049.95 Mobile Safari/537.36 (compatible; Googlebot/2.1; +http://www.google.com/bot.html)"
40.77.167.9 - - [26/Apr/2025:07:06:57 -0400] "GET /?i=01049188272408&channel=5c1a4d&from=pin.php%3Fid%3D1882724-2260%26name%3D%E6%95%B0%E5%AD%A6%E3%82%AB%E3%83%BC%E3%83%89%E3%80%81%E8%BF%BD%E5%8A%A0%E6%B8%9B%E7%AE%97%E4%B9%97%E7%AE%97%E9%83%A8%E9%96%80%E3%82%B2%E3%83%BC%E3%83%A0+%7C+%E8%BF%BD%E5%8A%A0%E6%B8%9B%E7%AE%97%E3%83%95%E3%83%A9%E3%83%83%E3%82%B7%E3%83%A5%E3%82%AB%E3%83%BC%E3%83%89+-+%E3%82%A4%E3%83%B3%E3%82%BF%E3%83%A9%E3%82%AF%E3%83%86%E3%82%A3%E3%83%96%E3%81%AA%E5%AD%A6%E7%BF%92%E3%81%AE%E3%81%9F%E3%82%81%E3%81%AB%E3%83%91%E3%83%B3%E3%83%81%E3%81%95%E3%82%8C%E3%81%9F%E4%B8%A1%E9%9D%A2%E3%81%AE%E6%95%99%E8%82%B2%E3%83%95%E3%83%A9%E3%83%83%E3%82%B7%E3%83%A5 HTTP/1.1" 200 0 "-" "Mozilla/5.0 AppleWebKit/537.36 (KHTML, like Gecko; compatible; bingbot/2.0; +http://www.bing.com/bingbot.htm) Chrome/116.0.1938.76 Safari/537.36"
52.167.144.22 - - [26/Apr/2025:07:07:01 -0400] "GET /?i=95014141566304&channel=91878f&from=shop.php%3Fid%3D1415663-23625%26name%3DNAMOARLY+20%E5%80%8B+%E9%9B%BB%E7%B7%9A%E7%AB%AF%E6%9C%AB%E3%82%B3%E3%83%8D%E3%82%AF%E3%82%BF+%E3%83%8D%E3%82%B8%E7%AB%AF%E5%AD%90%E3%82%B9%E3%83%88%E3%83%AA%E3%83%83%E3%83%97+%E3%82%BF%E3%83%BC%E3%83%9F%E3%83%8A%E3%83%AB+%E3%83%90%E3%83%AA%E3%82%A2+%E3%82%B9%E3%83%88%E3%83%AA%E3%83%83%E3%83%97+%E3%82%B1%E3%83%BC%E3%83%96%E3%83%AB%E3%82%B3%E3%83%8D%E3%82%AF%E3%82%BF+%E7%99%BD%E3%81%84 HTTP/1.1" 200 0 "-" "Mozilla/5.0 AppleWebKit/537.36 (KHTML, like Gecko; compatible; bingbot/2.0; +http://www.bing.com/bingbot.htm) Chrome/116.0.1938.76 Safari/537.36"
66.249.73.102 - - [26/Apr/2025:07:07:08 -0400] "GET /?i=09956146719102&channel=f4e085&from=form.php%3Fid%3D1467191-24385%26name%3D%E3%83%90%E3%82%A4%E3%82%AF%E3%81%AE%E3%83%98%E3%83%83%E3%83%89%E3%83%A9%E3%82%A4%E3%83%88%E4%BD%9C%E6%A5%AD%E7%81%AF+%E3%82%BF%E3%83%BC%E3%83%B3%E3%82%B7%E3%82%B0%E3%83%8A%E3%83%AB+%E3%83%A9%E3%82%A4%E3%83%88+%E3%83%AA%E3%82%A2+Led+%E3%82%A4%E3%83%B3%E3%82%B8%E3%82%B1%E3%83%BC%E3%82%BF%E3%83%A9%E3%82%A4%E3%83%88%E3%83%95%E3%83%A9%E3%83%83%E3%82%B7%E3%83%A3%E3%83%BC%E3%82%AB%E3%83%AF%E3%82%B5%E3%82%AD+Z+1000SX+Z+10 HTTP/1.1" 200 53685 "-" "Mozilla/5.0 (Linux; Android 6.0.1; Nexus 5X Build/MMB29P) AppleWebKit/537.36 (KHTML, like Gecko) Chrome/135.0.7049.95 Mobile Safari/537.36 (compatible; Googlebot/2.1; +http://www.google.com/bot.html)"
52.167.144.22 - - [26/Apr/2025:07:07:10 -0400] "GET /?i=01730131205400&channel=df6c36&from=product.php%3Fid%3D1312054-20586%26name%3D%E9%87%8E%E6%B2%A2%E6%B8%A9%E6%B3%89%E3%82%B9%E3%82%AD%E3%83%BC%E5%A0%B4 HTTP/1.1" 200 0 "-" "Mozilla/5.0 AppleWebKit/537.36 (KHTML, like Gecko; compatible; bingbot/2.0; +http://www.bing.com/bingbot.htm) Chrome/116.0.1938.76 Safari/537.36"
57.141.4.15 - - [26/Apr/2025:07:07:36 -0400] "GET /?i=11786127773617& HTTP/1.1" 200 0 "-" "meta-externalagent/1.1 (+https://developers.facebook.com/docs/sharing/webmasters/crawler)"
66.249.73.101 - - [26/Apr/2025:07:07:36 -0400] "GET /?i=82590107937806&channel=fa6891&from=pin.php%3Fid%3D1079378-2772%26name%3D%E3%80%90%E3%83%9D%E3%82%A4%E3%83%B3%E3%83%8810%E5%80%8D+3%2F31+9%3A59%E3%81%BE%E3%81%A7%E3%80%91%E3%83%91%E3%83%BC%E3%83%AB+%E3%83%8D%E3%83%83%E3%82%AF%E3%83%AC%E3%82%B9+k18+18k+18%E9%87%91+%E3%82%A4%E3%82%A8%E3%83%AD%E3%83%BC%E3%82%B4%E3%83%BC%E3%83%AB%E3%83%89+%E7%9C%9F%E7%8F%A0+%E3%81%82%E3%81%93%E3%82%84+%E3%82%A2%E3%82%B3%E3%83%A4+7-7.5mm+5%E9%80%A3+%E3%83%99%E3%83%93%E3%83%BC%E3%83%91%E3%83%BC%E3%83%AB+%E3%83%9A%E3%83%B3%E3%83%80%E3%83%B3%E3%83%88+%E9%80%81%E6%96%99%E7%84%A1%E6%96%99+%E3%83%AC%E3%83%87%E3%82%A3%E3%83%BC%E3%82%B9+%E3%82%AB%E3%82%B8%E3%83%A5%E3%82%A2%E3%83%AB+%E6%99%AE%E6%AE%B5%E4%BD%BF%E3%81%84+%E5%8D%92%E5%85%A5%E5%AD%A6+%E3%83%97%E3%83%AC%E3%82%BC%E3%83%B3%E3%83%88+%E3%82%AE%E3%83%95%E3%83%88+%E8%87%AA%E5%88%86%E8%B2%B7%E3%81%84 HTTP/1.1" 200 55770 "-" "Mozilla/5.0 (Linux; Android 6.0.1; Nexus 5X Build/MMB29P) AppleWebKit/537.36 (KHTML, like Gecko) Chrome/135.0.7049.95 Mobile Safari/537.36 (compatible; Googlebot/2.1; +http://www.google.com/bot.html)"
66.249.73.102 - - [26/Apr/2025:07:07:38 -0400] "GET /?i=9399255239007&channel=2649d7&from=blog.php%3Fid%3D552390-2945%26name%3DB-2950%E3%80%90%E7%9C%9F%E4%BD%9C%E3%80%91%E4%B8%AD%E5%9B%BD%E3%83%BB%E9%A6%AE%E9%8F%A1%E5%A6%82+%E8%82%89%E7%AD%86%E7%B4%99%E6%9C%AC+%E6%A2%85%E8%8A%B1%E5%9B%B3+%E6%8E%9B%E8%BB%B8%2F%E4%B8%AD%E5%9B%BD%E6%9B%B8%E7%94%BB+%E5%94%90%E7%89%A9+%E5%94%90%E7%94%BB+%E8%8A%B1%E9%B3%A5%E7%94%BB+%E6%9B%B8%E7%94%BB HTTP/1.1" 200 0 "-" "Mozilla/5.0 (Linux; Android 6.0.1; Nexus 5X Build/MMB29P) AppleWebKit/537.36 (KHTML, like Gecko) Chrome/135.0.7049.95 Mobile Safari/537.36 (compatible; GoogleOther)"
66.249.73.101 - - [26/Apr/2025:07:07:44 -0400] "GET /?i=0141144138202&channel=f28c67&from=jp.php%3Fid%3D441382-20%26name%3D1%E5%B9%B4%E4%BF%9D%E8%A8%BC%E4%BB%98+%E3%83%A1%E3%83%B3%E3%83%86%E3%83%8A%E3%83%B3%E3%82%B9%E3%82%AF%E3%83%AD%E3%82%B9%E4%BB%98%EF%BC%81%E3%82%B7%E3%82%B0%E3%83%8A%E3%82%B9X+%E3%82%A6%E3%82%A4%E3%83%B3%E3%83%89%E3%82%B9%E3%82%AF%E3%83%AA%E3%83%BC%E3%83%B3+%E5%8E%9F%E4%BB%98%E6%B1%8E%E7%94%A8%E9%A2%A8%E9%98%B2+%E3%82%AF%E3%83%AA%E3%82%A2+%E3%82%A2%E3%83%80%E3%83%97%E3%82%BF%E3%83%BC%E4%BB%98+%E3%81%8A%E8%B2%B7%E3%81%84%E7%89%A9%E3%83%9E%E3%83%A9%E3%82%BD%E3%83%B3+%E9%96%8B%E5%82%AC HTTP/1.1" 200 54473 "-" "Mozilla/5.0 (Linux; Android 6.0.1; Nexus 5X Build/MMB29P) AppleWebKit/537.36 (KHTML, like Gecko) Chrome/135.0.7049.95 Mobile Safari/537.36 (compatible; Googlebot/2.1; +http://www.google.com/bot.html)"
66.249.73.101 - - [26/Apr/2025:07:07:54 -0400] "GET /?i=20291169115105&channel=d72e65&from=brands.php%3Fid%3D1691151-26158%26name%3D%E7%94%A8+XADV750+XADV+X-ADV+750+2017-2023+%E3%83%8F%E3%83%B3%E3%83%89%E3%83%AB%E3%83%90%E3%83%BC+%E3%83%90%E3%83%A9%E3%83%B3%E3%82%B9%E3%83%90%E3%83%BC+%E3%82%B9%E3%83%86%E3%82%A2%E3%83%AA%E3%83%B3%E3%82%B0%E3%83%AC%E3%83%90%E3%83%BC+%E3%83%8A%E3%83%93%E3%82%B2%E3%83%BC%E3%82%B7%E3%83%A7%E3%83%B3 HTTP/1.1" 200 53165 "-" "Mozilla/5.0 (Linux; Android 6.0.1; Nexus 5X Build/MMB29P) AppleWebKit/537.36 (KHTML, like Gecko) Chrome/135.0.7049.95 Mobile Safari/537.36 (compatible; Googlebot/2.1; +http://www.google.com/bot.html)"
66.249.74.13 - - [26/Apr/2025:07:07:58 -0400] "GET /872461149720.shtml HTTP/1.1" 200 0 "-" "Mozilla/5.0 (Linux; Android 6.0.1; Nexus 5X Build/MMB29P) AppleWebKit/537.36 (KHTML, like Gecko) Chrome/135.0.7049.95 Mobile Safari/537.36 (compatible; GoogleOther)"
66.249.73.102 - - [26/Apr/2025:07:08:06 -0400] "GET /?i=25239195665107&channel=7ff4bb&from=article.php%3Fid%3D1956651-31943%26name%3DGogogmee+3%E5%80%8B+%E3%83%BC%E4%BF%9D%E8%AD%B7%E3%83%AC%E3%83%B3%E3%82%BA+%E6%BA%B6%E6%8E%A5%E3%83%95%E3%83%BC%E3%83%89%E9%83%A8%E5%93%81+%E6%BA%B6%E6%8E%A5%E4%BF%9D%E8%AD%B7%E3%83%AC%E3%83%B3%E3%82%BA+%E9%80%8F%E6%98%8E%E3%81%AA%E6%BA%B6%E6%8E%A5%E3%83%AC%E3%83%B3%E3%82%BA+%E6%BA%B6%E6%8E%A5%E3%83%95%E3%83%BC%E3%83%89+%E3%82%AF%E3%83%AA%E3%82%A2%E3%83%AC%E3%83%B3%E3%82%BA+%E3%83%81%E3%83%BC%E3%82%BF%E3%83%BC%E3%83%AC%E3%83%B3%E3%82%BA%E3%81%AE%E6%BA%B6 HTTP/1.1" 200 53494 "-" "Mozilla/5.0 (Linux; Android 6.0.1; Nexus 5X Build/MMB29P) AppleWebKit/537.36 (KHTML, like Gecko) Chrome/135.0.7049.95 Mobile Safari/537.36 (compatible; Googlebot/2.1; +http://www.google.com/bot.html)"
66.249.73.101 - - [26/Apr/2025:07:08:10 -0400] "GET /?i=1060162421901&channel=75edd7&from=brands.php%3Fid%3D624219-17708%26name%3DUSB-CVDK4+%E3%82%BF%E3%83%96%E3%83%AC%E3%83%83%E3%83%88%E3%82%B9%E3%82%BF%E3%83%B3%E3%83%89%E4%BB%98%E3%81%8D4K%E5%AF%BE%E5%BF%9C%E3%83%89%E3%83%83%E3%82%AD%E3%83%B3%E3%82%B0%E3%82%B9%E3%83%86%E3%83%BC%E3%82%B7%E3%83%A7%E3%83%B3 HTTP/1.1" 200 0 "-" "Mozilla/5.0 (Linux; Android 6.0.1; Nexus 5X Build/MMB29P) AppleWebKit/537.36 (KHTML, like Gecko) Chrome/135.0.7049.95 Mobile Safari/537.36 (compatible; GoogleOther)"
66.249.73.101 - - [26/Apr/2025:07:08:30 -0400] "GET /?i=277081995006&channel=1479ad&from=blog.php%3Fid%3D19950-736%26name%3D%E3%83%86%E3%83%AC%E3%83%93%E5%A3%81%E6%8E%9B%E3%81%91%E3%83%96%E3%83%A9%E3%82%B1%E3%83%83%E3%83%88%E3%83%86%E3%83%AC%E3%83%93%E3%83%9E%E3%82%A6%E3%83%B3%E3%83%88%E3%82%B9%E3%82%BF%E3%83%B3%E3%83%89%E3%83%86%E3%83%AC%E3%83%93%E3%83%96%E3%83%A9%E3%82%B1%E3%83%83%E3%83%88%E3%83%A6%E3%83%8B%E3%83%90%E3%83%BC%E3%82%B5%E3%83%AB%E3%83%86%E3%83%AC%E3%83%93%E5%A3%81%E6%8E%9B%E3%81%91%E3%82%B9%E3%82%BF%E3%83%B3%E3%83%89%E3%83%86%E3%83%AC%E3%83%93%E5%A3%81%E6%8E%9B%E3%81%91%E3%83%96%E3%83%A9%E3%82%B1%E3%83%83%E3%83%88%E3%81%BB%E3%81%A8%E3%82%93%E3%81%A9%E3%81%AE32-6 HTTP/1.1" 200 53229 "-" "Mozilla/5.0 (Linux; Android 6.0.1; Nexus 5X Build/MMB29P) AppleWebKit/537.36 (KHTML, like Gecko) Chrome/135.0.7049.95 Mobile Safari/537.36 (compatible; Googlebot/2.1; +http://www.google.com/bot.html)"
66.249.73.101 - - [26/Apr/2025:07:08:39 -0400] "GET /?i=72099115420403&channel=4e339e&from=article.php%3Fid%3D1154204-15484%26name%3D%E4%B8%8A%E9%88%B4%E6%9C%A8%E6%AD%A3%E4%B8%80+%E6%B2%B9%E5%BD%A9%E7%94%BB+F4%E5%8F%B7%E3%80%8E%E3%83%9E%E3%83%B3%E3%83%8F%E3%83%83%E3%82%BF%E3%83%B3%E9%81%A0%E6%9C%9B%E3%80%8F%E3%81%91%E3%81%84%E3%81%A1%E3%82%83%E3%82%93%E6%A7%98%E3%81%AE%E3%81%94%E4%BA%88%E7%B4%84%E4%BD%9C%E5%93%81%E3%81%A7%E3%81%99%21%21 HTTP/1.1" 200 53927 "-" "Mozilla/5.0 (Linux; Android 6.0.1; Nexus 5X Build/MMB29P) AppleWebKit/537.36 (KHTML, like Gecko) Chrome/135.0.7049.95 Mobile Safari/537.36 (compatible; Googlebot/2.1; +http://www.google.com/bot.html)"
66.249.73.101 - - [26/Apr/2025:07:08:53 -0400] "GET /?i=80116178999610&channel=3afe39&from=news.php%3Fid%3D1789996-18652%26name%3D%E6%8A%98%E3%82%8A%E3%81%9F%E3%81%9F%E3%81%BF%E5%82%98%E3%82%AB%E3%83%90%E3%83%BC+%E9%98%B2%E6%B0%B4+%E5%8F%8E%E7%B4%8D%E8%A2%8B+%E7%84%A1%E5%9C%B0+%E5%B7%BE%E7%9D%80%E8%A2%8B+%E7%B9%B0%E3%82%8A%E8%BF%94%E3%81%97%E4%BD%BF%E3%81%88%E3%82%8B+%E6%8A%98%E3%82%8A%E7%95%B3%E3%81%BF%E5%82%98 HTTP/1.1" 200 51373 "-" "Mozilla/5.0 (Linux; Android 6.0.1; Nexus 5X Build/MMB29P) AppleWebKit/537.36 (KHTML, like Gecko) Chrome/135.0.7049.95 Mobile Safari/537.36 (compatible; Googlebot/2.1; +http://www.google.com/bot.html)"
66.249.73.101 - - [26/Apr/2025:07:10:06 -0400] "GET /?i=9905540415212&channel=06db75&from=pin.php%3Fid%3D404152-663%26name%3D%E3%82%AF%E3%83%AD%E3%82%B3%E3%83%80%E3%82%A4%E3%83%AB+%E9%95%B7%E8%B2%A1%E5%B8%83+%E3%83%AC%E3%83%87%E3%82%A3%E3%83%BC%E3%82%B9+%E3%83%9E%E3%83%83%E3%83%88%E5%8A%A0%E5%B7%A5+%E3%83%A9%E3%82%A6%E3%83%B3%E3%83%89%E3%83%95%E3%82%A1%E3%82%B9%E3%83%8A%E3%83%BC+%E4%B8%80%E6%9E%9A%E9%9D%A9+%E3%82%BB%E3%83%B3%E3%82%BF%E3%83%BC%E5%8F%96%E3%82%8A+%E3%82%B0%E3%83%AA%E3%83%BC%E3%83%B3+%E3%83%96%E3%83%A9%E3%83%83%E3%82%AF+%E4%BD%BF%E3%81%84%E6%98%93%E3%81%84+%E8%B2%A1%E5%B8%83+%E6%9C%AC%E9%9D%A9+%E9%B0%90%E7%9A%AE+%E9%B0%90+%E9%9D%A9+%E5%A5%B3%E6%80%A7+%E5%A9%A6%E4%BA%BA+%E9%AB%98%E7%B4%9A+%E3%82%AE%E3%83%95%E3%83%88+%E3%83%97%E3%83%AC%E3%82%BC%E3%83%B3%E3%83%88+4FA+%2806001758r%29 HTTP/1.1" 200 53869 "-" "Mozilla/5.0 (Linux; Android 6.0.1; Nexus 5X Build/MMB29P) AppleWebKit/537.36 (KHTML, like Gecko) Chrome/135.0.7049.95 Mobile Safari/537.36 (compatible; Googlebot/2.1; +http://www.google.com/bot.html)"
66.249.73.102 - - [26/Apr/2025:07:10:20 -0400] "GET /?i=3361571813903&channel=213a08&from=shared.php%3Fid%3D718139-2319%26name%3D%E3%81%99%E3%81%90%E4%BD%BF%E3%81%88%E3%82%8B%EF%BC%81+%E6%9D%B1%E8%8A%9D%E3%83%8E%E3%83%BC%E3%83%88%E3%83%91%E3%82%BD%E3%82%B3%E3%83%B3%E2%9C%A8%E3%83%80%E3%82%A4%E3%83%8A%E3%83%96%E3%83%83%E3%82%AF+B55%2FB+-+%E3%82%BB%E3%83%83%E3%83%88%E3%82%A2%E3%83%83%E3%83%97%E6%B8%88%E3%81%BF%E2%80%BC%EF%B8%8F%E8%B3%87%E6%96%99%E4%BD%9C%E6%88%90%2F%E3%83%96%E3%83%AD%E3%82%B0%E3%83%BB%E5%89%AF%E6%A5%AD%2FDVD%E3%81%A7%E5%8B%95%E7%94%BB%E8%A6%96%E8%81%B4 HTTP/1.1" 200 52874 "-" "Mozilla/5.0 (Linux; Android 6.0.1; Nexus 5X Build/MMB29P) AppleWebKit/537.36 (KHTML, like Gecko) Chrome/135.0.7049.95 Mobile Safari/537.36 (compatible; Googlebot/2.1; +http://www.google.com/bot.html)"
66.249.73.101 - - [26/Apr/2025:07:10:33 -0400] "GET /?i=79797114345902&channel=9c0359&from=pin.php%3Fid%3D1143459-15297%26name%3D%E3%80%90%E7%B5%B6%E7%89%88%E5%93%81%E3%83%90%E3%83%83%E3%82%AF%E3%82%B9%E3%83%86%E3%83%83%E3%83%97%E4%BB%98%E3%81%8D%EF%BC%81%E3%80%91%E3%83%AA%E3%82%A2%E3%83%96%E3%83%AC%E3%83%BC%E3%82%AD%E3%80%81%E3%82%BF%E3%83%B3%E3%83%87%E3%83%A0%E3%82%B9%E3%83%86%E3%83%83%E3%83%97%E4%BB%98%E3%81%8D%EF%BC%81 HTTP/1.1" 200 54195 "-" "Mozilla/5.0 (Linux; Android 6.0.1; Nexus 5X Build/MMB29P) AppleWebKit/537.36 (KHTML, like Gecko) Chrome/135.0.7049.95 Mobile Safari/537.36 (compatible; Googlebot/2.1; +http://www.google.com/bot.html)"
66.249.73.101 - - [26/Apr/2025:07:10:45 -0400] "GET /?i=9342163331611&channel=93be18&from=shop.php%3Fid%3D633316-5595%26name%3D%E2%97%86%E3%83%86%E3%82%A3%E3%82%A2%E3%83%89%E3%83%AD%E3%83%83%E3%83%97%E3%83%9B%E3%83%BC%E3%83%AB%E3%83%8B%E3%83%83%E3%83%88 HTTP/1.1" 200 52528 "-" "Mozilla/5.0 (Linux; Android 6.0.1; Nexus 5X Build/MMB29P) AppleWebKit/537.36 (KHTML, like Gecko) Chrome/135.0.7049.95 Mobile Safari/537.36 (compatible; Googlebot/2.1; +http://www.google.com/bot.html)"
66.249.73.101 - - [26/Apr/2025:07:10:51 -0400] "GET /?i=80787189459307&channel=268043&from=shop.php%3Fid%3D1894593-3093%26name%3D%E6%96%B0%E7%94%9F%E6%B4%BB%E5%BF%9C%E6%8F%B4+%E3%83%99%E3%83%93%E3%83%BC%E3%83%89%E3%83%AC%E3%82%B9+%E7%B5%90%E5%A9%9A%E5%BC%8F+%E3%82%BB%E3%83%AC%E3%83%A2%E3%83%8B%E3%83%BC%E3%83%89%E3%83%AC%E3%82%B9+%E3%83%99%E3%83%93%E3%83%BC+%E3%83%95%E3%82%A9%E3%83%BC%E3%83%9E%E3%83%AB+%E3%83%AF%E3%83%B3%E3%83%94%E3%83%BC%E3%82%B9+80+90+100+110+120+130+140+150+160cm+%E3%83%AA%E3%83%88%E3%83%AB%E3%83%97%E3%83%AA%E3%83%B3%E3%82%BB%E3%82%B9+%E5%AD%90%E4%BE%9B%E3%83%89%E3%83%AC%E3%82%B9+%E3%83%99%E3%83%93%E3%83%BC%E3%82%AB%E3%83%AC%E3%83%B3+%E7%99%BD+%E3%82%AE%E3%83%95%E3%83%88+%E3%83%97%E3%83%AC%E3%82%BC%E3%83%B3%E3%83%88+%E8%AA%95%E7%94%9F%E6%97%A5%E3%83%97%E3%83%AC%E3%82%BC%E3%83%B3%E3%83%88 HTTP/1.1" 200 56105 "-" "Mozilla/5.0 (Linux; Android 6.0.1; Nexus 5X Build/MMB29P) AppleWebKit/537.36 (KHTML, like Gecko) Chrome/135.0.7049.95 Mobile Safari/537.36 (compatible; Googlebot/2.1; +http://www.google.com/bot.html)"
66.249.73.103 - - [26/Apr/2025:07:11:04 -0400] "GET /?i=8800284120702&channel=4e8dd0&from=info.php%3Fid%3D841207-504%26name%3DFENDI+%E3%83%9E%E3%83%B3%E3%83%9E%E3%83%90%E3%82%B1%E3%83%83%E3%83%88+%E3%82%A4%E3%82%A8%E3%83%AD%E3%83%BC+%E3%83%8F%E3%83%A9%E3%82%B3+%E3%83%93%E3%83%BC%E3%82%BA+%E3%83%AC%E3%82%A2+%E3%83%B4%E3%82%A3%E3%83%B3%E3%83%86%E3%83%BC%E3%82%B8 HTTP/1.1" 200 52334 "-" "Mozilla/5.0 (Linux; Android 6.0.1; Nexus 5X Build/MMB29P) AppleWebKit/537.36 (KHTML, like Gecko) Chrome/135.0.7049.95 Mobile Safari/537.36 (compatible; Googlebot/2.1; +http://www.google.com/bot.html)"
66.249.73.102 - - [26/Apr/2025:07:11:19 -0400] "GET /?i=2262058395805&channel=8b42e7&from=product.php%3Fid%3D583958-17405%26name%3D%E6%B2%96%E7%B8%84%E3%83%95%E3%82%B3%E3%82%A4%E3%83%80%E3%83%B3%E3%80%80180%E7%B2%92%E3%80%80%EF%BC%93%E7%AE%B1%E3%82%BB%E3%83%83%E3%83%88+%E5%81%A5%E5%BA%B7%E9%A3%9F%E5%93%81+%E3%82%82%E3%81%9A%E3%81%8F+%E3%83%93%E3%82%BF%E3%83%9F%E3%83%B3+%E3%83%9F%E3%83%8D%E3%83%A9%E3%83%AB+%E9%87%91%E7%A7%80%E3%83%90%E3%82%A4%E3%82%AA+%E9%80%81%E6%96%99%E7%84%A1%E6%96%99 HTTP/1.1" 200 52098 "-" "Mozilla/5.0 (Linux; Android 6.0.1; Nexus 5X Build/MMB29P) AppleWebKit/537.36 (KHTML, like Gecko) Chrome/135.0.7049.95 Mobile Safari/537.36 (compatible; Googlebot/2.1; +http://www.google.com/bot.html)"
66.249.73.101 - - [26/Apr/2025:07:11:33 -0400] "GET /?i=21097187675106&channel=e2815f&from=brands.php%3Fid%3D1876751-30622%26name%3D%E4%BA%95%E6%88%B8%E3%83%9D%E3%83%B3%E3%83%97%E7%94%A8%E5%9C%A7%E5%8A%9B%E3%82%BF%E3%83%B3%E3%82%AF+80+60+50+40+20+Gal%E3%80%81+%E6%B0%B4%E5%B9%B3%E3%82%B9%E3%83%86%E3%83%B3%E3%83%AC%E3%82%B9%E9%8B%BC%E5%8A%A0%E5%9C%A7%E6%B0%B4%E8%86%80%E8%83%B1%E3%82%BF%E3%83%B3%E3%82%AF%E3%82%AD%E3%83%83%E3%83%88%E3%80%81+%E5%9C%B0%E4%B8%8B%E6%B0%B4%E8%B2%AF%E8%94%B5%E5%AE%B9%E5%99%A8%28Size%3A HTTP/1.1" 200 53172 "-" "Mozilla/5.0 (Linux; Android 6.0.1; Nexus 5X Build/MMB29P) AppleWebKit/537.36 (KHTML, like Gecko) Chrome/135.0.7049.95 Mobile Safari/537.36 (compatible; Googlebot/2.1; +http://www.google.com/bot.html)"
66.249.73.101 - - [26/Apr/2025:07:11:49 -0400] "GET /?i=77521162404900&channel=1ab4a6&from=category-info.php%3Fid%3D1624049-10512%26name%3D%E5%85%89%E6%A0%84%E5%A0%82+%E3%83%95%E3%83%AD%E3%83%BC%E3%83%AA%E3%83%B3%E3%82%B0%E3%83%BB%E3%82%B7%E3%83%BC%E3%83%88+F2%E3%82%AB%E3%83%A9%E3%83%BC+%E6%A8%A1%E5%9E%8B%E7%94%A8 HTTP/1.1" 200 51343 "-" "Mozilla/5.0 (Linux; Android 6.0.1; Nexus 5X Build/MMB29P) AppleWebKit/537.36 (KHTML, like Gecko) Chrome/135.0.7049.95 Mobile Safari/537.36 (compatible; Googlebot/2.1; +http://www.google.com/bot.html)"
66.249.73.102 - - [26/Apr/2025:07:12:03 -0400] "GET /?i=39998123474903&channel=18ec2c&from=brands.php%3Fid%3D1234749-22669%26name%3D7+E23+728%2F730%2F725i%2F732i%2F733i%2F735i+M30+AT+MT+1977-1986+1977+1978+19 HTTP/1.1" 200 51913 "-" "Mozilla/5.0 (Linux; Android 6.0.1; Nexus 5X Build/MMB29P) AppleWebKit/537.36 (KHTML, like Gecko) Chrome/135.0.7049.95 Mobile Safari/537.36 (compatible; Googlebot/2.1; +http://www.google.com/bot.html)"
66.249.73.102 - - [26/Apr/2025:07:12:18 -0400] "GET /?i=1691219269800&channel=d2f8cc&from=brands.php%3Fid%3D192698-10906%26name%3D%E2%98%86%E3%82%86%E3%81%86%E3%81%8D%E6%A7%98%E5%B0%82%E7%94%A8%E2%98%86 HTTP/1.1" 200 53040 "-" "Mozilla/5.0 (Linux; Android 6.0.1; Nexus 5X Build/MMB29P) AppleWebKit/537.36 (KHTML, like Gecko) Chrome/135.0.7049.95 Mobile Safari/537.36 (compatible; Googlebot/2.1; +http://www.google.com/bot.html)"
66.249.74.13 - - [26/Apr/2025:07:12:20 -0400] "GET /1594145267.shtml HTTP/1.1" 200 0 "-" "Mozilla/5.0 (Linux; Android 6.0.1; Nexus 5X Build/MMB29P) AppleWebKit/537.36 (KHTML, like Gecko) Chrome/135.0.7049.95 Mobile Safari/537.36 (compatible; GoogleOther)"
