66.249.73.103 - - [25/Apr/2025:23:52:28 -0400] "GET /?i=7763653115300&channel=d09e44&from=brands.php%3Fid%3D531153-9255%26name%3D%E3%80%90%E6%AF%8D%E3%81%AE%E6%97%A5%E3%80%91%E3%80%90%E5%8C%97%E6%B5%B7%E9%81%93+%E5%8D%81%E5%8B%9D%E6%A9%8B%E6%9C%AC%E7%89%A7%E5%A0%B4%E3%82%B9%E3%82%A4%E3%83%BC%E3%83%84%E3%82%BB%E3%83%83%E3%83%88+%C3%972%E3%82%BB%E3%83%83%E3%83%88%E3%80%91+%E3%81%8A%E3%81%93%E3%81%AA%E3%81%84+%28%E3%83%96%E3%83%A9%E3%82%A6%E3%83%B3%E3%82%B9%E3%82%A4%E3%82%B9%E4%B9%B3%E3%83%97%E3%83%AA%E3%83%B380ml%C3%976+%E3%83%96%E3%83%A9%E3%82%A6%E3%83%B3%E3%82%B9%E3%82%A4%E3%82%B9%E4%B9%B3%E3%83%97%E3%83%AC%E3%83%9F%E3%82%A2%E3%83%A0%E3%83%9F%E3%83%AB%E3%82%AF%E3%82%B7%E3%83%A5%E3%83%BC65g%C3%976%29%C3%972+%E6%B4%8B%E3%82%B9%E3%82%A4%E3%83%BC%E3%83%84+%E5%8C%97%E6%B5%B7%E9%81%93+%E3%83%97%E3%83%AC%E3%82%BC%E3%83%B3%E3%83%88+%E3%82%AE%E3%83%95%E3%83%88+%E8%B4%88%E3%82%8A%E7%89%A9+%E8%B4%88%E7%AD%94+%E8%A8%98%E5%BF%B5%E6%97%A5+%E4%BA%BA%E6%B0%97+%E7%86%A8%E6%96%97%E5%AF%BE%E5%BF%9C+%E5%90%8D%E5%85%A5%E3%82%8C+%E9%80%81%E6%96%99%E7%84%A1%E6%96%99+%E7%94%A3%E5%9C%B0%E7%9B%B4%E9%80%81+%E5%86%85%E7%A5%9D%E3%81%84 HTTP/1.1" 200 0 "-" "Mozilla/5.0 (Linux; Android 6.0.1; Nexus 5X Build/MMB29P) AppleWebKit/537.36 (KHTML, like Gecko) Chrome/135.0.7049.95 Mobile Safari/537.36 (compatible; GoogleOther)"
66.249.74.13 - - [25/Apr/2025:23:52:53 -0400] "GET /09811594402.shtml HTTP/1.1" 200 0 "-" "Mozilla/5.0 (Linux; Android 6.0.1; Nexus 5X Build/MMB29P) AppleWebKit/537.36 (KHTML, like Gecko) Chrome/135.0.7049.95 Mobile Safari/537.36 (compatible; GoogleOther)"
66.249.73.103 - - [25/Apr/2025:23:53:16 -0400] "GET /?i=15821164496300&channel=df6080&from=jp.php%3Fid%3D1644963-14366%26name%3D%E3%82%B9%E3%83%AA%E3%83%BC%E3%83%9C%E3%83%B3%E3%83%89+%E3%82%B7%E3%83%AA%E3%82%B3%E3%83%BC%E3%83%B3%E7%B3%BB+%E6%B6%B2%E7%8A%B6%E3%82%AC%E3%82%B9%E3%82%B1%E3%83%83%E3%83%881215+NET250%EF%BD%87 HTTP/1.1" 200 0 "-" "Mozilla/5.0 (Linux; Android 6.0.1; Nexus 5X Build/MMB29P) AppleWebKit/537.36 (KHTML, like Gecko) Chrome/135.0.7049.95 Mobile Safari/537.36 (compatible; GoogleOther)"
66.249.73.102 - - [25/Apr/2025:23:53:41 -0400] "GET /29305987688.shtml HTTP/1.1" 200 0 "-" "Mozilla/5.0 (Linux; Android 6.0.1; Nexus 5X Build/MMB29P) AppleWebKit/537.36 (KHTML, like Gecko) Chrome/135.0.7049.95 Mobile Safari/537.36 (compatible; GoogleOther)"
52.167.144.222 - - [25/Apr/2025:23:54:15 -0400] "GET /?i=03564196442403&channel=d5cb05&from=news.php%3Fid%3D1964424-7008%26name%3D%E5%A3%81%E6%8E%9B%E3%81%91%E6%89%87%E9%A2%A8%E6%A9%9F%2F%E5%B7%A6%E5%8F%B3%E9%A6%96%E6%8C%AF%E3%82%8A%2F%E5%BC%95%E3%81%8D%E3%81%B2%E3%82%82%E3%82%B9%E3%82%A4%E3%83%83%E3%83%81%2F30cm%E7%BE%BD%E6%A0%B9%2F%E9%A2%A8%E9%87%8F3%E6%AE%B5%E9%9A%8E%2F%E3%82%BF%E3%82%A4%E3%83%9E%E3%83%BC%2F+%E9%A6%96%E6%8C%AF%E3%82%8A%E6%A9%9F%E8%83%BD+%E5%88%87%E3%82%BF%E3%82%A4%E3%83%9E%E3%83%BC%E4%BB%98%E3%81%8D%E5%A3%81%E6%8E%9B%E3%81%91%E6%89%87%E9%A2%A8%E6%A9%9F+30cm%E9%AB%98+%E9%A6%96%E6%8C%AF%E3%82%8A%E6%A9%9F%E8%83%BD+%E5%88%87%E3%82%BF%E3%82%A4%E3%83%9E%E3%83%BC%E4%BB%98%E3%81%8D%E5%A3%81%E6%8E%9B%E3%81%91%E6%89%87%E9%A2%A8%E6%A9%9F+%E3%81%8A%E3%81%99%E3%81%99%E3%82%81+%E3%81%8A%E3%81%97%E3%82%83%E3%82%8C%E3%80%80%E3%81%8B%E3%82%8F%E3%81%84%E3%81%84%E3%80%80%E4%BA%BA%E6%B0%97+20230707wallfan HTTP/1.1" 200 0 "-" "Mozilla/5.0 AppleWebKit/537.36 (KHTML, like Gecko; compatible; bingbot/2.0; +http://www.bing.com/bingbot.htm) Chrome/116.0.1938.76 Safari/537.36"
52.167.144.222 - - [25/Apr/2025:23:54:25 -0400] "GET /?i=7568583761303&channel=f30510&from=form.php%3Fid%3D837613-484%26name%3D156+932A+932B+%E8%BB%8A%E9%AB%98%E8%AA%BF+%E3%83%A9%E3%83%AB%E3%82%B0%E3%82%B9+%E5%85%A8%E9%95%B7%E8%AA%BF%E6%95%B4%E5%BC%8F%E8%BB%8A%E9%AB%98%E8%AA%BF+%E3%82%B9%E3%83%9A%E3%83%83%E3%82%AFS+Largus+Spec+S+%E8%BB%8A%E9%AB%98%E8%AA%BF%E6%95%B4%E3%82%AD%E3%83%83%E3%83%88+%E3%83%AD%E3%83%BC%E3%83%80%E3%82%A6%E3%83%B3%E3%80%90%E5%BA%97%E9%A0%AD%E5%8F%97%E5%8F%96%E5%AF%BE%E5%BF%9C%E5%95%86%E5%93%81%E3%80%91 HTTP/1.1" 200 0 "-" "Mozilla/5.0 AppleWebKit/537.36 (KHTML, like Gecko; compatible; bingbot/2.0; +http://www.bing.com/bingbot.htm) Chrome/116.0.1938.76 Safari/537.36"
66.249.73.102 - - [25/Apr/2025:23:54:49 -0400] "GET /2198963212.shtml HTTP/1.1" 200 0 "-" "Mozilla/5.0 (Linux; Android 6.0.1; Nexus 5X Build/MMB29P) AppleWebKit/537.36 (KHTML, like Gecko) Chrome/135.0.7049.95 Mobile Safari/537.36 (compatible; GoogleOther)"
40.77.167.54 - - [25/Apr/2025:23:54:50 -0400] "GET /?i=2976720291401&channel=66c6ed&from=category-info.php%3Fid%3D202914-16%26name%3D%E6%AD%A3%E8%A6%8F%E5%93%81+%E3%82%AE%E3%83%95%E3%83%88%E5%AF%BE%E5%BF%9C%EF%BC%92%E6%9C%88%E7%B4%8D%E5%93%81%E4%BA%88%E5%AE%9A+%E3%83%AB%E3%82%A4%E3%83%B4%E3%82%A3%E3%83%88%E3%83%B3%3Cbr%3E%E3%81%8A%E5%8F%96%E3%82%8A%E5%AF%84%E3%81%9B%3Cbr%3E%E6%96%B0%E5%93%81%3Cbr%3ELV+%C3%97+%E6%9D%91%E4%B8%8A%E9%9A%86%3Cbr%3ELOUIS+VUITTON%3Cbr%3E%E3%83%AB%E3%82%A4%E3%83%BB%E3%83%B4%E3%82%A3%E3%83%88%E3%83%B3%3Cbr%3ELV%C3%97TM+LV+%E3%83%88%E3%83%AC%E3%82%A4%E3%83%8A%E3%83%BC+%E3%82%B9%E3%83%8B%E3%83%BC%E3%82%AB%E3%83%BC+%E6%9D%91%E4%B8%8A%E3%82%B3%E3%83%A9%E3%83%9C HTTP/1.1" 200 0 "-" "Mozilla/5.0 AppleWebKit/537.36 (KHTML, like Gecko; compatible; bingbot/2.0; +http://www.bing.com/bingbot.htm) Chrome/116.0.1938.76 Safari/537.36"
66.249.74.13 - - [25/Apr/2025:23:55:09 -0400] "GET /079921635792.shtml HTTP/1.1" 200 0 "-" "Mozilla/5.0 (Linux; Android 6.0.1; Nexus 5X Build/MMB29P) AppleWebKit/537.36 (KHTML, like Gecko) Chrome/135.0.7049.95 Mobile Safari/537.36 (compatible; GoogleOther)"
66.249.73.101 - - [25/Apr/2025:23:56:09 -0400] "GET /?i=7510255565002&channel=25e7be&from=shop.php%3Fid%3D555650-1734%26name%3D%E3%82%A8%E3%82%A4%E3%83%9F%E3%83%BC%E3%82%A4%E3%82%B9%E3%83%88%E3%83%AF%E3%83%BC%E3%83%AB+Erin+%E3%83%AC%E3%83%BC%E3%82%B9%E3%82%AA%E3%83%95%E3%82%B7%E3%83%A7%E3%83%AB%E3%83%AD%E3%83%B3%E3%82%B0%E3%83%AF%E3%83%B3%E3%83%94%E3%83%BC%E3%82%B9%E3%80%80S HTTP/1.1" 200 0 "-" "Mozilla/5.0 (Linux; Android 6.0.1; Nexus 5X Build/MMB29P) AppleWebKit/537.36 (KHTML, like Gecko) Chrome/135.0.7049.95 Mobile Safari/537.36 (compatible; GoogleOther)"
66.249.73.101 - - [25/Apr/2025:23:56:28 -0400] "GET /24692849719.shtml HTTP/1.1" 200 0 "-" "Mozilla/5.0 (Linux; Android 6.0.1; Nexus 5X Build/MMB29P) AppleWebKit/537.36 (KHTML, like Gecko) Chrome/135.0.7049.95 Mobile Safari/537.36 (compatible; GoogleOther)"
66.249.74.12 - - [25/Apr/2025:23:56:56 -0400] "GET /983791040972.shtml HTTP/1.1" 200 0 "-" "Mozilla/5.0 (Linux; Android 6.0.1; Nexus 5X Build/MMB29P) AppleWebKit/537.36 (KHTML, like Gecko) Chrome/135.0.7049.95 Mobile Safari/537.36 (compatible; GoogleOther)"
40.77.167.17 - - [25/Apr/2025:23:57:02 -0400] "GET /?i=91718112574300&channel=dc08ad&from=jp.php%3Fid%3D1125743-7052%26name%3D%E3%82%A6%E3%83%AB%E3%83%88%E3%83%A9%E3%83%A9%E3%82%A4%E3%83%88%E3%83%80%E3%82%A6%E3%83%B3+%E3%82%AA%E3%83%BC%E3%83%90%E3%83%BC%E3%82%B5%E3%82%A4%E3%82%BA%E3%82%B8%E3%83%A3%E3%82%B1%E3%83%83%E3%83%88 HTTP/1.1" 200 0 "-" "Mozilla/5.0 AppleWebKit/537.36 (KHTML, like Gecko; compatible; bingbot/2.0; +http://www.bing.com/bingbot.htm) Chrome/116.0.1938.76 Safari/537.36"
40.77.167.17 - - [25/Apr/2025:23:57:04 -0400] "GET /?i=20175168476902&channel=2d3e3e&from=news.php%3Fid%3D1684769-8718%26name%3D%E3%80%90%E3%83%AA%E3%83%88%E3%83%9F%E3%83%BC%E3%80%80%E3%83%90%E3%83%A9%E3%83%B3%E3%82%B7%E3%83%B3%E3%82%B0%E3%83%AD%E3%83%83%E3%82%AF%E3%82%AF%E3%83%AA%E3%83%BC%E3%83%A0%E3%80%80%E3%83%8F%E3%82%A4%E3%83%89%E3%83%AC%E3%82%A4%E3%83%88%E3%80%91%E3%80%80%E3%82%AF%E3%83%AA%E3%83%BC%E3%83%A0%E3%80%80%E6%95%8F%E6%84%9F%E8%82%8C%E3%80%80%E8%82%8C%E8%8D%92%E3%82%8C%E9%98%B2%E6%AD%A2 HTTP/1.1" 200 0 "-" "Mozilla/5.0 AppleWebKit/537.36 (KHTML, like Gecko; compatible; bingbot/2.0; +http://www.bing.com/bingbot.htm) Chrome/116.0.1938.76 Safari/537.36"
52.167.144.222 - - [25/Apr/2025:23:57:06 -0400] "GET /?i=6291997729908&channel=12e726&from=shop.php%3Fid%3D977299-3362%26name%3D2025%E5%B9%B4%2F%E6%98%A5%E5%A4%8F%E6%96%B0%E4%BD%9C+%E3%83%AC%E3%83%87%E3%82%A3%E3%83%BC%E3%82%B9+%E3%83%95%E3%82%A3%E3%83%83%E3%83%88%E3%83%8D%E3%82%B9%E6%B0%B4%E7%9D%80+%E3%82%AA%E3%83%BC%E3%83%AB%E3%82%A4%E3%83%B3%E3%83%AF%E3%83%B3+%E5%A5%B3%E6%80%A7+NIKE+%E3%83%8A%E3%82%A4%E3%82%AD+%5BNKPS_NO%5D+2993134 HTTP/1.1" 200 0 "-" "Mozilla/5.0 AppleWebKit/537.36 (KHTML, like Gecko; compatible; bingbot/2.0; +http://www.bing.com/bingbot.htm) Chrome/116.0.1938.76 Safari/537.36"
66.249.73.101 - - [25/Apr/2025:23:57:24 -0400] "GET /?i=44913180057801&channel=8056f7&from=blog.php%3Fid%3D1800578-17149%26name%3D%E2%96%A0%E3%82%B7%E3%83%9E%E3%83%8E+%E3%80%80%E7%86%B1%E7%A0%82+%E3%82%B9%E3%83%94%E3%83%B3%E3%83%93%E3%83%BC%E3%83%A0TG+42g+%E3%80%80OO-242P+%E3%80%80008+%E3%82%AD%E3%83%A7%E3%82%A6%E3%83%AA%E3%83%B3%E3%83%96%E3%83%AB%E3%83%BC%EF%BC%AB+%E3%80%8068mm%2F42g+%E3%80%80%E3%83%AB%E3%82%A2%E3%83%BC+%E3%80%80%28+2020%E5%B9%B4+4%E6%9C%88%E6%96%B0%E8%A3%BD%E5%93%81++%29 HTTP/1.1" 200 0 "-" "Mozilla/5.0 (Linux; Android 6.0.1; Nexus 5X Build/MMB29P) AppleWebKit/537.36 (KHTML, like Gecko) Chrome/135.0.7049.95 Mobile Safari/537.36 (compatible; GoogleOther)"
40.77.167.17 - - [25/Apr/2025:23:57:32 -0400] "GET /?i=1980914844802&channel=0a0425&from=product.php%3Fid%3D148448-845%26name%3D%E3%80%90%E6%96%B0%E8%BB%8A%E5%A4%96%E3%81%97%E3%80%91+200%E7%B3%BB+%E3%83%8F%E3%82%A4%E3%82%A8%E3%83%BC%E3%82%B9+%E3%83%AC%E3%82%B8%E3%82%A2%E3%82%B9%E3%82%A8%E3%83%BC%E3%82%B9+%E5%BE%8C%E6%9C%9F+4%E5%9E%8B+5%E5%9E%8B+6%E5%9E%8B+7%E5%9E%8B+%E3%83%86%E3%83%BC%E3%83%AB%E3%83%A9%E3%82%A4%E3%83%88+%E3%83%86%E3%83%BC%E3%83%AB%E3%83%A9%E3%83%B3%E3%83%97+KOITO+26-140+%E3%83%88%E3%83%A8%E3%82%BF%E7%B4%94%E6%AD%A3+%E3%82%BB%E3%83%83%E3%83%88 HTTP/1.1" 200 0 "-" "Mozilla/5.0 AppleWebKit/537.36 (KHTML, like Gecko; compatible; bingbot/2.0; +http://www.bing.com/bingbot.htm) Chrome/116.0.1938.76 Safari/537.36"
66.249.73.102 - - [25/Apr/2025:23:57:50 -0400] "GET /?i=3629240508802&channel=13bec9&from=news.php%3Fid%3D405088-12514%26name%3D%E7%B4%85%E8%91%89%E2%9C%B0%E6%A7%98%E2%99%A1%E5%B0%82%E7%94%A8%E3%83%9A%E3%83%BC%E3%82%B8 HTTP/1.1" 200 0 "-" "Mozilla/5.0 (Linux; Android 6.0.1; Nexus 5X Build/MMB29P) AppleWebKit/537.36 (KHTML, like Gecko) Chrome/135.0.7049.95 Mobile Safari/537.36 (compatible; GoogleOther)"
66.249.73.101 - - [25/Apr/2025:23:58:06 -0400] "GET /?i=2903148552302&channel=359d1a&from=blog.php%3Fid%3D485523-3374%26name%3D%E5%BC%95%E3%81%8D%E9%81%95%E3%81%84%E7%AA%93+15015+%E3%82%A2%E3%83%88%E3%83%A2%E3%82%B9II+W1540%C3%97H1570mm+%E5%8D%98%E6%9D%BF%E3%82%AC%E3%83%A9%E3%82%B9+%E3%82%A2%E3%83%AB%E3%83%9F%E3%82%B5%E3%83%83%E3%82%B7+2%E6%9E%9A%E5%BB%BA+%E5%BC%95%E9%81%95%E3%81%84%E7%AA%93+%E5%8D%8A%E5%A4%96%E4%BB%98+LIXIL+%E3%83%AA%E3%82%AF%E3%82%B7%E3%83%AB+TOSTEM+%E3%83%88%E3%82%B9%E3%83%86%E3%83%A0+AS+%E5%B7%A5%E5%A0%B4+%E5%80%89%E5%BA%AB+%E9%9D%9E%E4%BD%8F%E5%B1%85%E7%94%A8+%E3%82%A2%E3%83%AB%E3%83%9F%E3%82%B5%E3%83%83%E3%82%B7+%E3%83%AA%E3%83%95%E3%82%A9%E3%83%BC%E3%83%A0+DIY+kenzai HTTP/1.1" 200 55979 "-" "Mozilla/5.0 (Linux; Android 6.0.1; Nexus 5X Build/MMB29P) AppleWebKit/537.36 (KHTML, like Gecko) Chrome/135.0.7049.95 Mobile Safari/537.36 (compatible; Googlebot/2.1; +http://www.google.com/bot.html)"
66.249.73.102 - - [25/Apr/2025:23:58:11 -0400] "GET /17828297952.shtml HTTP/1.1" 200 0 "-" "Mozilla/5.0 (Linux; Android 6.0.1; Nexus 5X Build/MMB29P) AppleWebKit/537.36 (KHTML, like Gecko) Chrome/135.0.7049.95 Mobile Safari/537.36 (compatible; GoogleOther)"
52.167.144.222 - - [25/Apr/2025:23:58:26 -0400] "GET /?i=79848114075307&channel=06db75&from=news.php%3Fid%3D1140753-663%26name%3D%E3%82%AA%E3%82%B9%E3%83%97%E3%83%AC%E3%83%BC+%E3%83%88%E3%83%A9%E3%83%B3%E3%82%B9%E3%83%9D%E3%83%BC%E3%82%BF%E3%83%BC%E3%82%A6%E3%82%A3%E3%83%BC%E3%83%AB%E3%83%89%E3%82%AD%E3%83%A3%E3%83%AA%E3%83%BC%E3%82%AA%E3%83%B3+OSPREY+%E3%83%A1%E3%83%B3%E3%82%BA+%E3%83%AC%E3%83%87%E3%82%A3%E3%83%BC%E3%82%B9+%E3%83%A6%E3%83%8B%E3%82%BB%E3%83%83%E3%82%AF%E3%82%B9+OS54959+%E3%82%AD%E3%83%A3%E3%83%AA%E3%83%BC%E3%83%90%E3%83%83%E3%82%B0+%E3%83%88%E3%83%A9%E3%83%99%E3%83%AB%E3%83%90%E3%83%83%E3%82%B0+%E3%83%86%E3%82%AF%E3%83%8B%E3%82%AB%E3%83%AB+%E6%97%85%E8%A1%8C+%E3%83%93%E3%82%B8%E3%83%8D%E3%82%B9+%E3%81%8A%E3%81%97%E3%82%83%E3%82%8C+%E3%82%AD%E3%83%A3%E3%83%B3%E3%83%97+%E3%82%A2%E3%82%A6%E3%83%88%E3%83%89%E3%82%A2 HTTP/1.1" 200 0 "-" "Mozilla/5.0 AppleWebKit/537.36 (KHTML, like Gecko; compatible; bingbot/2.0; +http://www.bing.com/bingbot.htm) Chrome/116.0.1938.76 Safari/537.36"
66.249.74.12 - - [25/Apr/2025:23:58:31 -0400] "GET /736211375386.shtml HTTP/1.1" 200 0 "-" "Mozilla/5.0 (Linux; Android 6.0.1; Nexus 5X Build/MMB29P) AppleWebKit/537.36 (KHTML, like Gecko) Chrome/135.0.7049.95 Mobile Safari/537.36 (compatible; GoogleOther)"
66.249.74.12 - - [25/Apr/2025:23:58:45 -0400] "GET /12623797710.shtml HTTP/1.1" 200 0 "-" "Mozilla/5.0 (Linux; Android 6.0.1; Nexus 5X Build/MMB29P) AppleWebKit/537.36 (KHTML, like Gecko) Chrome/135.0.7049.95 Mobile Safari/537.36 (compatible; GoogleOther)"
66.249.73.102 - - [25/Apr/2025:23:59:17 -0400] "GET /?i=08088124668307&channel=fa6891&from=product.php%3Fid%3D1246683-2772%26name%3D%E3%82%BB%E3%83%91%E3%83%AC%E3%83%BC%E3%83%88%E3%83%8F%E3%83%BC%E3%83%88%E3%83%94%E3%82%A2%E3%82%B9 HTTP/1.1" 200 0 "-" "Mozilla/5.0 (Linux; Android 6.0.1; Nexus 5X Build/MMB29P) AppleWebKit/537.36 (KHTML, like Gecko) Chrome/135.0.7049.95 Mobile Safari/537.36 (compatible; GoogleOther)"
66.249.73.101 - - [25/Apr/2025:23:59:34 -0400] "GET /?i=9738258672717&channel=dbab0a&from=article.php%3Fid%3D586727-2968%26name%3D%E3%83%97%E3%83%AD%E3%82%B8%E3%82%A7%E3%82%AF%E3%82%BF%E3%83%BC+%E5%AE%B6%E5%BA%AD%E7%94%A8+%E5%B0%8F%E5%9E%8B+Android+TV%E6%90%AD%E8%BC%89%E3%83%BB%E5%86%85%E8%94%B5%E3%82%B2%E3%83%BC%E3%83%A0+4K%E5%AF%BE%E5%BF%9C+%E9%AB%98%E8%BC%9D%E5%BA%A6+%E5%A4%A9%E4%BA%95%E6%8A%95%E5%BD%B1+210%C2%B0%E5%9B%9E%E8%BB%A2+%E8%87%AA%E5%8B%95%E5%8F%B0%E5%BD%A2%E8%A3%9C%E6%AD%A3+%E3%83%97%E3%83%AD%E3%82%B8%E3%82%A7%E3%82%AF%E3%82%BF%E3%83%BC+%E3%83%9B%E3%83%BC%E3%83%A0%E3%82%B7%E3%82%A2%E3%82%BF%E3%83%BC+%E3%82%BB%E3%83%B3%E3%82%B5%E3%83%BC%E3%83%A9%E3%82%A4%E3%83%88+%E5%AD%90%E4%BE%9B+%E5%A3%81+%E3%82%B3%E3%83%B3%E3%83%91%E3%82%AF%E3%83%88+%E7%84%A1%E7%B7%9A%E6%8E%A5%E7%B6%9A+Bluetooth+5.2+5G+WiFi6+HDMI%E3%82%B1%E3%83%BC%E3%83%96%E3%83%AB%E3%83%BB%E3%83%AA%E3%83%A2%E3%82%B3%E3%83%B3%E4%BB%98%E5%B1%9E+%E4%B8%80%E4%BA%BA%E6%9A%AE%E3%82%89%E3%81%97 HTTP/1.1" 200 0 "-" "Mozilla/5.0 (Linux; Android 6.0.1; Nexus 5X Build/MMB29P) AppleWebKit/537.36 (KHTML, like Gecko) Chrome/135.0.7049.95 Mobile Safari/537.36 (compatible; GoogleOther)"
52.167.144.222 - - [25/Apr/2025:23:59:46 -0400] "GET /?i=7225063215301&channel=4e8dd0&from=product.php%3Fid%3D632153-504%26name%3D%E3%82%AB%E3%83%BC%E3%83%93%E3%83%B3%E3%82%B0%E3%83%88%E3%83%A9%E3%82%A4%E3%83%96%E3%82%B9%E3%80%80%E3%82%B0%E3%83%AC%E3%83%BC%E3%82%B9%E3%82%B3%E3%83%B3%E3%83%81%E3%83%8D%E3%83%B3%E3%82%BF%E3%83%AB%E3%80%80%E3%83%90%E3%83%83%E3%82%AF%E3%80%80%E6%96%B0%E5%93%81%E6%9C%AA%E4%BD%BF%E7%94%A8 HTTP/1.1" 200 0 "-" "Mozilla/5.0 AppleWebKit/537.36 (KHTML, like Gecko; compatible; bingbot/2.0; +http://www.bing.com/bingbot.htm) Chrome/116.0.1938.76 Safari/537.36"
52.167.144.222 - - [25/Apr/2025:23:59:47 -0400] "GET /?i=1630228721504&channel=7f4639&from=news.php%3Fid%3D287215-607%26name%3DJB64+%E3%82%B8%E3%83%A0%E3%83%8B%E3%83%BC+%E7%B4%94%E6%AD%A3%E3%83%9B%E3%82%A4%E3%83%BC%E3%83%AB+16%E3%82%A4%E3%83%B3%E3%83%81+5.5J+INSET22+PCD139.7+5%E7%A9%B4+%E3%82%BF%E3%82%A4%E3%83%A4+175%2F80R16+4%E6%9C%AC%E3%82%BB%E3%83%83%E3%83%88 HTTP/1.1" 200 0 "-" "Mozilla/5.0 AppleWebKit/537.36 (KHTML, like Gecko; compatible; bingbot/2.0; +http://www.bing.com/bingbot.htm) Chrome/116.0.1938.76 Safari/537.36"
52.167.144.222 - - [25/Apr/2025:23:59:49 -0400] "GET /?i=63077110734501&channel=e76bec&from=shop.php%3Fid%3D1107345-3462%26name%3D%E7%A4%BE%E4%BA%A4%E3%83%80%E3%83%B3%E3%82%B9%E3%83%89%E3%83%AC%E3%82%B9%E3%80%80%E7%A4%BE%E4%BA%A4%E3%83%80%E3%83%B3%E3%82%B9%E8%A1%A3%E8%A3%85%2F%E3%83%A2%E3%83%80%E3%83%B3%E3%83%89%E3%83%AC%E3%82%B9%2F%E3%83%91%E3%83%BC%E3%83%86%E3%82%A3%E3%83%BC%E3%80%80%E3%82%B9%E3%82%BF%E3%83%B3%E3%83%80%E3%83%BC%E3%83%88+%E3%82%B5%E3%82%A4%E3%82%BA%E5%A4%89%E6%9B%B4%E5%8F%AF%E3%80%81%E8%89%B2%E5%A4%89%E6%9B%B4%E5%8F%AF%E3%80%80MD213 HTTP/1.1" 200 0 "-" "Mozilla/5.0 AppleWebKit/537.36 (KHTML, like Gecko; compatible; bingbot/2.0; +http://www.bing.com/bingbot.htm) Chrome/116.0.1938.76 Safari/537.36"
52.167.144.222 - - [25/Apr/2025:23:59:50 -0400] "GET /?i=7181779779404&channel=a7fdcd&from=blog.php%3Fid%3D797794-5925%26name%3D%E7%89%87%E5%B2%A1+%E7%90%83%E5%AD%90%E3%80%816%E3%80%81%E8%B6%85%E5%B8%8C%E5%B0%91%E7%94%BB%E9%9B%86%E3%83%BB%E9%A1%8D%E8%A3%85%E7%94%BB%E3%80%81%E6%96%B0%E5%93%81%E9%AB%98%E7%B4%9A%E9%A1%8D+%E9%A1%8D%E8%A3%85%E4%BB%98%E3%80%81%E3%83%AC%E3%82%A2%E3%80%81%E7%8A%B6%E6%85%8B%E8%89%AF%E5%A5%BD HTTP/1.1" 200 0 "-" "Mozilla/5.0 AppleWebKit/537.36 (KHTML, like Gecko; compatible; bingbot/2.0; +http://www.bing.com/bingbot.htm) Chrome/116.0.1938.76 Safari/537.36"
40.77.167.67 - - [25/Apr/2025:23:59:51 -0400] "GET /?i=502323289800&channel=cc235f&from=jp.php%3Fid%3D32898-54%26name%3DMagic+Keyboard+%E3%83%86%E3%83%B3%E3%82%AD%E3%83%BC%E4%BB%98%E3%81%8D+%28JIS%29+MRMH2J%2FA+%5B%E3%82%B9%E3%83%9A%E3%83%BC%E3%82%B9%E3%82%B0%E3%83%AC%E3%82%A4%5D%2FApple HTTP/1.1" 200 0 "-" "Mozilla/5.0 AppleWebKit/537.36 (KHTML, like Gecko; compatible; bingbot/2.0; +http://www.bing.com/bingbot.htm) Chrome/116.0.1938.76 Safari/537.36"
66.249.73.101 - - [26/Apr/2025:00:00:02 -0400] "GET /97472688513.shtml HTTP/1.1" 200 0 "-" "Mozilla/5.0 (Linux; Android 6.0.1; Nexus 5X Build/MMB29P) AppleWebKit/537.36 (KHTML, like Gecko) Chrome/135.0.7049.95 Mobile Safari/537.36 (compatible; GoogleOther)"
66.249.73.102 - - [26/Apr/2025:00:00:19 -0400] "GET /?i=81994149354302&channel=f1bded&from=blog.php%3Fid%3D1493543-12335%26name%3D%E3%82%A4%E3%82%BF%E3%83%AA%E3%82%A2%E8%A3%BD%E6%AF%9B%E7%B3%B8%E3%83%BBClown+Print%E3%83%BB4%E7%8E%89%EF%BC%8B%E7%B4%8438g HTTP/1.1" 200 0 "-" "Mozilla/5.0 (Linux; Android 6.0.1; Nexus 5X Build/MMB29P) AppleWebKit/537.36 (KHTML, like Gecko) Chrome/135.0.7049.95 Mobile Safari/537.36 (compatible; GoogleOther)"
66.249.73.101 - - [26/Apr/2025:00:00:44 -0400] "GET /?i=25179189651050&channel=93be18&from=product.php%3Fid%3D1896510-5595%26name%3D%E3%80%8A%E4%BA%88%E7%B4%84%E3%80%8Bquaranciel%3A+%3C%E6%8E%A5%E8%A7%A6%E5%86%B7%E6%84%9F%3E%E3%82%AF%E3%83%AB%E3%83%BC%E3%83%8D%E3%83%83%E3%82%AF+%E3%83%8E%E3%83%BC%E3%82%B9%E3%83%AA%E3%83%BC%E3%83%96+%E3%83%8B%E3%83%83%E3%83%88 HTTP/1.1" 200 0 "-" "Mozilla/5.0 (Linux; Android 6.0.1; Nexus 5X Build/MMB29P) AppleWebKit/537.36 (KHTML, like Gecko) Chrome/135.0.7049.95 Mobile Safari/537.36 (compatible; GoogleOther)"
52.167.144.54 - - [26/Apr/2025:00:01:52 -0400] "GET /robots.txt HTTP/1.1" 200 72 "-" "Mozilla/5.0 AppleWebKit/537.36 (KHTML, like Gecko; compatible; bingbot/2.0; +http://www.bing.com/bingbot.htm) Chrome/116.0.1938.76 Safari/537.36"
40.77.167.17 - - [26/Apr/2025:00:01:53 -0400] "GET /?i=97898174392707&channel=794a3a&from=news.php%3Fid%3D1743927-29248%26name%3D%E3%80%90%E9%9D%9E%E5%A3%B2%E5%93%81%E3%80%91%E3%83%80%E3%82%A4%E3%83%8A%E3%83%BC%E3%82%B9%E3%82%AF%E3%83%A9%E3%83%96%E3%83%97%E3%83%AC%E3%83%9F%E3%82%A2%E3%83%A0+3%E5%B9%B4%E3%83%80%E3%82%A4%E3%82%A2%E3%83%AA%E3%83%BC HTTP/1.1" 200 0 "-" "Mozilla/5.0 AppleWebKit/537.36 (KHTML, like Gecko; compatible; bingbot/2.0; +http://www.bing.com/bingbot.htm) Chrome/116.0.1938.76 Safari/537.36"
66.249.73.102 - - [26/Apr/2025:00:01:56 -0400] "GET /?i=1170858809700&channel=8c58aa&from=product.php%3Fid%3D588097-3372%26name%3D%EF%BC%A3%EF%BC%B9%EF%BC%A3%EF%BC%AC%EF%BC%A1%EF%BC%B3+%E3%82%B7%E3%82%AF%E3%83%A9%E3%82%B9+%E2%98%85%E3%82%AB%E3%82%B7%E3%83%9F%E3%83%A4%E3%82%B3%E3%83%BC%E3%83%88 HTTP/1.1" 200 54302 "-" "Mozilla/5.0 (Linux; Android 6.0.1; Nexus 5X Build/MMB29P) AppleWebKit/537.36 (KHTML, like Gecko) Chrome/135.0.7049.95 Mobile Safari/537.36 (compatible; Googlebot/2.1; +http://www.google.com/bot.html)"
66.249.73.103 - - [26/Apr/2025:00:02:29 -0400] "GET /?i=1221022450700&channel=960248&from=news.php%3Fid%3D224507-183%26name%3D%E3%80%90%E5%8D%B3%E7%B4%8D%E5%9C%A8%E5%BA%AB%E5%93%81%E3%80%91+%E3%82%A2%E3%82%A4%E3%83%AA%E3%82%B9%E3%82%AA%E3%83%BC%E3%83%A4%E3%83%9E+%E5%B7%A5%E4%BA%8B%E4%B8%8D%E8%A6%81+IH%E8%AA%BF%E7%90%86+2%E5%8F%A3IH%E3%82%B3%E3%83%B3%E3%83%AD+%E8%84%9A%E4%BB%98%E3%81%8D+IHK-WT41S-B HTTP/1.1" 200 55349 "-" "Mozilla/5.0 (Linux; Android 6.0.1; Nexus 5X Build/MMB29P) AppleWebKit/537.36 (KHTML, like Gecko) Chrome/135.0.7049.95 Mobile Safari/537.36 (compatible; Googlebot/2.1; +http://www.google.com/bot.html)"
66.249.73.101 - - [26/Apr/2025:00:02:32 -0400] "GET /45503900110.shtml HTTP/1.1" 200 0 "-" "Mozilla/5.0 (Linux; Android 6.0.1; Nexus 5X Build/MMB29P) AppleWebKit/537.36 (KHTML, like Gecko) Chrome/135.0.7049.95 Mobile Safari/537.36 (compatible; GoogleOther)"
66.249.74.12 - - [26/Apr/2025:00:04:44 -0400] "GET /28061312288.shtml HTTP/1.1" 200 0 "-" "Mozilla/5.0 (Linux; Android 6.0.1; Nexus 5X Build/MMB29P) AppleWebKit/537.36 (KHTML, like Gecko) Chrome/135.0.7049.95 Mobile Safari/537.36 (compatible; GoogleOther)"
40.77.167.67 - - [26/Apr/2025:00:04:52 -0400] "GET /?i=65152165550503&channel=397e05&from=news.php%3Fid%3D1655505-26098%26name%3D%E5%B1%8B%E5%86%85%E3%83%95%E3%83%A9%E3%82%A4%E3%82%B6%E3%83%83%E3%83%91%E3%83%BC%E3%80%81%E3%83%95%E3%83%A9%E3%82%A4%E3%83%A9%E3%83%B3%E3%83%97+%7C+%E4%B8%B8%E3%81%84%E5%A4%AA%E9%99%BD%E5%85%89%E7%99%BA%E9%9B%BBLED%E3%81%AF%E3%80%81%E7%B9%B0%E3%82%8A%E8%BF%94%E3%81%97%E5%85%89%E3%82%92%E7%B9%B0%E3%82%8A%E8%BF%94%E3%81%97%E3%81%BE%E3%81%99+%7C+%E8%8A%9D%E7%94%9F%E3%81%AE%E4%B8%AD%E5%BA%AD%E3%81%AE%E5%A4%9A%E6%A9%9F%E8%83%BD%E3%80%81%E5%90%8A%E3%82%8A%E4%B8%8B%E3%81%92%E5%BC%8F%E3%81%AE%E5%BA%AD%E3%81%AE%E9%A2%A8%E6%99%AF HTTP/1.1" 200 0 "-" "Mozilla/5.0 AppleWebKit/537.36 (KHTML, like Gecko; compatible; bingbot/2.0; +http://www.bing.com/bingbot.htm) Chrome/116.0.1938.76 Safari/537.36"
40.77.167.17 - - [26/Apr/2025:00:05:33 -0400] "GET /?i=9188979233200&channel=fee628&from=jp.php%3Fid%3D792332-9838%26name%3DSUPER73+RX%E7%B3%BB2024%E6%9C%80%E6%96%B0%E5%93%81+%E3%83%88%E3%83%AB%E3%82%AF%E3%82%BB%E3%83%B3%E3%82%B5%E3%83%BC1000W18A+48V HTTP/1.1" 200 0 "-" "Mozilla/5.0 AppleWebKit/537.36 (KHTML, like Gecko; compatible; bingbot/2.0; +http://www.bing.com/bingbot.htm) Chrome/116.0.1938.76 Safari/537.36"
40.77.167.17 - - [26/Apr/2025:00:05:35 -0400] "GET /?i=0968714902505&channel=439032&from=category-info.php%3Fid%3D149025-5475%26name%3D%E3%80%90%E7%9C%9F%E4%BD%9C%E3%80%91%E7%B5%B5%E7%94%BB%E3%80%80%E5%B0%8F%E5%B7%9D%E5%8D%9A%E3%80%80%E6%97%A5%E6%9C%AC%E7%94%BB4%E5%8F%B7%E3%80%80%E5%A6%99%E9%AB%98%E3%80%80%E8%8D%98%E5%8E%B3%E3%81%AA%E9%9B%AA%E5%B1%B1%E3%81%A8%E6%B9%96%E3%80%80%E7%AE%B1%E3%83%BB%E9%BB%84%E8%A2%8B%E5%85%A5%E3%80%80U137 HTTP/1.1" 200 0 "-" "Mozilla/5.0 AppleWebKit/537.36 (KHTML, like Gecko; compatible; bingbot/2.0; +http://www.bing.com/bingbot.htm) Chrome/116.0.1938.76 Safari/537.36"
66.249.73.103 - - [26/Apr/2025:00:05:49 -0400] "GET /?i=1282711180100&channel=9b2b38&from=blog.php%3Fid%3D111801-7891%26name%3DH1830BB1+%E3%83%9B%E3%83%BC%E3%83%A0%E3%82%A8%E3%83%AC%E3%82%AF%E3%82%BF%E3%83%BC%E3%83%96%E3%83%A9%E3%83%B3%E3%83%81%E3%82%B7%E3%82%A7%E3%83%AB%E3%83%95%E3%83%80%E3%83%BC%E3%82%AF%E3%83%96%E3%83%A9%E3%82%A6%E3%83%B3%E3%83%BB%E6%96%B0%E5%93%813%E6%9E%9A%EF%BC%81+%E7%9B%AE%E3%81%96%E3%82%81 HTTP/1.1" 200 0 "-" "Mozilla/5.0 (Linux; Android 6.0.1; Nexus 5X Build/MMB29P) AppleWebKit/537.36 (KHTML, like Gecko) Chrome/135.0.7049.95 Mobile Safari/537.36 (compatible; GoogleOther)"
40.77.167.17 - - [26/Apr/2025:00:06:02 -0400] "GET /?i=9187341480504&channel=40f992&from=info.php%3Fid%3D414805-5000%26name%3DP9IDEDFH+%E5%BF%AB%E9%81%A9%E3%81%AA%E5%AF%9D%E3%81%9D%E3%81%B9%E3%82%8A%E5%AE%B6%E5%BA%AD%E7%94%A8%E6%A4%85%E5%AD%90+%E3%82%A4%E3%83%B3%E3%82%BF%E3%83%BC%E3%83%8D%E3%83%83%E3%83%88%E3%82%AB%E3%83%95%E3%82%A7+%E3%82%B3%E3%83%B3%E3%83%94%E3%83%A5%E3%83%BC%E3%82%BF%E3%83%BC%E3%83%81%E3%82%A7%E3%82%A2+%E3%83%AC%E3%83%BC%E3%82%B7%E3%83%B3%E3%82%B0%E5%90%88%E6%88%90%E7%9A%AE%E9%9D%A9%E3%82%B2%E3%83%BC%E3%83%9F%E3%83%B3%E3%82%B0%E3%83%81%E3%82%A7%E3%82%A2 HTTP/1.1" 200 0 "-" "Mozilla/5.0 AppleWebKit/537.36 (KHTML, like Gecko; compatible; bingbot/2.0; +http://www.bing.com/bingbot.htm) Chrome/116.0.1938.76 Safari/537.36"
66.249.73.101 - - [26/Apr/2025:00:06:14 -0400] "GET /?i=0317663693205&channel=66a444&from=article.php%3Fid%3D636932-5085%26name%3D%E3%80%90%E4%BA%BA%E6%B0%97%E5%AE%8C%E5%A3%B2%E3%80%91%E3%81%82%E3%81%9F%E3%81%9F%E3%81%8B%E3%82%A6%E3%83%BC%E3%83%AB%E6%B7%B7%E3%82%BF%E3%83%83%E3%82%AF%E3%83%91%E3%83%B3%E3%83%84 HTTP/1.1" 200 0 "-" "Mozilla/5.0 (Linux; Android 6.0.1; Nexus 5X Build/MMB29P) AppleWebKit/537.36 (KHTML, like Gecko) Chrome/135.0.7049.95 Mobile Safari/537.36 (compatible; GoogleOther)"
66.249.73.101 - - [26/Apr/2025:00:03:07 -0400] "GET /?i=35158104938800&channel=e4a12f&from=article.php%3Fid%3D1049388-721%26name%3D%E3%82%BD%E3%83%8B%E3%83%BC+55V%E5%9E%8B+4K+%E6%B6%B2%E6%99%B6+%E3%83%86%E3%83%AC%E3%83%93+%E3%83%96%E3%83%A9%E3%83%93%E3%82%A2+XRJ-55X90K HTTP/1.1" 200 0 "-" "Mozilla/5.0 (Linux; Android 6.0.1; Nexus 5X Build/MMB29P) AppleWebKit/537.36 (KHTML, like Gecko) Chrome/135.0.7049.95 Mobile Safari/537.36 (compatible; GoogleOther)"
66.249.73.101 - - [26/Apr/2025:00:03:37 -0400] "GET /77223763830.shtml HTTP/1.1" 200 0 "-" "Mozilla/5.0 (Linux; Android 6.0.1; Nexus 5X Build/MMB29P) AppleWebKit/537.36 (KHTML, like Gecko) Chrome/135.0.7049.95 Mobile Safari/537.36 (compatible; GoogleOther)"
40.77.167.67 - - [26/Apr/2025:00:03:42 -0400] "GET /?i=44361186294600&channel=753187&from=pin.php%3Fid%3D1862946-3734%26name%3D%E3%83%9F%E3%82%BA%E3%83%8E+MIZUNO+%E9%AB%98%E6%A0%A1%E9%87%8E%E7%90%83+%E3%83%9C%E3%83%BC%E3%82%A4%E3%82%BA%E3%83%AA%E3%83%BC%E3%82%B0%E5%AF%A9%E5%88%A4%E5%93%A1%E7%94%A8%E9%95%B7%E8%A2%96%E3%82%B7%E3%83%A3%E3%83%84+%E5%AF%A9%E5%88%A4+%E3%82%A2%E3%83%B3%E3%83%91%E3%82%A4%E3%82%A2+%E9%95%B7%E8%A2%96+15SS%2852SU2418%29 HTTP/1.1" 200 0 "-" "Mozilla/5.0 AppleWebKit/537.36 (KHTML, like Gecko; compatible; bingbot/2.0; +http://www.bing.com/bingbot.htm) Chrome/116.0.1938.76 Safari/537.36"
66.249.74.11 - - [26/Apr/2025:00:04:14 -0400] "GET /84323619861.shtml HTTP/1.1" 200 0 "-" "Mozilla/5.0 (Linux; Android 6.0.1; Nexus 5X Build/MMB29P) AppleWebKit/537.36 (KHTML, like Gecko) Chrome/135.0.7049.95 Mobile Safari/537.36 (compatible; GoogleOther)"
40.77.167.67 - - [26/Apr/2025:00:06:31 -0400] "GET /?i=9218893005800&channel=08aa0f&from=brands.php%3Fid%3D930058-8951%26name%3D%E7%BE%8E%E5%93%81%E2%98%98%EF%B8%8F+%E8%AA%AC%E6%98%8E%E6%9B%B8%E4%BB%98%E3%81%8D%E3%80%80%E3%82%A8%E3%83%BC%E3%83%AB%E3%83%99%E3%83%99%E3%80%80%E3%82%B9%E3%82%A4%E3%83%B3%E3%82%B0%E3%83%A0%E3%83%BC%E3%83%B3%E3%83%97%E3%83%AC%E3%83%9F%E3%82%A2%E3%83%A0S%E3%80%80%E3%83%80%E3%83%BC%E3%82%AF%E3%82%B0%E3%83%AC%E3%83%BC HTTP/1.1" 200 0 "-" "Mozilla/5.0 AppleWebKit/537.36 (KHTML, like Gecko; compatible; bingbot/2.0; +http://www.bing.com/bingbot.htm) Chrome/116.0.1938.76 Safari/537.36"
20.15.133.174 - - [26/Apr/2025:00:06:35 -0400] "GET /?i=9915947369008&channel=42b019&from=goods.php%3Fid%3D473690-4882%26name%3D%5B%E8%A8%B3%E3%81%82%E3%82%8A%5D%E3%82%AF%E3%82%A4%E3%83%83%E3%82%AF%E3%83%97%E3%83%AC%E3%82%A4+QUICKPLAY+Q-FOLD+MATCH+%E3%82%B5%E3%83%83%E3%82%AB%E3%83%BC%E3%82%B4%E3%83%BC%E3%83%AB+2.4m%C3%971.5m%EF%BC%888%C3%975ft%EF%BC%89+%E6%8A%98%E3%82%8A%E7%95%B3%E3%81%BF%E5%BC%8F+%E8%A9%A6%E5%90%88%E7%94%A8+%E7%B7%B4%E7%BF%92%E7%94%A8+QP-QM%288x5%29-T HTTP/1.1" 200 0 "-" "Mozilla/5.0 AppleWebKit/537.36 (KHTML, like Gecko; compatible; bingbot/2.0; +http://www.bing.com/bingbot.htm) Chrome/116.0.1938.76 Safari/537.36"
66.249.74.13 - - [26/Apr/2025:00:06:47 -0400] "GET /90462541484.shtml HTTP/1.1" 200 0 "-" "Mozilla/5.0 (Linux; Android 6.0.1; Nexus 5X Build/MMB29P) AppleWebKit/537.36 (KHTML, like Gecko) Chrome/135.0.7049.95 Mobile Safari/537.36 (compatible; GoogleOther)"
66.249.73.101 - - [26/Apr/2025:00:07:13 -0400] "GET /?i=31201114219803&channel=2efa5c&from=jp.php%3Fid%3D1142198-2751%26name%3D%E3%80%90%E3%82%AB%E3%82%B9%E3%82%BF%E3%83%A0%E3%83%95%E3%82%A3%E3%83%83%E3%83%86%E3%82%A3%E3%83%B3%E3%82%B0%E3%80%91%E3%83%94%E3%83%B3+i530+%E5%8D%98%E5%93%81+%E3%82%A2%E3%82%A4%E3%82%A2%E3%83%B3+%28%234%E3%80%9C%239%2CPW%2CUW%29+PING+TOUR+2.0+CHROME+I+%E3%82%AB%E3%83%BC%E3%83%9C%E3%83%B3%E3%82%B7%E3%83%A3%E3%83%95%E3%83%88+%E3%83%A1%E3%83%B3%E3%82%BA+%E5%8F%B3%E7%94%A8+%E3%82%B4%E3%83%AB%E3%83%95+%E6%97%A5%E6%9C%AC%E6%AD%A3%E8%A6%8F%E5%93%81+PING+%E3%80%90+%E3%83%94%E3%83%B3+%E3%82%A2%E3%82%A4%E3%82%A2%E3%83%B3+%E3%80%91 HTTP/1.1" 200 0 "-" "Mozilla/5.0 (Linux; Android 6.0.1; Nexus 5X Build/MMB29P) AppleWebKit/537.36 (KHTML, like Gecko) Chrome/135.0.7049.95 Mobile Safari/537.36 (compatible; GoogleOther)"
66.249.73.102 - - [26/Apr/2025:00:07:46 -0400] "GET /?i=30835161213405&channel=dd3967&from=shared.php%3Fid%3D1612134-26773%26name%3D%5BLAIHO%5D+%5B2025%E5%B9%B4%E6%96%B0%E7%99%BB%E5%A0%B4%5D+%E3%83%AA%E3%83%88%E3%83%AD%E9%A2%A8%E9%80%9F%E4%B9%BE%E3%82%AB%E3%83%BC%E3%82%B4%E3%83%91%E3%83%B3%E3%83%84+%E5%A4%8F%E7%94%A8+%E3%82%B9%E3%83%88%E3%83%AC%E3%83%BC%E3%83%88%E3%83%AA%E3%83%9C%E3%83%B3%E3%83%87%E3%83%86%E3%82%A3%E3%83%BC%E3%83%AB+%E5%BA%8A%E6%8E%83%E3%81%8D%E4%B8%88+%E3%83%88%E3%83%AC%E3%83%B3%E3%83%87%E3%82%A3+%E3%83%AF%E3%82%A4%E3%83%89%E3%83%91%E3%83%B3%E3%83%84 HTTP/1.1" 200 0 "-" "Mozilla/5.0 (Linux; Android 6.0.1; Nexus 5X Build/MMB29P) AppleWebKit/537.36 (KHTML, like Gecko) Chrome/135.0.7049.95 Mobile Safari/537.36 (compatible; GoogleOther)"
40.77.167.67 - - [26/Apr/2025:00:07:55 -0400] "GET /?i=9282952490801&channel=cf3721&from=jp.php%3Fid%3D524908-12082%26name%3DMOGU%E3%80%80%E3%82%B9%E3%82%A4%E3%82%AB%E3%83%9A%E3%83%B3%E3%82%AE%E3%83%B3%E3%80%80suica%E3%83%9A%E3%83%B3%E3%82%AE%E3%83%B3%E3%80%80%E3%82%B8%E3%83%A3%E3%83%B3%E3%83%9C%E3%80%80%E3%82%AF%E3%83%83%E3%82%B7%E3%83%A7%E3%83%B3 HTTP/1.1" 200 0 "-" "Mozilla/5.0 AppleWebKit/537.36 (KHTML, like Gecko; compatible; bingbot/2.0; +http://www.bing.com/bingbot.htm) Chrome/116.0.1938.76 Safari/537.36"
66.249.73.101 - - [26/Apr/2025:00:09:01 -0400] "GET /24610366071.shtml HTTP/1.1" 200 0 "-" "Mozilla/5.0 (Linux; Android 6.0.1; Nexus 5X Build/MMB29P) AppleWebKit/537.36 (KHTML, like Gecko) Chrome/135.0.7049.95 Mobile Safari/537.36 (compatible; GoogleOther)"
66.249.74.13 - - [26/Apr/2025:00:09:31 -0400] "GET /881281224457.shtml HTTP/1.1" 200 0 "-" "Mozilla/5.0 (Linux; Android 6.0.1; Nexus 5X Build/MMB29P) AppleWebKit/537.36 (KHTML, like Gecko) Chrome/135.0.7049.95 Mobile Safari/537.36 (compatible; GoogleOther)"
40.77.167.17 - - [26/Apr/2025:00:09:34 -0400] "GET /?i=7248928806500&channel=2b59da&from=category-info.php%3Fid%3D288065-613%26name%3DK%E5%9E%8B+%E3%83%97%E3%83%A9%E3%82%B9%E3%83%81%E3%83%83%E3%82%AF+%E3%82%AA%E3%83%BC%E3%83%AB%E3%82%AB%E3%83%A9%E3%83%BC%E3%81%BE%E3%81%AA%E6%9D%BF+F9+%E3%83%99%E3%83%BC%E3%82%B8%E3%83%A5+900X450XH20mm%E3%80%90%E9%81%8B%E8%B3%83%E5%88%A5%E9%80%94%E3%80%91+%E3%80%901000+A%E3%80%91+%3Cbr%3E%E3%80%90ctss%E3%80%91+%E3%81%BE%E3%81%AA%E6%9D%BF+%E3%82%AB%E3%83%A9%E3%83%BC%E3%81%BE%E3%81%AA%E6%9D%BF+%E6%A5%AD%E5%8B%99%E7%94%A8%E3%82%AB%E3%83%A9%E3%83%BC%E3%81%BE%E3%81%AA%E6%9D%BF+%E6%A5%AD%E5%8B%99%E7%94%A8 HTTP/1.1" 200 0 "-" "Mozilla/5.0 AppleWebKit/537.36 (KHTML, like Gecko; compatible; bingbot/2.0; +http://www.bing.com/bingbot.htm) Chrome/116.0.1938.76 Safari/537.36"
52.167.144.177 - - [26/Apr/2025:00:09:39 -0400] "GET /?i=5721143629406&channel=22f94a&from=pin.php%3Fid%3D436294-6862%26name%3D%E8%BB%8A%E3%81%AE%E3%82%B5%E3%82%A4%E3%83%89%E3%82%B9%E3%82%AB%E3%83%BC%E3%83%88+%E8%BB%8A%E3%82%B5%E3%82%A4%E3%83%89%E3%82%B9%E3%82%AB%E3%83%BC%E3%83%88+%E3%82%AB%E3%83%BC%E3%83%9C%E3%83%B3%E3%83%95%E3%82%A1%E3%82%A4%E3%83%90%E3%83%BC%E8%A1%A8%E9%9D%A2+%E3%83%9C%E3%83%87%E3%82%A3%E3%82%AD%E3%83%83%E3%83%88+%E3%83%90%E3%83%B3%E3%83%91%E3%83%BC+%E4%B8%8B%E9%83%A8%E6%95%B7%E5%B1%85+%E3%82%B5%E3%82%A4%E3%83%89%E3%82%B5%E3%83%A9%E3%82%A6%E3%83%B3%E3%83%89+%E3%82%B9%E3%83%9D%E3%82%A4%E3%83%A9%E3%83%BC+%E3%82%B9%E3%82%AF%E3%83%A9 HTTP/1.1" 200 0 "-" "Mozilla/5.0 AppleWebKit/537.36 (KHTML, like Gecko; compatible; bingbot/2.0; +http://www.bing.com/bingbot.htm) Chrome/116.0.1938.76 Safari/537.36"
52.167.144.177 - - [26/Apr/2025:00:09:41 -0400] "GET /?i=0088289580600&channel=1b126b&from=article.php%3Fid%3D895806-797%26name%3D%E3%83%84%E3%82%A4%E3%82%B9%E3%83%88%E3%82%A8%E3%82%A2%E3%83%AD%E3%82%B9%E3%83%86%E3%83%83%E3%83%91%E3%83%BC+Premium++%E6%9C%A8%E7%9B%AE%E8%AA%BF%E3%82%B9%E3%83%86%E3%83%83%E3%83%91%E3%83%BC HTTP/1.1" 200 0 "-" "Mozilla/5.0 AppleWebKit/537.36 (KHTML, like Gecko; compatible; bingbot/2.0; +http://www.bing.com/bingbot.htm) Chrome/116.0.1938.76 Safari/537.36"
52.167.144.177 - - [26/Apr/2025:00:09:46 -0400] "GET /?i=91752155191205&channel=092ef3&from=product.php%3Fid%3D1551912-2942%26name%3D%E3%80%90P10%E5%80%8D_%E3%81%8A%E8%B2%B7%E3%81%84%E7%89%A9%E3%83%9E%E3%83%A9%E3%82%BD%E3%83%B3%E3%80%91%3Cbr%3E%E3%82%A2%E3%83%B3%E3%83%96%E3%83%AD+%E3%83%AA%E3%83%A5%E3%83%83%E3%82%AF%E3%82%B5%E3%83%83%E3%82%AF+%E7%BF%92%E3%81%84%E4%BA%8B%E3%83%90%E3%83%83%E3%82%B0+%E3%83%AC%E3%83%83%E3%82%B9%E3%83%B3%E3%83%90%E3%83%83%E3%82%B0+%E5%AD%A6%E7%AB%A5%E3%83%90%E3%83%83%E3%82%B0+%E5%A1%BE%E3%83%90%E3%83%83%E3%82%B0+%E3%81%8A%E6%B3%8A%E3%82%8A%E3%83%90%E3%83%83%E3%82%B0+%E5%90%88%E5%AE%BF+A4+%E5%8F%8D%E5%B0%84%E6%9D%BF+%E8%BB%BD%E9%87%8F+%E5%B0%8F%E5%AD%A6%E7%94%9F+%E5%B9%BC%E7%A8%9A%E5%9C%92+%E6%97%85%E8%A1%8C+%E3%82%AD%E3%83%83%E3%82%BA+%E5%AD%90%E3%81%A9%E3%82%82+%E7%AC%9B+%E9%98%B2%E7%8A%AF+%E3%82%BF%E3%83%96%E3%83%AC%E3%83%83%E3%83%88+70035%E3%80%9039%E3%82%B7%E3%83%A7%E3%83%83%E3%83%97%E3%80%91 HTTP/1.1" 200 0 "-" "Mozilla/5.0 AppleWebKit/537.36 (KHTML, like Gecko; compatible; bingbot/2.0; +http://www.bing.com/bingbot.htm) Chrome/116.0.1938.76 Safari/537.36"
66.249.74.12 - - [26/Apr/2025:00:10:04 -0400] "GET /86015548228.shtml HTTP/1.1" 200 0 "-" "Mozilla/5.0 (Linux; Android 6.0.1; Nexus 5X Build/MMB29P) AppleWebKit/537.36 (KHTML, like Gecko) Chrome/135.0.7049.95 Mobile Safari/537.36 (compatible; GoogleOther)"
66.249.74.12 - - [26/Apr/2025:00:10:57 -0400] "GET /61366803121.shtml HTTP/1.1" 200 0 "-" "Mozilla/5.0 (Linux; Android 6.0.1; Nexus 5X Build/MMB29P) AppleWebKit/537.36 (KHTML, like Gecko) Chrome/135.0.7049.95 Mobile Safari/537.36 (compatible; GoogleOther)"
66.249.73.102 - - [26/Apr/2025:00:11:15 -0400] "GET /?i=87805148966100&channel=587d21&from=goods.php%3Fid%3D1489661-683%26name%3D%E3%83%89%E3%83%AA%E3%83%83%E3%83%91%E3%83%BC%E3%83%9B%E3%83%AB%E3%83%80%E3%83%BC%E3%83%9D%E3%83%B3%E3%83%89F+%5B%E3%83%89%E3%83%AA%E3%83%83%E3%83%97%E3%82%B9%E3%82%BF%E3%83%B3%E3%83%89+%E3%83%89%E3%83%AA%E3%83%83%E3%83%91%E3%83%BC%E3%83%9B%E3%83%AB%E3%83%80%E3%83%BC+%E3%83%89%E3%83%AA%E3%83%83%E3%83%97%E3%82%B3%E3%83%BC%E3%83%92%E3%83%BC+%E7%95%B3%E3%82%81%E3%82%8B+%E3%82%A2%E3%82%A6%E3%83%88%E3%83%89%E3%82%A2+%E3%82%AD%E3%83%A3%E3%83%B3%E3%83%97+%E3%82%B3%E3%83%BC%E3%83%92%E3%83%BC%E3%82%A6%E3%82%A7%E3%82%A2+RIVERS+%E3%83%AA%E3%83%90%E3%83%BC%E3%82%BA+%E3%83%A1%E3%83%B3%E3%82%BA+%E3%82%AE%E3%83%95%E3%83%88+%E7%94%B7+%E7%94%B7%E6%80%A7+%E3%83%97%E3%83%AC%E3%82%BC%E3%83%B3%E3%83%88+%E3%83%90%E3%83%AC%E3%83%B3%E3%82%BF%E3%82%A4%E3%83%B3%5D+%E3%83%A1%E3%83%BC%E3%83%AB%E4%BE%BF%E5%8F%AF HTTP/1.1" 200 58933 "-" "Mozilla/5.0 (Linux; Android 6.0.1; Nexus 5X Build/MMB29P) AppleWebKit/537.36 (KHTML, like Gecko) Chrome/135.0.7049.95 Mobile Safari/537.36 (compatible; Googlebot/2.1; +http://www.google.com/bot.html)"
66.249.73.102 - - [26/Apr/2025:00:11:24 -0400] "GET /css_03b4b5964b389269c330eff0105e0561/_public_bundle_sp.bundle.min HTTP/1.1" 200 62457 "https://www.mianoorproperties.com/?i=87805148966100&channel=587d21&from=goods.php%3Fid%3D1489661-683%26name%3D%E3%83%89%E3%83%AA%E3%83%83%E3%83%91%E3%83%BC%E3%83%9B%E3%83%AB%E3%83%80%E3%83%BC%E3%83%9D%E3%83%B3%E3%83%89F+%5B%E3%83%89%E3%83%AA%E3%83%83%E3%83%97%E3%82%B9%E3%82%BF%E3%83%B3%E3%83%89+%E3%83%89%E3%83%AA%E3%83%83%E3%83%91%E3%83%BC%E3%83%9B%E3%83%AB%E3%83%80%E3%83%BC+%E3%83%89%E3%83%AA%E3%83%83%E3%83%97%E3%82%B3%E3%83%BC%E3%83%92%E3%83%BC+%E7%95%B3%E3%82%81%E3%82%8B+%E3%82%A2%E3%82%A6%E3%83%88%E3%83%89%E3%82%A2+%E3%82%AD%E3%83%A3%E3%83%B3%E3%83%97+%E3%82%B3%E3%83%BC%E3%83%92%E3%83%BC%E3%82%A6%E3%82%A7%E3%82%A2+RIVERS+%E3%83%AA%E3%83%90%E3%83%BC%E3%82%BA+%E3%83%A1%E3%83%B3%E3%82%BA+%E3%82%AE%E3%83%95%E3%83%88+%E7%94%B7+%E7%94%B7%E6%80%A7+%E3%83%97%E3%83%AC%E3%82%BC%E3%83%B3%E3%83%88+%E3%83%90%E3%83%AC%E3%83%B3%E3%82%BF%E3%82%A4%E3%83%B3%5D+%E3%83%A1%E3%83%BC%E3%83%AB%E4%BE%BF%E5%8F%AF" "Mozilla/5.0 (Linux; Android 6.0.1; Nexus 5X Build/MMB29P) AppleWebKit/537.36 (KHTML, like Gecko) Chrome/134.0.6998.165 Mobile Safari/537.36 (compatible; Googlebot/2.1; +http://www.google.com/bot.html)"
66.249.73.101 - - [26/Apr/2025:00:11:28 -0400] "GET /?i=01017119577002&channel=a20f16&from=shop.php%3Fid%3D1195770-6634%26name%3D%E3%83%9F%E3%83%8A%E3%83%9A%E3%83%AB%E3%83%9B%E3%83%8D%E3%83%B3%E6%96%B0%E4%BD%9CChouCho%E3%83%88%E3%83%BC%E3%83%88%E3%83%90%E3%83%83%E3%82%B0%E3%80%80%E3%83%91%E3%83%8B%E3%83%BC%E3%83%8B%E3%82%BF%E3%82%A4%E3%83%96 HTTP/1.1" 200 53253 "-" "Mozilla/5.0 (Linux; Android 6.0.1; Nexus 5X Build/MMB29P) AppleWebKit/537.36 (KHTML, like Gecko) Chrome/135.0.7049.95 Mobile Safari/537.36 (compatible; Googlebot/2.1; +http://www.google.com/bot.html)"
40.77.167.17 - - [26/Apr/2025:00:11:33 -0400] "GET /?i=1923484328201&channel=6c4718&from=brands.php%3Fid%3D843282-2525%26name%3D%E7%A6%8F%E5%B2%A1+%E6%97%A9%E8%89%AF%E5%8C%BA+%E5%8E%9F+%E3%82%B9%E3%83%AA%E3%83%B3%E3%82%B0%E3%83%81%E3%82%A7%E3%82%A2+%E3%83%AA%E3%83%97%E3%83%AD%E3%83%80%E3%82%AF%E3%83%88+LC4+%E3%82%B3%E3%83%AB%E3%83%93%E3%82%B8%E3%82%A7+%E3%83%8F%E3%83%A9%E3%82%B3+%E3%82%B7%E3%82%A7%E3%83%BC%E3%82%BA%E3%83%AD%E3%83%B3%E3%82%B0+%E3%82%AB%E3%83%83%E3%82%B7%E3%83%BC%E3%83%8A HTTP/1.1" 200 0 "-" "Mozilla/5.0 AppleWebKit/537.36 (KHTML, like Gecko; compatible; bingbot/2.0; +http://www.bing.com/bingbot.htm) Chrome/116.0.1938.76 Safari/537.36"
66.249.74.12 - - [26/Apr/2025:00:12:12 -0400] "GET /67249845832.shtml HTTP/1.1" 200 0 "-" "Mozilla/5.0 (Linux; Android 6.0.1; Nexus 5X Build/MMB29P) AppleWebKit/537.36 (KHTML, like Gecko) Chrome/135.0.7049.95 Mobile Safari/537.36 (compatible; GoogleOther)"
66.249.74.11 - - [26/Apr/2025:00:13:12 -0400] "GET /59577947949.shtml HTTP/1.1" 200 0 "-" "Mozilla/5.0 (Linux; Android 6.0.1; Nexus 5X Build/MMB29P) AppleWebKit/537.36 (KHTML, like Gecko) Chrome/135.0.7049.95 Mobile Safari/537.36 (compatible; GoogleOther)"
66.249.74.12 - - [26/Apr/2025:00:13:48 -0400] "GET /?i=932926212800&channel=63718f&from=blog.php%3Fid%3D62128-6263%26name%3D%E3%83%94%E3%83%B3%2FPING+G425+G430+G440%E7%94%A8%E3%82%B9%E3%83%AA%E3%83%BC%E3%83%96%E3%81%A8%E3%82%B0%E3%83%AA%E3%83%83%E3%83%97%E8%A3%85%E7%9D%80+UST%E3%83%9E%E3%83%9F%E3%83%A4+ATTAS+RX+SUNRISE+RED+%E3%82%A2%E3%83%83%E3%82%BF%E3%82%B9+RX+%E3%82%B5%E3%83%B3%E3%83%A9%E3%82%A4%E3%82%BA%E3%83%AC%E3%83%83%E3%83%89+%E3%82%B7%E3%83%AA%E3%83%BC%E3%82%BA+%E3%82%B7%E3%83%A3%E3%83%95%E3%83%88+%E9%80%81 HTTP/1.1" 200 0 "-" "Mozilla/5.0 (Linux; Android 6.0.1; Nexus 5X Build/MMB29P) AppleWebKit/537.36 (KHTML, like Gecko) Chrome/135.0.7049.95 Mobile Safari/537.36 (compatible; GoogleOther)"
52.167.144.209 - - [26/Apr/2025:00:13:55 -0400] "GET /?i=52102133710601&channel=08bdc6&from=info.php%3Fid%3D1337106-3635%26name%3D%E3%82%AA%E3%83%97%E3%83%81%E3%83%9E%E3%82%B9%E3%80%80Optimus%E3%80%80%E3%83%9D%E3%83%A9%E3%83%AA%E3%82%B9%E3%80%80Polaris%E3%80%80%E4%B8%AD%E5%8F%A4%E5%93%81%E3%80%80%E6%A9%9F%E9%96%A2%E8%89%AF%E5%A5%BD%E3%80%80%E4%BB%98%E5%B1%9E%E5%93%81%E4%BB%98 HTTP/1.1" 200 0 "-" "Mozilla/5.0 AppleWebKit/537.36 (KHTML, like Gecko; compatible; bingbot/2.0; +http://www.bing.com/bingbot.htm) Chrome/116.0.1938.76 Safari/537.36"
40.77.167.159 - - [26/Apr/2025:00:13:59 -0400] "GET /?i=1231596133902&channel=b1241f&from=goods.php%3Fid%3D961339-9825%26name%3DT%E3%82%B7%E3%83%A3%E3%83%84%E5%90%9B%E3%80%80%E3%82%B7%E3%83%AB%E3%82%AF%E3%82%B9%E3%82%AF%E3%83%AA%E3%83%BC%E3%83%B3%E3%83%97%E3%83%AA%E3%83%B3%E3%83%88 HTTP/1.1" 200 0 "-" "Mozilla/5.0 AppleWebKit/537.36 (KHTML, like Gecko; compatible; bingbot/2.0; +http://www.bing.com/bingbot.htm) Chrome/116.0.1938.76 Safari/537.36"
40.77.167.247 - - [26/Apr/2025:00:14:13 -0400] "GET /?i=0109037409607&channel=66c6ed&from=article.php%3Fid%3D374096-16%26name%3DCalzanor+%E3%82%AB%E3%83%AB%E3%82%B6%E3%83%8E%E3%83%BC%E3%83%AB+%E3%82%A8%E3%82%B9%E3%83%91%E3%83%89%E3%83%AA%E3%83%BC%E3%83%A6+%E3%83%90%E3%83%83%E3%82%AF%E3%82%B9%E3%83%88%E3%83%A9%E3%83%83%E3%83%97+%E3%82%B5%E3%83%B3%E3%83%80%E3%83%AB+%E2%80%9CSERRAJE%E2%80%9D+2636-mn+2025ss%E6%96%B0%E4%BD%9C+%E3%83%AC%E3%83%87%E3%82%A3%E3%83%BC%E3%82%B9%E3%80%90%E3%82%B5%E3%82%A4%E3%82%BA%E4%BA%A4%E6%8F%9B%E5%88%9D%E5%9B%9E%E7%84%A1%E6%96%99%E3%80%91%E3%80%90%E3%82%AF%E3%83%BC%E3%83%9D%E3%83%B3%E5%AF%BE%E8%B1%A1%E3%80%91 HTTP/1.1" 200 0 "-" "Mozilla/5.0 AppleWebKit/537.36 (KHTML, like Gecko; compatible; bingbot/2.0; +http://www.bing.com/bingbot.htm) Chrome/116.0.1938.76 Safari/537.36"
66.249.73.102 - - [26/Apr/2025:00:14:14 -0400] "GET /12511530806.shtml HTTP/1.1" 200 53322 "-" "Mozilla/5.0 (Linux; Android 6.0.1; Nexus 5X Build/MMB29P) AppleWebKit/537.36 (KHTML, like Gecko) Chrome/135.0.7049.95 Mobile Safari/537.36 (compatible; Googlebot/2.1; +http://www.google.com/bot.html)"
66.249.73.102 - - [26/Apr/2025:00:14:19 -0400] "GET /929991332625.shtml HTTP/1.1" 200 52855 "-" "Mozilla/5.0 (Linux; Android 6.0.1; Nexus 5X Build/MMB29P) AppleWebKit/537.36 (KHTML, like Gecko) Chrome/135.0.7049.95 Mobile Safari/537.36 (compatible; Googlebot/2.1; +http://www.google.com/bot.html)"
66.249.73.102 - - [26/Apr/2025:00:14:21 -0400] "GET /?i=59308107180602&channel=4c7461&from=news.php%3Fid%3D1071806-15329%26name%3D%E3%83%A4%E3%83%9E%E3%83%8F+XLT1200+2001%E5%B9%B4%E3%83%A2%E3%83%87%E3%83%AB+%E7%B4%94%E6%AD%A3+%E3%83%97%E3%83%AC%E3%83%BC%E3%83%88+2+%28%E9%83%A8%E5%93%81%E7%95%AA%E5%8F%B7F0V-U273B-00-00%29+%E4%B8%AD%E5%8F%A4+%5BY584-009%5D HTTP/1.1" 200 0 "-" "Mozilla/5.0 (Linux; Android 6.0.1; Nexus 5X Build/MMB29P) AppleWebKit/537.36 (KHTML, like Gecko) Chrome/135.0.7049.95 Mobile Safari/537.36 (compatible; GoogleOther)"
66.249.73.101 - - [26/Apr/2025:00:14:31 -0400] "GET /75892564083.shtml HTTP/1.1" 200 54171 "-" "Mozilla/5.0 (Linux; Android 6.0.1; Nexus 5X Build/MMB29P) AppleWebKit/537.36 (KHTML, like Gecko) Chrome/135.0.7049.95 Mobile Safari/537.36 (compatible; Googlebot/2.1; +http://www.google.com/bot.html)"
66.249.73.101 - - [26/Apr/2025:00:14:37 -0400] "GET /718401207028.shtml HTTP/1.1" 200 52947 "-" "Mozilla/5.0 (Linux; Android 6.0.1; Nexus 5X Build/MMB29P) AppleWebKit/537.36 (KHTML, like Gecko) Chrome/135.0.7049.95 Mobile Safari/537.36 (compatible; Googlebot/2.1; +http://www.google.com/bot.html)"
52.167.144.209 - - [26/Apr/2025:00:14:44 -0400] "GET /?i=8082565397801&channel=1987eb&from=blog.php%3Fid%3D653978-478%26name%3D%E5%AE%B6%E5%85%B7%E3%80%80%E3%82%A4%E3%83%B3%E3%83%86%E3%83%AA%E3%82%A2%E3%80%80360%E5%BA%A6%E5%9B%9E%E8%BB%A2+%E3%82%B9%E3%83%A0%E3%83%BC%E3%82%BA%E3%81%AB%E7%AB%8B%E3%81%A3%E3%81%9F%E3%82%8A%E5%BA%A7%E3%81%A3%E3%81%9F%E3%82%8A%E2%99%AA%E3%83%A9%E3%82%AF%E3%83%A9%E3%82%AF HTTP/1.1" 200 0 "-" "Mozilla/5.0 AppleWebKit/537.36 (KHTML, like Gecko; compatible; bingbot/2.0; +http://www.bing.com/bingbot.htm) Chrome/116.0.1938.76 Safari/537.36"
52.167.144.209 - - [26/Apr/2025:00:14:49 -0400] "GET /?i=67446134997205&channel=9cbf18&from=info.php%3Fid%3D1349972-7026%26name%3D%E3%82%B3%E3%83%BC%E3%83%92%E3%83%BC%E3%83%9F%E3%83%AB+%E6%89%8B%E5%8B%95+%E3%82%BF%E3%82%A4%E3%83%A0%E3%83%A2%E3%82%A2+%E3%82%B3%E3%83%BC%E3%83%92%E3%83%BC+%E3%83%9F%E3%83%AB+%E6%8A%98%E3%82%8A%E7%95%B3%E3%81%BF%E5%BC%8F%E3%83%8F%E3%83%B3%E3%83%89%E3%83%AB+%E5%85%A8%E9%87%91%E5%B1%9E%E8%A3%BD+%E3%82%B9%E3%83%86%E3%83%B3%E3%83%AC%E3%82%B9%E8%87%BC+%E5%A4%9A%E6%AE%B5%E9%9A%8E%E7%B2%97%E3%81%95%E8%AA%BF%E6%95%B4+%E7%9C%81%E5%8A%9B%E6%80%A7%2C+%E3%83%96%E3%83%A9%E3%83%83%E3%82%AF HTTP/1.1" 200 0 "-" "Mozilla/5.0 AppleWebKit/537.36 (KHTML, like Gecko; compatible; bingbot/2.0; +http://www.bing.com/bingbot.htm) Chrome/116.0.1938.76 Safari/537.36"
66.249.73.103 - - [26/Apr/2025:00:15:21 -0400] "GET /?i=8914985564708&channel=a55c0a&from=jp.php%3Fid%3D855647-643%26name%3DH%26E%E7%A4%BE+%E3%83%93%E3%83%83%E3%82%AF%E3%82%B5%E3%82%A4%E3%82%BA+%E7%B4%841692g%E3%80%81%E7%B4%84150mmx145mmx120mm%E3%82%A2%E3%82%BE%E3%82%BC%E3%82%AA+%E3%83%AF%E3%83%BC%E3%83%AB%E3%83%89%E3%83%A9%E3%83%93%E3%83%AA%E3%83%B3%E3%82%B9+%E3%82%B9%E3%83%88%E3%83%BC%E3%83%B3%28+%E3%83%92%E3%83%9E%E3%83%A9%E3%83%A4%E3%82%B4%E3%83%BC%E3%83%AB%E3%83%89+%E3%82%A2%E3%82%BC%E3%83%84%E3%83%A9%E3%82%A4%E3%83%88+%29%E3%80%90+%E3%83%98%E3%83%96%E3%83%B3%EF%BC%86%E3%82%A2%E3%83%BC%E3%82%B9+%E7%A4%BE%E3%80%91+%E3%82%BD%E3%83%BC%E3%83%A9%E3%83%BC%E3%83%97%E3%83%AC%E3%82%AF%E3%82%B5%E3%82%B9%E3%83%81%E3%83%A3%E3%82%AF%E3%83%A9++%E3%83%AD%E3%83%90%E3%83%BC%E3%83%88%E3%82%B7%E3%83%A2%E3%83%B3%E3%82%BA%E6%B0%8F++%E3%83%92%E3%83%9E%E3%83%A9%E3%83%A4%E3%82%B4%E3%83%BC%E3%83%AB%E3%83%89+%E3%82%A2%E3%82%BC%E3%83%84%E3%83%A9%E3%82%A4%E3%83%88%E3%80%90%E4%B8%80%E7%82%B9%E7%89%A9%E3%80%91 HTTP/1.1" 200 55785 "-" "Mozilla/5.0 (Linux; Android 6.0.1; Nexus 5X Build/MMB29P) AppleWebKit/537.36 (KHTML, like Gecko) Chrome/135.0.7049.95 Mobile Safari/537.36 (compatible; Googlebot/2.1; +http://www.google.com/bot.html)"
66.249.73.101 - - [26/Apr/2025:00:15:28 -0400] "GET /12171319714.shtml HTTP/1.1" 200 0 "-" "Mozilla/5.0 (Linux; Android 6.0.1; Nexus 5X Build/MMB29P) AppleWebKit/537.36 (KHTML, like Gecko) Chrome/135.0.7049.95 Mobile Safari/537.36 (compatible; GoogleOther)"
66.249.73.101 - - [26/Apr/2025:00:15:47 -0400] "GET /?i=49775195690300&channel=928eeb&from=form.php%3Fid%3D1956903-18832%26name%3D%E3%82%AD%E3%83%A3%E3%83%B3%E3%83%89%E3%82%A5%E3%80%802%E7%82%B9%E3%82%BB%E3%83%83%E3%83%88%E3%80%80%E3%83%AA%E3%83%88%E3%83%AB%E3%83%95%E3%83%AC%E3%83%B3%E3%83%89%E3%80%80%E3%81%93%E3%81%84%E3%81%AE%E3%81%BC%E3%82%8A%E3%80%80%E5%8D%B3%E8%B3%BC%E5%85%A5%E5%8F%AF%E3%80%80%E3%82%B7%E3%83%9E%E3%82%A8%E3%83%8A%E3%82%AC%E3%80%80%E6%9F%B4%E7%8A%AC+%E3%81%AC%E3%82%8A HTTP/1.1" 200 53951 "-" "Mozilla/5.0 (Linux; Android 6.0.1; Nexus 5X Build/MMB29P) AppleWebKit/537.36 (KHTML, like Gecko) Chrome/135.0.7049.95 Mobile Safari/537.36 (compatible; Googlebot/2.1; +http://www.google.com/bot.html)"
66.249.73.101 - - [26/Apr/2025:00:15:55 -0400] "GET /02213241965.shtml HTTP/1.1" 200 0 "-" "Mozilla/5.0 (Linux; Android 6.0.1; Nexus 5X Build/MMB29P) AppleWebKit/537.36 (KHTML, like Gecko) Chrome/135.0.7049.95 Mobile Safari/537.36 (compatible; GoogleOther)"
66.249.74.11 - - [26/Apr/2025:00:16:13 -0400] "GET /108521147723.shtml HTTP/1.1" 200 54458 "-" "Mozilla/5.0 (Linux; Android 6.0.1; Nexus 5X Build/MMB29P) AppleWebKit/537.36 (KHTML, like Gecko) Chrome/135.0.7049.95 Mobile Safari/537.36 (compatible; Googlebot/2.1; +http://www.google.com/bot.html)"
66.249.73.102 - - [26/Apr/2025:00:16:15 -0400] "GET /2223910452.shtml HTTP/1.1" 200 54291 "-" "Mozilla/5.0 (Linux; Android 6.0.1; Nexus 5X Build/MMB29P) AppleWebKit/537.36 (KHTML, like Gecko) Chrome/135.0.7049.95 Mobile Safari/537.36 (compatible; Googlebot/2.1; +http://www.google.com/bot.html)"
66.249.73.103 - - [26/Apr/2025:00:16:18 -0400] "GET /?i=82990178938803&channel=2fea32&from=shop.php%3Fid%3D1789388-29785%26name%3D%E3%82%B9%E3%83%83%E3%83%91%E3%82%A4%E3%83%9E%E3%83%B3+%E6%A2%85%E3%82%AD%E3%83%A3%E3%83%B3%E3%83%87%E3%82%A3%E3%83%BC+400%EF%BD%87%EF%BC%88%E7%B4%8460%E5%80%8B%EF%BC%89%C3%971%E8%A2%8B+%E5%89%B2%E3%82%8A%E8%BE%BC%E3%82%93 HTTP/1.1" 200 54412 "-" "Mozilla/5.0 (Linux; Android 6.0.1; Nexus 5X Build/MMB29P) AppleWebKit/537.36 (KHTML, like Gecko) Chrome/135.0.7049.95 Mobile Safari/537.36 (compatible; Googlebot/2.1; +http://www.google.com/bot.html)"
66.249.74.11 - - [26/Apr/2025:00:16:21 -0400] "GET /020841013426.shtml HTTP/1.1" 200 53787 "-" "Mozilla/5.0 (Linux; Android 6.0.1; Nexus 5X Build/MMB29P) AppleWebKit/537.36 (KHTML, like Gecko) Chrome/135.0.7049.95 Mobile Safari/537.36 (compatible; Googlebot/2.1; +http://www.google.com/bot.html)"
66.249.73.101 - - [26/Apr/2025:00:16:30 -0400] "GET /54028501753.shtml HTTP/1.1" 200 54764 "-" "Mozilla/5.0 (Linux; Android 6.0.1; Nexus 5X Build/MMB29P) AppleWebKit/537.36 (KHTML, like Gecko) Chrome/135.0.7049.95 Mobile Safari/537.36 (compatible; Googlebot/2.1; +http://www.google.com/bot.html)"
66.249.73.102 - - [26/Apr/2025:00:16:32 -0400] "GET /092991035646.shtml HTTP/1.1" 200 52478 "-" "Mozilla/5.0 (Linux; Android 6.0.1; Nexus 5X Build/MMB29P) AppleWebKit/537.36 (KHTML, like Gecko) Chrome/135.0.7049.95 Mobile Safari/537.36 (compatible; Googlebot/2.1; +http://www.google.com/bot.html)"
66.249.73.101 - - [26/Apr/2025:00:16:46 -0400] "GET /?i=8375520749502&channel=7f4639&from=goods.php%3Fid%3D207495-607%26name%3D%E3%82%B9%E3%82%BF%E3%83%83%E3%83%89%E3%83%AC%E3%82%B9%E4%BB%98%E3%81%8D%E3%83%9B%E3%82%A4%E3%83%BC%E3%83%AB+%E3%82%B7%E3%83%90%E3%82%BF%E3%82%A4%E3%83%A4+%E3%82%B7%E3%83%90%E3%83%9B%E3%82%A4%E3%83%BC%E3%83%AB+%E5%A1%9E%E3%81%84 HTTP/1.1" 200 54312 "-" "Mozilla/5.0 (Linux; Android 6.0.1; Nexus 5X Build/MMB29P) AppleWebKit/537.36 (KHTML, like Gecko) Chrome/135.0.7049.95 Mobile Safari/537.36 (compatible; Googlebot/2.1; +http://www.google.com/bot.html)"
66.249.73.101 - - [26/Apr/2025:00:16:51 -0400] "GET /702031112639.shtml HTTP/1.1" 200 55231 "-" "Mozilla/5.0 (Linux; Android 6.0.1; Nexus 5X Build/MMB29P) AppleWebKit/537.36 (KHTML, like Gecko) Chrome/135.0.7049.95 Mobile Safari/537.36 (compatible; Googlebot/2.1; +http://www.google.com/bot.html)"
66.249.73.101 - - [26/Apr/2025:00:16:54 -0400] "GET /62117508881.shtml HTTP/1.1" 200 53248 "-" "Mozilla/5.0 (Linux; Android 6.0.1; Nexus 5X Build/MMB29P) AppleWebKit/537.36 (KHTML, like Gecko) Chrome/135.0.7049.95 Mobile Safari/537.36 (compatible; Googlebot/2.1; +http://www.google.com/bot.html)"
66.249.73.102 - - [26/Apr/2025:00:17:01 -0400] "GET /60170141811.shtml HTTP/1.1" 200 56439 "-" "Mozilla/5.0 (Linux; Android 6.0.1; Nexus 5X Build/MMB29P) AppleWebKit/537.36 (KHTML, like Gecko) Chrome/135.0.7049.95 Mobile Safari/537.36 (compatible; Googlebot/2.1; +http://www.google.com/bot.html)"
