66.249.73.101 - - [25/Apr/2025:21:50:46 -0400] "GET /?i=1271750716005&channel=0ce695&from=shared.php%3Fid%3D507160-11473%26name%3D%E3%83%A2%E3%83%80%E3%83%B3%E3%81%AA%E3%82%A2%E3%83%BC%E3%83%A0%E3%83%81%E3%82%A7%E3%82%A2%E3%82%BB%E3%83%83%E3%83%88%E3%80%81%E3%82%AA%E3%83%83%E3%83%88%E3%83%9E%E3%83%B3%E4%BB%98%E3%81%8D%E3%80%81%E8%83%8C%E3%82%82%E3%81%9F%E3%82%8C%E8%AA%BF%E7%AF%80%E5%8F%AF%E8%83%BD%E3%80%81%E3%83%AA%E3%83%8D%E3%83%B3%E7%94%9F%E5%9C%B0%E3%82%A2%E3%82%AF%E3%82%BB%E3%83%B3%E3%83%88%E3%83%81%E3%82%A7%E3%82%A2%E3%80%81%E3%83%AA%E3%83%93%E3%83%B3%E3%82%B0%E3%83%AB%E3%83%BC%E3%83%A0%E3%80%81%E5%AF%9D%E5%AE%A4%E3%80%81%E3%82%AA%E3%83%95%E3%82%A3%E3%82%B9%E7%94%A8%E3%80%81%E3%83%AA%E3%83%A9%E3%83%83%E3%82%AF+%E3%81%BE%E3%81%8C%E3%81%84 HTTP/1.1" 200 54044 "-" "Mozilla/5.0 (Linux; Android 6.0.1; Nexus 5X Build/MMB29P) AppleWebKit/537.36 (KHTML, like Gecko) Chrome/135.0.7049.95 Mobile Safari/537.36 (compatible; Googlebot/2.1; +http://www.google.com/bot.html)"
52.167.144.215 - - [25/Apr/2025:21:50:50 -0400] "GET /?i=8280744576200&channel=698b5e&from=info.php%3Fid%3D445762-3282%26name%3D%E3%82%AC%E3%83%BC%E3%83%87%E3%83%B3%E3%82%A2%E3%83%83%E3%83%97%E3%83%A9%E3%82%A4%E3%83%88+%EF%BC%91%EF%BC%90%EF%BC%90%EF%BC%B6+%E3%83%AB%E3%83%BC%E3%83%A1%E3%83%83%E3%82%AF+%EF%BC%B3+%E7%8B%AD%E8%A7%92+%E3%82%B9%E3%83%91%E3%82%A4%E3%82%AF%E4%BB%98%3Cbr%3E%28HFE-D85K+70470500%29+%E3%83%96%E3%83%A9%E3%83%83%E3%82%AF+%E9%9B%BB%E7%90%83%E8%89%B2%3Cbr%3E%28%E3%82%BF%E3%82%AB%E3%82%B7%E3%83%A7%E3%83%BC+%E3%82%A8%E3%82%AF%E3%82%B9%E3%83%86%E3%83%AA%E3%82%A2+%E5%BA%AD%E9%80%A0%E3%82%8A+DIY+%E7%80%A7%E5%95%86%E5%BA%97%29 HTTP/1.1" 200 0 "-" "Mozilla/5.0 AppleWebKit/537.36 (KHTML, like Gecko; compatible; bingbot/2.0; +http://www.bing.com/bingbot.htm) Chrome/116.0.1938.76 Safari/537.36"
52.167.144.215 - - [25/Apr/2025:21:50:51 -0400] "GET /?i=38864177136200&channel=39a843&from=jp.php%3Fid%3D1771362-2546%26name%3D%E4%B8%AD%E5%8F%A4%E2%96%A0%E5%A4%A2%E8%92%BC%E3%81%AE%E5%89%9B%E5%89%A3%E3%83%96%E3%83%AC%E3%82%A4%E3%83%96%E3%83%88%E3%83%AB%E3%83%BC%E3%83%91%E3%83%BCw01%E3%83%93%E3%83%BC%E3%82%B9%E3%83%88%E3%83%95%E3%82%A9%E3%83%BC%E3%82%AF3000%E8%87%AA%E7%84%B6%E6%96%87%E6%98%8E%E3%82%AF%E3%83%AA%E3%83%BC%E3%83%81%E3%83%A3%E3%83%BC%E7%B7%91%E8%89%B2%E3%83%87%E3%83%A5%E3%82%A8%E3%83%AB%E3%83%9E%E3%82%B9%E3%82%BF%E3%83%BC%E3%82%BA%E3%82%AB%E3%83%BC%E3%83%89%E5%87%A6%E5%88%86%E2%96%A0i%E8%89%AF%E5%93%81%E7%94%9F%E6%B4%BB%E3%81%8A%E3%81%B2%E3%81%95%E3%81%BE%E5%A0%82 HTTP/1.1" 200 0 "-" "Mozilla/5.0 AppleWebKit/537.36 (KHTML, like Gecko; compatible; bingbot/2.0; +http://www.bing.com/bingbot.htm) Chrome/116.0.1938.76 Safari/537.36"
66.249.73.101 - - [25/Apr/2025:21:50:54 -0400] "GET /991091620708.shtml HTTP/1.1" 200 0 "-" "Mozilla/5.0 (Linux; Android 6.0.1; Nexus 5X Build/MMB29P) AppleWebKit/537.36 (KHTML, like Gecko) Chrome/135.0.7049.95 Mobile Safari/537.36 (compatible; GoogleOther)"
66.249.73.101 - - [25/Apr/2025:21:51:00 -0400] "GET /62922440008.shtml HTTP/1.1" 200 0 "-" "Mozilla/5.0 (Linux; Android 6.0.1; Nexus 5X Build/MMB29P) AppleWebKit/537.36 (KHTML, like Gecko) Chrome/135.0.7049.95 Mobile Safari/537.36 (compatible; GoogleOther)"
52.167.144.167 - - [25/Apr/2025:21:51:04 -0400] "GET /?i=0274258794606&channel=9ca446&from=blog.php%3Fid%3D587946-4617%26name%3D%E6%96%B0%E5%93%81+%2A+%E3%83%9E%E3%83%B3%E3%83%8F%E3%83%83%E3%82%BF%E3%83%B3%E3%83%9D%E3%83%BC%E3%83%86%E3%83%BC%E3%82%B8+%E3%82%B9%E3%83%8C%E3%83%BC%E3%83%94%E3%83%BC+%E3%82%AB%E3%82%B8%E3%83%A5%E3%82%A2%E3%83%AB%E3%83%A1%E3%83%83%E3%82%BB%E3%83%B3%E3%82%B8%E3%83%A3%E3%83%BC%E3%83%90%E3%83%83%E3%82%B0+S+%E5%B7%BE%E7%9D%80%E8%A2%8B%E4%BB%98%2A+%E3%82%B7%E3%83%A7%E3%83%AB%E3%83%80%E3%83%BC%E3%83%90%E3%83%83%E3%82%B0+%E9%99%90%E5%AE%9A%E5%93%81+%E3%83%A1%E3%83%83%E3%82%BB%E3%83%B3%E3%82%B8%E3%83%A3%E3%83%BC%E3%83%90%E3%83%83%E3%82%B0 HTTP/1.1" 200 0 "-" "Mozilla/5.0 AppleWebKit/537.36 (KHTML, like Gecko; compatible; bingbot/2.0; +http://www.bing.com/bingbot.htm) Chrome/116.0.1938.76 Safari/537.36"
52.167.144.167 - - [25/Apr/2025:21:51:06 -0400] "GET /?i=87607135347717&channel=eb0151&from=brands.php%3Fid%3D1353477-23250%26name%3D%E8%8B%B1%E8%AA%9E%E6%95%99%E6%9D%90%E3%80%90%E3%82%B7%E3%83%89%E3%83%8B%E3%83%BC%E3%83%BB%E3%82%B7%E3%82%A7%E3%83%AB%E3%83%80%E3%83%B3%E3%80%91%E3%81%AE%E3%80%8C%E3%82%B2%E3%83%BC%E3%83%A0%E3%81%AE%E9%81%94%E4%BA%BA%E3%80%8D%E3%81%A8%E3%80%8C%E3%82%B3%E3%82%A4%E3%83%B3%E3%81%AE%E5%86%92%E9%99%BA%E3%80%8D HTTP/1.1" 200 0 "-" "Mozilla/5.0 AppleWebKit/537.36 (KHTML, like Gecko; compatible; bingbot/2.0; +http://www.bing.com/bingbot.htm) Chrome/116.0.1938.76 Safari/537.36"
52.167.144.215 - - [25/Apr/2025:21:51:09 -0400] "GET /?i=9977511796801&channel=4bfddd&from=pin.php%3Fid%3D117968-7265%26name%3D%E3%83%89%E3%83%83%E3%82%AB%E3%83%B3%E3%83%90%E3%83%88%E3%83%AB7%E5%91%A8%E5%B9%B4%C3%97ZERO+%E8%B6%85%E3%82%B5%E3%82%A4%E3%83%A4%E4%BA%BA4%E3%82%B4%E3%82%B8%E3%83%BC%E3%82%BF+%E3%83%95%E3%82%A3%E3%82%AE%E3%83%A5%E3%82%A2 HTTP/1.1" 200 0 "-" "Mozilla/5.0 AppleWebKit/537.36 (KHTML, like Gecko; compatible; bingbot/2.0; +http://www.bing.com/bingbot.htm) Chrome/116.0.1938.76 Safari/537.36"
20.15.133.174 - - [25/Apr/2025:21:51:18 -0400] "GET /?i=1023577327304&channel=ab6ba6&from=category-info.php%3Fid%3D773273-1520%26name%3D%E3%83%97%E3%83%AD%E3%82%AE%E3%82%A2+PRGR+%E3%82%A8%E3%83%83%E3%82%B0+%E3%82%A2%E3%82%A4%E3%82%A2%E3%83%B3%E3%82%BB%E3%83%83%E3%83%88+egg%282013%29+4S+%E3%83%95%E3%83%AC%E3%83%83%E3%82%AF%E3%82%B9R+%E4%B8%AD%E5%8F%A4+D%E3%83%A9%E3%83%B3%E3%82%AF HTTP/1.1" 200 0 "-" "Mozilla/5.0 AppleWebKit/537.36 (KHTML, like Gecko; compatible; bingbot/2.0; +http://www.bing.com/bingbot.htm) Chrome/116.0.1938.76 Safari/537.36"
66.249.73.101 - - [25/Apr/2025:21:51:23 -0400] "GET /29651487901.shtml HTTP/1.1" 200 0 "-" "Mozilla/5.0 (Linux; Android 6.0.1; Nexus 5X Build/MMB29P) AppleWebKit/537.36 (KHTML, like Gecko) Chrome/135.0.7049.95 Mobile Safari/537.36 (compatible; GoogleOther)"
52.167.144.215 - - [25/Apr/2025:21:52:00 -0400] "GET /?i=76184150258402&channel=8a62e6&from=pin.php%3Fid%3D1502584-11593%26name%3D5G%E8%B6%85%E9%AB%98%E7%94%BB%E7%B4%A0+360%C2%B0%E8%87%AA%E5%8B%95%E8%BF%BD%E5%B0%BE+%E9%98%B2%E7%8A%AF%E3%82%AB%E3%83%A1%E3%83%A9+%E5%B1%8B%E5%A4%96+%E7%9B%A3%E8%A6%96%E3%82%AB%E3%83%A1%E3%83%A9%E8%B5%A4%E5%A4%96%E7%B7%9A%E6%9A%97%E8%A6%96+300%E4%B8%87 HTTP/1.1" 200 0 "-" "Mozilla/5.0 AppleWebKit/537.36 (KHTML, like Gecko; compatible; bingbot/2.0; +http://www.bing.com/bingbot.htm) Chrome/116.0.1938.76 Safari/537.36"
52.167.144.215 - - [25/Apr/2025:21:52:01 -0400] "GET /?i=8597664618904&channel=93be18&from=article.php%3Fid%3D646189-5595%26name%3D%E3%80%90%E4%B8%AD%E5%8F%A4%E3%80%91%3Cbr%3ESHISHIKUI%E3%80%80%3Cbr%3E%E3%83%95%E3%83%BC%E3%83%87%E3%82%A3%E3%83%BC%E3%82%AB%E3%83%BC%E3%83%87%E3%82%A3%E3%82%AC%E3%83%B3+%E3%83%9B%E3%83%AF%E3%82%A4%E3%83%88+%E3%82%B5%E3%82%A4%E3%82%BA%EF%BC%9AS+%E3%80%90250225%E3%80%91%EF%BC%88%E3%82%B7%E3%82%B7%E3%82%AF%E3%82%A4%EF%BC%89 HTTP/1.1" 200 0 "-" "Mozilla/5.0 AppleWebKit/537.36 (KHTML, like Gecko; compatible; bingbot/2.0; +http://www.bing.com/bingbot.htm) Chrome/116.0.1938.76 Safari/537.36"
52.167.144.167 - - [25/Apr/2025:21:52:04 -0400] "GET /?i=4799825726106&channel=228055&from=news.php%3Fid%3D257261-5737%26name%3D%E6%89%8B%E8%A2%8B+%E3%83%AC%E3%83%87%E3%82%A3%E3%83%BC%E3%82%B9+%E3%82%B9%E3%83%9E%E3%83%9B%E5%AF%BE%E5%BF%9C+%E5%A5%B3%E6%80%A7%E7%94%A8+%E3%82%B0%E3%83%AD%E3%83%BC%E3%83%96+%E3%83%AD%E3%83%B3%E3%82%B0+%E9%9D%A9%E6%89%8B%E8%A2%8B+%E3%82%A4%E3%82%BF%E3%83%AA%E3%83%BC%E3%83%A9%E3%83%A0+%E7%BE%8A%E9%9D%A9+%E6%89%8B%E8%A2%8B+%E3%83%99%E3%83%B3%E3%83%99%E3%83%AB%E3%82%B0+%E8%A3%8F%E5%9C%B0+%E3%82%B0%E3%83%AC%E3%83%BC+%E3%82%B0%E3%83%AC%E3%82%A4+%E7%81%B0%E8%89%B2+%E6%97%A5%E6%9C%AC%E8%A3%BD+%E3%83%AC%E3%82%B6%E3%83%BC%E3%82%B0%E3%83%AD%E3%83%BC%E3%83%96+%E5%A9%A6%E4%BA%BA+%E7%BE%8E%E3%81%97%E3%81%84+%E3%83%97%E3%83%AC%E3%82%BC%E3%83%B3%E3%83%88+%E3%82%AE%E3%83%95%E3%83%88+%E3%82%AF%E3%83%AA%E3%82%B9%E3%83%9E%E3%82%B9+%E5%86%AC%E7%89%A9+%E3%83%96%E3%83%A9%E3%83%B3%E3%83%89+%E3%82%AF%E3%83%AD%E3%83%80%28KURODA%29 HTTP/1.1" 200 0 "-" "Mozilla/5.0 AppleWebKit/537.36 (KHTML, like Gecko; compatible; bingbot/2.0; +http://www.bing.com/bingbot.htm) Chrome/116.0.1938.76 Safari/537.36"
66.249.73.102 - - [25/Apr/2025:21:52:20 -0400] "GET /?i=1202122200301&channel=920f91&from=product.php%3Fid%3D222003-1275%26name%3D%E7%A1%AC%E5%BC%8F%E3%80%80%E3%82%AD%E3%83%A3%E3%83%83%E3%83%81%E3%83%A3%E3%83%BC%E3%83%9F%E3%83%83%E3%83%88%E3%80%80%E6%A2%85%E9%87%8E%E3%83%A2%E3%83%87%E3%83%AB%E3%80%80%E3%83%97%E3%83%AD%E3%82%A8%E3%83%83%E3%82%B8%E3%80%80%E3%82%A2%E3%83%89%E3%83%B4%E3%82%A1%E3%83%B3%E3%82%B9%E3%83%89%E3%80%80%E9%AB%98%E6%A0%A1%E9%87%8E%E7%90%83%E5%AF%BE%E5%BF%9C HTTP/1.1" 200 53822 "-" "Mozilla/5.0 (Linux; Android 6.0.1; Nexus 5X Build/MMB29P) AppleWebKit/537.36 (KHTML, like Gecko) Chrome/135.0.7049.95 Mobile Safari/537.36 (compatible; Googlebot/2.1; +http://www.google.com/bot.html)"
66.249.74.11 - - [25/Apr/2025:21:52:21 -0400] "GET /36983835461.shtml HTTP/1.1" 200 0 "-" "Mozilla/5.0 (Linux; Android 6.0.1; Nexus 5X Build/MMB29P) AppleWebKit/537.36 (KHTML, like Gecko) Chrome/135.0.7049.95 Mobile Safari/537.36 (compatible; GoogleOther)"
66.249.74.11 - - [25/Apr/2025:21:52:50 -0400] "GET /090881281750.shtml HTTP/1.1" 200 0 "-" "Mozilla/5.0 (Linux; Android 6.0.1; Nexus 5X Build/MMB29P) AppleWebKit/537.36 (KHTML, like Gecko) Chrome/135.0.7049.95 Mobile Safari/537.36 (compatible; GoogleOther)"
66.249.73.102 - - [25/Apr/2025:21:53:24 -0400] "GET /98173479558.shtml HTTP/1.1" 200 0 "-" "Mozilla/5.0 (Linux; Android 6.0.1; Nexus 5X Build/MMB29P) AppleWebKit/537.36 (KHTML, like Gecko) Chrome/135.0.7049.95 Mobile Safari/537.36 (compatible; GoogleOther)"
66.249.73.102 - - [25/Apr/2025:21:54:43 -0400] "GET /?i=72841131457502&channel=a55c0a&from=goods.php%3Fid%3D1314575-643%26name%3D%E5%B8%8C%E5%B0%91%E7%9F%B3+%E3%82%B7%E3%83%A3%E3%83%BC%E3%83%9E%E3%83%B3%E3%82%B9%E3%83%88%E3%83%BC%E3%83%B3+%E3%83%A2%E3%82%AD%E3%83%9E%E3%83%BC%E3%83%96%E3%83%AB+%E5%8E%9F%E7%9F%B3+305g+%E3%82%A2%E3%83%A1%E3%83%AA%E3%82%AB+%E3%83%A6%E3%82%BF%E5%B7%9E+%E3%82%B0%E3%83%A9%E3%83%B3%E3%83%89%E3%82%AD%E3%83%A3%E3%83%8B%E3%82%AA%E3%83%B3%E7%94%A3+%E5%A4%A9%E7%84%B6%E7%9F%B3+%E3%83%91%E3%83%AF%E3%83%BC%E3%82%B9%E3%83%88%E3%83%BC%E3%83%B3 HTTP/1.1" 200 54006 "-" "Mozilla/5.0 (Linux; Android 6.0.1; Nexus 5X Build/MMB29P) AppleWebKit/537.36 (KHTML, like Gecko) Chrome/135.0.7049.95 Mobile Safari/537.36 (compatible; Googlebot/2.1; +http://www.google.com/bot.html)"
52.167.144.167 - - [25/Apr/2025:21:55:04 -0400] "GET /?i=72848171600000&channel=a52500&from=form.php%3Fid%3D1716000-19734%26name%3D%E7%B4%84%E6%9D%9F%E3%81%AE%E3%83%8D%E3%83%90%E3%83%BC%E3%83%A9%E3%83%B3%E3%83%89+%E4%B8%87%E5%B9%B4%E6%AD%B4%E3%82%AB%E3%83%AC%E3%83%B3%E3%83%80%E3%83%BC HTTP/1.1" 200 0 "-" "Mozilla/5.0 AppleWebKit/537.36 (KHTML, like Gecko; compatible; bingbot/2.0; +http://www.bing.com/bingbot.htm) Chrome/116.0.1938.76 Safari/537.36"
52.167.144.168 - - [25/Apr/2025:21:55:10 -0400] "GET /?i=98281123899503&channel=653256&from=pin.php%3Fid%3D1238995-3318%26name%3D%E6%B5%B7%E5%A4%96+%E9%AB%98%E5%93%81%E8%B3%AA%E3%80%80%E9%80%81%E6%96%99%E8%BE%BC%E3%81%BF%E3%80%80%E3%83%9E%E3%83%83%E3%82%AF%E3%82%B9%E3%83%95%E3%82%A7%E3%83%AB%E3%82%B9%E3%82%BF%E3%83%83%E3%83%9A%E3%83%B3+F1+2022+%E3%83%AC%E3%83%BC%E3%82%B7%E3%83%B3%E3%82%B0%E3%82%B9%E3%83%BC%E3%83%84%E3%80%80%E3%82%B7%E3%83%A5%E3%83%BC%E3%82%BA%E3%80%80%E3%82%B0%E3%83%AD%E3%83%BC%E3%83%96%E3%80%80%E8%B1%AA%E8%8F%AF%EF%BC%93%E7%82%B9%E3%82%BB%E3%83%83%E3%83%88%E3%80%80%E3%82%B5%E3%82%A4%E3%82%BA%E5%90%84%E7%A8%AE%E3%83%AC%E3%83%97%E3%83%AA%E3%82%AB HTTP/1.1" 200 0 "-" "Mozilla/5.0 AppleWebKit/537.36 (KHTML, like Gecko; compatible; bingbot/2.0; +http://www.bing.com/bingbot.htm) Chrome/116.0.1938.76 Safari/537.36"
66.249.73.103 - - [25/Apr/2025:21:55:18 -0400] "GET /07510174449.shtml HTTP/1.1" 200 0 "-" "Mozilla/5.0 (Linux; Android 6.0.1; Nexus 5X Build/MMB29P) AppleWebKit/537.36 (KHTML, like Gecko) Chrome/135.0.7049.95 Mobile Safari/537.36 (compatible; GoogleOther)"
66.249.73.103 - - [25/Apr/2025:21:56:04 -0400] "GET /?i=3279343818803&channel=b39785&from=form.php%3Fid%3D438188-5770%26name%3DJBL+%E3%82%B9%E3%83%94%E3%83%BC%E3%82%AB%E3%83%BC++GTO329+++%E6%96%B0%E5%93%81%E3%83%BB%E6%9C%AA%E4%BD%BF%E7%94%A8 HTTP/1.1" 200 52783 "-" "Mozilla/5.0 (Linux; Android 6.0.1; Nexus 5X Build/MMB29P) AppleWebKit/537.36 (KHTML, like Gecko) Chrome/135.0.7049.95 Mobile Safari/537.36 (compatible; Googlebot/2.1; +http://www.google.com/bot.html)"
66.249.73.101 - - [25/Apr/2025:21:56:10 -0400] "GET /?i=03470164964003&channel=3ab995&from=jp.php%3Fid%3D1649640-26640%26name%3D%E3%83%96%E3%83%AB%E3%83%BC%E3%81%AE%E3%83%9D%E3%83%83%E3%83%88%E3%83%9E%E3%83%83%E3%83%88%E3%80%80A-2 HTTP/1.1" 200 0 "-" "Mozilla/5.0 (Linux; Android 6.0.1; Nexus 5X Build/MMB29P) AppleWebKit/537.36 (KHTML, like Gecko) Chrome/135.0.7049.95 Mobile Safari/537.36 (compatible; GoogleOther)"
66.249.73.101 - - [25/Apr/2025:21:56:23 -0400] "GET /?i=1272028468100&channel=bbf3f2&from=pin.php%3Fid%3D284681-9031%26name%3D%E3%82%AD%E3%83%84%E3%83%8D%E3%82%B5%E3%83%B3%E6%A7%98%E5%B0%82%E7%94%A8 HTTP/1.1" 200 52558 "-" "Mozilla/5.0 (Linux; Android 6.0.1; Nexus 5X Build/MMB29P) AppleWebKit/537.36 (KHTML, like Gecko) Chrome/135.0.7049.95 Mobile Safari/537.36 (compatible; Googlebot/2.1; +http://www.google.com/bot.html)"
66.249.73.101 - - [25/Apr/2025:21:56:29 -0400] "GET /871411270441.shtml HTTP/1.1" 200 0 "-" "Mozilla/5.0 (Linux; Android 6.0.1; Nexus 5X Build/MMB29P) AppleWebKit/537.36 (KHTML, like Gecko) Chrome/135.0.7049.95 Mobile Safari/537.36 (compatible; GoogleOther)"
66.249.73.101 - - [25/Apr/2025:21:56:55 -0400] "GET /?i=8089291008501&channel=77e071&from=jp.php%3Fid%3D910085-4878%26name%3D%E3%83%91%E3%83%BC%E3%83%86%E3%82%A3%E3%83%89%E3%83%AC%E3%82%B9+%E3%83%AF%E3%83%B3%E3%83%94%E3%83%BC%E3%82%B9+%E5%A4%A7%E3%81%8D%E3%81%84%E3%82%B5%E3%82%A4%E3%82%BA+%E3%83%AC%E3%83%87%E3%82%A3%E3%83%BC%E3%82%B9+%E3%83%AC%E3%83%BC%E3%82%B9+%E5%88%87%E6%9B%BF%E3%83%95%E3%83%AC%E3%82%A2+%E7%B5%90%E5%A9%9A%E5%BC%8F+%E4%BA%8C%E6%AC%A1%E4%BC%9A+%E3%81%8A%E5%91%BC%E3%81%B0%E3%82%8C+%E3%82%B0%E3%83%AC%E3%82%A4%E3%83%83%E3%82%B7%E3%83%A5%E3%82%B0%E3%83%AA%E3%83%BC%E3%83%B3%2F%E3%83%8D%E3%82%A4%E3%83%93%E3%83%BC+8L+%E3%83%95%E3%82%A9%E3%83%BC%E3%83%9E%E3%83%AB+%E6%8A%AB%E9%9C%B2%E5%AE%B4+%E8%AC%9D%E6%81%A9%E4%BC%9A+%E5%90%8C%E7%AA%93%E4%BC%9A+%E5%8D%92%E6%A5%AD%E5%BC%8F+%E5%8F%AF%E6%84%9B%E3%81%84+20%E4%BB%A3+30%E4%BB%A3+40%E4%BB%A3+%E3%83%95%E3%82%A9%E3%83%BC%E3%83%9E%E3%83%AB%E3%83%89%E3%83%AC%E3%82%B9+%E3%83%8B%E3%83%83%E3%82%BB%E3%83%B3+nissen HTTP/1.1" 200 54070 "-" "Mozilla/5.0 (Linux; Android 6.0.1; Nexus 5X Build/MMB29P) AppleWebKit/537.36 (KHTML, like Gecko) Chrome/135.0.7049.95 Mobile Safari/537.36 (compatible; Googlebot/2.1; +http://www.google.com/bot.html)"
66.249.73.102 - - [25/Apr/2025:21:57:26 -0400] "GET /81203865487.shtml HTTP/1.1" 200 0 "-" "Mozilla/5.0 (Linux; Android 6.0.1; Nexus 5X Build/MMB29P) AppleWebKit/537.36 (KHTML, like Gecko) Chrome/135.0.7049.95 Mobile Safari/537.36 (compatible; GoogleOther)"
66.249.73.101 - - [25/Apr/2025:21:57:34 -0400] "GET /79111145098.shtml HTTP/1.1" 200 0 "-" "Mozilla/5.0 (Linux; Android 6.0.1; Nexus 5X Build/MMB29P) AppleWebKit/537.36 (KHTML, like Gecko) Chrome/135.0.7049.95 Mobile Safari/537.36 (compatible; GoogleOther)"
66.249.74.12 - - [25/Apr/2025:21:58:03 -0400] "GET /?i=2808199347500&channel=5be7d0&from=article.php%3Fid%3D993475-2449%26name%3D%E3%82%B1%E3%83%AB%E3%83%92%E3%83%A3%E3%83%BC%E3%80%80K5 HTTP/1.1" 200 0 "-" "Mozilla/5.0 (Linux; Android 6.0.1; Nexus 5X Build/MMB29P) AppleWebKit/537.36 (KHTML, like Gecko) Chrome/135.0.7049.95 Mobile Safari/537.36 (compatible; GoogleOther)"
66.249.74.11 - - [25/Apr/2025:21:58:12 -0400] "GET /48911553779.shtml HTTP/1.1" 200 0 "-" "Mozilla/5.0 (Linux; Android 6.0.1; Nexus 5X Build/MMB29P) AppleWebKit/537.36 (KHTML, like Gecko) Chrome/135.0.7049.95 Mobile Safari/537.36 (compatible; GoogleOther)"
52.167.144.168 - - [25/Apr/2025:21:58:18 -0400] "GET /?i=67161164899001&channel=99f909&from=shop.php%3Fid%3D1648990-2571%26name%3D%E3%83%93%E3%83%A9%E3%82%AB%E3%83%B3%E3%80%80%E3%83%8B%E3%83%83%E3%82%B5%E3%83%81%E3%82%A7%E3%82%A4%E3%83%B3%E8%A3%BD%E3%80%907%E5%80%8B%E3%80%91%EF%BE%8B%EF%BE%9E%EF%BE%97%EF%BD%B6%EF%BE%9D++IBR20-14+%E6%A8%99%E6%BA%96%28%E3%81%BE%E3%81%9F%E3%81%AF%E9%89%84%29+%2F+%E3%83%8B%E3%83%83%E3%82%B1%E3%83%AB HTTP/1.1" 200 0 "-" "Mozilla/5.0 AppleWebKit/537.36 (KHTML, like Gecko; compatible; bingbot/2.0; +http://www.bing.com/bingbot.htm) Chrome/116.0.1938.76 Safari/537.36"
66.249.74.11 - - [25/Apr/2025:21:58:41 -0400] "GET /10923934978.shtml HTTP/1.1" 200 0 "-" "Mozilla/5.0 (Linux; Android 6.0.1; Nexus 5X Build/MMB29P) AppleWebKit/537.36 (KHTML, like Gecko) Chrome/135.0.7049.95 Mobile Safari/537.36 (compatible; GoogleOther)"
52.167.144.167 - - [25/Apr/2025:21:58:45 -0400] "GET /?i=5127660952000&channel=2649d7&from=article.php%3Fid%3D609520-2945%26name%3Drarebookkyoto+F8B-520%E3%80%80%E6%96%B0%E8%8F%AF%E6%9B%B8%E5%BA%97%E6%B2%B3%E5%8D%97%E7%9C%81%E5%88%86%E5%BA%97%E3%83%BB%E9%9B%91%E8%AA%8C%E8%B3%BC%E8%AA%AD%E6%89%8B%E5%B8%B3%E3%80%80%E3%80%80%E3%80%80%E3%80%801953%E5%B9%B4%E3%80%80%E5%86%99%E7%9C%9F%E3%81%8C%E6%AD%B4%E5%8F%B2%E3%81%A7%E3%81%82%E3%82%8B HTTP/1.1" 200 0 "-" "Mozilla/5.0 AppleWebKit/537.36 (KHTML, like Gecko; compatible; bingbot/2.0; +http://www.bing.com/bingbot.htm) Chrome/116.0.1938.76 Safari/537.36"
52.167.144.215 - - [25/Apr/2025:21:58:51 -0400] "GET /?i=8050269686800&channel=af0fee&from=product.php%3Fid%3D696868-10525%26name%3DL%27Appartement%E3%80%90%E3%83%A6%E3%83%8B%E3%82%AA%E3%83%B3%E3%83%A9%E3%83%B3%E3%83%81%E3%80%91%E3%82%B3%E3%83%BC%E3%83%87%E3%83%A5%E3%83%AD%E3%82%A4%E3%82%AA%E3%83%BC%E3%83%90%E3%83%BC%E3%82%AA%E3%83%BC%E3%83%AB HTTP/1.1" 200 0 "-" "Mozilla/5.0 AppleWebKit/537.36 (KHTML, like Gecko; compatible; bingbot/2.0; +http://www.bing.com/bingbot.htm) Chrome/116.0.1938.76 Safari/537.36"
66.249.73.103 - - [25/Apr/2025:21:58:58 -0400] "GET /?i=11761170631003&channel=bf09d6&from=category-info.php%3Fid%3D1706310-28284%26name%3D%E3%82%A4%E3%82%B0%E3%83%8B%E3%83%83%E3%82%B7%E3%83%A7%E3%83%B3%E3%82%B3%E3%82%A4%E3%83%AB%E3%83%A2%E3%82%B8%E3%83%A5%E3%83%BC%E3%83%AB%E3%82%B9%E3%83%91%E3%83%BC%E3%82%AF%E3%83%97%E3%83%A9%E3%82%B0%E3%82%BB%E3%83%83%E3%83%88+262xp+55+154+254+257+K650+K700+K850+K950 HTTP/1.1" 200 0 "-" "Mozilla/5.0 (Linux; Android 6.0.1; Nexus 5X Build/MMB29P) AppleWebKit/537.36 (KHTML, like Gecko) Chrome/135.0.7049.95 Mobile Safari/537.36 (compatible; GoogleOther)"
66.249.74.11 - - [25/Apr/2025:21:59:12 -0400] "GET /02778662399.shtml HTTP/1.1" 200 0 "-" "Mozilla/5.0 (Linux; Android 6.0.1; Nexus 5X Build/MMB29P) AppleWebKit/537.36 (KHTML, like Gecko) Chrome/135.0.7049.95 Mobile Safari/537.36 (compatible; GoogleOther)"
52.167.144.139 - - [25/Apr/2025:21:59:30 -0400] "GET /?i=08812115642203&channel=92bc42&from=news.php%3Fid%3D1156422-3822%26name%3D%E3%83%95%E3%82%A9%E3%83%88%E3%83%95%E3%83%AC%E3%83%BC%E3%83%A0+%EF%BC%8A%E5%A4%A9%E4%BD%BF%EF%BC%8A%E3%82%A2%E3%83%B3%E3%83%86%E3%82%A3%E3%83%BC%E3%82%AF+%EF%BC%8A%E9%A1%8D%E7%B8%81%EF%BC%8A%E3%82%A8%E3%83%B3%E3%83%9C%E3%82%B9%E5%8A%A0%E5%B7%A5%EF%BC%8A%E3%82%B7%E3%83%A3%E3%83%93%E3%83%BC+%E3%82%B7%E3%83%83%E3%82%AFC HTTP/1.1" 200 0 "-" "Mozilla/5.0 AppleWebKit/537.36 (KHTML, like Gecko; compatible; bingbot/2.0; +http://www.bing.com/bingbot.htm) Chrome/116.0.1938.76 Safari/537.36"
66.249.73.101 - - [25/Apr/2025:21:59:30 -0400] "GET /?i=0583030423204&channel=c7ab1f&from=news.php%3Fid%3D304232-1237%26name%3DFIREWIRE++GO+FISH HTTP/1.1" 200 52622 "-" "Mozilla/5.0 (Linux; Android 6.0.1; Nexus 5X Build/MMB29P) AppleWebKit/537.36 (KHTML, like Gecko) Chrome/135.0.7049.95 Mobile Safari/537.36 (compatible; Googlebot/2.1; +http://www.google.com/bot.html)"
66.249.73.102 - - [25/Apr/2025:21:59:41 -0400] "GET /?i=881744868006&channel=2f465c&from=blog.php%3Fid%3D48680-574%26name%3D%E3%82%A4%E3%83%87%E3%82%A2%E3%83%AB+%E3%82%B7%E3%83%A5%E3%83%94%E3%83%BC%E3%82%B2%E3%83%AB+%E8%BB%8A%E9%AB%98%E8%AA%BF++%E3%82%B9%E3%82%BA%E3%82%AD+HA+HN+HE+MH+MC+DA HTTP/1.1" 200 0 "-" "Mozilla/5.0 (Linux; Android 6.0.1; Nexus 5X Build/MMB29P) AppleWebKit/537.36 (KHTML, like Gecko) Chrome/135.0.7049.95 Mobile Safari/537.36 (compatible; GoogleOther)"
66.249.73.103 - - [25/Apr/2025:22:00:09 -0400] "GET /?i=9898954250805&channel=a29bb7&from=news.php%3Fid%3D542508-8644%26name%3D%E3%80%90%E3%82%A2%E3%82%A4%E3%83%AA%E3%82%B9%E3%82%AA%E3%83%BC%E3%83%A4%E3%83%9E%E3%80%91+3%E5%8F%A3+IH%E3%82%B3%E3%83%B3%E3%83%AD+IH%E3%82%AF%E3%83%83%E3%82%AD%E3%83%B3%E3%82%B0%E3%83%92%E3%83%BC%E3%82%BF%E3%83%BC+%E3%82%B9%E3%82%BF%E3%83%B3%E3%83%89%E3%82%BB%E3%83%83%E3%83%88 HTTP/1.1" 200 0 "-" "Mozilla/5.0 (Linux; Android 6.0.1; Nexus 5X Build/MMB29P) AppleWebKit/537.36 (KHTML, like Gecko) Chrome/135.0.7049.95 Mobile Safari/537.36 (compatible; GoogleOther)"
66.249.74.13 - - [25/Apr/2025:22:00:39 -0400] "GET /879611291215.shtml HTTP/1.1" 200 0 "-" "Mozilla/5.0 (Linux; Android 6.0.1; Nexus 5X Build/MMB29P) AppleWebKit/537.36 (KHTML, like Gecko) Chrome/135.0.7049.95 Mobile Safari/537.36 (compatible; GoogleOther)"
66.249.73.102 - - [25/Apr/2025:22:00:57 -0400] "GET /?i=4100216561600&channel=1d4e75&from=shared.php%3Fid%3D165616-9752%26name%3DFLYIFE+%E5%8F%AF%E5%8B%95%E5%BC%8F%E3%83%8F%E3%83%B3%E3%83%89%E3%83%88%E3%83%A9%E3%83%83%E3%82%AF%E3%83%AD%E3%83%BC%E3%83%AA%E3%83%B3%E3%82%B0%E3%83%AA%E3%83%8D%E3%83%B3%E3%82%AB%E3%83%BC%E3%83%88%E3%80%81%E3%83%A9%E3%83%B3%E3%83%89%E3%83%AA%E3%83%BC%E3%82%BD%E3%83%BC%E3%82%BF%E3%83%BC%E3%83%A9%E3%83%B3%E3%83%89%E3%83%AA%E3%83%BC%E3%83%90%E3%82%B9%E3%82%B1%E3%83%83%E3%83%88%E3%83%88%E3%83%AD%E3%83%AA%E3%83%BC%E3%80%81%E5%8F%96%E3%82%8A%E5%A4%96%E3%81%97%E5%8F%AF%E8%83%BD%E3%81%AA%E6%B4%97%E3%81%88%E3%82%8B%E3%83%90%E3%83%83%E3%82%B0 HTTP/1.1" 200 55224 "-" "Mozilla/5.0 (Linux; Android 6.0.1; Nexus 5X Build/MMB29P) AppleWebKit/537.36 (KHTML, like Gecko) Chrome/135.0.7049.95 Mobile Safari/537.36 (compatible; Googlebot/2.1; +http://www.google.com/bot.html)"
66.249.73.103 - - [25/Apr/2025:22:01:38 -0400] "GET /?i=87009188322910&channel=f28c67&from=pin.php%3Fid%3D1883229-20%26name%3D%E8%87%AA%E8%BB%A2%E8%BB%8A+%E3%83%AC%E3%82%A4%E3%83%B3%E3%82%AB%E3%83%90%E3%83%BC++%E5%AD%90%E4%BE%9B%E4%B9%97%E3%81%9B%E8%87%AA%E8%BB%A2%E8%BB%8A+%E3%83%AC%E3%82%A4%E3%83%B3%E3%82%AB%E3%83%90%E3%83%BC+%E5%BE%8C%E3%82%8D%E4%B9%97%E3%81%9B+%E6%92%A5%E6%B0%B4%E5%8A%A0%E5%B7%A5+%E9%9B%A8%E9%99%A4%E3%81%91+%E5%AF%92%E3%81%95%E5%AF%BE%E7%AD%96+%E9%A2%A8%E9%98%B2+%E5%89%8D%E9%96%8B%E3%81%91%E3%82%8B+%E3%80%90%E6%B5%B7%E5%A4%96%E9%80%9A%E8%B2%A9%E3%80%91 HTTP/1.1" 200 54517 "-" "Mozilla/5.0 (Linux; Android 6.0.1; Nexus 5X Build/MMB29P) AppleWebKit/537.36 (KHTML, like Gecko) Chrome/135.0.7049.95 Mobile Safari/537.36 (compatible; Googlebot/2.1; +http://www.google.com/bot.html)"
66.249.73.102 - - [25/Apr/2025:22:02:04 -0400] "GET /123801342009.shtml HTTP/1.1" 200 0 "-" "Mozilla/5.0 (Linux; Android 6.0.1; Nexus 5X Build/MMB29P) AppleWebKit/537.36 (KHTML, like Gecko) Chrome/135.0.7049.95 Mobile Safari/537.36 (compatible; GoogleOther)"
52.167.144.139 - - [25/Apr/2025:22:02:50 -0400] "GET /?i=09011197456204&channel=f30510&from=shared.php%3Fid%3D1974562-484%26name%3D%E3%82%AF%E3%83%AA%E3%83%83%E3%83%97+%E3%83%AA%E3%83%99%E3%83%83%E3%83%88+%E3%83%95%E3%82%A1%E3%82%B9%E3%83%8A%E3%83%BC+%E3%83%88%E3%83%AA%E3%83%A0%E3%82%AF%E3%83%AA%E3%83%83%E3%83%97+%E3%83%97%E3%83%A9%E3%82%B9%E3%83%81%E3%83%83%E3%82%AF%E6%9D%90%E8%B3%AA+%E3%83%91%E3%83%8D%E3%83%AB+%E3%83%AA%E3%83%86%E3%83%BC%E3%83%8A+%E3%83%95%E3%83%BC%E3%83%89%E3%83%97%E3%83%AD%E3%83%83%E3%83%97%E3%83%AD%E3%83%83%E3%83%89+Honda%E3%81%AB%E5%AF%BE%E5%BF%9C HTTP/1.1" 200 0 "-" "Mozilla/5.0 AppleWebKit/537.36 (KHTML, like Gecko; compatible; bingbot/2.0; +http://www.bing.com/bingbot.htm) Chrome/116.0.1938.76 Safari/537.36"
52.167.144.139 - - [25/Apr/2025:22:03:00 -0400] "GET /?i=89240186800804&channel=0e3df7&from=product.php%3Fid%3D1868008-3032%26name%3D%E3%83%90%E3%83%83%E3%83%86%E3%82%A3%E3%83%B3%E3%82%B0%E3%82%B0%E3%83%AD%E3%83%BC%E3%83%96+%2F+%E3%83%87%E3%82%A3%E3%83%9E%E3%83%AA%E3%83%8B+%E3%83%90%E3%83%83%E3%83%86%E3%82%A3%E3%83%B3%E3%82%B0%E6%89%8B%E8%A2%8B+%E4%B8%A1%E6%89%8B+%E4%B8%80%E8%88%AC%E7%94%A8+%E9%87%8E%E7%90%83+%E3%82%BD%E3%83%95%E3%83%88%E3%83%9C%E3%83%BC%E3%83%AB+%E6%89%8B%E8%A2%8B+demarini+wb57452+bg-de-0002 HTTP/1.1" 200 0 "-" "Mozilla/5.0 AppleWebKit/537.36 (KHTML, like Gecko; compatible; bingbot/2.0; +http://www.bing.com/bingbot.htm) Chrome/116.0.1938.76 Safari/537.36"
66.249.73.103 - - [25/Apr/2025:22:03:04 -0400] "GET /?i=0876596354004&channel=6e0782&from=news.php%3Fid%3D963540-1727%26name%3D%E5%A5%B3%E6%80%A7%E3%81%AE%E3%81%9F%E3%82%81%E3%81%AE%E6%9C%AC%E9%9D%A9%E3%83%88%E3%83%83%E3%83%97%E3%83%8F%E3%83%B3%E3%83%89%E3%83%AB%E3%83%90%E3%83%83%E3%82%B0%E3%81%AE%E3%81%9F%E3%82%81%E3%81%AE%E8%B4%85%E6%B2%A2%E3%81%AA%E3%83%B4%E3%82%A3%E3%83%B3%E3%83%86%E3%83%BC%E3%82%B8%E3%81%AE%E3%83%8F%E3%83%B3%E3%83%89%E3%83%90%E3%83%83%E3%82%B0%E3%82%A8%E3%83%AC%E3%82%AC%E3%83%B3%E3%83%88%E3%81%AA%E3%82%B7%E3%83%A7%E3%83%AB%E3%83%80%E3%83%BC%E3%83%90%E3%83%83%E3%82%B0+%28Color+%3A+Pink HTTP/1.1" 200 0 "-" "Mozilla/5.0 (Linux; Android 6.0.1; Nexus 5X Build/MMB29P) AppleWebKit/537.36 (KHTML, like Gecko) Chrome/135.0.7049.95 Mobile Safari/537.36 (compatible; GoogleOther)"
52.167.144.139 - - [25/Apr/2025:22:03:40 -0400] "GET /?i=0849711776602&channel=4bfddd&from=blog.php%3Fid%3D117766-7265%26name%3D%E3%83%81%E3%83%A3%E3%82%A4%E3%83%AB%E3%83%89%E3%83%97%E3%83%AC%E3%82%A4+%E3%83%81%E3%83%A3%E3%83%83%E3%82%AD%E3%83%BC+%E3%82%A2%E3%82%AF%E3%82%B7%E3%83%A7%E3%83%B3%E3%83%95%E3%82%A3%E3%82%AE%E3%83%A5%E3%82%A2 HTTP/1.1" 200 0 "-" "Mozilla/5.0 AppleWebKit/537.36 (KHTML, like Gecko; compatible; bingbot/2.0; +http://www.bing.com/bingbot.htm) Chrome/116.0.1938.76 Safari/537.36"
52.167.144.139 - - [25/Apr/2025:22:03:41 -0400] "GET /?i=88699123466100&channel=84b74b&from=brands.php%3Fid%3D1234661-1472%26name%3D%E3%80%90%E3%82%B3%E3%83%BC%E3%83%86%E3%82%A3%E3%83%B3%E3%82%B0%E3%82%BB%E3%83%83%E3%83%88%E2%80%BC%EF%B8%8F%E3%80%91EX%E3%82%AD%E3%83%BC%E3%83%91%E3%83%BC%E6%96%BD%E5%B7%A5%E3%82%BB%E3%83%83%E3%83%88%E3%80%80%E3%82%AD%E3%83%BC%E3%83%91%E3%83%BC%E3%82%B3%E3%83%BC%E3%83%86%E3%82%A3%E3%83%B3%E3%82%B0 HTTP/1.1" 200 0 "-" "Mozilla/5.0 AppleWebKit/537.36 (KHTML, like Gecko; compatible; bingbot/2.0; +http://www.bing.com/bingbot.htm) Chrome/116.0.1938.76 Safari/537.36"
66.249.73.101 - - [25/Apr/2025:22:03:45 -0400] "GET /?i=74382122389303&channel=162ae0&from=category-info.php%3Fid%3D1223893-2420%26name%3D%E8%87%AA%E5%8B%95%E5%B7%BB%E3%81%8D%E3%80%80%E6%99%82%E8%A8%88 HTTP/1.1" 200 51950 "-" "Mozilla/5.0 (Linux; Android 6.0.1; Nexus 5X Build/MMB29P) AppleWebKit/537.36 (KHTML, like Gecko) Chrome/135.0.7049.95 Mobile Safari/537.36 (compatible; Googlebot/2.1; +http://www.google.com/bot.html)"
66.249.73.101 - - [25/Apr/2025:22:03:48 -0400] "GET /101381315007.shtml HTTP/1.1" 200 0 "-" "Mozilla/5.0 (Linux; Android 6.0.1; Nexus 5X Build/MMB29P) AppleWebKit/537.36 (KHTML, like Gecko) Chrome/135.0.7049.95 Mobile Safari/537.36 (compatible; GoogleOther)"
66.249.73.101 - - [25/Apr/2025:22:04:05 -0400] "GET /82003801192.shtml HTTP/1.1" 200 0 "-" "Mozilla/5.0 (Linux; Android 6.0.1; Nexus 5X Build/MMB29P) AppleWebKit/537.36 (KHTML, like Gecko) Chrome/135.0.7049.95 Mobile Safari/537.36 (compatible; GoogleOther)"
66.249.73.102 - - [25/Apr/2025:22:04:21 -0400] "GET /?i=8109537482312&channel=93be18&from=shop.php%3Fid%3D374823-5595%26name%3DMICA%26DEAL+%28%E3%83%9E%E3%82%A4%E3%82%AB%E3%82%A2%E3%83%B3%E3%83%89%E3%83%87%E3%82%A3%E3%83%BC%E3%83%AB%29+%E3%83%AF%E3%82%A4%E3%83%89%E3%82%B9%E3%83%AA%E3%83%BC%E3%83%96%E3%83%AD%E3%82%B4%E3%82%B9%E3%82%A6%E3%82%A7%E3%83%83%E3%83%88+OATMEAL+%E3%82%AA%E3%83%BC%E3%83%88%E3%83%9F%E3%83%BC%E3%83%AB+0125109018 HTTP/1.1" 200 0 "-" "Mozilla/5.0 (Linux; Android 6.0.1; Nexus 5X Build/MMB29P) AppleWebKit/537.36 (KHTML, like Gecko) Chrome/135.0.7049.95 Mobile Safari/537.36 (compatible; GoogleOther)"
66.249.73.101 - - [25/Apr/2025:22:04:38 -0400] "GET /?i=50528182501203&channel=374f9e&from=news.php%3Fid%3D1825012-5822%26name%3DM%E3%82%B5%E3%82%A4%E3%82%BA+%E3%82%B9%E3%83%88%E3%83%A9%E3%83%83%E3%83%97%E4%BB%98%E3%81%8D%E3%82%AD%E3%83%A3%E3%83%9F%E3%82%BD%E3%83%BC%E3%83%AB HTTP/1.1" 200 0 "-" "Mozilla/5.0 (Linux; Android 6.0.1; Nexus 5X Build/MMB29P) AppleWebKit/537.36 (KHTML, like Gecko) Chrome/135.0.7049.95 Mobile Safari/537.36 (compatible; GoogleOther)"
66.249.73.102 - - [25/Apr/2025:22:05:12 -0400] "GET /501321439985.shtml HTTP/1.1" 200 0 "-" "Mozilla/5.0 (Linux; Android 6.0.1; Nexus 5X Build/MMB29P) AppleWebKit/537.36 (KHTML, like Gecko) Chrome/135.0.7049.95 Mobile Safari/537.36 (compatible; GoogleOther)"
52.167.144.139 - - [25/Apr/2025:22:05:30 -0400] "GET /?i=2900876404700&channel=b39ab3&from=category-info.php%3Fid%3D764047-19014%26name%3DDeerou%E3%83%A8%E3%83%BC%E3%82%B0%E3%83%AB%E3%83%88%E3%83%A1%E3%83%BC%E3%82%AB%E3%83%BC%E5%A4%9A%E6%A9%9F%E8%83%BD%E7%99%BA%E9%85%B5%E6%A9%9F+%E7%99%BA%E9%85%B5%E9%A3%9F%E5%93%81%E6%A9%9F+%E3%83%A8%E3%83%BC%E3%82%B0%E3%83%AB%E3%83%88%E3%83%9E%E3%82%B7%E3%83%B3+%E7%99%BA%E9%85%B5%E6%A9%9F+12L%2F18L+%E5%A4%A7%E5%AE%B9%E9%87%8F%E3%83%A8%E3%83%BC%E3%82%B0%E3%83%AB%E3%83%88%E3%83%9E%E3%82%B7%E3%83%B3%E3%82%A4%E3%83%B3%E3%83%86%E3%83%AA%E3%82%B8%E3%82%A7 HTTP/1.1" 200 0 "-" "Mozilla/5.0 AppleWebKit/537.36 (KHTML, like Gecko; compatible; bingbot/2.0; +http://www.bing.com/bingbot.htm) Chrome/116.0.1938.76 Safari/537.36"
66.249.73.102 - - [25/Apr/2025:22:06:02 -0400] "GET /?i=80182150751307&channel=4bfddd&from=blog.php%3Fid%3D1507513-7265%26name%3D%E3%82%BD%E3%83%BC%E3%83%A9%E3%83%BC%E3%83%95%E3%82%A3%E3%82%AE%E3%83%A5%E3%82%A2+%E9%AC%BC%E6%BB%85+%E7%82%AD%E6%B2%BB%E9%83%8E+%E7%A6%B0%E8%B1%86%E5%AD%90%2F%E3%82%A2%E3%82%A4%E3%83%9E%E3%82%A4%E3%83%8A+%E3%82%BD%E3%83%BC%E3%83%A9%E3%83%BC%E3%83%95%E3%82%A3%E3%82%AE%E3%83%A5%E3%82%A2 HTTP/1.1" 200 53236 "-" "Mozilla/5.0 (Linux; Android 6.0.1; Nexus 5X Build/MMB29P) AppleWebKit/537.36 (KHTML, like Gecko) Chrome/135.0.7049.95 Mobile Safari/537.36 (compatible; Googlebot/2.1; +http://www.google.com/bot.html)"
66.249.73.101 - - [25/Apr/2025:22:06:06 -0400] "GET /css_03b4b5964b389269c330eff0105e0561/_public_bundle_sp.bundle.min HTTP/1.1" 200 62470 "https://www.mianoorproperties.com/?i=80182150751307&channel=4bfddd&from=blog.php%3Fid%3D1507513-7265%26name%3D%E3%82%BD%E3%83%BC%E3%83%A9%E3%83%BC%E3%83%95%E3%82%A3%E3%82%AE%E3%83%A5%E3%82%A2+%E9%AC%BC%E6%BB%85+%E7%82%AD%E6%B2%BB%E9%83%8E+%E7%A6%B0%E8%B1%86%E5%AD%90%2F%E3%82%A2%E3%82%A4%E3%83%9E%E3%82%A4%E3%83%8A+%E3%82%BD%E3%83%BC%E3%83%A9%E3%83%BC%E3%83%95%E3%82%A3%E3%82%AE%E3%83%A5%E3%82%A2" "Mozilla/5.0 (Linux; Android 6.0.1; Nexus 5X Build/MMB29P) AppleWebKit/537.36 (KHTML, like Gecko) Chrome/134.0.6998.165 Mobile Safari/537.36 (compatible; Googlebot/2.1; +http://www.google.com/bot.html)"
66.249.73.102 - - [25/Apr/2025:22:06:08 -0400] "GET /927011326100.shtml HTTP/1.1" 200 0 "-" "Mozilla/5.0 (Linux; Android 6.0.1; Nexus 5X Build/MMB29P) AppleWebKit/537.36 (KHTML, like Gecko) Chrome/135.0.7049.95 Mobile Safari/537.36 (compatible; GoogleOther)"
66.249.74.12 - - [25/Apr/2025:22:06:42 -0400] "GET /32582692293.shtml HTTP/1.1" 200 0 "-" "Mozilla/5.0 (Linux; Android 6.0.1; Nexus 5X Build/MMB29P) AppleWebKit/537.36 (KHTML, like Gecko) Chrome/135.0.7049.95 Mobile Safari/537.36 (compatible; GoogleOther)"
66.249.73.101 - - [25/Apr/2025:22:07:13 -0400] "GET /?i=03243169687406&channel=09e882&from=product.php%3Fid%3D1696874-3218%26name%3DESTCNK+%E3%82%B0%E3%83%AD%E3%83%A1%E3%83%83%E3%83%88%E3%83%99%E3%83%AB%E3%83%88+%E4%B8%AD%E4%B8%96%E3%83%99%E3%83%AB%E3%83%88+%E3%83%9D%E3%83%BC%E3%83%81%E4%BB%98%E3%81%8D+%E9%8C%AC%E9%87%91%E8%A1%93%E5%B8%AB+%E3%82%A6%E3%82%A8%E3%82%B9%E3%83%88%E3%83%90%E3%83%B3%E3%83%89+%E7%94%B7%E6%80%A7%E7%94%A8+LARP HTTP/1.1" 200 0 "-" "Mozilla/5.0 (Linux; Android 6.0.1; Nexus 5X Build/MMB29P) AppleWebKit/537.36 (KHTML, like Gecko) Chrome/135.0.7049.95 Mobile Safari/537.36 (compatible; GoogleOther)"
66.249.73.101 - - [25/Apr/2025:22:08:01 -0400] "GET /?i=2979211387717&channel=b89082&from=blog.php%3Fid%3D113877-1496%26name%3D%E3%80%90%E3%83%9D%E3%82%A4%E3%83%B3%E3%83%8810%E5%80%8D%E3%80%91+%E3%82%BF%E3%83%88%E3%83%A9%E3%82%B9+TATRAS+%EF%BC%8F+%E3%80%90%E5%9B%BD%E5%86%85%E6%AD%A3%E8%A6%8F%E5%93%81%E3%80%91+%EF%BC%8F+%E6%92%A5%E6%B0%B4%E8%BB%BD%E9%87%8F%E3%83%AF%E3%83%83%E3%82%B7%E3%83%A3%E3%83%BC%E3%83%8A%E3%82%A4%E3%83%AD%E3%83%B3%E3%82%BF%E3%83%95%E3%82%BFG%E3%82%B8%E3%83%A3%E3%83%B3%E5%9E%8B%E3%83%96%E3%83%AB%E3%82%BE%E3%83%B3%E3%80%8CKANU%E3%80%8D%3Cbr%3E%EF%BC%88%E3%82%AB%E3%83%BC%E3%82%AD%EF%BC%89%3Cbr%3E%E3%80%90%E3%83%8F%E3%83%B3%E3%82%AC%E3%83%BC%E4%BE%BF%E9%81%B8%E6%8A%9EOK%E3%80%91%EF%BC%8F+%E3%82%AB%E3%83%8C+MTAT25S4003-L+%E6%98%A5%E5%A4%8F+%E3%83%A1%E3%83%B3%E3%82%BA+%E3%82%A2%E3%82%A6%E3%82%BF%E3%83%BC+%E3%82%B7%E3%83%A7%E3%83%BC%E3%83%88%E3%83%96%E3%83%AB%E3%82%BE%E3%83%B3+%E3%83%88%E3%83%A9%E3%83%83%E3%82%AB%E3%83%BC%E3%82%B8%E3%83%A3%E3%82%B1%E3%83%83%E3%83%88 HTTP/1.1" 200 54854 "-" "Mozilla/5.0 (Linux; Android 6.0.1; Nexus 5X Build/MMB29P) AppleWebKit/537.36 (KHTML, like Gecko) Chrome/135.0.7049.95 Mobile Safari/537.36 (compatible; Googlebot/2.1; +http://www.google.com/bot.html)"
66.249.74.13 - - [25/Apr/2025:22:08:10 -0400] "GET /857756428.shtml HTTP/1.1" 200 0 "-" "Mozilla/5.0 (Linux; Android 6.0.1; Nexus 5X Build/MMB29P) AppleWebKit/537.36 (KHTML, like Gecko) Chrome/135.0.7049.95 Mobile Safari/537.36 (compatible; GoogleOther)"
66.249.73.101 - - [25/Apr/2025:22:08:15 -0400] "GET /162264347.shtml HTTP/1.1" 200 0 "-" "Mozilla/5.0 (Linux; Android 6.0.1; Nexus 5X Build/MMB29P) AppleWebKit/537.36 (KHTML, like Gecko) Chrome/135.0.7049.95 Mobile Safari/537.36 (compatible; GoogleOther)"
66.249.73.101 - - [25/Apr/2025:22:08:44 -0400] "GET /?i=5277961020813&channel=0f37b8&from=blog.php%3Fid%3D610208-472%26name%3D%E3%80%90%E3%83%A1%E3%83%BC%E3%82%AB%E3%83%BC%E7%9B%B4%E9%80%81%E3%80%91%E5%8F%8E%E7%B4%8D%E3%83%99%E3%83%83%E3%83%89%E3%83%80%E3%83%96%E3%83%AB+%E3%83%9D%E3%82%B1%E3%83%83%E3%83%88%E3%82%B3%E3%82%A4%E3%83%AB%E3%83%9E%E3%83%83%E3%83%88%E3%83%AC%E3%82%B9%E4%BB%98%E3%81%8D+%E6%A3%9A%E4%BB%98%E3%81%8D+%E3%82%B3%E3%83%B3%E3%82%BB%E3%83%B3%E3%83%88%E4%BB%98%E3%81%8D+%E5%BC%95%E5%87%BA%E3%81%97%E4%BB%98%E3%81%8D+%E3%82%B7%E3%83%B3%E3%83%97%E3%83%AB+%E3%83%98%E3%83%83%E3%83%89%E3%83%9C%E3%83%BC%E3%83%89+%E5%8F%8E%E7%B4%8D%E4%BB%98%E3%81%8D%E3%83%99%E3%83%83%E3%83%89+%E3%83%99%E3%83%83%E3%83%89%E4%B8%8B%E5%8F%8E%E7%B4%8D+%E6%9C%A8%E8%A3%BD+%E3%83%99%E3%83%83%E3%83%89+%E3%83%99%E3%83%83%E3%83%88+%E3%81%8A%E3%81%97%E3%82%83%E3%82%8C+%E6%96%B0%E7%94%9F%E6%B4%BB+%E4%B8%80%E4%BA%BA%E6%9A%AE%E3%82%89%E3%81%97+%E6%9C%A8%E8%A3%BD%E3%83%99%E3%83%83%E3%83%89+%E5%8F%8E%E7%B4%8D%E3%83%99%E3%83%83%E3%83%88%E3%80%90%E4%BB%A3%E5%BC%95%E3%81%8D%E4%B8%8D%E5%8F%AF%E3%80%91 HTTP/1.1" 200 55623 "-" "Mozilla/5.0 (Linux; Android 6.0.1; Nexus 5X Build/MMB29P) AppleWebKit/537.36 (KHTML, like Gecko) Chrome/135.0.7049.95 Mobile Safari/537.36 (compatible; Googlebot/2.1; +http://www.google.com/bot.html)"
66.249.73.101 - - [25/Apr/2025:22:08:51 -0400] "GET /?i=6448223003301&channel=63e92f&from=brands.php%3Fid%3D230033-1097%26name%3D%E3%83%92%E3%83%A5%E3%83%BC%E3%82%BA+DII%2FE27+MANN+%E3%83%92%E3%83%A5%E3%83%BC%E3%82%BA%2FgL+20D27+20A+500V%2816D27+16A%29 HTTP/1.1" 200 53633 "-" "Mozilla/5.0 (Linux; Android 6.0.1; Nexus 5X Build/MMB29P) AppleWebKit/537.36 (KHTML, like Gecko) Chrome/135.0.7049.95 Mobile Safari/537.36 (compatible; Googlebot/2.1; +http://www.google.com/bot.html)"
66.249.73.101 - - [25/Apr/2025:22:09:12 -0400] "GET /?i=042086727700&channel=9e9519&from=article.php%3Fid%3D67277-1355%26name%3D%E3%83%AA%E3%82%A2%E3%83%89%E3%83%AD%E3%80%80%E9%B3%A9%E3%81%AB%E9%A4%8C%E3%82%92%E3%81%82%E3%81%92%E3%82%8B%E5%B0%91%E5%A5%B3 HTTP/1.1" 200 0 "-" "Mozilla/5.0 (Linux; Android 6.0.1; Nexus 5X Build/MMB29P) AppleWebKit/537.36 (KHTML, like Gecko) Chrome/135.0.7049.95 Mobile Safari/537.36 (compatible; GoogleOther)"
66.249.73.101 - - [25/Apr/2025:22:09:39 -0400] "GET /?i=87188166139802&channel=e912c2&from=form.php%3Fid%3D1661398-6263%26name%3D%E2%97%8F%E6%96%B0%E5%93%81%EF%BC%81Designtuning%E2%98%86%E3%83%A1%E3%83%93%E3%82%A6%E3%82%B9+%E3%83%87%E3%82%B6%E3%82%A4%E3%83%B3%E3%83%81%E3%83%A5%E3%83%BC%E3%83%8B%E3%83%B3%E3%82%B0%E3%80%80DX%E3%80%80PRO%E3%80%80%E3%83%89%E3%83%A9%E3%82%A4%E3%83%90%E3%83%BC%E7%94%A8%E3%80%80%E3%82%B7%E3%83%A3%E3%83%95%E3%83%88%E3%80%80%EF%BC%8872617 HTTP/1.1" 200 55438 "-" "Mozilla/5.0 (Linux; Android 6.0.1; Nexus 5X Build/MMB29P) AppleWebKit/537.36 (KHTML, like Gecko) Chrome/135.0.7049.95 Mobile Safari/537.36 (compatible; Googlebot/2.1; +http://www.google.com/bot.html)"
66.249.73.103 - - [25/Apr/2025:22:10:36 -0400] "GET /?i=97247102882906&channel=b89082&from=article.php%3Fid%3D1028829-1496%26name%3D%E3%80%90SeeSew+%E3%82%B7%E3%83%BC%E3%82%BD%E3%83%BC%E3%80%91CORDUROY+2WAY+BLOCK+SHIRTS+%EF%BC%88240081%EF%BC%89%EF%BC%882%E8%89%B2%EF%BC%89 HTTP/1.1" 200 0 "-" "Mozilla/5.0 (Linux; Android 6.0.1; Nexus 5X Build/MMB29P) AppleWebKit/537.36 (KHTML, like Gecko) Chrome/135.0.7049.95 Mobile Safari/537.36 (compatible; GoogleOther)"
40.77.167.4 - - [25/Apr/2025:22:10:52 -0400] "GET /?i=47677175182307&channel=955ef8&from=article.php%3Fid%3D1751823-13218%26name%3D%E4%BF%A1%E9%A0%BC%E6%80%A74.4mm%E3%82%A2%E3%83%B3%E3%83%97%E3%81%8A%E3%82%88%E3%81%B3%E3%82%B9%E3%83%94%E3%83%BC%E3%82%AB%E3%83%BC%E3%81%AB%E6%8E%A5%E7%B6%9A%E3%81%99%E3%82%8B%E3%81%9F%E3%82%81%E3%81%AE%E3%83%90%E3%83%A9%E3%83%B3%E3%82%B9%E3%81%AE%E3%81%A8%E3%82%8C%E3%81%9F%E3%83%A1%E3%82%B9%E3%82%BD%E3%82%B1%E3%83%83%E3%83%88%E3%82%A2%E3%83%AB%E3%83%9F%E3%83%8B%E3%82%A6%E3%83%A0%E5%90%88%E9%87%91 HTTP/1.1" 200 0 "-" "Mozilla/5.0 AppleWebKit/537.36 (KHTML, like Gecko; compatible; bingbot/2.0; +http://www.bing.com/bingbot.htm) Chrome/116.0.1938.76 Safari/537.36"
40.77.167.4 - - [25/Apr/2025:22:11:02 -0400] "GET /?i=5108823334000&channel=da38f0&from=product.php%3Fid%3D233340-12027%26name%3DFF7%E3%83%AA%E3%83%90%E3%83%BC%E3%82%B9+%E3%83%87%E3%83%A9%E3%83%83%E3%82%AF%E3%82%B9%E3%82%A8%E3%83%87%E3%82%A3%E3%82%B7%E3%83%A7%E3%83%B3+%E3%82%B0%E3%83%83%E3%82%BA%E3%81%AE%E3%81%BF HTTP/1.1" 200 0 "-" "Mozilla/5.0 AppleWebKit/537.36 (KHTML, like Gecko; compatible; bingbot/2.0; +http://www.bing.com/bingbot.htm) Chrome/116.0.1938.76 Safari/537.36"
66.249.73.103 - - [25/Apr/2025:22:11:05 -0400] "GET /17049694484.shtml HTTP/1.1" 200 0 "-" "Mozilla/5.0 (Linux; Android 6.0.1; Nexus 5X Build/MMB29P) AppleWebKit/537.36 (KHTML, like Gecko) Chrome/135.0.7049.95 Mobile Safari/537.36 (compatible; GoogleOther)"
66.249.74.12 - - [25/Apr/2025:22:11:11 -0400] "GET /04911345645.shtml HTTP/1.1" 200 0 "-" "Mozilla/5.0 (Linux; Android 6.0.1; Nexus 5X Build/MMB29P) AppleWebKit/537.36 (KHTML, like Gecko) Chrome/135.0.7049.95 Mobile Safari/537.36 (compatible; GoogleOther)"
66.249.73.102 - - [25/Apr/2025:22:11:32 -0400] "GET /?i=7090076225708&channel=a20f16&from=news.php%3Fid%3D762257-6634%26name%3D%E3%80%90%E7%BE%8E%E5%93%81%E3%80%91HERVE+CHAPELIER+707GP+%E3%83%88%E3%83%BC%E3%83%88%E3%83%90%E3%83%83%E3%82%B0+%E3%83%99%E3%83%BC%E3%82%B8%E3%83%A5+%E8%88%9F%E5%9E%8B HTTP/1.1" 200 51763 "-" "Mozilla/5.0 (Linux; Android 6.0.1; Nexus 5X Build/MMB29P) AppleWebKit/537.36 (KHTML, like Gecko) Chrome/135.0.7049.95 Mobile Safari/537.36 (compatible; Googlebot/2.1; +http://www.google.com/bot.html)"
66.249.73.101 - - [25/Apr/2025:22:11:36 -0400] "GET /07038712593.shtml HTTP/1.1" 200 0 "-" "Mozilla/5.0 (Linux; Android 6.0.1; Nexus 5X Build/MMB29P) AppleWebKit/537.36 (KHTML, like Gecko) Chrome/135.0.7049.95 Mobile Safari/537.36 (compatible; GoogleOther)"
66.249.73.101 - - [25/Apr/2025:22:11:37 -0400] "GET /857781546229.shtml HTTP/1.1" 200 52590 "-" "Mozilla/5.0 (Linux; Android 6.0.1; Nexus 5X Build/MMB29P) AppleWebKit/537.36 (KHTML, like Gecko) Chrome/135.0.7049.95 Mobile Safari/537.36 (compatible; Googlebot/2.1; +http://www.google.com/bot.html)"
66.249.73.101 - - [25/Apr/2025:22:11:39 -0400] "GET /31795277658.shtml HTTP/1.1" 200 52144 "-" "Mozilla/5.0 (Linux; Android 6.0.1; Nexus 5X Build/MMB29P) AppleWebKit/537.36 (KHTML, like Gecko) Chrome/135.0.7049.95 Mobile Safari/537.36 (compatible; Googlebot/2.1; +http://www.google.com/bot.html)"
66.249.73.101 - - [25/Apr/2025:22:11:45 -0400] "GET /?i=3858582031401&channel=b5f5e1&from=article.php%3Fid%3D820314-2570%26name%3D%E6%96%B0%E5%8F%A4%E5%93%81+Xperia+10+III+5G+%E3%83%95%E3%82%A1%E3%82%A4%E3%83%96%E3%82%B8%E3%83%BC+SOG04+128GB+%E6%9C%89%E6%A9%9FEL+4K%E6%92%AE%E5%BD%B1+%E3%83%8F%E3%82%A4%E3%83%AC%E3%82%BE+FM%E3%83%A9%E3%82%B8%E3%82%AA+%E5%A4%A7%E5%AE%B9%E9%87%8F%E3%83%90%E3%83%83%E3%83%86%E3%83%AA%E3%83%BC+%E9%95%B7%E5%AF%BF%E5%91%BD+%E7%84%A6%E3%82%89%E3%81%97+%E7%89%B9%E5%85%B8%E4%BB%98+au%E7%89%88+SIM%E3%83%AD%E3%83%83%E3%82%AF%E8%A7%A3%E9%99%A4%E6%B8%88+ax103pk-s20y9 HTTP/1.1" 200 53450 "-" "Mozilla/5.0 (Linux; Android 6.0.1; Nexus 5X Build/MMB29P) AppleWebKit/537.36 (KHTML, like Gecko) Chrome/135.0.7049.95 Mobile Safari/537.36 (compatible; Googlebot/2.1; +http://www.google.com/bot.html)"
66.249.73.101 - - [25/Apr/2025:22:11:48 -0400] "GET /?i=9191143639504&channel=7f4cf6&from=article.php%3Fid%3D436395-9607%26name%3D%E3%83%98%E3%83%AB%E3%83%8E+23AW+%E3%83%95%E3%82%A7%E3%82%A4%E3%82%AF%E3%83%95%E3%82%A1%E3%83%BC%E3%82%B8%E3%83%A3%E3%82%B1%E3%83%83%E3%83%88+%E3%82%B7%E3%83%A7%E3%83%BC%E3%83%88%E4%B8%88+%E3%83%80%E3%83%96%E3%83%AB+%E3%83%86%E3%83%BC%E3%83%A9%E3%83%BC%E3%83%89 HTTP/1.1" 200 53229 "-" "Mozilla/5.0 (Linux; Android 6.0.1; Nexus 5X Build/MMB29P) AppleWebKit/537.36 (KHTML, like Gecko) Chrome/135.0.7049.95 Mobile Safari/537.36 (compatible; Googlebot/2.1; +http://www.google.com/bot.html)"
66.249.74.12 - - [25/Apr/2025:22:12:13 -0400] "GET /18755320076.shtml HTTP/1.1" 200 0 "-" "Mozilla/5.0 (Linux; Android 6.0.1; Nexus 5X Build/MMB29P) AppleWebKit/537.36 (KHTML, like Gecko) Chrome/135.0.7049.95 Mobile Safari/537.36 (compatible; GoogleOther)"
40.77.167.47 - - [25/Apr/2025:22:12:31 -0400] "GET /?i=16709166375808&channel=ac52bd&from=form.php%3Fid%3D1663758-11552%26name%3D%E3%83%90%E3%83%8A%E3%83%8A%E3%83%8F%E3%83%B3%E3%82%AC%E3%83%BC%E3%80%81%E3%83%90%E3%83%8A%E3%83%8A%E3%83%9B%E3%83%AB%E3%83%80%E3%83%BC+%7C+%E6%96%B0%E9%AE%AE%E3%81%95%E3%81%AE%E3%81%9F%E3%82%81%E3%81%AE%E3%83%90%E3%83%8A%E3%83%8A%E3%82%AD%E3%83%BC%E3%83%91%E3%83%BC+%7C+%E3%82%AD%E3%83%83%E3%83%81%E3%83%B3%E3%82%AB%E3%82%A6%E3%83%B3%E3%82%BF%E3%83%BC%E3%83%91%E3%83%B3%E3%83%88%E3%83%AA%E3%83%BC%E3%82%AD%E3%83%A3%E3%83%93%E3%83%8D%E3%83%83%E3%83%88%E3%83%A2%E3%83%80%E3%83%B3%E3%83%9B%E3%83%BC%E3%83%A0%E3%83%80%E3%82%A4%E3%83%8B%E3%83%B3%E3%82%B0 HTTP/1.1" 200 0 "-" "Mozilla/5.0 AppleWebKit/537.36 (KHTML, like Gecko; compatible; bingbot/2.0; +http://www.bing.com/bingbot.htm) Chrome/116.0.1938.76 Safari/537.36"
66.249.73.101 - - [25/Apr/2025:22:12:31 -0400] "GET /35989978335.shtml HTTP/1.1" 200 53685 "-" "Mozilla/5.0 (Linux; Android 6.0.1; Nexus 5X Build/MMB29P) AppleWebKit/537.36 (KHTML, like Gecko) Chrome/135.0.7049.95 Mobile Safari/537.36 (compatible; Googlebot/2.1; +http://www.google.com/bot.html)"
66.249.73.101 - - [25/Apr/2025:22:12:38 -0400] "GET /?i=46876113198705&channel=b8ebc0&from=goods.php%3Fid%3D1131987-1354%26name%3D%E9%BB%92%E6%A5%BD%E8%8C%B6%E7%A2%97%EF%BC%8F%E3%81%8D%E3%82%87%E3%82%93%E6%A7%98+%E3%81%94%E7%B4%84%E5%AE%9A HTTP/1.1" 200 52559 "-" "Mozilla/5.0 (Linux; Android 6.0.1; Nexus 5X Build/MMB29P) AppleWebKit/537.36 (KHTML, like Gecko) Chrome/135.0.7049.95 Mobile Safari/537.36 (compatible; Googlebot/2.1; +http://www.google.com/bot.html)"
40.77.167.47 - - [25/Apr/2025:22:12:50 -0400] "GET /?i=3802841620404&channel=1e68ff&from=form.php%3Fid%3D416204-130%26name%3DST1000VN008+%5B3.5%E3%82%A4%E3%83%B3%E3%83%81%E5%86%85%E8%94%B5HDD+%2F+1TB+%2F+5400rpm+%2F+IronWolf%E3%82%B7%E3%83%AA%E3%83%BC%E3%82%BA+%2F+%E3%83%87%E3%83%BC%E3%82%BF%E5%BE%A9%E6%97%A7%E3%82%B5%E3%83%BC%E3%83%93%E3%82%B93%E5%B9%B4%E4%BB%98+%2F+%E5%9B%BD%E5%86%85%E6%AD%A3%E8%A6%8F%E4%BB%A3%E7%90%86%E5%BA%97%E5%93%81%5D HTTP/1.1" 200 0 "-" "Mozilla/5.0 AppleWebKit/537.36 (KHTML, like Gecko; compatible; bingbot/2.0; +http://www.bing.com/bingbot.htm) Chrome/116.0.1938.76 Safari/537.36"
66.249.73.101 - - [25/Apr/2025:22:12:53 -0400] "GET /?i=2991990777600&channel=8c58aa&from=brands.php%3Fid%3D907776-3372%26name%3D%E5%8D%B3%E6%97%A5%E7%99%BA%E9%80%81%E3%80%80ehka+sopo+%E3%81%BE%E3%82%8B%E3%80%80%E3%82%B3%E3%83%A9%E3%83%9C%E3%80%80%E3%82%B5%E3%82%A4%E3%83%89%E3%82%B9%E3%83%AA%E3%83%83%E3%83%88%E3%82%B3%E3%83%BC%E3%83%88%E3%80%80%E5%B8%8C%E5%B0%91%E3%83%96%E3%83%A9%E3%82%A6%E3%83%B3+%E5%88%BA%E3%81%9B%E3%82%8B HTTP/1.1" 200 52933 "-" "Mozilla/5.0 (Linux; Android 6.0.1; Nexus 5X Build/MMB29P) AppleWebKit/537.36 (KHTML, like Gecko) Chrome/135.0.7049.95 Mobile Safari/537.36 (compatible; Googlebot/2.1; +http://www.google.com/bot.html)"
66.249.73.103 - - [25/Apr/2025:22:13:02 -0400] "GET /?i=8180967046702&channel=dab5d7&from=pin.php%3Fid%3D670467-8805%26name%3D%E3%82%AB%E3%82%A6%E3%83%B3%E3%82%BF%E3%83%BC%E3%83%88%E3%83%83%E3%83%97%E3%83%90%E3%82%B9%E3%83%AB%E3%83%BC%E3%83%A0%E3%82%A2%E3%82%AF%E3%82%BB%E3%82%B5%E3%83%AA%E3%83%BC%E3%82%BB%E3%83%83%E3%83%88+%E3%83%90%E3%82%B9%E3%83%AB%E3%83%BC%E3%83%A0+%E3%82%A2%E3%82%AF%E3%82%BB%E3%82%B5%E3%83%AA%E3%83%BC+%E3%82%BB%E3%83%83%E3%83%88+%E3%82%BB%E3%83%A9%E3%83%9F%E3%83%83%E3%82%AF%E3%82%B9+%E3%81%A8%E3%81%BF+%E3%83%90%E3%82%B9%E3%83%AB%E3%83%BC%E3%83%A0+%E3%82%A2%E3%82%AF%E3%82%BB%E3%82%B5%E3%83%AA%E3%83%BC+%E3%82%BB%E3%83%83%E3%83%88+%E3%83%A2%E3%83%80 HTTP/1.1" 200 53085 "-" "Mozilla/5.0 (Linux; Android 6.0.1; Nexus 5X Build/MMB29P) AppleWebKit/537.36 (KHTML, like Gecko) Chrome/135.0.7049.95 Mobile Safari/537.36 (compatible; Googlebot/2.1; +http://www.google.com/bot.html)"
66.249.73.101 - - [25/Apr/2025:22:13:06 -0400] "GET /?i=1098336638600&channel=75d595&from=pin.php%3Fid%3D366386-4912%26name%3D%E3%83%80%E3%83%96%E3%83%AB%E3%82%B9%E3%82%BF%E3%83%B3%E3%83%80%E3%83%BC%E3%83%89%E3%82%AF%E3%83%AD%E3%83%BC%E3%82%B8%E3%83%B3%E3%82%B0+%E3%82%B3%E3%83%B3%E3%83%91%E3%82%AF%E3%83%88%E3%83%86%E3%83%B3%E3%82%BB%E3%83%AB%E3%83%81%E3%82%A7%E3%83%83%E3%82%AF%E3%83%96%E3%83%A9%E3%82%A6%E3%82%B9+%E3%81%AF%E3%81%8D%E3%81%A0%E3%81%97 HTTP/1.1" 200 53349 "-" "Mozilla/5.0 (Linux; Android 6.0.1; Nexus 5X Build/MMB29P) AppleWebKit/537.36 (KHTML, like Gecko) Chrome/135.0.7049.95 Mobile Safari/537.36 (compatible; Googlebot/2.1; +http://www.google.com/bot.html)"
66.249.73.102 - - [25/Apr/2025:22:13:17 -0400] "GET /?i=7606931746702&channel=75d595&from=shared.php%3Fid%3D317467-4912%26name%3DSOLD%E3%80%80%E7%9D%80%E7%89%A9%E3%83%AA%E3%83%A1%E3%82%A4%E3%82%AF%E3%80%80%E3%83%96%E3%83%A9%E3%82%A6%E3%82%B9%E3%80%80%E7%99%BD%E5%A4%A7%E5%B3%B6%E3%80%80FREE+SIZE+%E9%96%89%E3%81%BE%E3%82%8B HTTP/1.1" 200 52574 "-" "Mozilla/5.0 (Linux; Android 6.0.1; Nexus 5X Build/MMB29P) AppleWebKit/537.36 (KHTML, like Gecko) Chrome/135.0.7049.95 Mobile Safari/537.36 (compatible; Googlebot/2.1; +http://www.google.com/bot.html)"
66.249.73.101 - - [25/Apr/2025:22:13:32 -0400] "GET /?i=9802043688704&channel=4f0d54&from=form.php%3Fid%3D436887-15503%26name%3D%E3%83%80%E3%82%A4%E3%83%A4%E3%81%BA%E3%83%83%E3%83%88%E3%80%81%E4%B8%89%E8%8F%B1%E3%82%B9%E3%82%BF%E3%83%AA%E3%82%AA%E3%83%B3%E3%82%BF%E3%83%BC%E3%83%9C2000+G+S+R HTTP/1.1" 200 52780 "-" "Mozilla/5.0 (Linux; Android 6.0.1; Nexus 5X Build/MMB29P) AppleWebKit/537.36 (KHTML, like Gecko) Chrome/135.0.7049.95 Mobile Safari/537.36 (compatible; Googlebot/2.1; +http://www.google.com/bot.html)"
66.249.73.101 - - [25/Apr/2025:22:13:33 -0400] "GET /7798837093.shtml HTTP/1.1" 200 0 "-" "Mozilla/5.0 (Linux; Android 6.0.1; Nexus 5X Build/MMB29P) AppleWebKit/537.36 (KHTML, like Gecko) Chrome/135.0.7049.95 Mobile Safari/537.36 (compatible; GoogleOther)"
66.249.73.101 - - [25/Apr/2025:22:13:34 -0400] "GET /?i=0553159341203&channel=4cdbc9&from=goods.php%3Fid%3D593412-10063%26name%3DRockford+Fosgate+RM0652B+%E3%82%B9%E3%83%94%E3%83%BC%E3%82%AB%E3%83%BC+%E5%AF%9D%E5%8F%96%E3%82%8B HTTP/1.1" 200 53122 "-" "Mozilla/5.0 (Linux; Android 6.0.1; Nexus 5X Build/MMB29P) AppleWebKit/537.36 (KHTML, like Gecko) Chrome/135.0.7049.95 Mobile Safari/537.36 (compatible; Googlebot/2.1; +http://www.google.com/bot.html)"
66.249.73.101 - - [25/Apr/2025:22:13:36 -0400] "GET /?i=8710448745206&channel=3e0fba&from=news.php%3Fid%3D487452-7614%26name%3D%E3%82%AF%E3%83%AA%E3%82%A2%E3%83%A9%E3%83%B3%E3%82%B9%E3%82%BB%E3%83%BC%E3%83%AB+%E9%80%81%E6%96%99%E7%84%A1%E6%96%99+POLeR+%E3%83%9D%E3%83%BC%E3%83%A9%E3%83%BC+60%2F40+GUIED+DOWN+JACKET+%E3%82%B9%E3%82%BF%E3%83%B3%E3%83%89+%E7%BE%BD%E6%AF%9B+%E3%83%80%E3%82%A6%E3%83%B3+%E3%82%B8%E3%83%A3%E3%82%B1%E3%83%83%E3%83%88+%E4%BF%9D%E6%B8%A9+%E6%92%A5%E6%B0%B4+%E9%BB%92+M+233MCV0004+%E3%83%A1%E3%83%B3 HTTP/1.1" 200 53778 "-" "Mozilla/5.0 (Linux; Android 6.0.1; Nexus 5X Build/MMB29P) AppleWebKit/537.36 (KHTML, like Gecko) Chrome/135.0.7049.95 Mobile Safari/537.36 (compatible; Googlebot/2.1; +http://www.google.com/bot.html)"
66.249.73.101 - - [25/Apr/2025:22:13:39 -0400] "GET /6712558408.shtml HTTP/1.1" 200 52980 "-" "Mozilla/5.0 (Linux; Android 6.0.1; Nexus 5X Build/MMB29P) AppleWebKit/537.36 (KHTML, like Gecko) Chrome/135.0.7049.95 Mobile Safari/537.36 (compatible; Googlebot/2.1; +http://www.google.com/bot.html)"
