52.167.144.221 - - [26/Apr/2025:03:42:23 -0400] "GET /?i=2049145928202&channel=22f94a&from=pin.php%3Fid%3D459282-6862%26name%3D%E3%82%B5%E3%82%A4%E3%83%89%E3%82%B9%E3%82%AB%E3%83%BC%E3%83%88+%E3%83%A6%E3%83%8B%E3%83%90%E3%83%BC%E3%82%B5%E3%83%AB%E3%82%AB%E3%83%BC%E3%82%B9%E3%82%BF%E3%82%A4%E3%83%AA%E3%83%B3%E3%82%B0%E3%82%B5%E3%82%A4%E3%83%89%E3%82%B9%E3%82%AB%E3%83%BC%E3%83%88%E3%82%A8%E3%82%AF%E3%82%B9%E3%83%86%E3%83%B3%E3%82%B7%E3%83%A7%E3%83%B3%E3%83%87%E3%82%A3%E3%83%95%E3%83%A5%E3%83%BC%E3%82%B6%E3%83%BC%E3%83%9C%E3%83%87%E3%82%A3%E3%82%AD%E3%83%83%E3%83%88+%E8%B5%B7%E4%BA%9C+%E5%A4%96%E8%A3%85%E3%82%A2%E3%82%AF%E3%82%BB%E3%82%B5%E3%83%AA%E3%83%BC%E7%94%A8+%E3%82%B5%E3%82%A4 HTTP/1.1" 200 0 "-" "Mozilla/5.0 AppleWebKit/537.36 (KHTML, like Gecko; compatible; bingbot/2.0; +http://www.bing.com/bingbot.htm) Chrome/116.0.1938.76 Safari/537.36"
40.77.167.57 - - [26/Apr/2025:03:42:42 -0400] "GET /?i=5996531287502&channel=89eca8&from=shop.php%3Fid%3D312875-728%26name%3D%E3%82%B7%E3%83%A3%E3%83%AA%E3%82%A3+%E3%82%B7%E3%83%A3%E3%83%AA%EF%BC%8D%EF%BC%93%E6%AE%B5+%E4%B8%89%E6%AE%B5%E3%82%B7%E3%83%BC%E3%83%88+%E6%AD%A6%E6%94%BF%E5%A1%BE%E3%82%A8%E3%83%8A%E3%83%A1%E3%83%AB%E3%83%9E%E3%83%BC%E3%82%B7%E3%83%A3%E3%83%AB%E3%83%80%E3%83%83%E3%82%AF%E3%82%B9%E6%97%A7%E8%BB%8A%E6%9C%83%E6%9A%B4%E8%B5%B0%E6%97%8F HTTP/1.1" 200 0 "-" "Mozilla/5.0 AppleWebKit/537.36 (KHTML, like Gecko; compatible; bingbot/2.0; +http://www.bing.com/bingbot.htm) Chrome/116.0.1938.76 Safari/537.36"
40.77.167.57 - - [26/Apr/2025:03:42:42 -0400] "GET /?i=21244195069505&channel=bb7de9&from=category-info.php%3Fid%3D1950695-23336%26name%3D%E5%A5%B3%E3%81%AE%E5%AD%90+%E3%82%B8%E3%83%A5%E3%83%8B%E3%82%A2+%E3%82%AB%E3%82%B7%E3%83%A5%E3%82%AF%E3%83%BC%E3%83%AB+%E5%AD%90%E4%BE%9B+%E3%83%88%E3%83%83%E3%83%97%E3%82%B9+%E3%83%9C%E3%83%AC%E3%83%AD+%E3%83%90%E3%83%AC%E3%82%A8+%E3%82%AD%E3%83%83%E3%82%BA+%E3%83%90%E3%83%AC%E3%82%A8%E7%94%A8%E5%93%81+%E8%A3%8F%E3%83%9C%E3%82%A2+%E3%83%90%E3%83%AC%E3%82%A8%E3%82%A6%E3%82%A9%E3%83%BC%E3%83%A0%E3%82%A2%E3%83%83%E3%83%97+%E3%83%AC%E3%83%83%E3%82%B9%E3%83%B3+%E3%83%90%E3%83%AC%E3%82%A8%E8%A1%A3%E8%A3%85+%E3%82%AB%E3%83%BC%E3%83%87%E3%82%A3%E3%82%AC%E3%83%B3+%E3%83%90%E3%83%AC%E3%82%A8%E3%82%A6%E3%82%A9%E3%83%BC%E3%83%A0%E3%82%A2%E3%83%83%E3%83%97+%E4%BD%93%E6%93%8D%E6%9C%8D+%E3%82%B9%E3%83%86%E3%83%BC%E3%82%B8%E8%A1%A3%E8%A3%85+%E9%98%B2%E5%AF%92%23cjfj141131 HTTP/1.1" 200 0 "-" "Mozilla/5.0 AppleWebKit/537.36 (KHTML, like Gecko; compatible; bingbot/2.0; +http://www.bing.com/bingbot.htm) Chrome/116.0.1938.76 Safari/537.36"
52.167.144.221 - - [26/Apr/2025:03:42:46 -0400] "GET /?i=12591162436002&channel=f529ee&from=brands.php%3Fid%3D1624360-26821%26name%3D%E8%B6%85%E9%87%8D%E9%87%8F%E7%94%A8%E3%82%B9%E3%83%A9%E3%82%A4%E3%83%89%E3%83%AC%E3%83%BC%E3%83%AB+250-1500mm+%E3%83%AD%E3%83%83%E3%82%AF%E4%BB%98+%E5%BC%95%E3%81%8D%E5%87%BA%E3%81%97%E3%82%B9%E3%83%A9%E3%82%A4%E3%83%89+%E5%AE%8C%E5%85%A8%E3%81%AA%E6%8B%A1%E5%BC%B5%E3%83%9C%E3%83%BC%E3%83%AB+%E5%B7%A6%E5%8F%B31%E3%82%BB%E3%83%83%E3%83%88+%E8%80%90%E8%8D%B7%E9%87%8D+120Kg+%E7%94%A3%E6%A5%AD%E7%94%A8%E3%82%B9%E3%83%A9%E3%82%A4%E3%83%89%E3%83%AC%E3%83%BC%E3%83%AB+%E3%82%BD%E3%83%95%E3%83%88%E3%82%AF%E3%83%AD%E3%83%BC%E3%82%BA+%E5%BC%95%E3%81%8D%E5%87%BA%E3%81%97%E3%83%AC HTTP/1.1" 200 0 "-" "Mozilla/5.0 AppleWebKit/537.36 (KHTML, like Gecko; compatible; bingbot/2.0; +http://www.bing.com/bingbot.htm) Chrome/116.0.1938.76 Safari/537.36"
66.249.73.101 - - [26/Apr/2025:03:43:02 -0400] "GET /robots.txt HTTP/1.1" 200 72 "-" "Mozilla/5.0 (compatible; Googlebot/2.1; +http://www.google.com/bot.html)"
66.249.73.103 - - [26/Apr/2025:03:44:16 -0400] "GET /?i=12297120171801&channel=612e93&from=brands.php%3Fid%3D1201718-20393%26name%3DCF+300+%E3%83%89%E3%83%A9%E3%82%A4%E3%83%96%E3%83%99%E3%83%AB%E3%83%88+%E3%83%A4%E3%83%9E%E3%83%8F+CF300+Inviter+CS+340+Ovation+LE+EC+340+540+Exce HTTP/1.1" 200 0 "-" "Mozilla/5.0 (Linux; Android 6.0.1; Nexus 5X Build/MMB29P) AppleWebKit/537.36 (KHTML, like Gecko) Chrome/135.0.7049.95 Mobile Safari/537.36 (compatible; GoogleOther)"
66.249.73.101 - - [26/Apr/2025:03:44:30 -0400] "GET /robots.txt HTTP/1.1" 200 72 "-" "Mozilla/5.0 (compatible; Googlebot/2.1; +http://www.google.com/bot.html)"
66.249.73.101 - - [26/Apr/2025:03:44:51 -0400] "GET /?i=24213141931100&channel=424462&from=news.php%3Fid%3D1419311-474%26name%3D%E3%83%A9%E3%83%B3%E3%83%81%E3%83%A7%E3%83%B3%E3%83%9E%E3%83%83%E3%83%88+%E3%80%80%E3%83%A9%E3%83%B3%E3%83%81%E3%82%AF%E3%83%AD%E3%82%B9+%E3%80%80%E7%B8%A625cm%E6%A8%AA25cm%28%E6%AD%A3%E6%96%B9%E5%BD%A2%29%E3%80%80%E3%82%B3%E3%83%A9%E3%83%BC%E3%82%B8%E3%83%A5%E6%9F%84%E3%82%B0%E3%83%AA%E3%83%BC%E3%83%B3%E3%80%80%E5%AD%90%E4%BE%9B%E3%83%BB%E3%82%AD%E3%83%83%E3%82%BA%E7%94%A8%E3%80%80%E5%B0%8F%E3%81%95%E3%82%81%E3%80%80%E5%90%8D%E6%9C%AD%EF%BC%88%E6%B0%8F%E5%90%8D%E7%A5%A8%EF%BC%89%E3%81%A4%E3%81%8D%E3%80%80%E3%83%8D%E3%83%BC%E3%83%A0%E3%80%80%E5%B9%BC%E7%A8%9A%E5%9C%92%E3%83%BB%E5%B0%8F%E5%AD%A6%E6%A0%A1%E3%83%BB%E7%B5%A6%E9%A3%9F%E7%94%A8%E3%83%8A%E3%83%95%E3%82%AD%E3%83%B3%E3%80%80%E8%A3%8F%E5%9C%B0%E3%81%82%E3%82%8A%E3%80%80%E8%A3%8F%E3%81%AF+%E8%8B%A5%E8%8D%89%E8%89%B2%E3%81%AB%E7%99%BD%E3%81%AE%E6%B0%B4%E7%8E%89%E6%A8%A1%E6%A7%98%E3%80%80%E5%85%A5%E5%9C%92%E3%83%BB%E5%85%A5%E5%AD%A6%E6%BA%96%E5%82%99 HTTP/1.1" 200 57140 "-" "Mozilla/5.0 (Linux; Android 6.0.1; Nexus 5X Build/MMB29P) AppleWebKit/537.36 (KHTML, like Gecko) Chrome/135.0.7049.95 Mobile Safari/537.36 (compatible; Googlebot/2.1; +http://www.google.com/bot.html)"
66.249.73.101 - - [26/Apr/2025:03:45:39 -0400] "GET /?i=72492161576106&channel=4a745b&from=news.php%3Fid%3D1615761-6710%26name%3D%E3%83%89%E3%82%A5%E3%83%AD%E3%83%AF%E3%83%BC+DRAWER+%E3%83%88%E3%83%83%E3%83%97%E3%82%B9 HTTP/1.1" 200 53253 "-" "Mozilla/5.0 (Linux; Android 6.0.1; Nexus 5X Build/MMB29P) AppleWebKit/537.36 (KHTML, like Gecko) Chrome/135.0.7049.95 Mobile Safari/537.36 (compatible; Googlebot/2.1; +http://www.google.com/bot.html)"
66.249.73.103 - - [26/Apr/2025:03:46:22 -0400] "GET /?i=2901041479906&channel=f8fd4a&from=blog.php%3Fid%3D414799-6687%26name%3D%E5%9B%9E%E8%BB%A2%E6%A4%85%E5%AD%90%E3%80%81%E3%83%95%E3%83%83%E3%83%88%E3%82%B9%E3%83%84%E3%83%BC%E3%83%AB%E3%80%81%E3%83%AA%E3%83%A9%E3%83%83%E3%82%AF%E3%82%B9%E3%80%81PU%E7%B4%A0%E6%9D%90%E3%80%81%E3%83%95%E3%83%83%E3%83%88%E3%82%B9%E3%83%84%E3%83%BC%E3%83%AB%E3%80%81%E6%98%87%E9%99%8D%E5%8F%AF%E8%83%BD%E3%80%81%E3%83%95%E3%83%83%E3%83%88%E3%82%B9%E3%83%84%E3%83%BC%E3%83%AB%E3%80%81%E3%83%95%E3%83%83%E3%83%88%E3%83%AC%E3%82%B9%E3%83%88%E3%80%81%E4%BA%BA%E9%96%93%E5%B7%A5%E5%AD%A6%E3%81%AB%E5%9F%BA%E3%81%A5%E3%81%84%E3%81%9F%E5%A7%BF%E5%8B%A2%E8%AA%BF%E6%95%B4%E3%80%81 HTTP/1.1" 200 0 "-" "Mozilla/5.0 (Linux; Android 6.0.1; Nexus 5X Build/MMB29P) AppleWebKit/537.36 (KHTML, like Gecko) Chrome/135.0.7049.95 Mobile Safari/537.36 (compatible; GoogleOther)"
66.249.73.102 - - [26/Apr/2025:03:47:01 -0400] "GET /?i=8914985564708&channel=a55c0a&from=jp.php%3Fid%3D855647-643%26name%3DH%26E%E7%A4%BE+%E3%83%93%E3%83%83%E3%82%AF%E3%82%B5%E3%82%A4%E3%82%BA+%E7%B4%841692g%E3%80%81%E7%B4%84150mmx145mmx120mm%E3%82%A2%E3%82%BE%E3%82%BC%E3%82%AA+%E3%83%AF%E3%83%BC%E3%83%AB%E3%83%89%E3%83%A9%E3%83%93%E3%83%AA%E3%83%B3%E3%82%B9+%E3%82%B9%E3%83%88%E3%83%BC%E3%83%B3%28+%E3%83%92%E3%83%9E%E3%83%A9%E3%83%A4%E3%82%B4%E3%83%BC%E3%83%AB%E3%83%89+%E3%82%A2%E3%82%BC%E3%83%84%E3%83%A9%E3%82%A4%E3%83%88+%29%E3%80%90+%E3%83%98%E3%83%96%E3%83%B3%EF%BC%86%E3%82%A2%E3%83%BC%E3%82%B9+%E7%A4%BE%E3%80%91+%E3%82%BD%E3%83%BC%E3%83%A9%E3%83%BC%E3%83%97%E3%83%AC%E3%82%AF%E3%82%B5%E3%82%B9%E3%83%81%E3%83%A3%E3%82%AF%E3%83%A9+%E3%83%AD%E3%83%90%E3%83%BC%E3%83%88%E3%82%B7%E3%83%A2%E3%83%B3%E3%82%BA%E6%B0%8F+%E3%83%92%E3%83%9E%E3%83%A9%E3%83%A4%E3%82%B4%E3%83%BC%E3%83%AB%E3%83%89+%E6%AE%8B%E3%82%8A+%E3%82%A2%E3%82%BC%E3%83%84%E3%83%A9%E3%82%A4%E3%83%88%E3%80%90%E4%B8%80%E7%82%B9%E7%89%A9%E3%80%91 HTTP/1.1" 200 55814 "-" "Mozilla/5.0 (Linux; Android 6.0.1; Nexus 5X Build/MMB29P) AppleWebKit/537.36 (KHTML, like Gecko) Chrome/135.0.7049.95 Mobile Safari/537.36 (compatible; Googlebot/2.1; +http://www.google.com/bot.html)"
66.249.73.101 - - [26/Apr/2025:03:47:22 -0400] "GET /?i=1577135691805&channel=3e78ee&from=jp.php%3Fid%3D356918-5954%26name%3D%E3%80%90%E6%96%B0%E5%93%81%E5%BC%A6%E5%BC%B5%E6%9B%BF%E6%B8%88%E3%80%91YAMAKI+%E3%82%A2%E3%82%B3%E3%83%BC%E3%82%B9%E3%83%86%E3%82%A3%E3%83%83%E3%82%AF%E3%82%AE%E3%82%BF%E3%83%BC+B40+%E3%83%88%E3%83%A9%E6%9D%A2 HTTP/1.1" 200 0 "-" "Mozilla/5.0 (Linux; Android 6.0.1; Nexus 5X Build/MMB29P) AppleWebKit/537.36 (KHTML, like Gecko) Chrome/135.0.7049.95 Mobile Safari/537.36 (compatible; GoogleOther)"
40.77.167.57 - - [26/Apr/2025:03:47:22 -0400] "GET /?i=438791983904&channel=1479ad&from=info.php%3Fid%3D19839-736%26name%3D%E9%9B%BB%E5%8B%95%E5%A4%A9%E4%BA%95%E3%83%86%E3%83%AC%E3%83%93%E3%83%9E%E3%82%A6%E3%83%B3%E3%83%88+-+0%EF%BD%9E85%C2%B0%E3%83%95%E3%83%AA%E3%83%83%E3%83%97%E3%83%80%E3%82%A6%E3%83%B3%E9%9B%BB%E5%8B%95%E3%83%86%E3%83%AC%E3%83%93%E3%83%96%E3%83%A9%E3%82%B1%E3%83%83%E3%83%88%E3%80%81%E3%83%AA%E3%83%A2%E3%82%B3%E3%83%B3%E3%81%A8%E3%82%B9%E3%82%A4%E3%83%83%E3%83%81%E3%82%B3%E3%83%B3%E3%83%88%E3%83%AD%E3%83%BC%E3%83%AB%E4%BB%98%E3%81%8D%E9%9B%BB%E5%8B%95%E3%83%86%E3%83%AC%E3%83%93%E5%A4%A9%E4%BA%95%E3%83%9E%E3%82%A6%E3%83%B3%E3%83%88%E3%80%81 HTTP/1.1" 200 0 "-" "Mozilla/5.0 AppleWebKit/537.36 (KHTML, like Gecko; compatible; bingbot/2.0; +http://www.bing.com/bingbot.htm) Chrome/116.0.1938.76 Safari/537.36"
40.77.167.57 - - [26/Apr/2025:03:48:12 -0400] "GET /?i=00442113858900&channel=99f909&from=news.php%3Fid%3D1138589-2571%26name%3D%E3%80%90%E2%98%85%E3%83%9D%E3%82%A4%E3%83%B3%E3%83%885%E5%80%8D%E2%98%85%E3%80%913%2F21~3%2F27%E9%96%8B%E5%82%AC%EF%BC%81%E3%81%8A%E8%B2%B7%E3%81%84%E7%89%A9%E3%83%9E%E3%83%A9%E3%82%BD%E3%83%B3%28%E8%A6%81%E3%82%A8%E3%83%B3%E3%83%88%E3%83%AA%E3%83%BC%29%E6%97%A5%E6%9C%AC%E7%B7%91%E5%8D%81%E5%AD%97+%E3%83%90%E3%83%AA%E3%82%B1%E3%83%BC%E3%83%89%E3%83%95%E3%82%A7%E3%83%B3%E3%82%B9+BF%E2%88%92A HTTP/1.1" 200 0 "-" "Mozilla/5.0 AppleWebKit/537.36 (KHTML, like Gecko; compatible; bingbot/2.0; +http://www.bing.com/bingbot.htm) Chrome/116.0.1938.76 Safari/537.36"
52.167.144.221 - - [26/Apr/2025:03:48:44 -0400] "GET /?i=2258071470700&channel=dc08ad&from=shop.php%3Fid%3D714707-7052%26name%3D6%C3%971+COPENHAGEN+%E3%82%B3%E3%82%AF%E3%83%BC%E3%83%B3%E3%83%80%E3%82%A6%E3%83%B3%E3%82%B8%E3%83%A3%E3%82%B1%E3%83%83%E3%83%88 HTTP/1.1" 200 0 "-" "Mozilla/5.0 AppleWebKit/537.36 (KHTML, like Gecko; compatible; bingbot/2.0; +http://www.bing.com/bingbot.htm) Chrome/116.0.1938.76 Safari/537.36"
66.249.73.103 - - [26/Apr/2025:03:48:50 -0400] "GET /202731432194.shtml HTTP/1.1" 200 0 "-" "Mozilla/5.0 (Linux; Android 6.0.1; Nexus 5X Build/MMB29P) AppleWebKit/537.36 (KHTML, like Gecko) Chrome/135.0.7049.95 Mobile Safari/537.36 (compatible; GoogleOther)"
66.249.73.101 - - [26/Apr/2025:03:49:27 -0400] "GET /?i=0902746035805&channel=79148a&from=pin.php%3Fid%3D460358-4657%26name%3DCHROME+HEARTS%28%E3%82%AF%E3%83%AD%E3%83%A0%E3%83%8F%E3%83%BC%E3%83%84%29+%235+DAGGER+%235%E3%83%80%E3%82%AC%E3%83%BC%E3%83%81%E3%83%A3%E3%83%BC%E3%83%A0+%E3%83%9A%E3%83%B3%E3%83%80%E3%83%B3%E3%83%88%E3%83%88%E3%83%83%E3%83%97+%E3%82%B7%E3%83%AB%E3%83%90%E3%83%BC+BCA195%E3%80%90%E4%B8%AD%E5%8F%A4%E3%80%91%E3%80%90%E7%A8%8B%E5%BA%A6B%E3%80%91%E3%80%90%E3%82%AB%E3%83%A9%E3%83%BC%E3%82%B7%E3%83%AB%E3%83%90%E3%83%BC%E3%80%91%E3%80%90%E5%8F%96%E6%89%B1%E5%BA%97%E8%88%97BRING%E5%BF%83%E6%96%8E%E6%A9%8B%E5%BA%97%E3%80%91 HTTP/1.1" 200 54014 "-" "Mozilla/5.0 (Linux; Android 6.0.1; Nexus 5X Build/MMB29P) AppleWebKit/537.36 (KHTML, like Gecko) Chrome/135.0.7049.95 Mobile Safari/537.36 (compatible; Googlebot/2.1; +http://www.google.com/bot.html)"
40.77.167.22 - - [26/Apr/2025:03:49:58 -0400] "GET /?i=1275988169610&channel=527bea&from=pin.php%3Fid%3D881696-5171%26name%3D%E5%96%AA%E6%9C%8D%E7%9D%80%E7%89%A9%E3%82%BB%E3%83%83%E3%83%88%E3%80%80%E9%9B%A8%E3%82%B3%E3%83%BC%E3%83%88%E3%80%80%E3%81%97%E3%81%A4%E3%81%91%E3%81%A4%E3%81%84%E3%81%9F%E3%81%BE%E3%81%BE HTTP/1.1" 200 0 "-" "Mozilla/5.0 AppleWebKit/537.36 (KHTML, like Gecko; compatible; bingbot/2.0; +http://www.bing.com/bingbot.htm) Chrome/116.0.1938.76 Safari/537.36"
66.249.73.102 - - [26/Apr/2025:03:50:25 -0400] "GET /124491536787.shtml HTTP/1.1" 200 0 "-" "Mozilla/5.0 (Linux; Android 6.0.1; Nexus 5X Build/MMB29P) AppleWebKit/537.36 (KHTML, like Gecko) Chrome/135.0.7049.95 Mobile Safari/537.36 (compatible; GoogleOther)"
66.249.73.103 - - [26/Apr/2025:03:51:26 -0400] "GET /?i=2834365862900&channel=7b7497&from=news.php%3Fid%3D658629-3683%26name%3D%E5%8D%81%E5%9B%9B%E4%BB%A3%E6%9C%AC%E4%B8%B8%E3%80%802023.09%E8%A9%B0%E3%82%81 HTTP/1.1" 200 0 "-" "Mozilla/5.0 (Linux; Android 6.0.1; Nexus 5X Build/MMB29P) AppleWebKit/537.36 (KHTML, like Gecko) Chrome/135.0.7049.95 Mobile Safari/537.36 (compatible; GoogleOther)"
66.249.73.102 - - [26/Apr/2025:03:51:42 -0400] "GET /?i=91861147832700&channel=42606d&from=shop.php%3Fid%3D1478327-19760%26name%3DGungtj+%E6%B0%B4%E3%83%94%E3%83%83%E3%83%81%E3%83%A3%E3%83%BC%E3%80%81%E8%93%8B%E4%BB%98%E3%81%8D%E3%81%AE%E3%83%94%E3%83%83%E3%83%81%E3%83%A3%E3%83%BC%2C1.8l%E3%81%AE%E9%A3%B2%E6%96%99%E6%B0%B4%E5%B7%AE%E3%81%97%E3%81%A8%E8%93%8B%E3%81%A8%E3%83%8F%E3%83%B3%E3%83%89%E3%83%AB+%7C+%E6%B0%B4%E3%80%81%E3%83%AC%E3%83%A2%E3%83%8D%E3%83%BC%E3%83%89%E3%80%81%E3%82%B8%E3%83%A5%E3%83%BC%E3%82%B9%E3%80%81%E3%83%9F%E3%83%AB%E3%82%AF%E7%94%A8%E3%81%AE%E5%86%B7%E8%94%B5%E5%BA%AB%E3%83%94 HTTP/1.1" 200 0 "-" "Mozilla/5.0 (Linux; Android 6.0.1; Nexus 5X Build/MMB29P) AppleWebKit/537.36 (KHTML, like Gecko) Chrome/135.0.7049.95 Mobile Safari/537.36 (compatible; GoogleOther)"
66.249.73.101 - - [26/Apr/2025:03:52:31 -0400] "GET /?i=8630711247500&channel=0503cd&from=brands.php%3Fid%3D112475-6847%26name%3D%E3%83%A1%E3%83%AB%E3%82%BB%E3%83%87%E3%82%B9%E3%83%99%E3%83%B3%E3%83%84+C%E3%82%AF%E3%83%A9%E3%82%B9+W205+C205+%E3%82%AF%E3%83%BC%E3%83%9A+%E3%83%95%E3%83%AD%E3%83%B3%E3%83%88%E3%83%90%E3%83%B3%E3%83%91%E3%83%BC+%E3%83%AA%E3%83%83%E3%83%97+%E3%83%9C%E3%83%87%E3%82%A3%E3%82%AD%E3%83%83%E3%83%88+%E3%82%B9%E3%83%9D%E3%82%A4%E3%83%A9%E3%83%BC+%E3%82%B9%E3%83%97%E3%83%AA%E3%83%83%E3%82%BF%E3%83%BC+%E3%83%87%E3%82%A3%E3%83%95%E3%83%A5%E3%83%BC HTTP/1.1" 200 0 "-" "Mozilla/5.0 (Linux; Android 6.0.1; Nexus 5X Build/MMB29P) AppleWebKit/537.36 (KHTML, like Gecko) Chrome/135.0.7049.95 Mobile Safari/537.36 (compatible; GoogleOther)"
66.249.73.101 - - [26/Apr/2025:03:53:38 -0400] "GET /?i=6903436677803&channel=fafc65&from=brands.php%3Fid%3D366778-8909%26name%3D%E3%83%AC%E3%82%B6%E3%83%BC%E3%82%AF%E3%83%83%E3%82%B7%E3%83%A7%E3%83%B3%E3%82%B7%E3%83%BC%E3%83%88%E4%BB%98%E3%81%8D%E3%82%B7%E3%83%A5%E3%83%BC%E3%82%BA%E5%8F%8E%E7%B4%8D%E3%83%99%E3%83%B3%E3%83%81%E3%80%81%E7%8E%84%E9%96%A2%E7%94%A8%E3%82%B7%E3%83%A5%E3%83%BC%E3%82%BA%E3%82%AA%E3%83%BC%E3%82%AC%E3%83%8A%E3%82%A4%E3%82%B6%E3%83%BC%E3%82%AD%E3%83%A3%E3%83%93%E3%83%8D%E3%83%83%E3%83%88%E3%80%81%E5%A4%9A%E6%A9%9F%E8%83%BD%E8%87%AA%E7%AB%8B%E5%BC%8F%E3%82%B7%E3%83%A5%E3%83%BC%E3%82%BA%E3%83%A9%E3%83%83%E3%82%AF%E3%80%81%E5%BB%8A%E4%B8%8B%E7%94%A8%E3%80%81%E7%B5%84%E3%81%BF%E7%AB%8B%E3%81%A6 HTTP/1.1" 200 0 "-" "Mozilla/5.0 (Linux; Android 6.0.1; Nexus 5X Build/MMB29P) AppleWebKit/537.36 (KHTML, like Gecko) Chrome/135.0.7049.95 Mobile Safari/537.36 (compatible; GoogleOther)"
66.249.73.103 - - [26/Apr/2025:03:54:35 -0400] "GET /?i=1278250608808&channel=81c53a&from=shop.php%3Fid%3D506088-5182%26name%3D%E3%83%94%E3%83%B3+G430+G430+%E3%82%A2%E3%82%A4%E3%82%A2%E3%83%B3+AWT+2.0+LITE+%E3%82%B7%E3%83%A3%E3%83%95%E3%83%88%EF%BC%9AAWT+2.0+LITE%286%E6%9C%AC%3A%236+%237+%238+%239+PW+45%29 HTTP/1.1" 200 0 "-" "Mozilla/5.0 (Linux; Android 6.0.1; Nexus 5X Build/MMB29P) AppleWebKit/537.36 (KHTML, like Gecko) Chrome/135.0.7049.95 Mobile Safari/537.36 (compatible; GoogleOther)"
66.249.73.101 - - [26/Apr/2025:03:54:57 -0400] "GET /?i=01897136910207&channel=25e7be&from=blog.php%3Fid%3D1369102-1734%26name%3D%E3%82%A8%E3%83%A0%E3%82%A8%E3%83%A0%E3%82%B7%E3%83%83%E3%82%AF%E3%82%B9+%E3%83%A1%E3%82%BE%E3%83%B3%E3%83%9E%E3%83%AB%E3%82%B8%E3%82%A7%E3%83%A9+%E3%82%B9%E3%83%88%E3%83%A9%E3%82%A4%E3%83%97+%E3%82%B7%E3%83%A3%E3%83%84%E3%83%AF%E3%83%B3%E3%83%94%E3%83%BC%E3%82%B9+%E3%83%AD%E3%83%B3%E3%82%B0+42 HTTP/1.1" 200 53038 "-" "Mozilla/5.0 (Linux; Android 6.0.1; Nexus 5X Build/MMB29P) AppleWebKit/537.36 (KHTML, like Gecko) Chrome/135.0.7049.95 Mobile Safari/537.36 (compatible; Googlebot/2.1; +http://www.google.com/bot.html)"
40.77.167.7 - - [26/Apr/2025:03:57:04 -0400] "GET /?i=1172022339304&channel=d7cb45&from=info.php%3Fid%3D223393-11564%26name%3D%E3%82%AB%E3%83%8A%E3%83%AC+CANARE+75%CE%A9+BNC%E5%9E%8B%E3%83%97%E3%83%A9%E3%82%B0%28%E5%9C%A7%E7%9D%80%E5%BC%8F%29+80%E5%80%8B%E5%85%A5 HTTP/1.1" 200 0 "-" "Mozilla/5.0 AppleWebKit/537.36 (KHTML, like Gecko; compatible; bingbot/2.0; +http://www.bing.com/bingbot.htm) Chrome/116.0.1938.76 Safari/537.36"
66.249.73.101 - - [26/Apr/2025:03:57:17 -0400] "GET /47482350538.shtml HTTP/1.1" 200 0 "-" "Mozilla/5.0 (Linux; Android 6.0.1; Nexus 5X Build/MMB29P) AppleWebKit/537.36 (KHTML, like Gecko) Chrome/135.0.7049.95 Mobile Safari/537.36 (compatible; GoogleOther)"
52.167.144.171 - - [26/Apr/2025:03:58:03 -0400] "GET /?i=95887140565504&channel=8f17b9&from=jp.php%3Fid%3D1405655-17822%26name%3D%E2%96%A0%E9%96%91%E6%97%A5%E5%BA%B5%E6%97%A7%E8%94%B5%E6%9C%AD%E4%BB%98%E2%97%8615%EF%BD%9E16%E4%B8%96%E7%B4%80%E3%80%90%E5%AE%89%E5%8D%97%E6%9F%93%E4%BB%98+%E7%89%A1%E4%B8%B9%E5%94%90%E8%8D%89%E6%96%87+%E6%B0%B4%E6%8C%87%2F%2F%E4%BB%95%E7%AB%8B%E7%AE%B1%2F%2F%E5%B8%8C%E5%B0%91%E3%81%AA%E5%AE%89%E5%8D%97%E6%9F%93%E4%BB%98%E3%81%AE%E7%BE%8E%E8%A1%93%E9%A4%A8%E7%B4%9A%E5%84%AA%E5%93%81%E3%80%91+%E3%83%99%E3%83%88%E3%83%8A%E3%83%A0%E5%8F%A4%E9%99%B6+%E5%B9%B3%E6%B0%B4%E6%8C%87 HTTP/1.1" 200 0 "-" "Mozilla/5.0 AppleWebKit/537.36 (KHTML, like Gecko; compatible; bingbot/2.0; +http://www.bing.com/bingbot.htm) Chrome/116.0.1938.76 Safari/537.36"
52.167.144.171 - - [26/Apr/2025:03:58:03 -0400] "GET /?i=1751188357803&channel=3b4d8c&from=news.php%3Fid%3D883578-330%26name%3D%E6%B5%B4%E8%A1%A3+%E3%83%AC%E3%83%87%E3%82%A3%E3%83%BC%E3%82%B9+%E3%82%BB%E3%83%83%E3%83%88%EF%BC%88%E6%B5%B4%E8%A1%A3%2F%E5%B8%AF%2F%E4%B8%8B%E9%A7%84%EF%BC%89%E3%83%95%E3%83%AA%E3%83%BC%E3%82%B5%E3%82%A4%E3%82%BA+utatane+%E5%8F%A4%E5%85%B8%E6%9F%84+%E3%83%AC%E3%83%88%E3%83%AD+%E3%81%BC%E3%81%8B%E3%81%97+%E3%81%AB%E3%81%98%E3%81%BF+utatane%C3%97%E6%B3%A8%E6%9F%93%E5%B7%A5%E6%88%BF+%E6%B5%B4%E8%A1%A33%E7%82%B9%E3%82%BB%E3%83%83%E3%83%88+%E7%B4%BA%E8%89%B2%E3%81%AB%E5%8F%A4%E5%85%B8%E3%81%82%E3%82%84%E3%82%81 HTTP/1.1" 200 0 "-" "Mozilla/5.0 AppleWebKit/537.36 (KHTML, like Gecko; compatible; bingbot/2.0; +http://www.bing.com/bingbot.htm) Chrome/116.0.1938.76 Safari/537.36"
40.77.167.74 - - [26/Apr/2025:03:58:09 -0400] "GET /?i=15837174798109&channel=60592a&from=news.php%3Fid%3D1747981-14272%26name%3DKONICA+Fantasio+60z+%E3%82%B3%E3%83%B3%E3%83%91%E3%82%AF%E3%83%88%E3%83%95%E3%82%A3%E3%83%AB%E3%83%A0%E3%82%AB%E3%83%A1%E3%83%A9%E2%98%86%E5%AE%8C%E5%8B%95%E5%93%81%E2%98%86 HTTP/1.1" 200 0 "-" "Mozilla/5.0 AppleWebKit/537.36 (KHTML, like Gecko; compatible; bingbot/2.0; +http://www.bing.com/bingbot.htm) Chrome/116.0.1938.76 Safari/537.36"
40.77.167.74 - - [26/Apr/2025:03:58:49 -0400] "GET /?i=20555189657600&channel=06464d&from=shop.php%3Fid%3D1896576-481%26name%3D%E3%80%90%E5%8D%B3%E7%B4%8D%E3%80%91%E3%82%B5%E3%83%B3%E3%83%AF%E3%82%B5%E3%83%97%E3%83%A9%E3%82%A4+%E5%8D%93%E4%B8%8A%E3%83%A2%E3%83%8B%E3%82%BF%E3%83%BC%E5%8F%B0%EF%BC%88%E6%9C%A8%E7%9B%AE%EF%BC%89 HTTP/1.1" 200 0 "-" "Mozilla/5.0 AppleWebKit/537.36 (KHTML, like Gecko; compatible; bingbot/2.0; +http://www.bing.com/bingbot.htm) Chrome/116.0.1938.76 Safari/537.36"
66.249.73.101 - - [26/Apr/2025:03:59:22 -0400] "GET /?i=94009173914801&channel=fb808f&from=shared.php%3Fid%3D1739148-15513%26name%3D%E3%83%9B%E3%83%83%E3%83%88%E3%82%A6%E3%82%A3%E3%83%BC%E3%83%AB%E3%80%80%E3%83%8D%E3%82%AA%E3%83%B3%E3%82%B9%E3%83%94%E3%83%BC%E3%83%80%E3%83%BC%E3%82%BA+%E3%82%AB%E3%82%B9%E3%82%BF%E3%83%A0%E3%80%80%E3%83%95%E3%82%A9%E3%83%AB%E3%82%AF%E3%82%B9%E3%83%AF%E3%83%BC%E3%82%B2%E3%83%B3%E3%80%80%E3%83%93%E3%83%BC%E3%83%88%E3%83%AB HTTP/1.1" 200 0 "-" "Mozilla/5.0 (Linux; Android 6.0.1; Nexus 5X Build/MMB29P) AppleWebKit/537.36 (KHTML, like Gecko) Chrome/135.0.7049.95 Mobile Safari/537.36 (compatible; GoogleOther)"
52.167.144.171 - - [26/Apr/2025:03:55:03 -0400] "GET /?i=8738631320801&channel=784d1b&from=form.php%3Fid%3D313208-456%26name%3Dniko+and%28%E3%83%8B%E3%82%B3%E3%82%A2%E3%83%B3%E3%83%89%29%E3%81%8B%E3%82%892%E4%BA%BA%E6%8E%9B%E3%81%91%E3%82%BD%E3%83%95%E3%82%A1%E3%83%BC%E3%82%92%E3%81%94%E7%B4%B9%E4%BB%8B%E3%81%97%E3%81%BE%E3%81%99%E2%80%BC%EF%B8%8E+%E3%83%88%E3%83%AC%E3%82%B8%E3%83%A3%E3%83%BC%E3%83%95%E3%82%A1%E3%82%AF%E3%83%88%E3%83%AA%E3%83%BC%E3%81%A4%E3%81%8F%E3%81%B0%E5%BA%97 HTTP/1.1" 200 0 "-" "Mozilla/5.0 AppleWebKit/537.36 (KHTML, like Gecko; compatible; bingbot/2.0; +http://www.bing.com/bingbot.htm) Chrome/116.0.1938.76 Safari/537.36"
52.167.144.171 - - [26/Apr/2025:03:59:54 -0400] "GET /?i=092054481100&channel=2649d7&from=form.php%3Fid%3D44811-2945%26name%3D%E3%80%8A%E6%BA%90%E3%80%8B%E3%80%90%E5%8D%B3%E6%B1%BA%E3%83%BB%E9%80%81%E6%96%99%E7%84%A1%E6%96%99%E3%80%91%E3%80%8A%E6%B1%9F%E6%88%B8%E6%9C%9F%E3%83%BB%E5%8F%A4%E7%94%BB%E3%80%8B%E3%80%8C%E7%99%BD%E9%B7%BA%E5%9B%B3%E3%80%8D%2F%E7%AE%B1%E4%BB%98 HTTP/1.1" 200 0 "-" "Mozilla/5.0 AppleWebKit/537.36 (KHTML, like Gecko; compatible; bingbot/2.0; +http://www.bing.com/bingbot.htm) Chrome/116.0.1938.76 Safari/537.36"
66.249.73.101 - - [26/Apr/2025:04:00:13 -0400] "GET /?i=71558119143900&channel=de534e&from=article.php%3Fid%3D1191439-20799%26name%3D%E5%A4%A7%E6%AD%A3%E3%82%AC%E3%83%A9%E3%82%B9%E3%80%80%E3%81%8A%E3%81%AF%E3%81%98%E3%81%8D%E3%80%80%E3%81%BA%E3%82%8D%E3%81%BA%E3%82%8D HTTP/1.1" 200 0 "-" "Mozilla/5.0 (Linux; Android 6.0.1; Nexus 5X Build/MMB29P) AppleWebKit/537.36 (KHTML, like Gecko) Chrome/135.0.7049.95 Mobile Safari/537.36 (compatible; GoogleOther)"
52.167.144.171 - - [26/Apr/2025:04:01:13 -0400] "GET /?i=38143102168902&channel=79148a&from=jp.php%3Fid%3D1021689-4657%26name%3D%E3%83%95%E3%82%A7%E3%83%AD%E3%83%BC%E3%82%BA+PHERROW%27S+%E3%82%AA%E3%83%AA%E3%82%B8%E3%83%8A%E3%83%AB+%E3%82%B3%E3%83%83%E3%83%88%E3%83%B3%E3%82%B5%E3%83%86%E3%83%B3+%E3%83%88%E3%83%A9%E3%83%83%E3%82%AB%E3%83%BC%E3%82%B8%E3%83%A3%E3%82%B1%E3%83%83%E3%83%88+%E3%83%8A%E3%83%81%E3%83%A5%E3%83%A9%E3%83%AB+25S-426J+%E3%80%902025%E5%B9%B4%E6%98%A5%E5%A4%8F%E6%96%B0%E4%BD%9C%E3%80%91 HTTP/1.1" 200 0 "-" "Mozilla/5.0 AppleWebKit/537.36 (KHTML, like Gecko; compatible; bingbot/2.0; +http://www.bing.com/bingbot.htm) Chrome/116.0.1938.76 Safari/537.36"
40.77.167.7 - - [26/Apr/2025:04:01:18 -0400] "GET /?i=5270015827100&channel=bbb8a0&from=shared.php%3Fid%3D158271-10052%26name%3DHayner-Seek+%E3%82%AA%E3%83%BC%E3%83%87%E3%82%A3%E3%82%AA%E3%82%A4%E3%83%B3%E3%82%BF%E3%83%BC%E3%83%95%E3%82%A7%E3%83%BC%E3%82%B9+%E3%83%9D%E3%83%83%E3%83%89%E3%82%AD%E3%83%A3%E3%82%B9%E3%83%88%E6%A9%9F%E5%99%A8%E3%82%BB%E3%83%83%E3%83%88+2%E4%BA%BA%E7%94%A8 HTTP/1.1" 200 0 "-" "Mozilla/5.0 AppleWebKit/537.36 (KHTML, like Gecko; compatible; bingbot/2.0; +http://www.bing.com/bingbot.htm) Chrome/116.0.1938.76 Safari/537.36"
40.77.167.7 - - [26/Apr/2025:04:01:19 -0400] "GET /?i=09196133905500&channel=a8f39b&from=product.php%3Fid%3D1339055-668%26name%3D%EF%BC%881-3%E5%96%B6%E6%A5%AD%E6%97%A5%E7%99%BA%E9%80%81%EF%BC%89%E5%9B%BD%E5%86%85%E6%AD%A3%E8%A6%8F%E5%93%81%E3%80%80AVEDA%EF%BC%88%E3%82%A2%E3%83%B4%E3%82%A7%E3%83%80%EF%BC%89%E3%83%81%E3%82%A7%E3%83%AA%E3%83%BC%E3%80%80%E3%82%A2%E3%83%BC%E3%83%A2%E3%83%B3%E3%83%89%E3%80%80%E3%82%B7%E3%83%AA%E3%83%BC%E3%82%BA%E3%80%80%E3%82%BD%E3%83%95%E3%83%88%E3%83%8B%E3%83%B3%E3%82%B0%E3%80%80%E3%82%B7%E3%83%A3%E3%83%B3%E3%83%97%E3%83%BC%E3%80%801000%EF%BD%8DL%EF%BC%8F%E3%82%B7%E3%83%A3%E3%83%B3%E3%83%97%E3%83%BC HTTP/1.1" 200 0 "-" "Mozilla/5.0 AppleWebKit/537.36 (KHTML, like Gecko; compatible; bingbot/2.0; +http://www.bing.com/bingbot.htm) Chrome/116.0.1938.76 Safari/537.36"
40.77.167.74 - - [26/Apr/2025:04:01:49 -0400] "GET /?i=4682756875004&channel=7cc774&from=goods.php%3Fid%3D568750-3773%26name%3DLED%E8%9B%8D%E5%85%89%E7%81%AF40W%E5%BD%A2+%E7%9B%B4%E7%AE%A1+300%C2%B0%E7%99%BA%E5%85%89%E5%BA%83%E8%A7%92%E3%82%BF%E3%82%A4%E3%83%97+%E3%82%B0%E3%83%AD%E3%83%BC%E5%BC%8F%E5%B7%A5%E4%BA%8B%E4%B8%8D%E8%A6%81+%E8%89%B2%E6%B8%A9%E5%BA%A66000K+%E6%98%BC%E5%85%89%E8%89%B2+%28300%C2%B0%E7%99%BA%E5%85%89%E6%98%BC%E5%85%89%E8%89%B2+30%E6%9C%AC%29 HTTP/1.1" 200 0 "-" "Mozilla/5.0 AppleWebKit/537.36 (KHTML, like Gecko; compatible; bingbot/2.0; +http://www.bing.com/bingbot.htm) Chrome/116.0.1938.76 Safari/537.36"
66.249.73.103 - - [26/Apr/2025:04:03:17 -0400] "GET /08100208220.shtml HTTP/1.1" 200 0 "-" "Mozilla/5.0 (Linux; Android 6.0.1; Nexus 5X Build/MMB29P) AppleWebKit/537.36 (KHTML, like Gecko) Chrome/135.0.7049.95 Mobile Safari/537.36 (compatible; GoogleOther)"
52.167.144.193 - - [26/Apr/2025:04:04:09 -0400] "GET /?i=45008138776105&channel=19c6ca&from=product.php%3Fid%3D1387761-4893%26name%3D%E3%82%B9%E3%82%BF%E3%83%B3%E3%83%89%E3%83%A9%E3%82%A4%E3%83%88%E3%80%80%E3%83%A9%E3%82%A4%E3%83%88%E3%80%80%E3%83%95%E3%83%AD%E3%82%A2%E3%82%B9%E3%82%BF%E3%83%B3%E3%83%89%E3%80%80%E9%96%93%E6%8E%A5%E7%85%A7%E6%98%8E%E3%80%80%E3%82%A4%E3%83%B3%E3%83%86%E3%83%AA%E3%82%A2%E3%80%80%E4%B9%9D%E8%B0%B7%E7%84%BC%E3%80%80%E6%9C%89%E7%94%B0%E7%84%BC HTTP/1.1" 200 0 "-" "Mozilla/5.0 AppleWebKit/537.36 (KHTML, like Gecko; compatible; bingbot/2.0; +http://www.bing.com/bingbot.htm) Chrome/116.0.1938.76 Safari/537.36"
66.249.73.101 - - [26/Apr/2025:04:04:38 -0400] "GET /?i=1578678760119&channel=b89082&from=article.php%3Fid%3D787601-1496%26name%3D%E3%82%B3%E3%83%83%E3%83%88%E3%83%B3%E3%83%8A%E3%82%A4%E3%83%AD%E3%83%B3%E3%83%9D%E3%83%AA%E3%82%A6%E3%83%AC%E3%82%BF%E3%83%B3+%E3%82%AB%E3%83%BC%E3%83%87%E3%82%A3%E3%82%AC%E3%83%B3 HTTP/1.1" 200 0 "-" "Mozilla/5.0 (Linux; Android 6.0.1; Nexus 5X Build/MMB29P) AppleWebKit/537.36 (KHTML, like Gecko) Chrome/135.0.7049.95 Mobile Safari/537.36 (compatible; GoogleOther)"
66.249.73.103 - - [26/Apr/2025:04:05:21 -0400] "GET /?i=76327153525502&channel=9fa531&from=shared.php%3Fid%3D1535255-18416%26name%3D%E3%82%AB%E3%83%B3%E3%83%AD+%E3%82%AB%E3%83%B3%E3%83%AD%E9%A3%B4+%E5%A4%A7%E5%AE%B9%E9%87%8F%E3%83%91%E3%83%83%E3%82%AF+325g%C3%976%E8%A2%8B%E5%85%A5+%28%E5%A1%A9%E3%82%AB%E3%83%B3%E3%83%AD%E9%A3%B4%E5%85%A5%E3%82%8A+%E3%82%AD%E3%83%A3%E3%83%B3%E3%83%87%E3%82%A3+%E9%A3%B4+%E3%81%8A%E5%BE%B3%E7%94%A8+%E5%A1%A9%E9%A3%B4+%E3%81%BE%E3%81%A8%E3%82%81%E8%B2%B7%E3%81%84%29+%28Y80%29+%E6%9C%AC%E5%B7%9E%E4%B8%80%E9%83%A8%E9%80%81%E6%96%99%E7%84%A1%E6%96%99 HTTP/1.1" 200 0 "-" "Mozilla/5.0 (Linux; Android 6.0.1; Nexus 5X Build/MMB29P) AppleWebKit/537.36 (KHTML, like Gecko) Chrome/135.0.7049.95 Mobile Safari/537.36 (compatible; GoogleOther)"
52.167.144.193 - - [26/Apr/2025:04:05:29 -0400] "GET /?i=0881911440802&channel=154c2a&from=news.php%3Fid%3D114408-4749%26name%3DNIKE+VAPOR+FLY+3+PRM+%E3%83%8A%E3%82%A4%E3%82%AD+%E3%83%B4%E3%82%A7%E3%82%A4%E3%83%91%E3%83%BC%E3%83%95%E3%83%A9%E3%82%A4+3+%E3%83%97%E3%83%AC%E3%83%9F%E3%82%A2%E3%83%A0+%E3%82%BB%E3%82%A4%E3%83%AB%2F%E3%82%AA%E3%83%AC%E3%83%B3%E3%82%B8%2F%E3%83%90%E3%83%BC%E3%83%B3%E3%83%88%E3%82%B5%E3%83%B3%E3%83%A9%E3%82%A4%E3%82%BA%2F%E3%83%8F%E3%82%A4%E3%83%91%E3%83%BC%E3%83%AD%E3%82%A4%E3%83%A4%E3%83%AB+FQ7676-100+27cm HTTP/1.1" 200 0 "-" "Mozilla/5.0 AppleWebKit/537.36 (KHTML, like Gecko; compatible; bingbot/2.0; +http://www.bing.com/bingbot.htm) Chrome/116.0.1938.76 Safari/537.36"
52.167.144.222 - - [26/Apr/2025:04:05:36 -0400] "GET /?i=9787590836403&channel=494763&from=info.php%3Fid%3D908364-7227%26name%3D3DS+LL+%E6%9C%AC%E4%BD%93+%E3%82%B9%E3%83%BC%E3%83%91%E3%83%BC%E3%83%95%E3%82%A1%E3%83%9F%E3%82%B3%E3%83%B3%E3%82%A8%E3%83%87%E3%82%A3%E3%82%B7%E3%83%A7%E3%83%B3 HTTP/1.1" 200 0 "-" "Mozilla/5.0 AppleWebKit/537.36 (KHTML, like Gecko; compatible; bingbot/2.0; +http://www.bing.com/bingbot.htm) Chrome/116.0.1938.76 Safari/537.36"
52.167.144.193 - - [26/Apr/2025:04:06:49 -0400] "GET /?i=09770143039601&channel=3dfc6c&from=pin.php%3Fid%3D1430396-17324%26name%3D%E7%B4%A0%E6%9D%90%E3%82%92%E7%94%9F%E3%81%8B%E3%81%97%E3%81%9F%E3%82%AB%E3%83%AC%E3%83%BC+%E3%83%97%E3%83%A9%E3%82%A6%E3%83%B3%E3%83%9E%E3%82%B5%E3%83%A9+%28%E6%B5%B7%E8%80%81%E3%81%AE%E3%82%AF%E3%83%AA%E3%83%BC%E3%83%9F%E3%83%BC%E3%82%AB%E3%83%AC%E3%83%BC%29+180g%281%E4%BA%BA%E5%89%8D%29%C3%973%E5%80%8B+%E3%82%B5%E3%83%B3%E3%82%AD%E3%83%A5%E3%83%BC%E3%82%AB%E3%83%BC%E3%83%89%E4%BB%98%E3%81%8D HTTP/1.1" 200 0 "-" "Mozilla/5.0 AppleWebKit/537.36 (KHTML, like Gecko; compatible; bingbot/2.0; +http://www.bing.com/bingbot.htm) Chrome/116.0.1938.76 Safari/537.36"
66.249.73.103 - - [26/Apr/2025:04:08:04 -0400] "GET /?i=9729850639800&channel=66c6ed&from=shared.php%3Fid%3D506398-16%26name%3DGEL-SONOMA+15-50+25SS HTTP/1.1" 200 0 "-" "Mozilla/5.0 (Linux; Android 6.0.1; Nexus 5X Build/MMB29P) AppleWebKit/537.36 (KHTML, like Gecko) Chrome/135.0.7049.95 Mobile Safari/537.36 (compatible; GoogleOther)"
52.167.144.193 - - [26/Apr/2025:04:08:30 -0400] "GET /?i=22983116919402&channel=78d66d&from=article.php%3Fid%3D1169194-718%26name%3Dwendyfrosty%E6%A7%98%E5%B0%82%E7%94%A8+%E3%82%A6%E3%82%A9%E3%83%BC%E3%83%AB%E3%82%B0%E3%83%AA%E3%83%BC%E3%83%B3%E2%91%B1%E9%BA%BB%E3%83%AA%E3%83%9C%E3%83%B3%E3%83%AA%E3%83%BC%E3%82%B9 HTTP/1.1" 200 0 "-" "Mozilla/5.0 AppleWebKit/537.36 (KHTML, like Gecko; compatible; bingbot/2.0; +http://www.bing.com/bingbot.htm) Chrome/116.0.1938.76 Safari/537.36"
52.167.144.222 - - [26/Apr/2025:04:08:35 -0400] "GET /?i=59267180112801&channel=4b45f1&from=info.php%3Fid%3D1801128-5603%26name%3DTEARTH%E3%83%8F%E3%83%BC%E3%83%96%E3%83%86%E3%82%A3%E3%83%BC%26%E7%B4%85%E8%8C%B6%E3%83%86%E3%82%A3%E3%83%BC%E3%83%90%E3%83%83%E3%82%B08%E7%A8%AE%E9%A3%B2%E3%81%BF%E6%AF%94%E3%81%B9%E3%82%BB%E3%83%83%E3%83%88 HTTP/1.1" 200 0 "-" "Mozilla/5.0 AppleWebKit/537.36 (KHTML, like Gecko; compatible; bingbot/2.0; +http://www.bing.com/bingbot.htm) Chrome/116.0.1938.76 Safari/537.36"
66.249.73.102 - - [26/Apr/2025:04:08:41 -0400] "GET /?i=12899125703410&channel=be40a6&from=shared.php%3Fid%3D1257034-16586%26name%3DDENON+AV%E3%82%A2%E3%83%B3%E3%83%97+AVR-X4200W+7.2ch HTTP/1.1" 200 0 "-" "Mozilla/5.0 (Linux; Android 6.0.1; Nexus 5X Build/MMB29P) AppleWebKit/537.36 (KHTML, like Gecko) Chrome/135.0.7049.95 Mobile Safari/537.36 (compatible; GoogleOther)"
52.167.144.222 - - [26/Apr/2025:04:08:45 -0400] "GET /?i=38447113170616&channel=77fc9b&from=pin.php%3Fid%3D1131706-6571%26name%3D%E4%B8%8A%E6%9D%91%E6%9D%BE%E5%9C%92+%E3%80%8C%E8%9E%A2%E3%80%8D%E6%9C%A8%E7%89%88%E7%94%BB+%E7%BE%8E%E4%BA%BA%E7%94%BB+%E7%9D%80%E7%89%A9+%E5%92%8C%E9%A2%A8+%E9%A1%8D%E7%B8%81%E5%85%A5%E3%82%8A+%E8%A5%BF%E5%AE%AE%E5%B8%82%E5%A4%A7%E8%B0%B7%E8%A8%98%E5%BF%B5%E7%BE%8E%E8%A1%93%E9%A4%A8%E8%94%B5 HTTP/1.1" 200 0 "-" "Mozilla/5.0 AppleWebKit/537.36 (KHTML, like Gecko; compatible; bingbot/2.0; +http://www.bing.com/bingbot.htm) Chrome/116.0.1938.76 Safari/537.36"
52.167.144.193 - - [26/Apr/2025:04:08:50 -0400] "GET /?i=94023118245000&channel=52e37d&from=shared.php%3Fid%3D1182450-7746%26name%3D%E5%88%A5%E5%86%8A%E9%80%B1%E5%88%8A%E3%83%99%E3%83%BC%E3%82%B9%E3%83%9C%E3%83%BC%E3%83%AB%E9%99%BD%E6%98%A5%E5%8F%B7+%E7%AC%AC51%E5%9B%9E%E9%81%B8%E6%8A%9C%E9%AB%98%E6%A0%A1%E9%87%8E%E7%90%83%E5%A4%A7%E4%BC%9A%E6%B1%BA%E7%AE%97%E5%8F%B7%E3%80%80%E7%AE%95%E5%B3%B6%E3%81%8C%E4%B8%89%E5%BA%A6%E7%9B%AE%E3%81%AE%E5%84%AA%E5%8B%9D%2F1979%E5%B9%B4 HTTP/1.1" 200 0 "-" "Mozilla/5.0 AppleWebKit/537.36 (KHTML, like Gecko; compatible; bingbot/2.0; +http://www.bing.com/bingbot.htm) Chrome/116.0.1938.76 Safari/537.36"
52.167.144.162 - - [26/Apr/2025:04:09:34 -0400] "GET /?i=22782192385200&channel=92159c&from=jp.php%3Fid%3D1923852-2181%26name%3D%E3%83%88%E3%83%AC%E3%82%AB+%E9%81%8A%E6%88%AF%E7%8E%8B+VJMP-JP037+046+064+%E3%82%AA%E3%83%99%E3%83%AA%E3%82%B9%E3%82%AF%E3%81%AE%E5%B7%A8%E7%A5%9E%E5%85%B5+%E3%83%A9%E3%83%BC%E3%81%AE%E7%BF%BC%E7%A5%9E%E7%AB%9C+%E3%82%AA%E3%82%B7%E3%83%AA%E3%82%B9%E3%81%AE%E5%A4%A9%E7%A9%BA%E7%AB%9C+%E3%82%A6%E3%83%AB%E3%83%88%E3%83%A9+3%E6%9E%9A%E3%82%BB%E3%83%83%E3%83%88 HTTP/1.1" 200 0 "-" "Mozilla/5.0 AppleWebKit/537.36 (KHTML, like Gecko; compatible; bingbot/2.0; +http://www.bing.com/bingbot.htm) Chrome/116.0.1938.76 Safari/537.36"
52.167.144.162 - - [26/Apr/2025:04:10:34 -0400] "GET /?i=78392156501900&channel=95341a&from=blog.php%3Fid%3D1565019-2563%26name%3D%E2%98%85%E3%83%88%E3%83%AC%E3%83%BC%E3%83%87%E3%82%A3%E3%83%B3%E3%82%B0%E3%82%AB%E3%83%BC%E3%83%89%E2%98%851989%E3%82%AB%E3%83%AB%E3%83%93%E3%83%BC%E3%83%97%E3%83%AD%E9%87%8E%E7%90%83%E3%83%81%E3%83%83%E3%83%97%E3%82%B9%E3%80%90%23044+M%E3%83%BB%E3%82%AD%E3%83%BC%E3%82%AA%E3%80%91%E2%98%85 HTTP/1.1" 200 0 "-" "Mozilla/5.0 AppleWebKit/537.36 (KHTML, like Gecko; compatible; bingbot/2.0; +http://www.bing.com/bingbot.htm) Chrome/116.0.1938.76 Safari/537.36"
52.167.144.222 - - [26/Apr/2025:04:10:39 -0400] "GET /?i=7299171337404&channel=a4fe44&from=product.php%3Fid%3D713374-11330%26name%3D14+%C3%97+14+%C3%97+1.2+%E3%83%9F%E3%83%AA%E3%83%A1%E3%83%BC%E3%83%88%E3%83%AB%E8%B6%85%E7%A1%AC%E3%82%A4%E3%83%B3%E3%82%B5%E3%83%BC%E3%83%88%E3%82%AB%E3%83%83%E3%82%BF%E3%83%BC%E4%BA%A4%E6%8F%9B%E3%82%B9%E3%82%AF%E3%82%A8%E3%82%A2%E3%82%B9%E3%83%88%E3%83%AC%E3%83%BC%E3%83%88%E6%9C%A8%E5%B7%A5%E3%82%B9%E3%83%91%E3%82%A4%E3%83%A9%E3%83%AB%E3%83%98%E3%83%AA%E3%82%AB%E3%83%AB%E3%83%97%E3%83%AC%E3%83%BC%E3%83%8A%E3%83%98%E3%83%83%E3%83%89+10+%E5%80%8B HTTP/1.1" 200 0 "-" "Mozilla/5.0 AppleWebKit/537.36 (KHTML, like Gecko; compatible; bingbot/2.0; +http://www.bing.com/bingbot.htm) Chrome/116.0.1938.76 Safari/537.36"
52.167.144.193 - - [26/Apr/2025:04:11:00 -0400] "GET /?i=18710175765901&channel=fc38bc&from=jp.php%3Fid%3D1757659-1005%26name%3D5%E6%AE%B5%E3%83%87%E3%82%A3%E3%82%B9%E3%83%97%E3%83%AC%E3%82%A4%E6%A3%9A+%E3%83%95%E3%83%A9%E3%83%AF%E3%83%BC%E3%83%9D%E3%83%83%E3%83%88%E3%83%A9%E3%83%83%E3%82%AF+%E3%83%97%E3%83%A9%E3%83%B3%E3%83%88%E3%82%B9%E3%82%BF%E3%83%B3%E3%83%89+%E3%83%9D%E3%83%83%E3%83%86%E3%82%A3%E3%83%B3%E3%82%B0%E3%83%A9%E3%83%80%E3%83%BC+%E3%83%97%E3%83%A9%E3%83%B3%E3%82%BF%E3%83%BC%E3%82%B9%E3%82%BF%E3%83%B3%E3%83%89+%E9%89%A2%E6%A4%8D%E3%81%88%E6%A4%8D%E7%89%A9%E7%94%A8%E9%AB%98%E8%80%90%E4%B9%85%E5%8F%8E%E7%B4%8D%E6%A3%9A%E3%83%A9%E3%83%83%E3%82%AF HTTP/1.1" 200 0 "-" "Mozilla/5.0 AppleWebKit/537.36 (KHTML, like Gecko; compatible; bingbot/2.0; +http://www.bing.com/bingbot.htm) Chrome/116.0.1938.76 Safari/537.36"
66.249.73.103 - - [26/Apr/2025:04:11:27 -0400] "GET /?i=3676838268116&channel=707e42&from=product.php%3Fid%3D382681-7034%26name%3D%E7%9B%B4%E7%BE%8E%E6%A7%98%E5%B0%82%E7%94%A812.1 HTTP/1.1" 200 53230 "-" "Mozilla/5.0 (Linux; Android 6.0.1; Nexus 5X Build/MMB29P) AppleWebKit/537.36 (KHTML, like Gecko) Chrome/135.0.7049.95 Mobile Safari/537.36 (compatible; Googlebot/2.1; +http://www.google.com/bot.html)"
66.29.132.124 - - [26/Apr/2025:04:11:38 -0400] "GET / HTTP/1.1" 200 0 "-" "Mozilla/5.0 (Windows NT 10.0; Win64; x64; rv:122.0) Gecko/20100101 Firefox/122.0"
66.249.73.103 - - [26/Apr/2025:04:12:04 -0400] "GET /?i=880338294604&channel=22efd5&from=news.php%3Fid%3D82946-7099%26name%3D%E3%80%90%E3%81%82%E3%81%8B%E3%81%AD%E6%A7%98%E3%80%91%E3%82%A6%E3%82%A3%E3%83%83%E3%82%B0%E3%82%AA%E3%83%BC%E3%83%80%E3%83%BC%E3%83%9A%E3%83%BC%E3%82%B8 HTTP/1.1" 200 0 "-" "Mozilla/5.0 (Linux; Android 6.0.1; Nexus 5X Build/MMB29P) AppleWebKit/537.36 (KHTML, like Gecko) Chrome/135.0.7049.95 Mobile Safari/537.36 (compatible; GoogleOther)"
66.249.73.101 - - [26/Apr/2025:04:12:40 -0400] "GET /?i=2720853912504&channel=3391a8&from=shop.php%3Fid%3D539125-6198%26name%3D%E7%AB%B9%E3%83%AD%E3%83%BC%E3%83%AB%E3%82%A2%E3%83%83%E3%83%97%E3%83%96%E3%83%A9%E3%82%A4%E3%83%B3%E3%83%89+%E6%89%8B%E7%B9%94%E3%82%8A%E3%81%AE%E5%85%89%E3%83%95%E3%82%A3%E3%83%AB%E3%82%BF%E3%83%AA%E3%83%B3%E3%82%B0%E3%83%AD%E3%83%BC%E3%83%A9%E3%83%BC%E3%82%B7%E3%82%A7%E3%83%BC%E3%83%89%E3%80%81+%E6%97%A5%E7%84%BC%E3%81%91%E6%AD%A2%E3%82%81%E3%83%97%E3%83%A9%E3%82%A4%E3%83%90%E3%82%B7%E3%83%BC%E3%83%AD%E3%83%BC%E3%83%AB%E3%82%A2%E3%83%83%E3%83%97%E3%82%B7%E3%82%A7%E3%83%BC%E3%83%89+%E9%98%B2%E6%B0%B4%E3%82%A6%E3%82%A3%E3%83%B3%E3%83%89%E3%82%A6%E3%83%96%E3%83%A9 HTTP/1.1" 200 54492 "-" "Mozilla/5.0 (Linux; Android 6.0.1; Nexus 5X Build/MMB29P) AppleWebKit/537.36 (KHTML, like Gecko) Chrome/135.0.7049.95 Mobile Safari/537.36 (compatible; Googlebot/2.1; +http://www.google.com/bot.html)"
66.249.73.101 - - [26/Apr/2025:04:12:43 -0400] "GET /?i=72718109421801&channel=e8c590&from=shared.php%3Fid%3D1094218-19176%26name%3D%E3%80%90%E4%BA%88%E7%B4%84%E8%B2%A9%E5%A3%B2%E9%99%90%E5%AE%9A%E3%80%91%E5%8C%97%E6%B5%B7%E9%81%93+%E6%9C%AD%E5%B9%8C%E5%B8%82%E4%B8%AD%E5%A4%AE%E5%8D%B8%E5%A3%B2%E5%B8%82%E5%A0%B4%E7%99%BA+%E5%8C%97%E3%81%AE%E5%BD%A9%E8%86%B3+1%E6%AE%B5%E9%87%8D%E3%80%90%E5%85%A817%E5%93%81%E3%80%91+%28%E3%82%AB%E3%83%8D%E3%82%B7%E3%83%A1+%E9%AB%98%E6%A9%8B%E6%B0%B4%E7%94%A3+%E8%B1%AA%E8%8F%AF+%E3%81%8A%E3%81%9B%E3%81%A1%E6%96%99%E7%90%86%29 HTTP/1.1" 200 53473 "-" "Mozilla/5.0 (Linux; Android 6.0.1; Nexus 5X Build/MMB29P) AppleWebKit/537.36 (KHTML, like Gecko) Chrome/135.0.7049.95 Mobile Safari/537.36 (compatible; Googlebot/2.1; +http://www.google.com/bot.html)"
66.249.73.101 - - [26/Apr/2025:04:12:45 -0400] "GET /?i=20005123465608&channel=5a2bf5&from=article.php%3Fid%3D1234656-22662%26name%3D%E3%80%8E%E6%A5%B5%E7%BE%8E%E5%93%81%E3%80%8FDonner+%E9%9B%BB%E5%AD%90%E3%83%89%E3%83%A9%E3%83%A0%E3%82%BB%E3%83%83%E3%83%88+DED-200%284%E3%83%89%E3%83%A9%E3%83%A04%E3%82%B7%E3%83%B3%E3%83%90%E3%83%AB%29 HTTP/1.1" 200 53095 "-" "Mozilla/5.0 (Linux; Android 6.0.1; Nexus 5X Build/MMB29P) AppleWebKit/537.36 (KHTML, like Gecko) Chrome/135.0.7049.95 Mobile Safari/537.36 (compatible; Googlebot/2.1; +http://www.google.com/bot.html)"
66.249.73.101 - - [26/Apr/2025:04:12:51 -0400] "GET /?i=9342163331611&channel=93be18&from=shop.php%3Fid%3D633316-5595%26name%3D%E2%97%86%E3%83%86%E3%82%A3%E3%82%A2%E3%83%89%E3%83%AD%E3%83%83%E3%83%97%E3%83%9B%E3%83%BC%E3%83%AB%E3%83%8B%E3%83%83%E3%83%88 HTTP/1.1" 200 0 "-" "Mozilla/5.0 (Linux; Android 6.0.1; Nexus 5X Build/MMB29P) AppleWebKit/537.36 (KHTML, like Gecko) Chrome/135.0.7049.95 Mobile Safari/537.36 (compatible; GoogleOther)"
52.167.144.222 - - [26/Apr/2025:04:14:36 -0400] "GET /?i=27586146461700&channel=9f0b24&from=category-info.php%3Fid%3D1464617-24325%26name%3D%E3%82%AC%E3%82%BD%E3%83%AA%E3%83%B3%E3%82%A8%E3%83%B3%E3%82%B8%E3%83%B3%E7%94%A8+%E3%82%B3%E3%83%B3%E3%83%97%E3%83%AC%E3%83%83%E3%82%B7%E3%83%A7%E3%83%B3%E3%82%B2%E3%83%BC%E3%82%B8+%E3%82%B7%E3%83%AA%E3%83%B3%E3%83%80%E3%83%BC%E3%82%B2%E3%83%BC%E3%82%B8+300PSI%E5%9C%A7%E5%8A%9B%E8%A8%88 HTTP/1.1" 200 0 "-" "Mozilla/5.0 AppleWebKit/537.36 (KHTML, like Gecko; compatible; bingbot/2.0; +http://www.bing.com/bingbot.htm) Chrome/116.0.1938.76 Safari/537.36"
52.167.144.222 - - [26/Apr/2025:04:14:37 -0400] "GET /?i=2081573282602&channel=64cd2f&from=info.php%3Fid%3D732826-6952%26name%3D%E5%A5%B3%E6%80%A7%E3%81%A8%E7%94%B7%E6%80%A7%E7%94%A8%E3%81%AE%E6%97%85%E8%A1%8C%E7%94%A8%E3%83%88%E3%82%A4%E3%83%AC%E3%82%BF%E3%83%AA%E3%83%BC%E3%83%90%E3%83%83%E3%82%B0%E3%80%81%E3%83%88%E3%82%A4%E3%83%AC%E3%82%BF%E3%83%AA%E3%83%BC%E3%82%A2%E3%82%AF%E3%82%BB%E3%82%B5%E3%83%AA%E3%83%BC%E7%94%A8%E3%81%AE%E9%98%B2%E6%B0%B4%E3%82%B7%E3%82%A7%E3%83%BC%E3%83%93%E3%83%B3%E3%82%B0%E3%83%90%E3%83%83%E3%82%B0%E3%80%81%E3%82%A2%E3%83%95%E3%83%AA%E3%82%AB%E3%81%AE%E5%A5%B3%E6%80%A7%E3%83%91%E3%82%BF%E3%83%BC%E3%83%B3+%E3%83%93%E3%83%B3%E3%83%86%E3%83%BC%E3%82%B8+%E3%82%A2%E3%83%BC HTTP/1.1" 200 0 "-" "Mozilla/5.0 AppleWebKit/537.36 (KHTML, like Gecko; compatible; bingbot/2.0; +http://www.bing.com/bingbot.htm) Chrome/116.0.1938.76 Safari/537.36"
66.249.73.103 - - [26/Apr/2025:04:15:07 -0400] "GET /?i=7582844287005&channel=c03321&from=goods.php%3Fid%3D442870-15578%26name%3D%E5%BB%B6%E9%95%B7%E3%81%AF%E3%81%97%E3%81%94%E3%82%B9%E3%82%BF%E3%83%93%E3%83%A9%E3%82%A4%E3%82%B6%E3%83%BC%E3%80%81%E6%BB%91%E3%82%8A%E6%AD%A2%E3%82%81%E3%81%AF%E3%81%97%E3%81%94%E3%82%B9%E3%82%BF%E3%83%B3%E3%83%89%E3%82%AA%E3%83%95%E3%80%81%E8%AA%BF%E7%AF%80%E5%8F%AF%E8%83%BD%E3%81%AA%E3%81%AF%E3%81%97%E3%81%94%E3%82%B9%E3%82%BF%E3%83%93%E3%83%A9%E3%82%A4%E3%82%B6%E3%83%BC%E3%80%81%E5%B1%8B%E6%A0%B9%E3%81%AE%E3%81%AF%E3%81%97%E3%81%94%E3%83%95%E3%83%83%E3%82%AF%E3%80%81%E6%BB%91%E3%82%8A%E6%AD%A2%E3%82%81%E3%82%B9%E3%82%BF%E3%83%B3%E3%83%89%E3%82%AA%E3%83%95%E3%81%A7%E9%9B%A8%E3%81%A9+%E3%81%84%E3%82%89%E3%81%A3%E3%81%97%E3%82%83%E3%82%8B HTTP/1.1" 200 0 "-" "Mozilla/5.0 (Linux; Android 6.0.1; Nexus 5X Build/MMB29P) AppleWebKit/537.36 (KHTML, like Gecko) Chrome/135.0.7049.95 Mobile Safari/537.36 (compatible; GoogleOther)"
66.249.73.101 - - [26/Apr/2025:04:15:11 -0400] "GET /?i=7889091333416&channel=b89082&from=shared.php%3Fid%3D913334-1496%26name%3D%E3%80%90%E3%82%B7%E3%83%8A%E3%83%A2%E3%83%AD%E3%83%BC%E3%83%AB%E3%82%B3%E3%83%AC%E3%82%AF%E3%82%B7%E3%83%A7%E3%83%B3%E3%80%91%E3%83%90%E3%83%83%E3%82%AF%E5%88%BA%E7%B9%8D%E3%83%88%E3%83%AC%E3%83%BC%E3%83%8A%E3%83%BC+JUN%26ROPE%27+%E3%82%B8%E3%83%A5%E3%83%B3%E3%82%A2%E3%83%B3%E3%83%89%E3%83%AD%E3%83%9A+%E3%83%88%E3%83%83%E3%83%97%E3%82%B9+%E3%82%B9%E3%82%A6%E3%82%A7%E3%83%83%E3%83%88%E3%83%BB%E3%83%88%E3%83%AC%E3%83%BC%E3%83%8A%E3%83%BC+%E3%82%B0%E3%83%AC%E3%83%BC+%E3%83%8D%E3%82%A4%E3%83%93%E3%83%BC+%E3%82%A4%E3%82%A8%E3%83%AD%E3%83%BC%E3%80%90%E9%80%81%E6%96%99%E7%84%A1%E6%96%99%E3%80%91%5BRakuten+Fashion%5D HTTP/1.1" 200 54200 "-" "Mozilla/5.0 (Linux; Android 6.0.1; Nexus 5X Build/MMB29P) AppleWebKit/537.36 (KHTML, like Gecko) Chrome/135.0.7049.95 Mobile Safari/537.36 (compatible; Googlebot/2.1; +http://www.google.com/bot.html)"
66.249.73.102 - - [26/Apr/2025:04:15:15 -0400] "GET /?i=4191154360604&channel=a924ab&from=article.php%3Fid%3D543606-5930%26name%3D%E3%83%AD%E3%83%95%E3%83%88%E3%83%99%E3%83%83%E3%83%89 HTTP/1.1" 200 53376 "-" "Mozilla/5.0 (Linux; Android 6.0.1; Nexus 5X Build/MMB29P) AppleWebKit/537.36 (KHTML, like Gecko) Chrome/135.0.7049.95 Mobile Safari/537.36 (compatible; Googlebot/2.1; +http://www.google.com/bot.html)"
52.167.144.222 - - [26/Apr/2025:04:15:16 -0400] "GET /?i=7782013497200&channel=790132&from=shop.php%3Fid%3D134972-9227%26name%3D%E6%AF%8D%E3%81%A1%E3%82%83%E3%82%93%E3%82%BB%E3%83%BC%E3%83%AB%E6%A7%98%E7%A2%BA%E8%AA%8D%E7%94%A8%E2%98%BA%EF%B8%8E%E3%82%A6%E3%83%83%E3%83%89%E3%83%90%E3%83%BC%E3%83%8B%E3%83%B3%E3%82%B0 HTTP/1.1" 200 0 "-" "Mozilla/5.0 AppleWebKit/537.36 (KHTML, like Gecko; compatible; bingbot/2.0; +http://www.bing.com/bingbot.htm) Chrome/116.0.1938.76 Safari/537.36"
66.249.73.101 - - [26/Apr/2025:04:15:18 -0400] "GET /?i=4270461134904&channel=0f582c&from=article.php%3Fid%3D611349-1430%26name%3D%E3%82%B5%E3%83%B3%E3%83%AF%E3%82%B5%E3%83%97%E3%83%A9%E3%82%A4+19%E3%82%A4%E3%83%B3%E3%83%81%E3%83%9E%E3%82%A6%E3%83%B3%E3%83%88%E3%83%9C%E3%83%83%E3%82%AF%E3%82%B9+H1000%EF%BD%A519U+CP-103+1%E7%82%B9 HTTP/1.1" 200 54710 "-" "Mozilla/5.0 (Linux; Android 6.0.1; Nexus 5X Build/MMB29P) AppleWebKit/537.36 (KHTML, like Gecko) Chrome/135.0.7049.95 Mobile Safari/537.36 (compatible; Googlebot/2.1; +http://www.google.com/bot.html)"
52.167.144.202 - - [26/Apr/2025:04:15:20 -0400] "GET /?i=793789119703&channel=2cbfe6&from=info.php%3Fid%3D91197-1220%26name%3D205%2F50+R17%E3%80%81MINERVA+RADIAL+F205+%E3%83%A9%E3%82%B8%E3%82%A2%E3%83%AB%E3%82%BF%E3%82%A4%E3%83%A4 HTTP/1.1" 200 0 "-" "Mozilla/5.0 AppleWebKit/537.36 (KHTML, like Gecko; compatible; bingbot/2.0; +http://www.bing.com/bingbot.htm) Chrome/116.0.1938.76 Safari/537.36"
66.249.73.101 - - [26/Apr/2025:04:15:21 -0400] "GET /?i=92930136413102&channel=56f38b&from=goods.php%3Fid%3D1364131-17282%26name%3D%E3%82%BB%E3%82%A4%E3%83%A0%E3%83%81%E3%83%A3%E3%83%B3+7.2g+%E3%82%B9%E3%83%A9%E3%82%A4%E3%82%B9+%E6%A8%99%E6%9C%AC+%E7%9F%B3%E9%89%84%E9%9A%95%E7%9F%B3+%E3%83%91%E3%83%A9%E3%82%B5%E3%82%A4%E3%83%88+Seymchan+No.11 HTTP/1.1" 200 51497 "-" "Mozilla/5.0 (Linux; Android 6.0.1; Nexus 5X Build/MMB29P) AppleWebKit/537.36 (KHTML, like Gecko) Chrome/135.0.7049.95 Mobile Safari/537.36 (compatible; Googlebot/2.1; +http://www.google.com/bot.html)"
52.167.144.221 - - [26/Apr/2025:04:15:26 -0400] "GET /?i=839585733805&channel=fc93c1&from=form.php%3Fid%3D57338-5937%26name%3D%E3%80%8E%E9%80%81%E6%96%99%E7%84%A1%E6%96%99%E3%80%8F%E3%80%90%E3%83%95%E3%83%A9%E3%83%A1%E3%83%B3%E3%82%B3%E8%A1%A3%E8%A3%85%E3%80%91%E3%83%AC%E3%83%83%E3%83%89+%E3%83%AF%E3%83%B3%E3%83%94%E3%83%BC%E3%82%B9+%E3%83%89%E3%83%AC%E3%82%B9+%E8%B5%A4+%E8%8A%B1%E6%9F%84+%E5%85%89%E6%B2%A2+%E8%BB%BD%E3%81%84+%E8%96%94%E8%96%87+%E9%95%B7%E8%A2%96+%E3%83%AC%E3%83%83%E3%82%B9%E3%83%B3+%E7%B7%B4%E7%BF%92%E7%9D%80+%E3%83%9C%E3%83%A9%E3%83%B3%E3%83%86+%E3%83%95%E3%83%AA%E3%83%AB+%E3%83%AC%E3%83%BC%E3%82%B9+%E8%96%84%E3%81%84 HTTP/1.1" 200 0 "-" "Mozilla/5.0 AppleWebKit/537.36 (KHTML, like Gecko; compatible; bingbot/2.0; +http://www.bing.com/bingbot.htm) Chrome/116.0.1938.76 Safari/537.36"
66.249.73.101 - - [26/Apr/2025:04:15:28 -0400] "GET /?i=60707150576400&channel=0ae864&from=form.php%3Fid%3D1505764-24850%26name%3D%E9%BE%8D%E8%A7%92%E6%95%A3%E3%81%AE%E3%81%AE%E3%81%A9%E3%81%99%E3%81%A3%E3%81%8D%E3%82%8A%E3%82%BF%E3%83%96%E3%83%AC%E3%83%83%E3%83%88%E3%80%809%E8%A2%8B%E3%82%BB%E3%83%83%E3%83%88 HTTP/1.1" 200 52773 "-" "Mozilla/5.0 (Linux; Android 6.0.1; Nexus 5X Build/MMB29P) AppleWebKit/537.36 (KHTML, like Gecko) Chrome/135.0.7049.95 Mobile Safari/537.36 (compatible; Googlebot/2.1; +http://www.google.com/bot.html)"
66.249.73.101 - - [26/Apr/2025:04:15:34 -0400] "GET /?i=76327153525502&channel=9fa531&from=shared.php%3Fid%3D1535255-18416%26name%3D%E3%82%AB%E3%83%B3%E3%83%AD+%E3%82%AB%E3%83%B3%E3%83%AD%E9%A3%B4+%E5%A4%A7%E5%AE%B9%E9%87%8F%E3%83%91%E3%83%83%E3%82%AF+325g%C3%976%E8%A2%8B%E5%85%A5+%28%E5%A1%A9%E3%82%AB%E3%83%B3%E3%83%AD%E9%A3%B4%E5%85%A5%E3%82%8A+%E3%82%AD%E3%83%A3%E3%83%B3%E3%83%87%E3%82%A3+%E9%A3%B4+%E3%81%8A%E5%BE%B3%E7%94%A8+%E5%A1%A9%E9%A3%B4+%E3%81%BE%E3%81%A8%E3%82%81%E8%B2%B7%E3%81%84%29+%28Y80%29+%E6%9C%AC%E5%B7%9E%E4%B8%80%E9%83%A8%E9%80%81%E6%96%99%E7%84%A1%E6%96%99 HTTP/1.1" 200 54043 "-" "Mozilla/5.0 (Linux; Android 6.0.1; Nexus 5X Build/MMB29P) AppleWebKit/537.36 (KHTML, like Gecko) Chrome/135.0.7049.95 Mobile Safari/537.36 (compatible; Googlebot/2.1; +http://www.google.com/bot.html)"
66.249.73.101 - - [26/Apr/2025:04:15:38 -0400] "GET /?i=91927122997006&channel=d85b95&from=pin.php%3Fid%3D1229970-4867%26name%3D%E6%9C%AC%E7%89%A9+%E3%83%9E%E3%83%AB%E3%83%8B+%E3%83%AA%E3%83%9C%E3%83%B3%E4%BB%98+%E8%96%AB%E3%82%89+%E3%83%8E%E3%83%BC%E3%82%B9%E3%83%AA%E3%83%BC%E3%83%96+%E3%83%AF%E3%83%B3%E3%83%94%E3%83%BC%E3%82%B9+%E3%83%89%E3%83%AC%E3%82%B9+40+%E3%83%96%E3%83%A9%E3%83%83%E3%82%AF%C3%97%E3%82%B0%E3%83%AC%E3%83%BC HTTP/1.1" 200 51931 "-" "Mozilla/5.0 (Linux; Android 6.0.1; Nexus 5X Build/MMB29P) AppleWebKit/537.36 (KHTML, like Gecko) Chrome/135.0.7049.95 Mobile Safari/537.36 (compatible; Googlebot/2.1; +http://www.google.com/bot.html)"
66.249.73.102 - - [26/Apr/2025:04:15:43 -0400] "GET /?i=9988586968702&channel=bcace2&from=article.php%3Fid%3D869687-3075%26name%3D%E9%A3%9B%E9%A8%A8%E7%94%A3%E6%A5%AD+%E3%82%AD%E3%83%84%E3%83%84%E3%82%AD%E3%83%9E%E3%83%BC%E3%82%AF+%E5%A4%A9%E7%84%B6%E6%9C%A8+%E3%82%B5%E3%82%A4%E3%83%89%E3%83%86%E3%83%BC%E3%83%96%E3%83%AB+%E3%82%AD%E3%83%83%E3%83%81%E3%83%B3%E3%83%AF%E3%82%B4%E3%83%B3+%E6%BF%83%E8%8C%B6 HTTP/1.1" 200 54677 "-" "Mozilla/5.0 (Linux; Android 6.0.1; Nexus 5X Build/MMB29P) AppleWebKit/537.36 (KHTML, like Gecko) Chrome/135.0.7049.95 Mobile Safari/537.36 (compatible; Googlebot/2.1; +http://www.google.com/bot.html)"
66.249.73.102 - - [26/Apr/2025:04:15:51 -0400] "GET /?i=27928188959608&channel=9db75a&from=article.php%3Fid%3D1889596-8936%26name%3D%E8%8B%B1%E5%9B%BD%E3%83%93%E3%83%B3%E3%83%86%E3%83%BC%E3%82%B8+Russel+Hobbs+%E3%83%87%E3%83%9F%E3%82%BF%E3%82%B9+%E3%82%AB%E3%83%83%E3%83%97%26%E3%82%BD%E3%83%BC%E3%82%B5%E3%83%BC HTTP/1.1" 200 0 "-" "Mozilla/5.0 (Linux; Android 6.0.1; Nexus 5X Build/MMB29P) AppleWebKit/537.36 (KHTML, like Gecko) Chrome/135.0.7049.95 Mobile Safari/537.36 (compatible; GoogleOther)"
66.249.73.103 - - [26/Apr/2025:04:16:38 -0400] "GET /?i=0607489499509&channel=dc893d&from=shop.php%3Fid%3D894995-13343%26name%3D%E8%8C%B6%E9%81%93%E5%85%B7%E3%80%8E%E5%90%89%E5%90%91%E7%84%BC%E5%AF%85%E6%96%87%E6%A5%BD%E8%8C%B6%E7%A2%97+%E5%90%89%E5%90%91%E8%95%83%E6%96%8E%E4%BD%9C+%E5%9C%A8%E9%8A%98%E3%80%8C%E5%90%89%E5%90%91%E3%80%8D%E5%85%B1%E7%AE%B1%E3%80%8F%E5%8A%A0%E8%97%A4%E6%B8%85%E6%AD%A3%E5%AE%B6%E6%9D%A5%E6%88%B8%E7%94%B0%E9%95%B7%E5%8A%A9%E5%85%AB%E4%BB%A3%E7%84%BC+%E8%8C%B6%E9%81%93%E6%95%99%E5%AE%A4+%E8%8C%B6%E4%BA%8B+%E8%A1%A8%E5%8D%83%E5%AE%B6+%E8%A3%8F%E5%8D%83%E5%AE%B6%E5%8D%81%E8%81%B7+%E4%B8%83%E4%BA%8B%E5%BC%8F+%E8%8C%B6%E6%87%90%E7%9F%B3 HTTP/1.1" 200 55637 "-" "Mozilla/5.0 (Linux; Android 6.0.1; Nexus 5X Build/MMB29P) AppleWebKit/537.36 (KHTML, like Gecko) Chrome/135.0.7049.95 Mobile Safari/537.36 (compatible; Googlebot/2.1; +http://www.google.com/bot.html)"
57.141.4.14 - - [26/Apr/2025:04:16:51 -0400] "GET /?i=94687196798413& HTTP/1.1" 200 0 "-" "meta-externalagent/1.1 (+https://developers.facebook.com/docs/sharing/webmasters/crawler)"
52.167.144.221 - - [26/Apr/2025:04:17:25 -0400] "GET /?i=7427892064404&channel=0fe77a&from=blog.php%3Fid%3D920644-8331%26name%3DTRAMONTANO%E3%81%AE%E3%83%AD%E3%83%BC%E3%83%AB%E3%82%A2%E3%83%83%E3%83%97%E3%83%88%E3%83%BC%E3%83%88%E3%83%90%E3%83%83%E3%82%B0 HTTP/1.1" 200 0 "-" "Mozilla/5.0 AppleWebKit/537.36 (KHTML, like Gecko; compatible; bingbot/2.0; +http://www.bing.com/bingbot.htm) Chrome/116.0.1938.76 Safari/537.36"
