66.249.73.101 - - [26/Apr/2025:07:40:03 -0400] "GET /?i=56082108782700&channel=b89082&from=form.php%3Fid%3D1087827-1496%26name%3D%E3%82%B7%E3%83%8B%E3%82%A2%E3%83%95%E3%82%A1%E3%83%83%E3%82%B7%E3%83%A7%E3%83%B3+%E3%83%A1%E3%83%B3%E3%82%BA+80%E4%BB%A3+70%E4%BB%A3+60%E4%BB%A3+90%E4%BB%A3+%E6%98%A5%E5%A4%8F%E3%82%B5%E3%83%83%E3%82%AB%E3%83%BC%E7%94%9F%E5%9C%B0%E3%82%B9%E3%83%88%E3%83%A9%E3%82%A4%E3%83%97%E6%9F%84+%E4%B8%83%E5%88%86%E8%A2%96%E3%82%B7%E3%83%A3%E3%83%84+2%E8%89%B2%E7%B5%84+%E3%81%8A%E3%81%98%E3%81%84%E3%81%A1%E3%82%83%E3%82%93+%E6%9C%8D+%E3%83%97%E3%83%AC%E3%82%BC%E3%83%B3%E3%83%88+%E7%B4%B3%E5%A3%AB%E6%9C%8D+%E7%94%B7%E6%80%A7+%E7%A5%96%E7%88%B6+%E3%81%8A%E5%B9%B4%E5%AF%84%E3%82%8A+%E8%80%81%E4%BA%BA+%E9%AB%98%E9%BD%A2%E8%80%85+%E3%82%AE%E3%83%95%E3%83%88 HTTP/1.1" 200 0 "-" "Mozilla/5.0 (Linux; Android 6.0.1; Nexus 5X Build/MMB29P) AppleWebKit/537.36 (KHTML, like Gecko) Chrome/135.0.7049.95 Mobile Safari/537.36 (compatible; GoogleOther)"
66.249.73.101 - - [26/Apr/2025:07:40:21 -0400] "GET /?i=97478148380108&channel=d3dfd7&from=article.php%3Fid%3D1483801-5081%26name%3D%E3%80%90GAP+%E8%82%B2%E3%81%A4+%E3%82%AE%E3%83%A3%E3%83%83%E3%83%97%E3%80%91%E3%80%80%E3%83%9C%E3%83%BC%E3%83%80%E3%83%BC%E3%80%80%E5%8D%8A%E8%A2%96%E3%83%8B%E3%83%83%E3%83%88%E3%80%80%E3%82%86%E3%81%A3%E3%81%9F%E3%82%8A%E3%80%80%E6%B4%97%E3%81%88%E3%82%8B HTTP/1.1" 200 51797 "-" "Mozilla/5.0 (Linux; Android 6.0.1; Nexus 5X Build/MMB29P) AppleWebKit/537.36 (KHTML, like Gecko) Chrome/135.0.7049.95 Mobile Safari/537.36 (compatible; Googlebot/2.1; +http://www.google.com/bot.html)"
40.77.167.158 - - [26/Apr/2025:07:40:25 -0400] "GET /?i=1972035396004&channel=b29eaa&from=form.php%3Fid%3D353960-4578%26name%3D%E3%80%90%E3%83%9D%E3%82%A4%E3%83%B3%E3%83%88%E6%9C%80%E5%A4%A720%E5%80%8D+%E3%82%AF%E3%83%BC%E3%83%9D%E3%83%B3%E7%99%BA%E8%A1%8C%E4%B8%AD%EF%BC%81%E3%80%91%E3%83%80%E3%83%B3%E3%83%99%E3%83%AB+%E5%8F%AF%E5%A4%89%E5%BC%8F+%E5%B0%8F%E5%9E%8B+%E3%82%B9%E3%83%81%E3%83%BC%E3%83%AB%E3%83%80%E3%83%B3%E3%83%99%E3%83%AB+10kg+2%E5%80%8B+%E3%82%BB%E3%83%83%E3%83%88+%E5%AE%B6%E5%BA%AD%E7%94%A8+%E7%AD%8B%E3%83%88%E3%83%AC+%E3%83%88%E3%83%AC%E3%83%BC%E3%83%8B%E3%83%B3%E3%82%B0+%E4%B8%88%E5%A4%AB+%E3%82%B3%E3%83%B3%E3%83%91%E3%82%AF%E3%83%88+%E3%83%9F%E3%83%A9%E3%83%BC+%E9%8F%A1%E9%9D%A2+%E9%87%8D%E9%87%8F%E8%AA%BF%E6%95%B4+%E6%8C%81%E3%81%A1%E3%82%84%E3%81%99%E3%81%84+%E3%83%9B%E3%83%BC%E3%83%A0%E3%82%B8%E3%83%A0+%E3%82%A6%E3%82%A8%E3%82%A4%E3%83%88%E3%83%88%E3%83%AC%E3%83%BC%E3%83%8B%E3%83%B3%E3%82%B0 HTTP/1.1" 200 0 "-" "Mozilla/5.0 AppleWebKit/537.36 (KHTML, like Gecko; compatible; bingbot/2.0; +http://www.bing.com/bingbot.htm) Chrome/116.0.1938.76 Safari/537.36"
40.77.167.158 - - [26/Apr/2025:07:40:26 -0400] "GET /?i=98153121489101&channel=8b1a26&from=product.php%3Fid%3D1214891-18614%26name%3D%E5%8D%83%E4%BA%BA%E3%81%AE%E7%A5%88%E3%82%8A%E3%81%AE%E6%B0%B4%E5%85%A5%E3%82%8A%E3%82%AC%E3%83%A9%E3%82%B9 HTTP/1.1" 200 0 "-" "Mozilla/5.0 AppleWebKit/537.36 (KHTML, like Gecko; compatible; bingbot/2.0; +http://www.bing.com/bingbot.htm) Chrome/116.0.1938.76 Safari/537.36"
66.249.73.101 - - [26/Apr/2025:07:40:33 -0400] "GET /?i=19876134485700&channel=622be9&from=pin.php%3Fid%3D1344857-22355%26name%3D%E5%A5%B3%E6%80%A7%E3%83%9E%E3%83%8D%E3%82%AD%E3%83%B3%E3%83%9C%E3%83%87%E3%82%A3+%E3%83%88%E3%83%AB%E3%82%BD%E3%83%BC+%E3%83%89%E3%83%AC%E3%82%B9%E3%83%95%E3%82%A9%E3%83%BC%E3%83%A0+%E3%83%AA%E3%83%8D%E3%83%B3+%E3%83%9B%E3%83%AF%E3%82%A4%E3%83%88+%E3%83%86%E3%83%BC%E3%83%A9%E3%83%BC%E3%83%80%E3%83%9F%E3%83%BC+%E5%B8%83%E8%A3%BD%E3%83%98%E3%83%83%E3%83%89%E4%BB%98%E3%81%8D+120-182cm+%E8%AA%BF%E7%AF%80%E5%8F%AF%E8%83%BD+%E5%8F%96%E3%82%8A%E5%A4%96 HTTP/1.1" 200 54653 "-" "Mozilla/5.0 (Linux; Android 6.0.1; Nexus 5X Build/MMB29P) AppleWebKit/537.36 (KHTML, like Gecko) Chrome/135.0.7049.95 Mobile Safari/537.36 (compatible; Googlebot/2.1; +http://www.google.com/bot.html)"
66.249.73.101 - - [26/Apr/2025:07:40:51 -0400] "GET /8227853818.shtml HTTP/1.1" 200 0 "-" "Mozilla/5.0 (Linux; Android 6.0.1; Nexus 5X Build/MMB29P) AppleWebKit/537.36 (KHTML, like Gecko) Chrome/135.0.7049.95 Mobile Safari/537.36 (compatible; GoogleOther)"
66.249.73.101 - - [26/Apr/2025:07:40:54 -0400] "GET /?i=852599316802&channel=765e9f&from=brands.php%3Fid%3D93168-7653%26name%3D%E3%83%80%E3%83%83%E3%83%95%E3%82%A3%E3%83%BC%EF%BC%86%E3%82%B7%E3%82%A7%E3%83%AA%E3%83%BC%E3%83%A1%E3%82%A4+%E3%82%B3%E3%83%AC%E3%82%AF%E3%82%B7%E3%83%A7%E3%83%B3%E3%83%89%E3%83%BC%E3%83%AB+%E3%81%AC%E3%81%84%E3%81%90%E3%82%8B%E3%81%BF+%E3%83%80%E3%83%83%E3%83%95%E3%82%A3%E3%83%BC%E3%81%AE%E3%83%8F%E3%83%83%E3%83%94%E3%83%BC%E3%83%8B%E3%83%A5%E3%83%BC%E3%82%A4%E3%83%A4%E3%83%BC+2020+%E3%83%87%E3%82%A3%E3%82%BA%E3%83%8B%E3%83%BC+%E3%82%B0%E3%83%83%E3%82%BA+%E3%81%8A%E5%9C%9F%E7%94%A3%E3%80%90%E6%9D%B1 HTTP/1.1" 200 52988 "-" "Mozilla/5.0 (Linux; Android 6.0.1; Nexus 5X Build/MMB29P) AppleWebKit/537.36 (KHTML, like Gecko) Chrome/135.0.7049.95 Mobile Safari/537.36 (compatible; Googlebot/2.1; +http://www.google.com/bot.html)"
66.249.73.103 - - [26/Apr/2025:07:41:08 -0400] "GET /?i=66406126207704&channel=fad886&from=article.php%3Fid%3D1262077-6924%26name%3D%E7%AB%B9%E8%A3%BD%E8%A1%A3%E9%A1%9E%E3%83%A9%E3%83%83%E3%82%AF%E3%80%81%E5%8F%8E%E7%B4%8D%E6%A3%9A%E4%BB%98%E3%81%8D%E3%80%81%E8%A1%A3%E9%A1%9E%E5%90%8A%E3%82%8A%E4%B8%8B%E3%81%92%E3%83%A9%E3%83%83%E3%82%AF%E3%80%81%E7%8E%84%E9%96%A2%E3%83%AA%E3%83%93%E3%83%B3%E3%82%B0%E5%AF%9D%E5%AE%A4%E7%94%A8%2F%E3%82%B0%E3%83%AA%E3%83%BC%E3%83%B3%2F116+%2A+40+%2A+160cm HTTP/1.1" 200 53068 "-" "Mozilla/5.0 (Linux; Android 6.0.1; Nexus 5X Build/MMB29P) AppleWebKit/537.36 (KHTML, like Gecko) Chrome/135.0.7049.95 Mobile Safari/537.36 (compatible; Googlebot/2.1; +http://www.google.com/bot.html)"
66.249.73.102 - - [26/Apr/2025:07:41:16 -0400] "GET /?i=8718186464603&channel=66c6ed&from=shop.php%3Fid%3D864646-16%26name%3D%E3%83%95%E3%82%A1%E3%83%93%E3%82%AA%E3%83%AB%E3%82%B9%E3%82%B3%E3%83%BC%E3%83%8B+FABIO+RUSCONI+%E3%83%9F%E3%83%A5%E3%83%BC%E3%83%AB+%EF%BC%88%E3%82%AA%E3%83%95%E3%83%9B%E3%83%AF%E3%82%A4%E3%83%88%EF%BC%89 HTTP/1.1" 200 54175 "-" "Mozilla/5.0 (Linux; Android 6.0.1; Nexus 5X Build/MMB29P) AppleWebKit/537.36 (KHTML, like Gecko) Chrome/135.0.7049.95 Mobile Safari/537.36 (compatible; Googlebot/2.1; +http://www.google.com/bot.html)"
66.249.73.101 - - [26/Apr/2025:07:41:23 -0400] "GET /?i=83393132284601&channel=653256&from=shop.php%3Fid%3D1322846-3318%26name%3D%E3%83%AC%E3%83%83%E3%83%89%E3%83%96%E3%83%AB+F1+ZIP%E3%80%80%E3%82%B9%E3%82%A6%E3%82%A7%E3%83%83%E3%83%88%E3%82%B7%E3%83%A3%E3%83%84+L HTTP/1.1" 200 55051 "-" "Mozilla/5.0 (Linux; Android 6.0.1; Nexus 5X Build/MMB29P) AppleWebKit/537.36 (KHTML, like Gecko) Chrome/135.0.7049.95 Mobile Safari/537.36 (compatible; Googlebot/2.1; +http://www.google.com/bot.html)"
52.167.144.217 - - [26/Apr/2025:07:41:24 -0400] "GET /?i=77133149332601&channel=8578f3&from=goods.php%3Fid%3D1493326-12340%26name%3D%E6%9D%B1%E4%BA%AC%E9%83%BD%E5%86%99%E7%9C%9F%E7%BE%8E%E8%A1%93%E9%A4%A8%E3%80%80%E7%B7%8F%E5%90%88%E9%96%8B%E9%A4%A830%E5%91%A8%E5%B9%B4%E8%A8%98%E5%BF%B5+TOP%E3%82%B3%E3%83%AC%E3%82%AF%E3%82%B7%E3%83%A7%E3%83%B3+%E4%B8%8D%E6%98%93%E6%B5%81%E8%A1%8C%E3%80%802%E6%9E%9A HTTP/1.1" 200 0 "-" "Mozilla/5.0 AppleWebKit/537.36 (KHTML, like Gecko; compatible; bingbot/2.0; +http://www.bing.com/bingbot.htm) Chrome/116.0.1938.76 Safari/537.36"
52.167.144.217 - - [26/Apr/2025:07:41:34 -0400] "GET /?i=71807170173704&channel=81a222&from=article.php%3Fid%3D1701737-28222%26name%3D%E3%82%B7%E3%83%A3%E3%83%AF%E3%83%BC%E3%82%B9%E3%83%A9%E3%82%A4%E3%83%89%E3%83%90%E3%83%BC+%E3%82%B9%E3%83%86%E3%83%B3%E3%83%AC%E3%82%B9+%E3%83%A1%E3%83%83%E3%82%AD+%E8%AA%BF%E7%AF%80%E5%8F%AF%E8%83%BD%E3%81%AA+%E3%83%8F%E3%83%B3%E3%83%89%E3%82%B7%E3%83%A3%E3%83%AF%E3%83%BC+%E3%82%B7%E3%83%A3%E3%83%AF%E3%83%BC%E3%83%95%E3%83%83%E3%82%AF+%E3%82%A6%E3%82%A9%E3%83%BC%E3%83%AB%E3%83%9E%E3%82%A6%E3%83%B3%E3%83%88%E3%80%80%E5%8F%96%E3%82%8A%E4%BB%98%E3%81%91%E7%B0%A1%E5%8D%98 HTTP/1.1" 200 0 "-" "Mozilla/5.0 AppleWebKit/537.36 (KHTML, like Gecko; compatible; bingbot/2.0; +http://www.bing.com/bingbot.htm) Chrome/116.0.1938.76 Safari/537.36"
40.77.167.158 - - [26/Apr/2025:07:41:39 -0400] "GET /?i=14117161614404&channel=95f71d&from=blog.php%3Fid%3D1616144-1463%26name%3D%E3%80%9010%E5%80%8B%E3%82%BB%E3%83%83%E3%83%88%E3%80%91%E7%B0%A1%E6%98%93%E3%83%88%E3%82%A4%E3%83%AC+%E6%90%BA%E5%B8%AF%E3%83%88%E3%82%A4%E3%83%AC+%E3%83%9F%E3%83%8B%E3%83%88%E3%82%A4%E3%83%AC%E8%BB%8A%E8%BC%89%E3%83%88%E3%82%A4%E3%83%AC+%E7%99%BB%E5%B1%B1+%E7%81%BD%E5%AE%B3+%E5%81%9C%E9%9B%BB+%E6%96%AD%E6%B0%B4+%E7%94%B7%E5%A5%B3%E5%85%BC%E7%94%A8+%E9%9D%9E%E5%B8%B8%E7%94%A8%E3%83%88%E3%82%A4%E3%83%AC+700cc+%E5%A4%A7%E5%AE%B9%E9%87%8F+%E7%B7%8A%E6%80%A5%E4%BA%8B%E6%85%8B%E7%94%A8+%28%E3%83%88%E3%82%AF%E3%83%88%E3%83%A8%29Tokutoyo HTTP/1.1" 200 0 "-" "Mozilla/5.0 AppleWebKit/537.36 (KHTML, like Gecko; compatible; bingbot/2.0; +http://www.bing.com/bingbot.htm) Chrome/116.0.1938.76 Safari/537.36"
66.249.73.101 - - [26/Apr/2025:07:41:41 -0400] "GET /?i=8642051194217&channel=1eb37f&from=shop.php%3Fid%3D511942-12183%26name%3D%E3%80%90%E6%96%B0%E5%93%81%E6%9C%AA%E4%BD%BF%E7%94%A8%E6%9C%AA%E9%96%8B%E5%B0%81%E3%80%91%E3%82%AD%E3%83%A3%E3%83%AA%E3%82%A2%E3%83%B3+CALIAN+E%2BCAMP+%E3%82%BD%E3%83%AD%E3%82%AD%E3%83%A3%E3%83%B3%E3%83%97%E3%82%BB%E3%83%83%E3%83%88 HTTP/1.1" 200 51811 "-" "Mozilla/5.0 (Linux; Android 6.0.1; Nexus 5X Build/MMB29P) AppleWebKit/537.36 (KHTML, like Gecko) Chrome/135.0.7049.95 Mobile Safari/537.36 (compatible; Googlebot/2.1; +http://www.google.com/bot.html)"
66.249.73.101 - - [26/Apr/2025:07:41:43 -0400] "GET /?i=1770778258305&channel=2c13c0&from=blog.php%3Fid%3D782583-95%26name%3D%E3%82%B8%E3%83%AB%E3%82%B5%E3%83%B3%E3%83%80%E3%83%BC+%E3%82%AF%E3%83%AB%E3%83%BC%E3%83%8D%E3%83%83%E3%82%AF%E5%8D%8A%E8%A2%96T%E3%82%B7%E3%83%A3%E3%83%84+%E3%83%97%E3%83%AB%E3%82%AA%E3%83%BC%E3%83%90%E3%83%BC+S+%E7%99%BD+%E3%83%9B%E3%83%AF%E3%82%A4%E3%83%88 HTTP/1.1" 200 0 "-" "Mozilla/5.0 (Linux; Android 6.0.1; Nexus 5X Build/MMB29P) AppleWebKit/537.36 (KHTML, like Gecko) Chrome/135.0.7049.95 Mobile Safari/537.36 (compatible; GoogleOther)"
40.77.167.4 - - [26/Apr/2025:07:41:44 -0400] "GET /?i=42111109055008&channel=f30510&from=blog.php%3Fid%3D1090550-484%26name%3D%EF%BC%BC%E6%9C%80%E5%A4%A7P5%E5%80%8D%EF%BC%8F+%E3%82%B8%E3%83%A0%E3%83%8B%E3%83%BC+%E3%83%8E%E3%83%9E%E3%83%89+%E3%82%B7%E3%83%BC%E3%83%88%E3%82%AB%E3%83%90%E3%83%BC+%E5%85%A8%E5%B8%AD%E3%82%BB%E3%83%83%E3%83%88+Dotty+COX-SPORTS+%5B%E3%83%80%E3%83%86%E3%82%A3+%E3%82%B3%E3%83%83%E3%82%AF%E3%82%B9-%E3%82%B9%E3%83%9D%E3%83%BC%E3%83%84%5D+SS-PVC%E3%83%AC%E3%82%B6%E3%83%BC+%E8%BB%8A+%E8%BB%8A%E7%94%A8%E5%93%81+%E3%82%AB%E3%83%BC%E7%94%A8%E5%93%81+%E5%86%85%E8%A3%85%E3%83%91%E3%83%BC%E3%83%84+%E3%83%95%E3%82%A1%E3%83%9F%E3%83%AA%E3%83%BC+%E3%83%9A%E3%83%83%E3%83%88+%E9%98%B2%E6%B0%B4 HTTP/1.1" 200 0 "-" "Mozilla/5.0 AppleWebKit/537.36 (KHTML, like Gecko; compatible; bingbot/2.0; +http://www.bing.com/bingbot.htm) Chrome/116.0.1938.76 Safari/537.36"
52.167.144.217 - - [26/Apr/2025:07:41:49 -0400] "GET /?i=7705194609105&channel=f30510&from=jp.php%3Fid%3D946091-484%26name%3DBMW+X3+G45+%E3%83%95%E3%83%AD%E3%82%A2%E3%83%9E%E3%83%83%E3%83%88+%E3%83%A9%E3%82%B2%E3%83%83%E3%82%B8%E3%83%9E%E3%83%83%E3%83%88+%EF%BC%88%E3%82%AF%E3%83%AD%E3%82%B9%EF%BC%89+%E3%82%B4%E3%83%A0+%E9%98%B2%E6%B0%B4+%E6%97%A5%E6%9C%AC%E8%A3%BD+%E7%A9%BA%E6%B0%97%E8%A7%A6%E5%AA%92%E5%8A%A0%E5%B7%A5 HTTP/1.1" 200 0 "-" "Mozilla/5.0 AppleWebKit/537.36 (KHTML, like Gecko; compatible; bingbot/2.0; +http://www.bing.com/bingbot.htm) Chrome/116.0.1938.76 Safari/537.36"
66.249.73.101 - - [26/Apr/2025:07:41:56 -0400] "GET /?i=2781152842925&channel=062db8&from=goods.php%3Fid%3D528429-140%26name%3DSONY%28%E3%82%BD%E3%83%8B%E3%83%BC%29+%E3%80%90ZV-1M2+%E3%81%A8+%E3%83%90%E3%83%83%E3%83%86%E3%83%AA%E3%83%BC%E3%83%81%E3%83%A3%E3%83%BC%E3%82%B8%E3%83%A3%E3%83%BC+%E3%82%BB%E3%83%83%E3%83%88%E3%80%91+%E3%83%90%E3%83%83%E3%83%86%E3%83%AA%E3%83%BC%E3%82%92%E7%9B%B4%E6%8E%A5%E5%85%85%E9%9B%BB%E3%81%97%E3%81%9F%E3%81%84%E6%96%B9%E3%81%AB%E3%80%82ZV-1M2+%E3%83%96%E3%83%A9%E3%83%83%E3%82%AF+%2B HTTP/1.1" 200 53495 "-" "Mozilla/5.0 (Linux; Android 6.0.1; Nexus 5X Build/MMB29P) AppleWebKit/537.36 (KHTML, like Gecko) Chrome/135.0.7049.95 Mobile Safari/537.36 (compatible; Googlebot/2.1; +http://www.google.com/bot.html)"
66.249.73.101 - - [26/Apr/2025:07:42:03 -0400] "GET /?i=92777162757304&channel=763970&from=product.php%3Fid%3D1627573-3726%26name%3D%E6%B0%B4%E7%9D%80%E3%83%AC%E3%83%87%E3%82%A3%E3%83%BC%E3%82%B9+%E4%BD%93%E5%9E%8B%E3%82%AB%E3%83%90%E3%83%BC+%E6%B0%B4%E7%9D%80+%E3%83%AF%E3%83%B3%E3%83%94%E3%83%BC%E3%82%B9+%E3%82%B5%E3%83%AD%E3%83%9A%E3%83%83%E3%83%88%E6%B0%B4%E7%9D%80+%E3%83%95%E3%83%AC%E3%82%A2+%E3%83%90%E3%83%B3%E3%83%89%E3%82%A5+%E6%B0%B4%E7%9D%80+%E9%9F%93%E5%9B%BD%E9%A2%A8+40%E4%BB%A3+20%E4%BB%A3+30%E4%BB%A3+%E3%83%94%E3%83%BC%E3%83%81%E3%82%A6%E3%82%A7%E3%82%A2 HTTP/1.1" 200 51253 "-" "Mozilla/5.0 (Linux; Android 6.0.1; Nexus 5X Build/MMB29P) AppleWebKit/537.36 (KHTML, like Gecko) Chrome/135.0.7049.95 Mobile Safari/537.36 (compatible; Googlebot/2.1; +http://www.google.com/bot.html)"
66.249.73.101 - - [26/Apr/2025:07:42:10 -0400] "GET /?i=5908154422302&channel=356a28&from=shop.php%3Fid%3D544223-16991%26name%3D%E6%9C%AA%E9%96%8B%E5%B0%81%E2%97%BC%EF%B8%8F%E3%82%A8%E3%83%89%E3%82%AC%E3%83%BC%E3%82%B1%E3%82%A4%E3%82%B7%E3%83%BC%EF%BC%93%E7%82%B9%E3%82%AD%E3%83%83%E3%83%88%E3%80%80%E3%83%92%E3%83%BC%E3%83%86%E3%82%A3%E3%83%B3%E3%82%B0%E3%83%91%E3%83%83%E3%83%88%E3%80%80%E3%83%92%E3%83%9E%E3%82%B7%E6%B2%B9%E3%80%80%E3%83%95%E3%83%A9%E3%83%B3%E3%83%8D%E3%83%AB%E7%94%9F%E5%9C%B0 HTTP/1.1" 200 52505 "-" "Mozilla/5.0 (Linux; Android 6.0.1; Nexus 5X Build/MMB29P) AppleWebKit/537.36 (KHTML, like Gecko) Chrome/135.0.7049.95 Mobile Safari/537.36 (compatible; Googlebot/2.1; +http://www.google.com/bot.html)"
66.249.73.101 - - [26/Apr/2025:07:42:25 -0400] "GET /?i=97942194826501&channel=38d918&from=jp.php%3Fid%3D1948265-20471%26name%3D%E5%A4%9A%E5%BD%A9%E3%81%AA%E6%A8%A1%E6%A7%98%E3%81%AE%E3%82%A8%E3%82%B3%E3%83%90%E3%83%83%E3%82%B0%28%E3%83%81%E3%83%A3%E3%83%BC%E3%83%A0%E4%BB%98%E3%81%8D%29+%E5%89%B2%E3%82%8A%E8%BE%BC%E3%82%93 HTTP/1.1" 200 54048 "-" "Mozilla/5.0 (Linux; Android 6.0.1; Nexus 5X Build/MMB29P) AppleWebKit/537.36 (KHTML, like Gecko) Chrome/135.0.7049.95 Mobile Safari/537.36 (compatible; Googlebot/2.1; +http://www.google.com/bot.html)"
66.249.73.101 - - [26/Apr/2025:07:42:36 -0400] "GET /?i=65180131530204&channel=7cc774&from=info.php%3Fid%3D1315302-3773%26name%3D%E3%80%901%E3%80%812%E3%80%8110%E3%80%8150%E3%80%81100%E6%9C%AC%E3%82%BB%E3%83%83%E3%83%88%E3%80%91110W%E5%BD%A2LED%E8%9B%8D%E5%85%89%E7%81%AF%EF%BC%88%E6%98%BC%E5%85%89%E8%89%B26000K%EF%BC%89%E3%82%B0%E3%83%AD%E3%83%BC%E5%BC%8F%E5%B7%A5%E4%BA%8B%E4%B8%8D%E8%A6%81+2400mm+%E7%9B%B4%E7%AE%A1%E5%BD%A2%E8%9B%8D%E5%85%89%E7%81%AF+110 HTTP/1.1" 200 53934 "-" "Mozilla/5.0 (Linux; Android 6.0.1; Nexus 5X Build/MMB29P) AppleWebKit/537.36 (KHTML, like Gecko) Chrome/135.0.7049.95 Mobile Safari/537.36 (compatible; Googlebot/2.1; +http://www.google.com/bot.html)"
66.249.73.101 - - [26/Apr/2025:07:42:41 -0400] "GET /?i=1627090376900&channel=848778&from=shared.php%3Fid%3D903769-1314%26name%3D%E6%9C%80%E6%96%B0%E3%83%A2%E3%83%87%E3%83%AB+YA-MAN+EPM-20TB+%E3%83%A1%E3%83%87%E3%82%A3%E3%83%AA%E3%83%95%E3%83%88+%E3%82%A2%E3%82%AF%E3%82%A2EX+%E3%83%A4%E3%83%BC%E3%83%9E%E3%83%B3 HTTP/1.1" 200 53334 "-" "Mozilla/5.0 (Linux; Android 6.0.1; Nexus 5X Build/MMB29P) AppleWebKit/537.36 (KHTML, like Gecko) Chrome/135.0.7049.95 Mobile Safari/537.36 (compatible; Googlebot/2.1; +http://www.google.com/bot.html)"
66.249.73.101 - - [26/Apr/2025:07:42:47 -0400] "GET /?i=6445340859706&channel=4e8dd0&from=form.php%3Fid%3D408597-504%26name%3D%E3%83%9E%E3%83%AB%E3%83%8B+%E3%83%8F%E3%83%B3%E3%83%89%E3%83%90%E3%83%83%E3%82%B0+%E3%83%AC%E3%83%87%E3%82%A3%E3%83%BC%E3%82%B9%E7%BE%8E%E5%93%81 HTTP/1.1" 200 52872 "-" "Mozilla/5.0 (Linux; Android 6.0.1; Nexus 5X Build/MMB29P) AppleWebKit/537.36 (KHTML, like Gecko) Chrome/135.0.7049.95 Mobile Safari/537.36 (compatible; Googlebot/2.1; +http://www.google.com/bot.html)"
66.249.73.102 - - [26/Apr/2025:07:43:02 -0400] "GET /?i=57790147420700&channel=236584&from=pin.php%3Fid%3D1474207-10919%26name%3DSO+READY+TO+WEAR+%E3%82%A2%E3%82%B7%E3%83%B3%E3%83%A1%E3%83%88%E3%83%AA%E3%83%83%E3%82%AF%E3%82%B9%E3%82%A6%E3%82%A7%E3%83%83%E3%83%88 HTTP/1.1" 200 53485 "-" "Mozilla/5.0 (Linux; Android 6.0.1; Nexus 5X Build/MMB29P) AppleWebKit/537.36 (KHTML, like Gecko) Chrome/135.0.7049.95 Mobile Safari/537.36 (compatible; Googlebot/2.1; +http://www.google.com/bot.html)"
66.249.73.101 - - [26/Apr/2025:07:43:05 -0400] "GET /?i=56691162763911&channel=4a3f4b&from=category-info.php%3Fid%3D1627639-1778%26name%3D%E5%B8%BD%E5%AD%90+%E3%82%AD%E3%83%A3%E3%83%83%E3%83%97+%E3%83%AC%E3%83%87%E3%82%A3%E3%83%BC%E3%82%B9+%E3%83%A1%E3%83%B3%E3%82%BA+%E6%B7%B1%E3%81%84+%E6%98%A5+%E5%A4%8F+%E3%82%A2%E3%82%A6%E3%83%88%E3%83%89%E3%82%A2+UV%E3%82%AB%E3%83%83%E3%83%88+%E7%B4%AB%E5%A4%96%E7%B7%9A%E5%AF%BE%E7%AD%96+%E3%81%8A%E3%81%97%E3%82%83%E3%82%8C+%E3%82%B7%E3%83%B3%E3%83%97%E3%83%AB+%E3%83%8F%E3%83%83%E3%83%88+%E3%81%8D%E3%82%83%E3%81%A3%E3%81%B7+%E6%97%A5%E3%82%88%E3%81%91+%E5%A4%A7%E3%81%8D%E3%81%84%E3%82%B5%E3%82%A4%E3%82%BA+%E5%A4%A7%E3%81%8D%E3%82%81+%E7%94%B7%E5%A5%B3%E5%85%BC%E7%94%A8 HTTP/1.1" 200 54472 "-" "Mozilla/5.0 (Linux; Android 6.0.1; Nexus 5X Build/MMB29P) AppleWebKit/537.36 (KHTML, like Gecko) Chrome/135.0.7049.95 Mobile Safari/537.36 (compatible; Googlebot/2.1; +http://www.google.com/bot.html)"
66.249.73.101 - - [26/Apr/2025:07:43:12 -0400] "GET /283651620776.shtml HTTP/1.1" 200 0 "-" "Mozilla/5.0 (Linux; Android 6.0.1; Nexus 5X Build/MMB29P) AppleWebKit/537.36 (KHTML, like Gecko) Chrome/135.0.7049.95 Mobile Safari/537.36 (compatible; GoogleOther)"
40.77.167.158 - - [26/Apr/2025:07:43:26 -0400] "GET /?i=97221169719204&channel=d02931&from=pin.php%3Fid%3D1697192-26470%26name%3D%E6%9A%96%E3%81%8B%E3%81%84%E7%86%B1%E6%89%8B%E8%A2%8B%E3%80%81%E5%86%AC%E3%81%AE%E5%A5%B3%E6%80%A7%E3%81%AE%E3%83%AC%E3%83%BC%E3%82%B9%E3%81%AE%E6%9A%96%E3%81%8B%E3%81%84%E3%83%9F%E3%83%88%E3%83%B3%E4%BA%8C%E9%87%8D%E5%8E%9A%E3%81%84%E8%B1%AA%E8%8F%AF%E3%81%AA%E6%89%8B%E9%A6%96%E3%81%AE%E5%A5%B3%E6%80%A7%E3%81%AE%E3%82%BF%E3%83%83%E3%83%81%E3%82%B9%E3%82%AF%E3%83%AA%E3%83%BC%E3%83%B3%E3%83%89%E3%83%A9%E3%82%A4%E3%83%93%E3%83%B3%E3%82%B0%E3%82%B0%E3%83%AD%E3%83%BC%E3%83%96+%28Color+%3A+A%29 HTTP/1.1" 200 0 "-" "Mozilla/5.0 AppleWebKit/537.36 (KHTML, like Gecko; compatible; bingbot/2.0; +http://www.bing.com/bingbot.htm) Chrome/116.0.1938.76 Safari/537.36"
66.249.73.101 - - [26/Apr/2025:07:43:25 -0400] "GET /?i=0012196981707&channel=bada07&from=category-info.php%3Fid%3D969817-10554%26name%3D%E3%83%88%E3%83%B3%E3%82%B8%E3%82%AE%E7%94%A8%E3%80%80%E3%82%B8%E3%82%B0%E3%80%80%E9%87%A3%E3%82%8C%E7%AD%8B%E3%82%BB%E3%83%83%E3%83%88%E3%80%80%E4%BB%96%E5%86%99%E7%9C%9F2.3.4.5.6.7.8%E5%8F%82%E7%85%A7 HTTP/1.1" 200 52396 "-" "Mozilla/5.0 (Linux; Android 6.0.1; Nexus 5X Build/MMB29P) AppleWebKit/537.36 (KHTML, like Gecko) Chrome/135.0.7049.95 Mobile Safari/537.36 (compatible; Googlebot/2.1; +http://www.google.com/bot.html)"
52.167.144.232 - - [26/Apr/2025:07:43:34 -0400] "GET /?i=80701152851000&channel=e1c3d2&from=shared.php%3Fid%3D1528510-10913%26name%3D%E9%87%8D%E9%9F%B3%E3%83%86%E3%83%88+%E3%81%AC%E3%81%84%E3%81%90%E3%82%8B%E3%81%BF HTTP/1.1" 200 0 "-" "Mozilla/5.0 AppleWebKit/537.36 (KHTML, like Gecko; compatible; bingbot/2.0; +http://www.bing.com/bingbot.htm) Chrome/116.0.1938.76 Safari/537.36"
66.249.73.101 - - [26/Apr/2025:07:43:39 -0400] "GET /?i=46979139869701&channel=bae2a9&from=article.php%3Fid%3D1398697-605%26name%3DDIO+AF62 HTTP/1.1" 200 53179 "-" "Mozilla/5.0 (Linux; Android 6.0.1; Nexus 5X Build/MMB29P) AppleWebKit/537.36 (KHTML, like Gecko) Chrome/135.0.7049.95 Mobile Safari/537.36 (compatible; Googlebot/2.1; +http://www.google.com/bot.html)"
66.249.73.101 - - [26/Apr/2025:07:43:49 -0400] "GET /?i=8701649422605&channel=77783d&from=news.php%3Fid%3D494226-2765%26name%3D%E3%83%AF%E3%83%83%E3%82%AF+BASIC%E3%83%99%E3%82%A2%E5%A4%A9%E7%AB%BA%E9%95%B7%E8%A2%96%E3%83%A2%E3%83%83%E3%82%AF%E3%83%8D%E3%83%83%E3%82%AF+072244000 HTTP/1.1" 200 0 "-" "Mozilla/5.0 (Linux; Android 6.0.1; Nexus 5X Build/MMB29P) AppleWebKit/537.36 (KHTML, like Gecko) Chrome/135.0.7049.95 Mobile Safari/537.36 (compatible; GoogleOther)"
52.167.144.232 - - [26/Apr/2025:07:43:55 -0400] "GET /?i=8026173433802&channel=705ccf&from=shared.php%3Fid%3D734338-3110%26name%3D%E3%83%A9%E3%82%A6%E3%83%A9%E3%83%95%E3%82%A7%E3%83%AA%E3%83%BC%E3%83%81%E3%82%A7+Laura+Felice+%E3%80%90%E3%83%AC%E3%82%B6%E3%83%BC%E3%83%88%E3%83%BC%E3%83%88%E3%83%90%E3%83%83%E3%82%B0%E3%80%91%E3%80%90%E3%83%91%E3%82%BF%E3%83%BC%E3%83%B3%E3%82%AA%E3%83%BC%E3%83%80%E3%83%BC%E3%83%90%E3%83%83%E3%82%B0%E3%80%91%E3%80%90%E3%83%A1%E3%83%B3%E3%82%BA%E3%80%91%E3%80%90%E3%83%AC%E3%83%87%E3%82%A3%E3%83%BC%E3%82%B9%E3%80%91%E3%80%90%E3%82%B5%E3%82%B3%E3%83%83%E3%82%B7%E3%83%A5%E3%80%91%E3%80%90%E3%82%A4%E3%82%BF%E3%83%AA%E3%82%A2%E8%A3%BD%E7%94%9F%E5%9C%B0%E3%80%91%E3%80%90%E3%83%A9%E3%82%A6%E3%83%A9%E3%83%95%E3%82%A7%E3%83%AA%E3%83%BC%E3%83%81%E3%82%A7%E9%9E%84%E3%80%91+%E3%82%A8%E3%83%B3%E3%83%9C%E3%82%B9%E3%83%AC%E3%82%B6%E3%83%BC%E3%83%88%E3%83%BC%E3%83%88%E3%83%90%E3%83%83%E3%82%B0+%E3%83%AC%E3%83%83%E3%83%89 HTTP/1.1" 200 0 "-" "Mozilla/5.0 AppleWebKit/537.36 (KHTML, like Gecko; compatible; bingbot/2.0; +http://www.bing.com/bingbot.htm) Chrome/116.0.1938.76 Safari/537.36"
66.249.73.103 - - [26/Apr/2025:07:44:00 -0400] "GET /?i=8982853874103&channel=170610&from=category-info.php%3Fid%3D538741-16962%26name%3D%E3%83%9E%E3%83%83%E3%82%AF%E3%82%B3%E3%83%A9%E3%83%9C%E3%82%A8%E3%83%B4%E3%82%A1%E3%80%81%E3%83%AF%E3%83%B3%E3%83%94%E3%83%BC%E3%82%B9%E3%80%81%E3%83%97%E3%83%A9%E3%83%A2%E3%83%87%E3%83%AB%E3%82%AC%E3%83%B3%E3%83%80%E3%83%A0 HTTP/1.1" 200 52187 "-" "Mozilla/5.0 (Linux; Android 6.0.1; Nexus 5X Build/MMB29P) AppleWebKit/537.36 (KHTML, like Gecko) Chrome/135.0.7049.95 Mobile Safari/537.36 (compatible; Googlebot/2.1; +http://www.google.com/bot.html)"
66.249.73.102 - - [26/Apr/2025:07:44:14 -0400] "GET /?i=10879175321803&channel=7f985e&from=article.php%3Fid%3D1753218-29389%26name%3D%E8%B1%8A%E6%BD%A4%E3%82%B5%E3%82%B8%E3%83%BC%E3%80%801000ml HTTP/1.1" 200 0 "-" "Mozilla/5.0 (Linux; Android 6.0.1; Nexus 5X Build/MMB29P) AppleWebKit/537.36 (KHTML, like Gecko) Chrome/135.0.7049.95 Mobile Safari/537.36 (compatible; GoogleOther)"
66.249.73.101 - - [26/Apr/2025:07:44:31 -0400] "GET /?i=92116194990600&channel=258c73&from=news.php%3Fid%3D1949906-30492%26name%3D%E2%98%85Mix+UFO%E9%BB%84%E8%89%B2%E3%80%81%E7%99%BD%E3%82%BA%E3%83%83%E3%82%AD%E3%83%BC%E3%83%8B%E3%81%AE%E7%A8%AE%E5%AD%90%E3%80%8015%E7%B2%92 HTTP/1.1" 200 53133 "-" "Mozilla/5.0 (Linux; Android 6.0.1; Nexus 5X Build/MMB29P) AppleWebKit/537.36 (KHTML, like Gecko) Chrome/135.0.7049.95 Mobile Safari/537.36 (compatible; Googlebot/2.1; +http://www.google.com/bot.html)"
66.249.73.101 - - [26/Apr/2025:07:44:37 -0400] "GET /?i=9968353954604&channel=4cee15&from=category-info.php%3Fid%3D539546-12820%26name%3D%E3%80%90%E5%B0%82%E7%94%A8%E3%80%91%E9%9B%BB%E5%8B%95%E3%83%8F%E3%82%A4%E3%83%AD%E3%83%BC%E3%83%81%E3%82%A7%E3%82%A2+%E3%83%8D%E3%83%A0%E3%83%AA%E3%83%A9+AUTO+SWING+BEDi+Long HTTP/1.1" 200 52465 "-" "Mozilla/5.0 (Linux; Android 6.0.1; Nexus 5X Build/MMB29P) AppleWebKit/537.36 (KHTML, like Gecko) Chrome/135.0.7049.95 Mobile Safari/537.36 (compatible; Googlebot/2.1; +http://www.google.com/bot.html)"
66.249.73.101 - - [26/Apr/2025:07:44:46 -0400] "GET /?i=18801187247301&channel=de40e3&from=shop.php%3Fid%3D1872473-15235%26name%3D%E3%80%90%E6%9C%AA%E9%96%8B%E5%B0%81%E5%93%81%E3%80%91iWako+%E6%96%87%E6%88%BF%E5%85%B7%E5%9E%8B%E6%B6%88%E3%81%97%E3%82%B4%E3%83%A0%E3%82%BB%E3%83%83%E3%83%88 HTTP/1.1" 200 52677 "-" "Mozilla/5.0 (Linux; Android 6.0.1; Nexus 5X Build/MMB29P) AppleWebKit/537.36 (KHTML, like Gecko) Chrome/135.0.7049.95 Mobile Safari/537.36 (compatible; Googlebot/2.1; +http://www.google.com/bot.html)"
66.249.73.101 - - [26/Apr/2025:07:45:26 -0400] "GET /?i=717581837319&channel=99f909&from=news.php%3Fid%3D18373-2571%26name%3D%E3%83%9A%E3%83%B3%E3%82%AD%E5%A1%97%E6%96%99DIY%E6%B0%B4%E6%80%A7%E5%A1%97%E6%96%99DIYSTYLEDIY%E3%83%9A%E3%83%B3%E3%82%AD20kg%E3%82%AB%E3%83%A9%E3%83%BC%EF%BC%9A%E3%82%B5%E3%83%9E%E3%83%BC%E3%82%B9%E3%82%AB%E3%82%A4%E5%85%A870%E8%89%B2%E3%83%8B%E3%83%83%E3%83%9A%E3%83%9B%E3%83%BC%E3%83%A0%E3%83%97%E3%83%AD%E3%83%80%E3%82%AF%E3%83%84%7C%E6%B0%B4%E6%80%A7%E3%83%9A%E3%83%B3%E3%82%AD%E5%AE%A4%E5%86%85%E5%A3%81%E5%A3%81%E7%B4%99%E5%AE%A4%E5%86%85%E7%94%A8%E3%83%9A%E3%82%A4%E3%83%B3%E3%83%88%E5%B1%8B%E5%86%85%E3%82%A4%E3%83%B3%E3%83%86%E3%83%AA%E3%82%A2%E5%A1%97%E8%A3%85%E3%83%8B%E3%83%83%E3%83%9A%E6%A8%A1%E6%A7%98%E6%9B%BF%E3%81%88%E3%82%AF%E3%83%AA%E3%82%B9%E3%83%9E%E3%82%B9%E3%82%AB%E3%83%A9%E3%83%BC%E3%83%87%E3%82%B3%E3%83%AC%E3%83%BC%E3%82%B7%E3%83%A7%E3%83%B3%E5%A1%97%E3%82%8A%E6%9B%BF%E3%81%88 HTTP/1.1" 200 0 "-" "Mozilla/5.0 (Linux; Android 6.0.1; Nexus 5X Build/MMB29P) AppleWebKit/537.36 (KHTML, like Gecko) Chrome/135.0.7049.95 Mobile Safari/537.36 (compatible; GoogleOther)"
66.249.73.101 - - [26/Apr/2025:07:45:48 -0400] "GET /?i=71808104134404&channel=25e7be&from=shared.php%3Fid%3D1041344-1734%26name%3DSNIDEL+%E3%83%95%E3%83%AC%E3%82%A2%E3%83%81%E3%83%A5%E3%83%BC%E3%83%AB%E3%82%B3%E3%83%B3%E3%83%93%E3%83%8B%E3%83%83%E3%83%88%E3%83%AF%E3%83%B3%E3%83%94%E3%83%BC%E3%82%B9 HTTP/1.1" 200 52770 "-" "Mozilla/5.0 (Linux; Android 6.0.1; Nexus 5X Build/MMB29P) AppleWebKit/537.36 (KHTML, like Gecko) Chrome/135.0.7049.95 Mobile Safari/537.36 (compatible; Googlebot/2.1; +http://www.google.com/bot.html)"
66.249.73.103 - - [26/Apr/2025:07:46:06 -0400] "GET /?i=2741215330404&channel=f28c67&from=brands.php%3Fid%3D153304-20%26name%3DKOMINE+%E3%82%B3%E3%83%9F%E3%83%8D+JK-171+%E3%83%97%E3%83%AD%E3%83%86%E3%82%AF%E3%83%88%E3%83%A1%E3%83%83%E3%82%B7%E3%83%A5%E3%82%B8%E3%83%A3%E3%82%B1%E3%83%83%E3%83%88+%E3%82%B7%E3%83%AB%E3%83%90%E3%83%BC+XL+%E3%83%90%E3%82%A4%E3%82%AF%E7%94%A8+%E3%83%A1%E3%83%B3%E3%82%BA+0-171-KMN.SV-XL HTTP/1.1" 200 54401 "-" "Mozilla/5.0 (Linux; Android 6.0.1; Nexus 5X Build/MMB29P) AppleWebKit/537.36 (KHTML, like Gecko) Chrome/135.0.7049.95 Mobile Safari/537.36 (compatible; Googlebot/2.1; +http://www.google.com/bot.html)"
66.249.73.103 - - [26/Apr/2025:07:46:08 -0400] "GET /?i=7709954647401&channel=7d4eee&from=pin.php%3Fid%3D546474-1474%26name%3D%E8%A1%A3%E9%A1%9E%E4%B9%BE%E7%87%A5%E9%99%A4%E6%B9%BF%E6%A9%9F%E3%80%80Panasonic%E3%80%80F-YHVX120-W HTTP/1.1" 200 0 "-" "Mozilla/5.0 (Linux; Android 6.0.1; Nexus 5X Build/MMB29P) AppleWebKit/537.36 (KHTML, like Gecko) Chrome/135.0.7049.95 Mobile Safari/537.36 (compatible; GoogleOther)"
52.167.144.232 - - [26/Apr/2025:07:46:25 -0400] "GET /?i=47351128451606&channel=f08765&from=info.php%3Fid%3D1284516-9766%26name%3D%E6%A9%8B%E6%9C%AC%E5%BC%98%E5%AE%89%E3%80%81%E3%80%90%E5%B8%8C%E6%9C%9B%E3%80%91%E3%80%81%E5%B8%8C%E5%B0%91%E3%81%AA%E9%A1%8D%E8%A3%85%E7%94%A8%E7%94%BB%E9%9B%86%E3%82%88%E3%82%8A%E3%80%81%E7%8A%B6%E6%85%8B%E8%89%AF%E5%A5%BD%E3%80%81%E6%96%B0%E5%93%81%E9%A1%8D%E8%A3%85%E4%BB%98%E3%80%81%E6%97%A5%E6%9C%AC%E4%BA%BA%E7%94%BB%E5%AE%B6%E3%80%81%E9%80%81%E6%96%99%E8%BE%BC%E3%81%BF HTTP/1.1" 200 0 "-" "Mozilla/5.0 AppleWebKit/537.36 (KHTML, like Gecko; compatible; bingbot/2.0; +http://www.bing.com/bingbot.htm) Chrome/116.0.1938.76 Safari/537.36"
66.249.73.102 - - [26/Apr/2025:07:46:29 -0400] "GET /?i=7998485848304&channel=f02483&from=shop.php%3Fid%3D858483-13387%26name%3D%E5%AE%9A%E4%BE%A115950%E5%86%86+M+%E3%83%9F%E3%82%BA%E3%83%8E+%E3%83%AC%E3%83%87%E3%82%A3%E3%83%BC%E3%82%B9+%E3%83%AC%E3%82%A4%E3%83%B3%E3%82%A6%E3%82%A7%E3%82%A2+%E3%83%99%E3%83%AB%E3%82%B0%E3%83%86%E3%83%83%E3%82%AFEX%E3%82%B9%E3%83%88%E3%83%BC%E3%83%A0%E3%82%BB%E3%82%A4%E3%83%90%E3%83%BCVI+%E3%83%AC%E3%82%A4%E3%83%B3%E3%82%B9%E3%83%BC%E3%83%84%EF%BC%88M%E3%82%B5%E3%82%A4%E3%82%BA%2F%E3%83%91%E3%83%A9%E3%83%80%E3%82%A4%E3%82%B9%E3%83%94%E3%83%B3%E3%82%AF%EF%BC%89+A2MG8C0165 HTTP/1.1" 200 0 "-" "Mozilla/5.0 (Linux; Android 6.0.1; Nexus 5X Build/MMB29P) AppleWebKit/537.36 (KHTML, like Gecko) Chrome/135.0.7049.95 Mobile Safari/537.36 (compatible; GoogleOther)"
66.249.73.101 - - [26/Apr/2025:07:46:44 -0400] "GET /?i=7092844474600&channel=59a858&from=product.php%3Fid%3D444746-665%26name%3D%E3%80%9020%25OFF%E3%82%AF%E3%83%BC%E3%83%9D%E3%83%B3%E9%85%8D%E5%B8%83%E4%B8%AD%E3%80%9115%E5%8F%B7%E6%B0%B4%E9%89%A2+%E3%81%99%E3%81%84%E3%82%8C%E3%82%93%E9%89%A2+%E4%BF%A1%E6%A5%BD%E7%84%BC%E3%81%99%E3%81%84%E3%82%8C%E3%82%93%E9%89%A2+%E3%83%A1%E3%83%80%E3%82%AB%E9%89%A2+%E9%87%91%E9%AD%9A%E9%89%A2+%E7%9D%A1%E8%93%AE%E9%89%A2+%E9%99%B6%E5%99%A8%E3%82%B9%E3%82%A4%E3%83%AC%E3%83%B3%E9%89%A2+%E3%83%8F%E3%82%B9%E9%89%A2+%E3%81%AF%E3%81%99%E9%89%A2+%E3%82%81%E3%81%A0%E3%81%8B%E9%89%A2+%E9%89%A2+%E9%99%B6%E5%99%A8+%E6%B0%B4%E9%80%A3%E9%89%A2+%E6%B0%B4%E9%89%A2+%E4%BF%A1%E6%A5%BD%E7%84%BC%E3%81%8D%E7%9D%A1%E8%93%AE%E9%89%A2+%E6%89%8B%E6%B0%B4%E9%89%A2+%E6%89%8B%E3%81%A5%E3%81%8F%E3%82%8A+%E3%82%84%E3%81%8D%E3%82%82%E3%81%AE+su-0055 HTTP/1.1" 200 57447 "-" "Mozilla/5.0 (Linux; Android 6.0.1; Nexus 5X Build/MMB29P) AppleWebKit/537.36 (KHTML, like Gecko) Chrome/135.0.7049.95 Mobile Safari/537.36 (compatible; Googlebot/2.1; +http://www.google.com/bot.html)"
66.249.73.101 - - [26/Apr/2025:07:47:03 -0400] "GET /?i=5518246877300&channel=f2bde9&from=shop.php%3Fid%3D468773-7916%26name%3D%E3%83%AD%E3%83%9C%E3%83%83%E3%83%88%E6%8E%83%E9%99%A4%E6%A9%9F+10.8+V+%E3%81%8A%E3%82%88%E3%81%B3+2600+MAh+%E5%85%85%E9%9B%BB%E5%BC%8F%E3%83%90%E3%83%83%E3%83%86%E3%83%AA%E3%83%BC%E3%80%81%E3%81%AB%E5%AF%BE%E5%BF%9C+Redmond+RV-R150.RV-R151. HTTP/1.1" 200 55351 "-" "Mozilla/5.0 (Linux; Android 6.0.1; Nexus 5X Build/MMB29P) AppleWebKit/537.36 (KHTML, like Gecko) Chrome/135.0.7049.95 Mobile Safari/537.36 (compatible; Googlebot/2.1; +http://www.google.com/bot.html)"
66.249.73.102 - - [26/Apr/2025:07:47:14 -0400] "GET /?i=7853922154201&channel=b89082&from=news.php%3Fid%3D221542-1496%26name%3D%E3%82%AB%E3%82%B7%E3%82%A6%E3%82%A8%E3%82%A2+%E3%83%91%E3%83%BC%E3%82%AB%E3%83%BC+WMCH-SWP01-001+BLACK+%E3%83%96%E3%83%A9%E3%83%83%E3%82%AF+%E3%83%A1%E3%83%B3%E3%82%BA+Adult+Pullover+Hoodies+%E3%82%AB%E3%82%B7%E3%82%A6%E3%82%A7%E3%82%A2+KASHWERE%E3%80%90%E9%80%81%E6%96%99%E7%84%A1%E6%96%99%EF%BC%88%E2%80%BB%E5%8C%97%E6%B5%B7%E9%81%93%E3%83%BB%E6%B2%96%E7%B8%84%E3%81%AF%E9%85%8D%E9%80%81%E4%B8%8D%E5%8F%AF%EF%BC%89%E3%80%91 HTTP/1.1" 200 0 "-" "Mozilla/5.0 (Linux; Android 6.0.1; Nexus 5X Build/MMB29P) AppleWebKit/537.36 (KHTML, like Gecko) Chrome/135.0.7049.95 Mobile Safari/537.36 (compatible; GoogleOther)"
66.249.73.101 - - [26/Apr/2025:07:47:29 -0400] "GET /?i=70710182242501&channel=2083dc&from=jp.php%3Fid%3D1822425-18%26name%3DFintie+iPad+%E7%AC%AC10%E4%B8%96%E4%BB%A3+%E3%82%B1%E3%83%BC%E3%82%B9+2022+%E5%8D%8A%E9%80%8F%E6%98%8E%E3%83%90%E3%83%83%E3%82%AF%E3%82%AB%E3%83%90%E3%83%BC+Pencil+%E5%8F%8E%E7%B4%8D%E5%8F%AF%E8%83%BD+%E4%B8%89%E3%81%A4%E6%8A%98%E3%82%B9%E3%82%BF%E3%83%B3%E3%83%89+%E3%82%B9%E3%83%AA%E3%83%BC%E3%83%97%E6%A9%9F%E8%83%BD+%E8%BB%BD%E9%87%8F+%E8%96%84%E5%9E%8B+%E5%82%B7%E3%81%A4%E3%81%91%E9%98%B2%E6%AD%A2+PU%E5%90%88%E6%88%90%E3%83%AC%E3%82%B6%E3%83%BC+iPad+10.9%E3%82%A4%E3%83%B3%E3%83%81%28%E3%83%A2%E3%83%87%E3%83%AB%E7%95%AA%E5%8F%B7A2696%E3%80%81A2757%E3%80%81A2777%29%EF%BC%88%E3%82%B7%E3%83%AB%E3%83%90%E3%83%BC%EF%BC%89 HTTP/1.1" 200 56865 "-" "Mozilla/5.0 (Linux; Android 6.0.1; Nexus 5X Build/MMB29P) AppleWebKit/537.36 (KHTML, like Gecko) Chrome/135.0.7049.95 Mobile Safari/537.36 (compatible; Googlebot/2.1; +http://www.google.com/bot.html)"
66.249.73.101 - - [26/Apr/2025:07:47:51 -0400] "GET /?i=01812173965903&channel=d3b0f1&from=article.php%3Fid%3D1739659-1462%26name%3D%E3%80%90%E3%83%87%E3%83%8B%E3%83%A0%E3%80%91%E3%82%B9%E3%83%88%E3%83%A9%E3%82%A4%E3%83%97%E3%83%91%E3%83%83%E3%83%81%E3%83%AF%E3%83%BC%E3%82%AF%E8%AA%BF%E3%82%B8%E3%83%A3%E3%82%AC%E3%83%BC%E3%83%89%E3%83%87%E3%83%8B%E3%83%A0+7.5%E3%82%AA%E3%83%B3%E3%82%B9+%E7%B6%BF%EF%BC%88%E3%82%B3%E3%83%83%E3%83%88%E3%83%B3%EF%BC%89%EF%BC%9A100%25+%E3%83%87%E3%83%8B%E3%83%A0%E7%94%9F%E5%9C%B0+%E5%B2%A1%E5%B1%B1%E3%83%87%E3%83%8B%E3%83%A0%E3%80%90%E3%82%B8%E3%83%BC%E3%83%B3%E3%82%BA%E3%80%91%E3%80%90%E3%82%B8%E3%83%A3%E3%82%AC%E3%83%BC%E3%83%89%E3%80%91+%E3%81%A7%E3%81%AB%E4%B8%B8 HTTP/1.1" 200 0 "-" "Mozilla/5.0 (Linux; Android 6.0.1; Nexus 5X Build/MMB29P) AppleWebKit/537.36 (KHTML, like Gecko) Chrome/135.0.7049.95 Mobile Safari/537.36 (compatible; GoogleOther)"
52.167.144.217 - - [26/Apr/2025:07:48:06 -0400] "GET /?i=50172139842301&channel=609d57&from=blog.php%3Fid%3D1398423-10028%26name%3D%E3%82%A6%E3%82%A7%E3%82%B6%E3%83%BC%E3%82%B9%E3%83%88%E3%83%AA%E3%83%83%E3%83%97+4+%E5%80%8B%E8%BB%8A%E3%81%AE%E7%AA%93%E5%A4%96%E5%81%B4%E3%82%A6%E3%82%A7%E3%82%B6%E3%83%BC%E3%82%B9%E3%83%88%E3%83%AA%E3%83%83%E3%83%97%E3%82%B5%E3%82%A4%E3%83%89%E3%83%89%E3%82%A2%E3%83%A2%E3%83%BC%E3%83%AB%E3%83%87%E3%82%A3%E3%83%B3%E3%82%B0%E3%83%88%E3%83%AA%E3%83%A0%E9%98%B2%E6%B0%B4%E3%82%B7%E3%83%BC%E3%83%AB%E3%82%A2%E3%82%A6%E3%83%88%E3%83%A9%E3%83%B3%E3%83%80%E3%83%BC+2007-2011+2 HTTP/1.1" 200 0 "-" "Mozilla/5.0 AppleWebKit/537.36 (KHTML, like Gecko; compatible; bingbot/2.0; +http://www.bing.com/bingbot.htm) Chrome/116.0.1938.76 Safari/537.36"
66.249.73.101 - - [26/Apr/2025:07:48:28 -0400] "GET /?i=73302163611101&channel=9c0359&from=news.php%3Fid%3D1636111-15297%26name%3D%E9%9B%BB%E5%8B%95%E3%82%B9%E3%82%AF%E3%83%BC%E3%82%BF%E3%83%BC+%E3%83%96%E3%83%AC%E3%83%BC%E3%82%AD+%E3%83%95%E3%83%AD%E3%83%B3%E3%83%88 HTTP/1.1" 200 53668 "-" "Mozilla/5.0 (Linux; Android 6.0.1; Nexus 5X Build/MMB29P) AppleWebKit/537.36 (KHTML, like Gecko) Chrome/135.0.7049.95 Mobile Safari/537.36 (compatible; Googlebot/2.1; +http://www.google.com/bot.html)"
66.249.73.103 - - [26/Apr/2025:07:48:31 -0400] "GET /?i=7218957660403&channel=6fa71e&from=info.php%3Fid%3D576604-16158%26name%3D%E3%83%91%E3%82%AD%E3%83%9D%E3%83%87%E3%82%A3%E3%82%A6%E3%83%A0%E3%82%B0%E3%83%A9%E3%82%AD%E3%83%AA%E3%82%B9%E3%80%80%E3%82%B0%E3%83%A9%E3%82%AD%E3%83%AA%E3%82%B9%E3%80%80+%E7%99%BA%E6%A0%B9%E7%AE%A1%E7%90%86%E4%B8%AD%E3%80%80%E5%BE%AE%E7%99%BA%E6%A0%B9%E3%80%80%E7%BE%8E%E6%A0%AA%E3%80%80%E8%89%AF%E5%9E%8B HTTP/1.1" 200 0 "-" "Mozilla/5.0 (Linux; Android 6.0.1; Nexus 5X Build/MMB29P) AppleWebKit/537.36 (KHTML, like Gecko) Chrome/135.0.7049.95 Mobile Safari/537.36 (compatible; GoogleOther)"
66.249.73.102 - - [26/Apr/2025:07:49:07 -0400] "GET /?i=61778137619902&channel=4a6d22&from=jp.php%3Fid%3D1376199-23408%26name%3DX%E7%B7%9A%E9%98%B2%E8%AD%B7%E3%82%A8%E3%83%97%E3%83%AD%E3%83%B3+%E9%89%9B%E3%82%AD%E3%83%A3%E3%83%83%E3%83%97+%E9%89%9B%E9%A6%96%E8%BC%AA+%E9%89%9B%E3%83%A1%E3%82%AC%E3%83%8D+%E9%89%9B%E8%A1%A3%E9%A1%9E+4+%E7%82%B9%E3%82%BB%E3%83%83%E3%83%88%E3%80%810.35mmPb+%E9%89%9B%E3%82%AC%E3%82%A6%E3%83%B3%E3%80%81%E9%89%9B%E3%82%B4%E3%83%A0%E7%B4%A0%E6%9D%90+%E7%94%B7%E5%A5%B3%E5%85%BC%E7%94%A8 HTTP/1.1" 200 54018 "-" "Mozilla/5.0 (Linux; Android 6.0.1; Nexus 5X Build/MMB29P) AppleWebKit/537.36 (KHTML, like Gecko) Chrome/135.0.7049.95 Mobile Safari/537.36 (compatible; Googlebot/2.1; +http://www.google.com/bot.html)"
66.249.73.102 - - [26/Apr/2025:07:49:18 -0400] "GET /?i=9730489722003&channel=28e456&from=article.php%3Fid%3D897220-12521%26name%3D%E3%82%AD%E3%83%86%E3%82%A3+%E7%94%9F%E8%AA%95+25%E5%91%A8%E5%B9%B4%E8%A8%98%E5%BF%B5+%E3%81%8A%E3%81%97%E3%82%83%E3%81%B9%E3%82%8A+%E7%9B%AE%E8%A6%9A%E3%81%BE%E3%81%97%E6%99%82%E8%A8%88+to-20 HTTP/1.1" 200 0 "-" "Mozilla/5.0 (Linux; Android 6.0.1; Nexus 5X Build/MMB29P) AppleWebKit/537.36 (KHTML, like Gecko) Chrome/135.0.7049.95 Mobile Safari/537.36 (compatible; GoogleOther)"
66.249.73.102 - - [26/Apr/2025:07:49:20 -0400] "GET /?i=58093832504&channel=fbab5c&from=shared.php%3Fid%3D8325-732%26name%3D%E9%81%8A%E6%88%AF%E7%8E%8B%E3%80%80%E3%83%96%E3%83%AB%E3%83%BC%E3%82%A2%E3%82%A4%E3%82%BA+%E3%83%88%E3%82%A5%E3%83%BC%E3%83%B3+%E3%83%89%E3%83%A9%E3%82%B4%E3%83%B3%E3%80%80PSA10 HTTP/1.1" 200 53380 "-" "Mozilla/5.0 (Linux; Android 6.0.1; Nexus 5X Build/MMB29P) AppleWebKit/537.36 (KHTML, like Gecko) Chrome/135.0.7049.95 Mobile Safari/537.36 (compatible; Googlebot/2.1; +http://www.google.com/bot.html)"
66.249.73.101 - - [26/Apr/2025:07:49:40 -0400] "GET /?i=9021941129807&channel=02ffc5&from=category-info.php%3Fid%3D411298-7005%26name%3D%E3%82%B9%E3%83%88%E3%83%A924%E5%B9%B4%E6%96%B0%E5%93%81%E2%AD%90%EF%B8%8F%E5%86%8D%E5%85%A5%E8%8D%B7%E2%9D%97%EF%B8%8F%E3%82%A6%E3%83%BC%E3%83%AB%E3%82%B7%E3%83%A3%E3%82%AE%E3%83%BC%E3%82%B7%E3%83%A7%E3%83%BC%E3%83%88%E3%82%B3%E3%83%BC%E3%83%88%E3%83%A2%E3%83%98%E3%82%A2%E8%BB%BD%E3%82%A2%E3%82%A6%E3%82%BF%E3%83%BC HTTP/1.1" 200 52534 "-" "Mozilla/5.0 (Linux; Android 6.0.1; Nexus 5X Build/MMB29P) AppleWebKit/537.36 (KHTML, like Gecko) Chrome/135.0.7049.95 Mobile Safari/537.36 (compatible; Googlebot/2.1; +http://www.google.com/bot.html)"
52.167.144.232 - - [26/Apr/2025:07:49:45 -0400] "GET /?i=1381088129301&channel=ffa63b&from=category-info.php%3Fid%3D881293-1594%26name%3D%E3%83%89%E3%82%A5%E3%82%BA%E3%82%A3%E3%82%A8%E3%83%A0%E3%82%AF%E3%83%A9%E3%82%B9%E2%98%86%E3%82%BF%E3%83%83%E3%82%AF%E3%83%AF%E3%82%A4%E3%83%89%E3%83%87%E3%83%8B%E3%83%A0%E3%83%91%E3%83%B3%E3%83%84 HTTP/1.1" 200 0 "-" "Mozilla/5.0 AppleWebKit/537.36 (KHTML, like Gecko; compatible; bingbot/2.0; +http://www.bing.com/bingbot.htm) Chrome/116.0.1938.76 Safari/537.36"
66.249.73.101 - - [26/Apr/2025:07:49:46 -0400] "GET /?i=10902165752403&channel=ad28ae&from=blog.php%3Fid%3D1657524-17633%26name%3D%E6%B0%B4%E7%AD%92+1L%2F1.3%2F1.6L+%E7%9C%9F%E7%A9%BA%E6%96%AD%E7%86%B1+%E6%B0%B4%E7%AD%92%E3%83%9E%E3%82%B0%E3%83%9C%E3%83%88%E3%83%AB+%E3%83%AF%E3%83%B3%E3%82%BF%E3%83%83%E3%83%81+%E4%BF%9D%E6%B8%A9+%E4%BF%9D%E5%86%B7+%E6%B4%97%E3%81%84%E3%82%84%E3%81%99%E3%81%84+%E5%BA%83%E5%8F%A3+%E3%82%B9%E3%83%86%E3%83%B3%E3%83%AC%E3%82%B9%E3%83%9C%E3%83%88%E3%83%AB+%E6%B0%B4%E7%AD%92%E3%82%AB%E3%83%90%E3%83%BC+%E5%A5%B3%E3%81%AE HTTP/1.1" 200 0 "-" "Mozilla/5.0 (Linux; Android 6.0.1; Nexus 5X Build/MMB29P) AppleWebKit/537.36 (KHTML, like Gecko) Chrome/135.0.7049.95 Mobile Safari/537.36 (compatible; GoogleOther)"
66.249.73.101 - - [26/Apr/2025:07:49:57 -0400] "GET /?i=7656949190803&channel=f2842e&from=goods.php%3Fid%3D491908-6137%26name%3D%E3%80%90%E6%96%B0%E5%93%81%E3%83%BB%E9%80%81%E6%96%99%E7%84%A1%E6%96%99%E3%80%91+%E3%83%97%E3%83%A9%E3%83%80+PRADA+%E3%82%B5%E3%83%B3%E3%82%B0%E3%83%A9%E3%82%B9+%E9%AB%98%E7%B4%9A+%E3%83%80%E3%83%96%E3%83%AB%E3%83%96%E3%83%AA%E3%83%83%E3%82%B8+%E3%82%B0%E3%83%AC%E3%83%BC+%E3%82%A2%E3%82%B8%E3%82%A2%E3%83%B3%E3%83%95%E3%82%A3%E3%83%83%E3%83%88+SPR23V-F+516-717+%E3%83%A1%E3%83%B3%E3%82%BA+%E3%83%AC%E3%83%87%E3%82%A3%E3%83%BC%E3%82%B9 HTTP/1.1" 200 53004 "-" "Mozilla/5.0 (Linux; Android 6.0.1; Nexus 5X Build/MMB29P) AppleWebKit/537.36 (KHTML, like Gecko) Chrome/135.0.7049.95 Mobile Safari/537.36 (compatible; Googlebot/2.1; +http://www.google.com/bot.html)"
66.249.73.103 - - [26/Apr/2025:07:50:13 -0400] "GET /?i=9773174953705&channel=81325b&from=blog.php%3Fid%3D749537-17821%26name%3D%E5%8F%A4%E3%81%B3%E3%81%9F%E8%94%B5%E3%80%8E%E5%AE%8B+%E6%B1%9D%E7%AA%AF+%E9%99%B6%E7%A3%81%E5%99%A8+%E5%A4%A9%E9%9D%92%E9%87%89%E5%BC%A6%E7%B4%8B%E4%B8%89%E8%B6%B3%E6%B4%97%E3%80%8F%E9%99%B6%E8%8A%B8+%E6%9F%93%E4%BB%98+%E7%BD%AE%E7%89%A9+%E6%93%BA%E4%BB%B6+%E8%B3%9E%E7%89%A9+%E5%8F%A4%E7%BE%8E%E8%A1%93+%E9%AA%A8%E8%91%A3+%E4%B8%AD%E5%9B%BD%E5%8F%A4%E7%8E%A9 HTTP/1.1" 200 54021 "-" "Mozilla/5.0 (Linux; Android 6.0.1; Nexus 5X Build/MMB29P) AppleWebKit/537.36 (KHTML, like Gecko) Chrome/135.0.7049.95 Mobile Safari/537.36 (compatible; Googlebot/2.1; +http://www.google.com/bot.html)"
66.249.73.101 - - [26/Apr/2025:07:50:52 -0400] "GET /?i=2415199079008&channel=9cb139&from=product.php%3Fid%3D990790-3699%26name%3D%E3%80%90%E9%80%81%E6%96%99%E7%84%A1%E6%96%99%E3%80%91%E5%AD%90%E4%BE%9B%E7%94%A8%E8%87%AA%E8%BB%A2%E8%BB%8A+16%E3%82%A4%E3%83%B3%E3%83%81+%E8%87%AA%E8%BB%A2%E8%BB%8A+%E3%82%B9%E3%82%BF%E3%83%B3%E3%83%89%E4%BB%98%E3%81%8D+%E5%AD%90%E4%BE%9B%E7%94%A8+%E5%B9%BC%E5%85%90%E7%94%A8+%E8%BB%BD%E9%87%8F+%E8%A3%9C%E5%8A%A9%E8%BC%AA+%E3%83%99%E3%83%AB+%E3%83%9A%E3%82%BF%E3%83%AB+PL%E4%BF%9D%E9%99%BA%E4%BB%98%E3%81%8D+%E8%AA%95%E7%94%9F%E6%97%A5%E3%83%97%E3%83%AC%E3%82%BC%E3%83%B3%E3%83%88+%E3%82%AD%E3%83%83%E3%82%BA%E3%83%90%E3%82%A4%E3%82%AF+%E3%81%8A%E3%81%97%E3%82%83%E3%82%8C+%E5%AD%90%E4%BE%9B%E7%94%A8%E3%83%90%E3%82%A4%E3%82%AF+95%25%E7%B5%84%E7%AB%8B%E5%AE%8C%E6%88%90+Kids+%E7%94%B7%E3%81%AE%E5%AD%90+%E5%A5%B3%E3%81%AE%E5%AD%90+%E3%81%93%E3%81%A9%E3%82%82%E3%81%AE%E6%97%A5 HTTP/1.1" 200 54393 "-" "Mozilla/5.0 (Linux; Android 6.0.1; Nexus 5X Build/MMB29P) AppleWebKit/537.36 (KHTML, like Gecko) Chrome/135.0.7049.95 Mobile Safari/537.36 (compatible; Googlebot/2.1; +http://www.google.com/bot.html)"
66.249.73.103 - - [26/Apr/2025:07:51:03 -0400] "GET /?i=2058870375700&channel=d85b95&from=article.php%3Fid%3D703757-4867%26name%3D%E3%83%89%E3%82%A5%E3%83%BC%E3%82%BA%E3%82%A3%E3%82%A8%E3%83%A0%E3%82%AF%E3%83%A9%E3%82%B9+%E3%83%8B%E3%83%83%E3%83%88%E3%83%AF%E3%83%B3%E3%83%94%E3%83%BC%E3%82%B9 HTTP/1.1" 200 53011 "-" "Mozilla/5.0 (Linux; Android 6.0.1; Nexus 5X Build/MMB29P) AppleWebKit/537.36 (KHTML, like Gecko) Chrome/135.0.7049.95 Mobile Safari/537.36 (compatible; Googlebot/2.1; +http://www.google.com/bot.html)"
66.249.73.102 - - [26/Apr/2025:07:51:10 -0400] "GET /?i=85856162964303&channel=8438c9&from=info.php%3Fid%3D1629643-10809%26name%3D%E7%AC%9B%E5%90%B9%E3%81%8D%E3%82%B1%E3%83%83%E3%83%88%E3%83%AB+%E3%82%84%E3%81%8B%E3%82%93+%E7%AC%9B%E5%90%B9%E3%81%8D%E3%82%B1%E3%83%88%E3%83%AB+%E3%83%86%E3%82%A3%E3%83%BC%E3%82%B1%E3%83%88%E3%83%AB%E8%8C%B6%E6%8E%92%E6%B0%B4%E3%82%B1%E3%83%88%E3%83%AB%E3%83%9D%E3%83%83%E3%83%88%E3%83%A6%E3%83%8B%E3%83%90%E3%83%BC%E3%82%B5%E3%83%AB%E3%82%B3%E3%83%B3%E3%83%AD%E3%82%B1%E3%83%88%E3%83%AB%E3%82%B9%E3%83%86%E3%83%B3%E3%83%AC%E3%82%B9%E9%8B%BC%E3%83%86%E3%82%A3%E3%83%BC%E3%83%9D%E3%83%83%E3%83%88%E3%83%86%E3%82%A3%E3%83%BC%E3%83%9D%E3%83%83%E3%83%88%E9%9B%BB%E7%A3%81 HTTP/1.1" 200 54529 "-" "Mozilla/5.0 (Linux; Android 6.0.1; Nexus 5X Build/MMB29P) AppleWebKit/537.36 (KHTML, like Gecko) Chrome/135.0.7049.95 Mobile Safari/537.36 (compatible; Googlebot/2.1; +http://www.google.com/bot.html)"
66.249.73.101 - - [26/Apr/2025:07:51:15 -0400] "GET /?i=97818135817303&channel=aa1d81&from=blog.php%3Fid%3D1358173-3922%26name%3D%E6%9F%90%E8%92%90%E9%9B%86%E5%AE%B6%E6%94%BE%E5%87%BA%E5%93%81%EF%BC%81%E5%8F%A4%E5%82%99%E5%89%8D%E8%8A%B1%E5%85%A5+%E8%A1%A8%E5%8D%83%E5%AE%B6%E5%8D%81%E4%BA%8C%E4%BB%A3+%E6%83%BA%E6%96%8E%E8%8A%B1%E6%8A%BC+%E9%8A%98+%E8%80%81%E3%81%AE%E6%9D%BE+%E2%98%86413 HTTP/1.1" 200 0 "-" "Mozilla/5.0 (Linux; Android 6.0.1; Nexus 5X Build/MMB29P) AppleWebKit/537.36 (KHTML, like Gecko) Chrome/135.0.7049.95 Mobile Safari/537.36 (compatible; GoogleOther)"
66.249.73.101 - - [26/Apr/2025:07:51:33 -0400] "GET /?i=07498149764501&channel=117e3b&from=pin.php%3Fid%3D1497645-5731%26name%3Debure+%E3%82%A8%E3%83%96%E3%83%BC%E3%83%AB%3Cbr%3E%E3%82%B9%E3%83%A9%E3%83%83%E3%82%AF%E3%82%B9+%E3%83%AC%E3%83%87%E3%82%A3%E3%83%BC%E3%82%B9%3Cbr%3E%E3%80%90%E4%B8%AD%E5%8F%A4%E3%80%91%E3%80%90%E5%8F%A4%E7%9D%80%E3%80%91 HTTP/1.1" 200 55298 "-" "Mozilla/5.0 (Linux; Android 6.0.1; Nexus 5X Build/MMB29P) AppleWebKit/537.36 (KHTML, like Gecko) Chrome/135.0.7049.95 Mobile Safari/537.36 (compatible; Googlebot/2.1; +http://www.google.com/bot.html)"
52.167.144.217 - - [26/Apr/2025:07:52:00 -0400] "GET /?i=05830113400900&channel=4e8dd0&from=shop.php%3Fid%3D1134009-504%26name%3D9%2F5%E3%81%BE%E3%81%A7+miumiu+%E3%83%9E%E3%83%89%E3%83%A9%E3%82%B9%E3%83%95%E3%82%A3%E3%82%AA%E3%83%83%E3%82%B3 HTTP/1.1" 200 0 "-" "Mozilla/5.0 AppleWebKit/537.36 (KHTML, like Gecko; compatible; bingbot/2.0; +http://www.bing.com/bingbot.htm) Chrome/116.0.1938.76 Safari/537.36"
66.249.73.103 - - [26/Apr/2025:07:52:03 -0400] "GET /?i=07022146123202&channel=fd7e6b&from=jp.php%3Fid%3D1461232-2683%26name%3DNIKE+AIR+MAX+270%E3%82%B7%E3%83%A5%E3%83%BC%E3%82%BA HTTP/1.1" 200 54057 "-" "Mozilla/5.0 (Linux; Android 6.0.1; Nexus 5X Build/MMB29P) AppleWebKit/537.36 (KHTML, like Gecko) Chrome/135.0.7049.95 Mobile Safari/537.36 (compatible; Googlebot/2.1; +http://www.google.com/bot.html)"
66.249.73.101 - - [26/Apr/2025:07:52:19 -0400] "GET /?i=4981997852905&channel=a58160&from=category-info.php%3Fid%3D978529-11854%26name%3D%E3%80%8A%E6%96%B0%E5%93%81%E3%83%BB%E9%80%81%E6%96%99%E7%84%A1%E6%96%99%E3%80%8B%E3%83%91%E3%82%BD%E3%82%B3%E3%83%B3%E3%83%87%E3%82%B9%E3%82%AF+%E3%82%B3%E3%83%BC%E3%83%8A%E3%83%BC+%E3%83%8F%E3%82%A4%E3%82%BF%E3%82%A4%E3%83%97+%E3%83%87%E3%82%B9%E3%82%AF%E3%82%BB%E3%83%83%E3%83%88+%E3%82%AA%E3%83%BC%E3%82%AF HTTP/1.1" 200 0 "-" "Mozilla/5.0 (Linux; Android 6.0.1; Nexus 5X Build/MMB29P) AppleWebKit/537.36 (KHTML, like Gecko) Chrome/135.0.7049.95 Mobile Safari/537.36 (compatible; GoogleOther)"
66.249.73.101 - - [26/Apr/2025:07:52:27 -0400] "GET /?i=32774128178400&channel=1ad245&from=news.php%3Fid%3D1281784-11133%26name%3D%E7%BE%8E%E5%93%81%E3%80%80Coleman+%E3%82%B3%E3%83%BC%E3%83%AB%E3%83%9E%E3%83%B3%E3%80%80%E3%83%86%E3%83%B3%E3%83%88%E3%80%80%E3%83%84%E3%83%BC%E3%83%AB%E3%83%BC%E3%83%A0 HTTP/1.1" 200 53217 "-" "Mozilla/5.0 (Linux; Android 6.0.1; Nexus 5X Build/MMB29P) AppleWebKit/537.36 (KHTML, like Gecko) Chrome/135.0.7049.95 Mobile Safari/537.36 (compatible; Googlebot/2.1; +http://www.google.com/bot.html)"
66.249.73.101 - - [26/Apr/2025:07:52:44 -0400] "GET /?i=5070868793907&channel=f39431&from=brands.php%3Fid%3D687939-2890%26name%3D%E6%99%82%E4%BB%A3%E5%B8%82%E5%A0%B4%E2%96%A0%E4%BA%94%E5%A4%A7%E6%98%8E%E7%8E%8B%E2%96%A0%E6%9C%A8%E9%80%A0%E5%BD%A9%E8%89%B2+%E5%85%AD%E9%9D%A2%E5%85%AD%E8%87%82%E5%85%AD%E8%84%9A+%E5%A4%A7%E5%A8%81%E5%BE%B3%E6%98%8E%E7%8E%8B%E5%83%8F%E2%96%A0%E5%8D%97%E6%96%B9%E5%AE%88%E8%AD%B7%E7%A5%9E%E3%83%BB%E6%88%A6%E5%8B%9D%E7%A5%88%E9%A1%98%E7%A5%9E%E3%83%BB%E4%BB%8F%E5%83%8F%E3%83%BB%E5%AF%86%E6%95%99%E7%BE%8E%E8%A1%93 HTTP/1.1" 200 55486 "-" "Mozilla/5.0 (Linux; Android 6.0.1; Nexus 5X Build/MMB29P) AppleWebKit/537.36 (KHTML, like Gecko) Chrome/135.0.7049.95 Mobile Safari/537.36 (compatible; Googlebot/2.1; +http://www.google.com/bot.html)"
66.249.73.101 - - [26/Apr/2025:07:52:49 -0400] "GET /?i=7297135793503&channel=17277b&from=shared.php%3Fid%3D357935-14314%26name%3D%E4%B8%AD%E5%9B%BD+%E5%8F%A4%E7%BE%8E%E8%A1%93+%E6%B0%B4%E6%BB%B4+%E7%B4%AB%E7%A0%82%E7%BD%AE%E7%89%A9+%E8%8C%B6%E9%81%93%E5%85%B7+%E6%80%A5%E9%A0%88+%E9%AB%98%3A10cm+%E5%B9%85%3A16cm HTTP/1.1" 200 0 "-" "Mozilla/5.0 (Linux; Android 6.0.1; Nexus 5X Build/MMB29P) AppleWebKit/537.36 (KHTML, like Gecko) Chrome/135.0.7049.95 Mobile Safari/537.36 (compatible; GoogleOther)"
66.249.73.101 - - [26/Apr/2025:07:53:06 -0400] "GET /?i=1617388685403&channel=ac3292&from=news.php%3Fid%3D886854-7473%26name%3DSONY+IER-M9 HTTP/1.1" 200 53772 "-" "Mozilla/5.0 (Linux; Android 6.0.1; Nexus 5X Build/MMB29P) AppleWebKit/537.36 (KHTML, like Gecko) Chrome/135.0.7049.95 Mobile Safari/537.36 (compatible; Googlebot/2.1; +http://www.google.com/bot.html)"
52.167.144.217 - - [26/Apr/2025:07:53:31 -0400] "GET /?i=95507116640101&channel=0f1f28&from=product.php%3Fid%3D1166401-11293%26name%3D%E3%83%91%E3%83%BC%E3%82%AD%E3%83%B3%E3%82%B0%E3%83%96%E3%83%AC%E3%83%BC%E3%82%AD%E3%82%A2%E3%82%AF%E3%82%BB%E3%82%B5%E3%83%AA+34436874220+%E8%BB%8A%E3%81%AE%E8%80%90%E4%B9%85%E6%80%A7%E3%81%AE%E3%81%82%E3%82%8B%E3%82%A2%E3%82%AF%E3%82%BB%E3%82%B5%E3%83%AA%E3%83%BC%E3%83%91%E3%83%BC%E3%82%AD%E3%83%B3%E3%82%B0%E3%83%96%E3%83%AC%E3%83%BC%E3%82%AD%E3%82%A2%E3%82%AF%E3%83%81%E3%83%A5%E3%82%A8%E3%83%BC%E3%82%BF%E3%83%BC%E3%82%B3%E3%83%B3%E3%83%88%E3%83%AD%E3%83%BC%E3%83%AB%E3%83%A6%E3%83%8B HTTP/1.1" 200 0 "-" "Mozilla/5.0 AppleWebKit/537.36 (KHTML, like Gecko; compatible; bingbot/2.0; +http://www.bing.com/bingbot.htm) Chrome/116.0.1938.76 Safari/537.36"
66.249.73.101 - - [26/Apr/2025:07:53:35 -0400] "GET /?i=36272135064512&channel=93be18&from=shared.php%3Fid%3D1350645-5595%26name%3DCOTTON+CREW+CARDIGAN HTTP/1.1" 200 52852 "-" "Mozilla/5.0 (Linux; Android 6.0.1; Nexus 5X Build/MMB29P) AppleWebKit/537.36 (KHTML, like Gecko) Chrome/135.0.7049.95 Mobile Safari/537.36 (compatible; Googlebot/2.1; +http://www.google.com/bot.html)"
66.249.73.101 - - [26/Apr/2025:07:53:38 -0400] "GET /889581570190.shtml HTTP/1.1" 200 0 "-" "Mozilla/5.0 (Linux; Android 6.0.1; Nexus 5X Build/MMB29P) AppleWebKit/537.36 (KHTML, like Gecko) Chrome/135.0.7049.95 Mobile Safari/537.36 (compatible; GoogleOther)"
66.249.73.101 - - [26/Apr/2025:07:53:59 -0400] "GET /?i=0098252590906&channel=543c7d&from=form.php%3Fid%3D525909-9606%26name%3D%E6%9C%AA%E4%BD%BF%E7%94%A8%E3%83%BB%E3%82%A2%E3%83%AC%E3%82%AD%E3%82%B5%E3%83%B3%E3%83%80%E3%83%BC%E3%83%BB%E3%83%9E%E3%83%83%E3%82%AF%E3%82%A4%E3%83%BC%E3%83%B3%E3%80%80%E3%82%AF%E3%83%AD%E3%83%83%E3%83%97%E3%83%89%E3%83%91%E3%83%B3%E3%83%84%E2%97%8736%E3%82%B5%E3%82%A4%E3%82%BA%E3%80%80%E3%83%96%E3%83%A9%E3%83%83%E3%82%AF HTTP/1.1" 200 52451 "-" "Mozilla/5.0 (Linux; Android 6.0.1; Nexus 5X Build/MMB29P) AppleWebKit/537.36 (KHTML, like Gecko) Chrome/135.0.7049.95 Mobile Safari/537.36 (compatible; Googlebot/2.1; +http://www.google.com/bot.html)"
66.249.73.101 - - [26/Apr/2025:07:54:04 -0400] "GET /?i=0074457554806&channel=705ccf&from=info.php%3Fid%3D575548-3110%26name%3DTRIBECA+%E3%82%AD%E3%83%AB%E3%83%86%E3%83%83%E3%83%89%E3%83%AC%E3%82%B6%E3%83%BC+%E3%82%AF%E3%83%AD%E3%82%B9%E3%83%9C%E3%83%87%E3%82%A3+%E3%83%A9%E3%83%BC%E3%82%B8+%E3%83%9E%E3%82%A4%E3%82%B1%E3%83%AB%E3%82%B3%E3%83%BC%E3%82%B9 HTTP/1.1" 200 0 "-" "Mozilla/5.0 (Linux; Android 6.0.1; Nexus 5X Build/MMB29P) AppleWebKit/537.36 (KHTML, like Gecko) Chrome/135.0.7049.95 Mobile Safari/537.36 (compatible; GoogleOther)"
