52.167.144.18 - - [26/Apr/2025:06:26:07 -0400] "GET /?i=48091117333001&channel=e4adfa&from=product.php%3Fid%3D1173330-12874%26name%3D%E3%80%90%E5%80%8B%E4%BA%BA%E5%AE%85%E9%85%8D%E9%80%81%E4%B8%8D%E5%8F%AF%E3%80%91%E3%80%90%E5%80%8B%E6%95%B0%EF%BC%9A1%E5%80%8B%E3%80%91%E3%82%B9%E3%83%AF%E3%83%AD%E3%83%BC%E9%9B%BB%E6%A9%9F+SWALLOW+AU-1500AP+%E7%9B%B4%E9%80%81+%E4%BB%A3%E5%BC%95%E4%B8%8D%E5%8F%AF%E3%83%BB%E4%BB%96%E3%83%A1%E3%83%BC%E3%82%AB%E3%83%BC%E5%90%8C%E6%A2%B1%E4%B8%8D%E5%8F%AF%E5%9B%BD%E5%86%85%E7%94%A8%E3%83%88%E3%83%A9%E3%83%B3%E3%82%B9+%E6%B5%B7%E5%A4%96+%E5%A4%89%E5%9C%A7%E5%99%A8+AU1500AP HTTP/1.1" 200 0 "-" "Mozilla/5.0 AppleWebKit/537.36 (KHTML, like Gecko; compatible; bingbot/2.0; +http://www.bing.com/bingbot.htm) Chrome/116.0.1938.76 Safari/537.36"
66.249.73.102 - - [26/Apr/2025:06:26:31 -0400] "GET /?i=68270151275206&channel=8c54a8&from=form.php%3Fid%3D1512752-5114%26name%3DVHSC+HITACHI+VHS%E3%82%AB%E3%82%BB%E3%83%83%E3%83%88%E3%82%A2%E3%83%80%E3%83%97%E3%82%BF%E3%83%BC+TA-3B HTTP/1.1" 200 52355 "-" "Mozilla/5.0 (Linux; Android 6.0.1; Nexus 5X Build/MMB29P) AppleWebKit/537.36 (KHTML, like Gecko) Chrome/135.0.7049.95 Mobile Safari/537.36 (compatible; Googlebot/2.1; +http://www.google.com/bot.html)"
40.77.167.17 - - [26/Apr/2025:06:27:12 -0400] "GET /?i=86802119823703&channel=7b9594&from=goods.php%3Fid%3D1198237-2492%26name%3D%E7%A9%BA%E6%B0%97%E6%B8%85%E6%B5%84%E6%A9%9F+%E8%8A%B1%E7%B2%89%E5%AF%BE%E7%AD%96+%E3%82%A6%E3%82%A4%E3%83%AB%E3%82%B9%E9%99%A4%E5%8E%BB+%E3%82%B3%E3%83%B3%E3%83%91%E3%82%AF%E3%83%88+%E5%B0%8F%E5%9E%8B+%E5%AE%B6%E5%BA%AD%E7%94%A8+%E3%82%B3%E3%83%AD%E3%83%8A%E5%AF%BE%E7%AD%96+%E8%84%B1%E8%87%AD+%E9%99%A4%E8%8F%8C+USB%E5%85%85%E9%9B%BB%E5%BC%8F+21%E7%95%B3+%E9%9D%99%E9%9F%B3+3%E5%B1%A4%E3%83%95%E3%82%A3%E3%83%AB%E3%82%BF%E3%83%BC+%E9%96%93%E6%8E%A5%E7%85%A7%E6%98%8E+%E3%82%A6%E3%82%A4%E3%83%AB%E3%82%B9%E5%AF%BE%E7%AD%96+%E7%A9%BA%E6%B0%97%E6%B8%85%E6%B5%84%E6%A9%9F+%E3%83%9A%E3%83%83%E3%83%88+%E3%83%9B%E3%82%B3%E3%83%AA+%E3%83%8B%E3%82%AA%E3%82%A4+%E8%84%B1%E8%87%AD+%E8%8A%B1%E7%B2%89+PM2.5+%E8%8F%8C+%E3%82%A6%E3%82%A4%E3%83%AB%E3%82%B9+%E7%A9%BA%E6%B0%97%E6%B8%85%E6%B5%84+%E7%95%B0%E8%87%AD+%E3%82%B3%E3%83%B3%E3%83%91%E3%82%AF%E3%83%88+%E9%BB%84%E7%A0%82+%E7%9C%81%E3%82%A8%E3%83%8D HTTP/1.1" 200 0 "-" "Mozilla/5.0 AppleWebKit/537.36 (KHTML, like Gecko; compatible; bingbot/2.0; +http://www.bing.com/bingbot.htm) Chrome/116.0.1938.76 Safari/537.36"
52.167.144.18 - - [26/Apr/2025:06:27:27 -0400] "GET /?i=00765165206801&channel=bc82e8&from=product.php%3Fid%3D1652068-4585%26name%3D%E3%80%901%E5%85%AC%E6%BC%94%E3%81%AE%E3%81%BF%E4%BD%BF%E7%94%A8%E3%80%91A.H.O+%E8%97%A4%E4%BA%95%E6%B5%81%E6%98%9F%E3%81%86%E3%81%A1%E3%82%8F%E3%80%80%E3%83%9A%E3%83%B3%E3%83%A9%E3%82%A4%E3%83%88 HTTP/1.1" 200 0 "-" "Mozilla/5.0 AppleWebKit/537.36 (KHTML, like Gecko; compatible; bingbot/2.0; +http://www.bing.com/bingbot.htm) Chrome/116.0.1938.76 Safari/537.36"
66.249.73.103 - - [26/Apr/2025:06:27:44 -0400] "GET /?i=12908121825500&channel=9fb10d&from=brands.php%3Fid%3D1218255-9840%26name%3D%E3%83%9E%E3%82%AD%E3%82%BF%E3%80%80%E3%83%87%E3%82%A3%E3%82%B9%E3%82%AF%E3%82%B0%E3%83%A9%E3%82%A4%E3%83%B3%E3%83%80%E3%83%BC%E3%80%80GA512DZ HTTP/1.1" 200 52878 "-" "Mozilla/5.0 (Linux; Android 6.0.1; Nexus 5X Build/MMB29P) AppleWebKit/537.36 (KHTML, like Gecko) Chrome/135.0.7049.95 Mobile Safari/537.36 (compatible; Googlebot/2.1; +http://www.google.com/bot.html)"
66.249.73.101 - - [26/Apr/2025:06:28:24 -0400] "GET /?i=86740130498001&channel=d85b95&from=article.php%3Fid%3D1304980-4867%26name%3DTOCCA+%E3%83%88%E3%83%83%E3%82%AB+POP+TWEED+%E3%83%89%E3%83%AC%E3%82%B9+%E3%83%AF%E3%83%B3%E3%83%94%E3%83%BC%E3%82%B9+%E3%83%96%E3%83%A9%E3%83%83%E3%82%AF+0 HTTP/1.1" 200 0 "-" "Mozilla/5.0 (Linux; Android 6.0.1; Nexus 5X Build/MMB29P) AppleWebKit/537.36 (KHTML, like Gecko) Chrome/135.0.7049.95 Mobile Safari/537.36 (compatible; GoogleOther)"
52.167.144.18 - - [26/Apr/2025:06:28:27 -0400] "GET /?i=97895126727004&channel=25e7be&from=jp.php%3Fid%3D1267270-1734%26name%3DSEA%2F%E3%82%B7%E3%83%BC%2F%E3%82%A6%E3%83%BC%E3%83%AB%E3%82%AB%E3%82%B7%E3%83%9F%E3%82%A2%E3%83%AA%E3%83%96%E3%82%BF%E3%83%BC%E3%83%88%E3%83%AB%E3%82%AA%E3%83%BC%E3%83%90%E3%83%BC%E3%83%8B%E3%83%83%E3%83%88%E3%83%89%E3%83%AC%E3%82%B9 HTTP/1.1" 200 0 "-" "Mozilla/5.0 AppleWebKit/537.36 (KHTML, like Gecko; compatible; bingbot/2.0; +http://www.bing.com/bingbot.htm) Chrome/116.0.1938.76 Safari/537.36"
66.249.73.102 - - [26/Apr/2025:06:28:59 -0400] "GET /?i=25472755301&channel=8c48f3&from=blog.php%3Fid%3D7553-1675%26name%3D%E3%80%90%E9%9B%B2%E3%81%AE%E3%82%84%E3%81%99%E3%82%89%E3%81%8E%E3%83%97%E3%83%AC%E3%83%9F%E3%82%A2%E3%83%A0%E3%80%91%E3%82%BB%E3%83%9F%E3%83%80%E3%83%96%E3%83%AB%E3%83%9E%E3%83%83%E3%83%88%E3%83%AC%E3%82%B9 HTTP/1.1" 200 54833 "-" "Mozilla/5.0 (Linux; Android 6.0.1; Nexus 5X Build/MMB29P) AppleWebKit/537.36 (KHTML, like Gecko) Chrome/135.0.7049.95 Mobile Safari/537.36 (compatible; Googlebot/2.1; +http://www.google.com/bot.html)"
66.249.73.101 - - [26/Apr/2025:06:29:14 -0400] "GET /?i=60630172403301&channel=5383ec&from=form.php%3Fid%3D1724033-15257%26name%3D%E3%80%9023%E5%8C%BA%E3%80%91%E3%83%8B%E3%82%B8%E3%83%A5%E3%82%A6%E3%82%B5%E3%83%B3%E3%82%AF%E3%80%80%E3%82%BB%E3%83%83%E3%83%88%E3%82%A2%E3%83%83%E3%83%97%E3%80%80%E3%83%86%E3%83%BC%E3%83%A9%E3%83%BC%E3%83%89%E3%82%B8%E3%83%A3%E3%82%B1%E3%83%83%E3%83%88%E3%80%80%E3%83%91%E3%83%B3%E3%83%84%E3%80%80%E3%82%B0%E3%83%AC%E3%83%BC%E7%B3%BB%E3%80%80%E3%82%B5%E3%82%A4%E3%82%BA38%E3%80%80%E3%82%B9%E3%83%BC%E3%83%84%E3%80%80%E3%83%AC%E3%83%87%E3%82%A3%E3%83%BC%E3%82%B9 HTTP/1.1" 200 51765 "-" "Mozilla/5.0 (Linux; Android 6.0.1; Nexus 5X Build/MMB29P) AppleWebKit/537.36 (KHTML, like Gecko) Chrome/135.0.7049.95 Mobile Safari/537.36 (compatible; Googlebot/2.1; +http://www.google.com/bot.html)"
66.249.73.102 - - [26/Apr/2025:06:29:52 -0400] "GET /?i=99786175183102&channel=955ef8&from=info.php%3Fid%3D1751831-13218%26name%3D65W+USB+C%E3%82%B1%E3%83%BC%E3%83%96%E3%83%AB%E3%82%BF%E3%82%A4%E3%83%97C%E7%94%B7%E6%80%A7%E3%81%8B%E3%82%89%E3%82%AA%E3%82%B9%E3%81%AE%E3%82%B1%E3%83%BC%E3%83%96%E3%83%AB480Mbps%E6%97%85%E8%A1%8C%E3%82%AA%E3%83%95%E3%82%A3%E3%82%B9%E3%81%AE%E5%AD%A6%E6%A0%A1%E3%81%A8%E8%87%AA%E5%8B%95%E8%BB%8A%E3%81%AE%E4%BD%BF%E7%94%A8%E3%81%AE%E3%81%9F%E3%82%81%E3%81%AE%E9%AB%98%E9%80%9F%E3%83%87%E3%83%BC%E3%82%BF%E8%BB%A2%E9%80%81 HTTP/1.1" 200 0 "-" "Mozilla/5.0 (Linux; Android 6.0.1; Nexus 5X Build/MMB29P) AppleWebKit/537.36 (KHTML, like Gecko) Chrome/135.0.7049.95 Mobile Safari/537.36 (compatible; GoogleOther)"
66.249.73.101 - - [26/Apr/2025:06:29:59 -0400] "GET /19419146956.shtml HTTP/1.1" 200 0 "-" "Mozilla/5.0 (Linux; Android 6.0.1; Nexus 5X Build/MMB29P) AppleWebKit/537.36 (KHTML, like Gecko) Chrome/135.0.7049.95 Mobile Safari/537.36 (compatible; GoogleOther)"
66.249.73.101 - - [26/Apr/2025:06:30:05 -0400] "GET /?i=6708644246403&channel=00cc70&from=brands.php%3Fid%3D442464-15576%26name%3D%E6%B2%B9%E5%BD%A9%E9%A1%8D%E7%B8%81+%E6%B2%B9%E7%B5%B5%E9%A1%8D%E7%B8%81+%E3%82%A2%E3%83%AB%E3%83%9F%E3%83%95%E3%83%AC%E3%83%BC%E3%83%A0+%E3%82%B5%E3%82%A4%E3%82%BAM50+%E3%80%8C%E3%83%95%E3%83%A9%E3%83%83%E3%83%8845%E3%80%8D+%E3%83%81%E3%82%BF%E3%83%B3 HTTP/1.1" 200 0 "-" "Mozilla/5.0 (Linux; Android 6.0.1; Nexus 5X Build/MMB29P) AppleWebKit/537.36 (KHTML, like Gecko) Chrome/135.0.7049.95 Mobile Safari/537.36 (compatible; GoogleOther)"
66.249.73.103 - - [26/Apr/2025:06:32:53 -0400] "GET /?i=00880171540908&channel=e3e6a8&from=article.php%3Fid%3D1715409-13441%26name%3D%E7%8A%AC+%E6%9C%8D+%E3%83%8D%E3%82%B3+%E7%8C%AB+%E3%83%9A%E3%83%83%E3%83%88+%E6%98%A5+%E5%A4%8F+%E7%A7%8B+%E5%86%AC+%E3%83%9A%E3%83%83%E3%83%88%E3%83%90%E3%82%B9%E3%82%BF%E3%82%AA%E3%83%AB+%E7%8A%AC%E7%94%A8%E3%82%BF%E3%82%AA%E3%83%AB+%E7%8C%AB%E7%94%A8%E3%82%BF%E3%82%AA%E3%83%AB+%E3%83%9C%E3%83%87%E3%82%A3%E3%83%BC%E3%82%BF%E3%82%AA%E3%83%AB+%E4%BD%93%E6%8B%AD%E3%81%8D+%E5%90%B8%E6%B0%B4+%E9%80%9F%E4%B9%BE+%E3%82%BF%E3%82%AA%E3%83%AB+%E5%A4%A7%E5%88%A4+%E3%81%8A%E9%A2%A8%E5%91%82%E3%82%BF%E3%82%AA%E3%83%AB HTTP/1.1" 200 54022 "-" "Mozilla/5.0 (Linux; Android 6.0.1; Nexus 5X Build/MMB29P) AppleWebKit/537.36 (KHTML, like Gecko) Chrome/135.0.7049.95 Mobile Safari/537.36 (compatible; Googlebot/2.1; +http://www.google.com/bot.html)"
40.77.167.17 - - [26/Apr/2025:06:33:03 -0400] "GET /?i=49548104059902&channel=dc172b&from=product.php%3Fid%3D1040599-8372%26name%3D%E3%80%90%E3%81%8A%E5%BE%97%E3%81%AA4%E5%80%8B%E3%82%BB%E3%83%83%E3%83%88%E3%80%91%E6%8A%98%E3%82%8A%E3%83%95%E3%82%BF%E4%B8%80%E4%BD%93%E5%9E%8BHDOH-75L+%E3%83%96%E3%83%AB%E3%83%BC%E3%83%BB%E3%82%AF%E3%83%AA%E3%82%A2%3Cbr%3E%E3%82%A2%E3%82%A4%E3%83%AA%E3%82%B9%E3%82%AA%E3%83%BC%E3%83%A4%E3%83%9E HTTP/1.1" 200 0 "-" "Mozilla/5.0 AppleWebKit/537.36 (KHTML, like Gecko; compatible; bingbot/2.0; +http://www.bing.com/bingbot.htm) Chrome/116.0.1938.76 Safari/537.36"
40.77.167.17 - - [26/Apr/2025:06:33:04 -0400] "GET /?i=89987152419402&channel=88cc25&from=category-info.php%3Fid%3D1524194-5727%26name%3D%E3%80%90+%E3%83%9E%E3%83%A9%E3%82%BD%E3%83%B3%E9%99%90%E5%AE%9A%E3%82%AF%E3%83%BC%E3%83%9D%E3%83%B3%E9%85%8D%E5%B8%83%E4%B8%AD+%E3%80%91%E3%82%B5%E3%83%B3%E3%83%A9%E3%82%A4%E3%83%B3+%E7%9F%B3%E9%AF%9B%E7%94%A8%E9%81%93%E7%B3%B8+%E7%9F%B3%E9%AF%9B%E9%AC%BC%E6%86%A7+%28%E3%82%A4%E3%82%B7%E3%83%80%E3%82%A4%E3%82%AD%E3%83%89%E3%82%A6%29+300m%E5%B7%BB+16%E5%8F%B7+18%E5%8F%B7+20%E5%8F%B7+22%E5%8F%B7+24%E5%8F%B7+%E3%83%8A%E3%82%A4%E3%83%AD%E3%83%B3%E3%83%A9%E3%82%A4%E3%83%B3+SUNLINE+%E7%A3%AFSP+Ishidaikidou-enntou+%E9%87%A3%E3%82%8A+%E9%87%A3%E5%85%B7+%E9%87%A3%E3%82%8A%E5%85%B7+%E3%83%95%E3%82%A3%E3%83%83%E3%82%B7%E3%83%B3%E3%82%B0+%E3%83%A9%E3%82%A4%E3%83%B3+%E7%B3%B8+%E7%A3%AF+%E5%BA%95%E7%89%A9+%E9%81%93%E7%B3%B8+%E3%83%8A%E3%82%A4%E3%83%AD%E3%83%B3+%E7%A3%AF%E9%87%A3%E3%82%8A+%E7%9F%B3%E9%AF%9B+%E3%82%AF%E3%83%81%E3%82%B8%E3%83%AD+%E3%82%AF%E3%82%A8+%E5%A4%A7%E7%89%A9 HTTP/1.1" 200 0 "-" "Mozilla/5.0 AppleWebKit/537.36 (KHTML, like Gecko; compatible; bingbot/2.0; +http://www.bing.com/bingbot.htm) Chrome/116.0.1938.76 Safari/537.36"
66.249.74.11 - - [26/Apr/2025:06:33:23 -0400] "GET /70858613076.shtml HTTP/1.1" 200 0 "-" "Mozilla/5.0 (Linux; Android 6.0.1; Nexus 5X Build/MMB29P) AppleWebKit/537.36 (KHTML, like Gecko) Chrome/135.0.7049.95 Mobile Safari/537.36 (compatible; GoogleOther)"
52.167.144.16 - - [26/Apr/2025:06:33:39 -0400] "GET /?i=8984491800714&channel=cde794&from=form.php%3Fid%3D918007-859%26name%3DVictor%E3%83%BBJVC+Everio%E3%80%80%E3%83%93%E3%83%87%E3%82%AA%E3%82%AB%E3%83%A1%E3%83%A9%E3%80%80BD%E3%80%81DVD%E3%83%A9%E3%82%A4%E3%82%BF%E3%83%BC%E3%82%BB%E3%83%83%E3%83%88%E5%A3%B2%E3%82%8A HTTP/1.1" 200 0 "-" "Mozilla/5.0 AppleWebKit/537.36 (KHTML, like Gecko; compatible; bingbot/2.0; +http://www.bing.com/bingbot.htm) Chrome/116.0.1938.76 Safari/537.36"
66.249.73.103 - - [26/Apr/2025:06:34:19 -0400] "GET /24099490349.shtml HTTP/1.1" 200 0 "-" "Mozilla/5.0 (Linux; Android 6.0.1; Nexus 5X Build/MMB29P) AppleWebKit/537.36 (KHTML, like Gecko) Chrome/135.0.7049.95 Mobile Safari/537.36 (compatible; GoogleOther)"
66.249.73.101 - - [26/Apr/2025:06:30:17 -0400] "GET /?i=21161161431601&channel=057003&from=product.php%3Fid%3D1614316-2468%26name%3D%E3%82%A2%E3%83%AB%E3%82%AB%E3%83%AA%E4%B9%BE%E9%9B%BB%E6%B1%A0%EF%BC%A5%EF%BC%B6%EF%BC%AF%EF%BC%AC%EF%BC%B4%EF%BC%A1%E3%80%80%E5%8D%98%EF%BC%93%E5%BD%A2%E3%80%80%EF%BC%92%EF%BC%90%E6%9C%AC%E5%85%A5%3Cbr%3ELR6EJ%2F20SW%3Cbr%3E%E3%80%90%EF%BC%B0%EF%BD%81%EF%BD%8E%EF%BD%81%EF%BD%93%EF%BD%8F%EF%BD%8E%EF%BD%89%EF%BD%83%E3%80%91 HTTP/1.1" 200 0 "-" "Mozilla/5.0 (Linux; Android 6.0.1; Nexus 5X Build/MMB29P) AppleWebKit/537.36 (KHTML, like Gecko) Chrome/135.0.7049.95 Mobile Safari/537.36 (compatible; GoogleOther)"
66.249.73.101 - - [26/Apr/2025:06:30:35 -0400] "GET /?i=9988586968702&channel=bcace2&from=article.php%3Fid%3D869687-3075%26name%3D%E9%A3%9B%E9%A8%A8%E7%94%A3%E6%A5%AD+%E3%82%AD%E3%83%84%E3%83%84%E3%82%AD%E3%83%9E%E3%83%BC%E3%82%AF+%E5%A4%A9%E7%84%B6%E6%9C%A8+%E3%82%B5%E3%82%A4%E3%83%89%E3%83%86%E3%83%BC%E3%83%96%E3%83%AB+%E3%82%AD%E3%83%83%E3%83%81%E3%83%B3%E3%83%AF%E3%82%B4%E3%83%B3+%E6%BF%83%E8%8C%B6 HTTP/1.1" 200 0 "-" "Mozilla/5.0 (Linux; Android 6.0.1; Nexus 5X Build/MMB29P) AppleWebKit/537.36 (KHTML, like Gecko) Chrome/135.0.7049.95 Mobile Safari/537.36 (compatible; GoogleOther)"
66.249.73.101 - - [26/Apr/2025:06:31:18 -0400] "GET /?i=8636519351103&channel=45dfbd&from=shared.php%3Fid%3D193511-6448%26name%3DDOSHISHA+%E3%83%89%E3%82%A6%E3%82%B7%E3%82%B7%E3%83%A3+DCC-12CM+LED+%E3%82%B7%E3%83%BC%E3%83%AA%E3%83%B3%E3%82%B0%E3%83%A9%E3%82%A4%E3%83%88 HTTP/1.1" 200 0 "-" "Mozilla/5.0 (Linux; Android 6.0.1; Nexus 5X Build/MMB29P) AppleWebKit/537.36 (KHTML, like Gecko) Chrome/135.0.7049.95 Mobile Safari/537.36 (compatible; GoogleOther)"
20.15.133.191 - - [26/Apr/2025:06:31:30 -0400] "GET /?i=6183783335704&channel=8d3c07&from=shared.php%3Fid%3D833357-759%26name%3DMIMUGO+BEPN18+3%E8%BC%AA%E9%9B%BB%E5%8B%95%E3%82%A2%E3%82%B7%E3%82%B9%E3%83%88+%E3%81%9D%E3%81%AE%E4%BB%96 HTTP/1.1" 200 0 "-" "Mozilla/5.0 AppleWebKit/537.36 (KHTML, like Gecko; compatible; bingbot/2.0; +http://www.bing.com/bingbot.htm) Chrome/116.0.1938.76 Safari/537.36"
52.167.144.18 - - [26/Apr/2025:06:31:57 -0400] "GET /?i=2846874040702&channel=d85b95&from=pin.php%3Fid%3D740407-4867%26name%3D%E6%96%B0%E5%93%81%E6%9C%AA%E4%BD%BF%E7%94%A8%E3%82%BF%E3%82%B0%E4%BB%98%EF%BC%81%E3%82%AB%E3%82%BF%E3%83%AD%E3%82%B0%E6%8E%B2%E8%BC%89%EF%BC%81%E3%80%80%E3%82%A8%E3%83%A0%E3%82%BA%E3%82%B0%E3%83%AC%E3%82%A4%E3%82%B7%E3%83%BC++%E3%83%AF%E3%83%B3%E3%83%94%E3%83%BC%E3%82%B9%E3%80%80%E3%83%8B%E3%83%83%E3%83%88%E3%80%80%E8%8A%B1%E6%9F%84 HTTP/1.1" 200 0 "-" "Mozilla/5.0 AppleWebKit/537.36 (KHTML, like Gecko; compatible; bingbot/2.0; +http://www.bing.com/bingbot.htm) Chrome/116.0.1938.76 Safari/537.36"
40.77.167.17 - - [26/Apr/2025:06:34:43 -0400] "GET /?i=3363142106706&channel=d4f81f&from=product.php%3Fid%3D421067-6451%26name%3DLOGOS+%E3%83%AD%E3%82%B4%E3%82%B9%E3%80%80%E3%82%B0%E3%83%A9%E3%83%B3%E3%83%99%E3%83%BC%E3%82%B7%E3%83%83%E3%82%AF+%E3%82%B0%E3%83%A9%E3%83%B3%E3%83%97%E3%82%BD%E3%83%95%E3%82%A12 HTTP/1.1" 200 0 "-" "Mozilla/5.0 AppleWebKit/537.36 (KHTML, like Gecko; compatible; bingbot/2.0; +http://www.bing.com/bingbot.htm) Chrome/116.0.1938.76 Safari/537.36"
20.15.133.191 - - [26/Apr/2025:06:34:50 -0400] "GET /?i=72422154555803&channel=25768b&from=goods.php%3Fid%3D1545558-15924%26name%3D%E6%B2%96%E7%B8%84%E9%99%90%E5%AE%9A%E3%80%80Three+Five+sango+roast+%E3%82%B3%E3%83%BC%E3%83%92%E3%83%BC+5%E8%A2%8B%E5%85%A5%E3%82%8A%E3%80%802%E7%AE%B1 HTTP/1.1" 200 0 "-" "Mozilla/5.0 AppleWebKit/537.36 (KHTML, like Gecko; compatible; bingbot/2.0; +http://www.bing.com/bingbot.htm) Chrome/116.0.1938.76 Safari/537.36"
20.15.133.191 - - [26/Apr/2025:06:34:52 -0400] "GET /?i=47279134700&channel=2375bf&from=jp.php%3Fid%3D1347-436%26name%3D%E6%97%A5%E5%8B%95%E3%80%80%EF%BC%AE%EF%BC%A9%EF%BC%A3%EF%BC%A8%EF%BC%A9%EF%BC%A4%EF%BC%AF%E3%80%80%EF%BC%AC%EF%BC%A5%EF%BC%A4%E3%82%BB%E3%83%B3%E3%82%B5%E3%83%BC%E3%83%A9%E3%82%A4%E3%83%88%E3%80%80%E3%83%95%E3%83%A9%E3%83%83%E3%83%88%E3%82%BB%E3%83%B3%E3%82%B5%E3%83%BC%E3%83%A9%E3%82%A4%E3%83%88%E3%80%80%EF%BC%95%EF%BC%90%EF%BC%B7%E3%80%80%E5%B1%8B%E5%A4%96%E5%9E%8B%E3%80%80%EF%BC%94%EF%BC%95%EF%BC%90%EF%BC%90%EF%BC%AC%EF%BD%8D%E3%80%80SLS-F50W HTTP/1.1" 200 0 "-" "Mozilla/5.0 AppleWebKit/537.36 (KHTML, like Gecko; compatible; bingbot/2.0; +http://www.bing.com/bingbot.htm) Chrome/116.0.1938.76 Safari/537.36"
66.249.73.102 - - [26/Apr/2025:06:35:09 -0400] "GET /?i=6160911116507&channel=68ab08&from=shared.php%3Fid%3D111165-4724%26name%3D%E8%B2%B4%E9%87%8D%E3%81%AA6%E5%B9%B3%E7%B1%B3+%E3%83%9A%E3%83%AB%E3%82%B7%E3%83%A3%E3%82%AD%E3%83%AA%E3%83%A0+%E3%82%B9%E3%83%9E%E3%83%83%E3%82%AF%E7%B9%94%E3%82%8A+No.29123 HTTP/1.1" 200 0 "-" "Mozilla/5.0 (Linux; Android 6.0.1; Nexus 5X Build/MMB29P) AppleWebKit/537.36 (KHTML, like Gecko) Chrome/135.0.7049.95 Mobile Safari/537.36 (compatible; GoogleOther)"
66.249.74.13 - - [26/Apr/2025:06:35:25 -0400] "GET /?i=8025626261401&channel=6fb57e&from=article.php%3Fid%3D262614-11145%26name%3D23+%E3%83%92%E3%83%A7%E3%82%A6%E3%81%AE%E3%83%9A%E3%83%B3%E3%83%80%E3%83%B3%E3%83%88or%E3%83%96%E3%83%AD%E3%83%BC%E3%83%81 HTTP/1.1" 200 0 "-" "Mozilla/5.0 (Linux; Android 6.0.1; Nexus 5X Build/MMB29P) AppleWebKit/537.36 (KHTML, like Gecko) Chrome/135.0.7049.95 Mobile Safari/537.36 (compatible; GoogleOther)"
66.249.73.102 - - [26/Apr/2025:06:35:31 -0400] "GET /?i=2803345495703&channel=f81b48&from=brands.php%3Fid%3D454957-13764%26name%3D%E5%85%89%E5%BF%8D%E4%BD%9C+%E8%B5%A4%E5%82%99%E3%81%88%E7%94%B2%E5%86%91+%E6%B5%85%E9%87%8E%E5%AE%B6%E7%B4%8B%E8%92%94%E7%B5%B5+%E5%BD%93%E4%B8%96%E5%85%B7%E8%B6%B3+%E7%AD%89%E8%BA%AB%E5%A4%A7%E7%94%B2%E5%86%91+%E9%8E%A7%E5%85%9C+%E6%88%A6%E5%9B%BD%E6%AD%A6%E5%B0%86+%E5%BD%93%E4%B8%96%E5%85%B7%E8%B6%B3%5B612219ii%5D HTTP/1.1" 200 53855 "-" "Mozilla/5.0 (Linux; Android 6.0.1; Nexus 5X Build/MMB29P) AppleWebKit/537.36 (KHTML, like Gecko) Chrome/135.0.7049.95 Mobile Safari/537.36 (compatible; Googlebot/2.1; +http://www.google.com/bot.html)"
66.249.74.12 - - [26/Apr/2025:06:35:55 -0400] "GET /49182324539.shtml HTTP/1.1" 200 0 "-" "Mozilla/5.0 (Linux; Android 6.0.1; Nexus 5X Build/MMB29P) AppleWebKit/537.36 (KHTML, like Gecko) Chrome/135.0.7049.95 Mobile Safari/537.36 (compatible; GoogleOther)"
66.249.73.102 - - [26/Apr/2025:06:36:23 -0400] "GET /?i=0091766266503&channel=d72ed5&from=shop.php%3Fid%3D662665-10997%26name%3D%E3%83%9D%E3%83%AD%E3%83%99%E3%82%A2+%E3%83%A9%E3%83%AB%E3%83%95%E3%83%AD%E3%83%BC%E3%83%AC%E3%83%B3+%E3%83%91%E3%83%B3%E3%83%84+%E6%96%B0%E5%93%81+%E3%83%9D%E3%83%AD%E3%83%A9%E3%83%AB%E3%83%95%E3%83%AD%E3%83%BC%E3%83%AC%E3%83%B3+%E3%81%8F%E3%81%BE+%E3%83%9D%E3%83%AD+%E3%83%99%E3%82%A2+%E7%B4%BA HTTP/1.1" 200 54281 "-" "Mozilla/5.0 (Linux; Android 6.0.1; Nexus 5X Build/MMB29P) AppleWebKit/537.36 (KHTML, like Gecko) Chrome/135.0.7049.95 Mobile Safari/537.36 (compatible; Googlebot/2.1; +http://www.google.com/bot.html)"
173.252.95.3 - - [26/Apr/2025:06:36:47 -0400] "GET /robots.txt HTTP/1.1" 200 79 "-" "facebookexternalhit/1.1 (+http://www.facebook.com/externalhit_uatext.php)"
173.252.95.15 - - [26/Apr/2025:06:36:48 -0400] "GET / HTTP/1.1" 200 0 "-" "facebookexternalhit/1.1 (+http://www.facebook.com/externalhit_uatext.php)"
40.77.167.17 - - [26/Apr/2025:06:36:53 -0400] "GET /?i=83884187369104&channel=93c4a1&from=info.php%3Fid%3D1873691-1398%26name%3D%E3%83%8A%E3%82%A4%E3%83%AD%E3%83%B3%E3%82%B8%E3%83%A3%E3%82%B1%E3%83%83%E3%83%88+%E3%80%8CTHRASHER%2F%E3%82%B9%E3%83%A9%E3%83%83%E3%82%B7%E3%83%A3%E3%83%BC%E3%80%8D%E3%83%AF%E3%83%83%E3%82%B7%E3%83%A3%E3%83%BC%E3%83%8A%E3%82%A4%E3%83%AD%E3%83%B3%E5%88%87%E3%82%8A%E6%9B%BF%E3%81%88%E3%80%80%E3%83%88%E3%83%A9%E3%83%83%E3%82%AF%E3%82%B8%E3%83%A3%E3%82%B1%E3%83%83%E3%83%88%E3%80%80%E3%83%93%E3%83%83%E3%82%B0%E3%82%B7%E3%83%AB%E3%82%A8%E3%83%83%E3%83%88%E3%80%80%E3%82%B9%E3%82%B1%E3%83%BC%E3%82%BF%E3%83%BC%E3%80%80%E3%82%B9%E3%83%88%E3%83%AA%E3%83%BC%E3%83%88%E3%80%80%E3%83%90%E3%83%83%E3%82%AF HTTP/1.1" 200 0 "-" "Mozilla/5.0 AppleWebKit/537.36 (KHTML, like Gecko; compatible; bingbot/2.0; +http://www.bing.com/bingbot.htm) Chrome/116.0.1938.76 Safari/537.36"
66.249.73.102 - - [26/Apr/2025:06:37:23 -0400] "GET /?i=15289131785004&channel=93be18&from=info.php%3Fid%3D1317850-5595%26name%3D%E3%83%A9%E3%83%83%E3%83%95%E3%83%AB%E3%83%95%E3%83%AA%E3%83%AB%E3%83%8B%E3%83%83%E3%83%88 HTTP/1.1" 200 0 "-" "Mozilla/5.0 (Linux; Android 6.0.1; Nexus 5X Build/MMB29P) AppleWebKit/537.36 (KHTML, like Gecko) Chrome/135.0.7049.95 Mobile Safari/537.36 (compatible; GoogleOther)"
52.167.144.197 - - [26/Apr/2025:06:37:34 -0400] "GET /?i=79022153497100&channel=cb2442&from=shared.php%3Fid%3D1534971-5024%26name%3D%E3%83%87%E3%83%8B%E3%83%A0%E3%83%9F%E3%83%8B%E3%82%B9%E3%82%AB%E3%83%BC%E3%83%88+%E3%83%87%E3%83%8B%E3%83%A0%E3%82%BF%E3%82%A4%E3%83%88%E3%82%B9%E3%82%AB%E3%83%BC%E3%83%88+%E3%83%87%E3%83%8B%E3%83%A0%E3%82%B9%E3%82%AB%E3%83%BC%E3%83%88 HTTP/1.1" 200 0 "-" "Mozilla/5.0 AppleWebKit/537.36 (KHTML, like Gecko; compatible; bingbot/2.0; +http://www.bing.com/bingbot.htm) Chrome/116.0.1938.76 Safari/537.36"
52.167.144.149 - - [26/Apr/2025:06:37:38 -0400] "GET /?i=08412178438001&channel=a8d35c&from=blog.php%3Fid%3D1784380-29703%26name%3D%E3%83%8D%E3%82%B3%E3%83%9D%E3%82%B9%E7%99%BA%E9%80%81%E3%80%80%E3%83%9D%E3%83%88%E3%82%B9%E3%80%80%E3%83%9E%E3%83%BC%E3%83%96%E3%83%AB%E3%82%AF%E3%82%A4%E3%83%BC%E3%83%B3%E3%80%80%E6%8A%9C%E3%81%8D%E8%8B%97%E3%80%80%E8%A6%B3%E8%91%89%E6%A4%8D%E7%89%A9%E3%80%80%E3%82%A4%E3%83%B3%E3%83%86%E3%83%AA%E3%82%A2%E3%82%B0%E3%83%AA%E3%83%BC%E3%83%B3 HTTP/1.1" 200 0 "-" "Mozilla/5.0 AppleWebKit/537.36 (KHTML, like Gecko; compatible; bingbot/2.0; +http://www.bing.com/bingbot.htm) Chrome/116.0.1938.76 Safari/537.36"
20.15.133.174 - - [26/Apr/2025:06:37:43 -0400] "GET /?i=6214010476000&channel=02de2f&from=shop.php%3Fid%3D104760-7672%26name%3DFOX%E3%83%95%E3%82%A1%E3%83%BC%E3%82%B9%E3%82%BF%E3%83%B3%E3%83%89%E3%83%99%E3%83%AB%E3%83%86%E3%83%83%E3%83%89%E3%83%80%E3%82%A6%E3%83%B3%E3%80%80%E3%83%8A%E3%83%8E%E3%83%A6%E3%83%8B%E3%83%90%E3%83%BC%E3%82%B9+%C2%A0++%E8%A5%BF%E5%B7%9D%E3%83%80%E3%82%A6%E3%83%B3 HTTP/1.1" 200 0 "-" "Mozilla/5.0 AppleWebKit/537.36 (KHTML, like Gecko; compatible; bingbot/2.0; +http://www.bing.com/bingbot.htm) Chrome/116.0.1938.76 Safari/537.36"
52.167.144.149 - - [26/Apr/2025:06:37:48 -0400] "GET /?i=22788186132200&channel=8325b4&from=jp.php%3Fid%3D1861322-30522%26name%3D%D0%91+%E3%80%90%E3%83%88%E3%83%A8%E3%82%BF%E3%83%BB%E3%83%80%E3%82%A4%E3%83%8F%E3%83%84%E3%83%BB%E3%82%B9%E3%82%BA%E3%82%AD%E3%80%91+%E6%96%B0%E5%93%81+%E3%82%A2%E3%83%AB%E3%83%86%E3%82%A3%E3%82%B9+AXVH70N+%E8%BB%8A%E9%80%9F+%E9%85%8D%E7%B7%9A%E3%82%AB%E3%83%97%E3%83%A9%E3%83%BC+5%E3%83%94%E3%83%B3+%E3%82%AB%E3%83%BC%E3%83%8A%E3%83%93+%E8%BB%8A%E9%80%9F+%E3%82%B3%E3%83%8D%E3%82%AF%E3%82%BF%E3%83%BC+%E3%83%90%E3%83%83%E3%82%AF+%E4%BF%A1%E5%8F%B7%E5%8F%96%E3%82%8A%E5%87%BA%E3%81%97 HTTP/1.1" 200 0 "-" "Mozilla/5.0 AppleWebKit/537.36 (KHTML, like Gecko; compatible; bingbot/2.0; +http://www.bing.com/bingbot.htm) Chrome/116.0.1938.76 Safari/537.36"
52.167.144.149 - - [26/Apr/2025:06:37:49 -0400] "GET /?i=3897417901803&channel=117e3b&from=category-info.php%3Fid%3D179018-5731%26name%3DEl+mar+%E3%82%B9%E3%83%88%E3%83%AC%E3%83%BC%E3%83%88%E3%82%AB%E3%83%A9%E3%83%BC%E3%83%87%E3%83%8B%E3%83%A0%E3%83%91%E3%83%B3%E3%83%84 HTTP/1.1" 200 0 "-" "Mozilla/5.0 AppleWebKit/537.36 (KHTML, like Gecko; compatible; bingbot/2.0; +http://www.bing.com/bingbot.htm) Chrome/116.0.1938.76 Safari/537.36"
52.167.144.16 - - [26/Apr/2025:06:37:53 -0400] "GET /?i=111877576805&channel=bd9e99&from=shared.php%3Fid%3D75768-6813%26name%3D%E3%82%A2%E3%83%A1%E3%83%AA%E3%80%80AMERI+%E3%83%95%E3%82%A7%E3%82%A4%E3%82%AF%E3%83%A0%E3%83%BC%E3%83%88%E3%83%B3%E3%83%AA%E3%83%90%E3%83%BC%E3%82%B7%E3%83%96%E3%83%AB%E3%82%B3%E3%83%BC%E3%83%88 HTTP/1.1" 200 0 "-" "Mozilla/5.0 AppleWebKit/537.36 (KHTML, like Gecko; compatible; bingbot/2.0; +http://www.bing.com/bingbot.htm) Chrome/116.0.1938.76 Safari/537.36"
66.249.73.102 - - [26/Apr/2025:06:38:07 -0400] "GET /1777637015.shtml HTTP/1.1" 200 0 "-" "Mozilla/5.0 (Linux; Android 6.0.1; Nexus 5X Build/MMB29P) AppleWebKit/537.36 (KHTML, like Gecko) Chrome/135.0.7049.95 Mobile Safari/537.36 (compatible; GoogleOther)"
52.167.144.197 - - [26/Apr/2025:06:38:44 -0400] "GET /?i=90516157141100&channel=3e7fd9&from=news.php%3Fid%3D1571411-3091%26name%3D%E8%B6%B3%E3%81%A4%E3%81%BC%E3%83%9E%E3%83%83%E3%83%88+35cm+%E8%B6%B3%E3%83%84%E3%83%9C%E3%83%9E%E3%83%83%E3%83%88+%E8%B6%B3%E3%81%A4%E3%81%BC+%E3%83%9E%E3%83%83%E3%83%88+%E8%B6%B3%E3%83%84%E3%83%9C%E6%8A%BC%E3%81%97+%E6%8C%87%E5%9C%A7%E3%83%9C%E3%83%BC%E3%83%89%E3%83%9E%E3%83%83%E3%83%88+%E3%83%80%E3%82%A4%E3%82%A8%E3%83%83%E3%83%88+%E5%8A%B9%E6%9E%9C+%E8%B6%B3%E3%81%AE%E3%82%80%E3%81%8F%E3%81%BF+%E5%86%B7%E3%81%88+%E3%83%9E%E3%83%83%E3%82%B5%E3%83%BC%E3%82%B8%E3%83%9E%E3%83%83%E3%83%88+%E8%B6%B3%E8%A3%8F%E3%83%9E%E3%83%83%E3%82%B5%E3%83%BC%E3%82%B8+%E8%B6%B3%E8%B8%8F%E3%81%BF+%E3%83%84%E3%83%9C%E6%8A%BC%E3%81%97%E3%83%9E%E3%83%83%E3%83%88+%E3%83%9E%E3%83%83%E3%82%B5%E3%83%BC%E3%82%B8%E3%83%9E%E3%83%83%E3%83%88+%E7%96%B2%E5%8A%B4%E8%BB%BD%E6%B8%9B HTTP/1.1" 200 0 "-" "Mozilla/5.0 AppleWebKit/537.36 (KHTML, like Gecko; compatible; bingbot/2.0; +http://www.bing.com/bingbot.htm) Chrome/116.0.1938.76 Safari/537.36"
66.249.73.102 - - [26/Apr/2025:06:39:35 -0400] "GET /?i=8110014640905&channel=705ccf&from=jp.php%3Fid%3D146409-3110%26name%3DCathie+Ferrari%2F%28W%29A4%E5%AF%BE%E5%BF%9C%E6%A8%AA%E9%95%B7%E3%83%95%E3%82%A7%E3%83%9F%E3%83%8B%E3%83%B3%E3%83%90%E3%83%83%E3%82%B0 HTTP/1.1" 200 0 "-" "Mozilla/5.0 (Linux; Android 6.0.1; Nexus 5X Build/MMB29P) AppleWebKit/537.36 (KHTML, like Gecko) Chrome/135.0.7049.95 Mobile Safari/537.36 (compatible; GoogleOther)"
66.249.73.102 - - [26/Apr/2025:06:39:46 -0400] "GET /?i=0899989351600&channel=54f418&from=form.php%3Fid%3D893516-17823%26name%3D%E6%98%8E+%E7%99%BD%E9%87%89%E7%9B%A4+3%E4%BB%B6+%E5%85%B1%E7%AE%B1+%E4%B8%AD%E5%9B%BD+%E5%8F%A4%E7%BE%8E%E8%A1%93 HTTP/1.1" 200 0 "-" "Mozilla/5.0 (Linux; Android 6.0.1; Nexus 5X Build/MMB29P) AppleWebKit/537.36 (KHTML, like Gecko) Chrome/135.0.7049.95 Mobile Safari/537.36 (compatible; GoogleOther)"
66.249.73.101 - - [26/Apr/2025:06:39:58 -0400] "GET /979681435254.shtml HTTP/1.1" 200 0 "-" "Mozilla/5.0 (Linux; Android 6.0.1; Nexus 5X Build/MMB29P) AppleWebKit/537.36 (KHTML, like Gecko) Chrome/135.0.7049.95 Mobile Safari/537.36 (compatible; GoogleOther)"
66.249.73.103 - - [26/Apr/2025:06:40:24 -0400] "GET /?i=33109191051808&channel=08a344&from=pin.php%3Fid%3D1910518-11216%26name%3DCALLARON+%E8%BB%8A+%E6%9B%B2%E3%81%8C%E3%81%A3%E3%81%9F+%E3%83%8F%E3%83%B3%E3%83%89%E3%83%AB+%E3%83%96%E3%83%A9%E3%82%B7+%E3%82%BF%E3%82%A4%E3%83%A4+%E4%BF%AE%E7%90%86+%E3%83%84%E3%83%BC%E3%83%AB+%E3%82%B3%E3%83%BC%E3%83%8A%E3%83%BC+%E3%83%9A%E3%82%A4%E3%83%B3%E3%83%88+%E3%83%96%E3%83%A9%E3%82%B7+%E3%82%BF%E3%82%A4%E3%83%A4+%E6%8E%83%E9%99%A4+%E3%83%96%E3%83%A9%E3%82%B7+%E3%83%99%E3%83%BC%E3%82%B8%E3%83%A5 HTTP/1.1" 200 52489 "-" "Mozilla/5.0 (Linux; Android 6.0.1; Nexus 5X Build/MMB29P) AppleWebKit/537.36 (KHTML, like Gecko) Chrome/135.0.7049.95 Mobile Safari/537.36 (compatible; Googlebot/2.1; +http://www.google.com/bot.html)"
52.167.144.159 - - [26/Apr/2025:06:40:29 -0400] "GET /?i=56023181414103&channel=4364fe&from=pin.php%3Fid%3D1814141-12281%26name%3D%E3%82%B9%E3%83%A9%E3%83%83%E3%82%AF%E3%82%B9%E3%83%8F%E3%83%B3%E3%82%AC%E3%83%BC+%E6%B4%97%E6%BF%AF+%E5%8F%8E%E7%B4%8D%E7%94%A8+%E3%83%91%E3%83%B3%E3%83%84%E3%83%8F%E3%83%B3%E3%82%AC%E3%83%BC+%E3%83%9C%E3%83%88%E3%83%A0+%E7%89%A9%E5%B9%B2%E3%81%97%E3%83%8F%E3%83%B3%E3%82%AC%E3%83%BC++%E3%83%94%E3%83%B3%E3%83%81+%E3%82%BA%E3%83%9C%E3%83%B3%E5%8F%8E%E7%B4%8D%E7%94%A8+%E5%BC%95%E3%81%A3%E8%B6%8A%E3%81%97+%E8%A1%A3%E9%A1%9E%E5%8F%8E%E7%B4%8D+%E3%82%AF%E3%83%AD%E3%83%BC%E3%82%BC%E3%83%83%E3%83%88+%E6%8A%BC%E5%85%A5%E3%82%8C+%E3%82%B9%E3%83%83%E3%82%AD%E3%83%AA+%E4%BE%BF%E5%88%A9 HTTP/1.1" 200 0 "-" "Mozilla/5.0 AppleWebKit/537.36 (KHTML, like Gecko; compatible; bingbot/2.0; +http://www.bing.com/bingbot.htm) Chrome/116.0.1938.76 Safari/537.36"
52.167.144.149 - - [26/Apr/2025:06:40:38 -0400] "GET /?i=3029722816801&channel=ee7e66&from=shop.php%3Fid%3D228168-2491%26name%3DCANON+PIXUS+TS6630+%E3%82%B9%E3%82%BF%E3%83%B3%E3%83%80%E3%83%BC%E3%83%89%E3%83%A2%E3%83%87%E3%83%AB+%E3%82%A4%E3%83%B3%E3%82%AF%E3%82%B8%E3%82%A7%E3%83%83%E3%83%88%E8%A4%87%E5%90%88%E6%A9%9F%EF%BD%9C6256C001 HTTP/1.1" 200 0 "-" "Mozilla/5.0 AppleWebKit/537.36 (KHTML, like Gecko; compatible; bingbot/2.0; +http://www.bing.com/bingbot.htm) Chrome/116.0.1938.76 Safari/537.36"
66.249.74.13 - - [26/Apr/2025:06:41:26 -0400] "GET /31391276092.shtml HTTP/1.1" 200 0 "-" "Mozilla/5.0 (Linux; Android 6.0.1; Nexus 5X Build/MMB29P) AppleWebKit/537.36 (KHTML, like Gecko) Chrome/135.0.7049.95 Mobile Safari/537.36 (compatible; GoogleOther)"
52.167.144.197 - - [26/Apr/2025:06:42:14 -0400] "GET /?i=72171190366600&channel=d5445a&from=category-info.php%3Fid%3D1903666-8455%26name%3D%E3%80%9010%E5%80%8B%E3%82%BB%E3%83%83%E3%83%88%E3%80%91%E3%83%8A%E3%82%A4%E3%83%BC%E3%83%96+%E3%83%9C%E3%83%87%E3%82%A3%E3%82%BD%E3%83%BC%E3%83%97%EF%BC%88%E6%A1%83%E3%81%AE%E8%91%89%E3%82%A8%E3%82%AD%E3%82%B9%E9%85%8D%E5%90%88%EF%BC%89%E8%A9%B0%E6%9B%BF%E7%94%A8+%5B%E3%82%AF%E3%83%A9%E3%82%B7%E3%82%A8%E3%83%9B%E3%83%BC%E3%83%A0%E3%83%97%E3%83%AD%E3%83%80%E3%82%AF%E3%83%84%E8%B2%A9%E5%A3%B2%5D+%5B%E3%83%9C%E3%83%87%E3%82%A3%E3%82%BD%E3%83%BC%E3%83%97%5D+%E3%81%BE%E3%81%A8%E3%82%81%E5%A3%B2%E3%82%8A HTTP/1.1" 200 0 "-" "Mozilla/5.0 AppleWebKit/537.36 (KHTML, like Gecko; compatible; bingbot/2.0; +http://www.bing.com/bingbot.htm) Chrome/116.0.1938.76 Safari/537.36"
52.167.144.197 - - [26/Apr/2025:06:42:15 -0400] "GET /?i=1080324538603&channel=589e26&from=blog.php%3Fid%3D245386-44%26name%3DSayaka+Davis+%E3%82%B5%E3%83%A4%E3%82%AB%E3%83%87%E3%82%A4%E3%83%93%E3%82%B9%E3%81%AE%E3%83%AD%E3%83%B3%E3%82%B0%E3%83%AF%E3%83%B3%E3%83%94%E3%83%BC%E3%82%B9 HTTP/1.1" 200 0 "-" "Mozilla/5.0 AppleWebKit/537.36 (KHTML, like Gecko; compatible; bingbot/2.0; +http://www.bing.com/bingbot.htm) Chrome/116.0.1938.76 Safari/537.36"
52.167.144.197 - - [26/Apr/2025:06:42:16 -0400] "GET /?i=18281189978401&channel=9bcccf&from=goods.php%3Fid%3D1899784-9554%26name%3D%E5%90%8D%E6%8E%A2%E5%81%B5%E3%82%B3%E3%83%8A%E3%83%B3%E3%82%AB%E3%83%BC%E3%83%89%E3%82%B2%E3%83%BC%E3%83%A0+%E6%8E%A2%E5%81%B5%E3%81%9F%E3%81%A1%E3%81%AE%E5%88%87%E3%82%8A%E6%9C%AD+%E8%A5%BF%E3%81%A8%E6%9D%B1%E3%81%AE%E5%A4%A7%E6%B1%BA%E6%88%A6%E3%80%80%E6%9C%AA%E9%96%8B%E5%B0%81 HTTP/1.1" 200 0 "-" "Mozilla/5.0 AppleWebKit/537.36 (KHTML, like Gecko; compatible; bingbot/2.0; +http://www.bing.com/bingbot.htm) Chrome/116.0.1938.76 Safari/537.36"
52.167.144.159 - - [26/Apr/2025:06:42:20 -0400] "GET /?i=29098127252702&channel=de4b4c&from=category-info.php%3Fid%3D1272527-2458%26name%3DMacBook+Pro+14%E3%82%A4%E3%83%B3%E3%83%81%E3%80%808GB%E3%83%A6%E3%83%8B%E3%83%95%E3%82%A1%E3%82%A4%E3%83%89%E3%83%A1%E3%83%A2%E3%83%AA+512GB+SSD HTTP/1.1" 200 0 "-" "Mozilla/5.0 AppleWebKit/537.36 (KHTML, like Gecko; compatible; bingbot/2.0; +http://www.bing.com/bingbot.htm) Chrome/116.0.1938.76 Safari/537.36"
66.249.73.103 - - [26/Apr/2025:06:42:54 -0400] "GET /?i=3262158162905&channel=f1d790&from=blog.php%3Fid%3D581629-3267%26name%3DLG+32UN880-B+31.5%E3%82%A4%E3%83%B3%E3%83%81 HTTP/1.1" 200 0 "-" "Mozilla/5.0 (Linux; Android 6.0.1; Nexus 5X Build/MMB29P) AppleWebKit/537.36 (KHTML, like Gecko) Chrome/135.0.7049.95 Mobile Safari/537.36 (compatible; GoogleOther)"
66.249.73.101 - - [26/Apr/2025:06:43:22 -0400] "GET /?i=0983063138501&channel=77783d&from=article.php%3Fid%3D631385-2765%26name%3D%E7%A9%BA%E8%AA%BF%E3%82%B7%E3%83%A3%E3%83%84+%E3%83%95%E3%82%A1%E3%83%B3%E4%BB%98%E3%81%8D%E8%BF%B7%E5%BD%A9%E3%82%B9%E3%82%AB%E3%83%AB+GOLF+M%E3%80%9C4L+%E6%89%87%E9%A2%A8+%E5%A4%8F%E6%96%B0%E4%BD%9C+%E5%86%B7%E5%8D%B4%E6%9C%8D+%E3%82%B4%E3%83%AB%E3%83%95%E3%82%A6%E3%82%A7%E3%82%A2+%E5%A4%A7%E3%81%8D%E3%81%84%E3%82%B5%E3%82%A4%E3%82%BA+golf+%E7%86%B1%E4%B8%AD%E7%97%87%E5%AF%BE%E7%AD%96%2F%E3%81%8A%E6%B4%92%E8%90%BD%2F%E4%BA%95%E6%88%B8%E6%9C%A8%E9%B4%BB%E6%A8%B9%E3%83%97%E3%83%AD%E3%81%8A HTTP/1.1" 200 56755 "-" "Mozilla/5.0 (Linux; Android 6.0.1; Nexus 5X Build/MMB29P) AppleWebKit/537.36 (KHTML, like Gecko) Chrome/135.0.7049.95 Mobile Safari/537.36 (compatible; Googlebot/2.1; +http://www.google.com/bot.html)"
52.167.144.197 - - [26/Apr/2025:06:43:34 -0400] "GET /?i=5897717655102&channel=d7a359&from=form.php%3Fid%3D176551-757%26name%3D%E4%B8%80%E4%BA%BA%E6%9A%AE%E3%82%89%E3%81%97%E3%82%B5%E3%82%A4%E3%82%BA%E3%80%80%E3%82%A2%E3%82%A4%E3%83%AA%E3%82%B9%E3%82%AA%E3%83%BC%E3%83%A4%E3%83%9E+%E6%B4%97%E6%BF%AF%E6%A9%9F+4.5kg HTTP/1.1" 200 0 "-" "Mozilla/5.0 AppleWebKit/537.36 (KHTML, like Gecko; compatible; bingbot/2.0; +http://www.bing.com/bingbot.htm) Chrome/116.0.1938.76 Safari/537.36"
52.167.144.149 - - [26/Apr/2025:06:43:49 -0400] "GET /?i=87411163389700&channel=bb3e01&from=info.php%3Fid%3D1633897-27094%26name%3D%E3%82%AB%E3%83%A9%E3%83%BC%E3%82%BF%E3%83%83%E3%83%81+%E3%82%B9%E3%82%BA%E3%82%AD%E8%BB%8A%E7%94%A8+ZJ3+%E3%83%96%E3%83%AB%E3%83%BC%E3%82%A4%E3%83%83%E3%82%B7%E3%83%A5%E3%83%96%E3%83%A9%E3%83%83%E3%82%AF%E3%83%91%E3%83%BC%E3%83%AB3%EF%BC%88S-33%EF%BC%89+20ml+%E8%A3%9C%E4%BF%AE%E3%82%BF%E3%83%83%E3%83%81%E3%83%9A%E3%83%B3+%E3%83%9B%E3%83%AB%E3%83%84%2FHolts+MH36033 HTTP/1.1" 200 0 "-" "Mozilla/5.0 AppleWebKit/537.36 (KHTML, like Gecko; compatible; bingbot/2.0; +http://www.bing.com/bingbot.htm) Chrome/116.0.1938.76 Safari/537.36"
52.167.144.159 - - [26/Apr/2025:06:44:20 -0400] "GET /?i=8371078759205&channel=b47e13&from=info.php%3Fid%3D787592-9165%26name%3D%E3%82%BD%E3%83%BC%E3%83%80%E3%82%B9%E3%83%88%E3%83%AA%E3%83%BC%E3%83%A0+%E3%82%AC%E3%82%B9%E3%82%B7%E3%83%AA%E3%83%B3%E3%83%80%E3%83%BC+%E7%A9%BA%E6%B0%97%E5%9C%A7%E3%83%81%E3%82%A7%E3%82%A2%E3%82%AC%E3%82%B9%E3%83%AA%E3%83%95%E3%83%88%E3%83%99%E3%83%BC%E3%82%B9%E3%83%94%E3%82%B9%E3%83%88%E3%83%B3%E8%AA%BF%E7%AF%80%E5%8F%AF%E8%83%BD%E3%81%AA%E3%82%B7%E3%83%BC%E3%83%88%E6%94%AF%E6%8C%81%E3%83%AD%E3%83%83%E3%83%89%E3%82%B7%E3%83%AA%E3%83%B3%E3%83%80%E3%83%BC%E3%83%9B%E3%83%BC%E3%83%A0%E3%82%AA%E3%83%95%E3%82%A3%E3%82%B9%E3%82%B7%E3%83%BC%E3%83%88+%E6%A4%85%E5%AD%90 HTTP/1.1" 200 0 "-" "Mozilla/5.0 AppleWebKit/537.36 (KHTML, like Gecko; compatible; bingbot/2.0; +http://www.bing.com/bingbot.htm) Chrome/116.0.1938.76 Safari/537.36"
52.167.144.197 - - [26/Apr/2025:06:44:25 -0400] "GET /?i=88839133911600&channel=71b1f9&from=brands.php%3Fid%3D1339116-5762%26name%3DSUBARU+%E3%83%95%E3%82%A9%E3%83%AC%E3%82%B9%E3%82%BF%E3%83%BC%E7%B4%94%E6%AD%A3%E3%83%88%E3%83%AC%E3%83%BC%E3%83%9E%E3%83%83%E3%83%88%E3%80%802022%2F11+1%E3%83%B6%E6%9C%88%E4%BD%BF%E7%94%A8%E4%B8%AD%E5%8F%A4 HTTP/1.1" 200 0 "-" "Mozilla/5.0 AppleWebKit/537.36 (KHTML, like Gecko; compatible; bingbot/2.0; +http://www.bing.com/bingbot.htm) Chrome/116.0.1938.76 Safari/537.36"
66.249.73.102 - - [26/Apr/2025:06:44:31 -0400] "GET /940211140538.shtml HTTP/1.1" 200 0 "-" "Mozilla/5.0 (Linux; Android 6.0.1; Nexus 5X Build/MMB29P) AppleWebKit/537.36 (KHTML, like Gecko) Chrome/135.0.7049.95 Mobile Safari/537.36 (compatible; GoogleOther)"
57.141.4.23 - - [26/Apr/2025:06:44:35 -0400] "GET /?i=21392162296306& HTTP/1.1" 200 0 "-" "meta-externalagent/1.1 (+https://developers.facebook.com/docs/sharing/webmasters/crawler)"
66.249.73.102 - - [26/Apr/2025:06:44:53 -0400] "GET /?i=92835130250008&channel=7c8369&from=brands.php%3Fid%3D1302500-9005%26name%3D%E3%83%93%E3%83%B3%E3%83%86%E3%83%BC%E3%82%B8%E5%93%81%E3%83%BB%E6%B8%A9%E5%BA%A6%E8%A8%88%EF%BC%86%E6%B0%97%E5%9C%A7%E8%A8%88%E3%83%BB%E3%83%90%E3%83%AD%E3%83%A1%E3%82%A4%E3%82%BF%E3%83%BC%E3%83%BB%E3%82%A4%E3%82%BF%E3%83%AA%E3%82%A2%E3%83%BB%E3%83%94%E3%83%A5%E3%83%BC%E3%82%BF%E3%83%BC%E3%83%BB%E9%8C%AB%E3%81%B5 HTTP/1.1" 200 54008 "-" "Mozilla/5.0 (Linux; Android 6.0.1; Nexus 5X Build/MMB29P) AppleWebKit/537.36 (KHTML, like Gecko) Chrome/135.0.7049.95 Mobile Safari/537.36 (compatible; Googlebot/2.1; +http://www.google.com/bot.html)"
66.249.74.11 - - [26/Apr/2025:06:44:55 -0400] "GET /?i=0472613139901&channel=eb82bb&from=shared.php%3Fid%3D131399-2928%26name%3D%E7%A2%BA%E8%AA%8D%E7%94%A8 HTTP/1.1" 200 0 "-" "Mozilla/5.0 (Linux; Android 6.0.1; Nexus 5X Build/MMB29P) AppleWebKit/537.36 (KHTML, like Gecko) Chrome/135.0.7049.95 Mobile Safari/537.36 (compatible; GoogleOther)"
66.249.73.103 - - [26/Apr/2025:06:45:06 -0400] "GET /?i=97478148380108&channel=d3dfd7&from=article.php%3Fid%3D1483801-5081%26name%3D%E3%80%90GAP+%E8%82%B2%E3%81%A4+%E3%82%AE%E3%83%A3%E3%83%83%E3%83%97%E3%80%91%E3%80%80%E3%83%9C%E3%83%BC%E3%83%80%E3%83%BC%E3%80%80%E5%8D%8A%E8%A2%96%E3%83%8B%E3%83%83%E3%83%88%E3%80%80%E3%82%86%E3%81%A3%E3%81%9F%E3%82%8A%E3%80%80%E6%B4%97%E3%81%88%E3%82%8B HTTP/1.1" 200 0 "-" "Mozilla/5.0 (Linux; Android 6.0.1; Nexus 5X Build/MMB29P) AppleWebKit/537.36 (KHTML, like Gecko) Chrome/135.0.7049.95 Mobile Safari/537.36 (compatible; GoogleOther)"
52.167.144.159 - - [26/Apr/2025:06:45:50 -0400] "GET /?i=26763169966201&channel=1463da&from=goods.php%3Fid%3D1699662-8398%26name%3DTOMYTEC+%E3%82%B6%E3%83%BB%E4%BA%BA%E9%96%93+063+%E8%AD%A6%E5%AF%9F%E7%BD%B2%E3%81%AE%E4%BA%BA%E3%80%85+%E3%83%95%E3%82%A3%E3%82%AE%E3%83%A5%E3%82%A2%E3%82%BB%E3%83%83%E3%83%88+%E3%83%88%E3%83%9F%E3%83%BC%E3%83%86%E3%83%83%E3%82%AF HTTP/1.1" 200 0 "-" "Mozilla/5.0 AppleWebKit/537.36 (KHTML, like Gecko; compatible; bingbot/2.0; +http://www.bing.com/bingbot.htm) Chrome/116.0.1938.76 Safari/537.36"
52.167.144.159 - - [26/Apr/2025:06:45:51 -0400] "GET /?i=90158113322206&channel=9cb139&from=info.php%3Fid%3D1133222-3699%26name%3DVARZO-II%E3%80%94%E3%83%90%E3%83%AB%E3%83%84%E3%82%A9II%E3%80%95+16%E3%82%A4%E3%83%B3%E3%83%81+%E3%83%9F%E3%83%8B%E3%83%95%E3%82%A9%E3%83%BC%E3%83%AB%E3%83%87%E3%82%A3%E3%83%B3%E3%82%B0%E3%83%90%E3%82%A4%E3%82%AF+%E3%80%90SHIMANO+Tourney%E3%80%91+%E3%82%B7%E3%83%9E%E3%83%8E6%E6%AE%B5%E5%A4%89%E9%80%9F%E6%90%AD%E8%BC%89+%E6%8A%98%E3%82%8A%E3%81%9F%E3%81%9F%E3%81%BF%E8%87%AA%E8%BB%A2%E8%BB%8A+%5B%E3%83%81%E3%82%A7%E3%83%BC%E3%83%B3%E3%83%9B%E3%82%A4%E3%83%BC%E3%83%AB48T%E4%BB%95%E6%A7%98%5D+%E6%94%B9%E8%89%AF%E5%9E%8B+MDL31008+%E9%80%9A%E5%8B%A4+%E9%80%9A%E5%AD%A6+%E3%82%B5%E3%82%A4%E3%82%AF%E3%83%AA%E3%83%B3%E3%82%B0 HTTP/1.1" 200 0 "-" "Mozilla/5.0 AppleWebKit/537.36 (KHTML, like Gecko; compatible; bingbot/2.0; +http://www.bing.com/bingbot.htm) Chrome/116.0.1938.76 Safari/537.36"
52.167.144.159 - - [26/Apr/2025:06:45:52 -0400] "GET /?i=1829539866101&channel=de054e&from=goods.php%3Fid%3D398661-10078%26name%3D%E3%80%8A3%E5%BD%A2%E6%85%8B%E5%90%8C%E6%99%82%E8%B3%BC%E5%85%A5DVD%E3%82%BB%E3%83%83%E3%83%88%E3%80%8B+SixTONES+GOLD+%E7%89%B9%E5%85%B83%E7%A8%AE%E4%BB%98%E5%B1%9E+%E3%80%90%E5%88%9D%E5%9B%9EA%E7%9B%A4%2B%E5%88%9D%E5%9B%9EB%E7%9B%A4%2B%E9%80%9A%E5%B8%B8%E7%9B%A4%E3%80%91%E7%89%B9%E5%85%B8%E5%86%85%E5%AE%B9%E6%9C%AA%E5%AE%9A+%E3%83%95%E3%82%A9%E3%83%88%E3%83%96%E3%83%83%E3%82%AF HTTP/1.1" 200 0 "-" "Mozilla/5.0 AppleWebKit/537.36 (KHTML, like Gecko; compatible; bingbot/2.0; +http://www.bing.com/bingbot.htm) Chrome/116.0.1938.76 Safari/537.36"
52.167.144.197 - - [26/Apr/2025:06:45:55 -0400] "GET /?i=7677766326400&channel=14b506&from=goods.php%3Fid%3D663264-2573%26name%3D%E3%80%90%E3%81%8A%E5%8F%96%E5%AF%84%E3%81%9B%E5%93%81%E3%80%91+%E3%82%AD%E3%83%A4%E3%83%8E%E3%83%B3%E3%80%80%E8%80%90%E6%B0%B4%E3%83%9D%E3%82%B9%E3%82%BF%E3%83%BC%E5%90%88%E6%88%90%E7%B4%99%EF%BC%88%E3%83%9E%E3%83%83%E3%83%88%EF%BC%89%E7%B3%8A%E4%BB%98%E3%81%8D%E3%80%80%EF%BC%92%EF%BC%98%EF%BC%95%EF%BD%87%E3%80%80%EF%BC%AC%EF%BC%A6%EF%BC%AD%E2%88%92%EF%BC%B7%EF%BC%B2%EF%BC%A1%EF%BC%AD%EF%BC%92%EF%BC%8F%EF%BC%92%EF%BC%94%EF%BC%8F%EF%BC%92%EF%BC%98%EF%BC%95%E3%80%80%EF%BC%92%EF%BC%94%E3%82%A4%E3%83%B3%E3%83%81%E3%80%80%EF%BC%96%EF%BC%91%EF%BC%90%EF%BD%8D%EF%BD%8D%C3%97%EF%BC%92%EF%BC%90%EF%BD%8D%E3%80%80%EF%BC%92%EF%BC%93%EF%BC%94%EF%BC%95%EF%BC%A3%EF%BC%90%EF%BC%92%EF%BC%94%E3%80%80%EF%BC%91%E6%9C%AC+%E3%80%90%E9%80%81%E6%96%99%E7%84%A1%E6%96%99%E3%80%91 HTTP/1.1" 200 0 "-" "Mozilla/5.0 AppleWebKit/537.36 (KHTML, like Gecko; compatible; bingbot/2.0; +http://www.bing.com/bingbot.htm) Chrome/116.0.1938.76 Safari/537.36"
52.167.144.149 - - [26/Apr/2025:06:46:00 -0400] "GET /?i=89827116677306&channel=fa6891&from=product.php%3Fid%3D1166773-2772%26name%3D%E3%80%90%E9%91%91%E5%88%A5%E6%9B%B8%E4%BB%98%E3%80%91%E5%8F%AF%E6%84%9B%E3%81%84%E3%83%AA%E3%83%9C%E3%83%B3%E3%83%A2%E3%83%81%E3%83%BC%E3%83%95%EF%BC%81+0.5ct+%E5%A4%A9%E7%84%B6+%E3%83%80%E3%82%A4%E3%83%A4%E3%83%A2%E3%83%B3%E3%83%89+K18%E3%82%A4%E3%82%A8%E3%83%AD%E3%83%BC%E3%82%B4%E3%83%BC%E3%83%AB%E3%83%89+%E3%83%AA%E3%83%B3%E3%82%B0+%E6%8C%87%E8%BC%AA+4%E6%9C%88%E8%AA%95%E7%94%9F%E7%9F%B3+18%E9%87%91+%E3%80%90%E3%82%B3%E3%83%B3%E3%83%93%E3%83%8B%E5%8F%97%E5%8F%96%E5%AF%BE%E5%BF%9C%E5%95%86%E5%93%81%E3%80%91 HTTP/1.1" 200 0 "-" "Mozilla/5.0 AppleWebKit/537.36 (KHTML, like Gecko; compatible; bingbot/2.0; +http://www.bing.com/bingbot.htm) Chrome/116.0.1938.76 Safari/537.36"
66.249.73.102 - - [26/Apr/2025:06:46:14 -0400] "GET /881921071758.shtml HTTP/1.1" 200 0 "-" "Mozilla/5.0 (Linux; Android 6.0.1; Nexus 5X Build/MMB29P) AppleWebKit/537.36 (KHTML, like Gecko) Chrome/135.0.7049.95 Mobile Safari/537.36 (compatible; GoogleOther)"
66.249.73.101 - - [26/Apr/2025:06:46:58 -0400] "GET /?i=7999545023909&channel=2c13c0&from=shop.php%3Fid%3D450239-95%26name%3D%E6%9C%AA%E4%BD%BF%E7%94%A8%E5%93%81%E2%97%8E%E6%AD%A3%E8%A6%8F%E5%93%81+22SS+%E4%BB%8F%E8%A3%BD+%E3%82%A8%E3%83%AB%E3%83%A1%E3%82%B9+%E3%83%AC%E3%83%87%E3%82%A3%E3%83%BC%E3%82%B9+%E3%83%A2%E3%82%B6%E3%82%A4%E3%82%AF%E5%88%BA%E7%B9%8D+%E3%83%9D%E3%82%B1%E3%83%83%E3%83%88%E4%BB%98%E3%81%8D+%E5%8D%8A%E8%A2%96+T%E3%82%B7%E3%83%A3%E3%83%84%EF%BC%8F%E3%82%AB%E3%83%83%E3%83%88%E3%82%BD%E3%83%BC+%E3%83%9B%E3%83%AF%E3%82%A4%E3%83%88+40+%E5%AE%9A79200%E5%86%86+%E7%AE%B1%E3%83%BB%E3%82%BF%E3%82%B0%E4%BB%98 HTTP/1.1" 200 0 "-" "Mozilla/5.0 (Linux; Android 6.0.1; Nexus 5X Build/MMB29P) AppleWebKit/537.36 (KHTML, like Gecko) Chrome/135.0.7049.95 Mobile Safari/537.36 (compatible; GoogleOther)"
20.15.133.175 - - [26/Apr/2025:06:47:12 -0400] "GET /?i=01137165618900&channel=95f1e5&from=article.php%3Fid%3D1656189-7399%26name%3D%E6%AE%8B%E3%82%8A3%E3%82%BB%E3%83%83%E3%83%88%E9%99%90%E5%AE%9A%E2%96%B6%EF%B8%8Enene%E3%81%95%E3%81%BE%E3%81%8A%E8%A3%BE%E5%88%86%E3%81%91%2F%E3%83%86%E3%83%87%E3%82%A3%E3%83%99%E3%82%A2All+MIX+ver.2 HTTP/1.1" 200 0 "-" "Mozilla/5.0 AppleWebKit/537.36 (KHTML, like Gecko; compatible; bingbot/2.0; +http://www.bing.com/bingbot.htm) Chrome/116.0.1938.76 Safari/537.36"
66.249.73.102 - - [26/Apr/2025:06:47:23 -0400] "GET /?i=92971175745102&channel=3302cd&from=shared.php%3Fid%3D1757451-8410%26name%3DTinker+Bell+%E6%98%9F%E6%9F%84%E3%83%AA%E3%83%A5%E3%83%83%E3%82%AF+%E5%B0%8F%E5%9E%8B HTTP/1.1" 200 52671 "-" "Mozilla/5.0 (Linux; Android 6.0.1; Nexus 5X Build/MMB29P) AppleWebKit/537.36 (KHTML, like Gecko) Chrome/135.0.7049.95 Mobile Safari/537.36 (compatible; Googlebot/2.1; +http://www.google.com/bot.html)"
66.249.73.102 - - [26/Apr/2025:06:47:28 -0400] "GET /?i=6680868285600&channel=4db34f&from=info.php%3Fid%3D682856-4673%26name%3D%E3%82%A2%E3%83%AC%E3%82%AF%E3%82%B5%E3%83%81%E3%83%A3%E3%83%B3+%E3%83%AF%E3%83%B3%E3%83%94%E3%83%BC%E3%82%B9+%E3%82%B5%E3%82%A4%E3%82%BA6+M+- HTTP/1.1" 200 52346 "-" "Mozilla/5.0 (Linux; Android 6.0.1; Nexus 5X Build/MMB29P) AppleWebKit/537.36 (KHTML, like Gecko) Chrome/135.0.7049.95 Mobile Safari/537.36 (compatible; Googlebot/2.1; +http://www.google.com/bot.html)"
66.249.73.101 - - [26/Apr/2025:06:47:35 -0400] "GET /?i=9228016004900&channel=db4598&from=shop.php%3Fid%3D160049-5654%26name%3DTarmac+Works+1%2F64+%E3%83%9F%E3%83%8B%E3%82%AB%E3%83%BC+911+Turbo+S+LM+GT+12H+Sebring+1993%2359+T64S- HTTP/1.1" 200 53855 "-" "Mozilla/5.0 (Linux; Android 6.0.1; Nexus 5X Build/MMB29P) AppleWebKit/537.36 (KHTML, like Gecko) Chrome/135.0.7049.95 Mobile Safari/537.36 (compatible; Googlebot/2.1; +http://www.google.com/bot.html)"
52.167.144.193 - - [26/Apr/2025:06:47:38 -0400] "GET /?i=28792155950201&channel=898078&from=news.php%3Fid%3D1559502-25970%26name%3D%E3%82%AF%E3%83%A9%E3%83%95%E3%83%88%E3%80%80%E8%8A%B3%E5%90%8D%E5%B8%B3%E3%80%80%E7%B8%A6%E3%80%80%E8%A1%A8%E7%B4%99%E4%BB%98%E3%81%8D%E3%80%805%E6%9E%9A%E3%82%BB%E3%83%83%E3%83%88%E3%80%80%E5%90%8D%E5%89%8Dor%E4%BD%8F%E6%89%80%E3%80%80%E7%B5%90%E5%A9%9A%E3%80%80%E3%82%B2%E3%82%B9%E3%83%88%E3%83%96%E3%83%83%E3%82%AF HTTP/1.1" 200 0 "-" "Mozilla/5.0 AppleWebKit/537.36 (KHTML, like Gecko; compatible; bingbot/2.0; +http://www.bing.com/bingbot.htm) Chrome/116.0.1938.76 Safari/537.36"
66.249.73.101 - - [26/Apr/2025:06:47:45 -0400] "GET /?i=76778139997201&channel=37f6f2&from=product.php%3Fid%3D1399972-5023%26name%3D%E3%80%8A%E3%83%A9%E3%83%A0%E6%A7%98%E5%B0%82%E7%94%A8%E3%81%A7%E3%81%99%E3%80%8B%E2%9D%A4%E7%B4%A0%E6%95%B5%E3%81%AA%E2%9D%A4%E3%80%90%E3%83%AC%E3%82%A4%E3%82%AB%E3%82%BA%E3%83%B3%E3%83%95%E3%82%A7%E3%83%90%E3%83%AA%E3%80%91%E3%82%B9%E3%82%AB%E3%83%BC%E3%83%88 HTTP/1.1" 200 50820 "-" "Mozilla/5.0 (Linux; Android 6.0.1; Nexus 5X Build/MMB29P) AppleWebKit/537.36 (KHTML, like Gecko) Chrome/135.0.7049.95 Mobile Safari/537.36 (compatible; Googlebot/2.1; +http://www.google.com/bot.html)"
66.249.73.101 - - [26/Apr/2025:06:47:48 -0400] "GET /?i=91907146525106&channel=0d7328&from=blog.php%3Fid%3D1465251-24341%26name%3D%E3%83%AC%E3%83%BC%E3%82%B9%E3%83%9C%E3%82%A6%E3%83%8E%E3%83%83%E3%83%88%E3%83%98%E3%82%A2%E3%83%90%E3%83%B3%E3%83%98%E3%82%A2%E3%83%AA%E3%83%83%E3%83%97%E3%82%B3%E3%82%B9%E3%83%97%E3%83%AC%E3%83%91%E3%83%BC%E3%83%86%E3%82%A3%E3%83%BC%E3%82%B3%E3%82%B9%E3%83%81%E3%83%A5%E3%83%BC%E3%83%A0%E3%82%B5%E3%82%A4%E3%83%89%E3%82%AF%E3%83%AA%E3%83%83%E3%83%97%E3%83%8F%E3%83%AD%E3%82%A6%E3%82%A3%E3%83%BC%E3%83%B3%E3%83%98%E3%83%83%E3%83%89%E3%82%A6%E3%82%A7%E3%82%A2%E3%83%AD%E3%83%BC%E3%83%AB%E3%83%97%E3%83%AC%E3%82%A4%E3%83%A1%E3%82%A4%E3%83%89%E3%83%98%E3%83%83%E3%83%89%E3%83%94%E3%83%BC%E3%82%B9 HTTP/1.1" 200 53919 "-" "Mozilla/5.0 (Linux; Android 6.0.1; Nexus 5X Build/MMB29P) AppleWebKit/537.36 (KHTML, like Gecko) Chrome/135.0.7049.95 Mobile Safari/537.36 (compatible; Googlebot/2.1; +http://www.google.com/bot.html)"
66.249.73.101 - - [26/Apr/2025:06:47:50 -0400] "GET /?i=8400277346102&channel=d7d149&from=article.php%3Fid%3D773461-17109%26name%3D%E3%82%A6%E3%82%A4%E3%82%B9%E3%82%AD%E3%83%BC+%E3%82%AA%E3%83%AB%E3%83%88%E3%83%A2%E3%82%A2+18%E5%B9%B4+46%E5%BA%A6+%E6%AD%A3%E8%A6%8F+%E7%AE%B1%E4%BB%98+700ml+%E3%82%B7%E3%83%B3%E3%82%B0%E3%83%AB%E3%83%A2%E3%83%AB%E3%83%88+%E6%B4%8B%E9%85%92+%E5%8C%85%E8%A3%85%E4%B8%8D%E5%8F%AF HTTP/1.1" 200 54096 "-" "Mozilla/5.0 (Linux; Android 6.0.1; Nexus 5X Build/MMB29P) AppleWebKit/537.36 (KHTML, like Gecko) Chrome/135.0.7049.95 Mobile Safari/537.36 (compatible; Googlebot/2.1; +http://www.google.com/bot.html)"
66.249.73.101 - - [26/Apr/2025:06:47:52 -0400] "GET /?i=07973189847804&channel=13c2c6&from=blog.php%3Fid%3D1898478-30927%26name%3D%E3%82%A2%E3%83%BC%E3%83%A0%E3%82%A6%E3%82%A9%E3%83%BC%E3%83%9E%E3%83%BC%E3%80%80%E6%8C%87%E7%84%A1%E3%81%97%E6%89%8B%E8%A2%8B%E3%80%80%E3%83%8F%E3%83%B3%E3%83%89%E3%83%A1%E3%82%A4%E3%83%89%E3%80%80%E9%95%B7%E3%82%81 HTTP/1.1" 200 53609 "-" "Mozilla/5.0 (Linux; Android 6.0.1; Nexus 5X Build/MMB29P) AppleWebKit/537.36 (KHTML, like Gecko) Chrome/135.0.7049.95 Mobile Safari/537.36 (compatible; Googlebot/2.1; +http://www.google.com/bot.html)"
66.249.73.101 - - [26/Apr/2025:06:47:54 -0400] "GET /?i=9517771096701&channel=2bfa04&from=category-info.php%3Fid%3D710967-3268%26name%3DDell+4K+27%E2%80%9DUSB-C+%E3%83%A2%E3%83%8B%E3%82%BF%E3%83%BC%E3%80%80U2720QM HTTP/1.1" 200 52734 "-" "Mozilla/5.0 (Linux; Android 6.0.1; Nexus 5X Build/MMB29P) AppleWebKit/537.36 (KHTML, like Gecko) Chrome/135.0.7049.95 Mobile Safari/537.36 (compatible; Googlebot/2.1; +http://www.google.com/bot.html)"
66.249.73.102 - - [26/Apr/2025:06:47:56 -0400] "GET /?i=9607060071915&channel=b89082&from=goods.php%3Fid%3D600719-1496%26name%3D%E3%83%87%E3%83%8B%E3%83%A0%E3%83%90%E3%83%B3%E3%83%89%E3%82%AB%E3%83%A9%E3%83%BC%E3%82%B7%E3%83%A3%E3%83%84 HTTP/1.1" 200 52325 "-" "Mozilla/5.0 (Linux; Android 6.0.1; Nexus 5X Build/MMB29P) AppleWebKit/537.36 (KHTML, like Gecko) Chrome/135.0.7049.95 Mobile Safari/537.36 (compatible; Googlebot/2.1; +http://www.google.com/bot.html)"
66.249.73.101 - - [26/Apr/2025:06:48:04 -0400] "GET /?i=91884171528306&channel=bd7d47&from=goods.php%3Fid%3D1715283-4279%26name%3DCX-5+KF%E7%B3%BB+%E3%82%A6%E3%82%A4%E3%83%B3%E3%83%89%E3%83%BC%E3%83%8D%E3%83%83%E3%83%88+%E3%83%A1%E3%83%83%E3%82%B7%E3%83%A5+%E3%82%B5%E3%83%B3%E3%82%B7%E3%82%A7%E3%83%BC%E3%83%89+%E8%BB%8A%E7%94%A8%E7%B6%B2%E6%88%B8+%E8%99%AB%E9%99%A4%E3%81%91%E3%83%8D%E3%83%83%E3%83%88+%E3%82%AB%E3%83%BC%E3%82%B7%E3%82%A7%E3%83%BC%E3%83%89+%E3%82%AB%E3%83%BC%E3%83%86%E3%83%B3+%E5%A4%8F+%E8%99%AB%E3%82%88%E3%81%91%E3%83%8D%E3%83%83%E3%83%88+%E9%98%B2%E8%99%AB%E3%83%8D%E3%83%83%E3%83%88+%E8%BB%8A%E4%B8%AD%E6%B3%8A+%E3%82%A2%E3%82%A6%E3%83%88%E3%83%89%E3%82%A2+%E3%82%B5%E3%82%A4%E3%83%89 HTTP/1.1" 200 53933 "-" "Mozilla/5.0 (Linux; Android 6.0.1; Nexus 5X Build/MMB29P) AppleWebKit/537.36 (KHTML, like Gecko) Chrome/135.0.7049.95 Mobile Safari/537.36 (compatible; Googlebot/2.1; +http://www.google.com/bot.html)"
66.249.73.102 - - [26/Apr/2025:06:48:25 -0400] "GET /?i=10161162694705&channel=4a4b45&from=article.php%3Fid%3D1626947-3656%26name%3D%E3%80%90Anrek%E3%80%91nova+lite+3%2FP+Smart+2019%2FHonor+10+Lite+%E5%AF%BE%E5%BF%9C+%E3%83%87%E3%83%8B%E3%83%A0%E6%9D%90%E6%96%99+%E6%89%8B%E5%B8%B3%E3%82%B1%E3%83%BC%E3%82%B9+%28%E3%83%96%E3%83%AB%E3%83%BC%29 HTTP/1.1" 200 51776 "-" "Mozilla/5.0 (Linux; Android 6.0.1; Nexus 5X Build/MMB29P) AppleWebKit/537.36 (KHTML, like Gecko) Chrome/135.0.7049.95 Mobile Safari/537.36 (compatible; Googlebot/2.1; +http://www.google.com/bot.html)"
66.249.73.101 - - [26/Apr/2025:06:48:30 -0400] "GET /?i=79799145378703&channel=6c7d26&from=form.php%3Fid%3D1453787-3044%26name%3D%E3%82%B7%E3%83%BC%E3%82%AF+%E3%83%AA%E3%82%B9%E3%83%88%E3%83%A9%E3%83%83%E3%83%97+24%E3%82%A4%E3%83%B3%E3%83%81+%E3%83%95%E3%83%AA%E3%83%BC%E3%82%A6%E3%82%A7%E3%82%A4%E3%83%88%E3%83%88%E3%83%AC%E3%83%BC%E3%83%8B%E3%83%B3%E3%82%B0%E7%94%A8+%28%E5%9B%BD%E5%86%85%E6%AD%A3%E8%A6%8F%E5%93%81%29 HTTP/1.1" 200 0 "-" "Mozilla/5.0 (Linux; Android 6.0.1; Nexus 5X Build/MMB29P) AppleWebKit/537.36 (KHTML, like Gecko) Chrome/135.0.7049.95 Mobile Safari/537.36 (compatible; GoogleOther)"
66.249.73.101 - - [26/Apr/2025:06:48:34 -0400] "GET /?i=46047169204904&channel=58c750&from=brands.php%3Fid%3D1692049-1818%26name%3D%E3%82%A4%E3%82%AB%E3%82%B2%E3%83%BC%E3%83%A0+%E3%82%B3%E3%82%B9%E3%83%97%E3%83%AC+%E3%82%B8%E3%83%A3%E3%83%BC%E3%82%B8+%E4%B8%8A%E4%B8%8B%E3%82%BB%E3%83%83%E3%83%88 HTTP/1.1" 200 53346 "-" "Mozilla/5.0 (Linux; Android 6.0.1; Nexus 5X Build/MMB29P) AppleWebKit/537.36 (KHTML, like Gecko) Chrome/135.0.7049.95 Mobile Safari/537.36 (compatible; Googlebot/2.1; +http://www.google.com/bot.html)"
