52.167.144.202 - - [26/Apr/2025:04:18:01 -0400] "GET /?i=5407284602513&channel=82bc74&from=category-info.php%3Fid%3D846025-2799%26name%3D%E3%82%B7%E3%83%86%E3%82%A3%E3%83%9D%E3%83%83%E3%83%97%E3%82%B9%EF%BC%8F%E3%82%AA%E3%83%AA%E3%82%B8%E3%83%8A%E3%83%AB%E7%9B%A4%2F%E5%90%89%E7%94%B0%E7%BE%8E%E5%A5%88%E5%AD%90%E3%80%80%E3%83%A9%E3%82%A4%E3%83%88%E3%82%A5%E3%83%B3%E3%83%BB%E3%82%A2%E3%83%83%E3%83%97%2F%E7%BE%8E%E5%93%81 HTTP/1.1" 200 0 "-" "Mozilla/5.0 AppleWebKit/537.36 (KHTML, like Gecko; compatible; bingbot/2.0; +http://www.bing.com/bingbot.htm) Chrome/116.0.1938.76 Safari/537.36"
52.167.144.202 - - [26/Apr/2025:04:18:02 -0400] "GET /?i=4057967849304&channel=2a9783&from=blog.php%3Fid%3D678493-6955%26name%3D%E3%83%A9%E3%82%A4%E3%83%96%E3%83%A9%E3%83%AA%E7%94%A8%E3%81%AE%E3%82%B9%E3%83%A9%E3%82%A4%E3%83%89%E3%81%AF%E3%81%97%E3%81%94%E3%83%8F%E3%83%BC%E3%83%89%E3%82%A6%E3%82%A7%E3%82%A2%E3%83%AD%E3%83%BC%E3%83%AA%E3%83%B3%E3%82%B0%E3%81%AF%E3%81%97%E3%81%94%E3%81%AE%E5%AE%8C%E5%85%A8%E3%81%AA%E3%82%BB%E3%83%83%E3%83%88+%7C+3.3%E3%83%95%E3%82%A3%E3%83%BC%E3%83%88-20%E3%83%95%E3%82%A3%E3%83%BC%E3%83%88%E3%81%AE%E3%82%B9%E3%83%81%E3%83%BC%E3%83%AB%E4%B8%B8%E7%AE%A1%E7%A7%BB%E5%8B%95%E5%BC%8F%E3%83%A9%E3%83%80%E3%83%BC%E3%83%AC HTTP/1.1" 200 0 "-" "Mozilla/5.0 AppleWebKit/537.36 (KHTML, like Gecko; compatible; bingbot/2.0; +http://www.bing.com/bingbot.htm) Chrome/116.0.1938.76 Safari/537.36"
66.249.73.101 - - [26/Apr/2025:04:18:41 -0400] "GET /?i=99267182835901&channel=97c499&from=blog.php%3Fid%3D1828359-26667%26name%3D%E5%B8%83%E3%81%9E%E3%81%86%E3%82%8A%E3%80%8019%E3%8E%9D%E3%80%9C+%E5%B7%BB%E3%81%8D%E8%B5%B7%E3%81%93%E3%81%99+%EF%BC%88%E9%BC%BB%E7%B7%92%E8%AA%BF%E6%95%B4%E5%8F%AF%E8%83%BD%EF%BC%89%E3%80%80%E3%83%8F%E3%83%B3%E3%83%89%E3%83%A1%E3%82%A4%E3%83%89 HTTP/1.1" 200 52926 "-" "Mozilla/5.0 (Linux; Android 6.0.1; Nexus 5X Build/MMB29P) AppleWebKit/537.36 (KHTML, like Gecko) Chrome/135.0.7049.95 Mobile Safari/537.36 (compatible; Googlebot/2.1; +http://www.google.com/bot.html)"
66.249.73.101 - - [26/Apr/2025:04:18:50 -0400] "GET /?i=79598126826000&channel=4652d8&from=shop.php%3Fid%3D1268260-2526%26name%3D4P%E3%82%BD%E3%83%95%E3%82%A1%3F%E3%83%9B%E3%83%AF%E3%82%A4%E3%83%88%E3%82%AB%E3%83%A9%E3%83%BC%3F40 HTTP/1.1" 200 0 "-" "Mozilla/5.0 (Linux; Android 6.0.1; Nexus 5X Build/MMB29P) AppleWebKit/537.36 (KHTML, like Gecko) Chrome/135.0.7049.95 Mobile Safari/537.36 (compatible; GoogleOther)"
66.249.73.103 - - [26/Apr/2025:04:19:30 -0400] "GET /77472847236.shtml HTTP/1.1" 200 54139 "-" "Mozilla/5.0 (Linux; Android 6.0.1; Nexus 5X Build/MMB29P) AppleWebKit/537.36 (KHTML, like Gecko) Chrome/135.0.7049.95 Mobile Safari/537.36 (compatible; Googlebot/2.1; +http://www.google.com/bot.html)"
66.249.73.102 - - [26/Apr/2025:04:20:09 -0400] "GET /?i=0025313986401&channel=411a88&from=category-info.php%3Fid%3D139864-3312%26name%3D%E2%98%86%E6%96%B0%E5%93%81%E3%82%B4%E3%83%AB%E3%83%95%E3%83%8D%E3%83%83%E3%83%88%E7%B4%843m%C3%976m%C3%972%E6%9E%9A+%E5%91%A8%E5%9B%B2%E3%83%AD%E3%83%BC%E3%83%97%E5%8A%A0%E5%B7%A5%E6%B8%88%E2%98%86%E8%B6%85%E6%A0%BC%E5%AE%89%EF%BC%81%EF%BC%81 HTTP/1.1" 200 55612 "-" "Mozilla/5.0 (Linux; Android 6.0.1; Nexus 5X Build/MMB29P) AppleWebKit/537.36 (KHTML, like Gecko) Chrome/135.0.7049.95 Mobile Safari/537.36 (compatible; Googlebot/2.1; +http://www.google.com/bot.html)"
66.249.73.102 - - [26/Apr/2025:04:20:24 -0400] "GET /181821223654.shtml HTTP/1.1" 200 52453 "-" "Mozilla/5.0 (Linux; Android 6.0.1; Nexus 5X Build/MMB29P) AppleWebKit/537.36 (KHTML, like Gecko) Chrome/135.0.7049.95 Mobile Safari/537.36 (compatible; Googlebot/2.1; +http://www.google.com/bot.html)"
52.167.144.222 - - [26/Apr/2025:04:20:26 -0400] "GET /?i=1272246098302&channel=5cef5e&from=info.php%3Fid%3D460983-3799%26name%3D%E3%83%95%E3%83%AD%E3%83%B3%E3%83%88%E3%83%9C%E3%83%B3%E3%83%8D%E3%83%83%E3%83%88%E3%83%95%E3%83%BC%E3%83%89%E3%83%AA%E3%83%95%E3%83%88%E3%82%B5%E3%83%9D%E3%83%BC%E3%83%88+%E8%B5%B7%E4%BA%9C%E7%94%A8+Carens+RP+3rd+MPV+2013-2018+%E3%83%AA%E3%83%95%E3%83%88%E3%82%B5%E3%83%9D%E3%83%BC%E3%83%88%E3%82%AC%E3%82%B9%E3%82%B9%E3%83%97%E3%83%AA%E3%83%B3%E3%82%B0 HTTP/1.1" 200 0 "-" "Mozilla/5.0 AppleWebKit/537.36 (KHTML, like Gecko; compatible; bingbot/2.0; +http://www.bing.com/bingbot.htm) Chrome/116.0.1938.76 Safari/537.36"
66.249.73.101 - - [26/Apr/2025:04:20:35 -0400] "GET /?i=1183781704206&channel=1c2228&from=category-info.php%3Fid%3D817042-19440%26name%3D%E3%83%80%E3%82%A4%E3%83%AF%E3%80%80%E3%82%B9%E3%83%BC%E3%83%91%E3%83%BC%E3%83%AA%E3%83%81%E3%82%A6%E3%83%A011000WP-C%E3%80%80%E5%85%85%E9%9B%BB%E5%99%A8%E4%BB%98%E3%81%8D HTTP/1.1" 200 0 "-" "Mozilla/5.0 (Linux; Android 6.0.1; Nexus 5X Build/MMB29P) AppleWebKit/537.36 (KHTML, like Gecko) Chrome/135.0.7049.95 Mobile Safari/537.36 (compatible; GoogleOther)"
66.249.73.101 - - [26/Apr/2025:04:20:49 -0400] "GET /?i=26908131674105&channel=8c58aa&from=article.php%3Fid%3D1316741-3372%26name%3D%E6%A5%B5%E7%BE%8E%E5%93%81%E3%80%80LOEWE%E3%83%AD%E3%82%A8%E3%83%99++%E3%82%A2%E3%83%8A%E3%82%B0%E3%83%A9%E3%83%A0%E3%80%80%E6%9C%AC%E9%9D%A9%E3%80%80%E3%83%9B%E3%83%AF%E3%82%A4%E3%83%88%E3%80%80%E3%82%B3%E3%83%BC%E3%83%88%E3%80%80%E3%82%AB%E3%82%B7%E3%83%9F%E3%83%A4%E3%80%80%E3%83%99%E3%83%AB%E3%83%88 HTTP/1.1" 200 53244 "-" "Mozilla/5.0 (Linux; Android 6.0.1; Nexus 5X Build/MMB29P) AppleWebKit/537.36 (KHTML, like Gecko) Chrome/135.0.7049.95 Mobile Safari/537.36 (compatible; Googlebot/2.1; +http://www.google.com/bot.html)"
52.167.144.202 - - [26/Apr/2025:04:20:50 -0400] "GET /?i=8947624461501&channel=35bb1b&from=jp.php%3Fid%3D244615-12197%26name%3D%E3%80%902%E5%80%8B%E3%83%A9%E3%82%B9%E3%83%88%E3%82%BB%E3%83%83%E3%83%88%E3%80%91%E3%80%80Panasonic%E6%95%B4%E6%B0%B4%E5%99%A8%E4%BA%A4%E6%8F%9B%E7%94%A8%E3%82%AB%E3%83%BC%E3%83%88%E3%83%AA%E3%83%83%E3%82%B8 HTTP/1.1" 200 0 "-" "Mozilla/5.0 AppleWebKit/537.36 (KHTML, like Gecko; compatible; bingbot/2.0; +http://www.bing.com/bingbot.htm) Chrome/116.0.1938.76 Safari/537.36"
52.167.144.221 - - [26/Apr/2025:04:20:55 -0400] "GET /?i=65012149081100&channel=4f602d&from=news.php%3Fid%3D1490811-16139%26name%3D%E3%82%A2%E3%82%AC%E3%83%99%E3%80%80%E9%BB%92%E7%81%AB%E7%84%94%E3%80%80%E3%83%96%E3%83%A9%E3%83%83%E3%82%AF%E3%83%95%E3%82%A1%E3%82%A4%E3%83%A4%E3%83%BC%E3%80%80%E6%8A%9C%E3%81%8D%E8%8B%97%E3%80%80%E7%AC%AC4%E7%A8%AE%E9%83%B5%E4%BE%BF HTTP/1.1" 200 0 "-" "Mozilla/5.0 AppleWebKit/537.36 (KHTML, like Gecko; compatible; bingbot/2.0; +http://www.bing.com/bingbot.htm) Chrome/116.0.1938.76 Safari/537.36"
66.249.73.103 - - [26/Apr/2025:04:21:04 -0400] "GET /?i=72652102890600&channel=b89082&from=jp.php%3Fid%3D1028906-1496%26name%3DCLUCT+%E3%82%AF%E3%83%A9%E3%82%AF%E3%83%88%2304928++SWANTON+RUSSELL+HOODIE+%E3%83%95%E3%83%BC%E3%83%87%E3%82%A3+%E3%83%91%E3%83%BC%E3%82%AB%E3%83%BC HTTP/1.1" 200 0 "-" "Mozilla/5.0 (Linux; Android 6.0.1; Nexus 5X Build/MMB29P) AppleWebKit/537.36 (KHTML, like Gecko) Chrome/135.0.7049.95 Mobile Safari/537.36 (compatible; GoogleOther)"
66.249.74.13 - - [26/Apr/2025:04:21:28 -0400] "GET /19830613260.shtml HTTP/1.1" 200 0 "-" "Mozilla/5.0 (Linux; Android 6.0.1; Nexus 5X Build/MMB29P) AppleWebKit/537.36 (KHTML, like Gecko) Chrome/135.0.7049.95 Mobile Safari/537.36 (compatible; GoogleOther)"
52.167.144.202 - - [26/Apr/2025:04:21:41 -0400] "GET /?i=11886195508200&channel=2b59da&from=brands.php%3Fid%3D1955082-613%26name%3D%28%E6%AD%A3%E8%A6%8F%E5%93%81%29+Misono+%E3%83%9F%E3%82%BD%E3%83%8E+No.134+%E3%83%91%E3%83%BC%E3%83%AA%E3%83%B3%E3%82%B0+80mm+%28%E6%A8%99%E6%BA%96%E5%88%83%E4%BB%98%E3%81%91%29+%28%E3%83%84%E3%83%90%E4%BB%98%29+EU%E3%83%BB%E3%82%AB%E3%83%BC%E3%83%9C%E3%83%B3%E9%8B%BC%E3%82%B7%E3%83%AA%E3%83%BC%E3%82%BA HTTP/1.1" 200 0 "-" "Mozilla/5.0 AppleWebKit/537.36 (KHTML, like Gecko; compatible; bingbot/2.0; +http://www.bing.com/bingbot.htm) Chrome/116.0.1938.76 Safari/537.36"
52.167.144.202 - - [26/Apr/2025:04:21:42 -0400] "GET /?i=278216059700&channel=9f1742&from=goods.php%3Fid%3D60597-6130%26name%3D%E2%98%85FORUM%E3%82%B9%E3%83%8E%E3%83%BC%E3%83%9C%E3%83%BC%E3%83%89%2F%E3%83%87%E3%82%B9%E3%83%88%E3%83%AD%E3%82%A4%E3%83%A4%E3%83%BC%2FPeter+Line%2F%E3%82%B7%E3%82%B0%E3%83%8D%E3%83%81%E3%83%A3%E3%83%BC%E3%83%A2%E3%83%87%E3%83%AB%2F154cm%2F%E5%8D%8A%E6%97%A5%E4%BD%BF%E7%94%A8%E3%81%AE%E3%81%BF%E2%98%85 HTTP/1.1" 200 0 "-" "Mozilla/5.0 AppleWebKit/537.36 (KHTML, like Gecko; compatible; bingbot/2.0; +http://www.bing.com/bingbot.htm) Chrome/116.0.1938.76 Safari/537.36"
52.167.144.221 - - [26/Apr/2025:04:21:45 -0400] "GET /?i=4028083711300&channel=f09b75&from=goods.php%3Fid%3D837113-3065%26name%3D%EF%BC%BC2%2F25%E9%99%90%E5%AE%9A%E2%98%85%E3%82%A8%E3%83%B3%E3%83%88%E3%83%AA%E3%83%BC%E3%81%A7%E6%9C%80%E5%A4%A7100%25%E3%83%9D%E3%82%A4%E3%83%B3%E3%83%88%E3%83%90%E3%83%83%E3%82%AF%28%E6%8A%BD%E9%81%B8%29%EF%BC%86P5%E5%80%8D%EF%BC%8F%E3%80%90%E7%AC%AC3%E9%A1%9E%E5%8C%BB%E8%96%AC%E5%93%81%E3%80%91%E3%80%903%E5%80%8B%E3%82%BB%E3%83%83%E3%83%88%EF%BC%81%E3%80%91%E3%80%90%E9%80%81%E6%96%99%E7%84%A1%E6%96%99%EF%BC%81%E3%80%91%3Cbr%3E%E6%AD%A3%E5%AE%98%E5%BA%84+%E9%AB%98%E9%BA%97%E7%B4%85%E8%94%98%E9%8C%A0+670%E9%8C%A0%3Cbr%3E%E3%80%90%E5%A4%A7%E6%9C%A8%E8%A3%BD%E8%96%AC%E3%80%91 HTTP/1.1" 200 0 "-" "Mozilla/5.0 AppleWebKit/537.36 (KHTML, like Gecko; compatible; bingbot/2.0; +http://www.bing.com/bingbot.htm) Chrome/116.0.1938.76 Safari/537.36"
66.249.73.102 - - [26/Apr/2025:04:22:10 -0400] "GET /?i=8771688810703&channel=93d3ae&from=article.php%3Fid%3D888107-2086%26name%3D%E6%96%B0%E5%93%81%E3%80%80%E3%82%A2%E3%83%97%E3%83%AF%E3%82%A4%E3%82%B6%E3%83%BC%E3%83%AA%E3%83%83%E3%82%B7%E3%82%A7+2WAY%E3%83%9C%E3%82%A6%E3%82%BF%E3%82%A4%E3%83%90%E3%83%BC%E3%83%96%E3%83%A9%E3%82%A6%E3%82%B9++%E3%82%B9%E3%83%8A%E3%82%A4%E3%83%87%E3%83%AB%E3%80%80%E3%83%8E%E3%82%A8%E3%83%A9 HTTP/1.1" 200 0 "-" "Mozilla/5.0 (Linux; Android 6.0.1; Nexus 5X Build/MMB29P) AppleWebKit/537.36 (KHTML, like Gecko) Chrome/135.0.7049.95 Mobile Safari/537.36 (compatible; GoogleOther)"
52.167.144.202 - - [26/Apr/2025:04:22:21 -0400] "GET /?i=0893282085309&channel=412ce8&from=product.php%3Fid%3D820853-5177%26name%3D%5B%E3%82%BC%E3%83%B3%E3%83%8F%E3%82%A4%E3%82%B6%E3%83%BC%5D+%E3%82%B2%E3%83%BC%E3%83%9F%E3%83%B3%E3%82%B0%E3%83%98%E3%83%83%E3%83%89%E3%82%BB%E3%83%83%E3%83%88+GSP550+SENNHEISER HTTP/1.1" 200 0 "-" "Mozilla/5.0 AppleWebKit/537.36 (KHTML, like Gecko; compatible; bingbot/2.0; +http://www.bing.com/bingbot.htm) Chrome/116.0.1938.76 Safari/537.36"
66.249.74.13 - - [26/Apr/2025:04:22:33 -0400] "GET /837091002916.shtml HTTP/1.1" 200 0 "-" "Mozilla/5.0 (Linux; Android 6.0.1; Nexus 5X Build/MMB29P) AppleWebKit/537.36 (KHTML, like Gecko) Chrome/135.0.7049.95 Mobile Safari/537.36 (compatible; GoogleOther)"
66.249.73.102 - - [26/Apr/2025:04:22:40 -0400] "GET /?i=5372150535502&channel=40e0dd&from=jp.php%3Fid%3D505355-11486%26name%3D%E3%81%8A%E5%AE%A2%E6%A7%98%E7%B5%84%E7%AB%8B+%E5%A4%A7%E5%AE%B9%E9%87%8F%E5%8F%8E%E7%B4%8D%E5%BA%AB%E4%BB%98%E3%81%8D%E3%81%99%E3%81%AE%E3%81%93%E3%83%99%E3%83%83%E3%83%89+HB%E3%83%AC%E3%82%B9+O%E3%83%BBS%E3%83%BBV+%E3%82%AA%E3%83%BC%E3%82%A8%E3%82%B9%E3%83%96%E3%82%A4+%E3%83%9E%E3%83%AB%E3%83%81%E3%83%A9%E3%82%B9%E3%82%B9%E3%83%BC%E3%83%91%E3%83%BC%E3%82%B9%E3%83%97%E3%83%AA%E3%83%B3%E3%82%B0%E3%83%9E%E3%83%83%E3%83%88%E3%83%AC%E3%82%B9%E4%BB%98%E3%81%8D+%E3%82%BB%E3%83%9F%E3%83%80%E3%83%96%E3%83%AB HTTP/1.1" 200 52634 "-" "Mozilla/5.0 (Linux; Android 6.0.1; Nexus 5X Build/MMB29P) AppleWebKit/537.36 (KHTML, like Gecko) Chrome/135.0.7049.95 Mobile Safari/537.36 (compatible; Googlebot/2.1; +http://www.google.com/bot.html)"
66.249.73.102 - - [26/Apr/2025:04:23:04 -0400] "GET /?i=03996117842205&channel=05a783&from=product.php%3Fid%3D1178422-3029%26name%3DSEIKO+prospex+%E3%82%A2%E3%83%AB%E3%83%94%E3%83%8B%E3%82%B9%E3%83%88+sbdc091 HTTP/1.1" 200 0 "-" "Mozilla/5.0 (Linux; Android 6.0.1; Nexus 5X Build/MMB29P) AppleWebKit/537.36 (KHTML, like Gecko) Chrome/135.0.7049.95 Mobile Safari/537.36 (compatible; GoogleOther)"
52.167.144.221 - - [26/Apr/2025:04:23:06 -0400] "GET /?i=37406141770101&channel=87b078&from=form.php%3Fid%3D1417701-23657%26name%3D%E3%82%BB%E3%83%A9%E3%83%9F%E3%83%83%E3%82%AF%E3%83%89%E3%83%AA%E3%83%AB%E3%83%93%E3%83%83%E3%83%88%2C%E3%82%8D%E3%81%86%E4%BB%98%E3%81%91%E3%82%AC%E3%83%A9%E3%82%B9%E3%83%9B%E3%83%BC%E3%83%AB%E3%82%BD%E3%83%BC%E4%B9%BE%E5%BC%8F%E7%A9%B4%E3%81%82%E3%81%91%E3%83%93%E3%83%83%E3%83%88+%7C+%E3%83%9D%E3%83%83%E3%83%88%E7%94%A8%E3%82%BB%E3%83%A9%E3%83%9F%E3%83%83%E3%82%AF%E3%83%89%E3%83%AA%E3%83%AB%E3%83%93%E3%83%83%E3%83%88%E3%80%81%E3%82%BB%E3%83%A9%E3%83%9F%E3%83%83%E3%82%AF%E3%80%81%E7%A3%81%E5%99%A8%E3%80%81%E8%8A%B1%E5%B4%97%E5%B2%A9%E3%80%81%E5%A4%A7%E7%90%86 HTTP/1.1" 200 0 "-" "Mozilla/5.0 AppleWebKit/537.36 (KHTML, like Gecko; compatible; bingbot/2.0; +http://www.bing.com/bingbot.htm) Chrome/116.0.1938.76 Safari/537.36"
66.249.73.102 - - [26/Apr/2025:04:23:26 -0400] "GET /?i=82777160742600&channel=4347e3&from=article.php%3Fid%3D1607426-16189%26name%3DXLARGE+%E3%82%B9%E3%82%BF%E3%82%B8%E3%83%A3%E3%83%B3%E9%BB%92+%E8%B8%8F%E3%81%BF%E5%87%BA%E3%81%9B%E3%82%8B+%E3%82%A8%E3%82%AF%E3%82%B9%E3%83%88%E3%83%A9%E3%83%A9%E3%83%BC%E3%82%B8 HTTP/1.1" 200 0 "-" "Mozilla/5.0 (Linux; Android 6.0.1; Nexus 5X Build/MMB29P) AppleWebKit/537.36 (KHTML, like Gecko) Chrome/135.0.7049.95 Mobile Safari/537.36 (compatible; GoogleOther)"
52.167.144.222 - - [26/Apr/2025:04:23:27 -0400] "GET /?i=5656027622901&channel=395998&from=shop.php%3Fid%3D276229-12374%26name%3D%E6%96%B0%EF%BC%81DUO+%E3%82%AF%E3%83%AC%E3%83%B3%E3%82%B8%E3%83%B3%E3%82%B0%E3%83%90%E3%83%BC%E3%83%A0+%E3%83%96%E3%83%A9%E3%83%83%E3%82%AF%E3%83%AA%E3%83%9A%E3%82%A2+90g HTTP/1.1" 200 0 "-" "Mozilla/5.0 AppleWebKit/537.36 (KHTML, like Gecko; compatible; bingbot/2.0; +http://www.bing.com/bingbot.htm) Chrome/116.0.1938.76 Safari/537.36"
66.249.73.101 - - [26/Apr/2025:04:23:47 -0400] "GET /?i=77753101054400&channel=375b3f&from=article.php%3Fid%3D1010544-8205%26name%3DBE%40RBRICK+%E7%95%99%E3%81%A3+EIFFEL+TOWER+GOLDEN+GOWN+1000%25 HTTP/1.1" 200 0 "-" "Mozilla/5.0 (Linux; Android 6.0.1; Nexus 5X Build/MMB29P) AppleWebKit/537.36 (KHTML, like Gecko) Chrome/135.0.7049.95 Mobile Safari/537.36 (compatible; GoogleOther)"
66.249.73.101 - - [26/Apr/2025:04:23:50 -0400] "GET /89217918008.shtml HTTP/1.1" 200 53650 "-" "Mozilla/5.0 (Linux; Android 6.0.1; Nexus 5X Build/MMB29P) AppleWebKit/537.36 (KHTML, like Gecko) Chrome/135.0.7049.95 Mobile Safari/537.36 (compatible; Googlebot/2.1; +http://www.google.com/bot.html)"
66.249.73.101 - - [26/Apr/2025:04:23:59 -0400] "GET /?i=3953049270003&channel=4e8dd0&from=product.php%3Fid%3D492700-504%26name%3D%E3%83%9F%E3%83%A5%E3%82%A6%E3%83%9F%E3%83%A5%E3%82%A6+%E3%83%8F%E3%83%B3%E3%83%89%E3%83%90%E3%83%83%E3%82%B0+%E3%83%AC%E3%83%87%E3%82%A3%E3%83%BC%E3%82%B9+%E9%BB%92 HTTP/1.1" 200 52136 "-" "Mozilla/5.0 (Linux; Android 6.0.1; Nexus 5X Build/MMB29P) AppleWebKit/537.36 (KHTML, like Gecko) Chrome/135.0.7049.95 Mobile Safari/537.36 (compatible; Googlebot/2.1; +http://www.google.com/bot.html)"
52.167.144.25 - - [26/Apr/2025:04:24:05 -0400] "GET /?i=8530261526800&channel=a88b2c&from=goods.php%3Fid%3D615268-10749%26name%3D%E3%82%BB%E3%83%A9%E3%83%95%E3%83%BB%E3%83%80%E3%82%BA%E3%83%AB%E3%82%AC%E3%83%BC%E3%83%87%E3%83%B3+%E8%AA%95%E7%94%9F%E6%97%A5%E3%82%AD%E3%83%A3%E3%83%B3%E3%83%90%E3%82%B9%E3%83%91%E3%83%8D%E3%83%AB HTTP/1.1" 200 0 "-" "Mozilla/5.0 AppleWebKit/537.36 (KHTML, like Gecko; compatible; bingbot/2.0; +http://www.bing.com/bingbot.htm) Chrome/116.0.1938.76 Safari/537.36"
66.249.73.101 - - [26/Apr/2025:04:24:15 -0400] "GET /25611297171.shtml HTTP/1.1" 200 0 "-" "Mozilla/5.0 (Linux; Android 6.0.1; Nexus 5X Build/MMB29P) AppleWebKit/537.36 (KHTML, like Gecko) Chrome/135.0.7049.95 Mobile Safari/537.36 (compatible; GoogleOther)"
66.249.73.101 - - [26/Apr/2025:04:24:24 -0400] "GET /203641393193.shtml HTTP/1.1" 200 53458 "-" "Mozilla/5.0 (Linux; Android 6.0.1; Nexus 5X Build/MMB29P) AppleWebKit/537.36 (KHTML, like Gecko) Chrome/135.0.7049.95 Mobile Safari/537.36 (compatible; Googlebot/2.1; +http://www.google.com/bot.html)"
52.167.144.222 - - [26/Apr/2025:04:24:37 -0400] "GET /?i=8510037923003&channel=607a94&from=news.php%3Fid%3D379230-51%26name%3D%E3%80%90%E5%B8%8C%E5%B0%91%E5%93%81%E3%80%91PT+950%E8%A6%87%E6%B0%97%E3%83%80%E3%82%A4%E3%83%A4%E3%83%AA%E3%83%B3%E3%82%B0%E3%83%97%E3%83%A9%E3%83%81%E3%83%8A%E3%81%AE%E6%8C%87%E8%BC%AA%E7%94%B7 HTTP/1.1" 200 0 "-" "Mozilla/5.0 AppleWebKit/537.36 (KHTML, like Gecko; compatible; bingbot/2.0; +http://www.bing.com/bingbot.htm) Chrome/116.0.1938.76 Safari/537.36"
66.249.73.101 - - [26/Apr/2025:04:24:54 -0400] "GET /?i=56781157886505&channel=50c35a&from=pin.php%3Fid%3D1578865-1384%26name%3D%E9%80%81%E6%96%99%E7%84%A1%E6%96%99+cyxus+%E6%8A%98%E3%82%8A%E3%81%9F%E3%81%9F%E3%81%BF%E3%82%B5%E3%83%B3%E3%82%B0%E3%83%A9%E3%82%B9+%E5%81%8F%E5%85%89%E3%83%AC%E3%83%B3%E3%82%BA+UV%E3%82%AB%E3%83%83%E3%83%88+%E5%B0%8F%E9%A1%94%E5%8A%B9%E6%9E%9C+%E8%B6%85%E8%BB%BD%E9%87%8F+%E9%87%A3%E3%82%8A%2F%E9%81%8B%E8%BB%A2%2F%E7%99%BB%E5%B1%B1%2F%E3%82%B9%E3%83%9D%E3%83%BC%E3%83%84%E7%94%A8+%E3%81%8A%E3%81%97%E3%82%83%E3%82%8C HTTP/1.1" 200 53042 "-" "Mozilla/5.0 (Linux; Android 6.0.1; Nexus 5X Build/MMB29P) AppleWebKit/537.36 (KHTML, like Gecko) Chrome/135.0.7049.95 Mobile Safari/537.36 (compatible; Googlebot/2.1; +http://www.google.com/bot.html)"
52.167.144.25 - - [26/Apr/2025:04:24:57 -0400] "GET /?i=1918915749700&channel=38e232&from=article.php%3Fid%3D157497-10032%26name%3DFD-XS1+%E3%82%BB%E3%83%B3%E3%82%B5+%E9%81%A9%E6%A0%BC%E8%AB%8B%E6%B1%82%E6%9B%B8%E7%99%BA%E8%A1%8C%E5%8F%AF HTTP/1.1" 200 0 "-" "Mozilla/5.0 AppleWebKit/537.36 (KHTML, like Gecko; compatible; bingbot/2.0; +http://www.bing.com/bingbot.htm) Chrome/116.0.1938.76 Safari/537.36"
66.249.73.101 - - [26/Apr/2025:04:25:03 -0400] "GET /?i=48780139052511&channel=d3e64a&from=goods.php%3Fid%3D1390525-2602%26name%3DPlayful+%E3%83%AC%E3%83%BC%E3%82%B9%E3%82%B3%E3%83%B3%E3%83%93%E3%83%AD%E3%83%B3%E3%82%B0%E3%83%89%E3%83%AC%E3%82%B9 HTTP/1.1" 200 51764 "-" "Mozilla/5.0 (Linux; Android 6.0.1; Nexus 5X Build/MMB29P) AppleWebKit/537.36 (KHTML, like Gecko) Chrome/135.0.7049.95 Mobile Safari/537.36 (compatible; Googlebot/2.1; +http://www.google.com/bot.html)"
66.249.73.102 - - [26/Apr/2025:04:25:11 -0400] "GET /?i=64248113485501&channel=1642ce&from=jp.php%3Fid%3D1134855-3068%26name%3D%E3%82%BB%E3%83%A9%E3%83%9F%E3%83%83%E3%82%AF%E3%83%95%E3%83%BC%E3%83%89%E3%82%B8%E3%83%A3%E3%83%BC%E3%82%AF%E3%83%AA%E3%82%A8%E3%82%A4%E3%83%86%E3%82%A3%E3%83%96%E3%82%BB%E3%83%A9%E3%83%9F%E3%83%83%E3%82%AF%E3%83%86%E3%82%A3%E3%83%BC%E7%BC%B6%E3%80%81%E5%AE%B6%E5%BA%AD%E7%94%A8%E3%83%97%E3%83%BC%E3%82%A2%E3%83%AB%E8%8C%B6%E4%BF%9D%E5%AD%98%E3%83%86%E3%82%A3%E3%83%BC%E7%BC%B6%E3%80%81%E8%93%8B%E4%BB%98%E3%81%8D%E5%AF%86%E5%B0%81%E7%BC%B6%E3%83%91%E3%83%B3%E3%83%88%E3%83%AA%E3%83%BC%E4%BF%9D%E5%AD%98%E5%AE%B9%E5%99%A8 HTTP/1.1" 200 0 "-" "Mozilla/5.0 (Linux; Android 6.0.1; Nexus 5X Build/MMB29P) AppleWebKit/537.36 (KHTML, like Gecko) Chrome/135.0.7049.95 Mobile Safari/537.36 (compatible; GoogleOther)"
52.167.144.222 - - [26/Apr/2025:04:25:47 -0400] "GET /?i=3942743345109&channel=8c58aa&from=blog.php%3Fid%3D433451-3372%26name%3D%E2%9C%A7%EF%B8%8E%E6%96%B0%E5%93%81%E2%9C%A7%EF%B8%8E%E2%99%A1%E3%82%A2%E3%83%97%E2%99%A1%E3%83%90%E3%83%83%E3%82%AF%E3%83%9C%E3%83%AA%E3%83%A5%E3%83%BC%E3%83%A0%E3%83%99%E3%83%AB%E3%83%86%E3%83%83%E3%83%89%E3%82%B3%E3%83%BC%E3%83%88+%EF%BC%88%E3%83%99%E3%83%BC%E3%82%B8%E3%83%A5%EF%BC%89%E3%82%B5%E3%82%A4%E3%82%BA1 HTTP/1.1" 200 0 "-" "Mozilla/5.0 AppleWebKit/537.36 (KHTML, like Gecko; compatible; bingbot/2.0; +http://www.bing.com/bingbot.htm) Chrome/116.0.1938.76 Safari/537.36"
66.249.74.11 - - [26/Apr/2025:04:26:02 -0400] "GET /?i=6204499162602&channel=a972dc&from=blog.php%3Fid%3D991626-635%26name%3DMORRIS+F-01%E2%85%A1+2008%E5%B9%B4+%E7%BE%8E%E5%93%81%E3%82%B3%E3%83%B3%E3%83%91%E3%82%AF%E3%83%88 HTTP/1.1" 200 0 "-" "Mozilla/5.0 (Linux; Android 6.0.1; Nexus 5X Build/MMB29P) AppleWebKit/537.36 (KHTML, like Gecko) Chrome/135.0.7049.95 Mobile Safari/537.36 (compatible; GoogleOther)"
52.167.144.25 - - [26/Apr/2025:04:26:16 -0400] "GET /?i=28782126843400&channel=b80752&from=category-info.php%3Fid%3D1268434-19869%26name%3DTK6862A+DC%E9%9B%BB%E6%BA%90+%E5%8F%AF%E5%A4%89%E3%83%AA%E3%82%B9%E3%83%88%E3%82%B7%E3%83%BC%E3%82%B1%E3%83%B3%E3%82%B9+%E3%83%97%E3%83%AD%E3%82%B0%E3%83%A9%E3%83%9E%E3%83%96%E3%83%ABDC%E9%9B%BB%E6%BA%90+%E3%81%82%E3%82%89%E3%82%86%E3%82%8B%E5%88%86%E9%87%8E%E3%81%AE%E5%B0%82%E9%96%80%E5%AE%B6%E3%81%AE%E3%81%9F%E3%82%81%E3%81%AE%E3%83%84%E3%83%BC%E3%83%AB%E3%81%AB%E3%81%99%E3%82%8B HTTP/1.1" 200 0 "-" "Mozilla/5.0 AppleWebKit/537.36 (KHTML, like Gecko; compatible; bingbot/2.0; +http://www.bing.com/bingbot.htm) Chrome/116.0.1938.76 Safari/537.36"
66.249.73.102 - - [26/Apr/2025:04:26:21 -0400] "GET /?i=04397101298702&channel=965471&from=product.php%3Fid%3D1012987-398%26name%3D%E7%9F%B3%E6%B2%B9%E3%81%B5%E3%82%8D%E7%B5%A6%E6%B9%AF%E6%A9%9F+%E7%B5%A6%E6%B9%AF%E8%BF%BD%E3%81%84%E3%81%A0%E3%81%8D+%E3%82%BB%E3%83%9F%E8%B2%AF%E6%B9%AF%E5%BC%8F+4%E4%B8%87%E3%82%AD%E3%83%AD+%E3%83%8E%E3%83%BC%E3%83%AA%E3%83%84NORITZ+%5BOTX-4707AYSV%5D+%E3%83%95%E3%83%AB%E3%82%AA%E3%83%BC%E3%83%88+%E5%B1%8B%E5%A4%96%E6%8D%AE%E7%BD%AE%E5%BD%A2+%E3%83%9E%E3%83%AB%E3%83%81%E3%83%AA%E3%83%A2%E3%82%B3%E3%83%B3%E4%BB%98+++%E6%B3%95%E4%BA%BA%E6%A7%98%E9%99%90%E5%AE%9A+%E3%83%A1%E3%83%BC%E3%82%AB%E3%83%BC%E7%9B%B4%E9%80%81 HTTP/1.1" 200 54657 "-" "Mozilla/5.0 (Linux; Android 6.0.1; Nexus 5X Build/MMB29P) AppleWebKit/537.36 (KHTML, like Gecko) Chrome/135.0.7049.95 Mobile Safari/537.36 (compatible; Googlebot/2.1; +http://www.google.com/bot.html)"
134.17.14.122 - - [26/Apr/2025:04:26:23 -0400] "POST /wp-content/themes/.index.php HTTP/1.1" 200 0 "-" "Mozilla/4.0 (compatible; MSIE 6.0; Windows NT 5.1; SV1)"
66.249.73.101 - - [26/Apr/2025:04:26:24 -0400] "GET /?i=0248226191306&channel=ebb1c5&from=jp.php%3Fid%3D261913-12462%26name%3DSAFIGLE+20%E5%80%8B+%E3%83%89%E3%83%BC%E3%83%AB%E3%83%8F%E3%82%A6%E3%82%B9%E3%83%90%E3%83%AB%E3%83%BC%E3%83%B3+balloons+decoration+%E6%B0%B4%E6%97%8F%E9%A4%A8%E3%81%AE%E6%A4%8D%E7%89%A9%E3%81%AE%E6%9C%A8+%E9%A3%BE%E3%82%8A%E9%A2%A8%E8%88%B9+%E5%9B%9B%E8%A7%92%E3%81%84%E5%86%B7%E8%94%B5%E5%BA%AB+%E4%BA%BA%E5%B7%A5 HTTP/1.1" 200 53682 "-" "Mozilla/5.0 (Linux; Android 6.0.1; Nexus 5X Build/MMB29P) AppleWebKit/537.36 (KHTML, like Gecko) Chrome/135.0.7049.95 Mobile Safari/537.36 (compatible; Googlebot/2.1; +http://www.google.com/bot.html)"
66.249.73.102 - - [26/Apr/2025:04:26:27 -0400] "GET /97719449837.shtml HTTP/1.1" 200 0 "-" "Mozilla/5.0 (Linux; Android 6.0.1; Nexus 5X Build/MMB29P) AppleWebKit/537.36 (KHTML, like Gecko) Chrome/135.0.7049.95 Mobile Safari/537.36 (compatible; GoogleOther)"
66.249.73.102 - - [26/Apr/2025:04:27:07 -0400] "GET /?i=0628076617404&channel=93d3ae&from=news.php%3Fid%3D766174-2086%26name%3D663t%2A%E3%83%A2%E3%82%AC+MOGA+%E3%82%A6%E3%83%BC%E3%83%AB%E3%82%B5%E3%82%AD%E3%82%BD%E3%83%8B%E3%83%BC%E3%82%B7%E3%83%A3%E3%83%84 HTTP/1.1" 200 51977 "-" "Mozilla/5.0 (Linux; Android 6.0.1; Nexus 5X Build/MMB29P) AppleWebKit/537.36 (KHTML, like Gecko) Chrome/135.0.7049.95 Mobile Safari/537.36 (compatible; Googlebot/2.1; +http://www.google.com/bot.html)"
66.249.73.101 - - [26/Apr/2025:04:27:12 -0400] "GET /?i=0033430900503&channel=93d3ae&from=category-info.php%3Fid%3D309005-2086%26name%3D%E6%96%B0%E5%93%81%E3%80%80FRAMEWORK+%E3%83%95%E3%83%AC%E3%82%A4%E3%83%A0%E3%83%AF%E3%83%BC%E3%82%AF%E3%80%80%E3%83%AA%E3%83%8D%E3%83%B3%E3%82%B7%E3%83%A3%E3%83%84 HTTP/1.1" 200 0 "-" "Mozilla/5.0 (Linux; Android 6.0.1; Nexus 5X Build/MMB29P) AppleWebKit/537.36 (KHTML, like Gecko) Chrome/135.0.7049.95 Mobile Safari/537.36 (compatible; GoogleOther)"
66.249.73.102 - - [26/Apr/2025:04:27:14 -0400] "GET /?i=01304151983801&channel=140733&from=shared.php%3Fid%3D1519838-24748%26name%3D%E3%81%93%E3%82%93%E3%81%8C%E3%82%8A%E3%81%9F%E3%82%89%E3%83%81%E3%83%BC%E3%82%BA+1%E6%9E%9A%E5%85%A5%C3%973%E5%80%8B+%E5%8C%97%E6%B5%B7%E9%81%93+%E3%81%8A%E5%9C%9F%E7%94%A3+%E7%8F%8D%E5%91%B3+%E3%81%8A%E3%81%A4%E3%81%BE%E3%81%BF+%E9%B1%88+%E3%83%81%E3%83%BC%E3%82%BF%E3%83%A9+%E3%83%81%E3%82%A7%E3%83%80%E3%83%BC%E3%83%81%E3%83%BC%E3%82%BA+%E8%82%B4+%E3%81%8A%E8%8F%93%E5%AD%90+%E3%81%8A%E3%82%84%E3%81%A4+%E3%82%AE%E3%83%95%E3%83%88+%E3%83%97%E3%83%AC%E3%82%BC%E3%83%B3%E3%83%88+%E3%81%8A%E5%8F%96%E3%82%8A%E5%AF%84%E3%81%9B+%E9%80%81%E6%96%99%E7%84%A1%E6%96%99 HTTP/1.1" 200 53793 "-" "Mozilla/5.0 (Linux; Android 6.0.1; Nexus 5X Build/MMB29P) AppleWebKit/537.36 (KHTML, like Gecko) Chrome/135.0.7049.95 Mobile Safari/537.36 (compatible; Googlebot/2.1; +http://www.google.com/bot.html)"
66.249.73.101 - - [26/Apr/2025:04:27:32 -0400] "GET /?i=23635153928818&channel=f66380&from=article.php%3Fid%3D1539288-1886%26name%3D%E3%83%99%E3%82%B9%E3%83%88+%E3%82%B8%E3%83%AC+%E8%AA%AD%E3%81%BF%E3%81%8B%E3%81%91+2WAY%E3%83%AA%E3%83%96%E3%83%8B%E3%83%83%E3%83%88%E3%83%99%E3%82%A2%E3%83%88%E3%83%83%E3%83%97%E3%83%93%E3%82%B9%E3%83%81%E3%82%A7+%E3%83%AC%E3%83%87%E3%82%A3%E3%83%BC%E3%82%B9 HTTP/1.1" 200 0 "-" "Mozilla/5.0 (Linux; Android 6.0.1; Nexus 5X Build/MMB29P) AppleWebKit/537.36 (KHTML, like Gecko) Chrome/135.0.7049.95 Mobile Safari/537.36 (compatible; GoogleOther)"
66.249.73.101 - - [26/Apr/2025:04:27:51 -0400] "GET /270611145615.shtml HTTP/1.1" 200 0 "-" "Mozilla/5.0 (Linux; Android 6.0.1; Nexus 5X Build/MMB29P) AppleWebKit/537.36 (KHTML, like Gecko) Chrome/135.0.7049.95 Mobile Safari/537.36 (compatible; GoogleOther)"
66.249.73.101 - - [26/Apr/2025:04:27:56 -0400] "GET /01119721642.shtml HTTP/1.1" 200 53249 "-" "Mozilla/5.0 (Linux; Android 6.0.1; Nexus 5X Build/MMB29P) AppleWebKit/537.36 (KHTML, like Gecko) Chrome/135.0.7049.95 Mobile Safari/537.36 (compatible; Googlebot/2.1; +http://www.google.com/bot.html)"
40.77.167.136 - - [26/Apr/2025:04:29:02 -0400] "GET /?i=7478177345603&channel=68ab08&from=category-info.php%3Fid%3D773456-4724%26name%3D%E3%82%A2%E3%83%B3%E3%83%86%E3%82%A3%E3%83%BC%E3%82%AF%E7%B5%A8%E6%AF%AF%E3%80%80%E3%83%9A%E3%83%AB%E3%82%B7%E3%83%A3%E7%B5%A8%E6%AF%AF%E3%83%B4%E3%82%A3%E3%83%B3%E3%83%86%E3%83%BC%E3%82%B8%E5%8F%A4%E9%81%93%E5%85%B7%E5%8F%A4%E6%B0%91%E5%AE%B6%E6%98%AD%E5%92%8C%E3%83%AC%E3%83%88%E3%83%AD HTTP/1.1" 200 0 "-" "Mozilla/5.0 AppleWebKit/537.36 (KHTML, like Gecko; compatible; bingbot/2.0; +http://www.bing.com/bingbot.htm) Chrome/116.0.1938.76 Safari/537.36"
66.249.74.13 - - [26/Apr/2025:04:29:18 -0400] "GET /49913257927.shtml HTTP/1.1" 200 0 "-" "Mozilla/5.0 (Linux; Android 6.0.1; Nexus 5X Build/MMB29P) AppleWebKit/537.36 (KHTML, like Gecko) Chrome/135.0.7049.95 Mobile Safari/537.36 (compatible; GoogleOther)"
66.249.73.101 - - [26/Apr/2025:04:29:32 -0400] "GET /?i=9969568201742&channel=b89082&from=blog.php%3Fid%3D682017-1496%26name%3D%E3%80%8EWEB%E9%99%90%E5%AE%9A%E3%80%8F%E3%83%AA%E3%83%A9%E3%83%83%E3%82%AF%E3%82%B9%E3%82%B9%E3%83%88%E3%83%AC%E3%83%83%E3%83%81%E3%82%B5%E3%82%A4%E3%83%89%E3%83%9D%E3%82%B1%E3%83%83%E3%83%88%E3%82%B7%E3%83%A3%E3%83%84%E3%82%B8%E3%83%A3%E3%82%B1%E3%83%83%E3%83%88 HTTP/1.1" 200 0 "-" "Mozilla/5.0 (Linux; Android 6.0.1; Nexus 5X Build/MMB29P) AppleWebKit/537.36 (KHTML, like Gecko) Chrome/135.0.7049.95 Mobile Safari/537.36 (compatible; GoogleOther)"
40.77.167.136 - - [26/Apr/2025:04:30:21 -0400] "GET /?i=22999185631800&channel=258c73&from=shared.php%3Fid%3D1856318-30492%26name%3D%E3%83%9B%E3%83%BC%E3%82%AC%E3%83%B3+%E3%83%AC%E3%82%BF%E3%82%B9%E7%A8%AE%E5%AD%90+%E3%82%B3%E3%83%BC%E3%83%885000%E7%B2%92 HTTP/1.1" 200 0 "-" "Mozilla/5.0 AppleWebKit/537.36 (KHTML, like Gecko; compatible; bingbot/2.0; +http://www.bing.com/bingbot.htm) Chrome/116.0.1938.76 Safari/537.36"
66.249.73.102 - - [26/Apr/2025:04:31:01 -0400] "GET /?i=3397687818308&channel=8da17b&from=article.php%3Fid%3D878183-19940%26name%3DLCD%E3%82%B9%E3%82%AF%E3%83%AA%E3%83%BC%E3%83%B3%E3%83%91%E3%83%8D%E3%83%AB%E3%81%AF%E3%82%AF%E3%83%AA%E3%82%A2%E3%83%AC%E3%83%93%E3%83%A5%E3%83%BC%E3%81%AE%E3%81%9F%E3%82%81%E3%81%AB%E3%82%BF%E3%83%83%E3%83%81%E5%8F%AF%E8%83%BD%E3%81%A7%E3%80%81XA3+XA10%E3%82%AB%E3%83%A1%E3%83%A9%E3%83%A2%E3%83%87%E3%83%AB%E3%81%AB%E5%AE%8C%E7%92%A7%E3%81%AB%E3%83%95%E3%82%A3%E3%83%83%E3%83%88%E3%81%97%E3%81%BE%E3%81%99%E3%80%82 HTTP/1.1" 200 52618 "-" "Mozilla/5.0 (Linux; Android 6.0.1; Nexus 5X Build/MMB29P) AppleWebKit/537.36 (KHTML, like Gecko) Chrome/135.0.7049.95 Mobile Safari/537.36 (compatible; Googlebot/2.1; +http://www.google.com/bot.html)"
66.249.73.102 - - [26/Apr/2025:04:31:10 -0400] "GET /?i=6211912840805&channel=c68ddb&from=brands.php%3Fid%3D128408-3194%26name%3D%E3%83%A1%E3%83%B3%E3%82%BA%E3%83%8B%E3%83%A5%E3%83%BC%E3%82%B9%E3%83%9C%E3%83%BC%E3%82%A4%E3%83%8F%E3%83%83%E3%83%88%E8%AA%BF%E6%95%B4%E5%8F%AF%E8%83%BD%E3%81%AAPU%E3%83%AC%E3%82%B6%E3%83%BC%E3%82%A2%E3%82%A4%E3%83%93%E3%83%BC%E3%82%AD%E3%83%A3%E3%83%83%E3%83%97%E3%82%B4%E3%83%AB%E3%83%95%E3%83%95%E3%83%A9%E3%83%83%E3%83%88%E3%82%AD%E3%83%A3%E3%83%83%E3%83%97%E3%82%A6%E3%82%A3%E3%83%B3%E3%82%BF%E3%83%BC%E3%83%8F%E3%83%83%E3%83%88%E3%82%AE%E3%83%A3%E3%83%84%E3%83%93%E3%83%BC%E3%83%89%E3%83%A9%E3%82%A4%E3%83%93%E3%83%B3%E3%82%B0%E3%83%95%E3%82%A3%E3%83%83%E3%82%B7%E3%83%B3+%E3%81%99%E3%81%BF%E3%81%BE%E3%81%9B%E3%82%93 HTTP/1.1" 200 0 "-" "Mozilla/5.0 (Linux; Android 6.0.1; Nexus 5X Build/MMB29P) AppleWebKit/537.36 (KHTML, like Gecko) Chrome/135.0.7049.95 Mobile Safari/537.36 (compatible; GoogleOther)"
66.249.73.101 - - [26/Apr/2025:04:31:56 -0400] "GET /60587270681.shtml HTTP/1.1" 200 0 "-" "Mozilla/5.0 (Linux; Android 6.0.1; Nexus 5X Build/MMB29P) AppleWebKit/537.36 (KHTML, like Gecko) Chrome/135.0.7049.95 Mobile Safari/537.36 (compatible; GoogleOther)"
66.249.73.103 - - [26/Apr/2025:04:32:14 -0400] "GET /?i=1751784857503&channel=594f1e&from=product.php%3Fid%3D848575-6286%26name%3D%E3%82%B3%E3%83%96%E3%83%A9+KING+LTDx+%E3%83%A6%E3%83%BC%E3%83%86%E3%82%A3%E3%83%AA%E3%83%86%E3%82%A3+Speeder+NX+for+Cobra+%E3%80%90U4%E3%80%91+%E3%82%B7%E3%83%A3%E3%83%95%E3%83%88%EF%BC%9ASpeeder+NX+for+Cobra HTTP/1.1" 200 52999 "-" "Mozilla/5.0 (Linux; Android 6.0.1; Nexus 5X Build/MMB29P) AppleWebKit/537.36 (KHTML, like Gecko) Chrome/135.0.7049.95 Mobile Safari/537.36 (compatible; Googlebot/2.1; +http://www.google.com/bot.html)"
66.249.73.101 - - [26/Apr/2025:04:32:31 -0400] "GET /?i=9073855014600&channel=753288&from=brands.php%3Fid%3D550146-10127%26name%3D%E7%9F%B3%E5%A1%9A%E7%A1%9D%E5%AD%90+ISHIZUKA+GLASS+%E3%82%A2%E3%83%87%E3%83%AA%E3%82%A2%E3%82%B0%E3%83%A9%E3%82%B9+ADERIA+GLASS+%E6%B0%B4%E6%9C%88+%E8%B1%86%E7%9A%BF+F70704+12%E6%9E%9A%E3%82%BB%E3%83%83%E3%83%88+%E5%B0%8F%E7%9A%BF HTTP/1.1" 200 54492 "-" "Mozilla/5.0 (Linux; Android 6.0.1; Nexus 5X Build/MMB29P) AppleWebKit/537.36 (KHTML, like Gecko) Chrome/135.0.7049.95 Mobile Safari/537.36 (compatible; Googlebot/2.1; +http://www.google.com/bot.html)"
66.249.73.102 - - [26/Apr/2025:04:32:35 -0400] "GET /?i=0929280950606&channel=25e7be&from=article.php%3Fid%3D809506-1734%26name%3D%E3%80%90LOKITHO%E3%80%91%E3%80%90%E3%83%AD%E3%82%AD%E3%83%88%E3%80%91SPOT+EMB.+LONG+DRESS HTTP/1.1" 200 0 "-" "Mozilla/5.0 (Linux; Android 6.0.1; Nexus 5X Build/MMB29P) AppleWebKit/537.36 (KHTML, like Gecko) Chrome/135.0.7049.95 Mobile Safari/537.36 (compatible; GoogleOther)"
66.249.74.11 - - [26/Apr/2025:04:33:08 -0400] "GET /?i=94655137586901&channel=2d2df9&from=article.php%3Fid%3D1375869-17234%26name%3DATAO%2F%E6%89%8B%E5%B8%B3%E3%82%AB%E3%83%90%E3%83%BC HTTP/1.1" 200 0 "-" "Mozilla/5.0 (Linux; Android 6.0.1; Nexus 5X Build/MMB29P) AppleWebKit/537.36 (KHTML, like Gecko) Chrome/135.0.7049.95 Mobile Safari/537.36 (compatible; GoogleOther)"
52.167.144.25 - - [26/Apr/2025:04:33:36 -0400] "GET /?i=3280257661103&channel=6fa71e&from=brands.php%3Fid%3D576611-16158%26name%3D%E3%82%B1%E3%83%A9%E3%83%AA%E3%82%A2%E3%83%BB%E3%83%94%E3%82%B0%E3%83%9E%E3%82%A8%E3%82%A2%EF%BC%88%E7%8F%BE%E5%9C%B0%E6%A0%AA%E3%80%81%E7%99%BA%E6%A0%B9%E6%B8%88%E3%81%BF%EF%BC%89%23031 HTTP/1.1" 200 0 "-" "Mozilla/5.0 AppleWebKit/537.36 (KHTML, like Gecko; compatible; bingbot/2.0; +http://www.bing.com/bingbot.htm) Chrome/116.0.1938.76 Safari/537.36"
52.167.144.25 - - [26/Apr/2025:04:33:37 -0400] "GET /?i=74919135108506&channel=f30510&from=blog.php%3Fid%3D1351085-484%26name%3DREDTIGER+%E6%9C%80%E6%96%B0%E5%9E%8B+%E3%83%89%E3%83%A9%E3%82%A4%E3%83%96%E3%83%AC%E3%82%B3%E3%83%BC%E3%83%80%E3%83%BC+%E5%89%8D%E5%BE%8C%E3%82%AB%E3%83%A1%E3%83%A9+4K+UHD+800%E4%B8%87%E7%94%BB%E7%B4%A0+GPS+WIFI%E6%90%AD%E8%BC%89+IMX415%E3%82%BB%E3%83%B3%E3%82%B5%E3%83%BC+HDR%2FWDR%E6%90%AD%E8%BC%89+3.18%E3%82%A4%E3%83%B3%E3%83%81%E5%B0%8F%E5%9E%8B+%E3%83%89%E3%83%A9%E3%83%AC%E3%82%B3+%E9%A7%90%E8%BB%8A%E7%9B%A3%E8%A6%96+%E3%83%8E%E3%82%A4%E3%82%BA%2FLED%E4%BF%A1%E5%8F%B7%E6%A9%9F%E5%AF%BE%E7%AD%96%E6%B8%88+G%E3%82%BB%E3%83%B3%E3%82%B5%E3%83%BC+%E8%A1%9D%E6%92%83%E9%8C%B2%E7%94%BB+170%C2%B0%E8%B6%85%E5%BA%83%E8%A7%92+%E3%81%A9%E3%82%89%E3%81%84%E3%81%B6%E3%82%8C%E3%81%93%E3%83%BC%E3%81%A0%E3%83%BC+Type-C%E9%9B%BB%E6%BA%90+32GB%E3%82%AB%E3%83%BC%E3%83%89%E4%BB%98%E3%81%8D+%E5%90%B8%E7%9B%A4%E5%BC%8F+%E6%97%A5%E6%9C%AC%E8%AA%9E%E8%AA%AC HTTP/1.1" 200 0 "-" "Mozilla/5.0 AppleWebKit/537.36 (KHTML, like Gecko; compatible; bingbot/2.0; +http://www.bing.com/bingbot.htm) Chrome/116.0.1938.76 Safari/537.36"
52.167.144.157 - - [26/Apr/2025:04:33:41 -0400] "GET /?i=985683912704&channel=c823b2&from=blog.php%3Fid%3D39127-744%26name%3DYXCMD+%E9%9B%B9%E9%98%B2%E6%AD%A2%E5%85%A8%E8%BB%8A%E3%82%AB%E3%83%90%E3%83%BC%E3%80%81%E3%82%B8%E3%83%A3%E3%82%AC%E3%83%BC+F+%E3%83%9A%E3%83%BC%E3%82%B9+2016-2024%E7%94%A8%E3%80%81%E5%B1%8B%E5%A4%96%E7%94%A8%E3%82%B3%E3%83%83%E3%83%88%E3%83%B3%E8%BF%BD%E5%8A%A0%E3%80%81%E5%A4%AA%E9%99%BD%E3%80%81%E6%B0%B4%E3%80%81%E9%9B%AA%E9%9B%A8%E3%80%81%E3%81%BB%E3%81%93%E3%82%8A%E3%81%AB%E5%BC%B7%E3%81%84%E3%82%AB%E3%82%B9%E3%82%BF%E3%83%9E%E3%82%A4 HTTP/1.1" 200 0 "-" "Mozilla/5.0 AppleWebKit/537.36 (KHTML, like Gecko; compatible; bingbot/2.0; +http://www.bing.com/bingbot.htm) Chrome/116.0.1938.76 Safari/537.36"
66.249.73.101 - - [26/Apr/2025:04:33:56 -0400] "GET /?i=0891575738602&channel=d85b95&from=jp.php%3Fid%3D757386-4867%26name%3Dgooo%E3%81%95%E3%81%BE%E5%B0%82%E7%94%A8%E3%83%A8%E3%83%BC%E3%82%B3%E3%83%81%E3%83%A3%E3%83%B3 HTTP/1.1" 200 53324 "-" "Mozilla/5.0 (Linux; Android 6.0.1; Nexus 5X Build/MMB29P) AppleWebKit/537.36 (KHTML, like Gecko) Chrome/135.0.7049.95 Mobile Safari/537.36 (compatible; Googlebot/2.1; +http://www.google.com/bot.html)"
66.249.73.103 - - [26/Apr/2025:04:34:08 -0400] "GET /?i=59049141699303&channel=93be18&from=shared.php%3Fid%3D1416993-5595%26name%3D%E3%83%A4%E3%83%A9%E3%83%8B%E3%83%A5%E3%83%BC+YARRA+NEU+SID+GRAS%E3%82%B9%E3%83%88%E3%83%A9%E3%82%A4%E3%83%97%E3%82%B7%E3%83%A3%E3%83%84+5513-409+%E3%83%88%E3%83%83%E3%83%97%E3%82%B9+%E9%95%B7%E8%A2%96+%E3%83%90%E3%83%B3%E3%83%89%E3%82%AB%E3%83%A9%E3%83%BC+%E3%83%AC%E3%83%87%E3%82%A3%E3%83%BC%E3%82%B9+2025%E6%98%A5%E5%A4%8F HTTP/1.1" 200 0 "-" "Mozilla/5.0 (Linux; Android 6.0.1; Nexus 5X Build/MMB29P) AppleWebKit/537.36 (KHTML, like Gecko) Chrome/135.0.7049.95 Mobile Safari/537.36 (compatible; GoogleOther)"
52.167.144.157 - - [26/Apr/2025:04:35:07 -0400] "GET /?i=6559825133306&channel=cf2c02&from=news.php%3Fid%3D251333-9025%26name%3DApple+iPad%E6%9C%AC%E4%BD%93+64GB%E7%AC%AC9%E4%B8%96%E4%BB%A3wifi%E3%83%A2%E3%83%87%E3%83%AB HTTP/1.1" 200 0 "-" "Mozilla/5.0 AppleWebKit/537.36 (KHTML, like Gecko; compatible; bingbot/2.0; +http://www.bing.com/bingbot.htm) Chrome/116.0.1938.76 Safari/537.36"
52.167.144.141 - - [26/Apr/2025:04:35:46 -0400] "GET /?i=89920134898801&channel=b38e5b&from=info.php%3Fid%3D1348988-3513%26name%3D%3F%E3%83%91%E3%83%A9%E3%83%9E%E3%82%A6%E3%83%B3%E3%83%88%E5%9C%A8%E5%AE%85%E4%BB%8B%E8%AD%B7%E7%94%A8%E9%9B%BB%E5%8B%95%E3%83%99%E3%83%83%E3%83%88%E3%80%90%E3%82%B7%E3%83%8B%E3%82%A2%E3%82%AB%E3%83%BC%E4%B9%9D%E5%B7%9E%E5%9C%B0%E5%8C%BA%E6%9C%80%E5%A4%A7%E7%B4%9A%21%E8%B2%B7%E5%8F%96%EF%BC%86%E8%B2%A9%E5%A3%B2%E3%82%A2%E3%83%BC%E3%83%AB%E3%83%AF%E3%83%B3%E7%94%B0%E5%B7%9D%E3%80%91 HTTP/1.1" 200 0 "-" "Mozilla/5.0 AppleWebKit/537.36 (KHTML, like Gecko; compatible; bingbot/2.0; +http://www.bing.com/bingbot.htm) Chrome/116.0.1938.76 Safari/537.36"
66.249.73.103 - - [26/Apr/2025:04:35:51 -0400] "GET /?i=0029130918102&channel=93d3ae&from=goods.php%3Fid%3D309181-2086%26name%3DURBAN+RESEARCH+DOORS+%E3%83%AA%E3%83%8D%E3%83%B3%E3%83%90%E3%83%83%E3%82%AF%E3%82%BF%E3%83%83%E3%82%AF%E3%83%97%E3%83%AB%E3%82%AA%E3%83%BC%E3%83%90%E3%83%BC HTTP/1.1" 200 52868 "-" "Mozilla/5.0 (Linux; Android 6.0.1; Nexus 5X Build/MMB29P) AppleWebKit/537.36 (KHTML, like Gecko) Chrome/135.0.7049.95 Mobile Safari/537.36 (compatible; Googlebot/2.1; +http://www.google.com/bot.html)"
66.249.74.11 - - [26/Apr/2025:04:36:03 -0400] "GET /81253184939.shtml HTTP/1.1" 200 0 "-" "Mozilla/5.0 (Linux; Android 6.0.1; Nexus 5X Build/MMB29P) AppleWebKit/537.36 (KHTML, like Gecko) Chrome/135.0.7049.95 Mobile Safari/537.36 (compatible; GoogleOther)"
66.249.73.102 - - [26/Apr/2025:04:36:09 -0400] "GET /?i=39148159453006&channel=955ef8&from=jp.php%3Fid%3D1594530-13218%26name%3D%E9%AB%98%E9%80%9F%E5%85%85%E9%9B%BB%E3%83%87%E3%83%BC%E3%82%BF%E3%82%B3%E3%83%8D%E3%82%AF%E3%82%BF%E3%83%97%E3%83%A9%E3%82%B0%E3%80%81%E3%83%87%E3%83%BC%E3%82%BF%E8%BB%A2%E9%80%81%E3%82%A2%E3%83%80%E3%83%97%E3%82%BF%E3%83%BC%2C%E3%83%87%E3%82%B8%E3%82%BF%E3%83%AB%E3%83%87%E3%82%A3%E3%82%B9%E3%83%97%E3%83%AC%E3%82%A4USB4.0+PD+240W%E3%82%B3%E3%83%8D%E3%82%AF%E3%82%BF+-+%E6%90%BA%E5%B8%AF%E9%9B%BB%E8%A9%B1%E3%81%AE%E3%83%A9%E3%83%83%E3%83%97%E3%83%88 HTTP/1.1" 200 55082 "-" "Mozilla/5.0 (Linux; Android 6.0.1; Nexus 5X Build/MMB29P) AppleWebKit/537.36 (KHTML, like Gecko) Chrome/135.0.7049.95 Mobile Safari/537.36 (compatible; Googlebot/2.1; +http://www.google.com/bot.html)"
85.208.96.206 - - [26/Apr/2025:04:37:14 -0400] "GET /robots.txt HTTP/1.1" 200 91 "-" "Mozilla/5.0 (compatible; SemrushBot/7~bl; +http://www.semrush.com/bot.html)"
85.208.96.201 - - [26/Apr/2025:04:37:17 -0400] "GET /wp-includes/sodium_compat/namespaced/0 HTTP/1.1" 200 0 "-" "Mozilla/5.0 (compatible; SemrushBot/7~bl; +http://www.semrush.com/bot.html)"
66.249.73.102 - - [26/Apr/2025:04:37:31 -0400] "GET /?i=6022568334200&channel=c5701b&from=news.php%3Fid%3D683342-2207%26name%3DID%3AG972130%E3%80%80%E2%98%85%E3%82%A2%E3%82%A6%E3%83%88%E3%83%AC%E3%83%83%E3%83%88%E2%98%85%E3%83%80%E3%82%A4%E3%83%8B%E3%83%B3%E3%82%B0%E3%83%86%E3%83%BC%E3%83%96%E3%83%AB%EF%BC%94%E7%82%B9%E3%82%BB%E3%83%83%E3%83%88%EF%BC%88%E3%83%9D%E3%83%AB%E3%83%86%EF%BC%89 HTTP/1.1" 200 53637 "-" "Mozilla/5.0 (Linux; Android 6.0.1; Nexus 5X Build/MMB29P) AppleWebKit/537.36 (KHTML, like Gecko) Chrome/135.0.7049.95 Mobile Safari/537.36 (compatible; Googlebot/2.1; +http://www.google.com/bot.html)"
40.77.167.4 - - [26/Apr/2025:04:37:41 -0400] "GET /?i=076454737201&channel=185752&from=blog.php%3Fid%3D47372-2489%26name%3D%E3%80%90%E6%9C%AC%E5%B7%9E%E9%80%81%E6%96%99%E7%84%A1%E6%96%99%E3%80%91%3Cbr%3E%E4%BE%BF%E5%88%A9%E3%81%AA%E5%B0%8F%E8%A2%8B%E3%80%80%3Cbr%3E%E5%90%9F%E6%92%B0%E3%81%A8%E3%82%93%E3%81%93%E3%81%A4%E3%83%A9%E3%83%BC%E3%83%A1%E3%83%B3%E3%82%B9%E3%83%BC%E3%83%97%E3%80%8050ml%C3%97120%E8%A2%8B120%EF%BC%881%E3%82%B1%E3%83%BC%E3%82%B9%EF%BC%89%3Cbr%3E%E5%B9%B3%E5%92%8C%E9%A3%9F%E5%93%81%E5%B7%A5%E6%A5%AD+%3Cbr%3EISK+%3Cbr%3E%E5%8C%97%E6%B5%B7%E9%81%93%E3%83%BB%E5%9B%9B%E5%9B%BD%E3%83%BB%E4%B9%9D%E5%B7%9E%E8%A1%8C%E3%81%8D%E3%81%AF%E8%BF%BD%E5%8A%A0%E9%80%81%E6%96%99220%E5%86%86%E3%81%8B%E3%81%8B%E3%82%8A%E3%81%BE%E3%81%99%E3%80%82%3Cbr%3E%E3%83%98%E3%82%A4%E3%83%AF%E3%80%90%E6%A5%AD%E5%8B%99%E7%94%A8%E8%B1%9A%E9%AA%A8%E3%83%A9%E3%83%BC%E3%83%A1%E3%83%B3%E3%82%B9%E3%83%BC%E3%83%97%E3%80%91 HTTP/1.1" 200 0 "-" "Mozilla/5.0 AppleWebKit/537.36 (KHTML, like Gecko; compatible; bingbot/2.0; +http://www.bing.com/bingbot.htm) Chrome/116.0.1938.76 Safari/537.36"
66.249.73.101 - - [26/Apr/2025:04:37:52 -0400] "GET /?i=80981101364901&channel=07776a&from=blog.php%3Fid%3D1013649-5277%26name%3D%E3%83%86%E3%83%BC%E3%83%A9%E3%83%BC%E3%83%A1%E3%82%A4%E3%83%89+STEALTH+%E3%82%B9%E3%83%86%E3%83%AB%E3%82%B92+HD+%E3%83%AC%E3%82%B9%E3%82%AD%E3%83%A5%E3%83%BC+%E3%83%A6%E3%83%BC%E3%83%86%E3%82%A3%E3%83%AA%E3%83%86%E3%82%A3+TENSEI+RED+TM40%282022%29+%E3%83%AC%E3%83%87%E3%82%A3%E3%82%B9+%E3%80%90U5%E3%80%91+%E3%82%B7%E3%83%A3%E3%83%95%E3%83%88%EF%BC%9ATENSEI+RED%E3%83%BB%E3%83%BB%E3%83%BB HTTP/1.1" 200 0 "-" "Mozilla/5.0 (Linux; Android 6.0.1; Nexus 5X Build/MMB29P) AppleWebKit/537.36 (KHTML, like Gecko) Chrome/135.0.7049.95 Mobile Safari/537.36 (compatible; GoogleOther)"
52.167.144.203 - - [26/Apr/2025:04:39:08 -0400] "GET /?i=0912964011502&channel=71f745&from=news.php%3Fid%3D640115-480%26name%3D%E7%9B%B4%E9%80%81%E3%83%BB%E4%BB%A3%E5%BC%95%E4%B8%8D%E5%8F%AF+%E3%82%B3%E3%83%BC%E3%83%8A%E3%83%BC+%E3%83%86%E3%83%AC%E3%83%93%E3%83%9C%E3%83%BC%E3%83%89+110cm%E5%B9%85+%E3%83%96%E3%83%A9%E3%82%A6%E3%83%B3+%E3%82%B3%E3%83%BC%E3%83%8A%E3%83%BC%E3%82%BF%E3%82%A4%E3%83%97+%E3%83%AD%E3%83%BC%E3%83%9C%E3%83%BC%E3%83%89+%E3%83%86%E3%83%AC%E3%83%93%E5%8F%B0+%E3%83%86%E3%83%AC%E3%83%93%E3%83%A9%E3%83%83%E3%82%AF+TV%E3%83%9C%E3%83%BC%E3%83%89+TV%E5%8F%B0+%E7%B5%84%E7%AB%8B%E5%93%81+%E5%88%A5%E5%95%86%E5%93%81%E3%81%AE%E5%90%8C%E6%99%82%E6%B3%A8%E6%96%87%E4%B8%8D%E5%8F%AF HTTP/1.1" 200 0 "-" "Mozilla/5.0 AppleWebKit/537.36 (KHTML, like Gecko; compatible; bingbot/2.0; +http://www.bing.com/bingbot.htm) Chrome/116.0.1938.76 Safari/537.36"
66.249.73.102 - - [26/Apr/2025:04:39:17 -0400] "GET /?i=8914985564708&channel=a55c0a&from=jp.php%3Fid%3D855647-643%26name%3DH%26E%E7%A4%BE+%E3%83%93%E3%83%83%E3%82%AF%E3%82%B5%E3%82%A4%E3%82%BA+%E7%B4%841692g%E3%80%81%E7%B4%84150mmx145mmx120mm%E3%82%A2%E3%82%BE%E3%82%BC%E3%82%AA+%E3%83%AF%E3%83%BC%E3%83%AB%E3%83%89%E3%83%A9%E3%83%93%E3%83%AA%E3%83%B3%E3%82%B9+%E3%82%B9%E3%83%88%E3%83%BC%E3%83%B3%28+%E3%83%92%E3%83%9E%E3%83%A9%E3%83%A4%E3%82%B4%E3%83%BC%E3%83%AB%E3%83%89+%E3%82%A2%E3%82%BC%E3%83%84%E3%83%A9%E3%82%A4%E3%83%88+%29%E3%80%90+%E3%83%98%E3%83%96%E3%83%B3%EF%BC%86%E3%82%A2%E3%83%BC%E3%82%B9+%E7%A4%BE%E3%80%91+%E3%82%BD%E3%83%BC%E3%83%A9%E3%83%BC%E3%83%97%E3%83%AC%E3%82%AF%E3%82%B5%E3%82%B9%E3%83%81%E3%83%A3%E3%82%AF%E3%83%A9+%E3%83%AD%E3%83%90%E3%83%BC%E3%83%88%E3%82%B7%E3%83%A2%E3%83%B3%E3%82%BA%E6%B0%8F+%E3%83%92%E3%83%9E%E3%83%A9%E3%83%A4%E3%82%B4%E3%83%BC%E3%83%AB%E3%83%89+%E6%AE%8B%E3%82%8A+%E3%82%A2%E3%82%BC%E3%83%84%E3%83%A9%E3%82%A4%E3%83%88%E3%80%90%E4%B8%80%E7%82%B9%E7%89%A9%E3%80%91 HTTP/1.1" 200 0 "-" "Mozilla/5.0 (Linux; Android 6.0.1; Nexus 5X Build/MMB29P) AppleWebKit/537.36 (KHTML, like Gecko) Chrome/135.0.7049.95 Mobile Safari/537.36 (compatible; GoogleOther)"
66.249.73.101 - - [26/Apr/2025:04:39:51 -0400] "GET /?i=8012220027802&channel=f9702f&from=article.php%3Fid%3D200278-11206%26name%3DTCTNCMCDS%28%E5%A3%B2%E5%BA%97%29+%E3%82%B9%E3%82%BF%E3%83%BC%E3%82%BF%E3%83%BC%E3%83%A2%E3%83%BC%E3%82%BF%E3%83%BC+%E3%83%9B%E3%83%B3%E3%83%80+VT1300CR+%E3%82%B9%E3%83%86%E3%83%BC%E3%83%88%E3%83%A9%E3%82%A4%E3%83%B3+VT1300CS+ABS+%E3%82%BB%E3%82%A4%E3%83%90%E3%83%BC+VT1 HTTP/1.1" 200 54443 "-" "Mozilla/5.0 (Linux; Android 6.0.1; Nexus 5X Build/MMB29P) AppleWebKit/537.36 (KHTML, like Gecko) Chrome/135.0.7049.95 Mobile Safari/537.36 (compatible; Googlebot/2.1; +http://www.google.com/bot.html)"
66.249.73.101 - - [26/Apr/2025:04:40:13 -0400] "GET /?i=11858128528302&channel=b18f81&from=blog.php%3Fid%3D1285283-1479%26name%3D%E3%81%94%E5%B0%82%E7%94%A8%E3%81%A7%E3%81%99%E2%9D%A3%EF%B8%8F%E6%96%B0%E5%93%81AP+STUDIO+SCENTOF%E3%83%AC%E3%83%BC%E3%83%A8%E3%83%B3%E3%82%B3%E3%83%83%E3%83%88%E3%83%B3MA-1 HTTP/1.1" 200 0 "-" "Mozilla/5.0 (Linux; Android 6.0.1; Nexus 5X Build/MMB29P) AppleWebKit/537.36 (KHTML, like Gecko) Chrome/135.0.7049.95 Mobile Safari/537.36 (compatible; GoogleOther)"
66.249.73.101 - - [26/Apr/2025:04:40:31 -0400] "GET /?i=19077150288607&channel=12da15&from=article.php%3Fid%3D1502886-24831%26name%3DOUNONA+%E3%82%B9%E3%83%86%E3%83%B3%E3%83%AC%E3%82%B9%E3%82%B9%E3%83%81%E3%83%BC%E3%83%AB+%E3%83%A1%E3%83%AD%E3%83%B3%E3%83%9C%E3%83%BC%E3%83%A9%E3%83%BC+%E6%B8%A1%E3%81%9B+%E3%82%A2%E3%82%A4%E3%82%B9%E3%82%AF%E3%83%AA%E3%83%BC%E3%83%A0%E3%82%B9%E3%82%AF%E3%83%BC%E3%83%97+%E3%83%A1%E3%83%AD%E3%83%B3%E3%83%9C%E3%83%BC%E3%83%AB%E3%82%B9%E3%82%AF%E3%83%BC%E3%83%97+%E3%82%B9%E3%82%A4%E3%82%AB%E3%82%B9%E3%83%97%E3%83%BC%E3%83%B3+%E3%82%B8%E3%82%A7%E3%83%A9%E3%83%BC%E3%83%88%E3%82%AB%E3%83%B3%E3%82%BF%E3%83%AD%E3%83%BC HTTP/1.1" 200 52495 "-" "Mozilla/5.0 (Linux; Android 6.0.1; Nexus 5X Build/MMB29P) AppleWebKit/537.36 (KHTML, like Gecko) Chrome/135.0.7049.95 Mobile Safari/537.36 (compatible; Googlebot/2.1; +http://www.google.com/bot.html)"
66.249.73.101 - - [26/Apr/2025:04:40:41 -0400] "GET /?i=49029172806300&channel=6324bd&from=brands.php%3Fid%3D1728063-25264%26name%3DMIDLAND+%E3%83%9F%E3%83%83%E3%83%89%E3%83%A9%E3%83%B3%E3%83%89+%E3%82%B3%E3%83%8D%E3%82%AF%E3%83%86%E3%82%A3%E3%83%B3%E3%82%B0%E3%82%B1%E3%83%BC%E3%83%96%E3%83%AB+%E3%81%9D%E3%81%AE%E4%BB%96%E3%82%A4%E3%83%B3%E3%82%AB%E3%83%A0%E3%82%AA%E3%83%97%E3%82%B7%E3%83%A7%E3%83%B3%E3%83%BB%E8%A3%9C%E4%BF%AE%E9%83%A8%E5%93%81+%E9%9B%BB%E5%AD%90%E6%A9%9F%E5%99%A8%E9%A1%9E HTTP/1.1" 200 54499 "-" "Mozilla/5.0 (Linux; Android 6.0.1; Nexus 5X Build/MMB29P) AppleWebKit/537.36 (KHTML, like Gecko) Chrome/135.0.7049.95 Mobile Safari/537.36 (compatible; Googlebot/2.1; +http://www.google.com/bot.html)"
66.249.73.103 - - [26/Apr/2025:04:41:35 -0400] "GET /?i=9479949017605&channel=402d74&from=product.php%3Fid%3D490176-5175%26name%3Dn4+%E5%85%88%E9%8B%AD+%E3%83%9F%E3%83%AA%E3%82%BF%E3%83%AA%E3%83%BC%E3%80%80%E3%82%B8%E3%83%A3%E3%82%B1%E3%83%83%E3%83%88%E3%80%8040s+%E3%83%B4%E3%82%A3%E3%83%B3%E3%83%86%E3%83%BC%E3%82%B8%E3%80%80USN HTTP/1.1" 200 0 "-" "Mozilla/5.0 (Linux; Android 6.0.1; Nexus 5X Build/MMB29P) AppleWebKit/537.36 (KHTML, like Gecko) Chrome/135.0.7049.95 Mobile Safari/537.36 (compatible; GoogleOther)"
52.167.144.203 - - [26/Apr/2025:04:41:49 -0400] "GET /sitemap.xml HTTP/1.1" 200 99069 "-" "Mozilla/5.0 AppleWebKit/537.36 (KHTML, like Gecko; compatible; bingbot/2.0; +http://www.bing.com/bingbot.htm) Chrome/116.0.1938.76 Safari/537.36"
52.167.144.203 - - [26/Apr/2025:04:41:51 -0400] "GET /?i=017898235206&channel=0c0e66&from=product.php%3Fid%3D82352-6266%26name%3DGK%E7%9F%B3%E5%B7%9D%E6%A9%8B%E2%97%8F231+%E3%83%80%E3%83%B3%E3%83%AD%E3%83%83%E3%83%97%E2%97%86%E3%82%B9%E3%83%AA%E3%82%AF%E3%82%BD%E3%83%B3ZX7%E2%97%86NSPROMODUS3TOUR120%E2%97%86%E3%82%A2%E3%82%A4%E3%82%A2%E3%83%B37%E6%9C%AC%E3%82%BB%E3%83%83%E3%83%88%E2%97%86X%E2%97%86SRIXON%E2%97%86%E2%80%BB4I%E3%81%AE%E3%81%BFS%E3%82%B7%E3%83%A3%E3%83%95%E3%83%88%E2%97%86 HTTP/1.1" 200 0 "-" "Mozilla/5.0 AppleWebKit/537.36 (KHTML, like Gecko; compatible; bingbot/2.0; +http://www.bing.com/bingbot.htm) Chrome/116.0.1938.76 Safari/537.36"
66.249.73.101 - - [26/Apr/2025:04:42:03 -0400] "GET /0281722726.shtml HTTP/1.1" 200 0 "-" "Mozilla/5.0 (Linux; Android 6.0.1; Nexus 5X Build/MMB29P) AppleWebKit/537.36 (KHTML, like Gecko) Chrome/135.0.7049.95 Mobile Safari/537.36 (compatible; GoogleOther)"
66.249.73.101 - - [26/Apr/2025:04:42:24 -0400] "GET /018841470023.shtml HTTP/1.1" 200 0 "-" "Mozilla/5.0 (Linux; Android 6.0.1; Nexus 5X Build/MMB29P) AppleWebKit/537.36 (KHTML, like Gecko) Chrome/135.0.7049.95 Mobile Safari/537.36 (compatible; GoogleOther)"
66.249.73.102 - - [26/Apr/2025:04:43:02 -0400] "GET /499671008448.shtml HTTP/1.1" 200 0 "-" "Mozilla/5.0 (Linux; Android 6.0.1; Nexus 5X Build/MMB29P) AppleWebKit/537.36 (KHTML, like Gecko) Chrome/135.0.7049.95 Mobile Safari/537.36 (compatible; GoogleOther)"
52.167.144.203 - - [26/Apr/2025:04:43:19 -0400] "GET /142091549555.shtml HTTP/1.1" 200 0 "-" "Mozilla/5.0 AppleWebKit/537.36 (KHTML, like Gecko; compatible; bingbot/2.0; +http://www.bing.com/bingbot.htm) Chrome/116.0.1938.76 Safari/537.36"
66.249.73.101 - - [26/Apr/2025:04:43:45 -0400] "GET /?i=2951832810900&channel=5463ae&from=article.php%3Fid%3D328109-10211%26name%3D%E6%8A%BD%E8%B1%A1%E7%94%BB+%E5%A5%B3%E6%80%A7%E3%81%AE%E6%A8%AA%E9%A1%94+%E6%9C%A8%E8%A3%BD%E3%83%95%E3%83%AC%E3%83%BC%E3%83%A0%E3%80%80%E9%A1%8D%E4%BB%98%E3%81%8D%E3%80%80%E6%B2%B9%E5%BD%A9%E7%94%BB HTTP/1.1" 200 0 "-" "Mozilla/5.0 (Linux; Android 6.0.1; Nexus 5X Build/MMB29P) AppleWebKit/537.36 (KHTML, like Gecko) Chrome/135.0.7049.95 Mobile Safari/537.36 (compatible; GoogleOther)"
66.249.73.103 - - [26/Apr/2025:04:44:57 -0400] "GET /?i=95427141899204&channel=32daab&from=pin.php%3Fid%3D1418992-3468%26name%3D%E3%83%81%E3%83%8D%E3%83%AA%E3%80%80%E3%83%9E%E3%83%83%E3%82%B7%E3%83%A5%E3%80%80%E3%83%92%E3%82%B9%E3%83%88%E3%82%B0%E3%83%A9%E3%83%A0%E3%80%80L%E3%80%80%E3%83%95%E3%83%AC%E3%83%BC%E3%83%A0%E3%82%BB%E3%83%83%E3%83%88%E3%80%80%E3%83%94%E3%82%B9%E3%83%88%E3%80%80%E5%9B%BA%E5%AE%9A+%E3%80%80%E3%82%B7%E3%83%B3%E3%82%B0%E3%83%AB%E3%80%80%E3%82%A8%E3%83%B3%E3%83%B4%E3%82%A3%E3%83%95%E3%82%A9%E3%83%BC%E3%82%AF HTTP/1.1" 200 54119 "-" "Mozilla/5.0 (Linux; Android 6.0.1; Nexus 5X Build/MMB29P) AppleWebKit/537.36 (KHTML, like Gecko) Chrome/135.0.7049.95 Mobile Safari/537.36 (compatible; Googlebot/2.1; +http://www.google.com/bot.html)"
66.249.73.101 - - [26/Apr/2025:04:45:04 -0400] "GET /?i=19498155875700&channel=594f1e&from=info.php%3Fid%3D1558757-6286%26name%3D%E3%82%B3%E3%83%96%E3%83%A9+Cobra%E3%80%80KING+TEC+HYBRID+%28%234+%E3%83%AD%E3%83%95%E3%83%8821%C2%B0%29+%E3%80%80MITSUBISHI%E3%80%80MMT%E3%80%80HY80+S HTTP/1.1" 200 0 "-" "Mozilla/5.0 (Linux; Android 6.0.1; Nexus 5X Build/MMB29P) AppleWebKit/537.36 (KHTML, like Gecko) Chrome/135.0.7049.95 Mobile Safari/537.36 (compatible; GoogleOther)"
66.249.73.101 - - [26/Apr/2025:04:45:26 -0400] "GET /?i=95232102409400&channel=dba5a3&from=shop.php%3Fid%3D1024094-14730%26name%3DGopro12+%E6%9C%AC%E4%BD%93 HTTP/1.1" 200 52043 "-" "Mozilla/5.0 (Linux; Android 6.0.1; Nexus 5X Build/MMB29P) AppleWebKit/537.36 (KHTML, like Gecko) Chrome/135.0.7049.95 Mobile Safari/537.36 (compatible; Googlebot/2.1; +http://www.google.com/bot.html)"
