66.249.74.13 - - [26/Apr/2025:01:05:21 -0400] "GET /94723101924.shtml HTTP/1.1" 200 0 "-" "Mozilla/5.0 (Linux; Android 6.0.1; Nexus 5X Build/MMB29P) AppleWebKit/537.36 (KHTML, like Gecko) Chrome/135.0.7049.95 Mobile Safari/537.36 (compatible; GoogleOther)"
52.167.144.226 - - [26/Apr/2025:01:05:27 -0400] "GET /?i=694988967500&channel=ebef27&from=blog.php%3Fid%3D89675-5146%26name%3D%E3%80%90%E5%AE%9A%E4%BE%A1%E3%81%8B%E3%82%8970%25off%EF%BC%81%E3%80%91%E3%83%8B%E3%83%88%E3%83%AA%E3%80%80%E3%82%AF%E3%82%A4%E3%83%BC%E3%83%B3%E3%83%9E%E3%83%83%E3%83%88%E3%83%AC%E3%82%B9%E3%80%80N%E3%82%B9%E3%83%AA%E3%83%BC%E3%83%97%E3%83%A9%E3%82%B0%E3%82%B8%E3%83%A5%E3%82%A2%E3%83%AA%E3%83%BC HTTP/1.1" 200 0 "-" "Mozilla/5.0 AppleWebKit/537.36 (KHTML, like Gecko; compatible; bingbot/2.0; +http://www.bing.com/bingbot.htm) Chrome/116.0.1938.76 Safari/537.36"
66.249.73.101 - - [26/Apr/2025:01:05:35 -0400] "GET /?i=38701114656002&channel=99f909&from=blog.php%3Fid%3D1146560-2571%26name%3D%3Cbr%3E%E3%83%9D%E3%83%BC%E3%82%BF%E3%83%96%E3%83%AB%E3%83%90%E3%83%83%E3%83%86%E3%83%AA%E3%83%BC%3Cbr%3E%E5%93%81%E7%95%AA+%EF%BC%9A+%EF%BC%A2%E2%88%92%EF%BC%95%EF%BC%90%EF%BC%90%3Cbr%3E%E2%98%85%E7%B4%94%E6%AD%A3%E5%BC%A6%E6%B3%A2%3Cbr%3E%E2%98%85%E5%AE%9A%E6%A0%BC%E5%87%BA%E5%8A%9B+%EF%BC%95%EF%BC%90%EF%BC%90%EF%BC%B7%3Cbr%3E%E2%98%85%E7%9E%AC%E9%96%93%E6%9C%80%E5%A4%A7%E5%87%BA%E5%8A%9B+%EF%BC%91%EF%BC%90%EF%BC%90%EF%BC%90%EF%BC%B7%3Cbr%3E%E2%98%85%E9%87%8D%E9%87%8F+%EF%BC%97%EF%BC%8E%EF%BC%99%EF%BC%AB%EF%BD%87%3Cbr%3E%E2%98%85%E3%83%AA%E3%83%B3%E9%85%B8%E9%89%84%E3%83%AA%E3%83%81%E3%82%A6%E3%83%A0%E3%82%A4%E3%82%AA%E3%83%B3%E9%9B%BB%E6%B1%A0%3Cbr%3E%E6%A0%AA%E5%BC%8F%E4%BC%9A%E7%A4%BE%E5%AF%8C%E5%A3%AB%E5%80%89 HTTP/1.1" 200 54329 "-" "Mozilla/5.0 (Linux; Android 6.0.1; Nexus 5X Build/MMB29P) AppleWebKit/537.36 (KHTML, like Gecko) Chrome/135.0.7049.95 Mobile Safari/537.36 (compatible; Googlebot/2.1; +http://www.google.com/bot.html)"
66.249.73.102 - - [26/Apr/2025:01:05:40 -0400] "GET /?i=28109128066203&channel=c0951c&from=shared.php%3Fid%3D1280662-2196%26name%3DHITACHI%E6%B5%B4%E5%AE%A4%EF%BC%88%E8%84%B1%E8%A1%A3%E5%AE%A4%EF%BC%89%E6%9A%96%E6%88%BF%E6%A9%9F HTTP/1.1" 200 53496 "-" "Mozilla/5.0 (Linux; Android 6.0.1; Nexus 5X Build/MMB29P) AppleWebKit/537.36 (KHTML, like Gecko) Chrome/135.0.7049.95 Mobile Safari/537.36 (compatible; Googlebot/2.1; +http://www.google.com/bot.html)"
66.249.73.101 - - [26/Apr/2025:01:05:48 -0400] "GET /?i=14731144417200&channel=258432&from=article.php%3Fid%3D1444172-10072%26name%3D%E3%82%BB%E3%83%AB%E3%82%B9%E3%82%BF%E3%83%BC+VA-303E HTTP/1.1" 200 0 "-" "Mozilla/5.0 (Linux; Android 6.0.1; Nexus 5X Build/MMB29P) AppleWebKit/537.36 (KHTML, like Gecko) Chrome/135.0.7049.95 Mobile Safari/537.36 (compatible; GoogleOther)"
52.167.144.160 - - [26/Apr/2025:01:06:18 -0400] "GET /?i=9304090752903&channel=8c58aa&from=article.php%3Fid%3D907529-3372%26name%3DANAYI+%E3%82%A8%E3%82%B3%E3%83%95%E3%82%A1%E3%83%BC%E3%83%AA%E3%83%90%E3%83%BC%E3%82%B7%E3%83%96%E3%83%AB%E3%82%B3%E3%83%BC%E3%83%88%2F%E3%82%BB%E3%82%AA%E3%83%AA%E3%83%BC%E3%80%8123%E5%8C%BA%E3%80%81%E3%83%AD%E3%83%9A%E3%80%81%E3%82%BB%E3%83%AB%E3%83%95%E3%82%A9%E3%83%BC%E3%83%89 HTTP/1.1" 200 0 "-" "Mozilla/5.0 AppleWebKit/537.36 (KHTML, like Gecko; compatible; bingbot/2.0; +http://www.bing.com/bingbot.htm) Chrome/116.0.1938.76 Safari/537.36"
66.249.73.103 - - [26/Apr/2025:01:06:25 -0400] "GET /?i=16826139457301&channel=62015c&from=brands.php%3Fid%3D1394573-11571%26name%3D%E3%83%A9%E3%82%A4%E3%83%95%E3%83%AA%E3%83%BC+%E3%81%86%E3%81%99%E5%9E%8B%E8%BB%BD%E5%BF%AB%E3%83%91%E3%83%B3%E3%83%84+2%E5%9B%9E%E5%90%B8%E5%8F%8E+M+%E3%83%91%E3%83%83%E3%82%AF22%E6%9E%9A%E5%85%A5%E2%9D%8C10%E3%83%91%E3%83%83%E3%82%AF%EF%BC%8B6%E5%80%8B HTTP/1.1" 200 53538 "-" "Mozilla/5.0 (Linux; Android 6.0.1; Nexus 5X Build/MMB29P) AppleWebKit/537.36 (KHTML, like Gecko) Chrome/135.0.7049.95 Mobile Safari/537.36 (compatible; Googlebot/2.1; +http://www.google.com/bot.html)"
66.249.73.101 - - [26/Apr/2025:01:06:46 -0400] "GET /?i=10945157717003&channel=962404&from=form.php%3Fid%3D1577170-13962%26name%3DDESCENTE+Move+Sport+%E3%83%9D%E3%83%AD%E3%82%B7%E3%83%A3%E3%83%84+%E3%82%B5%E3%82%A4%E3%82%BAO HTTP/1.1" 200 53100 "-" "Mozilla/5.0 (Linux; Android 6.0.1; Nexus 5X Build/MMB29P) AppleWebKit/537.36 (KHTML, like Gecko) Chrome/135.0.7049.95 Mobile Safari/537.36 (compatible; Googlebot/2.1; +http://www.google.com/bot.html)"
66.249.73.101 - - [26/Apr/2025:01:06:54 -0400] "GET /?i=6909811697702&channel=2b2a8e&from=info.php%3Fid%3D116977-2781%26name%3D%E3%81%9E%E6%A7%98+%E5%B0%82%E7%94%A8 HTTP/1.1" 200 53289 "-" "Mozilla/5.0 (Linux; Android 6.0.1; Nexus 5X Build/MMB29P) AppleWebKit/537.36 (KHTML, like Gecko) Chrome/135.0.7049.95 Mobile Safari/537.36 (compatible; Googlebot/2.1; +http://www.google.com/bot.html)"
66.249.73.101 - - [26/Apr/2025:01:07:18 -0400] "GET /?i=82900150282006&channel=d043a5&from=form.php%3Fid%3D1502820-24830%26name%3DBEBEMOKO+%E3%83%9D%E3%83%BC%E3%82%BF%E3%83%96%E3%83%AB%E6%8F%8F%E7%94%BB%E3%83%9A%E3%83%B3%E3%82%BB%E3%83%83%E3%83%88+9%E7%82%B9+%E5%AD%A6%E7%94%9F%E6%96%87%E5%85%B7+%E6%BB%91%E3%82%89%E3%81%8B%E3%81%AA%E6%9B%B8%E3%81%8D%E5%BF%83%E5%9C%B0+%E6%9B%B8%E9%81%93%E3%83%9A%E3%83%B3+%E3%82%AA%E3%83%95%E3%82%A3%E3%82%B9+%E8%87%AA%E5%AE%85+%E5%AD%A6%E6%A0%A1+%E7%BD%B2%E5%90%8D%E7%94%A8+%E6%8C%81%E3%81%A1%E9%81%8B%E3%81%B3%E3%81%AB%E4%BE%BF%E5%88%A9 HTTP/1.1" 200 0 "-" "Mozilla/5.0 (Linux; Android 6.0.1; Nexus 5X Build/MMB29P) AppleWebKit/537.36 (KHTML, like Gecko) Chrome/135.0.7049.95 Mobile Safari/537.36 (compatible; GoogleOther)"
66.249.73.101 - - [26/Apr/2025:01:07:23 -0400] "GET /?i=29402161612313&channel=95f71d&from=article.php%3Fid%3D1616123-1463%26name%3D%E6%8A%98%E3%82%8A%E3%81%9F%E3%81%9F%E3%81%BF+%E3%83%88%E3%82%A4%E3%83%AC%E7%B0%A1%E6%98%93%E3%83%88%E3%82%A4%E3%83%AC+%E9%9D%9E%E5%B8%B8%E7%94%A8%E3%83%88%E3%82%A4%E3%83%AC+%E9%98%B2%E7%81%BD%E3%83%88%E3%82%A4%E3%83%AC+%E6%8A%98%E3%82%8A%E3%81%9F%E3%81%9F%E3%81%BF+%E6%8C%81%E3%81%A1%E9%81%8B%E3%81%B3+%E3%83%9D%E3%83%BC%E3%82%BF%E3%83%96%E3%83%AB+%E5%87%9D%E5%9B%BA%E5%89%A4%E4%BB%98%E3%83%BB%E7%84%A1%E3%81%97+2%E3%82%BF%E3%82%A4%E3%83%97+%E6%8E%92%E4%BE%BF%E8%A2%8B%E4%BB%98+12%E5%9B%9E%E5%88%86+%E6%90%BA%E5%B8%AF%E3%83%88%E3%82%A4%E3%83%AC+%E8%80%90%E8%8D%B7%E9%87%8D100kg+%E7%81%BD%E5%AE%B3%E7%94%A8%E3%83%88%E3%82%A4%E3%83%AC+%E7%81%BD%E5%AE%B3%E6%99%82+%E7%B7%8A%E6%80%A5%E7%B0%A1%E6%98%93%E3%83%88%E3%82%A4%E3%83%AC+%E3%83%9D%E3%83%BC%E3%82%BF%E3%83%96%E3%83%AB%E3%83%88%E3%82%A4%E3%83%AC+%E3%82%A2%E3%82%A6%E3%83%88%E3%83%89%E3%82%A2+%E3%82%AD%E3%83%A3%E3%83%B3%E3%83%97+%E8%BB%8A%E8%BC%89+%E8%BB%BD%E9%87%8F+%E6%8A%98%E7%95%B3%E3%81%BF%E5%BC%8F HTTP/1.1" 200 55470 "-" "Mozilla/5.0 (Linux; Android 6.0.1; Nexus 5X Build/MMB29P) AppleWebKit/537.36 (KHTML, like Gecko) Chrome/135.0.7049.95 Mobile Safari/537.36 (compatible; Googlebot/2.1; +http://www.google.com/bot.html)"
66.249.73.101 - - [26/Apr/2025:01:07:55 -0400] "GET /95788264121.shtml HTTP/1.1" 200 0 "-" "Mozilla/5.0 (Linux; Android 6.0.1; Nexus 5X Build/MMB29P) AppleWebKit/537.36 (KHTML, like Gecko) Chrome/135.0.7049.95 Mobile Safari/537.36 (compatible; GoogleOther)"
40.77.167.57 - - [26/Apr/2025:01:08:06 -0400] "GET /?i=6652130014600&channel=a10cb1&from=article.php%3Fid%3D300146-7190%26name%3D%E6%96%B0%E5%93%81%E2%98%862%E6%9C%AC%E3%82%BB%E3%83%83%E3%83%88%EF%BC%81%E3%82%A8%E3%83%B3%E3%83%93%E3%83%AD%E3%83%B3%E3%83%A2%E3%82%A4%E3%82%B9%E3%83%81%E3%83%A3%E3%83%BC%E3%83%88%E3%83%BC%E3%83%8A%E3%83%BC200ml HTTP/1.1" 200 0 "-" "Mozilla/5.0 AppleWebKit/537.36 (KHTML, like Gecko; compatible; bingbot/2.0; +http://www.bing.com/bingbot.htm) Chrome/116.0.1938.76 Safari/537.36"
52.167.144.160 - - [26/Apr/2025:01:08:28 -0400] "GET /?i=0013499387702&channel=5d7798&from=product.php%3Fid%3D993877-8778%26name%3D%E3%83%95%E3%82%A1%E3%82%AF%E3%83%88%E3%83%AA%E3%83%BC900+factory900+%E5%B8%8C%E5%B0%91%E3%83%A2%E3%83%87%E3%83%AB+260+%E3%83%9B%E3%83%AF%E3%82%A4%E3%83%88 HTTP/1.1" 200 0 "-" "Mozilla/5.0 AppleWebKit/537.36 (KHTML, like Gecko; compatible; bingbot/2.0; +http://www.bing.com/bingbot.htm) Chrome/116.0.1938.76 Safari/537.36"
66.249.73.103 - - [26/Apr/2025:01:08:43 -0400] "GET /?i=9256329990602&channel=d5aa39&from=category-info.php%3Fid%3D299906-8301%26name%3D%E3%83%AC%E3%82%B6%E3%83%BC%E3%83%88%E3%83%83%E3%83%97%E3%80%80%E3%82%BB%E3%83%B3%E3%82%BF%E3%83%BC%E3%83%86%E3%83%BC%E3%83%96%E3%83%AB%E3%80%8050%E3%80%9C60s%E3%80%80%E3%83%A8%E3%83%BC%E3%83%AD%E3%83%83%E3%83%91%E3%80%80%E3%83%9F%E3%83%83%E3%83%89%E3%82%BB%E3%83%B3%E3%83%81%E3%83%A5%E3%83%AA%E3%83%BC HTTP/1.1" 200 0 "-" "Mozilla/5.0 (Linux; Android 6.0.1; Nexus 5X Build/MMB29P) AppleWebKit/537.36 (KHTML, like Gecko) Chrome/135.0.7049.95 Mobile Safari/537.36 (compatible; GoogleOther)"
40.77.167.57 - - [26/Apr/2025:01:08:54 -0400] "GET /?i=88913185422000&channel=99f909&from=goods.php%3Fid%3D1854220-2571%26name%3D%E3%83%88%E3%83%AC%E3%83%BC%E3%83%89%E3%83%AF%E3%83%B3+%E8%B8%8F%E3%81%BF%E5%8F%B0+%E9%AB%98%E3%81%9539cm%C3%97%E5%B9%8539%C3%97%E5%A5%A5%E8%A1%8C32cm+%E6%8A%98%E3%82%8A%E7%95%B3%E3%81%BF+%E9%9A%99%E9%96%93%E5%8F%8E%E7%B4%8D+%E3%82%B9%E3%83%86%E3%83%83%E3%83%97+%E5%AE%A4%E5%86%85%E3%83%BB%E5%B1%8B%E5%A4%96+%E6%B4%97%E8%BB%8A+%E9%87%A3%E3%82%8A+%E3%83%96%E3%83%A9%E3%83%83%E3%82%AF+%E3%82%BB%E3%83%8E%E3%83%BB%E3%83%93%E3%83%BC+LITE+10461 HTTP/1.1" 200 0 "-" "Mozilla/5.0 AppleWebKit/537.36 (KHTML, like Gecko; compatible; bingbot/2.0; +http://www.bing.com/bingbot.htm) Chrome/116.0.1938.76 Safari/537.36"
66.249.73.101 - - [26/Apr/2025:01:09:00 -0400] "GET /?i=0512938680&channel=d8edf6&from=pin.php%3Fid%3D3868-552%26name%3D%E3%83%AD%E3%83%BC%E3%83%AA%E3%83%B3%E3%82%B0%E3%82%B9%E3%80%80%E4%B8%80%E8%88%AC%E8%BB%9F%E5%BC%8F%E3%83%8F%E3%82%A4%E3%83%91%E3%83%BC%E3%83%86%E3%83%83%E3%82%AF+R2G%E3%80%80%E3%82%AA%E3%83%BC%E3%83%AB%E3%83%A9%E3%82%A6%E3%83%B3%E3%83%89%E7%94%A8%E3%80%80%E5%B7%A6%E6%8A%95%E3%81%92%E3%80%80%E6%96%B0%E5%93%81+%E8%A6%8B%E5%AE%9A%E3%82%81 HTTP/1.1" 200 0 "-" "Mozilla/5.0 (Linux; Android 6.0.1; Nexus 5X Build/MMB29P) AppleWebKit/537.36 (KHTML, like Gecko) Chrome/135.0.7049.95 Mobile Safari/537.36 (compatible; Googlebot/2.1; +http://www.google.com/bot.html)"
66.249.73.101 - - [26/Apr/2025:01:09:47 -0400] "GET /?i=26952120541103&channel=3ab457&from=article.php%3Fid%3D1205411-5097%26name%3D%E3%83%93%E3%82%AF%E3%82%BF%E3%83%BC+%E3%83%AC%E3%82%B3%E3%83%BC%E3%83%89%E3%83%97%E3%83%AC%E3%83%BC%E3%83%A4%E3%83%BC+%E3%82%B8%E3%83%A3%E3%83%B3%E3%82%AF%E5%93%81 HTTP/1.1" 200 52716 "-" "Mozilla/5.0 (Linux; Android 6.0.1; Nexus 5X Build/MMB29P) AppleWebKit/537.36 (KHTML, like Gecko) Chrome/135.0.7049.95 Mobile Safari/537.36 (compatible; Googlebot/2.1; +http://www.google.com/bot.html)"
66.249.73.101 - - [26/Apr/2025:01:09:49 -0400] "GET /610051328741.shtml HTTP/1.1" 200 0 "-" "Mozilla/5.0 (Linux; Android 6.0.1; Nexus 5X Build/MMB29P) AppleWebKit/537.36 (KHTML, like Gecko) Chrome/135.0.7049.95 Mobile Safari/537.36 (compatible; GoogleOther)"
52.167.144.160 - - [26/Apr/2025:01:10:11 -0400] "GET /?i=2322056594901&channel=99f909&from=jp.php%3Fid%3D565949-2571%26name%3D%E3%82%AA%E3%83%B3%E3%83%80%E8%A3%BD%E4%BD%9C%E6%89%80%E3%80%80WHSU1A-NE08%E3%80%80%E5%9B%9E%E8%BB%A2%E3%83%98%E3%83%83%E3%83%80%E3%83%BC%E3%83%BB%E3%82%A6%E3%83%AC%E3%82%BF%E3%83%B3%E4%BF%9D%E6%B8%A9%E6%9D%90%E4%BB%98%E3%80%80IN%E5%81%B416A%EF%BC%88PEX%EF%BC%89%C3%971%E5%8F%A3%E3%80%80OUT%E5%81%B416A%EF%BC%88PEX%EF%BC%89%C3%971%E5%8F%A3%2B13A%EF%BC%88PEX%E3%83%BBPB%EF%BC%89%C3%976%E5%8F%A3%E3%80%80%E3%83%80%E3%83%96%E3%83%AB%E3%83%AD%E3%83%83%E3%82%AF%E3%82%B8%E3%83%A7%E3%82%A4%E3%83%B3%E3%83%88 HTTP/1.1" 200 0 "-" "Mozilla/5.0 AppleWebKit/537.36 (KHTML, like Gecko; compatible; bingbot/2.0; +http://www.bing.com/bingbot.htm) Chrome/116.0.1938.76 Safari/537.36"
52.167.144.200 - - [26/Apr/2025:01:10:12 -0400] "GET /?i=927451973505&channel=1479ad&from=shop.php%3Fid%3D19735-736%26name%3D%E9%9B%BB%E5%8B%95%E3%83%86%E3%83%AC%E3%83%93%E5%A4%A9%E4%BA%95%E3%83%9E%E3%82%A6%E3%83%B3%E3%83%88+-+%E8%87%AA%E5%8B%95%E6%98%87%E9%99%8D%E6%A9%9F%E8%83%BD%E4%BB%98%E3%81%8D%E9%9A%A0%E3%81%97%E3%83%89%E3%83%AD%E3%83%83%E3%83%97%E3%83%80%E3%82%A6%E3%83%B3%E3%83%86%E3%83%AC%E3%83%93%E3%83%AA%E3%83%95%E3%83%88%E3%80%8132%EF%BD%9E70%E3%82%A4%E3%83%B3%E3%83%81%E3%83%86%E3%83%AC%E3%83%93%E7%94%A8%E9%9B%BB%E5%8B%95%E3%83%86%E3%83%AC%E3%83%93%E3%83%9E%E3%82%A6%E3%83%B3%E3%83%88%E3%80%81%E3%83%AA%E3%83%A2%E3%82%B3%E3%83%B3%E3%81%A8%E3%82%B9 HTTP/1.1" 200 0 "-" "Mozilla/5.0 AppleWebKit/537.36 (KHTML, like Gecko; compatible; bingbot/2.0; +http://www.bing.com/bingbot.htm) Chrome/116.0.1938.76 Safari/537.36"
66.249.73.103 - - [26/Apr/2025:01:10:51 -0400] "GET /?i=05308165037501&channel=870f82&from=form.php%3Fid%3D1650375-5953%26name%3D%E3%83%97%E3%83%AD%E3%82%B0%E3%83%A9%E3%83%9F%E3%83%B3%E3%82%B0%E3%80%80%E3%81%8A%E3%82%82%E3%81%A1%E3%82%83%E3%80%80%E3%82%BD%E3%83%BC%E3%83%A9%E3%83%BC%E3%83%AD%E3%83%9C%E3%83%83%E3%83%88%E3%80%80%E3%82%AD%E3%83%83%E3%83%88%E3%80%80%E7%9F%A5%E8%82%B2%E3%80%80%E3%83%97%E3%83%AC%E3%82%BC%E3%83%B3%E3%83%88 HTTP/1.1" 200 0 "-" "Mozilla/5.0 (Linux; Android 6.0.1; Nexus 5X Build/MMB29P) AppleWebKit/537.36 (KHTML, like Gecko) Chrome/135.0.7049.95 Mobile Safari/537.36 (compatible; GoogleOther)"
52.167.144.160 - - [26/Apr/2025:01:10:58 -0400] "GET /?i=2671287302604&channel=7a589c&from=article.php%3Fid%3D873026-633%26name%3D%E6%9C%80%E9%AB%98%E3%81%AEXmas%E3%83%97%E3%83%AC%E3%82%BC%E3%83%B3%E3%83%88%E3%81%AB%EF%BC%81%E2%98%85%E4%BA%AC%E9%83%BD%E5%8D%97%E3%80%9C%E7%A6%8F%E7%9F%A5%E5%B1%B1%E3%80%9C%E5%A7%AB%E8%B7%AF%E3%80%9C%E5%A4%A7%E9%98%AA%E3%80%9C%E5%B2%A1%E5%B1%B1%E3%81%BE%E3%81%A7%E9%85%8D%E9%81%94%E7%84%A1%E6%96%99%EF%BC%81%E2%91%A1%E9%80%81%E6%96%99%E8%BE%BC%E3%81%BFYAMAHA+%E9%9B%BB%E5%AD%90%E3%83%94%E3%82%A2%E3%83%8E+ARIUS+YDP-123+04%E5%B9%B4%E8%A3%BD+%E6%BF%80%E7%BE%8E%E5%93%81%E2%98%85%E3%82%B8%E3%83%A2%E3%83%86%E3%82%A3%E3%83%BC%E3%81%8C%E4%B8%80%E7%95%AA%E5%AE%89%E3%81%84%EF%BC%81%E2%98%85%E3%82%B8%E3%83%A2%E3%83%86%E3%82%A3%E3%83%BC%E3%81%AF%E8%A8%AD%E7%BD%AE%E3%81%BE%E3%81%A7%E3%81%8A%E6%89%8B%E4%BC%9D%E3%81%84%E3%80%90%E7%B0%A1%E5%8D%98%E8%A8%AD%E7%BD%AE%E3%80%91%E2%98%85%E3%82%B8%E3%83%A2%E3%83%86%E3%82%A3%E3%83%BC%E3%81%AF%E5%8D%B3%E9%85%8D%E9%81%94%E3%80%81%E7%B4%8D%E5%93%81%E5%8F%AF%E8%83%BD%EF%BC%81 HTTP/1.1" 200 0 "-" "Mozilla/5.0 AppleWebKit/537.36 (KHTML, like Gecko; compatible; bingbot/2.0; +http://www.bing.com/bingbot.htm) Chrome/116.0.1938.76 Safari/537.36"
66.249.73.101 - - [26/Apr/2025:01:11:10 -0400] "GET /?i=419061099402&channel=ea701f&from=category-info.php%3Fid%3D10994-2195%26name%3DCube+agree+c%3A62+%E3%83%AD%E3%83%BC%E3%83%89%E3%83%90%E3%82%A4%E3%82%AF+58+%E3%82%B7%E3%83%9E%E3%83%8E+105+di2 HTTP/1.1" 200 54227 "-" "Mozilla/5.0 (Linux; Android 6.0.1; Nexus 5X Build/MMB29P) AppleWebKit/537.36 (KHTML, like Gecko) Chrome/135.0.7049.95 Mobile Safari/537.36 (compatible; Googlebot/2.1; +http://www.google.com/bot.html)"
66.249.73.102 - - [26/Apr/2025:01:11:24 -0400] "GET /?i=21651163621201&channel=fa48e6&from=pin.php%3Fid%3D1636212-13326%26name%3Dadidas+BoA%E3%82%B4%E3%83%AB%E3%83%95%E3%82%B7%E3%83%A5%E3%83%BC%E3%82%BA+24%E3%82%BB%E3%83%B3%E3%83%81%E3%83%9B%E3%83%AF%E3%82%A4%E3%83%88 HTTP/1.1" 200 0 "-" "Mozilla/5.0 (Linux; Android 6.0.1; Nexus 5X Build/MMB29P) AppleWebKit/537.36 (KHTML, like Gecko) Chrome/135.0.7049.95 Mobile Safari/537.36 (compatible; GoogleOther)"
66.249.73.101 - - [26/Apr/2025:01:11:36 -0400] "GET /?i=82742119269802&channel=ff3ac4&from=article.php%3Fid%3D1192698-5730%26name%3D%E2%96%A0%E7%BE%8E%E5%93%81%E2%96%A0BOTTEGA+VENETA+%E3%83%9C%E3%83%83%E3%83%86%E3%82%AC%E3%83%B4%E3%82%A7%E3%83%8D%E3%82%BF+%E3%83%8E%E3%83%BC%E3%82%B9%E3%83%AA%E3%83%BC%E3%83%96+%E3%83%95%E3%83%AC%E3%82%A2%E3%83%AF%E3%83%B3%E3%83%94%E3%83%BC%E3%82%B9+%E3%83%89%E3%83%AC%E3%82%B9+%E3%82%B5%E3%82%A4%E3%82%BA38+%E3%82%A6%E3%83%BC%E3%83%AB+%E3%82%B3%E3%83%83%E3%83%88%E3%83%B3+%E3%83%96%E3%83%A9%E3%83%83%E3%82%AF+%E3%82%A4%E3%82%BF%E3%83%AA%E3%82%A2%E8%A3%BD+%E3%83%96%E3%83%A9%E3%83%B3%E3%83%89%E5%8F%A4%E7%9D%80%E3%80%90%E4%B8%AD%E5%8F%A4%E3%80%9120231207%2FGO9200 HTTP/1.1" 200 53867 "-" "Mozilla/5.0 (Linux; Android 6.0.1; Nexus 5X Build/MMB29P) AppleWebKit/537.36 (KHTML, like Gecko) Chrome/135.0.7049.95 Mobile Safari/537.36 (compatible; Googlebot/2.1; +http://www.google.com/bot.html)"
66.249.73.101 - - [26/Apr/2025:01:12:01 -0400] "GET /?i=8496938317506&channel=dcc185&from=shop.php%3Fid%3D383175-10883%26name%3D%E3%83%80%E3%83%B3%E3%83%AD%E3%83%83%E3%83%97+XXIO+%E3%82%BC%E3%82%AF%E3%82%B7%E3%82%AA%282018%29+CRAFT+Model+%E3%83%89%E3%83%A9%E3%82%A4%E3%83%90%E3%83%BC+Diamana+DF+60+%E3%82%B7%E3%83%A3%E3%83%95%E3%83%88%EF%BC%9ADiamana+DF+60 HTTP/1.1" 200 53129 "-" "Mozilla/5.0 (Linux; Android 6.0.1; Nexus 5X Build/MMB29P) AppleWebKit/537.36 (KHTML, like Gecko) Chrome/135.0.7049.95 Mobile Safari/537.36 (compatible; Googlebot/2.1; +http://www.google.com/bot.html)"
66.249.73.101 - - [26/Apr/2025:01:12:03 -0400] "GET /?i=66702122176405&channel=307f36&from=product.php%3Fid%3D1221764-4717%26name%3D%E7%8F%BE%E4%BB%A3%E3%82%A2%E3%83%BC%E3%83%88%E3%80%8053%C3%9745.5%E3%8E%9D%E3%80%80%E3%83%86%E3%82%AF%E3%82%B9%E3%83%81%E3%83%A3%E3%83%BC%E3%82%A2%E3%83%BC%E3%83%88%E3%80%80%E3%83%A2%E3%83%80%E3%83%B3%E3%80%80%E7%B5%B5%E7%94%BB%E3%80%80%E3%82%A2%E3%83%BC%E3%83%88%E3%83%91%E3%83%8D%E3%83%AB HTTP/1.1" 200 0 "-" "Mozilla/5.0 (Linux; Android 6.0.1; Nexus 5X Build/MMB29P) AppleWebKit/537.36 (KHTML, like Gecko) Chrome/135.0.7049.95 Mobile Safari/537.36 (compatible; GoogleOther)"
40.77.167.57 - - [26/Apr/2025:01:12:03 -0400] "GET /?i=5210229277800&channel=335c31&from=info.php%3Fid%3D292778-921%26name%3D%E5%8F%96%E4%BB%98%E8%BE%BC%E5%86%B7%E6%9A%96%E6%88%BF%EF%BD%B4%EF%BD%B1%EF%BD%BA%EF%BE%9D10%E7%95%B3%E7%94%A8%E3%80%80%EF%BD%B8%EF%BD%B0%EF%BE%97%EF%BD%B0%E5%88%86%E8%A7%A3%E6%B4%97%E6%B5%84%E6%B8%88 HTTP/1.1" 200 0 "-" "Mozilla/5.0 AppleWebKit/537.36 (KHTML, like Gecko; compatible; bingbot/2.0; +http://www.bing.com/bingbot.htm) Chrome/116.0.1938.76 Safari/537.36"
66.249.73.102 - - [26/Apr/2025:01:12:18 -0400] "GET /?i=79848191215700&channel=5df46f&from=form.php%3Fid%3D1912157-31117%26name%3D%E6%96%B0%E5%93%81+KYSER+6+STRING+BLACK+KG6BA HTTP/1.1" 200 53129 "-" "Mozilla/5.0 (Linux; Android 6.0.1; Nexus 5X Build/MMB29P) AppleWebKit/537.36 (KHTML, like Gecko) Chrome/135.0.7049.95 Mobile Safari/537.36 (compatible; Googlebot/2.1; +http://www.google.com/bot.html)"
66.249.73.101 - - [26/Apr/2025:01:12:19 -0400] "GET /?i=1922888573904&channel=d51c10&from=blog.php%3Fid%3D885739-14317%26name%3D%E5%AE%9C%E8%88%88%E7%AA%AF+%E7%B4%AB%E7%A0%82%E8%8C%B6%E5%A3%B7+%E5%9C%A8%E9%8A%98+%E7%85%8E%E8%8C%B6%E9%81%93%E5%85%B7+%E7%8E%89%E6%B5%81 HTTP/1.1" 200 0 "-" "Mozilla/5.0 (Linux; Android 6.0.1; Nexus 5X Build/MMB29P) AppleWebKit/537.36 (KHTML, like Gecko) Chrome/135.0.7049.95 Mobile Safari/537.36 (compatible; GoogleOther)"
66.249.73.101 - - [26/Apr/2025:01:12:57 -0400] "GET /727631289643.shtml HTTP/1.1" 200 0 "-" "Mozilla/5.0 (Linux; Android 6.0.1; Nexus 5X Build/MMB29P) AppleWebKit/537.36 (KHTML, like Gecko) Chrome/135.0.7049.95 Mobile Safari/537.36 (compatible; GoogleOther)"
66.249.73.103 - - [26/Apr/2025:01:13:19 -0400] "GET /5890972032.shtml HTTP/1.1" 200 0 "-" "Mozilla/5.0 (Linux; Android 6.0.1; Nexus 5X Build/MMB29P) AppleWebKit/537.36 (KHTML, like Gecko) Chrome/135.0.7049.95 Mobile Safari/537.36 (compatible; GoogleOther)"
66.249.73.101 - - [26/Apr/2025:01:13:29 -0400] "GET /?i=72262141722100&channel=36aaba&from=form.php%3Fid%3D1417221-19755%26name%3D%E3%81%A4%E3%81%91%E8%A5%9F+%E4%BB%98%E3%81%91%E8%A5%9F+%E5%8D%8A%E8%A5%9F+%E9%87%8D%E3%81%AD%E7%9D%80+%E3%83%AC%E3%82%A4%E3%83%A4%E3%83%BC%E3%83%89+%E3%83%96%E3%83%A9%E3%82%A6%E3%82%B9+%E3%83%88%E3%83%83%E3%83%97%E3%82%B9+%E9%A6%96%E5%85%83+%E3%83%AC%E3%83%BC%E3%82%B9 HTTP/1.1" 200 53599 "-" "Mozilla/5.0 (Linux; Android 6.0.1; Nexus 5X Build/MMB29P) AppleWebKit/537.36 (KHTML, like Gecko) Chrome/135.0.7049.95 Mobile Safari/537.36 (compatible; Googlebot/2.1; +http://www.google.com/bot.html)"
52.167.144.160 - - [26/Apr/2025:01:13:47 -0400] "GET /?i=7983815142102&channel=da4464&from=brands.php%3Fid%3D151421-3682%26name%3D%E3%83%95%E3%82%A3%E3%83%AA%E3%82%B3%E3%80%80%E3%83%9F%E3%83%8D%E3%83%A9%E3%83%AB%E3%82%A6%E3%82%A9%E3%83%BC%E3%82%BF%E3%83%BC%E3%80%80%E5%8F%8C%E5%AD%90%E5%BA%A7 HTTP/1.1" 200 0 "-" "Mozilla/5.0 AppleWebKit/537.36 (KHTML, like Gecko; compatible; bingbot/2.0; +http://www.bing.com/bingbot.htm) Chrome/116.0.1938.76 Safari/537.36"
52.167.144.160 - - [26/Apr/2025:01:13:48 -0400] "GET /?i=80784181696300&channel=6fc140&from=info.php%3Fid%3D1816963-3535%26name%3DTDIL-JP069%5BN%5D%EF%BC%9A%E8%9E%8D%E5%90%88%E6%AD%BB%E5%86%86%E8%88%9E%E6%9B%B2%E3%80%803%E6%9E%9A%E3%80%80%E3%83%97%E3%83%AC%E3%82%A4%E7%94%A8 HTTP/1.1" 200 0 "-" "Mozilla/5.0 AppleWebKit/537.36 (KHTML, like Gecko; compatible; bingbot/2.0; +http://www.bing.com/bingbot.htm) Chrome/116.0.1938.76 Safari/537.36"
66.249.73.101 - - [26/Apr/2025:01:14:29 -0400] "GET /4019837140.shtml HTTP/1.1" 200 0 "-" "Mozilla/5.0 (Linux; Android 6.0.1; Nexus 5X Build/MMB29P) AppleWebKit/537.36 (KHTML, like Gecko) Chrome/135.0.7049.95 Mobile Safari/537.36 (compatible; GoogleOther)"
52.167.144.160 - - [26/Apr/2025:01:14:38 -0400] "GET /?i=4810824400301&channel=69d37d&from=pin.php%3Fid%3D244003-5814%26name%3D%3Cbr%3E%E3%80%9054mm%E7%8E%89%E3%80%91%E6%B0%B4%E6%99%B6%E7%8E%89+%E6%B0%B4%E6%99%B6+%E4%B8%B8%E7%8E%89%EF%BD%9CCrystal+%E3%83%AD%E3%83%83%E3%82%AF%E3%82%AF%E3%83%AA%E3%82%B9%E3%82%BF%E3%83%AB+%E7%9F%B3%E8%8B%B1+%E3%82%AF%E3%83%AA%E3%82%B9%E3%82%BF%E3%83%AB+%E3%82%AF%E3%82%A9%E3%83%BC%E3%83%84+%E6%B0%B4%E6%99%B6%E5%8E%9F%E7%9F%B3+%E9%80%8F%E6%98%8E+%E5%A4%A9%E7%84%B6+%E6%B0%B4%E6%99%B6+%E7%BD%AE%E7%89%A9+%E5%8F%B0%E5%BA%A7+%E5%8D%A0%E3%81%84+%E7%90%83%E4%BD%93+%E5%8E%9F%E7%9F%B3+%E4%B8%B8%E7%8E%89+Crystal+ball+%E5%9C%B0%E9%8E%AE%E7%A5%AD+%E3%81%8A%E5%AE%88%E3%82%8A+%E6%B0%B4%E6%99%B6%E7%90%83+%E3%83%AB%E3%83%BC%E3%82%B9%EF%BD%9CLuLu+House%EF%BC%88%E3%83%AB%E3%83%AB%E3%83%8F%E3%82%A6%E3%82%B9+%E3%82%8B%E3%82%8B%E3%81%AF%E3%81%86%E3%81%99%EF%BC%89+%E6%B0%B4%E6%99%B6%E7%8E%89+%E3%80%90%E3%83%9D%E3%82%A4%E3%83%B3%E3%83%88%E5%89%B2%E5%BC%95%E5%95%86%E5%93%81%E3%80%91 HTTP/1.1" 200 0 "-" "Mozilla/5.0 AppleWebKit/537.36 (KHTML, like Gecko; compatible; bingbot/2.0; +http://www.bing.com/bingbot.htm) Chrome/116.0.1938.76 Safari/537.36"
52.167.144.200 - - [26/Apr/2025:01:14:49 -0400] "GET /?i=29713456008&channel=ac47a4&from=info.php%3Fid%3D4560-930%26name%3DADIEU%EF%BC%88%E3%82%A2%E3%83%87%E3%83%A5%E3%83%BC%EF%BC%89%E3%83%AD%E3%83%BC%E3%83%95%E3%82%A1%E3%83%BC+TYPE5+CLASSIC HTTP/1.1" 200 0 "-" "Mozilla/5.0 AppleWebKit/537.36 (KHTML, like Gecko; compatible; bingbot/2.0; +http://www.bing.com/bingbot.htm) Chrome/116.0.1938.76 Safari/537.36"
66.249.73.102 - - [26/Apr/2025:01:14:50 -0400] "GET /?i=8908042715505&channel=b1b5a0&from=shop.php%3Fid%3D427155-15027%26name%3DUSCAMEL+%E3%83%9F%E3%83%AA%E3%82%BF%E3%83%AA%E3%83%BC10x50+HD%E3%83%9E%E3%83%AA%E3%83%B3%E5%8F%8C%E7%9C%BC%E9%8F%A1%E3%82%BA%E3%83%BC%E3%83%A0%E3%83%AC%E3%83%B3%E3%82%B8%E3%83%95%E3%82%A1%E3%82%A4%E3%83%B3%E3%83%80%E3%83%BC%E3%82%B3%E3%83%B3%E3%83%91%E3%82%B9%E6%9C%9B%E9%81%A0%E9%8F%A1%E3%82%A2%E3%82%A4%E3%83%94%E3%83%BC%E3%82%B9%E9%98%B2%E6%B0%B4%E7%AA%92%E7%B4%A0%E8%BB%8D HTTP/1.1" 200 0 "-" "Mozilla/5.0 (Linux; Android 6.0.1; Nexus 5X Build/MMB29P) AppleWebKit/537.36 (KHTML, like Gecko) Chrome/135.0.7049.95 Mobile Safari/537.36 (compatible; GoogleOther)"
52.167.144.200 - - [26/Apr/2025:01:14:50 -0400] "GET /?i=9710730279800&channel=f28c67&from=article.php%3Fid%3D302798-20%26name%3D%E3%83%91%E3%83%A9%E3%83%A9%E3%82%A4%E3%82%B6%E3%83%BC3%E3%83%81%E3%83%A3%E3%83%B3%E3%83%90%E3%83%BC+chameleon%EF%BC%88%E3%82%AB%E3%83%A1%E3%83%AC%E3%82%AA%E3%83%B3%E3%83%95%E3%82%A1%E3%82%AF%E3%83%88%E3%83%AA%E3%83%BC%EF%BC%89+%E3%82%A2%E3%82%AF%E3%82%B7%E3%82%B950%EF%BC%88AXIS%EF%BC%896.8ps HTTP/1.1" 200 0 "-" "Mozilla/5.0 AppleWebKit/537.36 (KHTML, like Gecko; compatible; bingbot/2.0; +http://www.bing.com/bingbot.htm) Chrome/116.0.1938.76 Safari/537.36"
66.249.73.101 - - [26/Apr/2025:01:15:29 -0400] "GET /?i=3952725557708&channel=f7daa1&from=info.php%3Fid%3D255577-10341%26name%3D%E3%83%8F%E3%83%BC%E3%83%89%E3%82%AB%E3%83%BC%E3%82%B4+%E3%83%AF%E3%83%BC%E3%82%AF%E3%83%A9%E3%82%A4%E3%83%88%E5%8D%98%E5%93%81+HARDCARGO%C3%97IPF%E3%82%B3%E3%83%A9%E3%83%9C%E3%83%A2%E3%83%87%E3%83%AB+++%E9%81%B8%E3%81%B9%E3%82%8B3%E8%89%B2+%E3%83%8F%E3%82%A4%E3%82%BC%E3%83%83%E3%83%88+%E3%82%AD%E3%83%A3%E3%83%AA%E3%82%A3+%E8%BB%BD%E3%83%88%E3%83%A9%E3%83%83%E3%82%AF+%E3%82%AB%E3%82%B9%E3%82%BF%E3%83%9E%E3%82%A4%E3%82%BA+%E3%83%89%E3%83%AC%E3%82%B9%E3%82%A2%E3%83%83%E3%83%97+%E3%83%91%E3%83%BC%E3%83%84+HC-WL HTTP/1.1" 200 0 "-" "Mozilla/5.0 (Linux; Android 6.0.1; Nexus 5X Build/MMB29P) AppleWebKit/537.36 (KHTML, like Gecko) Chrome/135.0.7049.95 Mobile Safari/537.36 (compatible; GoogleOther)"
52.167.144.160 - - [26/Apr/2025:01:15:58 -0400] "GET /?i=09260160506004&channel=63f29f&from=shop.php%3Fid%3D1605060-3238%26name%3D%E8%87%AA%E8%BB%A2%E8%BB%8A%E3%83%90%E3%83%AB%E3%83%96%E3%82%B3%E3%82%A2%E3%83%84%E3%83%BC%E3%83%AB%E8%87%AA%E8%BB%A2%E8%BB%8A%E4%BF%AE%E7%90%86%E8%87%AA%E8%BB%A2%E8%BB%8A%E8%A4%87%E6%95%B0%E3%83%84%E3%83%BC%E3%83%AB%E8%87%AA%E8%BB%A2%E8%BB%8A%E3%83%90%E3%83%AB%E3%83%96%E3%82%B3%E3%82%A2%E4%BF%AE%E7%90%86%E3%83%84%E3%83%BC%E3%83%AB%E5%8F%96%E3%82%8A%E5%A4%96%E3%81%97%E3%83%84%E3%83%BC%E3%83%AB%E3%83%AC%E3%83%B3%E3%83%81%E3%82%B9%E3%83%91%E3%83%8A%E8%87%AA%E8%BB%A2%E8%BB%8A%E3%83%90%E3%83%AB%E3%83%96%E3%83%AA%E3%83%A0%E3%83%BC%E3%83%90%E3%83%BC%E4%BF%AE%E7%90%86%E3%83%84%E3%83%BC%E3%83%AB HTTP/1.1" 200 0 "-" "Mozilla/5.0 AppleWebKit/537.36 (KHTML, like Gecko; compatible; bingbot/2.0; +http://www.bing.com/bingbot.htm) Chrome/116.0.1938.76 Safari/537.36"
66.249.73.102 - - [26/Apr/2025:01:16:49 -0400] "GET /?i=53169106294101&channel=3dfa77&from=news.php%3Fid%3D1062941-106%26name%3DB544+%E6%8A%98%E3%82%8A%E7%95%B3%E3%81%BF%E8%87%AA%E8%BB%A2%E8%BB%8A%E2%98%85THREE+STONE%E2%98%856%E6%AE%B5%E5%A4%89%E9%80%9F%E2%98%8520%E3%82%A4%E3%83%B3%E3%83%81 HTTP/1.1" 200 0 "-" "Mozilla/5.0 (Linux; Android 6.0.1; Nexus 5X Build/MMB29P) AppleWebKit/537.36 (KHTML, like Gecko) Chrome/135.0.7049.95 Mobile Safari/537.36 (compatible; GoogleOther)"
52.167.144.171 - - [26/Apr/2025:01:17:08 -0400] "GET /?i=58523133587400&channel=c9ed31&from=pin.php%3Fid%3D1335874-323%26name%3D%5B%E5%9C%A8%E5%BA%AB%E3%81%82%E3%82%8A%5D+%E4%B8%89%E8%8F%B1+BF-25T5+%E7%A9%BA%E8%AA%BF%E7%94%A8%E9%80%81%E9%A2%A8%E6%A9%9F+%E3%83%93%E3%83%AB+%E5%B7%A5%E5%A0%B4+%E6%A9%9F%E5%99%A8%E7%B5%84%E8%BE%BC+%E7%94%A8+%E7%89%87%E5%90%B8%E8%BE%BC%E5%BD%A2%E3%82%B7%E3%83%AD%E3%83%83%E3%82%B3%E3%83%95%E3%82%A1%E3%83%B3+%E3%83%9F%E3%83%8B%E3%82%BF%E3%82%A4%E3%83%97+3%E7%9B%B8200V+%28BF-25T4%E3%81%AE%E5%BE%8C%E7%B6%99%E5%93%81%29+%E2%98%862 HTTP/1.1" 200 0 "-" "Mozilla/5.0 AppleWebKit/537.36 (KHTML, like Gecko; compatible; bingbot/2.0; +http://www.bing.com/bingbot.htm) Chrome/116.0.1938.76 Safari/537.36"
52.167.144.171 - - [26/Apr/2025:01:17:39 -0400] "GET /?i=17297158554800&channel=c6a558&from=product.php%3Fid%3D1585548-26444%26name%3D%E8%BF%BD%E8%B7%A1%E6%9C%89+%E3%83%87%E3%82%A3%E3%82%B7%E3%83%87%E3%82%A3%E3%82%A2+%E3%83%95%E3%82%A1%E3%82%A4%E3%83%8A%E3%83%AB%E3%83%95%E3%82%A1%E3%83%B3%E3%82%BF%E3%82%B8%E3%83%BC+PSP HTTP/1.1" 200 0 "-" "Mozilla/5.0 AppleWebKit/537.36 (KHTML, like Gecko; compatible; bingbot/2.0; +http://www.bing.com/bingbot.htm) Chrome/116.0.1938.76 Safari/537.36"
66.249.74.11 - - [26/Apr/2025:01:18:49 -0400] "GET /17202769294.shtml HTTP/1.1" 200 0 "-" "Mozilla/5.0 (Linux; Android 6.0.1; Nexus 5X Build/MMB29P) AppleWebKit/537.36 (KHTML, like Gecko) Chrome/135.0.7049.95 Mobile Safari/537.36 (compatible; GoogleOther)"
40.77.167.33 - - [26/Apr/2025:01:19:24 -0400] "GET /?i=29259155919600&channel=e18275&from=article.php%3Fid%3D1559196-18850%26name%3D%E3%82%B9%E3%83%91%E3%83%83%E3%81%A8%E5%BF%AB%E9%81%A9%E3%81%AB%E5%88%87%E3%82%8C%E3%82%8B%E3%82%AB%E3%83%BC%E3%83%96%E3%82%B7%E3%82%B6%E3%83%BC%E3%83%88%E3%83%AA%E3%83%9F%E3%83%B3%E3%82%B0%E7%8A%AC%E3%83%88%E3%83%AA%E3%83%9E%E3%83%BC%E3%83%9A%E3%83%83%E3%83%88%E3%83%9E%E3%83%9E%E3%83%9F%E3%83%B3%E3%82%B0%E3%83%8F%E3%82%B5%E3%83%9F HTTP/1.1" 200 0 "-" "Mozilla/5.0 AppleWebKit/537.36 (KHTML, like Gecko; compatible; bingbot/2.0; +http://www.bing.com/bingbot.htm) Chrome/116.0.1938.76 Safari/537.36"
66.249.73.102 - - [26/Apr/2025:01:19:36 -0400] "GET /?i=869275647803&channel=2649d7&from=shared.php%3Fid%3D56478-2945%26name%3DB-3436%E3%80%90%E7%9C%9F%E4%BD%9C%E3%80%91%E5%8F%B0%E6%B9%BE%E3%83%BB%E8%91%89%E9%8F%A1%E9%8E%94+%E8%82%89%E7%AD%86%E7%B4%99%E6%9C%AC+%E8%98%AD%E8%8A%B1%E5%9B%B3+%E6%8E%9B%E8%BB%B8%2F+%E4%B8%AD%E5%9B%BD%E6%9B%B8%E7%94%BB+%E5%94%90%E7%89%A9+%E5%94%90%E7%94%BB+%E8%8A%B1%E9%B3%A5%E7%94%BB+%E6%9B%B8%E7%94%BB HTTP/1.1" 200 0 "-" "Mozilla/5.0 (Linux; Android 6.0.1; Nexus 5X Build/MMB29P) AppleWebKit/537.36 (KHTML, like Gecko) Chrome/135.0.7049.95 Mobile Safari/537.36 (compatible; GoogleOther)"
66.249.73.101 - - [26/Apr/2025:01:19:49 -0400] "GET /?i=8591413640401&channel=db0a3f&from=shared.php%3Fid%3D136404-8296%26name%3D%E3%83%8F%E3%83%AA%E3%82%A6%E3%83%83%E3%83%89%E3%83%A9%E3%83%B3%E3%83%81%E3%83%9E%E3%83%BC%E3%82%B1%E3%83%83%E3%83%88 HTTP/1.1" 200 53622 "-" "Mozilla/5.0 (Linux; Android 6.0.1; Nexus 5X Build/MMB29P) AppleWebKit/537.36 (KHTML, like Gecko) Chrome/135.0.7049.95 Mobile Safari/537.36 (compatible; Googlebot/2.1; +http://www.google.com/bot.html)"
66.249.73.101 - - [26/Apr/2025:01:20:01 -0400] "GET /?i=9419753327904&channel=2c6f48&from=news.php%3Fid%3D533279-14468%26name%3DY853+%E5%B8%8C%E5%B0%91%E3%83%AD%E3%83%95%E3%83%88+NIKE+SQ+SUMO+3%2BW+13%C2%B0+%E7%B4%94%E6%AD%A3%E3%83%87%E3%82%A3%E3%82%A2%E3%83%9E%E3%83%8A%E3%82%AB%E3%82%A4%E3%83%AA60+%E3%83%95%E3%83%AC%E3%83%83%E3%82%AF%E3%82%B9S+%E6%97%A5%E6%9C%AC%E4%BB%95%E6%A7%98+%E7%8A%B6%E6%85%8B%E8%89%AF%E5%A5%BD HTTP/1.1" 200 53923 "-" "Mozilla/5.0 (Linux; Android 6.0.1; Nexus 5X Build/MMB29P) AppleWebKit/537.36 (KHTML, like Gecko) Chrome/135.0.7049.95 Mobile Safari/537.36 (compatible; Googlebot/2.1; +http://www.google.com/bot.html)"
66.249.73.102 - - [26/Apr/2025:01:20:11 -0400] "GET /?i=6881049276907&channel=4e8dd0&from=category-info.php%3Fid%3D492769-504%26name%3D%E3%82%B0%E3%83%AC+%E3%83%8F%E3%83%B3%E3%83%89%E3%83%90%E3%83%83%E3%82%B0%E7%BE%8E%E5%93%81++-+%E9%BB%92+%E3%82%AF%E3%83%AD%E3%82%B3%E3%83%80%E3%82%A4%E3%83%AB HTTP/1.1" 200 0 "-" "Mozilla/5.0 (Linux; Android 6.0.1; Nexus 5X Build/MMB29P) AppleWebKit/537.36 (KHTML, like Gecko) Chrome/135.0.7049.95 Mobile Safari/537.36 (compatible; GoogleOther)"
52.167.144.171 - - [26/Apr/2025:01:20:58 -0400] "GET /?i=71989157752101&channel=a0da48&from=category-info.php%3Fid%3D1577521-25072%26name%3D%E6%96%B0%E5%93%81+%E3%83%9C%E3%83%B3%E3%83%95%E3%82%A9%E3%83%BC%E3%83%A0%28BONFORM%29+%E3%82%AB%E3%83%BC%E3%83%9E%E3%83%83%E3%83%88+3D%E3%83%9E%E3%83%83%E3%82%AF%E3%82%B9%E3%83%80%E3%82%A4%E3%83%90%E3%83%BC+%E8%BB%BD%E8%87%AA%E5%8B%95%E8%BB%8A+%E3%83%95%E3%83%AD%E3%83%B3%E3%83%881%E6%9E%9A+%E3%82%BA%E3%83%AC%E9%98%B2%E6%AD%A2%E5%8A%A0%E5%B7%A5+%E5%B0%82%E7%94%A8%E3%83%95%E3%83%83%E3%82%AF%E5%AF%BE%E5%BF%9C+62x60cm+%E3%83%96%E3%83%A9%E3%83%83%E3%82%AF+6398-31BK HTTP/1.1" 200 0 "-" "Mozilla/5.0 AppleWebKit/537.36 (KHTML, like Gecko; compatible; bingbot/2.0; +http://www.bing.com/bingbot.htm) Chrome/116.0.1938.76 Safari/537.36"
66.249.73.101 - - [26/Apr/2025:01:21:42 -0400] "GET /?i=88381107244702&channel=9e2ff1&from=blog.php%3Fid%3D1072447-170%26name%3D%E3%83%A9%E3%82%B8%E3%82%A8%E3%83%BC%E3%82%BF%E3%83%BC%E3%83%9B%E3%83%BC%E3%82%B9+17127809819+%E6%B0%B4%E3%82%BF%E3%83%B3%E3%82%AF%E3%83%A9%E3%82%B8%E3%82%A8%E3%83%BC%E3%82%BF%E3%83%BC%E3%83%9B%E3%83%BC%E3%82%B9+%E3%81%AB%E3%81%A8%E3%81%A3%E3%81%A6+5%E3%82%B7%E3%83%AA%E3%83%BC%E3%82%BA%E7%94%A8+%E3%81%AB%E3%81%A8%E3%81%A3%E3%81%A6+F07%E7%94%A8+%E3%81%AB%E3%81%A8%E3%81%A3%E3%81%A6+F10 HTTP/1.1" 200 53317 "-" "Mozilla/5.0 (Linux; Android 6.0.1; Nexus 5X Build/MMB29P) AppleWebKit/537.36 (KHTML, like Gecko) Chrome/135.0.7049.95 Mobile Safari/537.36 (compatible; Googlebot/2.1; +http://www.google.com/bot.html)"
40.77.167.64 - - [26/Apr/2025:01:21:51 -0400] "GET /?i=97619104835003&channel=884dbe&from=pin.php%3Fid%3D1048350-4484%26name%3Dicedandy+notime+%E8%84%B1%E6%AF%9B%E5%99%A8+%E6%9C%AC%E4%BD%93%E3%81%A8%E3%82%A2%E3%82%BF%E3%83%83%E3%83%81%E3%83%A1%E3%83%B3%E3%83%88 HTTP/1.1" 200 0 "-" "Mozilla/5.0 AppleWebKit/537.36 (KHTML, like Gecko; compatible; bingbot/2.0; +http://www.bing.com/bingbot.htm) Chrome/116.0.1938.76 Safari/537.36"
66.249.74.13 - - [26/Apr/2025:01:21:52 -0400] "GET /97199199793.shtml HTTP/1.1" 200 0 "-" "Mozilla/5.0 (Linux; Android 6.0.1; Nexus 5X Build/MMB29P) AppleWebKit/537.36 (KHTML, like Gecko) Chrome/135.0.7049.95 Mobile Safari/537.36 (compatible; GoogleOther)"
66.249.73.103 - - [26/Apr/2025:01:22:44 -0400] "GET /?i=29402161612314&channel=95f71d&from=product.php%3Fid%3D1616123-1463%26name%3D%E6%8A%98%E3%82%8A%E3%81%9F%E3%81%9F%E3%81%BF+%E3%83%88%E3%82%A4%E3%83%AC%E7%B0%A1%E6%98%93%E3%83%88%E3%82%A4%E3%83%AC+%E9%9D%9E%E5%B8%B8%E7%94%A8%E3%83%88%E3%82%A4%E3%83%AC+%E9%98%B2%E7%81%BD%E3%83%88%E3%82%A4%E3%83%AC+%E6%8A%98%E3%82%8A%E3%81%9F%E3%81%9F%E3%81%BF+%E6%8C%81%E3%81%A1%E9%81%8B%E3%81%B3+%E3%83%9D%E3%83%BC%E3%82%BF%E3%83%96%E3%83%AB+%E5%87%9D%E5%9B%BA%E5%89%A4%E4%BB%98%E3%83%BB%E7%84%A1%E3%81%97+2%E3%82%BF%E3%82%A4%E3%83%97+%E6%8E%92%E4%BE%BF%E8%A2%8B%E4%BB%98+12%E5%9B%9E%E5%88%86+%E6%90%BA%E5%B8%AF%E3%83%88%E3%82%A4%E3%83%AC+%E8%80%90%E8%8D%B7%E9%87%8D100kg+%E7%81%BD%E5%AE%B3%E7%94%A8%E3%83%88%E3%82%A4%E3%83%AC+%E7%81%BD%E5%AE%B3%E6%99%82+%E6%9A%97%E3%81%BF+%E7%B7%8A%E6%80%A5%E7%B0%A1%E6%98%93%E3%83%88%E3%82%A4%E3%83%AC+%E3%83%9D%E3%83%BC%E3%82%BF%E3%83%96%E3%83%AB%E3%83%88%E3%82%A4%E3%83%AC+%E3%82%A2%E3%82%A6%E3%83%88%E3%83%89%E3%82%A2+%E3%82%AD%E3%83%A3%E3%83%B3%E3%83%97+%E8%BB%8A%E8%BC%89+%E8%BB%BD%E9%87%8F+%E6%8A%98%E7%95%B3%E3%81%BF%E5%BC%8F HTTP/1.1" 200 0 "-" "Mozilla/5.0 (Linux; Android 6.0.1; Nexus 5X Build/MMB29P) AppleWebKit/537.36 (KHTML, like Gecko) Chrome/135.0.7049.95 Mobile Safari/537.36 (compatible; GoogleOther)"
1.113.104.218 - - [26/Apr/2025:01:22:52 -0400] "GET /?i=1268079974703&channel=21986b&from=product.php%3Fid%3D799747-303%26name%3D%E3%83%96%E3%83%AB%E3%82%BE%E3%83%B3+%E3%82%A2%E3%82%A6%E3%82%BF%E3%83%BC+CHIGNON+%E3%82%B7%E3%82%A2%E3%83%BC%E3%83%80%E3%83%B3%E3%83%9C%E3%83%BC%E3%83%AB%E3%83%96%E3%83%AB%E3%82%BE%E3%83%B3+%E3%83%AC%E3%83%87%E3%82%A3%E3%83%BC%E3%82%B9 HTTP/1.1" 200 0 "https://www.google.com/" "Mozilla/5.0 (Linux; Android 10; K) AppleWebKit/537.36 (KHTML, like Gecko) Chrome/135.0.0.0 Mobile Safari/537.36"
1.113.104.218 - - [26/Apr/2025:01:22:56 -0400] "GET /favicon.ico HTTP/1.1" 404 1251 "https://www.mianoorproperties.com/?i=1268079974703&channel=21986b&from=product.php%3Fid%3D799747-303%26name%3D%E3%83%96%E3%83%AB%E3%82%BE%E3%83%B3+%E3%82%A2%E3%82%A6%E3%82%BF%E3%83%BC+CHIGNON+%E3%82%B7%E3%82%A2%E3%83%BC%E3%83%80%E3%83%B3%E3%83%9C%E3%83%BC%E3%83%AB%E3%83%96%E3%83%AB%E3%82%BE%E3%83%B3+%E3%83%AC%E3%83%87%E3%82%A3%E3%83%BC%E3%82%B9" "Mozilla/5.0 (Linux; Android 10; K) AppleWebKit/537.36 (KHTML, like Gecko) Chrome/135.0.0.0 Mobile Safari/537.36"
1.113.104.218 - - [26/Apr/2025:01:23:02 -0400] "GET /?i=1268079974703&channel=21986b&from=product.php%3Fid%3D799747-303%26name%3D%E3%83%96%E3%83%AB%E3%82%BE%E3%83%B3+%E3%82%A2%E3%82%A6%E3%82%BF%E3%83%BC+CHIGNON+%E3%82%B7%E3%82%A2%E3%83%BC%E3%83%80%E3%83%B3%E3%83%9C%E3%83%BC%E3%83%AB%E3%83%96%E3%83%AB%E3%82%BE%E3%83%B3+%E3%83%AC%E3%83%87%E3%82%A3%E3%83%BC%E3%82%B9 HTTP/1.1" 200 0 "https://www.google.com/" "Mozilla/5.0 (Linux; Android 10; K) AppleWebKit/537.36 (KHTML, like Gecko) Chrome/135.0.0.0 Mobile Safari/537.36"
66.249.73.102 - - [26/Apr/2025:01:23:18 -0400] "GET /?i=79840170238302&channel=00da1e&from=shared.php%3Fid%3D1702383-15777%26name%3D%E2%98%86%E9%99%90%E5%AE%9A%E4%BE%A1%E6%A0%BC%E2%98%86%E3%83%AA%E3%83%B3%E3%82%B4%E3%83%B3%E3%83%99%E3%83%AA%E3%83%BC%E3%80%80%E3%82%AF%E3%83%A9%E3%83%B3%E3%83%99%E3%83%AA%E3%83%BC%E3%80%80%E6%A0%B9%E4%BB%98%E3%81%8D%E3%83%9F%E3%83%8B%E8%8B%97%E3%82%BB%E3%83%83%E3%83%88 HTTP/1.1" 200 53840 "-" "Mozilla/5.0 (Linux; Android 6.0.1; Nexus 5X Build/MMB29P) AppleWebKit/537.36 (KHTML, like Gecko) Chrome/135.0.7049.95 Mobile Safari/537.36 (compatible; Googlebot/2.1; +http://www.google.com/bot.html)"
66.249.74.12 - - [26/Apr/2025:01:24:01 -0400] "GET /20479301222.shtml HTTP/1.1" 200 0 "-" "Mozilla/5.0 (Linux; Android 6.0.1; Nexus 5X Build/MMB29P) AppleWebKit/537.36 (KHTML, like Gecko) Chrome/135.0.7049.95 Mobile Safari/537.36 (compatible; GoogleOther)"
66.249.73.103 - - [26/Apr/2025:01:24:20 -0400] "GET /?i=2882253722300&channel=941cf0&from=category-info.php%3Fid%3D537223-5038%26name%3D%E3%81%BF%E3%81%95%E3%82%8B%E3%82%93%E5%B0%82%E7%94%A8%E2%98%854%E7%82%B9 HTTP/1.1" 200 51846 "-" "Mozilla/5.0 (Linux; Android 6.0.1; Nexus 5X Build/MMB29P) AppleWebKit/537.36 (KHTML, like Gecko) Chrome/135.0.7049.95 Mobile Safari/537.36 (compatible; Googlebot/2.1; +http://www.google.com/bot.html)"
40.77.167.64 - - [26/Apr/2025:01:24:51 -0400] "GET /?i=13779113599400&channel=cc235f&from=article.php%3Fid%3D1135994-54%26name%3DLenovo+IdeaPad+Slim+360i+Core+i5-1135G7%2F%E3%83%A1%E3%83%A2%E3%83%AA16GB%2FSSD256GB%2F14%E5%9E%8B%E3%83%95%E3%83%ABHD%E6%B6%B2%E6%99%B6%2FWindows11%2FMicrosoft+Office+Home+%26+Business+2021%E6%90%AD%E8%BC%89%2F%E4%BF%9D%E8%A8%BC%E6%9C%89+%E3%83%8E%E3%83%BC%E3%83%88%E3%83%91%E3%82%BD%E3%82%B3%E3%83%B3%E3%80%90%E3%83%A1%E3%83%BC%E3%82%AB%E3%83%BC%E3%83%AA%E3%83%95%E3%82%A1%E3%83%93%E3%83%83%E3%82%B7%E3%83%A5%E5%93%81%E3%80%91 HTTP/1.1" 200 0 "-" "Mozilla/5.0 AppleWebKit/537.36 (KHTML, like Gecko; compatible; bingbot/2.0; +http://www.bing.com/bingbot.htm) Chrome/116.0.1938.76 Safari/537.36"
40.77.167.64 - - [26/Apr/2025:01:24:52 -0400] "GET /?i=0737055259205&channel=a7fdcd&from=shop.php%3Fid%3D552592-5925%26name%3D%E3%80%90%E7%9C%9F%E4%BD%9C%E3%80%91%E5%B3%B6%E7%94%B0%E4%B8%89%E9%83%8E%E3%80%80%E3%80%8C%E3%83%95%E3%82%A9%E3%83%BC%E3%83%96%E3%82%A6%E3%83%AB%E9%80%9A%E3%82%8A%E3%80%8D%E3%80%80%E6%B2%B9%E5%BD%A9%E7%94%BB%E3%80%80%E3%80%80%EF%BC%96F%E3%80%80%E3%80%90%E5%89%B5%E6%A5%AD1972%E5%B9%B4%E3%80%80%E4%BF%A1%E9%A0%BC%E3%81%A8%E5%AE%9F%E7%B8%BE%E3%81%AE%E6%AD%A3%E5%85%89%E7%94%BB%E5%BB%8A%E3%80%91 HTTP/1.1" 200 0 "-" "Mozilla/5.0 AppleWebKit/537.36 (KHTML, like Gecko; compatible; bingbot/2.0; +http://www.bing.com/bingbot.htm) Chrome/116.0.1938.76 Safari/537.36"
66.249.73.102 - - [26/Apr/2025:01:24:56 -0400] "GET /?i=11685108282103&channel=439032&from=article.php%3Fid%3D1082821-5475%26name%3DB-4327%E3%80%90%E7%9C%9F%E4%BD%9C%E3%80%91%E9%89%84%E7%BF%81%E7%A5%96%E9%96%80+%E8%82%89%E7%AD%86%E7%B5%B9%E6%9C%AC+%E9%9B%AA%E6%99%AF%E5%B1%B1%E6%B0%B4%E5%9B%B3+%E4%BA%8C%E9%87%8D%E7%AE%B1+%E6%8E%9B%E8%BB%B8%2F%E7%94%BB%E5%83%A7+%E5%8D%97%E7%94%BB%E5%AE%B6+%E9%95%B7%E5%B4%8E+%E6%98%A5%E5%BE%B3%E5%AF%BA+%E5%B8%AB%E3%83%BB%E7%9F%B3%E5%B4%8E%E8%9E%8D%E6%80%9D+%E8%87%A8%E6%B8%88%E5%AE%97+%E6%B1%9F%E7%A8%BC%E5%9C%83+%E6%9B%B8%E7%94%BB HTTP/1.1" 200 0 "-" "Mozilla/5.0 (Linux; Android 6.0.1; Nexus 5X Build/MMB29P) AppleWebKit/537.36 (KHTML, like Gecko) Chrome/135.0.7049.95 Mobile Safari/537.36 (compatible; GoogleOther)"
66.249.73.102 - - [26/Apr/2025:01:25:15 -0400] "GET /?i=0642150794605&channel=30adae&from=article.php%3Fid%3D507946-7764%26name%3D%E4%B8%AD%E5%8F%A4%E5%93%81%E2%98%85%E4%B8%89%E6%B5%A6%E6%8A%80%E7%A0%94+MIURA+RF+99.3Pure+%E3%82%A6%E3%82%A7%E3%83%83%E3%82%B8%E2%98%8556%C2%B0%E2%98%85%E3%82%B0%E3%83%A9%E3%83%95%E3%82%A1%E3%82%A4%E3%83%88%E3%83%87%E3%82%B6%E3%82%A4%E3%83%B3+RAUNE+i60%28R%29 HTTP/1.1" 200 53874 "-" "Mozilla/5.0 (Linux; Android 6.0.1; Nexus 5X Build/MMB29P) AppleWebKit/537.36 (KHTML, like Gecko) Chrome/135.0.7049.95 Mobile Safari/537.36 (compatible; Googlebot/2.1; +http://www.google.com/bot.html)"
66.249.74.12 - - [26/Apr/2025:01:25:19 -0400] "GET /87044955724.shtml HTTP/1.1" 200 0 "-" "Mozilla/5.0 (Linux; Android 6.0.1; Nexus 5X Build/MMB29P) AppleWebKit/537.36 (KHTML, like Gecko) Chrome/135.0.7049.95 Mobile Safari/537.36 (compatible; GoogleOther)"
66.249.73.101 - - [26/Apr/2025:01:26:37 -0400] "GET /?i=1689383999902&channel=e20b82&from=shop.php%3Fid%3D839999-5926%26name%3D%E6%B2%B9%E7%B5%B5+%E6%8A%BD%E8%B1%A1%E7%94%BB+%E5%A4%A7%E5%9E%8B+80%C3%9780+%E5%A3%81%E6%8E%9B%E3%81%91+%E3%83%8F%E3%83%B3%E3%83%89%E3%83%A1%E3%82%A4%E3%83%89+%E3%82%A2%E3%83%BC%E3%83%88+%E7%8F%BE%E4%BB%A3+%E7%B5%B5%E7%94%BB+%E7%BE%8E%E8%A1%93+%E3%83%A2%E3%83%80%E3%83%B3+%E5%B1%95%E7%A4%BA%E5%93%81+%E6%A4%9C%3A%E3%82%AB%E3%83%83%E3%82%B7%E3%83%BC%E3%83%8A+%E3%82%A2%E3%83%AB%E3%83%95%E3%83%AC%E3%83%83%E3%82%AF%E3%82%B9+%E3%83%9E%E3%82%B9%E3%82%BF%E3%83%BC%E3%82%A6%E3%82%A9%E3%83%BC%E3%83%AB HTTP/1.1" 200 0 "-" "Mozilla/5.0 (Linux; Android 6.0.1; Nexus 5X Build/MMB29P) AppleWebKit/537.36 (KHTML, like Gecko) Chrome/135.0.7049.95 Mobile Safari/537.36 (compatible; GoogleOther)"
66.249.73.102 - - [26/Apr/2025:01:27:31 -0400] "GET /?i=09246181448203&channel=815ea5&from=news.php%3Fid%3D1814482-24063%26name%3DIRIS+OHYAMA+%E3%81%B5%E3%81%A8%E3%82%93%E4%B9%BE%E7%87%A5%E6%A9%9F+%E3%83%94%E3%83%B3%E3%82%AF HTTP/1.1" 200 0 "-" "Mozilla/5.0 (Linux; Android 6.0.1; Nexus 5X Build/MMB29P) AppleWebKit/537.36 (KHTML, like Gecko) Chrome/135.0.7049.95 Mobile Safari/537.36 (compatible; GoogleOther)"
40.77.167.64 - - [26/Apr/2025:01:27:40 -0400] "GET /?i=259705403904&channel=00c996&from=article.php%3Fid%3D54039-2617%26name%3D%E3%82%B8%E3%83%A3%E3%82%B1%E3%83%83%E3%83%88+%E4%BD%9C%E6%A5%AD%E7%9D%80+%E3%82%B8%E3%83%A3%E3%83%B3%E3%82%B9%E3%82%AB+%E5%86%AC%E7%94%A8%E3%82%AF%E3%83%A1%E3%83%B3%E3%82%BA+%E3%82%B3%E3%83%BC%E3%83%88+%E3%82%BF%E3%83%AA%E3%83%BC+%E3%82%B3%E3%83%BC%E3%83%87%E3%83%A5%E3%83%AD%E3%82%A4+%E3%83%80%E3%82%A6%E3%83%B3%E5%86%AC+%E3%82%B7%E3%83%A7%E3%83%83%E3%83%94%E3%83%B3%E3%82%B0+%E3%82%B9%E3%82%A6%E3%82%A7%E3%83%83%E3%83%88%E3%82%B9%E3%83%BC%E3%83%84+%E3%83%80%E3%82%A6%E3%83%B3%E3%82%B8%E3%83%A3%E3%82%B1%E3%83%83 HTTP/1.1" 200 0 "-" "Mozilla/5.0 AppleWebKit/537.36 (KHTML, like Gecko; compatible; bingbot/2.0; +http://www.bing.com/bingbot.htm) Chrome/116.0.1938.76 Safari/537.36"
66.249.73.101 - - [26/Apr/2025:01:27:59 -0400] "GET /28091843295.shtml HTTP/1.1" 200 0 "-" "Mozilla/5.0 (Linux; Android 6.0.1; Nexus 5X Build/MMB29P) AppleWebKit/537.36 (KHTML, like Gecko) Chrome/135.0.7049.95 Mobile Safari/537.36 (compatible; GoogleOther)"
40.77.167.64 - - [26/Apr/2025:01:28:00 -0400] "GET /?i=11785129598800&channel=e39013&from=info.php%3Fid%3D1295988-5819%26name%3D%E4%B8%83%E7%94%B0%E5%BC%8F%E5%B0%8F%E5%AD%A6%E7%94%9F%E3%83%97%E3%83%AA%E3%83%B3%E3%83%882%E5%B9%B4%E7%94%9F%E3%80%80%E5%9B%BD%E8%AA%9E%E3%80%80%E7%AE%97%E6%95%B0%E3%80%80%E7%94%9F%E6%B4%BB1.2%E5%B9%B4%E3%80%80%E5%8F%B3%E8%84%B3%E3%80%80%E8%8B%B1%E8%AA%9E HTTP/1.1" 200 0 "-" "Mozilla/5.0 AppleWebKit/537.36 (KHTML, like Gecko; compatible; bingbot/2.0; +http://www.bing.com/bingbot.htm) Chrome/116.0.1938.76 Safari/537.36"
40.77.167.33 - - [26/Apr/2025:01:28:05 -0400] "GET /?i=01164159278911&channel=5c291b&from=blog.php%3Fid%3D1592789-1629%26name%3D%E3%83%8F%E3%83%B3%E3%83%87%E3%82%A3%E3%83%95%E3%82%A1%E3%83%B3+%E6%89%87%E9%A2%A8%E6%A9%9F+%E9%A6%96%E3%81%8B%E3%81%91+%E3%83%8D%E3%83%83%E3%82%AF%E3%82%AF%E3%83%BC%E3%83%A9%E3%83%BC+%E3%83%8D%E3%83%83%E3%82%AF%E3%83%95%E3%82%A1%E3%83%B3+%E5%8D%93%E4%B8%8A+%E3%82%B3%E3%83%B3%E3%83%91%E3%82%AF%E3%83%88+6000mAh+%E3%83%A2%E3%83%90%E3%82%A4%E3%83%AB%E3%83%90%E3%83%83%E3%83%86%E3%83%AA%E3%83%BC+%E3%81%8A%E3%81%97%E3%82%83%E3%82%8C+USB%E5%85%85%E9%9B%BB+%E5%A4%A7%E5%AE%B9%E9%87%8F+%E9%95%B7%E6%8C%81%E3%81%A1+%E7%84%A1%E6%AE%B5%E5%A4%89%E9%80%9F+%E7%86%B1%E4%B8%AD%E7%97%87%E5%AF%BE%E7%AD%96 HTTP/1.1" 200 0 "-" "Mozilla/5.0 AppleWebKit/537.36 (KHTML, like Gecko; compatible; bingbot/2.0; +http://www.bing.com/bingbot.htm) Chrome/116.0.1938.76 Safari/537.36"
66.249.73.101 - - [26/Apr/2025:01:29:57 -0400] "GET /?i=88682178296600&channel=872326&from=product.php%3Fid%3D1782966-20740%26name%3D%E5%AD%90%E4%BE%9B%E9%9D%B4%E3%80%80%E6%B0%B4%E8%89%B2+%E6%93%82%E3%82%8B HTTP/1.1" 200 0 "-" "Mozilla/5.0 (Linux; Android 6.0.1; Nexus 5X Build/MMB29P) AppleWebKit/537.36 (KHTML, like Gecko) Chrome/135.0.7049.95 Mobile Safari/537.36 (compatible; GoogleOther)"
40.77.167.247 - - [26/Apr/2025:01:30:41 -0400] "GET /?i=82903169753101&channel=3c6a4b&from=info.php%3Fid%3D1697531-27124%26name%3D%E3%82%B9%E3%82%B1%E3%83%BC%E3%82%BF%E3%83%BC%28Skater%29+%E3%83%A9%E3%83%B3%E3%83%81%E5%B7%BE%E7%9D%80+%E3%81%8A%E5%BC%81%E5%BD%93%E8%A2%8B+%E5%B7%BE%E7%9D%80%E8%A2%8B+2%E6%9E%9A%E7%B5%84+%E3%83%88%E3%83%9F%E3%82%AB+%E7%94%B7%E3%81%AE%E5%AD%90+KB7W-A HTTP/1.1" 200 0 "-" "Mozilla/5.0 AppleWebKit/537.36 (KHTML, like Gecko; compatible; bingbot/2.0; +http://www.bing.com/bingbot.htm) Chrome/116.0.1938.76 Safari/537.36"
52.167.144.216 - - [26/Apr/2025:01:31:10 -0400] "GET /?i=5767641554901&channel=69d37d&from=info.php%3Fid%3D415549-5814%26name%3D%E7%A5%9E%E6%A3%9A+%E4%B8%89%E7%A4%BE+%E5%8D%98%E5%93%81+%E9%80%9A%E3%81%97%E5%B1%8B%E6%A0%B9+%E5%A4%A7%E5%9E%8B%3CBR%3E+%E5%A4%AA%E5%8F%A4%E3%81%AE%E5%A4%A7%E7%A4%BE+%E3%81%93%E3%81%91%E3%82%89%E8%91%BA%E9%80%9A%E3%81%97%E4%B8%89%E7%A4%BE+%EF%BC%8F+%E9%9B%84%E5%A4%A7%E3%80%81%E6%A5%B5%E3%81%BF%E9%80%A0%E3%82%8A+%E8%8D%98%E5%8E%B3%E5%A4%A7%E7%A4%BE%E3%82%B7%E3%83%AA%E3%83%BC%E3%82%BA%E3%81%AE%E7%A5%9E%E6%A3%9A+%3CBR%3E+%E3%82%B3%E3%82%B1%E3%83%A9%E8%91%BA%E3%81%8D+%E6%9C%80%E9%AB%98%E7%B4%9A+%E5%B7%A5%E6%88%BF%E9%80%A0%E3%82%8A+%E7%A4%BE%E6%AE%BF+%3CBR%3E+%28%E4%BB%A3%E5%BC%95%E3%81%8D%E6%B1%BA%E6%B8%88%E4%B8%8D%E5%8F%AF%E5%95%86%E5%93%81%29+%E7%A5%9E%E6%A3%9A+%E7%A5%9E%E5%85%B7+%E4%BB%8F%E5%85%B7+%E3%82%84%E3%81%BE%E3%81%93%E3%81%86+%E5%B1%B1%E5%B9%B8 HTTP/1.1" 200 0 "-" "Mozilla/5.0 AppleWebKit/537.36 (KHTML, like Gecko; compatible; bingbot/2.0; +http://www.bing.com/bingbot.htm) Chrome/116.0.1938.76 Safari/537.36"
52.167.144.216 - - [26/Apr/2025:01:31:21 -0400] "GET /?i=3897466366201&channel=168e48&from=form.php%3Fid%3D663662-6861%26name%3D%E3%83%9F%E3%83%A9%E3%83%BC%E3%82%AB%E3%83%90%E3%83%BC%E3%82%A2%E3%83%89%E3%82%AA%E3%83%B3%E4%BA%92%E6%8F%9B%E6%80%A7%E3%82%A4%E3%83%B3%E3%83%95%E3%82%A3%E3%83%8B%E3%83%86%E3%82%A3+G35+2003-2007+%E3%82%AF%E3%83%BC%E3%83%9A+2+%E3%83%89%E3%82%A2%E3%81%AE%E3%81%BF%E3%83%8F%E3%83%8B%E3%82%AB%E3%83%A0%E3%82%B9%E3%82%BF%E3%82%A4%E3%83%AB%E3%82%AB%E3%83%BC%E3%83%9C%E3%83%B3%E3%83%95%E3%82%A1%E3%82%A4%E3%83%90%E3%83%BC%E8%BB%8A%E5%A4%96%E8%A3%85%E3%83%AA HTTP/1.1" 200 0 "-" "Mozilla/5.0 AppleWebKit/537.36 (KHTML, like Gecko; compatible; bingbot/2.0; +http://www.bing.com/bingbot.htm) Chrome/116.0.1938.76 Safari/537.36"
52.167.144.216 - - [26/Apr/2025:01:31:22 -0400] "GET /?i=51087177129400&channel=39a843&from=info.php%3Fid%3D1771294-2546%26name%3D%E4%B8%AD%E5%8F%A4%E2%96%A0%E3%82%A2%E3%82%AF%E3%82%A2%E3%83%B3w01%E3%82%B5%E3%82%A4%E3%83%90%E3%83%BC%E3%83%AD%E3%83%BC%E3%83%89%E5%88%87%E6%9C%AD2000%E3%83%91%E3%83%AF%E3%83%BC%E6%B0%B4%E6%96%87%E6%98%8E%E3%82%AF%E3%83%AA%E3%83%BC%E3%83%81%E3%83%A3%E3%83%BC%E9%9D%92%E8%89%B2%E3%83%87%E3%83%A5%E3%82%A8%E3%83%AB%E3%83%9E%E3%82%B9%E3%82%BF%E3%83%BC%E3%82%BA%E3%82%AB%E3%83%BC%E3%83%89%E5%BC%95%E9%80%80%E5%87%A6%E5%88%86%E2%96%A0i%E8%89%AF%E5%93%81%E7%94%9F%E6%B4%BB%E3%81%8A%E3%81%B2%E3%81%95%E3%81%BE%E5%A0%82 HTTP/1.1" 200 0 "-" "Mozilla/5.0 AppleWebKit/537.36 (KHTML, like Gecko; compatible; bingbot/2.0; +http://www.bing.com/bingbot.htm) Chrome/116.0.1938.76 Safari/537.36"
40.77.167.247 - - [26/Apr/2025:01:31:25 -0400] "GET /?i=00799111784504&channel=787a41&from=info.php%3Fid%3D1117845-2561%26name%3D%E3%82%A2%E3%82%A6%E3%83%88%E3%83%89%E3%82%A2+%E3%82%A4%E3%83%99%E3%83%B3%E3%83%88%E7%94%A8%E3%83%86%E3%83%B3%E3%83%88+%E3%82%B9%E3%83%9D%E3%83%BC%E3%83%84%E7%94%A8%E3%83%86%E3%83%B3%E3%83%88%E3%80%80%E5%BE%85%E6%A9%9F%E7%94%A8%E3%83%86%E3%83%B3%E3%83%88+%E3%83%96%E3%83%AB%E3%83%89%E3%83%83%E3%82%AF%E3%82%B7%E3%83%AA%E3%83%BC%E3%82%BA%E5%81%B4%E5%B9%95+%E3%83%96%E3%83%AB%E3%83%89%E3%83%83%E3%82%AF%E3%82%A8%E3%82%B3%E3%83%8E%E3%83%9F%E3%83%BC+%E3%83%96%E3%83%AB%E3%83%89%E3%83%83%E3%82%AF%E3%82%BB%E3%83%BC%E3%83%95%E3%83%86%E3%82%A3%E3%83%BC+%E3%83%96%E3%83%AB%E3%83%89%E3%83%83%E3%82%AF%E3%82%B9%E3%83%AD%E3%83%BC%E3%83%97+%E4%B8%89%E6%96%B9%E5%B9%95+%E4%B8%80%E6%96%B9%E5%B9%95 HTTP/1.1" 200 0 "-" "Mozilla/5.0 AppleWebKit/537.36 (KHTML, like Gecko; compatible; bingbot/2.0; +http://www.bing.com/bingbot.htm) Chrome/116.0.1938.76 Safari/537.36"
52.167.144.147 - - [26/Apr/2025:01:31:32 -0400] "GET /?i=66705131761902&channel=93be18&from=shop.php%3Fid%3D1317619-5595%26name%3D%E3%80%8CVieo%E3%80%8D%E3%83%91%E3%83%B3%E3%83%84+40%E4%BB%A3+50%E4%BB%A3+60%E4%BB%A3+%E3%83%AC%E3%83%87%E3%82%A3%E3%83%BC%E3%82%B9+%E3%83%9F%E3%82%BB%E3%82%B9+%E3%83%AC%E3%83%87%E3%82%A3%E3%83%BC%E3%82%B9%E3%83%95%E3%82%A1%E3%83%83%E3%82%B7%E3%83%A7%E3%83%B3+%E4%B8%8A%E5%93%81+%E3%81%8D%E3%82%8C%E3%81%84%E3%82%81+%E5%A9%A6%E4%BA%BA%E6%9C%8D+%E4%BD%93%E5%9E%8B%E3%82%AB%E3%83%90%E3%83%BC+%E7%9D%80%E5%9B%9E%E3%81%97+%E3%82%86%E3%81%A3%E3%81%9F%E3%82%8A+%E3%83%95%E3%83%AA%E3%83%BC%E3%82%B5%E3%82%A4%E3%82%BA+%E3%81%8A%E6%B4%92%E8%90%BD+%E5%A4%A7%E4%BA%BA+%E6%B6%BC%E5%93%81%E3%82%AB%E3%82%B8%E3%83%A5%E3%82%A2%E3%83%AB+%E3%83%A1%E3%83%83%E3%82%B7%E3%83%A5%E3%83%AC%E3%82%A4%E3%83%A4%E3%83%BC%E3%83%89%E3%83%91%E3%83%B3%E3%83%84+Vieo HTTP/1.1" 200 0 "-" "Mozilla/5.0 AppleWebKit/537.36 (KHTML, like Gecko; compatible; bingbot/2.0; +http://www.bing.com/bingbot.htm) Chrome/116.0.1938.76 Safari/537.36"
