57.141.4.22 - - [26/Apr/2025:09:56:08 -0400] "GET /?i=7505658052101& HTTP/1.1" 200 0 "-" "meta-externalagent/1.1 (+https://developers.facebook.com/docs/sharing/webmasters/crawler)"
66.249.73.101 - - [26/Apr/2025:09:56:20 -0400] "GET /?i=4893571048807&channel=f1d790&from=shop.php%3Fid%3D710488-3267%26name%3D50%E3%82%A4%E3%83%B3%E3%83%81+%E5%A4%A7%E5%9E%8B%E6%B6%B2%E6%99%B6%E3%83%87%E3%82%A3%E3%82%B9%E3%83%97%E3%83%AC%E3%82%A4+4K+HDR+PC%E3%83%A2%E3%83%8B%E3%82%BF%E3%83%BC+%28%E4%B8%AD%E5%8F%A4%29 HTTP/1.1" 200 0 "-" "Mozilla/5.0 (Linux; Android 6.0.1; Nexus 5X Build/MMB29P) AppleWebKit/537.36 (KHTML, like Gecko) Chrome/135.0.7049.95 Mobile Safari/537.36 (compatible; GoogleOther)"
66.249.73.102 - - [26/Apr/2025:09:56:31 -0400] "GET /?i=20218137179200&channel=ee2018&from=shop.php%3Fid%3D1371792-21670%26name%3D%E4%B8%80%E7%9C%BC%E3%83%AC%E3%83%95%E5%85%A5%E9%96%80%E3%81%AB%E6%9C%80%E9%81%A9%E2%9C%A8%E3%80%90%E7%BE%8E%E5%93%81%E3%80%91Canon+Kiss+X2%E3%83%AC%E3%83%B3%E3%82%BA%E3%82%AD%E3%83%83%E3%83%88 HTTP/1.1" 200 53070 "-" "Mozilla/5.0 (Linux; Android 6.0.1; Nexus 5X Build/MMB29P) AppleWebKit/537.36 (KHTML, like Gecko) Chrome/135.0.7049.95 Mobile Safari/537.36 (compatible; Googlebot/2.1; +http://www.google.com/bot.html)"
66.249.73.101 - - [26/Apr/2025:09:57:07 -0400] "GET /?i=771935322903&channel=292272&from=news.php%3Fid%3D53229-5761%26name%3DWORK+%E3%82%A8%E3%83%A2%E3%83%BC%E3%82%B7%E3%83%A7%E3%83%B3+15%E3%82%A4%E3%83%B3%E3%83%81+6.5j%2B52+PCD100 HTTP/1.1" 200 53771 "-" "Mozilla/5.0 (Linux; Android 6.0.1; Nexus 5X Build/MMB29P) AppleWebKit/537.36 (KHTML, like Gecko) Chrome/135.0.7049.95 Mobile Safari/537.36 (compatible; Googlebot/2.1; +http://www.google.com/bot.html)"
40.77.167.235 - - [26/Apr/2025:09:57:27 -0400] "GET /?i=268197987100&channel=4e12ce&from=brands.php%3Fid%3D79871-7006%26name%3DNSR50+%E3%83%AC%E3%83%BC%E3%82%B5%E3%83%BC%E4%BB%95%E6%A7%98%E3%80%80%E8%A1%97%E4%B9%97%E3%82%8A%E6%88%BB%E3%81%97%E3%80%80AC08E-202 HTTP/1.1" 200 0 "-" "Mozilla/5.0 AppleWebKit/537.36 (KHTML, like Gecko; compatible; bingbot/2.0; +http://www.bing.com/bingbot.htm) Chrome/116.0.1938.76 Safari/537.36"
66.249.73.102 - - [26/Apr/2025:09:57:39 -0400] "GET /?i=1101876586303&channel=817d22&from=news.php%3Fid%3D765863-6792%26name%3D%E3%82%AD%E3%83%A3%E3%83%AD%E3%82%A6%E3%82%A7%E3%82%A4+%E3%83%91%E3%83%A9%E3%83%80%E3%82%A4%E3%83%A0+Ai+SMOKE+MAX+FAST+%E3%83%95%E3%82%A7%E3%82%A2%E3%82%A6%E3%82%A7%E3%82%A4%E3%82%A6%E3%83%83%E3%83%89+7w+22%C2%B0+TENSEI+40+for+CW+R HTTP/1.1" 200 0 "-" "Mozilla/5.0 (Linux; Android 6.0.1; Nexus 5X Build/MMB29P) AppleWebKit/537.36 (KHTML, like Gecko) Chrome/135.0.7049.95 Mobile Safari/537.36 (compatible; GoogleOther)"
66.249.74.11 - - [26/Apr/2025:09:58:04 -0400] "GET /51983224443.shtml HTTP/1.1" 200 0 "-" "Mozilla/5.0 (Linux; Android 6.0.1; Nexus 5X Build/MMB29P) AppleWebKit/537.36 (KHTML, like Gecko) Chrome/135.0.7049.95 Mobile Safari/537.36 (compatible; GoogleOther)"
40.77.167.65 - - [26/Apr/2025:09:58:08 -0400] "GET /?i=41201143758503&channel=70ed5d&from=shared.php%3Fid%3D1437585-18192%26name%3D%E3%82%AD%E3%83%A9%E3%82%AD%E3%83%A9%E3%83%80%E3%82%A4%E3%83%A4%E8%A9%B0%E3%82%81%E6%9B%BF%E3%81%88%E3%83%9C%E3%83%88%E3%83%AB+%E5%8C%97%E6%AC%A7%E9%A2%A8+%E3%82%BD%E3%83%BC%E3%83%97%E3%83%87%E3%82%A3%E3%82%B9%E3%83%9A%E3%83%B3%E3%82%B5%E3%83%BC+%E9%99%B6%E5%99%A8+%E3%82%BB%E3%83%A9%E3%83%9F%E3%83%83%E3%82%AF+%E3%83%8F%E3%83%B3%E3%83%89%E3%82%BD%E3%83%BC%E3%83%97+%E3%83%87%E3%82%A3%E3%82%B9%E3%83%9A%E3%83%B3%E3%82%B5%E3%83%BC+%E5%AE%B9%E9%87%8F400ml+%E3%82%BD%E3%83%BC%E3%83%97%E3%83%87%E3%82%A3%E3%82%B9%E3%83%9A%E3%83%B3%E3%82%B5%E3%83%BC+%E3%83%9C%E3%83%88%E3%83%AB+%E3%83%87%E3%82%A3%E3%82%B9%E3%83%9A%E3%83%B3%E3%82%B5%E3%83%BC+%E6%B4%97%E9%9D%A2%E7%94%A8%E5%93%81+%E3%83%90%E3%82%B9+%E3%83%88%E3%82%A4%E3%83%AC+%E3%81%8A%E9%A2%A8%E5%91%82%23wxn03923 HTTP/1.1" 200 0 "-" "Mozilla/5.0 AppleWebKit/537.36 (KHTML, like Gecko; compatible; bingbot/2.0; +http://www.bing.com/bingbot.htm) Chrome/116.0.1938.76 Safari/537.36"
66.249.74.12 - - [26/Apr/2025:09:58:28 -0400] "GET /47488605183.shtml HTTP/1.1" 200 0 "-" "Mozilla/5.0 (Linux; Android 6.0.1; Nexus 5X Build/MMB29P) AppleWebKit/537.36 (KHTML, like Gecko) Chrome/135.0.7049.95 Mobile Safari/537.36 (compatible; GoogleOther)"
66.249.73.103 - - [26/Apr/2025:09:59:11 -0400] "GET /?i=9496936925704&channel=06db75&from=shared.php%3Fid%3D369257-663%26name%3D%E3%82%A8%E3%83%B3%E3%83%80%E3%83%BC%E3%82%B9%E3%82%AD%E3%83%BC%E3%83%9E+Hender+Scheme+%E3%83%8E%E3%83%83%E3%83%88%E3%82%A2%E3%83%BC%E3%83%9F%E3%83%BC%E3%82%AD%E3%83%BC%E3%83%95%E3%83%AD%E3%83%83%E3%82%B0+not+army+key+flog+qn-rc-nak HTTP/1.1" 200 0 "-" "Mozilla/5.0 (Linux; Android 6.0.1; Nexus 5X Build/MMB29P) AppleWebKit/537.36 (KHTML, like Gecko) Chrome/135.0.7049.95 Mobile Safari/537.36 (compatible; GoogleOther)"
40.77.167.65 - - [26/Apr/2025:10:00:18 -0400] "GET /?i=17070114793601&channel=dd545a&from=category-info.php%3Fid%3D1147936-4392%26name%3DYAMAHA+STORIA+I+%E3%82%A2%E3%82%B3%E3%83%BC%E3%82%B9%E3%83%86%E3%82%A3%E3%83%83%E3%82%AF%E3%82%AE%E3%82%BF%E3%83%BC+%E6%95%99%E6%9C%AC%E4%BB%98%E3%81%8D%E3%82%BB%E3%83%AC%E3%82%AF%E3%83%8811%E7%82%B9%E3%82%BB%E3%83%83%E3%83%88+%E5%88%9D%E5%BF%83%E8%80%85%E3%82%BB%E3%83%83%E3%83%88+%E6%A5%BD%E5%99%A8%E5%BA%97%E5%A4%A7%E8%B3%9E2022%E5%A4%A7%E8%B3%9E%E5%8F%97%E8%B3%9E+%E3%82%A8%E3%83%AC%E3%82%A2%E3%82%B3+%E3%83%A4%E3%83%9E%E3%83%8F HTTP/1.1" 200 0 "-" "Mozilla/5.0 AppleWebKit/537.36 (KHTML, like Gecko; compatible; bingbot/2.0; +http://www.bing.com/bingbot.htm) Chrome/116.0.1938.76 Safari/537.36"
40.77.167.65 - - [26/Apr/2025:10:00:20 -0400] "GET /?i=9274042962905&channel=b32753&from=news.php%3Fid%3D429629-15050%26name%3DHKGFAYO+%E3%82%BB%E3%83%A9%E3%83%9F%E3%83%83%E3%82%AF%E3%82%AD%E3%83%A3%E3%82%BB%E3%83%AD%E3%83%BC%E3%83%AB%E3%80%81%E7%85%AE%E8%BE%BC%E3%81%BF%E7%B2%A5%E3%83%9D%E3%83%83%E3%83%88%E8%80%90%E7%86%B1%E6%80%A7%E3%81%A8%E8%80%90%E5%AF%92%E6%80%A7%E3%81%AE%E3%82%AD%E3%83%83%E3%83%81%E3%83%B3%E8%AA%BF%E7%90%86%E5%99%A8%E5%85%B7 HTTP/1.1" 200 0 "-" "Mozilla/5.0 AppleWebKit/537.36 (KHTML, like Gecko; compatible; bingbot/2.0; +http://www.bing.com/bingbot.htm) Chrome/116.0.1938.76 Safari/537.36"
66.249.73.101 - - [26/Apr/2025:10:00:33 -0400] "GET /?i=87811116281001&channel=4c7461&from=form.php%3Fid%3D1162810-15329%26name%3DSea-Doo+seadoo+%E3%82%B7%E3%83%BC%E3%83%89%E3%82%A5+RXT-X+255+08-09+%E3%82%B9%E3%83%94%E3%83%BC%E3%83%89%E3%83%A1%E3%83%BC%E3%82%BF%E3%83%BC+%E3%83%A1%E3%83%BC%E3%82%BF%E3%83%BC+%E8%A8%88%E5%99%A8+%E3%82%B2%E3%83%BC%E3%82%B8+%E5%8B%95%E4%BD%9C%E6%9C%AA%E7%A2%BA%E8%AA%8D HTTP/1.1" 200 0 "-" "Mozilla/5.0 (Linux; Android 6.0.1; Nexus 5X Build/MMB29P) AppleWebKit/537.36 (KHTML, like Gecko) Chrome/135.0.7049.95 Mobile Safari/537.36 (compatible; GoogleOther)"
40.77.167.4 - - [26/Apr/2025:10:00:42 -0400] "GET /?i=61357147828901&channel=9e9af8&from=jp.php%3Fid%3D1478289-20149%26name%3D%E3%82%AA%E3%83%BC%E3%83%88%E3%83%90%E3%82%A4%E3%81%AE%E3%82%AD%E3%83%83%E3%82%AF%E3%82%B9%E3%82%BF%E3%83%B3%E3%83%89%E3%83%91%E3%83%83%E3%83%89+For+CB650R%E7%94%A8cb650r%E7%94%A82018-2021%E3%83%A2%E3%83%BC%E3%82%BF%E3%83%BC%E3%82%B5%E3%82%A4%E3%82%AF%E3%83%AB%E3%82%AD%E3%83%83%E3%82%AF%E3%82%B9%E3%82%BF%E3%83%B3%E3%83%89%E3%82%A8%E3%82%AF%E3%82%B9%E3%83%86%E3%83%B3%E3%82%B7%E3%83%A7 HTTP/1.1" 200 0 "-" "Mozilla/5.0 AppleWebKit/537.36 (KHTML, like Gecko; compatible; bingbot/2.0; +http://www.bing.com/bingbot.htm) Chrome/116.0.1938.76 Safari/537.36"
66.249.73.102 - - [26/Apr/2025:10:00:49 -0400] "GET /?i=02505179149412&channel=33192b&from=article.php%3Fid%3D1791494-5621%26name%3DP3-63S%2F%E3%83%B4%E3%82%A3%E3%83%B3%E3%83%86%E3%83%BC%E3%82%B8%2F%E3%83%AC%E3%82%B6%E3%83%BC%E3%82%B8%E3%83%A3%E3%82%B1%E3%83%83%E3%83%88%2F%E3%82%B5%E3%82%A4%E3%82%BA16%2F%E3%83%96%E3%83%A9%E3%82%A6%E3%83%B3 HTTP/1.1" 200 0 "-" "Mozilla/5.0 (Linux; Android 6.0.1; Nexus 5X Build/MMB29P) AppleWebKit/537.36 (KHTML, like Gecko) Chrome/135.0.7049.95 Mobile Safari/537.36 (compatible; GoogleOther)"
40.77.167.235 - - [26/Apr/2025:10:01:08 -0400] "GET /?i=1562152575802&channel=fa5719&from=blog.php%3Fid%3D525758-2346%26name%3D%E5%A4%A7%E4%BA%BA%E3%81%AE%E4%B8%89%E8%BC%AA%E8%BB%8A%E4%B8%89%E8%BC%AA%E4%B8%89ks%E8%87%AA%E8%BB%A2%E8%BB%8A%E3%82%AF%E3%83%AB%E3%83%BC%E3%82%B6%E3%83%BC7%E3%82%B9%E3%83%94%E3%83%BC%E3%83%89%E3%80%8124%E3%82%A4%E3%83%B3%E3%83%81%E3%83%9B%E3%82%A4%E3%83%BC%E3%83%AB%E5%A4%A7%E4%BA%BA%E3%81%AE%E3%83%88%E3%83%A9%E3%82%A4%E3%82%AF3%E8%BC%AA%E8%87%AA%E8%BB%A2%E8%BB%8A%E8%B2%A8%E7%89%A9%E8%B2%A8%E7%89%A9%E3%83%90%E3%82%B9%E3%82%B1%E3%83%83%E3%83%88%E3%80%81%E5%A5%B3%E6%80%A7%E3%80%81%E7%94%B7%E6%80%A7+%E3%82%A4%E3%82%A8%E3%83%AD%E3%83%BC HTTP/1.1" 200 0 "-" "Mozilla/5.0 AppleWebKit/537.36 (KHTML, like Gecko; compatible; bingbot/2.0; +http://www.bing.com/bingbot.htm) Chrome/116.0.1938.76 Safari/537.36"
66.249.73.101 - - [26/Apr/2025:10:01:21 -0400] "GET /?i=3027028192601&channel=424930&from=shared.php%3Fid%3D281926-8944%26name%3D%E6%9C%89%E6%AC%A1%E3%80%80%E4%BA%AC%E9%83%BD%E9%8C%A6%E5%BA%97%E3%80%80%E9%AA%A8%E5%88%87%E3%82%8A%E5%8C%85%E4%B8%81%E3%80%80%E4%B8%8A%E8%A3%BD%E3%80%80%E5%B0%BA%E5%AF%B8%E3%80%80%E3%81%AF%E3%82%82%E5%88%87%E3%82%8A%E5%8C%85%E4%B8%81+%E3%81%AE%E3%81%BC%E3%82%8B HTTP/1.1" 200 52740 "-" "Mozilla/5.0 (Linux; Android 6.0.1; Nexus 5X Build/MMB29P) AppleWebKit/537.36 (KHTML, like Gecko) Chrome/135.0.7049.95 Mobile Safari/537.36 (compatible; Googlebot/2.1; +http://www.google.com/bot.html)"
66.249.73.101 - - [26/Apr/2025:10:01:26 -0400] "GET /?i=1768795652702&channel=8c58aa&from=article.php%3Fid%3D956527-3372%26name%3D%E3%82%B9%E3%83%94%E3%83%83%E3%82%AF%E3%82%A2%E3%83%B3%E3%83%89%E3%82%B9%E3%83%91%E3%83%B3++%E3%83%8E%E3%83%BC%E3%82%AB%E3%83%A9%E3%83%BC%E3%82%B3%E3%83%BC%E3%83%88 HTTP/1.1" 200 0 "-" "Mozilla/5.0 (Linux; Android 6.0.1; Nexus 5X Build/MMB29P) AppleWebKit/537.36 (KHTML, like Gecko) Chrome/135.0.7049.95 Mobile Safari/537.36 (compatible; GoogleOther)"
66.249.73.103 - - [26/Apr/2025:10:02:42 -0400] "GET /?i=9359677365900&channel=99f909&from=product.php%3Fid%3D773659-2571%26name%3Dko-ken%EF%BC%88%E3%82%B3%E3%83%BC%E3%82%B1%E3%83%B3%EF%BC%89%3A6%E8%A7%92%E3%83%87%E3%82%A3%E3%83%BC%E3%83%97%E3%82%BD%E3%82%B1%E3%83%83%E3%83%88%E3%83%AC%E3%83%BC%E3%83%AB%E3%82%BB%E3%83%83%E3%83%88+RS2300MZ%2F12+Z-EAL+6%E8%A7%92%E3%83%87%E3%82%A3%E3%83%BC%E3%83%97%E3%82%BD%E3%82%B1%E3%83%83%E3%83%88+1%2F4%E3%82%9B%EF%BC%886.35mm%EF%BC%89+RS2300MZ%2F12 HTTP/1.1" 200 0 "-" "Mozilla/5.0 (Linux; Android 6.0.1; Nexus 5X Build/MMB29P) AppleWebKit/537.36 (KHTML, like Gecko) Chrome/135.0.7049.95 Mobile Safari/537.36 (compatible; GoogleOther)"
66.249.73.101 - - [26/Apr/2025:10:03:11 -0400] "GET /?i=87871134936601&channel=439032&from=shop.php%3Fid%3D1349366-5475%26name%3Drarebookkyoto%E3%80%80YU-178%E3%80%80%E6%9D%8E%E6%9C%9D%E7%B5%B5%E7%94%BB%E3%80%80%E5%91%89%E4%B8%80%E8%8B%B1%E3%83%BB%E9%9D%99%E6%96%8E%E3%83%BB%E5%B0%B9%E5%BE%B3%E6%A0%84%E8%B3%9B%E3%80%80%E3%80%80%E3%80%80%E3%80%80%E6%9F%B3%E4%B8%8B%E5%8F%8C%E9%A6%AC%E3%83%BB%E7%B5%B9%E6%9C%AC%E8%A8%AD%E8%89%B2%E3%80%801930%E5%B9%B4%E9%A0%83%E4%BD%9C%E3%80%80%E4%BA%AC%E9%83%BD%E5%8F%A4%E7%89%A9 HTTP/1.1" 200 0 "-" "Mozilla/5.0 (Linux; Android 6.0.1; Nexus 5X Build/MMB29P) AppleWebKit/537.36 (KHTML, like Gecko) Chrome/135.0.7049.95 Mobile Safari/537.36 (compatible; GoogleOther)"
66.249.74.13 - - [26/Apr/2025:10:03:41 -0400] "GET /19830613260.shtml HTTP/1.1" 200 0 "-" "Mozilla/5.0 (Linux; Android 6.0.1; Nexus 5X Build/MMB29P) AppleWebKit/537.36 (KHTML, like Gecko) Chrome/135.0.7049.95 Mobile Safari/537.36 (compatible; GoogleOther)"
66.249.73.101 - - [26/Apr/2025:10:04:28 -0400] "GET /?i=103692296304&channel=0e9515&from=shared.php%3Fid%3D22963-523%26name%3D%E7%B5%B5%E7%94%BB+%E5%90%8D%E7%94%BB+%E8%A4%87%E8%A3%BD%E7%94%BB+%E9%A1%8D%E7%B8%81%E4%BB%98%28MJ108N-G%29+%E3%82%AA%E3%83%87%E3%82%A3%E3%83%AD%E3%83%B3%E3%83%BB%E3%83%AB%E3%83%89%E3%83%B3+%E3%80%8C%E8%8A%B1%E6%9D%9F%E3%80%8D+M8%E5%8F%B7+%E4%B8%96%E7%95%8C%E3%81%AE%E5%90%8D%E7%94%BB%E3%82%B7%E3%83%AA%E3%83%BC%E3%82%BA+%E3%83%97%E3%83%AA%E3%83%8F%E3%83%BC%E3%83%89 HTTP/1.1" 200 54241 "-" "Mozilla/5.0 (Linux; Android 6.0.1; Nexus 5X Build/MMB29P) AppleWebKit/537.36 (KHTML, like Gecko) Chrome/135.0.7049.95 Mobile Safari/537.36 (compatible; Googlebot/2.1; +http://www.google.com/bot.html)"
40.77.167.235 - - [26/Apr/2025:10:04:48 -0400] "GET /?i=97910100701&channel=544114&from=pin.php%3Fid%3D1007-228%26name%3D%E6%9B%B8%E5%BA%AB+%E4%B8%8A%E4%B8%8B%E3%82%BB%E3%83%83%E3%83%88+%E9%8D%B5%E4%BB%98%E3%81%8D+A4+%E5%B9%85900%C3%97%E5%A5%A5%E8%A1%8C400%C3%97%E9%AB%98%E3%81%951860mm+%E3%82%AA%E3%83%BC%E3%83%97%E3%83%B3%E6%9B%B8%E5%BA%AB+%E3%83%AC%E3%82%BF%E3%83%BC%E3%82%B1%E3%83%BC%E3%82%B9+%E3%82%B7%E3%82%B9%E3%83%86%E3%83%A0%E5%8F%8E%E7%B4%8D+%E3%82%B9%E3%83%81%E3%83%BC%E3%83%AB%E3%82%AD%E3%83%A3%E3%83%93%E3%83%8D%E3%83%83%E3%83%88+%E3%82%AA%E3%83%95%E3%82%A3%E3%82%B9%E5%8F%8E%E7%B4%8D+%E6%97%A5%E6%9C%AC%E8%A3%BD+RW4-N10C39K-S HTTP/1.1" 200 0 "-" "Mozilla/5.0 AppleWebKit/537.36 (KHTML, like Gecko; compatible; bingbot/2.0; +http://www.bing.com/bingbot.htm) Chrome/116.0.1938.76 Safari/537.36"
40.77.167.65 - - [26/Apr/2025:10:04:52 -0400] "GET /?i=3147315749800&channel=5c9aef&from=product.php%3Fid%3D157498-10029%26name%3DDefi+%E3%83%87%E3%83%95%E3%82%A3+DF20301+%E3%83%87%E3%83%95%E3%82%A3%E3%83%AA%E3%83%B3%E3%82%AF%E3%83%A1%E3%83%BC%E3%82%BF%E3%83%BC%E3%82%A2%E3%83%89%E3%83%90%E3%83%B3%E3%82%B9+A1+%E3%82%B3%E3%83%B3%E3%83%88%E3%83%AD%E3%83%BC%E3%83%AB%E3%83%A6%E3%83%8B%E3%83%83%E3%83%88%E3%82%BB%E3%83%83%E3%83%88+%E3%82%BF%E3%82%B3%E3%83%A1%E3%83%BC%E3%82%BF%E3%83%BC+%E3%83%9B%E3%83%AF%E3%82%A4%E3%83%88+%E3%82%B5%E3%82%A4%E3%82%BA%EF%BC%9A HTTP/1.1" 200 0 "-" "Mozilla/5.0 AppleWebKit/537.36 (KHTML, like Gecko; compatible; bingbot/2.0; +http://www.bing.com/bingbot.htm) Chrome/116.0.1938.76 Safari/537.36"
40.77.167.65 - - [26/Apr/2025:10:04:53 -0400] "GET /?i=2707130048600&channel=9d8989&from=goods.php%3Fid%3D300486-6207%26name%3D%E3%83%9E%E3%82%B9%E3%83%80%E3%82%B4%E3%83%AB%E3%83%95%E3%80%80M425%2FS%28%E3%82%B9%E3%83%88%E3%83%AC%E3%83%BC%E3%83%88%29%E3%80%80P%2FA%E3%80%80%E3%82%AF%E3%83%AD%E3%83%A0%E3%83%A1%E3%83%83%E3%82%AD%E3%80%80%E3%83%98%E3%83%83%E3%83%89%E3%81%AE%E3%81%BF HTTP/1.1" 200 0 "-" "Mozilla/5.0 AppleWebKit/537.36 (KHTML, like Gecko; compatible; bingbot/2.0; +http://www.bing.com/bingbot.htm) Chrome/116.0.1938.76 Safari/537.36"
66.249.73.101 - - [26/Apr/2025:10:05:01 -0400] "GET /?i=9113075225502&channel=da0fae&from=brands.php%3Fid%3D752255-9615%26name%3D%E3%80%90%E8%A1%8C%E8%91%A3%E3%80%91%E3%83%91%E3%83%B3%E3%83%80%E9%8A%80%E8%B2%A8+%E6%91%A9%E3%82%8C+%E7%B7%8F%E9%87%8D%E9%87%8F155.5g+%E3%82%B1%E3%83%BC%E3%82%B9%E5%85%A5%E3%82%8A+5%E6%9E%9A+2011%E5%B9%B4+10%E5%85%83+1%E3%82%AA%E3%83%B3%E3%82%B9+%E7%B4%94%E9%8A%80+Ag.999+%E7%A1%AC%E8%B2%A8+%E8%A8%98%E5%BF%B5+%E4%B8%AD%E8%8F%AF%E4%BA%BA%E6%B0%91%E9%8A%80%E8%A1%8C+%E4%B8%AD%E8%8F%AF%E4%BA%BA%E6%B0%91%E5%85%B1%E5%92%8C%E5%9B%BD+%E2%91%A4+AX000BOM64 HTTP/1.1" 200 55372 "-" "Mozilla/5.0 (Linux; Android 6.0.1; Nexus 5X Build/MMB29P) AppleWebKit/537.36 (KHTML, like Gecko) Chrome/135.0.7049.95 Mobile Safari/537.36 (compatible; Googlebot/2.1; +http://www.google.com/bot.html)"
66.249.73.102 - - [26/Apr/2025:10:05:06 -0400] "GET /?i=72019112304401&channel=606021&from=blog.php%3Fid%3D1123044-4718%26name%3D%E5%B2%A1%E7%94%B0%E6%97%AD%E5%B3%B0+%E3%81%8A%E3%81%8B%E3%81%A0+%E3%81%8D%E3%82%87%E3%81%8F%E3%81%BB%E3%81%86+%E7%B5%B5%E7%94%BB+%E6%B2%B9%E7%B5%B5 HTTP/1.1" 200 54652 "-" "Mozilla/5.0 (Linux; Android 6.0.1; Nexus 5X Build/MMB29P) AppleWebKit/537.36 (KHTML, like Gecko) Chrome/135.0.7049.95 Mobile Safari/537.36 (compatible; Googlebot/2.1; +http://www.google.com/bot.html)"
66.249.73.101 - - [26/Apr/2025:10:05:11 -0400] "GET /?i=7889091333416&channel=b89082&from=shared.php%3Fid%3D913334-1496%26name%3D%E3%80%90%E3%82%B7%E3%83%8A%E3%83%A2%E3%83%AD%E3%83%BC%E3%83%AB%E3%82%B3%E3%83%AC%E3%82%AF%E3%82%B7%E3%83%A7%E3%83%B3%E3%80%91%E3%83%90%E3%83%83%E3%82%AF%E5%88%BA%E7%B9%8D%E3%83%88%E3%83%AC%E3%83%BC%E3%83%8A%E3%83%BC+JUN%26ROPE%27+%E3%82%B8%E3%83%A5%E3%83%B3%E3%82%A2%E3%83%B3%E3%83%89%E3%83%AD%E3%83%9A+%E3%83%88%E3%83%83%E3%83%97%E3%82%B9+%E3%82%B9%E3%82%A6%E3%82%A7%E3%83%83%E3%83%88%E3%83%BB%E3%83%88%E3%83%AC%E3%83%BC%E3%83%8A%E3%83%BC+%E3%82%B0%E3%83%AC%E3%83%BC+%E3%83%8D%E3%82%A4%E3%83%93%E3%83%BC+%E3%82%A4%E3%82%A8%E3%83%AD%E3%83%BC%E3%80%90%E9%80%81%E6%96%99%E7%84%A1%E6%96%99%E3%80%91%5BRakuten+Fashion%5D HTTP/1.1" 200 0 "-" "Mozilla/5.0 (Linux; Android 6.0.1; Nexus 5X Build/MMB29P) AppleWebKit/537.36 (KHTML, like Gecko) Chrome/135.0.7049.95 Mobile Safari/537.36 (compatible; GoogleOther)"
40.77.167.25 - - [26/Apr/2025:10:06:48 -0400] "GET /?i=2787125623104&channel=84f643&from=info.php%3Fid%3D256231-8562%26name%3D%E4%B8%89%E8%BC%AA%E8%BB%8A+%E3%81%9D%E3%82%8C%E3%81%84%E3%81%91%21+%E3%82%A2%E3%83%B3%E3%83%91%E3%83%B3%E3%83%9E%E3%83%B3+%E3%83%87%E3%83%A9%E3%83%83%E3%82%AF%E3%82%B9R HTTP/1.1" 200 0 "-" "Mozilla/5.0 AppleWebKit/537.36 (KHTML, like Gecko; compatible; bingbot/2.0; +http://www.bing.com/bingbot.htm) Chrome/116.0.1938.76 Safari/537.36"
40.77.167.65 - - [26/Apr/2025:10:06:52 -0400] "GET /?i=79908113957303&channel=9c6384&from=shared.php%3Fid%3D1139573-7058%26name%3D%E3%82%B3%E3%83%AC%E3%83%83%E3%83%88%E3%83%9E%E3%83%AB%E3%83%BC%E3%83%95%E3%80%80%E3%83%AA%E3%83%95%E3%83%AC%E3%82%AF%E3%82%B7%E3%83%A7%E3%83%B3%E3%83%90%E3%82%BF%E3%83%95%E3%83%A9%E3%82%A4%E3%83%9D%E3%83%8B%E3%83%BC HTTP/1.1" 200 0 "-" "Mozilla/5.0 AppleWebKit/537.36 (KHTML, like Gecko; compatible; bingbot/2.0; +http://www.bing.com/bingbot.htm) Chrome/116.0.1938.76 Safari/537.36"
40.77.167.37 - - [26/Apr/2025:10:07:03 -0400] "GET /?i=59310177560304&channel=56aa51&from=article.php%3Fid%3D1775603-27563%26name%3D%E9%9B%BB%E6%B0%97%E3%83%8D%E3%82%A4%E3%83%AB%E3%83%88%E3%83%AA%E3%83%9E%E3%83%BC+-+%E9%AB%98%E7%B2%BE%E5%BA%A6%E3%81%AE%E3%83%96%E3%83%AC%E3%83%BC%E3%83%89%E3%80%81%E6%A5%BD%E3%81%AA%E4%BD%BF%E7%94%A8%7C%E9%A0%91%E4%B8%88%E3%81%AA%E3%83%88%E3%83%AA%E3%83%9F%E3%83%B3%E3%82%B0%E5%BF%AB%E9%81%A9%E3%80%81%E3%83%A9%E3%83%94%E3%83%83%E3%83%89%E3%83%8D%E3%82%A4%E3%83%AB%E3%82%B1%E3%82%A2%E3%80%81%E3%83%9D%E3%83%BC%E3%82%BF%E3%83%96%E3%83%AB%E3%82%B0%E3%83%AA%E3%83%83%E3%83%97%E3%83%87%E3%82%B6%E3%82%A4%E3%83%B3%E3%80%81%E8%BB%BD%E9%87%8F%E3%81%AE%E3%82%AF%E3%82%A4 HTTP/1.1" 200 0 "-" "Mozilla/5.0 AppleWebKit/537.36 (KHTML, like Gecko; compatible; bingbot/2.0; +http://www.bing.com/bingbot.htm) Chrome/116.0.1938.76 Safari/537.36"
66.249.73.103 - - [26/Apr/2025:10:07:24 -0400] "GET /?i=9143530329200&channel=766533&from=article.php%3Fid%3D303292-10623%26name%3D%E3%82%A2%E3%82%A4%E3%82%B7%E3%83%BC%E3%83%AB%E3%83%8921+%E3%82%A2%E3%82%AF%E3%83%AA%E3%83%AB%E3%82%B8%E3%82%AA%E3%83%A9%E3%83%9E HTTP/1.1" 200 0 "-" "Mozilla/5.0 (Linux; Android 6.0.1; Nexus 5X Build/MMB29P) AppleWebKit/537.36 (KHTML, like Gecko) Chrome/135.0.7049.95 Mobile Safari/537.36 (compatible; GoogleOther)"
40.77.167.37 - - [26/Apr/2025:10:08:03 -0400] "GET /?i=2841744528910&channel=8282d4&from=news.php%3Fid%3D445289-4643%26name%3D%E8%90%A9%E5%8E%9F+%E3%83%8F%E3%82%AE%E3%83%8F%E3%83%A9%3Cbr%3E%E3%83%9C%E3%83%B3%E3%83%8D%E3%83%AB%E3%82%B3%E3%82%A4%E3%83%AB%E3%83%9E%E3%83%83%E3%83%88%E3%83%AC%E3%82%B9%E3%83%99%E3%83%83%E3%83%89+%E3%83%9B%E3%83%AF%E3%82%A4%E3%83%88+%E3%82%B7%E3%83%B3%E3%82%B0%E3%83%AB+%E3%83%94%E3%83%AD%E3%83%BC%E3%83%88%E3%83%83%E3%83%97%E4%BB%95%E6%A7%98+KMB-3108WH%3Cbr%3E%282518247%29%3Cbr%3E%E4%BB%A3%E5%BC%95%E4%B8%8D%E5%8F%AF HTTP/1.1" 200 0 "-" "Mozilla/5.0 AppleWebKit/537.36 (KHTML, like Gecko; compatible; bingbot/2.0; +http://www.bing.com/bingbot.htm) Chrome/116.0.1938.76 Safari/537.36"
40.77.167.25 - - [26/Apr/2025:10:08:38 -0400] "GET /?i=108852861706&channel=5f405f&from=news.php%3Fid%3D28617-873%26name%3D%E3%83%98%E3%83%AB%E3%83%A1%E3%83%83%E3%83%88%EF%BC%88%E3%82%B7%E3%83%B3%E3%83%97%E3%82%BD%E3%83%B3%E3%83%BBSIMPSON%EF%BC%89%E3%82%B9%E3%83%BC%E3%83%91%E3%83%BC%E3%83%90%E3%83%B3%E3%83%87%E3%82%A3%E3%83%83%E3%83%889 HTTP/1.1" 200 0 "-" "Mozilla/5.0 AppleWebKit/537.36 (KHTML, like Gecko; compatible; bingbot/2.0; +http://www.bing.com/bingbot.htm) Chrome/116.0.1938.76 Safari/537.36"
66.249.73.103 - - [26/Apr/2025:10:08:48 -0400] "GET /?i=32207137988004&channel=89eca8&from=brands.php%3Fid%3D1379880-728%26name%3DB073+8%E5%80%8B%E3%80%80%E3%82%B9%E3%82%A4%E3%83%B3%E3%82%B0%E3%82%A2%E3%83%BC%E3%83%A0%E3%80%80%E3%83%95%E3%83%83%E3%82%AF%E3%83%9C%E3%83%AB%E3%83%88%E3%80%80%E7%99%BD%E3%82%B8%E3%83%A5%E3%83%A9 HTTP/1.1" 200 0 "-" "Mozilla/5.0 (Linux; Android 6.0.1; Nexus 5X Build/MMB29P) AppleWebKit/537.36 (KHTML, like Gecko) Chrome/135.0.7049.95 Mobile Safari/537.36 (compatible; GoogleOther)"
66.249.73.103 - - [26/Apr/2025:10:09:04 -0400] "GET /?i=2007872271101&channel=cb4e54&from=product.php%3Fid%3D722711-4911%26name%3D%E3%82%A2%E3%83%AA%E3%83%BC%E3%83%8A%E7%AB%B6%E6%B3%B3%E6%B0%B4%E7%9D%80X-PYTHON%E3%83%AA%E3%83%9F%E3%83%83%E3%82%AF%E6%96%B0%E5%93%81%E3%83%96%E3%83%A9%E3%83%83%E3%82%AF%C3%97%E3%83%94%E3%83%B3%E3%82%AFL%E3%82%B5%E3%82%A4%E3%82%BA HTTP/1.1" 200 0 "-" "Mozilla/5.0 (Linux; Android 6.0.1; Nexus 5X Build/MMB29P) AppleWebKit/537.36 (KHTML, like Gecko) Chrome/135.0.7049.95 Mobile Safari/537.36 (compatible; GoogleOther)"
66.249.73.102 - - [26/Apr/2025:10:09:26 -0400] "GET /?i=4193010773300&channel=8dea37&from=article.php%3Fid%3D107733-8001%26name%3Dkaaaana7%E5%8F%A4%E9%85%92+%E3%83%AC%E3%83%9F%E3%83%BC%E3%83%9E%E3%83%AB%E3%82%BF%E3%83%B3%E3%82%B3%E3%83%8B%E3%83%A3%E3%83%83%E3%82%AF700ml%E3%83%90%E3%82%AB%E3%83%A9%E3%82%BB%E3%83%B3%E3%83%88%E3%83%BC%E3%82%AF%E3%83%AA%E3%82%B9%E3%82%BF%E3%83%AB HTTP/1.1" 200 54033 "-" "Mozilla/5.0 (Linux; Android 6.0.1; Nexus 5X Build/MMB29P) AppleWebKit/537.36 (KHTML, like Gecko) Chrome/135.0.7049.95 Mobile Safari/537.36 (compatible; Googlebot/2.1; +http://www.google.com/bot.html)"
66.249.73.101 - - [26/Apr/2025:10:09:48 -0400] "GET /?i=2663223712802&channel=cc235f&from=news.php%3Fid%3D237128-54%26name%3D%E3%80%90%E6%9C%AA%E4%BD%BF%E7%94%A8%E3%80%91Apple+Mac+mini+M4%28CPU%3A10C%2FGPU%3A10C%29+16GB%2F512GB+%E3%82%B7%E3%83%AB%E3%83%90%E3%83%BC+MU9E3J%2FA+%28M4%E3%83%BB2024%29%E3%80%90%E7%AB%8B%E5%B7%9D%E3%83%95%E3%83%AD%E3%83%A0%E4%B8%AD%E6%AD%A6%E3%80%91%E4%BF%9D%E8%A8%BC%E6%9C%9F%E9%96%93%EF%BC%93%E3%83%B6%E6%9C%88 HTTP/1.1" 200 55392 "-" "Mozilla/5.0 (Linux; Android 6.0.1; Nexus 5X Build/MMB29P) AppleWebKit/537.36 (KHTML, like Gecko) Chrome/135.0.7049.95 Mobile Safari/537.36 (compatible; Googlebot/2.1; +http://www.google.com/bot.html)"
40.77.167.37 - - [26/Apr/2025:10:09:54 -0400] "GET /?i=84989158783805&channel=c2363e&from=news.php%3Fid%3D1587838-25076%26name%3DHappyyami+3%E3%82%BB%E3%83%83%E3%83%88+%E3%82%B5%E3%82%A6%E3%83%8A%E3%83%8F%E3%83%83%E3%83%88+%E5%A4%A7%E3%81%8D%E3%81%AA%E3%82%B7%E3%83%A3%E3%83%AF%E3%83%BC%E3%82%AD%E3%83%A3%E3%83%83%E3%83%97+%E3%83%90%E3%82%B1%E3%83%84+%E3%82%B7%E3%83%A3%E3%83%AF%E3%83%BC%E3%82%AD%E3%83%A3%E3%83%83%E3%83%97%E8%A3%8F%E5%9C%B0+%E3%82%B5%E3%82%A6%E3%83%8A%E3%83%96%E3%83%A9%E3%83%B3%E3%82%B1%E3%83%83%E3%83%88+Shower HTTP/1.1" 200 0 "-" "Mozilla/5.0 AppleWebKit/537.36 (KHTML, like Gecko; compatible; bingbot/2.0; +http://www.bing.com/bingbot.htm) Chrome/116.0.1938.76 Safari/537.36"
66.249.73.101 - - [26/Apr/2025:10:09:58 -0400] "GET /?i=1792449470703&channel=c2da0d&from=jp.php%3Fid%3D494707-6238%26name%3D%E3%83%97%E3%83%AD%E3%82%AE%E3%82%A2+RS+RS+JUST+%E3%83%A6%E3%83%BC%E3%83%86%E3%82%A3%E3%83%AA%E3%83%86%E3%82%A3+Diamana+FOR+PRGR+%E3%80%90U4%E3%80%91+%E3%82%B7%E3%83%A3%E3%83%95%E3%83%88%EF%BC%9ADiamana+FOR+PRGR HTTP/1.1" 200 52530 "-" "Mozilla/5.0 (Linux; Android 6.0.1; Nexus 5X Build/MMB29P) AppleWebKit/537.36 (KHTML, like Gecko) Chrome/135.0.7049.95 Mobile Safari/537.36 (compatible; Googlebot/2.1; +http://www.google.com/bot.html)"
40.77.167.8 - - [26/Apr/2025:10:09:59 -0400] "GET /?i=48278175574500&channel=4b563c&from=goods.php%3Fid%3D1755745-15296%26name%3D%E3%83%9E%E3%83%84%E3%83%80%E3%83%AD%E3%83%BC%E3%83%89%E3%82%B9%E3%82%BF%E3%83%BC%E3%80%80%E3%83%AD%E3%83%BC%E3%83%89%E3%82%B9%E3%82%BF%E3%83%BCRF%E3%82%AB%E3%82%BF%E3%83%AD%E3%82%B0 HTTP/1.1" 200 0 "-" "Mozilla/5.0 AppleWebKit/537.36 (KHTML, like Gecko; compatible; bingbot/2.0; +http://www.bing.com/bingbot.htm) Chrome/116.0.1938.76 Safari/537.36"
66.249.73.102 - - [26/Apr/2025:10:10:10 -0400] "GET /?i=08604169803304&channel=922bb5&from=product.php%3Fid%3D1698033-28207%26name%3D%E8%BB%8A%E7%94%A8%E3%83%8D%E3%83%83%E3%82%AF%E3%83%91%E3%83%83%E3%83%89%E3%82%AB%E3%83%90%E3%83%BC+%E3%83%9E%E3%83%BC%E3%82%AF%E3%82%B4%E3%83%B3%E3%82%B6%E3%83%AC%E3%82%B9+2%E6%9E%9A%E3%82%BB%E3%83%83%E3%83%88+%E3%82%AB%E3%83%BC%E3%82%B7%E3%83%BC%E3%83%88%E3%83%98%E3%83%83%E3%83%89%E3%83%AC%E3%82%B9%E3%83%88%E3%82%AB%E3%83%90%E3%83%BC+%E3%83%8D%E3%83%83%E3%82%AF%E3%83%94%E3%83%AD%E3%83%BC%E3%82%AB%E3%83%90%E3%83%BC+%E3%82%B7%E3%83%BC%E3%83%88%E3%83%98%E3%83%83%E3%83%89%E6%9E%95%E3%82%AB%E3%83%90%E3%83%BC+%E3%82%AB%E3%83%BC%E3%82%B7 HTTP/1.1" 200 53470 "-" "Mozilla/5.0 (Linux; Android 6.0.1; Nexus 5X Build/MMB29P) AppleWebKit/537.36 (KHTML, like Gecko) Chrome/135.0.7049.95 Mobile Safari/537.36 (compatible; Googlebot/2.1; +http://www.google.com/bot.html)"
40.77.167.25 - - [26/Apr/2025:10:10:18 -0400] "GET /?i=2372579606100&channel=25e7be&from=shop.php%3Fid%3D796061-1734%26name%3D%E3%82%B0%E3%83%AC%E3%83%BC%E3%82%B9%E3%82%B3%E3%83%B3%E3%83%81%E3%83%8D%E3%83%B3%E3%82%BF%E3%83%AB%E2%98%86%E3%82%B9%E3%82%BF%E3%83%BC%E3%82%AB%E3%83%83%E3%83%88%E3%83%AF%E3%83%BC%E3%82%AF%E3%83%AF%E3%83%B3%E3%83%94%E3%83%BC%E3%82%B9%E2%98%86%E3%82%B5%E3%82%A4%E3%82%BA36 HTTP/1.1" 200 0 "-" "Mozilla/5.0 AppleWebKit/537.36 (KHTML, like Gecko; compatible; bingbot/2.0; +http://www.bing.com/bingbot.htm) Chrome/116.0.1938.76 Safari/537.36"
66.249.73.101 - - [26/Apr/2025:10:10:21 -0400] "GET /?i=4989597928805&channel=787a41&from=product.php%3Fid%3D979288-2561%26name%3D%E3%80%90M+%E3%83%96%E3%83%A9%E3%83%83%E3%82%AF%E7%B3%BB%E3%80%91+Arcteryx+%28+%E3%82%A2%E3%83%BC%E3%82%AF%E3%83%86%E3%83%AA%E3%82%AF%E3%82%B9+%29+%E3%83%8E%E3%83%BC%E3%83%90%E3%83%B3+%E3%81%AA%E3%81%90+14+%E3%83%99%E3%82%B9%E3%83%88+Norvan+14+Vest+%E3%83%8A%E3%82%A4%E3%83%AD%E3%83%B3+x000007517+International+Black+%E3%83%87%E3%82%A4%E3%83%91%E3%83%83%E3%82%AF+%E5%AE%B9%E9%87%8F%E3%80%90%E3%80%9C29L%E3%80%91+%E3%83%90%E3%83%83%E3%82%AF%E3%83%91%E3%83%83%E3%82%AF+%E3%83%90%E3%83%83%E3%82%B0+%E3%82%B9%E3%83%88%E3%83%AC%E3%83%BC%E3%82%B8 HTTP/1.1" 200 55461 "-" "Mozilla/5.0 (Linux; Android 6.0.1; Nexus 5X Build/MMB29P) AppleWebKit/537.36 (KHTML, like Gecko) Chrome/135.0.7049.95 Mobile Safari/537.36 (compatible; Googlebot/2.1; +http://www.google.com/bot.html)"
66.249.73.101 - - [26/Apr/2025:10:10:31 -0400] "GET /?i=2779995763301&channel=338d8d&from=article.php%3Fid%3D957633-776%26name%3D%E3%82%B4%E3%83%AB%E3%83%95%E3%82%A6%E3%82%A7%E3%82%A2+RUSSELUNO+%E3%83%A9%E3%83%83%E3%82%BB%E3%83%AB%E3%83%8E+%E3%82%B8%E3%83%83%E3%83%97%E3%83%91%E3%83%BC%E3%82%AB%E3%83%BC+%E3%83%81%E3%82%A7%E3%83%83%E3%82%AF+%E3%83%A1%E3%83%B3%E3%82%BA+%E3%82%B5%E3%82%A4%E3%82%BA4+RS%E3%83%BC1940101+%E8%A3%8F%E8%B5%B7%E6%AF%9B+%E4%B8%8A%E4%B8%8B%E3%82%B8%E3%83%83%E3%83%91%E3%83%BC+%E3%82%B9%E3%83%9D%E3%83%BC%E3%83%84 HTTP/1.1" 200 54655 "-" "Mozilla/5.0 (Linux; Android 6.0.1; Nexus 5X Build/MMB29P) AppleWebKit/537.36 (KHTML, like Gecko) Chrome/135.0.7049.95 Mobile Safari/537.36 (compatible; Googlebot/2.1; +http://www.google.com/bot.html)"
66.249.73.101 - - [26/Apr/2025:10:10:47 -0400] "GET /?i=13524177504602&channel=6a1876&from=article.php%3Fid%3D1775046-6541%26name%3D%E3%82%AB%E3%83%BC%E3%83%9A%E3%83%83%E3%83%88+%E5%92%8C%E9%A2%A8+%E6%B5%AE%E4%B8%96%E7%B5%B5+%E3%82%AF%E3%82%B8%E3%83%A9+%E3%82%BF%E3%82%B3+%E8%9B%87+%E6%B3%A2+%E9%B3%A5%E5%B1%85+%E3%83%A9%E3%82%B0+%E3%83%A9%E3%82%B0%E3%83%9E%E3%83%83%E3%83%88+%E6%BB%91%E3%82%8A%E6%AD%A2%E3%82%81%E4%BB%98+%E7%B5%A8%E6%AF%AF+%E5%8E%9A%E6%89%8B+%E9%98%B2%E9%9F%B3+%E3%83%99%E3%83%83%E3%83%89%E3%83%9E%E3%83%83%E3%83%88+%E3%82%82%E3%81%93%E3%82%82%E3%81%93+%E9%98%B2%E5%AF%92 HTTP/1.1" 200 54523 "-" "Mozilla/5.0 (Linux; Android 6.0.1; Nexus 5X Build/MMB29P) AppleWebKit/537.36 (KHTML, like Gecko) Chrome/135.0.7049.95 Mobile Safari/537.36 (compatible; Googlebot/2.1; +http://www.google.com/bot.html)"
66.249.73.101 - - [26/Apr/2025:10:11:03 -0400] "GET /?i=7856666746704&channel=58ab90&from=brands.php%3Fid%3D667467-5537%26name%3Dbeautiful+people+%E3%83%88%E3%83%AC%E3%83%B3%E3%83%81%E3%82%B3%E3%83%BC%E3%83%88+120%28XXS%E4%BD%8D%29+%E3%83%99%E3%83%BC%E3%82%B8%E3%83%A5+%E3%80%90%E5%8F%A4%E7%9D%80%E3%80%91%E3%80%90%E4%B8%AD%E5%8F%A4%E3%80%91 HTTP/1.1" 200 53125 "-" "Mozilla/5.0 (Linux; Android 6.0.1; Nexus 5X Build/MMB29P) AppleWebKit/537.36 (KHTML, like Gecko) Chrome/135.0.7049.95 Mobile Safari/537.36 (compatible; Googlebot/2.1; +http://www.google.com/bot.html)"
40.77.167.25 - - [26/Apr/2025:10:11:09 -0400] "GET /?i=3210075724506&channel=1f7088&from=blog.php%3Fid%3D757245-6764%26name%3D%E3%80%90%E3%82%BB%E3%83%83%E3%83%88%E8%B2%A9%E5%A3%B2%E3%80%91%E3%80%80%E3%83%90%E3%82%A4%E3%82%AF%E3%83%A0%E3%83%BC%E3%83%90%E3%83%BC%E3%80%80%26+%E3%82%B9%E3%82%BF%E3%83%B3%E3%83%89%E3%83%AD%E3%83%BC%E3%83%A9%E3%83%BC HTTP/1.1" 200 0 "-" "Mozilla/5.0 AppleWebKit/537.36 (KHTML, like Gecko; compatible; bingbot/2.0; +http://www.bing.com/bingbot.htm) Chrome/116.0.1938.76 Safari/537.36"
66.249.73.101 - - [26/Apr/2025:10:11:09 -0400] "GET /?i=41029128089707&channel=5d7798&from=blog.php%3Fid%3D1280897-8778%26name%3DRODENSTOCK+%E3%83%B4%E3%82%A3%E3%83%B3%E3%83%86%E3%83%BC%E3%82%B8+%E7%9C%BC%E9%8F%A1+%E3%83%95%E3%83%AC%E3%83%BC%E3%83%A0+%E3%82%AF%E3%83%A9%E3%82%A6%E3%83%B3%E3%83%91%E3%83%B3%E3%83%88%E9%A2%A8%E3%81%AE%E3%83%87%E3%82%B6%E3%82%A4%E3%83%B3 HTTP/1.1" 200 0 "-" "Mozilla/5.0 (Linux; Android 6.0.1; Nexus 5X Build/MMB29P) AppleWebKit/537.36 (KHTML, like Gecko) Chrome/135.0.7049.95 Mobile Safari/537.36 (compatible; GoogleOther)"
40.77.167.25 - - [26/Apr/2025:10:11:10 -0400] "GET /?i=8771923568700&channel=5ffcb1&from=news.php%3Fid%3D235687-12072%26name%3D%E3%80%90%E6%96%B0%E5%93%81%E3%83%BB7%E5%96%B6%E6%A5%AD%E6%97%A5%E4%BB%A5%E5%86%85%E7%99%BA%E9%80%81%E3%80%91%E3%82%A8%E3%83%BC%E3%83%BB%E3%82%A2%E3%83%B3%E3%83%89%E3%83%BB%E3%83%87%E3%82%A4+%EF%BC%A1%EF%BC%86%EF%BC%A4+GX-124AE+%E7%84%A1%E9%A2%A8%E3%82%A4%E3%82%AA%E3%83%8A%E3%82%A4%E3%82%B6%E3%83%BC%E4%BB%98%E3%81%8D%E6%A0%A1%E6%AD%A3%E7%94%A8%E5%88%86%E9%8A%85%E5%86%85%E8%94%B5%E5%9E%8B%E5%88%86%E6%9E%90%E7%94%A8%E5%A4%A9%E3%81%B3%E3%82%93+%EF%BC%A7%EF%BC%B8%EF%BC%8D%EF%BC%91%EF%BC%92%EF%BC%94%EF%BC%A1%EF%BC%A5+GX124AE%E3%80%90%E6%B2%96%E7%B8%84%E9%9B%A2%E5%B3%B6%E8%B2%A9%E5%A3%B2%E4%B8%8D%E5%8F%AF%E3%80%91 HTTP/1.1" 200 0 "-" "Mozilla/5.0 AppleWebKit/537.36 (KHTML, like Gecko; compatible; bingbot/2.0; +http://www.bing.com/bingbot.htm) Chrome/116.0.1938.76 Safari/537.36"
40.77.167.8 - - [26/Apr/2025:10:12:00 -0400] "GET /?i=71785109561202&channel=3cc71e&from=form.php%3Fid%3D1095612-9098%26name%3DQZHXZX+FLBT+%E5%86%AC%E7%94%A8%E7%BE%BD%E6%AF%9B%E5%B8%83%E5%9B%A3+%E3%83%80%E3%83%96%E3%83%AB%E3%83%9B%E3%83%AF%E3%82%A4%E3%83%88%E3%82%B0%E3%83%BC%E3%82%B9%E3%83%95%E3%82%A7%E3%82%B6%E3%83%BC%E3%83%80%E3%82%A6%E3%83%B3%E7%BE%BD%E6%AF%9B%E7%BE%BD%E6%AF%9B%E7%BE%BD%E6%AF%9B%E3%83%95%E3%82%A7%E3%82%B6%E3%83%BC+%E8%B1%AA%E8%8F%AF%E3%81%AA%E3%83%9B%E3%83%86%E3%83%AB%E5%93%81%E8%B3%AA+%E4%BD%8E%E5%88%BA%E6%BF%80%E6%80%A7+%E6%8E%9B%E3%81%91%E5%B8%83%E5%9B%A3%E3%82%AD HTTP/1.1" 200 0 "-" "Mozilla/5.0 AppleWebKit/537.36 (KHTML, like Gecko; compatible; bingbot/2.0; +http://www.bing.com/bingbot.htm) Chrome/116.0.1938.76 Safari/537.36"
40.77.167.37 - - [26/Apr/2025:10:12:04 -0400] "GET /?i=78530135666509&channel=3a7b41&from=pin.php%3Fid%3D1356665-21063%26name%3D%E3%82%BFM0008%E2%97%86H85%2C5cm%C3%97W64%2C5cm%E2%97%86%E3%82%B1%E3%83%B3%E3%83%89%E3%83%B3%E6%89%89%E3%81%AE%E3%83%AC%E3%83%88%E3%83%AD%E3%81%AA%E5%8F%A4%E3%81%84%E6%9C%A8%E8%A3%BD%E5%8F%8E%E7%B4%8D%E6%A3%9A%E2%97%86%E9%A3%BE%E3%82%8A%E6%A3%9A+%E9%99%B3%E5%88%97%E6%A3%9A+%E6%88%B8%E6%A3%9A+%E6%9C%AC%E6%A3%9A+%E5%8F%A4%E5%AE%B6%E5%85%B7+%E3%83%AC%E3%83%88%E3%83%AD+%E3%82%A2%E3%83%B3%E3%83%86%E3%82%A3%E3%83%BC%E3%82%AFL%E6%9D%BE HTTP/1.1" 200 0 "-" "Mozilla/5.0 AppleWebKit/537.36 (KHTML, like Gecko; compatible; bingbot/2.0; +http://www.bing.com/bingbot.htm) Chrome/116.0.1938.76 Safari/537.36"
66.249.73.101 - - [26/Apr/2025:10:12:10 -0400] "GET /?i=0524919490900&channel=89a1db&from=form.php%3Fid%3D194909-5093%26name%3D%E7%B5%B5%E7%94%BB+%E3%83%9B%E3%83%A9%E3%82%B0%E3%83%81+%E3%82%AB%E3%83%A8+Cherry+blossom+viewing+%E3%82%A4%E3%83%B3%E3%83%86%E3%83%AA%E3%82%A2+%E5%A3%81+%E3%81%AB%E9%A3%BE%E3%82%8B%E7%B5%B5+%E3%82%AE%E3%83%95%E3%83%88+%E3%83%AA%E3%83%93%E3%83%B3%E3%82%B0+%E7%8E%84%E9%96%A2+%E5%AD%90%E3%81%A9%E3%82%82%E9%83%A8%E5%B1%8B+%E3%81%8B%E3%82%8F%E3%81%84%E3%81%84+%E5%85%83%E6%B0%97%E3%81%AB%E3%81%AA%E3%82%8B%E7%B5%B5+%E3%83%97%E3%83%AC%E3%82%BC%E3%83%B3%E3%83%88+%E3%82%A2%E3%83%BC%E3%83%88+%E3%83%95%E3%83%AC%E3%83%BC%E3%83%A0%E4%BB%98+%E5%A3%81%E9%A3%BE%E3%82%8A+%E9%A1%8D%E7%B8%81%E4%BB%98%E3%81%8D+%E5%BE%A1%E7%A5%9D+%E8%B4%88%E3%82%8A%E7%89%A9+LL%E3%82%B5%E3%82%A4%E3%82%BA+%E3%81%8A%E3%81%97%E3%82%83%E3%82%8C+%E5%A3%81%E6%8E%9B%E3%81%91+%E7%B5%B5 HTTP/1.1" 200 0 "-" "Mozilla/5.0 (Linux; Android 6.0.1; Nexus 5X Build/MMB29P) AppleWebKit/537.36 (KHTML, like Gecko) Chrome/135.0.7049.95 Mobile Safari/537.36 (compatible; GoogleOther)"
66.249.73.102 - - [26/Apr/2025:10:12:46 -0400] "GET /?i=8067469921202&channel=8c58aa&from=shared.php%3Fid%3D699212-3372%26name%3D%E4%BC%91%E6%97%A5%E3%81%A8%E8%A9%A9%E3%80%80%E3%82%B9%E3%83%86%E3%83%A9%E3%82%B3%E3%83%BC%E3%83%88%E3%80%80%E3%82%B3%E3%83%BC%E3%83%87%E3%83%A5%E3%83%AD%E3%82%A4 HTTP/1.1" 200 0 "-" "Mozilla/5.0 (Linux; Android 6.0.1; Nexus 5X Build/MMB29P) AppleWebKit/537.36 (KHTML, like Gecko) Chrome/135.0.7049.95 Mobile Safari/537.36 (compatible; GoogleOther)"
40.77.167.37 - - [26/Apr/2025:10:13:04 -0400] "GET /?i=1992363174401&channel=25e7be&from=news.php%3Fid%3D631744-1734%26name%3D%E6%96%B0%E5%93%81%E2%98%85%E5%AE%8C%E5%A3%B2%E5%93%81%E2%98%85%E3%82%A8%E3%83%9F%E3%83%AA%E3%82%A2%E3%82%A6%E3%82%A3%E3%82%BA+%E3%82%B7%E3%83%A7%E3%83%AB%E3%83%80%E3%83%BC%E3%83%AA%E3%83%9C%E3%83%B3%E3%83%AF%E3%83%B3%E3%83%94%E3%83%BC%E3%82%B9+S%E3%82%B5%E3%82%A4%E3%82%BA%E2%98%85 HTTP/1.1" 200 0 "-" "Mozilla/5.0 AppleWebKit/537.36 (KHTML, like Gecko; compatible; bingbot/2.0; +http://www.bing.com/bingbot.htm) Chrome/116.0.1938.76 Safari/537.36"
66.249.73.102 - - [26/Apr/2025:10:13:23 -0400] "GET /?i=76657157825707&channel=851fc9&from=brands.php%3Fid%3D1578257-15987%26name%3D%E6%97%A5%E6%9C%AC%E8%AA%9E%E9%85%8D%E7%B7%9A%E5%9B%B3%E4%BB%98+%E3%83%8F%E3%83%B3%E3%83%89%E3%83%AB%E3%82%B9%E3%82%A4%E3%83%83%E3%83%81+%E5%B7%A6%E5%8F%B3+%E2%97%86+%E6%96%B0%E5%93%81+%E6%B1%8E%E7%94%A8+OW01%E3%82%B5%E3%82%A4%E3%82%BA+CB250T+CBX400F+CBR250RR+CB400SF+JADE+VTR250+CB750+GB250+FTR223 HTTP/1.1" 200 0 "-" "Mozilla/5.0 (Linux; Android 6.0.1; Nexus 5X Build/MMB29P) AppleWebKit/537.36 (KHTML, like Gecko) Chrome/135.0.7049.95 Mobile Safari/537.36 (compatible; GoogleOther)"
66.249.73.101 - - [26/Apr/2025:10:13:33 -0400] "GET /?i=9158712764102&channel=eb07c7&from=shared.php%3Fid%3D127641-8945%26name%3D20%E3%83%A1%E3%82%BF%E3%83%8B%E3%82%A6%E3%83%A0HG+%E5%99%9B%E3%81%BF%E5%90%88%E3%82%8F%E3%81%9B+%E5%B7%A6%E5%B7%BB%E3%81%8D HTTP/1.1" 200 50725 "-" "Mozilla/5.0 (Linux; Android 6.0.1; Nexus 5X Build/MMB29P) AppleWebKit/537.36 (KHTML, like Gecko) Chrome/135.0.7049.95 Mobile Safari/537.36 (compatible; Googlebot/2.1; +http://www.google.com/bot.html)"
40.77.167.8 - - [26/Apr/2025:10:13:39 -0400] "GET /?i=7713071469200&channel=dc08ad&from=goods.php%3Fid%3D714692-7052%26name%3DPRADA+%E3%82%B7%E3%83%A7%E3%83%BC%E3%83%88%E3%83%80%E3%82%A6%E3%83%B3%E3%82%B8%E3%83%A3%E3%82%B1%E3%83%83%E3%83%88 HTTP/1.1" 200 0 "-" "Mozilla/5.0 AppleWebKit/537.36 (KHTML, like Gecko; compatible; bingbot/2.0; +http://www.bing.com/bingbot.htm) Chrome/116.0.1938.76 Safari/537.36"
66.249.74.12 - - [26/Apr/2025:10:13:48 -0400] "GET /?i=549887408703&channel=64c5ae&from=product.php%3Fid%3D74087-484%26name%3D%5B3%2F15%5D%E5%89%B2%E5%BC%95%E3%82%AF%E3%83%BC%E3%83%9D%E3%83%B3%E9%85%8D%E5%B8%83%3Cbr%3E%E6%96%B0%E5%93%81+%E3%82%B5%E3%83%9E%E3%83%BC%E3%82%BF%E3%82%A4%E3%83%A4+%E3%83%9B%E3%82%A4%E3%83%BC%E3%83%AB4%E6%9C%AC%E3%82%BB%E3%83%83%E3%83%88%3Cbr%3E%3Cbr%3EBADX+%E3%83%AD%E3%82%AF%E3%82%B5%E3%83%BC%E3%83%8B+%E3%83%9E%E3%83%AB%E3%83%81%E3%83%95%E3%82%A9%E3%83%AB%E3%82%B1%E3%83%83%E3%82%BF+TR5%3Cbr%3E19%E3%82%A4%E3%83%B3%E3%83%81+7.5J%3Cbr%3E%3Cbr%3E%E3%83%88%E3%83%BC%E3%83%A8%E3%83%BC%E3%82%BF%E3%82%A4%E3%83%A4+%E3%83%97%E3%83%AD%E3%82%AF%E3%82%BB%E3%82%B9+PROXES+FD1+%3Cbr%3E225%2F40R19 HTTP/1.1" 200 55908 "-" "Mozilla/5.0 (Linux; Android 6.0.1; Nexus 5X Build/MMB29P) AppleWebKit/537.36 (KHTML, like Gecko) Chrome/135.0.7049.95 Mobile Safari/537.36 (compatible; Googlebot/2.1; +http://www.google.com/bot.html)"
66.249.74.12 - - [26/Apr/2025:10:14:03 -0400] "GET /?i=8937753439000&channel=6a3ae8&from=brands.php%3Fid%3D534390-14942%26name%3D%E3%83%A9%E3%83%A1+%E3%83%95%E3%83%AA%E3%83%B3%E3%82%B8+%E3%82%B7%E3%83%A3%E3%82%AE%E3%83%BC+%E3%83%8B%E3%83%83%E3%83%88+%E3%82%BB%E3%83%BC%E3%82%BF%E3%83%BC+%E3%82%B9%E3%82%A6%E3%82%A7%E3%83%83%E3%83%88+%E3%83%88%E3%83%83%E3%83%97%E3%82%B9+%E3%82%AD%E3%83%A9%E3%82%AD%E3%83%A9+%E5%88%87%E6%9B%BF HTTP/1.1" 200 53174 "-" "Mozilla/5.0 (Linux; Android 6.0.1; Nexus 5X Build/MMB29P) AppleWebKit/537.36 (KHTML, like Gecko) Chrome/135.0.7049.95 Mobile Safari/537.36 (compatible; Googlebot/2.1; +http://www.google.com/bot.html)"
40.77.167.8 - - [26/Apr/2025:10:14:39 -0400] "GET /?i=7048499426504&channel=a86d39&from=product.php%3Fid%3D994265-11260%26name%3D%E3%80%9005%E3%80%91%E3%80%901W%E3%80%91%E3%80%90%E5%8D%B3%E6%B1%BA%E4%BE%A1%E6%A0%BC%E3%80%91%E3%80%90%E5%80%A4%E4%B8%8B%E3%81%92%E3%80%91%E3%83%A4%E3%83%9E%E3%83%8F+RMX+220%282019%29%2F10.5%E5%BA%A6%2FTMX-420D%2F%E3%83%95%E3%83%AC%E3%83%83%E3%82%AF%E3%82%B9+R%2F%E3%83%A1%E3%83%B3%E3%82%BA+%E5%8F%B3 HTTP/1.1" 200 0 "-" "Mozilla/5.0 AppleWebKit/537.36 (KHTML, like Gecko; compatible; bingbot/2.0; +http://www.bing.com/bingbot.htm) Chrome/116.0.1938.76 Safari/537.36"
40.77.167.37 - - [26/Apr/2025:10:14:44 -0400] "GET /?i=2812671505403&channel=f0f756&from=info.php%3Fid%3D715054-11690%26name%3D%E3%80%90%E6%96%B0%E5%93%81%E6%9C%AA%E4%BD%BF%E7%94%A8%2F%E6%AD%A3%E8%A6%8F%E5%93%81%E3%80%91PEARLYGATES%2F%E3%83%91%E3%83%BC%E3%83%AA%E3%83%BC%E3%82%B2%E3%82%A4%E3%83%84+%E3%83%8F%E3%83%BC%E3%83%95%E3%83%91%E3%83%B3%E3%83%84+%E3%82%B5%E3%82%A4%E3%82%BA6%28LL%29 HTTP/1.1" 200 0 "-" "Mozilla/5.0 AppleWebKit/537.36 (KHTML, like Gecko; compatible; bingbot/2.0; +http://www.bing.com/bingbot.htm) Chrome/116.0.1938.76 Safari/537.36"
66.249.74.11 - - [26/Apr/2025:10:15:09 -0400] "GET /25776130278.shtml HTTP/1.1" 200 0 "-" "Mozilla/5.0 (Linux; Android 6.0.1; Nexus 5X Build/MMB29P) AppleWebKit/537.36 (KHTML, like Gecko) Chrome/135.0.7049.95 Mobile Safari/537.36 (compatible; GoogleOther)"
66.249.74.12 - - [26/Apr/2025:10:15:19 -0400] "GET /?i=1905556990001&channel=e62ccc&from=pin.php%3Fid%3D569900-5475%26name%3Drarebookkyoto%E3%80%80F9B-32%E3%80%80%E6%84%9B%E6%96%B0%E8%A6%9A%E7%BE%85%E9%87%91%E6%B5%A9%E3%83%BB%E9%80%A3%E9%9B%A8%E3%80%80%E3%80%80%E3%80%80%E8%82%89%E7%AD%86%E3%83%BB%E8%A1%8C%E6%9B%B8%E9%95%B7%E5%A3%BD%E3%80%80%E3%80%80%E7%B4%99%E6%9C%AC%E6%B0%B4%E5%A2%A8%E3%80%80%E3%80%801980%E5%B9%B4%E9%A0%83%E4%BD%9C%E3%80%80%E4%BA%AC%E9%83%BD%E5%8F%A4%E7%89%A9 HTTP/1.1" 200 56017 "-" "Mozilla/5.0 (Linux; Android 6.0.1; Nexus 5X Build/MMB29P) AppleWebKit/537.36 (KHTML, like Gecko) Chrome/135.0.7049.95 Mobile Safari/537.36 (compatible; Googlebot/2.1; +http://www.google.com/bot.html)"
66.249.74.11 - - [26/Apr/2025:10:15:51 -0400] "GET /41205232115.shtml HTTP/1.1" 200 0 "-" "Mozilla/5.0 (Linux; Android 6.0.1; Nexus 5X Build/MMB29P) AppleWebKit/537.36 (KHTML, like Gecko) Chrome/135.0.7049.95 Mobile Safari/537.36 (compatible; GoogleOther)"
40.77.167.37 - - [26/Apr/2025:10:16:04 -0400] "GET /?i=1912180582802&channel=18fc4d&from=brands.php%3Fid%3D805828-9524%26name%3D%E3%83%9F%E3%83%83%E3%83%89%E3%82%BB%E3%83%B3%E3%83%81%E3%83%A5%E3%83%AA%E3%83%BC+%E3%82%BB%E3%83%9F%E3%83%95%E3%83%A9%E3%83%83%E3%82%B7%E3%83%A5%E3%83%9E%E3%82%A6%E3%83%B3%E3%83%88+%E3%82%B7%E3%83%BC%E3%83%AA%E3%83%B3%E3%82%B0%E3%83%A9%E3%83%B3%E3%83%97+8%E3%83%A9%E3%82%A4%E3%83%88+%E3%83%A2%E3%83%80%E3%83%B3+%E3%82%B0%E3%83%AD%E3%83%BC%E3%83%96+%E3%82%B7%E3%83%BC%E3%83%AA%E3%83%B3%E3%82%B0%E3%83%A9%E3%82%A4%E3%83%88+%E3%82%AF%E3%83%AA%E3%82%A2%E3%82%AC%E3%83%A9%E3%82%B9%E3%83%9C%E3%83%BC%E3%83%AB%E3%82%B7%E3%82%A7%E3%83%BC HTTP/1.1" 200 0 "-" "Mozilla/5.0 AppleWebKit/537.36 (KHTML, like Gecko; compatible; bingbot/2.0; +http://www.bing.com/bingbot.htm) Chrome/116.0.1938.76 Safari/537.36"
43.153.122.30 - - [26/Apr/2025:10:16:16 -0400] "GET / HTTP/1.1" 200 0 "http://mianoorproperties.com" "Mozilla/5.0 (iPhone; CPU iPhone OS 13_2_3 like Mac OS X) AppleWebKit/605.1.15 (KHTML, like Gecko) Version/13.0.3 Mobile/15E148 Safari/604.1"
66.249.74.11 - - [26/Apr/2025:10:16:21 -0400] "GET /?i=0025287347705&channel=e49b62&from=brands.php%3Fid%3D873477-10346%26name%3D%E3%83%9C%E3%83%B3%E3%83%95%E3%82%A9%E3%83%BC%E3%83%A0%28BONFORM%29+%E3%82%B7%E3%83%BC%E3%83%88%E3%82%AB%E3%83%90%E3%83%BC+%E3%82%BD%E3%83%95%E3%83%88%E3%83%AC%E3%82%B6%E3%83%BCR+M4-33+N-BOX+%E5%B0%82%E7%94%A82%E5%88%97%E8%BB%8A+M4-33+N-BOX+%E3%83%AC%E3%83%83%E3%83%89+4497-50R HTTP/1.1" 200 53166 "-" "Mozilla/5.0 (Linux; Android 6.0.1; Nexus 5X Build/MMB29P) AppleWebKit/537.36 (KHTML, like Gecko) Chrome/135.0.7049.95 Mobile Safari/537.36 (compatible; Googlebot/2.1; +http://www.google.com/bot.html)"
66.249.74.11 - - [26/Apr/2025:10:16:58 -0400] "GET /08804214609.shtml HTTP/1.1" 200 0 "-" "Mozilla/5.0 (Linux; Android 6.0.1; Nexus 5X Build/MMB29P) AppleWebKit/537.36 (KHTML, like Gecko) Chrome/135.0.7049.95 Mobile Safari/537.36 (compatible; GoogleOther)"
40.77.167.8 - - [26/Apr/2025:10:17:40 -0400] "GET /?i=12008159435704&channel=f0f4da&from=article.php%3Fid%3D1594357-14115%26name%3D%E3%83%9E%E3%82%A6%E3%82%B9%E3%83%91%E3%83%83%E3%83%89+%E3%81%A1%E3%81%84%E3%81%8B%E3%82%8F+%E3%83%8F%E3%83%81%E3%83%AF%E3%83%AC+%E8%B6%85%E5%A4%A7%E5%88%A4+%E3%82%AD%E3%83%BC%E3%83%9C%E3%83%BC%E3%83%89%E3%83%91%E3%83%83%E3%83%89+%E3%82%B2%E3%83%BC%E3%83%9F%E3%83%B3%E3%82%B0%E3%83%9E%E3%82%A6%E3%82%B9%E3%83%91%E3%83%83%E3%83%89+%E3%82%B3%E3%83%B3%E3%83%94%E3%83%A5%E3%83%BC%E3%82%BF%E3%83%BC%E3%83%9E%E3%82%A6%E3%82%B9%E3%83%91%E3%83%83%E3%83%88+%E5%85%89%E5%AD%A6%E3%83%9E%E3%82%A6%E3%82%B9%E5%AF%BE%E5%BF%9C+%E9%98%B2%E6%B0%B4 HTTP/1.1" 200 0 "-" "Mozilla/5.0 AppleWebKit/537.36 (KHTML, like Gecko; compatible; bingbot/2.0; +http://www.bing.com/bingbot.htm) Chrome/116.0.1938.76 Safari/537.36"
52.167.144.149 - - [26/Apr/2025:10:18:05 -0400] "GET /?i=2212167899301&channel=68fcb4&from=goods.php%3Fid%3D678993-18300%26name%3D%E5%A4%9A%E6%A9%9F%E8%83%BD+8+%E3%83%81%E3%83%A3%E3%83%B3%E3%83%8D%E3%83%AB%E9%9B%BB%E5%8B%95%E3%83%94%E3%83%9A%E3%83%83%E3%83%88%E3%80%81%E9%9B%BB%E5%8B%95%E3%83%94%E3%83%9A%E3%83%83%E3%83%86%E3%82%A3%E3%83%B3%E3%82%B0%E3%83%94%E3%83%9A%E3%83%83%E3%82%BF%E3%83%BC%E3%83%94%E3%83%9A%E3%83%83%E3%83%88%E3%80%81%E3%83%87%E3%82%B8%E3%82%BF%E3%83%AB%E5%88%B6%E5%BE%A1%E4%BB%98%E3%81%8D+0.5-300ul%280.5-10ul%29 HTTP/1.1" 200 0 "-" "Mozilla/5.0 AppleWebKit/537.36 (KHTML, like Gecko; compatible; bingbot/2.0; +http://www.bing.com/bingbot.htm) Chrome/116.0.1938.76 Safari/537.36"
66.249.74.12 - - [26/Apr/2025:10:18:07 -0400] "GET /?i=3019247442803&channel=f83f32&from=shared.php%3Fid%3D474428-14227%26name%3D%E3%83%80%E3%82%A4%E3%83%AF++%E3%82%B4%E3%82%A2%E3%83%86%E3%83%83%E3%82%AF%E3%82%B9 HTTP/1.1" 200 51824 "-" "Mozilla/5.0 (Linux; Android 6.0.1; Nexus 5X Build/MMB29P) AppleWebKit/537.36 (KHTML, like Gecko) Chrome/135.0.7049.95 Mobile Safari/537.36 (compatible; Googlebot/2.1; +http://www.google.com/bot.html)"
66.249.74.11 - - [26/Apr/2025:10:18:12 -0400] "GET /?i=2481156016803&channel=ef7fdd&from=blog.php%3Fid%3D560168-16345%26name%3D%E3%81%95%E3%82%84%E3%81%8B%E6%A7%98%E3%80%80%E5%B0%82%E7%94%A8%E2%80%BC%EF%B8%8E+borders%40balcony HTTP/1.1" 200 53282 "-" "Mozilla/5.0 (Linux; Android 6.0.1; Nexus 5X Build/MMB29P) AppleWebKit/537.36 (KHTML, like Gecko) Chrome/135.0.7049.95 Mobile Safari/537.36 (compatible; Googlebot/2.1; +http://www.google.com/bot.html)"
20.15.133.165 - - [26/Apr/2025:10:18:15 -0400] "GET /robots.txt HTTP/1.1" 200 72 "-" "Mozilla/5.0 AppleWebKit/537.36 (KHTML, like Gecko; compatible; bingbot/2.0; +http://www.bing.com/bingbot.htm) Chrome/116.0.1938.76 Safari/537.36"
66.249.74.11 - - [26/Apr/2025:10:18:52 -0400] "GET /04140500499.shtml HTTP/1.1" 200 0 "-" "Mozilla/5.0 (Linux; Android 6.0.1; Nexus 5X Build/MMB29P) AppleWebKit/537.36 (KHTML, like Gecko) Chrome/135.0.7049.95 Mobile Safari/537.36 (compatible; GoogleOther)"
66.249.73.103 - - [26/Apr/2025:10:19:13 -0400] "GET /?i=11961114172204&channel=57a4d3&from=blog.php%3Fid%3D1141722-10091%26name%3D3XL%E6%96%B0%E5%93%81%E3%83%A4%E3%83%B3%E3%82%B099%E8%B1%AA%E8%8F%AF%E5%88%BA%E7%B9%8D%E3%82%B2%E3%83%BC%E3%83%A0%E3%82%B7%E3%83%A3%E3%83%84%E6%AD%A3%E8%A6%8F%E5%93%81%E3%83%8A%E3%82%A4%E3%82%ADNIKE%E3%83%AF%E3%82%B7%E3%83%B3%E3%83%88%E3%83%B3%E3%83%BB%E3%82%B3%E3%83%9E%E3%83%B3%E3%83%80%E3%83%BC%E3%82%B9%E9%BB%92BLACK%E3%83%A6%E3%83%8B%E3%83%95%E3%82%A9%E3%83%BC%E3%83%A0NFL%E3%82%B9%E3%83%BC%E3%83%91%E3%83%BC%E3%83%9C%E3%82%A6%E3%83%AB%E6%97%A5%E6%9C%AC%E6%9C%AA%E7%99%BA%E5%A3%B2%E3%82%B8%E3%83%A3%E3%83%BC%E3%82%B8 HTTP/1.1" 200 0 "-" "Mozilla/5.0 (Linux; Android 6.0.1; Nexus 5X Build/MMB29P) AppleWebKit/537.36 (KHTML, like Gecko) Chrome/135.0.7049.95 Mobile Safari/537.36 (compatible; GoogleOther)"
52.167.144.149 - - [26/Apr/2025:10:19:24 -0400] "GET /?i=9128077108002&channel=f39f57&from=form.php%3Fid%3D771080-1296%26name%3D%E3%82%B7%E3%83%A7%E3%82%A6%E3%83%88%E6%A7%98%E5%B0%82%E7%94%A8%E3%80%80%E3%83%88%E3%83%A8%E3%83%88%E3%83%9F%E6%A5%AD%E5%8B%99%E7%94%A8%E5%A4%A7%E5%9E%8B%E7%9F%B3%E6%B2%B9%E3%82%B9%E3%83%88%E3%83%BC%E3%83%96%E3%83%BC%E3%80%80%E3%83%96%E3%83%A9%E3%83%83%E3%82%AF HTTP/1.1" 200 0 "-" "Mozilla/5.0 AppleWebKit/537.36 (KHTML, like Gecko; compatible; bingbot/2.0; +http://www.bing.com/bingbot.htm) Chrome/116.0.1938.76 Safari/537.36"
66.249.73.102 - - [26/Apr/2025:10:19:50 -0400] "GET /?i=59761140071800&channel=fae848&from=pin.php%3Fid%3D1400718-14027%26name%3D%E6%95%B0%E5%AD%97%E6%B2%B9%E7%B5%B5+%E6%9C%88+%E6%95%B0%E5%AD%97%E6%B6%82%E7%94%BB+%E3%82%AD%E3%83%83%E3%83%88+DIY+%E3%83%9A%E3%82%A4%E3%83%B3%E3%83%88%E3%83%90%E3%82%A4%E3%83%8A%E3%83%B3%E3%83%90%E3%83%BC+%E6%88%90%E4%BA%BA+%E7%84%A1%E6%B0%97%E5%91%B3+%E5%90%91%E5%88%9D%E5%AD%A6%E8%80%85+%E6%95%B0%E5%AD%97%E5%A1%97%E3%82%8A%E7%B5%B5+%E6%89%8B%E5%B7%A5%E7%BB%98%E5%88%B6+%E5%A5%B3%E3%81%AE%E5%AD%90+%E6%95%B0%E5%AD%97%E5%A5%97%E4%BB%B6%E7%BB%98%E7%94%BB+Paint HTTP/1.1" 200 0 "-" "Mozilla/5.0 (Linux; Android 6.0.1; Nexus 5X Build/MMB29P) AppleWebKit/537.36 (KHTML, like Gecko) Chrome/135.0.7049.95 Mobile Safari/537.36 (compatible; GoogleOther)"
52.167.144.149 - - [26/Apr/2025:10:19:54 -0400] "GET /?i=21813119911104&channel=d7a359&from=jp.php%3Fid%3D1199111-757%26name%3D%E5%AE%89%E5%BF%83%E3%81%AE1%E5%B9%B4%E9%96%93%E4%BF%9D%E8%A8%BC%E4%BB%98%E3%81%8D%EF%BC%81SHARP%E3%83%89%E3%83%A9%E3%83%A0%E5%BC%8F%E6%B4%97%E6%BF%AF%E4%B9%BE%E7%87%A5%E6%A9%9F2021%E5%B9%B4%E8%A3%BD7.0kg%E3%80%90%E3%83%88%E3%83%AC%E3%83%95%E3%82%A1%E3%82%AF%E5%A0%BA%E7%A6%8F%E7%94%B0%E5%BA%97%E3%80%91 HTTP/1.1" 200 0 "-" "Mozilla/5.0 AppleWebKit/537.36 (KHTML, like Gecko; compatible; bingbot/2.0; +http://www.bing.com/bingbot.htm) Chrome/116.0.1938.76 Safari/537.36"
66.249.73.101 - - [26/Apr/2025:10:20:32 -0400] "GET /?i=5038018155502&channel=25e7be&from=brands.php%3Fid%3D181555-1734%26name%3DUN3D+%E3%82%B3%E3%83%AB%E3%82%BB%E3%83%83%E3%83%88%E4%BB%98%E3%81%8D%E3%83%8B%E3%83%83%E3%83%88%E3%83%AF%E3%83%B3%E3%83%94%E3%83%BC%E3%82%B9 HTTP/1.1" 200 54282 "-" "Mozilla/5.0 (Linux; Android 6.0.1; Nexus 5X Build/MMB29P) AppleWebKit/537.36 (KHTML, like Gecko) Chrome/135.0.7049.95 Mobile Safari/537.36 (compatible; Googlebot/2.1; +http://www.google.com/bot.html)"
66.249.74.11 - - [26/Apr/2025:10:20:43 -0400] "GET /94120883597.shtml HTTP/1.1" 200 0 "-" "Mozilla/5.0 (Linux; Android 6.0.1; Nexus 5X Build/MMB29P) AppleWebKit/537.36 (KHTML, like Gecko) Chrome/135.0.7049.95 Mobile Safari/537.36 (compatible; GoogleOther)"
66.249.73.102 - - [26/Apr/2025:10:20:53 -0400] "GET /979701624363.shtml HTTP/1.1" 200 53023 "-" "Mozilla/5.0 (Linux; Android 6.0.1; Nexus 5X Build/MMB29P) AppleWebKit/537.36 (KHTML, like Gecko) Chrome/135.0.7049.95 Mobile Safari/537.36 (compatible; Googlebot/2.1; +http://www.google.com/bot.html)"
66.249.73.103 - - [26/Apr/2025:10:21:08 -0400] "GET /?i=08985187028606&channel=382a6f&from=jp.php%3Fid%3D1870286-22192%26name%3D%E3%83%91%E3%82%A4%E3%83%97%E3%83%AC%E3%83%B3%E3%83%81+%E3%82%A2%E3%83%AB%E3%83%9F%E3%82%B9%E3%83%88%E3%83%AC%E3%83%BC%E3%83%88%E3%83%91%E3%82%A4%E3%83%97%E3%83%AC%E3%83%B3%E3%83%81+%E5%85%A8%E9%95%B7315mm+%E6%9C%80%E5%A4%A7%E5%8F%A3%E9%96%8B%E3%81%8D51mm HTTP/1.1" 200 53025 "-" "Mozilla/5.0 (Linux; Android 6.0.1; Nexus 5X Build/MMB29P) AppleWebKit/537.36 (KHTML, like Gecko) Chrome/135.0.7049.95 Mobile Safari/537.36 (compatible; Googlebot/2.1; +http://www.google.com/bot.html)"
66.249.73.102 - - [26/Apr/2025:10:21:14 -0400] "GET /637691544809.shtml HTTP/1.1" 200 53724 "-" "Mozilla/5.0 (Linux; Android 6.0.1; Nexus 5X Build/MMB29P) AppleWebKit/537.36 (KHTML, like Gecko) Chrome/135.0.7049.95 Mobile Safari/537.36 (compatible; Googlebot/2.1; +http://www.google.com/bot.html)"
66.249.73.101 - - [26/Apr/2025:10:21:24 -0400] "GET /?i=7784084736402&channel=75725b&from=form.php%3Fid%3D847364-7051%26name%3D22%E6%97%A5%E3%81%BE%E3%81%A7%E8%B2%A9%E5%A3%B2+5way%E3%83%95%E3%82%A1%E3%83%BC%E4%BB%98%E3%81%8D%E3%82%B3%E3%83%BC%E3%83%88+%E6%8D%95%E3%81%BE%E3%81%A3 HTTP/1.1" 200 0 "-" "Mozilla/5.0 (Linux; Android 6.0.1; Nexus 5X Build/MMB29P) AppleWebKit/537.36 (KHTML, like Gecko) Chrome/135.0.7049.95 Mobile Safari/537.36 (compatible; GoogleOther)"
