66.249.73.101 - - [26/Apr/2025:04:45:46 -0400] "GET /?i=7152223587708&channel=25e7be&from=form.php%3Fid%3D235877-1734%26name%3D%E3%83%AD%E3%83%BC%E3%83%AC%E3%83%B3%E3%83%A9%E3%83%AB%E3%83%95%E3%83%AD%E3%83%BC%E3%83%AC%E3%83%B3+%E7%B7%8F%E6%9F%84+%E3%82%B7%E3%83%A3%E3%83%84%E3%83%AF%E3%83%B3%E3%83%94%E3%83%BC%E3%82%B9+%E3%83%AD%E3%83%B3%E3%82%B0+%E9%95%B7%E8%A2%96+2+M+%E8%8C%B6 HTTP/1.1" 200 53714 "-" "Mozilla/5.0 (Linux; Android 6.0.1; Nexus 5X Build/MMB29P) AppleWebKit/537.36 (KHTML, like Gecko) Chrome/135.0.7049.95 Mobile Safari/537.36 (compatible; Googlebot/2.1; +http://www.google.com/bot.html)"
66.249.73.103 - - [26/Apr/2025:04:46:35 -0400] "GET /?i=2928717731501&channel=2f465c&from=shared.php%3Fid%3D177315-574%26name%3DRA6%E3%82%AA%E3%83%87%E3%83%83%E3%82%BB%E3%82%A4%E3%80%80RSR%E3%82%A8%E3%82%AD%E3%82%BE%E3%83%BC%E3%82%B9%E3%83%88%E3%82%B7%E3%82%B9%E3%83%86%E3%83%A0%E3%80%80%E3%82%A8%E3%82%AD%E3%83%9E%E3%83%8B%E3%80%80%E6%BF%80%E3%83%AC%E3%82%A2 HTTP/1.1" 200 0 "-" "Mozilla/5.0 (Linux; Android 6.0.1; Nexus 5X Build/MMB29P) AppleWebKit/537.36 (KHTML, like Gecko) Chrome/135.0.7049.95 Mobile Safari/537.36 (compatible; GoogleOther)"
66.249.73.102 - - [26/Apr/2025:04:47:28 -0400] "GET /728111108928.shtml HTTP/1.1" 200 0 "-" "Mozilla/5.0 (Linux; Android 6.0.1; Nexus 5X Build/MMB29P) AppleWebKit/537.36 (KHTML, like Gecko) Chrome/135.0.7049.95 Mobile Safari/537.36 (compatible; GoogleOther)"
52.167.144.228 - - [26/Apr/2025:04:47:53 -0400] "GET /?i=7985375351615&channel=aea4b2&from=brands.php%3Fid%3D753516-2952%26name%3D%E3%80%9023%25OFF%E3%80%91%E3%80%90%E5%85%AC%E5%BC%8F%E3%80%91+%E3%82%AD%E3%83%A5%E3%83%BC%E3%82%B5%E3%82%A4+%E3%81%B2%E3%81%96%E3%82%B5%E3%83%9D%E3%83%BC%E3%83%88%E3%82%B3%E3%83%A9%E3%83%BC%E3%82%B2%E3%83%B3+150g+%28%E7%B4%8430%E6%97%A5%E5%88%86%293%E8%A2%8B%E3%82%BB%E3%83%83%E3%83%88+%5B%E6%A9%9F%E8%83%BD%E6%80%A7%E8%A1%A8%E7%A4%BA%E9%A3%9F%E5%93%81%5D+%28+3%E3%81%A4%E3%81%AE%E8%BB%9F%E9%AA%A8%E6%88%90%E5%88%86+%E3%82%B3%E3%83%A9%E3%83%BC%E3%82%B2%E3%83%B3%E3%83%9A%E3%83%97%E3%83%81%E3%83%89+%E3%83%92%E3%82%A2%E3%83%AB%E3%83%AD%E3%83%B3%E9%85%B8+%E3%82%B3%E3%83%B3%E3%83%89%E3%83%AD%E3%82%A4%E3%83%81%E3%83%B3+%E3%81%B2%E3%81%96%E9%96%A2%E7%AF%80+%E3%82%B5%E3%83%97%E3%83%AA%E3%83%A1%E3%83%B3%E3%83%88+%E3%81%BE%E3%81%A8%E3%82%81%E8%B2%B7%E3%81%84+%E6%B5%85%E7%94%B0%E7%9C%9F%E5%A4%AE+CM+%E3%81%B2%E3%81%96%E3%81%93%E3%82%89+%E3%81%B2%E3%81%96%E3%82%B3%E3%83%A9%29 HTTP/1.1" 200 0 "-" "Mozilla/5.0 AppleWebKit/537.36 (KHTML, like Gecko; compatible; bingbot/2.0; +http://www.bing.com/bingbot.htm) Chrome/116.0.1938.76 Safari/537.36"
52.167.144.16 - - [26/Apr/2025:04:48:09 -0400] "GET /?i=2013071505503&channel=715230&from=shop.php%3Fid%3D715055-2218%26name%3D%E3%82%AB%E3%83%AA%E3%83%A2%E3%82%AF60%E3%82%BD%E3%83%95%E3%82%A1%E3%81%AE%E3%81%94%E7%B4%B9%E4%BB%8B%EF%BC%81%EF%BC%88%E3%83%88%E3%83%AC%E3%83%95%E3%82%A1%E3%82%AF%E5%AF%9D%E5%B1%8B%E5%B7%9D%EF%BC%89 HTTP/1.1" 200 0 "-" "Mozilla/5.0 AppleWebKit/537.36 (KHTML, like Gecko; compatible; bingbot/2.0; +http://www.bing.com/bingbot.htm) Chrome/116.0.1938.76 Safari/537.36"
52.167.144.16 - - [26/Apr/2025:04:48:10 -0400] "GET /?i=8132880966502&channel=7c34dd&from=blog.php%3Fid%3D809665-129%26name%3D%E3%82%AD%E3%83%A3%E3%83%AA%E3%83%BC%E3%83%90%E3%83%83%E3%82%B0%E3%81%A8%E3%83%80%E3%82%B9%E3%83%88%E3%82%AD%E3%83%A3%E3%83%83%E3%83%97%E4%BB%98%E3%81%8D%E5%8F%8C%E7%9C%BC%E9%8F%A1%E3%80%8110X32+HD%E3%83%9D%E3%83%BC%E3%82%BF%E3%83%96%E3%83%AB%E9%98%B2%E6%B0%B4%E5%8F%8C%E7%9C%BC%E9%8F%A1%E3%80%81%E3%83%90%E3%83%BC%E3%83%89%E3%82%A6%E3%82%A9%E3%83%83%E3%83%81%E3%83%B3%E3%82%B0%E3%80%81%E3%82%AD%E3%83%A3%E3%83%B3%E3%83%97%E3%80%81%E8%A6%96%E5%8A%9B%E4%BD%8E%E4%B8%8B%E3%81%AE%E8%AA%BF%E6%95%B4%E5%8F%AF%E8%83%BD%E3%81%AA%E5%8D%98 HTTP/1.1" 200 0 "-" "Mozilla/5.0 AppleWebKit/537.36 (KHTML, like Gecko; compatible; bingbot/2.0; +http://www.bing.com/bingbot.htm) Chrome/116.0.1938.76 Safari/537.36"
66.249.73.103 - - [26/Apr/2025:04:48:32 -0400] "GET /?i=92779113051000&channel=d5709d&from=goods.php%3Fid%3D1130510-1420%26name%3D%E3%82%B7%E3%82%A7%E3%83%AB%E3%82%B3%E3%83%BC%E3%83%89%E3%83%90%E3%83%B3%E3%83%A9%E3%82%A6%E3%83%B3%E3%83%89%E3%83%95%E3%82%A1%E3%82%B9%E3%83%8A%E3%83%BC%E9%95%B7%E8%B2%A1%E5%B8%83%E3%80%80%E8%A1%A8%E9%9D%A9%E5%BC%B5%E3%82%8A%E6%9B%BF%E3%81%88%E6%96%99%E9%87%91 HTTP/1.1" 200 54545 "-" "Mozilla/5.0 (Linux; Android 6.0.1; Nexus 5X Build/MMB29P) AppleWebKit/537.36 (KHTML, like Gecko) Chrome/135.0.7049.95 Mobile Safari/537.36 (compatible; Googlebot/2.1; +http://www.google.com/bot.html)"
66.249.73.101 - - [26/Apr/2025:04:48:56 -0400] "GET /?i=41860194666802&channel=a68547&from=category-info.php%3Fid%3D1946668-5669%26name%3D%E2%98%85%E9%80%81%E6%96%99%E8%BE%BC%E2%98%85%E3%82%AD%E3%83%A3%E3%83%AD%E3%82%A6%E3%82%A7%E3%82%A4+EPIC+SPEED+%E3%83%88%E3%83%AA%E3%83%97%E3%83%AB%E3%83%80%E3%82%A4%E3%83%A4%E3%83%A2%E3%83%B3%E3%83%89+10.5%C2%B0+%E3%83%89%E3%83%A9%E3%82%A4%E3%83%90%E3%83%BC%E3%83%98%E3%83%83%E3%83%89+TA%E3%82%B7%E3%83%AA%E3%82%A2%E3%83%AB+%E3%83%98%E3%83%83%E3%83%89%E3%82%AB%E3%83%90%E3%83%BC%E4%BB%98 HTTP/1.1" 200 54997 "-" "Mozilla/5.0 (Linux; Android 6.0.1; Nexus 5X Build/MMB29P) AppleWebKit/537.36 (KHTML, like Gecko) Chrome/135.0.7049.95 Mobile Safari/537.36 (compatible; Googlebot/2.1; +http://www.google.com/bot.html)"
66.249.73.103 - - [26/Apr/2025:04:49:09 -0400] "GET /?i=98079191513604&channel=1a7098&from=shop.php%3Fid%3D1915136-31230%26name%3D%E3%82%BB%E3%83%9F%E3%83%AD%E3%83%B3%E3%82%B0%E3%82%A6%E3%82%A3%E3%83%83%E3%82%B0+%E3%82%B9%E3%83%88%E3%83%AC%E3%83%BC%E3%83%88%E3%83%98%E3%82%A2+%E5%88%86%E3%81%91%E7%9B%AE%E8%87%AA%E7%94%B1+%E5%B0%8F%E9%A1%94%E5%8A%B9%E6%9E%9C+%E3%83%8A%E3%83%81%E3%83%A5%E3%83%A9%E3%83%AB%E9%A2%A8+%E9%9F%93%E5%9B%BD%E9%A2%A8%E3%82%B9%E3%82%BF%E3%82%A4%E3%83%AB+%E5%8F%8E%E7%B4%8D%E3%83%8D%E3%83%83%E3%83%88%E4%BB%98%E3%81%8D+%E6%97%A5%E5%B8%B8%E4%BD%BF%E3%81%84+%E3%82%B3%E3%82%B9%E3%83%97%E3%83%AC%E7%94%A8+min%23 HTTP/1.1" 200 52785 "-" "Mozilla/5.0 (Linux; Android 6.0.1; Nexus 5X Build/MMB29P) AppleWebKit/537.36 (KHTML, like Gecko) Chrome/135.0.7049.95 Mobile Safari/537.36 (compatible; Googlebot/2.1; +http://www.google.com/bot.html)"
66.249.73.101 - - [26/Apr/2025:04:49:20 -0400] "GET /?i=09856161551116&channel=ff3ac4&from=goods.php%3Fid%3D1615511-5730%26name%3D%E3%80%90%E5%88%A5%E6%B3%A8%E3%80%91Devotion+TWINS+%2F+%E3%82%AE%E3%83%A3%E3%82%B6%E3%83%BC+%E3%83%8E%E3%83%BC%E3%82%B9%E3%83%AA%E3%83%BC%E3%83%96+%E3%83%AF%E3%83%B3%E3%83%94%E3%83%BC%E3%82%B9 HTTP/1.1" 200 0 "-" "Mozilla/5.0 (Linux; Android 6.0.1; Nexus 5X Build/MMB29P) AppleWebKit/537.36 (KHTML, like Gecko) Chrome/135.0.7049.95 Mobile Safari/537.36 (compatible; GoogleOther)"
52.167.144.16 - - [26/Apr/2025:04:50:39 -0400] "GET /?i=82841194783000&channel=50a2c0&from=blog.php%3Fid%3D1947830-27450%26name%3D%E4%B8%AD%E5%8F%A4%E2%96%A0%E5%85%AB%E6%9C%A8%E6%99%BA%E5%93%89+%E5%8C%97%E6%B5%B7%E9%81%93%E6%97%A5%E6%9C%AC%E3%83%8F%E3%83%A0%E3%83%95%E3%82%A1%E3%82%A4%E3%82%BF%E3%83%BC%E3%82%BA29+115%E3%83%97%E3%83%AD%E9%87%8E%E7%90%83%E3%82%AB%E3%83%BC%E3%83%89+2007CalbeeBaseballCard%E3%82%AB%E3%83%AB%E3%83%93%E3%83%BC%E3%83%99%E3%83%BC%E3%82%B9%E3%83%9C%E3%83%BC%E3%83%AB%E3%82%AB%E3%83%BC%E3%83%89%E3%83%88%E3%83%AC%E3%83%BC%E3%83%87%E3%82%A3%E3%83%B3%E3%82%B0%E3%82%AB%E3%83%BC%E3%83%89 HTTP/1.1" 200 0 "-" "Mozilla/5.0 AppleWebKit/537.36 (KHTML, like Gecko; compatible; bingbot/2.0; +http://www.bing.com/bingbot.htm) Chrome/116.0.1938.76 Safari/537.36"
66.249.73.102 - - [26/Apr/2025:04:51:11 -0400] "GET /78702901259.shtml HTTP/1.1" 200 0 "-" "Mozilla/5.0 (Linux; Android 6.0.1; Nexus 5X Build/MMB29P) AppleWebKit/537.36 (KHTML, like Gecko) Chrome/135.0.7049.95 Mobile Safari/537.36 (compatible; GoogleOther)"
52.167.144.187 - - [26/Apr/2025:04:51:28 -0400] "GET /?i=14578146256304&channel=fe82e8&from=article.php%3Fid%3D1462563-24275%26name%3D%E8%87%AA%E5%8B%95%E7%B5%A6%E9%A4%8C%E5%99%A8+%E8%87%AA%E5%8B%95%E7%B5%A6%E6%B0%B4%E5%99%A8+%E7%8C%AB+%E7%8A%AC+%E7%B5%A6%E6%B0%B4%E5%99%A8+%E7%B5%A6%E9%A4%8C%E5%99%A8+%E3%83%9A%E3%83%83%E3%83%88%E3%83%9C%E3%82%A6%E3%83%AB+%E9%9B%BB%E6%BA%90%E4%B8%8D%E8%A6%81+%E8%87%AA%E5%8B%95%E9%A4%8C%E3%82%84%E3%82%8A%E5%99%A8+%E8%87%AA%E5%8B%95%E9%A4%8C%E3%82%84%E3%82%8A%E6%A9%9F+%E8%87%AA%E5%8B%95%E6%B0%B4%E3%82%84%E3%82%8A%E6%A9%9F+%E3%83%9A%E3%83%83%E3%83%88%E3%81%88%E3%81%95%E3%82%84%E3%82%8A+%E3%83%9A%E3%83%83%E3%83%88%E7%B5%A6%E9%A4%8C%E5%99%A8+%E3%83%9A%E3%83%83%E3%83%88%E7%B5%A6%E9%A4%8C%E6%A9%9F+%E6%B0%B4%E9%A3%B2%E3%81%BF%E5%99%A8+%E8%87%AA%E5%8B%95%E8%A3%9C%E6%B0%B4+%E6%B0%B4%E6%B4%97%E3%81%84%E5%8F%AF%E8%83%BD+VSjc445 HTTP/1.1" 200 0 "-" "Mozilla/5.0 AppleWebKit/537.36 (KHTML, like Gecko; compatible; bingbot/2.0; +http://www.bing.com/bingbot.htm) Chrome/116.0.1938.76 Safari/537.36"
66.249.73.101 - - [26/Apr/2025:04:51:50 -0400] "GET /?i=8842817442001&channel=f7eb33&from=form.php%3Fid%3D174420-10493%26name%3DLeica+%E2%85%A2a+%E3%83%90%E3%83%AB%E3%83%8A%E3%83%83%E3%82%AF%E3%83%A9%E3%82%A4%E3%82%AB%E3%83%9C%E3%83%87%E3%82%A3 HTTP/1.1" 200 53989 "-" "Mozilla/5.0 (Linux; Android 6.0.1; Nexus 5X Build/MMB29P) AppleWebKit/537.36 (KHTML, like Gecko) Chrome/135.0.7049.95 Mobile Safari/537.36 (compatible; Googlebot/2.1; +http://www.google.com/bot.html)"
66.249.73.101 - - [26/Apr/2025:04:51:52 -0400] "GET /?i=9074492420402&channel=6ea101&from=news.php%3Fid%3D924204-2197%26name%3DLOWYA+%E3%83%AD%E3%82%A6%E3%83%A4+Walsh+%E3%82%AD%E3%83%83%E3%83%81%E3%83%B3%E3%83%9C%E3%83%BC%E3%83%89+%E5%B9%8590cm+%E3%83%96%E3%83%A9%E3%82%A6%E3%83%B3+%E8%8C%B6%E8%89%B2+%E9%A3%9F%E5%99%A8%E6%A3%9A+%E3%83%AC%E3%83%B3%E3%82%B8%E3%83%9C%E3%83%BC%E3%83%89+%E3%83%AC%E3%83%B3%E3%82%B8%E5%8F%B0 HTTP/1.1" 200 53388 "-" "Mozilla/5.0 (Linux; Android 6.0.1; Nexus 5X Build/MMB29P) AppleWebKit/537.36 (KHTML, like Gecko) Chrome/135.0.7049.95 Mobile Safari/537.36 (compatible; Googlebot/2.1; +http://www.google.com/bot.html)"
66.249.73.102 - - [26/Apr/2025:04:52:01 -0400] "GET /?i=7889091333417&channel=b89082&from=news.php%3Fid%3D913334-1496%26name%3D%E3%80%90%E3%82%B7%E3%83%8A%E3%83%A2%E3%83%AD%E3%83%BC%E3%83%AB%E3%82%B3%E3%83%AC%E3%82%AF%E3%82%B7%E3%83%A7%E3%83%B3%E3%80%91%E3%83%90%E3%83%83%E3%82%AF%E5%88%BA%E7%B9%8D%E3%83%88%E3%83%AC%E3%83%BC%E3%83%8A%E3%83%BC+JUN%26ROPE%27+%E3%82%B8%E3%83%A5%E3%83%B3%E3%82%A2%E3%83%B3%E3%83%89%E3%83%AD%E3%83%9A+%E3%83%88%E3%83%83%E3%83%97%E3%82%B9+%E3%82%B9%E3%82%A6%E3%82%A7%E3%83%83%E3%83%88%E3%83%BB%E3%83%88%E3%83%AC%E3%83%BC%E3%83%8A%E3%83%BC+%E3%82%B0%E3%83%AC%E3%83%BC+%E3%83%8D%E3%82%A4%E3%83%93%E3%83%BC+%E7%84%A6%E3%81%92%E3%82%8B+%E3%82%A4%E3%82%A8%E3%83%AD%E3%83%BC%E3%80%90%E9%80%81%E6%96%99%E7%84%A1%E6%96%99%E3%80%91%5BRakuten+Fashion%5D HTTP/1.1" 200 0 "-" "Mozilla/5.0 (Linux; Android 6.0.1; Nexus 5X Build/MMB29P) AppleWebKit/537.36 (KHTML, like Gecko) Chrome/135.0.7049.95 Mobile Safari/537.36 (compatible; GoogleOther)"
66.249.73.102 - - [26/Apr/2025:04:52:09 -0400] "GET /?i=092052275801&channel=6e0782&from=shared.php%3Fid%3D22758-1727%26name%3D%E5%A5%B3%E6%80%A7%E3%81%AE%E3%81%9F%E3%82%81%E3%81%AE%E3%82%AB%E3%82%B8%E3%83%A5%E3%82%A2%E3%83%AB%E3%81%AA%E3%83%8F%E3%83%B3%E3%83%89%E3%83%90%E3%83%83%E3%82%B0%E3%82%BD%E3%83%95%E3%83%88%E3%83%9E%E3%83%83%E3%83%88%E3%83%AC%E3%82%B6%E3%83%BC%E3%82%AF%E3%83%AD%E3%82%B9%E3%83%9C%E3%83%87%E3%82%A3%E3%83%90%E3%83%83%E3%82%B0%E9%AB%98%E7%B4%9A%E3%82%B7%E3%83%A7%E3%83%AB%E3%83%80%E3%83%BC%E3%83%90%E3%83%83%E3%82%B0+%28Color+%3A+Green%2C+Siz HTTP/1.1" 200 0 "-" "Mozilla/5.0 (Linux; Android 6.0.1; Nexus 5X Build/MMB29P) AppleWebKit/537.36 (KHTML, like Gecko) Chrome/135.0.7049.95 Mobile Safari/537.36 (compatible; GoogleOther)"
66.249.73.101 - - [26/Apr/2025:04:52:30 -0400] "GET /?i=01095135927202&channel=6c2ac7&from=pin.php%3Fid%3D1359272-20573%26name%3D%E3%83%8A%E3%82%A4%E3%82%AD%E3%83%BB%E3%82%A8%E3%82%A2%E3%83%BB%E3%83%A2%E3%82%A2%E3%83%BB%E3%82%A2%E3%83%83%E3%83%97%E3%83%86%E3%83%B3%E3%83%9D%E3%83%BB%E3%82%AA%E3%83%AA%E3%83%B3%E3%83%94%E3%83%83%E3%82%AF+%E6%96%B0%E5%93%81%E6%9C%AA%E4%BD%BF%E7%94%A8 HTTP/1.1" 200 52058 "-" "Mozilla/5.0 (Linux; Android 6.0.1; Nexus 5X Build/MMB29P) AppleWebKit/537.36 (KHTML, like Gecko) Chrome/135.0.7049.95 Mobile Safari/537.36 (compatible; Googlebot/2.1; +http://www.google.com/bot.html)"
66.249.73.101 - - [26/Apr/2025:04:52:41 -0400] "GET /?i=69765147810001&channel=424462&from=blog.php%3Fid%3D1478100-474%26name%3D%E4%B9%9D%E8%B0%B7%E7%84%BC+%E9%A3%AF%E7%A2%97%E3%83%BB%E6%B9%AF%E5%91%91%E3%82%BB%E3%83%83%E3%83%88+%E3%83%9D%E3%83%94%E3%83%BC+%2F+%E8%99%9A%E7%A9%BA%E8%94%B5%E7%AA%AF%EF%BC%9C%E3%81%94%E9%A3%AF%E8%8C%B6%E7%A2%97+%E6%B9%AF%E9%A3%B2%E3%81%BF+%E3%82%BB%E3%83%83%E3%83%88+%E4%BA%BA%E6%B0%97+%E3%82%AE%E3%83%95%E3%83%88+%E8%B4%88%E3%82%8A%E7%89%A9+%E9%95%B7%E5%AF%BF%E7%A5%9D%E3%81%84%2F%E5%86%85%E7%A5%9D%E3%81%84%2F%E9%80%80%E8%81%B7%E7%A5%9D%E3%81%84%2F%E3%81%8A%E7%A5%9D%E3%81%84%2F%EF%BC%9E HTTP/1.1" 200 0 "-" "Mozilla/5.0 (Linux; Android 6.0.1; Nexus 5X Build/MMB29P) AppleWebKit/537.36 (KHTML, like Gecko) Chrome/135.0.7049.95 Mobile Safari/537.36 (compatible; GoogleOther)"
52.167.144.228 - - [26/Apr/2025:04:52:54 -0400] "GET /?i=2975794491007&channel=0ce3b7&from=brands.php%3Fid%3D944910-19353%26name%3D14.%E5%88%9D%E5%BF%83%E8%80%85%E3%82%AA%E3%82%B9%E3%82%B9%E3%83%A1%E3%82%B4%E3%83%AB%E3%83%95%E3%82%AF%E3%83%A9%E3%83%96%E3%80%80%E3%83%AC%E3%83%87%E3%82%A3%E3%83%BC%E3%82%B9%E3%82%BB%E3%83%83%E3%83%88%E3%80%80%E3%83%98%E3%83%83%E3%83%89%E3%82%AB%E3%83%90%E3%83%BC%E3%81%82%E3%82%8A HTTP/1.1" 200 0 "-" "Mozilla/5.0 AppleWebKit/537.36 (KHTML, like Gecko; compatible; bingbot/2.0; +http://www.bing.com/bingbot.htm) Chrome/116.0.1938.76 Safari/537.36"
52.167.144.187 - - [26/Apr/2025:04:52:59 -0400] "GET /?i=2885883965208&channel=81c53a&from=product.php%3Fid%3D839652-5182%26name%3DCallaway%E3%80%80%E3%82%AD%E3%83%A3%E3%83%AD%E3%82%A6%E3%82%A7%E3%82%A4%E3%80%80%EF%BC%B8%EF%BC%8D%EF%BC%A8%EF%BC%AF%EF%BC%B4%E3%83%91%E3%83%83%E3%82%B1%E3%83%BC%E3%82%B8%E3%80%80%E3%82%AF%E3%83%A9%E3%83%96%EF%BC%91%EF%BC%90%E6%9C%AC%E3%82%BB%E3%83%83%E3%83%88%E3%80%80%E7%8F%BE%E8%A1%8C%E8%B2%A9%E5%A3%B2%E3%83%A2%E3%83%87%E3%83%AB%E3%80%80%E3%80%90%E6%96%B0%E5%93%81%E6%9C%AA%E4%BD%BF%E7%94%A8%E3%80%91 HTTP/1.1" 200 0 "-" "Mozilla/5.0 AppleWebKit/537.36 (KHTML, like Gecko; compatible; bingbot/2.0; +http://www.bing.com/bingbot.htm) Chrome/116.0.1938.76 Safari/537.36"
66.249.73.101 - - [26/Apr/2025:04:53:41 -0400] "GET /?i=0828174824401&channel=d85b95&from=goods.php%3Fid%3D748244-4867%26name%3D%E3%83%80%E3%82%A4%E3%82%A2%E3%83%B3+%E3%83%95%E3%82%A9%E3%83%B3+%E3%83%95%E3%82%A1%E3%82%B9%E3%83%86%E3%83%B3%E3%83%90%E3%83%BC%E3%82%B0 HTTP/1.1" 200 53299 "-" "Mozilla/5.0 (Linux; Android 6.0.1; Nexus 5X Build/MMB29P) AppleWebKit/537.36 (KHTML, like Gecko) Chrome/135.0.7049.95 Mobile Safari/537.36 (compatible; Googlebot/2.1; +http://www.google.com/bot.html)"
66.249.73.101 - - [26/Apr/2025:04:54:18 -0400] "GET /?i=5431155769205&channel=6b0424&from=news.php%3Fid%3D557692-5228%26name%3D%E5%A3%81%E3%83%A8%E3%82%AC%E3%83%9E%E3%83%83%E3%83%88%26amp%3B%E3%83%95%E3%82%A9%E3%83%BC%E3%83%A0%E3%83%AD%E3%83%BC%E3%83%A9%E3%83%BC%E5%8F%8E%E7%B4%8D%E3%82%AA%E3%83%BC%E3%82%AC%E3%83%8A%E3%82%A4%E3%82%B6%E3%83%BC%E6%A3%9A%E3%80%81%E6%9C%A8%E8%A3%BD%E9%AB%98%E8%80%90%E4%B9%85%E3%82%A8%E3%82%AF%E3%82%B5%E3%82%B5%E3%82%A4%E3%82%BA%E3%83%9E%E3%83%83%E3%83%88%E3%83%87%E3%82%A3%E3%82%B9%E3%83%97%E3%83%AC%E3%82%A4%E3%82%B9%E3%82%BF%E3%83%B3%E3%83%89%E3%83%A9%E3%83%83%E3%82%AF%E3%83%9B%E3%83%AB%E3%83%80%E3%83%BC%E3%80%81%E5%B1%8B%E5%86%85%2F%E3%82%B9 HTTP/1.1" 200 0 "-" "Mozilla/5.0 (Linux; Android 6.0.1; Nexus 5X Build/MMB29P) AppleWebKit/537.36 (KHTML, like Gecko) Chrome/135.0.7049.95 Mobile Safari/537.36 (compatible; GoogleOther)"
66.249.73.101 - - [26/Apr/2025:04:54:44 -0400] "GET /71920734126.shtml HTTP/1.1" 200 0 "-" "Mozilla/5.0 (Linux; Android 6.0.1; Nexus 5X Build/MMB29P) AppleWebKit/537.36 (KHTML, like Gecko) Chrome/135.0.7049.95 Mobile Safari/537.36 (compatible; GoogleOther)"
66.249.73.103 - - [26/Apr/2025:04:55:37 -0400] "GET /?i=67298158134906&channel=4a4b45&from=shared.php%3Fid%3D1581349-3656%26name%3D%E6%9C%A8%E7%9B%AE%E8%AA%BF%E3%83%AC%E3%82%B6%E3%83%BC%E3%82%A6%E3%82%A9%E3%83%AC%E3%83%83%E3%83%88%E3%83%95%E3%83%AA%E3%83%83%E3%83%97%E3%83%95%E3%82%A9%E3%83%B3%E3%82%B1%E3%83%BC%E3%82%B9+%E9%81%A9%E3%81%97%E3%81%A6%E3%81%84%E3%82%8B+ZTE+Nubia+Music+2+%E3%82%AB%E3%83%BC%E3%83%89%E3%83%9B%E3%83%AB%E3%83%80%E3%83%BC%E3%80%81%E3%82%AD%E3%83%83%E3%82%AF%E3%82%B9%E3%82%BF%E3%83%B3%E3%83%89%E3%80%81%E5%86%85%E5%81%B4%E3%81%AE%E3%82%BD HTTP/1.1" 200 53434 "-" "Mozilla/5.0 (Linux; Android 6.0.1; Nexus 5X Build/MMB29P) AppleWebKit/537.36 (KHTML, like Gecko) Chrome/135.0.7049.95 Mobile Safari/537.36 (compatible; Googlebot/2.1; +http://www.google.com/bot.html)"
52.167.144.187 - - [26/Apr/2025:04:55:38 -0400] "GET /?i=2872347347802&channel=1c07b0&from=pin.php%3Fid%3D473478-14797%26name%3D%E3%83%80%E3%83%96%E3%83%AB%E3%83%9D%E3%83%83%E3%83%88%E3%82%B1%E3%83%88%E3%83%AB%EF%BC%86%E3%82%A4%E3%83%B3%E3%83%95%E3%83%A5%E3%83%BC%E3%82%B6%E3%83%BC%E3%80%814L%E3%82%B1%E3%83%88%E3%83%AB%E3%81%A81L%E3%83%86%E3%82%A3%E3%83%BC%E3%83%9D%E3%83%83%E3%83%88%E5%AE%B9%E9%87%8F%E3%80%81%E8%87%AA%E5%8B%95%E3%82%B7%E3%83%A3%E3%83%83%E3%83%88%E3%82%AA%E3%83%95%EF%BC%86%E7%A9%BA%E7%84%9A%E3%81%8D%E9%98%B2%E6%AD%A2%E6%A9%9F%E8%83%BD%E3%80%81%E3%83%AD%E3%82%B7%E3%82%A2%E8%8C%B6%E3%81%A8%E3%83%88%E3%83%AB%E3%82%B3%E8%8C%B6%E7%94%A8 HTTP/1.1" 200 0 "-" "Mozilla/5.0 AppleWebKit/537.36 (KHTML, like Gecko; compatible; bingbot/2.0; +http://www.bing.com/bingbot.htm) Chrome/116.0.1938.76 Safari/537.36"
52.167.144.228 - - [26/Apr/2025:04:55:44 -0400] "GET /?i=12816185495314&channel=50c35a&from=news.php%3Fid%3D1854953-1384%26name%3D%E3%80%90%E6%97%A5%E6%9C%AC%E8%A3%BD%E3%80%91+%E8%B6%85%E8%BB%BD%E9%87%8F6.7g+%E8%80%81%E7%9C%BC%E9%8F%A1+%E3%81%8A%E3%81%97%E3%82%83%E3%82%8C+%E8%BB%BD%E3%81%84+%E3%82%B3%E3%83%B3%E3%83%91%E3%82%AF%E3%83%88+%E7%9C%BC%E9%8F%A1%E3%82%B1%E3%83%BC%E3%82%B9+%E3%82%AE%E3%83%95%E3%83%88%E3%82%BB%E3%83%83%E3%83%88+UV%E3%82%AB%E3%83%83%E3%83%88+%E9%9D%9E%E7%90%83%E9%9D%A2%E3%83%AC%E3%83%B3%E3%82%BA+%E9%AF%96%E6%B1%9F+%E3%83%8F%E3%83%BC%E3%83%89+%E3%82%B1%E3%83%BC%E3%82%B9%E4%BB%98%E3%81%8D+%E3%83%AC%E3%83%87%E3%82%A3%E3%83%BC%E3%82%B9+%E3%83%A1%E3%83%B3%E3%82%BA+40%E4%BB%A3+50%E4%BB%A3+60%E4%BB%A3+%E9%81%B8%E3%81%B9%E3%82%8B+%2B0.75%E3%80%9C%2B4.00+%E9%BB%92%2F%E9%9D%92%2F%E7%B4%AB%2F%E3%82%B0%E3%83%AC%E3%83%BC%2F%E8%B5%A4%2F%E8%8C%B6%E8%89%B2%2F%E9%8A%80%E8%89%B2%2F%E7%B7%91 HTTP/1.1" 200 0 "-" "Mozilla/5.0 AppleWebKit/537.36 (KHTML, like Gecko; compatible; bingbot/2.0; +http://www.bing.com/bingbot.htm) Chrome/116.0.1938.76 Safari/537.36"
52.167.144.228 - - [26/Apr/2025:04:55:54 -0400] "GET /?i=36890177021505&channel=264daa&from=news.php%3Fid%3D1770215-17247%26name%3D%E3%83%9F%E3%83%81%E3%82%B3%E3%83%AD%E3%83%B3%E3%83%89%E3%83%B3%E3%82%B3%E3%82%B7%E3%83%8E%E3%80%80%E5%8D%92%E6%A5%AD%E5%85%A5%E5%AD%A6%E5%BC%8F%E3%80%80%E3%83%95%E3%82%A9%E3%83%BC%E3%83%9E%E3%83%AB%E3%82%B9%E3%83%BC%E3%83%84%E3%80%80160%E3%8E%9D%E3%80%80%E3%82%BB%E3%83%83%E3%83%88%E3%82%A2%E3%83%83%E3%83%97 HTTP/1.1" 200 0 "-" "Mozilla/5.0 AppleWebKit/537.36 (KHTML, like Gecko; compatible; bingbot/2.0; +http://www.bing.com/bingbot.htm) Chrome/116.0.1938.76 Safari/537.36"
52.167.144.16 - - [26/Apr/2025:04:56:00 -0400] "GET /?i=8179947603001&channel=f30510&from=news.php%3Fid%3D476030-484%26name%3D%E3%83%80%E3%83%B3%E3%83%AD%E3%83%83%E3%83%97+%E3%82%B0%E3%83%A9%E3%83%B3%E3%83%88%E3%83%AC%E3%83%83%E3%82%AF+TG4+145R12+6PR+%3Cbr%3EDUNLOP+%3Cbr%3E%E3%83%B4%E3%82%A7%E3%83%AB%E3%83%B4%E3%82%A1+%E3%82%B9%E3%83%9D%E3%83%AB%E3%83%882+12%C3%974.00B+100%2F4+%2B42+JWL-T+%E3%83%87%E3%82%A3%E3%83%BC%E3%83%97%E3%83%A1%E3%82%BF%E3%83%AB2+%3Cbr%3E12%E3%82%A4%E3%83%B3%E3%83%81+%E3%83%8F%E3%82%A4%E3%82%BC%E3%83%83%E3%83%88+%E3%82%BF%E3%82%A4%E3%83%A4+%E3%83%9B%E3%82%A4%E3%83%BC%E3%83%AB+%E3%82%BB%E3%83%83%E3%83%88+%E3%82%B5%E3%83%9E%E3%83%BC%E3%82%BF%E3%82%A4%E3%83%A4+4%E6%9C%AC%E3%83%9B%E3%82%A4%E3%83%BC%E3%83%AB%E3%82%BB%E3%83%83%E3%83%88+GRANTREK+TG4+weds+%28145%2F80R12+80%2F78+%E4%BA%92%E6%8F%9B%29+%E8%BB%BD%E3%83%88%E3%83%A9+%E8%BB%BD%E3%83%90%E3%83%B3 HTTP/1.1" 200 0 "-" "Mozilla/5.0 AppleWebKit/537.36 (KHTML, like Gecko; compatible; bingbot/2.0; +http://www.bing.com/bingbot.htm) Chrome/116.0.1938.76 Safari/537.36"
66.249.73.101 - - [26/Apr/2025:04:56:53 -0400] "GET /?i=35741181003517&channel=b89082&from=news.php%3Fid%3D1810035-1496%26name%3D%E3%80%90EGO+TRIPPING%28%E3%82%A8%E3%82%B4%E3%83%88%E3%83%AA%E3%83%83%E3%83%94%E3%83%B3%E3%82%B0%29%E3%80%91VINPOLO+%E3%83%9D%E3%83%AD%E3%82%B7%E3%83%A3%E3%83%84%28666405%29 HTTP/1.1" 200 0 "-" "Mozilla/5.0 (Linux; Android 6.0.1; Nexus 5X Build/MMB29P) AppleWebKit/537.36 (KHTML, like Gecko) Chrome/135.0.7049.95 Mobile Safari/537.36 (compatible; GoogleOther)"
52.167.144.228 - - [26/Apr/2025:04:56:54 -0400] "GET /?i=314001440300&channel=2649d7&from=brands.php%3Fid%3D14403-2945%26name%3D%E3%80%90%E6%8E%9B%E3%81%91%E8%BB%B8%E3%80%91%E3%80%80%E4%BC%8A%E6%9D%B1%E6%B7%B1%E6%B0%B4%E3%80%80%E3%80%8C%E9%9B%A8%E5%BE%8C%E3%80%8D%E3%80%80%E7%B4%AB%E9%99%BD%E8%8A%B1%E3%81%AB%E9%A3%9B%E8%9D%97%E5%9B%B3%E3%80%80%E7%9C%9F%E4%BD%9C%E3%80%80%E7%9C%9F%E7%AD%86%E4%BF%9D%E8%A8%BC%E3%80%80%E5%85%B1%E7%AE%B1%E3%80%80%E9%87%91%E8%A5%B4%E8%A1%A8%E8%A3%85%E3%80%80%E9%8F%91%E6%9C%A8%E6%B8%85%E6%96%B9%E3%81%AB%E5%B8%AB%E4%BA%8B%E3%80%80%E6%AD%8C%E5%B7%9D%E6%B4%BE%E6%B5%AE%E4%B8%96%E7%B5%B5%E5%B8%AB%E3%80%80%E7%BE%8E%E4%BA%BA%E7%94%BB%E5%AE%B6 HTTP/1.1" 200 0 "-" "Mozilla/5.0 AppleWebKit/537.36 (KHTML, like Gecko; compatible; bingbot/2.0; +http://www.bing.com/bingbot.htm) Chrome/116.0.1938.76 Safari/537.36"
66.249.73.102 - - [26/Apr/2025:04:57:09 -0400] "GET /?i=3168018500302&channel=89a1db&from=article.php%3Fid%3D185003-5093%26name%3D%E7%B5%B5%E7%94%BB+%E3%83%87%E3%83%93%E3%83%83%E3%83%89+%E3%82%BB%E3%83%80%E3%83%AA%E3%82%A2+%E3%83%91%E3%83%BC%E3%83%97%E3%83%AB+%E3%82%A4%E3%83%B3%E3%82%B9%E3%83%94%E3%83%AC%E3%83%BC%E3%82%B7%E3%83%A7%E3%83%B3I%2F%E3%82%A4%E3%83%B3%E3%83%86%E3%83%AA%E3%82%A2+%E9%A1%8D%E5%85%A5%E3%82%8A+%E9%A1%8D%E8%A3%85%E8%BE%BC+%E9%A2%A8%E6%99%AF%E7%94%BB+%E6%B2%B9%E7%B5%B5+%E3%83%9D%E3%82%B9%E3%82%BF%E3%83%BC+%E3%82%A2%E3%83%BC%E3%83%88+%E3%82%A2%E3%83%BC%E3%83%88%E3%83%91%E3%83%8D%E3%83%AB+%E3%83%AA%E3%83%93%E3%83%B3%E3%82%B0+%E7%8E%84%E9%96%A2+%E3%83%97%E3%83%AC%E3%82%BC%E3%83%B3%E3%83%88+%E3%83%A2%E3%83%80%E3%83%B3+%E3%82%A2%E3%83%BC%E3%83%88%E3%83%95%E3%83%AC%E3%83%BC%E3%83%A0+%E9%A3%BE%E3%82%8B+3L%E3%82%B5%E3%82%A4%E3%82%BA+%E3%81%8A%E3%81%97%E3%82%83%E3%82%8C+%E5%A3%81%E6%8E%9B%E3%81%91+%E7%B5%B5 HTTP/1.1" 200 0 "-" "Mozilla/5.0 (Linux; Android 6.0.1; Nexus 5X Build/MMB29P) AppleWebKit/537.36 (KHTML, like Gecko) Chrome/135.0.7049.95 Mobile Safari/537.36 (compatible; GoogleOther)"
52.167.144.16 - - [26/Apr/2025:04:57:10 -0400] "GET /?i=69284139218805&channel=ddc351&from=news.php%3Fid%3D1392188-3064%26name%3D%E3%82%B7%E3%83%AB%E3%83%90%E3%83%BC%E3%82%AB%E3%83%BC+%E3%82%B7%E3%83%8B%E3%82%A2%E3%82%AB%E3%83%BC%E3%83%88+%E9%AB%98%E9%BD%A2%E8%80%85+%E3%81%8A%E3%81%97%E3%82%83%E3%82%8C+%E5%BA%A7%E3%82%8C%E3%82%8B+%E3%83%8F%E3%83%BC%E3%83%A2%E3%83%8B%E3%83%BCAL2+%E5%B3%B6%E8%A3%BD%E4%BD%9C%E6%89%80+%E2%94%82+%E3%82%B7%E3%83%8B%E3%82%A2+%E6%89%8B%E6%8A%BC%E3%81%97%E8%BB%8A+%E6%8A%98%E3%82%8A%E3%81%9F%E3%81%9F%E3%81%BF+%E3%82%AD%E3%83%A3%E3%83%AA%E3%83%BC+%E3%81%8A%E8%B2%B7%E3%81%84%E7%89%A9+%E3%82%B7%E3%83%A7%E3%83%83%E3%83%94%E3%83%B3%E3%82%B0+%E3%82%A2%E3%82%A6%E3%83%88%E3%83%89%E3%82%A2+%E3%82%AB%E3%82%B4%E5%8F%97%E3%81%91+%E3%82%AB%E3%82%B4%E7%BD%AE%E3%81%91%E3%82%8B+%E3%82%A2%E3%83%AB%E3%83%9F+%E3%82%AB%E3%83%BC%E3%83%88+%E6%8C%81%E3%81%A1%E9%81%8B%E3%81%B3+%E3%82%A2%E3%82%A6%E3%83%88%E3%83%89%E3%82%A2+%E3%82%AA%E3%82%B7%E3%83%A3%E3%83%AC+%E3%82%B7%E3%83%B3%E3%83%97%E3%83%AB+%E3%83%95%E3%82%BF%E4%BB%98%E3%81%8D+%E5%BA%A7%E9%9D%A2+%E5%82%98%E5%8F%97%E3%81%91+%E5%82%98%E7%BD%AE%E3%81%8D+%E4%BB%8B%E8%AD%B7%E7%94%A8%E5%93%81 HTTP/1.1" 200 0 "-" "Mozilla/5.0 AppleWebKit/537.36 (KHTML, like Gecko; compatible; bingbot/2.0; +http://www.bing.com/bingbot.htm) Chrome/116.0.1938.76 Safari/537.36"
66.249.73.101 - - [26/Apr/2025:04:57:39 -0400] "GET /?i=8837832809204&channel=f31b60&from=article.php%3Fid%3D328092-10216%26name%3D%E8%B5%A4%E8%89%B2%E3%83%97%E3%83%AA%E3%83%BC%E3%83%84%E8%A2%B4%E3%81%A8%E8%8A%B1%E6%9F%84%E7%9D%80%E7%89%A9%E3%82%BB%E3%83%83%E3%83%88 HTTP/1.1" 200 55002 "-" "Mozilla/5.0 (Linux; Android 6.0.1; Nexus 5X Build/MMB29P) AppleWebKit/537.36 (KHTML, like Gecko) Chrome/135.0.7049.95 Mobile Safari/537.36 (compatible; Googlebot/2.1; +http://www.google.com/bot.html)"
52.167.144.228 - - [26/Apr/2025:04:57:55 -0400] "GET /?i=2032691973907&channel=2bae9b&from=shared.php%3Fid%3D919739-564%26name%3D%E3%82%BFF0117%E2%97%86%282%29%E3%80%90H39cm%C3%97W217cm%E3%80%91%E2%97%86%E7%89%B9%E5%A4%A7%E2%97%86%E3%83%AC%E3%83%88%E3%83%AD%E3%81%AA%E5%91%B3%E3%82%8F%E3%81%84%E3%81%AE%E6%9C%A8%E8%A3%BD%E6%AC%84%E9%96%93%E2%97%86%E5%BB%BA%E5%85%B7+%E3%83%A9%E3%83%B3%E3%83%9E+%E7%B5%84%E5%AD%90%E7%B4%B0%E5%B7%A5+%E5%8F%A4%E6%B0%91%E5%AE%B6+%E3%83%AC%E3%83%88%E3%83%AD+%E5%92%8C%E5%AE%A4+%E3%82%A2%E3%83%B3%E3%83%86%E3%82%A3%E3%83%BC%E3%82%AF+%E3%82%AA%E3%83%96%E3%82%B8%E3%82%A7L%E7%AC%B91 HTTP/1.1" 200 0 "-" "Mozilla/5.0 AppleWebKit/537.36 (KHTML, like Gecko; compatible; bingbot/2.0; +http://www.bing.com/bingbot.htm) Chrome/116.0.1938.76 Safari/537.36"
66.249.73.101 - - [26/Apr/2025:04:57:55 -0400] "GET /?i=5282286832705&channel=77ceb0&from=news.php%3Fid%3D868327-13466%26name%3D%E3%80%8E%E6%B8%85%E3%83%BB%E4%B9%BE%E9%9A%86%E5%B9%B4%E8%A3%BD%E6%AC%BE%E3%83%BB%E5%8F%A4%E9%99%B6%E7%A3%81%E5%99%A8%E3%83%BB%E9%BB%84%E5%9C%B0%E7%B2%89%E5%BD%A9%E8%8A%B1%E5%8D%89%E7%B4%8B%E8%8A%B1%E9%96%8B%E5%AF%8C%E8%B2%B4%E5%9B%B3%E5%A4%A9%E7%90%83%E7%93%B6%E3%80%8F%E6%A5%B5%E7%B4%B0%E5%B7%A5%E3%83%BB%E9%AA%A8%E8%91%A3%E5%93%81%E3%83%BB%E5%8F%A4%E8%B3%9E%E7%89%A9%E3%83%BB%E4%B8%AD%E5%9B%BD%E5%8F%A4%E7%8E%A9%E3%83%BB%E4%B8%AD%E5%9B%BD%E5%8F%A4%E7%BE%8E%E8%A1%93 HTTP/1.1" 200 0 "-" "Mozilla/5.0 (Linux; Android 6.0.1; Nexus 5X Build/MMB29P) AppleWebKit/537.36 (KHTML, like Gecko) Chrome/135.0.7049.95 Mobile Safari/537.36 (compatible; GoogleOther)"
66.249.74.11 - - [26/Apr/2025:04:58:12 -0400] "GET /?i=9208754873602&channel=ef9dab&from=jp.php%3Fid%3D548736-17041%26name%3DFULZTEY+%E3%83%A9%E3%82%A4%E3%83%B3%E3%82%B9%E3%83%88%E3%83%BC%E3%83%B3%E3%83%AA%E3%83%9C%E3%83%B3%E3%83%AD%E3%83%BC%E3%83%AB%E3%80%814%E3%83%A4%E3%83%BC%E3%83%89+%E3%83%A9%E3%82%A4%E3%83%88%E3%83%91%E3%83%BC%E3%83%97%E3%83%AB+%E8%87%AA%E5%B7%B1%E7%B2%98%E7%9D%80%E3%83%A9%E3%82%A4%E3%83%B3%E3%82%B9%E3%83%88%E3%83%BC%E3%83%B3%E3%82%B9%E3%83%88%E3%83%AA%E3%83%83%E3%83%97%E3%80%81DIY%E3%82%AF%E3%83%A9%E3%83%95%E3%83%88%E8%A3%85%E9%A3%BE%E7%94%A8%E3%81%AE%E3%82%A2%E3%82%BD%E3%83%BC HTTP/1.1" 200 0 "-" "Mozilla/5.0 (Linux; Android 6.0.1; Nexus 5X Build/MMB29P) AppleWebKit/537.36 (KHTML, like Gecko) Chrome/135.0.7049.95 Mobile Safari/537.36 (compatible; GoogleOther)"
66.249.73.102 - - [26/Apr/2025:04:58:19 -0400] "GET /?i=80808121389001&channel=75d595&from=product.php%3Fid%3D1213890-4912%26name%3DCELERI+%2F+%E3%82%BB%E3%83%AB%E3%83%AA+%7C+2023SS+%7C+Deuxieme+Classe%E5%8F%96%E3%82%8A%E6%89%B1%E3%81%84+FLARE+%E3%82%B9%E3%83%AA%E3%83%BC%E3%83%96%E3%83%AC%E3%82%B9+%E3%83%96%E3%83%A9%E3%82%A6%E3%82%B9+%7C+F+%7C+%E3%83%96%E3%83%A9%E3%83%83%E3%82%AF+%7C+%E3%83%AC%E3%83%87%E3%82%A3%E3%83%BC%E3%82%B9 HTTP/1.1" 200 54484 "-" "Mozilla/5.0 (Linux; Android 6.0.1; Nexus 5X Build/MMB29P) AppleWebKit/537.36 (KHTML, like Gecko) Chrome/135.0.7049.95 Mobile Safari/537.36 (compatible; Googlebot/2.1; +http://www.google.com/bot.html)"
66.249.73.101 - - [26/Apr/2025:04:58:26 -0400] "GET /?i=21898116865900&channel=25e7be&from=category-info.php%3Fid%3D1168659-1734%26name%3D%E6%96%B0%E5%93%81%E3%80%80Merlette+%E3%83%9E%E3%82%AD%E3%82%B7%E3%83%86%E3%82%A3%E3%82%A2%E3%83%BC%E3%83%89%E3%83%AF%E3%83%B3%E3%83%94%E3%83%BC%E3%82%B9%E3%80%80MAIDA%E3%80%80%E3%83%9E%E3%83%BC%E3%83%AC%E3%83%83%E3%83%88+%E9%BB%92 HTTP/1.1" 200 0 "-" "Mozilla/5.0 (Linux; Android 6.0.1; Nexus 5X Build/MMB29P) AppleWebKit/537.36 (KHTML, like Gecko) Chrome/135.0.7049.95 Mobile Safari/537.36 (compatible; GoogleOther)"
66.249.73.101 - - [26/Apr/2025:04:59:58 -0400] "GET /?i=6895792759905&channel=973e68&from=article.php%3Fid%3D927599-7917%26name%3D%E3%82%B3%E3%82%A4%E3%82%BA%E3%83%9F%E7%85%A7%E6%98%8E+LED%E3%83%96%E3%83%A9%E3%82%B1%E3%83%83%E3%83%88%E3%83%A9%E3%82%A4%E3%83%88+%E8%AA%BF%E5%85%89+100W%E7%9B%B8%E5%BD%93+%E9%AB%98%E6%BC%94%E8%89%B2+%E3%83%9E%E3%83%83%E3%83%88%E3%83%96%E3%83%A9%E3%83%83%E3%82%AF+%E9%9B%BB%E7%90%83%E8%89%B2%3AAB54807 HTTP/1.1" 200 0 "-" "Mozilla/5.0 (Linux; Android 6.0.1; Nexus 5X Build/MMB29P) AppleWebKit/537.36 (KHTML, like Gecko) Chrome/135.0.7049.95 Mobile Safari/537.36 (compatible; GoogleOther)"
52.167.144.156 - - [26/Apr/2025:04:59:59 -0400] "GET /?i=9081213519105&channel=c56d6d&from=shared.php%3Fid%3D135191-4666%26name%3D%E5%AE%9D%E7%9F%B3%E9%91%91%E5%88%A5%E6%9B%B8%E3%80%80%E3%82%BB%E3%82%A4%E3%83%AC%E3%83%BC%E3%83%B3%E3%82%A2%E3%82%BA%E3%83%BC%E3%83%AD%E3%80%80%E3%83%AA%E3%83%A1%E3%82%A4%E3%82%AF%E3%80%80%E3%83%9A%E3%83%B3%E3%83%80%E3%83%B3%E3%83%88%E3%83%88%E3%83%83%E3%83%97%E3%80%800.79ct HTTP/1.1" 200 0 "-" "Mozilla/5.0 AppleWebKit/537.36 (KHTML, like Gecko; compatible; bingbot/2.0; +http://www.bing.com/bingbot.htm) Chrome/116.0.1938.76 Safari/537.36"
52.167.144.140 - - [26/Apr/2025:05:00:10 -0400] "GET /?i=1601162384702&channel=f8ddef&from=info.php%3Fid%3D623847-12265%26name%3DApple+Watch+Ultra+%E6%9C%AC%E4%BD%93%E3%80%80%E3%83%9B%E3%83%AF%E3%82%A4%E3%83%88%E3%82%AA%E3%83%BC%E3%82%B7%E3%83%A3%E3%83%B3%E3%83%90%E3%83%B3%E3%83%89 HTTP/1.1" 200 0 "-" "Mozilla/5.0 AppleWebKit/537.36 (KHTML, like Gecko; compatible; bingbot/2.0; +http://www.bing.com/bingbot.htm) Chrome/116.0.1938.76 Safari/537.36"
66.249.73.102 - - [26/Apr/2025:05:00:10 -0400] "GET /?i=2427115276502&channel=6f3e16&from=goods.php%3Fid%3D152765-9916%26name%3D%E7%94%A8Maserati+Grecale+2022+2023+%E6%9C%80%E5%BC%B7%E9%98%B2%E9%A2%A8%E6%97%85%E8%A1%8C%E7%94%A8%E5%82%98+%E5%B0%8F%E5%9E%8B%E3%81%A7%E4%B8%88%E5%A4%AB%E3%81%AA%E3%81%8C%E3%82%89%E8%BB%BD%E9%87%8F%E3%81%AA%E3%83%9D%E3%83%BC%E3%82%BF%E3%83%96%E3%83%AB%E6%8A%98%E3%82%8A%E3%81%9F%E3%81%9F%E3%81%BF%E9%9B%A8%E5%82%98%E3%80%81%E8%80%90%E4%B9%85%E6%80%A7%E3%81%AE%E3%81%82 HTTP/1.1" 200 53434 "-" "Mozilla/5.0 (Linux; Android 6.0.1; Nexus 5X Build/MMB29P) AppleWebKit/537.36 (KHTML, like Gecko) Chrome/135.0.7049.95 Mobile Safari/537.36 (compatible; Googlebot/2.1; +http://www.google.com/bot.html)"
20.15.133.191 - - [26/Apr/2025:05:00:37 -0400] "GET /?i=6290230924100&channel=0a0425&from=news.php%3Fid%3D309241-845%26name%3DBRZ+%E5%BE%8C%E6%9C%9F%E3%83%90%E3%83%B3%E3%83%91%E3%83%BC HTTP/1.1" 200 0 "-" "Mozilla/5.0 AppleWebKit/537.36 (KHTML, like Gecko; compatible; bingbot/2.0; +http://www.bing.com/bingbot.htm) Chrome/116.0.1938.76 Safari/537.36"
66.249.73.103 - - [26/Apr/2025:05:01:10 -0400] "GET /?i=63082108130506&channel=25e7be&from=news.php%3Fid%3D1081305-1734%26name%3D%E3%82%A2%E3%83%8A%E3%82%A4+%E3%83%9A%E3%82%A4%E3%82%BA%E3%83%AA%E3%83%BC%E5%88%BA%E7%B9%8D%E3%82%B7%E3%82%A2%E3%82%B5%E3%83%83%E3%82%AB%E3%83%BC%E3%83%AD%E3%83%B3%E3%82%B0%E3%83%AF%E3%83%B3%E3%83%94%E3%83%BC%E3%82%B9+%E3%83%9E%E3%82%AD%E3%82%B7%E4%B8%88+%E3%83%8E%E3%83%BC%E3%82%B9%E3%83%AA%E3%83%BC%E3%83%96+%E3%81%9D%E3%82%8D%E3%81%86 HTTP/1.1" 200 0 "-" "Mozilla/5.0 (Linux; Android 6.0.1; Nexus 5X Build/MMB29P) AppleWebKit/537.36 (KHTML, like Gecko) Chrome/135.0.7049.95 Mobile Safari/537.36 (compatible; GoogleOther)"
52.167.144.156 - - [26/Apr/2025:05:01:28 -0400] "GET /?i=03768108555204&channel=7f4639&from=goods.php%3Fid%3D1085552-607%26name%3D%E3%80%9023%E5%B9%B4%E8%A3%BD%E3%83%BB%E3%83%90%E3%83%AA%E5%B1%B1%E3%80%91155%2F65R14%E3%82%BF%E3%82%A4%E3%83%A4%E3%83%9B%E3%82%A4%E3%83%BC%E3%83%AB%E3%82%BB%E3%83%83%E3%83%88 HTTP/1.1" 200 0 "-" "Mozilla/5.0 AppleWebKit/537.36 (KHTML, like Gecko; compatible; bingbot/2.0; +http://www.bing.com/bingbot.htm) Chrome/116.0.1938.76 Safari/537.36"
66.249.73.101 - - [26/Apr/2025:05:01:33 -0400] "GET /?i=7901212552901&channel=c1fd8b&from=article.php%3Fid%3D125529-157%26name%3D%E3%83%95%E3%83%AD%E3%82%A2%E3%83%A9%E3%83%B3%E3%83%97%E3%82%B9%E3%82%BF%E3%83%B3%E3%83%87%E3%82%A3%E3%83%B3%E3%82%B0%E3%83%A9%E3%83%B3%E3%83%97%E3%80%81+%E3%83%95%E3%83%AD%E3%82%A2%E3%83%A9%E3%83%B3%E3%83%97%E5%B8%83%E3%82%B7%E3%82%A7%E3%83%BC%E3%83%89%E3%81%A8%E3%82%B9%E3%83%81%E3%83%BC%E3%83%AB%E3%83%96%E3%83%A9%E3%82%B7%E3%83%99%E3%83%BC%E3%82%B9%E3%80%81%E3%83%AA%E3%83%93%E3%83%B3%E3%82%B0%E3%83%AB%E3%83%BC%E3%83%A0%E3%81%A8%E3%83%99%E3%83%83%E3%83%89%E3%83%AB%E3%83%BC%E3%83%A0%E3%83%99%E3%83%83%E3%83%89%E3%82%B5%E3%82%A4%E3%83%89%E3%81%AE%E3%82%B3%E3%83%BC%E3%83%8A%E3%83%BC HTTP/1.1" 200 0 "-" "Mozilla/5.0 (Linux; Android 6.0.1; Nexus 5X Build/MMB29P) AppleWebKit/537.36 (KHTML, like Gecko) Chrome/135.0.7049.95 Mobile Safari/537.36 (compatible; GoogleOther)"
52.167.144.232 - - [26/Apr/2025:05:01:54 -0400] "GET /?i=8262357311018&channel=705ccf&from=news.php%3Fid%3D573110-3110%26name%3D%E3%80%9022%E6%97%A5%E9%99%90%E5%AE%9A%E3%83%9D%E3%82%A4%E3%83%B3%E3%83%8810%E5%80%8D%E3%80%91+%E3%82%B7%E3%83%A7%E3%83%AB%E3%83%80%E3%83%BC%E3%83%90%E3%83%83%E3%82%B0+%E3%83%A1%E3%83%B3%E3%82%BA+%E3%81%8B%E3%81%A3%E3%81%93%E3%81%84%E3%81%84+%E6%9C%AC%E9%9D%A9+%E6%96%9C%E3%82%81%E3%81%8C%E3%81%91+%E3%83%96%E3%83%A9%E3%83%B3%E3%83%89+%E8%BB%BD%E9%87%8F+%E3%83%AC%E3%82%B6%E3%83%BC+%E5%A4%A7%E4%BA%BA+%E4%B8%8A%E5%93%81+%E9%9D%A9+%E3%82%B3%E3%83%B3%E3%83%91%E3%82%AF%E3%83%88+%E8%96%84%E5%9E%8B+%E5%B0%8F%E3%81%95%E3%81%84+%E3%83%9F%E3%83%8B%E3%82%B7%E3%83%A7%E3%83%AB%E3%83%80%E3%83%BC+%E5%B0%8F%E3%81%95%E3%82%81+%E3%82%B7%E3%83%A7%E3%83%AB%E3%83%80%E3%83%BC+%E3%83%90%E3%83%83%E3%82%B0+%E3%83%A1%E3%83%B3%E3%82%BA%E9%9D%A9%E3%83%90%E3%83%83%E3%82%B0+%E3%81%8A%E3%81%97%E3%82%83%E3%82%8C+%E9%AB%98%E7%B4%9A+%E3%82%B7%E3%83%B3%E3%83%97%E3%83%AB+%E6%97%85%E8%A1%8C+%E3%82%AB%E3%82%B8%E3%83%A5%E3%82%A2%E3%83%AB+%E3%83%95%E3%82%A9%E3%83%BC%E3%83%9E%E3%83%AB+%E8%BB%BD%E3%81%84+%E9%9E%84+%E8%87%AA%E7%AB%8B+JOYA HTTP/1.1" 200 0 "-" "Mozilla/5.0 AppleWebKit/537.36 (KHTML, like Gecko; compatible; bingbot/2.0; +http://www.bing.com/bingbot.htm) Chrome/116.0.1938.76 Safari/537.36"
66.249.73.101 - - [26/Apr/2025:05:01:56 -0400] "GET /?i=7732756692606&channel=c2da0d&from=article.php%3Fid%3D566926-6238%26name%3DUT%E2%98%86%E3%83%97%E3%83%AD%E3%82%AE%E3%82%A2+%E2%98%86RS+JUST%E2%98%86MCH70%E2%98%8622%E5%BA%A6%E2%98%86%E3%83%95%E3%83%AC%E3%83%83%E3%82%AF%E3%82%B9R%E2%98%8639.75in%E2%98%86D-2%E2%98%86%E9%87%8D%E9%87%8F364g%E2%98%86%E3%83%A1%E3%83%B3%E3%82%BA%E5%8F%B3%E2%98%86%E5%8D%B3%E6%B1%BA%E4%BE%A1%E6%A0%BC HTTP/1.1" 200 0 "-" "Mozilla/5.0 (Linux; Android 6.0.1; Nexus 5X Build/MMB29P) AppleWebKit/537.36 (KHTML, like Gecko) Chrome/135.0.7049.95 Mobile Safari/537.36 (compatible; GoogleOther)"
52.167.144.140 - - [26/Apr/2025:05:03:00 -0400] "GET /?i=3720873033904&channel=d06b21&from=product.php%3Fid%3D730339-8607%26name%3D%E7%AB%B9%E9%A6%AC%E3%80%80%E7%9B%86%E6%A0%BD%E9%89%A2%E3%80%80%E6%A4%8D%E6%9C%A8%E9%89%A2%E3%80%80%E5%B1%B1%E9%87%8E%E8%8D%89%E9%89%A2+%E3%8A%B7 HTTP/1.1" 200 0 "-" "Mozilla/5.0 AppleWebKit/537.36 (KHTML, like Gecko; compatible; bingbot/2.0; +http://www.bing.com/bingbot.htm) Chrome/116.0.1938.76 Safari/537.36"
52.167.144.156 - - [26/Apr/2025:05:03:09 -0400] "GET /?i=92144111519710&channel=7a14e7&from=article.php%3Fid%3D1115197-13964%26name%3DTYR%E3%83%86%E3%82%A3%E3%82%A2+%E3%83%A1%E3%83%B3%E3%82%BA+%E3%83%88%E3%83%A9%E3%82%A4%E3%82%A2%E3%82%B9%E3%83%AD%E3%83%B3%E3%83%BB%E3%83%90%E3%83%83%E3%82%AF%E3%82%B8%E3%83%83%E3%83%91%E3%83%BC HTTP/1.1" 200 0 "-" "Mozilla/5.0 AppleWebKit/537.36 (KHTML, like Gecko; compatible; bingbot/2.0; +http://www.bing.com/bingbot.htm) Chrome/116.0.1938.76 Safari/537.36"
20.15.133.191 - - [26/Apr/2025:05:03:36 -0400] "GET /?i=27396137621700&channel=7b8f4d&from=category-info.php%3Fid%3D1376217-12957%26name%3D%E3%80%90tahi%E6%A7%98%E5%B0%82%E7%94%A8%E3%80%91%E3%82%A4%E3%82%B0%E3%83%8B%E3%82%B9%2F%E3%83%9B%E3%83%AF%E3%82%A4%E3%83%88%E3%83%8F%E3%83%BC%E3%83%90%E3%83%AB%E3%83%8E%E3%83%BC%E3%83%96%E3%83%AB%E3%83%9F%E3%83%AB%E3%82%AF%EF%BC%92%E6%9C%AC%E3%82%BB%E3%83%83%E3%83%88 HTTP/1.1" 200 0 "-" "Mozilla/5.0 AppleWebKit/537.36 (KHTML, like Gecko; compatible; bingbot/2.0; +http://www.bing.com/bingbot.htm) Chrome/116.0.1938.76 Safari/537.36"
66.249.73.102 - - [26/Apr/2025:05:04:11 -0400] "GET /?i=5791742039700&channel=736cd9&from=product.php%3Fid%3D420397-642%26name%3D%E3%80%90%E3%82%B9%E3%83%BC%E3%83%91%E3%83%BC%E3%82%BB%E3%83%BC%E3%83%AB34%25OFF%E3%80%91+%E3%83%AB%E3%82%A4%E3%83%B4%E3%82%A3%E3%83%88%E3%83%B3+%E3%82%B9%E3%82%AB%E3%83%BC%E3%83%95+%E3%83%AC%E3%83%87%E3%82%A3%E3%83%BC%E3%82%B9+%E3%83%A2%E3%83%8E%E3%82%B0%E3%83%A9%E3%83%A0+%E3%83%95%E3%82%A1%E3%83%83%E3%82%B7%E3%83%A7%E3%83%B3%E3%82%A2%E3%82%A4%E3%83%86%E3%83%A0+%E5%B0%8F%E7%89%A9+%E3%82%B7%E3%83%A7%E3%83%BC%E3%83%AB+LOUIS+VUITTON+%E3%82%B7%E3%83%AB%E3%82%AF++++%E3%83%96%E3%83%A9%E3%83%83%E3%82%AF+%E9%BB%92+%E7%BE%8E%E5%93%81%E3%80%90%E4%B8%AD%E5%8F%A4%E5%93%81%E3%80%91 HTTP/1.1" 200 0 "-" "Mozilla/5.0 (Linux; Android 6.0.1; Nexus 5X Build/MMB29P) AppleWebKit/537.36 (KHTML, like Gecko) Chrome/135.0.7049.95 Mobile Safari/537.36 (compatible; GoogleOther)"
66.249.73.101 - - [26/Apr/2025:05:04:21 -0400] "GET /?i=2026253057907&channel=44e34b&from=goods.php%3Fid%3D530579-673%26name%3D%E3%82%AF%E3%83%A9%E3%83%83%E3%83%81%E3%83%96%E3%83%AC%E3%83%BC%E3%82%AD%E3%83%AC%E3%83%90%E3%83%BC%E3%81%AB%E9%81%A9%E5%90%88%E3%81%99%E3%82%8B%E3%83%9B%E3%83%B3%E3%83%80+CB599+CB600+1998-2006%E3%82%AA%E3%83%BC%E3%83%88%E3%83%90%E3%82%A4%E3%81%AE%E3%82%AF%E3%83%A9%E3%83%83%E3%83%81%E3%83%96%E3%83%AC%E3%83%BC%E3%82%AD%E3%83%AC%E3%83%90%E3%83%BC+6+%E3%83%9D%E3%82%B8%E3%82%B7%E3%83%A7%E3%83%B3 HTTP/1.1" 200 0 "-" "Mozilla/5.0 (Linux; Android 6.0.1; Nexus 5X Build/MMB29P) AppleWebKit/537.36 (KHTML, like Gecko) Chrome/135.0.7049.95 Mobile Safari/537.36 (compatible; GoogleOther)"
66.249.73.101 - - [26/Apr/2025:05:04:35 -0400] "GET /?i=1192089774301&channel=37f6f2&from=product.php%3Fid%3D897743-5023%26name%3Dsnidel+%E3%80%90WEB%E9%99%90%E5%AE%9A%E3%80%91%E3%83%8B%E3%83%83%E3%83%88%E3%83%89%E3%83%83%E3%82%AD%E3%83%B3%E3%82%B0%E3%83%97%E3%83%AA%E3%83%B3%E3%83%88%E3%83%AF%E3%83%B3%E3%83%94%E3%83%BC%E3%82%B9+%E4%B8%8D%E5%90%89 HTTP/1.1" 200 0 "-" "Mozilla/5.0 (Linux; Android 6.0.1; Nexus 5X Build/MMB29P) AppleWebKit/537.36 (KHTML, like Gecko) Chrome/135.0.7049.95 Mobile Safari/537.36 (compatible; GoogleOther)"
52.167.144.232 - - [26/Apr/2025:05:04:45 -0400] "GET /?i=6059067728705&channel=4e8dd0&from=info.php%3Fid%3D677287-504%26name%3D%E3%82%A8%E3%83%AB%E3%83%A1%E3%82%B9%E3%80%80%E3%82%A8%E3%83%BC%E3%83%AB%E3%83%90%E3%83%83%E3%82%B0%E3%80%80%E5%BB%83%E7%9B%A4%E3%83%B4%E3%82%A3%E3%83%96%E3%83%A9%E3%83%BC%E3%83%88%E5%B8%8C%E5%B0%91 HTTP/1.1" 200 0 "-" "Mozilla/5.0 AppleWebKit/537.36 (KHTML, like Gecko; compatible; bingbot/2.0; +http://www.bing.com/bingbot.htm) Chrome/116.0.1938.76 Safari/537.36"
66.249.73.102 - - [26/Apr/2025:05:05:49 -0400] "GET /?i=25107102463002&channel=25e7be&from=category-info.php%3Fid%3D1024630-1734%26name%3D%E2%98%85Darich%E2%98%85%E3%83%9D%E3%82%A4%E3%83%B3%E3%83%88%E3%83%A1%E3%83%83%E3%82%B7%E3%83%A5%E3%83%AF%E3%83%B3%E3%83%94%E3%83%BC%E3%82%B9 HTTP/1.1" 200 52587 "-" "Mozilla/5.0 (Linux; Android 6.0.1; Nexus 5X Build/MMB29P) AppleWebKit/537.36 (KHTML, like Gecko) Chrome/135.0.7049.95 Mobile Safari/537.36 (compatible; Googlebot/2.1; +http://www.google.com/bot.html)"
52.167.144.156 - - [26/Apr/2025:05:05:49 -0400] "GET /?i=09839195415100&channel=f5083e&from=goods.php%3Fid%3D1954151-1458%26name%3D%E9%AB%98%E9%A0%88%E7%94%A3%E6%A5%AD+%E6%8F%9B%E6%B0%97%E6%89%87%E4%BA%A4%E6%8F%9B%E7%94%A8%E3%83%95%E3%82%A3%E3%83%AB%E3%82%BF%E3%83%BC+25cm%E3%83%95%E3%82%A3%E3%83%AB%E3%82%BF%E3%83%BC%E3%82%BF%E3%82%A4%E3%83%97%E6%8F%9B%E6%B0%97%E6%89%87%28FF-250%29%E7%94%A8+3%E6%9E%9A%E5%85%A5%E3%82%8A+F-250 HTTP/1.1" 200 0 "-" "Mozilla/5.0 AppleWebKit/537.36 (KHTML, like Gecko; compatible; bingbot/2.0; +http://www.bing.com/bingbot.htm) Chrome/116.0.1938.76 Safari/537.36"
52.167.144.156 - - [26/Apr/2025:05:05:50 -0400] "GET /?i=22497152183207&channel=1f482e&from=pin.php%3Fid%3D1521832-19490%26name%3DPhone+HDMI%E5%A4%89%E6%8F%9B%E3%82%A2%E3%83%80%E3%83%97%E3%82%BF+1080P%E3%83%95%E3%83%ABHD%E3%83%BB%E7%B5%A6%E9%9B%BB%E4%B8%8D%E8%A6%81 HTTP/1.1" 200 0 "-" "Mozilla/5.0 AppleWebKit/537.36 (KHTML, like Gecko; compatible; bingbot/2.0; +http://www.bing.com/bingbot.htm) Chrome/116.0.1938.76 Safari/537.36"
66.249.74.11 - - [26/Apr/2025:05:06:03 -0400] "GET /88867209917.shtml HTTP/1.1" 200 53115 "-" "Mozilla/5.0 (Linux; Android 6.0.1; Nexus 5X Build/MMB29P) AppleWebKit/537.36 (KHTML, like Gecko) Chrome/135.0.7049.95 Mobile Safari/537.36 (compatible; Googlebot/2.1; +http://www.google.com/bot.html)"
66.249.73.101 - - [26/Apr/2025:05:06:23 -0400] "GET /?i=07371136342301&channel=ef1569&from=news.php%3Fid%3D1363423-5620%26name%3D%E3%82%B9%E3%83%A9%E3%82%A4%E3%83%90%E3%83%BC+%E3%83%9C%E3%83%B3%E3%83%87%E3%82%A3%E3%83%B3%E3%82%B0+%E3%83%94%E3%83%BC%E3%82%B3%E3%83%BC%E3%83%88%E3%80%80SHIPS HTTP/1.1" 200 0 "-" "Mozilla/5.0 (Linux; Android 6.0.1; Nexus 5X Build/MMB29P) AppleWebKit/537.36 (KHTML, like Gecko) Chrome/135.0.7049.95 Mobile Safari/537.36 (compatible; GoogleOther)"
20.15.133.191 - - [26/Apr/2025:05:06:47 -0400] "GET /?i=86685150921102&channel=2ae3f2&from=goods.php%3Fid%3D1509211-7978%26name%3D%E7%84%A1%E5%8D%B0%E3%82%B9%E3%83%BC%E3%83%84%E3%82%B1%E3%83%BC%E3%82%B9 HTTP/1.1" 200 0 "-" "Mozilla/5.0 AppleWebKit/537.36 (KHTML, like Gecko; compatible; bingbot/2.0; +http://www.bing.com/bingbot.htm) Chrome/116.0.1938.76 Safari/537.36"
52.167.144.140 - - [26/Apr/2025:05:06:51 -0400] "GET /?i=8867325498203&channel=f1bded&from=product.php%3Fid%3D254982-12335%26name%3DLITLG+%E3%82%B7%E3%83%B3%E3%82%B0%E3%83%AB%E3%82%B9%E6%AF%9B%E7%B3%B8+4%E8%89%B2%E3%82%BB%E3%83%83%E3%83%88 HTTP/1.1" 200 0 "-" "Mozilla/5.0 AppleWebKit/537.36 (KHTML, like Gecko; compatible; bingbot/2.0; +http://www.bing.com/bingbot.htm) Chrome/116.0.1938.76 Safari/537.36"
52.167.144.140 - - [26/Apr/2025:05:06:52 -0400] "GET /?i=11917148096608&channel=59a858&from=blog.php%3Fid%3D1480966-665%26name%3D%E3%83%A6%E3%83%BC%E3%82%AB%E3%83%AA+%EF%BC%88%E3%83%9D%E3%83%9D%E3%83%A9%E3%82%B9%EF%BC%89%3CBR%3E8%E7%A8%AE%E9%A1%9E%E3%81%8B%E3%82%89%E3%81%8A%E9%81%B8%E3%81%B3%E3%81%84%E3%81%9F%E3%81%A0%E3%81%91%E3%81%BE%E3%81%99%EF%BC%81+%3CBR%3E3%E5%8F%B7%EF%BC%88%E7%9B%B4%E5%BE%849cm%EF%BC%89%E3%83%9D%E3%83%83%E3%83%88%E8%8B%97+1%E6%A0%AA+%3CBR%3E%E5%B8%B8%E7%B7%91%E9%AB%98%E6%9C%A8+%E8%A6%B3%E8%91%89%E6%A4%8D%E7%89%A9+%E8%8A%B1%E8%8B%97 HTTP/1.1" 200 0 "-" "Mozilla/5.0 AppleWebKit/537.36 (KHTML, like Gecko; compatible; bingbot/2.0; +http://www.bing.com/bingbot.htm) Chrome/116.0.1938.76 Safari/537.36"
52.167.144.140 - - [26/Apr/2025:05:06:52 -0400] "GET /?i=8881869489500&channel=964816&from=shop.php%3Fid%3D694895-551%26name%3D605.%E3%83%97%E3%83%AD%E3%82%B9%E3%83%86%E3%82%A4%E3%82%BF%E3%82%B9%E8%BB%9F%E5%BC%8F%E3%82%AA%E3%83%BC%E3%83%80%E3%83%BC%E3%83%9F%E3%83%83%E3%83%88 HTTP/1.1" 200 0 "-" "Mozilla/5.0 AppleWebKit/537.36 (KHTML, like Gecko; compatible; bingbot/2.0; +http://www.bing.com/bingbot.htm) Chrome/116.0.1938.76 Safari/537.36"
20.15.133.191 - - [26/Apr/2025:05:07:07 -0400] "GET /?i=8010169425202&channel=25e7be&from=article.php%3Fid%3D694252-1734%26name%3D%E3%80%90%E6%96%B0%E5%93%81%E3%80%9123-24aw%E3%83%8E%E3%83%AF%E3%83%BC%E3%83%AB%E3%82%B1%E3%82%A4%E3%83%8B%E3%83%8E%E3%83%9F%E3%83%A4+%E3%83%86%E3%82%A3%E3%82%A2%E3%83%BC%E3%83%89%E3%83%95%E3%83%AA%E3%83%AB%E3%83%AD%E3%83%B3%E3%82%B0%E3%83%AF%E3%83%B3%E3%83%94%E3%83%BC%E3%82%B9 HTTP/1.1" 200 0 "-" "Mozilla/5.0 AppleWebKit/537.36 (KHTML, like Gecko; compatible; bingbot/2.0; +http://www.bing.com/bingbot.htm) Chrome/116.0.1938.76 Safari/537.36"
66.249.73.103 - - [26/Apr/2025:05:07:17 -0400] "GET /80497225614.shtml HTTP/1.1" 200 52801 "-" "Mozilla/5.0 (Linux; Android 6.0.1; Nexus 5X Build/MMB29P) AppleWebKit/537.36 (KHTML, like Gecko) Chrome/135.0.7049.95 Mobile Safari/537.36 (compatible; Googlebot/2.1; +http://www.google.com/bot.html)"
52.167.144.232 - - [26/Apr/2025:05:08:05 -0400] "GET /?i=48985189824902&channel=13c2c6&from=goods.php%3Fid%3D1898249-30927%26name%3DMoisteane%E3%82%A2%E3%83%BC%E3%83%A0%E3%82%AB%E3%83%90%E3%83%BC+%E6%96%B0%E5%93%81+%E6%9C%AA%E4%BD%BF%E7%94%A8 HTTP/1.1" 200 0 "-" "Mozilla/5.0 AppleWebKit/537.36 (KHTML, like Gecko; compatible; bingbot/2.0; +http://www.bing.com/bingbot.htm) Chrome/116.0.1938.76 Safari/537.36"
66.249.73.103 - - [26/Apr/2025:05:08:45 -0400] "GET /?i=60893144322511&channel=9e6e80&from=article.php%3Fid%3D1443225-17454%26name%3D%E3%83%89%E3%83%A9%E3%82%A4%E3%83%A4%E3%83%BC%E3%80%80%E3%83%98%E3%82%A2%E3%83%89%E3%83%A9%E3%82%A4%E3%83%A4%E3%83%BC%E3%80%801500W+PSE%E8%AA%8D%E8%A8%BC%E3%80%80%E5%A4%A7%E9%A2%A8%E9%87%8F%E3%80%80%E3%83%9E%E3%82%A4%E3%83%8A%E3%82%B9%E3%82%A4%E3%82%AA%E3%83%B3 HTTP/1.1" 200 0 "-" "Mozilla/5.0 (Linux; Android 6.0.1; Nexus 5X Build/MMB29P) AppleWebKit/537.36 (KHTML, like Gecko) Chrome/135.0.7049.95 Mobile Safari/537.36 (compatible; GoogleOther)"
66.249.73.102 - - [26/Apr/2025:05:08:56 -0400] "GET /?i=0729036598600&channel=f30510&from=news.php%3Fid%3D365986-484%26name%3D%E3%82%AA%E3%83%BC%E3%83%A9+E13+%E3%83%95%E3%83%AD%E3%83%B3%E3%83%88%E3%83%8F%E3%83%BC%E3%83%95%E3%82%B9%E3%83%9D%E3%82%A4%E3%83%A9%E3%83%BC+%E3%83%A1%E3%83%BC%E3%82%AB%E3%83%BC%E5%A1%97%E8%A3%85%E5%93%81+GAT+%E3%83%9F%E3%83%83%E3%83%89%E3%83%8A%E3%82%A4%E3%83%88%E3%83%96%E3%83%A9%E3%83%83%E3%82%AF+%E5%8F%96%E4%BB%98%E8%BE%BC HTTP/1.1" 200 58295 "-" "Mozilla/5.0 (Linux; Android 6.0.1; Nexus 5X Build/MMB29P) AppleWebKit/537.36 (KHTML, like Gecko) Chrome/135.0.7049.95 Mobile Safari/537.36 (compatible; Googlebot/2.1; +http://www.google.com/bot.html)"
66.249.73.101 - - [26/Apr/2025:05:09:30 -0400] "GET /?i=41218111507614&channel=99f909&from=article.php%3Fid%3D1115076-2571%26name%3D%E3%80%90%E2%97%86SALE%E9%99%90%E5%AE%9A20%EF%BC%85OFF%E2%97%86%E3%82%AF%E3%83%BC%E3%83%9D%E3%83%B3%E3%81%A726240%E5%86%86%E3%80%91%E7%A9%BA%E8%AA%BF%E3%82%A6%E3%82%A7%E3%82%A2+%E3%83%95%E3%83%AB%E3%82%BB%E3%83%83%E3%83%88+%E7%A9%BA%E8%AA%BF%E4%BD%9C%E6%A5%AD%E6%9C%8D+%E3%83%95%E3%82%A1%E3%83%B3%E4%BB%98%E3%81%8D+%E3%83%90%E3%83%83%E3%83%86%E3%83%AA%E3%83%BC%E4%BB%98%E3%81%8D+%E7%A9%BA%E8%AA%BF%E3%82%A6%E3%82%A7%E3%82%A2+%E3%83%99%E3%82%B9%E3%83%88+%E5%86%B7%E5%8D%B4%E6%9C%8D+%E7%A9%BA%E8%AA%BF%E4%BD%9C%E6%A5%AD%E7%9D%80+%E7%A9%BA%E8%AA%BF%E6%89%87%E9%A2%A8%E6%9C%8D+%E3%83%AF%E3%83%BC%E3%82%AF%E3%82%A6%E3%82%A7%E3%82%A2+19V+22V+30V+16%2C800mAh+29%2C800mAh+36%2C800mAh+%E5%A4%A7%E9%A2%A8%E9%87%8F+%E8%96%84%E5%9E%8B+%E5%A4%8F+%E7%86%B1%E4%B8%AD%E7%97%87%E5%AF%BE%E7%AD%96+UV%E3%82%AB%E3%83%83%E3%83%88+%E9%80%9A%E6%B0%97%E6%80%A7+%E5%B1%8B%E5%A4%96 HTTP/1.1" 200 0 "-" "Mozilla/5.0 (Linux; Android 6.0.1; Nexus 5X Build/MMB29P) AppleWebKit/537.36 (KHTML, like Gecko) Chrome/135.0.7049.95 Mobile Safari/537.36 (compatible; GoogleOther)"
66.249.73.102 - - [26/Apr/2025:05:09:47 -0400] "GET /?i=1170841629800&channel=2083dc&from=brands.php%3Fid%3D416298-18%26name%3D%E3%82%AD%E3%83%B3%E3%82%B0%E3%82%B9%E3%83%88%E3%83%B3%E3%83%86%E3%82%AF%E3%83%8E%E3%83%AD%E3%82%B8%E3%83%BC+Kingston+SSD+NV3+1TB+PCIe+Gen+4.0+x4+%E6%9C%80%E5%A4%A76%2C000MB%2F%E7%A7%92+M.2+2280+NVMe+%E6%AD%A3%E8%A6%8F%E4%BB%A3%E7%90%86%E5%BA%97%E4%BF%9D%E8%A8%BC%E5%93%81+5%E5%B9%B4%E4%BF%9D%E8%A8%BC+SNV3S%2F1000G HTTP/1.1" 200 56269 "-" "Mozilla/5.0 (Linux; Android 6.0.1; Nexus 5X Build/MMB29P) AppleWebKit/537.36 (KHTML, like Gecko) Chrome/135.0.7049.95 Mobile Safari/537.36 (compatible; Googlebot/2.1; +http://www.google.com/bot.html)"
66.249.73.101 - - [26/Apr/2025:05:10:04 -0400] "GET /?i=9082732621501&channel=5485fe&from=pin.php%3Fid%3D326215-7658%26name%3D20%E7%B3%BB%E3%82%A2%E3%83%AB%E3%83%95%E3%82%A1%E3%83%BC%E3%83%89%E3%80%80%E7%B4%94%E6%AD%A318%E3%82%A4%E3%83%B3%E3%83%81%E3%82%A2%E3%83%AB%E3%83%9F%E3%83%9B%E3%82%A4%E3%83%BC%E3%83%AB HTTP/1.1" 200 52312 "-" "Mozilla/5.0 (Linux; Android 6.0.1; Nexus 5X Build/MMB29P) AppleWebKit/537.36 (KHTML, like Gecko) Chrome/135.0.7049.95 Mobile Safari/537.36 (compatible; Googlebot/2.1; +http://www.google.com/bot.html)"
66.249.73.101 - - [26/Apr/2025:05:10:10 -0400] "GET /?i=82077100925804&channel=2cbfe6&from=pin.php%3Fid%3D1009258-1220%26name%3D%E3%82%A6%E3%82%A7%E3%83%83%E3%82%BA%E3%80%80%E3%83%AC%E3%82%AA%E3%83%8B%E3%82%B9%E3%80%8019%E3%82%A4%E3%83%B3%E3%83%81%E3%80%80%E3%83%9B%E3%82%A4%E3%83%BC%E3%83%AB%E3%80%80%E3%82%BF%E3%82%A4%E3%83%A4%E3%80%804%E6%9C%AC HTTP/1.1" 200 53427 "-" "Mozilla/5.0 (Linux; Android 6.0.1; Nexus 5X Build/MMB29P) AppleWebKit/537.36 (KHTML, like Gecko) Chrome/135.0.7049.95 Mobile Safari/537.36 (compatible; Googlebot/2.1; +http://www.google.com/bot.html)"
66.249.73.101 - - [26/Apr/2025:05:10:56 -0400] "GET /?i=94188124470000&channel=2649d7&from=article.php%3Fid%3D1244700-2945%26name%3DB-2667%E3%80%90%E7%9C%9F%E4%BD%9C%E3%80%91%E5%8F%B0%E6%B9%BE+%E7%9C%81%E6%96%8E%E3%83%BB%E5%91%A8%E9%B4%BB%E3%83%BB%E5%8F%B0%E5%8D%97+%E8%82%89%E7%AD%86%E7%B5%B9%E6%9C%AC+%E7%89%A1%E4%B8%B9%E5%9B%B3+%E6%8E%9B%E8%BB%B8%2F%E4%B8%AD%E5%9B%BD%E6%9B%B8%E7%94%BB+%E5%94%90%E7%89%A9+%E5%94%90%E7%94%BB+%E6%9B%B8%E7%94%BB HTTP/1.1" 200 0 "-" "Mozilla/5.0 (Linux; Android 6.0.1; Nexus 5X Build/MMB29P) AppleWebKit/537.36 (KHTML, like Gecko) Chrome/135.0.7049.95 Mobile Safari/537.36 (compatible; GoogleOther)"
66.249.73.101 - - [26/Apr/2025:05:11:53 -0400] "GET /?i=88601132684100&channel=f30510&from=shared.php%3Fid%3D1326841-484%26name%3D%E3%83%9D%E3%83%AB%E3%82%B7%E3%82%A7+964+%E3%83%AA%E3%83%88%E3%83%A9%E3%82%AF%E3%82%BF%E3%83%96%E3%83%AB+3%E7%82%B9%E5%BC%8F%E3%82%B7%E3%83%BC%E3%83%88%E3%83%99%E3%83%AB%E3%83%88+%E3%83%95%E3%83%AD%E3%83%B3%E3%83%88%E7%94%A8%E5%B7%A6%E5%8F%B3%E3%82%AD%E3%83%83%E3%83%88%28%E3%83%AC%E3%83%83%E3%83%89%29%E3%80%90Rennline%E3%80%91 HTTP/1.1" 200 0 "-" "Mozilla/5.0 (Linux; Android 6.0.1; Nexus 5X Build/MMB29P) AppleWebKit/537.36 (KHTML, like Gecko) Chrome/135.0.7049.95 Mobile Safari/537.36 (compatible; GoogleOther)"
