20.15.133.191 - - [25/Apr/2025:22:53:14 -0400] "GET /?i=6121383179600&channel=953f7c&from=goods.php%3Fid%3D831796-19594%26name%3DB HTTP/1.1" 200 0 "-" "Mozilla/5.0 AppleWebKit/537.36 (KHTML, like Gecko; compatible; bingbot/2.0; +http://www.bing.com/bingbot.htm) Chrome/116.0.1938.76 Safari/537.36"
66.249.73.101 - - [25/Apr/2025:22:53:22 -0400] "GET /?i=83102100170800&channel=973e68&from=shop.php%3Fid%3D1001708-7917%26name%3D%E5%A3%81%E5%8F%96%E3%82%8A%E4%BB%98%E3%81%91%E7%94%A8%E7%87%AD%E5%8F%B0%2C+%E5%B1%85%E9%96%93%E3%81%AE%E3%81%9F%E3%82%81%E3%81%AE%E3%82%A6%E3%82%A9%E3%83%BC%E3%83%AB%E3%83%A9%E3%83%B3%E3%83%97%E3%82%AF%E3%83%AA%E3%82%A8%E3%82%A4%E3%83%86%E3%82%A3%E3%83%96%E3%81%AA%E3%83%86%E3%83%A9%E3%82%BA%E3%82%A6%E3%81%AE%E5%A3%81%E3%83%A9%E3%83%B3%E3%83%97%E5%B1%8B%E5%86%85%E7%85%A7%E6%98%8E%E5%99%A8%E5%85%B7%E3%83%91%E3%83%BC%E3%82%BD%E3%83%8A%E3%83%A9%E3%82%A4%E3%82%BA%E3%81%95%E3%82%8C%E3%81%9F%E5%BB%8A%E4%B8%8B%E9%80%9A%E8%B7%AF%E3%83%A9%E3%82%A4%E3%83%88%E3%83%AA%E3%83%93%E3%83%B3 HTTP/1.1" 200 0 "-" "Mozilla/5.0 (Linux; Android 6.0.1; Nexus 5X Build/MMB29P) AppleWebKit/537.36 (KHTML, like Gecko) Chrome/135.0.7049.95 Mobile Safari/537.36 (compatible; GoogleOther)"
66.249.68.137 - - [25/Apr/2025:22:53:30 -0400] "GET /?i=23878147123700&channel=44f59b&from=blog.php%3Fid%3D1471237-6172%26name%3D%E3%80%90%E6%96%B0%E5%93%81%E3%80%91%E3%83%A4%E3%83%9E%E3%82%B3%E3%83%BC+%E7%94%A8%E7%BE%8E+%E6%9C%A8%E8%A3%BD%E3%83%AC%E3%83%B3%E3%82%B2%E8%96%84%E5%9E%8B%28%E8%8C%B6%29+25778 HTTP/1.1" 200 52845 "-" "Mozilla/5.0 (Linux; Android 6.0.1; Nexus 5X Build/MMB29P) AppleWebKit/537.36 (KHTML, like Gecko) Chrome/135.0.7049.95 Mobile Safari/537.36 (compatible; Googlebot/2.1; +http://www.google.com/bot.html)"
66.249.73.101 - - [25/Apr/2025:22:53:41 -0400] "GET /7835499160.shtml HTTP/1.1" 200 0 "-" "Mozilla/5.0 (Linux; Android 6.0.1; Nexus 5X Build/MMB29P) AppleWebKit/537.36 (KHTML, like Gecko) Chrome/135.0.7049.95 Mobile Safari/537.36 (compatible; GoogleOther)"
40.77.167.18 - - [25/Apr/2025:22:53:54 -0400] "GET /?i=19980121046400&channel=99f909&from=jp.php%3Fid%3D1210464-2571%26name%3D%E9%80%81%E6%96%99%E7%84%A1%E6%96%99%EF%BC%81%EF%BC%81%3Cbr%3E%E3%80%90%E3%83%88%E3%83%A9%E3%82%B9%E3%82%B3+TRUSCO%E3%80%91%3Cbr%3E%E3%83%88%E3%83%A9%E3%82%B9%E3%82%B3+TDWT-910+%E8%B6%B3%E5%A0%B4%E5%8F%B0+%E3%82%A2%E3%83%AB%E3%83%9F%E8%A3%BD+%E3%83%97%E3%83%AD%E7%94%A8+1000%C3%97400%C3%97H850+TRUSCO+%E3%83%A1%E3%83%BC%E3%82%AB%E3%83%BC%E7%9B%B4%E9%80%81+%E4%BB%A3%E5%BC%95%E4%B8%8D%E5%8F%AF+%E6%B2%96%E7%B8%84%E9%9B%A2%E5%B3%B6%E4%B8%8D%E5%8F%AF%E3%80%90smtb-u%E3%80%91 HTTP/1.1" 200 0 "-" "Mozilla/5.0 AppleWebKit/537.36 (KHTML, like Gecko; compatible; bingbot/2.0; +http://www.bing.com/bingbot.htm) Chrome/116.0.1938.76 Safari/537.36"
40.77.167.18 - - [25/Apr/2025:22:54:04 -0400] "GET /?i=47730190475101&channel=f88cdb&from=info.php%3Fid%3D1904751-24488%26name%3D%E7%B2%A7%E7%BE%8E%E5%A0%82%E3%80%80W%E3%82%A2%E3%82%A4%E3%83%96%E3%83%AD%E3%82%A6%E3%83%96%E3%83%A9%E3%82%B7%E3%80%80%E3%82%B9%E3%82%AF%E3%83%AA%E3%83%A5%E3%83%BC HTTP/1.1" 200 0 "-" "Mozilla/5.0 AppleWebKit/537.36 (KHTML, like Gecko; compatible; bingbot/2.0; +http://www.bing.com/bingbot.htm) Chrome/116.0.1938.76 Safari/537.36"
20.15.133.191 - - [25/Apr/2025:22:54:14 -0400] "GET /?i=28987111571105&channel=25e7be&from=goods.php%3Fid%3D1115711-1734%26name%3D%E6%96%B0%E5%93%81%E3%82%BF%E3%82%B0%E4%BB%98%E3%81%8D+%E4%BA%BA%E6%B0%97+%E5%AE%8C%E5%A3%B2%E5%93%81+%E3%83%96%E3%83%AB%E3%83%BC%E3%83%AC%E3%83%BC%E3%83%99%E3%83%AB+%E3%82%AF%E3%83%AC%E3%82%B9%E3%83%88%E3%83%96%E3%83%AA%E3%83%83%E3%82%B8+%E3%83%AD%E3%83%B3%E3%82%B0+%E3%83%AF%E3%83%B3%E3%83%94%E3%83%BC%E3%82%B9 HTTP/1.1" 200 0 "-" "Mozilla/5.0 AppleWebKit/537.36 (KHTML, like Gecko; compatible; bingbot/2.0; +http://www.bing.com/bingbot.htm) Chrome/116.0.1938.76 Safari/537.36"
66.249.73.103 - - [25/Apr/2025:22:55:04 -0400] "GET /?i=9017920428300&channel=0a179a&from=blog.php%3Fid%3D204283-10613%26name%3D%E3%82%AC%E3%83%BC%E3%83%87%E3%82%A3%E3%82%A2%E3%83%B3%E3%82%BA%E3%82%AA%E3%83%96%E3%82%AE%E3%83%A3%E3%83%A9%E3%82%AF%E3%82%B7%E3%83%BC3 HTTP/1.1" 200 0 "-" "Mozilla/5.0 (Linux; Android 6.0.1; Nexus 5X Build/MMB29P) AppleWebKit/537.36 (KHTML, like Gecko) Chrome/135.0.7049.95 Mobile Safari/537.36 (compatible; GoogleOther)"
20.15.133.191 - - [25/Apr/2025:22:55:12 -0400] "GET /?i=12732106718908&channel=a388d9&from=blog.php%3Fid%3D1067189-19841%26name%3D%E3%80%909203%E3%80%91%E6%98%8E%E6%B2%BB%E6%9C%9F%E3%80%80%EF%BC%88%E6%84%9B%E5%A5%BD%E5%AE%B6%E8%B2%B7%E5%8F%96%EF%BC%89%E3%80%80%E6%9C%A8%E7%89%88%E7%94%BB%2F%E6%B5%AE%E4%B8%96%E7%B5%B5%E3%80%80%E4%BA%BA%E7%89%A9%E5%9B%B3%E3%80%80%E6%A5%8A%E6%B4%B2%E5%91%A8%E5%BB%B6+%E4%BD%9C%EF%BC%88%E5%88%9D%E5%93%81%E3%83%BB%E8%B2%B7%E5%8F%96%E5%93%81%EF%BC%89 HTTP/1.1" 200 0 "-" "Mozilla/5.0 AppleWebKit/537.36 (KHTML, like Gecko; compatible; bingbot/2.0; +http://www.bing.com/bingbot.htm) Chrome/116.0.1938.76 Safari/537.36"
66.249.73.102 - - [25/Apr/2025:22:55:16 -0400] "GET /?i=63072115444613&channel=4143da&from=pin.php%3Fid%3D1154446-16248%26name%3D%E5%B8%8C%E5%B0%91%E2%99%A6%E9%99%90%E5%AE%9A%E5%93%81%E3%80%90%E5%BE%8C%E6%9C%9F%E3%83%A2%E3%83%87%E3%83%AB%E3%80%91%E3%83%AA%E3%83%83%E3%83%97%E9%8A%80%E8%A3%BD%E2%99%A6%E7%BE%8E%E5%93%81%E2%99%A6%E3%83%A4%E3%83%9E%E3%83%8F%E3%83%95%E3%83%AB%E3%83%BC%E3%83%88+YFL211PS HTTP/1.1" 200 53370 "-" "Mozilla/5.0 (Linux; Android 6.0.1; Nexus 5X Build/MMB29P) AppleWebKit/537.36 (KHTML, like Gecko) Chrome/135.0.7049.95 Mobile Safari/537.36 (compatible; Googlebot/2.1; +http://www.google.com/bot.html)"
66.249.74.11 - - [25/Apr/2025:22:55:25 -0400] "GET /177761242101.shtml HTTP/1.1" 200 0 "-" "Mozilla/5.0 (Linux; Android 6.0.1; Nexus 5X Build/MMB29P) AppleWebKit/537.36 (KHTML, like Gecko) Chrome/135.0.7049.95 Mobile Safari/537.36 (compatible; GoogleOther)"
66.249.73.101 - - [25/Apr/2025:22:55:30 -0400] "GET /?i=0254642001902&channel=8c48f3&from=goods.php%3Fid%3D420019-1675%26name%3D%E7%BE%8E%E5%93%81%E3%80%80%E4%BB%8B%E8%AD%B7%E3%81%8B%E3%82%891%E4%BA%BA%E6%9A%AE%E3%82%89%E3%81%97%E3%81%BE%E3%81%A7+%E3%82%B7%E3%83%B3%E3%82%B0%E3%83%AB%E3%83%99%E3%83%83%E3%83%89%E3%80%80%E3%83%A9%E3%82%A4%E3%82%BA2+%E6%A3%9A%E4%BB%98%E3%81%8D2%E3%83%A2%E3%83%BC%E3%82%BF%E3%83%BC HTTP/1.1" 200 52530 "-" "Mozilla/5.0 (Linux; Android 6.0.1; Nexus 5X Build/MMB29P) AppleWebKit/537.36 (KHTML, like Gecko) Chrome/135.0.7049.95 Mobile Safari/537.36 (compatible; Googlebot/2.1; +http://www.google.com/bot.html)"
20.15.133.191 - - [25/Apr/2025:22:55:45 -0400] "GET /?i=52501170265002&channel=f05096&from=product.php%3Fid%3D1702650-25565%26name%3D%E9%80%A3%E5%A3%B2%E3%82%8A%E5%95%86%E5%93%81+%E3%83%A9%E3%83%94%E3%82%B9%E3%83%A9%E3%82%BA%E3%83%AA+%E5%93%81%E8%B3%AA%EF%BC%A1%EF%BC%A1%EF%BC%A1+%CE%A610-10.6mm HTTP/1.1" 200 0 "-" "Mozilla/5.0 AppleWebKit/537.36 (KHTML, like Gecko; compatible; bingbot/2.0; +http://www.bing.com/bingbot.htm) Chrome/116.0.1938.76 Safari/537.36"
20.15.133.191 - - [25/Apr/2025:22:55:46 -0400] "GET /?i=5090119424203&channel=d59655&from=brands.php%3Fid%3D194242-10973%26name%3D%E5%8C%97%E5%B7%9D%E9%89%84%E5%B7%A5%E6%89%80+%E3%83%91%E3%83%AF%E3%83%BC%E3%83%81%E3%83%A3%E3%83%83%E3%82%AF%E3%83%AD%E3%83%B3%E3%82%B0%E3%82%B9%E3%83%88%E3%83%AD%E3%83%BC%E3%82%AF+NL10 HTTP/1.1" 200 0 "-" "Mozilla/5.0 AppleWebKit/537.36 (KHTML, like Gecko; compatible; bingbot/2.0; +http://www.bing.com/bingbot.htm) Chrome/116.0.1938.76 Safari/537.36"
20.15.133.191 - - [25/Apr/2025:22:55:48 -0400] "GET /?i=98140128595502&channel=b2b8bb&from=news.php%3Fid%3D1285955-12051%26name%3D%E3%83%9E%E3%82%A6%E3%83%B3%E3%83%86%E3%83%B3%E3%83%9E%E3%83%BC%E3%82%B7%E3%83%A3%E3%83%AB%E3%82%A2%E3%83%BC%E3%83%84+%E3%83%87%E3%83%8B%E3%83%A0%E3%83%A9%E3%83%B3%E3%83%91%E3%83%B3 HTTP/1.1" 200 0 "-" "Mozilla/5.0 AppleWebKit/537.36 (KHTML, like Gecko; compatible; bingbot/2.0; +http://www.bing.com/bingbot.htm) Chrome/116.0.1938.76 Safari/537.36"
20.15.133.191 - - [25/Apr/2025:22:55:48 -0400] "GET /?i=13400140528500&channel=2efa5c&from=category-info.php%3Fid%3D1405285-2751%26name%3D%E3%80%90%E4%B8%AD%E5%8F%A4%E3%80%91+%E3%82%AD%E3%83%A3%E3%83%AD%E3%82%A6%E3%82%A7%E3%82%A4+EPIC+FORGED+STAR+5S+%E3%82%A2%E3%82%A4%E3%82%A2%E3%83%B3%E3%82%BB%E3%83%83%E3%83%88+IR+Speeder+EVOLUTION+for+CW%28IR%29+%28%E3%83%95%E3%83%AC%E3%83%83%E3%82%AF%E3%82%B9R%29+%E3%83%A1%E3%83%B3%E3%82%BA+%E7%94%B7%E6%80%A7%E7%94%A8+%E5%8F%B3%E5%88%A9%E3%81%8D+%E5%8F%B3%E7%94%A8+C%E3%83%A9%E3%83%B3%E3%82%AF+%E3%82%B4%E3%83%AB%E3%83%95%E3%82%AF%E3%83%A9%E3%83%96 HTTP/1.1" 200 0 "-" "Mozilla/5.0 AppleWebKit/537.36 (KHTML, like Gecko; compatible; bingbot/2.0; +http://www.bing.com/bingbot.htm) Chrome/116.0.1938.76 Safari/537.36"
20.15.133.191 - - [25/Apr/2025:22:55:49 -0400] "GET /?i=65881163237904&channel=0ca5cd&from=brands.php%3Fid%3D1632379-13044%26name%3D%E3%82%BB%E3%83%A1%E3%83%B3%E3%83%88+%E6%B0%B4%E4%B8%AD%E3%83%A2%E3%83%AB%E3%82%BF%E3%83%AB+1.5kg+%E5%AE%B6%E5%BA%AD%E5%8C%96%E5%AD%A6+%E3%83%A2%E3%83%AB%E3%82%BF%E3%83%AB+%E3%82%BB%E3%83%A1%E3%83%B3%E3%83%88+%E8%A3%9C%E4%BF%AE+%E3%83%AC%E3%83%B3%E3%82%AC+%E5%BA%AD+%E3%83%96%E3%83%AD%E3%83%83%E3%82%AF+U%E5%AD%97%E6%BA%9D+%E6%B1%A0+%E4%BC%9A%E6%89%80%E6%9E%A1+%E6%B0%B4%E4%B8%AD HTTP/1.1" 200 0 "-" "Mozilla/5.0 AppleWebKit/537.36 (KHTML, like Gecko; compatible; bingbot/2.0; +http://www.bing.com/bingbot.htm) Chrome/116.0.1938.76 Safari/537.36"
66.249.73.101 - - [25/Apr/2025:22:55:52 -0400] "GET /40290629872.shtml HTTP/1.1" 200 0 "-" "Mozilla/5.0 (Linux; Android 6.0.1; Nexus 5X Build/MMB29P) AppleWebKit/537.36 (KHTML, like Gecko) Chrome/135.0.7049.95 Mobile Safari/537.36 (compatible; GoogleOther)"
66.249.73.103 - - [25/Apr/2025:22:56:14 -0400] "GET /131241105704.shtml HTTP/1.1" 200 0 "-" "Mozilla/5.0 (Linux; Android 6.0.1; Nexus 5X Build/MMB29P) AppleWebKit/537.36 (KHTML, like Gecko) Chrome/135.0.7049.95 Mobile Safari/537.36 (compatible; GoogleOther)"
40.77.167.22 - - [25/Apr/2025:22:56:21 -0400] "GET /?i=22999111179801&channel=705ccf&from=form.php%3Fid%3D1111798-3110%26name%3D%E5%85%A82%E8%89%B2%E3%80%90vasco%2F%E3%83%B4%E3%82%A1%E3%82%B9%E3%82%B3%E3%80%91%E3%80%8CLeather+Travel+Tote+Bag%E2%80%9DHeight%E2%80%9D%2F%E3%83%AC%E3%82%B6%E3%83%BC%E3%83%88%E3%83%A9%E3%83%99%E3%83%AB%E3%83%88%E3%83%BC%E3%83%88%E3%83%90%E3%83%83%E3%82%B0%E2%80%9D%E3%83%8F%E3%82%A4%E3%83%88%E2%80%9D%E3%80%8D%28VS-266L%29%E3%80%90%E4%BA%88%E7%B4%84%E5%95%86%E5%93%81%2F2025%E5%B9%B46-7%E6%9C%88%E5%85%A5%E8%8D%B7%E4%BA%88%E5%AE%9A%E3%80%91%3Cbr%3E%3Cbr%3E%28%E3%82%B0%E3%83%A9%E3%83%B3%E3%83%A1%E3%82%BE%E3%83%B3%E6%9D%B1%E4%BA%AC%2F%E3%83%8F%E3%83%BC%E3%83%AC%E3%83%BC%2F%E3%82%A2%E3%83%A1%E3%82%AB%E3%82%B8%2F%E3%83%9B%E3%83%83%E3%83%88%E3%83%AD%E3%83%83%E3%83%89%2F%E3%83%AC%E3%82%B6%E3%83%BC%E3%82%AF%E3%83%A9%E3%83%95%E3%83%88%2F%E9%9E%84%2F%E3%83%90%E3%83%83%E3%82%B0%2F%E3%83%97%E3%83%AC%E3%82%BC%E3%83%B3%E3%83%88%2FWOLF+PACK%2F%E3%82%A6%E3%83%AB%E3%83%95%E3%83%91%E3%83%83%E3%82%AF%29 HTTP/1.1" 200 0 "-" "Mozilla/5.0 AppleWebKit/537.36 (KHTML, like Gecko; compatible; bingbot/2.0; +http://www.bing.com/bingbot.htm) Chrome/116.0.1938.76 Safari/537.36"
40.77.167.22 - - [25/Apr/2025:22:56:22 -0400] "GET /?i=20784150677400&channel=b40ad3&from=shared.php%3Fid%3D1506774-6389%26name%3D%3CBR%3E%E3%80%90%E9%80%81%E6%96%99%E8%BE%BC%E3%81%BF%28%E4%B8%80%E9%83%A8%E5%9C%B0%E5%9F%9F%E9%99%A4%E3%81%8F%29%E3%80%91%3CBR%3E%E3%80%90%E5%8F%96%E3%82%8A%E5%AF%84%E3%81%9B%E5%AF%BE%E5%BF%9C%E3%80%91%3CBR%3E%E3%80%90%E7%A5%AD%E3%82%8A%E7%94%A8%E5%93%81%E3%80%91%E7%B3%B8%E3%82%88%E3%81%97%28%E8%97%A4%E5%90%89%E9%80%9A%E5%95%86%29%3CBR%3E%E6%B1%9F%E6%88%B8%E8%85%B9%E3%82%BF%E3%82%A4%E3%83%97+%E8%85%B9%E6%8E%9B%E3%81%91+%E5%AD%90%E4%BE%9B%E7%94%A8+%E7%99%BD%E3%80%90444%E3%80%91 HTTP/1.1" 200 0 "-" "Mozilla/5.0 AppleWebKit/537.36 (KHTML, like Gecko; compatible; bingbot/2.0; +http://www.bing.com/bingbot.htm) Chrome/116.0.1938.76 Safari/537.36"
66.249.73.101 - - [25/Apr/2025:22:56:33 -0400] "GET /?i=3710396356702&channel=6e0782&from=shared.php%3Fid%3D963567-1727%26name%3D%E3%83%91%E3%83%83%E3%83%81%E3%83%AF%E3%83%BC%E3%82%AF%E6%9C%AC%E9%9D%A9%E3%82%B7%E3%83%A7%E3%83%AB%E3%83%80%E3%83%BC%E3%83%90%E3%83%83%E3%82%B0%E9%AB%98%E7%B4%9A%E3%82%B3%E3%83%B3%E3%83%9D%E3%82%B8%E3%83%83%E3%83%88%E3%83%88%E3%83%BC%E3%83%88%E3%83%90%E3%83%83%E3%82%B0%E5%A4%A7%E5%AE%B9%E9%87%8F%E3%83%90%E3%82%B1%E3%83%84%E3%83%90%E3%83%83%E3%82%B0+%28Color+%3A+Blue%2C+Size+%3A+31x9 HTTP/1.1" 200 0 "-" "Mozilla/5.0 (Linux; Android 6.0.1; Nexus 5X Build/MMB29P) AppleWebKit/537.36 (KHTML, like Gecko) Chrome/135.0.7049.95 Mobile Safari/537.36 (compatible; GoogleOther)"
66.249.73.101 - - [25/Apr/2025:22:56:38 -0400] "GET /?i=81994149354302&channel=f1bded&from=blog.php%3Fid%3D1493543-12335%26name%3D%E3%82%A4%E3%82%BF%E3%83%AA%E3%82%A2%E8%A3%BD%E6%AF%9B%E7%B3%B8%E3%83%BBClown+Print%E3%83%BB4%E7%8E%89%EF%BC%8B%E7%B4%8438g HTTP/1.1" 200 52565 "-" "Mozilla/5.0 (Linux; Android 6.0.1; Nexus 5X Build/MMB29P) AppleWebKit/537.36 (KHTML, like Gecko) Chrome/135.0.7049.95 Mobile Safari/537.36 (compatible; Googlebot/2.1; +http://www.google.com/bot.html)"
40.77.167.22 - - [25/Apr/2025:22:56:40 -0400] "GET /?i=9601992708600&channel=f30510&from=goods.php%3Fid%3D927086-484%26name%3D%5B%E3%82%B7%E3%82%A8%E3%82%AF%E3%83%AB%5DNZE151N+%E3%82%AB%E3%83%AD%E3%83%BC%E3%83%A9%E3%83%AB%E3%83%9F%E3%82%AA%E3%83%B3%281NZ-FE+%2F+H19%2F10%E3%80%9C%29%E7%94%A8%E3%83%9F%E3%83%8B%E3%82%B3%E3%83%B3%E3%82%A2%E3%83%AB%E3%83%95%E3%82%A1%EF%BC%9C%E3%83%AC%E3%82%B9%E3%83%9D%E3%83%B3%E3%82%B9%E3%83%BB%E3%83%88%E3%83%AB%E3%82%AF%E3%83%BB%E3%83%91%E3%83%AF%E3%83%BCUP%EF%BC%9E HTTP/1.1" 200 0 "-" "Mozilla/5.0 AppleWebKit/537.36 (KHTML, like Gecko; compatible; bingbot/2.0; +http://www.bing.com/bingbot.htm) Chrome/116.0.1938.76 Safari/537.36"
66.249.73.101 - - [25/Apr/2025:22:56:44 -0400] "GET /?i=910462570703&channel=715230&from=shared.php%3Fid%3D25707-2218%26name%3D%E6%9C%AA%E4%BD%BF%E7%94%A8%E8%A8%B3%E3%81%82%E3%82%8A%E3%80%80%E3%83%A2%E3%83%80%E3%83%B3%E3%83%87%E3%82%B6%E3%82%A4%E3%83%B3%E3%82%BD%E3%83%95%E3%82%A1%E3%83%99%E3%83%83%E3%83%89%E3%80%801.5P%E3%80%80%E3%82%B7%E3%83%B3%E3%82%B0%E3%83%AB%E3%82%B5%E3%82%A4%E3%82%BA%E3%80%80%E3%82%BD%E3%83%95%E3%82%A1%E3%83%99%E3%83%83%E3%83%88%E3%80%80%E3%83%96%E3%83%A9%E3%82%A6%E3%83%B3%E3%83%AC%E3%82%B6%E3%83%BC%E8%AA%BF HTTP/1.1" 200 54601 "-" "Mozilla/5.0 (Linux; Android 6.0.1; Nexus 5X Build/MMB29P) AppleWebKit/537.36 (KHTML, like Gecko) Chrome/135.0.7049.95 Mobile Safari/537.36 (compatible; Googlebot/2.1; +http://www.google.com/bot.html)"
66.249.73.101 - - [25/Apr/2025:22:56:45 -0400] "GET /97772143085.shtml HTTP/1.1" 200 0 "-" "Mozilla/5.0 (Linux; Android 6.0.1; Nexus 5X Build/MMB29P) AppleWebKit/537.36 (KHTML, like Gecko) Chrome/135.0.7049.95 Mobile Safari/537.36 (compatible; GoogleOther)"
66.249.73.101 - - [25/Apr/2025:22:57:01 -0400] "GET /30602141595.shtml HTTP/1.1" 200 0 "-" "Mozilla/5.0 (Linux; Android 6.0.1; Nexus 5X Build/MMB29P) AppleWebKit/537.36 (KHTML, like Gecko) Chrome/135.0.7049.95 Mobile Safari/537.36 (compatible; GoogleOther)"
40.77.167.18 - - [25/Apr/2025:22:57:05 -0400] "GET /?i=22779191357201&channel=c25342&from=brands.php%3Fid%3D1913572-30718%26name%3D%E6%89%8B%E8%A2%8B+%E3%83%A1%E3%83%B3%E3%82%BA+%E6%89%8B%E3%81%B6%E3%81%8F%E3%82%8D+%E9%98%B2%E5%AF%92+%E9%98%B2%E9%A2%A8+%E6%92%A5%E6%B0%B4+%E9%98%B2%E6%B0%B4+%E3%82%B0%E3%83%AD%E3%83%BC%E3%83%96+%E8%A3%8F%E8%B5%B7%E6%AF%9B+%E8%A3%8F%E3%83%95%E3%83%AA%E3%83%BC%E3%82%B9+%E3%82%B9%E3%83%9E%E3%83%9B%E5%AF%BE%E5%BF%9C+%E6%89%8B%E8%A2%8B+%E3%82%B9%E3%83%9E%E3%83%9B+%E3%83%A1%E3%83%B3%E3%82%BA+%E3%83%AC%E3%83%87%E3%82%A3%E3%83%BC%E3%82%B9+%E4%BD%9C%E6%A5%AD%E7%94%A8%E6%89%8B%E8%A2%8B+%E3%83%90%E3%82%A4%E3%82%AF+%E9%87%A3%E3%82%8A+%E3%82%A2%E3%82%A6%E3%83%88%E3%83%89%E3%82%A2+%E7%99%BB%E5%B1%B1 HTTP/1.1" 200 0 "-" "Mozilla/5.0 AppleWebKit/537.36 (KHTML, like Gecko; compatible; bingbot/2.0; +http://www.bing.com/bingbot.htm) Chrome/116.0.1938.76 Safari/537.36"
40.77.167.18 - - [25/Apr/2025:22:57:07 -0400] "GET /?i=1519121800602&channel=eec26e&from=category-info.php%3Fid%3D218006-8344%26name%3D%E3%83%91%E3%83%81%E3%82%B9%E3%83%AD%E5%AE%9F%E6%A9%9F%E3%80%80%E7%94%B2%E9%89%84%E5%9F%8E%E3%81%AE%E3%82%AB%E3%83%90%E3%83%8D%E3%83%AA%E3%80%80%E7%84%A1%E5%90%8D%E3%83%91%E3%83%8D%E3%83%AB HTTP/1.1" 200 0 "-" "Mozilla/5.0 AppleWebKit/537.36 (KHTML, like Gecko; compatible; bingbot/2.0; +http://www.bing.com/bingbot.htm) Chrome/116.0.1938.76 Safari/537.36"
40.77.167.12 - - [25/Apr/2025:22:57:09 -0400] "GET /?i=0788185811302&channel=6012fb&from=category-info.php%3Fid%3D858113-2062%26name%3D%E3%80%90%E3%82%BB%E3%83%BC%E3%83%AB%E4%BE%A1%E6%A0%BC%E6%8D%AE%E3%81%88%E7%BD%AE%E3%81%8D%E2%98%86%E6%9C%80%E5%A4%A792%25off%21%21%E3%80%91+%E3%83%80%E3%82%A4%E3%83%8B%E3%83%B3%E3%82%B0%E3%83%86%E3%83%BC%E3%83%96%E3%83%AB+%E9%A3%9F%E5%8D%93%E3%83%86%E3%83%BC%E3%83%96%E3%83%AB+%E5%8D%98%E5%93%81+4%E4%BA%BA%E6%8E%9B%E3%81%91+%E5%B9%85150cm+%E5%A5%A5%E8%A1%8C90cm+%E6%9C%A8%E8%A3%BD+%E5%A4%A9%E7%84%B6%E6%9C%A8+%E7%AA%81%E6%9D%BF+%E3%82%A6%E3%82%A9%E3%83%BC%E3%83%AB%E3%83%8A%E3%83%83%E3%83%88+%E3%82%AA%E3%83%BC%E3%82%AF+%E9%95%B7%E6%96%B9%E5%BD%A2+%E8%A7%92%E4%B8%B8+2%E6%9C%AC%E8%84%9A+T%E5%AD%97%E8%84%9A+%E3%83%86%E3%83%BC%E3%83%96%E3%83%AB+4%E4%BA%BA%E7%94%A8+%E3%81%8A%E3%81%97%E3%82%83%E3%82%8C+%E3%82%B7%E3%83%B3%E3%83%97%E3%83%AB+%E3%83%A2%E3%83%80%E3%83%B3+%E3%83%96%E3%83%A9%E3%82%A6%E3%83%B3+%E3%83%8A%E3%83%81%E3%83%A5%E3%83%A9%E3%83%AB+%E6%9C%A8%E8%84%9A HTTP/1.1" 200 0 "-" "Mozilla/5.0 AppleWebKit/537.36 (KHTML, like Gecko; compatible; bingbot/2.0; +http://www.bing.com/bingbot.htm) Chrome/116.0.1938.76 Safari/537.36"
66.249.73.101 - - [25/Apr/2025:22:57:14 -0400] "GET /?i=76073122248102&channel=c5cc0b&from=article.php%3Fid%3D1222481-13215%26name%3DZUMBA%E3%82%AB%E3%83%BC%E3%82%B4%E3%83%91%E3%83%B3%E3%83%84%E3%80%80%E6%96%B0%E4%BD%9C HTTP/1.1" 200 0 "-" "Mozilla/5.0 (Linux; Android 6.0.1; Nexus 5X Build/MMB29P) AppleWebKit/537.36 (KHTML, like Gecko) Chrome/135.0.7049.95 Mobile Safari/537.36 (compatible; GoogleOther)"
66.249.74.11 - - [25/Apr/2025:22:57:27 -0400] "GET /12212938326.shtml HTTP/1.1" 200 0 "-" "Mozilla/5.0 (Linux; Android 6.0.1; Nexus 5X Build/MMB29P) AppleWebKit/537.36 (KHTML, like Gecko) Chrome/135.0.7049.95 Mobile Safari/537.36 (compatible; GoogleOther)"
66.249.73.101 - - [25/Apr/2025:22:57:51 -0400] "GET /?i=1810779424301&channel=25e7be&from=shared.php%3Fid%3D794243-1734%26name%3D%E3%80%90mami%E6%A7%98%E5%B0%82%E7%94%A8%E3%80%91%E6%96%B0%E5%93%81+L%27Appartement+Wash+Maxi%E3%83%AF%E3%83%B3%E3%83%94%E3%83%BC%E3%82%B9 HTTP/1.1" 200 0 "-" "Mozilla/5.0 (Linux; Android 6.0.1; Nexus 5X Build/MMB29P) AppleWebKit/537.36 (KHTML, like Gecko) Chrome/135.0.7049.95 Mobile Safari/537.36 (compatible; GoogleOther)"
66.249.73.103 - - [25/Apr/2025:22:58:11 -0400] "GET /?i=94085117645908&channel=44fc47&from=shop.php%3Fid%3D1176459-2467%26name%3D%E3%83%95%E3%82%B8%E5%8C%BB%E7%99%82%E5%99%A8%EF%BD%9CFUJIIRYOKI+%E3%83%9E%E3%83%83%E3%82%B5%E3%83%BC%E3%82%B8%E3%83%81%E3%82%A7%E3%82%A2%E3%80%80H24%E3%80%80AS-R2300%E3%80%80BK+%E3%83%96%E3%83%A9%E3%83%83%E3%82%AF+AS-R2300 HTTP/1.1" 200 0 "-" "Mozilla/5.0 (Linux; Android 6.0.1; Nexus 5X Build/MMB29P) AppleWebKit/537.36 (KHTML, like Gecko) Chrome/135.0.7049.95 Mobile Safari/537.36 (compatible; GoogleOther)"
20.15.133.174 - - [25/Apr/2025:22:58:15 -0400] "GET /?i=24620172260702&channel=02a99e&from=info.php%3Fid%3D1722607-11844%26name%3D%E3%82%B1%E3%83%A9%E3%82%B7%E3%82%B9+%E3%83%87%E3%83%93%E3%83%AB%E3%82%BA+%E3%83%91%E3%83%95%E3%83%A5%E3%83%BC%E3%83%A0%E3%82%B4%E3%83%BC%E3%82%B8%E3%83%A3%E3%82%B9+%E3%83%A0%E3%82%B9%E3%82%AF%E3%82%B7%E3%83%A3%E3%83%B3%E3%83%97%E3%83%BC+1Lx2%E5%80%8B%2B%E3%83%AA%E3%83%B3%E3%82%B9+1L+1%E5%80%8B HTTP/1.1" 200 0 "-" "Mozilla/5.0 AppleWebKit/537.36 (KHTML, like Gecko; compatible; bingbot/2.0; +http://www.bing.com/bingbot.htm) Chrome/116.0.1938.76 Safari/537.36"
20.15.133.174 - - [25/Apr/2025:22:58:16 -0400] "GET /?i=7385976267203&channel=dd4676&from=goods.php%3Fid%3D762672-2426%26name%3DC2680%E3%80%80%E3%83%95%E3%83%A9%E3%83%B3%E3%83%95%E3%83%A9%E3%83%B3%E3%80%80Francfranc%E3%80%80%E3%83%9B%E3%83%86%E3%83%AB%EF%BC%86%E3%83%AA%E3%82%BE%E3%83%BC%E3%83%88%E3%82%B7%E3%83%AA%E3%83%BC%E3%82%BA%E3%80%80%E3%82%BF%E3%83%B3%E3%82%B9%E3%80%80%E8%A1%A3%E9%A1%9E%E5%8F%8E%E7%B4%8D%E3%80%80%E7%AE%AA%E7%AC%A5%E3%80%80%E5%AE%B6%E5%85%B7%E3%80%80%E9%80%81%E6%96%99B%E3%80%80%E6%9C%AD%E5%B9%8C%E3%80%80%E3%83%97%E3%83%A9%E3%82%AF%E3%83%A9%E5%8D%979%E6%9D%A1%E5%BA%97%E3%80%80%E3%82%AB%E3%83%BC%E3%83%89%E6%B1%BA%E6%B8%88%E5%8F%AF%E8%83%BD HTTP/1.1" 200 0 "-" "Mozilla/5.0 AppleWebKit/537.36 (KHTML, like Gecko; compatible; bingbot/2.0; +http://www.bing.com/bingbot.htm) Chrome/116.0.1938.76 Safari/537.36"
66.249.73.101 - - [25/Apr/2025:22:58:40 -0400] "GET /?i=28908100178201&channel=2c13c0&from=product.php%3Fid%3D1001782-95%26name%3DHYSTERIC+GLAMOUR+%E3%83%92%E3%82%B9%E3%83%86%E3%83%AA%E3%83%83%E3%82%AF%E3%82%B0%E3%83%A9%E3%83%9E%E3%83%BC+%E3%82%B5%E3%83%9E%E3%83%BC%E3%83%8B%E3%83%83%E3%83%88%E2%91%A1 HTTP/1.1" 200 0 "-" "Mozilla/5.0 (Linux; Android 6.0.1; Nexus 5X Build/MMB29P) AppleWebKit/537.36 (KHTML, like Gecko) Chrome/135.0.7049.95 Mobile Safari/537.36 (compatible; GoogleOther)"
40.77.167.22 - - [25/Apr/2025:22:58:51 -0400] "GET /?i=72845189696800&channel=905661&from=jp.php%3Fid%3D1896968-30921%26name%3D%E2%AD%90%EF%B8%8F%E5%9B%BD%E7%94%A3%E2%AD%90%EF%B8%8F%E3%82%B9%E3%83%86%E3%83%B3%E3%83%AC%E3%82%B9%E3%83%AF%E3%82%A4%E3%83%A4%E3%83%BC%E3%82%B4%E3%83%BC%E3%83%AB%E3%83%89%E3%83%8A%E3%82%A4%E3%83%AD%E3%83%B3%E3%82%B3%E3%83%BC%E3%83%880.3mm+3m HTTP/1.1" 200 0 "-" "Mozilla/5.0 AppleWebKit/537.36 (KHTML, like Gecko; compatible; bingbot/2.0; +http://www.bing.com/bingbot.htm) Chrome/116.0.1938.76 Safari/537.36"
66.249.73.101 - - [25/Apr/2025:22:58:55 -0400] "GET /?i=88738105344004&channel=625b11&from=article.php%3Fid%3D1053440-5285%26name%3DGK%E9%88%B4%E9%B9%BF%E2%98%86+%E6%96%B0%E5%93%81036+%E3%80%90%E3%83%AC%E3%83%95%E3%83%86%E3%82%A3%E3%80%91%E3%83%99%E3%83%86%E3%82%A3%E3%83%8A%E3%83%AB%E3%83%87%E3%82%A3%E2%98%85BB1+2022%E2%98%85%E3%82%AA%E3%83%AA%E3%82%B8%E3%83%8A%E3%83%AB%E3%82%B9%E3%83%81%E3%83%BC%E3%83%AB%E2%98%8534%E3%82%A4%E3%83%B3%E3%83%81%E2%98%85%E5%B7%A6%E2%98%85%E3%81%8A%E3%81%99%E3%81%99%E3%82%81%E2%98%85 HTTP/1.1" 200 54088 "-" "Mozilla/5.0 (Linux; Android 6.0.1; Nexus 5X Build/MMB29P) AppleWebKit/537.36 (KHTML, like Gecko) Chrome/135.0.7049.95 Mobile Safari/537.36 (compatible; Googlebot/2.1; +http://www.google.com/bot.html)"
66.249.73.101 - - [25/Apr/2025:22:58:57 -0400] "GET /?i=2821057078608&channel=25e7be&from=product.php%3Fid%3D570786-1734%26name%3D%E3%81%A1%E3%81%A3%E3%81%A1%E6%A7%98%E3%81%94%E7%A2%BA%E8%AA%8D%E4%B8%AD HTTP/1.1" 200 0 "-" "Mozilla/5.0 (Linux; Android 6.0.1; Nexus 5X Build/MMB29P) AppleWebKit/537.36 (KHTML, like Gecko) Chrome/135.0.7049.95 Mobile Safari/537.36 (compatible; GoogleOther)"
66.249.73.102 - - [25/Apr/2025:22:59:10 -0400] "GET /?i=7232455113402&channel=6b6649&from=blog.php%3Fid%3D551134-9585%26name%3D%E3%83%88%E3%83%A8%E3%82%BF+%E3%82%A2%E3%83%AB%E3%83%95%E3%82%A1%E3%83%BC%E3%83%89%2F%E3%83%B4%E3%82%A7%E3%83%AB%E3%83%95%E3%82%A1%E3%82%A4%E3%82%A2%28ALPHARD%2FVELLFIRE%29+%E5%9E%8B%E5%BC%8F%EF%BC%9AAGH30%2F35W%E3%80%81GGH30%2F3W5%E3%80%81AYH30W HTTP/1.1" 200 0 "-" "Mozilla/5.0 (Linux; Android 6.0.1; Nexus 5X Build/MMB29P) AppleWebKit/537.36 (KHTML, like Gecko) Chrome/135.0.7049.95 Mobile Safari/537.36 (compatible; GoogleOther)"
66.249.73.101 - - [25/Apr/2025:22:59:23 -0400] "GET /?i=0121997252900&channel=fed145&from=brands.php%3Fid%3D972529-4713%26name%3DLIXIL+%E3%83%AA%E3%82%AF%E3%82%B7%E3%83%AB%E3%80%80%E9%A2%A8%E5%91%82%E3%83%95%E3%82%BF%E3%80%80%E8%96%84%E5%9E%8B%E4%BF%9D%E6%B8%A9%E7%B5%84%E3%83%95%E3%82%BF%E3%80%80YFK-1580B%EF%BC%883%EF%BC%89-D4 HTTP/1.1" 200 0 "-" "Mozilla/5.0 (Linux; Android 6.0.1; Nexus 5X Build/MMB29P) AppleWebKit/537.36 (KHTML, like Gecko) Chrome/135.0.7049.95 Mobile Safari/537.36 (compatible; GoogleOther)"
40.77.167.22 - - [25/Apr/2025:22:59:31 -0400] "GET /?i=1722897133002&channel=606021&from=category-info.php%3Fid%3D971330-4718%26name%3D%E5%B9%B3%E5%B2%A9%E6%B4%8B%E5%BD%A6%E3%80%80%E6%88%90%E5%B7%9D%E7%BE%8E%E8%A1%93%E9%A4%A8%E3%80%80%E9%A1%8D%E9%A3%BE%E3%82%8A%E3%80%80%E6%97%A5%E6%9C%AC%E7%94%BB%E3%80%80%E6%98%A5%E4%B8%8D%E4%BA%8C%E3%80%80%E9%87%91%E7%AE%94%E3%80%80%E9%87%91%E6%B3%A5%E4%BB%95%E6%A7%98%E3%80%80%E5%AF%8C%E5%A3%AB%E5%B1%B1+%E6%A1%9C HTTP/1.1" 200 0 "-" "Mozilla/5.0 AppleWebKit/537.36 (KHTML, like Gecko; compatible; bingbot/2.0; +http://www.bing.com/bingbot.htm) Chrome/116.0.1938.76 Safari/537.36"
40.77.167.12 - - [25/Apr/2025:22:59:36 -0400] "GET /?i=1012195432300&channel=5b180d&from=shop.php%3Fid%3D954323-20486%26name%3DR13%E3%83%AA%E3%83%BC%E3%83%A1%E3%83%B3%E3%83%88+%E3%83%AA%E3%83%A9%E3%83%83+%E3%82%AF%E3%83%9E%E3%81%B5%E3%82%93%E3%82%8F%E3%82%8A%E3%82%B1%E3%83%BC%E3%82%AD%E5%B1%8B%E3%81%95%E3%82%93+%E3%82%B1%E3%83%BC%E3%82%AD%E3%81%A8%E3%83%95%E3%83%AB%E3%83%BC%E3%83%84%E3%82%BF%E3%83%AB%E3%83%88 HTTP/1.1" 200 0 "-" "Mozilla/5.0 AppleWebKit/537.36 (KHTML, like Gecko; compatible; bingbot/2.0; +http://www.bing.com/bingbot.htm) Chrome/116.0.1938.76 Safari/537.36"
66.249.73.101 - - [25/Apr/2025:22:59:44 -0400] "GET /891481150639.shtml HTTP/1.1" 200 0 "-" "Mozilla/5.0 (Linux; Android 6.0.1; Nexus 5X Build/MMB29P) AppleWebKit/537.36 (KHTML, like Gecko) Chrome/135.0.7049.95 Mobile Safari/537.36 (compatible; GoogleOther)"
66.249.73.101 - - [25/Apr/2025:23:00:00 -0400] "GET /34385169570.shtml HTTP/1.1" 200 0 "-" "Mozilla/5.0 (Linux; Android 6.0.1; Nexus 5X Build/MMB29P) AppleWebKit/537.36 (KHTML, like Gecko) Chrome/135.0.7049.95 Mobile Safari/537.36 (compatible; GoogleOther)"
20.15.133.174 - - [25/Apr/2025:23:00:08 -0400] "GET /?i=54222125345900&channel=375b3f&from=brands.php%3Fid%3D1253459-8205%26name%3D%E3%83%80%E3%83%83%E3%83%95%E3%82%A3%E3%83%BC%E3%80%80%E3%82%B7%E3%82%A7%E3%83%AA%E3%83%BC%E3%83%A1%E3%82%A4%E3%80%80SS+%E3%81%AC%E3%81%84%E3%81%90%E3%82%8B%E3%81%BF HTTP/1.1" 200 0 "-" "Mozilla/5.0 AppleWebKit/537.36 (KHTML, like Gecko; compatible; bingbot/2.0; +http://www.bing.com/bingbot.htm) Chrome/116.0.1938.76 Safari/537.36"
20.15.133.174 - - [25/Apr/2025:23:00:10 -0400] "GET /?i=72581120590502&channel=f533b1&from=blog.php%3Fid%3D1205905-3503%26name%3D%E9%95%B7%E3%81%951870mm+%E3%82%AB%E3%83%A1%E3%83%A9%E4%B8%89%E8%84%9A+%E8%87%AA%E7%94%B1%E9%9B%B2%E5%8F%B0 HTTP/1.1" 200 0 "-" "Mozilla/5.0 AppleWebKit/537.36 (KHTML, like Gecko; compatible; bingbot/2.0; +http://www.bing.com/bingbot.htm) Chrome/116.0.1938.76 Safari/537.36"
66.249.73.102 - - [25/Apr/2025:23:00:11 -0400] "GET /040821089297.shtml HTTP/1.1" 200 0 "-" "Mozilla/5.0 (Linux; Android 6.0.1; Nexus 5X Build/MMB29P) AppleWebKit/537.36 (KHTML, like Gecko) Chrome/135.0.7049.95 Mobile Safari/537.36 (compatible; GoogleOther)"
40.77.167.22 - - [25/Apr/2025:23:00:21 -0400] "GET /?i=959783774401&channel=ef4784&from=shop.php%3Fid%3D37744-4949%26name%3D%E3%82%AF%E3%83%AD%E3%83%BC%E3%82%BC%E3%83%83%E3%83%88%E3%83%AD%E3%83%83%E3%83%89+%E6%B4%8B%E6%9C%8D%E6%8E%9B%E3%81%91%E7%94%A8+%E5%AF%9D%E5%AE%A4%E3%83%AF%E3%83%BC%E3%83%89%E3%83%AD%E3%83%BC%E3%83%96+%E5%BC%95%E3%81%8D%E5%87%BA%E3%81%97%E5%BC%8F%E3%82%BA%E3%83%9C%E3%83%B3%E3%83%A9%E3%83%83%E3%82%AF+-+%E4%BC%B8%E7%B8%AE%E5%BC%8F%E5%BC%95%E3%81%8D%E5%87%BA%E3%81%97%E5%BC%8F%E3%82%AF%E3%83%AD%E3%83%BC%E3%82%BC%E3%83%83%E3%83%88%E3%83%AD%E3%83%83%E3%83%89+%E5%BC%95%E3%81%8D%E5%87%BA%E3%81%97%E5%BC%8F%E3%82%AF%E3%83%AD%E3%83%BC%E3%82%BC HTTP/1.1" 200 0 "-" "Mozilla/5.0 AppleWebKit/537.36 (KHTML, like Gecko; compatible; bingbot/2.0; +http://www.bing.com/bingbot.htm) Chrome/116.0.1938.76 Safari/537.36"
40.77.167.22 - - [25/Apr/2025:23:00:22 -0400] "GET /?i=0112543630203&channel=22f94a&from=brands.php%3Fid%3D436302-6862%26name%3D%E8%BB%8A%E3%81%AE%E3%82%B5%E3%82%A4%E3%83%89%E3%82%B9%E3%82%AB%E3%83%BC%E3%83%88%E3%82%B9%E3%83%9D%E3%82%A4%E3%83%A9%E3%83%BC+%E3%82%B5%E3%82%A4%E3%83%89%E3%82%B9%E3%82%AB%E3%83%BC%E3%83%88+%E3%82%A8%E3%82%AF%E3%82%B9%E3%83%86%E3%83%B3%E3%82%B7%E3%83%A7%E3%83%B3+%E3%83%AD%E3%83%83%E3%82%AB%E3%83%BC+%E3%82%B9%E3%83%97%E3%83%AA%E3%83%83%E3%82%BF%E3%83%BC+%E3%83%87%E3%82%A3%E3%83%95%E3%83%A5%E3%83%BC%E3%82%B6%E3%83%BC+%E3%82%A6%E3%82%A3%E3%83%B3%E3%82%B0%E3%83%AC%E3%83%83%E3%83%88+%E3%82%A6%E3%82%A3%E3%83%B3%E3%82%B0+%E3%83%9C HTTP/1.1" 200 0 "-" "Mozilla/5.0 AppleWebKit/537.36 (KHTML, like Gecko; compatible; bingbot/2.0; +http://www.bing.com/bingbot.htm) Chrome/116.0.1938.76 Safari/537.36"
66.249.73.101 - - [25/Apr/2025:23:00:23 -0400] "GET /?i=4487543460703&channel=402d74&from=pin.php%3Fid%3D434607-5175%26name%3DM65+%E3%83%95%E3%82%A3%E3%83%83%E3%82%B7%E3%83%A5%E3%83%86%E3%83%BC%E3%83%AB%E3%80%80+SMALL-REGULAR+S%E3%82%B5%E3%82%A4%E3%82%BA+%E3%82%A2%E3%83%AB%E3%83%9F%E3%82%B8%E3%83%83%E3%83%97 HTTP/1.1" 200 0 "-" "Mozilla/5.0 (Linux; Android 6.0.1; Nexus 5X Build/MMB29P) AppleWebKit/537.36 (KHTML, like Gecko) Chrome/135.0.7049.95 Mobile Safari/537.36 (compatible; GoogleOther)"
20.15.133.174 - - [25/Apr/2025:23:00:25 -0400] "GET /?i=934074314800&channel=d4056d&from=blog.php%3Fid%3D43148-5260%26name%3D%E2%98%85JACKALL+Custom+Handle+%E3%83%80%E3%82%A4%E3%83%AF%E7%94%A8%E3%83%A9%E3%82%A6%E3%83%B3%E3%83%89%E3%83%8E%E3%83%96+40mm+%23%E3%83%96%E3%83%A9%E3%83%83%E3%82%AF%E2%98%85 HTTP/1.1" 200 0 "-" "Mozilla/5.0 AppleWebKit/537.36 (KHTML, like Gecko; compatible; bingbot/2.0; +http://www.bing.com/bingbot.htm) Chrome/116.0.1938.76 Safari/537.36"
20.15.133.174 - - [25/Apr/2025:23:00:27 -0400] "GET /?i=7710725477516&channel=053d1c&from=goods.php%3Fid%3D254775-12326%26name%3D%E3%82%B9%E3%83%8E%E3%83%BC%E3%83%94%E3%83%BC%E3%82%AF%E3%80%80%E3%83%86%E3%83%BC%E3%83%96%E3%83%AB%E3%82%A6%E3%82%A7%E3%82%A2%E3%82%BB%E3%83%83%E3%83%88L%E3%83%95%E3%82%A1%E3%83%9F%E3%83%AA%E3%83%BC HTTP/1.1" 200 0 "-" "Mozilla/5.0 AppleWebKit/537.36 (KHTML, like Gecko; compatible; bingbot/2.0; +http://www.bing.com/bingbot.htm) Chrome/116.0.1938.76 Safari/537.36"
66.249.73.101 - - [25/Apr/2025:23:00:40 -0400] "GET /?i=49255178158902&channel=379872&from=shop.php%3Fid%3D1781589-17471%26name%3DG913+TKL+%E3%83%AA%E3%83%8B%E3%82%A2 HTTP/1.1" 200 0 "-" "Mozilla/5.0 (Linux; Android 6.0.1; Nexus 5X Build/MMB29P) AppleWebKit/537.36 (KHTML, like Gecko) Chrome/135.0.7049.95 Mobile Safari/537.36 (compatible; GoogleOther)"
66.249.73.101 - - [25/Apr/2025:23:00:48 -0400] "GET /?i=39903189253304&channel=90bd69&from=news.php%3Fid%3D1892533-12568%26name%3D%E3%83%89%E3%83%A9%E3%82%A4%E3%83%96%E3%83%AC%E3%82%B3%E3%83%BC%E3%83%80%E3%83%BC+%E3%83%9F%E3%83%A9%E3%83%BC%E5%9E%8B+12%E3%82%A4%E3%83%B3%E3%83%81+4K+%E5%89%8D%E5%BE%8C%E3%82%AB%E3%83%A1%E3%83%A964GB+2%E3%82%AB%E3%83%A1%E3%83%A9 HTTP/1.1" 200 52703 "-" "Mozilla/5.0 (Linux; Android 6.0.1; Nexus 5X Build/MMB29P) AppleWebKit/537.36 (KHTML, like Gecko) Chrome/135.0.7049.95 Mobile Safari/537.36 (compatible; Googlebot/2.1; +http://www.google.com/bot.html)"
66.249.73.101 - - [25/Apr/2025:23:00:51 -0400] "GET /998481199118.shtml HTTP/1.1" 200 0 "-" "Mozilla/5.0 (Linux; Android 6.0.1; Nexus 5X Build/MMB29P) AppleWebKit/537.36 (KHTML, like Gecko) Chrome/135.0.7049.95 Mobile Safari/537.36 (compatible; GoogleOther)"
66.249.73.101 - - [25/Apr/2025:23:00:52 -0400] "GET /?i=7934611090103&channel=ee1b8b&from=blog.php%3Fid%3D110901-8501%26name%3DTRANSUTON+100G+QSFP28+%E3%83%96%E3%83%AC%E3%82%A4%E3%82%AF%E3%82%A2%E3%82%A6%E3%83%88+DAC+%E3%82%B1%E3%83%BC%E3%83%96%E3%83%AB+%7C+QSFP28+-+25G+SFP28+%E3%83%91%E3%83%83%E3%82%B7%E3%83%96+%E3%83%80 HTTP/1.1" 200 53390 "-" "Mozilla/5.0 (Linux; Android 6.0.1; Nexus 5X Build/MMB29P) AppleWebKit/537.36 (KHTML, like Gecko) Chrome/135.0.7049.95 Mobile Safari/537.36 (compatible; Googlebot/2.1; +http://www.google.com/bot.html)"
20.15.133.174 - - [25/Apr/2025:23:01:03 -0400] "GET /?i=91499144077007&channel=d6ebcf&from=form.php%3Fid%3D1440770-2973%26name%3D%E5%AE%A4%E5%86%85%E7%94%A8+%E3%83%9C%E3%83%BC%E3%83%AB+%E9%9D%99%E9%9F%B3%E3%83%9C%E3%83%BC%E3%83%AB+%E3%82%B5%E3%82%A4%E3%83%AC%E3%83%B3%E3%83%88%E3%83%9C%E3%83%BC%E3%83%AB+%E6%9F%94%E3%82%89%E3%81%8B%E3%81%84+%E5%AD%90%E4%BE%9B+%E5%AE%A4%E5%86%85+%E5%AE%A4%E5%86%85%E9%81%8A%E3%81%B3+%E5%AE%89%E5%85%A8+%E9%9D%99%E9%9F%B3+%E3%83%90%E3%82%B9%E3%82%B1+%E3%82%B5%E3%83%83%E3%82%AB%E3%83%BC+%E5%AD%90%E4%BE%9B%E7%94%A8+%E3%81%93%E3%81%A9%E3%82%82+%E8%BB%BD%E9%87%8F+%E9%9B%A8+%E3%81%8A%E3%82%82%E3%81%A1%E3%82%83+%E3%82%AD%E3%83%83%E3%82%BA+%E5%A4%96+%E3%83%89%E3%83%83%E3%82%B8%E3%83%9C%E3%83%BC%E3%83%AB+%E7%97%9B%E3%81%8F%E3%81%AA%E3%81%84+%E4%B8%87%E8%83%BD%E3%83%9C%E3%83%BC%E3%83%AB+%E3%83%80%E3%82%A4%E3%82%A8%E3%83%83%E3%83%88+%E3%82%84%E3%82%8F%E3%82%89%E3%81%8B%E3%81%84+%E9%81%8B%E5%8B%95+%E5%B9%BC%E7%A8%9A%E5%9C%92+%E5%B0%8F%E5%AD%A6%E7%94%9F+%E6%A2%85%E9%9B%A8+%E8%AA%95%E7%94%9F%E6%97%A5+%E3%83%97%E3%83%AC%E3%82%BC%E3%83%B3%E3%83%88+%E5%AE%89%E5%BF%83 HTTP/1.1" 200 0 "-" "Mozilla/5.0 AppleWebKit/537.36 (KHTML, like Gecko; compatible; bingbot/2.0; +http://www.bing.com/bingbot.htm) Chrome/116.0.1938.76 Safari/537.36"
20.15.133.174 - - [25/Apr/2025:23:01:05 -0400] "GET /?i=33925140892500&channel=d94436&from=category-info.php%3Fid%3D1408925-6739%26name%3D%E3%82%BD%E3%83%BC%E3%82%B9%E3%83%91%E3%83%B3+20%2F24cm+%E9%BA%A6%E9%A3%AF%E7%9F%B3+%E4%B8%AD%E8%8F%AF%E9%8D%8B+%E3%83%95%E3%83%A9%E3%82%A4%E3%83%91%E3%83%B3+%E5%AE%B6%E5%BA%AD%E7%94%A8%E4%B8%AD%E8%8F%AF%E9%8D%8B+%E3%82%AD%E3%83%83%E3%83%81%E3%83%B3+%E6%9C%9D%E9%A3%9F%E7%94%A8%E9%8D%8B+%E4%B8%AD%E8%8F%AF%E9%8D%8B HTTP/1.1" 200 0 "-" "Mozilla/5.0 AppleWebKit/537.36 (KHTML, like Gecko; compatible; bingbot/2.0; +http://www.bing.com/bingbot.htm) Chrome/116.0.1938.76 Safari/537.36"
40.77.167.22 - - [25/Apr/2025:23:01:10 -0400] "GET /?i=25522159634704&channel=f75d17&from=product.php%3Fid%3D1596347-17513%26name%3D%E3%83%8F%E3%83%A0%E3%82%B9%E3%82%BF%E3%83%BC%E3%82%B7%E3%83%BC%E3%83%AB60%E6%9E%9A%E3%80%81%E3%82%B7%E3%83%BC%E3%83%AB%E5%AD%90%E4%BE%9B%E9%9D%92%E5%B0%91%E5%B9%B4%E5%A4%A7%E4%BA%BA%E3%80%81%E3%81%8A%E3%81%97%E3%82%83%E3%82%8C%E8%90%BD%E6%9B%B8%E3%81%8D%E9%98%B2%E6%B0%B4%E3%83%93%E3%83%8B%E3%83%BC%E3%83%AB%E3%82%B7%E3%83%BC%E3%83%AB%E3%83%90%E3%83%83%E3%82%B0%E6%B0%B4%E7%93%B6%E3%80%81%E3%83%8E%E3%83%BC%E3%83%88%E3%83%91%E3%82%BD%E3%82%B3%E3%83%B3%E3%80%81%E3%82%AE%E3%82%BF%E3%83%BC%E3%82%B9%E3%82%B1%E3%83%BC%E3%83%88%E3%83%9C%E3%83%BC%E3%83%89%E3%80%81%E8%8D%B7%E7%89%A9 HTTP/1.1" 200 0 "-" "Mozilla/5.0 AppleWebKit/537.36 (KHTML, like Gecko; compatible; bingbot/2.0; +http://www.bing.com/bingbot.htm) Chrome/116.0.1938.76 Safari/537.36"
66.249.73.103 - - [25/Apr/2025:23:01:19 -0400] "GET /302821052270.shtml HTTP/1.1" 200 0 "-" "Mozilla/5.0 (Linux; Android 6.0.1; Nexus 5X Build/MMB29P) AppleWebKit/537.36 (KHTML, like Gecko) Chrome/135.0.7049.95 Mobile Safari/537.36 (compatible; GoogleOther)"
40.77.167.22 - - [25/Apr/2025:23:01:31 -0400] "GET /?i=699931148300&channel=3e3033&from=goods.php%3Fid%3D11483-784%26name%3DBUFFALO+%E5%85%89%E3%83%A1%E3%83%87%E3%82%A3%E3%82%A2%E3%82%B3%E3%83%B3%E3%83%90%E3%83%BC%E3%82%BF+%E3%82%B7%E3%83%B3%E3%82%B0%E3%83%AB%E3%83%A2%E3%83%BC%E3%83%895km+LTR2-TX-SFC5R HTTP/1.1" 200 0 "-" "Mozilla/5.0 AppleWebKit/537.36 (KHTML, like Gecko; compatible; bingbot/2.0; +http://www.bing.com/bingbot.htm) Chrome/116.0.1938.76 Safari/537.36"
66.249.73.101 - - [25/Apr/2025:23:01:41 -0400] "GET /?i=2791777775504&channel=1c075a&from=jp.php%3Fid%3D777755-9764%26name%3DCanon+%E5%8D%98%E7%84%A6%E7%82%B9%E3%83%AC%E3%83%B3%E3%82%BA+EF50mm+F1.8+STM HTTP/1.1" 200 0 "-" "Mozilla/5.0 (Linux; Android 6.0.1; Nexus 5X Build/MMB29P) AppleWebKit/537.36 (KHTML, like Gecko) Chrome/135.0.7049.95 Mobile Safari/537.36 (compatible; GoogleOther)"
66.249.73.101 - - [25/Apr/2025:23:01:45 -0400] "GET /?i=2187963180701&channel=25e7be&from=jp.php%3Fid%3D631807-1734%26name%3DSNIDEL+%E3%82%B9%E3%83%8A%E3%82%A4%E3%83%87%E3%83%AB+%E3%83%AC%E3%83%BC%E3%82%B9%E3%83%9C%E3%83%AC%E3%83%AD%E3%83%87%E3%82%B3%E3%83%AB%E3%83%86%E3%82%AA%E3%83%BC%E3%83%97%E3%83%B3%E3%83%AF%E3%83%B3%E3%83%94%E3%83%BC%E3%82%B9 HTTP/1.1" 200 53793 "-" "Mozilla/5.0 (Linux; Android 6.0.1; Nexus 5X Build/MMB29P) AppleWebKit/537.36 (KHTML, like Gecko) Chrome/135.0.7049.95 Mobile Safari/537.36 (compatible; Googlebot/2.1; +http://www.google.com/bot.html)"
66.249.73.102 - - [25/Apr/2025:23:02:03 -0400] "GET /?i=9129428251206&channel=25e7be&from=article.php%3Fid%3D282512-1734%26name%3D%E3%80%90%E5%B0%8F%E5%B6%8B%E9%99%BD%E8%8F%9C%E7%9D%80%E7%94%A8%E3%80%91%E3%83%8F%E3%83%BC%E3%83%AA%E3%83%83%E3%83%97%E3%83%88%E3%82%A5%E3%80%80%E3%83%AF%E3%83%B3%E3%83%94%E3%83%BC%E3%82%B9%E9%A2%A8%E3%80%80%E3%83%87%E3%83%8B%E3%83%A0%E3%80%80%E3%82%BB%E3%83%83%E3%83%88%E3%82%A2%E3%83%83%E3%83%97%E3%80%80%E3%83%99%E3%83%AB%E3%83%88 HTTP/1.1" 200 0 "-" "Mozilla/5.0 (Linux; Android 6.0.1; Nexus 5X Build/MMB29P) AppleWebKit/537.36 (KHTML, like Gecko) Chrome/135.0.7049.95 Mobile Safari/537.36 (compatible; GoogleOther)"
66.249.73.102 - - [25/Apr/2025:23:02:10 -0400] "GET /?i=9978283566003&channel=6ee906&from=news.php%3Fid%3D835660-17578%26name%3DLiveViewPro%E3%80%80%E3%83%A9%E3%82%A4%E3%83%96%E3%83%93%E3%83%A5%E3%83%BC%E3%83%97%E3%83%AD HTTP/1.1" 200 0 "-" "Mozilla/5.0 (Linux; Android 6.0.1; Nexus 5X Build/MMB29P) AppleWebKit/537.36 (KHTML, like Gecko) Chrome/135.0.7049.95 Mobile Safari/537.36 (compatible; GoogleOther)"
40.77.167.18 - - [25/Apr/2025:23:02:15 -0400] "GET /?i=25920166515708&channel=412a5b&from=jp.php%3Fid%3D1665157-97%26name%3D%5BDtharen%5D+%E5%BA%AD%E3%81%AE%E3%82%AC%E3%83%81%E3%83%A7%E3%82%A6%E3%81%AE%E8%A1%A3%E8%A3%85%E3%80%81%E5%B1%8B%E5%A4%96%E3%82%AC%E3%83%81%E3%83%A7%E3%82%A6%E3%81%AE%E8%A1%A3%E8%A3%85%2C%E3%82%B9%E3%82%BF%E3%83%BC%E3%83%87%E3%82%B6%E3%82%A4%E3%83%B3%E3%83%9D%E3%83%BC%E3%83%81%E3%82%AC%E3%83%81%E3%83%A7%E3%82%A6%E3%81%AE%E3%82%B3%E3%82%B9%E3%83%81%E3%83%A5%E3%83%BC%E3%83%A0+%7C+23%E3%82%A4%E3%83%B3%E3%83%81%E7%8B%AC%E7%AB%8B%E8%A8%98%E5%BF%B5%E6%97%A5%E8%8A%9D%E7%94%9F HTTP/1.1" 200 0 "-" "Mozilla/5.0 AppleWebKit/537.36 (KHTML, like Gecko; compatible; bingbot/2.0; +http://www.bing.com/bingbot.htm) Chrome/116.0.1938.76 Safari/537.36"
85.208.96.202 - - [25/Apr/2025:23:02:17 -0400] "GET /robots.txt HTTP/1.1" 200 91 "-" "Mozilla/5.0 (compatible; SemrushBot/7~bl; +http://www.semrush.com/bot.html)"
185.191.171.12 - - [25/Apr/2025:23:02:18 -0400] "GET /bahadurabad/ HTTP/1.1" 200 0 "-" "Mozilla/5.0 (compatible; SemrushBot/7~bl; +http://www.semrush.com/bot.html)"
66.249.73.101 - - [25/Apr/2025:23:02:37 -0400] "GET /922971416645.shtml HTTP/1.1" 200 0 "-" "Mozilla/5.0 (Linux; Android 6.0.1; Nexus 5X Build/MMB29P) AppleWebKit/537.36 (KHTML, like Gecko) Chrome/135.0.7049.95 Mobile Safari/537.36 (compatible; GoogleOther)"
66.249.73.101 - - [25/Apr/2025:23:02:49 -0400] "GET /?i=1521674871312&channel=93be18&from=product.php%3Fid%3D748713-5595%26name%3DTHRASHER+%C3%97+Manhattan+Portage+%E3%82%B9%E3%83%A9%E3%83%83%E3%82%B7%E3%83%A3%E3%83%BC+%E3%83%9E%E3%83%B3%E3%83%8F%E3%83%83%E3%82%BF%E3%83%B3%E3%83%9D%E3%83%BC%E3%83%86%E3%83%BC%E3%82%B8++L%2FS+PRINT+T-SHIRT+24FW-MP-M586+%E6%AD%A3%E8%A6%8F%E5%93%81+T%E3%82%B7%E3%83%A3%E3%83%84+%E9%95%B7%E8%A2%96+TEE+%E3%83%97%E3%83%AA%E3%83%B3%E3%83%88+%E3%83%A1%E3%83%B3%E3%82%BA+%E3%83%AC%E3%83%87%E3%82%A3%E3%83%BC%E3%82%B9+%E3%83%A6%E3%83%8B%E3%82%BB%E3%83%83%E3%82%AF%E3%82%B9+%E9%80%81%E6%96%99%E7%84%A1%E6%96%99+%E3%82%B9%E3%83%88%E3%83%AA%E3%83%BC%E3%83%88+%E3%82%AB%E3%82%B8%E3%83%A5%E3%82%A2%E3%83%AB%E3%83%95%E3%82%A1%E3%83%83%E3%82%B7%E3%83%A7%E3%83%B3+%E3%82%B9%E3%82%B1%E3%83%BC%E3%82%BF%E3%83%BC+%E3%82%B9%E3%82%B1%E3%83%9C%E3%83%BC+%E3%82%B9%E3%82%B1%E3%83%BC%E3%83%88%E3%83%9C%E3%83%BC%E3%83%89++%E3%83%AD%E3%82%B4 HTTP/1.1" 200 0 "-" "Mozilla/5.0 (Linux; Android 6.0.1; Nexus 5X Build/MMB29P) AppleWebKit/537.36 (KHTML, like Gecko) Chrome/135.0.7049.95 Mobile Safari/537.36 (compatible; GoogleOther)"
66.249.74.12 - - [25/Apr/2025:23:03:24 -0400] "GET /419291434359.shtml HTTP/1.1" 200 0 "-" "Mozilla/5.0 (Linux; Android 6.0.1; Nexus 5X Build/MMB29P) AppleWebKit/537.36 (KHTML, like Gecko) Chrome/135.0.7049.95 Mobile Safari/537.36 (compatible; GoogleOther)"
66.249.73.103 - - [25/Apr/2025:23:03:47 -0400] "GET /?i=38181185238200&channel=56ffb8&from=brands.php%3Fid%3D1852382-7061%26name%3DCPC%E3%83%97%E3%83%AC%E3%83%9F%E3%82%A2%E3%83%A0%E3%82%B3%E3%83%BC%E3%83%86%E3%82%A3%E3%83%B3%E3%82%B0+%E3%83%80%E3%83%96%E3%83%ABG+%E3%83%A1%E3%83%B3%E3%83%86%E3%83%8A%E3%83%B3%E3%82%B9%E3%82%AD%E3%83%83%E3%83%88+10%E7%82%B9%E3%82%BB%E3%83%83%E3%83%88 HTTP/1.1" 200 0 "-" "Mozilla/5.0 (Linux; Android 6.0.1; Nexus 5X Build/MMB29P) AppleWebKit/537.36 (KHTML, like Gecko) Chrome/135.0.7049.95 Mobile Safari/537.36 (compatible; GoogleOther)"
66.249.73.102 - - [25/Apr/2025:23:04:16 -0400] "GET /21929808460.shtml HTTP/1.1" 200 0 "-" "Mozilla/5.0 (Linux; Android 6.0.1; Nexus 5X Build/MMB29P) AppleWebKit/537.36 (KHTML, like Gecko) Chrome/135.0.7049.95 Mobile Safari/537.36 (compatible; GoogleOther)"
40.77.167.22 - - [25/Apr/2025:23:04:21 -0400] "GET /?i=090975154600&channel=36fc53&from=blog.php%3Fid%3D51546-5720%26name%3D%E3%83%98%E3%83%83%E3%82%AF%E3%82%B9%E3%82%A2%E3%83%BC%E3%83%9E%E3%83%BC+%E8%80%90%E5%88%87%E5%89%B5%E6%80%A7%E3%83%A1%E3%82%AB%E3%83%8B%E3%83%83%E3%82%AF%E3%82%B0%E3%83%AD%E3%83%BC%E3%83%96 HTTP/1.1" 200 0 "-" "Mozilla/5.0 AppleWebKit/537.36 (KHTML, like Gecko; compatible; bingbot/2.0; +http://www.bing.com/bingbot.htm) Chrome/116.0.1938.76 Safari/537.36"
66.249.73.101 - - [25/Apr/2025:23:04:22 -0400] "GET /?i=482111740000&channel=bef75c&from=shop.php%3Fid%3D17400-843%26name%3DARMADA+ARV+100%2BATTACK+11+GW%5B165cm%2F%E3%82%BB%E3%83%B3%E3%82%BF%E3%83%BC%E5%B9%85100mm%E5%B9%85%5D25%E3%83%A2%E3%83%87%E3%83%AB+%E3%83%95%E3%83%AA%E3%83%BC%E3%82%B9%E3%82%AD%E3%83%BC%E6%9D%BF%E3%83%93%E3%83%B3%E3%83%87%E3%82%A3%E3%83%B3%E3%82%B0%E3%82%BB%E3%83%83%E3%83%88+%E3%83%84%E3%82%A4%E3%83%B3%E3%83%81%E3%83%83%E3%83%97 HTTP/1.1" 200 54183 "-" "Mozilla/5.0 (Linux; Android 6.0.1; Nexus 5X Build/MMB29P) AppleWebKit/537.36 (KHTML, like Gecko) Chrome/135.0.7049.95 Mobile Safari/537.36 (compatible; Googlebot/2.1; +http://www.google.com/bot.html)"
40.77.167.22 - - [25/Apr/2025:23:04:23 -0400] "GET /?i=72133116664306&channel=9831eb&from=product.php%3Fid%3D1166643-646%26name%3DDYNASTY%28%E3%83%80%E3%82%A4%E3%83%8A%E3%82%B9%E3%83%86%E3%82%A3%E3%83%BC%29+A-FLOW+BLACK+LINE+%E3%82%B3%E3%83%BC%E3%83%86%E3%82%A3%E3%83%B3%E3%82%B0%E3%82%BF%E3%82%A4%E3%83%97+LISA2%28%E3%83%AA%E3%82%B52%29+2BA+%E3%82%AD%E3%83%A0%E3%83%BB%E3%83%92%E3%83%A7%E3%82%B8%E3%83%B3%E9%81%B8%E6%89%8B%E3%83%A2%E3%83%87%E3%83%AB%E3%80%80%28%E3%83%80%E3%83%BC%E3%83%84+%E3%83%90%E3%83%AC%E3%83%AB+%E3%83%80%E3%83%BC%E3%83%84%E3%82%BB%E3%83%83%E3%83%88+%E3%83%80%E3%83%BC%E3%83%84+%E3%82%BB%E3%83%83%E3%83%88+%E3%82%BF%E3%83%B3%E3%82%B0%E3%82%B9%E3%83%86%E3%83%B3+%E3%83%80%E3%83%BC%E3%83%84+%E3%82%B7%E3%83%A3%E3%83%95%E3%83%88+%E3%83%80%E3%83%BC%E3%83%84+%E3%83%81%E3%83%83%E3%83%97+%E3%83%80%E3%83%BC%E3%83%84+%E3%83%95%E3%83%A9%E3%82%A4%E3%83%88+%E7%BE%BD+%E3%83%80%E3%83%BC%E3%83%84+%E7%9F%A2+darts+barrel%29 HTTP/1.1" 200 0 "-" "Mozilla/5.0 AppleWebKit/537.36 (KHTML, like Gecko; compatible; bingbot/2.0; +http://www.bing.com/bingbot.htm) Chrome/116.0.1938.76 Safari/537.36"
40.77.167.12 - - [25/Apr/2025:23:04:36 -0400] "GET /?i=30124142277300&channel=696aa8&from=blog.php%3Fid%3D1422773-21658%26name%3D9806%2F%E5%BD%B1%E3%81%AE%E5%A4%A7%E5%8F%B8%E7%A5%AD%2FArchpriest+of+Shadows%2F%E6%A9%9F%E6%A2%B0%E5%85%B5%E5%9B%A3%E3%81%AE%E9%80%B2%E8%BB%8D%E3%80%90%E6%8B%A1%E5%BC%B5%E3%82%A2%E3%83%BC%E3%83%88%E3%80%91%2F%E3%80%90%E6%97%A5%E6%9C%AC%E8%AA%9E%E3%80%91 HTTP/1.1" 200 0 "-" "Mozilla/5.0 AppleWebKit/537.36 (KHTML, like Gecko; compatible; bingbot/2.0; +http://www.bing.com/bingbot.htm) Chrome/116.0.1938.76 Safari/537.36"
40.77.167.12 - - [25/Apr/2025:23:04:37 -0400] "GET /?i=28493180916400&channel=fa6891&from=shop.php%3Fid%3D1809164-2772%26name%3D%E3%83%8A%E3%83%81%E3%83%A5%E3%83%A9%E3%83%AB%E3%81%AB%E6%B1%BA%E3%81%BE%E3%82%8B%E3%82%A6%E3%83%83%E3%83%89%E3%83%96%E3%83%A9%E3%82%A6%E3%83%B3%21%217%E6%9E%9A%E3%82%A6%E3%83%83%E3%83%89%E3%83%97%E3%83%AC%E3%83%BC%E3%83%88%E3%82%A8%E3%82%B9%E3%83%8B%E3%83%83%E3%82%AF%E3%83%8D%E3%83%83%E3%82%AF%E3%83%AC%E3%82%B9%E2%98%86%E3%82%A4%E3%83%B3%E3%83%91%E3%82%AF%E3%83%88%E3%81%82%E3%82%8B%E7%B7%8F%E3%82%A6%E3%83%83%E3%83%89%E8%A3%BD%EF%BC%81%EF%BC%81%E3%82%A8%E3%82%B9%E3%83%8B%E3%83%83%E3%82%AF%2F%E3%83%95%E3%82%A1%E3%83%83%E3%82%B7%E3%83%A7%E3%83%B3%2F%E3%82%A2%E3%82%AF%E3%82%BB%2F%E3%82%86%E3%81%86%E3%83%A1%E3%83%BC%E3%83%AB%E5%AF%BE%E5%BF%9C%E3%82%A2%E3%82%A4%E3%83%86%E3%83%A0 HTTP/1.1" 200 0 "-" "Mozilla/5.0 AppleWebKit/537.36 (KHTML, like Gecko; compatible; bingbot/2.0; +http://www.bing.com/bingbot.htm) Chrome/116.0.1938.76 Safari/537.36"
66.249.73.101 - - [25/Apr/2025:23:04:38 -0400] "GET /?i=95241174565501&channel=9e822a&from=product.php%3Fid%3D1745655-16589%26name%3D%E3%83%89%E3%82%A2%E3%83%9E%E3%83%83%E3%83%88+%E7%8E%84%E9%96%A2%E3%83%9E%E3%83%83%E3%83%88+%E3%83%81%E3%82%A7%E3%83%83%E3%82%AB%E3%83%BC%E3%83%9C%E3%83%BC%E3%83%89%E6%9F%84+%E3%81%8A%E3%81%97%E3%82%83%E3%82%8C+%E5%90%B8%E6%B0%B4+%E6%B3%A5%E8%90%BD%E3%81%A8%E3%81%97+%E5%8C%97%E6%AC%A7+%E5%B9%BE%E4%BD%95%E5%AD%A6+PVC+%E3%83%9E%E3%83%83%E3%83%88+%E3%82%A6%E3%82%A9%E3%83%83%E3%82%B7%E3%83%A3%E3%83%96%E3%83%AB+%E3%82%A4%E3%83%B3%E3%83%86%E3%83%AA%E3%82%A2+%E3%82%A8%E3%83%B3%E3%83%88%E3%83%A9%E3%83%B3%E3%82%B9%E3%83%9E%E3%83%83%E3%83%88+%E3%82%AA%E3%82%B7%E3%83%A3%E3%83%AC+%E6%B4%97%E3%81%88%E3%82%8B0219 HTTP/1.1" 200 0 "-" "Mozilla/5.0 (Linux; Android 6.0.1; Nexus 5X Build/MMB29P) AppleWebKit/537.36 (KHTML, like Gecko) Chrome/135.0.7049.95 Mobile Safari/537.36 (compatible; GoogleOther)"
40.77.167.18 - - [25/Apr/2025:23:04:45 -0400] "GET /?i=41906179583505&channel=d7ce18&from=pin.php%3Fid%3D1795835-6012%26name%3DPluieSoleil%E7%8A%AC+%E9%A4%8C%E5%85%A5%E3%82%8C+%E7%8C%AB+%E6%B0%B4%E9%A3%B2%E3%81%BF%E7%9A%BF+%E7%8A%AC+%E9%A4%8C%E5%85%A5%E3%82%8C+%E7%8A%AC+%E3%83%95%E3%83%BC%E3%83%89%E3%83%9C%E3%82%A6%E3%83%AB+%E3%83%9A%E3%83%83%E3%83%88%E6%B0%B4%E9%A3%B2%E3%81%BF%E5%99%A8+%E4%BA%8C%E5%90%88%E3%81%A7%E3%81%99%E5%9B%BA%E5%AE%9A%E5%BC%8F%E3%82%92%E5%8E%9A%E3%81%8F%E3%81%97%E3%81%BE%E3%81%99+%E8%BB%A2%E5%80%92%E9%98%B2%E6%AD%A2%E3%81%A7%E3%81%99+%E5%BC%94%E3%82%8A%E4%B8%8B%E3%81%92%E5%8F%AF%E8%83%BD%E3%81%A7%E3%81%99+%E8%AA%BF%E7%AF%80%E5%8F%AF%E8%83%BD%E3%81%A7%E6%B4%97%E3%81%84%E3%82%84%E3%81%99%E3%81%84%E3%81%A7%E3%81%99+%E7%B0%A1%E5%8D%98%E3%81%AB%E3%82%A4%E3%83%B3%E3%82%B9%E3%83%88%E3%83%BC%E3%83%AB%E3%81%A7%E3%81%8D%E3%81%BE%E3%81%99%EF%BC%88%E7%81%B0L%29 HTTP/1.1" 200 0 "-" "Mozilla/5.0 AppleWebKit/537.36 (KHTML, like Gecko; compatible; bingbot/2.0; +http://www.bing.com/bingbot.htm) Chrome/116.0.1938.76 Safari/537.36"
40.77.167.12 - - [25/Apr/2025:23:04:57 -0400] "GET /?i=3478413141005&channel=5d7798&from=category-info.php%3Fid%3D131410-8778%26name%3D3S%E8%B6%85%E7%BE%8E%E5%93%81+%E3%83%AC%E3%82%A4%E3%83%90%E3%83%B3%E3%80%80%E3%82%B5%E3%83%B3%E3%82%B0%E3%83%A9%E3%82%B9%E3%80%802132%E3%80%80%E9%BB%92%E3%80%80%E3%83%8B%E3%83%A5%E3%83%BC%E3%82%A6%E3%82%A7%E3%82%A4%E3%83%95%E3%82%A1%E3%83%BC%E3%83%A9%E3%83%BC HTTP/1.1" 200 0 "-" "Mozilla/5.0 AppleWebKit/537.36 (KHTML, like Gecko; compatible; bingbot/2.0; +http://www.bing.com/bingbot.htm) Chrome/116.0.1938.76 Safari/537.36"
66.249.74.12 - - [25/Apr/2025:23:05:23 -0400] "GET /88612708703.shtml HTTP/1.1" 200 0 "-" "Mozilla/5.0 (Linux; Android 6.0.1; Nexus 5X Build/MMB29P) AppleWebKit/537.36 (KHTML, like Gecko) Chrome/135.0.7049.95 Mobile Safari/537.36 (compatible; GoogleOther)"
66.249.73.102 - - [25/Apr/2025:23:06:02 -0400] "GET /?i=73572148710600&channel=d2db53&from=news.php%3Fid%3D1487106-24599%26name%3DBM117%E3%83%90%E3%82%A4%E3%82%AB%E3%83%A9%E3%83%BC%E3%83%88%E3%83%AB%E3%83%9E%E3%83%AA%E3%83%B3%E3%83%AB%E3%83%BC%E3%82%B9+%E5%80%92%E3%81%95 HTTP/1.1" 200 0 "-" "Mozilla/5.0 (Linux; Android 6.0.1; Nexus 5X Build/MMB29P) AppleWebKit/537.36 (KHTML, like Gecko) Chrome/135.0.7049.95 Mobile Safari/537.36 (compatible; GoogleOther)"
66.249.74.12 - - [25/Apr/2025:23:07:34 -0400] "GET /54298503980.shtml HTTP/1.1" 200 0 "-" "Mozilla/5.0 (Linux; Android 6.0.1; Nexus 5X Build/MMB29P) AppleWebKit/537.36 (KHTML, like Gecko) Chrome/135.0.7049.95 Mobile Safari/537.36 (compatible; GoogleOther)"
66.249.73.101 - - [25/Apr/2025:23:08:29 -0400] "GET /00869321383.shtml HTTP/1.1" 200 0 "-" "Mozilla/5.0 (Linux; Android 6.0.1; Nexus 5X Build/MMB29P) AppleWebKit/537.36 (KHTML, like Gecko) Chrome/135.0.7049.95 Mobile Safari/537.36 (compatible; GoogleOther)"
66.249.73.102 - - [25/Apr/2025:23:08:53 -0400] "GET /858381262434.shtml HTTP/1.1" 200 0 "-" "Mozilla/5.0 (Linux; Android 6.0.1; Nexus 5X Build/MMB29P) AppleWebKit/537.36 (KHTML, like Gecko) Chrome/135.0.7049.95 Mobile Safari/537.36 (compatible; GoogleOther)"
66.249.73.103 - - [25/Apr/2025:23:09:33 -0400] "GET /?i=9869841588400&channel=8c58aa&from=blog.php%3Fid%3D415884-3372%26name%3D%E8%BF%91%E5%B9%B4%E3%80%80%E7%BE%8E%E5%93%81%E3%80%80MaxMara+%E3%83%9E%E3%83%83%E3%82%AF%E3%82%B9%E3%83%9E%E3%83%BC%E3%83%A9%E3%80%80%E3%83%9E%E3%83%8B%E3%83%A5%E3%82%A8%E3%83%A9%E3%80%80%E3%82%AD%E3%83%A3%E3%83%A1%E3%83%AB100%25+%E3%82%B3%E3%83%BC%E3%83%88 HTTP/1.1" 200 0 "-" "Mozilla/5.0 (Linux; Android 6.0.1; Nexus 5X Build/MMB29P) AppleWebKit/537.36 (KHTML, like Gecko) Chrome/135.0.7049.95 Mobile Safari/537.36 (compatible; GoogleOther)"
66.249.73.101 - - [25/Apr/2025:23:09:44 -0400] "GET /?i=90290100218104&channel=93be18&from=article.php%3Fid%3D1002181-5595%26name%3D%28%E3%83%9D%E3%82%A4%E3%83%B3%E3%83%8810%E5%80%8D%29HARVESTY+%E3%83%8F%E3%83%BC%E3%83%99%E3%82%B9%E3%83%86%E3%82%A3+%3Cbr+%2F%3E%E3%83%9A%E3%83%B3%E3%82%B7%E3%83%AB%E3%82%B9%E3%83%88%E3%83%A9%E3%82%A4%E3%83%97+%E3%82%B5%E3%83%BC%E3%82%AB%E3%82%B9+%E3%83%91%E3%83%B3%E3%83%84+2%E8%89%B2+A12504 HTTP/1.1" 200 52821 "-" "Mozilla/5.0 (Linux; Android 6.0.1; Nexus 5X Build/MMB29P) AppleWebKit/537.36 (KHTML, like Gecko) Chrome/135.0.7049.95 Mobile Safari/537.36 (compatible; Googlebot/2.1; +http://www.google.com/bot.html)"
