40.77.167.14 - - [26/Apr/2025:08:32:24 -0400] "GET /?i=9785030538701&channel=cb2442&from=info.php%3Fid%3D305387-5024%26name%3DGU+%E3%83%87%E3%83%8B%E3%83%A0%E3%83%AD%E3%83%BC%E3%82%A6%E3%82%A8%E3%82%B9%E3%83%88%E3%83%9F%E3%83%8B%E3%82%B9%E3%82%AB%E3%83%BC%E3%83%88YT+%E3%83%A9%E3%82%A4%E3%83%88%E3%83%96%E3%83%AB%E3%83%BC HTTP/1.1" 200 0 "-" "Mozilla/5.0 AppleWebKit/537.36 (KHTML, like Gecko; compatible; bingbot/2.0; +http://www.bing.com/bingbot.htm) Chrome/116.0.1938.76 Safari/537.36"
66.249.73.101 - - [26/Apr/2025:08:32:41 -0400] "GET /?i=79920106949100&channel=2efa5c&from=pin.php%3Fid%3D1069491-2751%26name%3D%E3%80%90%E4%B8%AD%E5%8F%A4%E3%80%91+%E3%83%86%E3%83%BC%E3%83%A9%E3%83%BC%E3%83%A1%E3%82%A4%E3%83%89+Qi10+3HL+%E3%83%95%E3%82%A7%E3%82%A2%E3%82%A6%E3%82%A7%E3%82%A4%E3%82%A6%E3%83%83%E3%83%89+FW+%E7%B4%94%E6%AD%A3%E7%89%B9%E6%B3%A8%E3%82%B7%E3%83%A3%E3%83%95%E3%83%88+%28%E3%83%95%E3%83%AC%E3%83%83%E3%82%AF%E3%82%B9X%29+%E3%83%A1%E3%83%B3%E3%82%BA+%E7%94%B7%E6%80%A7%E7%94%A8+%E5%8F%B3%E5%88%A9%E3%81%8D+%E5%8F%B3%E7%94%A8+C%E3%83%A9%E3%83%B3%E3%82%AF+%E3%82%B4%E3%83%AB%E3%83%95%E3%82%AF%E3%83%A9%E3%83%96 HTTP/1.1" 200 55138 "-" "Mozilla/5.0 (Linux; Android 6.0.1; Nexus 5X Build/MMB29P) AppleWebKit/537.36 (KHTML, like Gecko) Chrome/135.0.7049.95 Mobile Safari/537.36 (compatible; Googlebot/2.1; +http://www.google.com/bot.html)"
66.249.73.101 - - [26/Apr/2025:08:33:01 -0400] "GET /?i=04471194381001&channel=645c38&from=brands.php%3Fid%3D1943810-6%26name%3D%E5%B9%B3%E5%92%8C%E5%B1%8B%E6%9C%AC%E5%BA%97%E2%96%A0%E5%A4%8F%E7%89%A9%E3%80%80%E5%92%8C%E8%A3%85%E5%B0%8F%E7%89%A9%E3%80%80%E5%B8%AF%E7%B7%A0%E3%82%8110%E6%9C%AC%E3%80%80%E9%80%B8%E5%93%81%E3%80%80%E6%9C%AA%E4%BD%BF%E7%94%A8%E3%80%80DZAA10359kh5 HTTP/1.1" 200 55159 "-" "Mozilla/5.0 (Linux; Android 6.0.1; Nexus 5X Build/MMB29P) AppleWebKit/537.36 (KHTML, like Gecko) Chrome/135.0.7049.95 Mobile Safari/537.36 (compatible; Googlebot/2.1; +http://www.google.com/bot.html)"
20.15.133.174 - - [26/Apr/2025:08:33:11 -0400] "GET /?i=2068743455104&channel=402d74&from=goods.php%3Fid%3D434551-5175%26name%3D%E7%BE%8E%E5%93%81%E3%80%80%E7%B1%B3%E8%BB%8D%E5%AE%9F%E7%89%A9%E3%80%8080s+M65+%E3%83%95%E3%82%A3%E3%83%83%E3%82%B7%E3%83%A5%E3%83%86%E3%83%BC%E3%83%AB%E3%83%91%E3%83%BC%E3%82%AB%E3%80%80%E3%82%B7%E3%82%A7%E3%83%AB%E3%80%80%E3%83%A9%E3%82%A4%E3%83%8A%E3%83%BC%E3%80%80XL HTTP/1.1" 200 0 "-" "Mozilla/5.0 AppleWebKit/537.36 (KHTML, like Gecko; compatible; bingbot/2.0; +http://www.bing.com/bingbot.htm) Chrome/116.0.1938.76 Safari/537.36"
66.249.73.101 - - [26/Apr/2025:08:33:24 -0400] "GET /49862103020.shtml HTTP/1.1" 200 0 "-" "Mozilla/5.0 (Linux; Android 6.0.1; Nexus 5X Build/MMB29P) AppleWebKit/537.36 (KHTML, like Gecko) Chrome/135.0.7049.95 Mobile Safari/537.36 (compatible; GoogleOther)"
66.249.73.101 - - [26/Apr/2025:08:33:29 -0400] "GET /?i=1708241230502&channel=d85b95&from=brands.php%3Fid%3D412305-4867%26name%3D%E3%82%B0%E3%83%AC%E3%83%BC%E3%82%B9%E3%82%B3%E3%83%B3%E3%83%81%E3%83%8D%E3%83%B3%E3%82%BF%E3%83%AB%E2%99%A1%E3%82%AD%E3%83%A3%E3%83%83%E3%83%88%E3%83%A2%E3%83%81%E3%83%BC%E3%83%95%E3%83%AF%E3%83%B3%E3%83%94%E3%83%BC%E3%82%B9 HTTP/1.1" 200 54463 "-" "Mozilla/5.0 (Linux; Android 6.0.1; Nexus 5X Build/MMB29P) AppleWebKit/537.36 (KHTML, like Gecko) Chrome/135.0.7049.95 Mobile Safari/537.36 (compatible; Googlebot/2.1; +http://www.google.com/bot.html)"
66.249.73.101 - - [26/Apr/2025:08:33:44 -0400] "GET /?i=2081564845800&channel=75d595&from=info.php%3Fid%3D648458-4912%26name%3Dcccmalie+%E3%82%B7%E3%83%BC%E3%83%9E%E3%83%AA%E3%83%BC%E3%80%80%E3%83%84%E3%82%A4%E3%83%AA%E3%83%BC%E3%83%96%E3%83%A9%E3%82%A6%E3%82%B9 HTTP/1.1" 200 53013 "-" "Mozilla/5.0 (Linux; Android 6.0.1; Nexus 5X Build/MMB29P) AppleWebKit/537.36 (KHTML, like Gecko) Chrome/135.0.7049.95 Mobile Safari/537.36 (compatible; Googlebot/2.1; +http://www.google.com/bot.html)"
52.167.144.199 - - [26/Apr/2025:08:33:49 -0400] "GET /?i=22266199507&channel=f30510&from=form.php%3Fid%3D1995-484%26name%3D%E2%89%AA%E3%83%9B%E3%83%B3%E3%83%80+N-BOX%E2%89%ABR2.10-%2F6BA-JF3+660cc%2F%E3%82%AC%E3%82%BD%E3%83%AA%E3%83%B3%2F%E3%82%A2%E3%82%A4%E3%83%89%E3%83%AA%E3%83%B3%E3%82%B0%E3%82%B9%E3%83%88%E3%83%83%E3%83%97%E8%BB%8A+%E9%81%A9%E5%90%88%E5%8F%82%E8%80%83+%E3%83%91%E3%83%8A%E3%82%BD%E3%83%8B%E3%83%83%E3%82%AF+caos+%E3%82%AB%E3%82%AA%E3%82%B9+N-M65R%2FA4+panasonic+%E5%9B%BD%E7%94%A3+%E3%82%AB%E3%83%BC%E3%83%90%E3%83%83%E3%83%86%E3%83%AA%E3%83%BC+%E5%AE%89%E5%BF%83%E3%82%B5%E3%83%9D%E3%83%BC%E3%83%88%E4%BB%98%E3%80%90H04006%E3%80%91 HTTP/1.1" 200 0 "-" "Mozilla/5.0 AppleWebKit/537.36 (KHTML, like Gecko; compatible; bingbot/2.0; +http://www.bing.com/bingbot.htm) Chrome/116.0.1938.76 Safari/537.36"
52.167.144.199 - - [26/Apr/2025:08:33:50 -0400] "GET /?i=82981169408800&channel=4825e2&from=shop.php%3Fid%3D1694088-25471%26name%3D%E6%97%A5%E6%9C%AC%E3%81%AE%E9%A2%A8%E6%99%AF%E3%81%AE%E3%82%AF%E3%83%AA%E3%82%B9%E3%83%9E%E3%82%B9%E3%82%AB%E3%83%BC%E3%83%89%E3%80%8C%E6%9D%B1%E4%BA%AC%E4%B8%A1%E5%9B%BD%E5%9B%BD%E6%8A%80%E9%A4%A8%E3%81%AE%E7%9B%B8%E6%92%B2%E5%9C%9F%E4%BF%B5%E3%81%A8%E3%82%B5%E3%83%B3%E3%82%BF%E3%82%AF%E3%83%AD%E3%83%BC%E3%82%B9%E3%80%8D%E3%80%90%E3%83%8D%E3%82%B3%E3%83%9D%E3%82%B9%E5%8F%AF%E3%80%91 HTTP/1.1" 200 0 "-" "Mozilla/5.0 AppleWebKit/537.36 (KHTML, like Gecko; compatible; bingbot/2.0; +http://www.bing.com/bingbot.htm) Chrome/116.0.1938.76 Safari/537.36"
52.167.144.199 - - [26/Apr/2025:08:33:51 -0400] "GET /?i=17090140285803&channel=c4eded&from=info.php%3Fid%3D1402858-778%26name%3D%E3%80%9010%25OFF%E3%82%AF%E3%83%BC%E3%83%9D%E3%83%B3+3%2F23%E3%81%BE%E3%81%A7%E3%80%91%E3%80%90SALE10%25OFF%E3%80%91%E3%80%90%E5%85%AC%E5%BC%8F%E3%80%91%E3%82%A8%E3%83%AB%E3%82%A8%E3%83%AB%E3%83%93%E3%83%BC%E3%83%B3+%E3%83%9E%E3%82%A6%E3%83%B3%E3%83%86%E3%83%B3+%E3%82%AF%E3%83%A9%E3%82%B7%E3%83%83%E3%82%AF+%E3%83%8F%E3%82%A4%E3%82%AB%E3%83%BC+%E3%83%99%E3%83%B3%E3%83%81%E3%83%AC%E3%83%BC%E3%83%86%E3%83%83%E3%83%89+%E3%83%8F%E3%82%A4%E3%82%AD%E3%83%B3%E3%82%B0%E3%82%B7%E3%83%A5%E3%83%BC%E3%82%BA+%E3%82%A6%E3%82%A9%E3%83%BC%E3%82%AD%E3%83%B3%E3%82%B0%E3%82%B7%E3%83%A5%E3%83%BC%E3%82%BA+%E9%9D%B4+%E3%82%B7%E3%83%A5%E3%83%BC%E3%82%BA+%E3%82%B9%E3%83%8B%E3%83%BC%E3%82%AB%E3%83%BC+%E3%83%A1%E3%83%B3%E3%82%BA+%E3%82%A2%E3%82%A6%E3%83%88%E3%83%89%E3%82%A2+%E3%83%96%E3%83%A9%E3%83%B3%E3%83%89+L.L.Bean+LLBean+L.L.Bean+llbean+ll%E3%83%93%E3%83%BC%E3%83%B3 HTTP/1.1" 200 0 "-" "Mozilla/5.0 AppleWebKit/537.36 (KHTML, like Gecko; compatible; bingbot/2.0; +http://www.bing.com/bingbot.htm) Chrome/116.0.1938.76 Safari/537.36"
40.77.167.14 - - [26/Apr/2025:08:33:53 -0400] "GET /?i=78738172071103&channel=f36e8a&from=jp.php%3Fid%3D1720711-7712%26name%3D%E5%8C%97%E6%B5%B7%E9%81%93%E7%94%A3%E7%84%A1%E6%B7%BB%E5%8A%A0%E3%80%80%E3%82%A8%E3%82%BE%E3%82%B7%E3%82%AB%E3%80%81%E5%A4%A9%E7%84%B6%E3%83%9E%E3%82%B0%E3%83%AD%E3%80%81%E3%81%B5%E3%82%8A%E3%81%8B%E3%81%91%E3%80%804%E8%A2%8B%E3%82%BB%E3%83%83%E3%83%88+%E7%8A%AC%E7%8C%AB%E7%94%A8+%E5%9B%BD%E7%94%A3 HTTP/1.1" 200 0 "-" "Mozilla/5.0 AppleWebKit/537.36 (KHTML, like Gecko; compatible; bingbot/2.0; +http://www.bing.com/bingbot.htm) Chrome/116.0.1938.76 Safari/537.36"
173.252.107.10 - - [26/Apr/2025:08:34:00 -0400] "GET / HTTP/1.1" 200 0 "-" "facebookexternalhit/1.1 (+http://www.facebook.com/externalhit_uatext.php)"
173.252.107.9 - - [26/Apr/2025:08:34:00 -0400] "GET / HTTP/1.1" 200 0 "-" "facebookexternalhit/1.1 (+http://www.facebook.com/externalhit_uatext.php)"
173.252.107.7 - - [26/Apr/2025:08:34:00 -0400] "GET /meta.json HTTP/1.1" 200 0 "-" "facebookexternalhit/1.1 (+http://www.facebook.com/externalhit_uatext.php)"
40.77.167.116 - - [26/Apr/2025:08:34:14 -0400] "GET /?i=81178124369201&channel=ded058&from=shared.php%3Fid%3D1243692-12294%26name%3D%E6%96%B0%E5%93%81%E3%83%90%E3%83%BC%E3%83%90%E3%83%AA%E3%83%BC%E3%83%AD%E3%83%B3%E3%83%89%E3%83%B3%E3%83%A9%E3%82%A4%E3%83%8A%E3%83%BC%E4%BB%98%E3%81%8D%E3%82%B3%E3%83%BC%E3%83%88 HTTP/1.1" 200 0 "-" "Mozilla/5.0 AppleWebKit/537.36 (KHTML, like Gecko; compatible; bingbot/2.0; +http://www.bing.com/bingbot.htm) Chrome/116.0.1938.76 Safari/537.36"
66.249.73.102 - - [26/Apr/2025:08:34:14 -0400] "GET /?i=3925075686605&channel=1987eb&from=category-info.php%3Fid%3D756866-478%26name%3D%E3%83%80%E3%82%A4%E3%83%8B%E3%83%B3%E3%82%B0%E3%83%81%E3%82%A7%E3%82%A2+2%E8%84%9A%E3%82%BB%E3%83%83%E3%83%88+%E3%82%AB%E3%83%B3%E3%83%86%E3%82%A3%E3%83%AC%E3%83%90%E3%83%BC+%E3%83%9B%E3%83%AF%E3%82%A4%E3%83%88+%E7%99%BD+PU%E3%83%AC%E3%82%B6%E3%83%BC+%E3%82%AB%E3%83%B3%E3%83%86%E3%82%A3%E3%83%AC%E3%83%90%E3%83%BC%E3%83%81%E3%82%A7%E3%82%A2+%E3%81%8A%E3%81%97%E3%82%83%E3%82%8C+%E3%82%A2%E3%82%A4%E3%82%A2%E3%83%B3+%E3%83%80%E3%82%A4%E3%83%8B%E3%83%B3%E3%82%B0+%E6%A4%85%E5%AD%90+%E3%82%A4%E3%82%B9+%E3%83%81%E3%82%A7%E3%82%A2+%E3%83%80%E3%82%A4%E3%83%8B%E3%83%B3%E3%82%B0%E3%83%81%E3%82%A7%E3%82%A2%E3%83%BC+%E3%83%87%E3%82%B6%E3%82%A4%E3%83%8A%E3%83%BC%E3%82%BA%E3%83%81%E3%82%A7%E3%82%A2%E9%A2%A8+%E3%82%B7%E3%83%B3%E3%83%97%E3%83%AB+%E3%83%A2%E3%83%80%E3%83%B3+spp HTTP/1.1" 200 54739 "-" "Mozilla/5.0 (Linux; Android 6.0.1; Nexus 5X Build/MMB29P) AppleWebKit/537.36 (KHTML, like Gecko) Chrome/135.0.7049.95 Mobile Safari/537.36 (compatible; Googlebot/2.1; +http://www.google.com/bot.html)"
66.249.73.102 - - [26/Apr/2025:08:34:23 -0400] "GET /?i=8948929369302&channel=2188fc&from=brands.php%3Fid%3D293693-86%26name%3D%E3%82%A4%E3%83%AF%E3%82%AD2L%E4%B8%89%E8%A7%92%E3%83%95%E3%83%A9%E3%82%B9%E3%82%B3+2%E5%80%8B%E3%82%BB%E3%83%83%E3%83%88 HTTP/1.1" 200 54342 "-" "Mozilla/5.0 (Linux; Android 6.0.1; Nexus 5X Build/MMB29P) AppleWebKit/537.36 (KHTML, like Gecko) Chrome/135.0.7049.95 Mobile Safari/537.36 (compatible; Googlebot/2.1; +http://www.google.com/bot.html)"
66.249.73.101 - - [26/Apr/2025:08:34:27 -0400] "GET /77717472716.shtml HTTP/1.1" 200 0 "-" "Mozilla/5.0 (Linux; Android 6.0.1; Nexus 5X Build/MMB29P) AppleWebKit/537.36 (KHTML, like Gecko) Chrome/135.0.7049.95 Mobile Safari/537.36 (compatible; GoogleOther)"
66.249.73.101 - - [26/Apr/2025:08:34:40 -0400] "GET /?i=770328687203&channel=2cbfe6&from=shared.php%3Fid%3D86872-1220%26name%3D%E2%98%86%E9%80%81%E6%96%99%E8%BE%BC%E2%98%862020%E5%B9%B4%E8%A3%BD%E2%98%86%E3%82%B3%E3%83%B3%E3%83%81%E3%83%8D%E3%83%B3%E3%82%BF%E3%83%AB+%E3%82%B3%E3%83%B3%E3%83%81%E3%83%97%E3%83%AD%E3%82%B3%E3%83%B3%E3%82%BF%E3%82%AF%E3%83%88+235%2F40R18 HTTP/1.1" 200 51542 "-" "Mozilla/5.0 (Linux; Android 6.0.1; Nexus 5X Build/MMB29P) AppleWebKit/537.36 (KHTML, like Gecko) Chrome/135.0.7049.95 Mobile Safari/537.36 (compatible; Googlebot/2.1; +http://www.google.com/bot.html)"
66.249.73.102 - - [26/Apr/2025:08:35:22 -0400] "GET /?i=90077139407100&channel=3d9df9&from=product.php%3Fid%3D1394071-12633%26name%3DH782-7+patagonia+%E3%83%91%E3%82%BF%E3%82%B4%E3%83%8B%E3%82%A2+STY84674FA17+%E3%83%80%E3%82%A6%E3%83%B390%25+%E3%83%80%E3%82%A6%E3%83%B3%E3%82%B8%E3%83%A3%E3%82%B1%E3%83%83%E3%83%88+%E3%82%B0%E3%83%BC%E3%82%B9%E3%83%80%E3%82%A6%E3%83%B3+%E3%82%A2%E3%82%A6%E3%82%BF%E3%83%BC+%E4%B8%8A%E7%9D%80+%E3%83%8D%E3%82%A4%E3%83%93%E3%83%BC%E7%B3%BB+%E3%83%A1%E3%83%B3%E3%82%BA+S HTTP/1.1" 200 54628 "-" "Mozilla/5.0 (Linux; Android 6.0.1; Nexus 5X Build/MMB29P) AppleWebKit/537.36 (KHTML, like Gecko) Chrome/135.0.7049.95 Mobile Safari/537.36 (compatible; Googlebot/2.1; +http://www.google.com/bot.html)"
66.249.74.11 - - [26/Apr/2025:08:35:33 -0400] "GET /217191563994.shtml HTTP/1.1" 200 0 "-" "Mozilla/5.0 (Linux; Android 6.0.1; Nexus 5X Build/MMB29P) AppleWebKit/537.36 (KHTML, like Gecko) Chrome/135.0.7049.95 Mobile Safari/537.36 (compatible; GoogleOther)"
66.249.73.102 - - [26/Apr/2025:08:35:52 -0400] "GET /?i=4889225107003&channel=1eb37f&from=goods.php%3Fid%3D251070-12183%26name%3D%E3%82%B9%E3%83%8E%E3%83%BC%E3%83%94%E3%83%BC%E3%82%AF+TP-920+%E3%83%A1%E3%83%83%E3%82%B7%E3%83%A5%E3%82%B7%E3%82%A7%E3%83%AB%E3%82%BF%E3%83%BC+TP-920SR%E4%BB%98%E3%81%8D HTTP/1.1" 200 52299 "-" "Mozilla/5.0 (Linux; Android 6.0.1; Nexus 5X Build/MMB29P) AppleWebKit/537.36 (KHTML, like Gecko) Chrome/135.0.7049.95 Mobile Safari/537.36 (compatible; Googlebot/2.1; +http://www.google.com/bot.html)"
66.249.73.103 - - [26/Apr/2025:08:36:04 -0400] "GET /?i=82502176725301&channel=755935&from=jp.php%3Fid%3D1767253-9160%26name%3D%E3%82%B8%E3%83%A3%E3%83%83%E3%82%AD%E3%83%91%E3%83%83%E3%83%89%E3%80%803%E5%80%8B%E3%82%BB%E3%83%83%E3%83%88%E3%80%80+%E3%82%B4%E3%83%A0%E3%80%80+%E3%82%B8%E3%83%A3%E3%83%83%E3%82%AD%E3%83%91%E3%83%83%E3%83%88%E3%80%80%E8%BB%8A%E3%80%80%E3%82%AB%E3%83%BC%E7%94%A8%E5%93%81%E3%80%80%E3%83%A1%E3%83%B3%E3%83%86%E3%83%8A%E3%83%B3%E3%82%B9 HTTP/1.1" 200 54028 "-" "Mozilla/5.0 (Linux; Android 6.0.1; Nexus 5X Build/MMB29P) AppleWebKit/537.36 (KHTML, like Gecko) Chrome/135.0.7049.95 Mobile Safari/537.36 (compatible; Googlebot/2.1; +http://www.google.com/bot.html)"
40.77.167.116 - - [26/Apr/2025:08:36:06 -0400] "GET /?i=60293164890000&channel=359d1a&from=shop.php%3Fid%3D1648900-3374%26name%3D%E3%82%B7%E3%83%AD%E3%82%AF%E3%83%9E%E3%80%80E%E5%BD%A2%E3%83%96%E3%83%A9%E3%82%B1%E3%83%83%E3%83%88%E5%87%BA%E9%9A%85%E6%AD%A2%E3%80%8035%CE%A6%E3%80%80BR-126%E3%80%901%E5%80%8B%E3%80%91%E3%80%90%E2%80%BB%E3%82%AB%E3%82%BF%E3%83%AD%E3%82%B0%E5%85%B1%E9%80%9A%E7%94%BB%E5%83%8F%E4%BD%BF%E7%94%A8%E3%81%AE%E3%81%9F%E3%82%81%E3%80%81%E5%95%86%E5%93%81%E7%94%BB%E5%83%8F%E3%82%AB%E3%83%A9%E3%83%BC%E3%81%AB%E3%81%AF%E3%81%94%E6%B3%A8%E6%84%8F%E3%81%8F%E3%81%A0%E3%81%95%E3%81%84%21%21%E3%80%91 HTTP/1.1" 200 0 "-" "Mozilla/5.0 AppleWebKit/537.36 (KHTML, like Gecko; compatible; bingbot/2.0; +http://www.bing.com/bingbot.htm) Chrome/116.0.1938.76 Safari/537.36"
66.249.73.102 - - [26/Apr/2025:08:36:15 -0400] "GET /?i=16737143404414&channel=024c39&from=article.php%3Fid%3D1434044-23880%26name%3D%E5%88%BB%E5%8D%B0-1283+%E5%8C%97%E6%AC%A7+%E8%8A%B1+%E3%82%A2%E3%82%AF%E3%83%AA%E3%83%AB%E5%88%BB%E5%8D%B0+%E3%83%AC%E3%82%B6%E3%83%BC%E3%82%AF%E3%83%A9%E3%83%95%E3%83%88+%E3%83%8F%E3%83%B3%E3%83%89%E3%82%AF%E3%83%A9%E3%83%95%E3%83%88+%E3%82%B9%E3%82%BF%E3%83%B3%E3%83%97 HTTP/1.1" 200 52098 "-" "Mozilla/5.0 (Linux; Android 6.0.1; Nexus 5X Build/MMB29P) AppleWebKit/537.36 (KHTML, like Gecko) Chrome/135.0.7049.95 Mobile Safari/537.36 (compatible; Googlebot/2.1; +http://www.google.com/bot.html)"
66.249.74.13 - - [26/Apr/2025:08:36:34 -0400] "GET /898381289559.shtml HTTP/1.1" 200 0 "-" "Mozilla/5.0 (Linux; Android 6.0.1; Nexus 5X Build/MMB29P) AppleWebKit/537.36 (KHTML, like Gecko) Chrome/135.0.7049.95 Mobile Safari/537.36 (compatible; GoogleOther)"
66.249.73.101 - - [26/Apr/2025:08:36:43 -0400] "GET /?i=7551293537202&channel=a7c4e2&from=category-info.php%3Fid%3D935372-10489%26name%3DCHROME+HEARTS+VINE+DGR+%E3%83%B4%E3%82%A1%E3%82%A4%E3%83%B3%E3%83%80%E3%82%AC%E3%83%BC%E3%83%8D%E3%83%83%E3%82%AF%E3%83%AC%E3%82%B9 HTTP/1.1" 200 51371 "-" "Mozilla/5.0 (Linux; Android 6.0.1; Nexus 5X Build/MMB29P) AppleWebKit/537.36 (KHTML, like Gecko) Chrome/135.0.7049.95 Mobile Safari/537.36 (compatible; Googlebot/2.1; +http://www.google.com/bot.html)"
40.77.167.116 - - [26/Apr/2025:08:36:55 -0400] "GET /?i=2955734612701&channel=1c7bdb&from=product.php%3Fid%3D346127-2586%26name%3DDeepCool+PN750M+750w+PC%E9%9B%BB%E6%BA%90+ATX3.1%E5%AF%BE%E5%BF%9CR-PN750M-FC0B-JP HTTP/1.1" 200 0 "-" "Mozilla/5.0 AppleWebKit/537.36 (KHTML, like Gecko; compatible; bingbot/2.0; +http://www.bing.com/bingbot.htm) Chrome/116.0.1938.76 Safari/537.36"
66.249.73.103 - - [26/Apr/2025:08:37:04 -0400] "GET /?i=8880241009902&channel=64a784&from=product.php%3Fid%3D410099-15211%26name%3D%E7%B4%94%E9%8A%80%E8%A3%BD+%E6%89%87%E7%BD%AE%E7%89%A9+%E5%B7%BE21%2C5cm%E7%A8%8B%E5%BA%A6+%E9%87%8D%E9%87%8F78g%E5%BC%B7%E3%80%80%E3%80%80%E3%80%80%E3%80%80%E3%80%80%E3%80%80%E3%80%80%E3%80%80%E3%80%80%E3%80%80%E3%80%80%E3%80%80%E3%80%80%E3%80%80%E3%80%80%E3%80%80%E3%80%80%E3%80%80%E3%80%80%E3%80%80%E3%80%80%E3%80%80%E3%80%80%E3%80%80%E3%80%80%E3%80%80%E3%80%80%E3%80%80%E3%80%80+%E6%A4%9C%E7%B4%A2%E2%86%92925+%E5%9C%B0%E9%87%91+%E6%BD%B0%E3%81%97+%E7%B8%81%E8%B5%B7%E7%89%A9 HTTP/1.1" 200 53718 "-" "Mozilla/5.0 (Linux; Android 6.0.1; Nexus 5X Build/MMB29P) AppleWebKit/537.36 (KHTML, like Gecko) Chrome/135.0.7049.95 Mobile Safari/537.36 (compatible; Googlebot/2.1; +http://www.google.com/bot.html)"
66.249.73.102 - - [26/Apr/2025:08:37:22 -0400] "GET /?i=194274798715&channel=93be18&from=shop.php%3Fid%3D47987-5595%26name%3D%E6%89%8B%E7%B9%94%E3%82%8A+%E3%82%AA%E3%83%BC%E3%82%AC%E3%83%8B%E3%83%83%E3%82%AF%E3%82%B3%E3%83%83%E3%83%88%E3%83%B3+%E3%82%B7%E3%83%B3%E3%82%B0%E3%83%AB+%E3%82%AC%E3%83%BC%E3%82%BC+%E3%83%9C%E3%83%BC%E3%83%88%E3%83%8D%E3%83%83%E3%82%AF+%E3%83%96%E3%83%A9%E3%82%A6%E3%82%B9+%E3%80%90%E3%83%95%E3%82%A7%E3%82%A2%E3%83%88%E3%83%AC%E3%83%BC%E3%83%89%E3%80%91+%E3%80%90%E3%83%94%E3%83%BC%E3%83%97%E3%83%AB%E3%83%84%E3%83%AA%E3%83%BC%E5%85%AC%E5%BC%8F%E3%80%91+%E3%80%90PeopleTree%E3%80%91+SDGs+%E3%82%A8%E3%82%B7%E3%82%AB%E3%83%AB+%E3%82%B5%E3%82%B9%E3%83%86%E3%82%A3%E3%83%8A%E3%83%96%E3%83%AB+%E3%83%AC%E3%83%87%E3%82%A3%E3%83%BC%E3%82%B9 HTTP/1.1" 200 52218 "-" "Mozilla/5.0 (Linux; Android 6.0.1; Nexus 5X Build/MMB29P) AppleWebKit/537.36 (KHTML, like Gecko) Chrome/135.0.7049.95 Mobile Safari/537.36 (compatible; Googlebot/2.1; +http://www.google.com/bot.html)"
66.249.73.101 - - [26/Apr/2025:08:37:36 -0400] "GET /?i=08019119225504&channel=260661&from=product.php%3Fid%3D1192255-6285%26name%3D%E3%83%80%E3%83%B3%E3%83%AD%E3%83%83%E3%83%97+SRIXON+Z+H85+%E3%83%8F%E3%82%A4%E3%83%96%E3%83%AA%E3%83%83%E3%83%89+%E3%83%A6%E3%83%BC%E3%83%86%E3%82%A3%E3%83%AA%E3%83%86%E3%82%A3+Miyazaki+for+HYBRID+%E3%80%90U3%E3%80%91+%E3%82%B7%E3%83%A3%E3%83%95%E3%83%88%EF%BC%9AMiyazaki+for+HYBRID HTTP/1.1" 200 0 "-" "Mozilla/5.0 (Linux; Android 6.0.1; Nexus 5X Build/MMB29P) AppleWebKit/537.36 (KHTML, like Gecko) Chrome/135.0.7049.95 Mobile Safari/537.36 (compatible; GoogleOther)"
66.249.73.101 - - [26/Apr/2025:08:37:39 -0400] "GET /?i=1950815600101&channel=837535&from=article.php%3Fid%3D156001-8734%26name%3DInsta360+EVO+%E6%9C%AC%E4%BD%93 HTTP/1.1" 200 53950 "-" "Mozilla/5.0 (Linux; Android 6.0.1; Nexus 5X Build/MMB29P) AppleWebKit/537.36 (KHTML, like Gecko) Chrome/135.0.7049.95 Mobile Safari/537.36 (compatible; Googlebot/2.1; +http://www.google.com/bot.html)"
66.249.73.103 - - [26/Apr/2025:08:38:02 -0400] "GET /?i=3902797531400&channel=13bd5b&from=article.php%3Fid%3D975314-184%26name%3D%E5%A4%A7%E5%9E%8B%E5%86%B7%E8%94%B5%E5%BA%AB%3F HTTP/1.1" 200 55170 "-" "Mozilla/5.0 (Linux; Android 6.0.1; Nexus 5X Build/MMB29P) AppleWebKit/537.36 (KHTML, like Gecko) Chrome/135.0.7049.95 Mobile Safari/537.36 (compatible; Googlebot/2.1; +http://www.google.com/bot.html)"
40.77.167.14 - - [26/Apr/2025:08:38:41 -0400] "GET /?i=79824131333405&channel=851629&from=blog.php%3Fid%3D1313334-19595%26name%3D%E8%87%AA%E5%8B%95%E3%83%87%E3%82%B8%E3%82%BF%E3%83%AB%E3%82%B3%E3%83%BC%E3%83%92%E3%83%BC%E6%BF%83%E5%BA%A6%E8%A8%88%E7%B3%96%E5%BA%A6%E8%A8%88%E3%80%81%E3%82%B3%E3%83%BC%E3%83%92%E3%83%BC%E5%AF%86%E5%BA%A6%E8%A8%88%E3%81%AB%E4%BD%BF%E7%94%A8%E7%B3%96%E5%BA%A6TDS%E6%BF%83%E5%BA%A6%E9%AB%98%E7%B2%BE%E5%BA%A6%E6%A4%9C%E5%87%BA%E3%81%8A%E3%82%88%E3%81%B3%E6%B8%AC%E5%AE%9A%E3%83%84%E3%83%BC%E3%83%AB HTTP/1.1" 200 0 "-" "Mozilla/5.0 AppleWebKit/537.36 (KHTML, like Gecko; compatible; bingbot/2.0; +http://www.bing.com/bingbot.htm) Chrome/116.0.1938.76 Safari/537.36"
66.249.73.101 - - [26/Apr/2025:08:38:59 -0400] "GET /?i=09270146519701&channel=0d7328&from=pin.php%3Fid%3D1465197-24341%26name%3D%E3%82%B9%E3%82%BF%E3%82%A4%E3%83%AA%E3%83%83%E3%82%B7%E3%83%A5%E3%81%AA%E3%83%91%E3%83%BC%E3%83%AB%E3%82%B9%E3%82%BF%E3%83%83%E3%82%BA%E3%83%98%E3%82%A2%E3%82%AF%E3%83%AA%E3%83%83%E3%83%97+%E6%B4%97%E7%B7%B4%E3%81%95%E3%82%8C%E3%81%9F%E5%90%88%E9%87%91%E3%83%98%E3%82%A2%E3%82%AF%E3%83%AA%E3%83%83%E3%83%97+%E7%9C%9F%E7%8F%A0%E3%81%AE%E3%82%A2%E3%82%AF%E3%82%BB%E3%83%B3%E3%83%88%E4%BB%98%E3%81%8D+%E3%82%B9%E3%83%86%E3%83%BC%E3%82%B8%E3%82%84%E6%99%AE%E6%AE%B5%E4%BD%BF%E3%81%84%E3%81%AB HTTP/1.1" 200 52425 "-" "Mozilla/5.0 (Linux; Android 6.0.1; Nexus 5X Build/MMB29P) AppleWebKit/537.36 (KHTML, like Gecko) Chrome/135.0.7049.95 Mobile Safari/537.36 (compatible; Googlebot/2.1; +http://www.google.com/bot.html)"
66.249.73.101 - - [26/Apr/2025:08:39:13 -0400] "GET /?i=9487126078703&channel=f8ddef&from=news.php%3Fid%3D260787-12265%26name%3D%E7%BE%8E%E5%93%81%E2%98%86Apple+Watch+Series+3+%28GPS%2942mm%E3%82%B9%E3%83%9A%E3%83%BC%E3%82%B9%E3%82%B0%E3%83%AC%E3%82%A4 HTTP/1.1" 200 54731 "-" "Mozilla/5.0 (Linux; Android 6.0.1; Nexus 5X Build/MMB29P) AppleWebKit/537.36 (KHTML, like Gecko) Chrome/135.0.7049.95 Mobile Safari/537.36 (compatible; Googlebot/2.1; +http://www.google.com/bot.html)"
66.249.73.101 - - [26/Apr/2025:08:39:39 -0400] "GET /?i=10759197256103&channel=b73ec9&from=shared.php%3Fid%3D1972561-3228%26name%3D%5B%E3%82%AF%E3%83%B3%E3%82%AB%E3%82%A4%E3%83%B3%E3%83%89%5D+%E3%82%AB%E3%83%B3%E3%83%8B%E3%83%90%E3%83%AB%E3%83%BB%E3%82%B3%E3%83%BC%E3%83%97%E3%82%B9+%E3%83%9C%E3%82%AF%E3%82%B5%E3%83%BC%E3%83%91%E3%83%B3%E3%83%84+%E3%83%A1%E3%83%B3%E3%82%BA+%E3%83%9C%E3%82%AF%E3%82%B5%E3%83%BC%E3%83%96%E3%83%AA%E3%83%BC%E3%83%95+%E4%B8%8B%E7%9D%80+%E7%94%B7%E6%80%A7+%E8%82%8C%E7%9D%80+%E3%82%B9%E3%83%88%E3%83%AC%E3%83%83%E3%83%81+%E3%83%AD%E3%83%BC%E3%83%A9%E3%82%A4%E3%82%BA+%E3%82%AA%E3%83%BC%E3%83%AB%E3%82%B7 HTTP/1.1" 200 0 "-" "Mozilla/5.0 (Linux; Android 6.0.1; Nexus 5X Build/MMB29P) AppleWebKit/537.36 (KHTML, like Gecko) Chrome/135.0.7049.95 Mobile Safari/537.36 (compatible; GoogleOther)"
66.249.73.101 - - [26/Apr/2025:08:39:49 -0400] "GET /?i=16192107420402&channel=b84819&from=product.php%3Fid%3D1074204-6791%26name%3D%E5%B8%8C%E5%B0%91%E3%80%80%E2%98%85%E3%83%86%E3%83%BC%E3%83%A9%E3%83%BC%E3%83%A1%E3%82%A4%E3%83%89+SIM2+MAX+D+%E3%83%95%E3%82%A7%E3%82%A2%E3%82%A6%E3%82%A7%E3%82%A4%E3%82%A6%E3%83%83%E3%83%89%E3%80%803%EF%BC%B7%EF%BC%88%E3%83%A1%E3%83%BC%E3%82%AB%E3%83%BC%E3%82%AB%E3%82%B9%E3%82%BF%E3%83%A0%E5%93%81%EF%BC%89 HTTP/1.1" 200 53146 "-" "Mozilla/5.0 (Linux; Android 6.0.1; Nexus 5X Build/MMB29P) AppleWebKit/537.36 (KHTML, like Gecko) Chrome/135.0.7049.95 Mobile Safari/537.36 (compatible; Googlebot/2.1; +http://www.google.com/bot.html)"
66.249.73.102 - - [26/Apr/2025:08:40:06 -0400] "GET /?i=2275719291000&channel=4ebde6&from=product.php%3Fid%3D192910-4570%26name%3D%E6%96%B0%E5%93%81%E6%9C%AA%E9%96%8B%E5%B0%81%E3%80%80%E6%9C%80%E5%AE%89%E5%80%A4%E3%82%B7%E3%83%A3%E3%83%BC%E3%83%97%E3%80%80%E5%8A%A0%E6%B9%BF%E7%A9%BA%E6%B0%97%E6%B8%85%E6%B5%84%E6%A9%9F HTTP/1.1" 200 55268 "-" "Mozilla/5.0 (Linux; Android 6.0.1; Nexus 5X Build/MMB29P) AppleWebKit/537.36 (KHTML, like Gecko) Chrome/135.0.7049.95 Mobile Safari/537.36 (compatible; Googlebot/2.1; +http://www.google.com/bot.html)"
66.249.73.103 - - [26/Apr/2025:08:40:10 -0400] "GET /?i=2505772249012&channel=eb07c7&from=blog.php%3Fid%3D722490-8945%26name%3DSHIMANO+%E3%82%B7%E3%83%9E%E3%83%8E++11%E3%82%AA%E3%82%B7%E3%82%A2%E3%82%B8%E3%82%AC%E3%83%BC+1500HG HTTP/1.1" 200 0 "-" "Mozilla/5.0 (Linux; Android 6.0.1; Nexus 5X Build/MMB29P) AppleWebKit/537.36 (KHTML, like Gecko) Chrome/135.0.7049.95 Mobile Safari/537.36 (compatible; GoogleOther)"
52.167.144.198 - - [26/Apr/2025:08:40:31 -0400] "GET /?i=37375102874901&channel=b89082&from=jp.php%3Fid%3D1028749-1496%26name%3D%E3%82%A2%E3%83%AD%E3%83%8F%E3%82%B7%E3%83%A3%E3%83%84%EF%BD%9C%E3%82%B8%E3%83%A3%E3%83%A0%E3%82%BA%E3%83%AF%E3%83%BC%E3%83%AB%E3%83%89%EF%BC%88JAMS+WORLD%EF%BC%89%EF%BD%9CM630RE-EPIP%EF%BD%9CEPIPHANY%EF%BC%88%E3%82%A8%E3%83%94%E3%83%95%E3%82%A1%E3%83%8B%E3%83%BC%EF%BC%89%EF%BD%9C%E3%83%A1%E3%83%B3%E3%82%BA%EF%BD%9C%E3%83%8F%E3%83%AF%E3%82%A4%E8%A3%BD%EF%BD%9C%E3%83%AC%E3%83%BC%E3%83%A8%E3%83%B3100%EF%BC%85+%EF%BC%88100%EF%BC%85+rayon%EF%BC%89%EF%BD%9C%E3%83%8E%E3%83%BC%E3%83%9E%E3%83%AB%E8%A5%9F%EF%BC%88%E3%83%AC%E3%82%AE%E3%83%A5%E3%83%A9%E3%83%BC%E3%82%AB%E3%83%A9%E3%83%BC%EF%BC%89%EF%BD%9C%E3%83%95%E3%83%AB%E3%82%AA%E3%83%BC%E3%83%97%E3%83%B3%EF%BD%9C%E5%8D%8A%E8%A2%96%EF%BD%9C%E3%82%A2%E3%83%AD%E3%83%8F%E3%82%BF%E3%83%AF%E3%83%BC%EF%BC%88%E3%82%A2%E3%83%AD%E3%83%8F%E3%82%B7%E3%83%A3%E3%83%84%E8%B2%A9%E5%A3%B2%EF%BC%89 HTTP/1.1" 200 0 "-" "Mozilla/5.0 AppleWebKit/537.36 (KHTML, like Gecko; compatible; bingbot/2.0; +http://www.bing.com/bingbot.htm) Chrome/116.0.1938.76 Safari/537.36"
66.249.73.102 - - [26/Apr/2025:08:41:14 -0400] "GET /?i=4100216561601&channel=1d4e75&from=news.php%3Fid%3D165616-9752%26name%3DFLYIFE+%E5%8F%AF%E5%8B%95%E5%BC%8F%E3%83%8F%E3%83%B3%E3%83%89%E3%83%88%E3%83%A9%E3%83%83%E3%82%AF%E3%83%AD%E3%83%BC%E3%83%AA%E3%83%B3%E3%82%B0%E3%83%AA%E3%83%8D%E3%83%B3%E3%82%AB%E3%83%BC%E3%83%88%E3%80%81%E3%83%A9%E3%83%B3%E3%83%89%E3%83%AA%E3%83%BC%E3%82%BD%E3%83%BC%E3%82%BF%E3%83%BC%E3%83%A9%E3%83%B3%E3%83%89%E3%83%AA%E3%83%BC%E3%83%90%E3%82%B9%E3%82%B1%E3%83%83%E3%83%88%E3%83%88%E3%83%AD%E3%83%AA%E3%83%BC%E3%80%81%E5%8F%96%E3%82%8A%E5%A4%96%E3%81%97%E5%8F%AF%E8%83%BD%E3%81%AA%E6%B4%97%E3%81%88%E3%82%8B%E3%83%90%E3%83%83%E3%82%B0+%E5%9F%8B%E3%82%81%E8%BE%BC%E3%81%BF HTTP/1.1" 200 0 "-" "Mozilla/5.0 (Linux; Android 6.0.1; Nexus 5X Build/MMB29P) AppleWebKit/537.36 (KHTML, like Gecko) Chrome/135.0.7049.95 Mobile Safari/537.36 (compatible; GoogleOther)"
66.249.73.102 - - [26/Apr/2025:08:41:17 -0400] "GET /?i=18819117835902&channel=05a783&from=article.php%3Fid%3D1178359-3029%26name%3D%E5%B8%8C%E5%B0%91+%E3%83%AC%E3%82%A2+%E6%9C%AA%E4%BD%BF%E7%94%A8%E5%93%81+%E3%83%A9%E3%83%89%E3%83%BC+RADO+%E3%83%80%E3%82%A4%E3%83%A4%E3%82%B9%E3%82%BF%E3%83%BC+%E8%87%AA%E5%8B%95%E5%B7%BB%E3%81%8D+%E8%85%95%E6%99%82%E8%A8%88 HTTP/1.1" 200 51949 "-" "Mozilla/5.0 (Linux; Android 6.0.1; Nexus 5X Build/MMB29P) AppleWebKit/537.36 (KHTML, like Gecko) Chrome/135.0.7049.95 Mobile Safari/537.36 (compatible; Googlebot/2.1; +http://www.google.com/bot.html)"
66.249.73.102 - - [26/Apr/2025:08:41:40 -0400] "GET /?i=2470882648215&channel=b89082&from=shared.php%3Fid%3D826482-1496%26name%3DSTAR%E2%98%85+ONEPOINT+STITCH+SHIRT HTTP/1.1" 200 54095 "-" "Mozilla/5.0 (Linux; Android 6.0.1; Nexus 5X Build/MMB29P) AppleWebKit/537.36 (KHTML, like Gecko) Chrome/135.0.7049.95 Mobile Safari/537.36 (compatible; Googlebot/2.1; +http://www.google.com/bot.html)"
40.77.167.65 - - [26/Apr/2025:08:42:30 -0400] "GET /?i=03711195560104&channel=3e7fd9&from=article.php%3Fid%3D1955601-3091%26name%3D%E8%85%B0%E7%97%9B%E3%83%99%E3%83%AB%E3%83%88+%E8%85%B0%E3%82%B5%E3%83%9D%E3%83%BC%E3%82%BF%E3%83%BC+%E8%85%B0%E7%94%A8%E3%82%B3%E3%83%AB%E3%82%BB%E3%83%83%E3%83%88+%E8%85%B0%E7%97%9B+%E3%83%99%E3%83%AB%E3%83%88+%E8%85%B0+%E3%82%B5%E3%83%9D%E3%83%BC%E3%82%BF%E3%83%BC+%E9%AA%A8%E7%9B%A4%E3%83%99%E3%83%AB%E3%83%88+%E8%85%B0%E6%A4%8E+%E3%82%B3%E3%83%AB%E3%82%BB%E3%83%83%E3%83%88+%E8%85%B0%E6%A4%8E+%E3%82%B5%E3%83%9D%E3%83%BC%E3%82%BF%E3%83%BC+%E8%85%B0%E6%A4%8E+%E3%83%99%E3%83%AB%E3%83%88 HTTP/1.1" 200 0 "-" "Mozilla/5.0 AppleWebKit/537.36 (KHTML, like Gecko; compatible; bingbot/2.0; +http://www.bing.com/bingbot.htm) Chrome/116.0.1938.76 Safari/537.36"
40.77.167.65 - - [26/Apr/2025:08:42:31 -0400] "GET /?i=51392174056500&channel=25eef6&from=jp.php%3Fid%3D1740565-21635%26name%3D%E5%9C%A8%E5%BA%AB%E4%B8%80%E6%8E%83%E2%98%86%E2%98%85%E3%82%BC%E3%82%AF%E3%82%B9+E05+%E8%92%BC%E6%B5%B7%E3%81%AE%E5%A4%A7%E6%B1%BA%E9%97%98+%E7%B2%BE%E7%A5%9E%E3%81%AE%E9%AD%94%E4%BA%BA%E3%82%A2%E3%83%8B%E3%83%A0%E3%82%B9+E05-031%5BZ%2FXR%5D%E2%97%86A%EF%BC%88%E3%82%86%E3%81%86%E3%83%91%E3%82%B1%E3%83%83%E3%83%88%E5%AF%BE%E5%BF%9C%EF%BC%89 HTTP/1.1" 200 0 "-" "Mozilla/5.0 AppleWebKit/537.36 (KHTML, like Gecko; compatible; bingbot/2.0; +http://www.bing.com/bingbot.htm) Chrome/116.0.1938.76 Safari/537.36"
66.249.73.103 - - [26/Apr/2025:08:42:46 -0400] "GET /?i=7219737564500&channel=6aeb9c&from=news.php%3Fid%3D375645-11640%26name%3Danuans+%E3%82%AA%E3%83%AA%E3%82%B8%E3%83%8A%E3%83%AB%E3%83%84%E3%82%A4%E3%83%BC%E3%83%89%E3%83%8E%E3%83%BC%E3%82%AB%E3%83%A9%E3%83%BC%E3%82%B8%E3%83%A3%E3%82%B1%E3%83%83%E3%83%88 HTTP/1.1" 200 52115 "-" "Mozilla/5.0 (Linux; Android 6.0.1; Nexus 5X Build/MMB29P) AppleWebKit/537.36 (KHTML, like Gecko) Chrome/135.0.7049.95 Mobile Safari/537.36 (compatible; Googlebot/2.1; +http://www.google.com/bot.html)"
66.249.74.11 - - [26/Apr/2025:08:43:17 -0400] "GET /3775075445.shtml HTTP/1.1" 200 0 "-" "Mozilla/5.0 (Linux; Android 6.0.1; Nexus 5X Build/MMB29P) AppleWebKit/537.36 (KHTML, like Gecko) Chrome/135.0.7049.95 Mobile Safari/537.36 (compatible; GoogleOther)"
66.249.73.102 - - [26/Apr/2025:08:43:20 -0400] "GET /?i=72658180729303&channel=705ccf&from=news.php%3Fid%3D1807293-3110%26name%3D%E3%81%B5%E3%81%97%E3%81%8E%E3%81%AE%E5%9B%BD%E3%81%AE%E3%82%A2%E3%83%AA%E3%82%B9+%E3%83%9F%E3%83%8B%E3%83%90%E3%83%83%E3%82%B0+%E3%83%9F%E3%83%8B%E3%83%88%E3%83%BC%E3%83%88%E3%83%90%E3%83%83%E3%82%B0+%E3%83%87%E3%82%A3%E3%82%BA%E3%83%8B%E3%83%BC+%E3%82%B5%E3%83%B3%E3%82%B9%E3%82%BF%E3%83%BC%E6%96%87%E5%85%B7+%E6%89%8B%E6%8F%90%E3%81%92%E3%81%8B%E3%81%B0%E3%82%93+%E3%82%AD%E3%83%A3%E3%83%A9%E3%82%AF%E3%82%BF%E3%83%BC+%E3%82%B0%E3%83%83%E3%82%BA+%E3%83%A1%E3%83%BC%E3%83%AB%E4%BE%BF%E5%8F%AF+%E3%82%B7%E3%83%8D%E3%83%9E%E3%82%B3%E3%83%AC%E3%82%AF%E3%82%B7%E3%83%A7%E3%83%B3 HTTP/1.1" 200 55268 "-" "Mozilla/5.0 (Linux; Android 6.0.1; Nexus 5X Build/MMB29P) AppleWebKit/537.36 (KHTML, like Gecko) Chrome/135.0.7049.95 Mobile Safari/537.36 (compatible; Googlebot/2.1; +http://www.google.com/bot.html)"
66.249.73.101 - - [26/Apr/2025:08:43:36 -0400] "GET /?i=96225150369802&channel=da2b87&from=product.php%3Fid%3D1503698-5769%26name%3D%E8%8A%A6%E5%B1%8B%E7%BE%8E%E6%95%B4%E4%BD%93+%E9%AA%A8%E7%9B%A4%E3%82%B9%E3%83%83%E3%82%AD%E3%83%AA%E3%83%99%E3%83%AB%E3%83%88 HTTP/1.1" 200 0 "-" "Mozilla/5.0 (Linux; Android 6.0.1; Nexus 5X Build/MMB29P) AppleWebKit/537.36 (KHTML, like Gecko) Chrome/135.0.7049.95 Mobile Safari/537.36 (compatible; GoogleOther)"
66.249.73.101 - - [26/Apr/2025:08:43:49 -0400] "GET /?i=8770920503106&channel=5dc777&from=blog.php%3Fid%3D205031-11325%26name%3DVIEW+WETSUITS+%E3%83%93%E3%83%A5%E3%83%BC%E3%82%A6%E3%82%A8%E3%83%83%E3%83%88%E3%82%B9%E3%83%BC%E3%83%84+%E7%9C%9F%E5%86%AC%E7%94%A8%E3%82%BB%E3%83%9F%E3%83%89%E3%83%A9%E3%82%A4+5mm%2F3mm+%E2%80%9C%E3%83%8D%E3%83%83%E3%82%AF%E3%82%A8%E3%83%B3%E3%83%88%E3%83%AA%E3%83%BC%E2%80%9D%E5%90%B8%E6%B9%BF%E7%99%BA%E7%86%B1%E8%B5%B7%E6%AF%9B%E7%B4%A0%E6%9D%90%E3%80%8EBURN%E3%80%8F1%E3%82%B7%E3%83%BC%E3%82%BA%E3%83%B3%E4%BD%BF%E7%94%A8%E3%81%AE%E3%81%BF+ML%2FL%E7%A8%8B%E5%BA%A6 HTTP/1.1" 200 51825 "-" "Mozilla/5.0 (Linux; Android 6.0.1; Nexus 5X Build/MMB29P) AppleWebKit/537.36 (KHTML, like Gecko) Chrome/135.0.7049.95 Mobile Safari/537.36 (compatible; Googlebot/2.1; +http://www.google.com/bot.html)"
40.77.167.65 - - [26/Apr/2025:08:44:29 -0400] "GET /?i=2658182441600&channel=bedffb&from=jp.php%3Fid%3D824416-10912%26name%3D%E3%83%9D%E3%83%AD%E3%82%B7%E3%83%A3%E3%83%84%E3%80%80M%E3%82%B5%E3%82%A4%E3%82%BA%E3%80%80%E3%83%88%E3%82%A5%E3%82%A4%E3%83%BC%E3%83%86%E3%82%A3%E3%83%BC%E3%80%80%E3%83%AF%E3%83%BC%E3%83%8A%E3%83%BC%E3%83%96%E3%83%A9%E3%82%B6%E3%83%BC%E3%82%BA HTTP/1.1" 200 0 "-" "Mozilla/5.0 AppleWebKit/537.36 (KHTML, like Gecko; compatible; bingbot/2.0; +http://www.bing.com/bingbot.htm) Chrome/116.0.1938.76 Safari/537.36"
66.249.73.101 - - [26/Apr/2025:08:44:46 -0400] "GET /?i=8687854433602&channel=356a28&from=article.php%3Fid%3D544336-16991%26name%3D%E3%82%B7%E3%83%83%E3%82%AF%E3%82%B9%E3%83%91%E3%83%83%E3%83%89%E3%83%91%E3%83%AF%E3%83%BC%E3%82%B9%E3%83%BC%E3%83%84%E3%83%88%E3%83%83%E3%83%97%EF%BC%86%E3%83%9C%E3%83%88%E3%83%A0%E3%82%BB%E3%83%83%E3%83%88M+EMS%E3%83%88%E3%83%AC%E3%83%BC%E3%83%8B%E3%83%B3%E3%82%B0%E3%82%B9%E3%83%BC%E3%83%84%E6%AD%A3%E8%A6%8F%E5%93%81 HTTP/1.1" 200 51941 "-" "Mozilla/5.0 (Linux; Android 6.0.1; Nexus 5X Build/MMB29P) AppleWebKit/537.36 (KHTML, like Gecko) Chrome/135.0.7049.95 Mobile Safari/537.36 (compatible; Googlebot/2.1; +http://www.google.com/bot.html)"
66.249.73.103 - - [26/Apr/2025:08:45:12 -0400] "GET /?i=3970991825402&channel=02de2f&from=blog.php%3Fid%3D918254-7672%26name%3D%E3%80%90%E7%BE%8E%E5%93%81%E3%80%91%E3%83%87%E3%83%A5%E3%83%99%E3%83%86%E3%82%A3%E3%82%AB%E3%80%80%E3%83%80%E3%82%A6%E3%83%B3%E3%82%B8%E3%83%A3%E3%82%B1%E3%83%83%E3%83%88%E3%80%80Ace-wool HTTP/1.1" 200 0 "-" "Mozilla/5.0 (Linux; Android 6.0.1; Nexus 5X Build/MMB29P) AppleWebKit/537.36 (KHTML, like Gecko) Chrome/135.0.7049.95 Mobile Safari/537.36 (compatible; GoogleOther)"
40.77.167.74 - - [26/Apr/2025:08:45:36 -0400] "GET /?i=7001190946110&channel=1ae274&from=goods.php%3Fid%3D909461-12299%26name%3D%E6%AD%A3%E7%B5%B9%EF%BC%8A%E7%B6%BA%E9%BA%97%E3%81%AA%E3%83%94%E3%83%B3%E3%82%AF%E3%81%AB%E8%9D%B6%E3%81%8C%E8%88%9E%E3%81%84%E9%A3%9B%E3%81%B6%E7%9D%80%E7%89%A9%E3%81%AB%E4%BD%9C%E3%82%8A%E5%B8%AF%E3%82%BB%E3%83%83%E3%83%88 HTTP/1.1" 200 0 "-" "Mozilla/5.0 AppleWebKit/537.36 (KHTML, like Gecko; compatible; bingbot/2.0; +http://www.bing.com/bingbot.htm) Chrome/116.0.1938.76 Safari/537.36"
66.249.73.101 - - [26/Apr/2025:08:45:50 -0400] "GET /?i=78840105662303&channel=5e034e&from=brands.php%3Fid%3D1056623-787%26name%3DMUJI%E3%80%80%E7%84%A1%E5%8D%B0%E8%89%AF%E5%93%81%E3%80%80%E6%9C%A8%E8%A3%BD%E3%83%99%E3%83%83%E3%83%89%E3%80%80%E3%82%AA%E3%83%BC%E3%82%AF%E6%9D%90%E7%AA%81%E6%9D%BF%E3%80%80%E3%83%80%E3%83%96%E3%83%AB%E3%80%80%E3%81%99%E3%81%AE%E3%81%93%E3%83%99%E3%83%83%E3%83%89%E3%80%80%E5%BC%95%E8%B6%8A%E3%80%80%E6%96%B0%E5%B1%85 HTTP/1.1" 200 54277 "-" "Mozilla/5.0 (Linux; Android 6.0.1; Nexus 5X Build/MMB29P) AppleWebKit/537.36 (KHTML, like Gecko) Chrome/135.0.7049.95 Mobile Safari/537.36 (compatible; Googlebot/2.1; +http://www.google.com/bot.html)"
66.249.73.103 - - [26/Apr/2025:08:46:06 -0400] "GET /?i=0382869524106&channel=c5dd9c&from=pin.php%3Fid%3D695241-5468%26name%3DCOACH+%E3%83%90%E3%83%83%E3%82%AF%E3%83%91%E3%83%83%E3%82%AF+%E3%83%87%E3%83%8B%E3%83%A0+%E3%83%87%E3%83%8B%E3%83%A0%E3%83%96%E3%83%AB%E3%83%BC+F25883 HTTP/1.1" 200 52480 "-" "Mozilla/5.0 (Linux; Android 6.0.1; Nexus 5X Build/MMB29P) AppleWebKit/537.36 (KHTML, like Gecko) Chrome/135.0.7049.95 Mobile Safari/537.36 (compatible; Googlebot/2.1; +http://www.google.com/bot.html)"
66.249.74.12 - - [26/Apr/2025:08:46:14 -0400] "GET /61042192024.shtml HTTP/1.1" 200 0 "-" "Mozilla/5.0 (Linux; Android 6.0.1; Nexus 5X Build/MMB29P) AppleWebKit/537.36 (KHTML, like Gecko) Chrome/135.0.7049.95 Mobile Safari/537.36 (compatible; GoogleOther)"
66.249.73.102 - - [26/Apr/2025:08:46:40 -0400] "GET /?i=80801181401301&channel=12bf0a&from=pin.php%3Fid%3D1814013-18757%26name%3D%E3%81%93%E3%81%A8%E3%81%B0%E3%81%AE%E3%83%91%E3%82%BA%E3%83%AB+%E3%82%82%E3%81%98%E3%81%B4%E3%81%A3%E3%81%9F%E3%82%93%E5%A4%A7%E8%BE%9E%E5%85%B8 HTTP/1.1" 200 53363 "-" "Mozilla/5.0 (Linux; Android 6.0.1; Nexus 5X Build/MMB29P) AppleWebKit/537.36 (KHTML, like Gecko) Chrome/135.0.7049.95 Mobile Safari/537.36 (compatible; Googlebot/2.1; +http://www.google.com/bot.html)"
52.167.144.198 - - [26/Apr/2025:08:46:41 -0400] "GET /?i=18132152032102&channel=ee21e8&from=brands.php%3Fid%3D1520321-18533%26name%3D%E3%83%9E%E3%83%AF%E3%83%8F%E3%83%B3%E3%82%AC%E3%83%BC+%E3%82%A8%E3%82%B3%E3%83%8E%E3%83%9F%E3%83%83%E3%82%AF40P+%E3%83%9B%E3%83%AF%E3%82%A4%E3%83%88+20%E6%9C%AC+%E3%81%99%E3%81%B9%E3%82%89%E3%81%AA%E3%81%84mawa%E3%83%8F%E3%83%B3%E3%82%AC%E3%83%BC HTTP/1.1" 200 0 "-" "Mozilla/5.0 AppleWebKit/537.36 (KHTML, like Gecko; compatible; bingbot/2.0; +http://www.bing.com/bingbot.htm) Chrome/116.0.1938.76 Safari/537.36"
66.249.73.101 - - [26/Apr/2025:08:46:45 -0400] "GET /?i=09457112226001&channel=f08765&from=news.php%3Fid%3D1122260-9766%26name%3DEgon+Schiele%E3%80%81Secession+49.+Austellung%E3%80%81%E5%B8%8C%E5%B0%91%E7%94%BB%E9%9B%86%E7%94%BB%E3%80%81%E6%96%B0%E5%93%81%E9%A1%8D%E8%A3%85%E4%BB%98%E3%80%81fan HTTP/1.1" 200 0 "-" "Mozilla/5.0 (Linux; Android 6.0.1; Nexus 5X Build/MMB29P) AppleWebKit/537.36 (KHTML, like Gecko) Chrome/135.0.7049.95 Mobile Safari/537.36 (compatible; GoogleOther)"
40.77.167.74 - - [26/Apr/2025:08:46:46 -0400] "GET /?i=09069161677202&channel=45f92b&from=product.php%3Fid%3D1616772-18574%26name%3D%E3%81%AF%E3%81%98%E3%82%81%E3%81%A6%E3%81%AE%E8%8B%B1%E8%AA%9E%E3%83%95%E3%82%A9%E3%83%8B%E3%83%83%E3%82%AF%E3%82%B9%E3%81%8B%E3%82%8B%E3%81%9F HTTP/1.1" 200 0 "-" "Mozilla/5.0 AppleWebKit/537.36 (KHTML, like Gecko; compatible; bingbot/2.0; +http://www.bing.com/bingbot.htm) Chrome/116.0.1938.76 Safari/537.36"
66.249.73.101 - - [26/Apr/2025:08:47:02 -0400] "GET /?i=7970211344004&channel=a1636d&from=shop.php%3Fid%3D113440-3452%26name%3D%E3%80%90%E5%85%85%E9%9B%BB%E5%99%A8%E4%BB%98%E3%80%91%E3%83%A4%E3%83%9E%E3%83%8F%E3%82%A2%E3%82%B7%E3%82%B9%E3%83%88%E8%87%AA%E8%BB%A2%E8%BB%8A%E3%83%90%E3%83%83%E3%83%86%E3%83%AA%E3%83%BC%E3%80%808.4AH+X83-21%E3%80%80%E4%BA%8C%E5%80%8B%E3%82%BB%E3%83%83%E3%83%88 HTTP/1.1" 200 52282 "-" "Mozilla/5.0 (Linux; Android 6.0.1; Nexus 5X Build/MMB29P) AppleWebKit/537.36 (KHTML, like Gecko) Chrome/135.0.7049.95 Mobile Safari/537.36 (compatible; Googlebot/2.1; +http://www.google.com/bot.html)"
40.77.167.74 - - [26/Apr/2025:08:47:46 -0400] "GET /?i=2822721675200&channel=439032&from=product.php%3Fid%3D216752-5475%26name%3D%E6%8E%9B%E3%81%91%E8%BB%B8+%E9%AB%98%E7%B2%BE%E7%B4%B0%E5%B7%A7%E8%8A%B8%E7%94%BB+%E7%B4%94%E5%9B%BD%E7%94%A3%E6%8E%9B%E3%81%91%E8%BB%B8+%E7%B8%81%E8%B5%B7%E7%94%BB+%E6%B5%AE%E7%94%B0+%E7%A7%8B%E6%B0%B4+%E3%80%8C%E5%90%89%E7%A5%A5%E7%99%BD%E9%9B%80%E5%9B%B3%E3%80%8D+%E5%B0%BA%E4%BA%94+%E3%82%AA%E3%83%8B%E3%83%83%E3%82%AF%E3%82%B9%E9%A2%A8%E9%8E%AE+%E9%98%B2%E8%99%AB%E9%A6%99%E3%82%B5%E3%83%BC%E3%83%93%E3%82%B9 HTTP/1.1" 200 0 "-" "Mozilla/5.0 AppleWebKit/537.36 (KHTML, like Gecko; compatible; bingbot/2.0; +http://www.bing.com/bingbot.htm) Chrome/116.0.1938.76 Safari/537.36"
66.249.73.102 - - [26/Apr/2025:08:47:47 -0400] "GET /?i=7567178101304&channel=260661&from=product.php%3Fid%3D781013-6285%26name%3D%E3%83%80%E3%83%B3%E3%83%AD%E3%83%83%E3%83%97+%E3%82%B9%E3%83%AA%E3%82%AF%E3%82%BD%E3%83%B3ZXiU+UTILITY%2FNSPRO950GHneo%2FS%2F23%5B119306%5D HTTP/1.1" 200 0 "-" "Mozilla/5.0 (Linux; Android 6.0.1; Nexus 5X Build/MMB29P) AppleWebKit/537.36 (KHTML, like Gecko) Chrome/135.0.7049.95 Mobile Safari/537.36 (compatible; GoogleOther)"
40.77.167.74 - - [26/Apr/2025:08:47:48 -0400] "GET /?i=48862126675000&channel=784d1b&from=goods.php%3Fid%3D1266750-456%26name%3D%3F%E6%9C%AA%E4%BD%BF%E7%94%A8%E5%93%81%EF%BC%81%E3%82%B3%E3%83%B3%E3%83%91%E3%82%AF%E3%83%88%EF%BC%812P%E3%82%BD%E3%83%95%E3%82%A1%E3%83%BC%3F2300 HTTP/1.1" 200 0 "-" "Mozilla/5.0 AppleWebKit/537.36 (KHTML, like Gecko; compatible; bingbot/2.0; +http://www.bing.com/bingbot.htm) Chrome/116.0.1938.76 Safari/537.36"
66.249.73.102 - - [26/Apr/2025:08:47:50 -0400] "GET /?i=5858965150905&channel=2476c0&from=shop.php%3Fid%3D651509-12016%26name%3D%E3%83%AD%E3%83%AC%E3%83%83%E3%82%AF%E3%82%B9+%E3%83%87%E3%82%A4%E3%83%88%E3%82%B8%E3%83%A3%E3%82%B9%E3%83%88+116233+2BR+SSxYG+%E8%87%AA%E5%8B%95%E5%B7%BB+%E3%83%A9%E3%83%B3%E3%83%80%E3%83%A0%E7%95%AA HTTP/1.1" 200 53981 "-" "Mozilla/5.0 (Linux; Android 6.0.1; Nexus 5X Build/MMB29P) AppleWebKit/537.36 (KHTML, like Gecko) Chrome/135.0.7049.95 Mobile Safari/537.36 (compatible; Googlebot/2.1; +http://www.google.com/bot.html)"
52.167.144.198 - - [26/Apr/2025:08:48:52 -0400] "GET /?i=72119191882603&channel=632c29&from=product.php%3Fid%3D1918826-7047%26name%3D%E3%82%BD%E3%83%83%E3%82%AF%E3%82%B9+%E3%83%AC%E3%83%87%E3%82%A3%E3%83%BC%E3%82%B9+%E5%B0%8F%E3%81%95%E3%81%84%E3%82%B5%E3%82%A4%E3%82%BA22%E3%82%BB%E3%83%B3%E3%83%81+%E3%82%B5%E3%83%9D%E3%83%BC%E3%82%BF%E3%83%BC%E4%BB%98%E3%81%8D%E9%9D%B4%E4%B8%8B+%E3%82%86%E3%81%A3%E3%81%9F%E3%82%8A%E3%83%AC%E3%83%83%E3%82%B0%E3%82%A6%E3%82%A9%E3%83%BC%E3%83%9E%E3%83%BC+%E3%82%B9%E3%83%88%E3%83%83%E3%82%AD%E3%83%B3%E3%82%B0+%E9%95%B7%E3%82%81+%E9%9D%B4%E4%B8%8B+%E3%81%82%E3%81%A3%E3%81%9F%E3%81%8B%E3%83%AC%E3%83%87%E3%82%A3 HTTP/1.1" 200 0 "-" "Mozilla/5.0 AppleWebKit/537.36 (KHTML, like Gecko; compatible; bingbot/2.0; +http://www.bing.com/bingbot.htm) Chrome/116.0.1938.76 Safari/537.36"
40.77.167.74 - - [26/Apr/2025:08:49:06 -0400] "GET /?i=95221109403703&channel=5d7798&from=brands.php%3Fid%3D1094037-8778%26name%3DCHROME+HEARTS+%E3%82%AF%E3%83%AD%E3%83%A0%E3%83%8F%E3%83%BC%E3%83%84+DROOLIN+MBK+%E3%82%B5%E3%82%A4%E3%83%89%E3%83%95%E3%83%AC%E3%82%A2%E3%83%87%E3%82%B6%E3%82%A4%E3%83%B3+%E6%8A%98%E3%82%8A%E3%81%9F%E3%81%9F%E3%81%BF+%E3%82%B9%E3%82%AF%E3%82%A8%E3%82%A2%E3%83%95%E3%83%AC%E3%83%BC%E3%83%A0%E3%82%A2%E3%82%A4%E3%82%A6%E3%82%A7%E3%82%A2+%E3%82%B3%E3%83%B3%E3%83%91%E3%82%AF%E3%83%88%E3%83%A1%E3%82%AC%E3%83%8D+%E3%83%96%E3%83%A9%E3%83%83%E3%82%AF+%E2%80%BB%E5%BA%A6%E5%85%A5%E3%82%8A HTTP/1.1" 200 0 "-" "Mozilla/5.0 AppleWebKit/537.36 (KHTML, like Gecko; compatible; bingbot/2.0; +http://www.bing.com/bingbot.htm) Chrome/116.0.1938.76 Safari/537.36"
66.249.73.101 - - [26/Apr/2025:08:49:25 -0400] "GET /24547620032.shtml HTTP/1.1" 200 0 "-" "Mozilla/5.0 (Linux; Android 6.0.1; Nexus 5X Build/MMB29P) AppleWebKit/537.36 (KHTML, like Gecko) Chrome/135.0.7049.95 Mobile Safari/537.36 (compatible; GoogleOther)"
66.249.73.102 - - [26/Apr/2025:08:49:32 -0400] "GET /?i=8400537407607&channel=66c6ed&from=jp.php%3Fid%3D374076-16%26name%3D%E3%80%90%E9%AB%98%E6%A9%9F%E8%83%BD%E3%80%91%E3%82%A2%E3%83%B3%E3%82%AF%E3%83%AB%E3%82%B9%E3%83%88%E3%83%A9%E3%83%83%E3%83%97%E3%82%B9%E3%83%88%E3%83%AC%E3%83%83%E3%83%81%E3%82%B5%E3%83%B3%E3%83%80%E3%83%AB HTTP/1.1" 200 54633 "-" "Mozilla/5.0 (Linux; Android 6.0.1; Nexus 5X Build/MMB29P) AppleWebKit/537.36 (KHTML, like Gecko) Chrome/135.0.7049.95 Mobile Safari/537.36 (compatible; Googlebot/2.1; +http://www.google.com/bot.html)"
66.249.73.101 - - [26/Apr/2025:08:49:53 -0400] "GET /?i=0701846140903&channel=213a08&from=product.php%3Fid%3D461409-2319%26name%3D%E3%80%90%E8%B6%85%E3%81%8A%E5%8B%A7%E3%82%81%E3%83%BB%E5%A4%A7%E5%AE%B9%E9%87%8FSSD%E3%80%91Sony%E3%83%8E%E3%83%BC%E3%83%88%E3%83%91%E3%82%BD%E3%82%B3%E3%83%B3VAIO+SVF15328EJW%E3%80%80Win11+Corei5+%E3%83%A1%E3%83%A2%E3%83%AA8G+%E6%96%B0%E5%93%81SSD1000GB%EF%BC%881TB%EF%BC%89+Office2021+%E7%84%A1%E7%B7%9ALAN+Web%E3%82%AB%E3%83%A1%E3%83%A9+%E3%83%90%E3%83%83%E3%83%86%E3%83%AA%E3%83%BC3%E6%99%82%E9%96%93%E8%B6%85 HTTP/1.1" 200 53557 "-" "Mozilla/5.0 (Linux; Android 6.0.1; Nexus 5X Build/MMB29P) AppleWebKit/537.36 (KHTML, like Gecko) Chrome/135.0.7049.95 Mobile Safari/537.36 (compatible; Googlebot/2.1; +http://www.google.com/bot.html)"
66.249.73.103 - - [26/Apr/2025:08:50:00 -0400] "GET /?i=2951832810901&channel=5463ae&from=product.php%3Fid%3D328109-10211%26name%3D%E6%8A%BD%E8%B1%A1%E7%94%BB+%E5%A5%B3%E6%80%A7%E3%81%AE%E6%A8%AA%E9%A1%94+%E6%9C%A8%E8%A3%BD%E3%83%95%E3%83%AC%E3%83%BC%E3%83%A0%E3%80%80%E9%A1%8D%E4%BB%98%E3%81%8D%E3%80%80%E6%B2%B9%E5%BD%A9%E7%94%BB HTTP/1.1" 200 0 "-" "Mozilla/5.0 (Linux; Android 6.0.1; Nexus 5X Build/MMB29P) AppleWebKit/537.36 (KHTML, like Gecko) Chrome/135.0.7049.95 Mobile Safari/537.36 (compatible; GoogleOther)"
52.167.144.161 - - [26/Apr/2025:08:50:01 -0400] "GET /?i=0752897910900&channel=5d32ae&from=blog.php%3Fid%3D979109-3038%26name%3D%E3%80%90%E3%81%8A%E5%8F%96%E3%82%8A%E5%AF%84%E3%81%9B%E5%90%AB%E3%80%91%E3%80%90%E9%80%81%E6%96%99%E7%84%A1%E6%96%99%E3%80%91MIZUNO+%E3%83%9F%E3%82%BA%E3%83%8E+%E3%82%BD%E3%83%95%E3%83%88%E3%83%86%E3%83%8B%E3%82%B9%E3%82%B7%E3%83%A5%E3%83%BC%E3%82%BA+%E8%BB%9F%E5%BC%8F%E3%83%86%E3%83%8B%E3%82%B9+WAVE+EXCEED+5+OC+%E3%82%A6%E3%82%A8%E3%83%BC%E3%83%96%E3%82%A8%E3%82%AF%E3%82%B7%E3%83%BC%E3%83%89+5+OC+61GB2312+13+63+%E3%82%AA%E3%83%A0%E3%83%8B%E3%82%AF%E3%83%AC%E3%83%BC%E3%82%B3%E3%83%BC%E3%83%88%E7%94%A8+%E3%82%AF%E3%83%AC%E3%83%BC%E3%83%BB%E7%A0%82%E5%85%A5%E3%82%8A%E4%BA%BA%E5%B7%A5%E8%8A%9D%E3%82%B3%E3%83%BC%E3%83%88+%23%E5%8D%92%E6%A5%AD+%23%E5%8D%92%E5%9B%A3+%23%E8%A8%98%E5%BF%B5+%23%E9%80%B2%E7%B4%9A+%23%E9%80%B2%E5%AD%A6+%23%E6%96%B0%E5%85%A5%E5%AD%A6+%23%E6%96%B0%E5%85%A5%E9%83%A8+%23%E6%96%B0%E7%A4%BE%E4%BC%9A%E4%BA%BA+%23%E3%83%97%E3%83%AC%E3%82%BC%E3%83%B3%E3%83%88+%23%E3%81%8A%E7%A5%9D%E3%81%84 HTTP/1.1" 200 0 "-" "Mozilla/5.0 AppleWebKit/537.36 (KHTML, like Gecko; compatible; bingbot/2.0; +http://www.bing.com/bingbot.htm) Chrome/116.0.1938.76 Safari/537.36"
52.167.144.161 - - [26/Apr/2025:08:50:02 -0400] "GET /?i=5527921665600&channel=439032&from=category-info.php%3Fid%3D216656-5475%26name%3Drarebookkyoto%E3%80%80349%E3%80%80%E5%8C%97%E4%BA%AC%E5%98%89%E5%BE%B3%E3%80%80%E3%82%AA%E3%83%BC%E3%82%AF%E3%82%B7%E3%83%A7%E3%83%B3%E7%9B%AE%E9%8C%B2%E3%83%BB%E6%BA%A5%E5%84%92%E3%81%AE%E8%A9%A9%E7%94%BB%E7%BF%B0%E5%A2%A8%E3%80%80%E3%80%80%E9%9D%9E%E5%A3%B2%E5%93%81%E3%80%802023%E5%B9%B4%E3%80%80%E4%BA%AC%E9%83%BD%E5%8F%A4%E7%89%A9 HTTP/1.1" 200 0 "-" "Mozilla/5.0 AppleWebKit/537.36 (KHTML, like Gecko; compatible; bingbot/2.0; +http://www.bing.com/bingbot.htm) Chrome/116.0.1938.76 Safari/537.36"
47.128.111.131 - - [26/Apr/2025:08:50:05 -0400] "GET /robots.txt HTTP/1.1" 200 91 "-" "Go-http-client/2.0"
66.249.73.101 - - [26/Apr/2025:08:50:25 -0400] "GET /?i=3500787894300&channel=f6d387&from=form.php%3Fid%3D878943-11471%26name%3D%E7%B9%8A%E7%B6%AD%E8%9E%8D%E5%90%88%E6%A9%9F+L925BP%E3%83%89%E3%83%AD%E3%83%83%E3%83%97%E3%82%B1%E3%83%BC%E3%83%96%E3%83%AB+FTTH.SC%E3%82%A2%E3%83%80%E3%83%97%E3%82%BF%E3%81%AE%E3%81%9F%E3%82%81%E3%81%AE%E5%85%89%E3%83%95%E3%82%A1%E3%82%A4%E3%83%90%E3%81%AE%E6%A9%9F%E6%A2%B0%E7%9A%84%E3%82%B9%E3%83%97%E3%83%A9%E3%82%A4%E3%82%B9%E3%81%AE%E5%85%89%E3%83%95%E3%82%A1%E3%82%A4%E3%83%90%E3%81%AE%E6%A9%9F%E6%A2%B0%E7%9A%84%E3%81%AA%E3%82%B9%E3%83%97%E3%83%A9%E3%82%A4%E3%82%B5 HTTP/1.1" 200 55706 "-" "Mozilla/5.0 (Linux; Android 6.0.1; Nexus 5X Build/MMB29P) AppleWebKit/537.36 (KHTML, like Gecko) Chrome/135.0.7049.95 Mobile Safari/537.36 (compatible; Googlebot/2.1; +http://www.google.com/bot.html)"
52.167.144.161 - - [26/Apr/2025:08:51:11 -0400] "GET /?i=0785982504600&channel=f30510&from=blog.php%3Fid%3D825046-484%26name%3D%3CBR%3EENDLESS+MP574462+%3CBR%3E%E3%82%B9%E3%83%9D%E3%83%BC%E3%83%84%E3%83%96%E3%83%AC%E3%83%BC%E3%82%AD%E3%83%91%E3%83%83%E3%83%89+%3CBR%3ESuper+Street+M-Sports+Plus+%28SSM+Plus%29+%E8%BB%8A%E4%B8%A1%E4%B8%80%E5%8F%B0%E5%88%86%E3%82%BB%E3%83%83%E3%83%88+%3CBR%3E%E6%97%A5%E7%94%A3+RZ34+%E3%83%95%E3%82%A7%E3%82%A2%E3%83%AC%E3%83%87%E3%82%A3+Z+NISMO+%3CBR%3E%E8%B6%85%E4%BD%8E%E3%83%80%E3%82%B9%E3%83%88+%E9%AB%98%E3%81%84%E5%88%9D%E6%9C%9F%E5%88%B6%E5%8B%95%E6%80%A7%E8%83%BD+%E3%83%8E%E3%83%B3%E3%82%A2%E3%82%B9%E3%83%99%E3%82%B9%E3%83%88%E3%83%91%E3%83%83%E3%83%89 HTTP/1.1" 200 0 "-" "Mozilla/5.0 AppleWebKit/537.36 (KHTML, like Gecko; compatible; bingbot/2.0; +http://www.bing.com/bingbot.htm) Chrome/116.0.1938.76 Safari/537.36"
66.249.73.103 - - [26/Apr/2025:08:51:17 -0400] "GET /?i=97002184990405&channel=4515a9&from=shared.php%3Fid%3D1849904-30409%26name%3D%E3%83%8F%E3%82%A4%E3%83%91%E3%83%95%E3%82%A9%E3%83%BC%E3%83%9E%E3%83%B3%E3%82%B9%E3%82%AB%E3%83%83%E3%82%BF%E3%83%BC%E3%82%B7%E3%83%A3%E3%83%BC%E3%83%97%E3%83%8A%E3%83%BC%E3%81%AE%E5%AE%9F%E7%94%A8%E7%9A%84%E3%81%AA%E7%A0%94%E5%89%8A%E3%83%84%E3%83%BC%E3%83%AB%E3%83%9B%E3%83%BC%E3%83%A0%E3%82%AD%E3%83%83%E3%83%81%E3%83%B3%E3%81%A8%E5%B1%8B%E5%A4%96%E3%81%A7%E3%81%AE%E4%BD%BF%E7%94%A8%E3%81%AE%E3%81%9F%E3%82%81%E3%81%AE%E6%9C%A8%E6%9D%90%E4%BB%95%E4%B8%8A%E3%81%92%E4%BB%98%E3%81%8D HTTP/1.1" 200 53654 "-" "Mozilla/5.0 (Linux; Android 6.0.1; Nexus 5X Build/MMB29P) AppleWebKit/537.36 (KHTML, like Gecko) Chrome/135.0.7049.95 Mobile Safari/537.36 (compatible; Googlebot/2.1; +http://www.google.com/bot.html)"
66.249.73.102 - - [26/Apr/2025:08:51:43 -0400] "GET /?i=7058171956302&channel=402d74&from=article.php%3Fid%3D719563-5175%26name%3D%E3%83%9E%E3%83%83%E3%82%AD%E3%83%B3%E3%83%88%E3%83%83%E3%82%B7%E3%83%A5%E3%80%80%E3%83%80%E3%83%BC%E3%82%AF%E3%83%8D%E3%82%A4%E3%83%93%E3%83%BC%E3%80%80%E3%83%A1%E3%83%AB%E3%83%88%E3%83%B3%E3%80%80%E3%82%B3%E3%83%BC%E3%83%88 HTTP/1.1" 200 51439 "-" "Mozilla/5.0 (Linux; Android 6.0.1; Nexus 5X Build/MMB29P) AppleWebKit/537.36 (KHTML, like Gecko) Chrome/135.0.7049.95 Mobile Safari/537.36 (compatible; Googlebot/2.1; +http://www.google.com/bot.html)"
66.249.73.103 - - [26/Apr/2025:08:52:15 -0400] "GET /?i=9901940754002&channel=2cc407&from=info.php%3Fid%3D407540-2259%26name%3D%E7%88%86%E9%80%9F%E3%80%82%E6%9C%80%E6%96%B0%E3%83%90%E3%83%BC%E3%82%B8%E3%83%A7%E3%83%B324H2+Windows11+i7-3820%E3%80%80Diginnos%E3%80%80%E3%83%A1%E3%83%A2%E3%83%AA+8GB++%E6%96%B0%E5%93%81SSD256+HDD500GB+DVD%E3%83%9E%E3%83%AB%E3%83%81%E3%83%89%E3%83%A9%E3%82%A4%E3%83%96 HTTP/1.1" 200 53302 "-" "Mozilla/5.0 (Linux; Android 6.0.1; Nexus 5X Build/MMB29P) AppleWebKit/537.36 (KHTML, like Gecko) Chrome/135.0.7049.95 Mobile Safari/537.36 (compatible; Googlebot/2.1; +http://www.google.com/bot.html)"
66.249.73.102 - - [26/Apr/2025:08:53:18 -0400] "GET /?i=04847126441500&channel=8c48f3&from=shared.php%3Fid%3D1264415-1675%26name%3D%E3%80%90%E5%A5%B3%E3%81%AE%E5%AD%90%E4%BB%95%E6%A7%98%E3%80%91%E3%82%B7%E3%83%B3%E3%82%B0%E3%83%AB%E3%83%99%E3%83%83%E3%83%89%E4%B8%80%E5%BC%8F HTTP/1.1" 200 53592 "-" "Mozilla/5.0 (Linux; Android 6.0.1; Nexus 5X Build/MMB29P) AppleWebKit/537.36 (KHTML, like Gecko) Chrome/135.0.7049.95 Mobile Safari/537.36 (compatible; Googlebot/2.1; +http://www.google.com/bot.html)"
47.128.122.125 - - [26/Apr/2025:08:54:05 -0400] "GET / HTTP/1.1" 200 0 "-" "Mozilla/5.0 (Linux; Android 5.0) AppleWebKit/537.36 (KHTML, like Gecko) Mobile Safari/537.36 (compatible; TikTokSpider; ttspider-feedback@tiktok.com)"
52.167.144.207 - - [26/Apr/2025:08:54:22 -0400] "GET /?i=29462164667206&channel=ddbfff&from=pin.php%3Fid%3D1646672-8809%26name%3D%E3%83%99%E3%83%BC%E3%82%B3%E3%83%B3%E3%82%B0%E3%83%AA%E3%83%BC%E3%82%B9%E5%AE%B9%E5%99%A8%E3%80%81%E3%82%B9%E3%83%88%E3%83%AC%E3%83%8A%E3%83%BC%E4%BB%98%E3%81%8D%E3%83%99%E3%83%BC%E3%82%B3%E3%83%B3%E3%82%B0%E3%83%AA%E3%83%BC%E3%82%B9%E3%83%9D%E3%83%83%E3%83%88+%7C+%E3%82%B0%E3%83%AA%E3%83%BC%E3%82%B9%E7%BC%B6%E3%82%92%E8%AA%BF%E7%90%86%E3%81%99%E3%82%8B%2C%E3%83%9B%E3%83%BC%E3%83%A0%E3%82%AD%E3%83%83%E3%83%81%E3%83%B3%E3%81%AE%E3%81%9F%E3%82%81%E3%81%AE%E7%B4%B0%E3%81%8B%E3%81%84%E3%83%A1%E3%83%83%E3%82%B7%E3%83%A5%E3%82%B9%E3%83%88%E3%83%AC%E3%83%BC%E3%83%8A HTTP/1.1" 200 0 "-" "Mozilla/5.0 AppleWebKit/537.36 (KHTML, like Gecko; compatible; bingbot/2.0; +http://www.bing.com/bingbot.htm) Chrome/116.0.1938.76 Safari/537.36"
