66.249.73.101 - - [25/Apr/2025:22:32:35 -0400] "GET /?i=42024103644102&channel=8b2bb3&from=info.php%3Fid%3D1036441-6418%26name%3D%E6%98%AD%E5%92%8C%E3%83%AC%E3%83%88%E3%83%AD+%E3%82%AC%E3%83%A9%E3%82%B9%E6%89%89+%E7%AA%93%E6%9E%A0%E9%A2%A8+%E6%9C%A8%E8%A3%BD%E3%82%B5%E3%82%A4%E3%83%89%E3%83%9C%E3%83%BC%E3%83%89+%E9%A3%BE%E3%82%8A%E6%A3%9A+%E3%82%AB%E3%83%83%E3%83%97%E3%83%9C%E3%83%BC%E3%83%89+%E5%8F%A4%E5%AE%B6%E5%85%B7 HTTP/1.1" 200 52912 "-" "Mozilla/5.0 (Linux; Android 6.0.1; Nexus 5X Build/MMB29P) AppleWebKit/537.36 (KHTML, like Gecko) Chrome/135.0.7049.95 Mobile Safari/537.36 (compatible; Googlebot/2.1; +http://www.google.com/bot.html)"
66.249.74.12 - - [25/Apr/2025:22:32:39 -0400] "GET /04729276169.shtml HTTP/1.1" 200 0 "-" "Mozilla/5.0 (Linux; Android 6.0.1; Nexus 5X Build/MMB29P) AppleWebKit/537.36 (KHTML, like Gecko) Chrome/135.0.7049.95 Mobile Safari/537.36 (compatible; GoogleOther)"
66.249.73.101 - - [25/Apr/2025:22:32:46 -0400] "GET /?i=26803123499405&channel=8b4119&from=brands.php%3Fid%3D1234994-17462%26name%3D%E3%80%90%E6%96%B0%E5%93%81%E3%80%91%E3%82%B8%E3%83%A3%E3%83%B3%E3%83%86%E3%82%A3%E3%83%90%E3%83%B3%E3%83%86%E3%82%A3%E3%80%80%E3%83%81%E3%83%A3%E3%83%BC%E3%83%A0%E3%80%801 HTTP/1.1" 200 54076 "-" "Mozilla/5.0 (Linux; Android 6.0.1; Nexus 5X Build/MMB29P) AppleWebKit/537.36 (KHTML, like Gecko) Chrome/135.0.7049.95 Mobile Safari/537.36 (compatible; Googlebot/2.1; +http://www.google.com/bot.html)"
66.249.73.101 - - [25/Apr/2025:22:33:01 -0400] "GET /18287241850.shtml HTTP/1.1" 200 0 "-" "Mozilla/5.0 (Linux; Android 6.0.1; Nexus 5X Build/MMB29P) AppleWebKit/537.36 (KHTML, like Gecko) Chrome/135.0.7049.95 Mobile Safari/537.36 (compatible; GoogleOther)"
66.249.73.102 - - [25/Apr/2025:22:33:02 -0400] "GET /?i=86412162157304&channel=17b0b4&from=shared.php%3Fid%3D1621573-9978%26name%3D%E3%83%88%E3%82%A4%E3%83%AC%E3%81%AB%E6%95%B7%E3%81%8F%E3%83%9E%E3%83%83%E3%83%88+%E8%AA%95%E7%94%9F%E6%97%A5%E3%81%8A%E3%82%82%E3%81%97%E3%82%8D%E3%83%97%E3%83%AC%E3%82%BC%E3%83%B3%E3%83%88+%E3%83%8D%E3%83%83%E3%82%AF%E3%82%B2%E3%83%BC%E3%82%BF%E3%83%BC%E5%86%AC%E7%94%A8+%E9%87%91+%E5%B1%8F%E9%A2%A8+%E3%83%AC%E3%83%87%E3%82%A3%E3%83%BC%E3%82%B9+%E3%83%97%E3%83%AC%E3%82%BC%E3%83%B3%E3%83%88+%E4%BA%BA%E6%B0%97+%E5%A4%A7%E5%88%A4+%E3%83%9E%E3%83%BC+%E5%8E%9A%E6%89%8B+%E3%83%98%E3%83%AB%E3%83%A1%E3%83%83 HTTP/1.1" 200 54528 "-" "Mozilla/5.0 (Linux; Android 6.0.1; Nexus 5X Build/MMB29P) AppleWebKit/537.36 (KHTML, like Gecko) Chrome/135.0.7049.95 Mobile Safari/537.36 (compatible; Googlebot/2.1; +http://www.google.com/bot.html)"
66.249.73.102 - - [25/Apr/2025:22:33:08 -0400] "GET /?i=588422983800&channel=e1f827&from=product.php%3Fid%3D29838-3107%26name%3D%E3%83%B4%E3%82%A1%E3%83%B3%E3%82%AC%E3%83%BC%E3%83%89+%E9%9D%92%E3%81%8D%E7%82%8E+%E3%83%97%E3%83%AC%E3%82%A4%E3%83%9E%E3%83%83%E3%83%88+%E5%90%8C%E4%BA%BA HTTP/1.1" 200 0 "-" "Mozilla/5.0 (Linux; Android 6.0.1; Nexus 5X Build/MMB29P) AppleWebKit/537.36 (KHTML, like Gecko) Chrome/135.0.7049.95 Mobile Safari/537.36 (compatible; GoogleOther)"
66.249.73.101 - - [25/Apr/2025:22:33:23 -0400] "GET /?i=71935148325300&channel=4ff737&from=info.php%3Fid%3D1483253-21115%26name%3D%E5%A5%B3%E3%81%AE%E5%AD%90%E2%98%85%E3%83%81%E3%83%A5%E3%83%8B%E3%83%83%E3%82%AF+%E3%80%80%E3%83%AF%E3%83%B3%E3%83%94%E3%83%BC%E3%82%B9%E3%80%80%E3%83%81%E3%83%A5%E3%83%BC%E3%83%AB%E3%80%802%E8%89%B2%E3%82%BB%E3%83%83%E3%83%88+120cm HTTP/1.1" 200 53080 "-" "Mozilla/5.0 (Linux; Android 6.0.1; Nexus 5X Build/MMB29P) AppleWebKit/537.36 (KHTML, like Gecko) Chrome/135.0.7049.95 Mobile Safari/537.36 (compatible; Googlebot/2.1; +http://www.google.com/bot.html)"
66.249.73.101 - - [25/Apr/2025:22:33:31 -0400] "GET /?i=87210150460803&channel=9ce85a&from=goods.php%3Fid%3D1504608-6995%26name%3D%E3%80%90%E4%B8%AD%E5%8F%A4%E5%93%81%E3%83%BB2%E6%9E%9A%E3%82%BB%E3%83%83%E3%83%88%E3%80%91%E3%83%A8%E3%82%AE%E3%83%9C%E3%83%BC%E3%83%9E%E3%83%83%E3%82%AF%E3%82%B9%E3%82%AB%E3%83%90%E3%83%BC%E3%80%80%E3%83%AC%E3%83%83%E3%83%89%E3%83%BB%E3%83%A9%E3%82%A4%E3%83%88%E3%82%B0%E3%83%AA%E3%83%BC%E3%83%B3+%E3%81%9B%E3%81%9B%E3%82%8A HTTP/1.1" 200 0 "-" "Mozilla/5.0 (Linux; Android 6.0.1; Nexus 5X Build/MMB29P) AppleWebKit/537.36 (KHTML, like Gecko) Chrome/135.0.7049.95 Mobile Safari/537.36 (compatible; GoogleOther)"
66.249.73.101 - - [25/Apr/2025:22:33:39 -0400] "GET /?i=09848170625206&channel=9273b4&from=jp.php%3Fid%3D1706252-1291%26name%3D%E7%9C%9F%E3%81%A1%E3%82%85%E3%81%86%E8%A3%BD%E3%81%AE%E5%BC%95%E3%81%8D%E5%87%BA%E3%81%97%E3%83%8F%E3%83%B3%E3%83%89%E3%83%AB%E3%80%81%E5%8C%96%E7%B2%A7%E5%8F%B0+%E5%BC%95%E3%81%8D%E5%87%BA%E3%81%97+%E3%83%8F%E3%83%BC%E3%83%89%E3%82%A6%E3%82%A7%E3%82%A2+%E5%AE%B6%E5%85%B7+%E3%83%8F%E3%83%B3%E3%83%89%E3%83%AB+%E5%8F%96%E3%81%A3%E6%89%8B%E3%80%81DIY+%E5%BC%95%E3%81%8D%E5%87%BA%E3%81%97%E3%83%8E%E3%83%96+%E3%83%89%E3%82%A2%E5%8F%96%E3%81%A3%E3%81%A6+%E5%8F%96%E6%89%8B+%E3%83%8F%E3%83%B3%E3%83%89 HTTP/1.1" 200 55505 "-" "Mozilla/5.0 (Linux; Android 6.0.1; Nexus 5X Build/MMB29P) AppleWebKit/537.36 (KHTML, like Gecko) Chrome/135.0.7049.95 Mobile Safari/537.36 (compatible; Googlebot/2.1; +http://www.google.com/bot.html)"
66.249.73.101 - - [25/Apr/2025:22:33:54 -0400] "GET /?i=01950103475100&channel=0fba82&from=product.php%3Fid%3D1034751-10570%26name%3D%E3%80%9024%E6%99%82%E9%96%93%E4%BB%A5%E5%86%85%E7%99%BA%E9%80%81%E3%80%91USJ%E3%83%81%E3%82%B1%E3%83%83%E3%83%88%E3%80%80%E5%A4%A7%E4%BA%BA2%E6%9E%9A HTTP/1.1" 200 0 "-" "Mozilla/5.0 (Linux; Android 6.0.1; Nexus 5X Build/MMB29P) AppleWebKit/537.36 (KHTML, like Gecko) Chrome/135.0.7049.95 Mobile Safari/537.36 (compatible; GoogleOther)"
66.249.73.101 - - [25/Apr/2025:22:33:57 -0400] "GET /?i=81999138416501&channel=645c38&from=goods.php%3Fid%3D1384165-6%26name%3D%E7%9B%AE%E7%8E%89_%E5%AF%BE%E8%B1%A1%E6%B5%B4%E8%A1%A3%E9%96%A2%E9%80%A3+50%25%E3%82%AF%E3%83%BC%E3%83%9D%E3%83%B3%E3%80%8A2buy60%EF%BC%85off%E3%80%8B%E6%B5%B4%E8%A1%A3+%E3%83%AC%E3%83%87%E3%82%A3%E3%83%BC%E3%82%B9+bonheur+saisons+%E3%83%9C%E3%83%8C%E3%83%BC%E3%83%AB%E3%82%BB%E3%82%BE%E3%83%B3+%E8%B5%A4+%E3%83%AC%E3%83%83%E3%83%89+%E7%99%BD+%E9%9B%AA%E8%BC%AA+%E3%82%86%E3%81%8D%E3%82%8F+%E6%A8%AA%E7%B8%9E+%E7%B6%BF+%E5%A4%89%E3%82%8F%E3%82%8A%E7%B9%94%E3%82%8A+%E5%A4%8F%E7%A5%AD%E3%82%8A+%E8%8A%B1%E7%81%AB%E5%A4%A7%E4%BC%9A+%E5%A5%B3%E6%80%A7%E7%94%A8+%E4%BB%95%E7%AB%8B%E3%81%A6%E4%B8%8A%E3%81%8C%E3%82%8A++S+%E3%83%95%E3%83%AA%E3%83%BC HTTP/1.1" 200 56529 "-" "Mozilla/5.0 (Linux; Android 6.0.1; Nexus 5X Build/MMB29P) AppleWebKit/537.36 (KHTML, like Gecko) Chrome/135.0.7049.95 Mobile Safari/537.36 (compatible; Googlebot/2.1; +http://www.google.com/bot.html)"
66.249.73.101 - - [25/Apr/2025:22:29:27 -0400] "GET /?i=4258159405005&channel=3a3218&from=pin.php%3Fid%3D594050-12602%26name%3DARABIA+%E3%82%A2%E3%83%A9%E3%83%93%E3%82%A2+Paju+%E3%83%91%E3%83%A6+%E3%82%B7%E3%83%A5%E3%82%AC%E3%83%BC%E3%83%9D%E3%83%83%E3%83%88+%E5%8C%97%E6%AC%A7+%E3%83%95%E3%82%A3%E3%83%B3%E3%83%A9%E3%83%B3%E3%83%89+%E3%83%B4%E3%82%A3%E3%83%B3%E3%83%86%E3%83%BC%E3%82%B8 HTTP/1.1" 200 54784 "-" "Mozilla/5.0 (Linux; Android 6.0.1; Nexus 5X Build/MMB29P) AppleWebKit/537.36 (KHTML, like Gecko) Chrome/135.0.7049.95 Mobile Safari/537.36 (compatible; Googlebot/2.1; +http://www.google.com/bot.html)"
66.249.73.101 - - [25/Apr/2025:22:29:28 -0400] "GET /?i=83919171127000&channel=7dcb9a&from=article.php%3Fid%3D1711270-11886%26name%3D%E3%82%B7%E3%83%A3%E3%83%AF%E3%83%BC%E3%82%AB%E3%83%BC%E3%83%86%E3%83%B3%E3%83%95%E3%83%83%E3%82%AF+%E9%98%B2%E9%8C%86+12%E5%80%8B%E3%82%BB%E3%83%83%E3%83%88+%E8%A3%85%E9%A3%BE%E3%82%B7%E3%83%A3%E3%83%AF%E3%83%BC%E3%82%AB%E3%83%BC%E3%83%86%E3%83%B3%E3%83%95%E3%83%83%E3%82%AF%E3%83%8F%E3%83%B3%E3%82%AC%E3%83%BC+%E3%83%90%E3%82%B9%E3%83%AB%E3%83%BC%E3%83%A0%E3%82%AB%E3%83%BC%E3%83%86%E3%83%B3+%E8%A1%A3%E9%A1%9E%E7%94%A8%E3%80%81%E3%83%AD%E3%83%BC%E3%82%BA+%E3%83%8F%E3%83%81%E3%83%89%E3%83%AA+%E3%83%93%E3%83%B3%E3%83%86 HTTP/1.1" 200 54573 "-" "Mozilla/5.0 (Linux; Android 6.0.1; Nexus 5X Build/MMB29P) AppleWebKit/537.36 (KHTML, like Gecko) Chrome/135.0.7049.95 Mobile Safari/537.36 (compatible; Googlebot/2.1; +http://www.google.com/bot.html)"
66.249.73.101 - - [25/Apr/2025:22:29:30 -0400] "GET /?i=82978175367705&channel=3199d6&from=jp.php%3Fid%3D1753677-25324%26name%3DA%E3%83%A9%E3%82%A4%E3%83%B3%E3%83%8B%E3%83%83%E3%83%88%E3%82%B9%E3%82%AB%E3%83%BC%E3%83%88+%E3%82%B9%E3%82%AB%E3%83%BC%E3%83%88+%E3%83%8B%E3%83%83%E3%83%88%E3%82%B9%E3%82%AB%E3%83%BC%E3%83%88+%E8%86%9D%E4%B8%88+%E3%83%9D%E3%82%B1%E3%83%83%E3%83%88%E4%BB%98%E3%81%8D+%E3%82%AB%E3%82%B8%E3%83%A5%E3%82%A2%E3%83%AB+%E3%83%8F%E3%82%A4%E3%82%A6%E3%82%A8%E3%82%B9%E3%83%88+%E7%A7%8B%E5%86%AC+%E3%81%8A%E3%81%97%E3%82%83%E3%82%8C+%E5%8F%AF%E6%84%9B%E3%81%84+%E7%84%A1%E5%9C%B0+%E5%8E%9A%E6%89%8B%23pc926 HTTP/1.1" 200 53482 "-" "Mozilla/5.0 (Linux; Android 6.0.1; Nexus 5X Build/MMB29P) AppleWebKit/537.36 (KHTML, like Gecko) Chrome/135.0.7049.95 Mobile Safari/537.36 (compatible; Googlebot/2.1; +http://www.google.com/bot.html)"
66.249.73.101 - - [25/Apr/2025:22:29:33 -0400] "GET /?i=49480109372001&channel=c4eb90&from=info.php%3Fid%3D1093720-707%26name%3D%E3%82%B9%E3%83%88%E3%83%83%E3%82%B1+%E3%82%B9%E3%83%86%E3%83%83%E3%83%97%E3%82%B9+%E3%83%81%E3%82%A7%E3%82%A2+%E3%83%99%E3%83%93%E3%83%BC%E3%82%BB%E3%83%83%E3%83%88 HTTP/1.1" 200 52096 "-" "Mozilla/5.0 (Linux; Android 6.0.1; Nexus 5X Build/MMB29P) AppleWebKit/537.36 (KHTML, like Gecko) Chrome/135.0.7049.95 Mobile Safari/537.36 (compatible; Googlebot/2.1; +http://www.google.com/bot.html)"
66.249.73.101 - - [25/Apr/2025:22:31:22 -0400] "GET /?i=7764177792500&channel=08e54d&from=info.php%3Fid%3D777925-9763%26name%3D%E7%BE%8E%E5%93%81+SAMYANG+%E3%82%B5%E3%83%A0%E3%83%A4%E3%83%B3+MF+14mm+F2.8+MK2+%28%E3%82%AD%E3%83%A3%E3%83%8E%E3%83%B3%29+%E3%80%90%E5%8B%95%E4%BD%9C%E7%A2%BA%E8%AA%8D%E6%B8%88%E3%80%91%237458 HTTP/1.1" 200 53419 "-" "Mozilla/5.0 (Linux; Android 6.0.1; Nexus 5X Build/MMB29P) AppleWebKit/537.36 (KHTML, like Gecko) Chrome/135.0.7049.95 Mobile Safari/537.36 (compatible; Googlebot/2.1; +http://www.google.com/bot.html)"
66.249.73.102 - - [25/Apr/2025:22:34:13 -0400] "GET /?i=3199144572304&channel=698b5e&from=shared.php%3Fid%3D445723-3282%26name%3D%E3%82%A4%E3%83%8A%E3%83%90%E7%89%A9%E7%BD%AE+%E5%88%87%E3%82%8A%E8%90%BD%E3%81%A8%E3%81%97+%E4%B8%AD%E5%9E%8B%E7%89%A9%E7%BD%AE+FORTA+%E3%83%95%E3%82%A9%E3%83%AB%E3%82%BF+%E3%83%95%E3%83%A9%E3%83%B3%E3%83%8D%E3%83%AB%E3%82%B0%E3%83%AC%E3%83%BC+%E4%B8%80%E8%88%AC%E5%9E%8B+2210%C3%971370%C3%972085+FS-2214SF+%E7%A8%B2%E8%91%89%E8%A3%BD%E4%BD%9C%E6%89%80+%E3%82%A4%E3%83%8A%E3%83%90+%E5%B1%8B%E5%A4%96%E7%94%A8+%E3%81%8A%E3%81%97%E3%82%83%E3%82%8C%E3%80%90+%E6%B6%88%E8%B2%BB%E7%A8%8E%E8%BE%BC%E3%81%BF%E3%80%91 HTTP/1.1" 200 54750 "-" "Mozilla/5.0 (Linux; Android 6.0.1; Nexus 5X Build/MMB29P) AppleWebKit/537.36 (KHTML, like Gecko) Chrome/135.0.7049.95 Mobile Safari/537.36 (compatible; Googlebot/2.1; +http://www.google.com/bot.html)"
66.249.73.103 - - [25/Apr/2025:22:34:15 -0400] "GET /?i=0997097154803&channel=fa6891&from=shared.php%3Fid%3D971548-2772%26name%3D%E3%80%90%E4%B8%AD%E5%8F%A4%E3%80%91+%E8%89%AF%E5%93%81+TOMWOOD+%E3%83%88%E3%83%A0%E3%82%A6%E3%83%83%E3%83%89+SV925+SHIELD+GREEN+MARBL+%E3%82%B9%E3%83%88%E3%83%BC%E3%83%B3+%E3%83%AA%E3%83%B3%E3%82%B0+%E6%8C%87%E8%BC%AA+%E7%B4%8411%E5%8F%B7+%E3%82%B0%E3%83%AA%E3%83%BC%E3%83%B3%C3%97%E3%82%B7%E3%83%AB%E3%83%90%E3%83%BC+%E3%83%AC%E3%83%87%E3%82%A3%E3%83%BC%E3%82%B9+Luxs+%E3%83%96%E3%83%A9%E3%83%B3%E3%83%89%E5%8F%A4%E7%9D%80%E3%81%AE%E3%83%AA%E3%83%A5%E3%82%AF%E3%82%B9 HTTP/1.1" 200 55616 "-" "Mozilla/5.0 (Linux; Android 6.0.1; Nexus 5X Build/MMB29P) AppleWebKit/537.36 (KHTML, like Gecko) Chrome/135.0.7049.95 Mobile Safari/537.36 (compatible; Googlebot/2.1; +http://www.google.com/bot.html)"
66.249.73.102 - - [25/Apr/2025:22:34:19 -0400] "GET /?i=1978158905200&channel=dbab0a&from=shared.php%3Fid%3D589052-2968%26name%3D%E3%80%902025%E6%96%B0%E5%93%81%E3%80%91%E3%82%AB%E3%83%A1%E3%83%A9+%E3%83%87%E3%82%B8%E3%82%BF%E3%83%AB%E3%82%AB%E3%83%A1%E3%83%A9+4K+6400%E4%B8%87%E7%94%BB%E7%B4%A0+%E3%82%B9%E3%83%AA%E3%83%BC%E3%82%B7%E3%83%A7%E3%83%83%E3%83%88+%E6%9C%9B%E9%81%A0%E3%83%AC%E3%83%B3%E3%82%BA+%E5%BA%83%E8%A7%92%E3%83%AC%E3%83%B3%E3%82%BA+%E3%82%AC%E3%83%A9%E3%82%B9%E3%81%AE%E8%A3%8F%E8%93%8B+%E3%82%AA%E3%83%BC%E3%83%88%E3%83%95%E3%82%A9%E3%83%BC%E3%82%AB%E3%82%B9+3inch+%E3%82%BF%E3%83%83%E3%83%81%E3%82%B9%E3%82%AF%E3%83%AA%E3%83%BC%E3%83%B3+%E9%9F%B3%E6%A5%BD%E5%86%8D%E7%94%9F+MP3+MP4+%E9%8C%B2%E9%9F%B3+%E3%82%B3%E3%83%B3%E3%83%94%E3%83%A5%E3%83%BC%E3%82%BF%E3%83%BC%E3%82%AB%E3%83%A1%E3%83%A9+%E3%82%B9%E3%83%9E%E3%83%BC%E3%83%88%E3%83%95%E3%82%A9%E3%83%B3 HTTP/1.1" 200 0 "-" "Mozilla/5.0 (Linux; Android 6.0.1; Nexus 5X Build/MMB29P) AppleWebKit/537.36 (KHTML, like Gecko) Chrome/135.0.7049.95 Mobile Safari/537.36 (compatible; GoogleOther)"
66.249.73.101 - - [25/Apr/2025:22:34:22 -0400] "GET /?i=30179185625105&channel=d6c991&from=brands.php%3Fid%3D1856251-30488%26name%3D%E3%83%A1%E3%83%B3%E3%82%BA+%E6%B0%B4%E7%9D%80+%E3%82%B9%E3%82%A4%E3%83%A0%E3%82%A6%E3%82%A7%E3%82%A2+%E4%B8%8A%E4%B8%8B2%E7%82%B9%E3%82%BB%E3%83%83%E3%83%88+%E7%94%B7%E6%80%A7+%E7%B7%B4%E7%BF%92+%E7%AB%B6%E6%B3%B3+UV%E3%82%AB%E3%83%83%E3%83%88+%E6%B5%B7+%E3%83%97%E3%83%BC%E3%83%AB+%E5%A4%A7%E3%81%8D%E3%81%84%E3%82%B5%E3%82%A4%E3%82%BA+%E5%8D%8A%E8%A2%96+%E3%82%BB%E3%83%91%E3%83%AC%E3%83%BC%E3%83%88+%E3%83%8F%E3%83%BC%E3%83%95%E3%83%91%E3%83%B3%E3%83%84 HTTP/1.1" 200 52898 "-" "Mozilla/5.0 (Linux; Android 6.0.1; Nexus 5X Build/MMB29P) AppleWebKit/537.36 (KHTML, like Gecko) Chrome/135.0.7049.95 Mobile Safari/537.36 (compatible; Googlebot/2.1; +http://www.google.com/bot.html)"
66.249.74.11 - - [25/Apr/2025:22:34:41 -0400] "GET /89651281982.shtml HTTP/1.1" 200 0 "-" "Mozilla/5.0 (Linux; Android 6.0.1; Nexus 5X Build/MMB29P) AppleWebKit/537.36 (KHTML, like Gecko) Chrome/135.0.7049.95 Mobile Safari/537.36 (compatible; GoogleOther)"
66.249.73.101 - - [25/Apr/2025:22:35:03 -0400] "GET /?i=36673151985403&channel=cc2648&from=blog.php%3Fid%3D1519854-19086%26name%3D%E3%80%90%E3%83%A1%E3%83%BC%E3%82%AB%E3%83%BC%E5%9C%A8%E5%BA%AB%E3%81%82%E3%82%8A%E3%80%91+201084-GP+%E3%82%B7%E3%83%95%E3%83%88%E3%82%A2%E3%83%83%E3%83%97+%E3%83%A9%E3%83%90%E3%83%BC%E3%82%A4%E3%83%B3%E3%82%B7%E3%83%A5%E3%83%AC%E3%83%BC%E3%82%BF%E3%83%BC+%E5%8F%AF%E5%A4%89%E3%83%9E%E3%83%8B+PWK28+JP%E5%BA%97 HTTP/1.1" 200 0 "-" "Mozilla/5.0 (Linux; Android 6.0.1; Nexus 5X Build/MMB29P) AppleWebKit/537.36 (KHTML, like Gecko) Chrome/135.0.7049.95 Mobile Safari/537.36 (compatible; GoogleOther)"
52.167.144.173 - - [25/Apr/2025:22:35:05 -0400] "GET /sitemap.xml HTTP/1.1" 200 98112 "-" "Mozilla/5.0 AppleWebKit/537.36 (KHTML, like Gecko; compatible; bingbot/2.0; +http://www.bing.com/bingbot.htm) Chrome/116.0.1938.76 Safari/537.36"
66.249.73.101 - - [25/Apr/2025:22:35:12 -0400] "GET /97277160503.shtml HTTP/1.1" 200 0 "-" "Mozilla/5.0 (Linux; Android 6.0.1; Nexus 5X Build/MMB29P) AppleWebKit/537.36 (KHTML, like Gecko) Chrome/135.0.7049.95 Mobile Safari/537.36 (compatible; GoogleOther)"
66.249.73.101 - - [25/Apr/2025:22:35:20 -0400] "GET /?i=77161871409&channel=6a3fe7&from=form.php%3Fid%3D8714-1880%26name%3D%E6%9C%A8%E8%A3%BD%E3%83%96%E3%83%A9%E3%82%A4%E3%83%B3%E3%83%89+%E6%9C%80%E9%AB%98%E7%B4%9A%E5%93%81+%E3%82%BF%E3%83%81%E3%82%AB%E3%83%AF%E3%83%96%E3%83%A9%E3%82%A4%E3%83%B3%E3%83%89+%E3%82%A6%E3%83%83%E3%83%89+%E3%83%95%E3%82%A9%E3%83%AC%E3%83%86%E3%82%A3%E3%82%A250+%E3%82%A8%E3%82%B3+FT-6651%E3%80%9C6660+%E3%83%81%E3%82%A7%E3%83%BC%E3%83%B3%E6%93%8D%E4%BD%9C+%E5%B9%85160%C3%97%E9%AB%98%E3%81%95120cm%E8%BF%84 HTTP/1.1" 200 53352 "-" "Mozilla/5.0 (Linux; Android 6.0.1; Nexus 5X Build/MMB29P) AppleWebKit/537.36 (KHTML, like Gecko) Chrome/135.0.7049.95 Mobile Safari/537.36 (compatible; Googlebot/2.1; +http://www.google.com/bot.html)"
66.249.73.101 - - [25/Apr/2025:22:35:22 -0400] "GET /?i=02998107581904&channel=a05de0&from=jp.php%3Fid%3D1075819-8605%26name%3DAmeri+VINTAGE+LIKE+JACQUARD+OVER+VEST HTTP/1.1" 200 51907 "-" "Mozilla/5.0 (Linux; Android 6.0.1; Nexus 5X Build/MMB29P) AppleWebKit/537.36 (KHTML, like Gecko) Chrome/135.0.7049.95 Mobile Safari/537.36 (compatible; Googlebot/2.1; +http://www.google.com/bot.html)"
52.167.144.147 - - [25/Apr/2025:22:35:24 -0400] "GET /sitemap.xml HTTP/1.1" 200 98177 "-" "Mozilla/5.0 AppleWebKit/537.36 (KHTML, like Gecko; compatible; bingbot/2.0; +http://www.bing.com/bingbot.htm) Chrome/116.0.1938.76 Safari/537.36"
52.167.144.174 - - [25/Apr/2025:22:35:28 -0400] "GET /?i=922793796305&channel=b18f81&from=jp.php%3Fid%3D37963-1479%26name%3DTO+BECH+IC%E3%83%88%E3%82%A5%E3%83%BC%E3%83%93%E3%83%BC%E3%82%B7%E3%83%83%E3%82%AF+%E3%82%AD%E3%83%AB%E3%83%86%E3%82%A3%E3%83%B3%E3%82%B0%E3%82%B8%E3%83%A3%E3%82%B1%E3%83%83%E3%83%88 HTTP/1.1" 200 0 "-" "Mozilla/5.0 AppleWebKit/537.36 (KHTML, like Gecko; compatible; bingbot/2.0; +http://www.bing.com/bingbot.htm) Chrome/116.0.1938.76 Safari/537.36"
66.249.73.101 - - [25/Apr/2025:22:35:38 -0400] "GET /?i=58101177507101&channel=784e7d&from=form.php%3Fid%3D1775071-1336%26name%3D%E3%83%92%E3%83%BC%E3%83%88%E3%83%A9%E3%83%83%E3%83%97+%E3%83%A1%E3%83%B3%E3%82%BA%E3%82%A2%E3%82%A6%E3%82%BF%E3%83%BC%E5%86%AC+aerofit+2+%E3%83%99%E3%83%AB%E3%83%88+%E7%99%BD+%E3%83%A1%E3%83%B3%E3%82%BA+%E3%82%B0%E3%83%AC%E3%83%BC%E3%82%B8%E3%83%A3%E3%82%B1%E3%83%83%E3%83%88%E3%83%A1%E3%83%B3%E3%82%BA+%E8%A6%81%E3%81%82%E3%81%84+%E3%83%88%E3%83%AC%E3%83%BC%E3%83%8B%E3%83%B3%E3%82%B0%E3%82%A6%E3%82%A7%E3%82%A2+%E7%AD%8B%E3%83%88%E3%83%AC HTTP/1.1" 200 54713 "-" "Mozilla/5.0 (Linux; Android 6.0.1; Nexus 5X Build/MMB29P) AppleWebKit/537.36 (KHTML, like Gecko) Chrome/135.0.7049.95 Mobile Safari/537.36 (compatible; Googlebot/2.1; +http://www.google.com/bot.html)"
66.249.73.101 - - [25/Apr/2025:22:38:03 -0400] "GET /?i=82936145487409&channel=93be18&from=blog.php%3Fid%3D1454874-5595%26name%3D%E3%82%A2%E3%82%B7%E3%83%B3%E3%83%A1%E3%83%88%E3%83%AA%E3%83%BC%E3%82%B5%E3%83%9E%E3%83%BC%E3%82%AB%E3%83%83%E3%83%88%E3%83%89%E3%83%AC%E3%82%B9 HTTP/1.1" 200 53751 "-" "Mozilla/5.0 (Linux; Android 6.0.1; Nexus 5X Build/MMB29P) AppleWebKit/537.36 (KHTML, like Gecko) Chrome/135.0.7049.95 Mobile Safari/537.36 (compatible; Googlebot/2.1; +http://www.google.com/bot.html)"
66.249.73.101 - - [25/Apr/2025:22:38:04 -0400] "GET /?i=9669431531008&channel=db8c6b&from=product.php%3Fid%3D315310-9613%26name%3D%E2%98%851860+%E3%83%89%E3%82%A4%E3%83%84%E3%80%80%E3%83%95%E3%83%A9%E3%83%B3%E3%82%AF%E3%83%95%E3%83%AB%E3%83%88%E3%80%80%E3%82%BF%E3%83%BC%E3%83%A9%E3%83%BC+%E9%8A%80%E8%B2%A8%E3%80%80%E3%83%95%E3%83%A9%E3%83%B3%E3%82%B3%E3%83%8B%E3%82%A2%E3%80%80NGC+VF30 HTTP/1.1" 200 53694 "-" "Mozilla/5.0 (Linux; Android 6.0.1; Nexus 5X Build/MMB29P) AppleWebKit/537.36 (KHTML, like Gecko) Chrome/135.0.7049.95 Mobile Safari/537.36 (compatible; Googlebot/2.1; +http://www.google.com/bot.html)"
66.249.73.102 - - [25/Apr/2025:22:38:26 -0400] "GET /?i=82360179305005&channel=adcf23&from=goods.php%3Fid%3D1793050-3664%26name%3DMeng+Meng+%E3%83%A9%E3%82%A4%E3%83%81%E7%A9%80%E7%89%A9%E7%89%9B%E9%9D%A9%E3%82%B9%E3%83%88%E3%83%A9%E3%83%83%E3%83%97%E3%83%A1%E3%83%B3%E3%82%BA%E3%81%A8%E5%A5%B3%E6%80%A7%E3%81%AE%E3%82%AB%E3%83%AB%E3%83%86%E3%82%A3%E3%82%A8%E3%82%BF%E3%83%B3%E3%82%AF%E3%82%BF%E3%83%B3%E3%82%AF%E3%81%A8%E4%BA%92%E6%8F%9B%E6%80%A7%E3%81%8C%E3%81%82%E3%82%8A%E3%81%BE%E3%81%99+%E3%82%BD%E3%83%AD%E3%83%AD%E3%83%B3%E3%83%89%E3%83%B3%E3%83%AC%E3%82%B6%E3%83%BC%E3%82%A6%E3%82%A9%E3%83%83%E3%83%81%E3%83%81%E3%82%A7%E3%83%BC HTTP/1.1" 200 53037 "-" "Mozilla/5.0 (Linux; Android 6.0.1; Nexus 5X Build/MMB29P) AppleWebKit/537.36 (KHTML, like Gecko) Chrome/135.0.7049.95 Mobile Safari/537.36 (compatible; Googlebot/2.1; +http://www.google.com/bot.html)"
66.249.73.101 - - [25/Apr/2025:22:38:32 -0400] "GET /228171185687.shtml HTTP/1.1" 200 0 "-" "Mozilla/5.0 (Linux; Android 6.0.1; Nexus 5X Build/MMB29P) AppleWebKit/537.36 (KHTML, like Gecko) Chrome/135.0.7049.95 Mobile Safari/537.36 (compatible; GoogleOther)"
66.249.74.13 - - [25/Apr/2025:22:38:54 -0400] "GET /69278487291.shtml HTTP/1.1" 200 0 "-" "Mozilla/5.0 (Linux; Android 6.0.1; Nexus 5X Build/MMB29P) AppleWebKit/537.36 (KHTML, like Gecko) Chrome/135.0.7049.95 Mobile Safari/537.36 (compatible; GoogleOther)"
52.167.144.215 - - [25/Apr/2025:22:39:03 -0400] "GET /?i=90889145746700&channel=3125f9&from=category-info.php%3Fid%3D1457467-662%26name%3D%E3%80%90P%E6%9C%80%E5%A4%A747%E5%80%8D%E2%98%85%E3%81%8A%E8%B2%B7%E3%81%84%E7%89%A9%E3%83%9E%E3%83%A9%E3%82%BD%E3%83%B3%E3%80%91%E4%BC%8A%E8%97%A4%E5%9C%92+%E3%83%A9%E3%83%99%E3%83%AB%E3%83%AC%E3%82%B9+%E3%81%8A%E3%83%BC%E3%81%84%E3%81%8A%E8%8C%B6%E7%B7%91%E8%8C%B6+PET+600ml%C3%9724%E6%9C%AC HTTP/1.1" 200 0 "-" "Mozilla/5.0 AppleWebKit/537.36 (KHTML, like Gecko; compatible; bingbot/2.0; +http://www.bing.com/bingbot.htm) Chrome/116.0.1938.76 Safari/537.36"
52.167.144.173 - - [25/Apr/2025:22:39:08 -0400] "GET /?i=71018147653307&channel=363157&from=form.php%3Fid%3D1476533-803%26name%3D%E9%80%8F%E6%98%8E%E3%81%AA%E3%82%A2%E3%82%AF%E3%83%AA%E3%83%AB%E8%8A%B1%E7%93%B6%E8%8A%B1%E7%B5%84%E7%B9%94%E3%82%B3%E3%83%B3%E3%83%86%E3%83%8A%E5%AE%B6%E5%BA%AD%E7%94%A8%E3%83%87%E3%82%A4%E3%82%A6%E3%82%A7%E3%83%87%E3%82%A3%E3%83%B3%E3%82%B0 HTTP/1.1" 200 0 "-" "Mozilla/5.0 AppleWebKit/537.36 (KHTML, like Gecko; compatible; bingbot/2.0; +http://www.bing.com/bingbot.htm) Chrome/116.0.1938.76 Safari/537.36"
52.167.144.174 - - [25/Apr/2025:22:39:13 -0400] "GET /?i=2351127257000&channel=75725b&from=brands.php%3Fid%3D272570-7051%26name%3D%E3%82%A8%E3%83%9F%E3%83%AA%E3%82%A2%E3%82%A6%E3%82%A3%E3%82%BA+%E3%82%B8%E3%83%A5%E3%82%A8%E3%83%AA%E3%83%BC%E3%83%95%E3%82%A1%E3%83%BC%E3%82%B3%E3%83%BC%E3%83%88 HTTP/1.1" 200 0 "-" "Mozilla/5.0 AppleWebKit/537.36 (KHTML, like Gecko; compatible; bingbot/2.0; +http://www.bing.com/bingbot.htm) Chrome/116.0.1938.76 Safari/537.36"
66.249.73.101 - - [25/Apr/2025:22:39:21 -0400] "GET /817791178962.shtml HTTP/1.1" 200 0 "-" "Mozilla/5.0 (Linux; Android 6.0.1; Nexus 5X Build/MMB29P) AppleWebKit/537.36 (KHTML, like Gecko) Chrome/135.0.7049.95 Mobile Safari/537.36 (compatible; GoogleOther)"
66.249.73.102 - - [25/Apr/2025:22:39:43 -0400] "GET /?i=71530149073106&channel=251fab&from=blog.php%3Fid%3D1490731-24649%26name%3D%E3%83%9E%E3%82%B8%E3%82%AB%E3%83%AB%E3%82%B9%E3%82%AF%E3%83%A9%E3%83%83%E3%83%81%E3%83%A3%E3%83%BC%E3%83%99%E3%83%83%E3%83%89+ca19 HTTP/1.1" 200 0 "-" "Mozilla/5.0 (Linux; Android 6.0.1; Nexus 5X Build/MMB29P) AppleWebKit/537.36 (KHTML, like Gecko) Chrome/135.0.7049.95 Mobile Safari/537.36 (compatible; GoogleOther)"
66.249.73.101 - - [25/Apr/2025:22:40:07 -0400] "GET /?i=5890592257200&channel=8b1f32&from=blog.php%3Fid%3D922572-8520%26name%3DARMANI+%E8%AA%95%E7%94%9F%E6%97%A5%E3%83%97%E3%83%AC%E3%82%BC%E3%83%B3%E3%83%88%E3%81%AB%E3%82%82%E2%98%86%E3%83%A1%E3%83%B3%E3%82%BA HTTP/1.1" 200 0 "-" "Mozilla/5.0 (Linux; Android 6.0.1; Nexus 5X Build/MMB29P) AppleWebKit/537.36 (KHTML, like Gecko) Chrome/135.0.7049.95 Mobile Safari/537.36 (compatible; GoogleOther)"
66.249.74.13 - - [25/Apr/2025:22:40:29 -0400] "GET /6911970186.shtml HTTP/1.1" 200 0 "-" "Mozilla/5.0 (Linux; Android 6.0.1; Nexus 5X Build/MMB29P) AppleWebKit/537.36 (KHTML, like Gecko) Chrome/135.0.7049.95 Mobile Safari/537.36 (compatible; GoogleOther)"
52.167.144.215 - - [25/Apr/2025:22:40:33 -0400] "GET /?i=11880153001802&channel=766df3&from=category-info.php%3Fid%3D1530018-9556%26name%3D%E3%82%AB%E3%83%81%E3%83%A5%E3%83%BC%E3%82%B7%E3%83%A3%26T%E3%83%90%E3%83%83%E3%82%AF%E4%BB%98%E3%81%8D%E3%82%BB%E3%82%AF%E3%82%B7%E3%83%BC%E3%83%97%E3%83%AA%E3%83%B3%E3%82%BB%E3%82%B9%E7%99%BD%E8%A1%A3%E5%A4%A9%E4%BD%BF%E3%83%8A%E3%83%BC%E3%82%B9%E6%9C%8D%E3%82%B3%E3%82%B9%E3%83%97%E3%83%AC%E8%A1%A3%E8%A3%85%E3%83%95%E3%83%AB%E3%82%BB%E3%83%83%E3%83%88%E3%80%80%E3%83%AD%E3%83%AA%E3%83%BC%E3%82%BF%E7%9C%8B%E8%AD%B7%E5%A9%A6%E5%88%B6%E6%9C%8D%E3%83%AF%E3%83%B3%E3%83%94%E3%83%BC%E3%82%B9%E3%80%80%E3%83%8F%E3%83%AD%E3%82%A6%E3%82%A3%E3%83%B3%E3%82%B3%E3%82%B9%E3%83%97%E3%83%AC%E5%A4%A7%E4%BA%BA%E3%83%AC%E3%83%87%E3%82%A3%E3%83%BC%E3%82%B9%E3%80%80%E5%86%99%E7%9C%9F%E6%92%AE%E5%BD%B1%E3%80%80%E5%9C%A8%E5%AE%85%E3%82%B3%E3%82%B9%E3%83%97%E3%83%AC%E3%80%80%E8%88%9E%E5%8F%B0%E6%BC%94%E5%87%BA%E6%9C%8D%E3%80%80%E3%82%A4%E3%83%99%E3%83%B3%E3%83%88%E4%BB%AE%E8%A3%85%E3%82%B9%E3%83%86%E3%83%BC%E3%82%B8%E3%82%AF%E3%83%A9%E3%83%96%E3%83%A9%E3%82%A4%E3%83%96%E6%8E%A8%E3%81%97%E6%B4%BB%E3%80%80%E3%82%AF%E3%83%AA%E3%82%B9%E3%83%9E%E3%82%B9%E4%BC%9A%E3%83%91%E3%83%BC%E3%83%86%E3%82%A3%E3%83%BC%E3%83%9B%E3%83%AF%E3%82%A4%E3%83%88%E3%82%B5%E3%83%B3%E3%82%BF HTTP/1.1" 200 0 "-" "Mozilla/5.0 AppleWebKit/537.36 (KHTML, like Gecko; compatible; bingbot/2.0; +http://www.bing.com/bingbot.htm) Chrome/116.0.1938.76 Safari/537.36"
66.249.73.102 - - [25/Apr/2025:22:40:41 -0400] "GET /?i=9179212360600&channel=e1bc01&from=article.php%3Fid%3D123606-2497%26name%3D%5B%E3%83%9D%E3%82%A4%E3%83%B3%E3%83%885%E5%80%8D%EF%BC%813%2F11%28%E7%81%AB%291%E6%99%8259%E5%88%86%E3%81%BE%E3%81%A7%E5%85%A8%E5%93%81%E5%AF%BE%E8%B1%A1%E3%82%A8%E3%83%B3%E3%83%88%E3%83%AA%E3%83%BC%26%E8%B3%BC%E5%85%A5%5D%E3%81%AF%E3%81%94%E3%82%8D%E3%82%82%E3%83%95%E3%83%BC%E3%82%BA+%E6%9C%9D%E3%81%8B%E3%82%89%E3%83%95%E3%83%AB%E3%83%BC%E3%83%84+%E3%81%BF%E3%81%8B%E3%82%93+190g%E7%BC%B6%C3%9724%E5%80%8B%E5%85%A5%C3%97%282%E3%82%B1%E3%83%BC%E3%82%B9%29%EF%BD%9C+%E9%80%81%E6%96%99%E7%84%A1%E6%96%99+%E7%BC%B6%E8%A9%B0+%E3%83%95%E3%83%AB%E3%83%BC%E3%83%84+%E6%9E%9C%E7%89%A9+%E3%83%9F%E3%82%AB%E3%83%B3 HTTP/1.1" 200 54676 "-" "Mozilla/5.0 (Linux; Android 6.0.1; Nexus 5X Build/MMB29P) AppleWebKit/537.36 (KHTML, like Gecko) Chrome/135.0.7049.95 Mobile Safari/537.36 (compatible; Googlebot/2.1; +http://www.google.com/bot.html)"
66.249.73.101 - - [25/Apr/2025:22:36:45 -0400] "GET /?i=1142842701506&channel=b1b5a0&from=news.php%3Fid%3D427015-15027%26name%3D%E3%83%AB%E3%82%AF%E3%83%AB%E3%83%BC%E3%82%BC+LE+CREUSET+26cm+%E4%B8%A1%E6%89%8B%E9%8D%8B+%E3%82%B7%E3%82%B0%E3%83%8B%E3%83%81%E3%83%A3%E3%83%BC+%E3%83%93%E3%83%A5%E3%83%83%E3%83%95%E3%82%A7+%E3%82%AD%E3%83%A3%E3%82%BB%E3%83%AD%E3%83%BC%E3%83%AB+%E3%82%AA%E3%83%AC%E3%83%B3%E3%82%B8+%E7%BE%8E%E5%93%81+2410LS064 HTTP/1.1" 200 0 "-" "Mozilla/5.0 (Linux; Android 6.0.1; Nexus 5X Build/MMB29P) AppleWebKit/537.36 (KHTML, like Gecko) Chrome/135.0.7049.95 Mobile Safari/537.36 (compatible; GoogleOther)"
52.167.144.215 - - [25/Apr/2025:22:36:52 -0400] "GET /sitemaps.xml HTTP/1.1" 200 100192 "-" "Mozilla/5.0 AppleWebKit/537.36 (KHTML, like Gecko; compatible; bingbot/2.0; +http://www.bing.com/bingbot.htm) Chrome/116.0.1938.76 Safari/537.36"
52.167.144.215 - - [25/Apr/2025:22:36:54 -0400] "GET /?i=9302067843203&channel=2a9783&from=goods.php%3Fid%3D678432-6955%26name%3D%E3%83%AD%E3%83%BC%E3%83%AA%E3%83%B3%E3%82%B0%E3%83%90%E3%83%BC%E3%83%B3%E3%83%89%E3%82%A2%E3%83%AC%E3%83%BC%E3%83%AB%E3%82%AD%E3%83%83%E3%83%88+%7C+%E5%9B%B3%E6%9B%B8%E9%A4%A8%E7%94%A8%E3%82%B9%E3%83%A9%E3%82%A4%E3%83%89%E3%83%A9%E3%83%80%E3%83%BC%E3%83%8F%E3%83%BC%E3%83%89%E3%82%A6%E3%82%A7%E3%82%A2%E3%82%AD%E3%83%83%E3%83%88%E3%80%81%E3%83%A2%E3%83%90%E3%82%A4%E3%83%AB%E3%83%A9%E3%83%80%E3%83%BC%E3%83%88%E3%83%A9%E3%83%83%E3%82%AF%2F%E3%83%AC%E3%83%BC%E3%83%AB%EF%BC%88%E3%83%A9%E3%83%80%E3%83%BC%E3%81%AA%E3%81%97%EF%BC%89%E3%80%81%E6%9C%AC%E6%A3%9A%E3%83%9B HTTP/1.1" 200 0 "-" "Mozilla/5.0 AppleWebKit/537.36 (KHTML, like Gecko; compatible; bingbot/2.0; +http://www.bing.com/bingbot.htm) Chrome/116.0.1938.76 Safari/537.36"
66.249.73.101 - - [25/Apr/2025:22:37:22 -0400] "GET /?i=41480156260305&channel=6a0c9c&from=jp.php%3Fid%3D1562603-25983%26name%3D%E3%81%B2%E3%82%85%E3%81%86%E3%81%8C%E5%9C%9F+%E5%B0%8F%E7%B2%92+1L+%E6%97%A5%E5%90%91%E5%9C%9F+%E8%A6%B3%E8%91%89%E6%A4%8D%E7%89%A9+%E3%82%B3%E3%83%BC%E3%83%87%E3%83%83%E3%82%AF%E3%82%B9+%E5%A4%9A%E8%82%89%E6%A4%8D%E7%89%A9+%E3%82%B5%E3%83%9C%E3%83%86%E3%83%B3 HTTP/1.1" 200 54394 "-" "Mozilla/5.0 (Linux; Android 6.0.1; Nexus 5X Build/MMB29P) AppleWebKit/537.36 (KHTML, like Gecko) Chrome/135.0.7049.95 Mobile Safari/537.36 (compatible; Googlebot/2.1; +http://www.google.com/bot.html)"
66.249.73.101 - - [25/Apr/2025:22:37:25 -0400] "GET /?i=1260035420700&channel=b589b3&from=shared.php%3Fid%3D354207-10835%26name%3D%E3%80%90%E6%9C%AA%E4%BD%BF%E7%94%A8%2F%E6%9C%AA%E9%96%8B%E5%B0%81%E3%80%91+%E3%83%9B%E3%83%83%E3%83%88%E3%83%88%E3%82%A4%E3%82%BA+%E3%83%A0%E3%83%BC%E3%83%93%E3%83%BC+%E3%83%9E%E3%82%B9%E3%82%BF%E3%83%BC%E3%83%94%E3%83%BC%E3%82%B9+%E3%83%97%E3%83%AC%E3%83%87%E3%82%BF%E3%83%BC%E3%82%BA+1%2F6+%E3%82%AF%E3%83%A9%E3%82%B7%E3%83%83%E3%82%AF+%E3%83%97%E3%83%AC%E3%83%87%E3%82%BF%E3%83%BC+%EF%BC%BB%E3%83%9C%E3%83%BC%E3%83%8A%E3%82%B9%E3%82%A2%E3%82%AF%E3%82%BB%E3%82%B5%E3%83%AA%E3%83%BC%E4%BB%98%E3%81%8D%EF%BC%BD HTTP/1.1" 200 53071 "-" "Mozilla/5.0 (Linux; Android 6.0.1; Nexus 5X Build/MMB29P) AppleWebKit/537.36 (KHTML, like Gecko) Chrome/135.0.7049.95 Mobile Safari/537.36 (compatible; Googlebot/2.1; +http://www.google.com/bot.html)"
66.249.73.102 - - [25/Apr/2025:22:37:28 -0400] "GET /?i=8087267429404&channel=8c58aa&from=blog.php%3Fid%3D674294-3372%26name%3D%E7%BE%8A%E6%AF%9B%E3%82%AB%E3%82%B7%E3%83%9F%E3%83%A4%E3%83%BB%E5%A4%A7%E3%81%8D%E3%81%84%E3%82%B5%E3%82%A4%E3%82%BA%E2%99%A1iCB+%E3%82%AA%E3%83%B3%E3%83%AF%E3%83%BC%E3%83%89%E6%A8%AB%E5%B1%B1+%E5%A5%B3%E5%84%AA%E8%A5%9F+%E3%83%AD%E3%83%B3%E3%82%B0%E3%82%B3%E3%83%BC%E3%83%88+%E9%BB%92 HTTP/1.1" 200 0 "-" "Mozilla/5.0 (Linux; Android 6.0.1; Nexus 5X Build/MMB29P) AppleWebKit/537.36 (KHTML, like Gecko) Chrome/135.0.7049.95 Mobile Safari/537.36 (compatible; GoogleOther)"
66.249.73.101 - - [25/Apr/2025:22:36:01 -0400] "GET /?i=4868058035604&channel=aabce4&from=blog.php%3Fid%3D580356-6783%26name%3D%E7%BE%8E%E5%93%81%E3%80%80%E3%82%B5%E3%83%AB%E3%83%B4%E3%82%A1%E3%83%88%E3%83%BC%E3%83%AC%E3%83%95%E3%82%A7%E3%83%A9%E3%82%AC%E3%83%A2%E3%80%80%E5%A4%A7%E5%88%A4%E3%80%80%E3%82%AB%E3%82%B7%E3%83%9F%E3%83%A4%E3%80%80%E3%82%B7%E3%83%A7%E3%83%BC%E3%83%AB HTTP/1.1" 200 54070 "-" "Mozilla/5.0 (Linux; Android 6.0.1; Nexus 5X Build/MMB29P) AppleWebKit/537.36 (KHTML, like Gecko) Chrome/135.0.7049.95 Mobile Safari/537.36 (compatible; Googlebot/2.1; +http://www.google.com/bot.html)"
66.249.73.101 - - [25/Apr/2025:22:36:02 -0400] "GET /?i=77588125685400&channel=960248&from=blog.php%3Fid%3D1256854-183%26name%3D%E3%82%AB%E3%83%BC%E3%83%88%E3%83%AA%E3%83%83%E3%82%B8%E3%80%80%E3%82%AF%E3%83%AA%E3%83%8A%E3%83%83%E3%83%97%E3%80%80ZSPBZ300R14AC%E3%80%80%E3%83%93%E3%83%AB%E3%83%88%E3%82%A4%E3%83%B3%E6%B5%84%E6%B0%B4%E5%99%A8%E3%82%AB%E3%83%BC%E3%83%88%E3%83%AA%E3%83%83%E3%82%B8 HTTP/1.1" 200 0 "-" "Mozilla/5.0 (Linux; Android 6.0.1; Nexus 5X Build/MMB29P) AppleWebKit/537.36 (KHTML, like Gecko) Chrome/135.0.7049.95 Mobile Safari/537.36 (compatible; GoogleOther)"
52.167.144.215 - - [25/Apr/2025:22:36:02 -0400] "GET /?i=213168197905&channel=d32da1&from=shop.php%3Fid%3D81979-7081%26name%3DLAIYON+S3+%E3%82%B9%E3%82%BF%E3%82%A4%E3%83%AB%E3%83%8F%E3%83%8B%E3%82%AB%E3%83%A0%E3%83%AA%E3%82%A2%E3%83%90%E3%83%B3%E3%83%91%E3%83%BC%E3%83%87%E3%82%A3%E3%83%95%E3%83%A5%E3%83%BC%E3%82%B6%E3%83%BC%E3%83%AA%E3%83%83%E3%83%97%E3%81%A8%E4%BA%92%E6%8F%9B%E6%80%A7%E3%81%AE%E3%81%82%E3%82%8B+ABT+%E6%8E%92%E6%B0%97%E3%83%81%E3%83%83%E3%83%97%E3%81%A8%E4%BA%92%E6%8F%9B%E6%80%A7%E3%82%A2%E3%82%A6%E3%83%87%E3%82%A3+A3%2FS3 HTTP/1.1" 200 0 "-" "Mozilla/5.0 AppleWebKit/537.36 (KHTML, like Gecko; compatible; bingbot/2.0; +http://www.bing.com/bingbot.htm) Chrome/116.0.1938.76 Safari/537.36"
66.249.73.102 - - [25/Apr/2025:22:36:12 -0400] "GET /?i=2351874793006&channel=412917&from=pin.php%3Fid%3D747930-18793%26name%3D%E3%82%B0%E3%83%83%E3%83%89%E3%82%A4%E3%83%A4%E3%83%BC%E3%80%8C%E3%83%95%E3%82%A3%E3%83%83%E3%82%B7%E3%83%A5%E3%83%9C%E3%83%BC%E3%83%B3%E3%80%8D%E3%83%A9%E3%83%90%E3%83%BC%E3%83%95%E3%83%AD%E3%83%BC%E3%83%AA%E3%83%B3%E3%82%B0+-+3.5mm+x+36%E3%82%A4%E3%83%B3%E3%83%81+x+5%E3%83%95%E3%82%A3%E3%83%BC%E3%83%88 HTTP/1.1" 200 53403 "-" "Mozilla/5.0 (Linux; Android 6.0.1; Nexus 5X Build/MMB29P) AppleWebKit/537.36 (KHTML, like Gecko) Chrome/135.0.7049.95 Mobile Safari/537.36 (compatible; Googlebot/2.1; +http://www.google.com/bot.html)"
66.249.73.101 - - [25/Apr/2025:22:36:22 -0400] "GET /?i=21611150897203&channel=f7bb4a&from=form.php%3Fid%3D1508972-11156%26name%3D%5BYjcnelcr%5D+%E5%BF%AB%E9%81%A9%E3%81%AA%E5%A4%A7%E4%BA%BA%E7%94%A8%E3%82%A6%E3%82%A8%E3%82%B9%E3%83%88%E3%83%99%E3%83%AB%E3%83%88%E3%80%81%E3%82%BF%E3%82%A4%E4%BB%98%E3%81%8D%E3%80%81%E8%80%90%E6%91%A9%E8%80%97%E6%80%A7%E3%82%A6%E3%82%A8%E3%82%B9%E3%83%88%E3%83%90%E3%83%B3%E3%83%89%E3%80%81PU%E3%82%A6%E3%82%A8%E3%82%B9%E3%83%88%E3%83%99%E3%83%AB%E3%83%88%E3%80%81%E5%A5%B3%E6%80%A7%E3%80%81%E5%A5%B3%E3%81%AE%E5%AD%90%E3%80%81%E3%83%89%E3%83%AC%E3%82%B9%E3%80%81%E3%82%B3%E3%83%BC%E3%83%88 HTTP/1.1" 200 53563 "-" "Mozilla/5.0 (Linux; Android 6.0.1; Nexus 5X Build/MMB29P) AppleWebKit/537.36 (KHTML, like Gecko) Chrome/135.0.7049.95 Mobile Safari/537.36 (compatible; Googlebot/2.1; +http://www.google.com/bot.html)"
66.249.73.101 - - [25/Apr/2025:22:40:54 -0400] "GET /?i=5279896330101&channel=61d120&from=article.php%3Fid%3D963301-15324%26name%3D%E2%AD%95%EF%B8%8F%E3%82%B3%E3%82%A2%E3%83%A9+%E3%82%BD%E3%83%95%E3%82%A1%E3%83%BC+%E3%83%99%E3%83%83%E3%83%89+%28%E3%83%AF%E3%82%A4%E3%83%89%E3%83%80%E3%83%96%E3%83%AB%29%E6%96%B0%E7%94%9F%E6%B4%BB%E3%80%80%E3%83%AC%E3%82%A2 HTTP/1.1" 200 0 "-" "Mozilla/5.0 (Linux; Android 6.0.1; Nexus 5X Build/MMB29P) AppleWebKit/537.36 (KHTML, like Gecko) Chrome/135.0.7049.95 Mobile Safari/537.36 (compatible; GoogleOther)"
117.62.235.53 - - [25/Apr/2025:22:41:02 -0400] "GET / HTTP/1.1" 200 0 "http://mianoorproperties.com" "Mozilla/5.0 (iPhone; CPU iPhone OS 13_2_3 like Mac OS X) AppleWebKit/605.1.15 (KHTML, like Gecko) Version/13.0.3 Mobile/15E148 Safari/604.1"
66.249.74.11 - - [25/Apr/2025:22:41:18 -0400] "GET /1230493890.shtml HTTP/1.1" 200 0 "-" "Mozilla/5.0 (Linux; Android 6.0.1; Nexus 5X Build/MMB29P) AppleWebKit/537.36 (KHTML, like Gecko) Chrome/135.0.7049.95 Mobile Safari/537.36 (compatible; GoogleOther)"
66.249.73.103 - - [25/Apr/2025:22:41:26 -0400] "GET /?i=1197996621503&channel=d53d08&from=shop.php%3Fid%3D966215-6446%26name%3D%E3%80%90%E5%BA%83%E5%B3%B6%E5%B8%82%E4%BB%98%E8%BF%91%E3%80%91%E9%A3%9F%E5%99%A8%E6%A3%9A%E3%80%802%E5%B9%B4%E4%BD%BF%E7%94%A8%E3%80%80%E7%BE%8E%E5%93%81 HTTP/1.1" 200 53908 "-" "Mozilla/5.0 (Linux; Android 6.0.1; Nexus 5X Build/MMB29P) AppleWebKit/537.36 (KHTML, like Gecko) Chrome/135.0.7049.95 Mobile Safari/537.36 (compatible; Googlebot/2.1; +http://www.google.com/bot.html)"
52.167.144.215 - - [25/Apr/2025:22:41:43 -0400] "GET /?i=7732556000400&channel=953d3d&from=product.php%3Fid%3D560004-14055%26name%3DHELEN+KAMINSKI+%E3%83%98%E3%83%AC%E3%83%B3%E3%82%AB%E3%83%9F%E3%83%B3%E3%82%B9%E3%82%AD%E3%83%BC+BLAISE HTTP/1.1" 200 0 "-" "Mozilla/5.0 AppleWebKit/537.36 (KHTML, like Gecko; compatible; bingbot/2.0; +http://www.bing.com/bingbot.htm) Chrome/116.0.1938.76 Safari/537.36"
66.249.73.101 - - [25/Apr/2025:22:41:44 -0400] "GET /?i=8758067422504&channel=8c58aa&from=news.php%3Fid%3D674225-3372%26name%3D%E3%80%90%E5%B0%82%E7%94%A8%E3%83%9A%E3%83%BC%E3%82%B8%E3%80%91%E3%83%89%E3%82%A5%E3%83%BC%E3%82%BA%E3%82%A3%E3%82%A8%E3%83%A0%E3%82%AF%E3%83%A9%E3%82%B9%E3%80%80%E3%83%8A%E3%82%A4%E3%83%AD%E3%83%B3%E3%82%B3%E3%83%BC%E3%83%88%E3%80%80%E3%82%AA%E3%83%BC%E3%83%90%E3%83%BC%E3%82%B3%E3%83%BC%E3%83%88+%E6%95%91%E3%82%8F HTTP/1.1" 200 0 "-" "Mozilla/5.0 (Linux; Android 6.0.1; Nexus 5X Build/MMB29P) AppleWebKit/537.36 (KHTML, like Gecko) Chrome/135.0.7049.95 Mobile Safari/537.36 (compatible; GoogleOther)"
52.167.144.215 - - [25/Apr/2025:22:41:44 -0400] "GET /?i=90626127378305&channel=71f745&from=shared.php%3Fid%3D1273783-480%26name%3D%E3%82%B4%E3%83%9F%E7%AE%B1+%E4%B8%8A+%E3%82%AD%E3%83%83%E3%83%81%E3%83%B3%E3%82%AB%E3%82%A6%E3%83%B3%E3%82%BF%E3%83%BC+%E5%8F%8E%E7%B4%8D+%E3%83%A9%E3%83%83%E3%82%AF+%E5%B9%85120cm+45L%E3%82%B4%E3%83%9F%E7%AE%B1%E3%82%922%E3%81%A4%E4%B8%A6%E3%81%B9%E3%81%A6%E7%BD%AE%E3%81%91%E3%82%8B%E3%82%AD%E3%83%83%E3%83%81%E3%83%B3%E3%82%AB%E3%82%A6%E3%83%B3%E3%82%BF%E3%83%BC+%E5%8F%8E%E7%B4%8D%E6%A3%9A%E4%BB%98%E3%81%8D+%E4%BD%9C%E6%A5%AD%E5%8F%B0+%E3%83%B4%E3%82%A3%E3%83%B3%E3%83%86%E3%83%BC%E3%82%B8+%E3%83%96%E3%83%A9%E3%83%83%E3%82%AF%E3%82%A2%E3%82%A4%E3%82%A2%E3%83%B3%E3%83%95%E3%83%AC%E3%83%BC%E3%83%A0+%E5%A5%A5%E8%A1%8C40cm+%E9%AB%98%E3%81%9585cm+%E3%82%B4%E3%83%9F%E7%AE%B1%E4%B8%8A%E3%83%A9%E3%83%83%E3%82%AF+%E3%82%AD%E3%83%83%E3%83%81%E3%83%B3%E3%83%A9%E3%83%83%E3%82%AF+%E9%9B%BB%E5%AD%90%E3%83%AC%E3%83%B3%E3%82%B8+%E7%82%8A%E9%A3%AF%E5%99%A8+%E3%82%AA%E3%83%BC%E3%83%96%E3%83%B3%E3%83%88%E3%83%BC%E3%82%B9%E3%82%BF%E3%83%BC+%E3%81%8A%E3%81%97%E3%82%83%E3%82%8C+%E3%81%8B%E3%82%8F%E3%81%84%E3%81%84 HTTP/1.1" 200 0 "-" "Mozilla/5.0 AppleWebKit/537.36 (KHTML, like Gecko; compatible; bingbot/2.0; +http://www.bing.com/bingbot.htm) Chrome/116.0.1938.76 Safari/537.36"
52.167.144.174 - - [25/Apr/2025:22:41:49 -0400] "GET /?i=8740584048800&channel=d89ed9&from=brands.php%3Fid%3D840488-19673%26name%3D%E3%80%90%E6%96%B0%E5%93%81%E3%83%BB7%E5%96%B6%E6%A5%AD%E6%97%A5%E4%BB%A5%E5%86%85%E7%99%BA%E9%80%81%E3%80%91%E3%82%AF%E3%83%83%E3%82%B3+KUKKO+2-152-S+30%EF%BC%8D2%EF%BC%8B%E3%83%BB30%EF%BC%8D20%EF%BC%8B%E7%94%A8%E3%82%A2%E3%83%BC%E3%83%A0+150MM+3%E6%9C%AC%E7%B5%84+2152S+%E3%83%8F%E3%83%B3%E3%83%89%E3%83%84%E3%83%BC%E3%83%AB%E3%80%90%E6%B2%96%E7%B8%84%E9%9B%A2%E5%B3%B6%E8%B2%A9%E5%A3%B2%E4%B8%8D%E5%8F%AF%E3%80%91 HTTP/1.1" 200 0 "-" "Mozilla/5.0 AppleWebKit/537.36 (KHTML, like Gecko; compatible; bingbot/2.0; +http://www.bing.com/bingbot.htm) Chrome/116.0.1938.76 Safari/537.36"
66.249.73.101 - - [25/Apr/2025:22:41:59 -0400] "GET /60008303619.shtml HTTP/1.1" 200 0 "-" "Mozilla/5.0 (Linux; Android 6.0.1; Nexus 5X Build/MMB29P) AppleWebKit/537.36 (KHTML, like Gecko) Chrome/135.0.7049.95 Mobile Safari/537.36 (compatible; GoogleOther)"
66.249.73.101 - - [25/Apr/2025:22:42:00 -0400] "GET /?i=73302163611101&channel=9c0359&from=news.php%3Fid%3D1636111-15297%26name%3D%E9%9B%BB%E5%8B%95%E3%82%B9%E3%82%AF%E3%83%BC%E3%82%BF%E3%83%BC+%E3%83%96%E3%83%AC%E3%83%BC%E3%82%AD+%E3%83%95%E3%83%AD%E3%83%B3%E3%83%88+%E6%B4%BB%E3%81%8B%E3%81%95 HTTP/1.1" 200 53721 "-" "Mozilla/5.0 (Linux; Android 6.0.1; Nexus 5X Build/MMB29P) AppleWebKit/537.36 (KHTML, like Gecko) Chrome/135.0.7049.95 Mobile Safari/537.36 (compatible; Googlebot/2.1; +http://www.google.com/bot.html)"
66.249.73.101 - - [25/Apr/2025:22:42:02 -0400] "GET /?i=22326143700804&channel=682c67&from=info.php%3Fid%3D1437008-23704%26name%3D%E3%82%AD%E3%83%A3%E3%83%83%E3%83%88%E3%83%95%E3%83%BC%E3%83%89%E3%83%87%E3%82%A3%E3%82%B9%E3%83%9A%E3%83%B3%E3%82%B5%E3%83%BC%E3%81%8A%E3%82%82%E3%81%A1%E3%82%83%E3%80%81%E3%83%9A%E3%83%83%E3%83%88%E3%81%AE%E3%82%86%E3%81%A3%E3%81%8F%E3%82%8A%E3%81%A8%E6%91%82%E9%A3%9F%E3%81%99%E3%82%8B%E3%81%8A%E3%82%82%E3%81%A1%E3%82%83+-+%E5%8F%96%E3%82%8A%E5%A4%96%E3%81%97%E5%8F%AF%E8%83%BD%E3%81%AA%E5%AD%90%E7%8C%AB%E3%81%8B%E3%82%89%E3%81%8B%E3%82%89%E3%81%8B%E3%81%86%E3%81%8A%E3%82%82%E3%81%A1%E3%82%83%2C%E9%9D%A2%E7%99%BD%E3%81%84%E3%83%9A%E3%83%83%E3%83%88%E3%83%88 HTTP/1.1" 200 53456 "-" "Mozilla/5.0 (Linux; Android 6.0.1; Nexus 5X Build/MMB29P) AppleWebKit/537.36 (KHTML, like Gecko) Chrome/135.0.7049.95 Mobile Safari/537.36 (compatible; Googlebot/2.1; +http://www.google.com/bot.html)"
52.167.144.173 - - [25/Apr/2025:22:42:04 -0400] "GET /?i=8871297172000&channel=2cbfe6&from=shared.php%3Fid%3D971720-1220%26name%3D%E3%83%80%E3%82%A4%E3%83%8F%E3%83%84%E3%80%80%E3%82%BF%E3%83%B3%E3%83%88%E3%82%AB%E3%82%B9%E3%82%BF%E3%83%A0%E3%80%80%E3%83%9B%E3%82%A4%E3%83%BC%E3%83%AB%E3%80%8015%E3%82%A4%E3%83%B3%E3%83%81 HTTP/1.1" 200 0 "-" "Mozilla/5.0 AppleWebKit/537.36 (KHTML, like Gecko; compatible; bingbot/2.0; +http://www.bing.com/bingbot.htm) Chrome/116.0.1938.76 Safari/537.36"
66.249.74.12 - - [25/Apr/2025:22:42:06 -0400] "GET /01112626054.shtml HTTP/1.1" 200 51603 "-" "Mozilla/5.0 (Linux; Android 6.0.1; Nexus 5X Build/MMB29P) AppleWebKit/537.36 (KHTML, like Gecko) Chrome/135.0.7049.95 Mobile Safari/537.36 (compatible; Googlebot/2.1; +http://www.google.com/bot.html)"
66.249.73.101 - - [25/Apr/2025:22:42:08 -0400] "GET /?i=31887149470301&channel=ddafe0&from=product.php%3Fid%3D1494703-11409%26name%3D%E3%80%90%E6%96%B0%E5%93%81%E3%83%BB7%E5%96%B6%E6%A5%AD%E6%97%A5%E4%BB%A5%E5%86%85%E7%99%BA%E9%80%81%E3%80%91%E3%80%90%E5%8D%B3%E7%B4%8D%E5%9C%A8%E5%BA%AB%E5%93%81%E3%80%91TJM%E3%83%87%E3%82%B6%E3%82%A4%E3%83%B3+%E3%82%BF%E3%82%B8%E3%83%9E%E3%83%84%E3%83%BC%E3%83%AB+SYR-10P+%E3%82%B7%E3%83%A0%E3%83%AD%E3%83%B3%E3%83%AD%E3%83%83%E3%83%89+%E9%95%B7%E3%81%95%EF%BC%91%EF%BC%90%EF%BD%8D+%EF%BC%92%EF%BC%90%EF%BD%83%EF%BD%8D%E3%82%A2%E3%82%AB%E3%82%B7%E3%83%AD%E4%BB%95%E6%A7%98+%E7%B4%99%E7%AE%B1+SYR10P%E3%80%90%E6%B2%96%E7%B8%84%E9%9B%A2%E5%B3%B6%E8%B2%A9%E5%A3%B2%E4%B8%8D%E5%8F%AF%E3%80%91 HTTP/1.1" 200 53971 "-" "Mozilla/5.0 (Linux; Android 6.0.1; Nexus 5X Build/MMB29P) AppleWebKit/537.36 (KHTML, like Gecko) Chrome/135.0.7049.95 Mobile Safari/537.36 (compatible; Googlebot/2.1; +http://www.google.com/bot.html)"
66.249.73.101 - - [25/Apr/2025:22:42:24 -0400] "GET /?i=62319169585000&channel=d6d4bc&from=form.php%3Fid%3D1695850-15603%26name%3D%E3%83%9E%E3%82%B0%E3%82%AB%E3%83%83%E3%83%97+330ml+%E3%83%80%E3%83%BC%E3%83%AA%E3%83%B3%E3%83%BB%E3%82%A4%E3%83%B3%E3%83%BB%E3%82%B6%E3%83%BB%E3%83%95%E3%83%A9%E3%83%B3%E3%82%AD%E3%82%B9+%E5%88%87%E3%82%8A%E8%90%BD%E3%81%A8%E3%81%97+%E3%82%B3%E3%83%BC%E3%83%92%E3%83%BC%E3%82%AB%E3%83%83%E3%83%97+%E5%BD%BC%E5%A5%B3+%E5%A6%BB+%E5%A7%89+%E5%8F%8B%E4%BA%BA+%E3%82%AE%E3%83%95%E3%83%88+%E8%B4%88%E3%82%8A%E7%89%A9+%E9%A3%9F%E6%B4%97%E6%A9%9F+%E9%9B%BB%E5%AD%90%E3%83%AC%E3%83%B3%E3%82%B8%E5%AF%BE%E5%BF%9C HTTP/1.1" 200 0 "-" "Mozilla/5.0 (Linux; Android 6.0.1; Nexus 5X Build/MMB29P) AppleWebKit/537.36 (KHTML, like Gecko) Chrome/135.0.7049.95 Mobile Safari/537.36 (compatible; GoogleOther)"
66.249.73.101 - - [25/Apr/2025:22:43:02 -0400] "GET /?i=2220658074807&channel=77fc9b&from=shop.php%3Fid%3D580748-6571%26name%3D%E9%87%A3%E3%82%8A%E3%82%AD%E3%83%81%E4%B8%89%E5%B9%B3%E3%83%BB%E7%9F%A2%E5%8F%A3%E9%AB%98%E9%9B%84%E3%80%80%E6%BC%AB%E7%94%BB%E5%AE%B6%E3%80%80%E7%94%9F%E8%AA%9540%E5%91%A8%E5%B9%B4%E8%A8%98%E5%BF%B5%E4%BD%9C%E5%93%81%E3%83%BB%E6%96%B0%E4%B8%96%E7%B4%80%E7%89%88%E7%94%BB HTTP/1.1" 200 0 "-" "Mozilla/5.0 (Linux; Android 6.0.1; Nexus 5X Build/MMB29P) AppleWebKit/537.36 (KHTML, like Gecko) Chrome/135.0.7049.95 Mobile Safari/537.36 (compatible; GoogleOther)"
66.249.73.103 - - [25/Apr/2025:22:43:05 -0400] "GET /?i=1052874202900&channel=486c5d&from=article.php%3Fid%3D742029-2971%26name%3D%E3%80%90%E3%82%B9%E3%83%BC%E3%83%91%E3%83%BCSALE+%E5%8D%8A%E9%A1%8D50%25OFF%E3%80%91%E9%9F%B3%E6%A5%BD%E3%83%9C%E3%82%AF%E3%82%B7%E3%83%B3%E3%82%B0%E3%83%9E%E3%82%B7%E3%83%B3+%E3%82%B9%E3%83%9E%E3%83%BC%E3%83%88+%E3%83%87%E3%82%A3%E3%82%B9%E3%83%97%E3%83%AC%E3%82%A4%E4%BB%98%E3%81%8D+%E5%AD%90%E4%BE%9B+%E5%A4%A7%E4%BA%BA+%E9%9F%B3%E6%A5%BD%E3%83%9C%E3%82%AF%E3%82%B7%E3%83%B3%E3%82%B0%E3%83%9E%E3%82%B7%E3%83%B3+%E5%A3%81%E3%83%91%E3%83%B3%E3%83%81%E3%83%B3%E3%82%B0%E3%83%90%E3%83%83%E3%82%B0+%E3%83%9C%E3%82%AF%E3%82%B7%E3%83%B3%E3%82%B0%E3%83%88%E3%83%AC%E3%83%BC%E3%83%8B%E3%83%B3%E3%82%B0%E3%83%91%E3%83%B3%E3%83%81%E3%83%B3%E3%82%B0%E6%A9%9F%E5%99%A8+%E3%82%B9%E3%83%9E%E3%83%BC%E3%83%88+%E9%9F%B3%E6%A5%BD%E3%83%9C%E3%82%AF%E3%82%B5%E3%83%BC%E3%83%9C%E3%82%AF%E3%82%B7%E3%83%B3%E3%82%B0%E3%83%9E%E3%82%B7%E3%83%B3+%E5%AE%B6%E5%BA%AD%E3%81%A7%E3%81%AE%E9%81%8B%E5%8B%95+%E9%80%81%E6%96%99%E7%84%A1%E6%96%99 HTTP/1.1" 200 54422 "-" "Mozilla/5.0 (Linux; Android 6.0.1; Nexus 5X Build/MMB29P) AppleWebKit/537.36 (KHTML, like Gecko) Chrome/135.0.7049.95 Mobile Safari/537.36 (compatible; Googlebot/2.1; +http://www.google.com/bot.html)"
66.249.73.102 - - [25/Apr/2025:22:43:23 -0400] "GET /867811205393.shtml HTTP/1.1" 200 0 "-" "Mozilla/5.0 (Linux; Android 6.0.1; Nexus 5X Build/MMB29P) AppleWebKit/537.36 (KHTML, like Gecko) Chrome/135.0.7049.95 Mobile Safari/537.36 (compatible; GoogleOther)"
66.249.73.101 - - [25/Apr/2025:22:43:33 -0400] "GET /?i=41368127311900&channel=13bd5b&from=product.php%3Fid%3D1273119-184%26name%3D%E3%82%AD%E3%83%83%E3%83%81%E3%83%B3%E5%AE%B6%E9%9B%BB%E3%80%80MITSUBISHI+%E3%83%8E%E3%83%B3%E3%83%95%E3%83%AD%E3%83%B3%E3%80%80%E5%86%B7%E5%87%8D%E5%86%B7%E8%94%B5%E5%BA%AB%E3%80%80MR%E3%83%BCJX53X%E3%83%BCN%E5%BD%A2%E3%80%80525%E3%83%AA%E3%83%83%E3%83%88%E3%83%AB%E3%80%802013%E5%B9%B4%E8%A3%BD HTTP/1.1" 200 0 "-" "Mozilla/5.0 (Linux; Android 6.0.1; Nexus 5X Build/MMB29P) AppleWebKit/537.36 (KHTML, like Gecko) Chrome/135.0.7049.95 Mobile Safari/537.36 (compatible; GoogleOther)"
66.249.73.101 - - [25/Apr/2025:22:43:55 -0400] "GET /?i=03998149038201&channel=afa1ac&from=category-info.php%3Fid%3D1490382-24647%26name%3D%E3%82%A4%E3%82%AE%E3%83%BC+%E7%AB%8B%E3%81%A6%E7%9C%8B%E6%9D%BF+%E4%B8%AD%E5%BA%AD%E3%81%AE%E7%9C%8B%E6%9D%BF+%E3%82%B9%E3%82%BF%E3%83%B3%E3%83%89%E3%83%9C%E3%83%BC%E3%83%89+%E3%83%9D%E3%82%B9%E3%82%BF%E3%83%BC%E3%82%B9%E3%82%BF%E3%83%B3%E3%83%89+%E3%81%8A%E7%9F%A5%E3%82%89%E3%81%9B%E3%83%9C%E3%83%BC%E3%83%89+%E8%A3%85%E9%A3%BE%E7%94%BB+%E3%83%97%E3%83%A9%E3%82%B9%E3%83%81%E3%83%83%E3%82%AF%E8%A3%BD+%E5%8F%96%E3%82%8A%E4%BB%98%E3%81%91%E7%B0%A1%E5%8D%98+%E5%8D%8A%E5%88%86%E3%81%AB%E6%8A%98%E3%82%8B%E5%BC%8F HTTP/1.1" 200 54407 "-" "Mozilla/5.0 (Linux; Android 6.0.1; Nexus 5X Build/MMB29P) AppleWebKit/537.36 (KHTML, like Gecko) Chrome/135.0.7049.95 Mobile Safari/537.36 (compatible; Googlebot/2.1; +http://www.google.com/bot.html)"
66.249.73.101 - - [25/Apr/2025:22:43:58 -0400] "GET /?i=12989135873501&channel=05961d&from=article.php%3Fid%3D1358735-4701%26name%3DS%5B151152%5D%E3%80%90TM+SAMPLE%E5%88%BB%E5%8D%B0%E6%9C%89%E3%80%91+%E3%83%86%E3%83%BC%E3%83%A9%E3%83%BC%E3%83%A1%E3%82%A4%E3%83%89+%E3%82%B9%E3%83%AA%E3%83%BC%E3%83%96%E4%BB%98+Diamana+GT60+5W%E7%94%A8%28S%29%2F%2F0 HTTP/1.1" 200 0 "-" "Mozilla/5.0 (Linux; Android 6.0.1; Nexus 5X Build/MMB29P) AppleWebKit/537.36 (KHTML, like Gecko) Chrome/135.0.7049.95 Mobile Safari/537.36 (compatible; GoogleOther)"
66.249.74.13 - - [25/Apr/2025:22:44:07 -0400] "GET /920091220637.shtml HTTP/1.1" 200 0 "-" "Mozilla/5.0 (Linux; Android 6.0.1; Nexus 5X Build/MMB29P) AppleWebKit/537.36 (KHTML, like Gecko) Chrome/135.0.7049.95 Mobile Safari/537.36 (compatible; GoogleOther)"
52.167.144.173 - - [25/Apr/2025:22:44:15 -0400] "GET /?i=3269586010602&channel=a20f16&from=article.php%3Fid%3D860106-6634%26name%3D%E3%80%8EFENDI%E3%80%8F%E3%83%95%E3%82%A7%E3%83%B3%E3%83%87%E3%82%A3%E3%80%80%E8%B1%AA%E8%8F%AF%E3%80%80%E3%83%93%E3%83%BC%E3%82%BA%26%E3%83%AC%E3%82%B6%E3%83%BC%E3%80%80%E3%82%B9%E3%83%91%E3%82%A4%E3%83%90%E3%83%83%E3%82%B0 HTTP/1.1" 200 0 "-" "Mozilla/5.0 AppleWebKit/537.36 (KHTML, like Gecko; compatible; bingbot/2.0; +http://www.bing.com/bingbot.htm) Chrome/116.0.1938.76 Safari/537.36"
66.249.73.103 - - [25/Apr/2025:22:44:26 -0400] "GET /?i=8906223573102&channel=39e269&from=goods.php%3Fid%3D235731-12075%26name%3D%E7%81%AB%E9%81%93%E5%85%B7+%E4%B8%83%E3%81%A4%E9%81%93%E5%85%B7%EF%BC%88%E3%81%AA%E3%81%AA%E3%81%A4%E3%81%A9%E3%81%86%E3%81%90%EF%BC%89+11%E7%82%B9+%E6%97%A5%E6%9C%AC%E8%A3%BD+%E6%96%B0%E6%BD%9F%E7%9C%8C%E4%B8%89%E6%9D%A1%E5%B8%82%E7%94%A3+%E9%A6%99%E9%81%93%E5%85%B7%E3%82%BB%E3%83%83%E3%83%88+%E9%A6%99%E9%81%93%E5%85%A5%E9%96%80+%E8%8C%B6%E9%81%93%E5%85%B7 HTTP/1.1" 200 53585 "-" "Mozilla/5.0 (Linux; Android 6.0.1; Nexus 5X Build/MMB29P) AppleWebKit/537.36 (KHTML, like Gecko) Chrome/135.0.7049.95 Mobile Safari/537.36 (compatible; Googlebot/2.1; +http://www.google.com/bot.html)"
66.249.73.101 - - [25/Apr/2025:22:44:27 -0400] "GET /?i=37829176724304&channel=353b42&from=blog.php%3Fid%3D1767243-1232%26name%3D%E3%82%B9%E3%83%BC%E3%83%84%E3%80%80%E9%BB%92 HTTP/1.1" 200 0 "-" "Mozilla/5.0 (Linux; Android 6.0.1; Nexus 5X Build/MMB29P) AppleWebKit/537.36 (KHTML, like Gecko) Chrome/135.0.7049.95 Mobile Safari/537.36 (compatible; GoogleOther)"
66.249.73.101 - - [25/Apr/2025:22:44:29 -0400] "GET /?i=97308148633107&channel=fa6891&from=shared.php%3Fid%3D1486331-2772%26name%3D%E3%80%90%E5%85%A8%E5%93%81%E9%80%81%E6%96%99%E7%84%A1%E6%96%99%C3%97P%E6%9C%80%E5%A4%A747%E5%80%8D%EF%BC%81%E3%80%91%E3%82%A4%E3%83%A4%E3%83%BC%E3%82%AB%E3%83%95+%E3%83%AC%E3%83%87%E3%82%A3%E3%83%BC%E3%82%B9+%E3%82%A4%E3%83%A4%E3%83%BC%E3%82%AB%E3%83%95%E3%82%B9+%E3%82%A4%E3%83%A4%E3%82%AB%E3%83%95+%E3%82%A6%E3%82%A7%E3%82%A2%E3%83%AA%E3%83%B3%E3%82%B0+%E3%82%A4%E3%83%A4%E3%83%AA%E3%83%B3%E3%82%B0+%E7%89%87%E8%80%B3%E7%94%A8+%E9%87%91%E5%B1%9E%E3%82%A2%E3%83%AC%E3%83%AB%E3%82%AE%E3%83%BC+%E3%83%8B%E3%83%83%E3%82%B1%E3%83%AB%E3%83%95%E3%83%AA%E3%83%BC+%E3%82%AF%E3%83%AD%E3%82%B9+%E3%82%B7%E3%83%B3%E3%83%97%E3%83%AB+%E3%82%B7%E3%83%AB%E3%83%90%E3%83%BC+%E3%83%93%E3%82%B8%E3%83%A5%E3%83%BC+%E5%A4%A7%E4%BA%BA%E3%82%AB%E3%82%B8%E3%83%A5%E3%82%A2%E3%83%AB+%E3%82%B7%E3%83%B3%E3%83%97%E3%83%AB+%E5%8F%AF%E6%84%9B%E3%81%84+%E3%82%B4%E3%83%BC%E3%83%AB%E3%83%89+outlet HTTP/1.1" 200 55952 "-" "Mozilla/5.0 (Linux; Android 6.0.1; Nexus 5X Build/MMB29P) AppleWebKit/537.36 (KHTML, like Gecko) Chrome/135.0.7049.95 Mobile Safari/537.36 (compatible; Googlebot/2.1; +http://www.google.com/bot.html)"
66.249.73.102 - - [25/Apr/2025:22:44:31 -0400] "GET /?i=7136574124003&channel=02de2f&from=shared.php%3Fid%3D741240-7672%26name%3D%E3%82%BF%E3%83%88%E3%83%A9%E3%82%B9+%E3%82%A2%E3%83%88%E3%83%AA%E3%82%A8%E3%83%A9%E3%82%A4%E3%83%B3+MARINA+%E8%A6%8B%E7%B9%95%E3%81%86+%E3%83%8E%E3%83%BC%E3%82%AB%E3%83%A9%E3%83%BC+%E3%82%A6%E3%83%BC%E3%83%AB+%E3%83%80%E3%82%A6%E3%83%B3+%E3%82%B3%E3%83%BC%E3%83%88+03 HTTP/1.1" 200 51948 "-" "Mozilla/5.0 (Linux; Android 6.0.1; Nexus 5X Build/MMB29P) AppleWebKit/537.36 (KHTML, like Gecko) Chrome/135.0.7049.95 Mobile Safari/537.36 (compatible; Googlebot/2.1; +http://www.google.com/bot.html)"
