OwlCyberSecurity - MANAGER
Edit File: pwmsolution.com.arsn.media-ssl_log
119.155.207.118 - - [28/Apr/2025:03:57:12 -0400] "GET / HTTP/1.1" 200 0 "-" "Mozilla/5.0 (Linux; Android 10; K) AppleWebKit/537.36 (KHTML, like Gecko) Chrome/131.0.0.0 Mobile Safari/537.36"
66.29.132.124 - - [28/Apr/2025:03:57:23 -0400] "POST /wp-cron.php?doing_wp_cron=1745827042.5070729255676269531250 HTTP/1.1" 200 0 "-" "WordPress/6.8; https://pwmsolution.com"
66.29.132.124 - - [28/Apr/2025:03:58:53 -0400] "POST /wp-cron.php?doing_wp_cron=1745827132.7606949806213378906250 HTTP/1.1" 200 0 "-" "WordPress/6.8; https://pwmsolution.com"
82.156.68.74 - - [28/Apr/2025:03:58:50 -0400] "GET / HTTP/1.1" 200 35166 "http://pwmsolution.com" "Mozilla/5.0 (iPhone; CPU iPhone OS 13_2_3 like Mac OS X) AppleWebKit/605.1.15 (KHTML, like Gecko) Version/13.0.3 Mobile/15E148 Safari/604.1"
66.29.132.124 - - [28/Apr/2025:04:10:13 -0400] "POST /wp-cron.php?doing_wp_cron=1745827811.1246318817138671875000 HTTP/1.1" 200 0 "-" "WordPress/6.8; https://pwmsolution.com"
66.29.132.124 - - [28/Apr/2025:04:09:58 -0400] "GET / HTTP/1.1" 200 183390 "-" "Mozilla/5.0 (Windows NT 10.0; Win64; x64; rv:122.0) Gecko/20100101 Firefox/122.0"
54.36.148.162 - - [28/Apr/2025:04:10:39 -0400] "GET /robots.txt HTTP/1.1" 200 95 "-" "Mozilla/5.0 (compatible; AhrefsBot/7.0; +http://ahrefs.com/robot/)"
66.29.132.124 - - [28/Apr/2025:04:16:16 -0400] "POST /wp-cron.php?doing_wp_cron=1745828174.9425230026245117187500 HTTP/1.1" 200 0 "-" "WordPress/6.8; https://pwmsolution.com"
217.113.194.38 - - [28/Apr/2025:04:16:05 -0400] "GET /robots.txt HTTP/1.1" 200 111 "-" "Mozilla/5.0 (compatible; Barkrowler/0.9; +https://babbar.tech/crawler)"
217.113.194.39 - - [28/Apr/2025:04:16:34 -0400] "GET / HTTP/1.1" 200 35166 "-" "Mozilla/5.0 (compatible; Barkrowler/0.9; +https://babbar.tech/crawler)"
66.29.132.124 - - [28/Apr/2025:04:32:24 -0400] "POST /wp-cron.php?doing_wp_cron=1745829144.5895829200744628906250 HTTP/1.1" 200 0 "-" "WordPress/6.8; https://pwmsolution.com"
5.133.192.167 - - [28/Apr/2025:04:32:14 -0400] "GET / HTTP/1.1" 200 35139 "-" "Mozilla/5.0 (Windows NT 10.0; Win64; x64) AppleWebKit/537.36 (KHTML, like Gecko) Chrome/105.0.0.0 Safari/537.36"
5.133.192.167 - - [28/Apr/2025:04:32:30 -0400] "GET /favicon.ico HTTP/1.1" 404 1251 "-" "Mozilla/5.0 (Windows NT 10.0; Win64; x64) AppleWebKit/537.36 (KHTML, like Gecko) Chrome/105.0.0.0 Safari/537.36"
66.29.132.124 - - [28/Apr/2025:04:35:31 -0400] "POST /wp-cron.php?doing_wp_cron=1745829331.1022388935089111328125 HTTP/1.1" 200 0 "-" "WordPress/6.8; https://pwmsolution.com"
42.83.147.56 - - [28/Apr/2025:04:35:22 -0400] "GET / HTTP/1.1" 200 35166 "-" "Mozilla/5.0 (Windows NT 6.1; Win64; x64) AppleWebKit/537.36 (KHTML, like Gecko)Chrome/74.0.3729.169 Safari/537.36"
66.29.132.124 - - [28/Apr/2025:05:28:16 -0400] "POST /wp-cron.php?doing_wp_cron=1745832496.4889459609985351562500 HTTP/1.1" 200 0 "-" "WordPress/6.8; https://pwmsolution.com"
195.47.238.86 - - [28/Apr/2025:05:28:11 -0400] "GET / HTTP/1.1" 200 183390 "pwmsolution.com" "Mozilla/5.0 (Windows NT 5.1; WOW64; rv:44.0) Gecko/20100101 Firefox/44.0"
192.42.116.214 - - [28/Apr/2025:05:28:31 -0400] "GET / HTTP/1.1" 200 183390 "https://pwmsolution.com" "Mozilla/5.0 (Windows NT 5.1; WOW64; rv:44.0) Gecko/20100101 Firefox/44.0"
192.42.116.214 - - [28/Apr/2025:05:28:35 -0400] "POST / HTTP/1.1" 200 183390 "https://pwmsolution.com" "Mozilla/5.0 (Windows NT 5.1; WOW64; rv:44.0) Gecko/20100101 Firefox/44.0"
192.42.116.212 - - [28/Apr/2025:05:28:39 -0400] "GET /about-us-2 HTTP/1.1" 301 0 "https://pwmsolution.com/about-us-2" "Mozilla/5.0 (Windows NT 5.1; WOW64; rv:44.0) Gecko/20100101 Firefox/44.0"
192.42.116.212 - - [28/Apr/2025:05:28:40 -0400] "GET /about-us-2/ HTTP/1.1" 200 111993 "https://pwmsolution.com/about-us-2" "Mozilla/5.0 (Windows NT 5.1; WOW64; rv:44.0) Gecko/20100101 Firefox/44.0"
192.42.116.212 - - [28/Apr/2025:05:28:42 -0400] "GET /comments/feed HTTP/1.1" 301 0 "https://pwmsolution.com/comments/feed" "Mozilla/5.0 (Windows NT 5.1; WOW64; rv:44.0) Gecko/20100101 Firefox/44.0"
192.42.116.212 - - [28/Apr/2025:05:28:43 -0400] "GET /comments/feed/ HTTP/1.1" 200 1650 "https://pwmsolution.com/comments/feed" "Mozilla/5.0 (Windows NT 5.1; WOW64; rv:44.0) Gecko/20100101 Firefox/44.0"
192.42.116.212 - - [28/Apr/2025:05:28:45 -0400] "GET /contact-us HTTP/1.1" 301 0 "https://pwmsolution.com/contact-us" "Mozilla/5.0 (Windows NT 5.1; WOW64; rv:44.0) Gecko/20100101 Firefox/44.0"
192.42.116.212 - - [28/Apr/2025:05:28:46 -0400] "GET /contact-us/ HTTP/1.1" 200 142039 "https://pwmsolution.com/contact-us" "Mozilla/5.0 (Windows NT 5.1; WOW64; rv:44.0) Gecko/20100101 Firefox/44.0"
66.29.132.124 - - [28/Apr/2025:05:29:01 -0400] "POST /wp-cron.php?doing_wp_cron=1745832541.0688190460205078125000 HTTP/1.1" 200 0 "-" "WordPress/6.8; https://pwmsolution.com"
185.220.100.252 - - [28/Apr/2025:05:29:00 -0400] "POST / HTTP/1.1" 200 183390 "https://pwmsolution.com" "Mozilla/5.0 (Windows NT 5.1; WOW64; rv:44.0) Gecko/20100101 Firefox/44.0"
185.220.100.252 - - [28/Apr/2025:05:29:03 -0400] "GET /feed HTTP/1.1" 301 0 "https://pwmsolution.com/feed" "Mozilla/5.0 (Windows NT 5.1; WOW64; rv:44.0) Gecko/20100101 Firefox/44.0"
185.220.100.252 - - [28/Apr/2025:05:29:04 -0400] "GET /feed/ HTTP/1.1" 200 1669 "https://pwmsolution.com/feed" "Mozilla/5.0 (Windows NT 5.1; WOW64; rv:44.0) Gecko/20100101 Firefox/44.0"
185.220.100.252 - - [28/Apr/2025:05:29:06 -0400] "GET /green-card-programusa HTTP/1.1" 301 0 "https://pwmsolution.com/green-card-programusa" "Mozilla/5.0 (Windows NT 5.1; WOW64; rv:44.0) Gecko/20100101 Firefox/44.0"
185.220.100.252 - - [28/Apr/2025:05:29:06 -0400] "GET /green-card-programusa/ HTTP/1.1" 200 116014 "https://pwmsolution.com/green-card-programusa" "Mozilla/5.0 (Windows NT 5.1; WOW64; rv:44.0) Gecko/20100101 Firefox/44.0"
185.220.101.53 - - [28/Apr/2025:05:29:11 -0400] "POST / HTTP/1.1" 200 183390 "https://pwmsolution.com" "Mozilla/5.0 (Windows NT 5.1; WOW64; rv:44.0) Gecko/20100101 Firefox/44.0"
185.220.101.53 - - [28/Apr/2025:05:29:14 -0400] "GET /immigration-visa HTTP/1.1" 301 0 "https://pwmsolution.com/immigration-visa" "Mozilla/5.0 (Windows NT 5.1; WOW64; rv:44.0) Gecko/20100101 Firefox/44.0"
185.220.101.53 - - [28/Apr/2025:05:29:15 -0400] "GET /immigration-visa/ HTTP/1.1" 200 116498 "https://pwmsolution.com/immigration-visa" "Mozilla/5.0 (Windows NT 5.1; WOW64; rv:44.0) Gecko/20100101 Firefox/44.0"
185.220.101.53 - - [28/Apr/2025:05:29:18 -0400] "POST / HTTP/1.1" 200 183390 "https://pwmsolution.com" "Mozilla/5.0 (Windows NT 5.1; WOW64; rv:44.0) Gecko/20100101 Firefox/44.0"
185.220.100.243 - - [28/Apr/2025:05:29:28 -0400] "GET /privacy-policy HTTP/1.1" 301 0 "https://pwmsolution.com/privacy-policy" "Mozilla/5.0 (Windows NT 5.1; WOW64; rv:44.0) Gecko/20100101 Firefox/44.0"
185.220.100.243 - - [28/Apr/2025:05:29:29 -0400] "GET /privacy-policy/ HTTP/1.1" 200 86893 "https://pwmsolution.com/privacy-policy" "Mozilla/5.0 (Windows NT 5.1; WOW64; rv:44.0) Gecko/20100101 Firefox/44.0"
45.84.107.198 - - [28/Apr/2025:05:29:34 -0400] "GET /student-visa HTTP/1.1" 301 0 "https://pwmsolution.com/student-visa" "Mozilla/5.0 (Windows NT 5.1; WOW64; rv:44.0) Gecko/20100101 Firefox/44.0"
45.84.107.198 - - [28/Apr/2025:05:29:35 -0400] "GET /student-visa/ HTTP/1.1" 200 116435 "https://pwmsolution.com/student-visa" "Mozilla/5.0 (Windows NT 5.1; WOW64; rv:44.0) Gecko/20100101 Firefox/44.0"
45.84.107.198 - - [28/Apr/2025:05:29:38 -0400] "POST / HTTP/1.1" 200 183390 "https://pwmsolution.com" "Mozilla/5.0 (Windows NT 5.1; WOW64; rv:44.0) Gecko/20100101 Firefox/44.0"
45.84.107.198 - - [28/Apr/2025:05:29:41 -0400] "GET /termsnconditions HTTP/1.1" 301 0 "https://pwmsolution.com/termsnconditions" "Mozilla/5.0 (Windows NT 5.1; WOW64; rv:44.0) Gecko/20100101 Firefox/44.0"
45.84.107.198 - - [28/Apr/2025:05:29:42 -0400] "GET /termsnconditions/ HTTP/1.1" 200 98319 "https://pwmsolution.com/termsnconditions" "Mozilla/5.0 (Windows NT 5.1; WOW64; rv:44.0) Gecko/20100101 Firefox/44.0"
192.42.116.208 - - [28/Apr/2025:05:30:05 -0400] "GET /working-visa HTTP/1.1" 301 0 "https://pwmsolution.com/working-visa" "Mozilla/5.0 (Windows NT 5.1; WOW64; rv:44.0) Gecko/20100101 Firefox/44.0"
66.29.132.124 - - [28/Apr/2025:05:30:07 -0400] "POST /wp-cron.php?doing_wp_cron=1745832606.5387480258941650390625 HTTP/1.1" 200 0 "-" "WordPress/6.8; https://pwmsolution.com"
192.42.116.208 - - [28/Apr/2025:05:30:08 -0400] "GET /working-visa/ HTTP/1.1" 200 115718 "https://pwmsolution.com/working-visa" "Mozilla/5.0 (Windows NT 5.1; WOW64; rv:44.0) Gecko/20100101 Firefox/44.0"
45.84.107.76 - - [28/Apr/2025:05:30:12 -0400] "POST / HTTP/1.1" 200 183390 "https://pwmsolution.com" "Mozilla/5.0 (Windows NT 5.1; WOW64; rv:44.0) Gecko/20100101 Firefox/44.0"
45.84.107.76 - - [28/Apr/2025:05:30:17 -0400] "GET /wp-json HTTP/1.1" 200 264592 "https://pwmsolution.com/wp-json" "Mozilla/5.0 (Windows NT 5.1; WOW64; rv:44.0) Gecko/20100101 Firefox/44.0"
45.84.107.198 - - [28/Apr/2025:05:30:34 -0400] "GET /wp-json/oembed/1.0/embed?url=https%3A%2F%2Fpwmsolution.com%2F HTTP/1.1" 200 2025 "https://pwmsolution.com/wp-json/oembed/1.0/embed?url=https%3A%2F%2Fpwmsolution.com%2F" "Mozilla/5.0 (Windows NT 5.1; WOW64; rv:44.0) Gecko/20100101 Firefox/44.0"
45.84.107.198 - - [28/Apr/2025:05:30:37 -0400] "GET /wp-json/oembed/1.0/embed?url=https%3A%2F%2Fpwmsolution.com%2F&format=xml HTTP/1.1" 200 2187 "https://pwmsolution.com/wp-json/oembed/1.0/embed?url=https%3A%2F%2Fpwmsolution.com%2F&format=xml" "Mozilla/5.0 (Windows NT 5.1; WOW64; rv:44.0) Gecko/20100101 Firefox/44.0"
185.220.101.57 - - [28/Apr/2025:05:30:40 -0400] "GET /wp-json/wp/v2/pages/7 HTTP/1.1" 200 112773 "https://pwmsolution.com/wp-json/wp/v2/pages/7" "Mozilla/5.0 (Windows NT 5.1; WOW64; rv:44.0) Gecko/20100101 Firefox/44.0"
185.220.101.57 - - [28/Apr/2025:05:30:43 -0400] "GET /xmlrpc.php HTTP/1.1" 405 42 "https://pwmsolution.com/xmlrpc.php" "Mozilla/5.0 (Windows NT 5.1; WOW64; rv:44.0) Gecko/20100101 Firefox/44.0"
185.220.101.57 - - [28/Apr/2025:05:30:46 -0400] "GET /xmlrpc.php?rsd HTTP/1.1" 200 804 "https://pwmsolution.com/xmlrpc.php?rsd" "Mozilla/5.0 (Windows NT 5.1; WOW64; rv:44.0) Gecko/20100101 Firefox/44.0"
66.29.132.124 - - [28/Apr/2025:05:32:50 -0400] "POST /wp-cron.php?doing_wp_cron=1745832770.5525419712066650390625 HTTP/1.1" 200 0 "-" "WordPress/6.8; https://pwmsolution.com"
185.191.171.15 - - [28/Apr/2025:05:32:44 -0400] "GET /robots.txt HTTP/1.1" 200 111 "-" "Mozilla/5.0 (compatible; SemrushBot/7~bl; +http://www.semrush.com/bot.html)"
85.208.96.210 - - [28/Apr/2025:05:32:51 -0400] "GET /tourist-visa/ HTTP/1.1" 200 24582 "-" "Mozilla/5.0 (compatible; SemrushBot/7~bl; +http://www.semrush.com/bot.html)"
66.29.132.124 - - [28/Apr/2025:05:42:01 -0400] "POST /wp-cron.php?doing_wp_cron=1745833321.3838379383087158203125 HTTP/1.1" 200 0 "-" "WordPress/6.8; https://pwmsolution.com"
103.156.137.53 - - [28/Apr/2025:05:41:56 -0400] "GET / HTTP/1.1" 301 0 "-" "Mozilla/5.0 (Linux; Android 10; K) AppleWebKit/537.36 (KHTML, like Gecko) Chrome/135.0.0.0 Mobile Safari/537.36"
103.156.137.53 - - [28/Apr/2025:05:42:03 -0400] "GET /wp-content/plugins/header-footer-elementor/assets/css/header-footer-elementor.css?ver=2.3.0 HTTP/1.1" 200 259 "-" "Mozilla/5.0 (Linux; Android 10; K) AppleWebKit/537.36 (KHTML, like Gecko) Chrome/135.0.0.0 Mobile Safari/537.36"
103.156.137.53 - - [28/Apr/2025:05:42:03 -0400] "GET /wp-content/plugins/elementor/assets/css/frontend.min.css?ver=3.28.3 HTTP/1.1" 200 6453 "-" "Mozilla/5.0 (Linux; Android 10; K) AppleWebKit/537.36 (KHTML, like Gecko) Chrome/135.0.0.0 Mobile Safari/537.36"
103.156.137.53 - - [28/Apr/2025:05:42:03 -0400] "GET /wp-content/plugins/header-footer-elementor/inc/widgets-css/frontend.css?ver=2.3.0 HTTP/1.1" 200 8133 "-" "Mozilla/5.0 (Linux; Android 10; K) AppleWebKit/537.36 (KHTML, like Gecko) Chrome/135.0.0.0 Mobile Safari/537.36"
103.156.137.53 - - [28/Apr/2025:05:42:03 -0400] "GET /wp-content/uploads/elementor/css/post-9.css?ver=1744805194 HTTP/1.1" 200 368 "-" "Mozilla/5.0 (Linux; Android 10; K) AppleWebKit/537.36 (KHTML, like Gecko) Chrome/135.0.0.0 Mobile Safari/537.36"
103.156.137.53 - - [28/Apr/2025:05:42:03 -0400] "GET /wp-content/plugins/pro-elements/assets/css/frontend.min.css?ver=3.23.3 HTTP/1.1" 200 43433 "-" "Mozilla/5.0 (Linux; Android 10; K) AppleWebKit/537.36 (KHTML, like Gecko) Chrome/135.0.0.0 Mobile Safari/537.36"
103.156.137.53 - - [28/Apr/2025:05:42:03 -0400] "GET /wp-content/plugins/elementor/assets/css/widget-image.min.css?ver=3.28.3 HTTP/1.1" 200 254 "-" "Mozilla/5.0 (Linux; Android 10; K) AppleWebKit/537.36 (KHTML, like Gecko) Chrome/135.0.0.0 Mobile Safari/537.36"
103.156.137.53 - - [28/Apr/2025:05:42:03 -0400] "GET /wp-content/plugins/elementor/assets/lib/animations/styles/fadeInLeft.min.css?ver=3.28.3 HTTP/1.1" 200 137 "-" "Mozilla/5.0 (Linux; Android 10; K) AppleWebKit/537.36 (KHTML, like Gecko) Chrome/135.0.0.0 Mobile Safari/537.36"
103.156.137.53 - - [28/Apr/2025:05:42:04 -0400] "GET /wp-content/plugins/elementor/assets/css/widget-heading.min.css?ver=3.28.3 HTTP/1.1" 200 154 "-" "Mozilla/5.0 (Linux; Android 10; K) AppleWebKit/537.36 (KHTML, like Gecko) Chrome/135.0.0.0 Mobile Safari/537.36"
103.156.137.53 - - [28/Apr/2025:05:42:04 -0400] "GET /wp-content/plugins/elementor/assets/lib/animations/styles/fadeInRight.min.css?ver=3.28.3 HTTP/1.1" 200 139 "-" "Mozilla/5.0 (Linux; Android 10; K) AppleWebKit/537.36 (KHTML, like Gecko) Chrome/135.0.0.0 Mobile Safari/537.36"
103.156.137.53 - - [28/Apr/2025:05:42:04 -0400] "GET /wp-content/plugins/elementor/assets/css/widget-divider.min.css?ver=3.28.3 HTTP/1.1" 200 707 "-" "Mozilla/5.0 (Linux; Android 10; K) AppleWebKit/537.36 (KHTML, like Gecko) Chrome/135.0.0.0 Mobile Safari/537.36"
103.156.137.53 - - [28/Apr/2025:05:42:03 -0400] "GET / HTTP/1.1" 200 29426 "-" "Mozilla/5.0 (Linux; Android 10; K) AppleWebKit/537.36 (KHTML, like Gecko) Chrome/135.0.0.0 Mobile Safari/537.36"
103.156.137.53 - - [28/Apr/2025:05:42:06 -0400] "GET /wp-content/plugins/elementor/assets/css/frontend.min.css?ver=3.28.4 HTTP/1.1" 200 6453 "https://pwmsolution.com/" "Mozilla/5.0 (Linux; Android 10; K) AppleWebKit/537.36 (KHTML, like Gecko) Chrome/135.0.0.0 Mobile Safari/537.36"
103.156.137.53 - - [28/Apr/2025:05:42:06 -0400] "GET /wp-content/plugins/elementor/assets/css/widget-image.min.css?ver=3.28.4 HTTP/1.1" 200 254 "https://pwmsolution.com/" "Mozilla/5.0 (Linux; Android 10; K) AppleWebKit/537.36 (KHTML, like Gecko) Chrome/135.0.0.0 Mobile Safari/537.36"
103.156.137.53 - - [28/Apr/2025:05:42:06 -0400] "GET /wp-content/plugins/elementor/assets/lib/animations/styles/fadeInLeft.min.css?ver=3.28.4 HTTP/1.1" 200 137 "https://pwmsolution.com/" "Mozilla/5.0 (Linux; Android 10; K) AppleWebKit/537.36 (KHTML, like Gecko) Chrome/135.0.0.0 Mobile Safari/537.36"
103.156.137.53 - - [28/Apr/2025:05:42:06 -0400] "GET /wp-content/plugins/elementor/assets/css/widget-heading.min.css?ver=3.28.4 HTTP/1.1" 200 154 "https://pwmsolution.com/" "Mozilla/5.0 (Linux; Android 10; K) AppleWebKit/537.36 (KHTML, like Gecko) Chrome/135.0.0.0 Mobile Safari/537.36"
103.156.137.53 - - [28/Apr/2025:05:42:06 -0400] "GET /wp-content/plugins/elementor/assets/css/widget-divider.min.css?ver=3.28.4 HTTP/1.1" 200 707 "https://pwmsolution.com/" "Mozilla/5.0 (Linux; Android 10; K) AppleWebKit/537.36 (KHTML, like Gecko) Chrome/135.0.0.0 Mobile Safari/537.36"
103.156.137.53 - - [28/Apr/2025:05:42:06 -0400] "GET /wp-content/plugins/elementor/assets/lib/animations/styles/fadeInRight.min.css?ver=3.28.4 HTTP/1.1" 200 139 "https://pwmsolution.com/" "Mozilla/5.0 (Linux; Android 10; K) AppleWebKit/537.36 (KHTML, like Gecko) Chrome/135.0.0.0 Mobile Safari/537.36"
103.156.137.53 - - [28/Apr/2025:05:42:06 -0400] "GET /wp-content/plugins/elementor/assets/css/widget-google_maps.min.css?ver=3.28.4 HTTP/1.1" 200 117 "https://pwmsolution.com/" "Mozilla/5.0 (Linux; Android 10; K) AppleWebKit/537.36 (KHTML, like Gecko) Chrome/135.0.0.0 Mobile Safari/537.36"
103.156.137.53 - - [28/Apr/2025:05:42:06 -0400] "GET /wp-content/plugins/elementor/assets/css/widget-spacer.min.css?ver=3.28.4 HTTP/1.1" 200 315 "https://pwmsolution.com/" "Mozilla/5.0 (Linux; Android 10; K) AppleWebKit/537.36 (KHTML, like Gecko) Chrome/135.0.0.0 Mobile Safari/537.36"
103.156.137.53 - - [28/Apr/2025:05:42:06 -0400] "GET /wp-content/plugins/elementor/assets/lib/animations/styles/fadeInDown.min.css?ver=3.28.4 HTTP/1.1" 200 137 "https://pwmsolution.com/" "Mozilla/5.0 (Linux; Android 10; K) AppleWebKit/537.36 (KHTML, like Gecko) Chrome/135.0.0.0 Mobile Safari/537.36"
103.156.137.53 - - [28/Apr/2025:05:42:06 -0400] "GET /wp-content/plugins/elementor/assets/css/widget-video.min.css?ver=3.28.4 HTTP/1.1" 200 354 "https://pwmsolution.com/" "Mozilla/5.0 (Linux; Android 10; K) AppleWebKit/537.36 (KHTML, like Gecko) Chrome/135.0.0.0 Mobile Safari/537.36"
103.156.137.53 - - [28/Apr/2025:05:42:06 -0400] "GET /wp-content/plugins/elementor/assets/lib/animations/styles/e-animation-float.min.css?ver=3.28.4 HTTP/1.1" 200 244 "https://pwmsolution.com/" "Mozilla/5.0 (Linux; Android 10; K) AppleWebKit/537.36 (KHTML, like Gecko) Chrome/135.0.0.0 Mobile Safari/537.36"
103.156.137.53 - - [28/Apr/2025:05:42:06 -0400] "GET /wp-content/plugins/elementor/assets/lib/animations/styles/fadeIn.min.css?ver=3.28.4 HTTP/1.1" 200 77 "https://pwmsolution.com/" "Mozilla/5.0 (Linux; Android 10; K) AppleWebKit/537.36 (KHTML, like Gecko) Chrome/135.0.0.0 Mobile Safari/537.36"
103.156.137.53 - - [28/Apr/2025:05:42:06 -0400] "GET /wp-content/plugins/elementor/assets/css/widget-rating.min.css?ver=3.28.4 HTTP/1.1" 200 355 "https://pwmsolution.com/" "Mozilla/5.0 (Linux; Android 10; K) AppleWebKit/537.36 (KHTML, like Gecko) Chrome/135.0.0.0 Mobile Safari/537.36"
103.156.137.53 - - [28/Apr/2025:05:42:06 -0400] "GET /wp-content/uploads/elementor/css/post-7.css?ver=1744808457 HTTP/1.1" 200 4980 "https://pwmsolution.com/" "Mozilla/5.0 (Linux; Android 10; K) AppleWebKit/537.36 (KHTML, like Gecko) Chrome/135.0.0.0 Mobile Safari/537.36"
103.156.137.53 - - [28/Apr/2025:05:42:06 -0400] "GET /wp-content/uploads/elementor/css/post-16.css?ver=1744805200 HTTP/1.1" 200 2289 "https://pwmsolution.com/" "Mozilla/5.0 (Linux; Android 10; K) AppleWebKit/537.36 (KHTML, like Gecko) Chrome/135.0.0.0 Mobile Safari/537.36"
103.156.137.53 - - [28/Apr/2025:05:42:06 -0400] "GET /wp-content/themes/hello-elementor/theme.min.css?ver=3.3.0 HTTP/1.1" 200 1131 "https://pwmsolution.com/" "Mozilla/5.0 (Linux; Android 10; K) AppleWebKit/537.36 (KHTML, like Gecko) Chrome/135.0.0.0 Mobile Safari/537.36"
103.156.137.53 - - [28/Apr/2025:05:42:06 -0400] "GET /wp-content/uploads/elementor/css/post-97.css?ver=1744805200 HTTP/1.1" 200 1838 "https://pwmsolution.com/" "Mozilla/5.0 (Linux; Android 10; K) AppleWebKit/537.36 (KHTML, like Gecko) Chrome/135.0.0.0 Mobile Safari/537.36"
103.156.137.53 - - [28/Apr/2025:05:42:06 -0400] "GET /wp-content/themes/hello-elementor/header-footer.min.css?ver=3.3.0 HTTP/1.1" 200 1292 "https://pwmsolution.com/" "Mozilla/5.0 (Linux; Android 10; K) AppleWebKit/537.36 (KHTML, like Gecko) Chrome/135.0.0.0 Mobile Safari/537.36"
103.156.137.53 - - [28/Apr/2025:05:42:06 -0400] "GET /wp-content/themes/hello-elementor/style.min.css?ver=3.3.0 HTTP/1.1" 200 1591 "https://pwmsolution.com/" "Mozilla/5.0 (Linux; Android 10; K) AppleWebKit/537.36 (KHTML, like Gecko) Chrome/135.0.0.0 Mobile Safari/537.36"
103.156.137.53 - - [28/Apr/2025:05:42:06 -0400] "GET /wp-content/plugins/elementor/assets/lib/eicons/css/elementor-icons.min.css?ver=5.34.0 HTTP/1.1" 200 3845 "https://pwmsolution.com/" "Mozilla/5.0 (Linux; Android 10; K) AppleWebKit/537.36 (KHTML, like Gecko) Chrome/135.0.0.0 Mobile Safari/537.36"
103.156.137.53 - - [28/Apr/2025:05:42:06 -0400] "GET /wp-content/plugins/elementor/assets/css/widget-social-icons.min.css?ver=3.24.0 HTTP/1.1" 200 1069 "https://pwmsolution.com/" "Mozilla/5.0 (Linux; Android 10; K) AppleWebKit/537.36 (KHTML, like Gecko) Chrome/135.0.0.0 Mobile Safari/537.36"
103.156.137.53 - - [28/Apr/2025:05:42:06 -0400] "GET /wp-content/plugins/elementor/assets/css/widget-icon-list.min.css?ver=3.24.3 HTTP/1.1" 200 957 "https://pwmsolution.com/" "Mozilla/5.0 (Linux; Android 10; K) AppleWebKit/537.36 (KHTML, like Gecko) Chrome/135.0.0.0 Mobile Safari/537.36"
103.156.137.53 - - [28/Apr/2025:05:42:06 -0400] "GET /wp-content/plugins/elementor/assets/lib/font-awesome/css/brands.css?ver=5.15.3 HTTP/1.1" 200 296 "https://pwmsolution.com/" "Mozilla/5.0 (Linux; Android 10; K) AppleWebKit/537.36 (KHTML, like Gecko) Chrome/135.0.0.0 Mobile Safari/537.36"
103.156.137.53 - - [28/Apr/2025:05:42:06 -0400] "GET /wp-content/plugins/elementor/assets/lib/font-awesome/css/fontawesome.css?ver=5.15.3 HTTP/1.1" 200 12526 "https://pwmsolution.com/" "Mozilla/5.0 (Linux; Android 10; K) AppleWebKit/537.36 (KHTML, like Gecko) Chrome/135.0.0.0 Mobile Safari/537.36"
103.156.137.53 - - [28/Apr/2025:05:42:06 -0400] "GET /wp-content/plugins/elementor/assets/lib/font-awesome/css/solid.css?ver=5.15.3 HTTP/1.1" 200 296 "https://pwmsolution.com/" "Mozilla/5.0 (Linux; Android 10; K) AppleWebKit/537.36 (KHTML, like Gecko) Chrome/135.0.0.0 Mobile Safari/537.36"
103.156.137.53 - - [28/Apr/2025:05:42:06 -0400] "GET /wp-content/uploads/elementor/google-fonts/css/roboto.css?ver=1742288492 HTTP/1.1" 200 1870 "https://pwmsolution.com/" "Mozilla/5.0 (Linux; Android 10; K) AppleWebKit/537.36 (KHTML, like Gecko) Chrome/135.0.0.0 Mobile Safari/537.36"
103.156.137.53 - - [28/Apr/2025:05:42:06 -0400] "GET /wp-content/uploads/elementor/google-fonts/css/robotoslab.css?ver=1742288503 HTTP/1.1" 200 706 "https://pwmsolution.com/" "Mozilla/5.0 (Linux; Android 10; K) AppleWebKit/537.36 (KHTML, like Gecko) Chrome/135.0.0.0 Mobile Safari/537.36"
103.156.137.53 - - [28/Apr/2025:05:42:06 -0400] "GET /wp-content/uploads/2024/09/view-green-card-passport-arrangement-768x1152.jpg HTTP/1.1" 200 246575 "https://pwmsolution.com/" "Mozilla/5.0 (Linux; Android 10; K) AppleWebKit/537.36 (KHTML, like Gecko) Chrome/135.0.0.0 Mobile Safari/537.36"
103.156.137.53 - - [28/Apr/2025:05:42:06 -0400] "GET /wp-content/uploads/2024/07/pwmlogo4-300x300.png HTTP/1.1" 200 20172 "https://pwmsolution.com/" "Mozilla/5.0 (Linux; Android 10; K) AppleWebKit/537.36 (KHTML, like Gecko) Chrome/135.0.0.0 Mobile Safari/537.36"
103.156.137.53 - - [28/Apr/2025:05:42:06 -0400] "GET /wp-content/uploads/2024/07/pwmlogo2.png HTTP/1.1" 200 57398 "https://pwmsolution.com/" "Mozilla/5.0 (Linux; Android 10; K) AppleWebKit/537.36 (KHTML, like Gecko) Chrome/135.0.0.0 Mobile Safari/537.36"
103.156.137.53 - - [28/Apr/2025:05:42:06 -0400] "GET /wp-content/uploads/elementor/google-fonts/css/redhatdisplay.css?ver=1742288508 HTTP/1.1" 200 466 "https://pwmsolution.com/" "Mozilla/5.0 (Linux; Android 10; K) AppleWebKit/537.36 (KHTML, like Gecko) Chrome/135.0.0.0 Mobile Safari/537.36"
103.156.137.53 - - [28/Apr/2025:05:42:06 -0400] "GET /wp-includes/js/jquery/jquery.min.js?ver=3.7.1 HTTP/1.1" 200 29744 "https://pwmsolution.com/" "Mozilla/5.0 (Linux; Android 10; K) AppleWebKit/537.36 (KHTML, like Gecko) Chrome/135.0.0.0 Mobile Safari/537.36"
103.156.137.53 - - [28/Apr/2025:05:42:06 -0400] "GET /wp-includes/js/jquery/jquery-migrate.min.js?ver=3.4.1 HTTP/1.1" 200 4678 "https://pwmsolution.com/" "Mozilla/5.0 (Linux; Android 10; K) AppleWebKit/537.36 (KHTML, like Gecko) Chrome/135.0.0.0 Mobile Safari/537.36"
103.156.137.53 - - [28/Apr/2025:05:42:06 -0400] "GET /wp-content/plugins/elementor-pro/assets/css/widget-blockquote.min.css?ver=3.25.0 HTTP/1.1" 404 13970 "https://pwmsolution.com/" "Mozilla/5.0 (Linux; Android 10; K) AppleWebKit/537.36 (KHTML, like Gecko) Chrome/135.0.0.0 Mobile Safari/537.36"
103.156.137.53 - - [28/Apr/2025:05:42:06 -0400] "GET /wp-content/plugins/elementor-pro/assets/css/widget-nav-menu.min.css?ver=3.26.0 HTTP/1.1" 404 13970 "https://pwmsolution.com/" "Mozilla/5.0 (Linux; Android 10; K) AppleWebKit/537.36 (KHTML, like Gecko) Chrome/135.0.0.0 Mobile Safari/537.36"
103.156.137.53 - - [28/Apr/2025:05:42:07 -0400] "GET /wp-content/uploads/2024/07/2445-compressed-768x512.jpg HTTP/1.1" 200 50285 "https://pwmsolution.com/" "Mozilla/5.0 (Linux; Android 10; K) AppleWebKit/537.36 (KHTML, like Gecko) Chrome/135.0.0.0 Mobile Safari/537.36"
103.156.137.53 - - [28/Apr/2025:05:42:07 -0400] "GET /wp-content/uploads/2024/09/visa-application-composition-with-different-flags-768x512.jpg HTTP/1.1" 200 89936 "https://pwmsolution.com/" "Mozilla/5.0 (Linux; Android 10; K) AppleWebKit/537.36 (KHTML, like Gecko) Chrome/135.0.0.0 Mobile Safari/537.36"
103.156.137.53 - - [28/Apr/2025:05:42:06 -0400] "GET /wp-content/plugins/elementor-pro/assets/css/widget-mega-menu.min.css?ver=3.26.2 HTTP/1.1" 404 13970 "https://pwmsolution.com/" "Mozilla/5.0 (Linux; Android 10; K) AppleWebKit/537.36 (KHTML, like Gecko) Chrome/135.0.0.0 Mobile Safari/537.36"
103.156.137.53 - - [28/Apr/2025:05:42:08 -0400] "GET /wp-content/plugins/elementor/assets/css/widget-social-icons.min.css?ver=3.28.4 HTTP/1.1" 200 1069 "https://pwmsolution.com/" "Mozilla/5.0 (Linux; Android 10; K) AppleWebKit/537.36 (KHTML, like Gecko) Chrome/135.0.0.0 Mobile Safari/537.36"
103.156.137.53 - - [28/Apr/2025:05:42:08 -0400] "GET /wp-content/plugins/elementor/assets/css/conditionals/apple-webkit.min.css?ver=3.28.4 HTTP/1.1" 200 472 "https://pwmsolution.com/" "Mozilla/5.0 (Linux; Android 10; K) AppleWebKit/537.36 (KHTML, like Gecko) Chrome/135.0.0.0 Mobile Safari/537.36"
103.156.137.53 - - [28/Apr/2025:05:42:08 -0400] "GET /wp-includes/js/imagesloaded.min.js?ver=5.0.0 HTTP/1.1" 200 1687 "https://pwmsolution.com/" "Mozilla/5.0 (Linux; Android 10; K) AppleWebKit/537.36 (KHTML, like Gecko) Chrome/135.0.0.0 Mobile Safari/537.36"
103.156.137.53 - - [28/Apr/2025:05:42:08 -0400] "GET /wp-content/themes/hello-elementor/assets/js/hello-frontend.min.js?ver=3.3.0 HTTP/1.1" 200 548 "https://pwmsolution.com/" "Mozilla/5.0 (Linux; Android 10; K) AppleWebKit/537.36 (KHTML, like Gecko) Chrome/135.0.0.0 Mobile Safari/537.36"
103.156.137.53 - - [28/Apr/2025:05:42:08 -0400] "GET /wp-content/plugins/header-footer-elementor/inc/js/frontend.js?ver=2.3.0 HTTP/1.1" 200 3944 "https://pwmsolution.com/" "Mozilla/5.0 (Linux; Android 10; K) AppleWebKit/537.36 (KHTML, like Gecko) Chrome/135.0.0.0 Mobile Safari/537.36"
103.156.137.53 - - [28/Apr/2025:05:42:08 -0400] "GET /wp-content/plugins/pro-elements/assets/js/webpack-pro.runtime.min.js?ver=3.23.3 HTTP/1.1" 200 2549 "https://pwmsolution.com/" "Mozilla/5.0 (Linux; Android 10; K) AppleWebKit/537.36 (KHTML, like Gecko) Chrome/135.0.0.0 Mobile Safari/537.36"
103.156.137.53 - - [28/Apr/2025:05:42:08 -0400] "GET /wp-content/plugins/elementor/assets/js/webpack.runtime.min.js?ver=3.28.4 HTTP/1.1" 200 2228 "https://pwmsolution.com/" "Mozilla/5.0 (Linux; Android 10; K) AppleWebKit/537.36 (KHTML, like Gecko) Chrome/135.0.0.0 Mobile Safari/537.36"
103.156.137.53 - - [28/Apr/2025:05:42:08 -0400] "GET /wp-includes/js/dist/hooks.min.js?ver=4d63a3d491d11ffd8ac6 HTTP/1.1" 200 1571 "https://pwmsolution.com/" "Mozilla/5.0 (Linux; Android 10; K) AppleWebKit/537.36 (KHTML, like Gecko) Chrome/135.0.0.0 Mobile Safari/537.36"
103.156.137.53 - - [28/Apr/2025:05:42:08 -0400] "GET /wp-includes/js/dist/i18n.min.js?ver=5e580eb46a90c2b997e6 HTTP/1.1" 200 3542 "https://pwmsolution.com/" "Mozilla/5.0 (Linux; Android 10; K) AppleWebKit/537.36 (KHTML, like Gecko) Chrome/135.0.0.0 Mobile Safari/537.36"
103.156.137.53 - - [28/Apr/2025:05:42:08 -0400] "GET /wp-content/plugins/pro-elements/assets/js/frontend.min.js?ver=3.23.3 HTTP/1.1" 200 6468 "https://pwmsolution.com/" "Mozilla/5.0 (Linux; Android 10; K) AppleWebKit/537.36 (KHTML, like Gecko) Chrome/135.0.0.0 Mobile Safari/537.36"
103.156.137.53 - - [28/Apr/2025:05:42:08 -0400] "GET /wp-includes/js/jquery/ui/core.min.js?ver=1.13.3 HTTP/1.1" 200 6812 "https://pwmsolution.com/" "Mozilla/5.0 (Linux; Android 10; K) AppleWebKit/537.36 (KHTML, like Gecko) Chrome/135.0.0.0 Mobile Safari/537.36"
103.156.137.53 - - [28/Apr/2025:05:42:08 -0400] "GET /wp-content/plugins/elementor/assets/js/frontend-modules.min.js?ver=3.28.4 HTTP/1.1" 200 14421 "https://pwmsolution.com/" "Mozilla/5.0 (Linux; Android 10; K) AppleWebKit/537.36 (KHTML, like Gecko) Chrome/135.0.0.0 Mobile Safari/537.36"
103.156.137.53 - - [28/Apr/2025:05:42:08 -0400] "GET /wp-content/plugins/pro-elements/assets/js/elements-handlers.min.js?ver=3.23.3 HTTP/1.1" 200 9631 "https://pwmsolution.com/" "Mozilla/5.0 (Linux; Android 10; K) AppleWebKit/537.36 (KHTML, like Gecko) Chrome/135.0.0.0 Mobile Safari/537.36"
103.156.137.53 - - [28/Apr/2025:05:42:08 -0400] "GET /wp-content/uploads/elementor/google-fonts/fonts/redhatdisplay-8viq7wur0m80wwyf0qcxzzyzuotg_t6h.woff2 HTTP/1.1" 200 30588 "https://pwmsolution.com/wp-content/uploads/elementor/google-fonts/css/redhatdisplay.css?ver=1742288508" "Mozilla/5.0 (Linux; Android 10; K) AppleWebKit/537.36 (KHTML, like Gecko) Chrome/135.0.0.0 Mobile Safari/537.36"
103.156.137.53 - - [28/Apr/2025:05:42:08 -0400] "GET /wp-content/plugins/elementor/assets/js/frontend.min.js?ver=3.28.4 HTTP/1.1" 200 13099 "https://pwmsolution.com/" "Mozilla/5.0 (Linux; Android 10; K) AppleWebKit/537.36 (KHTML, like Gecko) Chrome/135.0.0.0 Mobile Safari/537.36"
103.156.137.53 - - [28/Apr/2025:05:42:08 -0400] "GET /wp-content/uploads/elementor/google-fonts/fonts/roboto-kfo5cnqeu92fr1mu53zec9_vu3r1gihoszmkbnka.woff2 HTTP/1.1" 200 44192 "https://pwmsolution.com/wp-content/uploads/elementor/google-fonts/css/roboto.css?ver=1742288492" "Mozilla/5.0 (Linux; Android 10; K) AppleWebKit/537.36 (KHTML, like Gecko) Chrome/135.0.0.0 Mobile Safari/537.36"
103.156.137.53 - - [28/Apr/2025:05:42:08 -0400] "GET /wp-content/uploads/elementor/google-fonts/fonts/robotoslab-bngmuxzytxpivibgjjsb6ufn5qu.woff2 HTTP/1.1" 200 34328 "https://pwmsolution.com/wp-content/uploads/elementor/google-fonts/css/robotoslab.css?ver=1742288503" "Mozilla/5.0 (Linux; Android 10; K) AppleWebKit/537.36 (KHTML, like Gecko) Chrome/135.0.0.0 Mobile Safari/537.36"
103.156.137.53 - - [28/Apr/2025:05:42:08 -0400] "GET /wp-content/uploads/elementor/google-fonts/fonts/roboto-kfo7cnqeu92fr1me7ksn66agldtyluama3yuba.woff2 HTTP/1.1" 200 40128 "https://pwmsolution.com/wp-content/uploads/elementor/google-fonts/css/roboto.css?ver=1742288492" "Mozilla/5.0 (Linux; Android 10; K) AppleWebKit/537.36 (KHTML, like Gecko) Chrome/135.0.0.0 Mobile Safari/537.36"
103.156.137.53 - - [28/Apr/2025:05:42:09 -0400] "GET /wp-content/uploads/elementor/google-fonts/fonts/roboto-kfo7cnqeu92fr1me7ksn66agldtyluamaxkubgee.woff2 HTTP/1.1" 200 20408 "https://pwmsolution.com/wp-content/uploads/elementor/google-fonts/css/roboto.css?ver=1742288492" "Mozilla/5.0 (Linux; Android 10; K) AppleWebKit/537.36 (KHTML, like Gecko) Chrome/135.0.0.0 Mobile Safari/537.36"
103.156.137.53 - - [28/Apr/2025:05:42:09 -0400] "GET /wp-content/uploads/2024/07/2149117788-compressed.jpg HTTP/1.1" 200 140768 "https://pwmsolution.com/wp-content/uploads/elementor/css/post-7.css?ver=1744808457" "Mozilla/5.0 (Linux; Android 10; K) AppleWebKit/537.36 (KHTML, like Gecko) Chrome/135.0.0.0 Mobile Safari/537.36"
103.156.137.53 - - [28/Apr/2025:05:42:09 -0400] "GET /wp-content/uploads/2024/07/18551-compressed.jpg HTTP/1.1" 200 133398 "https://pwmsolution.com/wp-content/uploads/elementor/css/post-7.css?ver=1744808457" "Mozilla/5.0 (Linux; Android 10; K) AppleWebKit/537.36 (KHTML, like Gecko) Chrome/135.0.0.0 Mobile Safari/537.36"
103.156.137.53 - - [28/Apr/2025:05:42:09 -0400] "GET /wp-content/uploads/2024/07/14615-compressed.jpg HTTP/1.1" 200 138155 "https://pwmsolution.com/wp-content/uploads/elementor/css/post-7.css?ver=1744808457" "Mozilla/5.0 (Linux; Android 10; K) AppleWebKit/537.36 (KHTML, like Gecko) Chrome/135.0.0.0 Mobile Safari/537.36"
103.156.137.53 - - [28/Apr/2025:05:42:09 -0400] "GET /wp-content/plugins/elementor/assets/js/text-editor.c084ef86600b6f11690d.bundle.min.js HTTP/1.1" 200 621 "https://pwmsolution.com/" "Mozilla/5.0 (Linux; Android 10; K) AppleWebKit/537.36 (KHTML, like Gecko) Chrome/135.0.0.0 Mobile Safari/537.36"
103.156.137.53 - - [28/Apr/2025:05:42:09 -0400] "GET /wp-content/plugins/pro-elements/assets/js/slides.fb6b9afd278bb9c5e75b.bundle.min.js HTTP/1.1" 200 1362 "https://pwmsolution.com/" "Mozilla/5.0 (Linux; Android 10; K) AppleWebKit/537.36 (KHTML, like Gecko) Chrome/135.0.0.0 Mobile Safari/537.36"
103.156.137.53 - - [28/Apr/2025:05:42:09 -0400] "GET /wp-content/plugins/elementor/assets/js/video.6ebfa2c3f5493cb2eaaf.bundle.min.js HTTP/1.1" 200 1228 "https://pwmsolution.com/" "Mozilla/5.0 (Linux; Android 10; K) AppleWebKit/537.36 (KHTML, like Gecko) Chrome/135.0.0.0 Mobile Safari/537.36"
103.156.137.53 - - [28/Apr/2025:05:42:09 -0400] "GET /wp-content/plugins/pro-elements/assets/js/carousel.9b02b45d7826c1c48f33.bundle.min.js HTTP/1.1" 200 1597 "https://pwmsolution.com/" "Mozilla/5.0 (Linux; Android 10; K) AppleWebKit/537.36 (KHTML, like Gecko) Chrome/135.0.0.0 Mobile Safari/537.36"
103.156.137.53 - - [28/Apr/2025:05:42:09 -0400] "GET /wp-content/plugins/pro-elements/assets/js/form.c4bc7eaa69583834a7d5.bundle.min.js HTTP/1.1" 200 4825 "https://pwmsolution.com/" "Mozilla/5.0 (Linux; Android 10; K) AppleWebKit/537.36 (KHTML, like Gecko) Chrome/135.0.0.0 Mobile Safari/537.36"
103.156.137.53 - - [28/Apr/2025:05:42:09 -0400] "GET /wp-content/plugins/pro-elements/assets/js/popup.085c1727e36940b18f29.bundle.min.js HTTP/1.1" 200 395 "https://pwmsolution.com/" "Mozilla/5.0 (Linux; Android 10; K) AppleWebKit/537.36 (KHTML, like Gecko) Chrome/135.0.0.0 Mobile Safari/537.36"
103.156.137.53 - - [28/Apr/2025:05:42:08 -0400] "GET /wp-content/uploads/2024/09/6010599_Woman_People_1280x720.mp4 HTTP/1.1" 206 2883584 "https://pwmsolution.com/" "Mozilla/5.0 (Linux; Android 10; K) AppleWebKit/537.36 (KHTML, like Gecko) Chrome/135.0.0.0 Mobile Safari/537.36"
103.156.137.53 - - [28/Apr/2025:05:42:12 -0400] "GET /wp-content/plugins/elementor/assets/lib/swiper/v8/swiper.min.js?ver=8.4.5 HTTP/1.1" 200 38152 "https://pwmsolution.com/" "Mozilla/5.0 (Linux; Android 10; K) AppleWebKit/537.36 (KHTML, like Gecko) Chrome/135.0.0.0 Mobile Safari/537.36"
103.156.137.53 - - [28/Apr/2025:05:42:13 -0400] "GET /favicon.ico HTTP/1.1" 404 1251 "https://pwmsolution.com/" "Mozilla/5.0 (Linux; Android 10; K) AppleWebKit/537.36 (KHTML, like Gecko) Chrome/135.0.0.0 Mobile Safari/537.36"
66.29.132.124 - - [28/Apr/2025:06:30:21 -0400] "POST /wp-cron.php?doing_wp_cron=1745836221.2797980308532714843750 HTTP/1.1" 200 0 "-" "WordPress/6.8; https://pwmsolution.com"
144.76.72.245 - - [28/Apr/2025:06:30:14 -0400] "GET /wp-content/plugins/staggs/readme.txt HTTP/1.1" 200 0 "-" "python-requests/2.32.3"
124.236.100.56 - - [28/Apr/2025:06:44:53 -0400] "GET / HTTP/1.1" 200 0 "-" "Mozilla/5.0 (Macintosh; Intel Mac OS X 10_12_4) AppleWebKit/537.36 (KHTML, like Gecko) Chrome/61.0.3163.100 Safari/537.36"
66.29.132.124 - - [28/Apr/2025:06:44:57 -0400] "POST /wp-cron.php?doing_wp_cron=1745837097.9302999973297119140625 HTTP/1.1" 200 0 "-" "WordPress/6.8; https://pwmsolution.com"
124.236.100.56 - - [28/Apr/2025:06:44:57 -0400] "GET / HTTP/1.1" 200 35149 "-" "Mozilla/5.0 (Windows NT 6.1; WOW64; rv:55.0) Gecko/20100101 Firefox/55.0"
66.29.132.124 - - [28/Apr/2025:07:03:42 -0400] "POST /wp-cron.php?doing_wp_cron=1745838222.2462849617004394531250 HTTP/1.1" 200 0 "-" "WordPress/6.8; https://pwmsolution.com"
40.77.167.77 - - [28/Apr/2025:07:03:35 -0400] "GET /wp-sitemap-posts-post-1.xml HTTP/1.1" 200 198 "-" "Mozilla/5.0 AppleWebKit/537.36 (KHTML, like Gecko; compatible; bingbot/2.0; +http://www.bing.com/bingbot.htm) Chrome/116.0.1938.76 Safari/537.36"
52.167.144.228 - - [28/Apr/2025:07:03:43 -0400] "GET /sitemap.xml.gz HTTP/1.1" 301 0 "-" "Mozilla/5.0 AppleWebKit/537.36 (KHTML, like Gecko; compatible; bingbot/2.0; +http://www.bing.com/bingbot.htm) Chrome/116.0.1938.76 Safari/537.36"
40.77.167.77 - - [28/Apr/2025:07:03:43 -0400] "GET /wp-sitemap-posts-elementor-hf-1.xml HTTP/1.1" 200 210 "-" "Mozilla/5.0 AppleWebKit/537.36 (KHTML, like Gecko; compatible; bingbot/2.0; +http://www.bing.com/bingbot.htm) Chrome/116.0.1938.76 Safari/537.36"
52.167.144.228 - - [28/Apr/2025:07:03:44 -0400] "GET /wp-sitemap.xml HTTP/1.1" 200 201 "-" "Mozilla/5.0 AppleWebKit/537.36 (KHTML, like Gecko; compatible; bingbot/2.0; +http://www.bing.com/bingbot.htm) Chrome/116.0.1938.76 Safari/537.36"
52.167.144.228 - - [28/Apr/2025:07:03:47 -0400] "GET /wp-sitemap-posts-page-1.xml HTTP/1.1" 200 385 "-" "Mozilla/5.0 AppleWebKit/537.36 (KHTML, like Gecko; compatible; bingbot/2.0; +http://www.bing.com/bingbot.htm) Chrome/116.0.1938.76 Safari/537.36"
52.167.144.228 - - [28/Apr/2025:07:03:48 -0400] "GET /wp-sitemap-users-1.xml HTTP/1.1" 200 158 "-" "Mozilla/5.0 AppleWebKit/537.36 (KHTML, like Gecko; compatible; bingbot/2.0; +http://www.bing.com/bingbot.htm) Chrome/116.0.1938.76 Safari/537.36"
66.29.132.124 - - [28/Apr/2025:07:03:54 -0400] "POST /wp-cron.php?doing_wp_cron=1745838233.9905829429626464843750 HTTP/1.1" 200 0 "-" "WordPress/6.8; https://pwmsolution.com"
52.167.144.228 - - [28/Apr/2025:07:03:53 -0400] "GET /wp-sitemap-taxonomies-category-1.xml HTTP/1.1" 200 159 "-" "Mozilla/5.0 AppleWebKit/537.36 (KHTML, like Gecko; compatible; bingbot/2.0; +http://www.bing.com/bingbot.htm) Chrome/116.0.1938.76 Safari/537.36"
66.29.132.124 - - [28/Apr/2025:07:10:43 -0400] "POST /wp-cron.php?doing_wp_cron=1745838642.6029319763183593750000 HTTP/1.1" 200 0 "-" "WordPress/6.8; https://pwmsolution.com"
118.89.233.234 - - [28/Apr/2025:07:10:34 -0400] "GET / HTTP/1.1" 301 0 "http://www.pwmsolution.com" "Mozilla/5.0 (iPhone; CPU iPhone OS 13_2_3 like Mac OS X) AppleWebKit/605.1.15 (KHTML, like Gecko) Version/13.0.3 Mobile/15E148 Safari/604.1"
118.89.233.234 - - [28/Apr/2025:07:10:45 -0400] "GET / HTTP/1.1" 200 35166 "https://www.pwmsolution.com/" "Mozilla/5.0 (iPhone; CPU iPhone OS 13_2_3 like Mac OS X) AppleWebKit/605.1.15 (KHTML, like Gecko) Version/13.0.3 Mobile/15E148 Safari/604.1"
66.29.132.124 - - [28/Apr/2025:07:15:26 -0400] "POST /wp-cron.php?doing_wp_cron=1745838925.1967658996582031250000 HTTP/1.1" 200 0 "-" "WordPress/6.8; https://pwmsolution.com"
94.102.55.18 - - [28/Apr/2025:07:15:17 -0400] "GET / HTTP/1.1" 200 35139 "-" "Mozilla/5.0 (iPhone; CPU iPhone OS 17_6_1 like Mac OS X) AppleWebKit/605.1.15 (KHTML, like Gecko) Version/17.6 Mobile/15E148 Safari/604.1"
31.13.103.8 - - [28/Apr/2025:07:15:48 -0400] "GET / HTTP/1.1" 200 183390 "-" "facebookexternalhit/1.1 (+http://www.facebook.com/externalhit_uatext.php)"
69.171.249.8 - - [28/Apr/2025:07:18:33 -0400] "GET / HTTP/1.1" 200 0 "-" "facebookexternalhit/1.1 (+http://www.facebook.com/externalhit_uatext.php)"
66.29.132.124 - - [28/Apr/2025:07:18:42 -0400] "POST /wp-cron.php?doing_wp_cron=1745839121.1583609580993652343750 HTTP/1.1" 200 0 "-" "WordPress/6.8; https://pwmsolution.com"
66.29.132.124 - - [28/Apr/2025:07:32:17 -0400] "POST /wp-cron.php?doing_wp_cron=1745839937.6717069149017333984375 HTTP/1.1" 200 0 "-" "WordPress/6.8; https://pwmsolution.com"
212.34.141.109 - - [28/Apr/2025:07:32:11 -0400] "GET / HTTP/1.1" 200 35151 "-" "Mozilla/5.0 (Macintosh; Intel Mac OS X 10_15_7) AppleWebKit/537.36 (KHTML, like Gecko) Chrome/133.0.0.0 Safari/537.36"
109.108.105.235 - - [28/Apr/2025:07:32:22 -0400] "POST / HTTP/1.1" 200 35166 "-" "Mozilla/5.0 (Macintosh; Intel Mac OS X 10_15_7) AppleWebKit/537.36 (KHTML, like Gecko) Chrome/133.0.0.0 Safari/537.36"
109.108.105.235 - - [28/Apr/2025:07:32:27 -0400] "POST / HTTP/1.1" 200 35139 "-" "Mozilla/5.0 (Windows NT 10.0; Win64; x64) AppleWebKit/537.36 (KHTML, like Gecko) Chrome/120.0.0.0 Safari/537.36"
109.108.105.235 - - [28/Apr/2025:07:32:34 -0400] "POST / HTTP/1.1" 200 35166 "-" "Mozilla/5.0 (Macintosh; Intel Mac OS X 10_15_7) AppleWebKit/537.36 (KHTML, like Gecko) Chrome/133.0.0.0 Safari/537.36"
66.29.132.124 - - [28/Apr/2025:07:32:47 -0400] "POST /wp-cron.php?doing_wp_cron=1745839967.2481811046600341796875 HTTP/1.1" 200 0 "-" "WordPress/6.8; https://pwmsolution.com"
212.34.141.109 - - [28/Apr/2025:07:32:46 -0400] "GET /comments/feed/ HTTP/1.1" 200 742 "-" "Mozilla/5.0 (Macintosh; Intel Mac OS X 10_15_7) AppleWebKit/537.36 (KHTML, like Gecko) Chrome/133.0.0.0 Safari/537.36"
212.34.141.109 - - [28/Apr/2025:07:32:48 -0400] "GET /contact-us/ HTTP/1.1" 200 27971 "-" "Mozilla/5.0 (Macintosh; Intel Mac OS X 10_15_7) AppleWebKit/537.36 (KHTML, like Gecko) Chrome/133.0.0.0 Safari/537.36"
109.108.105.235 - - [28/Apr/2025:07:33:01 -0400] "POST /contact-us/ HTTP/1.1" 200 27996 "-" "Mozilla/5.0 (Macintosh; Intel Mac OS X 10_15_7) AppleWebKit/537.36 (KHTML, like Gecko) Chrome/133.0.0.0 Safari/537.36"
109.108.105.235 - - [28/Apr/2025:07:33:07 -0400] "POST /contact-us/ HTTP/1.1" 200 28000 "-" "Mozilla/5.0 (Windows NT 10.0; Win64; x64) AppleWebKit/537.36 (KHTML, like Gecko) Chrome/120.0.0.0 Safari/537.36"
109.108.105.235 - - [28/Apr/2025:07:33:17 -0400] "POST /contact-us/ HTTP/1.1" 200 27996 "-" "Mozilla/5.0 (Macintosh; Intel Mac OS X 10_15_7) AppleWebKit/537.36 (KHTML, like Gecko) Chrome/133.0.0.0 Safari/537.36"
109.108.105.235 - - [28/Apr/2025:07:33:24 -0400] "POST /contact-us/ HTTP/1.1" 200 27996 "-" "Mozilla/5.0 (Windows NT 10.0; Win64; x64) AppleWebKit/537.36 (KHTML, like Gecko) Chrome/120.0.0.0 Safari/537.36"
66.29.132.124 - - [28/Apr/2025:07:38:16 -0400] "POST /wp-cron.php?doing_wp_cron=1745840296.5231189727783203125000 HTTP/1.1" 200 0 "-" "WordPress/6.8; https://pwmsolution.com"
49.113.95.176 - - [28/Apr/2025:07:38:09 -0400] "GET / HTTP/1.1" 200 183390 "-" "Go-http-client/1.1"
66.220.149.11 - - [28/Apr/2025:08:40:33 -0400] "GET / HTTP/1.1" 301 0 "-" "facebookexternalhit/1.1 (+http://www.facebook.com/externalhit_uatext.php)"
66.220.149.11 - - [28/Apr/2025:08:40:33 -0400] "GET /meta.json HTTP/1.1" 301 0 "-" "facebookexternalhit/1.1 (+http://www.facebook.com/externalhit_uatext.php)"
66.220.149.11 - - [28/Apr/2025:08:40:33 -0400] "GET / HTTP/1.1" 301 0 "-" "facebookexternalhit/1.1 (+http://www.facebook.com/externalhit_uatext.php)"
66.29.132.124 - - [28/Apr/2025:08:40:41 -0400] "POST /wp-cron.php?doing_wp_cron=1745844038.9609661102294921875000 HTTP/1.1" 200 0 "-" "WordPress/6.8; https://pwmsolution.com"
66.29.132.124 - - [28/Apr/2025:08:40:41 -0400] "POST /wp-cron.php?doing_wp_cron=1745844038.9617009162902832031250 HTTP/1.1" 200 0 "-" "WordPress/6.8; https://pwmsolution.com"
66.29.132.124 - - [28/Apr/2025:08:56:30 -0400] "POST /wp-cron.php?doing_wp_cron=1745844990.0134050846099853515625 HTTP/1.1" 200 0 "-" "WordPress/6.8; https://pwmsolution.com"
205.210.31.129 - - [28/Apr/2025:08:56:22 -0400] "GET / HTTP/1.1" 200 0 "http://66.29.132.124:80/" "-"
66.29.132.124 - - [28/Apr/2025:08:56:46 -0400] "GET / HTTP/1.1" 200 0 "-" "WordPress/6.8; https://pwmsolution.com"
66.29.132.124 - - [28/Apr/2025:08:56:58 -0400] "POST /wp-cron.php?doing_wp_cron=1745845018.0811600685119628906250 HTTP/1.1" 200 0 "-" "WordPress/6.8; https://pwmsolution.com"
43.157.156.190 - - [28/Apr/2025:08:56:56 -0400] "GET / HTTP/1.1" 301 0 "http://www.pwmsolution.com" "Mozilla/5.0 (iPhone; CPU iPhone OS 13_2_3 like Mac OS X) AppleWebKit/605.1.15 (KHTML, like Gecko) Version/13.0.3 Mobile/15E148 Safari/604.1"
43.157.156.190 - - [28/Apr/2025:08:57:00 -0400] "GET / HTTP/1.1" 200 35166 "https://www.pwmsolution.com/" "Mozilla/5.0 (iPhone; CPU iPhone OS 13_2_3 like Mac OS X) AppleWebKit/605.1.15 (KHTML, like Gecko) Version/13.0.3 Mobile/15E148 Safari/604.1"
66.29.132.124 - - [28/Apr/2025:08:59:33 -0400] "POST /wp-cron.php?doing_wp_cron=1745845173.5075170993804931640625 HTTP/1.1" 200 0 "-" "WordPress/6.8; https://pwmsolution.com"
43.173.1.57 - - [28/Apr/2025:08:59:28 -0400] "GET / HTTP/1.1" 200 35150 "http://pwmsolution.com" "Mozilla/5.0 (iPhone; CPU iPhone OS 13_2_3 like Mac OS X) AppleWebKit/605.1.15 (KHTML, like Gecko) Version/13.0.3 Mobile/15E148 Safari/604.1"
66.29.132.124 - - [28/Apr/2025:09:06:59 -0400] "POST /wp-cron.php?doing_wp_cron=1745845618.4460079669952392578125 HTTP/1.1" 200 0 "-" "WordPress/6.8; https://pwmsolution.com"
4.227.36.32 - - [28/Apr/2025:09:06:50 -0400] "GET /robots.txt HTTP/1.1" 200 95 "-" "Mozilla/5.0 AppleWebKit/537.36 (KHTML, like Gecko; compatible; GPTBot/1.2; +https://openai.com/gptbot)"
20.171.207.81 - - [28/Apr/2025:09:07:00 -0400] "GET /wp-includes/blocks/social-link/ HTTP/1.1" 403 1242 "-" "Mozilla/5.0 AppleWebKit/537.36 (KHTML, like Gecko; compatible; GPTBot/1.2; +https://openai.com/gptbot)"
20.171.207.81 - - [28/Apr/2025:09:10:06 -0400] "GET /wp-includes/js/tinymce/plugins/charmap/ HTTP/1.1" 403 1242 "-" "Mozilla/5.0 AppleWebKit/537.36 (KHTML, like Gecko; compatible; GPTBot/1.2; +https://openai.com/gptbot)"
66.29.132.124 - - [28/Apr/2025:09:21:09 -0400] "POST /wp-cron.php?doing_wp_cron=1745846468.6186161041259765625000 HTTP/1.1" 200 0 "-" "WordPress/6.8; https://pwmsolution.com"
173.252.83.4 - - [28/Apr/2025:09:20:59 -0400] "GET /robots.txt HTTP/1.1" 301 0 "-" "facebookexternalhit/1.1 (+http://www.facebook.com/externalhit_uatext.php)"
173.252.83.4 - - [28/Apr/2025:09:21:10 -0400] "GET /robots.txt HTTP/1.1" 200 116 "-" "facebookexternalhit/1.1 (+http://www.facebook.com/externalhit_uatext.php)"
66.29.132.124 - - [28/Apr/2025:09:27:58 -0400] "POST /wp-cron.php?doing_wp_cron=1745846877.0788369178771972656250 HTTP/1.1" 200 0 "-" "WordPress/6.8; https://pwmsolution.com"
217.182.194.41 - - [28/Apr/2025:09:27:47 -0400] "GET /robots.txt HTTP/1.1" 200 116 "-" "Mozilla/5.0 (compatible; MJ12bot/v1.4.8; http://mj12bot.com/)"
217.182.194.41 - - [28/Apr/2025:09:28:01 -0400] "GET /tourist-visa/ HTTP/1.1" 200 20139 "-" "Mozilla/5.0 (compatible; MJ12bot/v1.4.8; http://mj12bot.com/)"
66.29.132.124 - - [28/Apr/2025:09:56:37 -0400] "POST /wp-cron.php?doing_wp_cron=1745848596.4110610485076904296875 HTTP/1.1" 200 0 "-" "WordPress/6.8; https://pwmsolution.com"
66.249.65.203 - - [28/Apr/2025:09:56:28 -0400] "GET / HTTP/1.1" 200 29477 "-" "Mozilla/5.0 (compatible; Googlebot/2.1; +http://www.google.com/bot.html)"
66.29.132.124 - - [28/Apr/2025:10:07:00 -0400] "POST /wp-cron.php?doing_wp_cron=1745849219.7890489101409912109375 HTTP/1.1" 200 0 "-" "WordPress/6.8; https://pwmsolution.com"
66.249.65.203 - - [28/Apr/2025:10:06:53 -0400] "GET /comments/feed/ HTTP/1.1" 200 703 "-" "Mozilla/5.0 (compatible; Googlebot/2.1; +http://www.google.com/bot.html)"
66.29.132.124 - - [28/Apr/2025:10:09:40 -0400] "POST /wp-cron.php?doing_wp_cron=1745849380.7673718929290771484375 HTTP/1.1" 200 0 "-" "WordPress/6.8; https://pwmsolution.com"
66.249.65.202 - - [28/Apr/2025:10:09:34 -0400] "GET /feed/ HTTP/1.1" 200 678 "-" "Mozilla/5.0 (compatible; Googlebot/2.1; +http://www.google.com/bot.html)"
66.29.132.124 - - [28/Apr/2025:10:31:03 -0400] "POST /wp-cron.php?doing_wp_cron=1745850662.9285480976104736328125 HTTP/1.1" 200 0 "-" "WordPress/6.8; https://pwmsolution.com"
117.62.235.53 - - [28/Apr/2025:10:30:57 -0400] "GET / HTTP/1.1" 200 35140 "http://pwmsolution.com" "Mozilla/5.0 (iPhone; CPU iPhone OS 13_2_3 like Mac OS X) AppleWebKit/605.1.15 (KHTML, like Gecko) Version/13.0.3 Mobile/15E148 Safari/604.1"
66.29.132.124 - - [28/Apr/2025:10:33:21 -0400] "POST /wp-cron.php?doing_wp_cron=1745850800.5728940963745117187500 HTTP/1.1" 200 0 "-" "WordPress/6.8; https://pwmsolution.com"
42.200.230.171 - - [28/Apr/2025:10:33:13 -0400] "GET /robots.txt HTTP/1.1" 200 116 "-" "Mozilla/5.0 (compatible; MJ12bot/v1.4.8; http://mj12bot.com/)"
42.200.230.171 - - [28/Apr/2025:10:33:24 -0400] "GET /working-visa/ HTTP/1.1" 200 20122 "-" "Mozilla/5.0 (compatible; MJ12bot/v1.4.8; http://mj12bot.com/)"
42.200.230.171 - - [28/Apr/2025:10:33:29 -0400] "GET /robots.txt HTTP/1.1" 200 116 "-" "Mozilla/5.0 (compatible; MJ12bot/v1.4.8; http://mj12bot.com/)"
42.200.230.171 - - [28/Apr/2025:10:33:31 -0400] "GET /working-visa/ HTTP/1.1" 200 19937 "-" "Mozilla/5.0 (compatible; MJ12bot/v1.4.8; http://mj12bot.com/)"
20.171.207.81 - - [28/Apr/2025:10:41:23 -0400] "GET /wp-includes/blocks/categories/ HTTP/1.1" 403 1242 "-" "Mozilla/5.0 AppleWebKit/537.36 (KHTML, like Gecko; compatible; GPTBot/1.2; +https://openai.com/gptbot)"
20.171.207.81 - - [28/Apr/2025:10:57:34 -0400] "GET /wp-includes/sodium_compat/src/Core32/SecretStream/ HTTP/1.1" 403 1242 "-" "Mozilla/5.0 AppleWebKit/537.36 (KHTML, like Gecko; compatible; GPTBot/1.2; +https://openai.com/gptbot)"
20.171.207.81 - - [28/Apr/2025:11:09:22 -0400] "GET /wp-includes/customize/ HTTP/1.1" 403 1242 "-" "Mozilla/5.0 AppleWebKit/537.36 (KHTML, like Gecko; compatible; GPTBot/1.2; +https://openai.com/gptbot)"
20.171.207.81 - - [28/Apr/2025:11:12:59 -0400] "GET /wp-includes/Text/ HTTP/1.1" 403 1242 "-" "Mozilla/5.0 AppleWebKit/537.36 (KHTML, like Gecko; compatible; GPTBot/1.2; +https://openai.com/gptbot)"
20.171.207.81 - - [28/Apr/2025:11:15:36 -0400] "GET /wp-includes/css/dist/block-directory/ HTTP/1.1" 403 1242 "-" "Mozilla/5.0 AppleWebKit/537.36 (KHTML, like Gecko; compatible; GPTBot/1.2; +https://openai.com/gptbot)"
66.29.132.124 - - [28/Apr/2025:11:18:41 -0400] "POST /wp-cron.php?doing_wp_cron=1745853520.0245549678802490234375 HTTP/1.1" 200 0 "-" "WordPress/6.8; https://pwmsolution.com"
20.171.207.81 - - [28/Apr/2025:11:18:30 -0400] "GET /wp-includes/Requests/Exception/Transport/ HTTP/1.1" 404 13970 "-" "Mozilla/5.0 AppleWebKit/537.36 (KHTML, like Gecko; compatible; GPTBot/1.2; +https://openai.com/gptbot)"
66.29.132.124 - - [28/Apr/2025:11:34:54 -0400] "POST /wp-cron.php?doing_wp_cron=1745854493.5893440246582031250000 HTTP/1.1" 200 0 "-" "WordPress/6.8; https://pwmsolution.com"
20.171.207.81 - - [28/Apr/2025:11:34:42 -0400] "GET /?p=3 HTTP/1.1" 301 0 "-" "Mozilla/5.0 AppleWebKit/537.36 (KHTML, like Gecko; compatible; GPTBot/1.2; +https://openai.com/gptbot)"
20.171.207.81 - - [28/Apr/2025:11:34:55 -0400] "GET /wp-json/wp/v2/pages/3 HTTP/1.1" 200 7155 "-" "Mozilla/5.0 AppleWebKit/537.36 (KHTML, like Gecko; compatible; GPTBot/1.2; +https://openai.com/gptbot)"
20.171.207.81 - - [28/Apr/2025:11:35:11 -0400] "GET /wp-includes/css/dist/widgets/ HTTP/1.1" 403 1242 "-" "Mozilla/5.0 AppleWebKit/537.36 (KHTML, like Gecko; compatible; GPTBot/1.2; +https://openai.com/gptbot)"
