20.171.207.81 - - [28/Apr/2025:11:42:18 -0400] "GET /wp-includes/blocks/freeform/ HTTP/1.1" 403 1242 "-" "Mozilla/5.0 AppleWebKit/537.36 (KHTML, like Gecko; compatible; GPTBot/1.2; +https://openai.com/gptbot)"
20.171.207.81 - - [28/Apr/2025:11:46:22 -0400] "GET /wp-includes/blocks/text-columns/ HTTP/1.1" 403 1242 "-" "Mozilla/5.0 AppleWebKit/537.36 (KHTML, like Gecko; compatible; GPTBot/1.2; +https://openai.com/gptbot)"
20.171.207.81 - - [28/Apr/2025:11:51:59 -0400] "GET /wp-includes/SimplePie/ HTTP/1.1" 403 1242 "-" "Mozilla/5.0 AppleWebKit/537.36 (KHTML, like Gecko; compatible; GPTBot/1.2; +https://openai.com/gptbot)"
173.252.87.10 - - [28/Apr/2025:11:54:37 -0400] "GET / HTTP/1.1" 301 0 "-" "facebookexternalhit/1.1 (+http://www.facebook.com/externalhit_uatext.php)"
173.252.87.112 - - [28/Apr/2025:11:54:37 -0400] "GET / HTTP/1.1" 200 0 "-" "facebookexternalhit/1.1 (+http://www.facebook.com/externalhit_uatext.php)"
66.29.132.124 - - [28/Apr/2025:11:54:45 -0400] "POST /wp-cron.php?doing_wp_cron=1745855684.7090499401092529296875 HTTP/1.1" 200 0 "-" "WordPress/6.8; https://pwmsolution.com"
173.252.87.20 - - [28/Apr/2025:11:54:45 -0400] "GET / HTTP/1.1" 200 183390 "-" "facebookexternalhit/1.1 (+http://www.facebook.com/externalhit_uatext.php)"
20.171.207.81 - - [28/Apr/2025:12:00:31 -0400] "GET /wp-includes/blocks/preformatted/ HTTP/1.1" 403 1242 "-" "Mozilla/5.0 AppleWebKit/537.36 (KHTML, like Gecko; compatible; GPTBot/1.2; +https://openai.com/gptbot)"
20.171.207.81 - - [28/Apr/2025:12:06:15 -0400] "GET /wp-includes/pomo/ HTTP/1.1" 403 1242 "-" "Mozilla/5.0 AppleWebKit/537.36 (KHTML, like Gecko; compatible; GPTBot/1.2; +https://openai.com/gptbot)"
66.29.132.124 - - [28/Apr/2025:12:07:44 -0400] "POST /wp-cron.php?doing_wp_cron=1745856464.5786719322204589843750 HTTP/1.1" 200 0 "-" "WordPress/6.8; https://pwmsolution.com"
52.167.144.207 - - [28/Apr/2025:12:07:35 -0400] "GET /sitemap_index.xml HTTP/1.1" 301 0 "-" "Mozilla/5.0 AppleWebKit/537.36 (KHTML, like Gecko; compatible; bingbot/2.0; +http://www.bing.com/bingbot.htm) Chrome/116.0.1938.76 Safari/537.36"
52.167.144.195 - - [28/Apr/2025:12:07:57 -0400] "GET /sitemap_index.xml HTTP/1.1" 404 13970 "-" "Mozilla/5.0 AppleWebKit/537.36 (KHTML, like Gecko; compatible; bingbot/2.0; +http://www.bing.com/bingbot.htm) Chrome/116.0.1938.76 Safari/537.36"
66.29.132.124 - - [28/Apr/2025:12:18:51 -0400] "POST /wp-cron.php?doing_wp_cron=1745857130.6105160713195800781250 HTTP/1.1" 200 0 "-" "WordPress/6.8; https://pwmsolution.com"
52.168.148.175 - - [28/Apr/2025:12:18:41 -0400] "GET /autoload_classmap.php HTTP/1.1" 404 81035 "-" "-"
52.168.148.175 - - [28/Apr/2025:12:18:54 -0400] "GET /post.php HTTP/1.1" 404 81035 "-" "-"
52.168.148.175 - - [28/Apr/2025:12:18:57 -0400] "GET /1.php HTTP/1.1" 404 81035 "-" "-"
52.168.148.175 - - [28/Apr/2025:12:19:01 -0400] "GET /flower.php HTTP/1.1" 404 81035 "-" "-"
52.168.148.175 - - [28/Apr/2025:12:19:05 -0400] "GET /admin.php HTTP/1.1" 404 12 "-" "-"
52.168.148.175 - - [28/Apr/2025:12:19:06 -0400] "GET /file.php HTTP/1.1" 404 81035 "-" "-"
52.168.148.175 - - [28/Apr/2025:12:19:10 -0400] "GET /meta.php HTTP/1.1" 404 81035 "-" "-"
52.168.148.175 - - [28/Apr/2025:12:19:14 -0400] "GET /index.php HTTP/1.1" 301 0 "-" "-"
52.168.148.175 - - [28/Apr/2025:12:19:15 -0400] "GET / HTTP/1.1" 200 183390 "-" "-"
52.168.148.175 - - [28/Apr/2025:12:19:18 -0400] "GET /about.php HTTP/1.1" 404 81035 "-" "-"
52.168.148.175 - - [28/Apr/2025:12:19:22 -0400] "GET /randkeyword.php HTTP/1.1" 404 81035 "-" "-"
52.168.148.175 - - [28/Apr/2025:12:19:25 -0400] "GET /goods.php HTTP/1.1" 404 81035 "-" "-"
40.77.167.74 - - [28/Apr/2025:12:19:30 -0400] "GET /wp-content/uploads/2024/08/2149601367-1-compressed-768x513.jpg HTTP/1.1" 200 51675 "-" "Mozilla/5.0 AppleWebKit/537.36 (KHTML, like Gecko; compatible; bingbot/2.0; +http://www.bing.com/bingbot.htm) Chrome/116.0.1938.76 Safari/537.36"
52.168.148.175 - - [28/Apr/2025:12:19:30 -0400] "GET /hehe.php HTTP/1.1" 404 81035 "-" "-"
52.168.148.175 - - [28/Apr/2025:12:19:31 -0400] "GET /yindu.php HTTP/1.1" 404 81035 "-" "-"
52.168.148.175 - - [28/Apr/2025:12:19:35 -0400] "GET /wp-admin/class-db.php HTTP/1.1" 404 81035 "-" "-"
52.168.148.175 - - [28/Apr/2025:12:19:39 -0400] "GET /baxa1.phP8 HTTP/1.1" 404 81035 "-" "-"
52.168.148.175 - - [28/Apr/2025:12:19:42 -0400] "GET /baxa1.php HTTP/1.1" 404 81035 "-" "-"
66.29.132.124 - - [28/Apr/2025:12:19:47 -0400] "POST /wp-cron.php?doing_wp_cron=1745857187.1884889602661132812500 HTTP/1.1" 200 0 "-" "WordPress/6.8; https://pwmsolution.com"
52.168.148.175 - - [28/Apr/2025:12:19:46 -0400] "GET /.well-known/index.php HTTP/1.1" 301 0 "-" "-"
52.168.148.175 - - [28/Apr/2025:12:19:48 -0400] "GET /.well-known/ HTTP/1.1" 403 1242 "-" "-"
52.168.148.175 - - [28/Apr/2025:12:19:50 -0400] "GET /libraries/phpmailer/index.php HTTP/1.1" 301 0 "-" "-"
52.168.148.175 - - [28/Apr/2025:12:19:51 -0400] "GET /libraries/phpmailer/ HTTP/1.1" 404 81035 "-" "-"
212.113.198.195 - - [28/Apr/2025:12:19:53 -0400] "GET /wp-json/wp/v2/users/ HTTP/1.1" 200 1636 "-" "Mozilla/5.0 (X11; Linux x86_64) AppleWebKit/537.36 (KHTML, like Gecko) Chrome/135.0.7049.42 Safari/537.36"
52.168.148.175 - - [28/Apr/2025:12:19:53 -0400] "GET /wp-admin/autoload_classmap.php HTTP/1.1" 404 81035 "-" "-"
52.168.148.175 - - [28/Apr/2025:12:19:57 -0400] "GET /wp-admin/css/colors/blue/1.php HTTP/1.1" 404 81035 "-" "-"
52.168.148.175 - - [28/Apr/2025:12:20:00 -0400] "GET /wp-content/plugins/about.php HTTP/1.1" 404 81035 "-" "-"
52.168.148.175 - - [28/Apr/2025:12:20:04 -0400] "GET /wp-content/plugins/index.php HTTP/1.1" 200 0 "-" "-"
52.168.148.175 - - [28/Apr/2025:12:20:07 -0400] "GET /wp-content/plugins/about.php HTTP/1.1" 404 81035 "-" "-"
52.168.148.175 - - [28/Apr/2025:12:20:11 -0400] "GET /wp-content/uploads/BbUMY/flower.php HTTP/1.1" 404 81035 "-" "-"
52.168.148.175 - - [28/Apr/2025:12:20:15 -0400] "GET /wp-includes/ID3/file.php HTTP/1.1" 404 81035 "-" "-"
52.168.148.175 - - [28/Apr/2025:12:20:18 -0400] "GET /wp-includes/Text/Diff/Engine/about.php HTTP/1.1" 404 81035 "-" "-"
52.168.148.175 - - [28/Apr/2025:12:20:20 -0400] "GET /wp-includes/Text/Diff/Engine/index.php HTTP/1.1" 301 0 "-" "-"
52.168.148.175 - - [28/Apr/2025:12:20:21 -0400] "GET /wp-includes/Text/Diff/Engine/ HTTP/1.1" 403 1242 "-" "-"
52.168.148.175 - - [28/Apr/2025:12:20:22 -0400] "GET /wp-includes/css/index.php HTTP/1.1" 301 0 "-" "-"
52.168.148.175 - - [28/Apr/2025:12:20:23 -0400] "GET /wp-includes/css/ HTTP/1.1" 403 1242 "-" "-"
52.168.148.175 - - [28/Apr/2025:12:20:24 -0400] "GET /wp-includes/css/xc.php HTTP/1.1" 404 81035 "-" "-"
52.168.148.175 - - [28/Apr/2025:12:20:26 -0400] "GET /wp-includes/images/about.php HTTP/1.1" 404 81035 "-" "-"
52.168.148.175 - - [28/Apr/2025:12:20:27 -0400] "GET /wp-includes/images/crystal/index.php HTTP/1.1" 301 0 "-" "-"
52.168.148.175 - - [28/Apr/2025:12:20:28 -0400] "GET /wp-includes/images/crystal/ HTTP/1.1" 403 1242 "-" "-"
52.168.148.175 - - [28/Apr/2025:12:20:28 -0400] "GET /wp/index.php HTTP/1.1" 301 0 "-" "-"
52.168.148.175 - - [28/Apr/2025:12:20:29 -0400] "GET /wp/ HTTP/1.1" 404 81035 "-" "-"
52.168.148.175 - - [28/Apr/2025:12:20:31 -0400] "GET /user.php HTTP/1.1" 404 81035 "-" "-"
52.168.148.175 - - [28/Apr/2025:12:20:34 -0400] "GET /wp-2019.php HTTP/1.1" 404 81035 "-" "-"
52.168.148.175 - - [28/Apr/2025:12:20:38 -0400] "GET /chosen.php HTTP/1.1" 404 81035 "-" "-"
52.168.148.175 - - [28/Apr/2025:12:20:43 -0400] "GET /functions.php HTTP/1.1" 404 81035 "-" "-"
66.29.132.124 - - [28/Apr/2025:12:20:47 -0400] "POST /wp-cron.php?doing_wp_cron=1745857247.4050920009613037109375 HTTP/1.1" 200 0 "-" "WordPress/6.8; https://pwmsolution.com"
52.168.148.175 - - [28/Apr/2025:12:20:46 -0400] "GET /cron.php HTTP/1.1" 404 81035 "-" "-"
52.168.148.175 - - [28/Apr/2025:12:20:51 -0400] "GET /edit.php HTTP/1.1" 404 81035 "-" "-"
52.168.148.175 - - [28/Apr/2025:12:20:53 -0400] "GET /gecko-new.php HTTP/1.1" 404 81035 "-" "-"
52.168.148.175 - - [28/Apr/2025:12:20:56 -0400] "GET /cookie.php HTTP/1.1" 404 81035 "-" "-"
52.168.148.175 - - [28/Apr/2025:12:20:58 -0400] "GET /xleet.php HTTP/1.1" 404 81035 "-" "-"
52.168.148.175 - - [28/Apr/2025:12:21:00 -0400] "GET /spip.php HTTP/1.1" 404 81035 "-" "-"
52.168.148.175 - - [28/Apr/2025:12:21:02 -0400] "GET /22.php HTTP/1.1" 404 81035 "-" "-"
52.168.148.175 - - [28/Apr/2025:12:21:04 -0400] "GET /room.php HTTP/1.1" 404 81035 "-" "-"
52.168.148.175 - - [28/Apr/2025:12:21:07 -0400] "GET /disagreed.php HTTP/1.1" 404 81035 "-" "-"
52.168.148.175 - - [28/Apr/2025:12:21:09 -0400] "GET /text.php HTTP/1.1" 404 81035 "-" "-"
52.168.148.175 - - [28/Apr/2025:12:21:11 -0400] "GET /alfa-rex.php HTTP/1.1" 404 81035 "-" "-"
52.168.148.175 - - [28/Apr/2025:12:21:13 -0400] "GET /alfa-rex.php7 HTTP/1.1" 404 81035 "-" "-"
52.168.148.175 - - [28/Apr/2025:12:21:16 -0400] "GET /feeds.php HTTP/1.1" 404 81035 "-" "-"
52.168.148.175 - - [28/Apr/2025:12:21:18 -0400] "GET /radio.php HTTP/1.1" 404 81035 "-" "-"
52.168.148.175 - - [28/Apr/2025:12:21:21 -0400] "GET /dropdown.php HTTP/1.1" 404 81035 "-" "-"
52.168.148.175 - - [28/Apr/2025:12:21:23 -0400] "GET /defaults.php HTTP/1.1" 404 81035 "-" "-"
52.168.148.175 - - [28/Apr/2025:12:21:25 -0400] "GET /system.php HTTP/1.1" 404 81035 "-" "-"
52.168.148.175 - - [28/Apr/2025:12:21:26 -0400] "GET /xmlrpc.php HTTP/1.1" 405 42 "-" "-"
52.168.148.175 - - [28/Apr/2025:12:21:29 -0400] "GET /xmlrpc.php0 HTTP/1.1" 404 81035 "-" "-"
52.168.148.175 - - [28/Apr/2025:12:21:30 -0400] "GET /colors.php HTTP/1.1" 404 81035 "-" "-"
52.168.148.175 - - [28/Apr/2025:12:21:32 -0400] "GET /updates.php HTTP/1.1" 404 81035 "-" "-"
52.168.148.175 - - [28/Apr/2025:12:21:34 -0400] "GET /alfa-rex1.php HTTP/1.1" 404 81035 "-" "-"
52.168.148.175 - - [28/Apr/2025:12:21:35 -0400] "GET /wp-index.php HTTP/1.1" 404 81035 "-" "-"
52.168.148.175 - - [28/Apr/2025:12:21:38 -0400] "GET /wp-admin.php HTTP/1.1" 404 81035 "-" "-"
52.168.148.175 - - [28/Apr/2025:12:21:40 -0400] "GET /alfa.php HTTP/1.1" 404 81035 "-" "-"
52.168.148.175 - - [28/Apr/2025:12:21:42 -0400] "GET /alfanew.php7 HTTP/1.1" 404 81035 "-" "-"
52.168.148.175 - - [28/Apr/2025:12:21:44 -0400] "GET /locale.php HTTP/1.1" 404 81035 "-" "-"
52.168.148.175 - - [28/Apr/2025:12:21:46 -0400] "GET /wxo.php HTTP/1.1" 404 81035 "-" "-"
66.29.132.124 - - [28/Apr/2025:12:21:49 -0400] "POST /wp-cron.php?doing_wp_cron=1745857308.8563699722290039062500 HTTP/1.1" 200 0 "-" "WordPress/6.8; https://pwmsolution.com"
52.168.148.175 - - [28/Apr/2025:12:21:48 -0400] "GET /colour.php HTTP/1.1" 404 81035 "-" "-"
52.168.148.175 - - [28/Apr/2025:12:21:50 -0400] "GET /files.php HTTP/1.1" 404 81035 "-" "-"
52.168.148.175 - - [28/Apr/2025:12:21:52 -0400] "GET /install.php HTTP/1.1" 404 81035 "-" "-"
52.168.148.175 - - [28/Apr/2025:12:21:54 -0400] "GET /wp-contentt.php HTTP/1.1" 404 81035 "-" "-"
52.168.148.175 - - [28/Apr/2025:12:21:56 -0400] "GET /config.php7 HTTP/1.1" 404 81035 "-" "-"
52.168.148.175 - - [28/Apr/2025:12:21:58 -0400] "GET /config.php HTTP/1.1" 404 81035 "-" "-"
52.168.148.175 - - [28/Apr/2025:12:22:01 -0400] "GET /theme.php HTTP/1.1" 404 81035 "-" "-"
52.168.148.175 - - [28/Apr/2025:12:22:05 -0400] "GET /block-bindings.php HTTP/1.1" 404 81035 "-" "-"
52.168.148.175 - - [28/Apr/2025:12:22:06 -0400] "GET /class_api.php HTTP/1.1" 404 81035 "-" "-"
52.168.148.175 - - [28/Apr/2025:12:22:08 -0400] "GET /inputs.php HTTP/1.1" 404 81035 "-" "-"
52.168.148.175 - - [28/Apr/2025:12:22:10 -0400] "GET /root.php HTTP/1.1" 404 81035 "-" "-"
52.168.148.175 - - [28/Apr/2025:12:22:12 -0400] "GET /menu.php HTTP/1.1" 404 81035 "-" "-"
52.168.148.175 - - [28/Apr/2025:12:22:15 -0400] "GET /plugin.php HTTP/1.1" 404 81035 "-" "-"
52.168.148.175 - - [28/Apr/2025:12:22:18 -0400] "GET /cloud.php HTTP/1.1" 404 81035 "-" "-"
52.168.148.175 - - [28/Apr/2025:12:22:21 -0400] "GET /configs.php HTTP/1.1" 404 81035 "-" "-"
52.168.148.175 - - [28/Apr/2025:12:22:23 -0400] "GET /wp-configs.php HTTP/1.1" 404 81035 "-" "-"
52.168.148.175 - - [28/Apr/2025:12:22:25 -0400] "GET /update.php HTTP/1.1" 404 81035 "-" "-"
52.168.148.175 - - [28/Apr/2025:12:22:27 -0400] "GET /2.php HTTP/1.1" 404 81035 "-" "-"
52.168.148.175 - - [28/Apr/2025:12:22:29 -0400] "GET /input.php HTTP/1.1" 404 81035 "-" "-"
52.168.148.175 - - [28/Apr/2025:12:22:33 -0400] "GET /aaa.php HTTP/1.1" 404 81035 "-" "-"
66.29.132.124 - - [28/Apr/2025:12:26:19 -0400] "POST /wp-cron.php?doing_wp_cron=1745857578.2444100379943847656250 HTTP/1.1" 200 0 "-" "WordPress/6.8; https://pwmsolution.com"
54.36.149.15 - - [28/Apr/2025:12:26:09 -0400] "GET / HTTP/1.1" 200 29479 "-" "Mozilla/5.0 (compatible; AhrefsBot/7.0; +http://ahrefs.com/robot/)"
20.171.207.81 - - [28/Apr/2025:12:38:14 -0400] "GET /wp-includes/css/dist/patterns/ HTTP/1.1" 403 1242 "-" "Mozilla/5.0 AppleWebKit/537.36 (KHTML, like Gecko; compatible; GPTBot/1.2; +https://openai.com/gptbot)"
66.29.132.124 - - [28/Apr/2025:13:02:39 -0400] "POST /wp-cron.php?doing_wp_cron=1745859759.4349610805511474609375 HTTP/1.1" 200 0 "-" "WordPress/6.8; https://pwmsolution.com"
52.167.144.177 - - [28/Apr/2025:13:02:29 -0400] "GET /sitemap_index.xml HTTP/1.1" 301 0 "-" "Mozilla/5.0 AppleWebKit/537.36 (KHTML, like Gecko; compatible; bingbot/2.0; +http://www.bing.com/bingbot.htm) Chrome/116.0.1938.76 Safari/537.36"
40.77.167.8 - - [28/Apr/2025:13:02:50 -0400] "GET /sitemap_index.xml HTTP/1.1" 404 13970 "-" "Mozilla/5.0 AppleWebKit/537.36 (KHTML, like Gecko; compatible; bingbot/2.0; +http://www.bing.com/bingbot.htm) Chrome/116.0.1938.76 Safari/537.36"
20.171.207.81 - - [28/Apr/2025:13:12:01 -0400] "GET /wp-includes/blocks/more/ HTTP/1.1" 403 1242 "-" "Mozilla/5.0 AppleWebKit/537.36 (KHTML, like Gecko; compatible; GPTBot/1.2; +https://openai.com/gptbot)"
66.29.132.124 - - [28/Apr/2025:13:17:24 -0400] "POST /wp-cron.php?doing_wp_cron=1745860644.4646229743957519531250 HTTP/1.1" 200 0 "-" "WordPress/6.8; https://pwmsolution.com"
80.64.30.32 - - [28/Apr/2025:13:17:15 -0400] "GET /wp-login.php?wp_lang=en_US HTTP/1.1" 200 2020 "https://pwmsolution.com/wp-login.php" "Mozilla/5.0 (Windows NT 10.0; Win64; x64) AppleWebKit/537.36 (KHTML, like Gecko) Chrome/134.0.0.0 Safari/537.36"
80.64.30.32 - - [28/Apr/2025:13:17:29 -0400] "POST /wp-login.php?wp_lang=en_US HTTP/1.1" 200 2121 "https://pwmsolution.com/wp-login.php" "Mozilla/5.0 (Windows NT 10.0; Win64; x64) AppleWebKit/537.36 (KHTML, like Gecko) Chrome/134.0.0.0 Safari/537.36"
20.171.207.81 - - [28/Apr/2025:13:17:41 -0400] "GET /wp-includes/blocks/post-featured-image/ HTTP/1.1" 403 1242 "-" "Mozilla/5.0 AppleWebKit/537.36 (KHTML, like Gecko; compatible; GPTBot/1.2; +https://openai.com/gptbot)"
20.171.207.81 - - [28/Apr/2025:13:23:58 -0400] "GET /wp-includes/blocks/html/ HTTP/1.1" 403 1242 "-" "Mozilla/5.0 AppleWebKit/537.36 (KHTML, like Gecko; compatible; GPTBot/1.2; +https://openai.com/gptbot)"
66.29.132.124 - - [28/Apr/2025:13:25:35 -0400] "POST /wp-cron.php?doing_wp_cron=1745861133.8110680580139160156250 HTTP/1.1" 200 0 "-" "WordPress/6.8; https://pwmsolution.com"
20.171.207.81 - - [28/Apr/2025:13:25:23 -0400] "GET /?p=245 HTTP/1.1" 301 0 "-" "Mozilla/5.0 AppleWebKit/537.36 (KHTML, like Gecko; compatible; GPTBot/1.2; +https://openai.com/gptbot)"
20.171.207.81 - - [28/Apr/2025:13:25:36 -0400] "GET /wp-json/wp/v2/pages/245 HTTP/1.1" 200 32998 "-" "Mozilla/5.0 AppleWebKit/537.36 (KHTML, like Gecko; compatible; GPTBot/1.2; +https://openai.com/gptbot)"
66.29.132.124 - - [28/Apr/2025:13:38:56 -0400] "POST /wp-cron.php?doing_wp_cron=1745861936.0074241161346435546875 HTTP/1.1" 200 0 "-" "WordPress/6.8; https://pwmsolution.com"
20.171.207.81 - - [28/Apr/2025:13:38:47 -0400] "GET /api/actuator/env HTTP/1.1" 404 13970 "-" "Mozilla/5.0 AppleWebKit/537.36 (KHTML, like Gecko; compatible; GPTBot/1.2; +https://openai.com/gptbot)"
66.29.132.124 - - [28/Apr/2025:13:47:08 -0400] "POST /wp-cron.php?doing_wp_cron=1745862428.3484890460968017578125 HTTP/1.1" 200 0 "-" "WordPress/6.8; https://pwmsolution.com"
20.171.207.81 - - [28/Apr/2025:13:47:01 -0400] "GET /templates/beez/ HTTP/1.1" 404 13970 "-" "Mozilla/5.0 AppleWebKit/537.36 (KHTML, like Gecko; compatible; GPTBot/1.2; +https://openai.com/gptbot)"
20.171.207.81 - - [28/Apr/2025:13:49:20 -0400] "GET /wp-includes/js/tinymce/plugins/hr/ HTTP/1.1" 403 1242 "-" "Mozilla/5.0 AppleWebKit/537.36 (KHTML, like Gecko; compatible; GPTBot/1.2; +https://openai.com/gptbot)"
20.171.207.81 - - [28/Apr/2025:13:54:40 -0400] "GET /wp-includes/blocks/calendar/ HTTP/1.1" 403 1242 "-" "Mozilla/5.0 AppleWebKit/537.36 (KHTML, like Gecko; compatible; GPTBot/1.2; +https://openai.com/gptbot)"
20.171.207.81 - - [28/Apr/2025:14:04:52 -0400] "GET /wp-includes/blocks/quote/ HTTP/1.1" 403 1242 "-" "Mozilla/5.0 AppleWebKit/537.36 (KHTML, like Gecko; compatible; GPTBot/1.2; +https://openai.com/gptbot)"
20.171.207.81 - - [28/Apr/2025:14:06:20 -0400] "GET /wp-includes/blocks/shortcode/ HTTP/1.1" 403 1242 "-" "Mozilla/5.0 AppleWebKit/537.36 (KHTML, like Gecko; compatible; GPTBot/1.2; +https://openai.com/gptbot)"
20.171.207.81 - - [28/Apr/2025:14:09:22 -0400] "GET /wp-content/uploads/elementor/css/post-9.css?ver=1739324007 HTTP/1.1" 200 368 "-" "Mozilla/5.0 AppleWebKit/537.36 (KHTML, like Gecko; compatible; GPTBot/1.2; +https://openai.com/gptbot)"
20.171.207.81 - - [28/Apr/2025:14:09:33 -0400] "GET /wp-content/plugins/header-footer-elementor/inc/widgets-css/frontend.css?ver=2.2.0 HTTP/1.1" 200 8133 "-" "Mozilla/5.0 AppleWebKit/537.36 (KHTML, like Gecko; compatible; GPTBot/1.2; +https://openai.com/gptbot)"
20.171.207.81 - - [28/Apr/2025:14:09:43 -0400] "GET /wp-content/plugins/elementor/assets/js/frontend.min.js?ver=3.27.6 HTTP/1.1" 200 13099 "-" "Mozilla/5.0 AppleWebKit/537.36 (KHTML, like Gecko; compatible; GPTBot/1.2; +https://openai.com/gptbot)"
66.29.132.124 - - [28/Apr/2025:14:10:05 -0400] "POST /wp-cron.php?doing_wp_cron=1745863803.3910350799560546875000 HTTP/1.1" 200 0 "-" "WordPress/6.8; https://pwmsolution.com"
20.171.207.81 - - [28/Apr/2025:14:09:54 -0400] "GET /wp-content/plugins/elementor-pro/assets/css/widget-nav-menu.min.css?ver=3.26.0 HTTP/1.1" 404 13970 "-" "Mozilla/5.0 AppleWebKit/537.36 (KHTML, like Gecko; compatible; GPTBot/1.2; +https://openai.com/gptbot)"
20.171.207.81 - - [28/Apr/2025:14:10:09 -0400] "GET /wp-content/uploads/elementor/css/post-97.css?ver=1739324008 HTTP/1.1" 200 1838 "-" "Mozilla/5.0 AppleWebKit/537.36 (KHTML, like Gecko; compatible; GPTBot/1.2; +https://openai.com/gptbot)"
20.171.207.81 - - [28/Apr/2025:14:10:18 -0400] "GET /wp-includes/css/dist/block-library/style.min.css?ver=6.7.2 HTTP/1.1" 200 14358 "-" "Mozilla/5.0 AppleWebKit/537.36 (KHTML, like Gecko; compatible; GPTBot/1.2; +https://openai.com/gptbot)"
20.171.207.81 - - [28/Apr/2025:14:10:24 -0400] "GET /wp-content/plugins/elementor/assets/js/frontend-modules.min.js?ver=3.27.6 HTTP/1.1" 200 14421 "-" "Mozilla/5.0 AppleWebKit/537.36 (KHTML, like Gecko; compatible; GPTBot/1.2; +https://openai.com/gptbot)"
20.171.207.81 - - [28/Apr/2025:14:10:32 -0400] "GET /xmlrpc.php HTTP/1.1" 405 46 "-" "Mozilla/5.0 AppleWebKit/537.36 (KHTML, like Gecko; compatible; GPTBot/1.2; +https://openai.com/gptbot)"
20.171.207.81 - - [28/Apr/2025:14:10:38 -0400] "GET /wp-content/uploads/elementor/css/post-16.css?ver=1739324008 HTTP/1.1" 200 2289 "-" "Mozilla/5.0 AppleWebKit/537.36 (KHTML, like Gecko; compatible; GPTBot/1.2; +https://openai.com/gptbot)"
20.171.207.81 - - [28/Apr/2025:14:10:45 -0400] "GET /wp-content/plugins/elementor/assets/js/webpack.runtime.min.js?ver=3.27.6 HTTP/1.1" 200 2228 "-" "Mozilla/5.0 AppleWebKit/537.36 (KHTML, like Gecko; compatible; GPTBot/1.2; +https://openai.com/gptbot)"
20.171.207.81 - - [28/Apr/2025:14:10:50 -0400] "GET /wp-content/plugins/elementor/assets/css/widget-heading.min.css?ver=3.27.6 HTTP/1.1" 200 154 "-" "Mozilla/5.0 AppleWebKit/537.36 (KHTML, like Gecko; compatible; GPTBot/1.2; +https://openai.com/gptbot)"
20.171.207.81 - - [28/Apr/2025:14:10:54 -0400] "GET /wp-content/plugins/elementor/assets/css/widget-divider.min.css?ver=3.27.6 HTTP/1.1" 200 707 "-" "Mozilla/5.0 AppleWebKit/537.36 (KHTML, like Gecko; compatible; GPTBot/1.2; +https://openai.com/gptbot)"
20.171.207.81 - - [28/Apr/2025:14:11:00 -0400] "GET /wp-content/plugins/elementor/assets/css/conditionals/apple-webkit.min.css?ver=3.27.6 HTTP/1.1" 200 472 "-" "Mozilla/5.0 AppleWebKit/537.36 (KHTML, like Gecko; compatible; GPTBot/1.2; +https://openai.com/gptbot)"
20.171.207.81 - - [28/Apr/2025:14:11:04 -0400] "GET /wp-content/plugins/header-footer-elementor/inc/js/frontend.js?ver=2.2.0 HTTP/1.1" 200 3944 "-" "Mozilla/5.0 AppleWebKit/537.36 (KHTML, like Gecko; compatible; GPTBot/1.2; +https://openai.com/gptbot)"
20.171.207.81 - - [28/Apr/2025:14:11:07 -0400] "GET /wp-content/plugins/elementor/assets/lib/animations/styles/fadeIn.min.css?ver=3.27.6 HTTP/1.1" 200 77 "-" "Mozilla/5.0 AppleWebKit/537.36 (KHTML, like Gecko; compatible; GPTBot/1.2; +https://openai.com/gptbot)"
20.171.207.81 - - [28/Apr/2025:14:11:11 -0400] "GET /wp-content/plugins/elementor/assets/css/frontend.min.css?ver=3.27.6 HTTP/1.1" 200 6453 "-" "Mozilla/5.0 AppleWebKit/537.36 (KHTML, like Gecko; compatible; GPTBot/1.2; +https://openai.com/gptbot)"
20.171.207.81 - - [28/Apr/2025:14:11:13 -0400] "GET /wp-content/plugins/elementor/assets/css/widget-text-editor.min.css?ver=3.27.6 HTTP/1.1" 200 208 "-" "Mozilla/5.0 AppleWebKit/537.36 (KHTML, like Gecko; compatible; GPTBot/1.2; +https://openai.com/gptbot)"
20.171.207.81 - - [28/Apr/2025:14:11:16 -0400] "GET /wp-content/plugins/header-footer-elementor/assets/css/header-footer-elementor.css?ver=2.2.0 HTTP/1.1" 200 259 "-" "Mozilla/5.0 AppleWebKit/537.36 (KHTML, like Gecko; compatible; GPTBot/1.2; +https://openai.com/gptbot)"
20.171.207.81 - - [28/Apr/2025:14:11:19 -0400] "GET /wp-content/plugins/elementor/assets/css/widget-social-icons.min.css?ver=3.27.6 HTTP/1.1" 200 1069 "-" "Mozilla/5.0 AppleWebKit/537.36 (KHTML, like Gecko; compatible; GPTBot/1.2; +https://openai.com/gptbot)"
20.171.207.81 - - [28/Apr/2025:14:11:21 -0400] "GET /wp-content/plugins/elementor/assets/lib/animations/styles/fadeInDown.min.css?ver=3.27.6 HTTP/1.1" 200 137 "-" "Mozilla/5.0 AppleWebKit/537.36 (KHTML, like Gecko; compatible; GPTBot/1.2; +https://openai.com/gptbot)"
66.29.132.124 - - [28/Apr/2025:14:11:25 -0400] "POST /wp-cron.php?doing_wp_cron=1745863884.1433310508728027343750 HTTP/1.1" 200 0 "-" "WordPress/6.8; https://pwmsolution.com"
20.171.207.81 - - [28/Apr/2025:14:11:23 -0400] "GET /wp-content/plugins/elementor-pro/assets/css/widget-blockquote.min.css?ver=3.25.0 HTTP/1.1" 404 13970 "-" "Mozilla/5.0 AppleWebKit/537.36 (KHTML, like Gecko; compatible; GPTBot/1.2; +https://openai.com/gptbot)"
20.171.207.81 - - [28/Apr/2025:14:11:26 -0400] "GET /wp-content/plugins/elementor-pro/assets/css/widget-mega-menu.min.css?ver=3.26.2 HTTP/1.1" 404 13970 "-" "Mozilla/5.0 AppleWebKit/537.36 (KHTML, like Gecko; compatible; GPTBot/1.2; +https://openai.com/gptbot)"
66.29.132.124 - - [28/Apr/2025:14:18:57 -0400] "POST /wp-cron.php?doing_wp_cron=1745864337.1782560348510742187500 HTTP/1.1" 200 0 "-" "WordPress/6.8; https://pwmsolution.com"
217.182.175.120 - - [28/Apr/2025:14:18:49 -0400] "GET /robots.txt HTTP/1.1" 200 116 "-" "Mozilla/5.0 (compatible; MJ12bot/v1.4.8; http://mj12bot.com/)"
217.182.175.120 - - [28/Apr/2025:14:19:00 -0400] "GET /student-visa/ HTTP/1.1" 200 20462 "-" "Mozilla/5.0 (compatible; MJ12bot/v1.4.8; http://mj12bot.com/)"
66.29.132.124 - - [28/Apr/2025:14:31:11 -0400] "POST /wp-cron.php?doing_wp_cron=1745865071.5144739151000976562500 HTTP/1.1" 200 0 "-" "WordPress/6.8; https://pwmsolution.com"
20.171.207.81 - - [28/Apr/2025:14:31:02 -0400] "GET /wp-includes/SimplePie/Net/ HTTP/1.1" 404 13970 "-" "Mozilla/5.0 AppleWebKit/537.36 (KHTML, like Gecko; compatible; GPTBot/1.2; +https://openai.com/gptbot)"
20.171.207.81 - - [28/Apr/2025:14:36:14 -0400] "GET /wp-includes/blocks/site-title/ HTTP/1.1" 403 1242 "-" "Mozilla/5.0 AppleWebKit/537.36 (KHTML, like Gecko; compatible; GPTBot/1.2; +https://openai.com/gptbot)"
66.29.132.124 - - [28/Apr/2025:14:39:08 -0400] "POST /wp-cron.php?doing_wp_cron=1745865547.7042250633239746093750 HTTP/1.1" 200 0 "-" "WordPress/6.8; https://pwmsolution.com"
20.171.207.81 - - [28/Apr/2025:14:38:59 -0400] "GET /wp-json/wp/v2/pages/310 HTTP/1.1" 200 37856 "-" "Mozilla/5.0 AppleWebKit/537.36 (KHTML, like Gecko; compatible; GPTBot/1.2; +https://openai.com/gptbot)"
20.171.207.81 - - [28/Apr/2025:14:39:11 -0400] "GET /?p=310 HTTP/1.1" 301 0 "-" "Mozilla/5.0 AppleWebKit/537.36 (KHTML, like Gecko; compatible; GPTBot/1.2; +https://openai.com/gptbot)"
66.29.132.124 - - [28/Apr/2025:14:46:33 -0400] "POST /wp-cron.php?doing_wp_cron=1745865993.5598399639129638671875 HTTP/1.1" 200 0 "-" "WordPress/6.8; https://pwmsolution.com"
34.38.202.84 - - [28/Apr/2025:14:46:28 -0400] "GET /wp-json/wp/v2/users HTTP/1.1" 200 1636 "-" "Mozilla/5.0 (Linux; Android 10; SM-A102U) AppleWebKit/537.36 (KHTML, like Gecko) Chrome/91.0.4472.114 Mobile Safari/537.36"
66.29.132.124 - - [28/Apr/2025:14:49:49 -0400] "POST /wp-cron.php?doing_wp_cron=1745866189.5034511089324951171875 HTTP/1.1" 200 0 "-" "WordPress/6.8; https://pwmsolution.com"
52.167.144.142 - - [28/Apr/2025:14:49:47 -0400] "GET /wp-sitemap.xml HTTP/1.1" 200 201 "-" "Mozilla/5.0 AppleWebKit/537.36 (KHTML, like Gecko; compatible; bingbot/2.0; +http://www.bing.com/bingbot.htm) Chrome/116.0.1938.76 Safari/537.36"
20.171.207.81 - - [28/Apr/2025:14:59:28 -0400] "GET /wp-includes/blocks/missing/ HTTP/1.1" 403 1242 "-" "Mozilla/5.0 AppleWebKit/537.36 (KHTML, like Gecko; compatible; GPTBot/1.2; +https://openai.com/gptbot)"
20.171.207.81 - - [28/Apr/2025:15:03:06 -0400] "GET /wp-includes/js/plupload/ HTTP/1.1" 403 1242 "-" "Mozilla/5.0 AppleWebKit/537.36 (KHTML, like Gecko; compatible; GPTBot/1.2; +https://openai.com/gptbot)"
66.29.132.124 - - [28/Apr/2025:15:06:30 -0400] "POST /wp-cron.php?doing_wp_cron=1745867190.3010170459747314453125 HTTP/1.1" 200 0 "-" "WordPress/6.8; https://pwmsolution.com"
20.171.207.81 - - [28/Apr/2025:15:06:21 -0400] "GET /admin/appsettings.json HTTP/1.1" 404 13970 "-" "Mozilla/5.0 AppleWebKit/537.36 (KHTML, like Gecko; compatible; GPTBot/1.2; +https://openai.com/gptbot)"
66.29.132.124 - - [28/Apr/2025:15:09:18 -0400] "POST /wp-cron.php?doing_wp_cron=1745867358.4541180133819580078125 HTTP/1.1" 200 0 "-" "WordPress/6.8; https://pwmsolution.com"
4.227.36.32 - - [28/Apr/2025:15:09:12 -0400] "GET /robots.txt HTTP/1.1" 200 95 "-" "Mozilla/5.0 AppleWebKit/537.36 (KHTML, like Gecko; compatible; GPTBot/1.2; +https://openai.com/gptbot)"
20.171.207.81 - - [28/Apr/2025:15:09:20 -0400] "GET /wp-includes/blocks/latest-posts/ HTTP/1.1" 403 1242 "-" "Mozilla/5.0 AppleWebKit/537.36 (KHTML, like Gecko; compatible; GPTBot/1.2; +https://openai.com/gptbot)"
66.29.132.124 - - [28/Apr/2025:15:11:45 -0400] "POST /wp-cron.php?doing_wp_cron=1745867505.5882480144500732421875 HTTP/1.1" 200 0 "-" "WordPress/6.8; https://pwmsolution.com"
20.171.207.81 - - [28/Apr/2025:15:11:43 -0400] "GET /administrator/templates/hathor/ HTTP/1.1" 404 13970 "-" "Mozilla/5.0 AppleWebKit/537.36 (KHTML, like Gecko; compatible; GPTBot/1.2; +https://openai.com/gptbot)"
66.29.132.124 - - [28/Apr/2025:15:12:14 -0400] "POST /wp-cron.php?doing_wp_cron=1745867533.6658558845520019531250 HTTP/1.1" 200 0 "-" "WordPress/6.8; https://pwmsolution.com"
20.171.207.81 - - [28/Apr/2025:15:12:12 -0400] "GET /xmlrpc.php HTTP/1.1" 405 46 "-" "Mozilla/5.0 AppleWebKit/537.36 (KHTML, like Gecko; compatible; GPTBot/1.2; +https://openai.com/gptbot)"
20.171.207.81 - - [28/Apr/2025:15:12:15 -0400] "GET /wp-content/plugins/elementor-pro/assets/css/widget-nav-menu.min.css?ver=3.26.0 HTTP/1.1" 404 13970 "-" "Mozilla/5.0 AppleWebKit/537.36 (KHTML, like Gecko; compatible; GPTBot/1.2; +https://openai.com/gptbot)"
20.171.207.81 - - [28/Apr/2025:15:12:18 -0400] "GET /wp-content/plugins/elementor-pro/assets/css/widget-blockquote.min.css?ver=3.25.0 HTTP/1.1" 404 13970 "-" "Mozilla/5.0 AppleWebKit/537.36 (KHTML, like Gecko; compatible; GPTBot/1.2; +https://openai.com/gptbot)"
20.171.207.81 - - [28/Apr/2025:15:12:22 -0400] "GET /wp-content/plugins/elementor-pro/assets/css/widget-mega-menu.min.css?ver=3.26.2 HTTP/1.1" 404 13970 "-" "Mozilla/5.0 AppleWebKit/537.36 (KHTML, like Gecko; compatible; GPTBot/1.2; +https://openai.com/gptbot)"
178.128.34.182 - - [28/Apr/2025:15:20:59 -0400] "GET / HTTP/1.1" 200 0 "-" "Mozilla/5.0 (compatible)"
66.29.132.124 - - [28/Apr/2025:15:21:06 -0400] "POST /wp-cron.php?doing_wp_cron=1745868066.0568830966949462890625 HTTP/1.1" 200 0 "-" "WordPress/6.8; https://pwmsolution.com"
66.29.132.124 - - [28/Apr/2025:15:25:27 -0400] "POST /wp-cron.php?doing_wp_cron=1745868327.6194961071014404296875 HTTP/1.1" 200 0 "-" "WordPress/6.8; https://pwmsolution.com"
20.171.207.81 - - [28/Apr/2025:15:25:24 -0400] "GET /wp-includes/SimplePie/HTTP/ HTTP/1.1" 404 13970 "-" "Mozilla/5.0 AppleWebKit/537.36 (KHTML, like Gecko; compatible; GPTBot/1.2; +https://openai.com/gptbot)"
66.29.132.124 - - [28/Apr/2025:15:28:59 -0400] "POST /wp-cron.php?doing_wp_cron=1745868539.4105429649353027343750 HTTP/1.1" 200 0 "-" "WordPress/6.8; https://pwmsolution.com"
20.171.207.81 - - [28/Apr/2025:15:28:57 -0400] "GET /config/actuator/env HTTP/1.1" 404 13970 "-" "Mozilla/5.0 AppleWebKit/537.36 (KHTML, like Gecko; compatible; GPTBot/1.2; +https://openai.com/gptbot)"
20.171.207.81 - - [28/Apr/2025:15:31:54 -0400] "GET /wp-includes/blocks/buttons/ HTTP/1.1" 403 1242 "-" "Mozilla/5.0 AppleWebKit/537.36 (KHTML, like Gecko; compatible; GPTBot/1.2; +https://openai.com/gptbot)"
66.29.132.124 - - [28/Apr/2025:15:35:00 -0400] "POST /wp-cron.php?doing_wp_cron=1745868899.9728860855102539062500 HTTP/1.1" 200 0 "-" "WordPress/6.8; https://pwmsolution.com"
54.36.148.167 - - [28/Apr/2025:15:34:48 -0400] "GET /contact-us/ HTTP/1.1" 200 23220 "-" "Mozilla/5.0 (compatible; AhrefsBot/7.0; +http://ahrefs.com/robot/)"
66.29.132.124 - - [28/Apr/2025:15:38:22 -0400] "POST /wp-cron.php?doing_wp_cron=1745869102.8452539443969726562500 HTTP/1.1" 200 0 "-" "WordPress/6.8; https://pwmsolution.com"
20.171.207.81 - - [28/Apr/2025:15:38:20 -0400] "GET /wp-includes/SimplePie/XML/Declaration/ HTTP/1.1" 404 13970 "-" "Mozilla/5.0 AppleWebKit/537.36 (KHTML, like Gecko; compatible; GPTBot/1.2; +https://openai.com/gptbot)"
66.29.132.124 - - [28/Apr/2025:16:04:31 -0400] "POST /wp-cron.php?doing_wp_cron=1745870670.9803760051727294921875 HTTP/1.1" 200 0 "-" "WordPress/6.8; https://pwmsolution.com"
4.227.36.36 - - [28/Apr/2025:16:04:22 -0400] "GET /robots.txt HTTP/1.1" 301 0 "-" "Mozilla/5.0 AppleWebKit/537.36 (KHTML, like Gecko; compatible; GPTBot/1.2; +https://openai.com/gptbot)"
4.227.36.36 - - [28/Apr/2025:16:04:31 -0400] "GET /robots.txt HTTP/1.1" 200 95 "https://www.pwmsolution.com/robots.txt" "Mozilla/5.0 AppleWebKit/537.36 (KHTML, like Gecko; compatible; GPTBot/1.2; +https://openai.com/gptbot)"
20.171.207.189 - - [28/Apr/2025:16:04:32 -0400] "GET / HTTP/1.1" 301 0 "-" "Mozilla/5.0 AppleWebKit/537.36 (KHTML, like Gecko; compatible; GPTBot/1.2; +https://openai.com/gptbot)"
66.29.132.124 - - [28/Apr/2025:16:05:18 -0400] "POST /wp-cron.php?doing_wp_cron=1745870718.6269109249114990234375 HTTP/1.1" 200 0 "-" "WordPress/6.8; https://pwmsolution.com"
170.106.160.90 - - [28/Apr/2025:16:05:18 -0400] "GET / HTTP/1.1" 301 0 "http://www.pwmsolution.com" "Mozilla/5.0 (iPhone; CPU iPhone OS 13_2_3 like Mac OS X) AppleWebKit/605.1.15 (KHTML, like Gecko) Version/13.0.3 Mobile/15E148 Safari/604.1"
170.106.160.90 - - [28/Apr/2025:16:05:20 -0400] "GET / HTTP/1.1" 200 35150 "https://www.pwmsolution.com/" "Mozilla/5.0 (iPhone; CPU iPhone OS 13_2_3 like Mac OS X) AppleWebKit/605.1.15 (KHTML, like Gecko) Version/13.0.3 Mobile/15E148 Safari/604.1"
66.29.132.124 - - [28/Apr/2025:16:12:29 -0400] "POST /wp-cron.php?doing_wp_cron=1745871149.7136039733886718750000 HTTP/1.1" 200 0 "-" "WordPress/6.8; https://pwmsolution.com"
43.135.182.95 - - [28/Apr/2025:16:12:23 -0400] "GET / HTTP/1.1" 200 35151 "http://pwmsolution.com" "Mozilla/5.0 (iPhone; CPU iPhone OS 13_2_3 like Mac OS X) AppleWebKit/605.1.15 (KHTML, like Gecko) Version/13.0.3 Mobile/15E148 Safari/604.1"
20.171.207.81 - - [28/Apr/2025:16:15:17 -0400] "GET /wp-includes/rest-api/search/ HTTP/1.1" 403 1242 "-" "Mozilla/5.0 AppleWebKit/537.36 (KHTML, like Gecko; compatible; GPTBot/1.2; +https://openai.com/gptbot)"
66.29.132.124 - - [28/Apr/2025:16:51:25 -0400] "POST /wp-cron.php?doing_wp_cron=1745873485.4036149978637695312500 HTTP/1.1" 200 0 "-" "WordPress/6.8; https://pwmsolution.com"
37.139.53.253 - - [28/Apr/2025:16:51:18 -0400] "GET / HTTP/1.1" 200 29444 "-" "Mozilla/5.0 (Windows NT 11.0; Win64; x64) AppleWebKit/537.36 (KHTML, like Gecko) Chrome/135.0.7049.42 Safari/537.36"
66.29.132.124 - - [28/Apr/2025:16:57:36 -0400] "POST /wp-cron.php?doing_wp_cron=1745873856.5100429058074951171875 HTTP/1.1" 200 0 "-" "WordPress/6.8; https://pwmsolution.com"
54.183.224.10 - - [28/Apr/2025:16:57:34 -0400] "GET / HTTP/1.1" 200 11829 "-" "Mozilla/5.0 (X11; Linux x86_64) AppleWebKit/537.36 (KHTML, like Gecko) Chrome/51.0.2704.103 Safari/537.36"
66.29.132.124 - - [28/Apr/2025:17:04:17 -0400] "POST /wp-cron.php?doing_wp_cron=1745874257.2825739383697509765625 HTTP/1.1" 200 0 "-" "WordPress/6.8; https://pwmsolution.com"
223.15.245.170 - - [28/Apr/2025:17:04:10 -0400] "GET / HTTP/1.1" 200 35143 "http://pwmsolution.com" "Mozilla/5.0 (iPhone; CPU iPhone OS 13_2_3 like Mac OS X) AppleWebKit/605.1.15 (KHTML, like Gecko) Version/13.0.3 Mobile/15E148 Safari/604.1"
107.151.214.108 - - [28/Apr/2025:17:14:39 -0400] "GET /wp-admin/css/ HTTP/1.1" 403 1242 "binance.com" "Mozilla/5.0 (Windows NT 10.0; Win64; x64) AppleWebKit/537.36 (KHTML, like Gecko) Chrome/90.0.4430.85 Safari/537.36"
66.29.132.124 - - [28/Apr/2025:17:34:56 -0400] "POST /wp-cron.php?doing_wp_cron=1745876095.9446229934692382812500 HTTP/1.1" 200 0 "-" "WordPress/6.8; https://pwmsolution.com"
66.249.65.204 - - [28/Apr/2025:17:34:50 -0400] "GET / HTTP/1.1" 200 29396 "-" "Mozilla/5.0 (compatible; Googlebot/2.1; +http://www.google.com/bot.html)"
66.29.132.124 - - [28/Apr/2025:18:08:30 -0400] "POST /wp-cron.php?doing_wp_cron=1745878110.2575991153717041015625 HTTP/1.1" 200 0 "-" "WordPress/6.8; https://pwmsolution.com"
66.249.65.204 - - [28/Apr/2025:18:08:26 -0400] "GET /comments/feed/ HTTP/1.1" 200 703 "-" "Mozilla/5.0 (compatible; Googlebot/2.1; +http://www.google.com/bot.html)"
66.29.132.124 - - [28/Apr/2025:18:14:53 -0400] "POST /wp-cron.php?doing_wp_cron=1745878493.0264990329742431640625 HTTP/1.1" 200 0 "-" "WordPress/6.8; https://pwmsolution.com"
66.249.65.202 - - [28/Apr/2025:18:14:48 -0400] "GET /feed/ HTTP/1.1" 200 678 "-" "Mozilla/5.0 (compatible; Googlebot/2.1; +http://www.google.com/bot.html)"
66.29.132.124 - - [28/Apr/2025:19:13:32 -0400] "POST /wp-cron.php?doing_wp_cron=1745882012.3416569232940673828125 HTTP/1.1" 200 0 "-" "WordPress/6.8; https://pwmsolution.com"
17.241.227.141 - - [28/Apr/2025:19:13:27 -0400] "GET /contact-us/ HTTP/1.1" 200 27997 "-" "Mozilla/5.0 (Macintosh; Intel Mac OS X 10_15_7) AppleWebKit/605.1.15 (KHTML, like Gecko) Version/17.4 Safari/605.1.15 (Applebot/0.1; +http://www.apple.com/go/applebot)"
17.22.245.23 - - [28/Apr/2025:19:18:22 -0400] "GET /wp-content/plugins/elementor/assets/lib/swiper/v8/css/swiper.min.css?ver=8.4.5 HTTP/1.1" 200 5176 "https://pwmsolution.com/contact-us/" "Mozilla/5.0 (Macintosh; Intel Mac OS X 10_15_7) AppleWebKit/605.1.15 (KHTML, like Gecko) Version/17.4 Safari/605.1.15 (Applebot/0.1; +http://www.apple.com/go/applebot)"
17.22.245.160 - - [28/Apr/2025:19:18:22 -0400] "GET /wp-content/plugins/elementor/assets/css/widget-icon-box.min.css?ver=3.28.4 HTTP/1.1" 200 1048 "https://pwmsolution.com/contact-us/" "Mozilla/5.0 (Macintosh; Intel Mac OS X 10_15_7) AppleWebKit/605.1.15 (KHTML, like Gecko) Version/17.4 Safari/605.1.15 (Applebot/0.1; +http://www.apple.com/go/applebot)"
17.22.253.232 - - [28/Apr/2025:19:18:23 -0400] "GET /wp-content/plugins/elementor/assets/css/widget-image-carousel.min.css?ver=3.28.4 HTTP/1.1" 200 218 "https://pwmsolution.com/contact-us/" "Mozilla/5.0 (Macintosh; Intel Mac OS X 10_15_7) AppleWebKit/605.1.15 (KHTML, like Gecko) Version/17.4 Safari/605.1.15 (Applebot/0.1; +http://www.apple.com/go/applebot)"
17.22.253.80 - - [28/Apr/2025:19:18:23 -0400] "GET /wp-content/plugins/elementor/assets/css/widget-image-box.min.css?ver=3.28.4 HTTP/1.1" 200 387 "https://pwmsolution.com/contact-us/" "Mozilla/5.0 (Macintosh; Intel Mac OS X 10_15_7) AppleWebKit/605.1.15 (KHTML, like Gecko) Version/17.4 Safari/605.1.15 (Applebot/0.1; +http://www.apple.com/go/applebot)"
17.22.253.185 - - [28/Apr/2025:19:18:24 -0400] "GET /wp-content/uploads/elementor/css/post-27.css?ver=1744870438 HTTP/1.1" 200 5712 "https://pwmsolution.com/contact-us/" "Mozilla/5.0 (Macintosh; Intel Mac OS X 10_15_7) AppleWebKit/605.1.15 (KHTML, like Gecko) Version/17.4 Safari/605.1.15 (Applebot/0.1; +http://www.apple.com/go/applebot)"
17.22.245.156 - - [28/Apr/2025:19:18:25 -0400] "GET /wp-includes/js/jquery/jquery.min.js?ver=3.7.1 HTTP/1.1" 200 35438 "https://pwmsolution.com/contact-us/" "Mozilla/5.0 (Macintosh; Intel Mac OS X 10_15_7) AppleWebKit/605.1.15 (KHTML, like Gecko) Version/17.4 Safari/605.1.15 (Applebot/0.1; +http://www.apple.com/go/applebot)"
17.22.237.252 - - [28/Apr/2025:19:18:26 -0400] "GET /wp-includes/js/jquery/jquery-migrate.min.js?ver=3.4.1 HTTP/1.1" 200 5342 "https://pwmsolution.com/contact-us/" "Mozilla/5.0 (Macintosh; Intel Mac OS X 10_15_7) AppleWebKit/605.1.15 (KHTML, like Gecko) Version/17.4 Safari/605.1.15 (Applebot/0.1; +http://www.apple.com/go/applebot)"
17.22.253.185 - - [28/Apr/2025:19:18:26 -0400] "GET /wp-content/plugins/elementor/assets/lib/swiper/v8/swiper.min.js?ver=8.4.5 HTTP/1.1" 200 48155 "https://pwmsolution.com/contact-us/" "Mozilla/5.0 (Macintosh; Intel Mac OS X 10_15_7) AppleWebKit/605.1.15 (KHTML, like Gecko) Version/17.4 Safari/605.1.15 (Applebot/0.1; +http://www.apple.com/go/applebot)"
17.22.245.160 - - [28/Apr/2025:19:18:26 -0400] "GET /wp-content/themes/hello-elementor/assets/js/hello-frontend.min.js?ver=3.3.0 HTTP/1.1" 200 655 "https://pwmsolution.com/contact-us/" "Mozilla/5.0 (Macintosh; Intel Mac OS X 10_15_7) AppleWebKit/605.1.15 (KHTML, like Gecko) Version/17.4 Safari/605.1.15 (Applebot/0.1; +http://www.apple.com/go/applebot)"
17.22.253.185 - - [28/Apr/2025:19:18:27 -0400] "GET /wp-content/plugins/header-footer-elementor/inc/js/frontend.js?ver=2.3.0 HTTP/1.1" 200 5412 "https://pwmsolution.com/contact-us/" "Mozilla/5.0 (Macintosh; Intel Mac OS X 10_15_7) AppleWebKit/605.1.15 (KHTML, like Gecko) Version/17.4 Safari/605.1.15 (Applebot/0.1; +http://www.apple.com/go/applebot)"
66.29.132.124 - - [28/Apr/2025:19:18:27 -0400] "POST /wp-cron.php?doing_wp_cron=1745882307.9362289905548095703125 HTTP/1.1" 200 0 "-" "WordPress/6.8; https://pwmsolution.com"
66.29.132.124 - - [28/Apr/2025:19:18:27 -0400] "POST /wp-cron.php?doing_wp_cron=1745882307.9358160495758056640625 HTTP/1.1" 200 0 "-" "WordPress/6.8; https://pwmsolution.com"
17.22.245.216 - - [28/Apr/2025:19:18:24 -0400] "GET /wp-content/plugins/elementor-pro/assets/css/widget-blockquote.min.css?ver=3.25.0 HTTP/1.1" 404 17870 "https://pwmsolution.com/contact-us/" "Mozilla/5.0 (Macintosh; Intel Mac OS X 10_15_7) AppleWebKit/605.1.15 (KHTML, like Gecko) Version/17.4 Safari/605.1.15 (Applebot/0.1; +http://www.apple.com/go/applebot)"
17.22.245.109 - - [28/Apr/2025:19:18:25 -0400] "GET /wp-content/plugins/elementor-pro/assets/css/widget-mega-menu.min.css?ver=3.26.2 HTTP/1.1" 404 17870 "https://pwmsolution.com/contact-us/" "Mozilla/5.0 (Macintosh; Intel Mac OS X 10_15_7) AppleWebKit/605.1.15 (KHTML, like Gecko) Version/17.4 Safari/605.1.15 (Applebot/0.1; +http://www.apple.com/go/applebot)"
17.22.245.12 - - [28/Apr/2025:19:18:29 -0400] "GET /wp-content/plugins/pro-elements/assets/js/webpack-pro.runtime.min.js?ver=3.23.3 HTTP/1.1" 200 2848 "https://pwmsolution.com/contact-us/" "Mozilla/5.0 (Macintosh; Intel Mac OS X 10_15_7) AppleWebKit/605.1.15 (KHTML, like Gecko) Version/17.4 Safari/605.1.15 (Applebot/0.1; +http://www.apple.com/go/applebot)"
17.22.237.79 - - [28/Apr/2025:19:18:29 -0400] "GET /wp-content/plugins/elementor/assets/js/webpack.runtime.min.js?ver=3.28.4 HTTP/1.1" 200 2496 "https://pwmsolution.com/contact-us/" "Mozilla/5.0 (Macintosh; Intel Mac OS X 10_15_7) AppleWebKit/605.1.15 (KHTML, like Gecko) Version/17.4 Safari/605.1.15 (Applebot/0.1; +http://www.apple.com/go/applebot)"
17.22.253.198 - - [28/Apr/2025:19:18:30 -0400] "GET /wp-content/plugins/elementor-pro/assets/css/widget-nav-menu.min.css?ver=3.26.0 HTTP/1.1" 404 17870 "https://pwmsolution.com/contact-us/" "Mozilla/5.0 (Macintosh; Intel Mac OS X 10_15_7) AppleWebKit/605.1.15 (KHTML, like Gecko) Version/17.4 Safari/605.1.15 (Applebot/0.1; +http://www.apple.com/go/applebot)"
17.22.245.12 - - [28/Apr/2025:19:18:30 -0400] "GET /wp-includes/js/dist/hooks.min.js?ver=4d63a3d491d11ffd8ac6 HTTP/1.1" 200 1758 "https://pwmsolution.com/contact-us/" "Mozilla/5.0 (Macintosh; Intel Mac OS X 10_15_7) AppleWebKit/605.1.15 (KHTML, like Gecko) Version/17.4 Safari/605.1.15 (Applebot/0.1; +http://www.apple.com/go/applebot)"
17.22.245.121 - - [28/Apr/2025:19:18:30 -0400] "GET /wp-content/plugins/elementor/assets/js/frontend-modules.min.js?ver=3.28.4 HTTP/1.1" 200 17170 "https://pwmsolution.com/contact-us/" "Mozilla/5.0 (Macintosh; Intel Mac OS X 10_15_7) AppleWebKit/605.1.15 (KHTML, like Gecko) Version/17.4 Safari/605.1.15 (Applebot/0.1; +http://www.apple.com/go/applebot)"
17.22.253.182 - - [28/Apr/2025:19:18:31 -0400] "GET /wp-includes/js/dist/i18n.min.js?ver=5e580eb46a90c2b997e6 HTTP/1.1" 200 3910 "https://pwmsolution.com/contact-us/" "Mozilla/5.0 (Macintosh; Intel Mac OS X 10_15_7) AppleWebKit/605.1.15 (KHTML, like Gecko) Version/17.4 Safari/605.1.15 (Applebot/0.1; +http://www.apple.com/go/applebot)"
17.22.237.79 - - [28/Apr/2025:19:18:31 -0400] "GET /wp-includes/js/jquery/ui/core.min.js?ver=1.13.3 HTTP/1.1" 200 7941 "https://pwmsolution.com/contact-us/" "Mozilla/5.0 (Macintosh; Intel Mac OS X 10_15_7) AppleWebKit/605.1.15 (KHTML, like Gecko) Version/17.4 Safari/605.1.15 (Applebot/0.1; +http://www.apple.com/go/applebot)"
17.22.237.58 - - [28/Apr/2025:19:18:32 -0400] "GET /wp-content/plugins/pro-elements/assets/js/frontend.min.js?ver=3.23.3 HTTP/1.1" 200 7753 "https://pwmsolution.com/contact-us/" "Mozilla/5.0 (Macintosh; Intel Mac OS X 10_15_7) AppleWebKit/605.1.15 (KHTML, like Gecko) Version/17.4 Safari/605.1.15 (Applebot/0.1; +http://www.apple.com/go/applebot)"
17.22.245.233 - - [28/Apr/2025:19:18:33 -0400] "GET /wp-content/plugins/elementor/assets/js/frontend.min.js?ver=3.28.4 HTTP/1.1" 200 15618 "https://pwmsolution.com/contact-us/" "Mozilla/5.0 (Macintosh; Intel Mac OS X 10_15_7) AppleWebKit/605.1.15 (KHTML, like Gecko) Version/17.4 Safari/605.1.15 (Applebot/0.1; +http://www.apple.com/go/applebot)"
17.22.253.29 - - [28/Apr/2025:19:18:33 -0400] "GET /wp-content/plugins/elementor/assets/css/conditionals/e-swiper.min.css?ver=3.28.4 HTTP/1.1" 200 925 "https://pwmsolution.com/contact-us/" "Mozilla/5.0 (Macintosh; Intel Mac OS X 10_15_7) AppleWebKit/605.1.15 (KHTML, like Gecko) Version/17.4 Safari/605.1.15 (Applebot/0.1; +http://www.apple.com/go/applebot)"
17.22.253.29 - - [28/Apr/2025:19:18:33 -0400] "GET /wp-content/plugins/pro-elements/assets/js/elements-handlers.min.js?ver=3.23.3 HTTP/1.1" 200 11868 "https://pwmsolution.com/contact-us/" "Mozilla/5.0 (Macintosh; Intel Mac OS X 10_15_7) AppleWebKit/605.1.15 (KHTML, like Gecko) Version/17.4 Safari/605.1.15 (Applebot/0.1; +http://www.apple.com/go/applebot)"
17.22.245.31 - - [28/Apr/2025:19:18:35 -0400] "GET /wp-content/plugins/elementor/assets/js/text-editor.c084ef86600b6f11690d.bundle.min.js HTTP/1.1" 200 704 "https://pwmsolution.com/contact-us/" "Mozilla/5.0 (Macintosh; Intel Mac OS X 10_15_7) AppleWebKit/605.1.15 (KHTML, like Gecko) Version/17.4 Safari/605.1.15 (Applebot/0.1; +http://www.apple.com/go/applebot)"
17.22.237.224 - - [28/Apr/2025:19:18:36 -0400] "GET /wp-content/plugins/pro-elements/assets/js/form.c4bc7eaa69583834a7d5.bundle.min.js HTTP/1.1" 200 5917 "https://pwmsolution.com/contact-us/" "Mozilla/5.0 (Macintosh; Intel Mac OS X 10_15_7) AppleWebKit/605.1.15 (KHTML, like Gecko) Version/17.4 Safari/605.1.15 (Applebot/0.1; +http://www.apple.com/go/applebot)"
17.22.245.216 - - [28/Apr/2025:19:18:37 -0400] "GET /wp-content/plugins/elementor/assets/js/image-carousel.6167d20b95b33386757b.bundle.min.js HTTP/1.1" 200 304 "https://pwmsolution.com/contact-us/" "Mozilla/5.0 (Macintosh; Intel Mac OS X 10_15_7) AppleWebKit/605.1.15 (KHTML, like Gecko) Version/17.4 Safari/605.1.15 (Applebot/0.1; +http://www.apple.com/go/applebot)"
17.22.245.44 - - [28/Apr/2025:19:18:37 -0400] "GET /wp-content/plugins/pro-elements/assets/js/popup.085c1727e36940b18f29.bundle.min.js HTTP/1.1" 200 448 "https://pwmsolution.com/contact-us/" "Mozilla/5.0 (Macintosh; Intel Mac OS X 10_15_7) AppleWebKit/605.1.15 (KHTML, like Gecko) Version/17.4 Safari/605.1.15 (Applebot/0.1; +http://www.apple.com/go/applebot)"
66.29.132.124 - - [28/Apr/2025:19:29:57 -0400] "POST /wp-cron.php?doing_wp_cron=1745882997.3435668945312500000000 HTTP/1.1" 200 0 "-" "WordPress/6.8; https://pwmsolution.com"
14.153.220.238 - - [28/Apr/2025:19:29:54 -0400] "GET /robots.txt HTTP/1.1" 200 111 "-" "Mozilla/5.0 (Windows NT 10.0; WOW64) AppleWebKit/537.36 (KHTML, like Gecko) Chrome/80.0.4361.59 Safari/537.36 Core/1.70.3722.400 QQBrowser/10.5.3739.400"
66.29.132.124 - - [28/Apr/2025:20:13:22 -0400] "POST /wp-cron.php?doing_wp_cron=1745885602.0680999755859375000000 HTTP/1.1" 200 0 "-" "WordPress/6.8; https://pwmsolution.com"
114.117.233.112 - - [28/Apr/2025:20:13:19 -0400] "GET / HTTP/1.1" 301 0 "http://www.pwmsolution.com" "Mozilla/5.0 (iPhone; CPU iPhone OS 13_2_3 like Mac OS X) AppleWebKit/605.1.15 (KHTML, like Gecko) Version/13.0.3 Mobile/15E148 Safari/604.1"
114.117.233.112 - - [28/Apr/2025:20:13:23 -0400] "GET / HTTP/1.1" 200 35127 "https://www.pwmsolution.com/" "Mozilla/5.0 (iPhone; CPU iPhone OS 13_2_3 like Mac OS X) AppleWebKit/605.1.15 (KHTML, like Gecko) Version/13.0.3 Mobile/15E148 Safari/604.1"