20.171.207.63 - - [26/Apr/2025:10:44:45 -0400] "GET /php.php HTTP/1.1" 404 13954 "-" "Mozilla/5.0 AppleWebKit/537.36 (KHTML, like Gecko; compatible; GPTBot/1.2; +https://openai.com/gptbot)"
66.29.132.124 - - [26/Apr/2025:10:44:48 -0400] "POST /wp-cron.php?doing_wp_cron=1745678688.0205481052398681640625 HTTP/1.1" 200 0 "-" "WordPress/6.8; https://pwmsolution.com"
20.171.207.63 - - [26/Apr/2025:10:44:46 -0400] "GET /plugins.php HTTP/1.1" 404 13954 "-" "Mozilla/5.0 AppleWebKit/537.36 (KHTML, like Gecko; compatible; GPTBot/1.2; +https://openai.com/gptbot)"
20.171.207.63 - - [26/Apr/2025:10:44:49 -0400] "GET /wp-content/themes/digital-download/new.php HTTP/1.1" 404 13954 "-" "Mozilla/5.0 AppleWebKit/537.36 (KHTML, like Gecko; compatible; GPTBot/1.2; +https://openai.com/gptbot)"
20.171.207.63 - - [26/Apr/2025:10:44:50 -0400] "GET /wp-content/item.php HTTP/1.1" 404 13954 "-" "Mozilla/5.0 AppleWebKit/537.36 (KHTML, like Gecko; compatible; GPTBot/1.2; +https://openai.com/gptbot)"
66.29.132.124 - - [26/Apr/2025:10:52:28 -0400] "POST /wp-cron.php?doing_wp_cron=1745679148.7017350196838378906250 HTTP/1.1" 200 0 "-" "WordPress/6.8; https://pwmsolution.com"
78.47.43.211 - - [26/Apr/2025:10:52:21 -0400] "GET / HTTP/1.1" 200 35145 "-" "Mozilla/5.0 (Windows NT 10.0; Win64; x64) AppleWebKit/537.36 (KHTML, like Gecko) Chrome/108.0.0.0 Safari/537.36"
66.29.132.124 - - [26/Apr/2025:10:59:53 -0400] "POST /wp-cron.php?doing_wp_cron=1745679592.0940918922424316406250 HTTP/1.1" 200 0 "-" "WordPress/6.8; https://pwmsolution.com"
31.13.127.2 - - [26/Apr/2025:10:59:45 -0400] "GET /?fbclid=IwZXh0bgNhZW0CMTEAAR4rm_zZTiK-7EWtZ2pTaZsp9YmriQIsHxp00H8Sn_aICQcjO6LoH09A94vDsg_aem_dh5x2yfoAgZJYgleHz-9Bg HTTP/1.1" 200 29446 "-" "Mozilla/5.0 (iPhone; CPU iPhone OS 12_5_7 like Mac OS X) AppleWebKit/605.1.15 (KHTML, like Gecko) Version/12.1.2 Mobile/15E148 Safari/604.1"
31.13.127.21 - - [26/Apr/2025:10:59:56 -0400] "GET /wp-content/plugins/header-footer-elementor/assets/css/header-footer-elementor.css?ver=2.3.0 HTTP/1.1" 200 259 "https://pwmsolution.com/?fbclid=IwZXh0bgNhZW0CMTEAAR4rm_zZTiK-7EWtZ2pTaZsp9YmriQIsHxp00H8Sn_aICQcjO6LoH09A94vDsg_aem_dh5x2yfoAgZJYgleHz-9Bg" "Mozilla/5.0 (iPhone; CPU iPhone OS 12_5_7 like Mac OS X) AppleWebKit/605.1.15 (KHTML, like Gecko) Version/12.1.2 Mobile/15E148 Safari/604.1"
31.13.127.29 - - [26/Apr/2025:10:59:56 -0400] "GET /wp-content/plugins/header-footer-elementor/inc/widgets-css/frontend.css?ver=2.3.0 HTTP/1.1" 200 8133 "https://pwmsolution.com/?fbclid=IwZXh0bgNhZW0CMTEAAR4rm_zZTiK-7EWtZ2pTaZsp9YmriQIsHxp00H8Sn_aICQcjO6LoH09A94vDsg_aem_dh5x2yfoAgZJYgleHz-9Bg" "Mozilla/5.0 (iPhone; CPU iPhone OS 12_5_7 like Mac OS X) AppleWebKit/605.1.15 (KHTML, like Gecko) Version/12.1.2 Mobile/15E148 Safari/604.1"
31.13.127.23 - - [26/Apr/2025:10:59:56 -0400] "GET /wp-content/plugins/elementor/assets/css/frontend.min.css?ver=3.28.4 HTTP/1.1" 200 6453 "https://pwmsolution.com/?fbclid=IwZXh0bgNhZW0CMTEAAR4rm_zZTiK-7EWtZ2pTaZsp9YmriQIsHxp00H8Sn_aICQcjO6LoH09A94vDsg_aem_dh5x2yfoAgZJYgleHz-9Bg" "Mozilla/5.0 (iPhone; CPU iPhone OS 12_5_7 like Mac OS X) AppleWebKit/605.1.15 (KHTML, like Gecko) Version/12.1.2 Mobile/15E148 Safari/604.1"
31.13.127.21 - - [26/Apr/2025:10:59:56 -0400] "GET /wp-content/uploads/elementor/css/post-9.css?ver=1744805194 HTTP/1.1" 200 368 "https://pwmsolution.com/?fbclid=IwZXh0bgNhZW0CMTEAAR4rm_zZTiK-7EWtZ2pTaZsp9YmriQIsHxp00H8Sn_aICQcjO6LoH09A94vDsg_aem_dh5x2yfoAgZJYgleHz-9Bg" "Mozilla/5.0 (iPhone; CPU iPhone OS 12_5_7 like Mac OS X) AppleWebKit/605.1.15 (KHTML, like Gecko) Version/12.1.2 Mobile/15E148 Safari/604.1"
31.13.127.29 - - [26/Apr/2025:10:59:56 -0400] "GET /wp-content/plugins/pro-elements/assets/css/frontend.min.css?ver=3.23.3 HTTP/1.1" 200 43433 "https://pwmsolution.com/?fbclid=IwZXh0bgNhZW0CMTEAAR4rm_zZTiK-7EWtZ2pTaZsp9YmriQIsHxp00H8Sn_aICQcjO6LoH09A94vDsg_aem_dh5x2yfoAgZJYgleHz-9Bg" "Mozilla/5.0 (iPhone; CPU iPhone OS 12_5_7 like Mac OS X) AppleWebKit/605.1.15 (KHTML, like Gecko) Version/12.1.2 Mobile/15E148 Safari/604.1"
31.13.127.23 - - [26/Apr/2025:10:59:57 -0400] "GET /wp-content/plugins/elementor/assets/css/widget-image.min.css?ver=3.28.4 HTTP/1.1" 200 254 "https://pwmsolution.com/?fbclid=IwZXh0bgNhZW0CMTEAAR4rm_zZTiK-7EWtZ2pTaZsp9YmriQIsHxp00H8Sn_aICQcjO6LoH09A94vDsg_aem_dh5x2yfoAgZJYgleHz-9Bg" "Mozilla/5.0 (iPhone; CPU iPhone OS 12_5_7 like Mac OS X) AppleWebKit/605.1.15 (KHTML, like Gecko) Version/12.1.2 Mobile/15E148 Safari/604.1"
31.13.127.21 - - [26/Apr/2025:10:59:57 -0400] "GET /wp-content/plugins/elementor/assets/lib/animations/styles/fadeInLeft.min.css?ver=3.28.4 HTTP/1.1" 200 137 "https://pwmsolution.com/?fbclid=IwZXh0bgNhZW0CMTEAAR4rm_zZTiK-7EWtZ2pTaZsp9YmriQIsHxp00H8Sn_aICQcjO6LoH09A94vDsg_aem_dh5x2yfoAgZJYgleHz-9Bg" "Mozilla/5.0 (iPhone; CPU iPhone OS 12_5_7 like Mac OS X) AppleWebKit/605.1.15 (KHTML, like Gecko) Version/12.1.2 Mobile/15E148 Safari/604.1"
31.13.127.23 - - [26/Apr/2025:10:59:57 -0400] "GET /wp-content/plugins/elementor/assets/css/widget-heading.min.css?ver=3.28.4 HTTP/1.1" 200 154 "https://pwmsolution.com/?fbclid=IwZXh0bgNhZW0CMTEAAR4rm_zZTiK-7EWtZ2pTaZsp9YmriQIsHxp00H8Sn_aICQcjO6LoH09A94vDsg_aem_dh5x2yfoAgZJYgleHz-9Bg" "Mozilla/5.0 (iPhone; CPU iPhone OS 12_5_7 like Mac OS X) AppleWebKit/605.1.15 (KHTML, like Gecko) Version/12.1.2 Mobile/15E148 Safari/604.1"
31.13.127.29 - - [26/Apr/2025:10:59:57 -0400] "GET /wp-content/plugins/elementor/assets/lib/animations/styles/fadeInRight.min.css?ver=3.28.4 HTTP/1.1" 200 139 "https://pwmsolution.com/?fbclid=IwZXh0bgNhZW0CMTEAAR4rm_zZTiK-7EWtZ2pTaZsp9YmriQIsHxp00H8Sn_aICQcjO6LoH09A94vDsg_aem_dh5x2yfoAgZJYgleHz-9Bg" "Mozilla/5.0 (iPhone; CPU iPhone OS 12_5_7 like Mac OS X) AppleWebKit/605.1.15 (KHTML, like Gecko) Version/12.1.2 Mobile/15E148 Safari/604.1"
31.13.127.21 - - [26/Apr/2025:10:59:57 -0400] "GET /wp-content/plugins/elementor/assets/css/widget-divider.min.css?ver=3.28.4 HTTP/1.1" 200 707 "https://pwmsolution.com/?fbclid=IwZXh0bgNhZW0CMTEAAR4rm_zZTiK-7EWtZ2pTaZsp9YmriQIsHxp00H8Sn_aICQcjO6LoH09A94vDsg_aem_dh5x2yfoAgZJYgleHz-9Bg" "Mozilla/5.0 (iPhone; CPU iPhone OS 12_5_7 like Mac OS X) AppleWebKit/605.1.15 (KHTML, like Gecko) Version/12.1.2 Mobile/15E148 Safari/604.1"
31.13.127.23 - - [26/Apr/2025:10:59:57 -0400] "GET /wp-content/plugins/elementor/assets/lib/animations/styles/fadeIn.min.css?ver=3.28.4 HTTP/1.1" 200 77 "https://pwmsolution.com/?fbclid=IwZXh0bgNhZW0CMTEAAR4rm_zZTiK-7EWtZ2pTaZsp9YmriQIsHxp00H8Sn_aICQcjO6LoH09A94vDsg_aem_dh5x2yfoAgZJYgleHz-9Bg" "Mozilla/5.0 (iPhone; CPU iPhone OS 12_5_7 like Mac OS X) AppleWebKit/605.1.15 (KHTML, like Gecko) Version/12.1.2 Mobile/15E148 Safari/604.1"
31.13.127.21 - - [26/Apr/2025:10:59:57 -0400] "GET /wp-content/plugins/elementor/assets/lib/animations/styles/fadeInDown.min.css?ver=3.28.4 HTTP/1.1" 200 137 "https://pwmsolution.com/?fbclid=IwZXh0bgNhZW0CMTEAAR4rm_zZTiK-7EWtZ2pTaZsp9YmriQIsHxp00H8Sn_aICQcjO6LoH09A94vDsg_aem_dh5x2yfoAgZJYgleHz-9Bg" "Mozilla/5.0 (iPhone; CPU iPhone OS 12_5_7 like Mac OS X) AppleWebKit/605.1.15 (KHTML, like Gecko) Version/12.1.2 Mobile/15E148 Safari/604.1"
31.13.127.29 - - [26/Apr/2025:10:59:57 -0400] "GET /wp-content/plugins/elementor/assets/lib/animations/styles/e-animation-float.min.css?ver=3.28.4 HTTP/1.1" 200 244 "https://pwmsolution.com/?fbclid=IwZXh0bgNhZW0CMTEAAR4rm_zZTiK-7EWtZ2pTaZsp9YmriQIsHxp00H8Sn_aICQcjO6LoH09A94vDsg_aem_dh5x2yfoAgZJYgleHz-9Bg" "Mozilla/5.0 (iPhone; CPU iPhone OS 12_5_7 like Mac OS X) AppleWebKit/605.1.15 (KHTML, like Gecko) Version/12.1.2 Mobile/15E148 Safari/604.1"
31.13.127.23 - - [26/Apr/2025:10:59:57 -0400] "GET /wp-content/plugins/elementor/assets/css/widget-spacer.min.css?ver=3.28.4 HTTP/1.1" 200 315 "https://pwmsolution.com/?fbclid=IwZXh0bgNhZW0CMTEAAR4rm_zZTiK-7EWtZ2pTaZsp9YmriQIsHxp00H8Sn_aICQcjO6LoH09A94vDsg_aem_dh5x2yfoAgZJYgleHz-9Bg" "Mozilla/5.0 (iPhone; CPU iPhone OS 12_5_7 like Mac OS X) AppleWebKit/605.1.15 (KHTML, like Gecko) Version/12.1.2 Mobile/15E148 Safari/604.1"
31.13.127.21 - - [26/Apr/2025:10:59:58 -0400] "GET /wp-content/plugins/elementor/assets/css/widget-google_maps.min.css?ver=3.28.4 HTTP/1.1" 200 117 "https://pwmsolution.com/?fbclid=IwZXh0bgNhZW0CMTEAAR4rm_zZTiK-7EWtZ2pTaZsp9YmriQIsHxp00H8Sn_aICQcjO6LoH09A94vDsg_aem_dh5x2yfoAgZJYgleHz-9Bg" "Mozilla/5.0 (iPhone; CPU iPhone OS 12_5_7 like Mac OS X) AppleWebKit/605.1.15 (KHTML, like Gecko) Version/12.1.2 Mobile/15E148 Safari/604.1"
31.13.127.29 - - [26/Apr/2025:10:59:58 -0400] "GET /wp-content/plugins/elementor/assets/css/widget-video.min.css?ver=3.28.4 HTTP/1.1" 200 354 "https://pwmsolution.com/?fbclid=IwZXh0bgNhZW0CMTEAAR4rm_zZTiK-7EWtZ2pTaZsp9YmriQIsHxp00H8Sn_aICQcjO6LoH09A94vDsg_aem_dh5x2yfoAgZJYgleHz-9Bg" "Mozilla/5.0 (iPhone; CPU iPhone OS 12_5_7 like Mac OS X) AppleWebKit/605.1.15 (KHTML, like Gecko) Version/12.1.2 Mobile/15E148 Safari/604.1"
31.13.127.23 - - [26/Apr/2025:10:59:59 -0400] "GET /wp-content/plugins/elementor/assets/css/widget-rating.min.css?ver=3.28.4 HTTP/1.1" 200 355 "https://pwmsolution.com/?fbclid=IwZXh0bgNhZW0CMTEAAR4rm_zZTiK-7EWtZ2pTaZsp9YmriQIsHxp00H8Sn_aICQcjO6LoH09A94vDsg_aem_dh5x2yfoAgZJYgleHz-9Bg" "Mozilla/5.0 (iPhone; CPU iPhone OS 12_5_7 like Mac OS X) AppleWebKit/605.1.15 (KHTML, like Gecko) Version/12.1.2 Mobile/15E148 Safari/604.1"
31.13.127.29 - - [26/Apr/2025:10:59:59 -0400] "GET /wp-content/uploads/elementor/css/post-7.css?ver=1744808457 HTTP/1.1" 200 4980 "https://pwmsolution.com/?fbclid=IwZXh0bgNhZW0CMTEAAR4rm_zZTiK-7EWtZ2pTaZsp9YmriQIsHxp00H8Sn_aICQcjO6LoH09A94vDsg_aem_dh5x2yfoAgZJYgleHz-9Bg" "Mozilla/5.0 (iPhone; CPU iPhone OS 12_5_7 like Mac OS X) AppleWebKit/605.1.15 (KHTML, like Gecko) Version/12.1.2 Mobile/15E148 Safari/604.1"
31.13.127.21 - - [26/Apr/2025:10:59:59 -0400] "GET /wp-content/uploads/elementor/css/post-16.css?ver=1744805200 HTTP/1.1" 200 2289 "https://pwmsolution.com/?fbclid=IwZXh0bgNhZW0CMTEAAR4rm_zZTiK-7EWtZ2pTaZsp9YmriQIsHxp00H8Sn_aICQcjO6LoH09A94vDsg_aem_dh5x2yfoAgZJYgleHz-9Bg" "Mozilla/5.0 (iPhone; CPU iPhone OS 12_5_7 like Mac OS X) AppleWebKit/605.1.15 (KHTML, like Gecko) Version/12.1.2 Mobile/15E148 Safari/604.1"
31.13.127.29 - - [26/Apr/2025:10:59:59 -0400] "GET /wp-content/uploads/elementor/css/post-97.css?ver=1744805200 HTTP/1.1" 200 1838 "https://pwmsolution.com/?fbclid=IwZXh0bgNhZW0CMTEAAR4rm_zZTiK-7EWtZ2pTaZsp9YmriQIsHxp00H8Sn_aICQcjO6LoH09A94vDsg_aem_dh5x2yfoAgZJYgleHz-9Bg" "Mozilla/5.0 (iPhone; CPU iPhone OS 12_5_7 like Mac OS X) AppleWebKit/605.1.15 (KHTML, like Gecko) Version/12.1.2 Mobile/15E148 Safari/604.1"
31.13.127.21 - - [26/Apr/2025:10:59:59 -0400] "GET /wp-content/themes/hello-elementor/style.min.css?ver=3.3.0 HTTP/1.1" 200 1591 "https://pwmsolution.com/?fbclid=IwZXh0bgNhZW0CMTEAAR4rm_zZTiK-7EWtZ2pTaZsp9YmriQIsHxp00H8Sn_aICQcjO6LoH09A94vDsg_aem_dh5x2yfoAgZJYgleHz-9Bg" "Mozilla/5.0 (iPhone; CPU iPhone OS 12_5_7 like Mac OS X) AppleWebKit/605.1.15 (KHTML, like Gecko) Version/12.1.2 Mobile/15E148 Safari/604.1"
31.13.127.23 - - [26/Apr/2025:10:59:59 -0400] "GET /wp-content/themes/hello-elementor/theme.min.css?ver=3.3.0 HTTP/1.1" 200 1131 "https://pwmsolution.com/?fbclid=IwZXh0bgNhZW0CMTEAAR4rm_zZTiK-7EWtZ2pTaZsp9YmriQIsHxp00H8Sn_aICQcjO6LoH09A94vDsg_aem_dh5x2yfoAgZJYgleHz-9Bg" "Mozilla/5.0 (iPhone; CPU iPhone OS 12_5_7 like Mac OS X) AppleWebKit/605.1.15 (KHTML, like Gecko) Version/12.1.2 Mobile/15E148 Safari/604.1"
31.13.127.21 - - [26/Apr/2025:11:00:00 -0400] "GET /wp-content/plugins/elementor/assets/css/widget-icon-list.min.css?ver=3.24.3 HTTP/1.1" 200 957 "https://pwmsolution.com/?fbclid=IwZXh0bgNhZW0CMTEAAR4rm_zZTiK-7EWtZ2pTaZsp9YmriQIsHxp00H8Sn_aICQcjO6LoH09A94vDsg_aem_dh5x2yfoAgZJYgleHz-9Bg" "Mozilla/5.0 (iPhone; CPU iPhone OS 12_5_7 like Mac OS X) AppleWebKit/605.1.15 (KHTML, like Gecko) Version/12.1.2 Mobile/15E148 Safari/604.1"
31.13.127.29 - - [26/Apr/2025:11:00:00 -0400] "GET /wp-content/plugins/elementor/assets/lib/eicons/css/elementor-icons.min.css?ver=5.34.0 HTTP/1.1" 200 3845 "https://pwmsolution.com/?fbclid=IwZXh0bgNhZW0CMTEAAR4rm_zZTiK-7EWtZ2pTaZsp9YmriQIsHxp00H8Sn_aICQcjO6LoH09A94vDsg_aem_dh5x2yfoAgZJYgleHz-9Bg" "Mozilla/5.0 (iPhone; CPU iPhone OS 12_5_7 like Mac OS X) AppleWebKit/605.1.15 (KHTML, like Gecko) Version/12.1.2 Mobile/15E148 Safari/604.1"
31.13.127.23 - - [26/Apr/2025:11:00:00 -0400] "GET /wp-content/themes/hello-elementor/header-footer.min.css?ver=3.3.0 HTTP/1.1" 200 1292 "https://pwmsolution.com/?fbclid=IwZXh0bgNhZW0CMTEAAR4rm_zZTiK-7EWtZ2pTaZsp9YmriQIsHxp00H8Sn_aICQcjO6LoH09A94vDsg_aem_dh5x2yfoAgZJYgleHz-9Bg" "Mozilla/5.0 (iPhone; CPU iPhone OS 12_5_7 like Mac OS X) AppleWebKit/605.1.15 (KHTML, like Gecko) Version/12.1.2 Mobile/15E148 Safari/604.1"
31.13.127.21 - - [26/Apr/2025:11:00:00 -0400] "GET /wp-content/plugins/elementor/assets/css/widget-social-icons.min.css?ver=3.24.0 HTTP/1.1" 200 1069 "https://pwmsolution.com/?fbclid=IwZXh0bgNhZW0CMTEAAR4rm_zZTiK-7EWtZ2pTaZsp9YmriQIsHxp00H8Sn_aICQcjO6LoH09A94vDsg_aem_dh5x2yfoAgZJYgleHz-9Bg" "Mozilla/5.0 (iPhone; CPU iPhone OS 12_5_7 like Mac OS X) AppleWebKit/605.1.15 (KHTML, like Gecko) Version/12.1.2 Mobile/15E148 Safari/604.1"
31.13.127.29 - - [26/Apr/2025:11:00:00 -0400] "GET /wp-content/plugins/elementor/assets/lib/font-awesome/css/brands.css?ver=5.15.3 HTTP/1.1" 200 296 "https://pwmsolution.com/?fbclid=IwZXh0bgNhZW0CMTEAAR4rm_zZTiK-7EWtZ2pTaZsp9YmriQIsHxp00H8Sn_aICQcjO6LoH09A94vDsg_aem_dh5x2yfoAgZJYgleHz-9Bg" "Mozilla/5.0 (iPhone; CPU iPhone OS 12_5_7 like Mac OS X) AppleWebKit/605.1.15 (KHTML, like Gecko) Version/12.1.2 Mobile/15E148 Safari/604.1"
31.13.127.23 - - [26/Apr/2025:11:00:00 -0400] "GET /wp-content/plugins/elementor/assets/lib/font-awesome/css/fontawesome.css?ver=5.15.3 HTTP/1.1" 200 12526 "https://pwmsolution.com/?fbclid=IwZXh0bgNhZW0CMTEAAR4rm_zZTiK-7EWtZ2pTaZsp9YmriQIsHxp00H8Sn_aICQcjO6LoH09A94vDsg_aem_dh5x2yfoAgZJYgleHz-9Bg" "Mozilla/5.0 (iPhone; CPU iPhone OS 12_5_7 like Mac OS X) AppleWebKit/605.1.15 (KHTML, like Gecko) Version/12.1.2 Mobile/15E148 Safari/604.1"
31.13.127.21 - - [26/Apr/2025:11:00:01 -0400] "GET /wp-content/plugins/elementor/assets/lib/font-awesome/css/solid.css?ver=5.15.3 HTTP/1.1" 200 296 "https://pwmsolution.com/?fbclid=IwZXh0bgNhZW0CMTEAAR4rm_zZTiK-7EWtZ2pTaZsp9YmriQIsHxp00H8Sn_aICQcjO6LoH09A94vDsg_aem_dh5x2yfoAgZJYgleHz-9Bg" "Mozilla/5.0 (iPhone; CPU iPhone OS 12_5_7 like Mac OS X) AppleWebKit/605.1.15 (KHTML, like Gecko) Version/12.1.2 Mobile/15E148 Safari/604.1"
31.13.127.29 - - [26/Apr/2025:11:00:01 -0400] "GET /wp-content/plugins/elementor-pro/assets/css/widget-blockquote.min.css?ver=3.25.0 HTTP/1.1" 404 13954 "https://pwmsolution.com/?fbclid=IwZXh0bgNhZW0CMTEAAR4rm_zZTiK-7EWtZ2pTaZsp9YmriQIsHxp00H8Sn_aICQcjO6LoH09A94vDsg_aem_dh5x2yfoAgZJYgleHz-9Bg" "Mozilla/5.0 (iPhone; CPU iPhone OS 12_5_7 like Mac OS X) AppleWebKit/605.1.15 (KHTML, like Gecko) Version/12.1.2 Mobile/15E148 Safari/604.1"
31.13.127.29 - - [26/Apr/2025:11:00:04 -0400] "GET /wp-content/uploads/elementor/google-fonts/css/roboto.css?ver=1742288492 HTTP/1.1" 200 1870 "https://pwmsolution.com/?fbclid=IwZXh0bgNhZW0CMTEAAR4rm_zZTiK-7EWtZ2pTaZsp9YmriQIsHxp00H8Sn_aICQcjO6LoH09A94vDsg_aem_dh5x2yfoAgZJYgleHz-9Bg" "Mozilla/5.0 (iPhone; CPU iPhone OS 12_5_7 like Mac OS X) AppleWebKit/605.1.15 (KHTML, like Gecko) Version/12.1.2 Mobile/15E148 Safari/604.1"
31.13.127.21 - - [26/Apr/2025:11:00:01 -0400] "GET /wp-content/plugins/elementor-pro/assets/css/widget-nav-menu.min.css?ver=3.26.0 HTTP/1.1" 404 13954 "https://pwmsolution.com/?fbclid=IwZXh0bgNhZW0CMTEAAR4rm_zZTiK-7EWtZ2pTaZsp9YmriQIsHxp00H8Sn_aICQcjO6LoH09A94vDsg_aem_dh5x2yfoAgZJYgleHz-9Bg" "Mozilla/5.0 (iPhone; CPU iPhone OS 12_5_7 like Mac OS X) AppleWebKit/605.1.15 (KHTML, like Gecko) Version/12.1.2 Mobile/15E148 Safari/604.1"
31.13.127.23 - - [26/Apr/2025:11:00:01 -0400] "GET /wp-content/plugins/elementor-pro/assets/css/widget-mega-menu.min.css?ver=3.26.2 HTTP/1.1" 404 13954 "https://pwmsolution.com/?fbclid=IwZXh0bgNhZW0CMTEAAR4rm_zZTiK-7EWtZ2pTaZsp9YmriQIsHxp00H8Sn_aICQcjO6LoH09A94vDsg_aem_dh5x2yfoAgZJYgleHz-9Bg" "Mozilla/5.0 (iPhone; CPU iPhone OS 12_5_7 like Mac OS X) AppleWebKit/605.1.15 (KHTML, like Gecko) Version/12.1.2 Mobile/15E148 Safari/604.1"
31.13.127.29 - - [26/Apr/2025:11:00:05 -0400] "GET /wp-content/uploads/elementor/google-fonts/css/robotoslab.css?ver=1742288503 HTTP/1.1" 200 706 "https://pwmsolution.com/?fbclid=IwZXh0bgNhZW0CMTEAAR4rm_zZTiK-7EWtZ2pTaZsp9YmriQIsHxp00H8Sn_aICQcjO6LoH09A94vDsg_aem_dh5x2yfoAgZJYgleHz-9Bg" "Mozilla/5.0 (iPhone; CPU iPhone OS 12_5_7 like Mac OS X) AppleWebKit/605.1.15 (KHTML, like Gecko) Version/12.1.2 Mobile/15E148 Safari/604.1"
31.13.127.21 - - [26/Apr/2025:11:00:05 -0400] "GET /wp-content/uploads/elementor/google-fonts/css/redhatdisplay.css?ver=1742288508 HTTP/1.1" 200 466 "https://pwmsolution.com/?fbclid=IwZXh0bgNhZW0CMTEAAR4rm_zZTiK-7EWtZ2pTaZsp9YmriQIsHxp00H8Sn_aICQcjO6LoH09A94vDsg_aem_dh5x2yfoAgZJYgleHz-9Bg" "Mozilla/5.0 (iPhone; CPU iPhone OS 12_5_7 like Mac OS X) AppleWebKit/605.1.15 (KHTML, like Gecko) Version/12.1.2 Mobile/15E148 Safari/604.1"
31.13.127.23 - - [26/Apr/2025:11:00:05 -0400] "GET /wp-includes/js/jquery/jquery.min.js?ver=3.7.1 HTTP/1.1" 200 29744 "https://pwmsolution.com/?fbclid=IwZXh0bgNhZW0CMTEAAR4rm_zZTiK-7EWtZ2pTaZsp9YmriQIsHxp00H8Sn_aICQcjO6LoH09A94vDsg_aem_dh5x2yfoAgZJYgleHz-9Bg" "Mozilla/5.0 (iPhone; CPU iPhone OS 12_5_7 like Mac OS X) AppleWebKit/605.1.15 (KHTML, like Gecko) Version/12.1.2 Mobile/15E148 Safari/604.1"
31.13.127.29 - - [26/Apr/2025:11:00:05 -0400] "GET /wp-includes/js/jquery/jquery-migrate.min.js?ver=3.4.1 HTTP/1.1" 200 4678 "https://pwmsolution.com/?fbclid=IwZXh0bgNhZW0CMTEAAR4rm_zZTiK-7EWtZ2pTaZsp9YmriQIsHxp00H8Sn_aICQcjO6LoH09A94vDsg_aem_dh5x2yfoAgZJYgleHz-9Bg" "Mozilla/5.0 (iPhone; CPU iPhone OS 12_5_7 like Mac OS X) AppleWebKit/605.1.15 (KHTML, like Gecko) Version/12.1.2 Mobile/15E148 Safari/604.1"
31.13.127.2 - - [26/Apr/2025:11:00:06 -0400] "GET /wp-content/uploads/2024/07/pwmlogo4-300x300.png HTTP/1.1" 200 20172 "https://pwmsolution.com/?fbclid=IwZXh0bgNhZW0CMTEAAR4rm_zZTiK-7EWtZ2pTaZsp9YmriQIsHxp00H8Sn_aICQcjO6LoH09A94vDsg_aem_dh5x2yfoAgZJYgleHz-9Bg" "Mozilla/5.0 (iPhone; CPU iPhone OS 12_5_7 like Mac OS X) AppleWebKit/605.1.15 (KHTML, like Gecko) Version/12.1.2 Mobile/15E148 Safari/604.1"
31.13.127.21 - - [26/Apr/2025:11:00:06 -0400] "GET /wp-content/uploads/2024/09/view-green-card-passport-arrangement-683x1024.jpg HTTP/1.1" 200 202998 "https://pwmsolution.com/?fbclid=IwZXh0bgNhZW0CMTEAAR4rm_zZTiK-7EWtZ2pTaZsp9YmriQIsHxp00H8Sn_aICQcjO6LoH09A94vDsg_aem_dh5x2yfoAgZJYgleHz-9Bg" "Mozilla/5.0 (iPhone; CPU iPhone OS 12_5_7 like Mac OS X) AppleWebKit/605.1.15 (KHTML, like Gecko) Version/12.1.2 Mobile/15E148 Safari/604.1"
31.13.127.23 - - [26/Apr/2025:11:00:06 -0400] "GET /wp-content/uploads/2024/07/pwmlogo2.png HTTP/1.1" 200 57398 "https://pwmsolution.com/?fbclid=IwZXh0bgNhZW0CMTEAAR4rm_zZTiK-7EWtZ2pTaZsp9YmriQIsHxp00H8Sn_aICQcjO6LoH09A94vDsg_aem_dh5x2yfoAgZJYgleHz-9Bg" "Mozilla/5.0 (iPhone; CPU iPhone OS 12_5_7 like Mac OS X) AppleWebKit/605.1.15 (KHTML, like Gecko) Version/12.1.2 Mobile/15E148 Safari/604.1"
31.13.127.2 - - [26/Apr/2025:11:00:06 -0400] "GET /wp-content/plugins/elementor/assets/css/widget-social-icons.min.css?ver=3.28.4 HTTP/1.1" 200 1069 "https://pwmsolution.com/?fbclid=IwZXh0bgNhZW0CMTEAAR4rm_zZTiK-7EWtZ2pTaZsp9YmriQIsHxp00H8Sn_aICQcjO6LoH09A94vDsg_aem_dh5x2yfoAgZJYgleHz-9Bg" "Mozilla/5.0 (iPhone; CPU iPhone OS 12_5_7 like Mac OS X) AppleWebKit/605.1.15 (KHTML, like Gecko) Version/12.1.2 Mobile/15E148 Safari/604.1"
31.13.127.23 - - [26/Apr/2025:11:00:06 -0400] "GET /wp-content/uploads/2024/07/2445-compressed-768x512.jpg HTTP/1.1" 200 50285 "https://pwmsolution.com/?fbclid=IwZXh0bgNhZW0CMTEAAR4rm_zZTiK-7EWtZ2pTaZsp9YmriQIsHxp00H8Sn_aICQcjO6LoH09A94vDsg_aem_dh5x2yfoAgZJYgleHz-9Bg" "Mozilla/5.0 (iPhone; CPU iPhone OS 12_5_7 like Mac OS X) AppleWebKit/605.1.15 (KHTML, like Gecko) Version/12.1.2 Mobile/15E148 Safari/604.1"
31.13.127.23 - - [26/Apr/2025:11:00:07 -0400] "GET /wp-content/uploads/2024/09/visa-application-composition-with-different-flags-768x512.jpg HTTP/1.1" 200 89936 "https://pwmsolution.com/?fbclid=IwZXh0bgNhZW0CMTEAAR4rm_zZTiK-7EWtZ2pTaZsp9YmriQIsHxp00H8Sn_aICQcjO6LoH09A94vDsg_aem_dh5x2yfoAgZJYgleHz-9Bg" "Mozilla/5.0 (iPhone; CPU iPhone OS 12_5_7 like Mac OS X) AppleWebKit/605.1.15 (KHTML, like Gecko) Version/12.1.2 Mobile/15E148 Safari/604.1"
31.13.127.23 - - [26/Apr/2025:11:00:07 -0400] "GET /wp-includes/js/imagesloaded.min.js?ver=5.0.0 HTTP/1.1" 200 1687 "https://pwmsolution.com/?fbclid=IwZXh0bgNhZW0CMTEAAR4rm_zZTiK-7EWtZ2pTaZsp9YmriQIsHxp00H8Sn_aICQcjO6LoH09A94vDsg_aem_dh5x2yfoAgZJYgleHz-9Bg" "Mozilla/5.0 (iPhone; CPU iPhone OS 12_5_7 like Mac OS X) AppleWebKit/605.1.15 (KHTML, like Gecko) Version/12.1.2 Mobile/15E148 Safari/604.1"
31.13.127.2 - - [26/Apr/2025:11:00:07 -0400] "GET /wp-content/plugins/elementor/assets/css/conditionals/apple-webkit.min.css?ver=3.28.4 HTTP/1.1" 200 472 "https://pwmsolution.com/?fbclid=IwZXh0bgNhZW0CMTEAAR4rm_zZTiK-7EWtZ2pTaZsp9YmriQIsHxp00H8Sn_aICQcjO6LoH09A94vDsg_aem_dh5x2yfoAgZJYgleHz-9Bg" "Mozilla/5.0 (iPhone; CPU iPhone OS 12_5_7 like Mac OS X) AppleWebKit/605.1.15 (KHTML, like Gecko) Version/12.1.2 Mobile/15E148 Safari/604.1"
31.13.127.23 - - [26/Apr/2025:11:00:08 -0400] "GET /wp-content/themes/hello-elementor/assets/js/hello-frontend.min.js?ver=3.3.0 HTTP/1.1" 200 548 "https://pwmsolution.com/?fbclid=IwZXh0bgNhZW0CMTEAAR4rm_zZTiK-7EWtZ2pTaZsp9YmriQIsHxp00H8Sn_aICQcjO6LoH09A94vDsg_aem_dh5x2yfoAgZJYgleHz-9Bg" "Mozilla/5.0 (iPhone; CPU iPhone OS 12_5_7 like Mac OS X) AppleWebKit/605.1.15 (KHTML, like Gecko) Version/12.1.2 Mobile/15E148 Safari/604.1"
31.13.127.23 - - [26/Apr/2025:11:00:08 -0400] "GET /wp-content/plugins/header-footer-elementor/inc/js/frontend.js?ver=2.3.0 HTTP/1.1" 200 3944 "https://pwmsolution.com/?fbclid=IwZXh0bgNhZW0CMTEAAR4rm_zZTiK-7EWtZ2pTaZsp9YmriQIsHxp00H8Sn_aICQcjO6LoH09A94vDsg_aem_dh5x2yfoAgZJYgleHz-9Bg" "Mozilla/5.0 (iPhone; CPU iPhone OS 12_5_7 like Mac OS X) AppleWebKit/605.1.15 (KHTML, like Gecko) Version/12.1.2 Mobile/15E148 Safari/604.1"
31.13.127.23 - - [26/Apr/2025:11:00:09 -0400] "GET /wp-content/plugins/elementor/assets/js/webpack.runtime.min.js?ver=3.28.4 HTTP/1.1" 200 2228 "https://pwmsolution.com/?fbclid=IwZXh0bgNhZW0CMTEAAR4rm_zZTiK-7EWtZ2pTaZsp9YmriQIsHxp00H8Sn_aICQcjO6LoH09A94vDsg_aem_dh5x2yfoAgZJYgleHz-9Bg" "Mozilla/5.0 (iPhone; CPU iPhone OS 12_5_7 like Mac OS X) AppleWebKit/605.1.15 (KHTML, like Gecko) Version/12.1.2 Mobile/15E148 Safari/604.1"
31.13.127.2 - - [26/Apr/2025:11:00:09 -0400] "GET /wp-content/plugins/pro-elements/assets/js/webpack-pro.runtime.min.js?ver=3.23.3 HTTP/1.1" 200 2549 "https://pwmsolution.com/?fbclid=IwZXh0bgNhZW0CMTEAAR4rm_zZTiK-7EWtZ2pTaZsp9YmriQIsHxp00H8Sn_aICQcjO6LoH09A94vDsg_aem_dh5x2yfoAgZJYgleHz-9Bg" "Mozilla/5.0 (iPhone; CPU iPhone OS 12_5_7 like Mac OS X) AppleWebKit/605.1.15 (KHTML, like Gecko) Version/12.1.2 Mobile/15E148 Safari/604.1"
31.13.127.23 - - [26/Apr/2025:11:00:09 -0400] "GET /wp-content/plugins/elementor/assets/js/frontend-modules.min.js?ver=3.28.4 HTTP/1.1" 200 14421 "https://pwmsolution.com/?fbclid=IwZXh0bgNhZW0CMTEAAR4rm_zZTiK-7EWtZ2pTaZsp9YmriQIsHxp00H8Sn_aICQcjO6LoH09A94vDsg_aem_dh5x2yfoAgZJYgleHz-9Bg" "Mozilla/5.0 (iPhone; CPU iPhone OS 12_5_7 like Mac OS X) AppleWebKit/605.1.15 (KHTML, like Gecko) Version/12.1.2 Mobile/15E148 Safari/604.1"
31.13.127.2 - - [26/Apr/2025:11:00:10 -0400] "GET /wp-includes/js/dist/hooks.min.js?ver=4d63a3d491d11ffd8ac6 HTTP/1.1" 200 1571 "https://pwmsolution.com/?fbclid=IwZXh0bgNhZW0CMTEAAR4rm_zZTiK-7EWtZ2pTaZsp9YmriQIsHxp00H8Sn_aICQcjO6LoH09A94vDsg_aem_dh5x2yfoAgZJYgleHz-9Bg" "Mozilla/5.0 (iPhone; CPU iPhone OS 12_5_7 like Mac OS X) AppleWebKit/605.1.15 (KHTML, like Gecko) Version/12.1.2 Mobile/15E148 Safari/604.1"
31.13.127.23 - - [26/Apr/2025:11:00:11 -0400] "GET /wp-includes/js/dist/i18n.min.js?ver=5e580eb46a90c2b997e6 HTTP/1.1" 200 3542 "https://pwmsolution.com/?fbclid=IwZXh0bgNhZW0CMTEAAR4rm_zZTiK-7EWtZ2pTaZsp9YmriQIsHxp00H8Sn_aICQcjO6LoH09A94vDsg_aem_dh5x2yfoAgZJYgleHz-9Bg" "Mozilla/5.0 (iPhone; CPU iPhone OS 12_5_7 like Mac OS X) AppleWebKit/605.1.15 (KHTML, like Gecko) Version/12.1.2 Mobile/15E148 Safari/604.1"
31.13.127.23 - - [26/Apr/2025:11:00:11 -0400] "GET /wp-content/plugins/pro-elements/assets/js/frontend.min.js?ver=3.23.3 HTTP/1.1" 200 6468 "https://pwmsolution.com/?fbclid=IwZXh0bgNhZW0CMTEAAR4rm_zZTiK-7EWtZ2pTaZsp9YmriQIsHxp00H8Sn_aICQcjO6LoH09A94vDsg_aem_dh5x2yfoAgZJYgleHz-9Bg" "Mozilla/5.0 (iPhone; CPU iPhone OS 12_5_7 like Mac OS X) AppleWebKit/605.1.15 (KHTML, like Gecko) Version/12.1.2 Mobile/15E148 Safari/604.1"
31.13.127.2 - - [26/Apr/2025:11:00:11 -0400] "GET /wp-includes/js/jquery/ui/core.min.js?ver=1.13.3 HTTP/1.1" 200 6812 "https://pwmsolution.com/?fbclid=IwZXh0bgNhZW0CMTEAAR4rm_zZTiK-7EWtZ2pTaZsp9YmriQIsHxp00H8Sn_aICQcjO6LoH09A94vDsg_aem_dh5x2yfoAgZJYgleHz-9Bg" "Mozilla/5.0 (iPhone; CPU iPhone OS 12_5_7 like Mac OS X) AppleWebKit/605.1.15 (KHTML, like Gecko) Version/12.1.2 Mobile/15E148 Safari/604.1"
31.13.127.23 - - [26/Apr/2025:11:00:12 -0400] "GET /wp-content/plugins/elementor/assets/js/frontend.min.js?ver=3.28.4 HTTP/1.1" 200 13099 "https://pwmsolution.com/?fbclid=IwZXh0bgNhZW0CMTEAAR4rm_zZTiK-7EWtZ2pTaZsp9YmriQIsHxp00H8Sn_aICQcjO6LoH09A94vDsg_aem_dh5x2yfoAgZJYgleHz-9Bg" "Mozilla/5.0 (iPhone; CPU iPhone OS 12_5_7 like Mac OS X) AppleWebKit/605.1.15 (KHTML, like Gecko) Version/12.1.2 Mobile/15E148 Safari/604.1"
31.13.127.23 - - [26/Apr/2025:11:00:13 -0400] "GET /wp-content/plugins/pro-elements/assets/js/elements-handlers.min.js?ver=3.23.3 HTTP/1.1" 200 9631 "https://pwmsolution.com/?fbclid=IwZXh0bgNhZW0CMTEAAR4rm_zZTiK-7EWtZ2pTaZsp9YmriQIsHxp00H8Sn_aICQcjO6LoH09A94vDsg_aem_dh5x2yfoAgZJYgleHz-9Bg" "Mozilla/5.0 (iPhone; CPU iPhone OS 12_5_7 like Mac OS X) AppleWebKit/605.1.15 (KHTML, like Gecko) Version/12.1.2 Mobile/15E148 Safari/604.1"
31.13.127.2 - - [26/Apr/2025:11:00:13 -0400] "GET /wp-content/uploads/2024/10/pwm_investment_flyer-724x1024.png HTTP/1.1" 200 404389 "https://pwmsolution.com/?fbclid=IwZXh0bgNhZW0CMTEAAR4rm_zZTiK-7EWtZ2pTaZsp9YmriQIsHxp00H8Sn_aICQcjO6LoH09A94vDsg_aem_dh5x2yfoAgZJYgleHz-9Bg" "Mozilla/5.0 (iPhone; CPU iPhone OS 12_5_7 like Mac OS X) AppleWebKit/605.1.15 (KHTML, like Gecko) Version/12.1.2 Mobile/15E148 Safari/604.1"
31.13.127.23 - - [26/Apr/2025:11:00:13 -0400] "GET /wp-content/uploads/2024/09/Artboard-15_1-724x1024.png HTTP/1.1" 200 347280 "https://pwmsolution.com/?fbclid=IwZXh0bgNhZW0CMTEAAR4rm_zZTiK-7EWtZ2pTaZsp9YmriQIsHxp00H8Sn_aICQcjO6LoH09A94vDsg_aem_dh5x2yfoAgZJYgleHz-9Bg" "Mozilla/5.0 (iPhone; CPU iPhone OS 12_5_7 like Mac OS X) AppleWebKit/605.1.15 (KHTML, like Gecko) Version/12.1.2 Mobile/15E148 Safari/604.1"
31.13.127.23 - - [26/Apr/2025:11:00:14 -0400] "GET /wp-content/uploads/2024/08/WhatsApp-Image-2024-08-24-at-15.42.25_7fa4ad57-730x1024.jpg HTTP/1.1" 200 142286 "https://pwmsolution.com/?fbclid=IwZXh0bgNhZW0CMTEAAR4rm_zZTiK-7EWtZ2pTaZsp9YmriQIsHxp00H8Sn_aICQcjO6LoH09A94vDsg_aem_dh5x2yfoAgZJYgleHz-9Bg" "Mozilla/5.0 (iPhone; CPU iPhone OS 12_5_7 like Mac OS X) AppleWebKit/605.1.15 (KHTML, like Gecko) Version/12.1.2 Mobile/15E148 Safari/604.1"
31.13.127.2 - - [26/Apr/2025:11:00:14 -0400] "GET /wp-content/uploads/elementor/google-fonts/fonts/redhatdisplay-8viq7wur0m80wwyf0qcxzzyzuotg_t6h.woff2 HTTP/1.1" 200 30588 "https://pwmsolution.com/wp-content/uploads/elementor/google-fonts/css/redhatdisplay.css?ver=1742288508" "Mozilla/5.0 (iPhone; CPU iPhone OS 12_5_7 like Mac OS X) AppleWebKit/605.1.15 (KHTML, like Gecko) Version/12.1.2 Mobile/15E148 Safari/604.1"
31.13.127.23 - - [26/Apr/2025:11:00:14 -0400] "GET /wp-content/uploads/elementor/google-fonts/fonts/roboto-kfo7cnqeu92fr1me7ksn66agldtyluama3yuba.woff2 HTTP/1.1" 200 40128 "https://pwmsolution.com/wp-content/uploads/elementor/google-fonts/css/roboto.css?ver=1742288492" "Mozilla/5.0 (iPhone; CPU iPhone OS 12_5_7 like Mac OS X) AppleWebKit/605.1.15 (KHTML, like Gecko) Version/12.1.2 Mobile/15E148 Safari/604.1"
31.13.127.23 - - [26/Apr/2025:11:00:14 -0400] "GET /wp-content/uploads/elementor/google-fonts/fonts/roboto-kfo5cnqeu92fr1mu53zec9_vu3r1gihoszmkbnka.woff2 HTTP/1.1" 200 44192 "https://pwmsolution.com/wp-content/uploads/elementor/google-fonts/css/roboto.css?ver=1742288492" "Mozilla/5.0 (iPhone; CPU iPhone OS 12_5_7 like Mac OS X) AppleWebKit/605.1.15 (KHTML, like Gecko) Version/12.1.2 Mobile/15E148 Safari/604.1"
31.13.127.2 - - [26/Apr/2025:11:00:14 -0400] "GET /wp-content/uploads/elementor/google-fonts/fonts/robotoslab-bngmuxzytxpivibgjjsb6ufn5qu.woff2 HTTP/1.1" 200 34328 "https://pwmsolution.com/wp-content/uploads/elementor/google-fonts/css/robotoslab.css?ver=1742288503" "Mozilla/5.0 (iPhone; CPU iPhone OS 12_5_7 like Mac OS X) AppleWebKit/605.1.15 (KHTML, like Gecko) Version/12.1.2 Mobile/15E148 Safari/604.1"
31.13.127.23 - - [26/Apr/2025:11:00:16 -0400] "GET /wp-content/uploads/elementor/google-fonts/fonts/roboto-kfo7cnqeu92fr1me7ksn66agldtyluamaxkubgee.woff2 HTTP/1.1" 200 20408 "https://pwmsolution.com/wp-content/uploads/elementor/google-fonts/css/roboto.css?ver=1742288492" "Mozilla/5.0 (iPhone; CPU iPhone OS 12_5_7 like Mac OS X) AppleWebKit/605.1.15 (KHTML, like Gecko) Version/12.1.2 Mobile/15E148 Safari/604.1"
31.13.127.23 - - [26/Apr/2025:11:00:16 -0400] "GET /wp-content/uploads/2024/08/WhatsApp-Image-2024-08-24-at-15.42.25_6b0c2ed5-768x768.jpg HTTP/1.1" 200 114190 "https://pwmsolution.com/?fbclid=IwZXh0bgNhZW0CMTEAAR4rm_zZTiK-7EWtZ2pTaZsp9YmriQIsHxp00H8Sn_aICQcjO6LoH09A94vDsg_aem_dh5x2yfoAgZJYgleHz-9Bg" "Mozilla/5.0 (iPhone; CPU iPhone OS 12_5_7 like Mac OS X) AppleWebKit/605.1.15 (KHTML, like Gecko) Version/12.1.2 Mobile/15E148 Safari/604.1"
31.13.127.2 - - [26/Apr/2025:11:00:16 -0400] "GET /wp-content/uploads/2024/09/UMA-PIC-3-Copy-1-750x1024.jpg HTTP/1.1" 200 60313 "https://pwmsolution.com/?fbclid=IwZXh0bgNhZW0CMTEAAR4rm_zZTiK-7EWtZ2pTaZsp9YmriQIsHxp00H8Sn_aICQcjO6LoH09A94vDsg_aem_dh5x2yfoAgZJYgleHz-9Bg" "Mozilla/5.0 (iPhone; CPU iPhone OS 12_5_7 like Mac OS X) AppleWebKit/605.1.15 (KHTML, like Gecko) Version/12.1.2 Mobile/15E148 Safari/604.1"
31.13.127.23 - - [26/Apr/2025:11:00:16 -0400] "GET /wp-content/uploads/2024/07/pwmlogo3-768x769.png HTTP/1.1" 200 59705 "https://pwmsolution.com/?fbclid=IwZXh0bgNhZW0CMTEAAR4rm_zZTiK-7EWtZ2pTaZsp9YmriQIsHxp00H8Sn_aICQcjO6LoH09A94vDsg_aem_dh5x2yfoAgZJYgleHz-9Bg" "Mozilla/5.0 (iPhone; CPU iPhone OS 12_5_7 like Mac OS X) AppleWebKit/605.1.15 (KHTML, like Gecko) Version/12.1.2 Mobile/15E148 Safari/604.1"
31.13.127.23 - - [26/Apr/2025:11:00:16 -0400] "GET /wp-includes/js/wp-emoji-release.min.js?ver=6.8 HTTP/1.1" 200 4771 "https://pwmsolution.com/?fbclid=IwZXh0bgNhZW0CMTEAAR4rm_zZTiK-7EWtZ2pTaZsp9YmriQIsHxp00H8Sn_aICQcjO6LoH09A94vDsg_aem_dh5x2yfoAgZJYgleHz-9Bg" "Mozilla/5.0 (iPhone; CPU iPhone OS 12_5_7 like Mac OS X) AppleWebKit/605.1.15 (KHTML, like Gecko) Version/12.1.2 Mobile/15E148 Safari/604.1"
31.13.127.2 - - [26/Apr/2025:11:00:16 -0400] "GET /wp-content/uploads/2024/10/Contact-for-Visa-Immigration-Inquiry-Google-Forms-10-18-2024_09_39_AM-768x897.png HTTP/1.1" 200 325169 "https://pwmsolution.com/?fbclid=IwZXh0bgNhZW0CMTEAAR4rm_zZTiK-7EWtZ2pTaZsp9YmriQIsHxp00H8Sn_aICQcjO6LoH09A94vDsg_aem_dh5x2yfoAgZJYgleHz-9Bg" "Mozilla/5.0 (iPhone; CPU iPhone OS 12_5_7 like Mac OS X) AppleWebKit/605.1.15 (KHTML, like Gecko) Version/12.1.2 Mobile/15E148 Safari/604.1"
31.13.127.23 - - [26/Apr/2025:11:00:17 -0400] "GET /wp-content/plugins/pro-elements/assets/js/slides.fb6b9afd278bb9c5e75b.bundle.min.js HTTP/1.1" 200 1362 "https://pwmsolution.com/?fbclid=IwZXh0bgNhZW0CMTEAAR4rm_zZTiK-7EWtZ2pTaZsp9YmriQIsHxp00H8Sn_aICQcjO6LoH09A94vDsg_aem_dh5x2yfoAgZJYgleHz-9Bg" "Mozilla/5.0 (iPhone; CPU iPhone OS 12_5_7 like Mac OS X) AppleWebKit/605.1.15 (KHTML, like Gecko) Version/12.1.2 Mobile/15E148 Safari/604.1"
31.13.127.23 - - [26/Apr/2025:11:00:17 -0400] "GET /wp-content/plugins/elementor/assets/js/text-editor.c084ef86600b6f11690d.bundle.min.js HTTP/1.1" 200 621 "https://pwmsolution.com/?fbclid=IwZXh0bgNhZW0CMTEAAR4rm_zZTiK-7EWtZ2pTaZsp9YmriQIsHxp00H8Sn_aICQcjO6LoH09A94vDsg_aem_dh5x2yfoAgZJYgleHz-9Bg" "Mozilla/5.0 (iPhone; CPU iPhone OS 12_5_7 like Mac OS X) AppleWebKit/605.1.15 (KHTML, like Gecko) Version/12.1.2 Mobile/15E148 Safari/604.1"
31.13.127.2 - - [26/Apr/2025:11:00:17 -0400] "GET /wp-content/plugins/elementor/assets/js/video.6ebfa2c3f5493cb2eaaf.bundle.min.js HTTP/1.1" 200 1228 "https://pwmsolution.com/?fbclid=IwZXh0bgNhZW0CMTEAAR4rm_zZTiK-7EWtZ2pTaZsp9YmriQIsHxp00H8Sn_aICQcjO6LoH09A94vDsg_aem_dh5x2yfoAgZJYgleHz-9Bg" "Mozilla/5.0 (iPhone; CPU iPhone OS 12_5_7 like Mac OS X) AppleWebKit/605.1.15 (KHTML, like Gecko) Version/12.1.2 Mobile/15E148 Safari/604.1"
31.13.127.23 - - [26/Apr/2025:11:00:17 -0400] "GET /wp-content/plugins/pro-elements/assets/js/carousel.9b02b45d7826c1c48f33.bundle.min.js HTTP/1.1" 200 1597 "https://pwmsolution.com/?fbclid=IwZXh0bgNhZW0CMTEAAR4rm_zZTiK-7EWtZ2pTaZsp9YmriQIsHxp00H8Sn_aICQcjO6LoH09A94vDsg_aem_dh5x2yfoAgZJYgleHz-9Bg" "Mozilla/5.0 (iPhone; CPU iPhone OS 12_5_7 like Mac OS X) AppleWebKit/605.1.15 (KHTML, like Gecko) Version/12.1.2 Mobile/15E148 Safari/604.1"
31.13.127.23 - - [26/Apr/2025:11:00:17 -0400] "GET /wp-content/plugins/pro-elements/assets/js/form.c4bc7eaa69583834a7d5.bundle.min.js HTTP/1.1" 200 4825 "https://pwmsolution.com/?fbclid=IwZXh0bgNhZW0CMTEAAR4rm_zZTiK-7EWtZ2pTaZsp9YmriQIsHxp00H8Sn_aICQcjO6LoH09A94vDsg_aem_dh5x2yfoAgZJYgleHz-9Bg" "Mozilla/5.0 (iPhone; CPU iPhone OS 12_5_7 like Mac OS X) AppleWebKit/605.1.15 (KHTML, like Gecko) Version/12.1.2 Mobile/15E148 Safari/604.1"
31.13.127.23 - - [26/Apr/2025:11:00:18 -0400] "GET /wp-content/plugins/pro-elements/assets/js/popup.085c1727e36940b18f29.bundle.min.js HTTP/1.1" 200 395 "https://pwmsolution.com/?fbclid=IwZXh0bgNhZW0CMTEAAR4rm_zZTiK-7EWtZ2pTaZsp9YmriQIsHxp00H8Sn_aICQcjO6LoH09A94vDsg_aem_dh5x2yfoAgZJYgleHz-9Bg" "Mozilla/5.0 (iPhone; CPU iPhone OS 12_5_7 like Mac OS X) AppleWebKit/605.1.15 (KHTML, like Gecko) Version/12.1.2 Mobile/15E148 Safari/604.1"
31.13.127.2 - - [26/Apr/2025:11:00:18 -0400] "GET /wp-content/plugins/elementor/assets/lib/swiper/v8/swiper.min.js?ver=8.4.5 HTTP/1.1" 200 38152 "https://pwmsolution.com/?fbclid=IwZXh0bgNhZW0CMTEAAR4rm_zZTiK-7EWtZ2pTaZsp9YmriQIsHxp00H8Sn_aICQcjO6LoH09A94vDsg_aem_dh5x2yfoAgZJYgleHz-9Bg" "Mozilla/5.0 (iPhone; CPU iPhone OS 12_5_7 like Mac OS X) AppleWebKit/605.1.15 (KHTML, like Gecko) Version/12.1.2 Mobile/15E148 Safari/604.1"
31.13.127.2 - - [26/Apr/2025:11:00:26 -0400] "GET /wp-content/uploads/2024/07/2149117788-compressed.jpg HTTP/1.1" 200 140768 "https://pwmsolution.com/wp-content/uploads/elementor/css/post-7.css?ver=1744808457" "Mozilla/5.0 (iPhone; CPU iPhone OS 12_5_7 like Mac OS X) AppleWebKit/605.1.15 (KHTML, like Gecko) Version/12.1.2 Mobile/15E148 Safari/604.1"
31.13.127.23 - - [26/Apr/2025:11:00:26 -0400] "GET /wp-content/uploads/2024/07/18551-compressed.jpg HTTP/1.1" 200 133398 "https://pwmsolution.com/wp-content/uploads/elementor/css/post-7.css?ver=1744808457" "Mozilla/5.0 (iPhone; CPU iPhone OS 12_5_7 like Mac OS X) AppleWebKit/605.1.15 (KHTML, like Gecko) Version/12.1.2 Mobile/15E148 Safari/604.1"
31.13.127.21 - - [26/Apr/2025:11:00:26 -0400] "GET /wp-content/uploads/2024/07/14615-compressed.jpg HTTP/1.1" 200 138155 "https://pwmsolution.com/wp-content/uploads/elementor/css/post-7.css?ver=1744808457" "Mozilla/5.0 (iPhone; CPU iPhone OS 12_5_7 like Mac OS X) AppleWebKit/605.1.15 (KHTML, like Gecko) Version/12.1.2 Mobile/15E148 Safari/604.1"
31.13.127.23 - - [26/Apr/2025:11:00:26 -0400] "GET /wp-content/uploads/2024/09/6010599_Woman_People_1280x720.mp4 HTTP/1.1" 206 655360 "https://pwmsolution.com/?fbclid=IwZXh0bgNhZW0CMTEAAR4rm_zZTiK-7EWtZ2pTaZsp9YmriQIsHxp00H8Sn_aICQcjO6LoH09A94vDsg_aem_dh5x2yfoAgZJYgleHz-9Bg" "Mozilla/5.0 (iPhone; CPU iPhone OS 12_5_7 like Mac OS X) AppleWebKit/605.1.15 (KHTML, like Gecko) Version/12.1.2 Mobile/15E148 Safari/604.1"
31.13.127.21 - - [26/Apr/2025:11:00:33 -0400] "GET /wp-content/plugins/elementor/assets/lib/font-awesome/webfonts/fa-solid-900.woff2 HTTP/1.1" 200 78196 "https://pwmsolution.com/wp-content/plugins/elementor/assets/lib/font-awesome/css/solid.css?ver=5.15.3" "Mozilla/5.0 (iPhone; CPU iPhone OS 12_5_7 like Mac OS X) AppleWebKit/605.1.15 (KHTML, like Gecko) Version/12.1.2 Mobile/15E148 Safari/604.1"
31.13.127.23 - - [26/Apr/2025:11:00:33 -0400] "GET /wp-content/uploads/2024/07/2445-compressed.jpg HTTP/1.1" 200 112939 "https://pwmsolution.com/?fbclid=IwZXh0bgNhZW0CMTEAAR4rm_zZTiK-7EWtZ2pTaZsp9YmriQIsHxp00H8Sn_aICQcjO6LoH09A94vDsg_aem_dh5x2yfoAgZJYgleHz-9Bg" "Mozilla/5.0 (iPhone; CPU iPhone OS 12_5_7 like Mac OS X) AppleWebKit/605.1.15 (KHTML, like Gecko) Version/12.1.2 Mobile/15E148 Safari/604.1"
31.13.127.29 - - [26/Apr/2025:11:00:33 -0400] "GET /wp-content/uploads/2024/09/visa-application-composition-with-different-flags-1024x683.jpg HTTP/1.1" 200 135811 "https://pwmsolution.com/?fbclid=IwZXh0bgNhZW0CMTEAAR4rm_zZTiK-7EWtZ2pTaZsp9YmriQIsHxp00H8Sn_aICQcjO6LoH09A94vDsg_aem_dh5x2yfoAgZJYgleHz-9Bg" "Mozilla/5.0 (iPhone; CPU iPhone OS 12_5_7 like Mac OS X) AppleWebKit/605.1.15 (KHTML, like Gecko) Version/12.1.2 Mobile/15E148 Safari/604.1"
31.13.127.2 - - [26/Apr/2025:11:00:33 -0400] "GET /wp-content/uploads/2024/09/view-green-card-passport-arrangement-1365x2048.jpg HTTP/1.1" 200 661379 "https://pwmsolution.com/?fbclid=IwZXh0bgNhZW0CMTEAAR4rm_zZTiK-7EWtZ2pTaZsp9YmriQIsHxp00H8Sn_aICQcjO6LoH09A94vDsg_aem_dh5x2yfoAgZJYgleHz-9Bg" "Mozilla/5.0 (iPhone; CPU iPhone OS 12_5_7 like Mac OS X) AppleWebKit/605.1.15 (KHTML, like Gecko) Version/12.1.2 Mobile/15E148 Safari/604.1"
66.29.132.124 - - [26/Apr/2025:11:01:21 -0400] "POST /wp-cron.php?doing_wp_cron=1745679681.7750990390777587890625 HTTP/1.1" 200 0 "-" "WordPress/6.8; https://pwmsolution.com"
80.85.245.145 - - [26/Apr/2025:11:01:21 -0400] "GET / HTTP/1.1" 200 35145 "-" "Mozilla/5.0 (Macintosh; Intel Mac OS X 10_15_7) AppleWebKit/537.36 (KHTML, like Gecko) Chrome/133.0.0.0 Safari/537.36"
181.177.140.93 - - [26/Apr/2025:11:01:25 -0400] "POST / HTTP/1.1" 200 35111 "-" "Mozilla/5.0 (Macintosh; Intel Mac OS X 10_15_7) AppleWebKit/537.36 (KHTML, like Gecko) Chrome/133.0.0.0 Safari/537.36"
181.177.140.93 - - [26/Apr/2025:11:01:28 -0400] "POST / HTTP/1.1" 200 35131 "-" "Mozilla/5.0 (Windows NT 10.0; Win64; x64) AppleWebKit/537.36 (KHTML, like Gecko) Chrome/120.0.0.0 Safari/537.36"
181.177.140.93 - - [26/Apr/2025:11:01:32 -0400] "POST / HTTP/1.1" 200 35129 "-" "Mozilla/5.0 (Macintosh; Intel Mac OS X 10_15_7) AppleWebKit/537.36 (KHTML, like Gecko) Chrome/133.0.0.0 Safari/537.36"
181.177.140.93 - - [26/Apr/2025:11:01:36 -0400] "POST / HTTP/1.1" 200 35145 "-" "Mozilla/5.0 (Windows NT 10.0; Win64; x64) AppleWebKit/537.36 (KHTML, like Gecko) Chrome/120.0.0.0 Safari/537.36"
80.85.245.145 - - [26/Apr/2025:11:01:40 -0400] "GET /comments/feed/ HTTP/1.1" 200 742 "-" "Mozilla/5.0 (Macintosh; Intel Mac OS X 10_15_7) AppleWebKit/537.36 (KHTML, like Gecko) Chrome/133.0.0.0 Safari/537.36"
80.85.245.145 - - [26/Apr/2025:11:01:41 -0400] "GET /contact-us/ HTTP/1.1" 200 27999 "-" "Mozilla/5.0 (Macintosh; Intel Mac OS X 10_15_7) AppleWebKit/537.36 (KHTML, like Gecko) Chrome/133.0.0.0 Safari/537.36"
66.29.132.124 - - [26/Apr/2025:11:01:47 -0400] "POST /wp-cron.php?doing_wp_cron=1745679707.6775770187377929687500 HTTP/1.1" 200 0 "-" "WordPress/6.8; https://pwmsolution.com"
181.177.140.93 - - [26/Apr/2025:11:01:46 -0400] "POST /contact-us/ HTTP/1.1" 200 28011 "-" "Mozilla/5.0 (Macintosh; Intel Mac OS X 10_15_7) AppleWebKit/537.36 (KHTML, like Gecko) Chrome/133.0.0.0 Safari/537.36"
181.177.140.93 - - [26/Apr/2025:11:01:51 -0400] "POST /contact-us/ HTTP/1.1" 200 27994 "-" "Mozilla/5.0 (Windows NT 10.0; Win64; x64) AppleWebKit/537.36 (KHTML, like Gecko) Chrome/120.0.0.0 Safari/537.36"
181.177.140.93 - - [26/Apr/2025:11:01:57 -0400] "POST /contact-us/ HTTP/1.1" 200 27994 "-" "Mozilla/5.0 (Macintosh; Intel Mac OS X 10_15_7) AppleWebKit/537.36 (KHTML, like Gecko) Chrome/133.0.0.0 Safari/537.36"
181.177.140.93 - - [26/Apr/2025:11:02:05 -0400] "POST /contact-us/ HTTP/1.1" 200 28011 "-" "Mozilla/5.0 (Windows NT 10.0; Win64; x64) AppleWebKit/537.36 (KHTML, like Gecko) Chrome/120.0.0.0 Safari/537.36"
66.29.132.124 - - [26/Apr/2025:11:03:19 -0400] "POST /wp-cron.php?doing_wp_cron=1745679797.7159709930419921875000 HTTP/1.1" 200 0 "-" "WordPress/6.8; https://pwmsolution.com"
31.13.115.114 - - [26/Apr/2025:11:03:16 -0400] "GET /?fbclid=IwZXh0bgNhZW0CMTEAAR5SClTecVw4x10hTi9EHHlUVzSH1Aos_VUNUq8SHviw289JasGtbzuw40GlqA_aem_7gfMDiGQ8sz3KvgYcqk24A HTTP/1.1" 200 29446 "-" "Mozilla/5.0 (iPhone; CPU iPhone OS 18_4 like Mac OS X) AppleWebKit/605.1.15 (KHTML, like Gecko) Version/18.4 Mobile/15E148 Safari/604.1"
31.13.115.114 - - [26/Apr/2025:11:03:20 -0400] "GET /wp-content/plugins/header-footer-elementor/inc/widgets-css/frontend.css?ver=2.3.0 HTTP/1.1" 200 8133 "https://pwmsolution.com/?fbclid=IwZXh0bgNhZW0CMTEAAR5SClTecVw4x10hTi9EHHlUVzSH1Aos_VUNUq8SHviw289JasGtbzuw40GlqA_aem_7gfMDiGQ8sz3KvgYcqk24A" "Mozilla/5.0 (iPhone; CPU iPhone OS 18_4 like Mac OS X) AppleWebKit/605.1.15 (KHTML, like Gecko) Version/18.4 Mobile/15E148 Safari/604.1"
31.13.115.6 - - [26/Apr/2025:11:03:20 -0400] "GET /wp-content/plugins/header-footer-elementor/assets/css/header-footer-elementor.css?ver=2.3.0 HTTP/1.1" 200 259 "https://pwmsolution.com/?fbclid=IwZXh0bgNhZW0CMTEAAR5SClTecVw4x10hTi9EHHlUVzSH1Aos_VUNUq8SHviw289JasGtbzuw40GlqA_aem_7gfMDiGQ8sz3KvgYcqk24A" "Mozilla/5.0 (iPhone; CPU iPhone OS 18_4 like Mac OS X) AppleWebKit/605.1.15 (KHTML, like Gecko) Version/18.4 Mobile/15E148 Safari/604.1"
31.13.115.114 - - [26/Apr/2025:11:03:20 -0400] "GET /wp-content/uploads/elementor/css/post-9.css?ver=1744805194 HTTP/1.1" 200 368 "https://pwmsolution.com/?fbclid=IwZXh0bgNhZW0CMTEAAR5SClTecVw4x10hTi9EHHlUVzSH1Aos_VUNUq8SHviw289JasGtbzuw40GlqA_aem_7gfMDiGQ8sz3KvgYcqk24A" "Mozilla/5.0 (iPhone; CPU iPhone OS 18_4 like Mac OS X) AppleWebKit/605.1.15 (KHTML, like Gecko) Version/18.4 Mobile/15E148 Safari/604.1"
31.13.115.6 - - [26/Apr/2025:11:03:21 -0400] "GET /wp-content/plugins/pro-elements/assets/css/frontend.min.css?ver=3.23.3 HTTP/1.1" 200 43433 "https://pwmsolution.com/?fbclid=IwZXh0bgNhZW0CMTEAAR5SClTecVw4x10hTi9EHHlUVzSH1Aos_VUNUq8SHviw289JasGtbzuw40GlqA_aem_7gfMDiGQ8sz3KvgYcqk24A" "Mozilla/5.0 (iPhone; CPU iPhone OS 18_4 like Mac OS X) AppleWebKit/605.1.15 (KHTML, like Gecko) Version/18.4 Mobile/15E148 Safari/604.1"
31.13.115.114 - - [26/Apr/2025:11:03:21 -0400] "GET /wp-content/plugins/elementor/assets/css/widget-image.min.css?ver=3.28.4 HTTP/1.1" 200 254 "https://pwmsolution.com/?fbclid=IwZXh0bgNhZW0CMTEAAR5SClTecVw4x10hTi9EHHlUVzSH1Aos_VUNUq8SHviw289JasGtbzuw40GlqA_aem_7gfMDiGQ8sz3KvgYcqk24A" "Mozilla/5.0 (iPhone; CPU iPhone OS 18_4 like Mac OS X) AppleWebKit/605.1.15 (KHTML, like Gecko) Version/18.4 Mobile/15E148 Safari/604.1"
31.13.115.4 - - [26/Apr/2025:11:03:22 -0400] "GET /wp-content/plugins/elementor/assets/css/frontend.min.css?ver=3.28.4 HTTP/1.1" 200 6453 "https://pwmsolution.com/?fbclid=IwZXh0bgNhZW0CMTEAAR5SClTecVw4x10hTi9EHHlUVzSH1Aos_VUNUq8SHviw289JasGtbzuw40GlqA_aem_7gfMDiGQ8sz3KvgYcqk24A" "Mozilla/5.0 (iPhone; CPU iPhone OS 18_4 like Mac OS X) AppleWebKit/605.1.15 (KHTML, like Gecko) Version/18.4 Mobile/15E148 Safari/604.1"
31.13.115.114 - - [26/Apr/2025:11:03:22 -0400] "GET /wp-content/plugins/elementor/assets/lib/animations/styles/fadeInLeft.min.css?ver=3.28.4 HTTP/1.1" 200 137 "https://pwmsolution.com/?fbclid=IwZXh0bgNhZW0CMTEAAR5SClTecVw4x10hTi9EHHlUVzSH1Aos_VUNUq8SHviw289JasGtbzuw40GlqA_aem_7gfMDiGQ8sz3KvgYcqk24A" "Mozilla/5.0 (iPhone; CPU iPhone OS 18_4 like Mac OS X) AppleWebKit/605.1.15 (KHTML, like Gecko) Version/18.4 Mobile/15E148 Safari/604.1"
31.13.115.6 - - [26/Apr/2025:11:03:22 -0400] "GET /wp-content/plugins/elementor/assets/css/widget-heading.min.css?ver=3.28.4 HTTP/1.1" 200 154 "https://pwmsolution.com/?fbclid=IwZXh0bgNhZW0CMTEAAR5SClTecVw4x10hTi9EHHlUVzSH1Aos_VUNUq8SHviw289JasGtbzuw40GlqA_aem_7gfMDiGQ8sz3KvgYcqk24A" "Mozilla/5.0 (iPhone; CPU iPhone OS 18_4 like Mac OS X) AppleWebKit/605.1.15 (KHTML, like Gecko) Version/18.4 Mobile/15E148 Safari/604.1"
31.13.115.4 - - [26/Apr/2025:11:03:22 -0400] "GET /wp-content/plugins/elementor/assets/css/widget-divider.min.css?ver=3.28.4 HTTP/1.1" 200 707 "https://pwmsolution.com/?fbclid=IwZXh0bgNhZW0CMTEAAR5SClTecVw4x10hTi9EHHlUVzSH1Aos_VUNUq8SHviw289JasGtbzuw40GlqA_aem_7gfMDiGQ8sz3KvgYcqk24A" "Mozilla/5.0 (iPhone; CPU iPhone OS 18_4 like Mac OS X) AppleWebKit/605.1.15 (KHTML, like Gecko) Version/18.4 Mobile/15E148 Safari/604.1"
31.13.115.114 - - [26/Apr/2025:11:03:22 -0400] "GET /wp-content/plugins/elementor/assets/lib/animations/styles/fadeInRight.min.css?ver=3.28.4 HTTP/1.1" 200 139 "https://pwmsolution.com/?fbclid=IwZXh0bgNhZW0CMTEAAR5SClTecVw4x10hTi9EHHlUVzSH1Aos_VUNUq8SHviw289JasGtbzuw40GlqA_aem_7gfMDiGQ8sz3KvgYcqk24A" "Mozilla/5.0 (iPhone; CPU iPhone OS 18_4 like Mac OS X) AppleWebKit/605.1.15 (KHTML, like Gecko) Version/18.4 Mobile/15E148 Safari/604.1"
31.13.115.4 - - [26/Apr/2025:11:03:22 -0400] "GET /wp-content/plugins/elementor/assets/lib/animations/styles/fadeInDown.min.css?ver=3.28.4 HTTP/1.1" 200 137 "https://pwmsolution.com/?fbclid=IwZXh0bgNhZW0CMTEAAR5SClTecVw4x10hTi9EHHlUVzSH1Aos_VUNUq8SHviw289JasGtbzuw40GlqA_aem_7gfMDiGQ8sz3KvgYcqk24A" "Mozilla/5.0 (iPhone; CPU iPhone OS 18_4 like Mac OS X) AppleWebKit/605.1.15 (KHTML, like Gecko) Version/18.4 Mobile/15E148 Safari/604.1"
31.13.115.6 - - [26/Apr/2025:11:03:22 -0400] "GET /wp-content/plugins/elementor/assets/lib/animations/styles/fadeIn.min.css?ver=3.28.4 HTTP/1.1" 200 77 "https://pwmsolution.com/?fbclid=IwZXh0bgNhZW0CMTEAAR5SClTecVw4x10hTi9EHHlUVzSH1Aos_VUNUq8SHviw289JasGtbzuw40GlqA_aem_7gfMDiGQ8sz3KvgYcqk24A" "Mozilla/5.0 (iPhone; CPU iPhone OS 18_4 like Mac OS X) AppleWebKit/605.1.15 (KHTML, like Gecko) Version/18.4 Mobile/15E148 Safari/604.1"
31.13.115.114 - - [26/Apr/2025:11:03:22 -0400] "GET /wp-content/plugins/elementor/assets/lib/animations/styles/e-animation-float.min.css?ver=3.28.4 HTTP/1.1" 200 244 "https://pwmsolution.com/?fbclid=IwZXh0bgNhZW0CMTEAAR5SClTecVw4x10hTi9EHHlUVzSH1Aos_VUNUq8SHviw289JasGtbzuw40GlqA_aem_7gfMDiGQ8sz3KvgYcqk24A" "Mozilla/5.0 (iPhone; CPU iPhone OS 18_4 like Mac OS X) AppleWebKit/605.1.15 (KHTML, like Gecko) Version/18.4 Mobile/15E148 Safari/604.1"
31.13.115.114 - - [26/Apr/2025:11:03:23 -0400] "GET /wp-content/plugins/elementor/assets/css/widget-spacer.min.css?ver=3.28.4 HTTP/1.1" 200 315 "https://pwmsolution.com/?fbclid=IwZXh0bgNhZW0CMTEAAR5SClTecVw4x10hTi9EHHlUVzSH1Aos_VUNUq8SHviw289JasGtbzuw40GlqA_aem_7gfMDiGQ8sz3KvgYcqk24A" "Mozilla/5.0 (iPhone; CPU iPhone OS 18_4 like Mac OS X) AppleWebKit/605.1.15 (KHTML, like Gecko) Version/18.4 Mobile/15E148 Safari/604.1"
31.13.115.4 - - [26/Apr/2025:11:03:23 -0400] "GET /wp-content/plugins/elementor/assets/css/widget-video.min.css?ver=3.28.4 HTTP/1.1" 200 354 "https://pwmsolution.com/?fbclid=IwZXh0bgNhZW0CMTEAAR5SClTecVw4x10hTi9EHHlUVzSH1Aos_VUNUq8SHviw289JasGtbzuw40GlqA_aem_7gfMDiGQ8sz3KvgYcqk24A" "Mozilla/5.0 (iPhone; CPU iPhone OS 18_4 like Mac OS X) AppleWebKit/605.1.15 (KHTML, like Gecko) Version/18.4 Mobile/15E148 Safari/604.1"
31.13.115.6 - - [26/Apr/2025:11:03:23 -0400] "GET /wp-content/plugins/elementor/assets/css/widget-google_maps.min.css?ver=3.28.4 HTTP/1.1" 200 117 "https://pwmsolution.com/?fbclid=IwZXh0bgNhZW0CMTEAAR5SClTecVw4x10hTi9EHHlUVzSH1Aos_VUNUq8SHviw289JasGtbzuw40GlqA_aem_7gfMDiGQ8sz3KvgYcqk24A" "Mozilla/5.0 (iPhone; CPU iPhone OS 18_4 like Mac OS X) AppleWebKit/605.1.15 (KHTML, like Gecko) Version/18.4 Mobile/15E148 Safari/604.1"
31.13.115.114 - - [26/Apr/2025:11:03:23 -0400] "GET /wp-content/plugins/elementor/assets/css/widget-rating.min.css?ver=3.28.4 HTTP/1.1" 200 355 "https://pwmsolution.com/?fbclid=IwZXh0bgNhZW0CMTEAAR5SClTecVw4x10hTi9EHHlUVzSH1Aos_VUNUq8SHviw289JasGtbzuw40GlqA_aem_7gfMDiGQ8sz3KvgYcqk24A" "Mozilla/5.0 (iPhone; CPU iPhone OS 18_4 like Mac OS X) AppleWebKit/605.1.15 (KHTML, like Gecko) Version/18.4 Mobile/15E148 Safari/604.1"
31.13.115.4 - - [26/Apr/2025:11:03:23 -0400] "GET /wp-content/uploads/elementor/css/post-7.css?ver=1744808457 HTTP/1.1" 200 4980 "https://pwmsolution.com/?fbclid=IwZXh0bgNhZW0CMTEAAR5SClTecVw4x10hTi9EHHlUVzSH1Aos_VUNUq8SHviw289JasGtbzuw40GlqA_aem_7gfMDiGQ8sz3KvgYcqk24A" "Mozilla/5.0 (iPhone; CPU iPhone OS 18_4 like Mac OS X) AppleWebKit/605.1.15 (KHTML, like Gecko) Version/18.4 Mobile/15E148 Safari/604.1"
31.13.115.6 - - [26/Apr/2025:11:03:24 -0400] "GET /wp-content/uploads/elementor/css/post-16.css?ver=1744805200 HTTP/1.1" 200 2289 "https://pwmsolution.com/?fbclid=IwZXh0bgNhZW0CMTEAAR5SClTecVw4x10hTi9EHHlUVzSH1Aos_VUNUq8SHviw289JasGtbzuw40GlqA_aem_7gfMDiGQ8sz3KvgYcqk24A" "Mozilla/5.0 (iPhone; CPU iPhone OS 18_4 like Mac OS X) AppleWebKit/605.1.15 (KHTML, like Gecko) Version/18.4 Mobile/15E148 Safari/604.1"
31.13.115.114 - - [26/Apr/2025:11:03:24 -0400] "GET /wp-content/uploads/elementor/css/post-97.css?ver=1744805200 HTTP/1.1" 200 1838 "https://pwmsolution.com/?fbclid=IwZXh0bgNhZW0CMTEAAR5SClTecVw4x10hTi9EHHlUVzSH1Aos_VUNUq8SHviw289JasGtbzuw40GlqA_aem_7gfMDiGQ8sz3KvgYcqk24A" "Mozilla/5.0 (iPhone; CPU iPhone OS 18_4 like Mac OS X) AppleWebKit/605.1.15 (KHTML, like Gecko) Version/18.4 Mobile/15E148 Safari/604.1"
31.13.115.4 - - [26/Apr/2025:11:03:24 -0400] "GET /wp-content/themes/hello-elementor/style.min.css?ver=3.3.0 HTTP/1.1" 200 1591 "https://pwmsolution.com/?fbclid=IwZXh0bgNhZW0CMTEAAR5SClTecVw4x10hTi9EHHlUVzSH1Aos_VUNUq8SHviw289JasGtbzuw40GlqA_aem_7gfMDiGQ8sz3KvgYcqk24A" "Mozilla/5.0 (iPhone; CPU iPhone OS 18_4 like Mac OS X) AppleWebKit/605.1.15 (KHTML, like Gecko) Version/18.4 Mobile/15E148 Safari/604.1"
31.13.115.114 - - [26/Apr/2025:11:03:25 -0400] "GET /wp-content/themes/hello-elementor/theme.min.css?ver=3.3.0 HTTP/1.1" 200 1131 "https://pwmsolution.com/?fbclid=IwZXh0bgNhZW0CMTEAAR5SClTecVw4x10hTi9EHHlUVzSH1Aos_VUNUq8SHviw289JasGtbzuw40GlqA_aem_7gfMDiGQ8sz3KvgYcqk24A" "Mozilla/5.0 (iPhone; CPU iPhone OS 18_4 like Mac OS X) AppleWebKit/605.1.15 (KHTML, like Gecko) Version/18.4 Mobile/15E148 Safari/604.1"
