OwlCyberSecurity - MANAGER
Edit File: pwmsolution.com.arsn.media-ssl_log
66.29.132.124 - - [25/Apr/2025:21:33:03 -0400] "POST /wp-cron.php?doing_wp_cron=1745631183.4615230560302734375000 HTTP/1.1" 200 0 "-" "WordPress/6.8; https://pwmsolution.com"
57.141.4.1 - - [25/Apr/2025:21:32:56 -0400] "GET /wp-sitemap-posts-post-1.xml HTTP/1.1" 200 304 "-" "meta-externalagent/1.1 (+https://developers.facebook.com/docs/sharing/webmasters/crawler)"
66.29.132.124 - - [25/Apr/2025:21:41:03 -0400] "POST /wp-cron.php?doing_wp_cron=1745631663.2047181129455566406250 HTTP/1.1" 200 0 "-" "WordPress/6.8; https://pwmsolution.com"
109.161.184.164 - - [25/Apr/2025:21:40:57 -0400] "GET /wp-content/plugins/elementor-pro/assets/css/widget-mega-menu.min.css?ver=3.26.2 HTTP/1.1" 404 13956 "https://pwmsolution.com/" "Mozilla/5.0 (X11; Linux x86_64) AppleWebKit/537.36 (KHTML, like Gecko) Chrome/135.0.0.0 Safari/537.36"
109.161.184.164 - - [25/Apr/2025:21:40:57 -0400] "GET /wp-content/plugins/elementor-pro/assets/css/widget-blockquote.min.css?ver=3.25.0 HTTP/1.1" 404 13956 "https://pwmsolution.com/" "Mozilla/5.0 (X11; Linux x86_64) AppleWebKit/537.36 (KHTML, like Gecko) Chrome/135.0.0.0 Safari/537.36"
109.161.184.164 - - [25/Apr/2025:21:40:57 -0400] "GET /wp-content/plugins/elementor-pro/assets/css/widget-nav-menu.min.css?ver=3.26.0 HTTP/1.1" 404 0 "https://pwmsolution.com/" "Mozilla/5.0 (X11; Linux x86_64) AppleWebKit/537.36 (KHTML, like Gecko) Chrome/135.0.0.0 Safari/537.36"
66.29.132.124 - - [25/Apr/2025:21:47:10 -0400] "POST /wp-cron.php?doing_wp_cron=1745632030.3289620876312255859375 HTTP/1.1" 200 0 "-" "WordPress/6.8; https://pwmsolution.com"
54.36.149.39 - - [25/Apr/2025:21:47:07 -0400] "GET /robots.txt HTTP/1.1" 200 95 "-" "Mozilla/5.0 (compatible; AhrefsBot/7.0; +http://ahrefs.com/robot/)"
54.36.148.218 - - [25/Apr/2025:21:47:11 -0400] "GET /about-us/ HTTP/1.1" 301 0 "-" "Mozilla/5.0 (compatible; AhrefsBot/7.0; +http://ahrefs.com/robot/)"
66.29.132.124 - - [25/Apr/2025:21:48:12 -0400] "POST /wp-cron.php?doing_wp_cron=1745632092.0262439250946044921875 HTTP/1.1" 200 0 "-" "WordPress/6.8; https://pwmsolution.com"
43.130.150.80 - - [25/Apr/2025:21:48:11 -0400] "GET /green-card-programusa/ HTTP/1.1" 200 24620 "-" "Mozilla/5.0 (iPhone; CPU iPhone OS 13_2_3 like Mac OS X) AppleWebKit/605.1.15 (KHTML, like Gecko) Version/13.0.3 Mobile/15E148 Safari/604.1"
40.77.167.7 - - [25/Apr/2025:21:48:22 -0400] "GET /wp-sitemap-users-1.xml HTTP/1.1" 200 158 "-" "Mozilla/5.0 AppleWebKit/537.36 (KHTML, like Gecko; compatible; bingbot/2.0; +http://www.bing.com/bingbot.htm) Chrome/116.0.1938.76 Safari/537.36"
66.29.132.124 - - [25/Apr/2025:21:50:19 -0400] "POST /wp-cron.php?doing_wp_cron=1745632219.1331870555877685546875 HTTP/1.1" 200 0 "-" "WordPress/6.8; https://pwmsolution.com"
43.167.241.46 - - [25/Apr/2025:21:50:15 -0400] "GET /xmlrpc.php HTTP/1.1" 405 60 "-" "Mozilla/5.0 (iPhone; CPU iPhone OS 13_2_3 like Mac OS X) AppleWebKit/605.1.15 (KHTML, like Gecko) Version/13.0.3 Mobile/15E148 Safari/604.1"
66.29.132.124 - - [25/Apr/2025:22:02:36 -0400] "POST /wp-cron.php?doing_wp_cron=1745632956.9085330963134765625000 HTTP/1.1" 200 0 "-" "WordPress/6.8; https://pwmsolution.com"
57.141.4.27 - - [25/Apr/2025:22:02:26 -0400] "GET /sample-page/ HTTP/1.1" 200 83012 "-" "meta-externalagent/1.1 (+https://developers.facebook.com/docs/sharing/webmasters/crawler)"
66.29.132.124 - - [25/Apr/2025:22:04:35 -0400] "POST /wp-cron.php?doing_wp_cron=1745633075.0368039608001708984375 HTTP/1.1" 200 0 "-" "WordPress/6.8; https://pwmsolution.com"
43.166.238.12 - - [25/Apr/2025:22:04:32 -0400] "GET /wp-json/ HTTP/1.1" 200 264592 "-" "Mozilla/5.0 (iPhone; CPU iPhone OS 13_2_3 like Mac OS X) AppleWebKit/605.1.15 (KHTML, like Gecko) Version/13.0.3 Mobile/15E148 Safari/604.1"
70.139.247.141 - - [25/Apr/2025:22:06:10 -0400] "GET /favicon.ico HTTP/1.1" 404 1251 "-" "NetworkingExtension/8620.2.4.10.8 Network/4277.82.1 iOS/18.3.2"
66.29.132.124 - - [25/Apr/2025:22:06:12 -0400] "POST /wp-cron.php?doing_wp_cron=1745633172.6171939373016357421875 HTTP/1.1" 200 0 "-" "WordPress/6.8; https://pwmsolution.com"
70.139.247.141 - - [25/Apr/2025:22:06:10 -0400] "GET /apple-touch-icon-precomposed.png HTTP/1.1" 404 13956 "-" "NetworkingExtension/8620.2.4.10.8 Network/4277.82.1 iOS/18.3.2"
70.139.247.141 - - [25/Apr/2025:22:06:10 -0400] "GET /apple-touch-icon.png HTTP/1.1" 404 13956 "-" "NetworkingExtension/8620.2.4.10.8 Network/4277.82.1 iOS/18.3.2"
70.139.247.141 - - [25/Apr/2025:22:06:10 -0400] "GET / HTTP/1.1" 200 29444 "-" "Mozilla/5.0 (Macintosh; Intel Mac OS X 10_11_1) AppleWebKit/601.2.4 (KHTML, like Gecko) Version/9.0.1 Safari/601.2.4 facebookexternalhit/1.1 Facebot Twitterbot/1.0"
70.139.247.141 - - [25/Apr/2025:22:06:13 -0400] "GET /wp-content/uploads/2024/08/WhatsApp-Image-2024-08-24-at-15.42.25_7fa4ad57-730x1024.jpg HTTP/1.1" 200 142286 "-" "NetworkingExtension/8620.2.4.10.8 Network/4277.82.1 iOS/18.3.2"
70.139.247.141 - - [25/Apr/2025:22:06:13 -0400] "GET /wp-content/uploads/2024/09/Artboard-15_1-724x1024.png HTTP/1.1" 200 347280 "-" "NetworkingExtension/8620.2.4.10.8 Network/4277.82.1 iOS/18.3.2"
70.139.247.141 - - [25/Apr/2025:22:06:13 -0400] "GET /wp-content/uploads/2024/10/pwm_investment_flyer-724x1024.png HTTP/1.1" 200 404389 "-" "NetworkingExtension/8620.2.4.10.8 Network/4277.82.1 iOS/18.3.2"
66.29.132.124 - - [25/Apr/2025:22:08:09 -0400] "POST /wp-cron.php?doing_wp_cron=1745633289.3954460620880126953125 HTTP/1.1" 200 0 "-" "WordPress/6.8; https://pwmsolution.com"
99.42.245.139 - - [25/Apr/2025:22:08:07 -0400] "GET / HTTP/1.1" 301 0 "https://l.wl.co/" "Mozilla/5.0 (Linux; Android 10; K) AppleWebKit/537.36 (KHTML, like Gecko) SamsungBrowser/28.0 Chrome/130.0.0.0 Mobile Safari/537.36"
99.42.245.139 - - [25/Apr/2025:22:08:09 -0400] "GET / HTTP/1.1" 200 29449 "https://l.wl.co/" "Mozilla/5.0 (Linux; Android 10; K) AppleWebKit/537.36 (KHTML, like Gecko) SamsungBrowser/28.0 Chrome/130.0.0.0 Mobile Safari/537.36"
99.42.245.139 - - [25/Apr/2025:22:08:12 -0400] "GET /wp-content/plugins/header-footer-elementor/inc/widgets-css/frontend.css?ver=2.3.0 HTTP/1.1" 200 8133 "https://pwmsolution.com/" "Mozilla/5.0 (Linux; Android 10; K) AppleWebKit/537.36 (KHTML, like Gecko) SamsungBrowser/28.0 Chrome/130.0.0.0 Mobile Safari/537.36"
99.42.245.139 - - [25/Apr/2025:22:08:12 -0400] "GET /wp-content/plugins/elementor/assets/css/frontend.min.css?ver=3.28.4 HTTP/1.1" 200 6453 "https://pwmsolution.com/" "Mozilla/5.0 (Linux; Android 10; K) AppleWebKit/537.36 (KHTML, like Gecko) SamsungBrowser/28.0 Chrome/130.0.0.0 Mobile Safari/537.36"
99.42.245.139 - - [25/Apr/2025:22:08:12 -0400] "GET /wp-content/uploads/elementor/css/post-9.css?ver=1744805194 HTTP/1.1" 200 368 "https://pwmsolution.com/" "Mozilla/5.0 (Linux; Android 10; K) AppleWebKit/537.36 (KHTML, like Gecko) SamsungBrowser/28.0 Chrome/130.0.0.0 Mobile Safari/537.36"
99.42.245.139 - - [25/Apr/2025:22:08:12 -0400] "GET /wp-content/plugins/header-footer-elementor/assets/css/header-footer-elementor.css?ver=2.3.0 HTTP/1.1" 200 259 "https://pwmsolution.com/" "Mozilla/5.0 (Linux; Android 10; K) AppleWebKit/537.36 (KHTML, like Gecko) SamsungBrowser/28.0 Chrome/130.0.0.0 Mobile Safari/537.36"
99.42.245.139 - - [25/Apr/2025:22:08:12 -0400] "GET /wp-content/plugins/elementor/assets/css/widget-image.min.css?ver=3.28.4 HTTP/1.1" 200 254 "https://pwmsolution.com/" "Mozilla/5.0 (Linux; Android 10; K) AppleWebKit/537.36 (KHTML, like Gecko) SamsungBrowser/28.0 Chrome/130.0.0.0 Mobile Safari/537.36"
99.42.245.139 - - [25/Apr/2025:22:08:12 -0400] "GET /wp-content/plugins/pro-elements/assets/css/frontend.min.css?ver=3.23.3 HTTP/1.1" 200 43433 "https://pwmsolution.com/" "Mozilla/5.0 (Linux; Android 10; K) AppleWebKit/537.36 (KHTML, like Gecko) SamsungBrowser/28.0 Chrome/130.0.0.0 Mobile Safari/537.36"
99.42.245.139 - - [25/Apr/2025:22:08:12 -0400] "GET /wp-content/plugins/elementor/assets/lib/animations/styles/fadeInLeft.min.css?ver=3.28.4 HTTP/1.1" 200 137 "https://pwmsolution.com/" "Mozilla/5.0 (Linux; Android 10; K) AppleWebKit/537.36 (KHTML, like Gecko) SamsungBrowser/28.0 Chrome/130.0.0.0 Mobile Safari/537.36"
99.42.245.139 - - [25/Apr/2025:22:08:12 -0400] "GET /wp-content/plugins/elementor/assets/lib/animations/styles/fadeInDown.min.css?ver=3.28.4 HTTP/1.1" 200 137 "https://pwmsolution.com/" "Mozilla/5.0 (Linux; Android 10; K) AppleWebKit/537.36 (KHTML, like Gecko) SamsungBrowser/28.0 Chrome/130.0.0.0 Mobile Safari/537.36"
99.42.245.139 - - [25/Apr/2025:22:08:12 -0400] "GET /wp-content/plugins/elementor/assets/css/widget-video.min.css?ver=3.28.4 HTTP/1.1" 200 354 "https://pwmsolution.com/" "Mozilla/5.0 (Linux; Android 10; K) AppleWebKit/537.36 (KHTML, like Gecko) SamsungBrowser/28.0 Chrome/130.0.0.0 Mobile Safari/537.36"
99.42.245.139 - - [25/Apr/2025:22:08:12 -0400] "GET /wp-content/plugins/elementor/assets/css/widget-spacer.min.css?ver=3.28.4 HTTP/1.1" 200 315 "https://pwmsolution.com/" "Mozilla/5.0 (Linux; Android 10; K) AppleWebKit/537.36 (KHTML, like Gecko) SamsungBrowser/28.0 Chrome/130.0.0.0 Mobile Safari/537.36"
99.42.245.139 - - [25/Apr/2025:22:08:12 -0400] "GET /wp-content/plugins/elementor/assets/lib/animations/styles/fadeIn.min.css?ver=3.28.4 HTTP/1.1" 200 77 "https://pwmsolution.com/" "Mozilla/5.0 (Linux; Android 10; K) AppleWebKit/537.36 (KHTML, like Gecko) SamsungBrowser/28.0 Chrome/130.0.0.0 Mobile Safari/537.36"
99.42.245.139 - - [25/Apr/2025:22:08:12 -0400] "GET /wp-content/plugins/elementor/assets/css/widget-rating.min.css?ver=3.28.4 HTTP/1.1" 200 355 "https://pwmsolution.com/" "Mozilla/5.0 (Linux; Android 10; K) AppleWebKit/537.36 (KHTML, like Gecko) SamsungBrowser/28.0 Chrome/130.0.0.0 Mobile Safari/537.36"
99.42.245.139 - - [25/Apr/2025:22:08:12 -0400] "GET /wp-content/uploads/elementor/css/post-16.css?ver=1744805200 HTTP/1.1" 200 2289 "https://pwmsolution.com/" "Mozilla/5.0 (Linux; Android 10; K) AppleWebKit/537.36 (KHTML, like Gecko) SamsungBrowser/28.0 Chrome/130.0.0.0 Mobile Safari/537.36"
99.42.245.139 - - [25/Apr/2025:22:08:12 -0400] "GET /wp-content/uploads/elementor/css/post-97.css?ver=1744805200 HTTP/1.1" 200 1838 "https://pwmsolution.com/" "Mozilla/5.0 (Linux; Android 10; K) AppleWebKit/537.36 (KHTML, like Gecko) SamsungBrowser/28.0 Chrome/130.0.0.0 Mobile Safari/537.36"
99.42.245.139 - - [25/Apr/2025:22:08:12 -0400] "GET /wp-content/themes/hello-elementor/style.min.css?ver=3.3.0 HTTP/1.1" 200 1591 "https://pwmsolution.com/" "Mozilla/5.0 (Linux; Android 10; K) AppleWebKit/537.36 (KHTML, like Gecko) SamsungBrowser/28.0 Chrome/130.0.0.0 Mobile Safari/537.36"
99.42.245.139 - - [25/Apr/2025:22:08:12 -0400] "GET /wp-content/themes/hello-elementor/theme.min.css?ver=3.3.0 HTTP/1.1" 200 1131 "https://pwmsolution.com/" "Mozilla/5.0 (Linux; Android 10; K) AppleWebKit/537.36 (KHTML, like Gecko) SamsungBrowser/28.0 Chrome/130.0.0.0 Mobile Safari/537.36"
99.42.245.139 - - [25/Apr/2025:22:08:12 -0400] "GET /wp-content/themes/hello-elementor/header-footer.min.css?ver=3.3.0 HTTP/1.1" 200 1292 "https://pwmsolution.com/" "Mozilla/5.0 (Linux; Android 10; K) AppleWebKit/537.36 (KHTML, like Gecko) SamsungBrowser/28.0 Chrome/130.0.0.0 Mobile Safari/537.36"
99.42.245.139 - - [25/Apr/2025:22:08:12 -0400] "GET /wp-content/plugins/elementor/assets/lib/eicons/css/elementor-icons.min.css?ver=5.34.0 HTTP/1.1" 200 3845 "https://pwmsolution.com/" "Mozilla/5.0 (Linux; Android 10; K) AppleWebKit/537.36 (KHTML, like Gecko) SamsungBrowser/28.0 Chrome/130.0.0.0 Mobile Safari/537.36"
99.42.245.139 - - [25/Apr/2025:22:08:12 -0400] "GET /wp-content/plugins/elementor/assets/lib/animations/styles/e-animation-float.min.css?ver=3.28.4 HTTP/1.1" 200 244 "https://pwmsolution.com/" "Mozilla/5.0 (Linux; Android 10; K) AppleWebKit/537.36 (KHTML, like Gecko) SamsungBrowser/28.0 Chrome/130.0.0.0 Mobile Safari/537.36"
99.42.245.139 - - [25/Apr/2025:22:08:12 -0400] "GET /wp-content/plugins/elementor/assets/css/widget-google_maps.min.css?ver=3.28.4 HTTP/1.1" 200 117 "https://pwmsolution.com/" "Mozilla/5.0 (Linux; Android 10; K) AppleWebKit/537.36 (KHTML, like Gecko) SamsungBrowser/28.0 Chrome/130.0.0.0 Mobile Safari/537.36"
99.42.245.139 - - [25/Apr/2025:22:08:12 -0400] "GET /wp-content/uploads/elementor/css/post-7.css?ver=1744808457 HTTP/1.1" 200 4980 "https://pwmsolution.com/" "Mozilla/5.0 (Linux; Android 10; K) AppleWebKit/537.36 (KHTML, like Gecko) SamsungBrowser/28.0 Chrome/130.0.0.0 Mobile Safari/537.36"
99.42.245.139 - - [25/Apr/2025:22:08:12 -0400] "GET /wp-content/plugins/elementor/assets/css/widget-heading.min.css?ver=3.28.4 HTTP/1.1" 200 154 "https://pwmsolution.com/" "Mozilla/5.0 (Linux; Android 10; K) AppleWebKit/537.36 (KHTML, like Gecko) SamsungBrowser/28.0 Chrome/130.0.0.0 Mobile Safari/537.36"
99.42.245.139 - - [25/Apr/2025:22:08:12 -0400] "GET /wp-content/plugins/elementor/assets/css/widget-divider.min.css?ver=3.28.4 HTTP/1.1" 200 707 "https://pwmsolution.com/" "Mozilla/5.0 (Linux; Android 10; K) AppleWebKit/537.36 (KHTML, like Gecko) SamsungBrowser/28.0 Chrome/130.0.0.0 Mobile Safari/537.36"
99.42.245.139 - - [25/Apr/2025:22:08:12 -0400] "GET /wp-content/plugins/elementor/assets/lib/animations/styles/fadeInRight.min.css?ver=3.28.4 HTTP/1.1" 200 139 "https://pwmsolution.com/" "Mozilla/5.0 (Linux; Android 10; K) AppleWebKit/537.36 (KHTML, like Gecko) SamsungBrowser/28.0 Chrome/130.0.0.0 Mobile Safari/537.36"
99.42.245.139 - - [25/Apr/2025:22:08:12 -0400] "GET /wp-content/plugins/elementor/assets/css/widget-icon-list.min.css?ver=3.24.3 HTTP/1.1" 200 957 "https://pwmsolution.com/" "Mozilla/5.0 (Linux; Android 10; K) AppleWebKit/537.36 (KHTML, like Gecko) SamsungBrowser/28.0 Chrome/130.0.0.0 Mobile Safari/537.36"
99.42.245.139 - - [25/Apr/2025:22:08:12 -0400] "GET /wp-content/plugins/elementor/assets/lib/font-awesome/css/fontawesome.css?ver=5.15.3 HTTP/1.1" 200 12526 "https://pwmsolution.com/" "Mozilla/5.0 (Linux; Android 10; K) AppleWebKit/537.36 (KHTML, like Gecko) SamsungBrowser/28.0 Chrome/130.0.0.0 Mobile Safari/537.36"
99.42.245.139 - - [25/Apr/2025:22:08:12 -0400] "GET /wp-content/uploads/elementor/google-fonts/css/robotoslab.css?ver=1742288503 HTTP/1.1" 200 706 "https://pwmsolution.com/" "Mozilla/5.0 (Linux; Android 10; K) AppleWebKit/537.36 (KHTML, like Gecko) SamsungBrowser/28.0 Chrome/130.0.0.0 Mobile Safari/537.36"
99.42.245.139 - - [25/Apr/2025:22:08:12 -0400] "GET /wp-content/plugins/elementor/assets/css/widget-social-icons.min.css?ver=3.24.0 HTTP/1.1" 200 1069 "https://pwmsolution.com/" "Mozilla/5.0 (Linux; Android 10; K) AppleWebKit/537.36 (KHTML, like Gecko) SamsungBrowser/28.0 Chrome/130.0.0.0 Mobile Safari/537.36"
99.42.245.139 - - [25/Apr/2025:22:08:12 -0400] "GET /wp-content/plugins/elementor/assets/lib/font-awesome/css/brands.css?ver=5.15.3 HTTP/1.1" 200 296 "https://pwmsolution.com/" "Mozilla/5.0 (Linux; Android 10; K) AppleWebKit/537.36 (KHTML, like Gecko) SamsungBrowser/28.0 Chrome/130.0.0.0 Mobile Safari/537.36"
99.42.245.139 - - [25/Apr/2025:22:08:12 -0400] "GET /wp-content/plugins/elementor/assets/lib/font-awesome/css/solid.css?ver=5.15.3 HTTP/1.1" 200 296 "https://pwmsolution.com/" "Mozilla/5.0 (Linux; Android 10; K) AppleWebKit/537.36 (KHTML, like Gecko) SamsungBrowser/28.0 Chrome/130.0.0.0 Mobile Safari/537.36"
99.42.245.139 - - [25/Apr/2025:22:08:12 -0400] "GET /wp-content/uploads/elementor/google-fonts/css/roboto.css?ver=1742288492 HTTP/1.1" 200 1870 "https://pwmsolution.com/" "Mozilla/5.0 (Linux; Android 10; K) AppleWebKit/537.36 (KHTML, like Gecko) SamsungBrowser/28.0 Chrome/130.0.0.0 Mobile Safari/537.36"
99.42.245.139 - - [25/Apr/2025:22:08:12 -0400] "GET /wp-content/uploads/elementor/google-fonts/css/redhatdisplay.css?ver=1742288508 HTTP/1.1" 200 466 "https://pwmsolution.com/" "Mozilla/5.0 (Linux; Android 10; K) AppleWebKit/537.36 (KHTML, like Gecko) SamsungBrowser/28.0 Chrome/130.0.0.0 Mobile Safari/537.36"
99.42.245.139 - - [25/Apr/2025:22:08:12 -0400] "GET /wp-includes/js/jquery/jquery.min.js?ver=3.7.1 HTTP/1.1" 200 29744 "https://pwmsolution.com/" "Mozilla/5.0 (Linux; Android 10; K) AppleWebKit/537.36 (KHTML, like Gecko) SamsungBrowser/28.0 Chrome/130.0.0.0 Mobile Safari/537.36"
99.42.245.139 - - [25/Apr/2025:22:08:12 -0400] "GET /wp-includes/js/jquery/jquery-migrate.min.js?ver=3.4.1 HTTP/1.1" 200 4678 "https://pwmsolution.com/" "Mozilla/5.0 (Linux; Android 10; K) AppleWebKit/537.36 (KHTML, like Gecko) SamsungBrowser/28.0 Chrome/130.0.0.0 Mobile Safari/537.36"
99.42.245.139 - - [25/Apr/2025:22:08:12 -0400] "GET /wp-content/uploads/2024/09/view-green-card-passport-arrangement-1024x1536.jpg HTTP/1.1" 200 402071 "https://pwmsolution.com/" "Mozilla/5.0 (Linux; Android 10; K) AppleWebKit/537.36 (KHTML, like Gecko) SamsungBrowser/28.0 Chrome/130.0.0.0 Mobile Safari/537.36"
99.42.245.139 - - [25/Apr/2025:22:08:12 -0400] "GET /wp-content/plugins/elementor-pro/assets/css/widget-blockquote.min.css?ver=3.25.0 HTTP/1.1" 404 13956 "https://pwmsolution.com/" "Mozilla/5.0 (Linux; Android 10; K) AppleWebKit/537.36 (KHTML, like Gecko) SamsungBrowser/28.0 Chrome/130.0.0.0 Mobile Safari/537.36"
99.42.245.139 - - [25/Apr/2025:22:08:12 -0400] "GET /wp-content/plugins/elementor-pro/assets/css/widget-mega-menu.min.css?ver=3.26.2 HTTP/1.1" 404 13956 "https://pwmsolution.com/" "Mozilla/5.0 (Linux; Android 10; K) AppleWebKit/537.36 (KHTML, like Gecko) SamsungBrowser/28.0 Chrome/130.0.0.0 Mobile Safari/537.36"
99.42.245.139 - - [25/Apr/2025:22:08:12 -0400] "GET /wp-content/plugins/elementor-pro/assets/css/widget-nav-menu.min.css?ver=3.26.0 HTTP/1.1" 404 13956 "https://pwmsolution.com/" "Mozilla/5.0 (Linux; Android 10; K) AppleWebKit/537.36 (KHTML, like Gecko) SamsungBrowser/28.0 Chrome/130.0.0.0 Mobile Safari/537.36"
99.42.245.139 - - [25/Apr/2025:22:08:13 -0400] "GET /wp-content/uploads/2024/07/pwmlogo4-300x300.png HTTP/1.1" 200 20172 "https://pwmsolution.com/" "Mozilla/5.0 (Linux; Android 10; K) AppleWebKit/537.36 (KHTML, like Gecko) SamsungBrowser/28.0 Chrome/130.0.0.0 Mobile Safari/537.36"
99.42.245.139 - - [25/Apr/2025:22:08:13 -0400] "GET /wp-content/uploads/2024/07/pwmlogo2.png HTTP/1.1" 200 57398 "https://pwmsolution.com/" "Mozilla/5.0 (Linux; Android 10; K) AppleWebKit/537.36 (KHTML, like Gecko) SamsungBrowser/28.0 Chrome/130.0.0.0 Mobile Safari/537.36"
99.42.245.139 - - [25/Apr/2025:22:08:13 -0400] "GET /wp-content/plugins/elementor/assets/css/widget-social-icons.min.css?ver=3.28.4 HTTP/1.1" 200 1069 "https://pwmsolution.com/" "Mozilla/5.0 (Linux; Android 10; K) AppleWebKit/537.36 (KHTML, like Gecko) SamsungBrowser/28.0 Chrome/130.0.0.0 Mobile Safari/537.36"
99.42.245.139 - - [25/Apr/2025:22:08:13 -0400] "GET /wp-content/uploads/2024/07/2445-compressed.jpg HTTP/1.1" 200 112939 "https://pwmsolution.com/" "Mozilla/5.0 (Linux; Android 10; K) AppleWebKit/537.36 (KHTML, like Gecko) SamsungBrowser/28.0 Chrome/130.0.0.0 Mobile Safari/537.36"
99.42.245.139 - - [25/Apr/2025:22:08:13 -0400] "GET /wp-content/uploads/2024/09/visa-application-composition-with-different-flags-1024x683.jpg HTTP/1.1" 200 135811 "https://pwmsolution.com/" "Mozilla/5.0 (Linux; Android 10; K) AppleWebKit/537.36 (KHTML, like Gecko) SamsungBrowser/28.0 Chrome/130.0.0.0 Mobile Safari/537.36"
99.42.245.139 - - [25/Apr/2025:22:08:13 -0400] "GET /wp-content/plugins/elementor/assets/css/conditionals/apple-webkit.min.css?ver=3.28.4 HTTP/1.1" 200 472 "https://pwmsolution.com/" "Mozilla/5.0 (Linux; Android 10; K) AppleWebKit/537.36 (KHTML, like Gecko) SamsungBrowser/28.0 Chrome/130.0.0.0 Mobile Safari/537.36"
99.42.245.139 - - [25/Apr/2025:22:08:13 -0400] "GET /wp-includes/js/imagesloaded.min.js?ver=5.0.0 HTTP/1.1" 200 1687 "https://pwmsolution.com/" "Mozilla/5.0 (Linux; Android 10; K) AppleWebKit/537.36 (KHTML, like Gecko) SamsungBrowser/28.0 Chrome/130.0.0.0 Mobile Safari/537.36"
99.42.245.139 - - [25/Apr/2025:22:08:13 -0400] "GET /wp-content/themes/hello-elementor/assets/js/hello-frontend.min.js?ver=3.3.0 HTTP/1.1" 200 548 "https://pwmsolution.com/" "Mozilla/5.0 (Linux; Android 10; K) AppleWebKit/537.36 (KHTML, like Gecko) SamsungBrowser/28.0 Chrome/130.0.0.0 Mobile Safari/537.36"
99.42.245.139 - - [25/Apr/2025:22:08:13 -0400] "GET /wp-content/uploads/elementor/google-fonts/fonts/redhatdisplay-8viq7wur0m80wwyf0qcxzzyzuotg_t6h.woff2 HTTP/1.1" 200 30588 "https://pwmsolution.com/wp-content/uploads/elementor/google-fonts/css/redhatdisplay.css?ver=1742288508" "Mozilla/5.0 (Linux; Android 10; K) AppleWebKit/537.36 (KHTML, like Gecko) SamsungBrowser/28.0 Chrome/130.0.0.0 Mobile Safari/537.36"
99.42.245.139 - - [25/Apr/2025:22:08:13 -0400] "GET /wp-content/uploads/elementor/google-fonts/fonts/roboto-kfo7cnqeu92fr1me7ksn66agldtyluama3yuba.woff2 HTTP/1.1" 200 40128 "https://pwmsolution.com/wp-content/uploads/elementor/google-fonts/css/roboto.css?ver=1742288492" "Mozilla/5.0 (Linux; Android 10; K) AppleWebKit/537.36 (KHTML, like Gecko) SamsungBrowser/28.0 Chrome/130.0.0.0 Mobile Safari/537.36"
99.42.245.139 - - [25/Apr/2025:22:08:13 -0400] "GET /wp-content/uploads/elementor/google-fonts/fonts/roboto-kfo5cnqeu92fr1mu53zec9_vu3r1gihoszmkbnka.woff2 HTTP/1.1" 200 44192 "https://pwmsolution.com/wp-content/uploads/elementor/google-fonts/css/roboto.css?ver=1742288492" "Mozilla/5.0 (Linux; Android 10; K) AppleWebKit/537.36 (KHTML, like Gecko) SamsungBrowser/28.0 Chrome/130.0.0.0 Mobile Safari/537.36"
99.42.245.139 - - [25/Apr/2025:22:08:13 -0400] "GET /wp-content/uploads/elementor/google-fonts/fonts/robotoslab-bngmuxzytxpivibgjjsb6ufn5qu.woff2 HTTP/1.1" 200 34328 "https://pwmsolution.com/wp-content/uploads/elementor/google-fonts/css/robotoslab.css?ver=1742288503" "Mozilla/5.0 (Linux; Android 10; K) AppleWebKit/537.36 (KHTML, like Gecko) SamsungBrowser/28.0 Chrome/130.0.0.0 Mobile Safari/537.36"
99.42.245.139 - - [25/Apr/2025:22:08:13 -0400] "GET /wp-content/uploads/elementor/google-fonts/fonts/roboto-kfo7cnqeu92fr1me7ksn66agldtyluamaxkubgee.woff2 HTTP/1.1" 200 20408 "https://pwmsolution.com/wp-content/uploads/elementor/google-fonts/css/roboto.css?ver=1742288492" "Mozilla/5.0 (Linux; Android 10; K) AppleWebKit/537.36 (KHTML, like Gecko) SamsungBrowser/28.0 Chrome/130.0.0.0 Mobile Safari/537.36"
99.42.245.139 - - [25/Apr/2025:22:08:14 -0400] "GET /wp-content/plugins/header-footer-elementor/inc/js/frontend.js?ver=2.3.0 HTTP/1.1" 200 3944 "https://pwmsolution.com/" "Mozilla/5.0 (Linux; Android 10; K) AppleWebKit/537.36 (KHTML, like Gecko) SamsungBrowser/28.0 Chrome/130.0.0.0 Mobile Safari/537.36"
99.42.245.139 - - [25/Apr/2025:22:08:14 -0400] "GET /wp-content/plugins/pro-elements/assets/js/webpack-pro.runtime.min.js?ver=3.23.3 HTTP/1.1" 200 2549 "https://pwmsolution.com/" "Mozilla/5.0 (Linux; Android 10; K) AppleWebKit/537.36 (KHTML, like Gecko) SamsungBrowser/28.0 Chrome/130.0.0.0 Mobile Safari/537.36"
99.42.245.139 - - [25/Apr/2025:22:08:14 -0400] "GET /wp-content/plugins/elementor/assets/js/webpack.runtime.min.js?ver=3.28.4 HTTP/1.1" 200 2228 "https://pwmsolution.com/" "Mozilla/5.0 (Linux; Android 10; K) AppleWebKit/537.36 (KHTML, like Gecko) SamsungBrowser/28.0 Chrome/130.0.0.0 Mobile Safari/537.36"
99.42.245.139 - - [25/Apr/2025:22:08:14 -0400] "GET /wp-content/plugins/elementor/assets/js/frontend-modules.min.js?ver=3.28.4 HTTP/1.1" 200 14421 "https://pwmsolution.com/" "Mozilla/5.0 (Linux; Android 10; K) AppleWebKit/537.36 (KHTML, like Gecko) SamsungBrowser/28.0 Chrome/130.0.0.0 Mobile Safari/537.36"
99.42.245.139 - - [25/Apr/2025:22:08:14 -0400] "GET /wp-includes/js/dist/hooks.min.js?ver=4d63a3d491d11ffd8ac6 HTTP/1.1" 200 1571 "https://pwmsolution.com/" "Mozilla/5.0 (Linux; Android 10; K) AppleWebKit/537.36 (KHTML, like Gecko) SamsungBrowser/28.0 Chrome/130.0.0.0 Mobile Safari/537.36"
99.42.245.139 - - [25/Apr/2025:22:08:14 -0400] "GET /wp-includes/js/dist/i18n.min.js?ver=5e580eb46a90c2b997e6 HTTP/1.1" 200 3542 "https://pwmsolution.com/" "Mozilla/5.0 (Linux; Android 10; K) AppleWebKit/537.36 (KHTML, like Gecko) SamsungBrowser/28.0 Chrome/130.0.0.0 Mobile Safari/537.36"
99.42.245.139 - - [25/Apr/2025:22:08:14 -0400] "GET /wp-content/plugins/pro-elements/assets/js/frontend.min.js?ver=3.23.3 HTTP/1.1" 200 6468 "https://pwmsolution.com/" "Mozilla/5.0 (Linux; Android 10; K) AppleWebKit/537.36 (KHTML, like Gecko) SamsungBrowser/28.0 Chrome/130.0.0.0 Mobile Safari/537.36"
99.42.245.139 - - [25/Apr/2025:22:08:14 -0400] "GET /wp-includes/js/jquery/ui/core.min.js?ver=1.13.3 HTTP/1.1" 200 6812 "https://pwmsolution.com/" "Mozilla/5.0 (Linux; Android 10; K) AppleWebKit/537.36 (KHTML, like Gecko) SamsungBrowser/28.0 Chrome/130.0.0.0 Mobile Safari/537.36"
99.42.245.139 - - [25/Apr/2025:22:08:14 -0400] "GET /wp-content/plugins/elementor/assets/js/frontend.min.js?ver=3.28.4 HTTP/1.1" 200 13099 "https://pwmsolution.com/" "Mozilla/5.0 (Linux; Android 10; K) AppleWebKit/537.36 (KHTML, like Gecko) SamsungBrowser/28.0 Chrome/130.0.0.0 Mobile Safari/537.36"
99.42.245.139 - - [25/Apr/2025:22:08:14 -0400] "GET /wp-content/plugins/pro-elements/assets/js/elements-handlers.min.js?ver=3.23.3 HTTP/1.1" 200 9631 "https://pwmsolution.com/" "Mozilla/5.0 (Linux; Android 10; K) AppleWebKit/537.36 (KHTML, like Gecko) SamsungBrowser/28.0 Chrome/130.0.0.0 Mobile Safari/537.36"
99.42.245.139 - - [25/Apr/2025:22:08:14 -0400] "GET /wp-includes/js/wp-emoji-release.min.js?ver=6.8 HTTP/1.1" 200 4771 "https://pwmsolution.com/" "Mozilla/5.0 (Linux; Android 10; K) AppleWebKit/537.36 (KHTML, like Gecko) SamsungBrowser/28.0 Chrome/130.0.0.0 Mobile Safari/537.36"
99.42.245.139 - - [25/Apr/2025:22:08:14 -0400] "GET /wp-content/uploads/2024/07/2149117788-compressed.jpg HTTP/1.1" 200 140768 "https://pwmsolution.com/wp-content/uploads/elementor/css/post-7.css?ver=1744808457" "Mozilla/5.0 (Linux; Android 10; K) AppleWebKit/537.36 (KHTML, like Gecko) SamsungBrowser/28.0 Chrome/130.0.0.0 Mobile Safari/537.36"
99.42.245.139 - - [25/Apr/2025:22:08:14 -0400] "GET /wp-content/uploads/2024/07/18551-compressed.jpg HTTP/1.1" 200 133398 "https://pwmsolution.com/wp-content/uploads/elementor/css/post-7.css?ver=1744808457" "Mozilla/5.0 (Linux; Android 10; K) AppleWebKit/537.36 (KHTML, like Gecko) SamsungBrowser/28.0 Chrome/130.0.0.0 Mobile Safari/537.36"
99.42.245.139 - - [25/Apr/2025:22:08:14 -0400] "GET /wp-content/uploads/2024/07/14615-compressed.jpg HTTP/1.1" 200 138155 "https://pwmsolution.com/wp-content/uploads/elementor/css/post-7.css?ver=1744808457" "Mozilla/5.0 (Linux; Android 10; K) AppleWebKit/537.36 (KHTML, like Gecko) SamsungBrowser/28.0 Chrome/130.0.0.0 Mobile Safari/537.36"
99.42.245.139 - - [25/Apr/2025:22:08:14 -0400] "GET /wp-content/plugins/elementor/assets/js/text-editor.c084ef86600b6f11690d.bundle.min.js HTTP/1.1" 200 621 "https://pwmsolution.com/" "Mozilla/5.0 (Linux; Android 10; K) AppleWebKit/537.36 (KHTML, like Gecko) SamsungBrowser/28.0 Chrome/130.0.0.0 Mobile Safari/537.36"
99.42.245.139 - - [25/Apr/2025:22:08:14 -0400] "GET /wp-content/plugins/pro-elements/assets/js/slides.fb6b9afd278bb9c5e75b.bundle.min.js HTTP/1.1" 200 1362 "https://pwmsolution.com/" "Mozilla/5.0 (Linux; Android 10; K) AppleWebKit/537.36 (KHTML, like Gecko) SamsungBrowser/28.0 Chrome/130.0.0.0 Mobile Safari/537.36"
99.42.245.139 - - [25/Apr/2025:22:08:15 -0400] "GET /wp-content/plugins/elementor/assets/js/video.6ebfa2c3f5493cb2eaaf.bundle.min.js HTTP/1.1" 200 1228 "https://pwmsolution.com/" "Mozilla/5.0 (Linux; Android 10; K) AppleWebKit/537.36 (KHTML, like Gecko) SamsungBrowser/28.0 Chrome/130.0.0.0 Mobile Safari/537.36"
99.42.245.139 - - [25/Apr/2025:22:08:14 -0400] "GET /wp-content/uploads/2024/09/6010599_Woman_People_1280x720.mp4 HTTP/1.1" 206 8781824 "https://pwmsolution.com/" "Mozilla/5.0 (Linux; Android 10; K) AppleWebKit/537.36 (KHTML, like Gecko) SamsungBrowser/28.0 Chrome/130.0.0.0 Mobile Safari/537.36"
99.42.245.139 - - [25/Apr/2025:22:08:15 -0400] "GET /wp-content/plugins/pro-elements/assets/js/carousel.9b02b45d7826c1c48f33.bundle.min.js HTTP/1.1" 200 1597 "https://pwmsolution.com/" "Mozilla/5.0 (Linux; Android 10; K) AppleWebKit/537.36 (KHTML, like Gecko) SamsungBrowser/28.0 Chrome/130.0.0.0 Mobile Safari/537.36"
99.42.245.139 - - [25/Apr/2025:22:08:15 -0400] "GET /wp-content/plugins/pro-elements/assets/js/form.c4bc7eaa69583834a7d5.bundle.min.js HTTP/1.1" 200 4825 "https://pwmsolution.com/" "Mozilla/5.0 (Linux; Android 10; K) AppleWebKit/537.36 (KHTML, like Gecko) SamsungBrowser/28.0 Chrome/130.0.0.0 Mobile Safari/537.36"
99.42.245.139 - - [25/Apr/2025:22:08:15 -0400] "GET /wp-content/plugins/pro-elements/assets/js/popup.085c1727e36940b18f29.bundle.min.js HTTP/1.1" 200 395 "https://pwmsolution.com/" "Mozilla/5.0 (Linux; Android 10; K) AppleWebKit/537.36 (KHTML, like Gecko) SamsungBrowser/28.0 Chrome/130.0.0.0 Mobile Safari/537.36"
99.42.245.139 - - [25/Apr/2025:22:08:15 -0400] "GET /wp-content/plugins/elementor/assets/lib/swiper/v8/swiper.min.js?ver=8.4.5 HTTP/1.1" 200 38152 "https://pwmsolution.com/" "Mozilla/5.0 (Linux; Android 10; K) AppleWebKit/537.36 (KHTML, like Gecko) SamsungBrowser/28.0 Chrome/130.0.0.0 Mobile Safari/537.36"
99.42.245.139 - - [25/Apr/2025:22:08:15 -0400] "GET /favicon.ico HTTP/1.1" 404 1251 "https://pwmsolution.com/" "Mozilla/5.0 (Linux; Android 10; K) AppleWebKit/537.36 (KHTML, like Gecko) SamsungBrowser/28.0 Chrome/130.0.0.0 Mobile Safari/537.36"
66.29.132.124 - - [25/Apr/2025:22:10:56 -0400] "POST /wp-cron.php?doing_wp_cron=1745633455.7584679126739501953125 HTTP/1.1" 200 0 "-" "WordPress/6.8; https://pwmsolution.com"
43.131.243.61 - - [25/Apr/2025:22:10:52 -0400] "GET /?p=1 HTTP/1.1" 301 0 "-" "Mozilla/5.0 (iPhone; CPU iPhone OS 13_2_3 like Mac OS X) AppleWebKit/605.1.15 (KHTML, like Gecko) Version/13.0.3 Mobile/15E148 Safari/604.1"
43.131.243.61 - - [25/Apr/2025:22:11:00 -0400] "GET /2024/07/31/hello-world/ HTTP/1.1" 200 20017 "https://pwmsolution.com/?p=1" "Mozilla/5.0 (iPhone; CPU iPhone OS 13_2_3 like Mac OS X) AppleWebKit/605.1.15 (KHTML, like Gecko) Version/13.0.3 Mobile/15E148 Safari/604.1"
66.29.132.124 - - [25/Apr/2025:22:19:10 -0400] "POST /wp-cron.php?doing_wp_cron=1745633950.2345850467681884765625 HTTP/1.1" 200 0 "-" "WordPress/6.8; https://pwmsolution.com"
43.135.142.7 - - [25/Apr/2025:22:19:04 -0400] "GET /2024/07/31/hello-world/feed/ HTTP/1.1" 200 736 "-" "Mozilla/5.0 (iPhone; CPU iPhone OS 13_2_3 like Mac OS X) AppleWebKit/605.1.15 (KHTML, like Gecko) Version/13.0.3 Mobile/15E148 Safari/604.1"
66.29.132.124 - - [25/Apr/2025:22:27:25 -0400] "POST /wp-cron.php?doing_wp_cron=1745634445.4799189567565917968750 HTTP/1.1" 200 0 "-" "WordPress/6.8; https://pwmsolution.com"
158.69.25.39 - - [25/Apr/2025:22:27:15 -0400] "GET / HTTP/1.1" 200 35127 "-" "Mozilla/5.0 (Windows NT 10.0; Win64; x64) AppleWebKit/537.36 (KHTML, like Gecko) Chrome/118.0.0.0 Safari/537.36 Edg/118.0.2088.46"
66.29.132.124 - - [25/Apr/2025:22:30:33 -0400] "POST /wp-cron.php?doing_wp_cron=1745634633.4975800514221191406250 HTTP/1.1" 200 0 "-" "WordPress/6.8; https://pwmsolution.com"
43.159.141.150 - - [25/Apr/2025:22:30:26 -0400] "GET /2024/07/31/hello-world/ HTTP/1.1" 200 19964 "-" "Mozilla/5.0 (iPhone; CPU iPhone OS 13_2_3 like Mac OS X) AppleWebKit/605.1.15 (KHTML, like Gecko) Version/13.0.3 Mobile/15E148 Safari/604.1"
66.29.132.124 - - [25/Apr/2025:22:38:03 -0400] "POST /wp-cron.php?doing_wp_cron=1745635083.3727149963378906250000 HTTP/1.1" 200 0 "-" "WordPress/6.8; https://pwmsolution.com"
43.130.139.177 - - [25/Apr/2025:22:37:59 -0400] "GET /wp-json/wp/v2/pages/310 HTTP/1.1" 200 37856 "-" "Mozilla/5.0 (iPhone; CPU iPhone OS 13_2_3 like Mac OS X) AppleWebKit/605.1.15 (KHTML, like Gecko) Version/13.0.3 Mobile/15E148 Safari/604.1"
66.29.132.124 - - [25/Apr/2025:22:48:05 -0400] "POST /wp-cron.php?doing_wp_cron=1745635685.5964400768280029296875 HTTP/1.1" 200 0 "-" "WordPress/6.8; https://pwmsolution.com"
99.42.245.139 - - [25/Apr/2025:22:48:02 -0400] "GET /wp-content/plugins/elementor-pro/assets/css/widget-nav-menu.min.css?ver=3.26.0 HTTP/1.1" 404 13956 "https://pwmsolution.com/" "Mozilla/5.0 (Linux; Android 10; K) AppleWebKit/537.36 (KHTML, like Gecko) SamsungBrowser/28.0 Chrome/130.0.0.0 Mobile Safari/537.36"
99.42.245.139 - - [25/Apr/2025:22:48:02 -0400] "GET /wp-content/plugins/elementor-pro/assets/css/widget-blockquote.min.css?ver=3.25.0 HTTP/1.1" 404 13956 "https://pwmsolution.com/" "Mozilla/5.0 (Linux; Android 10; K) AppleWebKit/537.36 (KHTML, like Gecko) SamsungBrowser/28.0 Chrome/130.0.0.0 Mobile Safari/537.36"
99.42.245.139 - - [25/Apr/2025:22:48:02 -0400] "GET /wp-content/plugins/elementor-pro/assets/css/widget-mega-menu.min.css?ver=3.26.2 HTTP/1.1" 404 13956 "https://pwmsolution.com/" "Mozilla/5.0 (Linux; Android 10; K) AppleWebKit/537.36 (KHTML, like Gecko) SamsungBrowser/28.0 Chrome/130.0.0.0 Mobile Safari/537.36"
66.29.132.124 - - [25/Apr/2025:22:51:45 -0400] "POST /wp-cron.php?doing_wp_cron=1745635905.0148689746856689453125 HTTP/1.1" 200 0 "-" "WordPress/6.8; https://pwmsolution.com"
43.153.12.58 - - [25/Apr/2025:22:51:41 -0400] "GET /?p=310 HTTP/1.1" 301 0 "-" "Mozilla/5.0 (iPhone; CPU iPhone OS 13_2_3 like Mac OS X) AppleWebKit/605.1.15 (KHTML, like Gecko) Version/13.0.3 Mobile/15E148 Safari/604.1"
66.29.132.124 - - [25/Apr/2025:22:51:50 -0400] "POST /wp-cron.php?doing_wp_cron=1745635910.1320030689239501953125 HTTP/1.1" 200 0 "-" "WordPress/6.8; https://pwmsolution.com"
43.153.12.58 - - [25/Apr/2025:22:51:49 -0400] "GET /green-card-programusa/ HTTP/1.1" 200 24630 "https://pwmsolution.com/?p=310" "Mozilla/5.0 (iPhone; CPU iPhone OS 13_2_3 like Mac OS X) AppleWebKit/605.1.15 (KHTML, like Gecko) Version/13.0.3 Mobile/15E148 Safari/604.1"
66.29.132.124 - - [25/Apr/2025:23:00:38 -0400] "POST /wp-cron.php?doing_wp_cron=1745636438.1572349071502685546875 HTTP/1.1" 200 0 "-" "WordPress/6.8; https://pwmsolution.com"
43.166.244.251 - - [25/Apr/2025:23:00:34 -0400] "GET /wp-json/wp/v2/posts/1 HTTP/1.1" 200 1881 "-" "Mozilla/5.0 (iPhone; CPU iPhone OS 13_2_3 like Mac OS X) AppleWebKit/605.1.15 (KHTML, like Gecko) Version/13.0.3 Mobile/15E148 Safari/604.1"
66.29.132.124 - - [25/Apr/2025:23:03:55 -0400] "POST /wp-cron.php?doing_wp_cron=1745636635.5250310897827148437500 HTTP/1.1" 200 0 "-" "WordPress/6.8; https://pwmsolution.com"
57.141.4.1 - - [25/Apr/2025:23:03:53 -0400] "GET /author/admin/ HTTP/1.1" 200 81475 "-" "meta-externalagent/1.1 (+https://developers.facebook.com/docs/sharing/webmasters/crawler)"
66.29.132.124 - - [25/Apr/2025:23:07:32 -0400] "POST /wp-cron.php?doing_wp_cron=1745636850.2343039512634277343750 HTTP/1.1" 200 0 "-" "WordPress/6.8; https://pwmsolution.com"
43.157.170.126 - - [25/Apr/2025:23:07:27 -0400] "GET /wp-json/oembed/1.0/embed?url=https%3A%2F%2Fpwmsolution.com%2F2024%2F07%2F31%2Fhello-world%2F HTTP/1.1" 200 2103 "-" "Mozilla/5.0 (iPhone; CPU iPhone OS 13_2_3 like Mac OS X) AppleWebKit/605.1.15 (KHTML, like Gecko) Version/13.0.3 Mobile/15E148 Safari/604.1"
66.29.132.124 - - [25/Apr/2025:23:17:42 -0400] "POST /wp-cron.php?doing_wp_cron=1745637462.3016738891601562500000 HTTP/1.1" 200 0 "-" "WordPress/6.8; https://pwmsolution.com"
57.141.4.9 - - [25/Apr/2025:23:17:33 -0400] "GET /blog/ HTTP/1.1" 200 81534 "-" "meta-externalagent/1.1 (+https://developers.facebook.com/docs/sharing/webmasters/crawler)"
66.29.132.124 - - [25/Apr/2025:23:19:19 -0400] "POST /wp-cron.php?doing_wp_cron=1745637559.4312179088592529296875 HTTP/1.1" 200 0 "-" "WordPress/6.8; https://pwmsolution.com"
43.135.186.135 - - [25/Apr/2025:23:19:17 -0400] "GET /2024/07/31/hello-world/?replytocom=1 HTTP/1.1" 200 19984 "-" "Mozilla/5.0 (iPhone; CPU iPhone OS 13_2_3 like Mac OS X) AppleWebKit/605.1.15 (KHTML, like Gecko) Version/13.0.3 Mobile/15E148 Safari/604.1"
66.29.132.124 - - [25/Apr/2025:23:25:52 -0400] "POST /wp-cron.php?doing_wp_cron=1745637952.4699039459228515625000 HTTP/1.1" 200 0 "-" "WordPress/6.8; https://pwmsolution.com"
170.106.11.141 - - [25/Apr/2025:23:25:46 -0400] "GET /2024/07/31/hello-world/?replytocom=1 HTTP/1.1" 200 20038 "-" "Mozilla/5.0 (iPhone; CPU iPhone OS 13_2_3 like Mac OS X) AppleWebKit/605.1.15 (KHTML, like Gecko) Version/13.0.3 Mobile/15E148 Safari/604.1"
66.29.132.124 - - [25/Apr/2025:23:41:38 -0400] "POST /wp-cron.php?doing_wp_cron=1745638898.3470449447631835937500 HTTP/1.1" 200 0 "-" "WordPress/6.8; https://pwmsolution.com"
134.17.14.122 - - [25/Apr/2025:23:41:29 -0400] "POST /wp-content/themes/.index.php HTTP/1.1" 404 13956 "-" "Mozilla/4.0 (compatible; MSIE 6.0; Windows NT 5.1; SV1)"
66.29.132.124 - - [25/Apr/2025:23:45:49 -0400] "POST /wp-cron.php?doing_wp_cron=1745639149.4132370948791503906250 HTTP/1.1" 200 0 "-" "WordPress/6.8; https://pwmsolution.com"
66.29.132.124 - - [25/Apr/2025:23:45:49 -0400] "POST /wp-cron.php?doing_wp_cron=1745639149.4149329662322998046875 HTTP/1.1" 200 0 "-" "WordPress/6.8; https://pwmsolution.com"
138.246.253.24 - - [25/Apr/2025:23:45:42 -0400] "GET /robots.txt HTTP/1.1" 200 116 "-" "Mozilla/5.0 (Windows NT 10.0; Win64; x64) AppleWebKit/537.36 (KHTML, like Gecko) Chrome/103.0.5060.134 Safari/537.36"
170.106.163.84 - - [25/Apr/2025:23:45:47 -0400] "GET /wp-json/oembed/1.0/embed?url=https%3A%2F%2Fpwmsolution.com%2Fgreen-card-programusa%2F HTTP/1.1" 200 2143 "-" "Mozilla/5.0 (iPhone; CPU iPhone OS 13_2_3 like Mac OS X) AppleWebKit/605.1.15 (KHTML, like Gecko) Version/13.0.3 Mobile/15E148 Safari/604.1"
69.171.231.114 - - [25/Apr/2025:23:46:54 -0400] "GET /robots.txt HTTP/1.1" 200 0 "-" "facebookexternalhit/1.1 (+http://www.facebook.com/externalhit_uatext.php)"
66.29.132.124 - - [25/Apr/2025:23:46:55 -0400] "POST /wp-cron.php?doing_wp_cron=1745639215.5219728946685791015625 HTTP/1.1" 200 0 "-" "WordPress/6.8; https://pwmsolution.com"
66.29.132.124 - - [25/Apr/2025:23:55:25 -0400] "POST /wp-cron.php?doing_wp_cron=1745639723.9802989959716796875000 HTTP/1.1" 200 0 "-" "WordPress/6.8; https://pwmsolution.com"
43.166.238.12 - - [25/Apr/2025:23:55:13 -0400] "GET /wp-json/oembed/1.0/embed?url=https%3A%2F%2Fpwmsolution.com%2Fgreen-card-programusa%2F&format=xml HTTP/1.1" 200 1117 "-" "Mozilla/5.0 (iPhone; CPU iPhone OS 13_2_3 like Mac OS X) AppleWebKit/605.1.15 (KHTML, like Gecko) Version/13.0.3 Mobile/15E148 Safari/604.1"
66.29.132.124 - - [26/Apr/2025:00:59:56 -0400] "POST /wp-cron.php?doing_wp_cron=1745643596.3239910602569580078125 HTTP/1.1" 200 0 "-" "WordPress/6.8; https://pwmsolution.com"
66.249.65.203 - - [26/Apr/2025:00:59:41 -0400] "GET / HTTP/1.1" 200 29444 "-" "Mozilla/5.0 (compatible; Googlebot/2.1; +http://www.google.com/bot.html)"
66.249.65.203 - - [26/Apr/2025:01:00:12 -0400] "GET /wp-content/plugins/elementor/assets/lib/animations/styles/fadeIn.min.css?ver=3.28.4 HTTP/1.1" 200 77 "https://pwmsolution.com/" "Mozilla/5.0 AppleWebKit/537.36 (KHTML, like Gecko; compatible; Googlebot/2.1; +http://www.google.com/bot.html) Chrome/134.0.6998.165 Safari/537.36"
107.150.0.65 - - [26/Apr/2025:01:03:47 -0400] "GET /.env HTTP/1.1" 403 1242 "-" "Mozilla/5.0 (Windows NT 10.0; Win64; x64) AppleWebKit/537.36 (KHTML, like Gecko) Chrome/119.0.0.0 Safari/537.36"
107.150.0.65 - - [26/Apr/2025:01:03:48 -0400] "POST / HTTP/1.1" 200 860 "-" "Mozilla/5.0 (Windows NT 10.0; Win64; x64) AppleWebKit/537.36 (KHTML, like Gecko) Chrome/119.0.0.0 Safari/537.36"
66.29.132.124 - - [26/Apr/2025:01:06:43 -0400] "POST /wp-cron.php?doing_wp_cron=1745644002.6593739986419677734375 HTTP/1.1" 200 0 "-" "WordPress/6.8; https://pwmsolution.com"
66.249.65.202 - - [26/Apr/2025:01:06:33 -0400] "GET /feed/ HTTP/1.1" 200 678 "-" "Mozilla/5.0 (compatible; Googlebot/2.1; +http://www.google.com/bot.html)"
66.29.132.124 - - [26/Apr/2025:01:09:09 -0400] "POST /wp-cron.php?doing_wp_cron=1745644148.5252079963684082031250 HTTP/1.1" 200 0 "-" "WordPress/6.8; https://pwmsolution.com"
66.249.65.204 - - [26/Apr/2025:01:09:04 -0400] "GET /comments/feed/ HTTP/1.1" 200 703 "-" "Mozilla/5.0 (compatible; Googlebot/2.1; +http://www.google.com/bot.html)"
66.29.132.124 - - [26/Apr/2025:02:02:18 -0400] "POST /wp-cron.php?doing_wp_cron=1745647332.4510641098022460937500 HTTP/1.1" 200 0 "-" "WordPress/6.8; https://pwmsolution.com"
66.249.65.203 - - [26/Apr/2025:02:02:03 -0400] "GET / HTTP/1.1" 200 29439 "-" "Mozilla/5.0 (compatible; Googlebot/2.1; +http://www.google.com/bot.html)"
66.249.65.204 - - [26/Apr/2025:02:25:00 -0400] "GET /feed/ HTTP/1.1" 304 0 "-" "Mozilla/5.0 (compatible; Googlebot/2.1; +http://www.google.com/bot.html)"
66.29.132.124 - - [26/Apr/2025:02:25:25 -0400] "POST /wp-cron.php?doing_wp_cron=1745648721.9205338954925537109375 HTTP/1.1" 200 0 "-" "WordPress/6.8; https://pwmsolution.com"
66.29.132.124 - - [26/Apr/2025:02:34:48 -0400] "POST /wp-cron.php?doing_wp_cron=1745649288.6452450752258300781250 HTTP/1.1" 200 0 "-" "WordPress/6.8; https://pwmsolution.com"
119.45.20.16 - - [26/Apr/2025:02:34:42 -0400] "GET / HTTP/1.1" 301 0 "http://www.pwmsolution.com" "Mozilla/5.0 (iPhone; CPU iPhone OS 13_2_3 like Mac OS X) AppleWebKit/605.1.15 (KHTML, like Gecko) Version/13.0.3 Mobile/15E148 Safari/604.1"
119.45.20.16 - - [26/Apr/2025:02:34:53 -0400] "GET / HTTP/1.1" 200 35143 "https://www.pwmsolution.com/" "Mozilla/5.0 (iPhone; CPU iPhone OS 13_2_3 like Mac OS X) AppleWebKit/605.1.15 (KHTML, like Gecko) Version/13.0.3 Mobile/15E148 Safari/604.1"
66.29.132.124 - - [26/Apr/2025:02:44:38 -0400] "POST /wp-cron.php?doing_wp_cron=1745649878.6912939548492431640625 HTTP/1.1" 200 0 "-" "WordPress/6.8; https://pwmsolution.com"
40.77.167.23 - - [26/Apr/2025:02:44:31 -0400] "GET /wp-sitemap.xml HTTP/1.1" 200 201 "-" "Mozilla/5.0 AppleWebKit/537.36 (KHTML, like Gecko; compatible; bingbot/2.0; +http://www.bing.com/bingbot.htm) Chrome/116.0.1938.76 Safari/537.36"
66.29.132.124 - - [26/Apr/2025:03:18:45 -0400] "POST /wp-cron.php?doing_wp_cron=1745651924.9212601184844970703125 HTTP/1.1" 200 0 "-" "WordPress/6.8; https://pwmsolution.com"
66.29.132.124 - - [26/Apr/2025:03:18:45 -0400] "POST /wp-cron.php?doing_wp_cron=1745651924.9213330745697021484375 HTTP/1.1" 200 0 "-" "WordPress/6.8; https://pwmsolution.com"
173.252.95.3 - - [26/Apr/2025:03:18:39 -0400] "GET /robots.txt HTTP/1.1" 301 0 "-" "facebookexternalhit/1.1 (+http://www.facebook.com/externalhit_uatext.php)"
173.252.95.19 - - [26/Apr/2025:03:18:39 -0400] "GET /robots.txt HTTP/1.1" 301 0 "-" "facebookexternalhit/1.1 (+http://www.facebook.com/externalhit_uatext.php)"
173.252.95.2 - - [26/Apr/2025:03:18:39 -0400] "GET /robots.txt HTTP/1.1" 301 0 "-" "facebookexternalhit/1.1 (+http://www.facebook.com/externalhit_uatext.php)"
69.171.231.8 - - [26/Apr/2025:03:18:55 -0400] "GET /robots.txt HTTP/1.1" 301 0 "-" "facebookexternalhit/1.1 (+http://www.facebook.com/externalhit_uatext.php)"
31.13.127.10 - - [26/Apr/2025:03:18:55 -0400] "GET /robots.txt HTTP/1.1" 301 0 "-" "facebookexternalhit/1.1 (+http://www.facebook.com/externalhit_uatext.php)"
69.171.231.8 - - [26/Apr/2025:03:18:56 -0400] "GET /robots.txt HTTP/1.1" 200 111 "-" "facebookexternalhit/1.1 (+http://www.facebook.com/externalhit_uatext.php)"
31.13.115.8 - - [26/Apr/2025:03:18:56 -0400] "GET /robots.txt HTTP/1.1" 301 0 "-" "facebookexternalhit/1.1 (+http://www.facebook.com/externalhit_uatext.php)"
31.13.127.10 - - [26/Apr/2025:03:18:56 -0400] "GET /robots.txt HTTP/1.1" 200 111 "-" "facebookexternalhit/1.1 (+http://www.facebook.com/externalhit_uatext.php)"
66.29.132.124 - - [26/Apr/2025:03:18:58 -0400] "POST /wp-cron.php?doing_wp_cron=1745651938.1666688919067382812500 HTTP/1.1" 200 0 "-" "WordPress/6.8; https://pwmsolution.com"
31.13.115.8 - - [26/Apr/2025:03:18:57 -0400] "GET /robots.txt HTTP/1.1" 200 111 "-" "facebookexternalhit/1.1 (+http://www.facebook.com/externalhit_uatext.php)"
54.36.149.14 - - [26/Apr/2025:03:29:45 -0400] "GET /wp-comments-post.php HTTP/1.1" 405 0 "-" "Mozilla/5.0 (compatible; AhrefsBot/7.0; +http://ahrefs.com/robot/)"
66.29.132.124 - - [26/Apr/2025:03:58:42 -0400] "POST /wp-cron.php?doing_wp_cron=1745654321.8178219795227050781250 HTTP/1.1" 200 0 "-" "WordPress/6.8; https://pwmsolution.com"
51.8.102.81 - - [26/Apr/2025:03:58:35 -0400] "GET /robots.txt HTTP/1.1" 200 95 "-" "Mozilla/5.0 (Macintosh; Intel Mac OS X 10_15_7) AppleWebKit/537.36 (KHTML, like Gecko) Chrome/131.0.0.0 Safari/537.36; compatible; OAI-SearchBot/1.0; +https://openai.com/searchbot"
66.29.132.124 - - [26/Apr/2025:04:00:44 -0400] "POST /wp-cron.php?doing_wp_cron=1745654443.8745989799499511718750 HTTP/1.1" 200 0 "-" "WordPress/6.8; https://pwmsolution.com"
69.171.249.124 - - [26/Apr/2025:04:00:40 -0400] "GET /robots.txt HTTP/1.1" 200 111 "-" "facebookexternalhit/1.1 (+http://www.facebook.com/externalhit_uatext.php)"
31.13.103.3 - - [26/Apr/2025:04:00:38 -0400] "GET /robots.txt HTTP/1.1" 200 116 "-" "facebookexternalhit/1.1 (+http://www.facebook.com/externalhit_uatext.php)"
66.29.132.124 - - [26/Apr/2025:04:03:39 -0400] "POST /wp-cron.php?doing_wp_cron=1745654618.8791840076446533203125 HTTP/1.1" 200 0 "-" "WordPress/6.8; https://pwmsolution.com"
173.252.83.115 - - [26/Apr/2025:04:03:35 -0400] "GET / HTTP/1.1" 200 183372 "-" "facebookexternalhit/1.1 (+http://www.facebook.com/externalhit_uatext.php)"
66.29.132.124 - - [26/Apr/2025:04:08:25 -0400] "POST /wp-cron.php?doing_wp_cron=1745654904.9374489784240722656250 HTTP/1.1" 200 0 "-" "WordPress/6.8; https://pwmsolution.com"
173.252.107.113 - - [26/Apr/2025:04:08:19 -0400] "GET / HTTP/1.1" 200 183372 "-" "facebookexternalhit/1.1 (+http://www.facebook.com/externalhit_uatext.php)"
66.29.132.124 - - [26/Apr/2025:04:11:44 -0400] "POST /wp-cron.php?doing_wp_cron=1745655104.6935329437255859375000 HTTP/1.1" 200 0 "-" "WordPress/6.8; https://pwmsolution.com"
66.29.132.124 - - [26/Apr/2025:04:11:39 -0400] "GET / HTTP/1.1" 200 183372 "-" "Mozilla/5.0 (Windows NT 10.0; Win64; x64; rv:122.0) Gecko/20100101 Firefox/122.0"
66.29.132.124 - - [26/Apr/2025:04:12:12 -0400] "POST /wp-cron.php?doing_wp_cron=1745655132.4631240367889404296875 HTTP/1.1" 200 0 "-" "WordPress/6.8; https://pwmsolution.com"
66.29.132.124 - - [26/Apr/2025:04:12:11 -0400] "GET / HTTP/1.1" 200 183372 "-" "Softaculous"
66.29.132.124 - - [26/Apr/2025:04:12:14 -0400] "GET / HTTP/1.1" 200 183372 "-" "Mozilla/5.0 (Windows NT 10.0; Win64; x64; rv:122.0) Gecko/20100101 Firefox/122.0"
66.29.132.124 - - [26/Apr/2025:04:32:39 -0400] "POST /wp-cron.php?doing_wp_cron=1745656358.6279070377349853515625 HTTP/1.1" 200 0 "-" "WordPress/6.8; https://pwmsolution.com"
134.17.14.122 - - [26/Apr/2025:04:32:32 -0400] "POST /geju.php HTTP/1.1" 404 13956 "-" "Mozilla/4.0 (compatible; MSIE 6.0; Windows NT 5.1; SV1)"
66.29.132.124 - - [26/Apr/2025:04:38:58 -0400] "POST /wp-cron.php?doing_wp_cron=1745656738.4007470607757568359375 HTTP/1.1" 200 0 "-" "WordPress/6.8; https://pwmsolution.com"
4.227.36.19 - - [26/Apr/2025:04:38:51 -0400] "GET /robots.txt HTTP/1.1" 200 95 "-" "Mozilla/5.0 AppleWebKit/537.36 (KHTML, like Gecko; compatible; GPTBot/1.2; +https://openai.com/gptbot)"
20.171.207.63 - - [26/Apr/2025:04:39:00 -0400] "GET /wp-includes/certificates/ HTTP/1.1" 403 1242 "-" "Mozilla/5.0 AppleWebKit/537.36 (KHTML, like Gecko; compatible; GPTBot/1.2; +https://openai.com/gptbot)"
66.29.132.124 - - [26/Apr/2025:05:04:08 -0400] "POST /wp-cron.php?doing_wp_cron=1745658248.8154380321502685546875 HTTP/1.1" 200 0 "-" "WordPress/6.8; https://pwmsolution.com"
2.220.70.101 - - [26/Apr/2025:05:04:10 -0400] "GET /wp-content/plugins/header-footer-elementor/assets/css/header-footer-elementor.css?ver=2.3.0 HTTP/1.1" 200 259 "https://pwmsolution.com/contact-us/" "Mozilla/5.0 (iPhone; CPU iPhone OS 18_3_2 like Mac OS X) AppleWebKit/605.1.15 (KHTML, like Gecko) Version/18.3.1 Mobile/15E148 Safari/604.1"
2.220.70.101 - - [26/Apr/2025:05:04:10 -0400] "GET /wp-content/plugins/header-footer-elementor/inc/widgets-css/frontend.css?ver=2.3.0 HTTP/1.1" 200 8133 "https://pwmsolution.com/contact-us/" "Mozilla/5.0 (iPhone; CPU iPhone OS 18_3_2 like Mac OS X) AppleWebKit/605.1.15 (KHTML, like Gecko) Version/18.3.1 Mobile/15E148 Safari/604.1"
2.220.70.101 - - [26/Apr/2025:05:04:10 -0400] "GET /wp-content/uploads/elementor/css/post-9.css?ver=1744805194 HTTP/1.1" 200 368 "https://pwmsolution.com/contact-us/" "Mozilla/5.0 (iPhone; CPU iPhone OS 18_3_2 like Mac OS X) AppleWebKit/605.1.15 (KHTML, like Gecko) Version/18.3.1 Mobile/15E148 Safari/604.1"
2.220.70.101 - - [26/Apr/2025:05:04:10 -0400] "GET /wp-content/plugins/elementor/assets/css/frontend.min.css?ver=3.28.4 HTTP/1.1" 200 6453 "https://pwmsolution.com/contact-us/" "Mozilla/5.0 (iPhone; CPU iPhone OS 18_3_2 like Mac OS X) AppleWebKit/605.1.15 (KHTML, like Gecko) Version/18.3.1 Mobile/15E148 Safari/604.1"
2.220.70.101 - - [26/Apr/2025:05:04:10 -0400] "GET /wp-content/plugins/pro-elements/assets/css/frontend.min.css?ver=3.23.3 HTTP/1.1" 200 43433 "https://pwmsolution.com/contact-us/" "Mozilla/5.0 (iPhone; CPU iPhone OS 18_3_2 like Mac OS X) AppleWebKit/605.1.15 (KHTML, like Gecko) Version/18.3.1 Mobile/15E148 Safari/604.1"
2.220.70.101 - - [26/Apr/2025:05:04:10 -0400] "GET /wp-content/plugins/elementor/assets/lib/animations/styles/fadeInLeft.min.css?ver=3.28.4 HTTP/1.1" 200 137 "https://pwmsolution.com/contact-us/" "Mozilla/5.0 (iPhone; CPU iPhone OS 18_3_2 like Mac OS X) AppleWebKit/605.1.15 (KHTML, like Gecko) Version/18.3.1 Mobile/15E148 Safari/604.1"
2.220.70.101 - - [26/Apr/2025:05:04:10 -0400] "GET /wp-content/plugins/elementor/assets/css/widget-divider.min.css?ver=3.28.4 HTTP/1.1" 200 707 "https://pwmsolution.com/contact-us/" "Mozilla/5.0 (iPhone; CPU iPhone OS 18_3_2 like Mac OS X) AppleWebKit/605.1.15 (KHTML, like Gecko) Version/18.3.1 Mobile/15E148 Safari/604.1"
2.220.70.101 - - [26/Apr/2025:05:04:10 -0400] "GET /wp-content/plugins/elementor/assets/css/widget-heading.min.css?ver=3.28.4 HTTP/1.1" 200 154 "https://pwmsolution.com/contact-us/" "Mozilla/5.0 (iPhone; CPU iPhone OS 18_3_2 like Mac OS X) AppleWebKit/605.1.15 (KHTML, like Gecko) Version/18.3.1 Mobile/15E148 Safari/604.1"
2.220.70.101 - - [26/Apr/2025:05:04:10 -0400] "GET /wp-content/plugins/elementor/assets/lib/animations/styles/fadeInRight.min.css?ver=3.28.4 HTTP/1.1" 200 139 "https://pwmsolution.com/contact-us/" "Mozilla/5.0 (iPhone; CPU iPhone OS 18_3_2 like Mac OS X) AppleWebKit/605.1.15 (KHTML, like Gecko) Version/18.3.1 Mobile/15E148 Safari/604.1"
