43.165.65.75 - - [26/Apr/2025:15:47:44 -0400] "GET /wp-json/oembed/1.0/embed?url=https%3A%2F%2Fpwmsolution.com%2Ftourist-visa%2F HTTP/1.1" 200 2077 "-" "Mozilla/5.0 (iPhone; CPU iPhone OS 13_2_3 like Mac OS X) AppleWebKit/605.1.15 (KHTML, like Gecko) Version/13.0.3 Mobile/15E148 Safari/604.1"
66.29.132.124 - - [26/Apr/2025:15:51:04 -0400] "POST /wp-cron.php?doing_wp_cron=1745697064.3294029235839843750000 HTTP/1.1" 200 0 "-" "WordPress/6.8; https://pwmsolution.com"
170.106.140.110 - - [26/Apr/2025:15:51:02 -0400] "GET /embed/ HTTP/1.1" 301 0 "-" "Mozilla/5.0 (iPhone; CPU iPhone OS 13_2_3 like Mac OS X) AppleWebKit/605.1.15 (KHTML, like Gecko) Version/13.0.3 Mobile/15E148 Safari/604.1"
170.106.140.110 - - [26/Apr/2025:15:51:07 -0400] "GET / HTTP/1.1" 200 35134 "https://pwmsolution.com/embed/" "Mozilla/5.0 (iPhone; CPU iPhone OS 13_2_3 like Mac OS X) AppleWebKit/605.1.15 (KHTML, like Gecko) Version/13.0.3 Mobile/15E148 Safari/604.1"
66.29.132.124 - - [26/Apr/2025:15:52:43 -0400] "POST /wp-cron.php?doing_wp_cron=1745697163.0465209484100341796875 HTTP/1.1" 200 0 "-" "WordPress/6.8; https://pwmsolution.com"
195.20.18.145 - - [26/Apr/2025:15:52:41 -0400] "GET / HTTP/1.1" 200 183328 "-" "ALittle Client"
66.29.132.124 - - [26/Apr/2025:15:56:11 -0400] "POST /wp-cron.php?doing_wp_cron=1745697371.3517479896545410156250 HTTP/1.1" 200 0 "-" "WordPress/6.8; https://pwmsolution.com"
107.151.214.140 - - [26/Apr/2025:15:56:09 -0400] "GET /wp-content/plugins/shell/about.php HTTP/1.1" 404 17940 "www.google.com" "Mozlila/5.0 (Linux; Android 7.0; SM-G892A Bulid/NRD90M; wv) AppleWebKit/537.36 (KHTML, like Gecko) Version/4.0 Chrome/60.0.3112.107 Moblie Safari/537.36"
107.151.214.140 - - [26/Apr/2025:15:56:12 -0400] "GET /wp-content/plugins/pwnd/pwnd.php HTTP/1.1" 404 17940 "www.google.com" "Mozlila/5.0 (Linux; Android 7.0; SM-G892A Bulid/NRD90M; wv) AppleWebKit/537.36 (KHTML, like Gecko) Version/4.0 Chrome/60.0.3112.107 Moblie Safari/537.36"
107.151.214.140 - - [26/Apr/2025:15:56:29 -0400] "GET /wp-content/plugins/fix/up.php HTTP/1.1" 404 17940 "www.google.com" "Mozlila/5.0 (Linux; Android 7.0; SM-G892A Bulid/NRD90M; wv) AppleWebKit/537.36 (KHTML, like Gecko) Version/4.0 Chrome/60.0.3112.107 Moblie Safari/537.36"
107.151.214.140 - - [26/Apr/2025:15:56:32 -0400] "GET /wp-content/plugins/ph-file-manager/wp-file.php HTTP/1.1" 404 17940 "www.google.com" "Mozlila/5.0 (Linux; Android 7.0; SM-G892A Bulid/NRD90M; wv) AppleWebKit/537.36 (KHTML, like Gecko) Version/4.0 Chrome/60.0.3112.107 Moblie Safari/537.36"
107.151.214.140 - - [26/Apr/2025:15:56:35 -0400] "GET /wp-content/plugins/root-file-manager/wp-file.php HTTP/1.1" 404 17940 "www.google.com" "Mozlila/5.0 (Linux; Android 7.0; SM-G892A Bulid/NRD90M; wv) AppleWebKit/537.36 (KHTML, like Gecko) Version/4.0 Chrome/60.0.3112.107 Moblie Safari/537.36"
66.29.132.124 - - [26/Apr/2025:15:57:05 -0400] "POST /wp-cron.php?doing_wp_cron=1745697424.9945349693298339843750 HTTP/1.1" 200 0 "-" "WordPress/6.8; https://pwmsolution.com"
107.151.214.140 - - [26/Apr/2025:15:57:04 -0400] "GET /wp-content/plugins/wp-help/mini.php HTTP/1.1" 404 17940 "www.google.com" "Mozlila/5.0 (Linux; Android 7.0; SM-G892A Bulid/NRD90M; wv) AppleWebKit/537.36 (KHTML, like Gecko) Version/4.0 Chrome/60.0.3112.107 Moblie Safari/537.36"
107.151.214.140 - - [26/Apr/2025:15:57:15 -0400] "GET /wp-content/themes/travel/issue.php HTTP/1.1" 404 17940 "www.google.com" "Mozlila/5.0 (Linux; Android 7.0; SM-G892A Bulid/NRD90M; wv) AppleWebKit/537.36 (KHTML, like Gecko) Version/4.0 Chrome/60.0.3112.107 Moblie Safari/537.36"
107.151.214.140 - - [26/Apr/2025:15:57:21 -0400] "GET /wp-content/themes/jaida/lang.php HTTP/1.1" 404 17940 "www.google.com" "Mozlila/5.0 (Linux; Android 7.0; SM-G892A Bulid/NRD90M; wv) AppleWebKit/537.36 (KHTML, like Gecko) Version/4.0 Chrome/60.0.3112.107 Moblie Safari/537.36"
66.29.132.124 - - [26/Apr/2025:16:04:20 -0400] "POST /wp-cron.php?doing_wp_cron=1745697860.4716670513153076171875 HTTP/1.1" 200 0 "-" "WordPress/6.8; https://pwmsolution.com"
52.167.144.220 - - [26/Apr/2025:16:04:15 -0400] "GET /wp-sitemap-posts-page-1.xml HTTP/1.1" 200 385 "-" "Mozilla/5.0 AppleWebKit/537.36 (KHTML, like Gecko; compatible; bingbot/2.0; +http://www.bing.com/bingbot.htm) Chrome/116.0.1938.76 Safari/537.36"
52.167.144.220 - - [26/Apr/2025:16:04:20 -0400] "GET /wp-sitemap-taxonomies-category-1.xml HTTP/1.1" 200 159 "-" "Mozilla/5.0 AppleWebKit/537.36 (KHTML, like Gecko; compatible; bingbot/2.0; +http://www.bing.com/bingbot.htm) Chrome/116.0.1938.76 Safari/537.36"
40.77.167.136 - - [26/Apr/2025:16:04:42 -0400] "GET /wp-sitemap-posts-elementor-hf-1.xml HTTP/1.1" 200 210 "-" "Mozilla/5.0 AppleWebKit/537.36 (KHTML, like Gecko; compatible; bingbot/2.0; +http://www.bing.com/bingbot.htm) Chrome/116.0.1938.76 Safari/537.36"
66.29.132.124 - - [26/Apr/2025:16:04:52 -0400] "POST /wp-cron.php?doing_wp_cron=1745697892.4071829319000244140625 HTTP/1.1" 200 0 "-" "WordPress/6.8; https://pwmsolution.com"
40.77.167.136 - - [26/Apr/2025:16:04:52 -0400] "GET /wp-sitemap-posts-post-1.xml HTTP/1.1" 200 198 "-" "Mozilla/5.0 AppleWebKit/537.36 (KHTML, like Gecko; compatible; bingbot/2.0; +http://www.bing.com/bingbot.htm) Chrome/116.0.1938.76 Safari/537.36"
52.167.144.220 - - [26/Apr/2025:16:05:05 -0400] "GET /wp-sitemap-users-1.xml HTTP/1.1" 200 158 "-" "Mozilla/5.0 AppleWebKit/537.36 (KHTML, like Gecko; compatible; bingbot/2.0; +http://www.bing.com/bingbot.htm) Chrome/116.0.1938.76 Safari/537.36"
66.29.132.124 - - [26/Apr/2025:16:07:10 -0400] "POST /wp-cron.php?doing_wp_cron=1745698030.7880361080169677734375 HTTP/1.1" 200 0 "-" "WordPress/6.8; https://pwmsolution.com"
43.130.39.254 - - [26/Apr/2025:16:07:09 -0400] "GET /wp-json/oembed/1.0/embed?url=https%3A%2F%2Fpwmsolution.com%2Fstudent-visa%2F HTTP/1.1" 200 2077 "-" "Mozilla/5.0 (iPhone; CPU iPhone OS 13_2_3 like Mac OS X) AppleWebKit/605.1.15 (KHTML, like Gecko) Version/13.0.3 Mobile/15E148 Safari/604.1"
213.136.76.172 - - [26/Apr/2025:16:11:20 -0400] "GET /wp-includes/ HTTP/1.1" 403 1242 "www.google.com" "Mozlila/5.0 (Linux; Android 7.0; SM-G892A Bulid/NRD90M; wv) AppleWebKit/537.36 (KHTML, like Gecko) Version/4.0 Chrome/60.0.3112.107 Moblie Safari/537.36"
213.136.76.172 - - [26/Apr/2025:16:11:20 -0400] "GET /wp-admin/maint/ HTTP/1.1" 403 1242 "www.google.com" "Mozlila/5.0 (Linux; Android 7.0; SM-G892A Bulid/NRD90M; wv) AppleWebKit/537.36 (KHTML, like Gecko) Version/4.0 Chrome/60.0.3112.107 Moblie Safari/537.36"
213.136.76.172 - - [26/Apr/2025:16:11:21 -0400] "GET /wp-admin/includes/ HTTP/1.1" 403 1242 "www.google.com" "Mozlila/5.0 (Linux; Android 7.0; SM-G892A Bulid/NRD90M; wv) AppleWebKit/537.36 (KHTML, like Gecko) Version/4.0 Chrome/60.0.3112.107 Moblie Safari/537.36"
66.29.132.124 - - [26/Apr/2025:16:13:35 -0400] "POST /wp-cron.php?doing_wp_cron=1745698415.2465550899505615234375 HTTP/1.1" 200 0 "-" "WordPress/6.8; https://pwmsolution.com"
140.143.98.18 - - [26/Apr/2025:16:13:33 -0400] "GET / HTTP/1.1" 301 0 "http://www.pwmsolution.com" "Mozilla/5.0 (iPhone; CPU iPhone OS 13_2_3 like Mac OS X) AppleWebKit/605.1.15 (KHTML, like Gecko) Version/13.0.3 Mobile/15E148 Safari/604.1"
140.143.98.18 - - [26/Apr/2025:16:13:39 -0400] "GET / HTTP/1.1" 200 35153 "https://www.pwmsolution.com/" "Mozilla/5.0 (iPhone; CPU iPhone OS 13_2_3 like Mac OS X) AppleWebKit/605.1.15 (KHTML, like Gecko) Version/13.0.3 Mobile/15E148 Safari/604.1"
66.29.132.124 - - [26/Apr/2025:16:13:59 -0400] "POST /wp-cron.php?doing_wp_cron=1745698439.9796071052551269531250 HTTP/1.1" 200 0 "-" "WordPress/6.8; https://pwmsolution.com"
43.165.65.75 - - [26/Apr/2025:16:13:59 -0400] "GET /wp-json/wp/v2/pages/308 HTTP/1.1" 200 38023 "-" "Mozilla/5.0 (iPhone; CPU iPhone OS 13_2_3 like Mac OS X) AppleWebKit/605.1.15 (KHTML, like Gecko) Version/13.0.3 Mobile/15E148 Safari/604.1"
66.29.132.124 - - [26/Apr/2025:16:21:37 -0400] "POST /wp-cron.php?doing_wp_cron=1745698897.8351249694824218750000 HTTP/1.1" 200 0 "-" "WordPress/6.8; https://pwmsolution.com"
43.159.141.150 - - [26/Apr/2025:16:21:36 -0400] "GET /wp-json/oembed/1.0/embed?url=https%3A%2F%2Fpwmsolution.com%2Fstudent-visa%2F&format=xml HTTP/1.1" 200 1096 "-" "Mozilla/5.0 (iPhone; CPU iPhone OS 13_2_3 like Mac OS X) AppleWebKit/605.1.15 (KHTML, like Gecko) Version/13.0.3 Mobile/15E148 Safari/604.1"
66.29.132.124 - - [26/Apr/2025:16:32:40 -0400] "POST /wp-cron.php?doing_wp_cron=1745699560.6305460929870605468750 HTTP/1.1" 200 0 "-" "WordPress/6.8; https://pwmsolution.com"
43.130.16.212 - - [26/Apr/2025:16:32:38 -0400] "GET /immigration-visa/ HTTP/1.1" 200 24766 "-" "Mozilla/5.0 (iPhone; CPU iPhone OS 13_2_3 like Mac OS X) AppleWebKit/605.1.15 (KHTML, like Gecko) Version/13.0.3 Mobile/15E148 Safari/604.1"
66.29.132.124 - - [26/Apr/2025:16:42:33 -0400] "POST /wp-cron.php?doing_wp_cron=1745700153.7908411026000976562500 HTTP/1.1" 200 0 "-" "WordPress/6.8; https://pwmsolution.com"
49.51.183.84 - - [26/Apr/2025:16:42:30 -0400] "GET /contact-us/ HTTP/1.1" 200 27999 "-" "Mozilla/5.0 (iPhone; CPU iPhone OS 13_2_3 like Mac OS X) AppleWebKit/605.1.15 (KHTML, like Gecko) Version/13.0.3 Mobile/15E148 Safari/604.1"
66.29.132.124 - - [26/Apr/2025:16:50:46 -0400] "POST /wp-cron.php?doing_wp_cron=1745700646.4309809207916259765625 HTTP/1.1" 200 0 "-" "WordPress/6.8; https://pwmsolution.com"
43.133.139.6 - - [26/Apr/2025:16:50:44 -0400] "GET /termsnconditions/ HTTP/1.1" 200 23495 "-" "Mozilla/5.0 (iPhone; CPU iPhone OS 13_2_3 like Mac OS X) AppleWebKit/605.1.15 (KHTML, like Gecko) Version/13.0.3 Mobile/15E148 Safari/604.1"
40.77.167.18 - - [26/Apr/2025:16:58:39 -0400] "GET /wp-content/uploads/2024/09/view-green-card-passport-arrangement-scaled.jpg HTTP/1.1" 200 983115 "-" "Mozilla/5.0 AppleWebKit/537.36 (KHTML, like Gecko; compatible; bingbot/2.0; +http://www.bing.com/bingbot.htm) Chrome/116.0.1938.76 Safari/537.36"
66.29.132.124 - - [26/Apr/2025:17:00:47 -0400] "POST /wp-cron.php?doing_wp_cron=1745701247.2377378940582275390625 HTTP/1.1" 200 0 "-" "WordPress/6.8; https://pwmsolution.com"
170.106.167.214 - - [26/Apr/2025:17:00:42 -0400] "GET /student-visa/embed/ HTTP/1.1" 200 23614 "-" "Mozilla/5.0 (iPhone; CPU iPhone OS 13_2_3 like Mac OS X) AppleWebKit/605.1.15 (KHTML, like Gecko) Version/13.0.3 Mobile/15E148 Safari/604.1"
66.29.132.124 - - [26/Apr/2025:17:16:59 -0400] "POST /wp-cron.php?doing_wp_cron=1745702219.7400701045989990234375 HTTP/1.1" 200 0 "-" "WordPress/6.8; https://pwmsolution.com"
69.171.249.8 - - [26/Apr/2025:17:16:55 -0400] "GET /robots.txt HTTP/1.1" 301 0 "-" "facebookexternalhit/1.1 (+http://www.facebook.com/externalhit_uatext.php)"
69.171.249.8 - - [26/Apr/2025:17:17:00 -0400] "GET /robots.txt HTTP/1.1" 200 116 "-" "facebookexternalhit/1.1 (+http://www.facebook.com/externalhit_uatext.php)"
66.29.132.124 - - [26/Apr/2025:17:30:59 -0400] "POST /wp-cron.php?doing_wp_cron=1745703059.5178589820861816406250 HTTP/1.1" 200 0 "-" "WordPress/6.8; https://pwmsolution.com"
51.195.36.135 - - [26/Apr/2025:17:30:56 -0400] "GET /tmp/tmp/cache.php HTTP/1.1" 404 81677 "-" "Mozilla/5.0 (Windows NT 10.0; Win64; x64) AppleWebKit/537.36 (KHTML, like Gecko) Chrome/127.0.0.0 Safari/537.36"
51.195.36.135 - - [26/Apr/2025:17:31:01 -0400] "GET /wp-includes/Requests/Exception/HTTP/HTTP/cache.php HTTP/1.1" 404 81677 "-" "Mozilla/5.0 (Windows NT 10.0; Win64; x64) AppleWebKit/537.36 (KHTML, like Gecko) Chrome/127.0.0.0 Safari/537.36"
51.195.36.135 - - [26/Apr/2025:17:31:03 -0400] "GET /wp-content/plugins/plugins/cache.php HTTP/1.1" 404 81677 "-" "Mozilla/5.0 (Windows NT 10.0; Win64; x64) AppleWebKit/537.36 (KHTML, like Gecko) Chrome/127.0.0.0 Safari/537.36"
51.195.36.135 - - [26/Apr/2025:17:31:05 -0400] "GET /images/images/images/images/cache.php HTTP/1.1" 404 81677 "-" "Mozilla/5.0 (Windows NT 10.0; Win64; x64) AppleWebKit/537.36 (KHTML, like Gecko) Chrome/127.0.0.0 Safari/537.36"
66.29.132.124 - - [26/Apr/2025:17:55:15 -0400] "POST /wp-cron.php?doing_wp_cron=1745704515.3248479366302490234375 HTTP/1.1" 200 0 "-" "WordPress/6.8; https://pwmsolution.com"
84.17.48.159 - - [26/Apr/2025:17:55:08 -0400] "GET / HTTP/1.0" 200 183328 "https://pwmsolution.com/" "Mozilla/5.0 (Windows NT 10.0; Win64; x64) AppleWebKit/537.36 (KHTML, like Gecko) Chrome/131.0.0.0 Safari/537.36 Avast/131.0.0.0"
84.17.48.159 - - [26/Apr/2025:17:55:19 -0400] "POST /wp-admin/admin-ajax.php HTTP/1.0" 200 79 "https://pwmsolution.com/" "Mozilla/5.0 (Windows NT 10.0; Win64; x64) AppleWebKit/537.36 (KHTML, like Gecko) Chrome/131.0.0.0 Safari/537.36 Avast/131.0.0.0"
66.29.132.124 - - [26/Apr/2025:18:41:27 -0400] "POST /wp-cron.php?doing_wp_cron=1745707287.0870978832244873046875 HTTP/1.1" 200 0 "-" "WordPress/6.8; https://pwmsolution.com"
57.141.4.12 - - [26/Apr/2025:18:41:20 -0400] "GET /index.html HTTP/1.1" 301 0 "-" "meta-externalagent/1.1 (+https://developers.facebook.com/docs/sharing/webmasters/crawler)"
57.141.4.29 - - [26/Apr/2025:18:41:28 -0400] "GET /index.html HTTP/1.1" 404 81677 "-" "meta-externalagent/1.1 (+https://developers.facebook.com/docs/sharing/webmasters/crawler)"
57.141.4.14 - - [26/Apr/2025:18:41:33 -0400] "GET /index.html HTTP/1.1" 404 81677 "-" "meta-externalagent/1.1 (+https://developers.facebook.com/docs/sharing/webmasters/crawler)"
66.29.132.124 - - [26/Apr/2025:19:00:43 -0400] "POST /wp-cron.php?doing_wp_cron=1745708443.7231049537658691406250 HTTP/1.1" 200 0 "-" "WordPress/6.8; https://pwmsolution.com"
95.164.200.88 - - [26/Apr/2025:19:00:38 -0400] "GET / HTTP/1.1" 200 35153 "-" "Mozilla/5.0 (Windows NT 10.0; Win64; x64) AppleWebKit/537.36 (KHTML, like Gecko) Chrome/134.0.0.0 Safari/537.36"
66.29.132.124 - - [26/Apr/2025:19:26:02 -0400] "POST /wp-cron.php?doing_wp_cron=1745709962.5682768821716308593750 HTTP/1.1" 200 0 "-" "WordPress/6.8; https://pwmsolution.com"
57.141.4.22 - - [26/Apr/2025:19:25:58 -0400] "GET / HTTP/1.1" 200 183328 "-" "meta-externalagent/1.1 (+https://developers.facebook.com/docs/sharing/webmasters/crawler)"
66.29.132.124 - - [26/Apr/2025:19:31:04 -0400] "POST /wp-cron.php?doing_wp_cron=1745710264.9447379112243652343750 HTTP/1.1" 200 0 "-" "WordPress/6.8; https://pwmsolution.com"
57.141.4.2 - - [26/Apr/2025:19:31:02 -0400] "GET / HTTP/1.1" 301 0 "-" "meta-externalagent/1.1 (+https://developers.facebook.com/docs/sharing/webmasters/crawler)"
57.141.4.16 - - [26/Apr/2025:19:31:08 -0400] "GET / HTTP/1.1" 200 183328 "-" "meta-externalagent/1.1 (+https://developers.facebook.com/docs/sharing/webmasters/crawler)"
221.229.106.25 - - [26/Apr/2025:19:31:39 -0400] "GET / HTTP/1.1" 200 35153 "http://pwmsolution.com" "Mozilla/5.0 (iPhone; CPU iPhone OS 13_2_3 like Mac OS X) AppleWebKit/605.1.15 (KHTML, like Gecko) Version/13.0.3 Mobile/15E148 Safari/604.1"
66.29.132.124 - - [26/Apr/2025:19:34:38 -0400] "POST /wp-cron.php?doing_wp_cron=1745710478.2971460819244384765625 HTTP/1.1" 200 0 "-" "WordPress/6.8; https://pwmsolution.com"
4.227.36.32 - - [26/Apr/2025:19:34:36 -0400] "GET /robots.txt HTTP/1.1" 200 95 "-" "Mozilla/5.0 AppleWebKit/537.36 (KHTML, like Gecko; compatible; GPTBot/1.2; +https://openai.com/gptbot)"
20.171.207.176 - - [26/Apr/2025:19:34:38 -0400] "GET /wp-includes/block-patterns/makeasmtp.php HTTP/1.1" 404 14021 "-" "Mozilla/5.0 AppleWebKit/537.36 (KHTML, like Gecko; compatible; GPTBot/1.2; +https://openai.com/gptbot)"
20.171.207.176 - - [26/Apr/2025:19:36:04 -0400] "GET /wp-includes/blocks/gallery/ HTTP/1.1" 403 1242 "-" "Mozilla/5.0 AppleWebKit/537.36 (KHTML, like Gecko; compatible; GPTBot/1.2; +https://openai.com/gptbot)"
66.29.132.124 - - [26/Apr/2025:19:36:39 -0400] "POST /wp-cron.php?doing_wp_cron=1745710598.9574759006500244140625 HTTP/1.1" 200 0 "-" "WordPress/6.8; https://pwmsolution.com"
4.227.36.32 - - [26/Apr/2025:19:36:36 -0400] "GET /robots.txt HTTP/1.1" 200 95 "http://pwmsolution.com/robots.txt" "Mozilla/5.0 AppleWebKit/537.36 (KHTML, like Gecko; compatible; GPTBot/1.2; +https://openai.com/gptbot)"
66.29.132.124 - - [26/Apr/2025:19:36:49 -0400] "POST /wp-cron.php?doing_wp_cron=1745710609.2643899917602539062500 HTTP/1.1" 200 0 "-" "WordPress/6.8; https://pwmsolution.com"
20.171.207.176 - - [26/Apr/2025:19:36:48 -0400] "GET /unsubscribe?email=info%40pwmsolution.com HTTP/1.1" 404 14021 "-" "Mozilla/5.0 AppleWebKit/537.36 (KHTML, like Gecko; compatible; GPTBot/1.2; +https://openai.com/gptbot)"
20.171.207.176 - - [26/Apr/2025:19:37:09 -0400] "GET /co= HTTP/1.1" 301 0 "-" "Mozilla/5.0 AppleWebKit/537.36 (KHTML, like Gecko; compatible; GPTBot/1.2; +https://openai.com/gptbot)"
66.29.132.124 - - [26/Apr/2025:19:39:22 -0400] "POST /wp-cron.php?doing_wp_cron=1745710762.1770939826965332031250 HTTP/1.1" 200 0 "-" "WordPress/6.8; https://pwmsolution.com"
20.171.207.176 - - [26/Apr/2025:19:39:19 -0400] "GET /contact= HTTP/1.1" 301 0 "-" "Mozilla/5.0 AppleWebKit/537.36 (KHTML, like Gecko; compatible; GPTBot/1.2; +https://openai.com/gptbot)"
66.29.132.124 - - [26/Apr/2025:19:41:48 -0400] "POST /wp-cron.php?doing_wp_cron=1745710908.5248970985412597656250 HTTP/1.1" 200 0 "-" "WordPress/6.8; https://pwmsolution.com"
20.171.207.176 - - [26/Apr/2025:19:41:45 -0400] "GET /contac= HTTP/1.1" 301 0 "-" "Mozilla/5.0 AppleWebKit/537.36 (KHTML, like Gecko; compatible; GPTBot/1.2; +https://openai.com/gptbot)"
20.171.207.176 - - [26/Apr/2025:19:42:15 -0400] "GET /contact-us= HTTP/1.1" 301 0 "-" "Mozilla/5.0 AppleWebKit/537.36 (KHTML, like Gecko; compatible; GPTBot/1.2; +https://openai.com/gptbot)"
66.29.132.124 - - [26/Apr/2025:19:43:13 -0400] "POST /wp-cron.php?doing_wp_cron=1745710992.5754950046539306640625 HTTP/1.1" 200 0 "-" "WordPress/6.8; https://pwmsolution.com"
20.171.207.176 - - [26/Apr/2025:19:43:11 -0400] "GET /c= HTTP/1.1" 301 0 "-" "Mozilla/5.0 AppleWebKit/537.36 (KHTML, like Gecko; compatible; GPTBot/1.2; +https://openai.com/gptbot)"
66.29.132.124 - - [26/Apr/2025:19:45:21 -0400] "POST /wp-cron.php?doing_wp_cron=1745711121.3132760524749755859375 HTTP/1.1" 200 0 "-" "WordPress/6.8; https://pwmsolution.com"
20.171.207.176 - - [26/Apr/2025:19:45:18 -0400] "GET /cont=act-us/ HTTP/1.1" 301 0 "-" "Mozilla/5.0 AppleWebKit/537.36 (KHTML, like Gecko; compatible; GPTBot/1.2; +https://openai.com/gptbot)"
20.171.207.176 - - [26/Apr/2025:19:45:30 -0400] "GET /= HTTP/1.1" 404 14021 "-" "Mozilla/5.0 AppleWebKit/537.36 (KHTML, like Gecko; compatible; GPTBot/1.2; +https://openai.com/gptbot)"
20.171.207.176 - - [26/Apr/2025:19:45:43 -0400] "GET /cont= HTTP/1.1" 301 0 "-" "Mozilla/5.0 AppleWebKit/537.36 (KHTML, like Gecko; compatible; GPTBot/1.2; +https://openai.com/gptbot)"
66.29.132.124 - - [26/Apr/2025:19:46:54 -0400] "POST /wp-cron.php?doing_wp_cron=1745711214.7440729141235351562500 HTTP/1.1" 200 0 "-" "WordPress/6.8; https://pwmsolution.com"
20.171.207.176 - - [26/Apr/2025:19:46:53 -0400] "GET /fekal0911 HTTP/1.1" 404 14021 "-" "Mozilla/5.0 AppleWebKit/537.36 (KHTML, like Gecko; compatible; GPTBot/1.2; +https://openai.com/gptbot)"
20.171.207.176 - - [26/Apr/2025:19:46:56 -0400] "GET /= HTTP/1.1" 404 14021 "-" "Mozilla/5.0 AppleWebKit/537.36 (KHTML, like Gecko; compatible; GPTBot/1.2; +https://openai.com/gptbot)"
66.29.132.124 - - [26/Apr/2025:19:49:15 -0400] "POST /wp-cron.php?doing_wp_cron=1745711355.8724379539489746093750 HTTP/1.1" 200 0 "-" "WordPress/6.8; https://pwmsolution.com"
34.244.128.224 - - [26/Apr/2025:19:49:13 -0400] "GET /robots.txt HTTP/1.1" 200 111 "-" "Pandalytics/2.0 (https://domainsbot.com/pandalytics/)"
34.244.128.224 - - [26/Apr/2025:19:49:16 -0400] "GET / HTTP/1.1" 200 35153 "-" "Pandalytics/2.0 (https://domainsbot.com/pandalytics/)"
66.29.132.124 - - [26/Apr/2025:20:23:41 -0400] "POST /wp-cron.php?doing_wp_cron=1745713421.3506491184234619140625 HTTP/1.1" 200 0 "-" "WordPress/6.8; https://pwmsolution.com"
51.195.36.135 - - [26/Apr/2025:20:23:38 -0400] "GET /includes/includes/cache.php HTTP/1.1" 404 81677 "-" "Mozilla/5.0 (Windows NT 10.0; Win64; x64) AppleWebKit/537.36 (KHTML, like Gecko) Chrome/127.0.0.0 Safari/537.36"
51.195.36.135 - - [26/Apr/2025:20:23:43 -0400] "GET /wp-admin/css/css/cache.php HTTP/1.1" 404 81677 "-" "Mozilla/5.0 (Windows NT 10.0; Win64; x64) AppleWebKit/537.36 (KHTML, like Gecko) Chrome/127.0.0.0 Safari/537.36"
51.195.36.135 - - [26/Apr/2025:20:23:45 -0400] "GET /img/img/cache.php HTTP/1.1" 404 81677 "-" "Mozilla/5.0 (Windows NT 10.0; Win64; x64) AppleWebKit/537.36 (KHTML, like Gecko) Chrome/127.0.0.0 Safari/537.36"
51.195.36.135 - - [26/Apr/2025:20:23:47 -0400] "GET /css/css/cache.php HTTP/1.1" 404 81677 "-" "Mozilla/5.0 (Windows NT 10.0; Win64; x64) AppleWebKit/537.36 (KHTML, like Gecko) Chrome/127.0.0.0 Safari/537.36"
51.195.36.135 - - [26/Apr/2025:20:23:49 -0400] "GET /images/images/images/cache.php HTTP/1.1" 404 81677 "-" "Mozilla/5.0 (Windows NT 10.0; Win64; x64) AppleWebKit/537.36 (KHTML, like Gecko) Chrome/127.0.0.0 Safari/537.36"
66.29.132.124 - - [26/Apr/2025:20:57:10 -0400] "POST /wp-cron.php?doing_wp_cron=1745715430.2040450572967529296875 HTTP/1.1" 200 0 "-" "WordPress/6.8; https://pwmsolution.com"
66.249.65.204 - - [26/Apr/2025:20:57:07 -0400] "GET /robots.txt HTTP/1.1" 200 95 "-" "Mozilla/5.0 (compatible; Googlebot/2.1; +http://www.google.com/bot.html)"
66.249.65.204 - - [26/Apr/2025:20:57:10 -0400] "GET / HTTP/1.1" 200 29482 "-" "Mozilla/5.0 (compatible; Googlebot/2.1; +http://www.google.com/bot.html)"
66.249.65.202 - - [26/Apr/2025:20:57:13 -0400] "GET /wp-content/themes/hello-elementor/header-footer.min.css?ver=3.3.0 HTTP/1.1" 200 1292 "https://pwmsolution.com/" "Mozilla/5.0 AppleWebKit/537.36 (KHTML, like Gecko; compatible; Googlebot/2.1; +http://www.google.com/bot.html) Chrome/134.0.6998.165 Safari/537.36"
66.249.65.203 - - [26/Apr/2025:20:57:17 -0400] "GET /wp-content/plugins/header-footer-elementor/inc/widgets-css/frontend.css?ver=2.3.0 HTTP/1.1" 200 8133 "https://pwmsolution.com/" "Mozilla/5.0 AppleWebKit/537.36 (KHTML, like Gecko; compatible; Googlebot/2.1; +http://www.google.com/bot.html) Chrome/134.0.6998.165 Safari/537.36"
66.249.65.202 - - [26/Apr/2025:20:57:18 -0400] "GET /wp-content/uploads/elementor/css/post-97.css?ver=1744805200 HTTP/1.1" 200 1838 "https://pwmsolution.com/" "Mozilla/5.0 AppleWebKit/537.36 (KHTML, like Gecko; compatible; Googlebot/2.1; +http://www.google.com/bot.html) Chrome/134.0.6998.165 Safari/537.36"
66.249.65.202 - - [26/Apr/2025:20:57:20 -0400] "GET /wp-content/plugins/pro-elements/assets/css/frontend.min.css?ver=3.23.3 HTTP/1.1" 200 43433 "https://pwmsolution.com/" "Mozilla/5.0 AppleWebKit/537.36 (KHTML, like Gecko; compatible; Googlebot/2.1; +http://www.google.com/bot.html) Chrome/134.0.6998.165 Safari/537.36"
66.249.65.202 - - [26/Apr/2025:20:57:21 -0400] "GET /wp-content/plugins/elementor-pro/assets/css/widget-blockquote.min.css?ver=3.25.0 HTTP/1.1" 404 14022 "https://pwmsolution.com/" "Mozilla/5.0 AppleWebKit/537.36 (KHTML, like Gecko; compatible; Googlebot/2.1; +http://www.google.com/bot.html) Chrome/134.0.6998.165 Safari/537.36"
66.249.65.202 - - [26/Apr/2025:20:57:27 -0400] "GET /wp-includes/js/dist/i18n.min.js?ver=5e580eb46a90c2b997e6 HTTP/1.1" 200 3542 "https://pwmsolution.com/" "Mozilla/5.0 AppleWebKit/537.36 (KHTML, like Gecko; compatible; Googlebot/2.1; +http://www.google.com/bot.html) Chrome/134.0.6998.165 Safari/537.36"
66.249.65.202 - - [26/Apr/2025:20:57:29 -0400] "GET /wp-content/themes/hello-elementor/assets/js/hello-frontend.min.js?ver=3.3.0 HTTP/1.1" 200 548 "https://pwmsolution.com/" "Mozilla/5.0 AppleWebKit/537.36 (KHTML, like Gecko; compatible; Googlebot/2.1; +http://www.google.com/bot.html) Chrome/134.0.6998.165 Safari/537.36"
66.249.65.202 - - [26/Apr/2025:20:57:30 -0400] "GET /wp-includes/js/jquery/ui/core.min.js?ver=1.13.3 HTTP/1.1" 200 6812 "https://pwmsolution.com/" "Mozilla/5.0 AppleWebKit/537.36 (KHTML, like Gecko; compatible; Googlebot/2.1; +http://www.google.com/bot.html) Chrome/134.0.6998.165 Safari/537.36"
66.249.65.202 - - [26/Apr/2025:20:57:33 -0400] "GET /wp-content/plugins/pro-elements/assets/js/frontend.min.js?ver=3.23.3 HTTP/1.1" 200 6468 "https://pwmsolution.com/" "Mozilla/5.0 AppleWebKit/537.36 (KHTML, like Gecko; compatible; Googlebot/2.1; +http://www.google.com/bot.html) Chrome/134.0.6998.165 Safari/537.36"
66.249.65.202 - - [26/Apr/2025:20:57:38 -0400] "GET /wp-content/uploads/2024/09/6010599_Woman_People_1280x720.mp4 HTTP/1.1" 206 13927484 "https://pwmsolution.com/" "Mozilla/5.0 AppleWebKit/537.36 (KHTML, like Gecko; compatible; Googlebot/2.1; +http://www.google.com/bot.html) Chrome/134.0.6998.165 Safari/537.36"
66.29.132.124 - - [26/Apr/2025:21:05:15 -0400] "POST /wp-cron.php?doing_wp_cron=1745715915.6892750263214111328125 HTTP/1.1" 200 0 "-" "WordPress/6.8; https://pwmsolution.com"
66.249.65.202 - - [26/Apr/2025:21:05:09 -0400] "GET /feed/ HTTP/1.1" 200 678 "-" "Mozilla/5.0 (compatible; Googlebot/2.1; +http://www.google.com/bot.html)"
66.29.132.124 - - [26/Apr/2025:21:17:14 -0400] "POST /wp-cron.php?doing_wp_cron=1745716634.2075750827789306640625 HTTP/1.1" 200 0 "-" "WordPress/6.8; https://pwmsolution.com"
66.249.65.204 - - [26/Apr/2025:21:17:09 -0400] "GET /comments/feed/ HTTP/1.1" 200 703 "-" "Mozilla/5.0 (compatible; Googlebot/2.1; +http://www.google.com/bot.html)"
66.29.132.124 - - [26/Apr/2025:21:18:15 -0400] "POST /wp-cron.php?doing_wp_cron=1745716695.7297859191894531250000 HTTP/1.1" 200 0 "-" "WordPress/6.8; https://pwmsolution.com"
66.249.65.204 - - [26/Apr/2025:21:18:15 -0400] "GET /comments/feed/ HTTP/1.1" 304 0 "-" "Mozilla/5.0 (compatible; Googlebot/2.1; +http://www.google.com/bot.html)"
66.29.132.124 - - [26/Apr/2025:22:02:31 -0400] "POST /wp-cron.php?doing_wp_cron=1745719351.6175649166107177734375 HTTP/1.1" 200 0 "-" "WordPress/6.8; https://pwmsolution.com"
66.249.65.204 - - [26/Apr/2025:22:02:27 -0400] "GET / HTTP/1.1" 200 29470 "-" "Mozilla/5.0 (compatible; Googlebot/2.1; +http://www.google.com/bot.html)"
66.249.65.203 - - [26/Apr/2025:22:02:36 -0400] "GET /wp-content/uploads/elementor/css/post-16.css?ver=1744805200 HTTP/1.1" 200 2289 "https://pwmsolution.com/" "Mozilla/5.0 AppleWebKit/537.36 (KHTML, like Gecko; compatible; Googlebot/2.1; +http://www.google.com/bot.html) Chrome/134.0.6998.165 Safari/537.36"
66.249.65.202 - - [26/Apr/2025:22:02:39 -0400] "GET /wp-content/plugins/elementor/assets/css/widget-divider.min.css?ver=3.28.4 HTTP/1.1" 200 707 "https://pwmsolution.com/" "Mozilla/5.0 AppleWebKit/537.36 (KHTML, like Gecko; compatible; Googlebot/2.1; +http://www.google.com/bot.html) Chrome/134.0.6998.165 Safari/537.36"
66.249.65.202 - - [26/Apr/2025:22:02:44 -0400] "GET /wp-content/plugins/elementor/assets/css/widget-spacer.min.css?ver=3.28.4 HTTP/1.1" 200 315 "https://pwmsolution.com/" "Mozilla/5.0 AppleWebKit/537.36 (KHTML, like Gecko; compatible; Googlebot/2.1; +http://www.google.com/bot.html) Chrome/134.0.6998.165 Safari/537.36"
66.249.65.202 - - [26/Apr/2025:22:02:46 -0400] "GET /wp-content/plugins/header-footer-elementor/assets/css/header-footer-elementor.css?ver=2.3.0 HTTP/1.1" 200 259 "https://pwmsolution.com/" "Mozilla/5.0 AppleWebKit/537.36 (KHTML, like Gecko; compatible; Googlebot/2.1; +http://www.google.com/bot.html) Chrome/134.0.6998.165 Safari/537.36"
66.249.65.202 - - [26/Apr/2025:22:02:50 -0400] "GET /wp-content/plugins/pro-elements/assets/js/webpack-pro.runtime.min.js?ver=3.23.3 HTTP/1.1" 200 2549 "https://pwmsolution.com/" "Mozilla/5.0 AppleWebKit/537.36 (KHTML, like Gecko; compatible; Googlebot/2.1; +http://www.google.com/bot.html) Chrome/134.0.6998.165 Safari/537.36"
66.249.65.202 - - [26/Apr/2025:22:02:52 -0400] "GET /wp-content/themes/hello-elementor/assets/js/hello-frontend.min.js?ver=3.3.0 HTTP/1.1" 200 548 "https://pwmsolution.com/" "Mozilla/5.0 AppleWebKit/537.36 (KHTML, like Gecko; compatible; Googlebot/2.1; +http://www.google.com/bot.html) Chrome/134.0.6998.165 Safari/537.36"
66.249.65.202 - - [26/Apr/2025:22:02:54 -0400] "GET /wp-content/plugins/elementor/assets/js/frontend-modules.min.js?ver=3.28.4 HTTP/1.1" 200 14421 "https://pwmsolution.com/" "Mozilla/5.0 AppleWebKit/537.36 (KHTML, like Gecko; compatible; Googlebot/2.1; +http://www.google.com/bot.html) Chrome/134.0.6998.165 Safari/537.36"
66.249.65.203 - - [26/Apr/2025:22:03:04 -0400] "GET /wp-content/uploads/2024/09/6010599_Woman_People_1280x720.mp4 HTTP/1.1" 206 13927484 "https://pwmsolution.com/" "Mozilla/5.0 AppleWebKit/537.36 (KHTML, like Gecko; compatible; Googlebot/2.1; +http://www.google.com/bot.html) Chrome/134.0.6998.165 Safari/537.36"
66.29.132.124 - - [26/Apr/2025:22:12:30 -0400] "POST /wp-cron.php?doing_wp_cron=1745719950.4456028938293457031250 HTTP/1.1" 200 0 "-" "WordPress/6.8; https://pwmsolution.com"
66.249.65.202 - - [26/Apr/2025:22:12:28 -0400] "GET /feed/ HTTP/1.1" 304 0 "-" "Mozilla/5.0 (compatible; Googlebot/2.1; +http://www.google.com/bot.html)"
66.29.132.124 - - [26/Apr/2025:22:28:29 -0400] "POST /wp-cron.php?doing_wp_cron=1745720909.5999169349670410156250 HTTP/1.1" 200 0 "-" "WordPress/6.8; https://pwmsolution.com"
66.249.65.203 - - [26/Apr/2025:22:28:26 -0400] "GET /comments/feed/ HTTP/1.1" 304 0 "-" "Mozilla/5.0 (compatible; Googlebot/2.1; +http://www.google.com/bot.html)"
66.29.132.124 - - [26/Apr/2025:22:42:04 -0400] "POST /wp-cron.php?doing_wp_cron=1745721724.9242529869079589843750 HTTP/1.1" 200 0 "-" "WordPress/6.8; https://pwmsolution.com"
40.77.167.54 - - [26/Apr/2025:22:42:02 -0400] "GET /wp-sitemap.xml HTTP/1.1" 200 201 "-" "Mozilla/5.0 AppleWebKit/537.36 (KHTML, like Gecko; compatible; bingbot/2.0; +http://www.bing.com/bingbot.htm) Chrome/116.0.1938.76 Safari/537.36"