173.252.127.4 - - [26/Apr/2025:11:11:37 -0400] "GET /wp-content/uploads/2024/10/pwm_investment_flyer-724x1024.png HTTP/1.1" 200 404389 "https://pwmsolution.com/?fbclid=IwZXh0bgNhZW0CMTEAAR7BiPokKFN2FDe6xsQQu8l7gn2C-mVb5bZuFjoCNWeY7Q4S4Sg9x6W9zVCR0g_aem_ksD3ZFa5e2crwnboA6aNRA" "Mozilla/5.0 (iPhone; CPU iPhone OS 18_3_2 like Mac OS X) AppleWebKit/605.1.15 (KHTML, like Gecko) Mobile/22D82 [FBAN/FBIOS;FBAV/509.0.0.52.94;FBBV/721998097;FBDV/iPhone16,2;FBMD/iPhone;FBSN/iOS;FBSV/18.3.2;FBSS/3;FBID/phone;FBLC/en_GB;FBOP/5;FBRV/726005937]"
173.252.127.24 - - [26/Apr/2025:11:11:38 -0400] "GET /wp-content/uploads/2024/08/WhatsApp-Image-2024-08-24-at-15.42.25_7fa4ad57-730x1024.jpg HTTP/1.1" 200 142286 "https://pwmsolution.com/?fbclid=IwZXh0bgNhZW0CMTEAAR7BiPokKFN2FDe6xsQQu8l7gn2C-mVb5bZuFjoCNWeY7Q4S4Sg9x6W9zVCR0g_aem_ksD3ZFa5e2crwnboA6aNRA" "Mozilla/5.0 (iPhone; CPU iPhone OS 18_3_2 like Mac OS X) AppleWebKit/605.1.15 (KHTML, like Gecko) Mobile/22D82 [FBAN/FBIOS;FBAV/509.0.0.52.94;FBBV/721998097;FBDV/iPhone16,2;FBMD/iPhone;FBSN/iOS;FBSV/18.3.2;FBSS/3;FBID/phone;FBLC/en_GB;FBOP/5;FBRV/726005937]"
173.252.127.24 - - [26/Apr/2025:11:11:37 -0400] "GET /wp-content/uploads/2024/09/Artboard-15_1-724x1024.png HTTP/1.1" 200 347280 "https://pwmsolution.com/?fbclid=IwZXh0bgNhZW0CMTEAAR7BiPokKFN2FDe6xsQQu8l7gn2C-mVb5bZuFjoCNWeY7Q4S4Sg9x6W9zVCR0g_aem_ksD3ZFa5e2crwnboA6aNRA" "Mozilla/5.0 (iPhone; CPU iPhone OS 18_3_2 like Mac OS X) AppleWebKit/605.1.15 (KHTML, like Gecko) Mobile/22D82 [FBAN/FBIOS;FBAV/509.0.0.52.94;FBBV/721998097;FBDV/iPhone16,2;FBMD/iPhone;FBSN/iOS;FBSV/18.3.2;FBSS/3;FBID/phone;FBLC/en_GB;FBOP/5;FBRV/726005937]"
196.251.86.177 - - [26/Apr/2025:11:11:40 -0400] "GET /cms HTTP/1.1" 200 0 "-" "-"
173.252.127.32 - - [26/Apr/2025:11:11:40 -0400] "GET /wp-content/uploads/2024/08/WhatsApp-Image-2024-08-24-at-15.42.25_6b0c2ed5-768x768.jpg HTTP/1.1" 200 114190 "https://pwmsolution.com/?fbclid=IwZXh0bgNhZW0CMTEAAR7BiPokKFN2FDe6xsQQu8l7gn2C-mVb5bZuFjoCNWeY7Q4S4Sg9x6W9zVCR0g_aem_ksD3ZFa5e2crwnboA6aNRA" "Mozilla/5.0 (iPhone; CPU iPhone OS 18_3_2 like Mac OS X) AppleWebKit/605.1.15 (KHTML, like Gecko) Mobile/22D82 [FBAN/FBIOS;FBAV/509.0.0.52.94;FBBV/721998097;FBDV/iPhone16,2;FBMD/iPhone;FBSN/iOS;FBSV/18.3.2;FBSS/3;FBID/phone;FBLC/en_GB;FBOP/5;FBRV/726005937]"
173.252.127.11 - - [26/Apr/2025:11:11:41 -0400] "GET /wp-content/uploads/2024/09/UMA-PIC-3-Copy-1-750x1024.jpg HTTP/1.1" 200 60313 "https://pwmsolution.com/?fbclid=IwZXh0bgNhZW0CMTEAAR7BiPokKFN2FDe6xsQQu8l7gn2C-mVb5bZuFjoCNWeY7Q4S4Sg9x6W9zVCR0g_aem_ksD3ZFa5e2crwnboA6aNRA" "Mozilla/5.0 (iPhone; CPU iPhone OS 18_3_2 like Mac OS X) AppleWebKit/605.1.15 (KHTML, like Gecko) Mobile/22D82 [FBAN/FBIOS;FBAV/509.0.0.52.94;FBBV/721998097;FBDV/iPhone16,2;FBMD/iPhone;FBSN/iOS;FBSV/18.3.2;FBSS/3;FBID/phone;FBLC/en_GB;FBOP/5;FBRV/726005937]"
173.252.127.39 - - [26/Apr/2025:11:11:41 -0400] "GET /wp-content/uploads/2024/10/Contact-for-Visa-Immigration-Inquiry-Google-Forms-10-18-2024_09_39_AM-768x897.png HTTP/1.1" 200 325169 "https://pwmsolution.com/?fbclid=IwZXh0bgNhZW0CMTEAAR7BiPokKFN2FDe6xsQQu8l7gn2C-mVb5bZuFjoCNWeY7Q4S4Sg9x6W9zVCR0g_aem_ksD3ZFa5e2crwnboA6aNRA" "Mozilla/5.0 (iPhone; CPU iPhone OS 18_3_2 like Mac OS X) AppleWebKit/605.1.15 (KHTML, like Gecko) Mobile/22D82 [FBAN/FBIOS;FBAV/509.0.0.52.94;FBBV/721998097;FBDV/iPhone16,2;FBMD/iPhone;FBSN/iOS;FBSV/18.3.2;FBSS/3;FBID/phone;FBLC/en_GB;FBOP/5;FBRV/726005937]"
173.252.127.24 - - [26/Apr/2025:11:11:43 -0400] "GET /wp-content/uploads/2024/07/2149117788-compressed.jpg HTTP/1.1" 200 140768 "https://pwmsolution.com/wp-content/uploads/elementor/css/post-7.css?ver=1744808457" "Mozilla/5.0 (iPhone; CPU iPhone OS 18_3_2 like Mac OS X) AppleWebKit/605.1.15 (KHTML, like Gecko) Mobile/22D82 [FBAN/FBIOS;FBAV/509.0.0.52.94;FBBV/721998097;FBDV/iPhone16,2;FBMD/iPhone;FBSN/iOS;FBSV/18.3.2;FBSS/3;FBID/phone;FBLC/en_GB;FBOP/5;FBRV/726005937]"
173.252.127.4 - - [26/Apr/2025:11:11:43 -0400] "GET /wp-content/uploads/2024/07/18551-compressed.jpg HTTP/1.1" 200 133398 "https://pwmsolution.com/wp-content/uploads/elementor/css/post-7.css?ver=1744808457" "Mozilla/5.0 (iPhone; CPU iPhone OS 18_3_2 like Mac OS X) AppleWebKit/605.1.15 (KHTML, like Gecko) Mobile/22D82 [FBAN/FBIOS;FBAV/509.0.0.52.94;FBBV/721998097;FBDV/iPhone16,2;FBMD/iPhone;FBSN/iOS;FBSV/18.3.2;FBSS/3;FBID/phone;FBLC/en_GB;FBOP/5;FBRV/726005937]"
173.252.127.24 - - [26/Apr/2025:11:11:44 -0400] "GET /wp-content/uploads/2024/07/pwmlogo3-768x769.png HTTP/1.1" 200 59705 "https://pwmsolution.com/?fbclid=IwZXh0bgNhZW0CMTEAAR7BiPokKFN2FDe6xsQQu8l7gn2C-mVb5bZuFjoCNWeY7Q4S4Sg9x6W9zVCR0g_aem_ksD3ZFa5e2crwnboA6aNRA" "Mozilla/5.0 (iPhone; CPU iPhone OS 18_3_2 like Mac OS X) AppleWebKit/605.1.15 (KHTML, like Gecko) Mobile/22D82 [FBAN/FBIOS;FBAV/509.0.0.52.94;FBBV/721998097;FBDV/iPhone16,2;FBMD/iPhone;FBSN/iOS;FBSV/18.3.2;FBSS/3;FBID/phone;FBLC/en_GB;FBOP/5;FBRV/726005937]"
196.251.86.177 - - [26/Apr/2025:11:11:44 -0400] "GET /cms HTTP/1.1" 200 0 "-" "-"
173.252.127.11 - - [26/Apr/2025:11:11:46 -0400] "GET /wp-includes/js/wp-emoji-release.min.js?ver=6.8 HTTP/1.1" 200 4771 "https://pwmsolution.com/?fbclid=IwZXh0bgNhZW0CMTEAAR7BiPokKFN2FDe6xsQQu8l7gn2C-mVb5bZuFjoCNWeY7Q4S4Sg9x6W9zVCR0g_aem_ksD3ZFa5e2crwnboA6aNRA" "Mozilla/5.0 (iPhone; CPU iPhone OS 18_3_2 like Mac OS X) AppleWebKit/605.1.15 (KHTML, like Gecko) Mobile/22D82 [FBAN/FBIOS;FBAV/509.0.0.52.94;FBBV/721998097;FBDV/iPhone16,2;FBMD/iPhone;FBSN/iOS;FBSV/18.3.2;FBSS/3;FBID/phone;FBLC/en_GB;FBOP/5;FBRV/726005937]"
173.252.127.39 - - [26/Apr/2025:11:11:47 -0400] "GET /wp-content/plugins/elementor/assets/js/text-editor.c084ef86600b6f11690d.bundle.min.js HTTP/1.1" 200 621 "https://pwmsolution.com/?fbclid=IwZXh0bgNhZW0CMTEAAR7BiPokKFN2FDe6xsQQu8l7gn2C-mVb5bZuFjoCNWeY7Q4S4Sg9x6W9zVCR0g_aem_ksD3ZFa5e2crwnboA6aNRA" "Mozilla/5.0 (iPhone; CPU iPhone OS 18_3_2 like Mac OS X) AppleWebKit/605.1.15 (KHTML, like Gecko) Mobile/22D82 [FBAN/FBIOS;FBAV/509.0.0.52.94;FBBV/721998097;FBDV/iPhone16,2;FBMD/iPhone;FBSN/iOS;FBSV/18.3.2;FBSS/3;FBID/phone;FBLC/en_GB;FBOP/5;FBRV/726005937]"
173.252.127.32 - - [26/Apr/2025:11:11:46 -0400] "GET /wp-content/uploads/2024/09/6010599_Woman_People_1280x720.mp4 HTTP/1.1" 206 1441792 "https://pwmsolution.com/?fbclid=IwZXh0bgNhZW0CMTEAAR7BiPokKFN2FDe6xsQQu8l7gn2C-mVb5bZuFjoCNWeY7Q4S4Sg9x6W9zVCR0g_aem_ksD3ZFa5e2crwnboA6aNRA" "Mozilla/5.0 (iPhone; CPU iPhone OS 18_3_2 like Mac OS X) AppleWebKit/605.1.15 (KHTML, like Gecko) Mobile/22D82 [FBAN/FBIOS;FBAV/509.0.0.52.94;FBBV/721998097;FBDV/iPhone16,2;FBMD/iPhone;FBSN/iOS;FBSV/18.3.2;FBSS/3;FBID/phone;FBLC/en_GB;FBOP/5;FBRV/726005937]"
173.252.127.24 - - [26/Apr/2025:11:11:49 -0400] "GET /wp-content/plugins/pro-elements/assets/js/slides.fb6b9afd278bb9c5e75b.bundle.min.js HTTP/1.1" 200 1362 "https://pwmsolution.com/?fbclid=IwZXh0bgNhZW0CMTEAAR7BiPokKFN2FDe6xsQQu8l7gn2C-mVb5bZuFjoCNWeY7Q4S4Sg9x6W9zVCR0g_aem_ksD3ZFa5e2crwnboA6aNRA" "Mozilla/5.0 (iPhone; CPU iPhone OS 18_3_2 like Mac OS X) AppleWebKit/605.1.15 (KHTML, like Gecko) Mobile/22D82 [FBAN/FBIOS;FBAV/509.0.0.52.94;FBBV/721998097;FBDV/iPhone16,2;FBMD/iPhone;FBSN/iOS;FBSV/18.3.2;FBSS/3;FBID/phone;FBLC/en_GB;FBOP/5;FBRV/726005937]"
173.252.127.24 - - [26/Apr/2025:11:11:49 -0400] "GET /wp-content/plugins/elementor/assets/js/video.6ebfa2c3f5493cb2eaaf.bundle.min.js HTTP/1.1" 200 1228 "https://pwmsolution.com/?fbclid=IwZXh0bgNhZW0CMTEAAR7BiPokKFN2FDe6xsQQu8l7gn2C-mVb5bZuFjoCNWeY7Q4S4Sg9x6W9zVCR0g_aem_ksD3ZFa5e2crwnboA6aNRA" "Mozilla/5.0 (iPhone; CPU iPhone OS 18_3_2 like Mac OS X) AppleWebKit/605.1.15 (KHTML, like Gecko) Mobile/22D82 [FBAN/FBIOS;FBAV/509.0.0.52.94;FBBV/721998097;FBDV/iPhone16,2;FBMD/iPhone;FBSN/iOS;FBSV/18.3.2;FBSS/3;FBID/phone;FBLC/en_GB;FBOP/5;FBRV/726005937]"
173.252.127.4 - - [26/Apr/2025:11:11:49 -0400] "GET /wp-content/plugins/pro-elements/assets/js/carousel.9b02b45d7826c1c48f33.bundle.min.js HTTP/1.1" 200 1597 "https://pwmsolution.com/?fbclid=IwZXh0bgNhZW0CMTEAAR7BiPokKFN2FDe6xsQQu8l7gn2C-mVb5bZuFjoCNWeY7Q4S4Sg9x6W9zVCR0g_aem_ksD3ZFa5e2crwnboA6aNRA" "Mozilla/5.0 (iPhone; CPU iPhone OS 18_3_2 like Mac OS X) AppleWebKit/605.1.15 (KHTML, like Gecko) Mobile/22D82 [FBAN/FBIOS;FBAV/509.0.0.52.94;FBBV/721998097;FBDV/iPhone16,2;FBMD/iPhone;FBSN/iOS;FBSV/18.3.2;FBSS/3;FBID/phone;FBLC/en_GB;FBOP/5;FBRV/726005937]"
196.251.86.177 - - [26/Apr/2025:11:11:50 -0400] "GET /cms HTTP/1.1" 200 0 "-" "-"
173.252.127.11 - - [26/Apr/2025:11:11:51 -0400] "GET /wp-content/plugins/pro-elements/assets/js/form.c4bc7eaa69583834a7d5.bundle.min.js HTTP/1.1" 200 4825 "https://pwmsolution.com/?fbclid=IwZXh0bgNhZW0CMTEAAR7BiPokKFN2FDe6xsQQu8l7gn2C-mVb5bZuFjoCNWeY7Q4S4Sg9x6W9zVCR0g_aem_ksD3ZFa5e2crwnboA6aNRA" "Mozilla/5.0 (iPhone; CPU iPhone OS 18_3_2 like Mac OS X) AppleWebKit/605.1.15 (KHTML, like Gecko) Mobile/22D82 [FBAN/FBIOS;FBAV/509.0.0.52.94;FBBV/721998097;FBDV/iPhone16,2;FBMD/iPhone;FBSN/iOS;FBSV/18.3.2;FBSS/3;FBID/phone;FBLC/en_GB;FBOP/5;FBRV/726005937]"
173.252.127.39 - - [26/Apr/2025:11:11:52 -0400] "GET /wp-content/plugins/pro-elements/assets/js/popup.085c1727e36940b18f29.bundle.min.js HTTP/1.1" 200 395 "https://pwmsolution.com/?fbclid=IwZXh0bgNhZW0CMTEAAR7BiPokKFN2FDe6xsQQu8l7gn2C-mVb5bZuFjoCNWeY7Q4S4Sg9x6W9zVCR0g_aem_ksD3ZFa5e2crwnboA6aNRA" "Mozilla/5.0 (iPhone; CPU iPhone OS 18_3_2 like Mac OS X) AppleWebKit/605.1.15 (KHTML, like Gecko) Mobile/22D82 [FBAN/FBIOS;FBAV/509.0.0.52.94;FBBV/721998097;FBDV/iPhone16,2;FBMD/iPhone;FBSN/iOS;FBSV/18.3.2;FBSS/3;FBID/phone;FBLC/en_GB;FBOP/5;FBRV/726005937]"
173.252.127.24 - - [26/Apr/2025:11:11:54 -0400] "GET /wp-content/plugins/elementor/assets/lib/font-awesome/webfonts/fa-solid-900.woff2 HTTP/1.1" 200 78196 "https://pwmsolution.com/wp-content/plugins/elementor/assets/lib/font-awesome/css/solid.css?ver=5.15.3" "Mozilla/5.0 (iPhone; CPU iPhone OS 18_3_2 like Mac OS X) AppleWebKit/605.1.15 (KHTML, like Gecko) Mobile/22D82 [FBAN/FBIOS;FBAV/509.0.0.52.94;FBBV/721998097;FBDV/iPhone16,2;FBMD/iPhone;FBSN/iOS;FBSV/18.3.2;FBSS/3;FBID/phone;FBLC/en_GB;FBOP/5;FBRV/726005937]"
173.252.127.4 - - [26/Apr/2025:11:11:56 -0400] "GET /wp-content/uploads/2024/07/14615-compressed.jpg HTTP/1.1" 200 138155 "https://pwmsolution.com/wp-content/uploads/elementor/css/post-7.css?ver=1744808457" "Mozilla/5.0 (iPhone; CPU iPhone OS 18_3_2 like Mac OS X) AppleWebKit/605.1.15 (KHTML, like Gecko) Mobile/22D82 [FBAN/FBIOS;FBAV/509.0.0.52.94;FBBV/721998097;FBDV/iPhone16,2;FBMD/iPhone;FBSN/iOS;FBSV/18.3.2;FBSS/3;FBID/phone;FBLC/en_GB;FBOP/5;FBRV/726005937]"
173.252.127.24 - - [26/Apr/2025:11:11:56 -0400] "GET /wp-content/uploads/2024/09/view-green-card-passport-arrangement-1365x2048.jpg HTTP/1.1" 200 661379 "https://pwmsolution.com/?fbclid=IwZXh0bgNhZW0CMTEAAR7BiPokKFN2FDe6xsQQu8l7gn2C-mVb5bZuFjoCNWeY7Q4S4Sg9x6W9zVCR0g_aem_ksD3ZFa5e2crwnboA6aNRA" "Mozilla/5.0 (iPhone; CPU iPhone OS 18_3_2 like Mac OS X) AppleWebKit/605.1.15 (KHTML, like Gecko) Mobile/22D82 [FBAN/FBIOS;FBAV/509.0.0.52.94;FBBV/721998097;FBDV/iPhone16,2;FBMD/iPhone;FBSN/iOS;FBSV/18.3.2;FBSS/3;FBID/phone;FBLC/en_GB;FBOP/5;FBRV/726005937]"
173.252.127.39 - - [26/Apr/2025:11:11:57 -0400] "GET /wp-content/uploads/2024/09/visa-application-composition-with-different-flags-1024x683.jpg HTTP/1.1" 200 135811 "https://pwmsolution.com/?fbclid=IwZXh0bgNhZW0CMTEAAR7BiPokKFN2FDe6xsQQu8l7gn2C-mVb5bZuFjoCNWeY7Q4S4Sg9x6W9zVCR0g_aem_ksD3ZFa5e2crwnboA6aNRA" "Mozilla/5.0 (iPhone; CPU iPhone OS 18_3_2 like Mac OS X) AppleWebKit/605.1.15 (KHTML, like Gecko) Mobile/22D82 [FBAN/FBIOS;FBAV/509.0.0.52.94;FBBV/721998097;FBDV/iPhone16,2;FBMD/iPhone;FBSN/iOS;FBSV/18.3.2;FBSS/3;FBID/phone;FBLC/en_GB;FBOP/5;FBRV/726005937]"
173.252.127.11 - - [26/Apr/2025:11:11:57 -0400] "GET /wp-content/uploads/2024/08/WhatsApp-Image-2024-08-24-at-15.42.25_6b0c2ed5-1024x1024.jpg HTTP/1.1" 200 171490 "https://pwmsolution.com/?fbclid=IwZXh0bgNhZW0CMTEAAR7BiPokKFN2FDe6xsQQu8l7gn2C-mVb5bZuFjoCNWeY7Q4S4Sg9x6W9zVCR0g_aem_ksD3ZFa5e2crwnboA6aNRA" "Mozilla/5.0 (iPhone; CPU iPhone OS 18_3_2 like Mac OS X) AppleWebKit/605.1.15 (KHTML, like Gecko) Mobile/22D82 [FBAN/FBIOS;FBAV/509.0.0.52.94;FBBV/721998097;FBDV/iPhone16,2;FBMD/iPhone;FBSN/iOS;FBSV/18.3.2;FBSS/3;FBID/phone;FBLC/en_GB;FBOP/5;FBRV/726005937]"
173.252.127.9 - - [26/Apr/2025:11:11:57 -0400] "GET /wp-content/uploads/2024/07/2445-compressed.jpg HTTP/1.1" 200 112939 "https://pwmsolution.com/?fbclid=IwZXh0bgNhZW0CMTEAAR7BiPokKFN2FDe6xsQQu8l7gn2C-mVb5bZuFjoCNWeY7Q4S4Sg9x6W9zVCR0g_aem_ksD3ZFa5e2crwnboA6aNRA" "Mozilla/5.0 (iPhone; CPU iPhone OS 18_3_2 like Mac OS X) AppleWebKit/605.1.15 (KHTML, like Gecko) Mobile/22D82 [FBAN/FBIOS;FBAV/509.0.0.52.94;FBBV/721998097;FBDV/iPhone16,2;FBMD/iPhone;FBSN/iOS;FBSV/18.3.2;FBSS/3;FBID/phone;FBLC/en_GB;FBOP/5;FBRV/726005937]"
173.252.127.24 - - [26/Apr/2025:11:11:59 -0400] "GET /wp-content/uploads/2024/10/Contact-for-Visa-Immigration-Inquiry-Google-Forms-10-18-2024_09_39_AM-876x1024.png HTTP/1.1" 200 262144 "https://pwmsolution.com/?fbclid=IwZXh0bgNhZW0CMTEAAR7BiPokKFN2FDe6xsQQu8l7gn2C-mVb5bZuFjoCNWeY7Q4S4Sg9x6W9zVCR0g_aem_ksD3ZFa5e2crwnboA6aNRA" "Mozilla/5.0 (iPhone; CPU iPhone OS 18_3_2 like Mac OS X) AppleWebKit/605.1.15 (KHTML, like Gecko) Mobile/22D82 [FBAN/FBIOS;FBAV/509.0.0.52.94;FBBV/721998097;FBDV/iPhone16,2;FBMD/iPhone;FBSN/iOS;FBSV/18.3.2;FBSS/3;FBID/phone;FBLC/en_GB;FBOP/5;FBRV/726005937]"
173.252.127.4 - - [26/Apr/2025:11:12:02 -0400] "GET /wp-content/uploads/2024/07/pwmlogo3-1024x1024.png HTTP/1.1" 200 82378 "https://pwmsolution.com/?fbclid=IwZXh0bgNhZW0CMTEAAR7BiPokKFN2FDe6xsQQu8l7gn2C-mVb5bZuFjoCNWeY7Q4S4Sg9x6W9zVCR0g_aem_ksD3ZFa5e2crwnboA6aNRA" "Mozilla/5.0 (iPhone; CPU iPhone OS 18_3_2 like Mac OS X) AppleWebKit/605.1.15 (KHTML, like Gecko) Mobile/22D82 [FBAN/FBIOS;FBAV/509.0.0.52.94;FBBV/721998097;FBDV/iPhone16,2;FBMD/iPhone;FBSN/iOS;FBSV/18.3.2;FBSS/3;FBID/phone;FBLC/en_GB;FBOP/5;FBRV/726005937]"
173.252.127.18 - - [26/Apr/2025:11:12:11 -0400] "GET /wp-content/uploads/2024/09/UMA-PIC-3-Copy-1-750x1024.jpg HTTP/1.1" 200 60313 "-" "facebookexternalhit/1.1 (+http://www.facebook.com/externalhit_uatext.php)"
196.251.86.177 - - [26/Apr/2025:11:12:10 -0400] "GET /portal HTTP/1.1" 200 0 "-" "-"
173.252.87.5 - - [26/Apr/2025:11:12:11 -0400] "GET /wp-content/uploads/2024/09/Artboard-15_1-724x1024.png HTTP/1.1" 200 347280 "-" "facebookexternalhit/1.1 (+http://www.facebook.com/externalhit_uatext.php)"
66.220.149.6 - - [26/Apr/2025:11:12:12 -0400] "GET /wp-content/uploads/2024/07/pwmlogo2.png HTTP/1.1" 200 57398 "-" "facebookexternalhit/1.1 (+http://www.facebook.com/externalhit_uatext.php)"
173.252.87.113 - - [26/Apr/2025:11:12:12 -0400] "GET /wp-content/uploads/2024/07/pwmlogo3-1024x1024.png HTTP/1.1" 200 82378 "-" "facebookexternalhit/1.1 (+http://www.facebook.com/externalhit_uatext.php)"
66.220.149.114 - - [26/Apr/2025:11:12:12 -0400] "GET /wp-content/uploads/2024/08/WhatsApp-Image-2024-08-24-at-15.42.25_7fa4ad57-730x1024.jpg HTTP/1.1" 200 142286 "-" "facebookexternalhit/1.1 (+http://www.facebook.com/externalhit_uatext.php)"
173.252.107.1 - - [26/Apr/2025:11:12:12 -0400] "GET /wp-content/uploads/2024/09/visa-application-composition-with-different-flags-1024x683.jpg HTTP/1.1" 200 135811 "-" "facebookexternalhit/1.1 (+http://www.facebook.com/externalhit_uatext.php)"
69.171.234.113 - - [26/Apr/2025:11:12:12 -0400] "GET /wp-content/uploads/2024/10/Contact-for-Visa-Immigration-Inquiry-Google-Forms-10-18-2024_09_39_AM-876x1024.png HTTP/1.1" 200 393216 "-" "facebookexternalhit/1.1 (+http://www.facebook.com/externalhit_uatext.php)"
173.252.83.9 - - [26/Apr/2025:11:12:12 -0400] "GET /wp-content/uploads/2024/10/pwm_investment_flyer-724x1024.png HTTP/1.1" 200 404389 "-" "facebookexternalhit/1.1 (+http://www.facebook.com/externalhit_uatext.php)"
66.220.149.6 - - [26/Apr/2025:11:12:13 -0400] "GET /wp-content/uploads/2024/08/WhatsApp-Image-2024-08-24-at-15.42.25_6b0c2ed5-1024x1024.jpg HTTP/1.1" 200 171490 "-" "facebookexternalhit/1.1 (+http://www.facebook.com/externalhit_uatext.php)"
173.252.87.115 - - [26/Apr/2025:11:12:13 -0400] "GET /wp-content/uploads/2024/09/view-green-card-passport-arrangement-scaled.jpg HTTP/1.1" 200 131072 "-" "facebookexternalhit/1.1 (+http://www.facebook.com/externalhit_uatext.php)"
69.171.234.4 - - [26/Apr/2025:11:12:16 -0400] "GET /wp-content/uploads/2024/10/Contact-for-Visa-Immigration-Inquiry-Google-Forms-10-18-2024_09_39_AM-876x1024.png HTTP/1.1" 200 396790 "-" "facebookexternalhit/1.1 (+http://www.facebook.com/externalhit_uatext.php)"
196.251.86.177 - - [26/Apr/2025:11:12:16 -0400] "GET /portal HTTP/1.1" 200 0 "-" "-"
66.220.149.7 - - [26/Apr/2025:11:12:17 -0400] "GET /wp-content/uploads/2024/08/WhatsApp-Image-2024-08-24-at-15.42.25_6b0c2ed5-1024x1024.jpg HTTP/1.1" 200 171490 "-" "facebookexternalhit/1.1 (+http://www.facebook.com/externalhit_uatext.php)"
173.252.87.112 - - [26/Apr/2025:11:12:17 -0400] "GET /wp-content/uploads/2024/09/view-green-card-passport-arrangement-scaled.jpg HTTP/1.1" 200 983115 "-" "facebookexternalhit/1.1 (+http://www.facebook.com/externalhit_uatext.php)"
196.251.86.177 - - [26/Apr/2025:11:12:22 -0400] "GET /portal HTTP/1.1" 200 0 "-" "-"
196.251.86.177 - - [26/Apr/2025:11:12:27 -0400] "GET /portal HTTP/1.1" 200 0 "-" "-"
196.251.86.177 - - [26/Apr/2025:11:12:33 -0400] "GET /portal HTTP/1.1" 200 0 "-" "-"
196.251.86.177 - - [26/Apr/2025:11:12:43 -0400] "GET /web HTTP/1.1" 200 0 "-" "-"
196.251.86.177 - - [26/Apr/2025:11:12:49 -0400] "GET /web HTTP/1.1" 200 0 "-" "-"
196.251.86.177 - - [26/Apr/2025:11:12:54 -0400] "GET /web HTTP/1.1" 404 0 "-" "-"
196.251.86.177 - - [26/Apr/2025:11:12:59 -0400] "GET /web HTTP/1.1" 404 0 "-" "-"
196.251.86.177 - - [26/Apr/2025:11:13:05 -0400] "GET /web HTTP/1.1" 200 0 "-" "-"
194.38.23.16 - - [26/Apr/2025:11:16:49 -0400] "GET / HTTP/1.1" 200 183372 "-" "ALittle Client"
4.227.36.19 - - [26/Apr/2025:11:32:15 -0400] "GET /robots.txt HTTP/1.1" 200 0 "-" "Mozilla/5.0 AppleWebKit/537.36 (KHTML, like Gecko; compatible; GPTBot/1.2; +https://openai.com/gptbot)"
66.29.132.124 - - [26/Apr/2025:11:32:25 -0400] "POST /wp-cron.php?doing_wp_cron=1745681544.9080970287322998046875 HTTP/1.1" 200 0 "-" "WordPress/6.8; https://pwmsolution.com"
66.29.132.124 - - [26/Apr/2025:12:07:36 -0400] "POST /wp-cron.php?doing_wp_cron=1745683655.9628479480743408203125 HTTP/1.1" 200 0 "-" "WordPress/6.8; https://pwmsolution.com"
173.252.83.6 - - [26/Apr/2025:12:07:25 -0400] "GET /robots.txt HTTP/1.1" 200 116 "-" "facebookexternalhit/1.1 (+http://www.facebook.com/externalhit_uatext.php)"
66.29.132.124 - - [26/Apr/2025:13:01:06 -0400] "POST /wp-cron.php?doing_wp_cron=1745686865.7329039573669433593750 HTTP/1.1" 200 0 "-" "WordPress/6.8; https://pwmsolution.com"
129.28.14.231 - - [26/Apr/2025:13:00:55 -0400] "GET / HTTP/1.1" 200 35131 "http://pwmsolution.com" "Mozilla/5.0 (iPhone; CPU iPhone OS 13_2_3 like Mac OS X) AppleWebKit/605.1.15 (KHTML, like Gecko) Version/13.0.3 Mobile/15E148 Safari/604.1"
66.29.132.124 - - [26/Apr/2025:13:24:42 -0400] "POST /wp-cron.php?doing_wp_cron=1745688282.5643980503082275390625 HTTP/1.1" 200 0 "-" "WordPress/6.8; https://pwmsolution.com"
66.249.65.204 - - [26/Apr/2025:13:24:36 -0400] "GET /comments/feed/ HTTP/1.1" 200 703 "-" "Mozilla/5.0 (compatible; Googlebot/2.1; +http://www.google.com/bot.html)"
66.29.132.124 - - [26/Apr/2025:13:26:00 -0400] "POST /wp-cron.php?doing_wp_cron=1745688360.3464570045471191406250 HTTP/1.1" 200 0 "-" "WordPress/6.8; https://pwmsolution.com"
4.227.36.19 - - [26/Apr/2025:13:25:59 -0400] "GET /robots.txt HTTP/1.1" 200 95 "-" "Mozilla/5.0 AppleWebKit/537.36 (KHTML, like Gecko; compatible; GPTBot/1.2; +https://openai.com/gptbot)"
20.171.207.63 - - [26/Apr/2025:13:26:00 -0400] "GET /wp-includes/js/crop/ HTTP/1.1" 403 1242 "-" "Mozilla/5.0 AppleWebKit/537.36 (KHTML, like Gecko; compatible; GPTBot/1.2; +https://openai.com/gptbot)"
20.171.207.63 - - [26/Apr/2025:13:30:41 -0400] "GET /wp-includes/css/dist/nux/ HTTP/1.1" 403 1242 "-" "Mozilla/5.0 AppleWebKit/537.36 (KHTML, like Gecko; compatible; GPTBot/1.2; +https://openai.com/gptbot)"
66.29.132.124 - - [26/Apr/2025:13:34:03 -0400] "POST /wp-cron.php?doing_wp_cron=1745688843.2838330268859863281250 HTTP/1.1" 200 0 "-" "WordPress/6.8; https://pwmsolution.com"
20.171.207.63 - - [26/Apr/2025:13:33:55 -0400] "GET /env HTTP/1.1" 404 13954 "-" "Mozilla/5.0 AppleWebKit/537.36 (KHTML, like Gecko; compatible; GPTBot/1.2; +https://openai.com/gptbot)"
66.29.132.124 - - [26/Apr/2025:14:04:20 -0400] "POST /wp-cron.php?doing_wp_cron=1745690660.5464899539947509765625 HTTP/1.1" 200 0 "-" "WordPress/6.8; https://pwmsolution.com"
20.171.207.63 - - [26/Apr/2025:14:04:15 -0400] "GET /pwmsolution/env HTTP/1.1" 404 13954 "-" "Mozilla/5.0 AppleWebKit/537.36 (KHTML, like Gecko; compatible; GPTBot/1.2; +https://openai.com/gptbot)"
66.29.132.124 - - [26/Apr/2025:14:11:29 -0400] "POST /wp-cron.php?doing_wp_cron=1745691088.9321560859680175781250 HTTP/1.1" 200 0 "-" "WordPress/6.8; https://pwmsolution.com"
170.106.143.6 - - [26/Apr/2025:14:11:23 -0400] "GET / HTTP/1.1" 301 0 "http://www.pwmsolution.com" "Mozilla/5.0 (iPhone; CPU iPhone OS 13_2_3 like Mac OS X) AppleWebKit/605.1.15 (KHTML, like Gecko) Version/13.0.3 Mobile/15E148 Safari/604.1"
170.106.143.6 - - [26/Apr/2025:14:11:29 -0400] "GET / HTTP/1.1" 200 35129 "https://www.pwmsolution.com/" "Mozilla/5.0 (iPhone; CPU iPhone OS 13_2_3 like Mac OS X) AppleWebKit/605.1.15 (KHTML, like Gecko) Version/13.0.3 Mobile/15E148 Safari/604.1"
66.29.132.124 - - [26/Apr/2025:14:12:07 -0400] "POST /wp-cron.php?doing_wp_cron=1745691126.5026850700378417968750 HTTP/1.1" 200 0 "-" "WordPress/6.8; https://pwmsolution.com"
100.29.128.75 - - [26/Apr/2025:14:12:05 -0400] "GET /robots.txt HTTP/1.1" 200 111 "-" "Mozilla/5.0 AppleWebKit/537.36 (KHTML, like Gecko; compatible; Amazonbot/0.1; +https://developer.amazon.com/support/amazonbot) Chrome/119.0.6045.214 Safari/537.36"
100.24.167.60 - - [26/Apr/2025:14:12:08 -0400] "GET /student-visa/ HTTP/1.1" 200 24817 "-" "Mozilla/5.0 AppleWebKit/537.36 (KHTML, like Gecko; compatible; Amazonbot/0.1; +https://developer.amazon.com/support/amazonbot) Chrome/119.0.6045.214 Safari/537.36"
66.29.132.124 - - [26/Apr/2025:14:16:04 -0400] "POST /wp-cron.php?doing_wp_cron=1745691364.5199720859527587890625 HTTP/1.1" 200 0 "-" "WordPress/6.8; https://pwmsolution.com"
144.76.72.245 - - [26/Apr/2025:14:15:57 -0400] "GET /wp-content/plugins/ultimate-member/readme.txt HTTP/1.1" 404 17870 "-" "python-requests/2.32.3"
66.29.132.124 - - [26/Apr/2025:14:20:50 -0400] "POST /wp-cron.php?doing_wp_cron=1745691650.0780599117279052734375 HTTP/1.1" 200 0 "-" "WordPress/6.8; https://pwmsolution.com"
43.166.134.47 - - [26/Apr/2025:14:20:48 -0400] "GET / HTTP/1.1" 200 35103 "http://pwmsolution.com" "Mozilla/5.0 (iPhone; CPU iPhone OS 13_2_3 like Mac OS X) AppleWebKit/605.1.15 (KHTML, like Gecko) Version/13.0.3 Mobile/15E148 Safari/604.1"
66.29.132.124 - - [26/Apr/2025:14:29:02 -0400] "POST /wp-cron.php?doing_wp_cron=1745692142.0540330410003662109375 HTTP/1.1" 200 0 "-" "WordPress/6.8; https://pwmsolution.com"
216.218.191.201 - - [26/Apr/2025:14:28:52 -0400] "GET /robots.txt HTTP/1.1" 200 95 "-" "Mozilla/5.0 (Windows NT 10.0; Win64; x64) AppleWebKit/537.36 (KHTML, like Gecko) Chrome/127.0.0.0 Safari/537.36"
216.218.191.201 - - [26/Apr/2025:14:29:03 -0400] "GET / HTTP/1.1" 200 29446 "-" "Mozilla/5.0 (Windows NT 10.0; Win64; x64) AppleWebKit/537.36 (KHTML, like Gecko) Chrome/127.0.0.0 Safari/537.36"
216.218.191.202 - - [26/Apr/2025:14:29:07 -0400] "GET /wp-content/uploads/elementor/css/post-9.css?ver=1744805194 HTTP/1.1" 200 368 "-" "Mozilla/5.0 (Windows NT 10.0; Win64; x64) AppleWebKit/537.36 (KHTML, like Gecko) Chrome/132.0.6834.110 Safari/537.36"
216.218.191.202 - - [26/Apr/2025:14:29:07 -0400] "GET /wp-content/plugins/elementor/assets/css/frontend.min.css?ver=3.28.4 HTTP/1.1" 200 6453 "-" "Mozilla/5.0 (Windows NT 10.0; Win64; x64) AppleWebKit/537.36 (KHTML, like Gecko) Chrome/132.0.6834.110 Safari/537.36"
216.218.191.202 - - [26/Apr/2025:14:29:07 -0400] "GET /wp-content/plugins/header-footer-elementor/assets/css/header-footer-elementor.css?ver=2.3.0 HTTP/1.1" 200 259 "-" "Mozilla/5.0 (Windows NT 10.0; Win64; x64) AppleWebKit/537.36 (KHTML, like Gecko) Chrome/132.0.6834.110 Safari/537.36"
216.218.191.202 - - [26/Apr/2025:14:29:07 -0400] "GET /wp-content/plugins/header-footer-elementor/inc/widgets-css/frontend.css?ver=2.3.0 HTTP/1.1" 200 8133 "-" "Mozilla/5.0 (Windows NT 10.0; Win64; x64) AppleWebKit/537.36 (KHTML, like Gecko) Chrome/132.0.6834.110 Safari/537.36"
216.218.191.202 - - [26/Apr/2025:14:29:07 -0400] "GET /wp-content/plugins/elementor/assets/lib/animations/styles/fadeInRight.min.css?ver=3.28.4 HTTP/1.1" 200 139 "-" "Mozilla/5.0 (Windows NT 10.0; Win64; x64) AppleWebKit/537.36 (KHTML, like Gecko) Chrome/132.0.6834.110 Safari/537.36"
216.218.191.202 - - [26/Apr/2025:14:29:07 -0400] "GET /wp-content/plugins/elementor/assets/css/widget-divider.min.css?ver=3.28.4 HTTP/1.1" 200 707 "-" "Mozilla/5.0 (Windows NT 10.0; Win64; x64) AppleWebKit/537.36 (KHTML, like Gecko) Chrome/132.0.6834.110 Safari/537.36"
216.218.191.202 - - [26/Apr/2025:14:29:08 -0400] "GET /wp-content/plugins/elementor/assets/css/widget-heading.min.css?ver=3.28.4 HTTP/1.1" 200 154 "-" "Mozilla/5.0 (Windows NT 10.0; Win64; x64) AppleWebKit/537.36 (KHTML, like Gecko) Chrome/132.0.6834.110 Safari/537.36"
216.218.191.202 - - [26/Apr/2025:14:29:08 -0400] "GET /wp-content/plugins/elementor/assets/lib/animations/styles/fadeInLeft.min.css?ver=3.28.4 HTTP/1.1" 200 137 "-" "Mozilla/5.0 (Windows NT 10.0; Win64; x64) AppleWebKit/537.36 (KHTML, like Gecko) Chrome/132.0.6834.110 Safari/537.36"
216.218.191.202 - - [26/Apr/2025:14:29:08 -0400] "GET /wp-content/plugins/elementor/assets/css/widget-image.min.css?ver=3.28.4 HTTP/1.1" 200 254 "-" "Mozilla/5.0 (Windows NT 10.0; Win64; x64) AppleWebKit/537.36 (KHTML, like Gecko) Chrome/132.0.6834.110 Safari/537.36"
216.218.191.202 - - [26/Apr/2025:14:29:08 -0400] "GET /wp-content/plugins/pro-elements/assets/css/frontend.min.css?ver=3.23.3 HTTP/1.1" 200 43433 "-" "Mozilla/5.0 (Windows NT 10.0; Win64; x64) AppleWebKit/537.36 (KHTML, like Gecko) Chrome/132.0.6834.110 Safari/537.36"
216.218.191.202 - - [26/Apr/2025:14:29:08 -0400] "GET /wp-content/uploads/elementor/css/post-7.css?ver=1744808457 HTTP/1.1" 200 4980 "-" "Mozilla/5.0 (Windows NT 10.0; Win64; x64) AppleWebKit/537.36 (KHTML, like Gecko) Chrome/132.0.6834.110 Safari/537.36"
216.218.191.202 - - [26/Apr/2025:14:29:08 -0400] "GET /wp-content/plugins/elementor/assets/css/widget-rating.min.css?ver=3.28.4 HTTP/1.1" 200 355 "-" "Mozilla/5.0 (Windows NT 10.0; Win64; x64) AppleWebKit/537.36 (KHTML, like Gecko) Chrome/132.0.6834.110 Safari/537.36"
216.218.191.202 - - [26/Apr/2025:14:29:08 -0400] "GET /wp-content/plugins/elementor/assets/css/widget-google_maps.min.css?ver=3.28.4 HTTP/1.1" 200 117 "-" "Mozilla/5.0 (Windows NT 10.0; Win64; x64) AppleWebKit/537.36 (KHTML, like Gecko) Chrome/132.0.6834.110 Safari/537.36"
216.218.191.202 - - [26/Apr/2025:14:29:08 -0400] "GET /wp-content/plugins/elementor/assets/css/widget-video.min.css?ver=3.28.4 HTTP/1.1" 200 354 "-" "Mozilla/5.0 (Windows NT 10.0; Win64; x64) AppleWebKit/537.36 (KHTML, like Gecko) Chrome/132.0.6834.110 Safari/537.36"
216.218.191.202 - - [26/Apr/2025:14:29:08 -0400] "GET /wp-content/plugins/elementor/assets/css/widget-spacer.min.css?ver=3.28.4 HTTP/1.1" 200 315 "-" "Mozilla/5.0 (Windows NT 10.0; Win64; x64) AppleWebKit/537.36 (KHTML, like Gecko) Chrome/132.0.6834.110 Safari/537.36"
216.218.191.202 - - [26/Apr/2025:14:29:08 -0400] "GET /wp-content/plugins/elementor/assets/lib/animations/styles/fadeInDown.min.css?ver=3.28.4 HTTP/1.1" 200 137 "-" "Mozilla/5.0 (Windows NT 10.0; Win64; x64) AppleWebKit/537.36 (KHTML, like Gecko) Chrome/132.0.6834.110 Safari/537.36"
216.218.191.202 - - [26/Apr/2025:14:29:08 -0400] "GET /wp-content/plugins/elementor/assets/lib/animations/styles/e-animation-float.min.css?ver=3.28.4 HTTP/1.1" 200 244 "-" "Mozilla/5.0 (Windows NT 10.0; Win64; x64) AppleWebKit/537.36 (KHTML, like Gecko) Chrome/132.0.6834.110 Safari/537.36"
216.218.191.202 - - [26/Apr/2025:14:29:08 -0400] "GET /wp-content/plugins/elementor/assets/css/widget-social-icons.min.css?ver=3.24.0 HTTP/1.1" 200 1069 "-" "Mozilla/5.0 (Windows NT 10.0; Win64; x64) AppleWebKit/537.36 (KHTML, like Gecko) Chrome/132.0.6834.110 Safari/537.36"
216.218.191.202 - - [26/Apr/2025:14:29:08 -0400] "GET /wp-content/plugins/elementor/assets/css/widget-icon-list.min.css?ver=3.24.3 HTTP/1.1" 200 957 "-" "Mozilla/5.0 (Windows NT 10.0; Win64; x64) AppleWebKit/537.36 (KHTML, like Gecko) Chrome/132.0.6834.110 Safari/537.36"
216.218.191.202 - - [26/Apr/2025:14:29:08 -0400] "GET /wp-content/plugins/elementor/assets/lib/animations/styles/fadeIn.min.css?ver=3.28.4 HTTP/1.1" 200 77 "-" "Mozilla/5.0 (Windows NT 10.0; Win64; x64) AppleWebKit/537.36 (KHTML, like Gecko) Chrome/132.0.6834.110 Safari/537.36"
216.218.191.202 - - [26/Apr/2025:14:29:08 -0400] "GET /wp-content/themes/hello-elementor/header-footer.min.css?ver=3.3.0 HTTP/1.1" 200 1292 "-" "Mozilla/5.0 (Windows NT 10.0; Win64; x64) AppleWebKit/537.36 (KHTML, like Gecko) Chrome/132.0.6834.110 Safari/537.36"
216.218.191.202 - - [26/Apr/2025:14:29:08 -0400] "GET /wp-content/plugins/elementor/assets/lib/eicons/css/elementor-icons.min.css?ver=5.34.0 HTTP/1.1" 200 3845 "-" "Mozilla/5.0 (Windows NT 10.0; Win64; x64) AppleWebKit/537.36 (KHTML, like Gecko) Chrome/132.0.6834.110 Safari/537.36"
216.218.191.202 - - [26/Apr/2025:14:29:08 -0400] "GET /wp-content/themes/hello-elementor/theme.min.css?ver=3.3.0 HTTP/1.1" 200 1131 "-" "Mozilla/5.0 (Windows NT 10.0; Win64; x64) AppleWebKit/537.36 (KHTML, like Gecko) Chrome/132.0.6834.110 Safari/537.36"
216.218.191.202 - - [26/Apr/2025:14:29:09 -0400] "GET /wp-content/plugins/elementor/assets/css/widget-social-icons.min.css?ver=3.28.4 HTTP/1.1" 200 1069 "-" "Mozilla/5.0 (Windows NT 10.0; Win64; x64) AppleWebKit/537.36 (KHTML, like Gecko) Chrome/132.0.6834.110 Safari/537.36"
216.218.191.202 - - [26/Apr/2025:14:29:08 -0400] "GET /wp-content/uploads/elementor/css/post-97.css?ver=1744805200 HTTP/1.1" 200 1838 "-" "Mozilla/5.0 (Windows NT 10.0; Win64; x64) AppleWebKit/537.36 (KHTML, like Gecko) Chrome/132.0.6834.110 Safari/537.36"
216.218.191.202 - - [26/Apr/2025:14:29:08 -0400] "GET /wp-content/uploads/elementor/css/post-16.css?ver=1744805200 HTTP/1.1" 200 2289 "-" "Mozilla/5.0 (Windows NT 10.0; Win64; x64) AppleWebKit/537.36 (KHTML, like Gecko) Chrome/132.0.6834.110 Safari/537.36"
216.218.191.202 - - [26/Apr/2025:14:29:08 -0400] "GET /wp-content/plugins/elementor/assets/lib/font-awesome/css/brands.css?ver=5.15.3 HTTP/1.1" 200 296 "-" "Mozilla/5.0 (Windows NT 10.0; Win64; x64) AppleWebKit/537.36 (KHTML, like Gecko) Chrome/132.0.6834.110 Safari/537.36"
216.218.191.202 - - [26/Apr/2025:14:29:08 -0400] "GET /wp-content/plugins/elementor/assets/lib/font-awesome/css/fontawesome.css?ver=5.15.3 HTTP/1.1" 200 12526 "-" "Mozilla/5.0 (Windows NT 10.0; Win64; x64) AppleWebKit/537.36 (KHTML, like Gecko) Chrome/132.0.6834.110 Safari/537.36"
216.218.191.202 - - [26/Apr/2025:14:29:08 -0400] "GET /wp-content/uploads/elementor/google-fonts/css/roboto.css?ver=1742288492 HTTP/1.1" 200 1870 "-" "Mozilla/5.0 (Windows NT 10.0; Win64; x64) AppleWebKit/537.36 (KHTML, like Gecko) Chrome/132.0.6834.110 Safari/537.36"
216.218.191.202 - - [26/Apr/2025:14:29:08 -0400] "GET /wp-content/themes/hello-elementor/style.min.css?ver=3.3.0 HTTP/1.1" 200 1591 "-" "Mozilla/5.0 (Windows NT 10.0; Win64; x64) AppleWebKit/537.36 (KHTML, like Gecko) Chrome/132.0.6834.110 Safari/537.36"
216.218.191.202 - - [26/Apr/2025:14:29:08 -0400] "GET /wp-content/uploads/elementor/google-fonts/css/robotoslab.css?ver=1742288503 HTTP/1.1" 200 706 "-" "Mozilla/5.0 (Windows NT 10.0; Win64; x64) AppleWebKit/537.36 (KHTML, like Gecko) Chrome/132.0.6834.110 Safari/537.36"
216.218.191.202 - - [26/Apr/2025:14:29:08 -0400] "GET /wp-content/uploads/elementor/google-fonts/css/redhatdisplay.css?ver=1742288508 HTTP/1.1" 200 466 "-" "Mozilla/5.0 (Windows NT 10.0; Win64; x64) AppleWebKit/537.36 (KHTML, like Gecko) Chrome/132.0.6834.110 Safari/537.36"
216.218.191.202 - - [26/Apr/2025:14:29:09 -0400] "GET /wp-content/plugins/elementor/assets/lib/font-awesome/css/solid.css?ver=5.15.3 HTTP/1.1" 200 296 "-" "Mozilla/5.0 (Windows NT 10.0; Win64; x64) AppleWebKit/537.36 (KHTML, like Gecko) Chrome/132.0.6834.110 Safari/537.36"
216.218.191.202 - - [26/Apr/2025:14:29:09 -0400] "GET /wp-content/plugins/elementor/assets/css/conditionals/apple-webkit.min.css?ver=3.28.4 HTTP/1.1" 200 472 "-" "Mozilla/5.0 (Windows NT 10.0; Win64; x64) AppleWebKit/537.36 (KHTML, like Gecko) Chrome/132.0.6834.110 Safari/537.36"
216.218.191.202 - - [26/Apr/2025:14:29:09 -0400] "GET /wp-content/plugins/pro-elements/assets/js/webpack-pro.runtime.min.js?ver=3.23.3 HTTP/1.1" 200 2549 "-" "Mozilla/5.0 (Windows NT 10.0; Win64; x64) AppleWebKit/537.36 (KHTML, like Gecko) Chrome/132.0.6834.110 Safari/537.36"
216.218.191.202 - - [26/Apr/2025:14:29:09 -0400] "GET /wp-includes/js/jquery/jquery.min.js?ver=3.7.1 HTTP/1.1" 200 29744 "-" "Mozilla/5.0 (Windows NT 10.0; Win64; x64) AppleWebKit/537.36 (KHTML, like Gecko) Chrome/132.0.6834.110 Safari/537.36"
216.218.191.202 - - [26/Apr/2025:14:29:09 -0400] "GET /wp-content/plugins/header-footer-elementor/inc/js/frontend.js?ver=2.3.0 HTTP/1.1" 200 3944 "-" "Mozilla/5.0 (Windows NT 10.0; Win64; x64) AppleWebKit/537.36 (KHTML, like Gecko) Chrome/132.0.6834.110 Safari/537.36"
216.218.191.202 - - [26/Apr/2025:14:29:09 -0400] "GET /wp-content/themes/hello-elementor/assets/js/hello-frontend.min.js?ver=3.3.0 HTTP/1.1" 200 548 "-" "Mozilla/5.0 (Windows NT 10.0; Win64; x64) AppleWebKit/537.36 (KHTML, like Gecko) Chrome/132.0.6834.110 Safari/537.36"
216.218.191.202 - - [26/Apr/2025:14:29:09 -0400] "GET /wp-includes/js/imagesloaded.min.js?ver=5.0.0 HTTP/1.1" 200 1687 "-" "Mozilla/5.0 (Windows NT 10.0; Win64; x64) AppleWebKit/537.36 (KHTML, like Gecko) Chrome/132.0.6834.110 Safari/537.36"
216.218.191.202 - - [26/Apr/2025:14:29:09 -0400] "GET /wp-includes/js/jquery/jquery-migrate.min.js?ver=3.4.1 HTTP/1.1" 200 4678 "-" "Mozilla/5.0 (Windows NT 10.0; Win64; x64) AppleWebKit/537.36 (KHTML, like Gecko) Chrome/132.0.6834.110 Safari/537.36"
216.218.191.202 - - [26/Apr/2025:14:29:09 -0400] "GET /wp-content/plugins/pro-elements/assets/js/elements-handlers.min.js?ver=3.23.3 HTTP/1.1" 200 9631 "-" "Mozilla/5.0 (Windows NT 10.0; Win64; x64) AppleWebKit/537.36 (KHTML, like Gecko) Chrome/132.0.6834.110 Safari/537.36"
216.218.191.202 - - [26/Apr/2025:14:29:09 -0400] "GET /wp-content/plugins/elementor/assets/js/frontend.min.js?ver=3.28.4 HTTP/1.1" 200 13099 "-" "Mozilla/5.0 (Windows NT 10.0; Win64; x64) AppleWebKit/537.36 (KHTML, like Gecko) Chrome/132.0.6834.110 Safari/537.36"
216.218.191.202 - - [26/Apr/2025:14:29:09 -0400] "GET /wp-includes/js/jquery/ui/core.min.js?ver=1.13.3 HTTP/1.1" 200 6812 "-" "Mozilla/5.0 (Windows NT 10.0; Win64; x64) AppleWebKit/537.36 (KHTML, like Gecko) Chrome/132.0.6834.110 Safari/537.36"
216.218.191.202 - - [26/Apr/2025:14:29:09 -0400] "GET /wp-content/plugins/pro-elements/assets/js/frontend.min.js?ver=3.23.3 HTTP/1.1" 200 6468 "-" "Mozilla/5.0 (Windows NT 10.0; Win64; x64) AppleWebKit/537.36 (KHTML, like Gecko) Chrome/132.0.6834.110 Safari/537.36"
216.218.191.202 - - [26/Apr/2025:14:29:09 -0400] "GET /wp-includes/js/dist/i18n.min.js?ver=5e580eb46a90c2b997e6 HTTP/1.1" 200 3542 "-" "Mozilla/5.0 (Windows NT 10.0; Win64; x64) AppleWebKit/537.36 (KHTML, like Gecko) Chrome/132.0.6834.110 Safari/537.36"
216.218.191.202 - - [26/Apr/2025:14:29:09 -0400] "GET /wp-includes/js/dist/hooks.min.js?ver=4d63a3d491d11ffd8ac6 HTTP/1.1" 200 1571 "-" "Mozilla/5.0 (Windows NT 10.0; Win64; x64) AppleWebKit/537.36 (KHTML, like Gecko) Chrome/132.0.6834.110 Safari/537.36"
216.218.191.202 - - [26/Apr/2025:14:29:09 -0400] "GET /wp-content/plugins/elementor/assets/js/webpack.runtime.min.js?ver=3.28.4 HTTP/1.1" 200 2228 "-" "Mozilla/5.0 (Windows NT 10.0; Win64; x64) AppleWebKit/537.36 (KHTML, like Gecko) Chrome/132.0.6834.110 Safari/537.36"
216.218.191.202 - - [26/Apr/2025:14:29:09 -0400] "GET /wp-content/plugins/elementor/assets/js/frontend-modules.min.js?ver=3.28.4 HTTP/1.1" 200 14421 "-" "Mozilla/5.0 (Windows NT 10.0; Win64; x64) AppleWebKit/537.36 (KHTML, like Gecko) Chrome/132.0.6834.110 Safari/537.36"
216.218.191.202 - - [26/Apr/2025:14:29:08 -0400] "GET /wp-content/plugins/elementor-pro/assets/css/widget-mega-menu.min.css?ver=3.26.2 HTTP/1.1" 404 13954 "-" "Mozilla/5.0 (Windows NT 10.0; Win64; x64) AppleWebKit/537.36 (KHTML, like Gecko) Chrome/132.0.6834.110 Safari/537.36"
216.218.191.202 - - [26/Apr/2025:14:29:09 -0400] "GET /wp-content/uploads/2024/07/pwmlogo4-300x300.png HTTP/1.1" 200 20172 "-" "Mozilla/5.0 (Windows NT 10.0; Win64; x64) AppleWebKit/537.36 (KHTML, like Gecko) Chrome/132.0.6834.110 Safari/537.36"
216.218.191.202 - - [26/Apr/2025:14:29:09 -0400] "GET /wp-content/plugins/elementor-pro/assets/css/widget-blockquote.min.css?ver=3.25.0 HTTP/1.1" 404 13954 "-" "Mozilla/5.0 (Windows NT 10.0; Win64; x64) AppleWebKit/537.36 (KHTML, like Gecko) Chrome/132.0.6834.110 Safari/537.36"
216.218.191.202 - - [26/Apr/2025:14:29:09 -0400] "GET /wp-content/uploads/2024/07/pwmlogo2.png HTTP/1.1" 200 57398 "-" "Mozilla/5.0 (Windows NT 10.0; Win64; x64) AppleWebKit/537.36 (KHTML, like Gecko) Chrome/132.0.6834.110 Safari/537.36"
216.218.191.202 - - [26/Apr/2025:14:29:09 -0400] "GET /wp-content/uploads/2024/07/2445-compressed.jpg HTTP/1.1" 200 112939 "-" "Mozilla/5.0 (Windows NT 10.0; Win64; x64) AppleWebKit/537.36 (KHTML, like Gecko) Chrome/132.0.6834.110 Safari/537.36"
216.218.191.202 - - [26/Apr/2025:14:29:09 -0400] "GET /wp-content/uploads/2024/09/visa-application-composition-with-different-flags-1024x683.jpg HTTP/1.1" 200 135811 "-" "Mozilla/5.0 (Windows NT 10.0; Win64; x64) AppleWebKit/537.36 (KHTML, like Gecko) Chrome/132.0.6834.110 Safari/537.36"
216.218.191.202 - - [26/Apr/2025:14:29:09 -0400] "GET /wp-content/uploads/2024/09/view-green-card-passport-arrangement-1365x2048.jpg HTTP/1.1" 200 661379 "-" "Mozilla/5.0 (Windows NT 10.0; Win64; x64) AppleWebKit/537.36 (KHTML, like Gecko) Chrome/132.0.6834.110 Safari/537.36"
216.218.191.202 - - [26/Apr/2025:14:29:08 -0400] "GET /wp-content/plugins/elementor-pro/assets/css/widget-nav-menu.min.css?ver=3.26.0 HTTP/1.1" 404 13954 "-" "Mozilla/5.0 (Windows NT 10.0; Win64; x64) AppleWebKit/537.36 (KHTML, like Gecko) Chrome/132.0.6834.110 Safari/537.36"
216.218.191.202 - - [26/Apr/2025:14:29:14 -0400] "GET /wp-content/uploads/2024/07/2149117788-compressed.jpg HTTP/1.1" 200 140768 "https://pwmsolution.com/wp-content/uploads/elementor/css/post-7.css?ver=1744808457" "Mozilla/5.0 (Windows NT 10.0; Win64; x64) AppleWebKit/537.36 (KHTML, like Gecko) Chrome/132.0.6834.110 Safari/537.36"
216.218.191.202 - - [26/Apr/2025:14:29:14 -0400] "GET /wp-content/uploads/2024/07/18551-compressed.jpg HTTP/1.1" 200 133398 "https://pwmsolution.com/wp-content/uploads/elementor/css/post-7.css?ver=1744808457" "Mozilla/5.0 (Windows NT 10.0; Win64; x64) AppleWebKit/537.36 (KHTML, like Gecko) Chrome/132.0.6834.110 Safari/537.36"
216.218.191.202 - - [26/Apr/2025:14:29:14 -0400] "GET /wp-content/uploads/2024/07/14615-compressed.jpg HTTP/1.1" 200 138155 "https://pwmsolution.com/wp-content/uploads/elementor/css/post-7.css?ver=1744808457" "Mozilla/5.0 (Windows NT 10.0; Win64; x64) AppleWebKit/537.36 (KHTML, like Gecko) Chrome/132.0.6834.110 Safari/537.36"
216.218.191.202 - - [26/Apr/2025:14:29:14 -0400] "GET /wp-content/plugins/elementor/assets/js/text-editor.c084ef86600b6f11690d.bundle.min.js HTTP/1.1" 200 621 "-" "Mozilla/5.0 (Windows NT 10.0; Win64; x64) AppleWebKit/537.36 (KHTML, like Gecko) Chrome/132.0.6834.110 Safari/537.36"
216.218.191.202 - - [26/Apr/2025:14:29:14 -0400] "GET /wp-content/plugins/pro-elements/assets/js/slides.fb6b9afd278bb9c5e75b.bundle.min.js HTTP/1.1" 200 1362 "-" "Mozilla/5.0 (Windows NT 10.0; Win64; x64) AppleWebKit/537.36 (KHTML, like Gecko) Chrome/132.0.6834.110 Safari/537.36"
216.218.191.202 - - [26/Apr/2025:14:29:14 -0400] "GET /wp-content/plugins/elementor/assets/js/video.6ebfa2c3f5493cb2eaaf.bundle.min.js HTTP/1.1" 200 1228 "-" "Mozilla/5.0 (Windows NT 10.0; Win64; x64) AppleWebKit/537.36 (KHTML, like Gecko) Chrome/132.0.6834.110 Safari/537.36"
216.218.191.202 - - [26/Apr/2025:14:29:14 -0400] "GET /wp-content/plugins/pro-elements/assets/js/carousel.9b02b45d7826c1c48f33.bundle.min.js HTTP/1.1" 200 1597 "-" "Mozilla/5.0 (Windows NT 10.0; Win64; x64) AppleWebKit/537.36 (KHTML, like Gecko) Chrome/132.0.6834.110 Safari/537.36"
216.218.191.202 - - [26/Apr/2025:14:29:14 -0400] "GET /wp-content/plugins/pro-elements/assets/js/form.c4bc7eaa69583834a7d5.bundle.min.js HTTP/1.1" 200 4825 "-" "Mozilla/5.0 (Windows NT 10.0; Win64; x64) AppleWebKit/537.36 (KHTML, like Gecko) Chrome/132.0.6834.110 Safari/537.36"
216.218.191.202 - - [26/Apr/2025:14:29:14 -0400] "GET /wp-content/plugins/pro-elements/assets/js/popup.085c1727e36940b18f29.bundle.min.js HTTP/1.1" 200 395 "-" "Mozilla/5.0 (Windows NT 10.0; Win64; x64) AppleWebKit/537.36 (KHTML, like Gecko) Chrome/132.0.6834.110 Safari/537.36"
216.218.191.202 - - [26/Apr/2025:14:29:17 -0400] "GET /wp-content/plugins/elementor/assets/lib/swiper/v8/swiper.min.js?ver=8.4.5 HTTP/1.1" 200 38152 "-" "Mozilla/5.0 (Windows NT 10.0; Win64; x64) AppleWebKit/537.36 (KHTML, like Gecko) Chrome/132.0.6834.110 Safari/537.36"
216.218.191.202 - - [26/Apr/2025:14:29:14 -0400] "GET /wp-content/uploads/2024/09/6010599_Woman_People_1280x720.mp4 HTTP/1.1" 206 4849664 "-" "Mozilla/5.0 (Windows NT 10.0; Win64; x64) AppleWebKit/537.36 (KHTML, like Gecko) Chrome/132.0.6834.110 Safari/537.36"
66.29.132.124 - - [26/Apr/2025:14:34:24 -0400] "POST /wp-cron.php?doing_wp_cron=1745692464.1621649265289306640625 HTTP/1.1" 200 0 "-" "WordPress/6.8; https://pwmsolution.com"
43.153.123.4 - - [26/Apr/2025:14:34:17 -0400] "GET /about-us-2/ HTTP/1.1" 200 22115 "-" "Mozilla/5.0 (iPhone; CPU iPhone OS 13_2_3 like Mac OS X) AppleWebKit/605.1.15 (KHTML, like Gecko) Version/13.0.3 Mobile/15E148 Safari/604.1"
66.29.132.124 - - [26/Apr/2025:14:35:22 -0400] "POST /wp-cron.php?doing_wp_cron=1745692522.0233910083770751953125 HTTP/1.1" 200 0 "-" "WordPress/6.8; https://pwmsolution.com"
66.249.65.203 - - [26/Apr/2025:14:35:21 -0400] "GET / HTTP/1.1" 200 29377 "-" "Mozilla/5.0 (compatible; Googlebot/2.1; +http://www.google.com/bot.html)"
66.249.65.203 - - [26/Apr/2025:14:35:26 -0400] "GET /wp-content/plugins/elementor/assets/css/widget-divider.min.css?ver=3.28.4 HTTP/1.1" 200 707 "https://pwmsolution.com/" "Mozilla/5.0 AppleWebKit/537.36 (KHTML, like Gecko; compatible; Googlebot/2.1; +http://www.google.com/bot.html) Chrome/134.0.6998.165 Safari/537.36"
66.249.65.202 - - [26/Apr/2025:14:35:28 -0400] "GET /wp-content/plugins/elementor/assets/lib/animations/styles/fadeIn.min.css?ver=3.28.4 HTTP/1.1" 200 77 "https://pwmsolution.com/" "Mozilla/5.0 AppleWebKit/537.36 (KHTML, like Gecko; compatible; Googlebot/2.1; +http://www.google.com/bot.html) Chrome/134.0.6998.165 Safari/537.36"
66.249.65.202 - - [26/Apr/2025:14:35:32 -0400] "GET /wp-content/plugins/header-footer-elementor/inc/js/frontend.js?ver=2.3.0 HTTP/1.1" 200 3944 "https://pwmsolution.com/" "Mozilla/5.0 AppleWebKit/537.36 (KHTML, like Gecko; compatible; Googlebot/2.1; +http://www.google.com/bot.html) Chrome/134.0.6998.165 Safari/537.36"
66.29.132.124 - - [26/Apr/2025:14:37:52 -0400] "POST /wp-cron.php?doing_wp_cron=1745692672.8803889751434326171875 HTTP/1.1" 200 0 "-" "WordPress/6.8; https://pwmsolution.com"
66.249.65.203 - - [26/Apr/2025:14:37:50 -0400] "GET /feed/ HTTP/1.1" 200 678 "-" "Mozilla/5.0 (compatible; Googlebot/2.1; +http://www.google.com/bot.html)"
66.29.132.124 - - [26/Apr/2025:14:42:41 -0400] "POST /wp-cron.php?doing_wp_cron=1745692961.6235649585723876953125 HTTP/1.1" 200 0 "-" "WordPress/6.8; https://pwmsolution.com"
144.91.119.115 - - [26/Apr/2025:14:42:37 -0400] "GET /wp-content/plugins/HelloDollyV2/hello_dolly_v2.php HTTP/1.1" 404 17870 "www.google.com" "Mozilla/5.0 (Linux; Android 7.0; SM-G892A Build/NRD90M; wv) AppleWebKit/537.36 (KHTML, like Gecko) Version/4.0 Chrome/60.0.3112.107 Mobile Safari/537.36"
144.91.119.115 - - [26/Apr/2025:14:42:52 -0400] "GET /wp-content/themes/hello_dolly_v2.php HTTP/1.1" 404 17870 "www.google.com" "Mozilla/5.0 (Linux; Android 7.0; SM-G892A Build/NRD90M; wv) AppleWebKit/537.36 (KHTML, like Gecko) Version/4.0 Chrome/60.0.3112.107 Mobile Safari/537.36"
66.29.132.124 - - [26/Apr/2025:14:43:01 -0400] "POST /wp-cron.php?doing_wp_cron=1745692981.7101650238037109375000 HTTP/1.1" 200 0 "-" "WordPress/6.8; https://pwmsolution.com"
144.91.119.115 - - [26/Apr/2025:14:43:01 -0400] "GET /wp-content/plugins/WordPressCore/include.php HTTP/1.1" 404 17870 "www.google.com" "Mozilla/5.0 (Linux; Android 7.0; SM-G892A Build/NRD90M; wv) AppleWebKit/537.36 (KHTML, like Gecko) Version/4.0 Chrome/60.0.3112.107 Mobile Safari/537.36"
43.153.96.79 - - [26/Apr/2025:14:43:05 -0400] "GET /tourist-visa/ HTTP/1.1" 200 24556 "-" "Mozilla/5.0 (iPhone; CPU iPhone OS 13_2_3 like Mac OS X) AppleWebKit/605.1.15 (KHTML, like Gecko) Version/13.0.3 Mobile/15E148 Safari/604.1"
144.91.119.115 - - [26/Apr/2025:14:43:11 -0400] "GET /wp-content/themes/include.php HTTP/1.1" 404 17870 "www.google.com" "Mozilla/5.0 (Linux; Android 7.0; SM-G892A Build/NRD90M; wv) AppleWebKit/537.36 (KHTML, like Gecko) Version/4.0 Chrome/60.0.3112.107 Mobile Safari/537.36"
66.29.132.124 - - [26/Apr/2025:14:49:51 -0400] "POST /wp-cron.php?doing_wp_cron=1745693390.9144909381866455078125 HTTP/1.1" 200 0 "-" "WordPress/6.8; https://pwmsolution.com"
66.249.65.204 - - [26/Apr/2025:14:49:46 -0400] "GET /comments/feed/ HTTP/1.1" 304 0 "-" "Mozilla/5.0 (compatible; Googlebot/2.1; +http://www.google.com/bot.html)"
66.29.132.124 - - [26/Apr/2025:14:54:11 -0400] "POST /wp-cron.php?doing_wp_cron=1745693650.9521110057830810546875 HTTP/1.1" 200 0 "-" "WordPress/6.8; https://pwmsolution.com"
43.153.12.58 - - [26/Apr/2025:14:54:03 -0400] "GET /xmlrpc.php?rsd HTTP/1.1" 200 308 "-" "Mozilla/5.0 (iPhone; CPU iPhone OS 13_2_3 like Mac OS X) AppleWebKit/605.1.15 (KHTML, like Gecko) Version/13.0.3 Mobile/15E148 Safari/604.1"
66.29.132.124 - - [26/Apr/2025:15:02:00 -0400] "POST /wp-cron.php?doing_wp_cron=1745694120.5367379188537597656250 HTTP/1.1" 200 0 "-" "WordPress/6.8; https://pwmsolution.com"
43.165.67.57 - - [26/Apr/2025:15:01:50 -0400] "GET /wp-json/wp/v2/pages/7 HTTP/1.1" 200 112773 "-" "Mozilla/5.0 (iPhone; CPU iPhone OS 13_2_3 like Mac OS X) AppleWebKit/605.1.15 (KHTML, like Gecko) Version/13.0.3 Mobile/15E148 Safari/604.1"
137.184.226.225 - - [26/Apr/2025:15:07:01 -0400] "GET / HTTP/1.1" 200 0 "-" "Mozilla/5.0 (compatible)"
66.29.132.124 - - [26/Apr/2025:15:07:07 -0400] "POST /wp-cron.php?doing_wp_cron=1745694427.5744450092315673828125 HTTP/1.1" 200 0 "-" "WordPress/6.8; https://pwmsolution.com"
66.29.132.124 - - [26/Apr/2025:15:08:21 -0400] "POST /wp-cron.php?doing_wp_cron=1745694500.9323790073394775390625 HTTP/1.1" 200 0 "-" "WordPress/6.8; https://pwmsolution.com"
4.227.36.19 - - [26/Apr/2025:15:08:20 -0400] "GET /robots.txt HTTP/1.1" 200 95 "-" "Mozilla/5.0 AppleWebKit/537.36 (KHTML, like Gecko; compatible; GPTBot/1.2; +https://openai.com/gptbot)"
20.171.207.63 - - [26/Apr/2025:15:08:22 -0400] "GET /wp-includes/js/crop/ HTTP/1.1" 403 1242 "-" "Mozilla/5.0 AppleWebKit/537.36 (KHTML, like Gecko; compatible; GPTBot/1.2; +https://openai.com/gptbot)"
66.29.132.124 - - [26/Apr/2025:15:09:44 -0400] "POST /wp-cron.php?doing_wp_cron=1745694584.0098190307617187500000 HTTP/1.1" 200 0 "-" "WordPress/6.8; https://pwmsolution.com"
170.106.113.159 - - [26/Apr/2025:15:09:43 -0400] "GET /wp-json/oembed/1.0/embed?url=https%3A%2F%2Fpwmsolution.com%2F&format=xml HTTP/1.1" 200 1083 "-" "Mozilla/5.0 (iPhone; CPU iPhone OS 13_2_3 like Mac OS X) AppleWebKit/605.1.15 (KHTML, like Gecko) Version/13.0.3 Mobile/15E148 Safari/604.1"
66.29.132.124 - - [26/Apr/2025:15:24:14 -0400] "POST /wp-cron.php?doing_wp_cron=1745695453.8628780841827392578125 HTTP/1.1" 200 0 "-" "WordPress/6.8; https://pwmsolution.com"
43.153.48.240 - - [26/Apr/2025:15:24:05 -0400] "GET /student-visa/ HTTP/1.1" 200 24836 "-" "Mozilla/5.0 (iPhone; CPU iPhone OS 13_2_3 like Mac OS X) AppleWebKit/605.1.15 (KHTML, like Gecko) Version/13.0.3 Mobile/15E148 Safari/604.1"
66.29.132.124 - - [26/Apr/2025:15:35:14 -0400] "POST /wp-cron.php?doing_wp_cron=1745696114.1468279361724853515625 HTTP/1.1" 200 0 "-" "WordPress/6.8; https://pwmsolution.com"
20.171.207.63 - - [26/Apr/2025:15:35:02 -0400] "GET /wp-includes/SimplePie/Content/Type/ HTTP/1.1" 404 14021 "-" "Mozilla/5.0 AppleWebKit/537.36 (KHTML, like Gecko; compatible; GPTBot/1.2; +https://openai.com/gptbot)"
66.29.132.124 - - [26/Apr/2025:15:36:12 -0400] "POST /wp-cron.php?doing_wp_cron=1745696172.0406620502471923828125 HTTP/1.1" 200 0 "-" "WordPress/6.8; https://pwmsolution.com"
43.166.247.155 - - [26/Apr/2025:15:36:11 -0400] "GET /?p=245 HTTP/1.1" 301 0 "-" "Mozilla/5.0 (iPhone; CPU iPhone OS 13_2_3 like Mac OS X) AppleWebKit/605.1.15 (KHTML, like Gecko) Version/13.0.3 Mobile/15E148 Safari/604.1"
43.166.247.155 - - [26/Apr/2025:15:36:13 -0400] "GET /about-us-2/ HTTP/1.1" 200 24730 "https://pwmsolution.com/?p=245" "Mozilla/5.0 (iPhone; CPU iPhone OS 13_2_3 like Mac OS X) AppleWebKit/605.1.15 (KHTML, like Gecko) Version/13.0.3 Mobile/15E148 Safari/604.1"
107.150.0.65 - - [26/Apr/2025:15:37:00 -0400] "GET /.env HTTP/1.1" 403 1242 "-" "Mozilla/5.0 (Windows NT 10.0; Win64; x64) AppleWebKit/537.36 (KHTML, like Gecko) Chrome/119.0.0.0 Safari/537.36"
107.150.0.65 - - [26/Apr/2025:15:37:01 -0400] "POST / HTTP/1.1" 508 829 "-" "Mozilla/5.0 (Windows NT 10.0; Win64; x64) AppleWebKit/537.36 (KHTML, like Gecko) Chrome/119.0.0.0 Safari/537.36"
66.29.132.124 - - [26/Apr/2025:15:47:48 -0400] "POST /wp-cron.php?doing_wp_cron=1745696868.2886419296264648437500 HTTP/1.1" 200 0 "-" "WordPress/6.8; https://pwmsolution.com"
