2.220.70.101 - - [26/Apr/2025:05:04:10 -0400] "GET /wp-content/plugins/elementor/assets/lib/animations/styles/fadeIn.min.css?ver=3.28.4 HTTP/1.1" 200 77 "https://pwmsolution.com/contact-us/" "Mozilla/5.0 (iPhone; CPU iPhone OS 18_3_2 like Mac OS X) AppleWebKit/605.1.15 (KHTML, like Gecko) Version/18.3.1 Mobile/15E148 Safari/604.1"
2.220.70.101 - - [26/Apr/2025:05:04:10 -0400] "GET /wp-content/plugins/elementor/assets/lib/swiper/v8/css/swiper.min.css?ver=8.4.5 HTTP/1.1" 200 4248 "https://pwmsolution.com/contact-us/" "Mozilla/5.0 (iPhone; CPU iPhone OS 18_3_2 like Mac OS X) AppleWebKit/605.1.15 (KHTML, like Gecko) Version/18.3.1 Mobile/15E148 Safari/604.1"
2.220.70.101 - - [26/Apr/2025:05:04:10 -0400] "GET /wp-content/plugins/elementor/assets/css/conditionals/e-swiper.min.css?ver=3.28.4 HTTP/1.1" 200 699 "https://pwmsolution.com/contact-us/" "Mozilla/5.0 (iPhone; CPU iPhone OS 18_3_2 like Mac OS X) AppleWebKit/605.1.15 (KHTML, like Gecko) Version/18.3.1 Mobile/15E148 Safari/604.1"
2.220.70.101 - - [26/Apr/2025:05:04:10 -0400] "GET /wp-content/plugins/elementor/assets/css/widget-icon-box.min.css?ver=3.28.4 HTTP/1.1" 200 656 "https://pwmsolution.com/contact-us/" "Mozilla/5.0 (iPhone; CPU iPhone OS 18_3_2 like Mac OS X) AppleWebKit/605.1.15 (KHTML, like Gecko) Version/18.3.1 Mobile/15E148 Safari/604.1"
2.220.70.101 - - [26/Apr/2025:05:04:10 -0400] "GET /wp-content/plugins/elementor/assets/css/widget-image-carousel.min.css?ver=3.28.4 HTTP/1.1" 200 163 "https://pwmsolution.com/contact-us/" "Mozilla/5.0 (iPhone; CPU iPhone OS 18_3_2 like Mac OS X) AppleWebKit/605.1.15 (KHTML, like Gecko) Version/18.3.1 Mobile/15E148 Safari/604.1"
2.220.70.101 - - [26/Apr/2025:05:04:10 -0400] "GET /wp-content/plugins/elementor/assets/lib/animations/styles/e-animation-float.min.css?ver=3.28.4 HTTP/1.1" 200 244 "https://pwmsolution.com/contact-us/" "Mozilla/5.0 (iPhone; CPU iPhone OS 18_3_2 like Mac OS X) AppleWebKit/605.1.15 (KHTML, like Gecko) Version/18.3.1 Mobile/15E148 Safari/604.1"
2.220.70.101 - - [26/Apr/2025:05:04:10 -0400] "GET /wp-content/plugins/elementor/assets/lib/animations/styles/fadeInDown.min.css?ver=3.28.4 HTTP/1.1" 200 137 "https://pwmsolution.com/contact-us/" "Mozilla/5.0 (iPhone; CPU iPhone OS 18_3_2 like Mac OS X) AppleWebKit/605.1.15 (KHTML, like Gecko) Version/18.3.1 Mobile/15E148 Safari/604.1"
2.220.70.101 - - [26/Apr/2025:05:04:10 -0400] "GET /wp-content/plugins/elementor/assets/css/widget-google_maps.min.css?ver=3.28.4 HTTP/1.1" 200 117 "https://pwmsolution.com/contact-us/" "Mozilla/5.0 (iPhone; CPU iPhone OS 18_3_2 like Mac OS X) AppleWebKit/605.1.15 (KHTML, like Gecko) Version/18.3.1 Mobile/15E148 Safari/604.1"
2.220.70.101 - - [26/Apr/2025:05:04:10 -0400] "GET /wp-content/plugins/elementor/assets/css/widget-spacer.min.css?ver=3.28.4 HTTP/1.1" 200 315 "https://pwmsolution.com/contact-us/" "Mozilla/5.0 (iPhone; CPU iPhone OS 18_3_2 like Mac OS X) AppleWebKit/605.1.15 (KHTML, like Gecko) Version/18.3.1 Mobile/15E148 Safari/604.1"
2.220.70.101 - - [26/Apr/2025:05:04:10 -0400] "GET /wp-content/themes/hello-elementor/style.min.css?ver=3.3.0 HTTP/1.1" 200 1591 "https://pwmsolution.com/contact-us/" "Mozilla/5.0 (iPhone; CPU iPhone OS 18_3_2 like Mac OS X) AppleWebKit/605.1.15 (KHTML, like Gecko) Version/18.3.1 Mobile/15E148 Safari/604.1"
2.220.70.101 - - [26/Apr/2025:05:04:10 -0400] "GET /wp-content/themes/hello-elementor/theme.min.css?ver=3.3.0 HTTP/1.1" 200 1131 "https://pwmsolution.com/contact-us/" "Mozilla/5.0 (iPhone; CPU iPhone OS 18_3_2 like Mac OS X) AppleWebKit/605.1.15 (KHTML, like Gecko) Version/18.3.1 Mobile/15E148 Safari/604.1"
2.220.70.101 - - [26/Apr/2025:05:04:10 -0400] "GET /wp-content/uploads/elementor/css/post-97.css?ver=1744805200 HTTP/1.1" 200 1838 "https://pwmsolution.com/contact-us/" "Mozilla/5.0 (iPhone; CPU iPhone OS 18_3_2 like Mac OS X) AppleWebKit/605.1.15 (KHTML, like Gecko) Version/18.3.1 Mobile/15E148 Safari/604.1"
2.220.70.101 - - [26/Apr/2025:05:04:10 -0400] "GET /wp-content/uploads/elementor/css/post-27.css?ver=1744870438 HTTP/1.1" 200 3931 "https://pwmsolution.com/contact-us/" "Mozilla/5.0 (iPhone; CPU iPhone OS 18_3_2 like Mac OS X) AppleWebKit/605.1.15 (KHTML, like Gecko) Version/18.3.1 Mobile/15E148 Safari/604.1"
2.220.70.101 - - [26/Apr/2025:05:04:10 -0400] "GET /wp-content/themes/hello-elementor/header-footer.min.css?ver=3.3.0 HTTP/1.1" 200 1292 "https://pwmsolution.com/contact-us/" "Mozilla/5.0 (iPhone; CPU iPhone OS 18_3_2 like Mac OS X) AppleWebKit/605.1.15 (KHTML, like Gecko) Version/18.3.1 Mobile/15E148 Safari/604.1"
2.220.70.101 - - [26/Apr/2025:05:04:10 -0400] "GET /wp-content/plugins/elementor/assets/css/widget-image-box.min.css?ver=3.28.4 HTTP/1.1" 200 291 "https://pwmsolution.com/contact-us/" "Mozilla/5.0 (iPhone; CPU iPhone OS 18_3_2 like Mac OS X) AppleWebKit/605.1.15 (KHTML, like Gecko) Version/18.3.1 Mobile/15E148 Safari/604.1"
2.220.70.101 - - [26/Apr/2025:05:04:10 -0400] "GET /wp-content/uploads/elementor/css/post-16.css?ver=1744805200 HTTP/1.1" 200 2289 "https://pwmsolution.com/contact-us/" "Mozilla/5.0 (iPhone; CPU iPhone OS 18_3_2 like Mac OS X) AppleWebKit/605.1.15 (KHTML, like Gecko) Version/18.3.1 Mobile/15E148 Safari/604.1"
2.220.70.101 - - [26/Apr/2025:05:04:10 -0400] "GET /wp-content/plugins/elementor/assets/lib/eicons/css/elementor-icons.min.css?ver=5.34.0 HTTP/1.1" 200 3845 "https://pwmsolution.com/contact-us/" "Mozilla/5.0 (iPhone; CPU iPhone OS 18_3_2 like Mac OS X) AppleWebKit/605.1.15 (KHTML, like Gecko) Version/18.3.1 Mobile/15E148 Safari/604.1"
2.220.70.101 - - [26/Apr/2025:05:04:10 -0400] "GET /wp-content/plugins/elementor/assets/css/widget-social-icons.min.css?ver=3.24.0 HTTP/1.1" 200 1069 "https://pwmsolution.com/contact-us/" "Mozilla/5.0 (iPhone; CPU iPhone OS 18_3_2 like Mac OS X) AppleWebKit/605.1.15 (KHTML, like Gecko) Version/18.3.1 Mobile/15E148 Safari/604.1"
2.220.70.101 - - [26/Apr/2025:05:04:10 -0400] "GET /wp-content/plugins/elementor/assets/css/widget-icon-list.min.css?ver=3.24.3 HTTP/1.1" 200 957 "https://pwmsolution.com/contact-us/" "Mozilla/5.0 (iPhone; CPU iPhone OS 18_3_2 like Mac OS X) AppleWebKit/605.1.15 (KHTML, like Gecko) Version/18.3.1 Mobile/15E148 Safari/604.1"
2.220.70.101 - - [26/Apr/2025:05:04:10 -0400] "GET /wp-content/plugins/elementor/assets/lib/font-awesome/css/fontawesome.css?ver=5.15.3 HTTP/1.1" 200 12526 "https://pwmsolution.com/contact-us/" "Mozilla/5.0 (iPhone; CPU iPhone OS 18_3_2 like Mac OS X) AppleWebKit/605.1.15 (KHTML, like Gecko) Version/18.3.1 Mobile/15E148 Safari/604.1"
2.220.70.101 - - [26/Apr/2025:05:04:10 -0400] "GET /wp-content/plugins/elementor/assets/lib/font-awesome/css/brands.css?ver=5.15.3 HTTP/1.1" 200 296 "https://pwmsolution.com/contact-us/" "Mozilla/5.0 (iPhone; CPU iPhone OS 18_3_2 like Mac OS X) AppleWebKit/605.1.15 (KHTML, like Gecko) Version/18.3.1 Mobile/15E148 Safari/604.1"
2.220.70.101 - - [26/Apr/2025:05:04:10 -0400] "GET /wp-content/plugins/elementor/assets/lib/font-awesome/css/solid.css?ver=5.15.3 HTTP/1.1" 200 296 "https://pwmsolution.com/contact-us/" "Mozilla/5.0 (iPhone; CPU iPhone OS 18_3_2 like Mac OS X) AppleWebKit/605.1.15 (KHTML, like Gecko) Version/18.3.1 Mobile/15E148 Safari/604.1"
2.220.70.101 - - [26/Apr/2025:05:04:10 -0400] "GET /wp-content/uploads/elementor/google-fonts/css/robotoslab.css?ver=1742288503 HTTP/1.1" 200 706 "https://pwmsolution.com/contact-us/" "Mozilla/5.0 (iPhone; CPU iPhone OS 18_3_2 like Mac OS X) AppleWebKit/605.1.15 (KHTML, like Gecko) Version/18.3.1 Mobile/15E148 Safari/604.1"
2.220.70.101 - - [26/Apr/2025:05:04:10 -0400] "GET /wp-content/uploads/elementor/google-fonts/css/roboto.css?ver=1742288492 HTTP/1.1" 200 1870 "https://pwmsolution.com/contact-us/" "Mozilla/5.0 (iPhone; CPU iPhone OS 18_3_2 like Mac OS X) AppleWebKit/605.1.15 (KHTML, like Gecko) Version/18.3.1 Mobile/15E148 Safari/604.1"
2.220.70.101 - - [26/Apr/2025:05:04:04 -0400] "GET /contact-us/ HTTP/1.1" 200 23226 "https://www.google.com/" "Mozilla/5.0 (iPhone; CPU iPhone OS 18_3_2 like Mac OS X) AppleWebKit/605.1.15 (KHTML, like Gecko) Version/18.3.1 Mobile/15E148 Safari/604.1"
2.220.70.101 - - [26/Apr/2025:05:04:10 -0400] "GET /wp-content/uploads/elementor/google-fonts/css/redhatdisplay.css?ver=1742288508 HTTP/1.1" 200 466 "https://pwmsolution.com/contact-us/" "Mozilla/5.0 (iPhone; CPU iPhone OS 18_3_2 like Mac OS X) AppleWebKit/605.1.15 (KHTML, like Gecko) Version/18.3.1 Mobile/15E148 Safari/604.1"
2.220.70.101 - - [26/Apr/2025:05:04:10 -0400] "GET /wp-includes/js/jquery/jquery-migrate.min.js?ver=3.4.1 HTTP/1.1" 200 4678 "https://pwmsolution.com/contact-us/" "Mozilla/5.0 (iPhone; CPU iPhone OS 18_3_2 like Mac OS X) AppleWebKit/605.1.15 (KHTML, like Gecko) Version/18.3.1 Mobile/15E148 Safari/604.1"
2.220.70.101 - - [26/Apr/2025:05:04:10 -0400] "GET /wp-includes/js/jquery/jquery.min.js?ver=3.7.1 HTTP/1.1" 200 29744 "https://pwmsolution.com/contact-us/" "Mozilla/5.0 (iPhone; CPU iPhone OS 18_3_2 like Mac OS X) AppleWebKit/605.1.15 (KHTML, like Gecko) Version/18.3.1 Mobile/15E148 Safari/604.1"
2.220.70.101 - - [26/Apr/2025:05:04:10 -0400] "GET /wp-content/plugins/elementor/assets/css/widget-social-icons.min.css?ver=3.28.4 HTTP/1.1" 200 1069 "https://pwmsolution.com/contact-us/" "Mozilla/5.0 (iPhone; CPU iPhone OS 18_3_2 like Mac OS X) AppleWebKit/605.1.15 (KHTML, like Gecko) Version/18.3.1 Mobile/15E148 Safari/604.1"
2.220.70.101 - - [26/Apr/2025:05:04:10 -0400] "GET /wp-content/plugins/elementor/assets/lib/swiper/v8/swiper.min.js?ver=8.4.5 HTTP/1.1" 200 38152 "https://pwmsolution.com/contact-us/" "Mozilla/5.0 (iPhone; CPU iPhone OS 18_3_2 like Mac OS X) AppleWebKit/605.1.15 (KHTML, like Gecko) Version/18.3.1 Mobile/15E148 Safari/604.1"
2.220.70.101 - - [26/Apr/2025:05:04:10 -0400] "GET /wp-content/plugins/elementor/assets/css/conditionals/apple-webkit.min.css?ver=3.28.4 HTTP/1.1" 200 472 "https://pwmsolution.com/contact-us/" "Mozilla/5.0 (iPhone; CPU iPhone OS 18_3_2 like Mac OS X) AppleWebKit/605.1.15 (KHTML, like Gecko) Version/18.3.1 Mobile/15E148 Safari/604.1"
2.220.70.101 - - [26/Apr/2025:05:04:10 -0400] "GET /wp-content/themes/hello-elementor/assets/js/hello-frontend.min.js?ver=3.3.0 HTTP/1.1" 200 548 "https://pwmsolution.com/contact-us/" "Mozilla/5.0 (iPhone; CPU iPhone OS 18_3_2 like Mac OS X) AppleWebKit/605.1.15 (KHTML, like Gecko) Version/18.3.1 Mobile/15E148 Safari/604.1"
2.220.70.101 - - [26/Apr/2025:05:04:10 -0400] "GET /wp-content/uploads/2024/12/WhatsApp-Image-2024-12-19-at-22.32.22_e573fcda-e1735214697228-851x1024.jpg HTTP/1.1" 200 95073 "https://pwmsolution.com/contact-us/" "Mozilla/5.0 (iPhone; CPU iPhone OS 18_3_2 like Mac OS X) AppleWebKit/605.1.15 (KHTML, like Gecko) Version/18.3.1 Mobile/15E148 Safari/604.1"
2.220.70.101 - - [26/Apr/2025:05:04:10 -0400] "GET /wp-content/plugins/header-footer-elementor/inc/js/frontend.js?ver=2.3.0 HTTP/1.1" 200 3944 "https://pwmsolution.com/contact-us/" "Mozilla/5.0 (iPhone; CPU iPhone OS 18_3_2 like Mac OS X) AppleWebKit/605.1.15 (KHTML, like Gecko) Version/18.3.1 Mobile/15E148 Safari/604.1"
2.220.70.101 - - [26/Apr/2025:05:04:10 -0400] "GET /wp-content/plugins/pro-elements/assets/js/webpack-pro.runtime.min.js?ver=3.23.3 HTTP/1.1" 200 2549 "https://pwmsolution.com/contact-us/" "Mozilla/5.0 (iPhone; CPU iPhone OS 18_3_2 like Mac OS X) AppleWebKit/605.1.15 (KHTML, like Gecko) Version/18.3.1 Mobile/15E148 Safari/604.1"
2.220.70.101 - - [26/Apr/2025:05:04:10 -0400] "GET /wp-content/plugins/elementor/assets/js/webpack.runtime.min.js?ver=3.28.4 HTTP/1.1" 200 2228 "https://pwmsolution.com/contact-us/" "Mozilla/5.0 (iPhone; CPU iPhone OS 18_3_2 like Mac OS X) AppleWebKit/605.1.15 (KHTML, like Gecko) Version/18.3.1 Mobile/15E148 Safari/604.1"
2.220.70.101 - - [26/Apr/2025:05:04:10 -0400] "GET /wp-content/plugins/elementor/assets/js/frontend-modules.min.js?ver=3.28.4 HTTP/1.1" 200 14421 "https://pwmsolution.com/contact-us/" "Mozilla/5.0 (iPhone; CPU iPhone OS 18_3_2 like Mac OS X) AppleWebKit/605.1.15 (KHTML, like Gecko) Version/18.3.1 Mobile/15E148 Safari/604.1"
2.220.70.101 - - [26/Apr/2025:05:04:10 -0400] "GET /wp-content/plugins/pro-elements/assets/js/frontend.min.js?ver=3.23.3 HTTP/1.1" 200 6468 "https://pwmsolution.com/contact-us/" "Mozilla/5.0 (iPhone; CPU iPhone OS 18_3_2 like Mac OS X) AppleWebKit/605.1.15 (KHTML, like Gecko) Version/18.3.1 Mobile/15E148 Safari/604.1"
2.220.70.101 - - [26/Apr/2025:05:04:10 -0400] "GET /wp-includes/js/dist/i18n.min.js?ver=5e580eb46a90c2b997e6 HTTP/1.1" 200 3542 "https://pwmsolution.com/contact-us/" "Mozilla/5.0 (iPhone; CPU iPhone OS 18_3_2 like Mac OS X) AppleWebKit/605.1.15 (KHTML, like Gecko) Version/18.3.1 Mobile/15E148 Safari/604.1"
2.220.70.101 - - [26/Apr/2025:05:04:10 -0400] "GET /wp-includes/js/jquery/ui/core.min.js?ver=1.13.3 HTTP/1.1" 200 6812 "https://pwmsolution.com/contact-us/" "Mozilla/5.0 (iPhone; CPU iPhone OS 18_3_2 like Mac OS X) AppleWebKit/605.1.15 (KHTML, like Gecko) Version/18.3.1 Mobile/15E148 Safari/604.1"
2.220.70.101 - - [26/Apr/2025:05:04:10 -0400] "GET /wp-includes/js/dist/hooks.min.js?ver=4d63a3d491d11ffd8ac6 HTTP/1.1" 200 1571 "https://pwmsolution.com/contact-us/" "Mozilla/5.0 (iPhone; CPU iPhone OS 18_3_2 like Mac OS X) AppleWebKit/605.1.15 (KHTML, like Gecko) Version/18.3.1 Mobile/15E148 Safari/604.1"
2.220.70.101 - - [26/Apr/2025:05:04:10 -0400] "GET /wp-content/plugins/elementor/assets/js/frontend.min.js?ver=3.28.4 HTTP/1.1" 200 13099 "https://pwmsolution.com/contact-us/" "Mozilla/5.0 (iPhone; CPU iPhone OS 18_3_2 like Mac OS X) AppleWebKit/605.1.15 (KHTML, like Gecko) Version/18.3.1 Mobile/15E148 Safari/604.1"
2.220.70.101 - - [26/Apr/2025:05:04:10 -0400] "GET /wp-content/plugins/pro-elements/assets/js/elements-handlers.min.js?ver=3.23.3 HTTP/1.1" 200 9631 "https://pwmsolution.com/contact-us/" "Mozilla/5.0 (iPhone; CPU iPhone OS 18_3_2 like Mac OS X) AppleWebKit/605.1.15 (KHTML, like Gecko) Version/18.3.1 Mobile/15E148 Safari/604.1"
2.220.70.101 - - [26/Apr/2025:05:04:10 -0400] "GET /wp-content/plugins/elementor-pro/assets/css/widget-blockquote.min.css?ver=3.25.0 HTTP/1.1" 404 13956 "https://pwmsolution.com/contact-us/" "Mozilla/5.0 (iPhone; CPU iPhone OS 18_3_2 like Mac OS X) AppleWebKit/605.1.15 (KHTML, like Gecko) Version/18.3.1 Mobile/15E148 Safari/604.1"
2.220.70.101 - - [26/Apr/2025:05:04:10 -0400] "GET /wp-content/plugins/elementor-pro/assets/css/widget-nav-menu.min.css?ver=3.26.0 HTTP/1.1" 404 13956 "https://pwmsolution.com/contact-us/" "Mozilla/5.0 (iPhone; CPU iPhone OS 18_3_2 like Mac OS X) AppleWebKit/605.1.15 (KHTML, like Gecko) Version/18.3.1 Mobile/15E148 Safari/604.1"
2.220.70.101 - - [26/Apr/2025:05:04:10 -0400] "GET /wp-content/plugins/elementor-pro/assets/css/widget-mega-menu.min.css?ver=3.26.2 HTTP/1.1" 404 13956 "https://pwmsolution.com/contact-us/" "Mozilla/5.0 (iPhone; CPU iPhone OS 18_3_2 like Mac OS X) AppleWebKit/605.1.15 (KHTML, like Gecko) Version/18.3.1 Mobile/15E148 Safari/604.1"
2.220.70.101 - - [26/Apr/2025:05:04:11 -0400] "GET /wp-content/uploads/2024/07/pwmlogo2.png HTTP/1.1" 200 57398 "https://pwmsolution.com/contact-us/" "Mozilla/5.0 (iPhone; CPU iPhone OS 18_3_2 like Mac OS X) AppleWebKit/605.1.15 (KHTML, like Gecko) Version/18.3.1 Mobile/15E148 Safari/604.1"
2.220.70.101 - - [26/Apr/2025:05:04:11 -0400] "GET /wp-content/uploads/2024/07/pwmlogo4-300x300.png HTTP/1.1" 200 20172 "https://pwmsolution.com/contact-us/" "Mozilla/5.0 (iPhone; CPU iPhone OS 18_3_2 like Mac OS X) AppleWebKit/605.1.15 (KHTML, like Gecko) Version/18.3.1 Mobile/15E148 Safari/604.1"
2.220.70.101 - - [26/Apr/2025:05:04:11 -0400] "GET /wp-content/uploads/elementor/google-fonts/fonts/roboto-kfo7cnqeu92fr1me7ksn66agldtyluama3yuba.woff2 HTTP/1.1" 200 40128 "https://pwmsolution.com/contact-us/" "Mozilla/5.0 (iPhone; CPU iPhone OS 18_3_2 like Mac OS X) AppleWebKit/605.1.15 (KHTML, like Gecko) Version/18.3.1 Mobile/15E148 Safari/604.1"
2.220.70.101 - - [26/Apr/2025:05:04:11 -0400] "GET /wp-content/uploads/elementor/google-fonts/fonts/redhatdisplay-8viq7wur0m80wwyf0qcxzzyzuotg_t6h.woff2 HTTP/1.1" 200 30588 "https://pwmsolution.com/contact-us/" "Mozilla/5.0 (iPhone; CPU iPhone OS 18_3_2 like Mac OS X) AppleWebKit/605.1.15 (KHTML, like Gecko) Version/18.3.1 Mobile/15E148 Safari/604.1"
2.220.70.101 - - [26/Apr/2025:05:04:11 -0400] "GET /wp-content/plugins/elementor/assets/lib/eicons/fonts/eicons.woff2?5.36.0 HTTP/1.1" 200 99440 "https://pwmsolution.com/contact-us/" "Mozilla/5.0 (iPhone; CPU iPhone OS 18_3_2 like Mac OS X) AppleWebKit/605.1.15 (KHTML, like Gecko) Version/18.3.1 Mobile/15E148 Safari/604.1"
2.220.70.101 - - [26/Apr/2025:05:04:11 -0400] "GET /wp-content/uploads/elementor/google-fonts/fonts/roboto-kfo7cnqeu92fr1me7ksn66agldtyluamaxkubgee.woff2 HTTP/1.1" 200 20408 "https://pwmsolution.com/contact-us/" "Mozilla/5.0 (iPhone; CPU iPhone OS 18_3_2 like Mac OS X) AppleWebKit/605.1.15 (KHTML, like Gecko) Version/18.3.1 Mobile/15E148 Safari/604.1"
2.220.70.101 - - [26/Apr/2025:05:04:11 -0400] "GET /wp-content/uploads/2024/07/flag-lebanon-300x200.jpg HTTP/1.1" 200 28651 "https://pwmsolution.com/contact-us/" "Mozilla/5.0 (iPhone; CPU iPhone OS 18_3_2 like Mac OS X) AppleWebKit/605.1.15 (KHTML, like Gecko) Version/18.3.1 Mobile/15E148 Safari/604.1"
2.220.70.101 - - [26/Apr/2025:05:04:11 -0400] "GET /wp-content/uploads/2024/07/realistic-saudi-arab-flag-background-300x205.jpg HTTP/1.1" 200 11795 "https://pwmsolution.com/contact-us/" "Mozilla/5.0 (iPhone; CPU iPhone OS 18_3_2 like Mac OS X) AppleWebKit/605.1.15 (KHTML, like Gecko) Version/18.3.1 Mobile/15E148 Safari/604.1"
2.220.70.101 - - [26/Apr/2025:05:04:11 -0400] "GET /wp-content/uploads/2024/07/closeup-shot-waving-flag-kuwait-with-interesting-textures-1-300x171.jpg HTTP/1.1" 200 6726 "https://pwmsolution.com/contact-us/" "Mozilla/5.0 (iPhone; CPU iPhone OS 18_3_2 like Mac OS X) AppleWebKit/605.1.15 (KHTML, like Gecko) Version/18.3.1 Mobile/15E148 Safari/604.1"
2.220.70.101 - - [26/Apr/2025:05:04:11 -0400] "GET /wp-content/uploads/2024/08/50563-compressed.jpg HTTP/1.1" 200 114325 "https://pwmsolution.com/contact-us/" "Mozilla/5.0 (iPhone; CPU iPhone OS 18_3_2 like Mac OS X) AppleWebKit/605.1.15 (KHTML, like Gecko) Version/18.3.1 Mobile/15E148 Safari/604.1"
2.220.70.101 - - [26/Apr/2025:05:04:11 -0400] "GET /wp-content/uploads/2024/07/nepal-flag-300x200.jpg HTTP/1.1" 200 8677 "https://pwmsolution.com/contact-us/" "Mozilla/5.0 (iPhone; CPU iPhone OS 18_3_2 like Mac OS X) AppleWebKit/605.1.15 (KHTML, like Gecko) Version/18.3.1 Mobile/15E148 Safari/604.1"
2.220.70.101 - - [26/Apr/2025:05:04:11 -0400] "GET /wp-content/uploads/2024/07/us-elections-concept-with-america-flag-300x196.jpg HTTP/1.1" 200 13544 "https://pwmsolution.com/contact-us/" "Mozilla/5.0 (iPhone; CPU iPhone OS 18_3_2 like Mac OS X) AppleWebKit/605.1.15 (KHTML, like Gecko) Version/18.3.1 Mobile/15E148 Safari/604.1"
2.220.70.101 - - [26/Apr/2025:05:04:11 -0400] "GET /wp-content/uploads/2024/07/pakistan-flag-300x200.jpg HTTP/1.1" 200 6238 "https://pwmsolution.com/contact-us/" "Mozilla/5.0 (iPhone; CPU iPhone OS 18_3_2 like Mac OS X) AppleWebKit/605.1.15 (KHTML, like Gecko) Version/18.3.1 Mobile/15E148 Safari/604.1"
2.220.70.101 - - [26/Apr/2025:05:04:11 -0400] "GET /wp-content/uploads/2024/07/closeup-shot-waving-flag-india-with-interesting-textures-300x171.jpg HTTP/1.1" 200 9086 "https://pwmsolution.com/contact-us/" "Mozilla/5.0 (iPhone; CPU iPhone OS 18_3_2 like Mac OS X) AppleWebKit/605.1.15 (KHTML, like Gecko) Version/18.3.1 Mobile/15E148 Safari/604.1"
2.220.70.101 - - [26/Apr/2025:05:04:11 -0400] "GET /wp-content/uploads/2024/07/closeup-shot-flag-bangladesh-with-interesting-textures-300x171.jpg HTTP/1.1" 200 5547 "https://pwmsolution.com/contact-us/" "Mozilla/5.0 (iPhone; CPU iPhone OS 18_3_2 like Mac OS X) AppleWebKit/605.1.15 (KHTML, like Gecko) Version/18.3.1 Mobile/15E148 Safari/604.1"
2.220.70.101 - - [26/Apr/2025:05:04:11 -0400] "GET /wp-content/uploads/2024/07/realistic-arab-emirates-flag-background-300x205.jpg HTTP/1.1" 200 7664 "https://pwmsolution.com/contact-us/" "Mozilla/5.0 (iPhone; CPU iPhone OS 18_3_2 like Mac OS X) AppleWebKit/605.1.15 (KHTML, like Gecko) Version/18.3.1 Mobile/15E148 Safari/604.1"
2.220.70.101 - - [26/Apr/2025:05:04:11 -0400] "GET /wp-content/uploads/2024/07/sri-lanka-ornament-300x200.jpg HTTP/1.1" 200 9224 "https://pwmsolution.com/contact-us/" "Mozilla/5.0 (iPhone; CPU iPhone OS 18_3_2 like Mac OS X) AppleWebKit/605.1.15 (KHTML, like Gecko) Version/18.3.1 Mobile/15E148 Safari/604.1"
2.220.70.101 - - [26/Apr/2025:05:04:11 -0400] "GET /wp-content/uploads/2024/07/closeup-shot-waving-flag-afghanistan-with-interesting-textures-300x169.jpg HTTP/1.1" 200 9472 "https://pwmsolution.com/contact-us/" "Mozilla/5.0 (iPhone; CPU iPhone OS 18_3_2 like Mac OS X) AppleWebKit/605.1.15 (KHTML, like Gecko) Version/18.3.1 Mobile/15E148 Safari/604.1"
2.220.70.101 - - [26/Apr/2025:05:04:11 -0400] "GET /wp-content/uploads/2024/07/srss-300x200.jpg HTTP/1.1" 200 37445 "https://pwmsolution.com/contact-us/" "Mozilla/5.0 (iPhone; CPU iPhone OS 18_3_2 like Mac OS X) AppleWebKit/605.1.15 (KHTML, like Gecko) Version/18.3.1 Mobile/15E148 Safari/604.1"
2.220.70.101 - - [26/Apr/2025:05:04:11 -0400] "GET /wp-content/uploads/2024/07/realistic-qatar-flag-background-300x205.jpg HTTP/1.1" 200 8948 "https://pwmsolution.com/contact-us/" "Mozilla/5.0 (iPhone; CPU iPhone OS 18_3_2 like Mac OS X) AppleWebKit/605.1.15 (KHTML, like Gecko) Version/18.3.1 Mobile/15E148 Safari/604.1"
2.220.70.101 - - [26/Apr/2025:05:04:11 -0400] "GET /wp-content/plugins/elementor/assets/js/text-editor.c084ef86600b6f11690d.bundle.min.js HTTP/1.1" 200 621 "https://pwmsolution.com/contact-us/" "Mozilla/5.0 (iPhone; CPU iPhone OS 18_3_2 like Mac OS X) AppleWebKit/605.1.15 (KHTML, like Gecko) Version/18.3.1 Mobile/15E148 Safari/604.1"
2.220.70.101 - - [26/Apr/2025:05:04:11 -0400] "GET /wp-content/plugins/pro-elements/assets/js/form.c4bc7eaa69583834a7d5.bundle.min.js HTTP/1.1" 200 4825 "https://pwmsolution.com/contact-us/" "Mozilla/5.0 (iPhone; CPU iPhone OS 18_3_2 like Mac OS X) AppleWebKit/605.1.15 (KHTML, like Gecko) Version/18.3.1 Mobile/15E148 Safari/604.1"
2.220.70.101 - - [26/Apr/2025:05:04:11 -0400] "GET /wp-content/plugins/pro-elements/assets/js/popup.085c1727e36940b18f29.bundle.min.js HTTP/1.1" 200 395 "https://pwmsolution.com/contact-us/" "Mozilla/5.0 (iPhone; CPU iPhone OS 18_3_2 like Mac OS X) AppleWebKit/605.1.15 (KHTML, like Gecko) Version/18.3.1 Mobile/15E148 Safari/604.1"
2.220.70.101 - - [26/Apr/2025:05:04:11 -0400] "GET /wp-content/plugins/elementor/assets/js/image-carousel.6167d20b95b33386757b.bundle.min.js HTTP/1.1" 200 256 "https://pwmsolution.com/contact-us/" "Mozilla/5.0 (iPhone; CPU iPhone OS 18_3_2 like Mac OS X) AppleWebKit/605.1.15 (KHTML, like Gecko) Version/18.3.1 Mobile/15E148 Safari/604.1"
2.220.70.101 - - [26/Apr/2025:05:04:11 -0400] "GET /wp-content/uploads/2024/08/Untitled-design-68-compressed.jpg HTTP/1.1" 200 100628 "https://pwmsolution.com/contact-us/" "Mozilla/5.0 (iPhone; CPU iPhone OS 18_3_2 like Mac OS X) AppleWebKit/605.1.15 (KHTML, like Gecko) Version/18.3.1 Mobile/15E148 Safari/604.1"
2.220.70.101 - - [26/Apr/2025:05:04:11 -0400] "GET /wp-content/uploads/2024/08/Untitled-design-33.png HTTP/1.1" 200 180991 "https://pwmsolution.com/contact-us/" "Mozilla/5.0 (iPhone; CPU iPhone OS 18_3_2 like Mac OS X) AppleWebKit/605.1.15 (KHTML, like Gecko) Version/18.3.1 Mobile/15E148 Safari/604.1"
2.220.70.101 - - [26/Apr/2025:05:04:11 -0400] "GET /favicon.ico HTTP/1.1" 404 1251 "https://pwmsolution.com/contact-us/" "Mozilla/5.0 (iPhone; CPU iPhone OS 18_3_2 like Mac OS X) AppleWebKit/605.1.15 (KHTML, like Gecko) Version/18.3.1 Mobile/15E148 Safari/604.1"
2.220.70.101 - - [26/Apr/2025:05:04:14 -0400] "GET /wp-content/plugins/elementor/assets/lib/font-awesome/webfonts/fa-solid-900.woff2 HTTP/1.1" 200 78196 "https://pwmsolution.com/contact-us/" "Mozilla/5.0 (iPhone; CPU iPhone OS 18_3_2 like Mac OS X) AppleWebKit/605.1.15 (KHTML, like Gecko) Version/18.3.1 Mobile/15E148 Safari/604.1"
2.220.70.101 - - [26/Apr/2025:05:04:35 -0400] "GET /wp-content/plugins/elementor-pro/assets/css/widget-nav-menu.min.css?ver=3.26.0 HTTP/1.1" 404 13956 "https://pwmsolution.com/contact-us/" "Mozilla/5.0 (iPhone; CPU iPhone OS 18_3_2 like Mac OS X) AppleWebKit/605.1.15 (KHTML, like Gecko) Version/18.3.1 Mobile/15E148 Safari/604.1"
2.220.70.101 - - [26/Apr/2025:05:04:35 -0400] "GET /wp-content/plugins/elementor-pro/assets/css/widget-mega-menu.min.css?ver=3.26.2 HTTP/1.1" 404 13956 "https://pwmsolution.com/contact-us/" "Mozilla/5.0 (iPhone; CPU iPhone OS 18_3_2 like Mac OS X) AppleWebKit/605.1.15 (KHTML, like Gecko) Version/18.3.1 Mobile/15E148 Safari/604.1"
2.220.70.101 - - [26/Apr/2025:05:04:35 -0400] "GET /wp-content/plugins/elementor-pro/assets/css/widget-blockquote.min.css?ver=3.25.0 HTTP/1.1" 404 13956 "https://pwmsolution.com/contact-us/" "Mozilla/5.0 (iPhone; CPU iPhone OS 18_3_2 like Mac OS X) AppleWebKit/605.1.15 (KHTML, like Gecko) Version/18.3.1 Mobile/15E148 Safari/604.1"
66.29.132.124 - - [26/Apr/2025:05:12:08 -0400] "POST /wp-cron.php?doing_wp_cron=1745658728.4652640819549560546875 HTTP/1.1" 200 0 "-" "WordPress/6.8; https://pwmsolution.com"
66.29.132.124 - - [26/Apr/2025:05:12:08 -0400] "POST /wp-cron.php?doing_wp_cron=1745658728.4651379585266113281250 HTTP/1.1" 200 0 "-" "WordPress/6.8; https://pwmsolution.com"
4.227.36.20 - - [26/Apr/2025:05:12:05 -0400] "GET /robots.txt HTTP/1.1" 301 0 "-" "Mozilla/5.0 AppleWebKit/537.36 (KHTML, like Gecko; compatible; GPTBot/1.2; +https://openai.com/gptbot)"
4.227.36.20 - - [26/Apr/2025:05:12:05 -0400] "GET /robots.txt HTTP/1.1" 301 0 "http://www.pwmsolution.com/robots.txt" "Mozilla/5.0 AppleWebKit/537.36 (KHTML, like Gecko; compatible; GPTBot/1.2; +https://openai.com/gptbot)"
4.227.36.20 - - [26/Apr/2025:05:12:08 -0400] "GET /robots.txt HTTP/1.1" 200 95 "https://www.pwmsolution.com/robots.txt" "Mozilla/5.0 AppleWebKit/537.36 (KHTML, like Gecko; compatible; GPTBot/1.2; +https://openai.com/gptbot)"
4.227.36.20 - - [26/Apr/2025:05:12:08 -0400] "GET /robots.txt HTTP/1.1" 200 95 "https://www.pwmsolution.com/robots.txt" "Mozilla/5.0 AppleWebKit/537.36 (KHTML, like Gecko; compatible; GPTBot/1.2; +https://openai.com/gptbot)"
20.171.207.63 - - [26/Apr/2025:05:12:09 -0400] "GET /?p=1 HTTP/1.1" 301 0 "-" "Mozilla/5.0 AppleWebKit/537.36 (KHTML, like Gecko; compatible; GPTBot/1.2; +https://openai.com/gptbot)"
20.171.207.58 - - [26/Apr/2025:05:12:09 -0400] "GET / HTTP/1.1" 301 0 "-" "Mozilla/5.0 AppleWebKit/537.36 (KHTML, like Gecko; compatible; GPTBot/1.2; +https://openai.com/gptbot)"
20.171.207.63 - - [26/Apr/2025:05:12:12 -0400] "GET /?p=310 HTTP/1.1" 301 0 "-" "Mozilla/5.0 AppleWebKit/537.36 (KHTML, like Gecko; compatible; GPTBot/1.2; +https://openai.com/gptbot)"
66.29.132.124 - - [26/Apr/2025:05:29:49 -0400] "POST /wp-cron.php?doing_wp_cron=1745659789.1208319664001464843750 HTTP/1.1" 200 0 "-" "WordPress/6.8; https://pwmsolution.com"
152.53.225.138 - - [26/Apr/2025:05:29:46 -0400] "GET /wp-content/plugins/HelloDollyV2/hello_dolly_v2.php HTTP/1.1" 404 17869 "www.google.com" "Mozlila/5.0 (Linux; Android 7.0; SM-G892A Bulid/NRD90M; wv) AppleWebKit/537.36 (KHTML, like Gecko) Version/4.0 Chrome/60.0.3112.107 Moblie Safari/537.36"
152.53.225.138 - - [26/Apr/2025:05:29:51 -0400] "GET /wp-content/themes/hello_dolly_v2.php HTTP/1.1" 404 17869 "www.google.com" "Mozlila/5.0 (Linux; Android 7.0; SM-G892A Bulid/NRD90M; wv) AppleWebKit/537.36 (KHTML, like Gecko) Version/4.0 Chrome/60.0.3112.107 Moblie Safari/537.36"
66.29.132.124 - - [26/Apr/2025:05:41:09 -0400] "POST /wp-cron.php?doing_wp_cron=1745660469.3498089313507080078125 HTTP/1.1" 200 0 "-" "WordPress/6.8; https://pwmsolution.com"
135.148.100.196 - - [26/Apr/2025:05:41:06 -0400] "GET / HTTP/1.1" 200 183372 "-" "-"
20.171.207.63 - - [26/Apr/2025:05:47:19 -0400] "GET /wp-includes/js/dist/ HTTP/1.1" 403 1242 "-" "Mozilla/5.0 AppleWebKit/537.36 (KHTML, like Gecko; compatible; GPTBot/1.2; +https://openai.com/gptbot)"
66.29.132.124 - - [26/Apr/2025:05:58:57 -0400] "POST /wp-cron.php?doing_wp_cron=1745661537.6131498813629150390625 HTTP/1.1" 200 0 "-" "WordPress/6.8; https://pwmsolution.com"
20.171.207.63 - - [26/Apr/2025:05:58:54 -0400] "GET /wp-includes/Requests/Exception/HTTP/ HTTP/1.1" 404 13958 "-" "Mozilla/5.0 AppleWebKit/537.36 (KHTML, like Gecko; compatible; GPTBot/1.2; +https://openai.com/gptbot)"
66.29.132.124 - - [26/Apr/2025:06:11:36 -0400] "POST /wp-cron.php?doing_wp_cron=1745662296.8569018840789794921875 HTTP/1.1" 200 0 "-" "WordPress/6.8; https://pwmsolution.com"
114.117.233.112 - - [26/Apr/2025:06:11:34 -0400] "GET / HTTP/1.1" 200 35110 "http://pwmsolution.com" "Mozilla/5.0 (iPhone; CPU iPhone OS 13_2_3 like Mac OS X) AppleWebKit/605.1.15 (KHTML, like Gecko) Version/13.0.3 Mobile/15E148 Safari/604.1"
66.29.132.124 - - [26/Apr/2025:06:58:42 -0400] "POST /wp-cron.php?doing_wp_cron=1745665122.3401970863342285156250 HTTP/1.1" 200 0 "-" "WordPress/6.8; https://pwmsolution.com"
170.106.163.84 - - [26/Apr/2025:06:58:37 -0400] "GET / HTTP/1.1" 301 0 "http://www.pwmsolution.com" "Mozilla/5.0 (iPhone; CPU iPhone OS 13_2_3 like Mac OS X) AppleWebKit/605.1.15 (KHTML, like Gecko) Version/13.0.3 Mobile/15E148 Safari/604.1"
170.106.163.84 - - [26/Apr/2025:06:58:48 -0400] "GET / HTTP/1.1" 200 35127 "https://www.pwmsolution.com/" "Mozilla/5.0 (iPhone; CPU iPhone OS 13_2_3 like Mac OS X) AppleWebKit/605.1.15 (KHTML, like Gecko) Version/13.0.3 Mobile/15E148 Safari/604.1"
66.29.132.124 - - [26/Apr/2025:06:59:05 -0400] "POST /wp-cron.php?doing_wp_cron=1745665145.4126570224761962890625 HTTP/1.1" 200 0 "-" "WordPress/6.8; https://pwmsolution.com"
43.166.240.231 - - [26/Apr/2025:06:59:04 -0400] "GET / HTTP/1.1" 200 35103 "http://pwmsolution.com" "Mozilla/5.0 (iPhone; CPU iPhone OS 13_2_3 like Mac OS X) AppleWebKit/605.1.15 (KHTML, like Gecko) Version/13.0.3 Mobile/15E148 Safari/604.1"
66.29.132.124 - - [26/Apr/2025:07:23:03 -0400] "POST /wp-cron.php?doing_wp_cron=1745666583.5442810058593750000000 HTTP/1.1" 200 0 "-" "WordPress/6.8; https://pwmsolution.com"
66.249.65.202 - - [26/Apr/2025:07:22:59 -0400] "GET /comments/feed/ HTTP/1.1" 200 703 "-" "Mozilla/5.0 (compatible; Googlebot/2.1; +http://www.google.com/bot.html)"
66.29.132.124 - - [26/Apr/2025:07:53:16 -0400] "POST /wp-cron.php?doing_wp_cron=1745668396.8454470634460449218750 HTTP/1.1" 200 0 "-" "WordPress/6.8; https://pwmsolution.com"
66.249.65.202 - - [26/Apr/2025:07:53:11 -0400] "GET / HTTP/1.1" 200 29396 "-" "Mozilla/5.0 (compatible; Googlebot/2.1; +http://www.google.com/bot.html)"
66.249.65.202 - - [26/Apr/2025:07:53:28 -0400] "GET /wp-content/plugins/header-footer-elementor/assets/css/header-footer-elementor.css?ver=2.3.0 HTTP/1.1" 200 259 "https://pwmsolution.com/" "Mozilla/5.0 AppleWebKit/537.36 (KHTML, like Gecko; compatible; Googlebot/2.1; +http://www.google.com/bot.html) Chrome/134.0.6998.165 Safari/537.36"
66.249.65.202 - - [26/Apr/2025:07:53:31 -0400] "GET /wp-content/plugins/elementor/assets/lib/animations/styles/fadeInLeft.min.css?ver=3.28.4 HTTP/1.1" 200 137 "https://pwmsolution.com/" "Mozilla/5.0 AppleWebKit/537.36 (KHTML, like Gecko; compatible; Googlebot/2.1; +http://www.google.com/bot.html) Chrome/134.0.6998.165 Safari/537.36"
66.249.65.202 - - [26/Apr/2025:07:53:44 -0400] "GET /wp-includes/js/wp-emoji-release.min.js?ver=6.8 HTTP/1.1" 200 4771 "https://pwmsolution.com/" "Mozilla/5.0 AppleWebKit/537.36 (KHTML, like Gecko; compatible; Googlebot/2.1; +http://www.google.com/bot.html) Chrome/134.0.6998.165 Safari/537.36"
66.249.65.202 - - [26/Apr/2025:07:53:52 -0400] "GET /wp-content/uploads/2024/09/6010599_Woman_People_1280x720.mp4 HTTP/1.1" 206 13927484 "https://pwmsolution.com/" "Mozilla/5.0 AppleWebKit/537.36 (KHTML, like Gecko; compatible; Googlebot/2.1; +http://www.google.com/bot.html) Chrome/134.0.6998.165 Safari/537.36"
66.29.132.124 - - [26/Apr/2025:07:58:55 -0400] "POST /wp-cron.php?doing_wp_cron=1745668735.3515551090240478515625 HTTP/1.1" 200 0 "-" "WordPress/6.8; https://pwmsolution.com"
66.249.65.203 - - [26/Apr/2025:07:58:51 -0400] "GET /feed/ HTTP/1.1" 200 678 "-" "Mozilla/5.0 (compatible; Googlebot/2.1; +http://www.google.com/bot.html)"
66.29.132.124 - - [26/Apr/2025:08:05:20 -0400] "POST /wp-cron.php?doing_wp_cron=1745669120.1126959323883056640625 HTTP/1.1" 200 0 "-" "WordPress/6.8; https://pwmsolution.com"
4.227.36.19 - - [26/Apr/2025:08:05:17 -0400] "GET /robots.txt HTTP/1.1" 200 95 "-" "Mozilla/5.0 AppleWebKit/537.36 (KHTML, like Gecko; compatible; GPTBot/1.2; +https://openai.com/gptbot)"
20.171.207.63 - - [26/Apr/2025:08:05:20 -0400] "GET /wp-includes/blocks/loginout/ HTTP/1.1" 403 1242 "-" "Mozilla/5.0 AppleWebKit/537.36 (KHTML, like Gecko; compatible; GPTBot/1.2; +https://openai.com/gptbot)"
66.29.132.124 - - [26/Apr/2025:08:13:59 -0400] "POST /wp-cron.php?doing_wp_cron=1745669639.1308031082153320312500 HTTP/1.1" 200 0 "-" "WordPress/6.8; https://pwmsolution.com"
20.171.207.63 - - [26/Apr/2025:08:13:56 -0400] "GET /templates/beez5/ HTTP/1.1" 404 13954 "-" "Mozilla/5.0 AppleWebKit/537.36 (KHTML, like Gecko; compatible; GPTBot/1.2; +https://openai.com/gptbot)"
66.29.132.124 - - [26/Apr/2025:08:14:12 -0400] "GET / HTTP/1.1" 200 0 "-" "WordPress/6.8; https://pwmsolution.com"
66.29.132.124 - - [26/Apr/2025:08:21:45 -0400] "POST /wp-cron.php?doing_wp_cron=1745670105.5952949523925781250000 HTTP/1.1" 200 0 "-" "WordPress/6.8; https://pwmsolution.com"
66.249.65.202 - - [26/Apr/2025:08:21:42 -0400] "GET /comments/feed/ HTTP/1.1" 304 0 "-" "Mozilla/5.0 (compatible; Googlebot/2.1; +http://www.google.com/bot.html)"
173.252.127.3 - - [26/Apr/2025:08:33:27 -0400] "GET / HTTP/1.1" 200 0 "-" "facebookexternalhit/1.1 (+http://www.facebook.com/externalhit_uatext.php)"
66.29.132.124 - - [26/Apr/2025:08:33:35 -0400] "POST /wp-cron.php?doing_wp_cron=1745670814.5881500244140625000000 HTTP/1.1" 200 0 "-" "WordPress/6.8; https://pwmsolution.com"
173.252.127.11 - - [26/Apr/2025:08:33:34 -0400] "GET / HTTP/1.1" 200 183372 "-" "facebookexternalhit/1.1 (+http://www.facebook.com/externalhit_uatext.php)"
66.29.132.124 - - [26/Apr/2025:08:36:57 -0400] "POST /wp-cron.php?doing_wp_cron=1745671017.6196379661560058593750 HTTP/1.1" 200 0 "-" "WordPress/6.8; https://pwmsolution.com"
144.76.23.8 - - [26/Apr/2025:08:36:56 -0400] "GET /robots.txt HTTP/1.1" 301 0 "http://www.pwmsolution.com/robots.txt" "Mozilla/5.0 (Windows NT 10.0; Win64; x64; trendictionbot0.5.0; trendiction search; http://www.trendiction.de/bot; please let us know of any problems; web at trendiction.com) Gecko/20100101 Firefox/125.0"
144.76.23.8 - - [26/Apr/2025:08:36:58 -0400] "GET /robots.txt HTTP/1.1" 200 111 "https://www.pwmsolution.com/robots.txt" "Mozilla/5.0 (Windows NT 10.0; Win64; x64; trendictionbot0.5.0; trendiction search; http://www.trendiction.de/bot; please let us know of any problems; web at trendiction.com) Gecko/20100101 Firefox/125.0"
144.76.23.8 - - [26/Apr/2025:08:36:59 -0400] "GET / HTTP/1.1" 301 0 "http://www.pwmsolution.com/" "Mozilla/5.0 (Windows NT 10.0; Win64; x64; trendictionbot0.5.0; trendiction search; http://www.trendiction.de/bot; please let us know of any problems; web at trendiction.com) Gecko/20100101 Firefox/125.0"
144.76.23.8 - - [26/Apr/2025:08:37:00 -0400] "GET / HTTP/1.1" 200 35129 "https://www.pwmsolution.com/" "Mozilla/5.0 (Windows NT 10.0; Win64; x64; trendictionbot0.5.0; trendiction search; http://www.trendiction.de/bot; please let us know of any problems; web at trendiction.com) Gecko/20100101 Firefox/125.0"
66.29.132.124 - - [26/Apr/2025:08:39:24 -0400] "POST /wp-cron.php?doing_wp_cron=1745671164.3078589439392089843750 HTTP/1.1" 200 0 "-" "WordPress/6.8; https://pwmsolution.com"
31.13.127.14 - - [26/Apr/2025:08:39:21 -0400] "GET / HTTP/1.1" 200 183372 "-" "facebookexternalhit/1.1 (+http://www.facebook.com/externalhit_uatext.php)"
173.252.87.12 - - [26/Apr/2025:08:39:28 -0400] "GET / HTTP/1.1" 200 183372 "-" "facebookexternalhit/1.1 (+http://www.facebook.com/externalhit_uatext.php)"
173.252.95.20 - - [26/Apr/2025:08:39:39 -0400] "GET / HTTP/1.1" 200 183372 "-" "facebookexternalhit/1.1 (+http://www.facebook.com/externalhit_uatext.php)"
66.29.132.124 - - [26/Apr/2025:08:57:09 -0400] "POST /wp-cron.php?doing_wp_cron=1745672228.9243159294128417968750 HTTP/1.1" 200 0 "-" "WordPress/6.8; https://pwmsolution.com"
66.249.65.203 - - [26/Apr/2025:08:57:04 -0400] "GET / HTTP/1.1" 200 29443 "-" "Mozilla/5.0 (compatible; Googlebot/2.1; +http://www.google.com/bot.html)"
66.249.65.202 - - [26/Apr/2025:08:57:15 -0400] "GET /wp-content/plugins/elementor/assets/css/widget-social-icons.min.css?ver=3.24.0 HTTP/1.1" 200 1069 "https://pwmsolution.com/" "Mozilla/5.0 AppleWebKit/537.36 (KHTML, like Gecko; compatible; Googlebot/2.1; +http://www.google.com/bot.html) Chrome/134.0.6998.165 Safari/537.36"
66.249.65.202 - - [26/Apr/2025:08:57:23 -0400] "GET /wp-content/plugins/header-footer-elementor/inc/widgets-css/frontend.css?ver=2.3.0 HTTP/1.1" 200 8133 "https://pwmsolution.com/" "Mozilla/5.0 AppleWebKit/537.36 (KHTML, like Gecko; compatible; Googlebot/2.1; +http://www.google.com/bot.html) Chrome/134.0.6998.165 Safari/537.36"
4.227.36.20 - - [26/Apr/2025:08:58:42 -0400] "GET /robots.txt HTTP/1.1" 301 0 "-" "Mozilla/5.0 AppleWebKit/537.36 (KHTML, like Gecko; compatible; GPTBot/1.2; +https://openai.com/gptbot)"
66.29.132.124 - - [26/Apr/2025:08:58:43 -0400] "POST /wp-cron.php?doing_wp_cron=1745672323.8231470584869384765625 HTTP/1.1" 200 0 "-" "WordPress/6.8; https://pwmsolution.com"
4.227.36.19 - - [26/Apr/2025:08:58:42 -0400] "GET /robots.txt HTTP/1.1" 200 95 "http://pwmsolution.com/robots.txt" "Mozilla/5.0 AppleWebKit/537.36 (KHTML, like Gecko; compatible; GPTBot/1.2; +https://openai.com/gptbot)"
4.227.36.20 - - [26/Apr/2025:08:58:42 -0400] "GET /robots.txt HTTP/1.1" 301 0 "http://www.pwmsolution.com/robots.txt" "Mozilla/5.0 AppleWebKit/537.36 (KHTML, like Gecko; compatible; GPTBot/1.2; +https://openai.com/gptbot)"
4.227.36.20 - - [26/Apr/2025:08:58:43 -0400] "GET /robots.txt HTTP/1.1" 200 95 "https://www.pwmsolution.com/robots.txt" "Mozilla/5.0 AppleWebKit/537.36 (KHTML, like Gecko; compatible; GPTBot/1.2; +https://openai.com/gptbot)"
4.227.36.20 - - [26/Apr/2025:08:58:43 -0400] "GET /robots.txt HTTP/1.1" 200 95 "https://www.pwmsolution.com/robots.txt" "Mozilla/5.0 AppleWebKit/537.36 (KHTML, like Gecko; compatible; GPTBot/1.2; +https://openai.com/gptbot)"
20.171.207.58 - - [26/Apr/2025:08:58:45 -0400] "GET /robots.txt HTTP/1.1" 301 0 "-" "Mozilla/5.0 AppleWebKit/537.36 (KHTML, like Gecko; compatible; GPTBot/1.2; +https://openai.com/gptbot)"
66.29.132.124 - - [26/Apr/2025:08:58:48 -0400] "POST /wp-cron.php?doing_wp_cron=1745672328.2287139892578125000000 HTTP/1.1" 200 0 "-" "WordPress/6.8; https://pwmsolution.com"
20.171.207.63 - - [26/Apr/2025:08:58:47 -0400] "GET /robots.txt HTTP/1.1" 200 95 "-" "Mozilla/5.0 AppleWebKit/537.36 (KHTML, like Gecko; compatible; GPTBot/1.2; +https://openai.com/gptbot)"
20.171.207.63 - - [26/Apr/2025:08:58:50 -0400] "GET /wp-sitemap.xml HTTP/1.1" 200 201 "-" "Mozilla/5.0 AppleWebKit/537.36 (KHTML, like Gecko; compatible; GPTBot/1.2; +https://openai.com/gptbot)"
66.29.132.124 - - [26/Apr/2025:09:01:40 -0400] "POST /wp-cron.php?doing_wp_cron=1745672500.2348780632019042968750 HTTP/1.1" 200 0 "-" "WordPress/6.8; https://pwmsolution.com"
66.249.65.202 - - [26/Apr/2025:09:01:38 -0400] "GET /feed/ HTTP/1.1" 304 0 "-" "Mozilla/5.0 (compatible; Googlebot/2.1; +http://www.google.com/bot.html)"
66.29.132.124 - - [26/Apr/2025:09:02:40 -0400] "POST /wp-cron.php?doing_wp_cron=1745672560.9288918972015380859375 HTTP/1.1" 200 0 "-" "WordPress/6.8; https://pwmsolution.com"
193.239.160.12 - - [26/Apr/2025:09:02:40 -0400] "GET / HTTP/1.1" 200 29443 "-" "Mozilla/5.0 (Windows NT 11.0; Win64; x64) AppleWebKit/537.36 (KHTML, like Gecko) Chrome/131.0.6778.205 Safari/537.36"
193.239.160.12 - - [26/Apr/2025:09:02:52 -0400] "GET / HTTP/1.1" 200 29446 "-" "Mozilla/5.0 (Windows NT 11.0; Win64; x64) AppleWebKit/537.36 (KHTML, like Gecko) Chrome/131.0.6778.205 Safari/537.36"
66.29.132.124 - - [26/Apr/2025:09:24:53 -0400] "POST /wp-cron.php?doing_wp_cron=1745673893.0459830760955810546875 HTTP/1.1" 200 0 "-" "WordPress/6.8; https://pwmsolution.com"
134.17.14.122 - - [26/Apr/2025:09:24:48 -0400] "GET /userfuns.php HTTP/1.1" 404 13954 "-" "Mozilla/4.0 (compatible; MSIE 6.0; Windows NT 5.1; SV1)"
20.171.207.63 - - [26/Apr/2025:09:46:30 -0400] "GET /wp-includes/block-patterns/ HTTP/1.1" 403 1242 "-" "Mozilla/5.0 AppleWebKit/537.36 (KHTML, like Gecko; compatible; GPTBot/1.2; +https://openai.com/gptbot)"
66.29.132.124 - - [26/Apr/2025:10:00:16 -0400] "POST /wp-cron.php?doing_wp_cron=1745676015.6449151039123535156250 HTTP/1.1" 200 0 "-" "WordPress/6.8; https://pwmsolution.com"
84.17.49.5 - - [26/Apr/2025:10:00:04 -0400] "GET / HTTP/1.0" 200 183372 "https://pwmsolution.com/" "Mozilla/5.0 (Windows NT 10.0; Win64; x64) AppleWebKit/537.36 (KHTML, like Gecko) Chrome/129.0.0.0 Safari/537.36"
84.17.49.5 - - [26/Apr/2025:10:00:21 -0400] "POST /wp-admin/admin-ajax.php HTTP/1.0" 200 79 "https://pwmsolution.com/" "Mozilla/5.0 (Windows NT 10.0; Win64; x64) AppleWebKit/537.36 (KHTML, like Gecko) Chrome/129.0.0.0 Safari/537.36"
66.29.132.124 - - [26/Apr/2025:10:33:49 -0400] "POST /wp-cron.php?doing_wp_cron=1745678028.4752070903778076171875 HTTP/1.1" 200 0 "-" "WordPress/6.8; https://pwmsolution.com"
80.85.245.250 - - [26/Apr/2025:10:33:38 -0400] "GET / HTTP/1.1" 200 35145 "-" "Mozilla/5.0 (Macintosh; Intel Mac OS X 10_15_7) AppleWebKit/537.36 (KHTML, like Gecko) Chrome/133.0.0.0 Safari/537.36"
210.245.98.173 - - [26/Apr/2025:10:33:57 -0400] "POST / HTTP/1.1" 200 35145 "-" "Mozilla/5.0 (Macintosh; Intel Mac OS X 10_15_7) AppleWebKit/537.36 (KHTML, like Gecko) Chrome/133.0.0.0 Safari/537.36"
210.245.98.173 - - [26/Apr/2025:10:34:02 -0400] "POST / HTTP/1.1" 200 35145 "-" "Mozilla/5.0 (Windows NT 10.0; Win64; x64) AppleWebKit/537.36 (KHTML, like Gecko) Chrome/120.0.0.0 Safari/537.36"
210.245.98.173 - - [26/Apr/2025:10:34:06 -0400] "POST / HTTP/1.1" 200 35137 "-" "Mozilla/5.0 (Macintosh; Intel Mac OS X 10_15_7) AppleWebKit/537.36 (KHTML, like Gecko) Chrome/133.0.0.0 Safari/537.36"
210.245.98.173 - - [26/Apr/2025:10:34:12 -0400] "POST / HTTP/1.1" 200 35145 "-" "Mozilla/5.0 (Windows NT 10.0; Win64; x64) AppleWebKit/537.36 (KHTML, like Gecko) Chrome/120.0.0.0 Safari/537.36"
80.85.245.250 - - [26/Apr/2025:10:34:16 -0400] "GET /comments/feed/ HTTP/1.1" 200 742 "-" "Mozilla/5.0 (Macintosh; Intel Mac OS X 10_15_7) AppleWebKit/537.36 (KHTML, like Gecko) Chrome/133.0.0.0 Safari/537.36"
80.85.245.250 - - [26/Apr/2025:10:34:18 -0400] "GET /contact-us/ HTTP/1.1" 200 27994 "-" "Mozilla/5.0 (Macintosh; Intel Mac OS X 10_15_7) AppleWebKit/537.36 (KHTML, like Gecko) Chrome/133.0.0.0 Safari/537.36"
210.245.98.173 - - [26/Apr/2025:10:34:22 -0400] "POST /contact-us/ HTTP/1.1" 200 27994 "-" "Mozilla/5.0 (Macintosh; Intel Mac OS X 10_15_7) AppleWebKit/537.36 (KHTML, like Gecko) Chrome/133.0.0.0 Safari/537.36"
210.245.98.173 - - [26/Apr/2025:10:34:33 -0400] "POST /contact-us/ HTTP/1.1" 200 27994 "-" "Mozilla/5.0 (Windows NT 10.0; Win64; x64) AppleWebKit/537.36 (KHTML, like Gecko) Chrome/120.0.0.0 Safari/537.36"
210.245.98.173 - - [26/Apr/2025:10:34:37 -0400] "POST /contact-us/ HTTP/1.1" 200 27999 "-" "Mozilla/5.0 (Macintosh; Intel Mac OS X 10_15_7) AppleWebKit/537.36 (KHTML, like Gecko) Chrome/133.0.0.0 Safari/537.36"
210.245.98.173 - - [26/Apr/2025:10:34:44 -0400] "POST /contact-us/ HTTP/1.1" 200 27982 "-" "Mozilla/5.0 (Windows NT 10.0; Win64; x64) AppleWebKit/537.36 (KHTML, like Gecko) Chrome/120.0.0.0 Safari/537.36"
173.252.107.115 - - [26/Apr/2025:10:41:03 -0400] "GET / HTTP/1.1" 200 0 "-" "facebookexternalhit/1.1 (+http://www.facebook.com/externalhit_uatext.php)"
66.29.132.124 - - [26/Apr/2025:10:41:12 -0400] "POST /wp-cron.php?doing_wp_cron=1745678470.9548990726470947265625 HTTP/1.1" 200 0 "-" "WordPress/6.8; https://pwmsolution.com"
66.29.132.124 - - [26/Apr/2025:10:43:16 -0400] "POST /wp-cron.php?doing_wp_cron=1745678596.6845989227294921875000 HTTP/1.1" 200 0 "-" "WordPress/6.8; https://pwmsolution.com"
66.29.132.124 - - [26/Apr/2025:10:43:16 -0400] "POST /wp-cron.php?doing_wp_cron=1745678596.6856069564819335937500 HTTP/1.1" 200 0 "-" "WordPress/6.8; https://pwmsolution.com"
4.227.36.19 - - [26/Apr/2025:10:43:14 -0400] "GET /robots.txt HTTP/1.1" 200 95 "-" "Mozilla/5.0 AppleWebKit/537.36 (KHTML, like Gecko; compatible; GPTBot/1.2; +https://openai.com/gptbot)"
4.227.36.19 - - [26/Apr/2025:10:43:14 -0400] "GET /robots.txt HTTP/1.1" 200 95 "http://pwmsolution.com/robots.txt" "Mozilla/5.0 AppleWebKit/537.36 (KHTML, like Gecko; compatible; GPTBot/1.2; +https://openai.com/gptbot)"
20.171.207.63 - - [26/Apr/2025:10:43:38 -0400] "GET /infophp.php HTTP/1.1" 404 13954 "-" "Mozilla/5.0 AppleWebKit/537.36 (KHTML, like Gecko; compatible; GPTBot/1.2; +https://openai.com/gptbot)"
20.171.207.63 - - [26/Apr/2025:10:43:42 -0400] "GET /wp-includes/item.php HTTP/1.1" 404 13954 "-" "Mozilla/5.0 AppleWebKit/537.36 (KHTML, like Gecko; compatible; GPTBot/1.2; +https://openai.com/gptbot)"
20.171.207.63 - - [26/Apr/2025:10:43:44 -0400] "GET /.well-known/acme-challenge/about.php HTTP/1.1" 404 13954 "-" "Mozilla/5.0 AppleWebKit/537.36 (KHTML, like Gecko; compatible; GPTBot/1.2; +https://openai.com/gptbot)"
66.29.132.124 - - [26/Apr/2025:10:43:48 -0400] "POST /wp-cron.php?doing_wp_cron=1745678627.9194469451904296875000 HTTP/1.1" 200 0 "-" "WordPress/6.8; https://pwmsolution.com"
20.171.207.63 - - [26/Apr/2025:10:43:47 -0400] "GET /class.api.php HTTP/1.1" 404 13954 "-" "Mozilla/5.0 AppleWebKit/537.36 (KHTML, like Gecko; compatible; GPTBot/1.2; +https://openai.com/gptbot)"
20.171.207.63 - - [26/Apr/2025:10:43:49 -0400] "GET /.well-known/about.php HTTP/1.1" 404 13954 "-" "Mozilla/5.0 AppleWebKit/537.36 (KHTML, like Gecko; compatible; GPTBot/1.2; +https://openai.com/gptbot)"
20.171.207.63 - - [26/Apr/2025:10:43:50 -0400] "GET /media/system/js/core.js HTTP/1.1" 404 13954 "-" "Mozilla/5.0 AppleWebKit/537.36 (KHTML, like Gecko; compatible; GPTBot/1.2; +https://openai.com/gptbot)"
20.171.207.63 - - [26/Apr/2025:10:43:51 -0400] "GET /wp-content/cong.php HTTP/1.1" 404 13954 "-" "Mozilla/5.0 AppleWebKit/537.36 (KHTML, like Gecko; compatible; GPTBot/1.2; +https://openai.com/gptbot)"
20.171.207.63 - - [26/Apr/2025:10:43:53 -0400] "GET /ioxi002.PhP7 HTTP/1.1" 404 13954 "-" "Mozilla/5.0 AppleWebKit/537.36 (KHTML, like Gecko; compatible; GPTBot/1.2; +https://openai.com/gptbot)"
20.171.207.63 - - [26/Apr/2025:10:43:54 -0400] "GET /as.php HTTP/1.1" 404 13954 "-" "Mozilla/5.0 AppleWebKit/537.36 (KHTML, like Gecko; compatible; GPTBot/1.2; +https://openai.com/gptbot)"
20.171.207.63 - - [26/Apr/2025:10:43:56 -0400] "GET /x.php HTTP/1.1" 404 13954 "-" "Mozilla/5.0 AppleWebKit/537.36 (KHTML, like Gecko; compatible; GPTBot/1.2; +https://openai.com/gptbot)"
20.171.207.63 - - [26/Apr/2025:10:44:02 -0400] "GET /.well-known/acme-challenge/index.php HTTP/1.1" 301 0 "-" "Mozilla/5.0 AppleWebKit/537.36 (KHTML, like Gecko; compatible; GPTBot/1.2; +https://openai.com/gptbot)"
20.171.207.63 - - [26/Apr/2025:10:44:09 -0400] "GET /baxa1.phP8 HTTP/1.1" 404 13954 "-" "Mozilla/5.0 AppleWebKit/537.36 (KHTML, like Gecko; compatible; GPTBot/1.2; +https://openai.com/gptbot)"
20.171.207.63 - - [26/Apr/2025:10:44:13 -0400] "GET /wp-content/classwithtostring.php HTTP/1.1" 404 13954 "-" "Mozilla/5.0 AppleWebKit/537.36 (KHTML, like Gecko; compatible; GPTBot/1.2; +https://openai.com/gptbot)"
20.171.207.63 - - [26/Apr/2025:10:44:15 -0400] "GET /wp-includes/customize/about.php HTTP/1.1" 404 13954 "-" "Mozilla/5.0 AppleWebKit/537.36 (KHTML, like Gecko; compatible; GPTBot/1.2; +https://openai.com/gptbot)"
20.171.207.63 - - [26/Apr/2025:10:44:16 -0400] "GET /wp-includes/SimplePie/about.php HTTP/1.1" 404 13954 "-" "Mozilla/5.0 AppleWebKit/537.36 (KHTML, like Gecko; compatible; GPTBot/1.2; +https://openai.com/gptbot)"
20.171.207.63 - - [26/Apr/2025:10:44:18 -0400] "GET /.well-known/acme-challenge/ HTTP/1.1" 404 13954 "-" "Mozilla/5.0 AppleWebKit/537.36 (KHTML, like Gecko; compatible; GPTBot/1.2; +https://openai.com/gptbot)"
20.171.207.63 - - [26/Apr/2025:10:44:20 -0400] "GET /back.php HTTP/1.1" 404 13954 "-" "Mozilla/5.0 AppleWebKit/537.36 (KHTML, like Gecko; compatible; GPTBot/1.2; +https://openai.com/gptbot)"
20.171.207.63 - - [26/Apr/2025:10:44:21 -0400] "GET /wp-includes/sitemaps/about.php HTTP/1.1" 404 13954 "-" "Mozilla/5.0 AppleWebKit/537.36 (KHTML, like Gecko; compatible; GPTBot/1.2; +https://openai.com/gptbot)"
20.171.207.63 - - [26/Apr/2025:10:44:24 -0400] "GET /test.php HTTP/1.1" 404 13954 "-" "Mozilla/5.0 AppleWebKit/537.36 (KHTML, like Gecko; compatible; GPTBot/1.2; +https://openai.com/gptbot)"
20.171.207.63 - - [26/Apr/2025:10:44:26 -0400] "GET /wp-content/about.php HTTP/1.1" 404 13954 "-" "Mozilla/5.0 AppleWebKit/537.36 (KHTML, like Gecko; compatible; GPTBot/1.2; +https://openai.com/gptbot)"
20.171.207.63 - - [26/Apr/2025:10:44:27 -0400] "GET /worksec.php HTTP/1.1" 404 13954 "-" "Mozilla/5.0 AppleWebKit/537.36 (KHTML, like Gecko; compatible; GPTBot/1.2; +https://openai.com/gptbot)"
20.171.207.63 - - [26/Apr/2025:10:44:36 -0400] "GET /ova.php HTTP/1.1" 404 13954 "-" "Mozilla/5.0 AppleWebKit/537.36 (KHTML, like Gecko; compatible; GPTBot/1.2; +https://openai.com/gptbot)"
20.171.207.63 - - [26/Apr/2025:10:44:39 -0400] "GET /byp.php HTTP/1.1" 404 13954 "-" "Mozilla/5.0 AppleWebKit/537.36 (KHTML, like Gecko; compatible; GPTBot/1.2; +https://openai.com/gptbot)"
20.171.207.63 - - [26/Apr/2025:10:44:40 -0400] "GET /web.php HTTP/1.1" 404 13954 "-" "Mozilla/5.0 AppleWebKit/537.36 (KHTML, like Gecko; compatible; GPTBot/1.2; +https://openai.com/gptbot)"
20.171.207.63 - - [26/Apr/2025:10:44:42 -0400] "GET /xx.php HTTP/1.1" 404 13954 "-" "Mozilla/5.0 AppleWebKit/537.36 (KHTML, like Gecko; compatible; GPTBot/1.2; +https://openai.com/gptbot)"
20.171.207.63 - - [26/Apr/2025:10:44:44 -0400] "GET /home.php HTTP/1.1" 404 13954 "-" "Mozilla/5.0 AppleWebKit/537.36 (KHTML, like Gecko; compatible; GPTBot/1.2; +https://openai.com/gptbot)"
