20.171.207.140 - - [26/Apr/2025:16:11:03 -0400] "GET /product-category/perfumes/?action=yith-woocompare-add-product&add-to-cart=1823&id=1817 HTTP/1.1" 302 400 "-" "Mozilla/5.0 AppleWebKit/537.36 (KHTML, like Gecko; compatible; GPTBot/1.2; +https://openai.com/gptbot)"
20.171.207.140 - - [26/Apr/2025:16:11:05 -0400] "GET /product-category/perfumes/?action=yith-woocompare-add-product&add-to-cart=1829&id=1823 HTTP/1.1" 302 400 "-" "Mozilla/5.0 AppleWebKit/537.36 (KHTML, like Gecko; compatible; GPTBot/1.2; +https://openai.com/gptbot)"
20.171.207.140 - - [26/Apr/2025:16:11:06 -0400] "GET /product-category/perfumes/?action=yith-woocompare-add-product&add-to-cart=1829&id=1837 HTTP/1.1" 302 400 "-" "Mozilla/5.0 AppleWebKit/537.36 (KHTML, like Gecko; compatible; GPTBot/1.2; +https://openai.com/gptbot)"
20.171.207.140 - - [26/Apr/2025:16:11:07 -0400] "GET /product-category/perfumes/?action=yith-woocompare-add-product&add-to-cart=1831&id=1829 HTTP/1.1" 302 400 "-" "Mozilla/5.0 AppleWebKit/537.36 (KHTML, like Gecko; compatible; GPTBot/1.2; +https://openai.com/gptbot)"
20.171.207.140 - - [26/Apr/2025:16:11:08 -0400] "GET /product-category/perfumes/?action=yith-woocompare-add-product&add-to-cart=1823&id=1831 HTTP/1.1" 302 400 "-" "Mozilla/5.0 AppleWebKit/537.36 (KHTML, like Gecko; compatible; GPTBot/1.2; +https://openai.com/gptbot)"
20.171.207.140 - - [26/Apr/2025:16:11:09 -0400] "GET /product-category/perfumes/?action=yith-woocompare-add-product&add-to-cart=1827&id=1821 HTTP/1.1" 302 400 "-" "Mozilla/5.0 AppleWebKit/537.36 (KHTML, like Gecko; compatible; GPTBot/1.2; +https://openai.com/gptbot)"
20.171.207.140 - - [26/Apr/2025:16:11:10 -0400] "GET /product-category/perfumes/?action=yith-woocompare-add-product&add-to-cart=1819&id=1831 HTTP/1.1" 302 400 "-" "Mozilla/5.0 AppleWebKit/537.36 (KHTML, like Gecko; compatible; GPTBot/1.2; +https://openai.com/gptbot)"
20.171.207.140 - - [26/Apr/2025:16:11:11 -0400] "GET /product-category/perfumes/?action=yith-woocompare-add-product&add-to-cart=1772&id=1823 HTTP/1.1" 302 400 "-" "Mozilla/5.0 AppleWebKit/537.36 (KHTML, like Gecko; compatible; GPTBot/1.2; +https://openai.com/gptbot)"
20.171.207.140 - - [26/Apr/2025:16:11:13 -0400] "GET /product-category/perfumes/?action=yith-woocompare-add-product&add-to-cart=1772&id=1835 HTTP/1.1" 302 400 "-" "Mozilla/5.0 AppleWebKit/537.36 (KHTML, like Gecko; compatible; GPTBot/1.2; +https://openai.com/gptbot)"
20.171.207.140 - - [26/Apr/2025:16:11:14 -0400] "GET /product-category/perfumes/?action=yith-woocompare-add-product&add-to-cart=1772&id=1831 HTTP/1.1" 302 400 "-" "Mozilla/5.0 AppleWebKit/537.36 (KHTML, like Gecko; compatible; GPTBot/1.2; +https://openai.com/gptbot)"
20.171.207.140 - - [26/Apr/2025:16:11:15 -0400] "GET /product-category/perfumes/?action=yith-woocompare-add-product&add-to-cart=1829&id=1835 HTTP/1.1" 302 400 "-" "Mozilla/5.0 AppleWebKit/537.36 (KHTML, like Gecko; compatible; GPTBot/1.2; +https://openai.com/gptbot)"
20.171.207.140 - - [26/Apr/2025:16:11:16 -0400] "GET /product-category/perfumes/?action=yith-woocompare-add-product&add-to-cart=1772&id=1825 HTTP/1.1" 302 400 "-" "Mozilla/5.0 AppleWebKit/537.36 (KHTML, like Gecko; compatible; GPTBot/1.2; +https://openai.com/gptbot)"
20.171.207.140 - - [26/Apr/2025:16:11:17 -0400] "GET /product-category/perfumes/?action=yith-woocompare-add-product&add-to-cart=1831&id=1772 HTTP/1.1" 302 400 "-" "Mozilla/5.0 AppleWebKit/537.36 (KHTML, like Gecko; compatible; GPTBot/1.2; +https://openai.com/gptbot)"
20.171.207.140 - - [26/Apr/2025:16:11:18 -0400] "GET /product-category/perfumes/?action=yith-woocompare-add-product&add-to-cart=1772&id=1827 HTTP/1.1" 302 400 "-" "Mozilla/5.0 AppleWebKit/537.36 (KHTML, like Gecko; compatible; GPTBot/1.2; +https://openai.com/gptbot)"
20.171.207.140 - - [26/Apr/2025:16:11:19 -0400] "GET /product-category/perfumes/?action=yith-woocompare-add-product&add-to-cart=1825&id=1837 HTTP/1.1" 302 400 "-" "Mozilla/5.0 AppleWebKit/537.36 (KHTML, like Gecko; compatible; GPTBot/1.2; +https://openai.com/gptbot)"
20.171.207.140 - - [26/Apr/2025:16:11:21 -0400] "GET /product-category/perfumes/?action=yith-woocompare-add-product&add-to-cart=1835&id=1829 HTTP/1.1" 302 400 "-" "Mozilla/5.0 AppleWebKit/537.36 (KHTML, like Gecko; compatible; GPTBot/1.2; +https://openai.com/gptbot)"
20.171.207.140 - - [26/Apr/2025:16:11:22 -0400] "GET /product-category/perfumes/?action=yith-woocompare-add-product&add-to-cart=1831&id=1837 HTTP/1.1" 302 400 "-" "Mozilla/5.0 AppleWebKit/537.36 (KHTML, like Gecko; compatible; GPTBot/1.2; +https://openai.com/gptbot)"
20.171.207.140 - - [26/Apr/2025:16:11:23 -0400] "GET /product-category/perfumes/?action=yith-woocompare-add-product&add-to-cart=1835&id=1835 HTTP/1.1" 302 400 "-" "Mozilla/5.0 AppleWebKit/537.36 (KHTML, like Gecko; compatible; GPTBot/1.2; +https://openai.com/gptbot)"
20.171.207.140 - - [26/Apr/2025:16:11:24 -0400] "GET /product-category/perfumes/?action=yith-woocompare-add-product&add-to-cart=1839&id=1835 HTTP/1.1" 302 400 "-" "Mozilla/5.0 AppleWebKit/537.36 (KHTML, like Gecko; compatible; GPTBot/1.2; +https://openai.com/gptbot)"
20.171.207.140 - - [26/Apr/2025:16:11:25 -0400] "GET /product-category/perfumes/?action=yith-woocompare-add-product&add-to-cart=1837&id=1821 HTTP/1.1" 302 400 "-" "Mozilla/5.0 AppleWebKit/537.36 (KHTML, like Gecko; compatible; GPTBot/1.2; +https://openai.com/gptbot)"
20.171.207.140 - - [26/Apr/2025:16:11:26 -0400] "GET /product-category/perfumes/?action=yith-woocompare-add-product&add-to-cart=1831&id=1817 HTTP/1.1" 302 400 "-" "Mozilla/5.0 AppleWebKit/537.36 (KHTML, like Gecko; compatible; GPTBot/1.2; +https://openai.com/gptbot)"
20.171.207.140 - - [26/Apr/2025:16:11:28 -0400] "GET /product-category/perfumes/?action=yith-woocompare-add-product&add-to-cart=1817&id=1827 HTTP/1.1" 302 400 "-" "Mozilla/5.0 AppleWebKit/537.36 (KHTML, like Gecko; compatible; GPTBot/1.2; +https://openai.com/gptbot)"
20.171.207.140 - - [26/Apr/2025:16:11:29 -0400] "GET /product-category/perfumes/?action=yith-woocompare-add-product&add-to-cart=1839&id=1821 HTTP/1.1" 302 400 "-" "Mozilla/5.0 AppleWebKit/537.36 (KHTML, like Gecko; compatible; GPTBot/1.2; +https://openai.com/gptbot)"
20.171.207.140 - - [26/Apr/2025:16:11:30 -0400] "GET /product-category/perfumes/?action=yith-woocompare-add-product&add-to-cart=1821&id=1839 HTTP/1.1" 302 400 "-" "Mozilla/5.0 AppleWebKit/537.36 (KHTML, like Gecko; compatible; GPTBot/1.2; +https://openai.com/gptbot)"
20.171.207.140 - - [26/Apr/2025:16:11:31 -0400] "GET /product-category/perfumes/?action=yith-woocompare-add-product&add-to-cart=1821&id=1831 HTTP/1.1" 302 400 "-" "Mozilla/5.0 AppleWebKit/537.36 (KHTML, like Gecko; compatible; GPTBot/1.2; +https://openai.com/gptbot)"
20.171.207.140 - - [26/Apr/2025:16:11:32 -0400] "GET /product-category/perfumes/?action=yith-woocompare-add-product&add-to-cart=1831&id=1823 HTTP/1.1" 302 400 "-" "Mozilla/5.0 AppleWebKit/537.36 (KHTML, like Gecko; compatible; GPTBot/1.2; +https://openai.com/gptbot)"
20.171.207.140 - - [26/Apr/2025:16:11:33 -0400] "GET /product-category/perfumes/?action=yith-woocompare-add-product&add-to-cart=1829&id=1825 HTTP/1.1" 302 400 "-" "Mozilla/5.0 AppleWebKit/537.36 (KHTML, like Gecko; compatible; GPTBot/1.2; +https://openai.com/gptbot)"
20.171.207.140 - - [26/Apr/2025:16:11:35 -0400] "GET /product-category/perfumes/?action=yith-woocompare-add-product&add-to-cart=1835&id=1817 HTTP/1.1" 302 400 "-" "Mozilla/5.0 AppleWebKit/537.36 (KHTML, like Gecko; compatible; GPTBot/1.2; +https://openai.com/gptbot)"
20.171.207.140 - - [26/Apr/2025:16:11:36 -0400] "GET /product-category/perfumes/?action=yith-woocompare-add-product&add-to-cart=1825&id=1821 HTTP/1.1" 302 400 "-" "Mozilla/5.0 AppleWebKit/537.36 (KHTML, like Gecko; compatible; GPTBot/1.2; +https://openai.com/gptbot)"
20.171.207.140 - - [26/Apr/2025:16:11:37 -0400] "GET /product-category/perfumes/?action=yith-woocompare-add-product&add-to-cart=1827&id=1825 HTTP/1.1" 302 400 "-" "Mozilla/5.0 AppleWebKit/537.36 (KHTML, like Gecko; compatible; GPTBot/1.2; +https://openai.com/gptbot)"
20.171.207.140 - - [26/Apr/2025:16:11:38 -0400] "GET /product-category/perfumes/?action=yith-woocompare-add-product&add-to-cart=1827&id=1772 HTTP/1.1" 302 400 "-" "Mozilla/5.0 AppleWebKit/537.36 (KHTML, like Gecko; compatible; GPTBot/1.2; +https://openai.com/gptbot)"
20.171.207.140 - - [26/Apr/2025:16:11:39 -0400] "GET /product-category/perfumes/?action=yith-woocompare-add-product&add-to-cart=1817&id=1829 HTTP/1.1" 302 400 "-" "Mozilla/5.0 AppleWebKit/537.36 (KHTML, like Gecko; compatible; GPTBot/1.2; +https://openai.com/gptbot)"
20.171.207.140 - - [26/Apr/2025:16:11:40 -0400] "GET /product-category/perfumes/?action=yith-woocompare-add-product&add-to-cart=1835&id=1837 HTTP/1.1" 302 400 "-" "Mozilla/5.0 AppleWebKit/537.36 (KHTML, like Gecko; compatible; GPTBot/1.2; +https://openai.com/gptbot)"
20.171.207.140 - - [26/Apr/2025:16:11:42 -0400] "GET /product-category/perfumes/?action=yith-woocompare-add-product&add-to-cart=1839&id=1829 HTTP/1.1" 302 400 "-" "Mozilla/5.0 AppleWebKit/537.36 (KHTML, like Gecko; compatible; GPTBot/1.2; +https://openai.com/gptbot)"
20.171.207.140 - - [26/Apr/2025:16:11:43 -0400] "GET /product-category/perfumes/?action=yith-woocompare-add-product&add-to-cart=1825&id=1835 HTTP/1.1" 302 400 "-" "Mozilla/5.0 AppleWebKit/537.36 (KHTML, like Gecko; compatible; GPTBot/1.2; +https://openai.com/gptbot)"
20.171.207.140 - - [26/Apr/2025:16:11:44 -0400] "GET /product-category/perfumes/?action=yith-woocompare-add-product&add-to-cart=1772&id=1819 HTTP/1.1" 302 400 "-" "Mozilla/5.0 AppleWebKit/537.36 (KHTML, like Gecko; compatible; GPTBot/1.2; +https://openai.com/gptbot)"
20.171.207.140 - - [26/Apr/2025:16:11:45 -0400] "GET /product-category/perfumes/?action=yith-woocompare-add-product&add-to-cart=1829&id=1831 HTTP/1.1" 302 400 "-" "Mozilla/5.0 AppleWebKit/537.36 (KHTML, like Gecko; compatible; GPTBot/1.2; +https://openai.com/gptbot)"
20.171.207.140 - - [26/Apr/2025:16:11:46 -0400] "GET /product-category/perfumes/?action=yith-woocompare-add-product&add-to-cart=1837&id=1831 HTTP/1.1" 302 400 "-" "Mozilla/5.0 AppleWebKit/537.36 (KHTML, like Gecko; compatible; GPTBot/1.2; +https://openai.com/gptbot)"
20.171.207.140 - - [26/Apr/2025:16:11:47 -0400] "GET /product-category/perfumes/?action=yith-woocompare-add-product&add-to-cart=1817&id=1837 HTTP/1.1" 302 400 "-" "Mozilla/5.0 AppleWebKit/537.36 (KHTML, like Gecko; compatible; GPTBot/1.2; +https://openai.com/gptbot)"
20.171.207.140 - - [26/Apr/2025:16:11:48 -0400] "GET /product-category/perfumes/?action=yith-woocompare-add-product&add-to-cart=1819&id=1825 HTTP/1.1" 302 400 "-" "Mozilla/5.0 AppleWebKit/537.36 (KHTML, like Gecko; compatible; GPTBot/1.2; +https://openai.com/gptbot)"
20.171.207.140 - - [26/Apr/2025:16:11:50 -0400] "GET /product-category/perfumes/?action=yith-woocompare-add-product&add-to-cart=1819&id=1839 HTTP/1.1" 302 400 "-" "Mozilla/5.0 AppleWebKit/537.36 (KHTML, like Gecko; compatible; GPTBot/1.2; +https://openai.com/gptbot)"
20.171.207.140 - - [26/Apr/2025:16:11:51 -0400] "GET /product-category/perfumes/?action=yith-woocompare-add-product&add-to-cart=1829&id=1821 HTTP/1.1" 302 400 "-" "Mozilla/5.0 AppleWebKit/537.36 (KHTML, like Gecko; compatible; GPTBot/1.2; +https://openai.com/gptbot)"
20.171.207.140 - - [26/Apr/2025:16:11:52 -0400] "GET /product-category/perfumes/?action=yith-woocompare-add-product&add-to-cart=1817&id=1821 HTTP/1.1" 302 400 "-" "Mozilla/5.0 AppleWebKit/537.36 (KHTML, like Gecko; compatible; GPTBot/1.2; +https://openai.com/gptbot)"
20.171.207.140 - - [26/Apr/2025:16:11:53 -0400] "GET /product-category/perfumes/?action=yith-woocompare-add-product&add-to-cart=1837&id=1825 HTTP/1.1" 302 400 "-" "Mozilla/5.0 AppleWebKit/537.36 (KHTML, like Gecko; compatible; GPTBot/1.2; +https://openai.com/gptbot)"
20.171.207.140 - - [26/Apr/2025:16:11:54 -0400] "GET /product-category/perfumes/?action=yith-woocompare-add-product&add-to-cart=1837&id=1839 HTTP/1.1" 302 400 "-" "Mozilla/5.0 AppleWebKit/537.36 (KHTML, like Gecko; compatible; GPTBot/1.2; +https://openai.com/gptbot)"
20.171.207.140 - - [26/Apr/2025:16:11:55 -0400] "GET /product-category/perfumes/?action=yith-woocompare-add-product&add-to-cart=1831&id=1819 HTTP/1.1" 302 400 "-" "Mozilla/5.0 AppleWebKit/537.36 (KHTML, like Gecko; compatible; GPTBot/1.2; +https://openai.com/gptbot)"
20.171.207.140 - - [26/Apr/2025:16:11:57 -0400] "GET /product-category/perfumes/?action=yith-woocompare-add-product&add-to-cart=1819&id=1829 HTTP/1.1" 302 400 "-" "Mozilla/5.0 AppleWebKit/537.36 (KHTML, like Gecko; compatible; GPTBot/1.2; +https://openai.com/gptbot)"
20.171.207.140 - - [26/Apr/2025:16:11:58 -0400] "GET /product-category/perfumes/?action=yith-woocompare-add-product&add-to-cart=1829&id=1819 HTTP/1.1" 302 400 "-" "Mozilla/5.0 AppleWebKit/537.36 (KHTML, like Gecko; compatible; GPTBot/1.2; +https://openai.com/gptbot)"
20.171.207.140 - - [26/Apr/2025:16:11:59 -0400] "GET /product-category/perfumes/?action=yith-woocompare-add-product&add-to-cart=1821&id=1827 HTTP/1.1" 302 400 "-" "Mozilla/5.0 AppleWebKit/537.36 (KHTML, like Gecko; compatible; GPTBot/1.2; +https://openai.com/gptbot)"
20.171.207.140 - - [26/Apr/2025:16:12:00 -0400] "GET /product-category/perfumes/?action=yith-woocompare-add-product&add-to-cart=1819&id=1827 HTTP/1.1" 302 400 "-" "Mozilla/5.0 AppleWebKit/537.36 (KHTML, like Gecko; compatible; GPTBot/1.2; +https://openai.com/gptbot)"
20.171.207.140 - - [26/Apr/2025:16:12:01 -0400] "GET /product-category/perfumes/?action=yith-woocompare-add-product&add-to-cart=1823&id=1825 HTTP/1.1" 302 400 "-" "Mozilla/5.0 AppleWebKit/537.36 (KHTML, like Gecko; compatible; GPTBot/1.2; +https://openai.com/gptbot)"
20.171.207.140 - - [26/Apr/2025:16:12:02 -0400] "GET /product-category/perfumes/?action=yith-woocompare-add-product&add-to-cart=1839&id=1823 HTTP/1.1" 302 400 "-" "Mozilla/5.0 AppleWebKit/537.36 (KHTML, like Gecko; compatible; GPTBot/1.2; +https://openai.com/gptbot)"
20.171.207.140 - - [26/Apr/2025:16:12:03 -0400] "GET /product-category/perfumes/?action=yith-woocompare-add-product&add-to-cart=1817&id=1825 HTTP/1.1" 302 400 "-" "Mozilla/5.0 AppleWebKit/537.36 (KHTML, like Gecko; compatible; GPTBot/1.2; +https://openai.com/gptbot)"
20.171.207.140 - - [26/Apr/2025:16:12:05 -0400] "GET /product-category/perfumes/?action=yith-woocompare-add-product&add-to-cart=1821&id=1823 HTTP/1.1" 302 400 "-" "Mozilla/5.0 AppleWebKit/537.36 (KHTML, like Gecko; compatible; GPTBot/1.2; +https://openai.com/gptbot)"
20.171.207.140 - - [26/Apr/2025:16:12:06 -0400] "GET /product-category/perfumes/?action=yith-woocompare-add-product&add-to-cart=1825&id=1827 HTTP/1.1" 302 400 "-" "Mozilla/5.0 AppleWebKit/537.36 (KHTML, like Gecko; compatible; GPTBot/1.2; +https://openai.com/gptbot)"
20.171.207.140 - - [26/Apr/2025:16:12:07 -0400] "GET /product-category/perfumes/?action=yith-woocompare-add-product&add-to-cart=1839&id=1831 HTTP/1.1" 302 400 "-" "Mozilla/5.0 AppleWebKit/537.36 (KHTML, like Gecko; compatible; GPTBot/1.2; +https://openai.com/gptbot)"
20.171.207.140 - - [26/Apr/2025:16:12:08 -0400] "GET /product-category/perfumes/?action=yith-woocompare-add-product&add-to-cart=1821&id=1825 HTTP/1.1" 302 400 "-" "Mozilla/5.0 AppleWebKit/537.36 (KHTML, like Gecko; compatible; GPTBot/1.2; +https://openai.com/gptbot)"
20.171.207.140 - - [26/Apr/2025:16:12:09 -0400] "GET /product-category/perfumes/?action=yith-woocompare-add-product&add-to-cart=1837&id=1835 HTTP/1.1" 302 400 "-" "Mozilla/5.0 AppleWebKit/537.36 (KHTML, like Gecko; compatible; GPTBot/1.2; +https://openai.com/gptbot)"
20.171.207.140 - - [26/Apr/2025:16:12:10 -0400] "GET /product-category/perfumes/?action=yith-woocompare-add-product&add-to-cart=1837&id=1817 HTTP/1.1" 302 400 "-" "Mozilla/5.0 AppleWebKit/537.36 (KHTML, like Gecko; compatible; GPTBot/1.2; +https://openai.com/gptbot)"
20.171.207.140 - - [26/Apr/2025:16:12:12 -0400] "GET /product-category/perfumes/?action=yith-woocompare-add-product&add-to-cart=1823&id=1819 HTTP/1.1" 302 400 "-" "Mozilla/5.0 AppleWebKit/537.36 (KHTML, like Gecko; compatible; GPTBot/1.2; +https://openai.com/gptbot)"
20.171.207.140 - - [26/Apr/2025:16:12:13 -0400] "GET /product-category/perfumes/?action=yith-woocompare-add-product&add-to-cart=1825&id=1831 HTTP/1.1" 302 400 "-" "Mozilla/5.0 AppleWebKit/537.36 (KHTML, like Gecko; compatible; GPTBot/1.2; +https://openai.com/gptbot)"
20.171.207.140 - - [26/Apr/2025:16:12:14 -0400] "GET /product-category/perfumes/?action=yith-woocompare-add-product&add-to-cart=1819&id=1823 HTTP/1.1" 302 400 "-" "Mozilla/5.0 AppleWebKit/537.36 (KHTML, like Gecko; compatible; GPTBot/1.2; +https://openai.com/gptbot)"
20.171.207.140 - - [26/Apr/2025:16:12:15 -0400] "GET /product-category/perfumes/?action=yith-woocompare-add-product&add-to-cart=1829&id=1772 HTTP/1.1" 302 400 "-" "Mozilla/5.0 AppleWebKit/537.36 (KHTML, like Gecko; compatible; GPTBot/1.2; +https://openai.com/gptbot)"
20.171.207.140 - - [26/Apr/2025:16:12:16 -0400] "GET /product-category/perfumes/?action=yith-woocompare-add-product&add-to-cart=1835&id=1819 HTTP/1.1" 302 400 "-" "Mozilla/5.0 AppleWebKit/537.36 (KHTML, like Gecko; compatible; GPTBot/1.2; +https://openai.com/gptbot)"
20.171.207.140 - - [26/Apr/2025:16:12:17 -0400] "GET /product-category/perfumes/?action=yith-woocompare-add-product&add-to-cart=1817&id=1831 HTTP/1.1" 302 400 "-" "Mozilla/5.0 AppleWebKit/537.36 (KHTML, like Gecko; compatible; GPTBot/1.2; +https://openai.com/gptbot)"
20.171.207.140 - - [26/Apr/2025:16:12:18 -0400] "GET /product-category/perfumes/?action=yith-woocompare-add-product&add-to-cart=1827&id=1835 HTTP/1.1" 302 400 "-" "Mozilla/5.0 AppleWebKit/537.36 (KHTML, like Gecko; compatible; GPTBot/1.2; +https://openai.com/gptbot)"
20.171.207.140 - - [26/Apr/2025:16:12:20 -0400] "GET /product-category/perfumes/?action=yith-woocompare-add-product&add-to-cart=1821&id=1829 HTTP/1.1" 302 400 "-" "Mozilla/5.0 AppleWebKit/537.36 (KHTML, like Gecko; compatible; GPTBot/1.2; +https://openai.com/gptbot)"
20.171.207.140 - - [26/Apr/2025:16:12:21 -0400] "GET /product-category/perfumes/?action=yith-woocompare-add-product&add-to-cart=1825&id=1825 HTTP/1.1" 302 400 "-" "Mozilla/5.0 AppleWebKit/537.36 (KHTML, like Gecko; compatible; GPTBot/1.2; +https://openai.com/gptbot)"
20.171.207.140 - - [26/Apr/2025:16:12:22 -0400] "GET /product-category/perfumes/?action=yith-woocompare-add-product&add-to-cart=1817&id=1823 HTTP/1.1" 302 400 "-" "Mozilla/5.0 AppleWebKit/537.36 (KHTML, like Gecko; compatible; GPTBot/1.2; +https://openai.com/gptbot)"
20.171.207.140 - - [26/Apr/2025:16:12:23 -0400] "GET /product-category/perfumes/?action=yith-woocompare-add-product&add-to-cart=1827&id=1817 HTTP/1.1" 302 400 "-" "Mozilla/5.0 AppleWebKit/537.36 (KHTML, like Gecko; compatible; GPTBot/1.2; +https://openai.com/gptbot)"
20.171.207.140 - - [26/Apr/2025:16:12:24 -0400] "GET /product-category/perfumes/?action=yith-woocompare-add-product&add-to-cart=1772&id=1817 HTTP/1.1" 302 400 "-" "Mozilla/5.0 AppleWebKit/537.36 (KHTML, like Gecko; compatible; GPTBot/1.2; +https://openai.com/gptbot)"
20.171.207.140 - - [26/Apr/2025:16:12:25 -0400] "GET /product-category/perfumes/?action=yith-woocompare-add-product&add-to-cart=1831&id=1825 HTTP/1.1" 302 400 "-" "Mozilla/5.0 AppleWebKit/537.36 (KHTML, like Gecko; compatible; GPTBot/1.2; +https://openai.com/gptbot)"
20.171.207.140 - - [26/Apr/2025:16:12:27 -0400] "GET /product-category/perfumes/?action=yith-woocompare-add-product&add-to-cart=1827&id=1839 HTTP/1.1" 302 400 "-" "Mozilla/5.0 AppleWebKit/537.36 (KHTML, like Gecko; compatible; GPTBot/1.2; +https://openai.com/gptbot)"
20.171.207.140 - - [26/Apr/2025:16:12:28 -0400] "GET /product-category/perfumes/?action=yith-woocompare-add-product&add-to-cart=1772&id=1821 HTTP/1.1" 302 400 "-" "Mozilla/5.0 AppleWebKit/537.36 (KHTML, like Gecko; compatible; GPTBot/1.2; +https://openai.com/gptbot)"
20.171.207.140 - - [26/Apr/2025:16:12:29 -0400] "GET /product-category/perfumes/?action=yith-woocompare-add-product&add-to-cart=1823&id=1837 HTTP/1.1" 302 400 "-" "Mozilla/5.0 AppleWebKit/537.36 (KHTML, like Gecko; compatible; GPTBot/1.2; +https://openai.com/gptbot)"
20.171.207.140 - - [26/Apr/2025:16:12:30 -0400] "GET /product-category/perfumes/?action=yith-woocompare-add-product&add-to-cart=1835&id=1839 HTTP/1.1" 302 400 "-" "Mozilla/5.0 AppleWebKit/537.36 (KHTML, like Gecko; compatible; GPTBot/1.2; +https://openai.com/gptbot)"
20.171.207.140 - - [26/Apr/2025:16:12:31 -0400] "GET /product-category/perfumes/?action=yith-woocompare-add-product&add-to-cart=1823&id=1823 HTTP/1.1" 302 400 "-" "Mozilla/5.0 AppleWebKit/537.36 (KHTML, like Gecko; compatible; GPTBot/1.2; +https://openai.com/gptbot)"
20.171.207.140 - - [26/Apr/2025:16:12:32 -0400] "GET /product-category/perfumes/?action=yith-woocompare-add-product&add-to-cart=1831&id=1821 HTTP/1.1" 302 400 "-" "Mozilla/5.0 AppleWebKit/537.36 (KHTML, like Gecko; compatible; GPTBot/1.2; +https://openai.com/gptbot)"
20.171.207.140 - - [26/Apr/2025:16:12:33 -0400] "GET /product-category/perfumes/?action=yith-woocompare-add-product&add-to-cart=1823&id=1821 HTTP/1.1" 302 400 "-" "Mozilla/5.0 AppleWebKit/537.36 (KHTML, like Gecko; compatible; GPTBot/1.2; +https://openai.com/gptbot)"
20.171.207.140 - - [26/Apr/2025:16:12:35 -0400] "GET /product-category/perfumes/?action=yith-woocompare-add-product&add-to-cart=1821&id=1819 HTTP/1.1" 302 400 "-" "Mozilla/5.0 AppleWebKit/537.36 (KHTML, like Gecko; compatible; GPTBot/1.2; +https://openai.com/gptbot)"
20.171.207.140 - - [26/Apr/2025:16:12:36 -0400] "GET /product-category/perfumes/?action=yith-woocompare-add-product&add-to-cart=1817&id=1772 HTTP/1.1" 302 400 "-" "Mozilla/5.0 AppleWebKit/537.36 (KHTML, like Gecko; compatible; GPTBot/1.2; +https://openai.com/gptbot)"
20.171.207.140 - - [26/Apr/2025:16:12:37 -0400] "GET /product-category/perfumes/?action=yith-woocompare-add-product&add-to-cart=1839&id=1817 HTTP/1.1" 302 400 "-" "Mozilla/5.0 AppleWebKit/537.36 (KHTML, like Gecko; compatible; GPTBot/1.2; +https://openai.com/gptbot)"
20.171.207.140 - - [26/Apr/2025:16:12:38 -0400] "GET /product-category/perfumes/?action=yith-woocompare-add-product&add-to-cart=1831&id=1835 HTTP/1.1" 302 400 "-" "Mozilla/5.0 AppleWebKit/537.36 (KHTML, like Gecko; compatible; GPTBot/1.2; +https://openai.com/gptbot)"
20.171.207.140 - - [26/Apr/2025:16:12:39 -0400] "GET /product-category/perfumes/?action=yith-woocompare-add-product&add-to-cart=1819&id=1835 HTTP/1.1" 302 400 "-" "Mozilla/5.0 AppleWebKit/537.36 (KHTML, like Gecko; compatible; GPTBot/1.2; +https://openai.com/gptbot)"
20.171.207.140 - - [26/Apr/2025:16:12:41 -0400] "GET /product-category/perfumes/?action=yith-woocompare-add-product&add-to-cart=1821&id=1817 HTTP/1.1" 302 400 "-" "Mozilla/5.0 AppleWebKit/537.36 (KHTML, like Gecko; compatible; GPTBot/1.2; +https://openai.com/gptbot)"
20.171.207.140 - - [26/Apr/2025:16:12:42 -0400] "GET /product-category/perfumes/?action=yith-woocompare-add-product&add-to-cart=1819&id=1772 HTTP/1.1" 302 400 "-" "Mozilla/5.0 AppleWebKit/537.36 (KHTML, like Gecko; compatible; GPTBot/1.2; +https://openai.com/gptbot)"
20.171.207.140 - - [26/Apr/2025:16:12:43 -0400] "GET /product-category/perfumes/?action=yith-woocompare-add-product&add-to-cart=1827&id=1837 HTTP/1.1" 302 400 "-" "Mozilla/5.0 AppleWebKit/537.36 (KHTML, like Gecko; compatible; GPTBot/1.2; +https://openai.com/gptbot)"
20.171.207.140 - - [26/Apr/2025:16:12:44 -0400] "GET /product-category/perfumes/?action=yith-woocompare-add-product&add-to-cart=1831&id=1839 HTTP/1.1" 302 400 "-" "Mozilla/5.0 AppleWebKit/537.36 (KHTML, like Gecko; compatible; GPTBot/1.2; +https://openai.com/gptbot)"
20.171.207.140 - - [26/Apr/2025:16:12:45 -0400] "GET /product-category/perfumes/?action=yith-woocompare-add-product&add-to-cart=1831&id=1827 HTTP/1.1" 302 400 "-" "Mozilla/5.0 AppleWebKit/537.36 (KHTML, like Gecko; compatible; GPTBot/1.2; +https://openai.com/gptbot)"
20.171.207.140 - - [26/Apr/2025:16:12:46 -0400] "GET /product-category/perfumes/?action=yith-woocompare-add-product&add-to-cart=1772&id=1839 HTTP/1.1" 302 400 "-" "Mozilla/5.0 AppleWebKit/537.36 (KHTML, like Gecko; compatible; GPTBot/1.2; +https://openai.com/gptbot)"
66.29.132.124 - - [26/Apr/2025:16:12:48 -0400] "POST /wp-cron.php?doing_wp_cron=1745698368.0408480167388916015625 HTTP/1.1" 200 0 "-" "WordPress/6.8; https://sh-fragrances.com"
20.171.207.140 - - [26/Apr/2025:16:12:47 -0400] "GET /product-category/perfumes/?action=yith-woocompare-add-product&add-to-cart=1823&id=1772 HTTP/1.1" 302 400 "-" "Mozilla/5.0 AppleWebKit/537.36 (KHTML, like Gecko; compatible; GPTBot/1.2; +https://openai.com/gptbot)"
43.157.209.252 - - [26/Apr/2025:16:12:47 -0400] "GET /get-yourselves-fit-in-workout-clothes-2/ HTTP/1.1" 200 31103 "-" "Mozilla/5.0 (iPhone; CPU iPhone OS 13_2_3 like Mac OS X) AppleWebKit/605.1.15 (KHTML, like Gecko) Version/13.0.3 Mobile/15E148 Safari/604.1"
20.171.207.140 - - [26/Apr/2025:16:12:49 -0400] "GET /product-category/perfumes/?action=yith-woocompare-add-product&add-to-cart=1825&id=1817 HTTP/1.1" 302 400 "-" "Mozilla/5.0 AppleWebKit/537.36 (KHTML, like Gecko; compatible; GPTBot/1.2; +https://openai.com/gptbot)"
20.171.207.140 - - [26/Apr/2025:16:12:50 -0400] "GET /product-category/perfumes/?action=yith-woocompare-add-product&add-to-cart=1823&id=1839 HTTP/1.1" 302 400 "-" "Mozilla/5.0 AppleWebKit/537.36 (KHTML, like Gecko; compatible; GPTBot/1.2; +https://openai.com/gptbot)"
20.171.207.140 - - [26/Apr/2025:16:12:51 -0400] "GET /product-category/perfumes/?action=yith-woocompare-add-product&add-to-cart=1837&id=1827 HTTP/1.1" 302 400 "-" "Mozilla/5.0 AppleWebKit/537.36 (KHTML, like Gecko; compatible; GPTBot/1.2; +https://openai.com/gptbot)"
20.171.207.140 - - [26/Apr/2025:16:12:52 -0400] "GET /product-category/perfumes/page/2/ HTTP/1.1" 200 56577 "-" "Mozilla/5.0 AppleWebKit/537.36 (KHTML, like Gecko; compatible; GPTBot/1.2; +https://openai.com/gptbot)"
20.171.207.140 - - [26/Apr/2025:16:12:53 -0400] "GET /product-category/perfumes/feed/ HTTP/1.1" 200 2225 "-" "Mozilla/5.0 AppleWebKit/537.36 (KHTML, like Gecko; compatible; GPTBot/1.2; +https://openai.com/gptbot)"
20.171.207.140 - - [26/Apr/2025:16:12:54 -0400] "GET /wp-admin/admin-ajax.php?action=rest-nonce HTTP/1.1" 400 5 "-" "Mozilla/5.0 AppleWebKit/537.36 (KHTML, like Gecko; compatible; GPTBot/1.2; +https://openai.com/gptbot)"
20.171.207.140 - - [26/Apr/2025:16:12:55 -0400] "GET /product-category/perfumes/?action=yith-woocompare-add-product&id=1835 HTTP/1.1" 302 400 "-" "Mozilla/5.0 AppleWebKit/537.36 (KHTML, like Gecko; compatible; GPTBot/1.2; +https://openai.com/gptbot)"
20.171.207.140 - - [26/Apr/2025:16:12:57 -0400] "GET /product-category/perfumes/?action=yith-woocompare-add-product&id=1827 HTTP/1.1" 302 400 "-" "Mozilla/5.0 AppleWebKit/537.36 (KHTML, like Gecko; compatible; GPTBot/1.2; +https://openai.com/gptbot)"
20.171.207.140 - - [26/Apr/2025:16:12:58 -0400] "GET /product-category/perfumes/?action=yith-woocompare-add-product&id=1817 HTTP/1.1" 302 400 "-" "Mozilla/5.0 AppleWebKit/537.36 (KHTML, like Gecko; compatible; GPTBot/1.2; +https://openai.com/gptbot)"
20.171.207.140 - - [26/Apr/2025:16:12:59 -0400] "GET /product-category/perfumes/?action=yith-woocompare-add-product&id=1823 HTTP/1.1" 302 400 "-" "Mozilla/5.0 AppleWebKit/537.36 (KHTML, like Gecko; compatible; GPTBot/1.2; +https://openai.com/gptbot)"
20.171.207.140 - - [26/Apr/2025:16:13:00 -0400] "GET /product-category/perfumes/?action=yith-woocompare-add-product&id=1837 HTTP/1.1" 302 400 "-" "Mozilla/5.0 AppleWebKit/537.36 (KHTML, like Gecko; compatible; GPTBot/1.2; +https://openai.com/gptbot)"
20.171.207.140 - - [26/Apr/2025:16:13:01 -0400] "GET /product-category/perfumes/?action=yith-woocompare-add-product&id=1825 HTTP/1.1" 302 400 "-" "Mozilla/5.0 AppleWebKit/537.36 (KHTML, like Gecko; compatible; GPTBot/1.2; +https://openai.com/gptbot)"
20.171.207.140 - - [26/Apr/2025:16:13:02 -0400] "GET /product-category/perfumes/?action=yith-woocompare-add-product&id=1819 HTTP/1.1" 302 400 "-" "Mozilla/5.0 AppleWebKit/537.36 (KHTML, like Gecko; compatible; GPTBot/1.2; +https://openai.com/gptbot)"
20.171.207.140 - - [26/Apr/2025:16:13:03 -0400] "GET /product-category/perfumes/?action=yith-woocompare-add-product&id=1821 HTTP/1.1" 302 400 "-" "Mozilla/5.0 AppleWebKit/537.36 (KHTML, like Gecko; compatible; GPTBot/1.2; +https://openai.com/gptbot)"
20.171.207.140 - - [26/Apr/2025:16:13:05 -0400] "GET /product-category/perfumes/page/2/?action=yith-woocompare-add-product&id=1833 HTTP/1.1" 302 400 "-" "Mozilla/5.0 AppleWebKit/537.36 (KHTML, like Gecko; compatible; GPTBot/1.2; +https://openai.com/gptbot)"
20.171.207.140 - - [26/Apr/2025:16:13:06 -0400] "GET /product-category/perfumes/page/2/?add-to-cart=1833 HTTP/1.1" 200 56679 "-" "Mozilla/5.0 AppleWebKit/537.36 (KHTML, like Gecko; compatible; GPTBot/1.2; +https://openai.com/gptbot)"
20.171.207.140 - - [26/Apr/2025:16:13:07 -0400] "GET /product-category/perfumes/?action=yith-woocompare-add-product&id=1839 HTTP/1.1" 302 400 "-" "Mozilla/5.0 AppleWebKit/537.36 (KHTML, like Gecko; compatible; GPTBot/1.2; +https://openai.com/gptbot)"
20.171.207.140 - - [26/Apr/2025:16:13:08 -0400] "GET /product-category/perfumes/?action=yith-woocompare-add-product&id=1831 HTTP/1.1" 302 400 "-" "Mozilla/5.0 AppleWebKit/537.36 (KHTML, like Gecko; compatible; GPTBot/1.2; +https://openai.com/gptbot)"
20.171.207.140 - - [26/Apr/2025:16:13:09 -0400] "GET /product-category/perfumes/?action=yith-woocompare-add-product&id=1772 HTTP/1.1" 302 400 "-" "Mozilla/5.0 AppleWebKit/537.36 (KHTML, like Gecko; compatible; GPTBot/1.2; +https://openai.com/gptbot)"
20.171.207.140 - - [26/Apr/2025:16:13:11 -0400] "GET /product-category/perfumes/?action=yith-woocompare-add-product&id=1829 HTTP/1.1" 302 400 "-" "Mozilla/5.0 AppleWebKit/537.36 (KHTML, like Gecko; compatible; GPTBot/1.2; +https://openai.com/gptbot)"
20.171.207.140 - - [26/Apr/2025:16:13:12 -0400] "GET /wp-json/wp/v2/product_cat/98 HTTP/1.1" 200 2565 "-" "Mozilla/5.0 AppleWebKit/537.36 (KHTML, like Gecko; compatible; GPTBot/1.2; +https://openai.com/gptbot)"
20.171.207.140 - - [26/Apr/2025:16:13:13 -0400] "GET /wp-login.php?redirect_to=https%3A%2F%2Fsh-fragrances.com%2Fproduct%2Faqua-delight%2F HTTP/1.1" 200 2241 "-" "Mozilla/5.0 AppleWebKit/537.36 (KHTML, like Gecko; compatible; GPTBot/1.2; +https://openai.com/gptbot)"
20.171.207.140 - - [26/Apr/2025:16:13:14 -0400] "GET /wp-login.php?redirect_to=https%3A%2F%2Fsh-fragrances.com%2Fproduct%2Fsignature%2F HTTP/1.1" 200 2236 "-" "Mozilla/5.0 AppleWebKit/537.36 (KHTML, like Gecko; compatible; GPTBot/1.2; +https://openai.com/gptbot)"
20.171.207.140 - - [26/Apr/2025:16:13:15 -0400] "GET /product-category/perfumes/page/2/?action=yith-woocompare-add-product&add-to-cart=1833&id=1833 HTTP/1.1" 302 400 "-" "Mozilla/5.0 AppleWebKit/537.36 (KHTML, like Gecko; compatible; GPTBot/1.2; +https://openai.com/gptbot)"
20.171.207.140 - - [26/Apr/2025:16:13:16 -0400] "GET /wp-admin/admin-ajax.php?action=rest-nonce HTTP/1.1" 400 5 "-" "Mozilla/5.0 AppleWebKit/537.36 (KHTML, like Gecko; compatible; GPTBot/1.2; +https://openai.com/gptbot)"
66.29.132.124 - - [26/Apr/2025:16:19:35 -0400] "POST /wp-cron.php?doing_wp_cron=1745698775.3666551113128662109375 HTTP/1.1" 200 0 "-" "WordPress/6.8; https://sh-fragrances.com"
66.249.65.195 - - [26/Apr/2025:16:19:29 -0400] "GET /robots.txt HTTP/1.1" 200 501 "-" "Mozilla/5.0 (compatible; Googlebot/2.1; +http://www.google.com/bot.html)"
66.249.65.194 - - [26/Apr/2025:16:19:36 -0400] "GET /wp-content/uploads/2023/05/Untitled-design-17.png HTTP/1.1" 200 35999 "-" "Googlebot-Image/1.0"
66.29.132.124 - - [26/Apr/2025:16:20:56 -0400] "POST /wp-cron.php?doing_wp_cron=1745698856.5968630313873291015625 HTTP/1.1" 200 0 "-" "WordPress/6.8; https://sh-fragrances.com"
63.250.40.100 - - [26/Apr/2025:16:20:56 -0400] "POST /xmlrpc.php HTTP/1.1" 200 403 "-" "Mozilla/5.0 (Windows NT 10.0; Win64; x64; rv:60.0) Gecko/20100101 Firefox/60.0"
170.106.140.110 - - [26/Apr/2025:16:21:04 -0400] "GET /wp-comments-post.php HTTP/1.1" 405 0 "-" "Mozilla/5.0 (iPhone; CPU iPhone OS 13_2_3 like Mac OS X) AppleWebKit/605.1.15 (KHTML, like Gecko) Version/13.0.3 Mobile/15E148 Safari/604.1"
195.130.127.110 - - [26/Apr/2025:16:21:10 -0400] "POST /xmlrpc.php HTTP/1.1" 200 403 "-" "Mozilla/5.0 (Windows NT 10.0; Win64; x64) AppleWebKit/537.36 (KHTML, like Gecko) Chrome/65.0.3325.181 Safari/537.36"
77.55.253.208 - - [26/Apr/2025:16:21:16 -0400] "POST /xmlrpc.php HTTP/1.1" 200 403 "-" "Mozilla/5.0 (Windows NT 10.0; Win64; x64) AppleWebKit/537.36 (KHTML, like Gecko) Chrome/79.0.3945.117 Safari/537.36"
45.58.159.50 - - [26/Apr/2025:16:21:17 -0400] "POST /xmlrpc.php HTTP/1.1" 200 403 "-" "Mozilla/5.0 (Windows NT 10.0; Win64; x64) AppleWebKit/537.36 (KHTML, like Gecko) Chrome/91.0.4472.114 Safari/537.36"
193.202.110.17 - - [26/Apr/2025:16:21:19 -0400] "POST /xmlrpc.php HTTP/1.1" 200 403 "-" "Mozilla/5.0 (Windows; U; Windows NT 5.1; en-US; rv:1.7.12) Gecko/20050915 Firefox/1.0.7"
79.96.172.4 - - [26/Apr/2025:16:21:25 -0400] "POST /xmlrpc.php HTTP/1.1" 200 403 "-" "Mozilla/5.0 (Windows NT 6.1; WOW64; rv:38.0) Gecko/20100101 Firefox/38.0"
178.253.43.167 - - [26/Apr/2025:16:21:28 -0400] "POST /xmlrpc.php HTTP/1.1" 200 403 "-" "Mozilla/5.0 (Linux; Android 10; SM-A102U) AppleWebKit/537.36 (KHTML, like Gecko) Chrome/91.0.4472.114 Mobile Safari/537.36"
66.29.132.124 - - [26/Apr/2025:16:21:39 -0400] "POST /wp-cron.php?doing_wp_cron=1745698899.9282100200653076171875 HTTP/1.1" 200 0 "-" "WordPress/6.8; https://sh-fragrances.com"
147.182.196.163 - - [26/Apr/2025:16:21:39 -0400] "POST /xmlrpc.php HTTP/1.1" 200 403 "-" "Mozilla/5.0 (Windows NT 10.0; Win64; x64) AppleWebKit/537.36 (KHTML, like Gecko) Chrome/85.0.4183.102 Safari/537.36"
146.19.212.232 - - [26/Apr/2025:16:21:42 -0400] "POST /xmlrpc.php HTTP/1.1" 200 403 "-" "Mozilla/5.0 (Windows NT 10.0; Win64; x64) AppleWebKit/537.36 (KHTML, like Gecko) Chrome/60.0.3112.113 Safari/537.36"
66.29.132.124 - - [26/Apr/2025:16:26:40 -0400] "POST /wp-cron.php?doing_wp_cron=1745699200.4450509548187255859375 HTTP/1.1" 200 0 "-" "WordPress/6.8; https://sh-fragrances.com"
175.27.164.113 - - [26/Apr/2025:16:26:37 -0400] "GET / HTTP/1.1" 301 450 "http://www.sh-fragrances.com" "Mozilla/5.0 (iPhone; CPU iPhone OS 13_2_3 like Mac OS X) AppleWebKit/605.1.15 (KHTML, like Gecko) Version/13.0.3 Mobile/15E148 Safari/604.1"
175.27.164.113 - - [26/Apr/2025:16:26:45 -0400] "GET / HTTP/1.1" 200 95889 "https://www.sh-fragrances.com/" "Mozilla/5.0 (iPhone; CPU iPhone OS 13_2_3 like Mac OS X) AppleWebKit/605.1.15 (KHTML, like Gecko) Version/13.0.3 Mobile/15E148 Safari/604.1"
66.29.132.124 - - [26/Apr/2025:16:34:02 -0400] "POST /wp-cron.php?doing_wp_cron=1745699642.5090599060058593750000 HTTP/1.1" 200 0 "-" "WordPress/6.8; https://sh-fragrances.com"
43.166.128.187 - - [26/Apr/2025:16:33:58 -0400] "GET /discover-your-ideal-clothing-2/ HTTP/1.1" 200 29964 "-" "Mozilla/5.0 (iPhone; CPU iPhone OS 13_2_3 like Mac OS X) AppleWebKit/605.1.15 (KHTML, like Gecko) Version/13.0.3 Mobile/15E148 Safari/604.1"
66.29.132.124 - - [26/Apr/2025:16:42:32 -0400] "POST /wp-cron.php?doing_wp_cron=1745700152.8588600158691406250000 HTTP/1.1" 200 0 "-" "WordPress/6.8; https://sh-fragrances.com"
49.51.245.241 - - [26/Apr/2025:16:42:24 -0400] "GET /wearing-a-stylish-outfit-makes-you-look-unique/ HTTP/1.1" 200 30998 "-" "Mozilla/5.0 (iPhone; CPU iPhone OS 13_2_3 like Mac OS X) AppleWebKit/605.1.15 (KHTML, like Gecko) Version/13.0.3 Mobile/15E148 Safari/604.1"
66.29.132.124 - - [26/Apr/2025:16:54:15 -0400] "POST /wp-cron.php?doing_wp_cron=1745700855.5789759159088134765625 HTTP/1.1" 200 0 "-" "WordPress/6.8; https://sh-fragrances.com"
43.159.152.184 - - [26/Apr/2025:16:54:07 -0400] "GET /expect-more-from-your-workout-clothes-3/ HTTP/1.1" 200 30144 "-" "Mozilla/5.0 (iPhone; CPU iPhone OS 13_2_3 like Mac OS X) AppleWebKit/605.1.15 (KHTML, like Gecko) Version/13.0.3 Mobile/15E148 Safari/604.1"
66.29.132.124 - - [26/Apr/2025:17:01:10 -0400] "POST /wp-cron.php?doing_wp_cron=1745701270.0740180015563964843750 HTTP/1.1" 200 0 "-" "WordPress/6.8; https://sh-fragrances.com"
43.128.149.102 - - [26/Apr/2025:17:00:58 -0400] "GET /type/status/ HTTP/1.1" 200 23686 "-" "Mozilla/5.0 (iPhone; CPU iPhone OS 13_2_3 like Mac OS X) AppleWebKit/605.1.15 (KHTML, like Gecko) Version/13.0.3 Mobile/15E148 Safari/604.1"
66.29.132.124 - - [26/Apr/2025:17:11:32 -0400] "POST /wp-cron.php?doing_wp_cron=1745701892.3200120925903320312500 HTTP/1.1" 200 0 "-" "WordPress/6.8; https://sh-fragrances.com"
129.226.93.214 - - [26/Apr/2025:17:11:25 -0400] "GET /category/accessories/ HTTP/1.1" 200 25754 "-" "Mozilla/5.0 (iPhone; CPU iPhone OS 13_2_3 like Mac OS X) AppleWebKit/605.1.15 (KHTML, like Gecko) Version/13.0.3 Mobile/15E148 Safari/604.1"
66.29.132.124 - - [26/Apr/2025:17:11:46 -0400] "POST /wp-cron.php?doing_wp_cron=1745701906.8270049095153808593750 HTTP/1.1" 200 0 "-" "WordPress/6.8; https://sh-fragrances.com"
107.175.81.176 - - [26/Apr/2025:17:11:45 -0400] "GET /contact/ HTTP/1.1" 200 22417 "-" "Mozilla/5.0 (X11; Ubuntu; Linux i686; rv:114.0) Gecko/20100101 Firefox/114.0"
107.175.81.176 - - [26/Apr/2025:17:11:48 -0400] "GET /wp-content/plugins/contact-form-7/includes/js/index.js?ver=6.0.6 HTTP/1.1" 200 4008 "-" "Mozilla/5.0 (X11; Ubuntu; Linux i686; rv:114.0) Gecko/20100101 Firefox/114.0"
107.175.81.176 - - [26/Apr/2025:17:11:49 -0400] "POST /wp-admin/admin-ajax.php HTTP/1.1" 200 79 "https://sh-fragrances.com/contact/" "Mozilla/5.0 (X11; Ubuntu; Linux i686; rv:114.0) Gecko/20100101 Firefox/114.0"
66.29.132.124 - - [26/Apr/2025:17:23:04 -0400] "POST /wp-cron.php?doing_wp_cron=1745702584.0394430160522460937500 HTTP/1.1" 200 0 "-" "WordPress/6.8; https://sh-fragrances.com"
143.110.176.240 - - [26/Apr/2025:17:22:57 -0400] "GET / HTTP/1.1" 200 543557 "-" "Mozilla/5.0 (Windows NT 10.0; Win64; x64) AppleWebKit/537.36 (KHTML, like Gecko) Chrome/88.0.4240.193 Safari/537.36"
143.110.176.240 - - [26/Apr/2025:17:23:11 -0400] "GET //wp-includes/wlwmanifest.xml HTTP/1.1" 301 1904 "-" "Mozilla/5.0 (Windows NT 10.0; Win64; x64) AppleWebKit/537.36 (KHTML, like Gecko) Chrome/88.0.4240.193 Safari/537.36"
143.110.176.240 - - [26/Apr/2025:17:23:12 -0400] "GET //wp-login.php HTTP/1.1" 200 8412 "-" "Mozilla/5.0 (Windows NT 10.0; Win64; x64) AppleWebKit/537.36 (KHTML, like Gecko) Chrome/88.0.4240.193 Safari/537.36"
143.110.176.240 - - [26/Apr/2025:17:23:14 -0400] "GET //?author=1 HTTP/1.1" 301 1904 "-" "Mozilla/5.0 (Windows NT 10.0; Win64; x64) AppleWebKit/537.36 (KHTML, like Gecko) Chrome/88.0.4240.193 Safari/537.36"
143.110.176.240 - - [26/Apr/2025:17:23:15 -0400] "GET //?author=2 HTTP/1.1" 301 1904 "-" "Mozilla/5.0 (Windows NT 10.0; Win64; x64) AppleWebKit/537.36 (KHTML, like Gecko) Chrome/88.0.4240.193 Safari/537.36"
143.110.176.240 - - [26/Apr/2025:17:23:16 -0400] "GET //?author=3 HTTP/1.1" 301 1904 "-" "Mozilla/5.0 (Windows NT 10.0; Win64; x64) AppleWebKit/537.36 (KHTML, like Gecko) Chrome/88.0.4240.193 Safari/537.36"
143.110.176.240 - - [26/Apr/2025:17:23:17 -0400] "GET //wp-json/wp/v2/users/ HTTP/1.1" 200 3476 "-" "Mozilla/5.0 (Windows NT 10.0; Win64; x64) AppleWebKit/537.36 (KHTML, like Gecko) Chrome/88.0.4240.193 Safari/537.36"
143.110.176.240 - - [26/Apr/2025:17:23:21 -0400] "POST //xmlrpc.php HTTP/1.1" 200 403 "-" "Mozilla/5.0 (Windows NT 10.0; Win64; x64) AppleWebKit/537.36 (KHTML, like Gecko) Chrome/88.0.4240.193 Safari/537.36"
143.110.176.240 - - [26/Apr/2025:17:23:23 -0400] "POST //xmlrpc.php HTTP/1.1" 200 403 "-" "Mozilla/5.0 (Windows NT 10.0; Win64; x64) AppleWebKit/537.36 (KHTML, like Gecko) Chrome/88.0.4240.193 Safari/537.36"
143.110.176.240 - - [26/Apr/2025:17:23:24 -0400] "POST //xmlrpc.php HTTP/1.1" 200 401 "-" "Mozilla/5.0 (Windows NT 10.0; Win64; x64) AppleWebKit/537.36 (KHTML, like Gecko) Chrome/88.0.4240.193 Safari/537.36"
143.110.176.240 - - [26/Apr/2025:17:23:25 -0400] "POST //xmlrpc.php HTTP/1.1" 200 401 "-" "Mozilla/5.0 (Windows NT 10.0; Win64; x64) AppleWebKit/537.36 (KHTML, like Gecko) Chrome/88.0.4240.193 Safari/537.36"
143.110.176.240 - - [26/Apr/2025:17:23:26 -0400] "POST //xmlrpc.php HTTP/1.1" 200 403 "-" "Mozilla/5.0 (Windows NT 10.0; Win64; x64) AppleWebKit/537.36 (KHTML, like Gecko) Chrome/88.0.4240.193 Safari/537.36"
143.110.176.240 - - [26/Apr/2025:17:23:27 -0400] "POST //xmlrpc.php HTTP/1.1" 200 401 "-" "Mozilla/5.0 (Windows NT 10.0; Win64; x64) AppleWebKit/537.36 (KHTML, like Gecko) Chrome/88.0.4240.193 Safari/537.36"
143.110.176.240 - - [26/Apr/2025:17:23:29 -0400] "POST //wp-login.php HTTP/1.1" 200 8874 "https://sh-fragrances.com//wp-login.php" "Mozilla/5.0 (Windows NT 10.0; Win64; x64) AppleWebKit/537.36 (KHTML, like Gecko) Chrome/88.0.4240.193 Safari/537.36"
143.110.176.240 - - [26/Apr/2025:17:23:31 -0400] "POST //wp-login.php HTTP/1.1" 200 8874 "https://sh-fragrances.com//wp-login.php" "Mozilla/5.0 (Windows NT 10.0; Win64; x64) AppleWebKit/537.36 (KHTML, like Gecko) Chrome/88.0.4240.193 Safari/537.36"
66.29.132.124 - - [26/Apr/2025:17:23:37 -0400] "POST /wp-cron.php?doing_wp_cron=1745702617.8685081005096435546875 HTTP/1.1" 200 0 "-" "WordPress/6.8; https://sh-fragrances.com"
143.110.176.240 - - [26/Apr/2025:17:23:34 -0400] "POST //wp-login.php HTTP/1.1" 200 8874 "https://sh-fragrances.com//wp-login.php" "Mozilla/5.0 (Windows NT 10.0; Win64; x64) AppleWebKit/537.36 (KHTML, like Gecko) Chrome/88.0.4240.193 Safari/537.36"
143.110.176.240 - - [26/Apr/2025:17:23:38 -0400] "POST //wp-login.php HTTP/1.1" 200 8874 "https://sh-fragrances.com//wp-login.php" "Mozilla/5.0 (Windows NT 10.0; Win64; x64) AppleWebKit/537.36 (KHTML, like Gecko) Chrome/88.0.4240.193 Safari/537.36"
143.110.176.240 - - [26/Apr/2025:17:23:42 -0400] "POST //wp-login.php HTTP/1.1" 200 8874 "https://sh-fragrances.com//wp-login.php" "Mozilla/5.0 (Windows NT 10.0; Win64; x64) AppleWebKit/537.36 (KHTML, like Gecko) Chrome/88.0.4240.193 Safari/537.36"
143.110.176.240 - - [26/Apr/2025:17:23:47 -0400] "POST //wp-login.php HTTP/1.1" 200 8874 "https://sh-fragrances.com//wp-login.php" "Mozilla/5.0 (Windows NT 10.0; Win64; x64) AppleWebKit/537.36 (KHTML, like Gecko) Chrome/88.0.4240.193 Safari/537.36"
173.252.83.2 - - [26/Apr/2025:17:24:25 -0400] "GET /robots.txt HTTP/1.1" 200 2171 "-" "facebookexternalhit/1.1 (+http://www.facebook.com/externalhit_uatext.php)"
57.141.4.18 - - [26/Apr/2025:17:24:26 -0400] "GET /wp-login.php?redirect_to=https%3A%2F%2Fsh-fragrances.com%2Fexplore-your-passion-for-looking-for-a-cute-dress%2F HTTP/1.1" 200 8453 "-" "meta-externalagent/1.1 (+https://developers.facebook.com/docs/sharing/webmasters/crawler)"
35.180.86.247 - - [26/Apr/2025:17:34:54 -0400] "GET / HTTP/1.1" 200 0 "www.google.com" "Mozilla/5.0 (Linux; Android 7.0; SM-G892A Build/NRD90M; wv) AppleWebKit/537.36 (KHTML, like Gecko) Version/4.0 Chrome/60.0.3112.107 Mobile Safari/537.36"
66.29.132.124 - - [26/Apr/2025:17:35:10 -0400] "POST /wp-cron.php?doing_wp_cron=1745703310.8412868976593017578125 HTTP/1.1" 200 0 "-" "WordPress/6.8; https://sh-fragrances.com"
66.29.132.124 - - [26/Apr/2025:17:37:38 -0400] "POST /wp-cron.php?doing_wp_cron=1745703458.5580420494079589843750 HTTP/1.1" 200 0 "-" "WordPress/6.8; https://sh-fragrances.com"
84.17.49.5 - - [26/Apr/2025:17:37:35 -0400] "GET / HTTP/1.0" 200 543557 "https://sh-fragrances.com/" "Mozilla/5.0 (Windows NT 10.0; Win64; x64) AppleWebKit/537.36 (KHTML, like Gecko) Chrome/129.0.0.0 Safari/537.36"
84.17.49.5 - - [26/Apr/2025:17:37:42 -0400] "GET /contact/ HTTP/1.0" 200 134047 "https://sh-fragrances.com/contact/" "Mozilla/5.0 (Windows NT 10.0; Win64; x64) AppleWebKit/537.36 (KHTML, like Gecko) Chrome/129.0.0.0 Safari/537.36"
84.17.49.5 - - [26/Apr/2025:17:37:44 -0400] "POST /wp-admin/admin-ajax.php HTTP/1.0" 200 79 "https://sh-fragrances.com/contact/" "Mozilla/5.0 (Windows NT 10.0; Win64; x64) AppleWebKit/537.36 (KHTML, like Gecko) Chrome/129.0.0.0 Safari/537.36"
66.29.132.124 - - [26/Apr/2025:18:21:28 -0400] "POST /wp-cron.php?doing_wp_cron=1745706088.8187570571899414062500 HTTP/1.1" 200 0 "-" "WordPress/6.8; https://sh-fragrances.com"
216.244.66.245 - - [26/Apr/2025:18:21:22 -0400] "GET /robots.txt HTTP/1.1" 200 2171 "-" "Mozilla/5.0 (compatible; DotBot/1.2; +https://opensiteexplorer.org/dotbot; help@moz.com)"
66.29.132.124 - - [26/Apr/2025:18:31:00 -0400] "POST /wp-cron.php?doing_wp_cron=1745706660.8389759063720703125000 HTTP/1.1" 200 0 "-" "WordPress/6.8; https://sh-fragrances.com"
205.210.31.174 - - [26/Apr/2025:18:30:55 -0400] "GET / HTTP/1.1" 200 543557 "-" "-"
66.29.132.124 - - [26/Apr/2025:18:38:22 -0400] "POST /wp-cron.php?doing_wp_cron=1745707102.6208119392395019531250 HTTP/1.1" 200 0 "-" "WordPress/6.8; https://sh-fragrances.com"
85.208.96.210 - - [26/Apr/2025:18:38:19 -0400] "GET /robots.txt HTTP/1.1" 200 553 "-" "Mozilla/5.0 (compatible; SemrushBot/7~bl; +http://www.semrush.com/bot.html)"
185.191.171.19 - - [26/Apr/2025:18:38:23 -0400] "GET /finest-clothing-in-a-modern-slim-fit-suit-2/ HTTP/1.1" 200 30902 "-" "Mozilla/5.0 (compatible; SemrushBot/7~bl; +http://www.semrush.com/bot.html)"
216.244.66.245 - - [26/Apr/2025:18:40:23 -0400] "GET /shop/page/2/?action=yith-woocompare-add-product&id=1833 HTTP/1.1" 302 1904 "-" "Mozilla/5.0 (compatible; DotBot/1.2; +https://opensiteexplorer.org/dotbot; help@moz.com)"
66.249.65.195 - - [26/Apr/2025:18:58:30 -0400] "GET /favicon.ico HTTP/1.1" 404 1251 "-" "Googlebot-Image/1.0"
216.244.66.245 - - [26/Apr/2025:18:53:02 -0400] "GET /shop/?add-to-cart=1825&action=yith-woocompare-add-product&id=1821 HTTP/1.1" 302 1904 "-" "Mozilla/5.0 (compatible; DotBot/1.2; +https://opensiteexplorer.org/dotbot; help@moz.com)"
216.244.66.245 - - [26/Apr/2025:19:00:36 -0400] "GET /product-category/perfumes/?add-to-cart=1817&action=yith-woocompare-add-product&id=1831 HTTP/1.1" 302 1904 "-" "Mozilla/5.0 (compatible; DotBot/1.2; +https://opensiteexplorer.org/dotbot; help@moz.com)"
216.244.66.245 - - [26/Apr/2025:19:01:14 -0400] "GET /product-category/perfumes/?add-to-cart=1837&action=yith-woocompare-add-product&id=1835 HTTP/1.1" 302 1904 "-" "Mozilla/5.0 (compatible; DotBot/1.2; +https://opensiteexplorer.org/dotbot; help@moz.com)"
66.29.132.124 - - [26/Apr/2025:19:05:08 -0400] "POST /wp-cron.php?doing_wp_cron=1745708708.4533920288085937500000 HTTP/1.1" 200 0 "-" "WordPress/6.8; https://sh-fragrances.com"
66.249.65.174 - - [26/Apr/2025:19:05:02 -0400] "GET /robots.txt HTTP/1.1" 301 400 "-" "Mozilla/5.0 (compatible; Googlebot/2.1; +http://www.google.com/bot.html)"
66.29.132.124 - - [26/Apr/2025:19:05:49 -0400] "POST /wp-cron.php?doing_wp_cron=1745708749.3909161090850830078125 HTTP/1.1" 200 0 "-" "WordPress/6.8; https://sh-fragrances.com"
43.159.152.4 - - [26/Apr/2025:19:05:48 -0400] "GET / HTTP/1.1" 301 450 "http://www.sh-fragrances.com" "Mozilla/5.0 (iPhone; CPU iPhone OS 13_2_3 like Mac OS X) AppleWebKit/605.1.15 (KHTML, like Gecko) Version/13.0.3 Mobile/15E148 Safari/604.1"
43.159.152.4 - - [26/Apr/2025:19:05:50 -0400] "GET / HTTP/1.1" 200 96253 "https://www.sh-fragrances.com/" "Mozilla/5.0 (iPhone; CPU iPhone OS 13_2_3 like Mac OS X) AppleWebKit/605.1.15 (KHTML, like Gecko) Version/13.0.3 Mobile/15E148 Safari/604.1"
66.29.132.124 - - [26/Apr/2025:19:41:17 -0400] "POST /wp-cron.php?doing_wp_cron=1745710877.8711369037628173828125 HTTP/1.1" 200 0 "-" "WordPress/6.8; https://sh-fragrances.com"
182.42.105.85 - - [26/Apr/2025:19:41:07 -0400] "GET / HTTP/1.1" 200 95889 "http://sh-fragrances.com" "Mozilla/5.0 (iPhone; CPU iPhone OS 13_2_3 like Mac OS X) AppleWebKit/605.1.15 (KHTML, like Gecko) Version/13.0.3 Mobile/15E148 Safari/604.1"
66.29.132.124 - - [26/Apr/2025:19:45:29 -0400] "POST /wp-cron.php?doing_wp_cron=1745711129.4630920886993408203125 HTTP/1.1" 200 0 "-" "WordPress/6.8; https://sh-fragrances.com"
51.222.253.3 - - [26/Apr/2025:19:45:25 -0400] "GET /robots.txt HTTP/1.1" 200 501 "-" "Mozilla/5.0 (compatible; AhrefsBot/7.0; +http://ahrefs.com/robot/)"
66.29.132.124 - - [26/Apr/2025:19:48:25 -0400] "POST /wp-cron.php?doing_wp_cron=1745711305.4742579460144042968750 HTTP/1.1" 200 0 "-" "WordPress/6.8; https://sh-fragrances.com"
66.249.65.194 - - [26/Apr/2025:19:48:22 -0400] "GET /product/sh-fragrances-h2/ HTTP/1.1" 200 53240 "-" "Mozilla/5.0 (Linux; Android 6.0.1; Nexus 5X Build/MMB29P) AppleWebKit/537.36 (KHTML, like Gecko) Chrome/135.0.7049.95 Mobile Safari/537.36 (compatible; Googlebot/2.1; +http://www.google.com/bot.html)"
66.29.132.124 - - [26/Apr/2025:19:48:59 -0400] "POST /wp-cron.php?doing_wp_cron=1745711339.2754249572753906250000 HTTP/1.1" 200 0 "-" "WordPress/6.8; https://sh-fragrances.com"
47.100.49.34 - - [26/Apr/2025:19:48:58 -0400] "POST /xmlrpc.php HTTP/1.1" 200 403 "-" "Mozilla/5.0 (Linux; Android 10; SM-A102U) AppleWebKit/537.36 (KHTML, like Gecko) Chrome/91.0.4472.114 Mobile Safari/537.36"
137.74.39.64 - - [26/Apr/2025:19:49:03 -0400] "POST /xmlrpc.php HTTP/1.1" 200 403 "-" "Mozilla/5.0 (Linux; Android 10; SM-A205U) AppleWebKit/537.36 (KHTML, like Gecko) Chrome/91.0.4472.114 Mobile Safari/537.36"
185.109.216.243 - - [26/Apr/2025:19:49:13 -0400] "POST /xmlrpc.php HTTP/1.1" 200 403 "-" "Mozilla/5.0 (Linux; Android 10; SM-N960U) AppleWebKit/537.36 (KHTML, like Gecko) Chrome/91.0.4472.114 Mobile Safari/537.36"
185.109.216.243 - - [26/Apr/2025:19:49:18 -0400] "POST /xmlrpc.php HTTP/1.1" 200 403 "-" "Mozilla/5.0 (Windows; U; Windows NT 5.1; en-US; rv:1.7.12) Gecko/20050915 Firefox/1.0.7"
66.29.132.124 - - [26/Apr/2025:19:49:41 -0400] "POST /wp-cron.php?doing_wp_cron=1745711381.4566299915313720703125 HTTP/1.1" 200 0 "-" "WordPress/6.8; https://sh-fragrances.com"
45.156.184.29 - - [26/Apr/2025:19:49:40 -0400] "POST /xmlrpc.php HTTP/1.1" 200 403 "-" "Mozilla/5.0 (Windows; U; Windows NT 5.1; en-US; rv:1.7.10) Gecko/20050716 Firefox/1.0.6"
66.29.132.124 - - [26/Apr/2025:21:08:08 -0400] "POST /wp-cron.php?doing_wp_cron=1745716088.8176031112670898437500 HTTP/1.1" 200 0 "-" "WordPress/6.8; https://sh-fragrances.com"
