89.115.209.209 - - [26/Apr/2025:09:04:30 -0400] "GET /wp-content/plugins/woocommerce/assets/js/frontend/add-to-cart-variation.min.js?ver=9.8.2 HTTP/1.1" 200 3712 "https://sh-fragrances.com/product-category/perfumes/" "Mozilla/5.0 (Windows NT 10.0; Win64; x64) AppleWebKit/537.36 (KHTML, like Gecko) Chrome/135.0.0.0 Safari/537.36"
89.115.209.209 - - [26/Apr/2025:09:04:30 -0400] "GET /wp-content/plugins/woocommerce/assets/js/photoswipe/photoswipe.min.js?ver=4.1.1-wc.9.8.2 HTTP/1.1" 200 11652 "https://sh-fragrances.com/product-category/perfumes/" "Mozilla/5.0 (Windows NT 10.0; Win64; x64) AppleWebKit/537.36 (KHTML, like Gecko) Chrome/135.0.0.0 Safari/537.36"
89.115.209.209 - - [26/Apr/2025:09:04:30 -0400] "GET /wp-content/plugins/woocommerce/assets/js/photoswipe/photoswipe-ui-default.min.js?ver=4.1.1-wc.9.8.2 HTTP/1.1" 200 3478 "https://sh-fragrances.com/product-category/perfumes/" "Mozilla/5.0 (Windows NT 10.0; Win64; x64) AppleWebKit/537.36 (KHTML, like Gecko) Chrome/135.0.0.0 Safari/537.36"
89.115.209.209 - - [26/Apr/2025:09:04:30 -0400] "GET /wp-content/themes/neytri/modules/woocommerce/assets/images/default-skin.png HTTP/1.1" 200 547 "https://sh-fragrances.com/wp-content/themes/neytri/modules/woocommerce/assets/css/default.css?ver=1.0.4" "Mozilla/5.0 (Windows NT 10.0; Win64; x64) AppleWebKit/537.36 (KHTML, like Gecko) Chrome/135.0.0.0 Safari/537.36"
89.115.209.209 - - [26/Apr/2025:09:04:30 -0400] "GET /wp-content/plugins/woocommerce/assets/css/woocommerce-smallscreen.css?ver=9.8.2 HTTP/1.1" 200 1165 "https://sh-fragrances.com/product-category/perfumes/" "Mozilla/5.0 (Windows NT 10.0; Win64; x64) AppleWebKit/537.36 (KHTML, like Gecko) Chrome/135.0.0.0 Safari/537.36"
89.115.209.209 - - [26/Apr/2025:09:04:30 -0400] "GET /wp-content/plugins/woocommerce/assets/js/frontend/single-product.min.js?ver=9.8.2 HTTP/1.1" 200 2539 "https://sh-fragrances.com/product-category/perfumes/" "Mozilla/5.0 (Windows NT 10.0; Win64; x64) AppleWebKit/537.36 (KHTML, like Gecko) Chrome/135.0.0.0 Safari/537.36"
89.115.209.209 - - [26/Apr/2025:09:04:30 -0400] "GET /wp-content/themes/neytri/assets/font/ny-icons.woff2?89268342 HTTP/1.1" 200 3228 "https://sh-fragrances.com/wp-content/themes/neytri/assets/css/icons.css?ver=1.0.4" "Mozilla/5.0 (Windows NT 10.0; Win64; x64) AppleWebKit/537.36 (KHTML, like Gecko) Chrome/135.0.0.0 Safari/537.36"
89.115.209.209 - - [26/Apr/2025:09:04:30 -0400] "GET /wp-content/themes/neytri/assets/font/ny-shop-icons.woff2?36940820 HTTP/1.1" 200 2704 "https://sh-fragrances.com/wp-content/themes/neytri/assets/css/icons.css?ver=1.0.4" "Mozilla/5.0 (Windows NT 10.0; Win64; x64) AppleWebKit/537.36 (KHTML, like Gecko) Chrome/135.0.0.0 Safari/537.36"
89.115.209.209 - - [26/Apr/2025:09:04:30 -0400] "GET /wp-content/themes/neytri/assets/font/wdt-icons.woff2?76449145 HTTP/1.1" 200 45376 "https://sh-fragrances.com/wp-content/themes/neytri/assets/css/icons.css?ver=1.0.4" "Mozilla/5.0 (Windows NT 10.0; Win64; x64) AppleWebKit/537.36 (KHTML, like Gecko) Chrome/135.0.0.0 Safari/537.36"
89.115.209.209 - - [26/Apr/2025:09:04:30 -0400] "GET /wp-content/themes/neytri/assets/font/ext-icons.woff2?70837484 HTTP/1.1" 200 7524 "https://sh-fragrances.com/wp-content/themes/neytri/assets/css/icons.css?ver=1.0.4" "Mozilla/5.0 (Windows NT 10.0; Win64; x64) AppleWebKit/537.36 (KHTML, like Gecko) Chrome/135.0.0.0 Safari/537.36"
89.115.209.209 - - [26/Apr/2025:09:04:30 -0400] "GET /wp-content/plugins/woocommerce/assets/fonts/WooCommerce.woff2 HTTP/1.1" 200 6488 "https://sh-fragrances.com/wp-content/plugins/woocommerce/assets/css/woocommerce.css?ver=9.8.2" "Mozilla/5.0 (Windows NT 10.0; Win64; x64) AppleWebKit/537.36 (KHTML, like Gecko) Chrome/135.0.0.0 Safari/537.36"
89.115.209.209 - - [26/Apr/2025:09:04:30 -0400] "GET /wp-content/plugins/elementor/assets/lib/font-awesome/webfonts/fa-solid-900.woff2 HTTP/1.1" 200 78196 "https://sh-fragrances.com/wp-content/plugins/elementor/assets/lib/font-awesome/css/solid.min.css?ver=5.15.3" "Mozilla/5.0 (Windows NT 10.0; Win64; x64) AppleWebKit/537.36 (KHTML, like Gecko) Chrome/135.0.0.0 Safari/537.36"
89.115.209.209 - - [26/Apr/2025:09:04:30 -0400] "GET /wp-content/uploads/elementor/google-fonts/fonts/jost-92zatbhpnqw73otd4g.woff2 HTTP/1.1" 200 26576 "https://sh-fragrances.com/wp-content/uploads/elementor/google-fonts/css/jost.css?ver=1742288645" "Mozilla/5.0 (Windows NT 10.0; Win64; x64) AppleWebKit/537.36 (KHTML, like Gecko) Chrome/135.0.0.0 Safari/537.36"
89.115.209.209 - - [26/Apr/2025:09:04:30 -0400] "GET /wp-content/uploads/elementor/google-fonts/fonts/jost-92zatbhpnqw73ord4iyl.woff2 HTTP/1.1" 200 17104 "https://sh-fragrances.com/wp-content/uploads/elementor/google-fonts/css/jost.css?ver=1742288645" "Mozilla/5.0 (Windows NT 10.0; Win64; x64) AppleWebKit/537.36 (KHTML, like Gecko) Chrome/135.0.0.0 Safari/537.36"
89.115.209.209 - - [26/Apr/2025:09:04:31 -0400] "GET /wp-includes/js/wp-emoji-release.min.js?ver=6.8 HTTP/1.1" 200 4771 "https://sh-fragrances.com/product-category/perfumes/" "Mozilla/5.0 (Windows NT 10.0; Win64; x64) AppleWebKit/537.36 (KHTML, like Gecko) Chrome/135.0.0.0 Safari/537.36"
89.115.209.209 - - [26/Apr/2025:09:04:31 -0400] "GET /wp-content/plugins/elementor/assets/js/text-editor.c084ef86600b6f11690d.bundle.min.js HTTP/1.1" 200 621 "https://sh-fragrances.com/product-category/perfumes/" "Mozilla/5.0 (Windows NT 10.0; Win64; x64) AppleWebKit/537.36 (KHTML, like Gecko) Chrome/135.0.0.0 Safari/537.36"
92.255.57.39 - - [26/Apr/2025:09:04:29 -0400] "GET / HTTP/1.0" 200 543557 "https://sh-fragrances.com/" "Mozilla/5.0 (Windows NT 10.0; Win64; x64) AppleWebKit/537.36 (KHTML, like Gecko) Chrome/131.0.0.0 Safari/537.36 Avast/131.0.0.0"
89.115.209.209 - - [26/Apr/2025:09:04:31 -0400] "GET /favicon.ico HTTP/1.1" 404 1251 "https://sh-fragrances.com/product-category/perfumes/" "Mozilla/5.0 (Windows NT 10.0; Win64; x64) AppleWebKit/537.36 (KHTML, like Gecko) Chrome/135.0.0.0 Safari/537.36"
89.115.209.209 - - [26/Apr/2025:09:04:31 -0400] "POST /?wc-ajax=get_refreshed_fragments HTTP/1.1" 200 3954 "https://sh-fragrances.com/product-category/perfumes/" "Mozilla/5.0 (Windows NT 10.0; Win64; x64) AppleWebKit/537.36 (KHTML, like Gecko) Chrome/135.0.0.0 Safari/537.36"
92.255.57.39 - - [26/Apr/2025:09:04:33 -0400] "GET /contact/ HTTP/1.0" 200 134047 "https://sh-fragrances.com/contact/" "Mozilla/5.0 (Windows NT 10.0; Win64; x64) AppleWebKit/537.36 (KHTML, like Gecko) Chrome/131.0.0.0 Safari/537.36 Avast/131.0.0.0"
66.29.132.124 - - [26/Apr/2025:09:04:36 -0400] "POST /wp-cron.php?doing_wp_cron=1745672676.5531399250030517578125 HTTP/1.1" 200 0 "-" "WordPress/6.8; https://sh-fragrances.com"
92.255.57.39 - - [26/Apr/2025:09:04:35 -0400] "POST /wp-admin/admin-ajax.php HTTP/1.0" 200 79 "https://sh-fragrances.com/contact/" "Mozilla/5.0 (Windows NT 10.0; Win64; x64) AppleWebKit/537.36 (KHTML, like Gecko) Chrome/131.0.0.0 Safari/537.36 Avast/131.0.0.0"
66.29.132.124 - - [26/Apr/2025:09:09:29 -0400] "POST /wp-cron.php?doing_wp_cron=1745672969.6856269836425781250000 HTTP/1.1" 200 0 "-" "WordPress/6.8; https://sh-fragrances.com"
34.1.31.134 - - [26/Apr/2025:09:09:26 -0400] "GET / HTTP/1.1" 200 74291 "-" "Mozilla/5.0 (Windows NT 10.0; Win64; x64) AppleWebKit/537.36 (KHTML, like Gecko; compatible; BW/1.3; rb.gy/qyzae5) Chrome/124.0.0.0 Safari/537.36"
34.1.31.134 - - [26/Apr/2025:09:09:32 -0400] "GET /robots.txt HTTP/1.1" 200 501 "-" "Mozilla/5.0 (Windows NT 10.0; Win64; x64) AppleWebKit/537.36 (KHTML, like Gecko; compatible; BW/1.3; rb.gy/qyzae5) Chrome/124.0.0.0 Safari/537.36"
34.1.31.134 - - [26/Apr/2025:09:09:33 -0400] "GET /wp-login.php?redirect_to=https%3A%2F%2Fsh-fragrances.com%2F HTTP/1.1" 200 2224 "-" "Mozilla/5.0 (Windows NT 10.0; Win64; x64) AppleWebKit/537.36 (KHTML, like Gecko; compatible; BW/1.3; rb.gy/qyzae5) Chrome/124.0.0.0 Safari/537.36"
34.1.31.134 - - [26/Apr/2025:09:09:33 -0400] "GET /product/inspiration-flora/ HTTP/1.1" 200 53061 "-" "Mozilla/5.0 (Windows NT 10.0; Win64; x64) AppleWebKit/537.36 (KHTML, like Gecko; compatible; BW/1.3; rb.gy/qyzae5) Chrome/124.0.0.0 Safari/537.36"
34.1.31.134 - - [26/Apr/2025:09:09:35 -0400] "GET /wp-content/plugins/woocommerce/readme.txt HTTP/1.1" 200 6260 "-" "Mozilla/5.0 (Windows NT 10.0; Win64; x64) AppleWebKit/537.36 (KHTML, like Gecko; compatible; BW/1.3; rb.gy/qyzae5) Chrome/124.0.0.0 Safari/537.36"
34.1.31.134 - - [26/Apr/2025:09:09:35 -0400] "GET /privacy-policy// HTTP/1.1" 301 400 "-" "Mozilla/5.0 (Windows NT 10.0; Win64; x64) AppleWebKit/537.36 (KHTML, like Gecko; compatible; BW/1.3; rb.gy/qyzae5) Chrome/124.0.0.0 Safari/537.36"
34.1.31.134 - - [26/Apr/2025:09:09:35 -0400] "GET /delivery-policy/ HTTP/1.1" 200 20578 "-" "Mozilla/5.0 (Windows NT 10.0; Win64; x64) AppleWebKit/537.36 (KHTML, like Gecko; compatible; BW/1.3; rb.gy/qyzae5) Chrome/124.0.0.0 Safari/537.36"
34.1.31.134 - - [26/Apr/2025:09:09:35 -0400] "GET /checkout/ HTTP/1.1" 302 400 "-" "Mozilla/5.0 (Windows NT 10.0; Win64; x64) AppleWebKit/537.36 (KHTML, like Gecko; compatible; BW/1.3; rb.gy/qyzae5) Chrome/124.0.0.0 Safari/537.36"
34.1.31.134 - - [26/Apr/2025:09:09:35 -0400] "GET /ads.txt HTTP/1.1" 404 16420 "-" "Mozilla/5.0 (Windows NT 10.0; Win64; x64) AppleWebKit/537.36 (KHTML, like Gecko; compatible; BW/1.3; rb.gy/qyzae5) Chrome/124.0.0.0 Safari/537.36"
66.29.132.124 - - [26/Apr/2025:09:09:36 -0400] "POST /wp-cron.php?doing_wp_cron=1745672976.1643469333648681640625 HTTP/1.1" 200 0 "-" "WordPress/6.8; https://sh-fragrances.com"
34.1.31.134 - - [26/Apr/2025:09:09:35 -0400] "GET /privacy-policy/ HTTP/1.1" 200 20596 "-" "Mozilla/5.0 (Windows NT 10.0; Win64; x64) AppleWebKit/537.36 (KHTML, like Gecko; compatible; BW/1.3; rb.gy/qyzae5) Chrome/124.0.0.0 Safari/537.36"
34.1.31.134 - - [26/Apr/2025:09:09:35 -0400] "GET /cart/ HTTP/1.1" 200 46657 "-" "Mozilla/5.0 (Windows NT 10.0; Win64; x64) AppleWebKit/537.36 (KHTML, like Gecko; compatible; BW/1.3; rb.gy/qyzae5) Chrome/124.0.0.0 Safari/537.36"
34.1.31.134 - - [26/Apr/2025:09:09:37 -0400] "GET /wp-sitemap.xml HTTP/1.1" 200 601 "-" "Mozilla/5.0 (Windows NT 10.0; Win64; x64) AppleWebKit/537.36 (KHTML, like Gecko; compatible; BW/1.3; rb.gy/qyzae5) Chrome/124.0.0.0 Safari/537.36"
66.29.132.124 - - [26/Apr/2025:09:23:19 -0400] "POST /wp-cron.php?doing_wp_cron=1745673799.2943620681762695312500 HTTP/1.1" 200 0 "-" "WordPress/6.8; https://sh-fragrances.com"
51.161.84.56 - - [26/Apr/2025:09:23:05 -0400] "GET /contact/ HTTP/1.1" 200 134047 "-" "Mozilla/5.0 (Windows NT 10.0; Win64; x64) AppleWebKit/537.36 (KHTML, like Gecko; compatible; BW/1.2; rb.gy/oupwis) Chrome/124.0.0.0 Safari/537.36"
66.29.132.124 - - [26/Apr/2025:09:38:41 -0400] "POST /wp-cron.php?doing_wp_cron=1745674721.5308239459991455078125 HTTP/1.1" 200 0 "-" "WordPress/6.8; https://sh-fragrances.com"
191.96.80.214 - - [26/Apr/2025:09:38:29 -0400] "GET /contact/ HTTP/1.1" 200 22415 "-" "Mozilla/5.0 (X11; Ubuntu; Linux i686; rv:114.0) Gecko/20100101 Firefox/114.0"
191.96.80.214 - - [26/Apr/2025:09:38:46 -0400] "GET /wp-content/plugins/contact-form-7/includes/js/index.js?ver=6.0.6 HTTP/1.1" 200 4008 "-" "Mozilla/5.0 (X11; Ubuntu; Linux i686; rv:114.0) Gecko/20100101 Firefox/114.0"
191.96.80.214 - - [26/Apr/2025:09:38:49 -0400] "POST /wp-admin/admin-ajax.php HTTP/1.1" 200 79 "https://sh-fragrances.com/contact/" "Mozilla/5.0 (X11; Ubuntu; Linux i686; rv:114.0) Gecko/20100101 Firefox/114.0"
66.29.132.124 - - [26/Apr/2025:09:51:01 -0400] "POST /wp-cron.php?doing_wp_cron=1745675461.4078629016876220703125 HTTP/1.1" 200 0 "-" "WordPress/6.8; https://sh-fragrances.com"
14.215.163.132 - - [26/Apr/2025:09:50:48 -0400] "GET / HTTP/1.1" 301 450 "http://www.sh-fragrances.com" "Mozilla/5.0 (iPhone; CPU iPhone OS 13_2_3 like Mac OS X) AppleWebKit/605.1.15 (KHTML, like Gecko) Version/13.0.3 Mobile/15E148 Safari/604.1"
14.215.163.132 - - [26/Apr/2025:09:51:03 -0400] "GET / HTTP/1.1" 200 96253 "https://www.sh-fragrances.com/" "Mozilla/5.0 (iPhone; CPU iPhone OS 13_2_3 like Mac OS X) AppleWebKit/605.1.15 (KHTML, like Gecko) Version/13.0.3 Mobile/15E148 Safari/604.1"
66.29.132.124 - - [26/Apr/2025:09:53:22 -0400] "POST /wp-cron.php?doing_wp_cron=1745675602.8175570964813232421875 HTTP/1.1" 200 0 "-" "WordPress/6.8; https://sh-fragrances.com"
43.166.237.57 - - [26/Apr/2025:09:53:19 -0400] "GET / HTTP/1.1" 301 450 "http://www.sh-fragrances.com" "Mozilla/5.0 (iPhone; CPU iPhone OS 13_2_3 like Mac OS X) AppleWebKit/605.1.15 (KHTML, like Gecko) Version/13.0.3 Mobile/15E148 Safari/604.1"
43.166.237.57 - - [26/Apr/2025:09:53:23 -0400] "GET / HTTP/1.1" 200 95883 "https://www.sh-fragrances.com/" "Mozilla/5.0 (iPhone; CPU iPhone OS 13_2_3 like Mac OS X) AppleWebKit/605.1.15 (KHTML, like Gecko) Version/13.0.3 Mobile/15E148 Safari/604.1"
66.29.132.124 - - [26/Apr/2025:10:07:08 -0400] "POST /wp-cron.php?doing_wp_cron=1745676428.8631129264831542968750 HTTP/1.1" 200 0 "-" "WordPress/6.8; https://sh-fragrances.com"
193.176.23.38 - - [26/Apr/2025:10:06:55 -0400] "GET / HTTP/1.0" 200 543557 "https://sh-fragrances.com/" "Mozilla/5.0 (Windows NT 10.0; Win64; x64) AppleWebKit/537.36 (KHTML, like Gecko) Chrome/131.0.0.0 Safari/537.36 Avast/131.0.0.0"
193.176.23.38 - - [26/Apr/2025:10:07:13 -0400] "GET /contact/ HTTP/1.0" 200 134047 "https://sh-fragrances.com/contact/" "Mozilla/5.0 (Windows NT 10.0; Win64; x64) AppleWebKit/537.36 (KHTML, like Gecko) Chrome/131.0.0.0 Safari/537.36 Avast/131.0.0.0"
193.176.23.38 - - [26/Apr/2025:10:07:16 -0400] "POST /wp-admin/admin-ajax.php HTTP/1.0" 200 79 "https://sh-fragrances.com/contact/" "Mozilla/5.0 (Windows NT 10.0; Win64; x64) AppleWebKit/537.36 (KHTML, like Gecko) Chrome/131.0.0.0 Safari/537.36 Avast/131.0.0.0"
66.29.132.124 - - [26/Apr/2025:10:17:50 -0400] "POST /wp-cron.php?doing_wp_cron=1745677069.9221808910369873046875 HTTP/1.1" 200 0 "-" "WordPress/6.8; https://sh-fragrances.com"
69.171.231.10 - - [26/Apr/2025:10:17:35 -0400] "GET /robots.txt HTTP/1.1" 301 1904 "-" "facebookexternalhit/1.1 (+http://www.facebook.com/externalhit_uatext.php)"
69.171.231.10 - - [26/Apr/2025:10:17:51 -0400] "GET /robots.txt HTTP/1.1" 200 2171 "-" "facebookexternalhit/1.1 (+http://www.facebook.com/externalhit_uatext.php)"
85.208.96.196 - - [26/Apr/2025:10:17:52 -0400] "GET /robots.txt HTTP/1.1" 200 553 "-" "Mozilla/5.0 (compatible; SemrushBot/7~bl; +http://www.semrush.com/bot.html)"
185.191.171.14 - - [26/Apr/2025:10:17:54 -0400] "GET /product-type-1/ HTTP/1.1" 200 65001 "-" "Mozilla/5.0 (compatible; SemrushBot/7~bl; +http://www.semrush.com/bot.html)"
4.227.36.125 - - [26/Apr/2025:10:45:13 -0400] "GET /robots.txt HTTP/1.1" 200 0 "http://sh-fragrances.com/robots.txt" "Mozilla/5.0 AppleWebKit/537.36 (KHTML, like Gecko; compatible; GPTBot/1.2; +https://openai.com/gptbot)"
4.227.36.125 - - [26/Apr/2025:10:45:13 -0400] "GET /robots.txt HTTP/1.1" 200 0 "-" "Mozilla/5.0 AppleWebKit/537.36 (KHTML, like Gecko; compatible; GPTBot/1.2; +https://openai.com/gptbot)"
4.227.36.85 - - [26/Apr/2025:10:45:13 -0400] "GET /robots.txt HTTP/1.1" 200 0 "-" "Mozilla/5.0 AppleWebKit/537.36 (KHTML, like Gecko; compatible; GPTBot/1.2; +https://openai.com/gptbot)"
4.227.36.85 - - [26/Apr/2025:10:45:13 -0400] "GET /robots.txt HTTP/1.1" 200 0 "http://www.sh-fragrances.com/robots.txt" "Mozilla/5.0 AppleWebKit/537.36 (KHTML, like Gecko; compatible; GPTBot/1.2; +https://openai.com/gptbot)"
66.29.132.124 - - [26/Apr/2025:10:45:30 -0400] "POST /wp-cron.php?doing_wp_cron=1745678729.8796479701995849609375 HTTP/1.1" 200 0 "-" "WordPress/6.8; https://sh-fragrances.com"
66.249.65.196 - - [26/Apr/2025:10:50:34 -0400] "GET /product/aqua-delight/?action=yith-woocompare-add-product&id=1772 HTTP/1.1" 302 400 "-" "Mozilla/5.0 (Linux; Android 6.0.1; Nexus 5X Build/MMB29P) AppleWebKit/537.36 (KHTML, like Gecko) Chrome/135.0.7049.95 Mobile Safari/537.36 (compatible; Googlebot/2.1; +http://www.google.com/bot.html)"
66.29.132.124 - - [26/Apr/2025:10:53:59 -0400] "POST /wp-cron.php?doing_wp_cron=1745679239.3594200611114501953125 HTTP/1.1" 200 0 "-" "WordPress/6.8; https://sh-fragrances.com"
66.249.65.195 - - [26/Apr/2025:10:53:50 -0400] "GET /product/aqua-delight/ HTTP/1.1" 200 53079 "-" "Mozilla/5.0 (Linux; Android 6.0.1; Nexus 5X Build/MMB29P) AppleWebKit/537.36 (KHTML, like Gecko) Chrome/135.0.7049.95 Mobile Safari/537.36 (compatible; Googlebot/2.1; +http://www.google.com/bot.html)"
66.249.65.195 - - [26/Apr/2025:10:54:45 -0400] "GET /wp-content/plugins/contact-form-7/includes/css/styles.css?ver=6.0.6 HTTP/1.1" 200 890 "https://sh-fragrances.com/product/aqua-delight/" "Mozilla/5.0 (Linux; Android 6.0.1; Nexus 5X Build/MMB29P) AppleWebKit/537.36 (KHTML, like Gecko) Chrome/134.0.6998.165 Mobile Safari/537.36 (compatible; Googlebot/2.1; +http://www.google.com/bot.html)"
196.251.86.177 - - [26/Apr/2025:11:08:01 -0400] "GET / HTTP/1.1" 200 0 "-" "-"
196.251.86.177 - - [26/Apr/2025:11:08:05 -0400] "GET / HTTP/1.1" 200 0 "-" "-"
196.251.86.177 - - [26/Apr/2025:11:08:10 -0400] "GET / HTTP/1.1" 200 0 "-" "-"
196.251.86.177 - - [26/Apr/2025:11:08:14 -0400] "GET / HTTP/1.1" 200 0 "-" "-"
196.251.86.177 - - [26/Apr/2025:11:08:19 -0400] "GET / HTTP/1.1" 200 0 "-" "-"
66.29.132.124 - - [26/Apr/2025:11:08:37 -0400] "POST /wp-cron.php?doing_wp_cron=1745680114.0006830692291259765625 HTTP/1.1" 200 0 "-" "WordPress/6.8; https://sh-fragrances.com"
66.29.132.124 - - [26/Apr/2025:11:46:20 -0400] "POST /wp-cron.php?doing_wp_cron=1745682379.6373739242553710937500 HTTP/1.1" 200 0 "-" "WordPress/6.8; https://sh-fragrances.com"
52.167.144.199 - - [26/Apr/2025:11:46:03 -0400] "GET /sitemap.txt HTTP/1.1" 404 16420 "-" "Mozilla/5.0 AppleWebKit/537.36 (KHTML, like Gecko; compatible; bingbot/2.0; +http://www.bing.com/bingbot.htm) Chrome/116.0.1938.76 Safari/537.36"
66.29.132.124 - - [26/Apr/2025:12:12:45 -0400] "POST /wp-cron.php?doing_wp_cron=1745683965.3589160442352294921875 HTTP/1.1" 200 0 "-" "WordPress/6.8; https://sh-fragrances.com"
207.46.13.54 - - [26/Apr/2025:12:12:26 -0400] "GET /wdt_footers/home-8-footer/ HTTP/1.1" 404 16420 "-" "Mozilla/5.0 AppleWebKit/537.36 (KHTML, like Gecko; compatible; bingbot/2.0; +http://www.bing.com/bingbot.htm) Chrome/116.0.1938.76 Safari/537.36"
40.77.167.47 - - [26/Apr/2025:12:31:58 -0400] "GET /product-category/perfumes/?action=yith-woocompare-add-product&id=1817 HTTP/1.1" 302 400 "-" "Mozilla/5.0 AppleWebKit/537.36 (KHTML, like Gecko; compatible; bingbot/2.0; +http://www.bing.com/bingbot.htm) Chrome/116.0.1938.76 Safari/537.36"
66.29.132.124 - - [26/Apr/2025:12:32:19 -0400] "POST /wp-cron.php?doing_wp_cron=1745685138.9163689613342285156250 HTTP/1.1" 200 0 "-" "WordPress/6.8; https://sh-fragrances.com"
40.77.167.47 - - [26/Apr/2025:12:32:18 -0400] "GET /product-category/perfumes/ HTTP/1.1" 200 57841 "-" "Mozilla/5.0 AppleWebKit/537.36 (KHTML, like Gecko; compatible; bingbot/2.0; +http://www.bing.com/bingbot.htm) Chrome/116.0.1938.76 Safari/537.36"
4.227.36.85 - - [26/Apr/2025:12:38:15 -0400] "GET /robots.txt HTTP/1.1" 200 0 "-" "Mozilla/5.0 AppleWebKit/537.36 (KHTML, like Gecko; compatible; GPTBot/1.2; +https://openai.com/gptbot)"
4.227.36.85 - - [26/Apr/2025:12:38:15 -0400] "GET /robots.txt HTTP/1.1" 200 0 "http://www.sh-fragrances.com/robots.txt" "Mozilla/5.0 AppleWebKit/537.36 (KHTML, like Gecko; compatible; GPTBot/1.2; +https://openai.com/gptbot)"
4.227.36.125 - - [26/Apr/2025:12:38:15 -0400] "GET /robots.txt HTTP/1.1" 200 0 "-" "Mozilla/5.0 AppleWebKit/537.36 (KHTML, like Gecko; compatible; GPTBot/1.2; +https://openai.com/gptbot)"
4.227.36.125 - - [26/Apr/2025:12:38:16 -0400] "GET /robots.txt HTTP/1.1" 200 0 "http://sh-fragrances.com/robots.txt" "Mozilla/5.0 AppleWebKit/537.36 (KHTML, like Gecko; compatible; GPTBot/1.2; +https://openai.com/gptbot)"
66.29.132.124 - - [26/Apr/2025:12:38:26 -0400] "POST /wp-cron.php?doing_wp_cron=1745685505.1003980636596679687500 HTTP/1.1" 200 0 "-" "WordPress/6.8; https://sh-fragrances.com"
66.29.132.124 - - [26/Apr/2025:12:38:26 -0400] "POST /wp-cron.php?doing_wp_cron=1745685505.1038599014282226562500 HTTP/1.1" 200 0 "-" "WordPress/6.8; https://sh-fragrances.com"
40.77.167.75 - - [26/Apr/2025:12:51:10 -0400] "GET /sitemap.txt HTTP/1.1" 404 16420 "-" "Mozilla/5.0 AppleWebKit/537.36 (KHTML, like Gecko; compatible; bingbot/2.0; +http://www.bing.com/bingbot.htm) Chrome/116.0.1938.76 Safari/537.36"
66.29.132.124 - - [26/Apr/2025:12:51:29 -0400] "POST /wp-cron.php?doing_wp_cron=1745686288.6085290908813476562500 HTTP/1.1" 200 0 "-" "WordPress/6.8; https://sh-fragrances.com"
34.230.124.21 - - [26/Apr/2025:12:59:43 -0400] "GET /robots.txt HTTP/1.1" 200 0 "-" "Mozilla/5.0 AppleWebKit/537.36 (KHTML, like Gecko; compatible; Amazonbot/0.1; +https://developer.amazon.com/support/amazonbot) Chrome/119.0.6045.214 Safari/537.36"
66.29.132.124 - - [26/Apr/2025:13:00:00 -0400] "POST /wp-cron.php?doing_wp_cron=1745686800.3900139331817626953125 HTTP/1.1" 200 0 "-" "WordPress/6.8; https://sh-fragrances.com"
66.29.132.124 - - [26/Apr/2025:13:00:00 -0400] "POST /wp-cron.php?doing_wp_cron=1745686800.3892939090728759765625 HTTP/1.1" 200 0 "-" "WordPress/6.8; https://sh-fragrances.com"
34.230.124.21 - - [26/Apr/2025:12:59:53 -0400] "GET /product/sh-fragrances-h1/ HTTP/1.1" 200 0 "-" "Mozilla/5.0 AppleWebKit/537.36 (KHTML, like Gecko; compatible; Amazonbot/0.1; +https://developer.amazon.com/support/amazonbot) Chrome/119.0.6045.214 Safari/537.36"
66.29.132.124 - - [26/Apr/2025:13:01:06 -0400] "POST /wp-cron.php?doing_wp_cron=1745686865.8891329765319824218750 HTTP/1.1" 200 0 "-" "WordPress/6.8; https://sh-fragrances.com"
178.253.43.167 - - [26/Apr/2025:13:01:05 -0400] "POST /xmlrpc.php HTTP/1.1" 200 403 "-" "Mozilla/5.0 (Windows NT 6.1; WOW64; rv:47.0) Gecko/20100101 Firefox/47.0"
2.57.137.23 - - [26/Apr/2025:13:01:13 -0400] "POST /xmlrpc.php HTTP/1.1" 200 403 "-" "Mozilla/5.0 (Windows NT 10.0; Win64; x64) AppleWebKit/537.36 (KHTML, like Gecko) Chrome/57.0.2987.133 Safari/537.36"
167.99.202.6 - - [26/Apr/2025:13:01:17 -0400] "POST /xmlrpc.php HTTP/1.1" 200 403 "-" "Mozilla/5.0 (Windows NT 10.0; Win64; x64; rv:63.0) Gecko/20100101 Firefox/63.0"
39.105.98.129 - - [26/Apr/2025:13:01:32 -0400] "POST /xmlrpc.php HTTP/1.1" 200 403 "-" "Mozilla/5.0 (Windows NT 10.0; Win64; x64) AppleWebKit/537.36 (KHTML, like Gecko) Chrome/64.0.3282.186 Safari/537.36"
66.29.132.124 - - [26/Apr/2025:13:01:40 -0400] "POST /wp-cron.php?doing_wp_cron=1745686900.2827639579772949218750 HTTP/1.1" 200 0 "-" "WordPress/6.8; https://sh-fragrances.com"
152.42.138.226 - - [26/Apr/2025:13:01:39 -0400] "POST /xmlrpc.php HTTP/1.1" 200 403 "-" "Mozilla/5.0 (Windows NT 6.1; WOW64; rv:40.0) Gecko/20100101 Firefox/40.1"
193.104.43.177 - - [26/Apr/2025:13:01:44 -0400] "POST /xmlrpc.php HTTP/1.1" 200 403 "-" "Mozilla/5.0 (Windows NT 6.1; Win64; x64) AppleWebKit/537.36 (KHTML, like Gecko) Chrome/69.0.3497.100 Safari/537.36"
193.202.110.30 - - [26/Apr/2025:13:01:52 -0400] "POST /xmlrpc.php HTTP/1.1" 200 403 "-" "Mozilla/5.0 (Windows NT 10.0; Win64; x64) AppleWebKit/537.36 (KHTML, like Gecko) Chrome/68.0.3440.106 Safari/537.36"
45.156.184.29 - - [26/Apr/2025:13:02:12 -0400] "POST /xmlrpc.php HTTP/1.1" 200 403 "-" "Mozilla/5.0 (Windows NT 6.3; Win64; x64; rv:73.0) Gecko/20100101 Firefox/73.0"
66.29.132.124 - - [26/Apr/2025:13:15:22 -0400] "POST /wp-cron.php?doing_wp_cron=1745687721.6892180442810058593750 HTTP/1.1" 200 0 "-" "WordPress/6.8; https://sh-fragrances.com"
122.51.104.231 - - [26/Apr/2025:13:14:57 -0400] "GET / HTTP/1.1" 200 0 "http://sh-fragrances.com" "Mozilla/5.0 (iPhone; CPU iPhone OS 13_2_3 like Mac OS X) AppleWebKit/605.1.15 (KHTML, like Gecko) Version/13.0.3 Mobile/15E148 Safari/604.1"
188.245.34.253 - - [26/Apr/2025:13:55:27 -0400] "GET /wp-content/uploads/2024/10/IMG-20241105-WA0012-1000x1000.jpg HTTP/1.1" 200 93994 "https://www.google.com/" "Mozilla/5.0 (Linux; Android 11; Infinix X6810 Build/RP1A.200720.011; wv) AppleWebKit/537.36 (KHTML, like Gecko) Version/4.0 Chrome/135.0.7049.100 Mobile Safari/537.36 GoogleApp/16.14.40.ve.arm64 GoogleLens"
188.245.34.253 - - [26/Apr/2025:13:55:33 -0400] "GET /wp-content/uploads/2024/10/IMG-20241105-WA0012-1000x1000.jpg HTTP/1.1" 200 93994 "-" "com.google.android.googlequicksearchbox/301500282 (Linux; U; Android 11; en_US; Infinix X6810; Build/RP1A.200720.011; Cronet/137.0.7104.0)"
23.21.225.190 - - [26/Apr/2025:14:23:40 -0400] "GET /product/signature/ HTTP/1.1" 200 0 "-" "Mozilla/5.0 AppleWebKit/537.36 (KHTML, like Gecko; compatible; Amazonbot/0.1; +https://developer.amazon.com/support/amazonbot) Chrome/119.0.6045.214 Safari/537.36"
66.29.132.124 - - [26/Apr/2025:14:23:54 -0400] "POST /wp-cron.php?doing_wp_cron=1745691833.9544179439544677734375 HTTP/1.1" 200 0 "-" "WordPress/6.8; https://sh-fragrances.com"
4.227.36.125 - - [26/Apr/2025:14:31:54 -0400] "GET /robots.txt HTTP/1.1" 200 0 "http://sh-fragrances.com/robots.txt" "Mozilla/5.0 AppleWebKit/537.36 (KHTML, like Gecko; compatible; GPTBot/1.2; +https://openai.com/gptbot)"
4.227.36.125 - - [26/Apr/2025:14:31:54 -0400] "GET /robots.txt HTTP/1.1" 200 0 "-" "Mozilla/5.0 AppleWebKit/537.36 (KHTML, like Gecko; compatible; GPTBot/1.2; +https://openai.com/gptbot)"
4.227.36.85 - - [26/Apr/2025:14:31:54 -0400] "GET /robots.txt HTTP/1.1" 200 0 "http://www.sh-fragrances.com/robots.txt" "Mozilla/5.0 AppleWebKit/537.36 (KHTML, like Gecko; compatible; GPTBot/1.2; +https://openai.com/gptbot)"
4.227.36.85 - - [26/Apr/2025:14:31:54 -0400] "GET /robots.txt HTTP/1.1" 200 0 "-" "Mozilla/5.0 AppleWebKit/537.36 (KHTML, like Gecko; compatible; GPTBot/1.2; +https://openai.com/gptbot)"
66.29.132.124 - - [26/Apr/2025:14:32:07 -0400] "POST /wp-cron.php?doing_wp_cron=1745692327.5297501087188720703125 HTTP/1.1" 200 0 "-" "WordPress/6.8; https://sh-fragrances.com"
66.29.132.124 - - [26/Apr/2025:14:36:31 -0400] "POST /wp-cron.php?doing_wp_cron=1745692590.6511490345001220703125 HTTP/1.1" 200 0 "-" "WordPress/6.8; https://sh-fragrances.com"
212.118.53.218 - - [26/Apr/2025:14:36:21 -0400] "GET / HTTP/1.1" 200 0 "-" "Mozilla/5.0 (Macintosh; Intel Mac OS X 10_15_7) AppleWebKit/537.36 (KHTML, like Gecko) Chrome/133.0.0.0 Safari/537.36"
66.29.132.124 - - [26/Apr/2025:14:42:43 -0400] "POST /wp-cron.php?doing_wp_cron=1745692963.0057530403137207031250 HTTP/1.1" 200 0 "-" "WordPress/6.8; https://sh-fragrances.com"
57.141.4.3 - - [26/Apr/2025:14:42:26 -0400] "GET /wp-login.php?redirect_to=https%3A%2F%2Fsh-fragrances.com%2Ftop-20-unique-style-cotton-clothes-for-your-kids-2%2F HTTP/1.1" 200 8454 "-" "meta-externalagent/1.1 (+https://developers.facebook.com/docs/sharing/webmasters/crawler)"
66.29.132.124 - - [26/Apr/2025:14:48:27 -0400] "POST /wp-cron.php?doing_wp_cron=1745693306.8974781036376953125000 HTTP/1.1" 200 0 "-" "WordPress/6.8; https://sh-fragrances.com"
34.225.24.180 - - [26/Apr/2025:14:48:23 -0400] "GET /product/inspiration-flora/ HTTP/1.1" 200 67582 "-" "Mozilla/5.0 AppleWebKit/537.36 (KHTML, like Gecko; compatible; Amazonbot/0.1; +https://developer.amazon.com/support/amazonbot) Chrome/119.0.6045.214 Safari/537.36"
66.29.132.124 - - [26/Apr/2025:14:53:40 -0400] "POST /wp-cron.php?doing_wp_cron=1745693619.8585689067840576171875 HTTP/1.1" 200 0 "-" "WordPress/6.8; https://sh-fragrances.com"
43.166.247.82 - - [26/Apr/2025:14:53:30 -0400] "GET / HTTP/1.1" 200 42529 "http://sh-fragrances.com" "Mozilla/5.0 (iPhone; CPU iPhone OS 13_2_3 like Mac OS X) AppleWebKit/605.1.15 (KHTML, like Gecko) Version/13.0.3 Mobile/15E148 Safari/604.1"
66.29.132.124 - - [26/Apr/2025:15:01:03 -0400] "POST /wp-cron.php?doing_wp_cron=1745694062.4924249649047851562500 HTTP/1.1" 200 0 "-" "WordPress/6.8; https://sh-fragrances.com"
66.249.90.131 - - [26/Apr/2025:15:00:45 -0400] "GET / HTTP/1.1" 200 74316 "-" "Mozilla/5.0 (X11; Linux x86_64) AppleWebKit/537.36 (KHTML, like Gecko) Chrome/129.0.0.0 Safari/537.36"
66.29.132.124 - - [26/Apr/2025:15:10:23 -0400] "POST /wp-cron.php?doing_wp_cron=1745694623.3577749729156494140625 HTTP/1.1" 200 0 "-" "WordPress/6.8; https://sh-fragrances.com"
101.33.55.204 - - [26/Apr/2025:15:10:02 -0400] "GET /feed/ HTTP/1.1" 200 7025 "-" "Mozilla/5.0 (iPhone; CPU iPhone OS 13_2_3 like Mac OS X) AppleWebKit/605.1.15 (KHTML, like Gecko) Version/13.0.3 Mobile/15E148 Safari/604.1"
66.29.132.124 - - [26/Apr/2025:15:23:48 -0400] "POST /wp-cron.php?doing_wp_cron=1745695428.3555300235748291015625 HTTP/1.1" 200 0 "-" "WordPress/6.8; https://sh-fragrances.com"
43.153.79.218 - - [26/Apr/2025:15:23:31 -0400] "GET /wp-json/ HTTP/1.1" 200 786432 "-" "Mozilla/5.0 (iPhone; CPU iPhone OS 13_2_3 like Mac OS X) AppleWebKit/605.1.15 (KHTML, like Gecko) Version/13.0.3 Mobile/15E148 Safari/604.1"
3.215.59.93 - - [26/Apr/2025:15:35:36 -0400] "GET /product/blue/ HTTP/1.1" 200 0 "-" "Mozilla/5.0 AppleWebKit/537.36 (KHTML, like Gecko; compatible; Amazonbot/0.1; +https://developer.amazon.com/support/amazonbot) Chrome/119.0.6045.214 Safari/537.36"
66.29.132.124 - - [26/Apr/2025:15:35:54 -0400] "POST /wp-cron.php?doing_wp_cron=1745696154.1335909366607666015625 HTTP/1.1" 200 0 "-" "WordPress/6.8; https://sh-fragrances.com"
43.165.65.75 - - [26/Apr/2025:15:36:10 -0400] "GET /discover-your-ideal-clothing-2/ HTTP/1.1" 200 29964 "-" "Mozilla/5.0 (iPhone; CPU iPhone OS 13_2_3 like Mac OS X) AppleWebKit/605.1.15 (KHTML, like Gecko) Version/13.0.3 Mobile/15E148 Safari/604.1"
107.150.0.65 - - [26/Apr/2025:15:37:32 -0400] "GET /.env HTTP/1.1" 403 1242 "-" "Mozilla/5.0 (Windows NT 10.0; Win64; x64) AppleWebKit/537.36 (KHTML, like Gecko) Chrome/119.0.0.0 Safari/537.36"
107.150.0.65 - - [26/Apr/2025:15:37:34 -0400] "POST / HTTP/1.1" 508 829 "-" "Mozilla/5.0 (Windows NT 10.0; Win64; x64) AppleWebKit/537.36 (KHTML, like Gecko) Chrome/119.0.0.0 Safari/537.36"
66.29.132.124 - - [26/Apr/2025:15:46:36 -0400] "POST /wp-cron.php?doing_wp_cron=1745696796.6735980510711669921875 HTTP/1.1" 200 0 "-" "WordPress/6.8; https://sh-fragrances.com"
43.165.65.75 - - [26/Apr/2025:15:46:31 -0400] "GET /expect-more-from-your-workout-clothes-3/feed/ HTTP/1.1" 200 1017 "-" "Mozilla/5.0 (iPhone; CPU iPhone OS 13_2_3 like Mac OS X) AppleWebKit/605.1.15 (KHTML, like Gecko) Version/13.0.3 Mobile/15E148 Safari/604.1"
66.29.132.124 - - [26/Apr/2025:15:57:07 -0400] "POST /wp-cron.php?doing_wp_cron=1745697426.5797688961029052734375 HTTP/1.1" 200 0 "-" "WordPress/6.8; https://sh-fragrances.com"
43.166.245.120 - - [26/Apr/2025:15:56:52 -0400] "GET /?p=1499 HTTP/1.1" 301 450 "-" "Mozilla/5.0 (iPhone; CPU iPhone OS 13_2_3 like Mac OS X) AppleWebKit/605.1.15 (KHTML, like Gecko) Version/13.0.3 Mobile/15E148 Safari/604.1"
43.166.245.120 - - [26/Apr/2025:15:57:12 -0400] "GET /expect-more-from-your-workout-clothes-3/ HTTP/1.1" 200 30144 "https://sh-fragrances.com/?p=1499" "Mozilla/5.0 (iPhone; CPU iPhone OS 13_2_3 like Mac OS X) AppleWebKit/605.1.15 (KHTML, like Gecko) Version/13.0.3 Mobile/15E148 Safari/604.1"
66.29.132.124 - - [26/Apr/2025:16:02:16 -0400] "POST /wp-cron.php?doing_wp_cron=1745697736.3994209766387939453125 HTTP/1.1" 200 0 "-" "WordPress/6.8; https://sh-fragrances.com"
43.130.228.73 - - [26/Apr/2025:16:02:09 -0400] "GET /?p=1504 HTTP/1.1" 301 450 "-" "Mozilla/5.0 (iPhone; CPU iPhone OS 13_2_3 like Mac OS X) AppleWebKit/605.1.15 (KHTML, like Gecko) Version/13.0.3 Mobile/15E148 Safari/604.1"
43.130.228.73 - - [26/Apr/2025:16:02:21 -0400] "GET /finest-clothing-a-modern-slim-fit-suit/ HTTP/1.1" 200 31058 "https://sh-fragrances.com/?p=1504" "Mozilla/5.0 (iPhone; CPU iPhone OS 13_2_3 like Mac OS X) AppleWebKit/605.1.15 (KHTML, like Gecko) Version/13.0.3 Mobile/15E148 Safari/604.1"
66.29.132.124 - - [26/Apr/2025:16:09:33 -0400] "POST /wp-cron.php?doing_wp_cron=1745698173.3238890171051025390625 HTTP/1.1" 200 0 "-" "WordPress/6.8; https://sh-fragrances.com"
4.227.36.125 - - [26/Apr/2025:16:09:30 -0400] "GET /robots.txt HTTP/1.1" 200 501 "-" "Mozilla/5.0 AppleWebKit/537.36 (KHTML, like Gecko; compatible; GPTBot/1.2; +https://openai.com/gptbot)"
4.227.36.85 - - [26/Apr/2025:16:09:30 -0400] "GET /robots.txt HTTP/1.1" 301 400 "-" "Mozilla/5.0 AppleWebKit/537.36 (KHTML, like Gecko; compatible; GPTBot/1.2; +https://openai.com/gptbot)"
4.227.36.125 - - [26/Apr/2025:16:09:30 -0400] "GET /robots.txt HTTP/1.1" 200 501 "http://sh-fragrances.com/robots.txt" "Mozilla/5.0 AppleWebKit/537.36 (KHTML, like Gecko; compatible; GPTBot/1.2; +https://openai.com/gptbot)"
4.227.36.85 - - [26/Apr/2025:16:09:30 -0400] "GET /robots.txt HTTP/1.1" 301 400 "http://www.sh-fragrances.com/robots.txt" "Mozilla/5.0 AppleWebKit/537.36 (KHTML, like Gecko; compatible; GPTBot/1.2; +https://openai.com/gptbot)"
4.227.36.85 - - [26/Apr/2025:16:09:33 -0400] "GET /robots.txt HTTP/1.1" 200 501 "https://www.sh-fragrances.com/robots.txt" "Mozilla/5.0 AppleWebKit/537.36 (KHTML, like Gecko; compatible; GPTBot/1.2; +https://openai.com/gptbot)"
4.227.36.85 - - [26/Apr/2025:16:09:33 -0400] "GET /robots.txt HTTP/1.1" 200 501 "https://www.sh-fragrances.com/robots.txt" "Mozilla/5.0 AppleWebKit/537.36 (KHTML, like Gecko; compatible; GPTBot/1.2; +https://openai.com/gptbot)"
66.29.132.124 - - [26/Apr/2025:16:09:38 -0400] "POST /wp-cron.php?doing_wp_cron=1745698178.1471540927886962890625 HTTP/1.1" 200 0 "-" "WordPress/6.8; https://sh-fragrances.com"
20.171.207.210 - - [26/Apr/2025:16:09:37 -0400] "GET /robots.txt HTTP/1.1" 301 400 "-" "Mozilla/5.0 AppleWebKit/537.36 (KHTML, like Gecko; compatible; GPTBot/1.2; +https://openai.com/gptbot)"
20.171.207.140 - - [26/Apr/2025:16:09:37 -0400] "GET /product-category/perfumes/ HTTP/1.1" 200 57892 "-" "Mozilla/5.0 AppleWebKit/537.36 (KHTML, like Gecko; compatible; GPTBot/1.2; +https://openai.com/gptbot)"
20.171.207.140 - - [26/Apr/2025:16:09:40 -0400] "GET /?p=1499 HTTP/1.1" 301 400 "-" "Mozilla/5.0 AppleWebKit/537.36 (KHTML, like Gecko; compatible; GPTBot/1.2; +https://openai.com/gptbot)"
20.171.207.140 - - [26/Apr/2025:16:09:42 -0400] "GET /robots.txt HTTP/1.1" 200 501 "-" "Mozilla/5.0 AppleWebKit/537.36 (KHTML, like Gecko; compatible; GPTBot/1.2; +https://openai.com/gptbot)"
20.171.207.140 - - [26/Apr/2025:16:09:45 -0400] "GET /product-category/perfumes/?add-to-cart=1821 HTTP/1.1" 200 57975 "-" "Mozilla/5.0 AppleWebKit/537.36 (KHTML, like Gecko; compatible; GPTBot/1.2; +https://openai.com/gptbot)"
20.171.207.140 - - [26/Apr/2025:16:09:47 -0400] "GET /product-category/perfumes/?add-to-cart=1839 HTTP/1.1" 200 57942 "-" "Mozilla/5.0 AppleWebKit/537.36 (KHTML, like Gecko; compatible; GPTBot/1.2; +https://openai.com/gptbot)"
20.171.207.140 - - [26/Apr/2025:16:09:48 -0400] "GET /product-category/perfumes/?add-to-cart=1819 HTTP/1.1" 200 57933 "-" "Mozilla/5.0 AppleWebKit/537.36 (KHTML, like Gecko; compatible; GPTBot/1.2; +https://openai.com/gptbot)"
20.171.207.140 - - [26/Apr/2025:16:09:50 -0400] "GET /product-category/perfumes/?add-to-cart=1772 HTTP/1.1" 200 57976 "-" "Mozilla/5.0 AppleWebKit/537.36 (KHTML, like Gecko; compatible; GPTBot/1.2; +https://openai.com/gptbot)"
20.171.207.140 - - [26/Apr/2025:16:09:51 -0400] "GET /product-category/perfumes/?add-to-cart=1825 HTTP/1.1" 200 57938 "-" "Mozilla/5.0 AppleWebKit/537.36 (KHTML, like Gecko; compatible; GPTBot/1.2; +https://openai.com/gptbot)"
20.171.207.140 - - [26/Apr/2025:16:09:53 -0400] "GET /product-category/perfumes/?add-to-cart=1829 HTTP/1.1" 200 57945 "-" "Mozilla/5.0 AppleWebKit/537.36 (KHTML, like Gecko; compatible; GPTBot/1.2; +https://openai.com/gptbot)"
20.171.207.140 - - [26/Apr/2025:16:09:54 -0400] "GET /product-category/perfumes/?add-to-cart=1823 HTTP/1.1" 200 57881 "-" "Mozilla/5.0 AppleWebKit/537.36 (KHTML, like Gecko; compatible; GPTBot/1.2; +https://openai.com/gptbot)"
20.171.207.140 - - [26/Apr/2025:16:09:56 -0400] "GET /product-category/perfumes/?add-to-cart=1837 HTTP/1.1" 200 57928 "-" "Mozilla/5.0 AppleWebKit/537.36 (KHTML, like Gecko; compatible; GPTBot/1.2; +https://openai.com/gptbot)"
20.171.207.140 - - [26/Apr/2025:16:09:57 -0400] "GET /product-category/perfumes/?add-to-cart=1817 HTTP/1.1" 200 57977 "-" "Mozilla/5.0 AppleWebKit/537.36 (KHTML, like Gecko; compatible; GPTBot/1.2; +https://openai.com/gptbot)"
20.171.207.140 - - [26/Apr/2025:16:09:58 -0400] "GET /product-category/perfumes/?add-to-cart=1835 HTTP/1.1" 200 57931 "-" "Mozilla/5.0 AppleWebKit/537.36 (KHTML, like Gecko; compatible; GPTBot/1.2; +https://openai.com/gptbot)"
20.171.207.140 - - [26/Apr/2025:16:09:59 -0400] "GET /product-category/perfumes/?add-to-cart=1827 HTTP/1.1" 200 57940 "-" "Mozilla/5.0 AppleWebKit/537.36 (KHTML, like Gecko; compatible; GPTBot/1.2; +https://openai.com/gptbot)"
20.171.207.140 - - [26/Apr/2025:16:10:00 -0400] "GET /product-category/perfumes/?add-to-cart=1831 HTTP/1.1" 200 57915 "-" "Mozilla/5.0 AppleWebKit/537.36 (KHTML, like Gecko; compatible; GPTBot/1.2; +https://openai.com/gptbot)"
20.171.207.140 - - [26/Apr/2025:16:10:01 -0400] "GET /product-category/perfumes/?action=yith-woocompare-add-product&add-to-cart=1821&id=1821 HTTP/1.1" 302 400 "-" "Mozilla/5.0 AppleWebKit/537.36 (KHTML, like Gecko; compatible; GPTBot/1.2; +https://openai.com/gptbot)"
20.171.207.140 - - [26/Apr/2025:16:10:02 -0400] "GET /product-category/perfumes/?action=yith-woocompare-add-product&add-to-cart=1819&id=1819 HTTP/1.1" 302 400 "-" "Mozilla/5.0 AppleWebKit/537.36 (KHTML, like Gecko; compatible; GPTBot/1.2; +https://openai.com/gptbot)"
20.171.207.140 - - [26/Apr/2025:16:10:04 -0400] "GET /product-category/perfumes/?action=yith-woocompare-add-product&add-to-cart=1772&id=1772 HTTP/1.1" 302 400 "-" "Mozilla/5.0 AppleWebKit/537.36 (KHTML, like Gecko; compatible; GPTBot/1.2; +https://openai.com/gptbot)"
20.171.207.140 - - [26/Apr/2025:16:10:05 -0400] "GET /product-category/perfumes/?action=yith-woocompare-add-product&add-to-cart=1839&id=1772 HTTP/1.1" 302 400 "-" "Mozilla/5.0 AppleWebKit/537.36 (KHTML, like Gecko; compatible; GPTBot/1.2; +https://openai.com/gptbot)"
20.171.207.140 - - [26/Apr/2025:16:10:07 -0400] "GET /product-category/perfumes/?action=yith-woocompare-add-product&add-to-cart=1825&id=1829 HTTP/1.1" 302 400 "-" "Mozilla/5.0 AppleWebKit/537.36 (KHTML, like Gecko; compatible; GPTBot/1.2; +https://openai.com/gptbot)"
20.171.207.140 - - [26/Apr/2025:16:10:09 -0400] "GET /product-category/perfumes/?action=yith-woocompare-add-product&add-to-cart=1837&id=1823 HTTP/1.1" 302 400 "-" "Mozilla/5.0 AppleWebKit/537.36 (KHTML, like Gecko; compatible; GPTBot/1.2; +https://openai.com/gptbot)"
20.171.207.140 - - [26/Apr/2025:16:10:11 -0400] "GET /product-category/perfumes/?action=yith-woocompare-add-product&add-to-cart=1817&id=1817 HTTP/1.1" 302 400 "-" "Mozilla/5.0 AppleWebKit/537.36 (KHTML, like Gecko; compatible; GPTBot/1.2; +https://openai.com/gptbot)"
20.171.207.140 - - [26/Apr/2025:16:10:13 -0400] "GET /product-category/perfumes/?action=yith-woocompare-add-product&add-to-cart=1821&id=1835 HTTP/1.1" 302 400 "-" "Mozilla/5.0 AppleWebKit/537.36 (KHTML, like Gecko; compatible; GPTBot/1.2; +https://openai.com/gptbot)"
20.171.207.140 - - [26/Apr/2025:16:10:14 -0400] "GET /product-category/perfumes/?action=yith-woocompare-add-product&add-to-cart=1835&id=1823 HTTP/1.1" 302 400 "-" "Mozilla/5.0 AppleWebKit/537.36 (KHTML, like Gecko; compatible; GPTBot/1.2; +https://openai.com/gptbot)"
20.171.207.140 - - [26/Apr/2025:16:10:16 -0400] "GET /product-category/perfumes/?action=yith-woocompare-add-product&add-to-cart=1831&id=1831 HTTP/1.1" 302 400 "-" "Mozilla/5.0 AppleWebKit/537.36 (KHTML, like Gecko; compatible; GPTBot/1.2; +https://openai.com/gptbot)"
20.171.207.140 - - [26/Apr/2025:16:10:17 -0400] "GET /product-category/perfumes/?action=yith-woocompare-add-product&add-to-cart=1829&id=1839 HTTP/1.1" 302 400 "-" "Mozilla/5.0 AppleWebKit/537.36 (KHTML, like Gecko; compatible; GPTBot/1.2; +https://openai.com/gptbot)"
20.171.207.140 - - [26/Apr/2025:16:10:18 -0400] "GET /product-category/perfumes/?action=yith-woocompare-add-product&add-to-cart=1839&id=1837 HTTP/1.1" 302 400 "-" "Mozilla/5.0 AppleWebKit/537.36 (KHTML, like Gecko; compatible; GPTBot/1.2; +https://openai.com/gptbot)"
20.171.207.140 - - [26/Apr/2025:16:10:20 -0400] "GET /product-category/perfumes/?action=yith-woocompare-add-product&add-to-cart=1825&id=1839 HTTP/1.1" 302 400 "-" "Mozilla/5.0 AppleWebKit/537.36 (KHTML, like Gecko; compatible; GPTBot/1.2; +https://openai.com/gptbot)"
20.171.207.140 - - [26/Apr/2025:16:10:21 -0400] "GET /product-category/perfumes/?action=yith-woocompare-add-product&add-to-cart=1837&id=1819 HTTP/1.1" 302 400 "-" "Mozilla/5.0 AppleWebKit/537.36 (KHTML, like Gecko; compatible; GPTBot/1.2; +https://openai.com/gptbot)"
20.171.207.140 - - [26/Apr/2025:16:10:22 -0400] "GET /product-category/perfumes/?action=yith-woocompare-add-product&add-to-cart=1837&id=1837 HTTP/1.1" 302 400 "-" "Mozilla/5.0 AppleWebKit/537.36 (KHTML, like Gecko; compatible; GPTBot/1.2; +https://openai.com/gptbot)"
20.171.207.140 - - [26/Apr/2025:16:10:23 -0400] "GET /product-category/perfumes/?action=yith-woocompare-add-product&add-to-cart=1839&id=1839 HTTP/1.1" 302 400 "-" "Mozilla/5.0 AppleWebKit/537.36 (KHTML, like Gecko; compatible; GPTBot/1.2; +https://openai.com/gptbot)"
20.171.207.140 - - [26/Apr/2025:16:10:24 -0400] "GET /product-category/perfumes/?action=yith-woocompare-add-product&add-to-cart=1821&id=1837 HTTP/1.1" 302 400 "-" "Mozilla/5.0 AppleWebKit/537.36 (KHTML, like Gecko; compatible; GPTBot/1.2; +https://openai.com/gptbot)"
20.171.207.140 - - [26/Apr/2025:16:10:25 -0400] "GET /product-category/perfumes/?action=yith-woocompare-add-product&add-to-cart=1835&id=1821 HTTP/1.1" 302 400 "-" "Mozilla/5.0 AppleWebKit/537.36 (KHTML, like Gecko; compatible; GPTBot/1.2; +https://openai.com/gptbot)"
20.171.207.140 - - [26/Apr/2025:16:10:26 -0400] "GET /product-category/perfumes/?action=yith-woocompare-add-product&add-to-cart=1817&id=1835 HTTP/1.1" 302 400 "-" "Mozilla/5.0 AppleWebKit/537.36 (KHTML, like Gecko; compatible; GPTBot/1.2; +https://openai.com/gptbot)"
20.171.207.140 - - [26/Apr/2025:16:10:28 -0400] "GET /product-category/perfumes/?action=yith-woocompare-add-product&add-to-cart=1839&id=1819 HTTP/1.1" 302 400 "-" "Mozilla/5.0 AppleWebKit/537.36 (KHTML, like Gecko; compatible; GPTBot/1.2; +https://openai.com/gptbot)"
20.171.207.140 - - [26/Apr/2025:16:10:29 -0400] "GET /product-category/perfumes/?action=yith-woocompare-add-product&add-to-cart=1839&id=1827 HTTP/1.1" 302 400 "-" "Mozilla/5.0 AppleWebKit/537.36 (KHTML, like Gecko; compatible; GPTBot/1.2; +https://openai.com/gptbot)"
20.171.207.140 - - [26/Apr/2025:16:10:30 -0400] "GET /product-category/perfumes/?action=yith-woocompare-add-product&add-to-cart=1819&id=1821 HTTP/1.1" 302 400 "-" "Mozilla/5.0 AppleWebKit/537.36 (KHTML, like Gecko; compatible; GPTBot/1.2; +https://openai.com/gptbot)"
20.171.207.140 - - [26/Apr/2025:16:10:31 -0400] "GET /product-category/perfumes/?action=yith-woocompare-add-product&add-to-cart=1827&id=1823 HTTP/1.1" 302 400 "-" "Mozilla/5.0 AppleWebKit/537.36 (KHTML, like Gecko; compatible; GPTBot/1.2; +https://openai.com/gptbot)"
20.171.207.140 - - [26/Apr/2025:16:10:32 -0400] "GET /product-category/perfumes/?action=yith-woocompare-add-product&add-to-cart=1825&id=1772 HTTP/1.1" 302 400 "-" "Mozilla/5.0 AppleWebKit/537.36 (KHTML, like Gecko; compatible; GPTBot/1.2; +https://openai.com/gptbot)"
20.171.207.140 - - [26/Apr/2025:16:10:33 -0400] "GET /product-category/perfumes/?action=yith-woocompare-add-product&add-to-cart=1829&id=1829 HTTP/1.1" 302 400 "-" "Mozilla/5.0 AppleWebKit/537.36 (KHTML, like Gecko; compatible; GPTBot/1.2; +https://openai.com/gptbot)"
20.171.207.140 - - [26/Apr/2025:16:10:34 -0400] "GET /product-category/perfumes/?action=yith-woocompare-add-product&add-to-cart=1819&id=1817 HTTP/1.1" 302 400 "-" "Mozilla/5.0 AppleWebKit/537.36 (KHTML, like Gecko; compatible; GPTBot/1.2; +https://openai.com/gptbot)"
20.171.207.140 - - [26/Apr/2025:16:10:36 -0400] "GET /product-category/perfumes/?action=yith-woocompare-add-product&add-to-cart=1772&id=1837 HTTP/1.1" 302 400 "-" "Mozilla/5.0 AppleWebKit/537.36 (KHTML, like Gecko; compatible; GPTBot/1.2; +https://openai.com/gptbot)"
20.171.207.140 - - [26/Apr/2025:16:10:37 -0400] "GET /product-category/perfumes/?action=yith-woocompare-add-product&add-to-cart=1829&id=1827 HTTP/1.1" 302 400 "-" "Mozilla/5.0 AppleWebKit/537.36 (KHTML, like Gecko; compatible; GPTBot/1.2; +https://openai.com/gptbot)"
20.171.207.140 - - [26/Apr/2025:16:10:38 -0400] "GET /product-category/perfumes/?action=yith-woocompare-add-product&add-to-cart=1772&id=1829 HTTP/1.1" 302 400 "-" "Mozilla/5.0 AppleWebKit/537.36 (KHTML, like Gecko; compatible; GPTBot/1.2; +https://openai.com/gptbot)"
20.171.207.140 - - [26/Apr/2025:16:10:39 -0400] "GET /product-category/perfumes/?action=yith-woocompare-add-product&add-to-cart=1827&id=1829 HTTP/1.1" 302 400 "-" "Mozilla/5.0 AppleWebKit/537.36 (KHTML, like Gecko; compatible; GPTBot/1.2; +https://openai.com/gptbot)"
20.171.207.140 - - [26/Apr/2025:16:10:40 -0400] "GET /product-category/perfumes/?action=yith-woocompare-add-product&add-to-cart=1827&id=1819 HTTP/1.1" 302 400 "-" "Mozilla/5.0 AppleWebKit/537.36 (KHTML, like Gecko; compatible; GPTBot/1.2; +https://openai.com/gptbot)"
20.171.207.140 - - [26/Apr/2025:16:10:41 -0400] "GET /product-category/perfumes/?action=yith-woocompare-add-product&add-to-cart=1835&id=1827 HTTP/1.1" 302 400 "-" "Mozilla/5.0 AppleWebKit/537.36 (KHTML, like Gecko; compatible; GPTBot/1.2; +https://openai.com/gptbot)"
20.171.207.140 - - [26/Apr/2025:16:10:43 -0400] "GET /product-category/perfumes/?action=yith-woocompare-add-product&add-to-cart=1823&id=1827 HTTP/1.1" 302 400 "-" "Mozilla/5.0 AppleWebKit/537.36 (KHTML, like Gecko; compatible; GPTBot/1.2; +https://openai.com/gptbot)"
20.171.207.140 - - [26/Apr/2025:16:10:44 -0400] "GET /product-category/perfumes/?action=yith-woocompare-add-product&add-to-cart=1827&id=1831 HTTP/1.1" 302 400 "-" "Mozilla/5.0 AppleWebKit/537.36 (KHTML, like Gecko; compatible; GPTBot/1.2; +https://openai.com/gptbot)"
20.171.207.140 - - [26/Apr/2025:16:10:45 -0400] "GET /product-category/perfumes/?action=yith-woocompare-add-product&add-to-cart=1821&id=1772 HTTP/1.1" 302 400 "-" "Mozilla/5.0 AppleWebKit/537.36 (KHTML, like Gecko; compatible; GPTBot/1.2; +https://openai.com/gptbot)"
20.171.207.140 - - [26/Apr/2025:16:10:46 -0400] "GET /product-category/perfumes/?action=yith-woocompare-add-product&add-to-cart=1825&id=1819 HTTP/1.1" 302 400 "-" "Mozilla/5.0 AppleWebKit/537.36 (KHTML, like Gecko; compatible; GPTBot/1.2; +https://openai.com/gptbot)"
20.171.207.140 - - [26/Apr/2025:16:10:47 -0400] "GET /product-category/perfumes/?action=yith-woocompare-add-product&add-to-cart=1837&id=1829 HTTP/1.1" 302 400 "-" "Mozilla/5.0 AppleWebKit/537.36 (KHTML, like Gecko; compatible; GPTBot/1.2; +https://openai.com/gptbot)"
20.171.207.140 - - [26/Apr/2025:16:10:48 -0400] "GET /product-category/perfumes/?action=yith-woocompare-add-product&add-to-cart=1837&id=1772 HTTP/1.1" 302 400 "-" "Mozilla/5.0 AppleWebKit/537.36 (KHTML, like Gecko; compatible; GPTBot/1.2; +https://openai.com/gptbot)"
20.171.207.140 - - [26/Apr/2025:16:10:50 -0400] "GET /product-category/perfumes/?action=yith-woocompare-add-product&add-to-cart=1823&id=1829 HTTP/1.1" 302 400 "-" "Mozilla/5.0 AppleWebKit/537.36 (KHTML, like Gecko; compatible; GPTBot/1.2; +https://openai.com/gptbot)"
20.171.207.140 - - [26/Apr/2025:16:10:51 -0400] "GET /product-category/perfumes/?action=yith-woocompare-add-product&add-to-cart=1825&id=1823 HTTP/1.1" 302 400 "-" "Mozilla/5.0 AppleWebKit/537.36 (KHTML, like Gecko; compatible; GPTBot/1.2; +https://openai.com/gptbot)"
20.171.207.140 - - [26/Apr/2025:16:10:52 -0400] "GET /product-category/perfumes/?action=yith-woocompare-add-product&add-to-cart=1839&id=1825 HTTP/1.1" 302 400 "-" "Mozilla/5.0 AppleWebKit/537.36 (KHTML, like Gecko; compatible; GPTBot/1.2; +https://openai.com/gptbot)"
20.171.207.140 - - [26/Apr/2025:16:10:53 -0400] "GET /product-category/perfumes/?action=yith-woocompare-add-product&add-to-cart=1819&id=1837 HTTP/1.1" 302 400 "-" "Mozilla/5.0 AppleWebKit/537.36 (KHTML, like Gecko; compatible; GPTBot/1.2; +https://openai.com/gptbot)"
20.171.207.140 - - [26/Apr/2025:16:10:54 -0400] "GET /product-category/perfumes/?action=yith-woocompare-add-product&add-to-cart=1829&id=1817 HTTP/1.1" 302 400 "-" "Mozilla/5.0 AppleWebKit/537.36 (KHTML, like Gecko; compatible; GPTBot/1.2; +https://openai.com/gptbot)"
20.171.207.140 - - [26/Apr/2025:16:10:55 -0400] "GET /product-category/perfumes/?action=yith-woocompare-add-product&add-to-cart=1817&id=1819 HTTP/1.1" 302 400 "-" "Mozilla/5.0 AppleWebKit/537.36 (KHTML, like Gecko; compatible; GPTBot/1.2; +https://openai.com/gptbot)"
20.171.207.140 - - [26/Apr/2025:16:10:56 -0400] "GET /product-category/perfumes/?action=yith-woocompare-add-product&add-to-cart=1835&id=1825 HTTP/1.1" 302 400 "-" "Mozilla/5.0 AppleWebKit/537.36 (KHTML, like Gecko; compatible; GPTBot/1.2; +https://openai.com/gptbot)"
20.171.207.140 - - [26/Apr/2025:16:10:58 -0400] "GET /product-category/perfumes/?action=yith-woocompare-add-product&add-to-cart=1835&id=1772 HTTP/1.1" 302 400 "-" "Mozilla/5.0 AppleWebKit/537.36 (KHTML, like Gecko; compatible; GPTBot/1.2; +https://openai.com/gptbot)"
20.171.207.140 - - [26/Apr/2025:16:10:59 -0400] "GET /product-category/perfumes/?action=yith-woocompare-add-product&add-to-cart=1835&id=1831 HTTP/1.1" 302 400 "-" "Mozilla/5.0 AppleWebKit/537.36 (KHTML, like Gecko; compatible; GPTBot/1.2; +https://openai.com/gptbot)"
20.171.207.140 - - [26/Apr/2025:16:11:00 -0400] "GET /product-category/perfumes/?action=yith-woocompare-add-product&add-to-cart=1827&id=1827 HTTP/1.1" 302 400 "-" "Mozilla/5.0 AppleWebKit/537.36 (KHTML, like Gecko; compatible; GPTBot/1.2; +https://openai.com/gptbot)"
20.171.207.140 - - [26/Apr/2025:16:11:01 -0400] "GET /product-category/perfumes/?action=yith-woocompare-add-product&add-to-cart=1823&id=1835 HTTP/1.1" 302 400 "-" "Mozilla/5.0 AppleWebKit/537.36 (KHTML, like Gecko; compatible; GPTBot/1.2; +https://openai.com/gptbot)"
20.171.207.140 - - [26/Apr/2025:16:11:02 -0400] "GET /product-category/perfumes/?action=yith-woocompare-add-product&add-to-cart=1817&id=1839 HTTP/1.1" 302 400 "-" "Mozilla/5.0 AppleWebKit/537.36 (KHTML, like Gecko; compatible; GPTBot/1.2; +https://openai.com/gptbot)"
