17.22.245.111 - - [25/Apr/2025:22:34:07 -0400] "GET /wp-content/plugins/neytri-plus/modules/menu/elementor/widgets/assets/js/header-icons.js?ver=1.0.2 HTTP/1.1" 200 1039 "https://sh-fragrances.com/product/exterior/" "Mozilla/5.0 (Macintosh; Intel Mac OS X 10_15_7) AppleWebKit/605.1.15 (KHTML, like Gecko) Version/17.4 Safari/605.1.15 (Applebot/0.1; +http://www.apple.com/go/applebot)"
17.22.253.228 - - [25/Apr/2025:22:34:08 -0400] "GET /wp-content/plugins/woocommerce/assets/js/frontend/add-to-cart-variation.min.js?ver=9.8.2 HTTP/1.1" 200 4451 "https://sh-fragrances.com/product/exterior/" "Mozilla/5.0 (Macintosh; Intel Mac OS X 10_15_7) AppleWebKit/605.1.15 (KHTML, like Gecko) Version/17.4 Safari/605.1.15 (Applebot/0.1; +http://www.apple.com/go/applebot)"
17.22.253.107 - - [25/Apr/2025:22:34:09 -0400] "GET /wp-content/plugins/elementor/assets/js/webpack.runtime.min.js?ver=3.28.4 HTTP/1.1" 200 2496 "https://sh-fragrances.com/product/exterior/" "Mozilla/5.0 (Macintosh; Intel Mac OS X 10_15_7) AppleWebKit/605.1.15 (KHTML, like Gecko) Version/17.4 Safari/605.1.15 (Applebot/0.1; +http://www.apple.com/go/applebot)"
17.22.245.170 - - [25/Apr/2025:22:34:09 -0400] "GET /wp-includes/js/jquery/ui/core.min.js?ver=1.13.3 HTTP/1.1" 200 7941 "https://sh-fragrances.com/product/exterior/" "Mozilla/5.0 (Macintosh; Intel Mac OS X 10_15_7) AppleWebKit/605.1.15 (KHTML, like Gecko) Version/17.4 Safari/605.1.15 (Applebot/0.1; +http://www.apple.com/go/applebot)"
17.22.253.40 - - [25/Apr/2025:22:34:09 -0400] "GET /wp-content/plugins/elementor/assets/js/frontend-modules.min.js?ver=3.28.4 HTTP/1.1" 200 17170 "https://sh-fragrances.com/product/exterior/" "Mozilla/5.0 (Macintosh; Intel Mac OS X 10_15_7) AppleWebKit/605.1.15 (KHTML, like Gecko) Version/17.4 Safari/605.1.15 (Applebot/0.1; +http://www.apple.com/go/applebot)"
17.22.253.38 - - [25/Apr/2025:22:34:10 -0400] "GET /wp-content/plugins/elementor/assets/js/frontend.min.js?ver=3.28.4 HTTP/1.1" 200 15618 "https://sh-fragrances.com/product/exterior/" "Mozilla/5.0 (Macintosh; Intel Mac OS X 10_15_7) AppleWebKit/605.1.15 (KHTML, like Gecko) Version/17.4 Safari/605.1.15 (Applebot/0.1; +http://www.apple.com/go/applebot)"
17.22.237.102 - - [25/Apr/2025:22:34:11 -0400] "GET /wp-content/plugins/wedesigntech-elementor-addon/assets/js/parallax-scroll.min.js?ver=1.0.0 HTTP/1.1" 200 1401 "https://sh-fragrances.com/product/exterior/" "Mozilla/5.0 (Macintosh; Intel Mac OS X 10_15_7) AppleWebKit/605.1.15 (KHTML, like Gecko) Version/17.4 Safari/605.1.15 (Applebot/0.1; +http://www.apple.com/go/applebot)"
17.22.237.65 - - [25/Apr/2025:22:34:11 -0400] "GET /wp-content/plugins/wedesigntech-elementor-addon/inc/core/sections/assets/js/script.js?ver=1.0.0 HTTP/1.1" 200 3941 "https://sh-fragrances.com/product/exterior/" "Mozilla/5.0 (Macintosh; Intel Mac OS X 10_15_7) AppleWebKit/605.1.15 (KHTML, like Gecko) Version/17.4 Safari/605.1.15 (Applebot/0.1; +http://www.apple.com/go/applebot)"
17.22.253.107 - - [25/Apr/2025:22:34:12 -0400] "GET /wp-content/plugins/wedesigntech-elementor-addon/inc/core/widgets/assets/js/script.js?ver=1.0.0 HTTP/1.1" 200 5878 "https://sh-fragrances.com/product/exterior/" "Mozilla/5.0 (Macintosh; Intel Mac OS X 10_15_7) AppleWebKit/605.1.15 (KHTML, like Gecko) Version/17.4 Safari/605.1.15 (Applebot/0.1; +http://www.apple.com/go/applebot)"
17.22.245.155 - - [25/Apr/2025:22:34:12 -0400] "GET /wp-content/plugins/wedesigntech-elementor-addon/assets/js/parallax.min.js?ver=1.0.0 HTTP/1.1" 200 3119 "https://sh-fragrances.com/product/exterior/" "Mozilla/5.0 (Macintosh; Intel Mac OS X 10_15_7) AppleWebKit/605.1.15 (KHTML, like Gecko) Version/17.4 Safari/605.1.15 (Applebot/0.1; +http://www.apple.com/go/applebot)"
17.22.253.40 - - [25/Apr/2025:22:34:12 -0400] "GET /wp-content/plugins/pro-elements/assets/js/webpack-pro.runtime.min.js?ver=3.24.4 HTTP/1.1" 200 2914 "https://sh-fragrances.com/product/exterior/" "Mozilla/5.0 (Macintosh; Intel Mac OS X 10_15_7) AppleWebKit/605.1.15 (KHTML, like Gecko) Version/17.4 Safari/605.1.15 (Applebot/0.1; +http://www.apple.com/go/applebot)"
17.22.253.38 - - [25/Apr/2025:22:34:13 -0400] "GET /wp-content/plugins/pro-elements/assets/js/frontend.min.js?ver=3.24.4 HTTP/1.1" 200 7773 "https://sh-fragrances.com/product/exterior/" "Mozilla/5.0 (Macintosh; Intel Mac OS X 10_15_7) AppleWebKit/605.1.15 (KHTML, like Gecko) Version/17.4 Safari/605.1.15 (Applebot/0.1; +http://www.apple.com/go/applebot)"
17.22.237.65 - - [25/Apr/2025:22:34:14 -0400] "GET /wp-includes/js/comment-reply.min.js?ver=6.8 HTTP/1.1" 200 1422 "https://sh-fragrances.com/product/exterior/" "Mozilla/5.0 (Macintosh; Intel Mac OS X 10_15_7) AppleWebKit/605.1.15 (KHTML, like Gecko) Version/17.4 Safari/605.1.15 (Applebot/0.1; +http://www.apple.com/go/applebot)"
17.22.245.20 - - [25/Apr/2025:22:34:14 -0400] "GET /wp-content/plugins/pro-elements/assets/js/elements-handlers.min.js?ver=3.24.4 HTTP/1.1" 200 11915 "https://sh-fragrances.com/product/exterior/" "Mozilla/5.0 (Macintosh; Intel Mac OS X 10_15_7) AppleWebKit/605.1.15 (KHTML, like Gecko) Version/17.4 Safari/605.1.15 (Applebot/0.1; +http://www.apple.com/go/applebot)"
17.22.253.23 - - [25/Apr/2025:22:34:14 -0400] "GET /wp-content/plugins/woocommerce/assets/css/woocommerce-smallscreen.css?ver=9.8.2 HTTP/1.1" 200 1448 "https://sh-fragrances.com/product/exterior/" "Mozilla/5.0 (Macintosh; Intel Mac OS X 10_15_7) AppleWebKit/605.1.15 (KHTML, like Gecko) Version/17.4 Safari/605.1.15 (Applebot/0.1; +http://www.apple.com/go/applebot)"
17.22.237.102 - - [25/Apr/2025:22:34:15 -0400] "GET /wp-content/plugins/elementor/assets/lib/share-link/share-link.min.js?ver=3.28.4 HTTP/1.1" 200 1220 "https://sh-fragrances.com/product/exterior/" "Mozilla/5.0 (Macintosh; Intel Mac OS X 10_15_7) AppleWebKit/605.1.15 (KHTML, like Gecko) Version/17.4 Safari/605.1.15 (Applebot/0.1; +http://www.apple.com/go/applebot)"
40.123.38.81 - - [25/Apr/2025:21:43:49 -0400] "GET /colour.php HTTP/1.1" 404 85420 "-" "-"
40.123.38.81 - - [25/Apr/2025:21:43:51 -0400] "GET /files.php HTTP/1.1" 404 85420 "-" "-"
40.123.38.81 - - [25/Apr/2025:21:43:52 -0400] "GET /install.php HTTP/1.1" 404 85420 "-" "-"
40.123.38.81 - - [25/Apr/2025:21:43:53 -0400] "GET /wp-contentt.php HTTP/1.1" 404 85420 "-" "-"
40.123.38.81 - - [25/Apr/2025:21:43:54 -0400] "GET /config.php7 HTTP/1.1" 404 85420 "-" "-"
40.123.38.81 - - [25/Apr/2025:21:43:55 -0400] "GET /config.php HTTP/1.1" 404 85420 "-" "-"
40.123.38.81 - - [25/Apr/2025:21:43:56 -0400] "GET /theme.php HTTP/1.1" 404 85420 "-" "-"
40.123.38.81 - - [25/Apr/2025:21:43:57 -0400] "GET /block-bindings.php HTTP/1.1" 404 85420 "-" "-"
40.123.38.81 - - [25/Apr/2025:21:43:58 -0400] "GET /class_api.php HTTP/1.1" 404 85420 "-" "-"
40.123.38.81 - - [25/Apr/2025:21:43:59 -0400] "GET /inputs.php HTTP/1.1" 404 85420 "-" "-"
40.123.38.81 - - [25/Apr/2025:21:44:00 -0400] "GET /root.php HTTP/1.1" 404 85420 "-" "-"
40.123.38.81 - - [25/Apr/2025:21:44:01 -0400] "GET /menu.php HTTP/1.1" 404 85420 "-" "-"
40.123.38.81 - - [25/Apr/2025:21:44:02 -0400] "GET /plugin.php HTTP/1.1" 404 85420 "-" "-"
40.123.38.81 - - [25/Apr/2025:21:44:03 -0400] "GET /cloud.php HTTP/1.1" 404 85420 "-" "-"
40.123.38.81 - - [25/Apr/2025:21:44:03 -0400] "GET /configs.php HTTP/1.1" 404 85420 "-" "-"
40.123.38.81 - - [25/Apr/2025:21:44:04 -0400] "GET /wp-configs.php HTTP/1.1" 404 85420 "-" "-"
40.123.38.81 - - [25/Apr/2025:21:44:05 -0400] "GET /update.php HTTP/1.1" 404 85420 "-" "-"
40.123.38.81 - - [25/Apr/2025:21:44:07 -0400] "GET /2.php HTTP/1.1" 404 85420 "-" "-"
40.123.38.81 - - [25/Apr/2025:21:44:07 -0400] "GET /input.php HTTP/1.1" 404 85420 "-" "-"
40.123.38.81 - - [25/Apr/2025:21:44:08 -0400] "GET /aaa.php HTTP/1.1" 404 85420 "-" "-"
66.29.132.124 - - [25/Apr/2025:21:59:08 -0400] "POST /wp-cron.php?doing_wp_cron=1745632748.3259348869323730468750 HTTP/1.1" 200 0 "-" "WordPress/6.8; https://sh-fragrances.com"
57.141.4.24 - - [25/Apr/2025:21:58:52 -0400] "GET /sitemap.xml HTTP/1.1" 301 1904 "-" "meta-externalagent/1.1 (+https://developers.facebook.com/docs/sharing/webmasters/crawler)"
57.141.4.23 - - [25/Apr/2025:21:59:11 -0400] "GET /wp-sitemap.xml HTTP/1.1" 200 3092 "-" "meta-externalagent/1.1 (+https://developers.facebook.com/docs/sharing/webmasters/crawler)"
66.29.132.124 - - [25/Apr/2025:21:59:59 -0400] "POST /wp-cron.php?doing_wp_cron=1745632799.2969388961791992187500 HTTP/1.1" 200 0 "-" "WordPress/6.8; https://sh-fragrances.com"
43.130.78.203 - - [25/Apr/2025:21:59:58 -0400] "GET / HTTP/1.1" 200 95886 "http://sh-fragrances.com" "Mozilla/5.0 (iPhone; CPU iPhone OS 13_2_3 like Mac OS X) AppleWebKit/605.1.15 (KHTML, like Gecko) Version/13.0.3 Mobile/15E148 Safari/604.1"
17.22.237.65 - - [25/Apr/2025:22:34:16 -0400] "GET /wp-content/plugins/elementor/assets/lib/dialog/dialog.min.js?ver=4.9.3 HTTP/1.1" 200 4112 "https://sh-fragrances.com/product/exterior/" "Mozilla/5.0 (Macintosh; Intel Mac OS X 10_15_7) AppleWebKit/605.1.15 (KHTML, like Gecko) Version/17.4 Safari/605.1.15 (Applebot/0.1; +http://www.apple.com/go/applebot)"
17.22.245.20 - - [25/Apr/2025:22:34:16 -0400] "GET /wp-content/plugins/elementor/assets/css/conditionals/dialog.min.css?ver=3.28.4 HTTP/1.1" 200 1837 "https://sh-fragrances.com/product/exterior/" "Mozilla/5.0 (Macintosh; Intel Mac OS X 10_15_7) AppleWebKit/605.1.15 (KHTML, like Gecko) Version/17.4 Safari/605.1.15 (Applebot/0.1; +http://www.apple.com/go/applebot)"
17.22.253.23 - - [25/Apr/2025:22:34:16 -0400] "GET /wp-content/plugins/elementor/assets/js/lightbox.f3fa607b705962362647.bundle.min.js HTTP/1.1" 200 10657 "https://sh-fragrances.com/product/exterior/" "Mozilla/5.0 (Macintosh; Intel Mac OS X 10_15_7) AppleWebKit/605.1.15 (KHTML, like Gecko) Version/17.4 Safari/605.1.15 (Applebot/0.1; +http://www.apple.com/go/applebot)"
17.22.245.236 - - [25/Apr/2025:22:34:17 -0400] "GET /wp-content/uploads/elementor/css/custom-lightbox.min.css?ver=3.28.4 HTTP/1.1" 200 2293 "https://sh-fragrances.com/product/exterior/" "Mozilla/5.0 (Macintosh; Intel Mac OS X 10_15_7) AppleWebKit/605.1.15 (KHTML, like Gecko) Version/17.4 Safari/605.1.15 (Applebot/0.1; +http://www.apple.com/go/applebot)"
17.22.253.40 - - [25/Apr/2025:22:34:18 -0400] "GET /wp-content/plugins/elementor/assets/lib/swiper/v8/css/swiper.min.css?ver=8.4.5 HTTP/1.1" 200 5176 "https://sh-fragrances.com/product/exterior/" "Mozilla/5.0 (Macintosh; Intel Mac OS X 10_15_7) AppleWebKit/605.1.15 (KHTML, like Gecko) Version/17.4 Safari/605.1.15 (Applebot/0.1; +http://www.apple.com/go/applebot)"
17.22.245.160 - - [25/Apr/2025:22:34:19 -0400] "GET /wp-content/plugins/elementor/assets/js/text-editor.c084ef86600b6f11690d.bundle.min.js HTTP/1.1" 200 704 "https://sh-fragrances.com/product/exterior/" "Mozilla/5.0 (Macintosh; Intel Mac OS X 10_15_7) AppleWebKit/605.1.15 (KHTML, like Gecko) Version/17.4 Safari/605.1.15 (Applebot/0.1; +http://www.apple.com/go/applebot)"
66.29.132.124 - - [25/Apr/2025:22:34:25 -0400] "POST /wp-cron.php?doing_wp_cron=1745634864.7119328975677490234375 HTTP/1.1" 200 0 "-" "WordPress/6.8; https://sh-fragrances.com"
17.22.237.65 - - [25/Apr/2025:22:34:19 -0400] "POST /?wc-ajax=get_refreshed_fragments HTTP/1.1" 200 3954 "https://sh-fragrances.com/product/exterior/" "Mozilla/5.0 (Macintosh; Intel Mac OS X 10_15_7) AppleWebKit/605.1.15 (KHTML, like Gecko) Version/17.4 Safari/605.1.15 (Applebot/0.1; +http://www.apple.com/go/applebot)"
66.29.132.124 - - [25/Apr/2025:23:03:08 -0400] "POST /wp-cron.php?doing_wp_cron=1745636588.7248759269714355468750 HTTP/1.1" 200 0 "-" "WordPress/6.8; https://sh-fragrances.com"
52.208.151.205 - - [25/Apr/2025:23:02:59 -0400] "GET / HTTP/1.1" 200 96247 "-" "Mozilla/5.0 (Windows NT 6.1; WOW64) AppleWebKit/537.36 (KHTML, like Gecko) Chrome/36.0.1985.67 Safari/537.36"
66.29.132.124 - - [25/Apr/2025:23:08:00 -0400] "POST /wp-cron.php?doing_wp_cron=1745636880.5652019977569580078125 HTTP/1.1" 200 0 "-" "WordPress/6.8; https://sh-fragrances.com"
4.227.36.81 - - [25/Apr/2025:23:07:57 -0400] "GET /robots.txt HTTP/1.1" 200 501 "-" "Mozilla/5.0 AppleWebKit/537.36 (KHTML, like Gecko; compatible; GPTBot/1.2; +https://openai.com/gptbot)"
52.167.144.198 - - [25/Apr/2025:23:07:56 -0400] "GET /wp-json/wp/v2/categories/1 HTTP/1.1" 200 2558 "-" "Mozilla/5.0 AppleWebKit/537.36 (KHTML, like Gecko; compatible; bingbot/2.0; +http://www.bing.com/bingbot.htm) Chrome/116.0.1938.76 Safari/537.36"
66.29.132.124 - - [25/Apr/2025:23:14:26 -0400] "POST /wp-cron.php?doing_wp_cron=1745637266.0525310039520263671875 HTTP/1.1" 200 0 "-" "WordPress/6.8; https://sh-fragrances.com"
66.249.65.194 - - [25/Apr/2025:23:14:22 -0400] "GET /product/signature/ HTTP/1.1" 200 53049 "-" "Mozilla/5.0 (Linux; Android 6.0.1; Nexus 5X Build/MMB29P) AppleWebKit/537.36 (KHTML, like Gecko) Chrome/135.0.7049.95 Mobile Safari/537.36 (compatible; Googlebot/2.1; +http://www.google.com/bot.html)"
66.29.132.124 - - [25/Apr/2025:23:16:29 -0400] "POST /wp-cron.php?doing_wp_cron=1745637389.3276140689849853515625 HTTP/1.1" 200 0 "-" "WordPress/6.8; https://sh-fragrances.com"
77.55.253.208 - - [25/Apr/2025:23:16:26 -0400] "POST /xmlrpc.php HTTP/1.1" 200 403 "-" "Mozilla/5.0 (Linux; Android 10; SM-G960U) AppleWebKit/537.36 (KHTML, like Gecko) Chrome/91.0.4472.114 Mobile Safari/537.36"
167.99.202.6 - - [25/Apr/2025:23:16:28 -0400] "POST /xmlrpc.php HTTP/1.1" 200 403 "-" "Mozilla/5.0 (Linux; Android 10; LM-Q720) AppleWebKit/537.36 (KHTML, like Gecko) Chrome/91.0.4472.114 Mobile Safari/537.36"
66.29.132.124 - - [25/Apr/2025:23:16:49 -0400] "POST /wp-cron.php?doing_wp_cron=1745637409.0352640151977539062500 HTTP/1.1" 200 0 "-" "WordPress/6.8; https://sh-fragrances.com"
208.113.188.105 - - [25/Apr/2025:23:16:48 -0400] "POST /xmlrpc.php HTTP/1.1" 200 403 "-" "Mozilla/5.0 (Windows NT 10.0; Win64; x64; rv:60.0) Gecko/20100101 Firefox/60.0"
45.58.159.50 - - [25/Apr/2025:23:16:50 -0400] "POST /xmlrpc.php HTTP/1.1" 200 403 "-" "Mozilla/5.0 (Linux; Android 10; LM-Q720) AppleWebKit/537.36 (KHTML, like Gecko) Chrome/91.0.4472.114 Mobile Safari/537.36"
149.50.147.180 - - [25/Apr/2025:23:16:53 -0400] "POST /xmlrpc.php HTTP/1.1" 200 403 "-" "Mozilla/5.0 (Linux; Android 6.0.1; RedMi Note 5 Build/RB3N5C; wv) AppleWebKit/537.36 (KHTML, like Gecko) Version/4.0 Chrome/68.0.3440.91 Mobile Safari/537.36"
27.254.86.43 - - [25/Apr/2025:23:16:54 -0400] "POST /xmlrpc.php HTTP/1.1" 200 403 "-" "Mozilla/5.0 (Windows NT 10.0; Win64; x64) AppleWebKit/537.36 (KHTML, like Gecko) Chrome/79.0.3945.130 Safari/537.36"
91.134.248.245 - - [25/Apr/2025:23:16:57 -0400] "POST /xmlrpc.php HTTP/1.1" 200 403 "-" "Mozilla/5.0 (Windows NT 6.1; WOW64; rv:45.0) Gecko/20100101 Firefox/45.0"
88.99.254.125 - - [25/Apr/2025:23:17:10 -0400] "POST /xmlrpc.php HTTP/1.1" 200 403 "-" "Mozilla/5.0 (Windows NT 10.0; Win64; x64) AppleWebKit/537.36 (KHTML, like Gecko) Chrome/83.0.4103.116 Safari/537.36"
116.118.49.45 - - [25/Apr/2025:23:17:15 -0400] "POST /xmlrpc.php HTTP/1.1" 200 403 "-" "Mozilla/5.0 (Linux; Android 10; SM-A205U) AppleWebKit/537.36 (KHTML, like Gecko) Chrome/91.0.4472.114 Mobile Safari/537.36"
91.134.248.230 - - [25/Apr/2025:23:17:20 -0400] "POST /xmlrpc.php HTTP/1.1" 200 403 "-" "Mozilla/5.0 (Windows NT 10.0; Win64; x64) AppleWebKit/537.36 (KHTML, like Gecko) Chrome/70.0.3538.102 Safari/537.36"
52.167.144.226 - - [25/Apr/2025:23:43:59 -0400] "GET /my-shop/?action=yith-woocompare-add-product&id=1839 HTTP/1.1" 302 400 "-" "Mozilla/5.0 AppleWebKit/537.36 (KHTML, like Gecko; compatible; bingbot/2.0; +http://www.bing.com/bingbot.htm) Chrome/116.0.1938.76 Safari/537.36"
66.29.132.124 - - [25/Apr/2025:23:44:21 -0400] "POST /wp-cron.php?doing_wp_cron=1745639061.0041210651397705078125 HTTP/1.1" 200 0 "-" "WordPress/6.8; https://sh-fragrances.com"
52.167.144.226 - - [25/Apr/2025:23:44:19 -0400] "GET /my-shop/ HTTP/1.1" 200 51791 "-" "Mozilla/5.0 AppleWebKit/537.36 (KHTML, like Gecko; compatible; bingbot/2.0; +http://www.bing.com/bingbot.htm) Chrome/116.0.1938.76 Safari/537.36"
66.29.132.124 - - [25/Apr/2025:23:53:34 -0400] "POST /wp-cron.php?doing_wp_cron=1745639614.5733480453491210937500 HTTP/1.1" 200 0 "-" "WordPress/6.8; https://sh-fragrances.com"
66.249.65.194 - - [25/Apr/2025:23:53:18 -0400] "GET /product/exterior/ HTTP/1.1" 200 53089 "-" "Mozilla/5.0 (Linux; Android 6.0.1; Nexus 5X Build/MMB29P) AppleWebKit/537.36 (KHTML, like Gecko) Chrome/135.0.7049.95 Mobile Safari/537.36 (compatible; Googlebot/2.1; +http://www.google.com/bot.html)"
66.249.65.195 - - [25/Apr/2025:23:53:47 -0400] "GET /wp-content/plugins/pro-elements/assets/js/webpack-pro.runtime.min.js?ver=3.24.4 HTTP/1.1" 200 2606 "https://sh-fragrances.com/product/exterior/" "Mozilla/5.0 (Linux; Android 6.0.1; Nexus 5X Build/MMB29P) AppleWebKit/537.36 (KHTML, like Gecko) Chrome/134.0.6998.165 Mobile Safari/537.36 (compatible; Googlebot/2.1; +http://www.google.com/bot.html)"
66.249.65.194 - - [25/Apr/2025:23:53:56 -0400] "GET /wp-includes/css/dist/block-library/style.min.css?ver=6.8 HTTP/1.1" 200 14358 "https://sh-fragrances.com/product/exterior/" "Mozilla/5.0 (Linux; Android 6.0.1; Nexus 5X Build/MMB29P) AppleWebKit/537.36 (KHTML, like Gecko) Chrome/134.0.6998.165 Mobile Safari/537.36 (compatible; Googlebot/2.1; +http://www.google.com/bot.html)"
35.204.53.168 - - [25/Apr/2025:23:59:58 -0400] "GET /media/system/js/core.js HTTP/1.1" 200 0 "http://sh-fragrances.com/media/system/js/core.js" "Mozilla/5.0 (Macintosh; Intel Mac OS X 10_10_1) AppleWebKit/537.36 (KHTML, like Gecko) Chrome/39.0.2171.95 Safari/537.36"
66.29.132.124 - - [26/Apr/2025:00:00:16 -0400] "POST /wp-cron.php?doing_wp_cron=1745640014.5033719539642333984375 HTTP/1.1" 200 0 "-" "WordPress/6.8; https://sh-fragrances.com"
3.15.139.248 - - [26/Apr/2025:00:51:53 -0400] "GET /robots.txt HTTP/1.1" 200 0 "-" "Mozilla/5.0 AppleWebKit/537.36 (KHTML, like Gecko; compatible; ClaudeBot/1.0; +claudebot@anthropic.com)"
66.29.132.124 - - [26/Apr/2025:00:52:24 -0400] "POST /wp-cron.php?doing_wp_cron=1745643143.3399410247802734375000 HTTP/1.1" 200 0 "-" "WordPress/6.8; https://sh-fragrances.com"
107.150.0.65 - - [26/Apr/2025:01:04:23 -0400] "GET /.env HTTP/1.1" 403 1242 "-" "Mozilla/5.0 (Windows NT 10.0; Win64; x64) AppleWebKit/537.36 (KHTML, like Gecko) Chrome/119.0.0.0 Safari/537.36"
107.150.0.65 - - [26/Apr/2025:01:04:25 -0400] "POST / HTTP/1.1" 508 829 "-" "Mozilla/5.0 (Windows NT 10.0; Win64; x64) AppleWebKit/537.36 (KHTML, like Gecko) Chrome/119.0.0.0 Safari/537.36"
85.208.96.195 - - [26/Apr/2025:01:09:42 -0400] "GET /robots.txt HTTP/1.1" 200 0 "-" "Mozilla/5.0 (compatible; SemrushBot/7~bl; +http://www.semrush.com/bot.html)"
85.208.96.195 - - [26/Apr/2025:01:10:00 -0400] "GET /robots.txt HTTP/1.1" 200 553 "-" "Mozilla/5.0 (compatible; SemrushBot/7~bl; +http://www.semrush.com/bot.html)"
66.29.132.124 - - [26/Apr/2025:01:10:11 -0400] "POST /wp-cron.php?doing_wp_cron=1745644207.3723039627075195312500 HTTP/1.1" 200 0 "-" "WordPress/6.8; https://sh-fragrances.com"
66.29.132.124 - - [26/Apr/2025:01:10:11 -0400] "POST /wp-cron.php?doing_wp_cron=1745644207.3565011024475097656250 HTTP/1.1" 200 0 "-" "WordPress/6.8; https://sh-fragrances.com"
66.29.132.124 - - [26/Apr/2025:01:29:12 -0400] "POST /wp-cron.php?doing_wp_cron=1745645351.5136690139770507812500 HTTP/1.1" 200 0 "-" "WordPress/6.8; https://sh-fragrances.com"
51.222.253.19 - - [26/Apr/2025:01:28:51 -0400] "GET /product/fruity-one/?add-to-cart=1829 HTTP/1.1" 200 31230 "-" "Mozilla/5.0 (compatible; AhrefsBot/7.0; +http://ahrefs.com/robot/)"
138.246.253.24 - - [26/Apr/2025:02:16:20 -0400] "GET /robots.txt HTTP/1.1" 200 0 "-" "Mozilla/5.0 (Windows NT 10.0; Win64; x64) AppleWebKit/537.36 (KHTML, like Gecko) Chrome/103.0.5060.134 Safari/537.36"
66.29.132.124 - - [26/Apr/2025:02:16:44 -0400] "POST /wp-cron.php?doing_wp_cron=1745648202.4744949340820312500000 HTTP/1.1" 200 0 "-" "WordPress/6.8; https://sh-fragrances.com"
88.99.254.125 - - [26/Apr/2025:02:17:24 -0400] "POST /xmlrpc.php HTTP/1.1" 200 403 "-" "Mozilla/5.0 (Windows NT 10.0; Win64; x64) AppleWebKit/537.36 (KHTML, like Gecko) Chrome/84.0.4147.105 Safari/537.36"
88.99.254.125 - - [26/Apr/2025:02:17:26 -0400] "POST /xmlrpc.php HTTP/1.1" 200 403 "-" "Mozilla/5.0 (Linux; Android 6.0.1; RedMi Note 5 Build/RB3N5C; wv) AppleWebKit/537.36 (KHTML, like Gecko) Version/4.0 Chrome/68.0.3440.91 Mobile Safari/537.36"
116.118.49.45 - - [26/Apr/2025:02:17:37 -0400] "POST /xmlrpc.php HTTP/1.1" 200 403 "-" "Mozilla/5.0 (Windows NT 10.0; Win64; x64; rv:59.0) Gecko/20100101 Firefox/59.0"
88.99.254.125 - - [26/Apr/2025:02:17:41 -0400] "POST /xmlrpc.php HTTP/1.1" 200 403 "-" "Mozilla/5.0 (Windows NT 6.1; Win64; x64) AppleWebKit/537.36 (KHTML, like Gecko) Chrome/69.0.3497.100 Safari/537.36"
66.29.132.124 - - [26/Apr/2025:02:17:47 -0400] "POST /wp-cron.php?doing_wp_cron=1745648262.7638840675354003906250 HTTP/1.1" 200 0 "-" "WordPress/6.8; https://sh-fragrances.com"
103.127.96.130 - - [26/Apr/2025:02:17:52 -0400] "POST /xmlrpc.php HTTP/1.1" 200 403 "-" "Mozilla/5.0 (Linux; Android 6.0.1; RedMi Note 5 Build/RB3N5C; wv) AppleWebKit/537.36 (KHTML, like Gecko) Version/4.0 Chrome/68.0.3440.91 Mobile Safari/537.36"
185.164.72.120 - - [26/Apr/2025:02:17:52 -0400] "POST /xmlrpc.php HTTP/1.1" 200 403 "-" "Mozilla/5.0 (Macintosh; Intel Mac OS X 10_10; rv:33.0) Gecko/20100101 Firefox/33.0"
195.130.127.110 - - [26/Apr/2025:02:18:04 -0400] "POST /xmlrpc.php HTTP/1.1" 200 403 "-" "Mozilla/5.0 (Windows NT 10.0; Win64; x64) AppleWebKit/537.36 (KHTML, like Gecko) Chrome/88.0.4324.190 Safari/537.36"
208.113.188.105 - - [26/Apr/2025:02:18:13 -0400] "POST /xmlrpc.php HTTP/1.1" 200 403 "-" "Mozilla/5.0 (Windows NT 6.1; WOW64) AppleWebKit/537.1 (KHTML, like Gecko) Chrome/21.0.1180.83 Safari/537.1"
88.99.254.125 - - [26/Apr/2025:02:18:18 -0400] "POST /xmlrpc.php HTTP/1.1" 200 403 "-" "Mozilla/5.0 (Linux; Android 10; SM-N960U) AppleWebKit/537.36 (KHTML, like Gecko) Chrome/91.0.4472.114 Mobile Safari/537.36"
172.169.76.113 - - [26/Apr/2025:02:18:18 -0400] "POST /xmlrpc.php HTTP/1.1" 200 403 "-" "Mozilla/5.0 (Windows NT 10.0; Win64; x64; rv:61.0) Gecko/20100101 Firefox/61.0"
63.250.40.73 - - [26/Apr/2025:02:18:37 -0400] "POST /xmlrpc.php HTTP/1.1" 200 403 "-" "Mozilla/5.0 (Windows NT 6.1; WOW64; rv:50.0) Gecko/20100101 Firefox/50.0"
66.29.132.124 - - [26/Apr/2025:02:24:03 -0400] "POST /wp-cron.php?doing_wp_cron=1745648642.8130691051483154296875 HTTP/1.1" 200 0 "-" "WordPress/6.8; https://sh-fragrances.com"
49.51.180.2 - - [26/Apr/2025:02:23:51 -0400] "GET / HTTP/1.1" 301 450 "http://www.sh-fragrances.com" "Mozilla/5.0 (iPhone; CPU iPhone OS 13_2_3 like Mac OS X) AppleWebKit/605.1.15 (KHTML, like Gecko) Version/13.0.3 Mobile/15E148 Safari/604.1"
49.51.180.2 - - [26/Apr/2025:02:24:06 -0400] "GET / HTTP/1.1" 200 82874 "https://www.sh-fragrances.com/" "Mozilla/5.0 (iPhone; CPU iPhone OS 13_2_3 like Mac OS X) AppleWebKit/605.1.15 (KHTML, like Gecko) Version/13.0.3 Mobile/15E148 Safari/604.1"
147.185.132.33 - - [26/Apr/2025:02:27:40 -0400] "GET / HTTP/1.1" 200 0 "-" "Expanse, a Palo Alto Networks company, searches across the global IPv4 space multiple times per day to identify customers' presences on the Internet. If you would like to be excluded from our scans, please send IP addresses/domains to: scaninfo@paloaltonetworks.com"
66.29.132.124 - - [26/Apr/2025:02:27:54 -0400] "POST /wp-cron.php?doing_wp_cron=1745648873.1446979045867919921875 HTTP/1.1" 200 0 "-" "WordPress/6.8; https://sh-fragrances.com"
66.249.65.194 - - [26/Apr/2025:02:28:54 -0400] "GET /wp-content/uploads/2024/10/IMG-20241023-WA0012-100x100.jpg HTTP/1.1" 200 1775 "-" "Googlebot-Image/1.0"
66.29.132.124 - - [26/Apr/2025:02:35:23 -0400] "POST /wp-cron.php?doing_wp_cron=1745649323.2682011127471923828125 HTTP/1.1" 200 0 "-" "WordPress/6.8; https://sh-fragrances.com"
69.171.231.113 - - [26/Apr/2025:02:35:05 -0400] "GET /robots.txt HTTP/1.1" 200 2171 "-" "facebookexternalhit/1.1 (+http://www.facebook.com/externalhit_uatext.php)"
66.29.132.124 - - [26/Apr/2025:02:55:22 -0400] "POST /wp-cron.php?doing_wp_cron=1745650521.7939090728759765625000 HTTP/1.1" 200 0 "-" "WordPress/6.8; https://sh-fragrances.com"
134.17.14.122 - - [26/Apr/2025:02:55:04 -0400] "POST /geju.php HTTP/1.1" 404 16419 "-" "Mozilla/4.0 (compatible; MSIE 6.0; Windows NT 5.1; SV1)"
66.249.65.194 - - [26/Apr/2025:03:28:17 -0400] "GET /wp-content/uploads/2024/10/IMG-20241105-WA0015-1000x1000.jpg HTTP/1.1" 200 87890 "-" "Googlebot-Image/1.0"
66.29.132.124 - - [26/Apr/2025:04:00:40 -0400] "POST /wp-cron.php?doing_wp_cron=1745654440.3541150093078613281250 HTTP/1.1" 200 0 "-" "WordPress/6.8; https://sh-fragrances.com"
66.249.65.195 - - [26/Apr/2025:04:00:28 -0400] "GET /product/sh-fragrances-h2/ HTTP/1.1" 200 53090 "-" "Mozilla/5.0 (Linux; Android 6.0.1; Nexus 5X Build/MMB29P) AppleWebKit/537.36 (KHTML, like Gecko) Chrome/135.0.7049.95 Mobile Safari/537.36 (compatible; Googlebot/2.1; +http://www.google.com/bot.html)"
66.29.132.124 - - [26/Apr/2025:04:02:00 -0400] "POST /wp-cron.php?doing_wp_cron=1745654520.8477969169616699218750 HTTP/1.1" 200 0 "-" "WordPress/6.8; https://sh-fragrances.com"
140.245.43.10 - - [26/Apr/2025:04:02:00 -0400] "GET / HTTP/1.1" 200 95971 "http://sh-fragrances.com/" "Go-http-client/2.0"
140.245.43.10 - - [26/Apr/2025:04:02:05 -0400] "GET /woh.php HTTP/1.1" 404 19242 "http://sh-fragrances.com//woh.php" "Go-http-client/2.0"
140.245.43.10 - - [26/Apr/2025:04:02:06 -0400] "GET /classwithtostring.php HTTP/1.1" 404 19242 "http://sh-fragrances.com//classwithtostring.php" "Go-http-client/2.0"
140.245.43.10 - - [26/Apr/2025:04:02:08 -0400] "GET /simple.php HTTP/1.1" 404 19249 "http://sh-fragrances.com//simple.php" "Go-http-client/2.0"
140.245.43.10 - - [26/Apr/2025:04:02:11 -0400] "GET /zero.php HTTP/1.1" 404 19242 "http://sh-fragrances.com//zero.php" "Go-http-client/2.0"
140.245.43.10 - - [26/Apr/2025:04:02:13 -0400] "GET /wp-content/plugins/include.php HTTP/1.1" 404 19266 "http://sh-fragrances.com//wp-content/plugins/include.php#admin" "Go-http-client/2.0"
140.245.43.10 - - [26/Apr/2025:04:02:14 -0400] "GET /phpmailer.lang-sv.php HTTP/1.1" 404 19242 "http://sh-fragrances.com//phpmailer.lang-sv.php" "Go-http-client/2.0"
140.245.43.10 - - [26/Apr/2025:04:02:16 -0400] "GET /wp-content/themes/sketch/404.php HTTP/1.1" 404 19272 "http://sh-fragrances.com//wp-content/themes/sketch/404.php#admin" "Go-http-client/2.0"
140.245.43.10 - - [26/Apr/2025:04:02:18 -0400] "GET /wp-admin/css/colors/ectoplasm/load-styles.php HTTP/1.1" 404 19266 "http://sh-fragrances.com//wp-admin/css/colors/ectoplasm/load-styles.php" "Go-http-client/2.0"
140.245.43.10 - - [26/Apr/2025:04:02:21 -0400] "GET /wp-content/plugins/wp-help/admin/wp-fclass.php HTTP/1.1" 404 19266 "http://sh-fragrances.com//wp-content/plugins/wp-help/admin/wp-fclass.php" "Go-http-client/2.0"
140.245.43.10 - - [26/Apr/2025:04:02:23 -0400] "GET /wp-content/plugins/wp-help/index.php HTTP/1.1" 301 450 "http://sh-fragrances.com//wp-content/plugins/wp-help/index.php" "Go-http-client/2.0"
140.245.43.10 - - [26/Apr/2025:04:02:25 -0400] "GET /wp-content/plugins/wp-help/ HTTP/1.1" 404 19266 "https://sh-fragrances.com/wp-content/plugins/wp-help/index.php" "Go-http-client/2.0"
140.245.43.10 - - [26/Apr/2025:04:02:28 -0400] "GET /cgi-bin/class_api.php HTTP/1.1" 404 19242 "http://sh-fragrances.com//cgi-bin/class_api.php#888xyz999" "Go-http-client/2.0"
140.245.43.10 - - [26/Apr/2025:04:02:31 -0400] "GET /wp-admin/images/class.api.php HTTP/1.1" 404 19266 "http://sh-fragrances.com//wp-admin/images/class.api.php#888xyz999" "Go-http-client/2.0"
140.245.43.10 - - [26/Apr/2025:04:02:33 -0400] "GET /wp-admin/js/widgets/class.api.php HTTP/1.1" 404 19266 "http://sh-fragrances.com//wp-admin/js/widgets/class.api.php#888xyz999" "Go-http-client/2.0"
140.245.43.10 - - [26/Apr/2025:04:02:35 -0400] "GET /.well-known/pki-validation/class_api.php HTTP/1.1" 404 1251 "http://sh-fragrances.com//.well-known/pki-validation/class_api.php#888xyz999" "Go-http-client/2.0"
66.29.132.124 - - [26/Apr/2025:04:02:37 -0400] "POST /wp-cron.php?doing_wp_cron=1745654557.5435330867767333984375 HTTP/1.1" 200 0 "-" "WordPress/6.8; https://sh-fragrances.com"
140.245.43.10 - - [26/Apr/2025:04:02:36 -0400] "GET /class_api.php HTTP/1.1" 404 19242 "http://sh-fragrances.com//class_api.php#888xyz999" "Go-http-client/2.0"
140.245.43.10 - - [26/Apr/2025:04:02:39 -0400] "GET /class.api.php HTTP/1.1" 404 19242 "http://sh-fragrances.com//class.api.php#888xyz999" "Go-http-client/2.0"
140.245.43.10 - - [26/Apr/2025:04:02:41 -0400] "GET /wp-content/themes/tflow/up.php HTTP/1.1" 404 19266 "http://sh-fragrances.com//wp-content/themes/tflow/up.php" "Go-http-client/2.0"
140.245.43.10 - - [26/Apr/2025:04:02:42 -0400] "GET /wp-content/themes/wp-pridmag/up.php HTTP/1.1" 404 19272 "http://sh-fragrances.com//wp-content/themes/wp-pridmag/up.php" "Go-http-client/2.0"
140.245.43.10 - - [26/Apr/2025:04:02:44 -0400] "GET /.well-known/acme-challenge/atomlib.php HTTP/1.1" 404 19272 "http://sh-fragrances.com//.well-known/acme-challenge/atomlib.php" "Go-http-client/2.0"
140.245.43.10 - - [26/Apr/2025:04:02:46 -0400] "GET /.well-known/pki-validation/atomlib.php HTTP/1.1" 404 1251 "http://sh-fragrances.com//.well-known/pki-validation/atomlib.php" "Go-http-client/2.0"
140.245.43.10 - - [26/Apr/2025:04:02:47 -0400] "GET /images/atomlib.php HTTP/1.1" 404 19242 "http://sh-fragrances.com//images/atomlib.php" "Go-http-client/2.0"
140.245.43.10 - - [26/Apr/2025:04:02:48 -0400] "GET /wp-admin/css/atomlib.php HTTP/1.1" 404 19266 "http://sh-fragrances.com//wp-admin/css/atomlib.php" "Go-http-client/2.0"
140.245.43.10 - - [26/Apr/2025:04:02:50 -0400] "GET /wp-admin/css/colors/blue/atomlib.php HTTP/1.1" 404 19266 "http://sh-fragrances.com//wp-admin/css/colors/blue/atomlib.php" "Go-http-client/2.0"
140.245.43.10 - - [26/Apr/2025:04:02:52 -0400] "GET /wp-admin/includes/atomlib.php HTTP/1.1" 404 19266 "http://sh-fragrances.com//wp-admin/includes/atomlib.php" "Go-http-client/2.0"
140.245.43.10 - - [26/Apr/2025:04:02:54 -0400] "GET /wp-admin/maint/atomlib.php HTTP/1.1" 404 19266 "http://sh-fragrances.com//wp-admin/maint/atomlib.php" "Go-http-client/2.0"
140.245.43.10 - - [26/Apr/2025:04:02:57 -0400] "GET /wp-content/languages/themes/atomlib.php HTTP/1.1" 404 19266 "http://sh-fragrances.com//wp-content/languages/themes/atomlib.php" "Go-http-client/2.0"
140.245.43.10 - - [26/Apr/2025:04:02:58 -0400] "GET /wp-content/themes/atomlib.php HTTP/1.1" 404 19266 "http://sh-fragrances.com//wp-content/themes/atomlib.php" "Go-http-client/2.0"
140.245.43.10 - - [26/Apr/2025:04:03:00 -0400] "GET /wp-admin/images/moon.php HTTP/1.1" 404 19266 "http://sh-fragrances.com//wp-admin/images/moon.php" "Go-http-client/2.0"
140.245.43.10 - - [26/Apr/2025:04:03:02 -0400] "GET /.tmb/moon.php HTTP/1.1" 404 19242 "http://sh-fragrances.com//.tmb/moon.php" "Go-http-client/2.0"
140.245.43.10 - - [26/Apr/2025:04:03:05 -0400] "GET /.well-known/acme-challenge/moon.php HTTP/1.1" 404 19266 "http://sh-fragrances.com//.well-known/acme-challenge/moon.php" "Go-http-client/2.0"
140.245.43.10 - - [26/Apr/2025:04:03:08 -0400] "GET /cgi-bin/moon.php HTTP/1.1" 404 19242 "http://sh-fragrances.com//cgi-bin/moon.php" "Go-http-client/2.0"
140.245.43.10 - - [26/Apr/2025:04:03:12 -0400] "GET /wp-admin/user/moon.php HTTP/1.1" 404 19266 "http://sh-fragrances.com//wp-admin/user/moon.php" "Go-http-client/2.0"
140.245.43.10 - - [26/Apr/2025:04:03:14 -0400] "GET /wp-content/upgrade/moon.php HTTP/1.1" 404 19272 "http://sh-fragrances.com//wp-content/upgrade/moon.php" "Go-http-client/2.0"
140.245.43.10 - - [26/Apr/2025:04:03:17 -0400] "GET /wp-admin/js/widgets/moon.php HTTP/1.1" 404 19266 "http://sh-fragrances.com//wp-admin/js/widgets/moon.php" "Go-http-client/2.0"
140.245.43.10 - - [26/Apr/2025:04:03:19 -0400] "GET /wp-admin/maint/moon.php HTTP/1.1" 404 19266 "http://sh-fragrances.com//wp-admin/maint/moon.php" "Go-http-client/2.0"
140.245.43.10 - - [26/Apr/2025:04:03:22 -0400] "GET /wp-includes/ID3/moon.php HTTP/1.1" 404 19266 "http://sh-fragrances.com//wp-includes/ID3/moon.php" "Go-http-client/2.0"
140.245.43.10 - - [26/Apr/2025:04:03:32 -0400] "GET /wp-includes/certificates/moon.php HTTP/1.1" 404 19266 "http://sh-fragrances.com//wp-includes/certificates/moon.php" "Go-http-client/2.0"
66.29.132.124 - - [26/Apr/2025:04:03:37 -0400] "POST /wp-cron.php?doing_wp_cron=1745654617.1033101081848144531250 HTTP/1.1" 200 0 "-" "WordPress/6.8; https://sh-fragrances.com"
140.245.43.10 - - [26/Apr/2025:04:03:36 -0400] "GET /wp-admin/includes/moon.php HTTP/1.1" 404 19266 "http://sh-fragrances.com//wp-admin/includes/moon.php" "Go-http-client/2.0"
140.245.43.10 - - [26/Apr/2025:04:03:47 -0400] "GET /wp-includes/IXR/moon.php HTTP/1.1" 404 19266 "http://sh-fragrances.com//wp-includes/IXR/moon.php" "Go-http-client/2.0"
140.245.43.10 - - [26/Apr/2025:04:03:50 -0400] "GET /cjfuns.php HTTP/1.1" 404 19242 "http://sh-fragrances.com//cjfuns.php" "Go-http-client/2.0"
140.245.43.10 - - [26/Apr/2025:04:03:54 -0400] "GET /classfuns.php HTTP/1.1" 404 19242 "http://sh-fragrances.com//classfuns.php" "Go-http-client/2.0"
140.245.43.10 - - [26/Apr/2025:04:03:58 -0400] "GET /tempfuns.php HTTP/1.1" 404 19242 "http://sh-fragrances.com//tempfuns.php" "Go-http-client/2.0"
140.245.43.10 - - [26/Apr/2025:04:04:02 -0400] "GET /adminfuns.php HTTP/1.1" 404 19242 "http://sh-fragrances.com//adminfuns.php" "Go-http-client/2.0"
140.245.43.10 - - [26/Apr/2025:04:04:05 -0400] "GET /nf_tracking.php HTTP/1.1" 404 19242 "http://sh-fragrances.com//nf_tracking.php#password" "Go-http-client/2.0"
140.245.43.10 - - [26/Apr/2025:04:04:08 -0400] "GET /wp-content/wso.php HTTP/1.1" 404 19249 "http://sh-fragrances.com//wp-content/wso.php#UEjlZcWL%23UEjlZcWL" "Go-http-client/2.0"
140.245.43.10 - - [26/Apr/2025:04:04:13 -0400] "GET /wp-includes/wso.php HTTP/1.1" 404 19242 "http://sh-fragrances.com//wp-includes/wso.php#UEjlZcWL%23UEjlZcWL" "Go-http-client/2.0"
140.245.43.10 - - [26/Apr/2025:04:04:15 -0400] "GET /wso.php HTTP/1.1" 404 19242 "http://sh-fragrances.com//wso.php#UEjlZcWL" "Go-http-client/2.0"
140.245.43.10 - - [26/Apr/2025:04:04:19 -0400] "GET /wp-content/uploads/wp-apxupx.php?apx=upx HTTP/1.1" 404 19266 "http://sh-fragrances.com//wp-content/uploads/wp-apxupx.php?apx=upx" "Go-http-client/2.0"
140.245.43.10 - - [26/Apr/2025:04:04:21 -0400] "GET /wp-content/upgrade/class_api.php HTTP/1.1" 404 19272 "http://sh-fragrances.com//wp-content/upgrade/class_api.php" "Go-http-client/2.0"
140.245.43.10 - - [26/Apr/2025:04:04:22 -0400] "GET /cgi-bin/sgd.php HTTP/1.1" 404 19242 "http://sh-fragrances.com//cgi-bin/sgd.php" "Go-http-client/2.0"
140.245.43.10 - - [26/Apr/2025:04:04:25 -0400] "GET /wp-admin/js/widgets/sgd.php HTTP/1.1" 404 19272 "http://sh-fragrances.com//wp-admin/js/widgets/sgd.php#fg123" "Go-http-client/2.0"
140.245.43.10 - - [26/Apr/2025:04:04:27 -0400] "GET /wp-apxupx.php?apx=upx HTTP/1.1" 404 19242 "http://sh-fragrances.com//wp-apxupx.php?apx=upx" "Go-http-client/2.0"
66.29.132.124 - - [26/Apr/2025:04:12:22 -0400] "POST /wp-cron.php?doing_wp_cron=1745655141.5613319873809814453125 HTTP/1.1" 200 0 "-" "WordPress/6.8; https://sh-fragrances.com"
66.29.132.124 - - [26/Apr/2025:04:12:05 -0400] "GET / HTTP/1.1" 200 543557 "-" "Mozilla/5.0 (Windows NT 10.0; Win64; x64; rv:122.0) Gecko/20100101 Firefox/122.0"
66.29.132.124 - - [26/Apr/2025:04:12:59 -0400] "POST /wp-cron.php?doing_wp_cron=1745655178.9890999794006347656250 HTTP/1.1" 200 0 "-" "WordPress/6.8; https://sh-fragrances.com"
66.29.132.124 - - [26/Apr/2025:04:12:58 -0400] "GET / HTTP/1.1" 200 543557 "-" "Softaculous"
66.29.132.124 - - [26/Apr/2025:04:13:02 -0400] "GET / HTTP/1.1" 200 543557 "-" "Mozilla/5.0 (Windows NT 10.0; Win64; x64; rv:122.0) Gecko/20100101 Firefox/122.0"
40.77.167.77 - - [26/Apr/2025:04:13:11 -0400] "GET /blog-right-sidebar/page/6/ HTTP/1.1" 200 22616 "-" "Mozilla/5.0 AppleWebKit/537.36 (KHTML, like Gecko; compatible; bingbot/2.0; +http://www.bing.com/bingbot.htm) Chrome/116.0.1938.76 Safari/537.36"
66.29.132.124 - - [26/Apr/2025:04:25:01 -0400] "POST /wp-cron.php?doing_wp_cron=1745655901.4038739204406738281250 HTTP/1.1" 200 0 "-" "WordPress/6.8; https://sh-fragrances.com"
217.113.194.73 - - [26/Apr/2025:04:24:50 -0400] "GET /robots.txt HTTP/1.1" 200 553 "-" "Mozilla/5.0 (compatible; Barkrowler/0.9; +https://babbar.tech/crawler)"
217.113.194.72 - - [26/Apr/2025:04:25:18 -0400] "GET / HTTP/1.1" 200 96247 "-" "Mozilla/5.0 (compatible; Barkrowler/0.9; +https://babbar.tech/crawler)"
207.46.13.155 - - [26/Apr/2025:05:34:24 -0400] "GET /wp-content/uploads/2024/10/IMG-20241105-WA0020.jpg HTTP/1.1" 200 120030 "-" "Mozilla/5.0 AppleWebKit/537.36 (KHTML, like Gecko; compatible; bingbot/2.0; +http://www.bing.com/bingbot.htm) Chrome/116.0.1938.76 Safari/537.36"
154.198.117.152 - - [26/Apr/2025:05:44:11 -0400] "GET /wp-admin/ HTTP/1.1" 200 0 "-" "Mozilla/5.0 (Windows NT 10.0; Win64; x64) AppleWebKit/537.36 (KHTML, like Gecko) Chrome/135.0.0.0 Safari/537.36"
66.29.132.124 - - [26/Apr/2025:05:44:20 -0400] "POST /wp-cron.php?doing_wp_cron=1745660660.6332600116729736328125 HTTP/1.1" 200 0 "-" "WordPress/6.8; https://sh-fragrances.com"
66.29.132.124 - - [26/Apr/2025:05:44:21 -0400] "POST /wp-admin/admin-ajax.php?action=wp_1_wc_privacy_cleanup&nonce=5c14890fce HTTP/1.1" 200 0 "-" "WordPress/6.8; https://sh-fragrances.com"
154.198.117.152 - - [26/Apr/2025:05:44:17 -0400] "GET / HTTP/1.1" 200 74292 "-" "Mozilla/5.0 (Windows NT 10.0; Win64; x64) AppleWebKit/537.36 (KHTML, like Gecko) Chrome/135.0.0.0 Safari/537.36"
154.198.117.152 - - [26/Apr/2025:05:44:25 -0400] "GET /wp-includes/js/underscore.min.js?ver=1.13.7 HTTP/1.1" 304 0 "https://sh-fragrances.com/" "Mozilla/5.0 (Windows NT 10.0; Win64; x64) AppleWebKit/537.36 (KHTML, like Gecko) Chrome/135.0.0.0 Safari/537.36"
154.198.117.152 - - [26/Apr/2025:05:44:25 -0400] "GET /wp-includes/js/dist/api-fetch.min.js?ver=3623a576c78df404ff20 HTTP/1.1" 304 0 "https://sh-fragrances.com/" "Mozilla/5.0 (Windows NT 10.0; Win64; x64) AppleWebKit/537.36 (KHTML, like Gecko) Chrome/135.0.0.0 Safari/537.36"
154.198.117.152 - - [26/Apr/2025:05:44:25 -0400] "GET /wp-includes/js/dist/url.min.js?ver=6bf93e90403a1eec6501 HTTP/1.1" 304 0 "https://sh-fragrances.com/" "Mozilla/5.0 (Windows NT 10.0; Win64; x64) AppleWebKit/537.36 (KHTML, like Gecko) Chrome/135.0.0.0 Safari/537.36"
154.198.117.152 - - [26/Apr/2025:05:44:25 -0400] "GET /wp-includes/js/dist/vendor/wp-polyfill.min.js?ver=3.15.0 HTTP/1.1" 304 0 "https://sh-fragrances.com/" "Mozilla/5.0 (Windows NT 10.0; Win64; x64) AppleWebKit/537.36 (KHTML, like Gecko) Chrome/135.0.0.0 Safari/537.36"
154.198.117.152 - - [26/Apr/2025:05:44:25 -0400] "GET /wp-content/plugins/elementor/assets/js/webpack.runtime.min.js?ver=3.28.4 HTTP/1.1" 304 0 "https://sh-fragrances.com/" "Mozilla/5.0 (Windows NT 10.0; Win64; x64) AppleWebKit/537.36 (KHTML, like Gecko) Chrome/135.0.0.0 Safari/537.36"
154.198.117.152 - - [26/Apr/2025:05:44:25 -0400] "GET /wp-content/plugins/elementor/assets/js/frontend-modules.min.js?ver=3.28.4 HTTP/1.1" 304 0 "https://sh-fragrances.com/" "Mozilla/5.0 (Windows NT 10.0; Win64; x64) AppleWebKit/537.36 (KHTML, like Gecko) Chrome/135.0.0.0 Safari/537.36"
154.198.117.152 - - [26/Apr/2025:05:44:25 -0400] "GET /wp-content/plugins/elementor/assets/js/frontend.min.js?ver=3.28.4 HTTP/1.1" 304 0 "https://sh-fragrances.com/" "Mozilla/5.0 (Windows NT 10.0; Win64; x64) AppleWebKit/537.36 (KHTML, like Gecko) Chrome/135.0.0.0 Safari/537.36"
154.198.117.152 - - [26/Apr/2025:05:44:25 -0400] "GET /wp-includes/js/jquery/ui/core.min.js?ver=1.13.3 HTTP/1.1" 304 0 "https://sh-fragrances.com/" "Mozilla/5.0 (Windows NT 10.0; Win64; x64) AppleWebKit/537.36 (KHTML, like Gecko) Chrome/135.0.0.0 Safari/537.36"
154.198.117.152 - - [26/Apr/2025:05:44:25 -0400] "GET /wp-includes/js/wp-emoji-release.min.js?ver=6.8 HTTP/1.1" 304 0 "https://sh-fragrances.com/" "Mozilla/5.0 (Windows NT 10.0; Win64; x64) AppleWebKit/537.36 (KHTML, like Gecko) Chrome/135.0.0.0 Safari/537.36"
154.198.117.152 - - [26/Apr/2025:05:44:26 -0400] "GET /wp-content/plugins/elementor/assets/js/text-editor.c084ef86600b6f11690d.bundle.min.js HTTP/1.1" 304 0 "https://sh-fragrances.com/" "Mozilla/5.0 (Windows NT 10.0; Win64; x64) AppleWebKit/537.36 (KHTML, like Gecko) Chrome/135.0.0.0 Safari/537.36"
66.29.132.124 - - [26/Apr/2025:05:44:26 -0400] "POST /wp-cron.php?doing_wp_cron=1745660666.1334660053253173828125 HTTP/1.1" 200 0 "-" "WordPress/6.8; https://sh-fragrances.com"
154.198.117.152 - - [26/Apr/2025:05:44:25 -0400] "POST /?wc-ajax=get_refreshed_fragments HTTP/1.1" 200 9781 "https://sh-fragrances.com/" "Mozilla/5.0 (Windows NT 10.0; Win64; x64) AppleWebKit/537.36 (KHTML, like Gecko) Chrome/135.0.0.0 Safari/537.36"
154.198.117.152 - - [26/Apr/2025:05:44:26 -0400] "GET /favicon.ico HTTP/1.1" 404 1251 "https://sh-fragrances.com/" "Mozilla/5.0 (Windows NT 10.0; Win64; x64) AppleWebKit/537.36 (KHTML, like Gecko) Chrome/135.0.0.0 Safari/537.36"
66.29.132.124 - - [26/Apr/2025:05:58:17 -0400] "POST /wp-cron.php?doing_wp_cron=1745661497.3855640888214111328125 HTTP/1.1" 200 0 "-" "WordPress/6.8; https://sh-fragrances.com"
152.53.225.138 - - [26/Apr/2025:05:58:08 -0400] "GET /wp-content/plugins/HelloDollyV2/hello_dolly_v2.php HTTP/1.1" 404 19284 "www.google.com" "Mozlila/5.0 (Linux; Android 7.0; SM-G892A Bulid/NRD90M; wv) AppleWebKit/537.36 (KHTML, like Gecko) Version/4.0 Chrome/60.0.3112.107 Moblie Safari/537.36"
152.53.225.138 - - [26/Apr/2025:05:58:19 -0400] "GET /wp-content/themes/hello_dolly_v2.php HTTP/1.1" 404 19284 "www.google.com" "Mozlila/5.0 (Linux; Android 7.0; SM-G892A Bulid/NRD90M; wv) AppleWebKit/537.36 (KHTML, like Gecko) Version/4.0 Chrome/60.0.3112.107 Moblie Safari/537.36"
66.29.132.124 - - [26/Apr/2025:06:33:59 -0400] "POST /wp-cron.php?doing_wp_cron=1745663638.9657309055328369140625 HTTP/1.1" 200 0 "-" "WordPress/6.8; https://sh-fragrances.com"
66.29.132.124 - - [26/Apr/2025:06:33:59 -0400] "POST /wp-cron.php?doing_wp_cron=1745663638.9654500484466552734375 HTTP/1.1" 200 0 "-" "WordPress/6.8; https://sh-fragrances.com"
4.227.36.85 - - [26/Apr/2025:06:33:50 -0400] "GET /robots.txt HTTP/1.1" 301 400 "-" "Mozilla/5.0 AppleWebKit/537.36 (KHTML, like Gecko; compatible; GPTBot/1.2; +https://openai.com/gptbot)"
4.227.36.85 - - [26/Apr/2025:06:33:50 -0400] "GET /robots.txt HTTP/1.1" 301 400 "http://www.sh-fragrances.com/robots.txt" "Mozilla/5.0 AppleWebKit/537.36 (KHTML, like Gecko; compatible; GPTBot/1.2; +https://openai.com/gptbot)"
4.227.36.125 - - [26/Apr/2025:06:33:50 -0400] "GET /robots.txt HTTP/1.1" 200 501 "http://sh-fragrances.com/robots.txt" "Mozilla/5.0 AppleWebKit/537.36 (KHTML, like Gecko; compatible; GPTBot/1.2; +https://openai.com/gptbot)"
4.227.36.125 - - [26/Apr/2025:06:33:50 -0400] "GET /robots.txt HTTP/1.1" 200 501 "-" "Mozilla/5.0 AppleWebKit/537.36 (KHTML, like Gecko; compatible; GPTBot/1.2; +https://openai.com/gptbot)"
4.227.36.85 - - [26/Apr/2025:06:33:59 -0400] "GET /robots.txt HTTP/1.1" 200 501 "https://www.sh-fragrances.com/robots.txt" "Mozilla/5.0 AppleWebKit/537.36 (KHTML, like Gecko; compatible; GPTBot/1.2; +https://openai.com/gptbot)"
4.227.36.85 - - [26/Apr/2025:06:33:59 -0400] "GET /robots.txt HTTP/1.1" 200 501 "https://www.sh-fragrances.com/robots.txt" "Mozilla/5.0 AppleWebKit/537.36 (KHTML, like Gecko; compatible; GPTBot/1.2; +https://openai.com/gptbot)"
20.171.207.210 - - [26/Apr/2025:06:34:04 -0400] "GET / HTTP/1.1" 301 400 "-" "Mozilla/5.0 AppleWebKit/537.36 (KHTML, like Gecko; compatible; GPTBot/1.2; +https://openai.com/gptbot)"
20.171.207.140 - - [26/Apr/2025:06:34:19 -0400] "GET / HTTP/1.1" 200 74292 "-" "Mozilla/5.0 AppleWebKit/537.36 (KHTML, like Gecko; compatible; GPTBot/1.2; +https://openai.com/gptbot)"
20.171.207.140 - - [26/Apr/2025:06:34:23 -0400] "GET /phpmailer.lang-sv.php HTTP/1.1" 404 16419 "-" "Mozilla/5.0 AppleWebKit/537.36 (KHTML, like Gecko; compatible; GPTBot/1.2; +https://openai.com/gptbot)"
20.171.207.140 - - [26/Apr/2025:06:34:27 -0400] "GET /wso.php HTTP/1.1" 404 16417 "-" "Mozilla/5.0 AppleWebKit/537.36 (KHTML, like Gecko; compatible; GPTBot/1.2; +https://openai.com/gptbot)"
20.171.207.140 - - [26/Apr/2025:06:34:31 -0400] "GET /class_api.php HTTP/1.1" 404 16417 "-" "Mozilla/5.0 AppleWebKit/537.36 (KHTML, like Gecko; compatible; GPTBot/1.2; +https://openai.com/gptbot)"
20.171.207.140 - - [26/Apr/2025:06:34:35 -0400] "GET /simple.php HTTP/1.1" 404 16417 "-" "Mozilla/5.0 AppleWebKit/537.36 (KHTML, like Gecko; compatible; GPTBot/1.2; +https://openai.com/gptbot)"
66.29.132.124 - - [26/Apr/2025:06:34:40 -0400] "POST /wp-cron.php?doing_wp_cron=1745663680.3042519092559814453125 HTTP/1.1" 200 0 "-" "WordPress/6.8; https://sh-fragrances.com"
20.171.207.140 - - [26/Apr/2025:06:34:39 -0400] "GET /adminfuns.php HTTP/1.1" 404 16417 "-" "Mozilla/5.0 AppleWebKit/537.36 (KHTML, like Gecko; compatible; GPTBot/1.2; +https://openai.com/gptbot)"
20.171.207.140 - - [26/Apr/2025:06:34:43 -0400] "GET /class.api.php HTTP/1.1" 404 16417 "-" "Mozilla/5.0 AppleWebKit/537.36 (KHTML, like Gecko; compatible; GPTBot/1.2; +https://openai.com/gptbot)"
20.171.207.140 - - [26/Apr/2025:06:34:47 -0400] "GET /cjfuns.php HTTP/1.1" 404 16417 "-" "Mozilla/5.0 AppleWebKit/537.36 (KHTML, like Gecko; compatible; GPTBot/1.2; +https://openai.com/gptbot)"
20.171.207.140 - - [26/Apr/2025:06:34:55 -0400] "GET /nf_tracking.php HTTP/1.1" 404 16417 "-" "Mozilla/5.0 AppleWebKit/537.36 (KHTML, like Gecko; compatible; GPTBot/1.2; +https://openai.com/gptbot)"
20.171.207.140 - - [26/Apr/2025:06:34:58 -0400] "GET /wp-content/uploads/elementor/css/custom-pro-frontend.min.css?ver=1745578547 HTTP/1.1" 200 1207 "-" "Mozilla/5.0 AppleWebKit/537.36 (KHTML, like Gecko; compatible; GPTBot/1.2; +https://openai.com/gptbot)"
20.171.207.140 - - [26/Apr/2025:06:35:02 -0400] "GET /wp-content/uploads/elementor/css/post-511.css?ver=1745578548 HTTP/1.1" 200 1939 "-" "Mozilla/5.0 AppleWebKit/537.36 (KHTML, like Gecko; compatible; GPTBot/1.2; +https://openai.com/gptbot)"
20.171.207.140 - - [26/Apr/2025:06:35:05 -0400] "GET /wp-content/uploads/elementor/css/custom-frontend.min.css?ver=1745578547 HTTP/1.1" 200 6454 "-" "Mozilla/5.0 AppleWebKit/537.36 (KHTML, like Gecko; compatible; GPTBot/1.2; +https://openai.com/gptbot)"
20.171.207.140 - - [26/Apr/2025:06:35:08 -0400] "GET /wp-content/uploads/elementor/css/post-403.css?ver=1745578549 HTTP/1.1" 200 994 "-" "Mozilla/5.0 AppleWebKit/537.36 (KHTML, like Gecko; compatible; GPTBot/1.2; +https://openai.com/gptbot)"
20.171.207.140 - - [26/Apr/2025:06:35:10 -0400] "GET /wp-content/uploads/elementor/css/post-414.css?ver=1745578549 HTTP/1.1" 200 1013 "-" "Mozilla/5.0 AppleWebKit/537.36 (KHTML, like Gecko; compatible; GPTBot/1.2; +https://openai.com/gptbot)"
20.171.207.140 - - [26/Apr/2025:06:35:13 -0400] "GET /wp-content/uploads/elementor/css/post-553.css?ver=1745578548 HTTP/1.1" 200 742 "-" "Mozilla/5.0 AppleWebKit/537.36 (KHTML, like Gecko; compatible; GPTBot/1.2; +https://openai.com/gptbot)"
20.171.207.140 - - [26/Apr/2025:06:35:15 -0400] "GET /wp-content/uploads/elementor/css/custom-widget-icon-list.min.css?ver=1745578547 HTTP/1.1" 200 934 "-" "Mozilla/5.0 AppleWebKit/537.36 (KHTML, like Gecko; compatible; GPTBot/1.2; +https://openai.com/gptbot)"
20.171.207.140 - - [26/Apr/2025:06:35:16 -0400] "GET /wp-content/uploads/elementor/css/post-12.css?ver=1745578547 HTTP/1.1" 200 418 "-" "Mozilla/5.0 AppleWebKit/537.36 (KHTML, like Gecko; compatible; GPTBot/1.2; +https://openai.com/gptbot)"
20.171.207.140 - - [26/Apr/2025:06:35:18 -0400] "GET /wp-content/uploads/elementor/css/post-560.css?ver=1745578550 HTTP/1.1" 200 1278 "-" "Mozilla/5.0 AppleWebKit/537.36 (KHTML, like Gecko; compatible; GPTBot/1.2; +https://openai.com/gptbot)"
20.171.207.140 - - [26/Apr/2025:06:35:20 -0400] "GET /?action=yith-woocompare-add-product&id=1772 HTTP/1.1" 302 400 "-" "Mozilla/5.0 AppleWebKit/537.36 (KHTML, like Gecko; compatible; GPTBot/1.2; +https://openai.com/gptbot)"
20.171.207.140 - - [26/Apr/2025:06:35:21 -0400] "GET /?action=yith-woocompare-add-product&id=1825 HTTP/1.1" 302 400 "-" "Mozilla/5.0 AppleWebKit/537.36 (KHTML, like Gecko; compatible; GPTBot/1.2; +https://openai.com/gptbot)"
20.171.207.140 - - [26/Apr/2025:06:35:22 -0400] "GET /wp-content/uploads/2023/05/148378-2-1.jpg HTTP/1.1" 200 109220 "-" "Mozilla/5.0 AppleWebKit/537.36 (KHTML, like Gecko; compatible; GPTBot/1.2; +https://openai.com/gptbot)"
20.171.207.140 - - [26/Apr/2025:06:35:24 -0400] "GET /?action=yith-woocompare-add-product&id=1819 HTTP/1.1" 302 400 "-" "Mozilla/5.0 AppleWebKit/537.36 (KHTML, like Gecko; compatible; GPTBot/1.2; +https://openai.com/gptbot)"
20.171.207.140 - - [26/Apr/2025:06:35:25 -0400] "GET /?action=yith-woocompare-add-product&id=1827 HTTP/1.1" 302 400 "-" "Mozilla/5.0 AppleWebKit/537.36 (KHTML, like Gecko; compatible; GPTBot/1.2; +https://openai.com/gptbot)"
20.171.207.140 - - [26/Apr/2025:06:35:26 -0400] "GET /?action=yith-woocompare-add-product&id=1821 HTTP/1.1" 302 400 "-" "Mozilla/5.0 AppleWebKit/537.36 (KHTML, like Gecko; compatible; GPTBot/1.2; +https://openai.com/gptbot)"
20.171.207.140 - - [26/Apr/2025:06:35:27 -0400] "GET /?action=yith-woocompare-add-product&id=1833 HTTP/1.1" 302 400 "-" "Mozilla/5.0 AppleWebKit/537.36 (KHTML, like Gecko; compatible; GPTBot/1.2; +https://openai.com/gptbot)"
20.171.207.140 - - [26/Apr/2025:06:35:29 -0400] "GET /?action=yith-woocompare-add-product&id=1829 HTTP/1.1" 302 400 "-" "Mozilla/5.0 AppleWebKit/537.36 (KHTML, like Gecko; compatible; GPTBot/1.2; +https://openai.com/gptbot)"
20.171.207.140 - - [26/Apr/2025:06:35:29 -0400] "GET /?action=yith-woocompare-add-product&id=1817 HTTP/1.1" 302 400 "-" "Mozilla/5.0 AppleWebKit/537.36 (KHTML, like Gecko; compatible; GPTBot/1.2; +https://openai.com/gptbot)"
66.29.132.124 - - [26/Apr/2025:06:27:18 -0400] "POST /wp-cron.php?doing_wp_cron=1745663238.4478020668029785156250 HTTP/1.1" 200 0 "-" "WordPress/6.8; https://sh-fragrances.com"
140.143.98.18 - - [26/Apr/2025:06:27:11 -0400] "GET / HTTP/1.1" 200 96261 "http://sh-fragrances.com" "Mozilla/5.0 (iPhone; CPU iPhone OS 13_2_3 like Mac OS X) AppleWebKit/605.1.15 (KHTML, like Gecko) Version/13.0.3 Mobile/15E148 Safari/604.1"
