43.153.58.28 - - [28/Apr/2025:12:12:34 -0400] "GET / HTTP/1.1" 200 30386 "https://www.skillstudio27.com/" "Mozilla/5.0 (iPhone; CPU iPhone OS 13_2_3 like Mac OS X) AppleWebKit/605.1.15 (KHTML, like Gecko) Version/13.0.3 Mobile/15E148 Safari/604.1"
66.29.132.124 - - [28/Apr/2025:12:12:34 -0400] "POST /wp-admin/admin-ajax.php?action=async_litespeed&nonce=ROISIQlhOaiUHLom9MyB8jeCBjASNxVI&litespeed_type=imgoptm HTTP/1.1" 200 0 "-" "WordPress/6.8; https://skillstudio27.com"
202.59.13.10 - - [28/Apr/2025:12:20:36 -0400] "GET / HTTP/1.1" 200 25907 "https://l.wl.co/" "Mozilla/5.0 (Windows NT 10.0; Win64; x64) AppleWebKit/537.36 (KHTML, like Gecko) Chrome/135.0.0.0 Safari/537.36"
202.59.13.10 - - [28/Apr/2025:12:20:37 -0400] "GET /wp-content/plugins/click-to-chat-for-whatsapp/new/inc/assets/css/main.css?ver=4.20 HTTP/1.1" 200 511 "https://skillstudio27.com/" "Mozilla/5.0 (Windows NT 10.0; Win64; x64) AppleWebKit/537.36 (KHTML, like Gecko) Chrome/135.0.0.0 Safari/537.36"
202.59.13.10 - - [28/Apr/2025:12:20:37 -0400] "GET /wp-content/uploads/premium-addons-elementor/pa-frontend-81a1b11d7.min.css?ver=1745670955 HTTP/1.1" 200 2196 "https://skillstudio27.com/" "Mozilla/5.0 (Windows NT 10.0; Win64; x64) AppleWebKit/537.36 (KHTML, like Gecko) Chrome/135.0.0.0 Safari/537.36"
202.59.13.10 - - [28/Apr/2025:12:20:37 -0400] "GET /wp-content/plugins/metform/public/assets/lib/cute-alert/style.css?ver=3.9.8 HTTP/1.1" 200 1064 "https://skillstudio27.com/" "Mozilla/5.0 (Windows NT 10.0; Win64; x64) AppleWebKit/537.36 (KHTML, like Gecko) Chrome/135.0.0.0 Safari/537.36"
202.59.13.10 - - [28/Apr/2025:12:20:37 -0400] "GET /wp-content/plugins/metform/public/assets/css/text-editor.css?ver=3.9.8 HTTP/1.1" 200 3261 "https://skillstudio27.com/" "Mozilla/5.0 (Windows NT 10.0; Win64; x64) AppleWebKit/537.36 (KHTML, like Gecko) Chrome/135.0.0.0 Safari/537.36"
202.59.13.10 - - [28/Apr/2025:12:20:37 -0400] "GET /wp-content/themes/hello-elementor/style.min.css?ver=3.3.0 HTTP/1.1" 200 1591 "https://skillstudio27.com/" "Mozilla/5.0 (Windows NT 10.0; Win64; x64) AppleWebKit/537.36 (KHTML, like Gecko) Chrome/135.0.0.0 Safari/537.36"
202.59.13.10 - - [28/Apr/2025:12:20:37 -0400] "GET /wp-content/themes/hello-elementor/theme.min.css?ver=3.3.0 HTTP/1.1" 200 1131 "https://skillstudio27.com/" "Mozilla/5.0 (Windows NT 10.0; Win64; x64) AppleWebKit/537.36 (KHTML, like Gecko) Chrome/135.0.0.0 Safari/537.36"
202.59.13.10 - - [28/Apr/2025:12:20:37 -0400] "GET /wp-content/uploads/elementor/css/post-10.css?ver=1744831579 HTTP/1.1" 200 1045 "https://skillstudio27.com/" "Mozilla/5.0 (Windows NT 10.0; Win64; x64) AppleWebKit/537.36 (KHTML, like Gecko) Chrome/135.0.0.0 Safari/537.36"
202.59.13.10 - - [28/Apr/2025:12:20:37 -0400] "GET /wp-content/plugins/elementor/assets/css/widget-image.min.css?ver=3.28.4 HTTP/1.1" 200 254 "https://skillstudio27.com/" "Mozilla/5.0 (Windows NT 10.0; Win64; x64) AppleWebKit/537.36 (KHTML, like Gecko) Chrome/135.0.0.0 Safari/537.36"
202.59.13.10 - - [28/Apr/2025:12:20:37 -0400] "GET /wp-content/themes/hello-elementor/header-footer.min.css?ver=3.3.0 HTTP/1.1" 200 1292 "https://skillstudio27.com/" "Mozilla/5.0 (Windows NT 10.0; Win64; x64) AppleWebKit/537.36 (KHTML, like Gecko) Chrome/135.0.0.0 Safari/537.36"
202.59.13.10 - - [28/Apr/2025:12:20:37 -0400] "GET /wp-content/plugins/elementor/assets/lib/animations/styles/fadeInLeft.min.css?ver=3.28.4 HTTP/1.1" 200 137 "https://skillstudio27.com/" "Mozilla/5.0 (Windows NT 10.0; Win64; x64) AppleWebKit/537.36 (KHTML, like Gecko) Chrome/135.0.0.0 Safari/537.36"
202.59.13.10 - - [28/Apr/2025:12:20:37 -0400] "GET /wp-content/plugins/elementor/assets/lib/animations/styles/fadeInUp.min.css?ver=3.28.4 HTTP/1.1" 200 130 "https://skillstudio27.com/" "Mozilla/5.0 (Windows NT 10.0; Win64; x64) AppleWebKit/537.36 (KHTML, like Gecko) Chrome/135.0.0.0 Safari/537.36"
202.59.13.10 - - [28/Apr/2025:12:20:37 -0400] "GET /wp-content/plugins/elementor/assets/css/conditionals/e-swiper.min.css?ver=3.28.4 HTTP/1.1" 200 699 "https://skillstudio27.com/" "Mozilla/5.0 (Windows NT 10.0; Win64; x64) AppleWebKit/537.36 (KHTML, like Gecko) Chrome/135.0.0.0 Safari/537.36"
202.59.13.10 - - [28/Apr/2025:12:20:37 -0400] "GET /wp-content/plugins/elementor/assets/css/widget-heading.min.css?ver=3.28.4 HTTP/1.1" 200 154 "https://skillstudio27.com/" "Mozilla/5.0 (Windows NT 10.0; Win64; x64) AppleWebKit/537.36 (KHTML, like Gecko) Chrome/135.0.0.0 Safari/537.36"
202.59.13.10 - - [28/Apr/2025:12:20:37 -0400] "GET /wp-content/plugins/elementor/assets/css/widget-spacer.min.css?ver=3.28.4 HTTP/1.1" 200 315 "https://skillstudio27.com/" "Mozilla/5.0 (Windows NT 10.0; Win64; x64) AppleWebKit/537.36 (KHTML, like Gecko) Chrome/135.0.0.0 Safari/537.36"
202.59.13.10 - - [28/Apr/2025:12:20:37 -0400] "GET /wp-content/plugins/elementor/assets/css/frontend.min.css?ver=3.28.4 HTTP/1.1" 200 6453 "https://skillstudio27.com/" "Mozilla/5.0 (Windows NT 10.0; Win64; x64) AppleWebKit/537.36 (KHTML, like Gecko) Chrome/135.0.0.0 Safari/537.36"
202.59.13.10 - - [28/Apr/2025:12:20:37 -0400] "GET /wp-content/plugins/elementor/assets/css/widget-counter.min.css?ver=3.28.4 HTTP/1.1" 200 234 "https://skillstudio27.com/" "Mozilla/5.0 (Windows NT 10.0; Win64; x64) AppleWebKit/537.36 (KHTML, like Gecko) Chrome/135.0.0.0 Safari/537.36"
202.59.13.10 - - [28/Apr/2025:12:20:37 -0400] "GET /wp-content/plugins/premium-addons-for-elementor/assets/frontend/min-css/prettyphoto.min.css?ver=4.11.5 HTTP/1.1" 200 2578 "https://skillstudio27.com/" "Mozilla/5.0 (Windows NT 10.0; Win64; x64) AppleWebKit/537.36 (KHTML, like Gecko) Chrome/135.0.0.0 Safari/537.36"
202.59.13.10 - - [28/Apr/2025:12:20:37 -0400] "GET /wp-content/plugins/elementor/assets/css/widget-image-carousel.min.css?ver=3.28.4 HTTP/1.1" 200 163 "https://skillstudio27.com/" "Mozilla/5.0 (Windows NT 10.0; Win64; x64) AppleWebKit/537.36 (KHTML, like Gecko) Chrome/135.0.0.0 Safari/537.36"
202.59.13.10 - - [28/Apr/2025:12:20:37 -0400] "GET /wp-content/plugins/elementor/assets/css/widget-icon-list.min.css?ver=3.28.4 HTTP/1.1" 200 957 "https://skillstudio27.com/" "Mozilla/5.0 (Windows NT 10.0; Win64; x64) AppleWebKit/537.36 (KHTML, like Gecko) Chrome/135.0.0.0 Safari/537.36"
202.59.13.10 - - [28/Apr/2025:12:20:37 -0400] "GET /wp-content/plugins/elementskit-lite/widgets/init/assets/css/responsive.css?ver=3.5.0 HTTP/1.1" 200 2859 "https://skillstudio27.com/" "Mozilla/5.0 (Windows NT 10.0; Win64; x64) AppleWebKit/537.36 (KHTML, like Gecko) Chrome/135.0.0.0 Safari/537.36"
202.59.13.10 - - [28/Apr/2025:12:20:37 -0400] "GET /wp-content/uploads/elementor/google-fonts/css/poppins.css?ver=1742292489 HTTP/1.1" 200 621 "https://skillstudio27.com/" "Mozilla/5.0 (Windows NT 10.0; Win64; x64) AppleWebKit/537.36 (KHTML, like Gecko) Chrome/135.0.0.0 Safari/537.36"
202.59.13.10 - - [28/Apr/2025:12:20:37 -0400] "GET /wp-content/uploads/2025/01/livin-logo-black.png HTTP/1.1" 200 24384 "https://skillstudio27.com/" "Mozilla/5.0 (Windows NT 10.0; Win64; x64) AppleWebKit/537.36 (KHTML, like Gecko) Chrome/135.0.0.0 Safari/537.36"
202.59.13.10 - - [28/Apr/2025:12:20:37 -0400] "GET /wp-content/plugins/elementor/assets/lib/swiper/v8/css/swiper.min.css?ver=8.4.5 HTTP/1.1" 200 4248 "https://skillstudio27.com/" "Mozilla/5.0 (Windows NT 10.0; Win64; x64) AppleWebKit/537.36 (KHTML, like Gecko) Chrome/135.0.0.0 Safari/537.36"
202.59.13.10 - - [28/Apr/2025:12:20:37 -0400] "GET /wp-content/plugins/elementskit-lite/widgets/init/assets/css/widget-styles.css?ver=3.5.0 HTTP/1.1" 200 48223 "https://skillstudio27.com/" "Mozilla/5.0 (Windows NT 10.0; Win64; x64) AppleWebKit/537.36 (KHTML, like Gecko) Chrome/135.0.0.0 Safari/537.36"
202.59.13.10 - - [28/Apr/2025:12:20:37 -0400] "GET /wp-content/uploads/elementor/css/post-2.css?ver=1744846388 HTTP/1.1" 200 7808 "https://skillstudio27.com/" "Mozilla/5.0 (Windows NT 10.0; Win64; x64) AppleWebKit/537.36 (KHTML, like Gecko) Chrome/135.0.0.0 Safari/537.36"
202.59.13.10 - - [28/Apr/2025:12:20:37 -0400] "GET /wp-content/plugins/bdthemes-element-pack-lite/assets/css/ep-helper.css?ver=5.10.30 HTTP/1.1" 200 5615 "https://skillstudio27.com/" "Mozilla/5.0 (Windows NT 10.0; Win64; x64) AppleWebKit/537.36 (KHTML, like Gecko) Chrome/135.0.0.0 Safari/537.36"
202.59.13.10 - - [28/Apr/2025:12:20:37 -0400] "GET /wp-content/plugins/bdthemes-element-pack-lite/assets/css/bdt-uikit.css?ver=3.21.7 HTTP/1.1" 200 15524 "https://skillstudio27.com/" "Mozilla/5.0 (Windows NT 10.0; Win64; x64) AppleWebKit/537.36 (KHTML, like Gecko) Chrome/135.0.0.0 Safari/537.36"
202.59.13.10 - - [28/Apr/2025:12:20:37 -0400] "GET /wp-includes/js/jquery/jquery.min.js?ver=3.7.1 HTTP/1.1" 200 29744 "https://skillstudio27.com/" "Mozilla/5.0 (Windows NT 10.0; Win64; x64) AppleWebKit/537.36 (KHTML, like Gecko) Chrome/135.0.0.0 Safari/537.36"
202.59.13.10 - - [28/Apr/2025:12:20:37 -0400] "GET /wp-includes/js/jquery/jquery-migrate.min.js?ver=3.4.1 HTTP/1.1" 200 4678 "https://skillstudio27.com/" "Mozilla/5.0 (Windows NT 10.0; Win64; x64) AppleWebKit/537.36 (KHTML, like Gecko) Chrome/135.0.0.0 Safari/537.36"
202.59.13.10 - - [28/Apr/2025:12:20:37 -0400] "GET /wp-content/plugins/elementskit-lite/modules/elementskit-icon-pack/assets/css/ekiticons.css?ver=3.5.0 HTTP/1.1" 200 11776 "https://skillstudio27.com/" "Mozilla/5.0 (Windows NT 10.0; Win64; x64) AppleWebKit/537.36 (KHTML, like Gecko) Chrome/135.0.0.0 Safari/537.36"
202.59.13.10 - - [28/Apr/2025:12:20:37 -0400] "GET /wp-content/uploads/2025/01/skill-logo-e1735972693321.png HTTP/1.1" 200 1317977 "https://skillstudio27.com/" "Mozilla/5.0 (Windows NT 10.0; Win64; x64) AppleWebKit/537.36 (KHTML, like Gecko) Chrome/135.0.0.0 Safari/537.36"
202.59.13.10 - - [28/Apr/2025:12:20:37 -0400] "GET /wp-content/uploads/2025/01/Untitled-design.png HTTP/1.1" 200 1456534 "https://skillstudio27.com/" "Mozilla/5.0 (Windows NT 10.0; Win64; x64) AppleWebKit/537.36 (KHTML, like Gecko) Chrome/135.0.0.0 Safari/537.36"
202.59.13.10 - - [28/Apr/2025:12:20:39 -0400] "GET /wp-content/uploads/2025/01/ring-about-us-1-livin.png HTTP/1.1" 200 8641 "https://skillstudio27.com/" "Mozilla/5.0 (Windows NT 10.0; Win64; x64) AppleWebKit/537.36 (KHTML, like Gecko) Chrome/135.0.0.0 Safari/537.36"
202.59.13.10 - - [28/Apr/2025:12:20:40 -0400] "GET /wp-content/uploads/2025/01/1-1.png HTTP/1.1" 200 3478 "https://skillstudio27.com/" "Mozilla/5.0 (Windows NT 10.0; Win64; x64) AppleWebKit/537.36 (KHTML, like Gecko) Chrome/135.0.0.0 Safari/537.36"
202.59.13.10 - - [28/Apr/2025:12:20:40 -0400] "GET /wp-content/plugins/elementor/assets/lib/font-awesome/css/v4-shims.min.css?ver=3.28.4 HTTP/1.1" 200 3987 "https://skillstudio27.com/" "Mozilla/5.0 (Windows NT 10.0; Win64; x64) AppleWebKit/537.36 (KHTML, like Gecko) Chrome/135.0.0.0 Safari/537.36"
202.59.13.10 - - [28/Apr/2025:12:20:40 -0400] "GET /wp-content/plugins/click-to-chat-for-whatsapp/new/inc/assets/js/app.js?ver=4.20 HTTP/1.1" 200 2906 "https://skillstudio27.com/" "Mozilla/5.0 (Windows NT 10.0; Win64; x64) AppleWebKit/537.36 (KHTML, like Gecko) Chrome/135.0.0.0 Safari/537.36"
202.59.13.10 - - [28/Apr/2025:12:20:40 -0400] "GET /wp-content/uploads/premium-addons-elementor/pa-frontend-81a1b11d7.min.js?ver=1745670955 HTTP/1.1" 200 2072 "https://skillstudio27.com/" "Mozilla/5.0 (Windows NT 10.0; Win64; x64) AppleWebKit/537.36 (KHTML, like Gecko) Chrome/135.0.0.0 Safari/537.36"
202.59.13.10 - - [28/Apr/2025:12:20:40 -0400] "GET /wp-content/plugins/metform/public/assets/lib/cute-alert/cute-alert.js?ver=3.9.8 HTTP/1.1" 200 1009 "https://skillstudio27.com/" "Mozilla/5.0 (Windows NT 10.0; Win64; x64) AppleWebKit/537.36 (KHTML, like Gecko) Chrome/135.0.0.0 Safari/537.36"
202.59.13.10 - - [28/Apr/2025:12:20:40 -0400] "GET /wp-content/themes/hello-elementor/assets/js/hello-frontend.min.js?ver=3.3.0 HTTP/1.1" 200 548 "https://skillstudio27.com/" "Mozilla/5.0 (Windows NT 10.0; Win64; x64) AppleWebKit/537.36 (KHTML, like Gecko) Chrome/135.0.0.0 Safari/537.36"
202.59.13.10 - - [28/Apr/2025:12:20:40 -0400] "GET /wp-content/plugins/elementor/assets/lib/font-awesome/css/all.min.css?ver=4.11.5 HTTP/1.1" 200 12380 "https://skillstudio27.com/" "Mozilla/5.0 (Windows NT 10.0; Win64; x64) AppleWebKit/537.36 (KHTML, like Gecko) Chrome/135.0.0.0 Safari/537.36"
202.59.13.10 - - [28/Apr/2025:12:20:40 -0400] "GET /wp-content/plugins/elementskit-lite/libs/framework/assets/js/frontend-script.js?ver=3.5.0 HTTP/1.1" 200 40 "https://skillstudio27.com/" "Mozilla/5.0 (Windows NT 10.0; Win64; x64) AppleWebKit/537.36 (KHTML, like Gecko) Chrome/135.0.0.0 Safari/537.36"
202.59.13.10 - - [28/Apr/2025:12:20:40 -0400] "GET /wp-content/plugins/elementor/assets/lib/jquery-numerator/jquery-numerator.min.js?ver=0.2.1 HTTP/1.1" 200 677 "https://skillstudio27.com/" "Mozilla/5.0 (Windows NT 10.0; Win64; x64) AppleWebKit/537.36 (KHTML, like Gecko) Chrome/135.0.0.0 Safari/537.36"
202.59.13.10 - - [28/Apr/2025:12:20:40 -0400] "GET /wp-includes/js/imagesloaded.min.js?ver=5.0.0 HTTP/1.1" 200 1687 "https://skillstudio27.com/" "Mozilla/5.0 (Windows NT 10.0; Win64; x64) AppleWebKit/537.36 (KHTML, like Gecko) Chrome/135.0.0.0 Safari/537.36"
202.59.13.10 - - [28/Apr/2025:12:20:40 -0400] "GET /wp-content/plugins/elementskit-lite/widgets/init/assets/js/widget-scripts.js?ver=3.5.0 HTTP/1.1" 200 40425 "https://skillstudio27.com/" "Mozilla/5.0 (Windows NT 10.0; Win64; x64) AppleWebKit/537.36 (KHTML, like Gecko) Chrome/135.0.0.0 Safari/537.36"
202.59.13.10 - - [28/Apr/2025:12:20:40 -0400] "GET /wp-content/plugins/elementor/assets/lib/swiper/v8/swiper.min.js?ver=8.4.5 HTTP/1.1" 200 38152 "https://skillstudio27.com/" "Mozilla/5.0 (Windows NT 10.0; Win64; x64) AppleWebKit/537.36 (KHTML, like Gecko) Chrome/135.0.0.0 Safari/537.36"
202.59.13.10 - - [28/Apr/2025:12:20:40 -0400] "GET /wp-content/plugins/elementor/assets/js/webpack.runtime.min.js?ver=3.28.4 HTTP/1.1" 200 2228 "https://skillstudio27.com/" "Mozilla/5.0 (Windows NT 10.0; Win64; x64) AppleWebKit/537.36 (KHTML, like Gecko) Chrome/135.0.0.0 Safari/537.36"
202.59.13.10 - - [28/Apr/2025:12:20:40 -0400] "GET /wp-content/plugins/bdthemes-element-pack-lite/assets/js/common/helper.min.js?ver=5.10.30 HTTP/1.1" 200 1409 "https://skillstudio27.com/" "Mozilla/5.0 (Windows NT 10.0; Win64; x64) AppleWebKit/537.36 (KHTML, like Gecko) Chrome/135.0.0.0 Safari/537.36"
202.59.13.10 - - [28/Apr/2025:12:20:40 -0400] "GET /wp-content/plugins/bdthemes-element-pack-lite/assets/js/modules/ep-wrapper-link.min.js?ver=5.10.30 HTTP/1.1" 200 239 "https://skillstudio27.com/" "Mozilla/5.0 (Windows NT 10.0; Win64; x64) AppleWebKit/537.36 (KHTML, like Gecko) Chrome/135.0.0.0 Safari/537.36"
202.59.13.10 - - [28/Apr/2025:12:20:40 -0400] "GET /wp-content/plugins/elementor/assets/lib/font-awesome/js/v4-shims.min.js?ver=3.28.4 HTTP/1.1" 200 4042 "https://skillstudio27.com/" "Mozilla/5.0 (Windows NT 10.0; Win64; x64) AppleWebKit/537.36 (KHTML, like Gecko) Chrome/135.0.0.0 Safari/537.36"
202.59.13.10 - - [28/Apr/2025:12:20:40 -0400] "GET /wp-includes/js/dist/hooks.min.js?ver=4d63a3d491d11ffd8ac6 HTTP/1.1" 200 1571 "https://skillstudio27.com/" "Mozilla/5.0 (Windows NT 10.0; Win64; x64) AppleWebKit/537.36 (KHTML, like Gecko) Chrome/135.0.0.0 Safari/537.36"
202.59.13.10 - - [28/Apr/2025:12:20:40 -0400] "GET /wp-includes/js/dist/i18n.min.js?ver=5e580eb46a90c2b997e6 HTTP/1.1" 200 3542 "https://skillstudio27.com/" "Mozilla/5.0 (Windows NT 10.0; Win64; x64) AppleWebKit/537.36 (KHTML, like Gecko) Chrome/135.0.0.0 Safari/537.36"
202.59.13.10 - - [28/Apr/2025:12:20:40 -0400] "GET /wp-content/plugins/premium-addons-for-elementor/assets/frontend/min-js/isotope.min.js?ver=4.11.5 HTTP/1.1" 200 21432 "https://skillstudio27.com/" "Mozilla/5.0 (Windows NT 10.0; Win64; x64) AppleWebKit/537.36 (KHTML, like Gecko) Chrome/135.0.0.0 Safari/537.36"
202.59.13.10 - - [28/Apr/2025:12:20:40 -0400] "GET /wp-content/plugins/premium-addons-for-elementor/assets/frontend/min-js/prettyPhoto.min.js?ver=4.11.5 HTTP/1.1" 200 5548 "https://skillstudio27.com/" "Mozilla/5.0 (Windows NT 10.0; Win64; x64) AppleWebKit/537.36 (KHTML, like Gecko) Chrome/135.0.0.0 Safari/537.36"
202.59.13.10 - - [28/Apr/2025:12:20:40 -0400] "GET /wp-content/plugins/bdthemes-element-pack-lite/assets/js/bdt-uikit.min.js?ver=3.21.7 HTTP/1.1" 200 48984 "https://skillstudio27.com/" "Mozilla/5.0 (Windows NT 10.0; Win64; x64) AppleWebKit/537.36 (KHTML, like Gecko) Chrome/135.0.0.0 Safari/537.36"
202.59.13.10 - - [28/Apr/2025:12:20:40 -0400] "GET /wp-content/plugins/elementor/assets/js/frontend-modules.min.js?ver=3.28.4 HTTP/1.1" 200 14421 "https://skillstudio27.com/" "Mozilla/5.0 (Windows NT 10.0; Win64; x64) AppleWebKit/537.36 (KHTML, like Gecko) Chrome/135.0.0.0 Safari/537.36"
202.59.13.10 - - [28/Apr/2025:12:20:40 -0400] "GET /wp-includes/js/jquery/ui/core.min.js?ver=1.13.3 HTTP/1.1" 200 6812 "https://skillstudio27.com/" "Mozilla/5.0 (Windows NT 10.0; Win64; x64) AppleWebKit/537.36 (KHTML, like Gecko) Chrome/135.0.0.0 Safari/537.36"
202.59.13.10 - - [28/Apr/2025:12:20:40 -0400] "GET /wp-content/plugins/elementor/assets/js/frontend.min.js?ver=3.28.4 HTTP/1.1" 200 13099 "https://skillstudio27.com/" "Mozilla/5.0 (Windows NT 10.0; Win64; x64) AppleWebKit/537.36 (KHTML, like Gecko) Chrome/135.0.0.0 Safari/537.36"
202.59.13.10 - - [28/Apr/2025:12:20:40 -0400] "GET /wp-content/plugins/pro-elements/assets/js/webpack-pro.runtime.min.js?ver=3.27.3 HTTP/1.1" 200 2626 "https://skillstudio27.com/" "Mozilla/5.0 (Windows NT 10.0; Win64; x64) AppleWebKit/537.36 (KHTML, like Gecko) Chrome/135.0.0.0 Safari/537.36"
202.59.13.10 - - [28/Apr/2025:12:20:41 -0400] "GET /wp-content/plugins/elementskit-lite/widgets/init/assets/js/animate-circle.min.js?ver=3.5.0 HTTP/1.1" 200 393 "https://skillstudio27.com/" "Mozilla/5.0 (Windows NT 10.0; Win64; x64) AppleWebKit/537.36 (KHTML, like Gecko) Chrome/135.0.0.0 Safari/537.36"
202.59.13.10 - - [28/Apr/2025:12:20:41 -0400] "GET /wp-content/uploads/2025/01/3.png HTTP/1.1" 200 6288 "https://skillstudio27.com/" "Mozilla/5.0 (Windows NT 10.0; Win64; x64) AppleWebKit/537.36 (KHTML, like Gecko) Chrome/135.0.0.0 Safari/537.36"
202.59.13.10 - - [28/Apr/2025:12:20:41 -0400] "GET /wp-content/uploads/2025/01/5-1.png HTTP/1.1" 200 3831 "https://skillstudio27.com/" "Mozilla/5.0 (Windows NT 10.0; Win64; x64) AppleWebKit/537.36 (KHTML, like Gecko) Chrome/135.0.0.0 Safari/537.36"
202.59.13.10 - - [28/Apr/2025:12:20:41 -0400] "GET /wp-content/uploads/2025/01/2-1.png HTTP/1.1" 200 4940 "https://skillstudio27.com/" "Mozilla/5.0 (Windows NT 10.0; Win64; x64) AppleWebKit/537.36 (KHTML, like Gecko) Chrome/135.0.0.0 Safari/537.36"
202.59.13.10 - - [28/Apr/2025:12:20:41 -0400] "GET /wp-content/uploads/2025/01/4-1.png HTTP/1.1" 200 4037 "https://skillstudio27.com/" "Mozilla/5.0 (Windows NT 10.0; Win64; x64) AppleWebKit/537.36 (KHTML, like Gecko) Chrome/135.0.0.0 Safari/537.36"
202.59.13.10 - - [28/Apr/2025:12:20:41 -0400] "GET /wp-content/plugins/pro-elements/assets/js/frontend.min.js?ver=3.27.3 HTTP/1.1" 200 6286 "https://skillstudio27.com/" "Mozilla/5.0 (Windows NT 10.0; Win64; x64) AppleWebKit/537.36 (KHTML, like Gecko) Chrome/135.0.0.0 Safari/537.36"
202.59.13.10 - - [28/Apr/2025:12:20:41 -0400] "GET /wp-content/plugins/pro-elements/assets/js/elements-handlers.min.js?ver=3.27.3 HTTP/1.1" 200 10230 "https://skillstudio27.com/" "Mozilla/5.0 (Windows NT 10.0; Win64; x64) AppleWebKit/537.36 (KHTML, like Gecko) Chrome/135.0.0.0 Safari/537.36"
202.59.13.10 - - [28/Apr/2025:12:20:41 -0400] "GET /wp-content/plugins/elementskit-lite/widgets/init/assets/js/elementor.js?ver=3.5.0 HTTP/1.1" 200 5290 "https://skillstudio27.com/" "Mozilla/5.0 (Windows NT 10.0; Win64; x64) AppleWebKit/537.36 (KHTML, like Gecko) Chrome/135.0.0.0 Safari/537.36"
202.59.13.10 - - [28/Apr/2025:12:20:42 -0400] "GET /wp-content/uploads/2025/01/hero-home-bg-livin-1.png HTTP/1.1" 200 46436 "https://skillstudio27.com/wp-content/uploads/elementor/css/post-2.css?ver=1744846388" "Mozilla/5.0 (Windows NT 10.0; Win64; x64) AppleWebKit/537.36 (KHTML, like Gecko) Chrome/135.0.0.0 Safari/537.36"
202.59.13.10 - - [28/Apr/2025:12:20:42 -0400] "GET /wp-content/uploads/2025/01/interior-and-architecture-3-livin.png HTTP/1.1" 200 22795 "https://skillstudio27.com/wp-content/uploads/elementor/css/post-2.css?ver=1744846388" "Mozilla/5.0 (Windows NT 10.0; Win64; x64) AppleWebKit/537.36 (KHTML, like Gecko) Chrome/135.0.0.0 Safari/537.36"
202.59.13.10 - - [28/Apr/2025:12:20:42 -0400] "GET /wp-content/uploads/2025/01/black-4x4-livin.png HTTP/1.1" 200 2791 "https://skillstudio27.com/wp-content/uploads/elementor/css/post-2.css?ver=1744846388" "Mozilla/5.0 (Windows NT 10.0; Win64; x64) AppleWebKit/537.36 (KHTML, like Gecko) Chrome/135.0.0.0 Safari/537.36"
202.59.13.10 - - [28/Apr/2025:12:20:42 -0400] "GET /wp-content/uploads/2025/01/WhatsApp-Image-2024-12-10-at-17.22.29_b23903fb-e1735974982773.jpg HTTP/1.1" 200 83833 "https://skillstudio27.com/wp-content/uploads/elementor/css/post-2.css?ver=1744846388" "Mozilla/5.0 (Windows NT 10.0; Win64; x64) AppleWebKit/537.36 (KHTML, like Gecko) Chrome/135.0.0.0 Safari/537.36"
202.59.13.10 - - [28/Apr/2025:12:20:42 -0400] "GET /wp-content/uploads/2025/01/about-us-4-livin.png HTTP/1.1" 200 11321 "https://skillstudio27.com/wp-content/uploads/elementor/css/post-2.css?ver=1744846388" "Mozilla/5.0 (Windows NT 10.0; Win64; x64) AppleWebKit/537.36 (KHTML, like Gecko) Chrome/135.0.0.0 Safari/537.36"
202.59.13.10 - - [28/Apr/2025:12:20:42 -0400] "GET /wp-content/uploads/2025/01/servicest-livin.png HTTP/1.1" 200 11497 "https://skillstudio27.com/wp-content/uploads/elementor/css/post-2.css?ver=1744846388" "Mozilla/5.0 (Windows NT 10.0; Win64; x64) AppleWebKit/537.36 (KHTML, like Gecko) Chrome/135.0.0.0 Safari/537.36"
202.59.13.10 - - [28/Apr/2025:12:20:42 -0400] "GET /wp-content/uploads/2025/01/luxury-living-room-and-dining-room-with-grey-sofa-1-MD2LQED.jpg HTTP/1.1" 200 45426 "https://skillstudio27.com/wp-content/uploads/elementor/css/post-2.css?ver=1744846388" "Mozilla/5.0 (Windows NT 10.0; Win64; x64) AppleWebKit/537.36 (KHTML, like Gecko) Chrome/135.0.0.0 Safari/537.36"
202.59.13.10 - - [28/Apr/2025:12:20:42 -0400] "GET /wp-content/uploads/2025/01/portfolio-1-livin.png HTTP/1.1" 200 12448 "https://skillstudio27.com/wp-content/uploads/elementor/css/post-2.css?ver=1744846388" "Mozilla/5.0 (Windows NT 10.0; Win64; x64) AppleWebKit/537.36 (KHTML, like Gecko) Chrome/135.0.0.0 Safari/537.36"
202.59.13.10 - - [28/Apr/2025:12:20:42 -0400] "GET /wp-content/uploads/2025/01/testimoni-2-livin.png HTTP/1.1" 200 7543 "https://skillstudio27.com/wp-content/uploads/elementor/css/post-2.css?ver=1744846388" "Mozilla/5.0 (Windows NT 10.0; Win64; x64) AppleWebKit/537.36 (KHTML, like Gecko) Chrome/135.0.0.0 Safari/537.36"
202.59.13.10 - - [28/Apr/2025:12:20:42 -0400] "GET /wp-content/uploads/elementor/google-fonts/fonts/poppins-pxibyp8kv8jhgfvrlcz7z1xlfq.woff2 HTTP/1.1" 200 7816 "https://skillstudio27.com/wp-content/uploads/elementor/google-fonts/css/poppins.css?ver=1742292489" "Mozilla/5.0 (Windows NT 10.0; Win64; x64) AppleWebKit/537.36 (KHTML, like Gecko) Chrome/135.0.0.0 Safari/537.36"
202.59.13.10 - - [28/Apr/2025:12:20:42 -0400] "GET /wp-content/uploads/elementor/google-fonts/fonts/poppins-pxibyp8kv8jhgfvrldz8z1xlfq.woff2 HTTP/1.1" 200 7840 "https://skillstudio27.com/wp-content/uploads/elementor/google-fonts/css/poppins.css?ver=1742292489" "Mozilla/5.0 (Windows NT 10.0; Win64; x64) AppleWebKit/537.36 (KHTML, like Gecko) Chrome/135.0.0.0 Safari/537.36"
202.59.13.10 - - [28/Apr/2025:12:20:42 -0400] "GET /wp-content/uploads/elementor/google-fonts/fonts/poppins-pxieyp8kv8jhgfvrjjfecg.woff2 HTTP/1.1" 200 7884 "https://skillstudio27.com/wp-content/uploads/elementor/google-fonts/css/poppins.css?ver=1742292489" "Mozilla/5.0 (Windows NT 10.0; Win64; x64) AppleWebKit/537.36 (KHTML, like Gecko) Chrome/135.0.0.0 Safari/537.36"
202.59.13.10 - - [28/Apr/2025:12:20:42 -0400] "GET /wp-content/uploads/elementor/google-fonts/fonts/poppins-pxigyp8kv8jhgfvrjjluchta.woff2 HTTP/1.1" 200 8668 "https://skillstudio27.com/wp-content/uploads/elementor/google-fonts/css/poppins.css?ver=1742292489" "Mozilla/5.0 (Windows NT 10.0; Win64; x64) AppleWebKit/537.36 (KHTML, like Gecko) Chrome/135.0.0.0 Safari/537.36"
202.59.13.10 - - [28/Apr/2025:12:20:42 -0400] "GET /wp-content/uploads/2025/01/blog-3-livin.png HTTP/1.1" 200 10317 "https://skillstudio27.com/wp-content/uploads/elementor/css/post-2.css?ver=1744846388" "Mozilla/5.0 (Windows NT 10.0; Win64; x64) AppleWebKit/537.36 (KHTML, like Gecko) Chrome/135.0.0.0 Safari/537.36"
202.59.13.10 - - [28/Apr/2025:12:20:42 -0400] "GET /wp-content/uploads/elementor/google-fonts/fonts/poppins-pxibyp8kv8jhgfvrlbt5z1xlfq.woff2 HTTP/1.1" 200 7632 "https://skillstudio27.com/wp-content/uploads/elementor/google-fonts/css/poppins.css?ver=1742292489" "Mozilla/5.0 (Windows NT 10.0; Win64; x64) AppleWebKit/537.36 (KHTML, like Gecko) Chrome/135.0.0.0 Safari/537.36"
202.59.13.10 - - [28/Apr/2025:12:20:42 -0400] "GET /wp-content/uploads/elementor/google-fonts/fonts/poppins-pxibyp8kv8jhgfvrlej6z1xlfq.woff2 HTTP/1.1" 200 8000 "https://skillstudio27.com/wp-content/uploads/elementor/google-fonts/css/poppins.css?ver=1742292489" "Mozilla/5.0 (Windows NT 10.0; Win64; x64) AppleWebKit/537.36 (KHTML, like Gecko) Chrome/135.0.0.0 Safari/537.36"
202.59.13.10 - - [28/Apr/2025:12:20:42 -0400] "GET /wp-content/uploads/2025/01/custom-spanish-revival-california-style-k-smith-interiors-imgacd1cca10aff3de0_14-8892-1-a04dd21.jpg HTTP/1.1" 200 409870 "https://skillstudio27.com/wp-content/uploads/elementor/css/post-2.css?ver=1744846388" "Mozilla/5.0 (Windows NT 10.0; Win64; x64) AppleWebKit/537.36 (KHTML, like Gecko) Chrome/135.0.0.0 Safari/537.36"
202.59.13.10 - - [28/Apr/2025:12:20:42 -0400] "GET /wp-content/plugins/elementskit-lite/modules/elementskit-icon-pack/assets/fonts/elementskit.woff?y24e1e HTTP/1.1" 200 459560 "https://skillstudio27.com/wp-content/plugins/elementskit-lite/modules/elementskit-icon-pack/assets/css/ekiticons.css?ver=3.5.0" "Mozilla/5.0 (Windows NT 10.0; Win64; x64) AppleWebKit/537.36 (KHTML, like Gecko) Chrome/135.0.0.0 Safari/537.36"
202.59.13.10 - - [28/Apr/2025:12:20:43 -0400] "GET /wp-content/plugins/elementor/assets/lib/dialog/dialog.min.js?ver=4.9.3 HTTP/1.1" 200 3487 "https://skillstudio27.com/" "Mozilla/5.0 (Windows NT 10.0; Win64; x64) AppleWebKit/537.36 (KHTML, like Gecko) Chrome/135.0.0.0 Safari/537.36"
202.59.13.10 - - [28/Apr/2025:12:20:43 -0400] "GET /wp-content/plugins/elementor/assets/css/conditionals/dialog.min.css?ver=3.28.4 HTTP/1.1" 200 1359 "https://skillstudio27.com/" "Mozilla/5.0 (Windows NT 10.0; Win64; x64) AppleWebKit/537.36 (KHTML, like Gecko) Chrome/135.0.0.0 Safari/537.36"
202.59.13.10 - - [28/Apr/2025:12:20:43 -0400] "GET /wp-content/plugins/elementor/assets/lib/share-link/share-link.min.js?ver=3.28.4 HTTP/1.1" 200 1072 "https://skillstudio27.com/" "Mozilla/5.0 (Windows NT 10.0; Win64; x64) AppleWebKit/537.36 (KHTML, like Gecko) Chrome/135.0.0.0 Safari/537.36"
202.59.13.10 - - [28/Apr/2025:12:20:43 -0400] "GET /wp-content/plugins/elementor/assets/css/conditionals/lightbox.min.css?ver=3.28.4 HTTP/1.1" 200 1752 "https://skillstudio27.com/" "Mozilla/5.0 (Windows NT 10.0; Win64; x64) AppleWebKit/537.36 (KHTML, like Gecko) Chrome/135.0.0.0 Safari/537.36"
202.59.13.10 - - [28/Apr/2025:12:20:43 -0400] "GET /wp-includes/js/wp-emoji-release.min.js?ver=6.8 HTTP/1.1" 200 4771 "https://skillstudio27.com/" "Mozilla/5.0 (Windows NT 10.0; Win64; x64) AppleWebKit/537.36 (KHTML, like Gecko) Chrome/135.0.0.0 Safari/537.36"
202.59.13.10 - - [28/Apr/2025:12:20:43 -0400] "GET /wp-content/plugins/elementor/assets/js/lightbox.f3fa607b705962362647.bundle.min.js HTTP/1.1" 200 9073 "https://skillstudio27.com/" "Mozilla/5.0 (Windows NT 10.0; Win64; x64) AppleWebKit/537.36 (KHTML, like Gecko) Chrome/135.0.0.0 Safari/537.36"
202.59.13.10 - - [28/Apr/2025:12:20:43 -0400] "GET /wp-content/uploads/2025/01/3d-rendering-modern-living-room-with-luxury-decor-1-RSJPCNR.jpg HTTP/1.1" 200 242611 "https://skillstudio27.com/" "Mozilla/5.0 (Windows NT 10.0; Win64; x64) AppleWebKit/537.36 (KHTML, like Gecko) Chrome/135.0.0.0 Safari/537.36"
202.59.13.10 - - [28/Apr/2025:12:20:43 -0400] "GET /wp-content/plugins/elementor/assets/js/counter.12335f45aaa79d244f24.bundle.min.js HTTP/1.1" 200 442 "https://skillstudio27.com/" "Mozilla/5.0 (Windows NT 10.0; Win64; x64) AppleWebKit/537.36 (KHTML, like Gecko) Chrome/135.0.0.0 Safari/537.36"
202.59.13.10 - - [28/Apr/2025:12:20:43 -0400] "GET /wp-content/plugins/elementor/assets/js/text-editor.c084ef86600b6f11690d.bundle.min.js HTTP/1.1" 200 621 "https://skillstudio27.com/" "Mozilla/5.0 (Windows NT 10.0; Win64; x64) AppleWebKit/537.36 (KHTML, like Gecko) Chrome/135.0.0.0 Safari/537.36"
202.59.13.10 - - [28/Apr/2025:12:20:43 -0400] "GET /wp-content/plugins/elementor/assets/js/image-carousel.6167d20b95b33386757b.bundle.min.js HTTP/1.1" 200 256 "https://skillstudio27.com/" "Mozilla/5.0 (Windows NT 10.0; Win64; x64) AppleWebKit/537.36 (KHTML, like Gecko) Chrome/135.0.0.0 Safari/537.36"
202.59.13.10 - - [28/Apr/2025:12:20:43 -0400] "GET /wp-content/uploads/2025/01/WhatsApp-Image-2024-12-10-at-17.06.37_868d737c.jpg HTTP/1.1" 200 116353 "https://skillstudio27.com/" "Mozilla/5.0 (Windows NT 10.0; Win64; x64) AppleWebKit/537.36 (KHTML, like Gecko) Chrome/135.0.0.0 Safari/537.36"
202.59.13.10 - - [28/Apr/2025:12:20:43 -0400] "GET /wp-content/uploads/2025/01/WhatsApp-Image-2024-12-10-at-17.21.26_4cd62215.jpg HTTP/1.1" 200 71992 "https://skillstudio27.com/" "Mozilla/5.0 (Windows NT 10.0; Win64; x64) AppleWebKit/537.36 (KHTML, like Gecko) Chrome/135.0.0.0 Safari/537.36"
202.59.13.10 - - [28/Apr/2025:12:20:43 -0400] "GET /wp-content/uploads/2025/01/WhatsApp-Image-2024-12-10-at-17.22.29_985fd2fa.jpg HTTP/1.1" 200 76920 "https://skillstudio27.com/" "Mozilla/5.0 (Windows NT 10.0; Win64; x64) AppleWebKit/537.36 (KHTML, like Gecko) Chrome/135.0.0.0 Safari/537.36"
202.59.13.10 - - [28/Apr/2025:12:20:43 -0400] "GET /wp-content/uploads/2025/02/Orange-grey-kitchen-with-glass-window-page-00007.jpg HTTP/1.1" 200 253760 "https://skillstudio27.com/" "Mozilla/5.0 (Windows NT 10.0; Win64; x64) AppleWebKit/537.36 (KHTML, like Gecko) Chrome/135.0.0.0 Safari/537.36"
202.59.13.10 - - [28/Apr/2025:12:20:43 -0400] "GET /wp-content/uploads/2025/01/3d-rendering-white-wood-living-room-near-bedroom-1-A8P33SL.jpg HTTP/1.1" 200 340497 "https://skillstudio27.com/" "Mozilla/5.0 (Windows NT 10.0; Win64; x64) AppleWebKit/537.36 (KHTML, like Gecko) Chrome/135.0.0.0 Safari/537.36"
202.59.13.10 - - [28/Apr/2025:12:20:43 -0400] "GET /wp-content/uploads/2025/01/3d-rendering-luxury-and-modern-restaurant-and-dini-1-759WHUP.jpg HTTP/1.1" 200 348953 "https://skillstudio27.com/" "Mozilla/5.0 (Windows NT 10.0; Win64; x64) AppleWebKit/537.36 (KHTML, like Gecko) Chrome/135.0.0.0 Safari/537.36"
202.59.13.10 - - [28/Apr/2025:12:20:43 -0400] "GET /wp-content/uploads/2025/01/luxury-and-modern-living-room-with-good-design-lea-1-XBAPAWV.jpg HTTP/1.1" 200 265128 "https://skillstudio27.com/" "Mozilla/5.0 (Windows NT 10.0; Win64; x64) AppleWebKit/537.36 (KHTML, like Gecko) Chrome/135.0.0.0 Safari/537.36"
202.59.13.10 - - [28/Apr/2025:12:20:43 -0400] "GET /wp-content/uploads/2025/01/bathroom.png HTTP/1.1" 200 724439 "https://skillstudio27.com/" "Mozilla/5.0 (Windows NT 10.0; Win64; x64) AppleWebKit/537.36 (KHTML, like Gecko) Chrome/135.0.0.0 Safari/537.36"
202.59.13.10 - - [28/Apr/2025:12:20:43 -0400] "GET /wp-content/uploads/2025/01/master-bedroom.png HTTP/1.1" 200 1188276 "https://skillstudio27.com/" "Mozilla/5.0 (Windows NT 10.0; Win64; x64) AppleWebKit/537.36 (KHTML, like Gecko) Chrome/135.0.0.0 Safari/537.36"
202.59.13.10 - - [28/Apr/2025:12:20:44 -0400] "GET /wp-content/uploads/2025/01/lounge-design.png HTTP/1.1" 200 639253 "https://skillstudio27.com/" "Mozilla/5.0 (Windows NT 10.0; Win64; x64) AppleWebKit/537.36 (KHTML, like Gecko) Chrome/135.0.0.0 Safari/537.36"
202.59.13.10 - - [28/Apr/2025:12:20:45 -0400] "GET /wp-content/uploads/2025/01/cropped-skill-logo-e1735972693321-32x32.png HTTP/1.1" 200 2926 "https://skillstudio27.com/" "Mozilla/5.0 (Windows NT 10.0; Win64; x64) AppleWebKit/537.36 (KHTML, like Gecko) Chrome/135.0.0.0 Safari/537.36"
202.59.13.10 - - [28/Apr/2025:12:20:47 -0400] "GET /wp-content/uploads/2025/01/circl-1.png HTTP/1.1" 200 14163 "https://skillstudio27.com/" "Mozilla/5.0 (Windows NT 10.0; Win64; x64) AppleWebKit/537.36 (KHTML, like Gecko) Chrome/135.0.0.0 Safari/537.36"
202.59.13.10 - - [28/Apr/2025:12:20:49 -0400] "GET /wp-content/uploads/2025/02/Orange-grey-kitchen-with-glass-window-page-00007-1536x864.jpg HTTP/1.1" 200 208226 "https://skillstudio27.com/" "Mozilla/5.0 (Windows NT 10.0; Win64; x64) AppleWebKit/537.36 (KHTML, like Gecko) Chrome/135.0.0.0 Safari/537.36"
202.59.13.10 - - [28/Apr/2025:12:29:46 -0400] "GET /wp-content/uploads/2025/01/3d-rendering-beautiful-comtemporary-luxury-bedroom-1-AKGUBX4.jpg HTTP/1.1" 200 79111 "https://skillstudio27.com/wp-content/uploads/elementor/css/post-2.css?ver=1744846388" "Mozilla/5.0 (Windows NT 10.0; Win64; x64) AppleWebKit/537.36 (KHTML, like Gecko) Chrome/135.0.0.0 Safari/537.36"
152.53.86.114 - - [28/Apr/2025:12:52:33 -0400] "GET /?_x_tr_sl=en&_x_tr_tl=zh-CN&_x_tr_hl=zh-CN&_x_tr_pto=sc HTTP/1.1" 200 0 "-" "Mozilla/5.0 (Windows NT 10.0; Win64; x64) AppleWebKit/537.36 (KHTML, like Gecko) Chrome/100.0.8180.641 Safari/537.36"
66.29.132.124 - - [28/Apr/2025:12:52:45 -0400] "POST /wp-cron.php?doing_wp_cron=1745859164.6262750625610351562500 HTTP/1.1" 200 0 "-" "WordPress/6.8; https://skillstudio27.com"
4.227.36.50 - - [28/Apr/2025:13:01:29 -0400] "GET /robots.txt HTTP/1.1" 200 102 "-" "Mozilla/5.0 AppleWebKit/537.36 (KHTML, like Gecko; compatible; GPTBot/1.2; +https://openai.com/gptbot)"
66.29.132.124 - - [28/Apr/2025:13:01:42 -0400] "POST /wp-cron.php?doing_wp_cron=1745859702.0174589157104492187500 HTTP/1.1" 200 0 "-" "WordPress/6.8; https://skillstudio27.com"
20.171.207.248 - - [28/Apr/2025:13:01:29 -0400] "GET /wp-json/elementskit/v1/ HTTP/1.1" 404 114 "-" "Mozilla/5.0 AppleWebKit/537.36 (KHTML, like Gecko; compatible; GPTBot/1.2; +https://openai.com/gptbot)"
66.29.132.124 - - [28/Apr/2025:13:01:43 -0400] "POST /wp-admin/admin-ajax.php?action=async_litespeed&nonce=nbm81YRVDOZe7WK9txFrzLPg3TeuZenN&litespeed_type=imgoptm HTTP/1.1" 200 0 "-" "WordPress/6.8; https://skillstudio27.com"
57.141.0.12 - - [28/Apr/2025:13:09:27 -0400] "GET /services/ HTTP/1.1" 200 1514 "-" "meta-externalagent/1.1 (+https://developers.facebook.com/docs/sharing/webmasters/crawler)"
20.171.207.248 - - [28/Apr/2025:13:17:49 -0400] "GET /wp-json/elementskit/v1/ HTTP/1.1" 404 114 "-" "Mozilla/5.0 AppleWebKit/537.36 (KHTML, like Gecko; compatible; GPTBot/1.2; +https://openai.com/gptbot)"
173.249.43.220 - - [28/Apr/2025:13:24:51 -0400] "GET /wp-content/plugins/HelloDollyV2/hello_dolly_v2.php HTTP/1.1" 200 0 "www.google.com" "Mozilla/5.0 (Linux; Android 7.0; SM-G892A Build/NRD90M; wv) AppleWebKit/537.36 (KHTML, like Gecko) Version/4.0 Chrome/60.0.3112.107 Mobile Safari/537.36"
66.29.132.124 - - [28/Apr/2025:13:25:06 -0400] "POST /wp-cron.php?doing_wp_cron=1745861105.0128788948059082031250 HTTP/1.1" 200 0 "-" "WordPress/6.8; https://skillstudio27.com"
95.108.213.181 - - [28/Apr/2025:13:27:22 -0400] "GET /robots.txt HTTP/1.1" 200 118 "-" "Mozilla/5.0 (compatible; YandexBot/3.0; +http://yandex.com/bots)"
5.255.231.60 - - [28/Apr/2025:13:27:23 -0400] "GET /feed/ HTTP/1.1" 200 9008 "-" "Mozilla/5.0 (compatible; YandexBot/3.0; +http://yandex.com/bots)"
20.171.207.248 - - [28/Apr/2025:13:34:00 -0400] "GET /wp-json/elementskit/v1/ HTTP/1.1" 404 114 "-" "Mozilla/5.0 AppleWebKit/537.36 (KHTML, like Gecko; compatible; GPTBot/1.2; +https://openai.com/gptbot)"
66.29.132.124 - - [28/Apr/2025:13:52:24 -0400] "POST /wp-cron.php?doing_wp_cron=1745862742.8263339996337890625000 HTTP/1.1" 200 0 "-" "WordPress/6.8; https://skillstudio27.com"
91.206.201.38 - - [28/Apr/2025:13:52:10 -0400] "GET /wp-json/wp/v2/users HTTP/1.1" 200 834 "-" "Mozilla/5.0 (Windows NT 10.0; Win64; x64) AppleWebKit/537.36 (KHTML, like Gecko) Chrome/87.0.4280.141 Safari/537.36"
54.247.230.158 - - [28/Apr/2025:13:55:43 -0400] "GET /robots.txt HTTP/1.1" 200 115 "-" "Pandalytics/2.0 (https://domainsbot.com/pandalytics/)"
54.247.230.158 - - [28/Apr/2025:13:55:46 -0400] "GET / HTTP/1.1" 200 30386 "-" "Pandalytics/2.0 (https://domainsbot.com/pandalytics/)"
4.227.36.50 - - [28/Apr/2025:15:08:22 -0400] "GET /robots.txt HTTP/1.1" 200 102 "-" "Mozilla/5.0 AppleWebKit/537.36 (KHTML, like Gecko; compatible; GPTBot/1.2; +https://openai.com/gptbot)"
66.29.132.124 - - [28/Apr/2025:15:15:19 -0400] "POST /wp-cron.php?doing_wp_cron=1745867716.9711260795593261718750 HTTP/1.1" 200 0 "-" "WordPress/6.8; https://skillstudio27.com"
20.171.207.248 - - [28/Apr/2025:15:15:02 -0400] "GET /lander/sberchat5v4_tds_newcrm_038-vnutr_1721815245/ HTTP/1.1" 404 9340 "-" "Mozilla/5.0 AppleWebKit/537.36 (KHTML, like Gecko; compatible; GPTBot/1.2; +https://openai.com/gptbot)"
192.36.109.83 - - [28/Apr/2025:15:28:55 -0400] "GET /robots.txt HTTP/1.1" 200 115 "http://skillstudio27.com/robots.txt" "Mozilla/5.0 (X11; CrOS x86_64 14541.0.0) AppleWebKit/537.36 (KHTML, like Gecko) Chrome/121.0.0.0 Safari/537.3"
192.36.109.115 - - [28/Apr/2025:15:28:57 -0400] "GET / HTTP/1.1" 200 30386 "http://skillstudio27.com/" "Mozilla/5.0 (X11; CrOS x86_64 14541.0.0) AppleWebKit/537.36 (KHTML, like Gecko) Chrome/121.0.0.0 Safari/537.3"
66.29.132.124 - - [28/Apr/2025:15:38:04 -0400] "POST /wp-cron.php?doing_wp_cron=1745869083.8929998874664306640625 HTTP/1.1" 200 0 "-" "WordPress/6.8; https://skillstudio27.com"
20.171.207.248 - - [28/Apr/2025:15:37:53 -0400] "GET /wp-json/elementskit/v1/ HTTP/1.1" 404 114 "-" "Mozilla/5.0 AppleWebKit/537.36 (KHTML, like Gecko; compatible; GPTBot/1.2; +https://openai.com/gptbot)"
66.29.132.124 - - [28/Apr/2025:15:38:05 -0400] "POST /wp-admin/admin-ajax.php?action=async_litespeed&nonce=uxDrEa3oXOLNTAxSVHXOvXvTqhZ1Vg1G&litespeed_type=imgoptm HTTP/1.1" 200 0 "-" "WordPress/6.8; https://skillstudio27.com"
212.34.154.131 - - [28/Apr/2025:15:47:56 -0400] "GET / HTTP/1.1" 200 30386 "-" "Mozilla/5.0 (Macintosh; Intel Mac OS X 10_15_7) AppleWebKit/537.36 (KHTML, like Gecko) Chrome/133.0.0.0 Safari/537.36"
212.34.154.131 - - [28/Apr/2025:15:47:57 -0400] "GET /comments/feed/ HTTP/1.1" 200 768 "-" "Mozilla/5.0 (Macintosh; Intel Mac OS X 10_15_7) AppleWebKit/537.36 (KHTML, like Gecko) Chrome/133.0.0.0 Safari/537.36"
212.34.154.131 - - [28/Apr/2025:15:47:58 -0400] "GET /contact-us/ HTTP/1.1" 200 24289 "-" "Mozilla/5.0 (Macintosh; Intel Mac OS X 10_15_7) AppleWebKit/537.36 (KHTML, like Gecko) Chrome/133.0.0.0 Safari/537.36"
66.29.132.124 - - [28/Apr/2025:15:48:16 -0400] "POST /wp-cron.php?doing_wp_cron=1745869695.9960880279541015625000 HTTP/1.1" 200 0 "-" "WordPress/6.8; https://skillstudio27.com"
66.29.132.124 - - [28/Apr/2025:15:48:17 -0400] "POST /wp-admin/admin-ajax.php?action=async_litespeed&nonce=HrmrYeYQ65ZhDcP7vJOqDjDm2HFkrS6l&litespeed_type=imgoptm HTTP/1.1" 200 0 "-" "WordPress/6.8; https://skillstudio27.com"
58.97.215.196 - - [28/Apr/2025:15:48:00 -0400] "POST /contact-us/ HTTP/1.1" 200 0 "-" "Mozilla/5.0 (Macintosh; Intel Mac OS X 10_15_7) AppleWebKit/537.36 (KHTML, like Gecko) Chrome/133.0.0.0 Safari/537.36"
58.97.215.196 - - [28/Apr/2025:15:48:20 -0400] "POST /contact-us/ HTTP/1.1" 200 24248 "-" "Mozilla/5.0 (Windows NT 10.0; Win64; x64) AppleWebKit/537.36 (KHTML, like Gecko) Chrome/120.0.0.0 Safari/537.36"
66.29.132.124 - - [28/Apr/2025:15:57:28 -0400] "POST /wp-cron.php?doing_wp_cron=1745870248.6078710556030273437500 HTTP/1.1" 200 0 "-" "WordPress/6.8; https://skillstudio27.com"
20.171.207.248 - - [28/Apr/2025:15:57:24 -0400] "GET /api/.env HTTP/1.1" 404 9340 "-" "Mozilla/5.0 AppleWebKit/537.36 (KHTML, like Gecko; compatible; GPTBot/1.2; +https://openai.com/gptbot)"
66.29.132.124 - - [28/Apr/2025:15:57:28 -0400] "POST /wp-admin/admin-ajax.php?action=async_litespeed&nonce=9g8vXx4BmJkpr8dYoqquN2QPq9KXnbmN&litespeed_type=imgoptm HTTP/1.1" 200 21 "-" "WordPress/6.8; https://skillstudio27.com"
66.29.132.124 - - [28/Apr/2025:16:01:32 -0400] "POST /wp-cron.php?doing_wp_cron=1745870492.2107338905334472656250 HTTP/1.1" 200 0 "-" "WordPress/6.8; https://skillstudio27.com"
20.171.207.248 - - [28/Apr/2025:16:01:29 -0400] "GET /php_info.php HTTP/1.1" 404 9340 "-" "Mozilla/5.0 AppleWebKit/537.36 (KHTML, like Gecko; compatible; GPTBot/1.2; +https://openai.com/gptbot)"
66.29.132.124 - - [28/Apr/2025:16:01:33 -0400] "POST /wp-admin/admin-ajax.php?action=async_litespeed&nonce=MXd7BQExyRLRKI1xiVjy5hfv6IugBdwS&litespeed_type=imgoptm HTTP/1.1" 200 0 "-" "WordPress/6.8; https://skillstudio27.com"
13.57.182.59 - - [28/Apr/2025:16:03:11 -0400] "GET / HTTP/1.1" 200 30386 "-" "Mozilla/5.0 (X11; Linux x86_64) AppleWebKit/537.36 (KHTML, like Gecko) Chrome/51.0.2704.103 Safari/537.36"
57.141.0.19 - - [28/Apr/2025:16:29:45 -0400] "GET /services/ HTTP/1.1" 200 1514 "-" "meta-externalagent/1.1 (+https://developers.facebook.com/docs/sharing/webmasters/crawler)"
66.29.132.124 - - [28/Apr/2025:16:37:35 -0400] "POST /wp-cron.php?doing_wp_cron=1745872654.7701768875122070312500 HTTP/1.1" 200 0 "-" "WordPress/6.8; https://skillstudio27.com"
20.171.207.248 - - [28/Apr/2025:16:37:23 -0400] "GET /.env HTTP/1.1" 404 9340 "-" "Mozilla/5.0 AppleWebKit/537.36 (KHTML, like Gecko; compatible; GPTBot/1.2; +https://openai.com/gptbot)"
66.29.132.124 - - [28/Apr/2025:16:37:37 -0400] "POST /wp-admin/admin-ajax.php?action=async_litespeed&nonce=A4d51wdw1jKbrMBlaSVD5MGpIt1zPRvb&litespeed_type=imgoptm HTTP/1.1" 200 0 "-" "WordPress/6.8; https://skillstudio27.com"
196.251.70.18 - - [28/Apr/2025:17:12:37 -0400] "GET / HTTP/1.1" 200 151204 "-" "Mozilla/5.0 (Macintosh; Intel Mac OS X 10_15_7; rv:132.0) Gecko/20100101 Firefox/132.0"
57.141.0.7 - - [28/Apr/2025:17:16:18 -0400] "GET /services/ HTTP/1.1" 200 1513 "-" "meta-externalagent/1.1 (+https://developers.facebook.com/docs/sharing/webmasters/crawler)"
114.117.233.112 - - [28/Apr/2025:17:19:41 -0400] "GET / HTTP/1.1" 200 30386 "http://skillstudio27.com" "Mozilla/5.0 (iPhone; CPU iPhone OS 13_2_3 like Mac OS X) AppleWebKit/605.1.15 (KHTML, like Gecko) Version/13.0.3 Mobile/15E148 Safari/604.1"
124.156.225.181 - - [28/Apr/2025:17:50:33 -0400] "GET / HTTP/1.1" 200 30386 "http://skillstudio27.com" "Mozilla/5.0 (iPhone; CPU iPhone OS 13_2_3 like Mac OS X) AppleWebKit/605.1.15 (KHTML, like Gecko) Version/13.0.3 Mobile/15E148 Safari/604.1"
107.151.214.108 - - [28/Apr/2025:18:03:10 -0400] "GET /wp-admin/css/ HTTP/1.1" 403 1242 "binance.com" "Mozilla/5.0 (Windows NT 10.0; Win64; x64) AppleWebKit/537.36 (KHTML, like Gecko) Chrome/90.0.4430.85 Safari/537.36"
66.29.132.124 - - [28/Apr/2025:19:31:24 -0400] "POST /wp-cron.php?doing_wp_cron=1745883084.4570829868316650390625 HTTP/1.1" 200 0 "-" "WordPress/6.8; https://skillstudio27.com"
43.153.54.14 - - [28/Apr/2025:19:31:19 -0400] "GET / HTTP/1.1" 301 0 "http://www.skillstudio27.com" "Mozilla/5.0 (iPhone; CPU iPhone OS 13_2_3 like Mac OS X) AppleWebKit/605.1.15 (KHTML, like Gecko) Version/13.0.3 Mobile/15E148 Safari/604.1"
66.29.132.124 - - [28/Apr/2025:19:31:24 -0400] "POST /wp-admin/admin-ajax.php?action=async_litespeed&nonce=Q3Sql5rnh8TRlNon14BCcxySqArPdiRY&litespeed_type=imgoptm HTTP/1.1" 200 21 "-" "WordPress/6.8; https://skillstudio27.com"
43.153.54.14 - - [28/Apr/2025:19:31:25 -0400] "GET / HTTP/1.1" 200 30386 "https://www.skillstudio27.com/" "Mozilla/5.0 (iPhone; CPU iPhone OS 13_2_3 like Mac OS X) AppleWebKit/605.1.15 (KHTML, like Gecko) Version/13.0.3 Mobile/15E148 Safari/604.1"
66.29.132.124 - - [28/Apr/2025:20:22:07 -0400] "POST /wp-cron.php?doing_wp_cron=1745886126.9555549621582031250000 HTTP/1.1" 200 0 "-" "WordPress/6.8; https://skillstudio27.com"
198.98.52.23 - - [28/Apr/2025:20:22:01 -0400] "GET /wp-login.php HTTP/1.1" 200 6134 "-" "Mozilla/5.0 (Windows NT 6.1) AppleWebKit/537.36 (KHTML, like Gecko) Chrome/35.0.1916.153 Safari/537.36"
198.98.52.23 - - [28/Apr/2025:20:22:07 -0400] "POST /wp-login.php HTTP/1.1" 200 6390 "-" "Mozilla/5.0 (Windows NT 6.1) AppleWebKit/537.36 (KHTML, like Gecko) Chrome/35.0.1916.153 Safari/537.36"
66.29.132.124 - - [28/Apr/2025:20:22:07 -0400] "POST /wp-admin/admin-ajax.php?action=async_litespeed&nonce=Koxqy4oCphg53Tjj9vEey5D3uJLlOvs8&litespeed_type=imgoptm HTTP/1.1" 200 21 "-" "WordPress/6.8; https://skillstudio27.com"