20.171.207.31 - - [26/Apr/2025:10:45:35 -0400] "GET /new.php HTTP/1.1" 404 9340 "-" "Mozilla/5.0 AppleWebKit/537.36 (KHTML, like Gecko; compatible; GPTBot/1.2; +https://openai.com/gptbot)"
20.171.207.31 - - [26/Apr/2025:10:45:40 -0400] "GET /menu.php HTTP/1.1" 404 9340 "-" "Mozilla/5.0 AppleWebKit/537.36 (KHTML, like Gecko; compatible; GPTBot/1.2; +https://openai.com/gptbot)"
20.171.207.31 - - [26/Apr/2025:10:45:41 -0400] "GET /cong.php HTTP/1.1" 404 9340 "-" "Mozilla/5.0 AppleWebKit/537.36 (KHTML, like Gecko; compatible; GPTBot/1.2; +https://openai.com/gptbot)"
20.171.207.31 - - [26/Apr/2025:10:45:43 -0400] "GET /data.php HTTP/1.1" 404 9340 "-" "Mozilla/5.0 AppleWebKit/537.36 (KHTML, like Gecko; compatible; GPTBot/1.2; +https://openai.com/gptbot)"
20.171.207.31 - - [26/Apr/2025:10:45:48 -0400] "GET /lock.php HTTP/1.1" 404 9340 "-" "Mozilla/5.0 AppleWebKit/537.36 (KHTML, like Gecko; compatible; GPTBot/1.2; +https://openai.com/gptbot)"
20.171.207.31 - - [26/Apr/2025:10:45:50 -0400] "GET /edit.php HTTP/1.1" 404 9340 "-" "Mozilla/5.0 AppleWebKit/537.36 (KHTML, like Gecko; compatible; GPTBot/1.2; +https://openai.com/gptbot)"
20.171.207.31 - - [26/Apr/2025:10:45:52 -0400] "GET /text.php HTTP/1.1" 404 9340 "-" "Mozilla/5.0 AppleWebKit/537.36 (KHTML, like Gecko; compatible; GPTBot/1.2; +https://openai.com/gptbot)"
20.171.207.31 - - [26/Apr/2025:10:45:56 -0400] "GET /mini.php HTTP/1.1" 404 9340 "-" "Mozilla/5.0 AppleWebKit/537.36 (KHTML, like Gecko; compatible; GPTBot/1.2; +https://openai.com/gptbot)"
20.171.207.31 - - [26/Apr/2025:10:45:58 -0400] "GET /alfa.php HTTP/1.1" 404 9340 "-" "Mozilla/5.0 AppleWebKit/537.36 (KHTML, like Gecko; compatible; GPTBot/1.2; +https://openai.com/gptbot)"
20.171.207.31 - - [26/Apr/2025:10:46:01 -0400] "GET /file.php HTTP/1.1" 404 9339 "-" "Mozilla/5.0 AppleWebKit/537.36 (KHTML, like Gecko; compatible; GPTBot/1.2; +https://openai.com/gptbot)"
66.29.132.124 - - [26/Apr/2025:10:46:07 -0400] "POST /wp-cron.php?doing_wp_cron=1745678766.9785521030426025390625 HTTP/1.1" 200 0 "-" "WordPress/6.8; https://skillstudio27.com"
20.171.207.31 - - [26/Apr/2025:10:46:05 -0400] "GET /info.php HTTP/1.1" 404 9340 "-" "Mozilla/5.0 AppleWebKit/537.36 (KHTML, like Gecko; compatible; GPTBot/1.2; +https://openai.com/gptbot)"
20.171.207.31 - - [26/Apr/2025:10:46:09 -0400] "GET /lock.php HTTP/1.1" 404 9340 "-" "Mozilla/5.0 AppleWebKit/537.36 (KHTML, like Gecko; compatible; GPTBot/1.2; +https://openai.com/gptbot)"
20.171.207.31 - - [26/Apr/2025:10:46:14 -0400] "GET /moon.php HTTP/1.1" 404 9340 "-" "Mozilla/5.0 AppleWebKit/537.36 (KHTML, like Gecko; compatible; GPTBot/1.2; +https://openai.com/gptbot)"
20.171.207.31 - - [26/Apr/2025:10:46:16 -0400] "GET /mini.php HTTP/1.1" 404 9340 "-" "Mozilla/5.0 AppleWebKit/537.36 (KHTML, like Gecko; compatible; GPTBot/1.2; +https://openai.com/gptbot)"
20.171.207.31 - - [26/Apr/2025:10:46:21 -0400] "GET /1.php HTTP/1.1" 404 9339 "-" "Mozilla/5.0 AppleWebKit/537.36 (KHTML, like Gecko; compatible; GPTBot/1.2; +https://openai.com/gptbot)"
20.171.207.31 - - [26/Apr/2025:10:46:23 -0400] "GET /makeasmtp.php HTTP/1.1" 404 9340 "-" "Mozilla/5.0 AppleWebKit/537.36 (KHTML, like Gecko; compatible; GPTBot/1.2; +https://openai.com/gptbot)"
20.171.207.31 - - [26/Apr/2025:10:46:26 -0400] "GET /info.php HTTP/1.1" 404 9340 "-" "Mozilla/5.0 AppleWebKit/537.36 (KHTML, like Gecko; compatible; GPTBot/1.2; +https://openai.com/gptbot)"
20.171.207.31 - - [26/Apr/2025:10:46:27 -0400] "GET /dropdown.php HTTP/1.1" 404 9340 "-" "Mozilla/5.0 AppleWebKit/537.36 (KHTML, like Gecko; compatible; GPTBot/1.2; +https://openai.com/gptbot)"
20.171.207.31 - - [26/Apr/2025:10:46:30 -0400] "GET /classwithtostring.php HTTP/1.1" 404 9340 "-" "Mozilla/5.0 AppleWebKit/537.36 (KHTML, like Gecko; compatible; GPTBot/1.2; +https://openai.com/gptbot)"
20.171.207.31 - - [26/Apr/2025:10:46:33 -0400] "GET /radio.php HTTP/1.1" 404 9340 "-" "Mozilla/5.0 AppleWebKit/537.36 (KHTML, like Gecko; compatible; GPTBot/1.2; +https://openai.com/gptbot)"
20.171.207.31 - - [26/Apr/2025:10:46:35 -0400] "GET /function.php HTTP/1.1" 404 9340 "-" "Mozilla/5.0 AppleWebKit/537.36 (KHTML, like Gecko; compatible; GPTBot/1.2; +https://openai.com/gptbot)"
20.171.207.31 - - [26/Apr/2025:10:46:37 -0400] "GET /install.php HTTP/1.1" 404 9340 "-" "Mozilla/5.0 AppleWebKit/537.36 (KHTML, like Gecko; compatible; GPTBot/1.2; +https://openai.com/gptbot)"
20.171.207.31 - - [26/Apr/2025:10:46:39 -0400] "GET /fm.php HTTP/1.1" 404 9340 "-" "Mozilla/5.0 AppleWebKit/537.36 (KHTML, like Gecko; compatible; GPTBot/1.2; +https://openai.com/gptbot)"
20.171.207.31 - - [26/Apr/2025:10:46:42 -0400] "GET /1.php HTTP/1.1" 404 9339 "-" "Mozilla/5.0 AppleWebKit/537.36 (KHTML, like Gecko; compatible; GPTBot/1.2; +https://openai.com/gptbot)"
20.171.207.31 - - [26/Apr/2025:10:46:45 -0400] "GET /ws.php HTTP/1.1" 404 9340 "-" "Mozilla/5.0 AppleWebKit/537.36 (KHTML, like Gecko; compatible; GPTBot/1.2; +https://openai.com/gptbot)"
20.171.207.31 - - [26/Apr/2025:10:46:50 -0400] "GET /user.php HTTP/1.1" 404 9340 "-" "Mozilla/5.0 AppleWebKit/537.36 (KHTML, like Gecko; compatible; GPTBot/1.2; +https://openai.com/gptbot)"
20.171.207.31 - - [26/Apr/2025:10:46:57 -0400] "GET /admin/phpinfo.php HTTP/1.1" 404 9340 "-" "Mozilla/5.0 AppleWebKit/537.36 (KHTML, like Gecko; compatible; GPTBot/1.2; +https://openai.com/gptbot)"
20.171.207.31 - - [26/Apr/2025:10:46:59 -0400] "GET /index4.php HTTP/1.1" 404 9340 "-" "Mozilla/5.0 AppleWebKit/537.36 (KHTML, like Gecko; compatible; GPTBot/1.2; +https://openai.com/gptbot)"
20.171.207.31 - - [26/Apr/2025:10:47:01 -0400] "GET /pi.php HTTP/1.1" 404 9340 "-" "Mozilla/5.0 AppleWebKit/537.36 (KHTML, like Gecko; compatible; GPTBot/1.2; +https://openai.com/gptbot)"
20.171.207.31 - - [26/Apr/2025:10:47:02 -0400] "GET /randkeyword.php HTTP/1.1" 404 9340 "-" "Mozilla/5.0 AppleWebKit/537.36 (KHTML, like Gecko; compatible; GPTBot/1.2; +https://openai.com/gptbot)"
66.29.132.124 - - [26/Apr/2025:10:47:04 -0400] "POST /wp-cron.php?doing_wp_cron=1745678824.3989291191101074218750 HTTP/1.1" 200 0 "-" "WordPress/6.8; https://skillstudio27.com"
20.171.207.31 - - [26/Apr/2025:10:47:03 -0400] "GET /wp-content/admin.php HTTP/1.1" 404 9340 "-" "Mozilla/5.0 AppleWebKit/537.36 (KHTML, like Gecko; compatible; GPTBot/1.2; +https://openai.com/gptbot)"
66.29.132.124 - - [26/Apr/2025:10:47:05 -0400] "POST /wp-admin/admin-ajax.php?action=async_litespeed&nonce=TLnPVmYS2ZS2MlzxA4dnrBe7Dt5lp9TH&litespeed_type=imgoptm HTTP/1.1" 200 0 "-" "WordPress/6.8; https://skillstudio27.com"
20.171.207.31 - - [26/Apr/2025:10:47:06 -0400] "GET /config.phpinfo HTTP/1.1" 404 9340 "-" "Mozilla/5.0 AppleWebKit/537.36 (KHTML, like Gecko; compatible; GPTBot/1.2; +https://openai.com/gptbot)"
20.171.207.31 - - [26/Apr/2025:10:47:08 -0400] "GET /wp-content/mah.php HTTP/1.1" 404 9340 "-" "Mozilla/5.0 AppleWebKit/537.36 (KHTML, like Gecko; compatible; GPTBot/1.2; +https://openai.com/gptbot)"
20.171.207.31 - - [26/Apr/2025:10:47:10 -0400] "GET /randkeyword.PhP7 HTTP/1.1" 404 9340 "-" "Mozilla/5.0 AppleWebKit/537.36 (KHTML, like Gecko; compatible; GPTBot/1.2; +https://openai.com/gptbot)"
20.171.207.31 - - [26/Apr/2025:10:47:14 -0400] "GET /xml.php HTTP/1.1" 404 9340 "-" "Mozilla/5.0 AppleWebKit/537.36 (KHTML, like Gecko; compatible; GPTBot/1.2; +https://openai.com/gptbot)"
20.171.207.31 - - [26/Apr/2025:10:47:19 -0400] "GET /en/index.php HTTP/1.1" 301 0 "-" "Mozilla/5.0 AppleWebKit/537.36 (KHTML, like Gecko; compatible; GPTBot/1.2; +https://openai.com/gptbot)"
20.171.207.31 - - [26/Apr/2025:10:47:24 -0400] "GET /403.php HTTP/1.1" 404 9340 "-" "Mozilla/5.0 AppleWebKit/537.36 (KHTML, like Gecko; compatible; GPTBot/1.2; +https://openai.com/gptbot)"
20.171.207.31 - - [26/Apr/2025:10:47:25 -0400] "GET /blog/index.php HTTP/1.1" 301 0 "-" "Mozilla/5.0 AppleWebKit/537.36 (KHTML, like Gecko; compatible; GPTBot/1.2; +https://openai.com/gptbot)"
20.171.207.31 - - [26/Apr/2025:10:47:31 -0400] "GET /404.php HTTP/1.1" 404 9340 "-" "Mozilla/5.0 AppleWebKit/537.36 (KHTML, like Gecko; compatible; GPTBot/1.2; +https://openai.com/gptbot)"
20.171.207.31 - - [26/Apr/2025:10:47:32 -0400] "GET /admin/function.php HTTP/1.1" 404 9340 "-" "Mozilla/5.0 AppleWebKit/537.36 (KHTML, like Gecko; compatible; GPTBot/1.2; +https://openai.com/gptbot)"
20.171.207.31 - - [26/Apr/2025:10:47:33 -0400] "GET /en/ HTTP/1.1" 404 9340 "-" "Mozilla/5.0 AppleWebKit/537.36 (KHTML, like Gecko; compatible; GPTBot/1.2; +https://openai.com/gptbot)"
20.171.207.31 - - [26/Apr/2025:10:47:36 -0400] "GET /wp-content/plugins/core-plugin/include.php HTTP/1.1" 404 9339 "-" "Mozilla/5.0 AppleWebKit/537.36 (KHTML, like Gecko; compatible; GPTBot/1.2; +https://openai.com/gptbot)"
20.171.207.31 - - [26/Apr/2025:10:47:38 -0400] "GET /shell20211028.php HTTP/1.1" 404 9340 "-" "Mozilla/5.0 AppleWebKit/537.36 (KHTML, like Gecko; compatible; GPTBot/1.2; +https://openai.com/gptbot)"
20.171.207.31 - - [26/Apr/2025:10:47:41 -0400] "GET /.tmb/about.php HTTP/1.1" 404 9340 "-" "Mozilla/5.0 AppleWebKit/537.36 (KHTML, like Gecko; compatible; GPTBot/1.2; +https://openai.com/gptbot)"
20.171.207.31 - - [26/Apr/2025:10:47:42 -0400] "GET /blog/ HTTP/1.1" 404 9340 "-" "Mozilla/5.0 AppleWebKit/537.36 (KHTML, like Gecko; compatible; GPTBot/1.2; +https://openai.com/gptbot)"
20.171.207.31 - - [26/Apr/2025:10:47:44 -0400] "GET /buy.php HTTP/1.1" 404 9340 "-" "Mozilla/5.0 AppleWebKit/537.36 (KHTML, like Gecko; compatible; GPTBot/1.2; +https://openai.com/gptbot)"
20.171.207.31 - - [26/Apr/2025:10:47:46 -0400] "GET /mah/function.php HTTP/1.1" 404 9339 "-" "Mozilla/5.0 AppleWebKit/537.36 (KHTML, like Gecko; compatible; GPTBot/1.2; +https://openai.com/gptbot)"
20.171.207.31 - - [26/Apr/2025:10:47:51 -0400] "GET /wp-content/plugins/core-plugin/include.php HTTP/1.1" 404 9339 "-" "Mozilla/5.0 AppleWebKit/537.36 (KHTML, like Gecko; compatible; GPTBot/1.2; +https://openai.com/gptbot)"
20.171.207.31 - - [26/Apr/2025:10:47:54 -0400] "GET /shell20211028.php HTTP/1.1" 404 9340 "-" "Mozilla/5.0 AppleWebKit/537.36 (KHTML, like Gecko; compatible; GPTBot/1.2; +https://openai.com/gptbot)"
20.171.207.31 - - [26/Apr/2025:10:47:56 -0400] "GET /about/function.php HTTP/1.1" 404 9340 "-" "Mozilla/5.0 AppleWebKit/537.36 (KHTML, like Gecko; compatible; GPTBot/1.2; +https://openai.com/gptbot)"
20.171.207.31 - - [26/Apr/2025:10:48:03 -0400] "GET /wp-content/plugins/revslider/includes/external/page/index.php HTTP/1.1" 301 0 "-" "Mozilla/5.0 AppleWebKit/537.36 (KHTML, like Gecko; compatible; GPTBot/1.2; +https://openai.com/gptbot)"
66.29.132.124 - - [26/Apr/2025:10:48:05 -0400] "POST /wp-cron.php?doing_wp_cron=1745678884.2800760269165039062500 HTTP/1.1" 200 0 "-" "WordPress/6.8; https://skillstudio27.com"
20.171.207.31 - - [26/Apr/2025:10:48:06 -0400] "GET /.aws/credentials HTTP/1.1" 404 9340 "-" "Mozilla/5.0 AppleWebKit/537.36 (KHTML, like Gecko; compatible; GPTBot/1.2; +https://openai.com/gptbot)"
20.171.207.31 - - [26/Apr/2025:10:48:08 -0400] "GET /wp-content/themes/newsfeed-theme/bbh.php HTTP/1.1" 404 9339 "-" "Mozilla/5.0 AppleWebKit/537.36 (KHTML, like Gecko; compatible; GPTBot/1.2; +https://openai.com/gptbot)"
20.171.207.31 - - [26/Apr/2025:10:48:11 -0400] "GET /rbh/log.ph HTTP/1.1" 404 9340 "-" "Mozilla/5.0 AppleWebKit/537.36 (KHTML, like Gecko; compatible; GPTBot/1.2; +https://openai.com/gptbot)"
20.171.207.31 - - [26/Apr/2025:10:48:14 -0400] "GET /wp-content/shell.php HTTP/1.1" 404 9340 "-" "Mozilla/5.0 AppleWebKit/537.36 (KHTML, like Gecko; compatible; GPTBot/1.2; +https://openai.com/gptbot)"
20.171.207.31 - - [26/Apr/2025:10:48:18 -0400] "GET /php.php HTTP/1.1" 404 9340 "-" "Mozilla/5.0 AppleWebKit/537.36 (KHTML, like Gecko; compatible; GPTBot/1.2; +https://openai.com/gptbot)"
20.171.207.31 - - [26/Apr/2025:10:48:23 -0400] "GET /wp-content/themes/twentyfive/include.php HTTP/1.1" 404 9340 "-" "Mozilla/5.0 AppleWebKit/537.36 (KHTML, like Gecko; compatible; GPTBot/1.2; +https://openai.com/gptbot)"
20.171.207.31 - - [26/Apr/2025:10:48:26 -0400] "GET /wp-includes/images/about.php HTTP/1.1" 404 9340 "-" "Mozilla/5.0 AppleWebKit/537.36 (KHTML, like Gecko; compatible; GPTBot/1.2; +https://openai.com/gptbot)"
20.171.207.31 - - [26/Apr/2025:10:48:29 -0400] "GET /.well-known/pki-validation/moon.php HTTP/1.1" 404 1251 "-" "Mozilla/5.0 AppleWebKit/537.36 (KHTML, like Gecko; compatible; GPTBot/1.2; +https://openai.com/gptbot)"
20.171.207.31 - - [26/Apr/2025:10:48:35 -0400] "GET /wp-content/plugins/revslider/includes/external/page/ HTTP/1.1" 404 9340 "-" "Mozilla/5.0 AppleWebKit/537.36 (KHTML, like Gecko; compatible; GPTBot/1.2; +https://openai.com/gptbot)"
20.171.207.31 - - [26/Apr/2025:10:48:46 -0400] "GET /wp-content/termps.php HTTP/1.1" 404 9340 "-" "Mozilla/5.0 AppleWebKit/537.36 (KHTML, like Gecko; compatible; GPTBot/1.2; +https://openai.com/gptbot)"
20.171.207.31 - - [26/Apr/2025:10:48:49 -0400] "GET /bk/index.php HTTP/1.1" 301 0 "-" "Mozilla/5.0 AppleWebKit/537.36 (KHTML, like Gecko; compatible; GPTBot/1.2; +https://openai.com/gptbot)"
20.171.207.31 - - [26/Apr/2025:10:48:57 -0400] "GET /wp-content/plugins/helloapx/wp-apxupx.php HTTP/1.1" 404 9340 "-" "Mozilla/5.0 AppleWebKit/537.36 (KHTML, like Gecko; compatible; GPTBot/1.2; +https://openai.com/gptbot)"
20.171.207.31 - - [26/Apr/2025:10:49:01 -0400] "GET /media/system/js/core.js HTTP/1.1" 404 9340 "-" "Mozilla/5.0 AppleWebKit/537.36 (KHTML, like Gecko; compatible; GPTBot/1.2; +https://openai.com/gptbot)"
66.29.132.124 - - [26/Apr/2025:10:49:04 -0400] "POST /wp-cron.php?doing_wp_cron=1745678944.5598340034484863281250 HTTP/1.1" 200 0 "-" "WordPress/6.8; https://skillstudio27.com"
20.171.207.31 - - [26/Apr/2025:10:49:03 -0400] "GET /index/function.php HTTP/1.1" 404 9340 "-" "Mozilla/5.0 AppleWebKit/537.36 (KHTML, like Gecko; compatible; GPTBot/1.2; +https://openai.com/gptbot)"
66.29.132.124 - - [26/Apr/2025:10:49:06 -0400] "POST /wp-admin/admin-ajax.php?action=async_litespeed&nonce=LzzFfHlRApK3hnokEKH7Qtzp4BFa6Aq7&litespeed_type=imgoptm HTTP/1.1" 200 0 "-" "WordPress/6.8; https://skillstudio27.com"
20.171.207.31 - - [26/Apr/2025:10:49:06 -0400] "GET /templates/beez3/jsstrings.php HTTP/1.1" 404 9340 "-" "Mozilla/5.0 AppleWebKit/537.36 (KHTML, like Gecko; compatible; GPTBot/1.2; +https://openai.com/gptbot)"
20.171.207.31 - - [26/Apr/2025:10:49:08 -0400] "GET /wp-content/themes/seotheme/mar.php HTTP/1.1" 404 9339 "-" "Mozilla/5.0 AppleWebKit/537.36 (KHTML, like Gecko; compatible; GPTBot/1.2; +https://openai.com/gptbot)"
20.171.207.31 - - [26/Apr/2025:10:49:12 -0400] "GET /x/index.php HTTP/1.1" 301 0 "-" "Mozilla/5.0 AppleWebKit/537.36 (KHTML, like Gecko; compatible; GPTBot/1.2; +https://openai.com/gptbot)"
20.171.207.31 - - [26/Apr/2025:10:49:14 -0400] "GET /bk/ HTTP/1.1" 404 9340 "-" "Mozilla/5.0 AppleWebKit/537.36 (KHTML, like Gecko; compatible; GPTBot/1.2; +https://openai.com/gptbot)"
20.171.207.31 - - [26/Apr/2025:10:49:17 -0400] "GET /wp-includes/mah.php HTTP/1.1" 404 9340 "-" "Mozilla/5.0 AppleWebKit/537.36 (KHTML, like Gecko; compatible; GPTBot/1.2; +https://openai.com/gptbot)"
20.171.207.31 - - [26/Apr/2025:10:49:20 -0400] "GET /wp-content/plugins/Core-EconX/up.php HTTP/1.1" 404 9339 "-" "Mozilla/5.0 AppleWebKit/537.36 (KHTML, like Gecko; compatible; GPTBot/1.2; +https://openai.com/gptbot)"
20.171.207.31 - - [26/Apr/2025:10:49:27 -0400] "GET /.well-known/pki-validation/index.php HTTP/1.1" 404 1251 "-" "Mozilla/5.0 AppleWebKit/537.36 (KHTML, like Gecko; compatible; GPTBot/1.2; +https://openai.com/gptbot)"
20.171.207.31 - - [26/Apr/2025:10:49:39 -0400] "GET /x/ HTTP/1.1" 404 9340 "-" "Mozilla/5.0 AppleWebKit/537.36 (KHTML, like Gecko; compatible; GPTBot/1.2; +https://openai.com/gptbot)"
20.171.207.31 - - [26/Apr/2025:10:49:47 -0400] "GET /wp-content/plugins/WordPressCore/include.php HTTP/1.1" 404 9340 "-" "Mozilla/5.0 AppleWebKit/537.36 (KHTML, like Gecko; compatible; GPTBot/1.2; +https://openai.com/gptbot)"
20.171.207.31 - - [26/Apr/2025:10:49:52 -0400] "GET /wp-includes/product.php HTTP/1.1" 404 9340 "-" "Mozilla/5.0 AppleWebKit/537.36 (KHTML, like Gecko; compatible; GPTBot/1.2; +https://openai.com/gptbot)"
20.171.207.31 - - [26/Apr/2025:10:49:54 -0400] "GET /wp-content/themes/about.php HTTP/1.1" 404 9340 "-" "Mozilla/5.0 AppleWebKit/537.36 (KHTML, like Gecko; compatible; GPTBot/1.2; +https://openai.com/gptbot)"
20.171.207.31 - - [26/Apr/2025:10:49:56 -0400] "GET /wp-includes/IXR/wp-login.php HTTP/1.1" 404 9340 "-" "Mozilla/5.0 AppleWebKit/537.36 (KHTML, like Gecko; compatible; GPTBot/1.2; +https://openai.com/gptbot)"
20.171.207.31 - - [26/Apr/2025:10:49:57 -0400] "GET /wp-content/upgrade/about.php HTTP/1.1" 404 9340 "-" "Mozilla/5.0 AppleWebKit/537.36 (KHTML, like Gecko; compatible; GPTBot/1.2; +https://openai.com/gptbot)"
20.171.207.31 - - [26/Apr/2025:10:50:01 -0400] "GET /pwp-admin/network/login.php HTTP/1.1" 404 9339 "-" "Mozilla/5.0 AppleWebKit/537.36 (KHTML, like Gecko; compatible; GPTBot/1.2; +https://openai.com/gptbot)"
20.171.207.31 - - [26/Apr/2025:10:50:04 -0400] "GET /css.php HTTP/1.1" 404 9340 "-" "Mozilla/5.0 AppleWebKit/537.36 (KHTML, like Gecko; compatible; GPTBot/1.2; +https://openai.com/gptbot)"
20.171.207.31 - - [26/Apr/2025:10:50:09 -0400] "GET /wp-content/themes/sketch/404.php HTTP/1.1" 404 9339 "-" "Mozilla/5.0 AppleWebKit/537.36 (KHTML, like Gecko; compatible; GPTBot/1.2; +https://openai.com/gptbot)"
20.171.207.31 - - [26/Apr/2025:10:50:11 -0400] "GET /wp-content/languages/wp-login.php HTTP/1.1" 404 9339 "-" "Mozilla/5.0 AppleWebKit/537.36 (KHTML, like Gecko; compatible; GPTBot/1.2; +https://openai.com/gptbot)"
20.171.207.31 - - [26/Apr/2025:10:50:15 -0400] "GET /css/index.php HTTP/1.1" 301 0 "-" "Mozilla/5.0 AppleWebKit/537.36 (KHTML, like Gecko; compatible; GPTBot/1.2; +https://openai.com/gptbot)"
20.171.207.31 - - [26/Apr/2025:10:50:20 -0400] "GET /wp-content/themes/deeto/login.php HTTP/1.1" 404 9339 "-" "Mozilla/5.0 AppleWebKit/537.36 (KHTML, like Gecko; compatible; GPTBot/1.2; +https://openai.com/gptbot)"
20.171.207.31 - - [26/Apr/2025:10:50:24 -0400] "GET /wp-includes/css/about.php HTTP/1.1" 404 9339 "-" "Mozilla/5.0 AppleWebKit/537.36 (KHTML, like Gecko; compatible; GPTBot/1.2; +https://openai.com/gptbot)"
20.171.207.31 - - [26/Apr/2025:10:50:27 -0400] "GET /css/ HTTP/1.1" 404 9339 "-" "Mozilla/5.0 AppleWebKit/537.36 (KHTML, like Gecko; compatible; GPTBot/1.2; +https://openai.com/gptbot)"
66.29.132.124 - - [26/Apr/2025:10:51:21 -0400] "POST /wp-cron.php?doing_wp_cron=1745679080.8557200431823730468750 HTTP/1.1" 200 0 "-" "WordPress/6.8; https://skillstudio27.com"
198.54.114.18 - - [26/Apr/2025:10:51:15 -0400] "POST /wp-login.php HTTP/1.1" 200 0 "https://skillstudio27.com" "Mozilla/5.0 (Macintosh; Intel Mac OS X 10.15; rv:126.0) Gecko/20100101 Firefox/126.0"
66.29.132.124 - - [26/Apr/2025:10:51:27 -0400] "POST /wp-admin/admin-ajax.php?action=async_litespeed&nonce=tqlHMbECwtuCSaCsA1G2icY3q8nwHCGp&litespeed_type=imgoptm HTTP/1.1" 200 0 "-" "WordPress/6.8; https://skillstudio27.com"
196.251.86.177 - - [26/Apr/2025:11:07:44 -0400] "GET / HTTP/1.1" 200 151204 "-" "-"
196.251.86.177 - - [26/Apr/2025:11:07:48 -0400] "GET /wordpress HTTP/1.1" 200 0 "-" "-"
196.251.86.177 - - [26/Apr/2025:11:07:58 -0400] "GET /wordpress HTTP/1.1" 200 0 "-" "-"
196.251.86.177 - - [26/Apr/2025:11:08:05 -0400] "GET /wordpress HTTP/1.1" 200 0 "-" "-"
196.251.86.177 - - [26/Apr/2025:11:08:08 -0400] "GET /wordpress HTTP/1.1" 200 0 "-" "-"
66.29.132.124 - - [26/Apr/2025:11:08:11 -0400] "POST /wp-cron.php?doing_wp_cron=1745680087.0796689987182617187500 HTTP/1.1" 200 0 "-" "WordPress/6.8; https://skillstudio27.com"
196.251.86.177 - - [26/Apr/2025:11:08:14 -0400] "GET /wordpress HTTP/1.1" 200 0 "-" "-"
196.251.86.177 - - [26/Apr/2025:11:08:31 -0400] "GET /wp-admin/setup-config.php HTTP/1.1" 200 0 "-" "-"
196.251.86.177 - - [26/Apr/2025:11:08:34 -0400] "GET /wp-admin/setup-config.php HTTP/1.1" 200 0 "-" "-"
196.251.86.177 - - [26/Apr/2025:11:08:38 -0400] "GET /wp-admin/setup-config.php HTTP/1.1" 409 2665 "-" "-"
196.251.86.177 - - [26/Apr/2025:11:08:46 -0400] "GET /wp-admin/install.php HTTP/1.1" 200 0 "-" "-"
66.29.132.124 - - [26/Apr/2025:11:08:49 -0400] "POST /wp-cron.php?doing_wp_cron=1745680128.0203959941864013671875 HTTP/1.1" 200 0 "-" "WordPress/6.8; https://skillstudio27.com"
196.251.86.177 - - [26/Apr/2025:11:08:51 -0400] "GET /wp-admin/install.php HTTP/1.1" 200 1287 "-" "-"
66.29.132.124 - - [26/Apr/2025:11:08:54 -0400] "POST /wp-cron.php?doing_wp_cron=1745680132.1763679981231689453125 HTTP/1.1" 200 0 "-" "WordPress/6.8; https://skillstudio27.com"
196.251.86.177 - - [26/Apr/2025:11:08:58 -0400] "GET /wp HTTP/1.1" 404 33267 "-" "-"
196.251.86.177 - - [26/Apr/2025:11:09:03 -0400] "GET /blog HTTP/1.1" 404 33267 "-" "-"
66.29.132.124 - - [26/Apr/2025:11:09:12 -0400] "POST /wp-cron.php?doing_wp_cron=1745680150.8654489517211914062500 HTTP/1.1" 200 0 "-" "WordPress/6.8; https://skillstudio27.com"
196.251.86.177 - - [26/Apr/2025:11:09:09 -0400] "GET /new HTTP/1.1" 404 33267 "-" "-"
196.251.86.177 - - [26/Apr/2025:11:09:14 -0400] "GET /old HTTP/1.1" 404 33267 "-" "-"
196.251.86.177 - - [26/Apr/2025:11:09:17 -0400] "GET /newsite HTTP/1.1" 404 33267 "-" "-"
196.251.86.177 - - [26/Apr/2025:11:09:21 -0400] "GET /test HTTP/1.1" 404 33267 "-" "-"
196.251.86.177 - - [26/Apr/2025:11:09:25 -0400] "GET /main HTTP/1.1" 404 33267 "-" "-"
196.251.86.177 - - [26/Apr/2025:11:09:27 -0400] "GET /testing HTTP/1.1" 404 33267 "-" "-"
196.251.86.177 - - [26/Apr/2025:11:09:29 -0400] "GET /site HTTP/1.1" 404 33267 "-" "-"
196.251.86.177 - - [26/Apr/2025:11:09:33 -0400] "GET /backup HTTP/1.1" 404 33267 "-" "-"
196.251.86.177 - - [26/Apr/2025:11:09:38 -0400] "GET /demo HTTP/1.1" 404 33267 "-" "-"
196.251.86.177 - - [26/Apr/2025:11:09:42 -0400] "GET /home HTTP/1.1" 301 0 "-" "-"
196.251.86.177 - - [26/Apr/2025:11:09:44 -0400] "GET / HTTP/1.1" 200 151204 "-" "-"
196.251.86.177 - - [26/Apr/2025:11:09:46 -0400] "GET /tmp HTTP/1.1" 404 33267 "-" "-"
196.251.86.177 - - [26/Apr/2025:11:09:49 -0400] "GET /dev HTTP/1.1" 404 33267 "-" "-"
196.251.86.177 - - [26/Apr/2025:11:09:52 -0400] "GET /cms HTTP/1.1" 404 33267 "-" "-"
196.251.86.177 - - [26/Apr/2025:11:09:59 -0400] "GET /portal HTTP/1.1" 404 33267 "-" "-"
196.251.86.177 - - [26/Apr/2025:11:10:07 -0400] "GET /web HTTP/1.1" 200 0 "-" "-"
196.251.86.177 - - [26/Apr/2025:11:10:14 -0400] "GET /web HTTP/1.1" 200 0 "-" "-"
196.251.86.177 - - [26/Apr/2025:11:10:24 -0400] "GET /web HTTP/1.1" 200 0 "-" "-"
196.251.86.177 - - [26/Apr/2025:11:10:31 -0400] "GET /web HTTP/1.1" 200 0 "-" "-"
196.251.86.177 - - [26/Apr/2025:11:10:37 -0400] "GET /web HTTP/1.1" 200 0 "-" "-"
162.213.251.113 - - [26/Apr/2025:11:20:38 -0400] "POST /wp-login.php HTTP/1.1" 200 0 "https://skillstudio27.com" "Mozilla/5.0 (Macintosh; Intel Mac OS X 13.3; rv:126.0) Gecko/20100101 Firefox/126.0"
66.29.132.124 - - [26/Apr/2025:11:20:51 -0400] "POST /wp-cron.php?doing_wp_cron=1745680850.9277729988098144531250 HTTP/1.1" 200 0 "-" "WordPress/6.8; https://skillstudio27.com"
66.29.132.124 - - [26/Apr/2025:11:20:52 -0400] "POST /wp-admin/admin-ajax.php?action=async_litespeed&nonce=Q0utWpxLqzUjGWk6ikYe3Tvz8Ww4EF3Y&litespeed_type=imgoptm HTTP/1.1" 200 0 "-" "WordPress/6.8; https://skillstudio27.com"
66.29.132.124 - - [26/Apr/2025:11:21:12 -0400] "POST /wp-cron.php?doing_wp_cron=1745680872.4047110080718994140625 HTTP/1.1" 200 0 "-" "WordPress/6.8; https://skillstudio27.com"
139.59.108.118 - - [26/Apr/2025:11:21:11 -0400] "POST /xmlrpc.php HTTP/1.1" 200 403 "-" "Mozilla/5.0 (Windows NT 5.1; rv:30.0) Gecko/20100101 Firefox/30.0"
20.219.58.51 - - [26/Apr/2025:11:21:12 -0400] "POST /xmlrpc.php HTTP/1.1" 200 403 "-" "Mozilla/5.0 (Windows NT 10.0; Win64; x64) AppleWebKit/537.36 (KHTML, like Gecko) Chrome/90.0.4430.212 Safari/537.36"
154.55.131.250 - - [26/Apr/2025:11:21:14 -0400] "POST /xmlrpc.php HTTP/1.1" 200 403 "-" "Mozilla/5.0 (Windows NT 6.1; Win64; x64; rv:57.0) Gecko/20100101 Firefox/57.0"
66.29.132.124 - - [26/Apr/2025:11:21:15 -0400] "POST /wp-admin/admin-ajax.php?action=async_litespeed&nonce=ZSpn02gbtBfPdUJakY6AB1vuqpQBPLSH&litespeed_type=imgoptm HTTP/1.1" 200 0 "-" "WordPress/6.8; https://skillstudio27.com"
134.119.244.251 - - [26/Apr/2025:11:21:19 -0400] "POST /xmlrpc.php HTTP/1.1" 200 403 "-" "Mozilla/5.0 (Linux; Android 10; SM-A102U) AppleWebKit/537.36 (KHTML, like Gecko) Chrome/91.0.4472.114 Mobile Safari/537.36"
136.243.5.53 - - [26/Apr/2025:11:21:30 -0400] "POST /xmlrpc.php HTTP/1.1" 200 403 "-" "Mozilla/5.0 (Windows NT 10.0; Win64; x64) AppleWebKit/537.36 (KHTML, like Gecko) Chrome/90.0.4430.93 Safari/537.36"
139.59.108.118 - - [26/Apr/2025:11:21:31 -0400] "POST /xmlrpc.php HTTP/1.1" 200 403 "-" "Mozilla/5.0 (Windows NT 6.1; WOW64; rv:47.0) Gecko/20100101 Firefox/47.0"
65.21.194.249 - - [26/Apr/2025:11:21:38 -0400] "POST /xmlrpc.php HTTP/1.1" 200 403 "-" "Mozilla/5.0 (Windows NT 10.0; Win64; x64) AppleWebKit/537.36 (KHTML, like Gecko) Chrome/80.0.3987.132 Safari/537.36"
52.220.241.45 - - [26/Apr/2025:11:21:51 -0400] "POST /xmlrpc.php HTTP/1.1" 200 403 "-" "Mozilla/5.0 (Windows NT 5.1; rv:36.0) Gecko/20100101 Firefox/36.0"
134.119.244.251 - - [26/Apr/2025:11:21:51 -0400] "POST /xmlrpc.php HTTP/1.1" 200 403 "-" "Mozilla/5.0 (Windows NT 6.1; Win64; x64; rv:58.0) Gecko/20100101 Firefox/58.0"
154.55.131.250 - - [26/Apr/2025:11:21:58 -0400] "POST /xmlrpc.php HTTP/1.1" 200 403 "-" "Mozilla/5.0 (Windows NT 10.0; Win64; x64) AppleWebKit/537.36 (KHTML, like Gecko) Chrome/87.0.4280.141 Safari/537.36"
20.219.58.51 - - [26/Apr/2025:11:21:58 -0400] "POST /xmlrpc.php HTTP/1.1" 200 403 "-" "Mozilla/5.0 (Windows NT 10.0; Win64; x64) AppleWebKit/537.36 (KHTML, like Gecko) Chrome/69.0.3497.100 Safari/537.36"
91.134.248.253 - - [26/Apr/2025:11:22:02 -0400] "POST /xmlrpc.php HTTP/1.1" 200 403 "-" "Mozilla/5.0 (Windows NT 6.1; WOW64; rv:42.0) Gecko/20100101 Firefox/42.0"
159.203.123.124 - - [26/Apr/2025:11:22:04 -0400] "POST /xmlrpc.php HTTP/1.1" 200 403 "-" "Mozilla/5.0 (X11; Linux x86_64) AppleWebKit/537.36 (KHTML, like Gecko) Chrome/91.0.4472.114 Safari/537.36"
66.29.132.124 - - [26/Apr/2025:11:22:08 -0400] "POST /wp-cron.php?doing_wp_cron=1745680925.8720240592956542968750 HTTP/1.1" 200 0 "-" "WordPress/6.8; https://skillstudio27.com"
69.163.182.99 - - [26/Apr/2025:11:22:11 -0400] "POST /xmlrpc.php HTTP/1.1" 200 403 "-" "Mozilla/5.0 (Linux; Android 10; SM-A102U) AppleWebKit/537.36 (KHTML, like Gecko) Chrome/91.0.4472.114 Mobile Safari/537.36"
68.65.122.90 - - [26/Apr/2025:11:35:12 -0400] "POST /wp-login.php HTTP/1.1" 200 0 "https://skillstudio27.com" "Mozilla/5.0 (Windows NT 10.0; Win64; x64; rv:125.0.1) Gecko/20100101 Firefox/125.0.1"
66.29.132.124 - - [26/Apr/2025:11:35:27 -0400] "POST /wp-cron.php?doing_wp_cron=1745681726.4303770065307617187500 HTTP/1.1" 200 0 "-" "WordPress/6.8; https://skillstudio27.com"
66.29.132.124 - - [26/Apr/2025:11:35:28 -0400] "POST /wp-admin/admin-ajax.php?action=async_litespeed&nonce=V6JPZJBOyfe44kleXI22nEq1XVwGRklH&litespeed_type=imgoptm HTTP/1.1" 200 0 "-" "WordPress/6.8; https://skillstudio27.com"
198.54.120.17 - - [26/Apr/2025:11:49:49 -0400] "POST /wp-login.php HTTP/1.1" 200 0 "https://skillstudio27.com" "Mozilla/5.0 (Windows NT 10.0; Win64; x64) AppleWebKit/537.36 (KHTML, like Gecko) Chrome/114.0.5735.134 Safari/537.36"
66.29.132.124 - - [26/Apr/2025:11:50:00 -0400] "POST /wp-cron.php?doing_wp_cron=1745682600.4633009433746337890625 HTTP/1.1" 200 0 "-" "WordPress/6.8; https://skillstudio27.com"
66.29.132.124 - - [26/Apr/2025:11:50:01 -0400] "POST /wp-admin/admin-ajax.php?action=async_litespeed&nonce=wQg1LwOLSit9UT6tIS3u8r0DpkGFemZ0&litespeed_type=imgoptm HTTP/1.1" 200 0 "-" "WordPress/6.8; https://skillstudio27.com"
40.77.167.54 - - [26/Apr/2025:12:02:22 -0400] "GET /sitemap.txt HTTP/1.1" 404 9339 "-" "Mozilla/5.0 AppleWebKit/537.36 (KHTML, like Gecko; compatible; bingbot/2.0; +http://www.bing.com/bingbot.htm) Chrome/116.0.1938.76 Safari/537.36"
66.29.132.124 - - [26/Apr/2025:12:02:35 -0400] "POST /wp-cron.php?doing_wp_cron=1745683352.5713889598846435546875 HTTP/1.1" 200 0 "-" "WordPress/6.8; https://skillstudio27.com"
4.227.36.18 - - [26/Apr/2025:12:32:34 -0400] "GET /robots.txt HTTP/1.1" 200 102 "-" "Mozilla/5.0 AppleWebKit/537.36 (KHTML, like Gecko; compatible; GPTBot/1.2; +https://openai.com/gptbot)"
20.171.207.31 - - [26/Apr/2025:12:32:35 -0400] "GET /wp-includes/css/dist/block-library/style.min.css?ver=6.8 HTTP/1.1" 200 14358 "-" "Mozilla/5.0 AppleWebKit/537.36 (KHTML, like Gecko; compatible; GPTBot/1.2; +https://openai.com/gptbot)"
20.171.207.31 - - [26/Apr/2025:12:32:38 -0400] "GET /wp-content/uploads/2025/01/cropped-skill-logo-e1735972693321-270x270.png HTTP/1.1" 200 120222 "-" "Mozilla/5.0 AppleWebKit/537.36 (KHTML, like Gecko; compatible; GPTBot/1.2; +https://openai.com/gptbot)"
20.171.207.31 - - [26/Apr/2025:12:32:40 -0400] "GET /wp-content/plugins/premium-addons-for-elementor/assets/frontend/min-css/premium-addons.min.css?ver=4.11.5 HTTP/1.1" 200 43128 "-" "Mozilla/5.0 AppleWebKit/537.36 (KHTML, like Gecko; compatible; GPTBot/1.2; +https://openai.com/gptbot)"
66.29.132.124 - - [26/Apr/2025:12:32:54 -0400] "POST /wp-cron.php?doing_wp_cron=1745685174.2941310405731201171875 HTTP/1.1" 200 0 "-" "WordPress/6.8; https://skillstudio27.com"
20.171.207.31 - - [26/Apr/2025:12:32:43 -0400] "GET /wp-json/elementskit/v1/ HTTP/1.1" 404 114 "-" "Mozilla/5.0 AppleWebKit/537.36 (KHTML, like Gecko; compatible; GPTBot/1.2; +https://openai.com/gptbot)"
66.29.132.124 - - [26/Apr/2025:12:32:54 -0400] "POST /wp-admin/admin-ajax.php?action=async_litespeed&nonce=MxUt2B0X6meGmpwXWXGhiJA0mimNn9t7&litespeed_type=imgoptm HTTP/1.1" 200 21 "-" "WordPress/6.8; https://skillstudio27.com"
20.171.207.31 - - [26/Apr/2025:12:32:57 -0400] "GET /wp-includes/css/dist/block-library/style.min.css?ver=6.8 HTTP/1.1" 200 14358 "-" "Mozilla/5.0 AppleWebKit/537.36 (KHTML, like Gecko; compatible; GPTBot/1.2; +https://openai.com/gptbot)"
4.227.36.66 - - [26/Apr/2025:12:49:42 -0400] "GET /robots.txt HTTP/1.1" 301 0 "-" "Mozilla/5.0 AppleWebKit/537.36 (KHTML, like Gecko; compatible; GPTBot/1.2; +https://openai.com/gptbot)"
4.227.36.66 - - [26/Apr/2025:12:49:43 -0400] "GET /robots.txt HTTP/1.1" 301 0 "http://www.skillstudio27.com/robots.txt" "Mozilla/5.0 AppleWebKit/537.36 (KHTML, like Gecko; compatible; GPTBot/1.2; +https://openai.com/gptbot)"
4.227.36.18 - - [26/Apr/2025:12:49:44 -0400] "GET /robots.txt HTTP/1.1" 200 102 "http://skillstudio27.com/robots.txt" "Mozilla/5.0 AppleWebKit/537.36 (KHTML, like Gecko; compatible; GPTBot/1.2; +https://openai.com/gptbot)"
4.227.36.66 - - [26/Apr/2025:12:49:44 -0400] "GET /robots.txt HTTP/1.1" 200 102 "https://www.skillstudio27.com/robots.txt" "Mozilla/5.0 AppleWebKit/537.36 (KHTML, like Gecko; compatible; GPTBot/1.2; +https://openai.com/gptbot)"
4.227.36.66 - - [26/Apr/2025:12:49:44 -0400] "GET /robots.txt HTTP/1.1" 200 102 "https://www.skillstudio27.com/robots.txt" "Mozilla/5.0 AppleWebKit/537.36 (KHTML, like Gecko; compatible; GPTBot/1.2; +https://openai.com/gptbot)"
20.171.207.208 - - [26/Apr/2025:12:49:48 -0400] "GET /robots.txt HTTP/1.1" 301 0 "-" "Mozilla/5.0 AppleWebKit/537.36 (KHTML, like Gecko; compatible; GPTBot/1.2; +https://openai.com/gptbot)"
20.171.207.31 - - [26/Apr/2025:12:49:48 -0400] "GET /robots.txt HTTP/1.1" 200 102 "-" "Mozilla/5.0 AppleWebKit/537.36 (KHTML, like Gecko; compatible; GPTBot/1.2; +https://openai.com/gptbot)"
66.29.132.124 - - [26/Apr/2025:12:50:05 -0400] "POST /wp-cron.php?doing_wp_cron=1745686204.5391330718994140625000 HTTP/1.1" 200 0 "-" "WordPress/6.8; https://skillstudio27.com"
20.171.207.31 - - [26/Apr/2025:12:49:51 -0400] "GET /wp-sitemap.xml HTTP/1.1" 200 206 "-" "Mozilla/5.0 AppleWebKit/537.36 (KHTML, like Gecko; compatible; GPTBot/1.2; +https://openai.com/gptbot)"
75.75.42.98 - - [26/Apr/2025:12:52:50 -0400] "POST /xmlrpc.php HTTP/1.1" 200 0 "-" "Mozilla/5.0 (Windows NT 10.0; Win64; x64) AppleWebKit/537.36 (KHTML, like Gecko) Chrome/91.0.4472.124 Safari/537.36"
66.29.132.124 - - [26/Apr/2025:12:53:02 -0400] "POST /wp-cron.php?doing_wp_cron=1745686382.1852760314941406250000 HTTP/1.1" 200 0 "-" "WordPress/6.8; https://skillstudio27.com"
66.29.132.124 - - [26/Apr/2025:12:53:04 -0400] "POST /wp-admin/admin-ajax.php?action=async_litespeed&nonce=DAk4iURlQjSE0NZSnqic4xIFM3LQQ0f7&litespeed_type=imgoptm HTTP/1.1" 200 0 "-" "WordPress/6.8; https://skillstudio27.com"
191.85.110.111 - - [26/Apr/2025:12:53:10 -0400] "POST /xmlrpc.php HTTP/1.1" 200 403 "-" "Mozilla/5.0 (Windows NT 10.0; Win64; x64) AppleWebKit/537.36 (KHTML, like Gecko) Chrome/91.0.4472.124 Safari/537.36"
66.29.132.124 - - [26/Apr/2025:12:54:56 -0400] "POST /wp-cron.php?doing_wp_cron=1745686494.9923849105834960937500 HTTP/1.1" 200 0 "-" "WordPress/6.8; https://skillstudio27.com"
199.188.201.153 - - [26/Apr/2025:12:54:51 -0400] "POST /wp-login.php HTTP/1.1" 200 2024 "https://skillstudio27.com" "Mozilla/5.0 (Macintosh; Intel Mac OS X 14.3) AppleWebKit/614.31.14 (KHTML, like Gecko) Version/17.0.96 Safari/614.31.14"
191.85.110.111 - - [26/Apr/2025:12:56:25 -0400] "GET /wp-json/wp/v2/users HTTP/1.1" 200 0 "-" "Mozilla/4.0 (compatible; Win32; WinHttp.WinHttpRequest.5)"
66.29.132.124 - - [26/Apr/2025:12:56:29 -0400] "POST /wp-cron.php?doing_wp_cron=1745686589.1375141143798828125000 HTTP/1.1" 200 0 "-" "WordPress/6.8; https://skillstudio27.com"
66.29.132.124 - - [26/Apr/2025:12:56:30 -0400] "POST /wp-admin/admin-ajax.php?action=async_litespeed&nonce=ju7uV2WOML7sSADoUOewk0iJ5EPh3m4I&litespeed_type=imgoptm HTTP/1.1" 200 0 "-" "WordPress/6.8; https://skillstudio27.com"
191.85.110.111 - - [26/Apr/2025:12:57:57 -0400] "POST /xmlrpc.php HTTP/1.1" 200 0 "-" "Mozilla/5.0 (Windows NT 10.0; Win64; x64) AppleWebKit/537.36 (KHTML, like Gecko) Chrome/91.0.4472.124 Safari/537.36"
66.29.132.124 - - [26/Apr/2025:12:58:01 -0400] "POST /wp-cron.php?doing_wp_cron=1745686681.0153150558471679687500 HTTP/1.1" 200 0 "-" "WordPress/6.8; https://skillstudio27.com"
66.29.132.124 - - [26/Apr/2025:12:58:02 -0400] "POST /wp-admin/admin-ajax.php?action=async_litespeed&nonce=5zAQNyokFNjXnoSAx9sFE4o0JG4VUgJN&litespeed_type=imgoptm HTTP/1.1" 200 0 "-" "WordPress/6.8; https://skillstudio27.com"
66.29.132.124 - - [26/Apr/2025:12:59:36 -0400] "POST /wp-cron.php?doing_wp_cron=1745686776.1917910575866699218750 HTTP/1.1" 200 0 "-" "WordPress/6.8; https://skillstudio27.com"
191.85.110.111 - - [26/Apr/2025:12:59:33 -0400] "POST /xmlrpc.php HTTP/1.1" 200 403 "-" "Mozilla/5.0 (Windows NT 10.0; Win64; x64) AppleWebKit/537.36 (KHTML, like Gecko) Chrome/91.0.4472.124 Safari/537.36"
66.29.132.124 - - [26/Apr/2025:12:59:37 -0400] "POST /wp-admin/admin-ajax.php?action=async_litespeed&nonce=OaaEzM8gslmicPm74pQrQSvPsz1g3jS1&litespeed_type=imgoptm HTTP/1.1" 200 0 "-" "WordPress/6.8; https://skillstudio27.com"
66.29.132.124 - - [26/Apr/2025:13:01:20 -0400] "POST /wp-cron.php?doing_wp_cron=1745686880.7721700668334960937500 HTTP/1.1" 200 0 "-" "WordPress/6.8; https://skillstudio27.com"
191.85.110.111 - - [26/Apr/2025:13:01:17 -0400] "POST /xmlrpc.php HTTP/1.1" 200 0 "-" "Mozilla/5.0 (Windows NT 10.0; Win64; x64) AppleWebKit/537.36 (KHTML, like Gecko) Chrome/91.0.4472.124 Safari/537.36"
66.29.132.124 - - [26/Apr/2025:13:01:22 -0400] "POST /wp-admin/admin-ajax.php?action=async_litespeed&nonce=6C37BXwQGBRJsvvPHng9pFiNi9ay1KIy&litespeed_type=imgoptm HTTP/1.1" 200 0 "-" "WordPress/6.8; https://skillstudio27.com"
198.54.120.46 - - [26/Apr/2025:13:01:49 -0400] "POST /wp-login.php HTTP/1.1" 200 2024 "https://skillstudio27.com" "Mozilla/5.0 (Windows NT 10.0; Win64; x64) AppleWebKit/537.36 (KHTML, like Gecko) Chrome/115.0.5790.102 Safari/537.36"
66.29.132.124 - - [26/Apr/2025:13:07:07 -0400] "POST /wp-cron.php?doing_wp_cron=1745687226.6332840919494628906250 HTTP/1.1" 200 0 "-" "WordPress/6.8; https://skillstudio27.com"
52.167.144.225 - - [26/Apr/2025:13:06:56 -0400] "GET /sitemap.txt HTTP/1.1" 404 9339 "-" "Mozilla/5.0 AppleWebKit/537.36 (KHTML, like Gecko; compatible; bingbot/2.0; +http://www.bing.com/bingbot.htm) Chrome/116.0.1938.76 Safari/537.36"
124.221.245.78 - - [26/Apr/2025:13:18:24 -0400] "GET / HTTP/1.1" 200 30386 "http://skillstudio27.com" "Mozilla/5.0 (iPhone; CPU iPhone OS 13_2_3 like Mac OS X) AppleWebKit/605.1.15 (KHTML, like Gecko) Version/13.0.3 Mobile/15E148 Safari/604.1"
162.0.235.8 - - [26/Apr/2025:13:23:01 -0400] "POST /wp-login.php HTTP/1.1" 200 0 "https://skillstudio27.com" "Mozilla/5.0 (Windows NT 10.0; Win64; x64) AppleWebKit/537.36 (KHTML, like Gecko) Chrome/116.0.5845.96 Safari/537.36 Edg/116.0.1938.62"
66.29.132.124 - - [26/Apr/2025:13:23:17 -0400] "POST /wp-cron.php?doing_wp_cron=1745688197.2304770946502685546875 HTTP/1.1" 200 0 "-" "WordPress/6.8; https://skillstudio27.com"
66.29.132.124 - - [26/Apr/2025:13:23:20 -0400] "POST /wp-admin/admin-ajax.php?action=async_litespeed&nonce=3uliMMpVATy5PsdrvCnnB8N8WRXLewLG&litespeed_type=imgoptm HTTP/1.1" 200 0 "-" "WordPress/6.8; https://skillstudio27.com"
191.85.110.111 - - [26/Apr/2025:13:29:47 -0400] "POST /xmlrpc.php HTTP/1.1" 200 0 "-" "Mozilla/5.0 (Windows NT 10.0; Win64; x64) AppleWebKit/537.36 (KHTML, like Gecko) Chrome/91.0.4472.124 Safari/537.36"
66.29.132.124 - - [26/Apr/2025:13:29:57 -0400] "POST /wp-cron.php?doing_wp_cron=1745688596.4678189754486083984375 HTTP/1.1" 200 0 "-" "WordPress/6.8; https://skillstudio27.com"
66.29.132.124 - - [26/Apr/2025:13:31:29 -0400] "POST /wp-cron.php?doing_wp_cron=1745688689.3017489910125732421875 HTTP/1.1" 200 0 "-" "WordPress/6.8; https://skillstudio27.com"
191.85.110.111 - - [26/Apr/2025:13:31:27 -0400] "POST /xmlrpc.php HTTP/1.1" 200 403 "-" "Mozilla/5.0 (Windows NT 10.0; Win64; x64) AppleWebKit/537.36 (KHTML, like Gecko) Chrome/91.0.4472.124 Safari/537.36"
66.29.132.124 - - [26/Apr/2025:13:31:29 -0400] "POST /wp-admin/admin-ajax.php?action=async_litespeed&nonce=lAQUHD2PcXRzcGb7iEvTITZ1hPhUstXO&litespeed_type=imgoptm HTTP/1.1" 200 21 "-" "WordPress/6.8; https://skillstudio27.com"
66.29.132.124 - - [26/Apr/2025:13:33:06 -0400] "POST /wp-cron.php?doing_wp_cron=1745688786.4973258972167968750000 HTTP/1.1" 200 0 "-" "WordPress/6.8; https://skillstudio27.com"
191.85.110.111 - - [26/Apr/2025:13:33:02 -0400] "POST /xmlrpc.php HTTP/1.1" 200 403 "-" "Mozilla/5.0 (Windows NT 10.0; Win64; x64) AppleWebKit/537.36 (KHTML, like Gecko) Chrome/91.0.4472.124 Safari/537.36"
66.29.132.124 - - [26/Apr/2025:13:33:07 -0400] "POST /wp-admin/admin-ajax.php?action=async_litespeed&nonce=Jwketcpnmbg5sVaZlYWGFDCmUC0thUGK&litespeed_type=imgoptm HTTP/1.1" 200 0 "-" "WordPress/6.8; https://skillstudio27.com"
191.85.110.111 - - [26/Apr/2025:13:34:40 -0400] "POST /xmlrpc.php HTTP/1.1" 200 0 "-" "Mozilla/5.0 (Windows NT 10.0; Win64; x64) AppleWebKit/537.36 (KHTML, like Gecko) Chrome/91.0.4472.124 Safari/537.36"
66.29.132.124 - - [26/Apr/2025:13:34:43 -0400] "POST /wp-cron.php?doing_wp_cron=1745688883.6046929359436035156250 HTTP/1.1" 200 0 "-" "WordPress/6.8; https://skillstudio27.com"
66.29.132.124 - - [26/Apr/2025:13:34:44 -0400] "POST /wp-admin/admin-ajax.php?action=async_litespeed&nonce=xNScjR1hHZbu9MNGWcj0BaFhVk67mA9e&litespeed_type=imgoptm HTTP/1.1" 200 21 "-" "WordPress/6.8; https://skillstudio27.com"
66.29.132.124 - - [26/Apr/2025:13:36:27 -0400] "POST /wp-cron.php?doing_wp_cron=1745688986.9020550251007080078125 HTTP/1.1" 200 0 "-" "WordPress/6.8; https://skillstudio27.com"
191.85.110.111 - - [26/Apr/2025:13:36:23 -0400] "POST /xmlrpc.php HTTP/1.1" 200 0 "-" "Mozilla/5.0 (Windows NT 10.0; Win64; x64) AppleWebKit/537.36 (KHTML, like Gecko) Chrome/91.0.4472.124 Safari/537.36"
66.29.132.124 - - [26/Apr/2025:13:36:28 -0400] "POST /wp-admin/admin-ajax.php?action=async_litespeed&nonce=E034mNqUyTJpkj1SXPGKEoYrloYODJO6&litespeed_type=imgoptm HTTP/1.1" 200 0 "-" "WordPress/6.8; https://skillstudio27.com"
191.85.110.111 - - [26/Apr/2025:13:38:05 -0400] "POST /xmlrpc.php HTTP/1.1" 200 0 "-" "Mozilla/5.0 (Windows NT 10.0; Win64; x64) AppleWebKit/537.36 (KHTML, like Gecko) Chrome/91.0.4472.124 Safari/537.36"
66.29.132.124 - - [26/Apr/2025:13:38:12 -0400] "POST /wp-cron.php?doing_wp_cron=1745689091.4145750999450683593750 HTTP/1.1" 200 0 "-" "WordPress/6.8; https://skillstudio27.com"
66.29.132.124 - - [26/Apr/2025:13:38:17 -0400] "POST /wp-admin/admin-ajax.php?action=async_litespeed&nonce=dhB5LKMqjU1xxnhjWdcy37YkK4th0mxi&litespeed_type=imgoptm HTTP/1.1" 200 0 "-" "WordPress/6.8; https://skillstudio27.com"
66.29.132.124 - - [26/Apr/2025:13:39:34 -0400] "POST /wp-cron.php?doing_wp_cron=1745689174.4248979091644287109375 HTTP/1.1" 200 0 "-" "WordPress/6.8; https://skillstudio27.com"
191.85.110.111 - - [26/Apr/2025:13:39:33 -0400] "POST /xmlrpc.php HTTP/1.1" 200 403 "-" "Mozilla/5.0 (Windows NT 10.0; Win64; x64) AppleWebKit/537.36 (KHTML, like Gecko) Chrome/91.0.4472.124 Safari/537.36"
66.29.132.124 - - [26/Apr/2025:13:39:35 -0400] "POST /wp-admin/admin-ajax.php?action=async_litespeed&nonce=iuoUqwnIHHiZ0kxFkgrGWiuGB0mILlvn&litespeed_type=imgoptm HTTP/1.1" 200 0 "-" "WordPress/6.8; https://skillstudio27.com"
66.29.132.124 - - [26/Apr/2025:13:41:02 -0400] "POST /wp-cron.php?doing_wp_cron=1745689262.4944920539855957031250 HTTP/1.1" 200 0 "-" "WordPress/6.8; https://skillstudio27.com"
191.85.110.111 - - [26/Apr/2025:13:40:59 -0400] "POST /xmlrpc.php HTTP/1.1" 200 0 "-" "Mozilla/5.0 (Windows NT 10.0; Win64; x64) AppleWebKit/537.36 (KHTML, like Gecko) Chrome/91.0.4472.124 Safari/537.36"
66.29.132.124 - - [26/Apr/2025:13:41:04 -0400] "POST /wp-admin/admin-ajax.php?action=async_litespeed&nonce=XatZt072lMCzzFFjl1GmYmXgul1dpk9T&litespeed_type=imgoptm HTTP/1.1" 200 0 "-" "WordPress/6.8; https://skillstudio27.com"
191.85.110.111 - - [26/Apr/2025:13:42:28 -0400] "POST /xmlrpc.php HTTP/1.1" 200 0 "-" "Mozilla/5.0 (Windows NT 10.0; Win64; x64) AppleWebKit/537.36 (KHTML, like Gecko) Chrome/91.0.4472.124 Safari/537.36"
66.29.132.124 - - [26/Apr/2025:13:42:32 -0400] "POST /wp-cron.php?doing_wp_cron=1745689351.4508409500122070312500 HTTP/1.1" 200 0 "-" "WordPress/6.8; https://skillstudio27.com"
191.85.110.111 - - [26/Apr/2025:13:43:51 -0400] "POST /xmlrpc.php HTTP/1.1" 200 0 "-" "Mozilla/5.0 (Windows NT 10.0; Win64; x64) AppleWebKit/537.36 (KHTML, like Gecko) Chrome/91.0.4472.124 Safari/537.36"
66.29.132.124 - - [26/Apr/2025:13:43:57 -0400] "POST /wp-cron.php?doing_wp_cron=1745689434.0741980075836181640625 HTTP/1.1" 200 0 "-" "WordPress/6.8; https://skillstudio27.com"
191.85.110.111 - - [26/Apr/2025:13:45:10 -0400] "POST /xmlrpc.php HTTP/1.1" 200 403 "-" "Mozilla/5.0 (Windows NT 10.0; Win64; x64) AppleWebKit/537.36 (KHTML, like Gecko) Chrome/91.0.4472.124 Safari/537.36"
66.29.132.124 - - [26/Apr/2025:13:46:26 -0400] "POST /wp-cron.php?doing_wp_cron=1745689585.6978960037231445312500 HTTP/1.1" 200 0 "-" "WordPress/6.8; https://skillstudio27.com"
191.85.110.111 - - [26/Apr/2025:13:46:24 -0400] "POST /xmlrpc.php HTTP/1.1" 200 403 "-" "Mozilla/5.0 (Windows NT 10.0; Win64; x64) AppleWebKit/537.36 (KHTML, like Gecko) Chrome/91.0.4472.124 Safari/537.36"
66.29.132.124 - - [26/Apr/2025:13:46:28 -0400] "POST /wp-admin/admin-ajax.php?action=async_litespeed&nonce=vsN6crHCGrYiCSMsLSdTUCheomBIcijf&litespeed_type=imgoptm HTTP/1.1" 200 0 "-" "WordPress/6.8; https://skillstudio27.com"
66.29.132.124 - - [26/Apr/2025:13:47:42 -0400] "POST /wp-cron.php?doing_wp_cron=1745689662.0544149875640869140625 HTTP/1.1" 200 0 "-" "WordPress/6.8; https://skillstudio27.com"
191.85.110.111 - - [26/Apr/2025:13:47:40 -0400] "POST /xmlrpc.php HTTP/1.1" 200 403 "-" "Mozilla/5.0 (Windows NT 10.0; Win64; x64) AppleWebKit/537.36 (KHTML, like Gecko) Chrome/91.0.4472.124 Safari/537.36"
66.29.132.124 - - [26/Apr/2025:13:47:44 -0400] "POST /wp-admin/admin-ajax.php?action=async_litespeed&nonce=v0YoYO8jBuHhqfPqcjFdPQ0tViXXawVH&litespeed_type=imgoptm HTTP/1.1" 200 0 "-" "WordPress/6.8; https://skillstudio27.com"
66.29.132.124 - - [26/Apr/2025:13:49:03 -0400] "POST /wp-cron.php?doing_wp_cron=1745689743.3977398872375488281250 HTTP/1.1" 200 0 "-" "WordPress/6.8; https://skillstudio27.com"
191.85.110.111 - - [26/Apr/2025:13:49:02 -0400] "POST /xmlrpc.php HTTP/1.1" 200 403 "-" "Mozilla/5.0 (Windows NT 10.0; Win64; x64) AppleWebKit/537.36 (KHTML, like Gecko) Chrome/91.0.4472.124 Safari/537.36"
66.29.132.124 - - [26/Apr/2025:13:49:04 -0400] "POST /wp-admin/admin-ajax.php?action=async_litespeed&nonce=2N1fyfhifXQW0jon4rPiuTloC1rDP2Bj&litespeed_type=imgoptm HTTP/1.1" 200 21 "-" "WordPress/6.8; https://skillstudio27.com"
66.29.132.124 - - [26/Apr/2025:13:50:23 -0400] "POST /wp-cron.php?doing_wp_cron=1745689822.9147469997406005859375 HTTP/1.1" 200 0 "-" "WordPress/6.8; https://skillstudio27.com"
191.85.110.111 - - [26/Apr/2025:13:50:21 -0400] "POST /xmlrpc.php HTTP/1.1" 200 0 "-" "Mozilla/5.0 (Windows NT 10.0; Win64; x64) AppleWebKit/537.36 (KHTML, like Gecko) Chrome/91.0.4472.124 Safari/537.36"
66.29.132.124 - - [26/Apr/2025:13:50:25 -0400] "POST /wp-admin/admin-ajax.php?action=async_litespeed&nonce=ykHXVg7EOECzmpVi2ccRhnInfeQlgmlD&litespeed_type=imgoptm HTTP/1.1" 200 0 "-" "WordPress/6.8; https://skillstudio27.com"
66.29.132.124 - - [26/Apr/2025:13:51:38 -0400] "POST /wp-cron.php?doing_wp_cron=1745689898.4342010021209716796875 HTTP/1.1" 200 0 "-" "WordPress/6.8; https://skillstudio27.com"
191.85.110.111 - - [26/Apr/2025:13:51:37 -0400] "POST /xmlrpc.php HTTP/1.1" 200 403 "-" "Mozilla/5.0 (Windows NT 10.0; Win64; x64) AppleWebKit/537.36 (KHTML, like Gecko) Chrome/91.0.4472.124 Safari/537.36"
66.29.132.124 - - [26/Apr/2025:13:51:39 -0400] "POST /wp-admin/admin-ajax.php?action=async_litespeed&nonce=zeh6LL8yCXADW9ZgqN9U2akpwHO42ntG&litespeed_type=imgoptm HTTP/1.1" 200 0 "-" "WordPress/6.8; https://skillstudio27.com"
66.29.132.124 - - [26/Apr/2025:13:52:54 -0400] "POST /wp-cron.php?doing_wp_cron=1745689974.0463171005249023437500 HTTP/1.1" 200 0 "-" "WordPress/6.8; https://skillstudio27.com"
191.85.110.111 - - [26/Apr/2025:13:52:52 -0400] "POST /xmlrpc.php HTTP/1.1" 200 403 "-" "Mozilla/5.0 (Windows NT 10.0; Win64; x64) AppleWebKit/537.36 (KHTML, like Gecko) Chrome/91.0.4472.124 Safari/537.36"
66.29.132.124 - - [26/Apr/2025:13:52:55 -0400] "POST /wp-admin/admin-ajax.php?action=async_litespeed&nonce=oAH6v2yWLKKIAUhBZcruPiiGRdc4koJe&litespeed_type=imgoptm HTTP/1.1" 200 0 "-" "WordPress/6.8; https://skillstudio27.com"
191.85.110.111 - - [26/Apr/2025:13:54:15 -0400] "POST /xmlrpc.php HTTP/1.1" 200 403 "-" "Mozilla/5.0 (Windows NT 10.0; Win64; x64) AppleWebKit/537.36 (KHTML, like Gecko) Chrome/91.0.4472.124 Safari/537.36"
66.29.132.124 - - [26/Apr/2025:13:54:18 -0400] "POST /wp-cron.php?doing_wp_cron=1745690057.1852910518646240234375 HTTP/1.1" 200 0 "-" "WordPress/6.8; https://skillstudio27.com"
66.29.132.124 - - [26/Apr/2025:13:55:39 -0400] "POST /wp-cron.php?doing_wp_cron=1745690139.5713191032409667968750 HTTP/1.1" 200 0 "-" "WordPress/6.8; https://skillstudio27.com"
191.85.110.111 - - [26/Apr/2025:13:55:38 -0400] "POST /xmlrpc.php HTTP/1.1" 200 403 "-" "Mozilla/5.0 (Windows NT 10.0; Win64; x64) AppleWebKit/537.36 (KHTML, like Gecko) Chrome/91.0.4472.124 Safari/537.36"
66.29.132.124 - - [26/Apr/2025:13:55:40 -0400] "POST /wp-admin/admin-ajax.php?action=async_litespeed&nonce=yb5VVZU10osKfWmluOyHXpjepJF9oFgH&litespeed_type=imgoptm HTTP/1.1" 200 0 "-" "WordPress/6.8; https://skillstudio27.com"
66.29.132.124 - - [26/Apr/2025:13:56:54 -0400] "POST /wp-cron.php?doing_wp_cron=1745690213.7172019481658935546875 HTTP/1.1" 200 0 "-" "WordPress/6.8; https://skillstudio27.com"
191.85.110.111 - - [26/Apr/2025:13:56:52 -0400] "POST /xmlrpc.php HTTP/1.1" 200 0 "-" "Mozilla/5.0 (Windows NT 10.0; Win64; x64) AppleWebKit/537.36 (KHTML, like Gecko) Chrome/91.0.4472.124 Safari/537.36"
66.29.132.124 - - [26/Apr/2025:13:56:56 -0400] "POST /wp-admin/admin-ajax.php?action=async_litespeed&nonce=0iZZIQ2VrwfYE95sXTBJ2Njx88VSzIJK&litespeed_type=imgoptm HTTP/1.1" 200 0 "-" "WordPress/6.8; https://skillstudio27.com"
66.29.132.124 - - [26/Apr/2025:13:58:14 -0400] "POST /wp-cron.php?doing_wp_cron=1745690293.7977159023284912109375 HTTP/1.1" 200 0 "-" "WordPress/6.8; https://skillstudio27.com"
191.85.110.111 - - [26/Apr/2025:13:58:12 -0400] "POST /xmlrpc.php HTTP/1.1" 200 403 "-" "Mozilla/5.0 (Windows NT 10.0; Win64; x64) AppleWebKit/537.36 (KHTML, like Gecko) Chrome/91.0.4472.124 Safari/537.36"
66.29.132.124 - - [26/Apr/2025:13:58:17 -0400] "POST /wp-admin/admin-ajax.php?action=async_litespeed&nonce=IdVyZtGPD5MCJS4wWM1H1a0VsfWY3Pr3&litespeed_type=imgoptm HTTP/1.1" 200 0 "-" "WordPress/6.8; https://skillstudio27.com"
191.85.110.111 - - [26/Apr/2025:13:59:31 -0400] "POST /xmlrpc.php HTTP/1.1" 200 0 "-" "Mozilla/5.0 (Windows NT 10.0; Win64; x64) AppleWebKit/537.36 (KHTML, like Gecko) Chrome/91.0.4472.124 Safari/537.36"
66.29.132.124 - - [26/Apr/2025:13:59:37 -0400] "POST /wp-cron.php?doing_wp_cron=1745690377.5791940689086914062500 HTTP/1.1" 200 0 "-" "WordPress/6.8; https://skillstudio27.com"
66.29.132.124 - - [26/Apr/2025:13:59:38 -0400] "POST /wp-admin/admin-ajax.php?action=async_litespeed&nonce=xdd7p7TvcwFJbvSK0u4dVgR2RHcPVSKp&litespeed_type=imgoptm HTTP/1.1" 200 0 "-" "WordPress/6.8; https://skillstudio27.com"
66.29.132.124 - - [26/Apr/2025:14:00:50 -0400] "POST /wp-cron.php?doing_wp_cron=1745690450.4244170188903808593750 HTTP/1.1" 200 0 "-" "WordPress/6.8; https://skillstudio27.com"
191.85.110.111 - - [26/Apr/2025:14:00:50 -0400] "POST /xmlrpc.php HTTP/1.1" 200 403 "-" "Mozilla/5.0 (Windows NT 10.0; Win64; x64) AppleWebKit/537.36 (KHTML, like Gecko) Chrome/91.0.4472.124 Safari/537.36"
66.29.132.124 - - [26/Apr/2025:14:00:51 -0400] "POST /wp-admin/admin-ajax.php?action=async_litespeed&nonce=S4UquUAgRJLjnMDvPJFvCo5ifDI9TWZl&litespeed_type=imgoptm HTTP/1.1" 200 21 "-" "WordPress/6.8; https://skillstudio27.com"
66.29.132.124 - - [26/Apr/2025:14:02:03 -0400] "POST /wp-cron.php?doing_wp_cron=1745690523.2705368995666503906250 HTTP/1.1" 200 0 "-" "WordPress/6.8; https://skillstudio27.com"
191.85.110.111 - - [26/Apr/2025:14:02:02 -0400] "POST /xmlrpc.php HTTP/1.1" 200 403 "-" "Mozilla/5.0 (Windows NT 10.0; Win64; x64) AppleWebKit/537.36 (KHTML, like Gecko) Chrome/91.0.4472.124 Safari/537.36"
