66.29.132.124 - - [26/Apr/2025:14:02:03 -0400] "POST /wp-admin/admin-ajax.php?action=async_litespeed&nonce=iCp3A4dhYsKMzioiv7CCePgxjCoC5h3L&litespeed_type=imgoptm HTTP/1.1" 200 21 "-" "WordPress/6.8; https://skillstudio27.com"
66.29.132.124 - - [26/Apr/2025:14:03:19 -0400] "POST /wp-cron.php?doing_wp_cron=1745690599.6415319442749023437500 HTTP/1.1" 200 0 "-" "WordPress/6.8; https://skillstudio27.com"
191.85.110.111 - - [26/Apr/2025:14:03:19 -0400] "POST /xmlrpc.php HTTP/1.1" 200 403 "-" "Mozilla/5.0 (Windows NT 10.0; Win64; x64) AppleWebKit/537.36 (KHTML, like Gecko) Chrome/91.0.4472.124 Safari/537.36"
66.29.132.124 - - [26/Apr/2025:14:03:20 -0400] "POST /wp-admin/admin-ajax.php?action=async_litespeed&nonce=rvW2hY9PhlDj0ie1IcltcmQKOQie14Do&litespeed_type=imgoptm HTTP/1.1" 200 21 "-" "WordPress/6.8; https://skillstudio27.com"
66.29.132.124 - - [26/Apr/2025:14:04:34 -0400] "POST /wp-cron.php?doing_wp_cron=1745690674.1069829463958740234375 HTTP/1.1" 200 0 "-" "WordPress/6.8; https://skillstudio27.com"
191.85.110.111 - - [26/Apr/2025:14:04:33 -0400] "POST /xmlrpc.php HTTP/1.1" 200 403 "-" "Mozilla/5.0 (Windows NT 10.0; Win64; x64) AppleWebKit/537.36 (KHTML, like Gecko) Chrome/91.0.4472.124 Safari/537.36"
66.29.132.124 - - [26/Apr/2025:14:04:34 -0400] "POST /wp-admin/admin-ajax.php?action=async_litespeed&nonce=guvrNeF9BIFWxOS2ck2pYbNFN1CxIoDR&litespeed_type=imgoptm HTTP/1.1" 200 21 "-" "WordPress/6.8; https://skillstudio27.com"
66.29.132.124 - - [26/Apr/2025:14:05:48 -0400] "POST /wp-cron.php?doing_wp_cron=1745690748.4860630035400390625000 HTTP/1.1" 200 0 "-" "WordPress/6.8; https://skillstudio27.com"
191.85.110.111 - - [26/Apr/2025:14:05:47 -0400] "POST /xmlrpc.php HTTP/1.1" 200 403 "-" "Mozilla/5.0 (Windows NT 10.0; Win64; x64) AppleWebKit/537.36 (KHTML, like Gecko) Chrome/91.0.4472.124 Safari/537.36"
66.29.132.124 - - [26/Apr/2025:14:05:49 -0400] "POST /wp-admin/admin-ajax.php?action=async_litespeed&nonce=XU2kfsovDvNHHaTYiO8IAJVUk1XsrB6T&litespeed_type=imgoptm HTTP/1.1" 200 21 "-" "WordPress/6.8; https://skillstudio27.com"
66.29.132.124 - - [26/Apr/2025:14:06:58 -0400] "POST /wp-cron.php?doing_wp_cron=1745690818.0254170894622802734375 HTTP/1.1" 200 0 "-" "WordPress/6.8; https://skillstudio27.com"
191.85.110.111 - - [26/Apr/2025:14:06:57 -0400] "POST /xmlrpc.php HTTP/1.1" 200 403 "-" "Mozilla/5.0 (Windows NT 10.0; Win64; x64) AppleWebKit/537.36 (KHTML, like Gecko) Chrome/91.0.4472.124 Safari/537.36"
66.29.132.124 - - [26/Apr/2025:14:06:58 -0400] "POST /wp-admin/admin-ajax.php?action=async_litespeed&nonce=bwWts1eBR2z079jYpBv7p5Nc3M33O9aA&litespeed_type=imgoptm HTTP/1.1" 200 21 "-" "WordPress/6.8; https://skillstudio27.com"
66.29.132.124 - - [26/Apr/2025:14:08:09 -0400] "POST /wp-cron.php?doing_wp_cron=1745690889.8221719264984130859375 HTTP/1.1" 200 0 "-" "WordPress/6.8; https://skillstudio27.com"
191.85.110.111 - - [26/Apr/2025:14:08:09 -0400] "POST /xmlrpc.php HTTP/1.1" 200 403 "-" "Mozilla/5.0 (Windows NT 10.0; Win64; x64) AppleWebKit/537.36 (KHTML, like Gecko) Chrome/91.0.4472.124 Safari/537.36"
66.29.132.124 - - [26/Apr/2025:14:08:10 -0400] "POST /wp-admin/admin-ajax.php?action=async_litespeed&nonce=knDT3iq1pZdyCXnVhI3crTsTyVppRoDl&litespeed_type=imgoptm HTTP/1.1" 200 21 "-" "WordPress/6.8; https://skillstudio27.com"
18.211.148.239 - - [26/Apr/2025:14:08:31 -0400] "GET /robots.txt HTTP/1.1" 200 115 "-" "Mozilla/5.0 AppleWebKit/537.36 (KHTML, like Gecko; compatible; Amazonbot/0.1; +https://developer.amazon.com/support/amazonbot) Chrome/119.0.6045.214 Safari/537.36"
54.144.185.255 - - [26/Apr/2025:14:08:31 -0400] "GET /about-us/ HTTP/1.1" 200 22515 "-" "Mozilla/5.0 AppleWebKit/537.36 (KHTML, like Gecko; compatible; Amazonbot/0.1; +https://developer.amazon.com/support/amazonbot) Chrome/119.0.6045.214 Safari/537.36"
66.29.132.124 - - [26/Apr/2025:14:09:23 -0400] "POST /wp-cron.php?doing_wp_cron=1745690963.4603459835052490234375 HTTP/1.1" 200 0 "-" "WordPress/6.8; https://skillstudio27.com"
191.85.110.111 - - [26/Apr/2025:14:09:23 -0400] "POST /xmlrpc.php HTTP/1.1" 200 403 "-" "Mozilla/5.0 (Windows NT 10.0; Win64; x64) AppleWebKit/537.36 (KHTML, like Gecko) Chrome/91.0.4472.124 Safari/537.36"
66.29.132.124 - - [26/Apr/2025:14:09:23 -0400] "POST /wp-admin/admin-ajax.php?action=async_litespeed&nonce=9vjVG9CMhykK6aAGon9SRCG8ACNzS9Jr&litespeed_type=imgoptm HTTP/1.1" 200 21 "-" "WordPress/6.8; https://skillstudio27.com"
66.29.132.124 - - [26/Apr/2025:14:10:36 -0400] "POST /wp-cron.php?doing_wp_cron=1745691036.0095520019531250000000 HTTP/1.1" 200 0 "-" "WordPress/6.8; https://skillstudio27.com"
191.85.110.111 - - [26/Apr/2025:14:10:34 -0400] "POST /xmlrpc.php HTTP/1.1" 200 403 "-" "Mozilla/5.0 (Windows NT 10.0; Win64; x64) AppleWebKit/537.36 (KHTML, like Gecko) Chrome/91.0.4472.124 Safari/537.36"
66.29.132.124 - - [26/Apr/2025:14:10:37 -0400] "POST /wp-admin/admin-ajax.php?action=async_litespeed&nonce=94YSsBytATiil7XLk3HCVORZkl4POCrW&litespeed_type=imgoptm HTTP/1.1" 200 0 "-" "WordPress/6.8; https://skillstudio27.com"
66.29.132.124 - - [26/Apr/2025:14:11:53 -0400] "POST /wp-cron.php?doing_wp_cron=1745691111.7288730144500732421875 HTTP/1.1" 200 0 "-" "WordPress/6.8; https://skillstudio27.com"
191.85.110.111 - - [26/Apr/2025:14:11:50 -0400] "POST /xmlrpc.php HTTP/1.1" 200 403 "-" "Mozilla/5.0 (Windows NT 10.0; Win64; x64) AppleWebKit/537.36 (KHTML, like Gecko) Chrome/91.0.4472.124 Safari/537.36"
191.85.110.111 - - [26/Apr/2025:14:13:06 -0400] "POST /xmlrpc.php HTTP/1.1" 200 0 "-" "Mozilla/5.0 (Windows NT 10.0; Win64; x64) AppleWebKit/537.36 (KHTML, like Gecko) Chrome/91.0.4472.124 Safari/537.36"
66.29.132.124 - - [26/Apr/2025:14:13:07 -0400] "POST /wp-cron.php?doing_wp_cron=1745691186.8179950714111328125000 HTTP/1.1" 200 0 "-" "WordPress/6.8; https://skillstudio27.com"
66.29.132.124 - - [26/Apr/2025:14:13:08 -0400] "POST /wp-admin/admin-ajax.php?action=async_litespeed&nonce=zkGaac6APJG8ktBxkNxyahQ2ZeKJL3BR&litespeed_type=imgoptm HTTP/1.1" 200 0 "-" "WordPress/6.8; https://skillstudio27.com"
191.85.110.111 - - [26/Apr/2025:14:14:12 -0400] "POST /xmlrpc.php HTTP/1.1" 200 403 "-" "Mozilla/5.0 (Windows NT 10.0; Win64; x64) AppleWebKit/537.36 (KHTML, like Gecko) Chrome/91.0.4472.124 Safari/537.36"
66.29.132.124 - - [26/Apr/2025:14:14:15 -0400] "POST /wp-cron.php?doing_wp_cron=1745691253.9786820411682128906250 HTTP/1.1" 200 0 "-" "WordPress/6.8; https://skillstudio27.com"
66.29.132.124 - - [26/Apr/2025:14:15:29 -0400] "POST /wp-cron.php?doing_wp_cron=1745691329.5696940422058105468750 HTTP/1.1" 200 0 "-" "WordPress/6.8; https://skillstudio27.com"
191.85.110.111 - - [26/Apr/2025:14:15:28 -0400] "POST /xmlrpc.php HTTP/1.1" 200 403 "-" "Mozilla/5.0 (Windows NT 10.0; Win64; x64) AppleWebKit/537.36 (KHTML, like Gecko) Chrome/91.0.4472.124 Safari/537.36"
66.29.132.124 - - [26/Apr/2025:14:15:31 -0400] "POST /wp-admin/admin-ajax.php?action=async_litespeed&nonce=hsANpVpg3SfoPrMOFbQwnCU2i2hrpBOU&litespeed_type=imgoptm HTTP/1.1" 200 0 "-" "WordPress/6.8; https://skillstudio27.com"
66.29.132.124 - - [26/Apr/2025:14:16:44 -0400] "POST /wp-cron.php?doing_wp_cron=1745691404.0041069984436035156250 HTTP/1.1" 200 0 "-" "WordPress/6.8; https://skillstudio27.com"
191.85.110.111 - - [26/Apr/2025:14:16:42 -0400] "POST /xmlrpc.php HTTP/1.1" 200 403 "-" "Mozilla/5.0 (Windows NT 10.0; Win64; x64) AppleWebKit/537.36 (KHTML, like Gecko) Chrome/91.0.4472.124 Safari/537.36"
66.29.132.124 - - [26/Apr/2025:14:16:46 -0400] "POST /wp-admin/admin-ajax.php?action=async_litespeed&nonce=d89qXfY7E2RhA7lKBCkVU5LvJ4xlEtWG&litespeed_type=imgoptm HTTP/1.1" 200 0 "-" "WordPress/6.8; https://skillstudio27.com"
66.29.132.124 - - [26/Apr/2025:14:17:56 -0400] "POST /wp-cron.php?doing_wp_cron=1745691476.2104430198669433593750 HTTP/1.1" 200 0 "-" "WordPress/6.8; https://skillstudio27.com"
191.85.110.111 - - [26/Apr/2025:14:17:55 -0400] "POST /xmlrpc.php HTTP/1.1" 200 403 "-" "Mozilla/5.0 (Windows NT 10.0; Win64; x64) AppleWebKit/537.36 (KHTML, like Gecko) Chrome/91.0.4472.124 Safari/537.36"
66.29.132.124 - - [26/Apr/2025:14:17:57 -0400] "POST /wp-admin/admin-ajax.php?action=async_litespeed&nonce=FPAfebC2fR7FtGrzsikxann9fJ1CLmu5&litespeed_type=imgoptm HTTP/1.1" 200 0 "-" "WordPress/6.8; https://skillstudio27.com"
198.54.114.58 - - [26/Apr/2025:14:20:57 -0400] "POST /wp-login.php HTTP/1.1" 200 0 "https://skillstudio27.com" "Mozilla/5.0 (Macintosh; Intel Mac OS X 14.5) AppleWebKit/618.3.5 (KHTML, like Gecko) Version/17.4 Safari/618.3.5"
66.29.132.124 - - [26/Apr/2025:14:21:09 -0400] "POST /wp-cron.php?doing_wp_cron=1745691668.7029800415039062500000 HTTP/1.1" 200 0 "-" "WordPress/6.8; https://skillstudio27.com"
66.29.132.124 - - [26/Apr/2025:14:21:10 -0400] "POST /wp-admin/admin-ajax.php?action=async_litespeed&nonce=DTwz0nE85MrGjtyWhfiiqm3g3JK87wTL&litespeed_type=imgoptm HTTP/1.1" 200 0 "-" "WordPress/6.8; https://skillstudio27.com"
66.29.132.124 - - [26/Apr/2025:14:23:11 -0400] "POST /wp-cron.php?doing_wp_cron=1745691790.8382840156555175781250 HTTP/1.1" 200 0 "-" "WordPress/6.8; https://skillstudio27.com"
57.141.4.26 - - [26/Apr/2025:14:23:07 -0400] "GET /wp-json/oembed/1.0/embed?url=https%3A%2F%2Fskillstudio27.com%2F2025%2F01%2F02%2Fhello-world%2F HTTP/1.1" 200 2177 "-" "meta-externalagent/1.1 (+https://developers.facebook.com/docs/sharing/webmasters/crawler)"
66.29.132.124 - - [26/Apr/2025:14:23:14 -0400] "POST /wp-admin/admin-ajax.php?action=async_litespeed&nonce=kWf2QpXwSiPtYtm6FI30yVkl0cC8a8JT&litespeed_type=imgoptm HTTP/1.1" 200 0 "-" "WordPress/6.8; https://skillstudio27.com"
66.29.132.124 - - [26/Apr/2025:14:28:36 -0400] "POST /wp-cron.php?doing_wp_cron=1745692116.0673189163208007812500 HTTP/1.1" 200 0 "-" "WordPress/6.8; https://skillstudio27.com"
68.65.122.90 - - [26/Apr/2025:14:28:30 -0400] "POST /wp-login.php HTTP/1.1" 200 2292 "https://skillstudio27.com" "Mozilla/5.0 (Macintosh; Intel Mac OS X 14.3) AppleWebKit/614.31.14 (KHTML, like Gecko) Version/17.0.96 Safari/614.31.14"
66.29.132.124 - - [26/Apr/2025:14:28:37 -0400] "POST /wp-admin/admin-ajax.php?action=async_litespeed&nonce=FHQVNRzmrrfwQgAe6fVXBa5DusY94qcl&litespeed_type=imgoptm HTTP/1.1" 200 0 "-" "WordPress/6.8; https://skillstudio27.com"
104.219.248.2 - - [26/Apr/2025:14:36:09 -0400] "POST /wp-login.php HTTP/1.1" 200 0 "https://skillstudio27.com" "Mozilla/5.0 (Macintosh; Intel Mac OS X 10_15_7) AppleWebKit/537.36 (KHTML, like Gecko) Chrome/115.0.5790.102 Safari/537.36"
66.29.132.124 - - [26/Apr/2025:14:36:21 -0400] "POST /wp-cron.php?doing_wp_cron=1745692580.8871099948883056640625 HTTP/1.1" 200 0 "-" "WordPress/6.8; https://skillstudio27.com"
66.29.132.124 - - [26/Apr/2025:14:36:22 -0400] "POST /wp-admin/admin-ajax.php?action=async_litespeed&nonce=wsGPi8egI2QxcIv22Mw4luHAhNm4TvM8&litespeed_type=imgoptm HTTP/1.1" 200 0 "-" "WordPress/6.8; https://skillstudio27.com"
198.54.114.59 - - [26/Apr/2025:14:51:18 -0400] "POST /wp-login.php HTTP/1.1" 200 0 "https://skillstudio27.com" "Mozilla/5.0 (Windows NT 10.0; Win64; x64) AppleWebKit/537.36 (KHTML, like Gecko) Chrome/115.0.5790.171 Safari/537.36 Edg/115.0.1901.203"
66.29.132.124 - - [26/Apr/2025:14:51:30 -0400] "POST /wp-cron.php?doing_wp_cron=1745693489.8462219238281250000000 HTTP/1.1" 200 0 "-" "WordPress/6.8; https://skillstudio27.com"
66.29.132.124 - - [26/Apr/2025:14:51:32 -0400] "POST /wp-admin/admin-ajax.php?action=async_litespeed&nonce=eFEGCf8aecKXHWnwojqFqrogzNkzFlAh&litespeed_type=imgoptm HTTP/1.1" 200 0 "-" "WordPress/6.8; https://skillstudio27.com"
198.54.114.18 - - [26/Apr/2025:14:58:43 -0400] "POST /wp-login.php HTTP/1.1" 200 0 "https://skillstudio27.com" "Mozilla/5.0 (Windows NT 10.0; Win64; x64) AppleWebKit/537.36 (KHTML, like Gecko) Chrome/115.0.5790.171 Safari/537.36 Edg/115.0.1901.203"
66.29.132.124 - - [26/Apr/2025:14:58:58 -0400] "POST /wp-cron.php?doing_wp_cron=1745693936.8961400985717773437500 HTTP/1.1" 200 0 "-" "WordPress/6.8; https://skillstudio27.com"
15.236.225.192 - - [26/Apr/2025:15:14:24 -0400] "GET / HTTP/1.1" 200 25907 "-" "Mozilla/5.0 (Windows NT 10.0; Win64; x64) AppleWebKit/537.36 (KHTML, like Gecko; compatible; BW/1.3; rb.gy/qyzae5) Chrome/124.0.0.0 Safari/537.36"
15.236.225.192 - - [26/Apr/2025:15:14:28 -0400] "GET /robots.txt HTTP/1.1" 200 102 "-" "Mozilla/5.0 (Windows NT 10.0; Win64; x64) AppleWebKit/537.36 (KHTML, like Gecko; compatible; BW/1.3; rb.gy/qyzae5) Chrome/124.0.0.0 Safari/537.36"
51.161.84.56 - - [26/Apr/2025:15:14:40 -0400] "GET /contact-us/ HTTP/1.1" 200 94474 "-" "Mozilla/5.0 (Windows NT 10.0; Win64; x64) AppleWebKit/537.36 (KHTML, like Gecko; compatible; BW/1.2; rb.gy/oupwis) Chrome/124.0.0.0 Safari/537.36"
66.29.132.124 - - [26/Apr/2025:15:14:52 -0400] "POST /wp-cron.php?doing_wp_cron=1745694890.3995010852813720703125 HTTP/1.1" 200 0 "-" "WordPress/6.8; https://skillstudio27.com"
15.236.225.192 - - [26/Apr/2025:15:14:37 -0400] "GET /privacy-policy/ HTTP/1.1" 200 18550 "-" "Mozilla/5.0 (Windows NT 10.0; Win64; x64) AppleWebKit/537.36 (KHTML, like Gecko; compatible; BW/1.3; rb.gy/qyzae5) Chrome/124.0.0.0 Safari/537.36"
15.236.225.192 - - [26/Apr/2025:15:15:00 -0400] "GET /privacy-policy/ HTTP/1.1" 200 18550 "-" "Mozilla/5.0 (Windows NT 10.0; Win64; x64) AppleWebKit/537.36 (KHTML, like Gecko; compatible; BW/1.3; rb.gy/qyzae5) Chrome/124.0.0.0 Safari/537.36"
15.236.225.192 - - [26/Apr/2025:15:15:00 -0400] "GET /ads.txt HTTP/1.1" 404 9339 "-" "Mozilla/5.0 (Windows NT 10.0; Win64; x64) AppleWebKit/537.36 (KHTML, like Gecko; compatible; BW/1.3; rb.gy/qyzae5) Chrome/124.0.0.0 Safari/537.36"
66.29.132.124 - - [26/Apr/2025:15:30:26 -0400] "POST /wp-cron.php?doing_wp_cron=1745695826.7603509426116943359375 HTTP/1.1" 200 0 "-" "WordPress/6.8; https://skillstudio27.com"
66.29.132.124 - - [26/Apr/2025:15:30:26 -0400] "POST /wp-cron.php?doing_wp_cron=1745695826.7671370506286621093750 HTTP/1.1" 200 0 "-" "WordPress/6.8; https://skillstudio27.com"
65.21.194.249 - - [26/Apr/2025:15:30:15 -0400] "POST /xmlrpc.php HTTP/1.1" 200 403 "-" "Mozilla/5.0 (Windows NT 10.0; WOW64) AppleWebKit/537.36 (KHTML, like Gecko) Chrome/72.0.3626.121 Safari/537.36"
137.74.39.64 - - [26/Apr/2025:15:30:18 -0400] "POST /xmlrpc.php HTTP/1.1" 200 403 "-" "Mozilla/5.0 (Linux; Android 10; SM-N960U) AppleWebKit/537.36 (KHTML, like Gecko) Chrome/91.0.4472.114 Mobile Safari/537.36"
66.29.132.124 - - [26/Apr/2025:15:30:28 -0400] "POST /wp-admin/admin-ajax.php?action=async_litespeed&nonce=luBKpnrvMul1pD5Dvun2NGpC9XHV3v3K&litespeed_type=imgoptm HTTP/1.1" 200 0 "-" "WordPress/6.8; https://skillstudio27.com"
137.74.39.64 - - [26/Apr/2025:15:30:42 -0400] "POST /xmlrpc.php HTTP/1.1" 200 403 "-" "Mozilla/5.0 (Windows NT 6.1; WOW64; rv:45.0) Gecko/20100101 Firefox/45.0"
137.74.39.64 - - [26/Apr/2025:15:30:48 -0400] "POST /xmlrpc.php HTTP/1.1" 200 403 "-" "Mozilla/5.0 (Windows NT 10.0; Win64; x64; rv:67.0) Gecko/20100101 Firefox/67.0"
143.198.188.191 - - [26/Apr/2025:15:30:50 -0400] "POST /xmlrpc.php HTTP/1.1" 200 403 "-" "Mozilla/5.0 (Windows NT 10.0; Win64; x64; rv:61.0) Gecko/20100101 Firefox/61.0"
143.198.188.191 - - [26/Apr/2025:15:30:52 -0400] "POST /xmlrpc.php HTTP/1.1" 200 403 "-" "Mozilla/5.0 (Windows NT 10.0; Win64; x64; rv:62.0) Gecko/20100101 Firefox/62.0"
122.114.61.224 - - [26/Apr/2025:15:30:52 -0400] "POST /xmlrpc.php HTTP/1.1" 200 403 "-" "Mozilla/5.0 (Windows NT 10.0; Win64; x64) AppleWebKit/537.36 (KHTML, like Gecko) Chrome/90.0.4430.212 Safari/537.36"
134.119.244.251 - - [26/Apr/2025:15:30:56 -0400] "POST /xmlrpc.php HTTP/1.1" 200 403 "-" "Mozilla/5.0 (Windows NT 5.1; rv:33.0) Gecko/20100101 Firefox/33.0"
123.125.23.212 - - [26/Apr/2025:15:30:59 -0400] "POST /xmlrpc.php HTTP/1.1" 200 403 "-" "Mozilla/5.0 (Windows NT 6.1; WOW64; rv:43.0) Gecko/20100101 Firefox/43.0"
75.119.147.106 - - [26/Apr/2025:15:30:59 -0400] "POST /xmlrpc.php HTTP/1.1" 200 403 "-" "Mozilla/5.0 (Linux; Android 6.0.1; RedMi Note 5 Build/RB3N5C; wv) AppleWebKit/537.36 (KHTML, like Gecko) Version/4.0 Chrome/68.0.3440.91 Mobile Safari/537.36"
107.150.0.65 - - [26/Apr/2025:15:37:03 -0400] "GET /.env HTTP/1.1" 403 1242 "-" "Mozilla/5.0 (Windows NT 10.0; Win64; x64) AppleWebKit/537.36 (KHTML, like Gecko) Chrome/119.0.0.0 Safari/537.36"
107.150.0.65 - - [26/Apr/2025:15:37:06 -0400] "POST / HTTP/1.1" 508 829 "-" "Mozilla/5.0 (Windows NT 10.0; Win64; x64) AppleWebKit/537.36 (KHTML, like Gecko) Chrome/119.0.0.0 Safari/537.36"
66.29.132.124 - - [26/Apr/2025:15:50:55 -0400] "POST /wp-cron.php?doing_wp_cron=1745697054.9546298980712890625000 HTTP/1.1" 200 0 "-" "WordPress/6.8; https://skillstudio27.com"
68.65.120.227 - - [26/Apr/2025:15:50:49 -0400] "POST /wp-login.php HTTP/1.1" 200 2024 "https://skillstudio27.com" "Mozilla/5.0 (Windows NT 11.0; Win64; x64) AppleWebKit/537.36 (KHTML, like Gecko) Chrome/126.0.0.0 Safari/537.36 Edg/126.0.0.0"
66.29.132.124 - - [26/Apr/2025:15:50:55 -0400] "POST /wp-admin/admin-ajax.php?action=async_litespeed&nonce=fpZm3IczgPpYIm5Aaa9U0rQ8raBxHHrP&litespeed_type=imgoptm HTTP/1.1" 200 21 "-" "WordPress/6.8; https://skillstudio27.com"
68.65.120.171 - - [26/Apr/2025:15:58:08 -0400] "POST /wp-login.php HTTP/1.1" 200 0 "https://skillstudio27.com" "Mozilla/5.0 (Macintosh; Intel Mac OS X 14.5) AppleWebKit/618.3.5 (KHTML, like Gecko) Version/17.4 Safari/618.3.5"
66.29.132.124 - - [26/Apr/2025:15:58:18 -0400] "POST /wp-cron.php?doing_wp_cron=1745697498.1265039443969726562500 HTTP/1.1" 200 0 "-" "WordPress/6.8; https://skillstudio27.com"
66.29.132.124 - - [26/Apr/2025:15:58:20 -0400] "POST /wp-admin/admin-ajax.php?action=async_litespeed&nonce=6lIEiGINWLn8fbfQC5uI8nOWCQJlTgOr&litespeed_type=imgoptm HTTP/1.1" 200 0 "-" "WordPress/6.8; https://skillstudio27.com"
34.1.31.134 - - [26/Apr/2025:16:08:49 -0400] "GET / HTTP/1.1" 200 25907 "-" "Mozilla/5.0 (Windows NT 10.0; Win64; x64) AppleWebKit/537.36 (KHTML, like Gecko; compatible; BW/1.3; rb.gy/qyzae5) Chrome/124.0.0.0 Safari/537.36"
34.1.31.134 - - [26/Apr/2025:16:08:52 -0400] "GET /robots.txt HTTP/1.1" 200 102 "-" "Mozilla/5.0 (Windows NT 10.0; Win64; x64) AppleWebKit/537.36 (KHTML, like Gecko; compatible; BW/1.3; rb.gy/qyzae5) Chrome/124.0.0.0 Safari/537.36"
34.1.31.134 - - [26/Apr/2025:16:08:56 -0400] "GET /privacy-policy/ HTTP/1.1" 200 18550 "-" "Mozilla/5.0 (Windows NT 10.0; Win64; x64) AppleWebKit/537.36 (KHTML, like Gecko; compatible; BW/1.3; rb.gy/qyzae5) Chrome/124.0.0.0 Safari/537.36"
66.29.132.124 - - [26/Apr/2025:16:09:02 -0400] "POST /wp-cron.php?doing_wp_cron=1745698142.8705639839172363281250 HTTP/1.1" 200 0 "-" "WordPress/6.8; https://skillstudio27.com"
66.29.132.124 - - [26/Apr/2025:16:09:03 -0400] "POST /wp-admin/admin-ajax.php?action=async_litespeed&nonce=ghxtrm7hKoiyDlHsgYIj54vd5ERDx8FU&litespeed_type=imgoptm HTTP/1.1" 200 21 "-" "WordPress/6.8; https://skillstudio27.com"
34.1.31.134 - - [26/Apr/2025:16:08:57 -0400] "GET /our-work/ HTTP/1.1" 200 31767 "-" "Mozilla/5.0 (Windows NT 10.0; Win64; x64) AppleWebKit/537.36 (KHTML, like Gecko; compatible; BW/1.3; rb.gy/qyzae5) Chrome/124.0.0.0 Safari/537.36"
34.1.31.134 - - [26/Apr/2025:16:09:06 -0400] "GET /ads.txt HTTP/1.1" 404 9339 "-" "Mozilla/5.0 (Windows NT 10.0; Win64; x64) AppleWebKit/537.36 (KHTML, like Gecko; compatible; BW/1.3; rb.gy/qyzae5) Chrome/124.0.0.0 Safari/537.36"
34.1.31.134 - - [26/Apr/2025:16:09:06 -0400] "GET /privacy-policy/ HTTP/1.1" 200 18550 "-" "Mozilla/5.0 (Windows NT 10.0; Win64; x64) AppleWebKit/537.36 (KHTML, like Gecko; compatible; BW/1.3; rb.gy/qyzae5) Chrome/124.0.0.0 Safari/537.36"
51.161.84.56 - - [26/Apr/2025:16:09:27 -0400] "GET /contact-us/ HTTP/1.1" 200 94474 "-" "Mozilla/5.0 (Windows NT 10.0; Win64; x64) AppleWebKit/537.36 (KHTML, like Gecko; compatible; BW/1.2; rb.gy/oupwis) Chrome/124.0.0.0 Safari/537.36"
66.29.132.124 - - [26/Apr/2025:16:29:52 -0400] "POST /wp-cron.php?doing_wp_cron=1745699392.4737570285797119140625 HTTP/1.1" 200 0 "-" "WordPress/6.8; https://skillstudio27.com"
107.151.214.140 - - [26/Apr/2025:16:29:44 -0400] "GET /wp-content/plugins/shell/about.php HTTP/1.1" 404 10381 "www.google.com" "Mozlila/5.0 (Linux; Android 7.0; SM-G892A Bulid/NRD90M; wv) AppleWebKit/537.36 (KHTML, like Gecko) Version/4.0 Chrome/60.0.3112.107 Moblie Safari/537.36"
107.151.214.140 - - [26/Apr/2025:16:29:53 -0400] "GET /wp-content/plugins/pwnd/pwnd.php HTTP/1.1" 404 10381 "www.google.com" "Mozlila/5.0 (Linux; Android 7.0; SM-G892A Bulid/NRD90M; wv) AppleWebKit/537.36 (KHTML, like Gecko) Version/4.0 Chrome/60.0.3112.107 Moblie Safari/537.36"
66.29.132.124 - - [26/Apr/2025:16:29:53 -0400] "POST /wp-admin/admin-ajax.php?action=async_litespeed&nonce=M2Xf3Wt2AKut4pfp5T7LH2O81f8JG3J6&litespeed_type=imgoptm HTTP/1.1" 200 21 "-" "WordPress/6.8; https://skillstudio27.com"
66.29.132.124 - - [26/Apr/2025:16:29:59 -0400] "POST /wp-cron.php?doing_wp_cron=1745699399.8385920524597167968750 HTTP/1.1" 200 0 "-" "WordPress/6.8; https://skillstudio27.com"
110.166.71.39 - - [26/Apr/2025:16:29:59 -0400] "GET / HTTP/1.1" 301 0 "http://www.skillstudio27.com" "Mozilla/5.0 (iPhone; CPU iPhone OS 13_2_3 like Mac OS X) AppleWebKit/605.1.15 (KHTML, like Gecko) Version/13.0.3 Mobile/15E148 Safari/604.1"
110.166.71.39 - - [26/Apr/2025:16:30:00 -0400] "GET / HTTP/1.1" 200 30386 "https://www.skillstudio27.com/" "Mozilla/5.0 (iPhone; CPU iPhone OS 13_2_3 like Mac OS X) AppleWebKit/605.1.15 (KHTML, like Gecko) Version/13.0.3 Mobile/15E148 Safari/604.1"
107.151.214.140 - - [26/Apr/2025:16:30:01 -0400] "GET /wp-content/plugins/fix/up.php HTTP/1.1" 404 10381 "www.google.com" "Mozlila/5.0 (Linux; Android 7.0; SM-G892A Bulid/NRD90M; wv) AppleWebKit/537.36 (KHTML, like Gecko) Version/4.0 Chrome/60.0.3112.107 Moblie Safari/537.36"
66.29.132.124 - - [26/Apr/2025:16:30:05 -0400] "POST /wp-cron.php?doing_wp_cron=1745699405.6614949703216552734375 HTTP/1.1" 200 0 "-" "WordPress/6.8; https://skillstudio27.com"
107.151.214.140 - - [26/Apr/2025:16:30:04 -0400] "GET /wp-content/plugins/ph-file-manager/wp-file.php HTTP/1.1" 404 10381 "www.google.com" "Mozlila/5.0 (Linux; Android 7.0; SM-G892A Bulid/NRD90M; wv) AppleWebKit/537.36 (KHTML, like Gecko) Version/4.0 Chrome/60.0.3112.107 Moblie Safari/537.36"
66.29.132.124 - - [26/Apr/2025:16:30:08 -0400] "POST /wp-admin/admin-ajax.php?action=async_litespeed&nonce=hk1AH0HzIAVakiUYcYw1UOlCHUtnDwmQ&litespeed_type=imgoptm HTTP/1.1" 200 0 "-" "WordPress/6.8; https://skillstudio27.com"
107.151.214.140 - - [26/Apr/2025:16:30:14 -0400] "GET /wp-content/plugins/root-file-manager/wp-file.php HTTP/1.1" 404 10381 "www.google.com" "Mozlila/5.0 (Linux; Android 7.0; SM-G892A Bulid/NRD90M; wv) AppleWebKit/537.36 (KHTML, like Gecko) Version/4.0 Chrome/60.0.3112.107 Moblie Safari/537.36"
107.151.214.140 - - [26/Apr/2025:16:30:49 -0400] "GET /wp-content/plugins/wp-help/mini.php HTTP/1.1" 404 10380 "www.google.com" "Mozlila/5.0 (Linux; Android 7.0; SM-G892A Bulid/NRD90M; wv) AppleWebKit/537.36 (KHTML, like Gecko) Version/4.0 Chrome/60.0.3112.107 Moblie Safari/537.36"
107.151.214.140 - - [26/Apr/2025:16:31:02 -0400] "GET /wp-content/themes/travel/issue.php HTTP/1.1" 404 10381 "www.google.com" "Mozlila/5.0 (Linux; Android 7.0; SM-G892A Bulid/NRD90M; wv) AppleWebKit/537.36 (KHTML, like Gecko) Version/4.0 Chrome/60.0.3112.107 Moblie Safari/537.36"
66.29.132.124 - - [26/Apr/2025:16:31:04 -0400] "POST /wp-cron.php?doing_wp_cron=1745699464.7486040592193603515625 HTTP/1.1" 200 0 "-" "WordPress/6.8; https://skillstudio27.com"
107.151.214.140 - - [26/Apr/2025:16:31:04 -0400] "GET /wp-content/themes/jaida/lang.php HTTP/1.1" 404 10380 "www.google.com" "Mozlila/5.0 (Linux; Android 7.0; SM-G892A Bulid/NRD90M; wv) AppleWebKit/537.36 (KHTML, like Gecko) Version/4.0 Chrome/60.0.3112.107 Moblie Safari/537.36"
66.29.132.124 - - [26/Apr/2025:16:31:05 -0400] "POST /wp-admin/admin-ajax.php?action=async_litespeed&nonce=azWbptD5rjIRJDuzhXc7Yglo1yH02tXv&litespeed_type=imgoptm HTTP/1.1" 200 21 "-" "WordPress/6.8; https://skillstudio27.com"
124.156.157.91 - - [26/Apr/2025:17:13:40 -0400] "GET / HTTP/1.1" 200 30386 "http://skillstudio27.com" "Mozilla/5.0 (iPhone; CPU iPhone OS 13_2_3 like Mac OS X) AppleWebKit/605.1.15 (KHTML, like Gecko) Version/13.0.3 Mobile/15E148 Safari/604.1"
167.94.138.63 - - [26/Apr/2025:17:45:59 -0400] "GET /favicon.ico HTTP/1.1" 404 1251 "http://www.skillstudio27.com/favicon.ico" "Mozilla/5.0 (compatible; CensysInspect/1.1; +https://about.censys.io/)"
69.171.231.114 - - [26/Apr/2025:18:13:27 -0400] "GET /robots.txt HTTP/1.1" 200 118 "-" "facebookexternalhit/1.1 (+http://www.facebook.com/externalhit_uatext.php)"
167.94.145.97 - - [26/Apr/2025:18:17:17 -0400] "GET / HTTP/1.1" 200 813 "-" "Mozilla/5.0 (compatible; CensysInspect/1.1; +https://about.censys.io/)"
167.94.145.97 - - [26/Apr/2025:18:17:19 -0400] "GET /favicon.ico HTTP/1.1" 404 1251 "-" "Mozilla/5.0 (compatible; CensysInspect/1.1; +https://about.censys.io/)"
167.94.145.97 - - [26/Apr/2025:18:17:37 -0400] "GET /favicon.ico HTTP/1.1" 404 1251 "-" "Mozilla/5.0 (compatible; CensysInspect/1.1; +https://about.censys.io/)"
69.171.249.9 - - [26/Apr/2025:18:23:44 -0400] "GET /robots.txt HTTP/1.1" 301 0 "-" "facebookexternalhit/1.1 (+http://www.facebook.com/externalhit_uatext.php)"
69.171.249.9 - - [26/Apr/2025:18:23:45 -0400] "GET /robots.txt HTTP/1.1" 200 118 "-" "facebookexternalhit/1.1 (+http://www.facebook.com/externalhit_uatext.php)"
66.29.132.124 - - [26/Apr/2025:18:24:33 -0400] "POST /wp-cron.php?doing_wp_cron=1745706273.7246670722961425781250 HTTP/1.1" 200 0 "-" "WordPress/6.8; https://skillstudio27.com"
66.29.132.124 - - [26/Apr/2025:18:24:33 -0400] "POST /wp-cron.php?doing_wp_cron=1745706273.7306520938873291015625 HTTP/1.1" 200 0 "-" "WordPress/6.8; https://skillstudio27.com"
185.133.88.170 - - [26/Apr/2025:18:24:30 -0400] "POST /xmlrpc.php HTTP/1.1" 200 403 "-" "Mozilla/5.0 (Windows NT 10.0; WOW64; rv:52.0) Gecko/20100101 Firefox/52.0"
78.47.47.46 - - [26/Apr/2025:18:24:28 -0400] "POST /xmlrpc.php HTTP/1.1" 200 403 "-" "Mozilla/5.0 (Windows NT 6.1; Win64; x64; rv:61.0) Gecko/20100101 Firefox/61.0"
66.29.132.124 - - [26/Apr/2025:18:24:34 -0400] "POST /wp-admin/admin-ajax.php?action=async_litespeed&nonce=4DwgvNdsUkfzFBstxtq6tsPSvF5oTwHh&litespeed_type=imgoptm HTTP/1.1" 200 21 "-" "WordPress/6.8; https://skillstudio27.com"
20.219.58.51 - - [26/Apr/2025:18:24:35 -0400] "POST /xmlrpc.php HTTP/1.1" 200 403 "-" "Mozilla/5.0 (Linux; Android 10; SM-G960U) AppleWebKit/537.36 (KHTML, like Gecko) Chrome/91.0.4472.114 Mobile Safari/537.36"
15.235.167.214 - - [26/Apr/2025:18:24:37 -0400] "POST /xmlrpc.php HTTP/1.1" 200 403 "-" "Mozilla/5.0 (Windows NT 5.1; rv:40.0) Gecko/20100101 Firefox/40.0"
103.159.64.50 - - [26/Apr/2025:18:24:39 -0400] "POST /xmlrpc.php HTTP/1.1" 200 403 "-" "Mozilla/5.0 (Windows NT 5.1; rv:30.0) Gecko/20100101 Firefox/30.0"
208.98.35.65 - - [26/Apr/2025:18:24:40 -0400] "POST /xmlrpc.php HTTP/1.1" 200 403 "-" "Mozilla/5.0 (Windows NT 6.1; WOW64; rv:38.0) Gecko/20100101 Firefox/38.0"
51.178.146.199 - - [26/Apr/2025:18:24:42 -0400] "POST /xmlrpc.php HTTP/1.1" 200 403 "-" "Mozilla/5.0 (Windows NT 6.0; rv:34.0) Gecko/20100101 Firefox/34.0"
118.27.125.7 - - [26/Apr/2025:18:24:44 -0400] "POST /xmlrpc.php HTTP/1.1" 200 403 "-" "Mozilla/5.0 (Windows NT 5.1; rv:40.0) Gecko/20100101 Firefox/40.0"
20.219.58.51 - - [26/Apr/2025:18:24:47 -0400] "POST /xmlrpc.php HTTP/1.1" 200 403 "-" "Mozilla/5.0 (Windows NT 10.0; WOW64) AppleWebKit/537.36 (KHTML, like Gecko) Chrome/72.0.3626.121 Safari/537.36"
147.182.205.136 - - [26/Apr/2025:18:24:48 -0400] "POST /xmlrpc.php HTTP/1.1" 200 403 "-" "Mozilla/5.0 (Windows NT 10.0; Win64; x64) AppleWebKit/537.36 (KHTML, like Gecko) Chrome/85.0.4183.121 Safari/537.36"
158.180.238.53 - - [26/Apr/2025:18:24:50 -0400] "POST /xmlrpc.php HTTP/1.1" 200 403 "-" "Mozilla/5.0 (Windows NT 6.1; WOW64; rv:52.0) Gecko/20100101 Firefox/52.0"
103.158.108.3 - - [26/Apr/2025:18:24:53 -0400] "POST /xmlrpc.php HTTP/1.1" 200 403 "-" "Mozilla/5.0 (Windows NT 6.1; WOW64; rv:45.0) Gecko/20100101 Firefox/45.0"
4.227.36.66 - - [26/Apr/2025:18:35:31 -0400] "GET /robots.txt HTTP/1.1" 301 0 "http://www.skillstudio27.com/robots.txt" "Mozilla/5.0 AppleWebKit/537.36 (KHTML, like Gecko; compatible; GPTBot/1.2; +https://openai.com/gptbot)"
4.227.36.66 - - [26/Apr/2025:18:35:31 -0400] "GET /robots.txt HTTP/1.1" 200 102 "https://www.skillstudio27.com/robots.txt" "Mozilla/5.0 AppleWebKit/537.36 (KHTML, like Gecko; compatible; GPTBot/1.2; +https://openai.com/gptbot)"
4.227.36.66 - - [26/Apr/2025:18:35:31 -0400] "GET /robots.txt HTTP/1.1" 301 0 "-" "Mozilla/5.0 AppleWebKit/537.36 (KHTML, like Gecko; compatible; GPTBot/1.2; +https://openai.com/gptbot)"
4.227.36.66 - - [26/Apr/2025:18:35:31 -0400] "GET /robots.txt HTTP/1.1" 200 102 "https://www.skillstudio27.com/robots.txt" "Mozilla/5.0 AppleWebKit/537.36 (KHTML, like Gecko; compatible; GPTBot/1.2; +https://openai.com/gptbot)"
20.171.207.208 - - [26/Apr/2025:18:35:35 -0400] "GET /favicon.ico HTTP/1.1" 404 1251 "-" "Mozilla/5.0 AppleWebKit/537.36 (KHTML, like Gecko; compatible; GPTBot/1.2; +https://openai.com/gptbot)"
57.141.4.18 - - [26/Apr/2025:18:37:38 -0400] "GET /services/ HTTP/1.1" 200 87802 "-" "meta-externalagent/1.1 (+https://developers.facebook.com/docs/sharing/webmasters/crawler)"
66.29.132.124 - - [26/Apr/2025:19:26:47 -0400] "POST /wp-cron.php?doing_wp_cron=1745710007.4488339424133300781250 HTTP/1.1" 200 0 "-" "WordPress/6.8; https://skillstudio27.com"
49.51.72.76 - - [26/Apr/2025:19:26:43 -0400] "GET / HTTP/1.1" 301 0 "http://www.skillstudio27.com" "Mozilla/5.0 (iPhone; CPU iPhone OS 13_2_3 like Mac OS X) AppleWebKit/605.1.15 (KHTML, like Gecko) Version/13.0.3 Mobile/15E148 Safari/604.1"
66.29.132.124 - - [26/Apr/2025:19:26:47 -0400] "POST /wp-admin/admin-ajax.php?action=async_litespeed&nonce=LOcbDdeBiCwBmsGFpUGpMJwp4rmGfe8c&litespeed_type=imgoptm HTTP/1.1" 200 21 "-" "WordPress/6.8; https://skillstudio27.com"
49.51.72.76 - - [26/Apr/2025:19:26:49 -0400] "GET / HTTP/1.1" 200 30386 "https://www.skillstudio27.com/" "Mozilla/5.0 (iPhone; CPU iPhone OS 13_2_3 like Mac OS X) AppleWebKit/605.1.15 (KHTML, like Gecko) Version/13.0.3 Mobile/15E148 Safari/604.1"
121.4.97.180 - - [26/Apr/2025:19:43:19 -0400] "GET / HTTP/1.1" 200 30386 "http://skillstudio27.com" "Mozilla/5.0 (iPhone; CPU iPhone OS 13_2_3 like Mac OS X) AppleWebKit/605.1.15 (KHTML, like Gecko) Version/13.0.3 Mobile/15E148 Safari/604.1"
107.151.208.6 - - [26/Apr/2025:19:48:24 -0400] "GET //?rest_route=/wp/v2/users HTTP/1.1" 200 813 "www.google.com" "Mozlila/5.0 (Linux; Android 7.0; SM-G892A Bulid/NRD90M; wv) AppleWebKit/537.36 (KHTML, like Gecko) Version/4.0 Chrome/60.0.3112.107 Moblie Safari/537.36"
66.249.64.38 - - [26/Apr/2025:20:23:07 -0400] "GET /robots.txt HTTP/1.1" 301 0 "-" "Mozilla/5.0 (compatible; Googlebot/2.1; +http://www.google.com/bot.html)"
66.249.65.101 - - [26/Apr/2025:20:23:08 -0400] "GET /robots.txt HTTP/1.1" 200 102 "-" "Mozilla/5.0 (compatible; Googlebot/2.1; +http://www.google.com/bot.html)"
66.29.132.124 - - [26/Apr/2025:21:27:33 -0400] "POST /wp-cron.php?doing_wp_cron=1745717253.8711569309234619140625 HTTP/1.1" 200 0 "-" "WordPress/6.8; https://skillstudio27.com"
66.29.132.124 - - [26/Apr/2025:21:27:33 -0400] "POST /wp-cron.php?doing_wp_cron=1745717253.8688590526580810546875 HTTP/1.1" 200 0 "-" "WordPress/6.8; https://skillstudio27.com"
176.31.159.138 - - [26/Apr/2025:21:27:26 -0400] "POST /xmlrpc.php HTTP/1.1" 200 403 "-" "Mozilla/5.0 (Windows NT 6.1; Win64; x64) AppleWebKit/537.36 (KHTML, like Gecko) Chrome/63.0.3239.132 Safari/537.36"
158.180.238.53 - - [26/Apr/2025:21:27:24 -0400] "POST /xmlrpc.php HTTP/1.1" 200 403 "-" "Mozilla/5.0 (Windows NT 10.0; Win64; x64) AppleWebKit/537.36 (KHTML, like Gecko) Chrome/90.0.4430.93 Safari/537.36"
158.180.238.53 - - [26/Apr/2025:21:27:24 -0400] "POST /xmlrpc.php HTTP/1.1" 200 403 "-" "Mozilla/5.0 (iPod; CPU iPhone OS 14_6 like Mac OS X) AppleWebKit/605.1.15 (KHTML, like Gecko) CriOS/91.0.4472.80 Mobile/15E148 Safari/604.1"
66.29.132.124 - - [26/Apr/2025:21:27:34 -0400] "POST /wp-admin/admin-ajax.php?action=async_litespeed&nonce=KoZPha2e4M5Dbrdrx8qnT1WMTm4FLrYQ&litespeed_type=imgoptm HTTP/1.1" 200 0 "-" "WordPress/6.8; https://skillstudio27.com"
66.29.132.124 - - [26/Apr/2025:21:27:37 -0400] "POST /wp-cron.php?doing_wp_cron=1745717256.9842200279235839843750 HTTP/1.1" 200 0 "-" "WordPress/6.8; https://skillstudio27.com"
51.161.11.127 - - [26/Apr/2025:21:27:36 -0400] "POST /xmlrpc.php HTTP/1.1" 200 403 "-" "Mozilla/5.0 (Windows NT 10.0; WOW64) AppleWebKit/537.36 (KHTML, like Gecko) Chrome/91.0.4472.114 Safari/537.36"
144.76.19.26 - - [26/Apr/2025:21:27:39 -0400] "POST /xmlrpc.php HTTP/1.1" 200 403 "-" "Mozilla/5.0 (Windows NT 10.0; Win64; x64) AppleWebKit/537.36 (KHTML, like Gecko) Chrome/64.0.3282.186 Safari/537.36"
142.93.75.9 - - [26/Apr/2025:21:27:40 -0400] "POST /xmlrpc.php HTTP/1.1" 200 403 "-" "Mozilla/5.0 (Linux; Android 10; SM-N960U) AppleWebKit/537.36 (KHTML, like Gecko) Chrome/91.0.4472.114 Mobile Safari/537.36"
205.196.217.56 - - [26/Apr/2025:21:27:54 -0400] "POST /xmlrpc.php HTTP/1.1" 200 403 "-" "Mozilla/5.0 (Windows NT 6.1; Win64; x64) AppleWebKit/537.36 (KHTML, like Gecko) Chrome/79.0.3945.88 Safari/537.36"
147.182.205.136 - - [26/Apr/2025:21:27:59 -0400] "POST /xmlrpc.php HTTP/1.1" 200 403 "-" "Mozilla/5.0 (Windows NT 5.1; rv:33.0) Gecko/20100101 Firefox/33.0"
66.29.132.124 - - [26/Apr/2025:21:28:04 -0400] "POST /wp-cron.php?doing_wp_cron=1745717284.4071719646453857421875 HTTP/1.1" 200 0 "-" "WordPress/6.8; https://skillstudio27.com"
139.59.108.118 - - [26/Apr/2025:21:28:03 -0400] "POST /xmlrpc.php HTTP/1.1" 200 403 "-" "Mozilla/5.0 (Windows NT 6.1; Win64; x64) AppleWebKit/537.36 (KHTML, like Gecko) Chrome/69.0.3497.100 Safari/537.36"
66.29.132.124 - - [26/Apr/2025:21:28:05 -0400] "POST /wp-admin/admin-ajax.php?action=async_litespeed&nonce=YBLwfIwmqBm9HgKdvkMbRa95MOC1E34V&litespeed_type=imgoptm HTTP/1.1" 200 21 "-" "WordPress/6.8; https://skillstudio27.com"
134.119.244.251 - - [26/Apr/2025:21:28:09 -0400] "POST /xmlrpc.php HTTP/1.1" 200 403 "-" "Mozilla/5.0 (Windows NT 10.0; Win64; x64; rv:58.0) Gecko/20100101 Firefox/58.0"
24.199.86.145 - - [26/Apr/2025:22:22:36 -0400] "GET / HTTP/1.1" 200 30386 "-" "Mozilla/5.0 (compatible)"
24.199.86.145 - - [26/Apr/2025:22:22:38 -0400] "GET /wp-content/uploads/2025/01/cropped-skill-logo-e1735972693321-32x32.png HTTP/1.1" 200 2926 "https://skillstudio27.com/" "Mozilla/5.0 (compatible)"
4.227.36.50 - - [26/Apr/2025:22:39:31 -0400] "GET /robots.txt HTTP/1.1" 200 102 "-" "Mozilla/5.0 AppleWebKit/537.36 (KHTML, like Gecko; compatible; GPTBot/1.2; +https://openai.com/gptbot)"
20.171.207.146 - - [26/Apr/2025:22:39:44 -0400] "GET / HTTP/1.1" 200 25907 "-" "Mozilla/5.0 AppleWebKit/537.36 (KHTML, like Gecko; compatible; GPTBot/1.2; +https://openai.com/gptbot)"
66.29.132.124 - - [26/Apr/2025:22:39:56 -0400] "POST /wp-cron.php?doing_wp_cron=1745721596.8057260513305664062500 HTTP/1.1" 200 0 "-" "WordPress/6.8; https://skillstudio27.com"
20.171.207.146 - - [26/Apr/2025:22:39:50 -0400] "GET /xmlrpc.php?rsd HTTP/1.1" 200 295 "-" "Mozilla/5.0 AppleWebKit/537.36 (KHTML, like Gecko; compatible; GPTBot/1.2; +https://openai.com/gptbot)"
66.29.132.124 - - [26/Apr/2025:22:39:57 -0400] "POST /wp-admin/admin-ajax.php?action=async_litespeed&nonce=M7umZdLB3XOBVWnrcHhNuuu8egEqVrlC&litespeed_type=imgoptm HTTP/1.1" 200 21 "-" "WordPress/6.8; https://skillstudio27.com"
20.171.207.146 - - [26/Apr/2025:22:40:00 -0400] "GET /wp-json/elementskit/v1/ HTTP/1.1" 404 114 "-" "Mozilla/5.0 AppleWebKit/537.36 (KHTML, like Gecko; compatible; GPTBot/1.2; +https://openai.com/gptbot)"
20.171.207.146 - - [26/Apr/2025:22:40:10 -0400] "GET /wp-content/uploads/premium-addons-elementor/pa-frontend-81a1b11d7.min.js?ver=1745670955 HTTP/1.1" 200 2072 "-" "Mozilla/5.0 AppleWebKit/537.36 (KHTML, like Gecko; compatible; GPTBot/1.2; +https://openai.com/gptbot)"
20.171.207.146 - - [26/Apr/2025:22:40:20 -0400] "GET /wp-content/plugins/premium-addons-for-elementor/assets/frontend/min-js/isotope.min.js?ver=4.11.5 HTTP/1.1" 200 21432 "-" "Mozilla/5.0 AppleWebKit/537.36 (KHTML, like Gecko; compatible; GPTBot/1.2; +https://openai.com/gptbot)"
20.171.207.146 - - [26/Apr/2025:22:40:23 -0400] "GET /wp-content/uploads/premium-addons-elementor/pa-frontend-81a1b11d7.min.css?ver=1745670955 HTTP/1.1" 200 2196 "-" "Mozilla/5.0 AppleWebKit/537.36 (KHTML, like Gecko; compatible; GPTBot/1.2; +https://openai.com/gptbot)"
20.171.207.146 - - [26/Apr/2025:22:40:40 -0400] "GET /wp-content/plugins/premium-addons-for-elementor/assets/frontend/min-css/prettyphoto.min.css?ver=4.11.5 HTTP/1.1" 200 2578 "-" "Mozilla/5.0 AppleWebKit/537.36 (KHTML, like Gecko; compatible; GPTBot/1.2; +https://openai.com/gptbot)"
20.171.207.146 - - [26/Apr/2025:22:40:56 -0400] "GET /wp-content/plugins/premium-addons-for-elementor/assets/frontend/min-js/prettyPhoto.min.js?ver=4.11.5 HTTP/1.1" 200 5548 "-" "Mozilla/5.0 AppleWebKit/537.36 (KHTML, like Gecko; compatible; GPTBot/1.2; +https://openai.com/gptbot)"
20.171.207.146 - - [26/Apr/2025:22:40:57 -0400] "GET /wp-content/plugins/elementor/assets/lib/font-awesome/css/all.min.css?ver=4.11.5 HTTP/1.1" 200 12380 "-" "Mozilla/5.0 AppleWebKit/537.36 (KHTML, like Gecko; compatible; GPTBot/1.2; +https://openai.com/gptbot)"
20.171.207.146 - - [26/Apr/2025:22:41:24 -0400] "GET /wp-content/plugins/elementor/assets/lib/font-awesome/webfonts/fa-regular-400.eot HTTP/1.1" 200 34034 "-" "Mozilla/5.0 AppleWebKit/537.36 (KHTML, like Gecko; compatible; GPTBot/1.2; +https://openai.com/gptbot)"
20.171.207.146 - - [26/Apr/2025:22:42:21 -0400] "GET /wp-content/plugins/elementor/assets/lib/font-awesome/webfonts/fa-solid-900.woff HTTP/1.1" 200 101652 "-" "Mozilla/5.0 AppleWebKit/537.36 (KHTML, like Gecko; compatible; GPTBot/1.2; +https://openai.com/gptbot)"
20.171.207.146 - - [26/Apr/2025:22:42:23 -0400] "GET /wp-content/plugins/elementor/assets/lib/font-awesome/webfonts/fa-brands-400.svg HTTP/1.1" 200 251755 "-" "Mozilla/5.0 AppleWebKit/537.36 (KHTML, like Gecko; compatible; GPTBot/1.2; +https://openai.com/gptbot)"
20.171.207.146 - - [26/Apr/2025:22:42:25 -0400] "GET /wp-content/plugins/elementor/assets/lib/font-awesome/webfonts/fa-brands-400.woff HTTP/1.1" 200 97804 "-" "Mozilla/5.0 AppleWebKit/537.36 (KHTML, like Gecko; compatible; GPTBot/1.2; +https://openai.com/gptbot)"
20.171.207.146 - - [26/Apr/2025:22:42:27 -0400] "GET /wp-content/plugins/elementor/assets/lib/font-awesome/webfonts/fa-brands-400.ttf HTTP/1.1" 200 151368 "-" "Mozilla/5.0 AppleWebKit/537.36 (KHTML, like Gecko; compatible; GPTBot/1.2; +https://openai.com/gptbot)"
20.171.207.146 - - [26/Apr/2025:22:42:30 -0400] "GET /wp-content/plugins/elementor/assets/lib/font-awesome/webfonts/fa-regular-400.svg HTTP/1.1" 200 35332 "-" "Mozilla/5.0 AppleWebKit/537.36 (KHTML, like Gecko; compatible; GPTBot/1.2; +https://openai.com/gptbot)"
20.171.207.146 - - [26/Apr/2025:22:42:32 -0400] "GET /wp-content/plugins/elementor/assets/lib/font-awesome/webfonts/fa-regular-400.woff HTTP/1.1" 200 16276 "-" "Mozilla/5.0 AppleWebKit/537.36 (KHTML, like Gecko; compatible; GPTBot/1.2; +https://openai.com/gptbot)"
20.171.207.146 - - [26/Apr/2025:22:42:34 -0400] "GET /wp-content/plugins/elementor/assets/lib/font-awesome/webfonts/fa-solid-900.eot HTTP/1.1" 200 203030 "-" "Mozilla/5.0 AppleWebKit/537.36 (KHTML, like Gecko; compatible; GPTBot/1.2; +https://openai.com/gptbot)"
20.171.207.146 - - [26/Apr/2025:22:42:35 -0400] "GET /wp-content/plugins/elementor/assets/lib/font-awesome/webfonts/fa-brands-400.eot HTTP/1.1" 200 151556 "-" "Mozilla/5.0 AppleWebKit/537.36 (KHTML, like Gecko; compatible; GPTBot/1.2; +https://openai.com/gptbot)"
20.171.207.146 - - [26/Apr/2025:22:42:37 -0400] "GET /wp-content/plugins/elementor/assets/lib/font-awesome/webfonts/fa-regular-400.ttf HTTP/1.1" 200 33736 "-" "Mozilla/5.0 AppleWebKit/537.36 (KHTML, like Gecko; compatible; GPTBot/1.2; +https://openai.com/gptbot)"
20.171.207.146 - - [26/Apr/2025:22:42:38 -0400] "GET /wp-content/plugins/elementor/assets/lib/font-awesome/webfonts/fa-solid-900.ttf HTTP/1.1" 200 202744 "-" "Mozilla/5.0 AppleWebKit/537.36 (KHTML, like Gecko; compatible; GPTBot/1.2; +https://openai.com/gptbot)"
20.171.207.146 - - [26/Apr/2025:22:42:40 -0400] "GET /wp-content/plugins/elementor/assets/lib/font-awesome/webfonts/fa-solid-900.svg HTTP/1.1" 200 246159 "-" "Mozilla/5.0 AppleWebKit/537.36 (KHTML, like Gecko; compatible; GPTBot/1.2; +https://openai.com/gptbot)"
20.171.207.146 - - [26/Apr/2025:22:42:41 -0400] "GET /wp-content/plugins/elementor/assets/lib/font-awesome/webfonts/fa-brands-400.svg HTTP/1.1" 200 251755 "-" "Mozilla/5.0 AppleWebKit/537.36 (KHTML, like Gecko; compatible; GPTBot/1.2; +https://openai.com/gptbot)"
20.171.207.146 - - [26/Apr/2025:22:42:42 -0400] "GET /wp-content/plugins/elementor/assets/lib/font-awesome/webfonts/fa-regular-400.woff2 HTTP/1.1" 200 13276 "-" "Mozilla/5.0 AppleWebKit/537.36 (KHTML, like Gecko; compatible; GPTBot/1.2; +https://openai.com/gptbot)"
20.171.207.146 - - [26/Apr/2025:22:42:43 -0400] "GET /wp-content/plugins/elementor/assets/lib/font-awesome/webfonts/fa-solid-900.woff2 HTTP/1.1" 200 78196 "-" "Mozilla/5.0 AppleWebKit/537.36 (KHTML, like Gecko; compatible; GPTBot/1.2; +https://openai.com/gptbot)"
20.171.207.146 - - [26/Apr/2025:22:42:44 -0400] "GET /wp-content/plugins/elementor/assets/lib/font-awesome/webfonts/fa-brands-400.woff2 HTTP/1.1" 200 81612 "-" "Mozilla/5.0 AppleWebKit/537.36 (KHTML, like Gecko; compatible; GPTBot/1.2; +https://openai.com/gptbot)"