OwlCyberSecurity - MANAGER
Edit File: skillstudio27.com.arsn.media-ssl_log
66.29.132.124 - - [25/Apr/2025:21:41:25 -0400] "POST /wp-cron.php?doing_wp_cron=1745631685.0146389007568359375000 HTTP/1.1" 200 0 "-" "WordPress/6.8; https://skillstudio27.com"
162.0.209.248 - - [25/Apr/2025:21:41:20 -0400] "POST /xmlrpc.php HTTP/1.1" 200 186 "https://skillstudio27.com" "Mozilla/5.0 (Windows NT 11.0; Win64; x64) AppleWebKit/537.36 (KHTML, like Gecko) Chrome/126.0.0.0 Safari/537.36 Edg/126.0.0.0"
66.29.132.124 - - [25/Apr/2025:21:41:25 -0400] "POST /wp-admin/admin-ajax.php?action=async_litespeed&nonce=Te5nVgIfshdVqsR7caApZ1DVpqhNvYpQ&litespeed_type=imgoptm HTTP/1.1" 200 21 "-" "WordPress/6.8; https://skillstudio27.com"
66.29.132.124 - - [25/Apr/2025:21:47:24 -0400] "POST /wp-cron.php?doing_wp_cron=1745632044.6229379177093505859375 HTTP/1.1" 200 0 "-" "WordPress/6.8; https://skillstudio27.com"
66.29.153.28 - - [25/Apr/2025:21:47:17 -0400] "POST /xmlrpc.php HTTP/1.1" 200 186 "https://skillstudio27.com" "Mozilla/5.0 (Windows NT 10.0; Win64; x64) AppleWebKit/537.36 (KHTML, like Gecko) Chrome/115.0.5790.102 Safari/537.36"
66.29.132.124 - - [25/Apr/2025:21:47:25 -0400] "POST /wp-admin/admin-ajax.php?action=async_litespeed&nonce=PxHsbee6OsCLmJbDAQlI3wnJ1yj2MbYc&litespeed_type=imgoptm HTTP/1.1" 200 21 "-" "WordPress/6.8; https://skillstudio27.com"
66.29.137.63 - - [25/Apr/2025:21:59:04 -0400] "POST /xmlrpc.php HTTP/1.1" 200 0 "https://skillstudio27.com" "Mozilla/5.0 (Windows NT 10.0; Win64; x64) AppleWebKit/537.36 (KHTML, like Gecko) Chrome/115.0.5790.171 Safari/537.36 Edg/115.0.1901.203"
66.29.132.124 - - [25/Apr/2025:21:59:16 -0400] "POST /wp-cron.php?doing_wp_cron=1745632756.7203969955444335937500 HTTP/1.1" 200 0 "-" "WordPress/6.8; https://skillstudio27.com"
66.29.132.124 - - [25/Apr/2025:21:59:17 -0400] "POST /wp-admin/admin-ajax.php?action=async_litespeed&nonce=J0yG3GQT0kGTx1FVRfVc05KyHX6IhFFD&litespeed_type=imgoptm HTTP/1.1" 200 0 "-" "WordPress/6.8; https://skillstudio27.com"
66.29.132.124 - - [25/Apr/2025:22:05:13 -0400] "POST /wp-cron.php?doing_wp_cron=1745633113.6308948993682861328125 HTTP/1.1" 200 0 "-" "WordPress/6.8; https://skillstudio27.com"
66.29.132.7 - - [25/Apr/2025:22:05:05 -0400] "POST /xmlrpc.php HTTP/1.1" 200 186 "https://skillstudio27.com" "Mozilla/5.0 (Macintosh; Intel Mac OS X 10_15_7; rv:128.0) Gecko/20100101 Firefox/128.0"
66.29.132.124 - - [25/Apr/2025:22:05:14 -0400] "POST /wp-admin/admin-ajax.php?action=async_litespeed&nonce=MExU0a9L6bQ5bK5BdPAeGs2biyDxhaf3&litespeed_type=imgoptm HTTP/1.1" 200 0 "-" "WordPress/6.8; https://skillstudio27.com"
173.252.107.113 - - [25/Apr/2025:22:09:39 -0400] "GET /robots.txt HTTP/1.1" 200 118 "-" "facebookexternalhit/1.1 (+http://www.facebook.com/externalhit_uatext.php)"
57.141.4.5 - - [25/Apr/2025:22:09:40 -0400] "GET / HTTP/1.1" 200 151205 "-" "meta-externalagent/1.1 (+https://developers.facebook.com/docs/sharing/webmasters/crawler)"
198.54.114.98 - - [25/Apr/2025:22:17:05 -0400] "POST /xmlrpc.php HTTP/1.1" 200 0 "https://skillstudio27.com" "Mozilla/5.0 (Windows NT 10.0; Win64; x64; rv:127.0) Gecko/20100101 Firefox/127.0"
66.29.132.124 - - [25/Apr/2025:22:17:19 -0400] "POST /wp-cron.php?doing_wp_cron=1745633839.5351610183715820312500 HTTP/1.1" 200 0 "-" "WordPress/6.8; https://skillstudio27.com"
66.29.132.124 - - [25/Apr/2025:22:17:20 -0400] "POST /wp-admin/admin-ajax.php?action=async_litespeed&nonce=tPxMLCuZnWVtnRNlAZWkmVNw9J5J24CG&litespeed_type=imgoptm HTTP/1.1" 200 0 "-" "WordPress/6.8; https://skillstudio27.com"
66.29.132.124 - - [25/Apr/2025:22:18:11 -0400] "POST /wp-cron.php?doing_wp_cron=1745633891.0386669635772705078125 HTTP/1.1" 200 0 "-" "WordPress/6.8; https://skillstudio27.com"
173.252.107.113 - - [25/Apr/2025:22:18:10 -0400] "GET /robots.txt HTTP/1.1" 301 0 "-" "facebookexternalhit/1.1 (+http://www.facebook.com/externalhit_uatext.php)"
66.29.132.124 - - [25/Apr/2025:22:18:12 -0400] "POST /wp-admin/admin-ajax.php?action=async_litespeed&nonce=a72iahb1GLdia4GEn6QHD0jMcmq2NhXk&litespeed_type=imgoptm HTTP/1.1" 200 21 "-" "WordPress/6.8; https://skillstudio27.com"
66.29.132.124 - - [25/Apr/2025:22:21:11 -0400] "POST /wp-cron.php?doing_wp_cron=1745634071.1755690574645996093750 HTTP/1.1" 200 0 "-" "WordPress/6.8; https://skillstudio27.com"
66.29.132.124 - - [25/Apr/2025:22:21:11 -0400] "POST /wp-cron.php?doing_wp_cron=1745634071.1797900199890136718750 HTTP/1.1" 200 0 "-" "WordPress/6.8; https://skillstudio27.com"
51.15.16.222 - - [25/Apr/2025:22:21:07 -0400] "POST /xmlrpc.php HTTP/1.1" 200 403 "-" "Mozilla/5.0 (Windows NT 10.0; Win64; x64) AppleWebKit/537.36 (KHTML, like Gecko) Chrome/61.0.3163.100 Safari/537.36"
104.219.248.8 - - [25/Apr/2025:22:21:06 -0400] "POST /xmlrpc.php HTTP/1.1" 200 403 "-" "Mozilla/5.0 (Windows NT 10.0; Win64; x64) AppleWebKit/537.36 (KHTML, like Gecko) Chrome/88.0.4324.190 Safari/537.36"
162.213.255.14 - - [25/Apr/2025:22:21:06 -0400] "POST /xmlrpc.php HTTP/1.1" 200 403 "-" "Mozilla/5.0 (Windows NT 10.0; Win64; x64) AppleWebKit/537.36 (KHTML, like Gecko) Chrome/80.0.3987.132 Safari/537.36"
66.29.132.124 - - [25/Apr/2025:22:21:11 -0400] "POST /wp-admin/admin-ajax.php?action=async_litespeed&nonce=t2azTPKLlTALGbmjsPa8hLyHYeJJ4D2M&litespeed_type=imgoptm HTTP/1.1" 200 21 "-" "WordPress/6.8; https://skillstudio27.com"
194.233.77.58 - - [25/Apr/2025:22:21:13 -0400] "POST /xmlrpc.php HTTP/1.1" 200 403 "-" "Mozilla/5.0 (Windows NT 6.1; WOW64; rv:40.0) Gecko/20100101 Firefox/40.1"
83.167.244.231 - - [25/Apr/2025:22:21:16 -0400] "POST /xmlrpc.php HTTP/1.1" 200 403 "-" "Mozilla/5.0 (Windows NT 6.1; WOW64; rv:52.0) Gecko/20100101 Firefox/52.0"
194.164.126.55 - - [25/Apr/2025:22:21:21 -0400] "POST /xmlrpc.php HTTP/1.1" 200 403 "-" "Mozilla/5.0 (Windows NT 10.0; Win64; x64) AppleWebKit/537.36 (KHTML, like Gecko) Chrome/85.0.4183.102 Safari/537.36"
51.15.16.222 - - [25/Apr/2025:22:21:24 -0400] "POST /xmlrpc.php HTTP/1.1" 200 403 "-" "Mozilla/5.0 (Windows NT 6.1; WOW64; rv:42.0) Gecko/20100101 Firefox/42.0"
95.183.236.2 - - [25/Apr/2025:22:21:27 -0400] "POST /xmlrpc.php HTTP/1.1" 200 403 "-" "Mozilla/5.0 (Windows NT 6.1; rv:17.0) Gecko/20100101 Firefox/20.6.14"
158.180.238.53 - - [25/Apr/2025:22:21:27 -0400] "POST /xmlrpc.php HTTP/1.1" 200 403 "-" "Mozilla/5.0 (Windows NT 10.0; Win64; x64; rv:57.0) Gecko/20100101 Firefox/57.0"
158.180.238.53 - - [25/Apr/2025:22:21:31 -0400] "POST /xmlrpc.php HTTP/1.1" 200 403 "-" "Mozilla/5.0 (X11; Linux x86_64) AppleWebKit/537.36 (KHTML, like Gecko) Chrome/44.0.2403.157 Safari/537.36"
31.214.178.117 - - [25/Apr/2025:22:21:32 -0400] "POST /xmlrpc.php HTTP/1.1" 200 403 "-" "Mozilla/5.0 (Windows NT 10.0; Win64; x64; rv:84.0) Gecko/20100101 Firefox/84.0"
147.182.205.136 - - [25/Apr/2025:22:21:34 -0400] "POST /xmlrpc.php HTTP/1.1" 200 403 "-" "Mozilla/5.0 (Windows NT 6.3; Win64; x64; rv:73.0) Gecko/20100101 Firefox/73.0"
185.187.75.18 - - [25/Apr/2025:22:21:37 -0400] "POST /xmlrpc.php HTTP/1.1" 200 403 "-" "Mozilla/5.0 (Linux; Android 10; LM-Q720) AppleWebKit/537.36 (KHTML, like Gecko) Chrome/91.0.4472.114 Mobile Safari/537.36"
5.255.91.108 - - [25/Apr/2025:22:21:38 -0400] "POST /xmlrpc.php HTTP/1.1" 200 403 "-" "Mozilla/5.0 (Windows NT 10.0; Win64; x64) AppleWebKit/537.36 (KHTML, like Gecko) Chrome/78.0.3904.108 Safari/537.36"
66.29.132.124 - - [25/Apr/2025:22:23:04 -0400] "POST /wp-cron.php?doing_wp_cron=1745634184.1889340877532958984375 HTTP/1.1" 200 0 "-" "WordPress/6.8; https://skillstudio27.com"
68.65.121.149 - - [25/Apr/2025:22:23:01 -0400] "POST /xmlrpc.php HTTP/1.1" 200 186 "https://skillstudio27.com" "Mozilla/5.0 (Macintosh; Intel Mac OS X 10_15_7; rv:129.0) Gecko/20100101 Firefox/129.0"
66.29.132.124 - - [25/Apr/2025:22:23:05 -0400] "POST /wp-admin/admin-ajax.php?action=async_litespeed&nonce=DeEwCHzcmfXZrIeNsWqkMYm751IG53Qo&litespeed_type=imgoptm HTTP/1.1" 200 0 "-" "WordPress/6.8; https://skillstudio27.com"
198.54.120.17 - - [25/Apr/2025:22:34:53 -0400] "POST /xmlrpc.php HTTP/1.1" 200 0 "https://skillstudio27.com" "Mozilla/5.0 (Macintosh; Intel Mac OS X 10_15_7; rv:129.0) Gecko/20100101 Firefox/129.0"
66.29.132.124 - - [25/Apr/2025:22:35:06 -0400] "POST /wp-cron.php?doing_wp_cron=1745634906.6287500858306884765625 HTTP/1.1" 200 0 "-" "WordPress/6.8; https://skillstudio27.com"
66.29.132.124 - - [25/Apr/2025:22:35:08 -0400] "POST /wp-admin/admin-ajax.php?action=async_litespeed&nonce=UJ55dNMLsk1hdcfft66a8gOydRckZ4MG&litespeed_type=imgoptm HTTP/1.1" 200 0 "-" "WordPress/6.8; https://skillstudio27.com"
66.29.132.124 - - [25/Apr/2025:22:52:53 -0400] "POST /wp-cron.php?doing_wp_cron=1745635973.6963319778442382812500 HTTP/1.1" 200 0 "-" "WordPress/6.8; https://skillstudio27.com"
198.54.120.73 - - [25/Apr/2025:22:52:47 -0400] "POST /xmlrpc.php HTTP/1.1" 200 186 "https://skillstudio27.com" "Mozilla/5.0 (Windows NT 10.0; Win64; x64; rv:126.0) Gecko/20100101 Firefox/126.0"
66.29.132.124 - - [25/Apr/2025:22:52:54 -0400] "POST /wp-admin/admin-ajax.php?action=async_litespeed&nonce=GtXPIvQ6GY559b6GbZaPhQ2BsrxHlV16&litespeed_type=imgoptm HTTP/1.1" 200 21 "-" "WordPress/6.8; https://skillstudio27.com"
66.29.132.124 - - [25/Apr/2025:23:10:49 -0400] "POST /wp-cron.php?doing_wp_cron=1745637049.9291119575500488281250 HTTP/1.1" 200 0 "-" "WordPress/6.8; https://skillstudio27.com"
198.54.114.98 - - [25/Apr/2025:23:10:41 -0400] "POST /xmlrpc.php HTTP/1.1" 200 212 "https://skillstudio27.com" "Mozilla/5.0 (Macintosh; Intel Mac OS X 14.3) AppleWebKit/614.31.14 (KHTML, like Gecko) Version/17.0.96 Safari/614.31.14"
66.29.132.124 - - [25/Apr/2025:23:10:50 -0400] "POST /wp-admin/admin-ajax.php?action=async_litespeed&nonce=c7s7soOYLOvtItubPFjkJcQYnBAIUw5M&litespeed_type=imgoptm HTTP/1.1" 200 0 "-" "WordPress/6.8; https://skillstudio27.com"
66.29.132.124 - - [25/Apr/2025:23:16:47 -0400] "POST /wp-cron.php?doing_wp_cron=1745637407.5489809513092041015625 HTTP/1.1" 200 0 "-" "WordPress/6.8; https://skillstudio27.com"
199.188.201.3 - - [25/Apr/2025:23:16:40 -0400] "POST /xmlrpc.php HTTP/1.1" 200 186 "https://skillstudio27.com" "Mozilla/5.0 (Windows NT 10.0; Win64; x64; rv:125.0.1) Gecko/20100101 Firefox/125.0.1"
66.29.132.124 - - [25/Apr/2025:23:16:48 -0400] "POST /wp-admin/admin-ajax.php?action=async_litespeed&nonce=2t3JeAohjG8i8LEpR0bsUTXTwsO3cmee&litespeed_type=imgoptm HTTP/1.1" 200 21 "-" "WordPress/6.8; https://skillstudio27.com"
66.29.132.124 - - [25/Apr/2025:23:22:46 -0400] "POST /wp-cron.php?doing_wp_cron=1745637766.3944809436798095703125 HTTP/1.1" 200 0 "-" "WordPress/6.8; https://skillstudio27.com"
68.65.121.149 - - [25/Apr/2025:23:22:42 -0400] "POST /xmlrpc.php HTTP/1.1" 200 186 "https://skillstudio27.com" "Mozilla/5.0 (Windows NT 10.0; Win64; x64; rv:125.0.1) Gecko/20100101 Firefox/125.0.1"
66.29.132.124 - - [25/Apr/2025:23:22:47 -0400] "POST /wp-admin/admin-ajax.php?action=async_litespeed&nonce=zVCyy9MTc2ygG1xHS5840Jq1dApuRS8C&litespeed_type=imgoptm HTTP/1.1" 200 0 "-" "WordPress/6.8; https://skillstudio27.com"
51.222.253.5 - - [25/Apr/2025:23:24:07 -0400] "GET / HTTP/1.1" 200 25897 "-" "Mozilla/5.0 (compatible; AhrefsBot/7.0; +http://ahrefs.com/robot/)"
182.44.8.254 - - [25/Apr/2025:23:27:30 -0400] "GET / HTTP/1.1" 200 30408 "http://skillstudio27.com" "Mozilla/5.0 (iPhone; CPU iPhone OS 13_2_3 like Mac OS X) AppleWebKit/605.1.15 (KHTML, like Gecko) Version/13.0.3 Mobile/15E148 Safari/604.1"
162.0.209.35 - - [25/Apr/2025:23:40:46 -0400] "POST /xmlrpc.php HTTP/1.1" 200 0 "https://skillstudio27.com" "Mozilla/5.0 (Windows NT 10.0; Win64; x64) AppleWebKit/537.36 (KHTML, like Gecko) Chrome/112.0.5615.138 Safari/537.36 Edg/112.0.1722.68"
66.29.132.124 - - [25/Apr/2025:23:40:56 -0400] "POST /wp-cron.php?doing_wp_cron=1745638856.6053171157836914062500 HTTP/1.1" 200 0 "-" "WordPress/6.8; https://skillstudio27.com"
66.29.132.124 - - [25/Apr/2025:23:40:58 -0400] "POST /wp-admin/admin-ajax.php?action=async_litespeed&nonce=KueLpq2Xsov4BnEyeHkVnUVzkV6GQjcW&litespeed_type=imgoptm HTTP/1.1" 200 0 "-" "WordPress/6.8; https://skillstudio27.com"
66.29.132.124 - - [25/Apr/2025:23:46:58 -0400] "POST /wp-cron.php?doing_wp_cron=1745639217.9154999256134033203125 HTTP/1.1" 200 0 "-" "WordPress/6.8; https://skillstudio27.com"
66.29.141.222 - - [25/Apr/2025:23:46:49 -0400] "POST /xmlrpc.php HTTP/1.1" 200 212 "https://skillstudio27.com" "Mozilla/5.0 (Macintosh; Intel Mac OS X 10_15_7) AppleWebKit/537.36 (KHTML, like Gecko) Chrome/114.0.5735.134 Safari/537.36"
66.29.132.124 - - [25/Apr/2025:23:46:59 -0400] "POST /wp-admin/admin-ajax.php?action=async_litespeed&nonce=aloQ3aOI5ek9Hc1vchRrlPu4ZGw69jya&litespeed_type=imgoptm HTTP/1.1" 200 0 "-" "WordPress/6.8; https://skillstudio27.com"
43.159.145.153 - - [26/Apr/2025:00:16:35 -0400] "GET / HTTP/1.1" 200 30408 "http://skillstudio27.com" "Mozilla/5.0 (iPhone; CPU iPhone OS 13_2_3 like Mac OS X) AppleWebKit/605.1.15 (KHTML, like Gecko) Version/13.0.3 Mobile/15E148 Safari/604.1"
170.106.65.93 - - [26/Apr/2025:00:34:50 -0400] "GET / HTTP/1.1" 200 30408 "-" "Mozilla/5.0 (iPhone; CPU iPhone OS 13_2_3 like Mac OS X) AppleWebKit/605.1.15 (KHTML, like Gecko) Version/13.0.3 Mobile/15E148 Safari/604.1"
162.254.39.91 - - [26/Apr/2025:00:41:20 -0400] "POST /xmlrpc.php HTTP/1.1" 200 0 "https://skillstudio27.com" "Mozilla/5.0 (Windows NT 10.0; Win64; x64) AppleWebKit/537.36 (KHTML, like Gecko) Chrome/115.0.5790.171 Safari/537.36 Edg/115.0.1901.203"
66.29.132.124 - - [26/Apr/2025:00:41:37 -0400] "POST /wp-cron.php?doing_wp_cron=1745642496.5709879398345947265625 HTTP/1.1" 200 0 "-" "WordPress/6.8; https://skillstudio27.com"
66.29.132.124 - - [26/Apr/2025:00:41:37 -0400] "POST /wp-cron.php?doing_wp_cron=1745642496.5713388919830322265625 HTTP/1.1" 200 0 "-" "WordPress/6.8; https://skillstudio27.com"
66.29.132.124 - - [26/Apr/2025:00:41:39 -0400] "POST /wp-admin/admin-ajax.php?action=async_litespeed&nonce=76ESghCJpE9O01KeQBl2VefR91QYW3aJ&litespeed_type=imgoptm HTTP/1.1" 200 0 "-" "WordPress/6.8; https://skillstudio27.com"
43.131.253.14 - - [26/Apr/2025:00:41:20 -0400] "GET /wp-json/wp/v2/pages/2 HTTP/1.1" 200 121075 "-" "Mozilla/5.0 (iPhone; CPU iPhone OS 13_2_3 like Mac OS X) AppleWebKit/605.1.15 (KHTML, like Gecko) Version/13.0.3 Mobile/15E148 Safari/604.1"
198.54.120.4 - - [26/Apr/2025:00:47:20 -0400] "POST /xmlrpc.php HTTP/1.1" 200 0 "https://skillstudio27.com" "Mozilla/5.0 (Macintosh; Intel Mac OS X 14.3) AppleWebKit/614.31.14 (KHTML, like Gecko) Version/17.0.96 Safari/614.31.14"
66.29.132.124 - - [26/Apr/2025:00:47:33 -0400] "POST /wp-cron.php?doing_wp_cron=1745642852.3447730541229248046875 HTTP/1.1" 200 0 "-" "WordPress/6.8; https://skillstudio27.com"
66.29.132.124 - - [26/Apr/2025:00:47:36 -0400] "POST /wp-admin/admin-ajax.php?action=async_litespeed&nonce=RNdiaHkRHA8CHzojEtKzUtPK9FMKaYFJ&litespeed_type=imgoptm HTTP/1.1" 200 0 "-" "WordPress/6.8; https://skillstudio27.com"
43.134.141.244 - - [26/Apr/2025:00:50:27 -0400] "GET /wp-json/oembed/1.0/embed?url=https%3A%2F%2Fskillstudio27.com%2F HTTP/1.1" 200 2099 "-" "Mozilla/5.0 (iPhone; CPU iPhone OS 13_2_3 like Mac OS X) AppleWebKit/605.1.15 (KHTML, like Gecko) Version/13.0.3 Mobile/15E148 Safari/604.1"
66.29.132.124 - - [26/Apr/2025:00:50:41 -0400] "POST /wp-cron.php?doing_wp_cron=1745643038.6696529388427734375000 HTTP/1.1" 200 0 "-" "WordPress/6.8; https://skillstudio27.com"
43.135.130.202 - - [26/Apr/2025:01:02:50 -0400] "GET / HTTP/1.1" 200 30408 "-" "Mozilla/5.0 (iPhone; CPU iPhone OS 13_2_3 like Mac OS X) AppleWebKit/605.1.15 (KHTML, like Gecko) Version/13.0.3 Mobile/15E148 Safari/604.1"
107.150.0.65 - - [26/Apr/2025:01:03:48 -0400] "GET /.env HTTP/1.1" 403 1242 "-" "Mozilla/5.0 (Windows NT 10.0; Win64; x64) AppleWebKit/537.36 (KHTML, like Gecko) Chrome/119.0.0.0 Safari/537.36"
107.150.0.65 - - [26/Apr/2025:01:03:51 -0400] "POST / HTTP/1.1" 200 860 "-" "Mozilla/5.0 (Windows NT 10.0; Win64; x64) AppleWebKit/537.36 (KHTML, like Gecko) Chrome/119.0.0.0 Safari/537.36"
66.29.132.124 - - [26/Apr/2025:01:10:51 -0400] "POST /wp-cron.php?doing_wp_cron=1745644251.4940130710601806640625 HTTP/1.1" 200 0 "-" "WordPress/6.8; https://skillstudio27.com"
101.33.66.34 - - [26/Apr/2025:01:10:36 -0400] "GET /wp-json/oembed/1.0/embed?url=https%3A%2F%2Fskillstudio27.com%2F&format=xml HTTP/1.1" 200 1110 "-" "Mozilla/5.0 (iPhone; CPU iPhone OS 13_2_3 like Mac OS X) AppleWebKit/605.1.15 (KHTML, like Gecko) Version/13.0.3 Mobile/15E148 Safari/604.1"
66.29.132.124 - - [26/Apr/2025:01:10:54 -0400] "POST /wp-admin/admin-ajax.php?action=async_litespeed&nonce=713uqr9EgAeSX7tjhoW0XvaG9INPoRCM&litespeed_type=imgoptm HTTP/1.1" 200 0 "-" "WordPress/6.8; https://skillstudio27.com"
66.29.132.124 - - [26/Apr/2025:01:21:40 -0400] "POST /wp-cron.php?doing_wp_cron=1745644900.1917600631713867187500 HTTP/1.1" 200 0 "-" "WordPress/6.8; https://skillstudio27.com"
66.29.132.124 - - [26/Apr/2025:01:21:40 -0400] "POST /wp-cron.php?doing_wp_cron=1745644900.1809370517730712890625 HTTP/1.1" 200 0 "-" "WordPress/6.8; https://skillstudio27.com"
66.29.132.124 - - [26/Apr/2025:01:21:40 -0400] "POST /wp-cron.php?doing_wp_cron=1745644900.1822628974914550781250 HTTP/1.1" 200 0 "-" "WordPress/6.8; https://skillstudio27.com"
168.138.108.28 - - [26/Apr/2025:01:21:32 -0400] "POST /xmlrpc.php HTTP/1.1" 200 403 "-" "Mozilla/5.0 (Windows NT 5.1; rv:52.0) Gecko/20100101 Firefox/52.0"
158.180.238.53 - - [26/Apr/2025:01:21:33 -0400] "POST /xmlrpc.php HTTP/1.1" 200 403 "-" "Mozilla/5.0 (Windows NT 6.1; Win64; x64) AppleWebKit/537.36 (KHTML, like Gecko) Chrome/79.0.3945.88 Safari/537.36"
178.128.239.177 - - [26/Apr/2025:01:21:33 -0400] "POST /xmlrpc.php HTTP/1.1" 200 403 "-" "Mozilla/5.0 (Windows NT 10.0; Win64; x64) AppleWebKit/537.36 (KHTML, like Gecko) Chrome/64.0.3282.186 Safari/537.36"
66.29.132.124 - - [26/Apr/2025:01:21:42 -0400] "POST /wp-admin/admin-ajax.php?action=async_litespeed&nonce=xOtiNBCHbGID5bxaVsupZfw6lt4vNwhV&litespeed_type=imgoptm HTTP/1.1" 200 0 "-" "WordPress/6.8; https://skillstudio27.com"
147.182.205.136 - - [26/Apr/2025:01:21:48 -0400] "POST /xmlrpc.php HTTP/1.1" 200 403 "-" "Mozilla/5.0 (Windows NT 10.0; Win64; x64) AppleWebKit/537.36 (KHTML, like Gecko) Chrome/84.0.4147.105 Safari/537.36"
75.119.147.106 - - [26/Apr/2025:01:21:48 -0400] "POST /xmlrpc.php HTTP/1.1" 200 403 "-" "Mozilla/5.0 (Windows NT 6.1) AppleWebKit/537.36 (KHTML, like Gecko) Chrome/56.0.2924.76 Safari/537.36"
66.29.132.124 - - [26/Apr/2025:01:21:50 -0400] "POST /wp-cron.php?doing_wp_cron=1745644909.3414599895477294921875 HTTP/1.1" 200 0 "-" "WordPress/6.8; https://skillstudio27.com"
158.180.238.53 - - [26/Apr/2025:01:21:53 -0400] "POST /xmlrpc.php HTTP/1.1" 200 403 "-" "Mozilla/5.0 (Windows NT 6.1; WOW64; rv:40.0) Gecko/20100101 Firefox/40.1"
185.133.88.170 - - [26/Apr/2025:01:21:53 -0400] "POST /xmlrpc.php HTTP/1.1" 200 403 "-" "Mozilla/5.0 (Windows NT 6.1; Win64; x64) AppleWebKit/537.36 (KHTML, like Gecko) Chrome/63.0.3239.132 Safari/537.36"
40.80.217.221 - - [26/Apr/2025:01:22:09 -0400] "POST /xmlrpc.php HTTP/1.1" 200 403 "-" "Mozilla/5.0 (iPod; CPU iPhone OS 14_6 like Mac OS X) AppleWebKit/605.1.15 (KHTML, like Gecko) CriOS/91.0.4472.80 Mobile/15E148 Safari/604.1"
78.47.47.46 - - [26/Apr/2025:01:22:09 -0400] "POST /xmlrpc.php HTTP/1.1" 200 403 "-" "Mozilla/5.0 (Windows NT 6.2; Win64; x64) AppleWebKit/537.36 (KHTML, like Gecko) Chrome/60.0.3112.90 Safari/537.36"
158.180.238.53 - - [26/Apr/2025:01:22:09 -0400] "POST /xmlrpc.php HTTP/1.1" 200 403 "-" "Mozilla/5.0 (Windows NT 10.0; Win64; x64) AppleWebKit/537.36 (KHTML, like Gecko) Chrome/84.0.4147.135 Safari/537.36"
54.37.121.239 - - [26/Apr/2025:01:22:16 -0400] "POST /xmlrpc.php HTTP/1.1" 200 403 "-" "Mozilla/5.0 (Windows NT 5.1) AppleWebKit/537.36 (KHTML, like Gecko) Chrome/46.0.2490.71 Safari/537.36"
38.242.195.179 - - [26/Apr/2025:01:22:18 -0400] "POST /xmlrpc.php HTTP/1.1" 200 403 "-" "Mozilla/5.0 (Windows NT 5.1; rv:30.0) Gecko/20100101 Firefox/30.0"
168.138.108.28 - - [26/Apr/2025:01:22:19 -0400] "POST /xmlrpc.php HTTP/1.1" 200 403 "-" "Mozilla/5.0 (Windows NT 10.0; WOW64; rv:50.0) Gecko/20100101 Firefox/50.0"
147.182.205.136 - - [26/Apr/2025:01:22:19 -0400] "POST /xmlrpc.php HTTP/1.1" 200 403 "-" "Mozilla/5.0 (Windows NT 10.0) AppleWebKit/537.36 (KHTML, like Gecko) Chrome/72.0.3626.121 Safari/537.36"
66.29.132.124 - - [26/Apr/2025:01:24:31 -0400] "POST /wp-cron.php?doing_wp_cron=1745645071.4011530876159667968750 HTTP/1.1" 200 0 "-" "WordPress/6.8; https://skillstudio27.com"
66.29.132.124 - - [26/Apr/2025:01:24:32 -0400] "POST /wp-admin/admin-ajax.php?action=async_litespeed&nonce=6OYDB7B29b7FjQG6Zfetbg2ZiW75IqlE&litespeed_type=imgoptm HTTP/1.1" 200 0 "-" "WordPress/6.8; https://skillstudio27.com"
43.157.50.58 - - [26/Apr/2025:01:24:28 -0400] "GET /wp-json/wp/v2/pages/2 HTTP/1.1" 200 121075 "-" "Mozilla/5.0 (iPhone; CPU iPhone OS 13_2_3 like Mac OS X) AppleWebKit/605.1.15 (KHTML, like Gecko) Version/13.0.3 Mobile/15E148 Safari/604.1"
66.29.132.124 - - [26/Apr/2025:01:32:52 -0400] "POST /wp-cron.php?doing_wp_cron=1745645572.1621270179748535156250 HTTP/1.1" 200 0 "-" "WordPress/6.8; https://skillstudio27.com"
43.165.70.220 - - [26/Apr/2025:01:32:40 -0400] "GET /embed/ HTTP/1.1" 301 0 "-" "Mozilla/5.0 (iPhone; CPU iPhone OS 13_2_3 like Mac OS X) AppleWebKit/605.1.15 (KHTML, like Gecko) Version/13.0.3 Mobile/15E148 Safari/604.1"
66.29.132.124 - - [26/Apr/2025:01:32:54 -0400] "POST /wp-admin/admin-ajax.php?action=async_litespeed&nonce=X6N9CnQEOjeHOuuKsIxV97h4R5mYCGjP&litespeed_type=imgoptm HTTP/1.1" 200 0 "-" "WordPress/6.8; https://skillstudio27.com"
43.165.70.220 - - [26/Apr/2025:01:32:59 -0400] "GET / HTTP/1.1" 200 30408 "https://skillstudio27.com/embed/" "Mozilla/5.0 (iPhone; CPU iPhone OS 13_2_3 like Mac OS X) AppleWebKit/605.1.15 (KHTML, like Gecko) Version/13.0.3 Mobile/15E148 Safari/604.1"
69.57.162.14 - - [26/Apr/2025:02:06:04 -0400] "POST /xmlrpc.php HTTP/1.1" 200 0 "https://skillstudio27.com" "Mozilla/5.0 (Macintosh; Intel Mac OS X 10_15_7) AppleWebKit/537.36 (KHTML, like Gecko) Chrome/116.0.5845.96 Safari/537.36"
66.29.132.124 - - [26/Apr/2025:02:06:24 -0400] "POST /wp-cron.php?doing_wp_cron=1745647580.9366900920867919921875 HTTP/1.1" 200 0 "-" "WordPress/6.8; https://skillstudio27.com"
68.65.123.34 - - [26/Apr/2025:02:12:13 -0400] "POST /xmlrpc.php HTTP/1.1" 200 0 "https://skillstudio27.com" "Mozilla/5.0 (Macintosh; Intel Mac OS X 10_15_7) AppleWebKit/537.36 (KHTML, like Gecko) Chrome/116.0.5845.96 Safari/537.36"
66.29.132.124 - - [26/Apr/2025:02:12:28 -0400] "POST /wp-cron.php?doing_wp_cron=1745647945.8220589160919189453125 HTTP/1.1" 200 0 "-" "WordPress/6.8; https://skillstudio27.com"
162.213.253.33 - - [26/Apr/2025:02:18:24 -0400] "POST /xmlrpc.php HTTP/1.1" 200 0 "https://skillstudio27.com" "Mozilla/5.0 (Windows NT 10.0; Win64; x64) AppleWebKit/537.36 (KHTML, like Gecko) Chrome/114.0.5735.199 Safari/537.36 Edg/114.0.1823.67"
66.29.132.124 - - [26/Apr/2025:02:18:35 -0400] "POST /wp-cron.php?doing_wp_cron=1745648311.2257890701293945312500 HTTP/1.1" 200 0 "-" "WordPress/6.8; https://skillstudio27.com"
66.29.132.124 - - [26/Apr/2025:02:54:38 -0400] "POST /wp-cron.php?doing_wp_cron=1745650476.9015591144561767578125 HTTP/1.1" 200 0 "-" "WordPress/6.8; https://skillstudio27.com"
182.42.111.156 - - [26/Apr/2025:02:54:25 -0400] "GET / HTTP/1.1" 301 0 "http://www.skillstudio27.com" "Mozilla/5.0 (iPhone; CPU iPhone OS 13_2_3 like Mac OS X) AppleWebKit/605.1.15 (KHTML, like Gecko) Version/13.0.3 Mobile/15E148 Safari/604.1"
182.42.111.156 - - [26/Apr/2025:02:54:44 -0400] "GET / HTTP/1.1" 200 30408 "https://www.skillstudio27.com/" "Mozilla/5.0 (iPhone; CPU iPhone OS 13_2_3 like Mac OS X) AppleWebKit/605.1.15 (KHTML, like Gecko) Version/13.0.3 Mobile/15E148 Safari/604.1"
66.29.132.124 - - [26/Apr/2025:03:00:38 -0400] "POST /wp-cron.php?doing_wp_cron=1745650837.7333469390869140625000 HTTP/1.1" 200 0 "-" "WordPress/6.8; https://skillstudio27.com"
43.157.22.57 - - [26/Apr/2025:03:00:29 -0400] "GET / HTTP/1.1" 301 0 "http://www.skillstudio27.com" "Mozilla/5.0 (iPhone; CPU iPhone OS 13_2_3 like Mac OS X) AppleWebKit/605.1.15 (KHTML, like Gecko) Version/13.0.3 Mobile/15E148 Safari/604.1"
43.157.22.57 - - [26/Apr/2025:03:00:41 -0400] "GET / HTTP/1.1" 200 30408 "https://www.skillstudio27.com/" "Mozilla/5.0 (iPhone; CPU iPhone OS 13_2_3 like Mac OS X) AppleWebKit/605.1.15 (KHTML, like Gecko) Version/13.0.3 Mobile/15E148 Safari/604.1"
66.29.132.124 - - [26/Apr/2025:03:00:40 -0400] "POST /wp-admin/admin-ajax.php?action=async_litespeed&nonce=sAu6OhTfS94jgq2A053HC0ppIjExj97u&litespeed_type=imgoptm HTTP/1.1" 200 0 "-" "WordPress/6.8; https://skillstudio27.com"
54.36.148.167 - - [26/Apr/2025:04:05:02 -0400] "GET /robots.txt HTTP/1.1" 200 102 "-" "Mozilla/5.0 (compatible; AhrefsBot/7.0; +http://ahrefs.com/robot/)"
51.222.253.20 - - [26/Apr/2025:04:05:04 -0400] "GET /about-us/ HTTP/1.1" 200 19360 "-" "Mozilla/5.0 (compatible; AhrefsBot/7.0; +http://ahrefs.com/robot/)"
66.29.132.124 - - [26/Apr/2025:04:12:21 -0400] "GET / HTTP/1.1" 200 151205 "-" "Mozilla/5.0 (Windows NT 10.0; Win64; x64; rv:122.0) Gecko/20100101 Firefox/122.0"
66.29.132.124 - - [26/Apr/2025:04:12:50 -0400] "GET / HTTP/1.1" 200 151205 "-" "Softaculous"
66.29.132.124 - - [26/Apr/2025:04:12:50 -0400] "GET / HTTP/1.1" 200 151205 "-" "Mozilla/5.0 (Windows NT 10.0; Win64; x64; rv:122.0) Gecko/20100101 Firefox/122.0"
66.29.132.124 - - [26/Apr/2025:04:40:32 -0400] "POST /wp-cron.php?doing_wp_cron=1745656832.3893630504608154296875 HTTP/1.1" 200 0 "-" "WordPress/6.8; https://skillstudio27.com"
144.91.119.115 - - [26/Apr/2025:04:40:24 -0400] "GET /wp-content/plugins/HelloDollyV2/hello_dolly_v2.php HTTP/1.1" 404 10382 "www.google.com" "Mozilla/5.0 (Linux; Android 7.0; SM-G892A Build/NRD90M; wv) AppleWebKit/537.36 (KHTML, like Gecko) Version/4.0 Chrome/60.0.3112.107 Mobile Safari/537.36"
66.29.132.124 - - [26/Apr/2025:04:40:33 -0400] "POST /wp-admin/admin-ajax.php?action=async_litespeed&nonce=45PgbPraqYs7xoSmUIR9S260ojCSyqnv&litespeed_type=imgoptm HTTP/1.1" 200 0 "-" "WordPress/6.8; https://skillstudio27.com"
144.91.119.115 - - [26/Apr/2025:04:40:39 -0400] "GET /wp-content/themes/hello_dolly_v2.php HTTP/1.1" 404 10381 "www.google.com" "Mozilla/5.0 (Linux; Android 7.0; SM-G892A Build/NRD90M; wv) AppleWebKit/537.36 (KHTML, like Gecko) Version/4.0 Chrome/60.0.3112.107 Mobile Safari/537.36"
144.91.119.115 - - [26/Apr/2025:04:40:44 -0400] "GET /wp-content/plugins/WordPressCore/include.php HTTP/1.1" 404 10382 "www.google.com" "Mozilla/5.0 (Linux; Android 7.0; SM-G892A Build/NRD90M; wv) AppleWebKit/537.36 (KHTML, like Gecko) Version/4.0 Chrome/60.0.3112.107 Mobile Safari/537.36"
144.91.119.115 - - [26/Apr/2025:04:40:53 -0400] "GET /wp-content/themes/include.php HTTP/1.1" 404 10382 "www.google.com" "Mozilla/5.0 (Linux; Android 7.0; SM-G892A Build/NRD90M; wv) AppleWebKit/537.36 (KHTML, like Gecko) Version/4.0 Chrome/60.0.3112.107 Mobile Safari/537.36"
108.174.8.27 - - [26/Apr/2025:04:44:45 -0400] "GET /wp-content/uploads/2025/01/lounge-design.png HTTP/1.1" 200 639253 "-" "LinkedInBot/1.0 (compatible; Mozilla/5.0; Apache-HttpClient +http://www.linkedin.com)"
108.174.8.25 - - [26/Apr/2025:04:44:44 -0400] "GET /wp-content/uploads/2025/01/skill-logo-e1735972693321.png HTTP/1.1" 200 1317977 "-" "LinkedInBot/1.0 (compatible; Mozilla/5.0; Apache-HttpClient +http://www.linkedin.com)"
108.174.8.25 - - [26/Apr/2025:04:44:45 -0400] "GET /wp-content/uploads/2025/01/Untitled-design.png HTTP/1.1" 200 1456534 "-" "LinkedInBot/1.0 (compatible; Mozilla/5.0; Apache-HttpClient +http://www.linkedin.com)"
66.29.132.124 - - [26/Apr/2025:06:02:34 -0400] "POST /wp-cron.php?doing_wp_cron=1745661754.3610980510711669921875 HTTP/1.1" 200 0 "-" "WordPress/6.8; https://skillstudio27.com"
152.53.225.138 - - [26/Apr/2025:06:02:29 -0400] "GET /wp-content/plugins/HelloDollyV2/hello_dolly_v2.php HTTP/1.1" 404 10381 "www.google.com" "Mozlila/5.0 (Linux; Android 7.0; SM-G892A Bulid/NRD90M; wv) AppleWebKit/537.36 (KHTML, like Gecko) Version/4.0 Chrome/60.0.3112.107 Moblie Safari/537.36"
66.29.132.124 - - [26/Apr/2025:06:02:34 -0400] "POST /wp-admin/admin-ajax.php?action=async_litespeed&nonce=hAUoIbNG2mQoTjiD4kEIqvxgi4PMC0r8&litespeed_type=imgoptm HTTP/1.1" 200 21 "-" "WordPress/6.8; https://skillstudio27.com"
152.53.225.138 - - [26/Apr/2025:06:02:50 -0400] "GET /wp-content/themes/hello_dolly_v2.php HTTP/1.1" 404 10380 "www.google.com" "Mozlila/5.0 (Linux; Android 7.0; SM-G892A Bulid/NRD90M; wv) AppleWebKit/537.36 (KHTML, like Gecko) Version/4.0 Chrome/60.0.3112.107 Moblie Safari/537.36"
66.29.132.124 - - [26/Apr/2025:06:10:37 -0400] "POST /wp-cron.php?doing_wp_cron=1745662237.6293020248413085937500 HTTP/1.1" 200 0 "-" "WordPress/6.8; https://skillstudio27.com"
66.29.132.124 - - [26/Apr/2025:06:10:37 -0400] "POST /wp-admin/admin-ajax.php?action=async_litespeed&nonce=gHPbPCXPJ3Xqyj8kqIJ01fj2Wsv5zqBk&litespeed_type=imgoptm HTTP/1.1" 200 21 "-" "WordPress/6.8; https://skillstudio27.com"
57.141.4.19 - - [26/Apr/2025:06:10:31 -0400] "GET /services/ HTTP/1.1" 200 87802 "-" "meta-externalagent/1.1 (+https://developers.facebook.com/docs/sharing/webmasters/crawler)"
57.141.4.3 - - [26/Apr/2025:06:49:01 -0400] "GET /services/ HTTP/1.1" 200 87802 "-" "meta-externalagent/1.1 (+https://developers.facebook.com/docs/sharing/webmasters/crawler)"
213.136.76.172 - - [26/Apr/2025:07:13:04 -0400] "GET /wp-includes/ HTTP/1.1" 403 1242 "www.google.com" "Mozlila/5.0 (Linux; Android 7.0; SM-G892A Bulid/NRD90M; wv) AppleWebKit/537.36 (KHTML, like Gecko) Version/4.0 Chrome/60.0.3112.107 Moblie Safari/537.36"
213.136.76.172 - - [26/Apr/2025:07:13:05 -0400] "GET /wp-admin/maint/ HTTP/1.1" 403 1242 "www.google.com" "Mozlila/5.0 (Linux; Android 7.0; SM-G892A Bulid/NRD90M; wv) AppleWebKit/537.36 (KHTML, like Gecko) Version/4.0 Chrome/60.0.3112.107 Moblie Safari/537.36"
213.136.76.172 - - [26/Apr/2025:07:13:06 -0400] "GET /wp-admin/includes/ HTTP/1.1" 403 1242 "www.google.com" "Mozlila/5.0 (Linux; Android 7.0; SM-G892A Bulid/NRD90M; wv) AppleWebKit/537.36 (KHTML, like Gecko) Version/4.0 Chrome/60.0.3112.107 Moblie Safari/537.36"
66.29.132.124 - - [26/Apr/2025:08:09:34 -0400] "POST /wp-cron.php?doing_wp_cron=1745669374.7260859012603759765625 HTTP/1.1" 200 0 "-" "WordPress/6.8; https://skillstudio27.com"
66.29.132.124 - - [26/Apr/2025:08:09:34 -0400] "POST /wp-cron.php?doing_wp_cron=1745669374.7242169380187988281250 HTTP/1.1" 200 0 "-" "WordPress/6.8; https://skillstudio27.com"
4.227.36.66 - - [26/Apr/2025:08:09:28 -0400] "GET /robots.txt HTTP/1.1" 301 0 "-" "Mozilla/5.0 AppleWebKit/537.36 (KHTML, like Gecko; compatible; GPTBot/1.2; +https://openai.com/gptbot)"
4.227.36.66 - - [26/Apr/2025:08:09:28 -0400] "GET /robots.txt HTTP/1.1" 301 0 "http://www.skillstudio27.com/robots.txt" "Mozilla/5.0 AppleWebKit/537.36 (KHTML, like Gecko; compatible; GPTBot/1.2; +https://openai.com/gptbot)"
4.227.36.18 - - [26/Apr/2025:08:09:28 -0400] "GET /robots.txt HTTP/1.1" 200 102 "-" "Mozilla/5.0 AppleWebKit/537.36 (KHTML, like Gecko; compatible; GPTBot/1.2; +https://openai.com/gptbot)"
4.227.36.18 - - [26/Apr/2025:08:09:28 -0400] "GET /robots.txt HTTP/1.1" 200 102 "http://skillstudio27.com/robots.txt" "Mozilla/5.0 AppleWebKit/537.36 (KHTML, like Gecko; compatible; GPTBot/1.2; +https://openai.com/gptbot)"
4.227.36.66 - - [26/Apr/2025:08:09:35 -0400] "GET /robots.txt HTTP/1.1" 200 102 "https://www.skillstudio27.com/robots.txt" "Mozilla/5.0 AppleWebKit/537.36 (KHTML, like Gecko; compatible; GPTBot/1.2; +https://openai.com/gptbot)"
4.227.36.66 - - [26/Apr/2025:08:09:35 -0400] "GET /robots.txt HTTP/1.1" 200 102 "https://www.skillstudio27.com/robots.txt" "Mozilla/5.0 AppleWebKit/537.36 (KHTML, like Gecko; compatible; GPTBot/1.2; +https://openai.com/gptbot)"
20.171.207.31 - - [26/Apr/2025:08:09:35 -0400] "GET /embed/ HTTP/1.1" 301 0 "-" "Mozilla/5.0 AppleWebKit/537.36 (KHTML, like Gecko; compatible; GPTBot/1.2; +https://openai.com/gptbot)"
20.171.207.208 - - [26/Apr/2025:08:09:35 -0400] "GET / HTTP/1.1" 301 0 "-" "Mozilla/5.0 AppleWebKit/537.36 (KHTML, like Gecko; compatible; GPTBot/1.2; +https://openai.com/gptbot)"
66.29.132.124 - - [26/Apr/2025:08:09:36 -0400] "POST /wp-admin/admin-ajax.php?action=async_litespeed&nonce=YkMNd5BBYbaM5yVjsxmZSssSjMZoq7AG&litespeed_type=imgoptm HTTP/1.1" 200 21 "-" "WordPress/6.8; https://skillstudio27.com"
66.29.132.124 - - [26/Apr/2025:08:09:38 -0400] "GET / HTTP/1.1" 200 0 "-" "WordPress/6.8; https://skillstudio27.com"
66.29.132.124 - - [26/Apr/2025:08:13:18 -0400] "POST /wp-cron.php?doing_wp_cron=1745669598.0627429485321044921875 HTTP/1.1" 200 0 "-" "WordPress/6.8; https://skillstudio27.com"
20.171.207.31 - - [26/Apr/2025:08:13:15 -0400] "GET /lander/sberchat5v4_tds_newcrm_028-vnutr/ HTTP/1.1" 404 9339 "-" "Mozilla/5.0 AppleWebKit/537.36 (KHTML, like Gecko; compatible; GPTBot/1.2; +https://openai.com/gptbot)"
66.29.132.124 - - [26/Apr/2025:08:13:18 -0400] "POST /wp-admin/admin-ajax.php?action=async_litespeed&nonce=ljLw4MAw6OGRz6yUO5FXSWQGQiHBgQGw&litespeed_type=imgoptm HTTP/1.1" 200 21 "-" "WordPress/6.8; https://skillstudio27.com"
66.29.132.124 - - [26/Apr/2025:08:15:19 -0400] "POST /wp-cron.php?doing_wp_cron=1745669719.1315460205078125000000 HTTP/1.1" 200 0 "-" "WordPress/6.8; https://skillstudio27.com"
20.171.207.31 - - [26/Apr/2025:08:15:15 -0400] "GET /.env.save HTTP/1.1" 404 9339 "-" "Mozilla/5.0 AppleWebKit/537.36 (KHTML, like Gecko; compatible; GPTBot/1.2; +https://openai.com/gptbot)"
66.29.132.124 - - [26/Apr/2025:08:15:19 -0400] "POST /wp-admin/admin-ajax.php?action=async_litespeed&nonce=6GiUBEmGPKiUth0l5mCAyPDrHXWAPO9Z&litespeed_type=imgoptm HTTP/1.1" 200 21 "-" "WordPress/6.8; https://skillstudio27.com"
66.29.132.124 - - [26/Apr/2025:08:35:54 -0400] "POST /wp-cron.php?doing_wp_cron=1745670953.9242489337921142578125 HTTP/1.1" 200 0 "-" "WordPress/6.8; https://skillstudio27.com"
66.29.132.124 - - [26/Apr/2025:08:35:54 -0400] "POST /wp-admin/admin-ajax.php?action=async_litespeed&nonce=YSLFD22TWztOpQ1tvp5YyCzE3cF4GpJF&litespeed_type=imgoptm HTTP/1.1" 200 0 "-" "WordPress/6.8; https://skillstudio27.com"
43.153.58.28 - - [26/Apr/2025:08:35:46 -0400] "GET / HTTP/1.1" 200 30386 "http://skillstudio27.com" "Mozilla/5.0 (iPhone; CPU iPhone OS 13_2_3 like Mac OS X) AppleWebKit/605.1.15 (KHTML, like Gecko) Version/13.0.3 Mobile/15E148 Safari/604.1"
66.29.132.124 - - [26/Apr/2025:08:55:40 -0400] "POST /wp-cron.php?doing_wp_cron=1745672140.6212189197540283203125 HTTP/1.1" 200 0 "-" "WordPress/6.8; https://skillstudio27.com"
57.141.4.26 - - [26/Apr/2025:08:55:35 -0400] "GET /index.html HTTP/1.1" 404 33267 "-" "meta-externalagent/1.1 (+https://developers.facebook.com/docs/sharing/webmasters/crawler)"
66.29.132.124 - - [26/Apr/2025:08:55:41 -0400] "POST /wp-admin/admin-ajax.php?action=async_litespeed&nonce=xgDhjrazVxO1euWtEpgqakklIEpRHYrQ&litespeed_type=imgoptm HTTP/1.1" 200 21 "-" "WordPress/6.8; https://skillstudio27.com"
146.190.237.218 - - [26/Apr/2025:08:56:51 -0400] "GET / HTTP/1.1" 200 30386 "-" "Mozilla/5.0 (compatible)"
146.190.237.218 - - [26/Apr/2025:08:56:55 -0400] "GET /wp-content/uploads/2025/01/cropped-skill-logo-e1735972693321-32x32.png HTTP/1.1" 200 2926 "https://skillstudio27.com/" "Mozilla/5.0 (compatible)"
66.29.132.124 - - [26/Apr/2025:08:56:56 -0400] "POST /wp-cron.php?doing_wp_cron=1745672216.4526720046997070312500 HTTP/1.1" 200 0 "-" "WordPress/6.8; https://skillstudio27.com"
146.190.237.218 - - [26/Apr/2025:08:56:56 -0400] "GET /ads.txt HTTP/1.1" 404 10380 "-" "Mozilla/5.0 (compatible)"
66.29.132.124 - - [26/Apr/2025:08:56:56 -0400] "POST /wp-admin/admin-ajax.php?action=async_litespeed&nonce=loMV1abuZLlTRc230YOZX67qcInuonsY&litespeed_type=imgoptm HTTP/1.1" 200 21 "-" "WordPress/6.8; https://skillstudio27.com"
57.141.4.19 - - [26/Apr/2025:08:59:42 -0400] "GET / HTTP/1.1" 200 151204 "-" "meta-externalagent/1.1 (+https://developers.facebook.com/docs/sharing/webmasters/crawler)"
173.252.83.2 - - [26/Apr/2025:09:12:11 -0400] "GET /robots.txt HTTP/1.1" 301 0 "-" "facebookexternalhit/1.1 (+http://www.facebook.com/externalhit_uatext.php)"
173.252.83.2 - - [26/Apr/2025:09:12:12 -0400] "GET /robots.txt HTTP/1.1" 200 118 "-" "facebookexternalhit/1.1 (+http://www.facebook.com/externalhit_uatext.php)"
66.29.132.124 - - [26/Apr/2025:09:12:18 -0400] "POST /wp-cron.php?doing_wp_cron=1745673138.4540619850158691406250 HTTP/1.1" 200 0 "-" "WordPress/6.8; https://skillstudio27.com"
57.141.4.20 - - [26/Apr/2025:09:12:12 -0400] "GET /index.html HTTP/1.1" 301 0 "-" "meta-externalagent/1.1 (+https://developers.facebook.com/docs/sharing/webmasters/crawler)"
66.29.132.124 - - [26/Apr/2025:09:12:18 -0400] "POST /wp-admin/admin-ajax.php?action=async_litespeed&nonce=JOLiaWbBb7BROFjHNQFfnW1lR9nf7Mc1&litespeed_type=imgoptm HTTP/1.1" 200 0 "-" "WordPress/6.8; https://skillstudio27.com"
57.141.4.28 - - [26/Apr/2025:09:12:28 -0400] "GET /index.html HTTP/1.1" 404 33267 "-" "meta-externalagent/1.1 (+https://developers.facebook.com/docs/sharing/webmasters/crawler)"
212.118.53.218 - - [26/Apr/2025:09:49:40 -0400] "GET / HTTP/1.1" 200 30386 "-" "Mozilla/5.0 (Macintosh; Intel Mac OS X 10_15_7) AppleWebKit/537.36 (KHTML, like Gecko) Chrome/133.0.0.0 Safari/537.36"
66.29.132.124 - - [26/Apr/2025:09:49:51 -0400] "POST /wp-cron.php?doing_wp_cron=1745675391.6175019741058349609375 HTTP/1.1" 200 0 "-" "WordPress/6.8; https://skillstudio27.com"
212.118.53.218 - - [26/Apr/2025:09:49:42 -0400] "GET /comments/feed/ HTTP/1.1" 200 768 "-" "Mozilla/5.0 (Macintosh; Intel Mac OS X 10_15_7) AppleWebKit/537.36 (KHTML, like Gecko) Chrome/133.0.0.0 Safari/537.36"
66.29.132.124 - - [26/Apr/2025:09:49:53 -0400] "POST /wp-admin/admin-ajax.php?action=async_litespeed&nonce=yuA3TIzwx1PlN9M1gkzwfd7EcD5txqMa&litespeed_type=imgoptm HTTP/1.1" 200 0 "-" "WordPress/6.8; https://skillstudio27.com"
212.118.53.218 - - [26/Apr/2025:09:49:53 -0400] "GET /contact-us/ HTTP/1.1" 200 24289 "-" "Mozilla/5.0 (Macintosh; Intel Mac OS X 10_15_7) AppleWebKit/537.36 (KHTML, like Gecko) Chrome/133.0.0.0 Safari/537.36"
41.149.129.130 - - [26/Apr/2025:09:50:00 -0400] "POST /contact-us/ HTTP/1.1" 200 24240 "-" "Mozilla/5.0 (Macintosh; Intel Mac OS X 10_15_7) AppleWebKit/537.36 (KHTML, like Gecko) Chrome/133.0.0.0 Safari/537.36"
66.29.132.124 - - [26/Apr/2025:09:50:11 -0400] "POST /wp-cron.php?doing_wp_cron=1745675410.2688400745391845703125 HTTP/1.1" 200 0 "-" "WordPress/6.8; https://skillstudio27.com"
41.149.129.130 - - [26/Apr/2025:09:50:08 -0400] "POST /contact-us/ HTTP/1.1" 200 24240 "-" "Mozilla/5.0 (Windows NT 10.0; Win64; x64) AppleWebKit/537.36 (KHTML, like Gecko) Chrome/120.0.0.0 Safari/537.36"
57.141.4.14 - - [26/Apr/2025:09:57:27 -0400] "GET /services/ HTTP/1.1" 200 87802 "-" "meta-externalagent/1.1 (+https://developers.facebook.com/docs/sharing/webmasters/crawler)"
66.29.132.124 - - [26/Apr/2025:10:06:52 -0400] "POST /wp-cron.php?doing_wp_cron=1745676412.4256329536437988281250 HTTP/1.1" 200 0 "-" "WordPress/6.8; https://skillstudio27.com"
43.130.67.33 - - [26/Apr/2025:10:06:41 -0400] "GET / HTTP/1.1" 301 0 "http://www.skillstudio27.com" "Mozilla/5.0 (iPhone; CPU iPhone OS 13_2_3 like Mac OS X) AppleWebKit/605.1.15 (KHTML, like Gecko) Version/13.0.3 Mobile/15E148 Safari/604.1"
66.29.132.124 - - [26/Apr/2025:10:06:54 -0400] "POST /wp-admin/admin-ajax.php?action=async_litespeed&nonce=D0LMNqQmdiKWWKmqAkfzXHp5viKhJVga&litespeed_type=imgoptm HTTP/1.1" 200 0 "-" "WordPress/6.8; https://skillstudio27.com"
43.130.67.33 - - [26/Apr/2025:10:06:55 -0400] "GET / HTTP/1.1" 200 30386 "https://www.skillstudio27.com/" "Mozilla/5.0 (iPhone; CPU iPhone OS 13_2_3 like Mac OS X) AppleWebKit/605.1.15 (KHTML, like Gecko) Version/13.0.3 Mobile/15E148 Safari/604.1"
66.29.132.124 - - [26/Apr/2025:10:14:53 -0400] "POST /wp-cron.php?doing_wp_cron=1745676893.8217470645904541015625 HTTP/1.1" 200 0 "-" "WordPress/6.8; https://skillstudio27.com"
199.188.200.145 - - [26/Apr/2025:10:14:46 -0400] "POST /wp-login.php HTTP/1.1" 200 2292 "https://skillstudio27.com" "Mozilla/5.0 (Windows NT 10.0; Win64; x64) AppleWebKit/537.36 (KHTML, like Gecko) Chrome/126.0.0.0 Safari/537.36"
66.29.132.124 - - [26/Apr/2025:10:14:55 -0400] "POST /wp-admin/admin-ajax.php?action=async_litespeed&nonce=Lt10BoI0e6bRTAkdrVW6035keLve2Bai&litespeed_type=imgoptm HTTP/1.1" 200 0 "-" "WordPress/6.8; https://skillstudio27.com"
66.29.132.124 - - [26/Apr/2025:10:22:02 -0400] "POST /wp-cron.php?doing_wp_cron=1745677322.6596610546112060546875 HTTP/1.1" 200 0 "-" "WordPress/6.8; https://skillstudio27.com"
63.250.38.202 - - [26/Apr/2025:10:21:59 -0400] "POST /wp-login.php HTTP/1.1" 200 2024 "https://skillstudio27.com" "Mozilla/5.0 (Windows NT 10.0; Win64; x64) AppleWebKit/537.36 (KHTML, like Gecko) Chrome/116.0.5845.96 Safari/537.36 Edg/116.0.1938.62"
66.29.132.124 - - [26/Apr/2025:10:22:03 -0400] "POST /wp-admin/admin-ajax.php?action=async_litespeed&nonce=Lv5Dl1oYdQTSMW7Zw3xUPePczkpGIpi6&litespeed_type=imgoptm HTTP/1.1" 200 0 "-" "WordPress/6.8; https://skillstudio27.com"
66.29.132.124 - - [26/Apr/2025:10:29:19 -0400] "POST /wp-cron.php?doing_wp_cron=1745677758.7624719142913818359375 HTTP/1.1" 200 0 "-" "WordPress/6.8; https://skillstudio27.com"
162.0.229.122 - - [26/Apr/2025:10:29:13 -0400] "POST /wp-login.php HTTP/1.1" 200 2024 "https://skillstudio27.com" "Mozilla/5.0 (Windows NT 10.0; Win64; x64; rv:127.0) Gecko/20100101 Firefox/127.0"
66.29.132.124 - - [26/Apr/2025:10:29:20 -0400] "POST /wp-admin/admin-ajax.php?action=async_litespeed&nonce=AlSV13UdYfBGyYhZwf7MHInPKFr8HSBD&litespeed_type=imgoptm HTTP/1.1" 200 0 "-" "WordPress/6.8; https://skillstudio27.com"
4.227.36.18 - - [26/Apr/2025:10:43:16 -0400] "GET /robots.txt HTTP/1.1" 200 102 "-" "Mozilla/5.0 AppleWebKit/537.36 (KHTML, like Gecko; compatible; GPTBot/1.2; +https://openai.com/gptbot)"
4.227.36.18 - - [26/Apr/2025:10:43:16 -0400] "GET /robots.txt HTTP/1.1" 200 102 "http://skillstudio27.com/robots.txt" "Mozilla/5.0 AppleWebKit/537.36 (KHTML, like Gecko; compatible; GPTBot/1.2; +https://openai.com/gptbot)"
66.29.132.124 - - [26/Apr/2025:10:43:48 -0400] "POST /wp-cron.php?doing_wp_cron=1745678628.1138439178466796875000 HTTP/1.1" 200 0 "-" "WordPress/6.8; https://skillstudio27.com"
20.171.207.31 - - [26/Apr/2025:10:43:37 -0400] "GET /wp-header.php HTTP/1.1" 404 9340 "-" "Mozilla/5.0 AppleWebKit/537.36 (KHTML, like Gecko; compatible; GPTBot/1.2; +https://openai.com/gptbot)"
66.29.132.124 - - [26/Apr/2025:10:43:49 -0400] "POST /wp-admin/admin-ajax.php?action=async_litespeed&nonce=ZdSrXpB2KIHQoOreg4uu4MBOWlF8hXxS&litespeed_type=imgoptm HTTP/1.1" 200 0 "-" "WordPress/6.8; https://skillstudio27.com"
20.171.207.31 - - [26/Apr/2025:10:43:50 -0400] "GET /wp.php HTTP/1.1" 404 9340 "-" "Mozilla/5.0 AppleWebKit/537.36 (KHTML, like Gecko; compatible; GPTBot/1.2; +https://openai.com/gptbot)"
20.171.207.31 - - [26/Apr/2025:10:43:53 -0400] "GET /wp-links.php HTTP/1.1" 404 9340 "-" "Mozilla/5.0 AppleWebKit/537.36 (KHTML, like Gecko; compatible; GPTBot/1.2; +https://openai.com/gptbot)"
20.171.207.31 - - [26/Apr/2025:10:43:54 -0400] "GET /wp-info.php HTTP/1.1" 404 9340 "-" "Mozilla/5.0 AppleWebKit/537.36 (KHTML, like Gecko; compatible; GPTBot/1.2; +https://openai.com/gptbot)"
20.171.207.31 - - [26/Apr/2025:10:43:56 -0400] "GET /admin.php HTTP/1.1" 404 16 "-" "Mozilla/5.0 AppleWebKit/537.36 (KHTML, like Gecko; compatible; GPTBot/1.2; +https://openai.com/gptbot)"
20.171.207.31 - - [26/Apr/2025:10:43:58 -0400] "GET /content.php HTTP/1.1" 404 9340 "-" "Mozilla/5.0 AppleWebKit/537.36 (KHTML, like Gecko; compatible; GPTBot/1.2; +https://openai.com/gptbot)"
20.171.207.31 - - [26/Apr/2025:10:43:59 -0400] "GET /alfa-rex.php HTTP/1.1" 404 9339 "-" "Mozilla/5.0 AppleWebKit/537.36 (KHTML, like Gecko; compatible; GPTBot/1.2; +https://openai.com/gptbot)"
66.29.132.124 - - [26/Apr/2025:10:44:05 -0400] "POST /wp-cron.php?doing_wp_cron=1745678645.0204360485076904296875 HTTP/1.1" 200 0 "-" "WordPress/6.8; https://skillstudio27.com"
20.171.207.31 - - [26/Apr/2025:10:44:04 -0400] "GET /wp-admin.php HTTP/1.1" 404 9340 "-" "Mozilla/5.0 AppleWebKit/537.36 (KHTML, like Gecko; compatible; GPTBot/1.2; +https://openai.com/gptbot)"
66.29.132.124 - - [26/Apr/2025:10:44:06 -0400] "POST /wp-admin/admin-ajax.php?action=async_litespeed&nonce=BgeFS8WcGpxapZmbKSenJn503gP30bxY&litespeed_type=imgoptm HTTP/1.1" 200 0 "-" "WordPress/6.8; https://skillstudio27.com"
20.171.207.31 - - [26/Apr/2025:10:44:06 -0400] "GET /jindex.php HTTP/1.1" 404 9340 "-" "Mozilla/5.0 AppleWebKit/537.36 (KHTML, like Gecko; compatible; GPTBot/1.2; +https://openai.com/gptbot)"
20.171.207.31 - - [26/Apr/2025:10:44:07 -0400] "GET /wp-conflg.php HTTP/1.1" 404 9340 "-" "Mozilla/5.0 AppleWebKit/537.36 (KHTML, like Gecko; compatible; GPTBot/1.2; +https://openai.com/gptbot)"
20.171.207.31 - - [26/Apr/2025:10:44:09 -0400] "GET /wander.php HTTP/1.1" 404 9339 "-" "Mozilla/5.0 AppleWebKit/537.36 (KHTML, like Gecko; compatible; GPTBot/1.2; +https://openai.com/gptbot)"
20.171.207.31 - - [26/Apr/2025:10:44:13 -0400] "GET /wp-info.php HTTP/1.1" 404 9340 "-" "Mozilla/5.0 AppleWebKit/537.36 (KHTML, like Gecko; compatible; GPTBot/1.2; +https://openai.com/gptbot)"
20.171.207.31 - - [26/Apr/2025:10:44:17 -0400] "GET /themes.php HTTP/1.1" 404 9340 "-" "Mozilla/5.0 AppleWebKit/537.36 (KHTML, like Gecko; compatible; GPTBot/1.2; +https://openai.com/gptbot)"
20.171.207.31 - - [26/Apr/2025:10:44:20 -0400] "GET /chosen.php HTTP/1.1" 404 9339 "-" "Mozilla/5.0 AppleWebKit/537.36 (KHTML, like Gecko; compatible; GPTBot/1.2; +https://openai.com/gptbot)"
20.171.207.31 - - [26/Apr/2025:10:44:26 -0400] "GET /termps.php HTTP/1.1" 404 9340 "-" "Mozilla/5.0 AppleWebKit/537.36 (KHTML, like Gecko; compatible; GPTBot/1.2; +https://openai.com/gptbot)"
20.171.207.31 - - [26/Apr/2025:10:44:28 -0400] "GET /simple.php HTTP/1.1" 404 9340 "-" "Mozilla/5.0 AppleWebKit/537.36 (KHTML, like Gecko; compatible; GPTBot/1.2; +https://openai.com/gptbot)"
20.171.207.31 - - [26/Apr/2025:10:44:29 -0400] "GET /plugin.php HTTP/1.1" 404 9340 "-" "Mozilla/5.0 AppleWebKit/537.36 (KHTML, like Gecko; compatible; GPTBot/1.2; +https://openai.com/gptbot)"
20.171.207.31 - - [26/Apr/2025:10:44:31 -0400] "GET /test.php HTTP/1.1" 404 9340 "-" "Mozilla/5.0 AppleWebKit/537.36 (KHTML, like Gecko; compatible; GPTBot/1.2; +https://openai.com/gptbot)"
20.171.207.31 - - [26/Apr/2025:10:44:34 -0400] "GET /hehehehe.php HTTP/1.1" 404 9340 "-" "Mozilla/5.0 AppleWebKit/537.36 (KHTML, like Gecko; compatible; GPTBot/1.2; +https://openai.com/gptbot)"
20.171.207.31 - - [26/Apr/2025:10:44:36 -0400] "GET /defaults.php HTTP/1.1" 404 9340 "-" "Mozilla/5.0 AppleWebKit/537.36 (KHTML, like Gecko; compatible; GPTBot/1.2; +https://openai.com/gptbot)"
20.171.207.31 - - [26/Apr/2025:10:44:37 -0400] "GET /atomlib.php HTTP/1.1" 404 9340 "-" "Mozilla/5.0 AppleWebKit/537.36 (KHTML, like Gecko; compatible; GPTBot/1.2; +https://openai.com/gptbot)"
20.171.207.31 - - [26/Apr/2025:10:44:38 -0400] "GET /writeable.php HTTP/1.1" 404 9340 "-" "Mozilla/5.0 AppleWebKit/537.36 (KHTML, like Gecko; compatible; GPTBot/1.2; +https://openai.com/gptbot)"
20.171.207.31 - - [26/Apr/2025:10:44:42 -0400] "GET /shell.php HTTP/1.1" 404 9340 "-" "Mozilla/5.0 AppleWebKit/537.36 (KHTML, like Gecko; compatible; GPTBot/1.2; +https://openai.com/gptbot)"
20.171.207.31 - - [26/Apr/2025:10:44:46 -0400] "GET /goods.php HTTP/1.1" 404 9340 "-" "Mozilla/5.0 AppleWebKit/537.36 (KHTML, like Gecko; compatible; GPTBot/1.2; +https://openai.com/gptbot)"
20.171.207.31 - - [26/Apr/2025:10:44:51 -0400] "GET /m.php HTTP/1.1" 404 9340 "-" "Mozilla/5.0 AppleWebKit/537.36 (KHTML, like Gecko; compatible; GPTBot/1.2; +https://openai.com/gptbot)"
20.171.207.31 - - [26/Apr/2025:10:44:52 -0400] "GET /s.php HTTP/1.1" 404 9340 "-" "Mozilla/5.0 AppleWebKit/537.36 (KHTML, like Gecko; compatible; GPTBot/1.2; +https://openai.com/gptbot)"
20.171.207.31 - - [26/Apr/2025:10:44:55 -0400] "GET /i.php HTTP/1.1" 404 9340 "-" "Mozilla/5.0 AppleWebKit/537.36 (KHTML, like Gecko; compatible; GPTBot/1.2; +https://openai.com/gptbot)"
20.171.207.31 - - [26/Apr/2025:10:44:56 -0400] "GET /b.php HTTP/1.1" 404 9340 "-" "Mozilla/5.0 AppleWebKit/537.36 (KHTML, like Gecko; compatible; GPTBot/1.2; +https://openai.com/gptbot)"
20.171.207.31 - - [26/Apr/2025:10:45:01 -0400] "GET /elp.php HTTP/1.1" 404 9339 "-" "Mozilla/5.0 AppleWebKit/537.36 (KHTML, like Gecko; compatible; GPTBot/1.2; +https://openai.com/gptbot)"
66.29.132.124 - - [26/Apr/2025:10:45:05 -0400] "POST /wp-cron.php?doing_wp_cron=1745678704.0668480396270751953125 HTTP/1.1" 200 0 "-" "WordPress/6.8; https://skillstudio27.com"
20.171.207.31 - - [26/Apr/2025:10:45:02 -0400] "GET /ans.php HTTP/1.1" 404 9340 "-" "Mozilla/5.0 AppleWebKit/537.36 (KHTML, like Gecko; compatible; GPTBot/1.2; +https://openai.com/gptbot)"
20.171.207.31 - - [26/Apr/2025:10:45:06 -0400] "GET /fck.php HTTP/1.1" 404 9340 "-" "Mozilla/5.0 AppleWebKit/537.36 (KHTML, like Gecko; compatible; GPTBot/1.2; +https://openai.com/gptbot)"
20.171.207.31 - - [26/Apr/2025:10:45:10 -0400] "GET /sck.php HTTP/1.1" 404 9339 "-" "Mozilla/5.0 AppleWebKit/537.36 (KHTML, like Gecko; compatible; GPTBot/1.2; +https://openai.com/gptbot)"
20.171.207.31 - - [26/Apr/2025:10:45:13 -0400] "GET /wso.php HTTP/1.1" 404 9340 "-" "Mozilla/5.0 AppleWebKit/537.36 (KHTML, like Gecko; compatible; GPTBot/1.2; +https://openai.com/gptbot)"
20.171.207.31 - - [26/Apr/2025:10:45:17 -0400] "GET /log.php HTTP/1.1" 404 9340 "-" "Mozilla/5.0 AppleWebKit/537.36 (KHTML, like Gecko; compatible; GPTBot/1.2; +https://openai.com/gptbot)"
20.171.207.31 - - [26/Apr/2025:10:45:19 -0400] "GET /mah.php HTTP/1.1" 404 9340 "-" "Mozilla/5.0 AppleWebKit/537.36 (KHTML, like Gecko; compatible; GPTBot/1.2; +https://openai.com/gptbot)"
20.171.207.31 - - [26/Apr/2025:10:45:20 -0400] "GET /ini.php HTTP/1.1" 404 9339 "-" "Mozilla/5.0 AppleWebKit/537.36 (KHTML, like Gecko; compatible; GPTBot/1.2; +https://openai.com/gptbot)"
20.171.207.31 - - [26/Apr/2025:10:45:25 -0400] "GET /inc.php HTTP/1.1" 404 9340 "-" "Mozilla/5.0 AppleWebKit/537.36 (KHTML, like Gecko; compatible; GPTBot/1.2; +https://openai.com/gptbot)"
20.171.207.31 - - [26/Apr/2025:10:45:30 -0400] "GET /doc.php HTTP/1.1" 404 9340 "-" "Mozilla/5.0 AppleWebKit/537.36 (KHTML, like Gecko; compatible; GPTBot/1.2; +https://openai.com/gptbot)"
