66.29.132.124 - - [26/Apr/2025:17:42:39 -0400] "POST /wp-cron.php?doing_wp_cron=1745703759.4344160556793212890625 HTTP/1.1" 200 0 "-" "WordPress/6.8; https://ufoodspvtltd.com"
198.98.61.49 - - [26/Apr/2025:17:42:31 -0400] "POST /wp-login.php HTTP/1.1" 200 5554 "-" "Mozilla/5.0 (X11; Linux x86_64) AppleWebKit/537.36 (KHTML, like Gecko) Chrome/35.0.1916.153 Safari/537.36"
66.29.132.124 - - [26/Apr/2025:17:42:40 -0400] "POST /wp-admin/admin-ajax.php?action=async_litespeed&nonce=ISi7nANTLFpl4SIw2hGBS33btkmF2uZJ&litespeed_type=imgoptm HTTP/1.1" 200 0 "-" "WordPress/6.8; https://ufoodspvtltd.com"
66.249.68.4 - - [26/Apr/2025:17:55:04 -0400] "GET /robots.txt HTTP/1.1" 301 0 "-" "Mozilla/5.0 (compatible; Googlebot/2.1; +http://www.google.com/bot.html)"
66.249.65.173 - - [26/Apr/2025:17:55:04 -0400] "GET /robots.txt HTTP/1.1" 200 142 "-" "Mozilla/5.0 (compatible; Googlebot/2.1; +http://www.google.com/bot.html)"
107.189.3.177 - - [26/Apr/2025:18:07:43 -0400] "GET /wp-login.php HTTP/1.1" 200 5298 "-" "Mozilla/5.0 (Macintosh; Intel Mac OS X 10.9; rv:31.0) Gecko/20100101 Firefox/31.0"
66.29.132.124 - - [26/Apr/2025:18:07:49 -0400] "POST /wp-cron.php?doing_wp_cron=1745705269.8838400840759277343750 HTTP/1.1" 200 0 "-" "WordPress/6.8; https://ufoodspvtltd.com"
107.189.3.177 - - [26/Apr/2025:18:07:43 -0400] "POST /wp-login.php HTTP/1.1" 200 5554 "-" "Mozilla/5.0 (Macintosh; Intel Mac OS X 10.9; rv:31.0) Gecko/20100101 Firefox/31.0"
66.29.132.124 - - [26/Apr/2025:18:07:50 -0400] "POST /wp-admin/admin-ajax.php?action=async_litespeed&nonce=18dSyUiVOQ3MDZ316gRc8huDjxIxYU83&litespeed_type=imgoptm HTTP/1.1" 200 21 "-" "WordPress/6.8; https://ufoodspvtltd.com"
66.29.132.124 - - [26/Apr/2025:20:22:35 -0400] "POST /wp-admin/admin-ajax.php?action=async_litespeed&nonce=zt2uM3Y2GNaEwFkWeGgpbg2DI6TJDYYJ&litespeed_type=imgoptm HTTP/1.1" 200 0 "-" "WordPress/6.8; https://ufoodspvtltd.com"
66.29.132.124 - - [26/Apr/2025:20:33:58 -0400] "POST /wp-cron.php?doing_wp_cron=1745714038.0107419490814208984375 HTTP/1.1" 200 0 "-" "WordPress/6.8; https://ufoodspvtltd.com"
51.195.36.135 - - [26/Apr/2025:20:33:52 -0400] "GET /tmp/tmp/cache.php HTTP/1.1" 404 47556 "-" "Mozilla/5.0 (Windows NT 10.0; Win64; x64) AppleWebKit/537.36 (KHTML, like Gecko) Chrome/127.0.0.0 Safari/537.36"
66.29.132.124 - - [26/Apr/2025:20:33:58 -0400] "POST /wp-admin/admin-ajax.php?action=async_litespeed&nonce=4alkZZFBgNFkz4PvgZsuKFvR2g1OfDSB&litespeed_type=imgoptm HTTP/1.1" 200 0 "-" "WordPress/6.8; https://ufoodspvtltd.com"
66.29.132.124 - - [26/Apr/2025:20:33:59 -0400] "POST /wp-admin/admin-ajax.php?action=as_async_request_queue_runner&nonce=a754b4dfcb HTTP/1.1" 200 0 "-" "WordPress/6.8; https://ufoodspvtltd.com"
66.29.132.124 - - [26/Apr/2025:20:34:00 -0400] "POST /wp-cron.php?doing_wp_cron=1745714040.7676389217376708984375 HTTP/1.1" 200 0 "-" "WordPress/6.8; https://ufoodspvtltd.com"
51.195.36.135 - - [26/Apr/2025:20:34:00 -0400] "GET /wp-includes/Requests/Exception/HTTP/HTTP/cache.php HTTP/1.1" 404 47556 "-" "Mozilla/5.0 (Windows NT 10.0; Win64; x64) AppleWebKit/537.36 (KHTML, like Gecko) Chrome/127.0.0.0 Safari/537.36"
66.29.132.124 - - [26/Apr/2025:20:34:01 -0400] "POST /wp-admin/admin-ajax.php?action=async_litespeed&nonce=ainyJeCJ6XdKtf2Mo13lwq23S952Uj86&litespeed_type=imgoptm HTTP/1.1" 200 21 "-" "WordPress/6.8; https://ufoodspvtltd.com"
51.195.36.135 - - [26/Apr/2025:20:34:01 -0400] "GET /wp-content/plugins/plugins/cache.php HTTP/1.1" 404 47556 "-" "Mozilla/5.0 (Windows NT 10.0; Win64; x64) AppleWebKit/537.36 (KHTML, like Gecko) Chrome/127.0.0.0 Safari/537.36"
51.195.36.135 - - [26/Apr/2025:20:34:03 -0400] "GET /images/images/images/images/cache.php HTTP/1.1" 404 47556 "-" "Mozilla/5.0 (Windows NT 10.0; Win64; x64) AppleWebKit/537.36 (KHTML, like Gecko) Chrome/127.0.0.0 Safari/537.36"
198.98.54.73 - - [26/Apr/2025:20:37:01 -0400] "GET /wp-login.php HTTP/1.1" 200 5298 "-" "Mozilla/5.0 (Macintosh; Intel Mac OS X 10_9_4 AppleWebKit/537.36 (KHTML, like Gecko) Chrome/36.0.1985.125 Safari/537.36"
66.29.132.124 - - [26/Apr/2025:20:37:05 -0400] "POST /wp-cron.php?doing_wp_cron=1745714225.0554161071777343750000 HTTP/1.1" 200 0 "-" "WordPress/6.8; https://ufoodspvtltd.com"
198.98.54.73 - - [26/Apr/2025:20:37:02 -0400] "POST /wp-login.php HTTP/1.1" 200 5554 "-" "Mozilla/5.0 (Macintosh; Intel Mac OS X 10_9_4 AppleWebKit/537.36 (KHTML, like Gecko) Chrome/36.0.1985.125 Safari/537.36"
66.29.132.124 - - [26/Apr/2025:20:37:05 -0400] "POST /wp-admin/admin-ajax.php?action=async_litespeed&nonce=gTH6xn6Wtv6Jfj5Jkr8Elcq0ult6Ss1M&litespeed_type=imgoptm HTTP/1.1" 200 21 "-" "WordPress/6.8; https://ufoodspvtltd.com"
156.253.172.52 - - [26/Apr/2025:21:43:33 -0400] "GET /contact-us/ HTTP/1.1" 200 14552 "-" "Mozilla/5.0 (Windows NT 10.0) AppleWebKit/537.36 (KHTML, like Gecko) Chrome/114.0.0.0 Safari/537.36"
66.29.132.124 - - [26/Apr/2025:21:43:41 -0400] "POST /wp-cron.php?doing_wp_cron=1745718221.7867879867553710937500 HTTP/1.1" 200 0 "-" "WordPress/6.8; https://ufoodspvtltd.com"
66.29.132.124 - - [26/Apr/2025:21:43:42 -0400] "POST /wp-admin/admin-ajax.php?action=async_litespeed&nonce=qWuuTO9MX6I6mIkR2uR6XwIS7YhsZgC4&litespeed_type=imgoptm HTTP/1.1" 200 21 "-" "WordPress/6.8; https://ufoodspvtltd.com"
156.253.172.52 - - [26/Apr/2025:21:43:34 -0400] "POST /wp-admin/admin-ajax.php HTTP/1.1" 200 143 "https://ufoodspvtltd.com/contact-us/" "Mozilla/5.0 (Windows NT 10.0) AppleWebKit/537.36 (KHTML, like Gecko) Chrome/114.0.0.0 Safari/537.36"
66.249.65.173 - - [26/Apr/2025:22:07:44 -0400] "GET /robots.txt HTTP/1.1" 200 142 "-" "Mozilla/5.0 (compatible; Googlebot/2.1; +http://www.google.com/bot.html)"
15.188.14.231 - - [26/Apr/2025:22:23:57 -0400] "GET / HTTP/1.1" 200 23127 "www.google.com" "Mozilla/5.0 (Linux; Android 7.0; SM-G892A Build/NRD90M; wv) AppleWebKit/537.36 (KHTML, like Gecko) Version/4.0 Chrome/60.0.3112.107 Mobile Safari/537.36"
66.29.132.124 - - [26/Apr/2025:22:24:07 -0400] "POST /wp-cron.php?doing_wp_cron=1745720647.2673609256744384765625 HTTP/1.1" 200 0 "-" "WordPress/6.8; https://ufoodspvtltd.com"
66.29.132.124 - - [26/Apr/2025:22:24:08 -0400] "POST /wp-admin/admin-ajax.php?action=async_litespeed&nonce=H9duewTPFluhDsL0QxqD1hZmFWiZ8kfD&litespeed_type=imgoptm HTTP/1.1" 200 0 "-" "WordPress/6.8; https://ufoodspvtltd.com"
15.188.14.231 - - [26/Apr/2025:22:23:59 -0400] "GET /wp HTTP/1.1" 404 11813 "www.google.com" "Mozilla/5.0 (Linux; Android 7.0; SM-G892A Build/NRD90M; wv) AppleWebKit/537.36 (KHTML, like Gecko) Version/4.0 Chrome/60.0.3112.107 Mobile Safari/537.36"
15.188.14.231 - - [26/Apr/2025:22:24:11 -0400] "GET /wordpress HTTP/1.1" 404 11813 "www.google.com" "Mozilla/5.0 (Linux; Android 7.0; SM-G892A Build/NRD90M; wv) AppleWebKit/537.36 (KHTML, like Gecko) Version/4.0 Chrome/60.0.3112.107 Mobile Safari/537.36"
66.29.132.124 - - [26/Apr/2025:22:24:14 -0400] "POST /wp-cron.php?doing_wp_cron=1745720654.4685890674591064453125 HTTP/1.1" 200 0 "-" "WordPress/6.8; https://ufoodspvtltd.com"
15.188.14.231 - - [26/Apr/2025:22:24:14 -0400] "GET /ufoodspvtltd HTTP/1.1" 404 11813 "www.google.com" "Mozilla/5.0 (Linux; Android 7.0; SM-G892A Build/NRD90M; wv) AppleWebKit/537.36 (KHTML, like Gecko) Version/4.0 Chrome/60.0.3112.107 Mobile Safari/537.36"
15.188.14.231 - - [26/Apr/2025:22:24:15 -0400] "GET /wordpress HTTP/1.1" 404 11813 "www.google.com" "Mozilla/5.0 (Linux; Android 7.0; SM-G892A Build/NRD90M; wv) AppleWebKit/537.36 (KHTML, like Gecko) Version/4.0 Chrome/60.0.3112.107 Mobile Safari/537.36"
15.188.14.231 - - [26/Apr/2025:22:24:17 -0400] "GET /old HTTP/1.1" 404 11813 "www.google.com" "Mozilla/5.0 (Linux; Android 7.0; SM-G892A Build/NRD90M; wv) AppleWebKit/537.36 (KHTML, like Gecko) Version/4.0 Chrome/60.0.3112.107 Mobile Safari/537.36"
15.188.14.231 - - [26/Apr/2025:22:24:21 -0400] "GET /backup HTTP/1.1" 404 11813 "www.google.com" "Mozilla/5.0 (Linux; Android 7.0; SM-G892A Build/NRD90M; wv) AppleWebKit/537.36 (KHTML, like Gecko) Version/4.0 Chrome/60.0.3112.107 Mobile Safari/537.36"
15.188.14.231 - - [26/Apr/2025:22:24:23 -0400] "GET /new HTTP/1.1" 404 11819 "www.google.com" "Mozilla/5.0 (Linux; Android 7.0; SM-G892A Build/NRD90M; wv) AppleWebKit/537.36 (KHTML, like Gecko) Version/4.0 Chrome/60.0.3112.107 Mobile Safari/537.36"
15.188.14.231 - - [26/Apr/2025:22:24:27 -0400] "GET /test HTTP/1.1" 404 11813 "www.google.com" "Mozilla/5.0 (Linux; Android 7.0; SM-G892A Build/NRD90M; wv) AppleWebKit/537.36 (KHTML, like Gecko) Version/4.0 Chrome/60.0.3112.107 Mobile Safari/537.36"
15.188.14.231 - - [26/Apr/2025:22:24:30 -0400] "GET /wp HTTP/1.1" 404 11813 "www.google.com" "Mozilla/5.0 (Linux; Android 7.0; SM-G892A Build/NRD90M; wv) AppleWebKit/537.36 (KHTML, like Gecko) Version/4.0 Chrome/60.0.3112.107 Mobile Safari/537.36"
15.188.14.231 - - [26/Apr/2025:22:24:31 -0400] "GET /temp HTTP/1.1" 404 11813 "www.google.com" "Mozilla/5.0 (Linux; Android 7.0; SM-G892A Build/NRD90M; wv) AppleWebKit/537.36 (KHTML, like Gecko) Version/4.0 Chrome/60.0.3112.107 Mobile Safari/537.36"
15.188.14.231 - - [26/Apr/2025:22:24:35 -0400] "GET /blog HTTP/1.1" 301 0 "www.google.com" "Mozilla/5.0 (Linux; Android 7.0; SM-G892A Build/NRD90M; wv) AppleWebKit/537.36 (KHTML, like Gecko) Version/4.0 Chrome/60.0.3112.107 Mobile Safari/537.36"
15.188.14.231 - - [26/Apr/2025:22:24:36 -0400] "GET /blog/ HTTP/1.1" 200 15290 "www.google.com" "Mozilla/5.0 (Linux; Android 7.0; SM-G892A Build/NRD90M; wv) AppleWebKit/537.36 (KHTML, like Gecko) Version/4.0 Chrome/60.0.3112.107 Mobile Safari/537.36"
66.249.65.171 - - [26/Apr/2025:22:54:06 -0400] "GET /robots.txt HTTP/1.1" 200 142 "-" "Mozilla/5.0 (compatible; Googlebot/2.1; +http://www.google.com/bot.html)"
162.142.125.198 - - [26/Apr/2025:22:58:15 -0400] "GET / HTTP/1.1" 200 813 "-" "Mozilla/5.0 (compatible; CensysInspect/1.1; +https://about.censys.io/)"
162.142.125.198 - - [26/Apr/2025:22:58:20 -0400] "GET /favicon.ico HTTP/1.1" 404 1251 "-" "Mozilla/5.0 (compatible; CensysInspect/1.1; +https://about.censys.io/)"
162.142.125.198 - - [26/Apr/2025:22:58:53 -0400] "GET /favicon.ico HTTP/1.1" 404 1251 "-" "Mozilla/5.0 (compatible; CensysInspect/1.1; +https://about.censys.io/)"
45.61.185.91 - - [26/Apr/2025:23:06:28 -0400] "GET /wp-login.php HTTP/1.1" 200 5298 "-" "Mozilla/5.0 (iPhone; CPU iPhone OS 7_0_4 like Mac OS X) AppleWebKit/537.51.1 (KHTML, like Gecko) Version/7.0 Mobile/11B554a Safari/9537.53"
66.29.132.124 - - [26/Apr/2025:23:06:36 -0400] "POST /wp-cron.php?doing_wp_cron=1745723196.2750949859619140625000 HTTP/1.1" 200 0 "-" "WordPress/6.8; https://ufoodspvtltd.com"
45.61.185.91 - - [26/Apr/2025:23:06:28 -0400] "POST /wp-login.php HTTP/1.1" 200 5554 "-" "Mozilla/5.0 (iPhone; CPU iPhone OS 7_0_4 like Mac OS X) AppleWebKit/537.51.1 (KHTML, like Gecko) Version/7.0 Mobile/11B554a Safari/9537.53"
66.29.132.124 - - [26/Apr/2025:23:06:36 -0400] "POST /wp-admin/admin-ajax.php?action=async_litespeed&nonce=XYPgNEUwJ6709OfXYzNKM4CNbfF80HZM&litespeed_type=imgoptm HTTP/1.1" 200 21 "-" "WordPress/6.8; https://ufoodspvtltd.com"
66.249.68.2 - - [26/Apr/2025:23:16:41 -0400] "GET /robots.txt HTTP/1.1" 301 0 "-" "Mozilla/5.0 (compatible; Googlebot/2.1; +http://www.google.com/bot.html)"